218.81.223.53 - - [29/Mar/2022:20:54:59 +0800] "GET /xingrg/all/function/internal_message.html?_=1648558509536&CODE_STATE=getMsg HTTP/1.1" 200 27
58.35.210.44 - - [29/Mar/2022:20:55:03 +0800] "GET /xingrg/all/function/internal_message.html?_=1648558502358&CODE_STATE=getMsg HTTP/1.1" 200 27
58.39.61.91 - - [29/Mar/2022:20:55:07 +0800] "GET /xingrg/check_reg.html?_=1648558506868 HTTP/1.1" 200 22
58.39.61.91 - - [29/Mar/2022:20:55:07 +0800] "GET /xingrg/all/function/internal_message.html?_=1648558506875&CODE_STATE=getMsg HTTP/1.1" 200 27
101.85.120.86 - - [29/Mar/2022:20:55:14 +0800] "POST /xingrg/dwr/call/plaincall/AjaxCheckService.setItemNumber.dwr HTTP/1.1" 200 76
101.85.120.86 - - [29/Mar/2022:20:55:19 +0800] "POST /xingrg/dwr/call/plaincall/AjaxCheckService.setItemNumber.dwr HTTP/1.1" 200 76
101.85.120.86 - - [29/Mar/2022:20:55:24 +0800] "POST /xingrg/dwr/call/plaincall/AjaxCheckService.setItemNumber.dwr HTTP/1.1" 200 76
101.85.120.86 - - [29/Mar/2022:20:55:30 +0800] "POST /xingrg/dwr/call/plaincall/AjaxCheckService.setItemNumber.dwr HTTP/1.1" 200 76
101.85.120.86 - - [29/Mar/2022:20:55:34 +0800] "POST /xingrg/dwr/call/plaincall/AjaxCheckService.setItemNumber.dwr HTTP/1.1" 200 77
58.40.7.146 - - [29/Mar/2022:20:55:34 +0800] "GET /xingrg/all/function/internal_message.html?_=1648558532991&CODE_STATE=getMsg HTTP/1.1" 200 27
101.85.120.86 - - [29/Mar/2022:20:55:39 +0800] "GET /xingrg/all/function/internal_message.html?_=1648558538132&CODE_STATE=getMsg HTTP/1.1" 200 27
116.228.172.94 - - [29/Mar/2022:20:55:39 +0800] "GET /xingrg/check_reg.html?_=1648558453907 HTTP/1.1" 200 22
116.228.172.94 - - [29/Mar/2022:20:55:39 +0800] "GET /xingrg/all/function/internal_message.html?_=1648558453908&CODE_STATE=getMsg HTTP/1.1" 200 27
101.85.120.86 - - [29/Mar/2022:20:55:42 +0800] "POST /xingrg/dwr/call/plaincall/AjaxCheckService.setItemNumber.dwr HTTP/1.1" 200 77
218.81.223.53 - - [29/Mar/2022:20:55:59 +0800] "GET /xingrg/all/function/internal_message.html?_=1648558569550&CODE_STATE=getMsg HTTP/1.1" 200 27
101.85.120.86 - - [29/Mar/2022:20:56:02 +0800] "POST /xingrg/dwr/call/plaincall/AjaxCheckService.setItemNumber.dwr HTTP/1.1" 200 77
58.35.210.44 - - [29/Mar/2022:20:56:03 +0800] "GET /xingrg/all/function/internal_message.html?_=1648558562342&CODE_STATE=getMsg HTTP/1.1" 200 27
58.39.61.91 - - [29/Mar/2022:20:56:07 +0800] "GET /xingrg/all/function/internal_message.html?_=1648558566860&CODE_STATE=getMsg HTTP/1.1" 200 27
101.85.120.86 - - [29/Mar/2022:20:56:08 +0800] "POST /xingrg/dwr/call/plaincall/AjaxCheckService.setItemNumber.dwr HTTP/1.1" 200 77
101.85.120.86 - - [29/Mar/2022:20:56:17 +0800] "POST /xingrg/dwr/call/plaincall/AjaxCheckService.setItemNumber.dwr HTTP/1.1" 200 77
101.85.120.86 - - [29/Mar/2022:20:56:28 +0800] "POST /xingrg/dwr/call/plaincall/AjaxCheckService.setItemNumber.dwr HTTP/1.1" 200 77
58.40.7.146 - - [29/Mar/2022:20:56:34 +0800] "GET /xingrg/all/function/internal_message.html?_=1648558592994&CODE_STATE=getMsg HTTP/1.1" 200 27
101.85.120.86 - - [29/Mar/2022:20:56:34 +0800] "POST /xingrg/dwr/call/plaincall/AjaxCheckService.setItemNumber.dwr HTTP/1.1" 200 77
101.85.120.86 - - [29/Mar/2022:20:56:38 +0800] "POST /xingrg/dwr/call/plaincall/AjaxCheckService.setItemNumber.dwr HTTP/1.1" 200 77
101.85.120.86 - - [29/Mar/2022:20:56:39 +0800] "GET /xingrg/all/function/internal_message.html?_=1648558598131&CODE_STATE=getMsg HTTP/1.1" 200 27
116.228.172.94 - - [29/Mar/2022:20:56:39 +0800] "GET /xingrg/all/function/internal_message.html?_=1648558513914&CODE_STATE=getMsg HTTP/1.1" 200 27
101.85.120.86 - - [29/Mar/2022:20:56:41 +0800] "POST /xingrg/dwr/call/plaincall/AjaxCheckService.setItemNumber.dwr HTTP/1.1" 200 77
101.85.120.86 - - [29/Mar/2022:20:56:44 +0800] "POST /xingrg/dwr/call/plaincall/AjaxCheckService.setItemNumber.dwr HTTP/1.1" 200 77
101.85.120.86 - - [29/Mar/2022:20:56:53 +0800] "POST /xingrg/dwr/call/plaincall/AjaxCheckService.setItemNumber.dwr HTTP/1.1" 200 77
101.85.120.86 - - [29/Mar/2022:20:56:57 +0800] "POST /xingrg/dwr/call/plaincall/AjaxCheckService.setItemNumber.dwr HTTP/1.1" 200 77
218.81.223.53 - - [29/Mar/2022:20:56:59 +0800] "GET /xingrg/all/function/internal_message.html?_=1648558630205&CODE_STATE=getMsg HTTP/1.1" 200 27
101.85.120.86 - - [29/Mar/2022:20:57:02 +0800] "POST /xingrg/dwr/call/plaincall/AjaxCheckService.setItemNumber.dwr HTTP/1.1" 200 77
58.35.210.44 - - [29/Mar/2022:20:57:03 +0800] "GET /xingrg/all/function/internal_message.html?_=1648558622329&CODE_STATE=getMsg HTTP/1.1" 200 27
58.35.210.44 - - [29/Mar/2022:20:57:04 +0800] "GET /xingrg/check_reg.html?_=1648558623017 HTTP/1.1" 200 22
58.39.61.91 - - [29/Mar/2022:20:57:07 +0800] "GET /xingrg/all/function/internal_message.html?_=1648558626865&CODE_STATE=getMsg HTTP/1.1" 200 27
101.85.120.86 - - [29/Mar/2022:20:57:11 +0800] "POST /xingrg/dwr/call/plaincall/AjaxCheckService.setItemNumber.dwr HTTP/1.1" 200 77
101.85.120.86 - - [29/Mar/2022:20:57:15 +0800] "POST /xingrg/dwr/call/plaincall/AjaxCheckService.setItemNumber.dwr HTTP/1.1" 200 77
58.40.7.146 - - [29/Mar/2022:20:57:34 +0800] "GET /xingrg/all/function/internal_message.html?_=1648558652995&CODE_STATE=getMsg HTTP/1.1" 200 27
101.85.120.86 - - [29/Mar/2022:20:57:35 +0800] "POST /xingrg/dwr/call/plaincall/AjaxCheckService.checkOrder.dwr HTTP/1.1" 200 79
101.85.120.86 - - [29/Mar/2022:20:57:36 +0800] "GET /xingrg/kc/base/check_order_info.html?code=452022032900145 HTTP/1.1" 200 22874
101.85.120.86 - - [29/Mar/2022:20:57:36 +0800] "GET /xingrg/dwr/interface/AjaxComOrderService.js HTTP/1.1" 200 18264
101.85.120.86 - - [29/Mar/2022:20:57:36 +0800] "GET /xingrg/dwr/interface/AjaxCheckService.js HTTP/1.1" 200 14003
101.85.120.86 - - [29/Mar/2022:20:57:36 +0800] "GET /xingrg/dwr/engine.js HTTP/1.1" 200 43631
101.85.120.86 - - [29/Mar/2022:20:57:37 +0800] "POST /xingrg/dwr/call/plaincall/AjaxCheckService.loadOrderItems.dwr HTTP/1.1" 200 9586
101.85.120.86 - - [29/Mar/2022:20:57:39 +0800] "GET /xingrg/all/function/internal_message.html?_=1648558658129&CODE_STATE=getMsg HTTP/1.1" 200 27
116.228.172.94 - - [29/Mar/2022:20:57:39 +0800] "GET /xingrg/all/function/internal_message.html?_=1648558573900&CODE_STATE=getMsg HTTP/1.1" 200 27
101.85.120.86 - - [29/Mar/2022:20:57:40 +0800] "POST /xingrg/kc/base/check_list_operate.html HTTP/1.1" 200 5579
101.85.120.86 - - [29/Mar/2022:20:57:41 +0800] "POST /xingrg/kc/base/check_list_operate.html HTTP/1.1" 200 5579
218.81.223.53 - - [29/Mar/2022:20:57:59 +0800] "GET /xingrg/all/function/internal_message.html?_=1648558690216&CODE_STATE=getMsg HTTP/1.1" 200 27
58.35.210.44 - - [29/Mar/2022:20:58:03 +0800] "GET /xingrg/all/function/internal_message.html?_=1648558682298&CODE_STATE=getMsg HTTP/1.1" 200 27
58.39.61.91 - - [29/Mar/2022:20:58:07 +0800] "GET /xingrg/all/function/internal_message.html?_=1648558686869&CODE_STATE=getMsg HTTP/1.1" 200 27
58.40.7.146 - - [29/Mar/2022:20:58:34 +0800] "GET /xingrg/all/function/internal_message.html?_=1648558712980&CODE_STATE=getMsg HTTP/1.1" 200 27
116.228.172.94 - - [29/Mar/2022:20:58:39 +0800] "GET /xingrg/all/function/internal_message.html?_=1648558633917&CODE_STATE=getMsg HTTP/1.1" 200 27
218.81.223.53 - - [29/Mar/2022:20:58:59 +0800] "GET /xingrg/check_reg.html?_=1648558749811 HTTP/1.1" 200 22
218.81.223.53 - - [29/Mar/2022:20:58:59 +0800] "GET /xingrg/all/function/internal_message.html?_=1648558750231&CODE_STATE=getMsg HTTP/1.1" 200 27
58.35.210.44 - - [29/Mar/2022:20:59:03 +0800] "GET /xingrg/all/function/internal_message.html?_=1648558742283&CODE_STATE=getMsg HTTP/1.1" 200 27
58.39.61.91 - - [29/Mar/2022:20:59:07 +0800] "GET /xingrg/all/function/internal_message.html?_=1648558746869&CODE_STATE=getMsg HTTP/1.1" 200 27
58.40.7.146 - - [29/Mar/2022:20:59:34 +0800] "GET /xingrg/all/function/internal_message.html?_=1648558772983&CODE_STATE=getMsg HTTP/1.1" 200 27
58.40.7.146 - - [29/Mar/2022:20:59:34 +0800] "GET /xingrg/check_reg.html?_=1648558772984 HTTP/1.1" 200 22
116.228.172.94 - - [29/Mar/2022:20:59:39 +0800] "GET /xingrg/all/function/internal_message.html?_=1648558693914&CODE_STATE=getMsg HTTP/1.1" 200 27
218.81.223.53 - - [29/Mar/2022:20:59:59 +0800] "GET /xingrg/all/function/internal_message.html?_=1648558810243&CODE_STATE=getMsg HTTP/1.1" 200 27
58.35.210.44 - - [29/Mar/2022:21:00:03 +0800] "GET /xingrg/all/function/internal_message.html?_=1648558802268&CODE_STATE=getMsg HTTP/1.1" 200 27
58.39.61.91 - - [29/Mar/2022:21:00:07 +0800] "GET /xingrg/all/function/internal_message.html?_=1648558806870&CODE_STATE=getMsg HTTP/1.1" 200 27
58.39.61.91 - - [29/Mar/2022:21:00:07 +0800] "GET /xingrg/check_reg.html?_=1648558806882 HTTP/1.1" 200 22
58.40.7.146 - - [29/Mar/2022:21:00:34 +0800] "GET /xingrg/all/function/internal_message.html?_=1648558832987&CODE_STATE=getMsg HTTP/1.1" 200 27
116.228.172.94 - - [29/Mar/2022:21:00:39 +0800] "GET /xingrg/check_reg.html?_=1648558753915 HTTP/1.1" 200 22
116.228.172.94 - - [29/Mar/2022:21:00:39 +0800] "GET /xingrg/all/function/internal_message.html?_=1648558753916&CODE_STATE=getMsg HTTP/1.1" 200 27
116.233.76.43 - - [29/Mar/2022:21:00:49 +0800] "POST /xingrg/services/DataTransmitService HTTP/1.1" 200 524
116.233.76.43 - - [29/Mar/2022:21:00:50 +0800] "POST /xingrg/services/DataTransmitService HTTP/1.1" 200 501
116.233.76.43 - - [29/Mar/2022:21:00:50 +0800] "POST /xingrg/services/DataTransmitService HTTP/1.1" 200 501
116.233.76.43 - - [29/Mar/2022:21:00:50 +0800] "POST /xingrg/services/DataTransmitService HTTP/1.1" 200 501
116.233.76.43 - - [29/Mar/2022:21:00:51 +0800] "POST /xingrg/services/DataTransmitService HTTP/1.1" 200 501
116.233.76.43 - - [29/Mar/2022:21:00:51 +0800] "POST /xingrg/services/DataTransmitService HTTP/1.1" 200 501
116.233.76.43 - - [29/Mar/2022:21:00:51 +0800] "POST /xingrg/services/DataTransmitService HTTP/1.1" 200 501
116.233.76.43 - - [29/Mar/2022:21:00:51 +0800] "POST /xingrg/services/DataTransmitService HTTP/1.1" 200 412
218.81.223.53 - - [29/Mar/2022:21:00:59 +0800] "GET /xingrg/all/function/internal_message.html?_=1648558870257&CODE_STATE=getMsg HTTP/1.1" 200 27
58.35.210.44 - - [29/Mar/2022:21:01:03 +0800] "GET /xingrg/all/function/internal_message.html?_=1648558862254&CODE_STATE=getMsg HTTP/1.1" 200 27
58.39.61.91 - - [29/Mar/2022:21:01:07 +0800] "GET /xingrg/all/function/internal_message.html?_=1648558866882&CODE_STATE=getMsg HTTP/1.1" 200 27
58.40.7.146 - - [29/Mar/2022:21:01:34 +0800] "GET /xingrg/all/function/internal_message.html?_=1648558892989&CODE_STATE=getMsg HTTP/1.1" 200 27
116.228.172.94 - - [29/Mar/2022:21:01:39 +0800] "GET /xingrg/all/function/internal_message.html?_=1648558813910&CODE_STATE=getMsg HTTP/1.1" 200 27
218.81.223.53 - - [29/Mar/2022:21:02:00 +0800] "GET /xingrg/all/function/internal_message.html?_=1648558930884&CODE_STATE=getMsg HTTP/1.1" 200 27
58.35.210.44 - - [29/Mar/2022:21:02:03 +0800] "GET /xingrg/all/function/internal_message.html?_=1648558922240&CODE_STATE=getMsg HTTP/1.1" 200 27
58.35.210.44 - - [29/Mar/2022:21:02:04 +0800] "GET /xingrg/check_reg.html?_=1648558923023 HTTP/1.1" 200 22
58.39.61.91 - - [29/Mar/2022:21:02:07 +0800] "GET /xingrg/all/function/internal_message.html?_=1648558926885&CODE_STATE=getMsg HTTP/1.1" 200 27
58.40.7.146 - - [29/Mar/2022:21:02:34 +0800] "GET /xingrg/all/function/internal_message.html?_=1648558952991&CODE_STATE=getMsg HTTP/1.1" 200 27
58.35.210.44 - - [29/Mar/2022:21:02:35 +0800] "GET /xingrg/kc/base/base_main.html HTTP/1.1" 200 12142
58.35.210.44 - - [29/Mar/2022:21:02:36 +0800] "GET /xingrg/kc/base/yddb_order_list.html HTTP/1.1" 200 16672
58.35.210.44 - - [29/Mar/2022:21:02:37 +0800] "POST /xingrg/kc/base/yddb_list_operate.html HTTP/1.1" 200 636
116.228.172.94 - - [29/Mar/2022:21:02:39 +0800] "GET /xingrg/all/function/internal_message.html?_=1648558873902&CODE_STATE=getMsg HTTP/1.1" 200 27
58.35.210.44 - - [29/Mar/2022:21:02:40 +0800] "POST /xingrg/kc/base/yddb_list_operate.html HTTP/1.1" 200 2160
58.35.210.44 - - [29/Mar/2022:21:02:48 +0800] "GET /xingrg/kc/base/base_main.html HTTP/1.1" 200 12142
58.35.210.44 - - [29/Mar/2022:21:02:51 +0800] "GET /xingrg/kc/base/wldb_order_list.html HTTP/1.1" 200 19066
58.35.210.44 - - [29/Mar/2022:21:02:51 +0800] "POST /xingrg/kc/base/wldb_list_operate.html HTTP/1.1" 200 928
58.35.210.44 - - [29/Mar/2022:21:02:52 +0800] "POST /xingrg/kc/base/wldb_list_operate.html HTTP/1.1" 200 928
218.81.223.53 - - [29/Mar/2022:21:03:00 +0800] "GET /xingrg/all/function/internal_message.html?_=1648558990892&CODE_STATE=getMsg HTTP/1.1" 200 27
58.35.210.44 - - [29/Mar/2022:21:03:03 +0800] "GET /xingrg/all/function/internal_message.html?_=1648558982211&CODE_STATE=getMsg HTTP/1.1" 200 27
58.39.61.91 - - [29/Mar/2022:21:03:07 +0800] "GET /xingrg/all/function/internal_message.html?_=1648558986888&CODE_STATE=getMsg HTTP/1.1" 200 27
58.40.7.146 - - [29/Mar/2022:21:03:34 +0800] "GET /xingrg/all/function/internal_message.html?_=1648559012993&CODE_STATE=getMsg HTTP/1.1" 200 27
116.228.172.94 - - [29/Mar/2022:21:03:39 +0800] "GET /xingrg/all/function/internal_message.html?_=1648558933915&CODE_STATE=getMsg HTTP/1.1" 200 27
218.81.223.53 - - [29/Mar/2022:21:04:00 +0800] "GET /xingrg/check_reg.html?_=1648559050472 HTTP/1.1" 200 22
218.81.223.53 - - [29/Mar/2022:21:04:00 +0800] "GET /xingrg/all/function/internal_message.html?_=1648559050906&CODE_STATE=getMsg HTTP/1.1" 200 27
58.35.210.44 - - [29/Mar/2022:21:04:03 +0800] "GET /xingrg/all/function/internal_message.html?_=1648559042195&CODE_STATE=getMsg HTTP/1.1" 200 27
58.39.61.91 - - [29/Mar/2022:21:04:07 +0800] "GET /xingrg/all/function/internal_message.html?_=1648559046888&CODE_STATE=getMsg HTTP/1.1" 200 27
58.40.7.146 - - [29/Mar/2022:21:04:34 +0800] "GET /xingrg/check_reg.html?_=1648559072996 HTTP/1.1" 200 22
58.40.7.146 - - [29/Mar/2022:21:04:34 +0800] "GET /xingrg/all/function/internal_message.html?_=1648559072997&CODE_STATE=getMsg HTTP/1.1" 200 27
116.228.172.94 - - [29/Mar/2022:21:04:39 +0800] "GET /xingrg/all/function/internal_message.html?_=1648558993909&CODE_STATE=getMsg HTTP/1.1" 200 27
218.81.223.53 - - [29/Mar/2022:21:05:00 +0800] "GET /xingrg/all/function/internal_message.html?_=1648559110922&CODE_STATE=getMsg HTTP/1.1" 200 27
58.35.210.44 - - [29/Mar/2022:21:05:03 +0800] "GET /xingrg/all/function/internal_message.html?_=1648559102181&CODE_STATE=getMsg HTTP/1.1" 200 27
58.39.61.91 - - [29/Mar/2022:21:05:07 +0800] "GET /xingrg/check_reg.html?_=1648559106892 HTTP/1.1" 200 22
58.39.61.91 - - [29/Mar/2022:21:05:07 +0800] "GET /xingrg/all/function/internal_message.html?_=1648559106896&CODE_STATE=getMsg HTTP/1.1" 200 27
58.40.7.146 - - [29/Mar/2022:21:05:34 +0800] "GET /xingrg/all/function/internal_message.html?_=1648559132998&CODE_STATE=getMsg HTTP/1.1" 200 27
116.228.172.94 - - [29/Mar/2022:21:05:39 +0800] "GET /xingrg/all/function/internal_message.html?_=1648559053903&CODE_STATE=getMsg HTTP/1.1" 200 27
116.228.172.94 - - [29/Mar/2022:21:05:39 +0800] "GET /xingrg/check_reg.html?_=1648559053906 HTTP/1.1" 200 22
218.81.223.53 - - [29/Mar/2022:21:06:00 +0800] "GET /xingrg/all/function/internal_message.html?_=1648559170934&CODE_STATE=getMsg HTTP/1.1" 200 27
58.35.210.44 - - [29/Mar/2022:21:06:03 +0800] "GET /xingrg/all/function/internal_message.html?_=1648559162168&CODE_STATE=getMsg HTTP/1.1" 200 27
58.39.61.91 - - [29/Mar/2022:21:06:07 +0800] "GET /xingrg/all/function/internal_message.html?_=1648559166896&CODE_STATE=getMsg HTTP/1.1" 200 27
58.40.7.146 - - [29/Mar/2022:21:06:34 +0800] "GET /xingrg/all/function/internal_message.html?_=1648559192984&CODE_STATE=getMsg HTTP/1.1" 200 27
116.228.172.94 - - [29/Mar/2022:21:06:39 +0800] "GET /xingrg/all/function/internal_message.html?_=1648559113917&CODE_STATE=getMsg HTTP/1.1" 200 27
218.81.223.53 - - [29/Mar/2022:21:07:01 +0800] "GET /xingrg/all/function/internal_message.html?_=1648559231550&CODE_STATE=getMsg HTTP/1.1" 200 27
58.35.210.44 - - [29/Mar/2022:21:07:03 +0800] "GET /xingrg/all/function/internal_message.html?_=1648559222153&CODE_STATE=getMsg HTTP/1.1" 200 27
58.35.210.44 - - [29/Mar/2022:21:07:04 +0800] "GET /xingrg/check_reg.html?_=1648559223030 HTTP/1.1" 200 22
58.39.61.91 - - [29/Mar/2022:21:07:07 +0800] "GET /xingrg/all/function/internal_message.html?_=1648559226896&CODE_STATE=getMsg HTTP/1.1" 200 27
116.230.110.173 - - [29/Mar/2022:21:07:24 +0800] "POST /xingrg/services/DataTransmitService HTTP/1.1" 200 524
116.230.110.173 - - [29/Mar/2022:21:07:24 +0800] "POST /xingrg/services/DataTransmitService HTTP/1.1" 200 501
116.230.110.173 - - [29/Mar/2022:21:07:24 +0800] "POST /xingrg/services/DataTransmitService HTTP/1.1" 200 501
116.230.110.173 - - [29/Mar/2022:21:07:25 +0800] "POST /xingrg/services/DataTransmitService HTTP/1.1" 200 501
116.230.110.173 - - [29/Mar/2022:21:07:25 +0800] "POST /xingrg/services/DataTransmitService HTTP/1.1" 200 501
116.230.110.173 - - [29/Mar/2022:21:07:25 +0800] "POST /xingrg/services/DataTransmitService HTTP/1.1" 200 501
116.230.110.173 - - [29/Mar/2022:21:07:25 +0800] "POST /xingrg/services/DataTransmitService HTTP/1.1" 200 412
58.40.7.146 - - [29/Mar/2022:21:07:34 +0800] "GET /xingrg/all/function/internal_message.html?_=1648559252987&CODE_STATE=getMsg HTTP/1.1" 200 27
116.228.172.94 - - [29/Mar/2022:21:07:39 +0800] "GET /xingrg/all/function/internal_message.html?_=1648559173914&CODE_STATE=getMsg HTTP/1.1" 200 27
218.81.223.53 - - [29/Mar/2022:21:08:01 +0800] "GET /xingrg/all/function/internal_message.html?_=1648559291555&CODE_STATE=getMsg HTTP/1.1" 200 27
58.35.210.44 - - [29/Mar/2022:21:08:03 +0800] "GET /xingrg/all/function/internal_message.html?_=1648559282123&CODE_STATE=getMsg HTTP/1.1" 200 27
58.39.61.91 - - [29/Mar/2022:21:08:07 +0800] "GET /xingrg/all/function/internal_message.html?_=1648559286896&CODE_STATE=getMsg HTTP/1.1" 200 27
58.40.7.146 - - [29/Mar/2022:21:08:34 +0800] "GET /xingrg/all/function/internal_message.html?_=1648559312990&CODE_STATE=getMsg HTTP/1.1" 200 27
222.70.180.114 - - [29/Mar/2022:21:08:37 +0800] "POST /xingrg/services/DataTransmitService HTTP/1.1" 200 524
116.228.172.94 - - [29/Mar/2022:21:08:39 +0800] "GET /xingrg/all/function/internal_message.html?_=1648559233916&CODE_STATE=getMsg HTTP/1.1" 200 27
218.81.223.53 - - [29/Mar/2022:21:09:00 +0800] "GET /xingrg/check_reg.html?_=1648559351108 HTTP/1.1" 200 22
218.81.223.53 - - [29/Mar/2022:21:09:01 +0800] "GET /xingrg/all/function/internal_message.html?_=1648559351568&CODE_STATE=getMsg HTTP/1.1" 200 27
58.35.210.44 - - [29/Mar/2022:21:09:03 +0800] "GET /xingrg/all/function/internal_message.html?_=1648559342108&CODE_STATE=getMsg HTTP/1.1" 200 27
58.39.61.91 - - [29/Mar/2022:21:09:07 +0800] "GET /xingrg/all/function/internal_message.html?_=1648559346905&CODE_STATE=getMsg HTTP/1.1" 200 27
58.40.7.146 - - [29/Mar/2022:21:09:34 +0800] "GET /xingrg/all/function/internal_message.html?_=1648559372992&CODE_STATE=getMsg HTTP/1.1" 200 27
58.40.7.146 - - [29/Mar/2022:21:09:34 +0800] "GET /xingrg/check_reg.html?_=1648559372993 HTTP/1.1" 200 22
116.228.172.94 - - [29/Mar/2022:21:09:39 +0800] "GET /xingrg/all/function/internal_message.html?_=1648559293906&CODE_STATE=getMsg HTTP/1.1" 200 27
218.81.223.53 - - [29/Mar/2022:21:10:01 +0800] "GET /xingrg/all/function/internal_message.html?_=1648559411580&CODE_STATE=getMsg HTTP/1.1" 200 27
58.35.210.44 - - [29/Mar/2022:21:10:03 +0800] "GET /xingrg/all/function/internal_message.html?_=1648559402094&CODE_STATE=getMsg HTTP/1.1" 200 27
58.39.61.91 - - [29/Mar/2022:21:10:07 +0800] "GET /xingrg/check_reg.html?_=1648559406905 HTTP/1.1" 200 22
58.39.61.91 - - [29/Mar/2022:21:10:07 +0800] "GET /xingrg/all/function/internal_message.html?_=1648559406908&CODE_STATE=getMsg HTTP/1.1" 200 27
58.40.7.146 - - [29/Mar/2022:21:10:34 +0800] "GET /xingrg/all/function/internal_message.html?_=1648559432993&CODE_STATE=getMsg HTTP/1.1" 200 27
116.228.172.94 - - [29/Mar/2022:21:10:39 +0800] "GET /xingrg/check_reg.html?_=1648559353921 HTTP/1.1" 200 22
116.228.172.94 - - [29/Mar/2022:21:10:39 +0800] "GET /xingrg/all/function/internal_message.html?_=1648559353924&CODE_STATE=getMsg HTTP/1.1" 200 27
218.81.223.53 - - [29/Mar/2022:21:11:01 +0800] "GET /xingrg/all/function/internal_message.html?_=1648559471595&CODE_STATE=getMsg HTTP/1.1" 200 27
58.35.210.44 - - [29/Mar/2022:21:11:03 +0800] "GET /xingrg/all/function/internal_message.html?_=1648559462079&CODE_STATE=getMsg HTTP/1.1" 200 27
58.39.61.91 - - [29/Mar/2022:21:11:07 +0800] "GET /xingrg/all/function/internal_message.html?_=1648559466900&CODE_STATE=getMsg HTTP/1.1" 200 27
58.40.7.146 - - [29/Mar/2022:21:11:34 +0800] "GET /xingrg/all/function/internal_message.html?_=1648559492996&CODE_STATE=getMsg HTTP/1.1" 200 27
116.228.172.94 - - [29/Mar/2022:21:11:39 +0800] "GET /xingrg/all/function/internal_message.html?_=1648559413898&CODE_STATE=getMsg HTTP/1.1" 200 27
218.81.223.53 - - [29/Mar/2022:21:12:01 +0800] "GET /xingrg/all/function/internal_message.html?_=1648559532205&CODE_STATE=getMsg HTTP/1.1" 200 27
58.35.210.44 - - [29/Mar/2022:21:12:03 +0800] "GET /xingrg/all/function/internal_message.html?_=1648559522064&CODE_STATE=getMsg HTTP/1.1" 200 27
58.35.210.44 - - [29/Mar/2022:21:12:04 +0800] "GET /xingrg/check_reg.html?_=1648559523019 HTTP/1.1" 200 22
58.39.61.91 - - [29/Mar/2022:21:12:07 +0800] "GET /xingrg/all/function/internal_message.html?_=1648559526900&CODE_STATE=getMsg HTTP/1.1" 200 27
114.88.156.203 - - [29/Mar/2022:21:12:14 +0800] "POST /xingrg/services/DataTransmitService HTTP/1.1" 200 524
58.40.7.146 - - [29/Mar/2022:21:12:34 +0800] "GET /xingrg/all/function/internal_message.html?_=1648559552998&CODE_STATE=getMsg HTTP/1.1" 200 27
116.228.172.94 - - [29/Mar/2022:21:12:39 +0800] "GET /xingrg/all/function/internal_message.html?_=1648559473909&CODE_STATE=getMsg HTTP/1.1" 200 27
218.81.223.53 - - [29/Mar/2022:21:13:01 +0800] "GET /xingrg/all/function/internal_message.html?_=1648559592216&CODE_STATE=getMsg HTTP/1.1" 200 27
58.35.210.44 - - [29/Mar/2022:21:13:03 +0800] "GET /xingrg/all/function/internal_message.html?_=1648559582034&CODE_STATE=getMsg HTTP/1.1" 200 27
58.39.61.91 - - [29/Mar/2022:21:13:07 +0800] "GET /xingrg/all/function/internal_message.html?_=1648559586901&CODE_STATE=getMsg HTTP/1.1" 200 27
58.40.7.146 - - [29/Mar/2022:21:13:34 +0800] "GET /xingrg/all/function/internal_message.html?_=1648559613000&CODE_STATE=getMsg HTTP/1.1" 200 27
116.228.172.94 - - [29/Mar/2022:21:13:39 +0800] "GET /xingrg/all/function/internal_message.html?_=1648559533906&CODE_STATE=getMsg HTTP/1.1" 200 27
218.81.223.53 - - [29/Mar/2022:21:14:01 +0800] "GET /xingrg/check_reg.html?_=1648559651704 HTTP/1.1" 200 22
218.81.223.53 - - [29/Mar/2022:21:14:01 +0800] "GET /xingrg/all/function/internal_message.html?_=1648559652228&CODE_STATE=getMsg HTTP/1.1" 200 27
58.35.210.44 - - [29/Mar/2022:21:14:03 +0800] "GET /xingrg/all/function/internal_message.html?_=1648559642020&CODE_STATE=getMsg HTTP/1.1" 200 27
58.39.61.91 - - [29/Mar/2022:21:14:07 +0800] "GET /xingrg/all/function/internal_message.html?_=1648559646903&CODE_STATE=getMsg HTTP/1.1" 200 27
58.40.7.146 - - [29/Mar/2022:21:14:34 +0800] "GET /xingrg/check_reg.html?_=1648559673002 HTTP/1.1" 200 22
58.40.7.146 - - [29/Mar/2022:21:14:34 +0800] "GET /xingrg/all/function/internal_message.html?_=1648559673004&CODE_STATE=getMsg HTTP/1.1" 200 27
116.228.172.94 - - [29/Mar/2022:21:14:39 +0800] "GET /xingrg/all/function/internal_message.html?_=1648559593910&CODE_STATE=getMsg HTTP/1.1" 200 27
218.81.223.53 - - [29/Mar/2022:21:15:01 +0800] "GET /xingrg/all/function/internal_message.html?_=1648559712242&CODE_STATE=getMsg HTTP/1.1" 200 27
58.35.210.44 - - [29/Mar/2022:21:15:03 +0800] "GET /xingrg/all/function/internal_message.html?_=1648559702006&CODE_STATE=getMsg HTTP/1.1" 200 27
58.39.61.91 - - [29/Mar/2022:21:15:07 +0800] "GET /xingrg/all/function/internal_message.html?_=1648559706915&CODE_STATE=getMsg HTTP/1.1" 200 27
58.39.61.91 - - [29/Mar/2022:21:15:07 +0800] "GET /xingrg/check_reg.html?_=1648559706918 HTTP/1.1" 200 22
58.40.7.146 - - [29/Mar/2022:21:15:34 +0800] "GET /xingrg/all/function/internal_message.html?_=1648559732989&CODE_STATE=getMsg HTTP/1.1" 200 27
116.228.172.94 - - [29/Mar/2022:21:15:39 +0800] "GET /xingrg/all/function/internal_message.html?_=1648559653902&CODE_STATE=getMsg HTTP/1.1" 200 27
116.228.172.94 - - [29/Mar/2022:21:15:39 +0800] "GET /xingrg/check_reg.html?_=1648559653904 HTTP/1.1" 200 22
114.83.218.74 - - [29/Mar/2022:21:15:43 +0800] "POST /xingrg/services/DataTransmitService HTTP/1.1" 200 524
114.83.218.74 - - [29/Mar/2022:21:15:44 +0800] "POST /xingrg/services/DataTransmitService HTTP/1.1" 200 501
114.83.218.74 - - [29/Mar/2022:21:15:44 +0800] "POST /xingrg/services/DataTransmitService HTTP/1.1" 200 501
114.83.218.74 - - [29/Mar/2022:21:15:44 +0800] "POST /xingrg/services/DataTransmitService HTTP/1.1" 200 501
114.83.218.74 - - [29/Mar/2022:21:15:45 +0800] "POST /xingrg/services/DataTransmitService HTTP/1.1" 200 501
114.83.218.74 - - [29/Mar/2022:21:15:45 +0800] "POST /xingrg/services/DataTransmitService HTTP/1.1" 200 501
114.83.218.74 - - [29/Mar/2022:21:15:45 +0800] "POST /xingrg/services/DataTransmitService HTTP/1.1" 200 501
114.83.218.74 - - [29/Mar/2022:21:15:45 +0800] "POST /xingrg/services/DataTransmitService HTTP/1.1" 200 501
114.83.218.74 - - [29/Mar/2022:21:15:46 +0800] "POST /xingrg/services/DataTransmitService HTTP/1.1" 200 501
114.83.218.74 - - [29/Mar/2022:21:15:46 +0800] "POST /xingrg/services/DataTransmitService HTTP/1.1" 200 412
218.81.223.53 - - [29/Mar/2022:21:16:01 +0800] "GET /xingrg/all/function/internal_message.html?_=1648559772257&CODE_STATE=getMsg HTTP/1.1" 200 27
58.35.210.44 - - [29/Mar/2022:21:16:03 +0800] "GET /xingrg/all/function/internal_message.html?_=1648559761991&CODE_STATE=getMsg HTTP/1.1" 200 27
58.39.61.91 - - [29/Mar/2022:21:16:07 +0800] "GET /xingrg/all/function/internal_message.html?_=1648559766920&CODE_STATE=getMsg HTTP/1.1" 200 27
58.40.7.146 - - [29/Mar/2022:21:16:34 +0800] "GET /xingrg/all/function/internal_message.html?_=1648559792992&CODE_STATE=getMsg HTTP/1.1" 200 27
116.228.172.94 - - [29/Mar/2022:21:16:39 +0800] "GET /xingrg/all/function/internal_message.html?_=1648559713907&CODE_STATE=getMsg HTTP/1.1" 200 27
218.81.223.53 - - [29/Mar/2022:21:17:02 +0800] "GET /xingrg/all/function/internal_message.html?_=1648559832868&CODE_STATE=getMsg HTTP/1.1" 200 27
58.35.210.44 - - [29/Mar/2022:21:17:03 +0800] "GET /xingrg/all/function/internal_message.html?_=1648559821976&CODE_STATE=getMsg HTTP/1.1" 200 27
58.35.210.44 - - [29/Mar/2022:21:17:04 +0800] "GET /xingrg/check_reg.html?_=1648559823023 HTTP/1.1" 200 22
58.39.61.91 - - [29/Mar/2022:21:17:07 +0800] "GET /xingrg/all/function/internal_message.html?_=1648559826921&CODE_STATE=getMsg HTTP/1.1" 200 27
58.40.7.146 - - [29/Mar/2022:21:17:34 +0800] "GET /xingrg/all/function/internal_message.html?_=1648559852996&CODE_STATE=getMsg HTTP/1.1" 200 27
116.228.172.94 - - [29/Mar/2022:21:17:39 +0800] "GET /xingrg/all/function/internal_message.html?_=1648559773908&CODE_STATE=getMsg HTTP/1.1" 200 27
218.81.223.53 - - [29/Mar/2022:21:18:02 +0800] "GET /xingrg/all/function/internal_message.html?_=1648559892876&CODE_STATE=getMsg HTTP/1.1" 200 27
58.35.210.44 - - [29/Mar/2022:21:18:03 +0800] "GET /xingrg/all/function/internal_message.html?_=1648559881947&CODE_STATE=getMsg HTTP/1.1" 200 27
58.39.61.91 - - [29/Mar/2022:21:18:07 +0800] "GET /xingrg/all/function/internal_message.html?_=1648559886926&CODE_STATE=getMsg HTTP/1.1" 200 27
58.40.7.146 - - [29/Mar/2022:21:18:34 +0800] "GET /xingrg/all/function/internal_message.html?_=1648559912998&CODE_STATE=getMsg HTTP/1.1" 200 27
116.228.172.94 - - [29/Mar/2022:21:18:39 +0800] "GET /xingrg/all/function/internal_message.html?_=1648559833903&CODE_STATE=getMsg HTTP/1.1" 200 27
218.81.223.53 - - [29/Mar/2022:21:19:01 +0800] "GET /xingrg/check_reg.html?_=1648559952308 HTTP/1.1" 200 22
218.81.223.53 - - [29/Mar/2022:21:19:02 +0800] "GET /xingrg/all/function/internal_message.html?_=1648559952888&CODE_STATE=getMsg HTTP/1.1" 200 27
58.35.210.44 - - [29/Mar/2022:21:19:03 +0800] "GET /xingrg/all/function/internal_message.html?_=1648559941922&CODE_STATE=getMsg HTTP/1.1" 200 27
58.39.61.91 - - [29/Mar/2022:21:19:07 +0800] "GET /xingrg/all/function/internal_message.html?_=1648559946927&CODE_STATE=getMsg HTTP/1.1" 200 27
58.40.7.146 - - [29/Mar/2022:21:19:34 +0800] "GET /xingrg/all/function/internal_message.html?_=1648559973000&CODE_STATE=getMsg HTTP/1.1" 200 27
58.40.7.146 - - [29/Mar/2022:21:19:34 +0800] "GET /xingrg/check_reg.html?_=1648559973000 HTTP/1.1" 200 22
116.228.172.94 - - [29/Mar/2022:21:19:39 +0800] "GET /xingrg/all/function/internal_message.html?_=1648559893918&CODE_STATE=getMsg HTTP/1.1" 200 27
180.157.251.97 - - [29/Mar/2022:21:20:02 +0800] "POST /xingrg/services/DataTransmitService HTTP/1.1" 200 524
218.81.223.53 - - [29/Mar/2022:21:20:02 +0800] "GET /xingrg/all/function/internal_message.html?_=1648560012904&CODE_STATE=getMsg HTTP/1.1" 200 27
58.35.210.44 - - [29/Mar/2022:21:20:03 +0800] "GET /xingrg/all/function/internal_message.html?_=1648560001907&CODE_STATE=getMsg HTTP/1.1" 200 27
58.39.61.91 - - [29/Mar/2022:21:20:07 +0800] "GET /xingrg/check_reg.html?_=1648560006933 HTTP/1.1" 200 22
58.39.61.91 - - [29/Mar/2022:21:20:07 +0800] "GET /xingrg/all/function/internal_message.html?_=1648560006939&CODE_STATE=getMsg HTTP/1.1" 200 27
58.40.7.146 - - [29/Mar/2022:21:20:34 +0800] "GET /xingrg/all/function/internal_message.html?_=1648560033002&CODE_STATE=getMsg HTTP/1.1" 200 27
58.35.210.44 - - [29/Mar/2022:21:20:38 +0800] "GET /xingrg/kc/base/base_main.html HTTP/1.1" 200 12142
116.228.172.94 - - [29/Mar/2022:21:20:39 +0800] "GET /xingrg/check_reg.html?_=1648559953915 HTTP/1.1" 200 22
116.228.172.94 - - [29/Mar/2022:21:20:39 +0800] "GET /xingrg/all/function/internal_message.html?_=1648559953917&CODE_STATE=getMsg HTTP/1.1" 200 27
58.35.210.44 - - [29/Mar/2022:21:20:39 +0800] "GET /xingrg/kc/base/wldb_order_list.html HTTP/1.1" 200 19066
58.35.210.44 - - [29/Mar/2022:21:20:39 +0800] "POST /xingrg/kc/base/wldb_list_operate.html HTTP/1.1" 200 928
58.35.210.44 - - [29/Mar/2022:21:20:43 +0800] "GET /xingrg/javascript/jquery_tools/images/prev.gif HTTP/1.1" 404 1086
58.35.210.44 - - [29/Mar/2022:21:20:43 +0800] "GET /xingrg/javascript/jquery_tools/images/next.gif HTTP/1.1" 404 1086
58.35.210.44 - - [29/Mar/2022:21:20:47 +0800] "POST /xingrg/kc/base/wldb_list_operate.html HTTP/1.1" 200 3025
58.35.210.44 - - [29/Mar/2022:21:20:49 +0800] "POST /xingrg/kc/base/wldb_list_operate.html HTTP/1.1" 200 569
58.35.210.44 - - [29/Mar/2022:21:20:54 +0800] "GET /xingrg/kc/base/wldb_order_info.html?code=422022022802976 HTTP/1.1" 200 26154
58.35.210.44 - - [29/Mar/2022:21:20:54 +0800] "GET /xingrg/javascript/easyui/themes/default/validatebox.css HTTP/1.1" 404 1104
58.35.210.44 - - [29/Mar/2022:21:20:54 +0800] "POST /xingrg/kc/base/wldb_order_operate.html HTTP/1.1" 200 21159
218.81.223.53 - - [29/Mar/2022:21:21:02 +0800] "GET /xingrg/all/function/internal_message.html?_=1648560072915&CODE_STATE=getMsg HTTP/1.1" 200 27
58.35.210.44 - - [29/Mar/2022:21:21:03 +0800] "GET /xingrg/all/function/internal_message.html?_=1648560061881&CODE_STATE=getMsg HTTP/1.1" 200 27
58.39.61.91 - - [29/Mar/2022:21:21:07 +0800] "GET /xingrg/all/function/internal_message.html?_=1648560066941&CODE_STATE=getMsg HTTP/1.1" 200 27
58.35.210.44 - - [29/Mar/2022:21:21:08 +0800] "POST /xingrg/kc/base/wldb_list_operate.html HTTP/1.1" 200 5745
58.35.210.44 - - [29/Mar/2022:21:21:26 +0800] "GET /xingrg/kc/base/wldb_order_add.html HTTP/1.1" 200 30276
58.35.210.44 - - [29/Mar/2022:21:21:26 +0800] "POST /xingrg/kc/base/wldb_order_operate.html HTTP/1.1" 200 6806
58.35.210.44 - - [29/Mar/2022:21:21:26 +0800] "GET /xingrg/javascript/easyui/themes/default/validatebox.css HTTP/1.1" 404 1104
58.35.210.44 - - [29/Mar/2022:21:21:30 +0800] "POST /xingrg/all/common/load_combo.html?type=base HTTP/1.1" 200 3321
58.40.7.146 - - [29/Mar/2022:21:21:34 +0800] "GET /xingrg/all/function/internal_message.html?_=1648560093003&CODE_STATE=getMsg HTTP/1.1" 200 27
58.35.210.44 - - [29/Mar/2022:21:21:38 +0800] "POST /xingrg/all/common/load_combo.html?type=base HTTP/1.1" 200 3321
116.228.172.94 - - [29/Mar/2022:21:21:39 +0800] "GET /xingrg/all/function/internal_message.html?_=1648560013917&CODE_STATE=getMsg HTTP/1.1" 200 27
218.81.223.53 - - [29/Mar/2022:21:22:03 +0800] "GET /xingrg/all/function/internal_message.html?_=1648560133540&CODE_STATE=getMsg HTTP/1.1" 200 27
58.35.210.44 - - [29/Mar/2022:21:22:03 +0800] "GET /xingrg/all/function/internal_message.html?_=1648560121867&CODE_STATE=getMsg HTTP/1.1" 200 27
58.35.210.44 - - [29/Mar/2022:21:22:04 +0800] "GET /xingrg/check_reg.html?_=1648560123035 HTTP/1.1" 200 22
58.39.61.91 - - [29/Mar/2022:21:22:07 +0800] "GET /xingrg/all/function/internal_message.html?_=1648560126943&CODE_STATE=getMsg HTTP/1.1" 200 27
58.35.210.44 - - [29/Mar/2022:21:22:08 +0800] "GET /xingrg/javascript/auto/indicator.gif HTTP/1.1" 404 1066
58.35.210.44 - - [29/Mar/2022:21:22:11 +0800] "GET /xingrg/kc/base/wldb_order_operate.html?command=get_materiel&rest_code=00156&base_code=0010832&code=00101014014 HTTP/1.1" 200 438
58.35.210.44 - - [29/Mar/2022:21:22:21 +0800] "GET /xingrg/kc/base/wldb_order_operate.html?command=get_materiel&rest_code=00156&base_code=0010832&code=00101014019 HTTP/1.1" 200 447
58.35.210.44 - - [29/Mar/2022:21:22:31 +0800] "GET /xingrg/kc/base/wldb_order_operate.html?command=get_materiel&rest_code=00156&base_code=0010832&code=00101014055 HTTP/1.1" 200 462
58.40.7.146 - - [29/Mar/2022:21:22:34 +0800] "GET /xingrg/all/function/internal_message.html?_=1648560153006&CODE_STATE=getMsg HTTP/1.1" 200 27
116.228.172.94 - - [29/Mar/2022:21:22:39 +0800] "GET /xingrg/all/function/internal_message.html?_=1648560073911&CODE_STATE=getMsg HTTP/1.1" 200 27
58.35.210.44 - - [29/Mar/2022:21:22:39 +0800] "GET /xingrg/kc/base/wldb_order_operate.html?command=get_materiel&rest_code=00156&base_code=0010832&code=00101014080 HTTP/1.1" 200 441
58.35.210.44 - - [29/Mar/2022:21:22:48 +0800] "GET /xingrg/kc/base/wldb_order_operate.html?command=get_materiel&rest_code=00156&base_code=0010832&code=00101014113 HTTP/1.1" 200 427
218.81.223.53 - - [29/Mar/2022:21:23:03 +0800] "GET /xingrg/all/function/internal_message.html?_=1648560193553&CODE_STATE=getMsg HTTP/1.1" 200 27
58.35.210.44 - - [29/Mar/2022:21:23:03 +0800] "GET /xingrg/all/function/internal_message.html?_=1648560181851&CODE_STATE=getMsg HTTP/1.1" 200 27
58.39.61.91 - - [29/Mar/2022:21:23:07 +0800] "GET /xingrg/all/function/internal_message.html?_=1648560186944&CODE_STATE=getMsg HTTP/1.1" 200 27
58.40.7.146 - - [29/Mar/2022:21:23:14 +0800] "GET /favicon.ico HTTP/1.1" 404 -
58.35.210.44 - - [29/Mar/2022:21:23:21 +0800] "GET /xingrg/kc/base/wldb_order_operate.html?command=get_materiel&rest_code=00156&base_code=0010832&code=00101014115 HTTP/1.1" 200 434
58.40.7.146 - - [29/Mar/2022:21:23:34 +0800] "GET /xingrg/all/function/internal_message.html?_=1648560212992&CODE_STATE=getMsg HTTP/1.1" 200 27
58.35.210.44 - - [29/Mar/2022:21:23:35 +0800] "GET /xingrg/kc/base/wldb_order_operate.html?command=get_materiel&rest_code=00156&base_code=0010832&code=00101014117 HTTP/1.1" 200 426
116.228.172.94 - - [29/Mar/2022:21:23:39 +0800] "GET /xingrg/all/function/internal_message.html?_=1648560133912&CODE_STATE=getMsg HTTP/1.1" 200 27
58.35.210.44 - - [29/Mar/2022:21:23:47 +0800] "GET /xingrg/kc/base/wldb_order_operate.html?command=get_materiel&rest_code=00156&base_code=0010832&code=00101014118 HTTP/1.1" 200 433
58.35.210.44 - - [29/Mar/2022:21:23:54 +0800] "GET /xingrg/kc/base/wldb_order_operate.html?command=get_materiel&rest_code=00156&base_code=0010832&code=00101014121 HTTP/1.1" 200 420
58.35.210.44 - - [29/Mar/2022:21:24:00 +0800] "GET /xingrg/kc/base/wldb_order_operate.html?command=get_materiel&rest_code=00156&base_code=0010832&code=00101019860 HTTP/1.1" 200 444
218.81.223.53 - - [29/Mar/2022:21:24:02 +0800] "GET /xingrg/check_reg.html?_=1648560252901 HTTP/1.1" 200 22
218.81.223.53 - - [29/Mar/2022:21:24:03 +0800] "GET /xingrg/all/function/internal_message.html?_=1648560253565&CODE_STATE=getMsg HTTP/1.1" 200 27
58.35.210.44 - - [29/Mar/2022:21:24:03 +0800] "GET /xingrg/all/function/internal_message.html?_=1648560241835&CODE_STATE=getMsg HTTP/1.1" 200 27
58.39.61.91 - - [29/Mar/2022:21:24:07 +0800] "GET /xingrg/all/function/internal_message.html?_=1648560246944&CODE_STATE=getMsg HTTP/1.1" 200 27
58.35.210.44 - - [29/Mar/2022:21:24:18 +0800] "POST /xingrg/kc/base/wldb_order_operate.html HTTP/1.1" 200 37
58.35.210.44 - - [29/Mar/2022:21:24:18 +0800] "POST /xingrg/kc/base/wldb_order_operate.html HTTP/1.1" 200 6577
58.35.210.44 - - [29/Mar/2022:21:24:19 +0800] "GET /xingrg/kc/base/wldb_order_info.html?code=422022032901113 HTTP/1.1" 200 30292
58.35.210.44 - - [29/Mar/2022:21:24:19 +0800] "GET /xingrg/javascript/easyui/themes/default/validatebox.css HTTP/1.1" 404 1104
58.35.210.44 - - [29/Mar/2022:21:24:20 +0800] "POST /xingrg/kc/base/wldb_order_operate.html HTTP/1.1" 200 6577
58.40.7.146 - - [29/Mar/2022:21:24:34 +0800] "GET /xingrg/all/function/internal_message.html?_=1648560272994&CODE_STATE=getMsg HTTP/1.1" 200 27
58.40.7.146 - - [29/Mar/2022:21:24:34 +0800] "GET /xingrg/check_reg.html?_=1648560272997 HTTP/1.1" 200 22
116.228.172.94 - - [29/Mar/2022:21:24:39 +0800] "GET /xingrg/all/function/internal_message.html?_=1648560193904&CODE_STATE=getMsg HTTP/1.1" 200 27
58.35.210.44 - - [29/Mar/2022:21:25:03 +0800] "GET /xingrg/all/function/internal_message.html?_=1648560301807&CODE_STATE=getMsg HTTP/1.1" 200 27
218.81.223.53 - - [29/Mar/2022:21:25:03 +0800] "GET /xingrg/all/function/internal_message.html?_=1648560313578&CODE_STATE=getMsg HTTP/1.1" 200 27
58.39.61.91 - - [29/Mar/2022:21:25:07 +0800] "GET /xingrg/check_reg.html?_=1648560306930 HTTP/1.1" 200 22
58.39.61.91 - - [29/Mar/2022:21:25:07 +0800] "GET /xingrg/all/function/internal_message.html?_=1648560306932&CODE_STATE=getMsg HTTP/1.1" 200 27
58.35.210.44 - - [29/Mar/2022:21:25:10 +0800] "POST /xingrg/kc/base/wldb_order_operate.html HTTP/1.1" 200 37
58.35.210.44 - - [29/Mar/2022:21:25:10 +0800] "POST /xingrg/kc/base/wldb_order_operate.html HTTP/1.1" 200 6577
58.35.210.44 - - [29/Mar/2022:21:25:11 +0800] "GET /xingrg/kc/base/wldb_order_info.html?code=422022032901113 HTTP/1.1" 200 30292
58.35.210.44 - - [29/Mar/2022:21:25:11 +0800] "GET /xingrg/javascript/easyui/themes/default/validatebox.css HTTP/1.1" 404 1104
58.35.210.44 - - [29/Mar/2022:21:25:11 +0800] "POST /xingrg/kc/base/wldb_order_operate.html HTTP/1.1" 200 6577
58.35.210.44 - - [29/Mar/2022:21:25:16 +0800] "POST /xingrg/kc/base/wldb_list_operate.html HTTP/1.1" 200 1777
58.35.210.44 - - [29/Mar/2022:21:25:27 +0800] "GET /xingrg/kc/base/wldb_order_add.html HTTP/1.1" 200 30276
58.35.210.44 - - [29/Mar/2022:21:25:27 +0800] "POST /xingrg/kc/base/wldb_order_operate.html HTTP/1.1" 200 6806
58.35.210.44 - - [29/Mar/2022:21:25:28 +0800] "GET /xingrg/javascript/easyui/themes/default/validatebox.css HTTP/1.1" 404 1104
58.35.210.44 - - [29/Mar/2022:21:25:29 +0800] "POST /xingrg/all/common/load_combo.html?type=base HTTP/1.1" 200 3321
58.40.7.146 - - [29/Mar/2022:21:25:34 +0800] "GET /xingrg/all/function/internal_message.html?_=1648560333000&CODE_STATE=getMsg HTTP/1.1" 200 27
116.228.172.94 - - [29/Mar/2022:21:25:39 +0800] "GET /xingrg/all/function/internal_message.html?_=1648560253909&CODE_STATE=getMsg HTTP/1.1" 200 27
116.228.172.94 - - [29/Mar/2022:21:25:39 +0800] "GET /xingrg/check_reg.html?_=1648560253911 HTTP/1.1" 200 22
58.35.210.44 - - [29/Mar/2022:21:25:48 +0800] "GET /xingrg/kc/base/wldb_order_operate.html?command=get_materiel&rest_code=00156&base_code=0010780&code=00102002610 HTTP/1.1" 200 429
58.35.210.44 - - [29/Mar/2022:21:25:57 +0800] "GET /xingrg/kc/base/wldb_order_operate.html?command=get_materiel&rest_code=00156&base_code=0010780&code=00101016037 HTTP/1.1" 200 450
58.35.210.44 - - [29/Mar/2022:21:26:03 +0800] "GET /xingrg/all/function/internal_message.html?_=1648560361781&CODE_STATE=getMsg HTTP/1.1" 200 27
218.81.223.53 - - [29/Mar/2022:21:26:03 +0800] "GET /xingrg/all/function/internal_message.html?_=1648560373594&CODE_STATE=getMsg HTTP/1.1" 200 27
58.39.61.91 - - [29/Mar/2022:21:26:07 +0800] "GET /xingrg/all/function/internal_message.html?_=1648560366935&CODE_STATE=getMsg HTTP/1.1" 200 27
58.40.7.146 - - [29/Mar/2022:21:26:34 +0800] "GET /xingrg/all/function/internal_message.html?_=1648560393001&CODE_STATE=getMsg HTTP/1.1" 200 27
58.35.210.44 - - [29/Mar/2022:21:26:36 +0800] "GET /xingrg/kc/base/wldb_order_operate.html?command=get_materiel&rest_code=00156&base_code=0010780&code=00102002082 HTTP/1.1" 200 437
116.228.172.94 - - [29/Mar/2022:21:26:39 +0800] "GET /xingrg/all/function/internal_message.html?_=1648560313899&CODE_STATE=getMsg HTTP/1.1" 200 27
58.35.210.44 - - [29/Mar/2022:21:27:03 +0800] "GET /xingrg/all/function/internal_message.html?_=1648560421759&CODE_STATE=getMsg HTTP/1.1" 200 27
218.81.223.53 - - [29/Mar/2022:21:27:03 +0800] "GET /xingrg/all/function/internal_message.html?_=1648560434207&CODE_STATE=getMsg HTTP/1.1" 200 27
58.35.210.44 - - [29/Mar/2022:21:27:04 +0800] "GET /xingrg/check_reg.html?_=1648560423027 HTTP/1.1" 200 22
58.39.61.91 - - [29/Mar/2022:21:27:07 +0800] "GET /xingrg/all/function/internal_message.html?_=1648560426954&CODE_STATE=getMsg HTTP/1.1" 200 27
58.35.210.44 - - [29/Mar/2022:21:27:24 +0800] "GET /xingrg/kc/base/wldb_order_operate.html?command=get_materiel&rest_code=00156&base_code=0010780&code=00102002497 HTTP/1.1" 200 439
58.40.7.146 - - [29/Mar/2022:21:27:34 +0800] "GET /xingrg/all/function/internal_message.html?_=1648560453003&CODE_STATE=getMsg HTTP/1.1" 200 27
116.228.172.94 - - [29/Mar/2022:21:27:39 +0800] "GET /xingrg/all/function/internal_message.html?_=1648560373917&CODE_STATE=getMsg HTTP/1.1" 200 27
58.35.210.44 - - [29/Mar/2022:21:28:03 +0800] "GET /xingrg/all/function/internal_message.html?_=1648560481735&CODE_STATE=getMsg HTTP/1.1" 200 27
218.81.223.53 - - [29/Mar/2022:21:28:03 +0800] "GET /xingrg/all/function/internal_message.html?_=1648560494213&CODE_STATE=getMsg HTTP/1.1" 200 27
58.39.61.91 - - [29/Mar/2022:21:28:07 +0800] "GET /xingrg/all/function/internal_message.html?_=1648560486959&CODE_STATE=getMsg HTTP/1.1" 200 27
58.40.7.146 - - [29/Mar/2022:21:28:34 +0800] "GET /xingrg/all/function/internal_message.html?_=1648560513005&CODE_STATE=getMsg HTTP/1.1" 200 27
116.228.172.94 - - [29/Mar/2022:21:28:39 +0800] "GET /xingrg/all/function/internal_message.html?_=1648560433911&CODE_STATE=getMsg HTTP/1.1" 200 27
116.237.72.29 - - [29/Mar/2022:21:28:40 +0800] "POST /xingrg/services/DataTransmitService HTTP/1.1" 200 524
58.35.210.44 - - [29/Mar/2022:21:28:49 +0800] "POST /xingrg/kc/base/wldb_order_operate.html HTTP/1.1" 200 37
58.35.210.44 - - [29/Mar/2022:21:28:50 +0800] "POST /xingrg/kc/base/wldb_order_operate.html HTTP/1.1" 200 3159
58.35.210.44 - - [29/Mar/2022:21:28:51 +0800] "GET /xingrg/kc/base/wldb_order_info.html?code=422022032901114 HTTP/1.1" 200 30291
58.35.210.44 - - [29/Mar/2022:21:28:51 +0800] "GET /xingrg/javascript/easyui/themes/default/validatebox.css HTTP/1.1" 404 1104
58.35.210.44 - - [29/Mar/2022:21:28:51 +0800] "POST /xingrg/kc/base/wldb_order_operate.html HTTP/1.1" 200 3159
58.35.210.44 - - [29/Mar/2022:21:28:55 +0800] "GET /xingrg/kc/base/wldb_order_add.html HTTP/1.1" 200 30276
58.35.210.44 - - [29/Mar/2022:21:28:55 +0800] "POST /xingrg/kc/base/wldb_order_operate.html HTTP/1.1" 200 6806
58.35.210.44 - - [29/Mar/2022:21:28:55 +0800] "GET /xingrg/javascript/easyui/themes/default/validatebox.css HTTP/1.1" 404 1104
58.35.210.44 - - [29/Mar/2022:21:29:03 +0800] "GET /xingrg/all/function/internal_message.html?_=1648560541716&CODE_STATE=getMsg HTTP/1.1" 200 27
218.81.223.53 - - [29/Mar/2022:21:29:03 +0800] "GET /xingrg/check_reg.html?_=1648560553491 HTTP/1.1" 200 22
218.81.223.53 - - [29/Mar/2022:21:29:03 +0800] "GET /xingrg/all/function/internal_message.html?_=1648560554228&CODE_STATE=getMsg HTTP/1.1" 200 27
58.35.210.44 - - [29/Mar/2022:21:29:04 +0800] "GET /xingrg/kc/base/wldb_order_operate.html?command=get_materiel&rest_code=00156&base_code=0010779&code=00101016037 HTTP/1.1" 200 452
58.39.61.91 - - [29/Mar/2022:21:29:07 +0800] "GET /xingrg/all/function/internal_message.html?_=1648560546959&CODE_STATE=getMsg HTTP/1.1" 200 27
58.35.210.44 - - [29/Mar/2022:21:29:14 +0800] "GET /xingrg/kc/base/wldb_order_operate.html?command=get_materiel&rest_code=00156&base_code=0010779&code=00101016019 HTTP/1.1" 200 450
58.40.7.146 - - [29/Mar/2022:21:29:34 +0800] "GET /xingrg/check_reg.html?_=1648560573007 HTTP/1.1" 200 22
58.40.7.146 - - [29/Mar/2022:21:29:34 +0800] "GET /xingrg/all/function/internal_message.html?_=1648560573008&CODE_STATE=getMsg HTTP/1.1" 200 27
116.228.172.94 - - [29/Mar/2022:21:29:39 +0800] "GET /xingrg/all/function/internal_message.html?_=1648560493902&CODE_STATE=getMsg HTTP/1.1" 200 27
58.35.210.44 - - [29/Mar/2022:21:29:48 +0800] "GET /xingrg/kc/base/wldb_order_operate.html?command=get_materiel&rest_code=00156&base_code=0010779&code=00101016022 HTTP/1.1" 200 430
58.35.210.44 - - [29/Mar/2022:21:30:03 +0800] "GET /xingrg/all/function/internal_message.html?_=1648560601702&CODE_STATE=getMsg HTTP/1.1" 200 27
218.81.223.53 - - [29/Mar/2022:21:30:03 +0800] "GET /xingrg/all/function/internal_message.html?_=1648560614239&CODE_STATE=getMsg HTTP/1.1" 200 27
58.39.61.91 - - [29/Mar/2022:21:30:07 +0800] "GET /xingrg/check_reg.html?_=1648560606964 HTTP/1.1" 200 22
58.39.61.91 - - [29/Mar/2022:21:30:07 +0800] "GET /xingrg/all/function/internal_message.html?_=1648560606966&CODE_STATE=getMsg HTTP/1.1" 200 27
58.35.210.44 - - [29/Mar/2022:21:30:23 +0800] "POST /xingrg/kc/base/wldb_order_operate.html HTTP/1.1" 200 37
58.35.210.44 - - [29/Mar/2022:21:30:24 +0800] "POST /xingrg/kc/base/wldb_order_operate.html HTTP/1.1" 200 2665
58.35.210.44 - - [29/Mar/2022:21:30:24 +0800] "GET /xingrg/kc/base/wldb_order_info.html?code=422022032901115 HTTP/1.1" 200 30291
58.35.210.44 - - [29/Mar/2022:21:30:24 +0800] "GET /xingrg/javascript/easyui/themes/default/validatebox.css HTTP/1.1" 404 1104
58.35.210.44 - - [29/Mar/2022:21:30:25 +0800] "POST /xingrg/kc/base/wldb_order_operate.html HTTP/1.1" 200 2665
58.40.7.146 - - [29/Mar/2022:21:30:34 +0800] "GET /xingrg/all/function/internal_message.html?_=1648560632995&CODE_STATE=getMsg HTTP/1.1" 200 27
116.228.172.94 - - [29/Mar/2022:21:30:39 +0800] "GET /xingrg/all/function/internal_message.html?_=1648560553921&CODE_STATE=getMsg HTTP/1.1" 200 27
116.228.172.94 - - [29/Mar/2022:21:30:39 +0800] "GET /xingrg/check_reg.html?_=1648560553924 HTTP/1.1" 200 22
58.35.210.44 - - [29/Mar/2022:21:30:39 +0800] "GET /xingrg/kc/base/wldb_order_add.html HTTP/1.1" 200 30276
58.35.210.44 - - [29/Mar/2022:21:30:39 +0800] "POST /xingrg/kc/base/wldb_order_operate.html HTTP/1.1" 200 6806
58.35.210.44 - - [29/Mar/2022:21:30:40 +0800] "GET /xingrg/javascript/easyui/themes/default/validatebox.css HTTP/1.1" 404 1104
58.35.210.44 - - [29/Mar/2022:21:31:01 +0800] "POST /xingrg/kc/base/wldb_order_operate.html HTTP/1.1" 200 37
58.35.210.44 - - [29/Mar/2022:21:31:01 +0800] "POST /xingrg/kc/base/wldb_order_operate.html HTTP/1.1" 200 2194
58.35.210.44 - - [29/Mar/2022:21:31:01 +0800] "GET /xingrg/kc/base/wldb_order_info.html?code=422022032901116 HTTP/1.1" 200 30291
58.35.210.44 - - [29/Mar/2022:21:31:02 +0800] "GET /xingrg/javascript/easyui/themes/default/validatebox.css HTTP/1.1" 404 1104
58.35.210.44 - - [29/Mar/2022:21:31:02 +0800] "POST /xingrg/kc/base/wldb_order_operate.html HTTP/1.1" 200 2194
58.35.210.44 - - [29/Mar/2022:21:31:02 +0800] "GET /xingrg/all/function/internal_message.html?_=1648560661684&CODE_STATE=getMsg HTTP/1.1" 200 27
218.81.223.53 - - [29/Mar/2022:21:31:03 +0800] "GET /xingrg/all/function/internal_message.html?_=1648560674254&CODE_STATE=getMsg HTTP/1.1" 200 27
58.39.61.91 - - [29/Mar/2022:21:31:07 +0800] "GET /xingrg/all/function/internal_message.html?_=1648560666968&CODE_STATE=getMsg HTTP/1.1" 200 27
58.40.7.146 - - [29/Mar/2022:21:31:34 +0800] "GET /xingrg/all/function/internal_message.html?_=1648560692997&CODE_STATE=getMsg HTTP/1.1" 200 27
116.228.172.94 - - [29/Mar/2022:21:31:39 +0800] "GET /xingrg/all/function/internal_message.html?_=1648560613904&CODE_STATE=getMsg HTTP/1.1" 200 27
58.35.210.44 - - [29/Mar/2022:21:32:02 +0800] "GET /xingrg/all/function/internal_message.html?_=1648560721660&CODE_STATE=getMsg HTTP/1.1" 200 27
58.35.210.44 - - [29/Mar/2022:21:32:04 +0800] "GET /xingrg/check_reg.html?_=1648560723025 HTTP/1.1" 200 22
218.81.223.53 - - [29/Mar/2022:21:32:04 +0800] "GET /xingrg/all/function/internal_message.html?_=1648560734871&CODE_STATE=getMsg HTTP/1.1" 200 27
58.39.61.91 - - [29/Mar/2022:21:32:07 +0800] "GET /xingrg/all/function/internal_message.html?_=1648560726953&CODE_STATE=getMsg HTTP/1.1" 200 27
58.40.7.146 - - [29/Mar/2022:21:32:34 +0800] "GET /xingrg/all/function/internal_message.html?_=1648560753000&CODE_STATE=getMsg HTTP/1.1" 200 27
116.228.172.94 - - [29/Mar/2022:21:32:39 +0800] "GET /xingrg/all/function/internal_message.html?_=1648560673922&CODE_STATE=getMsg HTTP/1.1" 200 27
58.35.210.44 - - [29/Mar/2022:21:33:02 +0800] "GET /xingrg/all/function/internal_message.html?_=1648560781635&CODE_STATE=getMsg HTTP/1.1" 200 27
218.81.223.53 - - [29/Mar/2022:21:33:04 +0800] "GET /xingrg/all/function/internal_message.html?_=1648560794873&CODE_STATE=getMsg HTTP/1.1" 200 27
58.39.61.91 - - [29/Mar/2022:21:33:07 +0800] "GET /xingrg/all/function/internal_message.html?_=1648560786954&CODE_STATE=getMsg HTTP/1.1" 200 27
58.40.7.146 - - [29/Mar/2022:21:33:34 +0800] "GET /xingrg/all/function/internal_message.html?_=1648560813003&CODE_STATE=getMsg HTTP/1.1" 200 27
116.228.172.94 - - [29/Mar/2022:21:33:39 +0800] "GET /xingrg/all/function/internal_message.html?_=1648560733913&CODE_STATE=getMsg HTTP/1.1" 200 27
58.35.210.44 - - [29/Mar/2022:21:34:02 +0800] "GET /xingrg/all/function/internal_message.html?_=1648560841622&CODE_STATE=getMsg HTTP/1.1" 200 27
218.81.223.53 - - [29/Mar/2022:21:34:03 +0800] "GET /xingrg/check_reg.html?_=1648560854089 HTTP/1.1" 200 22
218.81.223.53 - - [29/Mar/2022:21:34:04 +0800] "GET /xingrg/all/function/internal_message.html?_=1648560854886&CODE_STATE=getMsg HTTP/1.1" 200 27
