120.253.135.82 - - [11/Mar/2022:07:14:07 +0800] "GET /xingrg/javascript/easyui/themes/default/validatebox.css HTTP/1.1" 404 1104
120.253.135.82 - - [11/Mar/2022:07:14:10 +0800] "POST /xingrg/kc/pszx/mdps_order_operate.html HTTP/1.1" 200 37
120.253.135.82 - - [11/Mar/2022:07:14:11 +0800] "GET /xingrg/kc/pszx/mdps_order_info.html?code=312022031100203 HTTP/1.1" 200 23931
120.253.135.82 - - [11/Mar/2022:07:14:11 +0800] "GET /xingrg/javascript/easyui/themes/default/validatebox.css HTTP/1.1" 404 1104
120.253.135.82 - - [11/Mar/2022:07:14:12 +0800] "POST /xingrg/kc/pszx/mdps_order_operate.html HTTP/1.1" 200 4700
116.230.110.173 - - [11/Mar/2022:07:14:17 +0800] "GET /xingrg/all/function/internal_message.html?_=1646954048426&CODE_STATE=getMsg HTTP/1.1" 200 27
58.39.61.91 - - [11/Mar/2022:07:14:22 +0800] "GET /xingrg/all/function/internal_message.html?_=1646954012856&CODE_STATE=getMsg HTTP/1.1" 200 27
58.39.61.91 - - [11/Mar/2022:07:14:24 +0800] "GET /xingrg/all/function/internal_message.html?_=1646954063255&CODE_STATE=getMsg HTTP/1.1" 200 27
120.253.135.82 - - [11/Mar/2022:07:14:26 +0800] "GET /xingrg/kc/pszx/mdps_order_operate.html?command=get_materiel&pszx_code=00101&rest_code=00147&base_code=0010246&code=00101013150 HTTP/1.1" 200 415
120.253.135.82 - - [11/Mar/2022:07:14:29 +0800] "GET /xingrg/all/function/internal_message.html?_=1646953865645&CODE_STATE=getMsg HTTP/1.1" 200 27
120.253.135.82 - - [11/Mar/2022:07:14:38 +0800] "POST /xingrg/kc/pszx/mdps_order_operate.html HTTP/1.1" 200 37
120.253.135.82 - - [11/Mar/2022:07:14:38 +0800] "GET /xingrg/kc/pszx/mdps_order_info.html?code=312022031100203 HTTP/1.1" 200 23931
120.253.135.82 - - [11/Mar/2022:07:14:39 +0800] "POST /xingrg/kc/pszx/mdps_order_operate.html HTTP/1.1" 200 4700
120.253.135.82 - - [11/Mar/2022:07:14:39 +0800] "GET /xingrg/javascript/easyui/themes/default/validatebox.css HTTP/1.1" 404 1104
58.39.168.32 - - [11/Mar/2022:07:14:51 +0800] "GET /xingrg/all/function/internal_message.html?_=1646954090017&CODE_STATE=getMsg HTTP/1.1" 200 27
58.39.168.32 - - [11/Mar/2022:07:14:51 +0800] "GET /xingrg/check_reg.html?_=1646954090021 HTTP/1.1" 200 22
222.70.243.96 - - [11/Mar/2022:07:14:57 +0800] "GET /xingrg/all/function/internal_message.html?_=1646954111759&CODE_STATE=getMsg HTTP/1.1" 200 27
116.230.110.173 - - [11/Mar/2022:07:15:17 +0800] "GET /xingrg/all/function/internal_message.html?_=1646954108399&CODE_STATE=getMsg HTTP/1.1" 200 27
58.39.61.91 - - [11/Mar/2022:07:15:22 +0800] "GET /xingrg/all/function/internal_message.html?_=1646954072876&CODE_STATE=getMsg HTTP/1.1" 200 27
58.39.61.91 - - [11/Mar/2022:07:15:25 +0800] "GET /xingrg/all/function/internal_message.html?_=1646954123256&CODE_STATE=getMsg HTTP/1.1" 200 27
120.253.135.82 - - [11/Mar/2022:07:15:29 +0800] "GET /xingrg/all/function/internal_message.html?_=1646953925659&CODE_STATE=getMsg HTTP/1.1" 200 27
58.39.168.32 - - [11/Mar/2022:07:15:51 +0800] "GET /xingrg/all/function/internal_message.html?_=1646954150020&CODE_STATE=getMsg HTTP/1.1" 200 27
222.70.243.96 - - [11/Mar/2022:07:15:58 +0800] "GET /xingrg/all/function/internal_message.html?_=1646954172254&CODE_STATE=getMsg HTTP/1.1" 200 27
222.70.243.96 - - [11/Mar/2022:07:16:10 +0800] "POST /xingrg/services/DataTransmitService HTTP/1.1" 200 524
58.39.61.91 - - [11/Mar/2022:07:16:13 +0800] "GET /xingrg/check_reg.html?_=1646954124382 HTTP/1.1" 200 22
116.230.110.173 - - [11/Mar/2022:07:16:17 +0800] "GET /xingrg/all/function/internal_message.html?_=1646954168382&CODE_STATE=getMsg HTTP/1.1" 200 27
58.39.61.91 - - [11/Mar/2022:07:16:22 +0800] "GET /xingrg/all/function/internal_message.html?_=1646954132884&CODE_STATE=getMsg HTTP/1.1" 200 27
58.39.61.91 - - [11/Mar/2022:07:16:25 +0800] "GET /xingrg/all/function/internal_message.html?_=1646954183258&CODE_STATE=getMsg HTTP/1.1" 200 27
120.253.135.82 - - [11/Mar/2022:07:16:29 +0800] "GET /xingrg/all/function/internal_message.html?_=1646953985672&CODE_STATE=getMsg HTTP/1.1" 200 27
58.39.168.32 - - [11/Mar/2022:07:16:51 +0800] "GET /xingrg/all/function/internal_message.html?_=1646954210019&CODE_STATE=getMsg HTTP/1.1" 200 27
222.70.243.96 - - [11/Mar/2022:07:16:58 +0800] "GET /xingrg/all/function/internal_message.html?_=1646954232269&CODE_STATE=getMsg HTTP/1.1" 200 27
116.230.110.173 - - [11/Mar/2022:07:17:17 +0800] "GET /xingrg/all/function/internal_message.html?_=1646954228355&CODE_STATE=getMsg HTTP/1.1" 200 27
58.39.61.91 - - [11/Mar/2022:07:17:22 +0800] "GET /xingrg/all/function/internal_message.html?_=1646954192897&CODE_STATE=getMsg HTTP/1.1" 200 27
58.39.61.91 - - [11/Mar/2022:07:17:25 +0800] "GET /xingrg/all/function/internal_message.html?_=1646954243262&CODE_STATE=getMsg HTTP/1.1" 200 27
58.39.61.91 - - [11/Mar/2022:07:17:25 +0800] "GET /xingrg/check_reg.html?_=1646954243266 HTTP/1.1" 200 22
120.253.135.82 - - [11/Mar/2022:07:17:29 +0800] "GET /xingrg/all/function/internal_message.html?_=1646954045826&CODE_STATE=getMsg HTTP/1.1" 200 27
58.39.168.32 - - [11/Mar/2022:07:17:51 +0800] "GET /xingrg/all/function/internal_message.html?_=1646954270017&CODE_STATE=getMsg HTTP/1.1" 200 27
222.70.243.96 - - [11/Mar/2022:07:17:56 +0800] "GET /xingrg/check_reg.html?_=1646954290272 HTTP/1.1" 200 22
222.70.243.96 - - [11/Mar/2022:07:17:58 +0800] "GET /xingrg/all/function/internal_message.html?_=1646954292282&CODE_STATE=getMsg HTTP/1.1" 200 27
180.169.147.146 - - [11/Mar/2022:07:18:07 +0800] "GET /xingrg/check_reg.html?_=1646954289887 HTTP/1.1" 200 22
120.253.135.82 - - [11/Mar/2022:07:18:14 +0800] "POST /xingrg/kc/pszx/mdps_order_operate.html HTTP/1.1" 200 37
120.253.135.82 - - [11/Mar/2022:07:18:15 +0800] "GET /xingrg/kc/pszx/mdps_order_info.html?code=312022031100203 HTTP/1.1" 200 23931
120.253.135.82 - - [11/Mar/2022:07:18:16 +0800] "POST /xingrg/kc/pszx/mdps_order_operate.html HTTP/1.1" 200 4700
120.253.135.82 - - [11/Mar/2022:07:18:16 +0800] "GET /xingrg/javascript/easyui/themes/default/validatebox.css HTTP/1.1" 404 1104
116.230.110.173 - - [11/Mar/2022:07:18:16 +0800] "GET /xingrg/all/function/internal_message.html?_=1646954288335&CODE_STATE=getMsg HTTP/1.1" 200 27
58.39.61.91 - - [11/Mar/2022:07:18:22 +0800] "GET /xingrg/all/function/internal_message.html?_=1646954252917&CODE_STATE=getMsg HTTP/1.1" 200 27
120.253.135.82 - - [11/Mar/2022:07:18:22 +0800] "GET /xingrg/check_reg.html?_=1646954098777 HTTP/1.1" 200 22
58.39.61.91 - - [11/Mar/2022:07:18:25 +0800] "GET /xingrg/all/function/internal_message.html?_=1646954303266&CODE_STATE=getMsg HTTP/1.1" 200 27
116.230.110.173 - - [11/Mar/2022:07:18:29 +0800] "GET /xingrg/check_reg.html?_=1646954300462 HTTP/1.1" 200 22
120.253.135.82 - - [11/Mar/2022:07:18:29 +0800] "GET /xingrg/all/function/internal_message.html?_=1646954105840&CODE_STATE=getMsg HTTP/1.1" 200 27
58.39.168.32 - - [11/Mar/2022:07:18:51 +0800] "GET /xingrg/all/function/internal_message.html?_=1646954330015&CODE_STATE=getMsg HTTP/1.1" 200 27
222.70.243.96 - - [11/Mar/2022:07:18:58 +0800] "GET /xingrg/all/function/internal_message.html?_=1646954352296&CODE_STATE=getMsg HTTP/1.1" 200 27
120.253.135.82 - - [11/Mar/2022:07:19:16 +0800] "POST /xingrg/kc/pszx/mdps_order_operate.html HTTP/1.1" 200 37
116.230.110.173 - - [11/Mar/2022:07:19:16 +0800] "GET /xingrg/all/function/internal_message.html?_=1646954348308&CODE_STATE=getMsg HTTP/1.1" 200 27
120.253.135.82 - - [11/Mar/2022:07:19:17 +0800] "GET /xingrg/kc/pszx/mdps_order_info.html?code=312022031100203 HTTP/1.1" 200 23931
120.253.135.82 - - [11/Mar/2022:07:19:18 +0800] "POST /xingrg/kc/pszx/mdps_order_operate.html HTTP/1.1" 200 4700
120.253.135.82 - - [11/Mar/2022:07:19:18 +0800] "GET /xingrg/javascript/easyui/themes/default/validatebox.css HTTP/1.1" 404 1104
120.253.135.82 - - [11/Mar/2022:07:19:19 +0800] "POST /xingrg/kc/pszx/mdps_list_operate.html HTTP/1.1" 200 3175
120.253.135.82 - - [11/Mar/2022:07:19:22 +0800] "POST /xingrg/kc/pszx/mdps_list_operate.html HTTP/1.1" 200 575
58.39.61.91 - - [11/Mar/2022:07:19:22 +0800] "GET /xingrg/all/function/internal_message.html?_=1646954312925&CODE_STATE=getMsg HTTP/1.1" 200 27
120.253.135.82 - - [11/Mar/2022:07:19:23 +0800] "POST /xingrg/kc/pszx/mdps_list_operate.html HTTP/1.1" 200 289
120.253.135.82 - - [11/Mar/2022:07:19:24 +0800] "GET /xingrg/kc/pszx/mdps_order_info.html?code=312022031100204 HTTP/1.1" 200 23931
58.39.61.91 - - [11/Mar/2022:07:19:25 +0800] "GET /xingrg/all/function/internal_message.html?_=1646954363267&CODE_STATE=getMsg HTTP/1.1" 200 27
120.253.135.82 - - [11/Mar/2022:07:19:25 +0800] "POST /xingrg/kc/pszx/mdps_order_operate.html HTTP/1.1" 200 2795
120.253.135.82 - - [11/Mar/2022:07:19:25 +0800] "GET /xingrg/javascript/easyui/themes/default/validatebox.css HTTP/1.1" 404 1104
120.253.135.82 - - [11/Mar/2022:07:19:28 +0800] "POST /xingrg/kc/pszx/mdps_order_operate.html HTTP/1.1" 200 37
120.253.135.82 - - [11/Mar/2022:07:19:28 +0800] "GET /xingrg/kc/pszx/mdps_order_info.html?code=312022031100204 HTTP/1.1" 200 23931
120.253.135.82 - - [11/Mar/2022:07:19:29 +0800] "GET /xingrg/all/function/internal_message.html?_=1646954165952&CODE_STATE=getMsg HTTP/1.1" 200 27
120.253.135.82 - - [11/Mar/2022:07:19:29 +0800] "POST /xingrg/kc/pszx/mdps_order_operate.html HTTP/1.1" 200 2813
120.253.135.82 - - [11/Mar/2022:07:19:29 +0800] "GET /xingrg/javascript/easyui/themes/default/validatebox.css HTTP/1.1" 404 1104
120.253.135.82 - - [11/Mar/2022:07:19:32 +0800] "POST /xingrg/all/common/load_select.html HTTP/1.1" 200 25
120.253.135.82 - - [11/Mar/2022:07:19:33 +0800] "GET /xingrg/kc/pszx/mdps_order_operate.html?command=get_materiel_price&pszx_code=00101&rest_code=00147&base_code=0010246&code=00101019222&unit_code=00100130&order_time=2022-03-12 HTTP/1.1" 200 34
120.253.135.82 - - [11/Mar/2022:07:19:40 +0800] "POST /xingrg/kc/pszx/mdps_order_operate.html HTTP/1.1" 200 37
120.253.135.82 - - [11/Mar/2022:07:19:40 +0800] "GET /xingrg/kc/pszx/mdps_order_info.html?code=312022031100204 HTTP/1.1" 200 23931
120.253.135.82 - - [11/Mar/2022:07:19:41 +0800] "POST /xingrg/kc/pszx/mdps_order_operate.html HTTP/1.1" 200 2813
120.253.135.82 - - [11/Mar/2022:07:19:42 +0800] "GET /xingrg/javascript/easyui/themes/default/validatebox.css HTTP/1.1" 404 1104
120.253.135.82 - - [11/Mar/2022:07:19:43 +0800] "POST /xingrg/kc/pszx/mdps_list_operate.html HTTP/1.1" 200 3175
120.253.135.82 - - [11/Mar/2022:07:19:45 +0800] "POST /xingrg/kc/pszx/mdps_list_operate.html HTTP/1.1" 200 290
120.253.135.82 - - [11/Mar/2022:07:19:46 +0800] "POST /xingrg/kc/pszx/mdps_list_operate.html HTTP/1.1" 200 575
120.253.135.82 - - [11/Mar/2022:07:19:48 +0800] "POST /xingrg/kc/pszx/mdps_list_operate.html HTTP/1.1" 200 373
120.253.135.82 - - [11/Mar/2022:07:19:49 +0800] "POST /xingrg/kc/pszx/mdps_list_operate.html HTTP/1.1" 200 307
120.253.135.82 - - [11/Mar/2022:07:19:51 +0800] "POST /xingrg/kc/pszx/mdps_list_operate.html HTTP/1.1" 200 387
58.39.168.32 - - [11/Mar/2022:07:19:51 +0800] "GET /xingrg/all/function/internal_message.html?_=1646954390014&CODE_STATE=getMsg HTTP/1.1" 200 27
58.39.168.32 - - [11/Mar/2022:07:19:51 +0800] "GET /xingrg/check_reg.html?_=1646954390015 HTTP/1.1" 200 22
120.253.135.82 - - [11/Mar/2022:07:19:55 +0800] "GET /xingrg/kc/pszx/mdqp_order_list.html?state=10 HTTP/1.1" 200 10217
120.253.135.82 - - [11/Mar/2022:07:19:55 +0800] "GET /xingrg/dwr/engine.js HTTP/1.1" 200 43631
120.253.135.82 - - [11/Mar/2022:07:19:55 +0800] "GET /xingrg/dwr/interface/AjaxReportQueryService.js HTTP/1.1" 200 13203
120.253.135.82 - - [11/Mar/2022:07:19:55 +0800] "GET /xingrg/dwr/interface/AjaxQqpsService.js HTTP/1.1" 200 16326
222.70.243.96 - - [11/Mar/2022:07:19:58 +0800] "GET /xingrg/all/function/internal_message.html?_=1646954412309&CODE_STATE=getMsg HTTP/1.1" 200 27
116.230.110.173 - - [11/Mar/2022:07:20:16 +0800] "GET /xingrg/all/function/internal_message.html?_=1646954408287&CODE_STATE=getMsg HTTP/1.1" 200 27
58.39.61.91 - - [11/Mar/2022:07:20:22 +0800] "GET /xingrg/all/function/internal_message.html?_=1646954372944&CODE_STATE=getMsg HTTP/1.1" 200 27
58.39.61.91 - - [11/Mar/2022:07:20:25 +0800] "GET /xingrg/all/function/internal_message.html?_=1646954423274&CODE_STATE=getMsg HTTP/1.1" 200 27
120.253.135.82 - - [11/Mar/2022:07:20:25 +0800] "GET /xingrg/kc/report/report_main.html HTTP/1.1" 200 8599
120.253.135.82 - - [11/Mar/2022:07:20:25 +0800] "GET /xingrg/javascript/jquery_ui/themes/humanity/humanity.css HTTP/1.1" 200 27801
120.253.135.82 - - [11/Mar/2022:07:20:26 +0800] "GET /xingrg/kc/base/kc_stocks.html HTTP/1.1" 200 16437
120.253.135.82 - - [11/Mar/2022:07:20:26 +0800] "GET /xingrg/javascript/easyui/themes/sunny/easyui.css HTTP/1.1" 200 34304
120.253.135.82 - - [11/Mar/2022:07:20:26 +0800] "GET /xingrg/javascript/easyui/themes/icons/refresh_new.png HTTP/1.1" 200 685
120.253.135.82 - - [11/Mar/2022:07:20:26 +0800] "GET /xingrg/javascript/easyui/themes/icons/print_new.png HTTP/1.1" 200 3580
120.253.135.82 - - [11/Mar/2022:07:20:26 +0800] "GET /xingrg/javascript/easyui/themes/icons/filter_new.png HTTP/1.1" 200 795
120.253.135.82 - - [11/Mar/2022:07:20:26 +0800] "GET /xingrg/javascript/easyui/plugins/jquery.draggable.js HTTP/1.1" 200 6121
120.253.135.82 - - [11/Mar/2022:07:20:26 +0800] "GET /xingrg/javascript/easyui/plugins/jquery.droppable.js HTTP/1.1" 200 1167
120.253.135.82 - - [11/Mar/2022:07:20:26 +0800] "GET /xingrg/javascript/easyui/themes/default/tree.css HTTP/1.1" 404 1090
120.253.135.82 - - [11/Mar/2022:07:20:26 +0800] "GET /xingrg/javascript/easyui/plugins/jquery.tree.js HTTP/1.1" 200 20874
120.253.135.82 - - [11/Mar/2022:07:20:26 +0800] "POST /xingrg/all/common/load_tree.html?tree=materiel_sort_tree_json HTTP/1.1" 200 9388
120.253.135.82 - - [11/Mar/2022:07:20:27 +0800] "GET /xingrg/javascript/easyui/themes/sunny/images/tree_arrows.gif HTTP/1.1" 200 617
120.253.135.82 - - [11/Mar/2022:07:20:27 +0800] "GET /xingrg/javascript/easyui/themes/sunny/images/tree_folder.gif HTTP/1.1" 200 952
120.253.135.82 - - [11/Mar/2022:07:20:27 +0800] "GET /xingrg/javascript/easyui/themes/sunny/images/tree_folder_open.gif HTTP/1.1" 200 956
120.253.135.82 - - [11/Mar/2022:07:20:27 +0800] "GET /xingrg/javascript/easyui/themes/sunny/images/tree_file.gif HTTP/1.1" 200 118
120.253.135.82 - - [11/Mar/2022:07:20:27 +0800] "POST /xingrg/all/common/load_combo.html?type=base HTTP/1.1" 200 1075
120.253.135.82 - - [11/Mar/2022:07:20:29 +0800] "GET /xingrg/all/function/internal_message.html?_=1646954225961&CODE_STATE=getMsg HTTP/1.1" 200 27
120.253.135.82 - - [11/Mar/2022:07:20:39 +0800] "POST /xingrg/kc/base/stock_operate.html HTTP/1.1" 200 1741
120.253.135.82 - - [11/Mar/2022:07:20:39 +0800] "GET /xingrg/javascript/jquery_tools/fix_table.js HTTP/1.1" 200 6528
58.39.168.32 - - [11/Mar/2022:07:20:51 +0800] "GET /xingrg/all/function/internal_message.html?_=1646954450029&CODE_STATE=getMsg HTTP/1.1" 200 27
222.70.243.96 - - [11/Mar/2022:07:20:58 +0800] "GET /xingrg/all/function/internal_message.html?_=1646954472840&CODE_STATE=getMsg HTTP/1.1" 200 27
58.39.61.91 - - [11/Mar/2022:07:21:13 +0800] "GET /xingrg/check_reg.html?_=1646954424386 HTTP/1.1" 200 22
116.230.110.173 - - [11/Mar/2022:07:21:16 +0800] "GET /xingrg/all/function/internal_message.html?_=1646954468259&CODE_STATE=getMsg HTTP/1.1" 200 27
58.39.61.91 - - [11/Mar/2022:07:21:22 +0800] "GET /xingrg/all/function/internal_message.html?_=1646954432951&CODE_STATE=getMsg HTTP/1.1" 200 27
58.39.61.91 - - [11/Mar/2022:07:21:25 +0800] "GET /xingrg/all/function/internal_message.html?_=1646954483275&CODE_STATE=getMsg HTTP/1.1" 200 27
120.253.135.82 - - [11/Mar/2022:07:21:29 +0800] "GET /xingrg/all/function/internal_message.html?_=1646954285973&CODE_STATE=getMsg HTTP/1.1" 200 27
58.39.168.32 - - [11/Mar/2022:07:21:51 +0800] "GET /xingrg/all/function/internal_message.html?_=1646954510028&CODE_STATE=getMsg HTTP/1.1" 200 27
222.70.243.96 - - [11/Mar/2022:07:21:58 +0800] "GET /xingrg/all/function/internal_message.html?_=1646954532853&CODE_STATE=getMsg HTTP/1.1" 200 27
116.230.110.173 - - [11/Mar/2022:07:22:16 +0800] "GET /xingrg/all/function/internal_message.html?_=1646954528240&CODE_STATE=getMsg HTTP/1.1" 200 27
120.253.135.82 - - [11/Mar/2022:07:22:20 +0800] "GET /xingrg/kc/base/check_order_list.html HTTP/1.1" 200 16179
120.253.135.82 - - [11/Mar/2022:07:22:20 +0800] "POST /xingrg/kc/base/check_list_operate.html HTTP/1.1" 200 2889
58.39.61.91 - - [11/Mar/2022:07:22:22 +0800] "GET /xingrg/all/function/internal_message.html?_=1646954492965&CODE_STATE=getMsg HTTP/1.1" 200 27
58.39.61.91 - - [11/Mar/2022:07:22:25 +0800] "GET /xingrg/check_reg.html?_=1646954543276 HTTP/1.1" 200 22
58.39.61.91 - - [11/Mar/2022:07:22:25 +0800] "GET /xingrg/all/function/internal_message.html?_=1646954543280&CODE_STATE=getMsg HTTP/1.1" 200 27
120.253.135.82 - - [11/Mar/2022:07:22:25 +0800] "GET /xingrg/kc/report/report_main.html HTTP/1.1" 200 8599
120.253.135.82 - - [11/Mar/2022:07:22:28 +0800] "GET /xingrg/kc/base/kc_stocks.html HTTP/1.1" 200 16437
120.253.135.82 - - [11/Mar/2022:07:22:28 +0800] "GET /xingrg/javascript/easyui/themes/default/tree.css HTTP/1.1" 404 1090
120.253.135.82 - - [11/Mar/2022:07:22:28 +0800] "POST /xingrg/all/common/load_tree.html?tree=materiel_sort_tree_json HTTP/1.1" 200 9388
120.253.135.82 - - [11/Mar/2022:07:22:29 +0800] "GET /xingrg/all/function/internal_message.html?_=1646954345988&CODE_STATE=getMsg HTTP/1.1" 200 27
120.253.135.82 - - [11/Mar/2022:07:22:29 +0800] "POST /xingrg/all/common/load_combo.html?type=base HTTP/1.1" 200 1075
120.253.135.82 - - [11/Mar/2022:07:22:50 +0800] "POST /xingrg/kc/base/stock_operate.html HTTP/1.1" 200 1448
58.39.168.32 - - [11/Mar/2022:07:22:51 +0800] "GET /xingrg/all/function/internal_message.html?_=1646954570026&CODE_STATE=getMsg HTTP/1.1" 200 27
222.70.243.96 - - [11/Mar/2022:07:22:56 +0800] "GET /xingrg/check_reg.html?_=1646954590779 HTTP/1.1" 200 22
222.70.243.96 - - [11/Mar/2022:07:22:58 +0800] "GET /xingrg/all/function/internal_message.html?_=1646954592865&CODE_STATE=getMsg HTTP/1.1" 200 27
120.253.135.82 - - [11/Mar/2022:07:23:00 +0800] "POST /xingrg/kc/base/stock_operate.html HTTP/1.1" 200 1448
180.169.147.146 - - [11/Mar/2022:07:23:07 +0800] "GET /xingrg/check_reg.html?_=1646954589862 HTTP/1.1" 200 22
116.230.110.173 - - [11/Mar/2022:07:23:16 +0800] "GET /xingrg/all/function/internal_message.html?_=1646954588219&CODE_STATE=getMsg HTTP/1.1" 200 27
120.253.135.82 - - [11/Mar/2022:07:23:18 +0800] "POST /xingrg/kc/base/stock_operate.html HTTP/1.1" 200 1732
58.39.61.91 - - [11/Mar/2022:07:23:22 +0800] "GET /xingrg/all/function/internal_message.html?_=1646954552987&CODE_STATE=getMsg HTTP/1.1" 200 27
120.253.135.82 - - [11/Mar/2022:07:23:22 +0800] "GET /xingrg/check_reg.html?_=1646954398778 HTTP/1.1" 200 22
58.39.61.91 - - [11/Mar/2022:07:23:25 +0800] "GET /xingrg/all/function/internal_message.html?_=1646954603271&CODE_STATE=getMsg HTTP/1.1" 200 27
116.230.110.173 - - [11/Mar/2022:07:23:29 +0800] "GET /xingrg/check_reg.html?_=1646954600443 HTTP/1.1" 200 22
120.253.135.82 - - [11/Mar/2022:07:23:29 +0800] "GET /xingrg/all/function/internal_message.html?_=1646954406001&CODE_STATE=getMsg HTTP/1.1" 200 27
58.39.168.32 - - [11/Mar/2022:07:23:51 +0800] "GET /xingrg/all/function/internal_message.html?_=1646954630024&CODE_STATE=getMsg HTTP/1.1" 200 27
222.70.243.96 - - [11/Mar/2022:07:23:58 +0800] "GET /xingrg/all/function/internal_message.html?_=1646954652878&CODE_STATE=getMsg HTTP/1.1" 200 27
116.230.110.173 - - [11/Mar/2022:07:24:16 +0800] "GET /xingrg/all/function/internal_message.html?_=1646954648203&CODE_STATE=getMsg HTTP/1.1" 200 27
58.39.61.91 - - [11/Mar/2022:07:24:22 +0800] "GET /xingrg/all/function/internal_message.html?_=1646954612992&CODE_STATE=getMsg HTTP/1.1" 200 27
58.39.61.91 - - [11/Mar/2022:07:24:25 +0800] "GET /xingrg/all/function/internal_message.html?_=1646954663292&CODE_STATE=getMsg HTTP/1.1" 200 27
120.253.135.82 - - [11/Mar/2022:07:24:29 +0800] "GET /xingrg/all/function/internal_message.html?_=1646954466015&CODE_STATE=getMsg HTTP/1.1" 200 27
58.39.168.32 - - [11/Mar/2022:07:24:51 +0800] "GET /xingrg/check_reg.html?_=1646954690023 HTTP/1.1" 200 22
58.39.168.32 - - [11/Mar/2022:07:24:51 +0800] "GET /xingrg/all/function/internal_message.html?_=1646954690024&CODE_STATE=getMsg HTTP/1.1" 200 27
222.70.243.96 - - [11/Mar/2022:07:24:58 +0800] "GET /xingrg/all/function/internal_message.html?_=1646954712892&CODE_STATE=getMsg HTTP/1.1" 200 27
116.230.110.173 - - [11/Mar/2022:07:25:16 +0800] "GET /xingrg/all/function/internal_message.html?_=1646954708185&CODE_STATE=getMsg HTTP/1.1" 200 27
58.39.61.91 - - [11/Mar/2022:07:25:22 +0800] "GET /xingrg/all/function/internal_message.html?_=1646954673012&CODE_STATE=getMsg HTTP/1.1" 200 27
58.39.61.91 - - [11/Mar/2022:07:25:25 +0800] "GET /xingrg/all/function/internal_message.html?_=1646954723277&CODE_STATE=getMsg HTTP/1.1" 200 27
120.253.135.82 - - [11/Mar/2022:07:25:29 +0800] "GET /xingrg/all/function/internal_message.html?_=1646954526176&CODE_STATE=getMsg HTTP/1.1" 200 27
58.39.168.32 - - [11/Mar/2022:07:25:51 +0800] "GET /xingrg/all/function/internal_message.html?_=1646954750022&CODE_STATE=getMsg HTTP/1.1" 200 27
222.70.243.96 - - [11/Mar/2022:07:25:59 +0800] "GET /xingrg/all/function/internal_message.html?_=1646954773414&CODE_STATE=getMsg HTTP/1.1" 200 27
58.39.61.91 - - [11/Mar/2022:07:26:13 +0800] "GET /xingrg/check_reg.html?_=1646954724392 HTTP/1.1" 200 22
116.230.110.173 - - [11/Mar/2022:07:26:16 +0800] "GET /xingrg/all/function/internal_message.html?_=1646954768173&CODE_STATE=getMsg HTTP/1.1" 200 27
58.39.61.91 - - [11/Mar/2022:07:26:22 +0800] "GET /xingrg/all/function/internal_message.html?_=1646954733019&CODE_STATE=getMsg HTTP/1.1" 200 27
58.39.61.91 - - [11/Mar/2022:07:26:25 +0800] "GET /xingrg/all/function/internal_message.html?_=1646954783279&CODE_STATE=getMsg HTTP/1.1" 200 27
120.253.135.82 - - [11/Mar/2022:07:26:29 +0800] "GET /xingrg/all/function/internal_message.html?_=1646954586182&CODE_STATE=getMsg HTTP/1.1" 200 27
120.253.135.82 - - [11/Mar/2022:07:26:40 +0800] "POST /xingrg/kc/base/stock_operate.html HTTP/1.1" 200 1753
58.39.168.32 - - [11/Mar/2022:07:26:51 +0800] "GET /xingrg/all/function/internal_message.html?_=1646954810047&CODE_STATE=getMsg HTTP/1.1" 200 27
222.70.243.96 - - [11/Mar/2022:07:26:59 +0800] "GET /xingrg/all/function/internal_message.html?_=1646954833419&CODE_STATE=getMsg HTTP/1.1" 200 27
116.230.110.173 - - [11/Mar/2022:07:27:16 +0800] "GET /xingrg/all/function/internal_message.html?_=1646954828156&CODE_STATE=getMsg HTTP/1.1" 200 27
58.39.61.91 - - [11/Mar/2022:07:27:22 +0800] "GET /xingrg/all/function/internal_message.html?_=1646954793032&CODE_STATE=getMsg HTTP/1.1" 200 27
58.39.61.91 - - [11/Mar/2022:07:27:25 +0800] "GET /xingrg/all/function/internal_message.html?_=1646954843278&CODE_STATE=getMsg HTTP/1.1" 200 27
58.39.61.91 - - [11/Mar/2022:07:27:25 +0800] "GET /xingrg/check_reg.html?_=1646954843280 HTTP/1.1" 200 22
120.253.135.82 - - [11/Mar/2022:07:27:29 +0800] "GET /xingrg/all/function/internal_message.html?_=1646954646196&CODE_STATE=getMsg HTTP/1.1" 200 27
58.39.168.32 - - [11/Mar/2022:07:27:51 +0800] "GET /xingrg/all/function/internal_message.html?_=1646954870045&CODE_STATE=getMsg HTTP/1.1" 200 27
222.70.243.96 - - [11/Mar/2022:07:27:57 +0800] "GET /xingrg/check_reg.html?_=1646954891296 HTTP/1.1" 200 22
222.70.243.96 - - [11/Mar/2022:07:27:59 +0800] "GET /xingrg/all/function/internal_message.html?_=1646954893432&CODE_STATE=getMsg HTTP/1.1" 200 27
180.169.147.146 - - [11/Mar/2022:07:28:07 +0800] "GET /xingrg/check_reg.html?_=1646954889835 HTTP/1.1" 200 22
116.230.110.173 - - [11/Mar/2022:07:28:16 +0800] "GET /xingrg/all/function/internal_message.html?_=1646954888144&CODE_STATE=getMsg HTTP/1.1" 200 27
58.39.61.91 - - [11/Mar/2022:07:28:22 +0800] "GET /xingrg/all/function/internal_message.html?_=1646954853053&CODE_STATE=getMsg HTTP/1.1" 200 27
120.253.135.82 - - [11/Mar/2022:07:28:22 +0800] "GET /xingrg/check_reg.html?_=1646954698928 HTTP/1.1" 200 22
58.39.61.91 - - [11/Mar/2022:07:28:25 +0800] "GET /xingrg/all/function/internal_message.html?_=1646954903293&CODE_STATE=getMsg HTTP/1.1" 200 27
116.230.110.173 - - [11/Mar/2022:07:28:29 +0800] "GET /xingrg/check_reg.html?_=1646954900451 HTTP/1.1" 200 22
120.253.135.82 - - [11/Mar/2022:07:28:29 +0800] "GET /xingrg/all/function/internal_message.html?_=1646954706209&CODE_STATE=getMsg HTTP/1.1" 200 27
58.39.168.32 - - [11/Mar/2022:07:28:51 +0800] "GET /xingrg/all/function/internal_message.html?_=1646954930044&CODE_STATE=getMsg HTTP/1.1" 200 27
222.70.243.96 - - [11/Mar/2022:07:28:59 +0800] "GET /xingrg/all/function/internal_message.html?_=1646954953446&CODE_STATE=getMsg HTTP/1.1" 200 27
116.230.110.173 - - [11/Mar/2022:07:29:16 +0800] "GET /xingrg/all/function/internal_message.html?_=1646954948142&CODE_STATE=getMsg HTTP/1.1" 200 27
58.39.61.91 - - [11/Mar/2022:07:29:22 +0800] "GET /xingrg/all/function/internal_message.html?_=1646954913060&CODE_STATE=getMsg HTTP/1.1" 200 27
58.39.61.91 - - [11/Mar/2022:07:29:25 +0800] "GET /xingrg/all/function/internal_message.html?_=1646954963293&CODE_STATE=getMsg HTTP/1.1" 200 27
120.253.135.82 - - [11/Mar/2022:07:29:29 +0800] "GET /xingrg/all/function/internal_message.html?_=1646954766223&CODE_STATE=getMsg HTTP/1.1" 200 27
58.39.168.32 - - [11/Mar/2022:07:29:51 +0800] "GET /xingrg/all/function/internal_message.html?_=1646954990043&CODE_STATE=getMsg HTTP/1.1" 200 27
58.39.168.32 - - [11/Mar/2022:07:29:51 +0800] "GET /xingrg/check_reg.html?_=1646954990044 HTTP/1.1" 200 22
120.253.135.82 - - [11/Mar/2022:07:29:54 +0800] "POST /xingrg/kc/base/stock_operate.html HTTP/1.1" 200 1452
222.70.243.96 - - [11/Mar/2022:07:29:59 +0800] "GET /xingrg/all/function/internal_message.html?_=1646955013460&CODE_STATE=getMsg HTTP/1.1" 200 27
116.230.110.173 - - [11/Mar/2022:07:30:16 +0800] "GET /xingrg/all/function/internal_message.html?_=1646955008135&CODE_STATE=getMsg HTTP/1.1" 200 27
58.39.61.91 - - [11/Mar/2022:07:30:22 +0800] "GET /xingrg/all/function/internal_message.html?_=1646954973080&CODE_STATE=getMsg HTTP/1.1" 200 27
58.39.61.91 - - [11/Mar/2022:07:30:25 +0800] "GET /xingrg/all/function/internal_message.html?_=1646955023302&CODE_STATE=getMsg HTTP/1.1" 200 27
120.253.135.82 - - [11/Mar/2022:07:30:29 +0800] "GET /xingrg/all/function/internal_message.html?_=1646954826236&CODE_STATE=getMsg HTTP/1.1" 200 27
120.253.135.82 - - [11/Mar/2022:07:30:42 +0800] "POST /xingrg/kc/base/stock_operate.html HTTP/1.1" 200 1722
58.39.168.32 - - [11/Mar/2022:07:30:51 +0800] "GET /xingrg/all/function/internal_message.html?_=1646955050042&CODE_STATE=getMsg HTTP/1.1" 200 27
222.70.243.96 - - [11/Mar/2022:07:30:59 +0800] "GET /xingrg/all/function/internal_message.html?_=1646955073986&CODE_STATE=getMsg HTTP/1.1" 200 27
120.253.135.82 - - [11/Mar/2022:07:31:12 +0800] "POST /xingrg/kc/base/stock_operate.html HTTP/1.1" 200 1722
58.39.61.91 - - [11/Mar/2022:07:31:13 +0800] "GET /xingrg/check_reg.html?_=1646955024397 HTTP/1.1" 200 22
116.230.110.173 - - [11/Mar/2022:07:31:16 +0800] "GET /xingrg/all/function/internal_message.html?_=1646955068112&CODE_STATE=getMsg HTTP/1.1" 200 27
58.39.61.91 - - [11/Mar/2022:07:31:22 +0800] "GET /xingrg/all/function/internal_message.html?_=1646955033087&CODE_STATE=getMsg HTTP/1.1" 200 27
58.39.61.91 - - [11/Mar/2022:07:31:25 +0800] "GET /xingrg/all/function/internal_message.html?_=1646955083304&CODE_STATE=getMsg HTTP/1.1" 200 27
114.83.217.117 - - [11/Mar/2022:07:31:29 +0800] "POST /xingrg/services/DataTransmitService HTTP/1.1" 200 524
120.253.135.82 - - [11/Mar/2022:07:31:29 +0800] "GET /xingrg/all/function/internal_message.html?_=1646954886250&CODE_STATE=getMsg HTTP/1.1" 200 27
58.39.168.32 - - [11/Mar/2022:07:31:51 +0800] "GET /xingrg/all/function/internal_message.html?_=1646955110056&CODE_STATE=getMsg HTTP/1.1" 200 27
222.70.243.96 - - [11/Mar/2022:07:31:59 +0800] "GET /xingrg/all/function/internal_message.html?_=1646955134002&CODE_STATE=getMsg HTTP/1.1" 200 27
120.253.135.82 - - [11/Mar/2022:07:32:03 +0800] "POST /xingrg/kc/base/stock_operate.html HTTP/1.1" 200 1461
116.230.110.173 - - [11/Mar/2022:07:32:16 +0800] "GET /xingrg/all/function/internal_message.html?_=1646955128112&CODE_STATE=getMsg HTTP/1.1" 200 27
58.39.61.91 - - [11/Mar/2022:07:32:22 +0800] "GET /xingrg/all/function/internal_message.html?_=1646955093100&CODE_STATE=getMsg HTTP/1.1" 200 27
58.39.61.91 - - [11/Mar/2022:07:32:25 +0800] "GET /xingrg/check_reg.html?_=1646955143310 HTTP/1.1" 200 22
58.39.61.91 - - [11/Mar/2022:07:32:25 +0800] "GET /xingrg/all/function/internal_message.html?_=1646955143313&CODE_STATE=getMsg HTTP/1.1" 200 27
120.253.135.82 - - [11/Mar/2022:07:32:29 +0800] "GET /xingrg/all/function/internal_message.html?_=1646954946264&CODE_STATE=getMsg HTTP/1.1" 200 27
58.39.168.32 - - [11/Mar/2022:07:32:51 +0800] "GET /xingrg/all/function/internal_message.html?_=1646955170054&CODE_STATE=getMsg HTTP/1.1" 200 27
120.253.135.82 - - [11/Mar/2022:07:32:52 +0800] "POST /xingrg/kc/base/stock_operate.html HTTP/1.1" 200 1469
222.70.243.96 - - [11/Mar/2022:07:32:57 +0800] "GET /xingrg/check_reg.html?_=1646955191815 HTTP/1.1" 200 22
222.70.243.96 - - [11/Mar/2022:07:32:59 +0800] "GET /xingrg/all/function/internal_message.html?_=1646955194016&CODE_STATE=getMsg HTTP/1.1" 200 27
120.253.135.82 - - [11/Mar/2022:07:33:04 +0800] "POST /xingrg/kc/base/stock_operate.html HTTP/1.1" 200 1493
180.169.147.146 - - [11/Mar/2022:07:33:07 +0800] "GET /xingrg/check_reg.html?_=1646955189811 HTTP/1.1" 200 22
116.233.72.145 - - [11/Mar/2022:07:33:09 +0800] "POST /xingrg/services/DataTransmitService HTTP/1.1" 200 524
116.230.110.173 - - [11/Mar/2022:07:33:16 +0800] "GET /xingrg/all/function/internal_message.html?_=1646955188089&CODE_STATE=getMsg HTTP/1.1" 200 27
58.39.61.91 - - [11/Mar/2022:07:33:22 +0800] "GET /xingrg/all/function/internal_message.html?_=1646955153122&CODE_STATE=getMsg HTTP/1.1" 200 27
120.253.135.82 - - [11/Mar/2022:07:33:22 +0800] "GET /xingrg/check_reg.html?_=1646954998929 HTTP/1.1" 200 22
58.39.61.91 - - [11/Mar/2022:07:33:25 +0800] "GET /xingrg/all/function/internal_message.html?_=1646955203314&CODE_STATE=getMsg HTTP/1.1" 200 27
116.230.110.173 - - [11/Mar/2022:07:33:29 +0800] "GET /xingrg/check_reg.html?_=1646955200462 HTTP/1.1" 200 22
120.253.135.82 - - [11/Mar/2022:07:33:29 +0800] "GET /xingrg/all/function/internal_message.html?_=1646955006277&CODE_STATE=getMsg HTTP/1.1" 200 27
58.39.168.32 - - [11/Mar/2022:07:33:51 +0800] "GET /xingrg/all/function/internal_message.html?_=1646955230052&CODE_STATE=getMsg HTTP/1.1" 200 27
120.253.135.82 - - [11/Mar/2022:07:33:59 +0800] "POST /xingrg/kc/base/stock_operate.html HTTP/1.1" 200 1493
222.70.243.96 - - [11/Mar/2022:07:33:59 +0800] "GET /xingrg/all/function/internal_message.html?_=1646955254029&CODE_STATE=getMsg HTTP/1.1" 200 27
120.253.135.82 - - [11/Mar/2022:07:34:11 +0800] "POST /xingrg/kc/base/stock_operate.html HTTP/1.1" 200 1490
116.230.110.173 - - [11/Mar/2022:07:34:16 +0800] "GET /xingrg/all/function/internal_message.html?_=1646955248079&CODE_STATE=getMsg HTTP/1.1" 200 27
58.39.61.91 - - [11/Mar/2022:07:34:22 +0800] "GET /xingrg/all/function/internal_message.html?_=1646955213128&CODE_STATE=getMsg HTTP/1.1" 200 27
58.39.61.91 - - [11/Mar/2022:07:34:25 +0800] "GET /xingrg/all/function/internal_message.html?_=1646955263301&CODE_STATE=getMsg HTTP/1.1" 200 27
120.253.135.82 - - [11/Mar/2022:07:34:29 +0800] "GET /xingrg/all/function/internal_message.html?_=1646955066291&CODE_STATE=getMsg HTTP/1.1" 200 27
116.230.110.173 - - [11/Mar/2022:07:34:42 +0800] "POST /xingrg/services/DataTransmitService HTTP/1.1" 200 524
58.39.168.32 - - [11/Mar/2022:07:34:51 +0800] "GET /xingrg/check_reg.html?_=1646955290049 HTTP/1.1" 200 22
58.39.168.32 - - [11/Mar/2022:07:34:51 +0800] "GET /xingrg/all/function/internal_message.html?_=1646955290050&CODE_STATE=getMsg HTTP/1.1" 200 27
120.253.135.82 - - [11/Mar/2022:07:34:54 +0800] "POST /xingrg/kc/base/stock_operate.html HTTP/1.1" 200 1733
222.70.243.96 - - [11/Mar/2022:07:34:59 +0800] "GET /xingrg/all/function/internal_message.html?_=1646955314043&CODE_STATE=getMsg HTTP/1.1" 200 27
120.253.135.82 - - [11/Mar/2022:07:35:13 +0800] "GET /xingrg/javascript/easyui/themes/sunny/images/ui-bg_gloss-wave_60_fece2f_500x100.png HTTP/1.1" 200 3512
116.230.110.173 - - [11/Mar/2022:07:35:16 +0800] "GET /xingrg/all/function/internal_message.html?_=1646955308073&CODE_STATE=getMsg HTTP/1.1" 200 27
120.253.135.82 - - [11/Mar/2022:07:35:17 +0800] "GET /xingrg/kc/buy/cgsh_order_list.html HTTP/1.1" 200 49890
120.253.135.82 - - [11/Mar/2022:07:35:20 +0800] "POST /xingrg/kc/buy/cgsh_list_operate.html HTTP/1.1" 200 2057
58.39.61.91 - - [11/Mar/2022:07:35:22 +0800] "GET /xingrg/all/function/internal_message.html?_=1646955273149&CODE_STATE=getMsg HTTP/1.1" 200 27
120.253.135.82 - - [11/Mar/2022:07:35:22 +0800] "POST /xingrg/kc/buy/cgsh_list_operate.html HTTP/1.1" 200 218
120.253.135.82 - - [11/Mar/2022:07:35:23 +0800] "GET /xingrg/kc/buy/cgsh_order_info.html?code=212022030903046 HTTP/1.1" 200 64688
120.253.135.82 - - [11/Mar/2022:07:35:24 +0800] "GET /xingrg/javascript/easyui/themes/icons/template_new.png HTTP/1.1" 200 3956
120.253.135.82 - - [11/Mar/2022:07:35:24 +0800] "GET /xingrg/all/common/auto_word.html?type=employee&rest_code=00101 HTTP/1.1" 200 927
120.253.135.82 - - [11/Mar/2022:07:35:24 +0800] "GET /xingrg/all/common/auto_word.html?type=employee&rest_code=00101 HTTP/1.1" 200 927
120.253.135.82 - - [11/Mar/2022:07:35:24 +0800] "GET /xingrg/javascript/easyui/themes/default/validatebox.css HTTP/1.1" 404 1104
120.253.135.82 - - [11/Mar/2022:07:35:24 +0800] "POST /xingrg/kc/buy/cgsh_order_operate.html HTTP/1.1" 200 2697
58.39.61.91 - - [11/Mar/2022:07:35:25 +0800] "GET /xingrg/all/function/internal_message.html?_=1646955323307&CODE_STATE=getMsg HTTP/1.1" 200 27
120.253.135.82 - - [11/Mar/2022:07:35:29 +0800] "GET /xingrg/all/function/internal_message.html?_=1646955126306&CODE_STATE=getMsg HTTP/1.1" 200 27
120.253.135.82 - - [11/Mar/2022:07:35:31 +0800] "POST /xingrg/kc/buy/cgsh_order_operate.html HTTP/1.1" 200 37
120.253.135.82 - - [11/Mar/2022:07:35:33 +0800] "POST /xingrg/kc/buy/cgsh_order_operate.html HTTP/1.1" 200 2697
120.253.135.82 - - [11/Mar/2022:07:35:37 +0800] "POST /xingrg/kc/buy/cgsh_list_operate.html HTTP/1.1" 200 211
120.253.135.82 - - [11/Mar/2022:07:35:38 +0800] "GET /xingrg/kc/buy/cgsh_order_info.html?code=212022030903079 HTTP/1.1" 200 64695
120.253.135.82 - - [11/Mar/2022:07:35:38 +0800] "GET /xingrg/javascript/easyui/themes/default/validatebox.css HTTP/1.1" 404 1104
120.253.135.82 - - [11/Mar/2022:07:35:39 +0800] "POST /xingrg/kc/buy/cgsh_order_operate.html HTTP/1.1" 200 2680
120.253.135.82 - - [11/Mar/2022:07:35:46 +0800] "POST /xingrg/kc/buy/cgsh_order_operate.html HTTP/1.1" 200 37
120.253.135.82 - - [11/Mar/2022:07:35:48 +0800] "POST /xingrg/kc/buy/cgsh_order_operate.html HTTP/1.1" 200 2680
58.39.168.32 - - [11/Mar/2022:07:35:51 +0800] "GET /xingrg/all/function/internal_message.html?_=1646955350048&CODE_STATE=getMsg HTTP/1.1" 200 27
222.70.243.96 - - [11/Mar/2022:07:36:00 +0800] "GET /xingrg/all/function/internal_message.html?_=1646955374557&CODE_STATE=getMsg HTTP/1.1" 200 27
120.253.135.82 - - [11/Mar/2022:07:36:05 +0800] "POST /xingrg/kc/buy/cgsh_list_operate.html HTTP/1.1" 200 2057
120.253.135.82 - - [11/Mar/2022:07:36:12 +0800] "POST /xingrg/kc/buy/cgsh_list_operate.html HTTP/1.1" 200 2057
120.253.135.82 - - [11/Mar/2022:07:36:12 +0800] "POST /xingrg/kc/buy/cgsh_list_operate.html HTTP/1.1" 200 2057
58.39.61.91 - - [11/Mar/2022:07:36:13 +0800] "GET /xingrg/check_reg.html?_=1646955324404 HTTP/1.1" 200 22
120.253.135.82 - - [11/Mar/2022:07:36:13 +0800] "GET /xingrg/kc/pszx/mdqp_order_list.html?state=10 HTTP/1.1" 200 10217
120.253.135.82 - - [11/Mar/2022:07:36:13 +0800] "GET /xingrg/dwr/interface/AjaxReportQueryService.js HTTP/1.1" 200 13203
120.253.135.82 - - [11/Mar/2022:07:36:13 +0800] "GET /xingrg/dwr/interface/AjaxQqpsService.js HTTP/1.1" 200 16326
120.253.135.82 - - [11/Mar/2022:07:36:13 +0800] "GET /xingrg/dwr/engine.js HTTP/1.1" 200 43631
116.230.110.173 - - [11/Mar/2022:07:36:16 +0800] "GET /xingrg/all/function/internal_message.html?_=1646955368055&CODE_STATE=getMsg HTTP/1.1" 200 27
120.253.135.82 - - [11/Mar/2022:07:36:19 +0800] "GET /xingrg/kc/buy/cgsh_order_list.html HTTP/1.1" 200 49890
120.253.135.82 - - [11/Mar/2022:07:36:22 +0800] "POST /xingrg/kc/buy/cgsh_list_operate.html HTTP/1.1" 200 2057
58.39.61.91 - - [11/Mar/2022:07:36:22 +0800] "GET /xingrg/all/function/internal_message.html?_=1646955333155&CODE_STATE=getMsg HTTP/1.1" 200 27
120.253.135.82 - - [11/Mar/2022:07:36:24 +0800] "POST /xingrg/kc/buy/cgsh_list_operate.html HTTP/1.1" 200 218
58.39.61.91 - - [11/Mar/2022:07:36:25 +0800] "GET /xingrg/all/function/internal_message.html?_=1646955383309&CODE_STATE=getMsg HTTP/1.1" 200 27
120.253.135.82 - - [11/Mar/2022:07:36:25 +0800] "GET /xingrg/kc/buy/cgsh_order_info.html?code=212022030903046 HTTP/1.1" 200 64688
120.253.135.82 - - [11/Mar/2022:07:36:25 +0800] "GET /xingrg/javascript/easyui/themes/default/validatebox.css HTTP/1.1" 404 1104
120.253.135.82 - - [11/Mar/2022:07:36:26 +0800] "POST /xingrg/kc/buy/cgsh_order_operate.html HTTP/1.1" 200 2697
120.253.135.82 - - [11/Mar/2022:07:36:29 +0800] "GET /xingrg/kc/print/load_config.html?kc_code=cgsh HTTP/1.1" 200 1943
120.253.135.82 - - [11/Mar/2022:07:36:29 +0800] "GET /xingrg/kc/print/load_data.html?order_code=212022030903046&kc_code=cgsh&condition= HTTP/1.1" 200 692
120.253.135.82 - - [11/Mar/2022:07:36:30 +0800] "GET /xingrg/all/function/internal_message.html?_=1646955186651&CODE_STATE=getMsg HTTP/1.1" 200 27
120.253.135.82 - - [11/Mar/2022:07:36:39 +0800] "POST /xingrg/kc/buy/cgsh_list_operate.html HTTP/1.1" 200 211
120.253.135.82 - - [11/Mar/2022:07:36:39 +0800] "GET /xingrg/kc/buy/cgsh_order_info.html?code=212022030903079 HTTP/1.1" 200 64695
120.253.135.82 - - [11/Mar/2022:07:36:40 +0800] "GET /xingrg/javascript/easyui/themes/default/validatebox.css HTTP/1.1" 404 1104
120.253.135.82 - - [11/Mar/2022:07:36:40 +0800] "POST /xingrg/kc/buy/cgsh_order_operate.html HTTP/1.1" 200 2680
120.253.135.82 - - [11/Mar/2022:07:36:47 +0800] "POST /xingrg/kc/buy/cgsh_list_operate.html HTTP/1.1" 200 2057
58.39.168.32 - - [11/Mar/2022:07:36:51 +0800] "GET /xingrg/all/function/internal_message.html?_=1646955410048&CODE_STATE=getMsg HTTP/1.1" 200 27
222.70.243.96 - - [11/Mar/2022:07:37:00 +0800] "GET /xingrg/all/function/internal_message.html?_=1646955434569&CODE_STATE=getMsg HTTP/1.1" 200 27
116.230.110.173 - - [11/Mar/2022:07:37:16 +0800] "GET /xingrg/all/function/internal_message.html?_=1646955428043&CODE_STATE=getMsg HTTP/1.1" 200 27
58.39.61.91 - - [11/Mar/2022:07:37:22 +0800] "GET /xingrg/all/function/internal_message.html?_=1646955393169&CODE_STATE=getMsg HTTP/1.1" 200 27
58.39.61.91 - - [11/Mar/2022:07:37:25 +0800] "GET /xingrg/all/function/internal_message.html?_=1646955443315&CODE_STATE=getMsg HTTP/1.1" 200 27
58.39.61.91 - - [11/Mar/2022:07:37:25 +0800] "GET /xingrg/check_reg.html?_=1646955443317 HTTP/1.1" 200 22
120.253.135.82 - - [11/Mar/2022:07:37:30 +0800] "GET /xingrg/all/function/internal_message.html?_=1646955246659&CODE_STATE=getMsg HTTP/1.1" 200 27
58.39.168.32 - - [11/Mar/2022:07:37:51 +0800] "GET /xingrg/all/function/internal_message.html?_=1646955470047&CODE_STATE=getMsg HTTP/1.1" 200 27
222.70.243.96 - - [11/Mar/2022:07:37:58 +0800] "GET /xingrg/check_reg.html?_=1646955492321 HTTP/1.1" 200 22
222.70.243.96 - - [11/Mar/2022:07:38:00 +0800] "GET /xingrg/all/function/internal_message.html?_=1646955494582&CODE_STATE=getMsg HTTP/1.1" 200 27
180.169.147.146 - - [11/Mar/2022:07:38:07 +0800] "GET /xingrg/check_reg.html?_=1646955489814 HTTP/1.1" 200 22
120.253.135.82 - - [11/Mar/2022:07:38:07 +0800] "POST /xingrg/kc/buy/cgsh_list_operate.html HTTP/1.1" 200 211
120.253.135.82 - - [11/Mar/2022:07:38:08 +0800] "GET /xingrg/kc/buy/cgsh_order_info.html?code=212022030903079 HTTP/1.1" 200 64695
120.253.135.82 - - [11/Mar/2022:07:38:09 +0800] "GET /xingrg/javascript/easyui/themes/default/validatebox.css HTTP/1.1" 404 1104
120.253.135.82 - - [11/Mar/2022:07:38:09 +0800] "POST /xingrg/kc/buy/cgsh_order_operate.html HTTP/1.1" 200 2680
120.253.135.82 - - [11/Mar/2022:07:38:11 +0800] "GET /xingrg/kc/print/load_data.html?order_code=212022030903079&kc_code=cgsh&condition= HTTP/1.1" 200 772
116.230.110.173 - - [11/Mar/2022:07:38:16 +0800] "GET /xingrg/all/function/internal_message.html?_=1646955488024&CODE_STATE=getMsg HTTP/1.1" 200 27
58.39.61.91 - - [11/Mar/2022:07:38:22 +0800] "GET /xingrg/all/function/internal_message.html?_=1646955453189&CODE_STATE=getMsg HTTP/1.1" 200 27
120.253.135.82 - - [11/Mar/2022:07:38:22 +0800] "GET /xingrg/check_reg.html?_=1646955298935 HTTP/1.1" 200 22
58.39.61.91 - - [11/Mar/2022:07:38:25 +0800] "GET /xingrg/all/function/internal_message.html?_=1646955503319&CODE_STATE=getMsg HTTP/1.1" 200 27
116.230.110.173 - - [11/Mar/2022:07:38:29 +0800] "GET /xingrg/check_reg.html?_=1646955500448 HTTP/1.1" 200 22
120.253.135.82 - - [11/Mar/2022:07:38:30 +0800] "GET /xingrg/all/function/internal_message.html?_=1646955306673&CODE_STATE=getMsg HTTP/1.1" 200 27
58.39.168.32 - - [11/Mar/2022:07:38:51 +0800] "GET /xingrg/all/function/internal_message.html?_=1646955530046&CODE_STATE=getMsg HTTP/1.1" 200 27
222.70.243.96 - - [11/Mar/2022:07:39:00 +0800] "GET /xingrg/all/function/internal_message.html?_=1646955554596&CODE_STATE=getMsg HTTP/1.1" 200 27
116.230.110.173 - - [11/Mar/2022:07:39:16 +0800] "GET /xingrg/all/function/internal_message.html?_=1646955548007&CODE_STATE=getMsg HTTP/1.1" 200 27
58.39.61.91 - - [11/Mar/2022:07:39:22 +0800] "GET /xingrg/all/function/internal_message.html?_=1646955513195&CODE_STATE=getMsg HTTP/1.1" 200 27
58.39.61.91 - - [11/Mar/2022:07:39:25 +0800] "GET /xingrg/all/function/internal_message.html?_=1646955563319&CODE_STATE=getMsg HTTP/1.1" 200 27
120.253.135.82 - - [11/Mar/2022:07:39:30 +0800] "GET /xingrg/all/function/internal_message.html?_=1646955366687&CODE_STATE=getMsg HTTP/1.1" 200 27
58.39.168.32 - - [11/Mar/2022:07:39:51 +0800] "GET /xingrg/all/function/internal_message.html?_=1646955590044&CODE_STATE=getMsg HTTP/1.1" 200 27
58.39.168.32 - - [11/Mar/2022:07:39:51 +0800] "GET /xingrg/check_reg.html?_=1646955590045 HTTP/1.1" 200 22
222.70.243.96 - - [11/Mar/2022:07:40:00 +0800] "GET /xingrg/all/function/internal_message.html?_=1646955614609&CODE_STATE=getMsg HTTP/1.1" 200 27
116.230.110.173 - - [11/Mar/2022:07:40:16 +0800] "GET /xingrg/all/function/internal_message.html?_=1646955607996&CODE_STATE=getMsg HTTP/1.1" 200 27
58.39.61.91 - - [11/Mar/2022:07:40:22 +0800] "GET /xingrg/all/function/internal_message.html?_=1646955573216&CODE_STATE=getMsg HTTP/1.1" 200 27
58.39.61.91 - - [11/Mar/2022:07:40:25 +0800] "GET /xingrg/all/function/internal_message.html?_=1646955623326&CODE_STATE=getMsg HTTP/1.1" 200 27
120.253.135.82 - - [11/Mar/2022:07:40:30 +0800] "GET /xingrg/all/function/internal_message.html?_=1646955426853&CODE_STATE=getMsg HTTP/1.1" 200 27
58.39.168.32 - - [11/Mar/2022:07:40:51 +0800] "GET /xingrg/all/function/internal_message.html?_=1646955650043&CODE_STATE=getMsg HTTP/1.1" 200 27
222.70.243.96 - - [11/Mar/2022:07:41:01 +0800] "GET /xingrg/all/function/internal_message.html?_=1646955675151&CODE_STATE=getMsg HTTP/1.1" 200 27
58.39.61.91 - - [11/Mar/2022:07:41:13 +0800] "GET /xingrg/check_reg.html?_=1646955624413 HTTP/1.1" 200 22
116.230.110.173 - - [11/Mar/2022:07:41:16 +0800] "GET /xingrg/all/function/internal_message.html?_=1646955667967&CODE_STATE=getMsg HTTP/1.1" 200 27
58.39.61.91 - - [11/Mar/2022:07:41:22 +0800] "GET /xingrg/all/function/internal_message.html?_=1646955633223&CODE_STATE=getMsg HTTP/1.1" 200 27
58.39.61.91 - - [11/Mar/2022:07:41:25 +0800] "GET /xingrg/all/function/internal_message.html?_=1646955683327&CODE_STATE=getMsg HTTP/1.1" 200 27
120.253.135.82 - - [11/Mar/2022:07:41:30 +0800] "GET /xingrg/all/function/internal_message.html?_=1646955486854&CODE_STATE=getMsg HTTP/1.1" 200 27
58.39.168.32 - - [11/Mar/2022:07:41:51 +0800] "GET /xingrg/all/function/internal_message.html?_=1646955710041&CODE_STATE=getMsg HTTP/1.1" 200 27
124.78.159.88 - - [11/Mar/2022:07:41:58 +0800] "POST /xingrg/services/DataTransmitService HTTP/1.1" 200 524
222.70.243.96 - - [11/Mar/2022:07:42:01 +0800] "GET /xingrg/all/function/internal_message.html?_=1646955735151&CODE_STATE=getMsg HTTP/1.1" 200 27
116.230.110.173 - - [11/Mar/2022:07:42:16 +0800] "GET /xingrg/all/function/internal_message.html?_=1646955727945&CODE_STATE=getMsg HTTP/1.1" 200 27
120.253.135.82 - - [11/Mar/2022:07:42:17 +0800] "POST /xingrg/kc/buy/cgsh_list_operate.html HTTP/1.1" 200 2057
58.39.61.91 - - [11/Mar/2022:07:42:22 +0800] "GET /xingrg/all/function/internal_message.html?_=1646955693237&CODE_STATE=getMsg HTTP/1.1" 200 27
58.39.61.91 - - [11/Mar/2022:07:42:25 +0800] "GET /xingrg/check_reg.html?_=1646955743328 HTTP/1.1" 200 22
58.39.61.91 - - [11/Mar/2022:07:42:25 +0800] "GET /xingrg/all/function/internal_message.html?_=1646955743332&CODE_STATE=getMsg HTTP/1.1" 200 27
120.253.135.82 - - [11/Mar/2022:07:42:26 +0800] "GET /xingrg/kc/pszx/mdqp_order_list.html?state=10 HTTP/1.1" 200 10217
120.253.135.82 - - [11/Mar/2022:07:42:26 +0800] "GET /xingrg/dwr/interface/AjaxQqpsService.js HTTP/1.1" 200 16326
120.253.135.82 - - [11/Mar/2022:07:42:27 +0800] "GET /xingrg/dwr/interface/AjaxReportQueryService.js HTTP/1.1" 200 13203
120.253.135.82 - - [11/Mar/2022:07:42:27 +0800] "GET /xingrg/dwr/engine.js HTTP/1.1" 200 43631
120.253.135.82 - - [11/Mar/2022:07:42:30 +0800] "GET /xingrg/all/function/internal_message.html?_=1646955546867&CODE_STATE=getMsg HTTP/1.1" 200 27
120.253.135.82 - - [11/Mar/2022:07:42:30 +0800] "GET /xingrg/kc/buy/cgsh_order_list.html HTTP/1.1" 200 49890
120.253.135.82 - - [11/Mar/2022:07:42:33 +0800] "POST /xingrg/kc/buy/cgsh_list_operate.html HTTP/1.1" 200 2057
58.39.168.32 - - [11/Mar/2022:07:42:51 +0800] "GET /xingrg/all/function/internal_message.html?_=1646955770055&CODE_STATE=getMsg HTTP/1.1" 200 27
222.70.243.96 - - [11/Mar/2022:07:42:58 +0800] "GET /xingrg/check_reg.html?_=1646955792839 HTTP/1.1" 200 22
222.70.243.96 - - [11/Mar/2022:07:43:01 +0800] "GET /xingrg/all/function/internal_message.html?_=1646955795165&CODE_STATE=getMsg HTTP/1.1" 200 27
180.169.147.146 - - [11/Mar/2022:07:43:07 +0800] "GET /xingrg/check_reg.html?_=1646955789791 HTTP/1.1" 200 22
116.230.110.173 - - [11/Mar/2022:07:43:16 +0800] "GET /xingrg/all/function/internal_message.html?_=1646955787922&CODE_STATE=getMsg HTTP/1.1" 200 27
120.253.135.82 - - [11/Mar/2022:07:43:22 +0800] "GET /xingrg/check_reg.html?_=1646955598940 HTTP/1.1" 200 22
58.39.61.91 - - [11/Mar/2022:07:43:22 +0800] "GET /xingrg/all/function/internal_message.html?_=1646955753256&CODE_STATE=getMsg HTTP/1.1" 200 27
58.39.61.91 - - [11/Mar/2022:07:43:25 +0800] "GET /xingrg/all/function/internal_message.html?_=1646955803326&CODE_STATE=getMsg HTTP/1.1" 200 27
116.230.110.173 - - [11/Mar/2022:07:43:29 +0800] "GET /xingrg/check_reg.html?_=1646955800445 HTTP/1.1" 200 22
120.253.135.82 - - [11/Mar/2022:07:43:30 +0800] "GET /xingrg/all/function/internal_message.html?_=1646955606881&CODE_STATE=getMsg HTTP/1.1" 200 27
58.39.168.32 - - [11/Mar/2022:07:43:51 +0800] "GET /xingrg/all/function/internal_message.html?_=1646955830067&CODE_STATE=getMsg HTTP/1.1" 200 27
222.70.243.96 - - [11/Mar/2022:07:44:01 +0800] "GET /xingrg/all/function/internal_message.html?_=1646955855179&CODE_STATE=getMsg HTTP/1.1" 200 27
116.230.110.173 - - [11/Mar/2022:07:44:16 +0800] "GET /xingrg/all/function/internal_message.html?_=1646955847911&CODE_STATE=getMsg HTTP/1.1" 200 27
58.39.61.91 - - [11/Mar/2022:07:44:22 +0800] "GET /xingrg/all/function/internal_message.html?_=1646955813263&CODE_STATE=getMsg HTTP/1.1" 200 27
58.39.61.91 - - [11/Mar/2022:07:44:25 +0800] "GET /xingrg/all/function/internal_message.html?_=1646955863331&CODE_STATE=getMsg HTTP/1.1" 200 27
120.253.135.82 - - [11/Mar/2022:07:44:30 +0800] "GET /xingrg/all/function/internal_message.html?_=1646955666896&CODE_STATE=getMsg HTTP/1.1" 200 27
58.39.168.32 - - [11/Mar/2022:07:44:51 +0800] "GET /xingrg/all/function/internal_message.html?_=1646955890066&CODE_STATE=getMsg HTTP/1.1" 200 27
58.39.168.32 - - [11/Mar/2022:07:44:51 +0800] "GET /xingrg/check_reg.html?_=1646955890069 HTTP/1.1" 200 22
222.70.243.96 - - [11/Mar/2022:07:45:01 +0800] "GET /xingrg/all/function/internal_message.html?_=1646955915192&CODE_STATE=getMsg HTTP/1.1" 200 27
116.230.110.173 - - [11/Mar/2022:07:45:16 +0800] "GET /xingrg/all/function/internal_message.html?_=1646955907894&CODE_STATE=getMsg HTTP/1.1" 200 27
58.39.61.91 - - [11/Mar/2022:07:45:22 +0800] "GET /xingrg/all/function/internal_message.html?_=1646955873284&CODE_STATE=getMsg HTTP/1.1" 200 27
58.39.61.91 - - [11/Mar/2022:07:45:25 +0800] "GET /xingrg/all/function/internal_message.html?_=1646955923334&CODE_STATE=getMsg HTTP/1.1" 200 27
120.253.135.82 - - [11/Mar/2022:07:45:30 +0800] "GET /xingrg/all/function/internal_message.html?_=1646955727041&CODE_STATE=getMsg HTTP/1.1" 200 27
58.39.168.32 - - [11/Mar/2022:07:45:51 +0800] "GET /xingrg/all/function/internal_message.html?_=1646955950069&CODE_STATE=getMsg HTTP/1.1" 200 27
222.70.243.96 - - [11/Mar/2022:07:46:01 +0800] "GET /xingrg/all/function/internal_message.html?_=1646955975707&CODE_STATE=getMsg HTTP/1.1" 200 27
58.39.61.91 - - [11/Mar/2022:07:46:13 +0800] "GET /xingrg/check_reg.html?_=1646955924419 HTTP/1.1" 200 22
116.230.110.173 - - [11/Mar/2022:07:46:16 +0800] "GET /xingrg/all/function/internal_message.html?_=1646955967872&CODE_STATE=getMsg HTTP/1.1" 200 27
58.39.61.91 - - [11/Mar/2022:07:46:22 +0800] "GET /xingrg/all/function/internal_message.html?_=1646955933292&CODE_STATE=getMsg HTTP/1.1" 200 27
58.39.61.91 - - [11/Mar/2022:07:46:25 +0800] "GET /xingrg/all/function/internal_message.html?_=1646955983335&CODE_STATE=getMsg HTTP/1.1" 200 27
120.253.135.82 - - [11/Mar/2022:07:46:30 +0800] "GET /xingrg/all/function/internal_message.html?_=1646955787047&CODE_STATE=getMsg HTTP/1.1" 200 27
58.39.168.32 - - [11/Mar/2022:07:46:51 +0800] "GET /xingrg/all/function/internal_message.html?_=1646956010067&CODE_STATE=getMsg HTTP/1.1" 200 27
