116.233.72.145 - - [11/Mar/2022:11:16:44 +0800] "GET /xingrg/all/function/internal_message.html?_=1646968602081&CODE_STATE=getMsg HTTP/1.1" 200 27
58.39.168.32 - - [11/Mar/2022:11:16:47 +0800] "GET /xingrg/all/function/internal_message.html?_=1646968542659&CODE_STATE=getMsg HTTP/1.1" 200 27
222.70.180.114 - - [11/Mar/2022:11:16:48 +0800] "GET /xingrg/all/function/internal_message.html?_=1646968602323&CODE_STATE=getMsg HTTP/1.1" 200 27
124.78.159.88 - - [11/Mar/2022:11:16:50 +0800] "GET /xingrg/all/function/internal_message.html?_=1646968608410&CODE_STATE=getMsg HTTP/1.1" 200 27
58.39.168.32 - - [11/Mar/2022:11:16:51 +0800] "GET /xingrg/all/function/internal_message.html?_=1646968610381&CODE_STATE=getMsg HTTP/1.1" 200 27
58.39.61.91 - - [11/Mar/2022:11:16:52 +0800] "POST /xingrg/services/DataTransmitService HTTP/1.1" 200 524
180.169.147.146 - - [11/Mar/2022:11:16:55 +0800] "GET /xingrg/all/function/internal_message.html?_=1646968612167&CODE_STATE=getMsg HTTP/1.1" 200 27
114.83.217.117 - - [11/Mar/2022:11:17:04 +0800] "GET /xingrg/all/function/internal_message.html?_=1646968620802&CODE_STATE=getMsg HTTP/1.1" 200 27
124.78.159.88 - - [11/Mar/2022:11:17:13 +0800] "GET /xingrg/kc/report/report_main.html HTTP/1.1" 200 7340
114.88.156.203 - - [11/Mar/2022:11:17:13 +0800] "GET /xingrg/all/function/internal_message.html?_=1646968403442&CODE_STATE=getMsg HTTP/1.1" 200 27
58.39.61.91 - - [11/Mar/2022:11:17:15 +0800] "GET /xingrg/all/function/internal_message.html?_=1646968633280&CODE_STATE=getMsg HTTP/1.1" 200 27
124.78.159.88 - - [11/Mar/2022:11:17:15 +0800] "GET /xingrg/all/report/report_query.html?fileName=kc/buy/gys_amount.xml&rh=99999 HTTP/1.1" 200 52006
124.78.159.88 - - [11/Mar/2022:11:17:15 +0800] "GET /xingrg/dwr/interface/AjaxReportQueryService.js HTTP/1.1" 200 13203
124.78.159.88 - - [11/Mar/2022:11:17:15 +0800] "GET /xingrg/dwr/engine.js HTTP/1.1" 200 43631
124.78.159.88 - - [11/Mar/2022:11:17:15 +0800] "POST /xingrg/dwr/call/plaincall/AjaxReportQueryService.getFixDate.dwr HTTP/1.1" 200 111
124.78.159.88 - - [11/Mar/2022:11:17:15 +0800] "POST /xingrg/all/common/load_tree.html?tree=supplier_tree_json&manage=1 HTTP/1.1" 200 63589
124.78.159.88 - - [11/Mar/2022:11:17:17 +0800] "POST /xingrg/all/common/load_tree.html?tree=materiel_sort_tree_json HTTP/1.1" 200 9388
124.78.159.88 - - [11/Mar/2022:11:17:17 +0800] "POST /xingrg/dwr/call/plaincall/AjaxReportQueryService.getInitString.dwr HTTP/1.1" 200 1023
180.169.147.146 - - [11/Mar/2022:11:17:19 +0800] "GET /xingrg/check_reg.html?_=1646968636143 HTTP/1.1" 200 22
180.169.147.146 - - [11/Mar/2022:11:17:19 +0800] "GET /xingrg/all/function/internal_message.html?_=1646968636145&CODE_STATE=getMsg HTTP/1.1" 200 27
124.78.159.88 - - [11/Mar/2022:11:17:19 +0800] "GET /xingrg/kc/base/base_main.html HTTP/1.1" 200 12142
180.169.147.146 - - [11/Mar/2022:11:17:20 +0800] "GET /xingrg/kc/buy/cgsh_order_operate.html?command=get_materiel&rest_code=00147&code=00101007072&supplier_code=00100004&order_time=2022-03-11 HTTP/1.1" 200 413
124.78.159.88 - - [11/Mar/2022:11:17:22 +0800] "GET /xingrg/kc/base/wldb_order_list.html HTTP/1.1" 200 19060
124.78.159.88 - - [11/Mar/2022:11:17:22 +0800] "POST /xingrg/kc/base/wldb_list_operate.html HTTP/1.1" 200 2962
124.78.159.88 - - [11/Mar/2022:11:17:25 +0800] "GET /xingrg/kc/buy/buy_main.html HTTP/1.1" 200 12412
124.78.159.88 - - [11/Mar/2022:11:17:25 +0800] "GET /xingrg/css/new_ie.css HTTP/1.1" 404 1036
58.39.61.91 - - [11/Mar/2022:11:17:25 +0800] "GET /xingrg/all/function/internal_message.html?_=1646968596172&CODE_STATE=getMsg HTTP/1.1" 200 27
124.78.159.88 - - [11/Mar/2022:11:17:26 +0800] "GET /xingrg/images/yd/bt.gif HTTP/1.1" 404 1040
124.78.159.88 - - [11/Mar/2022:11:17:26 +0800] "GET /xingrg/kc/buy/cgsh_order_list.html HTTP/1.1" 200 49890
116.230.110.173 - - [11/Mar/2022:11:17:27 +0800] "GET /xingrg/all/function/internal_message.html?_=1646968638420&CODE_STATE=getMsg HTTP/1.1" 200 27
124.78.159.88 - - [11/Mar/2022:11:17:27 +0800] "POST /xingrg/kc/buy/cgsh_list_operate.html HTTP/1.1" 200 876
180.162.110.232 - - [11/Mar/2022:11:17:30 +0800] "GET /xingrg/all/function/internal_message.html?_=1646967997181&CODE_STATE=getMsg HTTP/1.1" 200 27
180.169.147.146 - - [11/Mar/2022:11:17:32 +0800] "GET /xingrg/kc/buy/cgsh_order_operate.html?command=get_materiel&rest_code=00147&code=00101007076&supplier_code=00100004&order_time=2022-03-11 HTTP/1.1" 200 408
101.85.120.86 - - [11/Mar/2022:11:17:36 +0800] "GET /xingrg/all/function/internal_message.html?_=1646968653352&CODE_STATE=getMsg HTTP/1.1" 200 27
180.169.147.146 - - [11/Mar/2022:11:17:40 +0800] "POST /xingrg/kc/buy/cgsh_order_operate.html HTTP/1.1" 200 37
222.70.243.96 - - [11/Mar/2022:11:17:40 +0800] "GET /xingrg/all/function/internal_message.html?_=1646968675138&CODE_STATE=getMsg HTTP/1.1" 200 27
124.78.159.88 - - [11/Mar/2022:11:17:44 +0800] "GET /xingrg/all/function/internal_message.html?_=1646968658368&CODE_STATE=getMsg HTTP/1.1" 200 27
116.233.72.145 - - [11/Mar/2022:11:17:44 +0800] "GET /xingrg/all/function/internal_message.html?_=1646968662083&CODE_STATE=getMsg HTTP/1.1" 200 27
180.169.147.146 - - [11/Mar/2022:11:17:47 +0800] "POST /xingrg/kc/buy/cgsh_order_operate.html HTTP/1.1" 200 3247
58.39.168.32 - - [11/Mar/2022:11:17:47 +0800] "GET /xingrg/all/function/internal_message.html?_=1646968602661&CODE_STATE=getMsg HTTP/1.1" 200 27
58.39.168.32 - - [11/Mar/2022:11:17:47 +0800] "GET /xingrg/check_reg.html?_=1646968602659 HTTP/1.1" 200 22
180.169.147.146 - - [11/Mar/2022:11:17:47 +0800] "GET /xingrg/kc/print/load_data.html?order_code=212022031103372&kc_code=cgsh&condition= HTTP/1.1" 200 959
222.70.180.114 - - [11/Mar/2022:11:17:48 +0800] "GET /xingrg/all/function/internal_message.html?_=1646968662307&CODE_STATE=getMsg HTTP/1.1" 200 27
180.169.147.146 - - [11/Mar/2022:11:17:50 +0800] "GET /xingrg/kc/buy/cgsh_order_add.html HTTP/1.1" 200 65674
180.169.147.146 - - [11/Mar/2022:11:17:51 +0800] "POST /xingrg/kc/buy/cgsh_order_operate.html HTTP/1.1" 200 8245
180.169.147.146 - - [11/Mar/2022:11:17:51 +0800] "GET /xingrg/javascript/easyui/themes/default/validatebox.css HTTP/1.1" 404 1104
58.39.168.32 - - [11/Mar/2022:11:17:51 +0800] "GET /xingrg/all/function/internal_message.html?_=1646968670406&CODE_STATE=getMsg HTTP/1.1" 200 27
180.169.147.146 - - [11/Mar/2022:11:17:55 +0800] "GET /xingrg/all/function/internal_message.html?_=1646968672158&CODE_STATE=getMsg HTTP/1.1" 200 27
116.228.172.94 - - [11/Mar/2022:11:17:56 +0800] "GET /xingrg/login.html HTTP/1.1" 200 7641
116.228.172.94 - - [11/Mar/2022:11:17:57 +0800] "GET /favicon.ico HTTP/1.1" 404 -
116.228.172.94 - - [11/Mar/2022:11:17:58 +0800] "POST /xingrg/login.do HTTP/1.1" 302 -
116.228.172.94 - - [11/Mar/2022:11:17:58 +0800] "GET /xingrg/index.html?sysBaseUrl=http%3A%2F%2F180.169.147.146%3A18081%2Fxingrg%2F&costTime=41×tamp=1646968678257 HTTP/1.1" 200 17417
116.228.172.94 - - [11/Mar/2022:11:17:58 +0800] "GET /favicon.ico HTTP/1.1" 404 -
116.228.172.94 - - [11/Mar/2022:11:17:58 +0800] "POST /xingrg/all/common/load_tree.html?tree=area_rest_tree_json&manage=1 HTTP/1.1" 200 348
116.228.172.94 - - [11/Mar/2022:11:17:58 +0800] "GET /xingrg/all/function/internal_message.html?_=1646968633324&CODE_STATE=count HTTP/1.1" 200 11
116.228.172.94 - - [11/Mar/2022:11:17:58 +0800] "POST /xingrg/load_menu.html HTTP/1.1" 200 9959
116.228.172.94 - - [11/Mar/2022:11:17:58 +0800] "GET /xingrg/check_reg.html?_=1646968633325 HTTP/1.1" 200 22
180.169.147.146 - - [11/Mar/2022:11:18:01 +0800] "GET /xingrg/kc/buy/cgsh_order_operate.html?command=get_materiel&rest_code=00147&code=00101006062&supplier_code=00100015&order_time=2022-03-11 HTTP/1.1" 200 409
114.83.217.117 - - [11/Mar/2022:11:18:04 +0800] "GET /xingrg/all/function/internal_message.html?_=1646968680785&CODE_STATE=getMsg HTTP/1.1" 200 27
180.169.147.146 - - [11/Mar/2022:11:18:06 +0800] "GET /xingrg/check_reg.html?_=1646968688908 HTTP/1.1" 200 22
180.169.147.146 - - [11/Mar/2022:11:18:10 +0800] "GET /xingrg/kc/buy/cgsh_order_operate.html?command=get_materiel&rest_code=00147&code=00101006177&supplier_code=00100015&order_time=2022-03-11 HTTP/1.1" 200 409
222.70.180.114 - - [11/Mar/2022:11:18:12 +0800] "GET /xingrg/kc/buy/cgsh_order_add.html HTTP/1.1" 200 65627
222.70.180.114 - - [11/Mar/2022:11:18:13 +0800] "POST /xingrg/kc/buy/cgsh_order_operate.html HTTP/1.1" 200 8245
222.70.180.114 - - [11/Mar/2022:11:18:13 +0800] "GET /xingrg/javascript/easyui/themes/default/validatebox.css HTTP/1.1" 404 1104
114.88.156.203 - - [11/Mar/2022:11:18:13 +0800] "GET /xingrg/all/function/internal_message.html?_=1646968463440&CODE_STATE=getMsg HTTP/1.1" 200 27
58.39.61.91 - - [11/Mar/2022:11:18:15 +0800] "GET /xingrg/all/function/internal_message.html?_=1646968693281&CODE_STATE=getMsg HTTP/1.1" 200 27
180.169.147.146 - - [11/Mar/2022:11:18:19 +0800] "GET /xingrg/all/function/internal_message.html?_=1646968696144&CODE_STATE=getMsg HTTP/1.1" 200 27
180.169.147.146 - - [11/Mar/2022:11:18:19 +0800] "GET /xingrg/kc/buy/cgsh_order_operate.html?command=get_materiel&rest_code=00147&code=00101006240&supplier_code=00100015&order_time=2022-03-11 HTTP/1.1" 200 408
222.70.180.114 - - [11/Mar/2022:11:18:24 +0800] "GET /xingrg/kc/buy/cgsh_order_operate.html?command=get_materiel&rest_code=00111&code=00101010310&supplier_code=00100314&order_time=2022-03-11 HTTP/1.1" 200 423
58.39.61.91 - - [11/Mar/2022:11:18:25 +0800] "GET /xingrg/all/function/internal_message.html?_=1646968656195&CODE_STATE=getMsg HTTP/1.1" 200 27
116.230.110.173 - - [11/Mar/2022:11:18:27 +0800] "GET /xingrg/check_reg.html?_=1646968698407 HTTP/1.1" 200 22
116.230.110.173 - - [11/Mar/2022:11:18:27 +0800] "GET /xingrg/all/function/internal_message.html?_=1646968698409&CODE_STATE=getMsg HTTP/1.1" 200 27
180.169.147.146 - - [11/Mar/2022:11:18:28 +0800] "GET /xingrg/kc/buy/cgsh_order_operate.html?command=get_materiel&rest_code=00147&code=00101006055&supplier_code=00100015&order_time=2022-03-11 HTTP/1.1" 200 409
180.162.110.232 - - [11/Mar/2022:11:18:30 +0800] "GET /xingrg/all/function/internal_message.html?_=1646968057174&CODE_STATE=getMsg HTTP/1.1" 200 27
222.70.180.114 - - [11/Mar/2022:11:18:32 +0800] "POST /xingrg/kc/buy/cgsh_order_operate.html HTTP/1.1" 200 37
180.169.147.146 - - [11/Mar/2022:11:18:35 +0800] "POST /xingrg/kc/buy/cgsh_order_operate.html HTTP/1.1" 200 37
222.70.180.114 - - [11/Mar/2022:11:18:35 +0800] "POST /xingrg/kc/buy/cgsh_order_operate.html HTTP/1.1" 200 2667
222.70.180.114 - - [11/Mar/2022:11:18:35 +0800] "GET /xingrg/kc/buy/cgsh_order_add.html HTTP/1.1" 200 65627
222.70.180.114 - - [11/Mar/2022:11:18:36 +0800] "POST /xingrg/kc/buy/cgsh_order_operate.html HTTP/1.1" 200 8245
222.70.180.114 - - [11/Mar/2022:11:18:36 +0800] "GET /xingrg/javascript/easyui/themes/default/validatebox.css HTTP/1.1" 404 1104
101.85.120.86 - - [11/Mar/2022:11:18:36 +0800] "GET /xingrg/all/function/internal_message.html?_=1646968713354&CODE_STATE=getMsg HTTP/1.1" 200 27
180.169.147.146 - - [11/Mar/2022:11:18:37 +0800] "POST /xingrg/kc/buy/cgsh_order_operate.html HTTP/1.1" 200 4437
180.169.147.146 - - [11/Mar/2022:11:18:37 +0800] "GET /xingrg/kc/print/load_data.html?order_code=212022031103374&kc_code=cgsh&condition= HTTP/1.1" 200 1450
180.169.147.146 - - [11/Mar/2022:11:18:40 +0800] "GET /xingrg/kc/buy/cgsh_order_add.html HTTP/1.1" 200 65674
222.70.243.96 - - [11/Mar/2022:11:18:40 +0800] "GET /xingrg/all/function/internal_message.html?_=1646968735399&CODE_STATE=getMsg HTTP/1.1" 200 27
180.169.147.146 - - [11/Mar/2022:11:18:40 +0800] "POST /xingrg/kc/buy/cgsh_order_operate.html HTTP/1.1" 200 8245
180.169.147.146 - - [11/Mar/2022:11:18:41 +0800] "GET /xingrg/javascript/easyui/themes/default/validatebox.css HTTP/1.1" 404 1104
124.78.159.88 - - [11/Mar/2022:11:18:44 +0800] "GET /xingrg/all/function/internal_message.html?_=1646968718338&CODE_STATE=getMsg HTTP/1.1" 200 27
116.233.72.145 - - [11/Mar/2022:11:18:44 +0800] "GET /xingrg/all/function/internal_message.html?_=1646968722089&CODE_STATE=getMsg HTTP/1.1" 200 27
58.39.168.32 - - [11/Mar/2022:11:18:47 +0800] "GET /xingrg/all/function/internal_message.html?_=1646968662660&CODE_STATE=getMsg HTTP/1.1" 200 27
222.70.180.114 - - [11/Mar/2022:11:18:48 +0800] "GET /xingrg/all/function/internal_message.html?_=1646968722353&CODE_STATE=getMsg HTTP/1.1" 200 27
58.39.168.32 - - [11/Mar/2022:11:18:51 +0800] "GET /xingrg/all/function/internal_message.html?_=1646968730406&CODE_STATE=getMsg HTTP/1.1" 200 27
180.169.147.146 - - [11/Mar/2022:11:18:52 +0800] "GET /xingrg/kc/buy/cgsh_order_operate.html?command=get_materiel&rest_code=00147&code=00101011003&supplier_code=00100242&order_time=2022-03-11 HTTP/1.1" 200 413
180.169.147.146 - - [11/Mar/2022:11:18:55 +0800] "GET /xingrg/all/function/internal_message.html?_=1646968732161&CODE_STATE=getMsg HTTP/1.1" 200 27
116.228.172.94 - - [11/Mar/2022:11:18:58 +0800] "GET /xingrg/all/function/internal_message.html?_=1646968693353&CODE_STATE=getMsg HTTP/1.1" 200 27
180.169.147.146 - - [11/Mar/2022:11:19:01 +0800] "GET /xingrg/kc/buy/cgsh_order_operate.html?command=get_materiel&rest_code=00147&code=00101016025&supplier_code=00100242&order_time=2022-03-11 HTTP/1.1" 200 408
114.83.217.117 - - [11/Mar/2022:11:19:04 +0800] "GET /xingrg/all/function/internal_message.html?_=1646968740767&CODE_STATE=getMsg HTTP/1.1" 200 27
180.169.147.146 - - [11/Mar/2022:11:19:10 +0800] "GET /xingrg/kc/buy/cgsh_order_operate.html?command=get_materiel&rest_code=00147&code=00101012019&supplier_code=00100242&order_time=2022-03-11 HTTP/1.1" 200 412
114.88.156.203 - - [11/Mar/2022:11:19:13 +0800] "GET /xingrg/all/function/internal_message.html?_=1646968523443&CODE_STATE=getMsg HTTP/1.1" 200 27
58.39.61.91 - - [11/Mar/2022:11:19:15 +0800] "GET /xingrg/all/function/internal_message.html?_=1646968753288&CODE_STATE=getMsg HTTP/1.1" 200 27
180.169.147.146 - - [11/Mar/2022:11:19:16 +0800] "GET /xingrg/kc/buy/cgsh_order_operate.html?command=get_materiel&rest_code=00147&code=00101012003&supplier_code=00100242&order_time=2022-03-11 HTTP/1.1" 200 413
180.169.147.146 - - [11/Mar/2022:11:19:19 +0800] "GET /xingrg/all/function/internal_message.html?_=1646968756145&CODE_STATE=getMsg HTTP/1.1" 200 27
180.169.147.146 - - [11/Mar/2022:11:19:22 +0800] "GET /xingrg/kc/buy/cgsh_order_operate.html?command=get_materiel&rest_code=00147&code=00101016080&supplier_code=00100242&order_time=2022-03-11 HTTP/1.1" 200 408
120.253.135.82 - - [11/Mar/2022:11:19:23 +0800] "GET /xingrg/check_reg.html?_=1646968559676 HTTP/1.1" 200 22
58.39.61.91 - - [11/Mar/2022:11:19:25 +0800] "GET /xingrg/all/function/internal_message.html?_=1646968716201&CODE_STATE=getMsg HTTP/1.1" 200 27
116.230.110.173 - - [11/Mar/2022:11:19:27 +0800] "GET /xingrg/all/function/internal_message.html?_=1646968758399&CODE_STATE=getMsg HTTP/1.1" 200 27
180.162.110.232 - - [11/Mar/2022:11:19:30 +0800] "GET /xingrg/all/function/internal_message.html?_=1646968117175&CODE_STATE=getMsg HTTP/1.1" 200 27
180.169.147.146 - - [11/Mar/2022:11:19:35 +0800] "GET /xingrg/kc/buy/cgsh_order_operate.html?command=get_materiel&rest_code=00147&code=00101010522&supplier_code=00100242&order_time=2022-03-11 HTTP/1.1" 200 408
101.85.120.86 - - [11/Mar/2022:11:19:36 +0800] "GET /xingrg/all/function/internal_message.html?_=1646968773354&CODE_STATE=getMsg HTTP/1.1" 200 27
124.78.159.88 - - [11/Mar/2022:11:19:37 +0800] "GET /xingrg/check_reg.html?_=1646968771917 HTTP/1.1" 200 22
222.70.243.96 - - [11/Mar/2022:11:19:40 +0800] "GET /xingrg/all/function/internal_message.html?_=1646968795399&CODE_STATE=getMsg HTTP/1.1" 200 27
124.78.159.88 - - [11/Mar/2022:11:19:44 +0800] "GET /xingrg/all/function/internal_message.html?_=1646968778311&CODE_STATE=getMsg HTTP/1.1" 200 27
116.233.72.145 - - [11/Mar/2022:11:19:44 +0800] "GET /xingrg/all/function/internal_message.html?_=1646968782089&CODE_STATE=getMsg HTTP/1.1" 200 27
116.233.72.145 - - [11/Mar/2022:11:19:45 +0800] "GET /xingrg/check_reg.html?_=1646968782090 HTTP/1.1" 200 22
58.39.168.32 - - [11/Mar/2022:11:19:47 +0800] "GET /xingrg/all/function/internal_message.html?_=1646968722659&CODE_STATE=getMsg HTTP/1.1" 200 27
222.70.180.114 - - [11/Mar/2022:11:19:48 +0800] "GET /xingrg/all/function/internal_message.html?_=1646968782327&CODE_STATE=getMsg HTTP/1.1" 200 27
222.70.180.114 - - [11/Mar/2022:11:19:50 +0800] "GET /xingrg/check_reg.html?_=1646968784763 HTTP/1.1" 200 22
58.39.168.32 - - [11/Mar/2022:11:19:51 +0800] "GET /xingrg/all/function/internal_message.html?_=1646968790406&CODE_STATE=getMsg HTTP/1.1" 200 27
58.39.168.32 - - [11/Mar/2022:11:19:52 +0800] "GET /xingrg/check_reg.html?_=1646968790409 HTTP/1.1" 200 22
180.169.147.146 - - [11/Mar/2022:11:19:55 +0800] "GET /xingrg/all/function/internal_message.html?_=1646968792156&CODE_STATE=getMsg HTTP/1.1" 200 27
180.169.147.146 - - [11/Mar/2022:11:19:55 +0800] "GET /xingrg/check_reg.html?_=1646968792154 HTTP/1.1" 200 22
116.228.172.94 - - [11/Mar/2022:11:19:58 +0800] "GET /xingrg/all/function/internal_message.html?_=1646968753344&CODE_STATE=getMsg HTTP/1.1" 200 27
180.169.147.146 - - [11/Mar/2022:11:20:01 +0800] "POST /xingrg/kc/buy/cgsh_order_operate.html HTTP/1.1" 200 37
180.169.147.146 - - [11/Mar/2022:11:20:04 +0800] "POST /xingrg/kc/buy/cgsh_order_operate.html HTTP/1.1" 200 5613
180.169.147.146 - - [11/Mar/2022:11:20:04 +0800] "GET /xingrg/kc/print/load_data.html?order_code=212022031103375&kc_code=cgsh&condition= HTTP/1.1" 200 1780
114.83.217.117 - - [11/Mar/2022:11:20:04 +0800] "GET /xingrg/all/function/internal_message.html?_=1646968800777&CODE_STATE=getMsg HTTP/1.1" 200 27
114.83.217.117 - - [11/Mar/2022:11:20:05 +0800] "GET /xingrg/check_reg.html?_=1646968801573 HTTP/1.1" 200 22
180.169.147.146 - - [11/Mar/2022:11:20:07 +0800] "GET /xingrg/kc/buy/cgsh_order_add.html HTTP/1.1" 200 65674
180.169.147.146 - - [11/Mar/2022:11:20:07 +0800] "POST /xingrg/kc/buy/cgsh_order_operate.html HTTP/1.1" 200 8245
180.169.147.146 - - [11/Mar/2022:11:20:08 +0800] "GET /xingrg/javascript/easyui/themes/default/validatebox.css HTTP/1.1" 404 1104
114.88.156.203 - - [11/Mar/2022:11:20:13 +0800] "GET /xingrg/all/function/internal_message.html?_=1646968583445&CODE_STATE=getMsg HTTP/1.1" 200 27
58.39.61.91 - - [11/Mar/2022:11:20:15 +0800] "GET /xingrg/check_reg.html?_=1646968813291 HTTP/1.1" 200 22
58.39.61.91 - - [11/Mar/2022:11:20:15 +0800] "GET /xingrg/all/function/internal_message.html?_=1646968813294&CODE_STATE=getMsg HTTP/1.1" 200 27
180.169.147.146 - - [11/Mar/2022:11:20:19 +0800] "GET /xingrg/all/function/internal_message.html?_=1646968816144&CODE_STATE=getMsg HTTP/1.1" 200 27
58.39.61.91 - - [11/Mar/2022:11:20:25 +0800] "GET /xingrg/all/function/internal_message.html?_=1646968776221&CODE_STATE=getMsg HTTP/1.1" 200 27
116.230.110.173 - - [11/Mar/2022:11:20:27 +0800] "GET /xingrg/all/function/internal_message.html?_=1646968818413&CODE_STATE=getMsg HTTP/1.1" 200 27
180.162.110.232 - - [11/Mar/2022:11:20:30 +0800] "GET /xingrg/all/function/internal_message.html?_=1646968177181&CODE_STATE=getMsg HTTP/1.1" 200 27
101.85.120.86 - - [11/Mar/2022:11:20:36 +0800] "GET /xingrg/all/function/internal_message.html?_=1646968833340&CODE_STATE=getMsg HTTP/1.1" 200 27
180.169.147.146 - - [11/Mar/2022:11:20:37 +0800] "GET /xingrg/kc/buy/cgsh_order_operate.html?command=get_materiel&rest_code=00147&code=00101008110&supplier_code=00100006&order_time=2022-03-11 HTTP/1.1" 200 408
222.70.243.96 - - [11/Mar/2022:11:20:38 +0800] "GET /xingrg/check_reg.html?_=1646968852756 HTTP/1.1" 200 22
222.70.243.96 - - [11/Mar/2022:11:20:40 +0800] "GET /xingrg/all/function/internal_message.html?_=1646968855412&CODE_STATE=getMsg HTTP/1.1" 200 27
124.78.159.88 - - [11/Mar/2022:11:20:44 +0800] "GET /xingrg/all/function/internal_message.html?_=1646968838286&CODE_STATE=getMsg HTTP/1.1" 200 27
61.151.178.165 - - [11/Mar/2022:11:20:44 +0800] "GET /xingrg/all/function/internal_message.html?_=1646966798998&CODE_STATE=getMsg HTTP/1.1" 302 -
116.233.72.145 - - [11/Mar/2022:11:20:44 +0800] "GET /xingrg/all/function/internal_message.html?_=1646968842091&CODE_STATE=getMsg HTTP/1.1" 200 27
180.169.147.146 - - [11/Mar/2022:11:20:45 +0800] "GET /xingrg/kc/buy/cgsh_order_operate.html?command=get_materiel&rest_code=00147&code=00101008038&supplier_code=00100006&order_time=2022-03-11 HTTP/1.1" 200 412
61.151.178.165 - - [11/Mar/2022:11:20:46 +0800] "GET /xingrg/login.html HTTP/1.1" 200 7641
58.39.168.32 - - [11/Mar/2022:11:20:47 +0800] "GET /xingrg/all/function/internal_message.html?_=1646968782657&CODE_STATE=getMsg HTTP/1.1" 200 27
222.70.180.114 - - [11/Mar/2022:11:20:48 +0800] "GET /xingrg/all/function/internal_message.html?_=1646968842306&CODE_STATE=getMsg HTTP/1.1" 200 27
58.39.168.32 - - [11/Mar/2022:11:20:51 +0800] "GET /xingrg/all/function/internal_message.html?_=1646968850408&CODE_STATE=getMsg HTTP/1.1" 200 27
180.169.147.146 - - [11/Mar/2022:11:20:52 +0800] "GET /xingrg/kc/buy/cgsh_order_operate.html?command=get_materiel&rest_code=00147&code=00101008358&supplier_code=00100006&order_time=2022-03-11 HTTP/1.1" 200 412
180.169.147.146 - - [11/Mar/2022:11:20:55 +0800] "GET /xingrg/all/function/internal_message.html?_=1646968852162&CODE_STATE=getMsg HTTP/1.1" 200 27
116.228.172.94 - - [11/Mar/2022:11:20:58 +0800] "GET /xingrg/all/function/internal_message.html?_=1646968813339&CODE_STATE=getMsg HTTP/1.1" 200 27
180.169.147.146 - - [11/Mar/2022:11:20:58 +0800] "GET /xingrg/kc/buy/cgsh_order_operate.html?command=get_materiel&rest_code=00147&code=00101008088&supplier_code=00100006&order_time=2022-03-11 HTTP/1.1" 200 409
114.83.217.117 - - [11/Mar/2022:11:21:04 +0800] "GET /xingrg/all/function/internal_message.html?_=1646968860761&CODE_STATE=getMsg HTTP/1.1" 200 27
180.169.147.146 - - [11/Mar/2022:11:21:05 +0800] "GET /xingrg/kc/buy/cgsh_order_operate.html?command=get_materiel&rest_code=00147&code=00101008190&supplier_code=00100006&order_time=2022-03-11 HTTP/1.1" 200 412
180.157.251.97 - - [11/Mar/2022:11:21:08 +0800] "GET /xingrg/check_reg.html?_=1646968867207 HTTP/1.1" 200 22
180.169.147.146 - - [11/Mar/2022:11:21:13 +0800] "GET /xingrg/kc/buy/cgsh_order_operate.html?command=get_materiel&rest_code=00147&code=00101008131&supplier_code=00100006&order_time=2022-03-11 HTTP/1.1" 200 408
114.88.156.203 - - [11/Mar/2022:11:21:13 +0800] "GET /xingrg/all/function/internal_message.html?_=1646968643437&CODE_STATE=getMsg HTTP/1.1" 200 27
114.88.156.203 - - [11/Mar/2022:11:21:14 +0800] "GET /xingrg/check_reg.html?_=1646968643436 HTTP/1.1" 200 22
58.39.61.91 - - [11/Mar/2022:11:21:14 +0800] "GET /xingrg/check_reg.html?_=1646968824660 HTTP/1.1" 200 22
58.39.61.91 - - [11/Mar/2022:11:21:15 +0800] "GET /xingrg/all/function/internal_message.html?_=1646968873279&CODE_STATE=getMsg HTTP/1.1" 200 27
180.169.147.146 - - [11/Mar/2022:11:21:19 +0800] "GET /xingrg/all/function/internal_message.html?_=1646968876145&CODE_STATE=getMsg HTTP/1.1" 200 27
180.169.147.146 - - [11/Mar/2022:11:21:19 +0800] "GET /xingrg/kc/buy/cgsh_order_operate.html?command=get_materiel&rest_code=00147&code=00101008296&supplier_code=00100006&order_time=2022-03-11 HTTP/1.1" 200 416
58.39.61.91 - - [11/Mar/2022:11:21:25 +0800] "GET /xingrg/all/function/internal_message.html?_=1646968836228&CODE_STATE=getMsg HTTP/1.1" 200 27
180.169.147.146 - - [11/Mar/2022:11:21:25 +0800] "GET /xingrg/kc/buy/cgsh_order_operate.html?command=get_materiel&rest_code=00147&code=00101008353&supplier_code=00100006&order_time=2022-03-11 HTTP/1.1" 200 408
116.230.110.173 - - [11/Mar/2022:11:21:27 +0800] "GET /xingrg/all/function/internal_message.html?_=1646968878405&CODE_STATE=getMsg HTTP/1.1" 200 27
180.162.110.232 - - [11/Mar/2022:11:21:30 +0800] "GET /xingrg/all/function/internal_message.html?_=1646968237174&CODE_STATE=getMsg HTTP/1.1" 200 27
180.162.110.232 - - [11/Mar/2022:11:21:30 +0800] "GET /xingrg/check_reg.html?_=1646968237177 HTTP/1.1" 200 22
180.169.147.146 - - [11/Mar/2022:11:21:32 +0800] "GET /xingrg/kc/buy/cgsh_order_operate.html?command=get_materiel&rest_code=00147&code=00101008403&supplier_code=00100006&order_time=2022-03-11 HTTP/1.1" 200 412
101.85.120.86 - - [11/Mar/2022:11:21:36 +0800] "GET /xingrg/all/function/internal_message.html?_=1646968893345&CODE_STATE=getMsg HTTP/1.1" 200 27
101.85.120.86 - - [11/Mar/2022:11:21:36 +0800] "GET /xingrg/check_reg.html?_=1646968893347 HTTP/1.1" 200 22
180.169.147.146 - - [11/Mar/2022:11:21:39 +0800] "GET /xingrg/kc/buy/cgsh_order_operate.html?command=get_materiel&rest_code=00147&code=00101008096&supplier_code=00100006&order_time=2022-03-11 HTTP/1.1" 200 413
222.70.243.96 - - [11/Mar/2022:11:21:40 +0800] "GET /xingrg/all/function/internal_message.html?_=1646968915426&CODE_STATE=getMsg HTTP/1.1" 200 27
124.78.159.88 - - [11/Mar/2022:11:21:44 +0800] "GET /xingrg/all/function/internal_message.html?_=1646968898257&CODE_STATE=getMsg HTTP/1.1" 200 27
116.233.72.145 - - [11/Mar/2022:11:21:44 +0800] "GET /xingrg/all/function/internal_message.html?_=1646968902094&CODE_STATE=getMsg HTTP/1.1" 200 27
58.39.168.32 - - [11/Mar/2022:11:21:47 +0800] "GET /xingrg/all/function/internal_message.html?_=1646968842656&CODE_STATE=getMsg HTTP/1.1" 200 27
180.169.147.146 - - [11/Mar/2022:11:21:47 +0800] "GET /xingrg/kc/buy/cgsh_order_operate.html?command=get_materiel&rest_code=00147&code=00101008084&supplier_code=00100006&order_time=2022-03-11 HTTP/1.1" 200 412
222.70.180.114 - - [11/Mar/2022:11:21:48 +0800] "GET /xingrg/all/function/internal_message.html?_=1646968902285&CODE_STATE=getMsg HTTP/1.1" 200 27
58.39.168.32 - - [11/Mar/2022:11:21:51 +0800] "GET /xingrg/all/function/internal_message.html?_=1646968910408&CODE_STATE=getMsg HTTP/1.1" 200 27
180.169.147.146 - - [11/Mar/2022:11:21:55 +0800] "GET /xingrg/all/function/internal_message.html?_=1646968912163&CODE_STATE=getMsg HTTP/1.1" 200 27
180.169.147.146 - - [11/Mar/2022:11:21:57 +0800] "GET /xingrg/kc/buy/cgsh_order_operate.html?command=get_materiel&rest_code=00147&code=00101008355&supplier_code=00100006&order_time=2022-03-11 HTTP/1.1" 200 408
116.228.172.94 - - [11/Mar/2022:11:21:58 +0800] "GET /xingrg/all/function/internal_message.html?_=1646968873341&CODE_STATE=getMsg HTTP/1.1" 200 27
180.169.147.146 - - [11/Mar/2022:11:22:04 +0800] "GET /xingrg/kc/buy/cgsh_order_operate.html?command=get_materiel&rest_code=00147&code=00101008063&supplier_code=00100006&order_time=2022-03-11 HTTP/1.1" 200 412
114.83.217.117 - - [11/Mar/2022:11:22:04 +0800] "GET /xingrg/all/function/internal_message.html?_=1646968920742&CODE_STATE=getMsg HTTP/1.1" 200 27
61.151.178.163 - - [11/Mar/2022:11:22:06 +0800] "GET /xingrg/all/function/internal_message.html?_=1646966379171&CODE_STATE=getMsg HTTP/1.1" 302 -
61.151.178.163 - - [11/Mar/2022:11:22:07 +0800] "GET /xingrg/login.html HTTP/1.1" 200 7641
58.39.61.91 - - [11/Mar/2022:11:22:15 +0800] "GET /xingrg/all/function/internal_message.html?_=1646968933281&CODE_STATE=getMsg HTTP/1.1" 200 27
180.169.147.146 - - [11/Mar/2022:11:22:19 +0800] "GET /xingrg/check_reg.html?_=1646968936145 HTTP/1.1" 200 22
180.169.147.146 - - [11/Mar/2022:11:22:19 +0800] "GET /xingrg/all/function/internal_message.html?_=1646968936147&CODE_STATE=getMsg HTTP/1.1" 200 27
180.169.147.146 - - [11/Mar/2022:11:22:19 +0800] "GET /xingrg/kc/buy/cgsh_order_operate.html?command=get_materiel&rest_code=00147&code=00101008137&supplier_code=00100006&order_time=2022-03-11 HTTP/1.1" 200 408
58.39.61.91 - - [11/Mar/2022:11:22:25 +0800] "GET /xingrg/all/function/internal_message.html?_=1646968896240&CODE_STATE=getMsg HTTP/1.1" 200 27
180.169.147.146 - - [11/Mar/2022:11:22:25 +0800] "GET /xingrg/kc/buy/cgsh_order_operate.html?command=get_materiel&rest_code=00147&code=00101008059&supplier_code=00100006&order_time=2022-03-11 HTTP/1.1" 200 408
116.230.110.173 - - [11/Mar/2022:11:22:27 +0800] "GET /xingrg/all/function/internal_message.html?_=1646968938419&CODE_STATE=getMsg HTTP/1.1" 200 27
180.162.110.232 - - [11/Mar/2022:11:22:30 +0800] "GET /xingrg/all/function/internal_message.html?_=1646968297177&CODE_STATE=getMsg HTTP/1.1" 200 27
101.85.120.86 - - [11/Mar/2022:11:22:36 +0800] "GET /xingrg/all/function/internal_message.html?_=1646968953345&CODE_STATE=getMsg HTTP/1.1" 200 27
180.169.147.146 - - [11/Mar/2022:11:22:39 +0800] "GET /xingrg/kc/buy/cgsh_order_operate.html?command=get_materiel&rest_code=00147&code=00101008213&supplier_code=00100006&order_time=2022-03-11 HTTP/1.1" 200 412
222.70.243.96 - - [11/Mar/2022:11:22:40 +0800] "GET /xingrg/all/function/internal_message.html?_=1646968975439&CODE_STATE=getMsg HTTP/1.1" 200 27
124.78.159.88 - - [11/Mar/2022:11:22:44 +0800] "GET /xingrg/all/function/internal_message.html?_=1646968958230&CODE_STATE=getMsg HTTP/1.1" 200 27
116.233.72.145 - - [11/Mar/2022:11:22:44 +0800] "GET /xingrg/all/function/internal_message.html?_=1646968962097&CODE_STATE=getMsg HTTP/1.1" 200 27
180.169.147.146 - - [11/Mar/2022:11:22:45 +0800] "GET /xingrg/kc/buy/cgsh_order_operate.html?command=get_materiel&rest_code=00147&code=00101008283&supplier_code=00100006&order_time=2022-03-11 HTTP/1.1" 200 409
58.39.168.32 - - [11/Mar/2022:11:22:47 +0800] "GET /xingrg/all/function/internal_message.html?_=1646968902681&CODE_STATE=getMsg HTTP/1.1" 200 27
58.39.168.32 - - [11/Mar/2022:11:22:47 +0800] "GET /xingrg/check_reg.html?_=1646968902682 HTTP/1.1" 200 22
222.70.180.114 - - [11/Mar/2022:11:22:48 +0800] "GET /xingrg/all/function/internal_message.html?_=1646968962269&CODE_STATE=getMsg HTTP/1.1" 200 27
58.39.168.32 - - [11/Mar/2022:11:22:51 +0800] "GET /xingrg/all/function/internal_message.html?_=1646968970408&CODE_STATE=getMsg HTTP/1.1" 200 27
180.169.147.146 - - [11/Mar/2022:11:22:52 +0800] "GET /xingrg/kc/buy/cgsh_order_operate.html?command=get_materiel&rest_code=00147&code=00101008323&supplier_code=00100006&order_time=2022-03-11 HTTP/1.1" 200 408
180.169.147.146 - - [11/Mar/2022:11:22:55 +0800] "GET /xingrg/all/function/internal_message.html?_=1646968972157&CODE_STATE=getMsg HTTP/1.1" 200 27
180.169.147.146 - - [11/Mar/2022:11:22:57 +0800] "POST /xingrg/kc/buy/cgsh_order_operate.html HTTP/1.1" 200 2065
116.228.172.94 - - [11/Mar/2022:11:22:58 +0800] "GET /xingrg/check_reg.html?_=1646968933340 HTTP/1.1" 200 22
116.228.172.94 - - [11/Mar/2022:11:22:58 +0800] "GET /xingrg/all/function/internal_message.html?_=1646968933350&CODE_STATE=getMsg HTTP/1.1" 200 27
114.83.217.117 - - [11/Mar/2022:11:23:04 +0800] "GET /xingrg/all/function/internal_message.html?_=1646968980714&CODE_STATE=getMsg HTTP/1.1" 200 27
180.169.147.146 - - [11/Mar/2022:11:23:06 +0800] "GET /xingrg/check_reg.html?_=1646968988882 HTTP/1.1" 200 22
58.39.61.91 - - [11/Mar/2022:11:23:15 +0800] "GET /xingrg/all/function/internal_message.html?_=1646968993291&CODE_STATE=getMsg HTTP/1.1" 200 27
180.169.147.146 - - [11/Mar/2022:11:23:19 +0800] "GET /xingrg/all/function/internal_message.html?_=1646968996145&CODE_STATE=getMsg HTTP/1.1" 200 27
61.151.178.217 - - [11/Mar/2022:11:23:21 +0800] "GET /xingrg/all/function/internal_message.html?_=1646965239630&CODE_STATE=getMsg HTTP/1.1" 302 -
61.151.178.217 - - [11/Mar/2022:11:23:23 +0800] "GET /xingrg/login.html HTTP/1.1" 200 7641
58.39.61.91 - - [11/Mar/2022:11:23:25 +0800] "GET /xingrg/all/function/internal_message.html?_=1646968956263&CODE_STATE=getMsg HTTP/1.1" 200 27
116.230.110.173 - - [11/Mar/2022:11:23:27 +0800] "GET /xingrg/check_reg.html?_=1646968998408 HTTP/1.1" 200 22
116.230.110.173 - - [11/Mar/2022:11:23:27 +0800] "GET /xingrg/all/function/internal_message.html?_=1646968998412&CODE_STATE=getMsg HTTP/1.1" 200 27
180.169.147.146 - - [11/Mar/2022:11:23:29 +0800] "POST /xingrg/kc/buy/cgsh_order_operate.html HTTP/1.1" 200 37
180.162.110.232 - - [11/Mar/2022:11:23:30 +0800] "GET /xingrg/all/function/internal_message.html?_=1646968357186&CODE_STATE=getMsg HTTP/1.1" 200 27
180.169.147.146 - - [11/Mar/2022:11:23:31 +0800] "POST /xingrg/kc/buy/cgsh_order_operate.html HTTP/1.1" 200 15077
180.169.147.146 - - [11/Mar/2022:11:23:31 +0800] "GET /xingrg/kc/print/load_data.html?order_code=212022031103376&kc_code=cgsh HTTP/1.1" 200 5389
180.169.147.146 - - [11/Mar/2022:11:23:34 +0800] "GET /xingrg/kc/print/load_data.html?order_code=212022031103376&kc_code=cgsh&condition= HTTP/1.1" 200 5389
101.85.120.86 - - [11/Mar/2022:11:23:36 +0800] "GET /xingrg/all/function/internal_message.html?_=1646969013346&CODE_STATE=getMsg HTTP/1.1" 200 27
222.70.243.96 - - [11/Mar/2022:11:23:41 +0800] "GET /xingrg/all/function/internal_message.html?_=1646969035696&CODE_STATE=getMsg HTTP/1.1" 200 27
124.78.159.88 - - [11/Mar/2022:11:23:44 +0800] "GET /xingrg/all/function/internal_message.html?_=1646969018198&CODE_STATE=getMsg HTTP/1.1" 200 27
116.233.72.145 - - [11/Mar/2022:11:23:45 +0800] "GET /xingrg/all/function/internal_message.html?_=1646969022099&CODE_STATE=getMsg HTTP/1.1" 200 27
58.39.168.32 - - [11/Mar/2022:11:23:47 +0800] "GET /xingrg/all/function/internal_message.html?_=1646968962681&CODE_STATE=getMsg HTTP/1.1" 200 27
222.70.180.114 - - [11/Mar/2022:11:23:48 +0800] "GET /xingrg/all/function/internal_message.html?_=1646969022248&CODE_STATE=getMsg HTTP/1.1" 200 27
58.39.168.32 - - [11/Mar/2022:11:23:51 +0800] "GET /xingrg/all/function/internal_message.html?_=1646969030408&CODE_STATE=getMsg HTTP/1.1" 200 27
180.169.147.146 - - [11/Mar/2022:11:23:55 +0800] "GET /xingrg/all/function/internal_message.html?_=1646969032182&CODE_STATE=getMsg HTTP/1.1" 200 27
116.228.172.94 - - [11/Mar/2022:11:23:58 +0800] "GET /xingrg/all/function/internal_message.html?_=1646968993349&CODE_STATE=getMsg HTTP/1.1" 200 27
101.89.29.78 - - [11/Mar/2022:11:24:00 +0800] "GET /xingrg/all/function/internal_message.html?_=1646966739028&CODE_STATE=getMsg HTTP/1.1" 302 -
101.89.29.78 - - [11/Mar/2022:11:24:01 +0800] "GET /xingrg/login.html HTTP/1.1" 200 7641
114.83.217.117 - - [11/Mar/2022:11:24:04 +0800] "GET /xingrg/all/function/internal_message.html?_=1646969040704&CODE_STATE=getMsg HTTP/1.1" 200 27
58.39.61.91 - - [11/Mar/2022:11:24:15 +0800] "GET /xingrg/all/function/internal_message.html?_=1646969053291&CODE_STATE=getMsg HTTP/1.1" 200 27
180.169.147.146 - - [11/Mar/2022:11:24:19 +0800] "GET /xingrg/all/function/internal_message.html?_=1646969056144&CODE_STATE=getMsg HTTP/1.1" 200 27
61.151.207.141 - - [11/Mar/2022:11:24:21 +0800] "GET /xingrg/all/function/internal_message.html?_=1646967518806&CODE_STATE=getMsg HTTP/1.1" 302 -
61.151.178.249 - - [11/Mar/2022:11:24:22 +0800] "GET /xingrg/kc/buy/cgsh_order_operate.html?command=get_materiel&rest_code=00106&code=00101007049&supplier_code=00100002&order_time=2022-03-11 HTTP/1.1" 302 -
61.151.207.141 - - [11/Mar/2022:11:24:22 +0800] "GET /xingrg/login.html HTTP/1.1" 200 7641
120.253.135.82 - - [11/Mar/2022:11:24:23 +0800] "GET /xingrg/check_reg.html?_=1646968859681 HTTP/1.1" 200 22
61.151.178.249 - - [11/Mar/2022:11:24:23 +0800] "GET /xingrg/login.html HTTP/1.1" 200 7641
101.91.60.88 - - [11/Mar/2022:11:24:25 +0800] "GET /xingrg/all/function/internal_message.html?_=1646966918946&CODE_STATE=getMsg HTTP/1.1" 302 -
58.39.61.91 - - [11/Mar/2022:11:24:25 +0800] "GET /xingrg/all/function/internal_message.html?_=1646969016269&CODE_STATE=getMsg HTTP/1.1" 200 27
101.91.60.88 - - [11/Mar/2022:11:24:27 +0800] "GET /xingrg/login.html HTTP/1.1" 200 7641
116.230.110.173 - - [11/Mar/2022:11:24:27 +0800] "GET /xingrg/all/function/internal_message.html?_=1646969058412&CODE_STATE=getMsg HTTP/1.1" 200 27
180.162.110.232 - - [11/Mar/2022:11:24:30 +0800] "GET /xingrg/all/function/internal_message.html?_=1646968417172&CODE_STATE=getMsg HTTP/1.1" 200 27
101.85.120.86 - - [11/Mar/2022:11:24:36 +0800] "GET /xingrg/all/function/internal_message.html?_=1646969073345&CODE_STATE=getMsg HTTP/1.1" 200 27
124.78.159.88 - - [11/Mar/2022:11:24:37 +0800] "GET /xingrg/check_reg.html?_=1646969071924 HTTP/1.1" 200 22
222.70.243.96 - - [11/Mar/2022:11:24:41 +0800] "GET /xingrg/all/function/internal_message.html?_=1646969095701&CODE_STATE=getMsg HTTP/1.1" 200 27
124.78.159.88 - - [11/Mar/2022:11:24:44 +0800] "GET /xingrg/all/function/internal_message.html?_=1646969078175&CODE_STATE=getMsg HTTP/1.1" 200 27
116.233.72.145 - - [11/Mar/2022:11:24:44 +0800] "GET /xingrg/all/function/internal_message.html?_=1646969082103&CODE_STATE=getMsg HTTP/1.1" 200 27
116.233.72.145 - - [11/Mar/2022:11:24:45 +0800] "GET /xingrg/check_reg.html?_=1646969082103 HTTP/1.1" 200 22
58.39.168.32 - - [11/Mar/2022:11:24:47 +0800] "GET /xingrg/all/function/internal_message.html?_=1646969022679&CODE_STATE=getMsg HTTP/1.1" 200 27
222.70.180.114 - - [11/Mar/2022:11:24:48 +0800] "GET /xingrg/all/function/internal_message.html?_=1646969082230&CODE_STATE=getMsg HTTP/1.1" 200 27
222.70.180.114 - - [11/Mar/2022:11:24:50 +0800] "GET /xingrg/check_reg.html?_=1646969084759 HTTP/1.1" 200 22
58.39.168.32 - - [11/Mar/2022:11:24:51 +0800] "GET /xingrg/check_reg.html?_=1646969090410 HTTP/1.1" 200 22
58.39.168.32 - - [11/Mar/2022:11:24:52 +0800] "GET /xingrg/all/function/internal_message.html?_=1646969090409&CODE_STATE=getMsg HTTP/1.1" 200 27
180.169.147.146 - - [11/Mar/2022:11:24:55 +0800] "GET /xingrg/check_reg.html?_=1646969092172 HTTP/1.1" 200 22
180.169.147.146 - - [11/Mar/2022:11:24:55 +0800] "GET /xingrg/all/function/internal_message.html?_=1646969092175&CODE_STATE=getMsg HTTP/1.1" 200 27
116.228.172.94 - - [11/Mar/2022:11:24:58 +0800] "GET /xingrg/all/function/internal_message.html?_=1646969053346&CODE_STATE=getMsg HTTP/1.1" 200 27
114.83.217.117 - - [11/Mar/2022:11:25:04 +0800] "GET /xingrg/all/function/internal_message.html?_=1646969100688&CODE_STATE=getMsg HTTP/1.1" 200 27
114.83.217.117 - - [11/Mar/2022:11:25:05 +0800] "GET /xingrg/check_reg.html?_=1646969101563 HTTP/1.1" 200 22
58.39.61.91 - - [11/Mar/2022:11:25:15 +0800] "GET /xingrg/all/function/internal_message.html?_=1646969113292&CODE_STATE=getMsg HTTP/1.1" 200 27
58.39.61.91 - - [11/Mar/2022:11:25:15 +0800] "GET /xingrg/check_reg.html?_=1646969113294 HTTP/1.1" 200 22
180.169.147.146 - - [11/Mar/2022:11:25:19 +0800] "GET /xingrg/all/function/internal_message.html?_=1646969116144&CODE_STATE=getMsg HTTP/1.1" 200 27
114.88.156.203 - - [11/Mar/2022:11:25:24 +0800] "GET /xingrg/kc/buy/cgsh_order_add.html HTTP/1.1" 200 65712
114.88.156.203 - - [11/Mar/2022:11:25:24 +0800] "GET /xingrg/javascript/easyui/themes/default/validatebox.css HTTP/1.1" 404 1104
114.88.156.203 - - [11/Mar/2022:11:25:24 +0800] "POST /xingrg/kc/buy/cgsh_order_operate.html HTTP/1.1" 200 8245
58.39.61.91 - - [11/Mar/2022:11:25:25 +0800] "GET /xingrg/all/function/internal_message.html?_=1646969076290&CODE_STATE=getMsg HTTP/1.1" 200 27
116.230.110.173 - - [11/Mar/2022:11:25:27 +0800] "GET /xingrg/all/function/internal_message.html?_=1646969118403&CODE_STATE=getMsg HTTP/1.1" 200 27
180.162.110.232 - - [11/Mar/2022:11:25:30 +0800] "GET /xingrg/all/function/internal_message.html?_=1646968477177&CODE_STATE=getMsg HTTP/1.1" 200 27
114.88.156.203 - - [11/Mar/2022:11:25:34 +0800] "GET /xingrg/kc/buy/cgsh_order_operate.html?command=get_materiel&rest_code=00141&code=00101009045&supplier_code=00100022&order_time=2022-03-11 HTTP/1.1" 200 412
101.85.120.86 - - [11/Mar/2022:11:25:36 +0800] "GET /xingrg/all/function/internal_message.html?_=1646969133345&CODE_STATE=getMsg HTTP/1.1" 200 27
222.70.243.96 - - [11/Mar/2022:11:25:38 +0800] "GET /xingrg/check_reg.html?_=1646969152996 HTTP/1.1" 200 22
222.70.243.96 - - [11/Mar/2022:11:25:41 +0800] "GET /xingrg/all/function/internal_message.html?_=1646969155714&CODE_STATE=getMsg HTTP/1.1" 200 27
114.88.156.203 - - [11/Mar/2022:11:25:42 +0800] "GET /xingrg/kc/buy/cgsh_order_operate.html?command=get_materiel&rest_code=00141&code=00101008418&supplier_code=00100022&order_time=2022-03-11 HTTP/1.1" 200 398
124.78.159.88 - - [11/Mar/2022:11:25:44 +0800] "GET /xingrg/all/function/internal_message.html?_=1646969138146&CODE_STATE=getMsg HTTP/1.1" 200 27
116.233.72.145 - - [11/Mar/2022:11:25:44 +0800] "GET /xingrg/all/function/internal_message.html?_=1646969142106&CODE_STATE=getMsg HTTP/1.1" 200 27
61.151.178.217 - - [11/Mar/2022:11:25:45 +0800] "GET /xingrg/all/function/internal_message.html?_=1646967218947&CODE_STATE=getMsg HTTP/1.1" 302 -
61.151.178.217 - - [11/Mar/2022:11:25:46 +0800] "GET /xingrg/login.html HTTP/1.1" 200 7641
58.39.168.32 - - [11/Mar/2022:11:25:47 +0800] "GET /xingrg/all/function/internal_message.html?_=1646969082677&CODE_STATE=getMsg HTTP/1.1" 200 27
222.70.180.114 - - [11/Mar/2022:11:25:48 +0800] "GET /xingrg/all/function/internal_message.html?_=1646969142212&CODE_STATE=getMsg HTTP/1.1" 200 27
114.88.156.203 - - [11/Mar/2022:11:25:49 +0800] "POST /xingrg/kc/buy/cgsh_order_operate.html HTTP/1.1" 200 37
58.39.168.32 - - [11/Mar/2022:11:25:51 +0800] "GET /xingrg/all/function/internal_message.html?_=1646969150408&CODE_STATE=getMsg HTTP/1.1" 200 27
61.151.178.217 - - [11/Mar/2022:11:25:52 +0800] "GET /xingrg/all/function/internal_message.html?_=1646966619080&CODE_STATE=getMsg HTTP/1.1" 302 -
61.151.178.217 - - [11/Mar/2022:11:25:52 +0800] "GET /xingrg/login.html HTTP/1.1" 200 7641
180.169.147.146 - - [11/Mar/2022:11:25:55 +0800] "GET /xingrg/all/function/internal_message.html?_=1646969152173&CODE_STATE=getMsg HTTP/1.1" 200 27
116.228.172.94 - - [11/Mar/2022:11:25:58 +0800] "GET /xingrg/all/function/internal_message.html?_=1646969113354&CODE_STATE=getMsg HTTP/1.1" 200 27
222.70.180.114 - - [11/Mar/2022:11:25:58 +0800] "GET /xingrg/kc/buy/cgsh_order_operate.html?command=get_materiel&rest_code=00111&code=00101001165&supplier_code=00100314&order_time=2022-03-11 HTTP/1.1" 200 412
114.88.156.203 - - [11/Mar/2022:11:26:00 +0800] "POST /xingrg/kc/buy/cgsh_order_operate.html HTTP/1.1" 200 12
114.88.156.203 - - [11/Mar/2022:11:26:01 +0800] "GET /xingrg/kc/buy/cgsh_order_info.html?code=212022031103377 HTTP/1.1" 200 60613
114.88.156.203 - - [11/Mar/2022:11:26:02 +0800] "GET /xingrg/javascript/easyui/themes/default/validatebox.css HTTP/1.1" 404 1104
114.88.156.203 - - [11/Mar/2022:11:26:02 +0800] "POST /xingrg/kc/buy/cgsh_order_operate.html HTTP/1.1" 200 1198
114.88.156.203 - - [11/Mar/2022:11:26:03 +0800] "GET /xingrg/kc/print/load_data.html?order_code=212022031103377&kc_code=cgsh&condition= HTTP/1.1" 200 970
114.83.217.117 - - [11/Mar/2022:11:26:04 +0800] "GET /xingrg/all/function/internal_message.html?_=1646969160672&CODE_STATE=getMsg HTTP/1.1" 200 27
114.88.156.203 - - [11/Mar/2022:11:26:07 +0800] "GET /xingrg/kc/buy/cgsh_order_add.html HTTP/1.1" 200 65712
114.88.156.203 - - [11/Mar/2022:11:26:07 +0800] "POST /xingrg/kc/buy/cgsh_order_operate.html HTTP/1.1" 200 8245
114.88.156.203 - - [11/Mar/2022:11:26:08 +0800] "GET /xingrg/javascript/easyui/themes/default/validatebox.css HTTP/1.1" 404 1104
180.157.251.97 - - [11/Mar/2022:11:26:08 +0800] "GET /xingrg/check_reg.html?_=1646969167183 HTTP/1.1" 200 22
222.70.180.114 - - [11/Mar/2022:11:26:11 +0800] "POST /xingrg/kc/buy/cgsh_order_operate.html HTTP/1.1" 200 37
114.88.156.203 - - [11/Mar/2022:11:26:13 +0800] "GET /xingrg/check_reg.html?_=1646968943509 HTTP/1.1" 200 22
222.70.180.114 - - [11/Mar/2022:11:26:13 +0800] "POST /xingrg/kc/buy/cgsh_order_operate.html HTTP/1.1" 200 3259
58.39.61.91 - - [11/Mar/2022:11:26:14 +0800] "GET /xingrg/check_reg.html?_=1646969124657 HTTP/1.1" 200 22
58.39.61.91 - - [11/Mar/2022:11:26:15 +0800] "GET /xingrg/all/function/internal_message.html?_=1646969173298&CODE_STATE=getMsg HTTP/1.1" 200 27
114.88.156.203 - - [11/Mar/2022:11:26:15 +0800] "GET /xingrg/kc/buy/cgsh_order_operate.html?command=get_materiel&rest_code=00141&code=00101004050&supplier_code=00100312&order_time=2022-03-11 HTTP/1.1" 200 409
222.70.180.114 - - [11/Mar/2022:11:26:15 +0800] "GET /xingrg/kc/print/load_data.html?order_code=212022031103378&kc_code=cgsh&condition= HTTP/1.1" 200 905
180.169.147.146 - - [11/Mar/2022:11:26:19 +0800] "GET /xingrg/all/function/internal_message.html?_=1646969176143&CODE_STATE=getMsg HTTP/1.1" 200 27
180.169.147.146 - - [11/Mar/2022:11:26:19 +0800] "GET /xingrg/kc/base/crk_hz.html HTTP/1.1" 200 11247
180.169.147.146 - - [11/Mar/2022:11:26:20 +0800] "POST /xingrg/kc/cost/cost_operate.html?command=get_base_tree HTTP/1.1" 200 2518
180.169.147.146 - - [11/Mar/2022:11:26:20 +0800] "POST /xingrg/all/common/load_tree.html?tree=materiel_sort_tree_json HTTP/1.1" 200 9388
222.70.180.114 - - [11/Mar/2022:11:26:22 +0800] "GET /xingrg/kc/buy/cgsh_order_add.html HTTP/1.1" 200 65627
222.70.180.114 - - [11/Mar/2022:11:26:22 +0800] "POST /xingrg/kc/buy/cgsh_order_operate.html HTTP/1.1" 200 8245
222.70.180.114 - - [11/Mar/2022:11:26:22 +0800] "GET /xingrg/javascript/easyui/themes/default/validatebox.css HTTP/1.1" 404 1104
114.88.156.203 - - [11/Mar/2022:11:26:23 +0800] "GET /xingrg/kc/buy/cgsh_order_operate.html?command=get_materiel&rest_code=00141&code=00101004010&supplier_code=00100312&order_time=2022-03-11 HTTP/1.1" 200 409
101.91.60.88 - - [11/Mar/2022:11:26:24 +0800] "GET /xingrg/check_reg.html?_=1646966971893 HTTP/1.1" 302 -
101.91.60.88 - - [11/Mar/2022:11:26:25 +0800] "GET /xingrg/login.html HTTP/1.1" 200 7641
58.39.61.91 - - [11/Mar/2022:11:26:25 +0800] "GET /xingrg/all/function/internal_message.html?_=1646969136295&CODE_STATE=getMsg HTTP/1.1" 200 27
116.230.110.173 - - [11/Mar/2022:11:26:27 +0800] "GET /xingrg/all/function/internal_message.html?_=1646969178419&CODE_STATE=getMsg HTTP/1.1" 200 27
114.88.156.203 - - [11/Mar/2022:11:26:30 +0800] "GET /xingrg/kc/buy/cgsh_order_operate.html?command=get_materiel&rest_code=00141&code=00101001136&supplier_code=00100312&order_time=2022-03-11 HTTP/1.1" 200 433
180.162.110.232 - - [11/Mar/2022:11:26:30 +0800] "GET /xingrg/all/function/internal_message.html?_=1646968537183&CODE_STATE=getMsg HTTP/1.1" 200 27
180.162.110.232 - - [11/Mar/2022:11:26:30 +0800] "GET /xingrg/check_reg.html?_=1646968537186 HTTP/1.1" 200 22
222.70.180.114 - - [11/Mar/2022:11:26:32 +0800] "GET /xingrg/kc/buy/cgsh_order_operate.html?command=get_materiel&rest_code=00111&code=00102002195&supplier_code=00100093&order_time=2022-03-11 HTTP/1.1" 200 413
116.228.172.94 - - [11/Mar/2022:11:26:36 +0800] "GET /xingrg/kc/buy/buy_main.html HTTP/1.1" 200 12412
101.85.120.86 - - [11/Mar/2022:11:26:36 +0800] "GET /xingrg/all/function/internal_message.html?_=1646969193345&CODE_STATE=getMsg HTTP/1.1" 200 27
116.228.172.94 - - [11/Mar/2022:11:26:37 +0800] "GET /xingrg/css/new_ie.css HTTP/1.1" 404 1036
101.85.120.86 - - [11/Mar/2022:11:26:37 +0800] "GET /xingrg/check_reg.html?_=1646969193347 HTTP/1.1" 200 22
116.228.172.94 - - [11/Mar/2022:11:26:37 +0800] "GET /xingrg/images/yd/bt.gif HTTP/1.1" 404 1040
116.228.172.94 - - [11/Mar/2022:11:26:38 +0800] "GET /xingrg/kc/buy/cgsh_order_list.html HTTP/1.1" 200 49894
114.88.156.203 - - [11/Mar/2022:11:26:39 +0800] "GET /xingrg/kc/buy/cgsh_order_operate.html?command=get_materiel&rest_code=00141&code=00101001138&supplier_code=00100312&order_time=2022-03-11 HTTP/1.1" 200 413
116.228.172.94 - - [11/Mar/2022:11:26:39 +0800] "POST /xingrg/kc/buy/cgsh_list_operate.html HTTP/1.1" 200 876
222.70.243.96 - - [11/Mar/2022:11:26:41 +0800] "GET /xingrg/all/function/internal_message.html?_=1646969215729&CODE_STATE=getMsg HTTP/1.1" 200 27
222.70.180.114 - - [11/Mar/2022:11:26:42 +0800] "POST /xingrg/kc/buy/cgsh_order_operate.html HTTP/1.1" 200 37
124.78.159.88 - - [11/Mar/2022:11:26:44 +0800] "GET /xingrg/all/function/internal_message.html?_=1646969198128&CODE_STATE=getMsg HTTP/1.1" 200 27
101.91.60.11 - - [11/Mar/2022:11:26:44 +0800] "GET /xingrg/check_reg.html?_=1646965471853 HTTP/1.1" 302 -
116.233.72.145 - - [11/Mar/2022:11:26:44 +0800] "GET /xingrg/all/function/internal_message.html?_=1646969202107&CODE_STATE=getMsg HTTP/1.1" 200 27
222.70.180.114 - - [11/Mar/2022:11:26:45 +0800] "POST /xingrg/kc/buy/cgsh_order_operate.html HTTP/1.1" 200 2661
101.91.60.11 - - [11/Mar/2022:11:26:45 +0800] "GET /xingrg/login.html HTTP/1.1" 200 7641
222.70.180.114 - - [11/Mar/2022:11:26:46 +0800] "GET /xingrg/kc/print/load_data.html?order_code=212022031103379&kc_code=cgsh&condition= HTTP/1.1" 200 721
58.39.168.32 - - [11/Mar/2022:11:26:47 +0800] "GET /xingrg/all/function/internal_message.html?_=1646969142676&CODE_STATE=getMsg HTTP/1.1" 200 27
114.88.156.203 - - [11/Mar/2022:11:26:47 +0800] "GET /xingrg/kc/buy/cgsh_order_operate.html?command=get_materiel&rest_code=00141&code=00101001096&supplier_code=00100312&order_time=2022-03-11 HTTP/1.1" 200 413
222.70.180.114 - - [11/Mar/2022:11:26:49 +0800] "GET /xingrg/all/function/internal_message.html?_=1646969203181&CODE_STATE=getMsg HTTP/1.1" 200 27
58.39.168.32 - - [11/Mar/2022:11:26:51 +0800] "GET /xingrg/all/function/internal_message.html?_=1646969210406&CODE_STATE=getMsg HTTP/1.1" 200 27
222.70.180.114 - - [11/Mar/2022:11:26:52 +0800] "GET /xingrg/kc/buy/cgsh_order_add.html HTTP/1.1" 200 65627
222.70.180.114 - - [11/Mar/2022:11:26:53 +0800] "POST /xingrg/kc/buy/cgsh_order_operate.html HTTP/1.1" 200 8245
222.70.180.114 - - [11/Mar/2022:11:26:53 +0800] "GET /xingrg/javascript/easyui/themes/default/validatebox.css HTTP/1.1" 404 1104
114.88.156.203 - - [11/Mar/2022:11:26:54 +0800] "POST /xingrg/kc/buy/cgsh_order_operate.html HTTP/1.1" 200 37
180.169.147.146 - - [11/Mar/2022:11:26:55 +0800] "GET /xingrg/all/function/internal_message.html?_=1646969212177&CODE_STATE=getMsg HTTP/1.1" 200 27
116.228.172.94 - - [11/Mar/2022:11:26:58 +0800] "GET /xingrg/all/function/internal_message.html?_=1646969173346&CODE_STATE=getMsg HTTP/1.1" 200 27
114.88.156.203 - - [11/Mar/2022:11:26:59 +0800] "POST /xingrg/kc/buy/cgsh_order_operate.html HTTP/1.1" 200 12
114.88.156.203 - - [11/Mar/2022:11:27:00 +0800] "GET /xingrg/kc/buy/cgsh_order_info.html?code=212022031103380 HTTP/1.1" 200 60619
114.88.156.203 - - [11/Mar/2022:11:27:00 +0800] "GET /xingrg/javascript/easyui/themes/default/validatebox.css HTTP/1.1" 404 1104
114.88.156.203 - - [11/Mar/2022:11:27:01 +0800] "POST /xingrg/kc/buy/cgsh_order_operate.html HTTP/1.1" 200 2982
180.169.147.146 - - [11/Mar/2022:11:27:01 +0800] "GET /xingrg/kc/base/crk_hz.html?_=1646969218585&command=get_cost_id&end_date=2022-02-28&start_date=2022-01-01 HTTP/1.1" 200 51
