116.224.122.7 - - [11/Mar/2022:08:59:45 +0800] "POST /xingrg/kc/base/wldb_list_operate.html HTTP/1.1" 200 6285
116.224.122.7 - - [11/Mar/2022:08:59:48 +0800] "POST /xingrg/kc/base/wldb_list_operate.html HTTP/1.1" 200 6250
222.70.243.96 - - [11/Mar/2022:08:59:49 +0800] "POST /xingrg/kc/buy/cgsh_order_operate.html HTTP/1.1" 200 37
114.83.217.117 - - [11/Mar/2022:08:59:49 +0800] "GET /xingrg/kc/buy/cgsh_order_operate.html?command=get_materiel&rest_code=00149&code=00101008372&supplier_code=00100005&order_time=2022-03-10 HTTP/1.1" 200 23
222.70.180.114 - - [11/Mar/2022:08:59:50 +0800] "GET /xingrg/check_reg.html?_=1646960384565 HTTP/1.1" 200 22
222.70.180.114 - - [11/Mar/2022:08:59:50 +0800] "GET /xingrg/all/function/internal_message.html?_=1646960384569&CODE_STATE=getMsg HTTP/1.1" 200 27
116.224.122.7 - - [11/Mar/2022:08:59:50 +0800] "POST /xingrg/kc/base/wldb_list_operate.html HTTP/1.1" 200 6283
58.39.168.32 - - [11/Mar/2022:08:59:51 +0800] "GET /xingrg/check_reg.html?_=1646960390181 HTTP/1.1" 200 22
58.39.168.32 - - [11/Mar/2022:08:59:51 +0800] "GET /xingrg/all/function/internal_message.html?_=1646960390177&CODE_STATE=getMsg HTTP/1.1" 200 27
222.70.243.96 - - [11/Mar/2022:08:59:51 +0800] "POST /xingrg/kc/buy/cgsh_order_operate.html HTTP/1.1" 200 25746
116.230.110.173 - - [11/Mar/2022:08:59:52 +0800] "GET /xingrg/kc/buy/cgsh_order_operate.html?command=get_materiel&rest_code=00155&code=00101008272&supplier_code=00100005&order_time=2022-03-11 HTTP/1.1" 200 412
116.224.122.7 - - [11/Mar/2022:08:59:54 +0800] "POST /xingrg/kc/base/wldb_list_operate.html HTTP/1.1" 200 209
116.224.122.7 - - [11/Mar/2022:08:59:56 +0800] "POST /xingrg/kc/base/wldb_list_operate.html HTTP/1.1" 200 6273
114.83.217.117 - - [11/Mar/2022:08:59:58 +0800] "POST /xingrg/kc/buy/cgsh_order_operate.html HTTP/1.1" 200 37
116.224.122.7 - - [11/Mar/2022:08:59:59 +0800] "POST /xingrg/kc/base/wldb_list_operate.html HTTP/1.1" 200 209
114.83.217.117 - - [11/Mar/2022:09:00:00 +0800] "POST /xingrg/kc/buy/cgsh_order_operate.html HTTP/1.1" 200 9203
116.230.110.173 - - [11/Mar/2022:09:00:00 +0800] "GET /xingrg/kc/buy/cgsh_order_operate.html?command=get_materiel&rest_code=00155&code=00101008137&supplier_code=00100005&order_time=2022-03-11 HTTP/1.1" 200 408
116.224.122.7 - - [11/Mar/2022:09:00:01 +0800] "POST /xingrg/kc/base/wldb_list_operate.html HTTP/1.1" 200 6268
120.253.135.82 - - [11/Mar/2022:09:00:01 +0800] "POST /xingrg/kc/buy/cgsh_order_operate.html HTTP/1.1" 200 2684
114.83.217.117 - - [11/Mar/2022:09:00:03 +0800] "GET /xingrg/login.html?sysBaseUrl=http%3A%2F%2F180.169.147.146%3A18081%2Fxingrg%2F&costTime=31×tamp=1615347190560 HTTP/1.1" 200 7641
114.83.217.117 - - [11/Mar/2022:09:00:03 +0800] "GET /favicon.ico HTTP/1.1" 404 -
114.83.217.117 - - [11/Mar/2022:09:00:05 +0800] "POST /xingrg/login.do HTTP/1.1" 302 -
114.83.217.117 - - [11/Mar/2022:09:00:05 +0800] "GET /xingrg/index.html?sysBaseUrl=http%3A%2F%2F180.169.147.146%3A18081%2Fxingrg%2F&costTime=53×tamp=1646960405128 HTTP/1.1" 200 17179
114.83.217.117 - - [11/Mar/2022:09:00:05 +0800] "GET /favicon.ico HTTP/1.1" 404 -
114.83.217.117 - - [11/Mar/2022:09:00:05 +0800] "POST /xingrg/all/common/load_tree.html?tree=area_rest_tree_json&manage=1 HTTP/1.1" 200 351
114.83.217.117 - - [11/Mar/2022:09:00:05 +0800] "GET /xingrg/check_reg.html?_=1646960401443 HTTP/1.1" 200 22
114.83.217.117 - - [11/Mar/2022:09:00:05 +0800] "POST /xingrg/load_menu.html HTTP/1.1" 200 5138
114.83.217.117 - - [11/Mar/2022:09:00:05 +0800] "GET /xingrg/all/function/internal_message.html?_=1646960401443&CODE_STATE=count HTTP/1.1" 200 11
116.224.122.7 - - [11/Mar/2022:09:00:05 +0800] "POST /xingrg/kc/base/wldb_list_operate.html HTTP/1.1" 200 6277
120.253.135.82 - - [11/Mar/2022:09:00:05 +0800] "GET /xingrg/all/function/internal_message.html?_=1646960202452&CODE_STATE=getMsg HTTP/1.1" 200 27
116.230.110.173 - - [11/Mar/2022:09:00:06 +0800] "GET /xingrg/kc/buy/cgsh_order_operate.html?command=get_materiel&rest_code=00155&code=00101008360&supplier_code=00100005&order_time=2022-03-11 HTTP/1.1" 200 413
114.83.217.117 - - [11/Mar/2022:09:00:09 +0800] "GET /xingrg/kc/buy/cgsh_order_list.html HTTP/1.1" 200 49896
116.224.122.7 - - [11/Mar/2022:09:00:09 +0800] "POST /xingrg/kc/base/wldb_list_operate.html HTTP/1.1" 200 6279
120.253.135.82 - - [11/Mar/2022:09:00:10 +0800] "POST /xingrg/kc/buy/cgsh_order_operate.html HTTP/1.1" 200 37
116.230.110.173 - - [11/Mar/2022:09:00:10 +0800] "GET /xingrg/kc/buy/cgsh_order_operate.html?command=get_materiel&rest_code=00155&code=00101008196&supplier_code=00100005&order_time=2022-03-11 HTTP/1.1" 200 417
114.83.217.117 - - [11/Mar/2022:09:00:11 +0800] "POST /xingrg/kc/buy/cgsh_list_operate.html HTTP/1.1" 200 1688
114.83.217.117 - - [11/Mar/2022:09:00:13 +0800] "POST /xingrg/kc/buy/cgsh_list_operate.html HTTP/1.1" 200 567
114.83.217.117 - - [11/Mar/2022:09:00:14 +0800] "GET /xingrg/kc/buy/cgsh_order_info.html?code=212022031103312 HTTP/1.1" 200 65768
116.224.122.7 - - [11/Mar/2022:09:00:14 +0800] "POST /xingrg/kc/base/wldb_list_operate.html HTTP/1.1" 200 6246
114.83.217.117 - - [11/Mar/2022:09:00:14 +0800] "GET /xingrg/all/common/auto_word.html?type=employee&rest_code=00149 HTTP/1.1" 200 197
114.83.217.117 - - [11/Mar/2022:09:00:14 +0800] "GET /xingrg/all/common/auto_word.html?type=employee&rest_code=00149 HTTP/1.1" 200 197
114.83.217.117 - - [11/Mar/2022:09:00:14 +0800] "GET /xingrg/javascript/easyui/themes/default/validatebox.css HTTP/1.1" 404 1104
114.83.217.117 - - [11/Mar/2022:09:00:15 +0800] "POST /xingrg/kc/buy/cgsh_order_operate.html HTTP/1.1" 200 9203
116.224.122.7 - - [11/Mar/2022:09:00:16 +0800] "POST /xingrg/kc/base/wldb_list_operate.html HTTP/1.1" 200 207
120.253.135.82 - - [11/Mar/2022:09:00:16 +0800] "POST /xingrg/kc/buy/cgsh_order_operate.html HTTP/1.1" 200 12
116.230.110.173 - - [11/Mar/2022:09:00:16 +0800] "GET /xingrg/kc/buy/cgsh_order_operate.html?command=get_materiel&rest_code=00155&code=00101008069&supplier_code=00100005&order_time=2022-03-11 HTTP/1.1" 200 412
222.70.243.96 - - [11/Mar/2022:09:00:17 +0800] "GET /xingrg/kc/buy/cgsh_order_operate.html?command=get_materiel&rest_code=00146&code=00101008168&supplier_code=00100005&order_time=2022-03-11 HTTP/1.1" 200 413
116.224.122.7 - - [11/Mar/2022:09:00:18 +0800] "POST /xingrg/kc/base/wldb_list_operate.html HTTP/1.1" 200 6266
120.253.135.82 - - [11/Mar/2022:09:00:19 +0800] "GET /xingrg/kc/buy/cgsh_order_info.html?code=212022031103310 HTTP/1.1" 200 59585
120.253.135.82 - - [11/Mar/2022:09:00:20 +0800] "GET /xingrg/javascript/easyui/themes/default/validatebox.css HTTP/1.1" 404 1104
114.83.217.117 - - [11/Mar/2022:09:00:20 +0800] "GET /xingrg/javascript/auto/indicator.gif HTTP/1.1" 404 1066
120.253.135.82 - - [11/Mar/2022:09:00:20 +0800] "POST /xingrg/kc/buy/cgsh_order_operate.html HTTP/1.1" 200 634
116.230.110.173 - - [11/Mar/2022:09:00:22 +0800] "GET /xingrg/kc/buy/cgsh_order_operate.html?command=get_materiel&rest_code=00155&code=00101008006&supplier_code=00100005&order_time=2022-03-11 HTTP/1.1" 200 416
116.224.122.7 - - [11/Mar/2022:09:00:22 +0800] "POST /xingrg/kc/base/wldb_list_operate.html HTTP/1.1" 200 6240
120.253.135.82 - - [11/Mar/2022:09:00:23 +0800] "POST /xingrg/kc/buy/cgsh_list_operate.html HTTP/1.1" 200 876
58.39.61.91 - - [11/Mar/2022:09:00:23 +0800] "GET /xingrg/all/function/internal_message.html?_=1646960374304&CODE_STATE=getMsg HTTP/1.1" 200 27
120.253.135.82 - - [11/Mar/2022:09:00:24 +0800] "GET /xingrg/kc/buy/cgsh_order_add.html HTTP/1.1" 200 64682
120.253.135.82 - - [11/Mar/2022:09:00:24 +0800] "POST /xingrg/kc/buy/cgsh_order_operate.html HTTP/1.1" 200 8245
120.253.135.82 - - [11/Mar/2022:09:00:24 +0800] "GET /xingrg/javascript/easyui/themes/default/validatebox.css HTTP/1.1" 404 1104
114.83.217.117 - - [11/Mar/2022:09:00:25 +0800] "GET /xingrg/kc/buy/cgsh_order_operate.html?command=get_materiel&rest_code=00149&code=00101008372&supplier_code=00100005&order_time=2022-03-10 HTTP/1.1" 200 408
58.39.61.91 - - [11/Mar/2022:09:00:25 +0800] "GET /xingrg/all/function/internal_message.html?_=1646960423535&CODE_STATE=getMsg HTTP/1.1" 200 27
116.224.122.7 - - [11/Mar/2022:09:00:26 +0800] "POST /xingrg/kc/base/wldb_list_operate.html HTTP/1.1" 200 6247
116.230.110.173 - - [11/Mar/2022:09:00:27 +0800] "GET /xingrg/all/function/internal_message.html?_=1646960418404&CODE_STATE=getMsg HTTP/1.1" 200 27
116.230.110.173 - - [11/Mar/2022:09:00:28 +0800] "GET /xingrg/kc/buy/cgsh_order_operate.html?command=get_materiel&rest_code=00155&code=00101008318&supplier_code=00100005&order_time=2022-03-11 HTTP/1.1" 200 408
116.224.122.7 - - [11/Mar/2022:09:00:29 +0800] "POST /xingrg/kc/base/wldb_list_operate.html HTTP/1.1" 200 6248
116.224.122.7 - - [11/Mar/2022:09:00:32 +0800] "POST /xingrg/kc/base/wldb_list_operate.html HTTP/1.1" 200 6249
116.230.110.173 - - [11/Mar/2022:09:00:33 +0800] "GET /xingrg/kc/buy/cgsh_order_operate.html?command=get_materiel&rest_code=00155&code=00101008352&supplier_code=00100005&order_time=2022-03-11 HTTP/1.1" 200 412
120.253.135.82 - - [11/Mar/2022:09:00:34 +0800] "POST /xingrg/all/common/load_combo.html?type=employee HTTP/1.1" 200 1664
222.70.243.96 - - [11/Mar/2022:09:00:34 +0800] "GET /xingrg/check_reg.html?_=1646960449129 HTTP/1.1" 200 22
222.70.243.96 - - [11/Mar/2022:09:00:35 +0800] "GET /xingrg/all/function/internal_message.html?_=1646960449330&CODE_STATE=getMsg HTTP/1.1" 200 27
116.224.122.7 - - [11/Mar/2022:09:00:35 +0800] "POST /xingrg/kc/base/wldb_list_operate.html HTTP/1.1" 200 6253
114.83.217.117 - - [11/Mar/2022:09:00:37 +0800] "GET /xingrg/kc/buy/cgsh_order_operate.html?command=get_materiel&rest_code=00149&code=00101008024&supplier_code=00100005&order_time=2022-03-10 HTTP/1.1" 200 408
116.224.122.7 - - [11/Mar/2022:09:00:38 +0800] "POST /xingrg/kc/base/wldb_list_operate.html HTTP/1.1" 200 6249
116.230.110.173 - - [11/Mar/2022:09:00:38 +0800] "GET /xingrg/kc/buy/cgsh_order_operate.html?command=get_materiel&rest_code=00155&code=00101008283&supplier_code=00100005&order_time=2022-03-11 HTTP/1.1" 200 409
116.224.122.7 - - [11/Mar/2022:09:00:39 +0800] "GET /xingrg/all/function/internal_message.html?_=1646960479701&CODE_STATE=getMsg HTTP/1.1" 200 27
116.224.122.7 - - [11/Mar/2022:09:00:40 +0800] "POST /xingrg/kc/base/wldb_list_operate.html HTTP/1.1" 200 211
116.230.110.173 - - [11/Mar/2022:09:00:43 +0800] "GET /xingrg/kc/buy/cgsh_order_operate.html?command=get_materiel&rest_code=00155&code=00101008036&supplier_code=00100005&order_time=2022-03-11 HTTP/1.1" 200 408
116.224.122.7 - - [11/Mar/2022:09:00:43 +0800] "POST /xingrg/kc/base/wldb_list_operate.html HTTP/1.1" 200 6251
116.230.110.173 - - [11/Mar/2022:09:00:45 +0800] "POST /xingrg/kc/buy/cgsh_order_operate.html HTTP/1.1" 200 2065
116.224.122.7 - - [11/Mar/2022:09:00:46 +0800] "POST /xingrg/kc/base/wldb_list_operate.html HTTP/1.1" 200 6250
120.253.135.82 - - [11/Mar/2022:09:00:47 +0800] "GET /xingrg/check_reg.html?_=1646960244312 HTTP/1.1" 200 22
114.83.217.117 - - [11/Mar/2022:09:00:47 +0800] "GET /xingrg/kc/buy/cgsh_order_operate.html?command=get_materiel&rest_code=00149&code=00101008356&supplier_code=00100005&order_time=2022-03-10 HTTP/1.1" 200 408
116.224.122.7 - - [11/Mar/2022:09:00:49 +0800] "POST /xingrg/kc/base/wldb_list_operate.html HTTP/1.1" 200 6250
222.70.180.114 - - [11/Mar/2022:09:00:50 +0800] "GET /xingrg/all/function/internal_message.html?_=1646960444553&CODE_STATE=getMsg HTTP/1.1" 200 27
120.253.135.82 - - [11/Mar/2022:09:00:50 +0800] "GET /xingrg/kc/buy/cgsh_order_operate.html?command=get_materiel&rest_code=00101&code=00101036003&supplier_code=00100373&order_time=2022-03-11 HTTP/1.1" 200 439
58.39.168.32 - - [11/Mar/2022:09:00:51 +0800] "GET /xingrg/all/function/internal_message.html?_=1646960450180&CODE_STATE=getMsg HTTP/1.1" 200 27
116.224.122.7 - - [11/Mar/2022:09:00:53 +0800] "POST /xingrg/kc/base/wldb_list_operate.html HTTP/1.1" 200 6249
116.224.122.7 - - [11/Mar/2022:09:00:56 +0800] "POST /xingrg/kc/base/wldb_list_operate.html HTTP/1.1" 200 6281
116.224.122.7 - - [11/Mar/2022:09:00:58 +0800] "POST /xingrg/kc/base/wldb_list_operate.html HTTP/1.1" 200 365
116.230.110.173 - - [11/Mar/2022:09:01:01 +0800] "POST /xingrg/kc/buy/cgsh_order_operate.html HTTP/1.1" 200 37
222.70.243.96 - - [11/Mar/2022:09:01:02 +0800] "GET /xingrg/kc/buy/cgsh_order_operate.html?command=get_materiel&rest_code=00146&code=00101008041&supplier_code=00100005&order_time=2022-03-11 HTTP/1.1" 200 408
116.230.110.173 - - [11/Mar/2022:09:01:02 +0800] "POST /xingrg/kc/buy/cgsh_order_operate.html HTTP/1.1" 200 14486
116.224.122.7 - - [11/Mar/2022:09:01:02 +0800] "POST /xingrg/kc/base/wldb_list_operate.html HTTP/1.1" 200 6314
116.230.110.173 - - [11/Mar/2022:09:01:03 +0800] "GET /xingrg/kc/print/load_config.html?kc_code=cgsh HTTP/1.1" 200 1943
116.230.110.173 - - [11/Mar/2022:09:01:03 +0800] "GET /xingrg/kc/print/load_data.html?order_code=212022031103313&kc_code=cgsh HTTP/1.1" 200 5195
114.83.217.117 - - [11/Mar/2022:09:01:05 +0800] "GET /xingrg/all/function/internal_message.html?_=1646960461453&CODE_STATE=getMsg HTTP/1.1" 200 27
120.253.135.82 - - [11/Mar/2022:09:01:05 +0800] "GET /xingrg/all/function/internal_message.html?_=1646960262466&CODE_STATE=getMsg HTTP/1.1" 200 27
120.253.135.82 - - [11/Mar/2022:09:01:07 +0800] "POST /xingrg/kc/buy/cgsh_order_operate.html HTTP/1.1" 200 37
120.253.135.82 - - [11/Mar/2022:09:01:09 +0800] "POST /xingrg/kc/buy/cgsh_order_operate.html HTTP/1.1" 200 2662
116.224.122.7 - - [11/Mar/2022:09:01:09 +0800] "POST /xingrg/kc/base/wldb_list_operate.html HTTP/1.1" 200 6274
120.253.135.82 - - [11/Mar/2022:09:01:11 +0800] "GET /xingrg/kc/print/load_data.html?order_code=212022031103314&kc_code=cgsh&condition= HTTP/1.1" 200 697
116.224.122.7 - - [11/Mar/2022:09:01:12 +0800] "POST /xingrg/kc/base/wldb_list_operate.html HTTP/1.1" 200 6307
58.39.61.91 - - [11/Mar/2022:09:01:13 +0800] "GET /xingrg/check_reg.html?_=1646960424502 HTTP/1.1" 200 22
116.224.122.7 - - [11/Mar/2022:09:01:16 +0800] "POST /xingrg/kc/base/wldb_list_operate.html HTTP/1.1" 200 6299
114.83.217.117 - - [11/Mar/2022:09:01:18 +0800] "GET /xingrg/kc/buy/cgsh_order_operate.html?command=get_materiel&rest_code=00149&code=00101008205&supplier_code=00100005&order_time=2022-03-10 HTTP/1.1" 200 412
116.224.122.7 - - [11/Mar/2022:09:01:19 +0800] "POST /xingrg/kc/base/wldb_list_operate.html HTTP/1.1" 200 6307
116.224.122.7 - - [11/Mar/2022:09:01:23 +0800] "POST /xingrg/kc/base/wldb_list_operate.html HTTP/1.1" 200 202
58.39.61.91 - - [11/Mar/2022:09:01:23 +0800] "GET /xingrg/all/function/internal_message.html?_=1646960434310&CODE_STATE=getMsg HTTP/1.1" 200 27
58.39.61.91 - - [11/Mar/2022:09:01:25 +0800] "GET /xingrg/all/function/internal_message.html?_=1646960483537&CODE_STATE=getMsg HTTP/1.1" 200 27
114.83.217.117 - - [11/Mar/2022:09:01:26 +0800] "POST /xingrg/kc/buy/cgsh_order_operate.html HTTP/1.1" 200 2065
116.230.110.173 - - [11/Mar/2022:09:01:27 +0800] "GET /xingrg/all/function/internal_message.html?_=1646960478400&CODE_STATE=getMsg HTTP/1.1" 200 27
116.224.122.7 - - [11/Mar/2022:09:01:28 +0800] "POST /xingrg/kc/base/wldb_list_operate.html HTTP/1.1" 200 6267
116.224.122.7 - - [11/Mar/2022:09:01:31 +0800] "POST /xingrg/kc/base/wldb_list_operate.html HTTP/1.1" 200 6294
114.83.217.117 - - [11/Mar/2022:09:01:34 +0800] "GET /xingrg/kc/buy/cgsh_order_operate.html?command=get_materiel&rest_code=00149&code=00101008118&supplier_code=00100005&order_time=2022-03-10 HTTP/1.1" 200 418
116.224.122.7 - - [11/Mar/2022:09:01:34 +0800] "POST /xingrg/kc/base/wldb_list_operate.html HTTP/1.1" 200 6311
222.70.243.96 - - [11/Mar/2022:09:01:35 +0800] "GET /xingrg/all/function/internal_message.html?_=1646960509343&CODE_STATE=getMsg HTTP/1.1" 200 27
116.224.122.7 - - [11/Mar/2022:09:01:37 +0800] "POST /xingrg/kc/base/wldb_list_operate.html HTTP/1.1" 200 6280
116.224.122.7 - - [11/Mar/2022:09:01:39 +0800] "GET /xingrg/check_reg.html?_=1646960539603 HTTP/1.1" 200 22
116.224.122.7 - - [11/Mar/2022:09:01:39 +0800] "GET /xingrg/all/function/internal_message.html?_=1646960539713&CODE_STATE=getMsg HTTP/1.1" 200 27
222.70.243.96 - - [11/Mar/2022:09:01:40 +0800] "POST /xingrg/kc/buy/cgsh_order_operate.html HTTP/1.1" 200 2065
116.224.122.7 - - [11/Mar/2022:09:01:41 +0800] "POST /xingrg/kc/base/wldb_list_operate.html HTTP/1.1" 200 6311
116.224.122.7 - - [11/Mar/2022:09:01:44 +0800] "POST /xingrg/kc/base/wldb_list_operate.html HTTP/1.1" 200 6288
114.83.217.117 - - [11/Mar/2022:09:01:44 +0800] "GET /xingrg/kc/buy/cgsh_order_operate.html?command=get_materiel&rest_code=00149&code=00101008223&supplier_code=00100005&order_time=2022-03-10 HTTP/1.1" 200 412
116.224.122.7 - - [11/Mar/2022:09:01:46 +0800] "POST /xingrg/kc/base/wldb_list_operate.html HTTP/1.1" 200 6257
116.224.122.7 - - [11/Mar/2022:09:01:49 +0800] "POST /xingrg/kc/base/wldb_list_operate.html HTTP/1.1" 200 6281
222.70.180.114 - - [11/Mar/2022:09:01:50 +0800] "GET /xingrg/all/function/internal_message.html?_=1646960504538&CODE_STATE=getMsg HTTP/1.1" 200 27
58.39.168.32 - - [11/Mar/2022:09:01:51 +0800] "GET /xingrg/all/function/internal_message.html?_=1646960510181&CODE_STATE=getMsg HTTP/1.1" 200 27
222.70.243.96 - - [11/Mar/2022:09:01:52 +0800] "GET /xingrg/kc/buy/cgsh_order_operate.html?command=get_materiel&rest_code=00146&code=00101008350&supplier_code=00100005&order_time=2022-03-11 HTTP/1.1" 200 408
116.224.122.7 - - [11/Mar/2022:09:01:52 +0800] "POST /xingrg/kc/base/wldb_list_operate.html HTTP/1.1" 200 6285
116.224.122.7 - - [11/Mar/2022:09:01:54 +0800] "POST /xingrg/kc/base/wldb_list_operate.html HTTP/1.1" 200 6288
116.224.122.7 - - [11/Mar/2022:09:01:56 +0800] "POST /xingrg/kc/base/wldb_list_operate.html HTTP/1.1" 200 6283
116.224.122.7 - - [11/Mar/2022:09:02:00 +0800] "POST /xingrg/kc/base/wldb_list_operate.html HTTP/1.1" 200 6279
114.83.217.117 - - [11/Mar/2022:09:02:05 +0800] "GET /xingrg/all/function/internal_message.html?_=1646960521487&CODE_STATE=getMsg HTTP/1.1" 200 27
120.253.135.82 - - [11/Mar/2022:09:02:05 +0800] "GET /xingrg/all/function/internal_message.html?_=1646960322514&CODE_STATE=getMsg HTTP/1.1" 200 27
114.83.217.117 - - [11/Mar/2022:09:02:09 +0800] "GET /xingrg/kc/buy/cgsh_order_operate.html?command=get_materiel&rest_code=00149&code=00101008161&supplier_code=00100005&order_time=2022-03-10 HTTP/1.1" 200 409
116.224.122.7 - - [11/Mar/2022:09:02:19 +0800] "POST /xingrg/kc/base/wldb_list_operate.html HTTP/1.1" 200 6265
114.83.217.117 - - [11/Mar/2022:09:02:20 +0800] "GET /xingrg/kc/buy/cgsh_order_operate.html?command=get_materiel&rest_code=00149&code=00101008357&supplier_code=00100005&order_time=2022-03-10 HTTP/1.1" 200 408
58.39.61.91 - - [11/Mar/2022:09:02:23 +0800] "GET /xingrg/all/function/internal_message.html?_=1646960494323&CODE_STATE=getMsg HTTP/1.1" 200 27
58.39.61.91 - - [11/Mar/2022:09:02:25 +0800] "GET /xingrg/check_reg.html?_=1646960543522 HTTP/1.1" 200 22
58.39.61.91 - - [11/Mar/2022:09:02:25 +0800] "GET /xingrg/all/function/internal_message.html?_=1646960543525&CODE_STATE=getMsg HTTP/1.1" 200 27
116.230.110.173 - - [11/Mar/2022:09:02:27 +0800] "GET /xingrg/all/function/internal_message.html?_=1646960538410&CODE_STATE=getMsg HTTP/1.1" 200 27
116.224.122.7 - - [11/Mar/2022:09:02:28 +0800] "POST /xingrg/kc/base/wldb_list_operate.html HTTP/1.1" 200 6288
222.70.243.96 - - [11/Mar/2022:09:02:30 +0800] "POST /xingrg/kc/buy/cgsh_order_operate.html HTTP/1.1" 200 37
116.224.122.7 - - [11/Mar/2022:09:02:31 +0800] "POST /xingrg/kc/base/wldb_list_operate.html HTTP/1.1" 200 6267
222.70.243.96 - - [11/Mar/2022:09:02:32 +0800] "POST /xingrg/kc/buy/cgsh_order_operate.html HTTP/1.1" 200 29279
116.224.122.7 - - [11/Mar/2022:09:02:34 +0800] "POST /xingrg/kc/base/wldb_list_operate.html HTTP/1.1" 200 372
222.70.243.96 - - [11/Mar/2022:09:02:35 +0800] "GET /xingrg/all/function/internal_message.html?_=1646960569494&CODE_STATE=getMsg HTTP/1.1" 200 27
222.70.243.96 - - [11/Mar/2022:09:02:37 +0800] "GET /xingrg/kc/print/load_config.html?kc_code=cgsh HTTP/1.1" 200 1943
222.70.243.96 - - [11/Mar/2022:09:02:37 +0800] "GET /xingrg/kc/print/load_data.html?order_code=212022031103306&kc_code=cgsh&condition= HTTP/1.1" 200 10793
116.224.122.7 - - [11/Mar/2022:09:02:39 +0800] "GET /xingrg/all/function/internal_message.html?_=1646960599729&CODE_STATE=getMsg HTTP/1.1" 200 27
116.224.122.7 - - [11/Mar/2022:09:02:40 +0800] "POST /xingrg/kc/base/wldb_list_operate.html HTTP/1.1" 200 6244
116.224.122.7 - - [11/Mar/2022:09:02:44 +0800] "POST /xingrg/kc/base/wldb_list_operate.html HTTP/1.1" 200 6303
120.253.135.82 - - [11/Mar/2022:09:02:45 +0800] "POST /xingrg/kc/buy/cgsh_order_operate.html HTTP/1.1" 200 37
116.224.122.7 - - [11/Mar/2022:09:02:47 +0800] "POST /xingrg/kc/base/wldb_list_operate.html HTTP/1.1" 200 6292
120.253.135.82 - - [11/Mar/2022:09:02:49 +0800] "POST /xingrg/kc/buy/cgsh_order_operate.html HTTP/1.1" 200 12
116.224.122.7 - - [11/Mar/2022:09:02:50 +0800] "POST /xingrg/kc/base/wldb_list_operate.html HTTP/1.1" 200 6274
222.70.180.114 - - [11/Mar/2022:09:02:50 +0800] "GET /xingrg/all/function/internal_message.html?_=1646960564522&CODE_STATE=getMsg HTTP/1.1" 200 27
120.253.135.82 - - [11/Mar/2022:09:02:51 +0800] "GET /xingrg/kc/buy/cgsh_order_info.html?code=212022031103314 HTTP/1.1" 200 59597
120.253.135.82 - - [11/Mar/2022:09:02:51 +0800] "GET /xingrg/javascript/easyui/themes/default/validatebox.css HTTP/1.1" 404 1104
58.39.168.32 - - [11/Mar/2022:09:02:51 +0800] "GET /xingrg/all/function/internal_message.html?_=1646960570179&CODE_STATE=getMsg HTTP/1.1" 200 27
120.253.135.82 - - [11/Mar/2022:09:02:52 +0800] "POST /xingrg/kc/buy/cgsh_order_operate.html HTTP/1.1" 200 612
116.224.122.7 - - [11/Mar/2022:09:02:52 +0800] "POST /xingrg/kc/base/wldb_list_operate.html HTTP/1.1" 200 6281
120.253.135.82 - - [11/Mar/2022:09:02:54 +0800] "POST /xingrg/kc/buy/cgsh_list_operate.html HTTP/1.1" 200 876
116.224.122.7 - - [11/Mar/2022:09:02:55 +0800] "POST /xingrg/kc/base/wldb_list_operate.html HTTP/1.1" 200 6270
114.83.217.117 - - [11/Mar/2022:09:02:59 +0800] "POST /xingrg/kc/buy/cgsh_order_operate.html HTTP/1.1" 200 2065
116.224.122.7 - - [11/Mar/2022:09:02:59 +0800] "POST /xingrg/kc/base/wldb_list_operate.html HTTP/1.1" 200 6292
116.224.122.7 - - [11/Mar/2022:09:03:01 +0800] "POST /xingrg/kc/base/wldb_list_operate.html HTTP/1.1" 200 6299
120.253.135.82 - - [11/Mar/2022:09:03:02 +0800] "GET /xingrg/kc/base/wldb_order_list.html HTTP/1.1" 200 19060
120.253.135.82 - - [11/Mar/2022:09:03:02 +0800] "POST /xingrg/kc/base/wldb_list_operate.html HTTP/1.1" 200 928
116.224.122.7 - - [11/Mar/2022:09:03:03 +0800] "POST /xingrg/kc/base/wldb_list_operate.html HTTP/1.1" 200 6256
120.253.135.82 - - [11/Mar/2022:09:03:04 +0800] "GET /xingrg/kc/base/wldb_order_add.html HTTP/1.1" 200 30274
120.253.135.82 - - [11/Mar/2022:09:03:05 +0800] "POST /xingrg/kc/base/wldb_order_operate.html HTTP/1.1" 200 6806
120.253.135.82 - - [11/Mar/2022:09:03:05 +0800] "GET /xingrg/all/common/auto_word.html?type=base&rest_code=00101 HTTP/1.1" 200 613
120.253.135.82 - - [11/Mar/2022:09:03:05 +0800] "GET /xingrg/all/common/auto_word.html?type=base&rest_code=00101 HTTP/1.1" 200 613
114.83.217.117 - - [11/Mar/2022:09:03:05 +0800] "GET /xingrg/kc/buy/cgsh_order_operate.html?command=get_materiel&rest_code=00149&code=00101008131&supplier_code=00100005&order_time=2022-03-10 HTTP/1.1" 200 408
120.253.135.82 - - [11/Mar/2022:09:03:05 +0800] "GET /xingrg/javascript/easyui/themes/default/validatebox.css HTTP/1.1" 404 1104
114.83.217.117 - - [11/Mar/2022:09:03:05 +0800] "GET /xingrg/all/function/internal_message.html?_=1646960581518&CODE_STATE=getMsg HTTP/1.1" 200 27
116.224.122.7 - - [11/Mar/2022:09:03:05 +0800] "POST /xingrg/kc/base/wldb_list_operate.html HTTP/1.1" 200 6285
120.253.135.82 - - [11/Mar/2022:09:03:05 +0800] "GET /xingrg/all/function/internal_message.html?_=1646960382524&CODE_STATE=getMsg HTTP/1.1" 200 27
180.169.147.146 - - [11/Mar/2022:09:03:07 +0800] "GET /xingrg/check_reg.html?_=1646960589429 HTTP/1.1" 200 22
120.253.135.82 - - [11/Mar/2022:09:03:07 +0800] "POST /xingrg/all/common/load_combo.html?type=base HTTP/1.1" 200 1075
116.224.122.7 - - [11/Mar/2022:09:03:07 +0800] "POST /xingrg/kc/base/wldb_list_operate.html HTTP/1.1" 200 6268
116.233.72.145 - - [11/Mar/2022:09:03:09 +0800] "POST /xingrg/services/DataTransmitService HTTP/1.1" 200 524
116.224.122.7 - - [11/Mar/2022:09:03:11 +0800] "POST /xingrg/kc/base/wldb_list_operate.html HTTP/1.1" 200 6290
114.83.217.117 - - [11/Mar/2022:09:03:13 +0800] "GET /xingrg/kc/buy/cgsh_order_operate.html?command=get_materiel&rest_code=00149&code=00101008213&supplier_code=00100005&order_time=2022-03-10 HTTP/1.1" 200 412
222.70.180.114 - - [11/Mar/2022:09:03:13 +0800] "GET /xingrg/kc/base/wldb_order_list.html HTTP/1.1" 200 19060
120.253.135.82 - - [11/Mar/2022:09:03:13 +0800] "POST /xingrg/all/common/load_combo.html?type=base HTTP/1.1" 200 1075
222.70.180.114 - - [11/Mar/2022:09:03:13 +0800] "POST /xingrg/kc/base/wldb_list_operate.html HTTP/1.1" 200 928
116.224.122.7 - - [11/Mar/2022:09:03:13 +0800] "POST /xingrg/kc/base/wldb_list_operate.html HTTP/1.1" 200 6285
222.70.180.114 - - [11/Mar/2022:09:03:15 +0800] "GET /xingrg/kc/base/wldb_order_add.html HTTP/1.1" 200 30274
222.70.180.114 - - [11/Mar/2022:09:03:15 +0800] "GET /xingrg/all/common/auto_word.html?type=base&rest_code=00111 HTTP/1.1" 200 1753
222.70.180.114 - - [11/Mar/2022:09:03:15 +0800] "GET /xingrg/all/common/auto_word.html?type=base&rest_code=00111 HTTP/1.1" 200 1753
222.70.180.114 - - [11/Mar/2022:09:03:15 +0800] "POST /xingrg/kc/base/wldb_order_operate.html HTTP/1.1" 200 6806
222.70.180.114 - - [11/Mar/2022:09:03:15 +0800] "GET /xingrg/javascript/easyui/themes/default/validatebox.css HTTP/1.1" 404 1104
116.224.122.7 - - [11/Mar/2022:09:03:16 +0800] "POST /xingrg/kc/base/wldb_list_operate.html HTTP/1.1" 200 6277
116.224.122.7 - - [11/Mar/2022:09:03:18 +0800] "POST /xingrg/kc/base/wldb_list_operate.html HTTP/1.1" 200 202
58.39.61.91 - - [11/Mar/2022:09:03:23 +0800] "GET /xingrg/all/function/internal_message.html?_=1646960554346&CODE_STATE=getMsg HTTP/1.1" 200 27
120.253.135.82 - - [11/Mar/2022:09:03:24 +0800] "GET /xingrg/kc/base/wldb_order_operate.html?command=get_materiel&rest_code=00101&base_code=0010250&code=00102002610 HTTP/1.1" 200 431
114.83.217.117 - - [11/Mar/2022:09:03:24 +0800] "GET /xingrg/kc/buy/cgsh_order_operate.html?command=get_materiel&rest_code=00149&code=00101008041&supplier_code=00100005&order_time=2022-03-10 HTTP/1.1" 200 408
58.39.61.91 - - [11/Mar/2022:09:03:25 +0800] "GET /xingrg/all/function/internal_message.html?_=1646960603541&CODE_STATE=getMsg HTTP/1.1" 200 27
116.230.110.173 - - [11/Mar/2022:09:03:27 +0800] "GET /xingrg/check_reg.html?_=1646960598406 HTTP/1.1" 200 22
116.230.110.173 - - [11/Mar/2022:09:03:27 +0800] "GET /xingrg/all/function/internal_message.html?_=1646960598410&CODE_STATE=getMsg HTTP/1.1" 200 27
116.224.122.7 - - [11/Mar/2022:09:03:29 +0800] "POST /xingrg/kc/base/wldb_list_operate.html HTTP/1.1" 200 6286
116.224.122.7 - - [11/Mar/2022:09:03:32 +0800] "POST /xingrg/kc/base/wldb_list_operate.html HTTP/1.1" 200 6261
222.70.243.96 - - [11/Mar/2022:09:03:35 +0800] "GET /xingrg/all/function/internal_message.html?_=1646960629607&CODE_STATE=getMsg HTTP/1.1" 200 27
114.83.217.117 - - [11/Mar/2022:09:03:35 +0800] "GET /xingrg/kc/buy/cgsh_order_operate.html?command=get_materiel&rest_code=00149&code=00101010292&supplier_code=00100005&order_time=2022-03-10 HTTP/1.1" 200 410
116.224.122.7 - - [11/Mar/2022:09:03:39 +0800] "GET /xingrg/all/function/internal_message.html?_=1646960659740&CODE_STATE=getMsg HTTP/1.1" 200 27
116.224.122.7 - - [11/Mar/2022:09:03:40 +0800] "POST /xingrg/kc/base/wldb_list_operate.html HTTP/1.1" 200 6276
116.224.122.7 - - [11/Mar/2022:09:03:42 +0800] "POST /xingrg/kc/base/wldb_list_operate.html HTTP/1.1" 200 6281
116.224.122.7 - - [11/Mar/2022:09:03:45 +0800] "POST /xingrg/kc/base/wldb_list_operate.html HTTP/1.1" 200 6282
114.83.217.117 - - [11/Mar/2022:09:03:46 +0800] "GET /xingrg/kc/buy/cgsh_order_operate.html?command=get_materiel&rest_code=00149&code=00101008365&supplier_code=00100005&order_time=2022-03-10 HTTP/1.1" 200 413
222.70.180.114 - - [11/Mar/2022:09:03:50 +0800] "GET /xingrg/all/function/internal_message.html?_=1646960624508&CODE_STATE=getMsg HTTP/1.1" 200 27
58.39.168.32 - - [11/Mar/2022:09:03:51 +0800] "GET /xingrg/all/function/internal_message.html?_=1646960630176&CODE_STATE=getMsg HTTP/1.1" 200 27
120.253.135.82 - - [11/Mar/2022:09:03:55 +0800] "POST /xingrg/kc/base/wldb_order_operate.html HTTP/1.1" 200 37
120.253.135.82 - - [11/Mar/2022:09:03:55 +0800] "POST /xingrg/kc/base/wldb_order_operate.html HTTP/1.1" 200 2191
120.253.135.82 - - [11/Mar/2022:09:03:56 +0800] "GET /xingrg/kc/base/wldb_order_info.html?code=422022031100963 HTTP/1.1" 200 30285
120.253.135.82 - - [11/Mar/2022:09:03:57 +0800] "GET /xingrg/javascript/easyui/themes/default/validatebox.css HTTP/1.1" 404 1104
120.253.135.82 - - [11/Mar/2022:09:03:57 +0800] "POST /xingrg/kc/base/wldb_order_operate.html HTTP/1.1" 200 2191
222.70.180.114 - - [11/Mar/2022:09:03:59 +0800] "GET /xingrg/kc/base/wldb_order_operate.html?command=get_materiel&rest_code=00111&base_code=0010306&code=00102006960 HTTP/1.1" 200 430
120.253.135.82 - - [11/Mar/2022:09:04:01 +0800] "GET /xingrg/kc/print/load_config.html?kc_code=wldb HTTP/1.1" 200 2173
120.253.135.82 - - [11/Mar/2022:09:04:01 +0800] "GET /xingrg/kc/print/load_data.html?order_code=422022031100963&kc_code=wldb&condition= HTTP/1.1" 200 520
114.83.217.117 - - [11/Mar/2022:09:04:05 +0800] "GET /xingrg/all/function/internal_message.html?_=1646960641501&CODE_STATE=getMsg HTTP/1.1" 200 27
120.253.135.82 - - [11/Mar/2022:09:04:05 +0800] "GET /xingrg/all/function/internal_message.html?_=1646960442538&CODE_STATE=getMsg HTTP/1.1" 200 27
222.70.180.114 - - [11/Mar/2022:09:04:11 +0800] "GET /xingrg/kc/base/wldb_order_operate.html?command=get_materiel&rest_code=00111&base_code=0010306&code=00102006821 HTTP/1.1" 200 423
58.39.61.91 - - [11/Mar/2022:09:04:23 +0800] "GET /xingrg/all/function/internal_message.html?_=1646960614350&CODE_STATE=getMsg HTTP/1.1" 200 27
58.39.61.91 - - [11/Mar/2022:09:04:25 +0800] "GET /xingrg/all/function/internal_message.html?_=1646960663544&CODE_STATE=getMsg HTTP/1.1" 200 27
116.230.110.173 - - [11/Mar/2022:09:04:27 +0800] "GET /xingrg/all/function/internal_message.html?_=1646960658412&CODE_STATE=getMsg HTTP/1.1" 200 27
222.70.180.114 - - [11/Mar/2022:09:04:32 +0800] "POST /xingrg/kc/base/wldb_order_operate.html HTTP/1.1" 200 37
222.70.180.114 - - [11/Mar/2022:09:04:33 +0800] "POST /xingrg/kc/base/wldb_order_operate.html HTTP/1.1" 200 2673
222.70.180.114 - - [11/Mar/2022:09:04:35 +0800] "GET /xingrg/kc/base/wldb_order_info.html?code=422022031100964 HTTP/1.1" 200 30290
222.70.243.96 - - [11/Mar/2022:09:04:35 +0800] "GET /xingrg/all/function/internal_message.html?_=1646960689618&CODE_STATE=getMsg HTTP/1.1" 200 27
222.70.180.114 - - [11/Mar/2022:09:04:35 +0800] "GET /xingrg/javascript/easyui/themes/default/validatebox.css HTTP/1.1" 404 1104
222.70.180.114 - - [11/Mar/2022:09:04:35 +0800] "POST /xingrg/kc/base/wldb_order_operate.html HTTP/1.1" 200 2673
222.70.180.114 - - [11/Mar/2022:09:04:36 +0800] "GET /xingrg/kc/print/load_config.html?kc_code=wldb HTTP/1.1" 200 2173
222.70.180.114 - - [11/Mar/2022:09:04:37 +0800] "GET /xingrg/kc/print/load_data.html?order_code=422022031100964&kc_code=wldb&condition= HTTP/1.1" 200 685
116.230.110.173 - - [11/Mar/2022:09:04:38 +0800] "GET /xingrg/kc/print/load_data.html?order_code=212022031103313&kc_code=cgsh&condition= HTTP/1.1" 200 5195
116.224.122.7 - - [11/Mar/2022:09:04:39 +0800] "GET /xingrg/all/function/internal_message.html?_=1646960719755&CODE_STATE=getMsg HTTP/1.1" 200 27
116.230.110.173 - - [11/Mar/2022:09:04:42 +0800] "POST /xingrg/services/DataTransmitService HTTP/1.1" 200 524
222.70.180.114 - - [11/Mar/2022:09:04:47 +0800] "GET /xingrg/kc/base/wldb_order_add.html HTTP/1.1" 200 30274
222.70.180.114 - - [11/Mar/2022:09:04:48 +0800] "POST /xingrg/kc/base/wldb_order_operate.html HTTP/1.1" 200 6806
222.70.180.114 - - [11/Mar/2022:09:04:48 +0800] "GET /xingrg/javascript/easyui/themes/default/validatebox.css HTTP/1.1" 404 1104
222.70.180.114 - - [11/Mar/2022:09:04:50 +0800] "GET /xingrg/all/function/internal_message.html?_=1646960684484&CODE_STATE=getMsg HTTP/1.1" 200 27
222.70.180.114 - - [11/Mar/2022:09:04:50 +0800] "GET /xingrg/check_reg.html?_=1646960684580 HTTP/1.1" 200 22
114.83.217.117 - - [11/Mar/2022:09:04:51 +0800] "GET /xingrg/kc/buy/cgsh_order_operate.html?command=get_materiel&rest_code=00149&code=00101008304&supplier_code=00100005&order_time=2022-03-10 HTTP/1.1" 200 412
58.39.168.32 - - [11/Mar/2022:09:04:51 +0800] "GET /xingrg/all/function/internal_message.html?_=1646960690200&CODE_STATE=getMsg HTTP/1.1" 200 27
58.39.168.32 - - [11/Mar/2022:09:04:51 +0800] "GET /xingrg/check_reg.html?_=1646960690201 HTTP/1.1" 200 22
114.83.217.117 - - [11/Mar/2022:09:04:53 +0800] "POST /xingrg/kc/buy/cgsh_order_operate.html HTTP/1.1" 200 2065
222.70.180.114 - - [11/Mar/2022:09:05:00 +0800] "GET /xingrg/kc/base/wldb_order_operate.html?command=get_materiel&rest_code=00111&base_code=0010306&code=00102005025 HTTP/1.1" 200 436
114.83.217.117 - - [11/Mar/2022:09:05:05 +0800] "GET /xingrg/check_reg.html?_=1646960701468 HTTP/1.1" 200 22
114.83.217.117 - - [11/Mar/2022:09:05:05 +0800] "GET /xingrg/all/function/internal_message.html?_=1646960701482&CODE_STATE=getMsg HTTP/1.1" 200 27
120.253.135.82 - - [11/Mar/2022:09:05:06 +0800] "GET /xingrg/all/function/internal_message.html?_=1646960502600&CODE_STATE=getMsg HTTP/1.1" 200 27
114.83.217.117 - - [11/Mar/2022:09:05:07 +0800] "GET /xingrg/kc/buy/cgsh_order_operate.html?command=get_materiel&rest_code=00149&code=00101008285&supplier_code=00100005&order_time=2022-03-10 HTTP/1.1" 200 414
222.70.180.114 - - [11/Mar/2022:09:05:09 +0800] "GET /xingrg/kc/base/wldb_order_operate.html?command=get_materiel&rest_code=00111&base_code=0010306&code=00102002900 HTTP/1.1" 200 424
58.39.61.91 - - [11/Mar/2022:09:05:23 +0800] "GET /xingrg/all/function/internal_message.html?_=1646960674372&CODE_STATE=getMsg HTTP/1.1" 200 27
58.39.61.91 - - [11/Mar/2022:09:05:25 +0800] "GET /xingrg/all/function/internal_message.html?_=1646960723544&CODE_STATE=getMsg HTTP/1.1" 200 27
114.83.217.117 - - [11/Mar/2022:09:05:26 +0800] "GET /xingrg/kc/buy/cgsh_order_operate.html?command=get_materiel&rest_code=00149&code=00101010136&supplier_code=00100005&order_time=2022-03-10 HTTP/1.1" 200 408
116.230.110.173 - - [11/Mar/2022:09:05:27 +0800] "GET /xingrg/all/function/internal_message.html?_=1646960718412&CODE_STATE=getMsg HTTP/1.1" 200 27
222.70.180.114 - - [11/Mar/2022:09:05:33 +0800] "GET /xingrg/kc/base/wldb_order_operate.html?command=get_materiel&rest_code=00111&base_code=0010306&code=00102003166 HTTP/1.1" 200 428
222.70.243.96 - - [11/Mar/2022:09:05:34 +0800] "GET /xingrg/check_reg.html?_=1646960749271 HTTP/1.1" 200 22
222.70.243.96 - - [11/Mar/2022:09:05:35 +0800] "GET /xingrg/all/function/internal_message.html?_=1646960749632&CODE_STATE=getMsg HTTP/1.1" 200 27
114.83.217.117 - - [11/Mar/2022:09:05:36 +0800] "GET /xingrg/kc/buy/cgsh_order_operate.html?command=get_materiel&rest_code=00149&code=00101010384&supplier_code=00100005&order_time=2022-03-10 HTTP/1.1" 200 394
116.224.122.7 - - [11/Mar/2022:09:05:39 +0800] "GET /xingrg/all/function/internal_message.html?_=1646960779768&CODE_STATE=getMsg HTTP/1.1" 200 27
222.70.180.114 - - [11/Mar/2022:09:05:39 +0800] "POST /xingrg/kc/base/wldb_order_operate.html HTTP/1.1" 200 37
222.70.180.114 - - [11/Mar/2022:09:05:39 +0800] "POST /xingrg/kc/base/wldb_order_operate.html HTTP/1.1" 200 3127
222.70.180.114 - - [11/Mar/2022:09:05:40 +0800] "GET /xingrg/kc/base/wldb_order_info.html?code=422022031100965 HTTP/1.1" 200 30289
222.70.180.114 - - [11/Mar/2022:09:05:41 +0800] "GET /xingrg/javascript/easyui/themes/default/validatebox.css HTTP/1.1" 404 1104
222.70.180.114 - - [11/Mar/2022:09:05:41 +0800] "POST /xingrg/kc/base/wldb_order_operate.html HTTP/1.1" 200 3127
222.70.180.114 - - [11/Mar/2022:09:05:42 +0800] "GET /xingrg/kc/print/load_data.html?order_code=422022031100965&kc_code=wldb&condition= HTTP/1.1" 200 799
114.83.217.117 - - [11/Mar/2022:09:05:45 +0800] "GET /xingrg/kc/buy/cgsh_order_operate.html?command=get_materiel&rest_code=00149&code=00101008332&supplier_code=00100005&order_time=2022-03-10 HTTP/1.1" 200 413
120.253.135.82 - - [11/Mar/2022:09:05:47 +0800] "GET /xingrg/check_reg.html?_=1646960544317 HTTP/1.1" 200 22
58.39.168.32 - - [11/Mar/2022:09:05:51 +0800] "GET /xingrg/all/function/internal_message.html?_=1646960750198&CODE_STATE=getMsg HTTP/1.1" 200 27
114.83.217.117 - - [11/Mar/2022:09:05:56 +0800] "POST /xingrg/kc/buy/cgsh_order_operate.html HTTP/1.1" 200 37
222.70.180.114 - - [11/Mar/2022:09:05:59 +0800] "GET /xingrg/kc/base/wldb_order_add.html HTTP/1.1" 200 30274
222.70.180.114 - - [11/Mar/2022:09:05:59 +0800] "POST /xingrg/kc/base/wldb_order_operate.html HTTP/1.1" 200 6806
222.70.180.114 - - [11/Mar/2022:09:05:59 +0800] "GET /xingrg/javascript/easyui/themes/default/validatebox.css HTTP/1.1" 404 1104
114.83.217.117 - - [11/Mar/2022:09:06:03 +0800] "POST /xingrg/kc/buy/cgsh_order_operate.html HTTP/1.1" 200 12
114.83.217.117 - - [11/Mar/2022:09:06:05 +0800] "GET /xingrg/kc/buy/cgsh_order_info.html?code=212022031103312 HTTP/1.1" 200 60662
114.83.217.117 - - [11/Mar/2022:09:06:05 +0800] "GET /xingrg/all/function/internal_message.html?_=1646960761580&CODE_STATE=getMsg HTTP/1.1" 200 27
114.83.217.117 - - [11/Mar/2022:09:06:05 +0800] "GET /xingrg/javascript/easyui/themes/default/validatebox.css HTTP/1.1" 404 1104
120.253.135.82 - - [11/Mar/2022:09:06:06 +0800] "GET /xingrg/all/function/internal_message.html?_=1646960562649&CODE_STATE=getMsg HTTP/1.1" 200 27
114.83.217.117 - - [11/Mar/2022:09:06:06 +0800] "POST /xingrg/kc/buy/cgsh_order_operate.html HTTP/1.1" 200 17794
222.70.180.114 - - [11/Mar/2022:09:06:06 +0800] "GET /xingrg/kc/base/wldb_order_operate.html?command=get_materiel&rest_code=00111&base_code=0010306&code=00102003276 HTTP/1.1" 200 437
114.83.217.117 - - [11/Mar/2022:09:06:09 +0800] "GET /xingrg/kc/print/load_config.html?kc_code=cgsh HTTP/1.1" 200 1943
114.83.217.117 - - [11/Mar/2022:09:06:10 +0800] "GET /xingrg/kc/print/load_data.html?order_code=212022031103312&kc_code=cgsh&condition= HTTP/1.1" 200 7268
120.253.135.82 - - [11/Mar/2022:09:06:13 +0800] "POST /xingrg/kc/base/wldb_order_operate.html HTTP/1.1" 200 37
58.39.61.91 - - [11/Mar/2022:09:06:13 +0800] "GET /xingrg/check_reg.html?_=1646960724503 HTTP/1.1" 200 22
120.253.135.82 - - [11/Mar/2022:09:06:15 +0800] "POST /xingrg/kc/base/wldb_order_operate.html HTTP/1.1" 200 12
120.253.135.82 - - [11/Mar/2022:09:06:15 +0800] "POST /xingrg/kc/base/wldb_order_operate.html HTTP/1.1" 200 2191
120.253.135.82 - - [11/Mar/2022:09:06:18 +0800] "GET /xingrg/kc/base/wldb_order_info.html?code=422022031100963 HTTP/1.1" 200 26149
120.253.135.82 - - [11/Mar/2022:09:06:19 +0800] "POST /xingrg/kc/base/wldb_order_operate.html HTTP/1.1" 200 484
120.253.135.82 - - [11/Mar/2022:09:06:19 +0800] "GET /xingrg/javascript/easyui/themes/default/validatebox.css HTTP/1.1" 404 1104
222.70.180.114 - - [11/Mar/2022:09:06:21 +0800] "GET /xingrg/kc/base/wldb_order_operate.html?command=get_materiel&rest_code=00111&base_code=0010306&code=00102002370 HTTP/1.1" 200 448
58.39.61.91 - - [11/Mar/2022:09:06:23 +0800] "GET /xingrg/all/function/internal_message.html?_=1646960734377&CODE_STATE=getMsg HTTP/1.1" 200 27
58.39.61.91 - - [11/Mar/2022:09:06:25 +0800] "GET /xingrg/all/function/internal_message.html?_=1646960783544&CODE_STATE=getMsg HTTP/1.1" 200 27
116.230.110.173 - - [11/Mar/2022:09:06:27 +0800] "GET /xingrg/all/function/internal_message.html?_=1646960778414&CODE_STATE=getMsg HTTP/1.1" 200 27
222.70.180.114 - - [11/Mar/2022:09:06:32 +0800] "GET /xingrg/kc/base/wldb_order_operate.html?command=get_materiel&rest_code=00111&base_code=0010306&code=00102003618 HTTP/1.1" 200 414
222.70.243.96 - - [11/Mar/2022:09:06:35 +0800] "GET /xingrg/all/function/internal_message.html?_=1646960809646&CODE_STATE=getMsg HTTP/1.1" 200 27
116.224.122.7 - - [11/Mar/2022:09:06:39 +0800] "GET /xingrg/check_reg.html?_=1646960839625 HTTP/1.1" 200 22
116.224.122.7 - - [11/Mar/2022:09:06:39 +0800] "GET /xingrg/all/function/internal_message.html?_=1646960839783&CODE_STATE=getMsg HTTP/1.1" 200 27
222.70.180.114 - - [11/Mar/2022:09:06:48 +0800] "GET /xingrg/kc/base/wldb_order_operate.html?command=get_materiel&rest_code=00111&base_code=0010306&code=00102005736 HTTP/1.1" 200 431
222.70.180.114 - - [11/Mar/2022:09:06:50 +0800] "GET /xingrg/all/function/internal_message.html?_=1646960804495&CODE_STATE=getMsg HTTP/1.1" 200 27
58.39.168.32 - - [11/Mar/2022:09:06:51 +0800] "GET /xingrg/all/function/internal_message.html?_=1646960810197&CODE_STATE=getMsg HTTP/1.1" 200 27
114.83.217.117 - - [11/Mar/2022:09:07:05 +0800] "GET /xingrg/all/function/internal_message.html?_=1646960821554&CODE_STATE=getMsg HTTP/1.1" 200 27
120.253.135.82 - - [11/Mar/2022:09:07:06 +0800] "GET /xingrg/all/function/internal_message.html?_=1646960622657&CODE_STATE=getMsg HTTP/1.1" 200 27
222.70.180.114 - - [11/Mar/2022:09:07:15 +0800] "GET /xingrg/kc/base/wldb_order_operate.html?command=get_materiel&rest_code=00111&base_code=0010306&code=00102007021 HTTP/1.1" 200 428
58.39.61.91 - - [11/Mar/2022:09:07:23 +0800] "GET /xingrg/all/function/internal_message.html?_=1646960794391&CODE_STATE=getMsg HTTP/1.1" 200 27
114.83.217.117 - - [11/Mar/2022:09:07:24 +0800] "GET /xingrg/kc/buy/cgsh_order_add.html HTTP/1.1" 200 65759
114.83.217.117 - - [11/Mar/2022:09:07:24 +0800] "POST /xingrg/kc/buy/cgsh_order_operate.html HTTP/1.1" 200 8245
114.83.217.117 - - [11/Mar/2022:09:07:24 +0800] "GET /xingrg/javascript/easyui/themes/default/validatebox.css HTTP/1.1" 404 1104
58.39.61.91 - - [11/Mar/2022:09:07:25 +0800] "GET /xingrg/check_reg.html?_=1646960843545 HTTP/1.1" 200 22
58.39.61.91 - - [11/Mar/2022:09:07:25 +0800] "GET /xingrg/all/function/internal_message.html?_=1646960843547&CODE_STATE=getMsg HTTP/1.1" 200 27
116.230.110.173 - - [11/Mar/2022:09:07:27 +0800] "GET /xingrg/all/function/internal_message.html?_=1646960838406&CODE_STATE=getMsg HTTP/1.1" 200 27
116.230.110.173 - - [11/Mar/2022:09:07:34 +0800] "GET /xingrg/kc/buy/cgsh_order_add.html HTTP/1.1" 200 65633
222.70.243.96 - - [11/Mar/2022:09:07:35 +0800] "GET /xingrg/kc/buy/cgsh_order_add.html HTTP/1.1" 200 65671
116.230.110.173 - - [11/Mar/2022:09:07:35 +0800] "POST /xingrg/kc/buy/cgsh_order_operate.html HTTP/1.1" 200 8245
116.230.110.173 - - [11/Mar/2022:09:07:35 +0800] "GET /xingrg/javascript/easyui/themes/default/validatebox.css HTTP/1.1" 404 1104
222.70.243.96 - - [11/Mar/2022:09:07:35 +0800] "GET /xingrg/all/function/internal_message.html?_=1646960870036&CODE_STATE=getMsg HTTP/1.1" 200 27
222.70.243.96 - - [11/Mar/2022:09:07:35 +0800] "GET /xingrg/javascript/easyui/themes/default/validatebox.css HTTP/1.1" 404 1104
222.70.243.96 - - [11/Mar/2022:09:07:35 +0800] "POST /xingrg/kc/buy/cgsh_order_operate.html HTTP/1.1" 200 8245
116.224.122.7 - - [11/Mar/2022:09:07:39 +0800] "GET /xingrg/all/function/internal_message.html?_=1646960899796&CODE_STATE=getMsg HTTP/1.1" 200 27
222.70.180.114 - - [11/Mar/2022:09:07:51 +0800] "POST /xingrg/kc/base/wldb_order_operate.html HTTP/1.1" 200 37
58.39.168.32 - - [11/Mar/2022:09:07:51 +0800] "GET /xingrg/all/function/internal_message.html?_=1646960870196&CODE_STATE=getMsg HTTP/1.1" 200 27
222.70.180.114 - - [11/Mar/2022:09:07:52 +0800] "POST /xingrg/kc/base/wldb_order_operate.html HTTP/1.1" 200 3604
222.70.180.114 - - [11/Mar/2022:09:07:52 +0800] "GET /xingrg/kc/base/wldb_order_info.html?code=422022031100966 HTTP/1.1" 200 30286
222.70.180.114 - - [11/Mar/2022:09:07:53 +0800] "GET /xingrg/javascript/easyui/themes/default/validatebox.css HTTP/1.1" 404 1104
222.70.180.114 - - [11/Mar/2022:09:07:53 +0800] "POST /xingrg/kc/base/wldb_order_operate.html HTTP/1.1" 200 3604
222.70.180.114 - - [11/Mar/2022:09:07:58 +0800] "GET /xingrg/kc/print/load_data.html?order_code=422022031100966&kc_code=wldb&condition= HTTP/1.1" 200 932
114.83.217.117 - - [11/Mar/2022:09:08:05 +0800] "GET /xingrg/all/function/internal_message.html?_=1646960881533&CODE_STATE=getMsg HTTP/1.1" 200 27
120.253.135.82 - - [11/Mar/2022:09:08:06 +0800] "GET /xingrg/all/function/internal_message.html?_=1646960682670&CODE_STATE=getMsg HTTP/1.1" 200 27
116.230.110.173 - - [11/Mar/2022:09:08:06 +0800] "GET /xingrg/kc/buy/cgsh_order_operate.html?command=get_materiel&rest_code=00155&code=00102006422&supplier_code=00100076&order_time=2022-03-11 HTTP/1.1" 200 422
180.169.147.146 - - [11/Mar/2022:09:08:07 +0800] "GET /xingrg/check_reg.html?_=1646960889434 HTTP/1.1" 200 22
222.70.243.96 - - [11/Mar/2022:09:08:13 +0800] "GET /xingrg/javascript/jquery_tools/images/next.gif HTTP/1.1" 404 1086
222.70.243.96 - - [11/Mar/2022:09:08:13 +0800] "GET /xingrg/javascript/jquery_tools/images/prev.gif HTTP/1.1" 404 1086
58.39.61.91 - - [11/Mar/2022:09:08:23 +0800] "GET /xingrg/all/function/internal_message.html?_=1646960854412&CODE_STATE=getMsg HTTP/1.1" 200 27
58.39.61.91 - - [11/Mar/2022:09:08:25 +0800] "GET /xingrg/all/function/internal_message.html?_=1646960903556&CODE_STATE=getMsg HTTP/1.1" 200 27
116.230.110.173 - - [11/Mar/2022:09:08:27 +0800] "GET /xingrg/check_reg.html?_=1646960898413 HTTP/1.1" 200 22
116.230.110.173 - - [11/Mar/2022:09:08:27 +0800] "GET /xingrg/all/function/internal_message.html?_=1646960898415&CODE_STATE=getMsg HTTP/1.1" 200 27
222.70.243.96 - - [11/Mar/2022:09:08:35 +0800] "GET /xingrg/all/function/internal_message.html?_=1646960930048&CODE_STATE=getMsg HTTP/1.1" 200 27
116.224.122.7 - - [11/Mar/2022:09:08:39 +0800] "GET /xingrg/all/function/internal_message.html?_=1646960959809&CODE_STATE=getMsg HTTP/1.1" 200 27
222.70.243.96 - - [11/Mar/2022:09:08:47 +0800] "GET /xingrg/kc/buy/cgsh_order_operate.html?command=get_materiel&rest_code=00146&code=00101007059&supplier_code=00100002&order_time=2022-03-11 HTTP/1.1" 200 409
222.70.180.114 - - [11/Mar/2022:09:08:50 +0800] "GET /xingrg/all/function/internal_message.html?_=1646960924503&CODE_STATE=getMsg HTTP/1.1" 200 27
58.39.168.32 - - [11/Mar/2022:09:08:51 +0800] "GET /xingrg/all/function/internal_message.html?_=1646960930194&CODE_STATE=getMsg HTTP/1.1" 200 27
114.83.217.117 - - [11/Mar/2022:09:09:05 +0800] "GET /xingrg/all/function/internal_message.html?_=1646960941508&CODE_STATE=getMsg HTTP/1.1" 200 27
120.253.135.82 - - [11/Mar/2022:09:09:06 +0800] "GET /xingrg/all/function/internal_message.html?_=1646960742716&CODE_STATE=getMsg HTTP/1.1" 200 27
222.70.243.96 - - [11/Mar/2022:09:09:13 +0800] "GET /xingrg/kc/buy/cgsh_order_operate.html?command=get_materiel&rest_code=00146&code=00101007085&supplier_code=00100002&order_time=2022-03-11 HTTP/1.1" 200 413
116.230.110.173 - - [11/Mar/2022:09:09:14 +0800] "GET /xingrg/kc/buy/cgsh_order_operate.html?command=get_materiel&rest_code=00155&code=00102006529&supplier_code=00100076&order_time=2022-03-11 HTTP/1.1" 200 402
116.230.110.173 - - [11/Mar/2022:09:09:15 +0800] "GET /xingrg/kc/buy/cgsh_order_operate.html?command=get_materiel&rest_code=00155&code=00101015054&supplier_code=00100076&order_time=2022-03-11 HTTP/1.1" 200 423
116.230.110.173 - - [11/Mar/2022:09:09:22 +0800] "POST /xingrg/kc/buy/cgsh_order_operate.html HTTP/1.1" 200 37
116.230.110.173 - - [11/Mar/2022:09:09:23 +0800] "POST /xingrg/kc/buy/cgsh_order_operate.html HTTP/1.1" 200 3271
58.39.61.91 - - [11/Mar/2022:09:09:23 +0800] "GET /xingrg/all/function/internal_message.html?_=1646960914418&CODE_STATE=getMsg HTTP/1.1" 200 27
58.39.61.91 - - [11/Mar/2022:09:09:25 +0800] "GET /xingrg/all/function/internal_message.html?_=1646960963558&CODE_STATE=getMsg HTTP/1.1" 200 27
116.230.110.173 - - [11/Mar/2022:09:09:25 +0800] "GET /xingrg/kc/print/load_data.html?order_code=212022031103315&kc_code=cgsh&condition= HTTP/1.1" 200 964
116.230.110.173 - - [11/Mar/2022:09:09:27 +0800] "GET /xingrg/all/function/internal_message.html?_=1646960958429&CODE_STATE=getMsg HTTP/1.1" 200 27
116.230.110.173 - - [11/Mar/2022:09:09:31 +0800] "GET /xingrg/kc/buy/cgsh_order_add.html HTTP/1.1" 200 65633
116.230.110.173 - - [11/Mar/2022:09:09:31 +0800] "POST /xingrg/kc/buy/cgsh_order_operate.html HTTP/1.1" 200 8245
116.230.110.173 - - [11/Mar/2022:09:09:31 +0800] "GET /xingrg/javascript/easyui/themes/default/validatebox.css HTTP/1.1" 404 1104
222.70.243.96 - - [11/Mar/2022:09:09:34 +0800] "GET /xingrg/kc/buy/cgsh_order_operate.html?command=get_materiel&rest_code=00146&code=00101007032&supplier_code=00100002&order_time=2022-03-11 HTTP/1.1" 200 413
222.70.243.96 - - [11/Mar/2022:09:09:35 +0800] "GET /xingrg/all/function/internal_message.html?_=1646960990061&CODE_STATE=getMsg HTTP/1.1" 200 27
116.224.122.7 - - [11/Mar/2022:09:09:39 +0800] "GET /xingrg/all/function/internal_message.html?_=1646961019829&CODE_STATE=getMsg HTTP/1.1" 200 27
116.230.110.173 - - [11/Mar/2022:09:09:43 +0800] "GET /xingrg/kc/buy/cgsh_order_operate.html?command=get_materiel&rest_code=00155&code=00102005961&supplier_code=00100077&order_time=2022-03-11 HTTP/1.1" 200 412
222.70.180.114 - - [11/Mar/2022:09:09:50 +0800] "GET /xingrg/all/function/internal_message.html?_=1646960984488&CODE_STATE=getMsg HTTP/1.1" 200 27
222.70.180.114 - - [11/Mar/2022:09:09:50 +0800] "GET /xingrg/check_reg.html?_=1646960984584 HTTP/1.1" 200 22
58.39.168.32 - - [11/Mar/2022:09:09:51 +0800] "GET /xingrg/all/function/internal_message.html?_=1646960990195&CODE_STATE=getMsg HTTP/1.1" 200 27
58.39.168.32 - - [11/Mar/2022:09:09:51 +0800] "GET /xingrg/check_reg.html?_=1646960990196 HTTP/1.1" 200 22
116.230.110.173 - - [11/Mar/2022:09:09:52 +0800] "POST /xingrg/kc/buy/cgsh_order_operate.html HTTP/1.1" 200 37
116.230.110.173 - - [11/Mar/2022:09:09:55 +0800] "POST /xingrg/kc/buy/cgsh_order_operate.html HTTP/1.1" 200 2658
120.253.135.82 - - [11/Mar/2022:09:09:58 +0800] "POST /xingrg/kc/base/wldb_list_operate.html HTTP/1.1" 200 928
222.70.243.96 - - [11/Mar/2022:09:10:02 +0800] "POST /xingrg/kc/buy/cgsh_order_operate.html HTTP/1.1" 200 37
120.253.135.82 - - [11/Mar/2022:09:10:03 +0800] "GET /xingrg/kc/pszx/mdqp_order_list.html?state=10 HTTP/1.1" 200 10217
