120.253.135.82 - - [11/Mar/2022:06:58:16 +0800] "GET /xingrg/dwr/interface/AjaxComOrderService.js HTTP/1.1" 200 18264
120.253.135.82 - - [11/Mar/2022:06:58:16 +0800] "GET /xingrg/dwr/engine.js HTTP/1.1" 200 43631
120.253.135.82 - - [11/Mar/2022:06:58:16 +0800] "POST /xingrg/dwr/call/plaincall/AjaxQqpsService.loadMaterielItems.dwr HTTP/1.1" 200 2817
116.230.110.173 - - [11/Mar/2022:06:58:17 +0800] "GET /xingrg/all/function/internal_message.html?_=1646953088754&CODE_STATE=getMsg HTTP/1.1" 200 27
222.70.243.96 - - [11/Mar/2022:06:58:19 +0800] "GET /xingrg/all/function/internal_message.html?_=1646953091062&CODE_STATE=getMsg HTTP/1.1" 200 27
58.39.61.91 - - [11/Mar/2022:06:58:21 +0800] "GET /xingrg/all/function/internal_message.html?_=1646953052646&CODE_STATE=getMsg HTTP/1.1" 200 27
120.253.135.82 - - [11/Mar/2022:06:58:22 +0800] "GET /xingrg/check_reg.html?_=1646952898753 HTTP/1.1" 200 22
120.253.135.82 - - [11/Mar/2022:06:58:24 +0800] "GET /xingrg/all/function/internal_message.html?_=1646952900560&CODE_STATE=getMsg HTTP/1.1" 200 27
58.39.61.91 - - [11/Mar/2022:06:58:24 +0800] "GET /xingrg/all/function/internal_message.html?_=1646953103210&CODE_STATE=getMsg HTTP/1.1" 200 27
116.230.110.173 - - [11/Mar/2022:06:58:29 +0800] "GET /xingrg/check_reg.html?_=1646953100457 HTTP/1.1" 200 22
120.253.135.82 - - [11/Mar/2022:06:58:30 +0800] "GET /xingrg/kc/pszx/mdqp_order_list.html?isBack=1 HTTP/1.1" 302 -
120.253.135.82 - - [11/Mar/2022:06:58:30 +0800] "GET /xingrg/kc/pszx/mdqp_order_list.html?state=10 HTTP/1.1" 200 15070
120.253.135.82 - - [11/Mar/2022:06:58:30 +0800] "GET /xingrg/dwr/interface/AjaxReportQueryService.js HTTP/1.1" 200 13203
120.253.135.82 - - [11/Mar/2022:06:58:30 +0800] "GET /xingrg/dwr/interface/AjaxQqpsService.js HTTP/1.1" 200 16326
120.253.135.82 - - [11/Mar/2022:06:58:30 +0800] "GET /xingrg/dwr/engine.js HTTP/1.1" 200 43631
120.253.135.82 - - [11/Mar/2022:06:58:32 +0800] "GET /xingrg/kc/pszx/mdqp_order_info.html?code=302022031000153 HTTP/1.1" 200 13338
120.253.135.82 - - [11/Mar/2022:06:58:32 +0800] "GET /xingrg/dwr/interface/AjaxComOrderService.js HTTP/1.1" 200 18264
120.253.135.82 - - [11/Mar/2022:06:58:32 +0800] "GET /xingrg/dwr/interface/AjaxQqpsService.js HTTP/1.1" 200 16326
120.253.135.82 - - [11/Mar/2022:06:58:32 +0800] "GET /xingrg/dwr/engine.js HTTP/1.1" 200 43631
120.253.135.82 - - [11/Mar/2022:06:58:32 +0800] "POST /xingrg/dwr/call/plaincall/AjaxQqpsService.loadMaterielItems.dwr HTTP/1.1" 200 369
120.253.135.82 - - [11/Mar/2022:06:58:36 +0800] "GET /xingrg/kc/pszx/mdqp_order_list.html?isBack=1 HTTP/1.1" 302 -
120.253.135.82 - - [11/Mar/2022:06:58:36 +0800] "GET /xingrg/kc/pszx/mdqp_order_list.html?state=10 HTTP/1.1" 200 15070
120.253.135.82 - - [11/Mar/2022:06:58:36 +0800] "GET /xingrg/dwr/interface/AjaxQqpsService.js HTTP/1.1" 200 16326
120.253.135.82 - - [11/Mar/2022:06:58:36 +0800] "GET /xingrg/dwr/interface/AjaxReportQueryService.js HTTP/1.1" 200 13203
120.253.135.82 - - [11/Mar/2022:06:58:36 +0800] "GET /xingrg/dwr/engine.js HTTP/1.1" 200 43631
120.253.135.82 - - [11/Mar/2022:06:58:44 +0800] "GET /xingrg/kc/pszx/jzcl_ps.html HTTP/1.1" 200 7683
120.253.135.82 - - [11/Mar/2022:06:58:44 +0800] "POST /xingrg/all/common/load_tree.html?tree=area_rest_tree_json HTTP/1.1" 200 3472
120.253.135.82 - - [11/Mar/2022:06:58:44 +0800] "POST /xingrg/kc/pszx/jzcl_ps_operate.html HTTP/1.1" 200 4937
120.253.135.82 - - [11/Mar/2022:06:58:44 +0800] "POST /xingrg/kc/pszx/jzcl_ps_operate.html HTTP/1.1" 200 4937
58.39.168.32 - - [11/Mar/2022:06:58:51 +0800] "GET /xingrg/all/function/internal_message.html?_=1646953130003&CODE_STATE=getMsg HTTP/1.1" 200 27
120.253.135.82 - - [11/Mar/2022:06:58:54 +0800] "GET /xingrg/kc/pszx/jzcl_ps.html HTTP/1.1" 200 7683
120.253.135.82 - - [11/Mar/2022:06:58:54 +0800] "POST /xingrg/all/common/load_tree.html?tree=area_rest_tree_json HTTP/1.1" 200 3472
120.253.135.82 - - [11/Mar/2022:06:58:54 +0800] "POST /xingrg/kc/pszx/jzcl_ps_operate.html HTTP/1.1" 200 4937
120.253.135.82 - - [11/Mar/2022:06:58:54 +0800] "POST /xingrg/kc/pszx/jzcl_ps_operate.html HTTP/1.1" 200 4937
222.70.243.96 - - [11/Mar/2022:06:58:55 +0800] "GET /xingrg/all/function/internal_message.html?_=1646953149966&CODE_STATE=getMsg HTTP/1.1" 200 27
120.253.135.82 - - [11/Mar/2022:06:59:03 +0800] "POST /xingrg/kc/pszx/jzcl_ps_operate.html HTTP/1.1" 200 4
120.253.135.82 - - [11/Mar/2022:06:59:04 +0800] "GET /xingrg/kc/pszx/mdps_order_list.html HTTP/1.1" 200 20925
120.253.135.82 - - [11/Mar/2022:06:59:04 +0800] "POST /xingrg/kc/pszx/jzcl_ps_operate.html HTTP/1.1" 200 4140
120.253.135.82 - - [11/Mar/2022:06:59:05 +0800] "POST /xingrg/kc/pszx/mdps_list_operate.html HTTP/1.1" 200 5187
120.253.135.82 - - [11/Mar/2022:06:59:12 +0800] "POST /xingrg/kc/pszx/mdps_list_operate.html HTTP/1.1" 200 2406
120.253.135.82 - - [11/Mar/2022:06:59:14 +0800] "POST /xingrg/kc/pszx/mdps_list_operate.html HTTP/1.1" 200 367
116.230.110.173 - - [11/Mar/2022:06:59:17 +0800] "GET /xingrg/all/function/internal_message.html?_=1646953148727&CODE_STATE=getMsg HTTP/1.1" 200 27
120.253.135.82 - - [11/Mar/2022:06:59:17 +0800] "POST /xingrg/kc/pszx/mdps_list_operate.html HTTP/1.1" 200 208
120.253.135.82 - - [11/Mar/2022:06:59:18 +0800] "GET /xingrg/kc/pszx/mdps_order_info.html?code=312022031100192 HTTP/1.1" 200 23925
120.253.135.82 - - [11/Mar/2022:06:59:19 +0800] "GET /xingrg/javascript/easyui/themes/default/validatebox.css HTTP/1.1" 404 1104
120.253.135.82 - - [11/Mar/2022:06:59:19 +0800] "POST /xingrg/kc/pszx/mdps_order_operate.html HTTP/1.1" 200 2284
222.70.243.96 - - [11/Mar/2022:06:59:19 +0800] "GET /xingrg/all/function/internal_message.html?_=1646953151063&CODE_STATE=getMsg HTTP/1.1" 200 27
58.39.61.91 - - [11/Mar/2022:06:59:21 +0800] "GET /xingrg/all/function/internal_message.html?_=1646953112652&CODE_STATE=getMsg HTTP/1.1" 200 27
120.253.135.82 - - [11/Mar/2022:06:59:22 +0800] "POST /xingrg/kc/pszx/mdps_order_operate.html HTTP/1.1" 200 37
120.253.135.82 - - [11/Mar/2022:06:59:22 +0800] "GET /xingrg/kc/pszx/mdps_order_info.html?code=312022031100192 HTTP/1.1" 200 23925
120.253.135.82 - - [11/Mar/2022:06:59:23 +0800] "POST /xingrg/kc/pszx/mdps_order_operate.html HTTP/1.1" 200 2292
120.253.135.82 - - [11/Mar/2022:06:59:23 +0800] "GET /xingrg/javascript/easyui/themes/default/validatebox.css HTTP/1.1" 404 1104
120.253.135.82 - - [11/Mar/2022:06:59:24 +0800] "GET /xingrg/all/function/internal_message.html?_=1646952960573&CODE_STATE=getMsg HTTP/1.1" 200 27
58.39.61.91 - - [11/Mar/2022:06:59:24 +0800] "GET /xingrg/all/function/internal_message.html?_=1646953163211&CODE_STATE=getMsg HTTP/1.1" 200 27
120.253.135.82 - - [11/Mar/2022:06:59:26 +0800] "POST /xingrg/kc/pszx/mdps_list_operate.html HTTP/1.1" 200 591
120.253.135.82 - - [11/Mar/2022:06:59:27 +0800] "GET /xingrg/kc/pszx/mdps_order_info.html?code=312022031100193 HTTP/1.1" 200 23925
120.253.135.82 - - [11/Mar/2022:06:59:28 +0800] "POST /xingrg/kc/pszx/mdps_order_operate.html HTTP/1.1" 200 6672
120.253.135.82 - - [11/Mar/2022:06:59:28 +0800] "GET /xingrg/javascript/easyui/themes/default/validatebox.css HTTP/1.1" 404 1104
120.253.135.82 - - [11/Mar/2022:06:59:29 +0800] "POST /xingrg/all/common/load_combo.html?type=base HTTP/1.1" 200 1075
120.253.135.82 - - [11/Mar/2022:06:59:33 +0800] "POST /xingrg/kc/pszx/mdps_order_operate.html HTTP/1.1" 200 37
120.253.135.82 - - [11/Mar/2022:06:59:34 +0800] "GET /xingrg/kc/pszx/mdps_order_info.html?code=312022031100193 HTTP/1.1" 200 23925
120.253.135.82 - - [11/Mar/2022:06:59:35 +0800] "POST /xingrg/kc/pszx/mdps_order_operate.html HTTP/1.1" 200 6754
120.253.135.82 - - [11/Mar/2022:06:59:35 +0800] "GET /xingrg/javascript/easyui/themes/default/validatebox.css HTTP/1.1" 404 1104
58.39.168.32 - - [11/Mar/2022:06:59:51 +0800] "GET /xingrg/check_reg.html?_=1646953190001 HTTP/1.1" 200 22
58.39.168.32 - - [11/Mar/2022:06:59:51 +0800] "GET /xingrg/all/function/internal_message.html?_=1646953190004&CODE_STATE=getMsg HTTP/1.1" 200 27
120.253.135.82 - - [11/Mar/2022:06:59:53 +0800] "POST /xingrg/kc/pszx/mdps_list_operate.html HTTP/1.1" 200 2406
120.253.135.82 - - [11/Mar/2022:06:59:54 +0800] "POST /xingrg/kc/pszx/mdps_list_operate.html HTTP/1.1" 200 367
222.70.243.96 - - [11/Mar/2022:06:59:55 +0800] "GET /xingrg/all/function/internal_message.html?_=1646953209979&CODE_STATE=getMsg HTTP/1.1" 200 27
120.253.135.82 - - [11/Mar/2022:06:59:59 +0800] "GET /xingrg/kc/pszx/mdqp_order_list.html?state=10 HTTP/1.1" 200 14274
120.253.135.82 - - [11/Mar/2022:06:59:59 +0800] "GET /xingrg/dwr/interface/AjaxReportQueryService.js HTTP/1.1" 200 13203
120.253.135.82 - - [11/Mar/2022:06:59:59 +0800] "GET /xingrg/dwr/interface/AjaxQqpsService.js HTTP/1.1" 200 16326
120.253.135.82 - - [11/Mar/2022:06:59:59 +0800] "GET /xingrg/dwr/engine.js HTTP/1.1" 200 43631
120.253.135.82 - - [11/Mar/2022:07:00:02 +0800] "GET /xingrg/kc/pszx/mdqp_order_info.html?code=302022031000129 HTTP/1.1" 200 13338
120.253.135.82 - - [11/Mar/2022:07:00:02 +0800] "GET /xingrg/dwr/interface/AjaxComOrderService.js HTTP/1.1" 200 18264
120.253.135.82 - - [11/Mar/2022:07:00:02 +0800] "GET /xingrg/dwr/interface/AjaxQqpsService.js HTTP/1.1" 200 16326
120.253.135.82 - - [11/Mar/2022:07:00:02 +0800] "GET /xingrg/dwr/engine.js HTTP/1.1" 200 43631
120.253.135.82 - - [11/Mar/2022:07:00:02 +0800] "POST /xingrg/dwr/call/plaincall/AjaxQqpsService.loadMaterielItems.dwr HTTP/1.1" 200 2447
120.253.135.82 - - [11/Mar/2022:07:00:13 +0800] "GET /xingrg/kc/pszx/mdqp_order_list.html?isBack=1 HTTP/1.1" 302 -
120.253.135.82 - - [11/Mar/2022:07:00:13 +0800] "GET /xingrg/kc/pszx/mdqp_order_list.html?state=10 HTTP/1.1" 200 14274
120.253.135.82 - - [11/Mar/2022:07:00:13 +0800] "GET /xingrg/dwr/interface/AjaxReportQueryService.js HTTP/1.1" 200 13203
120.253.135.82 - - [11/Mar/2022:07:00:13 +0800] "GET /xingrg/dwr/interface/AjaxQqpsService.js HTTP/1.1" 200 16326
120.253.135.82 - - [11/Mar/2022:07:00:13 +0800] "GET /xingrg/dwr/engine.js HTTP/1.1" 200 43631
120.253.135.82 - - [11/Mar/2022:07:00:15 +0800] "GET /xingrg/kc/pszx/mdqp_order_info.html?code=302022031000130 HTTP/1.1" 200 13338
120.253.135.82 - - [11/Mar/2022:07:00:15 +0800] "GET /xingrg/dwr/interface/AjaxQqpsService.js HTTP/1.1" 200 16326
120.253.135.82 - - [11/Mar/2022:07:00:15 +0800] "GET /xingrg/dwr/interface/AjaxComOrderService.js HTTP/1.1" 200 18264
120.253.135.82 - - [11/Mar/2022:07:00:15 +0800] "GET /xingrg/dwr/engine.js HTTP/1.1" 200 43631
120.253.135.82 - - [11/Mar/2022:07:00:16 +0800] "POST /xingrg/dwr/call/plaincall/AjaxQqpsService.loadMaterielItems.dwr HTTP/1.1" 200 2523
116.230.110.173 - - [11/Mar/2022:07:00:17 +0800] "GET /xingrg/all/function/internal_message.html?_=1646953208698&CODE_STATE=getMsg HTTP/1.1" 200 27
58.39.61.91 - - [11/Mar/2022:07:00:21 +0800] "GET /xingrg/all/function/internal_message.html?_=1646953172673&CODE_STATE=getMsg HTTP/1.1" 200 27
120.253.135.82 - - [11/Mar/2022:07:00:24 +0800] "GET /xingrg/all/function/internal_message.html?_=1646953020588&CODE_STATE=getMsg HTTP/1.1" 200 27
58.39.61.91 - - [11/Mar/2022:07:00:24 +0800] "GET /xingrg/all/function/internal_message.html?_=1646953223210&CODE_STATE=getMsg HTTP/1.1" 200 27
58.39.168.32 - - [11/Mar/2022:07:00:51 +0800] "GET /xingrg/all/function/internal_message.html?_=1646953249989&CODE_STATE=getMsg HTTP/1.1" 200 27
222.70.243.96 - - [11/Mar/2022:07:00:57 +0800] "GET /xingrg/all/function/internal_message.html?_=1646953270503&CODE_STATE=getMsg HTTP/1.1" 200 27
120.253.135.82 - - [11/Mar/2022:07:01:03 +0800] "GET /xingrg/kc/pszx/mdqp_order_list.html?isBack=1 HTTP/1.1" 302 -
120.253.135.82 - - [11/Mar/2022:07:01:03 +0800] "GET /xingrg/kc/pszx/mdqp_order_list.html?state=10 HTTP/1.1" 200 14274
120.253.135.82 - - [11/Mar/2022:07:01:03 +0800] "GET /xingrg/dwr/interface/AjaxReportQueryService.js HTTP/1.1" 200 13203
120.253.135.82 - - [11/Mar/2022:07:01:03 +0800] "GET /xingrg/dwr/interface/AjaxQqpsService.js HTTP/1.1" 200 16326
120.253.135.82 - - [11/Mar/2022:07:01:03 +0800] "GET /xingrg/dwr/engine.js HTTP/1.1" 200 43631
120.253.135.82 - - [11/Mar/2022:07:01:06 +0800] "GET /xingrg/kc/pszx/mdqp_order_info.html?code=302022031000131 HTTP/1.1" 200 13338
120.253.135.82 - - [11/Mar/2022:07:01:06 +0800] "GET /xingrg/dwr/interface/AjaxComOrderService.js HTTP/1.1" 200 18264
120.253.135.82 - - [11/Mar/2022:07:01:06 +0800] "GET /xingrg/dwr/interface/AjaxQqpsService.js HTTP/1.1" 200 16326
120.253.135.82 - - [11/Mar/2022:07:01:06 +0800] "GET /xingrg/dwr/engine.js HTTP/1.1" 200 43631
120.253.135.82 - - [11/Mar/2022:07:01:07 +0800] "POST /xingrg/dwr/call/plaincall/AjaxQqpsService.loadMaterielItems.dwr HTTP/1.1" 200 621
120.253.135.82 - - [11/Mar/2022:07:01:12 +0800] "GET /xingrg/kc/pszx/mdqp_order_list.html?isBack=1 HTTP/1.1" 302 -
120.253.135.82 - - [11/Mar/2022:07:01:12 +0800] "GET /xingrg/kc/pszx/mdqp_order_list.html?state=10 HTTP/1.1" 200 14274
120.253.135.82 - - [11/Mar/2022:07:01:12 +0800] "GET /xingrg/dwr/interface/AjaxReportQueryService.js HTTP/1.1" 200 13203
120.253.135.82 - - [11/Mar/2022:07:01:12 +0800] "GET /xingrg/dwr/interface/AjaxQqpsService.js HTTP/1.1" 200 16326
120.253.135.82 - - [11/Mar/2022:07:01:12 +0800] "GET /xingrg/dwr/engine.js HTTP/1.1" 200 43631
58.39.61.91 - - [11/Mar/2022:07:01:13 +0800] "GET /xingrg/check_reg.html?_=1646953224373 HTTP/1.1" 200 22
120.253.135.82 - - [11/Mar/2022:07:01:14 +0800] "GET /xingrg/kc/pszx/mdqp_order_info.html?code=302022031000132 HTTP/1.1" 200 13338
120.253.135.82 - - [11/Mar/2022:07:01:14 +0800] "GET /xingrg/dwr/interface/AjaxComOrderService.js HTTP/1.1" 200 18264
120.253.135.82 - - [11/Mar/2022:07:01:14 +0800] "GET /xingrg/dwr/interface/AjaxQqpsService.js HTTP/1.1" 200 16326
120.253.135.82 - - [11/Mar/2022:07:01:14 +0800] "GET /xingrg/dwr/engine.js HTTP/1.1" 200 43631
120.253.135.82 - - [11/Mar/2022:07:01:15 +0800] "POST /xingrg/dwr/call/plaincall/AjaxQqpsService.loadMaterielItems.dwr HTTP/1.1" 200 389
116.230.110.173 - - [11/Mar/2022:07:01:17 +0800] "GET /xingrg/all/function/internal_message.html?_=1646953268677&CODE_STATE=getMsg HTTP/1.1" 200 27
120.253.135.82 - - [11/Mar/2022:07:01:18 +0800] "GET /xingrg/kc/pszx/mdqp_order_list.html?isBack=1 HTTP/1.1" 302 -
120.253.135.82 - - [11/Mar/2022:07:01:18 +0800] "GET /xingrg/kc/pszx/mdqp_order_list.html?state=10 HTTP/1.1" 200 14274
120.253.135.82 - - [11/Mar/2022:07:01:18 +0800] "GET /xingrg/dwr/interface/AjaxReportQueryService.js HTTP/1.1" 200 13203
120.253.135.82 - - [11/Mar/2022:07:01:18 +0800] "GET /xingrg/dwr/interface/AjaxQqpsService.js HTTP/1.1" 200 16326
120.253.135.82 - - [11/Mar/2022:07:01:18 +0800] "GET /xingrg/dwr/engine.js HTTP/1.1" 200 43631
58.39.61.91 - - [11/Mar/2022:07:01:21 +0800] "GET /xingrg/all/function/internal_message.html?_=1646953232679&CODE_STATE=getMsg HTTP/1.1" 200 27
120.253.135.82 - - [11/Mar/2022:07:01:24 +0800] "GET /xingrg/all/function/internal_message.html?_=1646953080600&CODE_STATE=getMsg HTTP/1.1" 200 27
58.39.61.91 - - [11/Mar/2022:07:01:24 +0800] "GET /xingrg/all/function/internal_message.html?_=1646953283217&CODE_STATE=getMsg HTTP/1.1" 200 27
120.253.135.82 - - [11/Mar/2022:07:01:25 +0800] "GET /xingrg/kc/pszx/jzcl_ps.html HTTP/1.1" 200 7683
120.253.135.82 - - [11/Mar/2022:07:01:25 +0800] "POST /xingrg/all/common/load_tree.html?tree=area_rest_tree_json HTTP/1.1" 200 3472
120.253.135.82 - - [11/Mar/2022:07:01:25 +0800] "POST /xingrg/kc/pszx/jzcl_ps_operate.html HTTP/1.1" 200 4140
120.253.135.82 - - [11/Mar/2022:07:01:26 +0800] "POST /xingrg/kc/pszx/jzcl_ps_operate.html HTTP/1.1" 200 4140
120.253.135.82 - - [11/Mar/2022:07:01:37 +0800] "POST /xingrg/kc/pszx/jzcl_ps_operate.html HTTP/1.1" 200 4
120.253.135.82 - - [11/Mar/2022:07:01:38 +0800] "GET /xingrg/kc/pszx/mdps_order_list.html HTTP/1.1" 200 20925
120.253.135.82 - - [11/Mar/2022:07:01:38 +0800] "POST /xingrg/kc/pszx/jzcl_ps_operate.html HTTP/1.1" 200 2486
120.253.135.82 - - [11/Mar/2022:07:01:38 +0800] "POST /xingrg/kc/pszx/mdps_list_operate.html HTTP/1.1" 200 5228
120.253.135.82 - - [11/Mar/2022:07:01:45 +0800] "POST /xingrg/kc/pszx/mdps_list_operate.html HTTP/1.1" 200 2772
120.253.135.82 - - [11/Mar/2022:07:01:47 +0800] "POST /xingrg/kc/pszx/mdps_list_operate.html HTTP/1.1" 200 599
120.253.135.82 - - [11/Mar/2022:07:01:48 +0800] "GET /xingrg/kc/pszx/mdps_order_info.html?code=312022031100194 HTTP/1.1" 200 23925
120.253.135.82 - - [11/Mar/2022:07:01:49 +0800] "GET /xingrg/javascript/easyui/themes/default/validatebox.css HTTP/1.1" 404 1104
120.253.135.82 - - [11/Mar/2022:07:01:49 +0800] "POST /xingrg/kc/pszx/mdps_order_operate.html HTTP/1.1" 200 6188
58.39.168.32 - - [11/Mar/2022:07:01:51 +0800] "GET /xingrg/all/function/internal_message.html?_=1646953310003&CODE_STATE=getMsg HTTP/1.1" 200 27
120.253.135.82 - - [11/Mar/2022:07:01:52 +0800] "POST /xingrg/kc/pszx/mdps_order_operate.html HTTP/1.1" 200 37
120.253.135.82 - - [11/Mar/2022:07:01:53 +0800] "GET /xingrg/kc/pszx/mdps_order_info.html?code=312022031100194 HTTP/1.1" 200 23925
120.253.135.82 - - [11/Mar/2022:07:01:53 +0800] "GET /xingrg/javascript/easyui/themes/default/validatebox.css HTTP/1.1" 404 1104
120.253.135.82 - - [11/Mar/2022:07:01:53 +0800] "POST /xingrg/kc/pszx/mdps_order_operate.html HTTP/1.1" 200 6256
222.70.243.96 - - [11/Mar/2022:07:01:56 +0800] "GET /xingrg/all/function/internal_message.html?_=1646953330505&CODE_STATE=getMsg HTTP/1.1" 200 27
120.253.135.82 - - [11/Mar/2022:07:02:12 +0800] "GET /xingrg/kc/pszx/mdps_order_operate.html?command=get_materiel&pszx_code=00101&rest_code=00106&base_code=0010246&code=00101019174 HTTP/1.1" 200 475
120.253.135.82 - - [11/Mar/2022:07:02:14 +0800] "POST /xingrg/all/common/load_select.html HTTP/1.1" 200 25
120.253.135.82 - - [11/Mar/2022:07:02:16 +0800] "GET /xingrg/kc/pszx/mdps_order_operate.html?command=get_materiel_price&pszx_code=00101&rest_code=00106&base_code=0010246&code=00101019174&unit_code=00100185&order_time=2022-03-12 HTTP/1.1" 200 35
116.230.110.173 - - [11/Mar/2022:07:02:17 +0800] "GET /xingrg/all/function/internal_message.html?_=1646953328653&CODE_STATE=getMsg HTTP/1.1" 200 27
58.39.61.91 - - [11/Mar/2022:07:02:21 +0800] "GET /xingrg/all/function/internal_message.html?_=1646953292693&CODE_STATE=getMsg HTTP/1.1" 200 27
58.39.61.91 - - [11/Mar/2022:07:02:24 +0800] "GET /xingrg/all/function/internal_message.html?_=1646953343215&CODE_STATE=getMsg HTTP/1.1" 200 27
58.39.61.91 - - [11/Mar/2022:07:02:24 +0800] "GET /xingrg/check_reg.html?_=1646953343218 HTTP/1.1" 200 22
120.253.135.82 - - [11/Mar/2022:07:02:25 +0800] "POST /xingrg/kc/pszx/mdps_order_operate.html HTTP/1.1" 200 37
120.253.135.82 - - [11/Mar/2022:07:02:25 +0800] "GET /xingrg/kc/pszx/mdps_order_info.html?code=312022031100194 HTTP/1.1" 200 23925
120.253.135.82 - - [11/Mar/2022:07:02:26 +0800] "GET /xingrg/javascript/easyui/themes/default/validatebox.css HTTP/1.1" 404 1104
120.253.135.82 - - [11/Mar/2022:07:02:26 +0800] "POST /xingrg/kc/pszx/mdps_order_operate.html HTTP/1.1" 200 6258
120.253.135.82 - - [11/Mar/2022:07:02:26 +0800] "GET /xingrg/all/function/internal_message.html?_=1646953143310&CODE_STATE=getMsg HTTP/1.1" 200 27
120.253.135.82 - - [11/Mar/2022:07:02:31 +0800] "POST /xingrg/kc/pszx/mdps_list_operate.html HTTP/1.1" 200 626
120.253.135.82 - - [11/Mar/2022:07:02:34 +0800] "GET /xingrg/kc/pszx/mdps_order_add.html HTTP/1.1" 200 28947
120.253.135.82 - - [11/Mar/2022:07:02:34 +0800] "GET /xingrg/javascript/easyui/themes/default/validatebox.css HTTP/1.1" 404 1104
120.253.135.82 - - [11/Mar/2022:07:02:34 +0800] "POST /xingrg/kc/pszx/mdps_order_operate.html HTTP/1.1" 200 7126
120.253.135.82 - - [11/Mar/2022:07:02:39 +0800] "POST /xingrg/all/common/load_combo.html?type=base HTTP/1.1" 200 1075
120.253.135.82 - - [11/Mar/2022:07:02:47 +0800] "GET /xingrg/kc/pszx/mdps_order_operate.html?command=get_materiel&pszx_code=00101&rest_code=00106&base_code=0010246&code=00101006002 HTTP/1.1" 200 441
58.39.168.32 - - [11/Mar/2022:07:02:51 +0800] "GET /xingrg/all/function/internal_message.html?_=1646953370002&CODE_STATE=getMsg HTTP/1.1" 200 27
120.253.135.82 - - [11/Mar/2022:07:02:53 +0800] "POST /xingrg/kc/pszx/mdps_order_operate.html HTTP/1.1" 200 37
120.253.135.82 - - [11/Mar/2022:07:02:54 +0800] "GET /xingrg/kc/pszx/mdps_order_info.html?code=312022031100198 HTTP/1.1" 200 23925
222.70.243.96 - - [11/Mar/2022:07:02:54 +0800] "GET /xingrg/check_reg.html?_=1646953388809 HTTP/1.1" 200 22
120.253.135.82 - - [11/Mar/2022:07:02:55 +0800] "GET /xingrg/javascript/easyui/themes/default/validatebox.css HTTP/1.1" 404 1104
120.253.135.82 - - [11/Mar/2022:07:02:55 +0800] "POST /xingrg/kc/pszx/mdps_order_operate.html HTTP/1.1" 200 2282
222.70.243.96 - - [11/Mar/2022:07:02:56 +0800] "GET /xingrg/all/function/internal_message.html?_=1646953390519&CODE_STATE=getMsg HTTP/1.1" 200 27
120.253.135.82 - - [11/Mar/2022:07:02:56 +0800] "POST /xingrg/kc/pszx/mdps_list_operate.html HTTP/1.1" 200 3135
180.169.147.146 - - [11/Mar/2022:07:03:07 +0800] "GET /xingrg/check_reg.html?_=1646953389960 HTTP/1.1" 200 22
120.253.135.82 - - [11/Mar/2022:07:03:10 +0800] "POST /xingrg/kc/pszx/mdps_list_operate.html HTTP/1.1" 200 1690
120.253.135.82 - - [11/Mar/2022:07:03:11 +0800] "POST /xingrg/kc/pszx/mdps_list_operate.html HTTP/1.1" 200 205
116.230.110.173 - - [11/Mar/2022:07:03:17 +0800] "GET /xingrg/all/function/internal_message.html?_=1646953388626&CODE_STATE=getMsg HTTP/1.1" 200 27
58.39.61.91 - - [11/Mar/2022:07:03:21 +0800] "GET /xingrg/all/function/internal_message.html?_=1646953352714&CODE_STATE=getMsg HTTP/1.1" 200 27
120.253.135.82 - - [11/Mar/2022:07:03:22 +0800] "GET /xingrg/check_reg.html?_=1646953198756 HTTP/1.1" 200 22
120.253.135.82 - - [11/Mar/2022:07:03:22 +0800] "POST /xingrg/kc/pszx/mdps_list_operate.html HTTP/1.1" 200 3135
120.253.135.82 - - [11/Mar/2022:07:03:23 +0800] "POST /xingrg/kc/pszx/mdps_list_operate.html HTTP/1.1" 200 599
58.39.61.91 - - [11/Mar/2022:07:03:24 +0800] "GET /xingrg/all/function/internal_message.html?_=1646953403232&CODE_STATE=getMsg HTTP/1.1" 200 27
120.253.135.82 - - [11/Mar/2022:07:03:25 +0800] "GET /xingrg/kc/pszx/mdps_order_info.html?code=312022031100194 HTTP/1.1" 200 23925
120.253.135.82 - - [11/Mar/2022:07:03:25 +0800] "POST /xingrg/kc/pszx/mdps_order_operate.html HTTP/1.1" 200 6258
120.253.135.82 - - [11/Mar/2022:07:03:25 +0800] "GET /xingrg/javascript/easyui/themes/default/validatebox.css HTTP/1.1" 404 1104
120.253.135.82 - - [11/Mar/2022:07:03:26 +0800] "GET /xingrg/all/function/internal_message.html?_=1646953203311&CODE_STATE=getMsg HTTP/1.1" 200 27
116.230.110.173 - - [11/Mar/2022:07:03:29 +0800] "GET /xingrg/check_reg.html?_=1646953400473 HTTP/1.1" 200 22
120.253.135.82 - - [11/Mar/2022:07:03:36 +0800] "POST /xingrg/kc/pszx/mdps_order_operate.html HTTP/1.1" 200 37
120.253.135.82 - - [11/Mar/2022:07:03:37 +0800] "GET /xingrg/kc/pszx/mdps_order_info.html?code=312022031100194 HTTP/1.1" 200 23925
120.253.135.82 - - [11/Mar/2022:07:03:37 +0800] "POST /xingrg/kc/pszx/mdps_order_operate.html HTTP/1.1" 200 5763
120.253.135.82 - - [11/Mar/2022:07:03:37 +0800] "GET /xingrg/javascript/easyui/themes/default/validatebox.css HTTP/1.1" 404 1104
58.39.168.32 - - [11/Mar/2022:07:03:51 +0800] "GET /xingrg/all/function/internal_message.html?_=1646953430001&CODE_STATE=getMsg HTTP/1.1" 200 27
222.70.243.96 - - [11/Mar/2022:07:03:56 +0800] "GET /xingrg/all/function/internal_message.html?_=1646953450533&CODE_STATE=getMsg HTTP/1.1" 200 27
116.230.110.173 - - [11/Mar/2022:07:04:17 +0800] "GET /xingrg/all/function/internal_message.html?_=1646953448610&CODE_STATE=getMsg HTTP/1.1" 200 27
58.39.61.91 - - [11/Mar/2022:07:04:21 +0800] "GET /xingrg/all/function/internal_message.html?_=1646953412720&CODE_STATE=getMsg HTTP/1.1" 200 27
58.39.61.91 - - [11/Mar/2022:07:04:24 +0800] "GET /xingrg/all/function/internal_message.html?_=1646953463219&CODE_STATE=getMsg HTTP/1.1" 200 27
120.253.135.82 - - [11/Mar/2022:07:04:26 +0800] "GET /xingrg/all/function/internal_message.html?_=1646953263325&CODE_STATE=getMsg HTTP/1.1" 200 27
120.253.135.82 - - [11/Mar/2022:07:04:49 +0800] "POST /xingrg/kc/pszx/mdps_order_operate.html HTTP/1.1" 200 37
120.253.135.82 - - [11/Mar/2022:07:04:50 +0800] "GET /xingrg/kc/pszx/mdps_order_info.html?code=312022031100194 HTTP/1.1" 200 23925
120.253.135.82 - - [11/Mar/2022:07:04:51 +0800] "POST /xingrg/kc/pszx/mdps_order_operate.html HTTP/1.1" 200 5763
120.253.135.82 - - [11/Mar/2022:07:04:51 +0800] "GET /xingrg/javascript/easyui/themes/default/validatebox.css HTTP/1.1" 404 1104
58.39.168.32 - - [11/Mar/2022:07:04:51 +0800] "GET /xingrg/check_reg.html?_=1646953490002 HTTP/1.1" 200 22
58.39.168.32 - - [11/Mar/2022:07:04:51 +0800] "GET /xingrg/all/function/internal_message.html?_=1646953490003&CODE_STATE=getMsg HTTP/1.1" 200 27
120.253.135.82 - - [11/Mar/2022:07:04:52 +0800] "POST /xingrg/kc/pszx/mdps_list_operate.html HTTP/1.1" 200 3134
120.253.135.82 - - [11/Mar/2022:07:04:55 +0800] "POST /xingrg/kc/pszx/mdps_list_operate.html HTTP/1.1" 200 282
120.253.135.82 - - [11/Mar/2022:07:04:56 +0800] "GET /xingrg/kc/pszx/mdps_order_info.html?code=312022031100195 HTTP/1.1" 200 23925
222.70.243.96 - - [11/Mar/2022:07:04:56 +0800] "GET /xingrg/all/function/internal_message.html?_=1646953510547&CODE_STATE=getMsg HTTP/1.1" 200 27
120.253.135.82 - - [11/Mar/2022:07:04:56 +0800] "POST /xingrg/kc/pszx/mdps_order_operate.html HTTP/1.1" 200 2764
120.253.135.82 - - [11/Mar/2022:07:04:56 +0800] "GET /xingrg/javascript/easyui/themes/default/validatebox.css HTTP/1.1" 404 1104
120.253.135.82 - - [11/Mar/2022:07:04:59 +0800] "POST /xingrg/kc/pszx/mdps_order_operate.html HTTP/1.1" 200 37
120.253.135.82 - - [11/Mar/2022:07:05:00 +0800] "GET /xingrg/kc/pszx/mdps_order_info.html?code=312022031100195 HTTP/1.1" 200 23925
120.253.135.82 - - [11/Mar/2022:07:05:01 +0800] "POST /xingrg/kc/pszx/mdps_order_operate.html HTTP/1.1" 200 2779
120.253.135.82 - - [11/Mar/2022:07:05:01 +0800] "GET /xingrg/javascript/easyui/themes/default/validatebox.css HTTP/1.1" 404 1104
116.230.110.173 - - [11/Mar/2022:07:05:17 +0800] "GET /xingrg/all/function/internal_message.html?_=1646953508587&CODE_STATE=getMsg HTTP/1.1" 200 27
58.39.61.91 - - [11/Mar/2022:07:05:21 +0800] "GET /xingrg/all/function/internal_message.html?_=1646953472740&CODE_STATE=getMsg HTTP/1.1" 200 27
58.39.61.91 - - [11/Mar/2022:07:05:24 +0800] "GET /xingrg/all/function/internal_message.html?_=1646953523222&CODE_STATE=getMsg HTTP/1.1" 200 27
120.253.135.82 - - [11/Mar/2022:07:05:27 +0800] "POST /xingrg/kc/pszx/mdps_order_operate.html HTTP/1.1" 200 37
120.253.135.82 - - [11/Mar/2022:07:05:27 +0800] "GET /xingrg/kc/pszx/mdps_order_info.html?code=312022031100195 HTTP/1.1" 200 23925
120.253.135.82 - - [11/Mar/2022:07:05:28 +0800] "POST /xingrg/kc/pszx/mdps_order_operate.html HTTP/1.1" 200 2779
120.253.135.82 - - [11/Mar/2022:07:05:28 +0800] "GET /xingrg/javascript/easyui/themes/default/validatebox.css HTTP/1.1" 404 1104
120.253.135.82 - - [11/Mar/2022:07:05:28 +0800] "GET /xingrg/all/function/internal_message.html?_=1646953325366&CODE_STATE=getMsg HTTP/1.1" 200 27
120.253.135.82 - - [11/Mar/2022:07:05:30 +0800] "POST /xingrg/kc/pszx/mdps_list_operate.html HTTP/1.1" 200 3134
120.253.135.82 - - [11/Mar/2022:07:05:32 +0800] "POST /xingrg/kc/pszx/mdps_list_operate.html HTTP/1.1" 200 217
120.253.135.82 - - [11/Mar/2022:07:05:33 +0800] "GET /xingrg/kc/pszx/mdps_order_info.html?code=312022031100196 HTTP/1.1" 200 23925
120.253.135.82 - - [11/Mar/2022:07:05:34 +0800] "POST /xingrg/kc/pszx/mdps_order_operate.html HTTP/1.1" 200 2296
120.253.135.82 - - [11/Mar/2022:07:05:34 +0800] "GET /xingrg/javascript/easyui/themes/default/validatebox.css HTTP/1.1" 404 1104
120.253.135.82 - - [11/Mar/2022:07:05:35 +0800] "POST /xingrg/all/common/load_combo.html?type=base HTTP/1.1" 200 1075
120.253.135.82 - - [11/Mar/2022:07:05:41 +0800] "POST /xingrg/kc/pszx/mdps_order_operate.html HTTP/1.1" 200 37
120.253.135.82 - - [11/Mar/2022:07:05:43 +0800] "GET /xingrg/kc/pszx/mdps_order_info.html?code=312022031100196 HTTP/1.1" 200 23923
120.253.135.82 - - [11/Mar/2022:07:05:43 +0800] "POST /xingrg/kc/pszx/mdps_order_operate.html HTTP/1.1" 200 2305
120.253.135.82 - - [11/Mar/2022:07:05:43 +0800] "GET /xingrg/javascript/easyui/themes/default/validatebox.css HTTP/1.1" 404 1104
120.253.135.82 - - [11/Mar/2022:07:05:45 +0800] "POST /xingrg/kc/pszx/mdps_list_operate.html HTTP/1.1" 200 3131
120.253.135.82 - - [11/Mar/2022:07:05:47 +0800] "POST /xingrg/kc/pszx/mdps_list_operate.html HTTP/1.1" 200 626
120.253.135.82 - - [11/Mar/2022:07:05:48 +0800] "GET /xingrg/kc/pszx/mdps_order_info.html?code=312022031100197 HTTP/1.1" 200 23925
120.253.135.82 - - [11/Mar/2022:07:05:49 +0800] "POST /xingrg/kc/pszx/mdps_order_operate.html HTTP/1.1" 200 5779
120.253.135.82 - - [11/Mar/2022:07:05:49 +0800] "GET /xingrg/javascript/easyui/themes/default/validatebox.css HTTP/1.1" 404 1104
120.253.135.82 - - [11/Mar/2022:07:05:50 +0800] "POST /xingrg/all/common/load_combo.html?type=base HTTP/1.1" 200 1075
58.39.168.32 - - [11/Mar/2022:07:05:51 +0800] "GET /xingrg/all/function/internal_message.html?_=1646953550001&CODE_STATE=getMsg HTTP/1.1" 200 27
120.253.135.82 - - [11/Mar/2022:07:05:55 +0800] "POST /xingrg/kc/pszx/mdps_order_operate.html HTTP/1.1" 200 37
120.253.135.82 - - [11/Mar/2022:07:05:56 +0800] "GET /xingrg/kc/pszx/mdps_order_info.html?code=312022031100197 HTTP/1.1" 200 23925
120.253.135.82 - - [11/Mar/2022:07:05:57 +0800] "POST /xingrg/kc/pszx/mdps_order_operate.html HTTP/1.1" 200 5842
120.253.135.82 - - [11/Mar/2022:07:05:57 +0800] "GET /xingrg/javascript/easyui/themes/default/validatebox.css HTTP/1.1" 404 1104
222.70.243.96 - - [11/Mar/2022:07:05:57 +0800] "GET /xingrg/all/function/internal_message.html?_=1646953571131&CODE_STATE=getMsg HTTP/1.1" 200 27
58.39.61.91 - - [11/Mar/2022:07:06:13 +0800] "GET /xingrg/check_reg.html?_=1646953524370 HTTP/1.1" 200 22
120.253.135.82 - - [11/Mar/2022:07:06:16 +0800] "POST /xingrg/kc/pszx/mdps_list_operate.html HTTP/1.1" 200 3131
116.230.110.173 - - [11/Mar/2022:07:06:17 +0800] "GET /xingrg/all/function/internal_message.html?_=1646953568571&CODE_STATE=getMsg HTTP/1.1" 200 27
120.253.135.82 - - [11/Mar/2022:07:06:18 +0800] "POST /xingrg/kc/pszx/mdps_list_operate.html HTTP/1.1" 200 205
120.253.135.82 - - [11/Mar/2022:07:06:20 +0800] "POST /xingrg/kc/pszx/mdps_list_operate.html HTTP/1.1" 200 626
58.39.61.91 - - [11/Mar/2022:07:06:22 +0800] "GET /xingrg/all/function/internal_message.html?_=1646953532747&CODE_STATE=getMsg HTTP/1.1" 200 27
120.253.135.82 - - [11/Mar/2022:07:06:23 +0800] "POST /xingrg/kc/pszx/mdps_list_operate.html HTTP/1.1" 200 217
120.253.135.82 - - [11/Mar/2022:07:06:24 +0800] "POST /xingrg/kc/pszx/mdps_list_operate.html HTTP/1.1" 200 282
58.39.61.91 - - [11/Mar/2022:07:06:25 +0800] "GET /xingrg/all/function/internal_message.html?_=1646953583240&CODE_STATE=getMsg HTTP/1.1" 200 27
120.253.135.82 - - [11/Mar/2022:07:06:27 +0800] "POST /xingrg/kc/pszx/mdps_list_operate.html HTTP/1.1" 200 599
120.253.135.82 - - [11/Mar/2022:07:06:28 +0800] "GET /xingrg/all/function/internal_message.html?_=1646953385380&CODE_STATE=getMsg HTTP/1.1" 200 27
120.253.135.82 - - [11/Mar/2022:07:06:34 +0800] "GET /xingrg/kc/pszx/mdps_order_info.html?code=312022031100194 HTTP/1.1" 200 23925
120.253.135.82 - - [11/Mar/2022:07:06:34 +0800] "POST /xingrg/kc/pszx/mdps_order_operate.html HTTP/1.1" 200 5763
120.253.135.82 - - [11/Mar/2022:07:06:34 +0800] "GET /xingrg/javascript/easyui/themes/default/validatebox.css HTTP/1.1" 404 1104
120.253.135.82 - - [11/Mar/2022:07:06:37 +0800] "POST /xingrg/kc/pszx/mdps_list_operate.html HTTP/1.1" 200 3131
120.253.135.82 - - [11/Mar/2022:07:06:38 +0800] "POST /xingrg/kc/pszx/mdps_list_operate.html HTTP/1.1" 200 282
120.253.135.82 - - [11/Mar/2022:07:06:39 +0800] "GET /xingrg/kc/pszx/mdps_order_info.html?code=312022031100195 HTTP/1.1" 200 23925
120.253.135.82 - - [11/Mar/2022:07:06:39 +0800] "POST /xingrg/kc/pszx/mdps_order_operate.html HTTP/1.1" 200 2779
120.253.135.82 - - [11/Mar/2022:07:06:39 +0800] "GET /xingrg/javascript/easyui/themes/default/validatebox.css HTTP/1.1" 404 1104
120.253.135.82 - - [11/Mar/2022:07:06:42 +0800] "POST /xingrg/kc/pszx/mdps_list_operate.html HTTP/1.1" 200 3131
120.253.135.82 - - [11/Mar/2022:07:06:43 +0800] "POST /xingrg/kc/pszx/mdps_list_operate.html HTTP/1.1" 200 217
120.253.135.82 - - [11/Mar/2022:07:06:44 +0800] "GET /xingrg/kc/pszx/mdps_order_info.html?code=312022031100196 HTTP/1.1" 200 23923
120.253.135.82 - - [11/Mar/2022:07:06:44 +0800] "POST /xingrg/kc/pszx/mdps_order_operate.html HTTP/1.1" 200 2305
120.253.135.82 - - [11/Mar/2022:07:06:44 +0800] "GET /xingrg/javascript/easyui/themes/default/validatebox.css HTTP/1.1" 404 1104
120.253.135.82 - - [11/Mar/2022:07:06:46 +0800] "POST /xingrg/kc/pszx/mdps_list_operate.html HTTP/1.1" 200 3131
120.253.135.82 - - [11/Mar/2022:07:06:48 +0800] "POST /xingrg/kc/pszx/mdps_list_operate.html HTTP/1.1" 200 626
120.253.135.82 - - [11/Mar/2022:07:06:49 +0800] "GET /xingrg/kc/pszx/mdps_order_info.html?code=312022031100197 HTTP/1.1" 200 23925
120.253.135.82 - - [11/Mar/2022:07:06:49 +0800] "POST /xingrg/kc/pszx/mdps_order_operate.html HTTP/1.1" 200 5842
120.253.135.82 - - [11/Mar/2022:07:06:49 +0800] "GET /xingrg/javascript/easyui/themes/default/validatebox.css HTTP/1.1" 404 1104
58.39.168.32 - - [11/Mar/2022:07:06:51 +0800] "GET /xingrg/all/function/internal_message.html?_=1646953609999&CODE_STATE=getMsg HTTP/1.1" 200 27
120.253.135.82 - - [11/Mar/2022:07:06:52 +0800] "POST /xingrg/kc/pszx/mdps_list_operate.html HTTP/1.1" 200 3131
222.70.243.96 - - [11/Mar/2022:07:06:57 +0800] "GET /xingrg/all/function/internal_message.html?_=1646953631135&CODE_STATE=getMsg HTTP/1.1" 200 27
120.253.135.82 - - [11/Mar/2022:07:07:00 +0800] "GET /xingrg/kc/pszx/mdqp_order_list.html?state=10 HTTP/1.1" 200 12679
120.253.135.82 - - [11/Mar/2022:07:07:00 +0800] "GET /xingrg/dwr/engine.js HTTP/1.1" 200 43631
120.253.135.82 - - [11/Mar/2022:07:07:00 +0800] "GET /xingrg/dwr/interface/AjaxQqpsService.js HTTP/1.1" 200 16326
120.253.135.82 - - [11/Mar/2022:07:07:00 +0800] "GET /xingrg/dwr/interface/AjaxReportQueryService.js HTTP/1.1" 200 13203
120.253.135.82 - - [11/Mar/2022:07:07:03 +0800] "GET /xingrg/kc/pszx/jzcl_ps.html HTTP/1.1" 200 7683
120.253.135.82 - - [11/Mar/2022:07:07:04 +0800] "POST /xingrg/all/common/load_tree.html?tree=area_rest_tree_json HTTP/1.1" 200 3472
120.253.135.82 - - [11/Mar/2022:07:07:04 +0800] "POST /xingrg/kc/pszx/jzcl_ps_operate.html HTTP/1.1" 200 2486
120.253.135.82 - - [11/Mar/2022:07:07:04 +0800] "POST /xingrg/kc/pszx/jzcl_ps_operate.html HTTP/1.1" 200 2486
120.253.135.82 - - [11/Mar/2022:07:07:16 +0800] "POST /xingrg/kc/pszx/jzcl_ps_operate.html HTTP/1.1" 200 4
116.230.110.173 - - [11/Mar/2022:07:07:17 +0800] "GET /xingrg/all/function/internal_message.html?_=1646953628554&CODE_STATE=getMsg HTTP/1.1" 200 27
120.253.135.82 - - [11/Mar/2022:07:07:17 +0800] "GET /xingrg/kc/pszx/mdps_order_list.html HTTP/1.1" 200 20925
120.253.135.82 - - [11/Mar/2022:07:07:18 +0800] "POST /xingrg/kc/pszx/mdps_list_operate.html HTTP/1.1" 200 5279
58.39.61.91 - - [11/Mar/2022:07:07:22 +0800] "GET /xingrg/all/function/internal_message.html?_=1646953592762&CODE_STATE=getMsg HTTP/1.1" 200 27
58.39.61.91 - - [11/Mar/2022:07:07:24 +0800] "GET /xingrg/all/function/internal_message.html?_=1646953643242&CODE_STATE=getMsg HTTP/1.1" 200 27
58.39.61.91 - - [11/Mar/2022:07:07:25 +0800] "GET /xingrg/check_reg.html?_=1646953643240 HTTP/1.1" 200 22
120.253.135.82 - - [11/Mar/2022:07:07:28 +0800] "GET /xingrg/all/function/internal_message.html?_=1646953445394&CODE_STATE=getMsg HTTP/1.1" 200 27
58.39.168.32 - - [11/Mar/2022:07:07:51 +0800] "GET /xingrg/all/function/internal_message.html?_=1646953669999&CODE_STATE=getMsg HTTP/1.1" 200 27
222.70.243.96 - - [11/Mar/2022:07:07:55 +0800] "GET /xingrg/check_reg.html?_=1646953689304 HTTP/1.1" 200 22
222.70.243.96 - - [11/Mar/2022:07:07:57 +0800] "GET /xingrg/all/function/internal_message.html?_=1646953691148&CODE_STATE=getMsg HTTP/1.1" 200 27
180.169.147.146 - - [11/Mar/2022:07:08:07 +0800] "GET /xingrg/check_reg.html?_=1646953689936 HTTP/1.1" 200 22
116.230.110.173 - - [11/Mar/2022:07:08:17 +0800] "GET /xingrg/all/function/internal_message.html?_=1646953688541&CODE_STATE=getMsg HTTP/1.1" 200 27
58.39.61.91 - - [11/Mar/2022:07:08:22 +0800] "GET /xingrg/all/function/internal_message.html?_=1646953652782&CODE_STATE=getMsg HTTP/1.1" 200 27
120.253.135.82 - - [11/Mar/2022:07:08:22 +0800] "GET /xingrg/check_reg.html?_=1646953498764 HTTP/1.1" 200 22
58.39.61.91 - - [11/Mar/2022:07:08:24 +0800] "GET /xingrg/all/function/internal_message.html?_=1646953703227&CODE_STATE=getMsg HTTP/1.1" 200 27
120.253.135.82 - - [11/Mar/2022:07:08:28 +0800] "GET /xingrg/all/function/internal_message.html?_=1646953505408&CODE_STATE=getMsg HTTP/1.1" 200 27
116.230.110.173 - - [11/Mar/2022:07:08:29 +0800] "GET /xingrg/check_reg.html?_=1646953700457 HTTP/1.1" 200 22
58.39.168.32 - - [11/Mar/2022:07:08:51 +0800] "GET /xingrg/all/function/internal_message.html?_=1646953729999&CODE_STATE=getMsg HTTP/1.1" 200 27
222.70.243.96 - - [11/Mar/2022:07:08:57 +0800] "GET /xingrg/all/function/internal_message.html?_=1646953751162&CODE_STATE=getMsg HTTP/1.1" 200 27
116.230.110.173 - - [11/Mar/2022:07:09:17 +0800] "GET /xingrg/all/function/internal_message.html?_=1646953748524&CODE_STATE=getMsg HTTP/1.1" 200 27
58.39.61.91 - - [11/Mar/2022:07:09:22 +0800] "GET /xingrg/all/function/internal_message.html?_=1646953712788&CODE_STATE=getMsg HTTP/1.1" 200 27
58.39.61.91 - - [11/Mar/2022:07:09:24 +0800] "GET /xingrg/all/function/internal_message.html?_=1646953763234&CODE_STATE=getMsg HTTP/1.1" 200 27
120.253.135.82 - - [11/Mar/2022:07:09:28 +0800] "GET /xingrg/all/function/internal_message.html?_=1646953565421&CODE_STATE=getMsg HTTP/1.1" 200 27
58.39.168.32 - - [11/Mar/2022:07:09:51 +0800] "GET /xingrg/check_reg.html?_=1646953790025 HTTP/1.1" 200 22
58.39.168.32 - - [11/Mar/2022:07:09:51 +0800] "GET /xingrg/all/function/internal_message.html?_=1646953789998&CODE_STATE=getMsg HTTP/1.1" 200 27
222.70.243.96 - - [11/Mar/2022:07:09:57 +0800] "GET /xingrg/all/function/internal_message.html?_=1646953811175&CODE_STATE=getMsg HTTP/1.1" 200 27
116.230.110.173 - - [11/Mar/2022:07:10:17 +0800] "GET /xingrg/all/function/internal_message.html?_=1646953808503&CODE_STATE=getMsg HTTP/1.1" 200 27
58.39.61.91 - - [11/Mar/2022:07:10:22 +0800] "GET /xingrg/all/function/internal_message.html?_=1646953772808&CODE_STATE=getMsg HTTP/1.1" 200 27
58.39.61.91 - - [11/Mar/2022:07:10:24 +0800] "GET /xingrg/all/function/internal_message.html?_=1646953823234&CODE_STATE=getMsg HTTP/1.1" 200 27
120.253.135.82 - - [11/Mar/2022:07:10:29 +0800] "GET /xingrg/all/function/internal_message.html?_=1646953625527&CODE_STATE=getMsg HTTP/1.1" 200 27
58.39.168.32 - - [11/Mar/2022:07:10:51 +0800] "GET /xingrg/all/function/internal_message.html?_=1646953850023&CODE_STATE=getMsg HTTP/1.1" 200 27
222.70.243.96 - - [11/Mar/2022:07:10:57 +0800] "GET /xingrg/all/function/internal_message.html?_=1646953871707&CODE_STATE=getMsg HTTP/1.1" 200 27
58.39.61.91 - - [11/Mar/2022:07:11:13 +0800] "GET /xingrg/check_reg.html?_=1646953824379 HTTP/1.1" 200 22
120.253.135.82 - - [11/Mar/2022:07:11:14 +0800] "GET /xingrg/kc/pszx/mdqp_order_list.html?state=10 HTTP/1.1" 200 10217
120.253.135.82 - - [11/Mar/2022:07:11:14 +0800] "GET /xingrg/dwr/interface/AjaxQqpsService.js HTTP/1.1" 200 16326
120.253.135.82 - - [11/Mar/2022:07:11:14 +0800] "GET /xingrg/dwr/interface/AjaxReportQueryService.js HTTP/1.1" 200 13203
120.253.135.82 - - [11/Mar/2022:07:11:14 +0800] "GET /xingrg/dwr/engine.js HTTP/1.1" 200 43631
120.253.135.82 - - [11/Mar/2022:07:11:16 +0800] "GET /xingrg/kc/pszx/mdps_order_list.html?orderType=0 HTTP/1.1" 200 20925
120.253.135.82 - - [11/Mar/2022:07:11:16 +0800] "POST /xingrg/kc/pszx/mdps_list_operate.html HTTP/1.1" 200 5279
116.230.110.173 - - [11/Mar/2022:07:11:17 +0800] "GET /xingrg/all/function/internal_message.html?_=1646953868483&CODE_STATE=getMsg HTTP/1.1" 200 27
58.39.61.91 - - [11/Mar/2022:07:11:22 +0800] "GET /xingrg/all/function/internal_message.html?_=1646953832815&CODE_STATE=getMsg HTTP/1.1" 200 27
58.39.61.91 - - [11/Mar/2022:07:11:24 +0800] "GET /xingrg/all/function/internal_message.html?_=1646953883238&CODE_STATE=getMsg HTTP/1.1" 200 27
120.253.135.82 - - [11/Mar/2022:07:11:27 +0800] "POST /xingrg/kc/pszx/mdps_list_operate.html HTTP/1.1" 200 3546
120.253.135.82 - - [11/Mar/2022:07:11:29 +0800] "GET /xingrg/all/function/internal_message.html?_=1646953685542&CODE_STATE=getMsg HTTP/1.1" 200 27
120.253.135.82 - - [11/Mar/2022:07:11:29 +0800] "POST /xingrg/kc/pszx/mdps_list_operate.html HTTP/1.1" 200 289
120.253.135.82 - - [11/Mar/2022:07:11:32 +0800] "POST /xingrg/kc/pszx/mdps_list_operate.html HTTP/1.1" 200 311
120.253.135.82 - - [11/Mar/2022:07:11:34 +0800] "GET /xingrg/kc/pszx/mdps_order_info.html?code=312022031100199 HTTP/1.1" 200 23931
120.253.135.82 - - [11/Mar/2022:07:11:35 +0800] "GET /xingrg/javascript/easyui/themes/default/validatebox.css HTTP/1.1" 404 1104
120.253.135.82 - - [11/Mar/2022:07:11:35 +0800] "POST /xingrg/kc/pszx/mdps_order_operate.html HTTP/1.1" 200 2826
120.253.135.82 - - [11/Mar/2022:07:11:38 +0800] "POST /xingrg/kc/pszx/mdps_order_operate.html HTTP/1.1" 200 37
120.253.135.82 - - [11/Mar/2022:07:11:39 +0800] "GET /xingrg/kc/pszx/mdps_order_info.html?code=312022031100199 HTTP/1.1" 200 23931
120.253.135.82 - - [11/Mar/2022:07:11:39 +0800] "GET /xingrg/javascript/easyui/themes/default/validatebox.css HTTP/1.1" 404 1104
120.253.135.82 - - [11/Mar/2022:07:11:39 +0800] "POST /xingrg/kc/pszx/mdps_order_operate.html HTTP/1.1" 200 2842
120.253.135.82 - - [11/Mar/2022:07:11:45 +0800] "POST /xingrg/kc/pszx/mdps_list_operate.html HTTP/1.1" 200 202
120.253.135.82 - - [11/Mar/2022:07:11:46 +0800] "GET /xingrg/kc/pszx/mdps_order_info.html?code=312022031100200 HTTP/1.1" 200 23931
120.253.135.82 - - [11/Mar/2022:07:11:46 +0800] "GET /xingrg/javascript/easyui/themes/default/validatebox.css HTTP/1.1" 404 1104
120.253.135.82 - - [11/Mar/2022:07:11:46 +0800] "POST /xingrg/kc/pszx/mdps_order_operate.html HTTP/1.1" 200 2270
120.253.135.82 - - [11/Mar/2022:07:11:48 +0800] "POST /xingrg/kc/pszx/mdps_list_operate.html HTTP/1.1" 200 3546
120.253.135.82 - - [11/Mar/2022:07:11:49 +0800] "POST /xingrg/kc/pszx/mdps_list_operate.html HTTP/1.1" 200 311
120.253.135.82 - - [11/Mar/2022:07:11:50 +0800] "GET /xingrg/kc/pszx/mdps_order_info.html?code=312022031100199 HTTP/1.1" 200 23931
120.253.135.82 - - [11/Mar/2022:07:11:50 +0800] "POST /xingrg/kc/pszx/mdps_order_operate.html HTTP/1.1" 200 2842
120.253.135.82 - - [11/Mar/2022:07:11:50 +0800] "GET /xingrg/javascript/easyui/themes/default/validatebox.css HTTP/1.1" 404 1104
58.39.168.32 - - [11/Mar/2022:07:11:51 +0800] "GET /xingrg/all/function/internal_message.html?_=1646953910023&CODE_STATE=getMsg HTTP/1.1" 200 27
222.70.243.96 - - [11/Mar/2022:07:11:57 +0800] "GET /xingrg/all/function/internal_message.html?_=1646953931718&CODE_STATE=getMsg HTTP/1.1" 200 27
120.253.135.82 - - [11/Mar/2022:07:11:58 +0800] "GET /xingrg/kc/pszx/mdps_order_operate.html?command=get_materiel&pszx_code=00101&rest_code=00147&base_code=0010246&code=00101030013 HTTP/1.1" 200 433
120.253.135.82 - - [11/Mar/2022:07:12:06 +0800] "POST /xingrg/kc/pszx/mdps_order_operate.html HTTP/1.1" 200 37
120.253.135.82 - - [11/Mar/2022:07:12:07 +0800] "GET /xingrg/kc/pszx/mdps_order_info.html?code=312022031100199 HTTP/1.1" 200 23931
120.253.135.82 - - [11/Mar/2022:07:12:08 +0800] "POST /xingrg/kc/pszx/mdps_order_operate.html HTTP/1.1" 200 3326
120.253.135.82 - - [11/Mar/2022:07:12:08 +0800] "GET /xingrg/javascript/easyui/themes/default/validatebox.css HTTP/1.1" 404 1104
120.253.135.82 - - [11/Mar/2022:07:12:09 +0800] "POST /xingrg/kc/pszx/mdps_list_operate.html HTTP/1.1" 200 3546
120.253.135.82 - - [11/Mar/2022:07:12:10 +0800] "POST /xingrg/kc/pszx/mdps_list_operate.html HTTP/1.1" 200 202
120.253.135.82 - - [11/Mar/2022:07:12:10 +0800] "GET /xingrg/kc/pszx/mdps_order_info.html?code=312022031100200 HTTP/1.1" 200 23931
120.253.135.82 - - [11/Mar/2022:07:12:11 +0800] "POST /xingrg/kc/pszx/mdps_order_operate.html HTTP/1.1" 200 2270
120.253.135.82 - - [11/Mar/2022:07:12:11 +0800] "GET /xingrg/javascript/easyui/themes/default/validatebox.css HTTP/1.1" 404 1104
120.253.135.82 - - [11/Mar/2022:07:12:13 +0800] "POST /xingrg/kc/pszx/mdps_order_operate.html HTTP/1.1" 200 12
120.253.135.82 - - [11/Mar/2022:07:12:14 +0800] "POST /xingrg/kc/pszx/mdps_list_operate.html HTTP/1.1" 200 3175
120.253.135.82 - - [11/Mar/2022:07:12:17 +0800] "POST /xingrg/kc/pszx/mdps_list_operate.html HTTP/1.1" 200 307
116.230.110.173 - - [11/Mar/2022:07:12:17 +0800] "GET /xingrg/all/function/internal_message.html?_=1646953928457&CODE_STATE=getMsg HTTP/1.1" 200 27
120.253.135.82 - - [11/Mar/2022:07:12:18 +0800] "GET /xingrg/kc/pszx/mdps_order_info.html?code=312022031100201 HTTP/1.1" 200 23931
120.253.135.82 - - [11/Mar/2022:07:12:18 +0800] "POST /xingrg/kc/pszx/mdps_order_operate.html HTTP/1.1" 200 2812
120.253.135.82 - - [11/Mar/2022:07:12:18 +0800] "GET /xingrg/javascript/easyui/themes/default/validatebox.css HTTP/1.1" 404 1104
120.253.135.82 - - [11/Mar/2022:07:12:20 +0800] "POST /xingrg/all/common/load_combo.html?type=base HTTP/1.1" 200 1075
58.39.61.91 - - [11/Mar/2022:07:12:22 +0800] "GET /xingrg/all/function/internal_message.html?_=1646953892829&CODE_STATE=getMsg HTTP/1.1" 200 27
120.253.135.82 - - [11/Mar/2022:07:12:24 +0800] "POST /xingrg/kc/pszx/mdps_order_operate.html HTTP/1.1" 200 37
58.39.61.91 - - [11/Mar/2022:07:12:25 +0800] "GET /xingrg/all/function/internal_message.html?_=1646953943255&CODE_STATE=getMsg HTTP/1.1" 200 27
58.39.61.91 - - [11/Mar/2022:07:12:25 +0800] "GET /xingrg/check_reg.html?_=1646953943264 HTTP/1.1" 200 22
120.253.135.82 - - [11/Mar/2022:07:12:25 +0800] "GET /xingrg/kc/pszx/mdps_order_info.html?code=312022031100201 HTTP/1.1" 200 23931
120.253.135.82 - - [11/Mar/2022:07:12:26 +0800] "POST /xingrg/kc/pszx/mdps_order_operate.html HTTP/1.1" 200 2828
120.253.135.82 - - [11/Mar/2022:07:12:26 +0800] "GET /xingrg/javascript/easyui/themes/default/validatebox.css HTTP/1.1" 404 1104
120.253.135.82 - - [11/Mar/2022:07:12:29 +0800] "GET /xingrg/all/function/internal_message.html?_=1646953745629&CODE_STATE=getMsg HTTP/1.1" 200 27
120.253.135.82 - - [11/Mar/2022:07:12:30 +0800] "POST /xingrg/kc/pszx/mdps_list_operate.html HTTP/1.1" 200 3175
120.253.135.82 - - [11/Mar/2022:07:12:31 +0800] "POST /xingrg/kc/pszx/mdps_list_operate.html HTTP/1.1" 200 373
120.253.135.82 - - [11/Mar/2022:07:12:32 +0800] "GET /xingrg/kc/pszx/mdps_order_info.html?code=312022031100202 HTTP/1.1" 200 23931
120.253.135.82 - - [11/Mar/2022:07:12:32 +0800] "POST /xingrg/kc/pszx/mdps_order_operate.html HTTP/1.1" 200 3259
120.253.135.82 - - [11/Mar/2022:07:12:32 +0800] "GET /xingrg/javascript/easyui/themes/default/validatebox.css HTTP/1.1" 404 1104
120.253.135.82 - - [11/Mar/2022:07:12:36 +0800] "POST /xingrg/kc/pszx/mdps_order_operate.html HTTP/1.1" 200 37
120.253.135.82 - - [11/Mar/2022:07:12:37 +0800] "GET /xingrg/kc/pszx/mdps_order_info.html?code=312022031100202 HTTP/1.1" 200 23931
120.253.135.82 - - [11/Mar/2022:07:12:37 +0800] "POST /xingrg/kc/pszx/mdps_order_operate.html HTTP/1.1" 200 3282
120.253.135.82 - - [11/Mar/2022:07:12:37 +0800] "GET /xingrg/javascript/easyui/themes/default/validatebox.css HTTP/1.1" 404 1104
58.39.168.32 - - [11/Mar/2022:07:12:51 +0800] "GET /xingrg/all/function/internal_message.html?_=1646953970021&CODE_STATE=getMsg HTTP/1.1" 200 27
222.70.243.96 - - [11/Mar/2022:07:12:55 +0800] "GET /xingrg/check_reg.html?_=1646953989778 HTTP/1.1" 200 22
222.70.243.96 - - [11/Mar/2022:07:12:57 +0800] "GET /xingrg/all/function/internal_message.html?_=1646953991731&CODE_STATE=getMsg HTTP/1.1" 200 27
180.169.147.146 - - [11/Mar/2022:07:13:07 +0800] "GET /xingrg/check_reg.html?_=1646953989911 HTTP/1.1" 200 22
116.230.110.173 - - [11/Mar/2022:07:13:17 +0800] "GET /xingrg/all/function/internal_message.html?_=1646953988442&CODE_STATE=getMsg HTTP/1.1" 200 27
58.39.61.91 - - [11/Mar/2022:07:13:22 +0800] "GET /xingrg/all/function/internal_message.html?_=1646953952850&CODE_STATE=getMsg HTTP/1.1" 200 27
120.253.135.82 - - [11/Mar/2022:07:13:22 +0800] "GET /xingrg/check_reg.html?_=1646953798767 HTTP/1.1" 200 22
58.39.61.91 - - [11/Mar/2022:07:13:24 +0800] "GET /xingrg/all/function/internal_message.html?_=1646954003254&CODE_STATE=getMsg HTTP/1.1" 200 27
116.230.110.173 - - [11/Mar/2022:07:13:29 +0800] "GET /xingrg/check_reg.html?_=1646954000456 HTTP/1.1" 200 22
120.253.135.82 - - [11/Mar/2022:07:13:29 +0800] "GET /xingrg/all/function/internal_message.html?_=1646953805631&CODE_STATE=getMsg HTTP/1.1" 200 27
120.253.135.82 - - [11/Mar/2022:07:13:50 +0800] "POST /xingrg/kc/pszx/mdps_list_operate.html HTTP/1.1" 200 3175
58.39.168.32 - - [11/Mar/2022:07:13:51 +0800] "GET /xingrg/all/function/internal_message.html?_=1646954030019&CODE_STATE=getMsg HTTP/1.1" 200 27
120.253.135.82 - - [11/Mar/2022:07:13:54 +0800] "POST /xingrg/kc/pszx/mdps_list_operate.html HTTP/1.1" 200 307
120.253.135.82 - - [11/Mar/2022:07:13:55 +0800] "POST /xingrg/kc/pszx/mdps_list_operate.html HTTP/1.1" 200 387
222.70.243.96 - - [11/Mar/2022:07:13:57 +0800] "GET /xingrg/all/function/internal_message.html?_=1646954051744&CODE_STATE=getMsg HTTP/1.1" 200 27
120.253.135.82 - - [11/Mar/2022:07:14:01 +0800] "POST /xingrg/kc/pszx/mdps_list_operate.html HTTP/1.1" 200 373
120.253.135.82 - - [11/Mar/2022:07:14:02 +0800] "GET /xingrg/kc/pszx/mdps_order_info.html?code=312022031100202 HTTP/1.1" 200 23931
120.253.135.82 - - [11/Mar/2022:07:14:02 +0800] "POST /xingrg/kc/pszx/mdps_order_operate.html HTTP/1.1" 200 3282
120.253.135.82 - - [11/Mar/2022:07:14:02 +0800] "GET /xingrg/javascript/easyui/themes/default/validatebox.css HTTP/1.1" 404 1104
120.253.135.82 - - [11/Mar/2022:07:14:04 +0800] "POST /xingrg/kc/pszx/mdps_list_operate.html HTTP/1.1" 200 3175
120.253.135.82 - - [11/Mar/2022:07:14:06 +0800] "POST /xingrg/kc/pszx/mdps_list_operate.html HTTP/1.1" 200 575
120.253.135.82 - - [11/Mar/2022:07:14:06 +0800] "GET /xingrg/kc/pszx/mdps_order_info.html?code=312022031100203 HTTP/1.1" 200 23931
120.253.135.82 - - [11/Mar/2022:07:14:07 +0800] "POST /xingrg/kc/pszx/mdps_order_operate.html HTTP/1.1" 200 4658
