124.78.159.88 - - [11/Mar/2022:10:09:37 +0800] "GET /xingrg/all/function/internal_message.html?_=1646964571865&CODE_STATE=getMsg HTTP/1.1" 200 27
222.70.243.96 - - [11/Mar/2022:10:09:38 +0800] "GET /xingrg/all/function/internal_message.html?_=1646964592702&CODE_STATE=getMsg HTTP/1.1" 200 27
124.78.159.88 - - [11/Mar/2022:10:09:43 +0800] "GET /xingrg/kc/buy/cgsh_order_operate.html?command=get_materiel&rest_code=00106&code=00101008042&supplier_code=00100007&order_time=2022-03-11 HTTP/1.1" 200 416
124.78.159.88 - - [11/Mar/2022:10:09:46 +0800] "POST /xingrg/kc/buy/cgsh_order_operate.html HTTP/1.1" 200 2065
58.39.168.32 - - [11/Mar/2022:10:09:47 +0800] "GET /xingrg/all/function/internal_message.html?_=1646964522577&CODE_STATE=getMsg HTTP/1.1" 200 27
222.70.180.114 - - [11/Mar/2022:10:09:49 +0800] "GET /xingrg/all/function/internal_message.html?_=1646964583466&CODE_STATE=getMsg HTTP/1.1" 200 27
222.70.180.114 - - [11/Mar/2022:10:09:50 +0800] "GET /xingrg/check_reg.html?_=1646964584669 HTTP/1.1" 200 22
58.39.168.32 - - [11/Mar/2022:10:09:51 +0800] "GET /xingrg/check_reg.html?_=1646964590276 HTTP/1.1" 200 22
58.39.168.32 - - [11/Mar/2022:10:09:51 +0800] "GET /xingrg/all/function/internal_message.html?_=1646964590275&CODE_STATE=getMsg HTTP/1.1" 200 27
124.78.159.88 - - [11/Mar/2022:10:09:52 +0800] "GET /xingrg/kc/buy/cgsh_order_operate.html?command=get_materiel&rest_code=00106&code=00101008403&supplier_code=00100007&order_time=2022-03-11 HTTP/1.1" 200 412
180.169.147.146 - - [11/Mar/2022:10:09:52 +0800] "GET /xingrg/kc/buy/buy_main.html HTTP/1.1" 200 12412
180.169.147.146 - - [11/Mar/2022:10:09:52 +0800] "GET /xingrg/css/new_ie.css HTTP/1.1" 404 1036
180.169.147.146 - - [11/Mar/2022:10:09:53 +0800] "GET /xingrg/kc/buy/cgsh_order_list.html HTTP/1.1" 200 49896
124.78.159.88 - - [11/Mar/2022:10:09:58 +0800] "GET /xingrg/kc/buy/cgsh_order_operate.html?command=get_materiel&rest_code=00106&code=00101008161&supplier_code=00100007&order_time=2022-03-11 HTTP/1.1" 200 409
114.83.217.117 - - [11/Mar/2022:10:10:05 +0800] "GET /xingrg/check_reg.html?_=1646964601595 HTTP/1.1" 200 22
114.83.217.117 - - [11/Mar/2022:10:10:05 +0800] "GET /xingrg/all/function/internal_message.html?_=1646964601757&CODE_STATE=getMsg HTTP/1.1" 200 27
124.78.159.88 - - [11/Mar/2022:10:10:06 +0800] "GET /xingrg/kc/buy/cgsh_order_operate.html?command=get_materiel&rest_code=00106&code=00101008350&supplier_code=00100007&order_time=2022-03-11 HTTP/1.1" 200 408
180.169.147.146 - - [11/Mar/2022:10:10:12 +0800] "POST /xingrg/kc/buy/cgsh_list_operate.html HTTP/1.1" 200 5134
114.88.156.203 - - [11/Mar/2022:10:10:13 +0800] "GET /xingrg/all/function/internal_message.html?_=1646964383252&CODE_STATE=getMsg HTTP/1.1" 200 27
124.78.159.88 - - [11/Mar/2022:10:10:18 +0800] "GET /xingrg/kc/buy/cgsh_order_operate.html?command=get_materiel&rest_code=00106&code=00101015006&supplier_code=00100007&order_time=2022-03-11 HTTP/1.1" 200 413
58.39.61.91 - - [11/Mar/2022:10:10:24 +0800] "GET /xingrg/all/function/internal_message.html?_=1646964575271&CODE_STATE=getMsg HTTP/1.1" 200 27
116.230.110.173 - - [11/Mar/2022:10:10:27 +0800] "GET /xingrg/all/function/internal_message.html?_=1646964618404&CODE_STATE=getMsg HTTP/1.1" 200 27
180.169.147.146 - - [11/Mar/2022:10:10:35 +0800] "GET /xingrg/all/function/internal_message.html?_=1646964632104&CODE_STATE=getMsg HTTP/1.1" 200 27
222.70.243.96 - - [11/Mar/2022:10:10:36 +0800] "GET /xingrg/check_reg.html?_=1646964651178 HTTP/1.1" 200 22
58.39.61.91 - - [11/Mar/2022:10:10:37 +0800] "GET /xingrg/all/function/internal_message.html?_=1646964635540&CODE_STATE=getMsg HTTP/1.1" 200 27
124.78.159.88 - - [11/Mar/2022:10:10:37 +0800] "GET /xingrg/all/function/internal_message.html?_=1646964631853&CODE_STATE=getMsg HTTP/1.1" 200 27
222.70.243.96 - - [11/Mar/2022:10:10:38 +0800] "GET /xingrg/all/function/internal_message.html?_=1646964652715&CODE_STATE=getMsg HTTP/1.1" 200 27
124.78.159.88 - - [11/Mar/2022:10:10:38 +0800] "POST /xingrg/kc/buy/cgsh_order_operate.html HTTP/1.1" 200 37
124.78.159.88 - - [11/Mar/2022:10:10:43 +0800] "POST /xingrg/kc/buy/cgsh_order_operate.html HTTP/1.1" 200 12
58.39.168.32 - - [11/Mar/2022:10:10:47 +0800] "GET /xingrg/all/function/internal_message.html?_=1646964582577&CODE_STATE=getMsg HTTP/1.1" 200 27
222.70.180.114 - - [11/Mar/2022:10:10:49 +0800] "GET /xingrg/all/function/internal_message.html?_=1646964643452&CODE_STATE=getMsg HTTP/1.1" 200 27
180.169.147.146 - - [11/Mar/2022:10:10:50 +0800] "GET /xingrg/kc/buy/cgsh_order_add.html HTTP/1.1" 200 65674
180.169.147.146 - - [11/Mar/2022:10:10:50 +0800] "GET /xingrg/words/20220309162343_words.js HTTP/1.1" 304 -
180.169.147.146 - - [11/Mar/2022:10:10:50 +0800] "POST /xingrg/kc/buy/cgsh_order_operate.html HTTP/1.1" 200 8245
180.169.147.146 - - [11/Mar/2022:10:10:50 +0800] "GET /xingrg/all/common/auto_word.html?type=employee&rest_code=00147 HTTP/1.1" 200 101
180.169.147.146 - - [11/Mar/2022:10:10:50 +0800] "GET /xingrg/javascript/easyui/themes/default/validatebox.css HTTP/1.1" 404 1104
180.169.147.146 - - [11/Mar/2022:10:10:50 +0800] "GET /xingrg/all/common/auto_word.html?type=employee&rest_code=00147 HTTP/1.1" 200 101
58.39.168.32 - - [11/Mar/2022:10:10:51 +0800] "GET /xingrg/all/function/internal_message.html?_=1646964650274&CODE_STATE=getMsg HTTP/1.1" 200 27
180.169.147.146 - - [11/Mar/2022:10:10:57 +0800] "GET /xingrg/javascript/easyui/themes/default/tree.css HTTP/1.1" 404 1090
180.169.147.146 - - [11/Mar/2022:10:10:57 +0800] "POST /xingrg/all/common/load_tree.html?tree=supplier_tree_json&isDelete=1 HTTP/1.1" 200 62382
114.83.217.117 - - [11/Mar/2022:10:11:05 +0800] "GET /xingrg/all/function/internal_message.html?_=1646964661740&CODE_STATE=getMsg HTTP/1.1" 200 27
124.78.159.88 - - [11/Mar/2022:10:11:06 +0800] "GET /xingrg/kc/buy/cgsh_order_info.html?code=212022031103355 HTTP/1.1" 200 60617
124.78.159.88 - - [11/Mar/2022:10:11:07 +0800] "GET /xingrg/javascript/easyui/themes/default/validatebox.css HTTP/1.1" 404 1104
124.78.159.88 - - [11/Mar/2022:10:11:07 +0800] "POST /xingrg/kc/buy/cgsh_order_operate.html HTTP/1.1" 200 17140
124.78.159.88 - - [11/Mar/2022:10:11:10 +0800] "GET /xingrg/kc/print/load_config.html?kc_code=cgsh HTTP/1.1" 200 1943
124.78.159.88 - - [11/Mar/2022:10:11:10 +0800] "GET /xingrg/kc/print/load_data.html?order_code=212022031103355&kc_code=cgsh&condition= HTTP/1.1" 200 6989
114.88.156.203 - - [11/Mar/2022:10:11:13 +0800] "GET /xingrg/all/function/internal_message.html?_=1646964443247&CODE_STATE=getMsg HTTP/1.1" 200 27
114.88.156.203 - - [11/Mar/2022:10:11:13 +0800] "GET /xingrg/check_reg.html?_=1646964443248 HTTP/1.1" 200 22
58.39.61.91 - - [11/Mar/2022:10:11:14 +0800] "GET /xingrg/check_reg.html?_=1646964624574 HTTP/1.1" 200 22
124.78.159.88 - - [11/Mar/2022:10:11:19 +0800] "GET /xingrg/kc/print/load_data.html?order_code=212022031103355&kc_code=cgsh HTTP/1.1" 200 6989
180.169.147.146 - - [11/Mar/2022:10:11:20 +0800] "GET /xingrg/kc/buy/cgsh_order_operate.html?command=get_materiel&rest_code=00147&code=00101001010&supplier_code=00100454&order_time=2022-03-11 HTTP/1.1" 200 409
58.39.61.91 - - [11/Mar/2022:10:11:24 +0800] "GET /xingrg/all/function/internal_message.html?_=1646964635276&CODE_STATE=getMsg HTTP/1.1" 200 27
116.230.110.173 - - [11/Mar/2022:10:11:27 +0800] "GET /xingrg/all/function/internal_message.html?_=1646964678418&CODE_STATE=getMsg HTTP/1.1" 200 27
180.169.147.146 - - [11/Mar/2022:10:11:34 +0800] "GET /xingrg/kc/buy/cgsh_order_operate.html?command=get_materiel&rest_code=00147&code=00101006161&supplier_code=00100454&order_time=2022-03-11 HTTP/1.1" 200 409
180.169.147.146 - - [11/Mar/2022:10:11:35 +0800] "GET /xingrg/all/function/internal_message.html?_=1646964692104&CODE_STATE=getMsg HTTP/1.1" 200 27
58.39.61.91 - - [11/Mar/2022:10:11:37 +0800] "GET /xingrg/all/function/internal_message.html?_=1646964695541&CODE_STATE=getMsg HTTP/1.1" 200 27
222.70.243.96 - - [11/Mar/2022:10:11:38 +0800] "GET /xingrg/all/function/internal_message.html?_=1646964712728&CODE_STATE=getMsg HTTP/1.1" 200 27
180.169.147.146 - - [11/Mar/2022:10:11:42 +0800] "POST /xingrg/kc/buy/cgsh_order_operate.html HTTP/1.1" 200 37
180.169.147.146 - - [11/Mar/2022:10:11:44 +0800] "POST /xingrg/kc/buy/cgsh_order_operate.html HTTP/1.1" 200 3243
180.169.147.146 - - [11/Mar/2022:10:11:45 +0800] "GET /xingrg/kc/print/load_config.html?kc_code=cgsh HTTP/1.1" 200 1943
180.169.147.146 - - [11/Mar/2022:10:11:45 +0800] "GET /xingrg/kc/print/load_data.html?order_code=212022031103356&kc_code=cgsh&condition= HTTP/1.1" 200 892
124.78.159.88 - - [11/Mar/2022:10:11:45 +0800] "GET /xingrg/all/function/internal_message.html?_=1646964699781&CODE_STATE=getMsg HTTP/1.1" 200 27
58.39.168.32 - - [11/Mar/2022:10:11:47 +0800] "GET /xingrg/all/function/internal_message.html?_=1646964642577&CODE_STATE=getMsg HTTP/1.1" 200 27
222.70.180.114 - - [11/Mar/2022:10:11:49 +0800] "GET /xingrg/all/function/internal_message.html?_=1646964703435&CODE_STATE=getMsg HTTP/1.1" 200 27
180.169.147.146 - - [11/Mar/2022:10:11:49 +0800] "GET /xingrg/kc/buy/cgsh_order_add.html HTTP/1.1" 200 65674
180.169.147.146 - - [11/Mar/2022:10:11:50 +0800] "GET /xingrg/javascript/easyui/themes/default/validatebox.css HTTP/1.1" 404 1104
180.169.147.146 - - [11/Mar/2022:10:11:50 +0800] "POST /xingrg/kc/buy/cgsh_order_operate.html HTTP/1.1" 200 8245
58.39.168.32 - - [11/Mar/2022:10:11:51 +0800] "GET /xingrg/all/function/internal_message.html?_=1646964710301&CODE_STATE=getMsg HTTP/1.1" 200 27
114.83.217.117 - - [11/Mar/2022:10:12:05 +0800] "GET /xingrg/all/function/internal_message.html?_=1646964721725&CODE_STATE=getMsg HTTP/1.1" 200 27
124.78.159.88 - - [11/Mar/2022:10:12:07 +0800] "GET /xingrg/kc/buy/cgsh_order_add.html HTTP/1.1" 200 65712
124.78.159.88 - - [11/Mar/2022:10:12:08 +0800] "POST /xingrg/kc/buy/cgsh_order_operate.html HTTP/1.1" 200 8245
124.78.159.88 - - [11/Mar/2022:10:12:08 +0800] "GET /xingrg/javascript/easyui/themes/default/validatebox.css HTTP/1.1" 404 1104
124.78.159.88 - - [11/Mar/2022:10:12:09 +0800] "GET /xingrg/javascript/easyui/themes/default/tree.css HTTP/1.1" 404 1090
124.78.159.88 - - [11/Mar/2022:10:12:09 +0800] "POST /xingrg/all/common/load_tree.html?tree=supplier_tree_json&isDelete=1 HTTP/1.1" 200 62382
114.88.156.203 - - [11/Mar/2022:10:12:13 +0800] "GET /xingrg/all/function/internal_message.html?_=1646964503259&CODE_STATE=getMsg HTTP/1.1" 200 27
58.39.61.91 - - [11/Mar/2022:10:12:24 +0800] "GET /xingrg/all/function/internal_message.html?_=1646964695290&CODE_STATE=getMsg HTTP/1.1" 200 27
116.230.110.173 - - [11/Mar/2022:10:12:27 +0800] "GET /xingrg/all/function/internal_message.html?_=1646964738415&CODE_STATE=getMsg HTTP/1.1" 200 27
124.78.159.88 - - [11/Mar/2022:10:12:29 +0800] "GET /xingrg/kc/buy/cgsh_order_operate.html?command=get_materiel&rest_code=00106&code=00101008146&supplier_code=00100009&order_time=2022-03-11 HTTP/1.1" 200 416
180.169.147.146 - - [11/Mar/2022:10:12:35 +0800] "GET /xingrg/all/function/internal_message.html?_=1646964752106&CODE_STATE=getMsg HTTP/1.1" 200 27
58.39.61.91 - - [11/Mar/2022:10:12:37 +0800] "GET /xingrg/check_reg.html?_=1646964755532 HTTP/1.1" 200 22
58.39.61.91 - - [11/Mar/2022:10:12:37 +0800] "GET /xingrg/all/function/internal_message.html?_=1646964755537&CODE_STATE=getMsg HTTP/1.1" 200 27
222.70.243.96 - - [11/Mar/2022:10:12:38 +0800] "GET /xingrg/all/function/internal_message.html?_=1646964772741&CODE_STATE=getMsg HTTP/1.1" 200 27
124.78.159.88 - - [11/Mar/2022:10:12:39 +0800] "POST /xingrg/kc/buy/cgsh_order_operate.html HTTP/1.1" 200 37
58.39.168.32 - - [11/Mar/2022:10:12:47 +0800] "GET /xingrg/all/function/internal_message.html?_=1646964702577&CODE_STATE=getMsg HTTP/1.1" 200 27
58.39.168.32 - - [11/Mar/2022:10:12:47 +0800] "GET /xingrg/check_reg.html?_=1646964702580 HTTP/1.1" 200 22
222.70.180.114 - - [11/Mar/2022:10:12:49 +0800] "GET /xingrg/all/function/internal_message.html?_=1646964763421&CODE_STATE=getMsg HTTP/1.1" 200 27
124.78.159.88 - - [11/Mar/2022:10:12:49 +0800] "POST /xingrg/kc/buy/cgsh_order_operate.html HTTP/1.1" 200 12
124.78.159.88 - - [11/Mar/2022:10:12:51 +0800] "GET /xingrg/kc/buy/cgsh_order_info.html?code=212022031103357 HTTP/1.1" 200 60621
58.39.168.32 - - [11/Mar/2022:10:12:51 +0800] "GET /xingrg/all/function/internal_message.html?_=1646964770300&CODE_STATE=getMsg HTTP/1.1" 200 27
124.78.159.88 - - [11/Mar/2022:10:12:52 +0800] "GET /xingrg/javascript/easyui/themes/default/validatebox.css HTTP/1.1" 404 1104
124.78.159.88 - - [11/Mar/2022:10:12:52 +0800] "POST /xingrg/kc/buy/cgsh_order_operate.html HTTP/1.1" 200 610
124.78.159.88 - - [11/Mar/2022:10:12:54 +0800] "GET /xingrg/kc/print/load_data.html?order_code=212022031103357&kc_code=cgsh&condition= HTTP/1.1" 200 775
124.78.159.88 - - [11/Mar/2022:10:13:02 +0800] "GET /xingrg/kc/print/load_data.html?order_code=212022031103357&kc_code=cgsh HTTP/1.1" 200 775
114.83.217.117 - - [11/Mar/2022:10:13:05 +0800] "GET /xingrg/all/function/internal_message.html?_=1646964781708&CODE_STATE=getMsg HTTP/1.1" 200 27
180.169.147.146 - - [11/Mar/2022:10:13:06 +0800] "GET /xingrg/check_reg.html?_=1646964789163 HTTP/1.1" 200 22
114.88.156.203 - - [11/Mar/2022:10:13:13 +0800] "GET /xingrg/all/function/internal_message.html?_=1646964563245&CODE_STATE=getMsg HTTP/1.1" 200 27
58.39.61.91 - - [11/Mar/2022:10:13:24 +0800] "GET /xingrg/all/function/internal_message.html?_=1646964755311&CODE_STATE=getMsg HTTP/1.1" 200 27
116.230.110.173 - - [11/Mar/2022:10:13:27 +0800] "GET /xingrg/check_reg.html?_=1646964798403 HTTP/1.1" 200 22
116.230.110.173 - - [11/Mar/2022:10:13:27 +0800] "GET /xingrg/all/function/internal_message.html?_=1646964798405&CODE_STATE=getMsg HTTP/1.1" 200 27
180.169.147.146 - - [11/Mar/2022:10:13:35 +0800] "GET /xingrg/all/function/internal_message.html?_=1646964812108&CODE_STATE=getMsg HTTP/1.1" 200 27
180.169.147.146 - - [11/Mar/2022:10:13:35 +0800] "GET /xingrg/check_reg.html?_=1646964812113 HTTP/1.1" 200 22
58.39.61.91 - - [11/Mar/2022:10:13:37 +0800] "GET /xingrg/all/function/internal_message.html?_=1646964815537&CODE_STATE=getMsg HTTP/1.1" 200 27
222.70.243.96 - - [11/Mar/2022:10:13:38 +0800] "GET /xingrg/all/function/internal_message.html?_=1646964832919&CODE_STATE=getMsg HTTP/1.1" 200 27
124.78.159.88 - - [11/Mar/2022:10:13:45 +0800] "GET /xingrg/all/function/internal_message.html?_=1646964819796&CODE_STATE=getMsg HTTP/1.1" 200 27
58.39.168.32 - - [11/Mar/2022:10:13:47 +0800] "GET /xingrg/all/function/internal_message.html?_=1646964762580&CODE_STATE=getMsg HTTP/1.1" 200 27
222.70.180.114 - - [11/Mar/2022:10:13:49 +0800] "GET /xingrg/all/function/internal_message.html?_=1646964823405&CODE_STATE=getMsg HTTP/1.1" 200 27
58.39.168.32 - - [11/Mar/2022:10:13:51 +0800] "GET /xingrg/all/function/internal_message.html?_=1646964830299&CODE_STATE=getMsg HTTP/1.1" 200 27
114.83.217.117 - - [11/Mar/2022:10:14:05 +0800] "GET /xingrg/all/function/internal_message.html?_=1646964841693&CODE_STATE=getMsg HTTP/1.1" 200 27
114.88.156.203 - - [11/Mar/2022:10:14:13 +0800] "GET /xingrg/all/function/internal_message.html?_=1646964623250&CODE_STATE=getMsg HTTP/1.1" 200 27
58.39.61.91 - - [11/Mar/2022:10:14:24 +0800] "GET /xingrg/all/function/internal_message.html?_=1646964815317&CODE_STATE=getMsg HTTP/1.1" 200 27
116.230.110.173 - - [11/Mar/2022:10:14:27 +0800] "GET /xingrg/all/function/internal_message.html?_=1646964858420&CODE_STATE=getMsg HTTP/1.1" 200 27
180.169.147.146 - - [11/Mar/2022:10:14:35 +0800] "GET /xingrg/all/function/internal_message.html?_=1646964872113&CODE_STATE=getMsg HTTP/1.1" 200 27
120.253.135.82 - - [11/Mar/2022:10:14:36 +0800] "GET /xingrg/kc/pszx/mdqp_order_list.html?state=10 HTTP/1.1" 200 10217
120.253.135.82 - - [11/Mar/2022:10:14:36 +0800] "GET /xingrg/dwr/interface/AjaxReportQueryService.js HTTP/1.1" 200 13203
120.253.135.82 - - [11/Mar/2022:10:14:36 +0800] "GET /xingrg/dwr/interface/AjaxQqpsService.js HTTP/1.1" 200 16326
120.253.135.82 - - [11/Mar/2022:10:14:36 +0800] "GET /xingrg/dwr/engine.js HTTP/1.1" 200 43631
58.39.61.91 - - [11/Mar/2022:10:14:37 +0800] "GET /xingrg/all/function/internal_message.html?_=1646964875540&CODE_STATE=getMsg HTTP/1.1" 200 27
124.78.159.88 - - [11/Mar/2022:10:14:37 +0800] "GET /xingrg/check_reg.html?_=1646964871856 HTTP/1.1" 200 22
222.70.243.96 - - [11/Mar/2022:10:14:38 +0800] "GET /xingrg/all/function/internal_message.html?_=1646964892925&CODE_STATE=getMsg HTTP/1.1" 200 27
120.253.135.82 - - [11/Mar/2022:10:14:43 +0800] "GET /xingrg/kc/pszx/mdth_order_list.html HTTP/1.1" 200 18349
120.253.135.82 - - [11/Mar/2022:10:14:43 +0800] "POST /xingrg/kc/pszx/mdth_order_new_list.html HTTP/1.1" 200 4744
124.78.159.88 - - [11/Mar/2022:10:14:45 +0800] "GET /xingrg/all/function/internal_message.html?_=1646964879777&CODE_STATE=getMsg HTTP/1.1" 200 27
58.39.168.32 - - [11/Mar/2022:10:14:47 +0800] "GET /xingrg/all/function/internal_message.html?_=1646964822581&CODE_STATE=getMsg HTTP/1.1" 200 27
222.70.180.114 - - [11/Mar/2022:10:14:49 +0800] "GET /xingrg/all/function/internal_message.html?_=1646964883389&CODE_STATE=getMsg HTTP/1.1" 200 27
222.70.180.114 - - [11/Mar/2022:10:14:50 +0800] "GET /xingrg/check_reg.html?_=1646964884671 HTTP/1.1" 200 22
58.39.168.32 - - [11/Mar/2022:10:14:51 +0800] "GET /xingrg/all/function/internal_message.html?_=1646964890297&CODE_STATE=getMsg HTTP/1.1" 200 27
58.39.168.32 - - [11/Mar/2022:10:14:51 +0800] "GET /xingrg/check_reg.html?_=1646964890301 HTTP/1.1" 200 22
120.253.135.82 - - [11/Mar/2022:10:14:54 +0800] "GET /xingrg/kc/pszx/mdqp_order_list.html?state=10 HTTP/1.1" 200 10217
120.253.135.82 - - [11/Mar/2022:10:14:54 +0800] "GET /xingrg/dwr/interface/AjaxQqpsService.js HTTP/1.1" 200 16326
120.253.135.82 - - [11/Mar/2022:10:14:54 +0800] "GET /xingrg/dwr/interface/AjaxReportQueryService.js HTTP/1.1" 200 13203
120.253.135.82 - - [11/Mar/2022:10:14:54 +0800] "GET /xingrg/dwr/engine.js HTTP/1.1" 200 43631
114.83.217.117 - - [11/Mar/2022:10:15:05 +0800] "GET /xingrg/check_reg.html?_=1646964901592 HTTP/1.1" 200 22
114.83.217.117 - - [11/Mar/2022:10:15:05 +0800] "GET /xingrg/all/function/internal_message.html?_=1646964901703&CODE_STATE=getMsg HTTP/1.1" 200 27
114.88.156.203 - - [11/Mar/2022:10:15:13 +0800] "GET /xingrg/all/function/internal_message.html?_=1646964683244&CODE_STATE=getMsg HTTP/1.1" 200 27
58.39.61.91 - - [11/Mar/2022:10:15:24 +0800] "GET /xingrg/all/function/internal_message.html?_=1646964875339&CODE_STATE=getMsg HTTP/1.1" 200 27
116.230.110.173 - - [11/Mar/2022:10:15:27 +0800] "GET /xingrg/all/function/internal_message.html?_=1646964918415&CODE_STATE=getMsg HTTP/1.1" 200 27
58.39.61.91 - - [11/Mar/2022:10:15:32 +0800] "POST /xingrg/all/user/operate.html HTTP/1.1" 200 36
58.39.61.91 - - [11/Mar/2022:10:15:32 +0800] "GET /xingrg/index.html?sysBaseUrl=http%3A%2F%2F180.169.147.146%3A18081%2Fxingrg%2F&costTime=39×tamp=1646544452846 HTTP/1.1" 200 17179
58.39.61.91 - - [11/Mar/2022:10:15:32 +0800] "GET /xingrg/javascript/jquery_easy_ui/themes/default/easyui.css HTTP/1.1" 304 -
58.39.61.91 - - [11/Mar/2022:10:15:32 +0800] "GET /xingrg/javascript/jquery_easy_ui/themes/icon.css HTTP/1.1" 304 -
58.39.61.91 - - [11/Mar/2022:10:15:32 +0800] "GET /xingrg/css/form.css HTTP/1.1" 304 -
58.39.61.91 - - [11/Mar/2022:10:15:32 +0800] "GET /xingrg/javascript/jquery-1.4.2.min.js HTTP/1.1" 304 -
58.39.61.91 - - [11/Mar/2022:10:15:32 +0800] "GET /xingrg/javascript/jquery_easy_ui/jquery.easyui.min.js HTTP/1.1" 304 -
58.39.61.91 - - [11/Mar/2022:10:15:32 +0800] "GET /xingrg/javascript/jquery_easy_ui/easyui-lang-zh_CN.js HTTP/1.1" 304 -
58.39.61.91 - - [11/Mar/2022:10:15:32 +0800] "GET /xingrg/javascript/jquery.form.js HTTP/1.1" 304 -
58.39.61.91 - - [11/Mar/2022:10:15:32 +0800] "GET /xingrg/javascript/jquery.utils.js HTTP/1.1" 304 -
58.39.61.91 - - [11/Mar/2022:10:15:32 +0800] "GET /xingrg/javascript/jquery.timers.js HTTP/1.1" 304 -
58.39.61.91 - - [11/Mar/2022:10:15:32 +0800] "GET /xingrg/images/blue/jxLogo.png HTTP/1.1" 304 -
58.39.61.91 - - [11/Mar/2022:10:15:32 +0800] "GET /xingrg/images/blue/navBackgound.jpg HTTP/1.1" 304 -
58.39.61.91 - - [11/Mar/2022:10:15:32 +0800] "POST /xingrg/all/common/load_tree.html?tree=area_rest_tree_json&manage=1 HTTP/1.1" 200 476
58.39.61.91 - - [11/Mar/2022:10:15:32 +0800] "GET /xingrg/javascript/jquery_easy_ui/themes/icons/settle_new.png HTTP/1.1" 304 -
58.39.61.91 - - [11/Mar/2022:10:15:32 +0800] "GET /xingrg/all/function/internal_message.html?_=1646964930648&CODE_STATE=count HTTP/1.1" 200 11
58.39.61.91 - - [11/Mar/2022:10:15:32 +0800] "GET /xingrg/check_reg.html?_=1646964930650 HTTP/1.1" 200 22
58.39.61.91 - - [11/Mar/2022:10:15:32 +0800] "GET /xingrg/images/blue/pingpu.png HTTP/1.1" 304 -
58.39.61.91 - - [11/Mar/2022:10:15:32 +0800] "POST /xingrg/load_menu.html HTTP/1.1" 200 5138
58.39.61.91 - - [11/Mar/2022:10:15:32 +0800] "GET /xingrg/javascript/jquery_easy_ui/themes/default/images/panel_tool_collapse.gif HTTP/1.1" 304 -
58.39.61.91 - - [11/Mar/2022:10:15:32 +0800] "GET /xingrg/javascript/jquery_easy_ui/themes/default/images/tabs_rightarrow.png HTTP/1.1" 304 -
58.39.61.91 - - [11/Mar/2022:10:15:32 +0800] "GET /xingrg/javascript/jquery_easy_ui/themes/default/images/tabs_leftarrow.png HTTP/1.1" 304 -
58.39.61.91 - - [11/Mar/2022:10:15:32 +0800] "GET /xingrg/javascript/jquery_easy_ui/themes/default/images/tree_folder.gif HTTP/1.1" 304 -
58.39.61.91 - - [11/Mar/2022:10:15:32 +0800] "GET /xingrg/javascript/jquery_easy_ui/themes/default/images/tree_arrows.gif HTTP/1.1" 304 -
58.39.61.91 - - [11/Mar/2022:10:15:32 +0800] "GET /xingrg/javascript/jquery_easy_ui/themes/default/images/tree_file.gif HTTP/1.1" 304 -
58.39.61.91 - - [11/Mar/2022:10:15:32 +0800] "GET /xingrg/javascript/jquery_easy_ui/themes/default/images/tree_folder_open.gif HTTP/1.1" 304 -
58.39.61.91 - - [11/Mar/2022:10:15:32 +0800] "GET /xingrg/javascript/jquery_easy_ui/themes/icons/storage_new.png HTTP/1.1" 304 -
58.39.61.91 - - [11/Mar/2022:10:15:32 +0800] "GET /xingrg/javascript/jquery_easy_ui/themes/icons/forms_new.png HTTP/1.1" 304 -
58.39.61.91 - - [11/Mar/2022:10:15:32 +0800] "GET /xingrg/javascript/jquery_easy_ui/themes/icons/search_new.png HTTP/1.1" 304 -
58.39.61.91 - - [11/Mar/2022:10:15:34 +0800] "GET /xingrg/kc/mdqp/qqps_order_list.html HTTP/1.1" 200 9646
58.39.61.91 - - [11/Mar/2022:10:15:34 +0800] "GET /xingrg/dwr/interface/AjaxQqpsService.js HTTP/1.1" 200 16326
58.39.61.91 - - [11/Mar/2022:10:15:34 +0800] "GET /xingrg/dwr/interface/AjaxReportQueryService.js HTTP/1.1" 200 13203
58.39.61.91 - - [11/Mar/2022:10:15:34 +0800] "GET /xingrg/dwr/engine.js HTTP/1.1" 200 43631
180.169.147.146 - - [11/Mar/2022:10:15:35 +0800] "GET /xingrg/all/function/internal_message.html?_=1646964932112&CODE_STATE=getMsg HTTP/1.1" 200 27
222.70.243.96 - - [11/Mar/2022:10:15:36 +0800] "GET /xingrg/check_reg.html?_=1646964951355 HTTP/1.1" 200 22
58.39.61.91 - - [11/Mar/2022:10:15:37 +0800] "GET /xingrg/kc/mdqp/qqps_order_info.html?code=302022030900124 HTTP/1.1" 200 28164
58.39.61.91 - - [11/Mar/2022:10:15:37 +0800] "GET /xingrg/dwr/interface/AjaxComOrderService.js HTTP/1.1" 200 18264
58.39.61.91 - - [11/Mar/2022:10:15:37 +0800] "GET /xingrg/dwr/interface/AjaxQqpsService.js HTTP/1.1" 200 16326
58.39.61.91 - - [11/Mar/2022:10:15:37 +0800] "GET /xingrg/dwr/engine.js HTTP/1.1" 200 43631
222.70.243.96 - - [11/Mar/2022:10:15:38 +0800] "GET /xingrg/all/function/internal_message.html?_=1646964952938&CODE_STATE=getMsg HTTP/1.1" 200 27
58.39.61.91 - - [11/Mar/2022:10:15:38 +0800] "POST /xingrg/dwr/call/plaincall/AjaxQqpsService.loadMaterielItems.dwr HTTP/1.1" 200 4756
124.78.159.88 - - [11/Mar/2022:10:15:45 +0800] "GET /xingrg/all/function/internal_message.html?_=1646964939746&CODE_STATE=getMsg HTTP/1.1" 200 27
58.39.168.32 - - [11/Mar/2022:10:15:47 +0800] "GET /xingrg/all/function/internal_message.html?_=1646964882581&CODE_STATE=getMsg HTTP/1.1" 200 27
222.70.180.114 - - [11/Mar/2022:10:15:49 +0800] "GET /xingrg/all/function/internal_message.html?_=1646964943360&CODE_STATE=getMsg HTTP/1.1" 200 27
58.39.168.32 - - [11/Mar/2022:10:15:51 +0800] "GET /xingrg/all/function/internal_message.html?_=1646964950300&CODE_STATE=getMsg HTTP/1.1" 200 27
114.83.217.117 - - [11/Mar/2022:10:16:05 +0800] "GET /xingrg/all/function/internal_message.html?_=1646964961686&CODE_STATE=getMsg HTTP/1.1" 200 27
114.88.156.203 - - [11/Mar/2022:10:16:13 +0800] "GET /xingrg/all/function/internal_message.html?_=1646964743257&CODE_STATE=getMsg HTTP/1.1" 200 27
114.88.156.203 - - [11/Mar/2022:10:16:13 +0800] "GET /xingrg/check_reg.html?_=1646964743257 HTTP/1.1" 200 22
58.39.61.91 - - [11/Mar/2022:10:16:14 +0800] "GET /xingrg/check_reg.html?_=1646964924582 HTTP/1.1" 200 22
58.39.61.91 - - [11/Mar/2022:10:16:24 +0800] "GET /xingrg/all/function/internal_message.html?_=1646964935344&CODE_STATE=getMsg HTTP/1.1" 200 27
116.230.110.173 - - [11/Mar/2022:10:16:27 +0800] "GET /xingrg/all/function/internal_message.html?_=1646964978404&CODE_STATE=getMsg HTTP/1.1" 200 27
58.39.61.91 - - [11/Mar/2022:10:16:32 +0800] "GET /xingrg/all/function/internal_message.html?_=1646964990667&CODE_STATE=getMsg HTTP/1.1" 200 27
180.169.147.146 - - [11/Mar/2022:10:16:35 +0800] "GET /xingrg/all/function/internal_message.html?_=1646964992114&CODE_STATE=getMsg HTTP/1.1" 200 27
222.70.243.96 - - [11/Mar/2022:10:16:38 +0800] "GET /xingrg/all/function/internal_message.html?_=1646965012953&CODE_STATE=getMsg HTTP/1.1" 200 27
124.78.159.88 - - [11/Mar/2022:10:16:45 +0800] "GET /xingrg/all/function/internal_message.html?_=1646964999721&CODE_STATE=getMsg HTTP/1.1" 200 27
58.39.168.32 - - [11/Mar/2022:10:16:47 +0800] "GET /xingrg/all/function/internal_message.html?_=1646964942581&CODE_STATE=getMsg HTTP/1.1" 200 27
222.70.180.114 - - [11/Mar/2022:10:16:49 +0800] "GET /xingrg/all/function/internal_message.html?_=1646965003347&CODE_STATE=getMsg HTTP/1.1" 200 27
58.39.168.32 - - [11/Mar/2022:10:16:51 +0800] "GET /xingrg/all/function/internal_message.html?_=1646965010300&CODE_STATE=getMsg HTTP/1.1" 200 27
58.39.61.91 - - [11/Mar/2022:10:17:02 +0800] "GET /xingrg/images/yd/bt.gif HTTP/1.1" 404 1040
114.83.217.117 - - [11/Mar/2022:10:17:05 +0800] "GET /xingrg/all/function/internal_message.html?_=1646965021675&CODE_STATE=getMsg HTTP/1.1" 200 27
58.39.61.91 - - [11/Mar/2022:10:17:06 +0800] "GET /xingrg/images/yd/bt2.gif HTTP/1.1" 404 1042
58.39.61.91 - - [11/Mar/2022:10:17:07 +0800] "POST /xingrg/dwr/call/plaincall/AjaxQqpsService.saveMaterielItem.dwr HTTP/1.1" 200 78
114.88.156.203 - - [11/Mar/2022:10:17:13 +0800] "GET /xingrg/all/function/internal_message.html?_=1646964803289&CODE_STATE=getMsg HTTP/1.1" 200 27
58.39.61.91 - - [11/Mar/2022:10:17:24 +0800] "GET /xingrg/all/function/internal_message.html?_=1646964995358&CODE_STATE=getMsg HTTP/1.1" 200 27
116.230.110.173 - - [11/Mar/2022:10:17:27 +0800] "GET /xingrg/all/function/internal_message.html?_=1646965038417&CODE_STATE=getMsg HTTP/1.1" 200 27
58.39.61.91 - - [11/Mar/2022:10:17:32 +0800] "GET /xingrg/all/function/internal_message.html?_=1646965050669&CODE_STATE=getMsg HTTP/1.1" 200 27
180.169.147.146 - - [11/Mar/2022:10:17:35 +0800] "GET /xingrg/all/function/internal_message.html?_=1646965052116&CODE_STATE=getMsg HTTP/1.1" 200 27
222.70.243.96 - - [11/Mar/2022:10:17:38 +0800] "GET /xingrg/all/function/internal_message.html?_=1646965072965&CODE_STATE=getMsg HTTP/1.1" 200 27
124.78.159.88 - - [11/Mar/2022:10:17:45 +0800] "GET /xingrg/all/function/internal_message.html?_=1646965059703&CODE_STATE=getMsg HTTP/1.1" 200 27
58.39.168.32 - - [11/Mar/2022:10:17:47 +0800] "GET /xingrg/check_reg.html?_=1646965002581 HTTP/1.1" 200 22
58.39.168.32 - - [11/Mar/2022:10:17:47 +0800] "GET /xingrg/all/function/internal_message.html?_=1646965002584&CODE_STATE=getMsg HTTP/1.1" 200 27
222.70.180.114 - - [11/Mar/2022:10:17:49 +0800] "GET /xingrg/all/function/internal_message.html?_=1646965063332&CODE_STATE=getMsg HTTP/1.1" 200 27
58.39.168.32 - - [11/Mar/2022:10:17:51 +0800] "GET /xingrg/all/function/internal_message.html?_=1646965070300&CODE_STATE=getMsg HTTP/1.1" 200 27
58.39.61.91 - - [11/Mar/2022:10:17:51 +0800] "POST /xingrg/dwr/call/plaincall/AjaxQqpsService.saveMaterielItem.dwr HTTP/1.1" 200 78
58.39.61.91 - - [11/Mar/2022:10:17:59 +0800] "POST /xingrg/dwr/call/plaincall/AjaxQqpsService.saveOrder.dwr HTTP/1.1" 200 78
58.39.61.91 - - [11/Mar/2022:10:18:00 +0800] "POST /xingrg/dwr/call/plaincall/AjaxQqpsService.checkOrder.dwr HTTP/1.1" 200 78
58.39.61.91 - - [11/Mar/2022:10:18:01 +0800] "GET /xingrg/kc/mdqp/qqps_order_info.html?code=302022030900124 HTTP/1.1" 200 26405
58.39.61.91 - - [11/Mar/2022:10:18:01 +0800] "GET /xingrg/dwr/interface/AjaxComOrderService.js HTTP/1.1" 200 18264
58.39.61.91 - - [11/Mar/2022:10:18:01 +0800] "GET /xingrg/dwr/interface/AjaxQqpsService.js HTTP/1.1" 200 16326
58.39.61.91 - - [11/Mar/2022:10:18:01 +0800] "GET /xingrg/dwr/engine.js HTTP/1.1" 200 43631
58.39.61.91 - - [11/Mar/2022:10:18:01 +0800] "POST /xingrg/dwr/call/plaincall/AjaxQqpsService.loadMaterielItems.dwr HTTP/1.1" 200 4752
114.83.217.117 - - [11/Mar/2022:10:18:05 +0800] "GET /xingrg/all/function/internal_message.html?_=1646965081660&CODE_STATE=getMsg HTTP/1.1" 200 27
180.169.147.146 - - [11/Mar/2022:10:18:06 +0800] "GET /xingrg/check_reg.html?_=1646965089145 HTTP/1.1" 200 22
114.88.156.203 - - [11/Mar/2022:10:18:13 +0800] "GET /xingrg/all/function/internal_message.html?_=1646964863274&CODE_STATE=getMsg HTTP/1.1" 200 27
58.39.61.91 - - [11/Mar/2022:10:18:19 +0800] "GET /xingrg/kc/mdqp/qqps_order_list.html?isBack=1 HTTP/1.1" 200 9231
58.39.61.91 - - [11/Mar/2022:10:18:19 +0800] "GET /xingrg/dwr/interface/AjaxQqpsService.js HTTP/1.1" 200 16326
58.39.61.91 - - [11/Mar/2022:10:18:19 +0800] "GET /xingrg/dwr/interface/AjaxReportQueryService.js HTTP/1.1" 200 13203
58.39.61.91 - - [11/Mar/2022:10:18:19 +0800] "GET /xingrg/dwr/engine.js HTTP/1.1" 200 43631
58.39.61.91 - - [11/Mar/2022:10:18:24 +0800] "GET /xingrg/all/function/internal_message.html?_=1646965055379&CODE_STATE=getMsg HTTP/1.1" 200 27
116.230.110.173 - - [11/Mar/2022:10:18:27 +0800] "GET /xingrg/check_reg.html?_=1646965098414 HTTP/1.1" 200 22
116.230.110.173 - - [11/Mar/2022:10:18:27 +0800] "GET /xingrg/all/function/internal_message.html?_=1646965098418&CODE_STATE=getMsg HTTP/1.1" 200 27
58.39.61.91 - - [11/Mar/2022:10:18:32 +0800] "GET /xingrg/all/function/internal_message.html?_=1646965110662&CODE_STATE=getMsg HTTP/1.1" 200 27
180.169.147.146 - - [11/Mar/2022:10:18:35 +0800] "GET /xingrg/all/function/internal_message.html?_=1646965112118&CODE_STATE=getMsg HTTP/1.1" 200 27
180.169.147.146 - - [11/Mar/2022:10:18:35 +0800] "GET /xingrg/check_reg.html?_=1646965112121 HTTP/1.1" 200 22
222.70.243.96 - - [11/Mar/2022:10:18:38 +0800] "GET /xingrg/all/function/internal_message.html?_=1646965133142&CODE_STATE=getMsg HTTP/1.1" 200 27
58.39.61.91 - - [11/Mar/2022:10:18:40 +0800] "GET /xingrg/kc/buy/cgsh_order_list.html HTTP/1.1" 200 49896
58.39.61.91 - - [11/Mar/2022:10:18:41 +0800] "POST /xingrg/kc/buy/cgsh_list_operate.html HTTP/1.1" 200 876
124.78.159.88 - - [11/Mar/2022:10:18:45 +0800] "GET /xingrg/all/function/internal_message.html?_=1646965119681&CODE_STATE=getMsg HTTP/1.1" 200 27
58.39.168.32 - - [11/Mar/2022:10:18:47 +0800] "GET /xingrg/all/function/internal_message.html?_=1646965062585&CODE_STATE=getMsg HTTP/1.1" 200 27
222.70.180.114 - - [11/Mar/2022:10:18:49 +0800] "GET /xingrg/all/function/internal_message.html?_=1646965123317&CODE_STATE=getMsg HTTP/1.1" 200 27
58.39.61.91 - - [11/Mar/2022:10:18:51 +0800] "GET /xingrg/kc/buy/cgsh_order_list.html HTTP/1.1" 200 49896
58.39.168.32 - - [11/Mar/2022:10:18:51 +0800] "GET /xingrg/all/function/internal_message.html?_=1646965130299&CODE_STATE=getMsg HTTP/1.1" 200 27
58.39.61.91 - - [11/Mar/2022:10:18:52 +0800] "POST /xingrg/kc/buy/cgsh_list_operate.html HTTP/1.1" 200 876
58.39.61.91 - - [11/Mar/2022:10:18:52 +0800] "GET /xingrg/kc/buy/cgsh_order_add.html HTTP/1.1" 200 65583
58.39.61.91 - - [11/Mar/2022:10:18:53 +0800] "GET /xingrg/javascript/easyui/themes/default/validatebox.css HTTP/1.1" 404 1104
58.39.61.91 - - [11/Mar/2022:10:18:53 +0800] "POST /xingrg/kc/buy/cgsh_order_operate.html HTTP/1.1" 200 8245
58.39.61.91 - - [11/Mar/2022:10:18:55 +0800] "GET /xingrg/javascript/auto/indicator.gif HTTP/1.1" 404 1066
114.83.217.117 - - [11/Mar/2022:10:19:05 +0800] "GET /xingrg/all/function/internal_message.html?_=1646965141643&CODE_STATE=getMsg HTTP/1.1" 200 27
58.39.61.91 - - [11/Mar/2022:10:19:06 +0800] "GET /xingrg/kc/buy/cgsh_order_operate.html?command=get_materiel&rest_code=00150&code=00101029025&supplier_code=00100017&order_time=2022-03-11 HTTP/1.1" 200 442
114.88.156.203 - - [11/Mar/2022:10:19:13 +0800] "GET /xingrg/all/function/internal_message.html?_=1646964923275&CODE_STATE=getMsg HTTP/1.1" 200 27
61.151.179.84 - - [11/Mar/2022:10:19:15 +0800] "GET /xingrg/kc/buy/cgsh_order_operate.html?command=get_materiel&rest_code=00106&code=00101008355&supplier_code=00100007&order_time=2022-03-11 HTTP/1.1" 302 -
61.151.179.84 - - [11/Mar/2022:10:19:16 +0800] "GET /xingrg/login.html HTTP/1.1" 200 7641
120.253.135.82 - - [11/Mar/2022:10:19:20 +0800] "GET /xingrg/check_reg.html?_=1646964957550 HTTP/1.1" 200 22
58.39.61.91 - - [11/Mar/2022:10:19:24 +0800] "GET /xingrg/all/function/internal_message.html?_=1646965115385&CODE_STATE=getMsg HTTP/1.1" 200 27
116.230.110.173 - - [11/Mar/2022:10:19:27 +0800] "GET /xingrg/all/function/internal_message.html?_=1646965158414&CODE_STATE=getMsg HTTP/1.1" 200 27
58.39.61.91 - - [11/Mar/2022:10:19:28 +0800] "GET /xingrg/kc/buy/cgsh_order_operate.html?command=get_materiel&rest_code=00150&code=00101029003&supplier_code=00100017&order_time=2022-03-11 HTTP/1.1" 200 454
58.39.61.91 - - [11/Mar/2022:10:19:32 +0800] "GET /xingrg/all/function/internal_message.html?_=1646965170681&CODE_STATE=getMsg HTTP/1.1" 200 27
180.169.147.146 - - [11/Mar/2022:10:19:34 +0800] "GET /xingrg/all/function/internal_message.html?_=1646965171302&CODE_STATE=getMsg HTTP/1.1" 200 27
124.78.159.88 - - [11/Mar/2022:10:19:37 +0800] "GET /xingrg/check_reg.html?_=1646965171858 HTTP/1.1" 200 22
222.70.243.96 - - [11/Mar/2022:10:19:38 +0800] "GET /xingrg/all/function/internal_message.html?_=1646965193148&CODE_STATE=getMsg HTTP/1.1" 200 27
124.78.159.88 - - [11/Mar/2022:10:19:45 +0800] "GET /xingrg/all/function/internal_message.html?_=1646965179661&CODE_STATE=getMsg HTTP/1.1" 200 27
58.39.168.32 - - [11/Mar/2022:10:19:47 +0800] "GET /xingrg/all/function/internal_message.html?_=1646965122585&CODE_STATE=getMsg HTTP/1.1" 200 27
222.70.180.114 - - [11/Mar/2022:10:19:49 +0800] "GET /xingrg/all/function/internal_message.html?_=1646965183287&CODE_STATE=getMsg HTTP/1.1" 200 27
222.70.180.114 - - [11/Mar/2022:10:19:50 +0800] "GET /xingrg/check_reg.html?_=1646965184662 HTTP/1.1" 200 22
58.39.168.32 - - [11/Mar/2022:10:19:51 +0800] "GET /xingrg/all/function/internal_message.html?_=1646965190300&CODE_STATE=getMsg HTTP/1.1" 200 27
58.39.168.32 - - [11/Mar/2022:10:19:51 +0800] "GET /xingrg/check_reg.html?_=1646965190302 HTTP/1.1" 200 22
58.39.61.91 - - [11/Mar/2022:10:19:58 +0800] "GET /xingrg/kc/buy/cgsh_order_operate.html?command=get_materiel&rest_code=00150&code=00101015076&supplier_code=00100054&order_time=2022-03-11 HTTP/1.1" 200 416
114.83.217.117 - - [11/Mar/2022:10:20:05 +0800] "GET /xingrg/check_reg.html?_=1646965201580 HTTP/1.1" 200 22
114.83.217.117 - - [11/Mar/2022:10:20:05 +0800] "GET /xingrg/all/function/internal_message.html?_=1646965201628&CODE_STATE=getMsg HTTP/1.1" 200 27
58.39.61.91 - - [11/Mar/2022:10:20:08 +0800] "POST /xingrg/kc/buy/cgsh_order_operate.html HTTP/1.1" 200 37
58.39.61.91 - - [11/Mar/2022:10:20:11 +0800] "POST /xingrg/kc/buy/cgsh_order_operate.html HTTP/1.1" 200 12
58.39.61.91 - - [11/Mar/2022:10:20:11 +0800] "GET /xingrg/kc/buy/cgsh_order_info.html?code=212022031103358 HTTP/1.1" 200 60490
58.39.61.91 - - [11/Mar/2022:10:20:12 +0800] "GET /xingrg/javascript/easyui/themes/default/validatebox.css HTTP/1.1" 404 1104
58.39.61.91 - - [11/Mar/2022:10:20:12 +0800] "POST /xingrg/kc/buy/cgsh_order_operate.html HTTP/1.1" 200 609
114.88.156.203 - - [11/Mar/2022:10:20:13 +0800] "GET /xingrg/all/function/internal_message.html?_=1646964983276&CODE_STATE=getMsg HTTP/1.1" 200 27
58.39.61.91 - - [11/Mar/2022:10:20:13 +0800] "GET /xingrg/kc/print/load_data.html?order_code=212022031103358&kc_code=cgsh&condition= HTTP/1.1" 200 700
180.169.147.146 - - [11/Mar/2022:10:20:15 +0800] "GET /xingrg/javascript/jquery_easy_ui/themes/default/images/tabs_close.gif HTTP/1.1" 200 829
180.169.147.146 - - [11/Mar/2022:10:20:15 +0800] "GET /xingrg/kc/report/report_main.html HTTP/1.1" 200 7340
180.169.147.146 - - [11/Mar/2022:10:20:15 +0800] "GET /xingrg/javascript/pic_change.js HTTP/1.1" 200 4739
180.169.147.146 - - [11/Mar/2022:10:20:15 +0800] "GET /xingrg/javascript/jquery_ui/themes/humanity/humanity.css HTTP/1.1" 200 27801
180.169.147.146 - - [11/Mar/2022:10:20:16 +0800] "GET /xingrg/javascript/json2.js HTTP/1.1" 200 11259
180.169.147.146 - - [11/Mar/2022:10:20:16 +0800] "GET /xingrg/javascript/jquery_easy_ui/themes/icons/back_new.png HTTP/1.1" 200 3414
180.169.147.146 - - [11/Mar/2022:10:20:17 +0800] "GET /xingrg/kc/base/crk_hz.html HTTP/1.1" 200 11247
180.169.147.146 - - [11/Mar/2022:10:20:17 +0800] "GET /xingrg/javascript/step/step.css HTTP/1.1" 200 999
180.169.147.146 - - [11/Mar/2022:10:20:17 +0800] "GET /xingrg/css/table.css HTTP/1.1" 200 3684
180.169.147.146 - - [11/Mar/2022:10:20:17 +0800] "GET /xingrg/javascript/jquery_easy_ui/themes/icons/search.png HTTP/1.1" 200 813
180.169.147.146 - - [11/Mar/2022:10:20:17 +0800] "GET /xingrg/javascript/jquery_easy_ui/themes/icons/print.png HTTP/1.1" 200 1057
180.169.147.146 - - [11/Mar/2022:10:20:17 +0800] "GET /xingrg/javascript/jquery_easy_ui/themes/default/images/menu_downarrow.png HTTP/1.1" 200 173
180.169.147.146 - - [11/Mar/2022:10:20:17 +0800] "GET /xingrg/javascript/jquery_easy_ui/themes/default/images/combo_arrow_dot.gif HTTP/1.1" 200 79
180.169.147.146 - - [11/Mar/2022:10:20:17 +0800] "GET /xingrg/javascript/jquery_easy_ui/themes/default/images/menu.gif HTTP/1.1" 200 834
180.169.147.146 - - [11/Mar/2022:10:20:17 +0800] "POST /xingrg/kc/cost/cost_operate.html?command=get_base_tree HTTP/1.1" 200 2722
180.169.147.146 - - [11/Mar/2022:10:20:17 +0800] "GET /xingrg/javascript/jquery_easy_ui/themes/default/images/calendar_prevmonth.gif HTTP/1.1" 200 66
180.169.147.146 - - [11/Mar/2022:10:20:17 +0800] "GET /xingrg/javascript/jquery_easy_ui/themes/default/images/calendar_nextmonth.gif HTTP/1.1" 200 64
180.169.147.146 - - [11/Mar/2022:10:20:17 +0800] "GET /xingrg/javascript/jquery_easy_ui/themes/default/images/calendar_prevyear.gif HTTP/1.1" 200 76
180.169.147.146 - - [11/Mar/2022:10:20:17 +0800] "POST /xingrg/all/common/load_tree.html?tree=materiel_sort_tree_json HTTP/1.1" 200 9388
180.169.147.146 - - [11/Mar/2022:10:20:17 +0800] "GET /xingrg/javascript/jquery_easy_ui/themes/default/images/calendar_nextyear.gif HTTP/1.1" 200 75
58.39.61.91 - - [11/Mar/2022:10:20:22 +0800] "GET /xingrg/kc/mdqp/qqps_order_list.html HTTP/1.1" 200 9222
58.39.61.91 - - [11/Mar/2022:10:20:22 +0800] "GET /xingrg/dwr/interface/AjaxQqpsService.js HTTP/1.1" 200 16326
58.39.61.91 - - [11/Mar/2022:10:20:22 +0800] "GET /xingrg/dwr/interface/AjaxReportQueryService.js HTTP/1.1" 200 13203
58.39.61.91 - - [11/Mar/2022:10:20:22 +0800] "GET /xingrg/dwr/engine.js HTTP/1.1" 200 43631
58.39.61.91 - - [11/Mar/2022:10:20:24 +0800] "GET /xingrg/all/function/internal_message.html?_=1646965175406&CODE_STATE=getMsg HTTP/1.1" 200 27
58.39.61.91 - - [11/Mar/2022:10:20:26 +0800] "GET /xingrg/kc/mdqp/qqps_order_list.html?isQuery=1&timeSelect=1&orderTime=day&startTime=2022-03-09&endTime=2022-03-11&state=all&query=%C8%B7++%B6%A8 HTTP/1.1" 200 10182
58.39.61.91 - - [11/Mar/2022:10:20:26 +0800] "GET /xingrg/dwr/interface/AjaxQqpsService.js HTTP/1.1" 200 16326
58.39.61.91 - - [11/Mar/2022:10:20:26 +0800] "GET /xingrg/dwr/interface/AjaxReportQueryService.js HTTP/1.1" 200 13203
58.39.61.91 - - [11/Mar/2022:10:20:26 +0800] "GET /xingrg/dwr/engine.js HTTP/1.1" 200 43631
116.230.110.173 - - [11/Mar/2022:10:20:27 +0800] "GET /xingrg/all/function/internal_message.html?_=1646965218417&CODE_STATE=getMsg HTTP/1.1" 200 27
58.39.61.91 - - [11/Mar/2022:10:20:32 +0800] "GET /xingrg/check_reg.html?_=1646965230671 HTTP/1.1" 200 22
58.39.61.91 - - [11/Mar/2022:10:20:32 +0800] "GET /xingrg/all/function/internal_message.html?_=1646965230674&CODE_STATE=getMsg HTTP/1.1" 200 27
180.169.147.146 - - [11/Mar/2022:10:20:32 +0800] "GET /xingrg/javascript/jquery_easy_ui/themes/default/images/tabs_active.png HTTP/1.1" 200 2894
61.151.178.163 - - [11/Mar/2022:10:20:32 +0800] "GET /xingrg/check_reg.html?_=1646964271835 HTTP/1.1" 302 -
61.151.178.163 - - [11/Mar/2022:10:20:34 +0800] "GET /xingrg/login.html HTTP/1.1" 200 7641
180.169.147.146 - - [11/Mar/2022:10:20:34 +0800] "GET /xingrg/all/function/internal_message.html?_=1646965231305&CODE_STATE=getMsg HTTP/1.1" 200 27
222.70.243.96 - - [11/Mar/2022:10:20:37 +0800] "GET /xingrg/check_reg.html?_=1646965251521 HTTP/1.1" 200 22
58.39.61.91 - - [11/Mar/2022:10:20:37 +0800] "POST /xingrg/all/user/operate.html HTTP/1.1" 200 36
58.39.61.91 - - [11/Mar/2022:10:20:37 +0800] "GET /xingrg/index.html?sysBaseUrl=http%3A%2F%2F180.169.147.146%3A18081%2Fxingrg%2F&costTime=39×tamp=1646544452846 HTTP/1.1" 200 17177
58.39.61.91 - - [11/Mar/2022:10:20:37 +0800] "GET /xingrg/javascript/jquery_easy_ui/themes/default/easyui.css HTTP/1.1" 304 -
58.39.61.91 - - [11/Mar/2022:10:20:37 +0800] "GET /xingrg/javascript/jquery_easy_ui/themes/icon.css HTTP/1.1" 304 -
58.39.61.91 - - [11/Mar/2022:10:20:37 +0800] "GET /xingrg/css/form.css HTTP/1.1" 304 -
58.39.61.91 - - [11/Mar/2022:10:20:37 +0800] "GET /xingrg/javascript/jquery-1.4.2.min.js HTTP/1.1" 304 -
58.39.61.91 - - [11/Mar/2022:10:20:37 +0800] "GET /xingrg/javascript/jquery_easy_ui/jquery.easyui.min.js HTTP/1.1" 304 -
58.39.61.91 - - [11/Mar/2022:10:20:37 +0800] "GET /xingrg/javascript/jquery_easy_ui/easyui-lang-zh_CN.js HTTP/1.1" 304 -
58.39.61.91 - - [11/Mar/2022:10:20:37 +0800] "GET /xingrg/javascript/jquery.form.js HTTP/1.1" 304 -
58.39.61.91 - - [11/Mar/2022:10:20:37 +0800] "GET /xingrg/javascript/jquery.utils.js HTTP/1.1" 304 -
58.39.61.91 - - [11/Mar/2022:10:20:37 +0800] "GET /xingrg/javascript/jquery.timers.js HTTP/1.1" 304 -
58.39.61.91 - - [11/Mar/2022:10:20:37 +0800] "GET /xingrg/images/blue/jxLogo.png HTTP/1.1" 304 -
58.39.61.91 - - [11/Mar/2022:10:20:37 +0800] "GET /xingrg/images/blue/navBackgound.jpg HTTP/1.1" 304 -
58.39.61.91 - - [11/Mar/2022:10:20:37 +0800] "GET /xingrg/javascript/jquery_easy_ui/themes/icons/settle_new.png HTTP/1.1" 304 -
58.39.61.91 - - [11/Mar/2022:10:20:38 +0800] "POST /xingrg/all/common/load_tree.html?tree=area_rest_tree_json&manage=1 HTTP/1.1" 200 476
58.39.61.91 - - [11/Mar/2022:10:20:38 +0800] "GET /xingrg/all/function/internal_message.html?_=1646965236301&CODE_STATE=count HTTP/1.1" 200 11
58.39.61.91 - - [11/Mar/2022:10:20:38 +0800] "GET /xingrg/check_reg.html?_=1646965236304 HTTP/1.1" 200 22
58.39.61.91 - - [11/Mar/2022:10:20:38 +0800] "GET /xingrg/javascript/jquery_easy_ui/themes/default/images/tabs_leftarrow.png HTTP/1.1" 304 -
58.39.61.91 - - [11/Mar/2022:10:20:38 +0800] "POST /xingrg/load_menu.html HTTP/1.1" 200 5138
58.39.61.91 - - [11/Mar/2022:10:20:38 +0800] "GET /xingrg/javascript/jquery_easy_ui/themes/default/images/tabs_rightarrow.png HTTP/1.1" 304 -
58.39.61.91 - - [11/Mar/2022:10:20:38 +0800] "GET /xingrg/images/blue/pingpu.png HTTP/1.1" 304 -
58.39.61.91 - - [11/Mar/2022:10:20:38 +0800] "GET /xingrg/javascript/jquery_easy_ui/themes/default/images/panel_tool_collapse.gif HTTP/1.1" 304 -
58.39.61.91 - - [11/Mar/2022:10:20:38 +0800] "GET /xingrg/javascript/jquery_easy_ui/themes/icons/search_new.png HTTP/1.1" 304 -
58.39.61.91 - - [11/Mar/2022:10:20:38 +0800] "GET /xingrg/javascript/jquery_easy_ui/themes/default/images/tree_arrows.gif HTTP/1.1" 304 -
58.39.61.91 - - [11/Mar/2022:10:20:38 +0800] "GET /xingrg/javascript/jquery_easy_ui/themes/default/images/tree_folder_open.gif HTTP/1.1" 304 -
58.39.61.91 - - [11/Mar/2022:10:20:38 +0800] "GET /xingrg/javascript/jquery_easy_ui/themes/icons/storage_new.png HTTP/1.1" 304 -
58.39.61.91 - - [11/Mar/2022:10:20:38 +0800] "GET /xingrg/javascript/jquery_easy_ui/themes/icons/forms_new.png HTTP/1.1" 304 -
58.39.61.91 - - [11/Mar/2022:10:20:38 +0800] "GET /xingrg/javascript/jquery_easy_ui/themes/default/images/tree_folder.gif HTTP/1.1" 304 -
58.39.61.91 - - [11/Mar/2022:10:20:38 +0800] "GET /xingrg/javascript/jquery_easy_ui/themes/default/images/tree_file.gif HTTP/1.1" 304 -
222.70.243.96 - - [11/Mar/2022:10:20:38 +0800] "GET /xingrg/all/function/internal_message.html?_=1646965253162&CODE_STATE=getMsg HTTP/1.1" 200 27
58.39.61.91 - - [11/Mar/2022:10:20:40 +0800] "GET /xingrg/kc/mdqp/qqps_order_list.html HTTP/1.1" 200 9222
58.39.61.91 - - [11/Mar/2022:10:20:40 +0800] "GET /xingrg/dwr/interface/AjaxReportQueryService.js HTTP/1.1" 200 13203
58.39.61.91 - - [11/Mar/2022:10:20:40 +0800] "GET /xingrg/dwr/engine.js HTTP/1.1" 200 43631
58.39.61.91 - - [11/Mar/2022:10:20:40 +0800] "GET /xingrg/dwr/interface/AjaxQqpsService.js HTTP/1.1" 200 16326
58.39.61.91 - - [11/Mar/2022:10:20:43 +0800] "GET /xingrg/kc/mdqp/qqps_order_list.html?isQuery=1&timeSelect=1&orderTime=day&startTime=2022-03-09&endTime=2022-03-11&state=all&query=%C8%B7++%B6%A8 HTTP/1.1" 200 9321
58.39.61.91 - - [11/Mar/2022:10:20:43 +0800] "GET /xingrg/dwr/interface/AjaxQqpsService.js HTTP/1.1" 200 16326
58.39.61.91 - - [11/Mar/2022:10:20:43 +0800] "GET /xingrg/dwr/interface/AjaxReportQueryService.js HTTP/1.1" 200 13203
58.39.61.91 - - [11/Mar/2022:10:20:43 +0800] "GET /xingrg/dwr/engine.js HTTP/1.1" 200 43631
58.39.61.91 - - [11/Mar/2022:10:20:44 +0800] "GET /xingrg/kc/mdqp/qqps_order_list.html?isQuery=1&timeSelect=1&orderTime=day&startTime=2022-03-09&endTime=2022-03-11&state=all&query=%C8%B7++%B6%A8 HTTP/1.1" 200 9321
58.39.61.91 - - [11/Mar/2022:10:20:44 +0800] "GET /xingrg/dwr/interface/AjaxReportQueryService.js HTTP/1.1" 200 13203
58.39.61.91 - - [11/Mar/2022:10:20:44 +0800] "GET /xingrg/dwr/interface/AjaxQqpsService.js HTTP/1.1" 200 16326
58.39.61.91 - - [11/Mar/2022:10:20:44 +0800] "GET /xingrg/dwr/engine.js HTTP/1.1" 200 43631
124.78.159.88 - - [11/Mar/2022:10:20:45 +0800] "GET /xingrg/all/function/internal_message.html?_=1646965239630&CODE_STATE=getMsg HTTP/1.1" 200 27
58.39.61.91 - - [11/Mar/2022:10:20:46 +0800] "GET /xingrg/kc/mdqp/qqps_order_list.html?isQuery=1&timeSelect=1&orderTime=day&startTime=2022-03-09&endTime=2022-03-11&state=all&query=%C8%B7++%B6%A8 HTTP/1.1" 200 9321
58.39.61.91 - - [11/Mar/2022:10:20:46 +0800] "GET /xingrg/dwr/interface/AjaxQqpsService.js HTTP/1.1" 200 16326
58.39.61.91 - - [11/Mar/2022:10:20:46 +0800] "GET /xingrg/dwr/interface/AjaxReportQueryService.js HTTP/1.1" 200 13203
58.39.61.91 - - [11/Mar/2022:10:20:46 +0800] "GET /xingrg/dwr/engine.js HTTP/1.1" 200 43631
58.39.168.32 - - [11/Mar/2022:10:20:47 +0800] "GET /xingrg/all/function/internal_message.html?_=1646965182585&CODE_STATE=getMsg HTTP/1.1" 200 27
222.70.180.114 - - [11/Mar/2022:10:20:49 +0800] "GET /xingrg/all/function/internal_message.html?_=1646965243258&CODE_STATE=getMsg HTTP/1.1" 200 27
180.169.147.146 - - [11/Mar/2022:10:20:50 +0800] "GET /xingrg/kc/report/report_main.html HTTP/1.1" 200 7340
58.39.168.32 - - [11/Mar/2022:10:20:51 +0800] "GET /xingrg/all/function/internal_message.html?_=1646965250301&CODE_STATE=getMsg HTTP/1.1" 200 27
180.169.147.146 - - [11/Mar/2022:10:20:52 +0800] "GET /xingrg/all/report/report_query.html?fileName=kc/buy/gys_amount.xml&rh=99999 HTTP/1.1" 200 52006
180.169.147.146 - - [11/Mar/2022:10:20:52 +0800] "GET /xingrg/javascript/multi_select/jqueryMultiSelect.css HTTP/1.1" 200 951
180.169.147.146 - - [11/Mar/2022:10:20:52 +0800] "GET /xingrg/javascript/bigrid/fix.css HTTP/1.1" 200 1702
180.169.147.146 - - [11/Mar/2022:10:20:52 +0800] "GET /xingrg/javascript/calendar/timePicker.css HTTP/1.1" 200 523
180.169.147.146 - - [11/Mar/2022:10:20:52 +0800] "GET /xingrg/dwr/interface/AjaxReportQueryService.js HTTP/1.1" 200 13203
180.169.147.146 - - [11/Mar/2022:10:20:52 +0800] "GET /xingrg/javascript/jqueryMultiSelect.js HTTP/1.1" 200 11866
180.169.147.146 - - [11/Mar/2022:10:20:52 +0800] "GET /xingrg/javascript/calendar/jquery.timePicker.min.js HTTP/1.1" 200 2997
180.169.147.146 - - [11/Mar/2022:10:20:52 +0800] "GET /xingrg/javascript/bigrid/fix.js HTTP/1.1" 200 6439
180.169.147.146 - - [11/Mar/2022:10:20:52 +0800] "GET /xingrg/dwr/engine.js HTTP/1.1" 200 43631
180.169.147.146 - - [11/Mar/2022:10:20:52 +0800] "GET /xingrg/javascript/Calendar.js HTTP/1.1" 200 31561
180.169.147.146 - - [11/Mar/2022:10:20:52 +0800] "GET /xingrg/dwr/util.js HTTP/1.1" 200 35990
180.169.147.146 - - [11/Mar/2022:10:20:52 +0800] "GET /xingrg/images/control/loading.gif HTTP/1.1" 200 13463
180.169.147.146 - - [11/Mar/2022:10:20:52 +0800] "GET /xingrg/images/blue/button/advanceover.gif HTTP/1.1" 200 1347
180.169.147.146 - - [11/Mar/2022:10:20:52 +0800] "GET /xingrg/images/blue/button/advance2over.gif HTTP/1.1" 200 1336
180.169.147.146 - - [11/Mar/2022:10:20:52 +0800] "GET /xingrg/images/blue/button/back2over.gif HTTP/1.1" 200 1335
180.169.147.146 - - [11/Mar/2022:10:20:52 +0800] "GET /xingrg/images/blue/button/backover.gif HTTP/1.1" 200 1348
180.169.147.146 - - [11/Mar/2022:10:20:52 +0800] "GET /xingrg/javascript/jquery_easy_ui/themes/icons/help.png HTTP/1.1" 200 1187
180.169.147.146 - - [11/Mar/2022:10:20:52 +0800] "GET /xingrg/javascript/jquery_easy_ui/themes/icons/pencil.png HTTP/1.1" 200 713
180.169.147.146 - - [11/Mar/2022:10:20:52 +0800] "GET /xingrg/javascript/jquery_easy_ui/themes/default/images/menu_rightarrow.png HTTP/1.1" 200 3617
180.169.147.146 - - [11/Mar/2022:10:20:54 +0800] "POST /xingrg/all/common/load_tree.html?tree=supplier_tree_json&manage=1 HTTP/1.1" 200 63589
180.169.147.146 - - [11/Mar/2022:10:20:54 +0800] "POST /xingrg/all/common/load_tree.html?tree=materiel_sort_tree_json HTTP/1.1" 200 9388
114.83.217.117 - - [11/Mar/2022:10:21:05 +0800] "GET /xingrg/all/function/internal_message.html?_=1646965261625&CODE_STATE=getMsg HTTP/1.1" 200 27
