124.78.159.88 - - [11/Mar/2022:10:55:07 +0800] "POST /xingrg/all/common/load_combo.html?type=base HTTP/1.1" 200 3315
124.78.159.88 - - [11/Mar/2022:10:55:10 +0800] "POST /xingrg/all/common/load_combo.html?type=base HTTP/1.1" 200 3315
114.88.156.203 - - [11/Mar/2022:10:55:13 +0800] "GET /xingrg/all/function/internal_message.html?_=1646967083390&CODE_STATE=getMsg HTTP/1.1" 200 27
180.169.147.146 - - [11/Mar/2022:10:55:19 +0800] "GET /xingrg/all/function/internal_message.html?_=1646967316089&CODE_STATE=getMsg HTTP/1.1" 200 27
116.233.72.145 - - [11/Mar/2022:10:55:20 +0800] "POST /xingrg/kc/buy/cgsh_order_operate.html HTTP/1.1" 200 37
116.233.72.145 - - [11/Mar/2022:10:55:21 +0800] "POST /xingrg/kc/buy/cgsh_order_operate.html HTTP/1.1" 200 5614
116.233.72.145 - - [11/Mar/2022:10:55:22 +0800] "GET /xingrg/kc/print/load_config.html?kc_code=cgsh HTTP/1.1" 200 1943
116.233.72.145 - - [11/Mar/2022:10:55:23 +0800] "GET /xingrg/kc/print/load_data.html?order_code=212022031103367&kc_code=cgsh&condition= HTTP/1.1" 200 1874
58.39.61.91 - - [11/Mar/2022:10:55:25 +0800] "GET /xingrg/all/function/internal_message.html?_=1646967275882&CODE_STATE=getMsg HTTP/1.1" 200 27
116.230.110.173 - - [11/Mar/2022:10:55:27 +0800] "GET /xingrg/all/function/internal_message.html?_=1646967318417&CODE_STATE=getMsg HTTP/1.1" 200 27
222.70.243.96 - - [11/Mar/2022:10:55:31 +0800] "GET /xingrg/kc/base/wldb_order_operate.html?command=get_materiel&rest_code=00146&base_code=0010064&code=00102002204 HTTP/1.1" 200 433
124.78.159.88 - - [11/Mar/2022:10:55:31 +0800] "GET /xingrg/kc/base/wldb_order_operate.html?command=get_materiel&rest_code=00106&base_code=0010396&code=00101019127 HTTP/1.1" 200 464
58.39.61.91 - - [11/Mar/2022:10:55:36 +0800] "GET /xingrg/all/function/internal_message.html?_=1646967334982&CODE_STATE=getMsg HTTP/1.1" 200 27
222.70.243.96 - - [11/Mar/2022:10:55:37 +0800] "GET /xingrg/check_reg.html?_=1646967351999 HTTP/1.1" 200 22
222.70.243.96 - - [11/Mar/2022:10:55:39 +0800] "GET /xingrg/all/function/internal_message.html?_=1646967354339&CODE_STATE=getMsg HTTP/1.1" 200 27
124.78.159.88 - - [11/Mar/2022:10:55:43 +0800] "GET /xingrg/kc/base/wldb_order_operate.html?command=get_materiel&rest_code=00106&base_code=0010396&code=00101019405 HTTP/1.1" 200 468
124.78.159.88 - - [11/Mar/2022:10:55:44 +0800] "GET /xingrg/all/function/internal_message.html?_=1646967338893&CODE_STATE=getMsg HTTP/1.1" 200 27
58.39.168.32 - - [11/Mar/2022:10:55:47 +0800] "GET /xingrg/all/function/internal_message.html?_=1646967282626&CODE_STATE=getMsg HTTP/1.1" 200 27
222.70.180.114 - - [11/Mar/2022:10:55:48 +0800] "GET /xingrg/all/function/internal_message.html?_=1646967342672&CODE_STATE=getMsg HTTP/1.1" 200 27
116.233.72.145 - - [11/Mar/2022:10:55:48 +0800] "GET /xingrg/all/function/internal_message.html?_=1646967345656&CODE_STATE=getMsg HTTP/1.1" 200 27
124.78.159.88 - - [11/Mar/2022:10:55:49 +0800] "GET /xingrg/all/function/internal_message.html?_=1646967347669&CODE_STATE=getMsg HTTP/1.1" 200 27
116.233.72.145 - - [11/Mar/2022:10:55:50 +0800] "GET /xingrg/kc/buy/cgsh_order_add.html HTTP/1.1" 200 65747
116.233.72.145 - - [11/Mar/2022:10:55:50 +0800] "POST /xingrg/kc/buy/cgsh_order_operate.html HTTP/1.1" 200 8245
116.233.72.145 - - [11/Mar/2022:10:55:50 +0800] "GET /xingrg/all/common/auto_word.html?type=employee&rest_code=00109 HTTP/1.1" 200 255
116.233.72.145 - - [11/Mar/2022:10:55:50 +0800] "GET /xingrg/all/common/auto_word.html?type=employee&rest_code=00109 HTTP/1.1" 200 255
116.233.72.145 - - [11/Mar/2022:10:55:50 +0800] "GET /xingrg/javascript/easyui/themes/default/validatebox.css HTTP/1.1" 404 1104
58.39.168.32 - - [11/Mar/2022:10:55:51 +0800] "GET /xingrg/all/function/internal_message.html?_=1646967350359&CODE_STATE=getMsg HTTP/1.1" 200 27
180.169.147.146 - - [11/Mar/2022:10:55:55 +0800] "GET /xingrg/all/function/internal_message.html?_=1646967352123&CODE_STATE=getMsg HTTP/1.1" 200 27
124.78.159.88 - - [11/Mar/2022:10:55:57 +0800] "GET /xingrg/kc/base/wldb_order_operate.html?command=get_materiel&rest_code=00106&base_code=0010396&code=00101019528 HTTP/1.1" 200 482
116.233.72.145 - - [11/Mar/2022:10:56:00 +0800] "GET /xingrg/kc/buy/cgsh_order_operate.html?command=get_materiel&rest_code=00109&code=00101012040&supplier_code=00100035&order_time=2022-03-11 HTTP/1.1" 200 412
222.70.243.96 - - [11/Mar/2022:10:56:01 +0800] "GET /xingrg/kc/base/wldb_order_operate.html?command=get_materiel&rest_code=00146&base_code=0010064&code=00102002015 HTTP/1.1" 200 435
114.83.217.117 - - [11/Mar/2022:10:56:05 +0800] "GET /xingrg/all/function/internal_message.html?_=1646967361114&CODE_STATE=getMsg HTTP/1.1" 200 27
116.233.72.145 - - [11/Mar/2022:10:56:07 +0800] "GET /xingrg/kc/buy/cgsh_order_operate.html?command=get_materiel&rest_code=00109&code=00101016010&supplier_code=00100035&order_time=2022-03-11 HTTP/1.1" 200 408
180.157.251.97 - - [11/Mar/2022:10:56:09 +0800] "GET /xingrg/check_reg.html?_=1646967367294 HTTP/1.1" 200 22
222.70.243.96 - - [11/Mar/2022:10:56:10 +0800] "GET /xingrg/kc/base/wldb_order_operate.html?command=get_materiel&rest_code=00146&base_code=0010064&code=00102016661 HTTP/1.1" 200 423
116.233.72.145 - - [11/Mar/2022:10:56:12 +0800] "GET /xingrg/kc/buy/cgsh_order_operate.html?command=get_materiel&rest_code=00109&code=00101012029&supplier_code=00100035&order_time=2022-03-11 HTTP/1.1" 200 412
114.88.156.203 - - [11/Mar/2022:10:56:13 +0800] "GET /xingrg/all/function/internal_message.html?_=1646967143381&CODE_STATE=getMsg HTTP/1.1" 200 27
114.88.156.203 - - [11/Mar/2022:10:56:13 +0800] "GET /xingrg/check_reg.html?_=1646967143382 HTTP/1.1" 200 22
58.39.61.91 - - [11/Mar/2022:10:56:14 +0800] "GET /xingrg/check_reg.html?_=1646967324628 HTTP/1.1" 200 22
61.151.178.249 - - [11/Mar/2022:10:56:16 +0800] "GET /xingrg/all/function/internal_message.html?_=1646966079309&CODE_STATE=getMsg HTTP/1.1" 302 -
61.151.178.249 - - [11/Mar/2022:10:56:16 +0800] "GET /xingrg/login.html HTTP/1.1" 200 7641
180.169.147.146 - - [11/Mar/2022:10:56:19 +0800] "GET /xingrg/all/function/internal_message.html?_=1646967376091&CODE_STATE=getMsg HTTP/1.1" 200 27
116.233.72.145 - - [11/Mar/2022:10:56:19 +0800] "GET /xingrg/kc/buy/cgsh_order_operate.html?command=get_materiel&rest_code=00109&code=00101010136&supplier_code=00100035&order_time=2022-03-11 HTTP/1.1" 200 408
58.39.61.91 - - [11/Mar/2022:10:56:25 +0800] "GET /xingrg/all/function/internal_message.html?_=1646967335888&CODE_STATE=getMsg HTTP/1.1" 200 27
116.230.110.173 - - [11/Mar/2022:10:56:27 +0800] "GET /xingrg/all/function/internal_message.html?_=1646967378416&CODE_STATE=getMsg HTTP/1.1" 200 27
222.70.243.96 - - [11/Mar/2022:10:56:27 +0800] "GET /xingrg/kc/base/wldb_order_operate.html?command=get_materiel&rest_code=00146&base_code=0010064&code=00102002011 HTTP/1.1" 200 437
116.233.72.145 - - [11/Mar/2022:10:56:28 +0800] "POST /xingrg/kc/buy/cgsh_order_operate.html HTTP/1.1" 200 37
116.233.72.145 - - [11/Mar/2022:10:56:30 +0800] "POST /xingrg/kc/buy/cgsh_order_operate.html HTTP/1.1" 200 4426
116.233.72.145 - - [11/Mar/2022:10:56:31 +0800] "GET /xingrg/kc/print/load_config.html?kc_code=cgsh HTTP/1.1" 200 1943
116.233.72.145 - - [11/Mar/2022:10:56:31 +0800] "GET /xingrg/kc/print/load_data.html?order_code=212022031103368&kc_code=cgsh&condition= HTTP/1.1" 200 1355
124.78.159.88 - - [11/Mar/2022:10:56:32 +0800] "POST /xingrg/kc/base/wldb_order_operate.html HTTP/1.1" 200 37
124.78.159.88 - - [11/Mar/2022:10:56:32 +0800] "POST /xingrg/kc/base/wldb_order_operate.html HTTP/1.1" 200 3248
124.78.159.88 - - [11/Mar/2022:10:56:33 +0800] "GET /xingrg/kc/base/wldb_order_info.html?code=422022031100980 HTTP/1.1" 200 30288
124.78.159.88 - - [11/Mar/2022:10:56:33 +0800] "GET /xingrg/javascript/easyui/themes/default/validatebox.css HTTP/1.1" 404 1104
124.78.159.88 - - [11/Mar/2022:10:56:34 +0800] "POST /xingrg/kc/base/wldb_order_operate.html HTTP/1.1" 200 3248
124.78.159.88 - - [11/Mar/2022:10:56:36 +0800] "GET /xingrg/kc/base/base_main.html HTTP/1.1" 200 12142
116.233.72.145 - - [11/Mar/2022:10:56:36 +0800] "GET /xingrg/kc/buy/cgsh_order_add.html HTTP/1.1" 200 65747
116.233.72.145 - - [11/Mar/2022:10:56:36 +0800] "GET /xingrg/all/common/auto_word.html?type=employee&rest_code=00109 HTTP/1.1" 200 255
116.233.72.145 - - [11/Mar/2022:10:56:36 +0800] "GET /xingrg/all/common/auto_word.html?type=employee&rest_code=00109 HTTP/1.1" 200 255
116.233.72.145 - - [11/Mar/2022:10:56:36 +0800] "GET /xingrg/javascript/easyui/themes/default/validatebox.css HTTP/1.1" 404 1104
58.39.61.91 - - [11/Mar/2022:10:56:36 +0800] "GET /xingrg/all/function/internal_message.html?_=1646967394985&CODE_STATE=getMsg HTTP/1.1" 200 27
116.233.72.145 - - [11/Mar/2022:10:56:36 +0800] "POST /xingrg/kc/buy/cgsh_order_operate.html HTTP/1.1" 200 8245
124.78.159.88 - - [11/Mar/2022:10:56:37 +0800] "GET /xingrg/kc/base/wldb_order_list.html HTTP/1.1" 200 19060
124.78.159.88 - - [11/Mar/2022:10:56:38 +0800] "POST /xingrg/kc/base/wldb_list_operate.html HTTP/1.1" 200 2962
222.70.243.96 - - [11/Mar/2022:10:56:39 +0800] "GET /xingrg/all/function/internal_message.html?_=1646967414353&CODE_STATE=getMsg HTTP/1.1" 200 27
124.78.159.88 - - [11/Mar/2022:10:56:41 +0800] "GET /xingrg/kc/mdqp/qp_main.html HTTP/1.1" 200 10633
124.78.159.88 - - [11/Mar/2022:10:56:41 +0800] "GET /xingrg/images/yd/bt.gif HTTP/1.1" 404 1040
124.78.159.88 - - [11/Mar/2022:10:56:42 +0800] "GET /xingrg/kc/mdqp/qqps_order_list.html HTTP/1.1" 200 9222
124.78.159.88 - - [11/Mar/2022:10:56:42 +0800] "GET /xingrg/dwr/interface/AjaxQqpsService.js HTTP/1.1" 200 16326
124.78.159.88 - - [11/Mar/2022:10:56:42 +0800] "GET /xingrg/dwr/interface/AjaxReportQueryService.js HTTP/1.1" 200 13203
124.78.159.88 - - [11/Mar/2022:10:56:42 +0800] "GET /xingrg/dwr/engine.js HTTP/1.1" 200 43631
124.78.159.88 - - [11/Mar/2022:10:56:42 +0800] "GET /xingrg/dwr/util.js HTTP/1.1" 304 -
116.233.72.145 - - [11/Mar/2022:10:56:44 +0800] "GET /xingrg/kc/buy/cgsh_order_operate.html?command=get_materiel&rest_code=00109&code=00101008248&supplier_code=00100005&order_time=2022-03-11 HTTP/1.1" 200 412
124.78.159.88 - - [11/Mar/2022:10:56:44 +0800] "GET /xingrg/all/function/internal_message.html?_=1646967398865&CODE_STATE=getMsg HTTP/1.1" 200 27
116.233.72.145 - - [11/Mar/2022:10:56:44 +0800] "GET /xingrg/all/function/internal_message.html?_=1646967402029&CODE_STATE=getMsg HTTP/1.1" 200 27
124.78.159.88 - - [11/Mar/2022:10:56:45 +0800] "GET /xingrg/kc/mdqp/qp_main.html HTTP/1.1" 200 10633
61.151.178.197 - - [11/Mar/2022:10:56:46 +0800] "GET /xingrg/kc/buy/cgsh_order_operate.html?command=get_materiel&rest_code=00106&code=00101007076&supplier_code=00100002&order_time=2022-03-11 HTTP/1.1" 302 -
61.151.178.197 - - [11/Mar/2022:10:56:46 +0800] "GET /xingrg/login.html HTTP/1.1" 200 7641
58.39.168.32 - - [11/Mar/2022:10:56:47 +0800] "GET /xingrg/all/function/internal_message.html?_=1646967342626&CODE_STATE=getMsg HTTP/1.1" 200 27
124.78.159.88 - - [11/Mar/2022:10:56:47 +0800] "GET /xingrg/kc/mdqp/pssh_order_list.html HTTP/1.1" 200 17777
124.78.159.88 - - [11/Mar/2022:10:56:47 +0800] "POST /xingrg/kc/mdqp/pssh_list_operate.html HTTP/1.1" 200 5260
222.70.180.114 - - [11/Mar/2022:10:56:48 +0800] "GET /xingrg/all/function/internal_message.html?_=1646967402658&CODE_STATE=getMsg HTTP/1.1" 200 27
124.78.159.88 - - [11/Mar/2022:10:56:49 +0800] "GET /xingrg/all/function/internal_message.html?_=1646967407663&CODE_STATE=getMsg HTTP/1.1" 200 27
116.233.72.145 - - [11/Mar/2022:10:56:50 +0800] "GET /xingrg/kc/buy/cgsh_order_operate.html?command=get_materiel&rest_code=00109&code=00101008141&supplier_code=00100005&order_time=2022-03-11 HTTP/1.1" 200 412
58.39.168.32 - - [11/Mar/2022:10:56:51 +0800] "GET /xingrg/all/function/internal_message.html?_=1646967410359&CODE_STATE=getMsg HTTP/1.1" 200 27
124.78.159.88 - - [11/Mar/2022:10:56:53 +0800] "POST /xingrg/kc/mdqp/pssh_list_operate.html HTTP/1.1" 200 780
124.78.159.88 - - [11/Mar/2022:10:56:54 +0800] "GET /xingrg/kc/mdqp/pssh_order_info.html?code=312022031100197 HTTP/1.1" 200 17273
124.78.159.88 - - [11/Mar/2022:10:56:54 +0800] "GET /xingrg/javascript/jquery_tools/jquery-1.4.2.min.js HTTP/1.1" 404 1094
124.78.159.88 - - [11/Mar/2022:10:56:54 +0800] "POST /xingrg/kc/mdqp/pssh_order_operate.html HTTP/1.1" 200 4230
124.78.159.88 - - [11/Mar/2022:10:56:54 +0800] "GET /xingrg/all/common/auto_word.html?type=base&rest_code=00106&rest_code=00106 HTTP/1.1" 200 1849
124.78.159.88 - - [11/Mar/2022:10:56:54 +0800] "GET /xingrg/all/common/auto_word.html?type=employee&rest_code=00106 HTTP/1.1" 200 205
124.78.159.88 - - [11/Mar/2022:10:56:54 +0800] "GET /xingrg/javascript/easyui/themes/default/validatebox.css HTTP/1.1" 404 1104
116.233.72.145 - - [11/Mar/2022:10:56:55 +0800] "GET /xingrg/kc/buy/cgsh_order_operate.html?command=get_materiel&rest_code=00109&code=00101008126&supplier_code=00100005&order_time=2022-03-11 HTTP/1.1" 200 412
180.169.147.146 - - [11/Mar/2022:10:56:55 +0800] "GET /xingrg/all/function/internal_message.html?_=1646967412128&CODE_STATE=getMsg HTTP/1.1" 200 27
116.233.72.145 - - [11/Mar/2022:10:57:00 +0800] "GET /xingrg/kc/buy/cgsh_order_operate.html?command=get_materiel&rest_code=00109&code=00101008270&supplier_code=00100005&order_time=2022-03-11 HTTP/1.1" 200 412
124.78.159.88 - - [11/Mar/2022:10:57:01 +0800] "GET /xingrg/kc/mdqp/pssh_order_list.html?isBack=1 HTTP/1.1" 200 17777
124.78.159.88 - - [11/Mar/2022:10:57:01 +0800] "POST /xingrg/kc/mdqp/pssh_list_operate.html HTTP/1.1" 200 5260
58.40.7.146 - - [11/Mar/2022:10:57:04 +0800] "POST /xingrg/services/DataTransmitService HTTP/1.1" 200 524
116.233.72.145 - - [11/Mar/2022:10:57:04 +0800] "GET /xingrg/kc/buy/cgsh_order_operate.html?command=get_materiel&rest_code=00109&code=00101008298&supplier_code=00100005&order_time=2022-03-11 HTTP/1.1" 200 413
114.83.217.117 - - [11/Mar/2022:10:57:05 +0800] "GET /xingrg/all/function/internal_message.html?_=1646967421117&CODE_STATE=getMsg HTTP/1.1" 200 27
124.78.159.88 - - [11/Mar/2022:10:57:05 +0800] "POST /xingrg/kc/mdqp/pssh_list_operate.html HTTP/1.1" 200 260
222.70.243.96 - - [11/Mar/2022:10:57:05 +0800] "GET /xingrg/kc/base/wldb_order_operate.html?command=get_materiel&rest_code=00146&base_code=0010064&code=00101013115 HTTP/1.1" 200 434
124.78.159.88 - - [11/Mar/2022:10:57:05 +0800] "GET /xingrg/kc/mdqp/pssh_order_info.html?code=312022031100198 HTTP/1.1" 200 17244
124.78.159.88 - - [11/Mar/2022:10:57:05 +0800] "GET /xingrg/javascript/jquery_tools/jquery-1.4.2.min.js HTTP/1.1" 404 1094
124.78.159.88 - - [11/Mar/2022:10:57:05 +0800] "POST /xingrg/kc/mdqp/pssh_order_operate.html HTTP/1.1" 200 532
124.78.159.88 - - [11/Mar/2022:10:57:05 +0800] "GET /xingrg/javascript/easyui/themes/default/validatebox.css HTTP/1.1" 404 1104
124.78.159.88 - - [11/Mar/2022:10:57:08 +0800] "GET /xingrg/kc/mdqp/pssh_order_list.html?isBack=1 HTTP/1.1" 200 17777
124.78.159.88 - - [11/Mar/2022:10:57:08 +0800] "POST /xingrg/kc/mdqp/pssh_list_operate.html HTTP/1.1" 200 5260
124.78.159.88 - - [11/Mar/2022:10:57:10 +0800] "POST /xingrg/kc/mdqp/pssh_list_operate.html HTTP/1.1" 200 358
116.233.72.145 - - [11/Mar/2022:10:57:10 +0800] "GET /xingrg/kc/buy/cgsh_order_operate.html?command=get_materiel&rest_code=00109&code=00101008355&supplier_code=00100005&order_time=2022-03-11 HTTP/1.1" 200 408
124.78.159.88 - - [11/Mar/2022:10:57:10 +0800] "POST /xingrg/kc/mdqp/pssh_list_operate.html HTTP/1.1" 200 2842
124.78.159.88 - - [11/Mar/2022:10:57:10 +0800] "GET /xingrg/kc/mdqp/pssh_order_info.html?code=312022031100195 HTTP/1.1" 200 17271
124.78.159.88 - - [11/Mar/2022:10:57:10 +0800] "GET /xingrg/javascript/jquery_tools/jquery-1.4.2.min.js HTTP/1.1" 404 1094
124.78.159.88 - - [11/Mar/2022:10:57:10 +0800] "POST /xingrg/kc/mdqp/pssh_order_operate.html HTTP/1.1" 200 1057
124.78.159.88 - - [11/Mar/2022:10:57:10 +0800] "GET /xingrg/javascript/easyui/themes/default/validatebox.css HTTP/1.1" 404 1104
114.88.156.203 - - [11/Mar/2022:10:57:13 +0800] "GET /xingrg/all/function/internal_message.html?_=1646967203383&CODE_STATE=getMsg HTTP/1.1" 200 27
124.78.159.88 - - [11/Mar/2022:10:57:13 +0800] "GET /xingrg/kc/mdqp/pssh_order_list.html?isBack=1 HTTP/1.1" 200 17777
124.78.159.88 - - [11/Mar/2022:10:57:14 +0800] "POST /xingrg/kc/mdqp/pssh_list_operate.html HTTP/1.1" 200 5260
124.78.159.88 - - [11/Mar/2022:10:57:15 +0800] "POST /xingrg/kc/mdqp/pssh_list_operate.html HTTP/1.1" 200 271
124.78.159.88 - - [11/Mar/2022:10:57:15 +0800] "POST /xingrg/kc/mdqp/pssh_list_operate.html HTTP/1.1" 200 2842
124.78.159.88 - - [11/Mar/2022:10:57:15 +0800] "GET /xingrg/kc/mdqp/pssh_order_info.html?code=312022031100196 HTTP/1.1" 200 17271
124.78.159.88 - - [11/Mar/2022:10:57:15 +0800] "GET /xingrg/javascript/jquery_tools/jquery-1.4.2.min.js HTTP/1.1" 404 1094
124.78.159.88 - - [11/Mar/2022:10:57:15 +0800] "POST /xingrg/kc/mdqp/pssh_order_operate.html HTTP/1.1" 200 550
124.78.159.88 - - [11/Mar/2022:10:57:15 +0800] "GET /xingrg/javascript/easyui/themes/default/validatebox.css HTTP/1.1" 404 1104
116.233.72.145 - - [11/Mar/2022:10:57:16 +0800] "GET /xingrg/kc/buy/cgsh_order_operate.html?command=get_materiel&rest_code=00109&code=00101008196&supplier_code=00100005&order_time=2022-03-11 HTTP/1.1" 200 417
222.70.243.96 - - [11/Mar/2022:10:57:17 +0800] "GET /xingrg/kc/base/wldb_order_operate.html?command=get_materiel&rest_code=00146&base_code=0010064&code=00102002118 HTTP/1.1" 200 452
124.78.159.88 - - [11/Mar/2022:10:57:18 +0800] "GET /xingrg/kc/mdqp/pssh_order_list.html?isBack=1 HTTP/1.1" 200 17777
124.78.159.88 - - [11/Mar/2022:10:57:18 +0800] "POST /xingrg/kc/mdqp/pssh_list_operate.html HTTP/1.1" 200 5260
180.169.147.146 - - [11/Mar/2022:10:57:19 +0800] "GET /xingrg/check_reg.html?_=1646967436093 HTTP/1.1" 200 22
180.169.147.146 - - [11/Mar/2022:10:57:19 +0800] "GET /xingrg/all/function/internal_message.html?_=1646967436095&CODE_STATE=getMsg HTTP/1.1" 200 27
124.78.159.88 - - [11/Mar/2022:10:57:20 +0800] "POST /xingrg/kc/mdqp/pssh_list_operate.html HTTP/1.1" 200 754
124.78.159.88 - - [11/Mar/2022:10:57:20 +0800] "POST /xingrg/kc/mdqp/pssh_list_operate.html HTTP/1.1" 200 2842
124.78.159.88 - - [11/Mar/2022:10:57:20 +0800] "GET /xingrg/kc/mdqp/pssh_order_info.html?code=312022031100194 HTTP/1.1" 200 17271
124.78.159.88 - - [11/Mar/2022:10:57:20 +0800] "GET /xingrg/javascript/jquery_tools/jquery-1.4.2.min.js HTTP/1.1" 404 1094
124.78.159.88 - - [11/Mar/2022:10:57:20 +0800] "POST /xingrg/kc/mdqp/pssh_order_operate.html HTTP/1.1" 200 4187
124.78.159.88 - - [11/Mar/2022:10:57:20 +0800] "GET /xingrg/javascript/easyui/themes/default/validatebox.css HTTP/1.1" 404 1104
116.233.72.145 - - [11/Mar/2022:10:57:21 +0800] "GET /xingrg/kc/buy/cgsh_order_operate.html?command=get_materiel&rest_code=00109&code=00101008197&supplier_code=00100005&order_time=2022-03-11 HTTP/1.1" 200 417
124.78.159.88 - - [11/Mar/2022:10:57:24 +0800] "GET /xingrg/kc/mdqp/pssh_order_list.html?isBack=1 HTTP/1.1" 200 17777
124.78.159.88 - - [11/Mar/2022:10:57:25 +0800] "POST /xingrg/kc/mdqp/pssh_list_operate.html HTTP/1.1" 200 5260
58.39.61.91 - - [11/Mar/2022:10:57:25 +0800] "GET /xingrg/all/function/internal_message.html?_=1646967395902&CODE_STATE=getMsg HTTP/1.1" 200 27
116.230.110.173 - - [11/Mar/2022:10:57:27 +0800] "GET /xingrg/all/function/internal_message.html?_=1646967438409&CODE_STATE=getMsg HTTP/1.1" 200 27
116.233.72.145 - - [11/Mar/2022:10:57:27 +0800] "GET /xingrg/kc/buy/cgsh_order_operate.html?command=get_materiel&rest_code=00109&code=00101008274&supplier_code=00100005&order_time=2022-03-11 HTTP/1.1" 200 412
124.78.159.88 - - [11/Mar/2022:10:57:30 +0800] "POST /xingrg/kc/mdqp/pssh_list_operate.html HTTP/1.1" 200 732
124.78.159.88 - - [11/Mar/2022:10:57:31 +0800] "POST /xingrg/kc/mdqp/pssh_list_operate.html HTTP/1.1" 200 2842
124.78.159.88 - - [11/Mar/2022:10:57:31 +0800] "GET /xingrg/kc/mdqp/pssh_order_info.html?code=312022030700156 HTTP/1.1" 200 17266
124.78.159.88 - - [11/Mar/2022:10:57:31 +0800] "GET /xingrg/javascript/jquery_tools/jquery-1.4.2.min.js HTTP/1.1" 404 1094
124.78.159.88 - - [11/Mar/2022:10:57:31 +0800] "POST /xingrg/kc/mdqp/pssh_order_operate.html HTTP/1.1" 200 3575
124.78.159.88 - - [11/Mar/2022:10:57:31 +0800] "GET /xingrg/javascript/easyui/themes/default/validatebox.css HTTP/1.1" 404 1104
61.151.178.180 - - [11/Mar/2022:10:57:31 +0800] "GET /xingrg/kc/buy/cgsh_order_info.html?code=212022031103355 HTTP/1.1" 302 -
61.151.178.180 - - [11/Mar/2022:10:57:33 +0800] "GET /xingrg/login.html HTTP/1.1" 200 7641
116.233.72.145 - - [11/Mar/2022:10:57:34 +0800] "GET /xingrg/kc/buy/cgsh_order_operate.html?command=get_materiel&rest_code=00109&code=00101008242&supplier_code=00100005&order_time=2022-03-11 HTTP/1.1" 200 408
124.78.159.88 - - [11/Mar/2022:10:57:34 +0800] "GET /xingrg/kc/mdqp/pssh_order_list.html?isBack=1 HTTP/1.1" 200 17777
124.78.159.88 - - [11/Mar/2022:10:57:34 +0800] "POST /xingrg/kc/mdqp/pssh_list_operate.html HTTP/1.1" 200 5260
58.39.61.91 - - [11/Mar/2022:10:57:36 +0800] "GET /xingrg/check_reg.html?_=1646967454982 HTTP/1.1" 200 22
58.39.61.91 - - [11/Mar/2022:10:57:36 +0800] "GET /xingrg/all/function/internal_message.html?_=1646967454998&CODE_STATE=getMsg HTTP/1.1" 200 27
124.78.159.88 - - [11/Mar/2022:10:57:37 +0800] "GET /xingrg/kc/buy/buy_main.html HTTP/1.1" 200 12412
124.78.159.88 - - [11/Mar/2022:10:57:37 +0800] "GET /xingrg/css/new_ie.css HTTP/1.1" 404 1036
124.78.159.88 - - [11/Mar/2022:10:57:39 +0800] "GET /xingrg/images/yd/bt.gif HTTP/1.1" 404 1040
124.78.159.88 - - [11/Mar/2022:10:57:39 +0800] "GET /xingrg/kc/buy/cgsh_order_list.html HTTP/1.1" 200 49890
222.70.243.96 - - [11/Mar/2022:10:57:39 +0800] "GET /xingrg/all/function/internal_message.html?_=1646967474367&CODE_STATE=getMsg HTTP/1.1" 200 27
116.233.72.145 - - [11/Mar/2022:10:57:39 +0800] "GET /xingrg/kc/buy/cgsh_order_operate.html?command=get_materiel&rest_code=00109&code=00101008568&supplier_code=00100005&order_time=2022-03-11 HTTP/1.1" 200 398
116.224.122.7 - - [11/Mar/2022:10:57:40 +0800] "POST /xingrg/services/DataTransmitService HTTP/1.1" 200 524
116.224.122.7 - - [11/Mar/2022:10:57:40 +0800] "POST /xingrg/services/DataTransmitService HTTP/1.1" 200 501
124.78.159.88 - - [11/Mar/2022:10:57:40 +0800] "POST /xingrg/kc/buy/cgsh_list_operate.html HTTP/1.1" 200 876
124.78.159.88 - - [11/Mar/2022:10:57:42 +0800] "GET /xingrg/kc/base/base_main.html HTTP/1.1" 200 12142
124.78.159.88 - - [11/Mar/2022:10:57:44 +0800] "GET /xingrg/kc/base/wldb_order_list.html HTTP/1.1" 200 19060
124.78.159.88 - - [11/Mar/2022:10:57:44 +0800] "GET /xingrg/all/function/internal_message.html?_=1646967458835&CODE_STATE=getMsg HTTP/1.1" 200 27
116.233.72.145 - - [11/Mar/2022:10:57:44 +0800] "GET /xingrg/all/function/internal_message.html?_=1646967462035&CODE_STATE=getMsg HTTP/1.1" 200 27
124.78.159.88 - - [11/Mar/2022:10:57:45 +0800] "POST /xingrg/kc/base/wldb_list_operate.html HTTP/1.1" 200 2962
116.233.72.145 - - [11/Mar/2022:10:57:46 +0800] "GET /xingrg/kc/buy/cgsh_order_operate.html?command=get_materiel&rest_code=00109&code=00101015066&supplier_code=00100005&order_time=2022-03-11 HTTP/1.1" 200 413
58.39.168.32 - - [11/Mar/2022:10:57:47 +0800] "GET /xingrg/all/function/internal_message.html?_=1646967402624&CODE_STATE=getMsg HTTP/1.1" 200 27
58.39.168.32 - - [11/Mar/2022:10:57:47 +0800] "GET /xingrg/check_reg.html?_=1646967402625 HTTP/1.1" 200 22
222.70.180.114 - - [11/Mar/2022:10:57:48 +0800] "GET /xingrg/all/function/internal_message.html?_=1646967462642&CODE_STATE=getMsg HTTP/1.1" 200 27
58.39.168.32 - - [11/Mar/2022:10:57:50 +0800] "GET /favicon.ico HTTP/1.1" 404 -
58.39.168.32 - - [11/Mar/2022:10:57:51 +0800] "GET /xingrg/all/function/internal_message.html?_=1646967470359&CODE_STATE=getMsg HTTP/1.1" 200 27
116.233.72.145 - - [11/Mar/2022:10:57:52 +0800] "GET /xingrg/kc/buy/cgsh_order_operate.html?command=get_materiel&rest_code=00109&code=00101008350&supplier_code=00100005&order_time=2022-03-11 HTTP/1.1" 200 408
180.169.147.146 - - [11/Mar/2022:10:57:55 +0800] "GET /xingrg/all/function/internal_message.html?_=1646967472115&CODE_STATE=getMsg HTTP/1.1" 200 27
116.233.72.145 - - [11/Mar/2022:10:58:04 +0800] "POST /xingrg/kc/buy/cgsh_order_operate.html HTTP/1.1" 200 37
114.83.217.117 - - [11/Mar/2022:10:58:05 +0800] "GET /xingrg/all/function/internal_message.html?_=1646967481101&CODE_STATE=getMsg HTTP/1.1" 200 27
116.233.72.145 - - [11/Mar/2022:10:58:05 +0800] "POST /xingrg/kc/buy/cgsh_order_operate.html HTTP/1.1" 200 9780
116.233.72.145 - - [11/Mar/2022:10:58:06 +0800] "GET /xingrg/kc/print/load_config.html?kc_code=cgsh HTTP/1.1" 200 1943
180.169.147.146 - - [11/Mar/2022:10:58:06 +0800] "GET /xingrg/check_reg.html?_=1646967488992 HTTP/1.1" 200 22
116.233.72.145 - - [11/Mar/2022:10:58:06 +0800] "GET /xingrg/kc/print/load_data.html?order_code=212022031103369&kc_code=cgsh&condition= HTTP/1.1" 200 3416
116.233.72.145 - - [11/Mar/2022:10:58:10 +0800] "GET /xingrg/kc/buy/cgsh_order_add.html HTTP/1.1" 200 65747
116.233.72.145 - - [11/Mar/2022:10:58:10 +0800] "POST /xingrg/kc/buy/cgsh_order_operate.html HTTP/1.1" 200 8245
116.233.72.145 - - [11/Mar/2022:10:58:10 +0800] "GET /xingrg/all/common/auto_word.html?type=employee&rest_code=00109 HTTP/1.1" 200 255
116.233.72.145 - - [11/Mar/2022:10:58:10 +0800] "GET /xingrg/all/common/auto_word.html?type=employee&rest_code=00109 HTTP/1.1" 200 255
116.233.72.145 - - [11/Mar/2022:10:58:10 +0800] "GET /xingrg/javascript/easyui/themes/default/validatebox.css HTTP/1.1" 404 1104
114.88.156.203 - - [11/Mar/2022:10:58:13 +0800] "GET /xingrg/all/function/internal_message.html?_=1646967263392&CODE_STATE=getMsg HTTP/1.1" 200 27
180.169.147.146 - - [11/Mar/2022:10:58:19 +0800] "GET /xingrg/all/function/internal_message.html?_=1646967496080&CODE_STATE=getMsg HTTP/1.1" 200 27
116.233.72.145 - - [11/Mar/2022:10:58:21 +0800] "GET /xingrg/kc/buy/cgsh_order_operate.html?command=get_materiel&rest_code=00109&code=00102001150&supplier_code=00100075&order_time=2022-03-11 HTTP/1.1" 200 420
116.224.122.7 - - [11/Mar/2022:10:58:22 +0800] "GET /xingrg/check_reg.html?_=1646967543614 HTTP/1.1" 200 22
58.39.61.91 - - [11/Mar/2022:10:58:25 +0800] "GET /xingrg/all/function/internal_message.html?_=1646967455922&CODE_STATE=getMsg HTTP/1.1" 200 27
116.230.110.173 - - [11/Mar/2022:10:58:27 +0800] "GET /xingrg/all/function/internal_message.html?_=1646967498405&CODE_STATE=getMsg HTTP/1.1" 200 27
116.230.110.173 - - [11/Mar/2022:10:58:27 +0800] "GET /xingrg/check_reg.html?_=1646967498410 HTTP/1.1" 200 22
116.233.72.145 - - [11/Mar/2022:10:58:30 +0800] "POST /xingrg/kc/buy/cgsh_order_operate.html HTTP/1.1" 200 37
116.233.72.145 - - [11/Mar/2022:10:58:31 +0800] "POST /xingrg/kc/buy/cgsh_order_operate.html HTTP/1.1" 200 2662
116.233.72.145 - - [11/Mar/2022:10:58:32 +0800] "GET /xingrg/kc/print/load_config.html?kc_code=cgsh HTTP/1.1" 200 1943
116.233.72.145 - - [11/Mar/2022:10:58:32 +0800] "GET /xingrg/kc/print/load_data.html?order_code=212022031103370&kc_code=cgsh&condition= HTTP/1.1" 200 670
58.39.61.91 - - [11/Mar/2022:10:58:36 +0800] "GET /xingrg/all/function/internal_message.html?_=1646967515006&CODE_STATE=getMsg HTTP/1.1" 200 27
222.70.243.96 - - [11/Mar/2022:10:58:39 +0800] "GET /xingrg/all/function/internal_message.html?_=1646967534380&CODE_STATE=getMsg HTTP/1.1" 200 27
61.151.178.177 - - [11/Mar/2022:10:58:42 +0800] "GET /xingrg/all/function/internal_message.html?_=1646965719439&CODE_STATE=getMsg HTTP/1.1" 302 -
61.151.178.177 - - [11/Mar/2022:10:58:44 +0800] "GET /xingrg/login.html HTTP/1.1" 200 7641
124.78.159.88 - - [11/Mar/2022:10:58:44 +0800] "GET /xingrg/all/function/internal_message.html?_=1646967518806&CODE_STATE=getMsg HTTP/1.1" 200 27
116.233.72.145 - - [11/Mar/2022:10:58:44 +0800] "GET /xingrg/all/function/internal_message.html?_=1646967522033&CODE_STATE=getMsg HTTP/1.1" 200 27
58.39.168.32 - - [11/Mar/2022:10:58:47 +0800] "GET /xingrg/all/function/internal_message.html?_=1646967462624&CODE_STATE=getMsg HTTP/1.1" 200 27
222.70.180.114 - - [11/Mar/2022:10:58:48 +0800] "GET /xingrg/all/function/internal_message.html?_=1646967522628&CODE_STATE=getMsg HTTP/1.1" 200 27
58.39.168.32 - - [11/Mar/2022:10:58:51 +0800] "GET /xingrg/all/function/internal_message.html?_=1646967530358&CODE_STATE=getMsg HTTP/1.1" 200 27
180.169.147.146 - - [11/Mar/2022:10:58:55 +0800] "GET /xingrg/all/function/internal_message.html?_=1646967532113&CODE_STATE=getMsg HTTP/1.1" 200 27
222.70.180.114 - - [11/Mar/2022:10:59:03 +0800] "GET /favicon.ico HTTP/1.1" 404 -
114.83.217.117 - - [11/Mar/2022:10:59:05 +0800] "GET /xingrg/all/function/internal_message.html?_=1646967541091&CODE_STATE=getMsg HTTP/1.1" 200 27
61.151.178.249 - - [11/Mar/2022:10:59:08 +0800] "GET /xingrg/kc/buy/cgsh_order_operate.html?command=get_materiel&rest_code=00106&code=00101007077&supplier_code=00100002&order_time=2022-03-11 HTTP/1.1" 302 -
61.151.178.249 - - [11/Mar/2022:10:59:08 +0800] "GET /xingrg/login.html HTTP/1.1" 200 7641
114.88.156.203 - - [11/Mar/2022:10:59:13 +0800] "GET /xingrg/all/function/internal_message.html?_=1646967323380&CODE_STATE=getMsg HTTP/1.1" 200 27
180.169.147.146 - - [11/Mar/2022:10:59:19 +0800] "GET /xingrg/all/function/internal_message.html?_=1646967556080&CODE_STATE=getMsg HTTP/1.1" 200 27
120.253.135.82 - - [11/Mar/2022:10:59:21 +0800] "GET /xingrg/check_reg.html?_=1646967357968 HTTP/1.1" 200 22
58.39.61.91 - - [11/Mar/2022:10:59:25 +0800] "GET /xingrg/all/function/internal_message.html?_=1646967515929&CODE_STATE=getMsg HTTP/1.1" 200 27
116.230.110.173 - - [11/Mar/2022:10:59:27 +0800] "GET /xingrg/all/function/internal_message.html?_=1646967558410&CODE_STATE=getMsg HTTP/1.1" 200 27
120.253.135.82 - - [11/Mar/2022:10:59:33 +0800] "GET /xingrg/kc/base/wldb_order_list.html HTTP/1.1" 200 19060
101.91.60.11 - - [11/Mar/2022:10:59:33 +0800] "GET /xingrg/all/function/internal_message.html?_=1646965479519&CODE_STATE=getMsg HTTP/1.1" 302 -
101.91.60.11 - - [11/Mar/2022:10:59:33 +0800] "GET /xingrg/login.html HTTP/1.1" 200 7641
120.253.135.82 - - [11/Mar/2022:10:59:33 +0800] "POST /xingrg/kc/base/wldb_list_operate.html HTTP/1.1" 200 928
58.39.61.91 - - [11/Mar/2022:10:59:36 +0800] "GET /xingrg/all/function/internal_message.html?_=1646967574997&CODE_STATE=getMsg HTTP/1.1" 200 27
120.253.135.82 - - [11/Mar/2022:10:59:37 +0800] "GET /xingrg/kc/base/wldb_order_add.html HTTP/1.1" 200 30274
124.78.159.88 - - [11/Mar/2022:10:59:37 +0800] "GET /xingrg/check_reg.html?_=1646967571899 HTTP/1.1" 200 22
120.253.135.82 - - [11/Mar/2022:10:59:38 +0800] "POST /xingrg/kc/base/wldb_order_operate.html HTTP/1.1" 200 6806
120.253.135.82 - - [11/Mar/2022:10:59:38 +0800] "GET /xingrg/javascript/easyui/themes/default/validatebox.css HTTP/1.1" 404 1104
120.253.135.82 - - [11/Mar/2022:10:59:39 +0800] "POST /xingrg/all/common/load_combo.html?type=base HTTP/1.1" 200 1075
222.70.243.96 - - [11/Mar/2022:10:59:39 +0800] "GET /xingrg/all/function/internal_message.html?_=1646967594394&CODE_STATE=getMsg HTTP/1.1" 200 27
120.253.135.82 - - [11/Mar/2022:10:59:43 +0800] "POST /xingrg/all/common/load_combo.html?type=base HTTP/1.1" 200 1075
124.78.159.88 - - [11/Mar/2022:10:59:44 +0800] "GET /xingrg/all/function/internal_message.html?_=1646967578777&CODE_STATE=getMsg HTTP/1.1" 200 27
116.233.72.145 - - [11/Mar/2022:10:59:44 +0800] "GET /xingrg/all/function/internal_message.html?_=1646967582036&CODE_STATE=getMsg HTTP/1.1" 200 27
116.233.72.145 - - [11/Mar/2022:10:59:44 +0800] "GET /xingrg/check_reg.html?_=1646967582038 HTTP/1.1" 200 22
58.39.168.32 - - [11/Mar/2022:10:59:47 +0800] "GET /xingrg/all/function/internal_message.html?_=1646967522622&CODE_STATE=getMsg HTTP/1.1" 200 27
222.70.180.114 - - [11/Mar/2022:10:59:48 +0800] "GET /xingrg/all/function/internal_message.html?_=1646967582616&CODE_STATE=getMsg HTTP/1.1" 200 27
222.70.180.114 - - [11/Mar/2022:10:59:50 +0800] "GET /xingrg/check_reg.html?_=1646967584709 HTTP/1.1" 200 22
58.39.168.32 - - [11/Mar/2022:10:59:51 +0800] "GET /xingrg/check_reg.html?_=1646967590356 HTTP/1.1" 200 22
58.39.168.32 - - [11/Mar/2022:10:59:51 +0800] "GET /xingrg/all/function/internal_message.html?_=1646967590357&CODE_STATE=getMsg HTTP/1.1" 200 27
180.169.147.146 - - [11/Mar/2022:10:59:55 +0800] "GET /xingrg/all/function/internal_message.html?_=1646967592126&CODE_STATE=getMsg HTTP/1.1" 200 27
180.169.147.146 - - [11/Mar/2022:10:59:55 +0800] "GET /xingrg/check_reg.html?_=1646967592128 HTTP/1.1" 200 22
114.83.217.117 - - [11/Mar/2022:11:00:05 +0800] "GET /xingrg/all/function/internal_message.html?_=1646967601065&CODE_STATE=getMsg HTTP/1.1" 200 27
114.83.217.117 - - [11/Mar/2022:11:00:05 +0800] "GET /xingrg/check_reg.html?_=1646967601569 HTTP/1.1" 200 22
114.88.156.203 - - [11/Mar/2022:11:00:13 +0800] "GET /xingrg/all/function/internal_message.html?_=1646967383378&CODE_STATE=getMsg HTTP/1.1" 200 27
120.253.135.82 - - [11/Mar/2022:11:00:18 +0800] "POST /xingrg/kc/base/wldb_order_operate.html HTTP/1.1" 200 37
120.253.135.82 - - [11/Mar/2022:11:00:18 +0800] "POST /xingrg/kc/base/wldb_order_operate.html HTTP/1.1" 200 2190
180.169.147.146 - - [11/Mar/2022:11:00:19 +0800] "GET /xingrg/all/function/internal_message.html?_=1646967616106&CODE_STATE=getMsg HTTP/1.1" 200 27
180.162.110.232 - - [11/Mar/2022:11:00:19 +0800] "GET /xingrg HTTP/1.1" 302 -
180.162.110.232 - - [11/Mar/2022:11:00:19 +0800] "GET /xingrg/ HTTP/1.1" 304 -
120.253.135.82 - - [11/Mar/2022:11:00:19 +0800] "GET /xingrg/kc/base/wldb_order_info.html?code=422022031100981 HTTP/1.1" 200 30284
180.162.110.232 - - [11/Mar/2022:11:00:20 +0800] "GET /favicon.ico HTTP/1.1" 404 -
120.253.135.82 - - [11/Mar/2022:11:00:20 +0800] "GET /xingrg/javascript/easyui/themes/default/validatebox.css HTTP/1.1" 404 1104
120.253.135.82 - - [11/Mar/2022:11:00:20 +0800] "POST /xingrg/kc/base/wldb_order_operate.html HTTP/1.1" 200 2190
180.162.110.232 - - [11/Mar/2022:11:00:21 +0800] "GET /xingrg/index.html HTTP/1.1" 302 -
180.162.110.232 - - [11/Mar/2022:11:00:21 +0800] "GET /xingrg/login.html HTTP/1.1" 200 7641
180.162.110.232 - - [11/Mar/2022:11:00:22 +0800] "GET /xingrg/images/blue/jxLogo.png HTTP/1.1" 304 -
120.253.135.82 - - [11/Mar/2022:11:00:22 +0800] "GET /xingrg/kc/print/load_data.html?order_code=422022031100981&kc_code=wldb&condition= HTTP/1.1" 200 515
180.162.110.232 - - [11/Mar/2022:11:00:22 +0800] "GET /xingrg/images/blue/login_bg.png HTTP/1.1" 304 -
180.162.110.232 - - [11/Mar/2022:11:00:23 +0800] "GET /xingrg/images/blue/hj.png HTTP/1.1" 304 -
180.162.110.232 - - [11/Mar/2022:11:00:23 +0800] "GET /xingrg/images/blue/srbg.png HTTP/1.1" 304 -
58.39.61.91 - - [11/Mar/2022:11:00:25 +0800] "GET /xingrg/all/function/internal_message.html?_=1646967575950&CODE_STATE=getMsg HTTP/1.1" 200 27
180.162.110.232 - - [11/Mar/2022:11:00:25 +0800] "GET /favicon.ico HTTP/1.1" 404 -
116.230.110.173 - - [11/Mar/2022:11:00:27 +0800] "GET /xingrg/all/function/internal_message.html?_=1646967618413&CODE_STATE=getMsg HTTP/1.1" 200 27
58.39.61.91 - - [11/Mar/2022:11:00:36 +0800] "GET /xingrg/all/function/internal_message.html?_=1646967634997&CODE_STATE=getMsg HTTP/1.1" 200 27
222.70.243.96 - - [11/Mar/2022:11:00:37 +0800] "GET /xingrg/check_reg.html?_=1646967652005 HTTP/1.1" 200 22
222.70.243.96 - - [11/Mar/2022:11:00:39 +0800] "GET /xingrg/all/function/internal_message.html?_=1646967654407&CODE_STATE=getMsg HTTP/1.1" 200 27
124.78.159.88 - - [11/Mar/2022:11:00:44 +0800] "GET /xingrg/all/function/internal_message.html?_=1646967638759&CODE_STATE=getMsg HTTP/1.1" 200 27
116.233.72.145 - - [11/Mar/2022:11:00:44 +0800] "GET /xingrg/all/function/internal_message.html?_=1646967642039&CODE_STATE=getMsg HTTP/1.1" 200 27
58.39.168.32 - - [11/Mar/2022:11:00:47 +0800] "GET /xingrg/all/function/internal_message.html?_=1646967582662&CODE_STATE=getMsg HTTP/1.1" 200 27
222.70.180.114 - - [11/Mar/2022:11:00:48 +0800] "GET /xingrg/all/function/internal_message.html?_=1646967642588&CODE_STATE=getMsg HTTP/1.1" 200 27
58.39.168.32 - - [11/Mar/2022:11:00:51 +0800] "GET /xingrg/all/function/internal_message.html?_=1646967650381&CODE_STATE=getMsg HTTP/1.1" 200 27
180.169.147.146 - - [11/Mar/2022:11:00:55 +0800] "GET /xingrg/all/function/internal_message.html?_=1646967652126&CODE_STATE=getMsg HTTP/1.1" 200 27
114.83.217.117 - - [11/Mar/2022:11:01:04 +0800] "GET /xingrg/all/function/internal_message.html?_=1646967661053&CODE_STATE=getMsg HTTP/1.1" 200 27
180.157.251.97 - - [11/Mar/2022:11:01:09 +0800] "GET /xingrg/check_reg.html?_=1646967667270 HTTP/1.1" 200 22
114.88.156.203 - - [11/Mar/2022:11:01:13 +0800] "GET /xingrg/all/function/internal_message.html?_=1646967443385&CODE_STATE=getMsg HTTP/1.1" 200 27
114.88.156.203 - - [11/Mar/2022:11:01:13 +0800] "GET /xingrg/check_reg.html?_=1646967443387 HTTP/1.1" 200 22
58.39.61.91 - - [11/Mar/2022:11:01:14 +0800] "GET /xingrg/check_reg.html?_=1646967624629 HTTP/1.1" 200 22
180.169.147.146 - - [11/Mar/2022:11:01:19 +0800] "GET /xingrg/all/function/internal_message.html?_=1646967676105&CODE_STATE=getMsg HTTP/1.1" 200 27
58.39.61.91 - - [11/Mar/2022:11:01:25 +0800] "GET /xingrg/all/function/internal_message.html?_=1646967635956&CODE_STATE=getMsg HTTP/1.1" 200 27
116.230.110.173 - - [11/Mar/2022:11:01:27 +0800] "GET /xingrg/all/function/internal_message.html?_=1646967678405&CODE_STATE=getMsg HTTP/1.1" 200 27
180.162.110.232 - - [11/Mar/2022:11:01:30 +0800] "POST /xingrg/login.do HTTP/1.1" 302 -
180.162.110.232 - - [11/Mar/2022:11:01:30 +0800] "GET /xingrg/index.html?sysBaseUrl=http%3A%2F%2F180.169.147.146%3A18081%2Fxingrg%2F&costTime=45×tamp=1646967690073 HTTP/1.1" 200 17179
180.162.110.232 - - [11/Mar/2022:11:01:30 +0800] "GET /xingrg/javascript/jquery_easy_ui/themes/default/easyui.css HTTP/1.1" 304 -
180.162.110.232 - - [11/Mar/2022:11:01:30 +0800] "GET /xingrg/javascript/jquery_easy_ui/jquery.easyui.min.js HTTP/1.1" 304 -
180.162.110.232 - - [11/Mar/2022:11:01:30 +0800] "GET /xingrg/javascript/jquery.utils.js HTTP/1.1" 304 -
180.162.110.232 - - [11/Mar/2022:11:01:30 +0800] "GET /xingrg/javascript/jquery_easy_ui/themes/icon.css HTTP/1.1" 304 -
180.162.110.232 - - [11/Mar/2022:11:01:30 +0800] "GET /favicon.ico HTTP/1.1" 404 -
180.162.110.232 - - [11/Mar/2022:11:01:30 +0800] "GET /xingrg/javascript/jquery-1.4.2.min.js HTTP/1.1" 304 -
180.162.110.232 - - [11/Mar/2022:11:01:30 +0800] "GET /xingrg/css/form.css HTTP/1.1" 304 -
180.162.110.232 - - [11/Mar/2022:11:01:30 +0800] "GET /xingrg/javascript/jquery_easy_ui/easyui-lang-zh_CN.js HTTP/1.1" 304 -
180.162.110.232 - - [11/Mar/2022:11:01:30 +0800] "GET /xingrg/javascript/jquery.timers.js HTTP/1.1" 304 -
180.162.110.232 - - [11/Mar/2022:11:01:30 +0800] "GET /xingrg/javascript/jquery.form.js HTTP/1.1" 304 -
180.162.110.232 - - [11/Mar/2022:11:01:30 +0800] "GET /xingrg/javascript/jquery_easy_ui/themes/icons/settle_new.png HTTP/1.1" 304 -
180.162.110.232 - - [11/Mar/2022:11:01:30 +0800] "GET /xingrg/images/blue/navBackgound.jpg HTTP/1.1" 304 -
180.162.110.232 - - [11/Mar/2022:11:01:30 +0800] "POST /xingrg/all/common/load_tree.html?tree=area_rest_tree_json&manage=1 HTTP/1.1" 200 351
180.162.110.232 - - [11/Mar/2022:11:01:30 +0800] "GET /xingrg/check_reg.html?_=1646967037161 HTTP/1.1" 200 22
180.162.110.232 - - [11/Mar/2022:11:01:30 +0800] "GET /xingrg/all/function/internal_message.html?_=1646967037159&CODE_STATE=count HTTP/1.1" 200 11
180.162.110.232 - - [11/Mar/2022:11:01:30 +0800] "GET /xingrg/images/blue/pingpu.png HTTP/1.1" 304 -
180.162.110.232 - - [11/Mar/2022:11:01:30 +0800] "GET /xingrg/javascript/jquery_easy_ui/themes/default/images/tabs_leftarrow.png HTTP/1.1" 304 -
180.162.110.232 - - [11/Mar/2022:11:01:30 +0800] "GET /xingrg/javascript/jquery_easy_ui/themes/default/images/tabs_rightarrow.png HTTP/1.1" 304 -
180.162.110.232 - - [11/Mar/2022:11:01:30 +0800] "GET /xingrg/javascript/jquery_easy_ui/themes/default/images/panel_tool_collapse.gif HTTP/1.1" 304 -
180.162.110.232 - - [11/Mar/2022:11:01:30 +0800] "POST /xingrg/load_menu.html HTTP/1.1" 200 5138
180.162.110.232 - - [11/Mar/2022:11:01:30 +0800] "GET /xingrg/javascript/jquery_easy_ui/themes/default/images/tree_arrows.gif HTTP/1.1" 304 -
180.162.110.232 - - [11/Mar/2022:11:01:30 +0800] "GET /xingrg/javascript/jquery_easy_ui/themes/default/images/tree_folder_open.gif HTTP/1.1" 304 -
180.162.110.232 - - [11/Mar/2022:11:01:30 +0800] "GET /xingrg/javascript/jquery_easy_ui/themes/icons/search_new.png HTTP/1.1" 304 -
180.162.110.232 - - [11/Mar/2022:11:01:30 +0800] "GET /xingrg/javascript/jquery_easy_ui/themes/default/images/tree_folder.gif HTTP/1.1" 304 -
180.162.110.232 - - [11/Mar/2022:11:01:30 +0800] "GET /xingrg/javascript/jquery_easy_ui/themes/icons/storage_new.png HTTP/1.1" 304 -
180.162.110.232 - - [11/Mar/2022:11:01:31 +0800] "GET /xingrg/javascript/jquery_easy_ui/themes/icons/forms_new.png HTTP/1.1" 304 -
180.162.110.232 - - [11/Mar/2022:11:01:31 +0800] "GET /xingrg/javascript/jquery_easy_ui/themes/default/images/tree_file.gif HTTP/1.1" 304 -
180.162.110.232 - - [11/Mar/2022:11:01:32 +0800] "GET /xingrg/javascript/jquery_easy_ui/themes/default/images/tabs_close.gif HTTP/1.1" 304 -
180.162.110.232 - - [11/Mar/2022:11:01:32 +0800] "GET /xingrg/kc/buy/buy_main.html HTTP/1.1" 200 12412
180.162.110.232 - - [11/Mar/2022:11:01:32 +0800] "GET /xingrg/css/blue.css HTTP/1.1" 304 -
180.162.110.232 - - [11/Mar/2022:11:01:32 +0800] "GET /xingrg/css/new_ie.css HTTP/1.1" 404 1036
180.162.110.232 - - [11/Mar/2022:11:01:32 +0800] "GET /xingrg/javascript/jquery_ui/themes/humanity/humanity.css HTTP/1.1" 304 -
180.162.110.232 - - [11/Mar/2022:11:01:32 +0800] "GET /xingrg/javascript/pic_change.js HTTP/1.1" 304 -
180.162.110.232 - - [11/Mar/2022:11:01:32 +0800] "GET /xingrg/javascript/ToolTips.js HTTP/1.1" 304 -
180.162.110.232 - - [11/Mar/2022:11:01:32 +0800] "GET /xingrg/javascript/myfunction.js HTTP/1.1" 304 -
180.162.110.232 - - [11/Mar/2022:11:01:32 +0800] "GET /xingrg/javascript/jquery_ui/jquery-ui.min.js HTTP/1.1" 304 -
180.162.110.232 - - [11/Mar/2022:11:01:32 +0800] "GET /xingrg/images/blue/button/cgxqd.gif HTTP/1.1" 304 -
180.162.110.232 - - [11/Mar/2022:11:01:32 +0800] "GET /xingrg/images/blue/button/cgydd.gif HTTP/1.1" 304 -
180.162.110.232 - - [11/Mar/2022:11:01:32 +0800] "GET /xingrg/images/blue/button/cgshd.gif HTTP/1.1" 304 -
180.162.110.232 - - [11/Mar/2022:11:01:32 +0800] "GET /xingrg/images/blue/button/cgfkd.gif HTTP/1.1" 304 -
180.162.110.232 - - [11/Mar/2022:11:01:32 +0800] "GET /xingrg/images/blue/button/kc.gif HTTP/1.1" 304 -
180.162.110.232 - - [11/Mar/2022:11:01:32 +0800] "GET /xingrg/images/blue/button/ckthd.gif HTTP/1.1" 304 -
180.162.110.232 - - [11/Mar/2022:11:01:32 +0800] "GET /xingrg/images/blue/pic_form2.gif HTTP/1.1" 304 -
180.162.110.232 - - [11/Mar/2022:11:01:33 +0800] "GET /xingrg/javascript/jquery_ui/themes/humanity/images/ui-bg_inset-soft_100_f4f0ec_1x100.png HTTP/1.1" 304 -
180.162.110.232 - - [11/Mar/2022:11:01:33 +0800] "GET /xingrg/images/blue/bg_dotted.jpg HTTP/1.1" 304 -
180.162.110.232 - - [11/Mar/2022:11:01:33 +0800] "GET /xingrg/images/blue/button/right_ah.jpg HTTP/1.1" 304 -
180.162.110.232 - - [11/Mar/2022:11:01:33 +0800] "GET /xingrg/images/blue/button/down_ah.jpg HTTP/1.1" 304 -
180.162.110.232 - - [11/Mar/2022:11:01:33 +0800] "GET /xingrg/javascript/jquery_ui/themes/humanity/images/ui-iconsnew.jpg HTTP/1.1" 304 -
180.162.110.232 - - [11/Mar/2022:11:01:33 +0800] "GET /xingrg/javascript/jquery_ui/themes/humanity/images/ui-icons_c47a23_256x240.png HTTP/1.1" 304 -
180.162.110.232 - - [11/Mar/2022:11:01:33 +0800] "GET /xingrg/javascript/jquery_ui/themes/humanity/images/ui-icons_ffffff_256x240.png HTTP/1.1" 304 -
180.162.110.232 - - [11/Mar/2022:11:01:33 +0800] "GET /xingrg/javascript/jquery_ui/themes/humanity/images/ui-bg_glass_70_ede4d4_1x400.png HTTP/1.1" 304 -
180.162.110.232 - - [11/Mar/2022:11:01:33 +0800] "GET /xingrg/images/yd/bt.gif HTTP/1.1" 404 1040
180.162.110.232 - - [11/Mar/2022:11:01:34 +0800] "GET /xingrg/kc/buy/cgsh_order_list.html HTTP/1.1" 200 49896
180.162.110.232 - - [11/Mar/2022:11:01:34 +0800] "GET /xingrg/css/base.css HTTP/1.1" 304 -
180.162.110.232 - - [11/Mar/2022:11:01:34 +0800] "GET /xingrg/css/site.css HTTP/1.1" 304 -
180.162.110.232 - - [11/Mar/2022:11:01:34 +0800] "GET /xingrg/javascript/jquery_tools/datebox.css HTTP/1.1" 304 -
180.162.110.232 - - [11/Mar/2022:11:01:34 +0800] "GET /xingrg/javascript/easyui/themes/default/easyui.css HTTP/1.1" 304 -
180.162.110.232 - - [11/Mar/2022:11:01:34 +0800] "GET /xingrg/javascript/easyui/themes/icon.css HTTP/1.1" 304 -
180.162.110.232 - - [11/Mar/2022:11:01:34 +0800] "GET /xingrg/javascript/auto/jquery.autocomplete.css HTTP/1.1" 304 -
180.162.110.232 - - [11/Mar/2022:11:01:34 +0800] "GET /xingrg/javascript/jquery_tools/fix.css HTTP/1.1" 304 -
180.162.110.232 - - [11/Mar/2022:11:01:34 +0800] "GET /xingrg/javascript/jquery_tools/table.css HTTP/1.1" 304 -
180.162.110.232 - - [11/Mar/2022:11:01:34 +0800] "GET /xingrg/javascript/jquery_tools/jquery.tools.min.js HTTP/1.1" 304 -
180.162.110.232 - - [11/Mar/2022:11:01:34 +0800] "GET /xingrg/javascript/jquery_tools/jquery.tools.extend.js HTTP/1.1" 304 -
180.162.110.232 - - [11/Mar/2022:11:01:34 +0800] "GET /xingrg/javascript/jquery_tools/jquery.tools.hotkey.js HTTP/1.1" 304 -
180.162.110.232 - - [11/Mar/2022:11:01:34 +0800] "GET /xingrg/javascript/jquery_tools/jquery.tools.table.js HTTP/1.1" 304 -
180.162.110.232 - - [11/Mar/2022:11:01:34 +0800] "GET /xingrg/javascript/jquery_tools/list_manager.js HTTP/1.1" 304 -
180.162.110.232 - - [11/Mar/2022:11:01:34 +0800] "GET /xingrg/javascript/auto/jquery.autocomplete.js HTTP/1.1" 304 -
180.162.110.232 - - [11/Mar/2022:11:01:34 +0800] "GET /xingrg/javascript/easyui/easyloader.js HTTP/1.1" 304 -
180.162.110.232 - - [11/Mar/2022:11:01:34 +0800] "GET /xingrg/javascript/jquery.cookie.js HTTP/1.1" 304 -
180.162.110.232 - - [11/Mar/2022:11:01:34 +0800] "GET /xingrg/javascript/print/LodopFuncs.js HTTP/1.1" 304 -
180.162.110.232 - - [11/Mar/2022:11:01:35 +0800] "GET /xingrg/javascript/easyui/themes/icons/field_new.png HTTP/1.1" 304 -
180.162.110.232 - - [11/Mar/2022:11:01:35 +0800] "GET /xingrg/javascript/easyui/themes/icons/check_new.png HTTP/1.1" 304 -
180.162.110.232 - - [11/Mar/2022:11:01:35 +0800] "GET /xingrg/javascript/easyui/themes/icons/cance_new.png HTTP/1.1" 304 -
180.162.110.232 - - [11/Mar/2022:11:01:35 +0800] "GET /xingrg/javascript/easyui/themes/icons/edit_add_new.png HTTP/1.1" 304 -
180.162.110.232 - - [11/Mar/2022:11:01:35 +0800] "GET /xingrg/javascript/easyui/themes/icons/import_new.png HTTP/1.1" 304 -
180.162.110.232 - - [11/Mar/2022:11:01:35 +0800] "GET /xingrg/javascript/easyui/plugins/jquery.parser.js HTTP/1.1" 304 -
180.162.110.232 - - [11/Mar/2022:11:01:35 +0800] "GET /xingrg/images/control/ajaxLoader.gif HTTP/1.1" 304 -
58.39.61.91 - - [11/Mar/2022:11:01:36 +0800] "GET /xingrg/all/function/internal_message.html?_=1646967695001&CODE_STATE=getMsg HTTP/1.1" 200 27
180.162.110.232 - - [11/Mar/2022:11:01:38 +0800] "POST /xingrg/kc/buy/cgsh_list_operate.html HTTP/1.1" 200 2063
222.70.243.96 - - [11/Mar/2022:11:01:39 +0800] "GET /xingrg/all/function/internal_message.html?_=1646967714421&CODE_STATE=getMsg HTTP/1.1" 200 27
180.162.110.232 - - [11/Mar/2022:11:01:42 +0800] "POST /xingrg/kc/buy/cgsh_list_operate.html HTTP/1.1" 200 574
180.162.110.232 - - [11/Mar/2022:11:01:43 +0800] "GET /xingrg/javascript/jquery_tools/order_manager.js HTTP/1.1" 304 -
180.162.110.232 - - [11/Mar/2022:11:01:43 +0800] "GET /xingrg/javascript/json2.js HTTP/1.1" 304 -
180.162.110.232 - - [11/Mar/2022:11:01:43 +0800] "GET /xingrg/javascript/convert.js HTTP/1.1" 304 -
180.162.110.232 - - [11/Mar/2022:11:01:43 +0800] "GET /xingrg/javascript/print/kc_print.js HTTP/1.1" 304 -
180.162.110.232 - - [11/Mar/2022:11:01:43 +0800] "GET /xingrg/kc/buy/cgsh_order_info.html?code=212022030802713 HTTP/1.1" 200 64753
180.162.110.232 - - [11/Mar/2022:11:01:43 +0800] "GET /xingrg/words/20220309162343_words.js HTTP/1.1" 200 889072
180.162.110.232 - - [11/Mar/2022:11:01:43 +0800] "GET /xingrg/javascript/easyui/themes/default/images/menu_downarrow.png HTTP/1.1" 304 -
180.162.110.232 - - [11/Mar/2022:11:01:43 +0800] "GET /xingrg/javascript/easyui/themes/icons/print.png HTTP/1.1" 304 -
180.162.110.232 - - [11/Mar/2022:11:01:43 +0800] "GET /xingrg/javascript/easyui/themes/icons/ok.png HTTP/1.1" 304 -
180.162.110.232 - - [11/Mar/2022:11:01:43 +0800] "GET /xingrg/javascript/easyui/themes/icons/template_new.png HTTP/1.1" 304 -
180.162.110.232 - - [11/Mar/2022:11:01:43 +0800] "GET /xingrg/javascript/easyui/themes/icons/copy_new.png HTTP/1.1" 304 -
180.162.110.232 - - [11/Mar/2022:11:01:43 +0800] "GET /xingrg/javascript/easyui/themes/icons/cancel.png HTTP/1.1" 304 -
180.162.110.232 - - [11/Mar/2022:11:01:44 +0800] "GET /xingrg/all/common/auto_word.html?type=employee&rest_code=00143 HTTP/1.1" 200 55
180.162.110.232 - - [11/Mar/2022:11:01:44 +0800] "GET /xingrg/javascript/easyui/themes/default/validatebox.css HTTP/1.1" 404 1104
180.162.110.232 - - [11/Mar/2022:11:01:44 +0800] "GET /xingrg/javascript/easyui/plugins/jquery.validatebox.js HTTP/1.1" 304 -
180.162.110.232 - - [11/Mar/2022:11:01:44 +0800] "GET /xingrg/all/common/auto_word.html?type=employee&rest_code=00143 HTTP/1.1" 200 55
180.162.110.232 - - [11/Mar/2022:11:01:44 +0800] "GET /xingrg/javascript/easyui/plugins/jquery.numberbox.js HTTP/1.1" 304 -
124.78.159.88 - - [11/Mar/2022:11:01:44 +0800] "GET /xingrg/all/function/internal_message.html?_=1646967698735&CODE_STATE=getMsg HTTP/1.1" 200 27
180.162.110.232 - - [11/Mar/2022:11:01:44 +0800] "POST /xingrg/kc/buy/cgsh_order_operate.html HTTP/1.1" 200 11595
116.233.72.145 - - [11/Mar/2022:11:01:44 +0800] "GET /xingrg/all/function/internal_message.html?_=1646967702041&CODE_STATE=getMsg HTTP/1.1" 200 27
180.162.110.232 - - [11/Mar/2022:11:01:45 +0800] "GET /xingrg/javascript/easyui/themes/icons/edit_remove.png HTTP/1.1" 304 -
58.39.168.32 - - [11/Mar/2022:11:01:47 +0800] "GET /xingrg/all/function/internal_message.html?_=1646967642648&CODE_STATE=getMsg HTTP/1.1" 200 27
222.70.180.114 - - [11/Mar/2022:11:01:48 +0800] "GET /xingrg/all/function/internal_message.html?_=1646967702574&CODE_STATE=getMsg HTTP/1.1" 200 27
58.39.168.32 - - [11/Mar/2022:11:01:51 +0800] "GET /xingrg/all/function/internal_message.html?_=1646967710379&CODE_STATE=getMsg HTTP/1.1" 200 27
