120.253.135.82 - - [11/Mar/2022:12:00:12 +0800] "GET /xingrg/javascript/easyui/themes/icons/import_new.png HTTP/1.1" 200 1247
120.253.135.82 - - [11/Mar/2022:12:00:12 +0800] "GET /xingrg/javascript/easyui/plugins/jquery.parser.js HTTP/1.1" 200 1142
120.253.135.82 - - [11/Mar/2022:12:00:12 +0800] "GET /xingrg/images/control/ajaxLoader.gif HTTP/1.1" 200 4659
120.253.135.82 - - [11/Mar/2022:12:00:12 +0800] "GET /xingrg/kc/buy/cgsh_order_list.html HTTP/1.1" 200 49890
120.253.135.82 - - [11/Mar/2022:12:00:13 +0800] "POST /xingrg/kc/buy/cgsh_list_operate.html HTTP/1.1" 200 876
120.253.135.82 - - [11/Mar/2022:12:00:13 +0800] "POST /xingrg/kc/buy/cgsh_list_operate.html HTTP/1.1" 200 876
120.253.135.82 - - [11/Mar/2022:12:00:14 +0800] "GET /xingrg/javascript/easyui/themes/default/images/button_plain_hover.png HTTP/1.1" 200 144
120.253.135.82 - - [11/Mar/2022:12:00:14 +0800] "GET /xingrg/javascript/easyui/themes/default/images/button_plain_hover.png HTTP/1.1" 200 144
120.253.135.82 - - [11/Mar/2022:12:00:14 +0800] "GET /xingrg/javascript/pic_change.js HTTP/1.1" 200 4739
120.253.135.82 - - [11/Mar/2022:12:00:14 +0800] "GET /xingrg/javascript/convert.js HTTP/1.1" 200 1239
120.253.135.82 - - [11/Mar/2022:12:00:14 +0800] "GET /xingrg/javascript/print/kc_print.js HTTP/1.1" 200 11415
120.253.135.82 - - [11/Mar/2022:12:00:14 +0800] "GET /xingrg/javascript/jquery_tools/order_manager.js HTTP/1.1" 200 11183
120.253.135.82 - - [11/Mar/2022:12:00:14 +0800] "GET /xingrg/kc/buy/cgsh_order_add.html HTTP/1.1" 200 64676
120.253.135.82 - - [11/Mar/2022:12:00:14 +0800] "GET /xingrg/javascript/json2.js HTTP/1.1" 200 11259
120.253.135.82 - - [11/Mar/2022:12:00:15 +0800] "GET /xingrg/words/20220309162343_words.js HTTP/1.1" 200 889072
120.253.135.82 - - [11/Mar/2022:12:00:15 +0800] "GET /xingrg/javascript/easyui/themes/icons/copy_new.png HTTP/1.1" 200 815
120.253.135.82 - - [11/Mar/2022:12:00:15 +0800] "GET /xingrg/javascript/easyui/themes/icons/template_new.png HTTP/1.1" 200 3956
120.253.135.82 - - [11/Mar/2022:12:00:15 +0800] "GET /xingrg/javascript/easyui/themes/icons/ok.png HTTP/1.1" 200 883
120.253.135.82 - - [11/Mar/2022:12:00:15 +0800] "GET /xingrg/javascript/easyui/themes/icons/cancel.png HTTP/1.1" 200 1133
120.253.135.82 - - [11/Mar/2022:12:00:15 +0800] "GET /xingrg/javascript/easyui/themes/default/images/menu_downarrow.png HTTP/1.1" 200 173
120.253.135.82 - - [11/Mar/2022:12:00:15 +0800] "GET /xingrg/javascript/easyui/themes/icons/print.png HTTP/1.1" 200 1057
58.39.61.91 - - [11/Mar/2022:12:00:15 +0800] "GET /xingrg/all/function/internal_message.html?_=1646971213384&CODE_STATE=getMsg HTTP/1.1" 200 27
58.39.61.91 - - [11/Mar/2022:12:00:15 +0800] "GET /xingrg/check_reg.html?_=1646971213387 HTTP/1.1" 200 22
120.253.135.82 - - [11/Mar/2022:12:00:15 +0800] "POST /xingrg/kc/buy/cgsh_order_operate.html HTTP/1.1" 200 8245
120.253.135.82 - - [11/Mar/2022:12:00:15 +0800] "GET /xingrg/javascript/easyui/themes/icons/edit_remove.png HTTP/1.1" 200 625
120.253.135.82 - - [11/Mar/2022:12:00:15 +0800] "GET /xingrg/all/common/auto_word.html?type=employee&rest_code=00101 HTTP/1.1" 200 927
120.253.135.82 - - [11/Mar/2022:12:00:15 +0800] "GET /xingrg/all/common/auto_word.html?type=employee&rest_code=00101 HTTP/1.1" 200 927
120.253.135.82 - - [11/Mar/2022:12:00:15 +0800] "GET /xingrg/javascript/easyui/themes/default/validatebox.css HTTP/1.1" 404 1104
120.253.135.82 - - [11/Mar/2022:12:00:15 +0800] "GET /xingrg/javascript/easyui/plugins/jquery.validatebox.js HTTP/1.1" 200 6103
120.253.135.82 - - [11/Mar/2022:12:00:16 +0800] "GET /xingrg/javascript/easyui/plugins/jquery.numberbox.js HTTP/1.1" 200 5213
120.253.135.82 - - [11/Mar/2022:12:00:16 +0800] "GET /xingrg/css/images/panel_loading.gif HTTP/1.1" 200 1737
120.253.135.82 - - [11/Mar/2022:12:00:16 +0800] "POST /xingrg/all/common/load_combo.html?type=employee HTTP/1.1" 200 1664
180.169.147.146 - - [11/Mar/2022:12:00:19 +0800] "GET /xingrg/all/function/internal_message.html?_=1646971216218&CODE_STATE=getMsg HTTP/1.1" 200 27
58.39.61.91 - - [11/Mar/2022:12:00:26 +0800] "GET /xingrg/all/function/internal_message.html?_=1646971176766&CODE_STATE=getMsg HTTP/1.1" 200 27
116.230.110.173 - - [11/Mar/2022:12:00:27 +0800] "GET /xingrg/all/function/internal_message.html?_=1646971218406&CODE_STATE=getMsg HTTP/1.1" 200 27
116.230.110.173 - - [11/Mar/2022:12:00:28 +0800] "POST /xingrg/kc/buy/cgsh_order_operate.html HTTP/1.1" 200 37
116.230.110.173 - - [11/Mar/2022:12:00:29 +0800] "POST /xingrg/kc/buy/cgsh_order_operate.html HTTP/1.1" 200 2656
116.230.110.173 - - [11/Mar/2022:12:00:30 +0800] "GET /xingrg/kc/print/load_data.html?order_code=212022031103427&kc_code=cgsh&condition= HTTP/1.1" 200 665
180.162.110.232 - - [11/Mar/2022:12:00:30 +0800] "GET /xingrg/all/function/internal_message.html?_=1646970577196&CODE_STATE=getMsg HTTP/1.1" 200 27
101.85.120.86 - - [11/Mar/2022:12:00:36 +0800] "GET /xingrg/all/function/internal_message.html?_=1646971233377&CODE_STATE=getMsg HTTP/1.1" 200 27
222.70.243.96 - - [11/Mar/2022:12:00:39 +0800] "GET /xingrg/check_reg.html?_=1646971253858 HTTP/1.1" 200 22
222.70.243.96 - - [11/Mar/2022:12:00:43 +0800] "GET /xingrg/all/function/internal_message.html?_=1646971257828&CODE_STATE=getMsg HTTP/1.1" 200 27
124.78.159.88 - - [11/Mar/2022:12:00:43 +0800] "GET /xingrg/all/function/internal_message.html?_=1646971237298&CODE_STATE=getMsg HTTP/1.1" 200 27
116.233.72.145 - - [11/Mar/2022:12:00:44 +0800] "GET /xingrg/all/function/internal_message.html?_=1646971242199&CODE_STATE=getMsg HTTP/1.1" 200 27
116.230.110.173 - - [11/Mar/2022:12:00:47 +0800] "GET /xingrg/kc/buy/cgsh_order_add.html HTTP/1.1" 200 65633
58.39.168.32 - - [11/Mar/2022:12:00:47 +0800] "GET /xingrg/all/function/internal_message.html?_=1646971182706&CODE_STATE=getMsg HTTP/1.1" 200 27
116.230.110.173 - - [11/Mar/2022:12:00:47 +0800] "POST /xingrg/kc/buy/cgsh_order_operate.html HTTP/1.1" 200 8245
116.230.110.173 - - [11/Mar/2022:12:00:47 +0800] "GET /xingrg/javascript/easyui/themes/default/validatebox.css HTTP/1.1" 404 1104
120.253.135.82 - - [11/Mar/2022:12:00:49 +0800] "GET /xingrg/all/function/internal_message.html?_=1646971377769&CODE_STATE=getMsg HTTP/1.1" 200 27
172.20.0.100 - - [11/Mar/2022:12:00:51 +0800] "GET /xingrg/all/function/internal_message.html?_=1646971246657&CODE_STATE=getMsg HTTP/1.1" 200 27
61.151.178.177 - - [11/Mar/2022:12:00:51 +0800] "GET /xingrg/kc/buy/cgsh_order_info.html?code=212022020701088 HTTP/1.1" 302 -
58.39.168.32 - - [11/Mar/2022:12:00:52 +0800] "GET /xingrg/all/function/internal_message.html?_=1646971250461&CODE_STATE=getMsg HTTP/1.1" 200 27
61.151.178.177 - - [11/Mar/2022:12:00:52 +0800] "GET /xingrg/login.html HTTP/1.1" 200 7641
180.169.147.146 - - [11/Mar/2022:12:00:55 +0800] "GET /xingrg/all/function/internal_message.html?_=1646971252239&CODE_STATE=getMsg HTTP/1.1" 200 27
116.228.172.94 - - [11/Mar/2022:12:00:58 +0800] "GET /xingrg/all/function/internal_message.html?_=1646971213345&CODE_STATE=getMsg HTTP/1.1" 200 27
114.83.217.117 - - [11/Mar/2022:12:01:04 +0800] "GET /xingrg/all/function/internal_message.html?_=1646971260096&CODE_STATE=getMsg HTTP/1.1" 200 27
180.157.251.97 - - [11/Mar/2022:12:01:08 +0800] "GET /xingrg/check_reg.html?_=1646971267048 HTTP/1.1" 200 22
114.88.156.203 - - [11/Mar/2022:12:01:13 +0800] "GET /xingrg/check_reg.html?_=1646971043587 HTTP/1.1" 200 22
58.39.61.91 - - [11/Mar/2022:12:01:14 +0800] "GET /xingrg/check_reg.html?_=1646971224705 HTTP/1.1" 200 22
58.39.61.91 - - [11/Mar/2022:12:01:15 +0800] "GET /xingrg/all/function/internal_message.html?_=1646971273387&CODE_STATE=getMsg HTTP/1.1" 200 27
117.136.118.63 - - [11/Mar/2022:12:01:16 +0800] "GET /xingrg HTTP/1.1" 302 -
117.136.118.63 - - [11/Mar/2022:12:01:16 +0800] "GET /xingrg/ HTTP/1.1" 200 292
117.136.118.63 - - [11/Mar/2022:12:01:16 +0800] "GET /xingrg/index.html HTTP/1.1" 302 -
117.136.118.63 - - [11/Mar/2022:12:01:16 +0800] "GET /xingrg/login.html HTTP/1.1" 200 2139
117.136.118.63 - - [11/Mar/2022:12:01:16 +0800] "GET /xingrg/javascript/mobile/jquery.mobile-1.3.2.min.css HTTP/1.1" 200 94670
117.136.118.63 - - [11/Mar/2022:12:01:16 +0800] "GET /xingrg/javascript/mobile/jquery-1.8.3.min.js HTTP/1.1" 200 93637
117.136.118.63 - - [11/Mar/2022:12:01:16 +0800] "GET /xingrg/javascript/mobile/jquery.mobile-1.3.2.min.js HTTP/1.1" 200 145396
117.136.118.63 - - [11/Mar/2022:12:01:17 +0800] "GET /xingrg/javascript/mobile/images/ajax-loader.gif HTTP/1.1" 200 7825
117.136.118.63 - - [11/Mar/2022:12:01:17 +0800] "GET /favicon.ico HTTP/1.1" 404 -
120.253.135.82 - - [11/Mar/2022:12:01:17 +0800] "GET /xingrg/javascript/auto/indicator.gif HTTP/1.1" 404 1066
180.169.147.146 - - [11/Mar/2022:12:01:19 +0800] "GET /xingrg/all/function/internal_message.html?_=1646971276217&CODE_STATE=getMsg HTTP/1.1" 200 27
117.136.118.63 - - [11/Mar/2022:12:01:20 +0800] "POST /xingrg/login.do HTTP/1.1" 302 -
117.136.118.63 - - [11/Mar/2022:12:01:20 +0800] "GET /xingrg/index_mobile.html?sysBaseUrl=http%3A%2F%2F180.169.147.146%3A18081%2Fxingrg%2F&costTime=42×tamp=1646971280099 HTTP/1.1" 200 3182
117.136.118.63 - - [11/Mar/2022:12:01:20 +0800] "GET /xingrg/javascript/mobile/mobile.css HTTP/1.1" 200 347
117.136.118.63 - - [11/Mar/2022:12:01:20 +0800] "GET /xingrg/javascript/convert.js HTTP/1.1" 200 1239
117.136.118.63 - - [11/Mar/2022:12:01:20 +0800] "GET /xingrg/javascript/mobile/mobiscroll/mobiscroll.custom-2.6.2.min.css HTTP/1.1" 200 38004
117.136.118.63 - - [11/Mar/2022:12:01:20 +0800] "GET /xingrg/javascript/mobile/images/album-k.jpg HTTP/1.1" 200 4120
117.136.118.63 - - [11/Mar/2022:12:01:20 +0800] "GET /xingrg/javascript/mobile/mobiscroll/mobiscroll.custom-2.6.2.min.js HTTP/1.1" 200 43737
117.136.118.63 - - [11/Mar/2022:12:01:20 +0800] "GET /xingrg/javascript/mobile/images/icons-36-white.png HTTP/1.1" 200 3861
117.136.118.63 - - [11/Mar/2022:12:01:20 +0800] "GET /favicon.ico HTTP/1.1" 404 -
117.136.118.63 - - [11/Mar/2022:12:01:21 +0800] "GET /xingrg/dma/mobile/column_pie.html?type=yyfx&title=%D3%AA%D2%B5%B7%D6%CE%F6 HTTP/1.1" 200 10245
117.136.118.63 - - [11/Mar/2022:12:01:21 +0800] "GET /xingrg/javascript/mobile/js/highcharts.js HTTP/1.1" 200 134656
117.136.118.63 - - [11/Mar/2022:12:01:21 +0800] "GET /xingrg/javascript/mobile/mobile-common.js HTTP/1.1" 200 1484
117.136.118.63 - - [11/Mar/2022:12:01:21 +0800] "GET /xingrg/javascript/mobile/js/modules/exporting.js HTTP/1.1" 200 7123
117.136.118.63 - - [11/Mar/2022:12:01:22 +0800] "GET /favicon.ico HTTP/1.1" 404 -
117.136.118.63 - - [11/Mar/2022:12:01:22 +0800] "POST /xingrg/dma/mobile/report_query.html HTTP/1.1" 200 150
180.169.147.146 - - [11/Mar/2022:12:01:23 +0800] "POST /xingrg/kc/buy/cgsh_list_operate.html HTTP/1.1" 200 5168
58.39.61.91 - - [11/Mar/2022:12:01:26 +0800] "GET /xingrg/all/function/internal_message.html?_=1646971236770&CODE_STATE=getMsg HTTP/1.1" 200 27
101.89.239.120 - - [11/Mar/2022:12:01:26 +0800] "GET /xingrg/check_reg.html?_=1646967271903 HTTP/1.1" 302 -
116.230.110.173 - - [11/Mar/2022:12:01:27 +0800] "GET /xingrg/all/function/internal_message.html?_=1646971278400&CODE_STATE=getMsg HTTP/1.1" 200 27
101.89.239.120 - - [11/Mar/2022:12:01:27 +0800] "GET /xingrg/login.html HTTP/1.1" 200 7641
117.136.118.63 - - [11/Mar/2022:12:01:30 +0800] "POST /xingrg/dma/mobile/report_query.html HTTP/1.1" 200 550
180.162.110.232 - - [11/Mar/2022:12:01:30 +0800] "GET /xingrg/all/function/internal_message.html?_=1646970637200&CODE_STATE=getMsg HTTP/1.1" 200 27
180.162.110.232 - - [11/Mar/2022:12:01:30 +0800] "GET /xingrg/check_reg.html?_=1646970637202 HTTP/1.1" 200 22
120.253.135.82 - - [11/Mar/2022:12:01:31 +0800] "POST /xingrg/kc/base/wlsy_order_operate.html HTTP/1.1" 200 37
120.253.135.82 - - [11/Mar/2022:12:01:32 +0800] "POST /xingrg/kc/base/wlsy_order_operate.html HTTP/1.1" 200 2156
120.253.135.82 - - [11/Mar/2022:12:01:33 +0800] "GET /xingrg/kc/buy/cgsh_order_operate.html?command=get_materiel&rest_code=00101&code=00101013093&supplier_code=00100101&order_time=2022-03-11 HTTP/1.1" 200 447
120.253.135.82 - - [11/Mar/2022:12:01:34 +0800] "POST /xingrg/kc/base/wlsy_list_operate.html?syType=1 HTTP/1.1" 200 1687
120.253.135.82 - - [11/Mar/2022:12:01:35 +0800] "POST /xingrg/kc/base/wlsy_list_operate.html?syType=1 HTTP/1.1" 200 202
120.253.135.82 - - [11/Mar/2022:12:01:36 +0800] "GET /xingrg/kc/base/wlsy_order_info.html?code=412022031100012 HTTP/1.1" 200 28582
101.85.120.86 - - [11/Mar/2022:12:01:36 +0800] "GET /xingrg/check_reg.html?_=1646971293402 HTTP/1.1" 200 22
101.85.120.86 - - [11/Mar/2022:12:01:37 +0800] "GET /xingrg/all/function/internal_message.html?_=1646971293405&CODE_STATE=getMsg HTTP/1.1" 200 27
120.253.135.82 - - [11/Mar/2022:12:01:37 +0800] "POST /xingrg/kc/base/wlsy_order_operate.html HTTP/1.1" 200 2156
120.253.135.82 - - [11/Mar/2022:12:01:37 +0800] "GET /xingrg/javascript/easyui/themes/default/validatebox.css HTTP/1.1" 404 1104
120.253.135.82 - - [11/Mar/2022:12:01:42 +0800] "POST /xingrg/kc/base/wlsy_order_operate.html HTTP/1.1" 200 37
120.253.135.82 - - [11/Mar/2022:12:01:43 +0800] "POST /xingrg/kc/base/wlsy_order_operate.html HTTP/1.1" 200 2156
222.70.243.96 - - [11/Mar/2022:12:01:43 +0800] "GET /xingrg/all/function/internal_message.html?_=1646971317841&CODE_STATE=getMsg HTTP/1.1" 200 27
124.78.159.88 - - [11/Mar/2022:12:01:43 +0800] "GET /xingrg/all/function/internal_message.html?_=1646971297275&CODE_STATE=getMsg HTTP/1.1" 200 27
120.253.135.82 - - [11/Mar/2022:12:01:43 +0800] "POST /xingrg/kc/base/wlsy_order_operate.html HTTP/1.1" 200 12
116.233.72.145 - - [11/Mar/2022:12:01:44 +0800] "GET /xingrg/all/function/internal_message.html?_=1646971302202&CODE_STATE=getMsg HTTP/1.1" 200 27
120.253.135.82 - - [11/Mar/2022:12:01:46 +0800] "POST /xingrg/kc/base/wlsy_list_operate.html?syType=1 HTTP/1.1" 200 862
58.39.168.32 - - [11/Mar/2022:12:01:47 +0800] "GET /xingrg/all/function/internal_message.html?_=1646971242706&CODE_STATE=getMsg HTTP/1.1" 200 27
120.253.135.82 - - [11/Mar/2022:12:01:49 +0800] "GET /xingrg/all/function/internal_message.html?_=1646971437786&CODE_STATE=getMsg HTTP/1.1" 200 27
172.20.0.100 - - [11/Mar/2022:12:01:51 +0800] "GET /xingrg/all/function/internal_message.html?_=1646971306645&CODE_STATE=getMsg HTTP/1.1" 200 27
120.253.135.82 - - [11/Mar/2022:12:01:51 +0800] "POST /xingrg/kc/buy/cgsh_order_operate.html HTTP/1.1" 200 37
58.39.168.32 - - [11/Mar/2022:12:01:52 +0800] "GET /xingrg/all/function/internal_message.html?_=1646971310459&CODE_STATE=getMsg HTTP/1.1" 200 27
120.253.135.82 - - [11/Mar/2022:12:01:54 +0800] "POST /xingrg/kc/buy/cgsh_order_operate.html HTTP/1.1" 200 2673
180.169.147.146 - - [11/Mar/2022:12:01:55 +0800] "GET /xingrg/all/function/internal_message.html?_=1646971312232&CODE_STATE=getMsg HTTP/1.1" 200 27
120.253.135.82 - - [11/Mar/2022:12:01:56 +0800] "GET /xingrg/kc/buy/cgsh_order_add.html HTTP/1.1" 200 64676
120.253.135.82 - - [11/Mar/2022:12:01:56 +0800] "POST /xingrg/kc/buy/cgsh_order_operate.html HTTP/1.1" 200 8245
120.253.135.82 - - [11/Mar/2022:12:01:56 +0800] "GET /xingrg/javascript/easyui/themes/default/validatebox.css HTTP/1.1" 404 1104
120.253.135.82 - - [11/Mar/2022:12:01:57 +0800] "POST /xingrg/all/common/load_combo.html?type=employee HTTP/1.1" 200 1664
116.228.172.94 - - [11/Mar/2022:12:01:58 +0800] "GET /xingrg/all/function/internal_message.html?_=1646971273340&CODE_STATE=getMsg HTTP/1.1" 200 27
120.253.135.82 - - [11/Mar/2022:12:02:00 +0800] "GET /xingrg/kc/pszx/mdps_order_list.html?orderType=0 HTTP/1.1" 200 20925
120.253.135.82 - - [11/Mar/2022:12:02:00 +0800] "POST /xingrg/kc/pszx/mdps_list_operate.html HTTP/1.1" 200 5288
114.83.217.117 - - [11/Mar/2022:12:02:04 +0800] "GET /xingrg/all/function/internal_message.html?_=1646971320066&CODE_STATE=getMsg HTTP/1.1" 200 27
120.253.135.82 - - [11/Mar/2022:12:02:05 +0800] "GET /xingrg/system/info/materiel_import.html?isSelect=1&singleSelect=false HTTP/1.1" 200 5600
120.253.135.82 - - [11/Mar/2022:12:02:05 +0800] "GET /xingrg/css/blue.css HTTP/1.1" 200 15949
120.253.135.82 - - [11/Mar/2022:12:02:05 +0800] "GET /xingrg/css/xtree.css HTTP/1.1" 200 880
120.253.135.82 - - [11/Mar/2022:12:02:05 +0800] "GET /xingrg/javascript/jquery_ui/themes/base/base.css HTTP/1.1" 200 28568
120.253.135.82 - - [11/Mar/2022:12:02:05 +0800] "GET /xingrg/javascript/jquery_easy_ui/themes/default/images/button_a_bg.gif HTTP/1.1" 200 1194
120.253.135.82 - - [11/Mar/2022:12:02:05 +0800] "GET /xingrg/javascript/jquery_easy_ui/themes/default/images/button_span_bg.gif HTTP/1.1" 200 2061
120.253.135.82 - - [11/Mar/2022:12:02:05 +0800] "GET /xingrg/javascript/jquery_easy_ui/themes/icons/check_new.png HTTP/1.1" 200 3224
120.253.135.82 - - [11/Mar/2022:12:02:05 +0800] "GET /xingrg/javascript/jquery_easy_ui/themes/icons/search.png HTTP/1.1" 200 813
120.253.135.82 - - [11/Mar/2022:12:02:05 +0800] "GET /xingrg/javascript/jquery_easy_ui/themes/default/images/datagrid_header_bg.gif HTTP/1.1" 200 97
120.253.135.82 - - [11/Mar/2022:12:02:05 +0800] "GET /xingrg/javascript/jquery_easy_ui/themes/icons/edit_add.png HTTP/1.1" 200 1088
120.253.135.82 - - [11/Mar/2022:12:02:05 +0800] "GET /xingrg/javascript/jquery_easy_ui/themes/default/images/pagination_first.gif HTTP/1.1" 200 925
120.253.135.82 - - [11/Mar/2022:12:02:05 +0800] "GET /xingrg/javascript/jquery_easy_ui/themes/default/images/pagination_prev.gif HTTP/1.1" 200 879
120.253.135.82 - - [11/Mar/2022:12:02:05 +0800] "GET /xingrg/javascript/jquery_easy_ui/themes/default/images/pagination_next.gif HTTP/1.1" 200 875
120.253.135.82 - - [11/Mar/2022:12:02:05 +0800] "GET /xingrg/javascript/jquery_easy_ui/themes/default/images/pagination_last.gif HTTP/1.1" 200 923
120.253.135.82 - - [11/Mar/2022:12:02:05 +0800] "GET /xingrg/javascript/jquery_easy_ui/themes/default/images/pagination_load.png HTTP/1.1" 200 827
120.253.135.82 - - [11/Mar/2022:12:02:05 +0800] "GET /xingrg/javascript/jquery_easy_ui/themes/default/images/pagination_prev.gif HTTP/1.1" 200 879
120.253.135.82 - - [11/Mar/2022:12:02:05 +0800] "GET /favicon.ico HTTP/1.1" 404 -
120.253.135.82 - - [11/Mar/2022:12:02:05 +0800] "POST /xingrg/all/common/load_tree.html?tree=materiel_sort_tree_json HTTP/1.1" 200 9388
120.253.135.82 - - [11/Mar/2022:12:02:08 +0800] "POST /xingrg/kc/pszx/mdps_list_operate.html HTTP/1.1" 200 1687
120.253.135.82 - - [11/Mar/2022:12:02:09 +0800] "POST /xingrg/kc/pszx/mdps_list_operate.html HTTP/1.1" 200 292
101.91.62.89 - - [11/Mar/2022:12:02:10 +0800] "GET /xingrg/all/function/internal_message.html?_=1646969378061&CODE_STATE=getMsg HTTP/1.1" 302 -
120.253.135.82 - - [11/Mar/2022:12:02:10 +0800] "GET /xingrg/kc/pszx/mdps_order_info.html?code=312022031100206 HTTP/1.1" 200 23929
120.253.135.82 - - [11/Mar/2022:12:02:11 +0800] "GET /xingrg/javascript/easyui/themes/default/validatebox.css HTTP/1.1" 404 1104
120.253.135.82 - - [11/Mar/2022:12:02:11 +0800] "POST /xingrg/kc/pszx/mdps_order_operate.html HTTP/1.1" 200 2791
101.91.62.89 - - [11/Mar/2022:12:02:11 +0800] "GET /xingrg/login.html HTTP/1.1" 200 7641
58.39.61.91 - - [11/Mar/2022:12:02:15 +0800] "GET /xingrg/all/function/internal_message.html?_=1646971333400&CODE_STATE=getMsg HTTP/1.1" 200 27
180.169.147.146 - - [11/Mar/2022:12:02:15 +0800] "POST /xingrg/kc/buy/cgsh_list_operate.html HTTP/1.1" 200 5168
180.169.147.146 - - [11/Mar/2022:12:02:19 +0800] "GET /xingrg/all/function/internal_message.html?_=1646971336217&CODE_STATE=getMsg HTTP/1.1" 200 27
180.169.147.146 - - [11/Mar/2022:12:02:19 +0800] "GET /xingrg/check_reg.html?_=1646971336219 HTTP/1.1" 200 22
120.253.135.82 - - [11/Mar/2022:12:02:20 +0800] "GET /xingrg/kc/buy/cgsh_order_operate.html?command=get_materiel&rest_code=00101&code=00102002288&supplier_code=00100120&order_time=2022-03-11 HTTP/1.1" 200 431
120.253.135.82 - - [11/Mar/2022:12:02:22 +0800] "POST /xingrg/kc/pszx/mdps_order_operate.html HTTP/1.1" 200 37
120.253.135.82 - - [11/Mar/2022:12:02:23 +0800] "GET /xingrg/kc/pszx/mdps_order_info.html?code=312022031100206 HTTP/1.1" 200 23929
120.253.135.82 - - [11/Mar/2022:12:02:23 +0800] "POST /xingrg/kc/pszx/mdps_order_operate.html HTTP/1.1" 200 2283
120.253.135.82 - - [11/Mar/2022:12:02:23 +0800] "GET /xingrg/javascript/easyui/themes/default/validatebox.css HTTP/1.1" 404 1104
58.39.61.91 - - [11/Mar/2022:12:02:26 +0800] "GET /xingrg/all/function/internal_message.html?_=1646971296784&CODE_STATE=getMsg HTTP/1.1" 200 27
116.230.110.173 - - [11/Mar/2022:12:02:27 +0800] "GET /xingrg/all/function/internal_message.html?_=1646971338412&CODE_STATE=getMsg HTTP/1.1" 200 27
180.162.110.232 - - [11/Mar/2022:12:02:30 +0800] "GET /xingrg/all/function/internal_message.html?_=1646970697204&CODE_STATE=getMsg HTTP/1.1" 200 27
116.230.110.173 - - [11/Mar/2022:12:02:31 +0800] "GET /xingrg/kc/buy/cgsh_order_operate.html?command=get_materiel&rest_code=00155&code=00101004106&supplier_code=00100312&order_time=2022-03-11 HTTP/1.1" 200 400
101.85.120.86 - - [11/Mar/2022:12:02:36 +0800] "GET /xingrg/all/function/internal_message.html?_=1646971353404&CODE_STATE=getMsg HTTP/1.1" 200 27
120.253.135.82 - - [11/Mar/2022:12:02:38 +0800] "POST /xingrg/kc/pszx/mdps_list_operate.html HTTP/1.1" 200 2063
120.253.135.82 - - [11/Mar/2022:12:02:40 +0800] "POST /xingrg/kc/pszx/mdps_list_operate.html HTTP/1.1" 200 652
180.169.147.146 - - [11/Mar/2022:12:02:40 +0800] "POST /xingrg/kc/buy/cgsh_list_operate.html HTTP/1.1" 200 5512
120.253.135.82 - - [11/Mar/2022:12:02:41 +0800] "GET /xingrg/kc/pszx/mdps_order_info.html?code=312022031100205 HTTP/1.1" 200 23931
120.253.135.82 - - [11/Mar/2022:12:02:41 +0800] "POST /xingrg/kc/pszx/mdps_order_operate.html HTTP/1.1" 200 9532
120.253.135.82 - - [11/Mar/2022:12:02:42 +0800] "GET /xingrg/javascript/easyui/themes/default/validatebox.css HTTP/1.1" 404 1104
124.78.159.88 - - [11/Mar/2022:12:02:43 +0800] "GET /xingrg/all/function/internal_message.html?_=1646971357256&CODE_STATE=getMsg HTTP/1.1" 200 27
222.70.243.96 - - [11/Mar/2022:12:02:43 +0800] "GET /xingrg/all/function/internal_message.html?_=1646971378180&CODE_STATE=getMsg HTTP/1.1" 200 27
116.233.72.145 - - [11/Mar/2022:12:02:44 +0800] "GET /xingrg/all/function/internal_message.html?_=1646971362205&CODE_STATE=getMsg HTTP/1.1" 200 27
116.230.110.173 - - [11/Mar/2022:12:02:45 +0800] "GET /xingrg/kc/buy/cgsh_order_operate.html?command=get_materiel&rest_code=00155&code=00101004024&supplier_code=00100312&order_time=2022-03-11 HTTP/1.1" 200 409
58.39.168.32 - - [11/Mar/2022:12:02:47 +0800] "GET /xingrg/all/function/internal_message.html?_=1646971302706&CODE_STATE=getMsg HTTP/1.1" 200 27
58.39.168.32 - - [11/Mar/2022:12:02:47 +0800] "GET /xingrg/check_reg.html?_=1646971302709 HTTP/1.1" 200 22
180.169.147.146 - - [11/Mar/2022:12:02:49 +0800] "POST /xingrg/kc/buy/cgsh_list_operate.html HTTP/1.1" 200 5445
120.253.135.82 - - [11/Mar/2022:12:02:49 +0800] "GET /xingrg/all/function/internal_message.html?_=1646971497797&CODE_STATE=getMsg HTTP/1.1" 200 27
172.20.0.100 - - [11/Mar/2022:12:02:51 +0800] "GET /xingrg/all/function/internal_message.html?_=1646971366643&CODE_STATE=getMsg HTTP/1.1" 200 27
116.230.110.173 - - [11/Mar/2022:12:02:51 +0800] "POST /xingrg/kc/buy/cgsh_order_operate.html HTTP/1.1" 200 37
58.39.168.32 - - [11/Mar/2022:12:02:52 +0800] "GET /xingrg/all/function/internal_message.html?_=1646971370457&CODE_STATE=getMsg HTTP/1.1" 200 27
116.230.110.173 - - [11/Mar/2022:12:02:52 +0800] "POST /xingrg/kc/buy/cgsh_order_operate.html HTTP/1.1" 200 3253
116.230.110.173 - - [11/Mar/2022:12:02:53 +0800] "GET /xingrg/kc/print/load_data.html?order_code=212022031103429&kc_code=cgsh&condition= HTTP/1.1" 200 908
180.169.147.146 - - [11/Mar/2022:12:02:54 +0800] "POST /xingrg/kc/buy/cgsh_list_operate.html HTTP/1.1" 200 3857
180.169.147.146 - - [11/Mar/2022:12:02:55 +0800] "GET /xingrg/all/function/internal_message.html?_=1646971372251&CODE_STATE=getMsg HTTP/1.1" 200 27
180.169.147.146 - - [11/Mar/2022:12:02:55 +0800] "POST /xingrg/kc/buy/cgsh_list_operate.html HTTP/1.1" 200 202
116.230.110.173 - - [11/Mar/2022:12:02:58 +0800] "GET /xingrg/kc/buy/cgsh_order_add.html HTTP/1.1" 200 65633
180.169.147.146 - - [11/Mar/2022:12:02:58 +0800] "GET /xingrg/kc/buy/cgsh_order_info.html?code=212022030401550 HTTP/1.1" 200 60569
116.230.110.173 - - [11/Mar/2022:12:02:58 +0800] "POST /xingrg/kc/buy/cgsh_order_operate.html HTTP/1.1" 200 8245
116.230.110.173 - - [11/Mar/2022:12:02:58 +0800] "GET /xingrg/javascript/easyui/themes/default/validatebox.css HTTP/1.1" 404 1104
116.228.172.94 - - [11/Mar/2022:12:02:58 +0800] "GET /xingrg/all/function/internal_message.html?_=1646971333339&CODE_STATE=getMsg HTTP/1.1" 200 27
116.228.172.94 - - [11/Mar/2022:12:02:58 +0800] "GET /xingrg/check_reg.html?_=1646971333343 HTTP/1.1" 200 22
180.169.147.146 - - [11/Mar/2022:12:02:58 +0800] "GET /xingrg/javascript/easyui/themes/default/validatebox.css HTTP/1.1" 404 1104
180.169.147.146 - - [11/Mar/2022:12:02:59 +0800] "POST /xingrg/kc/buy/cgsh_order_operate.html HTTP/1.1" 200 608
180.169.147.146 - - [11/Mar/2022:12:03:00 +0800] "GET /xingrg/kc/print/load_data.html?order_code=212022030401550&kc_code=cgsh&condition= HTTP/1.1" 200 688
120.253.135.82 - - [11/Mar/2022:12:03:02 +0800] "POST /xingrg/kc/pszx/mdps_order_operate.html HTTP/1.1" 200 37
114.83.217.117 - - [11/Mar/2022:12:03:03 +0800] "GET /xingrg/all/function/internal_message.html?_=1646971380038&CODE_STATE=getMsg HTTP/1.1" 200 27
120.253.135.82 - - [11/Mar/2022:12:03:04 +0800] "GET /xingrg/kc/pszx/mdps_order_info.html?code=312022031100205 HTTP/1.1" 200 23931
120.253.135.82 - - [11/Mar/2022:12:03:04 +0800] "POST /xingrg/kc/pszx/mdps_order_operate.html HTTP/1.1" 200 9003
120.253.135.82 - - [11/Mar/2022:12:03:04 +0800] "GET /xingrg/javascript/easyui/themes/default/validatebox.css HTTP/1.1" 404 1104
116.230.110.173 - - [11/Mar/2022:12:03:05 +0800] "GET /xingrg/kc/buy/cgsh_order_operate.html?command=get_materiel&rest_code=00155&code=00101001140&supplier_code=00100090&order_time=2022-03-11 HTTP/1.1" 200 417
120.253.135.82 - - [11/Mar/2022:12:03:05 +0800] "GET /xingrg/kc/buy/cgsh_order_operate.html?command=get_materiel&rest_code=00101&code=00102002504&supplier_code=00100120&order_time=2022-03-11 HTTP/1.1" 200 417
180.169.147.146 - - [11/Mar/2022:12:03:06 +0800] "GET /xingrg/check_reg.html?_=1646971388722 HTTP/1.1" 200 22
120.253.135.82 - - [11/Mar/2022:12:03:06 +0800] "POST /xingrg/kc/pszx/mdps_list_operate.html HTTP/1.1" 200 2063
120.253.135.82 - - [11/Mar/2022:12:03:09 +0800] "POST /xingrg/kc/pszx/mdps_list_operate.html HTTP/1.1" 200 275
116.233.72.145 - - [11/Mar/2022:12:03:09 +0800] "POST /xingrg/services/DataTransmitService HTTP/1.1" 200 524
116.233.72.145 - - [11/Mar/2022:12:03:10 +0800] "POST /xingrg/services/DataTransmitService HTTP/1.1" 200 412
116.230.110.173 - - [11/Mar/2022:12:03:12 +0800] "POST /xingrg/kc/buy/cgsh_order_operate.html HTTP/1.1" 200 37
101.91.60.11 - - [11/Mar/2022:12:03:12 +0800] "GET /xingrg/all/function/internal_message.html?_=1646966858972&CODE_STATE=getMsg HTTP/1.1" 302 -
116.230.110.173 - - [11/Mar/2022:12:03:14 +0800] "POST /xingrg/kc/buy/cgsh_order_operate.html HTTP/1.1" 200 2664
116.230.110.173 - - [11/Mar/2022:12:03:14 +0800] "GET /xingrg/kc/print/load_data.html?order_code=212022031103430&kc_code=cgsh&condition= HTTP/1.1" 200 753
58.39.61.91 - - [11/Mar/2022:12:03:15 +0800] "GET /xingrg/all/function/internal_message.html?_=1646971393401&CODE_STATE=getMsg HTTP/1.1" 200 27
101.91.60.11 - - [11/Mar/2022:12:03:15 +0800] "GET /xingrg/login.html HTTP/1.1" 200 7641
180.169.147.146 - - [11/Mar/2022:12:03:19 +0800] "GET /xingrg/all/function/internal_message.html?_=1646971396229&CODE_STATE=getMsg HTTP/1.1" 200 27
58.39.61.91 - - [11/Mar/2022:12:03:26 +0800] "GET /xingrg/all/function/internal_message.html?_=1646971356806&CODE_STATE=getMsg HTTP/1.1" 200 27
116.230.110.173 - - [11/Mar/2022:12:03:27 +0800] "GET /xingrg/check_reg.html?_=1646971398407 HTTP/1.1" 200 22
116.230.110.173 - - [11/Mar/2022:12:03:27 +0800] "GET /xingrg/all/function/internal_message.html?_=1646971398418&CODE_STATE=getMsg HTTP/1.1" 200 27
120.253.135.82 - - [11/Mar/2022:12:03:28 +0800] "POST /xingrg/kc/buy/cgsh_order_operate.html HTTP/1.1" 200 37
120.253.135.82 - - [11/Mar/2022:12:03:29 +0800] "POST /xingrg/kc/buy/cgsh_order_operate.html HTTP/1.1" 200 3264
180.162.110.232 - - [11/Mar/2022:12:03:30 +0800] "GET /xingrg/all/function/internal_message.html?_=1646970757205&CODE_STATE=getMsg HTTP/1.1" 200 27
61.151.178.217 - - [11/Mar/2022:12:03:33 +0800] "GET /xingrg/check_reg.html?_=1646968771917 HTTP/1.1" 302 -
61.151.178.217 - - [11/Mar/2022:12:03:33 +0800] "GET /xingrg/login.html HTTP/1.1" 200 7641
101.85.120.86 - - [11/Mar/2022:12:03:36 +0800] "GET /xingrg/all/function/internal_message.html?_=1646971413404&CODE_STATE=getMsg HTTP/1.1" 200 27
120.253.135.82 - - [11/Mar/2022:12:03:40 +0800] "POST /xingrg/kc/buy/cgsh_order_operate.html HTTP/1.1" 200 37
120.253.135.82 - - [11/Mar/2022:12:03:41 +0800] "POST /xingrg/kc/buy/cgsh_order_operate.html HTTP/1.1" 200 3264
120.253.135.82 - - [11/Mar/2022:12:03:43 +0800] "GET /xingrg/javascript/jquery_easy_ui/themes/icons/manage.png HTTP/1.1" 200 696
120.253.135.82 - - [11/Mar/2022:12:03:43 +0800] "GET /xingrg/javascript/jquery_easy_ui/themes/icons/area.png HTTP/1.1" 200 262
124.78.159.88 - - [11/Mar/2022:12:03:43 +0800] "GET /xingrg/all/function/internal_message.html?_=1646971417229&CODE_STATE=getMsg HTTP/1.1" 200 27
222.70.243.96 - - [11/Mar/2022:12:03:43 +0800] "GET /xingrg/all/function/internal_message.html?_=1646971438181&CODE_STATE=getMsg HTTP/1.1" 200 27
116.233.72.145 - - [11/Mar/2022:12:03:44 +0800] "GET /xingrg/all/function/internal_message.html?_=1646971422207&CODE_STATE=getMsg HTTP/1.1" 200 27
120.253.135.82 - - [11/Mar/2022:12:03:45 +0800] "GET /xingrg/kc/buy/cgsh_order_list.html HTTP/1.1" 200 49890
58.39.168.32 - - [11/Mar/2022:12:03:47 +0800] "GET /xingrg/all/function/internal_message.html?_=1646971362710&CODE_STATE=getMsg HTTP/1.1" 200 27
120.253.135.82 - - [11/Mar/2022:12:03:48 +0800] "POST /xingrg/kc/buy/cgsh_list_operate.html HTTP/1.1" 200 2056
120.253.135.82 - - [11/Mar/2022:12:03:48 +0800] "POST /xingrg/kc/buy/cgsh_list_operate.html HTTP/1.1" 200 2056
120.253.135.82 - - [11/Mar/2022:12:03:49 +0800] "GET /xingrg/all/function/internal_message.html?_=1646971557812&CODE_STATE=getMsg HTTP/1.1" 200 27
172.20.0.100 - - [11/Mar/2022:12:03:51 +0800] "GET /xingrg/all/function/internal_message.html?_=1646971426647&CODE_STATE=getMsg HTTP/1.1" 200 27
58.39.168.32 - - [11/Mar/2022:12:03:52 +0800] "GET /xingrg/all/function/internal_message.html?_=1646971430455&CODE_STATE=getMsg HTTP/1.1" 200 27
120.253.135.82 - - [11/Mar/2022:12:03:54 +0800] "POST /xingrg/kc/buy/cgsh_list_operate.html HTTP/1.1" 200 279
120.253.135.82 - - [11/Mar/2022:12:03:55 +0800] "GET /xingrg/kc/buy/cgsh_order_info.html?code=212022031103431 HTTP/1.1" 200 64691
120.253.135.82 - - [11/Mar/2022:12:03:55 +0800] "GET /xingrg/javascript/easyui/themes/default/validatebox.css HTTP/1.1" 404 1104
180.169.147.146 - - [11/Mar/2022:12:03:55 +0800] "GET /xingrg/all/function/internal_message.html?_=1646971432243&CODE_STATE=getMsg HTTP/1.1" 200 27
120.253.135.82 - - [11/Mar/2022:12:03:55 +0800] "POST /xingrg/kc/buy/cgsh_order_operate.html HTTP/1.1" 200 3264
120.253.135.82 - - [11/Mar/2022:12:03:58 +0800] "GET /xingrg/kc/buy/cgsh_order_add.html HTTP/1.1" 200 64676
116.228.172.94 - - [11/Mar/2022:12:03:58 +0800] "GET /xingrg/all/function/internal_message.html?_=1646971393338&CODE_STATE=getMsg HTTP/1.1" 200 27
120.253.135.82 - - [11/Mar/2022:12:03:58 +0800] "POST /xingrg/kc/buy/cgsh_order_operate.html HTTP/1.1" 200 8245
120.253.135.82 - - [11/Mar/2022:12:03:58 +0800] "GET /xingrg/javascript/easyui/themes/default/validatebox.css HTTP/1.1" 404 1104
120.253.135.82 - - [11/Mar/2022:12:04:00 +0800] "POST /xingrg/all/common/load_combo.html?type=employee HTTP/1.1" 200 1664
114.83.217.117 - - [11/Mar/2022:12:04:03 +0800] "GET /xingrg/all/function/internal_message.html?_=1646971440023&CODE_STATE=getMsg HTTP/1.1" 200 27
222.70.243.96 - - [11/Mar/2022:12:04:09 +0800] "POST /xingrg/kc/buy/cgsh_order_operate.html HTTP/1.1" 200 37
222.70.243.96 - - [11/Mar/2022:12:04:11 +0800] "POST /xingrg/kc/buy/cgsh_order_operate.html HTTP/1.1" 200 5018
222.70.243.96 - - [11/Mar/2022:12:04:11 +0800] "GET /xingrg/kc/buy/cgsh_order_add.html HTTP/1.1" 200 65671
222.70.243.96 - - [11/Mar/2022:12:04:13 +0800] "POST /xingrg/kc/buy/cgsh_order_operate.html HTTP/1.1" 200 8245
222.70.243.96 - - [11/Mar/2022:12:04:13 +0800] "GET /xingrg/javascript/easyui/themes/default/validatebox.css HTTP/1.1" 404 1104
58.39.61.91 - - [11/Mar/2022:12:04:15 +0800] "GET /xingrg/all/function/internal_message.html?_=1646971453407&CODE_STATE=getMsg HTTP/1.1" 200 27
180.169.147.146 - - [11/Mar/2022:12:04:19 +0800] "GET /xingrg/all/function/internal_message.html?_=1646971456228&CODE_STATE=getMsg HTTP/1.1" 200 27
61.151.178.177 - - [11/Mar/2022:12:04:22 +0800] "GET /xingrg/all/function/internal_message.html?_=1646969018198&CODE_STATE=getMsg HTTP/1.1" 302 -
61.151.178.177 - - [11/Mar/2022:12:04:23 +0800] "GET /xingrg/login.html HTTP/1.1" 200 7641
120.253.135.82 - - [11/Mar/2022:12:04:23 +0800] "GET /xingrg/check_reg.html?_=1646971260005 HTTP/1.1" 200 22
120.253.135.82 - - [11/Mar/2022:12:04:23 +0800] "GET /xingrg/kc/buy/cgsh_order_operate.html?command=get_materiel&rest_code=00101&code=00101020038&supplier_code=00100106&order_time=2022-03-11 HTTP/1.1" 200 417
58.39.61.91 - - [11/Mar/2022:12:04:26 +0800] "GET /xingrg/all/function/internal_message.html?_=1646971416812&CODE_STATE=getMsg HTTP/1.1" 200 27
116.230.110.173 - - [11/Mar/2022:12:04:27 +0800] "GET /xingrg/all/function/internal_message.html?_=1646971458410&CODE_STATE=getMsg HTTP/1.1" 200 27
180.162.110.232 - - [11/Mar/2022:12:04:30 +0800] "GET /xingrg/all/function/internal_message.html?_=1646970817191&CODE_STATE=getMsg HTTP/1.1" 200 27
101.85.120.86 - - [11/Mar/2022:12:04:36 +0800] "GET /xingrg/all/function/internal_message.html?_=1646971473403&CODE_STATE=getMsg HTTP/1.1" 200 27
124.78.159.88 - - [11/Mar/2022:12:04:38 +0800] "GET /xingrg/check_reg.html?_=1646971471969 HTTP/1.1" 200 22
120.253.135.82 - - [11/Mar/2022:12:04:42 +0800] "GET /xingrg/kc/buy/cgsh_order_operate.html?command=get_materiel&rest_code=00101&code=00101013081&supplier_code=00100106&order_time=2022-03-11 HTTP/1.1" 200 409
124.78.159.88 - - [11/Mar/2022:12:04:43 +0800] "GET /xingrg/all/function/internal_message.html?_=1646971477202&CODE_STATE=getMsg HTTP/1.1" 200 27
116.230.110.173 - - [11/Mar/2022:12:04:43 +0800] "POST /xingrg/services/DataTransmitService HTTP/1.1" 200 524
222.70.243.96 - - [11/Mar/2022:12:04:43 +0800] "GET /xingrg/all/function/internal_message.html?_=1646971498196&CODE_STATE=getMsg HTTP/1.1" 200 27
116.230.110.173 - - [11/Mar/2022:12:04:43 +0800] "POST /xingrg/services/DataTransmitService HTTP/1.1" 200 501
116.230.110.173 - - [11/Mar/2022:12:04:43 +0800] "POST /xingrg/services/DataTransmitService HTTP/1.1" 200 501
116.230.110.173 - - [11/Mar/2022:12:04:43 +0800] "POST /xingrg/services/DataTransmitService HTTP/1.1" 200 412
116.233.72.145 - - [11/Mar/2022:12:04:44 +0800] "GET /xingrg/all/function/internal_message.html?_=1646971482210&CODE_STATE=getMsg HTTP/1.1" 200 27
116.233.72.145 - - [11/Mar/2022:12:04:45 +0800] "GET /xingrg/check_reg.html?_=1646971482212 HTTP/1.1" 200 22
58.39.168.32 - - [11/Mar/2022:12:04:47 +0800] "GET /xingrg/all/function/internal_message.html?_=1646971422710&CODE_STATE=getMsg HTTP/1.1" 200 27
120.253.135.82 - - [11/Mar/2022:12:04:49 +0800] "GET /xingrg/check_reg.html?_=1646971617761 HTTP/1.1" 200 22
120.253.135.82 - - [11/Mar/2022:12:04:49 +0800] "GET /xingrg/all/function/internal_message.html?_=1646971617825&CODE_STATE=getMsg HTTP/1.1" 200 27
172.20.0.100 - - [11/Mar/2022:12:04:51 +0800] "GET /xingrg/check_reg.html?_=1646971486639 HTTP/1.1" 200 22
172.20.0.100 - - [11/Mar/2022:12:04:51 +0800] "GET /xingrg/all/function/internal_message.html?_=1646971486643&CODE_STATE=getMsg HTTP/1.1" 200 27
58.39.168.32 - - [11/Mar/2022:12:04:52 +0800] "GET /xingrg/all/function/internal_message.html?_=1646971490453&CODE_STATE=getMsg HTTP/1.1" 200 27
58.39.168.32 - - [11/Mar/2022:12:04:52 +0800] "GET /xingrg/check_reg.html?_=1646971490454 HTTP/1.1" 200 22
180.169.147.146 - - [11/Mar/2022:12:04:55 +0800] "GET /xingrg/all/function/internal_message.html?_=1646971492246&CODE_STATE=getMsg HTTP/1.1" 200 27
180.169.147.146 - - [11/Mar/2022:12:04:55 +0800] "GET /xingrg/check_reg.html?_=1646971492253 HTTP/1.1" 200 22
120.253.135.82 - - [11/Mar/2022:12:04:58 +0800] "GET /xingrg/kc/buy/cgsh_order_operate.html?command=get_materiel&rest_code=00101&code=00101020335&supplier_code=00100106&order_time=2022-03-11 HTTP/1.1" 200 422
116.228.172.94 - - [11/Mar/2022:12:04:58 +0800] "GET /xingrg/all/function/internal_message.html?_=1646971453347&CODE_STATE=getMsg HTTP/1.1" 200 27
114.83.217.117 - - [11/Mar/2022:12:05:03 +0800] "GET /xingrg/all/function/internal_message.html?_=1646971499993&CODE_STATE=getMsg HTTP/1.1" 200 27
114.83.217.117 - - [11/Mar/2022:12:05:05 +0800] "GET /xingrg/check_reg.html?_=1646971501541 HTTP/1.1" 200 22
58.39.61.91 - - [11/Mar/2022:12:05:15 +0800] "GET /xingrg/check_reg.html?_=1646971513410 HTTP/1.1" 200 22
58.39.61.91 - - [11/Mar/2022:12:05:15 +0800] "GET /xingrg/all/function/internal_message.html?_=1646971513413&CODE_STATE=getMsg HTTP/1.1" 200 27
120.253.135.82 - - [11/Mar/2022:12:05:16 +0800] "GET /xingrg/kc/buy/cgsh_order_operate.html?command=get_materiel&rest_code=00101&code=00101019173&supplier_code=00100106&order_time=2022-03-11 HTTP/1.1" 200 413
180.169.147.146 - - [11/Mar/2022:12:05:19 +0800] "GET /xingrg/all/function/internal_message.html?_=1646971516228&CODE_STATE=getMsg HTTP/1.1" 200 27
120.253.135.82 - - [11/Mar/2022:12:05:26 +0800] "GET /xingrg/kc/buy/cgsh_order_operate.html?command=get_materiel&rest_code=00101&code=00101022016&supplier_code=00100106&order_time=2022-03-11 HTTP/1.1" 200 421
58.39.61.91 - - [11/Mar/2022:12:05:26 +0800] "GET /xingrg/all/function/internal_message.html?_=1646971476835&CODE_STATE=getMsg HTTP/1.1" 200 27
116.230.110.173 - - [11/Mar/2022:12:05:27 +0800] "GET /xingrg/all/function/internal_message.html?_=1646971518412&CODE_STATE=getMsg HTTP/1.1" 200 27
180.162.110.232 - - [11/Mar/2022:12:05:30 +0800] "GET /xingrg/all/function/internal_message.html?_=1646970877216&CODE_STATE=getMsg HTTP/1.1" 200 27
101.85.120.86 - - [11/Mar/2022:12:05:36 +0800] "GET /xingrg/all/function/internal_message.html?_=1646971533403&CODE_STATE=getMsg HTTP/1.1" 200 27
222.70.243.96 - - [11/Mar/2022:12:05:39 +0800] "GET /xingrg/check_reg.html?_=1646971553857 HTTP/1.1" 200 22
120.253.135.82 - - [11/Mar/2022:12:05:39 +0800] "GET /xingrg/kc/buy/cgsh_order_operate.html?command=get_materiel&rest_code=00101&code=00101013178&supplier_code=00100106&order_time=2022-03-11 HTTP/1.1" 200 409
124.78.159.88 - - [11/Mar/2022:12:05:43 +0800] "GET /xingrg/all/function/internal_message.html?_=1646971537173&CODE_STATE=getMsg HTTP/1.1" 200 27
222.70.243.96 - - [11/Mar/2022:12:05:43 +0800] "GET /xingrg/all/function/internal_message.html?_=1646971558208&CODE_STATE=getMsg HTTP/1.1" 200 27
116.233.72.145 - - [11/Mar/2022:12:05:44 +0800] "GET /xingrg/all/function/internal_message.html?_=1646971542213&CODE_STATE=getMsg HTTP/1.1" 200 27
58.39.168.32 - - [11/Mar/2022:12:05:47 +0800] "GET /xingrg/all/function/internal_message.html?_=1646971482710&CODE_STATE=getMsg HTTP/1.1" 200 27
120.253.135.82 - - [11/Mar/2022:12:05:50 +0800] "GET /xingrg/all/function/internal_message.html?_=1646971677838&CODE_STATE=getMsg HTTP/1.1" 200 27
172.20.0.100 - - [11/Mar/2022:12:05:51 +0800] "GET /xingrg/all/function/internal_message.html?_=1646971546651&CODE_STATE=getMsg HTTP/1.1" 200 27
58.39.168.32 - - [11/Mar/2022:12:05:52 +0800] "GET /xingrg/all/function/internal_message.html?_=1646971550451&CODE_STATE=getMsg HTTP/1.1" 200 27
120.253.135.82 - - [11/Mar/2022:12:05:54 +0800] "GET /xingrg/kc/buy/cgsh_order_operate.html?command=get_materiel&rest_code=00101&code=00101022052&supplier_code=00100106&order_time=2022-03-11 HTTP/1.1" 200 431
180.169.147.146 - - [11/Mar/2022:12:05:55 +0800] "GET /xingrg/all/function/internal_message.html?_=1646971552247&CODE_STATE=getMsg HTTP/1.1" 200 27
116.228.172.94 - - [11/Mar/2022:12:05:58 +0800] "GET /xingrg/all/function/internal_message.html?_=1646971513341&CODE_STATE=getMsg HTTP/1.1" 200 27
120.253.135.82 - - [11/Mar/2022:12:06:03 +0800] "GET /xingrg/kc/buy/cgsh_order_operate.html?command=get_materiel&rest_code=00101&code=00101013179&supplier_code=00100106&order_time=2022-03-11 HTTP/1.1" 200 431
114.83.217.117 - - [11/Mar/2022:12:06:03 +0800] "GET /xingrg/all/function/internal_message.html?_=1646971559968&CODE_STATE=getMsg HTTP/1.1" 200 27
180.157.251.97 - - [11/Mar/2022:12:06:08 +0800] "GET /xingrg/check_reg.html?_=1646971567027 HTTP/1.1" 200 22
114.88.156.203 - - [11/Mar/2022:12:06:13 +0800] "GET /xingrg/check_reg.html?_=1646971343608 HTTP/1.1" 200 22
58.39.61.91 - - [11/Mar/2022:12:06:14 +0800] "GET /xingrg/check_reg.html?_=1646971524702 HTTP/1.1" 200 22
58.39.61.91 - - [11/Mar/2022:12:06:15 +0800] "GET /xingrg/all/function/internal_message.html?_=1646971573413&CODE_STATE=getMsg HTTP/1.1" 200 27
180.169.147.146 - - [11/Mar/2022:12:06:19 +0800] "GET /xingrg/all/function/internal_message.html?_=1646971576222&CODE_STATE=getMsg HTTP/1.1" 200 27
120.253.135.82 - - [11/Mar/2022:12:06:20 +0800] "POST /xingrg/kc/buy/cgsh_order_operate.html HTTP/1.1" 200 37
120.253.135.82 - - [11/Mar/2022:12:06:22 +0800] "POST /xingrg/kc/buy/cgsh_order_operate.html HTTP/1.1" 200 6274
58.39.61.91 - - [11/Mar/2022:12:06:26 +0800] "GET /xingrg/all/function/internal_message.html?_=1646971536839&CODE_STATE=getMsg HTTP/1.1" 200 27
116.230.110.173 - - [11/Mar/2022:12:06:27 +0800] "GET /xingrg/all/function/internal_message.html?_=1646971578397&CODE_STATE=getMsg HTTP/1.1" 200 27
180.162.110.232 - - [11/Mar/2022:12:06:30 +0800] "GET /xingrg/all/function/internal_message.html?_=1646970937216&CODE_STATE=getMsg HTTP/1.1" 200 27
180.162.110.232 - - [11/Mar/2022:12:06:30 +0800] "GET /xingrg/check_reg.html?_=1646970937219 HTTP/1.1" 200 22
101.85.120.86 - - [11/Mar/2022:12:06:36 +0800] "GET /xingrg/check_reg.html?_=1646971593403 HTTP/1.1" 200 22
101.85.120.86 - - [11/Mar/2022:12:06:37 +0800] "GET /xingrg/all/function/internal_message.html?_=1646971593406&CODE_STATE=getMsg HTTP/1.1" 200 27
124.78.159.88 - - [11/Mar/2022:12:06:43 +0800] "GET /xingrg/all/function/internal_message.html?_=1646971597156&CODE_STATE=getMsg HTTP/1.1" 200 27
222.70.243.96 - - [11/Mar/2022:12:06:43 +0800] "GET /xingrg/all/function/internal_message.html?_=1646971618222&CODE_STATE=getMsg HTTP/1.1" 200 27
116.233.72.145 - - [11/Mar/2022:12:06:44 +0800] "GET /xingrg/all/function/internal_message.html?_=1646971602214&CODE_STATE=getMsg HTTP/1.1" 200 27
58.39.168.32 - - [11/Mar/2022:12:06:47 +0800] "GET /xingrg/all/function/internal_message.html?_=1646971542710&CODE_STATE=getMsg HTTP/1.1" 200 27
120.253.135.82 - - [11/Mar/2022:12:06:50 +0800] "GET /xingrg/all/function/internal_message.html?_=1646971737851&CODE_STATE=getMsg HTTP/1.1" 200 27
120.253.135.82 - - [11/Mar/2022:12:06:50 +0800] "POST /xingrg/kc/buy/cgsh_order_operate.html HTTP/1.1" 200 37
172.20.0.100 - - [11/Mar/2022:12:06:51 +0800] "GET /xingrg/all/function/internal_message.html?_=1646971606642&CODE_STATE=getMsg HTTP/1.1" 200 27
58.39.168.32 - - [11/Mar/2022:12:06:52 +0800] "GET /xingrg/all/function/internal_message.html?_=1646971610466&CODE_STATE=getMsg HTTP/1.1" 200 27
120.253.135.82 - - [11/Mar/2022:12:06:52 +0800] "POST /xingrg/kc/buy/cgsh_order_operate.html HTTP/1.1" 200 6274
120.253.135.82 - - [11/Mar/2022:12:06:53 +0800] "GET /xingrg/kc/buy/cgsh_order_add.html HTTP/1.1" 200 64676
120.253.135.82 - - [11/Mar/2022:12:06:53 +0800] "POST /xingrg/kc/buy/cgsh_order_operate.html HTTP/1.1" 200 8245
120.253.135.82 - - [11/Mar/2022:12:06:53 +0800] "GET /xingrg/javascript/easyui/themes/default/validatebox.css HTTP/1.1" 404 1104
120.253.135.82 - - [11/Mar/2022:12:06:54 +0800] "POST /xingrg/all/common/load_combo.html?type=employee HTTP/1.1" 200 1664
180.169.147.146 - - [11/Mar/2022:12:06:55 +0800] "GET /xingrg/all/function/internal_message.html?_=1646971612244&CODE_STATE=getMsg HTTP/1.1" 200 27
116.228.172.94 - - [11/Mar/2022:12:06:58 +0800] "GET /xingrg/all/function/internal_message.html?_=1646971573333&CODE_STATE=getMsg HTTP/1.1" 200 27
61.151.179.84 - - [11/Mar/2022:12:07:00 +0800] "GET /xingrg/all/function/internal_message.html?_=1646968778311&CODE_STATE=getMsg HTTP/1.1" 302 -
61.151.179.84 - - [11/Mar/2022:12:07:02 +0800] "GET /xingrg/login.html HTTP/1.1" 200 7641
114.83.217.117 - - [11/Mar/2022:12:07:03 +0800] "GET /xingrg/all/function/internal_message.html?_=1646971619962&CODE_STATE=getMsg HTTP/1.1" 200 27
120.253.135.82 - - [11/Mar/2022:12:07:09 +0800] "GET /xingrg/kc/buy/cgsh_order_operate.html?command=get_materiel&rest_code=00101&code=00101013032&supplier_code=00100115&order_time=2022-03-11 HTTP/1.1" 200 430
116.230.110.173 - - [11/Mar/2022:12:07:10 +0800] "GET /xingrg/kc/buy/cgsh_order_list.html HTTP/1.1" 200 49896
58.39.61.91 - - [11/Mar/2022:12:07:15 +0800] "GET /xingrg/all/function/internal_message.html?_=1646971633412&CODE_STATE=getMsg HTTP/1.1" 200 27
180.169.147.146 - - [11/Mar/2022:12:07:19 +0800] "GET /xingrg/check_reg.html?_=1646971636221 HTTP/1.1" 200 22
180.169.147.146 - - [11/Mar/2022:12:07:19 +0800] "GET /xingrg/all/function/internal_message.html?_=1646971636223&CODE_STATE=getMsg HTTP/1.1" 200 27
58.39.61.91 - - [11/Mar/2022:12:07:26 +0800] "GET /xingrg/all/function/internal_message.html?_=1646971596852&CODE_STATE=getMsg HTTP/1.1" 200 27
116.230.110.173 - - [11/Mar/2022:12:07:27 +0800] "GET /xingrg/all/function/internal_message.html?_=1646971638407&CODE_STATE=getMsg HTTP/1.1" 200 27
116.230.110.173 - - [11/Mar/2022:12:07:28 +0800] "POST /xingrg/kc/buy/cgsh_list_operate.html HTTP/1.1" 200 7130
116.230.110.173 - - [11/Mar/2022:12:07:29 +0800] "POST /xingrg/kc/buy/cgsh_list_operate.html HTTP/1.1" 200 7130
180.162.110.232 - - [11/Mar/2022:12:07:30 +0800] "GET /xingrg/all/function/internal_message.html?_=1646970997219&CODE_STATE=getMsg HTTP/1.1" 200 27
116.230.110.173 - - [11/Mar/2022:12:07:31 +0800] "POST /xingrg/kc/buy/cgsh_list_operate.html HTTP/1.1" 200 522
116.230.110.173 - - [11/Mar/2022:12:07:34 +0800] "GET /xingrg/kc/buy/cgsh_order_info.html?code=212022031103303 HTTP/1.1" 200 65644
116.230.110.173 - - [11/Mar/2022:12:07:34 +0800] "GET /xingrg/javascript/easyui/themes/default/validatebox.css HTTP/1.1" 404 1104
116.230.110.173 - - [11/Mar/2022:12:07:35 +0800] "POST /xingrg/kc/buy/cgsh_order_operate.html HTTP/1.1" 200 5055
101.85.120.86 - - [11/Mar/2022:12:07:36 +0800] "GET /xingrg/all/function/internal_message.html?_=1646971653405&CODE_STATE=getMsg HTTP/1.1" 200 27
116.230.110.173 - - [11/Mar/2022:12:07:39 +0800] "GET /xingrg/kc/print/load_data.html?order_code=212022031103303&kc_code=cgsh&condition= HTTP/1.1" 200 1664
124.78.159.88 - - [11/Mar/2022:12:07:43 +0800] "GET /xingrg/all/function/internal_message.html?_=1646971657128&CODE_STATE=getMsg HTTP/1.1" 200 27
120.253.135.82 - - [11/Mar/2022:12:07:43 +0800] "GET /xingrg/kc/buy/cgsh_order_operate.html?command=get_materiel&rest_code=00101&code=00101013190&supplier_code=00100115&order_time=2022-03-11 HTTP/1.1" 200 413
222.70.243.96 - - [11/Mar/2022:12:07:43 +0800] "GET /xingrg/all/function/internal_message.html?_=1646971678549&CODE_STATE=getMsg HTTP/1.1" 200 27
116.233.72.145 - - [11/Mar/2022:12:07:44 +0800] "GET /xingrg/all/function/internal_message.html?_=1646971662218&CODE_STATE=getMsg HTTP/1.1" 200 27
58.39.168.32 - - [11/Mar/2022:12:07:47 +0800] "GET /xingrg/check_reg.html?_=1646971602711 HTTP/1.1" 200 22
58.39.168.32 - - [11/Mar/2022:12:07:47 +0800] "GET /xingrg/all/function/internal_message.html?_=1646971602714&CODE_STATE=getMsg HTTP/1.1" 200 27
120.253.135.82 - - [11/Mar/2022:12:07:50 +0800] "GET /xingrg/all/function/internal_message.html?_=1646971797864&CODE_STATE=getMsg HTTP/1.1" 200 27
172.20.0.100 - - [11/Mar/2022:12:07:51 +0800] "GET /xingrg/all/function/internal_message.html?_=1646971666651&CODE_STATE=getMsg HTTP/1.1" 200 27
58.39.168.32 - - [11/Mar/2022:12:07:52 +0800] "GET /xingrg/all/function/internal_message.html?_=1646971670491&CODE_STATE=getMsg HTTP/1.1" 200 27
61.151.178.163 - - [11/Mar/2022:12:07:53 +0800] "GET /xingrg/kc/buy/cgsh_order_info.html?code=212022020901585 HTTP/1.1" 302 -
61.151.178.163 - - [11/Mar/2022:12:07:54 +0800] "GET /xingrg/login.html HTTP/1.1" 200 7641
180.169.147.146 - - [11/Mar/2022:12:07:55 +0800] "GET /xingrg/all/function/internal_message.html?_=1646971672262&CODE_STATE=getMsg HTTP/1.1" 200 27
116.228.172.94 - - [11/Mar/2022:12:07:58 +0800] "GET /xingrg/all/function/internal_message.html?_=1646971633338&CODE_STATE=getMsg HTTP/1.1" 200 27
116.228.172.94 - - [11/Mar/2022:12:07:58 +0800] "GET /xingrg/check_reg.html?_=1646971633342 HTTP/1.1" 200 22
120.253.135.82 - - [11/Mar/2022:12:08:03 +0800] "GET /xingrg/kc/buy/cgsh_order_operate.html?command=get_materiel&rest_code=00101&code=00101010222&supplier_code=00100115&order_time=2022-03-11 HTTP/1.1" 200 446
114.83.217.117 - - [11/Mar/2022:12:08:03 +0800] "GET /xingrg/all/function/internal_message.html?_=1646971679934&CODE_STATE=getMsg HTTP/1.1" 200 27
180.169.147.146 - - [11/Mar/2022:12:08:06 +0800] "GET /xingrg/check_reg.html?_=1646971688695 HTTP/1.1" 200 22
120.253.135.82 - - [11/Mar/2022:12:08:12 +0800] "POST /xingrg/kc/buy/cgsh_order_operate.html HTTP/1.1" 200 37
120.253.135.82 - - [11/Mar/2022:12:08:13 +0800] "POST /xingrg/kc/buy/cgsh_order_operate.html HTTP/1.1" 200 3881
120.253.135.82 - - [11/Mar/2022:12:08:14 +0800] "GET /xingrg/kc/buy/cgsh_order_add.html HTTP/1.1" 200 64676
120.253.135.82 - - [11/Mar/2022:12:08:15 +0800] "POST /xingrg/kc/buy/cgsh_order_operate.html HTTP/1.1" 200 8245
120.253.135.82 - - [11/Mar/2022:12:08:15 +0800] "GET /xingrg/javascript/easyui/themes/default/validatebox.css HTTP/1.1" 404 1104
58.39.61.91 - - [11/Mar/2022:12:08:15 +0800] "GET /xingrg/all/function/internal_message.html?_=1646971693419&CODE_STATE=getMsg HTTP/1.1" 200 27
120.253.135.82 - - [11/Mar/2022:12:08:16 +0800] "POST /xingrg/all/common/load_combo.html?type=employee HTTP/1.1" 200 1664
