58.39.61.91 - - [11/Mar/2022:09:37:19 +0800] "GET /xingrg/kc/base/wldb_order_operate.html?command=get_materiel&rest_code=00150&base_code=0010446&code=00102002216 HTTP/1.1" 200 438
114.88.156.203 - - [11/Mar/2022:09:37:23 +0800] "GET /xingrg/kc/buy/cgsh_order_operate.html?command=get_materiel&rest_code=00141&code=00102009637&supplier_code=00100075&order_time=2022-03-11 HTTP/1.1" 200 422
58.39.61.91 - - [11/Mar/2022:09:37:24 +0800] "GET /xingrg/all/function/internal_message.html?_=1646962594798&CODE_STATE=getMsg HTTP/1.1" 200 27
58.39.61.91 - - [11/Mar/2022:09:37:26 +0800] "GET /xingrg/kc/base/wldb_order_operate.html?command=get_materiel&rest_code=00150&base_code=0010446&code=00102002610 HTTP/1.1" 200 430
116.230.110.173 - - [11/Mar/2022:09:37:27 +0800] "GET /xingrg/all/function/internal_message.html?_=1646962638409&CODE_STATE=getMsg HTTP/1.1" 200 27
114.88.156.203 - - [11/Mar/2022:09:37:31 +0800] "POST /xingrg/kc/buy/cgsh_order_operate.html HTTP/1.1" 200 37
180.169.147.146 - - [11/Mar/2022:09:37:35 +0800] "GET /xingrg/all/function/internal_message.html?_=1646962652037&CODE_STATE=getMsg HTTP/1.1" 200 27
114.88.156.203 - - [11/Mar/2022:09:37:35 +0800] "POST /xingrg/kc/buy/cgsh_order_operate.html HTTP/1.1" 200 12
114.88.156.203 - - [11/Mar/2022:09:37:36 +0800] "GET /xingrg/kc/buy/cgsh_order_info.html?code=212022031103345 HTTP/1.1" 200 60619
222.70.243.96 - - [11/Mar/2022:09:37:36 +0800] "GET /xingrg/all/function/internal_message.html?_=1646962671159&CODE_STATE=getMsg HTTP/1.1" 200 27
114.88.156.203 - - [11/Mar/2022:09:37:37 +0800] "GET /xingrg/javascript/easyui/themes/default/validatebox.css HTTP/1.1" 404 1104
114.88.156.203 - - [11/Mar/2022:09:37:37 +0800] "POST /xingrg/kc/buy/cgsh_order_operate.html HTTP/1.1" 200 612
116.224.122.7 - - [11/Mar/2022:09:37:37 +0800] "GET /xingrg/all/function/internal_message.html?_=1646962698315&CODE_STATE=getMsg HTTP/1.1" 200 27
114.88.156.203 - - [11/Mar/2022:09:37:38 +0800] "GET /xingrg/kc/print/load_data.html?order_code=212022031103345&kc_code=cgsh&condition= HTTP/1.1" 200 717
58.39.61.91 - - [11/Mar/2022:09:37:41 +0800] "GET /xingrg/kc/base/wldb_order_operate.html?command=get_materiel&rest_code=00150&base_code=0010446&code=00102002439 HTTP/1.1" 200 458
58.39.168.32 - - [11/Mar/2022:09:37:46 +0800] "POST /xingrg/login.do HTTP/1.1" 302 -
58.39.168.32 - - [11/Mar/2022:09:37:46 +0800] "GET /xingrg/index.html?sysBaseUrl=http%3A%2F%2F180.169.147.146%3A18081%2Fxingrg%2F&costTime=40×tamp=1646962666412 HTTP/1.1" 200 17173
58.39.168.32 - - [11/Mar/2022:09:37:46 +0800] "GET /xingrg/javascript/jquery_easy_ui/themes/default/easyui.css HTTP/1.1" 304 -
58.39.168.32 - - [11/Mar/2022:09:37:46 +0800] "GET /xingrg/css/form.css HTTP/1.1" 304 -
58.39.168.32 - - [11/Mar/2022:09:37:46 +0800] "GET /xingrg/javascript/jquery-1.4.2.min.js HTTP/1.1" 304 -
58.39.168.32 - - [11/Mar/2022:09:37:46 +0800] "GET /xingrg/javascript/jquery_easy_ui/easyui-lang-zh_CN.js HTTP/1.1" 304 -
58.39.168.32 - - [11/Mar/2022:09:37:46 +0800] "GET /xingrg/javascript/jquery.timers.js HTTP/1.1" 304 -
58.39.168.32 - - [11/Mar/2022:09:37:46 +0800] "GET /xingrg/javascript/jquery_easy_ui/themes/icon.css HTTP/1.1" 304 -
58.39.168.32 - - [11/Mar/2022:09:37:46 +0800] "GET /xingrg/javascript/jquery_easy_ui/jquery.easyui.min.js HTTP/1.1" 304 -
58.39.168.32 - - [11/Mar/2022:09:37:46 +0800] "GET /xingrg/javascript/jquery.form.js HTTP/1.1" 304 -
58.39.168.32 - - [11/Mar/2022:09:37:46 +0800] "GET /xingrg/javascript/jquery.utils.js HTTP/1.1" 304 -
58.39.168.32 - - [11/Mar/2022:09:37:46 +0800] "GET /favicon.ico HTTP/1.1" 404 -
58.39.168.32 - - [11/Mar/2022:09:37:46 +0800] "GET /xingrg/javascript/jquery_easy_ui/themes/icons/settle_new.png HTTP/1.1" 304 -
58.39.168.32 - - [11/Mar/2022:09:37:46 +0800] "GET /xingrg/images/blue/navBackgound.jpg HTTP/1.1" 304 -
58.39.168.32 - - [11/Mar/2022:09:37:46 +0800] "POST /xingrg/all/common/load_tree.html?tree=area_rest_tree_json&manage=1 HTTP/1.1" 200 342
58.39.168.32 - - [11/Mar/2022:09:37:47 +0800] "GET /xingrg/all/function/internal_message.html?_=1646962602547&CODE_STATE=count HTTP/1.1" 200 11
58.39.168.32 - - [11/Mar/2022:09:37:47 +0800] "GET /xingrg/check_reg.html?_=1646962602549 HTTP/1.1" 200 22
58.39.168.32 - - [11/Mar/2022:09:37:47 +0800] "GET /xingrg/images/blue/pingpu.png HTTP/1.1" 304 -
58.39.168.32 - - [11/Mar/2022:09:37:47 +0800] "GET /xingrg/javascript/jquery_easy_ui/themes/default/images/tabs_rightarrow.png HTTP/1.1" 304 -
58.39.168.32 - - [11/Mar/2022:09:37:47 +0800] "GET /xingrg/javascript/jquery_easy_ui/themes/default/images/tabs_leftarrow.png HTTP/1.1" 304 -
58.39.168.32 - - [11/Mar/2022:09:37:47 +0800] "GET /xingrg/javascript/jquery_easy_ui/themes/default/images/panel_tool_collapse.gif HTTP/1.1" 304 -
58.39.168.32 - - [11/Mar/2022:09:37:47 +0800] "POST /xingrg/load_menu.html HTTP/1.1" 200 5138
58.39.168.32 - - [11/Mar/2022:09:37:47 +0800] "GET /xingrg/javascript/jquery_easy_ui/themes/default/images/tree_arrows.gif HTTP/1.1" 304 -
58.39.168.32 - - [11/Mar/2022:09:37:47 +0800] "GET /xingrg/javascript/jquery_easy_ui/themes/default/images/tree_folder_open.gif HTTP/1.1" 304 -
58.39.168.32 - - [11/Mar/2022:09:37:47 +0800] "GET /xingrg/javascript/jquery_easy_ui/themes/icons/search_new.png HTTP/1.1" 304 -
58.39.168.32 - - [11/Mar/2022:09:37:47 +0800] "GET /xingrg/javascript/jquery_easy_ui/themes/default/images/tree_folder.gif HTTP/1.1" 304 -
58.39.168.32 - - [11/Mar/2022:09:37:47 +0800] "GET /xingrg/javascript/jquery_easy_ui/themes/icons/storage_new.png HTTP/1.1" 304 -
58.39.168.32 - - [11/Mar/2022:09:37:47 +0800] "GET /xingrg/javascript/jquery_easy_ui/themes/icons/forms_new.png HTTP/1.1" 304 -
58.39.168.32 - - [11/Mar/2022:09:37:47 +0800] "GET /xingrg/javascript/jquery_easy_ui/themes/default/images/tree_file.gif HTTP/1.1" 304 -
58.39.61.91 - - [11/Mar/2022:09:37:49 +0800] "POST /xingrg/kc/base/wldb_order_operate.html HTTP/1.1" 200 37
222.70.180.114 - - [11/Mar/2022:09:37:49 +0800] "GET /xingrg/all/function/internal_message.html?_=1646962663972&CODE_STATE=getMsg HTTP/1.1" 200 27
58.39.61.91 - - [11/Mar/2022:09:37:51 +0800] "POST /xingrg/kc/base/wldb_order_operate.html HTTP/1.1" 200 12
58.39.61.91 - - [11/Mar/2022:09:37:51 +0800] "POST /xingrg/kc/base/wldb_order_operate.html HTTP/1.1" 200 3179
58.39.168.32 - - [11/Mar/2022:09:37:51 +0800] "GET /xingrg/all/function/internal_message.html?_=1646962670255&CODE_STATE=getMsg HTTP/1.1" 200 27
114.83.217.117 - - [11/Mar/2022:09:37:53 +0800] "POST /xingrg/services/DataTransmitService HTTP/1.1" 200 524
58.39.61.91 - - [11/Mar/2022:09:37:56 +0800] "GET /xingrg/kc/base/wldb_order_info.html?code=422022031100967 HTTP/1.1" 200 26161
58.39.61.91 - - [11/Mar/2022:09:37:56 +0800] "GET /xingrg/javascript/easyui/themes/default/validatebox.css HTTP/1.1" 404 1104
58.39.61.91 - - [11/Mar/2022:09:37:56 +0800] "POST /xingrg/kc/base/wldb_order_operate.html HTTP/1.1" 200 1450
58.39.61.91 - - [11/Mar/2022:09:37:58 +0800] "GET /xingrg/kc/base/wldb_order_add.html HTTP/1.1" 200 30280
58.39.61.91 - - [11/Mar/2022:09:37:58 +0800] "POST /xingrg/kc/base/wldb_order_operate.html HTTP/1.1" 200 6806
58.39.61.91 - - [11/Mar/2022:09:37:58 +0800] "GET /xingrg/javascript/easyui/themes/default/validatebox.css HTTP/1.1" 404 1104
114.83.217.117 - - [11/Mar/2022:09:38:06 +0800] "GET /xingrg/all/function/internal_message.html?_=1646962682109&CODE_STATE=getMsg HTTP/1.1" 200 27
58.39.61.91 - - [11/Mar/2022:09:38:06 +0800] "GET /xingrg/kc/base/wldb_order_operate.html?command=get_materiel&rest_code=00150&base_code=0010450&code=00101001135 HTTP/1.1" 200 434
180.169.147.146 - - [11/Mar/2022:09:38:06 +0800] "GET /xingrg/check_reg.html?_=1646962689286 HTTP/1.1" 200 22
120.253.135.82 - - [11/Mar/2022:09:38:07 +0800] "GET /xingrg/all/function/internal_message.html?_=1646962483583&CODE_STATE=getMsg HTTP/1.1" 200 27
58.39.61.91 - - [11/Mar/2022:09:38:12 +0800] "GET /xingrg/kc/base/wldb_order_operate.html?command=get_materiel&rest_code=00150&base_code=0010450&code=00101001170 HTTP/1.1" 200 435
114.83.217.117 - - [11/Mar/2022:09:38:13 +0800] "GET /xingrg/kc/buy/cgsh_order_operate.html?command=get_materiel&rest_code=00149&code=00101010310&supplier_code=00100314&order_time=2022-03-10 HTTP/1.1" 200 423
114.88.156.203 - - [11/Mar/2022:09:38:13 +0800] "GET /xingrg/all/function/internal_message.html?_=1646962463228&CODE_STATE=getMsg HTTP/1.1" 200 27
58.39.61.91 - - [11/Mar/2022:09:38:17 +0800] "GET /xingrg/kc/base/wldb_order_operate.html?command=get_materiel&rest_code=00150&base_code=0010450&code=00101003006 HTTP/1.1" 200 433
58.39.61.91 - - [11/Mar/2022:09:38:17 +0800] "GET /xingrg/all/function/internal_message.html?_=1646962696058&CODE_STATE=getMsg HTTP/1.1" 200 27
114.83.217.117 - - [11/Mar/2022:09:38:22 +0800] "POST /xingrg/kc/buy/cgsh_order_operate.html HTTP/1.1" 200 37
58.39.61.91 - - [11/Mar/2022:09:38:23 +0800] "POST /xingrg/kc/base/wldb_order_operate.html HTTP/1.1" 200 37
58.39.61.91 - - [11/Mar/2022:09:38:24 +0800] "GET /xingrg/all/function/internal_message.html?_=1646962654820&CODE_STATE=getMsg HTTP/1.1" 200 27
58.39.61.91 - - [11/Mar/2022:09:38:25 +0800] "POST /xingrg/kc/base/wldb_order_operate.html HTTP/1.1" 200 12
58.39.61.91 - - [11/Mar/2022:09:38:26 +0800] "POST /xingrg/kc/base/wldb_order_operate.html HTTP/1.1" 200 2657
116.230.110.173 - - [11/Mar/2022:09:38:27 +0800] "GET /xingrg/check_reg.html?_=1646962698398 HTTP/1.1" 200 22
116.230.110.173 - - [11/Mar/2022:09:38:27 +0800] "GET /xingrg/all/function/internal_message.html?_=1646962698402&CODE_STATE=getMsg HTTP/1.1" 200 27
114.83.217.117 - - [11/Mar/2022:09:38:29 +0800] "POST /xingrg/kc/buy/cgsh_order_operate.html HTTP/1.1" 200 12
114.83.217.117 - - [11/Mar/2022:09:38:30 +0800] "GET /xingrg/kc/buy/cgsh_order_info.html?code=212022031103346 HTTP/1.1" 200 60664
58.39.61.91 - - [11/Mar/2022:09:38:30 +0800] "GET /xingrg/kc/base/wldb_order_info.html?code=422022031100968 HTTP/1.1" 200 26157
58.39.61.91 - - [11/Mar/2022:09:38:31 +0800] "GET /xingrg/javascript/easyui/themes/default/validatebox.css HTTP/1.1" 404 1104
114.83.217.117 - - [11/Mar/2022:09:38:31 +0800] "GET /xingrg/javascript/easyui/themes/default/validatebox.css HTTP/1.1" 404 1104
58.39.61.91 - - [11/Mar/2022:09:38:31 +0800] "POST /xingrg/kc/base/wldb_order_operate.html HTTP/1.1" 200 941
114.83.217.117 - - [11/Mar/2022:09:38:31 +0800] "POST /xingrg/kc/buy/cgsh_order_operate.html HTTP/1.1" 200 618
114.83.217.117 - - [11/Mar/2022:09:38:33 +0800] "GET /xingrg/kc/print/load_data.html?order_code=212022031103346&kc_code=cgsh&condition= HTTP/1.1" 200 713
180.169.147.146 - - [11/Mar/2022:09:38:35 +0800] "GET /xingrg/all/function/internal_message.html?_=1646962712038&CODE_STATE=getMsg HTTP/1.1" 200 27
180.169.147.146 - - [11/Mar/2022:09:38:35 +0800] "GET /xingrg/check_reg.html?_=1646962712042 HTTP/1.1" 200 22
222.70.243.96 - - [11/Mar/2022:09:38:36 +0800] "GET /xingrg/all/function/internal_message.html?_=1646962731329&CODE_STATE=getMsg HTTP/1.1" 200 27
116.224.122.7 - - [11/Mar/2022:09:38:37 +0800] "GET /xingrg/check_reg.html?_=1646962758143 HTTP/1.1" 200 22
116.224.122.7 - - [11/Mar/2022:09:38:37 +0800] "GET /xingrg/all/function/internal_message.html?_=1646962758329&CODE_STATE=getMsg HTTP/1.1" 200 27
58.39.61.91 - - [11/Mar/2022:09:38:44 +0800] "GET /xingrg/kc/base/wldb_order_add.html HTTP/1.1" 200 30280
58.39.61.91 - - [11/Mar/2022:09:38:45 +0800] "POST /xingrg/kc/base/wldb_order_operate.html HTTP/1.1" 200 6806
58.39.61.91 - - [11/Mar/2022:09:38:45 +0800] "GET /xingrg/javascript/easyui/themes/default/validatebox.css HTTP/1.1" 404 1104
58.39.168.32 - - [11/Mar/2022:09:38:47 +0800] "GET /xingrg/all/function/internal_message.html?_=1646962662563&CODE_STATE=getMsg HTTP/1.1" 200 27
114.83.217.117 - - [11/Mar/2022:09:38:47 +0800] "GET /xingrg/kc/buy/cgsh_order_add.html HTTP/1.1" 200 65759
114.83.217.117 - - [11/Mar/2022:09:38:47 +0800] "POST /xingrg/kc/buy/cgsh_order_operate.html HTTP/1.1" 200 8245
114.83.217.117 - - [11/Mar/2022:09:38:48 +0800] "GET /xingrg/javascript/easyui/themes/default/validatebox.css HTTP/1.1" 404 1104
222.70.180.114 - - [11/Mar/2022:09:38:49 +0800] "GET /xingrg/all/function/internal_message.html?_=1646962723956&CODE_STATE=getMsg HTTP/1.1" 200 27
58.39.168.32 - - [11/Mar/2022:09:38:51 +0800] "GET /xingrg/all/function/internal_message.html?_=1646962730252&CODE_STATE=getMsg HTTP/1.1" 200 27
58.39.61.91 - - [11/Mar/2022:09:38:58 +0800] "GET /xingrg/kc/base/wldb_order_operate.html?command=get_materiel&rest_code=00150&base_code=0010451&code=00101005034 HTTP/1.1" 200 428
114.83.217.117 - - [11/Mar/2022:09:38:59 +0800] "GET /xingrg/kc/buy/cgsh_order_operate.html?command=get_materiel&rest_code=00149&code=00101001167&supplier_code=00100314&order_time=2022-03-10 HTTP/1.1" 200 413
58.39.61.91 - - [11/Mar/2022:09:39:02 +0800] "POST /xingrg/kc/base/wldb_order_operate.html HTTP/1.1" 200 37
58.39.61.91 - - [11/Mar/2022:09:39:05 +0800] "POST /xingrg/kc/base/wldb_order_operate.html HTTP/1.1" 200 12
58.39.61.91 - - [11/Mar/2022:09:39:05 +0800] "POST /xingrg/kc/base/wldb_order_operate.html HTTP/1.1" 200 2177
114.83.217.117 - - [11/Mar/2022:09:39:06 +0800] "GET /xingrg/all/function/internal_message.html?_=1646962742132&CODE_STATE=getMsg HTTP/1.1" 200 27
120.253.135.82 - - [11/Mar/2022:09:39:07 +0800] "GET /xingrg/all/function/internal_message.html?_=1646962543592&CODE_STATE=getMsg HTTP/1.1" 200 27
58.39.61.91 - - [11/Mar/2022:09:39:08 +0800] "GET /xingrg/kc/base/wldb_order_info.html?code=422022031100969 HTTP/1.1" 200 26154
58.39.61.91 - - [11/Mar/2022:09:39:08 +0800] "GET /xingrg/javascript/easyui/themes/default/validatebox.css HTTP/1.1" 404 1104
58.39.61.91 - - [11/Mar/2022:09:39:08 +0800] "POST /xingrg/kc/base/wldb_order_operate.html HTTP/1.1" 200 472
114.88.156.203 - - [11/Mar/2022:09:39:13 +0800] "GET /xingrg/all/function/internal_message.html?_=1646962523216&CODE_STATE=getMsg HTTP/1.1" 200 27
114.83.217.117 - - [11/Mar/2022:09:39:14 +0800] "GET /xingrg/kc/buy/cgsh_order_operate.html?command=get_materiel&rest_code=00149&code=00101001174&supplier_code=00100314&order_time=2022-03-10 HTTP/1.1" 200 416
58.39.61.91 - - [11/Mar/2022:09:39:17 +0800] "GET /xingrg/check_reg.html?_=1646962756063 HTTP/1.1" 200 22
58.39.61.91 - - [11/Mar/2022:09:39:17 +0800] "GET /xingrg/all/function/internal_message.html?_=1646962756072&CODE_STATE=getMsg HTTP/1.1" 200 27
58.39.61.91 - - [11/Mar/2022:09:39:24 +0800] "GET /xingrg/all/function/internal_message.html?_=1646962714827&CODE_STATE=getMsg HTTP/1.1" 200 27
114.83.217.117 - - [11/Mar/2022:09:39:26 +0800] "GET /xingrg/kc/buy/cgsh_order_operate.html?command=get_materiel&rest_code=00149&code=00101001017&supplier_code=00100314&order_time=2022-03-10 HTTP/1.1" 200 415
116.230.110.173 - - [11/Mar/2022:09:39:27 +0800] "GET /xingrg/all/function/internal_message.html?_=1646962758414&CODE_STATE=getMsg HTTP/1.1" 200 27
180.169.147.146 - - [11/Mar/2022:09:39:35 +0800] "GET /xingrg/all/function/internal_message.html?_=1646962772040&CODE_STATE=getMsg HTTP/1.1" 200 27
222.70.243.96 - - [11/Mar/2022:09:39:36 +0800] "GET /xingrg/all/function/internal_message.html?_=1646962791342&CODE_STATE=getMsg HTTP/1.1" 200 27
116.224.122.7 - - [11/Mar/2022:09:39:37 +0800] "GET /xingrg/all/function/internal_message.html?_=1646962818342&CODE_STATE=getMsg HTTP/1.1" 200 27
114.83.217.117 - - [11/Mar/2022:09:39:45 +0800] "POST /xingrg/kc/buy/cgsh_order_operate.html HTTP/1.1" 200 37
58.39.168.32 - - [11/Mar/2022:09:39:47 +0800] "GET /xingrg/all/function/internal_message.html?_=1646962722565&CODE_STATE=getMsg HTTP/1.1" 200 27
114.83.217.117 - - [11/Mar/2022:09:39:49 +0800] "POST /xingrg/kc/buy/cgsh_order_operate.html HTTP/1.1" 200 12
222.70.180.114 - - [11/Mar/2022:09:39:49 +0800] "GET /xingrg/all/function/internal_message.html?_=1646962783943&CODE_STATE=getMsg HTTP/1.1" 200 27
222.70.180.114 - - [11/Mar/2022:09:39:50 +0800] "GET /xingrg/check_reg.html?_=1646962784614 HTTP/1.1" 200 22
114.83.217.117 - - [11/Mar/2022:09:39:51 +0800] "GET /xingrg/kc/buy/cgsh_order_info.html?code=212022031103347 HTTP/1.1" 200 60664
114.83.217.117 - - [11/Mar/2022:09:39:51 +0800] "GET /xingrg/javascript/easyui/themes/default/validatebox.css HTTP/1.1" 404 1104
58.39.168.32 - - [11/Mar/2022:09:39:51 +0800] "GET /xingrg/all/function/internal_message.html?_=1646962790253&CODE_STATE=getMsg HTTP/1.1" 200 27
58.39.168.32 - - [11/Mar/2022:09:39:51 +0800] "GET /xingrg/check_reg.html?_=1646962790250 HTTP/1.1" 200 22
114.83.217.117 - - [11/Mar/2022:09:39:52 +0800] "POST /xingrg/kc/buy/cgsh_order_operate.html HTTP/1.1" 200 1808
114.83.217.117 - - [11/Mar/2022:09:39:53 +0800] "GET /xingrg/kc/print/load_data.html?order_code=212022031103347&kc_code=cgsh&condition= HTTP/1.1" 200 1175
114.83.217.117 - - [11/Mar/2022:09:39:57 +0800] "GET /xingrg/kc/buy/cgsh_order_add.html HTTP/1.1" 200 65759
114.83.217.117 - - [11/Mar/2022:09:39:57 +0800] "POST /xingrg/kc/buy/cgsh_order_operate.html HTTP/1.1" 200 8245
114.83.217.117 - - [11/Mar/2022:09:39:57 +0800] "GET /xingrg/javascript/easyui/themes/default/validatebox.css HTTP/1.1" 404 1104
114.83.217.117 - - [11/Mar/2022:09:40:05 +0800] "GET /xingrg/kc/buy/cgsh_order_operate.html?command=get_materiel&rest_code=00149&code=00101001168&supplier_code=00100313&order_time=2022-03-10 HTTP/1.1" 200 416
114.83.217.117 - - [11/Mar/2022:09:40:05 +0800] "GET /xingrg/check_reg.html?_=1646962801620 HTTP/1.1" 200 22
114.83.217.117 - - [11/Mar/2022:09:40:06 +0800] "GET /xingrg/all/function/internal_message.html?_=1646962802107&CODE_STATE=getMsg HTTP/1.1" 200 27
120.253.135.82 - - [11/Mar/2022:09:40:07 +0800] "GET /xingrg/all/function/internal_message.html?_=1646962603663&CODE_STATE=getMsg HTTP/1.1" 200 27
114.88.156.203 - - [11/Mar/2022:09:40:13 +0800] "GET /xingrg/all/function/internal_message.html?_=1646962583198&CODE_STATE=getMsg HTTP/1.1" 200 27
114.83.217.117 - - [11/Mar/2022:09:40:16 +0800] "GET /xingrg/kc/buy/cgsh_order_operate.html?command=get_materiel&rest_code=00149&code=00101001096&supplier_code=00100313&order_time=2022-03-10 HTTP/1.1" 200 413
58.39.61.91 - - [11/Mar/2022:09:40:17 +0800] "GET /xingrg/all/function/internal_message.html?_=1646962816069&CODE_STATE=getMsg HTTP/1.1" 200 27
114.83.217.117 - - [11/Mar/2022:09:40:24 +0800] "GET /xingrg/kc/buy/cgsh_order_operate.html?command=get_materiel&rest_code=00149&code=00102026001&supplier_code=00100313&order_time=2022-03-10 HTTP/1.1" 200 409
58.39.61.91 - - [11/Mar/2022:09:40:27 +0800] "GET /xingrg/all/function/internal_message.html?_=1646962774847&CODE_STATE=getMsg HTTP/1.1" 200 27
116.230.110.173 - - [11/Mar/2022:09:40:27 +0800] "GET /xingrg/all/function/internal_message.html?_=1646962818403&CODE_STATE=getMsg HTTP/1.1" 200 27
114.83.217.117 - - [11/Mar/2022:09:40:33 +0800] "POST /xingrg/kc/buy/cgsh_order_operate.html HTTP/1.1" 200 37
180.169.147.146 - - [11/Mar/2022:09:40:35 +0800] "GET /xingrg/all/function/internal_message.html?_=1646962832043&CODE_STATE=getMsg HTTP/1.1" 200 27
222.70.243.96 - - [11/Mar/2022:09:40:35 +0800] "GET /xingrg/check_reg.html?_=1646962850137 HTTP/1.1" 200 22
222.70.243.96 - - [11/Mar/2022:09:40:36 +0800] "GET /xingrg/all/function/internal_message.html?_=1646962851355&CODE_STATE=getMsg HTTP/1.1" 200 27
116.224.122.7 - - [11/Mar/2022:09:40:37 +0800] "GET /xingrg/all/function/internal_message.html?_=1646962878355&CODE_STATE=getMsg HTTP/1.1" 200 27
114.83.217.117 - - [11/Mar/2022:09:40:37 +0800] "POST /xingrg/kc/buy/cgsh_order_operate.html HTTP/1.1" 200 12
114.83.217.117 - - [11/Mar/2022:09:40:39 +0800] "GET /xingrg/kc/buy/cgsh_order_info.html?code=212022031103348 HTTP/1.1" 200 60666
114.83.217.117 - - [11/Mar/2022:09:40:39 +0800] "GET /xingrg/javascript/easyui/themes/default/validatebox.css HTTP/1.1" 404 1104
114.83.217.117 - - [11/Mar/2022:09:40:40 +0800] "POST /xingrg/kc/buy/cgsh_order_operate.html HTTP/1.1" 200 1799
114.83.217.117 - - [11/Mar/2022:09:40:41 +0800] "GET /xingrg/kc/print/load_data.html?order_code=212022031103348&kc_code=cgsh&condition= HTTP/1.1" 200 1168
114.83.217.117 - - [11/Mar/2022:09:40:45 +0800] "GET /xingrg/kc/buy/cgsh_order_add.html HTTP/1.1" 200 65759
114.83.217.117 - - [11/Mar/2022:09:40:45 +0800] "POST /xingrg/kc/buy/cgsh_order_operate.html HTTP/1.1" 200 8245
114.83.217.117 - - [11/Mar/2022:09:40:45 +0800] "GET /xingrg/javascript/easyui/themes/default/validatebox.css HTTP/1.1" 404 1104
58.39.168.32 - - [11/Mar/2022:09:40:47 +0800] "GET /xingrg/all/function/internal_message.html?_=1646962782565&CODE_STATE=getMsg HTTP/1.1" 200 27
120.253.135.82 - - [11/Mar/2022:09:40:47 +0800] "GET /xingrg/check_reg.html?_=1646962644444 HTTP/1.1" 200 22
222.70.180.114 - - [11/Mar/2022:09:40:49 +0800] "GET /xingrg/all/function/internal_message.html?_=1646962843928&CODE_STATE=getMsg HTTP/1.1" 200 27
58.39.168.32 - - [11/Mar/2022:09:40:51 +0800] "GET /xingrg/all/function/internal_message.html?_=1646962850250&CODE_STATE=getMsg HTTP/1.1" 200 27
114.83.217.117 - - [11/Mar/2022:09:40:54 +0800] "GET /xingrg/kc/buy/cgsh_order_operate.html?command=get_materiel&rest_code=00149&code=00101001029&supplier_code=00100312&order_time=2022-03-10 HTTP/1.1" 200 415
114.83.217.117 - - [11/Mar/2022:09:41:03 +0800] "POST /xingrg/kc/buy/cgsh_order_operate.html HTTP/1.1" 200 37
114.83.217.117 - - [11/Mar/2022:09:41:06 +0800] "GET /xingrg/all/function/internal_message.html?_=1646962862133&CODE_STATE=getMsg HTTP/1.1" 200 27
120.253.135.82 - - [11/Mar/2022:09:41:07 +0800] "GET /xingrg/all/function/internal_message.html?_=1646962663664&CODE_STATE=getMsg HTTP/1.1" 200 27
114.83.217.117 - - [11/Mar/2022:09:41:08 +0800] "POST /xingrg/kc/buy/cgsh_order_operate.html HTTP/1.1" 200 12
114.88.156.203 - - [11/Mar/2022:09:41:13 +0800] "GET /xingrg/all/function/internal_message.html?_=1646962643176&CODE_STATE=getMsg HTTP/1.1" 200 27
114.88.156.203 - - [11/Mar/2022:09:41:13 +0800] "GET /xingrg/check_reg.html?_=1646962643174 HTTP/1.1" 200 22
58.39.61.91 - - [11/Mar/2022:09:41:13 +0800] "GET /xingrg/check_reg.html?_=1646962824546 HTTP/1.1" 200 22
58.39.61.91 - - [11/Mar/2022:09:41:17 +0800] "GET /xingrg/all/function/internal_message.html?_=1646962876065&CODE_STATE=getMsg HTTP/1.1" 200 27
58.39.61.91 - - [11/Mar/2022:09:41:24 +0800] "GET /xingrg/all/function/internal_message.html?_=1646962834853&CODE_STATE=getMsg HTTP/1.1" 200 27
116.230.110.173 - - [11/Mar/2022:09:41:27 +0800] "GET /xingrg/all/function/internal_message.html?_=1646962878418&CODE_STATE=getMsg HTTP/1.1" 200 27
114.83.217.117 - - [11/Mar/2022:09:41:30 +0800] "GET /xingrg/kc/buy/cgsh_order_info.html?code=212022031103349 HTTP/1.1" 200 60666
114.83.217.117 - - [11/Mar/2022:09:41:31 +0800] "GET /xingrg/javascript/easyui/themes/default/validatebox.css HTTP/1.1" 404 1104
114.83.217.117 - - [11/Mar/2022:09:41:31 +0800] "POST /xingrg/kc/buy/cgsh_order_operate.html HTTP/1.1" 200 612
114.83.217.117 - - [11/Mar/2022:09:41:34 +0800] "GET /xingrg/kc/print/load_data.html?order_code=212022031103349&kc_code=cgsh&condition= HTTP/1.1" 200 719
180.169.147.146 - - [11/Mar/2022:09:41:35 +0800] "GET /xingrg/all/function/internal_message.html?_=1646962892045&CODE_STATE=getMsg HTTP/1.1" 200 27
222.70.243.96 - - [11/Mar/2022:09:41:36 +0800] "GET /xingrg/all/function/internal_message.html?_=1646962911370&CODE_STATE=getMsg HTTP/1.1" 200 27
116.224.122.7 - - [11/Mar/2022:09:41:37 +0800] "GET /xingrg/all/function/internal_message.html?_=1646962938371&CODE_STATE=getMsg HTTP/1.1" 200 27
114.83.217.117 - - [11/Mar/2022:09:41:39 +0800] "GET /xingrg/kc/buy/cgsh_order_add.html HTTP/1.1" 200 65759
114.83.217.117 - - [11/Mar/2022:09:41:39 +0800] "POST /xingrg/kc/buy/cgsh_order_operate.html HTTP/1.1" 200 8245
114.83.217.117 - - [11/Mar/2022:09:41:39 +0800] "GET /xingrg/javascript/easyui/themes/default/validatebox.css HTTP/1.1" 404 1104
58.39.168.32 - - [11/Mar/2022:09:41:47 +0800] "GET /xingrg/all/function/internal_message.html?_=1646962842551&CODE_STATE=getMsg HTTP/1.1" 200 27
114.83.217.117 - - [11/Mar/2022:09:41:49 +0800] "GET /xingrg/kc/buy/cgsh_order_operate.html?command=get_materiel&rest_code=00149&code=00101001125&supplier_code=00100319&order_time=2022-03-10 HTTP/1.1" 200 417
222.70.180.114 - - [11/Mar/2022:09:41:49 +0800] "GET /xingrg/all/function/internal_message.html?_=1646962903913&CODE_STATE=getMsg HTTP/1.1" 200 27
58.39.168.32 - - [11/Mar/2022:09:41:51 +0800] "GET /xingrg/all/function/internal_message.html?_=1646962910248&CODE_STATE=getMsg HTTP/1.1" 200 27
114.83.217.117 - - [11/Mar/2022:09:42:01 +0800] "POST /xingrg/kc/buy/cgsh_order_operate.html HTTP/1.1" 200 37
120.253.135.82 - - [11/Mar/2022:09:42:07 +0800] "GET /xingrg/all/function/internal_message.html?_=1646962723678&CODE_STATE=getMsg HTTP/1.1" 200 27
114.88.156.203 - - [11/Mar/2022:09:42:13 +0800] "GET /xingrg/all/function/internal_message.html?_=1646962703181&CODE_STATE=getMsg HTTP/1.1" 200 27
114.83.217.117 - - [11/Mar/2022:09:42:16 +0800] "POST /xingrg/kc/buy/cgsh_order_operate.html HTTP/1.1" 200 12
58.39.61.91 - - [11/Mar/2022:09:42:17 +0800] "GET /xingrg/all/function/internal_message.html?_=1646962936065&CODE_STATE=getMsg HTTP/1.1" 200 27
114.83.217.117 - - [11/Mar/2022:09:42:18 +0800] "GET /xingrg/kc/buy/cgsh_order_info.html?code=212022031103350 HTTP/1.1" 200 60666
114.83.217.117 - - [11/Mar/2022:09:42:18 +0800] "GET /xingrg/javascript/easyui/themes/default/validatebox.css HTTP/1.1" 404 1104
114.83.217.117 - - [11/Mar/2022:09:42:18 +0800] "POST /xingrg/kc/buy/cgsh_order_operate.html HTTP/1.1" 200 614
58.39.61.91 - - [11/Mar/2022:09:42:24 +0800] "GET /xingrg/all/function/internal_message.html?_=1646962894867&CODE_STATE=getMsg HTTP/1.1" 200 27
116.230.110.173 - - [11/Mar/2022:09:42:27 +0800] "GET /xingrg/all/function/internal_message.html?_=1646962938409&CODE_STATE=getMsg HTTP/1.1" 200 27
114.83.217.117 - - [11/Mar/2022:09:42:28 +0800] "GET /xingrg/kc/print/load_data.html?order_code=212022031103350&kc_code=cgsh&condition= HTTP/1.1" 200 713
180.169.147.146 - - [11/Mar/2022:09:42:35 +0800] "GET /xingrg/all/function/internal_message.html?_=1646962952047&CODE_STATE=getMsg HTTP/1.1" 200 27
222.70.243.96 - - [11/Mar/2022:09:42:36 +0800] "GET /xingrg/all/function/internal_message.html?_=1646962971382&CODE_STATE=getMsg HTTP/1.1" 200 27
116.224.122.7 - - [11/Mar/2022:09:42:37 +0800] "GET /xingrg/all/function/internal_message.html?_=1646962998383&CODE_STATE=getMsg HTTP/1.1" 200 27
114.83.217.117 - - [11/Mar/2022:09:42:45 +0800] "GET /xingrg/kc/buy/cgsh_order_add.html HTTP/1.1" 200 65759
114.83.217.117 - - [11/Mar/2022:09:42:46 +0800] "GET /xingrg/javascript/easyui/themes/default/validatebox.css HTTP/1.1" 404 1104
114.83.217.117 - - [11/Mar/2022:09:42:46 +0800] "POST /xingrg/kc/buy/cgsh_order_operate.html HTTP/1.1" 200 8245
58.39.168.32 - - [11/Mar/2022:09:42:47 +0800] "GET /xingrg/check_reg.html?_=1646962902552 HTTP/1.1" 200 22
58.39.168.32 - - [11/Mar/2022:09:42:47 +0800] "GET /xingrg/all/function/internal_message.html?_=1646962902556&CODE_STATE=getMsg HTTP/1.1" 200 27
222.70.180.114 - - [11/Mar/2022:09:42:49 +0800] "GET /xingrg/all/function/internal_message.html?_=1646962963896&CODE_STATE=getMsg HTTP/1.1" 200 27
58.39.168.32 - - [11/Mar/2022:09:42:51 +0800] "GET /xingrg/all/function/internal_message.html?_=1646962970247&CODE_STATE=getMsg HTTP/1.1" 200 27
114.83.217.117 - - [11/Mar/2022:09:43:06 +0800] "GET /xingrg/kc/buy/cgsh_order_operate.html?command=get_materiel&rest_code=00149&code=00101006268&supplier_code=00100442&order_time=2022-03-10 HTTP/1.1" 200 395
114.83.217.117 - - [11/Mar/2022:09:43:06 +0800] "GET /xingrg/all/function/internal_message.html?_=1646962982147&CODE_STATE=getMsg HTTP/1.1" 200 27
180.169.147.146 - - [11/Mar/2022:09:43:06 +0800] "GET /xingrg/check_reg.html?_=1646962989260 HTTP/1.1" 200 22
120.253.135.82 - - [11/Mar/2022:09:43:07 +0800] "GET /xingrg/all/function/internal_message.html?_=1646962783732&CODE_STATE=getMsg HTTP/1.1" 200 27
114.88.156.203 - - [11/Mar/2022:09:43:13 +0800] "GET /xingrg/all/function/internal_message.html?_=1646962763173&CODE_STATE=getMsg HTTP/1.1" 200 27
114.83.217.117 - - [11/Mar/2022:09:43:17 +0800] "POST /xingrg/kc/buy/cgsh_order_operate.html HTTP/1.1" 200 37
58.39.61.91 - - [11/Mar/2022:09:43:17 +0800] "GET /xingrg/all/function/internal_message.html?_=1646962996065&CODE_STATE=getMsg HTTP/1.1" 200 27
114.83.217.117 - - [11/Mar/2022:09:43:21 +0800] "POST /xingrg/kc/buy/cgsh_order_operate.html HTTP/1.1" 200 12
58.39.61.91 - - [11/Mar/2022:09:43:24 +0800] "GET /xingrg/all/function/internal_message.html?_=1646962954887&CODE_STATE=getMsg HTTP/1.1" 200 27
116.230.110.173 - - [11/Mar/2022:09:43:27 +0800] "GET /xingrg/check_reg.html?_=1646962998408 HTTP/1.1" 200 22
116.230.110.173 - - [11/Mar/2022:09:43:27 +0800] "GET /xingrg/all/function/internal_message.html?_=1646962998412&CODE_STATE=getMsg HTTP/1.1" 200 27
114.83.217.117 - - [11/Mar/2022:09:43:28 +0800] "GET /xingrg/kc/buy/cgsh_order_info.html?code=212022031103351 HTTP/1.1" 200 60664
114.83.217.117 - - [11/Mar/2022:09:43:28 +0800] "GET /xingrg/javascript/easyui/themes/default/validatebox.css HTTP/1.1" 404 1104
114.83.217.117 - - [11/Mar/2022:09:43:29 +0800] "POST /xingrg/kc/buy/cgsh_order_operate.html HTTP/1.1" 200 606
116.232.36.70 - - [11/Mar/2022:09:43:29 +0800] "POST /xingrg/services/DataTransmitService HTTP/1.1" 200 524
114.83.217.117 - - [11/Mar/2022:09:43:31 +0800] "GET /xingrg/kc/print/load_data.html?order_code=212022031103351&kc_code=cgsh&condition= HTTP/1.1" 200 708
180.169.147.146 - - [11/Mar/2022:09:43:35 +0800] "GET /xingrg/all/function/internal_message.html?_=1646963012049&CODE_STATE=getMsg HTTP/1.1" 200 27
180.169.147.146 - - [11/Mar/2022:09:43:35 +0800] "GET /xingrg/check_reg.html?_=1646963012051 HTTP/1.1" 200 22
114.83.217.117 - - [11/Mar/2022:09:43:35 +0800] "GET /xingrg/kc/buy/cgsh_order_add.html HTTP/1.1" 200 65759
114.83.217.117 - - [11/Mar/2022:09:43:35 +0800] "POST /xingrg/kc/buy/cgsh_order_operate.html HTTP/1.1" 200 8245
114.83.217.117 - - [11/Mar/2022:09:43:35 +0800] "GET /xingrg/javascript/easyui/themes/default/validatebox.css HTTP/1.1" 404 1104
222.70.243.96 - - [11/Mar/2022:09:43:37 +0800] "GET /xingrg/all/function/internal_message.html?_=1646963031568&CODE_STATE=getMsg HTTP/1.1" 200 27
116.224.122.7 - - [11/Mar/2022:09:43:37 +0800] "GET /xingrg/check_reg.html?_=1646963058151 HTTP/1.1" 200 22
116.224.122.7 - - [11/Mar/2022:09:43:37 +0800] "GET /xingrg/all/function/internal_message.html?_=1646963058397&CODE_STATE=getMsg HTTP/1.1" 200 27
114.83.217.117 - - [11/Mar/2022:09:43:46 +0800] "GET /xingrg/kc/buy/cgsh_order_operate.html?command=get_materiel&rest_code=00149&code=00101008658&supplier_code=00100485&order_time=2022-03-10 HTTP/1.1" 200 394
58.39.168.32 - - [11/Mar/2022:09:43:47 +0800] "GET /xingrg/all/function/internal_message.html?_=1646962962556&CODE_STATE=getMsg HTTP/1.1" 200 27
222.70.180.114 - - [11/Mar/2022:09:43:49 +0800] "GET /xingrg/all/function/internal_message.html?_=1646963023879&CODE_STATE=getMsg HTTP/1.1" 200 27
58.39.168.32 - - [11/Mar/2022:09:43:51 +0800] "GET /xingrg/all/function/internal_message.html?_=1646963030246&CODE_STATE=getMsg HTTP/1.1" 200 27
114.83.217.117 - - [11/Mar/2022:09:43:56 +0800] "POST /xingrg/kc/buy/cgsh_order_operate.html HTTP/1.1" 200 37
114.83.217.117 - - [11/Mar/2022:09:44:01 +0800] "POST /xingrg/kc/buy/cgsh_order_operate.html HTTP/1.1" 200 12
114.83.217.117 - - [11/Mar/2022:09:44:04 +0800] "GET /xingrg/kc/buy/cgsh_order_info.html?code=212022031103352 HTTP/1.1" 200 60664
114.83.217.117 - - [11/Mar/2022:09:44:05 +0800] "GET /xingrg/javascript/easyui/themes/default/validatebox.css HTTP/1.1" 404 1104
114.83.217.117 - - [11/Mar/2022:09:44:05 +0800] "POST /xingrg/kc/buy/cgsh_order_operate.html HTTP/1.1" 200 602
114.83.217.117 - - [11/Mar/2022:09:44:06 +0800] "GET /xingrg/all/function/internal_message.html?_=1646963042127&CODE_STATE=getMsg HTTP/1.1" 200 27
114.83.217.117 - - [11/Mar/2022:09:44:06 +0800] "GET /xingrg/kc/print/load_data.html?order_code=212022031103352&kc_code=cgsh&condition= HTTP/1.1" 200 690
120.253.135.82 - - [11/Mar/2022:09:44:07 +0800] "GET /xingrg/all/function/internal_message.html?_=1646962843737&CODE_STATE=getMsg HTTP/1.1" 200 27
114.83.217.117 - - [11/Mar/2022:09:44:10 +0800] "GET /xingrg/kc/buy/cgsh_order_add.html HTTP/1.1" 200 65759
114.83.217.117 - - [11/Mar/2022:09:44:10 +0800] "POST /xingrg/kc/buy/cgsh_order_operate.html HTTP/1.1" 200 8245
114.83.217.117 - - [11/Mar/2022:09:44:10 +0800] "GET /xingrg/javascript/easyui/themes/default/validatebox.css HTTP/1.1" 404 1104
114.88.156.203 - - [11/Mar/2022:09:44:13 +0800] "GET /xingrg/all/function/internal_message.html?_=1646962823175&CODE_STATE=getMsg HTTP/1.1" 200 27
58.39.61.91 - - [11/Mar/2022:09:44:17 +0800] "GET /xingrg/check_reg.html?_=1646963056066 HTTP/1.1" 200 22
58.39.61.91 - - [11/Mar/2022:09:44:17 +0800] "GET /xingrg/all/function/internal_message.html?_=1646963056070&CODE_STATE=getMsg HTTP/1.1" 200 27
114.83.217.117 - - [11/Mar/2022:09:44:20 +0800] "GET /xingrg/kc/buy/cgsh_order_operate.html?command=get_materiel&rest_code=00149&code=00102002521&supplier_code=00100486&order_time=2022-03-10 HTTP/1.1" 200 409
58.39.61.91 - - [11/Mar/2022:09:44:24 +0800] "GET /xingrg/all/function/internal_message.html?_=1646963014894&CODE_STATE=getMsg HTTP/1.1" 200 27
116.230.110.173 - - [11/Mar/2022:09:44:27 +0800] "GET /xingrg/all/function/internal_message.html?_=1646963058415&CODE_STATE=getMsg HTTP/1.1" 200 27
114.83.217.117 - - [11/Mar/2022:09:44:31 +0800] "POST /xingrg/kc/buy/cgsh_order_operate.html HTTP/1.1" 200 37
180.169.147.146 - - [11/Mar/2022:09:44:35 +0800] "GET /xingrg/all/function/internal_message.html?_=1646963072050&CODE_STATE=getMsg HTTP/1.1" 200 27
222.70.243.96 - - [11/Mar/2022:09:44:37 +0800] "GET /xingrg/all/function/internal_message.html?_=1646963091583&CODE_STATE=getMsg HTTP/1.1" 200 27
116.224.122.7 - - [11/Mar/2022:09:44:37 +0800] "GET /xingrg/all/function/internal_message.html?_=1646963118411&CODE_STATE=getMsg HTTP/1.1" 200 27
58.39.168.32 - - [11/Mar/2022:09:44:47 +0800] "GET /xingrg/all/function/internal_message.html?_=1646963022556&CODE_STATE=getMsg HTTP/1.1" 200 27
222.70.180.114 - - [11/Mar/2022:09:44:49 +0800] "GET /xingrg/all/function/internal_message.html?_=1646963083862&CODE_STATE=getMsg HTTP/1.1" 200 27
222.70.180.114 - - [11/Mar/2022:09:44:50 +0800] "GET /xingrg/check_reg.html?_=1646963084611 HTTP/1.1" 200 22
58.39.168.32 - - [11/Mar/2022:09:44:51 +0800] "GET /xingrg/all/function/internal_message.html?_=1646963090245&CODE_STATE=getMsg HTTP/1.1" 200 27
58.39.168.32 - - [11/Mar/2022:09:44:51 +0800] "GET /xingrg/check_reg.html?_=1646963090247 HTTP/1.1" 200 22
114.83.217.117 - - [11/Mar/2022:09:44:57 +0800] "POST /xingrg/kc/buy/cgsh_order_operate.html HTTP/1.1" 200 12
114.83.217.117 - - [11/Mar/2022:09:44:58 +0800] "GET /xingrg/kc/buy/cgsh_order_info.html?code=212022031103353 HTTP/1.1" 200 60668
114.83.217.117 - - [11/Mar/2022:09:44:58 +0800] "GET /xingrg/javascript/easyui/themes/default/validatebox.css HTTP/1.1" 404 1104
114.83.217.117 - - [11/Mar/2022:09:44:59 +0800] "POST /xingrg/kc/buy/cgsh_order_operate.html HTTP/1.1" 200 605
114.83.217.117 - - [11/Mar/2022:09:45:00 +0800] "GET /xingrg/kc/print/load_data.html?order_code=212022031103353&kc_code=cgsh&condition= HTTP/1.1" 200 699
114.83.217.117 - - [11/Mar/2022:09:45:04 +0800] "GET /xingrg/kc/buy/cgsh_order_add.html HTTP/1.1" 200 65759
114.83.217.117 - - [11/Mar/2022:09:45:04 +0800] "POST /xingrg/kc/buy/cgsh_order_operate.html HTTP/1.1" 200 8245
114.83.217.117 - - [11/Mar/2022:09:45:04 +0800] "GET /xingrg/javascript/easyui/themes/default/validatebox.css HTTP/1.1" 404 1104
114.83.217.117 - - [11/Mar/2022:09:45:05 +0800] "GET /xingrg/check_reg.html?_=1646963101623 HTTP/1.1" 200 22
114.83.217.117 - - [11/Mar/2022:09:45:06 +0800] "GET /xingrg/all/function/internal_message.html?_=1646963102110&CODE_STATE=getMsg HTTP/1.1" 200 27
120.253.135.82 - - [11/Mar/2022:09:45:07 +0800] "GET /xingrg/all/function/internal_message.html?_=1646962903801&CODE_STATE=getMsg HTTP/1.1" 200 27
114.83.217.117 - - [11/Mar/2022:09:45:13 +0800] "GET /xingrg/kc/buy/cgsh_order_operate.html?command=get_materiel&rest_code=00149&code=00101001140&supplier_code=00100090&order_time=2022-03-10 HTTP/1.1" 200 417
114.88.156.203 - - [11/Mar/2022:09:45:13 +0800] "GET /xingrg/all/function/internal_message.html?_=1646962883175&CODE_STATE=getMsg HTTP/1.1" 200 27
58.39.61.91 - - [11/Mar/2022:09:45:17 +0800] "GET /xingrg/all/function/internal_message.html?_=1646963116081&CODE_STATE=getMsg HTTP/1.1" 200 27
114.83.217.117 - - [11/Mar/2022:09:45:22 +0800] "POST /xingrg/kc/buy/cgsh_order_operate.html HTTP/1.1" 200 37
58.39.61.91 - - [11/Mar/2022:09:45:24 +0800] "GET /xingrg/all/function/internal_message.html?_=1646963074915&CODE_STATE=getMsg HTTP/1.1" 200 27
116.230.110.173 - - [11/Mar/2022:09:45:27 +0800] "GET /xingrg/all/function/internal_message.html?_=1646963118416&CODE_STATE=getMsg HTTP/1.1" 200 27
114.83.217.117 - - [11/Mar/2022:09:45:28 +0800] "POST /xingrg/kc/buy/cgsh_order_operate.html HTTP/1.1" 200 12
114.83.217.117 - - [11/Mar/2022:09:45:30 +0800] "GET /xingrg/kc/buy/cgsh_order_info.html?code=212022031103354 HTTP/1.1" 200 60666
114.83.217.117 - - [11/Mar/2022:09:45:30 +0800] "GET /xingrg/javascript/easyui/themes/default/validatebox.css HTTP/1.1" 404 1104
114.83.217.117 - - [11/Mar/2022:09:45:31 +0800] "POST /xingrg/kc/buy/cgsh_order_operate.html HTTP/1.1" 200 614
180.169.147.146 - - [11/Mar/2022:09:45:35 +0800] "GET /xingrg/all/function/internal_message.html?_=1646963132055&CODE_STATE=getMsg HTTP/1.1" 200 27
222.70.243.96 - - [11/Mar/2022:09:45:35 +0800] "GET /xingrg/check_reg.html?_=1646963150297 HTTP/1.1" 200 22
114.83.217.117 - - [11/Mar/2022:09:45:36 +0800] "GET /xingrg/kc/print/load_data.html?order_code=212022031103354&kc_code=cgsh&condition= HTTP/1.1" 200 782
222.70.243.96 - - [11/Mar/2022:09:45:37 +0800] "GET /xingrg/all/function/internal_message.html?_=1646963151595&CODE_STATE=getMsg HTTP/1.1" 200 27
116.224.122.7 - - [11/Mar/2022:09:45:37 +0800] "GET /xingrg/all/function/internal_message.html?_=1646963178423&CODE_STATE=getMsg HTTP/1.1" 200 27
114.83.217.117 - - [11/Mar/2022:09:45:39 +0800] "GET /xingrg/kc/buy/cgsh_order_add.html HTTP/1.1" 200 65759
114.83.217.117 - - [11/Mar/2022:09:45:40 +0800] "POST /xingrg/kc/buy/cgsh_order_operate.html HTTP/1.1" 200 8245
114.83.217.117 - - [11/Mar/2022:09:45:40 +0800] "GET /xingrg/javascript/easyui/themes/default/validatebox.css HTTP/1.1" 404 1104
58.39.168.32 - - [11/Mar/2022:09:45:47 +0800] "GET /xingrg/all/function/internal_message.html?_=1646963082556&CODE_STATE=getMsg HTTP/1.1" 200 27
120.253.135.82 - - [11/Mar/2022:09:45:47 +0800] "GET /xingrg/check_reg.html?_=1646962944452 HTTP/1.1" 200 22
222.70.180.114 - - [11/Mar/2022:09:45:49 +0800] "GET /xingrg/all/function/internal_message.html?_=1646963143845&CODE_STATE=getMsg HTTP/1.1" 200 27
58.39.168.32 - - [11/Mar/2022:09:45:51 +0800] "GET /xingrg/all/function/internal_message.html?_=1646963150245&CODE_STATE=getMsg HTTP/1.1" 200 27
114.83.217.117 - - [11/Mar/2022:09:46:06 +0800] "GET /xingrg/all/function/internal_message.html?_=1646963162096&CODE_STATE=getMsg HTTP/1.1" 200 27
120.253.135.82 - - [11/Mar/2022:09:46:07 +0800] "GET /xingrg/all/function/internal_message.html?_=1646962963811&CODE_STATE=getMsg HTTP/1.1" 200 27
114.88.156.203 - - [11/Mar/2022:09:46:13 +0800] "GET /xingrg/check_reg.html?_=1646962943175 HTTP/1.1" 200 22
114.88.156.203 - - [11/Mar/2022:09:46:13 +0800] "GET /xingrg/all/function/internal_message.html?_=1646962943177&CODE_STATE=getMsg HTTP/1.1" 200 27
58.39.61.91 - - [11/Mar/2022:09:46:13 +0800] "GET /xingrg/check_reg.html?_=1646963124556 HTTP/1.1" 200 22
58.39.61.91 - - [11/Mar/2022:09:46:17 +0800] "GET /xingrg/all/function/internal_message.html?_=1646963176083&CODE_STATE=getMsg HTTP/1.1" 200 27
58.39.61.91 - - [11/Mar/2022:09:46:24 +0800] "GET /xingrg/all/function/internal_message.html?_=1646963134921&CODE_STATE=getMsg HTTP/1.1" 200 27
116.230.110.173 - - [11/Mar/2022:09:46:27 +0800] "GET /xingrg/all/function/internal_message.html?_=1646963178408&CODE_STATE=getMsg HTTP/1.1" 200 27
180.169.147.146 - - [11/Mar/2022:09:46:35 +0800] "GET /xingrg/all/function/internal_message.html?_=1646963192057&CODE_STATE=getMsg HTTP/1.1" 200 27
222.70.243.96 - - [11/Mar/2022:09:46:37 +0800] "GET /xingrg/all/function/internal_message.html?_=1646963211609&CODE_STATE=getMsg HTTP/1.1" 200 27
116.224.122.7 - - [11/Mar/2022:09:46:37 +0800] "GET /xingrg/all/function/internal_message.html?_=1646963238440&CODE_STATE=getMsg HTTP/1.1" 200 27
58.39.168.32 - - [11/Mar/2022:09:46:47 +0800] "GET /xingrg/all/function/internal_message.html?_=1646963142557&CODE_STATE=getMsg HTTP/1.1" 200 27
222.70.180.114 - - [11/Mar/2022:09:46:49 +0800] "GET /xingrg/all/function/internal_message.html?_=1646963203829&CODE_STATE=getMsg HTTP/1.1" 200 27
58.39.168.32 - - [11/Mar/2022:09:46:51 +0800] "GET /xingrg/all/function/internal_message.html?_=1646963210258&CODE_STATE=getMsg HTTP/1.1" 200 27
58.39.61.91 - - [11/Mar/2022:09:46:52 +0800] "POST /xingrg/services/DataTransmitService HTTP/1.1" 200 524
114.83.217.117 - - [11/Mar/2022:09:47:06 +0800] "GET /xingrg/all/function/internal_message.html?_=1646963222084&CODE_STATE=getMsg HTTP/1.1" 200 27
120.253.135.82 - - [11/Mar/2022:09:47:07 +0800] "GET /xingrg/all/function/internal_message.html?_=1646963023824&CODE_STATE=getMsg HTTP/1.1" 200 27
114.88.156.203 - - [11/Mar/2022:09:47:13 +0800] "GET /xingrg/all/function/internal_message.html?_=1646963003203&CODE_STATE=getMsg HTTP/1.1" 200 27
58.39.61.91 - - [11/Mar/2022:09:47:17 +0800] "GET /xingrg/all/function/internal_message.html?_=1646963236083&CODE_STATE=getMsg HTTP/1.1" 200 27
58.39.61.91 - - [11/Mar/2022:09:47:24 +0800] "GET /xingrg/all/function/internal_message.html?_=1646963194934&CODE_STATE=getMsg HTTP/1.1" 200 27
116.230.110.173 - - [11/Mar/2022:09:47:27 +0800] "GET /xingrg/all/function/internal_message.html?_=1646963238398&CODE_STATE=getMsg HTTP/1.1" 200 27
180.169.147.146 - - [11/Mar/2022:09:47:35 +0800] "GET /xingrg/all/function/internal_message.html?_=1646963252057&CODE_STATE=getMsg HTTP/1.1" 200 27
222.70.243.96 - - [11/Mar/2022:09:47:37 +0800] "GET /xingrg/all/function/internal_message.html?_=1646963271622&CODE_STATE=getMsg HTTP/1.1" 200 27
116.224.122.7 - - [11/Mar/2022:09:47:37 +0800] "GET /xingrg/all/function/internal_message.html?_=1646963298451&CODE_STATE=getMsg HTTP/1.1" 200 27
58.39.168.32 - - [11/Mar/2022:09:47:47 +0800] "GET /xingrg/check_reg.html?_=1646963202557 HTTP/1.1" 200 22
58.39.168.32 - - [11/Mar/2022:09:47:47 +0800] "GET /xingrg/all/function/internal_message.html?_=1646963202560&CODE_STATE=getMsg HTTP/1.1" 200 27
222.70.180.114 - - [11/Mar/2022:09:47:49 +0800] "GET /xingrg/all/function/internal_message.html?_=1646963263812&CODE_STATE=getMsg HTTP/1.1" 200 27
58.39.168.32 - - [11/Mar/2022:09:47:51 +0800] "GET /xingrg/all/function/internal_message.html?_=1646963270258&CODE_STATE=getMsg HTTP/1.1" 200 27
114.83.217.117 - - [11/Mar/2022:09:48:06 +0800] "GET /xingrg/all/function/internal_message.html?_=1646963282072&CODE_STATE=getMsg HTTP/1.1" 200 27
180.169.147.146 - - [11/Mar/2022:09:48:06 +0800] "GET /xingrg/check_reg.html?_=1646963289236 HTTP/1.1" 200 22
120.253.135.82 - - [11/Mar/2022:09:48:07 +0800] "GET /xingrg/all/function/internal_message.html?_=1646963083882&CODE_STATE=getMsg HTTP/1.1" 200 27
114.88.156.203 - - [11/Mar/2022:09:48:13 +0800] "GET /xingrg/all/function/internal_message.html?_=1646963063204&CODE_STATE=getMsg HTTP/1.1" 200 27
58.39.61.91 - - [11/Mar/2022:09:48:17 +0800] "GET /xingrg/all/function/internal_message.html?_=1646963296084&CODE_STATE=getMsg HTTP/1.1" 200 27
58.39.61.91 - - [11/Mar/2022:09:48:24 +0800] "GET /xingrg/all/function/internal_message.html?_=1646963254957&CODE_STATE=getMsg HTTP/1.1" 200 27
116.230.110.173 - - [11/Mar/2022:09:48:27 +0800] "GET /xingrg/all/function/internal_message.html?_=1646963298409&CODE_STATE=getMsg HTTP/1.1" 200 27
116.230.110.173 - - [11/Mar/2022:09:48:27 +0800] "GET /xingrg/check_reg.html?_=1646963298411 HTTP/1.1" 200 22
180.169.147.146 - - [11/Mar/2022:09:48:35 +0800] "GET /xingrg/all/function/internal_message.html?_=1646963312059&CODE_STATE=getMsg HTTP/1.1" 200 27
180.169.147.146 - - [11/Mar/2022:09:48:35 +0800] "GET /xingrg/check_reg.html?_=1646963312062 HTTP/1.1" 200 22
222.70.243.96 - - [11/Mar/2022:09:48:37 +0800] "GET /xingrg/all/function/internal_message.html?_=1646963331795&CODE_STATE=getMsg HTTP/1.1" 200 27
116.224.122.7 - - [11/Mar/2022:09:48:37 +0800] "GET /xingrg/check_reg.html?_=1646963358160 HTTP/1.1" 200 22
116.224.122.7 - - [11/Mar/2022:09:48:37 +0800] "GET /xingrg/all/function/internal_message.html?_=1646963358467&CODE_STATE=getMsg HTTP/1.1" 200 27
58.39.168.32 - - [11/Mar/2022:09:48:47 +0800] "GET /xingrg/all/function/internal_message.html?_=1646963262560&CODE_STATE=getMsg HTTP/1.1" 200 27
222.70.180.114 - - [11/Mar/2022:09:48:49 +0800] "GET /xingrg/all/function/internal_message.html?_=1646963323797&CODE_STATE=getMsg HTTP/1.1" 200 27
58.39.168.32 - - [11/Mar/2022:09:48:51 +0800] "GET /xingrg/all/function/internal_message.html?_=1646963330257&CODE_STATE=getMsg HTTP/1.1" 200 27
114.83.217.117 - - [11/Mar/2022:09:49:06 +0800] "GET /xingrg/all/function/internal_message.html?_=1646963342058&CODE_STATE=getMsg HTTP/1.1" 200 27
120.253.135.82 - - [11/Mar/2022:09:49:07 +0800] "GET /xingrg/all/function/internal_message.html?_=1646963143899&CODE_STATE=getMsg HTTP/1.1" 200 27
114.88.156.203 - - [11/Mar/2022:09:49:13 +0800] "GET /xingrg/all/function/internal_message.html?_=1646963123202&CODE_STATE=getMsg HTTP/1.1" 200 27
58.39.61.91 - - [11/Mar/2022:09:49:17 +0800] "GET /xingrg/check_reg.html?_=1646963356071 HTTP/1.1" 200 22
58.39.61.91 - - [11/Mar/2022:09:49:17 +0800] "GET /xingrg/all/function/internal_message.html?_=1646963356074&CODE_STATE=getMsg HTTP/1.1" 200 27
58.39.61.91 - - [11/Mar/2022:09:49:24 +0800] "GET /xingrg/all/function/internal_message.html?_=1646963314978&CODE_STATE=getMsg HTTP/1.1" 200 27
116.230.110.173 - - [11/Mar/2022:09:49:27 +0800] "GET /xingrg/all/function/internal_message.html?_=1646963358401&CODE_STATE=getMsg HTTP/1.1" 200 27
180.169.147.146 - - [11/Mar/2022:09:49:35 +0800] "GET /xingrg/all/function/internal_message.html?_=1646963372060&CODE_STATE=getMsg HTTP/1.1" 200 27
222.70.243.96 - - [11/Mar/2022:09:49:37 +0800] "GET /xingrg/all/function/internal_message.html?_=1646963391806&CODE_STATE=getMsg HTTP/1.1" 200 27
116.224.122.7 - - [11/Mar/2022:09:49:37 +0800] "GET /xingrg/all/function/internal_message.html?_=1646963418478&CODE_STATE=getMsg HTTP/1.1" 200 27
58.39.168.32 - - [11/Mar/2022:09:49:47 +0800] "GET /xingrg/all/function/internal_message.html?_=1646963322561&CODE_STATE=getMsg HTTP/1.1" 200 27
222.70.180.114 - - [11/Mar/2022:09:49:49 +0800] "GET /xingrg/all/function/internal_message.html?_=1646963383772&CODE_STATE=getMsg HTTP/1.1" 200 27
222.70.180.114 - - [11/Mar/2022:09:49:50 +0800] "GET /xingrg/check_reg.html?_=1646963384618 HTTP/1.1" 200 22
58.39.168.32 - - [11/Mar/2022:09:49:51 +0800] "GET /xingrg/check_reg.html?_=1646963390257 HTTP/1.1" 200 22
58.39.168.32 - - [11/Mar/2022:09:49:51 +0800] "GET /xingrg/all/function/internal_message.html?_=1646963390260&CODE_STATE=getMsg HTTP/1.1" 200 27
114.83.217.117 - - [11/Mar/2022:09:50:05 +0800] "GET /xingrg/check_reg.html?_=1646963401612 HTTP/1.1" 200 22
114.83.217.117 - - [11/Mar/2022:09:50:06 +0800] "GET /xingrg/all/function/internal_message.html?_=1646963402054&CODE_STATE=getMsg HTTP/1.1" 200 27
120.253.135.82 - - [11/Mar/2022:09:50:07 +0800] "GET /xingrg/all/function/internal_message.html?_=1646963203968&CODE_STATE=getMsg HTTP/1.1" 200 27
114.88.156.203 - - [11/Mar/2022:09:50:13 +0800] "GET /xingrg/all/function/internal_message.html?_=1646963183194&CODE_STATE=getMsg HTTP/1.1" 200 27
58.39.61.91 - - [11/Mar/2022:09:50:17 +0800] "GET /xingrg/all/function/internal_message.html?_=1646963416086&CODE_STATE=getMsg HTTP/1.1" 200 27
58.39.61.91 - - [11/Mar/2022:09:50:24 +0800] "GET /xingrg/all/function/internal_message.html?_=1646963374999&CODE_STATE=getMsg HTTP/1.1" 200 27
116.230.110.173 - - [11/Mar/2022:09:50:27 +0800] "GET /xingrg/all/function/internal_message.html?_=1646963418406&CODE_STATE=getMsg HTTP/1.1" 200 27
180.169.147.146 - - [11/Mar/2022:09:50:35 +0800] "GET /xingrg/all/function/internal_message.html?_=1646963432062&CODE_STATE=getMsg HTTP/1.1" 200 27
222.70.243.96 - - [11/Mar/2022:09:50:36 +0800] "GET /xingrg/check_reg.html?_=1646963450460 HTTP/1.1" 200 22
222.70.243.96 - - [11/Mar/2022:09:50:37 +0800] "GET /xingrg/all/function/internal_message.html?_=1646963451819&CODE_STATE=getMsg HTTP/1.1" 200 27
116.224.122.7 - - [11/Mar/2022:09:50:37 +0800] "GET /xingrg/all/function/internal_message.html?_=1646963478491&CODE_STATE=getMsg HTTP/1.1" 200 27
58.39.168.32 - - [11/Mar/2022:09:50:47 +0800] "GET /xingrg/all/function/internal_message.html?_=1646963382562&CODE_STATE=getMsg HTTP/1.1" 200 27
120.253.135.82 - - [11/Mar/2022:09:50:47 +0800] "GET /xingrg/check_reg.html?_=1646963244456 HTTP/1.1" 200 22
222.70.180.114 - - [11/Mar/2022:09:50:49 +0800] "GET /xingrg/all/function/internal_message.html?_=1646963443772&CODE_STATE=getMsg HTTP/1.1" 200 27
58.39.168.32 - - [11/Mar/2022:09:50:51 +0800] "GET /xingrg/all/function/internal_message.html?_=1646963450244&CODE_STATE=getMsg HTTP/1.1" 200 27
114.83.217.117 - - [11/Mar/2022:09:51:05 +0800] "GET /xingrg/all/function/internal_message.html?_=1646963462038&CODE_STATE=getMsg HTTP/1.1" 200 27
120.253.135.82 - - [11/Mar/2022:09:51:07 +0800] "GET /xingrg/all/function/internal_message.html?_=1646963263972&CODE_STATE=getMsg HTTP/1.1" 200 27
114.88.156.203 - - [11/Mar/2022:09:51:13 +0800] "GET /xingrg/all/function/internal_message.html?_=1646963243201&CODE_STATE=getMsg HTTP/1.1" 200 27
114.88.156.203 - - [11/Mar/2022:09:51:13 +0800] "GET /xingrg/check_reg.html?_=1646963243203 HTTP/1.1" 200 22
58.39.61.91 - - [11/Mar/2022:09:51:14 +0800] "GET /xingrg/check_reg.html?_=1646963424560 HTTP/1.1" 200 22
58.39.61.91 - - [11/Mar/2022:09:51:17 +0800] "GET /xingrg/all/function/internal_message.html?_=1646963476088&CODE_STATE=getMsg HTTP/1.1" 200 27
58.39.61.91 - - [11/Mar/2022:09:51:24 +0800] "GET /xingrg/all/function/internal_message.html?_=1646963435005&CODE_STATE=getMsg HTTP/1.1" 200 27
