114.83.217.117 - - [11/Mar/2022:11:51:33 +0800] "GET /xingrg/javascript/easyui/themes/default/validatebox.css HTTP/1.1" 404 1104
101.85.120.86 - - [11/Mar/2022:11:51:36 +0800] "GET /xingrg/check_reg.html?_=1646970693376 HTTP/1.1" 200 22
101.85.120.86 - - [11/Mar/2022:11:51:36 +0800] "GET /xingrg/all/function/internal_message.html?_=1646970693381&CODE_STATE=getMsg HTTP/1.1" 200 27
222.70.243.96 - - [11/Mar/2022:11:51:42 +0800] "GET /xingrg/all/function/internal_message.html?_=1646970717082&CODE_STATE=getMsg HTTP/1.1" 200 27
114.83.217.117 - - [11/Mar/2022:11:51:43 +0800] "GET /xingrg/kc/buy/cgsh_order_operate.html?command=get_materiel&rest_code=00149&code=00101007032&supplier_code=00100328&order_time=2022-03-11 HTTP/1.1" 200 413
124.78.159.88 - - [11/Mar/2022:11:51:43 +0800] "GET /xingrg/all/function/internal_message.html?_=1646970697506&CODE_STATE=getMsg HTTP/1.1" 200 27
116.233.72.145 - - [11/Mar/2022:11:51:44 +0800] "GET /xingrg/all/function/internal_message.html?_=1646970702175&CODE_STATE=getMsg HTTP/1.1" 200 27
58.39.168.32 - - [11/Mar/2022:11:51:47 +0800] "GET /xingrg/all/function/internal_message.html?_=1646970642687&CODE_STATE=getMsg HTTP/1.1" 200 27
116.230.110.173 - - [11/Mar/2022:11:51:49 +0800] "GET /xingrg/kc/buy/cgsh_order_operate.html?command=get_materiel&rest_code=00155&code=00101010594&supplier_code=00100329&order_time=2022-03-11 HTTP/1.1" 200 414
58.39.168.32 - - [11/Mar/2022:11:51:52 +0800] "GET /xingrg/all/function/internal_message.html?_=1646970710450&CODE_STATE=getMsg HTTP/1.1" 200 27
114.83.217.117 - - [11/Mar/2022:11:51:54 +0800] "POST /xingrg/kc/buy/cgsh_order_operate.html HTTP/1.1" 200 37
180.169.147.146 - - [11/Mar/2022:11:51:55 +0800] "GET /xingrg/all/function/internal_message.html?_=1646970712221&CODE_STATE=getMsg HTTP/1.1" 200 27
114.83.217.117 - - [11/Mar/2022:11:51:57 +0800] "POST /xingrg/kc/buy/cgsh_order_operate.html HTTP/1.1" 200 12
114.83.217.117 - - [11/Mar/2022:11:51:58 +0800] "GET /xingrg/kc/buy/cgsh_order_info.html?code=212022031103415 HTTP/1.1" 200 60666
114.83.217.117 - - [11/Mar/2022:11:51:58 +0800] "GET /xingrg/javascript/easyui/themes/default/validatebox.css HTTP/1.1" 404 1104
116.228.172.94 - - [11/Mar/2022:11:51:58 +0800] "GET /xingrg/all/function/internal_message.html?_=1646970673356&CODE_STATE=getMsg HTTP/1.1" 200 27
114.83.217.117 - - [11/Mar/2022:11:51:59 +0800] "POST /xingrg/kc/buy/cgsh_order_operate.html HTTP/1.1" 200 608
114.83.217.117 - - [11/Mar/2022:11:52:00 +0800] "GET /xingrg/kc/print/load_data.html?order_code=212022031103415&kc_code=cgsh&condition= HTTP/1.1" 200 709
114.83.217.117 - - [11/Mar/2022:11:52:04 +0800] "GET /xingrg/all/function/internal_message.html?_=1646970720264&CODE_STATE=getMsg HTTP/1.1" 200 27
114.83.217.117 - - [11/Mar/2022:11:52:04 +0800] "GET /xingrg/kc/buy/cgsh_order_add.html HTTP/1.1" 200 65759
114.83.217.117 - - [11/Mar/2022:11:52:04 +0800] "POST /xingrg/kc/buy/cgsh_order_operate.html HTTP/1.1" 200 8245
114.83.217.117 - - [11/Mar/2022:11:52:04 +0800] "GET /xingrg/javascript/easyui/themes/default/validatebox.css HTTP/1.1" 404 1104
222.70.243.96 - - [11/Mar/2022:11:52:05 +0800] "POST /xingrg/kc/buy/cgsh_order_operate.html HTTP/1.1" 200 64
116.230.110.173 - - [11/Mar/2022:11:52:07 +0800] "POST /xingrg/kc/buy/cgsh_order_operate.html HTTP/1.1" 200 37
116.230.110.173 - - [11/Mar/2022:11:52:08 +0800] "POST /xingrg/kc/buy/cgsh_order_operate.html HTTP/1.1" 200 3266
222.70.243.96 - - [11/Mar/2022:11:52:10 +0800] "POST /xingrg/kc/buy/cgsh_order_operate.html HTTP/1.1" 200 37
116.230.110.173 - - [11/Mar/2022:11:52:10 +0800] "GET /xingrg/kc/print/load_data.html?order_code=212022031103416&kc_code=cgsh&condition= HTTP/1.1" 200 928
114.83.217.117 - - [11/Mar/2022:11:52:12 +0800] "GET /xingrg/kc/buy/cgsh_order_operate.html?command=get_materiel&rest_code=00149&code=00101001125&supplier_code=00100319&order_time=2022-03-11 HTTP/1.1" 200 417
222.70.243.96 - - [11/Mar/2022:11:52:13 +0800] "POST /xingrg/kc/buy/cgsh_order_operate.html HTTP/1.1" 200 2665
222.70.243.96 - - [11/Mar/2022:11:52:14 +0800] "GET /xingrg/kc/print/load_data.html?order_code=212022031103418&kc_code=cgsh&condition= HTTP/1.1" 200 676
58.39.61.91 - - [11/Mar/2022:11:52:15 +0800] "GET /xingrg/all/function/internal_message.html?_=1646970733372&CODE_STATE=getMsg HTTP/1.1" 200 27
180.169.147.146 - - [11/Mar/2022:11:52:19 +0800] "GET /xingrg/all/function/internal_message.html?_=1646970736194&CODE_STATE=getMsg HTTP/1.1" 200 27
180.169.147.146 - - [11/Mar/2022:11:52:19 +0800] "GET /xingrg/check_reg.html?_=1646970736196 HTTP/1.1" 200 22
114.83.217.117 - - [11/Mar/2022:11:52:22 +0800] "POST /xingrg/kc/buy/cgsh_order_operate.html HTTP/1.1" 200 37
116.230.110.173 - - [11/Mar/2022:11:52:24 +0800] "GET /xingrg/kc/buy/cgsh_order_add.html HTTP/1.1" 200 65633
116.230.110.173 - - [11/Mar/2022:11:52:24 +0800] "POST /xingrg/kc/buy/cgsh_order_operate.html HTTP/1.1" 200 8245
116.230.110.173 - - [11/Mar/2022:11:52:24 +0800] "GET /xingrg/javascript/easyui/themes/default/validatebox.css HTTP/1.1" 404 1104
114.83.217.117 - - [11/Mar/2022:11:52:25 +0800] "POST /xingrg/kc/buy/cgsh_order_operate.html HTTP/1.1" 200 12
58.39.61.91 - - [11/Mar/2022:11:52:26 +0800] "GET /xingrg/all/function/internal_message.html?_=1646970696648&CODE_STATE=getMsg HTTP/1.1" 200 27
114.83.217.117 - - [11/Mar/2022:11:52:26 +0800] "GET /xingrg/kc/buy/cgsh_order_info.html?code=212022031103419 HTTP/1.1" 200 60666
114.83.217.117 - - [11/Mar/2022:11:52:27 +0800] "GET /xingrg/javascript/easyui/themes/default/validatebox.css HTTP/1.1" 404 1104
116.230.110.173 - - [11/Mar/2022:11:52:27 +0800] "GET /xingrg/all/function/internal_message.html?_=1646970738407&CODE_STATE=getMsg HTTP/1.1" 200 27
114.83.217.117 - - [11/Mar/2022:11:52:27 +0800] "POST /xingrg/kc/buy/cgsh_order_operate.html HTTP/1.1" 200 614
114.83.217.117 - - [11/Mar/2022:11:52:29 +0800] "GET /xingrg/kc/print/load_data.html?order_code=212022031103419&kc_code=cgsh&condition= HTTP/1.1" 200 719
222.70.243.96 - - [11/Mar/2022:11:52:30 +0800] "GET /xingrg/kc/buy/cgsh_order_add.html HTTP/1.1" 200 65671
180.162.110.232 - - [11/Mar/2022:11:52:30 +0800] "GET /xingrg/all/function/internal_message.html?_=1646970097202&CODE_STATE=getMsg HTTP/1.1" 200 27
222.70.243.96 - - [11/Mar/2022:11:52:31 +0800] "POST /xingrg/kc/buy/cgsh_order_operate.html HTTP/1.1" 200 8245
222.70.243.96 - - [11/Mar/2022:11:52:32 +0800] "GET /xingrg/javascript/easyui/themes/default/validatebox.css HTTP/1.1" 404 1104
114.83.217.117 - - [11/Mar/2022:11:52:32 +0800] "GET /xingrg/kc/buy/cgsh_order_add.html HTTP/1.1" 200 65759
114.83.217.117 - - [11/Mar/2022:11:52:33 +0800] "POST /xingrg/kc/buy/cgsh_order_operate.html HTTP/1.1" 200 8245
114.83.217.117 - - [11/Mar/2022:11:52:33 +0800] "GET /xingrg/javascript/easyui/themes/default/validatebox.css HTTP/1.1" 404 1104
101.85.120.86 - - [11/Mar/2022:11:52:36 +0800] "GET /xingrg/all/function/internal_message.html?_=1646970753366&CODE_STATE=getMsg HTTP/1.1" 200 27
116.230.110.173 - - [11/Mar/2022:11:52:38 +0800] "GET /xingrg/kc/buy/cgsh_order_operate.html?command=get_materiel&rest_code=00155&code=00101020113&supplier_code=00100266&order_time=2022-03-11 HTTP/1.1" 200 409
114.83.217.117 - - [11/Mar/2022:11:52:39 +0800] "GET /xingrg/kc/buy/cgsh_order_operate.html?command=get_materiel&rest_code=00149&code=00101001019&supplier_code=00100318&order_time=2022-03-11 HTTP/1.1" 200 418
222.70.243.96 - - [11/Mar/2022:11:52:42 +0800] "GET /xingrg/all/function/internal_message.html?_=1646970777114&CODE_STATE=getMsg HTTP/1.1" 200 27
124.78.159.88 - - [11/Mar/2022:11:52:43 +0800] "GET /xingrg/all/function/internal_message.html?_=1646970757486&CODE_STATE=getMsg HTTP/1.1" 200 27
116.230.110.173 - - [11/Mar/2022:11:52:44 +0800] "GET /xingrg/kc/buy/cgsh_order_operate.html?command=get_materiel&rest_code=00155&code=00101008113&supplier_code=00100266&order_time=2022-03-11 HTTP/1.1" 200 413
116.233.72.145 - - [11/Mar/2022:11:52:44 +0800] "GET /xingrg/all/function/internal_message.html?_=1646970762178&CODE_STATE=getMsg HTTP/1.1" 200 27
61.151.178.180 - - [11/Mar/2022:11:52:46 +0800] "GET /xingrg/all/function/internal_message.html?_=1646968958230&CODE_STATE=getMsg HTTP/1.1" 302 -
58.39.168.32 - - [11/Mar/2022:11:52:47 +0800] "GET /xingrg/check_reg.html?_=1646970702713 HTTP/1.1" 200 22
58.39.168.32 - - [11/Mar/2022:11:52:47 +0800] "GET /xingrg/all/function/internal_message.html?_=1646970702716&CODE_STATE=getMsg HTTP/1.1" 200 27
61.151.178.180 - - [11/Mar/2022:11:52:47 +0800] "GET /xingrg/login.html HTTP/1.1" 200 7641
114.83.217.117 - - [11/Mar/2022:11:52:49 +0800] "POST /xingrg/kc/buy/cgsh_order_operate.html HTTP/1.1" 200 37
116.230.110.173 - - [11/Mar/2022:11:52:51 +0800] "GET /xingrg/kc/buy/cgsh_order_operate.html?command=get_materiel&rest_code=00155&code=00101010036&supplier_code=00100266&order_time=2022-03-11 HTTP/1.1" 200 415
58.39.168.32 - - [11/Mar/2022:11:52:52 +0800] "GET /xingrg/all/function/internal_message.html?_=1646970770465&CODE_STATE=getMsg HTTP/1.1" 200 27
180.169.147.146 - - [11/Mar/2022:11:52:55 +0800] "GET /xingrg/all/function/internal_message.html?_=1646970772221&CODE_STATE=getMsg HTTP/1.1" 200 27
114.83.217.117 - - [11/Mar/2022:11:52:58 +0800] "POST /xingrg/kc/buy/cgsh_order_operate.html HTTP/1.1" 200 12
116.228.172.94 - - [11/Mar/2022:11:52:58 +0800] "GET /xingrg/check_reg.html?_=1646970733334 HTTP/1.1" 200 22
116.228.172.94 - - [11/Mar/2022:11:52:58 +0800] "GET /xingrg/all/function/internal_message.html?_=1646970733337&CODE_STATE=getMsg HTTP/1.1" 200 27
114.83.217.117 - - [11/Mar/2022:11:53:01 +0800] "GET /xingrg/kc/buy/cgsh_order_info.html?code=212022031103420 HTTP/1.1" 200 60666
116.230.110.173 - - [11/Mar/2022:11:53:01 +0800] "GET /xingrg/kc/buy/cgsh_order_operate.html?command=get_materiel&rest_code=00155&code=00101005047&supplier_code=00100266&order_time=2022-03-11 HTTP/1.1" 200 413
114.83.217.117 - - [11/Mar/2022:11:53:02 +0800] "GET /xingrg/javascript/easyui/themes/default/validatebox.css HTTP/1.1" 404 1104
114.83.217.117 - - [11/Mar/2022:11:53:02 +0800] "POST /xingrg/kc/buy/cgsh_order_operate.html HTTP/1.1" 200 615
114.83.217.117 - - [11/Mar/2022:11:53:04 +0800] "GET /xingrg/all/function/internal_message.html?_=1646970780246&CODE_STATE=getMsg HTTP/1.1" 200 27
180.169.147.146 - - [11/Mar/2022:11:53:06 +0800] "GET /xingrg/check_reg.html?_=1646970788744 HTTP/1.1" 200 22
222.70.243.96 - - [11/Mar/2022:11:53:06 +0800] "GET /xingrg/kc/buy/cgsh_order_operate.html?command=get_materiel&rest_code=00146&code=00101001079&supplier_code=00100266&order_time=2022-03-11 HTTP/1.1" 200 413
116.230.110.173 - - [11/Mar/2022:11:53:09 +0800] "POST /xingrg/kc/buy/cgsh_order_operate.html HTTP/1.1" 200 37
116.230.110.173 - - [11/Mar/2022:11:53:10 +0800] "POST /xingrg/kc/buy/cgsh_order_operate.html HTTP/1.1" 200 4433
116.230.110.173 - - [11/Mar/2022:11:53:11 +0800] "GET /xingrg/kc/print/load_data.html?order_code=212022031103421&kc_code=cgsh&condition= HTTP/1.1" 200 1352
58.39.61.91 - - [11/Mar/2022:11:53:15 +0800] "GET /xingrg/all/function/internal_message.html?_=1646970793374&CODE_STATE=getMsg HTTP/1.1" 200 27
116.230.110.173 - - [11/Mar/2022:11:53:16 +0800] "GET /xingrg/kc/buy/cgsh_order_add.html HTTP/1.1" 200 65633
116.230.110.173 - - [11/Mar/2022:11:53:16 +0800] "POST /xingrg/kc/buy/cgsh_order_operate.html HTTP/1.1" 200 8245
116.230.110.173 - - [11/Mar/2022:11:53:17 +0800] "GET /xingrg/javascript/easyui/themes/default/validatebox.css HTTP/1.1" 404 1104
114.83.217.117 - - [11/Mar/2022:11:53:18 +0800] "GET /xingrg/kc/print/load_data.html?order_code=212022031103420&kc_code=cgsh&condition= HTTP/1.1" 200 723
180.169.147.146 - - [11/Mar/2022:11:53:19 +0800] "GET /xingrg/all/function/internal_message.html?_=1646970796196&CODE_STATE=getMsg HTTP/1.1" 200 27
58.39.61.91 - - [11/Mar/2022:11:53:26 +0800] "GET /xingrg/all/function/internal_message.html?_=1646970756670&CODE_STATE=getMsg HTTP/1.1" 200 27
116.230.110.173 - - [11/Mar/2022:11:53:27 +0800] "GET /xingrg/all/function/internal_message.html?_=1646970798399&CODE_STATE=getMsg HTTP/1.1" 200 27
116.230.110.173 - - [11/Mar/2022:11:53:27 +0800] "GET /xingrg/check_reg.html?_=1646970798401 HTTP/1.1" 200 22
222.70.243.96 - - [11/Mar/2022:11:53:29 +0800] "GET /xingrg/kc/buy/cgsh_order_operate.html?command=get_materiel&rest_code=00146&code=00101001261&supplier_code=00100266&order_time=2022-03-11 HTTP/1.1" 200 398
180.162.110.232 - - [11/Mar/2022:11:53:30 +0800] "GET /xingrg/all/function/internal_message.html?_=1646970157202&CODE_STATE=getMsg HTTP/1.1" 200 27
116.230.110.173 - - [11/Mar/2022:11:53:31 +0800] "GET /xingrg/kc/buy/cgsh_order_operate.html?command=get_materiel&rest_code=00155&code=00101014017&supplier_code=00100211&order_time=2022-03-11 HTTP/1.1" 200 419
101.85.120.86 - - [11/Mar/2022:11:53:36 +0800] "GET /xingrg/all/function/internal_message.html?_=1646970813367&CODE_STATE=getMsg HTTP/1.1" 200 27
116.230.110.173 - - [11/Mar/2022:11:53:41 +0800] "GET /xingrg/kc/buy/cgsh_order_operate.html?command=get_materiel&rest_code=00155&code=00101014109&supplier_code=00100211&order_time=2022-03-11 HTTP/1.1" 200 400
222.70.243.96 - - [11/Mar/2022:11:53:42 +0800] "GET /xingrg/all/function/internal_message.html?_=1646970837124&CODE_STATE=getMsg HTTP/1.1" 200 27
124.78.159.88 - - [11/Mar/2022:11:53:43 +0800] "GET /xingrg/all/function/internal_message.html?_=1646970817490&CODE_STATE=getMsg HTTP/1.1" 200 27
116.233.72.145 - - [11/Mar/2022:11:53:44 +0800] "GET /xingrg/all/function/internal_message.html?_=1646970822180&CODE_STATE=getMsg HTTP/1.1" 200 27
58.39.168.32 - - [11/Mar/2022:11:53:47 +0800] "GET /xingrg/all/function/internal_message.html?_=1646970762716&CODE_STATE=getMsg HTTP/1.1" 200 27
116.230.110.173 - - [11/Mar/2022:11:53:47 +0800] "POST /xingrg/kc/buy/cgsh_order_operate.html HTTP/1.1" 200 37
116.230.110.173 - - [11/Mar/2022:11:53:48 +0800] "POST /xingrg/kc/buy/cgsh_order_operate.html HTTP/1.1" 200 3258
116.230.110.173 - - [11/Mar/2022:11:53:49 +0800] "GET /xingrg/kc/print/load_data.html?order_code=212022031103422&kc_code=cgsh&condition= HTTP/1.1" 200 908
58.39.168.32 - - [11/Mar/2022:11:53:52 +0800] "GET /xingrg/all/function/internal_message.html?_=1646970830463&CODE_STATE=getMsg HTTP/1.1" 200 27
116.230.110.173 - - [11/Mar/2022:11:53:55 +0800] "GET /xingrg/kc/buy/cgsh_order_add.html HTTP/1.1" 200 65633
116.230.110.173 - - [11/Mar/2022:11:53:55 +0800] "POST /xingrg/kc/buy/cgsh_order_operate.html HTTP/1.1" 200 8245
180.169.147.146 - - [11/Mar/2022:11:53:55 +0800] "GET /xingrg/all/function/internal_message.html?_=1646970832221&CODE_STATE=getMsg HTTP/1.1" 200 27
116.230.110.173 - - [11/Mar/2022:11:53:55 +0800] "GET /xingrg/javascript/easyui/themes/default/validatebox.css HTTP/1.1" 404 1104
116.228.172.94 - - [11/Mar/2022:11:53:58 +0800] "GET /xingrg/all/function/internal_message.html?_=1646970793345&CODE_STATE=getMsg HTTP/1.1" 200 27
222.70.243.96 - - [11/Mar/2022:11:53:58 +0800] "GET /xingrg/kc/buy/cgsh_order_operate.html?command=get_materiel&rest_code=00146&code=00101006026&supplier_code=00100266&order_time=2022-03-11 HTTP/1.1" 200 409
116.230.110.173 - - [11/Mar/2022:11:54:02 +0800] "GET /xingrg/kc/buy/cgsh_order_operate.html?command=get_materiel&rest_code=00155&code=00101001051&supplier_code=00100094&order_time=2022-03-11 HTTP/1.1" 200 424
114.83.217.117 - - [11/Mar/2022:11:54:04 +0800] "GET /xingrg/all/function/internal_message.html?_=1646970840226&CODE_STATE=getMsg HTTP/1.1" 200 27
116.230.110.173 - - [11/Mar/2022:11:54:09 +0800] "POST /xingrg/kc/buy/cgsh_order_operate.html HTTP/1.1" 200 37
116.230.110.173 - - [11/Mar/2022:11:54:10 +0800] "POST /xingrg/kc/buy/cgsh_order_operate.html HTTP/1.1" 200 2669
116.230.110.173 - - [11/Mar/2022:11:54:11 +0800] "GET /xingrg/kc/print/load_data.html?order_code=212022031103423&kc_code=cgsh&condition= HTTP/1.1" 200 762
58.39.61.91 - - [11/Mar/2022:11:54:15 +0800] "GET /xingrg/all/function/internal_message.html?_=1646970853374&CODE_STATE=getMsg HTTP/1.1" 200 27
116.230.110.173 - - [11/Mar/2022:11:54:16 +0800] "GET /xingrg/kc/buy/cgsh_order_add.html HTTP/1.1" 200 65633
116.230.110.173 - - [11/Mar/2022:11:54:16 +0800] "POST /xingrg/kc/buy/cgsh_order_operate.html HTTP/1.1" 200 8245
116.230.110.173 - - [11/Mar/2022:11:54:16 +0800] "GET /xingrg/javascript/easyui/themes/default/validatebox.css HTTP/1.1" 404 1104
61.151.178.180 - - [11/Mar/2022:11:54:17 +0800] "GET /xingrg/all/function/internal_message.html?_=1646968478438&CODE_STATE=getMsg HTTP/1.1" 302 -
61.151.178.180 - - [11/Mar/2022:11:54:18 +0800] "GET /xingrg/login.html HTTP/1.1" 200 7641
180.169.147.146 - - [11/Mar/2022:11:54:19 +0800] "GET /xingrg/all/function/internal_message.html?_=1646970856197&CODE_STATE=getMsg HTTP/1.1" 200 27
222.70.243.96 - - [11/Mar/2022:11:54:20 +0800] "GET /xingrg/kc/buy/cgsh_order_operate.html?command=get_materiel&rest_code=00146&code=00101001109&supplier_code=00100266&order_time=2022-03-11 HTTP/1.1" 200 415
120.253.135.82 - - [11/Mar/2022:11:54:23 +0800] "GET /xingrg/check_reg.html?_=1646970659901 HTTP/1.1" 200 22
58.39.61.91 - - [11/Mar/2022:11:54:26 +0800] "GET /xingrg/all/function/internal_message.html?_=1646970816676&CODE_STATE=getMsg HTTP/1.1" 200 27
116.230.110.173 - - [11/Mar/2022:11:54:26 +0800] "GET /xingrg/kc/buy/cgsh_order_operate.html?command=get_materiel&rest_code=00155&code=00101012046&supplier_code=00100487&order_time=2022-03-11 HTTP/1.1" 200 417
116.230.110.173 - - [11/Mar/2022:11:54:27 +0800] "GET /xingrg/all/function/internal_message.html?_=1646970858412&CODE_STATE=getMsg HTTP/1.1" 200 27
180.162.110.232 - - [11/Mar/2022:11:54:30 +0800] "GET /xingrg/all/function/internal_message.html?_=1646970217202&CODE_STATE=getMsg HTTP/1.1" 200 27
116.230.110.173 - - [11/Mar/2022:11:54:34 +0800] "GET /xingrg/kc/buy/cgsh_order_operate.html?command=get_materiel&rest_code=00155&code=00101008599&supplier_code=00100487&order_time=2022-03-11 HTTP/1.1" 200 392
101.85.120.86 - - [11/Mar/2022:11:54:36 +0800] "GET /xingrg/all/function/internal_message.html?_=1646970873368&CODE_STATE=getMsg HTTP/1.1" 200 27
124.78.159.88 - - [11/Mar/2022:11:54:37 +0800] "GET /xingrg/check_reg.html?_=1646970871963 HTTP/1.1" 200 22
116.230.110.173 - - [11/Mar/2022:11:54:40 +0800] "POST /xingrg/kc/buy/cgsh_order_operate.html HTTP/1.1" 200 37
116.230.110.173 - - [11/Mar/2022:11:54:41 +0800] "POST /xingrg/kc/buy/cgsh_order_operate.html HTTP/1.1" 200 3246
116.230.110.173 - - [11/Mar/2022:11:54:41 +0800] "GET /xingrg/kc/print/load_data.html?order_code=212022031103424&kc_code=cgsh&condition= HTTP/1.1" 200 910
222.70.243.96 - - [11/Mar/2022:11:54:42 +0800] "GET /xingrg/all/function/internal_message.html?_=1646970897138&CODE_STATE=getMsg HTTP/1.1" 200 27
124.78.159.88 - - [11/Mar/2022:11:54:43 +0800] "GET /xingrg/all/function/internal_message.html?_=1646970877457&CODE_STATE=getMsg HTTP/1.1" 200 27
116.233.72.145 - - [11/Mar/2022:11:54:44 +0800] "GET /xingrg/all/function/internal_message.html?_=1646970882183&CODE_STATE=getMsg HTTP/1.1" 200 27
116.233.72.145 - - [11/Mar/2022:11:54:45 +0800] "GET /xingrg/check_reg.html?_=1646970882184 HTTP/1.1" 200 22
172.20.0.100 - - [11/Mar/2022:11:54:45 +0800] "GET /xingrg/login.html HTTP/1.1" 200 7636
172.20.0.100 - - [11/Mar/2022:11:54:45 +0800] "GET /xingrg/images/blue/jxLogo.png HTTP/1.1" 200 6156
172.20.0.100 - - [11/Mar/2022:11:54:45 +0800] "GET /xingrg/images/blue/login_bg.png HTTP/1.1" 200 22101
172.20.0.100 - - [11/Mar/2022:11:54:45 +0800] "GET /xingrg/images/blue/hj.png HTTP/1.1" 200 1014
172.20.0.100 - - [11/Mar/2022:11:54:45 +0800] "GET /xingrg/images/blue/srbg.png HTTP/1.1" 200 138
172.20.0.100 - - [11/Mar/2022:11:54:46 +0800] "GET /favicon.ico HTTP/1.1" 404 -
58.39.168.32 - - [11/Mar/2022:11:54:47 +0800] "GET /xingrg/all/function/internal_message.html?_=1646970822716&CODE_STATE=getMsg HTTP/1.1" 200 27
172.20.0.100 - - [11/Mar/2022:11:54:50 +0800] "POST /xingrg/login.do HTTP/1.1" 302 -
172.20.0.100 - - [11/Mar/2022:11:54:50 +0800] "GET /xingrg/index.html?sysBaseUrl=http%3A%2F%2F172.20.0.8%3A18081%2Fxingrg%2F&costTime=48×tamp=1646970890537 HTTP/1.1" 200 17448
172.20.0.100 - - [11/Mar/2022:11:54:50 +0800] "GET /xingrg/javascript/jquery_easy_ui/themes/icon.css HTTP/1.1" 200 3949
172.20.0.100 - - [11/Mar/2022:11:54:50 +0800] "GET /xingrg/javascript/jquery_easy_ui/themes/default/easyui.css HTTP/1.1" 200 26500
172.20.0.100 - - [11/Mar/2022:11:54:50 +0800] "GET /xingrg/css/form.css HTTP/1.1" 200 893
172.20.0.100 - - [11/Mar/2022:11:54:50 +0800] "GET /xingrg/javascript/jquery_easy_ui/jquery.easyui.min.js HTTP/1.1" 200 213662
172.20.0.100 - - [11/Mar/2022:11:54:50 +0800] "GET /xingrg/javascript/jquery_easy_ui/easyui-lang-zh_CN.js HTTP/1.1" 200 1900
172.20.0.100 - - [11/Mar/2022:11:54:50 +0800] "GET /xingrg/javascript/jquery-1.4.2.min.js HTTP/1.1" 200 72205
172.20.0.100 - - [11/Mar/2022:11:54:50 +0800] "GET /xingrg/javascript/jquery.form.js HTTP/1.1" 200 23110
172.20.0.100 - - [11/Mar/2022:11:54:50 +0800] "GET /xingrg/javascript/jquery.utils.js HTTP/1.1" 200 11805
172.20.0.100 - - [11/Mar/2022:11:54:50 +0800] "GET /xingrg/javascript/jquery.timers.js HTTP/1.1" 200 3532
172.20.0.100 - - [11/Mar/2022:11:54:50 +0800] "GET /favicon.ico HTTP/1.1" 404 -
172.20.0.100 - - [11/Mar/2022:11:54:50 +0800] "GET /xingrg/images/blue/navBackgound.jpg HTTP/1.1" 200 12378
172.20.0.100 - - [11/Mar/2022:11:54:50 +0800] "GET /xingrg/javascript/jquery_easy_ui/themes/icons/settle_new.png HTTP/1.1" 200 826
172.20.0.100 - - [11/Mar/2022:11:54:50 +0800] "POST /xingrg/all/common/load_tree.html?tree=area_rest_tree_json&manage=1 HTTP/1.1" 200 3472
172.20.0.100 - - [11/Mar/2022:11:54:51 +0800] "GET /xingrg/all/function/internal_message.html?_=1646970886627&CODE_STATE=count HTTP/1.1" 200 11
172.20.0.100 - - [11/Mar/2022:11:54:51 +0800] "GET /xingrg/check_reg.html?_=1646970886629 HTTP/1.1" 200 22
172.20.0.100 - - [11/Mar/2022:11:54:51 +0800] "GET /xingrg/images/blue/pingpu.png HTTP/1.1" 200 231
172.20.0.100 - - [11/Mar/2022:11:54:51 +0800] "GET /xingrg/javascript/jquery_easy_ui/themes/default/images/tabs_leftarrow.png HTTP/1.1" 200 389
172.20.0.100 - - [11/Mar/2022:11:54:51 +0800] "GET /xingrg/javascript/jquery_easy_ui/themes/default/images/tabs_rightarrow.png HTTP/1.1" 200 395
172.20.0.100 - - [11/Mar/2022:11:54:51 +0800] "GET /xingrg/javascript/jquery_easy_ui/themes/default/images/panel_tool_expand.gif HTTP/1.1" 200 247
172.20.0.100 - - [11/Mar/2022:11:54:51 +0800] "GET /xingrg/javascript/jquery_easy_ui/themes/default/images/panel_tool_collapse.gif HTTP/1.1" 200 246
172.20.0.100 - - [11/Mar/2022:11:54:51 +0800] "POST /xingrg/load_menu.html HTTP/1.1" 200 11529
172.20.0.100 - - [11/Mar/2022:11:54:51 +0800] "GET /xingrg/javascript/jquery_easy_ui/themes/default/images/tree_arrows.gif HTTP/1.1" 200 1043
172.20.0.100 - - [11/Mar/2022:11:54:51 +0800] "GET /xingrg/javascript/jquery_easy_ui/themes/default/images/tree_folder_open.gif HTTP/1.1" 200 956
172.20.0.100 - - [11/Mar/2022:11:54:51 +0800] "GET /xingrg/javascript/jquery_easy_ui/themes/icons/search_new.png HTTP/1.1" 200 586
172.20.0.100 - - [11/Mar/2022:11:54:51 +0800] "GET /xingrg/javascript/jquery_easy_ui/themes/icons/delivery_new.png HTTP/1.1" 200 700
172.20.0.100 - - [11/Mar/2022:11:54:51 +0800] "GET /xingrg/javascript/jquery_easy_ui/themes/icons/storage_new.png HTTP/1.1" 200 853
172.20.0.100 - - [11/Mar/2022:11:54:51 +0800] "GET /xingrg/javascript/jquery_easy_ui/themes/icons/forms_new.png HTTP/1.1" 200 350
172.20.0.100 - - [11/Mar/2022:11:54:51 +0800] "GET /xingrg/javascript/jquery_easy_ui/themes/icons/checkout_new.png HTTP/1.1" 200 744
172.20.0.100 - - [11/Mar/2022:11:54:51 +0800] "GET /xingrg/javascript/jquery_easy_ui/themes/icons/setting_new.png HTTP/1.1" 200 450
172.20.0.100 - - [11/Mar/2022:11:54:51 +0800] "GET /xingrg/javascript/jquery_easy_ui/themes/icons/systemset_new.png HTTP/1.1" 200 606
172.20.0.100 - - [11/Mar/2022:11:54:51 +0800] "GET /xingrg/javascript/jquery_easy_ui/themes/default/images/tree_file.gif HTTP/1.1" 200 118
172.20.0.100 - - [11/Mar/2022:11:54:51 +0800] "GET /xingrg/javascript/jquery_easy_ui/themes/default/images/tree_folder.gif HTTP/1.1" 200 952
58.39.168.32 - - [11/Mar/2022:11:54:52 +0800] "GET /xingrg/check_reg.html?_=1646970890461 HTTP/1.1" 200 22
58.39.168.32 - - [11/Mar/2022:11:54:52 +0800] "GET /xingrg/all/function/internal_message.html?_=1646970890464&CODE_STATE=getMsg HTTP/1.1" 200 27
180.169.147.146 - - [11/Mar/2022:11:54:55 +0800] "GET /xingrg/all/function/internal_message.html?_=1646970892227&CODE_STATE=getMsg HTTP/1.1" 200 27
180.169.147.146 - - [11/Mar/2022:11:54:55 +0800] "GET /xingrg/check_reg.html?_=1646970892229 HTTP/1.1" 200 22
116.228.172.94 - - [11/Mar/2022:11:54:58 +0800] "GET /xingrg/all/function/internal_message.html?_=1646970853345&CODE_STATE=getMsg HTTP/1.1" 200 27
114.83.217.117 - - [11/Mar/2022:11:55:04 +0800] "GET /xingrg/all/function/internal_message.html?_=1646970900213&CODE_STATE=getMsg HTTP/1.1" 200 27
114.83.217.117 - - [11/Mar/2022:11:55:05 +0800] "GET /xingrg/check_reg.html?_=1646970901561 HTTP/1.1" 200 22
58.39.168.32 - - [11/Mar/2022:11:55:11 +0800] "POST /xingrg/services/DataTransmitService HTTP/1.1" 200 524
58.39.61.91 - - [11/Mar/2022:11:55:15 +0800] "GET /xingrg/check_reg.html?_=1646970913385 HTTP/1.1" 200 22
116.230.110.173 - - [11/Mar/2022:11:55:15 +0800] "GET /xingrg/kc/buy/cgsh_order_add.html HTTP/1.1" 200 65633
58.39.61.91 - - [11/Mar/2022:11:55:15 +0800] "GET /xingrg/all/function/internal_message.html?_=1646970913388&CODE_STATE=getMsg HTTP/1.1" 200 27
116.230.110.173 - - [11/Mar/2022:11:55:15 +0800] "POST /xingrg/kc/buy/cgsh_order_operate.html HTTP/1.1" 200 8245
116.230.110.173 - - [11/Mar/2022:11:55:15 +0800] "GET /xingrg/javascript/easyui/themes/default/validatebox.css HTTP/1.1" 404 1104
58.39.168.32 - - [11/Mar/2022:11:55:16 +0800] "POST /xingrg/services/DataTransmitService HTTP/1.1" 200 501
180.169.147.146 - - [11/Mar/2022:11:55:19 +0800] "GET /xingrg/all/function/internal_message.html?_=1646970916224&CODE_STATE=getMsg HTTP/1.1" 200 27
222.70.243.96 - - [11/Mar/2022:11:55:20 +0800] "GET /xingrg/kc/buy/cgsh_order_operate.html?command=get_materiel&rest_code=00146&code=00101006060&supplier_code=00100266&order_time=2022-03-11 HTTP/1.1" 200 409
116.230.110.173 - - [11/Mar/2022:11:55:24 +0800] "GET /xingrg/kc/buy/cgsh_order_operate.html?command=get_materiel&rest_code=00155&code=00101010108&supplier_code=00100336&order_time=2022-03-11 HTTP/1.1" 200 421
58.39.61.91 - - [11/Mar/2022:11:55:26 +0800] "GET /xingrg/all/function/internal_message.html?_=1646970876699&CODE_STATE=getMsg HTTP/1.1" 200 27
116.230.110.173 - - [11/Mar/2022:11:55:27 +0800] "GET /xingrg/all/function/internal_message.html?_=1646970918401&CODE_STATE=getMsg HTTP/1.1" 200 27
180.162.110.232 - - [11/Mar/2022:11:55:30 +0800] "GET /xingrg/all/function/internal_message.html?_=1646970277202&CODE_STATE=getMsg HTTP/1.1" 200 27
116.230.110.173 - - [11/Mar/2022:11:55:30 +0800] "POST /xingrg/kc/buy/cgsh_order_operate.html HTTP/1.1" 200 37
116.230.110.173 - - [11/Mar/2022:11:55:32 +0800] "POST /xingrg/kc/buy/cgsh_order_operate.html HTTP/1.1" 200 2665
116.230.110.173 - - [11/Mar/2022:11:55:32 +0800] "GET /xingrg/kc/print/load_data.html?order_code=212022031103425&kc_code=cgsh&condition= HTTP/1.1" 200 690
101.85.120.86 - - [11/Mar/2022:11:55:36 +0800] "GET /xingrg/all/function/internal_message.html?_=1646970933368&CODE_STATE=getMsg HTTP/1.1" 200 27
116.230.110.173 - - [11/Mar/2022:11:55:38 +0800] "GET /xingrg/kc/buy/cgsh_order_add.html HTTP/1.1" 200 65633
222.70.243.96 - - [11/Mar/2022:11:55:38 +0800] "GET /xingrg/check_reg.html?_=1646970953522 HTTP/1.1" 200 22
116.230.110.173 - - [11/Mar/2022:11:55:38 +0800] "POST /xingrg/kc/buy/cgsh_order_operate.html HTTP/1.1" 200 8245
116.230.110.173 - - [11/Mar/2022:11:55:39 +0800] "GET /xingrg/javascript/easyui/themes/default/validatebox.css HTTP/1.1" 404 1104
222.70.243.96 - - [11/Mar/2022:11:55:42 +0800] "GET /xingrg/all/function/internal_message.html?_=1646970957152&CODE_STATE=getMsg HTTP/1.1" 200 27
124.78.159.88 - - [11/Mar/2022:11:55:43 +0800] "GET /xingrg/all/function/internal_message.html?_=1646970937432&CODE_STATE=getMsg HTTP/1.1" 200 27
116.233.72.145 - - [11/Mar/2022:11:55:44 +0800] "GET /xingrg/all/function/internal_message.html?_=1646970942187&CODE_STATE=getMsg HTTP/1.1" 200 27
116.230.110.173 - - [11/Mar/2022:11:55:45 +0800] "GET /xingrg/kc/buy/cgsh_order_operate.html?command=get_materiel&rest_code=00155&code=00101008656&supplier_code=00100485&order_time=2022-03-11 HTTP/1.1" 200 398
58.39.168.32 - - [11/Mar/2022:11:55:47 +0800] "GET /xingrg/all/function/internal_message.html?_=1646970882716&CODE_STATE=getMsg HTTP/1.1" 200 27
172.20.0.100 - - [11/Mar/2022:11:55:51 +0800] "GET /xingrg/all/function/internal_message.html?_=1646970946646&CODE_STATE=getMsg HTTP/1.1" 200 27
58.39.168.32 - - [11/Mar/2022:11:55:52 +0800] "GET /xingrg/all/function/internal_message.html?_=1646970950464&CODE_STATE=getMsg HTTP/1.1" 200 27
180.169.147.146 - - [11/Mar/2022:11:55:55 +0800] "GET /xingrg/all/function/internal_message.html?_=1646970952227&CODE_STATE=getMsg HTTP/1.1" 200 27
116.228.172.94 - - [11/Mar/2022:11:55:58 +0800] "GET /xingrg/all/function/internal_message.html?_=1646970913340&CODE_STATE=getMsg HTTP/1.1" 200 27
114.83.217.117 - - [11/Mar/2022:11:56:04 +0800] "GET /xingrg/all/function/internal_message.html?_=1646970960186&CODE_STATE=getMsg HTTP/1.1" 200 27
222.70.243.96 - - [11/Mar/2022:11:56:07 +0800] "POST /xingrg/kc/buy/cgsh_order_operate.html HTTP/1.1" 200 37
222.70.243.96 - - [11/Mar/2022:11:56:08 +0800] "POST /xingrg/kc/buy/cgsh_order_operate.html HTTP/1.1" 200 5018
180.157.251.97 - - [11/Mar/2022:11:56:08 +0800] "GET /xingrg/check_reg.html?_=1646970967071 HTTP/1.1" 200 22
222.70.243.96 - - [11/Mar/2022:11:56:09 +0800] "GET /xingrg/kc/print/load_data.html?order_code=212022031103426&kc_code=cgsh&condition= HTTP/1.1" 200 1569
114.88.156.203 - - [11/Mar/2022:11:56:13 +0800] "GET /xingrg/check_reg.html?_=1646970743580 HTTP/1.1" 200 22
58.39.61.91 - - [11/Mar/2022:11:56:14 +0800] "GET /xingrg/check_reg.html?_=1646970924690 HTTP/1.1" 200 22
58.39.61.91 - - [11/Mar/2022:11:56:15 +0800] "GET /xingrg/all/function/internal_message.html?_=1646970973373&CODE_STATE=getMsg HTTP/1.1" 200 27
180.169.147.146 - - [11/Mar/2022:11:56:19 +0800] "GET /xingrg/all/function/internal_message.html?_=1646970976223&CODE_STATE=getMsg HTTP/1.1" 200 27
58.39.61.91 - - [11/Mar/2022:11:56:26 +0800] "GET /xingrg/all/function/internal_message.html?_=1646970936703&CODE_STATE=getMsg HTTP/1.1" 200 27
116.230.110.173 - - [11/Mar/2022:11:56:27 +0800] "GET /xingrg/all/function/internal_message.html?_=1646970978418&CODE_STATE=getMsg HTTP/1.1" 200 27
180.162.110.232 - - [11/Mar/2022:11:56:30 +0800] "GET /xingrg/check_reg.html?_=1646970337204 HTTP/1.1" 200 22
180.162.110.232 - - [11/Mar/2022:11:56:30 +0800] "GET /xingrg/all/function/internal_message.html?_=1646970337206&CODE_STATE=getMsg HTTP/1.1" 200 27
101.85.120.86 - - [11/Mar/2022:11:56:36 +0800] "GET /xingrg/all/function/internal_message.html?_=1646970993370&CODE_STATE=getMsg HTTP/1.1" 200 27
101.85.120.86 - - [11/Mar/2022:11:56:36 +0800] "GET /xingrg/check_reg.html?_=1646970993376 HTTP/1.1" 200 22
222.70.243.96 - - [11/Mar/2022:11:56:42 +0800] "GET /xingrg/all/function/internal_message.html?_=1646971017466&CODE_STATE=getMsg HTTP/1.1" 200 27
124.78.159.88 - - [11/Mar/2022:11:56:43 +0800] "GET /xingrg/all/function/internal_message.html?_=1646970997400&CODE_STATE=getMsg HTTP/1.1" 200 27
116.233.72.145 - - [11/Mar/2022:11:56:44 +0800] "GET /xingrg/all/function/internal_message.html?_=1646971002188&CODE_STATE=getMsg HTTP/1.1" 200 27
58.39.168.32 - - [11/Mar/2022:11:56:47 +0800] "GET /xingrg/all/function/internal_message.html?_=1646970942717&CODE_STATE=getMsg HTTP/1.1" 200 27
172.20.0.100 - - [11/Mar/2022:11:56:51 +0800] "GET /xingrg/all/function/internal_message.html?_=1646971006635&CODE_STATE=getMsg HTTP/1.1" 200 27
58.39.168.32 - - [11/Mar/2022:11:56:52 +0800] "GET /xingrg/all/function/internal_message.html?_=1646971010464&CODE_STATE=getMsg HTTP/1.1" 200 27
180.169.147.146 - - [11/Mar/2022:11:56:55 +0800] "GET /xingrg/all/function/internal_message.html?_=1646971012230&CODE_STATE=getMsg HTTP/1.1" 200 27
116.228.172.94 - - [11/Mar/2022:11:56:58 +0800] "GET /xingrg/all/function/internal_message.html?_=1646970973351&CODE_STATE=getMsg HTTP/1.1" 200 27
114.83.217.117 - - [11/Mar/2022:11:57:04 +0800] "GET /xingrg/all/function/internal_message.html?_=1646971020179&CODE_STATE=getMsg HTTP/1.1" 200 27
58.39.61.91 - - [11/Mar/2022:11:57:15 +0800] "GET /xingrg/all/function/internal_message.html?_=1646971033378&CODE_STATE=getMsg HTTP/1.1" 200 27
180.169.147.146 - - [11/Mar/2022:11:57:19 +0800] "GET /xingrg/check_reg.html?_=1646971036218 HTTP/1.1" 200 22
180.169.147.146 - - [11/Mar/2022:11:57:19 +0800] "GET /xingrg/all/function/internal_message.html?_=1646971036220&CODE_STATE=getMsg HTTP/1.1" 200 27
58.39.61.91 - - [11/Mar/2022:11:57:26 +0800] "GET /xingrg/all/function/internal_message.html?_=1646970996716&CODE_STATE=getMsg HTTP/1.1" 200 27
116.230.110.173 - - [11/Mar/2022:11:57:27 +0800] "GET /xingrg/all/function/internal_message.html?_=1646971038420&CODE_STATE=getMsg HTTP/1.1" 200 27
180.162.110.232 - - [11/Mar/2022:11:57:30 +0800] "GET /xingrg/all/function/internal_message.html?_=1646970397191&CODE_STATE=getMsg HTTP/1.1" 200 27
101.85.120.86 - - [11/Mar/2022:11:57:36 +0800] "GET /xingrg/all/function/internal_message.html?_=1646971053375&CODE_STATE=getMsg HTTP/1.1" 200 27
124.79.79.90 - - [11/Mar/2022:11:57:42 +0800] "GET /favicon.ico HTTP/1.1" 404 -
222.70.243.96 - - [11/Mar/2022:11:57:42 +0800] "GET /xingrg/all/function/internal_message.html?_=1646971077475&CODE_STATE=getMsg HTTP/1.1" 200 27
124.78.159.88 - - [11/Mar/2022:11:57:43 +0800] "GET /xingrg/all/function/internal_message.html?_=1646971057378&CODE_STATE=getMsg HTTP/1.1" 200 27
116.233.72.145 - - [11/Mar/2022:11:57:44 +0800] "GET /xingrg/all/function/internal_message.html?_=1646971062191&CODE_STATE=getMsg HTTP/1.1" 200 27
58.39.168.32 - - [11/Mar/2022:11:57:47 +0800] "GET /xingrg/check_reg.html?_=1646971002717 HTTP/1.1" 200 22
58.39.168.32 - - [11/Mar/2022:11:57:47 +0800] "GET /xingrg/all/function/internal_message.html?_=1646971002720&CODE_STATE=getMsg HTTP/1.1" 200 27
172.20.0.100 - - [11/Mar/2022:11:57:51 +0800] "GET /xingrg/all/function/internal_message.html?_=1646971066637&CODE_STATE=getMsg HTTP/1.1" 200 27
58.39.168.32 - - [11/Mar/2022:11:57:52 +0800] "GET /xingrg/all/function/internal_message.html?_=1646971070465&CODE_STATE=getMsg HTTP/1.1" 200 27
180.169.147.146 - - [11/Mar/2022:11:57:55 +0800] "GET /xingrg/all/function/internal_message.html?_=1646971072228&CODE_STATE=getMsg HTTP/1.1" 200 27
116.228.172.94 - - [11/Mar/2022:11:57:58 +0800] "GET /xingrg/check_reg.html?_=1646971033350 HTTP/1.1" 200 22
116.228.172.94 - - [11/Mar/2022:11:57:58 +0800] "GET /xingrg/all/function/internal_message.html?_=1646971033353&CODE_STATE=getMsg HTTP/1.1" 200 27
114.83.217.117 - - [11/Mar/2022:11:58:04 +0800] "GET /xingrg/all/function/internal_message.html?_=1646971080154&CODE_STATE=getMsg HTTP/1.1" 200 27
180.169.147.146 - - [11/Mar/2022:11:58:06 +0800] "GET /xingrg/check_reg.html?_=1646971088720 HTTP/1.1" 200 22
58.39.61.91 - - [11/Mar/2022:11:58:15 +0800] "GET /xingrg/all/function/internal_message.html?_=1646971093382&CODE_STATE=getMsg HTTP/1.1" 200 27
180.169.147.146 - - [11/Mar/2022:11:58:19 +0800] "GET /xingrg/all/function/internal_message.html?_=1646971096218&CODE_STATE=getMsg HTTP/1.1" 200 27
58.39.61.91 - - [11/Mar/2022:11:58:26 +0800] "GET /xingrg/all/function/internal_message.html?_=1646971056738&CODE_STATE=getMsg HTTP/1.1" 200 27
116.230.110.173 - - [11/Mar/2022:11:58:27 +0800] "GET /xingrg/all/function/internal_message.html?_=1646971098410&CODE_STATE=getMsg HTTP/1.1" 200 27
116.230.110.173 - - [11/Mar/2022:11:58:27 +0800] "GET /xingrg/check_reg.html?_=1646971098407 HTTP/1.1" 200 22
120.253.135.82 - - [11/Mar/2022:11:58:29 +0800] "GET /xingrg/kc/pszx/mdqp_order_list.html?state=10 HTTP/1.1" 200 10217
120.253.135.82 - - [11/Mar/2022:11:58:29 +0800] "GET /xingrg/dwr/engine.js HTTP/1.1" 200 43631
120.253.135.82 - - [11/Mar/2022:11:58:29 +0800] "GET /xingrg/dwr/interface/AjaxQqpsService.js HTTP/1.1" 200 16326
120.253.135.82 - - [11/Mar/2022:11:58:29 +0800] "GET /xingrg/dwr/interface/AjaxReportQueryService.js HTTP/1.1" 200 13203
180.162.110.232 - - [11/Mar/2022:11:58:30 +0800] "GET /xingrg/all/function/internal_message.html?_=1646970457192&CODE_STATE=getMsg HTTP/1.1" 200 27
120.253.135.82 - - [11/Mar/2022:11:58:32 +0800] "GET /xingrg/kc/pszx/mdth_order_list.html HTTP/1.1" 200 18349
120.253.135.82 - - [11/Mar/2022:11:58:32 +0800] "POST /xingrg/kc/pszx/mdth_order_new_list.html HTTP/1.1" 200 4801
101.85.120.86 - - [11/Mar/2022:11:58:36 +0800] "GET /xingrg/all/function/internal_message.html?_=1646971113378&CODE_STATE=getMsg HTTP/1.1" 200 27
120.253.135.82 - - [11/Mar/2022:11:58:38 +0800] "POST /xingrg/kc/pszx/mdth_order_new_list.html HTTP/1.1" 200 218
222.70.243.96 - - [11/Mar/2022:11:58:43 +0800] "GET /xingrg/all/function/internal_message.html?_=1646971137809&CODE_STATE=getMsg HTTP/1.1" 200 27
124.78.159.88 - - [11/Mar/2022:11:58:43 +0800] "GET /xingrg/all/function/internal_message.html?_=1646971117348&CODE_STATE=getMsg HTTP/1.1" 200 27
116.233.72.145 - - [11/Mar/2022:11:58:44 +0800] "GET /xingrg/all/function/internal_message.html?_=1646971122194&CODE_STATE=getMsg HTTP/1.1" 200 27
58.39.168.32 - - [11/Mar/2022:11:58:47 +0800] "GET /xingrg/all/function/internal_message.html?_=1646971062720&CODE_STATE=getMsg HTTP/1.1" 200 27
172.20.0.100 - - [11/Mar/2022:11:58:51 +0800] "GET /xingrg/all/function/internal_message.html?_=1646971126645&CODE_STATE=getMsg HTTP/1.1" 200 27
58.39.168.32 - - [11/Mar/2022:11:58:52 +0800] "GET /xingrg/all/function/internal_message.html?_=1646971130463&CODE_STATE=getMsg HTTP/1.1" 200 27
120.253.135.82 - - [11/Mar/2022:11:58:52 +0800] "GET /xingrg/kc/base/wlsy_order_list.html?syType=1 HTTP/1.1" 200 17180
120.253.135.82 - - [11/Mar/2022:11:58:52 +0800] "POST /xingrg/kc/base/wlsy_list_operate.html?syType=1 HTTP/1.1" 200 862
180.169.147.146 - - [11/Mar/2022:11:58:55 +0800] "GET /xingrg/all/function/internal_message.html?_=1646971132235&CODE_STATE=getMsg HTTP/1.1" 200 27
120.253.135.82 - - [11/Mar/2022:11:58:57 +0800] "GET /xingrg/kc/base/wlsy_order_add.html?syType=1 HTTP/1.1" 200 28479
120.253.135.82 - - [11/Mar/2022:11:58:57 +0800] "POST /xingrg/kc/base/wlsy_order_operate.html HTTP/1.1" 200 6806
120.253.135.82 - - [11/Mar/2022:11:58:57 +0800] "GET /xingrg/javascript/easyui/themes/default/validatebox.css HTTP/1.1" 404 1104
116.228.172.94 - - [11/Mar/2022:11:58:58 +0800] "GET /xingrg/all/function/internal_message.html?_=1646971093346&CODE_STATE=getMsg HTTP/1.1" 200 27
120.253.135.82 - - [11/Mar/2022:11:58:59 +0800] "POST /xingrg/all/common/load_combo.html?type=base HTTP/1.1" 200 1075
120.253.135.82 - - [11/Mar/2022:11:59:03 +0800] "GET /xingrg/javascript/easyui/themes/default/tree.css HTTP/1.1" 404 1090
120.253.135.82 - - [11/Mar/2022:11:59:03 +0800] "POST /xingrg/all/common/load_tree.html?tree=employee_tree_json HTTP/1.1" 200 25822
114.83.217.117 - - [11/Mar/2022:11:59:04 +0800] "GET /xingrg/all/function/internal_message.html?_=1646971140125&CODE_STATE=getMsg HTTP/1.1" 200 27
120.253.135.82 - - [11/Mar/2022:11:59:04 +0800] "GET /xingrg/javascript/easyui/themes/default/images/tree_arrows.gif HTTP/1.1" 200 617
120.253.135.82 - - [11/Mar/2022:11:59:04 +0800] "GET /xingrg/javascript/easyui/themes/default/images/tree_folder_open.gif HTTP/1.1" 200 956
120.253.135.82 - - [11/Mar/2022:11:59:04 +0800] "GET /xingrg/javascript/easyui/themes/icons/areas.png HTTP/1.1" 200 720
120.253.135.82 - - [11/Mar/2022:11:59:04 +0800] "GET /xingrg/javascript/easyui/themes/icons/rest.png HTTP/1.1" 200 695
120.253.135.82 - - [11/Mar/2022:11:59:04 +0800] "GET /xingrg/javascript/easyui/themes/icons/accept_new.png HTTP/1.1" 200 722
58.39.61.91 - - [11/Mar/2022:11:59:15 +0800] "GET /xingrg/all/function/internal_message.html?_=1646971153384&CODE_STATE=getMsg HTTP/1.1" 200 27
180.169.147.146 - - [11/Mar/2022:11:59:19 +0800] "GET /xingrg/all/function/internal_message.html?_=1646971156218&CODE_STATE=getMsg HTTP/1.1" 200 27
120.253.135.82 - - [11/Mar/2022:11:59:23 +0800] "GET /xingrg/check_reg.html?_=1646970960003 HTTP/1.1" 200 22
58.39.61.91 - - [11/Mar/2022:11:59:26 +0800] "GET /xingrg/all/function/internal_message.html?_=1646971116744&CODE_STATE=getMsg HTTP/1.1" 200 27
116.230.110.173 - - [11/Mar/2022:11:59:27 +0800] "GET /xingrg/all/function/internal_message.html?_=1646971158398&CODE_STATE=getMsg HTTP/1.1" 200 27
120.253.135.82 - - [11/Mar/2022:11:59:29 +0800] "GET /xingrg/kc/base/wlsy_order_operate.html?command=get_materiel&rest_code=00101&base_code=0010246&code=00101013162 HTTP/1.1" 200 418
180.162.110.232 - - [11/Mar/2022:11:59:30 +0800] "GET /xingrg/all/function/internal_message.html?_=1646970517192&CODE_STATE=getMsg HTTP/1.1" 200 27
101.85.120.86 - - [11/Mar/2022:11:59:36 +0800] "GET /xingrg/all/function/internal_message.html?_=1646971173377&CODE_STATE=getMsg HTTP/1.1" 200 27
124.78.159.88 - - [11/Mar/2022:11:59:38 +0800] "GET /xingrg/check_reg.html?_=1646971171967 HTTP/1.1" 200 22
120.253.135.82 - - [11/Mar/2022:11:59:38 +0800] "GET /xingrg/login.html HTTP/1.1" 200 7641
120.253.135.82 - - [11/Mar/2022:11:59:38 +0800] "GET /xingrg/images/blue/jxLogo.png HTTP/1.1" 200 6156
120.253.135.82 - - [11/Mar/2022:11:59:39 +0800] "GET /xingrg/images/blue/login_bg.png HTTP/1.1" 200 22101
120.253.135.82 - - [11/Mar/2022:11:59:39 +0800] "GET /xingrg/images/blue/srbg.png HTTP/1.1" 200 138
120.253.135.82 - - [11/Mar/2022:11:59:39 +0800] "GET /xingrg/images/blue/hj.png HTTP/1.1" 200 1014
120.253.135.82 - - [11/Mar/2022:11:59:39 +0800] "GET /favicon.ico HTTP/1.1" 404 -
222.70.243.96 - - [11/Mar/2022:11:59:43 +0800] "GET /xingrg/all/function/internal_message.html?_=1646971197815&CODE_STATE=getMsg HTTP/1.1" 200 27
124.78.159.88 - - [11/Mar/2022:11:59:43 +0800] "GET /xingrg/all/function/internal_message.html?_=1646971177324&CODE_STATE=getMsg HTTP/1.1" 200 27
116.233.72.145 - - [11/Mar/2022:11:59:44 +0800] "GET /xingrg/all/function/internal_message.html?_=1646971182197&CODE_STATE=getMsg HTTP/1.1" 200 27
116.233.72.145 - - [11/Mar/2022:11:59:45 +0800] "GET /xingrg/check_reg.html?_=1646971182198 HTTP/1.1" 200 22
58.39.168.32 - - [11/Mar/2022:11:59:47 +0800] "GET /xingrg/all/function/internal_message.html?_=1646971122720&CODE_STATE=getMsg HTTP/1.1" 200 27
120.253.135.82 - - [11/Mar/2022:11:59:49 +0800] "POST /xingrg/login.do HTTP/1.1" 302 -
120.253.135.82 - - [11/Mar/2022:11:59:49 +0800] "GET /xingrg/index.html?sysBaseUrl=http%3A%2F%2F180.169.147.146%3A18081%2Fxingrg%2F&costTime=51×tamp=1646971189324 HTTP/1.1" 200 17173
120.253.135.82 - - [11/Mar/2022:11:59:49 +0800] "GET /xingrg/css/form.css HTTP/1.1" 200 893
120.253.135.82 - - [11/Mar/2022:11:59:49 +0800] "GET /xingrg/javascript/jquery_easy_ui/themes/icon.css HTTP/1.1" 200 3949
120.253.135.82 - - [11/Mar/2022:11:59:49 +0800] "GET /xingrg/javascript/jquery_easy_ui/themes/default/easyui.css HTTP/1.1" 200 26500
120.253.135.82 - - [11/Mar/2022:11:59:49 +0800] "GET /xingrg/javascript/jquery-1.4.2.min.js HTTP/1.1" 200 72205
120.253.135.82 - - [11/Mar/2022:11:59:49 +0800] "GET /xingrg/javascript/jquery_easy_ui/jquery.easyui.min.js HTTP/1.1" 200 213662
120.253.135.82 - - [11/Mar/2022:11:59:49 +0800] "GET /favicon.ico HTTP/1.1" 404 -
120.253.135.82 - - [11/Mar/2022:11:59:49 +0800] "GET /xingrg/javascript/jquery_easy_ui/easyui-lang-zh_CN.js HTTP/1.1" 200 1900
120.253.135.82 - - [11/Mar/2022:11:59:49 +0800] "GET /xingrg/javascript/jquery.timers.js HTTP/1.1" 200 3532
120.253.135.82 - - [11/Mar/2022:11:59:49 +0800] "GET /xingrg/javascript/jquery.form.js HTTP/1.1" 200 23110
120.253.135.82 - - [11/Mar/2022:11:59:49 +0800] "GET /xingrg/javascript/jquery.utils.js HTTP/1.1" 200 11805
120.253.135.82 - - [11/Mar/2022:11:59:49 +0800] "GET /xingrg/javascript/jquery_easy_ui/themes/icons/settle_new.png HTTP/1.1" 200 826
120.253.135.82 - - [11/Mar/2022:11:59:49 +0800] "GET /xingrg/images/blue/navBackgound.jpg HTTP/1.1" 200 12378
120.253.135.82 - - [11/Mar/2022:11:59:49 +0800] "POST /xingrg/all/common/load_tree.html?tree=area_rest_tree_json&manage=1 HTTP/1.1" 200 344
120.253.135.82 - - [11/Mar/2022:11:59:49 +0800] "GET /xingrg/images/blue/pingpu.png HTTP/1.1" 200 231
120.253.135.82 - - [11/Mar/2022:11:59:49 +0800] "GET /xingrg/javascript/jquery_easy_ui/themes/default/images/tabs_leftarrow.png HTTP/1.1" 200 389
120.253.135.82 - - [11/Mar/2022:11:59:49 +0800] "GET /xingrg/javascript/jquery_easy_ui/themes/default/images/tabs_rightarrow.png HTTP/1.1" 200 395
120.253.135.82 - - [11/Mar/2022:11:59:49 +0800] "GET /xingrg/javascript/jquery_easy_ui/themes/default/images/panel_tool_collapse.gif HTTP/1.1" 200 246
120.253.135.82 - - [11/Mar/2022:11:59:49 +0800] "GET /xingrg/all/function/internal_message.html?_=1646971317757&CODE_STATE=count HTTP/1.1" 200 11
120.253.135.82 - - [11/Mar/2022:11:59:49 +0800] "GET /xingrg/check_reg.html?_=1646971317757 HTTP/1.1" 200 22
120.253.135.82 - - [11/Mar/2022:11:59:49 +0800] "GET /xingrg/javascript/jquery_easy_ui/themes/default/images/tree_arrows.gif HTTP/1.1" 200 1043
120.253.135.82 - - [11/Mar/2022:11:59:49 +0800] "POST /xingrg/load_menu.html HTTP/1.1" 200 6743
120.253.135.82 - - [11/Mar/2022:11:59:50 +0800] "GET /xingrg/javascript/jquery_easy_ui/themes/default/images/tree_folder_open.gif HTTP/1.1" 200 956
120.253.135.82 - - [11/Mar/2022:11:59:50 +0800] "GET /xingrg/javascript/jquery_easy_ui/themes/icons/delivery_new.png HTTP/1.1" 200 700
120.253.135.82 - - [11/Mar/2022:11:59:50 +0800] "GET /xingrg/javascript/jquery_easy_ui/themes/icons/search_new.png HTTP/1.1" 200 586
120.253.135.82 - - [11/Mar/2022:11:59:50 +0800] "GET /xingrg/javascript/jquery_easy_ui/themes/icons/storage_new.png HTTP/1.1" 200 853
120.253.135.82 - - [11/Mar/2022:11:59:50 +0800] "GET /xingrg/javascript/jquery_easy_ui/themes/default/images/tree_file.gif HTTP/1.1" 200 118
120.253.135.82 - - [11/Mar/2022:11:59:50 +0800] "GET /xingrg/javascript/jquery_easy_ui/themes/icons/forms_new.png HTTP/1.1" 200 350
120.253.135.82 - - [11/Mar/2022:11:59:50 +0800] "GET /xingrg/javascript/jquery_easy_ui/themes/default/images/tree_folder.gif HTTP/1.1" 200 952
172.20.0.100 - - [11/Mar/2022:11:59:51 +0800] "GET /xingrg/check_reg.html?_=1646971186639 HTTP/1.1" 200 22
172.20.0.100 - - [11/Mar/2022:11:59:51 +0800] "GET /xingrg/all/function/internal_message.html?_=1646971186640&CODE_STATE=getMsg HTTP/1.1" 200 27
58.39.168.32 - - [11/Mar/2022:11:59:52 +0800] "GET /xingrg/check_reg.html?_=1646971190462 HTTP/1.1" 200 22
58.39.168.32 - - [11/Mar/2022:11:59:52 +0800] "GET /xingrg/all/function/internal_message.html?_=1646971190463&CODE_STATE=getMsg HTTP/1.1" 200 27
180.169.147.146 - - [11/Mar/2022:11:59:55 +0800] "GET /xingrg/check_reg.html?_=1646971192235 HTTP/1.1" 200 22
180.169.147.146 - - [11/Mar/2022:11:59:55 +0800] "GET /xingrg/all/function/internal_message.html?_=1646971192237&CODE_STATE=getMsg HTTP/1.1" 200 27
116.228.172.94 - - [11/Mar/2022:11:59:58 +0800] "GET /xingrg/all/function/internal_message.html?_=1646971153347&CODE_STATE=getMsg HTTP/1.1" 200 27
114.83.217.117 - - [11/Mar/2022:12:00:04 +0800] "GET /xingrg/all/function/internal_message.html?_=1646971200116&CODE_STATE=getMsg HTTP/1.1" 200 27
114.83.217.117 - - [11/Mar/2022:12:00:05 +0800] "GET /xingrg/check_reg.html?_=1646971201554 HTTP/1.1" 200 22
120.253.135.82 - - [11/Mar/2022:12:00:12 +0800] "GET /xingrg/javascript/jquery_easy_ui/themes/default/images/tabs_close.gif HTTP/1.1" 200 829
120.253.135.82 - - [11/Mar/2022:12:00:12 +0800] "GET /xingrg/css/base.css HTTP/1.1" 200 2811
120.253.135.82 - - [11/Mar/2022:12:00:12 +0800] "GET /xingrg/javascript/jquery_tools/jquery.tools.hotkey.js HTTP/1.1" 200 3242
120.253.135.82 - - [11/Mar/2022:12:00:12 +0800] "GET /xingrg/kc/buy/cgsh_order_list.html HTTP/1.1" 200 49890
120.253.135.82 - - [11/Mar/2022:12:00:12 +0800] "GET /xingrg/css/site.css HTTP/1.1" 200 7541
120.253.135.82 - - [11/Mar/2022:12:00:12 +0800] "GET /xingrg/javascript/jquery_tools/jquery.tools.extend.js HTTP/1.1" 200 15385
120.253.135.82 - - [11/Mar/2022:12:00:12 +0800] "GET /xingrg/javascript/jquery_tools/jquery.tools.table.js HTTP/1.1" 200 6994
120.253.135.82 - - [11/Mar/2022:12:00:12 +0800] "GET /xingrg/javascript/jquery_tools/list_manager.js HTTP/1.1" 200 3652
120.253.135.82 - - [11/Mar/2022:12:00:12 +0800] "GET /xingrg/javascript/easyui/easyloader.js HTTP/1.1" 200 5975
120.253.135.82 - - [11/Mar/2022:12:00:12 +0800] "GET /xingrg/javascript/auto/jquery.autocomplete.js HTTP/1.1" 200 21624
120.253.135.82 - - [11/Mar/2022:12:00:12 +0800] "GET /xingrg/javascript/jquery_tools/fix.css HTTP/1.1" 200 1702
120.253.135.82 - - [11/Mar/2022:12:00:12 +0800] "GET /xingrg/javascript/print/LodopFuncs.js HTTP/1.1" 200 5121
120.253.135.82 - - [11/Mar/2022:12:00:12 +0800] "GET /xingrg/javascript/jquery.cookie.js HTTP/1.1" 200 5513
120.253.135.82 - - [11/Mar/2022:12:00:12 +0800] "GET /xingrg/javascript/auto/jquery.autocomplete.css HTTP/1.1" 200 587
120.253.135.82 - - [11/Mar/2022:12:00:12 +0800] "GET /xingrg/javascript/jquery_tools/datebox.css HTTP/1.1" 200 2597
120.253.135.82 - - [11/Mar/2022:12:00:12 +0800] "GET /xingrg/javascript/easyui/themes/icon.css HTTP/1.1" 200 4483
120.253.135.82 - - [11/Mar/2022:12:00:12 +0800] "GET /xingrg/javascript/easyui/themes/default/easyui.css HTTP/1.1" 200 30432
120.253.135.82 - - [11/Mar/2022:12:00:12 +0800] "GET /xingrg/javascript/jquery_tools/table.css HTTP/1.1" 200 1032
120.253.135.82 - - [11/Mar/2022:12:00:12 +0800] "GET /xingrg/javascript/jquery_tools/jquery.tools.min.js HTTP/1.1" 200 138801
120.253.135.82 - - [11/Mar/2022:12:00:12 +0800] "GET /xingrg/javascript/easyui/themes/icons/edit_add_new.png HTTP/1.1" 200 2997
120.253.135.82 - - [11/Mar/2022:12:00:12 +0800] "GET /xingrg/javascript/easyui/themes/icons/cance_new.png HTTP/1.1" 200 3986
120.253.135.82 - - [11/Mar/2022:12:00:12 +0800] "GET /xingrg/javascript/easyui/themes/icons/check_new.png HTTP/1.1" 200 3224
120.253.135.82 - - [11/Mar/2022:12:00:12 +0800] "GET /xingrg/javascript/easyui/themes/icons/field_new.png HTTP/1.1" 200 1097
