120.253.135.82 - - [09/Mar/2022:08:32:54 +0800] "GET /xingrg/javascript/easyui/plugins/jquery.draggable.js HTTP/1.1" 200 6121
120.253.135.82 - - [09/Mar/2022:08:32:54 +0800] "GET /xingrg/javascript/easyui/plugins/jquery.droppable.js HTTP/1.1" 200 1167
120.253.135.82 - - [09/Mar/2022:08:32:55 +0800] "GET /xingrg/all/common/auto_word.html?type=base&rest_code=00101 HTTP/1.1" 200 613
120.253.135.82 - - [09/Mar/2022:08:32:55 +0800] "GET /xingrg/javascript/easyui/themes/default/tree.css HTTP/1.1" 404 1090
120.253.135.82 - - [09/Mar/2022:08:32:55 +0800] "GET /xingrg/javascript/easyui/plugins/jquery.tree.js HTTP/1.1" 200 20874
120.253.135.82 - - [09/Mar/2022:08:32:55 +0800] "POST /xingrg/all/common/load_tree.html?tree=materiel_sort_tree_json HTTP/1.1" 200 9388
120.253.135.82 - - [09/Mar/2022:08:32:56 +0800] "GET /xingrg/javascript/easyui/themes/sunny/images/tree_arrows.gif HTTP/1.1" 200 617
120.253.135.82 - - [09/Mar/2022:08:32:56 +0800] "GET /xingrg/javascript/easyui/themes/sunny/images/tree_folder_open.gif HTTP/1.1" 200 956
120.253.135.82 - - [09/Mar/2022:08:32:56 +0800] "GET /xingrg/javascript/easyui/themes/sunny/images/tree_folder.gif HTTP/1.1" 200 952
120.253.135.82 - - [09/Mar/2022:08:32:56 +0800] "GET /xingrg/javascript/easyui/themes/sunny/images/tree_file.gif HTTP/1.1" 200 118
120.253.135.82 - - [09/Mar/2022:08:32:57 +0800] "GET /xingrg/css/images/panel_loading.gif HTTP/1.1" 200 1737
120.253.135.82 - - [09/Mar/2022:08:32:57 +0800] "POST /xingrg/all/common/load_combo.html?type=base HTTP/1.1" 200 1075
58.39.61.91 - - [09/Mar/2022:08:33:02 +0800] "GET /xingrg/kc/buy/cgsh_order_operate.html?command=get_materiel&rest_code=00150&code=00101008042&supplier_code=00100007&order_time=2022-03-09 HTTP/1.1" 200 416
172.20.0.100 - - [09/Mar/2022:08:33:02 +0800] "GET /xingrg/all/function/internal_message.html?_=1646785979467&CODE_STATE=getMsg HTTP/1.1" 200 27
172.20.0.100 - - [09/Mar/2022:08:33:02 +0800] "GET /xingrg/check_reg.html?_=1646785979473 HTTP/1.1" 200 22
120.253.135.82 - - [09/Mar/2022:08:33:08 +0800] "POST /xingrg/kc/base/stock_operate.html HTTP/1.1" 200 1478
120.253.135.82 - - [09/Mar/2022:08:33:08 +0800] "GET /xingrg/javascript/jquery_tools/fix_table.js HTTP/1.1" 200 6528
58.39.168.32 - - [09/Mar/2022:08:33:13 +0800] "GET /xingrg/all/function/internal_message.html?_=1646785930769&CODE_STATE=getMsg HTTP/1.1" 200 27
58.39.61.91 - - [09/Mar/2022:08:33:15 +0800] "GET /xingrg/all/function/internal_message.html?_=1646785949501&CODE_STATE=getMsg HTTP/1.1" 200 27
222.70.243.96 - - [09/Mar/2022:08:33:19 +0800] "GET /xingrg/all/function/internal_message.html?_=1646786006895&CODE_STATE=getMsg HTTP/1.1" 200 27
58.39.168.32 - - [09/Mar/2022:08:33:25 +0800] "POST /xingrg/kc/buy/cgsh_list_operate.html HTTP/1.1" 200 5598
120.253.135.82 - - [09/Mar/2022:08:33:28 +0800] "GET /xingrg/kc/base/stock_detail.html?m=00102002114 HTTP/1.1" 200 6358
120.253.135.82 - - [09/Mar/2022:08:33:28 +0800] "GET /xingrg/javascript/jquery_easy_ui/themes/default/images/button_a_bg.gif HTTP/1.1" 200 1194
120.253.135.82 - - [09/Mar/2022:08:33:28 +0800] "GET /xingrg/javascript/jquery_easy_ui/themes/icons/print.png HTTP/1.1" 200 1057
120.253.135.82 - - [09/Mar/2022:08:33:28 +0800] "GET /xingrg/javascript/jquery_easy_ui/themes/icons/search.png HTTP/1.1" 200 813
120.253.135.82 - - [09/Mar/2022:08:33:28 +0800] "GET /xingrg/javascript/jquery_easy_ui/themes/default/images/button_span_bg.gif HTTP/1.1" 200 2061
120.253.135.82 - - [09/Mar/2022:08:33:28 +0800] "GET /xingrg/javascript/jquery_easy_ui/themes/default/images/menu_downarrow.png HTTP/1.1" 200 173
120.253.135.82 - - [09/Mar/2022:08:33:28 +0800] "GET /xingrg/javascript/jquery_easy_ui/themes/default/images/calendar_prevmonth.gif HTTP/1.1" 200 66
120.253.135.82 - - [09/Mar/2022:08:33:28 +0800] "GET /xingrg/javascript/jquery_easy_ui/themes/default/images/calendar_nextmonth.gif HTTP/1.1" 200 64
120.253.135.82 - - [09/Mar/2022:08:33:28 +0800] "GET /xingrg/javascript/jquery_easy_ui/themes/default/images/calendar_nextyear.gif HTTP/1.1" 200 75
120.253.135.82 - - [09/Mar/2022:08:33:28 +0800] "GET /xingrg/javascript/jquery_easy_ui/themes/default/images/menu.gif HTTP/1.1" 200 834
120.253.135.82 - - [09/Mar/2022:08:33:28 +0800] "GET /xingrg/javascript/jquery_easy_ui/themes/default/images/calendar_prevyear.gif HTTP/1.1" 200 76
58.39.168.32 - - [09/Mar/2022:08:33:34 +0800] "GET /xingrg/all/function/internal_message.html?_=1646786013893&CODE_STATE=getMsg HTTP/1.1" 200 27
180.169.147.146 - - [09/Mar/2022:08:33:35 +0800] "GET /xingrg/all/function/internal_message.html?_=1646786013039&CODE_STATE=getMsg HTTP/1.1" 200 27
222.70.243.96 - - [09/Mar/2022:08:33:41 +0800] "GET /xingrg/all/function/internal_message.html?_=1646786015210&CODE_STATE=getMsg HTTP/1.1" 200 27
58.39.168.32 - - [09/Mar/2022:08:33:42 +0800] "POST /xingrg/kc/buy/cgsh_list_operate.html HTTP/1.1" 200 5470
120.253.135.82 - - [09/Mar/2022:08:33:47 +0800] "GET /xingrg/all/function/internal_message.html?_=1646786015503&CODE_STATE=getMsg HTTP/1.1" 200 27
58.39.61.91 - - [09/Mar/2022:08:33:51 +0800] "GET /xingrg/all/function/internal_message.html?_=1646786030668&CODE_STATE=getMsg HTTP/1.1" 200 27
58.39.61.91 - - [09/Mar/2022:08:33:52 +0800] "POST /xingrg/kc/buy/cgsh_order_operate.html HTTP/1.1" 200 37
180.169.147.146 - - [09/Mar/2022:08:33:54 +0800] "GET /xingrg/all/function/internal_message.html?_=1646786031747&CODE_STATE=getMsg HTTP/1.1" 200 27
58.39.61.91 - - [09/Mar/2022:08:33:54 +0800] "POST /xingrg/kc/buy/cgsh_order_operate.html HTTP/1.1" 200 11548
172.20.0.100 - - [09/Mar/2022:08:34:02 +0800] "GET /xingrg/all/function/internal_message.html?_=1646786039458&CODE_STATE=getMsg HTTP/1.1" 200 27
58.39.61.91 - - [09/Mar/2022:08:34:08 +0800] "POST /xingrg/all/user/operate.html HTTP/1.1" 200 36
58.39.61.91 - - [09/Mar/2022:08:34:08 +0800] "GET /xingrg/index.html?sysBaseUrl=http%3A%2F%2F180.169.147.146%3A18081%2Fxingrg%2F&costTime=39×tamp=1646544452846 HTTP/1.1" 200 17177
58.39.61.91 - - [09/Mar/2022:08:34:08 +0800] "GET /xingrg/javascript/jquery_easy_ui/themes/default/easyui.css HTTP/1.1" 304 -
58.39.61.91 - - [09/Mar/2022:08:34:08 +0800] "GET /xingrg/javascript/jquery_easy_ui/themes/icon.css HTTP/1.1" 304 -
58.39.61.91 - - [09/Mar/2022:08:34:08 +0800] "GET /xingrg/css/form.css HTTP/1.1" 304 -
58.39.61.91 - - [09/Mar/2022:08:34:08 +0800] "GET /xingrg/javascript/jquery-1.4.2.min.js HTTP/1.1" 304 -
58.39.61.91 - - [09/Mar/2022:08:34:08 +0800] "GET /xingrg/javascript/jquery_easy_ui/jquery.easyui.min.js HTTP/1.1" 304 -
58.39.61.91 - - [09/Mar/2022:08:34:08 +0800] "GET /xingrg/javascript/jquery_easy_ui/easyui-lang-zh_CN.js HTTP/1.1" 304 -
58.39.61.91 - - [09/Mar/2022:08:34:08 +0800] "GET /xingrg/javascript/jquery.form.js HTTP/1.1" 304 -
58.39.61.91 - - [09/Mar/2022:08:34:08 +0800] "GET /xingrg/javascript/jquery.utils.js HTTP/1.1" 304 -
58.39.61.91 - - [09/Mar/2022:08:34:08 +0800] "GET /xingrg/javascript/jquery.timers.js HTTP/1.1" 304 -
58.39.61.91 - - [09/Mar/2022:08:34:08 +0800] "GET /xingrg/images/blue/jxLogo.png HTTP/1.1" 304 -
58.39.61.91 - - [09/Mar/2022:08:34:08 +0800] "GET /xingrg/images/blue/navBackgound.jpg HTTP/1.1" 304 -
58.39.61.91 - - [09/Mar/2022:08:34:08 +0800] "GET /xingrg/javascript/jquery_easy_ui/themes/icons/settle_new.png HTTP/1.1" 304 -
58.39.61.91 - - [09/Mar/2022:08:34:08 +0800] "POST /xingrg/all/common/load_tree.html?tree=area_rest_tree_json&manage=1 HTTP/1.1" 200 476
58.39.61.91 - - [09/Mar/2022:08:34:08 +0800] "GET /xingrg/all/function/internal_message.html?_=1646786048142&CODE_STATE=count HTTP/1.1" 200 11
58.39.61.91 - - [09/Mar/2022:08:34:08 +0800] "GET /xingrg/check_reg.html?_=1646786048143 HTTP/1.1" 200 22
58.39.61.91 - - [09/Mar/2022:08:34:08 +0800] "GET /xingrg/images/blue/pingpu.png HTTP/1.1" 304 -
58.39.61.91 - - [09/Mar/2022:08:34:08 +0800] "GET /xingrg/javascript/jquery_easy_ui/themes/default/images/tabs_leftarrow.png HTTP/1.1" 304 -
58.39.61.91 - - [09/Mar/2022:08:34:08 +0800] "POST /xingrg/load_menu.html HTTP/1.1" 200 5138
58.39.61.91 - - [09/Mar/2022:08:34:08 +0800] "GET /xingrg/javascript/jquery_easy_ui/themes/default/images/panel_tool_collapse.gif HTTP/1.1" 304 -
58.39.61.91 - - [09/Mar/2022:08:34:08 +0800] "GET /xingrg/javascript/jquery_easy_ui/themes/default/images/tabs_rightarrow.png HTTP/1.1" 304 -
58.39.61.91 - - [09/Mar/2022:08:34:09 +0800] "GET /xingrg/javascript/jquery_easy_ui/themes/icons/forms_new.png HTTP/1.1" 304 -
58.39.61.91 - - [09/Mar/2022:08:34:09 +0800] "GET /xingrg/javascript/jquery_easy_ui/themes/default/images/tree_arrows.gif HTTP/1.1" 304 -
58.39.61.91 - - [09/Mar/2022:08:34:09 +0800] "GET /xingrg/javascript/jquery_easy_ui/themes/icons/search_new.png HTTP/1.1" 304 -
58.39.61.91 - - [09/Mar/2022:08:34:09 +0800] "GET /xingrg/javascript/jquery_easy_ui/themes/default/images/tree_file.gif HTTP/1.1" 304 -
58.39.61.91 - - [09/Mar/2022:08:34:09 +0800] "GET /xingrg/javascript/jquery_easy_ui/themes/default/images/tree_folder_open.gif HTTP/1.1" 304 -
58.39.61.91 - - [09/Mar/2022:08:34:09 +0800] "GET /xingrg/javascript/jquery_easy_ui/themes/default/images/tree_folder.gif HTTP/1.1" 304 -
58.39.61.91 - - [09/Mar/2022:08:34:09 +0800] "GET /xingrg/javascript/jquery_easy_ui/themes/icons/storage_new.png HTTP/1.1" 304 -
58.39.61.91 - - [09/Mar/2022:08:34:13 +0800] "GET /xingrg/kc/buy/cgsh_order_list.html HTTP/1.1" 200 49790
58.39.168.32 - - [09/Mar/2022:08:34:13 +0800] "GET /xingrg/all/function/internal_message.html?_=1646785990770&CODE_STATE=getMsg HTTP/1.1" 200 27
58.39.61.91 - - [09/Mar/2022:08:34:13 +0800] "POST /xingrg/kc/buy/cgsh_list_operate.html HTTP/1.1" 200 876
58.39.61.91 - - [09/Mar/2022:08:34:15 +0800] "GET /xingrg/all/function/internal_message.html?_=1646786009525&CODE_STATE=getMsg HTTP/1.1" 200 27
58.39.168.32 - - [09/Mar/2022:08:34:16 +0800] "POST /xingrg/kc/buy/cgsh_list_operate.html HTTP/1.1" 200 201
58.39.168.32 - - [09/Mar/2022:08:34:17 +0800] "GET /xingrg/kc/buy/cgsh_order_info.html?code=212022022809312 HTTP/1.1" 200 60554
58.39.61.91 - - [09/Mar/2022:08:34:18 +0800] "GET /xingrg/kc/buy/cgsh_order_add.html HTTP/1.1" 200 65159
58.39.168.32 - - [09/Mar/2022:08:34:18 +0800] "GET /xingrg/javascript/easyui/themes/default/validatebox.css HTTP/1.1" 404 1104
58.39.61.91 - - [09/Mar/2022:08:34:18 +0800] "POST /xingrg/kc/buy/cgsh_order_operate.html HTTP/1.1" 200 8245
58.39.61.91 - - [09/Mar/2022:08:34:18 +0800] "GET /xingrg/all/common/auto_word.html?type=employee&rest_code=00151 HTTP/1.1" 200 293
58.39.61.91 - - [09/Mar/2022:08:34:18 +0800] "GET /xingrg/all/common/auto_word.html?type=employee&rest_code=00151 HTTP/1.1" 200 293
58.39.61.91 - - [09/Mar/2022:08:34:18 +0800] "GET /xingrg/javascript/easyui/themes/default/validatebox.css HTTP/1.1" 404 1104
58.39.168.32 - - [09/Mar/2022:08:34:19 +0800] "POST /xingrg/kc/buy/cgsh_order_operate.html HTTP/1.1" 200 610
222.70.243.96 - - [09/Mar/2022:08:34:19 +0800] "GET /xingrg/all/function/internal_message.html?_=1646786066904&CODE_STATE=getMsg HTTP/1.1" 200 27
58.39.61.91 - - [09/Mar/2022:08:34:21 +0800] "GET /xingrg/javascript/auto/indicator.gif HTTP/1.1" 404 1066
222.70.243.96 - - [09/Mar/2022:08:34:25 +0800] "GET /xingrg/kc/buy/cgsh_order_operate.html?command=get_materiel&rest_code=00146&code=00101008027&supplier_code=00100005&order_time=2022-03-09 HTTP/1.1" 200 409
58.39.61.91 - - [09/Mar/2022:08:34:30 +0800] "GET /xingrg/kc/buy/cgsh_order_operate.html?command=get_materiel&rest_code=00151&code=00101009078&supplier_code=00100424&order_time=2022-03-09 HTTP/1.1" 200 394
58.39.168.32 - - [09/Mar/2022:08:34:34 +0800] "GET /xingrg/check_reg.html?_=1646786073892 HTTP/1.1" 200 22
58.39.168.32 - - [09/Mar/2022:08:34:34 +0800] "GET /xingrg/all/function/internal_message.html?_=1646786073894&CODE_STATE=getMsg HTTP/1.1" 200 27
180.169.147.146 - - [09/Mar/2022:08:34:35 +0800] "GET /xingrg/all/function/internal_message.html?_=1646786073041&CODE_STATE=getMsg HTTP/1.1" 200 27
180.169.147.146 - - [09/Mar/2022:08:34:35 +0800] "GET /xingrg/check_reg.html?_=1646786073043 HTTP/1.1" 200 22
58.39.61.91 - - [09/Mar/2022:08:34:40 +0800] "GET /xingrg/kc/buy/cgsh_order_operate.html?command=get_materiel&rest_code=00151&code=00101009122&supplier_code=00100424&order_time=2022-03-09 HTTP/1.1" 200 391
222.70.243.96 - - [09/Mar/2022:08:34:41 +0800] "GET /xingrg/all/function/internal_message.html?_=1646786075212&CODE_STATE=getMsg HTTP/1.1" 200 27
58.39.61.91 - - [09/Mar/2022:08:34:46 +0800] "GET /xingrg/kc/buy/cgsh_order_operate.html?command=get_materiel&rest_code=00151&code=00101009053&supplier_code=00100424&order_time=2022-03-09 HTTP/1.1" 200 408
120.253.135.82 - - [09/Mar/2022:08:34:47 +0800] "GET /xingrg/all/function/internal_message.html?_=1646786075509&CODE_STATE=getMsg HTTP/1.1" 200 27
222.70.243.96 - - [09/Mar/2022:08:34:50 +0800] "GET /xingrg/check_reg.html?_=1646786097639 HTTP/1.1" 200 22
180.169.147.146 - - [09/Mar/2022:08:34:54 +0800] "GET /xingrg/all/function/internal_message.html?_=1646786091737&CODE_STATE=getMsg HTTP/1.1" 200 27
58.39.61.91 - - [09/Mar/2022:08:35:00 +0800] "GET /xingrg/kc/buy/cgsh_order_operate.html?command=get_materiel&rest_code=00151&code=00101009062&supplier_code=00100424&order_time=2022-03-09 HTTP/1.1" 200 412
172.20.0.100 - - [09/Mar/2022:08:35:02 +0800] "GET /xingrg/all/function/internal_message.html?_=1646786099464&CODE_STATE=getMsg HTTP/1.1" 200 27
58.39.61.91 - - [09/Mar/2022:08:35:04 +0800] "GET /xingrg/check_reg.html?_=1646786058366 HTTP/1.1" 200 22
58.39.61.91 - - [09/Mar/2022:08:35:07 +0800] "GET /xingrg/kc/buy/cgsh_order_operate.html?command=get_materiel&rest_code=00151&code=00101009057&supplier_code=00100424&order_time=2022-03-09 HTTP/1.1" 200 408
58.39.61.91 - - [09/Mar/2022:08:35:08 +0800] "GET /xingrg/all/function/internal_message.html?_=1646786108159&CODE_STATE=getMsg HTTP/1.1" 200 27
222.70.243.96 - - [09/Mar/2022:08:35:11 +0800] "GET /xingrg/kc/buy/cgsh_order_operate.html?command=get_materiel&rest_code=00146&code=00101008361&supplier_code=00100005&order_time=2022-03-09 HTTP/1.1" 200 408
58.39.61.91 - - [09/Mar/2022:08:35:13 +0800] "GET /xingrg/kc/buy/cgsh_order_operate.html?command=get_materiel&rest_code=00151&code=00101009088&supplier_code=00100424&order_time=2022-03-09 HTTP/1.1" 200 391
58.39.168.32 - - [09/Mar/2022:08:35:13 +0800] "GET /xingrg/all/function/internal_message.html?_=1646786050770&CODE_STATE=getMsg HTTP/1.1" 200 27
58.39.61.91 - - [09/Mar/2022:08:35:15 +0800] "GET /xingrg/all/function/internal_message.html?_=1646786069527&CODE_STATE=getMsg HTTP/1.1" 200 27
222.70.243.96 - - [09/Mar/2022:08:35:19 +0800] "GET /xingrg/all/function/internal_message.html?_=1646786127041&CODE_STATE=getMsg HTTP/1.1" 200 27
58.39.61.91 - - [09/Mar/2022:08:35:28 +0800] "POST /xingrg/kc/buy/cgsh_order_operate.html HTTP/1.1" 200 37
58.39.61.91 - - [09/Mar/2022:08:35:30 +0800] "POST /xingrg/kc/buy/cgsh_order_operate.html HTTP/1.1" 200 5631
58.39.61.91 - - [09/Mar/2022:08:35:31 +0800] "GET /xingrg/kc/buy/cgsh_order_add.html HTTP/1.1" 200 65159
58.39.61.91 - - [09/Mar/2022:08:35:31 +0800] "POST /xingrg/kc/buy/cgsh_order_operate.html HTTP/1.1" 200 8245
58.39.168.32 - - [09/Mar/2022:08:35:32 +0800] "POST /xingrg/kc/buy/cgsh_list_operate.html HTTP/1.1" 200 5470
58.39.61.91 - - [09/Mar/2022:08:35:34 +0800] "GET /xingrg/javascript/easyui/themes/default/validatebox.css HTTP/1.1" 404 1104
58.39.168.32 - - [09/Mar/2022:08:35:34 +0800] "GET /xingrg/all/function/internal_message.html?_=1646786133917&CODE_STATE=getMsg HTTP/1.1" 200 27
180.169.147.146 - - [09/Mar/2022:08:35:35 +0800] "GET /xingrg/all/function/internal_message.html?_=1646786133034&CODE_STATE=getMsg HTTP/1.1" 200 27
58.39.61.91 - - [09/Mar/2022:08:35:39 +0800] "GET /xingrg/kc/buy/cgsh_order_operate.html?command=get_materiel&rest_code=00151&code=00101008318&supplier_code=00100007&order_time=2022-03-09 HTTP/1.1" 200 408
222.70.243.96 - - [09/Mar/2022:08:35:40 +0800] "GET /xingrg/kc/buy/cgsh_order_operate.html?command=get_materiel&rest_code=00146&code=00101008264&supplier_code=00100005&order_time=2022-03-09 HTTP/1.1" 200 412
222.70.243.96 - - [09/Mar/2022:08:35:41 +0800] "GET /xingrg/all/function/internal_message.html?_=1646786135213&CODE_STATE=getMsg HTTP/1.1" 200 27
120.253.135.82 - - [09/Mar/2022:08:35:47 +0800] "GET /xingrg/all/function/internal_message.html?_=1646786135525&CODE_STATE=getMsg HTTP/1.1" 200 27
58.39.61.91 - - [09/Mar/2022:08:35:48 +0800] "GET /xingrg/kc/buy/cgsh_order_operate.html?command=get_materiel&rest_code=00151&code=00101008141&supplier_code=00100007&order_time=2022-03-09 HTTP/1.1" 200 412
222.70.243.96 - - [09/Mar/2022:08:35:51 +0800] "GET /xingrg/kc/buy/cgsh_order_operate.html?command=get_materiel&rest_code=00146&code=00101008300&supplier_code=00100005&order_time=2022-03-09 HTTP/1.1" 200 412
58.39.61.91 - - [09/Mar/2022:08:35:53 +0800] "GET /xingrg/kc/buy/cgsh_order_operate.html?command=get_materiel&rest_code=00151&code=00101008095&supplier_code=00100007&order_time=2022-03-09 HTTP/1.1" 200 412
180.169.147.146 - - [09/Mar/2022:08:35:54 +0800] "GET /xingrg/all/function/internal_message.html?_=1646786151748&CODE_STATE=getMsg HTTP/1.1" 200 27
58.39.61.91 - - [09/Mar/2022:08:36:00 +0800] "GET /xingrg/kc/buy/cgsh_order_operate.html?command=get_materiel&rest_code=00151&code=00101008110&supplier_code=00100007&order_time=2022-03-09 HTTP/1.1" 200 408
172.20.0.100 - - [09/Mar/2022:08:36:02 +0800] "GET /xingrg/all/function/internal_message.html?_=1646786159466&CODE_STATE=getMsg HTTP/1.1" 200 27
58.39.61.91 - - [09/Mar/2022:08:36:06 +0800] "GET /xingrg/kc/buy/cgsh_order_operate.html?command=get_materiel&rest_code=00151&code=00101008098&supplier_code=00100007&order_time=2022-03-09 HTTP/1.1" 200 412
58.39.61.91 - - [09/Mar/2022:08:36:08 +0800] "GET /xingrg/all/function/internal_message.html?_=1646786168163&CODE_STATE=getMsg HTTP/1.1" 200 27
222.70.243.96 - - [09/Mar/2022:08:36:09 +0800] "POST /xingrg/kc/buy/cgsh_order_operate.html HTTP/1.1" 200 37
222.70.243.96 - - [09/Mar/2022:08:36:11 +0800] "POST /xingrg/kc/buy/cgsh_order_operate.html HTTP/1.1" 200 9784
58.39.168.32 - - [09/Mar/2022:08:36:13 +0800] "GET /xingrg/all/function/internal_message.html?_=1646786110771&CODE_STATE=getMsg HTTP/1.1" 200 27
58.39.168.32 - - [09/Mar/2022:08:36:13 +0800] "GET /xingrg/check_reg.html?_=1646786110774 HTTP/1.1" 200 22
58.39.61.91 - - [09/Mar/2022:08:36:14 +0800] "GET /xingrg/kc/buy/cgsh_order_operate.html?command=get_materiel&rest_code=00151&code=00101008361&supplier_code=00100007&order_time=2022-03-09 HTTP/1.1" 200 408
222.70.243.96 - - [09/Mar/2022:08:36:14 +0800] "GET /xingrg/kc/buy/cgsh_order_add.html HTTP/1.1" 200 65561
222.70.243.96 - - [09/Mar/2022:08:36:15 +0800] "POST /xingrg/kc/buy/cgsh_order_operate.html HTTP/1.1" 200 8245
222.70.243.96 - - [09/Mar/2022:08:36:15 +0800] "GET /xingrg/javascript/easyui/themes/default/validatebox.css HTTP/1.1" 404 1104
58.39.61.91 - - [09/Mar/2022:08:36:15 +0800] "GET /xingrg/all/function/internal_message.html?_=1646786129541&CODE_STATE=getMsg HTTP/1.1" 200 27
222.70.243.96 - - [09/Mar/2022:08:36:19 +0800] "POST /xingrg/kc/buy/cgsh_list_operate.html HTTP/1.1" 200 1688
222.70.243.96 - - [09/Mar/2022:08:36:19 +0800] "GET /xingrg/all/function/internal_message.html?_=1646786187055&CODE_STATE=getMsg HTTP/1.1" 200 27
58.39.61.91 - - [09/Mar/2022:08:36:21 +0800] "GET /xingrg/kc/buy/cgsh_order_operate.html?command=get_materiel&rest_code=00151&code=00101008286&supplier_code=00100007&order_time=2022-03-09 HTTP/1.1" 200 408
58.39.61.91 - - [09/Mar/2022:08:36:26 +0800] "GET /xingrg/kc/buy/cgsh_order_operate.html?command=get_materiel&rest_code=00151&code=00101012039&supplier_code=00100007&order_time=2022-03-09 HTTP/1.1" 200 408
222.70.243.96 - - [09/Mar/2022:08:36:31 +0800] "POST /xingrg/kc/buy/cgsh_list_operate.html HTTP/1.1" 200 572
58.39.61.91 - - [09/Mar/2022:08:36:34 +0800] "GET /xingrg/kc/buy/cgsh_order_operate.html?command=get_materiel&rest_code=00151&code=00101008251&supplier_code=00100007&order_time=2022-03-09 HTTP/1.1" 200 408
58.39.168.32 - - [09/Mar/2022:08:36:34 +0800] "GET /xingrg/all/function/internal_message.html?_=1646786193894&CODE_STATE=getMsg HTTP/1.1" 200 27
180.169.147.146 - - [09/Mar/2022:08:36:35 +0800] "GET /xingrg/all/function/internal_message.html?_=1646786193024&CODE_STATE=getMsg HTTP/1.1" 200 27
58.39.61.91 - - [09/Mar/2022:08:36:40 +0800] "GET /xingrg/kc/buy/cgsh_order_operate.html?command=get_materiel&rest_code=00151&code=00101016025&supplier_code=00100007&order_time=2022-03-09 HTTP/1.1" 200 408
222.70.243.96 - - [09/Mar/2022:08:36:41 +0800] "GET /xingrg/check_reg.html?_=1646786195215 HTTP/1.1" 200 22
222.70.243.96 - - [09/Mar/2022:08:36:41 +0800] "GET /xingrg/all/function/internal_message.html?_=1646786195216&CODE_STATE=getMsg HTTP/1.1" 200 27
120.253.135.82 - - [09/Mar/2022:08:36:47 +0800] "GET /xingrg/all/function/internal_message.html?_=1646786195539&CODE_STATE=getMsg HTTP/1.1" 200 27
58.39.61.91 - - [09/Mar/2022:08:36:47 +0800] "GET /xingrg/kc/buy/cgsh_order_operate.html?command=get_materiel&rest_code=00151&code=00101008131&supplier_code=00100007&order_time=2022-03-09 HTTP/1.1" 200 408
222.70.223.103 - - [09/Mar/2022:08:36:50 +0800] "GET /xingrg/index.html?sysBaseUrl=http%3A%2F%2F180.169.147.146%3A18081%2Fxingrg%2F&costTime=1277×tamp=1606817596806 HTTP/1.1" 302 -
222.70.223.103 - - [09/Mar/2022:08:36:50 +0800] "GET /xingrg/login.html HTTP/1.1" 200 7641
222.70.223.103 - - [09/Mar/2022:08:36:52 +0800] "GET /favicon.ico HTTP/1.1" 404 -
180.169.147.146 - - [09/Mar/2022:08:36:54 +0800] "GET /xingrg/all/function/internal_message.html?_=1646786211736&CODE_STATE=getMsg HTTP/1.1" 200 27
58.39.61.91 - - [09/Mar/2022:08:36:54 +0800] "GET /xingrg/kc/buy/cgsh_order_operate.html?command=get_materiel&rest_code=00151&code=00101015046&supplier_code=00100007&order_time=2022-03-09 HTTP/1.1" 200 413
222.70.243.96 - - [09/Mar/2022:08:36:56 +0800] "GET /xingrg/kc/buy/cgsh_order_info.html?code=212022030902835 HTTP/1.1" 200 65570
222.70.243.96 - - [09/Mar/2022:08:36:56 +0800] "GET /xingrg/javascript/easyui/themes/default/validatebox.css HTTP/1.1" 404 1104
222.70.243.96 - - [09/Mar/2022:08:36:57 +0800] "POST /xingrg/kc/buy/cgsh_order_operate.html HTTP/1.1" 200 9784
58.39.61.91 - - [09/Mar/2022:08:37:02 +0800] "GET /xingrg/kc/buy/cgsh_order_operate.html?command=get_materiel&rest_code=00151&code=00101008213&supplier_code=00100007&order_time=2022-03-09 HTTP/1.1" 200 412
172.20.0.100 - - [09/Mar/2022:08:37:02 +0800] "GET /xingrg/all/function/internal_message.html?_=1646786219466&CODE_STATE=getMsg HTTP/1.1" 200 27
222.70.223.103 - - [09/Mar/2022:08:37:02 +0800] "POST /xingrg/login.do HTTP/1.1" 302 -
222.70.223.103 - - [09/Mar/2022:08:37:02 +0800] "GET /xingrg/index.html?sysBaseUrl=http%3A%2F%2F180.169.147.146%3A18081%2Fxingrg%2F&costTime=40×tamp=1646786222624 HTTP/1.1" 200 17179
222.70.223.103 - - [09/Mar/2022:08:37:03 +0800] "GET /favicon.ico HTTP/1.1" 404 -
222.70.223.103 - - [09/Mar/2022:08:37:03 +0800] "POST /xingrg/all/common/load_tree.html?tree=area_rest_tree_json&manage=1 HTTP/1.1" 200 351
222.70.223.103 - - [09/Mar/2022:08:37:03 +0800] "GET /xingrg/all/function/internal_message.html?_=1646786217766&CODE_STATE=count HTTP/1.1" 200 11
222.70.223.103 - - [09/Mar/2022:08:37:03 +0800] "POST /xingrg/load_menu.html HTTP/1.1" 200 5138
222.70.223.103 - - [09/Mar/2022:08:37:03 +0800] "GET /xingrg/check_reg.html?_=1646786217768 HTTP/1.1" 200 22
222.70.223.103 - - [09/Mar/2022:08:37:05 +0800] "GET /xingrg/kc/buy/cgsh_order_list.html HTTP/1.1" 200 49792
58.39.61.91 - - [09/Mar/2022:08:37:08 +0800] "GET /xingrg/all/function/internal_message.html?_=1646786228167&CODE_STATE=getMsg HTTP/1.1" 200 27
222.70.223.103 - - [09/Mar/2022:08:37:09 +0800] "POST /xingrg/kc/buy/cgsh_list_operate.html HTTP/1.1" 200 876
222.70.223.103 - - [09/Mar/2022:08:37:10 +0800] "GET /xingrg/kc/buy/cgsh_order_add.html HTTP/1.1" 200 65523
222.70.223.103 - - [09/Mar/2022:08:37:11 +0800] "GET /xingrg/words/20220308131156_words.js HTTP/1.1" 304 -
222.70.223.103 - - [09/Mar/2022:08:37:11 +0800] "POST /xingrg/kc/buy/cgsh_order_operate.html HTTP/1.1" 200 8245
222.70.223.103 - - [09/Mar/2022:08:37:11 +0800] "GET /xingrg/all/common/auto_word.html?type=employee&rest_code=00155 HTTP/1.1" 200 205
222.70.223.103 - - [09/Mar/2022:08:37:11 +0800] "GET /xingrg/all/common/auto_word.html?type=employee&rest_code=00155 HTTP/1.1" 200 205
222.70.223.103 - - [09/Mar/2022:08:37:11 +0800] "GET /xingrg/javascript/easyui/themes/default/validatebox.css HTTP/1.1" 404 1104
58.39.168.32 - - [09/Mar/2022:08:37:13 +0800] "GET /xingrg/all/function/internal_message.html?_=1646786170759&CODE_STATE=getMsg HTTP/1.1" 200 27
222.70.243.96 - - [09/Mar/2022:08:37:15 +0800] "GET /xingrg/kc/buy/cgsh_order_operate.html?command=get_materiel&rest_code=00146&code=00101008251&supplier_code=00100005&order_time=2022-03-09 HTTP/1.1" 200 408
58.39.61.91 - - [09/Mar/2022:08:37:15 +0800] "GET /xingrg/all/function/internal_message.html?_=1646786189567&CODE_STATE=getMsg HTTP/1.1" 200 27
222.70.243.96 - - [09/Mar/2022:08:37:19 +0800] "GET /xingrg/all/function/internal_message.html?_=1646786247076&CODE_STATE=getMsg HTTP/1.1" 200 27
58.39.168.32 - - [09/Mar/2022:08:37:34 +0800] "GET /xingrg/all/function/internal_message.html?_=1646786253897&CODE_STATE=getMsg HTTP/1.1" 200 27
222.70.243.96 - - [09/Mar/2022:08:37:35 +0800] "GET /xingrg/kc/buy/cgsh_order_operate.html?command=get_materiel&rest_code=00146&code=00101008196&supplier_code=00100005&order_time=2022-03-09 HTTP/1.1" 200 417
180.169.147.146 - - [09/Mar/2022:08:37:35 +0800] "GET /xingrg/all/function/internal_message.html?_=1646786253043&CODE_STATE=getMsg HTTP/1.1" 200 27
222.70.223.103 - - [09/Mar/2022:08:37:39 +0800] "GET /xingrg/javascript/auto/indicator.gif HTTP/1.1" 404 1066
222.70.223.103 - - [09/Mar/2022:08:37:40 +0800] "GET /xingrg/javascript/jquery_tools/images/prev.gif HTTP/1.1" 404 1086
222.70.223.103 - - [09/Mar/2022:08:37:40 +0800] "GET /xingrg/javascript/jquery_tools/images/next.gif HTTP/1.1" 404 1086
222.70.243.96 - - [09/Mar/2022:08:37:41 +0800] "GET /xingrg/all/function/internal_message.html?_=1646786255217&CODE_STATE=getMsg HTTP/1.1" 200 27
58.39.61.91 - - [09/Mar/2022:08:37:42 +0800] "GET /xingrg/kc/buy/cgsh_order_operate.html?command=get_materiel&rest_code=00151&code=00101020131&supplier_code=00100007&order_time=2022-03-09 HTTP/1.1" 200 416
120.253.135.82 - - [09/Mar/2022:08:37:47 +0800] "GET /xingrg/check_reg.html?_=1646786255486 HTTP/1.1" 200 22
120.253.135.82 - - [09/Mar/2022:08:37:47 +0800] "GET /xingrg/all/function/internal_message.html?_=1646786255553&CODE_STATE=getMsg HTTP/1.1" 200 27
180.169.147.146 - - [09/Mar/2022:08:37:54 +0800] "GET /xingrg/all/function/internal_message.html?_=1646786271743&CODE_STATE=getMsg HTTP/1.1" 200 27
180.169.147.146 - - [09/Mar/2022:08:37:54 +0800] "GET /xingrg/check_reg.html?_=1646786271745 HTTP/1.1" 200 22
222.70.243.96 - - [09/Mar/2022:08:37:54 +0800] "GET /xingrg/kc/buy/cgsh_order_operate.html?command=get_materiel&rest_code=00146&code=00101008286&supplier_code=00100005&order_time=2022-03-09 HTTP/1.1" 200 408
222.70.223.103 - - [09/Mar/2022:08:37:56 +0800] "GET /xingrg/kc/buy/cgsh_order_operate.html?command=get_materiel&rest_code=00155&code=00101007061&supplier_code=00100002&order_time=2022-03-09 HTTP/1.1" 200 409
58.39.61.91 - - [09/Mar/2022:08:37:58 +0800] "GET /xingrg/kc/buy/cgsh_order_operate.html?command=get_materiel&rest_code=00151&code=00101008087&supplier_code=00100007&order_time=2022-03-09 HTTP/1.1" 200 412
172.20.0.100 - - [09/Mar/2022:08:38:02 +0800] "GET /xingrg/all/function/internal_message.html?_=1646786279461&CODE_STATE=getMsg HTTP/1.1" 200 27
172.20.0.100 - - [09/Mar/2022:08:38:02 +0800] "GET /xingrg/check_reg.html?_=1646786279468 HTTP/1.1" 200 22
222.70.223.103 - - [09/Mar/2022:08:38:03 +0800] "GET /xingrg/all/function/internal_message.html?_=1646786277793&CODE_STATE=getMsg HTTP/1.1" 200 27
222.70.223.103 - - [09/Mar/2022:08:38:07 +0800] "GET /xingrg/kc/buy/cgsh_order_operate.html?command=get_materiel&rest_code=00155&code=00101007024&supplier_code=00100002&order_time=2022-03-09 HTTP/1.1" 200 415
58.39.61.91 - - [09/Mar/2022:08:38:08 +0800] "GET /xingrg/all/function/internal_message.html?_=1646786288219&CODE_STATE=getMsg HTTP/1.1" 200 27
58.39.168.32 - - [09/Mar/2022:08:38:11 +0800] "GET /xingrg/kc/buy/cgsh_order_add.html HTTP/1.1" 200 65649
58.39.168.32 - - [09/Mar/2022:08:38:11 +0800] "GET /xingrg/javascript/easyui/themes/icons/ok.png HTTP/1.1" 304 -
58.39.168.32 - - [09/Mar/2022:08:38:11 +0800] "GET /xingrg/all/common/auto_word.html?type=employee&rest_code=00105 HTTP/1.1" 200 193
58.39.168.32 - - [09/Mar/2022:08:38:11 +0800] "GET /xingrg/javascript/easyui/themes/icons/template_new.png HTTP/1.1" 304 -
58.39.168.32 - - [09/Mar/2022:08:38:11 +0800] "POST /xingrg/kc/buy/cgsh_order_operate.html HTTP/1.1" 200 8245
58.39.168.32 - - [09/Mar/2022:08:38:11 +0800] "GET /xingrg/all/common/auto_word.html?type=employee&rest_code=00105 HTTP/1.1" 200 193
58.39.168.32 - - [09/Mar/2022:08:38:11 +0800] "GET /xingrg/javascript/easyui/themes/default/validatebox.css HTTP/1.1" 404 1104
222.70.223.103 - - [09/Mar/2022:08:38:12 +0800] "GET /xingrg/kc/buy/cgsh_order_operate.html?command=get_materiel&rest_code=00155&code=00101008221&supplier_code=00100002&order_time=2022-03-09 HTTP/1.1" 200 412
58.39.168.32 - - [09/Mar/2022:08:38:13 +0800] "GET /xingrg/all/function/internal_message.html?_=1646786230760&CODE_STATE=getMsg HTTP/1.1" 200 27
58.39.61.91 - - [09/Mar/2022:08:38:14 +0800] "GET /xingrg/kc/buy/cgsh_order_operate.html?command=get_materiel&rest_code=00151&code=00101008355&supplier_code=00100007&order_time=2022-03-09 HTTP/1.1" 200 408
58.39.61.91 - - [09/Mar/2022:08:38:15 +0800] "GET /xingrg/all/function/internal_message.html?_=1646786249583&CODE_STATE=getMsg HTTP/1.1" 200 27
222.70.223.103 - - [09/Mar/2022:08:38:17 +0800] "GET /xingrg/kc/buy/cgsh_order_operate.html?command=get_materiel&rest_code=00155&code=00101007072&supplier_code=00100002&order_time=2022-03-09 HTTP/1.1" 200 413
222.70.243.96 - - [09/Mar/2022:08:38:18 +0800] "GET /xingrg/kc/buy/cgsh_order_operate.html?command=get_materiel&rest_code=00146&code=00101008131&supplier_code=00100005&order_time=2022-03-09 HTTP/1.1" 200 408
222.70.243.96 - - [09/Mar/2022:08:38:19 +0800] "GET /xingrg/all/function/internal_message.html?_=1646786307083&CODE_STATE=getMsg HTTP/1.1" 200 27
222.70.223.103 - - [09/Mar/2022:08:38:23 +0800] "GET /xingrg/kc/buy/cgsh_order_operate.html?command=get_materiel&rest_code=00155&code=00101007077&supplier_code=00100002&order_time=2022-03-09 HTTP/1.1" 200 415
58.39.61.91 - - [09/Mar/2022:08:38:23 +0800] "GET /xingrg/kc/buy/cgsh_order_operate.html?command=get_materiel&rest_code=00151&code=00101015060&supplier_code=00100007&order_time=2022-03-09 HTTP/1.1" 200 412
222.70.243.96 - - [09/Mar/2022:08:38:24 +0800] "POST /xingrg/kc/buy/cgsh_order_operate.html HTTP/1.1" 200 2065
222.70.223.103 - - [09/Mar/2022:08:38:31 +0800] "POST /xingrg/kc/buy/cgsh_order_operate.html HTTP/1.1" 200 37
222.70.223.103 - - [09/Mar/2022:08:38:33 +0800] "POST /xingrg/kc/buy/cgsh_order_operate.html HTTP/1.1" 200 4433
222.70.223.103 - - [09/Mar/2022:08:38:34 +0800] "GET /xingrg/kc/print/load_config.html?kc_code=cgsh HTTP/1.1" 200 1943
222.70.223.103 - - [09/Mar/2022:08:38:34 +0800] "GET /xingrg/kc/print/load_data.html?order_code=212022030902836&kc_code=cgsh&condition= HTTP/1.1" 200 1421
58.39.168.32 - - [09/Mar/2022:08:38:34 +0800] "GET /xingrg/all/function/internal_message.html?_=1646786313905&CODE_STATE=getMsg HTTP/1.1" 200 27
180.169.147.146 - - [09/Mar/2022:08:38:35 +0800] "GET /xingrg/all/function/internal_message.html?_=1646786313041&CODE_STATE=getMsg HTTP/1.1" 200 27
222.70.243.96 - - [09/Mar/2022:08:38:37 +0800] "GET /xingrg/kc/buy/cgsh_order_operate.html?command=get_materiel&rest_code=00146&code=00101008371&supplier_code=00100005&order_time=2022-03-09 HTTP/1.1" 200 412
222.70.223.103 - - [09/Mar/2022:08:38:40 +0800] "GET /xingrg/kc/print/load_data.html?order_code=212022030902836&kc_code=cgsh HTTP/1.1" 200 1421
222.70.243.96 - - [09/Mar/2022:08:38:41 +0800] "GET /xingrg/all/function/internal_message.html?_=1646786315203&CODE_STATE=getMsg HTTP/1.1" 200 27
120.253.135.82 - - [09/Mar/2022:08:38:47 +0800] "GET /xingrg/all/function/internal_message.html?_=1646786315563&CODE_STATE=getMsg HTTP/1.1" 200 27
180.169.147.146 - - [09/Mar/2022:08:38:54 +0800] "GET /xingrg/all/function/internal_message.html?_=1646786331745&CODE_STATE=getMsg HTTP/1.1" 200 27
172.20.0.100 - - [09/Mar/2022:08:39:02 +0800] "GET /xingrg/all/function/internal_message.html?_=1646786339470&CODE_STATE=getMsg HTTP/1.1" 200 27
222.70.243.96 - - [09/Mar/2022:08:39:02 +0800] "GET /xingrg/kc/buy/cgsh_order_operate.html?command=get_materiel&rest_code=00146&code=00101008353&supplier_code=00100005&order_time=2022-03-09 HTTP/1.1" 200 408
222.70.223.103 - - [09/Mar/2022:08:39:03 +0800] "GET /xingrg/kc/buy/cgsh_order_add.html HTTP/1.1" 200 65523
222.70.223.103 - - [09/Mar/2022:08:39:03 +0800] "GET /xingrg/all/function/internal_message.html?_=1646786337935&CODE_STATE=getMsg HTTP/1.1" 200 27
222.70.223.103 - - [09/Mar/2022:08:39:04 +0800] "POST /xingrg/kc/buy/cgsh_order_operate.html HTTP/1.1" 200 8245
222.70.223.103 - - [09/Mar/2022:08:39:04 +0800] "GET /xingrg/javascript/easyui/themes/default/validatebox.css HTTP/1.1" 404 1104
58.39.61.91 - - [09/Mar/2022:08:39:08 +0800] "GET /xingrg/check_reg.html?_=1646786348178 HTTP/1.1" 200 22
58.39.61.91 - - [09/Mar/2022:08:39:08 +0800] "GET /xingrg/all/function/internal_message.html?_=1646786348192&CODE_STATE=getMsg HTTP/1.1" 200 27
58.39.61.91 - - [09/Mar/2022:08:39:10 +0800] "POST /xingrg/kc/buy/cgsh_order_operate.html HTTP/1.1" 200 37
58.39.61.91 - - [09/Mar/2022:08:39:12 +0800] "POST /xingrg/kc/buy/cgsh_order_operate.html HTTP/1.1" 200 12230
58.39.168.32 - - [09/Mar/2022:08:39:13 +0800] "GET /xingrg/all/function/internal_message.html?_=1646786290761&CODE_STATE=getMsg HTTP/1.1" 200 27
58.39.61.91 - - [09/Mar/2022:08:39:15 +0800] "POST /xingrg/all/user/operate.html HTTP/1.1" 200 36
58.39.61.91 - - [09/Mar/2022:08:39:15 +0800] "GET /xingrg/javascript/jquery_easy_ui/themes/default/easyui.css HTTP/1.1" 304 -
58.39.61.91 - - [09/Mar/2022:08:39:15 +0800] "GET /xingrg/javascript/jquery_easy_ui/themes/icon.css HTTP/1.1" 304 -
58.39.61.91 - - [09/Mar/2022:08:39:15 +0800] "GET /xingrg/css/form.css HTTP/1.1" 304 -
58.39.61.91 - - [09/Mar/2022:08:39:15 +0800] "GET /xingrg/javascript/jquery-1.4.2.min.js HTTP/1.1" 304 -
58.39.61.91 - - [09/Mar/2022:08:39:15 +0800] "GET /xingrg/javascript/jquery_easy_ui/jquery.easyui.min.js HTTP/1.1" 304 -
58.39.61.91 - - [09/Mar/2022:08:39:15 +0800] "GET /xingrg/javascript/jquery_easy_ui/easyui-lang-zh_CN.js HTTP/1.1" 304 -
58.39.61.91 - - [09/Mar/2022:08:39:15 +0800] "GET /xingrg/javascript/jquery.form.js HTTP/1.1" 304 -
58.39.61.91 - - [09/Mar/2022:08:39:15 +0800] "GET /xingrg/javascript/jquery.utils.js HTTP/1.1" 304 -
58.39.61.91 - - [09/Mar/2022:08:39:15 +0800] "GET /xingrg/javascript/jquery.timers.js HTTP/1.1" 304 -
58.39.61.91 - - [09/Mar/2022:08:39:15 +0800] "GET /xingrg/images/blue/jxLogo.png HTTP/1.1" 304 -
58.39.61.91 - - [09/Mar/2022:08:39:15 +0800] "GET /xingrg/images/blue/navBackgound.jpg HTTP/1.1" 304 -
58.39.61.91 - - [09/Mar/2022:08:39:15 +0800] "GET /xingrg/javascript/jquery_easy_ui/themes/icons/settle_new.png HTTP/1.1" 304 -
58.39.61.91 - - [09/Mar/2022:08:39:15 +0800] "GET /xingrg/index.html?sysBaseUrl=http%3A%2F%2F180.169.147.146%3A18081%2Fxingrg%2F&costTime=39×tamp=1646544452846 HTTP/1.1" 200 17179
58.39.61.91 - - [09/Mar/2022:08:39:15 +0800] "GET /xingrg/all/function/internal_message.html?_=1646786309609&CODE_STATE=getMsg HTTP/1.1" 200 27
58.39.61.91 - - [09/Mar/2022:08:39:16 +0800] "POST /xingrg/all/common/load_tree.html?tree=area_rest_tree_json&manage=1 HTTP/1.1" 200 476
58.39.61.91 - - [09/Mar/2022:08:39:16 +0800] "GET /xingrg/all/function/internal_message.html?_=1646786355404&CODE_STATE=count HTTP/1.1" 200 11
58.39.61.91 - - [09/Mar/2022:08:39:16 +0800] "GET /xingrg/check_reg.html?_=1646786355405 HTTP/1.1" 200 22
58.39.61.91 - - [09/Mar/2022:08:39:16 +0800] "POST /xingrg/load_menu.html HTTP/1.1" 200 5138
58.39.61.91 - - [09/Mar/2022:08:39:18 +0800] "GET /xingrg/kc/base/yddb_order_list.html HTTP/1.1" 200 16630
58.39.61.91 - - [09/Mar/2022:08:39:18 +0800] "POST /xingrg/kc/base/yddb_list_operate.html HTTP/1.1" 200 636
58.39.61.91 - - [09/Mar/2022:08:39:19 +0800] "GET /xingrg/dwr/util.js HTTP/1.1" 304 -
222.70.243.96 - - [09/Mar/2022:08:39:19 +0800] "GET /xingrg/all/function/internal_message.html?_=1646786367097&CODE_STATE=getMsg HTTP/1.1" 200 27
58.39.61.91 - - [09/Mar/2022:08:39:19 +0800] "GET /xingrg/dwr/interface/AjaxYddbService.js HTTP/1.1" 200 13201
58.39.61.91 - - [09/Mar/2022:08:39:20 +0800] "GET /xingrg/kc/base/yddb_order_add.html HTTP/1.1" 200 29837
58.39.61.91 - - [09/Mar/2022:08:39:20 +0800] "GET /xingrg/dwr/engine.js HTTP/1.1" 200 43631
58.39.61.91 - - [09/Mar/2022:08:39:20 +0800] "GET /xingrg/dwr/interface/AjaxComOrderService.js HTTP/1.1" 200 18264
58.39.61.91 - - [09/Mar/2022:08:39:22 +0800] "POST /xingrg/dwr/call/plaincall/AjaxYddbService.getRestBases.dwr HTTP/1.1" 200 1562
58.39.61.91 - - [09/Mar/2022:08:39:29 +0800] "POST /xingrg/dwr/call/plaincall/AjaxYddbService.saveOrder.dwr HTTP/1.1" 200 78
58.39.168.32 - - [09/Mar/2022:08:39:31 +0800] "GET /xingrg/kc/buy/cgsh_order_operate.html?command=get_materiel&rest_code=00105&code=00101001010&supplier_code=00100397&order_time=2022-03-09 HTTP/1.1" 200 409
58.39.168.32 - - [09/Mar/2022:08:39:34 +0800] "GET /xingrg/all/function/internal_message.html?_=1646786373888&CODE_STATE=getMsg HTTP/1.1" 200 27
58.39.168.32 - - [09/Mar/2022:08:39:34 +0800] "GET /xingrg/check_reg.html?_=1646786373891 HTTP/1.1" 200 22
180.169.147.146 - - [09/Mar/2022:08:39:35 +0800] "GET /xingrg/all/function/internal_message.html?_=1646786373040&CODE_STATE=getMsg HTTP/1.1" 200 27
180.169.147.146 - - [09/Mar/2022:08:39:35 +0800] "GET /xingrg/check_reg.html?_=1646786373042 HTTP/1.1" 200 22
58.39.61.91 - - [09/Mar/2022:08:39:38 +0800] "POST /xingrg/dwr/call/plaincall/AjaxComOrderService.getMaterielSearchList.dwr HTTP/1.1" 200 8081
58.39.61.91 - - [09/Mar/2022:08:39:39 +0800] "POST /xingrg/dwr/call/plaincall/AjaxComOrderService.getMaterielSearchList.dwr HTTP/1.1" 200 698
58.39.61.91 - - [09/Mar/2022:08:39:40 +0800] "POST /xingrg/dwr/call/plaincall/AjaxYddbService.getMaterielByMap.dwr HTTP/1.1" 200 3811
58.39.168.32 - - [09/Mar/2022:08:39:40 +0800] "POST /xingrg/kc/buy/cgsh_order_operate.html HTTP/1.1" 200 37
58.39.61.91 - - [09/Mar/2022:08:39:41 +0800] "GET /xingrg/images/yd/bt.gif HTTP/1.1" 404 1040
222.70.243.96 - - [09/Mar/2022:08:39:41 +0800] "GET /xingrg/all/function/internal_message.html?_=1646786375204&CODE_STATE=getMsg HTTP/1.1" 200 27
58.39.168.32 - - [09/Mar/2022:08:39:42 +0800] "POST /xingrg/kc/buy/cgsh_order_operate.html HTTP/1.1" 200 2657
58.39.168.32 - - [09/Mar/2022:08:39:43 +0800] "GET /xingrg/kc/print/load_config.html?kc_code=cgsh HTTP/1.1" 200 1943
58.39.168.32 - - [09/Mar/2022:08:39:43 +0800] "GET /xingrg/kc/print/load_data.html?order_code=212022030902838&kc_code=cgsh&condition= HTTP/1.1" 200 667
58.39.61.91 - - [09/Mar/2022:08:39:45 +0800] "GET /xingrg/images/yd/bt2.gif HTTP/1.1" 404 1042
58.39.61.91 - - [09/Mar/2022:08:39:46 +0800] "POST /xingrg/dwr/call/plaincall/AjaxYddbService.saveMaterielItem.dwr HTTP/1.1" 200 78
58.39.168.32 - - [09/Mar/2022:08:39:46 +0800] "GET /xingrg/kc/buy/cgsh_order_add.html HTTP/1.1" 200 65649
58.39.168.32 - - [09/Mar/2022:08:39:47 +0800] "GET /xingrg/javascript/easyui/themes/default/validatebox.css HTTP/1.1" 404 1104
58.39.168.32 - - [09/Mar/2022:08:39:47 +0800] "POST /xingrg/kc/buy/cgsh_order_operate.html HTTP/1.1" 200 8245
120.253.135.82 - - [09/Mar/2022:08:39:47 +0800] "GET /xingrg/all/function/internal_message.html?_=1646786375576&CODE_STATE=getMsg HTTP/1.1" 200 27
58.39.61.91 - - [09/Mar/2022:08:39:49 +0800] "POST /xingrg/dwr/call/plaincall/AjaxComOrderService.getMaterielSearchList.dwr HTTP/1.1" 200 27011
58.39.61.91 - - [09/Mar/2022:08:39:49 +0800] "POST /xingrg/dwr/call/plaincall/AjaxComOrderService.getMaterielSearchList.dwr HTTP/1.1" 200 1575
222.70.243.96 - - [09/Mar/2022:08:39:50 +0800] "GET /xingrg/check_reg.html?_=1646786397641 HTTP/1.1" 200 22
58.39.61.91 - - [09/Mar/2022:08:39:52 +0800] "POST /xingrg/dwr/call/plaincall/AjaxYddbService.getMaterielByMap.dwr HTTP/1.1" 200 3853
222.70.243.96 - - [09/Mar/2022:08:39:53 +0800] "GET /xingrg/kc/buy/cgsh_order_operate.html?command=get_materiel&rest_code=00146&code=00101008103&supplier_code=00100005&order_time=2022-03-09 HTTP/1.1" 200 418
180.169.147.146 - - [09/Mar/2022:08:39:54 +0800] "GET /xingrg/all/function/internal_message.html?_=1646786391744&CODE_STATE=getMsg HTTP/1.1" 200 27
58.39.61.91 - - [09/Mar/2022:08:39:54 +0800] "POST /xingrg/dwr/call/plaincall/AjaxYddbService.saveMaterielItem.dwr HTTP/1.1" 200 78
58.39.61.91 - - [09/Mar/2022:08:39:57 +0800] "POST /xingrg/dwr/call/plaincall/AjaxComOrderService.getMaterielSearchList.dwr HTTP/1.1" 200 17191
58.39.168.32 - - [09/Mar/2022:08:39:58 +0800] "GET /xingrg/kc/buy/cgsh_order_operate.html?command=get_materiel&rest_code=00105&code=00101006106&supplier_code=00100203&order_time=2022-03-09 HTTP/1.1" 200 421
58.39.61.91 - - [09/Mar/2022:08:40:00 +0800] "POST /xingrg/dwr/call/plaincall/AjaxComOrderService.getMaterielSearchList.dwr HTTP/1.1" 200 2916
58.39.61.91 - - [09/Mar/2022:08:40:01 +0800] "POST /xingrg/dwr/call/plaincall/AjaxComOrderService.getMaterielSearchList.dwr HTTP/1.1" 200 303
172.20.0.100 - - [09/Mar/2022:08:40:02 +0800] "GET /xingrg/all/function/internal_message.html?_=1646786399468&CODE_STATE=getMsg HTTP/1.1" 200 27
58.39.61.91 - - [09/Mar/2022:08:40:02 +0800] "POST /xingrg/dwr/call/plaincall/AjaxYddbService.getMaterielByMap.dwr HTTP/1.1" 200 3827
222.70.223.103 - - [09/Mar/2022:08:40:04 +0800] "GET /xingrg/all/function/internal_message.html?_=1646786397936&CODE_STATE=getMsg HTTP/1.1" 200 27
58.39.61.91 - - [09/Mar/2022:08:40:04 +0800] "POST /xingrg/dwr/call/plaincall/AjaxYddbService.saveMaterielItem.dwr HTTP/1.1" 200 79
58.39.61.91 - - [09/Mar/2022:08:40:04 +0800] "GET /xingrg/check_reg.html?_=1646786358367 HTTP/1.1" 200 22
58.39.168.32 - - [09/Mar/2022:08:40:09 +0800] "GET /xingrg/kc/buy/cgsh_order_operate.html?command=get_materiel&rest_code=00105&code=00101010277&supplier_code=00100203&order_time=2022-03-09 HTTP/1.1" 200 408
58.39.168.32 - - [09/Mar/2022:08:40:13 +0800] "GET /xingrg/all/function/internal_message.html?_=1646786350761&CODE_STATE=getMsg HTTP/1.1" 200 27
58.39.61.91 - - [09/Mar/2022:08:40:16 +0800] "GET /xingrg/all/function/internal_message.html?_=1646786369626&CODE_STATE=getMsg HTTP/1.1" 200 27
222.70.223.103 - - [09/Mar/2022:08:40:20 +0800] "GET /xingrg/kc/buy/cgsh_order_operate.html?command=get_materiel&rest_code=00155&code=00101008149&supplier_code=00100005&order_time=2022-03-09 HTTP/1.1" 200 408
222.70.243.96 - - [09/Mar/2022:08:40:20 +0800] "GET /xingrg/all/function/internal_message.html?_=1646786427609&CODE_STATE=getMsg HTTP/1.1" 200 27
58.39.61.91 - - [09/Mar/2022:08:40:21 +0800] "POST /xingrg/dwr/call/plaincall/AjaxYddbService.checkOrder.dwr HTTP/1.1" 200 79
222.70.243.96 - - [09/Mar/2022:08:40:22 +0800] "GET /xingrg/kc/buy/cgsh_order_operate.html?command=get_materiel&rest_code=00146&code=00101011001&supplier_code=00100005&order_time=2022-03-09 HTTP/1.1" 200 423
58.39.61.91 - - [09/Mar/2022:08:40:22 +0800] "GET /xingrg/kc/base/yddb_order_info.html?code=482022030900045 HTTP/1.1" 200 29505
58.39.61.91 - - [09/Mar/2022:08:40:22 +0800] "GET /xingrg/dwr/interface/AjaxComOrderService.js HTTP/1.1" 200 18264
58.39.61.91 - - [09/Mar/2022:08:40:22 +0800] "GET /xingrg/dwr/engine.js HTTP/1.1" 200 43631
58.39.61.91 - - [09/Mar/2022:08:40:22 +0800] "GET /xingrg/dwr/interface/AjaxYddbService.js HTTP/1.1" 200 13201
58.39.61.91 - - [09/Mar/2022:08:40:22 +0800] "POST /xingrg/dwr/call/plaincall/AjaxYddbService.loadMaterielItems.dwr HTTP/1.1" 200 1182
58.39.61.91 - - [09/Mar/2022:08:40:26 +0800] "POST /xingrg/all/user/operate.html HTTP/1.1" 200 36
58.39.61.91 - - [09/Mar/2022:08:40:26 +0800] "GET /xingrg/index.html?sysBaseUrl=http%3A%2F%2F180.169.147.146%3A18081%2Fxingrg%2F&costTime=39×tamp=1646544452846 HTTP/1.1" 200 17177
58.39.61.91 - - [09/Mar/2022:08:40:26 +0800] "GET /xingrg/javascript/jquery_easy_ui/themes/default/easyui.css HTTP/1.1" 304 -
58.39.61.91 - - [09/Mar/2022:08:40:26 +0800] "GET /xingrg/javascript/jquery_easy_ui/themes/icon.css HTTP/1.1" 304 -
58.39.61.91 - - [09/Mar/2022:08:40:26 +0800] "GET /xingrg/css/form.css HTTP/1.1" 304 -
58.39.61.91 - - [09/Mar/2022:08:40:26 +0800] "GET /xingrg/javascript/jquery-1.4.2.min.js HTTP/1.1" 304 -
58.39.61.91 - - [09/Mar/2022:08:40:26 +0800] "GET /xingrg/javascript/jquery_easy_ui/jquery.easyui.min.js HTTP/1.1" 304 -
58.39.61.91 - - [09/Mar/2022:08:40:26 +0800] "GET /xingrg/javascript/jquery_easy_ui/easyui-lang-zh_CN.js HTTP/1.1" 304 -
58.39.61.91 - - [09/Mar/2022:08:40:26 +0800] "GET /xingrg/javascript/jquery.form.js HTTP/1.1" 304 -
58.39.61.91 - - [09/Mar/2022:08:40:26 +0800] "GET /xingrg/javascript/jquery.utils.js HTTP/1.1" 304 -
58.39.61.91 - - [09/Mar/2022:08:40:26 +0800] "GET /xingrg/javascript/jquery.timers.js HTTP/1.1" 304 -
58.39.61.91 - - [09/Mar/2022:08:40:26 +0800] "GET /xingrg/images/blue/jxLogo.png HTTP/1.1" 304 -
58.39.61.91 - - [09/Mar/2022:08:40:26 +0800] "GET /xingrg/javascript/jquery_easy_ui/themes/icons/settle_new.png HTTP/1.1" 304 -
58.39.61.91 - - [09/Mar/2022:08:40:26 +0800] "GET /xingrg/images/blue/navBackgound.jpg HTTP/1.1" 304 -
58.39.61.91 - - [09/Mar/2022:08:40:26 +0800] "POST /xingrg/all/common/load_tree.html?tree=area_rest_tree_json&manage=1 HTTP/1.1" 200 476
58.39.61.91 - - [09/Mar/2022:08:40:26 +0800] "GET /xingrg/all/function/internal_message.html?_=1646786425827&CODE_STATE=count HTTP/1.1" 200 11
58.39.61.91 - - [09/Mar/2022:08:40:26 +0800] "GET /xingrg/images/blue/pingpu.png HTTP/1.1" 304 -
58.39.61.91 - - [09/Mar/2022:08:40:26 +0800] "GET /xingrg/check_reg.html?_=1646786425828 HTTP/1.1" 200 22
58.39.61.91 - - [09/Mar/2022:08:40:26 +0800] "GET /xingrg/javascript/jquery_easy_ui/themes/default/images/panel_tool_collapse.gif HTTP/1.1" 304 -
58.39.61.91 - - [09/Mar/2022:08:40:26 +0800] "POST /xingrg/load_menu.html HTTP/1.1" 200 5138
58.39.61.91 - - [09/Mar/2022:08:40:26 +0800] "GET /xingrg/javascript/jquery_easy_ui/themes/default/images/tabs_leftarrow.png HTTP/1.1" 304 -
58.39.61.91 - - [09/Mar/2022:08:40:26 +0800] "GET /xingrg/javascript/jquery_easy_ui/themes/default/images/tabs_rightarrow.png HTTP/1.1" 304 -
58.39.61.91 - - [09/Mar/2022:08:40:26 +0800] "GET /xingrg/javascript/jquery_easy_ui/themes/default/images/tree_folder_open.gif HTTP/1.1" 304 -
58.39.61.91 - - [09/Mar/2022:08:40:26 +0800] "GET /xingrg/javascript/jquery_easy_ui/themes/default/images/tree_file.gif HTTP/1.1" 304 -
58.39.61.91 - - [09/Mar/2022:08:40:26 +0800] "GET /xingrg/javascript/jquery_easy_ui/themes/icons/storage_new.png HTTP/1.1" 304 -
58.39.61.91 - - [09/Mar/2022:08:40:26 +0800] "GET /xingrg/javascript/jquery_easy_ui/themes/default/images/tree_arrows.gif HTTP/1.1" 304 -
58.39.61.91 - - [09/Mar/2022:08:40:26 +0800] "GET /xingrg/javascript/jquery_easy_ui/themes/icons/forms_new.png HTTP/1.1" 304 -
58.39.61.91 - - [09/Mar/2022:08:40:26 +0800] "GET /xingrg/javascript/jquery_easy_ui/themes/default/images/tree_folder.gif HTTP/1.1" 304 -
58.39.61.91 - - [09/Mar/2022:08:40:26 +0800] "GET /xingrg/javascript/jquery_easy_ui/themes/icons/search_new.png HTTP/1.1" 304 -
222.70.243.96 - - [09/Mar/2022:08:40:26 +0800] "POST /xingrg/kc/buy/cgsh_order_operate.html HTTP/1.1" 200 2065
222.70.223.103 - - [09/Mar/2022:08:40:27 +0800] "GET /xingrg/kc/buy/cgsh_order_operate.html?command=get_materiel&rest_code=00155&code=00101008207&supplier_code=00100005&order_time=2022-03-09 HTTP/1.1" 200 408
58.39.61.91 - - [09/Mar/2022:08:40:28 +0800] "GET /xingrg/kc/base/yddb_order_list.html HTTP/1.1" 200 16628
58.39.61.91 - - [09/Mar/2022:08:40:28 +0800] "POST /xingrg/kc/base/yddb_list_operate.html HTTP/1.1" 200 636
58.39.168.32 - - [09/Mar/2022:08:40:30 +0800] "POST /xingrg/kc/buy/cgsh_order_operate.html HTTP/1.1" 200 37
58.39.168.32 - - [09/Mar/2022:08:40:31 +0800] "POST /xingrg/kc/buy/cgsh_order_operate.html HTTP/1.1" 200 3257
58.39.61.91 - - [09/Mar/2022:08:40:31 +0800] "POST /xingrg/kc/base/yddb_list_operate.html HTTP/1.1" 200 1347
58.39.61.91 - - [09/Mar/2022:08:40:32 +0800] "POST /xingrg/kc/base/yddb_list_operate.html HTTP/1.1" 200 380
58.39.61.91 - - [09/Mar/2022:08:40:33 +0800] "GET /xingrg/kc/base/yddb_order_info.html?code=482022030900045 HTTP/1.1" 200 31070
58.39.61.91 - - [09/Mar/2022:08:40:33 +0800] "GET /xingrg/dwr/interface/AjaxYddbService.js HTTP/1.1" 200 13201
58.39.61.91 - - [09/Mar/2022:08:40:33 +0800] "GET /xingrg/dwr/interface/AjaxComOrderService.js HTTP/1.1" 200 18264
58.39.61.91 - - [09/Mar/2022:08:40:33 +0800] "GET /xingrg/dwr/engine.js HTTP/1.1" 200 43631
58.39.168.32 - - [09/Mar/2022:08:40:33 +0800] "GET /xingrg/kc/print/load_data.html?order_code=212022030902839&kc_code=cgsh&condition= HTTP/1.1" 200 881
58.39.61.91 - - [09/Mar/2022:08:40:33 +0800] "POST /xingrg/dwr/call/plaincall/AjaxYddbService.loadMaterielItems.dwr HTTP/1.1" 200 1182
222.70.223.103 - - [09/Mar/2022:08:40:33 +0800] "GET /xingrg/kc/buy/cgsh_order_operate.html?command=get_materiel&rest_code=00155&code=00101008087&supplier_code=00100005&order_time=2022-03-09 HTTP/1.1" 200 412
58.39.168.32 - - [09/Mar/2022:08:40:34 +0800] "GET /xingrg/all/function/internal_message.html?_=1646786433895&CODE_STATE=getMsg HTTP/1.1" 200 27
180.169.147.146 - - [09/Mar/2022:08:40:35 +0800] "GET /xingrg/all/function/internal_message.html?_=1646786433038&CODE_STATE=getMsg HTTP/1.1" 200 27
58.39.61.91 - - [09/Mar/2022:08:40:36 +0800] "POST /xingrg/dwr/call/plaincall/AjaxYddbService.saveOrder.dwr HTTP/1.1" 200 78
58.39.168.32 - - [09/Mar/2022:08:40:36 +0800] "GET /xingrg/kc/buy/cgsh_order_add.html HTTP/1.1" 200 65649
58.39.168.32 - - [09/Mar/2022:08:40:36 +0800] "GET /xingrg/javascript/easyui/themes/default/validatebox.css HTTP/1.1" 404 1104
58.39.168.32 - - [09/Mar/2022:08:40:36 +0800] "POST /xingrg/kc/buy/cgsh_order_operate.html HTTP/1.1" 200 8245
