114.88.156.203 - - [09/Mar/2022:10:30:45 +0800] "GET /xingrg/kc/buy/cgsh_order_operate.html?command=get_materiel&rest_code=00141&code=00101007077&supplier_code=00100004&order_time=2022-03-09 HTTP/1.1" 200 415
114.88.156.203 - - [09/Mar/2022:10:30:52 +0800] "GET /xingrg/kc/buy/cgsh_order_operate.html?command=get_materiel&rest_code=00141&code=00101007085&supplier_code=00100004&order_time=2022-03-09 HTTP/1.1" 200 413
180.169.147.146 - - [09/Mar/2022:10:30:54 +0800] "GET /xingrg/all/function/internal_message.html?_=1646793051751&CODE_STATE=getMsg HTTP/1.1" 200 27
114.83.217.117 - - [09/Mar/2022:10:30:55 +0800] "GET /xingrg/all/function/internal_message.html?_=1646793052512&CODE_STATE=getMsg HTTP/1.1" 200 27
116.232.52.108 - - [09/Mar/2022:10:30:55 +0800] "GET /xingrg/all/function/internal_message.html?_=1646793053143&CODE_STATE=getMsg HTTP/1.1" 200 27
116.232.52.108 - - [09/Mar/2022:10:30:55 +0800] "GET /xingrg/check_reg.html?_=1646793053144 HTTP/1.1" 200 22
180.169.147.146 - - [09/Mar/2022:10:30:56 +0800] "GET /xingrg/check_reg.html?_=1646793053136 HTTP/1.1" 200 22
116.232.52.108 - - [09/Mar/2022:10:30:59 +0800] "POST /xingrg/kc/buy/cgsh_order_operate.html HTTP/1.1" 200 37
172.20.0.100 - - [09/Mar/2022:10:31:02 +0800] "GET /xingrg/all/function/internal_message.html?_=1646793059465&CODE_STATE=getMsg HTTP/1.1" 200 27
116.232.52.108 - - [09/Mar/2022:10:31:02 +0800] "POST /xingrg/kc/buy/cgsh_order_operate.html HTTP/1.1" 200 3853
222.70.243.96 - - [09/Mar/2022:10:31:03 +0800] "GET /xingrg/all/function/internal_message.html?_=1646793070975&CODE_STATE=getMsg HTTP/1.1" 200 27
116.232.52.108 - - [09/Mar/2022:10:31:03 +0800] "GET /xingrg/kc/print/load_config.html?kc_code=cgsh HTTP/1.1" 200 1943
58.39.61.91 - - [09/Mar/2022:10:31:05 +0800] "GET /xingrg/check_reg.html?_=1646793064439 HTTP/1.1" 200 22
58.39.61.91 - - [09/Mar/2022:10:31:05 +0800] "GET /xingrg/all/function/internal_message.html?_=1646793064441&CODE_STATE=getMsg HTTP/1.1" 200 27
114.88.156.203 - - [09/Mar/2022:10:31:06 +0800] "POST /xingrg/kc/buy/cgsh_order_operate.html HTTP/1.1" 200 37
116.232.52.108 - - [09/Mar/2022:10:31:06 +0800] "GET /xingrg/kc/print/load_data.html?order_code=212022030902875&kc_code=cgsh&condition= HTTP/1.1" 200 1226
114.88.156.203 - - [09/Mar/2022:10:31:09 +0800] "GET /xingrg/all/function/internal_message.html?_=1646792842094&CODE_STATE=getMsg HTTP/1.1" 200 27
180.169.147.146 - - [09/Mar/2022:10:31:11 +0800] "GET /xingrg/all/function/internal_message.html?_=1646793069315&CODE_STATE=getMsg HTTP/1.1" 200 27
114.88.156.203 - - [09/Mar/2022:10:31:11 +0800] "POST /xingrg/kc/buy/cgsh_order_operate.html HTTP/1.1" 200 12
114.88.156.203 - - [09/Mar/2022:10:31:12 +0800] "GET /xingrg/kc/buy/cgsh_order_info.html?code=212022030902876 HTTP/1.1" 200 60574
114.88.156.203 - - [09/Mar/2022:10:31:13 +0800] "GET /xingrg/javascript/easyui/themes/default/validatebox.css HTTP/1.1" 404 1104
114.88.156.203 - - [09/Mar/2022:10:31:13 +0800] "POST /xingrg/kc/buy/cgsh_order_operate.html HTTP/1.1" 200 4164
58.39.168.32 - - [09/Mar/2022:10:31:14 +0800] "GET /xingrg/check_reg.html?_=1646793010949 HTTP/1.1" 200 22
58.39.168.32 - - [09/Mar/2022:10:31:14 +0800] "GET /xingrg/all/function/internal_message.html?_=1646793010952&CODE_STATE=getMsg HTTP/1.1" 200 27
114.88.156.203 - - [09/Mar/2022:10:31:14 +0800] "GET /xingrg/kc/print/load_config.html?kc_code=cgsh HTTP/1.1" 200 1943
114.88.156.203 - - [09/Mar/2022:10:31:14 +0800] "GET /xingrg/kc/print/load_data.html?order_code=212022030902876&kc_code=cgsh&condition= HTTP/1.1" 200 2125
116.228.172.94 - - [09/Mar/2022:10:31:17 +0800] "GET /xingrg/all/function/internal_message.html?_=1646793038211&CODE_STATE=getMsg HTTP/1.1" 200 27
58.39.61.91 - - [09/Mar/2022:10:31:18 +0800] "GET /xingrg/all/function/internal_message.html?_=1646793031634&CODE_STATE=getMsg HTTP/1.1" 200 27
114.88.156.203 - - [09/Mar/2022:10:31:18 +0800] "GET /xingrg/kc/buy/cgsh_order_add.html HTTP/1.1" 200 65671
222.69.132.164 - - [09/Mar/2022:10:31:18 +0800] "GET /xingrg/all/function/internal_message.html?_=1646793165624&CODE_STATE=getMsg HTTP/1.1" 200 27
114.88.156.203 - - [09/Mar/2022:10:31:19 +0800] "POST /xingrg/kc/buy/cgsh_order_operate.html HTTP/1.1" 200 8245
114.88.156.203 - - [09/Mar/2022:10:31:19 +0800] "GET /xingrg/javascript/easyui/themes/default/validatebox.css HTTP/1.1" 404 1104
124.78.159.88 - - [09/Mar/2022:10:31:27 +0800] "GET /xingrg/all/function/internal_message.html?_=1646793086442&CODE_STATE=getMsg HTTP/1.1" 200 27
124.78.159.88 - - [09/Mar/2022:10:31:27 +0800] "GET /xingrg/check_reg.html?_=1646793086507 HTTP/1.1" 200 22
180.169.147.146 - - [09/Mar/2022:10:31:30 +0800] "GET /xingrg/all/function/internal_message.html?_=1646793087870&CODE_STATE=getMsg HTTP/1.1" 200 27
114.88.156.203 - - [09/Mar/2022:10:31:31 +0800] "GET /xingrg/kc/buy/cgsh_order_operate.html?command=get_materiel&rest_code=00141&code=00101008355&supplier_code=00100007&order_time=2022-03-09 HTTP/1.1" 200 408
58.39.168.32 - - [09/Mar/2022:10:31:32 +0800] "GET /xingrg/all/function/internal_message.html?_=1646793091277&CODE_STATE=getMsg HTTP/1.1" 200 27
222.70.180.114 - - [09/Mar/2022:10:31:32 +0800] "GET /xingrg/all/function/internal_message.html?_=1646793088869&CODE_STATE=getMsg HTTP/1.1" 200 27
180.169.147.146 - - [09/Mar/2022:10:31:35 +0800] "GET /xingrg/all/function/internal_message.html?_=1646793093058&CODE_STATE=getMsg HTTP/1.1" 200 27
114.88.156.203 - - [09/Mar/2022:10:31:41 +0800] "GET /xingrg/kc/buy/cgsh_order_operate.html?command=get_materiel&rest_code=00141&code=00101008036&supplier_code=00100007&order_time=2022-03-09 HTTP/1.1" 200 408
222.70.243.96 - - [09/Mar/2022:10:31:41 +0800] "GET /xingrg/all/function/internal_message.html?_=1646793095220&CODE_STATE=getMsg HTTP/1.1" 200 27
222.70.243.96 - - [09/Mar/2022:10:31:42 +0800] "GET /xingrg/check_reg.html?_=1646793095218 HTTP/1.1" 200 22
58.221.95.50 - - [09/Mar/2022:10:31:44 +0800] "GET /xingrg/all/function/internal_message.html?_=1646793102436&CODE_STATE=getMsg HTTP/1.1" 200 27
114.88.156.203 - - [09/Mar/2022:10:31:50 +0800] "GET /xingrg/kc/buy/cgsh_order_operate.html?command=get_materiel&rest_code=00141&code=00101008131&supplier_code=00100007&order_time=2022-03-09 HTTP/1.1" 200 408
116.232.52.108 - - [09/Mar/2022:10:31:50 +0800] "POST /xingrg/services/DataTransmitService HTTP/1.1" 200 524
180.169.147.146 - - [09/Mar/2022:10:31:54 +0800] "GET /xingrg/all/function/internal_message.html?_=1646793111772&CODE_STATE=getMsg HTTP/1.1" 200 27
114.83.217.117 - - [09/Mar/2022:10:31:55 +0800] "GET /xingrg/all/function/internal_message.html?_=1646793112513&CODE_STATE=getMsg HTTP/1.1" 200 27
116.232.52.108 - - [09/Mar/2022:10:31:55 +0800] "GET /xingrg/all/function/internal_message.html?_=1646793113140&CODE_STATE=getMsg HTTP/1.1" 200 27
114.88.156.203 - - [09/Mar/2022:10:31:57 +0800] "GET /xingrg/kc/buy/cgsh_order_operate.html?command=get_materiel&rest_code=00141&code=00101016025&supplier_code=00100007&order_time=2022-03-09 HTTP/1.1" 200 408
172.20.0.100 - - [09/Mar/2022:10:32:02 +0800] "GET /xingrg/all/function/internal_message.html?_=1646793119471&CODE_STATE=getMsg HTTP/1.1" 200 27
222.70.243.96 - - [09/Mar/2022:10:32:04 +0800] "GET /xingrg/all/function/internal_message.html?_=1646793131643&CODE_STATE=getMsg HTTP/1.1" 200 27
58.39.61.91 - - [09/Mar/2022:10:32:05 +0800] "GET /xingrg/all/function/internal_message.html?_=1646793124427&CODE_STATE=getMsg HTTP/1.1" 200 27
114.88.156.203 - - [09/Mar/2022:10:32:08 +0800] "GET /xingrg/kc/buy/cgsh_order_operate.html?command=get_materiel&rest_code=00141&code=00101001075&supplier_code=00100007&order_time=2022-03-09 HTTP/1.1" 200 409
114.88.156.203 - - [09/Mar/2022:10:32:09 +0800] "GET /xingrg/all/function/internal_message.html?_=1646792902088&CODE_STATE=getMsg HTTP/1.1" 200 27
180.169.147.146 - - [09/Mar/2022:10:32:11 +0800] "GET /xingrg/all/function/internal_message.html?_=1646793129330&CODE_STATE=getMsg HTTP/1.1" 200 27
58.39.168.32 - - [09/Mar/2022:10:32:14 +0800] "GET /xingrg/all/function/internal_message.html?_=1646793070952&CODE_STATE=getMsg HTTP/1.1" 200 27
116.228.172.94 - - [09/Mar/2022:10:32:17 +0800] "GET /xingrg/all/function/internal_message.html?_=1646793098209&CODE_STATE=getMsg HTTP/1.1" 200 27
58.39.61.91 - - [09/Mar/2022:10:32:18 +0800] "GET /xingrg/all/function/internal_message.html?_=1646793091661&CODE_STATE=getMsg HTTP/1.1" 200 27
222.69.132.164 - - [09/Mar/2022:10:32:18 +0800] "GET /xingrg/all/function/internal_message.html?_=1646793225606&CODE_STATE=getMsg HTTP/1.1" 200 27
114.88.156.203 - - [09/Mar/2022:10:32:23 +0800] "GET /xingrg/kc/buy/cgsh_order_operate.html?command=get_materiel&rest_code=00141&code=00101008261&supplier_code=00100007&order_time=2022-03-09 HTTP/1.1" 200 408
124.78.159.88 - - [09/Mar/2022:10:32:27 +0800] "GET /xingrg/all/function/internal_message.html?_=1646793146414&CODE_STATE=getMsg HTTP/1.1" 200 27
116.232.52.108 - - [09/Mar/2022:10:32:28 +0800] "GET /xingrg/kc/buy/cgsh_order_add.html HTTP/1.1" 200 65712
116.232.52.108 - - [09/Mar/2022:10:32:28 +0800] "POST /xingrg/kc/buy/cgsh_order_operate.html HTTP/1.1" 200 8245
116.232.52.108 - - [09/Mar/2022:10:32:28 +0800] "GET /xingrg/javascript/easyui/themes/default/validatebox.css HTTP/1.1" 404 1104
116.232.52.108 - - [09/Mar/2022:10:32:28 +0800] "GET /xingrg/all/common/auto_word.html?type=employee&rest_code=00109 HTTP/1.1" 200 255
116.232.52.108 - - [09/Mar/2022:10:32:28 +0800] "GET /xingrg/all/common/auto_word.html?type=employee&rest_code=00109 HTTP/1.1" 200 255
180.169.147.146 - - [09/Mar/2022:10:32:30 +0800] "GET /xingrg/all/function/internal_message.html?_=1646793147866&CODE_STATE=getMsg HTTP/1.1" 200 27
58.39.168.32 - - [09/Mar/2022:10:32:32 +0800] "GET /xingrg/all/function/internal_message.html?_=1646793151254&CODE_STATE=getMsg HTTP/1.1" 200 27
222.70.180.114 - - [09/Mar/2022:10:32:32 +0800] "GET /xingrg/check_reg.html?_=1646793148861 HTTP/1.1" 200 22
222.70.180.114 - - [09/Mar/2022:10:32:32 +0800] "GET /xingrg/all/function/internal_message.html?_=1646793148862&CODE_STATE=getMsg HTTP/1.1" 200 27
114.88.156.203 - - [09/Mar/2022:10:32:32 +0800] "GET /xingrg/kc/buy/cgsh_order_operate.html?command=get_materiel&rest_code=00141&code=00101008300&supplier_code=00100007&order_time=2022-03-09 HTTP/1.1" 200 412
116.232.52.108 - - [09/Mar/2022:10:32:33 +0800] "GET /xingrg/javascript/jquery_tools/images/next.gif HTTP/1.1" 404 1086
116.232.52.108 - - [09/Mar/2022:10:32:33 +0800] "GET /xingrg/javascript/jquery_tools/images/prev.gif HTTP/1.1" 404 1086
180.169.147.146 - - [09/Mar/2022:10:32:35 +0800] "GET /xingrg/all/function/internal_message.html?_=1646793153056&CODE_STATE=getMsg HTTP/1.1" 200 27
222.70.243.96 - - [09/Mar/2022:10:32:41 +0800] "GET /xingrg/all/function/internal_message.html?_=1646793155204&CODE_STATE=getMsg HTTP/1.1" 200 27
114.88.156.203 - - [09/Mar/2022:10:32:43 +0800] "GET /xingrg/kc/buy/cgsh_order_operate.html?command=get_materiel&rest_code=00141&code=00101008199&supplier_code=00100007&order_time=2022-03-09 HTTP/1.1" 200 408
58.221.95.50 - - [09/Mar/2022:10:32:44 +0800] "GET /xingrg/all/function/internal_message.html?_=1646793162405&CODE_STATE=getMsg HTTP/1.1" 200 27
114.88.156.203 - - [09/Mar/2022:10:32:51 +0800] "GET /xingrg/kc/buy/cgsh_order_operate.html?command=get_materiel&rest_code=00141&code=00101008351&supplier_code=00100007&order_time=2022-03-09 HTTP/1.1" 200 408
180.169.147.146 - - [09/Mar/2022:10:32:54 +0800] "GET /xingrg/check_reg.html?_=1646793171757 HTTP/1.1" 200 22
180.169.147.146 - - [09/Mar/2022:10:32:54 +0800] "GET /xingrg/all/function/internal_message.html?_=1646793171760&CODE_STATE=getMsg HTTP/1.1" 200 27
114.83.217.117 - - [09/Mar/2022:10:32:55 +0800] "GET /xingrg/all/function/internal_message.html?_=1646793172513&CODE_STATE=getMsg HTTP/1.1" 200 27
222.70.243.96 - - [09/Mar/2022:10:32:55 +0800] "GET /xingrg/kc/buy/cgsh_order_operate.html?command=get_materiel&rest_code=00146&code=00101009062&supplier_code=00100023&order_time=2022-03-09 HTTP/1.1" 200 414
116.232.52.108 - - [09/Mar/2022:10:32:55 +0800] "GET /xingrg/all/function/internal_message.html?_=1646793173134&CODE_STATE=getMsg HTTP/1.1" 200 27
114.88.156.203 - - [09/Mar/2022:10:32:58 +0800] "GET /xingrg/kc/buy/cgsh_order_operate.html?command=get_materiel&rest_code=00141&code=00101008087&supplier_code=00100007&order_time=2022-03-09 HTTP/1.1" 200 412
172.20.0.100 - - [09/Mar/2022:10:33:02 +0800] "GET /xingrg/check_reg.html?_=1646793179421 HTTP/1.1" 200 22
172.20.0.100 - - [09/Mar/2022:10:33:02 +0800] "GET /xingrg/all/function/internal_message.html?_=1646793179463&CODE_STATE=getMsg HTTP/1.1" 200 27
172.20.0.100 - - [09/Mar/2022:10:33:02 +0800] "GET /xingrg/check_reg.html?_=1646793179470 HTTP/1.1" 200 22
222.70.243.96 - - [09/Mar/2022:10:33:03 +0800] "GET /xingrg/all/function/internal_message.html?_=1646793191657&CODE_STATE=getMsg HTTP/1.1" 200 27
58.39.61.91 - - [09/Mar/2022:10:33:05 +0800] "GET /xingrg/all/function/internal_message.html?_=1646793184428&CODE_STATE=getMsg HTTP/1.1" 200 27
114.88.156.203 - - [09/Mar/2022:10:33:07 +0800] "GET /xingrg/kc/buy/cgsh_order_operate.html?command=get_materiel&rest_code=00141&code=00101008108&supplier_code=00100007&order_time=2022-03-09 HTTP/1.1" 200 412
114.88.156.203 - - [09/Mar/2022:10:33:09 +0800] "GET /xingrg/all/function/internal_message.html?_=1646792962089&CODE_STATE=getMsg HTTP/1.1" 200 27
180.169.147.146 - - [09/Mar/2022:10:33:11 +0800] "GET /xingrg/all/function/internal_message.html?_=1646793189304&CODE_STATE=getMsg HTTP/1.1" 200 27
180.169.147.146 - - [09/Mar/2022:10:33:11 +0800] "GET /xingrg/check_reg.html?_=1646793189308 HTTP/1.1" 200 22
58.39.168.32 - - [09/Mar/2022:10:33:14 +0800] "GET /xingrg/all/function/internal_message.html?_=1646793130952&CODE_STATE=getMsg HTTP/1.1" 200 27
116.228.172.94 - - [09/Mar/2022:10:33:17 +0800] "GET /xingrg/all/function/internal_message.html?_=1646793158195&CODE_STATE=getMsg HTTP/1.1" 200 27
58.39.61.91 - - [09/Mar/2022:10:33:18 +0800] "GET /xingrg/all/function/internal_message.html?_=1646793151676&CODE_STATE=getMsg HTTP/1.1" 200 27
114.88.156.203 - - [09/Mar/2022:10:33:18 +0800] "GET /xingrg/kc/buy/cgsh_order_operate.html?command=get_materiel&rest_code=00141&code=00101006109&supplier_code=00100007&order_time=2022-03-09 HTTP/1.1" 200 409
222.69.132.164 - - [09/Mar/2022:10:33:18 +0800] "GET /xingrg/all/function/internal_message.html?_=1646793285609&CODE_STATE=getMsg HTTP/1.1" 200 27
222.69.132.164 - - [09/Mar/2022:10:33:18 +0800] "GET /xingrg/check_reg.html?_=1646793285610 HTTP/1.1" 200 22
180.169.147.146 - - [09/Mar/2022:10:33:19 +0800] "GET /xingrg/check_reg.html?_=1646793201228 HTTP/1.1" 200 22
222.70.243.96 - - [09/Mar/2022:10:33:21 +0800] "GET /xingrg/kc/buy/cgsh_order_operate.html?command=get_materiel&rest_code=00146&code=00101009016&supplier_code=00100023&order_time=2022-03-09 HTTP/1.1" 200 412
114.88.156.203 - - [09/Mar/2022:10:33:25 +0800] "GET /xingrg/kc/buy/cgsh_order_operate.html?command=get_materiel&rest_code=00141&code=00101006111&supplier_code=00100007&order_time=2022-03-09 HTTP/1.1" 200 409
124.78.159.88 - - [09/Mar/2022:10:33:27 +0800] "GET /xingrg/all/function/internal_message.html?_=1646793206400&CODE_STATE=getMsg HTTP/1.1" 200 27
180.169.147.146 - - [09/Mar/2022:10:33:30 +0800] "GET /xingrg/all/function/internal_message.html?_=1646793207879&CODE_STATE=getMsg HTTP/1.1" 200 27
180.169.147.146 - - [09/Mar/2022:10:33:30 +0800] "GET /xingrg/check_reg.html?_=1646793207880 HTTP/1.1" 200 22
58.39.168.32 - - [09/Mar/2022:10:33:32 +0800] "GET /xingrg/all/function/internal_message.html?_=1646793211225&CODE_STATE=getMsg HTTP/1.1" 200 27
222.70.180.114 - - [09/Mar/2022:10:33:32 +0800] "GET /xingrg/all/function/internal_message.html?_=1646793208857&CODE_STATE=getMsg HTTP/1.1" 200 27
116.232.52.108 - - [09/Mar/2022:10:33:33 +0800] "GET /favicon.ico HTTP/1.1" 404 -
114.88.156.203 - - [09/Mar/2022:10:33:34 +0800] "GET /xingrg/kc/buy/cgsh_order_operate.html?command=get_materiel&rest_code=00141&code=00101011005&supplier_code=00100007&order_time=2022-03-09 HTTP/1.1" 200 408
180.162.110.232 - - [09/Mar/2022:10:33:34 +0800] "GET /xingrg HTTP/1.1" 302 -
180.162.110.232 - - [09/Mar/2022:10:33:34 +0800] "GET /xingrg/ HTTP/1.1" 304 -
180.162.110.232 - - [09/Mar/2022:10:33:35 +0800] "GET /xingrg/index.html HTTP/1.1" 302 -
180.162.110.232 - - [09/Mar/2022:10:33:35 +0800] "GET /xingrg/login.html HTTP/1.1" 200 7641
180.162.110.232 - - [09/Mar/2022:10:33:35 +0800] "GET /xingrg/images/blue/jxLogo.png HTTP/1.1" 304 -
180.162.110.232 - - [09/Mar/2022:10:33:35 +0800] "GET /xingrg/images/blue/hj.png HTTP/1.1" 304 -
180.162.110.232 - - [09/Mar/2022:10:33:35 +0800] "GET /xingrg/images/blue/srbg.png HTTP/1.1" 304 -
180.162.110.232 - - [09/Mar/2022:10:33:35 +0800] "GET /xingrg/images/blue/login_bg.png HTTP/1.1" 304 -
180.169.147.146 - - [09/Mar/2022:10:33:35 +0800] "GET /xingrg/all/function/internal_message.html?_=1646793213047&CODE_STATE=getMsg HTTP/1.1" 200 27
180.162.110.232 - - [09/Mar/2022:10:33:36 +0800] "GET /favicon.ico HTTP/1.1" 404 -
222.70.243.96 - - [09/Mar/2022:10:33:41 +0800] "GET /xingrg/all/function/internal_message.html?_=1646793215206&CODE_STATE=getMsg HTTP/1.1" 200 27
222.70.243.96 - - [09/Mar/2022:10:33:43 +0800] "GET /xingrg/kc/buy/cgsh_order_operate.html?command=get_materiel&rest_code=00146&code=00101009013&supplier_code=00100023&order_time=2022-03-09 HTTP/1.1" 200 420
58.221.95.50 - - [09/Mar/2022:10:33:44 +0800] "GET /xingrg/all/function/internal_message.html?_=1646793222390&CODE_STATE=getMsg HTTP/1.1" 200 27
114.88.156.203 - - [09/Mar/2022:10:33:53 +0800] "GET /xingrg/kc/buy/cgsh_order_operate.html?command=get_materiel&rest_code=00141&code=00101001010&supplier_code=00100007&order_time=2022-03-09 HTTP/1.1" 200 409
180.169.147.146 - - [09/Mar/2022:10:33:54 +0800] "GET /xingrg/all/function/internal_message.html?_=1646793231757&CODE_STATE=getMsg HTTP/1.1" 200 27
114.83.217.117 - - [09/Mar/2022:10:33:55 +0800] "GET /xingrg/check_reg.html?_=1646793232525 HTTP/1.1" 200 22
114.83.217.117 - - [09/Mar/2022:10:33:55 +0800] "GET /xingrg/all/function/internal_message.html?_=1646793232530&CODE_STATE=getMsg HTTP/1.1" 200 27
116.232.52.108 - - [09/Mar/2022:10:33:55 +0800] "GET /xingrg/all/function/internal_message.html?_=1646793233128&CODE_STATE=getMsg HTTP/1.1" 200 27
222.70.243.96 - - [09/Mar/2022:10:33:59 +0800] "GET /xingrg/kc/buy/cgsh_order_operate.html?command=get_materiel&rest_code=00146&code=00101009118&supplier_code=00100023&order_time=2022-03-09 HTTP/1.1" 200 391
114.88.156.203 - - [09/Mar/2022:10:33:59 +0800] "GET /xingrg/kc/buy/cgsh_order_operate.html?command=get_materiel&rest_code=00141&code=00101008027&supplier_code=00100007&order_time=2022-03-09 HTTP/1.1" 200 409
172.20.0.100 - - [09/Mar/2022:10:34:02 +0800] "GET /xingrg/all/function/internal_message.html?_=1646793239474&CODE_STATE=getMsg HTTP/1.1" 200 27
222.70.243.96 - - [09/Mar/2022:10:34:04 +0800] "GET /xingrg/all/function/internal_message.html?_=1646793251746&CODE_STATE=getMsg HTTP/1.1" 200 27
222.70.223.103 - - [09/Mar/2022:10:34:05 +0800] "POST /xingrg/services/DataTransmitService HTTP/1.1" 200 524
58.39.61.91 - - [09/Mar/2022:10:34:05 +0800] "GET /xingrg/all/function/internal_message.html?_=1646793244429&CODE_STATE=getMsg HTTP/1.1" 200 27
114.88.156.203 - - [09/Mar/2022:10:34:09 +0800] "GET /xingrg/check_reg.html?_=1646793022090 HTTP/1.1" 200 22
114.88.156.203 - - [09/Mar/2022:10:34:09 +0800] "GET /xingrg/all/function/internal_message.html?_=1646793022092&CODE_STATE=getMsg HTTP/1.1" 200 27
180.169.147.146 - - [09/Mar/2022:10:34:11 +0800] "GET /xingrg/all/function/internal_message.html?_=1646793249322&CODE_STATE=getMsg HTTP/1.1" 200 27
114.88.156.203 - - [09/Mar/2022:10:34:13 +0800] "GET /xingrg/kc/buy/cgsh_order_operate.html?command=get_materiel&rest_code=00141&code=00101008051&supplier_code=00100007&order_time=2022-03-09 HTTP/1.1" 200 409
58.39.168.32 - - [09/Mar/2022:10:34:14 +0800] "GET /xingrg/all/function/internal_message.html?_=1646793190952&CODE_STATE=getMsg HTTP/1.1" 200 27
116.228.172.94 - - [09/Mar/2022:10:34:17 +0800] "GET /xingrg/all/function/internal_message.html?_=1646793218173&CODE_STATE=getMsg HTTP/1.1" 200 27
58.39.61.91 - - [09/Mar/2022:10:34:18 +0800] "GET /xingrg/all/function/internal_message.html?_=1646793211702&CODE_STATE=getMsg HTTP/1.1" 200 27
222.69.132.164 - - [09/Mar/2022:10:34:18 +0800] "GET /xingrg/all/function/internal_message.html?_=1646793345609&CODE_STATE=getMsg HTTP/1.1" 200 27
180.162.110.232 - - [09/Mar/2022:10:34:21 +0800] "POST /xingrg/login.do HTTP/1.1" 302 -
180.162.110.232 - - [09/Mar/2022:10:34:22 +0800] "GET /xingrg/javascript/jquery_easy_ui/themes/default/easyui.css HTTP/1.1" 304 -
180.162.110.232 - - [09/Mar/2022:10:34:22 +0800] "GET /xingrg/javascript/jquery_easy_ui/themes/icon.css HTTP/1.1" 304 -
180.162.110.232 - - [09/Mar/2022:10:34:22 +0800] "GET /xingrg/index.html?sysBaseUrl=http%3A%2F%2F180.169.147.146%3A18081%2Fxingrg%2F&costTime=40×tamp=1646793261963 HTTP/1.1" 200 17179
180.162.110.232 - - [09/Mar/2022:10:34:22 +0800] "GET /xingrg/javascript/jquery_easy_ui/easyui-lang-zh_CN.js HTTP/1.1" 304 -
180.162.110.232 - - [09/Mar/2022:10:34:22 +0800] "GET /xingrg/javascript/jquery.utils.js HTTP/1.1" 304 -
180.162.110.232 - - [09/Mar/2022:10:34:22 +0800] "GET /xingrg/javascript/jquery.timers.js HTTP/1.1" 304 -
180.162.110.232 - - [09/Mar/2022:10:34:22 +0800] "GET /xingrg/css/form.css HTTP/1.1" 304 -
180.162.110.232 - - [09/Mar/2022:10:34:22 +0800] "GET /xingrg/javascript/jquery-1.4.2.min.js HTTP/1.1" 304 -
180.162.110.232 - - [09/Mar/2022:10:34:22 +0800] "GET /favicon.ico HTTP/1.1" 404 -
180.162.110.232 - - [09/Mar/2022:10:34:22 +0800] "GET /xingrg/javascript/jquery_easy_ui/jquery.easyui.min.js HTTP/1.1" 304 -
180.162.110.232 - - [09/Mar/2022:10:34:22 +0800] "GET /xingrg/javascript/jquery.form.js HTTP/1.1" 304 -
180.162.110.232 - - [09/Mar/2022:10:34:22 +0800] "GET /xingrg/javascript/jquery_easy_ui/themes/icons/settle_new.png HTTP/1.1" 304 -
180.162.110.232 - - [09/Mar/2022:10:34:22 +0800] "GET /xingrg/images/blue/navBackgound.jpg HTTP/1.1" 304 -
180.162.110.232 - - [09/Mar/2022:10:34:22 +0800] "POST /xingrg/all/common/load_tree.html?tree=area_rest_tree_json&manage=1 HTTP/1.1" 200 351
114.88.156.203 - - [09/Mar/2022:10:34:22 +0800] "GET /xingrg/kc/buy/cgsh_order_operate.html?command=get_materiel&rest_code=00141&code=00101008370&supplier_code=00100007&order_time=2022-03-09 HTTP/1.1" 200 412
180.162.110.232 - - [09/Mar/2022:10:34:22 +0800] "GET /xingrg/all/function/internal_message.html?_=1646792612087&CODE_STATE=count HTTP/1.1" 200 11
180.162.110.232 - - [09/Mar/2022:10:34:22 +0800] "GET /xingrg/images/blue/pingpu.png HTTP/1.1" 304 -
180.162.110.232 - - [09/Mar/2022:10:34:22 +0800] "GET /xingrg/check_reg.html?_=1646792612087 HTTP/1.1" 200 22
180.162.110.232 - - [09/Mar/2022:10:34:22 +0800] "GET /xingrg/javascript/jquery_easy_ui/themes/default/images/tabs_leftarrow.png HTTP/1.1" 304 -
180.162.110.232 - - [09/Mar/2022:10:34:22 +0800] "GET /xingrg/javascript/jquery_easy_ui/themes/default/images/tabs_rightarrow.png HTTP/1.1" 304 -
180.162.110.232 - - [09/Mar/2022:10:34:22 +0800] "GET /xingrg/javascript/jquery_easy_ui/themes/default/images/panel_tool_collapse.gif HTTP/1.1" 304 -
180.162.110.232 - - [09/Mar/2022:10:34:22 +0800] "POST /xingrg/load_menu.html HTTP/1.1" 200 5138
180.162.110.232 - - [09/Mar/2022:10:34:22 +0800] "GET /xingrg/javascript/jquery_easy_ui/themes/default/images/tree_arrows.gif HTTP/1.1" 304 -
180.162.110.232 - - [09/Mar/2022:10:34:22 +0800] "GET /xingrg/javascript/jquery_easy_ui/themes/icons/search_new.png HTTP/1.1" 304 -
180.162.110.232 - - [09/Mar/2022:10:34:22 +0800] "GET /xingrg/javascript/jquery_easy_ui/themes/default/images/tree_folder_open.gif HTTP/1.1" 304 -
180.162.110.232 - - [09/Mar/2022:10:34:22 +0800] "GET /xingrg/javascript/jquery_easy_ui/themes/icons/storage_new.png HTTP/1.1" 304 -
180.162.110.232 - - [09/Mar/2022:10:34:22 +0800] "GET /xingrg/javascript/jquery_easy_ui/themes/default/images/tree_folder.gif HTTP/1.1" 304 -
180.162.110.232 - - [09/Mar/2022:10:34:22 +0800] "GET /xingrg/javascript/jquery_easy_ui/themes/icons/forms_new.png HTTP/1.1" 304 -
180.162.110.232 - - [09/Mar/2022:10:34:22 +0800] "GET /xingrg/javascript/jquery_easy_ui/themes/default/images/tree_file.gif HTTP/1.1" 304 -
180.162.110.232 - - [09/Mar/2022:10:34:24 +0800] "GET /xingrg/kc/buy/buy_main.html HTTP/1.1" 200 12412
180.162.110.232 - - [09/Mar/2022:10:34:24 +0800] "GET /xingrg/javascript/jquery_easy_ui/themes/default/images/tabs_close.gif HTTP/1.1" 304 -
180.162.110.232 - - [09/Mar/2022:10:34:24 +0800] "GET /xingrg/css/new_ie.css HTTP/1.1" 404 1036
180.162.110.232 - - [09/Mar/2022:10:34:24 +0800] "GET /xingrg/css/blue.css HTTP/1.1" 304 -
180.162.110.232 - - [09/Mar/2022:10:34:24 +0800] "GET /xingrg/javascript/jquery_ui/themes/humanity/humanity.css HTTP/1.1" 304 -
180.162.110.232 - - [09/Mar/2022:10:34:24 +0800] "GET /xingrg/javascript/pic_change.js HTTP/1.1" 304 -
180.162.110.232 - - [09/Mar/2022:10:34:24 +0800] "GET /xingrg/javascript/ToolTips.js HTTP/1.1" 304 -
180.162.110.232 - - [09/Mar/2022:10:34:24 +0800] "GET /xingrg/javascript/myfunction.js HTTP/1.1" 304 -
180.162.110.232 - - [09/Mar/2022:10:34:24 +0800] "GET /xingrg/javascript/jquery_ui/jquery-ui.min.js HTTP/1.1" 304 -
180.162.110.232 - - [09/Mar/2022:10:34:24 +0800] "GET /xingrg/images/blue/button/cgxqd.gif HTTP/1.1" 304 -
180.162.110.232 - - [09/Mar/2022:10:34:24 +0800] "GET /xingrg/images/blue/button/cgydd.gif HTTP/1.1" 304 -
180.162.110.232 - - [09/Mar/2022:10:34:24 +0800] "GET /xingrg/images/blue/button/cgshd.gif HTTP/1.1" 304 -
180.162.110.232 - - [09/Mar/2022:10:34:24 +0800] "GET /xingrg/images/blue/button/cgfkd.gif HTTP/1.1" 304 -
180.162.110.232 - - [09/Mar/2022:10:34:24 +0800] "GET /xingrg/images/blue/button/kc.gif HTTP/1.1" 304 -
180.162.110.232 - - [09/Mar/2022:10:34:24 +0800] "GET /xingrg/images/blue/button/ckthd.gif HTTP/1.1" 304 -
180.162.110.232 - - [09/Mar/2022:10:34:24 +0800] "GET /xingrg/images/blue/pic_form2.gif HTTP/1.1" 304 -
114.88.156.203 - - [09/Mar/2022:10:34:24 +0800] "POST /xingrg/kc/buy/cgsh_order_operate.html HTTP/1.1" 200 2065
180.162.110.232 - - [09/Mar/2022:10:34:24 +0800] "GET /xingrg/javascript/jquery_ui/themes/humanity/images/ui-bg_inset-soft_100_f4f0ec_1x100.png HTTP/1.1" 304 -
180.162.110.232 - - [09/Mar/2022:10:34:24 +0800] "GET /xingrg/images/blue/bg_dotted.jpg HTTP/1.1" 304 -
180.162.110.232 - - [09/Mar/2022:10:34:24 +0800] "GET /xingrg/images/blue/button/right_ah.jpg HTTP/1.1" 304 -
180.162.110.232 - - [09/Mar/2022:10:34:24 +0800] "GET /xingrg/images/blue/button/down_ah.jpg HTTP/1.1" 304 -
180.162.110.232 - - [09/Mar/2022:10:34:24 +0800] "GET /xingrg/javascript/jquery_ui/themes/humanity/images/ui-iconsnew.jpg HTTP/1.1" 304 -
180.162.110.232 - - [09/Mar/2022:10:34:24 +0800] "GET /xingrg/javascript/jquery_ui/themes/humanity/images/ui-icons_ffffff_256x240.png HTTP/1.1" 304 -
180.162.110.232 - - [09/Mar/2022:10:34:24 +0800] "GET /xingrg/javascript/jquery_ui/themes/humanity/images/ui-bg_glass_70_ede4d4_1x400.png HTTP/1.1" 304 -
180.162.110.232 - - [09/Mar/2022:10:34:24 +0800] "GET /xingrg/javascript/jquery_ui/themes/humanity/images/ui-icons_c47a23_256x240.png HTTP/1.1" 304 -
124.78.159.88 - - [09/Mar/2022:10:34:27 +0800] "GET /xingrg/all/function/internal_message.html?_=1646793266385&CODE_STATE=getMsg HTTP/1.1" 200 27
180.162.110.232 - - [09/Mar/2022:10:34:27 +0800] "GET /xingrg/images/yd/bt.gif HTTP/1.1" 404 1040
180.162.110.232 - - [09/Mar/2022:10:34:28 +0800] "GET /xingrg/css/base.css HTTP/1.1" 304 -
180.162.110.232 - - [09/Mar/2022:10:34:28 +0800] "GET /xingrg/css/site.css HTTP/1.1" 304 -
180.162.110.232 - - [09/Mar/2022:10:34:28 +0800] "GET /xingrg/javascript/jquery_tools/datebox.css HTTP/1.1" 304 -
180.162.110.232 - - [09/Mar/2022:10:34:28 +0800] "GET /xingrg/javascript/easyui/themes/default/easyui.css HTTP/1.1" 304 -
180.162.110.232 - - [09/Mar/2022:10:34:28 +0800] "GET /xingrg/javascript/easyui/themes/icon.css HTTP/1.1" 304 -
180.162.110.232 - - [09/Mar/2022:10:34:28 +0800] "GET /xingrg/javascript/jquery_tools/fix.css HTTP/1.1" 304 -
180.162.110.232 - - [09/Mar/2022:10:34:28 +0800] "GET /xingrg/javascript/auto/jquery.autocomplete.css HTTP/1.1" 304 -
180.162.110.232 - - [09/Mar/2022:10:34:28 +0800] "GET /xingrg/javascript/jquery_tools/table.css HTTP/1.1" 304 -
180.162.110.232 - - [09/Mar/2022:10:34:28 +0800] "GET /xingrg/javascript/jquery_tools/jquery.tools.min.js HTTP/1.1" 304 -
180.162.110.232 - - [09/Mar/2022:10:34:28 +0800] "GET /xingrg/kc/buy/cgsh_order_list.html HTTP/1.1" 200 49855
180.162.110.232 - - [09/Mar/2022:10:34:28 +0800] "GET /xingrg/javascript/jquery_tools/jquery.tools.extend.js HTTP/1.1" 304 -
180.162.110.232 - - [09/Mar/2022:10:34:28 +0800] "GET /xingrg/javascript/jquery_tools/jquery.tools.hotkey.js HTTP/1.1" 304 -
180.162.110.232 - - [09/Mar/2022:10:34:28 +0800] "GET /xingrg/javascript/jquery_tools/jquery.tools.table.js HTTP/1.1" 304 -
180.162.110.232 - - [09/Mar/2022:10:34:28 +0800] "GET /xingrg/javascript/jquery_tools/list_manager.js HTTP/1.1" 304 -
180.162.110.232 - - [09/Mar/2022:10:34:28 +0800] "GET /xingrg/javascript/auto/jquery.autocomplete.js HTTP/1.1" 304 -
180.162.110.232 - - [09/Mar/2022:10:34:28 +0800] "GET /xingrg/javascript/easyui/easyloader.js HTTP/1.1" 304 -
180.162.110.232 - - [09/Mar/2022:10:34:28 +0800] "GET /xingrg/javascript/jquery.cookie.js HTTP/1.1" 304 -
180.162.110.232 - - [09/Mar/2022:10:34:28 +0800] "GET /xingrg/javascript/print/LodopFuncs.js HTTP/1.1" 304 -
180.162.110.232 - - [09/Mar/2022:10:34:28 +0800] "GET /xingrg/javascript/easyui/themes/icons/import_new.png HTTP/1.1" 304 -
180.162.110.232 - - [09/Mar/2022:10:34:28 +0800] "GET /xingrg/javascript/easyui/themes/icons/field_new.png HTTP/1.1" 304 -
180.162.110.232 - - [09/Mar/2022:10:34:28 +0800] "GET /xingrg/javascript/easyui/themes/icons/check_new.png HTTP/1.1" 304 -
180.162.110.232 - - [09/Mar/2022:10:34:28 +0800] "GET /xingrg/javascript/easyui/themes/icons/cance_new.png HTTP/1.1" 304 -
180.162.110.232 - - [09/Mar/2022:10:34:28 +0800] "GET /xingrg/javascript/easyui/themes/icons/edit_add_new.png HTTP/1.1" 304 -
180.162.110.232 - - [09/Mar/2022:10:34:28 +0800] "GET /xingrg/javascript/easyui/plugins/jquery.parser.js HTTP/1.1" 304 -
180.162.110.232 - - [09/Mar/2022:10:34:28 +0800] "GET /xingrg/images/control/ajaxLoader.gif HTTP/1.1" 304 -
114.88.156.203 - - [09/Mar/2022:10:34:29 +0800] "GET /xingrg/kc/buy/cgsh_order_operate.html?command=get_materiel&rest_code=00141&code=00101008242&supplier_code=00100007&order_time=2022-03-09 HTTP/1.1" 200 408
180.169.147.146 - - [09/Mar/2022:10:34:30 +0800] "GET /xingrg/all/function/internal_message.html?_=1646793267878&CODE_STATE=getMsg HTTP/1.1" 200 27
180.162.110.232 - - [09/Mar/2022:10:34:31 +0800] "POST /xingrg/kc/buy/cgsh_list_operate.html HTTP/1.1" 200 2063
58.39.168.32 - - [09/Mar/2022:10:34:32 +0800] "GET /xingrg/all/function/internal_message.html?_=1646793271205&CODE_STATE=getMsg HTTP/1.1" 200 27
222.70.180.114 - - [09/Mar/2022:10:34:32 +0800] "GET /xingrg/all/function/internal_message.html?_=1646793268858&CODE_STATE=getMsg HTTP/1.1" 200 27
58.39.168.32 - - [09/Mar/2022:10:34:34 +0800] "GET /xingrg/check_reg.html?_=1646793273426 HTTP/1.1" 200 22
180.169.147.146 - - [09/Mar/2022:10:34:35 +0800] "GET /xingrg/check_reg.html?_=1646793273045 HTTP/1.1" 200 22
180.169.147.146 - - [09/Mar/2022:10:34:35 +0800] "GET /xingrg/all/function/internal_message.html?_=1646793273050&CODE_STATE=getMsg HTTP/1.1" 200 27
180.162.110.232 - - [09/Mar/2022:10:34:40 +0800] "POST /xingrg/kc/buy/cgsh_list_operate.html HTTP/1.1" 200 574
180.162.110.232 - - [09/Mar/2022:10:34:40 +0800] "GET /xingrg/javascript/jquery_tools/order_manager.js HTTP/1.1" 304 -
180.162.110.232 - - [09/Mar/2022:10:34:40 +0800] "GET /xingrg/javascript/convert.js HTTP/1.1" 304 -
180.162.110.232 - - [09/Mar/2022:10:34:40 +0800] "GET /xingrg/javascript/json2.js HTTP/1.1" 304 -
180.162.110.232 - - [09/Mar/2022:10:34:40 +0800] "GET /xingrg/javascript/print/kc_print.js HTTP/1.1" 304 -
180.162.110.232 - - [09/Mar/2022:10:34:40 +0800] "GET /xingrg/kc/buy/cgsh_order_info.html?code=212022030802713 HTTP/1.1" 200 64712
180.162.110.232 - - [09/Mar/2022:10:34:40 +0800] "GET /xingrg/words/20220308131156_words.js HTTP/1.1" 200 889013
180.162.110.232 - - [09/Mar/2022:10:34:40 +0800] "GET /xingrg/javascript/easyui/themes/icons/print.png HTTP/1.1" 304 -
180.162.110.232 - - [09/Mar/2022:10:34:40 +0800] "GET /xingrg/javascript/easyui/themes/icons/ok.png HTTP/1.1" 304 -
180.162.110.232 - - [09/Mar/2022:10:34:40 +0800] "GET /xingrg/javascript/easyui/themes/icons/template_new.png HTTP/1.1" 304 -
180.162.110.232 - - [09/Mar/2022:10:34:40 +0800] "GET /xingrg/javascript/easyui/themes/icons/copy_new.png HTTP/1.1" 304 -
180.162.110.232 - - [09/Mar/2022:10:34:40 +0800] "GET /xingrg/javascript/easyui/themes/icons/cancel.png HTTP/1.1" 304 -
180.162.110.232 - - [09/Mar/2022:10:34:40 +0800] "GET /xingrg/javascript/easyui/themes/default/images/menu_downarrow.png HTTP/1.1" 304 -
180.162.110.232 - - [09/Mar/2022:10:34:41 +0800] "GET /xingrg/all/common/auto_word.html?type=employee&rest_code=00143 HTTP/1.1" 200 55
180.162.110.232 - - [09/Mar/2022:10:34:41 +0800] "GET /xingrg/javascript/easyui/themes/default/validatebox.css HTTP/1.1" 404 1104
180.162.110.232 - - [09/Mar/2022:10:34:41 +0800] "GET /xingrg/all/common/auto_word.html?type=employee&rest_code=00143 HTTP/1.1" 200 55
180.162.110.232 - - [09/Mar/2022:10:34:41 +0800] "GET /xingrg/javascript/easyui/plugins/jquery.validatebox.js HTTP/1.1" 304 -
180.162.110.232 - - [09/Mar/2022:10:34:41 +0800] "GET /xingrg/javascript/easyui/plugins/jquery.numberbox.js HTTP/1.1" 304 -
180.162.110.232 - - [09/Mar/2022:10:34:41 +0800] "POST /xingrg/kc/buy/cgsh_order_operate.html HTTP/1.1" 200 9223
222.70.243.96 - - [09/Mar/2022:10:34:41 +0800] "GET /xingrg/all/function/internal_message.html?_=1646793275208&CODE_STATE=getMsg HTTP/1.1" 200 27
180.162.110.232 - - [09/Mar/2022:10:34:42 +0800] "GET /xingrg/javascript/easyui/themes/icons/edit_remove.png HTTP/1.1" 304 -
58.221.95.50 - - [09/Mar/2022:10:34:44 +0800] "GET /xingrg/all/function/internal_message.html?_=1646793282360&CODE_STATE=getMsg HTTP/1.1" 200 27
58.221.95.50 - - [09/Mar/2022:10:34:45 +0800] "GET /xingrg/check_reg.html?_=1646793283145 HTTP/1.1" 200 22
114.88.156.203 - - [09/Mar/2022:10:34:52 +0800] "GET /xingrg/kc/buy/cgsh_order_operate.html?command=get_materiel&rest_code=00141&code=00101008655&supplier_code=00100007&order_time=2022-03-09 HTTP/1.1" 200 395
180.162.110.232 - - [09/Mar/2022:10:34:53 +0800] "GET /xingrg/javascript/auto/indicator.gif HTTP/1.1" 404 1066
180.169.147.146 - - [09/Mar/2022:10:34:54 +0800] "GET /xingrg/all/function/internal_message.html?_=1646793291753&CODE_STATE=getMsg HTTP/1.1" 200 27
114.83.217.117 - - [09/Mar/2022:10:34:55 +0800] "GET /xingrg/all/function/internal_message.html?_=1646793292516&CODE_STATE=getMsg HTTP/1.1" 200 27
116.228.172.94 - - [09/Mar/2022:10:34:55 +0800] "GET /xingrg/check_reg.html?_=1646793255552 HTTP/1.1" 200 22
116.232.52.108 - - [09/Mar/2022:10:34:55 +0800] "GET /xingrg/all/function/internal_message.html?_=1646793293128&CODE_STATE=getMsg HTTP/1.1" 200 27
222.70.243.96 - - [09/Mar/2022:10:34:56 +0800] "GET /xingrg/check_reg.html?_=1646793304633 HTTP/1.1" 200 22
180.162.110.232 - - [09/Mar/2022:10:34:58 +0800] "GET /xingrg/kc/buy/cgsh_order_operate.html?command=get_materiel&rest_code=00143&code=00101006028&supplier_code=00100207&order_time=2022-03-08 HTTP/1.1" 200 417
114.88.156.203 - - [09/Mar/2022:10:34:59 +0800] "GET /xingrg/kc/buy/cgsh_order_operate.html?command=get_materiel&rest_code=00141&code=00101008295&supplier_code=00100007&order_time=2022-03-09 HTTP/1.1" 200 412
172.20.0.100 - - [09/Mar/2022:10:35:02 +0800] "GET /xingrg/all/function/internal_message.html?_=1646793299466&CODE_STATE=getMsg HTTP/1.1" 200 27
222.70.243.96 - - [09/Mar/2022:10:35:04 +0800] "GET /xingrg/all/function/internal_message.html?_=1646793311746&CODE_STATE=getMsg HTTP/1.1" 200 27
58.39.61.91 - - [09/Mar/2022:10:35:04 +0800] "GET /xingrg/check_reg.html?_=1646793258495 HTTP/1.1" 200 22
58.39.61.91 - - [09/Mar/2022:10:35:05 +0800] "GET /xingrg/all/function/internal_message.html?_=1646793304431&CODE_STATE=getMsg HTTP/1.1" 200 27
114.88.156.203 - - [09/Mar/2022:10:35:09 +0800] "GET /xingrg/all/function/internal_message.html?_=1646793082116&CODE_STATE=getMsg HTTP/1.1" 200 27
180.169.147.146 - - [09/Mar/2022:10:35:11 +0800] "GET /xingrg/all/function/internal_message.html?_=1646793309322&CODE_STATE=getMsg HTTP/1.1" 200 27
114.88.156.203 - - [09/Mar/2022:10:35:13 +0800] "GET /xingrg/kc/buy/cgsh_order_operate.html?command=get_materiel&rest_code=00141&code=00101008213&supplier_code=00100007&order_time=2022-03-09 HTTP/1.1" 200 412
58.39.168.32 - - [09/Mar/2022:10:35:14 +0800] "GET /xingrg/all/function/internal_message.html?_=1646793250952&CODE_STATE=getMsg HTTP/1.1" 200 27
222.70.243.96 - - [09/Mar/2022:10:35:15 +0800] "POST /xingrg/kc/buy/cgsh_order_operate.html HTTP/1.1" 200 37
114.88.156.203 - - [09/Mar/2022:10:35:16 +0800] "POST /xingrg/kc/buy/cgsh_order_operate.html HTTP/1.1" 200 2065
116.228.172.94 - - [09/Mar/2022:10:35:17 +0800] "GET /xingrg/all/function/internal_message.html?_=1646793278158&CODE_STATE=getMsg HTTP/1.1" 200 27
58.39.61.91 - - [09/Mar/2022:10:35:18 +0800] "GET /xingrg/all/function/internal_message.html?_=1646793271720&CODE_STATE=getMsg HTTP/1.1" 200 27
222.70.243.96 - - [09/Mar/2022:10:35:18 +0800] "POST /xingrg/kc/buy/cgsh_order_operate.html HTTP/1.1" 200 4431
222.69.132.164 - - [09/Mar/2022:10:35:18 +0800] "GET /xingrg/all/function/internal_message.html?_=1646793405611&CODE_STATE=getMsg HTTP/1.1" 200 27
114.88.156.203 - - [09/Mar/2022:10:35:21 +0800] "GET /xingrg/kc/buy/cgsh_order_operate.html?command=get_materiel&rest_code=00141&code=00101008274&supplier_code=00100007&order_time=2022-03-09 HTTP/1.1" 200 412
222.70.243.96 - - [09/Mar/2022:10:35:22 +0800] "GET /xingrg/kc/print/load_data.html?order_code=212022030902877&kc_code=cgsh&condition= HTTP/1.1" 200 1360
180.162.110.232 - - [09/Mar/2022:10:35:22 +0800] "GET /xingrg/all/function/internal_message.html?_=1646792672096&CODE_STATE=getMsg HTTP/1.1" 200 27
124.78.159.88 - - [09/Mar/2022:10:35:27 +0800] "GET /xingrg/all/function/internal_message.html?_=1646793326369&CODE_STATE=getMsg HTTP/1.1" 200 27
180.169.147.146 - - [09/Mar/2022:10:35:30 +0800] "GET /xingrg/all/function/internal_message.html?_=1646793327882&CODE_STATE=getMsg HTTP/1.1" 200 27
58.39.168.32 - - [09/Mar/2022:10:35:32 +0800] "GET /xingrg/all/function/internal_message.html?_=1646793331187&CODE_STATE=getMsg HTTP/1.1" 200 27
222.70.180.114 - - [09/Mar/2022:10:35:32 +0800] "GET /xingrg/all/function/internal_message.html?_=1646793328869&CODE_STATE=getMsg HTTP/1.1" 200 27
180.169.147.146 - - [09/Mar/2022:10:35:35 +0800] "GET /xingrg/all/function/internal_message.html?_=1646793333039&CODE_STATE=getMsg HTTP/1.1" 200 27
180.162.110.232 - - [09/Mar/2022:10:35:41 +0800] "GET /xingrg/kc/buy/cgsh_order_operate.html?command=get_materiel&rest_code=00143&code=00101010161&supplier_code=00100207&order_time=2022-03-08 HTTP/1.1" 200 410
222.70.243.96 - - [09/Mar/2022:10:35:41 +0800] "GET /xingrg/all/function/internal_message.html?_=1646793335210&CODE_STATE=getMsg HTTP/1.1" 200 27
58.221.95.50 - - [09/Mar/2022:10:35:44 +0800] "GET /xingrg/all/function/internal_message.html?_=1646793342332&CODE_STATE=getMsg HTTP/1.1" 200 27
114.88.156.203 - - [09/Mar/2022:10:35:52 +0800] "GET /xingrg/kc/buy/cgsh_order_operate.html?command=get_materiel&rest_code=00141&code=00101008285&supplier_code=00100007&order_time=2022-03-09 HTTP/1.1" 200 414
180.169.147.146 - - [09/Mar/2022:10:35:54 +0800] "GET /xingrg/all/function/internal_message.html?_=1646793351747&CODE_STATE=getMsg HTTP/1.1" 200 27
114.83.217.117 - - [09/Mar/2022:10:35:55 +0800] "GET /xingrg/all/function/internal_message.html?_=1646793352518&CODE_STATE=getMsg HTTP/1.1" 200 27
116.232.52.108 - - [09/Mar/2022:10:35:55 +0800] "GET /xingrg/all/function/internal_message.html?_=1646793353129&CODE_STATE=getMsg HTTP/1.1" 200 27
116.232.52.108 - - [09/Mar/2022:10:35:55 +0800] "GET /xingrg/check_reg.html?_=1646793353130 HTTP/1.1" 200 22
180.169.147.146 - - [09/Mar/2022:10:35:56 +0800] "GET /xingrg/check_reg.html?_=1646793353113 HTTP/1.1" 200 22
180.169.147.146 - - [09/Mar/2022:10:36:02 +0800] "GET /xingrg/login.html HTTP/1.1" 200 7641
180.169.147.146 - - [09/Mar/2022:10:36:02 +0800] "GET /xingrg/images/blue/jxLogo.png HTTP/1.1" 200 6156
172.20.0.100 - - [09/Mar/2022:10:36:02 +0800] "GET /xingrg/all/function/internal_message.html?_=1646793359464&CODE_STATE=getMsg HTTP/1.1" 200 27
180.169.147.146 - - [09/Mar/2022:10:36:02 +0800] "GET /xingrg/images/blue/login_bg.png HTTP/1.1" 200 22101
180.169.147.146 - - [09/Mar/2022:10:36:02 +0800] "GET /xingrg/images/blue/hj.png HTTP/1.1" 200 1014
180.169.147.146 - - [09/Mar/2022:10:36:02 +0800] "GET /xingrg/images/blue/srbg.png HTTP/1.1" 200 138
180.169.147.146 - - [09/Mar/2022:10:36:02 +0800] "GET /favicon.ico HTTP/1.1" 404 -
114.88.156.203 - - [09/Mar/2022:10:36:03 +0800] "GET /xingrg/kc/buy/cgsh_order_operate.html?command=get_materiel&rest_code=00141&code=00101008403&supplier_code=00100007&order_time=2022-03-09 HTTP/1.1" 200 412
222.70.223.103 - - [09/Mar/2022:10:36:03 +0800] "GET /xingrg/index.html?sysBaseUrl=http%3A%2F%2F180.169.147.146%3A18081%2Fxingrg%2F&costTime=40×tamp=1646786222624 HTTP/1.1" 200 17179
180.169.147.146 - - [09/Mar/2022:10:36:03 +0800] "GET /favicon.ico HTTP/1.1" 404 -
172.20.0.100 - - [09/Mar/2022:10:36:03 +0800] "GET /favicon.ico HTTP/1.1" 404 -
172.20.0.100 - - [09/Mar/2022:10:36:04 +0800] "GET /xingrg/login.html HTTP/1.1" 200 7636
222.70.243.96 - - [09/Mar/2022:10:36:04 +0800] "GET /xingrg/all/function/internal_message.html?_=1646793372331&CODE_STATE=getMsg HTTP/1.1" 200 27
58.39.61.91 - - [09/Mar/2022:10:36:05 +0800] "GET /xingrg/all/function/internal_message.html?_=1646793364432&CODE_STATE=getMsg HTTP/1.1" 200 27
58.39.61.91 - - [09/Mar/2022:10:36:05 +0800] "GET /xingrg/check_reg.html?_=1646793364453 HTTP/1.1" 200 22
172.20.0.100 - - [09/Mar/2022:10:36:05 +0800] "GET /xingrg/images/blue/jxLogo.png HTTP/1.1" 200 6156
222.70.223.103 - - [09/Mar/2022:10:36:05 +0800] "POST /xingrg/all/common/load_tree.html?tree=area_rest_tree_json&manage=1 HTTP/1.1" 200 351
222.70.223.103 - - [09/Mar/2022:10:36:05 +0800] "GET /favicon.ico HTTP/1.1" 404 -
222.70.223.103 - - [09/Mar/2022:10:36:05 +0800] "POST /xingrg/load_menu.html HTTP/1.1" 200 5138
222.70.223.103 - - [09/Mar/2022:10:36:05 +0800] "GET /xingrg/all/function/internal_message.html?_=1646793359452&CODE_STATE=count HTTP/1.1" 200 11
222.70.223.103 - - [09/Mar/2022:10:36:05 +0800] "GET /xingrg/check_reg.html?_=1646793359465 HTTP/1.1" 200 22
172.20.0.100 - - [09/Mar/2022:10:36:06 +0800] "GET /xingrg/images/blue/login_bg.png HTTP/1.1" 200 22101
172.20.0.100 - - [09/Mar/2022:10:36:06 +0800] "GET /xingrg/images/blue/hj.png HTTP/1.1" 200 1014
172.20.0.100 - - [09/Mar/2022:10:36:06 +0800] "GET /xingrg/images/blue/srbg.png HTTP/1.1" 200 138
172.20.0.100 - - [09/Mar/2022:10:36:06 +0800] "GET /favicon.ico HTTP/1.1" 404 -
172.20.0.100 - - [09/Mar/2022:10:36:09 +0800] "POST /xingrg/login.do HTTP/1.1" 302 -
172.20.0.100 - - [09/Mar/2022:10:36:09 +0800] "GET /xingrg/index.html?sysBaseUrl=http%3A%2F%2F172.20.0.8%3A18081%2Fxingrg%2F&costTime=41×tamp=1646793369236 HTTP/1.1" 200 17448
172.20.0.100 - - [09/Mar/2022:10:36:09 +0800] "GET /xingrg/javascript/jquery_easy_ui/themes/default/easyui.css HTTP/1.1" 200 26500
172.20.0.100 - - [09/Mar/2022:10:36:09 +0800] "GET /xingrg/javascript/jquery_easy_ui/themes/icon.css HTTP/1.1" 200 3949
172.20.0.100 - - [09/Mar/2022:10:36:09 +0800] "GET /xingrg/css/form.css HTTP/1.1" 200 893
172.20.0.100 - - [09/Mar/2022:10:36:09 +0800] "GET /xingrg/javascript/jquery-1.4.2.min.js HTTP/1.1" 200 72205
172.20.0.100 - - [09/Mar/2022:10:36:09 +0800] "GET /xingrg/javascript/jquery_easy_ui/jquery.easyui.min.js HTTP/1.1" 200 213662
172.20.0.100 - - [09/Mar/2022:10:36:09 +0800] "GET /xingrg/javascript/jquery.utils.js HTTP/1.1" 200 11805
172.20.0.100 - - [09/Mar/2022:10:36:09 +0800] "GET /xingrg/javascript/jquery_easy_ui/easyui-lang-zh_CN.js HTTP/1.1" 200 1900
172.20.0.100 - - [09/Mar/2022:10:36:09 +0800] "GET /xingrg/javascript/jquery.timers.js HTTP/1.1" 200 3532
172.20.0.100 - - [09/Mar/2022:10:36:09 +0800] "GET /xingrg/javascript/jquery.form.js HTTP/1.1" 200 23110
172.20.0.100 - - [09/Mar/2022:10:36:09 +0800] "GET /favicon.ico HTTP/1.1" 404 -
172.20.0.100 - - [09/Mar/2022:10:36:09 +0800] "GET /xingrg/javascript/jquery_easy_ui/themes/icons/settle_new.png HTTP/1.1" 200 826
172.20.0.100 - - [09/Mar/2022:10:36:09 +0800] "GET /xingrg/images/blue/navBackgound.jpg HTTP/1.1" 200 12378
172.20.0.100 - - [09/Mar/2022:10:36:09 +0800] "POST /xingrg/all/common/load_tree.html?tree=area_rest_tree_json&manage=1 HTTP/1.1" 200 3472
172.20.0.100 - - [09/Mar/2022:10:36:09 +0800] "GET /xingrg/all/function/internal_message.html?_=1646793369501&CODE_STATE=count HTTP/1.1" 200 11
172.20.0.100 - - [09/Mar/2022:10:36:09 +0800] "GET /xingrg/check_reg.html?_=1646793369503 HTTP/1.1" 200 22
172.20.0.100 - - [09/Mar/2022:10:36:09 +0800] "GET /xingrg/images/blue/pingpu.png HTTP/1.1" 200 231
172.20.0.100 - - [09/Mar/2022:10:36:09 +0800] "GET /xingrg/javascript/jquery_easy_ui/themes/default/images/tabs_leftarrow.png HTTP/1.1" 200 389
172.20.0.100 - - [09/Mar/2022:10:36:09 +0800] "GET /xingrg/javascript/jquery_easy_ui/themes/default/images/tabs_rightarrow.png HTTP/1.1" 200 395
172.20.0.100 - - [09/Mar/2022:10:36:09 +0800] "GET /xingrg/javascript/jquery_easy_ui/themes/default/images/panel_tool_expand.gif HTTP/1.1" 200 247
172.20.0.100 - - [09/Mar/2022:10:36:09 +0800] "GET /xingrg/javascript/jquery_easy_ui/themes/default/images/panel_tool_collapse.gif HTTP/1.1" 200 246
172.20.0.100 - - [09/Mar/2022:10:36:09 +0800] "POST /xingrg/load_menu.html HTTP/1.1" 200 11529
114.88.156.203 - - [09/Mar/2022:10:36:09 +0800] "GET /xingrg/all/function/internal_message.html?_=1646793142171&CODE_STATE=getMsg HTTP/1.1" 200 27
172.20.0.100 - - [09/Mar/2022:10:36:10 +0800] "GET /xingrg/javascript/jquery_easy_ui/themes/default/images/tree_arrows.gif HTTP/1.1" 200 1043
172.20.0.100 - - [09/Mar/2022:10:36:10 +0800] "GET /xingrg/javascript/jquery_easy_ui/themes/default/images/tree_folder_open.gif HTTP/1.1" 200 956
172.20.0.100 - - [09/Mar/2022:10:36:10 +0800] "GET /xingrg/javascript/jquery_easy_ui/themes/icons/search_new.png HTTP/1.1" 200 586
172.20.0.100 - - [09/Mar/2022:10:36:10 +0800] "GET /xingrg/javascript/jquery_easy_ui/themes/icons/delivery_new.png HTTP/1.1" 200 700
172.20.0.100 - - [09/Mar/2022:10:36:10 +0800] "GET /xingrg/javascript/jquery_easy_ui/themes/icons/storage_new.png HTTP/1.1" 200 853
172.20.0.100 - - [09/Mar/2022:10:36:10 +0800] "GET /xingrg/javascript/jquery_easy_ui/themes/icons/checkout_new.png HTTP/1.1" 200 744
172.20.0.100 - - [09/Mar/2022:10:36:10 +0800] "GET /xingrg/javascript/jquery_easy_ui/themes/icons/forms_new.png HTTP/1.1" 200 350
172.20.0.100 - - [09/Mar/2022:10:36:10 +0800] "GET /xingrg/javascript/jquery_easy_ui/themes/icons/setting_new.png HTTP/1.1" 200 450
172.20.0.100 - - [09/Mar/2022:10:36:10 +0800] "GET /xingrg/javascript/jquery_easy_ui/themes/icons/systemset_new.png HTTP/1.1" 200 606
172.20.0.100 - - [09/Mar/2022:10:36:10 +0800] "GET /xingrg/javascript/jquery_easy_ui/themes/default/images/tree_file.gif HTTP/1.1" 200 118
172.20.0.100 - - [09/Mar/2022:10:36:10 +0800] "GET /xingrg/javascript/jquery_easy_ui/themes/default/images/tree_folder.gif HTTP/1.1" 200 952
222.70.243.96 - - [09/Mar/2022:10:36:11 +0800] "GET /xingrg/kc/buy/cgsh_order_add.html HTTP/1.1" 200 65630
180.169.147.146 - - [09/Mar/2022:10:36:11 +0800] "GET /xingrg/all/function/internal_message.html?_=1646793369316&CODE_STATE=getMsg HTTP/1.1" 200 27
172.20.0.100 - - [09/Mar/2022:10:36:11 +0800] "GET /xingrg/javascript/jquery_easy_ui/themes/icons/area.png HTTP/1.1" 200 262
172.20.0.100 - - [09/Mar/2022:10:36:11 +0800] "GET /xingrg/javascript/jquery_easy_ui/themes/icons/rest.png HTTP/1.1" 200 695
172.20.0.100 - - [09/Mar/2022:10:36:11 +0800] "GET /xingrg/javascript/jquery_easy_ui/themes/icons/manage.png HTTP/1.1" 200 696
172.20.0.100 - - [09/Mar/2022:10:36:11 +0800] "GET /xingrg/javascript/jquery_easy_ui/themes/default/images/button_a_bg.gif HTTP/1.1" 200 1194
172.20.0.100 - - [09/Mar/2022:10:36:11 +0800] "GET /xingrg/javascript/jquery_easy_ui/themes/icons/ok.png HTTP/1.1" 200 883
172.20.0.100 - - [09/Mar/2022:10:36:11 +0800] "GET /xingrg/javascript/jquery_easy_ui/themes/default/images/button_span_bg.gif HTTP/1.1" 200 2061
172.20.0.100 - - [09/Mar/2022:10:36:11 +0800] "GET /xingrg/javascript/jquery_easy_ui/themes/default/images/panel_title.png HTTP/1.1" 200 266
172.20.0.100 - - [09/Mar/2022:10:36:11 +0800] "GET /xingrg/javascript/jquery_easy_ui/themes/default/images/panel_tools.gif HTTP/1.1" 200 737
114.88.156.203 - - [09/Mar/2022:10:36:13 +0800] "GET /xingrg/kc/buy/cgsh_order_operate.html?command=get_materiel&rest_code=00141&code=00101008225&supplier_code=00100007&order_time=2022-03-09 HTTP/1.1" 200 416
222.70.243.96 - - [09/Mar/2022:10:36:13 +0800] "POST /xingrg/kc/buy/cgsh_order_operate.html HTTP/1.1" 200 8245
180.162.110.232 - - [09/Mar/2022:10:36:13 +0800] "GET /xingrg/kc/buy/cgsh_order_operate.html?command=get_materiel&rest_code=00143&code=00101006087&supplier_code=00100207&order_time=2022-03-08 HTTP/1.1" 200 411
222.70.243.96 - - [09/Mar/2022:10:36:13 +0800] "GET /xingrg/javascript/easyui/themes/default/validatebox.css HTTP/1.1" 404 1104
58.39.168.32 - - [09/Mar/2022:10:36:14 +0800] "GET /xingrg/check_reg.html?_=1646793310952 HTTP/1.1" 200 22
58.39.168.32 - - [09/Mar/2022:10:36:14 +0800] "GET /xingrg/all/function/internal_message.html?_=1646793310955&CODE_STATE=getMsg HTTP/1.1" 200 27
116.228.172.94 - - [09/Mar/2022:10:36:17 +0800] "GET /xingrg/all/function/internal_message.html?_=1646793338142&CODE_STATE=getMsg HTTP/1.1" 200 27
58.39.61.91 - - [09/Mar/2022:10:36:18 +0800] "GET /xingrg/all/function/internal_message.html?_=1646793331733&CODE_STATE=getMsg HTTP/1.1" 200 27
222.69.132.164 - - [09/Mar/2022:10:36:18 +0800] "GET /xingrg/all/function/internal_message.html?_=1646793465603&CODE_STATE=getMsg HTTP/1.1" 200 27
