222.69.132.164 - - [07/Mar/2022:11:14:59 +0800] "POST /xingrg/all/common/load_tree.html?tree=area_rest_tree_json&manage=1 HTTP/1.1" 200 351
222.69.132.164 - - [07/Mar/2022:11:14:59 +0800] "POST /xingrg/load_menu.html HTTP/1.1" 200 5138
222.70.243.96 - - [07/Mar/2022:11:14:59 +0800] "GET /xingrg/all/function/internal_message.html?_=1646622900279&CODE_STATE=getMsg HTTP/1.1" 200 27
124.78.159.88 - - [07/Mar/2022:11:15:01 +0800] "GET /xingrg/check_reg.html?_=1646622900270 HTTP/1.1" 200 22
124.78.159.88 - - [07/Mar/2022:11:15:02 +0800] "GET /xingrg/all/function/internal_message.html?_=1646622900480&CODE_STATE=getMsg HTTP/1.1" 200 27
116.233.79.6 - - [07/Mar/2022:11:15:12 +0800] "GET /xingrg/all/function/internal_message.html?_=1646622913050&CODE_STATE=getMsg HTTP/1.1" 200 27
120.253.135.82 - - [07/Mar/2022:11:15:14 +0800] "GET /xingrg/all/function/internal_message.html?_=1646622712910&CODE_STATE=getMsg HTTP/1.1" 200 27
58.39.61.91 - - [07/Mar/2022:11:15:21 +0800] "GET /xingrg/all/function/internal_message.html?_=1646622921119&CODE_STATE=getMsg HTTP/1.1" 200 27
116.228.172.94 - - [07/Mar/2022:11:15:26 +0800] "GET /xingrg/all/function/internal_message.html?_=1646622893860&CODE_STATE=getMsg HTTP/1.1" 200 27
180.169.147.146 - - [07/Mar/2022:11:15:27 +0800] "GET /xingrg/all/function/internal_message.html?_=1646622926404&CODE_STATE=getMsg HTTP/1.1" 200 27
58.39.61.91 - - [07/Mar/2022:11:15:27 +0800] "GET /xingrg/all/function/internal_message.html?_=1646622882634&CODE_STATE=getMsg HTTP/1.1" 302 -
180.169.147.146 - - [07/Mar/2022:11:15:28 +0800] "GET /xingrg/all/function/internal_message.html?_=1646622942007&CODE_STATE=getMsg HTTP/1.1" 302 -
180.169.147.146 - - [07/Mar/2022:11:15:28 +0800] "GET /xingrg/check_reg.html?_=1646622942017 HTTP/1.1" 302 -
58.39.168.32 - - [07/Mar/2022:11:15:28 +0800] "GET /xingrg/all/function/internal_message.html?_=1646622866550&CODE_STATE=getMsg HTTP/1.1" 302 -
172.20.0.100 - - [07/Mar/2022:11:15:30 +0800] "GET /xingrg/all/function/internal_message.html?_=1646622930089&CODE_STATE=getMsg HTTP/1.1" 200 27
222.70.223.103 - - [07/Mar/2022:11:15:37 +0800] "GET /xingrg/all/function/internal_message.html?_=1646622935969&CODE_STATE=getMsg HTTP/1.1" 302 -
58.39.61.91 - - [07/Mar/2022:11:15:37 +0800] "POST /xingrg/services/DataTransmitService HTTP/1.1" 200 524
124.79.79.90 - - [07/Mar/2022:11:15:42 +0800] "GET /xingrg/all/function/internal_message.html?_=1646622941816&CODE_STATE=getMsg HTTP/1.1" 302 -
180.169.147.146 - - [07/Mar/2022:11:15:47 +0800] "GET /xingrg/all/function/internal_message.html?_=1646622946829&CODE_STATE=getMsg HTTP/1.1" 200 27
180.169.147.146 - - [07/Mar/2022:11:15:51 +0800] "GET /xingrg/all/function/internal_message.html?_=1646622950157&CODE_STATE=getMsg HTTP/1.1" 200 27
116.224.122.7 - - [07/Mar/2022:11:15:51 +0800] "GET /xingrg/all/function/internal_message.html?_=1646622950895&CODE_STATE=getMsg HTTP/1.1" 200 27
58.39.61.91 - - [07/Mar/2022:11:15:51 +0800] "GET /xingrg/all/function/internal_message.html?_=1646622951207&CODE_STATE=getMsg HTTP/1.1" 200 27
222.70.243.96 - - [07/Mar/2022:11:15:52 +0800] "GET /xingrg/all/function/internal_message.html?_=1646622946249&CODE_STATE=getMsg HTTP/1.1" 200 27
180.157.251.97 - - [07/Mar/2022:11:15:53 +0800] "GET /xingrg/all/function/internal_message.html?_=1646622952799&CODE_STATE=getMsg HTTP/1.1" 200 27
222.69.132.164 - - [07/Mar/2022:11:15:59 +0800] "GET /xingrg/all/function/internal_message.html?_=1646623046209&CODE_STATE=getMsg HTTP/1.1" 200 27
222.70.243.96 - - [07/Mar/2022:11:15:59 +0800] "GET /xingrg/all/function/internal_message.html?_=1646622960292&CODE_STATE=getMsg HTTP/1.1" 200 27
58.39.61.91 - - [07/Mar/2022:11:16:01 +0800] "POST /xingrg/services/DataTransmitService HTTP/1.1" 200 501
124.78.159.88 - - [07/Mar/2022:11:16:02 +0800] "GET /xingrg/all/function/internal_message.html?_=1646622960455&CODE_STATE=getMsg HTTP/1.1" 200 27
116.233.79.6 - - [07/Mar/2022:11:16:12 +0800] "GET /xingrg/all/function/internal_message.html?_=1646622973052&CODE_STATE=getMsg HTTP/1.1" 200 27
120.253.135.82 - - [07/Mar/2022:11:16:14 +0800] "GET /xingrg/check_reg.html?_=1646622772585 HTTP/1.1" 200 22
120.253.135.82 - - [07/Mar/2022:11:16:14 +0800] "GET /xingrg/all/function/internal_message.html?_=1646622772925&CODE_STATE=getMsg HTTP/1.1" 200 27
58.39.61.91 - - [07/Mar/2022:11:16:21 +0800] "GET /xingrg/all/function/internal_message.html?_=1646622981120&CODE_STATE=getMsg HTTP/1.1" 200 27
58.39.61.91 - - [07/Mar/2022:11:16:25 +0800] "GET /xingrg/check_reg.html?_=1646622940136 HTTP/1.1" 302 -
116.228.172.94 - - [07/Mar/2022:11:16:26 +0800] "GET /xingrg/all/function/internal_message.html?_=1646622953847&CODE_STATE=getMsg HTTP/1.1" 200 27
180.169.147.146 - - [07/Mar/2022:11:16:27 +0800] "GET /xingrg/all/function/internal_message.html?_=1646622986402&CODE_STATE=getMsg HTTP/1.1" 200 27
58.39.61.91 - - [07/Mar/2022:11:16:27 +0800] "GET /xingrg/all/function/internal_message.html?_=1646622942648&CODE_STATE=getMsg HTTP/1.1" 302 -
180.169.147.146 - - [07/Mar/2022:11:16:28 +0800] "GET /xingrg/all/function/internal_message.html?_=1646623002010&CODE_STATE=getMsg HTTP/1.1" 302 -
58.39.168.32 - - [07/Mar/2022:11:16:28 +0800] "GET /xingrg/all/function/internal_message.html?_=1646622926598&CODE_STATE=getMsg HTTP/1.1" 302 -
58.39.168.32 - - [07/Mar/2022:11:16:28 +0800] "GET /xingrg/check_reg.html?_=1646622926600 HTTP/1.1" 302 -
172.20.0.100 - - [07/Mar/2022:11:16:30 +0800] "GET /xingrg/all/function/internal_message.html?_=1646622990090&CODE_STATE=getMsg HTTP/1.1" 200 27
222.70.223.103 - - [07/Mar/2022:11:16:37 +0800] "GET /xingrg/all/function/internal_message.html?_=1646622995962&CODE_STATE=getMsg HTTP/1.1" 302 -
124.79.79.90 - - [07/Mar/2022:11:16:42 +0800] "GET /xingrg/all/function/internal_message.html?_=1646623001788&CODE_STATE=getMsg HTTP/1.1" 302 -
180.169.147.146 - - [07/Mar/2022:11:16:47 +0800] "GET /xingrg/all/function/internal_message.html?_=1646623006829&CODE_STATE=getMsg HTTP/1.1" 200 27
180.169.147.146 - - [07/Mar/2022:11:16:51 +0800] "GET /xingrg/all/function/internal_message.html?_=1646623010165&CODE_STATE=getMsg HTTP/1.1" 200 27
116.224.122.7 - - [07/Mar/2022:11:16:51 +0800] "GET /xingrg/all/function/internal_message.html?_=1646623010892&CODE_STATE=getMsg HTTP/1.1" 200 27
58.39.61.91 - - [07/Mar/2022:11:16:51 +0800] "GET /xingrg/all/function/internal_message.html?_=1646623011213&CODE_STATE=getMsg HTTP/1.1" 200 27
58.39.61.91 - - [07/Mar/2022:11:16:51 +0800] "GET /xingrg/check_reg.html?_=1646623011217 HTTP/1.1" 200 22
222.70.243.96 - - [07/Mar/2022:11:16:52 +0800] "GET /xingrg/all/function/internal_message.html?_=1646623006247&CODE_STATE=getMsg HTTP/1.1" 200 27
180.157.251.97 - - [07/Mar/2022:11:16:53 +0800] "GET /xingrg/all/function/internal_message.html?_=1646623012783&CODE_STATE=getMsg HTTP/1.1" 200 27
222.69.132.164 - - [07/Mar/2022:11:16:59 +0800] "GET /xingrg/all/function/internal_message.html?_=1646623106190&CODE_STATE=getMsg HTTP/1.1" 200 27
222.70.243.96 - - [07/Mar/2022:11:16:59 +0800] "GET /xingrg/all/function/internal_message.html?_=1646623020354&CODE_STATE=getMsg HTTP/1.1" 200 27
124.78.159.88 - - [07/Mar/2022:11:17:01 +0800] "GET /xingrg/all/function/internal_message.html?_=1646623020433&CODE_STATE=getMsg HTTP/1.1" 200 27
124.79.79.90 - - [07/Mar/2022:11:17:04 +0800] "GET /xingrg/check_reg.html?_=1646623023993 HTTP/1.1" 302 -
116.233.79.6 - - [07/Mar/2022:11:17:12 +0800] "GET /xingrg/all/function/internal_message.html?_=1646623033054&CODE_STATE=getMsg HTTP/1.1" 200 27
116.233.79.6 - - [07/Mar/2022:11:17:12 +0800] "GET /xingrg/check_reg.html?_=1646623033055 HTTP/1.1" 200 22
120.253.135.82 - - [07/Mar/2022:11:17:14 +0800] "GET /xingrg/all/function/internal_message.html?_=1646622832939&CODE_STATE=getMsg HTTP/1.1" 200 27
58.39.61.91 - - [07/Mar/2022:11:17:21 +0800] "GET /xingrg/check_reg.html?_=1646623041120 HTTP/1.1" 200 22
58.39.61.91 - - [07/Mar/2022:11:17:21 +0800] "GET /xingrg/all/function/internal_message.html?_=1646623041122&CODE_STATE=getMsg HTTP/1.1" 200 27
116.228.172.94 - - [07/Mar/2022:11:17:26 +0800] "GET /xingrg/all/function/internal_message.html?_=1646623013821&CODE_STATE=getMsg HTTP/1.1" 200 27
180.169.147.146 - - [07/Mar/2022:11:17:27 +0800] "GET /xingrg/all/function/internal_message.html?_=1646623046404&CODE_STATE=getMsg HTTP/1.1" 200 27
180.169.147.146 - - [07/Mar/2022:11:17:27 +0800] "GET /xingrg/check_reg.html?_=1646623046409 HTTP/1.1" 200 22
58.39.61.91 - - [07/Mar/2022:11:17:27 +0800] "GET /xingrg/all/function/internal_message.html?_=1646623002707&CODE_STATE=getMsg HTTP/1.1" 302 -
180.169.147.146 - - [07/Mar/2022:11:17:28 +0800] "GET /xingrg/all/function/internal_message.html?_=1646623062010&CODE_STATE=getMsg HTTP/1.1" 302 -
58.39.168.32 - - [07/Mar/2022:11:17:28 +0800] "GET /xingrg/all/function/internal_message.html?_=1646622986552&CODE_STATE=getMsg HTTP/1.1" 302 -
172.20.0.100 - - [07/Mar/2022:11:17:30 +0800] "GET /xingrg/all/function/internal_message.html?_=1646623050077&CODE_STATE=getMsg HTTP/1.1" 200 27
222.70.223.103 - - [07/Mar/2022:11:17:37 +0800] "GET /xingrg/all/function/internal_message.html?_=1646623055971&CODE_STATE=getMsg HTTP/1.1" 302 -
180.169.147.146 - - [07/Mar/2022:11:17:38 +0800] "GET /xingrg/check_reg.html?_=1646623059559 HTTP/1.1" 302 -
124.79.79.90 - - [07/Mar/2022:11:17:42 +0800] "GET /xingrg/all/function/internal_message.html?_=1646623061765&CODE_STATE=getMsg HTTP/1.1" 302 -
222.69.132.164 - - [07/Mar/2022:11:17:42 +0800] "GET /xingrg/kc/buy/cgsh_order_list.html HTTP/1.1" 200 49792
222.69.132.164 - - [07/Mar/2022:11:17:44 +0800] "POST /xingrg/kc/buy/cgsh_list_operate.html HTTP/1.1" 200 876
222.69.132.164 - - [07/Mar/2022:11:17:46 +0800] "GET /xingrg/kc/buy/cgsh_order_add.html HTTP/1.1" 200 64724
222.69.132.164 - - [07/Mar/2022:11:17:47 +0800] "POST /xingrg/kc/buy/cgsh_order_operate.html HTTP/1.1" 200 8245
222.69.132.164 - - [07/Mar/2022:11:17:47 +0800] "GET /xingrg/javascript/easyui/themes/default/validatebox.css HTTP/1.1" 404 1104
222.69.132.164 - - [07/Mar/2022:11:17:47 +0800] "GET /xingrg/all/common/auto_word.html?type=employee&rest_code=00154 HTTP/1.1" 200 101
222.69.132.164 - - [07/Mar/2022:11:17:47 +0800] "GET /xingrg/all/common/auto_word.html?type=employee&rest_code=00154 HTTP/1.1" 200 101
180.169.147.146 - - [07/Mar/2022:11:17:47 +0800] "GET /xingrg/check_reg.html?_=1646623066822 HTTP/1.1" 200 22
180.169.147.146 - - [07/Mar/2022:11:17:47 +0800] "GET /xingrg/all/function/internal_message.html?_=1646623066827&CODE_STATE=getMsg HTTP/1.1" 200 27
101.83.241.15 - - [07/Mar/2022:11:17:51 +0800] "POST /xingrg/services/DataTransmitService HTTP/1.1" 200 524
61.151.178.163 - - [07/Mar/2022:11:17:51 +0800] "GET /xingrg/kc/buy/cgsh_order_operate.html?command=get_materiel&rest_code=00106&code=00101016105&supplier_code=00100032&order_time=2022-03-07 HTTP/1.1" 302 -
180.169.147.146 - - [07/Mar/2022:11:17:51 +0800] "GET /xingrg/all/function/internal_message.html?_=1646623070160&CODE_STATE=getMsg HTTP/1.1" 200 27
180.169.147.146 - - [07/Mar/2022:11:17:51 +0800] "GET /xingrg/check_reg.html?_=1646623070164 HTTP/1.1" 200 22
116.224.122.7 - - [07/Mar/2022:11:17:51 +0800] "GET /xingrg/all/function/internal_message.html?_=1646623070902&CODE_STATE=getMsg HTTP/1.1" 200 27
101.83.241.15 - - [07/Mar/2022:11:17:51 +0800] "POST /xingrg/services/DataTransmitService HTTP/1.1" 200 501
58.39.61.91 - - [07/Mar/2022:11:17:51 +0800] "GET /xingrg/all/function/internal_message.html?_=1646623071221&CODE_STATE=getMsg HTTP/1.1" 200 27
101.83.241.15 - - [07/Mar/2022:11:17:52 +0800] "POST /xingrg/services/DataTransmitService HTTP/1.1" 200 501
101.83.241.15 - - [07/Mar/2022:11:17:52 +0800] "POST /xingrg/services/DataTransmitService HTTP/1.1" 200 501
222.70.243.96 - - [07/Mar/2022:11:17:52 +0800] "GET /xingrg/all/function/internal_message.html?_=1646623066248&CODE_STATE=getMsg HTTP/1.1" 200 27
61.151.178.163 - - [07/Mar/2022:11:17:52 +0800] "GET /xingrg/login.html HTTP/1.1" 200 7641
101.83.241.15 - - [07/Mar/2022:11:17:52 +0800] "POST /xingrg/services/DataTransmitService HTTP/1.1" 200 501
101.83.241.15 - - [07/Mar/2022:11:17:52 +0800] "POST /xingrg/services/DataTransmitService HTTP/1.1" 200 501
101.83.241.15 - - [07/Mar/2022:11:17:53 +0800] "POST /xingrg/services/DataTransmitService HTTP/1.1" 200 501
180.157.251.97 - - [07/Mar/2022:11:17:53 +0800] "GET /xingrg/all/function/internal_message.html?_=1646623072754&CODE_STATE=getMsg HTTP/1.1" 200 27
101.83.241.15 - - [07/Mar/2022:11:17:53 +0800] "POST /xingrg/services/DataTransmitService HTTP/1.1" 200 412
180.157.251.97 - - [07/Mar/2022:11:17:54 +0800] "GET /xingrg/check_reg.html?_=1646623073286 HTTP/1.1" 200 22
222.69.132.164 - - [07/Mar/2022:11:17:59 +0800] "GET /xingrg/all/function/internal_message.html?_=1646623166199&CODE_STATE=getMsg HTTP/1.1" 200 27
222.70.243.96 - - [07/Mar/2022:11:17:59 +0800] "GET /xingrg/all/function/internal_message.html?_=1646623080366&CODE_STATE=getMsg HTTP/1.1" 200 27
58.221.95.50 - - [07/Mar/2022:11:18:01 +0800] "GET /xingrg/check_reg.html?_=1646623081094 HTTP/1.1" 302 -
124.78.159.88 - - [07/Mar/2022:11:18:01 +0800] "GET /xingrg/all/function/internal_message.html?_=1646623080411&CODE_STATE=getMsg HTTP/1.1" 200 27
116.228.172.94 - - [07/Mar/2022:11:18:12 +0800] "GET /xingrg/check_reg.html?_=1646623059022 HTTP/1.1" 200 22
222.69.132.164 - - [07/Mar/2022:11:18:12 +0800] "GET /xingrg/javascript/auto/indicator.gif HTTP/1.1" 404 1066
116.233.79.6 - - [07/Mar/2022:11:18:12 +0800] "GET /xingrg/all/function/internal_message.html?_=1646623093056&CODE_STATE=getMsg HTTP/1.1" 200 27
120.253.135.82 - - [07/Mar/2022:11:18:14 +0800] "GET /xingrg/all/function/internal_message.html?_=1646622892952&CODE_STATE=getMsg HTTP/1.1" 200 27
58.39.61.91 - - [07/Mar/2022:11:18:21 +0800] "GET /xingrg/all/function/internal_message.html?_=1646623101122&CODE_STATE=getMsg HTTP/1.1" 200 27
116.228.172.94 - - [07/Mar/2022:11:18:26 +0800] "GET /xingrg/all/function/internal_message.html?_=1646623073810&CODE_STATE=getMsg HTTP/1.1" 200 27
180.169.147.146 - - [07/Mar/2022:11:18:27 +0800] "GET /xingrg/all/function/internal_message.html?_=1646623106408&CODE_STATE=getMsg HTTP/1.1" 200 27
58.39.61.91 - - [07/Mar/2022:11:18:27 +0800] "GET /xingrg/all/function/internal_message.html?_=1646623062722&CODE_STATE=getMsg HTTP/1.1" 302 -
180.169.147.146 - - [07/Mar/2022:11:18:28 +0800] "GET /xingrg/all/function/internal_message.html?_=1646623121999&CODE_STATE=getMsg HTTP/1.1" 302 -
58.39.168.32 - - [07/Mar/2022:11:18:28 +0800] "GET /xingrg/all/function/internal_message.html?_=1646623046553&CODE_STATE=getMsg HTTP/1.1" 302 -
172.20.0.100 - - [07/Mar/2022:11:18:30 +0800] "GET /xingrg/all/function/internal_message.html?_=1646623110080&CODE_STATE=getMsg HTTP/1.1" 200 27
172.20.0.100 - - [07/Mar/2022:11:18:30 +0800] "GET /xingrg/check_reg.html?_=1646623110082 HTTP/1.1" 200 22
222.69.132.164 - - [07/Mar/2022:11:18:31 +0800] "GET /xingrg/kc/buy/cgsh_order_operate.html?command=get_materiel&rest_code=00154&code=00101008005&supplier_code=00100417&order_time=2022-03-07 HTTP/1.1" 200 412
222.70.223.103 - - [07/Mar/2022:11:18:37 +0800] "GET /xingrg/all/function/internal_message.html?_=1646623115983&CODE_STATE=getMsg HTTP/1.1" 302 -
124.79.79.90 - - [07/Mar/2022:11:18:42 +0800] "GET /xingrg/all/function/internal_message.html?_=1646623121736&CODE_STATE=getMsg HTTP/1.1" 302 -
180.169.147.146 - - [07/Mar/2022:11:18:47 +0800] "GET /xingrg/all/function/internal_message.html?_=1646623126840&CODE_STATE=getMsg HTTP/1.1" 200 27
222.69.132.164 - - [07/Mar/2022:11:18:50 +0800] "GET /xingrg/kc/buy/cgsh_order_operate.html?command=get_materiel&rest_code=00154&code=00101012029&supplier_code=00100417&order_time=2022-03-07 HTTP/1.1" 200 412
180.169.147.146 - - [07/Mar/2022:11:18:51 +0800] "GET /xingrg/all/function/internal_message.html?_=1646623130161&CODE_STATE=getMsg HTTP/1.1" 200 27
116.224.122.7 - - [07/Mar/2022:11:18:51 +0800] "GET /xingrg/all/function/internal_message.html?_=1646623130911&CODE_STATE=getMsg HTTP/1.1" 200 27
58.39.61.91 - - [07/Mar/2022:11:18:51 +0800] "GET /xingrg/all/function/internal_message.html?_=1646623131226&CODE_STATE=getMsg HTTP/1.1" 200 27
222.70.243.96 - - [07/Mar/2022:11:18:52 +0800] "GET /xingrg/check_reg.html?_=1646623126251 HTTP/1.1" 200 22
222.70.243.96 - - [07/Mar/2022:11:18:52 +0800] "GET /xingrg/all/function/internal_message.html?_=1646623126253&CODE_STATE=getMsg HTTP/1.1" 200 27
180.157.251.97 - - [07/Mar/2022:11:18:53 +0800] "GET /xingrg/all/function/internal_message.html?_=1646623132724&CODE_STATE=getMsg HTTP/1.1" 200 27
222.69.132.164 - - [07/Mar/2022:11:18:59 +0800] "GET /xingrg/all/function/internal_message.html?_=1646623226176&CODE_STATE=getMsg HTTP/1.1" 200 27
222.70.243.96 - - [07/Mar/2022:11:18:59 +0800] "GET /xingrg/check_reg.html?_=1646623140164 HTTP/1.1" 200 22
222.70.243.96 - - [07/Mar/2022:11:18:59 +0800] "GET /xingrg/all/function/internal_message.html?_=1646623140379&CODE_STATE=getMsg HTTP/1.1" 200 27
124.78.159.88 - - [07/Mar/2022:11:19:01 +0800] "GET /xingrg/all/function/internal_message.html?_=1646623140390&CODE_STATE=getMsg HTTP/1.1" 200 27
116.233.79.6 - - [07/Mar/2022:11:19:12 +0800] "GET /xingrg/all/function/internal_message.html?_=1646623153059&CODE_STATE=getMsg HTTP/1.1" 200 27
120.253.135.82 - - [07/Mar/2022:11:19:14 +0800] "GET /xingrg/all/function/internal_message.html?_=1646622953000&CODE_STATE=getMsg HTTP/1.1" 200 27
222.69.132.164 - - [07/Mar/2022:11:19:19 +0800] "GET /xingrg/kc/buy/cgsh_order_operate.html?command=get_materiel&rest_code=00154&code=00101008024&supplier_code=00100417&order_time=2022-03-07 HTTP/1.1" 200 408
58.39.61.91 - - [07/Mar/2022:11:19:21 +0800] "GET /xingrg/all/function/internal_message.html?_=1646623161107&CODE_STATE=getMsg HTTP/1.1" 200 27
222.70.243.96 - - [07/Mar/2022:11:19:26 +0800] "POST /xingrg/load_menu.html HTTP/1.1" 200 9242
116.228.172.94 - - [07/Mar/2022:11:19:26 +0800] "GET /xingrg/all/function/internal_message.html?_=1646623133797&CODE_STATE=getMsg HTTP/1.1" 200 27
180.169.147.146 - - [07/Mar/2022:11:19:27 +0800] "GET /xingrg/all/function/internal_message.html?_=1646623166405&CODE_STATE=getMsg HTTP/1.1" 200 27
58.39.61.91 - - [07/Mar/2022:11:19:27 +0800] "GET /xingrg/all/function/internal_message.html?_=1646623122790&CODE_STATE=getMsg HTTP/1.1" 302 -
180.169.147.146 - - [07/Mar/2022:11:19:28 +0800] "GET /xingrg/all/function/internal_message.html?_=1646623182009&CODE_STATE=getMsg HTTP/1.1" 302 -
58.39.168.32 - - [07/Mar/2022:11:19:28 +0800] "GET /xingrg/all/function/internal_message.html?_=1646623106553&CODE_STATE=getMsg HTTP/1.1" 302 -
222.70.243.96 - - [07/Mar/2022:11:19:29 +0800] "GET /xingrg/javascript/jquery_easy_ui/themes/default/images/tabs_close.gif HTTP/1.1" 200 829
222.70.243.96 - - [07/Mar/2022:11:19:29 +0800] "GET /xingrg/css/blue.css HTTP/1.1" 200 15949
222.70.243.96 - - [07/Mar/2022:11:19:29 +0800] "GET /xingrg/all/report/report_query.html?fileName=dma/new_5.0/yingye/yy_hz.xml&rw=1600 HTTP/1.1" 200 56155
222.70.243.96 - - [07/Mar/2022:11:19:29 +0800] "GET /xingrg/javascript/jqueryMultiSelect.js HTTP/1.1" 200 11866
222.70.243.96 - - [07/Mar/2022:11:19:29 +0800] "GET /xingrg/javascript/Calendar.js HTTP/1.1" 200 31561
222.70.243.96 - - [07/Mar/2022:11:19:29 +0800] "GET /xingrg/javascript/calendar/jquery.timePicker.min.js HTTP/1.1" 200 2997
222.70.243.96 - - [07/Mar/2022:11:19:29 +0800] "GET /xingrg/javascript/bigrid/fix.js HTTP/1.1" 200 6439
222.70.243.96 - - [07/Mar/2022:11:19:29 +0800] "GET /xingrg/javascript/multi_select/jqueryMultiSelect.css HTTP/1.1" 200 951
222.70.243.96 - - [07/Mar/2022:11:19:29 +0800] "GET /xingrg/javascript/calendar/timePicker.css HTTP/1.1" 200 523
222.70.243.96 - - [07/Mar/2022:11:19:29 +0800] "GET /xingrg/javascript/bigrid/fix.css HTTP/1.1" 200 1702
222.70.243.96 - - [07/Mar/2022:11:19:29 +0800] "GET /xingrg/javascript/pic_change.js HTTP/1.1" 200 4739
222.70.243.96 - - [07/Mar/2022:11:19:29 +0800] "GET /xingrg/dwr/util.js HTTP/1.1" 200 35990
222.70.243.96 - - [07/Mar/2022:11:19:29 +0800] "GET /xingrg/dwr/engine.js HTTP/1.1" 200 43631
222.70.243.96 - - [07/Mar/2022:11:19:29 +0800] "GET /xingrg/dwr/interface/AjaxReportQueryService.js HTTP/1.1" 200 13203
222.70.243.96 - - [07/Mar/2022:11:19:29 +0800] "GET /xingrg/javascript/myfunction.js HTTP/1.1" 200 24559
222.70.243.96 - - [07/Mar/2022:11:19:30 +0800] "GET /xingrg/images/blue/button/advanceover.gif HTTP/1.1" 200 1347
222.70.243.96 - - [07/Mar/2022:11:19:30 +0800] "GET /xingrg/images/blue/button/advance2over.gif HTTP/1.1" 200 1336
222.70.243.96 - - [07/Mar/2022:11:19:30 +0800] "GET /xingrg/images/blue/button/back2over.gif HTTP/1.1" 200 1335
222.70.243.96 - - [07/Mar/2022:11:19:30 +0800] "GET /xingrg/images/blue/button/backover.gif HTTP/1.1" 200 1348
222.70.243.96 - - [07/Mar/2022:11:19:30 +0800] "GET /xingrg/images/control/loading.gif HTTP/1.1" 200 13463
222.70.243.96 - - [07/Mar/2022:11:19:30 +0800] "GET /xingrg/javascript/jquery_easy_ui/themes/default/images/menu_downarrow.png HTTP/1.1" 200 173
222.70.243.96 - - [07/Mar/2022:11:19:30 +0800] "GET /xingrg/javascript/jquery_easy_ui/themes/default/images/menu.gif HTTP/1.1" 200 834
222.70.243.96 - - [07/Mar/2022:11:19:30 +0800] "GET /xingrg/javascript/jquery_easy_ui/themes/default/images/button_a_bg.gif HTTP/1.1" 200 1194
222.70.243.96 - - [07/Mar/2022:11:19:30 +0800] "GET /xingrg/javascript/jquery_easy_ui/themes/icons/help.png HTTP/1.1" 200 1187
222.70.243.96 - - [07/Mar/2022:11:19:30 +0800] "GET /xingrg/javascript/jquery_easy_ui/themes/icons/print.png HTTP/1.1" 200 1057
222.70.243.96 - - [07/Mar/2022:11:19:30 +0800] "POST /xingrg/dwr/call/plaincall/AjaxReportQueryService.getFixDate.dwr HTTP/1.1" 200 111
222.70.243.96 - - [07/Mar/2022:11:19:30 +0800] "GET /xingrg/javascript/jquery_easy_ui/themes/icons/pencil.png HTTP/1.1" 200 713
222.70.243.96 - - [07/Mar/2022:11:19:30 +0800] "GET /xingrg/javascript/jquery_easy_ui/themes/default/images/menu_rightarrow.png HTTP/1.1" 200 3617
222.70.243.96 - - [07/Mar/2022:11:19:30 +0800] "GET /xingrg/javascript/jquery_easy_ui/themes/default/images/combo_arrow_dot.gif HTTP/1.1" 200 79
222.70.243.96 - - [07/Mar/2022:11:19:30 +0800] "POST /xingrg/all/common/load_tree.html?tree=area_station_tree_json&manage=1 HTTP/1.1" 200 3364
222.70.243.96 - - [07/Mar/2022:11:19:30 +0800] "GET /xingrg/javascript/jquery_easy_ui/themes/default/images/tree_checkbox_0.gif HTTP/1.1" 200 168
222.70.243.96 - - [07/Mar/2022:11:19:30 +0800] "GET /xingrg/javascript/jquery_easy_ui/themes/icons/rest.png HTTP/1.1" 200 695
172.20.0.100 - - [07/Mar/2022:11:19:30 +0800] "GET /xingrg/all/function/internal_message.html?_=1646623170085&CODE_STATE=getMsg HTTP/1.1" 200 27
222.70.243.96 - - [07/Mar/2022:11:19:32 +0800] "GET /xingrg/javascript/jquery_easy_ui/themes/icons/area.png HTTP/1.1" 200 262
222.70.243.96 - - [07/Mar/2022:11:19:32 +0800] "GET /xingrg/javascript/jquery_easy_ui/themes/icons/manage.png HTTP/1.1" 200 696
222.70.243.96 - - [07/Mar/2022:11:19:32 +0800] "POST /xingrg/dwr/call/plaincall/AjaxReportQueryService.getFixDate.dwr HTTP/1.1" 200 111
222.69.132.164 - - [07/Mar/2022:11:19:34 +0800] "GET /xingrg/kc/buy/cgsh_order_operate.html?command=get_materiel&rest_code=00154&code=00101008155&supplier_code=00100417&order_time=2022-03-07 HTTP/1.1" 200 408
222.70.223.103 - - [07/Mar/2022:11:19:37 +0800] "GET /xingrg/check_reg.html?_=1646623175974 HTTP/1.1" 302 -
222.70.223.103 - - [07/Mar/2022:11:19:37 +0800] "GET /xingrg/all/function/internal_message.html?_=1646623175978&CODE_STATE=getMsg HTTP/1.1" 302 -
222.70.243.96 - - [07/Mar/2022:11:19:37 +0800] "GET /xingrg/javascript/jquery_easy_ui/themes/default/images/tree_checkbox_1.gif HTTP/1.1" 200 174
222.70.243.96 - - [07/Mar/2022:11:19:37 +0800] "GET /xingrg/javascript/jquery_easy_ui/themes/default/images/tree_checkbox_2.gif HTTP/1.1" 200 181
222.70.243.96 - - [07/Mar/2022:11:19:39 +0800] "POST /xingrg/dwr/call/plaincall/AjaxReportQueryService.refreshCache.dwr HTTP/1.1" 200 78
222.70.243.96 - - [07/Mar/2022:11:19:42 +0800] "POST /xingrg/all/report/load_report_page.html HTTP/1.1" 200 32755
222.70.243.96 - - [07/Mar/2022:11:19:42 +0800] "GET /xingrg/servlets/image?cache=0.658901989630029&image=px HTTP/1.1" 200 807
124.79.79.90 - - [07/Mar/2022:11:19:42 +0800] "GET /xingrg/all/function/internal_message.html?_=1646623181710&CODE_STATE=getMsg HTTP/1.1" 302 -
222.70.243.96 - - [07/Mar/2022:11:19:46 +0800] "GET /xingrg/javascript/jquery_easy_ui/themes/default/images/button_plain_hover.png HTTP/1.1" 200 252
180.169.147.146 - - [07/Mar/2022:11:19:47 +0800] "GET /xingrg/all/function/internal_message.html?_=1646623186843&CODE_STATE=getMsg HTTP/1.1" 200 27
180.169.147.146 - - [07/Mar/2022:11:19:51 +0800] "GET /xingrg/all/function/internal_message.html?_=1646623190165&CODE_STATE=getMsg HTTP/1.1" 200 27
116.224.122.7 - - [07/Mar/2022:11:19:51 +0800] "GET /xingrg/check_reg.html?_=1646623190902 HTTP/1.1" 200 22
116.224.122.7 - - [07/Mar/2022:11:19:51 +0800] "GET /xingrg/all/function/internal_message.html?_=1646623190906&CODE_STATE=getMsg HTTP/1.1" 200 27
58.39.61.91 - - [07/Mar/2022:11:19:51 +0800] "GET /xingrg/all/function/internal_message.html?_=1646623191226&CODE_STATE=getMsg HTTP/1.1" 200 27
222.70.243.96 - - [07/Mar/2022:11:19:52 +0800] "GET /xingrg/all/function/internal_message.html?_=1646623186238&CODE_STATE=getMsg HTTP/1.1" 200 27
180.157.251.97 - - [07/Mar/2022:11:19:53 +0800] "GET /xingrg/all/function/internal_message.html?_=1646623192708&CODE_STATE=getMsg HTTP/1.1" 200 27
222.69.132.164 - - [07/Mar/2022:11:19:54 +0800] "GET /xingrg/kc/buy/cgsh_order_operate.html?command=get_materiel&rest_code=00154&code=00101008264&supplier_code=00100417&order_time=2022-03-07 HTTP/1.1" 200 412
222.69.132.164 - - [07/Mar/2022:11:19:59 +0800] "GET /xingrg/check_reg.html?_=1646623286179 HTTP/1.1" 200 22
222.69.132.164 - - [07/Mar/2022:11:19:59 +0800] "GET /xingrg/all/function/internal_message.html?_=1646623286184&CODE_STATE=getMsg HTTP/1.1" 200 27
222.70.243.96 - - [07/Mar/2022:11:19:59 +0800] "GET /xingrg/all/function/internal_message.html?_=1646623200397&CODE_STATE=getMsg HTTP/1.1" 200 27
124.78.159.88 - - [07/Mar/2022:11:20:01 +0800] "GET /xingrg/check_reg.html?_=1646623200282 HTTP/1.1" 200 22
124.78.159.88 - - [07/Mar/2022:11:20:01 +0800] "GET /xingrg/all/function/internal_message.html?_=1646623200359&CODE_STATE=getMsg HTTP/1.1" 200 27
222.69.132.164 - - [07/Mar/2022:11:20:05 +0800] "GET /xingrg/kc/buy/cgsh_order_operate.html?command=get_materiel&rest_code=00154&code=00101008355&supplier_code=00100417&order_time=2022-03-07 HTTP/1.1" 200 408
116.233.79.6 - - [07/Mar/2022:11:20:12 +0800] "GET /xingrg/all/function/internal_message.html?_=1646623213061&CODE_STATE=getMsg HTTP/1.1" 200 27
120.253.135.82 - - [07/Mar/2022:11:20:14 +0800] "GET /xingrg/all/function/internal_message.html?_=1646623013010&CODE_STATE=getMsg HTTP/1.1" 200 27
58.39.61.91 - - [07/Mar/2022:11:20:21 +0800] "GET /xingrg/all/function/internal_message.html?_=1646623221108&CODE_STATE=getMsg HTTP/1.1" 200 27
116.228.172.94 - - [07/Mar/2022:11:20:26 +0800] "GET /xingrg/all/function/internal_message.html?_=1646623193772&CODE_STATE=getMsg HTTP/1.1" 200 27
180.169.147.146 - - [07/Mar/2022:11:20:27 +0800] "GET /xingrg/all/function/internal_message.html?_=1646623226401&CODE_STATE=getMsg HTTP/1.1" 200 27
58.39.61.91 - - [07/Mar/2022:11:20:27 +0800] "GET /xingrg/all/function/internal_message.html?_=1646623182797&CODE_STATE=getMsg HTTP/1.1" 302 -
180.169.147.146 - - [07/Mar/2022:11:20:28 +0800] "GET /xingrg/all/function/internal_message.html?_=1646623242012&CODE_STATE=getMsg HTTP/1.1" 302 -
180.169.147.146 - - [07/Mar/2022:11:20:28 +0800] "GET /xingrg/check_reg.html?_=1646623242015 HTTP/1.1" 302 -
58.39.168.32 - - [07/Mar/2022:11:20:28 +0800] "GET /xingrg/all/function/internal_message.html?_=1646623166553&CODE_STATE=getMsg HTTP/1.1" 302 -
172.20.0.100 - - [07/Mar/2022:11:20:30 +0800] "GET /xingrg/all/function/internal_message.html?_=1646623230087&CODE_STATE=getMsg HTTP/1.1" 200 27
222.64.144.101 - - [07/Mar/2022:11:20:32 +0800] "GET /favicon.ico HTTP/1.1" 404 -
222.64.144.101 - - [07/Mar/2022:11:20:35 +0800] "GET /xingrg/login.html HTTP/1.1" 200 7641
222.64.144.101 - - [07/Mar/2022:11:20:36 +0800] "GET /favicon.ico HTTP/1.1" 404 -
222.70.223.103 - - [07/Mar/2022:11:20:37 +0800] "GET /xingrg/all/function/internal_message.html?_=1646623235976&CODE_STATE=getMsg HTTP/1.1" 302 -
124.79.79.90 - - [07/Mar/2022:11:20:42 +0800] "GET /xingrg/all/function/internal_message.html?_=1646623241681&CODE_STATE=getMsg HTTP/1.1" 302 -
180.169.147.146 - - [07/Mar/2022:11:20:47 +0800] "GET /xingrg/all/function/internal_message.html?_=1646623246839&CODE_STATE=getMsg HTTP/1.1" 200 27
222.69.132.164 - - [07/Mar/2022:11:20:50 +0800] "GET /xingrg/kc/buy/cgsh_order_operate.html?command=get_materiel&rest_code=00154&code=00101008283&supplier_code=00100417&order_time=2022-03-07 HTTP/1.1" 200 408
180.169.147.146 - - [07/Mar/2022:11:20:51 +0800] "GET /xingrg/all/function/internal_message.html?_=1646623250159&CODE_STATE=getMsg HTTP/1.1" 200 27
116.224.122.7 - - [07/Mar/2022:11:20:51 +0800] "GET /xingrg/all/function/internal_message.html?_=1646623250891&CODE_STATE=getMsg HTTP/1.1" 200 27
58.39.61.91 - - [07/Mar/2022:11:20:51 +0800] "GET /xingrg/all/function/internal_message.html?_=1646623251231&CODE_STATE=getMsg HTTP/1.1" 200 27
222.70.243.96 - - [07/Mar/2022:11:20:52 +0800] "GET /xingrg/all/function/internal_message.html?_=1646623246240&CODE_STATE=getMsg HTTP/1.1" 200 27
180.157.251.97 - - [07/Mar/2022:11:20:53 +0800] "GET /xingrg/all/function/internal_message.html?_=1646623252692&CODE_STATE=getMsg HTTP/1.1" 200 27
222.69.132.164 - - [07/Mar/2022:11:20:59 +0800] "GET /xingrg/all/function/internal_message.html?_=1646623346193&CODE_STATE=getMsg HTTP/1.1" 200 27
222.70.243.96 - - [07/Mar/2022:11:20:59 +0800] "GET /xingrg/all/function/internal_message.html?_=1646623260407&CODE_STATE=getMsg HTTP/1.1" 200 27
114.88.156.203 - - [07/Mar/2022:11:21:01 +0800] "GET /favicon.ico HTTP/1.1" 404 -
124.78.159.88 - - [07/Mar/2022:11:21:01 +0800] "GET /xingrg/all/function/internal_message.html?_=1646623260327&CODE_STATE=getMsg HTTP/1.1" 200 27
116.233.79.6 - - [07/Mar/2022:11:21:12 +0800] "GET /xingrg/all/function/internal_message.html?_=1646623273063&CODE_STATE=getMsg HTTP/1.1" 200 27
222.70.243.96 - - [07/Mar/2022:11:21:13 +0800] "GET /xingrg/kc/base/base_main.html HTTP/1.1" 200 12142
222.70.243.96 - - [07/Mar/2022:11:21:13 +0800] "GET /xingrg/images/blue/button/wlsy.gif HTTP/1.1" 200 2536
222.70.243.96 - - [07/Mar/2022:11:21:13 +0800] "GET /xingrg/images/blue/button/ckpd.gif HTTP/1.1" 200 2051
222.70.243.96 - - [07/Mar/2022:11:21:13 +0800] "GET /xingrg/images/blue/button/top_left.jpg HTTP/1.1" 200 1632
222.70.243.96 - - [07/Mar/2022:11:21:13 +0800] "GET /xingrg/images/blue/bg_dotted.jpg HTTP/1.1" 200 319
222.70.243.96 - - [07/Mar/2022:11:21:13 +0800] "GET /xingrg/images/blue/button/bottom_right.jpg HTTP/1.1" 200 1436
222.70.243.96 - - [07/Mar/2022:11:21:13 +0800] "GET /xingrg/images/blue/button/bottom_left.jpg HTTP/1.1" 200 1524
222.70.243.96 - - [07/Mar/2022:11:21:13 +0800] "GET /xingrg/images/blue/button/kc.gif HTTP/1.1" 200 2160
222.70.243.96 - - [07/Mar/2022:11:21:13 +0800] "GET /xingrg/images/blue/button/ckdb.gif HTTP/1.1" 200 1950
222.70.243.96 - - [07/Mar/2022:11:21:13 +0800] "GET /xingrg/images/blue/pic_form2.gif HTTP/1.1" 200 1853
222.70.243.96 - - [07/Mar/2022:11:21:13 +0800] "GET /xingrg/images/blue/button/yddb.gif HTTP/1.1" 200 2040
222.70.243.96 - - [07/Mar/2022:11:21:13 +0800] "GET /xingrg/images/blue/button/top_right.jpg HTTP/1.1" 200 1708
222.70.243.96 - - [07/Mar/2022:11:21:13 +0800] "GET /xingrg/images/blue/button/down.jpg HTTP/1.1" 200 1560
222.70.243.96 - - [07/Mar/2022:11:21:13 +0800] "GET /xingrg/images/blue/button/left_ah.jpg HTTP/1.1" 200 1643
222.70.243.96 - - [07/Mar/2022:11:21:13 +0800] "GET /xingrg/images/blue/button/right_ah.jpg HTTP/1.1" 200 1744
120.253.135.82 - - [07/Mar/2022:11:21:14 +0800] "GET /xingrg/check_reg.html?_=1646623072614 HTTP/1.1" 200 22
120.253.135.82 - - [07/Mar/2022:11:21:14 +0800] "GET /xingrg/all/function/internal_message.html?_=1646623073024&CODE_STATE=getMsg HTTP/1.1" 200 27
222.70.243.96 - - [07/Mar/2022:11:21:16 +0800] "GET /xingrg/kc/report/report_main.html HTTP/1.1" 200 7340
222.70.243.96 - - [07/Mar/2022:11:21:17 +0800] "GET /xingrg/javascript/json2.js HTTP/1.1" 200 11259
222.70.243.96 - - [07/Mar/2022:11:21:17 +0800] "GET /xingrg/javascript/jquery_ui/themes/humanity/humanity.css HTTP/1.1" 200 27801
222.70.243.96 - - [07/Mar/2022:11:21:17 +0800] "GET /xingrg/javascript/jquery_easy_ui/themes/icons/back_new.png HTTP/1.1" 200 3414
222.70.243.96 - - [07/Mar/2022:11:21:20 +0800] "GET /xingrg/all/report/report_query.html?fileName=kc/base/kc_ck_db_cate.xml HTTP/1.1" 200 54156
222.70.243.96 - - [07/Mar/2022:11:21:20 +0800] "GET /xingrg/dwr/interface/AjaxReportQueryService.js HTTP/1.1" 200 13203
222.70.243.96 - - [07/Mar/2022:11:21:20 +0800] "GET /xingrg/dwr/engine.js HTTP/1.1" 200 43631
222.70.243.96 - - [07/Mar/2022:11:21:20 +0800] "POST /xingrg/dwr/call/plaincall/AjaxReportQueryService.getFixDate.dwr HTTP/1.1" 200 111
222.70.243.96 - - [07/Mar/2022:11:21:20 +0800] "POST /xingrg/dwr/call/plaincall/AjaxReportQueryService.getInitString.dwr HTTP/1.1" 200 1023
222.70.243.96 - - [07/Mar/2022:11:21:20 +0800] "GET /xingrg/javascript/multi_select/dropdown.gif HTTP/1.1" 200 61
222.70.243.96 - - [07/Mar/2022:11:21:20 +0800] "POST /xingrg/dwr/call/plaincall/AjaxReportQueryService.getInitString.dwr HTTP/1.1" 200 1023
222.70.243.96 - - [07/Mar/2022:11:21:21 +0800] "POST /xingrg/all/common/load_tree.html?tree=materiel_sort_tree_json HTTP/1.1" 200 9388
58.39.61.91 - - [07/Mar/2022:11:21:21 +0800] "GET /xingrg/all/function/internal_message.html?_=1646623281123&CODE_STATE=getMsg HTTP/1.1" 200 27
222.70.243.96 - - [07/Mar/2022:11:21:24 +0800] "POST /xingrg/dwr/call/plaincall/AjaxReportQueryService.getFixDate.dwr HTTP/1.1" 200 111
222.69.132.164 - - [07/Mar/2022:11:21:24 +0800] "GET /xingrg/kc/buy/cgsh_order_operate.html?command=get_materiel&rest_code=00154&code=00101008644&supplier_code=00100417&order_time=2022-03-07 HTTP/1.1" 200 406
58.39.61.91 - - [07/Mar/2022:11:21:25 +0800] "GET /xingrg/check_reg.html?_=1646623240178 HTTP/1.1" 302 -
222.70.243.96 - - [07/Mar/2022:11:21:25 +0800] "GET /xingrg/javascript/multi_select/dropdown_hover.gif HTTP/1.1" 200 61
222.64.144.101 - - [07/Mar/2022:11:21:25 +0800] "POST /xingrg/login.do HTTP/1.1" 302 -
222.64.144.101 - - [07/Mar/2022:11:21:25 +0800] "GET /xingrg/index.html?sysBaseUrl=http%3A%2F%2F180.169.147.146%3A18081%2Fxingrg%2F&costTime=1132×tamp=1646623285411 HTTP/1.1" 200 17179
222.70.243.96 - - [07/Mar/2022:11:21:25 +0800] "GET /xingrg/javascript/multi_select/dropdown_active.gif HTTP/1.1" 200 61
222.64.144.101 - - [07/Mar/2022:11:21:25 +0800] "GET /favicon.ico HTTP/1.1" 404 -
222.64.144.101 - - [07/Mar/2022:11:21:25 +0800] "GET /xingrg/check_reg.html?_=1646623287465 HTTP/1.1" 200 22
222.64.144.101 - - [07/Mar/2022:11:21:25 +0800] "POST /xingrg/all/common/load_tree.html?tree=area_rest_tree_json&manage=1 HTTP/1.1" 200 351
222.64.144.101 - - [07/Mar/2022:11:21:25 +0800] "GET /xingrg/all/function/internal_message.html?_=1646623287463&CODE_STATE=count HTTP/1.1" 200 11
222.64.144.101 - - [07/Mar/2022:11:21:25 +0800] "POST /xingrg/load_menu.html HTTP/1.1" 200 5138
116.228.172.94 - - [07/Mar/2022:11:21:26 +0800] "GET /xingrg/all/function/internal_message.html?_=1646623253756&CODE_STATE=getMsg HTTP/1.1" 200 27
180.169.147.146 - - [07/Mar/2022:11:21:27 +0800] "GET /xingrg/all/function/internal_message.html?_=1646623286414&CODE_STATE=getMsg HTTP/1.1" 200 27
58.39.61.91 - - [07/Mar/2022:11:21:27 +0800] "GET /xingrg/all/function/internal_message.html?_=1646623242809&CODE_STATE=getMsg HTTP/1.1" 302 -
180.169.147.146 - - [07/Mar/2022:11:21:28 +0800] "GET /xingrg/all/function/internal_message.html?_=1646623302021&CODE_STATE=getMsg HTTP/1.1" 302 -
58.39.168.32 - - [07/Mar/2022:11:21:28 +0800] "GET /xingrg/all/function/internal_message.html?_=1646623226552&CODE_STATE=getMsg HTTP/1.1" 302 -
58.39.168.32 - - [07/Mar/2022:11:21:28 +0800] "GET /xingrg/check_reg.html?_=1646623226570 HTTP/1.1" 302 -
172.20.0.100 - - [07/Mar/2022:11:21:30 +0800] "GET /xingrg/all/function/internal_message.html?_=1646623290095&CODE_STATE=getMsg HTTP/1.1" 200 27
222.70.223.103 - - [07/Mar/2022:11:21:37 +0800] "GET /xingrg/all/function/internal_message.html?_=1646623295966&CODE_STATE=getMsg HTTP/1.1" 302 -
124.79.79.90 - - [07/Mar/2022:11:21:42 +0800] "GET /xingrg/all/function/internal_message.html?_=1646623301668&CODE_STATE=getMsg HTTP/1.1" 302 -
222.69.132.164 - - [07/Mar/2022:11:21:44 +0800] "GET /xingrg/kc/buy/cgsh_order_operate.html?command=get_materiel&rest_code=00154&code=00101008323&supplier_code=00100417&order_time=2022-03-07 HTTP/1.1" 200 408
180.169.147.146 - - [07/Mar/2022:11:21:47 +0800] "GET /xingrg/all/function/internal_message.html?_=1646623306836&CODE_STATE=getMsg HTTP/1.1" 200 27
180.169.147.146 - - [07/Mar/2022:11:21:51 +0800] "GET /xingrg/all/function/internal_message.html?_=1646623310169&CODE_STATE=getMsg HTTP/1.1" 200 27
116.224.122.7 - - [07/Mar/2022:11:21:51 +0800] "GET /xingrg/all/function/internal_message.html?_=1646623310900&CODE_STATE=getMsg HTTP/1.1" 200 27
58.39.61.91 - - [07/Mar/2022:11:21:51 +0800] "GET /xingrg/check_reg.html?_=1646623311232 HTTP/1.1" 200 22
58.39.61.91 - - [07/Mar/2022:11:21:51 +0800] "GET /xingrg/all/function/internal_message.html?_=1646623311242&CODE_STATE=getMsg HTTP/1.1" 200 27
222.70.243.96 - - [07/Mar/2022:11:21:52 +0800] "GET /xingrg/all/function/internal_message.html?_=1646623306237&CODE_STATE=getMsg HTTP/1.1" 200 27
180.157.251.97 - - [07/Mar/2022:11:21:53 +0800] "GET /xingrg/all/function/internal_message.html?_=1646623312702&CODE_STATE=getMsg HTTP/1.1" 200 27
101.89.239.238 - - [07/Mar/2022:11:21:58 +0800] "GET /xingrg/all/function/internal_message.html?_=1646620680233&CODE_STATE=getMsg HTTP/1.1" 302 -
222.69.132.164 - - [07/Mar/2022:11:21:59 +0800] "GET /xingrg/all/function/internal_message.html?_=1646623406217&CODE_STATE=getMsg HTTP/1.1" 200 27
222.70.243.96 - - [07/Mar/2022:11:21:59 +0800] "GET /xingrg/all/function/internal_message.html?_=1646623320493&CODE_STATE=getMsg HTTP/1.1" 200 27
101.89.239.238 - - [07/Mar/2022:11:21:59 +0800] "GET /xingrg/login.html HTTP/1.1" 200 7641
222.70.243.96 - - [07/Mar/2022:11:21:59 +0800] "POST /xingrg/dwr/call/plaincall/AjaxReportQueryService.refreshCache.dwr HTTP/1.1" 200 78
222.70.243.96 - - [07/Mar/2022:11:22:00 +0800] "POST /xingrg/all/report/load_report_page.html HTTP/1.1" 200 5719
222.70.243.96 - - [07/Mar/2022:11:22:00 +0800] "GET /xingrg/servlets/image?cache=0.44265494138337513&image=px HTTP/1.1" 200 807
124.78.159.88 - - [07/Mar/2022:11:22:01 +0800] "GET /xingrg/all/function/internal_message.html?_=1646623320297&CODE_STATE=getMsg HTTP/1.1" 200 27
222.69.132.164 - - [07/Mar/2022:11:22:01 +0800] "GET /xingrg/kc/buy/cgsh_order_operate.html?command=get_materiel&rest_code=00154&code=00101008350&supplier_code=00100417&order_time=2022-03-07 HTTP/1.1" 200 408
124.79.79.90 - - [07/Mar/2022:11:22:04 +0800] "GET /xingrg/check_reg.html?_=1646623323998 HTTP/1.1" 302 -
116.233.79.6 - - [07/Mar/2022:11:22:12 +0800] "GET /xingrg/all/function/internal_message.html?_=1646623333065&CODE_STATE=getMsg HTTP/1.1" 200 27
116.233.79.6 - - [07/Mar/2022:11:22:12 +0800] "GET /xingrg/check_reg.html?_=1646623333066 HTTP/1.1" 200 22
222.64.144.101 - - [07/Mar/2022:11:22:13 +0800] "GET /xingrg/kc/buy/cgsh_order_list.html HTTP/1.1" 200 49792
120.253.135.82 - - [07/Mar/2022:11:22:14 +0800] "GET /xingrg/all/function/internal_message.html?_=1646623133038&CODE_STATE=getMsg HTTP/1.1" 200 27
222.64.144.101 - - [07/Mar/2022:11:22:15 +0800] "GET /xingrg/kc/buy/cgsh_order_list.html HTTP/1.1" 200 49792
222.64.144.101 - - [07/Mar/2022:11:22:16 +0800] "POST /xingrg/kc/buy/cgsh_list_operate.html HTTP/1.1" 200 876
222.64.144.101 - - [07/Mar/2022:11:22:17 +0800] "POST /xingrg/kc/buy/cgsh_list_operate.html HTTP/1.1" 200 876
58.39.61.91 - - [07/Mar/2022:11:22:21 +0800] "GET /xingrg/check_reg.html?_=1646623341111 HTTP/1.1" 200 22
58.39.61.91 - - [07/Mar/2022:11:22:21 +0800] "GET /xingrg/all/function/internal_message.html?_=1646623341113&CODE_STATE=getMsg HTTP/1.1" 200 27
222.69.132.164 - - [07/Mar/2022:11:22:25 +0800] "GET /xingrg/kc/buy/cgsh_order_operate.html?command=get_materiel&rest_code=00154&code=00101008361&supplier_code=00100417&order_time=2022-03-07 HTTP/1.1" 200 408
222.64.144.101 - - [07/Mar/2022:11:22:25 +0800] "GET /xingrg/all/function/internal_message.html?_=1646623347469&CODE_STATE=getMsg HTTP/1.1" 200 27
116.228.172.94 - - [07/Mar/2022:11:22:26 +0800] "GET /xingrg/all/function/internal_message.html?_=1646623313734&CODE_STATE=getMsg HTTP/1.1" 200 27
180.169.147.146 - - [07/Mar/2022:11:22:27 +0800] "GET /xingrg/check_reg.html?_=1646623346417 HTTP/1.1" 200 22
180.169.147.146 - - [07/Mar/2022:11:22:27 +0800] "GET /xingrg/all/function/internal_message.html?_=1646623346424&CODE_STATE=getMsg HTTP/1.1" 200 27
58.39.61.91 - - [07/Mar/2022:11:22:27 +0800] "GET /xingrg/all/function/internal_message.html?_=1646623302857&CODE_STATE=getMsg HTTP/1.1" 302 -
180.169.147.146 - - [07/Mar/2022:11:22:28 +0800] "GET /xingrg/all/function/internal_message.html?_=1646623362022&CODE_STATE=getMsg HTTP/1.1" 302 -
58.39.168.32 - - [07/Mar/2022:11:22:28 +0800] "GET /xingrg/all/function/internal_message.html?_=1646623286581&CODE_STATE=getMsg HTTP/1.1" 302 -
172.20.0.100 - - [07/Mar/2022:11:22:30 +0800] "GET /xingrg/all/function/internal_message.html?_=1646623350095&CODE_STATE=getMsg HTTP/1.1" 200 27
222.70.223.103 - - [07/Mar/2022:11:22:37 +0800] "GET /xingrg/all/function/internal_message.html?_=1646623355968&CODE_STATE=getMsg HTTP/1.1" 302 -
180.169.147.146 - - [07/Mar/2022:11:22:38 +0800] "GET /xingrg/check_reg.html?_=1646623359534 HTTP/1.1" 302 -
222.70.243.96 - - [07/Mar/2022:11:22:38 +0800] "POST /xingrg/dwr/call/plaincall/AjaxReportQueryService.refreshCache.dwr HTTP/1.1" 200 78
222.70.243.96 - - [07/Mar/2022:11:22:40 +0800] "POST /xingrg/all/report/load_report_page.html HTTP/1.1" 200 89
124.79.79.90 - - [07/Mar/2022:11:22:42 +0800] "GET /xingrg/all/function/internal_message.html?_=1646623361642&CODE_STATE=getMsg HTTP/1.1" 302 -
180.169.147.146 - - [07/Mar/2022:11:22:47 +0800] "GET /xingrg/check_reg.html?_=1646623366833 HTTP/1.1" 200 22
180.169.147.146 - - [07/Mar/2022:11:22:47 +0800] "GET /xingrg/all/function/internal_message.html?_=1646623366839&CODE_STATE=getMsg HTTP/1.1" 200 27
180.169.147.146 - - [07/Mar/2022:11:22:51 +0800] "GET /xingrg/check_reg.html?_=1646623370172 HTTP/1.1" 200 22
180.169.147.146 - - [07/Mar/2022:11:22:51 +0800] "GET /xingrg/all/function/internal_message.html?_=1646623370175&CODE_STATE=getMsg HTTP/1.1" 200 27
116.224.122.7 - - [07/Mar/2022:11:22:51 +0800] "GET /xingrg/all/function/internal_message.html?_=1646623370906&CODE_STATE=getMsg HTTP/1.1" 200 27
58.39.61.91 - - [07/Mar/2022:11:22:51 +0800] "GET /xingrg/all/function/internal_message.html?_=1646623371242&CODE_STATE=getMsg HTTP/1.1" 200 27
222.70.243.96 - - [07/Mar/2022:11:22:52 +0800] "GET /xingrg/all/function/internal_message.html?_=1646623366242&CODE_STATE=getMsg HTTP/1.1" 200 27
180.157.251.97 - - [07/Mar/2022:11:22:53 +0800] "GET /xingrg/all/function/internal_message.html?_=1646623372686&CODE_STATE=getMsg HTTP/1.1" 200 27
180.157.251.97 - - [07/Mar/2022:11:22:54 +0800] "GET /xingrg/check_reg.html?_=1646623373296 HTTP/1.1" 200 22
120.253.135.82 - - [07/Mar/2022:11:22:54 +0800] "GET /xingrg/kc/buy/cgth_order_list.html HTTP/1.1" 200 49182
120.253.135.82 - - [07/Mar/2022:11:22:55 +0800] "POST /xingrg/kc/buy/cgth_list_operate.html HTTP/1.1" 200 1035
222.64.144.101 - - [07/Mar/2022:11:22:56 +0800] "GET /xingrg/kc/report/report_main.html HTTP/1.1" 200 7340
222.64.144.101 - - [07/Mar/2022:11:22:57 +0800] "GET /xingrg/all/report/report_query.html?fileName=kc/buy/gys_amount.xml&rh=99999 HTTP/1.1" 200 52006
222.64.144.101 - - [07/Mar/2022:11:22:57 +0800] "GET /xingrg/dwr/interface/AjaxReportQueryService.js HTTP/1.1" 200 13203
222.64.144.101 - - [07/Mar/2022:11:22:57 +0800] "GET /xingrg/dwr/engine.js HTTP/1.1" 200 43631
222.64.144.101 - - [07/Mar/2022:11:22:57 +0800] "GET /xingrg/dwr/util.js HTTP/1.1" 200 35990
222.64.144.101 - - [07/Mar/2022:11:22:57 +0800] "POST /xingrg/dwr/call/plaincall/AjaxReportQueryService.getFixDate.dwr HTTP/1.1" 200 111
222.64.144.101 - - [07/Mar/2022:11:22:58 +0800] "POST /xingrg/dwr/call/plaincall/AjaxReportQueryService.getInitString.dwr HTTP/1.1" 200 411
222.64.144.101 - - [07/Mar/2022:11:22:58 +0800] "POST /xingrg/all/common/load_tree.html?tree=supplier_tree_json&manage=1 HTTP/1.1" 200 63464
222.64.144.101 - - [07/Mar/2022:11:22:58 +0800] "POST /xingrg/all/common/load_tree.html?tree=materiel_sort_tree_json HTTP/1.1" 200 9388
222.69.132.164 - - [07/Mar/2022:11:22:59 +0800] "GET /xingrg/all/function/internal_message.html?_=1646623466193&CODE_STATE=getMsg HTTP/1.1" 200 27
120.253.135.82 - - [07/Mar/2022:11:22:59 +0800] "GET /xingrg/kc/buy/cgth_order_add.html HTTP/1.1" 200 66826
120.253.135.82 - - [07/Mar/2022:11:22:59 +0800] "GET /xingrg/dwr/interface/AjaxCgthService.js HTTP/1.1" 200 14519
120.253.135.82 - - [07/Mar/2022:11:22:59 +0800] "GET /xingrg/javascript/Grid.js HTTP/1.1" 304 -
120.253.135.82 - - [07/Mar/2022:11:22:59 +0800] "GET /xingrg/javascript/tools/jquery.qtip-1.0.0-rc3.min.js HTTP/1.1" 304 -
120.253.135.82 - - [07/Mar/2022:11:22:59 +0800] "GET /xingrg/dwr/engine.js HTTP/1.1" 200 43631
120.253.135.82 - - [07/Mar/2022:11:22:59 +0800] "GET /xingrg/javascript/AjaxInfoList.js HTTP/1.1" 304 -
120.253.135.82 - - [07/Mar/2022:11:22:59 +0800] "GET /xingrg/dwr/interface/AjaxComOrderService.js HTTP/1.1" 200 18264
120.253.135.82 - - [07/Mar/2022:11:22:59 +0800] "GET /xingrg/javascript/ToolTips.js HTTP/1.1" 304 -
120.253.135.82 - - [07/Mar/2022:11:22:59 +0800] "GET /xingrg/javascript/jquery_easy_ui/themes/icons/cance_new.png HTTP/1.1" 200 3986
120.253.135.82 - - [07/Mar/2022:11:22:59 +0800] "GET /xingrg/javascript/jquery_easy_ui/themes/icons/ok.png HTTP/1.1" 200 883
120.253.135.82 - - [07/Mar/2022:11:22:59 +0800] "GET /xingrg/javascript/jquery_easy_ui/themes/icons/edit_add_new.png HTTP/1.1" 200 2997
120.253.135.82 - - [07/Mar/2022:11:22:59 +0800] "GET /xingrg/javascript/jquery_easy_ui/themes/icons/print.png HTTP/1.1" 304 -
120.253.135.82 - - [07/Mar/2022:11:22:59 +0800] "GET /xingrg/javascript/jquery_easy_ui/themes/default/images/menu_downarrow.png HTTP/1.1" 304 -
120.253.135.82 - - [07/Mar/2022:11:22:59 +0800] "GET /xingrg/javascript/jquery_easy_ui/themes/default/images/combo_arrow_dot.gif HTTP/1.1" 304 -
120.253.135.82 - - [07/Mar/2022:11:22:59 +0800] "GET /xingrg/javascript/jquery_easy_ui/themes/default/images/validatebox_pointer.gif HTTP/1.1" 200 82
120.253.135.82 - - [07/Mar/2022:11:22:59 +0800] "GET /xingrg/javascript/jquery_easy_ui/themes/default/images/validatebox_warning.png HTTP/1.1" 200 921
120.253.135.82 - - [07/Mar/2022:11:22:59 +0800] "GET /xingrg/javascript/jquery_easy_ui/themes/default/images/calendar_prevmonth.gif HTTP/1.1" 304 -
120.253.135.82 - - [07/Mar/2022:11:22:59 +0800] "GET /xingrg/javascript/jquery_easy_ui/themes/default/images/calendar_nextmonth.gif HTTP/1.1" 304 -
120.253.135.82 - - [07/Mar/2022:11:22:59 +0800] "GET /xingrg/javascript/jquery_easy_ui/themes/default/images/calendar_nextyear.gif HTTP/1.1" 304 -
120.253.135.82 - - [07/Mar/2022:11:22:59 +0800] "GET /xingrg/javascript/jquery_easy_ui/themes/default/images/calendar_prevyear.gif HTTP/1.1" 304 -
222.70.243.96 - - [07/Mar/2022:11:22:59 +0800] "GET /xingrg/all/function/internal_message.html?_=1646623380496&CODE_STATE=getMsg HTTP/1.1" 200 27
120.253.135.82 - - [07/Mar/2022:11:22:59 +0800] "GET /xingrg/images/blue/button/kc_tab_save.gif HTTP/1.1" 304 -
120.253.135.82 - - [07/Mar/2022:11:22:59 +0800] "GET /xingrg/images/blue/button/kc_tab_add.gif HTTP/1.1" 200 375
120.253.135.82 - - [07/Mar/2022:11:22:59 +0800] "GET /xingrg/images/blue/button/kc_tab_edit.gif HTTP/1.1" 304 -
120.253.135.82 - - [07/Mar/2022:11:22:59 +0800] "GET /xingrg/images/blue/button/kc_tab_del.gif HTTP/1.1" 200 383
120.253.135.82 - - [07/Mar/2022:11:22:59 +0800] "GET /xingrg/images/blue/kc_tab_left.gif HTTP/1.1" 304 -
120.253.135.82 - - [07/Mar/2022:11:22:59 +0800] "GET /xingrg/images/blue/kc_tab_mid.gif HTTP/1.1" 304 -
120.253.135.82 - - [07/Mar/2022:11:22:59 +0800] "GET /xingrg/images/blue/kc_tab_right.gif HTTP/1.1" 304 -
120.253.135.82 - - [07/Mar/2022:11:22:59 +0800] "GET /xingrg/images/blue/kc_tab2_left.gif HTTP/1.1" 304 -
120.253.135.82 - - [07/Mar/2022:11:22:59 +0800] "GET /xingrg/images/blue/kc_tab2_right.gif HTTP/1.1" 304 -
120.253.135.82 - - [07/Mar/2022:11:23:00 +0800] "POST /xingrg/all/common/load_tree.html?tree=supplier_tree_json&isDelete=1 HTTP/1.1" 200 62257
58.221.95.50 - - [07/Mar/2022:11:23:01 +0800] "GET /xingrg/check_reg.html?_=1646623381077 HTTP/1.1" 302 -
124.78.159.88 - - [07/Mar/2022:11:23:01 +0800] "GET /xingrg/all/function/internal_message.html?_=1646623380283&CODE_STATE=getMsg HTTP/1.1" 200 27
222.64.144.101 - - [07/Mar/2022:11:23:02 +0800] "POST /xingrg/dwr/call/plaincall/AjaxReportQueryService.getFixDate.dwr HTTP/1.1" 200 111
222.70.243.96 - - [07/Mar/2022:11:23:04 +0800] "POST /xingrg/dwr/call/plaincall/AjaxReportQueryService.refreshCache.dwr HTTP/1.1" 200 78
222.70.243.96 - - [07/Mar/2022:11:23:05 +0800] "POST /xingrg/all/report/load_report_page.html HTTP/1.1" 200 89
116.228.172.94 - - [07/Mar/2022:11:23:12 +0800] "GET /xingrg/check_reg.html?_=1646623359003 HTTP/1.1" 200 22
116.233.79.6 - - [07/Mar/2022:11:23:12 +0800] "GET /xingrg/all/function/internal_message.html?_=1646623393067&CODE_STATE=getMsg HTTP/1.1" 200 27
120.253.135.82 - - [07/Mar/2022:11:23:14 +0800] "GET /xingrg/all/function/internal_message.html?_=1646623193051&CODE_STATE=getMsg HTTP/1.1" 200 27
120.253.135.82 - - [07/Mar/2022:11:23:14 +0800] "GET /xingrg/images/blue/wait.gif HTTP/1.1" 304 -
222.64.144.101 - - [07/Mar/2022:11:23:15 +0800] "POST /xingrg/dwr/call/plaincall/AjaxReportQueryService.refreshCache.dwr HTTP/1.1" 200 78
222.64.144.101 - - [07/Mar/2022:11:23:16 +0800] "POST /xingrg/all/report/load_report_page.html HTTP/1.1" 200 8928
