120.253.135.82 - - [07/Mar/2022:06:20:33 +0800] "POST /xingrg/kc/pszx/jzcl_ps_operate.html HTTP/1.1" 200 6712
120.253.135.82 - - [07/Mar/2022:06:20:35 +0800] "GET /xingrg/javascript/jquery_easy_ui/themes/icons/rest.png HTTP/1.1" 304 -
222.70.243.96 - - [07/Mar/2022:06:20:38 +0800] "GET /xingrg/all/function/internal_message.html?_=1646605233283&CODE_STATE=getMsg HTTP/1.1" 200 27
124.78.159.88 - - [07/Mar/2022:06:20:41 +0800] "GET /xingrg/check_reg.html?_=1646605239727 HTTP/1.1" 200 22
114.88.156.203 - - [07/Mar/2022:06:20:46 +0800] "GET /xingrg/all/function/internal_message.html?_=1646605038173&CODE_STATE=getMsg HTTP/1.1" 200 27
124.79.79.90 - - [07/Mar/2022:06:20:49 +0800] "GET /xingrg/all/function/internal_message.html?_=1646605248903&CODE_STATE=getMsg HTTP/1.1" 200 27
120.253.135.82 - - [07/Mar/2022:06:20:56 +0800] "POST /xingrg/kc/pszx/jzcl_ps_operate.html HTTP/1.1" 200 4
120.253.135.82 - - [07/Mar/2022:06:20:56 +0800] "GET /xingrg/javascript/step/images/navBtn.gif HTTP/1.1" 200 361
120.253.135.82 - - [07/Mar/2022:06:20:56 +0800] "GET /xingrg/javascript/step/images/navDoneBtn.gif HTTP/1.1" 304 -
120.253.135.82 - - [07/Mar/2022:06:20:56 +0800] "GET /xingrg/javascript/step/images/navLastDoneBtn.gif HTTP/1.1" 304 -
120.253.135.82 - - [07/Mar/2022:06:20:58 +0800] "GET /xingrg/kc/pszx/mdps_order_list.html HTTP/1.1" 200 20884
120.253.135.82 - - [07/Mar/2022:06:20:58 +0800] "POST /xingrg/kc/pszx/jzcl_ps_operate.html HTTP/1.1" 200 4608
120.253.135.82 - - [07/Mar/2022:06:20:58 +0800] "POST /xingrg/kc/pszx/mdps_list_operate.html HTTP/1.1" 200 5358
222.70.243.96 - - [07/Mar/2022:06:21:04 +0800] "GET /xingrg/all/function/internal_message.html?_=1646605264694&CODE_STATE=getMsg HTTP/1.1" 200 27
120.253.135.82 - - [07/Mar/2022:06:21:09 +0800] "GET /xingrg/kc/pszx/mdqp_order_list.html?state=10 HTTP/1.1" 200 14693
120.253.135.82 - - [07/Mar/2022:06:21:09 +0800] "GET /xingrg/dwr/interface/AjaxReportQueryService.js HTTP/1.1" 200 13203
120.253.135.82 - - [07/Mar/2022:06:21:09 +0800] "GET /xingrg/dwr/interface/AjaxQqpsService.js HTTP/1.1" 200 16326
120.253.135.82 - - [07/Mar/2022:06:21:09 +0800] "GET /xingrg/dwr/engine.js HTTP/1.1" 200 43631
120.253.135.82 - - [07/Mar/2022:06:21:13 +0800] "GET /xingrg/kc/pszx/mdps_order_list.html?orderType=0 HTTP/1.1" 200 20884
120.253.135.82 - - [07/Mar/2022:06:21:13 +0800] "POST /xingrg/kc/pszx/mdps_list_operate.html HTTP/1.1" 200 5358
58.39.61.91 - - [07/Mar/2022:06:21:20 +0800] "GET /xingrg/all/function/internal_message.html?_=1646605280329&CODE_STATE=getMsg HTTP/1.1" 200 27
124.78.159.88 - - [07/Mar/2022:06:21:25 +0800] "GET /xingrg/all/function/internal_message.html?_=1646605284523&CODE_STATE=getMsg HTTP/1.1" 200 27
120.253.135.82 - - [07/Mar/2022:06:21:28 +0800] "GET /xingrg/all/function/internal_message.html?_=1646605086951&CODE_STATE=getMsg HTTP/1.1" 200 27
120.253.135.82 - - [07/Mar/2022:06:21:28 +0800] "POST /xingrg/kc/pszx/mdps_list_operate.html HTTP/1.1" 200 3552
120.253.135.82 - - [07/Mar/2022:06:21:31 +0800] "POST /xingrg/kc/pszx/mdps_list_operate.html HTTP/1.1" 200 273
120.253.135.82 - - [07/Mar/2022:06:21:34 +0800] "POST /xingrg/kc/pszx/mdps_list_operate.html HTTP/1.1" 200 389
120.253.135.82 - - [07/Mar/2022:06:21:36 +0800] "GET /xingrg/kc/pszx/mdps_order_info.html?code=312022030700138 HTTP/1.1" 200 23931
120.253.135.82 - - [07/Mar/2022:06:21:37 +0800] "GET /xingrg/javascript/easyui/themes/default/validatebox.css HTTP/1.1" 404 1104
120.253.135.82 - - [07/Mar/2022:06:21:37 +0800] "POST /xingrg/kc/pszx/mdps_order_operate.html HTTP/1.1" 200 3298
222.70.243.96 - - [07/Mar/2022:06:21:38 +0800] "GET /xingrg/all/function/internal_message.html?_=1646605293284&CODE_STATE=getMsg HTTP/1.1" 200 27
120.253.135.82 - - [07/Mar/2022:06:21:41 +0800] "POST /xingrg/kc/pszx/mdps_order_operate.html HTTP/1.1" 200 37
120.253.135.82 - - [07/Mar/2022:06:21:42 +0800] "GET /xingrg/kc/pszx/mdps_order_info.html?code=312022030700138 HTTP/1.1" 200 23931
120.253.135.82 - - [07/Mar/2022:06:21:43 +0800] "GET /xingrg/javascript/easyui/themes/default/validatebox.css HTTP/1.1" 404 1104
120.253.135.82 - - [07/Mar/2022:06:21:43 +0800] "POST /xingrg/kc/pszx/mdps_order_operate.html HTTP/1.1" 200 3319
120.253.135.82 - - [07/Mar/2022:06:21:44 +0800] "POST /xingrg/all/common/load_combo.html?type=base HTTP/1.1" 200 1075
114.88.156.203 - - [07/Mar/2022:06:21:46 +0800] "GET /xingrg/all/function/internal_message.html?_=1646605098144&CODE_STATE=getMsg HTTP/1.1" 200 27
120.253.135.82 - - [07/Mar/2022:06:21:49 +0800] "POST /xingrg/kc/pszx/mdps_order_operate.html HTTP/1.1" 200 37
124.79.79.90 - - [07/Mar/2022:06:21:49 +0800] "GET /xingrg/all/function/internal_message.html?_=1646605308875&CODE_STATE=getMsg HTTP/1.1" 200 27
120.253.135.82 - - [07/Mar/2022:06:21:50 +0800] "GET /xingrg/kc/pszx/mdps_order_info.html?code=312022030700138 HTTP/1.1" 200 23931
120.253.135.82 - - [07/Mar/2022:06:21:50 +0800] "GET /xingrg/javascript/easyui/themes/default/validatebox.css HTTP/1.1" 404 1104
120.253.135.82 - - [07/Mar/2022:06:21:50 +0800] "POST /xingrg/kc/pszx/mdps_order_operate.html HTTP/1.1" 200 3323
124.79.79.90 - - [07/Mar/2022:06:22:04 +0800] "GET /xingrg/check_reg.html?_=1646605324003 HTTP/1.1" 200 22
222.70.243.96 - - [07/Mar/2022:06:22:04 +0800] "GET /xingrg/all/function/internal_message.html?_=1646605324775&CODE_STATE=getMsg HTTP/1.1" 200 27
120.253.135.82 - - [07/Mar/2022:06:22:19 +0800] "GET /xingrg/kc/pszx/mdps_order_operate.html?command=get_materiel&pszx_code=00101&rest_code=00149&base_code=0010250&code=00102002114 HTTP/1.1" 200 461
58.39.61.91 - - [07/Mar/2022:06:22:20 +0800] "GET /xingrg/check_reg.html?_=1646605340331 HTTP/1.1" 200 22
58.39.61.91 - - [07/Mar/2022:06:22:20 +0800] "GET /xingrg/all/function/internal_message.html?_=1646605340343&CODE_STATE=getMsg HTTP/1.1" 200 27
124.78.159.88 - - [07/Mar/2022:06:22:25 +0800] "GET /xingrg/all/function/internal_message.html?_=1646605344505&CODE_STATE=getMsg HTTP/1.1" 200 27
120.253.135.82 - - [07/Mar/2022:06:22:26 +0800] "POST /xingrg/kc/pszx/mdps_order_operate.html HTTP/1.1" 200 37
120.253.135.82 - - [07/Mar/2022:06:22:27 +0800] "GET /xingrg/kc/pszx/mdps_order_info.html?code=312022030700138 HTTP/1.1" 200 23931
120.253.135.82 - - [07/Mar/2022:06:22:28 +0800] "GET /xingrg/javascript/easyui/themes/default/validatebox.css HTTP/1.1" 404 1104
120.253.135.82 - - [07/Mar/2022:06:22:28 +0800] "POST /xingrg/kc/pszx/mdps_order_operate.html HTTP/1.1" 200 3325
120.253.135.82 - - [07/Mar/2022:06:22:28 +0800] "GET /xingrg/all/function/internal_message.html?_=1646605147150&CODE_STATE=getMsg HTTP/1.1" 200 27
120.253.135.82 - - [07/Mar/2022:06:22:33 +0800] "POST /xingrg/kc/pszx/mdps_list_operate.html HTTP/1.1" 200 290
120.253.135.82 - - [07/Mar/2022:06:22:34 +0800] "GET /xingrg/kc/pszx/mdps_order_info.html?code=312022030700139 HTTP/1.1" 200 23931
120.253.135.82 - - [07/Mar/2022:06:22:34 +0800] "GET /xingrg/javascript/easyui/themes/default/validatebox.css HTTP/1.1" 404 1104
120.253.135.82 - - [07/Mar/2022:06:22:34 +0800] "POST /xingrg/kc/pszx/mdps_order_operate.html HTTP/1.1" 200 2785
120.253.135.82 - - [07/Mar/2022:06:22:37 +0800] "POST /xingrg/kc/pszx/mdps_order_operate.html HTTP/1.1" 200 37
120.253.135.82 - - [07/Mar/2022:06:22:38 +0800] "GET /xingrg/kc/pszx/mdps_order_info.html?code=312022030700139 HTTP/1.1" 200 23931
222.70.243.96 - - [07/Mar/2022:06:22:38 +0800] "GET /xingrg/all/function/internal_message.html?_=1646605353286&CODE_STATE=getMsg HTTP/1.1" 200 27
120.253.135.82 - - [07/Mar/2022:06:22:38 +0800] "GET /xingrg/javascript/easyui/themes/default/validatebox.css HTTP/1.1" 404 1104
120.253.135.82 - - [07/Mar/2022:06:22:38 +0800] "POST /xingrg/kc/pszx/mdps_order_operate.html HTTP/1.1" 200 2800
180.169.147.146 - - [07/Mar/2022:06:22:39 +0800] "GET /xingrg/check_reg.html?_=1646605360832 HTTP/1.1" 200 22
120.253.135.82 - - [07/Mar/2022:06:22:45 +0800] "POST /xingrg/kc/pszx/mdps_list_operate.html HTTP/1.1" 200 3553
114.88.156.203 - - [07/Mar/2022:06:22:46 +0800] "GET /xingrg/all/function/internal_message.html?_=1646605158123&CODE_STATE=getMsg HTTP/1.1" 200 27
120.253.135.82 - - [07/Mar/2022:06:22:48 +0800] "POST /xingrg/kc/pszx/mdps_list_operate.html HTTP/1.1" 200 290
124.79.79.90 - - [07/Mar/2022:06:22:49 +0800] "GET /xingrg/all/function/internal_message.html?_=1646605368849&CODE_STATE=getMsg HTTP/1.1" 200 27
120.253.135.82 - - [07/Mar/2022:06:22:50 +0800] "POST /xingrg/kc/pszx/mdps_list_operate.html HTTP/1.1" 200 635
120.253.135.82 - - [07/Mar/2022:06:22:51 +0800] "GET /xingrg/kc/pszx/mdps_order_info.html?code=312022030700140 HTTP/1.1" 200 23931
120.253.135.82 - - [07/Mar/2022:06:22:51 +0800] "GET /xingrg/javascript/easyui/themes/default/validatebox.css HTTP/1.1" 404 1104
120.253.135.82 - - [07/Mar/2022:06:22:51 +0800] "POST /xingrg/kc/pszx/mdps_order_operate.html HTTP/1.1" 200 27883
120.253.135.82 - - [07/Mar/2022:06:22:54 +0800] "POST /xingrg/kc/pszx/mdps_order_operate.html HTTP/1.1" 200 37
120.253.135.82 - - [07/Mar/2022:06:22:55 +0800] "GET /xingrg/kc/pszx/mdps_order_info.html?code=312022030700140 HTTP/1.1" 200 23931
120.253.135.82 - - [07/Mar/2022:06:22:56 +0800] "GET /xingrg/javascript/easyui/themes/default/validatebox.css HTTP/1.1" 404 1104
120.253.135.82 - - [07/Mar/2022:06:22:56 +0800] "POST /xingrg/kc/pszx/mdps_order_operate.html HTTP/1.1" 200 28297
222.70.243.96 - - [07/Mar/2022:06:23:04 +0800] "GET /xingrg/all/function/internal_message.html?_=1646605384783&CODE_STATE=getMsg HTTP/1.1" 200 27
120.253.135.82 - - [07/Mar/2022:06:23:20 +0800] "POST /xingrg/all/common/load_select.html HTTP/1.1" 200 25
58.39.61.91 - - [07/Mar/2022:06:23:20 +0800] "GET /xingrg/all/function/internal_message.html?_=1646605400343&CODE_STATE=getMsg HTTP/1.1" 200 27
120.253.135.82 - - [07/Mar/2022:06:23:22 +0800] "GET /xingrg/kc/pszx/mdps_order_operate.html?command=get_materiel_price&pszx_code=00101&rest_code=00149&base_code=0010246&code=00101027001&unit_code=00100157&order_time=2022-03-08 HTTP/1.1" 200 35
124.78.159.88 - - [07/Mar/2022:06:23:25 +0800] "GET /xingrg/all/function/internal_message.html?_=1646605404485&CODE_STATE=getMsg HTTP/1.1" 200 27
101.89.19.197 - - [07/Mar/2022:06:23:25 +0800] "GET /xingrg/all/function/internal_message.html?_=1646605344505&CODE_STATE=getMsg HTTP/1.1" 302 -
101.89.19.197 - - [07/Mar/2022:06:23:26 +0800] "GET /xingrg/login.html HTTP/1.1" 200 7641
120.253.135.82 - - [07/Mar/2022:06:23:28 +0800] "GET /xingrg/check_reg.html?_=1646605206853 HTTP/1.1" 200 22
120.253.135.82 - - [07/Mar/2022:06:23:28 +0800] "GET /xingrg/all/function/internal_message.html?_=1646605207165&CODE_STATE=getMsg HTTP/1.1" 200 27
222.70.243.96 - - [07/Mar/2022:06:23:38 +0800] "GET /xingrg/check_reg.html?_=1646605413288 HTTP/1.1" 200 22
222.70.243.96 - - [07/Mar/2022:06:23:38 +0800] "GET /xingrg/all/function/internal_message.html?_=1646605413289&CODE_STATE=getMsg HTTP/1.1" 200 27
114.88.156.203 - - [07/Mar/2022:06:23:46 +0800] "GET /xingrg/all/function/internal_message.html?_=1646605218100&CODE_STATE=getMsg HTTP/1.1" 200 27
124.79.79.90 - - [07/Mar/2022:06:23:49 +0800] "GET /xingrg/all/function/internal_message.html?_=1646605428819&CODE_STATE=getMsg HTTP/1.1" 200 27
120.253.135.82 - - [07/Mar/2022:06:23:49 +0800] "POST /xingrg/kc/pszx/mdps_order_operate.html HTTP/1.1" 200 37
120.253.135.82 - - [07/Mar/2022:06:23:51 +0800] "GET /xingrg/kc/pszx/mdps_order_info.html?code=312022030700140 HTTP/1.1" 200 23931
120.253.135.82 - - [07/Mar/2022:06:23:51 +0800] "GET /xingrg/javascript/easyui/themes/default/validatebox.css HTTP/1.1" 404 1104
120.253.135.82 - - [07/Mar/2022:06:23:51 +0800] "POST /xingrg/kc/pszx/mdps_order_operate.html HTTP/1.1" 200 28296
222.70.243.96 - - [07/Mar/2022:06:24:04 +0800] "GET /xingrg/all/function/internal_message.html?_=1646605444869&CODE_STATE=getMsg HTTP/1.1" 200 27
114.88.156.203 - - [07/Mar/2022:06:24:05 +0800] "GET /xingrg/check_reg.html?_=1646605237788 HTTP/1.1" 200 22
58.39.61.91 - - [07/Mar/2022:06:24:20 +0800] "GET /xingrg/all/function/internal_message.html?_=1646605460346&CODE_STATE=getMsg HTTP/1.1" 200 27
124.78.159.88 - - [07/Mar/2022:06:24:25 +0800] "GET /xingrg/all/function/internal_message.html?_=1646605464467&CODE_STATE=getMsg HTTP/1.1" 200 27
120.253.135.82 - - [07/Mar/2022:06:24:28 +0800] "GET /xingrg/all/function/internal_message.html?_=1646605267179&CODE_STATE=getMsg HTTP/1.1" 200 27
222.70.243.96 - - [07/Mar/2022:06:24:38 +0800] "GET /xingrg/all/function/internal_message.html?_=1646605473291&CODE_STATE=getMsg HTTP/1.1" 200 27
222.70.243.96 - - [07/Mar/2022:06:24:44 +0800] "GET /xingrg/check_reg.html?_=1646605484873 HTTP/1.1" 200 22
114.88.156.203 - - [07/Mar/2022:06:24:46 +0800] "GET /xingrg/all/function/internal_message.html?_=1646605278074&CODE_STATE=getMsg HTTP/1.1" 200 27
124.79.79.90 - - [07/Mar/2022:06:24:49 +0800] "GET /xingrg/all/function/internal_message.html?_=1646605488789&CODE_STATE=getMsg HTTP/1.1" 200 27
222.70.243.96 - - [07/Mar/2022:06:25:04 +0800] "GET /xingrg/all/function/internal_message.html?_=1646605504873&CODE_STATE=getMsg HTTP/1.1" 200 27
58.39.61.91 - - [07/Mar/2022:06:25:20 +0800] "GET /xingrg/all/function/internal_message.html?_=1646605520350&CODE_STATE=getMsg HTTP/1.1" 200 27
124.78.159.88 - - [07/Mar/2022:06:25:25 +0800] "GET /xingrg/all/function/internal_message.html?_=1646605524435&CODE_STATE=getMsg HTTP/1.1" 200 27
120.253.135.82 - - [07/Mar/2022:06:25:28 +0800] "GET /xingrg/all/function/internal_message.html?_=1646605327193&CODE_STATE=getMsg HTTP/1.1" 200 27
222.70.243.96 - - [07/Mar/2022:06:25:38 +0800] "GET /xingrg/all/function/internal_message.html?_=1646605533276&CODE_STATE=getMsg HTTP/1.1" 200 27
116.232.52.62 - - [07/Mar/2022:06:25:40 +0800] "POST /xingrg/services/DataTransmitService HTTP/1.1" 200 524
124.78.159.88 - - [07/Mar/2022:06:25:41 +0800] "GET /xingrg/check_reg.html?_=1646605539704 HTTP/1.1" 200 22
114.88.156.203 - - [07/Mar/2022:06:25:46 +0800] "GET /xingrg/all/function/internal_message.html?_=1646605338054&CODE_STATE=getMsg HTTP/1.1" 200 27
124.79.79.90 - - [07/Mar/2022:06:25:49 +0800] "GET /xingrg/all/function/internal_message.html?_=1646605548774&CODE_STATE=getMsg HTTP/1.1" 200 27
116.224.122.7 - - [07/Mar/2022:06:26:01 +0800] "POST /xingrg/services/DataTransmitService HTTP/1.1" 200 524
222.70.243.96 - - [07/Mar/2022:06:26:04 +0800] "GET /xingrg/all/function/internal_message.html?_=1646605564886&CODE_STATE=getMsg HTTP/1.1" 200 27
120.253.135.82 - - [07/Mar/2022:06:26:16 +0800] "POST /xingrg/all/common/load_select.html HTTP/1.1" 200 25
120.253.135.82 - - [07/Mar/2022:06:26:18 +0800] "GET /xingrg/kc/pszx/mdps_order_operate.html?command=get_materiel_price&pszx_code=00101&rest_code=00149&base_code=0010246&code=00101019133&unit_code=00100189&order_time=2022-03-08 HTTP/1.1" 200 35
58.39.61.91 - - [07/Mar/2022:06:26:20 +0800] "GET /xingrg/all/function/internal_message.html?_=1646605580335&CODE_STATE=getMsg HTTP/1.1" 200 27
124.78.159.88 - - [07/Mar/2022:06:26:25 +0800] "GET /xingrg/all/function/internal_message.html?_=1646605584404&CODE_STATE=getMsg HTTP/1.1" 200 27
120.253.135.82 - - [07/Mar/2022:06:26:27 +0800] "POST /xingrg/kc/pszx/mdps_order_operate.html HTTP/1.1" 200 37
120.253.135.82 - - [07/Mar/2022:06:26:28 +0800] "GET /xingrg/all/function/internal_message.html?_=1646605387227&CODE_STATE=getMsg HTTP/1.1" 200 27
120.253.135.82 - - [07/Mar/2022:06:26:28 +0800] "GET /xingrg/kc/pszx/mdps_order_info.html?code=312022030700140 HTTP/1.1" 200 23931
120.253.135.82 - - [07/Mar/2022:06:26:29 +0800] "GET /xingrg/javascript/easyui/themes/default/validatebox.css HTTP/1.1" 404 1104
120.253.135.82 - - [07/Mar/2022:06:26:29 +0800] "POST /xingrg/kc/pszx/mdps_order_operate.html HTTP/1.1" 200 28294
222.70.243.96 - - [07/Mar/2022:06:26:38 +0800] "GET /xingrg/all/function/internal_message.html?_=1646605593278&CODE_STATE=getMsg HTTP/1.1" 200 27
114.88.156.203 - - [07/Mar/2022:06:26:45 +0800] "GET /xingrg/all/function/internal_message.html?_=1646605398021&CODE_STATE=getMsg HTTP/1.1" 200 27
124.79.79.90 - - [07/Mar/2022:06:26:49 +0800] "GET /xingrg/all/function/internal_message.html?_=1646605608749&CODE_STATE=getMsg HTTP/1.1" 200 27
120.253.135.82 - - [07/Mar/2022:06:26:52 +0800] "POST /xingrg/all/common/load_select.html HTTP/1.1" 200 25
120.253.135.82 - - [07/Mar/2022:06:26:54 +0800] "GET /xingrg/kc/pszx/mdps_order_operate.html?command=get_materiel_price&pszx_code=00101&rest_code=00149&base_code=0010246&code=00101019400&unit_code=00100111&order_time=2022-03-08 HTTP/1.1" 200 36
124.79.79.90 - - [07/Mar/2022:06:27:04 +0800] "GET /xingrg/check_reg.html?_=1646605624003 HTTP/1.1" 200 22
222.70.243.96 - - [07/Mar/2022:06:27:04 +0800] "GET /xingrg/all/function/internal_message.html?_=1646605624968&CODE_STATE=getMsg HTTP/1.1" 200 27
120.253.135.82 - - [07/Mar/2022:06:27:07 +0800] "POST /xingrg/kc/pszx/mdps_order_operate.html HTTP/1.1" 200 37
120.253.135.82 - - [07/Mar/2022:06:27:08 +0800] "GET /xingrg/kc/pszx/mdps_order_info.html?code=312022030700140 HTTP/1.1" 200 23931
120.253.135.82 - - [07/Mar/2022:06:27:08 +0800] "GET /xingrg/javascript/easyui/themes/default/validatebox.css HTTP/1.1" 404 1104
120.253.135.82 - - [07/Mar/2022:06:27:08 +0800] "POST /xingrg/kc/pszx/mdps_order_operate.html HTTP/1.1" 200 28294
58.39.61.91 - - [07/Mar/2022:06:27:20 +0800] "GET /xingrg/all/function/internal_message.html?_=1646605640356&CODE_STATE=getMsg HTTP/1.1" 200 27
58.39.61.91 - - [07/Mar/2022:06:27:20 +0800] "GET /xingrg/check_reg.html?_=1646605640359 HTTP/1.1" 200 22
124.78.159.88 - - [07/Mar/2022:06:27:25 +0800] "GET /xingrg/all/function/internal_message.html?_=1646605644373&CODE_STATE=getMsg HTTP/1.1" 200 27
120.253.135.82 - - [07/Mar/2022:06:27:28 +0800] "GET /xingrg/all/function/internal_message.html?_=1646605447234&CODE_STATE=getMsg HTTP/1.1" 200 27
120.253.135.82 - - [07/Mar/2022:06:27:31 +0800] "POST /xingrg/all/common/load_select.html HTTP/1.1" 200 25
120.253.135.82 - - [07/Mar/2022:06:27:33 +0800] "GET /xingrg/kc/pszx/mdps_order_operate.html?command=get_materiel_price&pszx_code=00101&rest_code=00149&base_code=0010246&code=00101019184&unit_code=00100037&order_time=2022-03-08 HTTP/1.1" 200 35
222.70.243.96 - - [07/Mar/2022:06:27:38 +0800] "GET /xingrg/all/function/internal_message.html?_=1646605653280&CODE_STATE=getMsg HTTP/1.1" 200 27
180.169.147.146 - - [07/Mar/2022:06:27:39 +0800] "GET /xingrg/check_reg.html?_=1646605660835 HTTP/1.1" 200 22
120.253.135.82 - - [07/Mar/2022:06:27:45 +0800] "POST /xingrg/kc/pszx/mdps_order_operate.html HTTP/1.1" 200 37
114.88.156.203 - - [07/Mar/2022:06:27:45 +0800] "GET /xingrg/all/function/internal_message.html?_=1646605458002&CODE_STATE=getMsg HTTP/1.1" 200 27
120.253.135.82 - - [07/Mar/2022:06:27:47 +0800] "GET /xingrg/kc/pszx/mdps_order_info.html?code=312022030700140 HTTP/1.1" 200 23931
120.253.135.82 - - [07/Mar/2022:06:27:47 +0800] "GET /xingrg/javascript/easyui/themes/default/validatebox.css HTTP/1.1" 404 1104
120.253.135.82 - - [07/Mar/2022:06:27:47 +0800] "POST /xingrg/kc/pszx/mdps_order_operate.html HTTP/1.1" 200 28293
124.79.79.90 - - [07/Mar/2022:06:27:49 +0800] "GET /xingrg/all/function/internal_message.html?_=1646605668724&CODE_STATE=getMsg HTTP/1.1" 200 27
222.70.243.96 - - [07/Mar/2022:06:28:04 +0800] "GET /xingrg/all/function/internal_message.html?_=1646605684976&CODE_STATE=getMsg HTTP/1.1" 200 27
58.39.61.91 - - [07/Mar/2022:06:28:20 +0800] "GET /xingrg/all/function/internal_message.html?_=1646605700344&CODE_STATE=getMsg HTTP/1.1" 200 27
124.78.159.88 - - [07/Mar/2022:06:28:25 +0800] "GET /xingrg/all/function/internal_message.html?_=1646605704352&CODE_STATE=getMsg HTTP/1.1" 200 27
120.253.135.82 - - [07/Mar/2022:06:28:28 +0800] "GET /xingrg/check_reg.html?_=1646605506859 HTTP/1.1" 200 22
120.253.135.82 - - [07/Mar/2022:06:28:28 +0800] "GET /xingrg/all/function/internal_message.html?_=1646605507249&CODE_STATE=getMsg HTTP/1.1" 200 27
222.70.243.96 - - [07/Mar/2022:06:28:38 +0800] "GET /xingrg/all/function/internal_message.html?_=1646605713281&CODE_STATE=getMsg HTTP/1.1" 200 27
222.70.243.96 - - [07/Mar/2022:06:28:38 +0800] "GET /xingrg/check_reg.html?_=1646605713283 HTTP/1.1" 200 22
114.88.156.203 - - [07/Mar/2022:06:28:45 +0800] "GET /xingrg/all/function/internal_message.html?_=1646605517981&CODE_STATE=getMsg HTTP/1.1" 200 27
124.79.79.90 - - [07/Mar/2022:06:28:49 +0800] "GET /xingrg/all/function/internal_message.html?_=1646605728696&CODE_STATE=getMsg HTTP/1.1" 200 27
222.70.243.96 - - [07/Mar/2022:06:29:04 +0800] "GET /xingrg/all/function/internal_message.html?_=1646605745059&CODE_STATE=getMsg HTTP/1.1" 200 27
114.88.156.203 - - [07/Mar/2022:06:29:05 +0800] "GET /xingrg/check_reg.html?_=1646605537794 HTTP/1.1" 200 22
120.253.135.82 - - [07/Mar/2022:06:29:20 +0800] "POST /xingrg/kc/pszx/mdps_order_operate.html HTTP/1.1" 200 37
58.39.61.91 - - [07/Mar/2022:06:29:20 +0800] "GET /xingrg/all/function/internal_message.html?_=1646605760350&CODE_STATE=getMsg HTTP/1.1" 200 27
120.253.135.82 - - [07/Mar/2022:06:29:21 +0800] "GET /xingrg/kc/pszx/mdps_order_info.html?code=312022030700140 HTTP/1.1" 200 23931
120.253.135.82 - - [07/Mar/2022:06:29:21 +0800] "GET /xingrg/javascript/easyui/themes/default/validatebox.css HTTP/1.1" 404 1104
120.253.135.82 - - [07/Mar/2022:06:29:21 +0800] "POST /xingrg/kc/pszx/mdps_order_operate.html HTTP/1.1" 200 28293
120.253.135.82 - - [07/Mar/2022:06:29:25 +0800] "POST /xingrg/kc/pszx/mdps_list_operate.html HTTP/1.1" 200 3553
124.78.159.88 - - [07/Mar/2022:06:29:25 +0800] "GET /xingrg/all/function/internal_message.html?_=1646605764330&CODE_STATE=getMsg HTTP/1.1" 200 27
120.253.135.82 - - [07/Mar/2022:06:29:27 +0800] "POST /xingrg/kc/pszx/mdps_list_operate.html HTTP/1.1" 200 635
120.253.135.82 - - [07/Mar/2022:06:29:27 +0800] "GET /xingrg/kc/pszx/mdps_order_info.html?code=312022030700140 HTTP/1.1" 200 23931
120.253.135.82 - - [07/Mar/2022:06:29:28 +0800] "GET /xingrg/javascript/easyui/themes/default/validatebox.css HTTP/1.1" 404 1104
120.253.135.82 - - [07/Mar/2022:06:29:28 +0800] "POST /xingrg/kc/pszx/mdps_order_operate.html HTTP/1.1" 200 28293
120.253.135.82 - - [07/Mar/2022:06:29:28 +0800] "GET /xingrg/all/function/internal_message.html?_=1646605567507&CODE_STATE=getMsg HTTP/1.1" 200 27
222.70.243.96 - - [07/Mar/2022:06:29:38 +0800] "GET /xingrg/all/function/internal_message.html?_=1646605773284&CODE_STATE=getMsg HTTP/1.1" 200 27
222.70.243.96 - - [07/Mar/2022:06:29:44 +0800] "GET /xingrg/check_reg.html?_=1646605784883 HTTP/1.1" 200 22
114.88.156.203 - - [07/Mar/2022:06:29:45 +0800] "GET /xingrg/all/function/internal_message.html?_=1646605577977&CODE_STATE=getMsg HTTP/1.1" 200 27
124.79.79.90 - - [07/Mar/2022:06:29:49 +0800] "GET /xingrg/all/function/internal_message.html?_=1646605788681&CODE_STATE=getMsg HTTP/1.1" 200 27
222.70.243.96 - - [07/Mar/2022:06:30:04 +0800] "GET /xingrg/all/function/internal_message.html?_=1646605805066&CODE_STATE=getMsg HTTP/1.1" 200 27
120.253.135.82 - - [07/Mar/2022:06:30:13 +0800] "POST /xingrg/kc/pszx/mdps_list_operate.html HTTP/1.1" 200 3553
120.253.135.82 - - [07/Mar/2022:06:30:15 +0800] "POST /xingrg/kc/pszx/mdps_list_operate.html HTTP/1.1" 200 516
120.253.135.82 - - [07/Mar/2022:06:30:18 +0800] "POST /xingrg/kc/pszx/mdps_list_operate.html HTTP/1.1" 200 202
58.39.61.91 - - [07/Mar/2022:06:30:20 +0800] "GET /xingrg/all/function/internal_message.html?_=1646605820354&CODE_STATE=getMsg HTTP/1.1" 200 27
120.253.135.82 - - [07/Mar/2022:06:30:21 +0800] "GET /xingrg/kc/pszx/mdps_order_info.html?code=312022030700141 HTTP/1.1" 200 23931
120.253.135.82 - - [07/Mar/2022:06:30:22 +0800] "GET /xingrg/javascript/easyui/themes/default/validatebox.css HTTP/1.1" 404 1104
120.253.135.82 - - [07/Mar/2022:06:30:22 +0800] "POST /xingrg/kc/pszx/mdps_order_operate.html HTTP/1.1" 200 4237
124.78.159.88 - - [07/Mar/2022:06:30:25 +0800] "GET /xingrg/all/function/internal_message.html?_=1646605824306&CODE_STATE=getMsg HTTP/1.1" 200 27
120.253.135.82 - - [07/Mar/2022:06:30:28 +0800] "POST /xingrg/all/common/load_combo.html?type=base HTTP/1.1" 200 1075
120.253.135.82 - - [07/Mar/2022:06:30:28 +0800] "GET /xingrg/all/function/internal_message.html?_=1646605627569&CODE_STATE=getMsg HTTP/1.1" 200 27
120.253.135.82 - - [07/Mar/2022:06:30:32 +0800] "POST /xingrg/kc/pszx/mdps_order_operate.html HTTP/1.1" 200 37
120.253.135.82 - - [07/Mar/2022:06:30:33 +0800] "GET /xingrg/kc/pszx/mdps_order_info.html?code=312022030700141 HTTP/1.1" 200 23931
120.253.135.82 - - [07/Mar/2022:06:30:34 +0800] "GET /xingrg/javascript/easyui/themes/default/validatebox.css HTTP/1.1" 404 1104
120.253.135.82 - - [07/Mar/2022:06:30:34 +0800] "POST /xingrg/kc/pszx/mdps_order_operate.html HTTP/1.1" 200 4283
222.70.243.96 - - [07/Mar/2022:06:30:38 +0800] "GET /xingrg/all/function/internal_message.html?_=1646605833286&CODE_STATE=getMsg HTTP/1.1" 200 27
124.78.159.88 - - [07/Mar/2022:06:30:41 +0800] "GET /xingrg/check_reg.html?_=1646605839686 HTTP/1.1" 200 22
114.88.156.203 - - [07/Mar/2022:06:30:45 +0800] "GET /xingrg/all/function/internal_message.html?_=1646605637946&CODE_STATE=getMsg HTTP/1.1" 200 27
124.79.79.90 - - [07/Mar/2022:06:30:49 +0800] "GET /xingrg/all/function/internal_message.html?_=1646605848653&CODE_STATE=getMsg HTTP/1.1" 200 27
120.253.135.82 - - [07/Mar/2022:06:30:53 +0800] "GET /xingrg/kc/pszx/mdps_order_operate.html?command=get_materiel&pszx_code=00101&rest_code=00149&base_code=0010250&code=00102002451 HTTP/1.1" 200 419
222.70.243.96 - - [07/Mar/2022:06:31:04 +0800] "GET /xingrg/all/function/internal_message.html?_=1646605865079&CODE_STATE=getMsg HTTP/1.1" 200 27
120.253.135.82 - - [07/Mar/2022:06:31:08 +0800] "POST /xingrg/kc/pszx/mdps_order_operate.html HTTP/1.1" 200 37
120.253.135.82 - - [07/Mar/2022:06:31:09 +0800] "GET /xingrg/kc/pszx/mdps_order_info.html?code=312022030700141 HTTP/1.1" 200 23931
120.253.135.82 - - [07/Mar/2022:06:31:10 +0800] "GET /xingrg/javascript/easyui/themes/default/validatebox.css HTTP/1.1" 404 1104
120.253.135.82 - - [07/Mar/2022:06:31:10 +0800] "POST /xingrg/kc/pszx/mdps_order_operate.html HTTP/1.1" 200 4770
120.253.135.82 - - [07/Mar/2022:06:31:18 +0800] "POST /xingrg/kc/pszx/mdps_order_operate.html HTTP/1.1" 200 37
120.253.135.82 - - [07/Mar/2022:06:31:19 +0800] "GET /xingrg/kc/pszx/mdps_order_info.html?code=312022030700141 HTTP/1.1" 200 23931
120.253.135.82 - - [07/Mar/2022:06:31:19 +0800] "GET /xingrg/javascript/easyui/themes/default/validatebox.css HTTP/1.1" 404 1104
120.253.135.82 - - [07/Mar/2022:06:31:19 +0800] "POST /xingrg/kc/pszx/mdps_order_operate.html HTTP/1.1" 200 4770
120.253.135.82 - - [07/Mar/2022:06:31:20 +0800] "POST /xingrg/kc/pszx/mdps_list_operate.html HTTP/1.1" 200 3553
58.39.61.91 - - [07/Mar/2022:06:31:20 +0800] "GET /xingrg/all/function/internal_message.html?_=1646605880358&CODE_STATE=getMsg HTTP/1.1" 200 27
120.253.135.82 - - [07/Mar/2022:06:31:22 +0800] "POST /xingrg/kc/pszx/mdps_list_operate.html HTTP/1.1" 200 202
120.253.135.82 - - [07/Mar/2022:06:31:22 +0800] "GET /xingrg/kc/pszx/mdps_order_info.html?code=312022030700142 HTTP/1.1" 200 23931
120.253.135.82 - - [07/Mar/2022:06:31:23 +0800] "GET /xingrg/javascript/easyui/themes/default/validatebox.css HTTP/1.1" 404 1104
120.253.135.82 - - [07/Mar/2022:06:31:23 +0800] "POST /xingrg/kc/pszx/mdps_order_operate.html HTTP/1.1" 200 2271
120.253.135.82 - - [07/Mar/2022:06:31:24 +0800] "POST /xingrg/all/common/load_combo.html?type=base HTTP/1.1" 200 1075
124.78.159.88 - - [07/Mar/2022:06:31:25 +0800] "GET /xingrg/all/function/internal_message.html?_=1646605884278&CODE_STATE=getMsg HTTP/1.1" 200 27
120.253.135.82 - - [07/Mar/2022:06:31:28 +0800] "POST /xingrg/kc/pszx/mdps_order_operate.html HTTP/1.1" 200 37
120.253.135.82 - - [07/Mar/2022:06:31:29 +0800] "GET /xingrg/kc/pszx/mdps_order_info.html?code=312022030700142 HTTP/1.1" 200 23931
120.253.135.82 - - [07/Mar/2022:06:31:30 +0800] "GET /xingrg/javascript/easyui/themes/default/validatebox.css HTTP/1.1" 404 1104
120.253.135.82 - - [07/Mar/2022:06:31:30 +0800] "POST /xingrg/kc/pszx/mdps_order_operate.html HTTP/1.1" 200 2279
120.253.135.82 - - [07/Mar/2022:06:31:30 +0800] "GET /xingrg/all/function/internal_message.html?_=1646605689052&CODE_STATE=getMsg HTTP/1.1" 200 27
120.253.135.82 - - [07/Mar/2022:06:31:31 +0800] "POST /xingrg/kc/pszx/mdps_list_operate.html HTTP/1.1" 200 3553
120.253.135.82 - - [07/Mar/2022:06:31:32 +0800] "POST /xingrg/kc/pszx/mdps_list_operate.html HTTP/1.1" 200 273
120.253.135.82 - - [07/Mar/2022:06:31:37 +0800] "GET /xingrg/kc/pszx/mdps_order_info.html?code=312022022700432 HTTP/1.1" 200 23931
120.253.135.82 - - [07/Mar/2022:06:31:38 +0800] "GET /xingrg/javascript/easyui/themes/default/validatebox.css HTTP/1.1" 404 1104
120.253.135.82 - - [07/Mar/2022:06:31:38 +0800] "POST /xingrg/kc/pszx/mdps_order_operate.html HTTP/1.1" 200 2761
222.70.243.96 - - [07/Mar/2022:06:31:38 +0800] "GET /xingrg/all/function/internal_message.html?_=1646605893287&CODE_STATE=getMsg HTTP/1.1" 200 27
120.253.135.82 - - [07/Mar/2022:06:31:41 +0800] "POST /xingrg/kc/pszx/mdps_order_operate.html HTTP/1.1" 200 12
120.253.135.82 - - [07/Mar/2022:06:31:42 +0800] "POST /xingrg/kc/pszx/mdps_list_operate.html HTTP/1.1" 200 3182
120.253.135.82 - - [07/Mar/2022:06:31:44 +0800] "POST /xingrg/kc/pszx/mdps_list_operate.html HTTP/1.1" 200 202
120.253.135.82 - - [07/Mar/2022:06:31:45 +0800] "POST /xingrg/kc/pszx/mdps_list_operate.html HTTP/1.1" 200 589
114.88.156.203 - - [07/Mar/2022:06:31:45 +0800] "GET /xingrg/all/function/internal_message.html?_=1646605697928&CODE_STATE=getMsg HTTP/1.1" 200 27
120.253.135.82 - - [07/Mar/2022:06:31:46 +0800] "POST /xingrg/kc/pszx/mdps_list_operate.html HTTP/1.1" 200 635
120.253.135.82 - - [07/Mar/2022:06:31:48 +0800] "POST /xingrg/kc/pszx/mdps_list_operate.html HTTP/1.1" 200 290
124.79.79.90 - - [07/Mar/2022:06:31:49 +0800] "GET /xingrg/all/function/internal_message.html?_=1646605908640&CODE_STATE=getMsg HTTP/1.1" 200 27
120.253.135.82 - - [07/Mar/2022:06:31:49 +0800] "POST /xingrg/kc/pszx/mdps_list_operate.html HTTP/1.1" 200 390
120.253.135.82 - - [07/Mar/2022:06:31:53 +0800] "GET /xingrg/kc/pszx/mdqp_order_list.html?state=10 HTTP/1.1" 200 14693
120.253.135.82 - - [07/Mar/2022:06:31:53 +0800] "GET /xingrg/dwr/interface/AjaxReportQueryService.js HTTP/1.1" 200 13203
120.253.135.82 - - [07/Mar/2022:06:31:53 +0800] "GET /xingrg/dwr/interface/AjaxQqpsService.js HTTP/1.1" 200 16326
120.253.135.82 - - [07/Mar/2022:06:31:53 +0800] "GET /xingrg/dwr/engine.js HTTP/1.1" 200 43631
120.253.135.82 - - [07/Mar/2022:06:32:04 +0800] "GET /xingrg/kc/pszx/mdqp_order_info.html?code=302022030600102 HTTP/1.1" 200 13350
120.253.135.82 - - [07/Mar/2022:06:32:04 +0800] "GET /xingrg/javascript/checkform.js HTTP/1.1" 304 -
120.253.135.82 - - [07/Mar/2022:06:32:04 +0800] "GET /xingrg/dwr/interface/AjaxQqpsService.js HTTP/1.1" 200 16326
120.253.135.82 - - [07/Mar/2022:06:32:04 +0800] "GET /xingrg/dwr/engine.js HTTP/1.1" 200 43631
120.253.135.82 - - [07/Mar/2022:06:32:04 +0800] "GET /xingrg/javascript/Grid.js HTTP/1.1" 304 -
120.253.135.82 - - [07/Mar/2022:06:32:04 +0800] "GET /xingrg/javascript/AjaxInfoList.js HTTP/1.1" 304 -
120.253.135.82 - - [07/Mar/2022:06:32:04 +0800] "GET /xingrg/javascript/ToolTips.js HTTP/1.1" 304 -
120.253.135.82 - - [07/Mar/2022:06:32:04 +0800] "GET /xingrg/dwr/interface/AjaxComOrderService.js HTTP/1.1" 200 18264
124.79.79.90 - - [07/Mar/2022:06:32:04 +0800] "GET /xingrg/check_reg.html?_=1646605924000 HTTP/1.1" 200 22
120.253.135.82 - - [07/Mar/2022:06:32:04 +0800] "GET /xingrg/javascript/jquery_easy_ui/themes/icons/print.png HTTP/1.1" 304 -
120.253.135.82 - - [07/Mar/2022:06:32:04 +0800] "GET /xingrg/javascript/jquery_easy_ui/themes/default/images/menu_downarrow.png HTTP/1.1" 304 -
120.253.135.82 - - [07/Mar/2022:06:32:04 +0800] "GET /xingrg/images/blue/button/kc_tab_edit.gif HTTP/1.1" 304 -
120.253.135.82 - - [07/Mar/2022:06:32:04 +0800] "GET /xingrg/images/blue/button/kc_tab_save.gif HTTP/1.1" 304 -
120.253.135.82 - - [07/Mar/2022:06:32:04 +0800] "GET /xingrg/images/blue/kc_tab_left.gif HTTP/1.1" 304 -
120.253.135.82 - - [07/Mar/2022:06:32:04 +0800] "GET /xingrg/images/blue/kc_tab_mid.gif HTTP/1.1" 304 -
120.253.135.82 - - [07/Mar/2022:06:32:04 +0800] "GET /xingrg/images/blue/kc_tab_right.gif HTTP/1.1" 304 -
120.253.135.82 - - [07/Mar/2022:06:32:04 +0800] "GET /xingrg/images/blue/kc_tab2_left.gif HTTP/1.1" 304 -
120.253.135.82 - - [07/Mar/2022:06:32:04 +0800] "GET /xingrg/images/blue/kc_tab2_right.gif HTTP/1.1" 304 -
120.253.135.82 - - [07/Mar/2022:06:32:04 +0800] "GET /xingrg/images/blue/wait.gif HTTP/1.1" 304 -
120.253.135.82 - - [07/Mar/2022:06:32:04 +0800] "POST /xingrg/dwr/call/plaincall/AjaxQqpsService.loadMaterielItems.dwr HTTP/1.1" 200 2192
222.70.243.96 - - [07/Mar/2022:06:32:05 +0800] "GET /xingrg/all/function/internal_message.html?_=1646605925157&CODE_STATE=getMsg HTTP/1.1" 200 27
58.39.61.91 - - [07/Mar/2022:06:32:20 +0800] "GET /xingrg/all/function/internal_message.html?_=1646605940360&CODE_STATE=getMsg HTTP/1.1" 200 27
58.39.61.91 - - [07/Mar/2022:06:32:20 +0800] "GET /xingrg/check_reg.html?_=1646605940366 HTTP/1.1" 200 22
124.78.159.88 - - [07/Mar/2022:06:32:25 +0800] "GET /xingrg/all/function/internal_message.html?_=1646605944252&CODE_STATE=getMsg HTTP/1.1" 200 27
120.253.135.82 - - [07/Mar/2022:06:32:30 +0800] "GET /xingrg/all/function/internal_message.html?_=1646605749066&CODE_STATE=getMsg HTTP/1.1" 200 27
222.70.243.96 - - [07/Mar/2022:06:32:38 +0800] "GET /xingrg/all/function/internal_message.html?_=1646605953289&CODE_STATE=getMsg HTTP/1.1" 200 27
180.169.147.146 - - [07/Mar/2022:06:32:39 +0800] "GET /xingrg/check_reg.html?_=1646605960810 HTTP/1.1" 200 22
114.88.156.203 - - [07/Mar/2022:06:32:45 +0800] "GET /xingrg/all/function/internal_message.html?_=1646605757901&CODE_STATE=getMsg HTTP/1.1" 200 27
124.79.79.90 - - [07/Mar/2022:06:32:49 +0800] "GET /xingrg/all/function/internal_message.html?_=1646605968614&CODE_STATE=getMsg HTTP/1.1" 200 27
222.70.243.96 - - [07/Mar/2022:06:33:05 +0800] "GET /xingrg/all/function/internal_message.html?_=1646605985169&CODE_STATE=getMsg HTTP/1.1" 200 27
58.39.61.91 - - [07/Mar/2022:06:33:20 +0800] "GET /xingrg/all/function/internal_message.html?_=1646606000365&CODE_STATE=getMsg HTTP/1.1" 200 27
124.78.159.88 - - [07/Mar/2022:06:33:25 +0800] "GET /xingrg/all/function/internal_message.html?_=1646606004232&CODE_STATE=getMsg HTTP/1.1" 200 27
120.253.135.82 - - [07/Mar/2022:06:33:28 +0800] "GET /xingrg/check_reg.html?_=1646605806864 HTTP/1.1" 200 22
120.253.135.82 - - [07/Mar/2022:06:33:30 +0800] "GET /xingrg/all/function/internal_message.html?_=1646605809079&CODE_STATE=getMsg HTTP/1.1" 200 27
222.70.243.96 - - [07/Mar/2022:06:33:38 +0800] "GET /xingrg/check_reg.html?_=1646606013276 HTTP/1.1" 200 22
222.70.243.96 - - [07/Mar/2022:06:33:38 +0800] "GET /xingrg/all/function/internal_message.html?_=1646606013277&CODE_STATE=getMsg HTTP/1.1" 200 27
114.88.156.203 - - [07/Mar/2022:06:33:45 +0800] "GET /xingrg/all/function/internal_message.html?_=1646605817882&CODE_STATE=getMsg HTTP/1.1" 200 27
124.79.79.90 - - [07/Mar/2022:06:33:48 +0800] "GET /xingrg/all/function/internal_message.html?_=1646606028584&CODE_STATE=getMsg HTTP/1.1" 200 27
222.70.243.96 - - [07/Mar/2022:06:34:05 +0800] "GET /xingrg/all/function/internal_message.html?_=1646606045242&CODE_STATE=getMsg HTTP/1.1" 200 27
114.88.156.203 - - [07/Mar/2022:06:34:05 +0800] "GET /xingrg/check_reg.html?_=1646605837820 HTTP/1.1" 200 22
58.39.61.91 - - [07/Mar/2022:06:34:20 +0800] "GET /xingrg/all/function/internal_message.html?_=1646606060369&CODE_STATE=getMsg HTTP/1.1" 200 27
124.78.159.88 - - [07/Mar/2022:06:34:25 +0800] "GET /xingrg/all/function/internal_message.html?_=1646606064205&CODE_STATE=getMsg HTTP/1.1" 200 27
120.253.135.82 - - [07/Mar/2022:06:34:26 +0800] "GET /xingrg/javascript/jquery_easy_ui/themes/default/images/button_plain_hover.png HTTP/1.1" 304 -
120.253.135.82 - - [07/Mar/2022:06:34:27 +0800] "GET /xingrg/kc/pszx/mdqp_order_list.html?isBack=1 HTTP/1.1" 302 -
120.253.135.82 - - [07/Mar/2022:06:34:27 +0800] "GET /xingrg/kc/pszx/mdqp_order_list.html?state=10 HTTP/1.1" 200 14693
120.253.135.82 - - [07/Mar/2022:06:34:27 +0800] "GET /xingrg/dwr/interface/AjaxQqpsService.js HTTP/1.1" 200 16326
120.253.135.82 - - [07/Mar/2022:06:34:27 +0800] "GET /xingrg/dwr/interface/AjaxReportQueryService.js HTTP/1.1" 200 13203
120.253.135.82 - - [07/Mar/2022:06:34:27 +0800] "GET /xingrg/dwr/engine.js HTTP/1.1" 200 43631
120.253.135.82 - - [07/Mar/2022:06:34:30 +0800] "GET /xingrg/all/function/internal_message.html?_=1646605869093&CODE_STATE=getMsg HTTP/1.1" 200 27
120.253.135.82 - - [07/Mar/2022:06:34:30 +0800] "GET /xingrg/kc/pszx/mdqp_order_info.html?code=302022030600103 HTTP/1.1" 200 13350
120.253.135.82 - - [07/Mar/2022:06:34:30 +0800] "GET /xingrg/dwr/interface/AjaxComOrderService.js HTTP/1.1" 200 18264
120.253.135.82 - - [07/Mar/2022:06:34:30 +0800] "GET /xingrg/dwr/interface/AjaxQqpsService.js HTTP/1.1" 200 16326
120.253.135.82 - - [07/Mar/2022:06:34:30 +0800] "GET /xingrg/dwr/engine.js HTTP/1.1" 200 43631
120.253.135.82 - - [07/Mar/2022:06:34:31 +0800] "POST /xingrg/dwr/call/plaincall/AjaxQqpsService.loadMaterielItems.dwr HTTP/1.1" 200 924
222.70.243.96 - - [07/Mar/2022:06:34:38 +0800] "GET /xingrg/all/function/internal_message.html?_=1646606073279&CODE_STATE=getMsg HTTP/1.1" 200 27
120.253.135.82 - - [07/Mar/2022:06:34:39 +0800] "GET /xingrg/kc/pszx/mdqp_order_list.html?isBack=1 HTTP/1.1" 302 -
120.253.135.82 - - [07/Mar/2022:06:34:39 +0800] "GET /xingrg/kc/pszx/mdqp_order_list.html?state=10 HTTP/1.1" 200 14693
120.253.135.82 - - [07/Mar/2022:06:34:39 +0800] "GET /xingrg/dwr/interface/AjaxQqpsService.js HTTP/1.1" 200 16326
120.253.135.82 - - [07/Mar/2022:06:34:39 +0800] "GET /xingrg/dwr/interface/AjaxReportQueryService.js HTTP/1.1" 200 13203
120.253.135.82 - - [07/Mar/2022:06:34:39 +0800] "GET /xingrg/dwr/engine.js HTTP/1.1" 200 43631
222.70.243.96 - - [07/Mar/2022:06:34:44 +0800] "GET /xingrg/check_reg.html?_=1646606084891 HTTP/1.1" 200 22
114.88.156.203 - - [07/Mar/2022:06:34:45 +0800] "GET /xingrg/all/function/internal_message.html?_=1646605877857&CODE_STATE=getMsg HTTP/1.1" 200 27
120.253.135.82 - - [07/Mar/2022:06:34:48 +0800] "GET /xingrg/kc/pszx/jzcl_ps.html HTTP/1.1" 200 7683
120.253.135.82 - - [07/Mar/2022:06:34:48 +0800] "POST /xingrg/all/common/load_tree.html?tree=area_rest_tree_json HTTP/1.1" 200 3472
120.253.135.82 - - [07/Mar/2022:06:34:48 +0800] "POST /xingrg/kc/pszx/jzcl_ps_operate.html HTTP/1.1" 200 4608
120.253.135.82 - - [07/Mar/2022:06:34:48 +0800] "POST /xingrg/kc/pszx/jzcl_ps_operate.html HTTP/1.1" 200 4608
124.79.79.90 - - [07/Mar/2022:06:34:48 +0800] "GET /xingrg/all/function/internal_message.html?_=1646606088555&CODE_STATE=getMsg HTTP/1.1" 200 27
120.253.135.82 - - [07/Mar/2022:06:35:04 +0800] "POST /xingrg/kc/pszx/jzcl_ps_operate.html HTTP/1.1" 200 4
222.70.243.96 - - [07/Mar/2022:06:35:05 +0800] "GET /xingrg/all/function/internal_message.html?_=1646606105243&CODE_STATE=getMsg HTTP/1.1" 200 27
120.253.135.82 - - [07/Mar/2022:06:35:05 +0800] "GET /xingrg/kc/pszx/mdps_order_list.html HTTP/1.1" 200 20884
120.253.135.82 - - [07/Mar/2022:06:35:05 +0800] "POST /xingrg/kc/pszx/mdps_list_operate.html HTTP/1.1" 200 5347
120.253.135.82 - - [07/Mar/2022:06:35:06 +0800] "POST /xingrg/kc/pszx/jzcl_ps_operate.html HTTP/1.1" 200 3732
58.39.61.91 - - [07/Mar/2022:06:35:20 +0800] "GET /xingrg/all/function/internal_message.html?_=1646606120368&CODE_STATE=getMsg HTTP/1.1" 200 27
101.89.19.197 - - [07/Mar/2022:06:35:24 +0800] "GET /xingrg/all/function/internal_message.html?_=1646606064205&CODE_STATE=getMsg HTTP/1.1" 302 -
124.78.159.88 - - [07/Mar/2022:06:35:25 +0800] "GET /xingrg/all/function/internal_message.html?_=1646606124185&CODE_STATE=getMsg HTTP/1.1" 200 27
101.89.19.197 - - [07/Mar/2022:06:35:26 +0800] "GET /xingrg/login.html HTTP/1.1" 200 7641
120.253.135.82 - - [07/Mar/2022:06:35:30 +0800] "GET /xingrg/all/function/internal_message.html?_=1646605929107&CODE_STATE=getMsg HTTP/1.1" 200 27
120.253.135.82 - - [07/Mar/2022:06:35:33 +0800] "POST /xingrg/kc/pszx/mdps_list_operate.html HTTP/1.1" 200 2064
120.253.135.82 - - [07/Mar/2022:06:35:35 +0800] "POST /xingrg/kc/pszx/mdps_list_operate.html HTTP/1.1" 200 370
120.253.135.82 - - [07/Mar/2022:06:35:36 +0800] "GET /xingrg/kc/pszx/mdps_order_info.html?code=312022030700143 HTTP/1.1" 200 23931
120.253.135.82 - - [07/Mar/2022:06:35:36 +0800] "POST /xingrg/kc/pszx/mdps_order_operate.html HTTP/1.1" 200 3261
120.253.135.82 - - [07/Mar/2022:06:35:36 +0800] "GET /xingrg/javascript/easyui/themes/default/validatebox.css HTTP/1.1" 404 1104
222.70.243.96 - - [07/Mar/2022:06:35:38 +0800] "GET /xingrg/all/function/internal_message.html?_=1646606133281&CODE_STATE=getMsg HTTP/1.1" 200 27
120.253.135.82 - - [07/Mar/2022:06:35:39 +0800] "POST /xingrg/kc/pszx/mdps_order_operate.html HTTP/1.1" 200 37
120.253.135.82 - - [07/Mar/2022:06:35:40 +0800] "GET /xingrg/kc/pszx/mdps_order_info.html?code=312022030700143 HTTP/1.1" 200 23931
124.78.159.88 - - [07/Mar/2022:06:35:41 +0800] "GET /xingrg/check_reg.html?_=1646606139663 HTTP/1.1" 200 22
120.253.135.82 - - [07/Mar/2022:06:35:41 +0800] "GET /xingrg/javascript/easyui/themes/default/validatebox.css HTTP/1.1" 404 1104
120.253.135.82 - - [07/Mar/2022:06:35:41 +0800] "POST /xingrg/kc/pszx/mdps_order_operate.html HTTP/1.1" 200 3283
114.88.156.203 - - [07/Mar/2022:06:35:45 +0800] "GET /xingrg/all/function/internal_message.html?_=1646605937838&CODE_STATE=getMsg HTTP/1.1" 200 27
124.79.79.90 - - [07/Mar/2022:06:35:48 +0800] "GET /xingrg/all/function/internal_message.html?_=1646606148540&CODE_STATE=getMsg HTTP/1.1" 200 27
120.253.135.82 - - [07/Mar/2022:06:35:50 +0800] "GET /xingrg/kc/pszx/mdps_order_operate.html?command=get_materiel&pszx_code=00101&rest_code=00104&base_code=0010246&code=00101016120 HTTP/1.1" 200 441
222.70.243.96 - - [07/Mar/2022:06:36:05 +0800] "GET /xingrg/all/function/internal_message.html?_=1646606165256&CODE_STATE=getMsg HTTP/1.1" 200 27
58.39.61.91 - - [07/Mar/2022:06:36:20 +0800] "GET /xingrg/all/function/internal_message.html?_=1646606180369&CODE_STATE=getMsg HTTP/1.1" 200 27
101.89.29.78 - - [07/Mar/2022:06:36:24 +0800] "GET /xingrg/all/function/internal_message.html?_=1646606124185&CODE_STATE=getMsg HTTP/1.1" 302 -
101.89.29.78 - - [07/Mar/2022:06:36:25 +0800] "GET /xingrg/login.html HTTP/1.1" 200 7641
124.78.159.88 - - [07/Mar/2022:06:36:25 +0800] "GET /xingrg/all/function/internal_message.html?_=1646606184162&CODE_STATE=getMsg HTTP/1.1" 200 27
120.253.135.82 - - [07/Mar/2022:06:36:30 +0800] "GET /xingrg/all/function/internal_message.html?_=1646605989120&CODE_STATE=getMsg HTTP/1.1" 200 27
222.70.243.96 - - [07/Mar/2022:06:36:38 +0800] "GET /xingrg/all/function/internal_message.html?_=1646606193283&CODE_STATE=getMsg HTTP/1.1" 200 27
120.253.135.82 - - [07/Mar/2022:06:36:39 +0800] "POST /xingrg/kc/pszx/mdps_order_operate.html HTTP/1.1" 200 37
120.253.135.82 - - [07/Mar/2022:06:36:40 +0800] "GET /xingrg/kc/pszx/mdps_order_info.html?code=312022030700143 HTTP/1.1" 200 23931
61.151.178.177 - - [07/Mar/2022:06:36:40 +0800] "GET /xingrg/check_reg.html?_=1646606139663 HTTP/1.1" 302 -
120.253.135.82 - - [07/Mar/2022:06:36:41 +0800] "GET /xingrg/javascript/easyui/themes/default/validatebox.css HTTP/1.1" 404 1104
120.253.135.82 - - [07/Mar/2022:06:36:41 +0800] "POST /xingrg/kc/pszx/mdps_order_operate.html HTTP/1.1" 200 3285
61.151.178.177 - - [07/Mar/2022:06:36:41 +0800] "GET /xingrg/login.html HTTP/1.1" 200 7641
120.253.135.82 - - [07/Mar/2022:06:36:44 +0800] "POST /xingrg/kc/pszx/mdps_list_operate.html HTTP/1.1" 200 625
120.253.135.82 - - [07/Mar/2022:06:36:45 +0800] "GET /xingrg/kc/pszx/mdps_order_info.html?code=312022030700144 HTTP/1.1" 200 23931
120.253.135.82 - - [07/Mar/2022:06:36:45 +0800] "GET /xingrg/javascript/easyui/themes/default/validatebox.css HTTP/1.1" 404 1104
120.253.135.82 - - [07/Mar/2022:06:36:45 +0800] "POST /xingrg/kc/pszx/mdps_order_operate.html HTTP/1.1" 200 5296
114.88.156.203 - - [07/Mar/2022:06:36:45 +0800] "GET /xingrg/all/function/internal_message.html?_=1646605997813&CODE_STATE=getMsg HTTP/1.1" 200 27
120.253.135.82 - - [07/Mar/2022:06:36:48 +0800] "POST /xingrg/kc/pszx/mdps_order_operate.html HTTP/1.1" 200 37
124.79.79.90 - - [07/Mar/2022:06:36:48 +0800] "GET /xingrg/all/function/internal_message.html?_=1646606208526&CODE_STATE=getMsg HTTP/1.1" 200 27
120.253.135.82 - - [07/Mar/2022:06:36:49 +0800] "GET /xingrg/kc/pszx/mdps_order_info.html?code=312022030700144 HTTP/1.1" 200 23931
120.253.135.82 - - [07/Mar/2022:06:36:49 +0800] "GET /xingrg/javascript/easyui/themes/default/validatebox.css HTTP/1.1" 404 1104
120.253.135.82 - - [07/Mar/2022:06:36:50 +0800] "POST /xingrg/kc/pszx/mdps_order_operate.html HTTP/1.1" 200 5349
120.253.135.82 - - [07/Mar/2022:06:36:52 +0800] "POST /xingrg/all/common/load_select.html HTTP/1.1" 200 25
120.253.135.82 - - [07/Mar/2022:06:36:54 +0800] "GET /xingrg/kc/pszx/mdps_order_operate.html?command=get_materiel_price&pszx_code=00101&rest_code=00104&base_code=0010246&code=00101019133&unit_code=00100189&order_time=2022-03-08 HTTP/1.1" 200 35
124.79.79.90 - - [07/Mar/2022:06:37:04 +0800] "GET /xingrg/check_reg.html?_=1646606223999 HTTP/1.1" 200 22
222.70.243.96 - - [07/Mar/2022:06:37:05 +0800] "GET /xingrg/all/function/internal_message.html?_=1646606225334&CODE_STATE=getMsg HTTP/1.1" 200 27
58.39.61.91 - - [07/Mar/2022:06:37:20 +0800] "GET /xingrg/check_reg.html?_=1646606240370 HTTP/1.1" 200 22
58.39.61.91 - - [07/Mar/2022:06:37:20 +0800] "GET /xingrg/all/function/internal_message.html?_=1646606240371&CODE_STATE=getMsg HTTP/1.1" 200 27
124.78.159.88 - - [07/Mar/2022:06:37:25 +0800] "GET /xingrg/all/function/internal_message.html?_=1646606244132&CODE_STATE=getMsg HTTP/1.1" 200 27
120.253.135.82 - - [07/Mar/2022:06:37:30 +0800] "GET /xingrg/all/function/internal_message.html?_=1646606049134&CODE_STATE=getMsg HTTP/1.1" 200 27
101.89.29.78 - - [07/Mar/2022:06:37:33 +0800] "GET /xingrg/all/function/internal_message.html?_=1646603245318&CODE_STATE=getMsg HTTP/1.1" 302 -
101.89.29.78 - - [07/Mar/2022:06:37:34 +0800] "GET /xingrg/login.html HTTP/1.1" 200 7641
222.70.243.96 - - [07/Mar/2022:06:37:38 +0800] "GET /xingrg/all/function/internal_message.html?_=1646606253284&CODE_STATE=getMsg HTTP/1.1" 200 27
180.169.147.146 - - [07/Mar/2022:06:37:39 +0800] "GET /xingrg/check_reg.html?_=1646606260784 HTTP/1.1" 200 22
114.88.156.203 - - [07/Mar/2022:06:37:45 +0800] "GET /xingrg/all/function/internal_message.html?_=1646606057788&CODE_STATE=getMsg HTTP/1.1" 200 27
124.79.79.90 - - [07/Mar/2022:06:37:48 +0800] "GET /xingrg/all/function/internal_message.html?_=1646606268504&CODE_STATE=getMsg HTTP/1.1" 200 27
222.70.243.96 - - [07/Mar/2022:06:38:05 +0800] "GET /xingrg/all/function/internal_message.html?_=1646606285346&CODE_STATE=getMsg HTTP/1.1" 200 27
120.253.135.82 - - [07/Mar/2022:06:38:07 +0800] "GET /xingrg/kc/pszx/mdps_order_operate.html?command=get_materiel&pszx_code=00101&rest_code=00104&base_code=0010246&code=00101029015 HTTP/1.1" 200 473
120.253.135.82 - - [07/Mar/2022:06:38:15 +0800] "POST /xingrg/kc/pszx/mdps_order_operate.html HTTP/1.1" 200 37
120.253.135.82 - - [07/Mar/2022:06:38:16 +0800] "GET /xingrg/kc/pszx/mdps_order_info.html?code=312022030700144 HTTP/1.1" 200 23931
120.253.135.82 - - [07/Mar/2022:06:38:17 +0800] "GET /xingrg/javascript/easyui/themes/default/validatebox.css HTTP/1.1" 404 1104
120.253.135.82 - - [07/Mar/2022:06:38:17 +0800] "POST /xingrg/kc/pszx/mdps_order_operate.html HTTP/1.1" 200 5347
58.39.61.91 - - [07/Mar/2022:06:38:20 +0800] "GET /xingrg/all/function/internal_message.html?_=1646606300371&CODE_STATE=getMsg HTTP/1.1" 200 27
124.78.159.88 - - [07/Mar/2022:06:38:25 +0800] "GET /xingrg/all/function/internal_message.html?_=1646606304102&CODE_STATE=getMsg HTTP/1.1" 200 27
120.253.135.82 - - [07/Mar/2022:06:38:28 +0800] "GET /xingrg/check_reg.html?_=1646606106874 HTTP/1.1" 200 22
120.253.135.82 - - [07/Mar/2022:06:38:30 +0800] "GET /xingrg/all/function/internal_message.html?_=1646606109148&CODE_STATE=getMsg HTTP/1.1" 200 27
222.70.243.96 - - [07/Mar/2022:06:38:38 +0800] "GET /xingrg/check_reg.html?_=1646606313286 HTTP/1.1" 200 22
222.70.243.96 - - [07/Mar/2022:06:38:38 +0800] "GET /xingrg/all/function/internal_message.html?_=1646606313288&CODE_STATE=getMsg HTTP/1.1" 200 27
120.253.135.82 - - [07/Mar/2022:06:38:43 +0800] "POST /xingrg/kc/pszx/mdps_order_operate.html HTTP/1.1" 200 37
120.253.135.82 - - [07/Mar/2022:06:38:44 +0800] "GET /xingrg/kc/pszx/mdps_order_info.html?code=312022030700144 HTTP/1.1" 200 23931
120.253.135.82 - - [07/Mar/2022:06:38:44 +0800] "GET /xingrg/javascript/easyui/themes/default/validatebox.css HTTP/1.1" 404 1104
120.253.135.82 - - [07/Mar/2022:06:38:44 +0800] "POST /xingrg/kc/pszx/mdps_order_operate.html HTTP/1.1" 200 5347
114.88.156.203 - - [07/Mar/2022:06:38:45 +0800] "GET /xingrg/all/function/internal_message.html?_=1646606117759&CODE_STATE=getMsg HTTP/1.1" 200 27
124.79.79.90 - - [07/Mar/2022:06:38:48 +0800] "GET /xingrg/all/function/internal_message.html?_=1646606328476&CODE_STATE=getMsg HTTP/1.1" 200 27
222.70.243.96 - - [07/Mar/2022:06:39:05 +0800] "GET /xingrg/all/function/internal_message.html?_=1646606345427&CODE_STATE=getMsg HTTP/1.1" 200 27
114.88.156.203 - - [07/Mar/2022:06:39:05 +0800] "GET /xingrg/check_reg.html?_=1646606137821 HTTP/1.1" 200 22
120.253.135.82 - - [07/Mar/2022:06:39:19 +0800] "POST /xingrg/kc/pszx/mdps_order_operate.html HTTP/1.1" 200 37
120.253.135.82 - - [07/Mar/2022:06:39:19 +0800] "GET /xingrg/kc/pszx/mdps_order_info.html?code=312022030700144 HTTP/1.1" 200 23931
120.253.135.82 - - [07/Mar/2022:06:39:20 +0800] "GET /xingrg/javascript/easyui/themes/default/validatebox.css HTTP/1.1" 404 1104
120.253.135.82 - - [07/Mar/2022:06:39:20 +0800] "POST /xingrg/kc/pszx/mdps_order_operate.html HTTP/1.1" 200 5347
58.39.61.91 - - [07/Mar/2022:06:39:20 +0800] "GET /xingrg/all/function/internal_message.html?_=1646606360385&CODE_STATE=getMsg HTTP/1.1" 200 27
124.78.159.88 - - [07/Mar/2022:06:39:25 +0800] "GET /xingrg/all/function/internal_message.html?_=1646606364080&CODE_STATE=getMsg HTTP/1.1" 200 27
120.253.135.82 - - [07/Mar/2022:06:39:30 +0800] "GET /xingrg/all/function/internal_message.html?_=1646606169161&CODE_STATE=getMsg HTTP/1.1" 200 27
