180.157.251.97 - - [07/Mar/2022:10:07:53 +0800] "GET /xingrg/javascript/jquery_easy_ui/themes/default/images/combo_arrow_dot.gif HTTP/1.1" 304 -
180.157.251.97 - - [07/Mar/2022:10:07:53 +0800] "POST /xingrg/all/common/load_tree.html?tree=supplier_tree_json&manage=1 HTTP/1.1" 200 63464
180.157.251.97 - - [07/Mar/2022:10:07:54 +0800] "GET /xingrg/javascript/jquery_easy_ui/themes/default/images/tree_checkbox_0.gif HTTP/1.1" 304 -
180.157.251.97 - - [07/Mar/2022:10:07:54 +0800] "POST /xingrg/all/common/load_tree.html?tree=materiel_sort_tree_json HTTP/1.1" 200 9388
180.157.251.97 - - [07/Mar/2022:10:07:54 +0800] "POST /xingrg/dwr/call/plaincall/AjaxReportQueryService.getInitString.dwr HTTP/1.1" 200 1023
180.157.251.97 - - [07/Mar/2022:10:07:54 +0800] "GET /xingrg/javascript/multi_select/dropdown.gif HTTP/1.1" 304 -
180.157.251.97 - - [07/Mar/2022:10:07:56 +0800] "POST /xingrg/dwr/call/plaincall/AjaxReportQueryService.getFixDate.dwr HTTP/1.1" 200 111
180.157.251.97 - - [07/Mar/2022:10:07:56 +0800] "GET /xingrg/javascript/multi_select/dropdown_hover.gif HTTP/1.1" 304 -
180.157.251.97 - - [07/Mar/2022:10:07:57 +0800] "POST /xingrg/dwr/call/plaincall/AjaxReportQueryService.refreshCache.dwr HTTP/1.1" 200 78
180.157.251.97 - - [07/Mar/2022:10:08:00 +0800] "POST /xingrg/all/report/load_report_page.html HTTP/1.1" 200 135944
180.157.251.97 - - [07/Mar/2022:10:08:00 +0800] "GET /xingrg/servlets/image?cache=0.8540339042725559&image=px HTTP/1.1" 200 807
58.221.95.50 - - [07/Mar/2022:10:08:01 +0800] "GET /xingrg/check_reg.html?_=1646618881364 HTTP/1.1" 302 -
180.157.251.97 - - [07/Mar/2022:10:08:03 +0800] "GET /xingrg/all/report/report_query.html?isQuery=1&fileName=kc/buy/wlcg_cate_hz.xml&queryString=(CONVERT(char(10)%252Ca.order_time%252C%2520120)%253E%253D'2022-02-01')%2520and%2520(CONVERT(char(10)%252Ca.order_time%252C%2520120)%253C%253D'2022-02-28')%2520and%2520(a.number%253E0%2520and%2520a.supplier_code%253D'00100004')&queryText=%25E3%2580%2590%25E9%2587%2587%25E8%25B4%25AD%25E6%2597%25A5%25E6%259C%259F%253A2022-02-01%2520%25E8%2587%25B3%25202022-02-28%25E3%2580%2591%2520%25E5%25B9%25B6%25E4%25B8%2594%2520%25E3%2580%2590%25E4%25BE%259B%25E5%25BA%2594%25E5%2595%2586%253D%25E5%25AE%25B6%25E7%25A6%25BD%25EF%25BC%2588%25E5%25B7%25A6%25E4%25BD%259C%25E6%2598%25A5%25EF%25BC%2589%25E3%2580%2591 HTTP/1.1" 200 54374
180.157.251.97 - - [07/Mar/2022:10:08:03 +0800] "GET /xingrg/dwr/interface/AjaxReportQueryService.js HTTP/1.1" 200 13203
180.157.251.97 - - [07/Mar/2022:10:08:03 +0800] "GET /xingrg/dwr/engine.js HTTP/1.1" 200 43631
180.157.251.97 - - [07/Mar/2022:10:08:04 +0800] "GET /xingrg/check_reg.html?_=1646618883957 HTTP/1.1" 200 22
180.157.251.97 - - [07/Mar/2022:10:08:05 +0800] "GET /xingrg/all/function/internal_message.html?_=1646618884245&CODE_STATE=getMsg HTTP/1.1" 200 27
180.157.251.97 - - [07/Mar/2022:10:08:05 +0800] "POST /xingrg/all/report/load_report_page.html HTTP/1.1" 200 8715
180.157.251.97 - - [07/Mar/2022:10:08:05 +0800] "GET /xingrg/servlets/image?cache=0.8965835938051672&image=px HTTP/1.1" 200 807
180.157.251.97 - - [07/Mar/2022:10:08:06 +0800] "POST /xingrg/all/report/load_report_page.html HTTP/1.1" 200 39965
180.157.251.97 - - [07/Mar/2022:10:08:06 +0800] "GET /xingrg/servlets/image?cache=0.6970549595046268&image=px HTTP/1.1" 200 807
180.157.251.97 - - [07/Mar/2022:10:08:08 +0800] "GET /xingrg/javascript/jquery_easy_ui/themes/default/images/button_plain_hover.png HTTP/1.1" 304 -
58.39.61.91 - - [07/Mar/2022:10:08:08 +0800] "GET /xingrg/all/function/internal_message.html?_=1646618888247&CODE_STATE=getMsg HTTP/1.1" 200 27
180.157.251.97 - - [07/Mar/2022:10:08:08 +0800] "POST /xingrg/all/report/load_report_page.html HTTP/1.1" 200 39965
180.157.251.97 - - [07/Mar/2022:10:08:08 +0800] "GET /xingrg/servlets/image?cache=0.8935508212417219&image=px HTTP/1.1" 200 807
180.169.147.146 - - [07/Mar/2022:10:08:08 +0800] "GET /xingrg/all/function/internal_message.html?_=1646618887945&CODE_STATE=getMsg HTTP/1.1" 200 27
180.169.147.146 - - [07/Mar/2022:10:08:08 +0800] "GET /xingrg/check_reg.html?_=1646618887947 HTTP/1.1" 200 22
180.157.251.97 - - [07/Mar/2022:10:08:10 +0800] "POST /xingrg/all/report/report_print.html HTTP/1.1" 302 -
180.157.251.97 - - [07/Mar/2022:10:08:10 +0800] "GET /xingrg/servlets/image?image=px HTTP/1.1" 200 807
180.157.251.97 - - [07/Mar/2022:10:08:10 +0800] "GET /xingrg/servlets/html?sysBaseUrl=http%3A%2F%2F180.169.147.146%3A18081%2Fxingrg%2F&costTime=241×tamp=1646618890115 HTTP/1.1" 200 39681
180.157.251.97 - - [07/Mar/2022:10:08:10 +0800] "GET /favicon.ico HTTP/1.1" 404 -
58.39.61.91 - - [07/Mar/2022:10:08:10 +0800] "POST /xingrg/dwr/call/plaincall/AjaxYddbService.checkOrder.dwr HTTP/1.1" 200 79
58.39.61.91 - - [07/Mar/2022:10:08:12 +0800] "GET /xingrg/kc/base/yddb_order_info.html?code=482022030700040 HTTP/1.1" 200 29506
58.39.61.91 - - [07/Mar/2022:10:08:12 +0800] "GET /xingrg/dwr/interface/AjaxComOrderService.js HTTP/1.1" 200 18264
58.39.61.91 - - [07/Mar/2022:10:08:12 +0800] "GET /xingrg/dwr/interface/AjaxYddbService.js HTTP/1.1" 200 13201
58.39.61.91 - - [07/Mar/2022:10:08:12 +0800] "GET /xingrg/dwr/engine.js HTTP/1.1" 200 43631
58.39.61.91 - - [07/Mar/2022:10:08:12 +0800] "POST /xingrg/dwr/call/plaincall/AjaxYddbService.loadMaterielItems.dwr HTTP/1.1" 200 5976
116.224.122.7 - - [07/Mar/2022:10:08:16 +0800] "GET /xingrg/all/function/internal_message.html?_=1646618895672&CODE_STATE=getMsg HTTP/1.1" 200 27
180.157.251.97 - - [07/Mar/2022:10:08:16 +0800] "GET /xingrg/javascript/jquery_easy_ui/themes/default/images/tabs_active.png HTTP/1.1" 304 -
222.70.243.96 - - [07/Mar/2022:10:08:18 +0800] "GET /xingrg/all/function/internal_message.html?_=1646618898900&CODE_STATE=getMsg HTTP/1.1" 200 27
180.157.251.97 - - [07/Mar/2022:10:08:20 +0800] "GET /xingrg/all/report/report_query.html?isQuery=1&fileName=kc/buy/wlcg_cate_hz.xml&queryString=(CONVERT(char(10)%252Ca.order_time%252C%2520120)%253E%253D'2022-02-01')%2520and%2520(CONVERT(char(10)%252Ca.order_time%252C%2520120)%253C%253D'2022-02-28')%2520and%2520(a.number%253E0%2520and%2520a.supplier_code%253D'00100010')&queryText=%25E3%2580%2590%25E9%2587%2587%25E8%25B4%25AD%25E6%2597%25A5%25E6%259C%259F%253A2022-02-01%2520%25E8%2587%25B3%25202022-02-28%25E3%2580%2591%2520%25E5%25B9%25B6%25E4%25B8%2594%2520%25E3%2580%2590%25E4%25BE%259B%25E5%25BA%2594%25E5%2595%2586%253D%25E7%258C%25AA%25E8%2582%2589%25EF%25BC%2588%25E6%259D%258E%25E5%2585%2589%25E5%2589%258D%25EF%25BC%2589%25E3%2580%2591 HTTP/1.1" 200 54374
180.157.251.97 - - [07/Mar/2022:10:08:20 +0800] "GET /xingrg/dwr/interface/AjaxReportQueryService.js HTTP/1.1" 200 13203
180.157.251.97 - - [07/Mar/2022:10:08:20 +0800] "GET /xingrg/dwr/engine.js HTTP/1.1" 200 43631
180.157.251.97 - - [07/Mar/2022:10:08:21 +0800] "POST /xingrg/all/report/load_report_page.html HTTP/1.1" 200 8717
180.157.251.97 - - [07/Mar/2022:10:08:21 +0800] "GET /xingrg/servlets/image?cache=0.1288555280516095&image=px HTTP/1.1" 200 807
58.39.61.91 - - [07/Mar/2022:10:08:21 +0800] "GET /xingrg/all/function/internal_message.html?_=1646618900934&CODE_STATE=getMsg HTTP/1.1" 200 27
58.39.61.91 - - [07/Mar/2022:10:08:22 +0800] "GET /xingrg/kc/base/yddb_order_add.html HTTP/1.1" 200 29837
58.39.61.91 - - [07/Mar/2022:10:08:22 +0800] "GET /xingrg/dwr/interface/AjaxYddbService.js HTTP/1.1" 200 13201
58.39.61.91 - - [07/Mar/2022:10:08:22 +0800] "GET /xingrg/dwr/interface/AjaxComOrderService.js HTTP/1.1" 200 18264
58.39.61.91 - - [07/Mar/2022:10:08:22 +0800] "GET /xingrg/dwr/engine.js HTTP/1.1" 200 43631
180.157.251.97 - - [07/Mar/2022:10:08:23 +0800] "POST /xingrg/all/report/load_report_page.html HTTP/1.1" 200 83300
180.157.251.97 - - [07/Mar/2022:10:08:23 +0800] "GET /xingrg/images/blue/button/back2.gif HTTP/1.1" 304 -
180.157.251.97 - - [07/Mar/2022:10:08:23 +0800] "GET /xingrg/images/blue/button/back.gif HTTP/1.1" 304 -
180.157.251.97 - - [07/Mar/2022:10:08:23 +0800] "GET /xingrg/servlets/image?cache=0.21305259338494043&image=px HTTP/1.1" 200 807
58.39.61.91 - - [07/Mar/2022:10:08:25 +0800] "GET /xingrg/all/function/internal_message.html?_=1646618860711&CODE_STATE=getMsg HTTP/1.1" 200 27
58.39.61.91 - - [07/Mar/2022:10:08:25 +0800] "POST /xingrg/dwr/call/plaincall/AjaxYddbService.getRestBases.dwr HTTP/1.1" 200 1562
222.69.132.164 - - [07/Mar/2022:10:08:25 +0800] "GET /xingrg/all/function/internal_message.html?_=1646618992874&CODE_STATE=getMsg HTTP/1.1" 200 27
180.157.251.97 - - [07/Mar/2022:10:08:26 +0800] "POST /xingrg/all/report/load_report_page.html HTTP/1.1" 200 83223
180.157.251.97 - - [07/Mar/2022:10:08:26 +0800] "GET /xingrg/servlets/image?cache=0.03128017643968384&image=px HTTP/1.1" 200 807
180.169.147.146 - - [07/Mar/2022:10:08:28 +0800] "GET /xingrg/all/function/internal_message.html?_=1646618922012&CODE_STATE=getMsg HTTP/1.1" 200 27
58.39.168.32 - - [07/Mar/2022:10:08:28 +0800] "GET /xingrg/all/function/internal_message.html?_=1646618846514&CODE_STATE=getMsg HTTP/1.1" 200 27
180.157.251.97 - - [07/Mar/2022:10:08:28 +0800] "POST /xingrg/all/report/report_print.html HTTP/1.1" 302 -
180.157.251.97 - - [07/Mar/2022:10:08:28 +0800] "GET /xingrg/servlets/image?image=px HTTP/1.1" 200 807
180.157.251.97 - - [07/Mar/2022:10:08:28 +0800] "GET /xingrg/servlets/html?sysBaseUrl=http%3A%2F%2F180.169.147.146%3A18081%2Fxingrg%2F&costTime=240×tamp=1646618908604 HTTP/1.1" 200 114715
180.157.251.97 - - [07/Mar/2022:10:08:28 +0800] "GET /favicon.ico HTTP/1.1" 404 -
114.88.156.203 - - [07/Mar/2022:10:08:28 +0800] "GET /xingrg/kc/buy/cgsh_order_operate.html?command=get_materiel&rest_code=00141&code=00101008096&supplier_code=00100007&order_time=2022-03-07 HTTP/1.1" 200 433
58.39.61.91 - - [07/Mar/2022:10:08:31 +0800] "POST /xingrg/dwr/call/plaincall/AjaxYddbService.saveOrder.dwr HTTP/1.1" 200 78
222.69.132.164 - - [07/Mar/2022:10:08:32 +0800] "GET /xingrg/javascript/jquery_easy_ui/themes/default/images/tabs_active.png HTTP/1.1" 200 2894
58.39.61.91 - - [07/Mar/2022:10:08:34 +0800] "POST /xingrg/dwr/call/plaincall/AjaxComOrderService.getMaterielSearchList.dwr HTTP/1.1" 200 46847
58.39.61.91 - - [07/Mar/2022:10:08:35 +0800] "POST /xingrg/dwr/call/plaincall/AjaxComOrderService.getMaterielSearchList.dwr HTTP/1.1" 200 1961
222.70.223.103 - - [07/Mar/2022:10:08:36 +0800] "GET /xingrg/all/function/internal_message.html?_=1646618915973&CODE_STATE=getMsg HTTP/1.1" 200 27
180.157.251.97 - - [07/Mar/2022:10:08:38 +0800] "GET /xingrg/all/report/report_query.html?isQuery=1&fileName=kc/buy/wlcg_cate_hz.xml&queryString=(CONVERT(char(10)%252Ca.order_time%252C%2520120)%253E%253D'2022-02-01')%2520and%2520(CONVERT(char(10)%252Ca.order_time%252C%2520120)%253C%253D'2022-02-28')%2520and%2520(a.supplier_code%253D'00100017')&queryText=%25E3%2580%2590%25E9%2587%2587%25E8%25B4%25AD%25E6%2597%25A5%25E6%259C%259F%253A2022-02-01%2520%25E8%2587%25B3%25202022-02-28%25E3%2580%2591%2520%25E5%25B9%25B6%25E4%25B8%2594%2520%25E3%2580%2590%25E4%25BE%259B%25E5%25BA%2594%25E5%2595%2586%253D%25E9%2585%2592%25E6%25B0%25B4%25EF%25BC%2588%25E9%25BE%2599%25E5%25B7%259D%25EF%25BC%2589%25E3%2580%2591 HTTP/1.1" 200 54355
180.157.251.97 - - [07/Mar/2022:10:08:38 +0800] "GET /xingrg/dwr/interface/AjaxReportQueryService.js HTTP/1.1" 200 13203
180.157.251.97 - - [07/Mar/2022:10:08:38 +0800] "GET /xingrg/dwr/engine.js HTTP/1.1" 200 43631
114.88.156.203 - - [07/Mar/2022:10:08:39 +0800] "GET /xingrg/check_reg.html?_=1646618711656 HTTP/1.1" 200 22
114.88.156.203 - - [07/Mar/2022:10:08:39 +0800] "GET /xingrg/all/function/internal_message.html?_=1646618711655&CODE_STATE=getMsg HTTP/1.1" 200 27
58.39.61.91 - - [07/Mar/2022:10:08:39 +0800] "POST /xingrg/dwr/call/plaincall/AjaxYddbService.getMaterielByMap.dwr HTTP/1.1" 200 3825
114.88.156.203 - - [07/Mar/2022:10:08:40 +0800] "GET /xingrg/kc/buy/cgsh_order_operate.html?command=get_materiel&rest_code=00141&code=00101008361&supplier_code=00100007&order_time=2022-03-07 HTTP/1.1" 200 428
180.157.251.97 - - [07/Mar/2022:10:08:40 +0800] "POST /xingrg/all/report/load_report_page.html HTTP/1.1" 200 8712
180.157.251.97 - - [07/Mar/2022:10:08:40 +0800] "GET /xingrg/servlets/image?cache=0.9297299419745558&image=px HTTP/1.1" 200 807
180.157.251.97 - - [07/Mar/2022:10:08:42 +0800] "POST /xingrg/all/report/load_report_page.html HTTP/1.1" 200 36945
180.157.251.97 - - [07/Mar/2022:10:08:42 +0800] "GET /xingrg/servlets/image?cache=0.6684907419426362&image=px HTTP/1.1" 200 807
58.39.61.91 - - [07/Mar/2022:10:08:42 +0800] "POST /xingrg/dwr/call/plaincall/AjaxYddbService.getUnitPrice.dwr HTTP/1.1" 200 85
124.79.79.90 - - [07/Mar/2022:10:08:43 +0800] "GET /xingrg/all/function/internal_message.html?_=1646618923389&CODE_STATE=getMsg HTTP/1.1" 200 27
180.157.251.97 - - [07/Mar/2022:10:08:44 +0800] "POST /xingrg/all/report/load_report_page.html HTTP/1.1" 200 36945
180.157.251.97 - - [07/Mar/2022:10:08:44 +0800] "GET /xingrg/servlets/image?cache=0.3050897190838867&image=px HTTP/1.1" 200 807
58.39.61.91 - - [07/Mar/2022:10:08:45 +0800] "POST /xingrg/dwr/call/plaincall/AjaxYddbService.saveMaterielItem.dwr HTTP/1.1" 200 78
180.157.251.97 - - [07/Mar/2022:10:08:45 +0800] "POST /xingrg/all/report/report_print.html HTTP/1.1" 302 -
180.157.251.97 - - [07/Mar/2022:10:08:45 +0800] "GET /xingrg/servlets/html?sysBaseUrl=http%3A%2F%2F180.169.147.146%3A18081%2Fxingrg%2F&costTime=208×tamp=1646618925700 HTTP/1.1" 200 36845
180.157.251.97 - - [07/Mar/2022:10:08:45 +0800] "GET /xingrg/servlets/image?image=px HTTP/1.1" 200 807
180.157.251.97 - - [07/Mar/2022:10:08:45 +0800] "GET /favicon.ico HTTP/1.1" 404 -
58.39.61.91 - - [07/Mar/2022:10:08:48 +0800] "POST /xingrg/dwr/call/plaincall/AjaxComOrderService.getMaterielSearchList.dwr HTTP/1.1" 200 16512
58.39.61.91 - - [07/Mar/2022:10:08:49 +0800] "POST /xingrg/dwr/call/plaincall/AjaxComOrderService.getMaterielSearchList.dwr HTTP/1.1" 200 683
58.39.61.91 - - [07/Mar/2022:10:08:50 +0800] "POST /xingrg/dwr/call/plaincall/AjaxComOrderService.getMaterielSearchList.dwr HTTP/1.1" 200 282
58.39.61.91 - - [07/Mar/2022:10:08:51 +0800] "POST /xingrg/dwr/call/plaincall/AjaxYddbService.getMaterielByMap.dwr HTTP/1.1" 200 3767
222.70.180.114 - - [07/Mar/2022:10:08:52 +0800] "GET /xingrg/all/function/internal_message.html?_=1646618931149&CODE_STATE=getMsg HTTP/1.1" 200 27
58.39.61.91 - - [07/Mar/2022:10:08:53 +0800] "POST /xingrg/dwr/call/plaincall/AjaxYddbService.saveMaterielItem.dwr HTTP/1.1" 200 79
180.157.251.97 - - [07/Mar/2022:10:08:54 +0800] "GET /xingrg/all/report/report_query.html?isQuery=1&fileName=kc/buy/wlcg_cate_hz.xml&queryString=(CONVERT(char(10)%252Ca.order_time%252C%2520120)%253E%253D'2022-02-01')%2520and%2520(CONVERT(char(10)%252Ca.order_time%252C%2520120)%253C%253D'2022-02-28')%2520and%2520(a.supplier_code%253D'00100028')&queryText=%25E3%2580%2590%25E9%2587%2587%25E8%25B4%25AD%25E6%2597%25A5%25E6%259C%259F%253A2022-02-01%2520%25E8%2587%25B3%25202022-02-28%25E3%2580%2591%2520%25E5%25B9%25B6%25E4%25B8%2594%2520%25E3%2580%2590%25E4%25BE%259B%25E5%25BA%2594%25E5%2595%2586%253D%25E7%25B2%25AE%25E6%25B2%25B9%25EF%25BC%2588%25E9%259F%25A9%25E6%25B5%25B7%25E5%2585%25B5%25EF%25BC%2589%25E3%2580%2591 HTTP/1.1" 200 54359
180.157.251.97 - - [07/Mar/2022:10:08:54 +0800] "GET /xingrg/dwr/interface/AjaxReportQueryService.js HTTP/1.1" 200 13203
180.157.251.97 - - [07/Mar/2022:10:08:54 +0800] "GET /xingrg/dwr/engine.js HTTP/1.1" 200 43631
180.157.251.97 - - [07/Mar/2022:10:08:55 +0800] "POST /xingrg/all/report/load_report_page.html HTTP/1.1" 200 8696
180.157.251.97 - - [07/Mar/2022:10:08:55 +0800] "GET /xingrg/servlets/image?cache=0.43167191390271&image=px HTTP/1.1" 200 807
180.157.251.97 - - [07/Mar/2022:10:08:57 +0800] "POST /xingrg/all/report/load_report_page.html HTTP/1.1" 200 19831
180.157.251.97 - - [07/Mar/2022:10:08:57 +0800] "GET /xingrg/servlets/image?cache=0.539381512980165&image=px HTTP/1.1" 200 807
58.39.61.91 - - [07/Mar/2022:10:08:57 +0800] "POST /xingrg/dwr/call/plaincall/AjaxYddbService.checkOrder.dwr HTTP/1.1" 200 79
58.39.61.91 - - [07/Mar/2022:10:08:59 +0800] "GET /xingrg/kc/base/yddb_order_info.html?code=482022030700041 HTTP/1.1" 200 29505
58.39.61.91 - - [07/Mar/2022:10:08:59 +0800] "GET /xingrg/dwr/interface/AjaxYddbService.js HTTP/1.1" 200 13201
58.39.61.91 - - [07/Mar/2022:10:08:59 +0800] "GET /xingrg/dwr/interface/AjaxComOrderService.js HTTP/1.1" 200 18264
58.39.61.91 - - [07/Mar/2022:10:08:59 +0800] "GET /xingrg/dwr/engine.js HTTP/1.1" 200 43631
58.39.61.91 - - [07/Mar/2022:10:08:59 +0800] "POST /xingrg/dwr/call/plaincall/AjaxYddbService.loadMaterielItems.dwr HTTP/1.1" 200 754
180.157.251.97 - - [07/Mar/2022:10:08:59 +0800] "POST /xingrg/all/report/load_report_page.html HTTP/1.1" 200 19859
180.157.251.97 - - [07/Mar/2022:10:08:59 +0800] "GET /xingrg/servlets/image?cache=0.34764285636683856&image=px HTTP/1.1" 200 807
180.157.251.97 - - [07/Mar/2022:10:09:03 +0800] "POST /xingrg/all/report/report_print.html HTTP/1.1" 302 -
180.157.251.97 - - [07/Mar/2022:10:09:03 +0800] "GET /xingrg/servlets/html?sysBaseUrl=http%3A%2F%2F180.169.147.146%3A18081%2Fxingrg%2F&costTime=239×tamp=1646618943912 HTTP/1.1" 200 21019
180.157.251.97 - - [07/Mar/2022:10:09:03 +0800] "GET /xingrg/servlets/image?image=px HTTP/1.1" 200 807
180.157.251.97 - - [07/Mar/2022:10:09:03 +0800] "GET /favicon.ico HTTP/1.1" 404 -
180.157.251.97 - - [07/Mar/2022:10:09:05 +0800] "GET /xingrg/all/function/internal_message.html?_=1646618944226&CODE_STATE=getMsg HTTP/1.1" 200 27
58.39.61.91 - - [07/Mar/2022:10:09:08 +0800] "GET /xingrg/check_reg.html?_=1646618948249 HTTP/1.1" 200 22
58.39.61.91 - - [07/Mar/2022:10:09:08 +0800] "GET /xingrg/all/function/internal_message.html?_=1646618948254&CODE_STATE=getMsg HTTP/1.1" 200 27
180.169.147.146 - - [07/Mar/2022:10:09:08 +0800] "GET /xingrg/all/function/internal_message.html?_=1646618947954&CODE_STATE=getMsg HTTP/1.1" 200 27
180.157.251.97 - - [07/Mar/2022:10:09:12 +0800] "GET /xingrg/all/report/report_query.html?isQuery=1&fileName=kc/buy/wlcg_cate_hz.xml&queryString=(CONVERT(char(10)%252Ca.order_time%252C%2520120)%253E%253D'2022-02-01')%2520and%2520(CONVERT(char(10)%252Ca.order_time%252C%2520120)%253C%253D'2022-02-28')%2520and%2520(a.supplier_code%253D'00100036')&queryText=%25E3%2580%2590%25E9%2587%2587%25E8%25B4%25AD%25E6%2597%25A5%25E6%259C%259F%253A2022-02-01%2520%25E8%2587%25B3%25202022-02-28%25E3%2580%2591%2520%25E5%25B9%25B6%25E4%25B8%2594%2520%25E3%2580%2590%25E4%25BE%259B%25E5%25BA%2594%25E5%2595%2586%253D%25E8%25B1%2586%25E5%2588%25B6%25E5%2593%2581%25EF%25BC%2588%25E6%259D%258E%25E8%25B4%25BB%25E5%258D%258E%25EF%25BC%2589%25E3%2580%2591 HTTP/1.1" 200 54363
180.157.251.97 - - [07/Mar/2022:10:09:12 +0800] "GET /xingrg/dwr/interface/AjaxReportQueryService.js HTTP/1.1" 200 13203
180.157.251.97 - - [07/Mar/2022:10:09:12 +0800] "GET /xingrg/dwr/engine.js HTTP/1.1" 200 43631
180.157.251.97 - - [07/Mar/2022:10:09:14 +0800] "POST /xingrg/all/report/load_report_page.html HTTP/1.1" 200 8716
180.157.251.97 - - [07/Mar/2022:10:09:14 +0800] "GET /xingrg/servlets/image?cache=0.4129998292470213&image=px HTTP/1.1" 200 807
180.157.251.97 - - [07/Mar/2022:10:09:15 +0800] "POST /xingrg/all/report/load_report_page.html HTTP/1.1" 200 83259
180.157.251.97 - - [07/Mar/2022:10:09:15 +0800] "GET /xingrg/servlets/image?cache=0.379596624143146&image=px HTTP/1.1" 200 807
116.224.122.7 - - [07/Mar/2022:10:09:16 +0800] "GET /xingrg/all/function/internal_message.html?_=1646618955686&CODE_STATE=getMsg HTTP/1.1" 200 27
116.224.122.7 - - [07/Mar/2022:10:09:16 +0800] "GET /xingrg/check_reg.html?_=1646618955690 HTTP/1.1" 200 22
222.70.243.96 - - [07/Mar/2022:10:09:18 +0800] "GET /xingrg/all/function/internal_message.html?_=1646618959156&CODE_STATE=getMsg HTTP/1.1" 200 27
180.157.251.97 - - [07/Mar/2022:10:09:18 +0800] "POST /xingrg/all/report/load_report_page.html HTTP/1.1" 200 83275
180.157.251.97 - - [07/Mar/2022:10:09:18 +0800] "GET /xingrg/servlets/image?cache=0.8850091333208822&image=px HTTP/1.1" 200 807
180.157.251.97 - - [07/Mar/2022:10:09:19 +0800] "POST /xingrg/all/report/report_print.html HTTP/1.1" 302 -
180.157.251.97 - - [07/Mar/2022:10:09:19 +0800] "GET /xingrg/servlets/image?image=px HTTP/1.1" 200 807
180.157.251.97 - - [07/Mar/2022:10:09:19 +0800] "GET /xingrg/servlets/html?sysBaseUrl=http%3A%2F%2F180.169.147.146%3A18081%2Fxingrg%2F&costTime=180×tamp=1646618959808 HTTP/1.1" 200 92856
180.157.251.97 - - [07/Mar/2022:10:09:19 +0800] "GET /favicon.ico HTTP/1.1" 404 -
58.39.61.91 - - [07/Mar/2022:10:09:21 +0800] "GET /xingrg/all/function/internal_message.html?_=1646618960941&CODE_STATE=getMsg HTTP/1.1" 200 27
58.39.61.91 - - [07/Mar/2022:10:09:25 +0800] "GET /xingrg/all/function/internal_message.html?_=1646618920769&CODE_STATE=getMsg HTTP/1.1" 200 27
222.69.132.164 - - [07/Mar/2022:10:09:25 +0800] "GET /xingrg/all/function/internal_message.html?_=1646619052867&CODE_STATE=getMsg HTTP/1.1" 200 27
180.169.147.146 - - [07/Mar/2022:10:09:28 +0800] "GET /xingrg/all/function/internal_message.html?_=1646618982001&CODE_STATE=getMsg HTTP/1.1" 200 27
58.39.168.32 - - [07/Mar/2022:10:09:28 +0800] "GET /xingrg/all/function/internal_message.html?_=1646618906515&CODE_STATE=getMsg HTTP/1.1" 200 27
222.70.223.103 - - [07/Mar/2022:10:09:36 +0800] "GET /xingrg/check_reg.html?_=1646618975968 HTTP/1.1" 200 22
222.70.223.103 - - [07/Mar/2022:10:09:36 +0800] "GET /xingrg/all/function/internal_message.html?_=1646618975972&CODE_STATE=getMsg HTTP/1.1" 200 27
180.157.251.97 - - [07/Mar/2022:10:09:37 +0800] "GET /xingrg/all/report/report_query.html?isQuery=1&fileName=kc/buy/wlcg_cate_hz.xml&queryString=(CONVERT(char(10)%252Ca.order_time%252C%2520120)%253E%253D'2022-02-01')%2520and%2520(CONVERT(char(10)%252Ca.order_time%252C%2520120)%253C%253D'2022-02-28')%2520and%2520(a.supplier_code%253D'00100424')&queryText=%25E3%2580%2590%25E9%2587%2587%25E8%25B4%25AD%25E6%2597%25A5%25E6%259C%259F%253A2022-02-01%2520%25E8%2587%25B3%25202022-02-28%25E3%2580%2591%2520%25E5%25B9%25B6%25E4%25B8%2594%2520%25E3%2580%2590%25E4%25BE%259B%25E5%25BA%2594%25E5%2595%2586%253D%25E6%25B0%25B4%25E6%259E%259C%25EF%25BC%2588%25E6%25AD%25A6%25E9%2587%2591%25E7%25BA%25A2%25EF%25BC%2589%25E3%2580%2591 HTTP/1.1" 200 54359
180.157.251.97 - - [07/Mar/2022:10:09:37 +0800] "GET /xingrg/dwr/interface/AjaxReportQueryService.js HTTP/1.1" 200 13203
180.157.251.97 - - [07/Mar/2022:10:09:38 +0800] "GET /xingrg/dwr/engine.js HTTP/1.1" 200 43631
180.157.251.97 - - [07/Mar/2022:10:09:39 +0800] "POST /xingrg/all/report/load_report_page.html HTTP/1.1" 200 8724
180.157.251.97 - - [07/Mar/2022:10:09:39 +0800] "GET /xingrg/servlets/image?cache=0.45987260604050073&image=px HTTP/1.1" 200 807
114.88.156.203 - - [07/Mar/2022:10:09:39 +0800] "GET /xingrg/all/function/internal_message.html?_=1646618771709&CODE_STATE=getMsg HTTP/1.1" 200 27
180.157.251.97 - - [07/Mar/2022:10:09:42 +0800] "POST /xingrg/all/report/load_report_page.html HTTP/1.1" 200 63523
180.157.251.97 - - [07/Mar/2022:10:09:42 +0800] "GET /xingrg/servlets/image?cache=0.5513762367607088&image=px HTTP/1.1" 200 807
124.79.79.90 - - [07/Mar/2022:10:09:43 +0800] "GET /xingrg/all/function/internal_message.html?_=1646618983360&CODE_STATE=getMsg HTTP/1.1" 200 27
222.70.243.96 - - [07/Mar/2022:10:09:45 +0800] "GET /xingrg/check_reg.html?_=1646618985935 HTTP/1.1" 200 22
180.157.251.97 - - [07/Mar/2022:10:09:46 +0800] "POST /xingrg/all/report/load_report_page.html HTTP/1.1" 200 63523
180.157.251.97 - - [07/Mar/2022:10:09:46 +0800] "GET /xingrg/servlets/image?cache=0.9993216015309189&image=px HTTP/1.1" 200 807
180.157.251.97 - - [07/Mar/2022:10:09:47 +0800] "POST /xingrg/all/report/report_print.html HTTP/1.1" 302 -
180.157.251.97 - - [07/Mar/2022:10:09:47 +0800] "GET /xingrg/servlets/image?image=px HTTP/1.1" 200 807
180.157.251.97 - - [07/Mar/2022:10:09:47 +0800] "GET /xingrg/servlets/html?sysBaseUrl=http%3A%2F%2F180.169.147.146%3A18081%2Fxingrg%2F&costTime=178×tamp=1646618987956 HTTP/1.1" 200 61474
180.157.251.97 - - [07/Mar/2022:10:09:48 +0800] "GET /favicon.ico HTTP/1.1" 404 -
222.70.180.114 - - [07/Mar/2022:10:09:52 +0800] "GET /xingrg/all/function/internal_message.html?_=1646618991147&CODE_STATE=getMsg HTTP/1.1" 200 27
114.88.156.203 - - [07/Mar/2022:10:09:53 +0800] "GET /xingrg/kc/buy/cgsh_order_operate.html?command=get_materiel&rest_code=00141&code=00101008242&supplier_code=00100007&order_time=2022-03-07 HTTP/1.1" 200 427
116.224.122.7 - - [07/Mar/2022:10:09:55 +0800] "GET /xingrg/kc/mdqp/pssh_order_list.html HTTP/1.1" 200 17700
116.224.122.7 - - [07/Mar/2022:10:09:55 +0800] "POST /xingrg/kc/mdqp/pssh_list_operate.html HTTP/1.1" 200 5246
114.88.156.203 - - [07/Mar/2022:10:09:55 +0800] "POST /xingrg/kc/buy/cgsh_order_operate.html HTTP/1.1" 200 2065
116.224.122.7 - - [07/Mar/2022:10:09:57 +0800] "GET /xingrg/kc/buy/cgsh_order_list.html HTTP/1.1" 200 49786
116.224.122.7 - - [07/Mar/2022:10:09:57 +0800] "POST /xingrg/kc/buy/cgsh_list_operate.html HTTP/1.1" 200 876
114.88.156.203 - - [07/Mar/2022:10:10:02 +0800] "GET /xingrg/kc/buy/cgsh_order_operate.html?command=get_materiel&rest_code=00141&code=00101008300&supplier_code=00100007&order_time=2022-03-07 HTTP/1.1" 200 432
180.157.251.97 - - [07/Mar/2022:10:10:05 +0800] "GET /xingrg/all/function/internal_message.html?_=1646619004199&CODE_STATE=getMsg HTTP/1.1" 200 27
58.39.61.91 - - [07/Mar/2022:10:10:08 +0800] "GET /xingrg/all/function/internal_message.html?_=1646619008240&CODE_STATE=getMsg HTTP/1.1" 200 27
180.169.147.146 - - [07/Mar/2022:10:10:08 +0800] "GET /xingrg/all/function/internal_message.html?_=1646619007953&CODE_STATE=getMsg HTTP/1.1" 200 27
58.39.61.91 - - [07/Mar/2022:10:10:10 +0800] "POST /xingrg/all/user/operate.html HTTP/1.1" 200 36
58.39.61.91 - - [07/Mar/2022:10:10:10 +0800] "GET /xingrg/javascript/jquery_easy_ui/themes/default/easyui.css HTTP/1.1" 304 -
58.39.61.91 - - [07/Mar/2022:10:10:10 +0800] "GET /xingrg/index.html?sysBaseUrl=http%3A%2F%2F180.169.147.146%3A18081%2Fxingrg%2F&costTime=40×tamp=1646613601654 HTTP/1.1" 200 17177
58.39.61.91 - - [07/Mar/2022:10:10:10 +0800] "GET /xingrg/javascript/jquery_easy_ui/themes/icon.css HTTP/1.1" 304 -
58.39.61.91 - - [07/Mar/2022:10:10:10 +0800] "GET /xingrg/css/form.css HTTP/1.1" 304 -
58.39.61.91 - - [07/Mar/2022:10:10:10 +0800] "GET /xingrg/javascript/jquery-1.4.2.min.js HTTP/1.1" 304 -
58.39.61.91 - - [07/Mar/2022:10:10:10 +0800] "GET /xingrg/javascript/jquery_easy_ui/jquery.easyui.min.js HTTP/1.1" 304 -
58.39.61.91 - - [07/Mar/2022:10:10:10 +0800] "GET /xingrg/javascript/jquery_easy_ui/easyui-lang-zh_CN.js HTTP/1.1" 304 -
58.39.61.91 - - [07/Mar/2022:10:10:10 +0800] "GET /xingrg/javascript/jquery.form.js HTTP/1.1" 304 -
58.39.61.91 - - [07/Mar/2022:10:10:10 +0800] "GET /xingrg/javascript/jquery.utils.js HTTP/1.1" 304 -
58.39.61.91 - - [07/Mar/2022:10:10:10 +0800] "GET /xingrg/javascript/jquery.timers.js HTTP/1.1" 304 -
58.39.61.91 - - [07/Mar/2022:10:10:10 +0800] "GET /xingrg/images/blue/jxLogo.png HTTP/1.1" 304 -
58.39.61.91 - - [07/Mar/2022:10:10:10 +0800] "GET /xingrg/images/blue/navBackgound.jpg HTTP/1.1" 304 -
58.39.61.91 - - [07/Mar/2022:10:10:10 +0800] "GET /xingrg/javascript/jquery_easy_ui/themes/icons/settle_new.png HTTP/1.1" 304 -
58.39.61.91 - - [07/Mar/2022:10:10:10 +0800] "POST /xingrg/all/common/load_tree.html?tree=area_rest_tree_json&manage=1 HTTP/1.1" 200 476
58.39.61.91 - - [07/Mar/2022:10:10:10 +0800] "GET /xingrg/all/function/internal_message.html?_=1646619009822&CODE_STATE=count HTTP/1.1" 200 11
58.39.61.91 - - [07/Mar/2022:10:10:10 +0800] "GET /xingrg/check_reg.html?_=1646619009824 HTTP/1.1" 200 22
58.39.61.91 - - [07/Mar/2022:10:10:10 +0800] "GET /xingrg/javascript/jquery_easy_ui/themes/default/images/tabs_rightarrow.png HTTP/1.1" 304 -
58.39.61.91 - - [07/Mar/2022:10:10:10 +0800] "GET /xingrg/javascript/jquery_easy_ui/themes/default/images/panel_tool_collapse.gif HTTP/1.1" 304 -
58.39.61.91 - - [07/Mar/2022:10:10:10 +0800] "GET /xingrg/images/blue/pingpu.png HTTP/1.1" 304 -
58.39.61.91 - - [07/Mar/2022:10:10:10 +0800] "GET /xingrg/javascript/jquery_easy_ui/themes/default/images/tabs_leftarrow.png HTTP/1.1" 304 -
58.39.61.91 - - [07/Mar/2022:10:10:10 +0800] "POST /xingrg/load_menu.html HTTP/1.1" 200 5138
58.39.61.91 - - [07/Mar/2022:10:10:15 +0800] "GET /xingrg/kc/base/yddb_order_list.html HTTP/1.1" 200 16628
58.39.61.91 - - [07/Mar/2022:10:10:15 +0800] "POST /xingrg/kc/base/yddb_list_operate.html HTTP/1.1" 200 636
116.224.122.7 - - [07/Mar/2022:10:10:16 +0800] "GET /xingrg/all/function/internal_message.html?_=1646619015688&CODE_STATE=getMsg HTTP/1.1" 200 27
58.39.61.91 - - [07/Mar/2022:10:10:18 +0800] "POST /xingrg/kc/base/yddb_list_operate.html HTTP/1.1" 200 1608
222.70.243.96 - - [07/Mar/2022:10:10:18 +0800] "GET /xingrg/all/function/internal_message.html?_=1646619019161&CODE_STATE=getMsg HTTP/1.1" 200 27
58.39.61.91 - - [07/Mar/2022:10:10:20 +0800] "POST /xingrg/kc/base/yddb_list_operate.html HTTP/1.1" 200 287
58.39.61.91 - - [07/Mar/2022:10:10:20 +0800] "GET /xingrg/kc/base/yddb_order_info.html?code=482022030700041 HTTP/1.1" 200 31070
58.39.61.91 - - [07/Mar/2022:10:10:20 +0800] "GET /xingrg/dwr/interface/AjaxComOrderService.js HTTP/1.1" 200 18264
58.39.61.91 - - [07/Mar/2022:10:10:20 +0800] "GET /xingrg/dwr/interface/AjaxYddbService.js HTTP/1.1" 200 13201
58.39.61.91 - - [07/Mar/2022:10:10:20 +0800] "GET /xingrg/dwr/engine.js HTTP/1.1" 200 43631
58.39.61.91 - - [07/Mar/2022:10:10:20 +0800] "POST /xingrg/dwr/call/plaincall/AjaxYddbService.loadMaterielItems.dwr HTTP/1.1" 200 754
58.39.61.91 - - [07/Mar/2022:10:10:21 +0800] "GET /xingrg/all/function/internal_message.html?_=1646619020942&CODE_STATE=getMsg HTTP/1.1" 200 27
58.39.61.91 - - [07/Mar/2022:10:10:25 +0800] "GET /xingrg/all/function/internal_message.html?_=1646618980784&CODE_STATE=getMsg HTTP/1.1" 200 27
222.69.132.164 - - [07/Mar/2022:10:10:25 +0800] "GET /xingrg/check_reg.html?_=1646619112879 HTTP/1.1" 200 22
222.69.132.164 - - [07/Mar/2022:10:10:25 +0800] "GET /xingrg/all/function/internal_message.html?_=1646619112880&CODE_STATE=getMsg HTTP/1.1" 200 27
180.169.147.146 - - [07/Mar/2022:10:10:28 +0800] "GET /xingrg/all/function/internal_message.html?_=1646619042009&CODE_STATE=getMsg HTTP/1.1" 200 27
180.169.147.146 - - [07/Mar/2022:10:10:28 +0800] "GET /xingrg/check_reg.html?_=1646619042010 HTTP/1.1" 200 22
58.39.168.32 - - [07/Mar/2022:10:10:28 +0800] "GET /xingrg/all/function/internal_message.html?_=1646618966514&CODE_STATE=getMsg HTTP/1.1" 200 27
58.39.61.91 - - [07/Mar/2022:10:10:29 +0800] "POST /xingrg/dwr/call/plaincall/AjaxYddbService.saveOrder.dwr HTTP/1.1" 200 78
222.70.243.96 - - [07/Mar/2022:10:10:32 +0800] "POST /xingrg/services/DataTransmitService HTTP/1.1" 200 524
58.39.61.91 - - [07/Mar/2022:10:10:32 +0800] "POST /xingrg/dwr/call/plaincall/AjaxYddbService.objCheckOrder.dwr HTTP/1.1" 200 78
58.39.61.91 - - [07/Mar/2022:10:10:33 +0800] "GET /xingrg/kc/base/yddb_order_info.html?code=482022030700041 HTTP/1.1" 200 31191
58.39.61.91 - - [07/Mar/2022:10:10:33 +0800] "GET /xingrg/dwr/interface/AjaxYddbService.js HTTP/1.1" 200 13201
58.39.61.91 - - [07/Mar/2022:10:10:33 +0800] "GET /xingrg/dwr/interface/AjaxComOrderService.js HTTP/1.1" 200 18264
222.70.243.96 - - [07/Mar/2022:10:10:33 +0800] "POST /xingrg/services/DataTransmitService HTTP/1.1" 200 501
58.39.61.91 - - [07/Mar/2022:10:10:33 +0800] "GET /xingrg/dwr/engine.js HTTP/1.1" 200 43631
58.39.61.91 - - [07/Mar/2022:10:10:34 +0800] "POST /xingrg/dwr/call/plaincall/AjaxYddbService.loadMaterielItems.dwr HTTP/1.1" 200 754
58.39.61.91 - - [07/Mar/2022:10:10:35 +0800] "GET /xingrg/kc/base/yddb_order_list.html?isBack=1 HTTP/1.1" 200 16628
58.39.61.91 - - [07/Mar/2022:10:10:35 +0800] "POST /xingrg/kc/base/yddb_list_operate.html HTTP/1.1" 200 636
222.70.223.103 - - [07/Mar/2022:10:10:36 +0800] "GET /xingrg/all/function/internal_message.html?_=1646619035960&CODE_STATE=getMsg HTTP/1.1" 200 27
58.39.61.91 - - [07/Mar/2022:10:10:38 +0800] "POST /xingrg/kc/base/yddb_list_operate.html HTTP/1.1" 200 1349
58.39.61.91 - - [07/Mar/2022:10:10:38 +0800] "POST /xingrg/kc/base/yddb_list_operate.html HTTP/1.1" 200 652
114.88.156.203 - - [07/Mar/2022:10:10:39 +0800] "GET /xingrg/all/function/internal_message.html?_=1646618831703&CODE_STATE=getMsg HTTP/1.1" 200 27
58.39.61.91 - - [07/Mar/2022:10:10:39 +0800] "GET /xingrg/kc/base/yddb_order_info.html?code=482022030700040 HTTP/1.1" 200 31071
58.39.61.91 - - [07/Mar/2022:10:10:39 +0800] "GET /xingrg/dwr/interface/AjaxComOrderService.js HTTP/1.1" 200 18264
58.39.61.91 - - [07/Mar/2022:10:10:39 +0800] "GET /xingrg/dwr/interface/AjaxYddbService.js HTTP/1.1" 200 13201
58.39.61.91 - - [07/Mar/2022:10:10:39 +0800] "GET /xingrg/dwr/engine.js HTTP/1.1" 200 43631
58.39.61.91 - - [07/Mar/2022:10:10:39 +0800] "POST /xingrg/dwr/call/plaincall/AjaxYddbService.loadMaterielItems.dwr HTTP/1.1" 200 5976
124.78.159.88 - - [07/Mar/2022:10:10:43 +0800] "GET /xingrg/check_reg.html?_=1646619041600 HTTP/1.1" 200 22
58.39.61.91 - - [07/Mar/2022:10:10:43 +0800] "POST /xingrg/dwr/call/plaincall/AjaxYddbService.saveOrder.dwr HTTP/1.1" 200 78
124.79.79.90 - - [07/Mar/2022:10:10:43 +0800] "GET /xingrg/all/function/internal_message.html?_=1646619043331&CODE_STATE=getMsg HTTP/1.1" 200 27
58.39.61.91 - - [07/Mar/2022:10:10:46 +0800] "POST /xingrg/dwr/call/plaincall/AjaxYddbService.objCheckOrder.dwr HTTP/1.1" 200 78
58.39.61.91 - - [07/Mar/2022:10:10:47 +0800] "GET /xingrg/kc/base/yddb_order_info.html?code=482022030700040 HTTP/1.1" 200 31192
58.39.61.91 - - [07/Mar/2022:10:10:47 +0800] "GET /xingrg/dwr/interface/AjaxComOrderService.js HTTP/1.1" 200 18264
58.39.61.91 - - [07/Mar/2022:10:10:47 +0800] "GET /xingrg/dwr/interface/AjaxYddbService.js HTTP/1.1" 200 13201
58.39.61.91 - - [07/Mar/2022:10:10:47 +0800] "GET /xingrg/dwr/engine.js HTTP/1.1" 200 43631
58.39.61.91 - - [07/Mar/2022:10:10:47 +0800] "POST /xingrg/dwr/call/plaincall/AjaxYddbService.loadMaterielItems.dwr HTTP/1.1" 200 5976
124.78.159.88 - - [07/Mar/2022:10:10:52 +0800] "GET /xingrg/login.html HTTP/1.1" 200 7641
222.70.180.114 - - [07/Mar/2022:10:10:52 +0800] "GET /xingrg/check_reg.html?_=1646619051148 HTTP/1.1" 200 22
222.70.180.114 - - [07/Mar/2022:10:10:52 +0800] "GET /xingrg/all/function/internal_message.html?_=1646619051145&CODE_STATE=getMsg HTTP/1.1" 200 27
124.78.159.88 - - [07/Mar/2022:10:10:59 +0800] "GET /favicon.ico HTTP/1.1" 404 -
180.157.251.97 - - [07/Mar/2022:10:11:05 +0800] "GET /xingrg/all/function/internal_message.html?_=1646619064175&CODE_STATE=getMsg HTTP/1.1" 200 27
180.169.147.146 - - [07/Mar/2022:10:11:07 +0800] "GET /xingrg/check_reg.html?_=1646619067014 HTTP/1.1" 302 -
180.169.147.146 - - [07/Mar/2022:10:11:08 +0800] "GET /xingrg/all/function/internal_message.html?_=1646619067957&CODE_STATE=getMsg HTTP/1.1" 200 27
58.39.61.91 - - [07/Mar/2022:10:11:10 +0800] "GET /xingrg/all/function/internal_message.html?_=1646619069828&CODE_STATE=getMsg HTTP/1.1" 200 27
124.78.159.88 - - [07/Mar/2022:10:11:11 +0800] "POST /xingrg/login.do HTTP/1.1" 302 -
124.78.159.88 - - [07/Mar/2022:10:11:11 +0800] "GET /xingrg/index.html?sysBaseUrl=http%3A%2F%2F180.169.147.146%3A18081%2Fxingrg%2F&costTime=39×tamp=1646619071782 HTTP/1.1" 200 17173
124.78.159.88 - - [07/Mar/2022:10:11:14 +0800] "POST /xingrg/all/common/load_tree.html?tree=area_rest_tree_json&manage=1 HTTP/1.1" 200 342
124.78.159.88 - - [07/Mar/2022:10:11:14 +0800] "GET /xingrg/all/function/internal_message.html?_=1646619073335&CODE_STATE=count HTTP/1.1" 200 11
124.78.159.88 - - [07/Mar/2022:10:11:14 +0800] "GET /xingrg/check_reg.html?_=1646619073337 HTTP/1.1" 200 22
124.78.159.88 - - [07/Mar/2022:10:11:14 +0800] "GET /favicon.ico HTTP/1.1" 404 -
124.78.159.88 - - [07/Mar/2022:10:11:14 +0800] "POST /xingrg/load_menu.html HTTP/1.1" 200 5138
116.224.122.7 - - [07/Mar/2022:10:11:16 +0800] "GET /xingrg/all/function/internal_message.html?_=1646619075685&CODE_STATE=getMsg HTTP/1.1" 200 27
222.70.243.96 - - [07/Mar/2022:10:11:18 +0800] "GET /xingrg/all/function/internal_message.html?_=1646619079174&CODE_STATE=getMsg HTTP/1.1" 200 27
58.39.61.91 - - [07/Mar/2022:10:11:21 +0800] "GET /xingrg/all/function/internal_message.html?_=1646619080942&CODE_STATE=getMsg HTTP/1.1" 200 27
124.78.159.88 - - [07/Mar/2022:10:11:22 +0800] "GET /xingrg/kc/buy/buy_main.html HTTP/1.1" 200 12412
124.78.159.88 - - [07/Mar/2022:10:11:22 +0800] "GET /xingrg/css/new_ie.css HTTP/1.1" 404 1036
124.78.159.88 - - [07/Mar/2022:10:11:23 +0800] "GET /xingrg/images/yd/bt.gif HTTP/1.1" 404 1040
58.39.61.91 - - [07/Mar/2022:10:11:24 +0800] "GET /xingrg/check_reg.html?_=1646619039526 HTTP/1.1" 200 22
124.78.159.88 - - [07/Mar/2022:10:11:24 +0800] "GET /xingrg/kc/buy/cgsh_order_list.html HTTP/1.1" 200 49786
58.39.61.91 - - [07/Mar/2022:10:11:25 +0800] "GET /xingrg/all/function/internal_message.html?_=1646619040797&CODE_STATE=getMsg HTTP/1.1" 200 27
222.69.132.164 - - [07/Mar/2022:10:11:25 +0800] "GET /xingrg/all/function/internal_message.html?_=1646619172867&CODE_STATE=getMsg HTTP/1.1" 200 27
180.169.147.146 - - [07/Mar/2022:10:11:28 +0800] "GET /xingrg/all/function/internal_message.html?_=1646619101999&CODE_STATE=getMsg HTTP/1.1" 200 27
58.39.168.32 - - [07/Mar/2022:10:11:28 +0800] "GET /xingrg/check_reg.html?_=1646619026515 HTTP/1.1" 200 22
58.39.168.32 - - [07/Mar/2022:10:11:28 +0800] "GET /xingrg/all/function/internal_message.html?_=1646619026518&CODE_STATE=getMsg HTTP/1.1" 200 27
124.78.159.88 - - [07/Mar/2022:10:11:30 +0800] "POST /xingrg/kc/buy/cgsh_list_operate.html HTTP/1.1" 200 876
124.78.159.88 - - [07/Mar/2022:10:11:34 +0800] "GET /xingrg/kc/buy/cgsh_order_add.html HTTP/1.1" 200 65602
124.78.159.88 - - [07/Mar/2022:10:11:34 +0800] "GET /xingrg/words/20220305200721_words.js HTTP/1.1" 304 -
124.78.159.88 - - [07/Mar/2022:10:11:35 +0800] "GET /xingrg/all/common/auto_word.html?type=employee&rest_code=00106 HTTP/1.1" 200 205
124.78.159.88 - - [07/Mar/2022:10:11:35 +0800] "GET /xingrg/all/common/auto_word.html?type=employee&rest_code=00106 HTTP/1.1" 200 205
124.78.159.88 - - [07/Mar/2022:10:11:35 +0800] "GET /xingrg/javascript/easyui/themes/default/validatebox.css HTTP/1.1" 404 1104
124.78.159.88 - - [07/Mar/2022:10:11:35 +0800] "POST /xingrg/kc/buy/cgsh_order_operate.html HTTP/1.1" 200 8245
222.70.223.103 - - [07/Mar/2022:10:11:36 +0800] "GET /xingrg/all/function/internal_message.html?_=1646619095974&CODE_STATE=getMsg HTTP/1.1" 200 27
124.78.159.88 - - [07/Mar/2022:10:11:37 +0800] "GET /xingrg/javascript/easyui/themes/default/tree.css HTTP/1.1" 404 1090
124.78.159.88 - - [07/Mar/2022:10:11:37 +0800] "POST /xingrg/all/common/load_tree.html?tree=supplier_tree_json&isDelete=1 HTTP/1.1" 200 62257
114.88.156.203 - - [07/Mar/2022:10:11:39 +0800] "GET /xingrg/all/function/internal_message.html?_=1646618891649&CODE_STATE=getMsg HTTP/1.1" 200 27
124.79.79.90 - - [07/Mar/2022:10:11:43 +0800] "GET /xingrg/all/function/internal_message.html?_=1646619103300&CODE_STATE=getMsg HTTP/1.1" 200 27
124.78.159.88 - - [07/Mar/2022:10:11:51 +0800] "GET /xingrg/javascript/auto/indicator.gif HTTP/1.1" 404 1066
222.70.180.114 - - [07/Mar/2022:10:11:52 +0800] "GET /xingrg/all/function/internal_message.html?_=1646619111149&CODE_STATE=getMsg HTTP/1.1" 200 27
124.78.159.88 - - [07/Mar/2022:10:11:56 +0800] "GET /xingrg/kc/buy/cgsh_order_operate.html?command=get_materiel&rest_code=00106&code=00101008256&supplier_code=00100007&order_time=2022-03-07 HTTP/1.1" 200 432
114.88.156.203 - - [07/Mar/2022:10:11:59 +0800] "GET /xingrg/kc/buy/cgsh_order_operate.html?command=get_materiel&rest_code=00141&code=00101008251&supplier_code=00100007&order_time=2022-03-07 HTTP/1.1" 200 429
124.79.79.90 - - [07/Mar/2022:10:12:04 +0800] "GET /xingrg/check_reg.html?_=1646619124006 HTTP/1.1" 200 22
124.78.159.88 - - [07/Mar/2022:10:12:04 +0800] "GET /xingrg/kc/buy/cgsh_order_operate.html?command=get_materiel&rest_code=00106&code=00101008562&supplier_code=00100007&order_time=2022-03-07 HTTP/1.1" 200 395
180.157.251.97 - - [07/Mar/2022:10:12:05 +0800] "GET /xingrg/all/function/internal_message.html?_=1646619124160&CODE_STATE=getMsg HTTP/1.1" 200 27
58.39.168.32 - - [07/Mar/2022:10:12:05 +0800] "GET /xingrg/kc/buy/cgsh_order_add.html HTTP/1.1" 200 65649
58.39.168.32 - - [07/Mar/2022:10:12:06 +0800] "POST /xingrg/kc/buy/cgsh_order_operate.html HTTP/1.1" 200 8245
58.39.168.32 - - [07/Mar/2022:10:12:06 +0800] "GET /xingrg/javascript/easyui/themes/default/validatebox.css HTTP/1.1" 404 1104
114.88.156.203 - - [07/Mar/2022:10:12:07 +0800] "GET /xingrg/kc/buy/cgsh_order_operate.html?command=get_materiel&rest_code=00141&code=00101008298&supplier_code=00100007&order_time=2022-03-07 HTTP/1.1" 200 432
180.169.147.146 - - [07/Mar/2022:10:12:08 +0800] "GET /xingrg/all/function/internal_message.html?_=1646619127960&CODE_STATE=getMsg HTTP/1.1" 200 27
58.39.61.91 - - [07/Mar/2022:10:12:10 +0800] "GET /xingrg/all/function/internal_message.html?_=1646619129828&CODE_STATE=getMsg HTTP/1.1" 200 27
124.78.159.88 - - [07/Mar/2022:10:12:12 +0800] "GET /xingrg/kc/buy/cgsh_order_operate.html?command=get_materiel&rest_code=00106&code=00101008272&supplier_code=00100007&order_time=2022-03-07 HTTP/1.1" 200 412
124.78.159.88 - - [07/Mar/2022:10:12:14 +0800] "GET /xingrg/all/function/internal_message.html?_=1646619133351&CODE_STATE=getMsg HTTP/1.1" 200 27
116.224.122.7 - - [07/Mar/2022:10:12:16 +0800] "GET /xingrg/all/function/internal_message.html?_=1646619135668&CODE_STATE=getMsg HTTP/1.1" 200 27
222.70.243.96 - - [07/Mar/2022:10:12:18 +0800] "GET /xingrg/all/function/internal_message.html?_=1646619139446&CODE_STATE=getMsg HTTP/1.1" 200 27
114.88.156.203 - - [07/Mar/2022:10:12:20 +0800] "GET /xingrg/kc/buy/cgsh_order_operate.html?command=get_materiel&rest_code=00141&code=00101008284&supplier_code=00100007&order_time=2022-03-07 HTTP/1.1" 200 432
58.39.61.91 - - [07/Mar/2022:10:12:21 +0800] "GET /xingrg/check_reg.html?_=1646619140943 HTTP/1.1" 200 22
58.39.61.91 - - [07/Mar/2022:10:12:21 +0800] "GET /xingrg/all/function/internal_message.html?_=1646619140946&CODE_STATE=getMsg HTTP/1.1" 200 27
124.78.159.88 - - [07/Mar/2022:10:12:22 +0800] "GET /xingrg/kc/buy/cgsh_order_operate.html?command=get_materiel&rest_code=00106&code=00101008230&supplier_code=00100007&order_time=2022-03-07 HTTP/1.1" 200 427
58.39.61.91 - - [07/Mar/2022:10:12:25 +0800] "GET /xingrg/all/function/internal_message.html?_=1646619100812&CODE_STATE=getMsg HTTP/1.1" 200 27
222.69.132.164 - - [07/Mar/2022:10:12:25 +0800] "GET /xingrg/all/function/internal_message.html?_=1646619232882&CODE_STATE=getMsg HTTP/1.1" 200 27
180.169.147.146 - - [07/Mar/2022:10:12:28 +0800] "GET /xingrg/all/function/internal_message.html?_=1646619162010&CODE_STATE=getMsg HTTP/1.1" 200 27
58.39.168.32 - - [07/Mar/2022:10:12:28 +0800] "GET /xingrg/all/function/internal_message.html?_=1646619086519&CODE_STATE=getMsg HTTP/1.1" 200 27
114.88.156.203 - - [07/Mar/2022:10:12:32 +0800] "GET /xingrg/kc/buy/cgsh_order_operate.html?command=get_materiel&rest_code=00141&code=00101008305&supplier_code=00100007&order_time=2022-03-07 HTTP/1.1" 200 432
124.78.159.88 - - [07/Mar/2022:10:12:34 +0800] "GET /xingrg/kc/buy/cgsh_order_operate.html?command=get_materiel&rest_code=00106&code=00101008069&supplier_code=00100007&order_time=2022-03-07 HTTP/1.1" 200 431
222.70.223.103 - - [07/Mar/2022:10:12:36 +0800] "GET /xingrg/all/function/internal_message.html?_=1646619155972&CODE_STATE=getMsg HTTP/1.1" 200 27
114.88.156.203 - - [07/Mar/2022:10:12:37 +0800] "POST /xingrg/kc/buy/cgsh_order_operate.html HTTP/1.1" 200 2065
180.169.147.146 - - [07/Mar/2022:10:12:38 +0800] "GET /xingrg/check_reg.html?_=1646619159853 HTTP/1.1" 200 22
114.88.156.203 - - [07/Mar/2022:10:12:39 +0800] "GET /xingrg/all/function/internal_message.html?_=1646618951667&CODE_STATE=getMsg HTTP/1.1" 200 27
124.79.79.90 - - [07/Mar/2022:10:12:43 +0800] "GET /xingrg/all/function/internal_message.html?_=1646619163271&CODE_STATE=getMsg HTTP/1.1" 200 27
124.78.159.88 - - [07/Mar/2022:10:12:47 +0800] "GET /xingrg/kc/buy/cgsh_order_operate.html?command=get_materiel&rest_code=00106&code=00101008286&supplier_code=00100007&order_time=2022-03-07 HTTP/1.1" 200 427
222.70.180.114 - - [07/Mar/2022:10:12:52 +0800] "GET /xingrg/all/function/internal_message.html?_=1646619171138&CODE_STATE=getMsg HTTP/1.1" 200 27
114.88.156.203 - - [07/Mar/2022:10:12:55 +0800] "GET /xingrg/kc/buy/cgsh_order_operate.html?command=get_materiel&rest_code=00141&code=00101008092&supplier_code=00100007&order_time=2022-03-07 HTTP/1.1" 200 431
58.39.168.32 - - [07/Mar/2022:10:12:58 +0800] "GET /xingrg/kc/buy/cgsh_order_operate.html?command=get_materiel&rest_code=00105&code=00101009109&supplier_code=00100024&order_time=2022-03-07 HTTP/1.1" 200 401
58.221.95.50 - - [07/Mar/2022:10:13:01 +0800] "GET /xingrg/check_reg.html?_=1646619181335 HTTP/1.1" 302 -
180.157.251.97 - - [07/Mar/2022:10:13:04 +0800] "GET /xingrg/check_reg.html?_=1646619183941 HTTP/1.1" 200 22
180.157.251.97 - - [07/Mar/2022:10:13:05 +0800] "GET /xingrg/all/function/internal_message.html?_=1646619184130&CODE_STATE=getMsg HTTP/1.1" 200 27
124.78.159.88 - - [07/Mar/2022:10:13:05 +0800] "GET /xingrg/kc/buy/cgsh_order_operate.html?command=get_materiel&rest_code=00106&code=00101008036&supplier_code=00100007&order_time=2022-03-07 HTTP/1.1" 200 428
180.169.147.146 - - [07/Mar/2022:10:13:08 +0800] "GET /xingrg/check_reg.html?_=1646619187956 HTTP/1.1" 200 22
180.169.147.146 - - [07/Mar/2022:10:13:08 +0800] "GET /xingrg/all/function/internal_message.html?_=1646619187958&CODE_STATE=getMsg HTTP/1.1" 200 27
58.39.61.91 - - [07/Mar/2022:10:13:10 +0800] "GET /xingrg/all/function/internal_message.html?_=1646619189834&CODE_STATE=getMsg HTTP/1.1" 200 27
124.78.159.88 - - [07/Mar/2022:10:13:14 +0800] "GET /xingrg/all/function/internal_message.html?_=1646619193393&CODE_STATE=getMsg HTTP/1.1" 200 27
114.88.156.203 - - [07/Mar/2022:10:13:15 +0800] "GET /xingrg/kc/buy/cgsh_order_operate.html?command=get_materiel&rest_code=00141&code=00101008041&supplier_code=00100007&order_time=2022-03-07 HTTP/1.1" 200 428
124.78.159.88 - - [07/Mar/2022:10:13:15 +0800] "GET /xingrg/kc/buy/cgsh_order_operate.html?command=get_materiel&rest_code=00106&code=00101008131&supplier_code=00100007&order_time=2022-03-07 HTTP/1.1" 200 427
116.224.122.7 - - [07/Mar/2022:10:13:16 +0800] "GET /xingrg/all/function/internal_message.html?_=1646619195680&CODE_STATE=getMsg HTTP/1.1" 200 27
222.70.243.96 - - [07/Mar/2022:10:13:18 +0800] "GET /xingrg/all/function/internal_message.html?_=1646619199451&CODE_STATE=getMsg HTTP/1.1" 200 27
58.39.61.91 - - [07/Mar/2022:10:13:21 +0800] "GET /xingrg/all/function/internal_message.html?_=1646619200946&CODE_STATE=getMsg HTTP/1.1" 200 27
114.88.156.203 - - [07/Mar/2022:10:13:23 +0800] "GET /xingrg/kc/buy/cgsh_order_operate.html?command=get_materiel&rest_code=00141&code=00101009135&supplier_code=00100007&order_time=2022-03-07 HTTP/1.1" 200 396
124.78.159.88 - - [07/Mar/2022:10:13:24 +0800] "GET /xingrg/kc/buy/cgsh_order_operate.html?command=get_materiel&rest_code=00106&code=00101008318&supplier_code=00100007&order_time=2022-03-07 HTTP/1.1" 200 427
58.39.61.91 - - [07/Mar/2022:10:13:25 +0800] "GET /xingrg/all/function/internal_message.html?_=1646619160826&CODE_STATE=getMsg HTTP/1.1" 200 27
222.69.132.164 - - [07/Mar/2022:10:13:25 +0800] "GET /xingrg/all/function/internal_message.html?_=1646619292879&CODE_STATE=getMsg HTTP/1.1" 200 27
180.169.147.146 - - [07/Mar/2022:10:13:28 +0800] "GET /xingrg/all/function/internal_message.html?_=1646619221999&CODE_STATE=getMsg HTTP/1.1" 200 27
58.39.168.32 - - [07/Mar/2022:10:13:28 +0800] "GET /xingrg/all/function/internal_message.html?_=1646619146526&CODE_STATE=getMsg HTTP/1.1" 200 27
124.78.159.88 - - [07/Mar/2022:10:13:33 +0800] "GET /xingrg/kc/buy/cgsh_order_operate.html?command=get_materiel&rest_code=00106&code=00101008100&supplier_code=00100007&order_time=2022-03-07 HTTP/1.1" 200 428
222.70.223.103 - - [07/Mar/2022:10:13:36 +0800] "GET /xingrg/all/function/internal_message.html?_=1646619215962&CODE_STATE=getMsg HTTP/1.1" 200 27
114.88.156.203 - - [07/Mar/2022:10:13:39 +0800] "GET /xingrg/all/function/internal_message.html?_=1646619011745&CODE_STATE=getMsg HTTP/1.1" 200 27
114.88.156.203 - - [07/Mar/2022:10:13:39 +0800] "GET /xingrg/check_reg.html?_=1646619011745 HTTP/1.1" 200 22
124.78.159.88 - - [07/Mar/2022:10:13:41 +0800] "GET /xingrg/kc/buy/cgsh_order_operate.html?command=get_materiel&rest_code=00106&code=00101008283&supplier_code=00100007&order_time=2022-03-07 HTTP/1.1" 200 428
124.79.79.90 - - [07/Mar/2022:10:13:43 +0800] "GET /xingrg/all/function/internal_message.html?_=1646619223246&CODE_STATE=getMsg HTTP/1.1" 200 27
124.78.159.88 - - [07/Mar/2022:10:13:49 +0800] "GET /xingrg/kc/buy/cgsh_order_operate.html?command=get_materiel&rest_code=00106&code=00101008010&supplier_code=00100007&order_time=2022-03-07 HTTP/1.1" 200 431
222.70.180.114 - - [07/Mar/2022:10:13:52 +0800] "GET /xingrg/all/function/internal_message.html?_=1646619231140&CODE_STATE=getMsg HTTP/1.1" 200 27
124.78.159.88 - - [07/Mar/2022:10:13:57 +0800] "POST /xingrg/kc/buy/cgsh_order_operate.html HTTP/1.1" 200 37
58.39.168.32 - - [07/Mar/2022:10:13:58 +0800] "GET /xingrg/kc/buy/cgsh_order_operate.html?command=get_materiel&rest_code=00105&code=00101009062&supplier_code=00100024&order_time=2022-03-07 HTTP/1.1" 200 412
180.157.251.97 - - [07/Mar/2022:10:14:05 +0800] "GET /xingrg/all/function/internal_message.html?_=1646619244115&CODE_STATE=getMsg HTTP/1.1" 200 27
180.169.147.146 - - [07/Mar/2022:10:14:08 +0800] "GET /xingrg/all/function/internal_message.html?_=1646619247950&CODE_STATE=getMsg HTTP/1.1" 200 27
58.39.61.91 - - [07/Mar/2022:10:14:10 +0800] "GET /xingrg/all/function/internal_message.html?_=1646619249836&CODE_STATE=getMsg HTTP/1.1" 200 27
116.224.122.7 - - [07/Mar/2022:10:14:16 +0800] "GET /xingrg/all/function/internal_message.html?_=1646619255679&CODE_STATE=getMsg HTTP/1.1" 200 27
116.224.122.7 - - [07/Mar/2022:10:14:16 +0800] "GET /xingrg/check_reg.html?_=1646619255682 HTTP/1.1" 200 22
222.70.243.96 - - [07/Mar/2022:10:14:19 +0800] "GET /xingrg/all/function/internal_message.html?_=1646619259726&CODE_STATE=getMsg HTTP/1.1" 200 27
58.39.61.91 - - [07/Mar/2022:10:14:21 +0800] "GET /xingrg/all/function/internal_message.html?_=1646619260963&CODE_STATE=getMsg HTTP/1.1" 200 27
