116.228.172.94 - - [04/Mar/2022:10:26:19 +0800] "GET /xingrg/all/function/internal_message.html?_=1646360754165&CODE_STATE=getMsg HTTP/1.1" 200 27
180.157.251.97 - - [04/Mar/2022:10:26:20 +0800] "POST /xingrg/kc/buy/cgsh_order_operate.html HTTP/1.1" 200 2065
180.169.147.146 - - [04/Mar/2022:10:26:23 +0800] "GET /xingrg/check_reg.html?_=1646360787283 HTTP/1.1" 200 22
180.152.99.73 - - [04/Mar/2022:10:26:24 +0800] "GET /xingrg/all/function/internal_message.html?_=1646360783793&CODE_STATE=getMsg HTTP/1.1" 200 27
124.78.159.88 - - [04/Mar/2022:10:26:25 +0800] "GET /xingrg/kc/buy/cgsh_order_operate.html?command=get_materiel&rest_code=00106&code=00101016051&supplier_code=00100032&order_time=2022-03-04 HTTP/1.1" 200 408
180.157.251.97 - - [04/Mar/2022:10:26:26 +0800] "GET /xingrg/kc/buy/cgsh_order_operate.html?command=get_materiel&rest_code=00148&code=00101008098&supplier_code=00100008&order_time=2022-03-04 HTTP/1.1" 200 432
222.70.243.96 - - [04/Mar/2022:10:26:28 +0800] "GET /xingrg/all/function/internal_message.html?_=1646360805177&CODE_STATE=getMsg HTTP/1.1" 200 27
124.78.159.88 - - [04/Mar/2022:10:26:29 +0800] "GET /xingrg/all/function/internal_message.html?_=1646360786165&CODE_STATE=getMsg HTTP/1.1" 200 27
180.157.251.97 - - [04/Mar/2022:10:26:33 +0800] "GET /xingrg/kc/buy/cgsh_order_operate.html?command=get_materiel&rest_code=00148&code=00101008213&supplier_code=00100008&order_time=2022-03-04 HTTP/1.1" 200 432
58.221.95.50 - - [04/Mar/2022:10:26:34 +0800] "GET /xingrg/check_reg.html?_=1646360793101 HTTP/1.1" 302 -
124.79.79.90 - - [04/Mar/2022:10:26:34 +0800] "GET /xingrg/check_reg.html?_=1646360791696 HTTP/1.1" 200 22
116.228.172.94 - - [04/Mar/2022:10:26:35 +0800] "GET /xingrg/kc/buy/cgsh_order_operate.html?command=get_materiel&rest_code=00153&code=00101007081&supplier_code=00100006&order_time=2022-03-04 HTTP/1.1" 200 435
124.79.244.81 - - [04/Mar/2022:10:26:35 +0800] "GET /xingrg/all/function/internal_message.html?_=1646360949190&CODE_STATE=getMsg HTTP/1.1" 200 27
180.169.147.146 - - [04/Mar/2022:10:26:38 +0800] "GET /xingrg/all/function/internal_message.html?_=1646360810864&CODE_STATE=getMsg HTTP/1.1" 200 27
124.78.159.88 - - [04/Mar/2022:10:26:38 +0800] "GET /xingrg/kc/buy/cgsh_order_operate.html?command=get_materiel&rest_code=00106&code=00101010136&supplier_code=00100032&order_time=2022-03-04 HTTP/1.1" 200 408
180.157.251.97 - - [04/Mar/2022:10:26:39 +0800] "GET /xingrg/kc/buy/cgsh_order_operate.html?command=get_materiel&rest_code=00148&code=00101008298&supplier_code=00100008&order_time=2022-03-04 HTTP/1.1" 200 432
180.157.251.97 - - [04/Mar/2022:10:26:46 +0800] "GET /xingrg/kc/buy/cgsh_order_operate.html?command=get_materiel&rest_code=00148&code=00101008168&supplier_code=00100008&order_time=2022-03-04 HTTP/1.1" 200 433
116.228.172.94 - - [04/Mar/2022:10:26:49 +0800] "GET /xingrg/kc/buy/cgsh_order_operate.html?command=get_materiel&rest_code=00153&code=00101008359&supplier_code=00100006&order_time=2022-03-04 HTTP/1.1" 200 408
114.88.156.203 - - [04/Mar/2022:10:26:49 +0800] "GET /xingrg/all/function/internal_message.html?_=1646360595797&CODE_STATE=getMsg HTTP/1.1" 200 27
180.152.99.39 - - [04/Mar/2022:10:26:49 +0800] "GET /xingrg/check_reg.html?_=1646360707874 HTTP/1.1" 200 22
180.152.99.39 - - [04/Mar/2022:10:26:49 +0800] "GET /xingrg/all/function/internal_message.html?_=1646360708132&CODE_STATE=getMsg HTTP/1.1" 200 27
222.70.243.96 - - [04/Mar/2022:10:26:50 +0800] "GET /xingrg/all/function/internal_message.html?_=1646360804687&CODE_STATE=getMsg HTTP/1.1" 200 27
124.78.159.88 - - [04/Mar/2022:10:26:56 +0800] "GET /xingrg/kc/buy/cgsh_order_operate.html?command=get_materiel&rest_code=00106&code=00101001060&supplier_code=00100032&order_time=2022-03-04 HTTP/1.1" 200 439
180.157.251.97 - - [04/Mar/2022:10:26:56 +0800] "GET /xingrg/kc/buy/cgsh_order_operate.html?command=get_materiel&rest_code=00148&code=00101008042&supplier_code=00100008&order_time=2022-03-04 HTTP/1.1" 200 437
180.157.251.97 - - [04/Mar/2022:10:26:58 +0800] "POST /xingrg/kc/buy/cgsh_order_operate.html HTTP/1.1" 200 2065
222.69.132.164 - - [04/Mar/2022:10:26:58 +0800] "GET /xingrg/all/function/internal_message.html?_=1646360901935&CODE_STATE=getMsg HTTP/1.1" 200 27
116.224.122.7 - - [04/Mar/2022:10:26:59 +0800] "GET /xingrg/kc/buy/cgsh_order_add.html HTTP/1.1" 200 65555
116.224.122.7 - - [04/Mar/2022:10:27:00 +0800] "POST /xingrg/kc/buy/cgsh_order_operate.html HTTP/1.1" 200 8245
116.224.122.7 - - [04/Mar/2022:10:27:00 +0800] "GET /xingrg/javascript/easyui/themes/default/validatebox.css HTTP/1.1" 404 1104
222.70.223.103 - - [04/Mar/2022:10:27:01 +0800] "GET /xingrg/all/function/internal_message.html?_=1646360819447&CODE_STATE=getMsg HTTP/1.1" 200 27
180.157.251.97 - - [04/Mar/2022:10:27:02 +0800] "GET /xingrg/kc/buy/cgsh_order_operate.html?command=get_materiel&rest_code=00148&code=00101008305&supplier_code=00100008&order_time=2022-03-04 HTTP/1.1" 200 432
116.228.172.94 - - [04/Mar/2022:10:27:02 +0800] "GET /xingrg/kc/buy/cgsh_order_operate.html?command=get_materiel&rest_code=00153&code=00101012019&supplier_code=00100006&order_time=2022-03-04 HTTP/1.1" 200 412
180.169.147.146 - - [04/Mar/2022:10:27:03 +0800] "GET /xingrg/all/function/internal_message.html?_=1646360820989&CODE_STATE=getMsg HTTP/1.1" 200 27
222.70.180.114 - - [04/Mar/2022:10:27:05 +0800] "GET /xingrg/all/function/internal_message.html?_=1646360819683&CODE_STATE=getMsg HTTP/1.1" 200 27
116.224.122.7 - - [04/Mar/2022:10:27:05 +0800] "GET /xingrg/javascript/easyui/plugins/jquery.draggable.js HTTP/1.1" 304 -
116.224.122.7 - - [04/Mar/2022:10:27:05 +0800] "GET /xingrg/css/images/panel_loading.gif HTTP/1.1" 304 -
116.224.122.7 - - [04/Mar/2022:10:27:05 +0800] "GET /xingrg/javascript/easyui/plugins/jquery.droppable.js HTTP/1.1" 304 -
116.224.122.7 - - [04/Mar/2022:10:27:05 +0800] "GET /xingrg/javascript/easyui/themes/default/tree.css HTTP/1.1" 404 1090
116.224.122.7 - - [04/Mar/2022:10:27:05 +0800] "GET /xingrg/javascript/easyui/plugins/jquery.tree.js HTTP/1.1" 304 -
116.224.122.7 - - [04/Mar/2022:10:27:06 +0800] "POST /xingrg/all/common/load_tree.html?tree=supplier_tree_json&isDelete=1 HTTP/1.1" 200 62257
116.224.122.7 - - [04/Mar/2022:10:27:08 +0800] "GET /xingrg/javascript/easyui/themes/default/images/tree_arrows.gif HTTP/1.1" 304 -
116.224.122.7 - - [04/Mar/2022:10:27:08 +0800] "GET /xingrg/javascript/easyui/themes/default/images/tree_folder_open.gif HTTP/1.1" 304 -
116.224.122.7 - - [04/Mar/2022:10:27:08 +0800] "GET /xingrg/javascript/easyui/themes/default/images/tree_folder.gif HTTP/1.1" 304 -
116.224.122.7 - - [04/Mar/2022:10:27:08 +0800] "GET /xingrg/javascript/easyui/themes/default/images/tree_file.gif HTTP/1.1" 304 -
180.157.251.97 - - [04/Mar/2022:10:27:09 +0800] "GET /xingrg/kc/buy/cgsh_order_operate.html?command=get_materiel&rest_code=00148&code=00101008155&supplier_code=00100008&order_time=2022-03-04 HTTP/1.1" 200 428
116.228.172.94 - - [04/Mar/2022:10:27:11 +0800] "GET /xingrg/kc/buy/cgsh_order_operate.html?command=get_materiel&rest_code=00153&code=00101016053&supplier_code=00100006&order_time=2022-03-04 HTTP/1.1" 200 428
180.169.147.146 - - [04/Mar/2022:10:27:11 +0800] "GET /xingrg/check_reg.html?_=1646360835563 HTTP/1.1" 200 22
180.169.147.146 - - [04/Mar/2022:10:27:13 +0800] "POST /xingrg/kc/base/wldb_list_operate.html HTTP/1.1" 200 278
180.169.147.146 - - [04/Mar/2022:10:27:14 +0800] "GET /xingrg/all/function/internal_message.html?_=1646360833540&CODE_STATE=getMsg HTTP/1.1" 200 27
172.20.0.100 - - [04/Mar/2022:10:27:15 +0800] "GET /xingrg/all/function/internal_message.html?_=1646360833394&CODE_STATE=getMsg HTTP/1.1" 200 27
180.157.251.97 - - [04/Mar/2022:10:27:15 +0800] "GET /xingrg/all/function/internal_message.html?_=1646360834277&CODE_STATE=getMsg HTTP/1.1" 200 27
124.79.79.90 - - [04/Mar/2022:10:27:16 +0800] "GET /xingrg/all/function/internal_message.html?_=1646360833120&CODE_STATE=getMsg HTTP/1.1" 200 27
116.228.172.94 - - [04/Mar/2022:10:27:19 +0800] "GET /xingrg/all/function/internal_message.html?_=1646360814156&CODE_STATE=getMsg HTTP/1.1" 200 27
180.152.99.73 - - [04/Mar/2022:10:27:24 +0800] "GET /xingrg/all/function/internal_message.html?_=1646360843803&CODE_STATE=getMsg HTTP/1.1" 200 27
222.70.243.96 - - [04/Mar/2022:10:27:28 +0800] "GET /xingrg/all/function/internal_message.html?_=1646360865234&CODE_STATE=getMsg HTTP/1.1" 200 27
124.78.159.88 - - [04/Mar/2022:10:27:29 +0800] "GET /xingrg/all/function/internal_message.html?_=1646360846189&CODE_STATE=getMsg HTTP/1.1" 200 27
116.228.172.94 - - [04/Mar/2022:10:27:31 +0800] "POST /xingrg/kc/buy/cgsh_order_operate.html HTTP/1.1" 200 37
124.78.159.88 - - [04/Mar/2022:10:27:31 +0800] "GET /xingrg/kc/buy/cgsh_order_operate.html?command=get_materiel&rest_code=00106&code=00101010248&supplier_code=00100032&order_time=2022-03-04 HTTP/1.1" 200 450
172.20.0.100 - - [04/Mar/2022:10:27:34 +0800] "GET /xingrg/check_reg.html?_=1646360852274 HTTP/1.1" 200 22
124.79.244.81 - - [04/Mar/2022:10:27:35 +0800] "GET /xingrg/all/function/internal_message.html?_=1646361009204&CODE_STATE=getMsg HTTP/1.1" 200 27
124.79.244.81 - - [04/Mar/2022:10:27:35 +0800] "GET /xingrg/check_reg.html?_=1646361009205 HTTP/1.1" 200 22
116.228.172.94 - - [04/Mar/2022:10:27:37 +0800] "POST /xingrg/kc/buy/cgsh_order_operate.html HTTP/1.1" 200 12
180.169.147.146 - - [04/Mar/2022:10:27:38 +0800] "GET /xingrg/all/function/internal_message.html?_=1646360870864&CODE_STATE=getMsg HTTP/1.1" 200 27
116.228.172.94 - - [04/Mar/2022:10:27:39 +0800] "GET /xingrg/kc/buy/cgsh_order_info.html?code=212022030401207 HTTP/1.1" 200 59515
116.228.172.94 - - [04/Mar/2022:10:27:39 +0800] "GET /xingrg/javascript/easyui/themes/default/validatebox.css HTTP/1.1" 404 1104
180.157.251.97 - - [04/Mar/2022:10:27:40 +0800] "POST /xingrg/kc/buy/cgsh_order_operate.html HTTP/1.1" 200 2065
116.228.172.94 - - [04/Mar/2022:10:27:40 +0800] "POST /xingrg/kc/buy/cgsh_order_operate.html HTTP/1.1" 200 5345
116.228.172.94 - - [04/Mar/2022:10:27:43 +0800] "GET /xingrg/kc/print/load_config.html?kc_code=cgsh HTTP/1.1" 200 1943
116.228.172.94 - - [04/Mar/2022:10:27:43 +0800] "GET /xingrg/kc/print/load_data.html?order_code=212022030401207&kc_code=cgsh&condition= HTTP/1.1" 200 2528
124.78.159.88 - - [04/Mar/2022:10:27:43 +0800] "GET /xingrg/kc/buy/cgsh_order_operate.html?command=get_materiel&rest_code=00106&code=00101002022&supplier_code=00100032&order_time=2022-03-04 HTTP/1.1" 200 410
180.169.147.146 - - [04/Mar/2022:10:27:46 +0800] "GET /xingrg/kc/base/wldb_order_info.html?code=422022021901852 HTTP/1.1" 200 30254
180.169.147.146 - - [04/Mar/2022:10:27:47 +0800] "GET /xingrg/javascript/easyui/themes/default/validatebox.css HTTP/1.1" 404 1104
180.169.147.146 - - [04/Mar/2022:10:27:48 +0800] "POST /xingrg/kc/base/wldb_order_operate.html HTTP/1.1" 200 2677
114.88.156.203 - - [04/Mar/2022:10:27:49 +0800] "GET /xingrg/all/function/internal_message.html?_=1646360655768&CODE_STATE=getMsg HTTP/1.1" 200 27
180.169.147.146 - - [04/Mar/2022:10:27:49 +0800] "GET /xingrg/javascript/auto/indicator.gif HTTP/1.1" 404 1066
180.152.99.39 - - [04/Mar/2022:10:27:49 +0800] "GET /xingrg/all/function/internal_message.html?_=1646360768146&CODE_STATE=getMsg HTTP/1.1" 200 27
222.70.243.96 - - [04/Mar/2022:10:27:50 +0800] "GET /xingrg/all/function/internal_message.html?_=1646360864672&CODE_STATE=getMsg HTTP/1.1" 200 27
180.169.147.146 - - [04/Mar/2022:10:27:52 +0800] "GET /xingrg/javascript/jquery_tools/images/prev.gif HTTP/1.1" 404 1086
180.169.147.146 - - [04/Mar/2022:10:27:52 +0800] "GET /xingrg/javascript/jquery_tools/images/next.gif HTTP/1.1" 404 1086
124.78.159.88 - - [04/Mar/2022:10:27:56 +0800] "GET /xingrg/kc/buy/cgsh_order_operate.html?command=get_materiel&rest_code=00106&code=00101016053&supplier_code=00100032&order_time=2022-03-04 HTTP/1.1" 200 428
180.157.251.97 - - [04/Mar/2022:10:27:57 +0800] "GET /xingrg/kc/buy/cgsh_order_operate.html?command=get_materiel&rest_code=00148&code=00101008403&supplier_code=00100008&order_time=2022-03-04 HTTP/1.1" 200 412
180.169.147.146 - - [04/Mar/2022:10:27:57 +0800] "POST /xingrg/kc/base/wldb_order_operate.html HTTP/1.1" 200 37
222.69.132.164 - - [04/Mar/2022:10:27:58 +0800] "GET /xingrg/all/function/internal_message.html?_=1646360961936&CODE_STATE=getMsg HTTP/1.1" 200 27
222.70.223.103 - - [04/Mar/2022:10:28:01 +0800] "GET /xingrg/all/function/internal_message.html?_=1646360879425&CODE_STATE=getMsg HTTP/1.1" 200 27
180.169.147.146 - - [04/Mar/2022:10:28:02 +0800] "POST /xingrg/kc/base/wldb_order_operate.html HTTP/1.1" 200 12
180.169.147.146 - - [04/Mar/2022:10:28:02 +0800] "POST /xingrg/kc/base/wldb_order_operate.html HTTP/1.1" 200 2677
180.169.147.146 - - [04/Mar/2022:10:28:03 +0800] "GET /xingrg/all/function/internal_message.html?_=1646360880986&CODE_STATE=getMsg HTTP/1.1" 200 27
222.70.180.114 - - [04/Mar/2022:10:28:05 +0800] "GET /xingrg/all/function/internal_message.html?_=1646360879682&CODE_STATE=getMsg HTTP/1.1" 200 27
180.157.251.97 - - [04/Mar/2022:10:28:06 +0800] "GET /xingrg/kc/buy/cgsh_order_operate.html?command=get_materiel&rest_code=00148&code=00101008087&supplier_code=00100008&order_time=2022-03-04 HTTP/1.1" 200 412
116.228.172.94 - - [04/Mar/2022:10:28:09 +0800] "GET /xingrg/kc/buy/cgsh_order_add.html HTTP/1.1" 200 64608
116.228.172.94 - - [04/Mar/2022:10:28:09 +0800] "GET /xingrg/javascript/easyui/themes/default/validatebox.css HTTP/1.1" 404 1104
116.228.172.94 - - [04/Mar/2022:10:28:09 +0800] "POST /xingrg/kc/buy/cgsh_order_operate.html HTTP/1.1" 200 8245
124.78.159.88 - - [04/Mar/2022:10:28:10 +0800] "GET /xingrg/kc/buy/cgsh_order_operate.html?command=get_materiel&rest_code=00106&code=00101001111&supplier_code=00100032&order_time=2022-03-04 HTTP/1.1" 200 431
172.20.0.100 - - [04/Mar/2022:10:28:15 +0800] "GET /xingrg/all/function/internal_message.html?_=1646360893367&CODE_STATE=getMsg HTTP/1.1" 200 27
180.157.251.97 - - [04/Mar/2022:10:28:15 +0800] "GET /xingrg/all/function/internal_message.html?_=1646360894292&CODE_STATE=getMsg HTTP/1.1" 200 27
180.157.251.97 - - [04/Mar/2022:10:28:15 +0800] "GET /xingrg/check_reg.html?_=1646360894295 HTTP/1.1" 200 22
124.79.79.90 - - [04/Mar/2022:10:28:16 +0800] "GET /xingrg/all/function/internal_message.html?_=1646360893106&CODE_STATE=getMsg HTTP/1.1" 200 27
116.228.172.94 - - [04/Mar/2022:10:28:18 +0800] "GET /xingrg/check_reg.html?_=1646360873032 HTTP/1.1" 200 22
116.228.172.94 - - [04/Mar/2022:10:28:19 +0800] "GET /xingrg/all/function/internal_message.html?_=1646360874138&CODE_STATE=getMsg HTTP/1.1" 200 27
180.157.251.97 - - [04/Mar/2022:10:28:21 +0800] "GET /xingrg/kc/buy/cgsh_order_operate.html?command=get_materiel&rest_code=00148&code=00101008362&supplier_code=00100008&order_time=2022-03-04 HTTP/1.1" 200 409
180.157.251.97 - - [04/Mar/2022:10:28:23 +0800] "POST /xingrg/kc/buy/cgsh_order_operate.html HTTP/1.1" 200 2065
180.152.99.73 - - [04/Mar/2022:10:28:24 +0800] "GET /xingrg/all/function/internal_message.html?_=1646360903804&CODE_STATE=getMsg HTTP/1.1" 200 27
222.70.243.96 - - [04/Mar/2022:10:28:28 +0800] "GET /xingrg/all/function/internal_message.html?_=1646360925236&CODE_STATE=getMsg HTTP/1.1" 200 27
124.78.159.88 - - [04/Mar/2022:10:28:29 +0800] "GET /xingrg/all/function/internal_message.html?_=1646360906196&CODE_STATE=getMsg HTTP/1.1" 200 27
116.228.172.94 - - [04/Mar/2022:10:28:30 +0800] "GET /xingrg/kc/buy/cgsh_order_operate.html?command=get_materiel&rest_code=00153&code=00101008024&supplier_code=00100006&order_time=2022-03-03 HTTP/1.1" 200 408
180.169.147.146 - - [04/Mar/2022:10:28:33 +0800] "GET /xingrg/kc/base/wldb_order_info.html?code=422022021901852 HTTP/1.1" 200 26375
180.169.147.146 - - [04/Mar/2022:10:28:33 +0800] "GET /xingrg/all/function/internal_message.html?_=1646360912804&CODE_STATE=getMsg HTTP/1.1" 200 27
180.169.147.146 - - [04/Mar/2022:10:28:33 +0800] "GET /xingrg/javascript/easyui/themes/default/validatebox.css HTTP/1.1" 404 1104
180.169.147.146 - - [04/Mar/2022:10:28:33 +0800] "POST /xingrg/kc/base/wldb_order_operate.html HTTP/1.1" 200 958
124.79.244.81 - - [04/Mar/2022:10:28:35 +0800] "GET /xingrg/all/function/internal_message.html?_=1646361069203&CODE_STATE=getMsg HTTP/1.1" 200 27
180.169.147.146 - - [04/Mar/2022:10:28:38 +0800] "GET /xingrg/all/function/internal_message.html?_=1646360930867&CODE_STATE=getMsg HTTP/1.1" 200 27
180.157.251.97 - - [04/Mar/2022:10:28:39 +0800] "GET /xingrg/kc/buy/cgsh_order_operate.html?command=get_materiel&rest_code=00148&code=00101008352&supplier_code=00100008&order_time=2022-03-04 HTTP/1.1" 200 431
124.78.159.88 - - [04/Mar/2022:10:28:45 +0800] "POST /xingrg/kc/buy/cgsh_order_operate.html HTTP/1.1" 200 37
116.228.172.94 - - [04/Mar/2022:10:28:45 +0800] "GET /xingrg/kc/buy/cgsh_order_operate.html?command=get_materiel&rest_code=00153&code=00101008300&supplier_code=00100006&order_time=2022-03-03 HTTP/1.1" 200 432
180.157.251.97 - - [04/Mar/2022:10:28:49 +0800] "GET /xingrg/kc/buy/cgsh_order_operate.html?command=get_materiel&rest_code=00148&code=00101008283&supplier_code=00100008&order_time=2022-03-04 HTTP/1.1" 200 428
114.88.156.203 - - [04/Mar/2022:10:28:49 +0800] "GET /xingrg/all/function/internal_message.html?_=1646360715739&CODE_STATE=getMsg HTTP/1.1" 200 27
180.152.99.39 - - [04/Mar/2022:10:28:49 +0800] "GET /xingrg/all/function/internal_message.html?_=1646360828158&CODE_STATE=getMsg HTTP/1.1" 200 27
222.70.243.96 - - [04/Mar/2022:10:28:50 +0800] "GET /xingrg/all/function/internal_message.html?_=1646360924674&CODE_STATE=getMsg HTTP/1.1" 200 27
222.70.243.96 - - [04/Mar/2022:10:28:50 +0800] "GET /xingrg/check_reg.html?_=1646360924675 HTTP/1.1" 200 22
222.70.243.96 - - [04/Mar/2022:10:28:54 +0800] "POST /xingrg/kc/buy/cgsh_order_operate.html HTTP/1.1" 200 37
124.78.159.88 - - [04/Mar/2022:10:28:56 +0800] "POST /xingrg/kc/buy/cgsh_order_operate.html HTTP/1.1" 200 12
116.228.172.94 - - [04/Mar/2022:10:28:56 +0800] "GET /xingrg/kc/buy/cgsh_order_operate.html?command=get_materiel&rest_code=00153&code=00101008352&supplier_code=00100006&order_time=2022-03-03 HTTP/1.1" 200 431
222.70.243.96 - - [04/Mar/2022:10:28:56 +0800] "POST /xingrg/kc/buy/cgsh_order_operate.html HTTP/1.1" 200 5026
180.157.251.97 - - [04/Mar/2022:10:28:56 +0800] "GET /xingrg/kc/buy/cgsh_order_operate.html?command=get_materiel&rest_code=00148&code=00101013052&supplier_code=00100008&order_time=2022-03-04 HTTP/1.1" 200 441
222.70.243.96 - - [04/Mar/2022:10:28:58 +0800] "GET /xingrg/kc/buy/cgsh_order_add.html HTTP/1.1" 200 65561
222.70.243.96 - - [04/Mar/2022:10:28:58 +0800] "POST /xingrg/kc/buy/cgsh_order_operate.html HTTP/1.1" 200 8245
222.70.243.96 - - [04/Mar/2022:10:28:58 +0800] "GET /xingrg/javascript/easyui/themes/default/validatebox.css HTTP/1.1" 404 1104
222.69.132.164 - - [04/Mar/2022:10:28:58 +0800] "GET /xingrg/all/function/internal_message.html?_=1646361021927&CODE_STATE=getMsg HTTP/1.1" 200 27
124.78.159.88 - - [04/Mar/2022:10:29:00 +0800] "GET /xingrg/kc/buy/cgsh_order_info.html?code=212022030401208 HTTP/1.1" 200 60515
124.78.159.88 - - [04/Mar/2022:10:29:00 +0800] "GET /xingrg/javascript/easyui/themes/default/validatebox.css HTTP/1.1" 404 1104
222.70.223.103 - - [04/Mar/2022:10:29:00 +0800] "GET /xingrg/all/function/internal_message.html?_=1646360939403&CODE_STATE=getMsg HTTP/1.1" 200 27
124.78.159.88 - - [04/Mar/2022:10:29:01 +0800] "POST /xingrg/kc/buy/cgsh_order_operate.html HTTP/1.1" 200 5349
180.157.251.97 - - [04/Mar/2022:10:29:02 +0800] "GET /xingrg/kc/buy/cgsh_order_operate.html?command=get_materiel&rest_code=00148&code=00101008239&supplier_code=00100008&order_time=2022-03-04 HTTP/1.1" 200 416
180.169.147.146 - - [04/Mar/2022:10:29:03 +0800] "GET /xingrg/all/function/internal_message.html?_=1646360940983&CODE_STATE=getMsg HTTP/1.1" 200 27
222.70.180.114 - - [04/Mar/2022:10:29:05 +0800] "GET /xingrg/check_reg.html?_=1646360939684 HTTP/1.1" 200 22
222.70.180.114 - - [04/Mar/2022:10:29:05 +0800] "GET /xingrg/all/function/internal_message.html?_=1646360939694&CODE_STATE=getMsg HTTP/1.1" 200 27
116.228.172.94 - - [04/Mar/2022:10:29:08 +0800] "GET /xingrg/kc/buy/cgsh_order_operate.html?command=get_materiel&rest_code=00153&code=00101008270&supplier_code=00100006&order_time=2022-03-03 HTTP/1.1" 200 432
180.157.251.97 - - [04/Mar/2022:10:29:11 +0800] "POST /xingrg/kc/buy/cgsh_order_operate.html HTTP/1.1" 200 37
180.157.251.97 - - [04/Mar/2022:10:29:12 +0800] "POST /xingrg/kc/buy/cgsh_order_operate.html HTTP/1.1" 200 23913
172.20.0.100 - - [04/Mar/2022:10:29:15 +0800] "GET /xingrg/all/function/internal_message.html?_=1646360953348&CODE_STATE=getMsg HTTP/1.1" 200 27
180.157.251.97 - - [04/Mar/2022:10:29:15 +0800] "GET /xingrg/all/function/internal_message.html?_=1646360954286&CODE_STATE=getMsg HTTP/1.1" 200 27
124.79.79.90 - - [04/Mar/2022:10:29:16 +0800] "GET /xingrg/all/function/internal_message.html?_=1646360953076&CODE_STATE=getMsg HTTP/1.1" 200 27
116.228.172.94 - - [04/Mar/2022:10:29:19 +0800] "GET /xingrg/all/function/internal_message.html?_=1646360934119&CODE_STATE=getMsg HTTP/1.1" 200 27
116.228.172.94 - - [04/Mar/2022:10:29:21 +0800] "GET /xingrg/kc/buy/cgsh_order_operate.html?command=get_materiel&rest_code=00153&code=00101008302&supplier_code=00100006&order_time=2022-03-03 HTTP/1.1" 200 412
180.157.251.97 - - [04/Mar/2022:10:29:21 +0800] "GET /favicon.ico HTTP/1.1" 404 -
180.152.99.73 - - [04/Mar/2022:10:29:24 +0800] "GET /xingrg/all/function/internal_message.html?_=1646360963805&CODE_STATE=getMsg HTTP/1.1" 200 27
222.70.243.96 - - [04/Mar/2022:10:29:28 +0800] "GET /xingrg/check_reg.html?_=1646360984704 HTTP/1.1" 200 22
222.70.243.96 - - [04/Mar/2022:10:29:28 +0800] "GET /xingrg/all/function/internal_message.html?_=1646360985249&CODE_STATE=getMsg HTTP/1.1" 200 27
124.78.159.88 - - [04/Mar/2022:10:29:29 +0800] "GET /xingrg/all/function/internal_message.html?_=1646360966175&CODE_STATE=getMsg HTTP/1.1" 200 27
116.228.172.94 - - [04/Mar/2022:10:29:29 +0800] "GET /xingrg/kc/buy/cgsh_order_operate.html?command=get_materiel&rest_code=00153&code=00101008295&supplier_code=00100006&order_time=2022-03-03 HTTP/1.1" 200 412
222.70.243.96 - - [04/Mar/2022:10:29:31 +0800] "GET /xingrg/kc/buy/buy_main.html HTTP/1.1" 200 12412
222.70.243.96 - - [04/Mar/2022:10:29:31 +0800] "GET /xingrg/css/new_ie.css HTTP/1.1" 404 1036
222.70.243.96 - - [04/Mar/2022:10:29:32 +0800] "GET /xingrg/images/yd/bt.gif HTTP/1.1" 404 1040
222.70.243.96 - - [04/Mar/2022:10:29:33 +0800] "GET /xingrg/kc/buy/cgsh_order_list.html HTTP/1.1" 200 49792
180.169.147.146 - - [04/Mar/2022:10:29:33 +0800] "GET /xingrg/all/function/internal_message.html?_=1646360972794&CODE_STATE=getMsg HTTP/1.1" 200 27
120.253.135.82 - - [04/Mar/2022:10:29:33 +0800] "GET /xingrg/check_reg.html?_=1646360770383 HTTP/1.1" 200 22
124.79.244.81 - - [04/Mar/2022:10:29:35 +0800] "GET /xingrg/all/function/internal_message.html?_=1646361129201&CODE_STATE=getMsg HTTP/1.1" 200 27
222.70.243.96 - - [04/Mar/2022:10:29:36 +0800] "POST /xingrg/kc/buy/cgsh_list_operate.html HTTP/1.1" 200 2052
180.169.147.146 - - [04/Mar/2022:10:29:38 +0800] "GET /xingrg/check_reg.html?_=1646360990857 HTTP/1.1" 200 22
180.169.147.146 - - [04/Mar/2022:10:29:38 +0800] "GET /xingrg/all/function/internal_message.html?_=1646360990858&CODE_STATE=getMsg HTTP/1.1" 200 27
116.224.122.7 - - [04/Mar/2022:10:29:41 +0800] "GET /xingrg/kc/buy/cgsh_order_operate.html?command=get_materiel&rest_code=00102&code=00101009007&supplier_code=00100424&order_time=2022-03-04 HTTP/1.1" 200 408
222.70.243.96 - - [04/Mar/2022:10:29:41 +0800] "GET /xingrg/kc/buy/cgsh_order_add.html HTTP/1.1" 200 65561
222.70.243.96 - - [04/Mar/2022:10:29:41 +0800] "POST /xingrg/kc/buy/cgsh_order_operate.html HTTP/1.1" 200 8245
222.70.243.96 - - [04/Mar/2022:10:29:41 +0800] "GET /xingrg/javascript/easyui/themes/default/validatebox.css HTTP/1.1" 404 1104
116.228.172.94 - - [04/Mar/2022:10:29:48 +0800] "GET /xingrg/kc/buy/cgsh_order_operate.html?command=get_materiel&rest_code=00153&code=00101008108&supplier_code=00100006&order_time=2022-03-03 HTTP/1.1" 200 412
114.88.156.203 - - [04/Mar/2022:10:29:49 +0800] "GET /xingrg/all/function/internal_message.html?_=1646360775720&CODE_STATE=getMsg HTTP/1.1" 200 27
180.152.99.39 - - [04/Mar/2022:10:29:49 +0800] "GET /xingrg/all/function/internal_message.html?_=1646360888180&CODE_STATE=getMsg HTTP/1.1" 200 27
222.70.243.96 - - [04/Mar/2022:10:29:50 +0800] "GET /xingrg/all/function/internal_message.html?_=1646360984676&CODE_STATE=getMsg HTTP/1.1" 200 27
222.70.223.103 - - [04/Mar/2022:10:29:51 +0800] "GET /xingrg/check_reg.html?_=1646360990089 HTTP/1.1" 200 22
222.69.132.164 - - [04/Mar/2022:10:29:58 +0800] "GET /xingrg/all/function/internal_message.html?_=1646361081923&CODE_STATE=getMsg HTTP/1.1" 200 27
116.224.122.7 - - [04/Mar/2022:10:29:59 +0800] "GET /xingrg/kc/buy/cgsh_order_operate.html?command=get_materiel&rest_code=00102&code=00101009011&supplier_code=00100424&order_time=2022-03-04 HTTP/1.1" 200 436
116.228.172.94 - - [04/Mar/2022:10:30:00 +0800] "GET /xingrg/kc/buy/cgsh_order_operate.html?command=get_materiel&rest_code=00153&code=00101008071&supplier_code=00100006&order_time=2022-03-03 HTTP/1.1" 200 413
222.70.223.103 - - [04/Mar/2022:10:30:00 +0800] "GET /xingrg/all/function/internal_message.html?_=1646360999400&CODE_STATE=getMsg HTTP/1.1" 200 27
180.169.147.146 - - [04/Mar/2022:10:30:03 +0800] "GET /xingrg/check_reg.html?_=1646361000978 HTTP/1.1" 200 22
180.169.147.146 - - [04/Mar/2022:10:30:03 +0800] "GET /xingrg/all/function/internal_message.html?_=1646361000979&CODE_STATE=getMsg HTTP/1.1" 200 27
222.70.180.114 - - [04/Mar/2022:10:30:05 +0800] "GET /xingrg/all/function/internal_message.html?_=1646360999681&CODE_STATE=getMsg HTTP/1.1" 200 27
222.70.243.96 - - [04/Mar/2022:10:30:09 +0800] "GET /xingrg/kc/buy/cgsh_order_operate.html?command=get_materiel&rest_code=00146&code=00101007109&supplier_code=00100033&order_time=2022-03-04 HTTP/1.1" 200 429
116.224.122.7 - - [04/Mar/2022:10:30:10 +0800] "GET /xingrg/kc/buy/cgsh_order_operate.html?command=get_materiel&rest_code=00102&code=00101009109&supplier_code=00100424&order_time=2022-03-04 HTTP/1.1" 200 399
116.228.172.94 - - [04/Mar/2022:10:30:11 +0800] "GET /xingrg/kc/buy/cgsh_order_operate.html?command=get_materiel&rest_code=00153&code=00101008083&supplier_code=00100006&order_time=2022-03-03 HTTP/1.1" 200 444
124.78.159.88 - - [04/Mar/2022:10:30:13 +0800] "GET /xingrg/kc/print/load_data.html?order_code=212022030401208&kc_code=cgsh&condition= HTTP/1.1" 200 2540
116.224.122.7 - - [04/Mar/2022:10:30:14 +0800] "GET /xingrg/javascript/easyui/themes/default/images/button_plain_hover.png HTTP/1.1" 200 144
180.169.147.146 - - [04/Mar/2022:10:30:14 +0800] "GET /xingrg/check_reg.html?_=1646361013546 HTTP/1.1" 200 22
172.20.0.100 - - [04/Mar/2022:10:30:15 +0800] "GET /xingrg/all/function/internal_message.html?_=1646361013329&CODE_STATE=getMsg HTTP/1.1" 200 27
180.157.251.97 - - [04/Mar/2022:10:30:15 +0800] "GET /xingrg/all/function/internal_message.html?_=1646361014308&CODE_STATE=getMsg HTTP/1.1" 200 27
124.79.79.90 - - [04/Mar/2022:10:30:16 +0800] "GET /xingrg/all/function/internal_message.html?_=1646361013061&CODE_STATE=getMsg HTTP/1.1" 200 27
124.78.159.88 - - [04/Mar/2022:10:30:18 +0800] "GET /xingrg/kc/print/load_data.html?order_code=212022030401208&kc_code=cgsh HTTP/1.1" 200 2540
116.228.172.94 - - [04/Mar/2022:10:30:20 +0800] "GET /xingrg/all/function/internal_message.html?_=1646360995155&CODE_STATE=getMsg HTTP/1.1" 200 27
180.157.251.97 - - [04/Mar/2022:10:30:21 +0800] "GET /xingrg/kc/buy/cgsh_order_operate.html?command=get_materiel&rest_code=00148&code=00101008041&supplier_code=00100008&order_time=2022-03-04 HTTP/1.1" 200 428
180.152.99.73 - - [04/Mar/2022:10:30:24 +0800] "GET /xingrg/check_reg.html?_=1646361023806 HTTP/1.1" 200 22
180.152.99.73 - - [04/Mar/2022:10:30:24 +0800] "GET /xingrg/all/function/internal_message.html?_=1646361023809&CODE_STATE=getMsg HTTP/1.1" 200 27
116.224.122.7 - - [04/Mar/2022:10:30:28 +0800] "POST /xingrg/kc/buy/cgsh_order_operate.html HTTP/1.1" 200 37
222.70.243.96 - - [04/Mar/2022:10:30:28 +0800] "GET /xingrg/all/function/internal_message.html?_=1646361045263&CODE_STATE=getMsg HTTP/1.1" 200 27
124.78.159.88 - - [04/Mar/2022:10:30:29 +0800] "GET /xingrg/check_reg.html?_=1646361026179 HTTP/1.1" 200 22
124.78.159.88 - - [04/Mar/2022:10:30:29 +0800] "GET /xingrg/all/function/internal_message.html?_=1646361026178&CODE_STATE=getMsg HTTP/1.1" 200 27
116.228.172.94 - - [04/Mar/2022:10:30:29 +0800] "GET /xingrg/kc/buy/cgsh_order_operate.html?command=get_materiel&rest_code=00153&code=00101012003&supplier_code=00100006&order_time=2022-03-03 HTTP/1.1" 200 432
180.169.147.146 - - [04/Mar/2022:10:30:33 +0800] "GET /xingrg/all/function/internal_message.html?_=1646361032766&CODE_STATE=getMsg HTTP/1.1" 200 27
124.79.244.81 - - [04/Mar/2022:10:30:35 +0800] "GET /xingrg/all/function/internal_message.html?_=1646361189199&CODE_STATE=getMsg HTTP/1.1" 200 27
180.169.147.146 - - [04/Mar/2022:10:30:38 +0800] "GET /xingrg/all/function/internal_message.html?_=1646361050870&CODE_STATE=getMsg HTTP/1.1" 200 27
61.151.178.180 - - [04/Mar/2022:10:30:40 +0800] "GET /xingrg/all/function/internal_message.html?_=1646359586120&CODE_STATE=getMsg HTTP/1.1" 302 -
61.151.178.180 - - [04/Mar/2022:10:30:41 +0800] "GET /xingrg/login.html HTTP/1.1" 200 7641
124.79.78.102 - - [04/Mar/2022:10:30:43 +0800] "POST /xingrg/services/DataTransmitService HTTP/1.1" 200 524
124.79.78.102 - - [04/Mar/2022:10:30:43 +0800] "POST /xingrg/services/DataTransmitService HTTP/1.1" 200 1971
124.79.78.102 - - [04/Mar/2022:10:30:43 +0800] "POST /xingrg/services/DataTransmitService HTTP/1.1" 200 524
101.91.60.11 - - [04/Mar/2022:10:30:43 +0800] "GET /xingrg/all/function/internal_message.html?_=1646358806121&CODE_STATE=getMsg HTTP/1.1" 302 -
124.79.78.102 - - [04/Mar/2022:10:30:44 +0800] "POST /xingrg/services/DataTransmitService HTTP/1.1" 200 1971
101.91.60.11 - - [04/Mar/2022:10:30:44 +0800] "GET /xingrg/login.html HTTP/1.1" 200 7641
124.79.78.102 - - [04/Mar/2022:10:30:44 +0800] "POST /xingrg/services/DataTransmitService HTTP/1.1" 200 524
124.79.78.102 - - [04/Mar/2022:10:30:44 +0800] "POST /xingrg/services/DataTransmitService HTTP/1.1" 200 1971
124.79.78.102 - - [04/Mar/2022:10:30:45 +0800] "POST /xingrg/services/DataTransmitService HTTP/1.1" 200 524
124.79.78.102 - - [04/Mar/2022:10:30:45 +0800] "POST /xingrg/services/DataTransmitService HTTP/1.1" 200 1971
124.79.78.102 - - [04/Mar/2022:10:30:45 +0800] "POST /xingrg/services/DataTransmitService HTTP/1.1" 200 524
180.157.251.97 - - [04/Mar/2022:10:30:46 +0800] "POST /xingrg/kc/buy/cgsh_order_operate.html HTTP/1.1" 200 37
116.228.172.94 - - [04/Mar/2022:10:30:46 +0800] "GET /xingrg/kc/buy/cgsh_order_operate.html?command=get_materiel&rest_code=00153&code=00101012029&supplier_code=00100006&order_time=2022-03-03 HTTP/1.1" 200 23
124.79.78.102 - - [04/Mar/2022:10:30:46 +0800] "POST /xingrg/services/DataTransmitService HTTP/1.1" 200 1971
124.79.78.102 - - [04/Mar/2022:10:30:46 +0800] "POST /xingrg/services/DataTransmitService HTTP/1.1" 200 524
124.79.78.102 - - [04/Mar/2022:10:30:46 +0800] "POST /xingrg/services/DataTransmitService HTTP/1.1" 200 1971
124.79.78.102 - - [04/Mar/2022:10:30:47 +0800] "POST /xingrg/services/DataTransmitService HTTP/1.1" 200 524
124.79.78.102 - - [04/Mar/2022:10:30:47 +0800] "POST /xingrg/services/DataTransmitService HTTP/1.1" 200 1971
124.79.78.102 - - [04/Mar/2022:10:30:47 +0800] "POST /xingrg/services/DataTransmitService HTTP/1.1" 200 524
101.83.241.237 - - [04/Mar/2022:10:30:48 +0800] "GET /xingrg/check_reg.html?_=1646361044502 HTTP/1.1" 200 22
124.79.78.102 - - [04/Mar/2022:10:30:48 +0800] "POST /xingrg/services/DataTransmitService HTTP/1.1" 200 1971
116.224.122.7 - - [04/Mar/2022:10:30:48 +0800] "POST /xingrg/kc/buy/cgsh_order_operate.html HTTP/1.1" 200 12
124.79.78.102 - - [04/Mar/2022:10:30:48 +0800] "POST /xingrg/services/DataTransmitService HTTP/1.1" 200 524
124.79.78.102 - - [04/Mar/2022:10:30:48 +0800] "POST /xingrg/services/DataTransmitService HTTP/1.1" 200 1971
124.79.78.102 - - [04/Mar/2022:10:30:48 +0800] "POST /xingrg/services/DataTransmitService HTTP/1.1" 200 524
124.79.78.102 - - [04/Mar/2022:10:30:49 +0800] "POST /xingrg/services/DataTransmitService HTTP/1.1" 200 1971
114.88.156.203 - - [04/Mar/2022:10:30:49 +0800] "GET /xingrg/all/function/internal_message.html?_=1646360835720&CODE_STATE=getMsg HTTP/1.1" 200 27
124.79.78.102 - - [04/Mar/2022:10:30:49 +0800] "POST /xingrg/services/DataTransmitService HTTP/1.1" 200 524
180.152.99.39 - - [04/Mar/2022:10:30:49 +0800] "GET /xingrg/all/function/internal_message.html?_=1646360948186&CODE_STATE=getMsg HTTP/1.1" 200 27
124.79.78.102 - - [04/Mar/2022:10:30:50 +0800] "POST /xingrg/services/DataTransmitService HTTP/1.1" 200 1971
124.79.78.102 - - [04/Mar/2022:10:30:50 +0800] "POST /xingrg/services/DataTransmitService HTTP/1.1" 200 524
116.224.122.7 - - [04/Mar/2022:10:30:50 +0800] "GET /xingrg/javascript/jquery_tools/datebox.css HTTP/1.1" 200 2597
116.224.122.7 - - [04/Mar/2022:10:30:50 +0800] "GET /xingrg/css/base.css HTTP/1.1" 200 2811
116.224.122.7 - - [04/Mar/2022:10:30:50 +0800] "GET /xingrg/css/site.css HTTP/1.1" 200 7541
116.224.122.7 - - [04/Mar/2022:10:30:50 +0800] "GET /xingrg/javascript/jquery_tools/table.css HTTP/1.1" 200 1032
116.224.122.7 - - [04/Mar/2022:10:30:50 +0800] "GET /xingrg/javascript/easyui/themes/icon.css HTTP/1.1" 200 4483
116.224.122.7 - - [04/Mar/2022:10:30:50 +0800] "GET /xingrg/javascript/auto/jquery.autocomplete.css HTTP/1.1" 200 587
116.224.122.7 - - [04/Mar/2022:10:30:50 +0800] "GET /xingrg/javascript/jquery_tools/fix.css HTTP/1.1" 200 1702
116.224.122.7 - - [04/Mar/2022:10:30:50 +0800] "GET /xingrg/javascript/pic_change.js HTTP/1.1" 200 4739
116.224.122.7 - - [04/Mar/2022:10:30:50 +0800] "GET /xingrg/javascript/jquery_tools/jquery.tools.min.js HTTP/1.1" 200 138801
116.224.122.7 - - [04/Mar/2022:10:30:50 +0800] "GET /xingrg/javascript/jquery_tools/jquery.tools.hotkey.js HTTP/1.1" 200 3242
116.224.122.7 - - [04/Mar/2022:10:30:50 +0800] "GET /xingrg/javascript/jquery_tools/jquery.tools.table.js HTTP/1.1" 200 6994
116.224.122.7 - - [04/Mar/2022:10:30:50 +0800] "GET /xingrg/javascript/easyui/easyloader.js HTTP/1.1" 200 5975
116.224.122.7 - - [04/Mar/2022:10:30:50 +0800] "GET /xingrg/kc/buy/cgsh_order_info.html?code=212022030401210 HTTP/1.1" 200 60462
116.224.122.7 - - [04/Mar/2022:10:30:50 +0800] "GET /xingrg/javascript/convert.js HTTP/1.1" 200 1239
116.224.122.7 - - [04/Mar/2022:10:30:50 +0800] "GET /xingrg/javascript/jquery_tools/jquery.tools.extend.js HTTP/1.1" 200 15385
116.224.122.7 - - [04/Mar/2022:10:30:50 +0800] "GET /xingrg/javascript/jquery.cookie.js HTTP/1.1" 200 5513
116.224.122.7 - - [04/Mar/2022:10:30:50 +0800] "GET /xingrg/javascript/print/LodopFuncs.js HTTP/1.1" 200 5121
116.224.122.7 - - [04/Mar/2022:10:30:50 +0800] "GET /xingrg/javascript/auto/jquery.autocomplete.js HTTP/1.1" 200 21624
116.224.122.7 - - [04/Mar/2022:10:30:50 +0800] "GET /xingrg/javascript/easyui/themes/default/easyui.css HTTP/1.1" 200 30432
116.224.122.7 - - [04/Mar/2022:10:30:50 +0800] "GET /xingrg/javascript/jquery.utils.js HTTP/1.1" 200 11805
116.224.122.7 - - [04/Mar/2022:10:30:50 +0800] "GET /xingrg/javascript/json2.js HTTP/1.1" 200 11259
222.70.243.96 - - [04/Mar/2022:10:30:50 +0800] "GET /xingrg/all/function/internal_message.html?_=1646361044679&CODE_STATE=getMsg HTTP/1.1" 200 27
116.224.122.7 - - [04/Mar/2022:10:30:50 +0800] "GET /xingrg/javascript/jquery_tools/order_manager.js HTTP/1.1" 200 11183
116.224.122.7 - - [04/Mar/2022:10:30:50 +0800] "GET /xingrg/javascript/print/kc_print.js HTTP/1.1" 200 11415
124.79.78.102 - - [04/Mar/2022:10:30:50 +0800] "POST /xingrg/services/DataTransmitService HTTP/1.1" 200 1971
124.79.78.102 - - [04/Mar/2022:10:30:50 +0800] "POST /xingrg/services/DataTransmitService HTTP/1.1" 200 524
116.224.122.7 - - [04/Mar/2022:10:30:51 +0800] "GET /xingrg/words/20220303150702_words.js HTTP/1.1" 200 888725
116.224.122.7 - - [04/Mar/2022:10:30:51 +0800] "GET /xingrg/javascript/easyui/themes/icons/copy_new.png HTTP/1.1" 200 815
116.224.122.7 - - [04/Mar/2022:10:30:51 +0800] "GET /xingrg/javascript/easyui/themes/icons/print.png HTTP/1.1" 200 1057
116.224.122.7 - - [04/Mar/2022:10:30:51 +0800] "GET /xingrg/javascript/easyui/themes/default/images/menu_downarrow.png HTTP/1.1" 200 173
116.224.122.7 - - [04/Mar/2022:10:30:51 +0800] "GET /xingrg/javascript/easyui/themes/icons/cancel.png HTTP/1.1" 200 1133
124.79.78.102 - - [04/Mar/2022:10:30:51 +0800] "POST /xingrg/services/DataTransmitService HTTP/1.1" 200 1971
124.79.78.102 - - [04/Mar/2022:10:30:51 +0800] "POST /xingrg/services/DataTransmitService HTTP/1.1" 200 524
124.79.78.102 - - [04/Mar/2022:10:30:52 +0800] "POST /xingrg/services/DataTransmitService HTTP/1.1" 200 1971
124.79.78.102 - - [04/Mar/2022:10:30:52 +0800] "POST /xingrg/services/DataTransmitService HTTP/1.1" 200 524
116.224.122.7 - - [04/Mar/2022:10:30:52 +0800] "GET /xingrg/javascript/easyui/plugins/jquery.parser.js HTTP/1.1" 200 1142
124.79.78.102 - - [04/Mar/2022:10:30:52 +0800] "POST /xingrg/services/DataTransmitService HTTP/1.1" 200 1971
116.224.122.7 - - [04/Mar/2022:10:30:52 +0800] "GET /xingrg/javascript/easyui/themes/default/validatebox.css HTTP/1.1" 404 1104
116.224.122.7 - - [04/Mar/2022:10:30:52 +0800] "GET /xingrg/javascript/easyui/plugins/jquery.validatebox.js HTTP/1.1" 200 6103
116.224.122.7 - - [04/Mar/2022:10:30:52 +0800] "GET /xingrg/javascript/easyui/plugins/jquery.numberbox.js HTTP/1.1" 200 5213
124.79.78.102 - - [04/Mar/2022:10:30:53 +0800] "POST /xingrg/services/DataTransmitService HTTP/1.1" 200 524
116.224.122.7 - - [04/Mar/2022:10:30:53 +0800] "POST /xingrg/kc/buy/cgsh_order_operate.html HTTP/1.1" 200 1789
116.224.122.7 - - [04/Mar/2022:10:30:53 +0800] "GET /xingrg/javascript/easyui/themes/icons/edit_remove.png HTTP/1.1" 200 625
124.79.78.102 - - [04/Mar/2022:10:30:53 +0800] "POST /xingrg/services/DataTransmitService HTTP/1.1" 200 1971
116.224.122.7 - - [04/Mar/2022:10:30:55 +0800] "GET /xingrg/kc/print/load_config.html?kc_code=cgsh HTTP/1.1" 200 1943
116.224.122.7 - - [04/Mar/2022:10:30:56 +0800] "GET /xingrg/kc/print/load_data.html?order_code=212022030401210&kc_code=cgsh&condition= HTTP/1.1" 200 1135
222.69.132.164 - - [04/Mar/2022:10:30:58 +0800] "GET /xingrg/check_reg.html?_=1646361141928 HTTP/1.1" 200 22
222.69.132.164 - - [04/Mar/2022:10:30:58 +0800] "GET /xingrg/all/function/internal_message.html?_=1646361141932&CODE_STATE=getMsg HTTP/1.1" 200 27
116.228.172.94 - - [04/Mar/2022:10:30:59 +0800] "POST /xingrg/kc/buy/cgsh_order_operate.html HTTP/1.1" 200 37
222.70.223.103 - - [04/Mar/2022:10:31:00 +0800] "GET /xingrg/all/function/internal_message.html?_=1646361059374&CODE_STATE=getMsg HTTP/1.1" 200 27
116.228.172.94 - - [04/Mar/2022:10:31:01 +0800] "POST /xingrg/kc/buy/cgsh_order_operate.html HTTP/1.1" 200 7412
180.169.147.146 - - [04/Mar/2022:10:31:03 +0800] "GET /xingrg/all/function/internal_message.html?_=1646361060985&CODE_STATE=getMsg HTTP/1.1" 200 27
222.70.180.114 - - [04/Mar/2022:10:31:05 +0800] "GET /xingrg/all/function/internal_message.html?_=1646361059684&CODE_STATE=getMsg HTTP/1.1" 200 27
116.224.122.7 - - [04/Mar/2022:10:31:07 +0800] "GET /xingrg/kc/buy/cgsh_order_add.html HTTP/1.1" 200 65555
116.224.122.7 - - [04/Mar/2022:10:31:08 +0800] "GET /xingrg/javascript/easyui/themes/icons/template_new.png HTTP/1.1" 200 3956
116.224.122.7 - - [04/Mar/2022:10:31:08 +0800] "GET /xingrg/javascript/easyui/themes/icons/ok.png HTTP/1.1" 200 883
116.224.122.7 - - [04/Mar/2022:10:31:08 +0800] "POST /xingrg/kc/buy/cgsh_order_operate.html HTTP/1.1" 200 8245
116.224.122.7 - - [04/Mar/2022:10:31:08 +0800] "GET /xingrg/all/common/auto_word.html?type=employee&rest_code=00102 HTTP/1.1" 200 189
116.224.122.7 - - [04/Mar/2022:10:31:08 +0800] "GET /xingrg/all/common/auto_word.html?type=employee&rest_code=00102 HTTP/1.1" 200 189
116.224.122.7 - - [04/Mar/2022:10:31:08 +0800] "GET /xingrg/javascript/easyui/themes/default/validatebox.css HTTP/1.1" 404 1104
114.88.156.203 - - [04/Mar/2022:10:31:15 +0800] "GET /xingrg/check_reg.html?_=1646360861778 HTTP/1.1" 200 22
172.20.0.100 - - [04/Mar/2022:10:31:15 +0800] "GET /xingrg/all/function/internal_message.html?_=1646361073305&CODE_STATE=getMsg HTTP/1.1" 200 27
116.228.172.94 - - [04/Mar/2022:10:31:15 +0800] "GET /xingrg/kc/buy/cgsh_order_operate.html?command=get_materiel&rest_code=00153&code=00101012057&supplier_code=00100006&order_time=2022-03-03 HTTP/1.1" 200 420
124.79.79.90 - - [04/Mar/2022:10:31:16 +0800] "GET /xingrg/all/function/internal_message.html?_=1646361073039&CODE_STATE=getMsg HTTP/1.1" 200 27
116.228.172.94 - - [04/Mar/2022:10:31:20 +0800] "GET /xingrg/all/function/internal_message.html?_=1646361055128&CODE_STATE=getMsg HTTP/1.1" 200 27
180.169.147.146 - - [04/Mar/2022:10:31:23 +0800] "GET /xingrg/check_reg.html?_=1646361087259 HTTP/1.1" 200 22
222.70.243.96 - - [04/Mar/2022:10:31:23 +0800] "GET /xingrg/kc/buy/cgsh_order_operate.html?command=get_materiel&rest_code=00146&code=00101011013&supplier_code=00100033&order_time=2022-03-04 HTTP/1.1" 200 398
180.152.99.73 - - [04/Mar/2022:10:31:24 +0800] "GET /xingrg/all/function/internal_message.html?_=1646361083795&CODE_STATE=getMsg HTTP/1.1" 200 27
116.228.172.94 - - [04/Mar/2022:10:31:27 +0800] "GET /xingrg/kc/buy/cgsh_order_operate.html?command=get_materiel&rest_code=00153&code=00101006111&supplier_code=00100006&order_time=2022-03-03 HTTP/1.1" 200 409
222.70.243.96 - - [04/Mar/2022:10:31:28 +0800] "GET /xingrg/all/function/internal_message.html?_=1646361105276&CODE_STATE=getMsg HTTP/1.1" 200 27
124.78.159.88 - - [04/Mar/2022:10:31:29 +0800] "GET /xingrg/all/function/internal_message.html?_=1646361086175&CODE_STATE=getMsg HTTP/1.1" 200 27
116.224.122.7 - - [04/Mar/2022:10:31:30 +0800] "GET /xingrg/check_reg.html?_=1646361129770 HTTP/1.1" 200 22
180.169.147.146 - - [04/Mar/2022:10:31:33 +0800] "GET /xingrg/all/function/internal_message.html?_=1646361092752&CODE_STATE=getMsg HTTP/1.1" 200 27
58.221.95.50 - - [04/Mar/2022:10:31:34 +0800] "GET /xingrg/check_reg.html?_=1646361093084 HTTP/1.1" 302 -
124.79.79.90 - - [04/Mar/2022:10:31:34 +0800] "GET /xingrg/check_reg.html?_=1646361091668 HTTP/1.1" 200 22
124.79.244.81 - - [04/Mar/2022:10:31:35 +0800] "GET /xingrg/all/function/internal_message.html?_=1646361249197&CODE_STATE=getMsg HTTP/1.1" 200 27
116.228.172.94 - - [04/Mar/2022:10:31:37 +0800] "GET /xingrg/kc/buy/cgsh_order_operate.html?command=get_materiel&rest_code=00153&code=00101006109&supplier_code=00100006&order_time=2022-03-03 HTTP/1.1" 200 429
180.169.147.146 - - [04/Mar/2022:10:31:38 +0800] "GET /xingrg/all/function/internal_message.html?_=1646361110857&CODE_STATE=getMsg HTTP/1.1" 200 27
222.70.243.96 - - [04/Mar/2022:10:31:38 +0800] "GET /xingrg/kc/buy/cgsh_order_operate.html?command=get_materiel&rest_code=00146&code=00101011005&supplier_code=00100033&order_time=2022-03-04 HTTP/1.1" 200 429
180.157.251.97 - - [04/Mar/2022:10:31:39 +0800] "GET /xingrg/all/function/internal_message.html?_=1646361097668&CODE_STATE=getMsg HTTP/1.1" 200 27
180.157.251.97 - - [04/Mar/2022:10:31:39 +0800] "POST /xingrg/kc/buy/cgsh_order_operate.html HTTP/1.1" 200 24500
114.88.156.203 - - [04/Mar/2022:10:31:49 +0800] "GET /xingrg/all/function/internal_message.html?_=1646360895694&CODE_STATE=getMsg HTTP/1.1" 200 27
180.152.99.39 - - [04/Mar/2022:10:31:49 +0800] "GET /xingrg/check_reg.html?_=1646361007880 HTTP/1.1" 200 22
180.152.99.39 - - [04/Mar/2022:10:31:49 +0800] "GET /xingrg/all/function/internal_message.html?_=1646361008199&CODE_STATE=getMsg HTTP/1.1" 200 27
222.70.243.96 - - [04/Mar/2022:10:31:50 +0800] "GET /xingrg/all/function/internal_message.html?_=1646361104681&CODE_STATE=getMsg HTTP/1.1" 200 27
222.69.132.164 - - [04/Mar/2022:10:31:58 +0800] "GET /xingrg/all/function/internal_message.html?_=1646361201922&CODE_STATE=getMsg HTTP/1.1" 200 27
222.70.243.96 - - [04/Mar/2022:10:31:59 +0800] "GET /xingrg/kc/buy/cgsh_order_operate.html?command=get_materiel&rest_code=00146&code=00101016025&supplier_code=00100033&order_time=2022-03-04 HTTP/1.1" 200 408
180.169.147.146 - - [04/Mar/2022:10:31:59 +0800] "GET /xingrg/kc/buy/cgsh_order_add.html HTTP/1.1" 200 65564
180.169.147.146 - - [04/Mar/2022:10:31:59 +0800] "POST /xingrg/kc/buy/cgsh_order_operate.html HTTP/1.1" 200 8245
180.169.147.146 - - [04/Mar/2022:10:31:59 +0800] "GET /xingrg/javascript/easyui/themes/default/validatebox.css HTTP/1.1" 404 1104
222.70.223.103 - - [04/Mar/2022:10:32:00 +0800] "GET /xingrg/all/function/internal_message.html?_=1646361119351&CODE_STATE=getMsg HTTP/1.1" 200 27
116.228.172.94 - - [04/Mar/2022:10:32:01 +0800] "GET /xingrg/kc/buy/cgsh_order_operate.html?command=get_materiel&rest_code=00153&code=00101006221&supplier_code=00100006&order_time=2022-03-03 HTTP/1.1" 200 402
180.169.147.146 - - [04/Mar/2022:10:32:02 +0800] "GET /xingrg/javascript/auto/indicator.gif HTTP/1.1" 404 1066
180.169.147.146 - - [04/Mar/2022:10:32:03 +0800] "GET /xingrg/all/function/internal_message.html?_=1646361120974&CODE_STATE=getMsg HTTP/1.1" 200 27
116.228.172.94 - - [04/Mar/2022:10:32:04 +0800] "POST /xingrg/kc/buy/cgsh_order_operate.html HTTP/1.1" 200 2065
180.169.147.146 - - [04/Mar/2022:10:32:04 +0800] "GET /xingrg/javascript/jquery_tools/images/prev.gif HTTP/1.1" 404 1086
180.169.147.146 - - [04/Mar/2022:10:32:04 +0800] "GET /xingrg/javascript/jquery_tools/images/next.gif HTTP/1.1" 404 1086
222.70.180.114 - - [04/Mar/2022:10:32:05 +0800] "GET /xingrg/all/function/internal_message.html?_=1646361119711&CODE_STATE=getMsg HTTP/1.1" 200 27
180.169.147.146 - - [04/Mar/2022:10:32:11 +0800] "GET /xingrg/check_reg.html?_=1646361135537 HTTP/1.1" 200 22
172.20.0.100 - - [04/Mar/2022:10:32:15 +0800] "GET /xingrg/all/function/internal_message.html?_=1646361133278&CODE_STATE=getMsg HTTP/1.1" 200 27
124.79.79.90 - - [04/Mar/2022:10:32:16 +0800] "GET /xingrg/all/function/internal_message.html?_=1646361133014&CODE_STATE=getMsg HTTP/1.1" 200 27
116.228.172.94 - - [04/Mar/2022:10:32:18 +0800] "GET /xingrg/kc/buy/cgsh_order_operate.html?command=get_materiel&rest_code=00153&code=00101008298&supplier_code=00100006&order_time=2022-03-03 HTTP/1.1" 200 432
116.228.172.94 - - [04/Mar/2022:10:32:20 +0800] "GET /xingrg/all/function/internal_message.html?_=1646361115121&CODE_STATE=getMsg HTTP/1.1" 200 27
180.169.147.146 - - [04/Mar/2022:10:32:21 +0800] "GET /favicon.ico HTTP/1.1" 404 -
222.70.243.96 - - [04/Mar/2022:10:32:21 +0800] "GET /xingrg/kc/buy/cgsh_order_operate.html?command=get_materiel&rest_code=00146&code=00101016105&supplier_code=00100033&order_time=2022-03-04 HTTP/1.1" 200 429
180.152.99.73 - - [04/Mar/2022:10:32:24 +0800] "GET /xingrg/all/function/internal_message.html?_=1646361143820&CODE_STATE=getMsg HTTP/1.1" 200 27
180.169.147.146 - - [04/Mar/2022:10:32:28 +0800] "GET /xingrg/kc/buy/cgsh_order_operate.html?command=get_materiel&rest_code=00147&code=00101001010&supplier_code=00100454&order_time=2022-03-04 HTTP/1.1" 200 429
222.70.243.96 - - [04/Mar/2022:10:32:28 +0800] "GET /xingrg/all/function/internal_message.html?_=1646361165290&CODE_STATE=getMsg HTTP/1.1" 200 27
124.78.159.88 - - [04/Mar/2022:10:32:29 +0800] "GET /xingrg/all/function/internal_message.html?_=1646361146179&CODE_STATE=getMsg HTTP/1.1" 200 27
116.228.172.94 - - [04/Mar/2022:10:32:30 +0800] "GET /xingrg/kc/buy/cgsh_order_operate.html?command=get_materiel&rest_code=00153&code=00101013229&supplier_code=00100006&order_time=2022-03-03 HTTP/1.1" 200 412
180.169.147.146 - - [04/Mar/2022:10:32:33 +0800] "GET /xingrg/all/function/internal_message.html?_=1646361152738&CODE_STATE=getMsg HTTP/1.1" 200 27
172.20.0.100 - - [04/Mar/2022:10:32:34 +0800] "GET /xingrg/check_reg.html?_=1646361152284 HTTP/1.1" 200 22
124.79.244.81 - - [04/Mar/2022:10:32:35 +0800] "GET /xingrg/all/function/internal_message.html?_=1646361309195&CODE_STATE=getMsg HTTP/1.1" 200 27
124.79.244.81 - - [04/Mar/2022:10:32:35 +0800] "GET /xingrg/check_reg.html?_=1646361309196 HTTP/1.1" 200 22
180.169.147.146 - - [04/Mar/2022:10:32:38 +0800] "GET /xingrg/all/function/internal_message.html?_=1646361170875&CODE_STATE=getMsg HTTP/1.1" 200 27
116.224.122.7 - - [04/Mar/2022:10:32:38 +0800] "GET /xingrg/css/images/panel_loading.gif HTTP/1.1" 200 1737
116.224.122.7 - - [04/Mar/2022:10:32:38 +0800] "GET /xingrg/javascript/easyui/plugins/jquery.draggable.js HTTP/1.1" 200 6121
116.224.122.7 - - [04/Mar/2022:10:32:38 +0800] "GET /xingrg/javascript/easyui/plugins/jquery.droppable.js HTTP/1.1" 200 1167
116.224.122.7 - - [04/Mar/2022:10:32:38 +0800] "GET /xingrg/javascript/easyui/themes/default/tree.css HTTP/1.1" 404 1090
116.224.122.7 - - [04/Mar/2022:10:32:38 +0800] "GET /xingrg/javascript/easyui/plugins/jquery.tree.js HTTP/1.1" 200 20874
180.169.147.146 - - [04/Mar/2022:10:32:39 +0800] "GET /xingrg/kc/buy/cgsh_order_operate.html?command=get_materiel&rest_code=00147&code=00101001009&supplier_code=00100454&order_time=2022-03-04 HTTP/1.1" 200 409
116.224.122.7 - - [04/Mar/2022:10:32:39 +0800] "POST /xingrg/all/common/load_tree.html?tree=supplier_tree_json&isDelete=1 HTTP/1.1" 200 62257
180.157.251.97 - - [04/Mar/2022:10:32:39 +0800] "GET /xingrg/all/function/internal_message.html?_=1646361157668&CODE_STATE=getMsg HTTP/1.1" 200 27
116.224.122.7 - - [04/Mar/2022:10:32:41 +0800] "GET /xingrg/javascript/easyui/themes/default/images/tree_folder_open.gif HTTP/1.1" 200 956
116.224.122.7 - - [04/Mar/2022:10:32:41 +0800] "GET /xingrg/javascript/easyui/themes/default/images/tree_folder.gif HTTP/1.1" 200 952
116.224.122.7 - - [04/Mar/2022:10:32:41 +0800] "GET /xingrg/javascript/easyui/themes/default/images/tree_file.gif HTTP/1.1" 200 118
222.70.243.96 - - [04/Mar/2022:10:32:42 +0800] "POST /xingrg/kc/buy/cgsh_order_operate.html HTTP/1.1" 200 37
180.169.147.146 - - [04/Mar/2022:10:32:47 +0800] "POST /xingrg/kc/buy/cgsh_order_operate.html HTTP/1.1" 200 37
114.88.156.203 - - [04/Mar/2022:10:32:49 +0800] "GET /xingrg/all/function/internal_message.html?_=1646360955666&CODE_STATE=getMsg HTTP/1.1" 200 27
116.228.172.94 - - [04/Mar/2022:10:32:49 +0800] "POST /xingrg/kc/buy/cgsh_order_operate.html HTTP/1.1" 200 37
