222.70.243.96 - - [04/Mar/2022:08:39:09 +0800] "GET /xingrg/all/function/internal_message.html?_=1646354365286&CODE_STATE=getMsg HTTP/1.1" 200 27
124.79.79.90 - - [04/Mar/2022:08:39:18 +0800] "GET /xingrg/all/function/internal_message.html?_=1646354355777&CODE_STATE=getMsg HTTP/1.1" 200 27
180.152.99.39 - - [04/Mar/2022:08:39:19 +0800] "GET /xingrg/all/function/internal_message.html?_=1646354257670&CODE_STATE=getMsg HTTP/1.1" 200 27
124.78.159.88 - - [04/Mar/2022:08:39:28 +0800] "GET /xingrg/all/function/internal_message.html?_=1646354366018&CODE_STATE=getMsg HTTP/1.1" 200 27
61.151.207.141 - - [04/Mar/2022:08:39:30 +0800] "GET /xingrg/all/function/internal_message.html?_=1646354306017&CODE_STATE=getMsg HTTP/1.1" 302 -
61.151.207.141 - - [04/Mar/2022:08:39:32 +0800] "GET /xingrg/login.html HTTP/1.1" 200 7641
172.20.0.100 - - [04/Mar/2022:08:39:34 +0800] "GET /xingrg/all/function/internal_message.html?_=1646354372278&CODE_STATE=getMsg HTTP/1.1" 200 27
180.169.147.146 - - [04/Mar/2022:08:39:43 +0800] "GET /xingrg/all/function/internal_message.html?_=1646354382663&CODE_STATE=getMsg HTTP/1.1" 200 27
180.169.147.146 - - [04/Mar/2022:08:39:46 +0800] "GET /xingrg/check_reg.html?_=1646354384980 HTTP/1.1" 200 22
180.169.147.146 - - [04/Mar/2022:08:39:46 +0800] "GET /xingrg/all/function/internal_message.html?_=1646354384983&CODE_STATE=getMsg HTTP/1.1" 200 27
222.70.243.96 - - [04/Mar/2022:08:39:50 +0800] "GET /xingrg/all/function/internal_message.html?_=1646354384679&CODE_STATE=getMsg HTTP/1.1" 200 27
114.88.156.203 - - [04/Mar/2022:08:39:51 +0800] "GET /xingrg/all/function/internal_message.html?_=1646354178253&CODE_STATE=getMsg HTTP/1.1" 200 27
101.83.241.237 - - [04/Mar/2022:08:39:54 +0800] "GET /xingrg/all/function/internal_message.html?_=1646354390173&CODE_STATE=getMsg HTTP/1.1" 200 27
120.253.135.82 - - [04/Mar/2022:08:39:58 +0800] "GET /xingrg/all/function/internal_message.html?_=1646354195690&CODE_STATE=getMsg HTTP/1.1" 200 27
222.70.243.96 - - [04/Mar/2022:08:40:01 +0800] "GET /xingrg/images/yd/bt.gif HTTP/1.1" 404 1040
222.70.243.96 - - [04/Mar/2022:08:40:01 +0800] "GET /xingrg/images/yd/bt2.gif HTTP/1.1" 404 1042
180.152.99.39 - - [04/Mar/2022:08:40:07 +0800] "GET /xingrg/check_reg.html?_=1646354305509 HTTP/1.1" 200 22
222.70.243.96 - - [04/Mar/2022:08:40:09 +0800] "GET /xingrg/all/function/internal_message.html?_=1646354425300&CODE_STATE=getMsg HTTP/1.1" 200 27
222.70.243.96 - - [04/Mar/2022:08:40:10 +0800] "GET /xingrg/kc/buy/buy_main.html HTTP/1.1" 200 12412
222.70.243.96 - - [04/Mar/2022:08:40:10 +0800] "GET /xingrg/css/new_ie.css HTTP/1.1" 404 1036
222.70.243.96 - - [04/Mar/2022:08:40:10 +0800] "GET /xingrg/javascript/jquery_ui/jquery-ui.min.js HTTP/1.1" 200 186181
222.70.243.96 - - [04/Mar/2022:08:40:10 +0800] "GET /xingrg/javascript/jquery_ui/themes/humanity/humanity.css HTTP/1.1" 200 27801
222.70.243.96 - - [04/Mar/2022:08:40:10 +0800] "GET /xingrg/images/blue/button/cgydd.gif HTTP/1.1" 304 -
222.70.243.96 - - [04/Mar/2022:08:40:10 +0800] "GET /xingrg/images/blue/button/cgxqd.gif HTTP/1.1" 304 -
222.70.243.96 - - [04/Mar/2022:08:40:10 +0800] "GET /xingrg/images/blue/button/cgshd.gif HTTP/1.1" 304 -
222.70.243.96 - - [04/Mar/2022:08:40:10 +0800] "GET /xingrg/images/blue/button/kc.gif HTTP/1.1" 304 -
222.70.243.96 - - [04/Mar/2022:08:40:10 +0800] "GET /xingrg/images/blue/button/cgfkd.gif HTTP/1.1" 304 -
222.70.243.96 - - [04/Mar/2022:08:40:10 +0800] "GET /xingrg/images/blue/pic_form2.gif HTTP/1.1" 304 -
222.70.243.96 - - [04/Mar/2022:08:40:10 +0800] "GET /xingrg/javascript/jquery_ui/themes/humanity/images/ui-bg_inset-soft_100_f4f0ec_1x100.png HTTP/1.1" 304 -
222.70.243.96 - - [04/Mar/2022:08:40:10 +0800] "GET /xingrg/images/blue/button/ckthd.gif HTTP/1.1" 304 -
222.70.243.96 - - [04/Mar/2022:08:40:10 +0800] "GET /xingrg/images/blue/bg_dotted.jpg HTTP/1.1" 304 -
222.70.243.96 - - [04/Mar/2022:08:40:10 +0800] "GET /xingrg/images/blue/button/down_ah.jpg HTTP/1.1" 304 -
222.70.243.96 - - [04/Mar/2022:08:40:10 +0800] "GET /xingrg/images/blue/button/right_ah.jpg HTTP/1.1" 304 -
222.70.243.96 - - [04/Mar/2022:08:40:10 +0800] "GET /xingrg/javascript/jquery_ui/themes/humanity/images/ui-icons_ffffff_256x240.png HTTP/1.1" 304 -
222.70.243.96 - - [04/Mar/2022:08:40:10 +0800] "GET /xingrg/javascript/jquery_ui/themes/humanity/images/ui-iconsnew.jpg HTTP/1.1" 304 -
222.70.243.96 - - [04/Mar/2022:08:40:10 +0800] "GET /xingrg/javascript/jquery_ui/themes/humanity/images/ui-icons_c47a23_256x240.png HTTP/1.1" 304 -
222.70.243.96 - - [04/Mar/2022:08:40:10 +0800] "GET /xingrg/javascript/jquery_ui/themes/humanity/images/ui-bg_glass_70_ede4d4_1x400.png HTTP/1.1" 304 -
222.70.243.96 - - [04/Mar/2022:08:40:13 +0800] "GET /xingrg/css/base.css HTTP/1.1" 304 -
222.70.243.96 - - [04/Mar/2022:08:40:13 +0800] "GET /xingrg/css/site.css HTTP/1.1" 304 -
222.70.243.96 - - [04/Mar/2022:08:40:13 +0800] "GET /xingrg/javascript/easyui/themes/default/easyui.css HTTP/1.1" 304 -
222.70.243.96 - - [04/Mar/2022:08:40:13 +0800] "GET /xingrg/javascript/jquery_tools/table.css HTTP/1.1" 304 -
222.70.243.96 - - [04/Mar/2022:08:40:13 +0800] "GET /xingrg/javascript/jquery_tools/datebox.css HTTP/1.1" 304 -
222.70.243.96 - - [04/Mar/2022:08:40:13 +0800] "GET /xingrg/javascript/jquery_tools/fix.css HTTP/1.1" 304 -
222.70.243.96 - - [04/Mar/2022:08:40:13 +0800] "GET /xingrg/javascript/easyui/themes/icon.css HTTP/1.1" 304 -
222.70.243.96 - - [04/Mar/2022:08:40:13 +0800] "GET /xingrg/javascript/jquery_tools/jquery.tools.min.js HTTP/1.1" 304 -
222.70.243.96 - - [04/Mar/2022:08:40:13 +0800] "GET /xingrg/javascript/jquery_tools/list_manager.js HTTP/1.1" 304 -
222.70.243.96 - - [04/Mar/2022:08:40:13 +0800] "GET /xingrg/javascript/jquery_tools/jquery.tools.hotkey.js HTTP/1.1" 304 -
222.70.243.96 - - [04/Mar/2022:08:40:13 +0800] "GET /xingrg/javascript/jquery_tools/jquery.tools.table.js HTTP/1.1" 304 -
222.70.243.96 - - [04/Mar/2022:08:40:13 +0800] "GET /xingrg/javascript/easyui/easyloader.js HTTP/1.1" 304 -
222.70.243.96 - - [04/Mar/2022:08:40:13 +0800] "GET /xingrg/javascript/jquery.cookie.js HTTP/1.1" 304 -
222.70.243.96 - - [04/Mar/2022:08:40:13 +0800] "GET /xingrg/javascript/jquery_tools/jquery.tools.extend.js HTTP/1.1" 304 -
222.70.243.96 - - [04/Mar/2022:08:40:13 +0800] "GET /xingrg/kc/buy/cgsh_order_list.html HTTP/1.1" 200 49792
222.70.243.96 - - [04/Mar/2022:08:40:13 +0800] "GET /xingrg/javascript/easyui/plugins/jquery.parser.js HTTP/1.1" 304 -
222.70.243.96 - - [04/Mar/2022:08:40:14 +0800] "POST /xingrg/kc/buy/cgsh_list_operate.html HTTP/1.1" 200 876
124.79.79.90 - - [04/Mar/2022:08:40:18 +0800] "GET /xingrg/all/function/internal_message.html?_=1646354415762&CODE_STATE=getMsg HTTP/1.1" 200 27
180.152.99.39 - - [04/Mar/2022:08:40:19 +0800] "GET /xingrg/all/function/internal_message.html?_=1646354317676&CODE_STATE=getMsg HTTP/1.1" 200 27
222.70.243.96 - - [04/Mar/2022:08:40:19 +0800] "GET /xingrg/javascript/convert.js HTTP/1.1" 304 -
222.70.243.96 - - [04/Mar/2022:08:40:19 +0800] "GET /xingrg/javascript/jquery_tools/order_manager.js HTTP/1.1" 304 -
222.70.243.96 - - [04/Mar/2022:08:40:19 +0800] "GET /xingrg/javascript/json2.js HTTP/1.1" 304 -
222.70.243.96 - - [04/Mar/2022:08:40:19 +0800] "GET /xingrg/kc/buy/cgsh_order_add.html HTTP/1.1" 200 65561
222.70.243.96 - - [04/Mar/2022:08:40:19 +0800] "GET /xingrg/all/common/auto_word.html?type=employee&rest_code=00146 HTTP/1.1" 200 101
222.70.243.96 - - [04/Mar/2022:08:40:19 +0800] "GET /xingrg/all/common/auto_word.html?type=employee&rest_code=00146 HTTP/1.1" 200 101
222.70.243.96 - - [04/Mar/2022:08:40:19 +0800] "GET /xingrg/javascript/easyui/themes/default/validatebox.css HTTP/1.1" 404 1104
222.70.243.96 - - [04/Mar/2022:08:40:19 +0800] "GET /xingrg/javascript/easyui/plugins/jquery.validatebox.js HTTP/1.1" 304 -
222.70.243.96 - - [04/Mar/2022:08:40:19 +0800] "GET /xingrg/javascript/easyui/plugins/jquery.numberbox.js HTTP/1.1" 304 -
222.70.243.96 - - [04/Mar/2022:08:40:19 +0800] "POST /xingrg/kc/buy/cgsh_order_operate.html HTTP/1.1" 200 8245
61.151.178.163 - - [04/Mar/2022:08:40:28 +0800] "GET /xingrg/all/function/internal_message.html?_=1646354366018&CODE_STATE=getMsg HTTP/1.1" 302 -
124.78.159.88 - - [04/Mar/2022:08:40:28 +0800] "GET /xingrg/check_reg.html?_=1646354426018 HTTP/1.1" 200 22
124.78.159.88 - - [04/Mar/2022:08:40:28 +0800] "GET /xingrg/all/function/internal_message.html?_=1646354426022&CODE_STATE=getMsg HTTP/1.1" 200 27
61.151.178.163 - - [04/Mar/2022:08:40:30 +0800] "GET /xingrg/login.html HTTP/1.1" 200 7641
172.20.0.100 - - [04/Mar/2022:08:40:34 +0800] "GET /xingrg/all/function/internal_message.html?_=1646354432271&CODE_STATE=getMsg HTTP/1.1" 200 27
180.169.147.146 - - [04/Mar/2022:08:40:43 +0800] "GET /xingrg/all/function/internal_message.html?_=1646354442688&CODE_STATE=getMsg HTTP/1.1" 200 27
180.169.147.146 - - [04/Mar/2022:08:40:46 +0800] "GET /xingrg/all/function/internal_message.html?_=1646354444972&CODE_STATE=getMsg HTTP/1.1" 200 27
222.70.243.96 - - [04/Mar/2022:08:40:50 +0800] "GET /xingrg/all/function/internal_message.html?_=1646354444681&CODE_STATE=getMsg HTTP/1.1" 200 27
114.88.156.203 - - [04/Mar/2022:08:40:51 +0800] "GET /xingrg/all/function/internal_message.html?_=1646354238253&CODE_STATE=getMsg HTTP/1.1" 200 27
101.83.241.237 - - [04/Mar/2022:08:40:54 +0800] "GET /xingrg/all/function/internal_message.html?_=1646354450179&CODE_STATE=getMsg HTTP/1.1" 200 27
120.253.135.82 - - [04/Mar/2022:08:40:58 +0800] "GET /xingrg/all/function/internal_message.html?_=1646354255722&CODE_STATE=getMsg HTTP/1.1" 200 27
180.157.251.97 - - [04/Mar/2022:08:41:07 +0800] "POST /xingrg/services/DataTransmitService HTTP/1.1" 200 524
222.70.243.96 - - [04/Mar/2022:08:41:09 +0800] "GET /xingrg/all/function/internal_message.html?_=1646354485311&CODE_STATE=getMsg HTTP/1.1" 200 27
114.88.156.203 - - [04/Mar/2022:08:41:15 +0800] "GET /xingrg/check_reg.html?_=1646354262073 HTTP/1.1" 200 22
124.79.79.90 - - [04/Mar/2022:08:41:18 +0800] "GET /xingrg/all/function/internal_message.html?_=1646354475732&CODE_STATE=getMsg HTTP/1.1" 200 27
180.152.99.39 - - [04/Mar/2022:08:41:19 +0800] "GET /xingrg/all/function/internal_message.html?_=1646354377690&CODE_STATE=getMsg HTTP/1.1" 200 27
124.78.159.88 - - [04/Mar/2022:08:41:28 +0800] "GET /xingrg/all/function/internal_message.html?_=1646354486022&CODE_STATE=getMsg HTTP/1.1" 200 27
180.169.147.146 - - [04/Mar/2022:08:41:29 +0800] "GET /xingrg/check_reg.html?_=1646354488619 HTTP/1.1" 200 22
58.221.95.50 - - [04/Mar/2022:08:41:34 +0800] "GET /xingrg/check_reg.html?_=1646354493437 HTTP/1.1" 302 -
172.20.0.100 - - [04/Mar/2022:08:41:34 +0800] "GET /xingrg/all/function/internal_message.html?_=1646354492279&CODE_STATE=getMsg HTTP/1.1" 200 27
124.79.79.90 - - [04/Mar/2022:08:41:35 +0800] "GET /xingrg/check_reg.html?_=1646354492142 HTTP/1.1" 200 22
222.70.243.96 - - [04/Mar/2022:08:41:40 +0800] "GET /xingrg/kc/buy/cgsh_order_operate.html?command=get_materiel&rest_code=00146&code=00101008248&supplier_code=00100005&order_time=2022-03-04 HTTP/1.1" 200 412
180.169.147.146 - - [04/Mar/2022:08:41:43 +0800] "GET /xingrg/all/function/internal_message.html?_=1646354502706&CODE_STATE=getMsg HTTP/1.1" 200 27
180.169.147.146 - - [04/Mar/2022:08:41:46 +0800] "GET /xingrg/all/function/internal_message.html?_=1646354504991&CODE_STATE=getMsg HTTP/1.1" 200 27
222.70.243.96 - - [04/Mar/2022:08:41:50 +0800] "GET /xingrg/all/function/internal_message.html?_=1646354504682&CODE_STATE=getMsg HTTP/1.1" 200 27
222.70.243.96 - - [04/Mar/2022:08:41:51 +0800] "GET /xingrg/check_reg.html?_=1646354527484 HTTP/1.1" 200 22
114.88.156.203 - - [04/Mar/2022:08:41:52 +0800] "GET /xingrg/all/function/internal_message.html?_=1646354298223&CODE_STATE=getMsg HTTP/1.1" 200 27
101.83.241.237 - - [04/Mar/2022:08:41:54 +0800] "GET /xingrg/all/function/internal_message.html?_=1646354510173&CODE_STATE=getMsg HTTP/1.1" 200 27
120.253.135.82 - - [04/Mar/2022:08:41:58 +0800] "GET /xingrg/check_reg.html?_=1646354315626 HTTP/1.1" 200 22
120.253.135.82 - - [04/Mar/2022:08:41:58 +0800] "GET /xingrg/all/function/internal_message.html?_=1646354315740&CODE_STATE=getMsg HTTP/1.1" 200 27
222.70.243.96 - - [04/Mar/2022:08:42:09 +0800] "GET /xingrg/all/function/internal_message.html?_=1646354545325&CODE_STATE=getMsg HTTP/1.1" 200 27
124.79.79.90 - - [04/Mar/2022:08:42:18 +0800] "GET /xingrg/all/function/internal_message.html?_=1646354535708&CODE_STATE=getMsg HTTP/1.1" 200 27
180.152.99.39 - - [04/Mar/2022:08:42:19 +0800] "GET /xingrg/all/function/internal_message.html?_=1646354437712&CODE_STATE=getMsg HTTP/1.1" 200 27
124.78.159.88 - - [04/Mar/2022:08:42:28 +0800] "GET /xingrg/all/function/internal_message.html?_=1646354546021&CODE_STATE=getMsg HTTP/1.1" 200 27
172.20.0.100 - - [04/Mar/2022:08:42:34 +0800] "GET /xingrg/all/function/internal_message.html?_=1646354552277&CODE_STATE=getMsg HTTP/1.1" 200 27
172.20.0.100 - - [04/Mar/2022:08:42:34 +0800] "GET /xingrg/check_reg.html?_=1646354552271 HTTP/1.1" 200 22
180.169.147.146 - - [04/Mar/2022:08:42:43 +0800] "GET /xingrg/all/function/internal_message.html?_=1646354562718&CODE_STATE=getMsg HTTP/1.1" 200 27
180.169.147.146 - - [04/Mar/2022:08:42:46 +0800] "GET /xingrg/all/function/internal_message.html?_=1646354564975&CODE_STATE=getMsg HTTP/1.1" 200 27
222.70.243.96 - - [04/Mar/2022:08:42:50 +0800] "GET /xingrg/all/function/internal_message.html?_=1646354564684&CODE_STATE=getMsg HTTP/1.1" 200 27
114.88.156.203 - - [04/Mar/2022:08:42:51 +0800] "GET /xingrg/all/function/internal_message.html?_=1646354358196&CODE_STATE=getMsg HTTP/1.1" 200 27
101.83.241.237 - - [04/Mar/2022:08:42:54 +0800] "GET /xingrg/all/function/internal_message.html?_=1646354570195&CODE_STATE=getMsg HTTP/1.1" 200 27
120.253.135.82 - - [04/Mar/2022:08:42:58 +0800] "GET /xingrg/all/function/internal_message.html?_=1646354375748&CODE_STATE=getMsg HTTP/1.1" 200 27
222.70.243.96 - - [04/Mar/2022:08:43:09 +0800] "GET /xingrg/all/function/internal_message.html?_=1646354605338&CODE_STATE=getMsg HTTP/1.1" 200 27
124.79.79.90 - - [04/Mar/2022:08:43:18 +0800] "GET /xingrg/all/function/internal_message.html?_=1646354595678&CODE_STATE=getMsg HTTP/1.1" 200 27
180.152.99.39 - - [04/Mar/2022:08:43:19 +0800] "GET /xingrg/all/function/internal_message.html?_=1646354497716&CODE_STATE=getMsg HTTP/1.1" 200 27
124.78.159.88 - - [04/Mar/2022:08:43:28 +0800] "GET /xingrg/all/function/internal_message.html?_=1646354606023&CODE_STATE=getMsg HTTP/1.1" 200 27
172.20.0.100 - - [04/Mar/2022:08:43:34 +0800] "GET /xingrg/all/function/internal_message.html?_=1646354612284&CODE_STATE=getMsg HTTP/1.1" 200 27
180.169.147.146 - - [04/Mar/2022:08:43:43 +0800] "GET /xingrg/all/function/internal_message.html?_=1646354622738&CODE_STATE=getMsg HTTP/1.1" 200 27
180.169.147.146 - - [04/Mar/2022:08:43:46 +0800] "GET /xingrg/all/function/internal_message.html?_=1646354624968&CODE_STATE=getMsg HTTP/1.1" 200 27
222.70.243.96 - - [04/Mar/2022:08:43:50 +0800] "GET /xingrg/check_reg.html?_=1646354624685 HTTP/1.1" 200 22
222.70.243.96 - - [04/Mar/2022:08:43:50 +0800] "GET /xingrg/all/function/internal_message.html?_=1646354624687&CODE_STATE=getMsg HTTP/1.1" 200 27
114.88.156.203 - - [04/Mar/2022:08:43:51 +0800] "GET /xingrg/all/function/internal_message.html?_=1646354418165&CODE_STATE=getMsg HTTP/1.1" 200 27
101.83.241.237 - - [04/Mar/2022:08:43:54 +0800] "GET /xingrg/check_reg.html?_=1646354630192 HTTP/1.1" 200 22
101.83.241.237 - - [04/Mar/2022:08:43:54 +0800] "GET /xingrg/all/function/internal_message.html?_=1646354630195&CODE_STATE=getMsg HTTP/1.1" 200 27
114.88.156.203 - - [04/Mar/2022:08:43:54 +0800] "POST /xingrg/services/DataTransmitService HTTP/1.1" 200 524
120.253.135.82 - - [04/Mar/2022:08:43:58 +0800] "GET /xingrg/all/function/internal_message.html?_=1646354435760&CODE_STATE=getMsg HTTP/1.1" 200 27
222.70.243.96 - - [04/Mar/2022:08:44:09 +0800] "GET /xingrg/all/function/internal_message.html?_=1646354665507&CODE_STATE=getMsg HTTP/1.1" 200 27
124.79.79.90 - - [04/Mar/2022:08:44:18 +0800] "GET /xingrg/all/function/internal_message.html?_=1646354655650&CODE_STATE=getMsg HTTP/1.1" 200 27
180.152.99.39 - - [04/Mar/2022:08:44:19 +0800] "GET /xingrg/all/function/internal_message.html?_=1646354557738&CODE_STATE=getMsg HTTP/1.1" 200 27
222.70.243.96 - - [04/Mar/2022:08:44:26 +0800] "GET /xingrg/kc/buy/cgsh_order_operate.html?command=get_materiel&rest_code=00146&code=00101008210&supplier_code=00100005&order_time=2022-03-04 HTTP/1.1" 200 408
124.78.159.88 - - [04/Mar/2022:08:44:28 +0800] "GET /xingrg/all/function/internal_message.html?_=1646354666047&CODE_STATE=getMsg HTTP/1.1" 200 27
172.20.0.100 - - [04/Mar/2022:08:44:34 +0800] "GET /xingrg/all/function/internal_message.html?_=1646354672279&CODE_STATE=getMsg HTTP/1.1" 200 27
180.169.147.146 - - [04/Mar/2022:08:44:43 +0800] "GET /xingrg/all/function/internal_message.html?_=1646354682746&CODE_STATE=getMsg HTTP/1.1" 200 27
180.169.147.146 - - [04/Mar/2022:08:44:46 +0800] "GET /xingrg/all/function/internal_message.html?_=1646354684987&CODE_STATE=getMsg HTTP/1.1" 200 27
180.169.147.146 - - [04/Mar/2022:08:44:46 +0800] "GET /xingrg/check_reg.html?_=1646354684990 HTTP/1.1" 200 22
222.70.243.96 - - [04/Mar/2022:08:44:50 +0800] "GET /xingrg/all/function/internal_message.html?_=1646354684688&CODE_STATE=getMsg HTTP/1.1" 200 27
114.88.156.203 - - [04/Mar/2022:08:44:51 +0800] "GET /xingrg/all/function/internal_message.html?_=1646354478138&CODE_STATE=getMsg HTTP/1.1" 200 27
222.70.180.114 - - [04/Mar/2022:08:44:53 +0800] "GET /xingrg/login.html HTTP/1.1" 200 7641
101.83.241.237 - - [04/Mar/2022:08:44:54 +0800] "GET /xingrg/all/function/internal_message.html?_=1646354690202&CODE_STATE=getMsg HTTP/1.1" 200 27
222.70.180.114 - - [04/Mar/2022:08:44:54 +0800] "GET /favicon.ico HTTP/1.1" 404 -
120.253.135.82 - - [04/Mar/2022:08:44:58 +0800] "GET /xingrg/all/function/internal_message.html?_=1646354495785&CODE_STATE=getMsg HTTP/1.1" 200 27
222.70.180.114 - - [04/Mar/2022:08:45:01 +0800] "POST /xingrg/login.do HTTP/1.1" 302 -
222.70.180.114 - - [04/Mar/2022:08:45:02 +0800] "GET /xingrg/index.html?sysBaseUrl=http%3A%2F%2F180.169.147.146%3A18081%2Fxingrg%2F&costTime=39×tamp=1646354701979 HTTP/1.1" 200 17173
222.70.180.114 - - [04/Mar/2022:08:45:02 +0800] "GET /favicon.ico HTTP/1.1" 404 -
222.70.180.114 - - [04/Mar/2022:08:45:02 +0800] "POST /xingrg/all/common/load_tree.html?tree=area_rest_tree_json&manage=1 HTTP/1.1" 200 342
222.70.180.114 - - [04/Mar/2022:08:45:02 +0800] "GET /xingrg/check_reg.html?_=1646354696677 HTTP/1.1" 200 22
222.70.180.114 - - [04/Mar/2022:08:45:02 +0800] "GET /xingrg/all/function/internal_message.html?_=1646354696676&CODE_STATE=count HTTP/1.1" 200 11
222.70.180.114 - - [04/Mar/2022:08:45:02 +0800] "POST /xingrg/load_menu.html HTTP/1.1" 200 5138
222.70.180.114 - - [04/Mar/2022:08:45:03 +0800] "GET /xingrg/kc/buy/buy_main.html HTTP/1.1" 200 12412
222.70.180.114 - - [04/Mar/2022:08:45:03 +0800] "GET /xingrg/css/new_ie.css HTTP/1.1" 404 1036
222.70.180.114 - - [04/Mar/2022:08:45:04 +0800] "GET /xingrg/images/yd/bt.gif HTTP/1.1" 404 1040
222.70.180.114 - - [04/Mar/2022:08:45:05 +0800] "GET /xingrg/kc/buy/cgsh_order_list.html HTTP/1.1" 200 49786
222.70.243.96 - - [04/Mar/2022:08:45:05 +0800] "GET /xingrg/kc/buy/cgsh_order_operate.html?command=get_materiel&rest_code=00146&code=00101008049&supplier_code=00100005&order_time=2022-03-04 HTTP/1.1" 200 408
222.70.180.114 - - [04/Mar/2022:08:45:06 +0800] "POST /xingrg/kc/buy/cgsh_list_operate.html HTTP/1.1" 200 876
180.152.99.39 - - [04/Mar/2022:08:45:07 +0800] "GET /xingrg/check_reg.html?_=1646354605514 HTTP/1.1" 200 22
222.70.243.96 - - [04/Mar/2022:08:45:09 +0800] "GET /xingrg/all/function/internal_message.html?_=1646354725522&CODE_STATE=getMsg HTTP/1.1" 200 27
222.70.180.114 - - [04/Mar/2022:08:45:09 +0800] "GET /xingrg/kc/buy/cgsh_order_add.html HTTP/1.1" 200 65517
222.70.180.114 - - [04/Mar/2022:08:45:10 +0800] "GET /xingrg/words/20220303150702_words.js HTTP/1.1" 304 -
222.70.180.114 - - [04/Mar/2022:08:45:10 +0800] "GET /xingrg/all/common/auto_word.html?type=employee&rest_code=00111 HTTP/1.1" 200 155
222.70.180.114 - - [04/Mar/2022:08:45:10 +0800] "GET /xingrg/all/common/auto_word.html?type=employee&rest_code=00111 HTTP/1.1" 200 155
222.70.180.114 - - [04/Mar/2022:08:45:10 +0800] "GET /xingrg/javascript/easyui/themes/default/validatebox.css HTTP/1.1" 404 1104
222.70.180.114 - - [04/Mar/2022:08:45:10 +0800] "POST /xingrg/kc/buy/cgsh_order_operate.html HTTP/1.1" 200 8245
222.70.180.114 - - [04/Mar/2022:08:45:15 +0800] "GET /xingrg/javascript/auto/indicator.gif HTTP/1.1" 404 1066
222.70.180.114 - - [04/Mar/2022:08:45:16 +0800] "GET /xingrg/javascript/jquery_tools/images/next.gif HTTP/1.1" 404 1086
222.70.180.114 - - [04/Mar/2022:08:45:16 +0800] "GET /xingrg/javascript/jquery_tools/images/prev.gif HTTP/1.1" 404 1086
124.79.79.90 - - [04/Mar/2022:08:45:18 +0800] "GET /xingrg/all/function/internal_message.html?_=1646354715637&CODE_STATE=getMsg HTTP/1.1" 200 27
180.152.99.39 - - [04/Mar/2022:08:45:19 +0800] "GET /xingrg/all/function/internal_message.html?_=1646354617743&CODE_STATE=getMsg HTTP/1.1" 200 27
58.39.168.32 - - [04/Mar/2022:08:45:25 +0800] "GET /xingrg/index.html?sysBaseUrl=http%3A%2F%2F180.169.147.146%3A18081%2Fxingrg%2F&costTime=32×tamp=1585224308505 HTTP/1.1" 302 -
58.39.168.32 - - [04/Mar/2022:08:45:25 +0800] "GET /xingrg/login.html HTTP/1.1" 200 7641
222.70.180.114 - - [04/Mar/2022:08:45:25 +0800] "GET /xingrg/kc/buy/cgsh_order_operate.html?command=get_materiel&rest_code=00111&code=00101008096&supplier_code=00100005&order_time=2022-03-04 HTTP/1.1" 200 433
58.39.168.32 - - [04/Mar/2022:08:45:26 +0800] "GET /xingrg/images/blue/jxLogo.png HTTP/1.1" 304 -
124.78.159.88 - - [04/Mar/2022:08:45:28 +0800] "GET /xingrg/check_reg.html?_=1646354726047 HTTP/1.1" 200 22
124.78.159.88 - - [04/Mar/2022:08:45:28 +0800] "GET /xingrg/all/function/internal_message.html?_=1646354726049&CODE_STATE=getMsg HTTP/1.1" 200 27
172.20.0.100 - - [04/Mar/2022:08:45:34 +0800] "GET /xingrg/all/function/internal_message.html?_=1646354732273&CODE_STATE=getMsg HTTP/1.1" 200 27
222.70.180.114 - - [04/Mar/2022:08:45:35 +0800] "GET /xingrg/kc/buy/cgsh_order_operate.html?command=get_materiel&rest_code=00111&code=00101008270&supplier_code=00100005&order_time=2022-03-04 HTTP/1.1" 200 432
58.39.168.32 - - [04/Mar/2022:08:45:36 +0800] "GET /xingrg/images/blue/login_bg.png HTTP/1.1" 304 -
58.39.168.32 - - [04/Mar/2022:08:45:36 +0800] "GET /xingrg/images/blue/hj.png HTTP/1.1" 304 -
58.39.168.32 - - [04/Mar/2022:08:45:36 +0800] "GET /xingrg/images/blue/srbg.png HTTP/1.1" 304 -
58.39.168.32 - - [04/Mar/2022:08:45:40 +0800] "GET /favicon.ico HTTP/1.1" 404 -
180.169.147.146 - - [04/Mar/2022:08:45:43 +0800] "GET /xingrg/all/function/internal_message.html?_=1646354742772&CODE_STATE=getMsg HTTP/1.1" 200 27
222.70.180.114 - - [04/Mar/2022:08:45:43 +0800] "GET /xingrg/kc/buy/cgsh_order_operate.html?command=get_materiel&rest_code=00111&code=00101008403&supplier_code=00100005&order_time=2022-03-04 HTTP/1.1" 200 412
180.169.147.146 - - [04/Mar/2022:08:45:46 +0800] "GET /xingrg/all/function/internal_message.html?_=1646354744975&CODE_STATE=getMsg HTTP/1.1" 200 27
222.70.243.96 - - [04/Mar/2022:08:45:50 +0800] "GET /xingrg/all/function/internal_message.html?_=1646354744673&CODE_STATE=getMsg HTTP/1.1" 200 27
114.88.156.203 - - [04/Mar/2022:08:45:51 +0800] "GET /xingrg/all/function/internal_message.html?_=1646354538121&CODE_STATE=getMsg HTTP/1.1" 200 27
101.83.241.237 - - [04/Mar/2022:08:45:54 +0800] "GET /xingrg/all/function/internal_message.html?_=1646354750198&CODE_STATE=getMsg HTTP/1.1" 200 27
222.70.180.114 - - [04/Mar/2022:08:45:54 +0800] "GET /xingrg/kc/buy/cgsh_order_operate.html?command=get_materiel&rest_code=00111&code=00101008100&supplier_code=00100005&order_time=2022-03-04 HTTP/1.1" 200 408
120.253.135.82 - - [04/Mar/2022:08:45:58 +0800] "GET /xingrg/all/function/internal_message.html?_=1646354555787&CODE_STATE=getMsg HTTP/1.1" 200 27
222.70.180.114 - - [04/Mar/2022:08:46:02 +0800] "GET /xingrg/all/function/internal_message.html?_=1646354756687&CODE_STATE=getMsg HTTP/1.1" 200 27
222.70.180.114 - - [04/Mar/2022:08:46:08 +0800] "GET /xingrg/kc/buy/cgsh_order_operate.html?command=get_materiel&rest_code=00111&code=00101008283&supplier_code=00100005&order_time=2022-03-04 HTTP/1.1" 200 428
222.70.243.96 - - [04/Mar/2022:08:46:09 +0800] "GET /xingrg/all/function/internal_message.html?_=1646354785536&CODE_STATE=getMsg HTTP/1.1" 200 27
114.88.156.203 - - [04/Mar/2022:08:46:15 +0800] "GET /xingrg/check_reg.html?_=1646354562045 HTTP/1.1" 200 22
222.70.180.114 - - [04/Mar/2022:08:46:18 +0800] "GET /xingrg/kc/buy/cgsh_order_operate.html?command=get_materiel&rest_code=00111&code=00101008261&supplier_code=00100005&order_time=2022-03-04 HTTP/1.1" 200 427
124.79.79.90 - - [04/Mar/2022:08:46:18 +0800] "GET /xingrg/all/function/internal_message.html?_=1646354775609&CODE_STATE=getMsg HTTP/1.1" 200 27
180.152.99.39 - - [04/Mar/2022:08:46:19 +0800] "GET /xingrg/all/function/internal_message.html?_=1646354677758&CODE_STATE=getMsg HTTP/1.1" 200 27
222.70.180.114 - - [04/Mar/2022:08:46:27 +0800] "GET /xingrg/kc/buy/cgsh_order_operate.html?command=get_materiel&rest_code=00111&code=00101008003&supplier_code=00100005&order_time=2022-03-04 HTTP/1.1" 200 429
124.78.159.88 - - [04/Mar/2022:08:46:28 +0800] "GET /xingrg/all/function/internal_message.html?_=1646354786050&CODE_STATE=getMsg HTTP/1.1" 200 27
180.169.147.146 - - [04/Mar/2022:08:46:29 +0800] "GET /xingrg/check_reg.html?_=1646354788629 HTTP/1.1" 200 22
58.221.95.50 - - [04/Mar/2022:08:46:34 +0800] "GET /xingrg/check_reg.html?_=1646354793421 HTTP/1.1" 302 -
172.20.0.100 - - [04/Mar/2022:08:46:34 +0800] "GET /xingrg/all/function/internal_message.html?_=1646354792283&CODE_STATE=getMsg HTTP/1.1" 200 27
222.70.180.114 - - [04/Mar/2022:08:46:34 +0800] "GET /xingrg/kc/buy/cgsh_order_operate.html?command=get_materiel&rest_code=00111&code=00101008067&supplier_code=00100005&order_time=2022-03-04 HTTP/1.1" 200 436
124.79.79.90 - - [04/Mar/2022:08:46:35 +0800] "GET /xingrg/check_reg.html?_=1646354792125 HTTP/1.1" 200 22
101.83.241.237 - - [04/Mar/2022:08:46:37 +0800] "GET /xingrg/kc/buy/cgsh_order_list.html HTTP/1.1" 200 49792
101.83.241.237 - - [04/Mar/2022:08:46:38 +0800] "POST /xingrg/kc/buy/cgsh_list_operate.html HTTP/1.1" 200 876
101.83.241.237 - - [04/Mar/2022:08:46:39 +0800] "GET /xingrg/kc/buy/cgsh_order_add.html HTTP/1.1" 200 65655
101.83.241.237 - - [04/Mar/2022:08:46:39 +0800] "GET /xingrg/words/20220303150702_words.js HTTP/1.1" 200 888725
101.83.241.237 - - [04/Mar/2022:08:46:40 +0800] "POST /xingrg/kc/buy/cgsh_order_operate.html HTTP/1.1" 200 8245
101.83.241.237 - - [04/Mar/2022:08:46:40 +0800] "GET /xingrg/all/common/auto_word.html?type=employee&rest_code=00149 HTTP/1.1" 200 197
101.83.241.237 - - [04/Mar/2022:08:46:40 +0800] "GET /xingrg/javascript/easyui/themes/default/validatebox.css HTTP/1.1" 404 1104
101.83.241.237 - - [04/Mar/2022:08:46:40 +0800] "GET /xingrg/all/common/auto_word.html?type=employee&rest_code=00149 HTTP/1.1" 200 197
222.70.180.114 - - [04/Mar/2022:08:46:43 +0800] "GET /xingrg/kc/buy/cgsh_order_operate.html?command=get_materiel&rest_code=00111&code=00101008024&supplier_code=00100005&order_time=2022-03-04 HTTP/1.1" 200 408
180.169.147.146 - - [04/Mar/2022:08:46:43 +0800] "GET /xingrg/all/function/internal_message.html?_=1646354802789&CODE_STATE=getMsg HTTP/1.1" 200 27
180.169.147.146 - - [04/Mar/2022:08:46:46 +0800] "GET /xingrg/all/function/internal_message.html?_=1646354804990&CODE_STATE=getMsg HTTP/1.1" 200 27
222.70.243.96 - - [04/Mar/2022:08:46:47 +0800] "GET /xingrg/kc/buy/cgsh_order_operate.html?command=get_materiel&rest_code=00146&code=00101008370&supplier_code=00100005&order_time=2022-03-04 HTTP/1.1" 200 412
180.152.99.73 - - [04/Mar/2022:08:46:49 +0800] "GET /xingrg/kc/buy/cgsh_order_list.html HTTP/1.1" 302 -
180.152.99.73 - - [04/Mar/2022:08:46:49 +0800] "GET /xingrg/login.html HTTP/1.1" 200 7641
180.152.99.73 - - [04/Mar/2022:08:46:49 +0800] "GET /xingrg/login.html HTTP/1.1" 200 7641
180.152.99.73 - - [04/Mar/2022:08:46:50 +0800] "GET /favicon.ico HTTP/1.1" 404 -
222.70.243.96 - - [04/Mar/2022:08:46:50 +0800] "GET /xingrg/all/function/internal_message.html?_=1646354804676&CODE_STATE=getMsg HTTP/1.1" 200 27
222.70.243.96 - - [04/Mar/2022:08:46:51 +0800] "GET /xingrg/check_reg.html?_=1646354827484 HTTP/1.1" 200 22
114.88.156.203 - - [04/Mar/2022:08:46:51 +0800] "GET /xingrg/all/function/internal_message.html?_=1646354598103&CODE_STATE=getMsg HTTP/1.1" 200 27
101.83.241.237 - - [04/Mar/2022:08:46:54 +0800] "GET /xingrg/all/function/internal_message.html?_=1646354810214&CODE_STATE=getMsg HTTP/1.1" 200 27
222.70.180.114 - - [04/Mar/2022:08:46:56 +0800] "GET /xingrg/kc/buy/cgsh_order_operate.html?command=get_materiel&rest_code=00111&code=00101008027&supplier_code=00100005&order_time=2022-03-04 HTTP/1.1" 200 430
101.83.241.237 - - [04/Mar/2022:08:46:56 +0800] "GET /xingrg/javascript/auto/indicator.gif HTTP/1.1" 404 1066
101.83.241.237 - - [04/Mar/2022:08:46:58 +0800] "GET /xingrg/javascript/jquery_tools/images/prev.gif HTTP/1.1" 404 1086
101.83.241.237 - - [04/Mar/2022:08:46:58 +0800] "GET /xingrg/javascript/jquery_tools/images/next.gif HTTP/1.1" 404 1086
120.253.135.82 - - [04/Mar/2022:08:46:58 +0800] "GET /xingrg/check_reg.html?_=1646354615715 HTTP/1.1" 200 22
120.253.135.82 - - [04/Mar/2022:08:46:58 +0800] "GET /xingrg/all/function/internal_message.html?_=1646354615801&CODE_STATE=getMsg HTTP/1.1" 200 27
222.70.180.114 - - [04/Mar/2022:08:47:02 +0800] "GET /xingrg/all/function/internal_message.html?_=1646354816682&CODE_STATE=getMsg HTTP/1.1" 200 27
101.83.241.237 - - [04/Mar/2022:08:47:04 +0800] "GET /xingrg/kc/buy/cgsh_order_operate.html?command=get_materiel&rest_code=00149&code=00101008091&supplier_code=00100005&order_time=2022-03-04 HTTP/1.1" 200 433
222.70.180.114 - - [04/Mar/2022:08:47:05 +0800] "GET /xingrg/kc/buy/cgsh_order_operate.html?command=get_materiel&rest_code=00111&code=00101008257&supplier_code=00100005&order_time=2022-03-04 HTTP/1.1" 200 436
222.70.243.96 - - [04/Mar/2022:08:47:09 +0800] "GET /xingrg/all/function/internal_message.html?_=1646354845549&CODE_STATE=getMsg HTTP/1.1" 200 27
222.70.180.114 - - [04/Mar/2022:08:47:13 +0800] "GET /xingrg/kc/buy/cgsh_order_operate.html?command=get_materiel&rest_code=00111&code=00101008349&supplier_code=00100005&order_time=2022-03-04 HTTP/1.1" 200 432
124.79.79.90 - - [04/Mar/2022:08:47:18 +0800] "GET /xingrg/all/function/internal_message.html?_=1646354835581&CODE_STATE=getMsg HTTP/1.1" 200 27
180.152.99.39 - - [04/Mar/2022:08:47:19 +0800] "GET /xingrg/all/function/internal_message.html?_=1646354737779&CODE_STATE=getMsg HTTP/1.1" 200 27
222.70.180.114 - - [04/Mar/2022:08:47:23 +0800] "GET /xingrg/kc/buy/cgsh_order_operate.html?command=get_materiel&rest_code=00111&code=00101008290&supplier_code=00100005&order_time=2022-03-04 HTTP/1.1" 200 436
101.83.241.237 - - [04/Mar/2022:08:47:24 +0800] "GET /xingrg/kc/buy/cgsh_order_operate.html?command=get_materiel&rest_code=00149&code=00101016030&supplier_code=00100005&order_time=2022-03-04 HTTP/1.1" 200 432
124.78.159.88 - - [04/Mar/2022:08:47:28 +0800] "GET /xingrg/all/function/internal_message.html?_=1646354846050&CODE_STATE=getMsg HTTP/1.1" 200 27
101.83.241.237 - - [04/Mar/2022:08:47:33 +0800] "GET /xingrg/kc/buy/cgsh_order_operate.html?command=get_materiel&rest_code=00149&code=00101010092&supplier_code=00100005&order_time=2022-03-04 HTTP/1.1" 200 450
172.20.0.100 - - [04/Mar/2022:08:47:34 +0800] "GET /xingrg/check_reg.html?_=1646354852273 HTTP/1.1" 200 22
172.20.0.100 - - [04/Mar/2022:08:47:34 +0800] "GET /xingrg/all/function/internal_message.html?_=1646354852283&CODE_STATE=getMsg HTTP/1.1" 200 27
180.169.147.146 - - [04/Mar/2022:08:47:43 +0800] "GET /xingrg/all/function/internal_message.html?_=1646354862803&CODE_STATE=getMsg HTTP/1.1" 200 27
180.169.147.146 - - [04/Mar/2022:08:47:46 +0800] "GET /xingrg/all/function/internal_message.html?_=1646354864983&CODE_STATE=getMsg HTTP/1.1" 200 27
101.83.241.237 - - [04/Mar/2022:08:47:47 +0800] "GET /xingrg/kc/buy/cgsh_order_operate.html?command=get_materiel&rest_code=00149&code=00101012003&supplier_code=00100005&order_time=2022-03-04 HTTP/1.1" 200 433
222.70.243.96 - - [04/Mar/2022:08:47:50 +0800] "GET /xingrg/all/function/internal_message.html?_=1646354864677&CODE_STATE=getMsg HTTP/1.1" 200 27
114.88.156.203 - - [04/Mar/2022:08:47:51 +0800] "GET /xingrg/all/function/internal_message.html?_=1646354658077&CODE_STATE=getMsg HTTP/1.1" 200 27
180.152.99.73 - - [04/Mar/2022:08:47:53 +0800] "POST /xingrg/login.do HTTP/1.1" 302 -
180.152.99.73 - - [04/Mar/2022:08:47:53 +0800] "GET /xingrg/index.html?sysBaseUrl=http%3A%2F%2F180.169.147.146%3A18081%2Fxingrg%2F&costTime=38×tamp=1646354873111 HTTP/1.1" 200 17177
180.152.99.73 - - [04/Mar/2022:08:47:53 +0800] "POST /xingrg/all/common/load_tree.html?tree=area_rest_tree_json&manage=1 HTTP/1.1" 200 476
180.152.99.73 - - [04/Mar/2022:08:47:53 +0800] "GET /xingrg/check_reg.html?_=1646354873049 HTTP/1.1" 200 22
180.152.99.73 - - [04/Mar/2022:08:47:53 +0800] "GET /xingrg/all/function/internal_message.html?_=1646354873048&CODE_STATE=count HTTP/1.1" 200 11
180.152.99.73 - - [04/Mar/2022:08:47:53 +0800] "GET /favicon.ico HTTP/1.1" 404 -
180.152.99.73 - - [04/Mar/2022:08:47:53 +0800] "POST /xingrg/load_menu.html HTTP/1.1" 200 5138
222.70.180.114 - - [04/Mar/2022:08:47:53 +0800] "GET /xingrg/kc/buy/cgsh_order_operate.html?command=get_materiel&rest_code=00111&code=00101008356&supplier_code=00100005&order_time=2022-03-04 HTTP/1.1" 200 408
101.83.241.237 - - [04/Mar/2022:08:47:54 +0800] "GET /xingrg/all/function/internal_message.html?_=1646354870203&CODE_STATE=getMsg HTTP/1.1" 200 27
180.152.99.73 - - [04/Mar/2022:08:47:56 +0800] "GET /xingrg/kc/buy/cgsh_order_list.html HTTP/1.1" 200 49790
180.152.99.73 - - [04/Mar/2022:08:47:57 +0800] "POST /xingrg/kc/buy/cgsh_list_operate.html HTTP/1.1" 200 876
180.152.99.73 - - [04/Mar/2022:08:47:58 +0800] "GET /xingrg/kc/buy/cgsh_order_add.html HTTP/1.1" 200 65159
180.152.99.73 - - [04/Mar/2022:08:47:58 +0800] "GET /xingrg/words/20220303150702_words.js HTTP/1.1" 200 888725
120.253.135.82 - - [04/Mar/2022:08:47:58 +0800] "GET /xingrg/all/function/internal_message.html?_=1646354675814&CODE_STATE=getMsg HTTP/1.1" 200 27
180.152.99.73 - - [04/Mar/2022:08:47:59 +0800] "POST /xingrg/kc/buy/cgsh_order_operate.html HTTP/1.1" 200 8245
180.152.99.73 - - [04/Mar/2022:08:47:59 +0800] "GET /xingrg/all/common/auto_word.html?type=employee&rest_code=00151 HTTP/1.1" 200 293
180.152.99.73 - - [04/Mar/2022:08:47:59 +0800] "GET /xingrg/all/common/auto_word.html?type=employee&rest_code=00151 HTTP/1.1" 200 293
180.152.99.73 - - [04/Mar/2022:08:47:59 +0800] "GET /xingrg/javascript/easyui/themes/default/validatebox.css HTTP/1.1" 404 1104
222.70.180.114 - - [04/Mar/2022:08:48:02 +0800] "GET /xingrg/all/function/internal_message.html?_=1646354876679&CODE_STATE=getMsg HTTP/1.1" 200 27
180.152.99.73 - - [04/Mar/2022:08:48:04 +0800] "GET /xingrg/javascript/auto/indicator.gif HTTP/1.1" 404 1066
222.70.243.96 - - [04/Mar/2022:08:48:09 +0800] "GET /xingrg/all/function/internal_message.html?_=1646354905563&CODE_STATE=getMsg HTTP/1.1" 200 27
101.83.241.237 - - [04/Mar/2022:08:48:10 +0800] "GET /xingrg/kc/buy/cgsh_order_operate.html?command=get_materiel&rest_code=00149&code=00101020153&supplier_code=00100005&order_time=2022-03-04 HTTP/1.1" 200 428
124.79.79.90 - - [04/Mar/2022:08:48:18 +0800] "GET /xingrg/all/function/internal_message.html?_=1646354895554&CODE_STATE=getMsg HTTP/1.1" 200 27
101.83.241.237 - - [04/Mar/2022:08:48:19 +0800] "GET /xingrg/kc/buy/cgsh_order_operate.html?command=get_materiel&rest_code=00149&code=00101008027&supplier_code=00100005&order_time=2022-03-04 HTTP/1.1" 200 430
180.152.99.39 - - [04/Mar/2022:08:48:19 +0800] "GET /xingrg/all/function/internal_message.html?_=1646354797784&CODE_STATE=getMsg HTTP/1.1" 200 27
124.78.159.88 - - [04/Mar/2022:08:48:28 +0800] "GET /xingrg/all/function/internal_message.html?_=1646354906051&CODE_STATE=getMsg HTTP/1.1" 200 27
101.89.29.78 - - [04/Mar/2022:08:48:29 +0800] "GET /xingrg/all/function/internal_message.html?_=1646354846050&CODE_STATE=getMsg HTTP/1.1" 302 -
222.70.180.114 - - [04/Mar/2022:08:48:30 +0800] "GET /xingrg/kc/buy/cgsh_order_operate.html?command=get_materiel&rest_code=00111&code=00101008286&supplier_code=00100005&order_time=2022-03-04 HTTP/1.1" 200 429
101.89.29.78 - - [04/Mar/2022:08:48:31 +0800] "GET /xingrg/login.html HTTP/1.1" 200 7641
172.20.0.100 - - [04/Mar/2022:08:48:34 +0800] "GET /xingrg/all/function/internal_message.html?_=1646354912273&CODE_STATE=getMsg HTTP/1.1" 200 27
222.70.180.114 - - [04/Mar/2022:08:48:38 +0800] "GET /xingrg/kc/buy/cgsh_order_operate.html?command=get_materiel&rest_code=00111&code=00101008131&supplier_code=00100005&order_time=2022-03-04 HTTP/1.1" 200 428
101.83.241.237 - - [04/Mar/2022:08:48:39 +0800] "GET /xingrg/kc/buy/cgsh_order_operate.html?command=get_materiel&rest_code=00149&code=00101008156&supplier_code=00100005&order_time=2022-03-04 HTTP/1.1" 200 433
180.169.147.146 - - [04/Mar/2022:08:48:43 +0800] "GET /xingrg/all/function/internal_message.html?_=1646354922822&CODE_STATE=getMsg HTTP/1.1" 200 27
222.70.180.114 - - [04/Mar/2022:08:48:46 +0800] "GET /xingrg/kc/buy/cgsh_order_operate.html?command=get_materiel&rest_code=00111&code=00101008296&supplier_code=00100005&order_time=2022-03-04 HTTP/1.1" 200 437
180.169.147.146 - - [04/Mar/2022:08:48:46 +0800] "GET /xingrg/all/function/internal_message.html?_=1646354924973&CODE_STATE=getMsg HTTP/1.1" 200 27
222.70.243.96 - - [04/Mar/2022:08:48:50 +0800] "GET /xingrg/all/function/internal_message.html?_=1646354924680&CODE_STATE=getMsg HTTP/1.1" 200 27
222.70.243.96 - - [04/Mar/2022:08:48:50 +0800] "GET /xingrg/check_reg.html?_=1646354924682 HTTP/1.1" 200 22
114.88.156.203 - - [04/Mar/2022:08:48:51 +0800] "GET /xingrg/all/function/internal_message.html?_=1646354718045&CODE_STATE=getMsg HTTP/1.1" 200 27
180.152.99.73 - - [04/Mar/2022:08:48:53 +0800] "GET /xingrg/all/function/internal_message.html?_=1646354933131&CODE_STATE=getMsg HTTP/1.1" 200 27
101.83.241.237 - - [04/Mar/2022:08:48:54 +0800] "GET /xingrg/all/function/internal_message.html?_=1646354930209&CODE_STATE=getMsg HTTP/1.1" 200 27
101.83.241.237 - - [04/Mar/2022:08:48:54 +0800] "GET /xingrg/check_reg.html?_=1646354930214 HTTP/1.1" 200 22
222.70.180.114 - - [04/Mar/2022:08:48:54 +0800] "GET /xingrg/kc/buy/cgsh_order_operate.html?command=get_materiel&rest_code=00111&code=00101008353&supplier_code=00100005&order_time=2022-03-04 HTTP/1.1" 200 429
222.70.180.114 - - [04/Mar/2022:08:48:56 +0800] "POST /xingrg/kc/buy/cgsh_order_operate.html HTTP/1.1" 200 2065
180.152.99.73 - - [04/Mar/2022:08:48:58 +0800] "GET /xingrg/kc/buy/cgsh_order_operate.html?command=get_materiel&rest_code=00151&code=00101001075&supplier_code=00100096&order_time=2022-03-04 HTTP/1.1" 200 432
101.83.241.237 - - [04/Mar/2022:08:48:58 +0800] "GET /xingrg/kc/buy/cgsh_order_operate.html?command=get_materiel&rest_code=00149&code=00101008350&supplier_code=00100005&order_time=2022-03-04 HTTP/1.1" 200 429
120.253.135.82 - - [04/Mar/2022:08:48:58 +0800] "GET /xingrg/all/function/internal_message.html?_=1646354735828&CODE_STATE=getMsg HTTP/1.1" 200 27
222.70.180.114 - - [04/Mar/2022:08:49:01 +0800] "GET /xingrg/kc/buy/cgsh_order_operate.html?command=get_materiel&rest_code=00111&code=00101008213&supplier_code=00100005&order_time=2022-03-04 HTTP/1.1" 200 432
222.70.180.114 - - [04/Mar/2022:08:49:02 +0800] "GET /xingrg/all/function/internal_message.html?_=1646354936690&CODE_STATE=getMsg HTTP/1.1" 200 27
222.70.243.96 - - [04/Mar/2022:08:49:09 +0800] "GET /xingrg/all/function/internal_message.html?_=1646354965577&CODE_STATE=getMsg HTTP/1.1" 200 27
222.70.180.114 - - [04/Mar/2022:08:49:10 +0800] "GET /xingrg/kc/buy/cgsh_order_operate.html?command=get_materiel&rest_code=00111&code=00101008010&supplier_code=00100005&order_time=2022-03-04 HTTP/1.1" 200 432
101.83.241.237 - - [04/Mar/2022:08:49:13 +0800] "GET /xingrg/kc/buy/cgsh_order_operate.html?command=get_materiel&rest_code=00149&code=00101016147&supplier_code=00100005&order_time=2022-03-04 HTTP/1.1" 200 394
180.152.99.73 - - [04/Mar/2022:08:49:17 +0800] "GET /xingrg/kc/buy/cgsh_order_operate.html?command=get_materiel&rest_code=00151&code=00101001084&supplier_code=00100096&order_time=2022-03-04 HTTP/1.1" 200 415
222.70.180.114 - - [04/Mar/2022:08:49:17 +0800] "GET /xingrg/kc/buy/cgsh_order_operate.html?command=get_materiel&rest_code=00111&code=00101008306&supplier_code=00100005&order_time=2022-03-04 HTTP/1.1" 200 432
124.79.79.90 - - [04/Mar/2022:08:49:18 +0800] "GET /xingrg/all/function/internal_message.html?_=1646354955528&CODE_STATE=getMsg HTTP/1.1" 200 27
180.152.99.39 - - [04/Mar/2022:08:49:19 +0800] "GET /xingrg/all/function/internal_message.html?_=1646354857805&CODE_STATE=getMsg HTTP/1.1" 200 27
101.83.241.237 - - [04/Mar/2022:08:49:26 +0800] "GET /xingrg/kc/buy/cgsh_order_operate.html?command=get_materiel&rest_code=00149&code=00101008185&supplier_code=00100005&order_time=2022-03-04 HTTP/1.1" 200 408
222.70.180.114 - - [04/Mar/2022:08:49:26 +0800] "GET /xingrg/kc/buy/cgsh_order_operate.html?command=get_materiel&rest_code=00111&code=00101008219&supplier_code=00100005&order_time=2022-03-04 HTTP/1.1" 200 432
222.70.243.96 - - [04/Mar/2022:08:49:28 +0800] "GET /xingrg/kc/buy/cgsh_order_operate.html?command=get_materiel&rest_code=00146&code=00101008087&supplier_code=00100005&order_time=2022-03-04 HTTP/1.1" 200 412
124.78.159.88 - - [04/Mar/2022:08:49:28 +0800] "GET /xingrg/all/function/internal_message.html?_=1646354966051&CODE_STATE=getMsg HTTP/1.1" 200 27
101.83.241.237 - - [04/Mar/2022:08:49:34 +0800] "GET /xingrg/kc/buy/cgsh_order_operate.html?command=get_materiel&rest_code=00149&code=00101008354&supplier_code=00100005&order_time=2022-03-04 HTTP/1.1" 200 432
172.20.0.100 - - [04/Mar/2022:08:49:34 +0800] "GET /xingrg/all/function/internal_message.html?_=1646354972275&CODE_STATE=getMsg HTTP/1.1" 200 27
222.70.180.114 - - [04/Mar/2022:08:49:34 +0800] "GET /xingrg/kc/buy/cgsh_order_operate.html?command=get_materiel&rest_code=00111&code=00101008161&supplier_code=00100005&order_time=2022-03-04 HTTP/1.1" 200 429
222.70.180.114 - - [04/Mar/2022:08:49:36 +0800] "POST /xingrg/kc/buy/cgsh_order_operate.html HTTP/1.1" 200 2065
180.152.99.73 - - [04/Mar/2022:08:49:39 +0800] "GET /xingrg/kc/buy/cgsh_order_operate.html?command=get_materiel&rest_code=00151&code=00101012019&supplier_code=00100096&order_time=2022-03-04 HTTP/1.1" 200 412
101.83.241.237 - - [04/Mar/2022:08:49:41 +0800] "GET /xingrg/kc/buy/cgsh_order_operate.html?command=get_materiel&rest_code=00149&code=00101008028&supplier_code=00100005&order_time=2022-03-04 HTTP/1.1" 200 431
180.169.147.146 - - [04/Mar/2022:08:49:43 +0800] "GET /xingrg/all/function/internal_message.html?_=1646354982830&CODE_STATE=getMsg HTTP/1.1" 200 27
222.70.180.114 - - [04/Mar/2022:08:49:45 +0800] "GET /xingrg/kc/buy/cgsh_order_operate.html?command=get_materiel&rest_code=00111&code=00101008274&supplier_code=00100005&order_time=2022-03-04 HTTP/1.1" 200 433
180.152.99.73 - - [04/Mar/2022:08:49:46 +0800] "GET /xingrg/kc/buy/cgsh_order_operate.html?command=get_materiel&rest_code=00151&code=00101006112&supplier_code=00100096&order_time=2022-03-04 HTTP/1.1" 200 409
180.169.147.146 - - [04/Mar/2022:08:49:46 +0800] "GET /xingrg/all/function/internal_message.html?_=1646354984989&CODE_STATE=getMsg HTTP/1.1" 200 27
180.169.147.146 - - [04/Mar/2022:08:49:46 +0800] "GET /xingrg/check_reg.html?_=1646354984993 HTTP/1.1" 200 22
222.70.223.103 - - [04/Mar/2022:08:49:46 +0800] "GET /xingrg/index.html?sysBaseUrl=http%3A%2F%2F180.169.147.146%3A18081%2Fxingrg%2F&costTime=1277×tamp=1606817596806 HTTP/1.1" 302 -
222.70.223.103 - - [04/Mar/2022:08:49:46 +0800] "GET /xingrg/login.html HTTP/1.1" 200 7641
222.70.223.103 - - [04/Mar/2022:08:49:47 +0800] "GET /favicon.ico HTTP/1.1" 404 -
222.70.243.96 - - [04/Mar/2022:08:49:50 +0800] "GET /xingrg/all/function/internal_message.html?_=1646354984683&CODE_STATE=getMsg HTTP/1.1" 200 27
222.70.223.103 - - [04/Mar/2022:08:49:51 +0800] "POST /xingrg/login.do HTTP/1.1" 302 -
222.70.223.103 - - [04/Mar/2022:08:49:51 +0800] "GET /xingrg/index.html?sysBaseUrl=http%3A%2F%2F180.169.147.146%3A18081%2Fxingrg%2F&costTime=40×tamp=1646354991108 HTTP/1.1" 200 17179
222.70.223.103 - - [04/Mar/2022:08:49:51 +0800] "GET /favicon.ico HTTP/1.1" 404 -
222.70.223.103 - - [04/Mar/2022:08:49:51 +0800] "POST /xingrg/all/common/load_tree.html?tree=area_rest_tree_json&manage=1 HTTP/1.1" 200 351
222.70.223.103 - - [04/Mar/2022:08:49:51 +0800] "GET /xingrg/check_reg.html?_=1646354988332 HTTP/1.1" 200 22
222.70.223.103 - - [04/Mar/2022:08:49:51 +0800] "GET /xingrg/all/function/internal_message.html?_=1646354988331&CODE_STATE=count HTTP/1.1" 200 11
222.70.223.103 - - [04/Mar/2022:08:49:51 +0800] "POST /xingrg/load_menu.html HTTP/1.1" 200 5138
114.88.156.203 - - [04/Mar/2022:08:49:51 +0800] "GET /xingrg/all/function/internal_message.html?_=1646354778024&CODE_STATE=getMsg HTTP/1.1" 200 27
101.83.241.237 - - [04/Mar/2022:08:49:52 +0800] "GET /xingrg/kc/buy/cgsh_order_operate.html?command=get_materiel&rest_code=00149&code=00101008351&supplier_code=00100005&order_time=2022-03-04 HTTP/1.1" 200 427
180.152.99.73 - - [04/Mar/2022:08:49:53 +0800] "GET /xingrg/all/function/internal_message.html?_=1646354993117&CODE_STATE=getMsg HTTP/1.1" 200 27
222.70.223.103 - - [04/Mar/2022:08:49:53 +0800] "GET /xingrg/kc/buy/cgsh_order_list.html HTTP/1.1" 200 49792
101.83.241.237 - - [04/Mar/2022:08:49:54 +0800] "GET /xingrg/all/function/internal_message.html?_=1646354990218&CODE_STATE=getMsg HTTP/1.1" 200 27
222.70.180.114 - - [04/Mar/2022:08:49:54 +0800] "GET /xingrg/kc/buy/cgsh_order_operate.html?command=get_materiel&rest_code=00111&code=00101008125&supplier_code=00100005&order_time=2022-03-04 HTTP/1.1" 200 432
222.70.223.103 - - [04/Mar/2022:08:49:55 +0800] "POST /xingrg/kc/buy/cgsh_list_operate.html HTTP/1.1" 200 876
222.70.223.103 - - [04/Mar/2022:08:49:56 +0800] "GET /xingrg/kc/buy/cgsh_order_add.html HTTP/1.1" 200 65523
222.70.223.103 - - [04/Mar/2022:08:49:56 +0800] "GET /xingrg/words/20220303150702_words.js HTTP/1.1" 304 -
222.70.223.103 - - [04/Mar/2022:08:49:57 +0800] "POST /xingrg/kc/buy/cgsh_order_operate.html HTTP/1.1" 200 8245
222.70.223.103 - - [04/Mar/2022:08:49:57 +0800] "GET /xingrg/all/common/auto_word.html?type=employee&rest_code=00155 HTTP/1.1" 200 205
222.70.223.103 - - [04/Mar/2022:08:49:57 +0800] "GET /xingrg/all/common/auto_word.html?type=employee&rest_code=00155 HTTP/1.1" 200 205
222.70.223.103 - - [04/Mar/2022:08:49:57 +0800] "GET /xingrg/javascript/easyui/themes/default/validatebox.css HTTP/1.1" 404 1104
180.152.99.73 - - [04/Mar/2022:08:49:58 +0800] "POST /xingrg/kc/buy/cgsh_order_operate.html HTTP/1.1" 200 37
120.253.135.82 - - [04/Mar/2022:08:49:58 +0800] "GET /xingrg/all/function/internal_message.html?_=1646354795855&CODE_STATE=getMsg HTTP/1.1" 200 27
101.83.241.237 - - [04/Mar/2022:08:50:01 +0800] "GET /xingrg/kc/buy/cgsh_order_operate.html?command=get_materiel&rest_code=00149&code=00101008110&supplier_code=00100005&order_time=2022-03-04 HTTP/1.1" 200 428
222.70.223.103 - - [04/Mar/2022:08:50:01 +0800] "GET /xingrg/javascript/auto/indicator.gif HTTP/1.1" 404 1066
222.70.180.114 - - [04/Mar/2022:08:50:02 +0800] "GET /xingrg/check_reg.html?_=1646354996683 HTTP/1.1" 200 22
222.70.180.114 - - [04/Mar/2022:08:50:02 +0800] "GET /xingrg/all/function/internal_message.html?_=1646354996685&CODE_STATE=getMsg HTTP/1.1" 200 27
222.70.223.103 - - [04/Mar/2022:08:50:03 +0800] "GET /xingrg/javascript/jquery_tools/images/prev.gif HTTP/1.1" 404 1086
222.70.223.103 - - [04/Mar/2022:08:50:03 +0800] "GET /xingrg/javascript/jquery_tools/images/next.gif HTTP/1.1" 404 1086
222.70.180.114 - - [04/Mar/2022:08:50:03 +0800] "GET /xingrg/kc/buy/cgsh_order_operate.html?command=get_materiel&rest_code=00111&code=00101008354&supplier_code=00100005&order_time=2022-03-04 HTTP/1.1" 200 432
180.152.99.73 - - [04/Mar/2022:08:50:03 +0800] "POST /xingrg/kc/buy/cgsh_order_operate.html HTTP/1.1" 200 12
180.152.99.73 - - [04/Mar/2022:08:50:05 +0800] "GET /xingrg/kc/buy/cgsh_order_info.html?code=212022030401178 HTTP/1.1" 200 60058
180.152.99.73 - - [04/Mar/2022:08:50:05 +0800] "GET /xingrg/javascript/easyui/themes/default/validatebox.css HTTP/1.1" 404 1104
180.152.99.73 - - [04/Mar/2022:08:50:06 +0800] "POST /xingrg/kc/buy/cgsh_order_operate.html HTTP/1.1" 200 2412
180.152.99.39 - - [04/Mar/2022:08:50:07 +0800] "GET /xingrg/check_reg.html?_=1646354905520 HTTP/1.1" 200 22
180.152.99.73 - - [04/Mar/2022:08:50:07 +0800] "GET /xingrg/kc/print/load_config.html?kc_code=cgsh HTTP/1.1" 200 1943
180.152.99.73 - - [04/Mar/2022:08:50:07 +0800] "GET /xingrg/kc/print/load_data.html?order_code=212022030401178&kc_code=cgsh&condition= HTTP/1.1" 200 1381
222.70.243.96 - - [04/Mar/2022:08:50:09 +0800] "GET /xingrg/all/function/internal_message.html?_=1646355025590&CODE_STATE=getMsg HTTP/1.1" 200 27
222.70.223.103 - - [04/Mar/2022:08:50:10 +0800] "GET /xingrg/kc/buy/cgsh_order_operate.html?command=get_materiel&rest_code=00155&code=00101007090&supplier_code=00100002&order_time=2022-03-04 HTTP/1.1" 200 413
101.83.241.237 - - [04/Mar/2022:08:50:12 +0800] "GET /xingrg/kc/buy/cgsh_order_operate.html?command=get_materiel&rest_code=00149&code=00101008096&supplier_code=00100005&order_time=2022-03-04 HTTP/1.1" 200 433
180.152.99.73 - - [04/Mar/2022:08:50:14 +0800] "POST /xingrg/all/user/operate.html HTTP/1.1" 200 36
180.152.99.73 - - [04/Mar/2022:08:50:14 +0800] "GET /xingrg/index.html?sysBaseUrl=http%3A%2F%2F180.169.147.146%3A18081%2Fxingrg%2F&costTime=38×tamp=1646354873111 HTTP/1.1" 200 17179
180.152.99.73 - - [04/Mar/2022:08:50:14 +0800] "GET /xingrg/javascript/jquery_easy_ui/themes/default/easyui.css HTTP/1.1" 304 -
180.152.99.73 - - [04/Mar/2022:08:50:14 +0800] "GET /xingrg/javascript/jquery_easy_ui/themes/icon.css HTTP/1.1" 304 -
180.152.99.73 - - [04/Mar/2022:08:50:14 +0800] "GET /xingrg/css/form.css HTTP/1.1" 304 -
