124.79.79.90 - - [04/Mar/2022:09:01:35 +0800] "GET /xingrg/check_reg.html?_=1646355692061 HTTP/1.1" 200 22
222.70.243.96 - - [04/Mar/2022:09:01:37 +0800] "POST /xingrg/kc/buy/cgsh_order_operate.html HTTP/1.1" 200 37
116.232.51.5 - - [04/Mar/2022:09:01:37 +0800] "GET /xingrg/kc/buy/cgsh_order_operate.html?command=get_materiel&rest_code=00109&code=00101008355&supplier_code=00100005&order_time=2022-03-04 HTTP/1.1" 200 429
101.83.241.237 - - [04/Mar/2022:09:01:38 +0800] "GET /xingrg/kc/buy/cgsh_order_add.html HTTP/1.1" 200 65655
180.169.147.146 - - [04/Mar/2022:09:01:38 +0800] "GET /xingrg/all/function/internal_message.html?_=1646355710863&CODE_STATE=getMsg HTTP/1.1" 200 27
101.83.241.237 - - [04/Mar/2022:09:01:38 +0800] "POST /xingrg/kc/buy/cgsh_order_operate.html HTTP/1.1" 200 8245
101.83.241.237 - - [04/Mar/2022:09:01:38 +0800] "GET /xingrg/javascript/easyui/themes/default/validatebox.css HTTP/1.1" 404 1104
222.70.243.96 - - [04/Mar/2022:09:01:39 +0800] "POST /xingrg/kc/buy/cgsh_order_operate.html HTTP/1.1" 200 18052
180.152.99.39 - - [04/Mar/2022:09:01:41 +0800] "GET /xingrg/kc/buy/cgsh_order_operate.html?command=get_materiel&rest_code=00150&code=00101008371&supplier_code=00100007&order_time=2022-03-04 HTTP/1.1" 200 412
116.232.51.5 - - [04/Mar/2022:09:01:43 +0800] "GET /xingrg/kc/buy/cgsh_order_operate.html?command=get_materiel&rest_code=00109&code=00101008137&supplier_code=00100005&order_time=2022-03-04 HTTP/1.1" 200 428
180.169.147.146 - - [04/Mar/2022:09:01:46 +0800] "GET /xingrg/all/function/internal_message.html?_=1646355704989&CODE_STATE=getMsg HTTP/1.1" 200 27
180.152.99.39 - - [04/Mar/2022:09:01:48 +0800] "GET /xingrg/kc/buy/cgsh_order_operate.html?command=get_materiel&rest_code=00150&code=00101008353&supplier_code=00100007&order_time=2022-03-04 HTTP/1.1" 200 429
116.232.51.5 - - [04/Mar/2022:09:01:48 +0800] "GET /xingrg/kc/buy/cgsh_order_operate.html?command=get_materiel&rest_code=00109&code=00101008583&supplier_code=00100005&order_time=2022-03-04 HTTP/1.1" 200 423
222.70.243.96 - - [04/Mar/2022:09:01:50 +0800] "GET /xingrg/all/function/internal_message.html?_=1646355704675&CODE_STATE=getMsg HTTP/1.1" 200 27
222.70.243.96 - - [04/Mar/2022:09:01:51 +0800] "GET /xingrg/check_reg.html?_=1646355727648 HTTP/1.1" 200 22
114.88.156.203 - - [04/Mar/2022:09:01:51 +0800] "GET /xingrg/all/function/internal_message.html?_=1646355497755&CODE_STATE=getMsg HTTP/1.1" 200 27
222.70.223.103 - - [04/Mar/2022:09:01:51 +0800] "GET /xingrg/all/function/internal_message.html?_=1646355708347&CODE_STATE=getMsg HTTP/1.1" 200 27
101.83.241.237 - - [04/Mar/2022:09:01:54 +0800] "GET /xingrg/all/function/internal_message.html?_=1646355710257&CODE_STATE=getMsg HTTP/1.1" 200 27
180.152.99.39 - - [04/Mar/2022:09:01:54 +0800] "GET /xingrg/kc/buy/cgsh_order_operate.html?command=get_materiel&rest_code=00150&code=00101008213&supplier_code=00100007&order_time=2022-03-04 HTTP/1.1" 200 432
116.232.51.5 - - [04/Mar/2022:09:01:55 +0800] "GET /xingrg/kc/buy/cgsh_order_operate.html?command=get_materiel&rest_code=00109&code=00101008357&supplier_code=00100005&order_time=2022-03-04 HTTP/1.1" 200 427
120.253.135.82 - - [04/Mar/2022:09:01:58 +0800] "GET /xingrg/check_reg.html?_=1646355515772 HTTP/1.1" 200 22
120.253.135.82 - - [04/Mar/2022:09:01:59 +0800] "GET /xingrg/all/function/internal_message.html?_=1646355516036&CODE_STATE=getMsg HTTP/1.1" 200 27
116.232.51.5 - - [04/Mar/2022:09:02:05 +0800] "GET /xingrg/kc/buy/cgsh_order_operate.html?command=get_materiel&rest_code=00109&code=00101008069&supplier_code=00100005&order_time=2022-03-04 HTTP/1.1" 200 431
180.152.99.39 - - [04/Mar/2022:09:02:05 +0800] "POST /xingrg/kc/buy/cgsh_order_operate.html HTTP/1.1" 200 37
180.152.99.39 - - [04/Mar/2022:09:02:07 +0800] "POST /xingrg/kc/buy/cgsh_order_operate.html HTTP/1.1" 200 16823
222.70.243.96 - - [04/Mar/2022:09:02:09 +0800] "GET /xingrg/all/function/internal_message.html?_=1646355745847&CODE_STATE=getMsg HTTP/1.1" 200 27
116.232.51.5 - - [04/Mar/2022:09:02:11 +0800] "GET /xingrg/kc/buy/cgsh_order_operate.html?command=get_materiel&rest_code=00109&code=00101008131&supplier_code=00100005&order_time=2022-03-04 HTTP/1.1" 200 428
222.70.243.96 - - [04/Mar/2022:09:02:13 +0800] "GET /xingrg/kc/buy/cgsh_order_operate.html?command=get_materiel&rest_code=00146&code=00101008161&supplier_code=00100005&order_time=2022-03-04 HTTP/1.1" 200 429
180.152.99.39 - - [04/Mar/2022:09:02:14 +0800] "GET /xingrg/kc/buy/cgsh_order_operate.html?command=get_materiel&rest_code=00150&code=00101008344&supplier_code=00100007&order_time=2022-03-04 HTTP/1.1" 200 412
180.152.99.73 - - [04/Mar/2022:09:02:14 +0800] "GET /xingrg/all/function/internal_message.html?_=1646355734577&CODE_STATE=getMsg HTTP/1.1" 200 27
180.152.99.39 - - [04/Mar/2022:09:02:15 +0800] "GET /xingrg/all/function/internal_message.html?_=1646355633957&CODE_STATE=getMsg HTTP/1.1" 200 27
124.79.79.90 - - [04/Mar/2022:09:02:18 +0800] "GET /xingrg/all/function/internal_message.html?_=1646355735203&CODE_STATE=getMsg HTTP/1.1" 200 27
180.152.99.39 - - [04/Mar/2022:09:02:23 +0800] "GET /xingrg/kc/buy/cgsh_order_operate.html?command=get_materiel&rest_code=00150&code=00101015038&supplier_code=00100007&order_time=2022-03-04 HTTP/1.1" 200 419
116.232.51.5 - - [04/Mar/2022:09:02:27 +0800] "GET /xingrg/all/function/internal_message.html?_=1646355748462&CODE_STATE=getMsg HTTP/1.1" 200 27
124.78.159.88 - - [04/Mar/2022:09:02:29 +0800] "GET /xingrg/all/function/internal_message.html?_=1646355746044&CODE_STATE=getMsg HTTP/1.1" 200 27
180.152.99.39 - - [04/Mar/2022:09:02:29 +0800] "GET /xingrg/kc/buy/cgsh_order_operate.html?command=get_materiel&rest_code=00150&code=00101008415&supplier_code=00100007&order_time=2022-03-04 HTTP/1.1" 200 398
116.232.51.5 - - [04/Mar/2022:09:02:30 +0800] "GET /xingrg/kc/buy/cgsh_order_operate.html?command=get_materiel&rest_code=00109&code=00101008644&supplier_code=00100005&order_time=2022-03-04 HTTP/1.1" 200 406
172.20.0.100 - - [04/Mar/2022:09:02:34 +0800] "GET /xingrg/all/function/internal_message.html?_=1646355752282&CODE_STATE=getMsg HTTP/1.1" 200 27
172.20.0.100 - - [04/Mar/2022:09:02:34 +0800] "GET /xingrg/check_reg.html?_=1646355752286 HTTP/1.1" 200 22
116.232.51.5 - - [04/Mar/2022:09:02:36 +0800] "GET /xingrg/kc/buy/cgsh_order_operate.html?command=get_materiel&rest_code=00109&code=00101008353&supplier_code=00100005&order_time=2022-03-04 HTTP/1.1" 200 429
180.169.147.146 - - [04/Mar/2022:09:02:38 +0800] "GET /xingrg/all/function/internal_message.html?_=1646355770867&CODE_STATE=getMsg HTTP/1.1" 200 27
222.70.243.96 - - [04/Mar/2022:09:02:38 +0800] "POST /xingrg/kc/buy/cgsh_order_operate.html HTTP/1.1" 200 37
180.152.99.39 - - [04/Mar/2022:09:02:38 +0800] "GET /xingrg/kc/buy/cgsh_order_operate.html?command=get_materiel&rest_code=00150&code=00101008125&supplier_code=00100007&order_time=2022-03-04 HTTP/1.1" 200 432
222.70.243.96 - - [04/Mar/2022:09:02:41 +0800] "POST /xingrg/kc/buy/cgsh_order_operate.html HTTP/1.1" 200 18640
116.232.51.5 - - [04/Mar/2022:09:02:41 +0800] "GET /xingrg/kc/buy/cgsh_order_operate.html?command=get_materiel&rest_code=00109&code=00101008196&supplier_code=00100005&order_time=2022-03-04 HTTP/1.1" 200 437
180.152.99.39 - - [04/Mar/2022:09:02:45 +0800] "GET /xingrg/kc/buy/cgsh_order_operate.html?command=get_materiel&rest_code=00150&code=00101008027&supplier_code=00100007&order_time=2022-03-04 HTTP/1.1" 200 430
116.232.51.5 - - [04/Mar/2022:09:02:46 +0800] "GET /xingrg/kc/buy/cgsh_order_operate.html?command=get_materiel&rest_code=00109&code=00101008197&supplier_code=00100005&order_time=2022-03-04 HTTP/1.1" 200 438
180.169.147.146 - - [04/Mar/2022:09:02:46 +0800] "GET /xingrg/all/function/internal_message.html?_=1646355764991&CODE_STATE=getMsg HTTP/1.1" 200 27
222.70.243.96 - - [04/Mar/2022:09:02:50 +0800] "GET /xingrg/all/function/internal_message.html?_=1646355764677&CODE_STATE=getMsg HTTP/1.1" 200 27
180.152.99.39 - - [04/Mar/2022:09:02:51 +0800] "POST /xingrg/kc/buy/cgsh_order_operate.html HTTP/1.1" 200 37
114.88.156.203 - - [04/Mar/2022:09:02:51 +0800] "GET /xingrg/all/function/internal_message.html?_=1646355557764&CODE_STATE=getMsg HTTP/1.1" 200 27
222.70.223.103 - - [04/Mar/2022:09:02:51 +0800] "GET /xingrg/all/function/internal_message.html?_=1646355768352&CODE_STATE=getMsg HTTP/1.1" 200 27
180.152.99.39 - - [04/Mar/2022:09:02:53 +0800] "POST /xingrg/kc/buy/cgsh_order_operate.html HTTP/1.1" 200 19781
101.83.241.237 - - [04/Mar/2022:09:02:54 +0800] "GET /xingrg/all/function/internal_message.html?_=1646355770286&CODE_STATE=getMsg HTTP/1.1" 200 27
116.232.51.5 - - [04/Mar/2022:09:02:55 +0800] "GET /xingrg/kc/buy/cgsh_order_operate.html?command=get_materiel&rest_code=00109&code=00101008415&supplier_code=00100005&order_time=2022-03-04 HTTP/1.1" 200 398
116.232.51.5 - - [04/Mar/2022:09:02:57 +0800] "POST /xingrg/kc/buy/cgsh_order_operate.html HTTP/1.1" 200 2065
120.253.135.82 - - [04/Mar/2022:09:02:59 +0800] "GET /xingrg/all/function/internal_message.html?_=1646355576050&CODE_STATE=getMsg HTTP/1.1" 200 27
180.152.99.39 - - [04/Mar/2022:09:02:59 +0800] "GET /xingrg/kc/buy/cgsh_order_operate.html?command=get_materiel&rest_code=00150&code=00101008298&supplier_code=00100007&order_time=2022-03-04 HTTP/1.1" 200 432
116.232.51.5 - - [04/Mar/2022:09:03:01 +0800] "GET /xingrg/kc/buy/cgsh_order_operate.html?command=get_materiel&rest_code=00109&code=00101015012&supplier_code=00100005&order_time=2022-03-04 HTTP/1.1" 200 412
180.152.99.39 - - [04/Mar/2022:09:03:06 +0800] "GET /xingrg/kc/buy/cgsh_order_operate.html?command=get_materiel&rest_code=00150&code=00101008358&supplier_code=00100007&order_time=2022-03-04 HTTP/1.1" 200 432
116.232.51.5 - - [04/Mar/2022:09:03:07 +0800] "GET /xingrg/kc/buy/cgsh_order_operate.html?command=get_materiel&rest_code=00109&code=00101008221&supplier_code=00100005&order_time=2022-03-04 HTTP/1.1" 200 412
222.70.243.96 - - [04/Mar/2022:09:03:09 +0800] "GET /xingrg/all/function/internal_message.html?_=1646355805860&CODE_STATE=getMsg HTTP/1.1" 200 27
180.152.99.73 - - [04/Mar/2022:09:03:14 +0800] "GET /xingrg/all/function/internal_message.html?_=1646355794579&CODE_STATE=getMsg HTTP/1.1" 200 27
180.152.99.39 - - [04/Mar/2022:09:03:15 +0800] "GET /xingrg/check_reg.html?_=1646355693745 HTTP/1.1" 200 22
180.152.99.39 - - [04/Mar/2022:09:03:15 +0800] "GET /xingrg/all/function/internal_message.html?_=1646355693964&CODE_STATE=getMsg HTTP/1.1" 200 27
124.79.79.90 - - [04/Mar/2022:09:03:18 +0800] "GET /xingrg/all/function/internal_message.html?_=1646355795174&CODE_STATE=getMsg HTTP/1.1" 200 27
61.151.178.163 - - [04/Mar/2022:09:03:21 +0800] "GET /xingrg/all/function/internal_message.html?_=1646355686045&CODE_STATE=getMsg HTTP/1.1" 302 -
61.151.178.163 - - [04/Mar/2022:09:03:22 +0800] "GET /xingrg/login.html HTTP/1.1" 200 7641
116.232.51.5 - - [04/Mar/2022:09:03:27 +0800] "GET /xingrg/all/function/internal_message.html?_=1646355808524&CODE_STATE=getMsg HTTP/1.1" 200 27
180.152.99.39 - - [04/Mar/2022:09:03:28 +0800] "POST /xingrg/kc/buy/cgsh_order_operate.html HTTP/1.1" 200 37
222.70.243.96 - - [04/Mar/2022:09:03:28 +0800] "GET /xingrg/kc/buy/cgsh_order_operate.html?command=get_materiel&rest_code=00146&code=00101008091&supplier_code=00100005&order_time=2022-03-04 HTTP/1.1" 200 23
124.78.159.88 - - [04/Mar/2022:09:03:29 +0800] "GET /xingrg/all/function/internal_message.html?_=1646355806046&CODE_STATE=getMsg HTTP/1.1" 200 27
180.152.99.39 - - [04/Mar/2022:09:03:30 +0800] "POST /xingrg/kc/buy/cgsh_order_operate.html HTTP/1.1" 200 20970
180.152.99.39 - - [04/Mar/2022:09:03:33 +0800] "POST /xingrg/all/user/operate.html HTTP/1.1" 200 36
180.152.99.39 - - [04/Mar/2022:09:03:34 +0800] "GET /xingrg/index.html?sysBaseUrl=http%3A%2F%2F180.169.147.146%3A18081%2Fxingrg%2F&costTime=39×tamp=1646295302807 HTTP/1.1" 200 17177
180.152.99.39 - - [04/Mar/2022:09:03:34 +0800] "GET /xingrg/javascript/jquery_easy_ui/themes/default/easyui.css HTTP/1.1" 304 -
180.152.99.39 - - [04/Mar/2022:09:03:34 +0800] "GET /xingrg/javascript/jquery_easy_ui/themes/icon.css HTTP/1.1" 304 -
180.152.99.39 - - [04/Mar/2022:09:03:34 +0800] "GET /xingrg/css/form.css HTTP/1.1" 304 -
180.152.99.39 - - [04/Mar/2022:09:03:34 +0800] "GET /xingrg/javascript/jquery-1.4.2.min.js HTTP/1.1" 304 -
180.152.99.39 - - [04/Mar/2022:09:03:34 +0800] "GET /xingrg/javascript/jquery_easy_ui/jquery.easyui.min.js HTTP/1.1" 304 -
180.152.99.39 - - [04/Mar/2022:09:03:34 +0800] "GET /xingrg/javascript/jquery_easy_ui/easyui-lang-zh_CN.js HTTP/1.1" 304 -
172.20.0.100 - - [04/Mar/2022:09:03:34 +0800] "GET /xingrg/all/function/internal_message.html?_=1646355812274&CODE_STATE=getMsg HTTP/1.1" 200 27
180.152.99.39 - - [04/Mar/2022:09:03:34 +0800] "GET /xingrg/javascript/jquery.form.js HTTP/1.1" 304 -
180.152.99.39 - - [04/Mar/2022:09:03:34 +0800] "GET /xingrg/javascript/jquery.utils.js HTTP/1.1" 304 -
180.152.99.39 - - [04/Mar/2022:09:03:34 +0800] "GET /xingrg/javascript/jquery.timers.js HTTP/1.1" 304 -
180.152.99.39 - - [04/Mar/2022:09:03:34 +0800] "GET /xingrg/images/blue/jxLogo.png HTTP/1.1" 304 -
180.152.99.39 - - [04/Mar/2022:09:03:34 +0800] "GET /xingrg/images/blue/navBackgound.jpg HTTP/1.1" 304 -
180.152.99.39 - - [04/Mar/2022:09:03:34 +0800] "GET /xingrg/javascript/jquery_easy_ui/themes/icons/settle_new.png HTTP/1.1" 304 -
180.152.99.39 - - [04/Mar/2022:09:03:34 +0800] "POST /xingrg/all/common/load_tree.html?tree=area_rest_tree_json&manage=1 HTTP/1.1" 200 476
180.152.99.39 - - [04/Mar/2022:09:03:34 +0800] "GET /xingrg/images/blue/pingpu.png HTTP/1.1" 304 -
180.152.99.39 - - [04/Mar/2022:09:03:34 +0800] "GET /xingrg/javascript/jquery_easy_ui/themes/default/images/tabs_leftarrow.png HTTP/1.1" 304 -
180.152.99.39 - - [04/Mar/2022:09:03:34 +0800] "GET /xingrg/javascript/jquery_easy_ui/themes/default/images/tabs_rightarrow.png HTTP/1.1" 304 -
180.152.99.39 - - [04/Mar/2022:09:03:34 +0800] "GET /xingrg/javascript/jquery_easy_ui/themes/default/images/panel_tool_collapse.gif HTTP/1.1" 304 -
180.152.99.39 - - [04/Mar/2022:09:03:34 +0800] "GET /xingrg/check_reg.html?_=1646355712990 HTTP/1.1" 200 22
180.152.99.39 - - [04/Mar/2022:09:03:34 +0800] "GET /xingrg/all/function/internal_message.html?_=1646355712989&CODE_STATE=count HTTP/1.1" 200 11
180.152.99.39 - - [04/Mar/2022:09:03:34 +0800] "POST /xingrg/load_menu.html HTTP/1.1" 200 5138
180.152.99.39 - - [04/Mar/2022:09:03:37 +0800] "GET /xingrg/kc/buy/cgsh_order_list.html HTTP/1.1" 200 49790
180.169.147.146 - - [04/Mar/2022:09:03:38 +0800] "GET /xingrg/all/function/internal_message.html?_=1646355830867&CODE_STATE=getMsg HTTP/1.1" 200 27
180.152.99.39 - - [04/Mar/2022:09:03:39 +0800] "POST /xingrg/kc/buy/cgsh_list_operate.html HTTP/1.1" 200 1706
180.152.99.39 - - [04/Mar/2022:09:03:40 +0800] "GET /xingrg/kc/buy/cgsh_order_add.html HTTP/1.1" 200 65171
180.152.99.39 - - [04/Mar/2022:09:03:40 +0800] "POST /xingrg/kc/buy/cgsh_order_operate.html HTTP/1.1" 200 8245
180.152.99.39 - - [04/Mar/2022:09:03:40 +0800] "GET /xingrg/javascript/easyui/themes/default/validatebox.css HTTP/1.1" 404 1104
116.232.51.5 - - [04/Mar/2022:09:03:41 +0800] "GET /xingrg/kc/buy/cgsh_order_operate.html?command=get_materiel&rest_code=00109&code=00101008027&supplier_code=00100005&order_time=2022-03-04 HTTP/1.1" 200 430
180.152.99.39 - - [04/Mar/2022:09:03:43 +0800] "GET /xingrg/javascript/auto/indicator.gif HTTP/1.1" 404 1066
180.169.147.146 - - [04/Mar/2022:09:03:46 +0800] "GET /xingrg/all/function/internal_message.html?_=1646355824985&CODE_STATE=getMsg HTTP/1.1" 200 27
116.232.51.5 - - [04/Mar/2022:09:03:50 +0800] "GET /xingrg/kc/buy/cgsh_order_operate.html?command=get_materiel&rest_code=00109&code=00101008132&supplier_code=00100005&order_time=2022-03-04 HTTP/1.1" 200 428
222.70.243.96 - - [04/Mar/2022:09:03:50 +0800] "GET /xingrg/all/function/internal_message.html?_=1646355824679&CODE_STATE=getMsg HTTP/1.1" 200 27
222.70.243.96 - - [04/Mar/2022:09:03:50 +0800] "GET /xingrg/check_reg.html?_=1646355824681 HTTP/1.1" 200 22
114.88.156.203 - - [04/Mar/2022:09:03:51 +0800] "GET /xingrg/all/function/internal_message.html?_=1646355617738&CODE_STATE=getMsg HTTP/1.1" 200 27
222.70.223.103 - - [04/Mar/2022:09:03:51 +0800] "GET /xingrg/all/function/internal_message.html?_=1646355828349&CODE_STATE=getMsg HTTP/1.1" 200 27
180.152.99.39 - - [04/Mar/2022:09:03:52 +0800] "GET /xingrg/kc/buy/cgsh_order_operate.html?command=get_materiel&rest_code=00151&code=00101011005&supplier_code=00100047&order_time=2022-03-04 HTTP/1.1" 200 428
101.83.241.237 - - [04/Mar/2022:09:03:54 +0800] "GET /xingrg/check_reg.html?_=1646355830270 HTTP/1.1" 200 22
101.83.241.237 - - [04/Mar/2022:09:03:54 +0800] "GET /xingrg/all/function/internal_message.html?_=1646355830274&CODE_STATE=getMsg HTTP/1.1" 200 27
116.232.51.5 - - [04/Mar/2022:09:03:56 +0800] "GET /xingrg/kc/buy/cgsh_order_operate.html?command=get_materiel&rest_code=00109&code=00101008010&supplier_code=00100005&order_time=2022-03-04 HTTP/1.1" 200 432
222.70.243.96 - - [04/Mar/2022:09:03:57 +0800] "GET /xingrg/kc/buy/cgsh_order_operate.html?command=get_materiel&rest_code=00146&code=00101008055&supplier_code=00100005&order_time=2022-03-04 HTTP/1.1" 200 430
116.232.51.5 - - [04/Mar/2022:09:03:57 +0800] "POST /xingrg/kc/buy/cgsh_order_operate.html HTTP/1.1" 200 2065
120.253.135.82 - - [04/Mar/2022:09:03:59 +0800] "GET /xingrg/all/function/internal_message.html?_=1646355636063&CODE_STATE=getMsg HTTP/1.1" 200 27
116.232.51.5 - - [04/Mar/2022:09:04:01 +0800] "GET /xingrg/kc/buy/cgsh_order_operate.html?command=get_materiel&rest_code=00109&code=00101008096&supplier_code=00100005&order_time=2022-03-04 HTTP/1.1" 200 433
180.152.99.39 - - [04/Mar/2022:09:04:02 +0800] "GET /xingrg/kc/buy/cgsh_order_operate.html?command=get_materiel&rest_code=00151&code=00101011001&supplier_code=00100047&order_time=2022-03-04 HTTP/1.1" 200 443
116.232.51.5 - - [04/Mar/2022:09:04:08 +0800] "GET /xingrg/kc/buy/cgsh_order_operate.html?command=get_materiel&rest_code=00109&code=00101008038&supplier_code=00100005&order_time=2022-03-04 HTTP/1.1" 200 432
180.152.99.39 - - [04/Mar/2022:09:04:08 +0800] "GET /xingrg/kc/buy/cgsh_order_operate.html?command=get_materiel&rest_code=00151&code=00101011010&supplier_code=00100047&order_time=2022-03-04 HTTP/1.1" 200 438
222.70.243.96 - - [04/Mar/2022:09:04:09 +0800] "GET /xingrg/all/function/internal_message.html?_=1646355865874&CODE_STATE=getMsg HTTP/1.1" 200 27
180.152.99.73 - - [04/Mar/2022:09:04:14 +0800] "GET /xingrg/all/function/internal_message.html?_=1646355854584&CODE_STATE=getMsg HTTP/1.1" 200 27
116.232.51.5 - - [04/Mar/2022:09:04:16 +0800] "GET /xingrg/kc/buy/cgsh_order_operate.html?command=get_materiel&rest_code=00109&code=00101008358&supplier_code=00100005&order_time=2022-03-04 HTTP/1.1" 200 432
124.79.79.90 - - [04/Mar/2022:09:04:18 +0800] "GET /xingrg/all/function/internal_message.html?_=1646355855145&CODE_STATE=getMsg HTTP/1.1" 200 27
180.152.99.39 - - [04/Mar/2022:09:04:18 +0800] "GET /xingrg/kc/buy/cgsh_order_operate.html?command=get_materiel&rest_code=00151&code=00101011007&supplier_code=00100047&order_time=2022-03-04 HTTP/1.1" 200 434
116.232.36.104 - - [04/Mar/2022:09:04:18 +0800] "POST /xingrg/services/DataTransmitService HTTP/1.1" 200 524
116.232.51.5 - - [04/Mar/2022:09:04:23 +0800] "GET /xingrg/kc/buy/cgsh_order_operate.html?command=get_materiel&rest_code=00109&code=00101008290&supplier_code=00100005&order_time=2022-03-04 HTTP/1.1" 200 436
180.152.99.39 - - [04/Mar/2022:09:04:26 +0800] "POST /xingrg/kc/buy/cgsh_order_operate.html HTTP/1.1" 200 37
116.232.51.5 - - [04/Mar/2022:09:04:27 +0800] "GET /xingrg/all/function/internal_message.html?_=1646355868463&CODE_STATE=getMsg HTTP/1.1" 200 27
116.232.51.5 - - [04/Mar/2022:09:04:27 +0800] "GET /xingrg/check_reg.html?_=1646355868465 HTTP/1.1" 200 22
116.232.51.5 - - [04/Mar/2022:09:04:28 +0800] "GET /xingrg/kc/buy/cgsh_order_operate.html?command=get_materiel&rest_code=00109&code=00101008003&supplier_code=00100005&order_time=2022-03-04 HTTP/1.1" 200 429
124.78.159.88 - - [04/Mar/2022:09:04:29 +0800] "GET /xingrg/all/function/internal_message.html?_=1646355866046&CODE_STATE=getMsg HTTP/1.1" 200 27
222.70.243.96 - - [04/Mar/2022:09:04:30 +0800] "GET /xingrg/kc/buy/cgsh_order_operate.html?command=get_materiel&rest_code=00146&code=00101008125&supplier_code=00100005&order_time=2022-03-04 HTTP/1.1" 200 432
116.232.51.5 - - [04/Mar/2022:09:04:30 +0800] "POST /xingrg/kc/buy/cgsh_order_operate.html HTTP/1.1" 200 2065
180.152.99.39 - - [04/Mar/2022:09:04:30 +0800] "POST /xingrg/kc/buy/cgsh_order_operate.html HTTP/1.1" 200 12
180.152.99.39 - - [04/Mar/2022:09:04:31 +0800] "GET /xingrg/kc/buy/cgsh_order_info.html?code=212022030401190 HTTP/1.1" 200 60084
180.152.99.39 - - [04/Mar/2022:09:04:32 +0800] "GET /xingrg/javascript/easyui/themes/default/validatebox.css HTTP/1.1" 404 1104
180.152.99.39 - - [04/Mar/2022:09:04:32 +0800] "POST /xingrg/kc/buy/cgsh_order_operate.html HTTP/1.1" 200 2430
172.20.0.100 - - [04/Mar/2022:09:04:34 +0800] "GET /xingrg/all/function/internal_message.html?_=1646355872283&CODE_STATE=getMsg HTTP/1.1" 200 27
180.152.99.39 - - [04/Mar/2022:09:04:34 +0800] "GET /xingrg/all/function/internal_message.html?_=1646355772993&CODE_STATE=getMsg HTTP/1.1" 200 27
180.152.99.39 - - [04/Mar/2022:09:04:34 +0800] "GET /xingrg/kc/print/load_config.html?kc_code=cgsh HTTP/1.1" 200 1943
116.232.51.5 - - [04/Mar/2022:09:04:34 +0800] "GET /xingrg/kc/buy/cgsh_order_operate.html?command=get_materiel&rest_code=00109&code=00101008251&supplier_code=00100005&order_time=2022-03-04 HTTP/1.1" 200 429
180.152.99.39 - - [04/Mar/2022:09:04:35 +0800] "GET /xingrg/kc/print/load_data.html?order_code=212022030401190&kc_code=cgsh&condition= HTTP/1.1" 200 1503
101.83.241.237 - - [04/Mar/2022:09:04:37 +0800] "GET /xingrg/kc/buy/cgsh_order_operate.html?command=get_materiel&rest_code=00149&code=00101007022&supplier_code=00100205&order_time=2022-03-04 HTTP/1.1" 200 436
180.169.147.146 - - [04/Mar/2022:09:04:38 +0800] "GET /xingrg/check_reg.html?_=1646355890856 HTTP/1.1" 200 22
180.169.147.146 - - [04/Mar/2022:09:04:38 +0800] "GET /xingrg/all/function/internal_message.html?_=1646355890859&CODE_STATE=getMsg HTTP/1.1" 200 27
116.232.51.5 - - [04/Mar/2022:09:04:40 +0800] "GET /xingrg/kc/buy/cgsh_order_operate.html?command=get_materiel&rest_code=00109&code=00101008286&supplier_code=00100005&order_time=2022-03-04 HTTP/1.1" 200 429
180.169.147.146 - - [04/Mar/2022:09:04:46 +0800] "GET /xingrg/check_reg.html?_=1646355884990 HTTP/1.1" 200 22
180.169.147.146 - - [04/Mar/2022:09:04:46 +0800] "GET /xingrg/all/function/internal_message.html?_=1646355884993&CODE_STATE=getMsg HTTP/1.1" 200 27
116.232.51.5 - - [04/Mar/2022:09:04:47 +0800] "GET /xingrg/kc/buy/cgsh_order_operate.html?command=get_materiel&rest_code=00109&code=00101008296&supplier_code=00100005&order_time=2022-03-04 HTTP/1.1" 200 437
222.70.243.96 - - [04/Mar/2022:09:04:47 +0800] "GET /xingrg/kc/buy/cgsh_order_operate.html?command=get_materiel&rest_code=00146&code=00101008403&supplier_code=00100005&order_time=2022-03-04 HTTP/1.1" 200 412
222.70.243.96 - - [04/Mar/2022:09:04:50 +0800] "GET /xingrg/all/function/internal_message.html?_=1646355884682&CODE_STATE=getMsg HTTP/1.1" 200 27
222.70.223.103 - - [04/Mar/2022:09:04:51 +0800] "GET /xingrg/all/function/internal_message.html?_=1646355888343&CODE_STATE=getMsg HTTP/1.1" 200 27
222.70.223.103 - - [04/Mar/2022:09:04:51 +0800] "GET /xingrg/check_reg.html?_=1646355888345 HTTP/1.1" 200 22
114.88.156.203 - - [04/Mar/2022:09:04:51 +0800] "GET /xingrg/all/function/internal_message.html?_=1646355677713&CODE_STATE=getMsg HTTP/1.1" 200 27
116.232.51.5 - - [04/Mar/2022:09:04:53 +0800] "GET /xingrg/kc/buy/cgsh_order_operate.html?command=get_materiel&rest_code=00109&code=00101015012&supplier_code=00100005&order_time=2022-03-04 HTTP/1.1" 200 412
101.83.241.237 - - [04/Mar/2022:09:04:54 +0800] "GET /xingrg/all/function/internal_message.html?_=1646355890272&CODE_STATE=getMsg HTTP/1.1" 200 27
120.253.135.82 - - [04/Mar/2022:09:04:59 +0800] "GET /xingrg/all/function/internal_message.html?_=1646355696094&CODE_STATE=getMsg HTTP/1.1" 200 27
116.232.51.5 - - [04/Mar/2022:09:05:01 +0800] "GET /xingrg/kc/buy/cgsh_order_operate.html?command=get_materiel&rest_code=00109&code=00101008161&supplier_code=00100005&order_time=2022-03-04 HTTP/1.1" 200 429
116.232.51.5 - - [04/Mar/2022:09:05:03 +0800] "POST /xingrg/kc/buy/cgsh_order_operate.html HTTP/1.1" 200 2065
116.232.51.5 - - [04/Mar/2022:09:05:07 +0800] "GET /xingrg/kc/buy/cgsh_order_operate.html?command=get_materiel&rest_code=00109&code=00101008242&supplier_code=00100005&order_time=2022-03-04 HTTP/1.1" 200 408
222.70.243.96 - - [04/Mar/2022:09:05:09 +0800] "GET /xingrg/all/function/internal_message.html?_=1646355925887&CODE_STATE=getMsg HTTP/1.1" 200 27
116.232.51.5 - - [04/Mar/2022:09:05:14 +0800] "GET /xingrg/kc/buy/cgsh_order_operate.html?command=get_materiel&rest_code=00109&code=00101008403&supplier_code=00100005&order_time=2022-03-04 HTTP/1.1" 200 412
180.152.99.73 - - [04/Mar/2022:09:05:14 +0800] "GET /xingrg/all/function/internal_message.html?_=1646355914610&CODE_STATE=getMsg HTTP/1.1" 200 27
180.152.99.73 - - [04/Mar/2022:09:05:14 +0800] "GET /xingrg/check_reg.html?_=1646355914613 HTTP/1.1" 200 22
124.79.79.90 - - [04/Mar/2022:09:05:18 +0800] "GET /xingrg/all/function/internal_message.html?_=1646355915115&CODE_STATE=getMsg HTTP/1.1" 200 27
116.232.51.5 - - [04/Mar/2022:09:05:21 +0800] "GET /xingrg/kc/buy/cgsh_order_operate.html?command=get_materiel&rest_code=00109&code=00101008338&supplier_code=00100005&order_time=2022-03-04 HTTP/1.1" 200 429
116.232.51.5 - - [04/Mar/2022:09:05:26 +0800] "GET /xingrg/kc/buy/cgsh_order_operate.html?command=get_materiel&rest_code=00109&code=00101008225&supplier_code=00100005&order_time=2022-03-04 HTTP/1.1" 200 437
116.232.51.5 - - [04/Mar/2022:09:05:27 +0800] "GET /xingrg/all/function/internal_message.html?_=1646355928463&CODE_STATE=getMsg HTTP/1.1" 200 27
124.78.159.88 - - [04/Mar/2022:09:05:29 +0800] "GET /xingrg/check_reg.html?_=1646355926071 HTTP/1.1" 200 22
124.78.159.88 - - [04/Mar/2022:09:05:29 +0800] "GET /xingrg/all/function/internal_message.html?_=1646355926073&CODE_STATE=getMsg HTTP/1.1" 200 27
116.232.51.5 - - [04/Mar/2022:09:05:32 +0800] "GET /xingrg/kc/buy/cgsh_order_operate.html?command=get_materiel&rest_code=00109&code=00101008298&supplier_code=00100005&order_time=2022-03-04 HTTP/1.1" 200 432
116.232.51.5 - - [04/Mar/2022:09:05:33 +0800] "POST /xingrg/kc/buy/cgsh_order_operate.html HTTP/1.1" 200 2065
172.20.0.100 - - [04/Mar/2022:09:05:34 +0800] "GET /xingrg/all/function/internal_message.html?_=1646355932274&CODE_STATE=getMsg HTTP/1.1" 200 27
180.152.99.39 - - [04/Mar/2022:09:05:34 +0800] "GET /xingrg/all/function/internal_message.html?_=1646355833007&CODE_STATE=getMsg HTTP/1.1" 200 27
116.232.51.5 - - [04/Mar/2022:09:05:37 +0800] "GET /xingrg/kc/buy/cgsh_order_operate.html?command=get_materiel&rest_code=00109&code=00101008283&supplier_code=00100005&order_time=2022-03-04 HTTP/1.1" 200 428
180.169.147.146 - - [04/Mar/2022:09:05:38 +0800] "GET /xingrg/all/function/internal_message.html?_=1646355950863&CODE_STATE=getMsg HTTP/1.1" 200 27
116.232.51.5 - - [04/Mar/2022:09:05:43 +0800] "GET /xingrg/kc/buy/cgsh_order_operate.html?command=get_materiel&rest_code=00109&code=00101008274&supplier_code=00100005&order_time=2022-03-04 HTTP/1.1" 200 433
101.89.239.238 - - [04/Mar/2022:09:05:45 +0800] "GET /xingrg/all/function/internal_message.html?_=1646355806046&CODE_STATE=getMsg HTTP/1.1" 302 -
101.89.239.238 - - [04/Mar/2022:09:05:46 +0800] "GET /xingrg/login.html HTTP/1.1" 200 7641
180.169.147.146 - - [04/Mar/2022:09:05:46 +0800] "GET /xingrg/all/function/internal_message.html?_=1646355944984&CODE_STATE=getMsg HTTP/1.1" 200 27
116.232.51.5 - - [04/Mar/2022:09:05:49 +0800] "GET /xingrg/kc/buy/cgsh_order_operate.html?command=get_materiel&rest_code=00109&code=00101008306&supplier_code=00100005&order_time=2022-03-04 HTTP/1.1" 200 432
222.70.243.96 - - [04/Mar/2022:09:05:50 +0800] "GET /xingrg/all/function/internal_message.html?_=1646355944683&CODE_STATE=getMsg HTTP/1.1" 200 27
114.88.156.203 - - [04/Mar/2022:09:05:51 +0800] "GET /xingrg/all/function/internal_message.html?_=1646355737692&CODE_STATE=getMsg HTTP/1.1" 200 27
222.70.223.103 - - [04/Mar/2022:09:05:51 +0800] "GET /xingrg/all/function/internal_message.html?_=1646355948347&CODE_STATE=getMsg HTTP/1.1" 200 27
101.83.241.237 - - [04/Mar/2022:09:05:54 +0800] "GET /xingrg/all/function/internal_message.html?_=1646355950272&CODE_STATE=getMsg HTTP/1.1" 200 27
116.232.51.5 - - [04/Mar/2022:09:05:57 +0800] "GET /xingrg/kc/buy/cgsh_order_operate.html?command=get_materiel&rest_code=00109&code=00101013021&supplier_code=00100005&order_time=2022-03-04 HTTP/1.1" 200 412
116.224.122.7 - - [04/Mar/2022:09:05:58 +0800] "GET /xingrg/check_reg.html?_=1646355996576 HTTP/1.1" 200 22
120.253.135.82 - - [04/Mar/2022:09:05:59 +0800] "GET /xingrg/all/function/internal_message.html?_=1646355756107&CODE_STATE=getMsg HTTP/1.1" 200 27
101.83.241.237 - - [04/Mar/2022:09:06:00 +0800] "GET /xingrg/kc/buy/cgsh_order_operate.html?command=get_materiel&rest_code=00149&code=00101007081&supplier_code=00100205&order_time=2022-03-04 HTTP/1.1" 200 433
116.232.51.5 - - [04/Mar/2022:09:06:06 +0800] "POST /xingrg/kc/buy/cgsh_order_operate.html HTTP/1.1" 200 37
222.70.243.96 - - [04/Mar/2022:09:06:09 +0800] "GET /xingrg/all/function/internal_message.html?_=1646355985901&CODE_STATE=getMsg HTTP/1.1" 200 27
101.83.241.237 - - [04/Mar/2022:09:06:11 +0800] "GET /xingrg/kc/buy/cgsh_order_operate.html?command=get_materiel&rest_code=00149&code=00101007048&supplier_code=00100205&order_time=2022-03-04 HTTP/1.1" 200 428
180.152.99.73 - - [04/Mar/2022:09:06:14 +0800] "GET /xingrg/all/function/internal_message.html?_=1646355974603&CODE_STATE=getMsg HTTP/1.1" 200 27
114.88.156.203 - - [04/Mar/2022:09:06:15 +0800] "GET /xingrg/check_reg.html?_=1646355761991 HTTP/1.1" 200 22
124.79.79.90 - - [04/Mar/2022:09:06:18 +0800] "GET /xingrg/all/function/internal_message.html?_=1646355975100&CODE_STATE=getMsg HTTP/1.1" 200 27
101.83.241.237 - - [04/Mar/2022:09:06:23 +0800] "GET /xingrg/kc/buy/cgsh_order_operate.html?command=get_materiel&rest_code=00149&code=00101007061&supplier_code=00100205&order_time=2022-03-04 HTTP/1.1" 200 430
124.78.159.88 - - [04/Mar/2022:09:06:29 +0800] "GET /xingrg/all/function/internal_message.html?_=1646355986072&CODE_STATE=getMsg HTTP/1.1" 200 27
61.151.178.164 - - [04/Mar/2022:09:06:30 +0800] "GET /xingrg/all/function/internal_message.html?_=1646355746044&CODE_STATE=getMsg HTTP/1.1" 302 -
61.151.178.164 - - [04/Mar/2022:09:06:31 +0800] "GET /xingrg/login.html HTTP/1.1" 200 7641
58.221.95.50 - - [04/Mar/2022:09:06:34 +0800] "GET /xingrg/check_reg.html?_=1646355993377 HTTP/1.1" 302 -
172.20.0.100 - - [04/Mar/2022:09:06:34 +0800] "GET /xingrg/all/function/internal_message.html?_=1646355992284&CODE_STATE=getMsg HTTP/1.1" 200 27
180.152.99.39 - - [04/Mar/2022:09:06:34 +0800] "GET /xingrg/all/function/internal_message.html?_=1646355893040&CODE_STATE=getMsg HTTP/1.1" 200 27
124.79.79.90 - - [04/Mar/2022:09:06:35 +0800] "GET /xingrg/check_reg.html?_=1646355992040 HTTP/1.1" 200 22
222.70.243.96 - - [04/Mar/2022:09:06:37 +0800] "GET /xingrg/kc/buy/cgsh_order_operate.html?command=get_materiel&rest_code=00146&code=00101008010&supplier_code=00100005&order_time=2022-03-04 HTTP/1.1" 200 432
180.169.147.146 - - [04/Mar/2022:09:06:38 +0800] "GET /xingrg/all/function/internal_message.html?_=1646356010856&CODE_STATE=getMsg HTTP/1.1" 200 27
101.83.241.237 - - [04/Mar/2022:09:06:42 +0800] "GET /xingrg/kc/buy/cgsh_order_operate.html?command=get_materiel&rest_code=00149&code=00101007055&supplier_code=00100205&order_time=2022-03-04 HTTP/1.1" 200 409
180.169.147.146 - - [04/Mar/2022:09:06:46 +0800] "GET /xingrg/all/function/internal_message.html?_=1646356004990&CODE_STATE=getMsg HTTP/1.1" 200 27
222.70.243.96 - - [04/Mar/2022:09:06:50 +0800] "GET /xingrg/all/function/internal_message.html?_=1646356004685&CODE_STATE=getMsg HTTP/1.1" 200 27
101.83.241.237 - - [04/Mar/2022:09:06:51 +0800] "GET /xingrg/kc/buy/cgsh_order_operate.html?command=get_materiel&rest_code=00149&code=00101007077&supplier_code=00100205&order_time=2022-03-04 HTTP/1.1" 200 437
114.88.156.203 - - [04/Mar/2022:09:06:51 +0800] "GET /xingrg/all/function/internal_message.html?_=1646355797666&CODE_STATE=getMsg HTTP/1.1" 200 27
222.70.243.96 - - [04/Mar/2022:09:06:51 +0800] "GET /xingrg/check_reg.html?_=1646356027646 HTTP/1.1" 200 22
222.70.223.103 - - [04/Mar/2022:09:06:51 +0800] "GET /xingrg/all/function/internal_message.html?_=1646356008343&CODE_STATE=getMsg HTTP/1.1" 200 27
58.37.147.178 - - [04/Mar/2022:09:06:52 +0800] "GET /favicon.ico HTTP/1.1" 404 -
101.83.241.237 - - [04/Mar/2022:09:06:54 +0800] "GET /xingrg/all/function/internal_message.html?_=1646356010284&CODE_STATE=getMsg HTTP/1.1" 200 27
120.253.135.82 - - [04/Mar/2022:09:06:58 +0800] "GET /xingrg/check_reg.html?_=1646355815793 HTTP/1.1" 200 22
120.253.135.82 - - [04/Mar/2022:09:06:59 +0800] "GET /xingrg/all/function/internal_message.html?_=1646355816120&CODE_STATE=getMsg HTTP/1.1" 200 27
101.83.241.237 - - [04/Mar/2022:09:07:03 +0800] "GET /xingrg/kc/buy/cgsh_order_operate.html?command=get_materiel&rest_code=00149&code=00101007059&supplier_code=00100205&order_time=2022-03-04 HTTP/1.1" 200 431
222.70.243.96 - - [04/Mar/2022:09:07:05 +0800] "POST /xingrg/kc/buy/cgsh_order_operate.html HTTP/1.1" 200 2065
222.70.243.96 - - [04/Mar/2022:09:07:09 +0800] "GET /xingrg/all/function/internal_message.html?_=1646356045915&CODE_STATE=getMsg HTTP/1.1" 200 27
180.152.99.73 - - [04/Mar/2022:09:07:14 +0800] "GET /xingrg/all/function/internal_message.html?_=1646356034609&CODE_STATE=getMsg HTTP/1.1" 200 27
124.79.79.90 - - [04/Mar/2022:09:07:18 +0800] "GET /xingrg/all/function/internal_message.html?_=1646356035075&CODE_STATE=getMsg HTTP/1.1" 200 27
222.70.243.96 - - [04/Mar/2022:09:07:19 +0800] "GET /xingrg/kc/buy/cgsh_order_operate.html?command=get_materiel&rest_code=00146&code=00101008096&supplier_code=00100005&order_time=2022-03-04 HTTP/1.1" 200 433
124.78.159.88 - - [04/Mar/2022:09:07:29 +0800] "GET /xingrg/all/function/internal_message.html?_=1646356046073&CODE_STATE=getMsg HTTP/1.1" 200 27
172.20.0.100 - - [04/Mar/2022:09:07:34 +0800] "GET /xingrg/all/function/internal_message.html?_=1646356052280&CODE_STATE=getMsg HTTP/1.1" 200 27
172.20.0.100 - - [04/Mar/2022:09:07:34 +0800] "GET /xingrg/check_reg.html?_=1646356052288 HTTP/1.1" 200 22
180.152.99.39 - - [04/Mar/2022:09:07:34 +0800] "GET /xingrg/all/function/internal_message.html?_=1646355953049&CODE_STATE=getMsg HTTP/1.1" 200 27
222.70.243.96 - - [04/Mar/2022:09:07:35 +0800] "GET /xingrg/kc/buy/cgsh_order_operate.html?command=get_materiel&rest_code=00146&code=00101008038&supplier_code=00100005&order_time=2022-03-04 HTTP/1.1" 200 432
180.169.147.146 - - [04/Mar/2022:09:07:38 +0800] "GET /xingrg/all/function/internal_message.html?_=1646356070864&CODE_STATE=getMsg HTTP/1.1" 200 27
101.89.239.238 - - [04/Mar/2022:09:07:41 +0800] "GET /xingrg/all/function/internal_message.html?_=1646355866046&CODE_STATE=getMsg HTTP/1.1" 302 -
101.89.239.238 - - [04/Mar/2022:09:07:41 +0800] "GET /xingrg/login.html HTTP/1.1" 200 7641
180.169.147.146 - - [04/Mar/2022:09:07:46 +0800] "GET /xingrg/all/function/internal_message.html?_=1646356064983&CODE_STATE=getMsg HTTP/1.1" 200 27
222.70.243.96 - - [04/Mar/2022:09:07:50 +0800] "GET /xingrg/all/function/internal_message.html?_=1646356064686&CODE_STATE=getMsg HTTP/1.1" 200 27
114.88.156.203 - - [04/Mar/2022:09:07:51 +0800] "GET /xingrg/all/function/internal_message.html?_=1646355857644&CODE_STATE=getMsg HTTP/1.1" 200 27
222.70.223.103 - - [04/Mar/2022:09:07:51 +0800] "GET /xingrg/all/function/internal_message.html?_=1646356068348&CODE_STATE=getMsg HTTP/1.1" 200 27
101.83.241.237 - - [04/Mar/2022:09:07:53 +0800] "POST /xingrg/kc/buy/cgsh_order_operate.html HTTP/1.1" 200 37
222.70.243.96 - - [04/Mar/2022:09:07:54 +0800] "GET /xingrg/kc/buy/cgsh_order_operate.html?command=get_materiel&rest_code=00146&code=00101008163&supplier_code=00100005&order_time=2022-03-04 HTTP/1.1" 200 430
101.83.241.237 - - [04/Mar/2022:09:07:57 +0800] "POST /xingrg/kc/buy/cgsh_order_operate.html HTTP/1.1" 200 12
120.253.135.82 - - [04/Mar/2022:09:07:59 +0800] "GET /xingrg/all/function/internal_message.html?_=1646355876132&CODE_STATE=getMsg HTTP/1.1" 200 27
222.70.243.96 - - [04/Mar/2022:09:08:09 +0800] "GET /xingrg/all/function/internal_message.html?_=1646356105928&CODE_STATE=getMsg HTTP/1.1" 200 27
101.83.241.237 - - [04/Mar/2022:09:08:12 +0800] "GET /xingrg/kc/buy/cgsh_order_info.html?code=212022030401192 HTTP/1.1" 200 60556
101.83.241.237 - - [04/Mar/2022:09:08:13 +0800] "GET /xingrg/javascript/easyui/themes/default/validatebox.css HTTP/1.1" 404 1104
101.83.241.237 - - [04/Mar/2022:09:08:13 +0800] "POST /xingrg/kc/buy/cgsh_order_operate.html HTTP/1.1" 200 3560
180.152.99.73 - - [04/Mar/2022:09:08:14 +0800] "GET /xingrg/all/function/internal_message.html?_=1646356094603&CODE_STATE=getMsg HTTP/1.1" 200 27
124.79.79.90 - - [04/Mar/2022:09:08:18 +0800] "GET /xingrg/all/function/internal_message.html?_=1646356095062&CODE_STATE=getMsg HTTP/1.1" 200 27
101.83.241.237 - - [04/Mar/2022:09:08:19 +0800] "GET /xingrg/kc/print/load_data.html?order_code=212022030401192&kc_code=cgsh&condition= HTTP/1.1" 200 1817
124.78.159.88 - - [04/Mar/2022:09:08:29 +0800] "GET /xingrg/all/function/internal_message.html?_=1646356106073&CODE_STATE=getMsg HTTP/1.1" 200 27
172.20.0.100 - - [04/Mar/2022:09:08:34 +0800] "GET /xingrg/all/function/internal_message.html?_=1646356112275&CODE_STATE=getMsg HTTP/1.1" 200 27
180.152.99.39 - - [04/Mar/2022:09:08:34 +0800] "GET /xingrg/check_reg.html?_=1646356013011 HTTP/1.1" 200 22
180.152.99.39 - - [04/Mar/2022:09:08:34 +0800] "GET /xingrg/all/function/internal_message.html?_=1646356013064&CODE_STATE=getMsg HTTP/1.1" 200 27
116.232.51.5 - - [04/Mar/2022:09:08:35 +0800] "GET /xingrg/all/function/internal_message.html?_=1646356116121&CODE_STATE=getMsg HTTP/1.1" 200 27
116.232.51.5 - - [04/Mar/2022:09:08:36 +0800] "POST /xingrg/kc/buy/cgsh_order_operate.html HTTP/1.1" 200 27523
180.169.147.146 - - [04/Mar/2022:09:08:38 +0800] "GET /xingrg/all/function/internal_message.html?_=1646356130860&CODE_STATE=getMsg HTTP/1.1" 200 27
116.232.51.5 - - [04/Mar/2022:09:08:44 +0800] "GET /xingrg/kc/buy/cgsh_order_operate.html?command=get_materiel&rest_code=00109&code=00101008350&supplier_code=00100005&order_time=2022-03-04 HTTP/1.1" 200 429
180.169.147.146 - - [04/Mar/2022:09:08:46 +0800] "GET /xingrg/all/function/internal_message.html?_=1646356125003&CODE_STATE=getMsg HTTP/1.1" 200 27
222.70.243.96 - - [04/Mar/2022:09:08:50 +0800] "GET /xingrg/all/function/internal_message.html?_=1646356124689&CODE_STATE=getMsg HTTP/1.1" 200 27
222.70.243.96 - - [04/Mar/2022:09:08:50 +0800] "GET /xingrg/check_reg.html?_=1646356124688 HTTP/1.1" 200 22
114.88.156.203 - - [04/Mar/2022:09:08:51 +0800] "GET /xingrg/all/function/internal_message.html?_=1646355917614&CODE_STATE=getMsg HTTP/1.1" 200 27
222.70.223.103 - - [04/Mar/2022:09:08:51 +0800] "GET /xingrg/all/function/internal_message.html?_=1646356128346&CODE_STATE=getMsg HTTP/1.1" 200 27
116.232.51.5 - - [04/Mar/2022:09:08:52 +0800] "GET /xingrg/kc/buy/cgsh_order_operate.html?command=get_materiel&rest_code=00109&code=00101015046&supplier_code=00100005&order_time=2022-03-04 HTTP/1.1" 200 432
101.83.241.237 - - [04/Mar/2022:09:08:54 +0800] "GET /xingrg/all/function/internal_message.html?_=1646356130288&CODE_STATE=getMsg HTTP/1.1" 200 27
101.83.241.237 - - [04/Mar/2022:09:08:54 +0800] "GET /xingrg/check_reg.html?_=1646356130293 HTTP/1.1" 200 22
116.232.51.5 - - [04/Mar/2022:09:08:58 +0800] "GET /xingrg/kc/buy/cgsh_order_operate.html?command=get_materiel&rest_code=00109&code=00101008209&supplier_code=00100005&order_time=2022-03-04 HTTP/1.1" 200 428
116.232.51.5 - - [04/Mar/2022:09:09:05 +0800] "GET /xingrg/kc/buy/cgsh_order_operate.html?command=get_materiel&rest_code=00109&code=00101015060&supplier_code=00100005&order_time=2022-03-04 HTTP/1.1" 200 432
116.232.51.5 - - [04/Mar/2022:09:09:06 +0800] "POST /xingrg/kc/buy/cgsh_order_operate.html HTTP/1.1" 200 2065
222.70.243.96 - - [04/Mar/2022:09:09:09 +0800] "GET /xingrg/all/function/internal_message.html?_=1646356165942&CODE_STATE=getMsg HTTP/1.1" 200 27
116.232.51.5 - - [04/Mar/2022:09:09:11 +0800] "GET /xingrg/kc/buy/cgsh_order_operate.html?command=get_materiel&rest_code=00109&code=00101008114&supplier_code=00100005&order_time=2022-03-04 HTTP/1.1" 200 432
180.152.99.73 - - [04/Mar/2022:09:09:14 +0800] "GET /xingrg/all/function/internal_message.html?_=1646356154614&CODE_STATE=getMsg HTTP/1.1" 200 27
124.79.79.90 - - [04/Mar/2022:09:09:18 +0800] "GET /xingrg/all/function/internal_message.html?_=1646356155032&CODE_STATE=getMsg HTTP/1.1" 200 27
116.232.51.5 - - [04/Mar/2022:09:09:18 +0800] "GET /xingrg/kc/buy/cgsh_order_operate.html?command=get_materiel&rest_code=00109&code=00101008005&supplier_code=00100005&order_time=2022-03-04 HTTP/1.1" 200 432
116.232.51.5 - - [04/Mar/2022:09:09:23 +0800] "GET /xingrg/kc/buy/cgsh_order_operate.html?command=get_materiel&rest_code=00109&code=00101008568&supplier_code=00100005&order_time=2022-03-04 HTTP/1.1" 200 398
222.70.243.96 - - [04/Mar/2022:09:09:26 +0800] "POST /xingrg/kc/buy/cgsh_order_operate.html HTTP/1.1" 200 2065
116.232.51.5 - - [04/Mar/2022:09:09:27 +0800] "GET /xingrg/all/function/internal_message.html?_=1646356168485&CODE_STATE=getMsg HTTP/1.1" 200 27
116.232.51.5 - - [04/Mar/2022:09:09:27 +0800] "GET /xingrg/check_reg.html?_=1646356168487 HTTP/1.1" 200 22
116.232.51.5 - - [04/Mar/2022:09:09:28 +0800] "GET /xingrg/kc/buy/cgsh_order_operate.html?command=get_materiel&rest_code=00109&code=00101008155&supplier_code=00100005&order_time=2022-03-04 HTTP/1.1" 200 428
124.78.159.88 - - [04/Mar/2022:09:09:29 +0800] "GET /xingrg/all/function/internal_message.html?_=1646356166073&CODE_STATE=getMsg HTTP/1.1" 200 27
172.20.0.100 - - [04/Mar/2022:09:09:34 +0800] "GET /xingrg/all/function/internal_message.html?_=1646356172272&CODE_STATE=getMsg HTTP/1.1" 200 27
180.152.99.39 - - [04/Mar/2022:09:09:34 +0800] "GET /xingrg/all/function/internal_message.html?_=1646356073077&CODE_STATE=getMsg HTTP/1.1" 200 27
116.232.51.5 - - [04/Mar/2022:09:09:35 +0800] "GET /xingrg/kc/buy/cgsh_order_operate.html?command=get_materiel&rest_code=00109&code=00101008350&supplier_code=00100005&order_time=2022-03-04 HTTP/1.1" 200 429
116.232.51.5 - - [04/Mar/2022:09:09:38 +0800] "POST /xingrg/kc/buy/cgsh_order_operate.html HTTP/1.1" 200 2065
180.169.147.146 - - [04/Mar/2022:09:09:38 +0800] "GET /xingrg/check_reg.html?_=1646356190860 HTTP/1.1" 200 22
180.169.147.146 - - [04/Mar/2022:09:09:38 +0800] "GET /xingrg/all/function/internal_message.html?_=1646356190862&CODE_STATE=getMsg HTTP/1.1" 200 27
116.232.51.5 - - [04/Mar/2022:09:09:43 +0800] "GET /xingrg/kc/buy/cgsh_order_operate.html?command=get_materiel&rest_code=00109&code=00101008355&supplier_code=00100005&order_time=2022-03-04 HTTP/1.1" 200 429
180.169.147.146 - - [04/Mar/2022:09:09:46 +0800] "GET /xingrg/check_reg.html?_=1646356184985 HTTP/1.1" 200 22
180.169.147.146 - - [04/Mar/2022:09:09:46 +0800] "GET /xingrg/all/function/internal_message.html?_=1646356184992&CODE_STATE=getMsg HTTP/1.1" 200 27
116.232.51.5 - - [04/Mar/2022:09:09:49 +0800] "GET /xingrg/kc/buy/cgsh_order_operate.html?command=get_materiel&rest_code=00109&code=00101008357&supplier_code=00100005&order_time=2022-03-04 HTTP/1.1" 200 427
222.70.243.96 - - [04/Mar/2022:09:09:50 +0800] "GET /xingrg/all/function/internal_message.html?_=1646356184674&CODE_STATE=getMsg HTTP/1.1" 200 27
114.88.156.203 - - [04/Mar/2022:09:09:51 +0800] "GET /xingrg/all/function/internal_message.html?_=1646355977584&CODE_STATE=getMsg HTTP/1.1" 200 27
222.70.223.103 - - [04/Mar/2022:09:09:51 +0800] "GET /xingrg/check_reg.html?_=1646356188342 HTTP/1.1" 200 22
222.70.223.103 - - [04/Mar/2022:09:09:51 +0800] "GET /xingrg/all/function/internal_message.html?_=1646356188344&CODE_STATE=getMsg HTTP/1.1" 200 27
101.83.241.237 - - [04/Mar/2022:09:09:54 +0800] "GET /xingrg/all/function/internal_message.html?_=1646356190263&CODE_STATE=getMsg HTTP/1.1" 200 27
116.232.51.5 - - [04/Mar/2022:09:09:58 +0800] "POST /xingrg/kc/buy/cgsh_order_operate.html HTTP/1.1" 200 37
116.232.51.5 - - [04/Mar/2022:09:10:00 +0800] "POST /xingrg/kc/buy/cgsh_order_operate.html HTTP/1.1" 200 34039
116.232.51.5 - - [04/Mar/2022:09:10:01 +0800] "GET /xingrg/kc/print/load_config.html?kc_code=cgsh HTTP/1.1" 200 1943
116.232.51.5 - - [04/Mar/2022:09:10:01 +0800] "GET /xingrg/kc/print/load_data.html?order_code=212022030401191&kc_code=cgsh&condition= HTTP/1.1" 200 12588
180.169.147.146 - - [04/Mar/2022:09:10:06 +0800] "GET /xingrg/check_reg.html?_=1646356204931 HTTP/1.1" 200 22
222.70.243.96 - - [04/Mar/2022:09:10:09 +0800] "GET /xingrg/all/function/internal_message.html?_=1646356225955&CODE_STATE=getMsg HTTP/1.1" 200 27
116.232.51.5 - - [04/Mar/2022:09:10:10 +0800] "GET /xingrg/kc/buy/cgsh_order_add.html HTTP/1.1" 200 65643
116.232.51.5 - - [04/Mar/2022:09:10:10 +0800] "POST /xingrg/kc/buy/cgsh_order_operate.html HTTP/1.1" 200 8245
116.232.51.5 - - [04/Mar/2022:09:10:10 +0800] "GET /xingrg/all/common/auto_word.html?type=employee&rest_code=00109 HTTP/1.1" 200 255
116.232.51.5 - - [04/Mar/2022:09:10:10 +0800] "GET /xingrg/all/common/auto_word.html?type=employee&rest_code=00109 HTTP/1.1" 200 255
116.232.51.5 - - [04/Mar/2022:09:10:10 +0800] "GET /xingrg/javascript/easyui/themes/default/validatebox.css HTTP/1.1" 404 1104
180.152.99.73 - - [04/Mar/2022:09:10:14 +0800] "GET /xingrg/all/function/internal_message.html?_=1646356214624&CODE_STATE=getMsg HTTP/1.1" 200 27
180.152.99.73 - - [04/Mar/2022:09:10:15 +0800] "GET /xingrg/check_reg.html?_=1646356214628 HTTP/1.1" 200 22
124.79.79.90 - - [04/Mar/2022:09:10:18 +0800] "GET /xingrg/all/function/internal_message.html?_=1646356215005&CODE_STATE=getMsg HTTP/1.1" 200 27
116.232.51.5 - - [04/Mar/2022:09:10:22 +0800] "GET /xingrg/kc/buy/cgsh_order_operate.html?command=get_materiel&rest_code=00109&code=00101001010&supplier_code=00100454&order_time=2022-03-04 HTTP/1.1" 200 431
116.232.51.5 - - [04/Mar/2022:09:10:27 +0800] "GET /xingrg/all/function/internal_message.html?_=1646356228481&CODE_STATE=getMsg HTTP/1.1" 200 27
124.78.159.88 - - [04/Mar/2022:09:10:29 +0800] "GET /xingrg/check_reg.html?_=1646356226074 HTTP/1.1" 200 22
124.78.159.88 - - [04/Mar/2022:09:10:29 +0800] "GET /xingrg/all/function/internal_message.html?_=1646356226076&CODE_STATE=getMsg HTTP/1.1" 200 27
222.70.243.96 - - [04/Mar/2022:09:10:31 +0800] "GET /xingrg/kc/buy/cgsh_order_operate.html?command=get_materiel&rest_code=00146&code=00101008196&supplier_code=00100005&order_time=2022-03-04 HTTP/1.1" 200 437
116.232.51.5 - - [04/Mar/2022:09:10:32 +0800] "GET /xingrg/kc/buy/cgsh_order_operate.html?command=get_materiel&rest_code=00109&code=00101005037&supplier_code=00100454&order_time=2022-03-04 HTTP/1.1" 200 432
172.20.0.100 - - [04/Mar/2022:09:10:34 +0800] "GET /xingrg/all/function/internal_message.html?_=1646356232280&CODE_STATE=getMsg HTTP/1.1" 200 27
180.152.99.39 - - [04/Mar/2022:09:10:34 +0800] "GET /xingrg/all/function/internal_message.html?_=1646356133108&CODE_STATE=getMsg HTTP/1.1" 200 27
180.169.147.146 - - [04/Mar/2022:09:10:38 +0800] "GET /xingrg/all/function/internal_message.html?_=1646356250847&CODE_STATE=getMsg HTTP/1.1" 200 27
180.169.147.146 - - [04/Mar/2022:09:10:46 +0800] "GET /xingrg/all/function/internal_message.html?_=1646356244997&CODE_STATE=getMsg HTTP/1.1" 200 27
222.70.243.96 - - [04/Mar/2022:09:10:48 +0800] "GET /xingrg/kc/buy/cgsh_order_operate.html?command=get_materiel&rest_code=00146&code=00101008197&supplier_code=00100005&order_time=2022-03-04 HTTP/1.1" 200 438
116.232.51.5 - - [04/Mar/2022:09:10:49 +0800] "GET /xingrg/kc/buy/cgsh_order_operate.html?command=get_materiel&rest_code=00109&code=00101002027&supplier_code=00100454&order_time=2022-03-04 HTTP/1.1" 200 435
222.70.243.96 - - [04/Mar/2022:09:10:50 +0800] "GET /xingrg/all/function/internal_message.html?_=1646356244676&CODE_STATE=getMsg HTTP/1.1" 200 27
114.88.156.203 - - [04/Mar/2022:09:10:51 +0800] "GET /xingrg/all/function/internal_message.html?_=1646356037553&CODE_STATE=getMsg HTTP/1.1" 200 27
222.70.223.103 - - [04/Mar/2022:09:10:51 +0800] "GET /xingrg/all/function/internal_message.html?_=1646356248350&CODE_STATE=getMsg HTTP/1.1" 200 27
101.83.241.237 - - [04/Mar/2022:09:10:54 +0800] "GET /xingrg/all/function/internal_message.html?_=1646356250241&CODE_STATE=getMsg HTTP/1.1" 200 27
116.224.122.7 - - [04/Mar/2022:09:10:58 +0800] "GET /xingrg/check_reg.html?_=1646356296580 HTTP/1.1" 200 22
116.232.51.5 - - [04/Mar/2022:09:10:58 +0800] "GET /xingrg/kc/buy/cgsh_order_operate.html?command=get_materiel&rest_code=00109&code=00101001084&supplier_code=00100454&order_time=2022-03-04 HTTP/1.1" 200 413
116.232.51.5 - - [04/Mar/2022:09:11:06 +0800] "GET /xingrg/kc/buy/cgsh_order_operate.html?command=get_materiel&rest_code=00109&code=00101001160&supplier_code=00100454&order_time=2022-03-04 HTTP/1.1" 200 431
222.70.243.96 - - [04/Mar/2022:09:11:09 +0800] "GET /xingrg/all/function/internal_message.html?_=1646356285969&CODE_STATE=getMsg HTTP/1.1" 200 27
180.152.99.73 - - [04/Mar/2022:09:11:14 +0800] "GET /xingrg/all/function/internal_message.html?_=1646356274624&CODE_STATE=getMsg HTTP/1.1" 200 27
114.88.156.203 - - [04/Mar/2022:09:11:15 +0800] "GET /xingrg/check_reg.html?_=1646356061965 HTTP/1.1" 200 22
124.79.79.90 - - [04/Mar/2022:09:11:18 +0800] "GET /xingrg/all/function/internal_message.html?_=1646356274978&CODE_STATE=getMsg HTTP/1.1" 200 27
116.232.51.5 - - [04/Mar/2022:09:11:27 +0800] "GET /xingrg/all/function/internal_message.html?_=1646356288473&CODE_STATE=getMsg HTTP/1.1" 200 27
124.78.159.88 - - [04/Mar/2022:09:11:29 +0800] "GET /xingrg/all/function/internal_message.html?_=1646356286077&CODE_STATE=getMsg HTTP/1.1" 200 27
58.221.95.50 - - [04/Mar/2022:09:11:34 +0800] "GET /xingrg/check_reg.html?_=1646356293350 HTTP/1.1" 302 -
