172.20.0.100 - - [04/Mar/2022:10:20:15 +0800] "GET /xingrg/all/function/internal_message.html?_=1646360413564&CODE_STATE=getMsg HTTP/1.1" 200 27
180.157.251.97 - - [04/Mar/2022:10:20:15 +0800] "GET /xingrg/all/function/internal_message.html?_=1646360414285&CODE_STATE=getMsg HTTP/1.1" 200 27
124.79.79.90 - - [04/Mar/2022:10:20:16 +0800] "GET /xingrg/all/function/internal_message.html?_=1646360413296&CODE_STATE=getMsg HTTP/1.1" 200 27
180.169.147.146 - - [04/Mar/2022:10:20:16 +0800] "GET /xingrg/kc/base/crk_hz.html HTTP/1.1" 200 11247
180.169.147.146 - - [04/Mar/2022:10:20:16 +0800] "GET /xingrg/javascript/step/step.css HTTP/1.1" 200 999
180.169.147.146 - - [04/Mar/2022:10:20:16 +0800] "GET /xingrg/css/table.css HTTP/1.1" 200 3684
180.169.147.146 - - [04/Mar/2022:10:20:16 +0800] "POST /xingrg/kc/cost/cost_operate.html?command=get_base_tree HTTP/1.1" 200 2583
180.169.147.146 - - [04/Mar/2022:10:20:16 +0800] "POST /xingrg/all/common/load_tree.html?tree=materiel_sort_tree_json HTTP/1.1" 200 9388
180.169.147.146 - - [04/Mar/2022:10:20:16 +0800] "GET /xingrg/javascript/jquery_easy_ui/themes/default/images/combo_arrow_dot.gif HTTP/1.1" 200 79
180.169.147.146 - - [04/Mar/2022:10:20:16 +0800] "GET /xingrg/javascript/jquery_easy_ui/themes/icons/search.png HTTP/1.1" 200 813
180.169.147.146 - - [04/Mar/2022:10:20:16 +0800] "GET /xingrg/javascript/jquery_easy_ui/themes/default/images/menu_downarrow.png HTTP/1.1" 200 173
180.169.147.146 - - [04/Mar/2022:10:20:16 +0800] "GET /xingrg/javascript/jquery_easy_ui/themes/icons/print.png HTTP/1.1" 200 1057
180.169.147.146 - - [04/Mar/2022:10:20:16 +0800] "GET /xingrg/javascript/jquery_easy_ui/themes/default/images/menu.gif HTTP/1.1" 200 834
180.169.147.146 - - [04/Mar/2022:10:20:16 +0800] "GET /xingrg/javascript/jquery_easy_ui/themes/default/images/calendar_prevmonth.gif HTTP/1.1" 200 66
180.169.147.146 - - [04/Mar/2022:10:20:16 +0800] "GET /xingrg/javascript/jquery_easy_ui/themes/default/images/calendar_nextmonth.gif HTTP/1.1" 200 64
180.169.147.146 - - [04/Mar/2022:10:20:16 +0800] "GET /xingrg/javascript/jquery_easy_ui/themes/default/images/calendar_nextyear.gif HTTP/1.1" 200 75
180.169.147.146 - - [04/Mar/2022:10:20:16 +0800] "GET /xingrg/javascript/jquery_easy_ui/themes/default/images/calendar_prevyear.gif HTTP/1.1" 200 76
180.169.147.146 - - [04/Mar/2022:10:20:17 +0800] "GET /xingrg/javascript/jquery_easy_ui/themes/default/images/tree_checkbox_0.gif HTTP/1.1" 200 168
180.169.147.146 - - [04/Mar/2022:10:20:18 +0800] "GET /xingrg/all/common/get_data_part.html?part=previousMonth&_=1646360417656 HTTP/1.1" 200 41
180.157.251.97 - - [04/Mar/2022:10:20:21 +0800] "GET /xingrg/kc/buy/cgsh_order_operate.html?command=get_materiel&rest_code=00148&code=00101008350&supplier_code=00100008&order_time=2022-03-04 HTTP/1.1" 200 429
180.152.99.73 - - [04/Mar/2022:10:20:24 +0800] "GET /xingrg/all/function/internal_message.html?_=1646360423747&CODE_STATE=getMsg HTTP/1.1" 200 27
180.152.99.73 - - [04/Mar/2022:10:20:24 +0800] "GET /xingrg/check_reg.html?_=1646360423750 HTTP/1.1" 200 22
180.157.251.97 - - [04/Mar/2022:10:20:28 +0800] "GET /xingrg/kc/buy/cgsh_order_operate.html?command=get_materiel&rest_code=00148&code=00101008244&supplier_code=00100008&order_time=2022-03-04 HTTP/1.1" 200 429
222.70.243.96 - - [04/Mar/2022:10:20:28 +0800] "GET /xingrg/all/function/internal_message.html?_=1646360445065&CODE_STATE=getMsg HTTP/1.1" 200 27
124.78.159.88 - - [04/Mar/2022:10:20:29 +0800] "GET /xingrg/check_reg.html?_=1646360426169 HTTP/1.1" 200 22
124.78.159.88 - - [04/Mar/2022:10:20:29 +0800] "GET /xingrg/all/function/internal_message.html?_=1646360426168&CODE_STATE=getMsg HTTP/1.1" 200 27
124.79.244.81 - - [04/Mar/2022:10:20:35 +0800] "GET /xingrg/all/function/internal_message.html?_=1646360589175&CODE_STATE=getMsg HTTP/1.1" 200 27
180.157.251.97 - - [04/Mar/2022:10:20:35 +0800] "GET /xingrg/kc/buy/cgsh_order_operate.html?command=get_materiel&rest_code=00148&code=00101008186&supplier_code=00100008&order_time=2022-03-04 HTTP/1.1" 200 427
180.169.147.146 - - [04/Mar/2022:10:20:35 +0800] "GET /xingrg/javascript/jquery_easy_ui/themes/default/images/tree_checkbox_1.gif HTTP/1.1" 200 174
180.169.147.146 - - [04/Mar/2022:10:20:35 +0800] "GET /xingrg/javascript/jquery_easy_ui/themes/default/images/tree_checkbox_2.gif HTTP/1.1" 200 181
180.169.147.146 - - [04/Mar/2022:10:20:37 +0800] "GET /xingrg/kc/base/crk_hz.html?_=1646360436261&command=get_cost_id&end_date=2022-02-28&start_date=2022-02-01 HTTP/1.1" 200 51
180.169.147.146 - - [04/Mar/2022:10:20:37 +0800] "GET /xingrg/all/report/report_query.html?isQuery=1&onlyBody=1&rh=99999&rw=1800&varString=start:20220201,cost_id:3522,mid:20220201&fileName=kc/base/crk_hz_type_by_base.xml&queryString=%20m.sort_code%20in%20('00101036')%20&queryText=ÈÕÆÚ£º2022-02-01ÖÁ2022-02-28&tableQueryString=materiel_table$sp1$$sp$before_table$sp1$$sp$crk_table$sp1$order_day%20between%2020220201%20and%2020220228 HTTP/1.1" 200 49392
180.169.147.146 - - [04/Mar/2022:10:20:37 +0800] "GET /xingrg/javascript/multi_select/jqueryMultiSelect.css HTTP/1.1" 200 951
180.169.147.146 - - [04/Mar/2022:10:20:37 +0800] "GET /xingrg/javascript/calendar/timePicker.css HTTP/1.1" 200 523
180.169.147.146 - - [04/Mar/2022:10:20:37 +0800] "GET /xingrg/javascript/bigrid/fix.css HTTP/1.1" 200 1702
180.169.147.146 - - [04/Mar/2022:10:20:37 +0800] "GET /xingrg/dwr/interface/AjaxReportQueryService.js HTTP/1.1" 200 13203
180.169.147.146 - - [04/Mar/2022:10:20:37 +0800] "GET /xingrg/dwr/util.js HTTP/1.1" 200 35990
180.169.147.146 - - [04/Mar/2022:10:20:37 +0800] "GET /xingrg/dwr/engine.js HTTP/1.1" 200 43631
180.169.147.146 - - [04/Mar/2022:10:20:37 +0800] "GET /xingrg/javascript/jqueryMultiSelect.js HTTP/1.1" 200 11866
180.169.147.146 - - [04/Mar/2022:10:20:37 +0800] "GET /xingrg/javascript/calendar/jquery.timePicker.min.js HTTP/1.1" 200 2997
180.169.147.146 - - [04/Mar/2022:10:20:37 +0800] "GET /xingrg/javascript/Calendar.js HTTP/1.1" 200 31561
180.169.147.146 - - [04/Mar/2022:10:20:37 +0800] "GET /xingrg/javascript/bigrid/fix.js HTTP/1.1" 200 6439
180.169.147.146 - - [04/Mar/2022:10:20:37 +0800] "GET /xingrg/images/control/loading.gif HTTP/1.1" 200 13463
180.169.147.146 - - [04/Mar/2022:10:20:37 +0800] "GET /xingrg/images/blue/button/advanceover.gif HTTP/1.1" 200 1347
180.169.147.146 - - [04/Mar/2022:10:20:37 +0800] "GET /xingrg/images/blue/button/advance2over.gif HTTP/1.1" 200 1336
180.169.147.146 - - [04/Mar/2022:10:20:37 +0800] "GET /xingrg/images/blue/button/back2over.gif HTTP/1.1" 200 1335
180.169.147.146 - - [04/Mar/2022:10:20:37 +0800] "GET /xingrg/images/blue/button/backover.gif HTTP/1.1" 200 1348
180.169.147.146 - - [04/Mar/2022:10:20:37 +0800] "GET /xingrg/javascript/jquery_easy_ui/themes/icons/help.png HTTP/1.1" 200 1187
180.169.147.146 - - [04/Mar/2022:10:20:38 +0800] "GET /xingrg/all/function/internal_message.html?_=1646360450864&CODE_STATE=getMsg HTTP/1.1" 200 27
180.169.147.146 - - [04/Mar/2022:10:20:38 +0800] "POST /xingrg/all/report/load_report_page.html HTTP/1.1" 200 189408
180.169.147.146 - - [04/Mar/2022:10:20:38 +0800] "GET /xingrg/servlets/image?cache=0.30233582182260843&image=px HTTP/1.1" 200 807
180.157.251.97 - - [04/Mar/2022:10:20:43 +0800] "GET /xingrg/kc/buy/cgsh_order_operate.html?command=get_materiel&rest_code=00148&code=00101008355&supplier_code=00100008&order_time=2022-03-04 HTTP/1.1" 200 429
101.83.241.237 - - [04/Mar/2022:10:20:48 +0800] "GET /xingrg/check_reg.html?_=1646360444538 HTTP/1.1" 200 22
114.88.156.203 - - [04/Mar/2022:10:20:49 +0800] "GET /xingrg/all/function/internal_message.html?_=1646360235957&CODE_STATE=getMsg HTTP/1.1" 200 27
180.152.99.39 - - [04/Mar/2022:10:20:49 +0800] "GET /xingrg/all/function/internal_message.html?_=1646360348050&CODE_STATE=getMsg HTTP/1.1" 200 27
222.70.243.96 - - [04/Mar/2022:10:20:50 +0800] "GET /xingrg/all/function/internal_message.html?_=1646360444686&CODE_STATE=getMsg HTTP/1.1" 200 27
180.157.251.97 - - [04/Mar/2022:10:20:51 +0800] "GET /xingrg/kc/buy/cgsh_order_operate.html?command=get_materiel&rest_code=00148&code=00101008251&supplier_code=00100008&order_time=2022-03-04 HTTP/1.1" 200 429
222.69.132.164 - - [04/Mar/2022:10:20:55 +0800] "GET /xingrg/login.html HTTP/1.1" 200 7641
222.69.132.164 - - [04/Mar/2022:10:20:56 +0800] "GET /favicon.ico HTTP/1.1" 404 -
222.69.132.164 - - [04/Mar/2022:10:20:58 +0800] "POST /xingrg/login.do HTTP/1.1" 302 -
222.69.132.164 - - [04/Mar/2022:10:20:58 +0800] "GET /xingrg/index.html?sysBaseUrl=http%3A%2F%2F180.169.147.146%3A18081%2Fxingrg%2F&costTime=46×tamp=1646360458133 HTTP/1.1" 200 17179
222.69.132.164 - - [04/Mar/2022:10:20:58 +0800] "GET /favicon.ico HTTP/1.1" 404 -
222.69.132.164 - - [04/Mar/2022:10:20:58 +0800] "POST /xingrg/all/common/load_tree.html?tree=area_rest_tree_json&manage=1 HTTP/1.1" 200 351
222.69.132.164 - - [04/Mar/2022:10:20:58 +0800] "GET /xingrg/all/function/internal_message.html?_=1646360541909&CODE_STATE=count HTTP/1.1" 200 11
222.69.132.164 - - [04/Mar/2022:10:20:58 +0800] "GET /xingrg/check_reg.html?_=1646360541910 HTTP/1.1" 200 22
222.69.132.164 - - [04/Mar/2022:10:20:58 +0800] "POST /xingrg/load_menu.html HTTP/1.1" 200 5138
180.157.251.97 - - [04/Mar/2022:10:20:58 +0800] "GET /xingrg/kc/buy/cgsh_order_operate.html?command=get_materiel&rest_code=00148&code=00101008223&supplier_code=00100008&order_time=2022-03-04 HTTP/1.1" 200 433
222.70.223.103 - - [04/Mar/2022:10:21:01 +0800] "GET /xingrg/all/function/internal_message.html?_=1646360459540&CODE_STATE=getMsg HTTP/1.1" 200 27
180.169.147.146 - - [04/Mar/2022:10:21:03 +0800] "GET /xingrg/all/function/internal_message.html?_=1646360460995&CODE_STATE=getMsg HTTP/1.1" 200 27
222.69.132.164 - - [04/Mar/2022:10:21:05 +0800] "GET /xingrg/kc/buy/cgsh_order_list.html HTTP/1.1" 200 49792
222.70.180.114 - - [04/Mar/2022:10:21:05 +0800] "GET /xingrg/all/function/internal_message.html?_=1646360459672&CODE_STATE=getMsg HTTP/1.1" 200 27
222.69.132.164 - - [04/Mar/2022:10:21:07 +0800] "POST /xingrg/kc/buy/cgsh_list_operate.html HTTP/1.1" 200 876
222.69.132.164 - - [04/Mar/2022:10:21:09 +0800] "GET /xingrg/kc/buy/cgsh_order_add.html HTTP/1.1" 200 64724
222.69.132.164 - - [04/Mar/2022:10:21:09 +0800] "GET /xingrg/words/20220303150702_words.js HTTP/1.1" 200 888725
222.69.132.164 - - [04/Mar/2022:10:21:10 +0800] "POST /xingrg/kc/buy/cgsh_order_operate.html HTTP/1.1" 200 8245
222.69.132.164 - - [04/Mar/2022:10:21:10 +0800] "GET /xingrg/javascript/easyui/themes/default/validatebox.css HTTP/1.1" 404 1104
222.69.132.164 - - [04/Mar/2022:10:21:10 +0800] "GET /xingrg/all/common/auto_word.html?type=employee&rest_code=00154 HTTP/1.1" 200 101
222.69.132.164 - - [04/Mar/2022:10:21:10 +0800] "GET /xingrg/all/common/auto_word.html?type=employee&rest_code=00154 HTTP/1.1" 200 101
124.78.159.88 - - [04/Mar/2022:10:21:11 +0800] "GET /xingrg/kc/buy/cgsh_order_add.html HTTP/1.1" 200 65602
222.69.132.164 - - [04/Mar/2022:10:21:11 +0800] "GET /xingrg/javascript/auto/indicator.gif HTTP/1.1" 404 1066
124.78.159.88 - - [04/Mar/2022:10:21:11 +0800] "POST /xingrg/kc/buy/cgsh_order_operate.html HTTP/1.1" 200 8245
124.78.159.88 - - [04/Mar/2022:10:21:11 +0800] "GET /xingrg/javascript/easyui/themes/default/validatebox.css HTTP/1.1" 404 1104
124.78.159.88 - - [04/Mar/2022:10:21:12 +0800] "GET /xingrg/javascript/easyui/themes/default/tree.css HTTP/1.1" 404 1090
124.78.159.88 - - [04/Mar/2022:10:21:13 +0800] "POST /xingrg/all/common/load_tree.html?tree=supplier_tree_json&isDelete=1 HTTP/1.1" 200 62257
180.169.147.146 - - [04/Mar/2022:10:21:14 +0800] "GET /xingrg/all/function/internal_message.html?_=1646360473547&CODE_STATE=getMsg HTTP/1.1" 200 27
114.88.156.203 - - [04/Mar/2022:10:21:15 +0800] "GET /xingrg/check_reg.html?_=1646360261795 HTTP/1.1" 200 22
172.20.0.100 - - [04/Mar/2022:10:21:15 +0800] "GET /xingrg/all/function/internal_message.html?_=1646360473537&CODE_STATE=getMsg HTTP/1.1" 200 27
180.157.251.97 - - [04/Mar/2022:10:21:15 +0800] "GET /xingrg/all/function/internal_message.html?_=1646360474282&CODE_STATE=getMsg HTTP/1.1" 200 27
124.79.79.90 - - [04/Mar/2022:10:21:16 +0800] "GET /xingrg/all/function/internal_message.html?_=1646360473271&CODE_STATE=getMsg HTTP/1.1" 200 27
180.157.251.97 - - [04/Mar/2022:10:21:21 +0800] "GET /xingrg/kc/buy/cgsh_order_operate.html?command=get_materiel&rest_code=00148&code=00101008161&supplier_code=00100008&order_time=2022-03-04 HTTP/1.1" 200 429
180.169.147.146 - - [04/Mar/2022:10:21:23 +0800] "GET /xingrg/check_reg.html?_=1646360487308 HTTP/1.1" 200 22
124.78.159.88 - - [04/Mar/2022:10:21:23 +0800] "GET /xingrg/kc/buy/cgsh_order_operate.html?command=get_materiel&rest_code=00106&code=00101006109&supplier_code=00100015&order_time=2022-03-04 HTTP/1.1" 200 429
180.152.99.73 - - [04/Mar/2022:10:21:24 +0800] "GET /xingrg/all/function/internal_message.html?_=1646360483750&CODE_STATE=getMsg HTTP/1.1" 200 27
222.70.243.96 - - [04/Mar/2022:10:21:28 +0800] "GET /xingrg/all/function/internal_message.html?_=1646360505078&CODE_STATE=getMsg HTTP/1.1" 200 27
124.78.159.88 - - [04/Mar/2022:10:21:29 +0800] "GET /xingrg/all/function/internal_message.html?_=1646360486193&CODE_STATE=getMsg HTTP/1.1" 200 27
222.69.132.164 - - [04/Mar/2022:10:21:29 +0800] "GET /xingrg/kc/buy/cgsh_order_operate.html?command=get_materiel&rest_code=00154&code=00101010241&supplier_code=00100171&order_time=2022-03-04 HTTP/1.1" 200 409
124.78.159.88 - - [04/Mar/2022:10:21:32 +0800] "GET /xingrg/kc/buy/cgsh_order_operate.html?command=get_materiel&rest_code=00106&code=00101006111&supplier_code=00100015&order_time=2022-03-04 HTTP/1.1" 200 409
222.69.132.164 - - [04/Mar/2022:10:21:33 +0800] "POST /xingrg/all/common/load_select.html HTTP/1.1" 200 12
58.221.95.50 - - [04/Mar/2022:10:21:34 +0800] "GET /xingrg/check_reg.html?_=1646360493115 HTTP/1.1" 302 -
124.79.79.90 - - [04/Mar/2022:10:21:34 +0800] "GET /xingrg/check_reg.html?_=1646360491711 HTTP/1.1" 200 22
124.79.244.81 - - [04/Mar/2022:10:21:35 +0800] "GET /xingrg/all/function/internal_message.html?_=1646360649173&CODE_STATE=getMsg HTTP/1.1" 200 27
222.69.132.164 - - [04/Mar/2022:10:21:37 +0800] "GET /xingrg/kc/buy/cgsh_order_operate.html?command=get_materiel_price&rest_code=00154&code=00101010241&unit_code=00100001&supplier_code=00100171&order_time=2022-03-04 HTTP/1.1" 200 28
180.169.147.146 - - [04/Mar/2022:10:21:38 +0800] "GET /xingrg/all/function/internal_message.html?_=1646360510855&CODE_STATE=getMsg HTTP/1.1" 200 27
116.224.122.7 - - [04/Mar/2022:10:21:40 +0800] "GET /favicon.ico HTTP/1.1" 404 -
180.152.99.39 - - [04/Mar/2022:10:21:49 +0800] "GET /xingrg/check_reg.html?_=1646360407869 HTTP/1.1" 200 22
114.88.156.203 - - [04/Mar/2022:10:21:49 +0800] "GET /xingrg/all/function/internal_message.html?_=1646360295926&CODE_STATE=getMsg HTTP/1.1" 200 27
180.152.99.39 - - [04/Mar/2022:10:21:49 +0800] "GET /xingrg/all/function/internal_message.html?_=1646360408064&CODE_STATE=getMsg HTTP/1.1" 200 27
222.70.243.96 - - [04/Mar/2022:10:21:50 +0800] "GET /xingrg/all/function/internal_message.html?_=1646360504687&CODE_STATE=getMsg HTTP/1.1" 200 27
124.78.159.88 - - [04/Mar/2022:10:21:51 +0800] "POST /xingrg/kc/buy/cgsh_order_operate.html HTTP/1.1" 200 37
124.78.159.88 - - [04/Mar/2022:10:21:54 +0800] "POST /xingrg/kc/buy/cgsh_order_operate.html HTTP/1.1" 200 12
58.37.147.178 - - [04/Mar/2022:10:21:56 +0800] "GET /xingrg/supplier/cgsh_order_list.html HTTP/1.1" 200 10896
222.69.132.164 - - [04/Mar/2022:10:21:58 +0800] "GET /xingrg/all/function/internal_message.html?_=1646360601924&CODE_STATE=getMsg HTTP/1.1" 200 27
58.37.147.178 - - [04/Mar/2022:10:21:59 +0800] "POST /xingrg/supplier/cgsh_list_operate.html HTTP/1.1" 200 5984
124.78.159.88 - - [04/Mar/2022:10:21:59 +0800] "GET /xingrg/kc/buy/cgsh_order_info.html?code=212022030401204 HTTP/1.1" 200 60513
116.228.172.94 - - [04/Mar/2022:10:22:00 +0800] "GET /favicon.ico HTTP/1.1" 404 -
124.78.159.88 - - [04/Mar/2022:10:22:00 +0800] "GET /xingrg/javascript/easyui/themes/default/validatebox.css HTTP/1.1" 404 1104
124.78.159.88 - - [04/Mar/2022:10:22:00 +0800] "POST /xingrg/kc/buy/cgsh_order_operate.html HTTP/1.1" 200 1198
222.70.223.103 - - [04/Mar/2022:10:22:01 +0800] "GET /xingrg/all/function/internal_message.html?_=1646360519539&CODE_STATE=getMsg HTTP/1.1" 200 27
124.78.159.88 - - [04/Mar/2022:10:22:02 +0800] "GET /xingrg/kc/print/load_data.html?order_code=212022030401204&kc_code=cgsh&condition= HTTP/1.1" 200 1021
58.37.147.178 - - [04/Mar/2022:10:22:02 +0800] "GET /xingrg/supplier/cgth_order_list.html HTTP/1.1" 200 10583
58.37.147.178 - - [04/Mar/2022:10:22:02 +0800] "POST /xingrg/supplier/cgth_list_operate.html HTTP/1.1" 200 5203
180.169.147.146 - - [04/Mar/2022:10:22:03 +0800] "GET /xingrg/all/function/internal_message.html?_=1646360520986&CODE_STATE=getMsg HTTP/1.1" 200 27
222.70.180.114 - - [04/Mar/2022:10:22:05 +0800] "GET /xingrg/all/function/internal_message.html?_=1646360519686&CODE_STATE=getMsg HTTP/1.1" 200 27
58.37.147.178 - - [04/Mar/2022:10:22:06 +0800] "GET /xingrg/supplier/cgyd_order_list.html HTTP/1.1" 200 12083
58.37.147.178 - - [04/Mar/2022:10:22:06 +0800] "POST /xingrg/supplier/cgyd_list_operate.html HTTP/1.1" 200 976
124.78.159.88 - - [04/Mar/2022:10:22:06 +0800] "GET /xingrg/kc/print/load_data.html?order_code=212022030401204&kc_code=cgsh HTTP/1.1" 200 1021
58.37.147.178 - - [04/Mar/2022:10:22:08 +0800] "GET /xingrg/supplier/cgsh_order_list.html HTTP/1.1" 200 10896
222.69.132.164 - - [04/Mar/2022:10:22:09 +0800] "GET /xingrg/kc/buy/cgsh_order_operate.html?command=get_materiel&rest_code=00154&code=00101010289&supplier_code=00100171&order_time=2022-03-04 HTTP/1.1" 200 427
58.37.147.178 - - [04/Mar/2022:10:22:10 +0800] "POST /xingrg/supplier/cgsh_list_operate.html HTTP/1.1" 200 5984
180.169.147.146 - - [04/Mar/2022:10:22:11 +0800] "GET /xingrg/check_reg.html?_=1646360535590 HTTP/1.1" 200 22
180.169.147.146 - - [04/Mar/2022:10:22:14 +0800] "GET /xingrg/all/function/internal_message.html?_=1646360533550&CODE_STATE=getMsg HTTP/1.1" 200 27
172.20.0.100 - - [04/Mar/2022:10:22:15 +0800] "GET /xingrg/all/function/internal_message.html?_=1646360533512&CODE_STATE=getMsg HTTP/1.1" 200 27
180.157.251.97 - - [04/Mar/2022:10:22:15 +0800] "GET /xingrg/all/function/internal_message.html?_=1646360534278&CODE_STATE=getMsg HTTP/1.1" 200 27
124.79.79.90 - - [04/Mar/2022:10:22:16 +0800] "GET /xingrg/all/function/internal_message.html?_=1646360533246&CODE_STATE=getMsg HTTP/1.1" 200 27
180.152.99.73 - - [04/Mar/2022:10:22:24 +0800] "GET /xingrg/all/function/internal_message.html?_=1646360543780&CODE_STATE=getMsg HTTP/1.1" 200 27
222.69.132.164 - - [04/Mar/2022:10:22:27 +0800] "POST /xingrg/kc/buy/cgsh_order_operate.html HTTP/1.1" 200 37
124.78.159.88 - - [04/Mar/2022:10:22:27 +0800] "GET /xingrg/kc/buy/cgsh_order_add.html HTTP/1.1" 200 65602
124.78.159.88 - - [04/Mar/2022:10:22:28 +0800] "GET /xingrg/javascript/easyui/themes/default/validatebox.css HTTP/1.1" 404 1104
124.78.159.88 - - [04/Mar/2022:10:22:28 +0800] "POST /xingrg/kc/buy/cgsh_order_operate.html HTTP/1.1" 200 8245
222.70.243.96 - - [04/Mar/2022:10:22:28 +0800] "GET /xingrg/all/function/internal_message.html?_=1646360565127&CODE_STATE=getMsg HTTP/1.1" 200 27
124.78.159.88 - - [04/Mar/2022:10:22:29 +0800] "GET /xingrg/all/function/internal_message.html?_=1646360546181&CODE_STATE=getMsg HTTP/1.1" 200 27
124.78.159.88 - - [04/Mar/2022:10:22:29 +0800] "GET /xingrg/javascript/easyui/themes/default/tree.css HTTP/1.1" 404 1090
124.78.159.88 - - [04/Mar/2022:10:22:30 +0800] "POST /xingrg/all/common/load_tree.html?tree=supplier_tree_json&isDelete=1 HTTP/1.1" 200 62257
222.69.132.164 - - [04/Mar/2022:10:22:30 +0800] "POST /xingrg/kc/buy/cgsh_order_operate.html HTTP/1.1" 200 12
172.20.0.100 - - [04/Mar/2022:10:22:34 +0800] "GET /xingrg/check_reg.html?_=1646360552282 HTTP/1.1" 200 22
124.79.244.81 - - [04/Mar/2022:10:22:35 +0800] "GET /xingrg/check_reg.html?_=1646360709171 HTTP/1.1" 200 22
124.79.244.81 - - [04/Mar/2022:10:22:35 +0800] "GET /xingrg/all/function/internal_message.html?_=1646360709172&CODE_STATE=getMsg HTTP/1.1" 200 27
222.69.132.164 - - [04/Mar/2022:10:22:36 +0800] "GET /xingrg/kc/buy/cgsh_order_info.html?code=212022030401205 HTTP/1.1" 200 59635
222.69.132.164 - - [04/Mar/2022:10:22:37 +0800] "GET /xingrg/javascript/easyui/themes/default/validatebox.css HTTP/1.1" 404 1104
222.69.132.164 - - [04/Mar/2022:10:22:37 +0800] "POST /xingrg/kc/buy/cgsh_order_operate.html HTTP/1.1" 200 1204
180.169.147.146 - - [04/Mar/2022:10:22:38 +0800] "GET /xingrg/all/function/internal_message.html?_=1646360570865&CODE_STATE=getMsg HTTP/1.1" 200 27
222.69.132.164 - - [04/Mar/2022:10:22:39 +0800] "GET /xingrg/kc/print/load_config.html?kc_code=cgsh HTTP/1.1" 200 1943
222.69.132.164 - - [04/Mar/2022:10:22:39 +0800] "GET /xingrg/kc/print/load_data.html?order_code=212022030401205&kc_code=cgsh&condition= HTTP/1.1" 200 955
114.88.156.203 - - [04/Mar/2022:10:22:49 +0800] "GET /xingrg/all/function/internal_message.html?_=1646360355905&CODE_STATE=getMsg HTTP/1.1" 200 27
180.152.99.39 - - [04/Mar/2022:10:22:49 +0800] "GET /xingrg/all/function/internal_message.html?_=1646360468078&CODE_STATE=getMsg HTTP/1.1" 200 27
222.70.243.96 - - [04/Mar/2022:10:22:50 +0800] "GET /xingrg/all/function/internal_message.html?_=1646360564673&CODE_STATE=getMsg HTTP/1.1" 200 27
222.69.132.164 - - [04/Mar/2022:10:22:58 +0800] "GET /xingrg/all/function/internal_message.html?_=1646360661920&CODE_STATE=getMsg HTTP/1.1" 200 27
222.70.223.103 - - [04/Mar/2022:10:23:01 +0800] "GET /xingrg/all/function/internal_message.html?_=1646360579521&CODE_STATE=getMsg HTTP/1.1" 200 27
180.169.147.146 - - [04/Mar/2022:10:23:03 +0800] "GET /xingrg/all/function/internal_message.html?_=1646360580984&CODE_STATE=getMsg HTTP/1.1" 200 27
222.70.180.114 - - [04/Mar/2022:10:23:05 +0800] "GET /xingrg/all/function/internal_message.html?_=1646360579687&CODE_STATE=getMsg HTTP/1.1" 200 27
124.78.159.88 - - [04/Mar/2022:10:23:13 +0800] "GET /xingrg/kc/buy/cgsh_order_operate.html?command=get_materiel&rest_code=00106&code=00101007061&supplier_code=00100002&order_time=2022-03-04 HTTP/1.1" 200 430
180.169.147.146 - - [04/Mar/2022:10:23:14 +0800] "GET /xingrg/all/function/internal_message.html?_=1646360593553&CODE_STATE=getMsg HTTP/1.1" 200 27
116.228.172.94 - - [04/Mar/2022:10:23:14 +0800] "GET /xingrg/login.html HTTP/1.1" 200 7641
116.228.172.94 - - [04/Mar/2022:10:23:15 +0800] "GET /favicon.ico HTTP/1.1" 404 -
172.20.0.100 - - [04/Mar/2022:10:23:15 +0800] "GET /xingrg/all/function/internal_message.html?_=1646360593488&CODE_STATE=getMsg HTTP/1.1" 200 27
180.157.251.97 - - [04/Mar/2022:10:23:15 +0800] "GET /xingrg/check_reg.html?_=1646360594281 HTTP/1.1" 200 22
180.157.251.97 - - [04/Mar/2022:10:23:15 +0800] "GET /xingrg/all/function/internal_message.html?_=1646360594283&CODE_STATE=getMsg HTTP/1.1" 200 27
124.79.79.90 - - [04/Mar/2022:10:23:16 +0800] "GET /xingrg/all/function/internal_message.html?_=1646360593219&CODE_STATE=getMsg HTTP/1.1" 200 27
116.228.172.94 - - [04/Mar/2022:10:23:18 +0800] "POST /xingrg/login.do HTTP/1.1" 302 -
116.228.172.94 - - [04/Mar/2022:10:23:18 +0800] "GET /xingrg/index.html?sysBaseUrl=http%3A%2F%2F180.169.147.146%3A18081%2Fxingrg%2F&costTime=45×tamp=1646360598249 HTTP/1.1" 200 17417
116.228.172.94 - - [04/Mar/2022:10:23:18 +0800] "GET /favicon.ico HTTP/1.1" 404 -
116.228.172.94 - - [04/Mar/2022:10:23:18 +0800] "POST /xingrg/all/common/load_tree.html?tree=area_rest_tree_json&manage=1 HTTP/1.1" 200 348
116.228.172.94 - - [04/Mar/2022:10:23:18 +0800] "GET /xingrg/all/function/internal_message.html?_=1646360573018&CODE_STATE=count HTTP/1.1" 200 11
116.228.172.94 - - [04/Mar/2022:10:23:18 +0800] "GET /xingrg/check_reg.html?_=1646360573019 HTTP/1.1" 200 22
116.228.172.94 - - [04/Mar/2022:10:23:18 +0800] "POST /xingrg/load_menu.html HTTP/1.1" 200 9959
180.152.99.73 - - [04/Mar/2022:10:23:24 +0800] "GET /xingrg/all/function/internal_message.html?_=1646360603781&CODE_STATE=getMsg HTTP/1.1" 200 27
222.70.243.96 - - [04/Mar/2022:10:23:28 +0800] "GET /xingrg/all/function/internal_message.html?_=1646360625137&CODE_STATE=getMsg HTTP/1.1" 200 27
180.169.147.146 - - [04/Mar/2022:10:23:28 +0800] "GET /xingrg/all/report/report_query.html?isQuery=1&fileName=kc/base/crk_detail_by_small.xml&rh=99999&queryString=&queryText=%25E3%2580%2590%25E4%25BB%2593%25E5%25BA%2593%25E5%2590%258D%25E7%25A7%25B0%253A%25E5%2590%25A7%25E5%258F%25B0%25E3%2580%2591%25E3%2580%2590%25E4%25B8%259A%25E5%258A%25A1%25E7%25B1%25BB%25E5%259E%258B%25EF%25BC%259A%25E5%2586%2585%25E9%2583%25A8%25E8%25B0%2583%25E5%2585%25A5%25E3%2580%2591%2520%253F%253F%253F%253F%253F2022-02-01%253F%253F2022-02-28&tableQueryString=crk_table%2524sp1%2524order_day%2520between%252020220201%2520and%252020220228%2520and%2520(base_code%253D'0010393')%2520and%2520(src_order_type%2520in%2520(42))%2520and%2520(is_rk%2520in%2520(1)) HTTP/1.1" 200 53762
180.169.147.146 - - [04/Mar/2022:10:23:29 +0800] "GET /xingrg/dwr/interface/AjaxReportQueryService.js HTTP/1.1" 200 13203
180.169.147.146 - - [04/Mar/2022:10:23:29 +0800] "GET /xingrg/dwr/engine.js HTTP/1.1" 200 43631
124.78.159.88 - - [04/Mar/2022:10:23:29 +0800] "GET /xingrg/all/function/internal_message.html?_=1646360606161&CODE_STATE=getMsg HTTP/1.1" 200 27
180.169.147.146 - - [04/Mar/2022:10:23:29 +0800] "GET /xingrg/javascript/jquery_easy_ui/themes/icons/pencil.png HTTP/1.1" 200 713
180.169.147.146 - - [04/Mar/2022:10:23:29 +0800] "GET /xingrg/javascript/jquery_easy_ui/themes/default/images/menu_rightarrow.png HTTP/1.1" 200 3617
180.169.147.146 - - [04/Mar/2022:10:23:29 +0800] "POST /xingrg/all/report/load_report_page.html HTTP/1.1" 200 16059
180.169.147.146 - - [04/Mar/2022:10:23:29 +0800] "GET /xingrg/servlets/image?cache=0.7513156307555687&image=px HTTP/1.1" 200 807
180.169.147.146 - - [04/Mar/2022:10:23:31 +0800] "GET /xingrg/all/report/report_query.html?isQuery=1&fileName=kc/base/crk_detail_by_materiel.xml&queryString=&queryText=%25E3%2580%2590%25E4%25BB%2593%25E5%25BA%2593%25E5%2590%258D%25E7%25A7%25B0%253A%25E5%2590%25A7%25E5%258F%25B0%25E3%2580%2591%25E3%2580%2590%25E4%25B8%259A%25E5%258A%25A1%25E7%25B1%25BB%25E5%259E%258B%25EF%25BC%259A%25E5%2586%2585%25E9%2583%25A8%25E8%25B0%2583%25E5%2585%25A5%25E3%2580%2591%2520%253F%253F%253F%253F%253F2022-02-01%253F%253F2022-02-28&tableQueryString=crk_table%2524sp1%2524order_day%2520between%252020220201%2520and%252020220228%2520and%2520(base_code%253D'0010393')%2520and%2520(src_order_type%2520in%2520(42))%2520and%2520(is_rk%2520in%2520(1))%2520and%2520(m.sort_code%253D'00101036') HTTP/1.1" 200 53789
180.169.147.146 - - [04/Mar/2022:10:23:31 +0800] "GET /xingrg/dwr/interface/AjaxReportQueryService.js HTTP/1.1" 200 13203
180.169.147.146 - - [04/Mar/2022:10:23:31 +0800] "GET /xingrg/dwr/engine.js HTTP/1.1" 200 43631
124.78.159.88 - - [04/Mar/2022:10:23:31 +0800] "GET /xingrg/kc/buy/cgsh_order_operate.html?command=get_materiel&rest_code=00106&code=00101007081&supplier_code=00100002&order_time=2022-03-04 HTTP/1.1" 200 433
180.169.147.146 - - [04/Mar/2022:10:23:32 +0800] "POST /xingrg/all/report/load_report_page.html HTTP/1.1" 200 19034
180.169.147.146 - - [04/Mar/2022:10:23:32 +0800] "GET /xingrg/servlets/image?cache=0.4931951178037528&image=px HTTP/1.1" 200 807
180.169.147.146 - - [04/Mar/2022:10:23:33 +0800] "GET /xingrg/javascript/jquery_easy_ui/themes/default/images/tabs_active.png HTTP/1.1" 200 2894
124.79.244.81 - - [04/Mar/2022:10:23:35 +0800] "GET /xingrg/all/function/internal_message.html?_=1646360769169&CODE_STATE=getMsg HTTP/1.1" 200 27
180.169.147.146 - - [04/Mar/2022:10:23:38 +0800] "GET /xingrg/all/function/internal_message.html?_=1646360630859&CODE_STATE=getMsg HTTP/1.1" 200 27
124.78.159.88 - - [04/Mar/2022:10:23:44 +0800] "GET /xingrg/kc/buy/cgsh_order_operate.html?command=get_materiel&rest_code=00106&code=00101007049&supplier_code=00100002&order_time=2022-03-04 HTTP/1.1" 200 429
116.228.172.94 - - [04/Mar/2022:10:23:45 +0800] "GET /xingrg/kc/buy/buy_main.html HTTP/1.1" 200 12412
116.228.172.94 - - [04/Mar/2022:10:23:45 +0800] "GET /xingrg/css/new_ie.css HTTP/1.1" 404 1036
116.228.172.94 - - [04/Mar/2022:10:23:45 +0800] "GET /xingrg/images/yd/bt.gif HTTP/1.1" 404 1040
116.228.172.94 - - [04/Mar/2022:10:23:46 +0800] "GET /xingrg/kc/buy/cgsh_order_list.html HTTP/1.1" 200 49790
116.228.172.94 - - [04/Mar/2022:10:23:48 +0800] "POST /xingrg/kc/buy/cgsh_list_operate.html HTTP/1.1" 200 876
180.152.99.39 - - [04/Mar/2022:10:23:49 +0800] "GET /xingrg/all/function/internal_message.html?_=1646360528091&CODE_STATE=getMsg HTTP/1.1" 200 27
114.88.156.203 - - [04/Mar/2022:10:23:49 +0800] "GET /xingrg/all/function/internal_message.html?_=1646360415875&CODE_STATE=getMsg HTTP/1.1" 200 27
222.70.243.96 - - [04/Mar/2022:10:23:50 +0800] "GET /xingrg/all/function/internal_message.html?_=1646360624681&CODE_STATE=getMsg HTTP/1.1" 200 27
222.70.243.96 - - [04/Mar/2022:10:23:50 +0800] "GET /xingrg/check_reg.html?_=1646360624682 HTTP/1.1" 200 22
116.228.172.94 - - [04/Mar/2022:10:23:52 +0800] "GET /xingrg/kc/buy/cgsh_order_add.html HTTP/1.1" 200 64608
116.228.172.94 - - [04/Mar/2022:10:23:53 +0800] "GET /xingrg/words/20220303150702_words.js HTTP/1.1" 200 888725
116.228.172.94 - - [04/Mar/2022:10:23:53 +0800] "POST /xingrg/kc/buy/cgsh_order_operate.html HTTP/1.1" 200 8245
116.228.172.94 - - [04/Mar/2022:10:23:53 +0800] "GET /xingrg/all/common/auto_word.html?type=employee&rest_code=00153 HTTP/1.1" 200 47
116.228.172.94 - - [04/Mar/2022:10:23:53 +0800] "GET /xingrg/javascript/easyui/themes/default/validatebox.css HTTP/1.1" 404 1104
116.228.172.94 - - [04/Mar/2022:10:23:53 +0800] "GET /xingrg/all/common/auto_word.html?type=employee&rest_code=00153 HTTP/1.1" 200 47
116.228.172.94 - - [04/Mar/2022:10:23:54 +0800] "GET /xingrg/javascript/auto/indicator.gif HTTP/1.1" 404 1066
180.169.147.146 - - [04/Mar/2022:10:23:56 +0800] "GET /xingrg/all/report/report_query.html?isQuery=1&fileName=kc/base/crk_detail_by_small.xml&rh=99999&queryString=&queryText=%25E3%2580%2590%25E4%25BB%2593%25E5%25BA%2593%25E5%2590%258D%25E7%25A7%25B0%253A%25E5%2590%25A7%25E5%258F%25B0%25E3%2580%2591%25E3%2580%2590%25E4%25B8%259A%25E5%258A%25A1%25E7%25B1%25BB%25E5%259E%258B%25EF%25BC%259A%25E5%2586%2585%25E9%2583%25A8%25E8%25B0%2583%25E5%2585%25A5%25E3%2580%2591%2520%253F%253F%253F%253F%253F2022-02-01%253F%253F2022-02-28&tableQueryString=crk_table%2524sp1%2524order_day%2520between%252020220201%2520and%252020220228%2520and%2520(base_code%253D'0010393')%2520and%2520(src_order_type%2520in%2520(42))%2520and%2520(is_rk%2520in%2520(1)) HTTP/1.1" 200 53762
180.169.147.146 - - [04/Mar/2022:10:23:57 +0800] "GET /xingrg/dwr/interface/AjaxReportQueryService.js HTTP/1.1" 200 13203
180.169.147.146 - - [04/Mar/2022:10:23:57 +0800] "GET /xingrg/dwr/engine.js HTTP/1.1" 200 43631
180.169.147.146 - - [04/Mar/2022:10:23:57 +0800] "POST /xingrg/all/report/load_report_page.html HTTP/1.1" 200 16071
180.169.147.146 - - [04/Mar/2022:10:23:57 +0800] "GET /xingrg/servlets/image?cache=0.20971699968365964&image=px HTTP/1.1" 200 807
116.228.172.94 - - [04/Mar/2022:10:23:57 +0800] "GET /xingrg/javascript/jquery_tools/images/prev.gif HTTP/1.1" 404 1086
116.228.172.94 - - [04/Mar/2022:10:23:57 +0800] "GET /xingrg/javascript/jquery_tools/images/next.gif HTTP/1.1" 404 1086
222.69.132.164 - - [04/Mar/2022:10:23:58 +0800] "GET /xingrg/all/function/internal_message.html?_=1646360721924&CODE_STATE=getMsg HTTP/1.1" 200 27
180.169.147.146 - - [04/Mar/2022:10:23:59 +0800] "GET /xingrg/all/report/report_query.html?isQuery=1&fileName=kc/base/crk_detail_by_materiel.xml&queryString=&queryText=%25E3%2580%2590%25E4%25BB%2593%25E5%25BA%2593%25E5%2590%258D%25E7%25A7%25B0%253A%25E5%2590%25A7%25E5%258F%25B0%25E3%2580%2591%25E3%2580%2590%25E4%25B8%259A%25E5%258A%25A1%25E7%25B1%25BB%25E5%259E%258B%25EF%25BC%259A%25E5%2586%2585%25E9%2583%25A8%25E8%25B0%2583%25E5%2585%25A5%25E3%2580%2591%2520%253F%253F%253F%253F%253F2022-02-01%253F%253F2022-02-28&tableQueryString=crk_table%2524sp1%2524order_day%2520between%252020220201%2520and%252020220228%2520and%2520(base_code%253D'0010393')%2520and%2520(src_order_type%2520in%2520(42))%2520and%2520(is_rk%2520in%2520(1))%2520and%2520(m.sort_code%253D'00101036') HTTP/1.1" 200 53789
180.169.147.146 - - [04/Mar/2022:10:23:59 +0800] "GET /xingrg/dwr/interface/AjaxReportQueryService.js HTTP/1.1" 200 13203
180.169.147.146 - - [04/Mar/2022:10:23:59 +0800] "GET /xingrg/dwr/engine.js HTTP/1.1" 200 43631
180.169.147.146 - - [04/Mar/2022:10:23:59 +0800] "POST /xingrg/all/report/load_report_page.html HTTP/1.1" 200 19034
180.169.147.146 - - [04/Mar/2022:10:23:59 +0800] "GET /xingrg/servlets/image?cache=0.5750526437296437&image=px HTTP/1.1" 200 807
222.70.223.103 - - [04/Mar/2022:10:24:01 +0800] "GET /xingrg/all/function/internal_message.html?_=1646360639500&CODE_STATE=getMsg HTTP/1.1" 200 27
180.169.147.146 - - [04/Mar/2022:10:24:01 +0800] "GET /xingrg/all/report/report_query.html?isQuery=1&fileName=kc/base/crk_detail_by_list.xml&queryString=&queryText=%25E3%2580%2590%25E4%25BB%2593%25E5%25BA%2593%25E5%2590%258D%25E7%25A7%25B0%253A%25E5%2590%25A7%25E5%258F%25B0%25E3%2580%2591%25E3%2580%2590%25E4%25B8%259A%25E5%258A%25A1%25E7%25B1%25BB%25E5%259E%258B%25EF%25BC%259A%25E5%2586%2585%25E9%2583%25A8%25E8%25B0%2583%25E5%2585%25A5%25E3%2580%2591%2520%253F%253F%253F%253F%253F2022-02-01%253F%253F2022-02-28&tableQueryString=crk_table%2524sp1%2524order_day%2520between%252020220201%2520and%252020220228%2520and%2520(base_code%253D'0010393')%2520and%2520(src_order_type%2520in%2520(42))%2520and%2520(is_rk%2520in%2520(1))%2520and%2520(m.sort_code%253D'00101036')%2520and%2520(a.materiel_code%253D'00101036002') HTTP/1.1" 200 51030
180.169.147.146 - - [04/Mar/2022:10:24:01 +0800] "GET /xingrg/dwr/interface/AjaxReportQueryService.js HTTP/1.1" 200 13203
180.169.147.146 - - [04/Mar/2022:10:24:01 +0800] "GET /xingrg/dwr/engine.js HTTP/1.1" 200 43631
180.169.147.146 - - [04/Mar/2022:10:24:02 +0800] "POST /xingrg/all/report/load_report_page.html HTTP/1.1" 200 15996
180.169.147.146 - - [04/Mar/2022:10:24:02 +0800] "GET /xingrg/servlets/image?cache=0.5802874964495733&image=px HTTP/1.1" 200 807
180.169.147.146 - - [04/Mar/2022:10:24:03 +0800] "GET /xingrg/all/function/internal_message.html?_=1646360640974&CODE_STATE=getMsg HTTP/1.1" 200 27
180.169.147.146 - - [04/Mar/2022:10:24:04 +0800] "GET /xingrg/kc/guide/show_order.html?code=422022021901852&type=42 HTTP/1.1" 302 -
180.169.147.146 - - [04/Mar/2022:10:24:04 +0800] "GET /xingrg/kc/base/wldb_order_info.html?code=422022021901852&sysBaseUrl=http%3A%2F%2F180.169.147.146%3A18081%2Fxingrg%2F&costTime=1×tamp=1646360644600 HTTP/1.1" 200 26375
180.169.147.146 - - [04/Mar/2022:10:24:04 +0800] "GET /favicon.ico HTTP/1.1" 404 -
180.169.147.146 - - [04/Mar/2022:10:24:04 +0800] "GET /xingrg/words/20220303150702_words.js HTTP/1.1" 304 -
180.169.147.146 - - [04/Mar/2022:10:24:04 +0800] "GET /xingrg/javascript/easyui/themes/default/validatebox.css HTTP/1.1" 404 1104
180.169.147.146 - - [04/Mar/2022:10:24:05 +0800] "POST /xingrg/kc/base/wldb_order_operate.html HTTP/1.1" 200 958
222.70.180.114 - - [04/Mar/2022:10:24:05 +0800] "GET /xingrg/all/function/internal_message.html?_=1646360639673&CODE_STATE=getMsg HTTP/1.1" 200 27
222.70.180.114 - - [04/Mar/2022:10:24:05 +0800] "GET /xingrg/check_reg.html?_=1646360639672 HTTP/1.1" 200 22
116.228.172.94 - - [04/Mar/2022:10:24:07 +0800] "GET /xingrg/kc/buy/cgsh_order_operate.html?command=get_materiel&rest_code=00153&code=00101008300&supplier_code=00100006&order_time=2022-03-04 HTTP/1.1" 200 432
124.78.159.88 - - [04/Mar/2022:10:24:08 +0800] "GET /xingrg/kc/buy/cgsh_order_operate.html?command=get_materiel&rest_code=00106&code=00101007048&supplier_code=00100002&order_time=2022-03-04 HTTP/1.1" 200 430
180.169.147.146 - - [04/Mar/2022:10:24:09 +0800] "POST /xingrg/kc/base/wldb_order_operate.html HTTP/1.1" 200 203
180.169.147.146 - - [04/Mar/2022:10:24:14 +0800] "GET /xingrg/all/function/internal_message.html?_=1646360653551&CODE_STATE=getMsg HTTP/1.1" 200 27
172.20.0.100 - - [04/Mar/2022:10:24:15 +0800] "GET /xingrg/all/function/internal_message.html?_=1646360653462&CODE_STATE=getMsg HTTP/1.1" 200 27
180.157.251.97 - - [04/Mar/2022:10:24:15 +0800] "GET /xingrg/all/function/internal_message.html?_=1646360654278&CODE_STATE=getMsg HTTP/1.1" 200 27
124.79.79.90 - - [04/Mar/2022:10:24:16 +0800] "GET /xingrg/all/function/internal_message.html?_=1646360653189&CODE_STATE=getMsg HTTP/1.1" 200 27
116.228.172.94 - - [04/Mar/2022:10:24:18 +0800] "GET /xingrg/all/function/internal_message.html?_=1646360633037&CODE_STATE=getMsg HTTP/1.1" 200 27
124.78.159.88 - - [04/Mar/2022:10:24:21 +0800] "POST /xingrg/kc/buy/cgsh_order_operate.html HTTP/1.1" 200 37
180.169.147.146 - - [04/Mar/2022:10:24:23 +0800] "GET /xingrg/kc/base/check_order_list.html HTTP/1.1" 200 16399
180.169.147.146 - - [04/Mar/2022:10:24:23 +0800] "POST /xingrg/kc/base/check_list_operate.html HTTP/1.1" 200 1566
180.152.99.73 - - [04/Mar/2022:10:24:24 +0800] "GET /xingrg/all/function/internal_message.html?_=1646360663807&CODE_STATE=getMsg HTTP/1.1" 200 27
124.78.159.88 - - [04/Mar/2022:10:24:24 +0800] "POST /xingrg/kc/buy/cgsh_order_operate.html HTTP/1.1" 200 12
124.78.159.88 - - [04/Mar/2022:10:24:26 +0800] "GET /xingrg/kc/buy/cgsh_order_info.html?code=212022030401206 HTTP/1.1" 200 60513
124.78.159.88 - - [04/Mar/2022:10:24:26 +0800] "GET /xingrg/javascript/easyui/themes/default/validatebox.css HTTP/1.1" 404 1104
124.78.159.88 - - [04/Mar/2022:10:24:27 +0800] "POST /xingrg/kc/buy/cgsh_order_operate.html HTTP/1.1" 200 2375
222.70.243.96 - - [04/Mar/2022:10:24:28 +0800] "GET /xingrg/check_reg.html?_=1646360684670 HTTP/1.1" 200 22
222.70.243.96 - - [04/Mar/2022:10:24:28 +0800] "GET /xingrg/all/function/internal_message.html?_=1646360685150&CODE_STATE=getMsg HTTP/1.1" 200 27
124.78.159.88 - - [04/Mar/2022:10:24:29 +0800] "GET /xingrg/all/function/internal_message.html?_=1646360666174&CODE_STATE=getMsg HTTP/1.1" 200 27
180.169.147.146 - - [04/Mar/2022:10:24:31 +0800] "POST /xingrg/kc/base/check_list_operate.html HTTP/1.1" 200 5043
120.253.135.82 - - [04/Mar/2022:10:24:33 +0800] "GET /xingrg/check_reg.html?_=1646360470317 HTTP/1.1" 200 22
124.79.244.81 - - [04/Mar/2022:10:24:35 +0800] "GET /xingrg/all/function/internal_message.html?_=1646360829167&CODE_STATE=getMsg HTTP/1.1" 200 27
116.232.51.5 - - [04/Mar/2022:10:24:36 +0800] "POST /xingrg/services/DataTransmitService HTTP/1.1" 200 524
180.169.147.146 - - [04/Mar/2022:10:24:37 +0800] "POST /xingrg/kc/base/check_list_operate.html HTTP/1.1" 200 4
180.169.147.146 - - [04/Mar/2022:10:24:38 +0800] "GET /xingrg/check_reg.html?_=1646360690855 HTTP/1.1" 200 22
180.169.147.146 - - [04/Mar/2022:10:24:38 +0800] "GET /xingrg/all/function/internal_message.html?_=1646360690857&CODE_STATE=getMsg HTTP/1.1" 200 27
180.169.147.146 - - [04/Mar/2022:10:24:39 +0800] "POST /xingrg/kc/base/check_list_operate.html HTTP/1.1" 200 5046
180.169.147.146 - - [04/Mar/2022:10:24:45 +0800] "POST /xingrg/kc/base/wldb_order_operate.html HTTP/1.1" 200 12
124.78.159.88 - - [04/Mar/2022:10:24:45 +0800] "GET /xingrg/kc/print/load_data.html?order_code=212022030401206&kc_code=cgsh&condition= HTTP/1.1" 200 1444
180.169.147.146 - - [04/Mar/2022:10:24:46 +0800] "GET /xingrg/kc/base/wldb_order_info.html?code=422022021901852 HTTP/1.1" 200 30254
180.169.147.146 - - [04/Mar/2022:10:24:46 +0800] "GET /favicon.ico HTTP/1.1" 404 -
180.169.147.146 - - [04/Mar/2022:10:24:46 +0800] "GET /xingrg/all/common/auto_word.html?type=base&rest_code=00141 HTTP/1.1" 200 1849
180.169.147.146 - - [04/Mar/2022:10:24:46 +0800] "GET /xingrg/all/common/auto_word.html?type=base&rest_code=00141 HTTP/1.1" 200 1849
180.169.147.146 - - [04/Mar/2022:10:24:46 +0800] "GET /xingrg/javascript/easyui/themes/default/validatebox.css HTTP/1.1" 404 1104
180.169.147.146 - - [04/Mar/2022:10:24:47 +0800] "POST /xingrg/kc/base/wldb_order_operate.html HTTP/1.1" 200 2677
114.88.156.203 - - [04/Mar/2022:10:24:49 +0800] "GET /xingrg/all/function/internal_message.html?_=1646360475851&CODE_STATE=getMsg HTTP/1.1" 200 27
180.152.99.39 - - [04/Mar/2022:10:24:49 +0800] "GET /xingrg/all/function/internal_message.html?_=1646360588113&CODE_STATE=getMsg HTTP/1.1" 200 27
222.70.243.96 - - [04/Mar/2022:10:24:50 +0800] "GET /xingrg/all/function/internal_message.html?_=1646360684684&CODE_STATE=getMsg HTTP/1.1" 200 27
222.70.223.103 - - [04/Mar/2022:10:24:51 +0800] "GET /xingrg/check_reg.html?_=1646360690074 HTTP/1.1" 200 22
124.78.159.88 - - [04/Mar/2022:10:24:52 +0800] "GET /xingrg/kc/print/load_data.html?order_code=212022030401206&kc_code=cgsh HTTP/1.1" 200 1444
180.169.147.146 - - [04/Mar/2022:10:24:53 +0800] "GET /xingrg/all/report/report_query.html?isQuery=1&fileName=kc/base/crk_detail_by_list.xml&queryString=&queryText=%25E3%2580%2590%25E4%25BB%2593%25E5%25BA%2593%25E5%2590%258D%25E7%25A7%25B0%253A%25E5%2590%25A7%25E5%258F%25B0%25E3%2580%2591%25E3%2580%2590%25E4%25B8%259A%25E5%258A%25A1%25E7%25B1%25BB%25E5%259E%258B%25EF%25BC%259A%25E5%2586%2585%25E9%2583%25A8%25E8%25B0%2583%25E5%2585%25A5%25E3%2580%2591%2520%253F%253F%253F%253F%253F2022-02-01%253F%253F2022-02-28&tableQueryString=crk_table%2524sp1%2524order_day%2520between%252020220201%2520and%252020220228%2520and%2520(base_code%253D'0010393')%2520and%2520(src_order_type%2520in%2520(42))%2520and%2520(is_rk%2520in%2520(1))%2520and%2520(m.sort_code%253D'00101036')%2520and%2520(a.materiel_code%253D'00101036003') HTTP/1.1" 200 51030
180.169.147.146 - - [04/Mar/2022:10:24:54 +0800] "GET /xingrg/dwr/interface/AjaxReportQueryService.js HTTP/1.1" 200 13203
180.169.147.146 - - [04/Mar/2022:10:24:54 +0800] "GET /xingrg/dwr/engine.js HTTP/1.1" 200 43631
180.169.147.146 - - [04/Mar/2022:10:24:54 +0800] "POST /xingrg/all/report/load_report_page.html HTTP/1.1" 200 89
222.69.132.164 - - [04/Mar/2022:10:24:58 +0800] "GET /xingrg/all/function/internal_message.html?_=1646360781926&CODE_STATE=getMsg HTTP/1.1" 200 27
180.169.147.146 - - [04/Mar/2022:10:24:58 +0800] "GET /xingrg/all/report/report_query.html?isQuery=1&fileName=kc/base/crk_detail_by_list.xml&queryString=&queryText=%25E3%2580%2590%25E4%25BB%2593%25E5%25BA%2593%25E5%2590%258D%25E7%25A7%25B0%253A%25E5%2590%25A7%25E5%258F%25B0%25E3%2580%2591%25E3%2580%2590%25E4%25B8%259A%25E5%258A%25A1%25E7%25B1%25BB%25E5%259E%258B%25EF%25BC%259A%25E5%2586%2585%25E9%2583%25A8%25E8%25B0%2583%25E5%2585%25A5%25E3%2580%2591%2520%253F%253F%253F%253F%253F2022-02-01%253F%253F2022-02-28&tableQueryString=crk_table%2524sp1%2524order_day%2520between%252020220201%2520and%252020220228%2520and%2520(base_code%253D'0010393')%2520and%2520(src_order_type%2520in%2520(42))%2520and%2520(is_rk%2520in%2520(1))%2520and%2520(m.sort_code%253D'00101036')%2520and%2520(a.materiel_code%253D'00101036002') HTTP/1.1" 200 51030
180.169.147.146 - - [04/Mar/2022:10:24:59 +0800] "GET /xingrg/dwr/interface/AjaxReportQueryService.js HTTP/1.1" 200 13203
180.169.147.146 - - [04/Mar/2022:10:24:59 +0800] "GET /xingrg/dwr/engine.js HTTP/1.1" 200 43631
180.169.147.146 - - [04/Mar/2022:10:24:59 +0800] "POST /xingrg/all/report/load_report_page.html HTTP/1.1" 200 89
222.70.223.103 - - [04/Mar/2022:10:25:01 +0800] "GET /xingrg/all/function/internal_message.html?_=1646360699488&CODE_STATE=getMsg HTTP/1.1" 200 27
180.169.147.146 - - [04/Mar/2022:10:25:03 +0800] "GET /xingrg/all/function/internal_message.html?_=1646360700981&CODE_STATE=getMsg HTTP/1.1" 200 27
180.169.147.146 - - [04/Mar/2022:10:25:03 +0800] "GET /xingrg/check_reg.html?_=1646360700982 HTTP/1.1" 200 22
180.157.251.97 - - [04/Mar/2022:10:25:03 +0800] "GET /xingrg/kc/buy/cgsh_order_operate.html?command=get_materiel&rest_code=00148&code=00101008069&supplier_code=00100008&order_time=2022-03-04 HTTP/1.1" 200 431
222.70.180.114 - - [04/Mar/2022:10:25:05 +0800] "GET /xingrg/all/function/internal_message.html?_=1646360699687&CODE_STATE=getMsg HTTP/1.1" 200 27
180.169.147.146 - - [04/Mar/2022:10:25:14 +0800] "GET /xingrg/check_reg.html?_=1646360713547 HTTP/1.1" 200 22
180.169.147.146 - - [04/Mar/2022:10:25:14 +0800] "GET /xingrg/all/function/internal_message.html?_=1646360713548&CODE_STATE=getMsg HTTP/1.1" 200 27
172.20.0.100 - - [04/Mar/2022:10:25:15 +0800] "GET /xingrg/all/function/internal_message.html?_=1646360713441&CODE_STATE=getMsg HTTP/1.1" 200 27
180.157.251.97 - - [04/Mar/2022:10:25:15 +0800] "GET /xingrg/all/function/internal_message.html?_=1646360714291&CODE_STATE=getMsg HTTP/1.1" 200 27
124.79.79.90 - - [04/Mar/2022:10:25:16 +0800] "GET /xingrg/all/function/internal_message.html?_=1646360713160&CODE_STATE=getMsg HTTP/1.1" 200 27
124.78.159.88 - - [04/Mar/2022:10:25:16 +0800] "GET /xingrg/kc/buy/cgsh_order_add.html HTTP/1.1" 200 65602
124.78.159.88 - - [04/Mar/2022:10:25:16 +0800] "GET /xingrg/javascript/easyui/themes/default/validatebox.css HTTP/1.1" 404 1104
124.78.159.88 - - [04/Mar/2022:10:25:16 +0800] "POST /xingrg/kc/buy/cgsh_order_operate.html HTTP/1.1" 200 8245
116.228.172.94 - - [04/Mar/2022:10:25:19 +0800] "GET /xingrg/all/function/internal_message.html?_=1646360694176&CODE_STATE=getMsg HTTP/1.1" 200 27
124.78.159.88 - - [04/Mar/2022:10:25:20 +0800] "GET /xingrg/javascript/easyui/themes/default/tree.css HTTP/1.1" 404 1090
124.78.159.88 - - [04/Mar/2022:10:25:20 +0800] "POST /xingrg/all/common/load_tree.html?tree=supplier_tree_json&isDelete=1 HTTP/1.1" 200 62257
180.152.99.73 - - [04/Mar/2022:10:25:24 +0800] "GET /xingrg/check_reg.html?_=1646360723788 HTTP/1.1" 200 22
180.152.99.73 - - [04/Mar/2022:10:25:24 +0800] "GET /xingrg/all/function/internal_message.html?_=1646360723792&CODE_STATE=getMsg HTTP/1.1" 200 27
222.70.243.96 - - [04/Mar/2022:10:25:28 +0800] "GET /xingrg/all/function/internal_message.html?_=1646360745164&CODE_STATE=getMsg HTTP/1.1" 200 27
124.78.159.88 - - [04/Mar/2022:10:25:29 +0800] "GET /xingrg/all/function/internal_message.html?_=1646360726172&CODE_STATE=getMsg HTTP/1.1" 200 27
124.78.159.88 - - [04/Mar/2022:10:25:29 +0800] "GET /xingrg/check_reg.html?_=1646360726174 HTTP/1.1" 200 22
116.228.172.94 - - [04/Mar/2022:10:25:30 +0800] "GET /xingrg/kc/buy/cgsh_order_operate.html?command=get_materiel&rest_code=00153&code=00101008141&supplier_code=00100006&order_time=2022-03-04 HTTP/1.1" 200 414
124.79.244.81 - - [04/Mar/2022:10:25:35 +0800] "GET /xingrg/all/function/internal_message.html?_=1646360889165&CODE_STATE=getMsg HTTP/1.1" 200 27
180.169.147.146 - - [04/Mar/2022:10:25:38 +0800] "GET /xingrg/all/function/internal_message.html?_=1646360750867&CODE_STATE=getMsg HTTP/1.1" 200 27
116.228.172.94 - - [04/Mar/2022:10:25:44 +0800] "GET /xingrg/kc/buy/cgsh_order_operate.html?command=get_materiel&rest_code=00153&code=00101008270&supplier_code=00100006&order_time=2022-03-04 HTTP/1.1" 200 432
101.83.241.237 - - [04/Mar/2022:10:25:48 +0800] "GET /xingrg/check_reg.html?_=1646360744508 HTTP/1.1" 200 22
124.78.159.88 - - [04/Mar/2022:10:25:48 +0800] "GET /xingrg/kc/buy/cgsh_order_operate.html?command=get_materiel&rest_code=00106&code=00101012029&supplier_code=00100032&order_time=2022-03-04 HTTP/1.1" 200 412
114.88.156.203 - - [04/Mar/2022:10:25:49 +0800] "GET /xingrg/all/function/internal_message.html?_=1646360535819&CODE_STATE=getMsg HTTP/1.1" 200 27
180.152.99.39 - - [04/Mar/2022:10:25:49 +0800] "GET /xingrg/all/function/internal_message.html?_=1646360648118&CODE_STATE=getMsg HTTP/1.1" 200 27
222.70.243.96 - - [04/Mar/2022:10:25:50 +0800] "GET /xingrg/all/function/internal_message.html?_=1646360744685&CODE_STATE=getMsg HTTP/1.1" 200 27
116.228.172.94 - - [04/Mar/2022:10:25:55 +0800] "GET /xingrg/kc/buy/cgsh_order_operate.html?command=get_materiel&rest_code=00153&code=00101008349&supplier_code=00100006&order_time=2022-03-04 HTTP/1.1" 200 432
61.151.207.141 - - [04/Mar/2022:10:25:56 +0800] "GET /xingrg/all/function/internal_message.html?_=1646358386097&CODE_STATE=getMsg HTTP/1.1" 302 -
124.78.159.88 - - [04/Mar/2022:10:25:56 +0800] "GET /xingrg/kc/buy/cgsh_order_operate.html?command=get_materiel&rest_code=00106&code=00101016025&supplier_code=00100032&order_time=2022-03-04 HTTP/1.1" 200 408
222.69.132.164 - - [04/Mar/2022:10:25:58 +0800] "GET /xingrg/check_reg.html?_=1646360841918 HTTP/1.1" 200 22
222.69.132.164 - - [04/Mar/2022:10:25:58 +0800] "GET /xingrg/all/function/internal_message.html?_=1646360841921&CODE_STATE=getMsg HTTP/1.1" 200 27
61.151.207.141 - - [04/Mar/2022:10:25:58 +0800] "GET /xingrg/login.html HTTP/1.1" 200 7641
222.70.223.103 - - [04/Mar/2022:10:26:01 +0800] "GET /xingrg/all/function/internal_message.html?_=1646360759466&CODE_STATE=getMsg HTTP/1.1" 200 27
180.169.147.146 - - [04/Mar/2022:10:26:03 +0800] "GET /xingrg/all/function/internal_message.html?_=1646360760972&CODE_STATE=getMsg HTTP/1.1" 200 27
222.70.180.114 - - [04/Mar/2022:10:26:05 +0800] "GET /xingrg/all/function/internal_message.html?_=1646360759684&CODE_STATE=getMsg HTTP/1.1" 200 27
116.228.172.94 - - [04/Mar/2022:10:26:06 +0800] "GET /xingrg/kc/buy/cgsh_order_operate.html?command=get_materiel&rest_code=00153&code=00101006111&supplier_code=00100006&order_time=2022-03-04 HTTP/1.1" 200 409
180.169.147.146 - - [04/Mar/2022:10:26:09 +0800] "GET /xingrg/kc/base/wldb_order_list.html HTTP/1.1" 200 19280
180.169.147.146 - - [04/Mar/2022:10:26:09 +0800] "POST /xingrg/kc/base/wldb_list_operate.html HTTP/1.1" 200 1781
180.169.147.146 - - [04/Mar/2022:10:26:14 +0800] "GET /xingrg/all/function/internal_message.html?_=1646360773542&CODE_STATE=getMsg HTTP/1.1" 200 27
114.88.156.203 - - [04/Mar/2022:10:26:15 +0800] "GET /xingrg/check_reg.html?_=1646360561776 HTTP/1.1" 200 22
172.20.0.100 - - [04/Mar/2022:10:26:15 +0800] "GET /xingrg/all/function/internal_message.html?_=1646360773419&CODE_STATE=getMsg HTTP/1.1" 200 27
180.157.251.97 - - [04/Mar/2022:10:26:15 +0800] "GET /xingrg/all/function/internal_message.html?_=1646360774286&CODE_STATE=getMsg HTTP/1.1" 200 27
124.79.79.90 - - [04/Mar/2022:10:26:16 +0800] "GET /xingrg/all/function/internal_message.html?_=1646360773147&CODE_STATE=getMsg HTTP/1.1" 200 27
180.157.251.97 - - [04/Mar/2022:10:26:18 +0800] "GET /xingrg/kc/buy/cgsh_order_operate.html?command=get_materiel&rest_code=00148&code=00101008131&supplier_code=00100008&order_time=2022-03-04 HTTP/1.1" 200 428
