180.169.147.146 - - [04/Mar/2022:10:32:49 +0800] "POST /xingrg/kc/buy/cgsh_order_operate.html HTTP/1.1" 200 3246
180.169.147.146 - - [04/Mar/2022:10:32:51 +0800] "GET /xingrg/kc/print/load_config.html?kc_code=cgsh HTTP/1.1" 200 1943
180.169.147.146 - - [04/Mar/2022:10:32:51 +0800] "GET /xingrg/kc/print/load_data.html?order_code=212022030401213&kc_code=cgsh&condition= HTTP/1.1" 200 901
180.152.99.39 - - [04/Mar/2022:10:32:52 +0800] "GET /xingrg/all/function/internal_message.html?_=1646361068213&CODE_STATE=getMsg HTTP/1.1" 200 27
116.228.172.94 - - [04/Mar/2022:10:32:53 +0800] "POST /xingrg/kc/buy/cgsh_order_operate.html HTTP/1.1" 200 12
180.169.147.146 - - [04/Mar/2022:10:32:54 +0800] "GET /xingrg/kc/buy/cgsh_order_add.html HTTP/1.1" 200 65564
180.169.147.146 - - [04/Mar/2022:10:32:54 +0800] "POST /xingrg/kc/buy/cgsh_order_operate.html HTTP/1.1" 200 8245
180.169.147.146 - - [04/Mar/2022:10:32:54 +0800] "GET /xingrg/javascript/easyui/themes/default/validatebox.css HTTP/1.1" 404 1104
116.228.172.94 - - [04/Mar/2022:10:32:54 +0800] "GET /xingrg/kc/buy/cgsh_order_info.html?code=212022030401211 HTTP/1.1" 200 59515
116.228.172.94 - - [04/Mar/2022:10:32:55 +0800] "GET /xingrg/javascript/easyui/themes/default/validatebox.css HTTP/1.1" 404 1104
116.228.172.94 - - [04/Mar/2022:10:32:55 +0800] "POST /xingrg/kc/buy/cgsh_order_operate.html HTTP/1.1" 200 8951
124.79.79.90 - - [04/Mar/2022:10:32:56 +0800] "POST /xingrg/kc/buy/cgsh_list_operate.html HTTP/1.1" 200 7543
116.228.172.94 - - [04/Mar/2022:10:32:57 +0800] "GET /xingrg/kc/print/load_data.html?order_code=212022030401211&kc_code=cgsh&condition= HTTP/1.1" 200 3905
222.69.132.164 - - [04/Mar/2022:10:32:58 +0800] "GET /xingrg/all/function/internal_message.html?_=1646361261939&CODE_STATE=getMsg HTTP/1.1" 200 27
222.70.223.103 - - [04/Mar/2022:10:33:00 +0800] "GET /xingrg/all/function/internal_message.html?_=1646361179334&CODE_STATE=getMsg HTTP/1.1" 200 27
116.224.122.7 - - [04/Mar/2022:10:33:01 +0800] "GET /xingrg/kc/buy/cgsh_order_operate.html?command=get_materiel&rest_code=00102&code=00101015022&supplier_code=00100054&order_time=2022-03-04 HTTP/1.1" 200 408
124.79.79.90 - - [04/Mar/2022:10:33:02 +0800] "POST /xingrg/kc/buy/cgsh_list_operate.html HTTP/1.1" 200 281
180.169.147.146 - - [04/Mar/2022:10:33:03 +0800] "GET /xingrg/all/function/internal_message.html?_=1646361180991&CODE_STATE=getMsg HTTP/1.1" 200 27
124.79.79.90 - - [04/Mar/2022:10:33:03 +0800] "GET /xingrg/kc/buy/cgsh_order_info.html?code=212022030200645 HTTP/1.1" 200 65616
124.79.79.90 - - [04/Mar/2022:10:33:03 +0800] "GET /xingrg/words/20220303150702_words.js HTTP/1.1" 304 -
124.79.79.90 - - [04/Mar/2022:10:33:03 +0800] "GET /xingrg/all/common/auto_word.html?type=employee&rest_code=00156 HTTP/1.1" 200 47
124.79.79.90 - - [04/Mar/2022:10:33:03 +0800] "GET /xingrg/all/common/auto_word.html?type=employee&rest_code=00156 HTTP/1.1" 200 47
124.79.79.90 - - [04/Mar/2022:10:33:03 +0800] "GET /xingrg/javascript/easyui/themes/default/validatebox.css HTTP/1.1" 404 1104
222.70.243.96 - - [04/Mar/2022:10:33:04 +0800] "POST /xingrg/kc/buy/cgsh_order_operate.html HTTP/1.1" 200 4411
124.79.79.90 - - [04/Mar/2022:10:33:04 +0800] "POST /xingrg/kc/buy/cgsh_order_operate.html HTTP/1.1" 200 3258
180.169.147.146 - - [04/Mar/2022:10:33:04 +0800] "GET /favicon.ico HTTP/1.1" 404 -
172.20.0.100 - - [04/Mar/2022:10:33:04 +0800] "GET /favicon.ico HTTP/1.1" 404 -
172.20.0.100 - - [04/Mar/2022:10:33:04 +0800] "GET /xingrg/login.html HTTP/1.1" 200 7636
172.20.0.100 - - [04/Mar/2022:10:33:05 +0800] "GET /xingrg/images/blue/jxLogo.png HTTP/1.1" 200 6156
172.20.0.100 - - [04/Mar/2022:10:33:05 +0800] "GET /xingrg/images/blue/login_bg.png HTTP/1.1" 200 22101
172.20.0.100 - - [04/Mar/2022:10:33:05 +0800] "GET /xingrg/images/blue/hj.png HTTP/1.1" 200 1014
172.20.0.100 - - [04/Mar/2022:10:33:05 +0800] "GET /xingrg/images/blue/srbg.png HTTP/1.1" 200 138
222.70.180.114 - - [04/Mar/2022:10:33:05 +0800] "GET /xingrg/all/function/internal_message.html?_=1646361179711&CODE_STATE=getMsg HTTP/1.1" 200 27
172.20.0.100 - - [04/Mar/2022:10:33:05 +0800] "GET /favicon.ico HTTP/1.1" 404 -
222.70.243.96 - - [04/Mar/2022:10:33:07 +0800] "GET /xingrg/kc/print/load_data.html?order_code=212022030401212&kc_code=cgsh&condition= HTTP/1.1" 200 1374
180.169.147.146 - - [04/Mar/2022:10:33:08 +0800] "GET /xingrg/kc/buy/cgsh_order_operate.html?command=get_materiel&rest_code=00147&code=00101007072&supplier_code=00100004&order_time=2022-03-04 HTTP/1.1" 200 432
124.79.79.90 - - [04/Mar/2022:10:33:13 +0800] "POST /xingrg/kc/buy/cgsh_order_operate.html HTTP/1.1" 200 37
116.224.122.7 - - [04/Mar/2022:10:33:15 +0800] "GET /xingrg/kc/buy/cgsh_order_operate.html?command=get_materiel&rest_code=00102&code=00101015021&supplier_code=00100054&order_time=2022-03-04 HTTP/1.1" 200 408
124.79.79.90 - - [04/Mar/2022:10:33:15 +0800] "POST /xingrg/kc/buy/cgsh_order_operate.html HTTP/1.1" 200 3258
172.20.0.100 - - [04/Mar/2022:10:33:15 +0800] "GET /xingrg/all/function/internal_message.html?_=1646361193251&CODE_STATE=getMsg HTTP/1.1" 200 27
180.157.251.97 - - [04/Mar/2022:10:33:15 +0800] "GET /xingrg/check_reg.html?_=1646361194326 HTTP/1.1" 200 22
124.79.79.90 - - [04/Mar/2022:10:33:16 +0800] "GET /xingrg/all/function/internal_message.html?_=1646361193001&CODE_STATE=getMsg HTTP/1.1" 200 27
116.228.172.94 - - [04/Mar/2022:10:33:18 +0800] "GET /xingrg/check_reg.html?_=1646361173083 HTTP/1.1" 200 22
116.228.172.94 - - [04/Mar/2022:10:33:19 +0800] "GET /xingrg/kc/buy/cgsh_order_add.html HTTP/1.1" 200 64608
116.228.172.94 - - [04/Mar/2022:10:33:19 +0800] "POST /xingrg/kc/buy/cgsh_order_operate.html HTTP/1.1" 200 8245
116.228.172.94 - - [04/Mar/2022:10:33:19 +0800] "GET /xingrg/javascript/easyui/themes/default/validatebox.css HTTP/1.1" 404 1104
116.228.172.94 - - [04/Mar/2022:10:33:20 +0800] "GET /xingrg/all/function/internal_message.html?_=1646361175107&CODE_STATE=getMsg HTTP/1.1" 200 27
180.152.99.73 - - [04/Mar/2022:10:33:24 +0800] "GET /xingrg/all/function/internal_message.html?_=1646361203822&CODE_STATE=getMsg HTTP/1.1" 200 27
116.224.122.7 - - [04/Mar/2022:10:33:24 +0800] "GET /xingrg/kc/buy/cgsh_order_operate.html?command=get_materiel&rest_code=00102&code=00101015017&supplier_code=00100054&order_time=2022-03-04 HTTP/1.1" 200 412
222.70.243.96 - - [04/Mar/2022:10:33:28 +0800] "GET /xingrg/all/function/internal_message.html?_=1646361225357&CODE_STATE=getMsg HTTP/1.1" 200 27
124.78.159.88 - - [04/Mar/2022:10:33:29 +0800] "GET /xingrg/all/function/internal_message.html?_=1646361206179&CODE_STATE=getMsg HTTP/1.1" 200 27
116.228.172.94 - - [04/Mar/2022:10:33:32 +0800] "GET /xingrg/kc/buy/cgsh_order_operate.html?command=get_materiel&rest_code=00153&code=00101008418&supplier_code=00100476&order_time=2022-03-03 HTTP/1.1" 200 400
116.224.122.7 - - [04/Mar/2022:10:33:33 +0800] "GET /xingrg/kc/buy/cgsh_order_operate.html?command=get_materiel&rest_code=00102&code=00101015029&supplier_code=00100054&order_time=2022-03-04 HTTP/1.1" 200 412
180.169.147.146 - - [04/Mar/2022:10:33:33 +0800] "GET /xingrg/all/function/internal_message.html?_=1646361212724&CODE_STATE=getMsg HTTP/1.1" 200 27
124.79.244.81 - - [04/Mar/2022:10:33:35 +0800] "GET /xingrg/all/function/internal_message.html?_=1646361369194&CODE_STATE=getMsg HTTP/1.1" 200 27
180.169.147.146 - - [04/Mar/2022:10:33:38 +0800] "GET /xingrg/all/function/internal_message.html?_=1646361230867&CODE_STATE=getMsg HTTP/1.1" 200 27
180.157.251.97 - - [04/Mar/2022:10:33:39 +0800] "GET /xingrg/all/function/internal_message.html?_=1646361217639&CODE_STATE=getMsg HTTP/1.1" 200 27
116.224.122.7 - - [04/Mar/2022:10:33:42 +0800] "POST /xingrg/kc/buy/cgsh_order_operate.html HTTP/1.1" 200 37
116.224.122.7 - - [04/Mar/2022:10:33:47 +0800] "POST /xingrg/kc/buy/cgsh_order_operate.html HTTP/1.1" 200 12
222.70.243.96 - - [04/Mar/2022:10:33:48 +0800] "POST /xingrg/kc/buy/cgsh_order_operate.html HTTP/1.1" 200 37
116.228.172.94 - - [04/Mar/2022:10:33:49 +0800] "GET /xingrg/kc/buy/cgsh_order_operate.html?command=get_materiel&rest_code=00153&code=00101009122&supplier_code=00100476&order_time=2022-03-03 HTTP/1.1" 200 411
116.224.122.7 - - [04/Mar/2022:10:33:49 +0800] "GET /xingrg/kc/buy/cgsh_order_info.html?code=212022030401214 HTTP/1.1" 200 60460
114.88.156.203 - - [04/Mar/2022:10:33:49 +0800] "GET /xingrg/all/function/internal_message.html?_=1646361015634&CODE_STATE=getMsg HTTP/1.1" 200 27
180.152.99.39 - - [04/Mar/2022:10:33:49 +0800] "GET /xingrg/all/function/internal_message.html?_=1646361128226&CODE_STATE=getMsg HTTP/1.1" 200 27
116.224.122.7 - - [04/Mar/2022:10:33:50 +0800] "GET /xingrg/javascript/easyui/themes/default/validatebox.css HTTP/1.1" 404 1104
222.70.243.96 - - [04/Mar/2022:10:33:50 +0800] "POST /xingrg/kc/buy/cgsh_order_operate.html HTTP/1.1" 200 4411
116.224.122.7 - - [04/Mar/2022:10:33:50 +0800] "POST /xingrg/kc/buy/cgsh_order_operate.html HTTP/1.1" 200 2366
116.224.122.7 - - [04/Mar/2022:10:33:52 +0800] "GET /xingrg/kc/print/load_data.html?order_code=212022030401214&kc_code=cgsh&condition= HTTP/1.1" 200 1338
222.70.243.96 - - [04/Mar/2022:10:33:55 +0800] "POST /xingrg/kc/buy/cgsh_order_operate.html HTTP/1.1" 200 37
180.157.251.97 - - [04/Mar/2022:10:33:58 +0800] "POST /xingrg/kc/buy/cgsh_order_operate.html HTTP/1.1" 200 37
222.70.243.96 - - [04/Mar/2022:10:33:58 +0800] "POST /xingrg/kc/buy/cgsh_order_operate.html HTTP/1.1" 200 4411
222.69.132.164 - - [04/Mar/2022:10:33:58 +0800] "GET /xingrg/all/function/internal_message.html?_=1646361321931&CODE_STATE=getMsg HTTP/1.1" 200 27
116.224.122.7 - - [04/Mar/2022:10:33:59 +0800] "GET /xingrg/javascript/jquery_easy_ui/themes/default/images/tabs_active.png HTTP/1.1" 200 2894
180.157.251.97 - - [04/Mar/2022:10:34:00 +0800] "POST /xingrg/kc/buy/cgsh_order_operate.html HTTP/1.1" 200 24496
222.70.243.96 - - [04/Mar/2022:10:34:00 +0800] "GET /xingrg/kc/buy/cgsh_order_add.html HTTP/1.1" 200 65561
222.70.223.103 - - [04/Mar/2022:10:34:00 +0800] "GET /xingrg/all/function/internal_message.html?_=1646361239312&CODE_STATE=getMsg HTTP/1.1" 200 27
222.70.243.96 - - [04/Mar/2022:10:34:00 +0800] "POST /xingrg/kc/buy/cgsh_order_operate.html HTTP/1.1" 200 8245
222.70.243.96 - - [04/Mar/2022:10:34:01 +0800] "GET /xingrg/javascript/easyui/themes/default/validatebox.css HTTP/1.1" 404 1104
116.224.122.7 - - [04/Mar/2022:10:34:01 +0800] "POST /xingrg/kc/buy/cgsh_list_operate.html HTTP/1.1" 200 876
180.157.251.97 - - [04/Mar/2022:10:34:01 +0800] "GET /xingrg/kc/print/load_config.html?kc_code=cgsh HTTP/1.1" 200 1943
180.157.251.97 - - [04/Mar/2022:10:34:01 +0800] "GET /xingrg/kc/print/load_data.html?order_code=212022030401209&kc_code=cgsh&condition= HTTP/1.1" 200 8911
180.169.147.146 - - [04/Mar/2022:10:34:03 +0800] "GET /xingrg/all/function/internal_message.html?_=1646361240987&CODE_STATE=getMsg HTTP/1.1" 200 27
124.79.79.90 - - [04/Mar/2022:10:34:04 +0800] "POST /xingrg/kc/buy/cgsh_list_operate.html HTTP/1.1" 200 7543
222.70.180.114 - - [04/Mar/2022:10:34:05 +0800] "GET /xingrg/all/function/internal_message.html?_=1646361239711&CODE_STATE=getMsg HTTP/1.1" 200 27
222.70.180.114 - - [04/Mar/2022:10:34:05 +0800] "GET /xingrg/check_reg.html?_=1646361239710 HTTP/1.1" 200 22
58.39.168.32 - - [04/Mar/2022:10:34:06 +0800] "POST /xingrg/login.do HTTP/1.1" 302 -
58.39.168.32 - - [04/Mar/2022:10:34:06 +0800] "GET /xingrg/index.html?sysBaseUrl=http%3A%2F%2F180.169.147.146%3A18081%2Fxingrg%2F&costTime=42×tamp=1646361246584 HTTP/1.1" 200 17173
58.39.168.32 - - [04/Mar/2022:10:34:06 +0800] "GET /xingrg/javascript/jquery_easy_ui/themes/default/easyui.css HTTP/1.1" 304 -
58.39.168.32 - - [04/Mar/2022:10:34:06 +0800] "GET /xingrg/javascript/jquery_easy_ui/themes/icon.css HTTP/1.1" 304 -
58.39.168.32 - - [04/Mar/2022:10:34:06 +0800] "GET /xingrg/css/form.css HTTP/1.1" 304 -
58.39.168.32 - - [04/Mar/2022:10:34:06 +0800] "GET /xingrg/javascript/jquery-1.4.2.min.js HTTP/1.1" 304 -
58.39.168.32 - - [04/Mar/2022:10:34:06 +0800] "GET /xingrg/javascript/jquery_easy_ui/jquery.easyui.min.js HTTP/1.1" 304 -
58.39.168.32 - - [04/Mar/2022:10:34:06 +0800] "GET /xingrg/javascript/jquery_easy_ui/easyui-lang-zh_CN.js HTTP/1.1" 304 -
58.39.168.32 - - [04/Mar/2022:10:34:06 +0800] "GET /xingrg/javascript/jquery.form.js HTTP/1.1" 304 -
58.39.168.32 - - [04/Mar/2022:10:34:06 +0800] "GET /xingrg/javascript/jquery.utils.js HTTP/1.1" 304 -
58.39.168.32 - - [04/Mar/2022:10:34:06 +0800] "GET /xingrg/javascript/jquery.timers.js HTTP/1.1" 304 -
58.39.168.32 - - [04/Mar/2022:10:34:07 +0800] "GET /favicon.ico HTTP/1.1" 404 -
58.39.168.32 - - [04/Mar/2022:10:34:07 +0800] "GET /xingrg/javascript/jquery_easy_ui/themes/icons/settle_new.png HTTP/1.1" 304 -
58.39.168.32 - - [04/Mar/2022:10:34:07 +0800] "GET /xingrg/images/blue/navBackgound.jpg HTTP/1.1" 304 -
58.39.168.32 - - [04/Mar/2022:10:34:07 +0800] "POST /xingrg/all/common/load_tree.html?tree=area_rest_tree_json&manage=1 HTTP/1.1" 200 342
58.39.168.32 - - [04/Mar/2022:10:34:07 +0800] "GET /xingrg/all/function/internal_message.html?_=1646361184605&CODE_STATE=count HTTP/1.1" 200 11
58.39.168.32 - - [04/Mar/2022:10:34:07 +0800] "GET /xingrg/check_reg.html?_=1646361184606 HTTP/1.1" 200 22
58.39.168.32 - - [04/Mar/2022:10:34:07 +0800] "GET /xingrg/javascript/jquery_easy_ui/themes/default/images/tabs_leftarrow.png HTTP/1.1" 304 -
58.39.168.32 - - [04/Mar/2022:10:34:07 +0800] "GET /xingrg/images/blue/pingpu.png HTTP/1.1" 304 -
58.39.168.32 - - [04/Mar/2022:10:34:07 +0800] "GET /xingrg/javascript/jquery_easy_ui/themes/default/images/panel_tool_collapse.gif HTTP/1.1" 304 -
58.39.168.32 - - [04/Mar/2022:10:34:07 +0800] "GET /xingrg/javascript/jquery_easy_ui/themes/default/images/tabs_rightarrow.png HTTP/1.1" 304 -
58.39.168.32 - - [04/Mar/2022:10:34:07 +0800] "POST /xingrg/load_menu.html HTTP/1.1" 200 5138
58.39.168.32 - - [04/Mar/2022:10:34:07 +0800] "GET /xingrg/javascript/jquery_easy_ui/themes/default/images/tree_arrows.gif HTTP/1.1" 304 -
58.39.168.32 - - [04/Mar/2022:10:34:07 +0800] "GET /xingrg/javascript/jquery_easy_ui/themes/default/images/tree_folder_open.gif HTTP/1.1" 304 -
58.39.168.32 - - [04/Mar/2022:10:34:07 +0800] "GET /xingrg/javascript/jquery_easy_ui/themes/icons/search_new.png HTTP/1.1" 304 -
58.39.168.32 - - [04/Mar/2022:10:34:07 +0800] "GET /xingrg/javascript/jquery_easy_ui/themes/default/images/tree_folder.gif HTTP/1.1" 304 -
58.39.168.32 - - [04/Mar/2022:10:34:07 +0800] "GET /xingrg/javascript/jquery_easy_ui/themes/icons/storage_new.png HTTP/1.1" 304 -
58.39.168.32 - - [04/Mar/2022:10:34:07 +0800] "GET /xingrg/javascript/jquery_easy_ui/themes/icons/forms_new.png HTTP/1.1" 304 -
58.39.168.32 - - [04/Mar/2022:10:34:07 +0800] "GET /xingrg/javascript/jquery_easy_ui/themes/default/images/tree_file.gif HTTP/1.1" 304 -
124.79.79.90 - - [04/Mar/2022:10:34:08 +0800] "POST /xingrg/kc/buy/cgsh_list_operate.html HTTP/1.1" 200 560
124.79.79.90 - - [04/Mar/2022:10:34:09 +0800] "GET /xingrg/kc/buy/cgsh_order_info.html?code=212022030200646 HTTP/1.1" 200 65616
124.79.79.90 - - [04/Mar/2022:10:34:09 +0800] "GET /xingrg/javascript/easyui/themes/default/validatebox.css HTTP/1.1" 404 1104
124.79.79.90 - - [04/Mar/2022:10:34:10 +0800] "POST /xingrg/kc/buy/cgsh_order_operate.html HTTP/1.1" 200 9796
116.228.172.94 - - [04/Mar/2022:10:34:13 +0800] "GET /xingrg/kc/buy/cgsh_order_operate.html?command=get_materiel&rest_code=00153&code=00101020036&supplier_code=00100476&order_time=2022-03-03 HTTP/1.1" 200 429
172.20.0.100 - - [04/Mar/2022:10:34:15 +0800] "GET /xingrg/all/function/internal_message.html?_=1646361253226&CODE_STATE=getMsg HTTP/1.1" 200 27
124.79.79.90 - - [04/Mar/2022:10:34:16 +0800] "GET /xingrg/all/function/internal_message.html?_=1646361252972&CODE_STATE=getMsg HTTP/1.1" 200 27
116.232.36.104 - - [04/Mar/2022:10:34:19 +0800] "POST /xingrg/services/DataTransmitService HTTP/1.1" 200 524
116.228.172.94 - - [04/Mar/2022:10:34:20 +0800] "GET /xingrg/all/function/internal_message.html?_=1646361235078&CODE_STATE=getMsg HTTP/1.1" 200 27
222.70.243.96 - - [04/Mar/2022:10:34:22 +0800] "GET /xingrg/kc/buy/cgsh_order_operate.html?command=get_materiel&rest_code=00146&code=00101004061&supplier_code=00100199&order_time=2022-03-04 HTTP/1.1" 200 409
180.152.99.73 - - [04/Mar/2022:10:34:24 +0800] "GET /xingrg/all/function/internal_message.html?_=1646361263831&CODE_STATE=getMsg HTTP/1.1" 200 27
116.232.36.104 - - [04/Mar/2022:10:34:26 +0800] "GET /favicon.ico HTTP/1.1" 404 -
222.70.243.96 - - [04/Mar/2022:10:34:28 +0800] "GET /xingrg/check_reg.html?_=1646361284717 HTTP/1.1" 200 22
222.70.243.96 - - [04/Mar/2022:10:34:28 +0800] "GET /xingrg/all/function/internal_message.html?_=1646361285365&CODE_STATE=getMsg HTTP/1.1" 200 27
124.78.159.88 - - [04/Mar/2022:10:34:29 +0800] "GET /xingrg/all/function/internal_message.html?_=1646361266180&CODE_STATE=getMsg HTTP/1.1" 200 27
116.228.172.94 - - [04/Mar/2022:10:34:30 +0800] "POST /xingrg/kc/buy/cgsh_order_operate.html HTTP/1.1" 200 37
180.169.147.146 - - [04/Mar/2022:10:34:33 +0800] "GET /xingrg/all/function/internal_message.html?_=1646361272696&CODE_STATE=getMsg HTTP/1.1" 200 27
116.228.172.94 - - [04/Mar/2022:10:34:34 +0800] "POST /xingrg/kc/buy/cgsh_order_operate.html HTTP/1.1" 200 12
124.79.244.81 - - [04/Mar/2022:10:34:35 +0800] "GET /xingrg/all/function/internal_message.html?_=1646361429192&CODE_STATE=getMsg HTTP/1.1" 200 27
116.228.172.94 - - [04/Mar/2022:10:34:37 +0800] "GET /xingrg/kc/buy/cgsh_order_info.html?code=212022030401215 HTTP/1.1" 200 59515
116.228.172.94 - - [04/Mar/2022:10:34:37 +0800] "GET /xingrg/javascript/easyui/themes/default/validatebox.css HTTP/1.1" 404 1104
116.228.172.94 - - [04/Mar/2022:10:34:38 +0800] "POST /xingrg/kc/buy/cgsh_order_operate.html HTTP/1.1" 200 1803
180.169.147.146 - - [04/Mar/2022:10:34:38 +0800] "GET /xingrg/check_reg.html?_=1646361290860 HTTP/1.1" 200 22
180.169.147.146 - - [04/Mar/2022:10:34:38 +0800] "GET /xingrg/all/function/internal_message.html?_=1646361290862&CODE_STATE=getMsg HTTP/1.1" 200 27
180.157.251.97 - - [04/Mar/2022:10:34:39 +0800] "GET /xingrg/all/function/internal_message.html?_=1646361277623&CODE_STATE=getMsg HTTP/1.1" 200 27
116.228.172.94 - - [04/Mar/2022:10:34:43 +0800] "GET /xingrg/kc/print/load_data.html?order_code=212022030401215&kc_code=cgsh&condition= HTTP/1.1" 200 1144
222.70.243.96 - - [04/Mar/2022:10:34:48 +0800] "GET /xingrg/kc/buy/cgsh_order_operate.html?command=get_materiel&rest_code=00146&code=00101004071&supplier_code=00100199&order_time=2022-03-04 HTTP/1.1" 200 409
114.88.156.203 - - [04/Mar/2022:10:34:49 +0800] "GET /xingrg/all/function/internal_message.html?_=1646361075614&CODE_STATE=getMsg HTTP/1.1" 200 27
180.152.99.39 - - [04/Mar/2022:10:34:49 +0800] "GET /xingrg/all/function/internal_message.html?_=1646361188249&CODE_STATE=getMsg HTTP/1.1" 200 27
222.70.223.103 - - [04/Mar/2022:10:34:51 +0800] "GET /xingrg/check_reg.html?_=1646361290072 HTTP/1.1" 200 22
124.79.79.90 - - [04/Mar/2022:10:34:58 +0800] "POST /xingrg/kc/buy/cgsh_order_operate.html HTTP/1.1" 200 37
222.69.132.164 - - [04/Mar/2022:10:34:58 +0800] "GET /xingrg/all/function/internal_message.html?_=1646361381930&CODE_STATE=getMsg HTTP/1.1" 200 27
124.79.79.90 - - [04/Mar/2022:10:34:59 +0800] "POST /xingrg/kc/buy/cgsh_order_operate.html HTTP/1.1" 200 9814
222.70.223.103 - - [04/Mar/2022:10:35:00 +0800] "GET /xingrg/all/function/internal_message.html?_=1646361299301&CODE_STATE=getMsg HTTP/1.1" 200 27
116.228.172.94 - - [04/Mar/2022:10:35:01 +0800] "GET /xingrg/kc/buy/cgsh_order_add.html HTTP/1.1" 200 64608
116.228.172.94 - - [04/Mar/2022:10:35:01 +0800] "POST /xingrg/kc/buy/cgsh_order_operate.html HTTP/1.1" 200 8245
116.228.172.94 - - [04/Mar/2022:10:35:02 +0800] "GET /xingrg/javascript/easyui/themes/default/validatebox.css HTTP/1.1" 404 1104
180.169.147.146 - - [04/Mar/2022:10:35:03 +0800] "GET /xingrg/check_reg.html?_=1646361300982 HTTP/1.1" 200 22
180.169.147.146 - - [04/Mar/2022:10:35:03 +0800] "GET /xingrg/all/function/internal_message.html?_=1646361300984&CODE_STATE=getMsg HTTP/1.1" 200 27
222.70.180.114 - - [04/Mar/2022:10:35:05 +0800] "GET /xingrg/all/function/internal_message.html?_=1646361299709&CODE_STATE=getMsg HTTP/1.1" 200 27
58.39.168.32 - - [04/Mar/2022:10:35:07 +0800] "GET /xingrg/all/function/internal_message.html?_=1646361244616&CODE_STATE=getMsg HTTP/1.1" 200 27
180.169.147.146 - - [04/Mar/2022:10:35:14 +0800] "GET /xingrg/check_reg.html?_=1646361313541 HTTP/1.1" 200 22
172.20.0.100 - - [04/Mar/2022:10:35:15 +0800] "GET /xingrg/all/function/internal_message.html?_=1646361313206&CODE_STATE=getMsg HTTP/1.1" 200 27
124.79.79.90 - - [04/Mar/2022:10:35:16 +0800] "GET /xingrg/all/function/internal_message.html?_=1646361312943&CODE_STATE=getMsg HTTP/1.1" 200 27
180.169.147.146 - - [04/Mar/2022:10:35:18 +0800] "GET /xingrg/kc/buy/cgsh_order_operate.html?command=get_materiel&rest_code=00147&code=00101007033&supplier_code=00100004&order_time=2022-03-04 HTTP/1.1" 200 439
116.228.172.94 - - [04/Mar/2022:10:35:18 +0800] "GET /xingrg/kc/buy/cgsh_order_operate.html?command=get_materiel&rest_code=00153&code=00101016097&supplier_code=00100049&order_time=2022-03-02 HTTP/1.1" 200 470
116.228.172.94 - - [04/Mar/2022:10:35:20 +0800] "GET /xingrg/all/function/internal_message.html?_=1646361295064&CODE_STATE=getMsg HTTP/1.1" 200 27
180.152.99.73 - - [04/Mar/2022:10:35:24 +0800] "GET /xingrg/all/function/internal_message.html?_=1646361323842&CODE_STATE=getMsg HTTP/1.1" 200 27
180.152.99.73 - - [04/Mar/2022:10:35:24 +0800] "GET /xingrg/check_reg.html?_=1646361323846 HTTP/1.1" 200 22
222.70.243.96 - - [04/Mar/2022:10:35:26 +0800] "GET /xingrg/kc/buy/cgsh_order_operate.html?command=get_materiel&rest_code=00146&code=00101002027&supplier_code=00100199&order_time=2022-03-04 HTTP/1.1" 200 435
222.70.243.96 - - [04/Mar/2022:10:35:28 +0800] "GET /xingrg/all/function/internal_message.html?_=1646361345378&CODE_STATE=getMsg HTTP/1.1" 200 27
124.78.159.88 - - [04/Mar/2022:10:35:29 +0800] "GET /xingrg/all/function/internal_message.html?_=1646361326183&CODE_STATE=getMsg HTTP/1.1" 200 27
124.78.159.88 - - [04/Mar/2022:10:35:29 +0800] "GET /xingrg/check_reg.html?_=1646361326181 HTTP/1.1" 200 22
180.169.147.146 - - [04/Mar/2022:10:35:33 +0800] "GET /xingrg/all/function/internal_message.html?_=1646361332668&CODE_STATE=getMsg HTTP/1.1" 200 27
124.79.244.81 - - [04/Mar/2022:10:35:35 +0800] "GET /xingrg/all/function/internal_message.html?_=1646361489190&CODE_STATE=getMsg HTTP/1.1" 200 27
180.169.147.146 - - [04/Mar/2022:10:35:35 +0800] "POST /xingrg/kc/buy/cgsh_order_operate.html HTTP/1.1" 200 37
180.169.147.146 - - [04/Mar/2022:10:35:36 +0800] "POST /xingrg/kc/buy/cgsh_order_operate.html HTTP/1.1" 200 3253
180.169.147.146 - - [04/Mar/2022:10:35:37 +0800] "GET /xingrg/kc/print/load_data.html?order_code=212022030401216&kc_code=cgsh&condition= HTTP/1.1" 200 965
180.169.147.146 - - [04/Mar/2022:10:35:38 +0800] "GET /xingrg/all/function/internal_message.html?_=1646361350848&CODE_STATE=getMsg HTTP/1.1" 200 27
180.157.251.97 - - [04/Mar/2022:10:35:39 +0800] "GET /xingrg/all/function/internal_message.html?_=1646361337607&CODE_STATE=getMsg HTTP/1.1" 200 27
180.169.147.146 - - [04/Mar/2022:10:35:39 +0800] "GET /xingrg/kc/buy/cgsh_order_add.html HTTP/1.1" 200 65564
180.169.147.146 - - [04/Mar/2022:10:35:40 +0800] "POST /xingrg/kc/buy/cgsh_order_operate.html HTTP/1.1" 200 8245
180.169.147.146 - - [04/Mar/2022:10:35:40 +0800] "GET /xingrg/javascript/easyui/themes/default/validatebox.css HTTP/1.1" 404 1104
124.79.79.90 - - [04/Mar/2022:10:35:44 +0800] "POST /xingrg/kc/buy/cgsh_list_operate.html HTTP/1.1" 200 7543
116.228.172.94 - - [04/Mar/2022:10:35:44 +0800] "POST /xingrg/kc/buy/cgsh_order_operate.html HTTP/1.1" 200 37
101.83.241.237 - - [04/Mar/2022:10:35:47 +0800] "GET /xingrg/check_reg.html?_=1646361344498 HTTP/1.1" 200 22
116.228.172.94 - - [04/Mar/2022:10:35:48 +0800] "POST /xingrg/kc/buy/cgsh_order_operate.html HTTP/1.1" 200 12
114.88.156.203 - - [04/Mar/2022:10:35:49 +0800] "GET /xingrg/all/function/internal_message.html?_=1646361135588&CODE_STATE=getMsg HTTP/1.1" 200 27
180.152.99.39 - - [04/Mar/2022:10:35:49 +0800] "GET /xingrg/all/function/internal_message.html?_=1646361248254&CODE_STATE=getMsg HTTP/1.1" 200 27
116.228.172.94 - - [04/Mar/2022:10:35:50 +0800] "GET /xingrg/kc/buy/cgsh_order_info.html?code=212022030401217 HTTP/1.1" 200 59515
116.228.172.94 - - [04/Mar/2022:10:35:50 +0800] "GET /xingrg/javascript/easyui/themes/default/validatebox.css HTTP/1.1" 404 1104
222.70.243.96 - - [04/Mar/2022:10:35:53 +0800] "POST /xingrg/kc/buy/cgsh_order_operate.html HTTP/1.1" 200 37
116.228.172.94 - - [04/Mar/2022:10:35:53 +0800] "POST /xingrg/kc/buy/cgsh_order_operate.html HTTP/1.1" 200 640
116.228.172.94 - - [04/Mar/2022:10:35:54 +0800] "GET /xingrg/kc/print/load_data.html?order_code=212022030401217&kc_code=cgsh&condition= HTTP/1.1" 200 767
222.70.243.96 - - [04/Mar/2022:10:35:55 +0800] "POST /xingrg/kc/buy/cgsh_order_operate.html HTTP/1.1" 200 3844
180.169.147.146 - - [04/Mar/2022:10:35:55 +0800] "GET /xingrg/kc/report/report_main.html HTTP/1.1" 200 7340
180.169.147.146 - - [04/Mar/2022:10:35:56 +0800] "GET /xingrg/all/report/report_query.html?fileName=kc/buy/gys_amount.xml&rh=99999 HTTP/1.1" 200 52006
180.169.147.146 - - [04/Mar/2022:10:35:56 +0800] "GET /xingrg/dwr/util.js HTTP/1.1" 304 -
180.169.147.146 - - [04/Mar/2022:10:35:56 +0800] "GET /xingrg/dwr/interface/AjaxReportQueryService.js HTTP/1.1" 200 13203
180.169.147.146 - - [04/Mar/2022:10:35:56 +0800] "GET /xingrg/dwr/engine.js HTTP/1.1" 200 43631
180.169.147.146 - - [04/Mar/2022:10:35:57 +0800] "POST /xingrg/dwr/call/plaincall/AjaxReportQueryService.getFixDate.dwr HTTP/1.1" 200 111
180.169.147.146 - - [04/Mar/2022:10:35:57 +0800] "POST /xingrg/all/common/load_tree.html?tree=supplier_tree_json&manage=1 HTTP/1.1" 200 63464
180.169.147.146 - - [04/Mar/2022:10:35:58 +0800] "POST /xingrg/all/common/load_tree.html?tree=materiel_sort_tree_json HTTP/1.1" 200 9388
222.69.132.164 - - [04/Mar/2022:10:35:58 +0800] "GET /xingrg/check_reg.html?_=1646361441932 HTTP/1.1" 200 22
222.69.132.164 - - [04/Mar/2022:10:35:58 +0800] "GET /xingrg/all/function/internal_message.html?_=1646361441934&CODE_STATE=getMsg HTTP/1.1" 200 27
180.169.147.146 - - [04/Mar/2022:10:35:58 +0800] "POST /xingrg/dwr/call/plaincall/AjaxReportQueryService.getInitString.dwr HTTP/1.1" 200 1083
222.70.243.96 - - [04/Mar/2022:10:35:58 +0800] "GET /xingrg/kc/print/load_data.html?order_code=212022030401218&kc_code=cgsh&condition= HTTP/1.1" 200 1127
222.70.223.103 - - [04/Mar/2022:10:36:00 +0800] "GET /xingrg/all/function/internal_message.html?_=1646361359275&CODE_STATE=getMsg HTTP/1.1" 200 27
180.169.147.146 - - [04/Mar/2022:10:36:03 +0800] "GET /xingrg/all/function/internal_message.html?_=1646361360969&CODE_STATE=getMsg HTTP/1.1" 200 27
222.70.180.114 - - [04/Mar/2022:10:36:05 +0800] "GET /xingrg/all/function/internal_message.html?_=1646361359708&CODE_STATE=getMsg HTTP/1.1" 200 27
58.39.168.32 - - [04/Mar/2022:10:36:07 +0800] "GET /xingrg/all/function/internal_message.html?_=1646361304617&CODE_STATE=getMsg HTTP/1.1" 200 27
180.169.147.146 - - [04/Mar/2022:10:36:10 +0800] "POST /xingrg/dwr/call/plaincall/AjaxReportQueryService.refreshCache.dwr HTTP/1.1" 200 78
180.169.147.146 - - [04/Mar/2022:10:36:11 +0800] "POST /xingrg/all/report/load_report_page.html HTTP/1.1" 200 8992
180.169.147.146 - - [04/Mar/2022:10:36:11 +0800] "GET /xingrg/servlets/image?cache=0.4417580628277472&image=px HTTP/1.1" 200 807
116.228.172.94 - - [04/Mar/2022:10:36:13 +0800] "GET /xingrg/kc/buy/cgsh_order_add.html HTTP/1.1" 200 64608
116.228.172.94 - - [04/Mar/2022:10:36:13 +0800] "POST /xingrg/kc/buy/cgsh_order_operate.html HTTP/1.1" 200 8245
116.228.172.94 - - [04/Mar/2022:10:36:13 +0800] "GET /xingrg/javascript/easyui/themes/default/validatebox.css HTTP/1.1" 404 1104
114.88.156.203 - - [04/Mar/2022:10:36:15 +0800] "GET /xingrg/check_reg.html?_=1646361161756 HTTP/1.1" 200 22
172.20.0.100 - - [04/Mar/2022:10:36:15 +0800] "GET /xingrg/all/function/internal_message.html?_=1646361373181&CODE_STATE=getMsg HTTP/1.1" 200 27
124.79.79.90 - - [04/Mar/2022:10:36:16 +0800] "GET /xingrg/all/function/internal_message.html?_=1646361372936&CODE_STATE=getMsg HTTP/1.1" 200 27
116.228.172.94 - - [04/Mar/2022:10:36:20 +0800] "GET /xingrg/all/function/internal_message.html?_=1646361355041&CODE_STATE=getMsg HTTP/1.1" 200 27
180.169.147.146 - - [04/Mar/2022:10:36:23 +0800] "GET /xingrg/check_reg.html?_=1646361387250 HTTP/1.1" 200 22
180.152.99.73 - - [04/Mar/2022:10:36:24 +0800] "GET /xingrg/all/function/internal_message.html?_=1646361383831&CODE_STATE=getMsg HTTP/1.1" 200 27
116.228.172.94 - - [04/Mar/2022:10:36:25 +0800] "GET /xingrg/kc/buy/cgsh_order_operate.html?command=get_materiel&rest_code=00153&code=00101016082&supplier_code=00100049&order_time=2022-03-03 HTTP/1.1" 200 427
222.70.243.96 - - [04/Mar/2022:10:36:25 +0800] "POST /xingrg/kc/buy/cgsh_order_operate.html HTTP/1.1" 200 37
222.70.243.96 - - [04/Mar/2022:10:36:27 +0800] "POST /xingrg/kc/buy/cgsh_order_operate.html HTTP/1.1" 200 3844
222.70.243.96 - - [04/Mar/2022:10:36:27 +0800] "GET /favicon.ico HTTP/1.1" 404 -
222.70.243.96 - - [04/Mar/2022:10:36:28 +0800] "GET /xingrg/all/function/internal_message.html?_=1646361405391&CODE_STATE=getMsg HTTP/1.1" 200 27
124.78.159.88 - - [04/Mar/2022:10:36:29 +0800] "GET /xingrg/all/function/internal_message.html?_=1646361386172&CODE_STATE=getMsg HTTP/1.1" 200 27
222.70.243.96 - - [04/Mar/2022:10:36:30 +0800] "GET /xingrg/login.html HTTP/1.1" 200 7641
116.224.122.7 - - [04/Mar/2022:10:36:30 +0800] "GET /xingrg/check_reg.html?_=1646361429776 HTTP/1.1" 200 22
222.70.243.96 - - [04/Mar/2022:10:36:31 +0800] "GET /favicon.ico HTTP/1.1" 404 -
101.83.241.237 - - [04/Mar/2022:10:36:32 +0800] "GET /xingrg/kc/buy/cgsh_order_add.html HTTP/1.1" 200 65655
101.83.241.237 - - [04/Mar/2022:10:36:32 +0800] "GET /xingrg/words/20220303150702_words.js HTTP/1.1" 304 -
101.83.241.237 - - [04/Mar/2022:10:36:32 +0800] "POST /xingrg/kc/buy/cgsh_order_operate.html HTTP/1.1" 200 8245
101.83.241.237 - - [04/Mar/2022:10:36:33 +0800] "GET /xingrg/javascript/easyui/themes/default/validatebox.css HTTP/1.1" 404 1104
180.169.147.146 - - [04/Mar/2022:10:36:33 +0800] "GET /xingrg/all/function/internal_message.html?_=1646361392638&CODE_STATE=getMsg HTTP/1.1" 200 27
222.70.243.96 - - [04/Mar/2022:10:36:33 +0800] "GET /xingrg/kc/buy/cgsh_order_add.html HTTP/1.1" 200 65561
222.70.243.96 - - [04/Mar/2022:10:36:33 +0800] "POST /xingrg/kc/buy/cgsh_order_operate.html HTTP/1.1" 200 8245
222.70.243.96 - - [04/Mar/2022:10:36:33 +0800] "GET /xingrg/javascript/easyui/themes/default/validatebox.css HTTP/1.1" 404 1104
58.221.95.50 - - [04/Mar/2022:10:36:34 +0800] "GET /xingrg/check_reg.html?_=1646361393060 HTTP/1.1" 302 -
124.79.79.90 - - [04/Mar/2022:10:36:34 +0800] "GET /xingrg/check_reg.html?_=1646361391647 HTTP/1.1" 200 22
124.79.244.81 - - [04/Mar/2022:10:36:35 +0800] "GET /xingrg/all/function/internal_message.html?_=1646361549188&CODE_STATE=getMsg HTTP/1.1" 200 27
180.169.147.146 - - [04/Mar/2022:10:36:38 +0800] "GET /xingrg/all/function/internal_message.html?_=1646361410857&CODE_STATE=getMsg HTTP/1.1" 200 27
180.157.251.97 - - [04/Mar/2022:10:36:39 +0800] "GET /xingrg/all/function/internal_message.html?_=1646361397578&CODE_STATE=getMsg HTTP/1.1" 200 27
222.70.243.96 - - [04/Mar/2022:10:36:39 +0800] "POST /xingrg/login.do HTTP/1.1" 302 -
222.70.243.96 - - [04/Mar/2022:10:36:39 +0800] "GET /xingrg/index.html?sysBaseUrl=http%3A%2F%2F180.169.147.146%3A18081%2Fxingrg%2F&costTime=57×tamp=1646361399451 HTTP/1.1" 200 17419
222.70.243.96 - - [04/Mar/2022:10:36:39 +0800] "GET /favicon.ico HTTP/1.1" 404 -
222.70.243.96 - - [04/Mar/2022:10:36:39 +0800] "POST /xingrg/all/common/load_tree.html?tree=area_rest_tree_json&manage=1 HTTP/1.1" 200 3472
222.70.243.96 - - [04/Mar/2022:10:36:39 +0800] "GET /xingrg/all/function/internal_message.html?_=1646361393849&CODE_STATE=count HTTP/1.1" 200 11
222.70.243.96 - - [04/Mar/2022:10:36:39 +0800] "GET /xingrg/check_reg.html?_=1646361393850 HTTP/1.1" 200 22
222.70.243.96 - - [04/Mar/2022:10:36:39 +0800] "POST /xingrg/load_menu.html HTTP/1.1" 200 9959
116.228.172.94 - - [04/Mar/2022:10:36:42 +0800] "GET /xingrg/kc/buy/cgsh_order_operate.html?command=get_materiel&rest_code=00153&code=00101011010&supplier_code=00100049&order_time=2022-03-03 HTTP/1.1" 200 438
101.83.241.237 - - [04/Mar/2022:10:36:48 +0800] "GET /xingrg/kc/buy/cgsh_order_operate.html?command=get_materiel&rest_code=00149&code=00101001044&supplier_code=00100039&order_time=2022-03-04 HTTP/1.1" 200 413
114.88.156.203 - - [04/Mar/2022:10:36:49 +0800] "GET /xingrg/all/function/internal_message.html?_=1646361195557&CODE_STATE=getMsg HTTP/1.1" 200 27
180.152.99.39 - - [04/Mar/2022:10:36:49 +0800] "GET /xingrg/check_reg.html?_=1646361307890 HTTP/1.1" 200 22
180.152.99.39 - - [04/Mar/2022:10:36:49 +0800] "GET /xingrg/all/function/internal_message.html?_=1646361308267&CODE_STATE=getMsg HTTP/1.1" 200 27
116.228.172.94 - - [04/Mar/2022:10:36:56 +0800] "POST /xingrg/kc/buy/cgsh_order_operate.html HTTP/1.1" 200 37
222.70.243.96 - - [04/Mar/2022:10:36:57 +0800] "GET /xingrg/kc/buy/cgsh_order_operate.html?command=get_materiel&rest_code=00146&code=00101010161&supplier_code=00100041&order_time=2022-03-04 HTTP/1.1" 200 430
222.69.132.164 - - [04/Mar/2022:10:36:58 +0800] "GET /xingrg/all/function/internal_message.html?_=1646361501921&CODE_STATE=getMsg HTTP/1.1" 200 27
101.83.241.237 - - [04/Mar/2022:10:37:00 +0800] "GET /xingrg/kc/buy/cgsh_order_operate.html?command=get_materiel&rest_code=00149&code=00101003035&supplier_code=00100039&order_time=2022-03-04 HTTP/1.1" 200 411
222.70.223.103 - - [04/Mar/2022:10:37:00 +0800] "GET /xingrg/all/function/internal_message.html?_=1646361419275&CODE_STATE=getMsg HTTP/1.1" 200 27
116.228.172.94 - - [04/Mar/2022:10:37:01 +0800] "POST /xingrg/kc/buy/cgsh_order_operate.html HTTP/1.1" 200 12
116.228.172.94 - - [04/Mar/2022:10:37:03 +0800] "GET /xingrg/kc/buy/cgsh_order_info.html?code=212022030401219 HTTP/1.1" 200 59515
116.228.172.94 - - [04/Mar/2022:10:37:03 +0800] "GET /xingrg/javascript/easyui/themes/default/validatebox.css HTTP/1.1" 404 1104
180.169.147.146 - - [04/Mar/2022:10:37:03 +0800] "GET /xingrg/all/function/internal_message.html?_=1646361420983&CODE_STATE=getMsg HTTP/1.1" 200 27
116.228.172.94 - - [04/Mar/2022:10:37:04 +0800] "POST /xingrg/kc/buy/cgsh_order_operate.html HTTP/1.1" 200 1204
222.70.180.114 - - [04/Mar/2022:10:37:05 +0800] "GET /xingrg/all/function/internal_message.html?_=1646361419709&CODE_STATE=getMsg HTTP/1.1" 200 27
116.228.172.94 - - [04/Mar/2022:10:37:05 +0800] "GET /xingrg/kc/print/load_data.html?order_code=212022030401219&kc_code=cgsh&condition= HTTP/1.1" 200 961
58.39.168.32 - - [04/Mar/2022:10:37:07 +0800] "GET /xingrg/all/function/internal_message.html?_=1646361364617&CODE_STATE=getMsg HTTP/1.1" 200 27
180.169.147.146 - - [04/Mar/2022:10:37:11 +0800] "GET /xingrg/check_reg.html?_=1646361435512 HTTP/1.1" 200 22
172.20.0.100 - - [04/Mar/2022:10:37:15 +0800] "GET /xingrg/all/function/internal_message.html?_=1646361433157&CODE_STATE=getMsg HTTP/1.1" 200 27
124.79.79.90 - - [04/Mar/2022:10:37:16 +0800] "GET /xingrg/all/function/internal_message.html?_=1646361432897&CODE_STATE=getMsg HTTP/1.1" 200 27
101.83.241.237 - - [04/Mar/2022:10:37:19 +0800] "GET /xingrg/kc/buy/cgsh_order_operate.html?command=get_materiel&rest_code=00149&code=00101001075&supplier_code=00100039&order_time=2022-03-04 HTTP/1.1" 200 432
116.228.172.94 - - [04/Mar/2022:10:37:20 +0800] "GET /xingrg/all/function/internal_message.html?_=1646361415027&CODE_STATE=getMsg HTTP/1.1" 200 27
180.152.99.73 - - [04/Mar/2022:10:37:24 +0800] "GET /xingrg/all/function/internal_message.html?_=1646361443832&CODE_STATE=getMsg HTTP/1.1" 200 27
222.70.243.96 - - [04/Mar/2022:10:37:28 +0800] "GET /xingrg/all/function/internal_message.html?_=1646361465405&CODE_STATE=getMsg HTTP/1.1" 200 27
124.78.159.88 - - [04/Mar/2022:10:37:29 +0800] "GET /xingrg/all/function/internal_message.html?_=1646361446172&CODE_STATE=getMsg HTTP/1.1" 200 27
101.83.241.237 - - [04/Mar/2022:10:37:30 +0800] "GET /xingrg/kc/buy/cgsh_order_operate.html?command=get_materiel&rest_code=00149&code=00101005037&supplier_code=00100039&order_time=2022-03-04 HTTP/1.1" 200 430
180.169.147.146 - - [04/Mar/2022:10:37:33 +0800] "GET /xingrg/all/function/internal_message.html?_=1646361452607&CODE_STATE=getMsg HTTP/1.1" 200 27
172.20.0.100 - - [04/Mar/2022:10:37:34 +0800] "GET /xingrg/check_reg.html?_=1646361452273 HTTP/1.1" 200 22
58.39.168.32 - - [04/Mar/2022:10:37:35 +0800] "GET /xingrg/javascript/jquery_easy_ui/themes/default/images/button_plain_hover.png HTTP/1.1" 304 -
124.79.244.81 - - [04/Mar/2022:10:37:35 +0800] "GET /xingrg/all/function/internal_message.html?_=1646361609202&CODE_STATE=getMsg HTTP/1.1" 200 27
124.79.244.81 - - [04/Mar/2022:10:37:35 +0800] "GET /xingrg/check_reg.html?_=1646361609203 HTTP/1.1" 200 22
222.70.243.96 - - [04/Mar/2022:10:37:37 +0800] "GET /xingrg/kc/buy/cgsh_order_operate.html?command=get_materiel&rest_code=00146&code=00101001032&supplier_code=00100041&order_time=2022-03-04 HTTP/1.1" 200 434
180.169.147.146 - - [04/Mar/2022:10:37:38 +0800] "GET /xingrg/all/function/internal_message.html?_=1646361470870&CODE_STATE=getMsg HTTP/1.1" 200 27
58.39.168.32 - - [04/Mar/2022:10:37:38 +0800] "GET /xingrg/kc/buy/buy_main.html HTTP/1.1" 200 12412
58.39.168.32 - - [04/Mar/2022:10:37:39 +0800] "GET /xingrg/javascript/jquery_easy_ui/themes/default/images/tabs_close.gif HTTP/1.1" 304 -
58.39.168.32 - - [04/Mar/2022:10:37:39 +0800] "GET /xingrg/css/blue.css HTTP/1.1" 304 -
58.39.168.32 - - [04/Mar/2022:10:37:39 +0800] "GET /xingrg/css/new_ie.css HTTP/1.1" 404 1036
58.39.168.32 - - [04/Mar/2022:10:37:39 +0800] "GET /xingrg/javascript/jquery_ui/themes/humanity/humanity.css HTTP/1.1" 304 -
58.39.168.32 - - [04/Mar/2022:10:37:39 +0800] "GET /xingrg/javascript/pic_change.js HTTP/1.1" 304 -
180.157.251.97 - - [04/Mar/2022:10:37:39 +0800] "GET /xingrg/all/function/internal_message.html?_=1646361457561&CODE_STATE=getMsg HTTP/1.1" 200 27
58.39.168.32 - - [04/Mar/2022:10:37:39 +0800] "GET /xingrg/javascript/ToolTips.js HTTP/1.1" 304 -
58.39.168.32 - - [04/Mar/2022:10:37:39 +0800] "GET /xingrg/javascript/myfunction.js HTTP/1.1" 304 -
58.39.168.32 - - [04/Mar/2022:10:37:39 +0800] "GET /xingrg/javascript/jquery_ui/jquery-ui.min.js HTTP/1.1" 304 -
58.39.168.32 - - [04/Mar/2022:10:37:39 +0800] "GET /xingrg/images/blue/button/cgxqd.gif HTTP/1.1" 304 -
58.39.168.32 - - [04/Mar/2022:10:37:39 +0800] "GET /xingrg/images/blue/button/cgydd.gif HTTP/1.1" 304 -
58.39.168.32 - - [04/Mar/2022:10:37:39 +0800] "GET /xingrg/images/blue/button/cgshd.gif HTTP/1.1" 304 -
58.39.168.32 - - [04/Mar/2022:10:37:39 +0800] "GET /xingrg/images/blue/button/cgfkd.gif HTTP/1.1" 304 -
58.39.168.32 - - [04/Mar/2022:10:37:39 +0800] "GET /xingrg/images/blue/button/kc.gif HTTP/1.1" 304 -
58.39.168.32 - - [04/Mar/2022:10:37:39 +0800] "GET /xingrg/images/blue/button/ckthd.gif HTTP/1.1" 304 -
58.39.168.32 - - [04/Mar/2022:10:37:39 +0800] "GET /xingrg/images/blue/pic_form2.gif HTTP/1.1" 304 -
58.39.168.32 - - [04/Mar/2022:10:37:39 +0800] "GET /xingrg/javascript/jquery_ui/themes/humanity/images/ui-bg_inset-soft_100_f4f0ec_1x100.png HTTP/1.1" 304 -
58.39.168.32 - - [04/Mar/2022:10:37:39 +0800] "GET /xingrg/images/blue/bg_dotted.jpg HTTP/1.1" 304 -
58.39.168.32 - - [04/Mar/2022:10:37:39 +0800] "GET /xingrg/images/blue/button/right_ah.jpg HTTP/1.1" 304 -
58.39.168.32 - - [04/Mar/2022:10:37:39 +0800] "GET /xingrg/images/blue/button/down_ah.jpg HTTP/1.1" 304 -
58.39.168.32 - - [04/Mar/2022:10:37:39 +0800] "GET /xingrg/javascript/jquery_ui/themes/humanity/images/ui-iconsnew.jpg HTTP/1.1" 304 -
58.39.168.32 - - [04/Mar/2022:10:37:39 +0800] "GET /xingrg/javascript/jquery_ui/themes/humanity/images/ui-icons_ffffff_256x240.png HTTP/1.1" 304 -
58.39.168.32 - - [04/Mar/2022:10:37:39 +0800] "GET /xingrg/javascript/jquery_ui/themes/humanity/images/ui-icons_c47a23_256x240.png HTTP/1.1" 304 -
58.39.168.32 - - [04/Mar/2022:10:37:39 +0800] "GET /xingrg/javascript/jquery_ui/themes/humanity/images/ui-bg_glass_70_ede4d4_1x400.png HTTP/1.1" 304 -
58.39.168.32 - - [04/Mar/2022:10:37:39 +0800] "GET /xingrg/images/yd/bt.gif HTTP/1.1" 404 1040
222.70.243.96 - - [04/Mar/2022:10:37:39 +0800] "GET /xingrg/all/function/internal_message.html?_=1646361453858&CODE_STATE=getMsg HTTP/1.1" 200 27
58.39.168.32 - - [04/Mar/2022:10:37:40 +0800] "GET /xingrg/kc/buy/cgsh_order_list.html HTTP/1.1" 200 49786
58.39.168.32 - - [04/Mar/2022:10:37:40 +0800] "GET /xingrg/css/base.css HTTP/1.1" 304 -
58.39.168.32 - - [04/Mar/2022:10:37:40 +0800] "GET /xingrg/css/site.css HTTP/1.1" 304 -
58.39.168.32 - - [04/Mar/2022:10:37:40 +0800] "GET /xingrg/javascript/jquery_tools/datebox.css HTTP/1.1" 304 -
58.39.168.32 - - [04/Mar/2022:10:37:40 +0800] "GET /xingrg/javascript/easyui/themes/default/easyui.css HTTP/1.1" 304 -
58.39.168.32 - - [04/Mar/2022:10:37:40 +0800] "GET /xingrg/javascript/easyui/themes/icon.css HTTP/1.1" 304 -
58.39.168.32 - - [04/Mar/2022:10:37:40 +0800] "GET /xingrg/javascript/auto/jquery.autocomplete.css HTTP/1.1" 304 -
58.39.168.32 - - [04/Mar/2022:10:37:40 +0800] "GET /xingrg/javascript/jquery_tools/fix.css HTTP/1.1" 304 -
58.39.168.32 - - [04/Mar/2022:10:37:40 +0800] "GET /xingrg/javascript/jquery_tools/table.css HTTP/1.1" 304 -
58.39.168.32 - - [04/Mar/2022:10:37:40 +0800] "GET /xingrg/javascript/jquery_tools/jquery.tools.min.js HTTP/1.1" 304 -
58.39.168.32 - - [04/Mar/2022:10:37:40 +0800] "GET /xingrg/javascript/jquery_tools/jquery.tools.extend.js HTTP/1.1" 304 -
58.39.168.32 - - [04/Mar/2022:10:37:40 +0800] "GET /xingrg/javascript/jquery_tools/jquery.tools.hotkey.js HTTP/1.1" 304 -
58.39.168.32 - - [04/Mar/2022:10:37:40 +0800] "GET /xingrg/javascript/jquery_tools/jquery.tools.table.js HTTP/1.1" 304 -
58.39.168.32 - - [04/Mar/2022:10:37:40 +0800] "GET /xingrg/javascript/jquery_tools/list_manager.js HTTP/1.1" 304 -
58.39.168.32 - - [04/Mar/2022:10:37:40 +0800] "GET /xingrg/javascript/auto/jquery.autocomplete.js HTTP/1.1" 304 -
58.39.168.32 - - [04/Mar/2022:10:37:41 +0800] "GET /xingrg/javascript/easyui/easyloader.js HTTP/1.1" 304 -
58.39.168.32 - - [04/Mar/2022:10:37:41 +0800] "GET /xingrg/javascript/jquery.cookie.js HTTP/1.1" 304 -
58.39.168.32 - - [04/Mar/2022:10:37:41 +0800] "GET /xingrg/javascript/print/LodopFuncs.js HTTP/1.1" 304 -
101.83.241.237 - - [04/Mar/2022:10:37:41 +0800] "GET /xingrg/kc/buy/cgsh_order_operate.html?command=get_materiel&rest_code=00149&code=00101001010&supplier_code=00100039&order_time=2022-03-04 HTTP/1.1" 200 429
58.39.168.32 - - [04/Mar/2022:10:37:42 +0800] "GET /xingrg/javascript/easyui/themes/icons/import_new.png HTTP/1.1" 304 -
58.39.168.32 - - [04/Mar/2022:10:37:42 +0800] "GET /xingrg/javascript/easyui/themes/icons/check_new.png HTTP/1.1" 304 -
58.39.168.32 - - [04/Mar/2022:10:37:42 +0800] "GET /xingrg/javascript/easyui/themes/icons/field_new.png HTTP/1.1" 304 -
58.39.168.32 - - [04/Mar/2022:10:37:42 +0800] "GET /xingrg/javascript/easyui/themes/icons/cance_new.png HTTP/1.1" 304 -
58.39.168.32 - - [04/Mar/2022:10:37:42 +0800] "GET /xingrg/javascript/easyui/themes/icons/edit_add_new.png HTTP/1.1" 304 -
58.39.168.32 - - [04/Mar/2022:10:37:42 +0800] "GET /xingrg/javascript/easyui/plugins/jquery.parser.js HTTP/1.1" 304 -
58.39.168.32 - - [04/Mar/2022:10:37:42 +0800] "GET /xingrg/images/control/ajaxLoader.gif HTTP/1.1" 304 -
58.39.168.32 - - [04/Mar/2022:10:37:43 +0800] "POST /xingrg/kc/buy/cgsh_list_operate.html HTTP/1.1" 200 876
114.88.156.203 - - [04/Mar/2022:10:37:49 +0800] "GET /xingrg/all/function/internal_message.html?_=1646361255525&CODE_STATE=getMsg HTTP/1.1" 200 27
180.152.99.39 - - [04/Mar/2022:10:37:49 +0800] "GET /xingrg/all/function/internal_message.html?_=1646361368283&CODE_STATE=getMsg HTTP/1.1" 200 27
58.39.168.32 - - [04/Mar/2022:10:37:50 +0800] "GET /xingrg/javascript/jquery_tools/images/next.gif HTTP/1.1" 404 1086
58.39.168.32 - - [04/Mar/2022:10:37:50 +0800] "GET /xingrg/javascript/jquery_tools/images/prev.gif HTTP/1.1" 404 1086
222.69.132.164 - - [04/Mar/2022:10:37:58 +0800] "GET /xingrg/all/function/internal_message.html?_=1646361561929&CODE_STATE=getMsg HTTP/1.1" 200 27
101.83.241.237 - - [04/Mar/2022:10:37:58 +0800] "POST /xingrg/kc/buy/cgsh_order_operate.html HTTP/1.1" 200 37
222.70.223.103 - - [04/Mar/2022:10:38:00 +0800] "GET /xingrg/all/function/internal_message.html?_=1646361479258&CODE_STATE=getMsg HTTP/1.1" 200 27
180.169.147.146 - - [04/Mar/2022:10:38:03 +0800] "GET /xingrg/all/function/internal_message.html?_=1646361480978&CODE_STATE=getMsg HTTP/1.1" 200 27
222.70.180.114 - - [04/Mar/2022:10:38:05 +0800] "GET /xingrg/all/function/internal_message.html?_=1646361479711&CODE_STATE=getMsg HTTP/1.1" 200 27
101.83.241.237 - - [04/Mar/2022:10:38:06 +0800] "POST /xingrg/kc/buy/cgsh_order_operate.html HTTP/1.1" 200 12
58.39.168.32 - - [04/Mar/2022:10:38:07 +0800] "GET /xingrg/all/function/internal_message.html?_=1646361424638&CODE_STATE=getMsg HTTP/1.1" 200 27
101.83.241.237 - - [04/Mar/2022:10:38:07 +0800] "GET /xingrg/kc/buy/cgsh_order_info.html?code=212022030401220 HTTP/1.1" 200 60558
101.83.241.237 - - [04/Mar/2022:10:38:08 +0800] "GET /xingrg/javascript/easyui/themes/default/validatebox.css HTTP/1.1" 404 1104
101.83.241.237 - - [04/Mar/2022:10:38:09 +0800] "POST /xingrg/kc/buy/cgsh_order_operate.html HTTP/1.1" 200 2975
101.83.241.237 - - [04/Mar/2022:10:38:10 +0800] "GET /xingrg/kc/print/load_data.html?order_code=212022030401220&kc_code=cgsh&condition= HTTP/1.1" 200 1621
101.83.241.237 - - [04/Mar/2022:10:38:14 +0800] "GET /xingrg/kc/buy/cgsh_order_add.html HTTP/1.1" 200 65655
101.83.241.237 - - [04/Mar/2022:10:38:14 +0800] "POST /xingrg/kc/buy/cgsh_order_operate.html HTTP/1.1" 200 8245
101.83.241.237 - - [04/Mar/2022:10:38:14 +0800] "GET /xingrg/javascript/easyui/themes/default/validatebox.css HTTP/1.1" 404 1104
172.20.0.100 - - [04/Mar/2022:10:38:15 +0800] "GET /xingrg/all/function/internal_message.html?_=1646361493143&CODE_STATE=getMsg HTTP/1.1" 200 27
180.157.251.97 - - [04/Mar/2022:10:38:15 +0800] "GET /xingrg/check_reg.html?_=1646361494316 HTTP/1.1" 200 22
124.79.79.90 - - [04/Mar/2022:10:38:16 +0800] "GET /xingrg/all/function/internal_message.html?_=1646361492870&CODE_STATE=getMsg HTTP/1.1" 200 27
114.88.156.203 - - [04/Mar/2022:10:38:16 +0800] "GET /xingrg/kc/buy/buy_main.html HTTP/1.1" 200 12412
114.88.156.203 - - [04/Mar/2022:10:38:16 +0800] "GET /xingrg/css/new_ie.css HTTP/1.1" 404 1036
114.88.156.203 - - [04/Mar/2022:10:38:17 +0800] "GET /xingrg/images/yd/bt.gif HTTP/1.1" 404 1040
114.88.156.203 - - [04/Mar/2022:10:38:17 +0800] "GET /xingrg/kc/buy/cgsh_order_list.html HTTP/1.1" 200 49792
222.70.243.96 - - [04/Mar/2022:10:38:17 +0800] "GET /xingrg/kc/buy/cgsh_order_operate.html?command=get_materiel&rest_code=00146&code=00101001075&supplier_code=00100041&order_time=2022-03-04 HTTP/1.1" 200 430
124.78.159.88 - - [04/Mar/2022:10:38:18 +0800] "GET /xingrg/kc/buy/cgsh_order_add.html HTTP/1.1" 200 65602
116.228.172.94 - - [04/Mar/2022:10:38:18 +0800] "GET /xingrg/check_reg.html?_=1646361473074 HTTP/1.1" 200 22
114.88.156.203 - - [04/Mar/2022:10:38:18 +0800] "POST /xingrg/kc/buy/cgsh_list_operate.html HTTP/1.1" 200 876
124.78.159.88 - - [04/Mar/2022:10:38:19 +0800] "GET /xingrg/javascript/easyui/themes/default/validatebox.css HTTP/1.1" 404 1104
124.78.159.88 - - [04/Mar/2022:10:38:19 +0800] "POST /xingrg/kc/buy/cgsh_order_operate.html HTTP/1.1" 200 8245
124.78.159.88 - - [04/Mar/2022:10:38:20 +0800] "GET /xingrg/javascript/easyui/themes/default/tree.css HTTP/1.1" 404 1090
124.78.159.88 - - [04/Mar/2022:10:38:20 +0800] "POST /xingrg/all/common/load_tree.html?tree=supplier_tree_json&isDelete=1 HTTP/1.1" 200 62257
116.228.172.94 - - [04/Mar/2022:10:38:20 +0800] "GET /xingrg/all/function/internal_message.html?_=1646361475006&CODE_STATE=getMsg HTTP/1.1" 200 27
180.152.99.73 - - [04/Mar/2022:10:38:24 +0800] "GET /xingrg/all/function/internal_message.html?_=1646361503833&CODE_STATE=getMsg HTTP/1.1" 200 27
180.162.110.232 - - [04/Mar/2022:10:38:25 +0800] "GET /xingrg HTTP/1.1" 302 -
180.162.110.232 - - [04/Mar/2022:10:38:25 +0800] "GET /xingrg/ HTTP/1.1" 304 -
180.162.110.232 - - [04/Mar/2022:10:38:25 +0800] "GET /xingrg/index.html HTTP/1.1" 302 -
180.162.110.232 - - [04/Mar/2022:10:38:25 +0800] "GET /favicon.ico HTTP/1.1" 404 -
180.162.110.232 - - [04/Mar/2022:10:38:25 +0800] "GET /xingrg/login.html HTTP/1.1" 200 7641
180.162.110.232 - - [04/Mar/2022:10:38:25 +0800] "GET /xingrg/images/blue/jxLogo.png HTTP/1.1" 304 -
180.162.110.232 - - [04/Mar/2022:10:38:25 +0800] "GET /xingrg/images/blue/login_bg.png HTTP/1.1" 304 -
180.162.110.232 - - [04/Mar/2022:10:38:25 +0800] "GET /xingrg/images/blue/hj.png HTTP/1.1" 304 -
180.162.110.232 - - [04/Mar/2022:10:38:26 +0800] "GET /favicon.ico HTTP/1.1" 404 -
180.162.110.232 - - [04/Mar/2022:10:38:26 +0800] "GET /xingrg/images/blue/srbg.png HTTP/1.1" 304 -
222.70.243.96 - - [04/Mar/2022:10:38:29 +0800] "GET /xingrg/all/function/internal_message.html?_=1646361525418&CODE_STATE=getMsg HTTP/1.1" 200 27
124.78.159.88 - - [04/Mar/2022:10:38:29 +0800] "GET /xingrg/all/function/internal_message.html?_=1646361506183&CODE_STATE=getMsg HTTP/1.1" 200 27
180.169.147.146 - - [04/Mar/2022:10:38:33 +0800] "GET /xingrg/all/function/internal_message.html?_=1646361512593&CODE_STATE=getMsg HTTP/1.1" 200 27
124.78.159.88 - - [04/Mar/2022:10:38:34 +0800] "GET /xingrg/kc/buy/cgsh_order_operate.html?command=get_materiel&rest_code=00106&code=00101008091&supplier_code=00100007&order_time=2022-03-04 HTTP/1.1" 200 433
124.79.244.81 - - [04/Mar/2022:10:38:35 +0800] "GET /xingrg/all/function/internal_message.html?_=1646361669201&CODE_STATE=getMsg HTTP/1.1" 200 27
101.83.241.237 - - [04/Mar/2022:10:38:36 +0800] "GET /xingrg/kc/buy/cgsh_order_operate.html?command=get_materiel&rest_code=00149&code=00101004011&supplier_code=00100083&order_time=2022-03-04 HTTP/1.1" 200 437
180.162.110.232 - - [04/Mar/2022:10:38:37 +0800] "POST /xingrg/login.do HTTP/1.1" 302 -
180.162.110.232 - - [04/Mar/2022:10:38:37 +0800] "GET /xingrg/javascript/jquery_easy_ui/themes/default/easyui.css HTTP/1.1" 304 -
