124.79.79.90 - - [03/Mar/2022:06:30:54 +0800] "GET /xingrg/all/function/internal_message.html?_=1646260251883&CODE_STATE=getMsg HTTP/1.1" 200 27
180.157.251.97 - - [03/Mar/2022:06:30:54 +0800] "GET /xingrg/all/function/internal_message.html?_=1646260254819&CODE_STATE=getMsg HTTP/1.1" 302 -
120.253.135.82 - - [03/Mar/2022:06:30:54 +0800] "POST /xingrg/kc/pszx/mdps_order_operate.html HTTP/1.1" 200 37
120.253.135.82 - - [03/Mar/2022:06:30:55 +0800] "GET /xingrg/kc/pszx/mdps_order_info.html?code=312022030300060 HTTP/1.1" 200 23931
120.253.135.82 - - [03/Mar/2022:06:30:56 +0800] "GET /xingrg/javascript/easyui/themes/default/validatebox.css HTTP/1.1" 404 1104
120.253.135.82 - - [03/Mar/2022:06:30:56 +0800] "POST /xingrg/kc/pszx/mdps_order_operate.html HTTP/1.1" 200 4305
222.70.243.96 - - [03/Mar/2022:06:31:09 +0800] "GET /xingrg/all/function/internal_message.html?_=1646260281980&CODE_STATE=getMsg HTTP/1.1" 200 27
114.88.156.203 - - [03/Mar/2022:06:31:18 +0800] "GET /xingrg/check_reg.html?_=1646260063059 HTTP/1.1" 200 22
120.253.135.82 - - [03/Mar/2022:06:31:18 +0800] "POST /xingrg/kc/pszx/mdps_order_operate.html HTTP/1.1" 200 37
114.88.156.203 - - [03/Mar/2022:06:31:18 +0800] "GET /xingrg/all/function/internal_message.html?_=1646260063847&CODE_STATE=getMsg HTTP/1.1" 200 27
120.253.135.82 - - [03/Mar/2022:06:31:19 +0800] "GET /xingrg/kc/pszx/mdps_order_info.html?code=312022030300060 HTTP/1.1" 200 23931
120.253.135.82 - - [03/Mar/2022:06:31:19 +0800] "GET /xingrg/javascript/easyui/themes/default/validatebox.css HTTP/1.1" 404 1104
120.253.135.82 - - [03/Mar/2022:06:31:19 +0800] "POST /xingrg/kc/pszx/mdps_order_operate.html HTTP/1.1" 200 4305
180.152.99.39 - - [03/Mar/2022:06:31:23 +0800] "GET /xingrg/all/function/internal_message.html?_=1646260183256&CODE_STATE=getMsg HTTP/1.1" 200 27
180.157.251.97 - - [03/Mar/2022:06:31:27 +0800] "GET /xingrg/check_reg.html?_=1646260287801 HTTP/1.1" 302 -
120.253.135.82 - - [03/Mar/2022:06:31:27 +0800] "GET /xingrg/all/function/internal_message.html?_=1646260085319&CODE_STATE=getMsg HTTP/1.1" 200 27
222.70.223.103 - - [03/Mar/2022:06:31:34 +0800] "GET /xingrg/all/function/internal_message.html?_=1646260292353&CODE_STATE=getMsg HTTP/1.1" 200 27
124.79.79.90 - - [03/Mar/2022:06:31:54 +0800] "GET /xingrg/all/function/internal_message.html?_=1646260311887&CODE_STATE=getMsg HTTP/1.1" 200 27
180.157.251.97 - - [03/Mar/2022:06:31:54 +0800] "GET /xingrg/all/function/internal_message.html?_=1646260314793&CODE_STATE=getMsg HTTP/1.1" 302 -
222.70.243.96 - - [03/Mar/2022:06:32:09 +0800] "GET /xingrg/all/function/internal_message.html?_=1646260341985&CODE_STATE=getMsg HTTP/1.1" 200 27
222.70.180.114 - - [03/Mar/2022:06:32:17 +0800] "POST /xingrg/services/DataTransmitService HTTP/1.1" 200 524
114.88.156.203 - - [03/Mar/2022:06:32:18 +0800] "GET /xingrg/all/function/internal_message.html?_=1646260123825&CODE_STATE=getMsg HTTP/1.1" 200 27
180.152.99.39 - - [03/Mar/2022:06:32:23 +0800] "GET /xingrg/all/function/internal_message.html?_=1646260243279&CODE_STATE=getMsg HTTP/1.1" 200 27
120.253.135.82 - - [03/Mar/2022:06:32:27 +0800] "GET /xingrg/all/function/internal_message.html?_=1646260145415&CODE_STATE=getMsg HTTP/1.1" 200 27
222.70.223.103 - - [03/Mar/2022:06:32:34 +0800] "GET /xingrg/all/function/internal_message.html?_=1646260352338&CODE_STATE=getMsg HTTP/1.1" 200 27
222.70.223.103 - - [03/Mar/2022:06:32:45 +0800] "GET /xingrg/check_reg.html?_=1646260363059 HTTP/1.1" 200 22
124.79.79.90 - - [03/Mar/2022:06:32:54 +0800] "GET /xingrg/all/function/internal_message.html?_=1646260371890&CODE_STATE=getMsg HTTP/1.1" 200 27
124.79.79.90 - - [03/Mar/2022:06:32:54 +0800] "GET /xingrg/check_reg.html?_=1646260371890 HTTP/1.1" 200 22
180.157.251.97 - - [03/Mar/2022:06:32:54 +0800] "GET /xingrg/all/function/internal_message.html?_=1646260374788&CODE_STATE=getMsg HTTP/1.1" 302 -
222.70.243.96 - - [03/Mar/2022:06:33:09 +0800] "GET /xingrg/all/function/internal_message.html?_=1646260402165&CODE_STATE=getMsg HTTP/1.1" 200 27
120.253.135.82 - - [03/Mar/2022:06:33:10 +0800] "GET /xingrg/kc/pszx/mdps_order_info.html?code=312022030300061 HTTP/1.1" 200 23931
120.253.135.82 - - [03/Mar/2022:06:33:11 +0800] "GET /xingrg/javascript/easyui/themes/default/validatebox.css HTTP/1.1" 404 1104
120.253.135.82 - - [03/Mar/2022:06:33:11 +0800] "POST /xingrg/kc/pszx/mdps_order_operate.html HTTP/1.1" 200 2274
180.152.99.39 - - [03/Mar/2022:06:33:13 +0800] "GET /xingrg/check_reg.html?_=1646260293439 HTTP/1.1" 200 22
120.253.135.82 - - [03/Mar/2022:06:33:14 +0800] "POST /xingrg/all/common/load_combo.html?type=base HTTP/1.1" 200 1075
222.70.243.96 - - [03/Mar/2022:06:33:17 +0800] "GET /xingrg/check_reg.html?_=1646260409626 HTTP/1.1" 200 22
120.253.135.82 - - [03/Mar/2022:06:33:18 +0800] "POST /xingrg/kc/pszx/mdps_order_operate.html HTTP/1.1" 200 37
114.88.156.203 - - [03/Mar/2022:06:33:18 +0800] "GET /xingrg/all/function/internal_message.html?_=1646260183800&CODE_STATE=getMsg HTTP/1.1" 200 27
120.253.135.82 - - [03/Mar/2022:06:33:18 +0800] "GET /xingrg/kc/pszx/mdps_order_info.html?code=312022030300061 HTTP/1.1" 200 23931
120.253.135.82 - - [03/Mar/2022:06:33:19 +0800] "GET /xingrg/javascript/easyui/themes/default/validatebox.css HTTP/1.1" 404 1104
120.253.135.82 - - [03/Mar/2022:06:33:19 +0800] "POST /xingrg/kc/pszx/mdps_order_operate.html HTTP/1.1" 200 2281
120.253.135.82 - - [03/Mar/2022:06:33:21 +0800] "POST /xingrg/kc/pszx/mdps_list_operate.html HTTP/1.1" 200 2805
180.152.99.39 - - [03/Mar/2022:06:33:23 +0800] "GET /xingrg/all/function/internal_message.html?_=1646260303283&CODE_STATE=getMsg HTTP/1.1" 200 27
120.253.135.82 - - [03/Mar/2022:06:33:23 +0800] "POST /xingrg/kc/pszx/mdps_list_operate.html HTTP/1.1" 200 205
120.253.135.82 - - [03/Mar/2022:06:33:26 +0800] "GET /xingrg/kc/pszx/mdqp_order_list.html?state=10 HTTP/1.1" 200 12701
120.253.135.82 - - [03/Mar/2022:06:33:26 +0800] "GET /xingrg/dwr/interface/AjaxReportQueryService.js HTTP/1.1" 200 13203
120.253.135.82 - - [03/Mar/2022:06:33:26 +0800] "GET /xingrg/dwr/interface/AjaxQqpsService.js HTTP/1.1" 200 16326
120.253.135.82 - - [03/Mar/2022:06:33:26 +0800] "GET /xingrg/dwr/engine.js HTTP/1.1" 200 43631
120.253.135.82 - - [03/Mar/2022:06:33:26 +0800] "GET /xingrg/check_reg.html?_=1646260204472 HTTP/1.1" 200 22
120.253.135.82 - - [03/Mar/2022:06:33:27 +0800] "GET /xingrg/all/function/internal_message.html?_=1646260205423&CODE_STATE=getMsg HTTP/1.1" 200 27
222.70.223.103 - - [03/Mar/2022:06:33:28 +0800] "POST /xingrg/services/DataTransmitService HTTP/1.1" 200 524
120.253.135.82 - - [03/Mar/2022:06:33:28 +0800] "GET /xingrg/kc/pszx/mdqp_order_info.html?code=302022030200028 HTTP/1.1" 200 13354
120.253.135.82 - - [03/Mar/2022:06:33:28 +0800] "GET /xingrg/dwr/interface/AjaxComOrderService.js HTTP/1.1" 200 18264
120.253.135.82 - - [03/Mar/2022:06:33:28 +0800] "GET /xingrg/dwr/interface/AjaxQqpsService.js HTTP/1.1" 200 16326
120.253.135.82 - - [03/Mar/2022:06:33:28 +0800] "GET /xingrg/dwr/engine.js HTTP/1.1" 200 43631
120.253.135.82 - - [03/Mar/2022:06:33:29 +0800] "POST /xingrg/dwr/call/plaincall/AjaxQqpsService.loadMaterielItems.dwr HTTP/1.1" 200 4184
222.70.223.103 - - [03/Mar/2022:06:33:34 +0800] "GET /xingrg/all/function/internal_message.html?_=1646260412321&CODE_STATE=getMsg HTTP/1.1" 200 27
120.253.135.82 - - [03/Mar/2022:06:33:41 +0800] "GET /xingrg/images/yd/bt.gif HTTP/1.1" 404 1040
120.253.135.82 - - [03/Mar/2022:06:33:41 +0800] "GET /xingrg/images/yd/bt2.gif HTTP/1.1" 404 1042
124.79.79.90 - - [03/Mar/2022:06:33:54 +0800] "GET /xingrg/all/function/internal_message.html?_=1646260431891&CODE_STATE=getMsg HTTP/1.1" 200 27
180.157.251.97 - - [03/Mar/2022:06:33:54 +0800] "GET /xingrg/all/function/internal_message.html?_=1646260434773&CODE_STATE=getMsg HTTP/1.1" 302 -
114.83.221.170 - - [03/Mar/2022:06:33:59 +0800] "POST /xingrg/services/DataTransmitService HTTP/1.1" 200 524
222.70.243.96 - - [03/Mar/2022:06:34:09 +0800] "GET /xingrg/all/function/internal_message.html?_=1646260462169&CODE_STATE=getMsg HTTP/1.1" 200 27
222.70.243.96 - - [03/Mar/2022:06:34:12 +0800] "GET /xingrg/css/site.css HTTP/1.1" 304 -
222.70.243.96 - - [03/Mar/2022:06:34:12 +0800] "GET /xingrg/css/base.css HTTP/1.1" 304 -
222.70.243.96 - - [03/Mar/2022:06:34:12 +0800] "GET /xingrg/javascript/easyui/themes/default/easyui.css HTTP/1.1" 304 -
222.70.243.96 - - [03/Mar/2022:06:34:12 +0800] "GET /xingrg/javascript/easyui/themes/icon.css HTTP/1.1" 304 -
222.70.243.96 - - [03/Mar/2022:06:34:12 +0800] "GET /xingrg/javascript/jquery_tools/datebox.css HTTP/1.1" 304 -
222.70.243.96 - - [03/Mar/2022:06:34:12 +0800] "GET /xingrg/javascript/auto/jquery.autocomplete.css HTTP/1.1" 304 -
222.70.243.96 - - [03/Mar/2022:06:34:12 +0800] "GET /xingrg/javascript/jquery_tools/table.css HTTP/1.1" 304 -
222.70.243.96 - - [03/Mar/2022:06:34:12 +0800] "GET /xingrg/javascript/jquery_tools/fix.css HTTP/1.1" 304 -
222.70.243.96 - - [03/Mar/2022:06:34:12 +0800] "GET /xingrg/javascript/jquery_tools/jquery.tools.min.js HTTP/1.1" 304 -
222.70.243.96 - - [03/Mar/2022:06:34:12 +0800] "GET /xingrg/javascript/jquery_tools/jquery.tools.table.js HTTP/1.1" 304 -
222.70.243.96 - - [03/Mar/2022:06:34:12 +0800] "GET /xingrg/javascript/jquery_tools/list_manager.js HTTP/1.1" 304 -
222.70.243.96 - - [03/Mar/2022:06:34:12 +0800] "GET /xingrg/javascript/jquery_tools/jquery.tools.extend.js HTTP/1.1" 304 -
222.70.243.96 - - [03/Mar/2022:06:34:12 +0800] "GET /xingrg/javascript/easyui/easyloader.js HTTP/1.1" 304 -
222.70.243.96 - - [03/Mar/2022:06:34:12 +0800] "GET /xingrg/javascript/jquery.utils.js HTTP/1.1" 304 -
222.70.243.96 - - [03/Mar/2022:06:34:12 +0800] "GET /xingrg/javascript/jquery.cookie.js HTTP/1.1" 304 -
222.70.243.96 - - [03/Mar/2022:06:34:12 +0800] "GET /xingrg/javascript/auto/jquery.autocomplete.js HTTP/1.1" 304 -
222.70.243.96 - - [03/Mar/2022:06:34:12 +0800] "GET /xingrg/javascript/print/LodopFuncs.js HTTP/1.1" 304 -
222.70.243.96 - - [03/Mar/2022:06:34:12 +0800] "GET /xingrg/javascript/jquery_tools/jquery.tools.hotkey.js HTTP/1.1" 304 -
222.70.243.96 - - [03/Mar/2022:06:34:12 +0800] "GET /xingrg/kc/buy/cgsh_order_list.html HTTP/1.1" 200 49792
222.70.243.96 - - [03/Mar/2022:06:34:12 +0800] "GET /xingrg/javascript/easyui/plugins/jquery.parser.js HTTP/1.1" 304 -
114.88.156.203 - - [03/Mar/2022:06:34:18 +0800] "GET /xingrg/all/function/internal_message.html?_=1646260243769&CODE_STATE=getMsg HTTP/1.1" 200 27
180.152.99.39 - - [03/Mar/2022:06:34:23 +0800] "GET /xingrg/all/function/internal_message.html?_=1646260363296&CODE_STATE=getMsg HTTP/1.1" 200 27
120.253.135.82 - - [03/Mar/2022:06:34:27 +0800] "GET /xingrg/all/function/internal_message.html?_=1646260265436&CODE_STATE=getMsg HTTP/1.1" 200 27
124.78.159.88 - - [03/Mar/2022:06:34:33 +0800] "POST /xingrg/services/DataTransmitService HTTP/1.1" 200 524
222.70.223.103 - - [03/Mar/2022:06:34:34 +0800] "GET /xingrg/all/function/internal_message.html?_=1646260472300&CODE_STATE=getMsg HTTP/1.1" 200 27
222.70.243.96 - - [03/Mar/2022:06:34:43 +0800] "POST /xingrg/kc/buy/cgsh_list_operate.html HTTP/1.1" 200 8818
124.79.79.90 - - [03/Mar/2022:06:34:54 +0800] "GET /xingrg/all/function/internal_message.html?_=1646260491879&CODE_STATE=getMsg HTTP/1.1" 200 27
180.157.251.97 - - [03/Mar/2022:06:34:54 +0800] "GET /xingrg/all/function/internal_message.html?_=1646260494745&CODE_STATE=getMsg HTTP/1.1" 302 -
222.70.243.96 - - [03/Mar/2022:06:35:01 +0800] "POST /xingrg/kc/buy/cgsh_list_operate.html HTTP/1.1" 200 566
222.70.243.96 - - [03/Mar/2022:06:35:04 +0800] "POST /xingrg/kc/buy/cgsh_list_operate.html HTTP/1.1" 200 350
222.70.243.96 - - [03/Mar/2022:06:35:07 +0800] "POST /xingrg/kc/buy/cgsh_list_operate.html HTTP/1.1" 200 342
222.70.243.96 - - [03/Mar/2022:06:35:09 +0800] "GET /xingrg/all/function/internal_message.html?_=1646260522196&CODE_STATE=getMsg HTTP/1.1" 200 27
222.70.243.96 - - [03/Mar/2022:06:35:10 +0800] "POST /xingrg/kc/buy/cgsh_list_operate.html HTTP/1.1" 200 568
222.70.243.96 - - [03/Mar/2022:06:35:13 +0800] "POST /xingrg/kc/buy/cgsh_list_operate.html HTTP/1.1" 200 490
222.70.243.96 - - [03/Mar/2022:06:35:16 +0800] "POST /xingrg/kc/buy/cgsh_list_operate.html HTTP/1.1" 200 423
114.88.156.203 - - [03/Mar/2022:06:35:18 +0800] "GET /xingrg/all/function/internal_message.html?_=1646260303749&CODE_STATE=getMsg HTTP/1.1" 200 27
222.70.243.96 - - [03/Mar/2022:06:35:20 +0800] "POST /xingrg/kc/buy/cgsh_list_operate.html HTTP/1.1" 200 347
180.152.99.39 - - [03/Mar/2022:06:35:23 +0800] "GET /xingrg/all/function/internal_message.html?_=1646260423318&CODE_STATE=getMsg HTTP/1.1" 200 27
120.253.135.82 - - [03/Mar/2022:06:35:26 +0800] "GET /xingrg/kc/pszx/mdqp_order_list.html?isBack=1 HTTP/1.1" 302 -
120.253.135.82 - - [03/Mar/2022:06:35:26 +0800] "GET /xingrg/kc/pszx/mdqp_order_list.html?state=10 HTTP/1.1" 200 12701
120.253.135.82 - - [03/Mar/2022:06:35:26 +0800] "GET /xingrg/dwr/interface/AjaxReportQueryService.js HTTP/1.1" 200 13203
120.253.135.82 - - [03/Mar/2022:06:35:26 +0800] "GET /xingrg/dwr/engine.js HTTP/1.1" 200 43631
120.253.135.82 - - [03/Mar/2022:06:35:26 +0800] "GET /xingrg/dwr/interface/AjaxQqpsService.js HTTP/1.1" 200 16326
120.253.135.82 - - [03/Mar/2022:06:35:27 +0800] "GET /xingrg/all/function/internal_message.html?_=1646260325451&CODE_STATE=getMsg HTTP/1.1" 200 27
120.253.135.82 - - [03/Mar/2022:06:35:29 +0800] "GET /xingrg/kc/pszx/mdqp_order_info.html?code=302022030200029 HTTP/1.1" 200 13354
120.253.135.82 - - [03/Mar/2022:06:35:29 +0800] "GET /xingrg/dwr/interface/AjaxComOrderService.js HTTP/1.1" 200 18264
120.253.135.82 - - [03/Mar/2022:06:35:29 +0800] "GET /xingrg/dwr/interface/AjaxQqpsService.js HTTP/1.1" 200 16326
120.253.135.82 - - [03/Mar/2022:06:35:29 +0800] "GET /xingrg/dwr/engine.js HTTP/1.1" 200 43631
120.253.135.82 - - [03/Mar/2022:06:35:29 +0800] "POST /xingrg/dwr/call/plaincall/AjaxQqpsService.loadMaterielItems.dwr HTTP/1.1" 200 2115
222.70.223.103 - - [03/Mar/2022:06:35:34 +0800] "GET /xingrg/all/function/internal_message.html?_=1646260532278&CODE_STATE=getMsg HTTP/1.1" 200 27
120.253.135.82 - - [03/Mar/2022:06:35:38 +0800] "GET /xingrg/kc/pszx/mdqp_order_list.html?isBack=1 HTTP/1.1" 302 -
120.253.135.82 - - [03/Mar/2022:06:35:38 +0800] "GET /xingrg/kc/pszx/mdqp_order_list.html?state=10 HTTP/1.1" 200 12701
120.253.135.82 - - [03/Mar/2022:06:35:38 +0800] "GET /xingrg/dwr/interface/AjaxReportQueryService.js HTTP/1.1" 200 13203
120.253.135.82 - - [03/Mar/2022:06:35:38 +0800] "GET /xingrg/dwr/interface/AjaxQqpsService.js HTTP/1.1" 200 16326
120.253.135.82 - - [03/Mar/2022:06:35:38 +0800] "GET /xingrg/dwr/engine.js HTTP/1.1" 200 43631
120.253.135.82 - - [03/Mar/2022:06:35:40 +0800] "GET /xingrg/kc/pszx/mdqp_order_info.html?code=302022030200030 HTTP/1.1" 200 13354
120.253.135.82 - - [03/Mar/2022:06:35:40 +0800] "GET /xingrg/dwr/interface/AjaxQqpsService.js HTTP/1.1" 200 16326
120.253.135.82 - - [03/Mar/2022:06:35:40 +0800] "GET /xingrg/dwr/interface/AjaxComOrderService.js HTTP/1.1" 200 18264
120.253.135.82 - - [03/Mar/2022:06:35:40 +0800] "GET /xingrg/dwr/engine.js HTTP/1.1" 200 43631
120.253.135.82 - - [03/Mar/2022:06:35:41 +0800] "POST /xingrg/dwr/call/plaincall/AjaxQqpsService.loadMaterielItems.dwr HTTP/1.1" 200 382
120.253.135.82 - - [03/Mar/2022:06:35:44 +0800] "GET /xingrg/kc/pszx/mdqp_order_list.html?isBack=1 HTTP/1.1" 302 -
120.253.135.82 - - [03/Mar/2022:06:35:44 +0800] "GET /xingrg/kc/pszx/mdqp_order_list.html?state=10 HTTP/1.1" 200 12701
120.253.135.82 - - [03/Mar/2022:06:35:44 +0800] "GET /xingrg/dwr/interface/AjaxQqpsService.js HTTP/1.1" 200 16326
120.253.135.82 - - [03/Mar/2022:06:35:44 +0800] "GET /xingrg/dwr/interface/AjaxReportQueryService.js HTTP/1.1" 200 13203
120.253.135.82 - - [03/Mar/2022:06:35:44 +0800] "GET /xingrg/dwr/engine.js HTTP/1.1" 200 43631
120.253.135.82 - - [03/Mar/2022:06:35:46 +0800] "GET /xingrg/kc/pszx/mdqp_order_info.html?code=302022030200034 HTTP/1.1" 200 13356
120.253.135.82 - - [03/Mar/2022:06:35:47 +0800] "GET /xingrg/dwr/interface/AjaxQqpsService.js HTTP/1.1" 200 16326
120.253.135.82 - - [03/Mar/2022:06:35:47 +0800] "GET /xingrg/dwr/interface/AjaxComOrderService.js HTTP/1.1" 200 18264
120.253.135.82 - - [03/Mar/2022:06:35:47 +0800] "GET /xingrg/dwr/engine.js HTTP/1.1" 200 43631
120.253.135.82 - - [03/Mar/2022:06:35:47 +0800] "POST /xingrg/dwr/call/plaincall/AjaxQqpsService.loadMaterielItems.dwr HTTP/1.1" 200 910
180.157.251.97 - - [03/Mar/2022:06:35:54 +0800] "GET /xingrg/all/function/internal_message.html?_=1646260554730&CODE_STATE=getMsg HTTP/1.1" 302 -
124.79.79.90 - - [03/Mar/2022:06:35:54 +0800] "GET /xingrg/all/function/internal_message.html?_=1646260551881&CODE_STATE=getMsg HTTP/1.1" 200 27
120.253.135.82 - - [03/Mar/2022:06:35:54 +0800] "GET /xingrg/kc/pszx/mdqp_order_list.html?isBack=1 HTTP/1.1" 302 -
120.253.135.82 - - [03/Mar/2022:06:35:54 +0800] "GET /xingrg/kc/pszx/mdqp_order_list.html?state=10 HTTP/1.1" 200 12701
120.253.135.82 - - [03/Mar/2022:06:35:54 +0800] "GET /xingrg/dwr/interface/AjaxReportQueryService.js HTTP/1.1" 200 13203
120.253.135.82 - - [03/Mar/2022:06:35:54 +0800] "GET /xingrg/dwr/interface/AjaxQqpsService.js HTTP/1.1" 200 16326
120.253.135.82 - - [03/Mar/2022:06:35:54 +0800] "GET /xingrg/dwr/engine.js HTTP/1.1" 200 43631
120.253.135.82 - - [03/Mar/2022:06:35:59 +0800] "GET /xingrg/kc/pszx/jzcl_ps.html HTTP/1.1" 200 7683
120.253.135.82 - - [03/Mar/2022:06:35:59 +0800] "POST /xingrg/all/common/load_tree.html?tree=area_rest_tree_json HTTP/1.1" 200 3472
120.253.135.82 - - [03/Mar/2022:06:36:00 +0800] "POST /xingrg/kc/pszx/jzcl_ps_operate.html HTTP/1.1" 200 2648
120.253.135.82 - - [03/Mar/2022:06:36:00 +0800] "POST /xingrg/kc/pszx/jzcl_ps_operate.html HTTP/1.1" 200 2648
222.70.243.96 - - [03/Mar/2022:06:36:09 +0800] "GET /xingrg/all/function/internal_message.html?_=1646260582210&CODE_STATE=getMsg HTTP/1.1" 200 27
120.253.135.82 - - [03/Mar/2022:06:36:11 +0800] "POST /xingrg/kc/pszx/jzcl_ps_operate.html HTTP/1.1" 200 4
120.253.135.82 - - [03/Mar/2022:06:36:12 +0800] "GET /xingrg/kc/pszx/mdps_order_list.html HTTP/1.1" 200 20884
120.253.135.82 - - [03/Mar/2022:06:36:13 +0800] "POST /xingrg/kc/pszx/mdps_list_operate.html HTTP/1.1" 200 5314
114.88.156.203 - - [03/Mar/2022:06:36:18 +0800] "GET /xingrg/check_reg.html?_=1646260363058 HTTP/1.1" 200 22
222.70.243.96 - - [03/Mar/2022:06:36:18 +0800] "POST /xingrg/kc/buy/cgsh_list_operate.html HTTP/1.1" 200 4
114.88.156.203 - - [03/Mar/2022:06:36:18 +0800] "GET /xingrg/all/function/internal_message.html?_=1646260363736&CODE_STATE=getMsg HTTP/1.1" 200 27
120.253.135.82 - - [03/Mar/2022:06:36:22 +0800] "POST /xingrg/kc/pszx/mdps_list_operate.html HTTP/1.1" 200 3206
180.152.99.39 - - [03/Mar/2022:06:36:23 +0800] "GET /xingrg/all/function/internal_message.html?_=1646260483323&CODE_STATE=getMsg HTTP/1.1" 200 27
120.253.135.82 - - [03/Mar/2022:06:36:23 +0800] "POST /xingrg/kc/pszx/mdps_list_operate.html HTTP/1.1" 200 282
120.253.135.82 - - [03/Mar/2022:06:36:25 +0800] "POST /xingrg/kc/pszx/mdps_list_operate.html HTTP/1.1" 200 383
120.253.135.82 - - [03/Mar/2022:06:36:26 +0800] "GET /xingrg/kc/pszx/mdps_order_info.html?code=312022030300062 HTTP/1.1" 200 23937
180.157.251.97 - - [03/Mar/2022:06:36:27 +0800] "GET /xingrg/check_reg.html?_=1646260587836 HTTP/1.1" 302 -
120.253.135.82 - - [03/Mar/2022:06:36:27 +0800] "GET /xingrg/javascript/easyui/themes/default/validatebox.css HTTP/1.1" 404 1104
120.253.135.82 - - [03/Mar/2022:06:36:27 +0800] "POST /xingrg/kc/pszx/mdps_order_operate.html HTTP/1.1" 200 3264
120.253.135.82 - - [03/Mar/2022:06:36:27 +0800] "GET /xingrg/all/function/internal_message.html?_=1646260385476&CODE_STATE=getMsg HTTP/1.1" 200 27
120.253.135.82 - - [03/Mar/2022:06:36:30 +0800] "POST /xingrg/kc/pszx/mdps_order_operate.html HTTP/1.1" 200 37
120.253.135.82 - - [03/Mar/2022:06:36:31 +0800] "GET /xingrg/kc/pszx/mdps_order_info.html?code=312022030300062 HTTP/1.1" 200 23937
120.253.135.82 - - [03/Mar/2022:06:36:32 +0800] "GET /xingrg/javascript/easyui/themes/default/validatebox.css HTTP/1.1" 404 1104
120.253.135.82 - - [03/Mar/2022:06:36:32 +0800] "POST /xingrg/kc/pszx/mdps_order_operate.html HTTP/1.1" 200 3286
222.70.243.96 - - [03/Mar/2022:06:36:34 +0800] "POST /xingrg/kc/buy/cgsh_list_operate.html HTTP/1.1" 200 3857
222.70.223.103 - - [03/Mar/2022:06:36:34 +0800] "GET /xingrg/all/function/internal_message.html?_=1646260592253&CODE_STATE=getMsg HTTP/1.1" 200 27
120.253.135.82 - - [03/Mar/2022:06:36:51 +0800] "GET /xingrg/kc/pszx/mdps_order_operate.html?command=get_materiel&pszx_code=00101&rest_code=00155&base_code=0010246&code=00101034124 HTTP/1.1" 200 429
180.157.251.97 - - [03/Mar/2022:06:36:54 +0800] "GET /xingrg/all/function/internal_message.html?_=1646260614703&CODE_STATE=getMsg HTTP/1.1" 302 -
124.79.79.90 - - [03/Mar/2022:06:36:54 +0800] "GET /xingrg/all/function/internal_message.html?_=1646260611881&CODE_STATE=getMsg HTTP/1.1" 200 27
120.253.135.82 - - [03/Mar/2022:06:37:03 +0800] "POST /xingrg/kc/pszx/mdps_order_operate.html HTTP/1.1" 200 37
120.253.135.82 - - [03/Mar/2022:06:37:04 +0800] "GET /xingrg/kc/pszx/mdps_order_info.html?code=312022030300062 HTTP/1.1" 200 23937
120.253.135.82 - - [03/Mar/2022:06:37:04 +0800] "GET /xingrg/javascript/easyui/themes/default/validatebox.css HTTP/1.1" 404 1104
120.253.135.82 - - [03/Mar/2022:06:37:04 +0800] "POST /xingrg/kc/pszx/mdps_order_operate.html HTTP/1.1" 200 2796
120.253.135.82 - - [03/Mar/2022:06:37:08 +0800] "GET /xingrg/kc/pszx/mdps_order_info.html?code=312022030300062 HTTP/1.1" 200 23937
120.253.135.82 - - [03/Mar/2022:06:37:09 +0800] "GET /xingrg/javascript/easyui/themes/default/validatebox.css HTTP/1.1" 404 1104
120.253.135.82 - - [03/Mar/2022:06:37:09 +0800] "POST /xingrg/kc/pszx/mdps_order_operate.html HTTP/1.1" 200 2796
222.70.243.96 - - [03/Mar/2022:06:37:09 +0800] "GET /xingrg/all/function/internal_message.html?_=1646260642369&CODE_STATE=getMsg HTTP/1.1" 200 27
120.253.135.82 - - [03/Mar/2022:06:37:11 +0800] "POST /xingrg/kc/pszx/mdps_list_operate.html HTTP/1.1" 200 3206
120.253.135.82 - - [03/Mar/2022:06:37:13 +0800] "POST /xingrg/kc/pszx/mdps_list_operate.html HTTP/1.1" 200 282
120.253.135.82 - - [03/Mar/2022:06:37:15 +0800] "POST /xingrg/kc/pszx/mdps_list_operate.html HTTP/1.1" 200 644
120.253.135.82 - - [03/Mar/2022:06:37:16 +0800] "GET /xingrg/kc/pszx/mdps_order_info.html?code=312022030300063 HTTP/1.1" 200 23935
222.70.243.96 - - [03/Mar/2022:06:37:16 +0800] "POST /xingrg/kc/buy/cgsh_list_operate.html HTTP/1.1" 200 4
120.253.135.82 - - [03/Mar/2022:06:37:17 +0800] "GET /xingrg/javascript/easyui/themes/default/validatebox.css HTTP/1.1" 404 1104
120.253.135.82 - - [03/Mar/2022:06:37:17 +0800] "POST /xingrg/kc/pszx/mdps_order_operate.html HTTP/1.1" 200 8413
114.88.156.203 - - [03/Mar/2022:06:37:18 +0800] "GET /xingrg/all/function/internal_message.html?_=1646260423716&CODE_STATE=getMsg HTTP/1.1" 200 27
120.253.135.82 - - [03/Mar/2022:06:37:19 +0800] "POST /xingrg/kc/pszx/mdps_order_operate.html HTTP/1.1" 200 37
120.253.135.82 - - [03/Mar/2022:06:37:20 +0800] "GET /xingrg/kc/pszx/mdps_order_info.html?code=312022030300063 HTTP/1.1" 200 23935
120.253.135.82 - - [03/Mar/2022:06:37:21 +0800] "GET /xingrg/javascript/easyui/themes/default/validatebox.css HTTP/1.1" 404 1104
120.253.135.82 - - [03/Mar/2022:06:37:21 +0800] "POST /xingrg/kc/pszx/mdps_order_operate.html HTTP/1.1" 200 8516
180.152.99.39 - - [03/Mar/2022:06:37:23 +0800] "GET /xingrg/all/function/internal_message.html?_=1646260543346&CODE_STATE=getMsg HTTP/1.1" 200 27
222.70.243.96 - - [03/Mar/2022:06:37:24 +0800] "POST /xingrg/kc/buy/cgsh_list_operate.html HTTP/1.1" 200 876
120.253.135.82 - - [03/Mar/2022:06:37:27 +0800] "GET /xingrg/all/function/internal_message.html?_=1646260445478&CODE_STATE=getMsg HTTP/1.1" 200 27
222.70.223.103 - - [03/Mar/2022:06:37:34 +0800] "GET /xingrg/all/function/internal_message.html?_=1646260652245&CODE_STATE=getMsg HTTP/1.1" 200 27
222.70.223.103 - - [03/Mar/2022:06:37:45 +0800] "GET /xingrg/check_reg.html?_=1646260663039 HTTP/1.1" 200 22
180.157.251.97 - - [03/Mar/2022:06:37:54 +0800] "GET /xingrg/all/function/internal_message.html?_=1646260674674&CODE_STATE=getMsg HTTP/1.1" 302 -
124.79.79.90 - - [03/Mar/2022:06:37:54 +0800] "GET /xingrg/all/function/internal_message.html?_=1646260671883&CODE_STATE=getMsg HTTP/1.1" 200 27
124.79.79.90 - - [03/Mar/2022:06:37:54 +0800] "GET /xingrg/check_reg.html?_=1646260671885 HTTP/1.1" 200 22
222.70.243.96 - - [03/Mar/2022:06:38:09 +0800] "GET /xingrg/all/function/internal_message.html?_=1646260702377&CODE_STATE=getMsg HTTP/1.1" 200 27
180.152.99.39 - - [03/Mar/2022:06:38:13 +0800] "GET /xingrg/check_reg.html?_=1646260593444 HTTP/1.1" 200 22
222.70.243.96 - - [03/Mar/2022:06:38:17 +0800] "GET /xingrg/check_reg.html?_=1646260709634 HTTP/1.1" 200 22
114.88.156.203 - - [03/Mar/2022:06:38:18 +0800] "GET /xingrg/all/function/internal_message.html?_=1646260483690&CODE_STATE=getMsg HTTP/1.1" 200 27
120.253.135.82 - - [03/Mar/2022:06:38:20 +0800] "POST /xingrg/kc/pszx/mdps_order_operate.html HTTP/1.1" 200 37
120.253.135.82 - - [03/Mar/2022:06:38:21 +0800] "GET /xingrg/kc/pszx/mdps_order_info.html?code=312022030300063 HTTP/1.1" 200 23935
120.253.135.82 - - [03/Mar/2022:06:38:22 +0800] "GET /xingrg/javascript/easyui/themes/default/validatebox.css HTTP/1.1" 404 1104
120.253.135.82 - - [03/Mar/2022:06:38:22 +0800] "POST /xingrg/kc/pszx/mdps_order_operate.html HTTP/1.1" 200 8516
180.152.99.39 - - [03/Mar/2022:06:38:23 +0800] "GET /xingrg/all/function/internal_message.html?_=1646260603351&CODE_STATE=getMsg HTTP/1.1" 200 27
120.253.135.82 - - [03/Mar/2022:06:38:26 +0800] "GET /xingrg/check_reg.html?_=1646260504482 HTTP/1.1" 200 22
120.253.135.82 - - [03/Mar/2022:06:38:27 +0800] "GET /xingrg/all/function/internal_message.html?_=1646260505492&CODE_STATE=getMsg HTTP/1.1" 200 27
222.70.223.103 - - [03/Mar/2022:06:38:34 +0800] "GET /xingrg/all/function/internal_message.html?_=1646260712243&CODE_STATE=getMsg HTTP/1.1" 200 27
120.253.135.82 - - [03/Mar/2022:06:38:53 +0800] "POST /xingrg/kc/pszx/mdps_order_operate.html HTTP/1.1" 200 37
180.157.251.97 - - [03/Mar/2022:06:38:54 +0800] "GET /xingrg/all/function/internal_message.html?_=1646260734659&CODE_STATE=getMsg HTTP/1.1" 302 -
124.79.79.90 - - [03/Mar/2022:06:38:54 +0800] "GET /xingrg/all/function/internal_message.html?_=1646260731886&CODE_STATE=getMsg HTTP/1.1" 200 27
120.253.135.82 - - [03/Mar/2022:06:38:54 +0800] "GET /xingrg/kc/pszx/mdps_order_info.html?code=312022030300063 HTTP/1.1" 200 23935
120.253.135.82 - - [03/Mar/2022:06:38:54 +0800] "GET /xingrg/javascript/easyui/themes/default/validatebox.css HTTP/1.1" 404 1104
120.253.135.82 - - [03/Mar/2022:06:38:54 +0800] "POST /xingrg/kc/pszx/mdps_order_operate.html HTTP/1.1" 200 8516
124.79.244.81 - - [03/Mar/2022:06:38:59 +0800] "POST /xingrg/services/DataTransmitService HTTP/1.1" 200 524
120.253.135.82 - - [03/Mar/2022:06:39:00 +0800] "POST /xingrg/kc/pszx/mdps_list_operate.html HTTP/1.1" 200 3206
120.253.135.82 - - [03/Mar/2022:06:39:02 +0800] "POST /xingrg/kc/pszx/mdps_list_operate.html HTTP/1.1" 200 617
120.253.135.82 - - [03/Mar/2022:06:39:03 +0800] "GET /xingrg/kc/pszx/mdps_order_info.html?code=312022030300064 HTTP/1.1" 200 23935
120.253.135.82 - - [03/Mar/2022:06:39:03 +0800] "POST /xingrg/kc/pszx/mdps_order_operate.html HTTP/1.1" 200 5254
120.253.135.82 - - [03/Mar/2022:06:39:04 +0800] "GET /xingrg/javascript/easyui/themes/default/validatebox.css HTTP/1.1" 404 1104
120.253.135.82 - - [03/Mar/2022:06:39:05 +0800] "POST /xingrg/all/common/load_combo.html?type=base HTTP/1.1" 200 1075
120.253.135.82 - - [03/Mar/2022:06:39:08 +0800] "POST /xingrg/kc/pszx/mdps_order_operate.html HTTP/1.1" 200 37
120.253.135.82 - - [03/Mar/2022:06:39:09 +0800] "GET /xingrg/kc/pszx/mdps_order_info.html?code=312022030300064 HTTP/1.1" 200 23935
222.70.243.96 - - [03/Mar/2022:06:39:10 +0800] "GET /xingrg/all/function/internal_message.html?_=1646260762391&CODE_STATE=getMsg HTTP/1.1" 200 27
120.253.135.82 - - [03/Mar/2022:06:39:10 +0800] "GET /xingrg/javascript/easyui/themes/default/validatebox.css HTTP/1.1" 404 1104
120.253.135.82 - - [03/Mar/2022:06:39:10 +0800] "POST /xingrg/kc/pszx/mdps_order_operate.html HTTP/1.1" 200 5313
114.88.156.203 - - [03/Mar/2022:06:39:18 +0800] "GET /xingrg/all/function/internal_message.html?_=1646260543690&CODE_STATE=getMsg HTTP/1.1" 200 27
180.152.99.39 - - [03/Mar/2022:06:39:23 +0800] "GET /xingrg/all/function/internal_message.html?_=1646260663364&CODE_STATE=getMsg HTTP/1.1" 200 27
120.253.135.82 - - [03/Mar/2022:06:39:27 +0800] "GET /xingrg/all/function/internal_message.html?_=1646260565505&CODE_STATE=getMsg HTTP/1.1" 200 27
222.70.223.103 - - [03/Mar/2022:06:39:34 +0800] "GET /xingrg/all/function/internal_message.html?_=1646260772223&CODE_STATE=getMsg HTTP/1.1" 200 27
120.253.135.82 - - [03/Mar/2022:06:39:43 +0800] "POST /xingrg/kc/pszx/mdps_list_operate.html HTTP/1.1" 200 3206
120.253.135.82 - - [03/Mar/2022:06:39:45 +0800] "POST /xingrg/kc/pszx/mdps_list_operate.html HTTP/1.1" 200 209
120.253.135.82 - - [03/Mar/2022:06:39:47 +0800] "GET /xingrg/kc/pszx/mdps_order_info.html?code=312022030300065 HTTP/1.1" 200 23935
120.253.135.82 - - [03/Mar/2022:06:39:48 +0800] "GET /xingrg/javascript/easyui/themes/default/validatebox.css HTTP/1.1" 404 1104
120.253.135.82 - - [03/Mar/2022:06:39:48 +0800] "POST /xingrg/kc/pszx/mdps_order_operate.html HTTP/1.1" 200 2297
120.253.135.82 - - [03/Mar/2022:06:39:50 +0800] "POST /xingrg/all/common/load_combo.html?type=base HTTP/1.1" 200 1075
180.157.251.97 - - [03/Mar/2022:06:39:54 +0800] "GET /xingrg/all/function/internal_message.html?_=1646260794673&CODE_STATE=getMsg HTTP/1.1" 302 -
124.79.79.90 - - [03/Mar/2022:06:39:54 +0800] "GET /xingrg/all/function/internal_message.html?_=1646260791888&CODE_STATE=getMsg HTTP/1.1" 200 27
120.253.135.82 - - [03/Mar/2022:06:39:55 +0800] "POST /xingrg/kc/pszx/mdps_order_operate.html HTTP/1.1" 200 37
120.253.135.82 - - [03/Mar/2022:06:39:55 +0800] "GET /xingrg/kc/pszx/mdps_order_info.html?code=312022030300065 HTTP/1.1" 200 23933
120.253.135.82 - - [03/Mar/2022:06:39:56 +0800] "POST /xingrg/kc/pszx/mdps_order_operate.html HTTP/1.1" 200 2305
120.253.135.82 - - [03/Mar/2022:06:39:56 +0800] "GET /xingrg/javascript/easyui/themes/default/validatebox.css HTTP/1.1" 404 1104
120.253.135.82 - - [03/Mar/2022:06:40:00 +0800] "POST /xingrg/kc/pszx/mdps_list_operate.html HTTP/1.1" 200 3203
222.70.243.96 - - [03/Mar/2022:06:40:10 +0800] "GET /xingrg/all/function/internal_message.html?_=1646260822405&CODE_STATE=getMsg HTTP/1.1" 200 27
120.253.135.82 - - [03/Mar/2022:06:40:10 +0800] "POST /xingrg/kc/pszx/mdps_list_operate.html HTTP/1.1" 200 644
120.253.135.82 - - [03/Mar/2022:06:40:11 +0800] "GET /xingrg/kc/pszx/mdps_order_info.html?code=312022030300063 HTTP/1.1" 200 23935
120.253.135.82 - - [03/Mar/2022:06:40:12 +0800] "GET /xingrg/javascript/easyui/themes/default/validatebox.css HTTP/1.1" 404 1104
120.253.135.82 - - [03/Mar/2022:06:40:12 +0800] "POST /xingrg/kc/pszx/mdps_order_operate.html HTTP/1.1" 200 8516
114.88.156.203 - - [03/Mar/2022:06:40:18 +0800] "GET /xingrg/all/function/internal_message.html?_=1646260603660&CODE_STATE=getMsg HTTP/1.1" 200 27
222.70.243.96 - - [03/Mar/2022:06:40:21 +0800] "GET /xingrg/kc/base/yddb_order_list.html HTTP/1.1" 200 16630
222.70.243.96 - - [03/Mar/2022:06:40:21 +0800] "POST /xingrg/kc/base/yddb_list_operate.html HTTP/1.1" 200 636
180.152.99.39 - - [03/Mar/2022:06:40:23 +0800] "GET /xingrg/all/function/internal_message.html?_=1646260723389&CODE_STATE=getMsg HTTP/1.1" 200 27
222.70.243.96 - - [03/Mar/2022:06:40:26 +0800] "POST /xingrg/kc/base/yddb_list_operate.html HTTP/1.1" 200 6922
120.253.135.82 - - [03/Mar/2022:06:40:27 +0800] "GET /xingrg/all/function/internal_message.html?_=1646260625519&CODE_STATE=getMsg HTTP/1.1" 200 27
222.70.243.96 - - [03/Mar/2022:06:40:31 +0800] "POST /xingrg/kc/base/yddb_list_operate.html HTTP/1.1" 200 203
222.70.243.96 - - [03/Mar/2022:06:40:31 +0800] "GET /xingrg/kc/base/yddb_order_info.html?code=482022021200068 HTTP/1.1" 200 31520
222.70.243.96 - - [03/Mar/2022:06:40:31 +0800] "GET /xingrg/javascript/AjaxInfoList.js HTTP/1.1" 304 -
222.70.243.96 - - [03/Mar/2022:06:40:31 +0800] "GET /xingrg/css/blue.css HTTP/1.1" 304 -
222.70.243.96 - - [03/Mar/2022:06:40:31 +0800] "GET /xingrg/javascript/checkform.js HTTP/1.1" 304 -
222.70.243.96 - - [03/Mar/2022:06:40:31 +0800] "GET /xingrg/javascript/pic_change.js HTTP/1.1" 304 -
222.70.243.96 - - [03/Mar/2022:06:40:31 +0800] "GET /xingrg/javascript/myfunction.js HTTP/1.1" 304 -
222.70.243.96 - - [03/Mar/2022:06:40:31 +0800] "GET /xingrg/dwr/util.js HTTP/1.1" 304 -
222.70.243.96 - - [03/Mar/2022:06:40:31 +0800] "GET /xingrg/javascript/Calendar.js HTTP/1.1" 304 -
222.70.243.96 - - [03/Mar/2022:06:40:31 +0800] "GET /xingrg/javascript/ToolTips.js HTTP/1.1" 304 -
222.70.243.96 - - [03/Mar/2022:06:40:31 +0800] "GET /xingrg/javascript/Grid.js HTTP/1.1" 304 -
222.70.243.96 - - [03/Mar/2022:06:40:31 +0800] "GET /xingrg/javascript/jquery_easy_ui/themes/default/easyui.css HTTP/1.1" 304 -
222.70.243.96 - - [03/Mar/2022:06:40:31 +0800] "GET /xingrg/javascript/jquery_easy_ui/themes/icon.css HTTP/1.1" 304 -
222.70.243.96 - - [03/Mar/2022:06:40:31 +0800] "GET /xingrg/dwr/interface/AjaxComOrderService.js HTTP/1.1" 200 18264
222.70.243.96 - - [03/Mar/2022:06:40:31 +0800] "GET /xingrg/dwr/interface/AjaxYddbService.js HTTP/1.1" 200 13201
222.70.243.96 - - [03/Mar/2022:06:40:31 +0800] "GET /xingrg/dwr/engine.js HTTP/1.1" 200 43631
222.70.243.96 - - [03/Mar/2022:06:40:31 +0800] "GET /xingrg/javascript/jquery_easy_ui/themes/icons/edit_add_new.png HTTP/1.1" 304 -
222.70.243.96 - - [03/Mar/2022:06:40:31 +0800] "GET /xingrg/javascript/jquery_easy_ui/themes/icons/check_new.png HTTP/1.1" 304 -
222.70.243.96 - - [03/Mar/2022:06:40:31 +0800] "GET /xingrg/javascript/jquery_easy_ui/themes/icons/print.png HTTP/1.1" 304 -
222.70.243.96 - - [03/Mar/2022:06:40:31 +0800] "GET /xingrg/javascript/jquery_easy_ui/themes/default/images/menu_downarrow.png HTTP/1.1" 304 -
222.70.243.96 - - [03/Mar/2022:06:40:31 +0800] "GET /xingrg/javascript/jquery_easy_ui/themes/icons/back_new.png HTTP/1.1" 304 -
222.70.243.96 - - [03/Mar/2022:06:40:31 +0800] "GET /xingrg/images/blue/kc_tab_left.gif HTTP/1.1" 304 -
222.70.243.96 - - [03/Mar/2022:06:40:31 +0800] "GET /xingrg/images/blue/kc_tab_right.gif HTTP/1.1" 304 -
222.70.243.96 - - [03/Mar/2022:06:40:31 +0800] "GET /xingrg/images/blue/kc_tab_mid.gif HTTP/1.1" 304 -
222.70.243.96 - - [03/Mar/2022:06:40:31 +0800] "GET /xingrg/images/blue/wait.gif HTTP/1.1" 304 -
222.70.243.96 - - [03/Mar/2022:06:40:31 +0800] "POST /xingrg/dwr/call/plaincall/AjaxYddbService.loadMaterielItems.dwr HTTP/1.1" 200 437
222.70.223.103 - - [03/Mar/2022:06:40:34 +0800] "GET /xingrg/all/function/internal_message.html?_=1646260832207&CODE_STATE=getMsg HTTP/1.1" 200 27
120.253.135.82 - - [03/Mar/2022:06:40:44 +0800] "POST /xingrg/kc/pszx/mdps_order_operate.html HTTP/1.1" 200 37
222.70.243.96 - - [03/Mar/2022:06:40:44 +0800] "POST /xingrg/dwr/call/plaincall/AjaxYddbService.saveOrder.dwr HTTP/1.1" 200 78
120.253.135.82 - - [03/Mar/2022:06:40:45 +0800] "GET /xingrg/kc/pszx/mdps_order_info.html?code=312022030300063 HTTP/1.1" 200 23935
120.253.135.82 - - [03/Mar/2022:06:40:46 +0800] "GET /xingrg/javascript/easyui/themes/default/validatebox.css HTTP/1.1" 404 1104
120.253.135.82 - - [03/Mar/2022:06:40:46 +0800] "POST /xingrg/kc/pszx/mdps_order_operate.html HTTP/1.1" 200 8516
222.70.243.96 - - [03/Mar/2022:06:40:50 +0800] "GET /xingrg/javascript/jquery_easy_ui/themes/default/images/button_plain_hover.png HTTP/1.1" 304 -
120.253.135.82 - - [03/Mar/2022:06:40:53 +0800] "POST /xingrg/kc/pszx/mdps_list_operate.html HTTP/1.1" 200 3202
180.157.251.97 - - [03/Mar/2022:06:40:54 +0800] "GET /xingrg/all/function/internal_message.html?_=1646260854659&CODE_STATE=getMsg HTTP/1.1" 302 -
124.79.79.90 - - [03/Mar/2022:06:40:54 +0800] "GET /xingrg/all/function/internal_message.html?_=1646260851889&CODE_STATE=getMsg HTTP/1.1" 200 27
222.70.243.96 - - [03/Mar/2022:06:40:55 +0800] "POST /xingrg/dwr/call/plaincall/AjaxYddbService.objCheckOrder.dwr HTTP/1.1" 200 78
222.70.243.96 - - [03/Mar/2022:06:40:56 +0800] "GET /xingrg/dwr/interface/AjaxComOrderService.js HTTP/1.1" 200 18264
222.70.243.96 - - [03/Mar/2022:06:40:56 +0800] "GET /xingrg/dwr/interface/AjaxYddbService.js HTTP/1.1" 200 13201
222.70.243.96 - - [03/Mar/2022:06:40:56 +0800] "GET /xingrg/kc/base/yddb_order_info.html?code=482022021200068 HTTP/1.1" 200 31641
222.70.243.96 - - [03/Mar/2022:06:40:56 +0800] "GET /xingrg/dwr/engine.js HTTP/1.1" 200 43631
120.253.135.82 - - [03/Mar/2022:06:40:57 +0800] "GET /xingrg/kc/buy/buy_main.html HTTP/1.1" 200 12341
120.253.135.82 - - [03/Mar/2022:06:40:57 +0800] "GET /xingrg/css/new_ie.css HTTP/1.1" 404 1036
222.70.243.96 - - [03/Mar/2022:06:40:57 +0800] "POST /xingrg/dwr/call/plaincall/AjaxYddbService.loadMaterielItems.dwr HTTP/1.1" 200 437
120.253.135.82 - - [03/Mar/2022:06:40:57 +0800] "GET /xingrg/images/yd/bt.gif HTTP/1.1" 404 1040
120.253.135.82 - - [03/Mar/2022:06:40:58 +0800] "GET /xingrg/kc/buy/cgsh_order_list.html HTTP/1.1" 200 49786
120.253.135.82 - - [03/Mar/2022:06:41:00 +0800] "POST /xingrg/kc/buy/cgsh_list_operate.html HTTP/1.1" 200 876
120.253.135.82 - - [03/Mar/2022:06:41:01 +0800] "GET /xingrg/kc/buy/cgsh_order_add.html HTTP/1.1" 200 64578
120.253.135.82 - - [03/Mar/2022:06:41:01 +0800] "POST /xingrg/kc/buy/cgsh_order_operate.html HTTP/1.1" 200 8245
120.253.135.82 - - [03/Mar/2022:06:41:01 +0800] "GET /xingrg/javascript/easyui/themes/default/validatebox.css HTTP/1.1" 404 1104
120.253.135.82 - - [03/Mar/2022:06:41:09 +0800] "GET /xingrg/kc/buy/cgsh_order_operate.html?command=get_materiel&rest_code=00101&code=00101019027&supplier_code=&order_time=2022-03-03 HTTP/1.1" 200 475
222.70.243.96 - - [03/Mar/2022:06:41:10 +0800] "GET /xingrg/all/function/internal_message.html?_=1646260882418&CODE_STATE=getMsg HTTP/1.1" 200 27
120.253.135.82 - - [03/Mar/2022:06:41:15 +0800] "GET /xingrg/kc/pszx/mdps_order_list.html?orderType=0 HTTP/1.1" 200 20884
120.253.135.82 - - [03/Mar/2022:06:41:15 +0800] "POST /xingrg/kc/pszx/mdps_list_operate.html HTTP/1.1" 200 5314
114.88.156.203 - - [03/Mar/2022:06:41:18 +0800] "GET /xingrg/check_reg.html?_=1646260663080 HTTP/1.1" 200 22
114.88.156.203 - - [03/Mar/2022:06:41:18 +0800] "GET /xingrg/all/function/internal_message.html?_=1646260663635&CODE_STATE=getMsg HTTP/1.1" 200 27
180.152.99.39 - - [03/Mar/2022:06:41:23 +0800] "GET /xingrg/all/function/internal_message.html?_=1646260783408&CODE_STATE=getMsg HTTP/1.1" 200 27
180.157.251.97 - - [03/Mar/2022:06:41:27 +0800] "GET /xingrg/check_reg.html?_=1646260887859 HTTP/1.1" 302 -
120.253.135.82 - - [03/Mar/2022:06:41:27 +0800] "GET /xingrg/all/function/internal_message.html?_=1646260685532&CODE_STATE=getMsg HTTP/1.1" 200 27
120.253.135.82 - - [03/Mar/2022:06:41:31 +0800] "POST /xingrg/kc/pszx/mdps_list_operate.html HTTP/1.1" 200 3202
120.253.135.82 - - [03/Mar/2022:06:41:34 +0800] "POST /xingrg/kc/pszx/mdps_list_operate.html HTTP/1.1" 200 644
222.70.223.103 - - [03/Mar/2022:06:41:34 +0800] "GET /xingrg/all/function/internal_message.html?_=1646260892193&CODE_STATE=getMsg HTTP/1.1" 200 27
120.253.135.82 - - [03/Mar/2022:06:41:36 +0800] "GET /xingrg/kc/pszx/mdps_order_info.html?code=312022030300063 HTTP/1.1" 200 23935
120.253.135.82 - - [03/Mar/2022:06:41:37 +0800] "POST /xingrg/kc/pszx/mdps_order_operate.html HTTP/1.1" 200 8516
120.253.135.82 - - [03/Mar/2022:06:41:37 +0800] "GET /xingrg/javascript/easyui/themes/default/validatebox.css HTTP/1.1" 404 1104
180.157.251.97 - - [03/Mar/2022:06:41:54 +0800] "GET /xingrg/all/function/internal_message.html?_=1646260914630&CODE_STATE=getMsg HTTP/1.1" 302 -
124.79.79.90 - - [03/Mar/2022:06:41:54 +0800] "GET /xingrg/all/function/internal_message.html?_=1646260911891&CODE_STATE=getMsg HTTP/1.1" 200 27
222.70.243.96 - - [03/Mar/2022:06:42:10 +0800] "GET /xingrg/all/function/internal_message.html?_=1646260942432&CODE_STATE=getMsg HTTP/1.1" 200 27
114.88.156.203 - - [03/Mar/2022:06:42:18 +0800] "GET /xingrg/all/function/internal_message.html?_=1646260723611&CODE_STATE=getMsg HTTP/1.1" 200 27
180.152.99.39 - - [03/Mar/2022:06:42:23 +0800] "GET /xingrg/all/function/internal_message.html?_=1646260843430&CODE_STATE=getMsg HTTP/1.1" 200 27
120.253.135.82 - - [03/Mar/2022:06:42:28 +0800] "GET /xingrg/all/function/internal_message.html?_=1646260745676&CODE_STATE=getMsg HTTP/1.1" 200 27
222.70.223.103 - - [03/Mar/2022:06:42:34 +0800] "GET /xingrg/all/function/internal_message.html?_=1646260952176&CODE_STATE=getMsg HTTP/1.1" 200 27
222.70.223.103 - - [03/Mar/2022:06:42:45 +0800] "GET /xingrg/check_reg.html?_=1646260963025 HTTP/1.1" 200 22
180.157.251.97 - - [03/Mar/2022:06:42:54 +0800] "GET /xingrg/all/function/internal_message.html?_=1646260974615&CODE_STATE=getMsg HTTP/1.1" 302 -
124.79.79.90 - - [03/Mar/2022:06:42:54 +0800] "GET /xingrg/check_reg.html?_=1646260971893 HTTP/1.1" 200 22
124.79.79.90 - - [03/Mar/2022:06:42:54 +0800] "GET /xingrg/all/function/internal_message.html?_=1646260971894&CODE_STATE=getMsg HTTP/1.1" 200 27
222.70.243.96 - - [03/Mar/2022:06:43:10 +0800] "GET /xingrg/all/function/internal_message.html?_=1646261002636&CODE_STATE=getMsg HTTP/1.1" 200 27
180.152.99.39 - - [03/Mar/2022:06:43:13 +0800] "GET /xingrg/check_reg.html?_=1646260893450 HTTP/1.1" 200 22
222.70.243.96 - - [03/Mar/2022:06:43:17 +0800] "GET /xingrg/check_reg.html?_=1646261009637 HTTP/1.1" 200 22
114.88.156.203 - - [03/Mar/2022:06:43:18 +0800] "GET /xingrg/all/function/internal_message.html?_=1646260783587&CODE_STATE=getMsg HTTP/1.1" 200 27
180.152.99.39 - - [03/Mar/2022:06:43:23 +0800] "GET /xingrg/all/function/internal_message.html?_=1646260903435&CODE_STATE=getMsg HTTP/1.1" 200 27
120.253.135.82 - - [03/Mar/2022:06:43:26 +0800] "GET /xingrg/check_reg.html?_=1646260804482 HTTP/1.1" 200 22
120.253.135.82 - - [03/Mar/2022:06:43:28 +0800] "GET /xingrg/all/function/internal_message.html?_=1646260805684&CODE_STATE=getMsg HTTP/1.1" 200 27
222.70.223.103 - - [03/Mar/2022:06:43:34 +0800] "GET /xingrg/all/function/internal_message.html?_=1646261012169&CODE_STATE=getMsg HTTP/1.1" 200 27
120.253.135.82 - - [03/Mar/2022:06:43:48 +0800] "POST /xingrg/kc/pszx/mdps_order_operate.html HTTP/1.1" 200 37
120.253.135.82 - - [03/Mar/2022:06:43:49 +0800] "GET /xingrg/kc/pszx/mdps_order_info.html?code=312022030300063 HTTP/1.1" 200 23935
120.253.135.82 - - [03/Mar/2022:06:43:50 +0800] "POST /xingrg/kc/pszx/mdps_order_operate.html HTTP/1.1" 200 8516
120.253.135.82 - - [03/Mar/2022:06:43:50 +0800] "GET /xingrg/javascript/easyui/themes/default/validatebox.css HTTP/1.1" 404 1104
180.157.251.97 - - [03/Mar/2022:06:43:53 +0800] "GET /xingrg/all/function/internal_message.html?_=1646261034585&CODE_STATE=getMsg HTTP/1.1" 302 -
124.79.79.90 - - [03/Mar/2022:06:43:54 +0800] "GET /xingrg/all/function/internal_message.html?_=1646261031880&CODE_STATE=getMsg HTTP/1.1" 200 27
120.253.135.82 - - [03/Mar/2022:06:43:59 +0800] "GET /xingrg/kc/pszx/mdqp_order_list.html?state=10 HTTP/1.1" 200 11066
120.253.135.82 - - [03/Mar/2022:06:43:59 +0800] "GET /xingrg/dwr/interface/AjaxReportQueryService.js HTTP/1.1" 200 13203
120.253.135.82 - - [03/Mar/2022:06:43:59 +0800] "GET /xingrg/dwr/interface/AjaxQqpsService.js HTTP/1.1" 200 16326
120.253.135.82 - - [03/Mar/2022:06:43:59 +0800] "GET /xingrg/dwr/engine.js HTTP/1.1" 200 43631
120.253.135.82 - - [03/Mar/2022:06:44:01 +0800] "GET /xingrg/kc/pszx/mdqp_order_info.html?code=302022030200032 HTTP/1.1" 200 13354
120.253.135.82 - - [03/Mar/2022:06:44:01 +0800] "GET /xingrg/dwr/interface/AjaxComOrderService.js HTTP/1.1" 200 18264
120.253.135.82 - - [03/Mar/2022:06:44:01 +0800] "GET /xingrg/dwr/interface/AjaxQqpsService.js HTTP/1.1" 200 16326
120.253.135.82 - - [03/Mar/2022:06:44:01 +0800] "GET /xingrg/dwr/engine.js HTTP/1.1" 200 43631
120.253.135.82 - - [03/Mar/2022:06:44:02 +0800] "POST /xingrg/dwr/call/plaincall/AjaxQqpsService.loadMaterielItems.dwr HTTP/1.1" 200 681
120.253.135.82 - - [03/Mar/2022:06:44:08 +0800] "GET /xingrg/kc/pszx/mdqp_order_list.html?isBack=1 HTTP/1.1" 302 -
120.253.135.82 - - [03/Mar/2022:06:44:08 +0800] "GET /xingrg/kc/pszx/mdqp_order_list.html?state=10 HTTP/1.1" 200 11066
120.253.135.82 - - [03/Mar/2022:06:44:08 +0800] "GET /xingrg/dwr/interface/AjaxReportQueryService.js HTTP/1.1" 200 13203
120.253.135.82 - - [03/Mar/2022:06:44:08 +0800] "GET /xingrg/dwr/interface/AjaxQqpsService.js HTTP/1.1" 200 16326
120.253.135.82 - - [03/Mar/2022:06:44:08 +0800] "GET /xingrg/dwr/engine.js HTTP/1.1" 200 43631
222.70.243.96 - - [03/Mar/2022:06:44:10 +0800] "GET /xingrg/all/function/internal_message.html?_=1646261062646&CODE_STATE=getMsg HTTP/1.1" 200 27
120.253.135.82 - - [03/Mar/2022:06:44:10 +0800] "GET /xingrg/kc/pszx/mdqp_order_info.html?code=302022030200033 HTTP/1.1" 200 13354
120.253.135.82 - - [03/Mar/2022:06:44:10 +0800] "GET /xingrg/dwr/interface/AjaxComOrderService.js HTTP/1.1" 200 18264
120.253.135.82 - - [03/Mar/2022:06:44:10 +0800] "GET /xingrg/dwr/interface/AjaxQqpsService.js HTTP/1.1" 200 16326
120.253.135.82 - - [03/Mar/2022:06:44:10 +0800] "GET /xingrg/dwr/engine.js HTTP/1.1" 200 43631
120.253.135.82 - - [03/Mar/2022:06:44:11 +0800] "POST /xingrg/dwr/call/plaincall/AjaxQqpsService.loadMaterielItems.dwr HTTP/1.1" 200 1341
114.88.156.203 - - [03/Mar/2022:06:44:18 +0800] "GET /xingrg/all/function/internal_message.html?_=1646260843565&CODE_STATE=getMsg HTTP/1.1" 200 27
120.253.135.82 - - [03/Mar/2022:06:44:18 +0800] "GET /xingrg/kc/pszx/mdqp_order_list.html?isBack=1 HTTP/1.1" 302 -
120.253.135.82 - - [03/Mar/2022:06:44:19 +0800] "GET /xingrg/kc/pszx/mdqp_order_list.html?state=10 HTTP/1.1" 200 11066
120.253.135.82 - - [03/Mar/2022:06:44:19 +0800] "GET /xingrg/dwr/interface/AjaxQqpsService.js HTTP/1.1" 200 16326
120.253.135.82 - - [03/Mar/2022:06:44:19 +0800] "GET /xingrg/dwr/interface/AjaxReportQueryService.js HTTP/1.1" 200 13203
120.253.135.82 - - [03/Mar/2022:06:44:19 +0800] "GET /xingrg/dwr/engine.js HTTP/1.1" 200 43631
180.152.99.39 - - [03/Mar/2022:06:44:20 +0800] "POST /xingrg/services/DataTransmitService HTTP/1.1" 200 524
120.253.135.82 - - [03/Mar/2022:06:44:22 +0800] "GET /xingrg/kc/pszx/jzcl_ps.html HTTP/1.1" 200 7683
120.253.135.82 - - [03/Mar/2022:06:44:22 +0800] "POST /xingrg/all/common/load_tree.html?tree=area_rest_tree_json HTTP/1.1" 200 3472
120.253.135.82 - - [03/Mar/2022:06:44:22 +0800] "POST /xingrg/kc/pszx/jzcl_ps_operate.html HTTP/1.1" 200 880
120.253.135.82 - - [03/Mar/2022:06:44:22 +0800] "POST /xingrg/kc/pszx/jzcl_ps_operate.html HTTP/1.1" 200 880
180.152.99.39 - - [03/Mar/2022:06:44:23 +0800] "GET /xingrg/all/function/internal_message.html?_=1646260963448&CODE_STATE=getMsg HTTP/1.1" 200 27
120.253.135.82 - - [03/Mar/2022:06:44:28 +0800] "GET /xingrg/all/function/internal_message.html?_=1646260865698&CODE_STATE=getMsg HTTP/1.1" 200 27
120.253.135.82 - - [03/Mar/2022:06:44:28 +0800] "POST /xingrg/kc/pszx/jzcl_ps_operate.html HTTP/1.1" 200 4
120.253.135.82 - - [03/Mar/2022:06:44:30 +0800] "GET /xingrg/kc/pszx/mdps_order_list.html HTTP/1.1" 200 20884
120.253.135.82 - - [03/Mar/2022:06:44:30 +0800] "POST /xingrg/kc/pszx/mdps_list_operate.html HTTP/1.1" 200 5314
222.70.223.103 - - [03/Mar/2022:06:44:34 +0800] "GET /xingrg/all/function/internal_message.html?_=1646261072153&CODE_STATE=getMsg HTTP/1.1" 200 27
120.253.135.82 - - [03/Mar/2022:06:44:42 +0800] "POST /xingrg/kc/pszx/mdps_list_operate.html HTTP/1.1" 200 2444
120.253.135.82 - - [03/Mar/2022:06:44:45 +0800] "POST /xingrg/kc/pszx/mdps_list_operate.html HTTP/1.1" 200 592
120.253.135.82 - - [03/Mar/2022:06:44:48 +0800] "POST /xingrg/kc/pszx/mdps_list_operate.html HTTP/1.1" 200 293
120.253.135.82 - - [03/Mar/2022:06:44:49 +0800] "GET /xingrg/kc/pszx/mdps_order_info.html?code=312022030300066 HTTP/1.1" 200 23935
120.253.135.82 - - [03/Mar/2022:06:44:49 +0800] "GET /xingrg/javascript/easyui/themes/default/validatebox.css HTTP/1.1" 404 1104
120.253.135.82 - - [03/Mar/2022:06:44:49 +0800] "POST /xingrg/kc/pszx/mdps_order_operate.html HTTP/1.1" 200 2789
120.253.135.82 - - [03/Mar/2022:06:44:51 +0800] "POST /xingrg/all/common/load_combo.html?type=base HTTP/1.1" 200 1075
180.157.251.97 - - [03/Mar/2022:06:44:53 +0800] "GET /xingrg/all/function/internal_message.html?_=1646261094571&CODE_STATE=getMsg HTTP/1.1" 302 -
124.79.79.90 - - [03/Mar/2022:06:44:54 +0800] "GET /xingrg/all/function/internal_message.html?_=1646261091881&CODE_STATE=getMsg HTTP/1.1" 200 27
120.253.135.82 - - [03/Mar/2022:06:44:56 +0800] "POST /xingrg/kc/pszx/mdps_order_operate.html HTTP/1.1" 200 37
120.253.135.82 - - [03/Mar/2022:06:44:57 +0800] "GET /xingrg/kc/pszx/mdps_order_info.html?code=312022030300066 HTTP/1.1" 200 23935
120.253.135.82 - - [03/Mar/2022:06:44:57 +0800] "GET /xingrg/javascript/easyui/themes/default/validatebox.css HTTP/1.1" 404 1104
120.253.135.82 - - [03/Mar/2022:06:44:58 +0800] "POST /xingrg/kc/pszx/mdps_order_operate.html HTTP/1.1" 200 2805
120.253.135.82 - - [03/Mar/2022:06:45:08 +0800] "POST /xingrg/kc/pszx/mdps_list_operate.html HTTP/1.1" 200 474
120.253.135.82 - - [03/Mar/2022:06:45:09 +0800] "GET /xingrg/kc/pszx/mdps_order_info.html?code=312022030300067 HTTP/1.1" 200 23935
120.253.135.82 - - [03/Mar/2022:06:45:10 +0800] "POST /xingrg/kc/pszx/mdps_order_operate.html HTTP/1.1" 200 3829
222.70.243.96 - - [03/Mar/2022:06:45:10 +0800] "GET /xingrg/all/function/internal_message.html?_=1646261122660&CODE_STATE=getMsg HTTP/1.1" 200 27
120.253.135.82 - - [03/Mar/2022:06:45:10 +0800] "GET /xingrg/javascript/easyui/themes/default/validatebox.css HTTP/1.1" 404 1104
120.253.135.82 - - [03/Mar/2022:06:45:13 +0800] "POST /xingrg/kc/pszx/mdps_order_operate.html HTTP/1.1" 200 37
120.253.135.82 - - [03/Mar/2022:06:45:14 +0800] "GET /xingrg/kc/pszx/mdps_order_info.html?code=312022030300067 HTTP/1.1" 200 23935
120.253.135.82 - - [03/Mar/2022:06:45:14 +0800] "GET /xingrg/javascript/easyui/themes/default/validatebox.css HTTP/1.1" 404 1104
120.253.135.82 - - [03/Mar/2022:06:45:14 +0800] "POST /xingrg/kc/pszx/mdps_order_operate.html HTTP/1.1" 200 3862
