116.224.122.7 - - [03/Mar/2022:09:11:55 +0800] "GET /xingrg/javascript/auto/jquery.autocomplete.js HTTP/1.1" 304 -
116.224.122.7 - - [03/Mar/2022:09:11:55 +0800] "GET /xingrg/javascript/easyui/easyloader.js HTTP/1.1" 304 -
116.224.122.7 - - [03/Mar/2022:09:11:55 +0800] "GET /xingrg/javascript/jquery.utils.js HTTP/1.1" 304 -
116.224.122.7 - - [03/Mar/2022:09:11:55 +0800] "GET /xingrg/javascript/jquery.cookie.js HTTP/1.1" 304 -
116.224.122.7 - - [03/Mar/2022:09:11:55 +0800] "GET /xingrg/javascript/print/LodopFuncs.js HTTP/1.1" 304 -
116.224.122.7 - - [03/Mar/2022:09:11:55 +0800] "GET /xingrg/javascript/easyui/themes/icons/edit_add_new.png HTTP/1.1" 304 -
116.224.122.7 - - [03/Mar/2022:09:11:55 +0800] "GET /xingrg/javascript/easyui/themes/icons/cance_new.png HTTP/1.1" 304 -
116.224.122.7 - - [03/Mar/2022:09:11:55 +0800] "GET /xingrg/javascript/easyui/themes/icons/check_new.png HTTP/1.1" 304 -
116.224.122.7 - - [03/Mar/2022:09:11:55 +0800] "GET /xingrg/javascript/easyui/themes/icons/field_new.png HTTP/1.1" 304 -
116.224.122.7 - - [03/Mar/2022:09:11:55 +0800] "GET /xingrg/javascript/easyui/themes/icons/import_new.png HTTP/1.1" 304 -
116.224.122.7 - - [03/Mar/2022:09:11:55 +0800] "GET /xingrg/javascript/easyui/plugins/jquery.parser.js HTTP/1.1" 304 -
116.224.122.7 - - [03/Mar/2022:09:11:55 +0800] "GET /xingrg/images/control/ajaxLoader.gif HTTP/1.1" 304 -
116.224.122.7 - - [03/Mar/2022:09:11:55 +0800] "GET /favicon.ico HTTP/1.1" 404 -
116.224.122.7 - - [03/Mar/2022:09:11:56 +0800] "POST /xingrg/kc/buy/cgsh_list_operate.html HTTP/1.1" 200 876
116.224.122.7 - - [03/Mar/2022:09:11:59 +0800] "GET /xingrg/javascript/jquery_easy_ui/themes/default/images/tabs_close.gif HTTP/1.1" 304 -
116.224.122.7 - - [03/Mar/2022:09:12:00 +0800] "GET /xingrg/kc/buy/cgsh_order_list.html HTTP/1.1" 200 49786
180.152.99.39 - - [03/Mar/2022:09:12:01 +0800] "POST /xingrg/kc/buy/cgsh_order_operate.html HTTP/1.1" 200 37
116.224.122.7 - - [03/Mar/2022:09:12:02 +0800] "POST /xingrg/kc/buy/cgsh_list_operate.html HTTP/1.1" 200 876
180.152.99.39 - - [03/Mar/2022:09:12:05 +0800] "POST /xingrg/kc/buy/cgsh_order_operate.html HTTP/1.1" 200 12
116.224.122.7 - - [03/Mar/2022:09:12:05 +0800] "GET /xingrg/javascript/easyui/themes/default/images/button_plain_hover.png HTTP/1.1" 304 -
180.152.99.39 - - [03/Mar/2022:09:12:06 +0800] "GET /xingrg/kc/buy/cgsh_order_info.html?code=212022030300780 HTTP/1.1" 200 60084
180.152.99.39 - - [03/Mar/2022:09:12:06 +0800] "GET /xingrg/javascript/easyui/themes/default/validatebox.css HTTP/1.1" 404 1104
180.152.99.39 - - [03/Mar/2022:09:12:07 +0800] "POST /xingrg/kc/buy/cgsh_order_operate.html HTTP/1.1" 200 1222
180.152.99.39 - - [03/Mar/2022:09:12:09 +0800] "GET /xingrg/kc/print/load_data.html?order_code=212022030300780&kc_code=cgsh&condition= HTTP/1.1" 200 1020
180.152.99.39 - - [03/Mar/2022:09:12:10 +0800] "GET /xingrg/javascript/jquery_easy_ui/themes/default/images/tabs_active.png HTTP/1.1" 304 -
114.83.221.170 - - [03/Mar/2022:09:12:14 +0800] "GET /xingrg/all/function/internal_message.html?_=1646269931795&CODE_STATE=getMsg HTTP/1.1" 200 27
114.88.156.203 - - [03/Mar/2022:09:12:18 +0800] "GET /xingrg/all/function/internal_message.html?_=1646269723363&CODE_STATE=getMsg HTTP/1.1" 200 27
222.70.223.103 - - [03/Mar/2022:09:12:19 +0800] "GET /xingrg/all/function/internal_message.html?_=1646269936677&CODE_STATE=getMsg HTTP/1.1" 200 27
222.70.243.96 - - [03/Mar/2022:09:12:19 +0800] "GET /xingrg/all/function/internal_message.html?_=1646269952535&CODE_STATE=getMsg HTTP/1.1" 200 27
180.152.99.39 - - [03/Mar/2022:09:12:22 +0800] "POST /xingrg/all/user/operate.html HTTP/1.1" 200 36
180.152.99.39 - - [03/Mar/2022:09:12:22 +0800] "GET /xingrg/javascript/jquery_easy_ui/themes/default/easyui.css HTTP/1.1" 304 -
180.152.99.39 - - [03/Mar/2022:09:12:22 +0800] "GET /xingrg/index.html?sysBaseUrl=http%3A%2F%2F180.169.147.146%3A18081%2Fxingrg%2F&costTime=39×tamp=1646183361585 HTTP/1.1" 200 17179
180.152.99.39 - - [03/Mar/2022:09:12:22 +0800] "GET /xingrg/javascript/jquery_easy_ui/themes/icon.css HTTP/1.1" 304 -
180.152.99.39 - - [03/Mar/2022:09:12:22 +0800] "GET /xingrg/css/form.css HTTP/1.1" 304 -
180.152.99.39 - - [03/Mar/2022:09:12:22 +0800] "GET /xingrg/javascript/jquery-1.4.2.min.js HTTP/1.1" 304 -
180.152.99.39 - - [03/Mar/2022:09:12:22 +0800] "GET /xingrg/javascript/jquery_easy_ui/jquery.easyui.min.js HTTP/1.1" 304 -
180.152.99.39 - - [03/Mar/2022:09:12:22 +0800] "GET /xingrg/javascript/jquery_easy_ui/easyui-lang-zh_CN.js HTTP/1.1" 304 -
180.152.99.39 - - [03/Mar/2022:09:12:22 +0800] "GET /xingrg/javascript/jquery.form.js HTTP/1.1" 304 -
180.152.99.39 - - [03/Mar/2022:09:12:22 +0800] "GET /xingrg/javascript/jquery.utils.js HTTP/1.1" 304 -
180.152.99.39 - - [03/Mar/2022:09:12:22 +0800] "GET /xingrg/javascript/jquery.timers.js HTTP/1.1" 304 -
180.152.99.39 - - [03/Mar/2022:09:12:22 +0800] "GET /xingrg/images/blue/jxLogo.png HTTP/1.1" 304 -
180.152.99.39 - - [03/Mar/2022:09:12:22 +0800] "GET /xingrg/images/blue/navBackgound.jpg HTTP/1.1" 304 -
180.152.99.39 - - [03/Mar/2022:09:12:22 +0800] "GET /xingrg/javascript/jquery_easy_ui/themes/icons/settle_new.png HTTP/1.1" 304 -
180.152.99.39 - - [03/Mar/2022:09:12:22 +0800] "POST /xingrg/all/common/load_tree.html?tree=area_rest_tree_json&manage=1 HTTP/1.1" 200 476
180.152.99.39 - - [03/Mar/2022:09:12:22 +0800] "GET /xingrg/images/blue/pingpu.png HTTP/1.1" 304 -
180.152.99.39 - - [03/Mar/2022:09:12:22 +0800] "GET /xingrg/javascript/jquery_easy_ui/themes/default/images/tabs_leftarrow.png HTTP/1.1" 304 -
180.152.99.39 - - [03/Mar/2022:09:12:22 +0800] "GET /xingrg/javascript/jquery_easy_ui/themes/default/images/tabs_rightarrow.png HTTP/1.1" 304 -
180.152.99.39 - - [03/Mar/2022:09:12:22 +0800] "GET /xingrg/javascript/jquery_easy_ui/themes/default/images/panel_tool_collapse.gif HTTP/1.1" 304 -
180.152.99.39 - - [03/Mar/2022:09:12:22 +0800] "GET /xingrg/all/function/internal_message.html?_=1646269842693&CODE_STATE=count HTTP/1.1" 200 11
180.152.99.39 - - [03/Mar/2022:09:12:22 +0800] "GET /xingrg/check_reg.html?_=1646269842694 HTTP/1.1" 200 22
180.152.99.39 - - [03/Mar/2022:09:12:22 +0800] "POST /xingrg/load_menu.html HTTP/1.1" 200 5138
180.152.99.39 - - [03/Mar/2022:09:12:26 +0800] "GET /xingrg/kc/buy/cgsh_order_list.html HTTP/1.1" 200 49792
180.152.99.73 - - [03/Mar/2022:09:12:26 +0800] "GET /xingrg/check_reg.html?_=1646269947072 HTTP/1.1" 200 22
180.152.99.73 - - [03/Mar/2022:09:12:26 +0800] "GET /xingrg/all/function/internal_message.html?_=1646269947075&CODE_STATE=getMsg HTTP/1.1" 200 27
180.152.99.39 - - [03/Mar/2022:09:12:28 +0800] "POST /xingrg/kc/buy/cgsh_list_operate.html HTTP/1.1" 200 1706
180.152.99.39 - - [03/Mar/2022:09:12:29 +0800] "POST /xingrg/kc/buy/cgsh_list_operate.html HTTP/1.1" 200 564
180.152.99.39 - - [03/Mar/2022:09:12:30 +0800] "GET /xingrg/kc/buy/cgsh_order_info.html?code=212022030300778 HTTP/1.1" 200 65500
180.152.99.39 - - [03/Mar/2022:09:12:30 +0800] "GET /xingrg/javascript/easyui/themes/default/validatebox.css HTTP/1.1" 404 1104
180.152.99.39 - - [03/Mar/2022:09:12:31 +0800] "POST /xingrg/kc/buy/cgsh_order_operate.html HTTP/1.1" 200 5597
116.224.122.7 - - [03/Mar/2022:09:12:33 +0800] "GET /xingrg/login.html HTTP/1.1" 200 7641
180.152.99.39 - - [03/Mar/2022:09:12:33 +0800] "GET /xingrg/javascript/auto/indicator.gif HTTP/1.1" 404 1066
116.224.122.7 - - [03/Mar/2022:09:12:33 +0800] "GET /xingrg/images/blue/login_bg.png HTTP/1.1" 304 -
116.224.122.7 - - [03/Mar/2022:09:12:33 +0800] "GET /xingrg/images/blue/jxLogo.png HTTP/1.1" 304 -
116.224.122.7 - - [03/Mar/2022:09:12:33 +0800] "GET /xingrg/images/blue/hj.png HTTP/1.1" 304 -
116.224.122.7 - - [03/Mar/2022:09:12:33 +0800] "GET /xingrg/images/blue/srbg.png HTTP/1.1" 304 -
116.224.122.7 - - [03/Mar/2022:09:12:34 +0800] "GET /favicon.ico HTTP/1.1" 404 -
116.224.122.7 - - [03/Mar/2022:09:12:38 +0800] "POST /xingrg/login.do HTTP/1.1" 302 -
116.224.122.7 - - [03/Mar/2022:09:12:38 +0800] "GET /xingrg/javascript/jquery_easy_ui/themes/default/easyui.css HTTP/1.1" 304 -
116.224.122.7 - - [03/Mar/2022:09:12:38 +0800] "GET /xingrg/javascript/jquery_easy_ui/themes/icon.css HTTP/1.1" 304 -
116.224.122.7 - - [03/Mar/2022:09:12:38 +0800] "GET /xingrg/index.html?sysBaseUrl=http%3A%2F%2F180.169.147.146%3A18081%2Fxingrg%2F&costTime=72×tamp=1646269958849 HTTP/1.1" 200 17173
116.224.122.7 - - [03/Mar/2022:09:12:38 +0800] "GET /xingrg/css/form.css HTTP/1.1" 304 -
116.224.122.7 - - [03/Mar/2022:09:12:38 +0800] "GET /xingrg/javascript/jquery_easy_ui/jquery.easyui.min.js HTTP/1.1" 304 -
116.224.122.7 - - [03/Mar/2022:09:12:38 +0800] "GET /xingrg/javascript/jquery_easy_ui/easyui-lang-zh_CN.js HTTP/1.1" 304 -
116.224.122.7 - - [03/Mar/2022:09:12:38 +0800] "GET /xingrg/javascript/jquery.utils.js HTTP/1.1" 304 -
116.224.122.7 - - [03/Mar/2022:09:12:38 +0800] "GET /xingrg/javascript/jquery.form.js HTTP/1.1" 304 -
116.224.122.7 - - [03/Mar/2022:09:12:38 +0800] "GET /xingrg/javascript/jquery-1.4.2.min.js HTTP/1.1" 304 -
116.224.122.7 - - [03/Mar/2022:09:12:38 +0800] "GET /xingrg/javascript/jquery.timers.js HTTP/1.1" 304 -
116.224.122.7 - - [03/Mar/2022:09:12:39 +0800] "GET /xingrg/javascript/jquery_easy_ui/themes/icons/settle_new.png HTTP/1.1" 304 -
114.83.221.170 - - [03/Mar/2022:09:12:39 +0800] "POST /xingrg/kc/buy/cgsh_order_operate.html HTTP/1.1" 200 37
116.224.122.7 - - [03/Mar/2022:09:12:39 +0800] "GET /xingrg/images/blue/navBackgound.jpg HTTP/1.1" 304 -
180.152.99.39 - - [03/Mar/2022:09:12:39 +0800] "GET /xingrg/kc/buy/cgsh_order_operate.html?command=get_materiel&rest_code=00150&code=00101008361&supplier_code=00100007&order_time=2022-03-03 HTTP/1.1" 200 23
116.224.122.7 - - [03/Mar/2022:09:12:39 +0800] "GET /xingrg/javascript/jquery_easy_ui/themes/default/images/tabs_leftarrow.png HTTP/1.1" 304 -
116.224.122.7 - - [03/Mar/2022:09:12:39 +0800] "GET /xingrg/javascript/jquery_easy_ui/themes/default/images/tabs_rightarrow.png HTTP/1.1" 304 -
116.224.122.7 - - [03/Mar/2022:09:12:39 +0800] "POST /xingrg/all/common/load_tree.html?tree=area_rest_tree_json&manage=1 HTTP/1.1" 200 342
116.224.122.7 - - [03/Mar/2022:09:12:39 +0800] "GET /xingrg/images/blue/pingpu.png HTTP/1.1" 304 -
116.224.122.7 - - [03/Mar/2022:09:12:39 +0800] "GET /xingrg/javascript/jquery_easy_ui/themes/default/images/panel_tool_collapse.gif HTTP/1.1" 304 -
116.224.122.7 - - [03/Mar/2022:09:12:39 +0800] "GET /xingrg/javascript/jquery_easy_ui/themes/default/images/tree_arrows.gif HTTP/1.1" 304 -
116.224.122.7 - - [03/Mar/2022:09:12:39 +0800] "GET /xingrg/all/function/internal_message.html?_=1646269999106&CODE_STATE=count HTTP/1.1" 200 11
116.224.122.7 - - [03/Mar/2022:09:12:39 +0800] "GET /xingrg/check_reg.html?_=1646269999107 HTTP/1.1" 200 22
116.224.122.7 - - [03/Mar/2022:09:12:39 +0800] "GET /favicon.ico HTTP/1.1" 404 -
116.224.122.7 - - [03/Mar/2022:09:12:39 +0800] "POST /xingrg/load_menu.html HTTP/1.1" 200 5138
116.224.122.7 - - [03/Mar/2022:09:12:40 +0800] "GET /xingrg/javascript/jquery_easy_ui/themes/icons/storage_new.png HTTP/1.1" 304 -
116.224.122.7 - - [03/Mar/2022:09:12:40 +0800] "GET /xingrg/javascript/jquery_easy_ui/themes/icons/search_new.png HTTP/1.1" 304 -
116.224.122.7 - - [03/Mar/2022:09:12:40 +0800] "GET /xingrg/javascript/jquery_easy_ui/themes/default/images/tree_folder.gif HTTP/1.1" 304 -
116.224.122.7 - - [03/Mar/2022:09:12:40 +0800] "GET /xingrg/javascript/jquery_easy_ui/themes/icons/forms_new.png HTTP/1.1" 304 -
116.224.122.7 - - [03/Mar/2022:09:12:40 +0800] "GET /xingrg/javascript/jquery_easy_ui/themes/default/images/tree_folder_open.gif HTTP/1.1" 304 -
116.224.122.7 - - [03/Mar/2022:09:12:40 +0800] "GET /xingrg/javascript/jquery_easy_ui/themes/default/images/tree_file.gif HTTP/1.1" 304 -
116.224.122.7 - - [03/Mar/2022:09:12:44 +0800] "GET /xingrg/javascript/jquery_easy_ui/themes/default/images/tabs_close.gif HTTP/1.1" 304 -
116.224.122.7 - - [03/Mar/2022:09:12:44 +0800] "GET /xingrg/css/base.css HTTP/1.1" 304 -
116.224.122.7 - - [03/Mar/2022:09:12:44 +0800] "GET /xingrg/css/site.css HTTP/1.1" 304 -
116.224.122.7 - - [03/Mar/2022:09:12:44 +0800] "GET /xingrg/javascript/easyui/themes/default/easyui.css HTTP/1.1" 304 -
116.224.122.7 - - [03/Mar/2022:09:12:44 +0800] "GET /xingrg/javascript/easyui/themes/icon.css HTTP/1.1" 304 -
116.224.122.7 - - [03/Mar/2022:09:12:44 +0800] "GET /xingrg/javascript/jquery_tools/datebox.css HTTP/1.1" 304 -
116.224.122.7 - - [03/Mar/2022:09:12:44 +0800] "GET /xingrg/javascript/auto/jquery.autocomplete.css HTTP/1.1" 304 -
116.224.122.7 - - [03/Mar/2022:09:12:44 +0800] "GET /xingrg/javascript/jquery_tools/fix.css HTTP/1.1" 304 -
116.224.122.7 - - [03/Mar/2022:09:12:44 +0800] "GET /xingrg/javascript/jquery_tools/table.css HTTP/1.1" 304 -
116.224.122.7 - - [03/Mar/2022:09:12:44 +0800] "GET /xingrg/javascript/jquery_tools/jquery.tools.extend.js HTTP/1.1" 304 -
116.224.122.7 - - [03/Mar/2022:09:12:44 +0800] "GET /xingrg/javascript/jquery_tools/jquery.tools.min.js HTTP/1.1" 304 -
116.224.122.7 - - [03/Mar/2022:09:12:44 +0800] "GET /xingrg/javascript/jquery_tools/jquery.tools.hotkey.js HTTP/1.1" 304 -
116.224.122.7 - - [03/Mar/2022:09:12:44 +0800] "GET /xingrg/javascript/jquery_tools/jquery.tools.table.js HTTP/1.1" 304 -
116.224.122.7 - - [03/Mar/2022:09:12:44 +0800] "GET /xingrg/kc/base/wldb_order_list.html HTTP/1.1" 200 19019
116.224.122.7 - - [03/Mar/2022:09:12:44 +0800] "GET /xingrg/javascript/jquery.cookie.js HTTP/1.1" 304 -
116.224.122.7 - - [03/Mar/2022:09:12:44 +0800] "GET /xingrg/javascript/print/LodopFuncs.js HTTP/1.1" 304 -
116.224.122.7 - - [03/Mar/2022:09:12:44 +0800] "GET /xingrg/javascript/jquery_tools/list_manager.js HTTP/1.1" 304 -
116.224.122.7 - - [03/Mar/2022:09:12:44 +0800] "GET /xingrg/javascript/auto/jquery.autocomplete.js HTTP/1.1" 304 -
116.224.122.7 - - [03/Mar/2022:09:12:44 +0800] "GET /xingrg/javascript/easyui/easyloader.js HTTP/1.1" 304 -
116.224.122.7 - - [03/Mar/2022:09:12:45 +0800] "GET /xingrg/javascript/easyui/themes/icons/edit_add_new.png HTTP/1.1" 304 -
116.224.122.7 - - [03/Mar/2022:09:12:45 +0800] "GET /xingrg/javascript/easyui/themes/icons/cance_new.png HTTP/1.1" 304 -
116.224.122.7 - - [03/Mar/2022:09:12:45 +0800] "GET /xingrg/javascript/easyui/themes/icons/check_new.png HTTP/1.1" 304 -
116.224.122.7 - - [03/Mar/2022:09:12:45 +0800] "GET /xingrg/javascript/easyui/themes/icons/field_new.png HTTP/1.1" 304 -
116.224.122.7 - - [03/Mar/2022:09:12:45 +0800] "GET /xingrg/javascript/easyui/themes/icons/import_new.png HTTP/1.1" 304 -
116.224.122.7 - - [03/Mar/2022:09:12:45 +0800] "GET /xingrg/javascript/jquery_easy_ui/themes/icons/area.png HTTP/1.1" 304 -
116.224.122.7 - - [03/Mar/2022:09:12:45 +0800] "GET /xingrg/javascript/jquery_easy_ui/themes/icons/rest.png HTTP/1.1" 304 -
116.224.122.7 - - [03/Mar/2022:09:12:45 +0800] "GET /xingrg/javascript/easyui/plugins/jquery.parser.js HTTP/1.1" 304 -
116.224.122.7 - - [03/Mar/2022:09:12:45 +0800] "GET /xingrg/images/control/ajaxLoader.gif HTTP/1.1" 304 -
116.224.122.7 - - [03/Mar/2022:09:12:45 +0800] "POST /xingrg/kc/base/wldb_list_operate.html HTTP/1.1" 200 928
114.83.221.170 - - [03/Mar/2022:09:12:47 +0800] "POST /xingrg/kc/buy/cgsh_order_operate.html HTTP/1.1" 200 12
114.83.221.170 - - [03/Mar/2022:09:12:48 +0800] "GET /xingrg/kc/buy/cgsh_order_info.html?code=212022030300776 HTTP/1.1" 200 60558
114.83.221.170 - - [03/Mar/2022:09:12:49 +0800] "GET /xingrg/javascript/easyui/themes/default/validatebox.css HTTP/1.1" 404 1104
114.83.221.170 - - [03/Mar/2022:09:12:50 +0800] "POST /xingrg/kc/buy/cgsh_order_operate.html HTTP/1.1" 200 37270
116.224.122.7 - - [03/Mar/2022:09:12:50 +0800] "POST /xingrg/kc/base/wldb_list_operate.html HTTP/1.1" 200 6110
114.83.221.170 - - [03/Mar/2022:09:12:51 +0800] "GET /xingrg/kc/print/load_config.html?kc_code=cgsh HTTP/1.1" 200 1943
114.83.221.170 - - [03/Mar/2022:09:12:51 +0800] "GET /xingrg/kc/print/load_data.html?order_code=212022030300776&kc_code=cgsh&condition= HTTP/1.1" 200 14611
124.79.78.102 - - [03/Mar/2022:09:12:51 +0800] "POST /xingrg/services/DataTransmitService HTTP/1.1" 200 524
180.157.251.97 - - [03/Mar/2022:09:12:51 +0800] "GET /xingrg/all/function/internal_message.html?_=1646269972111&CODE_STATE=getMsg HTTP/1.1" 302 -
124.79.79.90 - - [03/Mar/2022:09:12:54 +0800] "GET /xingrg/check_reg.html?_=1646269971885 HTTP/1.1" 200 22
124.79.79.90 - - [03/Mar/2022:09:12:54 +0800] "GET /xingrg/all/function/internal_message.html?_=1646269971888&CODE_STATE=getMsg HTTP/1.1" 200 27
180.152.99.39 - - [03/Mar/2022:09:12:59 +0800] "GET /xingrg/login.html HTTP/1.1" 200 7641
180.152.99.39 - - [03/Mar/2022:09:13:00 +0800] "GET /xingrg/images/blue/jxLogo.png HTTP/1.1" 304 -
180.152.99.39 - - [03/Mar/2022:09:13:01 +0800] "GET /xingrg/images/blue/login_bg.png HTTP/1.1" 304 -
180.152.99.39 - - [03/Mar/2022:09:13:01 +0800] "GET /xingrg/images/blue/hj.png HTTP/1.1" 304 -
180.152.99.39 - - [03/Mar/2022:09:13:01 +0800] "GET /xingrg/images/blue/srbg.png HTTP/1.1" 304 -
180.152.99.39 - - [03/Mar/2022:09:13:01 +0800] "GET /favicon.ico HTTP/1.1" 404 -
116.224.122.7 - - [03/Mar/2022:09:13:02 +0800] "POST /xingrg/kc/base/wldb_list_operate.html HTTP/1.1" 200 583
116.224.122.7 - - [03/Mar/2022:09:13:03 +0800] "GET /xingrg/kc/base/wldb_order_info.html?code=422022030100002 HTTP/1.1" 200 26108
116.224.122.7 - - [03/Mar/2022:09:13:03 +0800] "GET /xingrg/javascript/json2.js HTTP/1.1" 304 -
116.224.122.7 - - [03/Mar/2022:09:13:03 +0800] "GET /xingrg/javascript/pic_change.js HTTP/1.1" 304 -
116.224.122.7 - - [03/Mar/2022:09:13:03 +0800] "GET /xingrg/javascript/print/kc_print.js HTTP/1.1" 304 -
116.224.122.7 - - [03/Mar/2022:09:13:03 +0800] "GET /xingrg/javascript/convert.js HTTP/1.1" 304 -
116.224.122.7 - - [03/Mar/2022:09:13:03 +0800] "GET /xingrg/javascript/jquery_tools/order_manager.js HTTP/1.1" 304 -
116.224.122.7 - - [03/Mar/2022:09:13:03 +0800] "GET /xingrg/words/20220302153652_words.js HTTP/1.1" 200 888668
116.224.122.7 - - [03/Mar/2022:09:13:03 +0800] "GET /xingrg/javascript/easyui/themes/icons/print.png HTTP/1.1" 304 -
116.224.122.7 - - [03/Mar/2022:09:13:03 +0800] "GET /xingrg/javascript/easyui/themes/default/images/menu_downarrow.png HTTP/1.1" 304 -
116.224.122.7 - - [03/Mar/2022:09:13:03 +0800] "GET /xingrg/javascript/easyui/themes/icons/cancel.png HTTP/1.1" 304 -
116.224.122.7 - - [03/Mar/2022:09:13:05 +0800] "GET /xingrg/javascript/easyui/themes/default/validatebox.css HTTP/1.1" 404 1104
116.224.122.7 - - [03/Mar/2022:09:13:05 +0800] "GET /xingrg/javascript/easyui/plugins/jquery.validatebox.js HTTP/1.1" 304 -
180.152.99.39 - - [03/Mar/2022:09:13:05 +0800] "POST /xingrg/login.do HTTP/1.1" 302 -
116.224.122.7 - - [03/Mar/2022:09:13:05 +0800] "GET /xingrg/javascript/easyui/plugins/jquery.numberbox.js HTTP/1.1" 304 -
180.152.99.39 - - [03/Mar/2022:09:13:05 +0800] "GET /xingrg/javascript/jquery_easy_ui/themes/icon.css HTTP/1.1" 304 -
180.152.99.39 - - [03/Mar/2022:09:13:05 +0800] "GET /xingrg/javascript/jquery_easy_ui/themes/default/easyui.css HTTP/1.1" 304 -
180.152.99.39 - - [03/Mar/2022:09:13:05 +0800] "GET /xingrg/javascript/jquery-1.4.2.min.js HTTP/1.1" 304 -
180.152.99.39 - - [03/Mar/2022:09:13:05 +0800] "GET /xingrg/index.html?sysBaseUrl=http%3A%2F%2F180.169.147.146%3A18081%2Fxingrg%2F&costTime=72×tamp=1646269985689 HTTP/1.1" 200 17179
180.152.99.39 - - [03/Mar/2022:09:13:05 +0800] "GET /xingrg/css/form.css HTTP/1.1" 304 -
180.152.99.39 - - [03/Mar/2022:09:13:05 +0800] "GET /xingrg/javascript/jquery.form.js HTTP/1.1" 304 -
180.152.99.39 - - [03/Mar/2022:09:13:05 +0800] "GET /xingrg/javascript/jquery_easy_ui/easyui-lang-zh_CN.js HTTP/1.1" 304 -
180.152.99.39 - - [03/Mar/2022:09:13:05 +0800] "GET /xingrg/javascript/jquery_easy_ui/jquery.easyui.min.js HTTP/1.1" 304 -
180.152.99.39 - - [03/Mar/2022:09:13:05 +0800] "GET /xingrg/javascript/jquery.timers.js HTTP/1.1" 304 -
180.152.99.39 - - [03/Mar/2022:09:13:05 +0800] "GET /xingrg/javascript/jquery.utils.js HTTP/1.1" 304 -
180.152.99.39 - - [03/Mar/2022:09:13:05 +0800] "GET /xingrg/images/blue/navBackgound.jpg HTTP/1.1" 304 -
180.152.99.39 - - [03/Mar/2022:09:13:05 +0800] "GET /xingrg/javascript/jquery_easy_ui/themes/icons/settle_new.png HTTP/1.1" 304 -
180.152.99.39 - - [03/Mar/2022:09:13:05 +0800] "GET /xingrg/images/blue/pingpu.png HTTP/1.1" 304 -
180.152.99.39 - - [03/Mar/2022:09:13:05 +0800] "GET /xingrg/javascript/jquery_easy_ui/themes/default/images/tabs_rightarrow.png HTTP/1.1" 304 -
180.152.99.39 - - [03/Mar/2022:09:13:05 +0800] "GET /xingrg/javascript/jquery_easy_ui/themes/default/images/tabs_leftarrow.png HTTP/1.1" 304 -
180.152.99.39 - - [03/Mar/2022:09:13:05 +0800] "GET /xingrg/javascript/jquery_easy_ui/themes/default/images/panel_tool_collapse.gif HTTP/1.1" 304 -
180.152.99.39 - - [03/Mar/2022:09:13:05 +0800] "POST /xingrg/all/common/load_tree.html?tree=area_rest_tree_json&manage=1 HTTP/1.1" 200 476
116.224.122.7 - - [03/Mar/2022:09:13:05 +0800] "POST /xingrg/kc/base/wldb_order_operate.html HTTP/1.1" 200 11391
116.224.122.7 - - [03/Mar/2022:09:13:06 +0800] "GET /xingrg/javascript/easyui/themes/icons/edit_remove.png HTTP/1.1" 304 -
180.152.99.39 - - [03/Mar/2022:09:13:06 +0800] "GET /xingrg/all/function/internal_message.html?_=1646269886443&CODE_STATE=count HTTP/1.1" 200 11
180.152.99.39 - - [03/Mar/2022:09:13:06 +0800] "GET /xingrg/check_reg.html?_=1646269886444 HTTP/1.1" 200 22
180.152.99.39 - - [03/Mar/2022:09:13:06 +0800] "GET /xingrg/javascript/jquery_easy_ui/themes/default/images/tree_arrows.gif HTTP/1.1" 304 -
180.152.99.39 - - [03/Mar/2022:09:13:06 +0800] "GET /favicon.ico HTTP/1.1" 404 -
180.152.99.39 - - [03/Mar/2022:09:13:06 +0800] "POST /xingrg/load_menu.html HTTP/1.1" 200 5138
180.152.99.39 - - [03/Mar/2022:09:13:06 +0800] "GET /xingrg/javascript/jquery_easy_ui/themes/default/images/tree_folder_open.gif HTTP/1.1" 304 -
180.152.99.39 - - [03/Mar/2022:09:13:06 +0800] "GET /xingrg/javascript/jquery_easy_ui/themes/default/images/tree_folder.gif HTTP/1.1" 304 -
180.152.99.39 - - [03/Mar/2022:09:13:06 +0800] "GET /xingrg/javascript/jquery_easy_ui/themes/icons/storage_new.png HTTP/1.1" 304 -
180.152.99.39 - - [03/Mar/2022:09:13:06 +0800] "GET /xingrg/javascript/jquery_easy_ui/themes/default/images/tree_file.gif HTTP/1.1" 304 -
180.152.99.39 - - [03/Mar/2022:09:13:06 +0800] "GET /xingrg/javascript/jquery_easy_ui/themes/icons/forms_new.png HTTP/1.1" 304 -
180.152.99.39 - - [03/Mar/2022:09:13:06 +0800] "GET /xingrg/javascript/jquery_easy_ui/themes/icons/search_new.png HTTP/1.1" 304 -
180.152.99.39 - - [03/Mar/2022:09:13:08 +0800] "GET /xingrg/javascript/jquery_easy_ui/themes/default/images/tabs_close.gif HTTP/1.1" 304 -
180.152.99.39 - - [03/Mar/2022:09:13:08 +0800] "GET /xingrg/css/base.css HTTP/1.1" 304 -
180.152.99.39 - - [03/Mar/2022:09:13:08 +0800] "GET /xingrg/css/site.css HTTP/1.1" 304 -
180.152.99.39 - - [03/Mar/2022:09:13:08 +0800] "GET /xingrg/javascript/jquery_tools/datebox.css HTTP/1.1" 304 -
180.152.99.39 - - [03/Mar/2022:09:13:08 +0800] "GET /xingrg/javascript/easyui/themes/default/easyui.css HTTP/1.1" 304 -
180.152.99.39 - - [03/Mar/2022:09:13:08 +0800] "GET /xingrg/javascript/easyui/themes/icon.css HTTP/1.1" 304 -
180.152.99.39 - - [03/Mar/2022:09:13:08 +0800] "GET /xingrg/javascript/jquery_tools/table.css HTTP/1.1" 304 -
180.152.99.39 - - [03/Mar/2022:09:13:08 +0800] "GET /xingrg/javascript/auto/jquery.autocomplete.css HTTP/1.1" 304 -
180.152.99.39 - - [03/Mar/2022:09:13:08 +0800] "GET /xingrg/javascript/jquery_tools/fix.css HTTP/1.1" 304 -
180.152.99.39 - - [03/Mar/2022:09:13:08 +0800] "GET /xingrg/javascript/jquery_tools/jquery.tools.extend.js HTTP/1.1" 304 -
180.152.99.39 - - [03/Mar/2022:09:13:08 +0800] "GET /xingrg/javascript/jquery_tools/jquery.tools.hotkey.js HTTP/1.1" 304 -
180.152.99.39 - - [03/Mar/2022:09:13:08 +0800] "GET /xingrg/javascript/auto/jquery.autocomplete.js HTTP/1.1" 304 -
180.152.99.39 - - [03/Mar/2022:09:13:08 +0800] "GET /xingrg/javascript/jquery_tools/jquery.tools.table.js HTTP/1.1" 304 -
180.152.99.39 - - [03/Mar/2022:09:13:08 +0800] "GET /xingrg/javascript/easyui/easyloader.js HTTP/1.1" 304 -
180.152.99.39 - - [03/Mar/2022:09:13:08 +0800] "GET /xingrg/javascript/jquery_tools/list_manager.js HTTP/1.1" 304 -
180.152.99.39 - - [03/Mar/2022:09:13:08 +0800] "GET /xingrg/javascript/jquery.cookie.js HTTP/1.1" 304 -
180.152.99.39 - - [03/Mar/2022:09:13:08 +0800] "GET /xingrg/javascript/jquery_tools/jquery.tools.min.js HTTP/1.1" 304 -
180.152.99.39 - - [03/Mar/2022:09:13:08 +0800] "GET /xingrg/javascript/print/LodopFuncs.js HTTP/1.1" 304 -
180.152.99.39 - - [03/Mar/2022:09:13:08 +0800] "GET /xingrg/kc/buy/cgsh_order_list.html HTTP/1.1" 200 49792
180.152.99.39 - - [03/Mar/2022:09:13:08 +0800] "GET /xingrg/javascript/easyui/themes/icons/edit_add_new.png HTTP/1.1" 304 -
180.152.99.39 - - [03/Mar/2022:09:13:08 +0800] "GET /xingrg/javascript/easyui/themes/icons/check_new.png HTTP/1.1" 304 -
180.152.99.39 - - [03/Mar/2022:09:13:08 +0800] "GET /xingrg/javascript/easyui/themes/icons/cance_new.png HTTP/1.1" 304 -
180.152.99.39 - - [03/Mar/2022:09:13:08 +0800] "GET /xingrg/javascript/easyui/themes/icons/field_new.png HTTP/1.1" 304 -
180.152.99.39 - - [03/Mar/2022:09:13:08 +0800] "GET /xingrg/javascript/easyui/themes/icons/import_new.png HTTP/1.1" 304 -
180.152.99.39 - - [03/Mar/2022:09:13:08 +0800] "GET /xingrg/javascript/jquery_easy_ui/themes/icons/area.png HTTP/1.1" 304 -
180.152.99.39 - - [03/Mar/2022:09:13:08 +0800] "GET /xingrg/javascript/jquery_easy_ui/themes/icons/rest.png HTTP/1.1" 304 -
180.152.99.39 - - [03/Mar/2022:09:13:08 +0800] "GET /xingrg/javascript/easyui/plugins/jquery.parser.js HTTP/1.1" 304 -
180.152.99.39 - - [03/Mar/2022:09:13:08 +0800] "GET /xingrg/images/control/ajaxLoader.gif HTTP/1.1" 304 -
180.152.99.39 - - [03/Mar/2022:09:13:11 +0800] "POST /xingrg/kc/buy/cgsh_list_operate.html HTTP/1.1" 200 1706
180.152.99.39 - - [03/Mar/2022:09:13:11 +0800] "GET /xingrg/javascript/easyui/themes/default/images/button_plain_hover.png HTTP/1.1" 304 -
180.152.99.39 - - [03/Mar/2022:09:13:11 +0800] "GET /xingrg/javascript/pic_change.js HTTP/1.1" 304 -
180.152.99.39 - - [03/Mar/2022:09:13:11 +0800] "GET /xingrg/javascript/jquery_tools/order_manager.js HTTP/1.1" 304 -
180.152.99.39 - - [03/Mar/2022:09:13:11 +0800] "GET /xingrg/javascript/convert.js HTTP/1.1" 304 -
180.152.99.39 - - [03/Mar/2022:09:13:11 +0800] "GET /xingrg/javascript/json2.js HTTP/1.1" 304 -
180.152.99.39 - - [03/Mar/2022:09:13:11 +0800] "GET /xingrg/javascript/print/kc_print.js HTTP/1.1" 304 -
180.152.99.39 - - [03/Mar/2022:09:13:11 +0800] "GET /xingrg/words/20220302153652_words.js HTTP/1.1" 304 -
180.152.99.39 - - [03/Mar/2022:09:13:11 +0800] "GET /xingrg/kc/buy/cgsh_order_add.html HTTP/1.1" 200 65491
180.152.99.39 - - [03/Mar/2022:09:13:12 +0800] "GET /xingrg/javascript/easyui/themes/icons/copy_new.png HTTP/1.1" 304 -
180.152.99.39 - - [03/Mar/2022:09:13:12 +0800] "GET /xingrg/javascript/easyui/themes/icons/template_new.png HTTP/1.1" 304 -
180.152.99.39 - - [03/Mar/2022:09:13:12 +0800] "GET /xingrg/javascript/easyui/themes/icons/ok.png HTTP/1.1" 304 -
180.152.99.39 - - [03/Mar/2022:09:13:12 +0800] "GET /xingrg/javascript/easyui/themes/icons/print.png HTTP/1.1" 304 -
180.152.99.39 - - [03/Mar/2022:09:13:12 +0800] "GET /xingrg/javascript/easyui/themes/default/images/menu_downarrow.png HTTP/1.1" 304 -
180.152.99.39 - - [03/Mar/2022:09:13:12 +0800] "GET /xingrg/javascript/easyui/themes/icons/cancel.png HTTP/1.1" 304 -
180.152.99.39 - - [03/Mar/2022:09:13:12 +0800] "POST /xingrg/kc/buy/cgsh_order_operate.html HTTP/1.1" 200 8245
180.152.99.39 - - [03/Mar/2022:09:13:12 +0800] "GET /xingrg/javascript/easyui/themes/icons/edit_remove.png HTTP/1.1" 304 -
180.152.99.39 - - [03/Mar/2022:09:13:12 +0800] "GET /xingrg/all/common/auto_word.html?type=employee&rest_code=00150 HTTP/1.1" 200 159
180.152.99.39 - - [03/Mar/2022:09:13:12 +0800] "GET /xingrg/all/common/auto_word.html?type=employee&rest_code=00150 HTTP/1.1" 200 159
180.152.99.39 - - [03/Mar/2022:09:13:12 +0800] "GET /xingrg/javascript/easyui/themes/default/validatebox.css HTTP/1.1" 404 1104
180.152.99.39 - - [03/Mar/2022:09:13:12 +0800] "GET /xingrg/javascript/easyui/plugins/jquery.validatebox.js HTTP/1.1" 304 -
180.152.99.39 - - [03/Mar/2022:09:13:12 +0800] "GET /xingrg/javascript/easyui/plugins/jquery.numberbox.js HTTP/1.1" 304 -
116.224.122.7 - - [03/Mar/2022:09:13:12 +0800] "GET /xingrg/javascript/jquery_easy_ui/themes/default/images/tabs_active.png HTTP/1.1" 304 -
180.152.99.39 - - [03/Mar/2022:09:13:13 +0800] "GET /xingrg/javascript/jquery_easy_ui/themes/default/images/tabs_active.png HTTP/1.1" 304 -
114.83.221.170 - - [03/Mar/2022:09:13:14 +0800] "GET /xingrg/all/function/internal_message.html?_=1646269991773&CODE_STATE=getMsg HTTP/1.1" 200 27
116.224.122.7 - - [03/Mar/2022:09:13:14 +0800] "POST /xingrg/kc/base/wldb_list_operate.html HTTP/1.1" 200 583
180.152.99.39 - - [03/Mar/2022:09:13:15 +0800] "POST /xingrg/kc/buy/cgsh_list_operate.html HTTP/1.1" 200 564
116.224.122.7 - - [03/Mar/2022:09:13:15 +0800] "GET /xingrg/kc/base/wldb_order_info.html?code=422022030100003 HTTP/1.1" 200 26108
180.152.99.39 - - [03/Mar/2022:09:13:15 +0800] "GET /xingrg/kc/buy/cgsh_order_info.html?code=212022030300778 HTTP/1.1" 200 65500
116.224.122.7 - - [03/Mar/2022:09:13:16 +0800] "POST /xingrg/kc/base/wldb_order_operate.html HTTP/1.1" 200 3726
180.152.99.39 - - [03/Mar/2022:09:13:16 +0800] "GET /xingrg/javascript/easyui/themes/default/validatebox.css HTTP/1.1" 404 1104
116.224.122.7 - - [03/Mar/2022:09:13:16 +0800] "GET /xingrg/javascript/easyui/themes/default/validatebox.css HTTP/1.1" 404 1104
180.152.99.39 - - [03/Mar/2022:09:13:16 +0800] "POST /xingrg/kc/buy/cgsh_order_operate.html HTTP/1.1" 200 5597
114.88.156.203 - - [03/Mar/2022:09:13:18 +0800] "GET /xingrg/all/function/internal_message.html?_=1646269783389&CODE_STATE=getMsg HTTP/1.1" 200 27
222.70.243.96 - - [03/Mar/2022:09:13:18 +0800] "GET /xingrg/check_reg.html?_=1646270011620 HTTP/1.1" 200 22
222.70.223.103 - - [03/Mar/2022:09:13:19 +0800] "GET /xingrg/all/function/internal_message.html?_=1646269996667&CODE_STATE=getMsg HTTP/1.1" 200 27
222.70.243.96 - - [03/Mar/2022:09:13:19 +0800] "GET /xingrg/all/function/internal_message.html?_=1646270012549&CODE_STATE=getMsg HTTP/1.1" 200 27
116.224.122.7 - - [03/Mar/2022:09:13:19 +0800] "POST /xingrg/kc/base/wldb_list_operate.html HTTP/1.1" 200 586
180.152.99.39 - - [03/Mar/2022:09:13:20 +0800] "GET /xingrg/javascript/auto/indicator.gif HTTP/1.1" 404 1066
116.224.122.7 - - [03/Mar/2022:09:13:20 +0800] "GET /xingrg/kc/base/wldb_order_info.html?code=422022030100004 HTTP/1.1" 200 26108
116.224.122.7 - - [03/Mar/2022:09:13:21 +0800] "POST /xingrg/kc/base/wldb_order_operate.html HTTP/1.1" 200 2824
116.224.122.7 - - [03/Mar/2022:09:13:21 +0800] "GET /xingrg/javascript/easyui/themes/default/validatebox.css HTTP/1.1" 404 1104
116.224.122.7 - - [03/Mar/2022:09:13:25 +0800] "POST /xingrg/kc/base/wldb_list_operate.html HTTP/1.1" 200 558
180.152.99.39 - - [03/Mar/2022:09:13:26 +0800] "GET /xingrg/kc/buy/cgsh_order_operate.html?command=get_materiel&rest_code=00150&code=00101008355&supplier_code=00100007&order_time=2022-03-03 HTTP/1.1" 200 429
116.224.122.7 - - [03/Mar/2022:09:13:26 +0800] "GET /xingrg/kc/base/wldb_order_info.html?code=422022030100005 HTTP/1.1" 200 26109
180.152.99.73 - - [03/Mar/2022:09:13:26 +0800] "GET /xingrg/all/function/internal_message.html?_=1646270007093&CODE_STATE=getMsg HTTP/1.1" 200 27
116.224.122.7 - - [03/Mar/2022:09:13:27 +0800] "POST /xingrg/kc/base/wldb_order_operate.html HTTP/1.1" 200 8090
116.224.122.7 - - [03/Mar/2022:09:13:27 +0800] "GET /xingrg/javascript/easyui/themes/default/validatebox.css HTTP/1.1" 404 1104
116.224.122.7 - - [03/Mar/2022:09:13:34 +0800] "POST /xingrg/kc/base/wldb_list_operate.html HTTP/1.1" 200 6216
116.224.122.7 - - [03/Mar/2022:09:13:36 +0800] "POST /xingrg/kc/base/wldb_list_operate.html HTTP/1.1" 200 591
180.152.99.39 - - [03/Mar/2022:09:13:37 +0800] "GET /xingrg/kc/buy/cgsh_order_operate.html?command=get_materiel&rest_code=00150&code=00101008209&supplier_code=00100007&order_time=2022-03-03 HTTP/1.1" 200 428
116.224.122.7 - - [03/Mar/2022:09:13:38 +0800] "GET /xingrg/kc/base/wldb_order_info.html?code=422022030100006 HTTP/1.1" 200 26109
116.224.122.7 - - [03/Mar/2022:09:13:38 +0800] "POST /xingrg/kc/base/wldb_order_operate.html HTTP/1.1" 200 36771
116.224.122.7 - - [03/Mar/2022:09:13:39 +0800] "GET /xingrg/javascript/easyui/themes/default/validatebox.css HTTP/1.1" 404 1104
116.224.122.7 - - [03/Mar/2022:09:13:39 +0800] "GET /xingrg/all/function/internal_message.html?_=1646270059116&CODE_STATE=getMsg HTTP/1.1" 200 27
114.83.221.170 - - [03/Mar/2022:09:13:43 +0800] "GET /xingrg/kc/buy/cgsh_order_add.html HTTP/1.1" 200 65655
114.83.221.170 - - [03/Mar/2022:09:13:44 +0800] "POST /xingrg/kc/buy/cgsh_order_operate.html HTTP/1.1" 200 8245
114.83.221.170 - - [03/Mar/2022:09:13:44 +0800] "GET /xingrg/javascript/easyui/themes/default/validatebox.css HTTP/1.1" 404 1104
180.157.251.97 - - [03/Mar/2022:09:13:51 +0800] "GET /xingrg/all/function/internal_message.html?_=1646270032096&CODE_STATE=getMsg HTTP/1.1" 302 -
116.224.122.7 - - [03/Mar/2022:09:13:53 +0800] "POST /xingrg/kc/base/wldb_list_operate.html HTTP/1.1" 200 574
124.79.79.90 - - [03/Mar/2022:09:13:54 +0800] "GET /xingrg/all/function/internal_message.html?_=1646270031890&CODE_STATE=getMsg HTTP/1.1" 200 27
116.224.122.7 - - [03/Mar/2022:09:13:55 +0800] "GET /xingrg/kc/base/wldb_order_info.html?code=422022030200231 HTTP/1.1" 200 26112
116.224.122.7 - - [03/Mar/2022:09:13:55 +0800] "POST /xingrg/kc/base/wldb_order_operate.html HTTP/1.1" 200 32848
116.224.122.7 - - [03/Mar/2022:09:13:56 +0800] "GET /xingrg/javascript/easyui/themes/default/validatebox.css HTTP/1.1" 404 1104
180.152.99.39 - - [03/Mar/2022:09:14:03 +0800] "GET /xingrg/kc/buy/cgsh_order_operate.html?command=get_materiel&rest_code=00150&code=00101008161&supplier_code=00100007&order_time=2022-03-03 HTTP/1.1" 200 429
222.70.223.103 - - [03/Mar/2022:09:14:06 +0800] "GET /xingrg/kc/buy/cgsh_order_add.html HTTP/1.1" 200 65523
180.152.99.39 - - [03/Mar/2022:09:14:06 +0800] "GET /xingrg/all/function/internal_message.html?_=1646269946454&CODE_STATE=getMsg HTTP/1.1" 200 27
222.70.223.103 - - [03/Mar/2022:09:14:06 +0800] "POST /xingrg/kc/buy/cgsh_order_operate.html HTTP/1.1" 200 8245
222.70.223.103 - - [03/Mar/2022:09:14:06 +0800] "GET /xingrg/javascript/easyui/themes/default/validatebox.css HTTP/1.1" 404 1104
116.224.122.7 - - [03/Mar/2022:09:14:10 +0800] "POST /xingrg/kc/base/wldb_list_operate.html HTTP/1.1" 200 589
116.224.122.7 - - [03/Mar/2022:09:14:10 +0800] "GET /xingrg/kc/base/wldb_order_info.html?code=422022030200233 HTTP/1.1" 200 26113
180.152.99.73 - - [03/Mar/2022:09:14:10 +0800] "POST /xingrg/kc/buy/cgsh_order_operate.html HTTP/1.1" 200 37
116.224.122.7 - - [03/Mar/2022:09:14:11 +0800] "POST /xingrg/kc/base/wldb_order_operate.html HTTP/1.1" 200 37783
116.224.122.7 - - [03/Mar/2022:09:14:11 +0800] "GET /xingrg/javascript/easyui/themes/default/validatebox.css HTTP/1.1" 404 1104
180.152.99.39 - - [03/Mar/2022:09:14:12 +0800] "GET /xingrg/kc/buy/cgsh_order_operate.html?command=get_materiel&rest_code=00150&code=00101008137&supplier_code=00100007&order_time=2022-03-03 HTTP/1.1" 200 428
180.152.99.73 - - [03/Mar/2022:09:14:13 +0800] "POST /xingrg/kc/buy/cgsh_order_operate.html HTTP/1.1" 200 12
114.83.221.170 - - [03/Mar/2022:09:14:14 +0800] "GET /xingrg/all/function/internal_message.html?_=1646270051755&CODE_STATE=getMsg HTTP/1.1" 200 27
180.152.99.73 - - [03/Mar/2022:09:14:14 +0800] "GET /xingrg/kc/buy/cgsh_order_info.html?code=212022030300781 HTTP/1.1" 200 60378
180.152.99.73 - - [03/Mar/2022:09:14:15 +0800] "GET /xingrg/javascript/easyui/themes/default/validatebox.css HTTP/1.1" 404 1104
180.152.99.73 - - [03/Mar/2022:09:14:15 +0800] "POST /xingrg/kc/buy/cgsh_order_operate.html HTTP/1.1" 200 3585
180.152.99.73 - - [03/Mar/2022:09:14:16 +0800] "GET /xingrg/kc/print/load_data.html?order_code=212022030300781&kc_code=cgsh&condition= HTTP/1.1" 200 1823
114.88.156.203 - - [03/Mar/2022:09:14:18 +0800] "GET /xingrg/all/function/internal_message.html?_=1646269843391&CODE_STATE=getMsg HTTP/1.1" 200 27
180.152.99.39 - - [03/Mar/2022:09:14:18 +0800] "GET /xingrg/kc/buy/cgsh_order_operate.html?command=get_materiel&rest_code=00150&code=00101008042&supplier_code=00100007&order_time=2022-03-03 HTTP/1.1" 200 437
222.70.223.103 - - [03/Mar/2022:09:14:19 +0800] "GET /xingrg/all/function/internal_message.html?_=1646270056674&CODE_STATE=getMsg HTTP/1.1" 200 27
222.70.243.96 - - [03/Mar/2022:09:14:19 +0800] "GET /xingrg/all/function/internal_message.html?_=1646270072563&CODE_STATE=getMsg HTTP/1.1" 200 27
180.152.99.39 - - [03/Mar/2022:09:14:24 +0800] "POST /xingrg/kc/buy/cgsh_order_operate.html HTTP/1.1" 200 37
116.224.122.7 - - [03/Mar/2022:09:14:26 +0800] "POST /xingrg/kc/base/wldb_list_operate.html HTTP/1.1" 200 6110
180.152.99.73 - - [03/Mar/2022:09:14:26 +0800] "GET /xingrg/all/function/internal_message.html?_=1646270067088&CODE_STATE=getMsg HTTP/1.1" 200 27
222.70.223.103 - - [03/Mar/2022:09:14:32 +0800] "GET /xingrg/kc/buy/cgsh_order_operate.html?command=get_materiel&rest_code=00155&code=00101008261&supplier_code=00100005&order_time=2022-03-03 HTTP/1.1" 200 427
116.224.122.7 - - [03/Mar/2022:09:14:33 +0800] "POST /xingrg/kc/base/wldb_list_operate.html HTTP/1.1" 200 6216
180.152.99.73 - - [03/Mar/2022:09:14:37 +0800] "GET /xingrg/kc/base/yddb_order_list.html HTTP/1.1" 200 16630
180.152.99.73 - - [03/Mar/2022:09:14:37 +0800] "POST /xingrg/kc/base/yddb_list_operate.html HTTP/1.1" 200 636
180.152.99.73 - - [03/Mar/2022:09:14:38 +0800] "GET /xingrg/kc/base/yddb_order_add.html HTTP/1.1" 200 29837
180.152.99.73 - - [03/Mar/2022:09:14:38 +0800] "GET /xingrg/dwr/util.js HTTP/1.1" 304 -
180.152.99.73 - - [03/Mar/2022:09:14:38 +0800] "GET /xingrg/dwr/interface/AjaxYddbService.js HTTP/1.1" 200 13201
180.152.99.73 - - [03/Mar/2022:09:14:38 +0800] "GET /xingrg/dwr/interface/AjaxComOrderService.js HTTP/1.1" 200 18264
180.152.99.73 - - [03/Mar/2022:09:14:38 +0800] "GET /xingrg/dwr/engine.js HTTP/1.1" 200 43631
180.152.99.73 - - [03/Mar/2022:09:14:38 +0800] "GET /xingrg/javascript/jquery_easy_ui/themes/icons/check_new.png HTTP/1.1" 304 -
180.152.99.73 - - [03/Mar/2022:09:14:38 +0800] "GET /xingrg/javascript/jquery_easy_ui/themes/icons/cance_new.png HTTP/1.1" 304 -
180.152.99.73 - - [03/Mar/2022:09:14:38 +0800] "GET /xingrg/images/blue/kc_tab2_right.gif HTTP/1.1" 304 -
180.152.99.73 - - [03/Mar/2022:09:14:38 +0800] "GET /xingrg/images/blue/kc_tab2_left.gif HTTP/1.1" 304 -
222.70.223.103 - - [03/Mar/2022:09:14:39 +0800] "GET /xingrg/kc/buy/cgsh_order_operate.html?command=get_materiel&rest_code=00155&code=00101008210&supplier_code=00100005&order_time=2022-03-03 HTTP/1.1" 200 408
116.224.122.7 - - [03/Mar/2022:09:14:39 +0800] "GET /xingrg/all/function/internal_message.html?_=1646270119130&CODE_STATE=getMsg HTTP/1.1" 200 27
180.152.99.73 - - [03/Mar/2022:09:14:40 +0800] "POST /xingrg/dwr/call/plaincall/AjaxYddbService.getRestBases.dwr HTTP/1.1" 200 1562
180.152.99.39 - - [03/Mar/2022:09:14:40 +0800] "POST /xingrg/kc/buy/cgsh_order_operate.html HTTP/1.1" 200 8562
222.70.223.103 - - [03/Mar/2022:09:14:46 +0800] "GET /xingrg/kc/buy/cgsh_order_operate.html?command=get_materiel&rest_code=00155&code=00101008049&supplier_code=00100005&order_time=2022-03-03 HTTP/1.1" 200 408
180.152.99.73 - - [03/Mar/2022:09:14:48 +0800] "POST /xingrg/dwr/call/plaincall/AjaxYddbService.saveOrder.dwr HTTP/1.1" 200 78
180.152.99.73 - - [03/Mar/2022:09:14:49 +0800] "GET /xingrg/images/yd/bt.gif HTTP/1.1" 404 1040
180.157.251.97 - - [03/Mar/2022:09:14:51 +0800] "GET /xingrg/all/function/internal_message.html?_=1646270092110&CODE_STATE=getMsg HTTP/1.1" 302 -
180.152.99.73 - - [03/Mar/2022:09:14:51 +0800] "POST /xingrg/dwr/call/plaincall/AjaxComOrderService.getMaterielSearchList.dwr HTTP/1.1" 200 922
180.152.99.73 - - [03/Mar/2022:09:14:52 +0800] "POST /xingrg/dwr/call/plaincall/AjaxComOrderService.getMaterielSearchList.dwr HTTP/1.1" 200 922
222.70.223.103 - - [03/Mar/2022:09:14:52 +0800] "GET /xingrg/kc/buy/cgsh_order_operate.html?command=get_materiel&rest_code=00155&code=00101008149&supplier_code=00100005&order_time=2022-03-03 HTTP/1.1" 200 408
180.152.99.73 - - [03/Mar/2022:09:14:53 +0800] "POST /xingrg/dwr/call/plaincall/AjaxYddbService.getMaterielByMap.dwr HTTP/1.1" 200 3762
124.79.79.90 - - [03/Mar/2022:09:14:54 +0800] "GET /xingrg/all/function/internal_message.html?_=1646270091892&CODE_STATE=getMsg HTTP/1.1" 200 27
180.152.99.73 - - [03/Mar/2022:09:14:56 +0800] "POST /xingrg/dwr/call/plaincall/AjaxYddbService.saveMaterielItem.dwr HTTP/1.1" 200 78
114.83.221.170 - - [03/Mar/2022:09:14:57 +0800] "POST /xingrg/services/DataTransmitService HTTP/1.1" 200 524
114.83.221.170 - - [03/Mar/2022:09:14:58 +0800] "POST /xingrg/services/DataTransmitService HTTP/1.1" 200 1987
222.70.223.103 - - [03/Mar/2022:09:14:59 +0800] "GET /xingrg/kc/buy/cgsh_order_operate.html?command=get_materiel&rest_code=00155&code=00101008207&supplier_code=00100005&order_time=2022-03-03 HTTP/1.1" 200 408
180.152.99.73 - - [03/Mar/2022:09:15:00 +0800] "POST /xingrg/dwr/call/plaincall/AjaxYddbService.checkOrder.dwr HTTP/1.1" 200 78
116.224.122.7 - - [03/Mar/2022:09:15:00 +0800] "POST /xingrg/kc/base/wldb_list_operate.html HTTP/1.1" 200 6110
180.152.99.73 - - [03/Mar/2022:09:15:02 +0800] "GET /xingrg/kc/base/yddb_order_info.html?code=482022030300013 HTTP/1.1" 200 29504
180.152.99.73 - - [03/Mar/2022:09:15:02 +0800] "GET /xingrg/dwr/interface/AjaxComOrderService.js HTTP/1.1" 200 18264
180.152.99.73 - - [03/Mar/2022:09:15:02 +0800] "GET /xingrg/dwr/interface/AjaxYddbService.js HTTP/1.1" 200 13201
180.152.99.73 - - [03/Mar/2022:09:15:02 +0800] "GET /xingrg/dwr/engine.js HTTP/1.1" 200 43631
180.152.99.73 - - [03/Mar/2022:09:15:02 +0800] "POST /xingrg/dwr/call/plaincall/AjaxYddbService.loadMaterielItems.dwr HTTP/1.1" 200 395
180.152.99.39 - - [03/Mar/2022:09:15:06 +0800] "GET /xingrg/all/function/internal_message.html?_=1646270006468&CODE_STATE=getMsg HTTP/1.1" 200 27
114.83.221.170 - - [03/Mar/2022:09:15:06 +0800] "POST /xingrg/services/DataTransmitService HTTP/1.1" 200 524
222.70.223.103 - - [03/Mar/2022:09:15:07 +0800] "GET /xingrg/kc/buy/cgsh_order_operate.html?command=get_materiel&rest_code=00155&code=00101008321&supplier_code=00100005&order_time=2022-03-03 HTTP/1.1" 200 412
116.224.122.7 - - [03/Mar/2022:09:15:08 +0800] "POST /xingrg/kc/base/wldb_list_operate.html HTTP/1.1" 200 6216
114.83.221.170 - - [03/Mar/2022:09:15:08 +0800] "GET /xingrg/check_reg.html?_=1646270106311 HTTP/1.1" 200 22
180.152.99.73 - - [03/Mar/2022:09:15:10 +0800] "GET /xingrg/kc/base/yddb_order_report.html?fileType=servlets/html&code=482022030300013&reportName=ck_order_report&subName=yddb HTTP/1.1" 302 -
180.152.99.73 - - [03/Mar/2022:09:15:11 +0800] "GET /xingrg/servlets/html?sysBaseUrl=http%3A%2F%2F180.169.147.146%3A18081%2Fxingrg%2F&costTime=80×tamp=1646270110979 HTTP/1.1" 200 14756
180.152.99.73 - - [03/Mar/2022:09:15:11 +0800] "GET /xingrg/servlets/image?image=px HTTP/1.1" 200 807
180.152.99.73 - - [03/Mar/2022:09:15:11 +0800] "GET /favicon.ico HTTP/1.1" 404 -
114.83.221.170 - - [03/Mar/2022:09:15:14 +0800] "GET /xingrg/all/function/internal_message.html?_=1646270111743&CODE_STATE=getMsg HTTP/1.1" 200 27
114.88.156.203 - - [03/Mar/2022:09:15:18 +0800] "GET /xingrg/all/function/internal_message.html?_=1646269903392&CODE_STATE=getMsg HTTP/1.1" 200 27
222.70.223.103 - - [03/Mar/2022:09:15:19 +0800] "GET /xingrg/all/function/internal_message.html?_=1646270116675&CODE_STATE=getMsg HTTP/1.1" 200 27
222.70.243.96 - - [03/Mar/2022:09:15:19 +0800] "GET /xingrg/all/function/internal_message.html?_=1646270132576&CODE_STATE=getMsg HTTP/1.1" 200 27
222.70.223.103 - - [03/Mar/2022:09:15:26 +0800] "GET /xingrg/kc/buy/cgsh_order_operate.html?command=get_materiel&rest_code=00155&code=00101008298&supplier_code=00100005&order_time=2022-03-03 HTTP/1.1" 200 432
180.152.99.73 - - [03/Mar/2022:09:15:26 +0800] "GET /xingrg/all/function/internal_message.html?_=1646270127105&CODE_STATE=getMsg HTTP/1.1" 200 27
116.224.122.7 - - [03/Mar/2022:09:15:29 +0800] "POST /xingrg/kc/base/wldb_list_operate.html HTTP/1.1" 200 6110
114.83.221.170 - - [03/Mar/2022:09:15:36 +0800] "POST /xingrg/services/DataTransmitService HTTP/1.1" 200 501
114.83.221.170 - - [03/Mar/2022:09:15:36 +0800] "POST /xingrg/services/DataTransmitService HTTP/1.1" 200 501
116.224.122.7 - - [03/Mar/2022:09:15:39 +0800] "GET /xingrg/all/function/internal_message.html?_=1646270179143&CODE_STATE=getMsg HTTP/1.1" 200 27
114.83.221.170 - - [03/Mar/2022:09:15:40 +0800] "POST /xingrg/services/DataTransmitService HTTP/1.1" 200 501
180.152.99.39 - - [03/Mar/2022:09:15:43 +0800] "GET /xingrg/kc/buy/cgsh_order_operate.html?command=get_materiel&rest_code=00150&code=00101008357&supplier_code=00100007&order_time=2022-03-03 HTTP/1.1" 200 427
114.83.221.170 - - [03/Mar/2022:09:15:44 +0800] "POST /xingrg/services/DataTransmitService HTTP/1.1" 200 501
114.83.221.170 - - [03/Mar/2022:09:15:45 +0800] "POST /xingrg/services/DataTransmitService HTTP/1.1" 200 501
114.83.221.170 - - [03/Mar/2022:09:15:48 +0800] "POST /xingrg/services/DataTransmitService HTTP/1.1" 200 501
116.224.122.7 - - [03/Mar/2022:09:15:48 +0800] "POST /xingrg/kc/base/wldb_list_operate.html HTTP/1.1" 200 6216
114.83.221.170 - - [03/Mar/2022:09:15:48 +0800] "POST /xingrg/services/DataTransmitService HTTP/1.1" 200 501
114.83.221.170 - - [03/Mar/2022:09:15:48 +0800] "POST /xingrg/services/DataTransmitService HTTP/1.1" 200 501
114.83.221.170 - - [03/Mar/2022:09:15:49 +0800] "POST /xingrg/services/DataTransmitService HTTP/1.1" 200 412
222.70.223.103 - - [03/Mar/2022:09:15:50 +0800] "GET /xingrg/kc/buy/cgsh_order_operate.html?command=get_materiel&rest_code=00155&code=00101008042&supplier_code=00100005&order_time=2022-03-03 HTTP/1.1" 200 437
180.157.251.97 - - [03/Mar/2022:09:15:51 +0800] "GET /xingrg/all/function/internal_message.html?_=1646270152095&CODE_STATE=getMsg HTTP/1.1" 302 -
180.152.99.39 - - [03/Mar/2022:09:15:51 +0800] "GET /xingrg/kc/buy/cgsh_order_operate.html?command=get_materiel&rest_code=00150&code=00101008286&supplier_code=00100007&order_time=2022-03-03 HTTP/1.1" 200 429
124.79.79.90 - - [03/Mar/2022:09:15:54 +0800] "GET /xingrg/all/function/internal_message.html?_=1646270151881&CODE_STATE=getMsg HTTP/1.1" 200 27
114.83.221.170 - - [03/Mar/2022:09:15:55 +0800] "GET /xingrg/kc/buy/cgsh_order_operate.html?command=get_materiel&rest_code=00149&code=00101008091&supplier_code=00100005&order_time=2022-03-02 HTTP/1.1" 200 433
222.70.223.103 - - [03/Mar/2022:09:15:57 +0800] "GET /xingrg/kc/buy/cgsh_order_operate.html?command=get_materiel&rest_code=00155&code=00101008010&supplier_code=00100005&order_time=2022-03-03 HTTP/1.1" 200 432
180.152.99.39 - - [03/Mar/2022:09:15:57 +0800] "GET /xingrg/kc/buy/cgsh_order_operate.html?command=get_materiel&rest_code=00150&code=00101008131&supplier_code=00100007&order_time=2022-03-03 HTTP/1.1" 200 428
222.70.223.103 - - [03/Mar/2022:09:16:02 +0800] "GET /xingrg/kc/buy/cgsh_order_operate.html?command=get_materiel&rest_code=00155&code=00101008646&supplier_code=00100005&order_time=2022-03-03 HTTP/1.1" 200 418
114.83.221.170 - - [03/Mar/2022:09:16:04 +0800] "GET /xingrg/kc/buy/cgsh_order_operate.html?command=get_materiel&rest_code=00149&code=00101008330&supplier_code=00100005&order_time=2022-03-02 HTTP/1.1" 200 409
180.152.99.39 - - [03/Mar/2022:09:16:05 +0800] "GET /xingrg/kc/buy/cgsh_order_operate.html?command=get_materiel&rest_code=00150&code=00101008095&supplier_code=00100007&order_time=2022-03-03 HTTP/1.1" 200 432
180.152.99.39 - - [03/Mar/2022:09:16:06 +0800] "GET /xingrg/all/function/internal_message.html?_=1646270066552&CODE_STATE=getMsg HTTP/1.1" 200 27
222.70.223.103 - - [03/Mar/2022:09:16:09 +0800] "GET /xingrg/kc/buy/cgsh_order_operate.html?command=get_materiel&rest_code=00155&code=00101008355&supplier_code=00100005&order_time=2022-03-03 HTTP/1.1" 200 429
116.224.122.7 - - [03/Mar/2022:09:16:11 +0800] "GET /xingrg/kc/base/check_order_list.html HTTP/1.1" 200 16138
116.224.122.7 - - [03/Mar/2022:09:16:12 +0800] "POST /xingrg/kc/base/check_list_operate.html HTTP/1.1" 200 4167
114.83.221.170 - - [03/Mar/2022:09:16:14 +0800] "GET /xingrg/all/function/internal_message.html?_=1646270171722&CODE_STATE=getMsg HTTP/1.1" 200 27
116.224.122.7 - - [03/Mar/2022:09:16:15 +0800] "GET /xingrg/css/blue.css HTTP/1.1" 304 -
116.224.122.7 - - [03/Mar/2022:09:16:15 +0800] "GET /xingrg/css/table.css HTTP/1.1" 304 -
116.224.122.7 - - [03/Mar/2022:09:16:15 +0800] "GET /xingrg/javascript/myfunction.js HTTP/1.1" 304 -
116.224.122.7 - - [03/Mar/2022:09:16:15 +0800] "GET /xingrg/dwr/util.js HTTP/1.1" 304 -
116.224.122.7 - - [03/Mar/2022:09:16:15 +0800] "GET /xingrg/javascript/Calendar.js HTTP/1.1" 304 -
116.224.122.7 - - [03/Mar/2022:09:16:15 +0800] "GET /xingrg/kc/base/check_order_info.html?code=452022022800366 HTTP/1.1" 200 26476
116.224.122.7 - - [03/Mar/2022:09:16:15 +0800] "GET /xingrg/dwr/interface/AjaxCheckService.js HTTP/1.1" 200 14003
116.224.122.7 - - [03/Mar/2022:09:16:15 +0800] "GET /xingrg/dwr/interface/AjaxComOrderService.js HTTP/1.1" 200 18264
116.224.122.7 - - [03/Mar/2022:09:16:15 +0800] "GET /xingrg/dwr/engine.js HTTP/1.1" 200 43631
180.152.99.39 - - [03/Mar/2022:09:16:15 +0800] "GET /xingrg/kc/buy/cgsh_order_operate.html?command=get_materiel&rest_code=00150&code=00101008110&supplier_code=00100007&order_time=2022-03-03 HTTP/1.1" 200 428
116.224.122.7 - - [03/Mar/2022:09:16:18 +0800] "GET /xingrg/javascript/AjaxInfoList.js HTTP/1.1" 304 -
222.70.223.103 - - [03/Mar/2022:09:16:18 +0800] "GET /xingrg/kc/buy/cgsh_order_operate.html?command=get_materiel&rest_code=00155&code=00101008264&supplier_code=00100005&order_time=2022-03-03 HTTP/1.1" 200 433
116.224.122.7 - - [03/Mar/2022:09:16:18 +0800] "GET /xingrg/javascript/jquery_easy_ui/themes/icons/check_new.png HTTP/1.1" 304 -
116.224.122.7 - - [03/Mar/2022:09:16:18 +0800] "GET /xingrg/javascript/jquery_easy_ui/themes/icons/cance_new.png HTTP/1.1" 304 -
116.224.122.7 - - [03/Mar/2022:09:16:18 +0800] "GET /xingrg/javascript/jquery_easy_ui/themes/icons/print.png HTTP/1.1" 304 -
