222.70.180.114 - - [03/Mar/2022:09:06:13 +0800] "POST /xingrg/kc/base/wldb_list_operate.html HTTP/1.1" 200 3340
114.83.221.170 - - [03/Mar/2022:09:06:13 +0800] "GET /xingrg/all/function/internal_message.html?_=1646269570749&CODE_STATE=getMsg HTTP/1.1" 200 27
114.88.156.203 - - [03/Mar/2022:09:06:18 +0800] "GET /xingrg/all/function/internal_message.html?_=1646269363359&CODE_STATE=getMsg HTTP/1.1" 200 27
114.88.156.203 - - [03/Mar/2022:09:06:18 +0800] "GET /xingrg/check_reg.html?_=1646269363407 HTTP/1.1" 200 22
222.70.243.96 - - [03/Mar/2022:09:06:19 +0800] "GET /xingrg/all/function/internal_message.html?_=1646269592001&CODE_STATE=getMsg HTTP/1.1" 200 27
222.70.223.103 - - [03/Mar/2022:09:06:19 +0800] "GET /xingrg/check_reg.html?_=1646269576666 HTTP/1.1" 200 22
222.70.223.103 - - [03/Mar/2022:09:06:19 +0800] "GET /xingrg/all/function/internal_message.html?_=1646269576671&CODE_STATE=getMsg HTTP/1.1" 200 27
222.70.180.114 - - [03/Mar/2022:09:06:20 +0800] "POST /xingrg/kc/base/wldb_list_operate.html HTTP/1.1" 200 78
180.152.99.73 - - [03/Mar/2022:09:06:20 +0800] "GET /xingrg/kc/buy/cgsh_order_operate.html?command=get_materiel&rest_code=00151&code=00101006013&supplier_code=00100096&order_time=2022-03-03 HTTP/1.1" 200 409
180.152.99.39 - - [03/Mar/2022:09:06:25 +0800] "GET /xingrg/all/function/internal_message.html?_=1646269485408&CODE_STATE=getMsg HTTP/1.1" 200 27
180.157.251.97 - - [03/Mar/2022:09:06:27 +0800] "GET /xingrg/check_reg.html?_=1646269588422 HTTP/1.1" 302 -
180.152.99.73 - - [03/Mar/2022:09:06:32 +0800] "GET /xingrg/kc/buy/cgsh_order_operate.html?command=get_materiel&rest_code=00151&code=00101010711&supplier_code=00100096&order_time=2022-03-03 HTTP/1.1" 200 392
180.152.99.39 - - [03/Mar/2022:09:06:34 +0800] "GET /xingrg/javascript/jquery_easy_ui/themes/default/images/button_plain_hover.png HTTP/1.1" 304 -
180.152.99.73 - - [03/Mar/2022:09:06:46 +0800] "GET /xingrg/kc/buy/cgsh_order_operate.html?command=get_materiel&rest_code=00151&code=00101006175&supplier_code=00100096&order_time=2022-03-03 HTTP/1.1" 200 414
124.79.244.81 - - [03/Mar/2022:09:06:48 +0800] "GET /favicon.ico HTTP/1.1" 404 -
180.152.99.73 - - [03/Mar/2022:09:06:48 +0800] "GET /xingrg/all/function/internal_message.html?_=1646269608906&CODE_STATE=getMsg HTTP/1.1" 200 27
124.79.244.81 - - [03/Mar/2022:09:06:50 +0800] "GET /xingrg/login.html HTTP/1.1" 200 7641
180.157.251.97 - - [03/Mar/2022:09:06:51 +0800] "GET /xingrg/all/function/internal_message.html?_=1646269612215&CODE_STATE=getMsg HTTP/1.1" 302 -
124.79.79.90 - - [03/Mar/2022:09:06:54 +0800] "GET /xingrg/all/function/internal_message.html?_=1646269611892&CODE_STATE=getMsg HTTP/1.1" 200 27
124.79.244.81 - - [03/Mar/2022:09:06:57 +0800] "GET /xingrg/images/blue/hj.png HTTP/1.1" 200 1014
124.79.244.81 - - [03/Mar/2022:09:06:57 +0800] "GET /xingrg/images/blue/srbg.png HTTP/1.1" 200 138
124.79.244.81 - - [03/Mar/2022:09:06:57 +0800] "GET /xingrg/images/blue/login_bg.png HTTP/1.1" 200 22101
180.152.99.73 - - [03/Mar/2022:09:06:57 +0800] "GET /xingrg/kc/buy/cgsh_order_operate.html?command=get_materiel&rest_code=00151&code=00101007128&supplier_code=00100096&order_time=2022-03-03 HTTP/1.1" 200 406
124.79.244.81 - - [03/Mar/2022:09:06:59 +0800] "GET /favicon.ico HTTP/1.1" 404 -
114.83.221.170 - - [03/Mar/2022:09:07:05 +0800] "GET /xingrg/kc/buy/cgsh_order_operate.html?command=get_materiel&rest_code=00149&code=00101008352&supplier_code=00100005&order_time=2022-03-03 HTTP/1.1" 200 431
180.152.99.73 - - [03/Mar/2022:09:07:08 +0800] "POST /xingrg/kc/buy/cgsh_order_operate.html HTTP/1.1" 200 37
222.70.180.114 - - [03/Mar/2022:09:07:09 +0800] "GET /xingrg/all/function/internal_message.html?_=1646269624953&CODE_STATE=getMsg HTTP/1.1" 200 27
180.152.99.73 - - [03/Mar/2022:09:07:11 +0800] "POST /xingrg/kc/buy/cgsh_order_operate.html HTTP/1.1" 200 12
180.152.99.73 - - [03/Mar/2022:09:07:12 +0800] "GET /xingrg/kc/buy/cgsh_order_info.html?code=212022030300777 HTTP/1.1" 200 60058
180.152.99.73 - - [03/Mar/2022:09:07:12 +0800] "GET /xingrg/javascript/easyui/themes/default/validatebox.css HTTP/1.1" 404 1104
114.83.221.170 - - [03/Mar/2022:09:07:13 +0800] "GET /xingrg/all/function/internal_message.html?_=1646269630736&CODE_STATE=getMsg HTTP/1.1" 200 27
180.152.99.73 - - [03/Mar/2022:09:07:13 +0800] "POST /xingrg/kc/buy/cgsh_order_operate.html HTTP/1.1" 200 5423
180.152.99.73 - - [03/Mar/2022:09:07:14 +0800] "GET /xingrg/kc/print/load_config.html?kc_code=cgsh HTTP/1.1" 200 1943
180.152.99.73 - - [03/Mar/2022:09:07:14 +0800] "GET /xingrg/kc/print/load_data.html?order_code=212022030300777&kc_code=cgsh&condition= HTTP/1.1" 200 2560
114.83.221.170 - - [03/Mar/2022:09:07:17 +0800] "GET /xingrg/kc/buy/cgsh_order_operate.html?command=get_materiel&rest_code=00149&code=00101008098&supplier_code=00100005&order_time=2022-03-03 HTTP/1.1" 200 432
114.88.156.203 - - [03/Mar/2022:09:07:18 +0800] "GET /xingrg/all/function/internal_message.html?_=1646269423359&CODE_STATE=getMsg HTTP/1.1" 200 27
222.70.243.96 - - [03/Mar/2022:09:07:19 +0800] "GET /xingrg/all/function/internal_message.html?_=1646269652173&CODE_STATE=getMsg HTTP/1.1" 200 27
222.70.223.103 - - [03/Mar/2022:09:07:19 +0800] "GET /xingrg/all/function/internal_message.html?_=1646269636664&CODE_STATE=getMsg HTTP/1.1" 200 27
180.152.99.39 - - [03/Mar/2022:09:07:25 +0800] "GET /xingrg/all/function/internal_message.html?_=1646269545428&CODE_STATE=getMsg HTTP/1.1" 200 27
180.152.99.73 - - [03/Mar/2022:09:07:26 +0800] "POST /xingrg/all/user/operate.html HTTP/1.1" 200 36
180.152.99.73 - - [03/Mar/2022:09:07:26 +0800] "GET /xingrg/index.html?sysBaseUrl=http%3A%2F%2F180.169.147.146%3A18081%2Fxingrg%2F&costTime=38×tamp=1646269428293 HTTP/1.1" 200 17179
180.152.99.73 - - [03/Mar/2022:09:07:26 +0800] "GET /xingrg/javascript/jquery_easy_ui/themes/default/easyui.css HTTP/1.1" 304 -
180.152.99.73 - - [03/Mar/2022:09:07:26 +0800] "GET /xingrg/javascript/jquery_easy_ui/themes/icon.css HTTP/1.1" 304 -
180.152.99.73 - - [03/Mar/2022:09:07:26 +0800] "GET /xingrg/css/form.css HTTP/1.1" 304 -
180.152.99.73 - - [03/Mar/2022:09:07:26 +0800] "GET /xingrg/javascript/jquery-1.4.2.min.js HTTP/1.1" 304 -
180.152.99.73 - - [03/Mar/2022:09:07:26 +0800] "GET /xingrg/javascript/jquery_easy_ui/jquery.easyui.min.js HTTP/1.1" 304 -
180.152.99.73 - - [03/Mar/2022:09:07:26 +0800] "GET /xingrg/javascript/jquery_easy_ui/easyui-lang-zh_CN.js HTTP/1.1" 304 -
180.152.99.73 - - [03/Mar/2022:09:07:26 +0800] "GET /xingrg/javascript/jquery.form.js HTTP/1.1" 304 -
180.152.99.73 - - [03/Mar/2022:09:07:26 +0800] "GET /xingrg/javascript/jquery.utils.js HTTP/1.1" 304 -
180.152.99.73 - - [03/Mar/2022:09:07:26 +0800] "GET /xingrg/javascript/jquery.timers.js HTTP/1.1" 304 -
180.152.99.73 - - [03/Mar/2022:09:07:26 +0800] "GET /xingrg/images/blue/jxLogo.png HTTP/1.1" 304 -
180.152.99.73 - - [03/Mar/2022:09:07:26 +0800] "GET /xingrg/images/blue/navBackgound.jpg HTTP/1.1" 304 -
180.152.99.73 - - [03/Mar/2022:09:07:26 +0800] "GET /xingrg/javascript/jquery_easy_ui/themes/icons/settle_new.png HTTP/1.1" 304 -
180.152.99.73 - - [03/Mar/2022:09:07:26 +0800] "POST /xingrg/all/common/load_tree.html?tree=area_rest_tree_json&manage=1 HTTP/1.1" 200 476
180.152.99.73 - - [03/Mar/2022:09:07:26 +0800] "GET /xingrg/all/function/internal_message.html?_=1646269647054&CODE_STATE=count HTTP/1.1" 200 11
180.152.99.73 - - [03/Mar/2022:09:07:26 +0800] "GET /xingrg/check_reg.html?_=1646269647056 HTTP/1.1" 200 22
180.152.99.73 - - [03/Mar/2022:09:07:26 +0800] "GET /xingrg/images/blue/pingpu.png HTTP/1.1" 304 -
180.152.99.73 - - [03/Mar/2022:09:07:26 +0800] "GET /xingrg/javascript/jquery_easy_ui/themes/default/images/panel_tool_collapse.gif HTTP/1.1" 304 -
180.152.99.73 - - [03/Mar/2022:09:07:26 +0800] "GET /xingrg/javascript/jquery_easy_ui/themes/default/images/tabs_leftarrow.png HTTP/1.1" 304 -
180.152.99.73 - - [03/Mar/2022:09:07:26 +0800] "GET /xingrg/javascript/jquery_easy_ui/themes/default/images/tabs_rightarrow.png HTTP/1.1" 304 -
180.152.99.73 - - [03/Mar/2022:09:07:26 +0800] "POST /xingrg/load_menu.html HTTP/1.1" 200 5138
180.152.99.73 - - [03/Mar/2022:09:07:29 +0800] "GET /xingrg/kc/buy/cgsh_order_list.html HTTP/1.1" 200 49792
180.152.99.73 - - [03/Mar/2022:09:07:30 +0800] "POST /xingrg/kc/buy/cgsh_list_operate.html HTTP/1.1" 200 876
180.152.99.73 - - [03/Mar/2022:09:07:31 +0800] "GET /xingrg/kc/buy/cgsh_order_add.html HTTP/1.1" 200 65479
180.152.99.73 - - [03/Mar/2022:09:07:31 +0800] "POST /xingrg/kc/buy/cgsh_order_operate.html HTTP/1.1" 200 8245
180.152.99.73 - - [03/Mar/2022:09:07:31 +0800] "GET /xingrg/all/common/auto_word.html?type=employee&rest_code=00150 HTTP/1.1" 200 159
180.152.99.73 - - [03/Mar/2022:09:07:31 +0800] "GET /xingrg/javascript/easyui/themes/default/validatebox.css HTTP/1.1" 404 1104
180.152.99.73 - - [03/Mar/2022:09:07:31 +0800] "GET /xingrg/all/common/auto_word.html?type=employee&rest_code=00150 HTTP/1.1" 200 159
180.152.99.73 - - [03/Mar/2022:09:07:32 +0800] "GET /xingrg/javascript/auto/indicator.gif HTTP/1.1" 404 1066
116.224.122.7 - - [03/Mar/2022:09:07:38 +0800] "GET /favicon.ico HTTP/1.1" 404 -
116.224.122.7 - - [03/Mar/2022:09:07:39 +0800] "GET /favicon.ico HTTP/1.1" 404 -
116.224.122.7 - - [03/Mar/2022:09:07:39 +0800] "GET /favicon.ico HTTP/1.1" 404 -
180.152.99.73 - - [03/Mar/2022:09:07:40 +0800] "GET /xingrg/kc/buy/cgsh_order_operate.html?command=get_materiel&rest_code=00150&code=00101001084&supplier_code=00100096&order_time=2022-03-03 HTTP/1.1" 200 415
116.224.122.7 - - [03/Mar/2022:09:07:40 +0800] "GET /favicon.ico HTTP/1.1" 404 -
116.224.122.7 - - [03/Mar/2022:09:07:41 +0800] "GET /favicon.ico HTTP/1.1" 404 -
116.224.122.7 - - [03/Mar/2022:09:07:41 +0800] "GET /favicon.ico HTTP/1.1" 404 -
116.224.122.7 - - [03/Mar/2022:09:07:42 +0800] "GET /favicon.ico HTTP/1.1" 404 -
116.224.122.7 - - [03/Mar/2022:09:07:42 +0800] "GET /favicon.ico HTTP/1.1" 404 -
116.224.122.7 - - [03/Mar/2022:09:07:43 +0800] "GET /favicon.ico HTTP/1.1" 404 -
116.224.122.7 - - [03/Mar/2022:09:07:44 +0800] "GET /favicon.ico HTTP/1.1" 404 -
114.83.221.170 - - [03/Mar/2022:09:07:44 +0800] "GET /xingrg/kc/buy/cgsh_order_operate.html?command=get_materiel&rest_code=00149&code=00101008005&supplier_code=00100005&order_time=2022-03-03 HTTP/1.1" 200 432
116.224.122.7 - - [03/Mar/2022:09:07:46 +0800] "GET /xingrg/login.html HTTP/1.1" 200 7641
116.224.122.7 - - [03/Mar/2022:09:07:47 +0800] "GET /xingrg/images/blue/jxLogo.png HTTP/1.1" 304 -
116.224.122.7 - - [03/Mar/2022:09:07:47 +0800] "GET /xingrg/images/blue/login_bg.png HTTP/1.1" 304 -
116.224.122.7 - - [03/Mar/2022:09:07:47 +0800] "GET /xingrg/images/blue/srbg.png HTTP/1.1" 304 -
116.224.122.7 - - [03/Mar/2022:09:07:47 +0800] "GET /xingrg/images/blue/hj.png HTTP/1.1" 304 -
116.224.122.7 - - [03/Mar/2022:09:07:48 +0800] "GET /favicon.ico HTTP/1.1" 404 -
180.157.251.97 - - [03/Mar/2022:09:07:51 +0800] "GET /xingrg/all/function/internal_message.html?_=1646269672229&CODE_STATE=getMsg HTTP/1.1" 302 -
180.152.99.73 - - [03/Mar/2022:09:07:53 +0800] "GET /xingrg/kc/buy/cgsh_order_operate.html?command=get_materiel&rest_code=00150&code=00101012025&supplier_code=00100096&order_time=2022-03-03 HTTP/1.1" 200 435
124.79.79.90 - - [03/Mar/2022:09:07:54 +0800] "GET /xingrg/check_reg.html?_=1646269671880 HTTP/1.1" 200 22
124.79.79.90 - - [03/Mar/2022:09:07:54 +0800] "GET /xingrg/all/function/internal_message.html?_=1646269671885&CODE_STATE=getMsg HTTP/1.1" 200 27
114.83.221.170 - - [03/Mar/2022:09:07:55 +0800] "POST /xingrg/kc/buy/cgsh_order_operate.html HTTP/1.1" 200 2065
222.70.180.114 - - [03/Mar/2022:09:08:00 +0800] "POST /xingrg/kc/base/wldb_list_operate.html HTTP/1.1" 200 595
222.70.180.114 - - [03/Mar/2022:09:08:01 +0800] "GET /xingrg/kc/base/wldb_order_info.html?code=422022030200220 HTTP/1.1" 200 30249
222.70.180.114 - - [03/Mar/2022:09:08:01 +0800] "GET /xingrg/words/20220302153652_words.js HTTP/1.1" 304 -
222.70.180.114 - - [03/Mar/2022:09:08:02 +0800] "GET /xingrg/all/common/auto_word.html?type=base&rest_code=00111 HTTP/1.1" 200 1753
222.70.180.114 - - [03/Mar/2022:09:08:02 +0800] "GET /xingrg/all/common/auto_word.html?type=base&rest_code=00111 HTTP/1.1" 200 1753
222.70.180.114 - - [03/Mar/2022:09:08:02 +0800] "GET /xingrg/javascript/easyui/themes/default/validatebox.css HTTP/1.1" 404 1104
222.70.180.114 - - [03/Mar/2022:09:08:02 +0800] "POST /xingrg/kc/base/wldb_order_operate.html HTTP/1.1" 200 30522
180.152.99.73 - - [03/Mar/2022:09:08:03 +0800] "GET /xingrg/kc/buy/cgsh_order_operate.html?command=get_materiel&rest_code=00150&code=00101006129&supplier_code=00100096&order_time=2022-03-03 HTTP/1.1" 200 452
114.83.221.170 - - [03/Mar/2022:09:08:08 +0800] "GET /xingrg/kc/buy/cgsh_order_operate.html?command=get_materiel&rest_code=00149&code=00101008353&supplier_code=00100005&order_time=2022-03-03 HTTP/1.1" 200 429
222.70.180.114 - - [03/Mar/2022:09:08:09 +0800] "GET /xingrg/all/function/internal_message.html?_=1646269684943&CODE_STATE=getMsg HTTP/1.1" 200 27
114.83.221.170 - - [03/Mar/2022:09:08:13 +0800] "GET /xingrg/all/function/internal_message.html?_=1646269690756&CODE_STATE=getMsg HTTP/1.1" 200 27
180.152.99.39 - - [03/Mar/2022:09:08:13 +0800] "GET /xingrg/check_reg.html?_=1646269593610 HTTP/1.1" 200 22
116.224.122.7 - - [03/Mar/2022:09:08:14 +0800] "POST /xingrg/login.do HTTP/1.1" 302 -
116.224.122.7 - - [03/Mar/2022:09:08:14 +0800] "GET /xingrg/index.html?sysBaseUrl=http%3A%2F%2F180.169.147.146%3A18081%2Fxingrg%2F&costTime=39×tamp=1646269694405 HTTP/1.1" 200 17173
116.224.122.7 - - [03/Mar/2022:09:08:14 +0800] "GET /xingrg/javascript/jquery_easy_ui/themes/icon.css HTTP/1.1" 304 -
116.224.122.7 - - [03/Mar/2022:09:08:14 +0800] "GET /xingrg/javascript/jquery_easy_ui/themes/default/easyui.css HTTP/1.1" 304 -
116.224.122.7 - - [03/Mar/2022:09:08:14 +0800] "GET /xingrg/css/form.css HTTP/1.1" 304 -
116.224.122.7 - - [03/Mar/2022:09:08:14 +0800] "GET /xingrg/javascript/jquery-1.4.2.min.js HTTP/1.1" 304 -
116.224.122.7 - - [03/Mar/2022:09:08:14 +0800] "GET /xingrg/javascript/jquery_easy_ui/jquery.easyui.min.js HTTP/1.1" 304 -
116.224.122.7 - - [03/Mar/2022:09:08:14 +0800] "GET /xingrg/javascript/jquery.form.js HTTP/1.1" 304 -
116.224.122.7 - - [03/Mar/2022:09:08:14 +0800] "GET /xingrg/javascript/jquery_easy_ui/easyui-lang-zh_CN.js HTTP/1.1" 304 -
116.224.122.7 - - [03/Mar/2022:09:08:14 +0800] "GET /xingrg/javascript/jquery.utils.js HTTP/1.1" 304 -
116.224.122.7 - - [03/Mar/2022:09:08:14 +0800] "GET /xingrg/javascript/jquery.timers.js HTTP/1.1" 304 -
116.224.122.7 - - [03/Mar/2022:09:08:14 +0800] "GET /xingrg/images/blue/navBackgound.jpg HTTP/1.1" 304 -
116.224.122.7 - - [03/Mar/2022:09:08:14 +0800] "GET /xingrg/javascript/jquery_easy_ui/themes/icons/settle_new.png HTTP/1.1" 304 -
116.224.122.7 - - [03/Mar/2022:09:08:14 +0800] "GET /favicon.ico HTTP/1.1" 404 -
116.224.122.7 - - [03/Mar/2022:09:08:15 +0800] "GET /xingrg/images/blue/pingpu.png HTTP/1.1" 304 -
116.224.122.7 - - [03/Mar/2022:09:08:15 +0800] "GET /xingrg/javascript/jquery_easy_ui/themes/default/images/tabs_leftarrow.png HTTP/1.1" 304 -
116.224.122.7 - - [03/Mar/2022:09:08:15 +0800] "GET /xingrg/javascript/jquery_easy_ui/themes/default/images/tabs_rightarrow.png HTTP/1.1" 304 -
116.224.122.7 - - [03/Mar/2022:09:08:15 +0800] "POST /xingrg/all/common/load_tree.html?tree=area_rest_tree_json&manage=1 HTTP/1.1" 200 342
116.224.122.7 - - [03/Mar/2022:09:08:15 +0800] "GET /xingrg/javascript/jquery_easy_ui/themes/default/images/panel_tool_collapse.gif HTTP/1.1" 304 -
116.224.122.7 - - [03/Mar/2022:09:08:15 +0800] "GET /xingrg/all/function/internal_message.html?_=1646269734976&CODE_STATE=count HTTP/1.1" 200 11
116.224.122.7 - - [03/Mar/2022:09:08:15 +0800] "GET /xingrg/check_reg.html?_=1646269734977 HTTP/1.1" 200 22
116.224.122.7 - - [03/Mar/2022:09:08:15 +0800] "POST /xingrg/load_menu.html HTTP/1.1" 200 5138
116.224.122.7 - - [03/Mar/2022:09:08:15 +0800] "GET /xingrg/javascript/jquery_easy_ui/themes/default/images/tree_arrows.gif HTTP/1.1" 304 -
116.224.122.7 - - [03/Mar/2022:09:08:15 +0800] "GET /xingrg/javascript/jquery_easy_ui/themes/default/images/tree_folder_open.gif HTTP/1.1" 304 -
116.224.122.7 - - [03/Mar/2022:09:08:15 +0800] "GET /xingrg/javascript/jquery_easy_ui/themes/icons/search_new.png HTTP/1.1" 304 -
116.224.122.7 - - [03/Mar/2022:09:08:15 +0800] "GET /xingrg/javascript/jquery_easy_ui/themes/default/images/tree_folder.gif HTTP/1.1" 304 -
116.224.122.7 - - [03/Mar/2022:09:08:15 +0800] "GET /xingrg/javascript/jquery_easy_ui/themes/icons/forms_new.png HTTP/1.1" 304 -
116.224.122.7 - - [03/Mar/2022:09:08:15 +0800] "GET /xingrg/javascript/jquery_easy_ui/themes/icons/storage_new.png HTTP/1.1" 304 -
116.224.122.7 - - [03/Mar/2022:09:08:15 +0800] "GET /xingrg/javascript/jquery_easy_ui/themes/default/images/tree_file.gif HTTP/1.1" 304 -
180.152.99.73 - - [03/Mar/2022:09:08:17 +0800] "GET /xingrg/kc/buy/cgsh_order_operate.html?command=get_materiel&rest_code=00150&code=00101006111&supplier_code=00100096&order_time=2022-03-03 HTTP/1.1" 200 411
114.88.156.203 - - [03/Mar/2022:09:08:18 +0800] "GET /xingrg/all/function/internal_message.html?_=1646269483358&CODE_STATE=getMsg HTTP/1.1" 200 27
222.70.243.96 - - [03/Mar/2022:09:08:18 +0800] "GET /xingrg/check_reg.html?_=1646269711420 HTTP/1.1" 200 22
222.70.223.103 - - [03/Mar/2022:09:08:19 +0800] "GET /xingrg/all/function/internal_message.html?_=1646269696684&CODE_STATE=getMsg HTTP/1.1" 200 27
222.70.243.96 - - [03/Mar/2022:09:08:19 +0800] "GET /xingrg/all/function/internal_message.html?_=1646269712330&CODE_STATE=getMsg HTTP/1.1" 200 27
222.70.180.114 - - [03/Mar/2022:09:08:25 +0800] "POST /xingrg/kc/base/wldb_order_operate.html HTTP/1.1" 200 37
180.152.99.39 - - [03/Mar/2022:09:08:25 +0800] "GET /xingrg/all/function/internal_message.html?_=1646269605437&CODE_STATE=getMsg HTTP/1.1" 200 27
222.70.180.114 - - [03/Mar/2022:09:08:25 +0800] "POST /xingrg/kc/base/wldb_order_operate.html HTTP/1.1" 200 30523
222.70.180.114 - - [03/Mar/2022:09:08:26 +0800] "GET /xingrg/kc/base/wldb_order_info.html?code=422022030200220 HTTP/1.1" 200 30249
180.152.99.73 - - [03/Mar/2022:09:08:26 +0800] "GET /xingrg/all/function/internal_message.html?_=1646269707061&CODE_STATE=getMsg HTTP/1.1" 200 27
222.70.180.114 - - [03/Mar/2022:09:08:27 +0800] "GET /xingrg/javascript/easyui/themes/default/validatebox.css HTTP/1.1" 404 1104
222.70.180.114 - - [03/Mar/2022:09:08:27 +0800] "POST /xingrg/kc/base/wldb_order_operate.html HTTP/1.1" 200 30523
114.83.221.170 - - [03/Mar/2022:09:08:32 +0800] "GET /xingrg/kc/buy/cgsh_order_operate.html?command=get_materiel&rest_code=00149&code=00101008213&supplier_code=00100005&order_time=2022-03-03 HTTP/1.1" 200 432
180.152.99.39 - - [03/Mar/2022:09:08:35 +0800] "GET /xingrg/javascript/jquery_easy_ui/themes/icons/ok.png HTTP/1.1" 304 -
180.152.99.39 - - [03/Mar/2022:09:08:35 +0800] "GET /xingrg/javascript/jquery_easy_ui/themes/default/images/button_span_bg.gif HTTP/1.1" 304 -
180.152.99.39 - - [03/Mar/2022:09:08:35 +0800] "GET /xingrg/javascript/jquery_easy_ui/themes/default/images/button_a_bg.gif HTTP/1.1" 304 -
180.152.99.39 - - [03/Mar/2022:09:08:35 +0800] "GET /xingrg/javascript/jquery_easy_ui/themes/default/images/panel_title.png HTTP/1.1" 304 -
180.152.99.39 - - [03/Mar/2022:09:08:35 +0800] "GET /xingrg/javascript/jquery_easy_ui/themes/default/images/panel_tools.gif HTTP/1.1" 304 -
180.152.99.39 - - [03/Mar/2022:09:08:39 +0800] "GET /xingrg/images/control/ajaxLoader.gif HTTP/1.1" 304 -
180.152.99.39 - - [03/Mar/2022:09:08:39 +0800] "POST /xingrg/all/user/operate.html HTTP/1.1" 200 36
180.152.99.39 - - [03/Mar/2022:09:08:39 +0800] "GET /xingrg/javascript/jquery_easy_ui/themes/default/easyui.css HTTP/1.1" 304 -
180.152.99.39 - - [03/Mar/2022:09:08:39 +0800] "GET /xingrg/javascript/jquery_easy_ui/themes/icon.css HTTP/1.1" 304 -
180.152.99.39 - - [03/Mar/2022:09:08:39 +0800] "GET /xingrg/index.html?sysBaseUrl=http%3A%2F%2F180.169.147.146%3A18081%2Fxingrg%2F&costTime=39×tamp=1646183361585 HTTP/1.1" 200 17179
180.152.99.39 - - [03/Mar/2022:09:08:39 +0800] "GET /xingrg/css/form.css HTTP/1.1" 304 -
180.152.99.39 - - [03/Mar/2022:09:08:39 +0800] "GET /xingrg/javascript/jquery-1.4.2.min.js HTTP/1.1" 304 -
180.152.99.39 - - [03/Mar/2022:09:08:39 +0800] "GET /xingrg/javascript/jquery_easy_ui/jquery.easyui.min.js HTTP/1.1" 304 -
180.152.99.39 - - [03/Mar/2022:09:08:39 +0800] "GET /xingrg/javascript/jquery_easy_ui/easyui-lang-zh_CN.js HTTP/1.1" 304 -
180.152.99.39 - - [03/Mar/2022:09:08:39 +0800] "GET /xingrg/javascript/jquery.form.js HTTP/1.1" 304 -
180.152.99.39 - - [03/Mar/2022:09:08:39 +0800] "GET /xingrg/javascript/jquery.utils.js HTTP/1.1" 304 -
180.152.99.39 - - [03/Mar/2022:09:08:39 +0800] "GET /xingrg/javascript/jquery.timers.js HTTP/1.1" 304 -
180.152.99.39 - - [03/Mar/2022:09:08:39 +0800] "GET /xingrg/images/blue/navBackgound.jpg HTTP/1.1" 304 -
180.152.99.39 - - [03/Mar/2022:09:08:39 +0800] "GET /xingrg/images/blue/jxLogo.png HTTP/1.1" 304 -
180.152.99.39 - - [03/Mar/2022:09:08:39 +0800] "GET /xingrg/javascript/jquery_easy_ui/themes/icons/settle_new.png HTTP/1.1" 304 -
180.152.99.39 - - [03/Mar/2022:09:08:39 +0800] "POST /xingrg/all/common/load_tree.html?tree=area_rest_tree_json&manage=1 HTTP/1.1" 200 476
180.152.99.39 - - [03/Mar/2022:09:08:39 +0800] "GET /xingrg/images/blue/pingpu.png HTTP/1.1" 304 -
180.152.99.39 - - [03/Mar/2022:09:08:39 +0800] "GET /xingrg/javascript/jquery_easy_ui/themes/default/images/tabs_leftarrow.png HTTP/1.1" 304 -
180.152.99.39 - - [03/Mar/2022:09:08:39 +0800] "GET /xingrg/javascript/jquery_easy_ui/themes/default/images/tabs_rightarrow.png HTTP/1.1" 304 -
180.152.99.39 - - [03/Mar/2022:09:08:39 +0800] "GET /xingrg/javascript/jquery_easy_ui/themes/default/images/panel_tool_collapse.gif HTTP/1.1" 304 -
180.152.99.39 - - [03/Mar/2022:09:08:39 +0800] "GET /xingrg/all/function/internal_message.html?_=1646269619516&CODE_STATE=count HTTP/1.1" 200 11
180.152.99.39 - - [03/Mar/2022:09:08:39 +0800] "GET /xingrg/check_reg.html?_=1646269619517 HTTP/1.1" 200 22
180.152.99.39 - - [03/Mar/2022:09:08:39 +0800] "POST /xingrg/load_menu.html HTTP/1.1" 200 5138
180.152.99.39 - - [03/Mar/2022:09:08:39 +0800] "GET /xingrg/javascript/jquery_easy_ui/themes/default/images/tree_arrows.gif HTTP/1.1" 304 -
180.152.99.39 - - [03/Mar/2022:09:08:39 +0800] "GET /xingrg/javascript/jquery_easy_ui/themes/default/images/tree_folder_open.gif HTTP/1.1" 304 -
180.152.99.39 - - [03/Mar/2022:09:08:39 +0800] "GET /xingrg/javascript/jquery_easy_ui/themes/default/images/tree_folder.gif HTTP/1.1" 304 -
180.152.99.39 - - [03/Mar/2022:09:08:39 +0800] "GET /xingrg/javascript/jquery_easy_ui/themes/icons/search_new.png HTTP/1.1" 304 -
180.152.99.39 - - [03/Mar/2022:09:08:39 +0800] "GET /xingrg/javascript/jquery_easy_ui/themes/icons/storage_new.png HTTP/1.1" 304 -
180.152.99.39 - - [03/Mar/2022:09:08:39 +0800] "GET /xingrg/javascript/jquery_easy_ui/themes/icons/forms_new.png HTTP/1.1" 304 -
180.152.99.39 - - [03/Mar/2022:09:08:39 +0800] "GET /xingrg/javascript/jquery_easy_ui/themes/default/images/tree_file.gif HTTP/1.1" 304 -
180.152.99.39 - - [03/Mar/2022:09:08:42 +0800] "GET /xingrg/javascript/jquery_easy_ui/themes/default/images/tabs_close.gif HTTP/1.1" 304 -
180.152.99.39 - - [03/Mar/2022:09:08:42 +0800] "GET /xingrg/css/base.css HTTP/1.1" 304 -
180.152.99.39 - - [03/Mar/2022:09:08:42 +0800] "GET /xingrg/css/site.css HTTP/1.1" 304 -
180.152.99.39 - - [03/Mar/2022:09:08:42 +0800] "GET /xingrg/javascript/jquery_tools/datebox.css HTTP/1.1" 304 -
180.152.99.39 - - [03/Mar/2022:09:08:42 +0800] "GET /xingrg/javascript/easyui/themes/icon.css HTTP/1.1" 304 -
180.152.99.39 - - [03/Mar/2022:09:08:42 +0800] "GET /xingrg/javascript/auto/jquery.autocomplete.css HTTP/1.1" 304 -
180.152.99.39 - - [03/Mar/2022:09:08:42 +0800] "GET /xingrg/javascript/auto/jquery.autocomplete.js HTTP/1.1" 304 -
180.152.99.39 - - [03/Mar/2022:09:08:42 +0800] "GET /xingrg/javascript/easyui/easyloader.js HTTP/1.1" 304 -
180.152.99.39 - - [03/Mar/2022:09:08:42 +0800] "GET /xingrg/javascript/jquery_tools/jquery.tools.table.js HTTP/1.1" 304 -
180.152.99.39 - - [03/Mar/2022:09:08:42 +0800] "GET /xingrg/javascript/jquery_tools/table.css HTTP/1.1" 304 -
180.152.99.39 - - [03/Mar/2022:09:08:42 +0800] "GET /xingrg/javascript/jquery_tools/list_manager.js HTTP/1.1" 304 -
180.152.99.39 - - [03/Mar/2022:09:08:42 +0800] "GET /xingrg/javascript/jquery_tools/fix.css HTTP/1.1" 304 -
180.152.99.39 - - [03/Mar/2022:09:08:42 +0800] "GET /xingrg/javascript/jquery_tools/jquery.tools.hotkey.js HTTP/1.1" 304 -
180.152.99.39 - - [03/Mar/2022:09:08:42 +0800] "GET /xingrg/javascript/jquery_tools/jquery.tools.min.js HTTP/1.1" 304 -
180.152.99.39 - - [03/Mar/2022:09:08:42 +0800] "GET /xingrg/javascript/jquery_tools/jquery.tools.extend.js HTTP/1.1" 304 -
180.152.99.39 - - [03/Mar/2022:09:08:42 +0800] "GET /xingrg/javascript/jquery.cookie.js HTTP/1.1" 304 -
180.152.99.39 - - [03/Mar/2022:09:08:42 +0800] "GET /xingrg/javascript/print/LodopFuncs.js HTTP/1.1" 304 -
180.152.99.39 - - [03/Mar/2022:09:08:42 +0800] "GET /xingrg/javascript/easyui/themes/default/easyui.css HTTP/1.1" 304 -
180.152.99.39 - - [03/Mar/2022:09:08:42 +0800] "GET /xingrg/kc/buy/cgsh_order_list.html HTTP/1.1" 200 49792
180.152.99.39 - - [03/Mar/2022:09:08:42 +0800] "GET /xingrg/javascript/easyui/themes/icons/edit_add_new.png HTTP/1.1" 304 -
180.152.99.39 - - [03/Mar/2022:09:08:42 +0800] "GET /xingrg/javascript/easyui/themes/icons/check_new.png HTTP/1.1" 304 -
180.152.99.39 - - [03/Mar/2022:09:08:42 +0800] "GET /xingrg/javascript/easyui/themes/icons/cance_new.png HTTP/1.1" 304 -
180.152.99.39 - - [03/Mar/2022:09:08:42 +0800] "GET /xingrg/javascript/easyui/themes/icons/field_new.png HTTP/1.1" 304 -
180.152.99.39 - - [03/Mar/2022:09:08:42 +0800] "GET /xingrg/javascript/easyui/themes/icons/import_new.png HTTP/1.1" 304 -
180.152.99.39 - - [03/Mar/2022:09:08:42 +0800] "GET /xingrg/javascript/easyui/plugins/jquery.parser.js HTTP/1.1" 304 -
180.152.99.39 - - [03/Mar/2022:09:08:43 +0800] "POST /xingrg/kc/buy/cgsh_list_operate.html HTTP/1.1" 200 876
180.152.99.39 - - [03/Mar/2022:09:08:43 +0800] "GET /xingrg/javascript/easyui/themes/default/images/button_plain_hover.png HTTP/1.1" 304 -
180.152.99.39 - - [03/Mar/2022:09:08:46 +0800] "GET /xingrg/javascript/pic_change.js HTTP/1.1" 304 -
180.152.99.39 - - [03/Mar/2022:09:08:46 +0800] "GET /xingrg/javascript/jquery_tools/order_manager.js HTTP/1.1" 304 -
180.152.99.39 - - [03/Mar/2022:09:08:46 +0800] "GET /xingrg/javascript/convert.js HTTP/1.1" 304 -
180.152.99.39 - - [03/Mar/2022:09:08:46 +0800] "GET /xingrg/javascript/json2.js HTTP/1.1" 304 -
180.152.99.39 - - [03/Mar/2022:09:08:46 +0800] "GET /xingrg/javascript/print/kc_print.js HTTP/1.1" 304 -
180.152.99.39 - - [03/Mar/2022:09:08:46 +0800] "GET /xingrg/kc/buy/cgsh_order_add.html HTTP/1.1" 200 65491
180.152.99.39 - - [03/Mar/2022:09:08:46 +0800] "GET /xingrg/words/20220302153652_words.js HTTP/1.1" 304 -
180.152.99.39 - - [03/Mar/2022:09:08:46 +0800] "GET /xingrg/javascript/easyui/themes/icons/copy_new.png HTTP/1.1" 304 -
180.152.99.39 - - [03/Mar/2022:09:08:46 +0800] "GET /xingrg/javascript/easyui/themes/icons/template_new.png HTTP/1.1" 304 -
180.152.99.39 - - [03/Mar/2022:09:08:46 +0800] "GET /xingrg/javascript/easyui/themes/icons/ok.png HTTP/1.1" 304 -
180.152.99.39 - - [03/Mar/2022:09:08:46 +0800] "GET /xingrg/javascript/easyui/themes/default/images/menu_downarrow.png HTTP/1.1" 304 -
180.152.99.39 - - [03/Mar/2022:09:08:46 +0800] "GET /xingrg/javascript/easyui/themes/icons/print.png HTTP/1.1" 304 -
180.152.99.39 - - [03/Mar/2022:09:08:46 +0800] "GET /xingrg/javascript/easyui/themes/icons/cancel.png HTTP/1.1" 304 -
180.152.99.39 - - [03/Mar/2022:09:08:46 +0800] "POST /xingrg/kc/buy/cgsh_order_operate.html HTTP/1.1" 200 8245
180.152.99.39 - - [03/Mar/2022:09:08:46 +0800] "GET /xingrg/javascript/easyui/themes/icons/edit_remove.png HTTP/1.1" 304 -
180.152.99.39 - - [03/Mar/2022:09:08:46 +0800] "GET /xingrg/all/common/auto_word.html?type=employee&rest_code=00150 HTTP/1.1" 200 159
180.152.99.39 - - [03/Mar/2022:09:08:46 +0800] "GET /xingrg/all/common/auto_word.html?type=employee&rest_code=00150 HTTP/1.1" 200 159
180.152.99.39 - - [03/Mar/2022:09:08:46 +0800] "GET /xingrg/javascript/easyui/themes/default/validatebox.css HTTP/1.1" 404 1104
180.152.99.39 - - [03/Mar/2022:09:08:46 +0800] "GET /xingrg/javascript/easyui/plugins/jquery.validatebox.js HTTP/1.1" 304 -
180.152.99.39 - - [03/Mar/2022:09:08:46 +0800] "GET /xingrg/javascript/easyui/plugins/jquery.numberbox.js HTTP/1.1" 304 -
180.152.99.39 - - [03/Mar/2022:09:08:48 +0800] "GET /xingrg/javascript/auto/indicator.gif HTTP/1.1" 404 1066
114.83.221.170 - - [03/Mar/2022:09:08:48 +0800] "GET /xingrg/kc/buy/cgsh_order_operate.html?command=get_materiel&rest_code=00149&code=00101008041&supplier_code=00100005&order_time=2022-03-03 HTTP/1.1" 200 428
180.157.251.97 - - [03/Mar/2022:09:08:51 +0800] "GET /xingrg/all/function/internal_message.html?_=1646269732199&CODE_STATE=getMsg HTTP/1.1" 302 -
124.79.79.90 - - [03/Mar/2022:09:08:54 +0800] "GET /xingrg/all/function/internal_message.html?_=1646269731885&CODE_STATE=getMsg HTTP/1.1" 200 27
114.83.221.170 - - [03/Mar/2022:09:08:54 +0800] "POST /xingrg/kc/buy/cgsh_order_operate.html HTTP/1.1" 200 2065
180.152.99.39 - - [03/Mar/2022:09:08:57 +0800] "GET /xingrg/kc/buy/cgsh_order_operate.html?command=get_materiel&rest_code=00150&code=00101008027&supplier_code=00100007&order_time=2022-03-03 HTTP/1.1" 200 430
114.83.221.170 - - [03/Mar/2022:09:09:01 +0800] "GET /xingrg/kc/buy/cgsh_order_operate.html?command=get_materiel&rest_code=00149&code=00101008306&supplier_code=00100005&order_time=2022-03-03 HTTP/1.1" 200 432
180.152.99.39 - - [03/Mar/2022:09:09:05 +0800] "GET /xingrg/kc/buy/cgsh_order_operate.html?command=get_materiel&rest_code=00150&code=00101008185&supplier_code=00100007&order_time=2022-03-03 HTTP/1.1" 200 408
222.70.180.114 - - [03/Mar/2022:09:09:09 +0800] "GET /xingrg/all/function/internal_message.html?_=1646269744950&CODE_STATE=getMsg HTTP/1.1" 200 27
114.83.221.170 - - [03/Mar/2022:09:09:12 +0800] "GET /xingrg/kc/buy/cgsh_order_operate.html?command=get_materiel&rest_code=00149&code=00101008010&supplier_code=00100005&order_time=2022-03-03 HTTP/1.1" 200 432
114.83.221.170 - - [03/Mar/2022:09:09:13 +0800] "GET /xingrg/all/function/internal_message.html?_=1646269750742&CODE_STATE=getMsg HTTP/1.1" 200 27
116.224.122.7 - - [03/Mar/2022:09:09:15 +0800] "GET /xingrg/all/function/internal_message.html?_=1646269794991&CODE_STATE=getMsg HTTP/1.1" 200 27
180.152.99.39 - - [03/Mar/2022:09:09:15 +0800] "GET /xingrg/kc/buy/cgsh_order_operate.html?command=get_materiel&rest_code=00150&code=00101008308&supplier_code=00100007&order_time=2022-03-03 HTTP/1.1" 200 420
116.224.122.7 - - [03/Mar/2022:09:09:16 +0800] "GET /xingrg/javascript/jquery_easy_ui/themes/default/images/tabs_active.png HTTP/1.1" 304 -
114.88.156.203 - - [03/Mar/2022:09:09:18 +0800] "GET /xingrg/all/function/internal_message.html?_=1646269543357&CODE_STATE=getMsg HTTP/1.1" 200 27
116.224.122.7 - - [03/Mar/2022:09:09:19 +0800] "GET /xingrg/kc/buy/cgsh_order_list.html HTTP/1.1" 200 49786
116.224.122.7 - - [03/Mar/2022:09:09:19 +0800] "GET /xingrg/css/base.css HTTP/1.1" 304 -
116.224.122.7 - - [03/Mar/2022:09:09:19 +0800] "GET /xingrg/css/site.css HTTP/1.1" 304 -
116.224.122.7 - - [03/Mar/2022:09:09:19 +0800] "GET /xingrg/javascript/easyui/themes/icon.css HTTP/1.1" 304 -
116.224.122.7 - - [03/Mar/2022:09:09:19 +0800] "GET /xingrg/javascript/jquery_tools/jquery.tools.hotkey.js HTTP/1.1" 304 -
116.224.122.7 - - [03/Mar/2022:09:09:19 +0800] "GET /xingrg/javascript/jquery_tools/datebox.css HTTP/1.1" 304 -
116.224.122.7 - - [03/Mar/2022:09:09:19 +0800] "GET /xingrg/javascript/easyui/themes/default/easyui.css HTTP/1.1" 304 -
116.224.122.7 - - [03/Mar/2022:09:09:19 +0800] "GET /xingrg/javascript/auto/jquery.autocomplete.css HTTP/1.1" 304 -
116.224.122.7 - - [03/Mar/2022:09:09:19 +0800] "GET /xingrg/javascript/jquery_tools/fix.css HTTP/1.1" 304 -
116.224.122.7 - - [03/Mar/2022:09:09:19 +0800] "GET /xingrg/javascript/jquery_tools/table.css HTTP/1.1" 304 -
116.224.122.7 - - [03/Mar/2022:09:09:19 +0800] "GET /xingrg/javascript/jquery_tools/jquery.tools.extend.js HTTP/1.1" 304 -
116.224.122.7 - - [03/Mar/2022:09:09:19 +0800] "GET /xingrg/javascript/jquery_tools/jquery.tools.min.js HTTP/1.1" 304 -
116.224.122.7 - - [03/Mar/2022:09:09:19 +0800] "GET /xingrg/javascript/jquery_tools/jquery.tools.table.js HTTP/1.1" 304 -
116.224.122.7 - - [03/Mar/2022:09:09:19 +0800] "GET /xingrg/javascript/jquery_tools/list_manager.js HTTP/1.1" 304 -
116.224.122.7 - - [03/Mar/2022:09:09:19 +0800] "GET /xingrg/javascript/auto/jquery.autocomplete.js HTTP/1.1" 304 -
116.224.122.7 - - [03/Mar/2022:09:09:19 +0800] "GET /xingrg/javascript/jquery.utils.js HTTP/1.1" 304 -
116.224.122.7 - - [03/Mar/2022:09:09:19 +0800] "GET /xingrg/javascript/easyui/easyloader.js HTTP/1.1" 304 -
116.224.122.7 - - [03/Mar/2022:09:09:19 +0800] "GET /xingrg/javascript/jquery.cookie.js HTTP/1.1" 304 -
116.224.122.7 - - [03/Mar/2022:09:09:19 +0800] "GET /xingrg/javascript/print/LodopFuncs.js HTTP/1.1" 304 -
222.70.223.103 - - [03/Mar/2022:09:09:19 +0800] "GET /xingrg/all/function/internal_message.html?_=1646269756670&CODE_STATE=getMsg HTTP/1.1" 200 27
222.70.243.96 - - [03/Mar/2022:09:09:19 +0800] "GET /xingrg/all/function/internal_message.html?_=1646269772338&CODE_STATE=getMsg HTTP/1.1" 200 27
116.224.122.7 - - [03/Mar/2022:09:09:20 +0800] "GET /xingrg/javascript/easyui/themes/icons/cance_new.png HTTP/1.1" 304 -
116.224.122.7 - - [03/Mar/2022:09:09:20 +0800] "GET /xingrg/javascript/easyui/themes/icons/edit_add_new.png HTTP/1.1" 304 -
116.224.122.7 - - [03/Mar/2022:09:09:20 +0800] "GET /xingrg/javascript/easyui/themes/icons/field_new.png HTTP/1.1" 304 -
116.224.122.7 - - [03/Mar/2022:09:09:20 +0800] "GET /xingrg/javascript/easyui/themes/icons/check_new.png HTTP/1.1" 304 -
116.224.122.7 - - [03/Mar/2022:09:09:20 +0800] "GET /xingrg/javascript/easyui/themes/icons/import_new.png HTTP/1.1" 304 -
116.224.122.7 - - [03/Mar/2022:09:09:20 +0800] "GET /xingrg/images/control/ajaxLoader.gif HTTP/1.1" 304 -
116.224.122.7 - - [03/Mar/2022:09:09:20 +0800] "GET /xingrg/javascript/easyui/plugins/jquery.parser.js HTTP/1.1" 304 -
116.224.122.7 - - [03/Mar/2022:09:09:21 +0800] "GET /favicon.ico HTTP/1.1" 404 -
116.224.122.7 - - [03/Mar/2022:09:09:21 +0800] "POST /xingrg/kc/buy/cgsh_list_operate.html HTTP/1.1" 200 876
180.152.99.73 - - [03/Mar/2022:09:09:26 +0800] "GET /xingrg/all/function/internal_message.html?_=1646269767065&CODE_STATE=getMsg HTTP/1.1" 200 27
180.152.99.39 - - [03/Mar/2022:09:09:28 +0800] "GET /xingrg/kc/buy/cgsh_order_operate.html?command=get_materiel&rest_code=00150&code=00101008186&supplier_code=00100007&order_time=2022-03-03 HTTP/1.1" 200 427
222.70.180.114 - - [03/Mar/2022:09:09:29 +0800] "GET /xingrg/kc/print/load_config.html?kc_code=wldb HTTP/1.1" 200 2173
222.70.180.114 - - [03/Mar/2022:09:09:30 +0800] "GET /xingrg/kc/print/load_data.html?order_code=422022030200220&kc_code=wldb&condition= HTTP/1.1" 200 8847
114.83.221.170 - - [03/Mar/2022:09:09:30 +0800] "GET /xingrg/kc/buy/cgsh_order_operate.html?command=get_materiel&rest_code=00149&code=00101008114&supplier_code=00100005&order_time=2022-03-03 HTTP/1.1" 200 432
180.152.99.39 - - [03/Mar/2022:09:09:38 +0800] "GET /xingrg/kc/buy/cgsh_order_operate.html?command=get_materiel&rest_code=00150&code=00101008026&supplier_code=00100007&order_time=2022-03-03 HTTP/1.1" 200 428
180.152.99.39 - - [03/Mar/2022:09:09:39 +0800] "GET /xingrg/all/function/internal_message.html?_=1646269679520&CODE_STATE=getMsg HTTP/1.1" 200 27
114.83.221.170 - - [03/Mar/2022:09:09:44 +0800] "GET /xingrg/kc/buy/cgsh_order_operate.html?command=get_materiel&rest_code=00149&code=00101008042&supplier_code=00100005&order_time=2022-03-03 HTTP/1.1" 200 437
180.152.99.39 - - [03/Mar/2022:09:09:46 +0800] "GET /xingrg/kc/buy/cgsh_order_operate.html?command=get_materiel&rest_code=00150&code=00101008163&supplier_code=00100007&order_time=2022-03-03 HTTP/1.1" 200 430
222.70.180.114 - - [03/Mar/2022:09:09:48 +0800] "GET /xingrg/kc/base/wldb_order_list.html HTTP/1.1" 200 19019
222.70.180.114 - - [03/Mar/2022:09:09:48 +0800] "POST /xingrg/kc/base/wldb_list_operate.html HTTP/1.1" 200 3340
180.157.251.97 - - [03/Mar/2022:09:09:51 +0800] "GET /xingrg/all/function/internal_message.html?_=1646269792169&CODE_STATE=getMsg HTTP/1.1" 302 -
180.152.99.39 - - [03/Mar/2022:09:09:52 +0800] "POST /xingrg/kc/buy/cgsh_order_operate.html HTTP/1.1" 200 37
124.79.79.90 - - [03/Mar/2022:09:09:54 +0800] "GET /xingrg/all/function/internal_message.html?_=1646269791891&CODE_STATE=getMsg HTTP/1.1" 200 27
114.83.221.170 - - [03/Mar/2022:09:09:55 +0800] "GET /xingrg/kc/buy/cgsh_order_operate.html?command=get_materiel&rest_code=00149&code=00101008242&supplier_code=00100005&order_time=2022-03-03 HTTP/1.1" 200 408
180.152.99.39 - - [03/Mar/2022:09:09:57 +0800] "POST /xingrg/kc/buy/cgsh_order_operate.html HTTP/1.1" 200 5597
180.152.99.39 - - [03/Mar/2022:09:10:00 +0800] "GET /xingrg/kc/buy/cgsh_order_add.html HTTP/1.1" 200 65491
180.152.99.39 - - [03/Mar/2022:09:10:00 +0800] "GET /xingrg/javascript/jquery_easy_ui/themes/icons/rest.png HTTP/1.1" 304 -
180.152.99.39 - - [03/Mar/2022:09:10:00 +0800] "GET /xingrg/javascript/jquery_easy_ui/themes/icons/area.png HTTP/1.1" 304 -
180.152.99.39 - - [03/Mar/2022:09:10:00 +0800] "POST /xingrg/kc/buy/cgsh_order_operate.html HTTP/1.1" 200 8245
180.152.99.39 - - [03/Mar/2022:09:10:00 +0800] "GET /xingrg/javascript/easyui/themes/default/validatebox.css HTTP/1.1" 404 1104
180.152.99.73 - - [03/Mar/2022:09:10:02 +0800] "GET /xingrg/kc/buy/cgsh_order_operate.html?command=get_materiel&rest_code=00150&code=00101007081&supplier_code=00100096&order_time=2022-03-03 HTTP/1.1" 200 435
222.70.180.114 - - [03/Mar/2022:09:10:05 +0800] "POST /xingrg/kc/base/wldb_list_operate.html HTTP/1.1" 200 4
222.70.180.114 - - [03/Mar/2022:09:10:06 +0800] "POST /xingrg/kc/base/wldb_list_operate.html HTTP/1.1" 200 928
114.83.221.170 - - [03/Mar/2022:09:10:07 +0800] "POST /xingrg/kc/buy/cgsh_order_operate.html HTTP/1.1" 200 2065
222.70.180.114 - - [03/Mar/2022:09:10:08 +0800] "GET /xingrg/kc/buy/buy_main.html HTTP/1.1" 200 12412
222.70.180.114 - - [03/Mar/2022:09:10:08 +0800] "GET /xingrg/css/new_ie.css HTTP/1.1" 404 1036
114.83.221.170 - - [03/Mar/2022:09:10:08 +0800] "GET /xingrg/check_reg.html?_=1646269806295 HTTP/1.1" 200 22
222.70.180.114 - - [03/Mar/2022:09:10:09 +0800] "GET /xingrg/images/yd/bt.gif HTTP/1.1" 404 1040
222.70.180.114 - - [03/Mar/2022:09:10:09 +0800] "GET /xingrg/check_reg.html?_=1646269804957 HTTP/1.1" 200 22
222.70.180.114 - - [03/Mar/2022:09:10:09 +0800] "GET /xingrg/all/function/internal_message.html?_=1646269804959&CODE_STATE=getMsg HTTP/1.1" 200 27
222.70.180.114 - - [03/Mar/2022:09:10:09 +0800] "GET /xingrg/kc/buy/cgsh_order_list.html HTTP/1.1" 200 49786
180.152.99.39 - - [03/Mar/2022:09:10:10 +0800] "GET /xingrg/kc/buy/cgsh_order_operate.html?command=get_materiel&rest_code=00150&code=00101011005&supplier_code=00100047&order_time=2022-03-03 HTTP/1.1" 200 429
222.70.180.114 - - [03/Mar/2022:09:10:10 +0800] "POST /xingrg/kc/buy/cgsh_list_operate.html HTTP/1.1" 200 876
114.83.221.170 - - [03/Mar/2022:09:10:13 +0800] "GET /xingrg/all/function/internal_message.html?_=1646269810736&CODE_STATE=getMsg HTTP/1.1" 200 27
114.83.221.170 - - [03/Mar/2022:09:10:14 +0800] "GET /xingrg/kc/buy/cgsh_order_operate.html?command=get_materiel&rest_code=00149&code=00101019224&supplier_code=00100005&order_time=2022-03-03 HTTP/1.1" 200 428
116.224.122.7 - - [03/Mar/2022:09:10:15 +0800] "GET /xingrg/all/function/internal_message.html?_=1646269855007&CODE_STATE=getMsg HTTP/1.1" 200 27
114.88.156.203 - - [03/Mar/2022:09:10:18 +0800] "GET /xingrg/all/function/internal_message.html?_=1646269603372&CODE_STATE=getMsg HTTP/1.1" 200 27
222.70.223.103 - - [03/Mar/2022:09:10:19 +0800] "GET /xingrg/all/function/internal_message.html?_=1646269816669&CODE_STATE=getMsg HTTP/1.1" 200 27
222.70.243.96 - - [03/Mar/2022:09:10:19 +0800] "GET /xingrg/all/function/internal_message.html?_=1646269832352&CODE_STATE=getMsg HTTP/1.1" 200 27
180.152.99.39 - - [03/Mar/2022:09:10:19 +0800] "GET /xingrg/kc/buy/cgsh_order_operate.html?command=get_materiel&rest_code=00150&code=00101011003&supplier_code=00100047&order_time=2022-03-03 HTTP/1.1" 200 433
114.83.221.170 - - [03/Mar/2022:09:10:23 +0800] "GET /xingrg/kc/buy/cgsh_order_operate.html?command=get_materiel&rest_code=00149&code=00101013165&supplier_code=00100005&order_time=2022-03-03 HTTP/1.1" 200 409
180.152.99.73 - - [03/Mar/2022:09:10:25 +0800] "GET /xingrg/kc/buy/cgsh_order_operate.html?command=get_materiel&rest_code=00150&code=00101007077&supplier_code=00100096&order_time=2022-03-03 HTTP/1.1" 200 435
180.152.99.73 - - [03/Mar/2022:09:10:26 +0800] "GET /xingrg/all/function/internal_message.html?_=1646269827064&CODE_STATE=getMsg HTTP/1.1" 200 27
180.152.99.39 - - [03/Mar/2022:09:10:31 +0800] "POST /xingrg/kc/buy/cgsh_order_operate.html HTTP/1.1" 200 37
180.152.99.39 - - [03/Mar/2022:09:10:34 +0800] "POST /xingrg/kc/buy/cgsh_order_operate.html HTTP/1.1" 200 12
180.152.99.39 - - [03/Mar/2022:09:10:35 +0800] "GET /xingrg/kc/buy/cgsh_order_info.html?code=212022030300779 HTTP/1.1" 200 60404
114.83.221.170 - - [03/Mar/2022:09:10:35 +0800] "GET /xingrg/kc/buy/cgsh_order_operate.html?command=get_materiel&rest_code=00149&code=00101013179&supplier_code=00100005&order_time=2022-03-03 HTTP/1.1" 200 431
180.152.99.39 - - [03/Mar/2022:09:10:36 +0800] "GET /xingrg/javascript/easyui/themes/default/validatebox.css HTTP/1.1" 404 1104
180.152.99.39 - - [03/Mar/2022:09:10:36 +0800] "POST /xingrg/kc/buy/cgsh_order_operate.html HTTP/1.1" 200 1197
180.152.99.39 - - [03/Mar/2022:09:10:37 +0800] "GET /xingrg/kc/print/load_config.html?kc_code=cgsh HTTP/1.1" 200 1943
180.152.99.39 - - [03/Mar/2022:09:10:37 +0800] "GET /xingrg/kc/print/load_data.html?order_code=212022030300779&kc_code=cgsh&condition= HTTP/1.1" 200 1007
180.152.99.39 - - [03/Mar/2022:09:10:39 +0800] "GET /xingrg/all/function/internal_message.html?_=1646269739534&CODE_STATE=getMsg HTTP/1.1" 200 27
180.152.99.39 - - [03/Mar/2022:09:10:49 +0800] "POST /xingrg/all/user/operate.html HTTP/1.1" 200 36
180.152.99.39 - - [03/Mar/2022:09:10:50 +0800] "GET /xingrg/javascript/jquery_easy_ui/themes/default/easyui.css HTTP/1.1" 304 -
180.152.99.39 - - [03/Mar/2022:09:10:50 +0800] "GET /xingrg/index.html?sysBaseUrl=http%3A%2F%2F180.169.147.146%3A18081%2Fxingrg%2F&costTime=39×tamp=1646183361585 HTTP/1.1" 200 17177
180.152.99.39 - - [03/Mar/2022:09:10:50 +0800] "GET /xingrg/javascript/jquery_easy_ui/themes/icon.css HTTP/1.1" 304 -
180.152.99.39 - - [03/Mar/2022:09:10:50 +0800] "GET /xingrg/css/form.css HTTP/1.1" 304 -
180.152.99.39 - - [03/Mar/2022:09:10:50 +0800] "GET /xingrg/javascript/jquery-1.4.2.min.js HTTP/1.1" 304 -
180.152.99.39 - - [03/Mar/2022:09:10:50 +0800] "GET /xingrg/javascript/jquery_easy_ui/jquery.easyui.min.js HTTP/1.1" 304 -
180.152.99.39 - - [03/Mar/2022:09:10:50 +0800] "GET /xingrg/javascript/jquery_easy_ui/easyui-lang-zh_CN.js HTTP/1.1" 304 -
180.152.99.39 - - [03/Mar/2022:09:10:50 +0800] "GET /xingrg/javascript/jquery.form.js HTTP/1.1" 304 -
180.152.99.39 - - [03/Mar/2022:09:10:50 +0800] "GET /xingrg/javascript/jquery.utils.js HTTP/1.1" 304 -
180.152.99.39 - - [03/Mar/2022:09:10:50 +0800] "GET /xingrg/javascript/jquery.timers.js HTTP/1.1" 304 -
180.152.99.39 - - [03/Mar/2022:09:10:50 +0800] "GET /xingrg/images/blue/jxLogo.png HTTP/1.1" 304 -
180.152.99.39 - - [03/Mar/2022:09:10:50 +0800] "GET /xingrg/images/blue/navBackgound.jpg HTTP/1.1" 304 -
180.152.99.39 - - [03/Mar/2022:09:10:50 +0800] "GET /xingrg/javascript/jquery_easy_ui/themes/icons/settle_new.png HTTP/1.1" 304 -
180.152.99.39 - - [03/Mar/2022:09:10:50 +0800] "POST /xingrg/all/common/load_tree.html?tree=area_rest_tree_json&manage=1 HTTP/1.1" 200 476
180.152.99.39 - - [03/Mar/2022:09:10:50 +0800] "GET /xingrg/images/blue/pingpu.png HTTP/1.1" 304 -
180.152.99.39 - - [03/Mar/2022:09:10:50 +0800] "GET /xingrg/javascript/jquery_easy_ui/themes/default/images/tabs_leftarrow.png HTTP/1.1" 304 -
180.152.99.39 - - [03/Mar/2022:09:10:50 +0800] "GET /xingrg/javascript/jquery_easy_ui/themes/default/images/tabs_rightarrow.png HTTP/1.1" 304 -
180.152.99.39 - - [03/Mar/2022:09:10:50 +0800] "GET /xingrg/javascript/jquery_easy_ui/themes/default/images/panel_tool_collapse.gif HTTP/1.1" 304 -
180.152.99.39 - - [03/Mar/2022:09:10:50 +0800] "GET /xingrg/all/function/internal_message.html?_=1646269750433&CODE_STATE=count HTTP/1.1" 200 11
180.152.99.39 - - [03/Mar/2022:09:10:50 +0800] "GET /xingrg/check_reg.html?_=1646269750434 HTTP/1.1" 200 22
180.152.99.39 - - [03/Mar/2022:09:10:50 +0800] "POST /xingrg/load_menu.html HTTP/1.1" 200 5138
180.157.251.97 - - [03/Mar/2022:09:10:51 +0800] "GET /xingrg/all/function/internal_message.html?_=1646269852155&CODE_STATE=getMsg HTTP/1.1" 302 -
114.83.221.170 - - [03/Mar/2022:09:10:53 +0800] "GET /xingrg/kc/buy/cgsh_order_operate.html?command=get_materiel&rest_code=00149&code=00101008285&supplier_code=00100005&order_time=2022-03-03 HTTP/1.1" 200 434
124.79.79.90 - - [03/Mar/2022:09:10:54 +0800] "GET /xingrg/all/function/internal_message.html?_=1646269851878&CODE_STATE=getMsg HTTP/1.1" 200 27
180.152.99.39 - - [03/Mar/2022:09:11:09 +0800] "GET /xingrg/kc/buy/cgsh_order_list.html HTTP/1.1" 200 49790
180.152.99.39 - - [03/Mar/2022:09:11:10 +0800] "POST /xingrg/kc/buy/cgsh_list_operate.html HTTP/1.1" 200 876
180.152.99.39 - - [03/Mar/2022:09:11:13 +0800] "GET /xingrg/kc/buy/cgsh_order_add.html HTTP/1.1" 200 65171
180.152.99.39 - - [03/Mar/2022:09:11:13 +0800] "POST /xingrg/kc/buy/cgsh_order_operate.html HTTP/1.1" 200 8245
180.152.99.39 - - [03/Mar/2022:09:11:13 +0800] "GET /xingrg/all/common/auto_word.html?type=employee&rest_code=00151 HTTP/1.1" 200 293
180.152.99.39 - - [03/Mar/2022:09:11:13 +0800] "GET /xingrg/all/common/auto_word.html?type=employee&rest_code=00151 HTTP/1.1" 200 293
180.152.99.39 - - [03/Mar/2022:09:11:13 +0800] "GET /xingrg/javascript/easyui/themes/default/validatebox.css HTTP/1.1" 404 1104
114.83.221.170 - - [03/Mar/2022:09:11:14 +0800] "GET /xingrg/all/function/internal_message.html?_=1646269871812&CODE_STATE=getMsg HTTP/1.1" 200 27
116.224.122.7 - - [03/Mar/2022:09:11:15 +0800] "GET /xingrg/all/function/internal_message.html?_=1646269915018&CODE_STATE=getMsg HTTP/1.1" 200 27
114.83.221.170 - - [03/Mar/2022:09:11:17 +0800] "POST /xingrg/kc/buy/cgsh_order_operate.html HTTP/1.1" 200 37
180.152.99.39 - - [03/Mar/2022:09:11:17 +0800] "GET /xingrg/javascript/auto/indicator.gif HTTP/1.1" 404 1066
114.88.156.203 - - [03/Mar/2022:09:11:18 +0800] "GET /xingrg/all/function/internal_message.html?_=1646269663378&CODE_STATE=getMsg HTTP/1.1" 200 27
114.88.156.203 - - [03/Mar/2022:09:11:18 +0800] "GET /xingrg/check_reg.html?_=1646269663411 HTTP/1.1" 200 22
222.70.223.103 - - [03/Mar/2022:09:11:19 +0800] "GET /xingrg/check_reg.html?_=1646269876674 HTTP/1.1" 200 22
222.70.223.103 - - [03/Mar/2022:09:11:19 +0800] "GET /xingrg/all/function/internal_message.html?_=1646269876680&CODE_STATE=getMsg HTTP/1.1" 200 27
222.70.243.96 - - [03/Mar/2022:09:11:19 +0800] "GET /xingrg/all/function/internal_message.html?_=1646269892523&CODE_STATE=getMsg HTTP/1.1" 200 27
114.83.221.170 - - [03/Mar/2022:09:11:19 +0800] "POST /xingrg/kc/buy/cgsh_order_operate.html HTTP/1.1" 200 39324
180.152.99.39 - - [03/Mar/2022:09:11:25 +0800] "GET /xingrg/kc/buy/cgsh_order_operate.html?command=get_materiel&rest_code=00151&code=00101011005&supplier_code=00100047&order_time=2022-03-03 HTTP/1.1" 200 429
180.152.99.73 - - [03/Mar/2022:09:11:26 +0800] "GET /xingrg/all/function/internal_message.html?_=1646269887073&CODE_STATE=getMsg HTTP/1.1" 200 27
180.157.251.97 - - [03/Mar/2022:09:11:27 +0800] "GET /xingrg/check_reg.html?_=1646269888443 HTTP/1.1" 302 -
180.152.99.39 - - [03/Mar/2022:09:11:38 +0800] "GET /xingrg/kc/buy/cgsh_order_operate.html?command=get_materiel&rest_code=00151&code=00101011001&supplier_code=00100047&order_time=2022-03-03 HTTP/1.1" 200 443
180.152.99.39 - - [03/Mar/2022:09:11:50 +0800] "GET /xingrg/all/function/internal_message.html?_=1646269810436&CODE_STATE=getMsg HTTP/1.1" 200 27
180.157.251.97 - - [03/Mar/2022:09:11:51 +0800] "GET /xingrg/all/function/internal_message.html?_=1646269912125&CODE_STATE=getMsg HTTP/1.1" 302 -
124.79.79.90 - - [03/Mar/2022:09:11:54 +0800] "GET /xingrg/all/function/internal_message.html?_=1646269911881&CODE_STATE=getMsg HTTP/1.1" 200 27
116.224.122.7 - - [03/Mar/2022:09:11:54 +0800] "GET /xingrg/kc/buy/cgsh_order_list.html HTTP/1.1" 200 49786
116.224.122.7 - - [03/Mar/2022:09:11:55 +0800] "GET /xingrg/css/base.css HTTP/1.1" 304 -
116.224.122.7 - - [03/Mar/2022:09:11:55 +0800] "GET /xingrg/css/site.css HTTP/1.1" 304 -
116.224.122.7 - - [03/Mar/2022:09:11:55 +0800] "GET /xingrg/javascript/jquery_tools/datebox.css HTTP/1.1" 304 -
116.224.122.7 - - [03/Mar/2022:09:11:55 +0800] "GET /xingrg/javascript/easyui/themes/default/easyui.css HTTP/1.1" 304 -
116.224.122.7 - - [03/Mar/2022:09:11:55 +0800] "GET /xingrg/javascript/easyui/themes/icon.css HTTP/1.1" 304 -
116.224.122.7 - - [03/Mar/2022:09:11:55 +0800] "GET /xingrg/javascript/auto/jquery.autocomplete.css HTTP/1.1" 304 -
116.224.122.7 - - [03/Mar/2022:09:11:55 +0800] "GET /xingrg/javascript/jquery_tools/fix.css HTTP/1.1" 304 -
116.224.122.7 - - [03/Mar/2022:09:11:55 +0800] "GET /xingrg/javascript/jquery_tools/jquery.tools.extend.js HTTP/1.1" 304 -
116.224.122.7 - - [03/Mar/2022:09:11:55 +0800] "GET /xingrg/javascript/jquery_tools/table.css HTTP/1.1" 304 -
116.224.122.7 - - [03/Mar/2022:09:11:55 +0800] "GET /xingrg/javascript/jquery_tools/jquery.tools.table.js HTTP/1.1" 304 -
116.224.122.7 - - [03/Mar/2022:09:11:55 +0800] "GET /xingrg/javascript/jquery_tools/jquery.tools.min.js HTTP/1.1" 304 -
116.224.122.7 - - [03/Mar/2022:09:11:55 +0800] "GET /xingrg/javascript/jquery_tools/jquery.tools.hotkey.js HTTP/1.1" 304 -
116.224.122.7 - - [03/Mar/2022:09:11:55 +0800] "GET /xingrg/javascript/jquery_tools/list_manager.js HTTP/1.1" 304 -
