101.83.241.229 - - [01/Mar/2022:08:39:14 +0800] "GET /xingrg/kc/base/wldb_order_info.html?code=422022022802960 HTTP/1.1" 200 26119
101.83.241.229 - - [01/Mar/2022:08:39:15 +0800] "GET /xingrg/javascript/easyui/themes/default/validatebox.css HTTP/1.1" 404 1104
101.83.241.229 - - [01/Mar/2022:08:39:15 +0800] "POST /xingrg/kc/base/wldb_order_operate.html HTTP/1.1" 200 52212
101.83.241.229 - - [01/Mar/2022:08:39:16 +0800] "GET /xingrg/kc/print/load_config.html?kc_code=wldb HTTP/1.1" 200 2173
101.83.241.229 - - [01/Mar/2022:08:39:17 +0800] "GET /xingrg/kc/print/load_data.html?order_code=422022022802960&kc_code=wldb&condition= HTTP/1.1" 200 16035
222.64.144.101 - - [01/Mar/2022:08:39:28 +0800] "GET /xingrg/all/function/internal_message.html?_=1646095179461&CODE_STATE=getMsg HTTP/1.1" 302 -
124.79.79.90 - - [01/Mar/2022:08:39:29 +0800] "GET /xingrg/all/function/internal_message.html?_=1646095166717&CODE_STATE=getMsg HTTP/1.1" 200 27
101.83.241.229 - - [01/Mar/2022:08:39:37 +0800] "GET /xingrg/kc/base/check_order_list.html HTTP/1.1" 200 16144
101.83.241.229 - - [01/Mar/2022:08:39:37 +0800] "POST /xingrg/kc/base/check_list_operate.html HTTP/1.1" 200 4787
180.152.99.39 - - [01/Mar/2022:08:39:37 +0800] "GET /xingrg/all/function/internal_message.html?_=1646095078489&CODE_STATE=getMsg HTTP/1.1" 302 -
58.40.7.146 - - [01/Mar/2022:08:39:39 +0800] "GET /xingrg/all/function/internal_message.html?_=1646095194567&CODE_STATE=getMsg HTTP/1.1" 200 27
120.253.135.82 - - [01/Mar/2022:08:39:39 +0800] "POST /xingrg/kc/buy/cgsh_order_operate.html HTTP/1.1" 200 37
114.86.226.30 - - [01/Mar/2022:08:39:39 +0800] "GET /xingrg/all/function/internal_message.html?_=1646095177958&CODE_STATE=getMsg HTTP/1.1" 200 27
222.70.223.103 - - [01/Mar/2022:08:39:40 +0800] "GET /xingrg/javascript/auto/indicator.gif HTTP/1.1" 404 1066
222.70.223.103 - - [01/Mar/2022:08:39:41 +0800] "GET /xingrg/javascript/jquery_tools/images/prev.gif HTTP/1.1" 404 1086
222.70.223.103 - - [01/Mar/2022:08:39:41 +0800] "GET /xingrg/javascript/jquery_tools/images/next.gif HTTP/1.1" 404 1086
101.83.241.229 - - [01/Mar/2022:08:39:43 +0800] "GET /xingrg/kc/base/check_order_info.html?code=452022022800248 HTTP/1.1" 200 26562
101.83.241.229 - - [01/Mar/2022:08:39:43 +0800] "GET /xingrg/dwr/interface/AjaxCheckService.js HTTP/1.1" 200 14003
101.83.241.229 - - [01/Mar/2022:08:39:43 +0800] "GET /xingrg/dwr/interface/AjaxComOrderService.js HTTP/1.1" 200 18264
101.83.241.229 - - [01/Mar/2022:08:39:43 +0800] "GET /xingrg/dwr/util.js HTTP/1.1" 200 35990
101.83.241.229 - - [01/Mar/2022:08:39:43 +0800] "GET /xingrg/dwr/engine.js HTTP/1.1" 200 43631
101.83.241.229 - - [01/Mar/2022:08:39:44 +0800] "POST /xingrg/dwr/call/plaincall/AjaxCheckService.loadOrderItems.dwr HTTP/1.1" 200 49448
222.70.223.103 - - [01/Mar/2022:08:39:45 +0800] "GET /xingrg/all/function/internal_message.html?_=1646095183031&CODE_STATE=getMsg HTTP/1.1" 200 27
120.253.135.82 - - [01/Mar/2022:08:39:46 +0800] "POST /xingrg/kc/buy/cgsh_order_operate.html HTTP/1.1" 200 12
222.70.243.96 - - [01/Mar/2022:08:39:46 +0800] "GET /xingrg/all/function/internal_message.html?_=1646095190317&CODE_STATE=getMsg HTTP/1.1" 200 27
222.70.223.103 - - [01/Mar/2022:08:39:47 +0800] "GET /xingrg/kc/buy/cgsh_order_operate.html?command=get_materiel&rest_code=00155&code=00101007061&supplier_code=00100002&order_time=2022-03-01 HTTP/1.1" 200 431
120.253.135.82 - - [01/Mar/2022:08:39:49 +0800] "GET /xingrg/kc/buy/cgsh_order_info.html?code=212022030100004 HTTP/1.1" 200 59477
120.253.135.82 - - [01/Mar/2022:08:39:49 +0800] "GET /xingrg/javascript/easyui/themes/default/validatebox.css HTTP/1.1" 404 1104
120.253.135.82 - - [01/Mar/2022:08:39:50 +0800] "POST /xingrg/kc/buy/cgsh_order_operate.html HTTP/1.1" 200 2405
124.78.159.88 - - [01/Mar/2022:08:39:50 +0800] "GET /xingrg/all/function/internal_message.html?_=1646095189993&CODE_STATE=getMsg HTTP/1.1" 302 -
180.169.147.146 - - [01/Mar/2022:08:39:56 +0800] "GET /xingrg/all/function/internal_message.html?_=1646095198097&CODE_STATE=getMsg HTTP/1.1" 200 27
180.169.147.146 - - [01/Mar/2022:08:39:56 +0800] "GET /xingrg/check_reg.html?_=1646095198098 HTTP/1.1" 200 22
124.79.79.90 - - [01/Mar/2022:08:39:57 +0800] "GET /xingrg/check_reg.html?_=1646095196193 HTTP/1.1" 302 -
222.70.223.103 - - [01/Mar/2022:08:39:57 +0800] "GET /xingrg/kc/buy/cgsh_order_operate.html?command=get_materiel&rest_code=00155&code=00101007125&supplier_code=00100002&order_time=2022-03-01 HTTP/1.1" 200 426
116.224.122.7 - - [01/Mar/2022:08:39:58 +0800] "GET /xingrg/all/function/internal_message.html?_=1646095235767&CODE_STATE=getMsg HTTP/1.1" 200 27
101.83.241.229 - - [01/Mar/2022:08:40:00 +0800] "POST /xingrg/dwr/call/plaincall/AjaxCheckService.checkOrder.dwr HTTP/1.1" 200 78
114.88.156.203 - - [01/Mar/2022:08:40:00 +0800] "GET /xingrg/all/function/internal_message.html?_=1646094980966&CODE_STATE=getMsg HTTP/1.1" 200 27
101.83.241.229 - - [01/Mar/2022:08:40:01 +0800] "GET /xingrg/kc/base/check_order_info.html?code=452022022800248 HTTP/1.1" 200 22864
101.83.241.229 - - [01/Mar/2022:08:40:01 +0800] "GET /xingrg/dwr/interface/AjaxComOrderService.js HTTP/1.1" 200 18264
101.83.241.229 - - [01/Mar/2022:08:40:01 +0800] "GET /xingrg/dwr/interface/AjaxCheckService.js HTTP/1.1" 200 14003
101.83.241.229 - - [01/Mar/2022:08:40:01 +0800] "GET /xingrg/dwr/engine.js HTTP/1.1" 200 43631
101.83.241.229 - - [01/Mar/2022:08:40:02 +0800] "POST /xingrg/dwr/call/plaincall/AjaxCheckService.loadOrderItems.dwr HTTP/1.1" 200 22006
120.253.135.82 - - [01/Mar/2022:08:40:02 +0800] "POST /xingrg/kc/buy/cgsh_list_operate.html HTTP/1.1" 200 363
222.70.223.103 - - [01/Mar/2022:08:40:04 +0800] "GET /xingrg/kc/buy/cgsh_order_operate.html?command=get_materiel&rest_code=00155&code=00101007072&supplier_code=00100002&order_time=2022-03-01 HTTP/1.1" 200 413
101.83.241.229 - - [01/Mar/2022:08:40:04 +0800] "GET /xingrg/kc/base/check_order_list.html?isBack=1 HTTP/1.1" 200 16144
120.253.135.82 - - [01/Mar/2022:08:40:04 +0800] "GET /xingrg/kc/buy/cgsh_order_info.html?code=212022030100003 HTTP/1.1" 200 64575
101.83.241.229 - - [01/Mar/2022:08:40:04 +0800] "POST /xingrg/kc/base/check_list_operate.html HTTP/1.1" 200 4600
120.253.135.82 - - [01/Mar/2022:08:40:05 +0800] "GET /xingrg/javascript/easyui/themes/default/validatebox.css HTTP/1.1" 404 1104
120.253.135.82 - - [01/Mar/2022:08:40:05 +0800] "POST /xingrg/kc/buy/cgsh_order_operate.html HTTP/1.1" 200 3874
124.79.79.90 - - [01/Mar/2022:08:40:05 +0800] "GET /xingrg/all/function/internal_message.html?_=1646095204773&CODE_STATE=getMsg HTTP/1.1" 302 -
120.253.135.82 - - [01/Mar/2022:08:40:09 +0800] "GET /xingrg/all/function/internal_message.html?_=1646095005381&CODE_STATE=getMsg HTTP/1.1" 200 27
101.83.241.229 - - [01/Mar/2022:08:40:12 +0800] "GET /xingrg/all/function/internal_message.html?_=1646095209538&CODE_STATE=getMsg HTTP/1.1" 200 27
222.70.223.103 - - [01/Mar/2022:08:40:12 +0800] "GET /xingrg/kc/buy/cgsh_order_operate.html?command=get_materiel&rest_code=00155&code=00101007032&supplier_code=00100002&order_time=2022-03-01 HTTP/1.1" 200 434
222.70.223.103 - - [01/Mar/2022:08:40:18 +0800] "GET /xingrg/kc/buy/cgsh_order_operate.html?command=get_materiel&rest_code=00155&code=00101007077&supplier_code=00100002&order_time=2022-03-01 HTTP/1.1" 200 436
180.157.251.97 - - [01/Mar/2022:08:40:28 +0800] "GET /favicon.ico HTTP/1.1" 404 -
222.64.144.101 - - [01/Mar/2022:08:40:28 +0800] "GET /xingrg/all/function/internal_message.html?_=1646095239430&CODE_STATE=getMsg HTTP/1.1" 302 -
124.79.79.90 - - [01/Mar/2022:08:40:29 +0800] "GET /xingrg/all/function/internal_message.html?_=1646095226703&CODE_STATE=getMsg HTTP/1.1" 200 27
222.70.223.103 - - [01/Mar/2022:08:40:30 +0800] "POST /xingrg/kc/buy/cgsh_order_operate.html HTTP/1.1" 200 37
222.70.223.103 - - [01/Mar/2022:08:40:31 +0800] "POST /xingrg/kc/buy/cgsh_order_operate.html HTTP/1.1" 200 5019
222.70.223.103 - - [01/Mar/2022:08:40:32 +0800] "GET /xingrg/kc/print/load_config.html?kc_code=cgsh HTTP/1.1" 200 1943
222.70.223.103 - - [01/Mar/2022:08:40:33 +0800] "GET /xingrg/kc/print/load_data.html?order_code=212022030100005&kc_code=cgsh&condition= HTTP/1.1" 200 1649
222.70.223.103 - - [01/Mar/2022:08:40:37 +0800] "GET /xingrg/kc/print/load_data.html?order_code=212022030100005&kc_code=cgsh HTTP/1.1" 200 1649
180.152.99.39 - - [01/Mar/2022:08:40:37 +0800] "GET /xingrg/all/function/internal_message.html?_=1646095138587&CODE_STATE=getMsg HTTP/1.1" 302 -
58.40.7.146 - - [01/Mar/2022:08:40:39 +0800] "GET /xingrg/all/function/internal_message.html?_=1646095254568&CODE_STATE=getMsg HTTP/1.1" 200 27
114.86.226.30 - - [01/Mar/2022:08:40:39 +0800] "GET /xingrg/all/function/internal_message.html?_=1646095237959&CODE_STATE=getMsg HTTP/1.1" 200 27
222.70.243.96 - - [01/Mar/2022:08:40:40 +0800] "GET /xingrg/check_reg.html?_=1646095244758 HTTP/1.1" 200 22
124.79.79.90 - - [01/Mar/2022:08:40:41 +0800] "GET /xingrg/check_reg.html?_=1646095238378 HTTP/1.1" 200 22
180.152.99.39 - - [01/Mar/2022:08:40:45 +0800] "POST /xingrg/services/DataTransmitService HTTP/1.1" 200 524
222.70.223.103 - - [01/Mar/2022:08:40:46 +0800] "GET /xingrg/all/function/internal_message.html?_=1646095243069&CODE_STATE=getMsg HTTP/1.1" 200 27
222.70.243.96 - - [01/Mar/2022:08:40:46 +0800] "GET /xingrg/all/function/internal_message.html?_=1646095250322&CODE_STATE=getMsg HTTP/1.1" 200 27
222.70.223.103 - - [01/Mar/2022:08:40:47 +0800] "GET /xingrg/kc/buy/cgsh_order_add.html HTTP/1.1" 200 65523
222.70.223.103 - - [01/Mar/2022:08:40:48 +0800] "POST /xingrg/kc/buy/cgsh_order_operate.html HTTP/1.1" 200 8245
222.70.223.103 - - [01/Mar/2022:08:40:48 +0800] "GET /xingrg/javascript/easyui/themes/default/validatebox.css HTTP/1.1" 404 1104
124.78.159.88 - - [01/Mar/2022:08:40:50 +0800] "GET /xingrg/all/function/internal_message.html?_=1646095249977&CODE_STATE=getMsg HTTP/1.1" 302 -
222.70.223.103 - - [01/Mar/2022:08:40:55 +0800] "GET /xingrg/kc/buy/cgsh_order_operate.html?command=get_materiel&rest_code=00155&code=00101006056&supplier_code=00100012&order_time=2022-03-01 HTTP/1.1" 200 433
180.169.147.146 - - [01/Mar/2022:08:40:56 +0800] "GET /xingrg/all/function/internal_message.html?_=1646095258096&CODE_STATE=getMsg HTTP/1.1" 200 27
116.224.122.7 - - [01/Mar/2022:08:40:58 +0800] "GET /xingrg/all/function/internal_message.html?_=1646095295767&CODE_STATE=getMsg HTTP/1.1" 200 27
114.88.156.203 - - [01/Mar/2022:08:41:00 +0800] "GET /xingrg/all/function/internal_message.html?_=1646095040970&CODE_STATE=getMsg HTTP/1.1" 200 27
222.70.223.103 - - [01/Mar/2022:08:41:05 +0800] "GET /xingrg/kc/buy/cgsh_order_operate.html?command=get_materiel&rest_code=00155&code=00101006109&supplier_code=00100012&order_time=2022-03-01 HTTP/1.1" 200 428
124.79.79.90 - - [01/Mar/2022:08:41:06 +0800] "GET /xingrg/all/function/internal_message.html?_=1646095264792&CODE_STATE=getMsg HTTP/1.1" 302 -
120.253.135.82 - - [01/Mar/2022:08:41:09 +0800] "GET /xingrg/all/function/internal_message.html?_=1646095065541&CODE_STATE=getMsg HTTP/1.1" 200 27
222.70.223.103 - - [01/Mar/2022:08:41:12 +0800] "GET /xingrg/kc/buy/cgsh_order_operate.html?command=get_materiel&rest_code=00155&code=00101006027&supplier_code=00100012&order_time=2022-03-01 HTTP/1.1" 200 429
101.83.241.229 - - [01/Mar/2022:08:41:12 +0800] "GET /xingrg/all/function/internal_message.html?_=1646095269542&CODE_STATE=getMsg HTTP/1.1" 200 27
222.64.144.101 - - [01/Mar/2022:08:41:15 +0800] "GET /xingrg/check_reg.html?_=1646095286250 HTTP/1.1" 302 -
222.70.223.103 - - [01/Mar/2022:08:41:20 +0800] "GET /xingrg/kc/buy/cgsh_order_operate.html?command=get_materiel&rest_code=00155&code=00101006130&supplier_code=00100012&order_time=2022-03-01 HTTP/1.1" 200 448
222.64.144.101 - - [01/Mar/2022:08:41:28 +0800] "GET /xingrg/all/function/internal_message.html?_=1646095299409&CODE_STATE=getMsg HTTP/1.1" 302 -
124.79.79.90 - - [01/Mar/2022:08:41:29 +0800] "GET /xingrg/all/function/internal_message.html?_=1646095286678&CODE_STATE=getMsg HTTP/1.1" 200 27
222.70.223.103 - - [01/Mar/2022:08:41:30 +0800] "GET /xingrg/kc/buy/cgsh_order_operate.html?command=get_materiel&rest_code=00155&code=00101006113&supplier_code=00100012&order_time=2022-03-01 HTTP/1.1" 200 432
180.152.99.39 - - [01/Mar/2022:08:41:37 +0800] "GET /xingrg/all/function/internal_message.html?_=1646095198596&CODE_STATE=getMsg HTTP/1.1" 302 -
222.70.223.103 - - [01/Mar/2022:08:41:38 +0800] "GET /xingrg/kc/buy/cgsh_order_operate.html?command=get_materiel&rest_code=00155&code=00101006124&supplier_code=00100012&order_time=2022-03-01 HTTP/1.1" 200 429
58.40.7.146 - - [01/Mar/2022:08:41:39 +0800] "GET /xingrg/all/function/internal_message.html?_=1646095314571&CODE_STATE=getMsg HTTP/1.1" 200 27
58.40.7.146 - - [01/Mar/2022:08:41:39 +0800] "GET /xingrg/check_reg.html?_=1646095314571 HTTP/1.1" 200 22
114.86.226.30 - - [01/Mar/2022:08:41:39 +0800] "GET /xingrg/check_reg.html?_=1646095297951 HTTP/1.1" 200 22
114.86.226.30 - - [01/Mar/2022:08:41:39 +0800] "GET /xingrg/all/function/internal_message.html?_=1646095297960&CODE_STATE=getMsg HTTP/1.1" 200 27
101.83.241.229 - - [01/Mar/2022:08:41:46 +0800] "POST /xingrg/kc/base/check_list_operate.html HTTP/1.1" 200 4
222.70.223.103 - - [01/Mar/2022:08:41:46 +0800] "GET /xingrg/all/function/internal_message.html?_=1646095303046&CODE_STATE=getMsg HTTP/1.1" 200 27
101.83.241.229 - - [01/Mar/2022:08:41:46 +0800] "POST /xingrg/kc/base/check_list_operate.html HTTP/1.1" 200 2247
222.70.243.96 - - [01/Mar/2022:08:41:46 +0800] "GET /xingrg/all/function/internal_message.html?_=1646095310335&CODE_STATE=getMsg HTTP/1.1" 200 27
222.70.223.103 - - [01/Mar/2022:08:41:47 +0800] "GET /xingrg/kc/buy/cgsh_order_operate.html?command=get_materiel&rest_code=00155&code=00101006055&supplier_code=00100012&order_time=2022-03-01 HTTP/1.1" 200 428
101.83.241.229 - - [01/Mar/2022:08:41:47 +0800] "POST /xingrg/kc/base/check_list_operate.html HTTP/1.1" 200 2247
101.83.241.229 - - [01/Mar/2022:08:41:48 +0800] "GET /xingrg/kc/base/check_order_info.html?code=452022022800237 HTTP/1.1" 200 26562
101.83.241.229 - - [01/Mar/2022:08:41:48 +0800] "GET /xingrg/dwr/interface/AjaxCheckService.js HTTP/1.1" 200 14003
101.83.241.229 - - [01/Mar/2022:08:41:48 +0800] "GET /xingrg/dwr/interface/AjaxComOrderService.js HTTP/1.1" 200 18264
101.83.241.229 - - [01/Mar/2022:08:41:48 +0800] "GET /xingrg/dwr/engine.js HTTP/1.1" 200 43631
101.83.241.229 - - [01/Mar/2022:08:41:49 +0800] "POST /xingrg/dwr/call/plaincall/AjaxCheckService.loadOrderItems.dwr HTTP/1.1" 200 7326
124.78.159.88 - - [01/Mar/2022:08:41:50 +0800] "GET /xingrg/all/function/internal_message.html?_=1646095309959&CODE_STATE=getMsg HTTP/1.1" 302 -
222.70.223.103 - - [01/Mar/2022:08:41:55 +0800] "GET /xingrg/kc/buy/cgsh_order_operate.html?command=get_materiel&rest_code=00155&code=00101006065&supplier_code=00100012&order_time=2022-03-01 HTTP/1.1" 200 429
116.224.122.7 - - [01/Mar/2022:08:41:55 +0800] "GET /xingrg/check_reg.html?_=1646095353226 HTTP/1.1" 200 22
180.169.147.146 - - [01/Mar/2022:08:41:56 +0800] "GET /xingrg/all/function/internal_message.html?_=1646095318110&CODE_STATE=getMsg HTTP/1.1" 200 27
116.224.122.7 - - [01/Mar/2022:08:41:58 +0800] "GET /xingrg/all/function/internal_message.html?_=1646095355782&CODE_STATE=getMsg HTTP/1.1" 200 27
101.83.241.229 - - [01/Mar/2022:08:41:58 +0800] "POST /xingrg/dwr/call/plaincall/AjaxCheckService.checkOrder.dwr HTTP/1.1" 200 78
114.88.156.203 - - [01/Mar/2022:08:42:00 +0800] "GET /xingrg/all/function/internal_message.html?_=1646095100980&CODE_STATE=getMsg HTTP/1.1" 200 27
114.88.156.203 - - [01/Mar/2022:08:42:00 +0800] "GET /xingrg/check_reg.html?_=1646095100982 HTTP/1.1" 200 22
101.83.241.229 - - [01/Mar/2022:08:42:00 +0800] "GET /xingrg/kc/base/check_order_info.html?code=452022022800237 HTTP/1.1" 200 22864
101.83.241.229 - - [01/Mar/2022:08:42:00 +0800] "GET /xingrg/dwr/interface/AjaxComOrderService.js HTTP/1.1" 200 18264
101.83.241.229 - - [01/Mar/2022:08:42:00 +0800] "GET /xingrg/dwr/interface/AjaxCheckService.js HTTP/1.1" 200 14003
101.83.241.229 - - [01/Mar/2022:08:42:00 +0800] "GET /xingrg/dwr/engine.js HTTP/1.1" 200 43631
101.83.241.229 - - [01/Mar/2022:08:42:00 +0800] "POST /xingrg/dwr/call/plaincall/AjaxCheckService.loadOrderItems.dwr HTTP/1.1" 200 3410
101.83.241.229 - - [01/Mar/2022:08:42:02 +0800] "GET /xingrg/kc/base/check_order_list.html?isBack=1 HTTP/1.1" 200 16144
101.83.241.229 - - [01/Mar/2022:08:42:02 +0800] "POST /xingrg/kc/base/check_list_operate.html HTTP/1.1" 200 1908
222.70.223.103 - - [01/Mar/2022:08:42:03 +0800] "GET /xingrg/kc/buy/cgsh_order_operate.html?command=get_materiel&rest_code=00155&code=00101006133&supplier_code=00100012&order_time=2022-03-01 HTTP/1.1" 200 433
124.79.79.90 - - [01/Mar/2022:08:42:06 +0800] "GET /xingrg/all/function/internal_message.html?_=1646095324805&CODE_STATE=getMsg HTTP/1.1" 302 -
120.253.135.82 - - [01/Mar/2022:08:42:09 +0800] "GET /xingrg/all/function/internal_message.html?_=1646095125567&CODE_STATE=getMsg HTTP/1.1" 200 27
101.83.241.229 - - [01/Mar/2022:08:42:12 +0800] "GET /xingrg/all/function/internal_message.html?_=1646095329550&CODE_STATE=getMsg HTTP/1.1" 200 27
222.70.223.103 - - [01/Mar/2022:08:42:13 +0800] "GET /xingrg/kc/buy/cgsh_order_operate.html?command=get_materiel&rest_code=00155&code=00101006129&supplier_code=00100012&order_time=2022-03-01 HTTP/1.1" 200 452
120.253.135.82 - - [01/Mar/2022:08:42:16 +0800] "POST /xingrg/kc/buy/cgsh_order_operate.html HTTP/1.1" 200 37
101.83.241.229 - - [01/Mar/2022:08:42:20 +0800] "POST /xingrg/kc/base/check_list_operate.html HTTP/1.1" 200 4
101.83.241.229 - - [01/Mar/2022:08:42:21 +0800] "POST /xingrg/kc/base/check_list_operate.html HTTP/1.1" 200 781
222.70.223.103 - - [01/Mar/2022:08:42:24 +0800] "GET /xingrg/kc/buy/cgsh_order_operate.html?command=get_materiel&rest_code=00155&code=00101006025&supplier_code=00100012&order_time=2022-03-01 HTTP/1.1" 200 417
120.253.135.82 - - [01/Mar/2022:08:42:25 +0800] "POST /xingrg/kc/buy/cgsh_order_operate.html HTTP/1.1" 200 12
222.64.144.101 - - [01/Mar/2022:08:42:28 +0800] "GET /xingrg/all/function/internal_message.html?_=1646095359394&CODE_STATE=getMsg HTTP/1.1" 302 -
120.253.135.82 - - [01/Mar/2022:08:42:29 +0800] "GET /xingrg/kc/buy/cgsh_order_info.html?code=212022030100003 HTTP/1.1" 200 59475
124.79.79.90 - - [01/Mar/2022:08:42:29 +0800] "GET /xingrg/all/function/internal_message.html?_=1646095346664&CODE_STATE=getMsg HTTP/1.1" 200 27
114.88.156.203 - - [01/Mar/2022:08:42:29 +0800] "POST /xingrg/services/DataTransmitService HTTP/1.1" 200 524
120.253.135.82 - - [01/Mar/2022:08:42:29 +0800] "GET /xingrg/javascript/easyui/themes/default/validatebox.css HTTP/1.1" 404 1104
120.253.135.82 - - [01/Mar/2022:08:42:30 +0800] "POST /xingrg/kc/buy/cgsh_order_operate.html HTTP/1.1" 200 1824
101.83.241.229 - - [01/Mar/2022:08:42:32 +0800] "GET /xingrg/kc/base/wldb_order_list.html HTTP/1.1" 200 19025
101.83.241.229 - - [01/Mar/2022:08:42:32 +0800] "POST /xingrg/kc/base/wldb_list_operate.html HTTP/1.1" 200 928
222.70.223.103 - - [01/Mar/2022:08:42:34 +0800] "GET /xingrg/kc/buy/cgsh_order_operate.html?command=get_materiel&rest_code=00155&code=00101006229&supplier_code=00100012&order_time=2022-03-01 HTTP/1.1" 200 433
101.83.241.229 - - [01/Mar/2022:08:42:36 +0800] "GET /xingrg/kc/buy/cgsh_order_list.html HTTP/1.1" 200 49792
180.152.99.39 - - [01/Mar/2022:08:42:37 +0800] "GET /xingrg/all/function/internal_message.html?_=1646095258699&CODE_STATE=getMsg HTTP/1.1" 302 -
101.83.241.229 - - [01/Mar/2022:08:42:37 +0800] "POST /xingrg/kc/buy/cgsh_list_operate.html HTTP/1.1" 200 876
58.40.7.146 - - [01/Mar/2022:08:42:39 +0800] "GET /xingrg/all/function/internal_message.html?_=1646095374572&CODE_STATE=getMsg HTTP/1.1" 200 27
114.86.226.30 - - [01/Mar/2022:08:42:39 +0800] "GET /xingrg/all/function/internal_message.html?_=1646095357960&CODE_STATE=getMsg HTTP/1.1" 200 27
101.83.241.229 - - [01/Mar/2022:08:42:39 +0800] "GET /xingrg/kc/buy/cgsh_order_add.html HTTP/1.1" 200 65655
101.83.241.229 - - [01/Mar/2022:08:42:39 +0800] "POST /xingrg/kc/buy/cgsh_order_operate.html HTTP/1.1" 200 8245
101.83.241.229 - - [01/Mar/2022:08:42:39 +0800] "GET /xingrg/javascript/easyui/themes/default/validatebox.css HTTP/1.1" 404 1104
101.83.241.229 - - [01/Mar/2022:08:42:39 +0800] "GET /xingrg/all/common/auto_word.html?type=employee&rest_code=00149 HTTP/1.1" 200 197
101.83.241.229 - - [01/Mar/2022:08:42:39 +0800] "GET /xingrg/all/common/auto_word.html?type=employee&rest_code=00149 HTTP/1.1" 200 197
101.83.241.229 - - [01/Mar/2022:08:42:43 +0800] "GET /xingrg/javascript/auto/indicator.gif HTTP/1.1" 404 1066
101.83.241.229 - - [01/Mar/2022:08:42:45 +0800] "GET /xingrg/javascript/jquery_tools/images/prev.gif HTTP/1.1" 404 1086
101.83.241.229 - - [01/Mar/2022:08:42:45 +0800] "GET /xingrg/javascript/jquery_tools/images/next.gif HTTP/1.1" 404 1086
222.70.223.103 - - [01/Mar/2022:08:42:46 +0800] "GET /xingrg/check_reg.html?_=1646095363038 HTTP/1.1" 200 22
222.70.223.103 - - [01/Mar/2022:08:42:46 +0800] "POST /xingrg/kc/buy/cgsh_order_operate.html HTTP/1.1" 200 37
222.70.223.103 - - [01/Mar/2022:08:42:46 +0800] "GET /xingrg/all/function/internal_message.html?_=1646095363039&CODE_STATE=getMsg HTTP/1.1" 200 27
222.70.243.96 - - [01/Mar/2022:08:42:46 +0800] "GET /xingrg/all/function/internal_message.html?_=1646095370359&CODE_STATE=getMsg HTTP/1.1" 200 27
222.70.223.103 - - [01/Mar/2022:08:42:47 +0800] "POST /xingrg/kc/buy/cgsh_order_operate.html HTTP/1.1" 200 9233
222.70.223.103 - - [01/Mar/2022:08:42:48 +0800] "GET /xingrg/kc/print/load_data.html?order_code=212022030100006&kc_code=cgsh&condition= HTTP/1.1" 200 3286
124.78.159.88 - - [01/Mar/2022:08:42:50 +0800] "GET /xingrg/all/function/internal_message.html?_=1646095369943&CODE_STATE=getMsg HTTP/1.1" 302 -
222.70.223.103 - - [01/Mar/2022:08:42:52 +0800] "GET /xingrg/kc/print/load_data.html?order_code=212022030100006&kc_code=cgsh HTTP/1.1" 200 3286
101.83.241.229 - - [01/Mar/2022:08:42:54 +0800] "GET /xingrg/kc/buy/cgsh_order_operate.html?command=get_materiel&rest_code=00149&code=00101008323&supplier_code=00100005&order_time=2022-03-01 HTTP/1.1" 200 428
180.169.147.146 - - [01/Mar/2022:08:42:56 +0800] "GET /xingrg/all/function/internal_message.html?_=1646095378108&CODE_STATE=getMsg HTTP/1.1" 200 27
116.224.122.7 - - [01/Mar/2022:08:42:58 +0800] "GET /xingrg/all/function/internal_message.html?_=1646095415795&CODE_STATE=getMsg HTTP/1.1" 200 27
114.88.156.203 - - [01/Mar/2022:08:43:00 +0800] "GET /xingrg/all/function/internal_message.html?_=1646095160964&CODE_STATE=getMsg HTTP/1.1" 200 27
120.253.135.82 - - [01/Mar/2022:08:43:01 +0800] "POST /xingrg/kc/buy/cgsh_list_operate.html HTTP/1.1" 200 876
124.79.79.90 - - [01/Mar/2022:08:43:06 +0800] "GET /xingrg/all/function/internal_message.html?_=1646095384808&CODE_STATE=getMsg HTTP/1.1" 302 -
124.78.159.88 - - [01/Mar/2022:08:43:06 +0800] "GET /xingrg/check_reg.html?_=1646095385155 HTTP/1.1" 302 -
120.253.135.82 - - [01/Mar/2022:08:43:09 +0800] "GET /xingrg/kc/pszx/mdqp_order_list.html?state=10 HTTP/1.1" 200 11453
120.253.135.82 - - [01/Mar/2022:08:43:09 +0800] "GET /xingrg/dwr/interface/AjaxQqpsService.js HTTP/1.1" 200 16326
120.253.135.82 - - [01/Mar/2022:08:43:09 +0800] "GET /xingrg/dwr/interface/AjaxReportQueryService.js HTTP/1.1" 200 13203
120.253.135.82 - - [01/Mar/2022:08:43:09 +0800] "GET /xingrg/dwr/engine.js HTTP/1.1" 200 43631
120.253.135.82 - - [01/Mar/2022:08:43:09 +0800] "GET /xingrg/all/function/internal_message.html?_=1646095185579&CODE_STATE=getMsg HTTP/1.1" 200 27
101.83.241.229 - - [01/Mar/2022:08:43:12 +0800] "GET /xingrg/check_reg.html?_=1646095389553 HTTP/1.1" 200 22
101.83.241.229 - - [01/Mar/2022:08:43:12 +0800] "GET /xingrg/all/function/internal_message.html?_=1646095389554&CODE_STATE=getMsg HTTP/1.1" 200 27
101.83.241.229 - - [01/Mar/2022:08:43:12 +0800] "GET /xingrg/kc/buy/cgsh_order_operate.html?command=get_materiel&rest_code=00149&code=00101008330&supplier_code=00100005&order_time=2022-03-01 HTTP/1.1" 200 409
120.253.135.82 - - [01/Mar/2022:08:43:13 +0800] "GET /xingrg/kc/pszx/mdqp_order_list.html?state=10 HTTP/1.1" 200 11453
120.253.135.82 - - [01/Mar/2022:08:43:13 +0800] "GET /xingrg/dwr/interface/AjaxReportQueryService.js HTTP/1.1" 200 13203
120.253.135.82 - - [01/Mar/2022:08:43:13 +0800] "GET /xingrg/dwr/interface/AjaxQqpsService.js HTTP/1.1" 200 16326
120.253.135.82 - - [01/Mar/2022:08:43:13 +0800] "GET /xingrg/dwr/engine.js HTTP/1.1" 200 43631
120.253.135.82 - - [01/Mar/2022:08:43:18 +0800] "GET /xingrg/kc/pszx/mdqp_order_list.html?state=10 HTTP/1.1" 200 11453
120.253.135.82 - - [01/Mar/2022:08:43:18 +0800] "GET /xingrg/dwr/interface/AjaxQqpsService.js HTTP/1.1" 200 16326
120.253.135.82 - - [01/Mar/2022:08:43:18 +0800] "GET /xingrg/dwr/interface/AjaxReportQueryService.js HTTP/1.1" 200 13203
120.253.135.82 - - [01/Mar/2022:08:43:18 +0800] "GET /xingrg/dwr/engine.js HTTP/1.1" 200 43631
101.83.241.229 - - [01/Mar/2022:08:43:28 +0800] "GET /xingrg/kc/buy/cgsh_order_operate.html?command=get_materiel&rest_code=00149&code=00101008257&supplier_code=00100005&order_time=2022-03-01 HTTP/1.1" 200 436
222.64.144.101 - - [01/Mar/2022:08:43:28 +0800] "GET /xingrg/all/function/internal_message.html?_=1646095419363&CODE_STATE=getMsg HTTP/1.1" 302 -
124.79.79.90 - - [01/Mar/2022:08:43:29 +0800] "GET /xingrg/all/function/internal_message.html?_=1646095406636&CODE_STATE=getMsg HTTP/1.1" 200 27
101.83.241.229 - - [01/Mar/2022:08:43:36 +0800] "GET /xingrg/kc/buy/cgsh_order_operate.html?command=get_materiel&rest_code=00149&code=00101008156&supplier_code=00100005&order_time=2022-03-01 HTTP/1.1" 200 414
180.152.99.39 - - [01/Mar/2022:08:43:37 +0800] "GET /xingrg/all/function/internal_message.html?_=1646095318702&CODE_STATE=getMsg HTTP/1.1" 302 -
58.40.7.146 - - [01/Mar/2022:08:43:39 +0800] "GET /xingrg/all/function/internal_message.html?_=1646095434574&CODE_STATE=getMsg HTTP/1.1" 200 27
114.86.226.30 - - [01/Mar/2022:08:43:39 +0800] "GET /xingrg/all/function/internal_message.html?_=1646095417951&CODE_STATE=getMsg HTTP/1.1" 200 27
101.83.241.229 - - [01/Mar/2022:08:43:44 +0800] "GET /xingrg/kc/buy/cgsh_order_operate.html?command=get_materiel&rest_code=00149&code=00101008080&supplier_code=00100005&order_time=2022-03-01 HTTP/1.1" 200 416
222.70.223.103 - - [01/Mar/2022:08:43:46 +0800] "GET /xingrg/all/function/internal_message.html?_=1646095423052&CODE_STATE=getMsg HTTP/1.1" 200 27
222.70.243.96 - - [01/Mar/2022:08:43:46 +0800] "GET /xingrg/all/function/internal_message.html?_=1646095430363&CODE_STATE=getMsg HTTP/1.1" 200 27
124.78.159.88 - - [01/Mar/2022:08:43:50 +0800] "GET /xingrg/all/function/internal_message.html?_=1646095429928&CODE_STATE=getMsg HTTP/1.1" 302 -
180.169.147.146 - - [01/Mar/2022:08:43:56 +0800] "GET /xingrg/all/function/internal_message.html?_=1646095438106&CODE_STATE=getMsg HTTP/1.1" 200 27
116.224.122.7 - - [01/Mar/2022:08:43:58 +0800] "GET /xingrg/all/function/internal_message.html?_=1646095475817&CODE_STATE=getMsg HTTP/1.1" 200 27
101.83.241.229 - - [01/Mar/2022:08:43:58 +0800] "GET /xingrg/kc/buy/cgsh_order_operate.html?command=get_materiel&rest_code=00149&code=00101008350&supplier_code=00100005&order_time=2022-03-01 HTTP/1.1" 200 429
114.88.156.203 - - [01/Mar/2022:08:44:00 +0800] "GET /xingrg/all/function/internal_message.html?_=1646095220974&CODE_STATE=getMsg HTTP/1.1" 200 27
180.152.99.39 - - [01/Mar/2022:08:44:03 +0800] "GET /xingrg/check_reg.html?_=1646095344309 HTTP/1.1" 302 -
124.79.79.90 - - [01/Mar/2022:08:44:06 +0800] "GET /xingrg/all/function/internal_message.html?_=1646095444820&CODE_STATE=getMsg HTTP/1.1" 302 -
101.83.241.229 - - [01/Mar/2022:08:44:08 +0800] "GET /xingrg/kc/buy/cgsh_order_operate.html?command=get_materiel&rest_code=00149&code=00101008185&supplier_code=00100005&order_time=2022-03-01 HTTP/1.1" 200 429
120.253.135.82 - - [01/Mar/2022:08:44:09 +0800] "GET /xingrg/check_reg.html?_=1646095244703 HTTP/1.1" 200 22
120.253.135.82 - - [01/Mar/2022:08:44:09 +0800] "GET /xingrg/all/function/internal_message.html?_=1646095245592&CODE_STATE=getMsg HTTP/1.1" 200 27
120.253.135.82 - - [01/Mar/2022:08:44:11 +0800] "GET /xingrg/kc/pszx/mdqp_order_list.html?state=10 HTTP/1.1" 200 11453
120.253.135.82 - - [01/Mar/2022:08:44:11 +0800] "GET /xingrg/dwr/interface/AjaxQqpsService.js HTTP/1.1" 200 16326
120.253.135.82 - - [01/Mar/2022:08:44:11 +0800] "GET /xingrg/dwr/interface/AjaxReportQueryService.js HTTP/1.1" 200 13203
120.253.135.82 - - [01/Mar/2022:08:44:11 +0800] "GET /xingrg/dwr/engine.js HTTP/1.1" 200 43631
101.83.241.229 - - [01/Mar/2022:08:44:12 +0800] "GET /xingrg/all/function/internal_message.html?_=1646095449568&CODE_STATE=getMsg HTTP/1.1" 200 27
120.253.135.82 - - [01/Mar/2022:08:44:16 +0800] "GET /xingrg/kc/pszx/mdqp_order_list.html?state=10 HTTP/1.1" 200 11453
120.253.135.82 - - [01/Mar/2022:08:44:16 +0800] "GET /xingrg/dwr/interface/AjaxReportQueryService.js HTTP/1.1" 200 13203
120.253.135.82 - - [01/Mar/2022:08:44:16 +0800] "GET /xingrg/dwr/interface/AjaxQqpsService.js HTTP/1.1" 200 16326
120.253.135.82 - - [01/Mar/2022:08:44:16 +0800] "GET /xingrg/dwr/engine.js HTTP/1.1" 200 43631
101.83.241.229 - - [01/Mar/2022:08:44:16 +0800] "GET /xingrg/kc/buy/cgsh_order_operate.html?command=get_materiel&rest_code=00149&code=00101008028&supplier_code=00100005&order_time=2022-03-01 HTTP/1.1" 200 432
222.64.144.101 - - [01/Mar/2022:08:44:28 +0800] "GET /xingrg/all/function/internal_message.html?_=1646095479332&CODE_STATE=getMsg HTTP/1.1" 302 -
101.83.241.229 - - [01/Mar/2022:08:44:29 +0800] "GET /xingrg/kc/buy/cgsh_order_operate.html?command=get_materiel&rest_code=00149&code=00101008351&supplier_code=00100005&order_time=2022-03-01 HTTP/1.1" 200 427
124.79.79.90 - - [01/Mar/2022:08:44:29 +0800] "GET /xingrg/all/function/internal_message.html?_=1646095466623&CODE_STATE=getMsg HTTP/1.1" 200 27
180.152.99.39 - - [01/Mar/2022:08:44:37 +0800] "GET /xingrg/all/function/internal_message.html?_=1646095378802&CODE_STATE=getMsg HTTP/1.1" 302 -
58.40.7.146 - - [01/Mar/2022:08:44:39 +0800] "GET /xingrg/all/function/internal_message.html?_=1646095494576&CODE_STATE=getMsg HTTP/1.1" 200 27
114.86.226.30 - - [01/Mar/2022:08:44:39 +0800] "GET /xingrg/all/function/internal_message.html?_=1646095477952&CODE_STATE=getMsg HTTP/1.1" 200 27
101.83.241.229 - - [01/Mar/2022:08:44:41 +0800] "GET /xingrg/kc/buy/cgsh_order_operate.html?command=get_materiel&rest_code=00149&code=00101008110&supplier_code=00100005&order_time=2022-03-01 HTTP/1.1" 200 428
222.70.223.103 - - [01/Mar/2022:08:44:46 +0800] "GET /xingrg/all/function/internal_message.html?_=1646095483035&CODE_STATE=getMsg HTTP/1.1" 200 27
222.70.243.96 - - [01/Mar/2022:08:44:46 +0800] "GET /xingrg/all/function/internal_message.html?_=1646095490385&CODE_STATE=getMsg HTTP/1.1" 200 27
124.78.159.88 - - [01/Mar/2022:08:44:50 +0800] "GET /xingrg/all/function/internal_message.html?_=1646095489937&CODE_STATE=getMsg HTTP/1.1" 302 -
180.169.147.146 - - [01/Mar/2022:08:44:56 +0800] "GET /xingrg/check_reg.html?_=1646095498105 HTTP/1.1" 200 22
180.169.147.146 - - [01/Mar/2022:08:44:56 +0800] "GET /xingrg/all/function/internal_message.html?_=1646095498106&CODE_STATE=getMsg HTTP/1.1" 200 27
124.79.79.90 - - [01/Mar/2022:08:44:57 +0800] "GET /xingrg/check_reg.html?_=1646095496214 HTTP/1.1" 302 -
120.253.135.82 - - [01/Mar/2022:08:44:58 +0800] "GET /xingrg/kc/pszx/mdqp_order_list.html?state=10 HTTP/1.1" 200 11453
120.253.135.82 - - [01/Mar/2022:08:44:58 +0800] "GET /xingrg/dwr/interface/AjaxReportQueryService.js HTTP/1.1" 200 13203
120.253.135.82 - - [01/Mar/2022:08:44:58 +0800] "GET /xingrg/dwr/interface/AjaxQqpsService.js HTTP/1.1" 200 16326
120.253.135.82 - - [01/Mar/2022:08:44:58 +0800] "GET /xingrg/dwr/engine.js HTTP/1.1" 200 43631
116.224.122.7 - - [01/Mar/2022:08:44:58 +0800] "GET /xingrg/all/function/internal_message.html?_=1646095536359&CODE_STATE=getMsg HTTP/1.1" 200 27
114.88.156.203 - - [01/Mar/2022:08:45:00 +0800] "GET /xingrg/all/function/internal_message.html?_=1646095280964&CODE_STATE=getMsg HTTP/1.1" 200 27
101.83.241.229 - - [01/Mar/2022:08:45:02 +0800] "GET /xingrg/kc/buy/cgsh_order_operate.html?command=get_materiel&rest_code=00149&code=00101008096&supplier_code=00100005&order_time=2022-03-01 HTTP/1.1" 200 433
120.253.135.82 - - [01/Mar/2022:08:45:03 +0800] "GET /xingrg/kc/pszx/mdqp_order_list.html?state=10 HTTP/1.1" 200 11453
120.253.135.82 - - [01/Mar/2022:08:45:03 +0800] "GET /xingrg/dwr/interface/AjaxQqpsService.js HTTP/1.1" 200 16326
120.253.135.82 - - [01/Mar/2022:08:45:03 +0800] "GET /xingrg/dwr/interface/AjaxReportQueryService.js HTTP/1.1" 200 13203
120.253.135.82 - - [01/Mar/2022:08:45:03 +0800] "GET /xingrg/dwr/engine.js HTTP/1.1" 200 43631
124.79.79.90 - - [01/Mar/2022:08:45:06 +0800] "GET /xingrg/all/function/internal_message.html?_=1646095504836&CODE_STATE=getMsg HTTP/1.1" 302 -
120.253.135.82 - - [01/Mar/2022:08:45:09 +0800] "GET /xingrg/all/function/internal_message.html?_=1646095305606&CODE_STATE=getMsg HTTP/1.1" 200 27
101.83.241.229 - - [01/Mar/2022:08:45:12 +0800] "GET /xingrg/all/function/internal_message.html?_=1646095509570&CODE_STATE=getMsg HTTP/1.1" 200 27
101.83.241.229 - - [01/Mar/2022:08:45:12 +0800] "GET /xingrg/kc/buy/cgsh_order_operate.html?command=get_materiel&rest_code=00149&code=00101008403&supplier_code=00100005&order_time=2022-03-01 HTTP/1.1" 200 432
222.64.144.101 - - [01/Mar/2022:08:45:28 +0800] "GET /xingrg/all/function/internal_message.html?_=1646095539319&CODE_STATE=getMsg HTTP/1.1" 302 -
124.79.79.90 - - [01/Mar/2022:08:45:29 +0800] "GET /xingrg/all/function/internal_message.html?_=1646095526609&CODE_STATE=getMsg HTTP/1.1" 200 27
101.83.241.229 - - [01/Mar/2022:08:45:29 +0800] "GET /xingrg/kc/buy/cgsh_order_operate.html?command=get_materiel&rest_code=00149&code=00101008283&supplier_code=00100005&order_time=2022-03-01 HTTP/1.1" 200 427
120.253.135.82 - - [01/Mar/2022:08:45:35 +0800] "GET /xingrg/kc/pszx/mdqp_order_list.html?state=10 HTTP/1.1" 200 11453
120.253.135.82 - - [01/Mar/2022:08:45:35 +0800] "GET /xingrg/dwr/interface/AjaxReportQueryService.js HTTP/1.1" 200 13203
120.253.135.82 - - [01/Mar/2022:08:45:35 +0800] "GET /xingrg/dwr/interface/AjaxQqpsService.js HTTP/1.1" 200 16326
120.253.135.82 - - [01/Mar/2022:08:45:35 +0800] "GET /xingrg/dwr/engine.js HTTP/1.1" 200 43631
180.152.99.39 - - [01/Mar/2022:08:45:37 +0800] "GET /xingrg/all/function/internal_message.html?_=1646095438805&CODE_STATE=getMsg HTTP/1.1" 302 -
222.70.223.103 - - [01/Mar/2022:08:45:37 +0800] "POST /xingrg/kc/buy/cgsh_list_operate.html HTTP/1.1" 200 5443
58.40.7.146 - - [01/Mar/2022:08:45:39 +0800] "GET /xingrg/all/function/internal_message.html?_=1646095554576&CODE_STATE=getMsg HTTP/1.1" 200 27
114.86.226.30 - - [01/Mar/2022:08:45:39 +0800] "GET /xingrg/all/function/internal_message.html?_=1646095537958&CODE_STATE=getMsg HTTP/1.1" 200 27
120.253.135.82 - - [01/Mar/2022:08:45:40 +0800] "GET /xingrg/kc/pszx/mdps_order_list.html?orderType=0 HTTP/1.1" 200 20884
222.70.243.96 - - [01/Mar/2022:08:45:40 +0800] "GET /xingrg/check_reg.html?_=1646095544767 HTTP/1.1" 200 22
124.79.79.90 - - [01/Mar/2022:08:45:41 +0800] "GET /xingrg/check_reg.html?_=1646095538377 HTTP/1.1" 200 22
120.253.135.82 - - [01/Mar/2022:08:45:41 +0800] "POST /xingrg/kc/pszx/mdps_list_operate.html HTTP/1.1" 200 5366
222.70.223.103 - - [01/Mar/2022:08:45:43 +0800] "POST /xingrg/kc/buy/cgsh_list_operate.html HTTP/1.1" 200 9271
101.83.241.229 - - [01/Mar/2022:08:45:45 +0800] "GET /xingrg/kc/buy/cgsh_order_operate.html?command=get_materiel&rest_code=00149&code=00101008224&supplier_code=00100005&order_time=2022-03-01 HTTP/1.1" 200 436
222.70.223.103 - - [01/Mar/2022:08:45:46 +0800] "GET /xingrg/all/function/internal_message.html?_=1646095543038&CODE_STATE=getMsg HTTP/1.1" 200 27
222.70.243.96 - - [01/Mar/2022:08:45:46 +0800] "GET /xingrg/all/function/internal_message.html?_=1646095550390&CODE_STATE=getMsg HTTP/1.1" 200 27
120.253.135.82 - - [01/Mar/2022:08:45:47 +0800] "GET /xingrg/kc/report/report_main.html HTTP/1.1" 200 8599
120.253.135.82 - - [01/Mar/2022:08:45:47 +0800] "GET /xingrg/javascript/jquery_ui/themes/humanity/humanity.css HTTP/1.1" 304 -
120.253.135.82 - - [01/Mar/2022:08:45:50 +0800] "GET /xingrg/kc/pszx/mdqp_order_list.html?state=10 HTTP/1.1" 200 11453
120.253.135.82 - - [01/Mar/2022:08:45:50 +0800] "GET /xingrg/dwr/interface/AjaxQqpsService.js HTTP/1.1" 200 16326
120.253.135.82 - - [01/Mar/2022:08:45:50 +0800] "GET /xingrg/dwr/interface/AjaxReportQueryService.js HTTP/1.1" 200 13203
120.253.135.82 - - [01/Mar/2022:08:45:50 +0800] "GET /xingrg/dwr/engine.js HTTP/1.1" 200 43631
124.78.159.88 - - [01/Mar/2022:08:45:50 +0800] "GET /xingrg/all/function/internal_message.html?_=1646095549920&CODE_STATE=getMsg HTTP/1.1" 302 -
180.169.147.146 - - [01/Mar/2022:08:45:56 +0800] "GET /xingrg/all/function/internal_message.html?_=1646095558104&CODE_STATE=getMsg HTTP/1.1" 200 27
116.224.122.7 - - [01/Mar/2022:08:45:58 +0800] "GET /xingrg/all/function/internal_message.html?_=1646095596366&CODE_STATE=getMsg HTTP/1.1" 200 27
114.88.156.203 - - [01/Mar/2022:08:46:00 +0800] "GET /xingrg/all/function/internal_message.html?_=1646095340965&CODE_STATE=getMsg HTTP/1.1" 200 27
222.70.180.114 - - [01/Mar/2022:08:46:04 +0800] "GET /xingrg/login.html HTTP/1.1" 200 7641
222.70.180.114 - - [01/Mar/2022:08:46:05 +0800] "GET /favicon.ico HTTP/1.1" 404 -
124.79.79.90 - - [01/Mar/2022:08:46:06 +0800] "GET /xingrg/all/function/internal_message.html?_=1646095564866&CODE_STATE=getMsg HTTP/1.1" 302 -
120.253.135.82 - - [01/Mar/2022:08:46:10 +0800] "GET /xingrg/all/function/internal_message.html?_=1646095365725&CODE_STATE=getMsg HTTP/1.1" 200 27
101.83.241.229 - - [01/Mar/2022:08:46:12 +0800] "GET /xingrg/all/function/internal_message.html?_=1646095569567&CODE_STATE=getMsg HTTP/1.1" 200 27
222.70.180.114 - - [01/Mar/2022:08:46:13 +0800] "POST /xingrg/login.do HTTP/1.1" 302 -
222.70.180.114 - - [01/Mar/2022:08:46:13 +0800] "GET /xingrg/index.html?sysBaseUrl=http%3A%2F%2F180.169.147.146%3A18081%2Fxingrg%2F&costTime=1103×tamp=1646095573622 HTTP/1.1" 200 17173
222.70.180.114 - - [01/Mar/2022:08:46:13 +0800] "GET /favicon.ico HTTP/1.1" 404 -
222.70.180.114 - - [01/Mar/2022:08:46:14 +0800] "GET /xingrg/all/function/internal_message.html?_=1646095569825&CODE_STATE=count HTTP/1.1" 200 11
222.70.180.114 - - [01/Mar/2022:08:46:14 +0800] "POST /xingrg/all/common/load_tree.html?tree=area_rest_tree_json&manage=1 HTTP/1.1" 200 342
222.70.180.114 - - [01/Mar/2022:08:46:14 +0800] "GET /xingrg/check_reg.html?_=1646095569827 HTTP/1.1" 200 22
222.70.180.114 - - [01/Mar/2022:08:46:14 +0800] "POST /xingrg/load_menu.html HTTP/1.1" 200 5138
222.64.144.101 - - [01/Mar/2022:08:46:15 +0800] "GET /xingrg/check_reg.html?_=1646095586250 HTTP/1.1" 302 -
120.253.135.82 - - [01/Mar/2022:08:46:17 +0800] "GET /xingrg/kc/pszx/mdqp_order_list.html?state=10 HTTP/1.1" 200 11453
120.253.135.82 - - [01/Mar/2022:08:46:17 +0800] "GET /xingrg/dwr/interface/AjaxQqpsService.js HTTP/1.1" 200 16326
222.70.180.114 - - [01/Mar/2022:08:46:17 +0800] "GET /xingrg/kc/base/wldb_order_list.html HTTP/1.1" 200 19019
120.253.135.82 - - [01/Mar/2022:08:46:17 +0800] "GET /xingrg/dwr/interface/AjaxReportQueryService.js HTTP/1.1" 200 13203
120.253.135.82 - - [01/Mar/2022:08:46:17 +0800] "GET /xingrg/dwr/engine.js HTTP/1.1" 200 43631
222.70.180.114 - - [01/Mar/2022:08:46:18 +0800] "POST /xingrg/kc/base/wldb_list_operate.html HTTP/1.1" 200 928
222.70.180.114 - - [01/Mar/2022:08:46:21 +0800] "GET /xingrg/kc/base/wldb_order_add.html HTTP/1.1" 200 30233
222.70.180.114 - - [01/Mar/2022:08:46:21 +0800] "GET /xingrg/words/20220228151017_words.js HTTP/1.1" 200 888395
222.70.180.114 - - [01/Mar/2022:08:46:21 +0800] "GET /xingrg/all/common/auto_word.html?type=base&rest_code=00111 HTTP/1.1" 200 1753
222.70.180.114 - - [01/Mar/2022:08:46:21 +0800] "GET /xingrg/all/common/auto_word.html?type=base&rest_code=00111 HTTP/1.1" 200 1753
222.70.180.114 - - [01/Mar/2022:08:46:21 +0800] "GET /xingrg/javascript/easyui/themes/default/validatebox.css HTTP/1.1" 404 1104
222.70.180.114 - - [01/Mar/2022:08:46:21 +0800] "POST /xingrg/kc/base/wldb_order_operate.html HTTP/1.1" 200 6806
222.64.144.101 - - [01/Mar/2022:08:46:28 +0800] "GET /xingrg/all/function/internal_message.html?_=1646095599304&CODE_STATE=getMsg HTTP/1.1" 302 -
124.79.79.90 - - [01/Mar/2022:08:46:29 +0800] "GET /xingrg/all/function/internal_message.html?_=1646095586583&CODE_STATE=getMsg HTTP/1.1" 200 27
120.253.135.82 - - [01/Mar/2022:08:46:29 +0800] "GET /xingrg/kc/pszx/mdqp_order_list.html?state=10 HTTP/1.1" 200 11453
120.253.135.82 - - [01/Mar/2022:08:46:29 +0800] "GET /xingrg/dwr/interface/AjaxReportQueryService.js HTTP/1.1" 200 13203
120.253.135.82 - - [01/Mar/2022:08:46:29 +0800] "GET /xingrg/dwr/interface/AjaxQqpsService.js HTTP/1.1" 200 16326
120.253.135.82 - - [01/Mar/2022:08:46:29 +0800] "GET /xingrg/dwr/engine.js HTTP/1.1" 200 43631
222.70.180.114 - - [01/Mar/2022:08:46:30 +0800] "GET /xingrg/javascript/auto/indicator.gif HTTP/1.1" 404 1066
222.70.180.114 - - [01/Mar/2022:08:46:31 +0800] "GET /xingrg/javascript/jquery_tools/images/prev.gif HTTP/1.1" 404 1086
222.70.180.114 - - [01/Mar/2022:08:46:31 +0800] "GET /xingrg/javascript/jquery_tools/images/next.gif HTTP/1.1" 404 1086
120.253.135.82 - - [01/Mar/2022:08:46:37 +0800] "GET /xingrg/kc/pszx/mdqp_order_list.html?state=10 HTTP/1.1" 200 11453
120.253.135.82 - - [01/Mar/2022:08:46:37 +0800] "GET /xingrg/dwr/interface/AjaxReportQueryService.js HTTP/1.1" 200 13203
120.253.135.82 - - [01/Mar/2022:08:46:37 +0800] "GET /xingrg/dwr/interface/AjaxQqpsService.js HTTP/1.1" 200 16326
120.253.135.82 - - [01/Mar/2022:08:46:37 +0800] "GET /xingrg/dwr/engine.js HTTP/1.1" 200 43631
180.152.99.39 - - [01/Mar/2022:08:46:38 +0800] "GET /xingrg/all/function/internal_message.html?_=1646095498916&CODE_STATE=getMsg HTTP/1.1" 302 -
58.40.7.146 - - [01/Mar/2022:08:46:39 +0800] "GET /xingrg/check_reg.html?_=1646095614563 HTTP/1.1" 200 22
58.40.7.146 - - [01/Mar/2022:08:46:39 +0800] "GET /xingrg/all/function/internal_message.html?_=1646095614564&CODE_STATE=getMsg HTTP/1.1" 200 27
114.86.226.30 - - [01/Mar/2022:08:46:39 +0800] "GET /xingrg/check_reg.html?_=1646095597976 HTTP/1.1" 200 22
114.86.226.30 - - [01/Mar/2022:08:46:39 +0800] "GET /xingrg/all/function/internal_message.html?_=1646095597978&CODE_STATE=getMsg HTTP/1.1" 200 27
222.70.223.103 - - [01/Mar/2022:08:46:46 +0800] "GET /xingrg/all/function/internal_message.html?_=1646095603038&CODE_STATE=getMsg HTTP/1.1" 200 27
222.70.180.114 - - [01/Mar/2022:08:46:46 +0800] "GET /xingrg/kc/base/wldb_order_operate.html?command=get_materiel&rest_code=00111&base_code=0010292&code=00101001016 HTTP/1.1" 200 436
222.70.243.96 - - [01/Mar/2022:08:46:46 +0800] "GET /xingrg/all/function/internal_message.html?_=1646095610403&CODE_STATE=getMsg HTTP/1.1" 200 27
124.78.159.88 - - [01/Mar/2022:08:46:50 +0800] "GET /xingrg/all/function/internal_message.html?_=1646095609904&CODE_STATE=getMsg HTTP/1.1" 302 -
101.83.241.229 - - [01/Mar/2022:08:46:53 +0800] "GET /xingrg/kc/buy/cgsh_order_operate.html?command=get_materiel&rest_code=00149&code=00101008370&supplier_code=00100005&order_time=2022-03-01 HTTP/1.1" 200 412
116.224.122.7 - - [01/Mar/2022:08:46:56 +0800] "GET /xingrg/check_reg.html?_=1646095653771 HTTP/1.1" 200 22
180.169.147.146 - - [01/Mar/2022:08:46:56 +0800] "GET /xingrg/all/function/internal_message.html?_=1646095618103&CODE_STATE=getMsg HTTP/1.1" 200 27
116.224.122.7 - - [01/Mar/2022:08:46:58 +0800] "GET /xingrg/all/function/internal_message.html?_=1646095656380&CODE_STATE=getMsg HTTP/1.1" 200 27
114.88.156.203 - - [01/Mar/2022:08:47:00 +0800] "GET /xingrg/all/function/internal_message.html?_=1646095400979&CODE_STATE=getMsg HTTP/1.1" 200 27
114.88.156.203 - - [01/Mar/2022:08:47:00 +0800] "GET /xingrg/check_reg.html?_=1646095400981 HTTP/1.1" 200 22
222.70.180.114 - - [01/Mar/2022:08:47:01 +0800] "GET /xingrg/kc/base/wldb_order_operate.html?command=get_materiel&rest_code=00111&base_code=0010292&code=00101001060 HTTP/1.1" 200 442
101.83.241.229 - - [01/Mar/2022:08:47:05 +0800] "GET /xingrg/kc/buy/cgsh_order_operate.html?command=get_materiel&rest_code=00149&code=00101008361&supplier_code=00100005&order_time=2022-03-01 HTTP/1.1" 200 408
124.79.79.90 - - [01/Mar/2022:08:47:06 +0800] "GET /xingrg/all/function/internal_message.html?_=1646095624857&CODE_STATE=getMsg HTTP/1.1" 302 -
120.253.135.82 - - [01/Mar/2022:08:47:10 +0800] "GET /xingrg/all/function/internal_message.html?_=1646095425847&CODE_STATE=getMsg HTTP/1.1" 200 27
101.83.241.229 - - [01/Mar/2022:08:47:12 +0800] "GET /xingrg/all/function/internal_message.html?_=1646095629576&CODE_STATE=getMsg HTTP/1.1" 200 27
101.83.241.229 - - [01/Mar/2022:08:47:13 +0800] "GET /xingrg/kc/buy/cgsh_order_operate.html?command=get_materiel&rest_code=00149&code=00101008321&supplier_code=00100005&order_time=2022-03-01 HTTP/1.1" 200 412
222.70.180.114 - - [01/Mar/2022:08:47:13 +0800] "GET /xingrg/kc/base/wldb_order_operate.html?command=get_materiel&rest_code=00111&base_code=0010292&code=00101001111 HTTP/1.1" 200 431
222.70.180.114 - - [01/Mar/2022:08:47:14 +0800] "GET /xingrg/all/function/internal_message.html?_=1646095629842&CODE_STATE=getMsg HTTP/1.1" 200 27
101.83.241.229 - - [01/Mar/2022:08:47:25 +0800] "GET /xingrg/kc/buy/cgsh_order_operate.html?command=get_materiel&rest_code=00149&code=00101008024&supplier_code=00100005&order_time=2022-03-01 HTTP/1.1" 200 428
222.70.180.114 - - [01/Mar/2022:08:47:26 +0800] "GET /xingrg/kc/base/wldb_order_operate.html?command=get_materiel&rest_code=00111&base_code=0010292&code=00101001213 HTTP/1.1" 200 444
58.40.7.146 - - [01/Mar/2022:08:47:27 +0800] "POST /xingrg/services/DataTransmitService HTTP/1.1" 200 524
222.64.144.101 - - [01/Mar/2022:08:47:28 +0800] "GET /xingrg/all/function/internal_message.html?_=1646095659274&CODE_STATE=getMsg HTTP/1.1" 302 -
124.79.79.90 - - [01/Mar/2022:08:47:29 +0800] "GET /xingrg/all/function/internal_message.html?_=1646095646556&CODE_STATE=getMsg HTTP/1.1" 200 27
101.83.241.229 - - [01/Mar/2022:08:47:32 +0800] "POST /xingrg/kc/buy/cgsh_order_operate.html HTTP/1.1" 200 2065
222.70.180.114 - - [01/Mar/2022:08:47:34 +0800] "GET /xingrg/kc/base/wldb_order_operate.html?command=get_materiel&rest_code=00111&base_code=0010292&code=00101002027 HTTP/1.1" 200 435
180.152.99.39 - - [01/Mar/2022:08:47:38 +0800] "GET /xingrg/all/function/internal_message.html?_=1646095558926&CODE_STATE=getMsg HTTP/1.1" 302 -
58.40.7.146 - - [01/Mar/2022:08:47:39 +0800] "GET /xingrg/all/function/internal_message.html?_=1646095674565&CODE_STATE=getMsg HTTP/1.1" 200 27
114.86.226.30 - - [01/Mar/2022:08:47:39 +0800] "GET /xingrg/all/function/internal_message.html?_=1646095657975&CODE_STATE=getMsg HTTP/1.1" 200 27
222.70.180.114 - - [01/Mar/2022:08:47:42 +0800] "GET /xingrg/kc/base/wldb_order_operate.html?command=get_materiel&rest_code=00111&base_code=0010292&code=00101003025 HTTP/1.1" 200 431
222.70.223.103 - - [01/Mar/2022:08:47:46 +0800] "GET /xingrg/check_reg.html?_=1646095663033 HTTP/1.1" 200 22
222.70.223.103 - - [01/Mar/2022:08:47:46 +0800] "GET /xingrg/all/function/internal_message.html?_=1646095663034&CODE_STATE=getMsg HTTP/1.1" 200 27
222.70.243.96 - - [01/Mar/2022:08:47:46 +0800] "GET /xingrg/all/function/internal_message.html?_=1646095670421&CODE_STATE=getMsg HTTP/1.1" 200 27
124.78.159.88 - - [01/Mar/2022:08:47:50 +0800] "GET /xingrg/all/function/internal_message.html?_=1646095669886&CODE_STATE=getMsg HTTP/1.1" 302 -
120.253.135.82 - - [01/Mar/2022:08:47:51 +0800] "GET /xingrg/kc/pszx/mdqp_order_list.html?state=10 HTTP/1.1" 200 11453
120.253.135.82 - - [01/Mar/2022:08:47:51 +0800] "GET /xingrg/dwr/interface/AjaxReportQueryService.js HTTP/1.1" 200 13203
120.253.135.82 - - [01/Mar/2022:08:47:51 +0800] "GET /xingrg/dwr/interface/AjaxQqpsService.js HTTP/1.1" 200 16326
120.253.135.82 - - [01/Mar/2022:08:47:51 +0800] "GET /xingrg/dwr/engine.js HTTP/1.1" 200 43631
180.169.147.146 - - [01/Mar/2022:08:47:56 +0800] "GET /xingrg/all/function/internal_message.html?_=1646095678101&CODE_STATE=getMsg HTTP/1.1" 200 27
116.224.122.7 - - [01/Mar/2022:08:47:58 +0800] "GET /xingrg/all/function/internal_message.html?_=1646095716394&CODE_STATE=getMsg HTTP/1.1" 200 27
114.88.156.203 - - [01/Mar/2022:08:48:00 +0800] "GET /xingrg/all/function/internal_message.html?_=1646095460967&CODE_STATE=getMsg HTTP/1.1" 200 27
222.70.180.114 - - [01/Mar/2022:08:48:03 +0800] "GET /xingrg/kc/base/wldb_order_operate.html?command=get_materiel&rest_code=00111&base_code=0010292&code=00101003063 HTTP/1.1" 200 418
124.79.79.90 - - [01/Mar/2022:08:48:06 +0800] "GET /xingrg/all/function/internal_message.html?_=1646095684868&CODE_STATE=getMsg HTTP/1.1" 302 -
124.78.159.88 - - [01/Mar/2022:08:48:06 +0800] "GET /xingrg/check_reg.html?_=1646095685176 HTTP/1.1" 302 -
120.253.135.82 - - [01/Mar/2022:08:48:10 +0800] "GET /xingrg/all/function/internal_message.html?_=1646095485850&CODE_STATE=getMsg HTTP/1.1" 200 27
101.83.241.229 - - [01/Mar/2022:08:48:12 +0800] "GET /xingrg/check_reg.html?_=1646095689564 HTTP/1.1" 200 22
101.83.241.229 - - [01/Mar/2022:08:48:12 +0800] "GET /xingrg/all/function/internal_message.html?_=1646095689567&CODE_STATE=getMsg HTTP/1.1" 200 27
222.70.180.114 - - [01/Mar/2022:08:48:14 +0800] "GET /xingrg/all/function/internal_message.html?_=1646095689841&CODE_STATE=getMsg HTTP/1.1" 200 27
222.70.180.114 - - [01/Mar/2022:08:48:14 +0800] "GET /xingrg/kc/base/wldb_order_operate.html?command=get_materiel&rest_code=00111&base_code=0010292&code=00101005036 HTTP/1.1" 200 431
222.70.180.114 - - [01/Mar/2022:08:48:24 +0800] "GET /xingrg/kc/base/wldb_order_operate.html?command=get_materiel&rest_code=00111&base_code=0010292&code=00101005037 HTTP/1.1" 200 432
101.83.241.229 - - [01/Mar/2022:08:48:25 +0800] "GET /xingrg/kc/buy/cgsh_order_operate.html?command=get_materiel&rest_code=00149&code=00101008356&supplier_code=00100005&order_time=2022-03-01 HTTP/1.1" 200 427
120.253.135.82 - - [01/Mar/2022:08:48:28 +0800] "GET /xingrg/kc/pszx/mdqp_order_list.html?state=10 HTTP/1.1" 200 11453
120.253.135.82 - - [01/Mar/2022:08:48:28 +0800] "GET /xingrg/dwr/interface/AjaxQqpsService.js HTTP/1.1" 200 16326
