116.224.122.7 - - [01/Mar/2022:07:41:27 +0800] "GET /xingrg/javascript/easyui/themes/default/images/button_plain_hover.png HTTP/1.1" 200 144
116.224.122.7 - - [01/Mar/2022:07:41:30 +0800] "GET /xingrg/kc/base/check_order_info.html?code=452022022800383 HTTP/1.1" 200 26478
116.224.122.7 - - [01/Mar/2022:07:41:30 +0800] "GET /xingrg/dwr/interface/AjaxComOrderService.js HTTP/1.1" 200 18264
116.224.122.7 - - [01/Mar/2022:07:41:30 +0800] "GET /xingrg/dwr/interface/AjaxCheckService.js HTTP/1.1" 200 14003
222.64.144.101 - - [01/Mar/2022:07:41:30 +0800] "GET /xingrg/all/function/internal_message.html?_=1646091700740&CODE_STATE=getMsg HTTP/1.1" 302 -
116.224.122.7 - - [01/Mar/2022:07:41:30 +0800] "GET /xingrg/dwr/engine.js HTTP/1.1" 200 43631
124.79.79.90 - - [01/Mar/2022:07:41:30 +0800] "GET /xingrg/all/function/internal_message.html?_=1646091688131&CODE_STATE=getMsg HTTP/1.1" 200 27
116.224.122.7 - - [01/Mar/2022:07:41:31 +0800] "POST /xingrg/dwr/call/plaincall/AjaxCheckService.loadOrderItems.dwr HTTP/1.1" 200 31905
180.152.99.39 - - [01/Mar/2022:07:41:34 +0800] "GET /xingrg/all/function/internal_message.html?_=1646091595377&CODE_STATE=getMsg HTTP/1.1" 302 -
58.40.7.146 - - [01/Mar/2022:07:41:38 +0800] "GET /xingrg/all/function/internal_message.html?_=1646091714564&CODE_STATE=getMsg HTTP/1.1" 200 27
58.40.7.146 - - [01/Mar/2022:07:41:39 +0800] "GET /xingrg/check_reg.html?_=1646091714565 HTTP/1.1" 200 22
222.70.243.96 - - [01/Mar/2022:07:41:45 +0800] "GET /xingrg/all/function/internal_message.html?_=1646091709521&CODE_STATE=getMsg HTTP/1.1" 200 27
116.224.122.7 - - [01/Mar/2022:07:41:46 +0800] "GET /xingrg/kc/base/check_order_add.html HTTP/1.1" 200 26434
116.224.122.7 - - [01/Mar/2022:07:41:46 +0800] "GET /xingrg/dwr/interface/AjaxComOrderService.js HTTP/1.1" 200 18264
116.224.122.7 - - [01/Mar/2022:07:41:46 +0800] "GET /xingrg/dwr/interface/AjaxCheckService.js HTTP/1.1" 200 14003
116.224.122.7 - - [01/Mar/2022:07:41:46 +0800] "GET /xingrg/dwr/engine.js HTTP/1.1" 200 43631
120.253.135.82 - - [01/Mar/2022:07:41:46 +0800] "GET /xingrg/all/function/internal_message.html?_=1646091837469&CODE_STATE=getMsg HTTP/1.1" 302 -
124.78.159.88 - - [01/Mar/2022:07:41:51 +0800] "GET /xingrg/all/function/internal_message.html?_=1646091710924&CODE_STATE=getMsg HTTP/1.1" 302 -
180.169.147.146 - - [01/Mar/2022:07:41:56 +0800] "GET /xingrg/all/function/internal_message.html?_=1646091718060&CODE_STATE=getMsg HTTP/1.1" 200 27
114.88.156.203 - - [01/Mar/2022:07:41:59 +0800] "GET /xingrg/all/function/internal_message.html?_=1646091500816&CODE_STATE=getMsg HTTP/1.1" 200 27
114.88.156.203 - - [01/Mar/2022:07:41:59 +0800] "GET /xingrg/check_reg.html?_=1646091500814 HTTP/1.1" 200 22
120.253.135.82 - - [01/Mar/2022:07:42:00 +0800] "GET /xingrg/all/function/internal_message.html?_=1646091515812&CODE_STATE=getMsg HTTP/1.1" 200 27
124.79.79.90 - - [01/Mar/2022:07:42:05 +0800] "GET /xingrg/all/function/internal_message.html?_=1646091724016&CODE_STATE=getMsg HTTP/1.1" 302 -
116.224.122.7 - - [01/Mar/2022:07:42:12 +0800] "GET /xingrg/kc/base/wldb_order_list.html HTTP/1.1" 200 19019
116.224.122.7 - - [01/Mar/2022:07:42:13 +0800] "POST /xingrg/kc/base/wldb_list_operate.html HTTP/1.1" 200 928
116.224.122.7 - - [01/Mar/2022:07:42:13 +0800] "GET /xingrg/kc/base/wldb_order_add.html HTTP/1.1" 200 30229
116.224.122.7 - - [01/Mar/2022:07:42:14 +0800] "GET /xingrg/javascript/json2.js HTTP/1.1" 200 11259
116.224.122.7 - - [01/Mar/2022:07:42:14 +0800] "GET /xingrg/javascript/jquery_tools/order_manager.js HTTP/1.1" 200 11183
116.224.122.7 - - [01/Mar/2022:07:42:14 +0800] "GET /xingrg/javascript/easyui/themes/icons/template_new.png HTTP/1.1" 200 3956
116.224.122.7 - - [01/Mar/2022:07:42:14 +0800] "GET /xingrg/javascript/easyui/themes/icons/ok.png HTTP/1.1" 200 883
116.224.122.7 - - [01/Mar/2022:07:42:14 +0800] "GET /xingrg/javascript/easyui/themes/default/images/menu_downarrow.png HTTP/1.1" 200 173
116.224.122.7 - - [01/Mar/2022:07:42:14 +0800] "GET /xingrg/javascript/easyui/themes/icons/cancel.png HTTP/1.1" 200 1133
116.224.122.7 - - [01/Mar/2022:07:42:14 +0800] "GET /xingrg/javascript/easyui/themes/icons/print.png HTTP/1.1" 200 1057
116.224.122.7 - - [01/Mar/2022:07:42:14 +0800] "POST /xingrg/kc/base/wldb_order_operate.html HTTP/1.1" 200 6806
116.224.122.7 - - [01/Mar/2022:07:42:14 +0800] "GET /xingrg/javascript/easyui/themes/icons/edit_remove.png HTTP/1.1" 200 625
116.224.122.7 - - [01/Mar/2022:07:42:14 +0800] "GET /xingrg/all/common/auto_word.html?type=base&rest_code=00102 HTTP/1.1" 200 1807
116.224.122.7 - - [01/Mar/2022:07:42:14 +0800] "GET /xingrg/all/common/auto_word.html?type=base&rest_code=00102 HTTP/1.1" 200 1807
116.224.122.7 - - [01/Mar/2022:07:42:15 +0800] "GET /xingrg/javascript/easyui/themes/default/validatebox.css HTTP/1.1" 404 1104
116.224.122.7 - - [01/Mar/2022:07:42:15 +0800] "GET /xingrg/javascript/easyui/plugins/jquery.validatebox.js HTTP/1.1" 200 6103
116.224.122.7 - - [01/Mar/2022:07:42:15 +0800] "GET /xingrg/javascript/easyui/plugins/jquery.numberbox.js HTTP/1.1" 200 5213
116.224.122.7 - - [01/Mar/2022:07:42:18 +0800] "GET /xingrg/all/function/internal_message.html?_=1646091775730&CODE_STATE=getMsg HTTP/1.1" 200 27
116.224.122.7 - - [01/Mar/2022:07:42:18 +0800] "GET /xingrg/kc/base/check_order_list.html HTTP/1.1" 200 16138
116.224.122.7 - - [01/Mar/2022:07:42:18 +0800] "POST /xingrg/kc/base/check_list_operate.html HTTP/1.1" 200 4176
116.224.122.7 - - [01/Mar/2022:07:42:25 +0800] "GET /xingrg/css/images/panel_loading.gif HTTP/1.1" 200 1737
116.224.122.7 - - [01/Mar/2022:07:42:26 +0800] "POST /xingrg/all/common/load_combo.html?type=base HTTP/1.1" 200 3233
116.224.122.7 - - [01/Mar/2022:07:42:28 +0800] "POST /xingrg/all/common/load_combo.html?type=base HTTP/1.1" 200 3233
222.64.144.101 - - [01/Mar/2022:07:42:30 +0800] "GET /xingrg/all/function/internal_message.html?_=1646091760726&CODE_STATE=getMsg HTTP/1.1" 302 -
124.79.79.90 - - [01/Mar/2022:07:42:30 +0800] "GET /xingrg/all/function/internal_message.html?_=1646091748100&CODE_STATE=getMsg HTTP/1.1" 200 27
116.224.122.7 - - [01/Mar/2022:07:42:32 +0800] "GET /xingrg/javascript/jquery_tools/images/prev.gif HTTP/1.1" 404 1086
116.224.122.7 - - [01/Mar/2022:07:42:32 +0800] "GET /xingrg/javascript/jquery_tools/images/next.gif HTTP/1.1" 404 1086
180.152.99.39 - - [01/Mar/2022:07:42:34 +0800] "GET /xingrg/all/function/internal_message.html?_=1646091655473&CODE_STATE=getMsg HTTP/1.1" 302 -
120.253.135.82 - - [01/Mar/2022:07:42:38 +0800] "GET /xingrg/check_reg.html?_=1646091554310 HTTP/1.1" 200 22
58.40.7.146 - - [01/Mar/2022:07:42:38 +0800] "GET /xingrg/all/function/internal_message.html?_=1646091774567&CODE_STATE=getMsg HTTP/1.1" 200 27
222.70.243.96 - - [01/Mar/2022:07:42:45 +0800] "GET /xingrg/all/function/internal_message.html?_=1646091769544&CODE_STATE=getMsg HTTP/1.1" 200 27
120.253.135.82 - - [01/Mar/2022:07:42:46 +0800] "GET /xingrg/all/function/internal_message.html?_=1646091897493&CODE_STATE=getMsg HTTP/1.1" 302 -
116.224.122.7 - - [01/Mar/2022:07:42:49 +0800] "GET /xingrg/javascript/auto/indicator.gif HTTP/1.1" 404 1066
116.224.122.7 - - [01/Mar/2022:07:42:50 +0800] "GET /xingrg/kc/base/wldb_order_operate.html?command=get_materiel&rest_code=00102&base_code=0010487&code=00101006056 HTTP/1.1" 200 435
124.78.159.88 - - [01/Mar/2022:07:42:51 +0800] "GET /xingrg/all/function/internal_message.html?_=1646091770906&CODE_STATE=getMsg HTTP/1.1" 302 -
180.169.147.146 - - [01/Mar/2022:07:42:56 +0800] "GET /xingrg/all/function/internal_message.html?_=1646091778058&CODE_STATE=getMsg HTTP/1.1" 200 27
116.224.122.7 - - [01/Mar/2022:07:42:57 +0800] "GET /xingrg/kc/base/wldb_order_operate.html?command=get_materiel&rest_code=00102&base_code=0010487&code=00101006109 HTTP/1.1" 200 431
114.88.156.203 - - [01/Mar/2022:07:42:59 +0800] "GET /xingrg/all/function/internal_message.html?_=1646091560820&CODE_STATE=getMsg HTTP/1.1" 200 27
120.253.135.82 - - [01/Mar/2022:07:43:00 +0800] "GET /xingrg/all/function/internal_message.html?_=1646091575825&CODE_STATE=getMsg HTTP/1.1" 200 27
124.79.79.90 - - [01/Mar/2022:07:43:05 +0800] "GET /xingrg/all/function/internal_message.html?_=1646091784036&CODE_STATE=getMsg HTTP/1.1" 302 -
124.78.159.88 - - [01/Mar/2022:07:43:06 +0800] "GET /xingrg/check_reg.html?_=1646091785119 HTTP/1.1" 302 -
116.224.122.7 - - [01/Mar/2022:07:43:11 +0800] "GET /xingrg/kc/base/wldb_order_operate.html?command=get_materiel&rest_code=00102&base_code=0010487&code=00101009027 HTTP/1.1" 200 432
116.224.122.7 - - [01/Mar/2022:07:43:18 +0800] "GET /xingrg/all/function/internal_message.html?_=1646091835743&CODE_STATE=getMsg HTTP/1.1" 200 27
116.224.122.7 - - [01/Mar/2022:07:43:20 +0800] "GET /xingrg/kc/base/wldb_order_operate.html?command=get_materiel&rest_code=00102&base_code=0010487&code=00101009031 HTTP/1.1" 200 430
222.64.144.101 - - [01/Mar/2022:07:43:30 +0800] "GET /xingrg/all/function/internal_message.html?_=1646091820712&CODE_STATE=getMsg HTTP/1.1" 302 -
124.79.79.90 - - [01/Mar/2022:07:43:30 +0800] "GET /xingrg/all/function/internal_message.html?_=1646091808086&CODE_STATE=getMsg HTTP/1.1" 200 27
116.224.122.7 - - [01/Mar/2022:07:43:33 +0800] "GET /xingrg/kc/base/wldb_order_operate.html?command=get_materiel&rest_code=00102&base_code=0010487&code=00101010082 HTTP/1.1" 200 445
180.152.99.39 - - [01/Mar/2022:07:43:34 +0800] "GET /xingrg/all/function/internal_message.html?_=1646091715482&CODE_STATE=getMsg HTTP/1.1" 302 -
120.253.135.82 - - [01/Mar/2022:07:43:35 +0800] "GET /xingrg/check_reg.html?_=1646091947078 HTTP/1.1" 302 -
58.40.7.146 - - [01/Mar/2022:07:43:38 +0800] "GET /xingrg/all/function/internal_message.html?_=1646091834568&CODE_STATE=getMsg HTTP/1.1" 200 27
116.224.122.7 - - [01/Mar/2022:07:43:43 +0800] "GET /xingrg/kc/base/wldb_order_operate.html?command=get_materiel&rest_code=00102&base_code=0010487&code=00101010130 HTTP/1.1" 200 435
222.70.243.96 - - [01/Mar/2022:07:43:45 +0800] "GET /xingrg/all/function/internal_message.html?_=1646091829548&CODE_STATE=getMsg HTTP/1.1" 200 27
120.253.135.82 - - [01/Mar/2022:07:43:46 +0800] "GET /xingrg/all/function/internal_message.html?_=1646091957495&CODE_STATE=getMsg HTTP/1.1" 302 -
116.224.122.7 - - [01/Mar/2022:07:43:51 +0800] "GET /xingrg/kc/base/wldb_order_operate.html?command=get_materiel&rest_code=00102&base_code=0010487&code=00101010237 HTTP/1.1" 200 434
124.78.159.88 - - [01/Mar/2022:07:43:51 +0800] "GET /xingrg/all/function/internal_message.html?_=1646091830890&CODE_STATE=getMsg HTTP/1.1" 302 -
180.169.147.146 - - [01/Mar/2022:07:43:56 +0800] "GET /xingrg/all/function/internal_message.html?_=1646091838057&CODE_STATE=getMsg HTTP/1.1" 200 27
114.88.156.203 - - [01/Mar/2022:07:43:59 +0800] "GET /xingrg/all/function/internal_message.html?_=1646091620839&CODE_STATE=getMsg HTTP/1.1" 200 27
120.253.135.82 - - [01/Mar/2022:07:44:00 +0800] "GET /xingrg/all/function/internal_message.html?_=1646091635840&CODE_STATE=getMsg HTTP/1.1" 200 27
180.152.99.39 - - [01/Mar/2022:07:44:02 +0800] "GET /xingrg/check_reg.html?_=1646091743761 HTTP/1.1" 302 -
116.224.122.7 - - [01/Mar/2022:07:44:04 +0800] "GET /xingrg/kc/base/wldb_order_operate.html?command=get_materiel&rest_code=00102&base_code=0010487&code=00101010310 HTTP/1.1" 200 444
124.79.79.90 - - [01/Mar/2022:07:44:05 +0800] "GET /xingrg/all/function/internal_message.html?_=1646091844052&CODE_STATE=getMsg HTTP/1.1" 302 -
124.79.79.90 - - [01/Mar/2022:07:44:05 +0800] "GET /xingrg/login.html HTTP/1.1" 200 7641
116.224.122.7 - - [01/Mar/2022:07:44:17 +0800] "GET /xingrg/kc/base/wldb_order_operate.html?command=get_materiel&rest_code=00102&base_code=0010487&code=00101010355 HTTP/1.1" 200 446
116.224.122.7 - - [01/Mar/2022:07:44:18 +0800] "GET /xingrg/all/function/internal_message.html?_=1646091895757&CODE_STATE=getMsg HTTP/1.1" 200 27
222.64.144.101 - - [01/Mar/2022:07:44:30 +0800] "GET /xingrg/all/function/internal_message.html?_=1646091880681&CODE_STATE=getMsg HTTP/1.1" 302 -
124.79.79.90 - - [01/Mar/2022:07:44:30 +0800] "GET /xingrg/all/function/internal_message.html?_=1646091868074&CODE_STATE=getMsg HTTP/1.1" 200 27
180.152.99.39 - - [01/Mar/2022:07:44:34 +0800] "GET /xingrg/all/function/internal_message.html?_=1646091775581&CODE_STATE=getMsg HTTP/1.1" 302 -
58.40.7.146 - - [01/Mar/2022:07:44:38 +0800] "GET /xingrg/all/function/internal_message.html?_=1646091894570&CODE_STATE=getMsg HTTP/1.1" 200 27
116.224.122.7 - - [01/Mar/2022:07:44:42 +0800] "GET /xingrg/kc/base/wldb_order_operate.html?command=get_materiel&rest_code=00102&base_code=0010487&code=00101010031 HTTP/1.1" 200 432
222.70.243.96 - - [01/Mar/2022:07:44:45 +0800] "GET /xingrg/all/function/internal_message.html?_=1646091889571&CODE_STATE=getMsg HTTP/1.1" 200 27
120.253.135.82 - - [01/Mar/2022:07:44:46 +0800] "GET /xingrg/all/function/internal_message.html?_=1646092017520&CODE_STATE=getMsg HTTP/1.1" 302 -
124.78.159.88 - - [01/Mar/2022:07:44:51 +0800] "GET /xingrg/all/function/internal_message.html?_=1646091890873&CODE_STATE=getMsg HTTP/1.1" 302 -
116.224.122.7 - - [01/Mar/2022:07:44:53 +0800] "GET /xingrg/kc/base/wldb_order_operate.html?command=get_materiel&rest_code=00102&base_code=0010487&code=00101010648 HTTP/1.1" 200 442
180.169.147.146 - - [01/Mar/2022:07:44:56 +0800] "GET /xingrg/check_reg.html?_=1646091898055 HTTP/1.1" 200 22
180.169.147.146 - - [01/Mar/2022:07:44:56 +0800] "GET /xingrg/all/function/internal_message.html?_=1646091898056&CODE_STATE=getMsg HTTP/1.1" 200 27
124.79.79.90 - - [01/Mar/2022:07:44:57 +0800] "GET /xingrg/check_reg.html?_=1646091896016 HTTP/1.1" 302 -
114.88.156.203 - - [01/Mar/2022:07:44:59 +0800] "GET /xingrg/all/function/internal_message.html?_=1646091680841&CODE_STATE=getMsg HTTP/1.1" 200 27
120.253.135.82 - - [01/Mar/2022:07:45:00 +0800] "GET /xingrg/all/function/internal_message.html?_=1646091696071&CODE_STATE=getMsg HTTP/1.1" 200 27
116.224.122.7 - - [01/Mar/2022:07:45:03 +0800] "GET /xingrg/kc/base/wldb_order_operate.html?command=get_materiel&rest_code=00102&base_code=0010487&code=00101010669 HTTP/1.1" 200 429
124.79.79.90 - - [01/Mar/2022:07:45:05 +0800] "GET /xingrg/all/function/internal_message.html?_=1646091904074&CODE_STATE=getMsg HTTP/1.1" 302 -
116.224.122.7 - - [01/Mar/2022:07:45:18 +0800] "GET /xingrg/check_reg.html?_=1646091955665 HTTP/1.1" 200 22
116.224.122.7 - - [01/Mar/2022:07:45:18 +0800] "GET /xingrg/all/function/internal_message.html?_=1646091955770&CODE_STATE=getMsg HTTP/1.1" 200 27
120.253.135.82 - - [01/Mar/2022:07:45:22 +0800] "POST /xingrg/kc/buy/cgsh_order_operate.html HTTP/1.1" 200 37
222.64.144.101 - - [01/Mar/2022:07:45:30 +0800] "GET /xingrg/all/function/internal_message.html?_=1646091940668&CODE_STATE=getMsg HTTP/1.1" 302 -
124.79.79.90 - - [01/Mar/2022:07:45:30 +0800] "GET /xingrg/all/function/internal_message.html?_=1646091928048&CODE_STATE=getMsg HTTP/1.1" 200 27
180.152.99.39 - - [01/Mar/2022:07:45:34 +0800] "GET /xingrg/all/function/internal_message.html?_=1646091835587&CODE_STATE=getMsg HTTP/1.1" 302 -
58.40.7.146 - - [01/Mar/2022:07:45:38 +0800] "GET /xingrg/all/function/internal_message.html?_=1646091954570&CODE_STATE=getMsg HTTP/1.1" 200 27
222.70.243.96 - - [01/Mar/2022:07:45:40 +0800] "GET /xingrg/check_reg.html?_=1646091944692 HTTP/1.1" 200 22
124.79.79.90 - - [01/Mar/2022:07:45:41 +0800] "GET /xingrg/check_reg.html?_=1646091938442 HTTP/1.1" 200 22
222.70.243.96 - - [01/Mar/2022:07:45:45 +0800] "GET /xingrg/all/function/internal_message.html?_=1646091949575&CODE_STATE=getMsg HTTP/1.1" 200 27
120.253.135.82 - - [01/Mar/2022:07:45:46 +0800] "GET /xingrg/all/function/internal_message.html?_=1646092077523&CODE_STATE=getMsg HTTP/1.1" 302 -
116.224.122.7 - - [01/Mar/2022:07:45:51 +0800] "GET /xingrg/kc/base/wldb_order_operate.html?command=get_materiel&rest_code=00102&base_code=0010487&code=00101010714 HTTP/1.1" 200 439
124.78.159.88 - - [01/Mar/2022:07:45:51 +0800] "GET /xingrg/all/function/internal_message.html?_=1646091950856&CODE_STATE=getMsg HTTP/1.1" 302 -
180.169.147.146 - - [01/Mar/2022:07:45:56 +0800] "GET /xingrg/all/function/internal_message.html?_=1646091958054&CODE_STATE=getMsg HTTP/1.1" 200 27
116.224.122.7 - - [01/Mar/2022:07:45:59 +0800] "GET /xingrg/kc/base/wldb_order_operate.html?command=get_materiel&rest_code=00102&base_code=0010487&code=00101013139 HTTP/1.1" 200 451
114.88.156.203 - - [01/Mar/2022:07:45:59 +0800] "GET /xingrg/all/function/internal_message.html?_=1646091740834&CODE_STATE=getMsg HTTP/1.1" 200 27
124.79.79.90 - - [01/Mar/2022:07:46:05 +0800] "GET /xingrg/all/function/internal_message.html?_=1646091964084&CODE_STATE=getMsg HTTP/1.1" 302 -
116.224.122.7 - - [01/Mar/2022:07:46:06 +0800] "GET /xingrg/kc/base/wldb_order_operate.html?command=get_materiel&rest_code=00102&base_code=0010487&code=00101013225 HTTP/1.1" 200 448
222.64.144.101 - - [01/Mar/2022:07:46:15 +0800] "GET /xingrg/check_reg.html?_=1646091986223 HTTP/1.1" 302 -
116.224.122.7 - - [01/Mar/2022:07:46:16 +0800] "GET /xingrg/kc/base/wldb_order_operate.html?command=get_materiel&rest_code=00102&base_code=0010487&code=00101016019 HTTP/1.1" 200 448
116.224.122.7 - - [01/Mar/2022:07:46:18 +0800] "GET /xingrg/all/function/internal_message.html?_=1646092015784&CODE_STATE=getMsg HTTP/1.1" 200 27
222.64.144.101 - - [01/Mar/2022:07:46:30 +0800] "GET /xingrg/all/function/internal_message.html?_=1646092000641&CODE_STATE=getMsg HTTP/1.1" 302 -
124.79.79.90 - - [01/Mar/2022:07:46:30 +0800] "GET /xingrg/all/function/internal_message.html?_=1646091988021&CODE_STATE=getMsg HTTP/1.1" 200 27
120.253.135.82 - - [01/Mar/2022:07:46:34 +0800] "POST /xingrg/kc/buy/cgsh_order_operate.html HTTP/1.1" 200 12
180.152.99.39 - - [01/Mar/2022:07:46:34 +0800] "GET /xingrg/all/function/internal_message.html?_=1646091895685&CODE_STATE=getMsg HTTP/1.1" 302 -
120.253.135.82 - - [01/Mar/2022:07:46:37 +0800] "GET /xingrg/all/function/internal_message.html?_=1646091793384&CODE_STATE=getMsg HTTP/1.1" 200 27
120.253.135.82 - - [01/Mar/2022:07:46:38 +0800] "GET /xingrg/kc/buy/cgsh_order_info.html?code=212022030100002 HTTP/1.1" 200 59475
116.224.122.7 - - [01/Mar/2022:07:46:38 +0800] "GET /xingrg/kc/base/wldb_order_operate.html?command=get_materiel&rest_code=00102&base_code=0010487&code=00101016086 HTTP/1.1" 200 468
58.40.7.146 - - [01/Mar/2022:07:46:38 +0800] "GET /xingrg/check_reg.html?_=1646092014572 HTTP/1.1" 200 22
58.40.7.146 - - [01/Mar/2022:07:46:39 +0800] "GET /xingrg/all/function/internal_message.html?_=1646092014573&CODE_STATE=getMsg HTTP/1.1" 200 27
120.253.135.82 - - [01/Mar/2022:07:46:39 +0800] "GET /xingrg/javascript/easyui/themes/default/validatebox.css HTTP/1.1" 404 1104
120.253.135.82 - - [01/Mar/2022:07:46:39 +0800] "POST /xingrg/kc/buy/cgsh_order_operate.html HTTP/1.1" 200 1860
222.70.243.96 - - [01/Mar/2022:07:46:45 +0800] "GET /xingrg/all/function/internal_message.html?_=1646092009589&CODE_STATE=getMsg HTTP/1.1" 200 27
120.253.135.82 - - [01/Mar/2022:07:46:46 +0800] "GET /xingrg/all/function/internal_message.html?_=1646092137549&CODE_STATE=getMsg HTTP/1.1" 302 -
116.224.122.7 - - [01/Mar/2022:07:46:48 +0800] "GET /xingrg/kc/base/wldb_order_operate.html?command=get_materiel&rest_code=00102&base_code=0010487&code=00101016123 HTTP/1.1" 200 424
124.78.159.88 - - [01/Mar/2022:07:46:51 +0800] "GET /xingrg/all/function/internal_message.html?_=1646092010840&CODE_STATE=getMsg HTTP/1.1" 302 -
116.224.122.7 - - [01/Mar/2022:07:46:56 +0800] "GET /xingrg/kc/base/wldb_order_operate.html?command=get_materiel&rest_code=00102&base_code=0010487&code=00101019015 HTTP/1.1" 200 437
180.169.147.146 - - [01/Mar/2022:07:46:56 +0800] "GET /xingrg/all/function/internal_message.html?_=1646092018053&CODE_STATE=getMsg HTTP/1.1" 200 27
116.224.122.7 - - [01/Mar/2022:07:46:58 +0800] "POST /xingrg/kc/base/wldb_order_operate.html HTTP/1.1" 200 1710
114.88.156.203 - - [01/Mar/2022:07:46:59 +0800] "GET /xingrg/all/function/internal_message.html?_=1646091800839&CODE_STATE=getMsg HTTP/1.1" 200 27
114.88.156.203 - - [01/Mar/2022:07:47:00 +0800] "GET /xingrg/check_reg.html?_=1646091800840 HTTP/1.1" 200 22
116.224.122.7 - - [01/Mar/2022:07:47:03 +0800] "GET /xingrg/kc/base/wldb_order_operate.html?command=get_materiel&rest_code=00102&base_code=0010487&code=00101019041 HTTP/1.1" 200 468
124.79.79.90 - - [01/Mar/2022:07:47:05 +0800] "GET /xingrg/all/function/internal_message.html?_=1646092024096&CODE_STATE=getMsg HTTP/1.1" 302 -
116.224.122.7 - - [01/Mar/2022:07:47:18 +0800] "GET /xingrg/all/function/internal_message.html?_=1646092076062&CODE_STATE=getMsg HTTP/1.1" 200 27
116.224.122.7 - - [01/Mar/2022:07:47:23 +0800] "GET /xingrg/kc/base/wldb_order_operate.html?command=get_materiel&rest_code=00102&base_code=0010487&code=00101019117 HTTP/1.1" 200 442
222.64.144.101 - - [01/Mar/2022:07:47:30 +0800] "GET /xingrg/all/function/internal_message.html?_=1646092060618&CODE_STATE=getMsg HTTP/1.1" 302 -
124.79.79.90 - - [01/Mar/2022:07:47:30 +0800] "GET /xingrg/all/function/internal_message.html?_=1646092047993&CODE_STATE=getMsg HTTP/1.1" 200 27
116.224.122.7 - - [01/Mar/2022:07:47:32 +0800] "GET /xingrg/kc/base/wldb_order_operate.html?command=get_materiel&rest_code=00102&base_code=0010487&code=00101019401 HTTP/1.1" 200 474
180.152.99.39 - - [01/Mar/2022:07:47:34 +0800] "GET /xingrg/all/function/internal_message.html?_=1646091955693&CODE_STATE=getMsg HTTP/1.1" 302 -
120.253.135.82 - - [01/Mar/2022:07:47:37 +0800] "GET /xingrg/all/function/internal_message.html?_=1646091853413&CODE_STATE=getMsg HTTP/1.1" 200 27
120.253.135.82 - - [01/Mar/2022:07:47:38 +0800] "GET /xingrg/check_reg.html?_=1646091854317 HTTP/1.1" 200 22
58.40.7.146 - - [01/Mar/2022:07:47:38 +0800] "GET /xingrg/all/function/internal_message.html?_=1646092074573&CODE_STATE=getMsg HTTP/1.1" 200 27
116.224.122.7 - - [01/Mar/2022:07:47:41 +0800] "GET /xingrg/kc/base/wldb_order_operate.html?command=get_materiel&rest_code=00102&base_code=0010487&code=00101020002 HTTP/1.1" 200 433
222.70.243.96 - - [01/Mar/2022:07:47:45 +0800] "GET /xingrg/all/function/internal_message.html?_=1646092069611&CODE_STATE=getMsg HTTP/1.1" 200 27
120.253.135.82 - - [01/Mar/2022:07:47:46 +0800] "GET /xingrg/all/function/internal_message.html?_=1646092197565&CODE_STATE=getMsg HTTP/1.1" 302 -
124.78.159.88 - - [01/Mar/2022:07:47:51 +0800] "GET /xingrg/all/function/internal_message.html?_=1646092070823&CODE_STATE=getMsg HTTP/1.1" 302 -
180.169.147.146 - - [01/Mar/2022:07:47:56 +0800] "GET /xingrg/all/function/internal_message.html?_=1646092078052&CODE_STATE=getMsg HTTP/1.1" 200 27
114.88.156.203 - - [01/Mar/2022:07:47:59 +0800] "GET /xingrg/all/function/internal_message.html?_=1646091860837&CODE_STATE=getMsg HTTP/1.1" 200 27
116.224.122.7 - - [01/Mar/2022:07:48:04 +0800] "GET /xingrg/kc/base/wldb_order_operate.html?command=get_materiel&rest_code=00102&base_code=0010487&code=00101020108 HTTP/1.1" 200 440
124.79.79.90 - - [01/Mar/2022:07:48:05 +0800] "GET /xingrg/all/function/internal_message.html?_=1646092084113&CODE_STATE=getMsg HTTP/1.1" 302 -
120.253.135.82 - - [01/Mar/2022:07:48:05 +0800] "GET /xingrg/kc/buy/cgsh_order_add.html HTTP/1.1" 200 64578
120.253.135.82 - - [01/Mar/2022:07:48:05 +0800] "POST /xingrg/kc/buy/cgsh_order_operate.html HTTP/1.1" 200 8245
124.78.159.88 - - [01/Mar/2022:07:48:06 +0800] "GET /xingrg/check_reg.html?_=1646092085129 HTTP/1.1" 302 -
120.253.135.82 - - [01/Mar/2022:07:48:06 +0800] "GET /xingrg/javascript/easyui/themes/default/validatebox.css HTTP/1.1" 404 1104
116.224.122.7 - - [01/Mar/2022:07:48:08 +0800] "POST /xingrg/kc/base/wldb_order_operate.html HTTP/1.1" 200 1710
120.253.135.82 - - [01/Mar/2022:07:48:12 +0800] "POST /xingrg/all/common/load_combo.html?type=employee HTTP/1.1" 200 1576
116.224.122.7 - - [01/Mar/2022:07:48:18 +0800] "GET /xingrg/all/function/internal_message.html?_=1646092136150&CODE_STATE=getMsg HTTP/1.1" 200 27
116.224.122.7 - - [01/Mar/2022:07:48:23 +0800] "GET /xingrg/kc/base/wldb_order_operate.html?command=get_materiel&rest_code=00102&base_code=0010487&code=00101020317 HTTP/1.1" 200 443
120.253.135.82 - - [01/Mar/2022:07:48:25 +0800] "GET /xingrg/kc/buy/cgsh_order_operate.html?command=get_materiel&rest_code=00101&code=00101013263&supplier_code=00100151&order_time=2022-03-01 HTTP/1.1" 200 421
222.64.144.101 - - [01/Mar/2022:07:48:30 +0800] "GET /xingrg/all/function/internal_message.html?_=1646092120602&CODE_STATE=getMsg HTTP/1.1" 302 -
124.79.79.90 - - [01/Mar/2022:07:48:30 +0800] "GET /xingrg/all/function/internal_message.html?_=1646092107968&CODE_STATE=getMsg HTTP/1.1" 200 27
180.152.99.39 - - [01/Mar/2022:07:48:34 +0800] "GET /xingrg/all/function/internal_message.html?_=1646092015793&CODE_STATE=getMsg HTTP/1.1" 302 -
120.253.135.82 - - [01/Mar/2022:07:48:35 +0800] "GET /xingrg/check_reg.html?_=1646092247092 HTTP/1.1" 302 -
120.253.135.82 - - [01/Mar/2022:07:48:37 +0800] "GET /xingrg/all/function/internal_message.html?_=1646091913426&CODE_STATE=getMsg HTTP/1.1" 200 27
222.70.243.96 - - [01/Mar/2022:07:48:38 +0800] "POST /xingrg/services/DataTransmitService HTTP/1.1" 200 524
58.40.7.146 - - [01/Mar/2022:07:48:38 +0800] "GET /xingrg/all/function/internal_message.html?_=1646092134576&CODE_STATE=getMsg HTTP/1.1" 200 27
222.70.243.96 - - [01/Mar/2022:07:48:45 +0800] "GET /xingrg/all/function/internal_message.html?_=1646092129616&CODE_STATE=getMsg HTTP/1.1" 200 27
120.253.135.82 - - [01/Mar/2022:07:48:46 +0800] "GET /xingrg/all/function/internal_message.html?_=1646092257592&CODE_STATE=getMsg HTTP/1.1" 302 -
124.78.159.88 - - [01/Mar/2022:07:48:51 +0800] "GET /xingrg/all/function/internal_message.html?_=1646092130806&CODE_STATE=getMsg HTTP/1.1" 302 -
180.169.147.146 - - [01/Mar/2022:07:48:56 +0800] "GET /xingrg/all/function/internal_message.html?_=1646092138050&CODE_STATE=getMsg HTTP/1.1" 200 27
116.224.122.7 - - [01/Mar/2022:07:48:56 +0800] "GET /xingrg/kc/base/wldb_order_operate.html?command=get_materiel&rest_code=00102&base_code=0010487&code=00101019489 HTTP/1.1" 200 430
120.253.135.82 - - [01/Mar/2022:07:48:57 +0800] "GET /xingrg/kc/buy/cgsh_order_operate.html?command=get_materiel&rest_code=00101&code=00101013264&supplier_code=00100151&order_time=2022-03-01 HTTP/1.1" 200 421
114.88.156.203 - - [01/Mar/2022:07:48:59 +0800] "GET /xingrg/all/function/internal_message.html?_=1646091920839&CODE_STATE=getMsg HTTP/1.1" 200 27
180.152.99.39 - - [01/Mar/2022:07:49:02 +0800] "GET /xingrg/check_reg.html?_=1646092043755 HTTP/1.1" 302 -
124.79.79.90 - - [01/Mar/2022:07:49:05 +0800] "GET /xingrg/all/function/internal_message.html?_=1646092144120&CODE_STATE=getMsg HTTP/1.1" 302 -
116.224.122.7 - - [01/Mar/2022:07:49:07 +0800] "GET /xingrg/kc/base/wldb_order_operate.html?command=get_materiel&rest_code=00102&base_code=0010487&code=00101013014 HTTP/1.1" 200 432
116.224.122.7 - - [01/Mar/2022:07:49:18 +0800] "GET /xingrg/all/function/internal_message.html?_=1646092196152&CODE_STATE=getMsg HTTP/1.1" 200 27
116.224.122.7 - - [01/Mar/2022:07:49:28 +0800] "GET /xingrg/kc/base/wldb_order_operate.html?command=get_materiel&rest_code=00102&base_code=0010487&code=00101019574 HTTP/1.1" 200 470
222.64.144.101 - - [01/Mar/2022:07:49:30 +0800] "GET /xingrg/all/function/internal_message.html?_=1646092180573&CODE_STATE=getMsg HTTP/1.1" 302 -
124.79.79.90 - - [01/Mar/2022:07:49:30 +0800] "GET /xingrg/all/function/internal_message.html?_=1646092167941&CODE_STATE=getMsg HTTP/1.1" 200 27
120.253.135.82 - - [01/Mar/2022:07:49:32 +0800] "GET /xingrg/kc/buy/cgsh_order_operate.html?command=get_materiel&rest_code=00101&code=00101013265&supplier_code=00100151&order_time=2022-03-01 HTTP/1.1" 200 421
180.152.99.39 - - [01/Mar/2022:07:49:34 +0800] "GET /xingrg/all/function/internal_message.html?_=1646092075798&CODE_STATE=getMsg HTTP/1.1" 302 -
116.224.122.7 - - [01/Mar/2022:07:49:35 +0800] "GET /xingrg/kc/base/wldb_order_operate.html?command=get_materiel&rest_code=00102&base_code=0010487&code=00101019288 HTTP/1.1" 200 458
120.253.135.82 - - [01/Mar/2022:07:49:37 +0800] "GET /xingrg/all/function/internal_message.html?_=1646091973440&CODE_STATE=getMsg HTTP/1.1" 200 27
58.40.7.146 - - [01/Mar/2022:07:49:38 +0800] "GET /xingrg/all/function/internal_message.html?_=1646092194577&CODE_STATE=getMsg HTTP/1.1" 200 27
222.70.243.96 - - [01/Mar/2022:07:49:45 +0800] "GET /xingrg/all/function/internal_message.html?_=1646092189638&CODE_STATE=getMsg HTTP/1.1" 200 27
120.253.135.82 - - [01/Mar/2022:07:49:46 +0800] "GET /xingrg/all/function/internal_message.html?_=1646092317608&CODE_STATE=getMsg HTTP/1.1" 302 -
124.78.159.88 - - [01/Mar/2022:07:49:51 +0800] "GET /xingrg/all/function/internal_message.html?_=1646092190789&CODE_STATE=getMsg HTTP/1.1" 302 -
180.169.147.146 - - [01/Mar/2022:07:49:56 +0800] "GET /xingrg/all/function/internal_message.html?_=1646092198049&CODE_STATE=getMsg HTTP/1.1" 200 27
180.169.147.146 - - [01/Mar/2022:07:49:56 +0800] "GET /xingrg/check_reg.html?_=1646092198050 HTTP/1.1" 200 22
124.79.79.90 - - [01/Mar/2022:07:49:57 +0800] "GET /xingrg/check_reg.html?_=1646092196024 HTTP/1.1" 302 -
114.88.156.203 - - [01/Mar/2022:07:49:59 +0800] "GET /xingrg/all/function/internal_message.html?_=1646091980843&CODE_STATE=getMsg HTTP/1.1" 200 27
124.79.79.90 - - [01/Mar/2022:07:50:05 +0800] "GET /xingrg/all/function/internal_message.html?_=1646092204134&CODE_STATE=getMsg HTTP/1.1" 302 -
116.224.122.7 - - [01/Mar/2022:07:50:18 +0800] "GET /xingrg/check_reg.html?_=1646092255668 HTTP/1.1" 200 22
116.224.122.7 - - [01/Mar/2022:07:50:18 +0800] "GET /xingrg/all/function/internal_message.html?_=1646092256165&CODE_STATE=getMsg HTTP/1.1" 200 27
222.64.144.101 - - [01/Mar/2022:07:50:30 +0800] "GET /xingrg/all/function/internal_message.html?_=1646092240557&CODE_STATE=getMsg HTTP/1.1" 302 -
124.79.79.90 - - [01/Mar/2022:07:50:30 +0800] "GET /xingrg/all/function/internal_message.html?_=1646092227912&CODE_STATE=getMsg HTTP/1.1" 200 27
180.152.99.39 - - [01/Mar/2022:07:50:34 +0800] "GET /xingrg/all/function/internal_message.html?_=1646092135896&CODE_STATE=getMsg HTTP/1.1" 302 -
120.253.135.82 - - [01/Mar/2022:07:50:37 +0800] "GET /xingrg/all/function/internal_message.html?_=1646092033453&CODE_STATE=getMsg HTTP/1.1" 200 27
58.40.7.146 - - [01/Mar/2022:07:50:38 +0800] "GET /xingrg/all/function/internal_message.html?_=1646092254562&CODE_STATE=getMsg HTTP/1.1" 200 27
222.70.243.96 - - [01/Mar/2022:07:50:40 +0800] "GET /xingrg/check_reg.html?_=1646092244697 HTTP/1.1" 200 22
124.79.79.90 - - [01/Mar/2022:07:50:41 +0800] "GET /xingrg/check_reg.html?_=1646092238415 HTTP/1.1" 200 22
116.224.122.7 - - [01/Mar/2022:07:50:42 +0800] "POST /xingrg/kc/base/wldb_order_operate.html HTTP/1.1" 200 37
116.224.122.7 - - [01/Mar/2022:07:50:43 +0800] "POST /xingrg/kc/base/wldb_order_operate.html HTTP/1.1" 200 13350
116.224.122.7 - - [01/Mar/2022:07:50:44 +0800] "GET /xingrg/kc/base/wldb_order_info.html?code=422022030100002 HTTP/1.1" 200 30244
222.70.243.96 - - [01/Mar/2022:07:50:45 +0800] "GET /xingrg/all/function/internal_message.html?_=1646092249643&CODE_STATE=getMsg HTTP/1.1" 200 27
116.224.122.7 - - [01/Mar/2022:07:50:45 +0800] "GET /xingrg/javascript/easyui/themes/default/validatebox.css HTTP/1.1" 404 1104
116.224.122.7 - - [01/Mar/2022:07:50:46 +0800] "POST /xingrg/kc/base/wldb_order_operate.html HTTP/1.1" 200 13350
120.253.135.82 - - [01/Mar/2022:07:50:46 +0800] "GET /xingrg/all/function/internal_message.html?_=1646092377633&CODE_STATE=getMsg HTTP/1.1" 302 -
124.78.159.88 - - [01/Mar/2022:07:50:51 +0800] "GET /xingrg/all/function/internal_message.html?_=1646092250772&CODE_STATE=getMsg HTTP/1.1" 302 -
116.224.122.7 - - [01/Mar/2022:07:50:53 +0800] "GET /xingrg/kc/base/wldb_order_list.html HTTP/1.1" 200 19019
116.224.122.7 - - [01/Mar/2022:07:50:54 +0800] "POST /xingrg/kc/base/wldb_list_operate.html HTTP/1.1" 200 1766
180.169.147.146 - - [01/Mar/2022:07:50:56 +0800] "GET /xingrg/all/function/internal_message.html?_=1646092258048&CODE_STATE=getMsg HTTP/1.1" 200 27
116.224.122.7 - - [01/Mar/2022:07:50:59 +0800] "GET /xingrg/kc/base/wldb_order_add.html HTTP/1.1" 200 30229
114.88.156.203 - - [01/Mar/2022:07:50:59 +0800] "GET /xingrg/all/function/internal_message.html?_=1646092040834&CODE_STATE=getMsg HTTP/1.1" 200 27
116.224.122.7 - - [01/Mar/2022:07:51:00 +0800] "POST /xingrg/kc/base/wldb_order_operate.html HTTP/1.1" 200 6806
116.224.122.7 - - [01/Mar/2022:07:51:00 +0800] "GET /xingrg/javascript/easyui/themes/default/validatebox.css HTTP/1.1" 404 1104
116.224.122.7 - - [01/Mar/2022:07:51:03 +0800] "POST /xingrg/all/common/load_combo.html?type=base HTTP/1.1" 200 3233
124.79.79.90 - - [01/Mar/2022:07:51:05 +0800] "GET /xingrg/all/function/internal_message.html?_=1646092264141&CODE_STATE=getMsg HTTP/1.1" 302 -
116.224.122.7 - - [01/Mar/2022:07:51:06 +0800] "POST /xingrg/all/common/load_combo.html?type=base HTTP/1.1" 200 3233
222.64.144.101 - - [01/Mar/2022:07:51:15 +0800] "GET /xingrg/check_reg.html?_=1646092286223 HTTP/1.1" 302 -
116.224.122.7 - - [01/Mar/2022:07:51:18 +0800] "GET /xingrg/all/function/internal_message.html?_=1646092316182&CODE_STATE=getMsg HTTP/1.1" 200 27
116.224.122.7 - - [01/Mar/2022:07:51:20 +0800] "GET /xingrg/kc/base/wldb_order_operate.html?command=get_materiel&rest_code=00102&base_code=0010486&code=00101001035 HTTP/1.1" 200 432
222.64.144.101 - - [01/Mar/2022:07:51:30 +0800] "GET /xingrg/all/function/internal_message.html?_=1646092300531&CODE_STATE=getMsg HTTP/1.1" 302 -
124.79.79.90 - - [01/Mar/2022:07:51:30 +0800] "GET /xingrg/all/function/internal_message.html?_=1646092287888&CODE_STATE=getMsg HTTP/1.1" 200 27
116.224.122.7 - - [01/Mar/2022:07:51:34 +0800] "GET /xingrg/kc/base/wldb_order_operate.html?command=get_materiel&rest_code=00102&base_code=0010486&code=00101001079 HTTP/1.1" 200 434
180.152.99.39 - - [01/Mar/2022:07:51:34 +0800] "GET /xingrg/all/function/internal_message.html?_=1646092195903&CODE_STATE=getMsg HTTP/1.1" 302 -
120.253.135.82 - - [01/Mar/2022:07:51:37 +0800] "GET /xingrg/all/function/internal_message.html?_=1646092093539&CODE_STATE=getMsg HTTP/1.1" 200 27
58.40.7.146 - - [01/Mar/2022:07:51:38 +0800] "GET /xingrg/all/function/internal_message.html?_=1646092314564&CODE_STATE=getMsg HTTP/1.1" 200 27
58.40.7.146 - - [01/Mar/2022:07:51:39 +0800] "GET /xingrg/check_reg.html?_=1646092314565 HTTP/1.1" 200 22
116.224.122.7 - - [01/Mar/2022:07:51:41 +0800] "GET /xingrg/kc/base/wldb_order_operate.html?command=get_materiel&rest_code=00102&base_code=0010486&code=00101001115 HTTP/1.1" 200 435
222.70.243.96 - - [01/Mar/2022:07:51:45 +0800] "GET /xingrg/all/function/internal_message.html?_=1646092309656&CODE_STATE=getMsg HTTP/1.1" 200 27
120.253.135.82 - - [01/Mar/2022:07:51:46 +0800] "GET /xingrg/all/function/internal_message.html?_=1646092437651&CODE_STATE=getMsg HTTP/1.1" 302 -
116.224.122.7 - - [01/Mar/2022:07:51:50 +0800] "GET /xingrg/kc/base/wldb_order_operate.html?command=get_materiel&rest_code=00102&base_code=0010486&code=00101001261 HTTP/1.1" 200 418
124.78.159.88 - - [01/Mar/2022:07:51:51 +0800] "GET /xingrg/all/function/internal_message.html?_=1646092310755&CODE_STATE=getMsg HTTP/1.1" 302 -
180.169.147.146 - - [01/Mar/2022:07:51:56 +0800] "GET /xingrg/all/function/internal_message.html?_=1646092318046&CODE_STATE=getMsg HTTP/1.1" 200 27
114.88.156.203 - - [01/Mar/2022:07:52:00 +0800] "GET /xingrg/check_reg.html?_=1646092100843 HTTP/1.1" 200 22
114.88.156.203 - - [01/Mar/2022:07:52:00 +0800] "GET /xingrg/all/function/internal_message.html?_=1646092100841&CODE_STATE=getMsg HTTP/1.1" 200 27
116.224.122.7 - - [01/Mar/2022:07:52:03 +0800] "GET /xingrg/kc/base/wldb_order_operate.html?command=get_materiel&rest_code=00102&base_code=0010486&code=00101002029 HTTP/1.1" 200 436
124.79.79.90 - - [01/Mar/2022:07:52:05 +0800] "GET /xingrg/all/function/internal_message.html?_=1646092324154&CODE_STATE=getMsg HTTP/1.1" 302 -
116.224.122.7 - - [01/Mar/2022:07:52:15 +0800] "GET /xingrg/kc/base/wldb_order_operate.html?command=get_materiel&rest_code=00102&base_code=0010486&code=00101010017 HTTP/1.1" 200 445
116.224.122.7 - - [01/Mar/2022:07:52:18 +0800] "GET /xingrg/all/function/internal_message.html?_=1646092376193&CODE_STATE=getMsg HTTP/1.1" 200 27
116.224.122.7 - - [01/Mar/2022:07:52:24 +0800] "GET /xingrg/kc/base/wldb_order_operate.html?command=get_materiel&rest_code=00102&base_code=0010486&code=00101010675 HTTP/1.1" 200 423
222.64.144.101 - - [01/Mar/2022:07:52:29 +0800] "GET /xingrg/all/function/internal_message.html?_=1646092360502&CODE_STATE=getMsg HTTP/1.1" 302 -
124.79.79.90 - - [01/Mar/2022:07:52:30 +0800] "GET /xingrg/all/function/internal_message.html?_=1646092347859&CODE_STATE=getMsg HTTP/1.1" 200 27
180.152.99.39 - - [01/Mar/2022:07:52:35 +0800] "GET /xingrg/all/function/internal_message.html?_=1646092256005&CODE_STATE=getMsg HTTP/1.1" 302 -
116.224.122.7 - - [01/Mar/2022:07:52:35 +0800] "GET /xingrg/kc/base/wldb_order_operate.html?command=get_materiel&rest_code=00102&base_code=0010486&code=00101037239 HTTP/1.1" 200 419
120.253.135.82 - - [01/Mar/2022:07:52:37 +0800] "GET /xingrg/all/function/internal_message.html?_=1646092153543&CODE_STATE=getMsg HTTP/1.1" 200 27
120.253.135.82 - - [01/Mar/2022:07:52:38 +0800] "GET /xingrg/check_reg.html?_=1646092154323 HTTP/1.1" 200 22
58.40.7.146 - - [01/Mar/2022:07:52:38 +0800] "GET /xingrg/all/function/internal_message.html?_=1646092374567&CODE_STATE=getMsg HTTP/1.1" 200 27
222.70.243.96 - - [01/Mar/2022:07:52:45 +0800] "GET /xingrg/all/function/internal_message.html?_=1646092369680&CODE_STATE=getMsg HTTP/1.1" 200 27
120.253.135.82 - - [01/Mar/2022:07:52:46 +0800] "GET /xingrg/all/function/internal_message.html?_=1646092497676&CODE_STATE=getMsg HTTP/1.1" 302 -
124.78.159.88 - - [01/Mar/2022:07:52:51 +0800] "GET /xingrg/all/function/internal_message.html?_=1646092370739&CODE_STATE=getMsg HTTP/1.1" 302 -
180.169.147.146 - - [01/Mar/2022:07:52:56 +0800] "GET /xingrg/all/function/internal_message.html?_=1646092378061&CODE_STATE=getMsg HTTP/1.1" 200 27
114.88.156.203 - - [01/Mar/2022:07:52:59 +0800] "GET /xingrg/all/function/internal_message.html?_=1646092160834&CODE_STATE=getMsg HTTP/1.1" 200 27
116.224.122.7 - - [01/Mar/2022:07:53:03 +0800] "POST /xingrg/kc/base/wldb_order_operate.html HTTP/1.1" 200 37
116.224.122.7 - - [01/Mar/2022:07:53:04 +0800] "POST /xingrg/services/DataTransmitService HTTP/1.1" 200 524
116.224.122.7 - - [01/Mar/2022:07:53:04 +0800] "POST /xingrg/kc/base/wldb_order_operate.html HTTP/1.1" 200 5517
124.79.79.90 - - [01/Mar/2022:07:53:05 +0800] "GET /xingrg/all/function/internal_message.html?_=1646092384169&CODE_STATE=getMsg HTTP/1.1" 302 -
116.224.122.7 - - [01/Mar/2022:07:53:05 +0800] "GET /xingrg/kc/base/wldb_order_info.html?code=422022030100003 HTTP/1.1" 200 30245
124.78.159.88 - - [01/Mar/2022:07:53:06 +0800] "GET /xingrg/check_reg.html?_=1646092385123 HTTP/1.1" 302 -
116.224.122.7 - - [01/Mar/2022:07:53:07 +0800] "GET /xingrg/javascript/easyui/themes/default/validatebox.css HTTP/1.1" 404 1104
116.224.122.7 - - [01/Mar/2022:07:53:07 +0800] "POST /xingrg/kc/base/wldb_order_operate.html HTTP/1.1" 200 5517
116.224.122.7 - - [01/Mar/2022:07:53:10 +0800] "POST /xingrg/kc/base/wldb_list_operate.html HTTP/1.1" 200 2153
116.224.122.7 - - [01/Mar/2022:07:53:12 +0800] "GET /xingrg/kc/base/wldb_order_add.html HTTP/1.1" 200 30229
116.224.122.7 - - [01/Mar/2022:07:53:13 +0800] "POST /xingrg/kc/base/wldb_order_operate.html HTTP/1.1" 200 6806
116.224.122.7 - - [01/Mar/2022:07:53:13 +0800] "GET /xingrg/javascript/easyui/themes/default/validatebox.css HTTP/1.1" 404 1104
116.224.122.7 - - [01/Mar/2022:07:53:14 +0800] "POST /xingrg/all/common/load_combo.html?type=base HTTP/1.1" 200 3233
116.224.122.7 - - [01/Mar/2022:07:53:18 +0800] "POST /xingrg/all/common/load_combo.html?type=base HTTP/1.1" 200 3233
116.224.122.7 - - [01/Mar/2022:07:53:18 +0800] "GET /xingrg/all/function/internal_message.html?_=1646092436206&CODE_STATE=getMsg HTTP/1.1" 200 27
222.64.144.101 - - [01/Mar/2022:07:53:29 +0800] "GET /xingrg/all/function/internal_message.html?_=1646092420488&CODE_STATE=getMsg HTTP/1.1" 302 -
124.79.79.90 - - [01/Mar/2022:07:53:30 +0800] "GET /xingrg/all/function/internal_message.html?_=1646092407831&CODE_STATE=getMsg HTTP/1.1" 200 27
116.224.122.7 - - [01/Mar/2022:07:53:32 +0800] "GET /xingrg/kc/base/wldb_order_operate.html?command=get_materiel&rest_code=00102&base_code=0010485&code=00101006185 HTTP/1.1" 200 442
180.152.99.39 - - [01/Mar/2022:07:53:35 +0800] "GET /xingrg/all/function/internal_message.html?_=1646092316008&CODE_STATE=getMsg HTTP/1.1" 302 -
120.253.135.82 - - [01/Mar/2022:07:53:35 +0800] "GET /xingrg/check_reg.html?_=1646092547093 HTTP/1.1" 302 -
120.253.135.82 - - [01/Mar/2022:07:53:37 +0800] "GET /xingrg/all/function/internal_message.html?_=1646092213557&CODE_STATE=getMsg HTTP/1.1" 200 27
58.40.7.146 - - [01/Mar/2022:07:53:38 +0800] "GET /xingrg/all/function/internal_message.html?_=1646092434570&CODE_STATE=getMsg HTTP/1.1" 200 27
116.224.122.7 - - [01/Mar/2022:07:53:39 +0800] "GET /xingrg/kc/base/wldb_order_operate.html?command=get_materiel&rest_code=00102&base_code=0010485&code=00101007001 HTTP/1.1" 200 431
222.70.243.96 - - [01/Mar/2022:07:53:45 +0800] "GET /xingrg/all/function/internal_message.html?_=1646092429684&CODE_STATE=getMsg HTTP/1.1" 200 27
120.253.135.82 - - [01/Mar/2022:07:53:46 +0800] "GET /xingrg/all/function/internal_message.html?_=1646092557693&CODE_STATE=getMsg HTTP/1.1" 302 -
116.224.122.7 - - [01/Mar/2022:07:53:46 +0800] "GET /xingrg/kc/base/wldb_order_operate.html?command=get_materiel&rest_code=00102&base_code=0010485&code=00101007048 HTTP/1.1" 200 430
124.78.159.88 - - [01/Mar/2022:07:53:51 +0800] "GET /xingrg/all/function/internal_message.html?_=1646092430722&CODE_STATE=getMsg HTTP/1.1" 302 -
116.224.122.7 - - [01/Mar/2022:07:53:54 +0800] "GET /xingrg/kc/base/wldb_order_operate.html?command=get_materiel&rest_code=00102&base_code=0010485&code=00101007085 HTTP/1.1" 200 436
180.169.147.146 - - [01/Mar/2022:07:53:56 +0800] "GET /xingrg/all/function/internal_message.html?_=1646092438059&CODE_STATE=getMsg HTTP/1.1" 200 27
114.88.156.203 - - [01/Mar/2022:07:53:59 +0800] "GET /xingrg/all/function/internal_message.html?_=1646092220843&CODE_STATE=getMsg HTTP/1.1" 200 27
180.152.99.39 - - [01/Mar/2022:07:54:02 +0800] "GET /xingrg/check_reg.html?_=1646092343852 HTTP/1.1" 302 -
124.79.79.90 - - [01/Mar/2022:07:54:05 +0800] "GET /xingrg/all/function/internal_message.html?_=1646092444177&CODE_STATE=getMsg HTTP/1.1" 302 -
116.224.122.7 - - [01/Mar/2022:07:54:06 +0800] "GET /xingrg/kc/base/wldb_order_operate.html?command=get_materiel&rest_code=00102&base_code=0010485&code=00101010315 HTTP/1.1" 200 447
116.224.122.7 - - [01/Mar/2022:07:54:16 +0800] "GET /xingrg/kc/base/wldb_order_operate.html?command=get_materiel&rest_code=00102&base_code=0010485&code=00101010786 HTTP/1.1" 200 454
116.224.122.7 - - [01/Mar/2022:07:54:18 +0800] "GET /xingrg/all/function/internal_message.html?_=1646092496221&CODE_STATE=getMsg HTTP/1.1" 200 27
222.64.144.101 - - [01/Mar/2022:07:54:29 +0800] "GET /xingrg/all/function/internal_message.html?_=1646092480478&CODE_STATE=getMsg HTTP/1.1" 302 -
124.79.79.90 - - [01/Mar/2022:07:54:30 +0800] "GET /xingrg/all/function/internal_message.html?_=1646092467802&CODE_STATE=getMsg HTTP/1.1" 200 27
101.83.241.229 - - [01/Mar/2022:07:54:35 +0800] "POST /xingrg/services/DataTransmitService HTTP/1.1" 200 524
180.152.99.39 - - [01/Mar/2022:07:54:35 +0800] "GET /xingrg/all/function/internal_message.html?_=1646092376109&CODE_STATE=getMsg HTTP/1.1" 302 -
120.253.135.82 - - [01/Mar/2022:07:54:37 +0800] "GET /xingrg/all/function/internal_message.html?_=1646092273571&CODE_STATE=getMsg HTTP/1.1" 200 27
116.224.122.7 - - [01/Mar/2022:07:54:38 +0800] "POST /xingrg/kc/base/wldb_order_operate.html HTTP/1.1" 200 37
58.40.7.146 - - [01/Mar/2022:07:54:39 +0800] "GET /xingrg/all/function/internal_message.html?_=1646092494573&CODE_STATE=getMsg HTTP/1.1" 200 27
116.224.122.7 - - [01/Mar/2022:07:54:39 +0800] "POST /xingrg/kc/base/wldb_order_operate.html HTTP/1.1" 200 4590
116.224.122.7 - - [01/Mar/2022:07:54:39 +0800] "GET /xingrg/kc/base/wldb_order_info.html?code=422022030100004 HTTP/1.1" 200 30244
116.224.122.7 - - [01/Mar/2022:07:54:41 +0800] "GET /xingrg/javascript/easyui/themes/default/validatebox.css HTTP/1.1" 404 1104
116.224.122.7 - - [01/Mar/2022:07:54:41 +0800] "POST /xingrg/kc/base/wldb_order_operate.html HTTP/1.1" 200 4590
116.224.122.7 - - [01/Mar/2022:07:54:44 +0800] "GET /xingrg/kc/base/wldb_order_add.html HTTP/1.1" 200 30229
116.224.122.7 - - [01/Mar/2022:07:54:45 +0800] "POST /xingrg/kc/base/wldb_order_operate.html HTTP/1.1" 200 6806
222.70.243.96 - - [01/Mar/2022:07:54:45 +0800] "GET /xingrg/all/function/internal_message.html?_=1646092489706&CODE_STATE=getMsg HTTP/1.1" 200 27
116.224.122.7 - - [01/Mar/2022:07:54:46 +0800] "GET /xingrg/javascript/easyui/themes/default/validatebox.css HTTP/1.1" 404 1104
120.253.135.82 - - [01/Mar/2022:07:54:46 +0800] "GET /xingrg/all/function/internal_message.html?_=1646092617719&CODE_STATE=getMsg HTTP/1.1" 302 -
116.224.122.7 - - [01/Mar/2022:07:54:47 +0800] "POST /xingrg/all/common/load_combo.html?type=base HTTP/1.1" 200 3233
124.78.159.88 - - [01/Mar/2022:07:54:51 +0800] "GET /xingrg/all/function/internal_message.html?_=1646092490706&CODE_STATE=getMsg HTTP/1.1" 302 -
116.224.122.7 - - [01/Mar/2022:07:54:53 +0800] "POST /xingrg/all/common/load_combo.html?type=base HTTP/1.1" 200 3233
120.253.135.82 - - [01/Mar/2022:07:54:56 +0800] "POST /xingrg/kc/buy/cgsh_order_operate.html HTTP/1.1" 200 37
180.169.147.146 - - [01/Mar/2022:07:54:56 +0800] "GET /xingrg/check_reg.html?_=1646092498058 HTTP/1.1" 200 22
180.169.147.146 - - [01/Mar/2022:07:54:56 +0800] "GET /xingrg/all/function/internal_message.html?_=1646092498059&CODE_STATE=getMsg HTTP/1.1" 200 27
124.79.79.90 - - [01/Mar/2022:07:54:57 +0800] "GET /xingrg/check_reg.html?_=1646092496039 HTTP/1.1" 302 -
114.88.156.203 - - [01/Mar/2022:07:54:59 +0800] "GET /xingrg/all/function/internal_message.html?_=1646092280862&CODE_STATE=getMsg HTTP/1.1" 200 27
120.253.135.82 - - [01/Mar/2022:07:55:04 +0800] "POST /xingrg/kc/buy/cgsh_order_operate.html HTTP/1.1" 200 3874
116.224.122.7 - - [01/Mar/2022:07:55:05 +0800] "GET /xingrg/kc/base/wldb_order_operate.html?command=get_materiel&rest_code=00102&base_code=0010829&code=00101006055 HTTP/1.1" 200 430
124.79.79.90 - - [01/Mar/2022:07:55:05 +0800] "GET /xingrg/all/function/internal_message.html?_=1646092504192&CODE_STATE=getMsg HTTP/1.1" 302 -
116.224.122.7 - - [01/Mar/2022:07:55:11 +0800] "GET /xingrg/kc/base/wldb_order_operate.html?command=get_materiel&rest_code=00102&base_code=0010829&code=00101006065 HTTP/1.1" 200 431
116.224.122.7 - - [01/Mar/2022:07:55:15 +0800] "GET /xingrg/kc/base/wldb_order_operate.html?command=get_materiel&rest_code=00102&base_code=0010829&code=00101006109 HTTP/1.1" 200 430
120.253.135.82 - - [01/Mar/2022:07:55:16 +0800] "POST /xingrg/kc/buy/cgsh_order_operate.html HTTP/1.1" 200 37
120.253.135.82 - - [01/Mar/2022:07:55:17 +0800] "POST /xingrg/kc/buy/cgsh_order_operate.html HTTP/1.1" 200 3874
116.224.122.7 - - [01/Mar/2022:07:55:18 +0800] "GET /xingrg/check_reg.html?_=1646092555804 HTTP/1.1" 200 22
116.224.122.7 - - [01/Mar/2022:07:55:18 +0800] "GET /xingrg/all/function/internal_message.html?_=1646092556235&CODE_STATE=getMsg HTTP/1.1" 200 27
120.253.135.82 - - [01/Mar/2022:07:55:22 +0800] "GET /xingrg/kc/print/load_data.html?order_code=212022030100003&kc_code=cgsh&condition= HTTP/1.1" 200 1127
116.224.122.7 - - [01/Mar/2022:07:55:24 +0800] "GET /xingrg/kc/base/wldb_order_operate.html?command=get_materiel&rest_code=00102&base_code=0010829&code=00101007049 HTTP/1.1" 200 430
222.64.144.101 - - [01/Mar/2022:07:55:29 +0800] "GET /xingrg/all/function/internal_message.html?_=1646092540448&CODE_STATE=getMsg HTTP/1.1" 302 -
124.79.79.90 - - [01/Mar/2022:07:55:30 +0800] "GET /xingrg/all/function/internal_message.html?_=1646092527775&CODE_STATE=getMsg HTTP/1.1" 200 27
116.224.122.7 - - [01/Mar/2022:07:55:31 +0800] "GET /xingrg/kc/base/wldb_order_operate.html?command=get_materiel&rest_code=00102&base_code=0010829&code=00101007061 HTTP/1.1" 200 431
180.152.99.39 - - [01/Mar/2022:07:55:35 +0800] "GET /xingrg/all/function/internal_message.html?_=1646092436113&CODE_STATE=getMsg HTTP/1.1" 302 -
120.253.135.82 - - [01/Mar/2022:07:55:38 +0800] "GET /xingrg/all/function/internal_message.html?_=1646092333787&CODE_STATE=getMsg HTTP/1.1" 200 27
58.40.7.146 - - [01/Mar/2022:07:55:39 +0800] "GET /xingrg/all/function/internal_message.html?_=1646092554574&CODE_STATE=getMsg HTTP/1.1" 200 27
116.224.122.7 - - [01/Mar/2022:07:55:40 +0800] "GET /xingrg/kc/base/wldb_order_operate.html?command=get_materiel&rest_code=00102&base_code=0010829&code=00101008353 HTTP/1.1" 200 431
222.70.243.96 - - [01/Mar/2022:07:55:40 +0800] "GET /xingrg/check_reg.html?_=1646092544707 HTTP/1.1" 200 22
124.79.79.90 - - [01/Mar/2022:07:55:41 +0800] "GET /xingrg/check_reg.html?_=1646092538389 HTTP/1.1" 200 22
120.253.135.82 - - [01/Mar/2022:07:55:43 +0800] "GET /xingrg/javascript/easyui/themes/default/images/button_plain_hover.png HTTP/1.1" 304 -
120.253.135.82 - - [01/Mar/2022:07:55:43 +0800] "GET /xingrg/javascript/easyui/themes/default/images/button_plain_hover.png HTTP/1.1" 304 -
120.253.135.82 - - [01/Mar/2022:07:55:44 +0800] "GET /xingrg/javascript/easyui/themes/default/images/button_plain_hover.png HTTP/1.1" 304 -
222.70.243.96 - - [01/Mar/2022:07:55:45 +0800] "GET /xingrg/all/function/internal_message.html?_=1646092549712&CODE_STATE=getMsg HTTP/1.1" 200 27
124.78.159.88 - - [01/Mar/2022:07:55:51 +0800] "GET /xingrg/all/function/internal_message.html?_=1646092550689&CODE_STATE=getMsg HTTP/1.1" 302 -
180.169.147.146 - - [01/Mar/2022:07:55:56 +0800] "GET /xingrg/all/function/internal_message.html?_=1646092558083&CODE_STATE=getMsg HTTP/1.1" 200 27
114.88.156.203 - - [01/Mar/2022:07:55:59 +0800] "GET /xingrg/all/function/internal_message.html?_=1646092340868&CODE_STATE=getMsg HTTP/1.1" 200 27
116.224.122.7 - - [01/Mar/2022:07:56:04 +0800] "GET /xingrg/kc/base/wldb_order_operate.html?command=get_materiel&rest_code=00102&base_code=0010829&code=00101009034 HTTP/1.1" 200 448
124.79.79.90 - - [01/Mar/2022:07:56:05 +0800] "GET /xingrg/all/function/internal_message.html?_=1646092564212&CODE_STATE=getMsg HTTP/1.1" 302 -
