222.70.223.103 - - [01/Mar/2022:09:11:36 +0800] "GET /xingrg/kc/print/load_data.html?_=1646097092733&order_code=452022030100009&kc_code=check&condition= HTTP/1.1" 200 4024
58.39.168.32 - - [01/Mar/2022:09:11:37 +0800] "GET /xingrg/kc/buy/cgsh_order_operate.html?command=get_materiel&rest_code=00105&code=00101006123&supplier_code=00100012&order_time=2022-03-01 HTTP/1.1" 200 409
58.40.7.146 - - [01/Mar/2022:09:11:39 +0800] "GET /xingrg/all/function/internal_message.html?_=1646097114569&CODE_STATE=getMsg HTTP/1.1" 200 27
58.40.7.146 - - [01/Mar/2022:09:11:39 +0800] "GET /xingrg/check_reg.html?_=1646097114570 HTTP/1.1" 200 22
101.85.54.103 - - [01/Mar/2022:09:11:39 +0800] "GET /xingrg/all/function/internal_message.html?_=1646097098049&CODE_STATE=getMsg HTTP/1.1" 200 27
222.69.132.164 - - [01/Mar/2022:09:11:41 +0800] "POST /xingrg/dwr/call/plaincall/AjaxCheckService.setItemNumber.dwr HTTP/1.1" 200 77
222.70.180.114 - - [01/Mar/2022:09:11:42 +0800] "GET /xingrg/kc/base/wldb_order_operate.html?command=get_materiel&rest_code=00111&base_code=0010302&code=00101012033 HTTP/1.1" 200 446
101.83.241.229 - - [01/Mar/2022:09:11:45 +0800] "GET /xingrg/kc/buy/cgsh_order_operate.html?command=get_materiel&rest_code=00149&code=00101004067&supplier_code=00100083&order_time=2022-03-01 HTTP/1.1" 200 433
222.70.223.103 - - [01/Mar/2022:09:11:46 +0800] "GET /xingrg/all/function/internal_message.html?_=1646097103429&CODE_STATE=getMsg HTTP/1.1" 200 27
222.70.223.103 - - [01/Mar/2022:09:11:46 +0800] "GET /xingrg/kc/base/check_order_add.html HTTP/1.1" 200 26402
222.70.223.103 - - [01/Mar/2022:09:11:46 +0800] "GET /xingrg/dwr/interface/AjaxComOrderService.js HTTP/1.1" 200 18264
222.70.223.103 - - [01/Mar/2022:09:11:46 +0800] "GET /xingrg/dwr/interface/AjaxCheckService.js HTTP/1.1" 200 14003
222.70.223.103 - - [01/Mar/2022:09:11:46 +0800] "GET /xingrg/dwr/engine.js HTTP/1.1" 200 43631
222.70.243.96 - - [01/Mar/2022:09:11:46 +0800] "GET /xingrg/all/function/internal_message.html?_=1646097110743&CODE_STATE=getMsg HTTP/1.1" 200 27
180.152.99.39 - - [01/Mar/2022:09:11:46 +0800] "GET /xingrg/kc/base/wldb_order_operate.html?command=get_materiel&rest_code=00150&base_code=0010827&code=00101014041 HTTP/1.1" 200 433
124.78.159.88 - - [01/Mar/2022:09:11:50 +0800] "GET /xingrg/all/function/internal_message.html?_=1646097109467&CODE_STATE=getMsg HTTP/1.1" 302 -
222.70.180.114 - - [01/Mar/2022:09:11:50 +0800] "GET /xingrg/kc/base/wldb_order_operate.html?command=get_materiel&rest_code=00111&base_code=0010302&code=00101016040 HTTP/1.1" 200 458
180.152.99.73 - - [01/Mar/2022:09:11:52 +0800] "GET /xingrg/all/function/internal_message.html?_=1646097111458&CODE_STATE=getMsg HTTP/1.1" 200 27
222.70.223.103 - - [01/Mar/2022:09:11:53 +0800] "POST /xingrg/dwr/call/plaincall/AjaxCheckService.saveOrder.dwr HTTP/1.1" 200 78
101.83.241.229 - - [01/Mar/2022:09:11:54 +0800] "GET /xingrg/kc/buy/cgsh_order_operate.html?command=get_materiel&rest_code=00149&code=00101004011&supplier_code=00100083&order_time=2022-03-01 HTTP/1.1" 200 415
124.79.244.81 - - [01/Mar/2022:09:11:54 +0800] "GET /xingrg/all/function/internal_message.html?_=1646097267551&CODE_STATE=getMsg HTTP/1.1" 200 27
180.169.147.146 - - [01/Mar/2022:09:11:56 +0800] "GET /xingrg/all/function/internal_message.html?_=1646097118100&CODE_STATE=getMsg HTTP/1.1" 200 27
222.70.180.114 - - [01/Mar/2022:09:11:57 +0800] "GET /xingrg/kc/base/wldb_order_operate.html?command=get_materiel&rest_code=00111&base_code=0010302&code=00101018008 HTTP/1.1" 200 435
180.152.99.73 - - [01/Mar/2022:09:11:58 +0800] "GET /xingrg/kc/buy/cgsh_order_add.html HTTP/1.1" 200 65479
180.152.99.73 - - [01/Mar/2022:09:11:58 +0800] "POST /xingrg/kc/buy/cgsh_order_operate.html HTTP/1.1" 200 8245
180.152.99.73 - - [01/Mar/2022:09:11:58 +0800] "GET /xingrg/javascript/easyui/themes/default/validatebox.css HTTP/1.1" 404 1104
114.88.156.203 - - [01/Mar/2022:09:12:00 +0800] "GET /xingrg/all/function/internal_message.html?_=1646096901051&CODE_STATE=getMsg HTTP/1.1" 200 27
114.88.156.203 - - [01/Mar/2022:09:12:00 +0800] "GET /xingrg/check_reg.html?_=1646096901053 HTTP/1.1" 200 22
180.152.99.39 - - [01/Mar/2022:09:12:01 +0800] "GET /xingrg/kc/base/wldb_order_operate.html?command=get_materiel&rest_code=00150&base_code=0010827&code=00101014070 HTTP/1.1" 200 440
58.39.168.32 - - [01/Mar/2022:09:12:01 +0800] "GET /xingrg/kc/buy/cgsh_order_operate.html?command=get_materiel&rest_code=00105&code=00101006177&supplier_code=00100012&order_time=2022-03-01 HTTP/1.1" 200 429
180.152.99.39 - - [01/Mar/2022:09:12:01 +0800] "GET /xingrg/all/function/internal_message.html?_=1646097022590&CODE_STATE=getMsg HTTP/1.1" 200 27
124.78.159.88 - - [01/Mar/2022:09:12:02 +0800] "POST /xingrg/dwr/call/plaincall/AjaxQqpsService.saveOrder.dwr HTTP/1.1" 200 79
124.79.79.90 - - [01/Mar/2022:09:12:06 +0800] "GET /xingrg/all/function/internal_message.html?_=1646097125188&CODE_STATE=getMsg HTTP/1.1" 302 -
101.83.241.229 - - [01/Mar/2022:09:12:07 +0800] "GET /xingrg/kc/buy/cgsh_order_operate.html?command=get_materiel&rest_code=00149&code=00101004071&supplier_code=00100083&order_time=2022-03-01 HTTP/1.1" 200 409
124.78.159.88 - - [01/Mar/2022:09:12:08 +0800] "POST /xingrg/kc/base/wldb_list_operate.html HTTP/1.1" 200 6135
114.86.226.30 - - [01/Mar/2022:09:12:09 +0800] "POST /xingrg/dwr/call/plaincall/AjaxCheckService.checkOrder.dwr HTTP/1.1" 200 79
222.70.223.103 - - [01/Mar/2022:09:12:09 +0800] "POST /xingrg/dwr/call/plaincall/AjaxCheckService.loadOrderItems.dwr HTTP/1.1" 200 362
222.69.132.164 - - [01/Mar/2022:09:12:09 +0800] "POST /xingrg/dwr/call/plaincall/AjaxCheckService.setItemNumber.dwr HTTP/1.1" 200 77
222.69.132.164 - - [01/Mar/2022:09:12:09 +0800] "POST /xingrg/dwr/call/plaincall/AjaxCheckService.setItemNumber.dwr HTTP/1.1" 200 77
58.39.168.32 - - [01/Mar/2022:09:12:09 +0800] "GET /xingrg/all/function/internal_message.html?_=1646097066853&CODE_STATE=getMsg HTTP/1.1" 200 27
58.39.168.32 - - [01/Mar/2022:09:12:09 +0800] "GET /xingrg/check_reg.html?_=1646097066858 HTTP/1.1" 200 22
114.86.226.30 - - [01/Mar/2022:09:12:10 +0800] "GET /xingrg/all/function/internal_message.html?_=1646097129417&CODE_STATE=getMsg HTTP/1.1" 200 27
114.86.226.30 - - [01/Mar/2022:09:12:10 +0800] "GET /xingrg/kc/base/check_order_info.html?code=452022030100003 HTTP/1.1" 200 22854
114.86.226.30 - - [01/Mar/2022:09:12:10 +0800] "GET /xingrg/dwr/interface/AjaxCheckService.js HTTP/1.1" 200 14003
114.86.226.30 - - [01/Mar/2022:09:12:10 +0800] "GET /xingrg/dwr/interface/AjaxComOrderService.js HTTP/1.1" 200 18264
114.86.226.30 - - [01/Mar/2022:09:12:10 +0800] "GET /xingrg/dwr/engine.js HTTP/1.1" 200 43631
180.152.99.39 - - [01/Mar/2022:09:12:11 +0800] "GET /xingrg/kc/base/wldb_order_operate.html?command=get_materiel&rest_code=00150&base_code=0010827&code=00101014073 HTTP/1.1" 200 447
120.253.135.82 - - [01/Mar/2022:09:12:11 +0800] "GET /xingrg/all/function/internal_message.html?_=1646096926726&CODE_STATE=getMsg HTTP/1.1" 200 27
222.70.223.103 - - [01/Mar/2022:09:12:11 +0800] "POST /xingrg/kc/report/common_data.html?type=materiel_category_tree HTTP/1.1" 200 3878
114.86.226.30 - - [01/Mar/2022:09:12:12 +0800] "POST /xingrg/dwr/call/plaincall/AjaxCheckService.loadOrderItems.dwr HTTP/1.1" 200 81858
101.83.241.229 - - [01/Mar/2022:09:12:12 +0800] "GET /xingrg/all/function/internal_message.html?_=1646097129668&CODE_STATE=getMsg HTTP/1.1" 200 27
124.78.159.88 - - [01/Mar/2022:09:12:12 +0800] "POST /xingrg/kc/base/wldb_list_operate.html HTTP/1.1" 200 279
180.157.251.97 - - [01/Mar/2022:09:12:14 +0800] "GET /xingrg/all/function/internal_message.html?_=1646097133287&CODE_STATE=getMsg HTTP/1.1" 200 27
180.157.251.97 - - [01/Mar/2022:09:12:14 +0800] "GET /xingrg/check_reg.html?_=1646097133291 HTTP/1.1" 200 22
222.70.180.114 - - [01/Mar/2022:09:12:15 +0800] "GET /xingrg/all/function/internal_message.html?_=1646097130884&CODE_STATE=getMsg HTTP/1.1" 200 27
180.152.99.73 - - [01/Mar/2022:09:12:15 +0800] "GET /xingrg/kc/buy/cgsh_order_operate.html?command=get_materiel&rest_code=00150&code=00101001010&supplier_code=00100096&order_time=2022-03-01 HTTP/1.1" 200 432
114.86.226.30 - - [01/Mar/2022:09:12:15 +0800] "GET /xingrg/kc/base/base_main.html HTTP/1.1" 200 12142
58.39.168.32 - - [01/Mar/2022:09:12:16 +0800] "GET /xingrg/kc/buy/cgsh_order_operate.html?command=get_materiel&rest_code=00105&code=00101006112&supplier_code=00100012&order_time=2022-03-01 HTTP/1.1" 200 409
222.70.223.103 - - [01/Mar/2022:09:12:16 +0800] "POST /xingrg/dwr/call/plaincall/AjaxCheckService.importOrderItems.dwr HTTP/1.1" 200 78
124.78.159.88 - - [01/Mar/2022:09:12:16 +0800] "GET /xingrg/all/function/internal_message.html?_=1646097135211&CODE_STATE=getMsg HTTP/1.1" 200 27
124.78.159.88 - - [01/Mar/2022:09:12:16 +0800] "GET /xingrg/check_reg.html?_=1646097135309 HTTP/1.1" 200 22
222.70.223.103 - - [01/Mar/2022:09:12:17 +0800] "POST /xingrg/dwr/call/plaincall/AjaxCheckService.loadOrderItems.dwr HTTP/1.1" 200 6048
114.86.226.30 - - [01/Mar/2022:09:12:17 +0800] "GET /xingrg/kc/base/wldb_order_list.html HTTP/1.1" 200 19019
114.86.226.30 - - [01/Mar/2022:09:12:18 +0800] "POST /xingrg/kc/base/wldb_list_operate.html HTTP/1.1" 200 2154
222.70.223.103 - - [01/Mar/2022:09:12:18 +0800] "GET /xingrg/kc/print/load_config.html?_=1646097135189&kc_code=check HTTP/1.1" 200 2411
222.70.223.103 - - [01/Mar/2022:09:12:18 +0800] "GET /xingrg/kc/print/load_data.html?_=1646097135260&order_code=452022030100010&kc_code=check&condition= HTTP/1.1" 200 1692
222.69.132.164 - - [01/Mar/2022:09:12:20 +0800] "POST /xingrg/dwr/call/plaincall/AjaxCheckService.setItemNumber.dwr HTTP/1.1" 200 77
124.78.159.88 - - [01/Mar/2022:09:12:21 +0800] "GET /xingrg/kc/mdqp/qp_main.html HTTP/1.1" 200 10633
114.86.226.30 - - [01/Mar/2022:09:12:22 +0800] "GET /xingrg/kc/base/wldb_order_add.html HTTP/1.1" 200 30229
114.86.226.30 - - [01/Mar/2022:09:12:22 +0800] "POST /xingrg/kc/base/wldb_order_operate.html HTTP/1.1" 200 6806
101.83.241.229 - - [01/Mar/2022:09:12:22 +0800] "GET /xingrg/kc/buy/cgsh_order_operate.html?command=get_materiel&rest_code=00149&code=00101004013&supplier_code=00100083&order_time=2022-03-01 HTTP/1.1" 200 415
114.86.226.30 - - [01/Mar/2022:09:12:22 +0800] "GET /xingrg/javascript/easyui/themes/default/validatebox.css HTTP/1.1" 404 1104
124.78.159.88 - - [01/Mar/2022:09:12:22 +0800] "GET /xingrg/images/yd/bt.gif HTTP/1.1" 404 1040
180.152.99.39 - - [01/Mar/2022:09:12:23 +0800] "GET /xingrg/kc/base/wldb_order_operate.html?command=get_materiel&rest_code=00150&base_code=0010827&code=00101014075 HTTP/1.1" 200 453
114.86.226.30 - - [01/Mar/2022:09:12:24 +0800] "GET /xingrg/javascript/auto/indicator.gif HTTP/1.1" 404 1066
222.70.180.114 - - [01/Mar/2022:09:12:24 +0800] "POST /xingrg/kc/base/wldb_order_operate.html HTTP/1.1" 200 37
222.70.180.114 - - [01/Mar/2022:09:12:25 +0800] "POST /xingrg/kc/base/wldb_order_operate.html HTTP/1.1" 200 5069
124.78.159.88 - - [01/Mar/2022:09:12:25 +0800] "GET /xingrg/kc/base/base_main.html HTTP/1.1" 200 12142
222.70.180.114 - - [01/Mar/2022:09:12:26 +0800] "GET /xingrg/kc/base/wldb_order_info.html?code=422022030100012 HTTP/1.1" 200 30248
222.69.132.164 - - [01/Mar/2022:09:12:26 +0800] "POST /xingrg/dwr/call/plaincall/AjaxCheckService.setItemNumber.dwr HTTP/1.1" 200 77
222.70.180.114 - - [01/Mar/2022:09:12:26 +0800] "GET /xingrg/javascript/easyui/themes/default/validatebox.css HTTP/1.1" 404 1104
124.78.159.88 - - [01/Mar/2022:09:12:26 +0800] "GET /xingrg/kc/base/check_order_list.html HTTP/1.1" 200 16138
222.70.180.114 - - [01/Mar/2022:09:12:27 +0800] "POST /xingrg/kc/base/wldb_order_operate.html HTTP/1.1" 200 5069
124.78.159.88 - - [01/Mar/2022:09:12:27 +0800] "POST /xingrg/kc/base/check_list_operate.html HTTP/1.1" 200 781
222.64.144.101 - - [01/Mar/2022:09:12:28 +0800] "GET /xingrg/all/function/internal_message.html?_=1646097158657&CODE_STATE=getMsg HTTP/1.1" 302 -
124.79.79.90 - - [01/Mar/2022:09:12:28 +0800] "GET /xingrg/all/function/internal_message.html?_=1646097145965&CODE_STATE=getMsg HTTP/1.1" 200 27
222.70.223.103 - - [01/Mar/2022:09:12:30 +0800] "GET /xingrg/kc/base/check_order_add.html HTTP/1.1" 200 26402
222.70.223.103 - - [01/Mar/2022:09:12:30 +0800] "GET /xingrg/dwr/interface/AjaxCheckService.js HTTP/1.1" 200 14003
222.70.223.103 - - [01/Mar/2022:09:12:30 +0800] "GET /xingrg/dwr/interface/AjaxComOrderService.js HTTP/1.1" 200 18264
222.70.223.103 - - [01/Mar/2022:09:12:30 +0800] "GET /xingrg/dwr/engine.js HTTP/1.1" 200 43631
124.78.159.88 - - [01/Mar/2022:09:12:30 +0800] "POST /xingrg/kc/base/check_list_operate.html HTTP/1.1" 200 5427
114.86.226.30 - - [01/Mar/2022:09:12:30 +0800] "GET /xingrg/javascript/jquery_tools/images/next.gif HTTP/1.1" 404 1086
114.86.226.30 - - [01/Mar/2022:09:12:30 +0800] "GET /xingrg/javascript/jquery_tools/images/prev.gif HTTP/1.1" 404 1086
101.83.241.229 - - [01/Mar/2022:09:12:31 +0800] "GET /xingrg/kc/buy/cgsh_order_operate.html?command=get_materiel&rest_code=00149&code=00101004010&supplier_code=00100083&order_time=2022-03-01 HTTP/1.1" 200 409
222.69.132.164 - - [01/Mar/2022:09:12:34 +0800] "GET /xingrg/all/function/internal_message.html?_=1646097235568&CODE_STATE=getMsg HTTP/1.1" 200 27
180.152.99.39 - - [01/Mar/2022:09:12:34 +0800] "GET /xingrg/kc/base/wldb_order_operate.html?command=get_materiel&rest_code=00150&base_code=0010827&code=00101014078 HTTP/1.1" 200 436
180.157.251.97 - - [01/Mar/2022:09:12:35 +0800] "GET /xingrg/all/function/internal_message.html?_=1646097154226&CODE_STATE=getMsg HTTP/1.1" 200 27
222.70.223.103 - - [01/Mar/2022:09:12:35 +0800] "POST /xingrg/dwr/call/plaincall/AjaxCheckService.saveOrder.dwr HTTP/1.1" 200 78
114.86.226.30 - - [01/Mar/2022:09:12:36 +0800] "POST /xingrg/kc/base/wldb_order_operate.html HTTP/1.1" 200 37
222.70.223.103 - - [01/Mar/2022:09:12:36 +0800] "POST /xingrg/dwr/call/plaincall/AjaxCheckService.loadOrderItems.dwr HTTP/1.1" 200 362
114.86.226.30 - - [01/Mar/2022:09:12:36 +0800] "POST /xingrg/kc/base/wldb_order_operate.html HTTP/1.1" 200 1710
124.78.159.88 - - [01/Mar/2022:09:12:36 +0800] "GET /xingrg/kc/base/check_order_info.html?code=452022022800345 HTTP/1.1" 200 22860
124.78.159.88 - - [01/Mar/2022:09:12:36 +0800] "GET /xingrg/dwr/interface/AjaxComOrderService.js HTTP/1.1" 200 18264
124.78.159.88 - - [01/Mar/2022:09:12:36 +0800] "GET /xingrg/dwr/engine.js HTTP/1.1" 200 43631
124.78.159.88 - - [01/Mar/2022:09:12:36 +0800] "GET /xingrg/dwr/interface/AjaxCheckService.js HTTP/1.1" 200 14003
114.86.226.30 - - [01/Mar/2022:09:12:37 +0800] "GET /xingrg/kc/base/wldb_order_info.html?code=422022030100013 HTTP/1.1" 200 30237
114.86.226.30 - - [01/Mar/2022:09:12:37 +0800] "GET /xingrg/javascript/easyui/themes/default/validatebox.css HTTP/1.1" 404 1104
222.70.223.103 - - [01/Mar/2022:09:12:37 +0800] "POST /xingrg/kc/report/common_data.html?type=materiel_category_tree HTTP/1.1" 200 3878
114.86.226.30 - - [01/Mar/2022:09:12:37 +0800] "POST /xingrg/kc/base/wldb_order_operate.html HTTP/1.1" 200 1710
124.78.159.88 - - [01/Mar/2022:09:12:37 +0800] "POST /xingrg/dwr/call/plaincall/AjaxCheckService.loadOrderItems.dwr HTTP/1.1" 200 66711
58.40.7.146 - - [01/Mar/2022:09:12:39 +0800] "GET /xingrg/all/function/internal_message.html?_=1646097174572&CODE_STATE=getMsg HTTP/1.1" 200 27
114.86.226.30 - - [01/Mar/2022:09:12:39 +0800] "GET /xingrg/kc/base/wldb_order_operate.html?command=load_stock&code=422022030100013 HTTP/1.1" 200 12
101.85.54.103 - - [01/Mar/2022:09:12:39 +0800] "GET /xingrg/all/function/internal_message.html?_=1646097158053&CODE_STATE=getMsg HTTP/1.1" 200 27
180.152.99.73 - - [01/Mar/2022:09:12:40 +0800] "GET /xingrg/kc/buy/cgsh_order_operate.html?command=get_materiel&rest_code=00150&code=00101012003&supplier_code=00100096&order_time=2022-03-01 HTTP/1.1" 200 431
114.86.226.30 - - [01/Mar/2022:09:12:41 +0800] "GET /xingrg/kc/base/wldb_order_info.html?code=422022030100013 HTTP/1.1" 200 30237
114.86.226.30 - - [01/Mar/2022:09:12:41 +0800] "GET /xingrg/javascript/easyui/themes/default/validatebox.css HTTP/1.1" 404 1104
114.86.226.30 - - [01/Mar/2022:09:12:42 +0800] "POST /xingrg/kc/base/wldb_order_operate.html HTTP/1.1" 200 22371
222.70.223.103 - - [01/Mar/2022:09:12:42 +0800] "POST /xingrg/dwr/call/plaincall/AjaxCheckService.importOrderItems.dwr HTTP/1.1" 200 78
222.70.223.103 - - [01/Mar/2022:09:12:45 +0800] "POST /xingrg/dwr/call/plaincall/AjaxCheckService.loadOrderItems.dwr HTTP/1.1" 200 61957
222.70.223.103 - - [01/Mar/2022:09:12:46 +0800] "GET /xingrg/check_reg.html?_=1646097163053 HTTP/1.1" 200 22
222.70.223.103 - - [01/Mar/2022:09:12:46 +0800] "GET /xingrg/all/function/internal_message.html?_=1646097163428&CODE_STATE=getMsg HTTP/1.1" 200 27
58.39.168.32 - - [01/Mar/2022:09:12:46 +0800] "POST /xingrg/kc/buy/cgsh_order_operate.html HTTP/1.1" 200 37
222.70.243.96 - - [01/Mar/2022:09:12:46 +0800] "GET /xingrg/all/function/internal_message.html?_=1646097170766&CODE_STATE=getMsg HTTP/1.1" 200 27
114.86.226.30 - - [01/Mar/2022:09:12:47 +0800] "POST /xingrg/kc/base/wldb_order_operate.html HTTP/1.1" 200 37
222.70.223.103 - - [01/Mar/2022:09:12:48 +0800] "POST /xingrg/dwr/call/plaincall/AjaxCheckService.saveOrder.dwr HTTP/1.1" 200 78
114.86.226.30 - - [01/Mar/2022:09:12:48 +0800] "POST /xingrg/kc/base/wldb_order_operate.html HTTP/1.1" 200 22371
58.39.168.32 - - [01/Mar/2022:09:12:49 +0800] "POST /xingrg/kc/buy/cgsh_order_operate.html HTTP/1.1" 200 6205
61.151.207.205 - - [01/Mar/2022:09:12:49 +0800] "GET /xingrg/kc/mdqp/qqps_order_list.html HTTP/1.1" 302 -
222.70.223.103 - - [01/Mar/2022:09:12:50 +0800] "POST /xingrg/dwr/call/plaincall/AjaxCheckService.loadOrderItems.dwr HTTP/1.1" 200 61957
124.78.159.88 - - [01/Mar/2022:09:12:50 +0800] "GET /xingrg/all/function/internal_message.html?_=1646097169440&CODE_STATE=getMsg HTTP/1.1" 302 -
61.151.207.205 - - [01/Mar/2022:09:12:50 +0800] "GET /xingrg/login.html HTTP/1.1" 200 7641
222.70.223.103 - - [01/Mar/2022:09:12:51 +0800] "GET /xingrg/kc/print/load_config.html?_=1646097168045&kc_code=check HTTP/1.1" 200 2411
222.70.223.103 - - [01/Mar/2022:09:12:52 +0800] "GET /xingrg/kc/print/load_data.html?_=1646097168174&order_code=452022030100011&kc_code=check&condition= HTTP/1.1" 200 16475
180.152.99.73 - - [01/Mar/2022:09:12:52 +0800] "GET /xingrg/all/function/internal_message.html?_=1646097171452&CODE_STATE=getMsg HTTP/1.1" 200 27
58.39.168.32 - - [01/Mar/2022:09:12:52 +0800] "GET /xingrg/kc/print/load_data.html?order_code=212022030100022&kc_code=cgsh&condition= HTTP/1.1" 200 2107
180.152.99.39 - - [01/Mar/2022:09:12:54 +0800] "GET /xingrg/check_reg.html?_=1646097075176 HTTP/1.1" 200 22
124.79.244.81 - - [01/Mar/2022:09:12:54 +0800] "GET /xingrg/all/function/internal_message.html?_=1646097327550&CODE_STATE=getMsg HTTP/1.1" 200 27
180.169.147.146 - - [01/Mar/2022:09:12:56 +0800] "GET /xingrg/all/function/internal_message.html?_=1646097178099&CODE_STATE=getMsg HTTP/1.1" 200 27
114.88.156.203 - - [01/Mar/2022:09:13:00 +0800] "GET /xingrg/all/function/internal_message.html?_=1646096961045&CODE_STATE=getMsg HTTP/1.1" 200 27
101.83.241.229 - - [01/Mar/2022:09:13:00 +0800] "POST /xingrg/kc/buy/cgsh_order_operate.html HTTP/1.1" 200 37
180.152.99.39 - - [01/Mar/2022:09:13:01 +0800] "GET /xingrg/all/function/internal_message.html?_=1646097082604&CODE_STATE=getMsg HTTP/1.1" 200 27
222.70.223.103 - - [01/Mar/2022:09:13:02 +0800] "GET /xingrg/kc/base/check_order_add.html HTTP/1.1" 200 26402
222.70.223.103 - - [01/Mar/2022:09:13:02 +0800] "GET /xingrg/dwr/interface/AjaxCheckService.js HTTP/1.1" 200 14003
222.70.223.103 - - [01/Mar/2022:09:13:02 +0800] "GET /xingrg/dwr/interface/AjaxComOrderService.js HTTP/1.1" 200 18264
222.70.223.103 - - [01/Mar/2022:09:13:02 +0800] "GET /xingrg/dwr/engine.js HTTP/1.1" 200 43631
114.86.226.30 - - [01/Mar/2022:09:13:02 +0800] "POST /xingrg/kc/base/wldb_order_operate.html HTTP/1.1" 200 12
222.70.180.114 - - [01/Mar/2022:09:13:03 +0800] "POST /xingrg/kc/base/wldb_order_operate.html HTTP/1.1" 200 37
222.70.180.114 - - [01/Mar/2022:09:13:04 +0800] "POST /xingrg/kc/base/wldb_order_operate.html HTTP/1.1" 200 5069
114.86.226.30 - - [01/Mar/2022:09:13:04 +0800] "GET /xingrg/kc/base/wldb_order_info.html?code=422022030100013 HTTP/1.1" 200 26107
114.86.226.30 - - [01/Mar/2022:09:13:04 +0800] "GET /xingrg/javascript/easyui/themes/default/validatebox.css HTTP/1.1" 404 1104
114.86.226.30 - - [01/Mar/2022:09:13:04 +0800] "POST /xingrg/kc/base/wldb_order_operate.html HTTP/1.1" 200 20215
222.70.180.114 - - [01/Mar/2022:09:13:05 +0800] "GET /xingrg/kc/base/wldb_order_info.html?code=422022030100012 HTTP/1.1" 200 30248
124.78.159.88 - - [01/Mar/2022:09:13:05 +0800] "POST /xingrg/kc/base/check_list_operate.html HTTP/1.1" 200 5591
222.70.180.114 - - [01/Mar/2022:09:13:05 +0800] "GET /xingrg/javascript/easyui/themes/default/validatebox.css HTTP/1.1" 404 1104
124.78.159.88 - - [01/Mar/2022:09:13:06 +0800] "GET /xingrg/check_reg.html?_=1646097185181 HTTP/1.1" 302 -
222.70.180.114 - - [01/Mar/2022:09:13:06 +0800] "POST /xingrg/kc/base/wldb_order_operate.html HTTP/1.1" 200 5069
124.79.79.90 - - [01/Mar/2022:09:13:06 +0800] "GET /xingrg/all/function/internal_message.html?_=1646097185202&CODE_STATE=getMsg HTTP/1.1" 302 -
222.70.180.114 - - [01/Mar/2022:09:13:08 +0800] "GET /xingrg/kc/base/wldb_order_add.html HTTP/1.1" 200 30233
222.70.180.114 - - [01/Mar/2022:09:13:08 +0800] "POST /xingrg/kc/base/wldb_order_operate.html HTTP/1.1" 200 6806
222.70.180.114 - - [01/Mar/2022:09:13:08 +0800] "GET /xingrg/javascript/easyui/themes/default/validatebox.css HTTP/1.1" 404 1104
58.39.168.32 - - [01/Mar/2022:09:13:09 +0800] "GET /xingrg/all/function/internal_message.html?_=1646097126864&CODE_STATE=getMsg HTTP/1.1" 200 27
114.86.226.30 - - [01/Mar/2022:09:13:10 +0800] "GET /xingrg/kc/base/wldb_order_add.html HTTP/1.1" 200 30229
114.86.226.30 - - [01/Mar/2022:09:13:10 +0800] "POST /xingrg/kc/base/wldb_order_operate.html HTTP/1.1" 200 6806
114.86.226.30 - - [01/Mar/2022:09:13:10 +0800] "GET /xingrg/javascript/easyui/themes/default/validatebox.css HTTP/1.1" 404 1104
114.86.226.30 - - [01/Mar/2022:09:13:10 +0800] "GET /xingrg/all/function/internal_message.html?_=1646097189405&CODE_STATE=getMsg HTTP/1.1" 200 27
120.253.135.82 - - [01/Mar/2022:09:13:11 +0800] "GET /xingrg/all/function/internal_message.html?_=1646096986735&CODE_STATE=getMsg HTTP/1.1" 200 27
124.78.159.88 - - [01/Mar/2022:09:13:12 +0800] "GET /xingrg/kc/base/check_order_info.html?code=452022022800342 HTTP/1.1" 200 22860
124.78.159.88 - - [01/Mar/2022:09:13:12 +0800] "GET /xingrg/dwr/interface/AjaxComOrderService.js HTTP/1.1" 200 18264
124.78.159.88 - - [01/Mar/2022:09:13:12 +0800] "GET /xingrg/dwr/interface/AjaxCheckService.js HTTP/1.1" 200 14003
124.78.159.88 - - [01/Mar/2022:09:13:12 +0800] "GET /xingrg/dwr/engine.js HTTP/1.1" 200 43631
101.83.241.229 - - [01/Mar/2022:09:13:12 +0800] "GET /xingrg/all/function/internal_message.html?_=1646097189670&CODE_STATE=getMsg HTTP/1.1" 200 27
101.83.241.229 - - [01/Mar/2022:09:13:12 +0800] "GET /xingrg/check_reg.html?_=1646097189667 HTTP/1.1" 200 22
101.83.241.229 - - [01/Mar/2022:09:13:12 +0800] "POST /xingrg/kc/buy/cgsh_order_operate.html HTTP/1.1" 200 12
180.152.99.39 - - [01/Mar/2022:09:13:13 +0800] "GET /xingrg/kc/base/wldb_order_operate.html?command=get_materiel&rest_code=00150&base_code=0010827&code=00101014114 HTTP/1.1" 200 434
124.78.159.88 - - [01/Mar/2022:09:13:13 +0800] "POST /xingrg/dwr/call/plaincall/AjaxCheckService.loadOrderItems.dwr HTTP/1.1" 200 12550
180.157.251.97 - - [01/Mar/2022:09:13:14 +0800] "GET /xingrg/all/function/internal_message.html?_=1646097193297&CODE_STATE=getMsg HTTP/1.1" 200 27
222.70.180.114 - - [01/Mar/2022:09:13:15 +0800] "GET /xingrg/all/function/internal_message.html?_=1646097190861&CODE_STATE=getMsg HTTP/1.1" 200 27
124.78.159.88 - - [01/Mar/2022:09:13:16 +0800] "GET /xingrg/all/function/internal_message.html?_=1646097195191&CODE_STATE=getMsg HTTP/1.1" 200 27
114.86.226.30 - - [01/Mar/2022:09:13:19 +0800] "POST /xingrg/kc/base/wldb_order_operate.html HTTP/1.1" 200 37
180.152.99.73 - - [01/Mar/2022:09:13:19 +0800] "GET /xingrg/kc/buy/cgsh_order_operate.html?command=get_materiel&rest_code=00150&code=00101006068&supplier_code=00100096&order_time=2022-03-01 HTTP/1.1" 200 411
101.83.241.229 - - [01/Mar/2022:09:13:19 +0800] "GET /xingrg/kc/buy/cgsh_order_info.html?code=212022030100023 HTTP/1.1" 200 60556
222.70.180.114 - - [01/Mar/2022:09:13:19 +0800] "GET /xingrg/kc/base/wldb_order_operate.html?command=get_materiel&rest_code=00111&base_code=0010295&code=00101001035 HTTP/1.1" 200 432
114.86.226.30 - - [01/Mar/2022:09:13:19 +0800] "POST /xingrg/kc/base/wldb_order_operate.html HTTP/1.1" 200 1710
101.83.241.229 - - [01/Mar/2022:09:13:19 +0800] "GET /xingrg/javascript/easyui/themes/default/validatebox.css HTTP/1.1" 404 1104
114.86.226.30 - - [01/Mar/2022:09:13:20 +0800] "GET /xingrg/kc/base/wldb_order_info.html?code=422022030100014 HTTP/1.1" 200 30237
114.86.226.30 - - [01/Mar/2022:09:13:20 +0800] "GET /xingrg/javascript/easyui/themes/default/validatebox.css HTTP/1.1" 404 1104
101.83.241.229 - - [01/Mar/2022:09:13:20 +0800] "POST /xingrg/kc/buy/cgsh_order_operate.html HTTP/1.1" 200 2984
114.86.226.30 - - [01/Mar/2022:09:13:20 +0800] "POST /xingrg/kc/base/wldb_order_operate.html HTTP/1.1" 200 1710
180.152.99.39 - - [01/Mar/2022:09:13:22 +0800] "GET /xingrg/kc/base/wldb_order_operate.html?command=get_materiel&rest_code=00150&base_code=0010827&code=00101014121 HTTP/1.1" 200 420
114.86.226.30 - - [01/Mar/2022:09:13:22 +0800] "GET /xingrg/kc/base/wldb_order_operate.html?command=load_stock&code=422022030100014 HTTP/1.1" 200 12
114.86.226.30 - - [01/Mar/2022:09:13:23 +0800] "GET /xingrg/kc/base/wldb_order_info.html?code=422022030100014 HTTP/1.1" 200 30237
114.86.226.30 - - [01/Mar/2022:09:13:23 +0800] "GET /xingrg/javascript/easyui/themes/default/validatebox.css HTTP/1.1" 404 1104
114.86.226.30 - - [01/Mar/2022:09:13:24 +0800] "POST /xingrg/kc/base/wldb_order_operate.html HTTP/1.1" 200 22371
222.70.180.114 - - [01/Mar/2022:09:13:26 +0800] "GET /xingrg/kc/base/wldb_order_operate.html?command=get_materiel&rest_code=00111&base_code=0010295&code=00101001079 HTTP/1.1" 200 435
101.83.241.229 - - [01/Mar/2022:09:13:26 +0800] "GET /xingrg/kc/print/load_data.html?order_code=212022030100023&kc_code=cgsh&condition= HTTP/1.1" 200 1630
222.69.132.164 - - [01/Mar/2022:09:13:27 +0800] "POST /xingrg/dwr/call/plaincall/AjaxCheckService.setItemNumber.dwr HTTP/1.1" 200 77
222.64.144.101 - - [01/Mar/2022:09:13:28 +0800] "GET /xingrg/all/function/internal_message.html?_=1646097218644&CODE_STATE=getMsg HTTP/1.1" 302 -
124.79.79.90 - - [01/Mar/2022:09:13:28 +0800] "GET /xingrg/all/function/internal_message.html?_=1646097205950&CODE_STATE=getMsg HTTP/1.1" 200 27
222.70.223.103 - - [01/Mar/2022:09:13:30 +0800] "POST /xingrg/dwr/call/plaincall/AjaxCheckService.saveOrder.dwr HTTP/1.1" 200 78
114.86.226.30 - - [01/Mar/2022:09:13:30 +0800] "POST /xingrg/kc/base/wldb_order_operate.html HTTP/1.1" 200 37
114.86.226.30 - - [01/Mar/2022:09:13:31 +0800] "POST /xingrg/kc/base/wldb_order_operate.html HTTP/1.1" 200 22371
222.70.223.103 - - [01/Mar/2022:09:13:32 +0800] "POST /xingrg/dwr/call/plaincall/AjaxCheckService.loadOrderItems.dwr HTTP/1.1" 200 362
114.86.226.30 - - [01/Mar/2022:09:13:32 +0800] "GET /xingrg/kc/base/wldb_order_info.html?code=422022030100014 HTTP/1.1" 200 30245
114.86.226.30 - - [01/Mar/2022:09:13:32 +0800] "GET /xingrg/javascript/easyui/themes/default/validatebox.css HTTP/1.1" 404 1104
222.70.223.103 - - [01/Mar/2022:09:13:34 +0800] "POST /xingrg/kc/report/common_data.html?type=materiel_category_tree HTTP/1.1" 200 3878
222.69.132.164 - - [01/Mar/2022:09:13:34 +0800] "GET /xingrg/all/function/internal_message.html?_=1646097295552&CODE_STATE=getMsg HTTP/1.1" 200 27
58.39.168.32 - - [01/Mar/2022:09:13:34 +0800] "GET /xingrg/kc/buy/cgsh_order_add.html HTTP/1.1" 200 65649
58.39.168.32 - - [01/Mar/2022:09:13:34 +0800] "POST /xingrg/kc/buy/cgsh_order_operate.html HTTP/1.1" 200 8245
58.39.168.32 - - [01/Mar/2022:09:13:34 +0800] "GET /xingrg/javascript/easyui/themes/default/validatebox.css HTTP/1.1" 404 1104
222.70.180.114 - - [01/Mar/2022:09:13:34 +0800] "GET /xingrg/kc/base/wldb_order_operate.html?command=get_materiel&rest_code=00111&base_code=0010295&code=00101001115 HTTP/1.1" 200 434
180.157.251.97 - - [01/Mar/2022:09:13:35 +0800] "GET /xingrg/all/function/internal_message.html?_=1646097214233&CODE_STATE=getMsg HTTP/1.1" 200 27
180.152.99.39 - - [01/Mar/2022:09:13:36 +0800] "POST /xingrg/kc/base/wldb_order_operate.html HTTP/1.1" 200 37
114.86.226.30 - - [01/Mar/2022:09:13:36 +0800] "POST /xingrg/kc/base/wldb_order_operate.html HTTP/1.1" 200 22371
180.152.99.39 - - [01/Mar/2022:09:13:36 +0800] "POST /xingrg/kc/base/wldb_order_operate.html HTTP/1.1" 200 7492
222.70.223.103 - - [01/Mar/2022:09:13:38 +0800] "POST /xingrg/dwr/call/plaincall/AjaxCheckService.importOrderItems.dwr HTTP/1.1" 200 78
114.86.226.30 - - [01/Mar/2022:09:13:38 +0800] "GET /xingrg/logout.do HTTP/1.1" 302 -
114.86.226.30 - - [01/Mar/2022:09:13:38 +0800] "GET /xingrg/login.html?sysBaseUrl=http%3A%2F%2F180.169.147.146%3A18081%2Fxingrg%2F&costTime=112×tamp=1646097218725 HTTP/1.1" 200 7641
58.40.7.146 - - [01/Mar/2022:09:13:39 +0800] "GET /xingrg/all/function/internal_message.html?_=1646097234573&CODE_STATE=getMsg HTTP/1.1" 200 27
101.85.54.103 - - [01/Mar/2022:09:13:39 +0800] "GET /xingrg/all/function/internal_message.html?_=1646097218067&CODE_STATE=getMsg HTTP/1.1" 200 27
222.70.223.103 - - [01/Mar/2022:09:13:40 +0800] "POST /xingrg/dwr/call/plaincall/AjaxCheckService.loadOrderItems.dwr HTTP/1.1" 200 9318
222.70.223.103 - - [01/Mar/2022:09:13:41 +0800] "GET /xingrg/kc/print/load_config.html?_=1646097218175&kc_code=check HTTP/1.1" 200 2411
222.70.180.114 - - [01/Mar/2022:09:13:41 +0800] "GET /xingrg/kc/base/wldb_order_operate.html?command=get_materiel&rest_code=00111&base_code=0010295&code=00101002029 HTTP/1.1" 200 436
222.70.223.103 - - [01/Mar/2022:09:13:42 +0800] "GET /xingrg/kc/print/load_data.html?_=1646097218325&order_code=452022030100012&kc_code=check&condition= HTTP/1.1" 200 2595
180.152.99.73 - - [01/Mar/2022:09:13:46 +0800] "GET /xingrg/kc/buy/cgsh_order_operate.html?command=get_materiel&rest_code=00150&code=00101006129&supplier_code=00100096&order_time=2022-03-01 HTTP/1.1" 200 451
222.70.223.103 - - [01/Mar/2022:09:13:46 +0800] "GET /xingrg/all/function/internal_message.html?_=1646097223445&CODE_STATE=getMsg HTTP/1.1" 200 27
222.70.243.96 - - [01/Mar/2022:09:13:46 +0800] "GET /xingrg/all/function/internal_message.html?_=1646097230770&CODE_STATE=getMsg HTTP/1.1" 200 27
180.152.99.39 - - [01/Mar/2022:09:13:47 +0800] "POST /xingrg/kc/base/wldb_order_operate.html HTTP/1.1" 200 12
58.39.168.32 - - [01/Mar/2022:09:13:47 +0800] "GET /xingrg/javascript/jquery_easy_ui/themes/icons/rest.png HTTP/1.1" 304 -
58.39.168.32 - - [01/Mar/2022:09:13:47 +0800] "GET /xingrg/javascript/jquery_easy_ui/themes/icons/area.png HTTP/1.1" 304 -
114.86.226.30 - - [01/Mar/2022:09:13:49 +0800] "POST /xingrg/login.do HTTP/1.1" 302 -
222.70.180.114 - - [01/Mar/2022:09:13:49 +0800] "GET /xingrg/kc/base/wldb_order_operate.html?command=get_materiel&rest_code=00111&base_code=0010295&code=00101004069 HTTP/1.1" 200 438
114.86.226.30 - - [01/Mar/2022:09:13:49 +0800] "GET /xingrg/index.html?sysBaseUrl=http%3A%2F%2F180.169.147.146%3A18081%2Fxingrg%2F&costTime=1518×tamp=1646097229131 HTTP/1.1" 200 17503
114.86.226.30 - - [01/Mar/2022:09:13:49 +0800] "GET /xingrg/check_reg.html?_=1646097228131 HTTP/1.1" 200 22
114.86.226.30 - - [01/Mar/2022:09:13:49 +0800] "GET /xingrg/all/function/internal_message.html?_=1646097228131&CODE_STATE=count HTTP/1.1" 200 11
114.86.226.30 - - [01/Mar/2022:09:13:49 +0800] "POST /xingrg/all/common/load_tree.html?tree=area_rest_tree_json&manage=1 HTTP/1.1" 200 710
114.86.226.30 - - [01/Mar/2022:09:13:49 +0800] "POST /xingrg/load_menu.html HTTP/1.1" 200 11564
124.78.159.88 - - [01/Mar/2022:09:13:50 +0800] "GET /xingrg/all/function/internal_message.html?_=1646097229423&CODE_STATE=getMsg HTTP/1.1" 302 -
180.152.99.73 - - [01/Mar/2022:09:13:52 +0800] "GET /xingrg/all/function/internal_message.html?_=1646097231472&CODE_STATE=getMsg HTTP/1.1" 200 27
124.79.244.81 - - [01/Mar/2022:09:13:54 +0800] "GET /xingrg/all/function/internal_message.html?_=1646097387551&CODE_STATE=getMsg HTTP/1.1" 200 27
124.79.244.81 - - [01/Mar/2022:09:13:54 +0800] "GET /xingrg/check_reg.html?_=1646097387552 HTTP/1.1" 200 22
180.152.99.39 - - [01/Mar/2022:09:13:55 +0800] "GET /xingrg/kc/base/wldb_order_info.html?code=422022030100015 HTTP/1.1" 200 26131
180.152.99.39 - - [01/Mar/2022:09:13:56 +0800] "GET /xingrg/javascript/easyui/themes/default/validatebox.css HTTP/1.1" 404 1104
114.86.226.30 - - [01/Mar/2022:09:13:56 +0800] "POST /xingrg/all/user/operate.html HTTP/1.1" 200 36
114.86.226.30 - - [01/Mar/2022:09:13:56 +0800] "GET /xingrg/css/form.css HTTP/1.1" 304 -
114.86.226.30 - - [01/Mar/2022:09:13:56 +0800] "GET /xingrg/javascript/jquery_easy_ui/themes/icon.css HTTP/1.1" 304 -
114.86.226.30 - - [01/Mar/2022:09:13:56 +0800] "GET /xingrg/javascript/jquery_easy_ui/themes/default/easyui.css HTTP/1.1" 304 -
180.152.99.39 - - [01/Mar/2022:09:13:56 +0800] "POST /xingrg/kc/base/wldb_order_operate.html HTTP/1.1" 200 5665
114.86.226.30 - - [01/Mar/2022:09:13:56 +0800] "GET /xingrg/javascript/jquery_easy_ui/jquery.easyui.min.js HTTP/1.1" 304 -
114.86.226.30 - - [01/Mar/2022:09:13:56 +0800] "GET /xingrg/index.html?sysBaseUrl=http%3A%2F%2F180.169.147.146%3A18081%2Fxingrg%2F&costTime=1518×tamp=1646097229131 HTTP/1.1" 200 17503
114.86.226.30 - - [01/Mar/2022:09:13:56 +0800] "GET /xingrg/images/blue/jxLogo.png HTTP/1.1" 304 -
114.86.226.30 - - [01/Mar/2022:09:13:56 +0800] "GET /xingrg/javascript/jquery-1.4.2.min.js HTTP/1.1" 304 -
114.86.226.30 - - [01/Mar/2022:09:13:56 +0800] "GET /xingrg/javascript/jquery.form.js HTTP/1.1" 304 -
114.86.226.30 - - [01/Mar/2022:09:13:56 +0800] "GET /xingrg/javascript/jquery.utils.js HTTP/1.1" 304 -
114.86.226.30 - - [01/Mar/2022:09:13:56 +0800] "GET /xingrg/javascript/jquery_easy_ui/easyui-lang-zh_CN.js HTTP/1.1" 304 -
114.86.226.30 - - [01/Mar/2022:09:13:56 +0800] "GET /xingrg/javascript/jquery.timers.js HTTP/1.1" 304 -
180.169.147.146 - - [01/Mar/2022:09:13:56 +0800] "GET /xingrg/all/function/internal_message.html?_=1646097238098&CODE_STATE=getMsg HTTP/1.1" 200 27
114.86.226.30 - - [01/Mar/2022:09:13:56 +0800] "GET /xingrg/images/blue/navBackgound.jpg HTTP/1.1" 304 -
114.86.226.30 - - [01/Mar/2022:09:13:56 +0800] "GET /xingrg/javascript/jquery_easy_ui/themes/icons/settle_new.png HTTP/1.1" 304 -
114.86.226.30 - - [01/Mar/2022:09:13:57 +0800] "GET /xingrg/all/function/internal_message.html?_=1646097235688&CODE_STATE=count HTTP/1.1" 200 11
114.86.226.30 - - [01/Mar/2022:09:13:57 +0800] "GET /xingrg/check_reg.html?_=1646097235688 HTTP/1.1" 200 22
114.86.226.30 - - [01/Mar/2022:09:13:57 +0800] "GET /xingrg/images/blue/pingpu.png HTTP/1.1" 304 -
114.86.226.30 - - [01/Mar/2022:09:13:57 +0800] "GET /xingrg/javascript/jquery_easy_ui/themes/default/images/panel_tool_expand.gif HTTP/1.1" 304 -
114.86.226.30 - - [01/Mar/2022:09:13:57 +0800] "GET /xingrg/javascript/jquery_easy_ui/themes/default/images/panel_tool_collapse.gif HTTP/1.1" 304 -
114.86.226.30 - - [01/Mar/2022:09:13:57 +0800] "GET /xingrg/javascript/jquery_easy_ui/themes/default/images/tabs_rightarrow.png HTTP/1.1" 304 -
114.86.226.30 - - [01/Mar/2022:09:13:57 +0800] "GET /xingrg/javascript/jquery_easy_ui/themes/default/images/tabs_leftarrow.png HTTP/1.1" 304 -
114.86.226.30 - - [01/Mar/2022:09:13:57 +0800] "POST /xingrg/all/common/load_tree.html?tree=area_rest_tree_json&manage=1 HTTP/1.1" 200 710
114.86.226.30 - - [01/Mar/2022:09:13:57 +0800] "POST /xingrg/load_menu.html HTTP/1.1" 200 9959
180.152.99.39 - - [01/Mar/2022:09:13:59 +0800] "GET /xingrg/kc/print/load_data.html?order_code=422022030100015&kc_code=wldb&condition= HTTP/1.1" 200 2200
114.86.226.30 - - [01/Mar/2022:09:13:59 +0800] "GET /xingrg/kc/info/info_main.html HTTP/1.1" 200 6010
114.86.226.30 - - [01/Mar/2022:09:13:59 +0800] "GET /xingrg/javascript/ToolTips.js HTTP/1.1" 200 5615
114.86.226.30 - - [01/Mar/2022:09:13:59 +0800] "GET /xingrg/images/blue/clxx.gif HTTP/1.1" 200 1916
114.86.226.30 - - [01/Mar/2022:09:13:59 +0800] "GET /xingrg/images/blue/gyslbgl.gif HTTP/1.1" 200 1480
114.86.226.30 - - [01/Mar/2022:09:13:59 +0800] "GET /xingrg/images/blue/button/cgxqd.gif HTTP/1.1" 200 2619
114.86.226.30 - - [01/Mar/2022:09:13:59 +0800] "GET /xingrg/images/blue/ckxx.gif HTTP/1.1" 200 2041
114.86.226.30 - - [01/Mar/2022:09:13:59 +0800] "GET /xingrg/images/blue/cldwgl.gif HTTP/1.1" 200 2487
114.86.226.30 - - [01/Mar/2022:09:13:59 +0800] "GET /xingrg/images/blue/gyscljg.gif HTTP/1.1" 200 2081
114.86.226.30 - - [01/Mar/2022:09:13:59 +0800] "GET /xingrg/images/blue/gysxxgl.gif HTTP/1.1" 200 1945
222.70.180.114 - - [01/Mar/2022:09:13:59 +0800] "GET /xingrg/kc/base/wldb_order_operate.html?command=get_materiel&rest_code=00111&base_code=0010295&code=00101004019 HTTP/1.1" 200 433
114.88.156.203 - - [01/Mar/2022:09:14:00 +0800] "GET /xingrg/all/function/internal_message.html?_=1646097021055&CODE_STATE=getMsg HTTP/1.1" 200 27
114.86.226.30 - - [01/Mar/2022:09:14:01 +0800] "GET /xingrg/kc/base/base_main.html HTTP/1.1" 200 12142
180.152.99.73 - - [01/Mar/2022:09:14:01 +0800] "GET /xingrg/kc/buy/cgsh_order_operate.html?command=get_materiel&rest_code=00150&code=00101006065&supplier_code=00100096&order_time=2022-03-01 HTTP/1.1" 200 429
180.152.99.39 - - [01/Mar/2022:09:14:01 +0800] "GET /xingrg/all/function/internal_message.html?_=1646097142617&CODE_STATE=getMsg HTTP/1.1" 200 27
58.39.168.32 - - [01/Mar/2022:09:14:01 +0800] "GET /xingrg/kc/buy/cgsh_order_operate.html?command=get_materiel&rest_code=00105&code=00101008256&supplier_code=00100203&order_time=2022-03-01 HTTP/1.1" 200 433
114.86.226.30 - - [01/Mar/2022:09:14:02 +0800] "GET /xingrg/kc/base/wldb_order_list.html HTTP/1.1" 200 19274
114.86.226.30 - - [01/Mar/2022:09:14:03 +0800] "POST /xingrg/kc/base/wldb_list_operate.html HTTP/1.1" 200 2541
222.69.132.164 - - [01/Mar/2022:09:14:04 +0800] "POST /xingrg/dwr/call/plaincall/AjaxCheckService.setItemNumber.dwr HTTP/1.1" 200 77
124.79.79.90 - - [01/Mar/2022:09:14:06 +0800] "GET /xingrg/all/function/internal_message.html?_=1646097245205&CODE_STATE=getMsg HTTP/1.1" 302 -
58.39.168.32 - - [01/Mar/2022:09:14:09 +0800] "GET /xingrg/all/function/internal_message.html?_=1646097186872&CODE_STATE=getMsg HTTP/1.1" 200 27
120.253.135.82 - - [01/Mar/2022:09:14:09 +0800] "GET /xingrg/check_reg.html?_=1646097045324 HTTP/1.1" 200 22
222.70.180.114 - - [01/Mar/2022:09:14:09 +0800] "GET /xingrg/kc/base/wldb_order_operate.html?command=get_materiel&rest_code=00111&base_code=0010295&code=00101010616 HTTP/1.1" 200 417
120.253.135.82 - - [01/Mar/2022:09:14:11 +0800] "GET /xingrg/all/function/internal_message.html?_=1646097046749&CODE_STATE=getMsg HTTP/1.1" 200 27
101.83.241.229 - - [01/Mar/2022:09:14:12 +0800] "GET /xingrg/all/function/internal_message.html?_=1646097249677&CODE_STATE=getMsg HTTP/1.1" 200 27
114.86.226.30 - - [01/Mar/2022:09:14:14 +0800] "POST /xingrg/kc/base/wldb_list_operate.html HTTP/1.1" 200 1784
180.157.251.97 - - [01/Mar/2022:09:14:14 +0800] "GET /xingrg/all/function/internal_message.html?_=1646097253297&CODE_STATE=getMsg HTTP/1.1" 200 27
222.70.180.114 - - [01/Mar/2022:09:14:15 +0800] "GET /xingrg/all/function/internal_message.html?_=1646097250837&CODE_STATE=getMsg HTTP/1.1" 200 27
124.78.159.88 - - [01/Mar/2022:09:14:16 +0800] "GET /xingrg/all/function/internal_message.html?_=1646097255195&CODE_STATE=getMsg HTTP/1.1" 200 27
180.152.99.73 - - [01/Mar/2022:09:14:16 +0800] "GET /xingrg/kc/buy/cgsh_order_operate.html?command=get_materiel&rest_code=00150&code=00101006055&supplier_code=00100096&order_time=2022-03-01 HTTP/1.1" 200 428
124.78.159.88 - - [01/Mar/2022:09:14:17 +0800] "POST /xingrg/kc/base/check_list_operate.html HTTP/1.1" 200 5427
101.83.241.229 - - [01/Mar/2022:09:14:17 +0800] "GET /xingrg/kc/buy/cgsh_order_add.html HTTP/1.1" 200 65655
101.83.241.229 - - [01/Mar/2022:09:14:17 +0800] "POST /xingrg/kc/buy/cgsh_order_operate.html HTTP/1.1" 200 8245
101.83.241.229 - - [01/Mar/2022:09:14:17 +0800] "GET /xingrg/javascript/easyui/themes/default/validatebox.css HTTP/1.1" 404 1104
222.69.132.164 - - [01/Mar/2022:09:14:26 +0800] "POST /xingrg/dwr/call/plaincall/AjaxCheckService.setItemNumber.dwr HTTP/1.1" 200 77
222.64.144.101 - - [01/Mar/2022:09:14:28 +0800] "GET /xingrg/all/function/internal_message.html?_=1646097278628&CODE_STATE=getMsg HTTP/1.1" 302 -
124.79.79.90 - - [01/Mar/2022:09:14:28 +0800] "GET /xingrg/all/function/internal_message.html?_=1646097265924&CODE_STATE=getMsg HTTP/1.1" 200 27
58.39.168.32 - - [01/Mar/2022:09:14:28 +0800] "GET /xingrg/kc/buy/cgsh_order_operate.html?command=get_materiel&rest_code=00105&code=00101008163&supplier_code=00100203&order_time=2022-03-01 HTTP/1.1" 200 429
222.69.132.164 - - [01/Mar/2022:09:14:31 +0800] "POST /xingrg/dwr/call/plaincall/AjaxCheckService.setItemNumber.dwr HTTP/1.1" 200 77
114.86.226.30 - - [01/Mar/2022:09:14:31 +0800] "POST /xingrg/kc/base/wldb_list_operate.html HTTP/1.1" 200 4
222.70.180.114 - - [01/Mar/2022:09:14:31 +0800] "GET /xingrg/kc/base/wldb_order_operate.html?command=get_materiel&rest_code=00111&base_code=0010295&code=00101019353 HTTP/1.1" 200 436
101.89.239.238 - - [01/Mar/2022:09:14:32 +0800] "GET /xingrg/all/function/internal_message.html?_=1646096955284&CODE_STATE=getMsg HTTP/1.1" 302 -
101.89.239.238 - - [01/Mar/2022:09:14:32 +0800] "GET /xingrg/login.html HTTP/1.1" 200 7641
124.78.159.88 - - [01/Mar/2022:09:14:33 +0800] "POST /xingrg/kc/base/check_list_operate.html HTTP/1.1" 200 5591
114.86.226.30 - - [01/Mar/2022:09:14:33 +0800] "POST /xingrg/kc/base/wldb_list_operate.html HTTP/1.1" 200 928
101.83.241.229 - - [01/Mar/2022:09:14:33 +0800] "GET /xingrg/kc/buy/cgsh_order_operate.html?command=get_materiel&rest_code=00149&code=00101007048&supplier_code=00100205&order_time=2022-03-01 HTTP/1.1" 200 430
222.69.132.164 - - [01/Mar/2022:09:14:34 +0800] "GET /xingrg/all/function/internal_message.html?_=1646097355539&CODE_STATE=getMsg HTTP/1.1" 200 27
124.78.159.88 - - [01/Mar/2022:09:14:34 +0800] "POST /xingrg/kc/base/check_list_operate.html HTTP/1.1" 200 5427
180.157.251.97 - - [01/Mar/2022:09:14:35 +0800] "GET /xingrg/check_reg.html?_=1646097274219 HTTP/1.1" 200 22
180.157.251.97 - - [01/Mar/2022:09:14:35 +0800] "GET /xingrg/all/function/internal_message.html?_=1646097274222&CODE_STATE=getMsg HTTP/1.1" 200 27
114.86.226.30 - - [01/Mar/2022:09:14:35 +0800] "GET /xingrg/kc/base/base_main.html HTTP/1.1" 200 12142
114.86.226.30 - - [01/Mar/2022:09:14:36 +0800] "GET /xingrg/kc/base/check_order_list.html HTTP/1.1" 200 16393
222.69.132.164 - - [01/Mar/2022:09:14:37 +0800] "POST /xingrg/dwr/call/plaincall/AjaxCheckService.setItemNumber.dwr HTTP/1.1" 200 77
114.86.226.30 - - [01/Mar/2022:09:14:37 +0800] "POST /xingrg/kc/base/check_list_operate.html HTTP/1.1" 200 4155
58.40.7.146 - - [01/Mar/2022:09:14:39 +0800] "GET /xingrg/all/function/internal_message.html?_=1646097294574&CODE_STATE=getMsg HTTP/1.1" 200 27
222.70.180.114 - - [01/Mar/2022:09:14:39 +0800] "GET /xingrg/kc/base/wldb_order_operate.html?command=get_materiel&rest_code=00111&base_code=0010295&code=00101019439 HTTP/1.1" 200 457
101.85.54.103 - - [01/Mar/2022:09:14:39 +0800] "GET /xingrg/check_reg.html?_=1646097278057 HTTP/1.1" 200 22
101.85.54.103 - - [01/Mar/2022:09:14:39 +0800] "GET /xingrg/all/function/internal_message.html?_=1646097278058&CODE_STATE=getMsg HTTP/1.1" 200 27
222.69.132.164 - - [01/Mar/2022:09:14:41 +0800] "POST /xingrg/dwr/call/plaincall/AjaxCheckService.setItemNumber.dwr HTTP/1.1" 200 77
124.78.159.88 - - [01/Mar/2022:09:14:43 +0800] "POST /xingrg/kc/base/check_list_operate.html HTTP/1.1" 200 5591
114.86.226.30 - - [01/Mar/2022:09:14:44 +0800] "POST /xingrg/kc/base/check_list_operate.html HTTP/1.1" 200 781
222.70.223.103 - - [01/Mar/2022:09:14:46 +0800] "GET /xingrg/all/function/internal_message.html?_=1646097283430&CODE_STATE=getMsg HTTP/1.1" 200 27
222.70.243.96 - - [01/Mar/2022:09:14:46 +0800] "GET /xingrg/all/function/internal_message.html?_=1646097290795&CODE_STATE=getMsg HTTP/1.1" 200 27
124.78.159.88 - - [01/Mar/2022:09:14:50 +0800] "GET /xingrg/all/function/internal_message.html?_=1646097289405&CODE_STATE=getMsg HTTP/1.1" 302 -
180.152.99.73 - - [01/Mar/2022:09:14:52 +0800] "GET /xingrg/all/function/internal_message.html?_=1646097291461&CODE_STATE=getMsg HTTP/1.1" 200 27
124.78.159.88 - - [01/Mar/2022:09:14:53 +0800] "POST /xingrg/kc/base/check_list_operate.html HTTP/1.1" 200 5427
114.86.226.30 - - [01/Mar/2022:09:14:53 +0800] "POST /xingrg/kc/base/check_list_operate.html HTTP/1.1" 200 3661
124.79.244.81 - - [01/Mar/2022:09:14:54 +0800] "GET /xingrg/all/function/internal_message.html?_=1646097447550&CODE_STATE=getMsg HTTP/1.1" 200 27
58.39.168.32 - - [01/Mar/2022:09:14:55 +0800] "GET /xingrg/kc/buy/cgsh_order_operate.html?command=get_materiel&rest_code=00105&code=00101008355&supplier_code=00100203&order_time=2022-03-01 HTTP/1.1" 200 427
180.169.147.146 - - [01/Mar/2022:09:14:56 +0800] "GET /xingrg/all/function/internal_message.html?_=1646097298096&CODE_STATE=getMsg HTTP/1.1" 200 27
180.169.147.146 - - [01/Mar/2022:09:14:56 +0800] "GET /xingrg/check_reg.html?_=1646097298097 HTTP/1.1" 200 22
114.86.226.30 - - [01/Mar/2022:09:14:57 +0800] "GET /xingrg/all/function/internal_message.html?_=1646097295707&CODE_STATE=getMsg HTTP/1.1" 200 27
124.78.159.88 - - [01/Mar/2022:09:14:57 +0800] "GET /xingrg/kc/mdqp/qp_main.html HTTP/1.1" 200 10633
124.79.79.90 - - [01/Mar/2022:09:14:57 +0800] "GET /xingrg/check_reg.html?_=1646097296306 HTTP/1.1" 302 -
124.79.244.81 - - [01/Mar/2022:09:14:59 +0800] "GET /xingrg/kc/base/check_order_list.html HTTP/1.1" 200 16144
124.79.244.81 - - [01/Mar/2022:09:15:00 +0800] "POST /xingrg/kc/base/check_list_operate.html HTTP/1.1" 200 4802
114.88.156.203 - - [01/Mar/2022:09:15:00 +0800] "GET /xingrg/all/function/internal_message.html?_=1646097081040&CODE_STATE=getMsg HTTP/1.1" 200 27
180.152.99.39 - - [01/Mar/2022:09:15:01 +0800] "GET /xingrg/all/function/internal_message.html?_=1646097202715&CODE_STATE=getMsg HTTP/1.1" 200 27
222.70.180.114 - - [01/Mar/2022:09:15:01 +0800] "POST /xingrg/kc/base/wldb_order_operate.html HTTP/1.1" 200 37
124.79.244.81 - - [01/Mar/2022:09:15:03 +0800] "GET /xingrg/kc/base/check_order_info.html?code=452022022800389 HTTP/1.1" 200 26557
124.79.244.81 - - [01/Mar/2022:09:15:03 +0800] "GET /xingrg/dwr/interface/AjaxComOrderService.js HTTP/1.1" 200 18264
124.79.244.81 - - [01/Mar/2022:09:15:03 +0800] "GET /xingrg/dwr/interface/AjaxCheckService.js HTTP/1.1" 200 14003
124.79.244.81 - - [01/Mar/2022:09:15:03 +0800] "GET /xingrg/dwr/engine.js HTTP/1.1" 200 43631
222.70.180.114 - - [01/Mar/2022:09:15:04 +0800] "GET /xingrg/kc/base/wldb_order_info.html?code=422022030100016 HTTP/1.1" 200 30248
222.70.180.114 - - [01/Mar/2022:09:15:04 +0800] "GET /xingrg/javascript/easyui/themes/default/validatebox.css HTTP/1.1" 404 1104
180.152.99.39 - - [01/Mar/2022:09:15:04 +0800] "GET /xingrg/kc/base/wldb_order_add.html HTTP/1.1" 200 30247
114.86.226.30 - - [01/Mar/2022:09:15:05 +0800] "POST /xingrg/kc/base/check_list_operate.html HTTP/1.1" 200 4
180.152.99.39 - - [01/Mar/2022:09:15:05 +0800] "POST /xingrg/kc/base/wldb_order_operate.html HTTP/1.1" 200 6806
124.79.244.81 - - [01/Mar/2022:09:15:05 +0800] "POST /xingrg/dwr/call/plaincall/AjaxCheckService.loadOrderItems.dwr HTTP/1.1" 200 72267
180.152.99.39 - - [01/Mar/2022:09:15:06 +0800] "GET /xingrg/javascript/easyui/themes/default/validatebox.css HTTP/1.1" 404 1104
222.70.180.114 - - [01/Mar/2022:09:15:06 +0800] "POST /xingrg/kc/base/wldb_order_operate.html HTTP/1.1" 200 6006
222.70.180.114 - - [01/Mar/2022:09:15:06 +0800] "POST /xingrg/kc/base/wldb_order_operate.html HTTP/1.1" 200 6006
124.79.79.90 - - [01/Mar/2022:09:15:06 +0800] "GET /xingrg/all/function/internal_message.html?_=1646097305233&CODE_STATE=getMsg HTTP/1.1" 302 -
114.86.226.30 - - [01/Mar/2022:09:15:06 +0800] "POST /xingrg/kc/base/check_list_operate.html HTTP/1.1" 200 3318
180.152.99.39 - - [01/Mar/2022:09:15:07 +0800] "POST /xingrg/all/common/load_combo.html?type=base HTTP/1.1" 200 3051
124.78.159.88 - - [01/Mar/2022:09:15:08 +0800] "GET /xingrg/images/yd/bt.gif HTTP/1.1" 404 1040
58.39.168.32 - - [01/Mar/2022:09:15:09 +0800] "GET /xingrg/all/function/internal_message.html?_=1646097246870&CODE_STATE=getMsg HTTP/1.1" 200 27
124.78.159.88 - - [01/Mar/2022:09:15:10 +0800] "GET /xingrg/kc/base/base_main.html HTTP/1.1" 200 12142
114.86.226.30 - - [01/Mar/2022:09:15:10 +0800] "GET /xingrg/logout.do HTTP/1.1" 302 -
114.86.226.30 - - [01/Mar/2022:09:15:10 +0800] "GET /xingrg/login.html?sysBaseUrl=http%3A%2F%2F180.169.147.146%3A18081%2Fxingrg%2F&costTime=70×tamp=1646097310914 HTTP/1.1" 200 7641
120.253.135.82 - - [01/Mar/2022:09:15:11 +0800] "GET /xingrg/all/function/internal_message.html?_=1646097106762&CODE_STATE=getMsg HTTP/1.1" 200 27
101.83.241.229 - - [01/Mar/2022:09:15:12 +0800] "GET /xingrg/all/function/internal_message.html?_=1646097309667&CODE_STATE=getMsg HTTP/1.1" 200 27
124.78.159.88 - - [01/Mar/2022:09:15:12 +0800] "GET /xingrg/kc/base/check_order_list.html HTTP/1.1" 200 16138
124.78.159.88 - - [01/Mar/2022:09:15:13 +0800] "POST /xingrg/kc/base/check_list_operate.html HTTP/1.1" 200 781
180.157.251.97 - - [01/Mar/2022:09:15:14 +0800] "GET /xingrg/all/function/internal_message.html?_=1646097313296&CODE_STATE=getMsg HTTP/1.1" 200 27
58.39.168.32 - - [01/Mar/2022:09:15:15 +0800] "GET /xingrg/kc/buy/cgsh_order_operate.html?command=get_materiel&rest_code=00105&code=00101008264&supplier_code=00100203&order_time=2022-03-01 HTTP/1.1" 200 432
114.86.226.30 - - [01/Mar/2022:09:15:15 +0800] "POST /xingrg/login.do HTTP/1.1" 200 2421
114.86.226.30 - - [01/Mar/2022:09:15:15 +0800] "GET /xingrg/images/blue/pic_top.gif HTTP/1.1" 200 3656
114.86.226.30 - - [01/Mar/2022:09:15:15 +0800] "GET /xingrg/images/blue/pic_notice.jpg HTTP/1.1" 200 3583
114.86.226.30 - - [01/Mar/2022:09:15:15 +0800] "GET /xingrg/images/blue/error_buttom.gif HTTP/1.1" 200 1750
