116.224.122.7 - - [01/Mar/2022:08:19:30 +0800] "GET /xingrg/kc/base/wldb_order_operate.html?command=get_materiel&rest_code=00102&base_code=0010484&code=00101010111 HTTP/1.1" 200 437
120.253.135.82 - - [01/Mar/2022:08:19:33 +0800] "GET /xingrg/kc/pszx/mdps_order_operate.html?command=get_materiel&pszx_code=00101&rest_code=00148&base_code=0010246&code=00101013263 HTTP/1.1" 200 420
180.152.99.39 - - [01/Mar/2022:08:19:36 +0800] "GET /xingrg/all/function/internal_message.html?_=1646093877375&CODE_STATE=getMsg HTTP/1.1" 302 -
116.224.122.7 - - [01/Mar/2022:08:19:36 +0800] "GET /xingrg/kc/base/wldb_order_operate.html?command=get_materiel&rest_code=00102&base_code=0010484&code=00101010143 HTTP/1.1" 200 433
58.40.7.146 - - [01/Mar/2022:08:19:39 +0800] "GET /xingrg/all/function/internal_message.html?_=1646093994563&CODE_STATE=getMsg HTTP/1.1" 200 27
116.224.122.7 - - [01/Mar/2022:08:19:43 +0800] "GET /xingrg/kc/base/wldb_order_operate.html?command=get_materiel&rest_code=00102&base_code=0010484&code=00101010163 HTTP/1.1" 200 428
222.70.243.96 - - [01/Mar/2022:08:19:46 +0800] "GET /xingrg/all/function/internal_message.html?_=1646093990046&CODE_STATE=getMsg HTTP/1.1" 200 27
116.224.122.7 - - [01/Mar/2022:08:19:50 +0800] "GET /xingrg/kc/base/wldb_order_operate.html?command=get_materiel&rest_code=00102&base_code=0010484&code=00101010267 HTTP/1.1" 200 433
124.78.159.88 - - [01/Mar/2022:08:19:51 +0800] "GET /xingrg/all/function/internal_message.html?_=1646093990320&CODE_STATE=getMsg HTTP/1.1" 302 -
116.224.122.7 - - [01/Mar/2022:08:19:55 +0800] "GET /xingrg/all/function/internal_message.html?_=1646094032689&CODE_STATE=getMsg HTTP/1.1" 200 27
180.169.147.146 - - [01/Mar/2022:08:19:56 +0800] "GET /xingrg/all/function/internal_message.html?_=1646093998078&CODE_STATE=getMsg HTTP/1.1" 200 27
180.169.147.146 - - [01/Mar/2022:08:19:56 +0800] "GET /xingrg/check_reg.html?_=1646093998080 HTTP/1.1" 200 22
124.79.79.90 - - [01/Mar/2022:08:19:57 +0800] "GET /xingrg/check_reg.html?_=1646093996125 HTTP/1.1" 302 -
116.224.122.7 - - [01/Mar/2022:08:19:58 +0800] "GET /xingrg/kc/base/wldb_order_operate.html?command=get_materiel&rest_code=00102&base_code=0010484&code=00101010548 HTTP/1.1" 200 423
120.253.135.82 - - [01/Mar/2022:08:19:59 +0800] "GET /xingrg/kc/pszx/mdps_order_operate.html?command=get_materiel&pszx_code=00101&rest_code=00148&base_code=0010246&code=00101013264 HTTP/1.1" 200 420
114.88.156.203 - - [01/Mar/2022:08:20:00 +0800] "GET /xingrg/all/function/internal_message.html?_=1646093780912&CODE_STATE=getMsg HTTP/1.1" 200 27
116.224.122.7 - - [01/Mar/2022:08:20:00 +0800] "POST /xingrg/kc/base/wldb_order_operate.html HTTP/1.1" 200 1710
124.79.79.90 - - [01/Mar/2022:08:20:05 +0800] "GET /xingrg/all/function/internal_message.html?_=1646094004520&CODE_STATE=getMsg HTTP/1.1" 302 -
116.224.122.7 - - [01/Mar/2022:08:20:08 +0800] "GET /xingrg/kc/base/wldb_order_operate.html?command=get_materiel&rest_code=00102&base_code=0010484&code=00101010550 HTTP/1.1" 200 419
120.253.135.82 - - [01/Mar/2022:08:20:08 +0800] "GET /xingrg/all/function/internal_message.html?_=1646093804674&CODE_STATE=getMsg HTTP/1.1" 200 27
116.224.122.7 - - [01/Mar/2022:08:20:19 +0800] "GET /xingrg/kc/base/wldb_order_operate.html?command=get_materiel&rest_code=00102&base_code=0010484&code=00101010567 HTTP/1.1" 200 420
116.224.122.7 - - [01/Mar/2022:08:20:26 +0800] "GET /xingrg/kc/base/wldb_order_operate.html?command=get_materiel&rest_code=00102&base_code=0010484&code=00101010584 HTTP/1.1" 200 419
120.253.135.82 - - [01/Mar/2022:08:20:27 +0800] "GET /xingrg/kc/pszx/mdps_order_operate.html?command=get_materiel&pszx_code=00101&rest_code=00148&base_code=0010246&code=00101013265 HTTP/1.1" 200 420
222.64.144.101 - - [01/Mar/2022:08:20:29 +0800] "GET /xingrg/all/function/internal_message.html?_=1646094039889&CODE_STATE=getMsg HTTP/1.1" 302 -
124.79.79.90 - - [01/Mar/2022:08:20:29 +0800] "GET /xingrg/all/function/internal_message.html?_=1646094027179&CODE_STATE=getMsg HTTP/1.1" 200 27
180.152.99.39 - - [01/Mar/2022:08:20:36 +0800] "GET /xingrg/all/function/internal_message.html?_=1646093937478&CODE_STATE=getMsg HTTP/1.1" 302 -
58.40.7.146 - - [01/Mar/2022:08:20:39 +0800] "GET /xingrg/all/function/internal_message.html?_=1646094054564&CODE_STATE=getMsg HTTP/1.1" 200 27
222.70.243.96 - - [01/Mar/2022:08:20:40 +0800] "GET /xingrg/check_reg.html?_=1646094044733 HTTP/1.1" 200 22
124.79.79.90 - - [01/Mar/2022:08:20:41 +0800] "GET /xingrg/check_reg.html?_=1646094038384 HTTP/1.1" 200 22
116.224.122.7 - - [01/Mar/2022:08:20:43 +0800] "GET /xingrg/kc/base/wldb_order_operate.html?command=get_materiel&rest_code=00102&base_code=0010484&code=00101010628 HTTP/1.1" 200 433
222.70.243.96 - - [01/Mar/2022:08:20:46 +0800] "GET /xingrg/all/function/internal_message.html?_=1646094050051&CODE_STATE=getMsg HTTP/1.1" 200 27
124.78.159.88 - - [01/Mar/2022:08:20:51 +0800] "GET /xingrg/all/function/internal_message.html?_=1646094050302&CODE_STATE=getMsg HTTP/1.1" 302 -
116.224.122.7 - - [01/Mar/2022:08:20:55 +0800] "GET /xingrg/all/function/internal_message.html?_=1646094092703&CODE_STATE=getMsg HTTP/1.1" 200 27
116.224.122.7 - - [01/Mar/2022:08:20:55 +0800] "GET /xingrg/kc/base/wldb_order_operate.html?command=get_materiel&rest_code=00102&base_code=0010484&code=00101010670 HTTP/1.1" 200 416
180.169.147.146 - - [01/Mar/2022:08:20:56 +0800] "GET /xingrg/all/function/internal_message.html?_=1646094058077&CODE_STATE=getMsg HTTP/1.1" 200 27
116.224.122.7 - - [01/Mar/2022:08:20:58 +0800] "POST /xingrg/kc/base/wldb_order_operate.html HTTP/1.1" 200 1710
114.88.156.203 - - [01/Mar/2022:08:21:00 +0800] "GET /xingrg/all/function/internal_message.html?_=1646093840920&CODE_STATE=getMsg HTTP/1.1" 200 27
116.224.122.7 - - [01/Mar/2022:08:21:02 +0800] "GET /xingrg/kc/base/wldb_order_operate.html?command=get_materiel&rest_code=00102&base_code=0010484&code=00101010792 HTTP/1.1" 200 416
120.253.135.82 - - [01/Mar/2022:08:21:04 +0800] "POST /xingrg/kc/pszx/mdps_order_operate.html HTTP/1.1" 200 37
124.79.79.90 - - [01/Mar/2022:08:21:05 +0800] "GET /xingrg/all/function/internal_message.html?_=1646094064525&CODE_STATE=getMsg HTTP/1.1" 302 -
120.253.135.82 - - [01/Mar/2022:08:21:06 +0800] "GET /xingrg/kc/pszx/mdps_order_info.html?code=312022030100029 HTTP/1.1" 200 23931
120.253.135.82 - - [01/Mar/2022:08:21:07 +0800] "GET /xingrg/javascript/easyui/themes/default/validatebox.css HTTP/1.1" 404 1104
120.253.135.82 - - [01/Mar/2022:08:21:07 +0800] "POST /xingrg/kc/pszx/mdps_order_operate.html HTTP/1.1" 200 3248
120.253.135.82 - - [01/Mar/2022:08:21:08 +0800] "GET /xingrg/all/function/internal_message.html?_=1646093864687&CODE_STATE=getMsg HTTP/1.1" 200 27
222.64.144.101 - - [01/Mar/2022:08:21:15 +0800] "GET /xingrg/check_reg.html?_=1646094086225 HTTP/1.1" 302 -
120.253.135.82 - - [01/Mar/2022:08:21:17 +0800] "POST /xingrg/kc/pszx/mdps_order_operate.html HTTP/1.1" 200 37
120.253.135.82 - - [01/Mar/2022:08:21:19 +0800] "GET /xingrg/kc/pszx/mdps_order_info.html?code=312022030100029 HTTP/1.1" 200 23931
120.253.135.82 - - [01/Mar/2022:08:21:20 +0800] "GET /xingrg/javascript/easyui/themes/default/validatebox.css HTTP/1.1" 404 1104
120.253.135.82 - - [01/Mar/2022:08:21:20 +0800] "POST /xingrg/kc/pszx/mdps_order_operate.html HTTP/1.1" 200 3248
116.224.122.7 - - [01/Mar/2022:08:21:20 +0800] "GET /xingrg/kc/base/wldb_order_operate.html?command=get_materiel&rest_code=00102&base_code=0010484&code=00101007144 HTTP/1.1" 200 449
120.253.135.82 - - [01/Mar/2022:08:21:21 +0800] "POST /xingrg/kc/pszx/mdps_list_operate.html HTTP/1.1" 200 5365
222.64.144.101 - - [01/Mar/2022:08:21:29 +0800] "GET /xingrg/all/function/internal_message.html?_=1646094099863&CODE_STATE=getMsg HTTP/1.1" 302 -
124.79.79.90 - - [01/Mar/2022:08:21:29 +0800] "GET /xingrg/all/function/internal_message.html?_=1646094087154&CODE_STATE=getMsg HTTP/1.1" 200 27
116.224.122.7 - - [01/Mar/2022:08:21:31 +0800] "GET /xingrg/kc/base/wldb_order_operate.html?command=get_materiel&rest_code=00102&base_code=0010484&code=00101012026 HTTP/1.1" 200 430
120.253.135.82 - - [01/Mar/2022:08:21:34 +0800] "POST /xingrg/kc/pszx/mdps_list_operate.html HTTP/1.1" 200 2061
120.253.135.82 - - [01/Mar/2022:08:21:36 +0800] "POST /xingrg/kc/pszx/mdps_list_operate.html HTTP/1.1" 200 282
180.152.99.39 - - [01/Mar/2022:08:21:36 +0800] "GET /xingrg/all/function/internal_message.html?_=1646093997480&CODE_STATE=getMsg HTTP/1.1" 302 -
58.40.7.146 - - [01/Mar/2022:08:21:39 +0800] "GET /xingrg/all/function/internal_message.html?_=1646094114567&CODE_STATE=getMsg HTTP/1.1" 200 27
58.40.7.146 - - [01/Mar/2022:08:21:39 +0800] "GET /xingrg/check_reg.html?_=1646094114569 HTTP/1.1" 200 22
116.224.122.7 - - [01/Mar/2022:08:21:42 +0800] "GET /xingrg/kc/base/wldb_order_operate.html?command=get_materiel&rest_code=00102&base_code=0010484&code=00101012049 HTTP/1.1" 200 451
222.70.243.96 - - [01/Mar/2022:08:21:46 +0800] "GET /xingrg/all/function/internal_message.html?_=1646094110064&CODE_STATE=getMsg HTTP/1.1" 200 27
116.224.122.7 - - [01/Mar/2022:08:21:50 +0800] "GET /xingrg/kc/base/wldb_order_operate.html?command=get_materiel&rest_code=00102&base_code=0010484&code=00101012064 HTTP/1.1" 200 445
124.78.159.88 - - [01/Mar/2022:08:21:51 +0800] "GET /xingrg/all/function/internal_message.html?_=1646094110288&CODE_STATE=getMsg HTTP/1.1" 302 -
116.224.122.7 - - [01/Mar/2022:08:21:53 +0800] "POST /xingrg/kc/base/wldb_order_operate.html HTTP/1.1" 200 1710
120.253.135.82 - - [01/Mar/2022:08:21:54 +0800] "POST /xingrg/kc/pszx/mdps_list_operate.html HTTP/1.1" 200 2063
116.224.122.7 - - [01/Mar/2022:08:21:55 +0800] "GET /xingrg/check_reg.html?_=1646094152660 HTTP/1.1" 200 22
116.224.122.7 - - [01/Mar/2022:08:21:55 +0800] "GET /xingrg/all/function/internal_message.html?_=1646094152718&CODE_STATE=getMsg HTTP/1.1" 200 27
120.253.135.82 - - [01/Mar/2022:08:21:56 +0800] "POST /xingrg/kc/pszx/mdps_list_operate.html HTTP/1.1" 200 362
180.169.147.146 - - [01/Mar/2022:08:21:56 +0800] "GET /xingrg/all/function/internal_message.html?_=1646094118076&CODE_STATE=getMsg HTTP/1.1" 200 27
114.88.156.203 - - [01/Mar/2022:08:22:00 +0800] "GET /xingrg/all/function/internal_message.html?_=1646093900923&CODE_STATE=getMsg HTTP/1.1" 200 27
114.88.156.203 - - [01/Mar/2022:08:22:00 +0800] "GET /xingrg/check_reg.html?_=1646093900925 HTTP/1.1" 200 22
116.224.122.7 - - [01/Mar/2022:08:22:00 +0800] "GET /xingrg/kc/base/wldb_order_operate.html?command=get_materiel&rest_code=00102&base_code=0010484&code=00101012074 HTTP/1.1" 200 436
124.79.79.90 - - [01/Mar/2022:08:22:05 +0800] "GET /xingrg/all/function/internal_message.html?_=1646094124538&CODE_STATE=getMsg HTTP/1.1" 302 -
120.253.135.82 - - [01/Mar/2022:08:22:06 +0800] "GET /xingrg/kc/pszx/mdps_order_info.html?code=312022030100029 HTTP/1.1" 200 23931
120.253.135.82 - - [01/Mar/2022:08:22:06 +0800] "GET /xingrg/javascript/easyui/themes/default/validatebox.css HTTP/1.1" 404 1104
120.253.135.82 - - [01/Mar/2022:08:22:07 +0800] "POST /xingrg/kc/pszx/mdps_order_operate.html HTTP/1.1" 200 3248
120.253.135.82 - - [01/Mar/2022:08:22:09 +0800] "GET /xingrg/all/function/internal_message.html?_=1646093924701&CODE_STATE=getMsg HTTP/1.1" 200 27
116.224.122.7 - - [01/Mar/2022:08:22:13 +0800] "GET /xingrg/kc/base/wldb_order_operate.html?command=get_materiel&rest_code=00102&base_code=0010484&code=00101012086 HTTP/1.1" 200 425
116.224.122.7 - - [01/Mar/2022:08:22:28 +0800] "GET /xingrg/kc/base/wldb_order_operate.html?command=get_materiel&rest_code=00102&base_code=0010484&code=00101012114 HTTP/1.1" 200 423
222.64.144.101 - - [01/Mar/2022:08:22:29 +0800] "GET /xingrg/all/function/internal_message.html?_=1646094159832&CODE_STATE=getMsg HTTP/1.1" 302 -
124.79.79.90 - - [01/Mar/2022:08:22:29 +0800] "GET /xingrg/all/function/internal_message.html?_=1646094147127&CODE_STATE=getMsg HTTP/1.1" 200 27
180.152.99.39 - - [01/Mar/2022:08:22:36 +0800] "GET /xingrg/all/function/internal_message.html?_=1646094057578&CODE_STATE=getMsg HTTP/1.1" 302 -
116.224.122.7 - - [01/Mar/2022:08:22:37 +0800] "GET /xingrg/kc/base/wldb_order_operate.html?command=get_materiel&rest_code=00102&base_code=0010484&code=00101013257 HTTP/1.1" 200 429
58.40.7.146 - - [01/Mar/2022:08:22:39 +0800] "GET /xingrg/all/function/internal_message.html?_=1646094174570&CODE_STATE=getMsg HTTP/1.1" 200 27
116.224.122.7 - - [01/Mar/2022:08:22:44 +0800] "GET /xingrg/kc/base/wldb_order_operate.html?command=get_materiel&rest_code=00102&base_code=0010484&code=00101013297 HTTP/1.1" 200 424
222.70.243.96 - - [01/Mar/2022:08:22:46 +0800] "GET /xingrg/all/function/internal_message.html?_=1646094170087&CODE_STATE=getMsg HTTP/1.1" 200 27
116.224.122.7 - - [01/Mar/2022:08:22:46 +0800] "POST /xingrg/kc/base/wldb_order_operate.html HTTP/1.1" 200 1710
120.253.135.82 - - [01/Mar/2022:08:22:50 +0800] "POST /xingrg/kc/pszx/mdps_order_operate.html HTTP/1.1" 200 37
124.78.159.88 - - [01/Mar/2022:08:22:51 +0800] "GET /xingrg/all/function/internal_message.html?_=1646094170270&CODE_STATE=getMsg HTTP/1.1" 302 -
116.224.122.7 - - [01/Mar/2022:08:22:52 +0800] "GET /xingrg/kc/base/wldb_order_operate.html?command=get_materiel&rest_code=00102&base_code=0010484&code=00101016028 HTTP/1.1" 200 432
116.224.122.7 - - [01/Mar/2022:08:22:55 +0800] "GET /xingrg/all/function/internal_message.html?_=1646094212729&CODE_STATE=getMsg HTTP/1.1" 200 27
180.169.147.146 - - [01/Mar/2022:08:22:56 +0800] "GET /xingrg/all/function/internal_message.html?_=1646094178075&CODE_STATE=getMsg HTTP/1.1" 200 27
120.253.135.82 - - [01/Mar/2022:08:22:57 +0800] "GET /xingrg/kc/pszx/mdps_order_info.html?code=312022030100029 HTTP/1.1" 200 23931
120.253.135.82 - - [01/Mar/2022:08:22:58 +0800] "GET /xingrg/javascript/easyui/themes/default/validatebox.css HTTP/1.1" 404 1104
120.253.135.82 - - [01/Mar/2022:08:22:58 +0800] "POST /xingrg/kc/pszx/mdps_order_operate.html HTTP/1.1" 200 3249
114.88.156.203 - - [01/Mar/2022:08:23:00 +0800] "GET /xingrg/all/function/internal_message.html?_=1646093960919&CODE_STATE=getMsg HTTP/1.1" 200 27
116.224.122.7 - - [01/Mar/2022:08:23:00 +0800] "GET /xingrg/kc/base/wldb_order_operate.html?command=get_materiel&rest_code=00102&base_code=0010484&code=00101016060 HTTP/1.1" 200 466
124.79.79.90 - - [01/Mar/2022:08:23:05 +0800] "GET /xingrg/all/function/internal_message.html?_=1646094184555&CODE_STATE=getMsg HTTP/1.1" 302 -
124.78.159.88 - - [01/Mar/2022:08:23:06 +0800] "GET /xingrg/check_reg.html?_=1646094185154 HTTP/1.1" 302 -
120.253.135.82 - - [01/Mar/2022:08:23:09 +0800] "GET /xingrg/all/function/internal_message.html?_=1646093984714&CODE_STATE=getMsg HTTP/1.1" 200 27
222.64.144.101 - - [01/Mar/2022:08:23:29 +0800] "GET /xingrg/all/function/internal_message.html?_=1646094219818&CODE_STATE=getMsg HTTP/1.1" 302 -
124.79.79.90 - - [01/Mar/2022:08:23:29 +0800] "GET /xingrg/all/function/internal_message.html?_=1646094207097&CODE_STATE=getMsg HTTP/1.1" 200 27
180.152.99.39 - - [01/Mar/2022:08:23:36 +0800] "GET /xingrg/all/function/internal_message.html?_=1646094117587&CODE_STATE=getMsg HTTP/1.1" 302 -
120.253.135.82 - - [01/Mar/2022:08:23:37 +0800] "POST /xingrg/kc/pszx/mdps_order_operate.html HTTP/1.1" 200 37
58.40.7.146 - - [01/Mar/2022:08:23:39 +0800] "GET /xingrg/all/function/internal_message.html?_=1646094234572&CODE_STATE=getMsg HTTP/1.1" 200 27
120.253.135.82 - - [01/Mar/2022:08:23:39 +0800] "GET /xingrg/kc/pszx/mdps_order_info.html?code=312022030100029 HTTP/1.1" 200 23931
120.253.135.82 - - [01/Mar/2022:08:23:39 +0800] "GET /xingrg/javascript/easyui/themes/default/validatebox.css HTTP/1.1" 404 1104
120.253.135.82 - - [01/Mar/2022:08:23:40 +0800] "POST /xingrg/kc/pszx/mdps_order_operate.html HTTP/1.1" 200 3250
222.70.243.96 - - [01/Mar/2022:08:23:46 +0800] "GET /xingrg/all/function/internal_message.html?_=1646094230091&CODE_STATE=getMsg HTTP/1.1" 200 27
120.253.135.82 - - [01/Mar/2022:08:23:48 +0800] "POST /xingrg/kc/pszx/mdps_order_operate.html HTTP/1.1" 200 37
120.253.135.82 - - [01/Mar/2022:08:23:50 +0800] "GET /xingrg/kc/pszx/mdps_order_info.html?code=312022030100029 HTTP/1.1" 200 23931
120.253.135.82 - - [01/Mar/2022:08:23:50 +0800] "GET /xingrg/javascript/easyui/themes/default/validatebox.css HTTP/1.1" 404 1104
124.78.159.88 - - [01/Mar/2022:08:23:51 +0800] "GET /xingrg/all/function/internal_message.html?_=1646094230255&CODE_STATE=getMsg HTTP/1.1" 302 -
120.253.135.82 - - [01/Mar/2022:08:23:51 +0800] "POST /xingrg/kc/pszx/mdps_order_operate.html HTTP/1.1" 200 3250
116.224.122.7 - - [01/Mar/2022:08:23:55 +0800] "GET /xingrg/all/function/internal_message.html?_=1646094273015&CODE_STATE=getMsg HTTP/1.1" 200 27
120.253.135.82 - - [01/Mar/2022:08:23:55 +0800] "POST /xingrg/kc/pszx/mdps_order_operate.html HTTP/1.1" 200 37
180.169.147.146 - - [01/Mar/2022:08:23:56 +0800] "GET /xingrg/all/function/internal_message.html?_=1646094238073&CODE_STATE=getMsg HTTP/1.1" 200 27
120.253.135.82 - - [01/Mar/2022:08:23:57 +0800] "GET /xingrg/kc/pszx/mdps_order_info.html?code=312022030100029 HTTP/1.1" 200 23931
120.253.135.82 - - [01/Mar/2022:08:23:58 +0800] "GET /xingrg/javascript/easyui/themes/default/validatebox.css HTTP/1.1" 404 1104
120.253.135.82 - - [01/Mar/2022:08:23:58 +0800] "POST /xingrg/kc/pszx/mdps_order_operate.html HTTP/1.1" 200 3250
120.253.135.82 - - [01/Mar/2022:08:23:59 +0800] "POST /xingrg/kc/pszx/mdps_list_operate.html HTTP/1.1" 200 2062
114.88.156.203 - - [01/Mar/2022:08:24:00 +0800] "GET /xingrg/all/function/internal_message.html?_=1646094020921&CODE_STATE=getMsg HTTP/1.1" 200 27
120.253.135.82 - - [01/Mar/2022:08:24:02 +0800] "POST /xingrg/kc/pszx/mdps_list_operate.html HTTP/1.1" 200 361
180.152.99.39 - - [01/Mar/2022:08:24:03 +0800] "GET /xingrg/check_reg.html?_=1646094144127 HTTP/1.1" 302 -
124.79.79.90 - - [01/Mar/2022:08:24:05 +0800] "GET /xingrg/all/function/internal_message.html?_=1646094244569&CODE_STATE=getMsg HTTP/1.1" 302 -
120.253.135.82 - - [01/Mar/2022:08:24:08 +0800] "GET /xingrg/check_reg.html?_=1646094044602 HTTP/1.1" 200 22
120.253.135.82 - - [01/Mar/2022:08:24:09 +0800] "GET /xingrg/all/function/internal_message.html?_=1646094044728&CODE_STATE=getMsg HTTP/1.1" 200 27
58.39.168.32 - - [01/Mar/2022:08:24:09 +0800] "POST /xingrg/services/DataTransmitService HTTP/1.1" 200 524
116.224.122.7 - - [01/Mar/2022:08:24:13 +0800] "POST /xingrg/kc/base/wldb_order_operate.html HTTP/1.1" 200 37
116.224.122.7 - - [01/Mar/2022:08:24:14 +0800] "POST /xingrg/kc/base/wldb_order_operate.html HTTP/1.1" 200 27480
116.224.122.7 - - [01/Mar/2022:08:24:14 +0800] "GET /xingrg/kc/base/wldb_order_info.html?code=422022030100006 HTTP/1.1" 200 30245
116.224.122.7 - - [01/Mar/2022:08:24:16 +0800] "GET /xingrg/javascript/easyui/themes/default/validatebox.css HTTP/1.1" 404 1104
116.224.122.7 - - [01/Mar/2022:08:24:16 +0800] "POST /xingrg/kc/base/wldb_order_operate.html HTTP/1.1" 200 27480
120.253.135.82 - - [01/Mar/2022:08:24:17 +0800] "POST /xingrg/kc/pszx/mdps_list_operate.html HTTP/1.1" 200 2061
120.253.135.82 - - [01/Mar/2022:08:24:18 +0800] "POST /xingrg/kc/pszx/mdps_list_operate.html HTTP/1.1" 200 198
120.253.135.82 - - [01/Mar/2022:08:24:20 +0800] "POST /xingrg/kc/pszx/mdps_list_operate.html HTTP/1.1" 200 282
116.224.122.7 - - [01/Mar/2022:08:24:29 +0800] "GET /xingrg/kc/base/wldb_order_operate.html?command=get_materiel&rest_code=00102&base_code=0010484&code=00101018006 HTTP/1.1" 200 444
222.64.144.101 - - [01/Mar/2022:08:24:29 +0800] "GET /xingrg/all/function/internal_message.html?_=1646094279797&CODE_STATE=getMsg HTTP/1.1" 302 -
124.79.79.90 - - [01/Mar/2022:08:24:29 +0800] "GET /xingrg/all/function/internal_message.html?_=1646094267083&CODE_STATE=getMsg HTTP/1.1" 200 27
120.253.135.82 - - [01/Mar/2022:08:24:32 +0800] "POST /xingrg/kc/pszx/mdps_list_operate.html HTTP/1.1" 200 2062
120.253.135.82 - - [01/Mar/2022:08:24:34 +0800] "POST /xingrg/kc/pszx/mdps_list_operate.html HTTP/1.1" 200 361
180.152.99.39 - - [01/Mar/2022:08:24:36 +0800] "GET /xingrg/all/function/internal_message.html?_=1646094177692&CODE_STATE=getMsg HTTP/1.1" 302 -
58.40.7.146 - - [01/Mar/2022:08:24:39 +0800] "GET /xingrg/all/function/internal_message.html?_=1646094294573&CODE_STATE=getMsg HTTP/1.1" 200 27
120.253.135.82 - - [01/Mar/2022:08:24:40 +0800] "GET /xingrg/javascript/easyui/plugins/jquery.draggable.js HTTP/1.1" 304 -
120.253.135.82 - - [01/Mar/2022:08:24:40 +0800] "GET /xingrg/javascript/easyui/plugins/jquery.droppable.js HTTP/1.1" 304 -
120.253.135.82 - - [01/Mar/2022:08:24:40 +0800] "GET /xingrg/javascript/easyui/themes/default/tree.css HTTP/1.1" 404 1090
120.253.135.82 - - [01/Mar/2022:08:24:40 +0800] "GET /xingrg/javascript/easyui/plugins/jquery.tree.js HTTP/1.1" 304 -
120.253.135.82 - - [01/Mar/2022:08:24:40 +0800] "POST /xingrg/all/common/load_tree.html?tree=area_rest_tree_json HTTP/1.1" 200 3472
120.253.135.82 - - [01/Mar/2022:08:24:40 +0800] "GET /xingrg/javascript/easyui/themes/default/images/tree_arrows.gif HTTP/1.1" 200 617
120.253.135.82 - - [01/Mar/2022:08:24:40 +0800] "GET /xingrg/javascript/easyui/themes/default/images/tree_checkbox_2.gif HTTP/1.1" 200 181
120.253.135.82 - - [01/Mar/2022:08:24:40 +0800] "GET /xingrg/javascript/easyui/themes/default/images/tree_checkbox_0.gif HTTP/1.1" 200 168
120.253.135.82 - - [01/Mar/2022:08:24:40 +0800] "GET /xingrg/javascript/easyui/themes/default/images/tree_checkbox_1.gif HTTP/1.1" 200 174
120.253.135.82 - - [01/Mar/2022:08:24:40 +0800] "GET /xingrg/javascript/easyui/themes/default/images/tree_folder_open.gif HTTP/1.1" 200 956
120.253.135.82 - - [01/Mar/2022:08:24:41 +0800] "GET /xingrg/javascript/easyui/themes/icons/area.png HTTP/1.1" 200 262
120.253.135.82 - - [01/Mar/2022:08:24:41 +0800] "GET /xingrg/javascript/easyui/themes/icons/rest.png HTTP/1.1" 200 695
120.253.135.82 - - [01/Mar/2022:08:24:41 +0800] "GET /xingrg/javascript/easyui/themes/icons/manage.png HTTP/1.1" 200 696
116.224.122.7 - - [01/Mar/2022:08:24:42 +0800] "GET /xingrg/kc/base/wldb_order_operate.html?command=get_materiel&rest_code=00102&base_code=0010484&code=00101018012 HTTP/1.1" 200 463
222.70.243.96 - - [01/Mar/2022:08:24:46 +0800] "GET /xingrg/all/function/internal_message.html?_=1646094290115&CODE_STATE=getMsg HTTP/1.1" 200 27
116.224.122.7 - - [01/Mar/2022:08:24:49 +0800] "GET /xingrg/kc/base/wldb_order_operate.html?command=get_materiel&rest_code=00102&base_code=0010484&code=00101019079 HTTP/1.1" 200 465
124.78.159.88 - - [01/Mar/2022:08:24:51 +0800] "GET /xingrg/all/function/internal_message.html?_=1646094290239&CODE_STATE=getMsg HTTP/1.1" 302 -
120.253.135.82 - - [01/Mar/2022:08:24:53 +0800] "POST /xingrg/kc/pszx/mdps_list_operate.html HTTP/1.1" 200 2063
116.224.122.7 - - [01/Mar/2022:08:24:55 +0800] "GET /xingrg/all/function/internal_message.html?_=1646094333023&CODE_STATE=getMsg HTTP/1.1" 200 27
120.253.135.82 - - [01/Mar/2022:08:24:55 +0800] "POST /xingrg/kc/pszx/mdps_list_operate.html HTTP/1.1" 200 360
116.224.122.7 - - [01/Mar/2022:08:24:56 +0800] "GET /xingrg/kc/base/wldb_order_operate.html?command=get_materiel&rest_code=00102&base_code=0010484&code=00101019142 HTTP/1.1" 200 450
180.169.147.146 - - [01/Mar/2022:08:24:56 +0800] "GET /xingrg/all/function/internal_message.html?_=1646094298070&CODE_STATE=getMsg HTTP/1.1" 200 27
180.169.147.146 - - [01/Mar/2022:08:24:56 +0800] "GET /xingrg/check_reg.html?_=1646094298072 HTTP/1.1" 200 22
124.79.79.90 - - [01/Mar/2022:08:24:57 +0800] "GET /xingrg/check_reg.html?_=1646094296146 HTTP/1.1" 302 -
114.88.156.203 - - [01/Mar/2022:08:25:00 +0800] "GET /xingrg/all/function/internal_message.html?_=1646094080912&CODE_STATE=getMsg HTTP/1.1" 200 27
116.224.122.7 - - [01/Mar/2022:08:25:00 +0800] "POST /xingrg/kc/base/wldb_order_operate.html HTTP/1.1" 200 1710
124.79.79.90 - - [01/Mar/2022:08:25:05 +0800] "GET /xingrg/all/function/internal_message.html?_=1646094304570&CODE_STATE=getMsg HTTP/1.1" 302 -
120.253.135.82 - - [01/Mar/2022:08:25:09 +0800] "GET /xingrg/all/function/internal_message.html?_=1646094104818&CODE_STATE=getMsg HTTP/1.1" 200 27
116.224.122.7 - - [01/Mar/2022:08:25:12 +0800] "GET /xingrg/kc/base/wldb_order_operate.html?command=get_materiel&rest_code=00102&base_code=0010484&code=00101019150 HTTP/1.1" 200 453
120.253.135.82 - - [01/Mar/2022:08:25:14 +0800] "POST /xingrg/kc/pszx/mdps_list_operate.html HTTP/1.1" 200 3131
120.253.135.82 - - [01/Mar/2022:08:25:16 +0800] "POST /xingrg/kc/pszx/mdps_list_operate.html HTTP/1.1" 200 360
116.224.122.7 - - [01/Mar/2022:08:25:20 +0800] "GET /xingrg/kc/base/wldb_order_operate.html?command=get_materiel&rest_code=00102&base_code=0010484&code=00101019187 HTTP/1.1" 200 464
116.224.122.7 - - [01/Mar/2022:08:25:27 +0800] "GET /xingrg/kc/base/wldb_order_operate.html?command=get_materiel&rest_code=00102&base_code=0010484&code=00101019283 HTTP/1.1" 200 450
222.64.144.101 - - [01/Mar/2022:08:25:29 +0800] "GET /xingrg/all/function/internal_message.html?_=1646094339766&CODE_STATE=getMsg HTTP/1.1" 302 -
124.79.79.90 - - [01/Mar/2022:08:25:29 +0800] "GET /xingrg/all/function/internal_message.html?_=1646094327068&CODE_STATE=getMsg HTTP/1.1" 200 27
116.224.122.7 - - [01/Mar/2022:08:25:33 +0800] "GET /xingrg/kc/base/wldb_order_operate.html?command=get_materiel&rest_code=00102&base_code=0010484&code=00101019295 HTTP/1.1" 200 462
120.253.135.82 - - [01/Mar/2022:08:25:36 +0800] "POST /xingrg/kc/pszx/mdps_list_operate.html HTTP/1.1" 200 1690
180.152.99.39 - - [01/Mar/2022:08:25:36 +0800] "GET /xingrg/all/function/internal_message.html?_=1646094237707&CODE_STATE=getMsg HTTP/1.1" 302 -
58.40.7.146 - - [01/Mar/2022:08:25:39 +0800] "GET /xingrg/all/function/internal_message.html?_=1646094354575&CODE_STATE=getMsg HTTP/1.1" 200 27
120.253.135.82 - - [01/Mar/2022:08:25:39 +0800] "POST /xingrg/kc/pszx/mdps_list_operate.html HTTP/1.1" 200 282
222.70.243.96 - - [01/Mar/2022:08:25:40 +0800] "GET /xingrg/check_reg.html?_=1646094344737 HTTP/1.1" 200 22
124.79.79.90 - - [01/Mar/2022:08:25:41 +0800] "GET /xingrg/check_reg.html?_=1646094338383 HTTP/1.1" 200 22
116.224.122.7 - - [01/Mar/2022:08:25:45 +0800] "GET /xingrg/kc/base/wldb_order_operate.html?command=get_materiel&rest_code=00102&base_code=0010484&code=00101019306 HTTP/1.1" 200 462
222.70.243.96 - - [01/Mar/2022:08:25:46 +0800] "GET /xingrg/all/function/internal_message.html?_=1646094350120&CODE_STATE=getMsg HTTP/1.1" 200 27
124.78.159.88 - - [01/Mar/2022:08:25:51 +0800] "GET /xingrg/all/function/internal_message.html?_=1646094350222&CODE_STATE=getMsg HTTP/1.1" 302 -
120.253.135.82 - - [01/Mar/2022:08:25:51 +0800] "POST /xingrg/kc/pszx/mdps_list_operate.html HTTP/1.1" 200 3132
120.253.135.82 - - [01/Mar/2022:08:25:53 +0800] "POST /xingrg/kc/pszx/mdps_list_operate.html HTTP/1.1" 200 360
116.224.122.7 - - [01/Mar/2022:08:25:55 +0800] "GET /xingrg/all/function/internal_message.html?_=1646094393037&CODE_STATE=getMsg HTTP/1.1" 200 27
180.169.147.146 - - [01/Mar/2022:08:25:56 +0800] "GET /xingrg/all/function/internal_message.html?_=1646094358085&CODE_STATE=getMsg HTTP/1.1" 200 27
114.88.156.203 - - [01/Mar/2022:08:26:00 +0800] "GET /xingrg/all/function/internal_message.html?_=1646094140920&CODE_STATE=getMsg HTTP/1.1" 200 27
116.224.122.7 - - [01/Mar/2022:08:26:05 +0800] "POST /xingrg/kc/base/wldb_order_operate.html HTTP/1.1" 200 1710
124.79.79.90 - - [01/Mar/2022:08:26:05 +0800] "GET /xingrg/all/function/internal_message.html?_=1646094364596&CODE_STATE=getMsg HTTP/1.1" 302 -
120.253.135.82 - - [01/Mar/2022:08:26:08 +0800] "POST /xingrg/kc/pszx/mdps_list_operate.html HTTP/1.1" 200 2061
120.253.135.82 - - [01/Mar/2022:08:26:09 +0800] "GET /xingrg/all/function/internal_message.html?_=1646094164832&CODE_STATE=getMsg HTTP/1.1" 200 27
116.224.122.7 - - [01/Mar/2022:08:26:10 +0800] "GET /xingrg/kc/base/wldb_order_operate.html?command=get_materiel&rest_code=00102&base_code=0010484&code=00101019313 HTTP/1.1" 200 442
120.253.135.82 - - [01/Mar/2022:08:26:10 +0800] "POST /xingrg/kc/pszx/mdps_list_operate.html HTTP/1.1" 200 360
222.64.144.101 - - [01/Mar/2022:08:26:15 +0800] "GET /xingrg/check_reg.html?_=1646094386226 HTTP/1.1" 302 -
120.253.135.82 - - [01/Mar/2022:08:26:16 +0800] "GET /xingrg/kc/pszx/mdps_order_info.html?code=312022030100023 HTTP/1.1" 200 23931
116.224.122.7 - - [01/Mar/2022:08:26:17 +0800] "GET /xingrg/kc/base/wldb_order_operate.html?command=get_materiel&rest_code=00102&base_code=0010484&code=00101019375 HTTP/1.1" 200 464
120.253.135.82 - - [01/Mar/2022:08:26:17 +0800] "GET /xingrg/javascript/easyui/themes/default/validatebox.css HTTP/1.1" 404 1104
120.253.135.82 - - [01/Mar/2022:08:26:17 +0800] "POST /xingrg/kc/pszx/mdps_order_operate.html HTTP/1.1" 200 3247
222.64.144.101 - - [01/Mar/2022:08:26:29 +0800] "GET /xingrg/all/function/internal_message.html?_=1646094399748&CODE_STATE=getMsg HTTP/1.1" 302 -
124.79.79.90 - - [01/Mar/2022:08:26:29 +0800] "GET /xingrg/all/function/internal_message.html?_=1646094387044&CODE_STATE=getMsg HTTP/1.1" 200 27
116.224.122.7 - - [01/Mar/2022:08:26:30 +0800] "GET /xingrg/kc/base/wldb_order_operate.html?command=get_materiel&rest_code=00102&base_code=0010484&code=00101019384 HTTP/1.1" 200 457
180.152.99.39 - - [01/Mar/2022:08:26:36 +0800] "GET /xingrg/all/function/internal_message.html?_=1646094297813&CODE_STATE=getMsg HTTP/1.1" 302 -
58.40.7.146 - - [01/Mar/2022:08:26:39 +0800] "GET /xingrg/check_reg.html?_=1646094414576 HTTP/1.1" 200 22
58.40.7.146 - - [01/Mar/2022:08:26:39 +0800] "GET /xingrg/all/function/internal_message.html?_=1646094414577&CODE_STATE=getMsg HTTP/1.1" 200 27
116.224.122.7 - - [01/Mar/2022:08:26:45 +0800] "GET /xingrg/kc/base/wldb_order_operate.html?command=get_materiel&rest_code=00102&base_code=0010484&code=00101019422 HTTP/1.1" 200 457
222.70.243.96 - - [01/Mar/2022:08:26:46 +0800] "GET /xingrg/all/function/internal_message.html?_=1646094410133&CODE_STATE=getMsg HTTP/1.1" 200 27
120.253.135.82 - - [01/Mar/2022:08:26:46 +0800] "POST /xingrg/kc/pszx/mdps_list_operate.html HTTP/1.1" 200 2061
120.253.135.82 - - [01/Mar/2022:08:26:47 +0800] "POST /xingrg/kc/pszx/mdps_list_operate.html HTTP/1.1" 200 360
124.78.159.88 - - [01/Mar/2022:08:26:51 +0800] "GET /xingrg/all/function/internal_message.html?_=1646094410206&CODE_STATE=getMsg HTTP/1.1" 302 -
116.224.122.7 - - [01/Mar/2022:08:26:55 +0800] "GET /xingrg/check_reg.html?_=1646094452666 HTTP/1.1" 200 22
116.224.122.7 - - [01/Mar/2022:08:26:55 +0800] "GET /xingrg/all/function/internal_message.html?_=1646094453050&CODE_STATE=getMsg HTTP/1.1" 200 27
120.253.135.82 - - [01/Mar/2022:08:26:56 +0800] "POST /xingrg/kc/pszx/mdps_list_operate.html HTTP/1.1" 200 2041
180.169.147.146 - - [01/Mar/2022:08:26:56 +0800] "GET /xingrg/all/function/internal_message.html?_=1646094418084&CODE_STATE=getMsg HTTP/1.1" 200 27
116.224.122.7 - - [01/Mar/2022:08:26:57 +0800] "GET /xingrg/kc/base/wldb_order_operate.html?command=get_materiel&rest_code=00102&base_code=0010484&code=00101019430 HTTP/1.1" 200 464
120.253.135.82 - - [01/Mar/2022:08:26:58 +0800] "POST /xingrg/kc/pszx/mdps_list_operate.html HTTP/1.1" 200 360
114.88.156.203 - - [01/Mar/2022:08:27:00 +0800] "GET /xingrg/all/function/internal_message.html?_=1646094200913&CODE_STATE=getMsg HTTP/1.1" 200 27
114.88.156.203 - - [01/Mar/2022:08:27:00 +0800] "GET /xingrg/check_reg.html?_=1646094200915 HTTP/1.1" 200 22
116.224.122.7 - - [01/Mar/2022:08:27:00 +0800] "POST /xingrg/kc/base/wldb_order_operate.html HTTP/1.1" 200 1710
124.79.79.90 - - [01/Mar/2022:08:27:05 +0800] "GET /xingrg/all/function/internal_message.html?_=1646094424611&CODE_STATE=getMsg HTTP/1.1" 302 -
120.253.135.82 - - [01/Mar/2022:08:27:06 +0800] "POST /xingrg/kc/pszx/mdps_list_operate.html HTTP/1.1" 200 209
120.253.135.82 - - [01/Mar/2022:08:27:08 +0800] "GET /xingrg/kc/pszx/mdps_order_info.html?code=312022020900075 HTTP/1.1" 200 23923
120.253.135.82 - - [01/Mar/2022:08:27:08 +0800] "GET /xingrg/javascript/easyui/themes/default/validatebox.css HTTP/1.1" 404 1104
120.253.135.82 - - [01/Mar/2022:08:27:09 +0800] "GET /xingrg/all/function/internal_message.html?_=1646094224847&CODE_STATE=getMsg HTTP/1.1" 200 27
120.253.135.82 - - [01/Mar/2022:08:27:09 +0800] "POST /xingrg/kc/pszx/mdps_order_operate.html HTTP/1.1" 200 2291
120.253.135.82 - - [01/Mar/2022:08:27:13 +0800] "POST /xingrg/kc/pszx/mdps_list_operate.html HTTP/1.1" 200 2041
116.224.122.7 - - [01/Mar/2022:08:27:20 +0800] "GET /xingrg/kc/base/wldb_order_operate.html?command=get_materiel&rest_code=00102&base_code=0010484&code=00101019448 HTTP/1.1" 200 469
222.64.144.101 - - [01/Mar/2022:08:27:29 +0800] "GET /xingrg/all/function/internal_message.html?_=1646094459735&CODE_STATE=getMsg HTTP/1.1" 302 -
124.79.79.90 - - [01/Mar/2022:08:27:29 +0800] "GET /xingrg/all/function/internal_message.html?_=1646094447030&CODE_STATE=getMsg HTTP/1.1" 200 27
180.152.99.39 - - [01/Mar/2022:08:27:36 +0800] "GET /xingrg/all/function/internal_message.html?_=1646094357828&CODE_STATE=getMsg HTTP/1.1" 302 -
58.40.7.146 - - [01/Mar/2022:08:27:39 +0800] "GET /xingrg/all/function/internal_message.html?_=1646094474562&CODE_STATE=getMsg HTTP/1.1" 200 27
116.224.122.7 - - [01/Mar/2022:08:27:40 +0800] "POST /xingrg/kc/base/wldb_order_operate.html HTTP/1.1" 200 37
116.224.122.7 - - [01/Mar/2022:08:27:41 +0800] "POST /xingrg/kc/base/wldb_order_operate.html HTTP/1.1" 200 35017
116.224.122.7 - - [01/Mar/2022:08:27:41 +0800] "GET /xingrg/kc/base/wldb_order_info.html?code=422022030100006 HTTP/1.1" 200 30244
116.224.122.7 - - [01/Mar/2022:08:27:43 +0800] "GET /xingrg/javascript/easyui/themes/default/validatebox.css HTTP/1.1" 404 1104
116.224.122.7 - - [01/Mar/2022:08:27:44 +0800] "POST /xingrg/kc/base/wldb_order_operate.html HTTP/1.1" 200 35017
222.70.243.96 - - [01/Mar/2022:08:27:46 +0800] "GET /xingrg/all/function/internal_message.html?_=1646094470155&CODE_STATE=getMsg HTTP/1.1" 200 27
124.78.159.88 - - [01/Mar/2022:08:27:51 +0800] "GET /xingrg/all/function/internal_message.html?_=1646094470190&CODE_STATE=getMsg HTTP/1.1" 302 -
116.224.122.7 - - [01/Mar/2022:08:27:55 +0800] "GET /xingrg/all/function/internal_message.html?_=1646094513338&CODE_STATE=getMsg HTTP/1.1" 200 27
180.169.147.146 - - [01/Mar/2022:08:27:56 +0800] "GET /xingrg/all/function/internal_message.html?_=1646094478083&CODE_STATE=getMsg HTTP/1.1" 200 27
114.88.156.203 - - [01/Mar/2022:08:28:00 +0800] "GET /xingrg/all/function/internal_message.html?_=1646094260952&CODE_STATE=getMsg HTTP/1.1" 200 27
124.79.79.90 - - [01/Mar/2022:08:28:05 +0800] "GET /xingrg/all/function/internal_message.html?_=1646094484619&CODE_STATE=getMsg HTTP/1.1" 302 -
124.78.159.88 - - [01/Mar/2022:08:28:06 +0800] "GET /xingrg/check_reg.html?_=1646094485151 HTTP/1.1" 302 -
120.253.135.82 - - [01/Mar/2022:08:28:09 +0800] "GET /xingrg/all/function/internal_message.html?_=1646094284949&CODE_STATE=getMsg HTTP/1.1" 200 27
120.253.135.82 - - [01/Mar/2022:08:28:23 +0800] "GET /xingrg/kc/pszx/mdqp_order_list.html?state=10 HTTP/1.1" 200 11453
120.253.135.82 - - [01/Mar/2022:08:28:23 +0800] "GET /xingrg/dwr/interface/AjaxReportQueryService.js HTTP/1.1" 200 13203
120.253.135.82 - - [01/Mar/2022:08:28:23 +0800] "GET /xingrg/dwr/interface/AjaxQqpsService.js HTTP/1.1" 200 16326
120.253.135.82 - - [01/Mar/2022:08:28:23 +0800] "GET /xingrg/dwr/engine.js HTTP/1.1" 200 43631
120.253.135.82 - - [01/Mar/2022:08:28:28 +0800] "GET /xingrg/kc/pszx/mdqp_order_list.html?state=10 HTTP/1.1" 200 11453
120.253.135.82 - - [01/Mar/2022:08:28:28 +0800] "GET /xingrg/dwr/interface/AjaxReportQueryService.js HTTP/1.1" 200 13203
120.253.135.82 - - [01/Mar/2022:08:28:28 +0800] "GET /xingrg/dwr/interface/AjaxQqpsService.js HTTP/1.1" 200 16326
120.253.135.82 - - [01/Mar/2022:08:28:28 +0800] "GET /xingrg/dwr/engine.js HTTP/1.1" 200 43631
222.64.144.101 - - [01/Mar/2022:08:28:29 +0800] "GET /xingrg/all/function/internal_message.html?_=1646094519704&CODE_STATE=getMsg HTTP/1.1" 302 -
124.79.79.90 - - [01/Mar/2022:08:28:29 +0800] "GET /xingrg/all/function/internal_message.html?_=1646094507002&CODE_STATE=getMsg HTTP/1.1" 200 27
120.253.135.82 - - [01/Mar/2022:08:28:31 +0800] "GET /xingrg/kc/pszx/mdqp_order_list.html?state=10 HTTP/1.1" 200 11453
120.253.135.82 - - [01/Mar/2022:08:28:31 +0800] "GET /xingrg/dwr/interface/AjaxReportQueryService.js HTTP/1.1" 200 13203
120.253.135.82 - - [01/Mar/2022:08:28:31 +0800] "GET /xingrg/dwr/interface/AjaxQqpsService.js HTTP/1.1" 200 16326
120.253.135.82 - - [01/Mar/2022:08:28:31 +0800] "GET /xingrg/dwr/engine.js HTTP/1.1" 200 43631
180.152.99.39 - - [01/Mar/2022:08:28:37 +0800] "GET /xingrg/all/function/internal_message.html?_=1646094417934&CODE_STATE=getMsg HTTP/1.1" 302 -
58.40.7.146 - - [01/Mar/2022:08:28:39 +0800] "GET /xingrg/all/function/internal_message.html?_=1646094534563&CODE_STATE=getMsg HTTP/1.1" 200 27
120.253.135.82 - - [01/Mar/2022:08:28:39 +0800] "GET /xingrg/kc/pszx/mdqp_order_list.html?state=10 HTTP/1.1" 200 11453
120.253.135.82 - - [01/Mar/2022:08:28:39 +0800] "GET /xingrg/dwr/interface/AjaxQqpsService.js HTTP/1.1" 200 16326
120.253.135.82 - - [01/Mar/2022:08:28:39 +0800] "GET /xingrg/dwr/interface/AjaxReportQueryService.js HTTP/1.1" 200 13203
120.253.135.82 - - [01/Mar/2022:08:28:40 +0800] "GET /xingrg/dwr/engine.js HTTP/1.1" 200 43631
116.224.122.7 - - [01/Mar/2022:08:28:40 +0800] "GET /xingrg/kc/base/wldb_order_operate.html?command=get_materiel&rest_code=00102&base_code=0010484&code=00101019770 HTTP/1.1" 200 434
120.253.135.82 - - [01/Mar/2022:08:28:43 +0800] "GET /xingrg/kc/pszx/mdqp_order_list.html?state=10 HTTP/1.1" 200 11453
120.253.135.82 - - [01/Mar/2022:08:28:43 +0800] "GET /xingrg/dwr/interface/AjaxQqpsService.js HTTP/1.1" 200 16326
120.253.135.82 - - [01/Mar/2022:08:28:43 +0800] "GET /xingrg/dwr/interface/AjaxReportQueryService.js HTTP/1.1" 200 13203
120.253.135.82 - - [01/Mar/2022:08:28:43 +0800] "GET /xingrg/dwr/engine.js HTTP/1.1" 200 43631
222.70.243.96 - - [01/Mar/2022:08:28:46 +0800] "GET /xingrg/all/function/internal_message.html?_=1646094530160&CODE_STATE=getMsg HTTP/1.1" 200 27
116.224.122.7 - - [01/Mar/2022:08:28:48 +0800] "GET /xingrg/kc/base/wldb_order_operate.html?command=get_materiel&rest_code=00102&base_code=0010484&code=00101020131 HTTP/1.1" 200 438
124.78.159.88 - - [01/Mar/2022:08:28:51 +0800] "GET /xingrg/all/function/internal_message.html?_=1646094530173&CODE_STATE=getMsg HTTP/1.1" 302 -
116.224.122.7 - - [01/Mar/2022:08:28:55 +0800] "GET /xingrg/all/function/internal_message.html?_=1646094573343&CODE_STATE=getMsg HTTP/1.1" 200 27
180.169.147.146 - - [01/Mar/2022:08:28:56 +0800] "GET /xingrg/all/function/internal_message.html?_=1646094538082&CODE_STATE=getMsg HTTP/1.1" 200 27
114.88.156.203 - - [01/Mar/2022:08:29:00 +0800] "GET /xingrg/all/function/internal_message.html?_=1646094320947&CODE_STATE=getMsg HTTP/1.1" 200 27
116.224.122.7 - - [01/Mar/2022:08:29:02 +0800] "GET /xingrg/kc/base/wldb_order_operate.html?command=get_materiel&rest_code=00102&base_code=0010484&code=00101020133 HTTP/1.1" 200 439
180.152.99.39 - - [01/Mar/2022:08:29:03 +0800] "GET /xingrg/check_reg.html?_=1646094444127 HTTP/1.1" 302 -
124.79.79.90 - - [01/Mar/2022:08:29:05 +0800] "GET /xingrg/all/function/internal_message.html?_=1646094544635&CODE_STATE=getMsg HTTP/1.1" 302 -
120.253.135.82 - - [01/Mar/2022:08:29:08 +0800] "GET /xingrg/check_reg.html?_=1646094344611 HTTP/1.1" 200 22
120.253.135.82 - - [01/Mar/2022:08:29:09 +0800] "GET /xingrg/all/function/internal_message.html?_=1646094344952&CODE_STATE=getMsg HTTP/1.1" 200 27
116.224.122.7 - - [01/Mar/2022:08:29:11 +0800] "GET /xingrg/kc/base/wldb_order_operate.html?command=get_materiel&rest_code=00102&base_code=0010484&code=00101020152 HTTP/1.1" 200 437
116.224.122.7 - - [01/Mar/2022:08:29:15 +0800] "POST /xingrg/kc/base/wldb_order_operate.html HTTP/1.1" 200 1710
222.64.144.101 - - [01/Mar/2022:08:29:29 +0800] "GET /xingrg/all/function/internal_message.html?_=1646094579674&CODE_STATE=getMsg HTTP/1.1" 302 -
124.79.79.90 - - [01/Mar/2022:08:29:29 +0800] "GET /xingrg/all/function/internal_message.html?_=1646094566974&CODE_STATE=getMsg HTTP/1.1" 200 27
180.152.99.39 - - [01/Mar/2022:08:29:37 +0800] "GET /xingrg/all/function/internal_message.html?_=1646094477948&CODE_STATE=getMsg HTTP/1.1" 302 -
58.40.7.146 - - [01/Mar/2022:08:29:39 +0800] "GET /xingrg/all/function/internal_message.html?_=1646094594565&CODE_STATE=getMsg HTTP/1.1" 200 27
222.70.243.96 - - [01/Mar/2022:08:29:46 +0800] "GET /xingrg/all/function/internal_message.html?_=1646094590182&CODE_STATE=getMsg HTTP/1.1" 200 27
124.78.159.88 - - [01/Mar/2022:08:29:51 +0800] "GET /xingrg/all/function/internal_message.html?_=1646094590157&CODE_STATE=getMsg HTTP/1.1" 302 -
116.224.122.7 - - [01/Mar/2022:08:29:51 +0800] "GET /xingrg/kc/base/wldb_order_operate.html?command=get_materiel&rest_code=00102&base_code=0010484&code=00101020247 HTTP/1.1" 200 427
116.224.122.7 - - [01/Mar/2022:08:29:55 +0800] "GET /xingrg/all/function/internal_message.html?_=1646094633599&CODE_STATE=getMsg HTTP/1.1" 200 27
180.169.147.146 - - [01/Mar/2022:08:29:56 +0800] "GET /xingrg/check_reg.html?_=1646094598080 HTTP/1.1" 200 22
180.169.147.146 - - [01/Mar/2022:08:29:56 +0800] "GET /xingrg/all/function/internal_message.html?_=1646094598082&CODE_STATE=getMsg HTTP/1.1" 200 27
124.79.79.90 - - [01/Mar/2022:08:29:57 +0800] "GET /xingrg/check_reg.html?_=1646094596154 HTTP/1.1" 302 -
114.88.156.203 - - [01/Mar/2022:08:30:00 +0800] "GET /xingrg/all/function/internal_message.html?_=1646094380938&CODE_STATE=getMsg HTTP/1.1" 200 27
116.224.122.7 - - [01/Mar/2022:08:30:01 +0800] "GET /xingrg/kc/base/wldb_order_operate.html?command=get_materiel&rest_code=00102&base_code=0010484&code=00101020295 HTTP/1.1" 200 423
124.79.79.90 - - [01/Mar/2022:08:30:05 +0800] "GET /xingrg/all/function/internal_message.html?_=1646094604648&CODE_STATE=getMsg HTTP/1.1" 302 -
120.253.135.82 - - [01/Mar/2022:08:30:09 +0800] "GET /xingrg/all/function/internal_message.html?_=1646094404966&CODE_STATE=getMsg HTTP/1.1" 200 27
116.224.122.7 - - [01/Mar/2022:08:30:25 +0800] "GET /xingrg/kc/base/wldb_order_operate.html?command=get_materiel&rest_code=00102&base_code=0010484&code=00101021034 HTTP/1.1" 200 424
222.64.144.101 - - [01/Mar/2022:08:30:29 +0800] "GET /xingrg/all/function/internal_message.html?_=1646094639645&CODE_STATE=getMsg HTTP/1.1" 302 -
124.79.79.90 - - [01/Mar/2022:08:30:29 +0800] "GET /xingrg/all/function/internal_message.html?_=1646094626948&CODE_STATE=getMsg HTTP/1.1" 200 27
180.152.99.39 - - [01/Mar/2022:08:30:37 +0800] "GET /xingrg/all/function/internal_message.html?_=1646094538048&CODE_STATE=getMsg HTTP/1.1" 302 -
58.40.7.146 - - [01/Mar/2022:08:30:39 +0800] "GET /xingrg/all/function/internal_message.html?_=1646094654565&CODE_STATE=getMsg HTTP/1.1" 200 27
222.70.243.96 - - [01/Mar/2022:08:30:40 +0800] "GET /xingrg/check_reg.html?_=1646094644744 HTTP/1.1" 200 22
124.79.79.90 - - [01/Mar/2022:08:30:41 +0800] "GET /xingrg/check_reg.html?_=1646094638385 HTTP/1.1" 200 22
116.224.122.7 - - [01/Mar/2022:08:30:42 +0800] "GET /xingrg/kc/base/wldb_order_operate.html?command=get_materiel&rest_code=00102&base_code=0010484&code=00101023025 HTTP/1.1" 200 415
222.70.243.96 - - [01/Mar/2022:08:30:46 +0800] "GET /xingrg/all/function/internal_message.html?_=1646094650186&CODE_STATE=getMsg HTTP/1.1" 200 27
124.78.159.88 - - [01/Mar/2022:08:30:51 +0800] "GET /xingrg/all/function/internal_message.html?_=1646094650141&CODE_STATE=getMsg HTTP/1.1" 302 -
116.224.122.7 - - [01/Mar/2022:08:30:55 +0800] "GET /xingrg/all/function/internal_message.html?_=1646094693604&CODE_STATE=getMsg HTTP/1.1" 200 27
180.169.147.146 - - [01/Mar/2022:08:30:56 +0800] "GET /xingrg/all/function/internal_message.html?_=1646094658079&CODE_STATE=getMsg HTTP/1.1" 200 27
116.224.122.7 - - [01/Mar/2022:08:30:57 +0800] "GET /xingrg/kc/base/wldb_order_operate.html?command=get_materiel&rest_code=00102&base_code=0010484&code=00101034137 HTTP/1.1" 200 423
114.88.156.203 - - [01/Mar/2022:08:31:00 +0800] "GET /xingrg/all/function/internal_message.html?_=1646094440957&CODE_STATE=getMsg HTTP/1.1" 200 27
116.224.122.7 - - [01/Mar/2022:08:31:00 +0800] "POST /xingrg/kc/base/wldb_order_operate.html HTTP/1.1" 200 1710
124.79.79.90 - - [01/Mar/2022:08:31:05 +0800] "GET /xingrg/all/function/internal_message.html?_=1646094664655&CODE_STATE=getMsg HTTP/1.1" 302 -
120.253.135.82 - - [01/Mar/2022:08:31:09 +0800] "GET /xingrg/all/function/internal_message.html?_=1646094465030&CODE_STATE=getMsg HTTP/1.1" 200 27
120.253.135.82 - - [01/Mar/2022:08:31:09 +0800] "GET /xingrg/kc/pszx/mdps_order_list.html?orderType=0 HTTP/1.1" 200 20884
120.253.135.82 - - [01/Mar/2022:08:31:10 +0800] "POST /xingrg/kc/pszx/mdps_list_operate.html HTTP/1.1" 200 5366
120.253.135.82 - - [01/Mar/2022:08:31:11 +0800] "GET /xingrg/kc/pszx/mdps_order_add.html HTTP/1.1" 200 28906
120.253.135.82 - - [01/Mar/2022:08:31:11 +0800] "POST /xingrg/kc/pszx/mdps_order_operate.html HTTP/1.1" 200 7126
120.253.135.82 - - [01/Mar/2022:08:31:12 +0800] "GET /xingrg/javascript/easyui/themes/default/validatebox.css HTTP/1.1" 404 1104
114.86.226.30 - - [01/Mar/2022:08:31:13 +0800] "GET /favicon.ico HTTP/1.1" 404 -
222.64.144.101 - - [01/Mar/2022:08:31:15 +0800] "GET /xingrg/check_reg.html?_=1646094686245 HTTP/1.1" 302 -
114.86.226.30 - - [01/Mar/2022:08:31:16 +0800] "GET /xingrg/login.html HTTP/1.1" 200 7641
114.86.226.30 - - [01/Mar/2022:08:31:16 +0800] "GET /xingrg/images/blue/jxLogo.png HTTP/1.1" 200 6156
114.86.226.30 - - [01/Mar/2022:08:31:16 +0800] "GET /xingrg/images/blue/login_bg.png HTTP/1.1" 200 22101
114.86.226.30 - - [01/Mar/2022:08:31:16 +0800] "GET /xingrg/images/blue/hj.png HTTP/1.1" 200 1014
114.86.226.30 - - [01/Mar/2022:08:31:16 +0800] "GET /xingrg/images/blue/srbg.png HTTP/1.1" 200 138
114.86.226.30 - - [01/Mar/2022:08:31:16 +0800] "GET /favicon.ico HTTP/1.1" 404 -
120.253.135.82 - - [01/Mar/2022:08:31:18 +0800] "POST /xingrg/all/common/load_combo.html?type=base HTTP/1.1" 200 1075
120.253.135.82 - - [01/Mar/2022:08:31:27 +0800] "GET /xingrg/kc/pszx/mdps_order_operate.html?command=get_materiel&pszx_code=00101&rest_code=00102&base_code=0010246&code=00101006037 HTTP/1.1" 200 426
114.86.226.30 - - [01/Mar/2022:08:31:27 +0800] "POST /xingrg/login.do HTTP/1.1" 302 -
114.86.226.30 - - [01/Mar/2022:08:31:28 +0800] "POST /xingrg/login.do HTTP/1.1" 302 -
114.86.226.30 - - [01/Mar/2022:08:31:28 +0800] "POST /xingrg/login.do HTTP/1.1" 302 -
116.224.122.7 - - [01/Mar/2022:08:31:28 +0800] "POST /xingrg/kc/base/wldb_order_operate.html HTTP/1.1" 200 37
114.86.226.30 - - [01/Mar/2022:08:31:28 +0800] "GET /xingrg/index.html?sysBaseUrl=http%3A%2F%2F180.169.147.146%3A18081%2Fxingrg%2F&costTime=3139×tamp=1646094688371 HTTP/1.1" 200 17173
114.86.226.30 - - [01/Mar/2022:08:31:28 +0800] "GET /xingrg/javascript/jquery_easy_ui/themes/icon.css HTTP/1.1" 200 3949
114.86.226.30 - - [01/Mar/2022:08:31:28 +0800] "GET /xingrg/javascript/jquery_easy_ui/themes/default/easyui.css HTTP/1.1" 200 26500
114.86.226.30 - - [01/Mar/2022:08:31:28 +0800] "GET /xingrg/javascript/jquery.form.js HTTP/1.1" 200 23110
114.86.226.30 - - [01/Mar/2022:08:31:28 +0800] "GET /xingrg/javascript/jquery.timers.js HTTP/1.1" 200 3532
114.86.226.30 - - [01/Mar/2022:08:31:28 +0800] "GET /xingrg/javascript/jquery.utils.js HTTP/1.1" 200 11805
114.86.226.30 - - [01/Mar/2022:08:31:28 +0800] "GET /xingrg/css/form.css HTTP/1.1" 200 893
114.86.226.30 - - [01/Mar/2022:08:31:28 +0800] "GET /xingrg/javascript/jquery-1.4.2.min.js HTTP/1.1" 200 72205
114.86.226.30 - - [01/Mar/2022:08:31:28 +0800] "GET /xingrg/javascript/jquery_easy_ui/jquery.easyui.min.js HTTP/1.1" 200 213662
114.86.226.30 - - [01/Mar/2022:08:31:28 +0800] "GET /xingrg/javascript/jquery_easy_ui/easyui-lang-zh_CN.js HTTP/1.1" 200 1900
114.86.226.30 - - [01/Mar/2022:08:31:28 +0800] "GET /xingrg/javascript/jquery_easy_ui/themes/icons/settle_new.png HTTP/1.1" 200 826
114.86.226.30 - - [01/Mar/2022:08:31:28 +0800] "GET /xingrg/images/blue/navBackgound.jpg HTTP/1.1" 200 12378
114.86.226.30 - - [01/Mar/2022:08:31:28 +0800] "GET /xingrg/images/blue/pingpu.png HTTP/1.1" 200 231
114.86.226.30 - - [01/Mar/2022:08:31:28 +0800] "GET /xingrg/javascript/jquery_easy_ui/themes/default/images/panel_tool_collapse.gif HTTP/1.1" 200 246
114.86.226.30 - - [01/Mar/2022:08:31:28 +0800] "GET /xingrg/all/function/internal_message.html?_=1646094687378&CODE_STATE=count HTTP/1.1" 200 11
114.86.226.30 - - [01/Mar/2022:08:31:28 +0800] "GET /xingrg/check_reg.html?_=1646094687380 HTTP/1.1" 200 22
114.86.226.30 - - [01/Mar/2022:08:31:28 +0800] "POST /xingrg/all/common/load_tree.html?tree=area_rest_tree_json&manage=1 HTTP/1.1" 200 342
114.86.226.30 - - [01/Mar/2022:08:31:28 +0800] "POST /xingrg/load_menu.html HTTP/1.1" 200 5138
114.86.226.30 - - [01/Mar/2022:08:31:29 +0800] "GET /xingrg/javascript/jquery_easy_ui/themes/default/images/tree_arrows.gif HTTP/1.1" 200 1043
114.86.226.30 - - [01/Mar/2022:08:31:29 +0800] "GET /xingrg/javascript/jquery_easy_ui/themes/default/images/tree_folder_open.gif HTTP/1.1" 200 956
114.86.226.30 - - [01/Mar/2022:08:31:29 +0800] "GET /xingrg/javascript/jquery_easy_ui/themes/default/images/tree_folder.gif HTTP/1.1" 200 952
114.86.226.30 - - [01/Mar/2022:08:31:29 +0800] "GET /xingrg/javascript/jquery_easy_ui/themes/icons/search_new.png HTTP/1.1" 200 586
114.86.226.30 - - [01/Mar/2022:08:31:29 +0800] "GET /xingrg/javascript/jquery_easy_ui/themes/icons/forms_new.png HTTP/1.1" 200 350
114.86.226.30 - - [01/Mar/2022:08:31:29 +0800] "GET /xingrg/javascript/jquery_easy_ui/themes/icons/storage_new.png HTTP/1.1" 200 853
222.64.144.101 - - [01/Mar/2022:08:31:29 +0800] "GET /xingrg/all/function/internal_message.html?_=1646094699617&CODE_STATE=getMsg HTTP/1.1" 302 -
116.224.122.7 - - [01/Mar/2022:08:31:29 +0800] "POST /xingrg/kc/base/wldb_order_operate.html HTTP/1.1" 200 39330
124.79.79.90 - - [01/Mar/2022:08:31:29 +0800] "GET /xingrg/all/function/internal_message.html?_=1646094686919&CODE_STATE=getMsg HTTP/1.1" 200 27
116.224.122.7 - - [01/Mar/2022:08:31:29 +0800] "GET /xingrg/kc/base/wldb_order_info.html?code=422022030100006 HTTP/1.1" 200 30245
114.86.226.30 - - [01/Mar/2022:08:31:30 +0800] "GET /xingrg/javascript/jquery_easy_ui/themes/default/images/tabs_close.gif HTTP/1.1" 200 829
114.86.226.30 - - [01/Mar/2022:08:31:30 +0800] "GET /xingrg/kc/buy/buy_main.html HTTP/1.1" 200 12412
