101.85.120.86 - - [26/Feb/2022:10:55:11 +0800] "GET /xingrg/all/function/internal_message.html?_=1645844107697&CODE_STATE=getMsg HTTP/1.1" 200 27
114.83.220.123 - - [26/Feb/2022:10:55:12 +0800] "GET /xingrg/kc/buy/cgsh_order_info.html?code=212022022005919 HTTP/1.1" 200 60558
114.83.220.123 - - [26/Feb/2022:10:55:12 +0800] "GET /xingrg/words/20220225134511_words.js HTTP/1.1" 304 -
114.83.220.123 - - [26/Feb/2022:10:55:12 +0800] "GET /xingrg/javascript/easyui/themes/default/validatebox.css HTTP/1.1" 404 1104
114.83.220.123 - - [26/Feb/2022:10:55:13 +0800] "POST /xingrg/kc/buy/cgsh_order_operate.html HTTP/1.1" 200 33119
58.39.168.32 - - [26/Feb/2022:10:55:13 +0800] "GET /xingrg/kc/buy/cgsh_order_operate.html?command=get_materiel&rest_code=00105&code=00101008361&supplier_code=00100203&order_time=2022-02-26 HTTP/1.1" 200 428
124.78.159.88 - - [26/Feb/2022:10:55:16 +0800] "GET /xingrg/kc/buy/cgsh_order_operate.html?command=get_materiel&rest_code=00106&code=00101008352&supplier_code=00100007&order_time=2022-02-26 HTTP/1.1" 200 432
114.86.230.56 - - [26/Feb/2022:10:55:17 +0800] "GET /xingrg/all/function/internal_message.html?_=1645844117192&CODE_STATE=getMsg HTTP/1.1" 200 27
180.169.147.146 - - [26/Feb/2022:10:55:18 +0800] "GET /xingrg/all/function/internal_message.html?_=1645844120872&CODE_STATE=getMsg HTTP/1.1" 200 27
101.85.120.86 - - [26/Feb/2022:10:55:20 +0800] "GET /xingrg/kc/buy/cgsh_order_operate.html?command=get_materiel&rest_code=00142&code=00101008355&supplier_code=00100161&order_time=2022-02-26 HTTP/1.1" 200 408
101.85.54.103 - - [26/Feb/2022:10:55:22 +0800] "GET /xingrg/all/function/internal_message.html?_=1645844111875&CODE_STATE=getMsg HTTP/1.1" 200 27
36.113.10.2 - - [26/Feb/2022:10:55:24 +0800] "GET /xingrg/kc/buy/cgsh_order_operate.html?command=get_materiel&rest_code=00141&code=00101008296&supplier_code=00100007&order_time=2022-02-26 HTTP/1.1" 200 436
222.70.243.96 - - [26/Feb/2022:10:55:27 +0800] "GET /xingrg/all/function/internal_message.html?_=1645844144436&CODE_STATE=getMsg HTTP/1.1" 302 -
124.78.159.88 - - [26/Feb/2022:10:55:27 +0800] "GET /xingrg/kc/buy/cgsh_order_operate.html?command=get_materiel&rest_code=00106&code=00101008005&supplier_code=00100007&order_time=2022-02-26 HTTP/1.1" 200 433
114.83.220.123 - - [26/Feb/2022:10:55:28 +0800] "GET /xingrg/all/function/internal_message.html?_=1645844124105&CODE_STATE=getMsg HTTP/1.1" 200 27
114.83.220.123 - - [26/Feb/2022:10:55:29 +0800] "GET /xingrg/kc/buy/cgsh_order_list.html HTTP/1.1" 200 49792
58.39.168.32 - - [26/Feb/2022:10:55:29 +0800] "GET /xingrg/kc/buy/cgsh_order_operate.html?command=get_materiel&rest_code=00105&code=00101008355&supplier_code=00100203&order_time=2022-02-26 HTTP/1.1" 200 408
114.83.220.123 - - [26/Feb/2022:10:55:29 +0800] "POST /xingrg/kc/buy/cgsh_list_operate.html HTTP/1.1" 200 5867
114.83.220.123 - - [26/Feb/2022:10:55:30 +0800] "POST /xingrg/kc/buy/cgsh_list_operate.html HTTP/1.1" 200 876
114.83.220.123 - - [26/Feb/2022:10:55:30 +0800] "POST /xingrg/kc/buy/cgsh_list_operate.html HTTP/1.1" 200 5867
101.85.120.86 - - [26/Feb/2022:10:55:33 +0800] "GET /xingrg/kc/buy/cgsh_order_operate.html?command=get_materiel&rest_code=00142&code=00101008024&supplier_code=00100161&order_time=2022-02-26 HTTP/1.1" 200 408
222.69.132.164 - - [26/Feb/2022:10:55:34 +0800] "GET /xingrg/kc/buy/cgsh_order_operate.html?command=get_materiel&rest_code=00154&code=00101008126&supplier_code=00100417&order_time=2022-02-26 HTTP/1.1" 200 412
36.113.10.2 - - [26/Feb/2022:10:55:35 +0800] "GET /xingrg/kc/buy/cgsh_order_operate.html?command=get_materiel&rest_code=00141&code=00101008274&supplier_code=00100007&order_time=2022-02-26 HTTP/1.1" 200 412
222.70.243.96 - - [26/Feb/2022:10:55:39 +0800] "GET /xingrg/all/function/internal_message.html?_=1645844159061&CODE_STATE=getMsg HTTP/1.1" 200 27
222.70.180.114 - - [26/Feb/2022:10:55:40 +0800] "GET /xingrg/all/function/internal_message.html?_=1645844136337&CODE_STATE=getMsg HTTP/1.1" 200 27
58.39.168.32 - - [26/Feb/2022:10:55:41 +0800] "GET /xingrg/all/function/internal_message.html?_=1645844076365&CODE_STATE=getMsg HTTP/1.1" 200 27
124.78.159.88 - - [26/Feb/2022:10:55:42 +0800] "GET /xingrg/all/function/internal_message.html?_=1645844142331&CODE_STATE=getMsg HTTP/1.1" 200 27
222.70.180.114 - - [26/Feb/2022:10:55:42 +0800] "GET /xingrg/check_reg.html?_=1645844138029 HTTP/1.1" 200 22
116.228.172.94 - - [26/Feb/2022:10:55:42 +0800] "GET /xingrg/all/function/internal_message.html?_=1645844130411&CODE_STATE=getMsg HTTP/1.1" 200 27
101.85.120.86 - - [26/Feb/2022:10:55:42 +0800] "GET /xingrg/kc/buy/cgsh_order_operate.html?command=get_materiel&rest_code=00142&code=00101008356&supplier_code=00100161&order_time=2022-02-26 HTTP/1.1" 200 428
124.79.79.90 - - [26/Feb/2022:10:55:45 +0800] "POST /xingrg/kc/buy/cgsh_order_operate.html HTTP/1.1" 200 2065
36.113.10.2 - - [26/Feb/2022:10:55:45 +0800] "GET /xingrg/kc/buy/cgsh_order_operate.html?command=get_materiel&rest_code=00141&code=00101008298&supplier_code=00100007&order_time=2022-02-26 HTTP/1.1" 200 432
180.152.99.73 - - [26/Feb/2022:10:55:46 +0800] "GET /xingrg/all/function/internal_message.html?_=1645844145726&CODE_STATE=getMsg HTTP/1.1" 200 27
120.253.135.82 - - [26/Feb/2022:10:55:48 +0800] "GET /xingrg/check_reg.html?_=1645843942511 HTTP/1.1" 200 22
222.69.132.164 - - [26/Feb/2022:10:55:48 +0800] "GET /xingrg/kc/buy/cgsh_order_operate.html?command=get_materiel&rest_code=00154&code=00101008421&supplier_code=00100417&order_time=2022-02-26 HTTP/1.1" 200 395
222.70.223.103 - - [26/Feb/2022:10:55:48 +0800] "GET /xingrg/kc/buy/cgsh_order_add.html HTTP/1.1" 200 65523
222.70.223.103 - - [26/Feb/2022:10:55:49 +0800] "POST /xingrg/kc/buy/cgsh_order_operate.html HTTP/1.1" 200 8245
222.70.223.103 - - [26/Feb/2022:10:55:49 +0800] "GET /xingrg/javascript/easyui/themes/default/validatebox.css HTTP/1.1" 404 1104
114.86.230.56 - - [26/Feb/2022:10:55:50 +0800] "GET /xingrg/kc/buy/buy_main.html HTTP/1.1" 200 12412
114.86.230.56 - - [26/Feb/2022:10:55:50 +0800] "GET /xingrg/css/new_ie.css HTTP/1.1" 404 1036
222.70.223.103 - - [26/Feb/2022:10:55:50 +0800] "GET /xingrg/all/function/internal_message.html?_=1645844146176&CODE_STATE=getMsg HTTP/1.1" 200 27
114.86.230.56 - - [26/Feb/2022:10:55:50 +0800] "GET /xingrg/kc/buy/cgsh_order_list.html HTTP/1.1" 200 49786
101.85.120.86 - - [26/Feb/2022:10:55:51 +0800] "GET /xingrg/kc/buy/cgsh_order_operate.html?command=get_materiel&rest_code=00142&code=00101008286&supplier_code=00100161&order_time=2022-02-26 HTTP/1.1" 200 428
114.86.230.56 - - [26/Feb/2022:10:55:52 +0800] "POST /xingrg/kc/buy/cgsh_list_operate.html HTTP/1.1" 200 876
180.152.99.39 - - [26/Feb/2022:10:55:53 +0800] "GET /xingrg/all/function/internal_message.html?_=1645844055253&CODE_STATE=getMsg HTTP/1.1" 200 27
222.69.132.164 - - [26/Feb/2022:10:55:53 +0800] "GET /xingrg/all/function/internal_message.html?_=1645844231497&CODE_STATE=getMsg HTTP/1.1" 200 27
222.69.132.164 - - [26/Feb/2022:10:55:53 +0800] "GET /xingrg/check_reg.html?_=1645844231503 HTTP/1.1" 200 22
172.20.0.100 - - [26/Feb/2022:10:55:55 +0800] "GET /xingrg/all/function/internal_message.html?_=1645844152589&CODE_STATE=getMsg HTTP/1.1" 200 27
124.79.79.90 - - [26/Feb/2022:10:55:56 +0800] "GET /xingrg/all/function/internal_message.html?_=1645844152678&CODE_STATE=getMsg HTTP/1.1" 200 27
58.39.168.32 - - [26/Feb/2022:10:55:57 +0800] "GET /xingrg/kc/buy/cgsh_order_operate.html?command=get_materiel&rest_code=00105&code=00101008024&supplier_code=00100203&order_time=2022-02-26 HTTP/1.1" 200 408
222.69.132.164 - - [26/Feb/2022:10:56:03 +0800] "GET /xingrg/kc/buy/cgsh_order_operate.html?command=get_materiel&rest_code=00154&code=00101008351&supplier_code=00100417&order_time=2022-02-26 HTTP/1.1" 200 23
36.113.10.2 - - [26/Feb/2022:10:56:07 +0800] "GET /xingrg/all/function/internal_message.html?_=1645843944514&CODE_STATE=getMsg HTTP/1.1" 200 27
36.113.10.2 - - [26/Feb/2022:10:56:07 +0800] "GET /xingrg/check_reg.html?_=1645843944544 HTTP/1.1" 200 22
222.70.223.103 - - [26/Feb/2022:10:56:08 +0800] "GET /xingrg/kc/buy/cgsh_order_operate.html?command=get_materiel&rest_code=00155&code=00101012033&supplier_code=00100037&order_time=2022-02-26 HTTP/1.1" 200 426
124.79.79.90 - - [26/Feb/2022:10:56:08 +0800] "POST /xingrg/kc/buy/cgsh_order_operate.html HTTP/1.1" 200 37
36.113.10.2 - - [26/Feb/2022:10:56:10 +0800] "GET /xingrg/kc/buy/cgsh_order_operate.html?command=get_materiel&rest_code=00141&code=00101008403&supplier_code=00100007&order_time=2022-02-26 HTTP/1.1" 200 431
101.85.120.86 - - [26/Feb/2022:10:56:10 +0800] "GET /xingrg/kc/buy/cgsh_order_operate.html?command=get_materiel&rest_code=00142&code=00101008350&supplier_code=00100161&order_time=2022-02-26 HTTP/1.1" 200 429
124.78.159.88 - - [26/Feb/2022:10:56:10 +0800] "GET /xingrg/kc/buy/cgsh_order_operate.html?command=get_materiel&rest_code=00106&code=00101008271&supplier_code=00100007&order_time=2022-02-26 HTTP/1.1" 200 428
124.79.244.81 - - [26/Feb/2022:10:56:10 +0800] "GET /xingrg/all/function/internal_message.html?_=1645844320275&CODE_STATE=getMsg HTTP/1.1" 200 27
124.79.79.90 - - [26/Feb/2022:10:56:10 +0800] "POST /xingrg/kc/buy/cgsh_order_operate.html HTTP/1.1" 200 22768
101.85.120.86 - - [26/Feb/2022:10:56:11 +0800] "GET /xingrg/all/function/internal_message.html?_=1645844167671&CODE_STATE=getMsg HTTP/1.1" 200 27
124.79.79.90 - - [26/Feb/2022:10:56:12 +0800] "GET /xingrg/kc/print/load_data.html?order_code=212022022608382&kc_code=cgsh&condition= HTTP/1.1" 200 8278
222.70.223.103 - - [26/Feb/2022:10:56:12 +0800] "GET /xingrg/index.html?sysBaseUrl=http%3A%2F%2F180.169.147.146%3A18081%2Fxingrg%2F&costTime=1277×tamp=1606817596806 HTTP/1.1" 302 -
222.70.223.103 - - [26/Feb/2022:10:56:12 +0800] "GET /xingrg/login.html HTTP/1.1" 200 7641
58.39.168.32 - - [26/Feb/2022:10:56:12 +0800] "GET /xingrg/kc/buy/cgsh_order_operate.html?command=get_materiel&rest_code=00105&code=00101008356&supplier_code=00100203&order_time=2022-02-26 HTTP/1.1" 200 428
222.70.223.103 - - [26/Feb/2022:10:56:13 +0800] "GET /favicon.ico HTTP/1.1" 404 -
36.113.10.2 - - [26/Feb/2022:10:56:14 +0800] "POST /xingrg/kc/buy/cgsh_order_operate.html HTTP/1.1" 200 2065
114.86.230.56 - - [26/Feb/2022:10:56:17 +0800] "GET /xingrg/all/function/internal_message.html?_=1645844177194&CODE_STATE=getMsg HTTP/1.1" 200 27
180.169.147.146 - - [26/Feb/2022:10:56:18 +0800] "GET /xingrg/check_reg.html?_=1645844180872 HTTP/1.1" 200 22
180.169.147.146 - - [26/Feb/2022:10:56:18 +0800] "GET /xingrg/all/function/internal_message.html?_=1645844180877&CODE_STATE=getMsg HTTP/1.1" 200 27
124.78.159.88 - - [26/Feb/2022:10:56:20 +0800] "POST /xingrg/kc/buy/cgsh_order_operate.html HTTP/1.1" 200 2065
222.69.132.164 - - [26/Feb/2022:10:56:21 +0800] "POST /xingrg/kc/buy/cgsh_order_operate.html HTTP/1.1" 200 37
101.85.120.86 - - [26/Feb/2022:10:56:22 +0800] "GET /xingrg/kc/buy/cgsh_order_operate.html?command=get_materiel&rest_code=00142&code=00101008264&supplier_code=00100161&order_time=2022-02-26 HTTP/1.1" 200 433
101.85.54.103 - - [26/Feb/2022:10:56:22 +0800] "GET /xingrg/check_reg.html?_=1645844172089 HTTP/1.1" 200 22
101.85.54.103 - - [26/Feb/2022:10:56:23 +0800] "GET /xingrg/all/function/internal_message.html?_=1645844172093&CODE_STATE=getMsg HTTP/1.1" 200 27
222.70.223.103 - - [26/Feb/2022:10:56:23 +0800] "POST /xingrg/login.do HTTP/1.1" 302 -
222.69.132.164 - - [26/Feb/2022:10:56:23 +0800] "POST /xingrg/kc/buy/cgsh_order_operate.html HTTP/1.1" 200 3830
222.70.223.103 - - [26/Feb/2022:10:56:23 +0800] "GET /xingrg/index.html?sysBaseUrl=http%3A%2F%2F180.169.147.146%3A18081%2Fxingrg%2F&costTime=39×tamp=1645844183166 HTTP/1.1" 200 17179
222.70.223.103 - - [26/Feb/2022:10:56:23 +0800] "GET /favicon.ico HTTP/1.1" 404 -
222.70.223.103 - - [26/Feb/2022:10:56:23 +0800] "POST /xingrg/all/common/load_tree.html?tree=area_rest_tree_json&manage=1 HTTP/1.1" 200 351
36.113.10.2 - - [26/Feb/2022:10:56:23 +0800] "GET /xingrg/kc/buy/cgsh_order_operate.html?command=get_materiel&rest_code=00141&code=00101008305&supplier_code=00100007&order_time=2022-02-26 HTTP/1.1" 200 432
222.70.223.103 - - [26/Feb/2022:10:56:23 +0800] "GET /xingrg/check_reg.html?_=1645844179136 HTTP/1.1" 200 22
222.70.223.103 - - [26/Feb/2022:10:56:23 +0800] "GET /xingrg/all/function/internal_message.html?_=1645844179134&CODE_STATE=count HTTP/1.1" 200 11
222.70.223.103 - - [26/Feb/2022:10:56:23 +0800] "POST /xingrg/load_menu.html HTTP/1.1" 200 5138
222.70.243.96 - - [26/Feb/2022:10:56:27 +0800] "GET /xingrg/all/function/internal_message.html?_=1645844204441&CODE_STATE=getMsg HTTP/1.1" 302 -
114.83.220.123 - - [26/Feb/2022:10:56:28 +0800] "GET /xingrg/all/function/internal_message.html?_=1645844184076&CODE_STATE=getMsg HTTP/1.1" 200 27
222.70.223.103 - - [26/Feb/2022:10:56:29 +0800] "GET /xingrg/kc/buy/cgsh_order_list.html HTTP/1.1" 200 49792
101.85.120.86 - - [26/Feb/2022:10:56:30 +0800] "GET /xingrg/kc/buy/cgsh_order_operate.html?command=get_materiel&rest_code=00142&code=00101008298&supplier_code=00100161&order_time=2022-02-26 HTTP/1.1" 200 432
101.85.54.103 - - [26/Feb/2022:10:56:30 +0800] "POST /xingrg/dwr/call/plaincall/AjaxReportQueryService.refreshCache.dwr HTTP/1.1" 200 78
101.85.54.103 - - [26/Feb/2022:10:56:31 +0800] "POST /xingrg/all/report/load_report_page.html HTTP/1.1" 200 8912
101.85.54.103 - - [26/Feb/2022:10:56:31 +0800] "GET /xingrg/servlets/image?cache=0.763075396234418&image=px HTTP/1.1" 200 807
101.85.54.103 - - [26/Feb/2022:10:56:32 +0800] "GET /xingrg/all/report/report_query.html?isQuery=1&fileName=kc/buy/wlcg_cate_hz.xml&queryString=(CONVERT(char(10)%252Ca.order_time%252C%2520120)%253E%253D'2022-01-01')%2520and%2520(CONVERT(char(10)%252Ca.order_time%252C%2520120)%253C%253D'2022-01-31')%2520and%2520(a.supplier_code%2520in%2520('00100047'))%2520and%2520(a.number%253E0%2520and%2520a.supplier_code%253D'00100047')&queryText=%25E3%2580%2590%25E9%2587%2587%25E8%25B4%25AD%25E6%2597%25A5%25E6%259C%259F%253A2022-01-01%2520%25E8%2587%25B3%25202022-01-31%25E3%2580%2591%2520%25E5%25B9%25B6%25E4%25B8%2594%2520%2520%25E3%2580%2590%25E4%25BE%259B%25E5%25BA%2594%25E5%2595%2586%2520%253D%2520%25E9%25B8%25A1%25E8%259B%258B%25EF%25BC%2588%25E9%2599%25B6%25E6%25A2%25A6%25E5%25BC%25BA%25EF%25BC%2589%25E3%2580%2591%2520%25E5%25B9%25B6%25E4%25B8%2594%2520%25E3%2580%2590%25E4%25BE%259B%25E5%25BA%2594%25E5%2595%2586%253D%25E9%25B8%25A1%25E8%259B%258B%25EF%25BC%2588%25E9%2599%25B6%25E6%25A2%25A6%25E5%25BC%25BA%25EF%25BC%2589%25E3%2580%2591 HTTP/1.1" 200 54480
101.85.54.103 - - [26/Feb/2022:10:56:32 +0800] "GET /xingrg/dwr/interface/AjaxReportQueryService.js HTTP/1.1" 200 13203
101.85.54.103 - - [26/Feb/2022:10:56:33 +0800] "GET /xingrg/dwr/engine.js HTTP/1.1" 200 43631
101.85.54.103 - - [26/Feb/2022:10:56:34 +0800] "POST /xingrg/all/report/load_report_page.html HTTP/1.1" 200 8712
101.85.54.103 - - [26/Feb/2022:10:56:34 +0800] "GET /xingrg/servlets/image?cache=0.1203269449191583&image=px HTTP/1.1" 200 807
124.78.159.88 - - [26/Feb/2022:10:56:34 +0800] "GET /xingrg/kc/buy/cgsh_order_operate.html?command=get_materiel&rest_code=00106&code=00101008353&supplier_code=00100007&order_time=2022-02-26 HTTP/1.1" 200 429
222.70.223.103 - - [26/Feb/2022:10:56:34 +0800] "POST /xingrg/kc/buy/cgsh_list_operate.html HTTP/1.1" 200 2773
101.85.54.103 - - [26/Feb/2022:10:56:35 +0800] "POST /xingrg/all/report/load_report_page.html HTTP/1.1" 200 23173
101.85.54.103 - - [26/Feb/2022:10:56:35 +0800] "GET /xingrg/servlets/image?cache=0.07503156328926952&image=px HTTP/1.1" 200 807
101.85.54.103 - - [26/Feb/2022:10:56:38 +0800] "POST /xingrg/all/report/report_print.html HTTP/1.1" 302 -
101.85.54.103 - - [26/Feb/2022:10:56:38 +0800] "GET /xingrg/servlets/html?sysBaseUrl=http%3A%2F%2F180.169.147.146%3A18081%2Fxingrg%2F&costTime=243×tamp=1645844198577 HTTP/1.1" 200 24091
101.85.54.103 - - [26/Feb/2022:10:56:38 +0800] "GET /xingrg/servlets/image?image=px HTTP/1.1" 200 807
101.85.120.86 - - [26/Feb/2022:10:56:38 +0800] "GET /xingrg/kc/buy/cgsh_order_operate.html?command=get_materiel&rest_code=00142&code=00101008354&supplier_code=00100161&order_time=2022-02-26 HTTP/1.1" 200 432
101.85.54.103 - - [26/Feb/2022:10:56:38 +0800] "GET /favicon.ico HTTP/1.1" 404 -
222.70.243.96 - - [26/Feb/2022:10:56:39 +0800] "GET /xingrg/all/function/internal_message.html?_=1645844219075&CODE_STATE=getMsg HTTP/1.1" 200 27
222.70.180.114 - - [26/Feb/2022:10:56:40 +0800] "GET /xingrg/all/function/internal_message.html?_=1645844196313&CODE_STATE=getMsg HTTP/1.1" 200 27
58.39.168.32 - - [26/Feb/2022:10:56:41 +0800] "GET /xingrg/all/function/internal_message.html?_=1645844136378&CODE_STATE=getMsg HTTP/1.1" 200 27
124.78.159.88 - - [26/Feb/2022:10:56:42 +0800] "GET /xingrg/all/function/internal_message.html?_=1645844202327&CODE_STATE=getMsg HTTP/1.1" 200 27
116.228.172.94 - - [26/Feb/2022:10:56:42 +0800] "GET /xingrg/all/function/internal_message.html?_=1645844190384&CODE_STATE=getMsg HTTP/1.1" 200 27
222.70.223.103 - - [26/Feb/2022:10:56:42 +0800] "POST /xingrg/kc/buy/cgsh_list_operate.html HTTP/1.1" 200 2773
222.70.223.103 - - [26/Feb/2022:10:56:44 +0800] "GET /xingrg/kc/buy/cgsh_order_add.html HTTP/1.1" 200 65523
222.70.223.103 - - [26/Feb/2022:10:56:44 +0800] "POST /xingrg/kc/buy/cgsh_order_operate.html HTTP/1.1" 200 8245
222.70.223.103 - - [26/Feb/2022:10:56:44 +0800] "GET /xingrg/all/common/auto_word.html?type=employee&rest_code=00155 HTTP/1.1" 200 205
222.70.223.103 - - [26/Feb/2022:10:56:44 +0800] "GET /xingrg/all/common/auto_word.html?type=employee&rest_code=00155 HTTP/1.1" 200 205
222.70.223.103 - - [26/Feb/2022:10:56:44 +0800] "GET /xingrg/javascript/easyui/themes/default/validatebox.css HTTP/1.1" 404 1104
222.70.223.103 - - [26/Feb/2022:10:56:45 +0800] "GET /xingrg/javascript/auto/indicator.gif HTTP/1.1" 404 1066
101.85.120.86 - - [26/Feb/2022:10:56:45 +0800] "GET /xingrg/kc/buy/cgsh_order_operate.html?command=get_materiel&rest_code=00142&code=00101008352&supplier_code=00100161&order_time=2022-02-26 HTTP/1.1" 200 432
180.152.99.73 - - [26/Feb/2022:10:56:46 +0800] "GET /xingrg/all/function/internal_message.html?_=1645844205727&CODE_STATE=getMsg HTTP/1.1" 200 27
180.152.99.73 - - [26/Feb/2022:10:56:46 +0800] "GET /xingrg/check_reg.html?_=1645844205730 HTTP/1.1" 200 22
222.70.223.103 - - [26/Feb/2022:10:56:52 +0800] "GET /xingrg/javascript/easyui/themes/default/tree.css HTTP/1.1" 404 1090
222.70.223.103 - - [26/Feb/2022:10:56:52 +0800] "POST /xingrg/all/common/load_tree.html?tree=supplier_tree_json&isDelete=1 HTTP/1.1" 200 62257
180.152.99.39 - - [26/Feb/2022:10:56:53 +0800] "GET /xingrg/all/function/internal_message.html?_=1645844115270&CODE_STATE=getMsg HTTP/1.1" 200 27
222.69.132.164 - - [26/Feb/2022:10:56:53 +0800] "GET /xingrg/all/function/internal_message.html?_=1645844291514&CODE_STATE=getMsg HTTP/1.1" 200 27
222.70.223.103 - - [26/Feb/2022:10:56:53 +0800] "GET /xingrg/javascript/easyui/themes/default/images/tree_arrows.gif HTTP/1.1" 200 617
222.70.223.103 - - [26/Feb/2022:10:56:53 +0800] "GET /xingrg/javascript/easyui/themes/default/images/tree_folder_open.gif HTTP/1.1" 200 956
222.70.223.103 - - [26/Feb/2022:10:56:53 +0800] "GET /xingrg/javascript/easyui/themes/default/images/tree_file.gif HTTP/1.1" 200 118
222.70.223.103 - - [26/Feb/2022:10:56:53 +0800] "GET /xingrg/javascript/easyui/themes/default/images/tree_folder.gif HTTP/1.1" 200 952
58.40.7.146 - - [26/Feb/2022:10:56:54 +0800] "POST /xingrg/services/DataTransmitService HTTP/1.1" 200 524
101.85.120.86 - - [26/Feb/2022:10:56:54 +0800] "GET /xingrg/kc/buy/cgsh_order_operate.html?command=get_materiel&rest_code=00142&code=00101008323&supplier_code=00100161&order_time=2022-02-26 HTTP/1.1" 200 408
172.20.0.100 - - [26/Feb/2022:10:56:55 +0800] "GET /xingrg/all/function/internal_message.html?_=1645844212581&CODE_STATE=getMsg HTTP/1.1" 200 27
124.79.79.90 - - [26/Feb/2022:10:56:56 +0800] "GET /xingrg/all/function/internal_message.html?_=1645844212657&CODE_STATE=getMsg HTTP/1.1" 200 27
101.85.120.86 - - [26/Feb/2022:10:56:57 +0800] "POST /xingrg/kc/buy/cgsh_order_operate.html HTTP/1.1" 200 2065
222.70.223.103 - - [26/Feb/2022:10:57:00 +0800] "GET /xingrg/kc/buy/cgsh_order_operate.html?command=get_materiel&rest_code=00155&code=00101012033&supplier_code=00100037&order_time=2022-02-26 HTTP/1.1" 200 426
101.85.120.86 - - [26/Feb/2022:10:57:04 +0800] "GET /xingrg/kc/buy/cgsh_order_operate.html?command=get_materiel&rest_code=00142&code=00101008459&supplier_code=00100161&order_time=2022-02-26 HTTP/1.1" 200 395
124.78.159.88 - - [26/Feb/2022:10:57:05 +0800] "GET /xingrg/kc/buy/cgsh_order_operate.html?command=get_materiel&rest_code=00106&code=00101008312&supplier_code=00100007&order_time=2022-02-26 HTTP/1.1" 200 432
36.113.10.2 - - [26/Feb/2022:10:57:07 +0800] "GET /xingrg/all/function/internal_message.html?_=1645844004495&CODE_STATE=getMsg HTTP/1.1" 200 27
222.69.132.164 - - [26/Feb/2022:10:57:08 +0800] "GET /xingrg/login.html HTTP/1.1" 200 7641
222.69.132.164 - - [26/Feb/2022:10:57:09 +0800] "GET /favicon.ico HTTP/1.1" 404 -
124.79.244.81 - - [26/Feb/2022:10:57:10 +0800] "GET /xingrg/check_reg.html?_=1645844380274 HTTP/1.1" 200 22
124.79.244.81 - - [26/Feb/2022:10:57:10 +0800] "GET /xingrg/all/function/internal_message.html?_=1645844380273&CODE_STATE=getMsg HTTP/1.1" 200 27
101.85.120.86 - - [26/Feb/2022:10:57:11 +0800] "GET /xingrg/all/function/internal_message.html?_=1645844227663&CODE_STATE=getMsg HTTP/1.1" 200 27
58.39.168.32 - - [26/Feb/2022:10:57:13 +0800] "GET /xingrg/kc/buy/cgsh_order_operate.html?command=get_materiel&rest_code=00105&code=00101008137&supplier_code=00100203&order_time=2022-02-26 HTTP/1.1" 200 428
101.85.120.86 - - [26/Feb/2022:10:57:13 +0800] "GET /xingrg/kc/buy/cgsh_order_operate.html?command=get_materiel&rest_code=00142&code=00101012024&supplier_code=00100161&order_time=2022-02-26 HTTP/1.1" 200 408
222.70.223.103 - - [26/Feb/2022:10:57:17 +0800] "GET /xingrg/kc/buy/cgsh_order_operate.html?command=get_materiel&rest_code=00155&code=00101011007&supplier_code=00100037&order_time=2022-02-26 HTTP/1.1" 200 434
114.86.230.56 - - [26/Feb/2022:10:57:17 +0800] "GET /xingrg/all/function/internal_message.html?_=1645844237193&CODE_STATE=getMsg HTTP/1.1" 200 27
180.169.147.146 - - [26/Feb/2022:10:57:18 +0800] "GET /xingrg/all/function/internal_message.html?_=1645844240876&CODE_STATE=getMsg HTTP/1.1" 200 27
222.69.132.164 - - [26/Feb/2022:10:57:19 +0800] "POST /xingrg/login.do HTTP/1.1" 302 -
222.69.132.164 - - [26/Feb/2022:10:57:19 +0800] "GET /xingrg/index.html?sysBaseUrl=http%3A%2F%2F180.169.147.146%3A18081%2Fxingrg%2F&costTime=38×tamp=1645844239044 HTTP/1.1" 200 17179
222.69.132.164 - - [26/Feb/2022:10:57:19 +0800] "GET /favicon.ico HTTP/1.1" 404 -
222.69.132.164 - - [26/Feb/2022:10:57:19 +0800] "POST /xingrg/all/common/load_tree.html?tree=area_rest_tree_json&manage=1 HTTP/1.1" 200 351
222.69.132.164 - - [26/Feb/2022:10:57:19 +0800] "POST /xingrg/load_menu.html HTTP/1.1" 200 5138
222.69.132.164 - - [26/Feb/2022:10:57:19 +0800] "GET /xingrg/check_reg.html?_=1645844317232 HTTP/1.1" 200 22
222.69.132.164 - - [26/Feb/2022:10:57:19 +0800] "GET /xingrg/all/function/internal_message.html?_=1645844317231&CODE_STATE=count HTTP/1.1" 200 11
101.85.120.86 - - [26/Feb/2022:10:57:22 +0800] "GET /xingrg/kc/buy/cgsh_order_operate.html?command=get_materiel&rest_code=00142&code=00101012059&supplier_code=00100161&order_time=2022-02-26 HTTP/1.1" 200 412
114.83.220.123 - - [26/Feb/2022:10:57:22 +0800] "GET /xingrg/check_reg.html?_=1645844238881 HTTP/1.1" 200 22
101.85.54.103 - - [26/Feb/2022:10:57:22 +0800] "GET /xingrg/all/function/internal_message.html?_=1645844232072&CODE_STATE=getMsg HTTP/1.1" 200 27
124.78.159.88 - - [26/Feb/2022:10:57:22 +0800] "GET /xingrg/kc/buy/cgsh_order_operate.html?command=get_materiel&rest_code=00106&code=00101008125&supplier_code=00100007&order_time=2022-02-26 HTTP/1.1" 200 433
222.69.132.164 - - [26/Feb/2022:10:57:23 +0800] "GET /xingrg/kc/buy/cgsh_order_list.html HTTP/1.1" 200 49792
222.70.223.103 - - [26/Feb/2022:10:57:23 +0800] "GET /xingrg/all/function/internal_message.html?_=1645844239153&CODE_STATE=getMsg HTTP/1.1" 200 27
222.70.223.103 - - [26/Feb/2022:10:57:25 +0800] "GET /xingrg/kc/buy/cgsh_order_operate.html?command=get_materiel&rest_code=00155&code=00101009015&supplier_code=00100037&order_time=2022-02-26 HTTP/1.1" 200 416
222.69.132.164 - - [26/Feb/2022:10:57:25 +0800] "POST /xingrg/kc/buy/cgsh_list_operate.html HTTP/1.1" 200 1690
222.70.243.96 - - [26/Feb/2022:10:57:27 +0800] "GET /xingrg/all/function/internal_message.html?_=1645844264481&CODE_STATE=getMsg HTTP/1.1" 302 -
222.69.132.164 - - [26/Feb/2022:10:57:27 +0800] "POST /xingrg/kc/buy/cgsh_list_operate.html HTTP/1.1" 200 344
114.83.220.123 - - [26/Feb/2022:10:57:28 +0800] "GET /xingrg/all/function/internal_message.html?_=1645844244046&CODE_STATE=getMsg HTTP/1.1" 200 27
101.85.120.86 - - [26/Feb/2022:10:57:29 +0800] "GET /xingrg/kc/buy/cgsh_order_operate.html?command=get_materiel&rest_code=00142&code=00101016057&supplier_code=00100161&order_time=2022-02-26 HTTP/1.1" 200 408
222.69.132.164 - - [26/Feb/2022:10:57:31 +0800] "GET /xingrg/kc/buy/cgsh_order_info.html?code=212022022608384 HTTP/1.1" 200 64735
222.69.132.164 - - [26/Feb/2022:10:57:31 +0800] "GET /xingrg/all/common/auto_word.html?type=employee&rest_code=00154 HTTP/1.1" 200 101
222.69.132.164 - - [26/Feb/2022:10:57:31 +0800] "GET /xingrg/all/common/auto_word.html?type=employee&rest_code=00154 HTTP/1.1" 200 101
222.69.132.164 - - [26/Feb/2022:10:57:31 +0800] "GET /xingrg/javascript/easyui/themes/default/validatebox.css HTTP/1.1" 404 1104
222.69.132.164 - - [26/Feb/2022:10:57:31 +0800] "POST /xingrg/kc/buy/cgsh_order_operate.html HTTP/1.1" 200 3830
116.224.122.7 - - [26/Feb/2022:10:57:33 +0800] "GET /xingrg/css/base.css HTTP/1.1" 304 -
116.224.122.7 - - [26/Feb/2022:10:57:33 +0800] "GET /xingrg/kc/buy/cgsh_order_list.html HTTP/1.1" 200 49786
116.224.122.7 - - [26/Feb/2022:10:57:33 +0800] "GET /xingrg/javascript/jquery_tools/jquery.tools.hotkey.js HTTP/1.1" 304 -
116.224.122.7 - - [26/Feb/2022:10:57:33 +0800] "GET /xingrg/javascript/jquery_tools/jquery.tools.table.js HTTP/1.1" 304 -
116.224.122.7 - - [26/Feb/2022:10:57:33 +0800] "GET /xingrg/javascript/jquery_tools/list_manager.js HTTP/1.1" 304 -
116.224.122.7 - - [26/Feb/2022:10:57:33 +0800] "GET /xingrg/javascript/easyui/easyloader.js HTTP/1.1" 304 -
116.224.122.7 - - [26/Feb/2022:10:57:33 +0800] "GET /xingrg/javascript/jquery.cookie.js HTTP/1.1" 304 -
116.224.122.7 - - [26/Feb/2022:10:57:33 +0800] "GET /xingrg/css/site.css HTTP/1.1" 304 -
116.224.122.7 - - [26/Feb/2022:10:57:33 +0800] "GET /xingrg/javascript/jquery_tools/datebox.css HTTP/1.1" 304 -
116.224.122.7 - - [26/Feb/2022:10:57:33 +0800] "GET /xingrg/javascript/easyui/themes/default/easyui.css HTTP/1.1" 304 -
116.224.122.7 - - [26/Feb/2022:10:57:34 +0800] "GET /xingrg/javascript/jquery_tools/fix.css HTTP/1.1" 304 -
116.224.122.7 - - [26/Feb/2022:10:57:34 +0800] "GET /xingrg/javascript/easyui/themes/icon.css HTTP/1.1" 304 -
116.224.122.7 - - [26/Feb/2022:10:57:34 +0800] "GET /xingrg/javascript/jquery_tools/table.css HTTP/1.1" 304 -
116.224.122.7 - - [26/Feb/2022:10:57:34 +0800] "GET /xingrg/javascript/jquery_tools/jquery.tools.extend.js HTTP/1.1" 304 -
116.224.122.7 - - [26/Feb/2022:10:57:34 +0800] "GET /xingrg/javascript/jquery_tools/jquery.tools.min.js HTTP/1.1" 304 -
116.224.122.7 - - [26/Feb/2022:10:57:34 +0800] "GET /xingrg/javascript/easyui/themes/icons/edit_add_new.png HTTP/1.1" 304 -
116.224.122.7 - - [26/Feb/2022:10:57:34 +0800] "GET /xingrg/javascript/easyui/themes/icons/cance_new.png HTTP/1.1" 304 -
116.224.122.7 - - [26/Feb/2022:10:57:34 +0800] "GET /xingrg/javascript/easyui/themes/icons/check_new.png HTTP/1.1" 304 -
116.224.122.7 - - [26/Feb/2022:10:57:34 +0800] "GET /xingrg/javascript/easyui/themes/icons/field_new.png HTTP/1.1" 304 -
116.224.122.7 - - [26/Feb/2022:10:57:34 +0800] "GET /xingrg/javascript/easyui/themes/icons/import_new.png HTTP/1.1" 304 -
116.224.122.7 - - [26/Feb/2022:10:57:34 +0800] "GET /xingrg/javascript/easyui/plugins/jquery.parser.js HTTP/1.1" 304 -
116.224.122.7 - - [26/Feb/2022:10:57:34 +0800] "GET /xingrg/images/control/ajaxLoader.gif HTTP/1.1" 304 -
116.224.122.7 - - [26/Feb/2022:10:57:35 +0800] "POST /xingrg/kc/buy/cgsh_list_operate.html HTTP/1.1" 200 876
116.224.122.7 - - [26/Feb/2022:10:57:36 +0800] "GET /xingrg/javascript/easyui/themes/default/images/button_plain_hover.png HTTP/1.1" 304 -
116.224.122.7 - - [26/Feb/2022:10:57:36 +0800] "GET /xingrg/javascript/easyui/themes/default/images/button_plain_hover.png HTTP/1.1" 304 -
116.224.122.7 - - [26/Feb/2022:10:57:36 +0800] "GET /xingrg/javascript/jquery_tools/order_manager.js HTTP/1.1" 304 -
116.224.122.7 - - [26/Feb/2022:10:57:36 +0800] "GET /xingrg/javascript/convert.js HTTP/1.1" 304 -
116.224.122.7 - - [26/Feb/2022:10:57:36 +0800] "GET /xingrg/javascript/json2.js HTTP/1.1" 304 -
116.224.122.7 - - [26/Feb/2022:10:57:36 +0800] "GET /xingrg/kc/buy/cgsh_order_add.html HTTP/1.1" 200 65555
116.224.122.7 - - [26/Feb/2022:10:57:37 +0800] "GET /xingrg/javascript/easyui/themes/icons/copy_new.png HTTP/1.1" 304 -
116.224.122.7 - - [26/Feb/2022:10:57:37 +0800] "GET /xingrg/javascript/easyui/themes/icons/template_new.png HTTP/1.1" 304 -
116.224.122.7 - - [26/Feb/2022:10:57:37 +0800] "GET /xingrg/javascript/easyui/themes/icons/ok.png HTTP/1.1" 304 -
116.224.122.7 - - [26/Feb/2022:10:57:37 +0800] "GET /xingrg/javascript/easyui/themes/icons/print.png HTTP/1.1" 304 -
116.224.122.7 - - [26/Feb/2022:10:57:37 +0800] "GET /xingrg/javascript/easyui/themes/default/images/menu_downarrow.png HTTP/1.1" 304 -
116.224.122.7 - - [26/Feb/2022:10:57:37 +0800] "GET /xingrg/javascript/easyui/themes/icons/cancel.png HTTP/1.1" 304 -
116.224.122.7 - - [26/Feb/2022:10:57:37 +0800] "POST /xingrg/kc/buy/cgsh_order_operate.html HTTP/1.1" 200 8245
116.224.122.7 - - [26/Feb/2022:10:57:37 +0800] "GET /xingrg/javascript/easyui/themes/icons/edit_remove.png HTTP/1.1" 304 -
116.224.122.7 - - [26/Feb/2022:10:57:37 +0800] "GET /xingrg/all/common/auto_word.html?type=employee&rest_code=00102 HTTP/1.1" 200 189
116.224.122.7 - - [26/Feb/2022:10:57:37 +0800] "GET /xingrg/all/common/auto_word.html?type=employee&rest_code=00102 HTTP/1.1" 200 189
116.224.122.7 - - [26/Feb/2022:10:57:37 +0800] "GET /xingrg/javascript/easyui/themes/default/validatebox.css HTTP/1.1" 404 1104
116.224.122.7 - - [26/Feb/2022:10:57:37 +0800] "GET /xingrg/javascript/easyui/plugins/jquery.validatebox.js HTTP/1.1" 304 -
116.224.122.7 - - [26/Feb/2022:10:57:37 +0800] "GET /xingrg/javascript/easyui/plugins/jquery.numberbox.js HTTP/1.1" 304 -
222.70.243.96 - - [26/Feb/2022:10:57:39 +0800] "GET /xingrg/all/function/internal_message.html?_=1645844279116&CODE_STATE=getMsg HTTP/1.1" 200 27
222.69.132.164 - - [26/Feb/2022:10:57:39 +0800] "GET /xingrg/javascript/auto/indicator.gif HTTP/1.1" 404 1066
101.85.120.86 - - [26/Feb/2022:10:57:40 +0800] "POST /xingrg/kc/buy/cgsh_order_operate.html HTTP/1.1" 200 37
222.70.180.114 - - [26/Feb/2022:10:57:40 +0800] "GET /xingrg/all/function/internal_message.html?_=1645844256299&CODE_STATE=getMsg HTTP/1.1" 200 27
58.39.168.32 - - [26/Feb/2022:10:57:41 +0800] "GET /xingrg/all/function/internal_message.html?_=1645844196368&CODE_STATE=getMsg HTTP/1.1" 200 27
124.78.159.88 - - [26/Feb/2022:10:57:41 +0800] "GET /xingrg/kc/buy/cgsh_order_operate.html?command=get_materiel&rest_code=00106&code=00101008010&supplier_code=00100007&order_time=2022-02-26 HTTP/1.1" 200 432
101.85.120.86 - - [26/Feb/2022:10:57:41 +0800] "POST /xingrg/kc/buy/cgsh_order_operate.html HTTP/1.1" 200 15624
124.78.159.88 - - [26/Feb/2022:10:57:42 +0800] "GET /xingrg/all/function/internal_message.html?_=1645844262323&CODE_STATE=getMsg HTTP/1.1" 200 27
116.228.172.94 - - [26/Feb/2022:10:57:42 +0800] "GET /xingrg/all/function/internal_message.html?_=1645844250369&CODE_STATE=getMsg HTTP/1.1" 200 27
222.69.132.164 - - [26/Feb/2022:10:57:44 +0800] "GET /xingrg/kc/buy/cgsh_order_operate.html?command=get_materiel&rest_code=00154&code=00101008351&supplier_code=00100417&order_time=2022-02-26 HTTP/1.1" 200 428
180.152.99.73 - - [26/Feb/2022:10:57:46 +0800] "GET /xingrg/all/function/internal_message.html?_=1645844265730&CODE_STATE=getMsg HTTP/1.1" 200 27
101.85.120.86 - - [26/Feb/2022:10:57:47 +0800] "POST /xingrg/kc/buy/cgsh_order_operate.html HTTP/1.1" 200 37
101.85.120.86 - - [26/Feb/2022:10:57:48 +0800] "POST /xingrg/kc/buy/cgsh_order_operate.html HTTP/1.1" 200 15624
58.39.168.32 - - [26/Feb/2022:10:57:51 +0800] "GET /xingrg/kc/buy/cgsh_order_operate.html?command=get_materiel&rest_code=00105&code=00101008136&supplier_code=00100203&order_time=2022-02-26 HTTP/1.1" 200 413
180.152.99.39 - - [26/Feb/2022:10:57:53 +0800] "GET /xingrg/all/function/internal_message.html?_=1645844175279&CODE_STATE=getMsg HTTP/1.1" 200 27
101.85.120.86 - - [26/Feb/2022:10:57:53 +0800] "POST /xingrg/kc/buy/cgsh_order_operate.html HTTP/1.1" 200 37
124.78.159.88 - - [26/Feb/2022:10:57:53 +0800] "GET /xingrg/kc/buy/cgsh_order_operate.html?command=get_materiel&rest_code=00106&code=00101008114&supplier_code=00100007&order_time=2022-02-26 HTTP/1.1" 200 413
101.85.120.86 - - [26/Feb/2022:10:57:54 +0800] "POST /xingrg/kc/buy/cgsh_order_operate.html HTTP/1.1" 200 15624
172.20.0.100 - - [26/Feb/2022:10:57:55 +0800] "GET /xingrg/all/function/internal_message.html?_=1645844272592&CODE_STATE=getMsg HTTP/1.1" 200 27
101.85.120.86 - - [26/Feb/2022:10:57:56 +0800] "GET /xingrg/javascript/jquery_easy_ui/themes/default/images/tabs_active.png HTTP/1.1" 304 -
124.79.79.90 - - [26/Feb/2022:10:57:56 +0800] "GET /xingrg/all/function/internal_message.html?_=1645844272629&CODE_STATE=getMsg HTTP/1.1" 200 27
124.78.159.88 - - [26/Feb/2022:10:57:56 +0800] "POST /xingrg/kc/buy/cgsh_order_operate.html HTTP/1.1" 200 2065
101.85.120.86 - - [26/Feb/2022:10:57:59 +0800] "POST /xingrg/kc/buy/cgsh_list_operate.html HTTP/1.1" 200 1690
222.69.132.164 - - [26/Feb/2022:10:58:07 +0800] "GET /xingrg/kc/buy/cgsh_order_operate.html?command=get_materiel&rest_code=00154&code=00101008155&supplier_code=00100417&order_time=2022-02-26 HTTP/1.1" 200 408
36.113.10.2 - - [26/Feb/2022:10:58:08 +0800] "GET /xingrg/all/function/internal_message.html?_=1645844064415&CODE_STATE=getMsg HTTP/1.1" 200 27
124.79.244.81 - - [26/Feb/2022:10:58:10 +0800] "GET /xingrg/all/function/internal_message.html?_=1645844440272&CODE_STATE=getMsg HTTP/1.1" 200 27
124.78.159.88 - - [26/Feb/2022:10:58:11 +0800] "GET /xingrg/kc/buy/cgsh_order_operate.html?command=get_materiel&rest_code=00106&code=00101008283&supplier_code=00100007&order_time=2022-02-26 HTTP/1.1" 200 427
101.85.120.86 - - [26/Feb/2022:10:58:11 +0800] "GET /xingrg/check_reg.html?_=1645844287672 HTTP/1.1" 200 22
101.85.120.86 - - [26/Feb/2022:10:58:11 +0800] "GET /xingrg/all/function/internal_message.html?_=1645844287676&CODE_STATE=getMsg HTTP/1.1" 200 27
114.86.230.56 - - [26/Feb/2022:10:58:17 +0800] "GET /xingrg/all/function/internal_message.html?_=1645844297194&CODE_STATE=getMsg HTTP/1.1" 200 27
114.86.230.56 - - [26/Feb/2022:10:58:17 +0800] "GET /xingrg/check_reg.html?_=1645844297195 HTTP/1.1" 200 22
180.169.147.146 - - [26/Feb/2022:10:58:18 +0800] "GET /xingrg/all/function/internal_message.html?_=1645844300880&CODE_STATE=getMsg HTTP/1.1" 200 27
222.69.132.164 - - [26/Feb/2022:10:58:19 +0800] "GET /xingrg/all/function/internal_message.html?_=1645844377345&CODE_STATE=getMsg HTTP/1.1" 200 27
222.69.132.164 - - [26/Feb/2022:10:58:19 +0800] "GET /xingrg/kc/buy/cgsh_order_operate.html?command=get_materiel&rest_code=00154&code=00101008264&supplier_code=00100417&order_time=2022-02-26 HTTP/1.1" 200 433
58.39.168.32 - - [26/Feb/2022:10:58:19 +0800] "GET /xingrg/kc/buy/cgsh_order_operate.html?command=get_materiel&rest_code=00105&code=00101008197&supplier_code=00100203&order_time=2022-02-26 HTTP/1.1" 200 436
101.85.54.103 - - [26/Feb/2022:10:58:22 +0800] "GET /xingrg/all/function/internal_message.html?_=1645844292070&CODE_STATE=getMsg HTTP/1.1" 200 27
101.80.226.190 - - [26/Feb/2022:10:58:23 +0800] "POST /xingrg/services/DataTransmitService HTTP/1.1" 200 524
222.70.223.103 - - [26/Feb/2022:10:58:23 +0800] "GET /xingrg/all/function/internal_message.html?_=1645844299167&CODE_STATE=getMsg HTTP/1.1" 200 27
101.80.226.190 - - [26/Feb/2022:10:58:24 +0800] "POST /xingrg/services/DataTransmitService HTTP/1.1" 200 1971
124.78.159.88 - - [26/Feb/2022:10:58:24 +0800] "GET /xingrg/kc/buy/cgsh_order_operate.html?command=get_materiel&rest_code=00106&code=00101008100&supplier_code=00100007&order_time=2022-02-26 HTTP/1.1" 200 408
222.70.243.96 - - [26/Feb/2022:10:58:27 +0800] "GET /xingrg/all/function/internal_message.html?_=1645844324484&CODE_STATE=getMsg HTTP/1.1" 302 -
114.83.220.123 - - [26/Feb/2022:10:58:28 +0800] "GET /xingrg/all/function/internal_message.html?_=1645844304029&CODE_STATE=getMsg HTTP/1.1" 200 27
101.80.226.190 - - [26/Feb/2022:10:58:29 +0800] "POST /xingrg/services/DataTransmitService HTTP/1.1" 200 524
222.70.243.96 - - [26/Feb/2022:10:58:29 +0800] "GET /xingrg/kc/base/wldb_order_operate.html?command=get_materiel&rest_code=00146&base_code=0010063&code=00101019133 HTTP/1.1" 200 466
101.80.226.190 - - [26/Feb/2022:10:58:30 +0800] "POST /xingrg/services/DataTransmitService HTTP/1.1" 200 1971
36.113.10.2 - - [26/Feb/2022:10:58:33 +0800] "POST /xingrg/kc/buy/cgsh_order_operate.html HTTP/1.1" 200 37
222.69.132.164 - - [26/Feb/2022:10:58:35 +0800] "GET /xingrg/kc/buy/cgsh_order_operate.html?command=get_materiel&rest_code=00154&code=00101008361&supplier_code=00100417&order_time=2022-02-26 HTTP/1.1" 200 428
36.113.10.2 - - [26/Feb/2022:10:58:37 +0800] "POST /xingrg/kc/buy/cgsh_order_operate.html HTTP/1.1" 200 12
222.70.243.96 - - [26/Feb/2022:10:58:39 +0800] "GET /xingrg/all/function/internal_message.html?_=1645844339117&CODE_STATE=getMsg HTTP/1.1" 200 27
36.113.10.2 - - [26/Feb/2022:10:58:40 +0800] "GET /xingrg/kc/buy/cgsh_order_info.html?code=212022022608386 HTTP/1.1" 200 60511
36.113.10.2 - - [26/Feb/2022:10:58:40 +0800] "GET /xingrg/javascript/easyui/themes/default/validatebox.css HTTP/1.1" 404 1104
222.70.180.114 - - [26/Feb/2022:10:58:40 +0800] "GET /xingrg/all/function/internal_message.html?_=1645844316285&CODE_STATE=getMsg HTTP/1.1" 200 27
36.113.10.2 - - [26/Feb/2022:10:58:41 +0800] "POST /xingrg/kc/buy/cgsh_order_operate.html HTTP/1.1" 200 18304
58.39.168.32 - - [26/Feb/2022:10:58:41 +0800] "GET /xingrg/all/function/internal_message.html?_=1645844256378&CODE_STATE=getMsg HTTP/1.1" 200 27
58.39.168.32 - - [26/Feb/2022:10:58:41 +0800] "GET /xingrg/check_reg.html?_=1645844256384 HTTP/1.1" 200 22
124.78.159.88 - - [26/Feb/2022:10:58:42 +0800] "GET /xingrg/all/function/internal_message.html?_=1645844322327&CODE_STATE=getMsg HTTP/1.1" 200 27
116.228.172.94 - - [26/Feb/2022:10:58:42 +0800] "GET /xingrg/all/function/internal_message.html?_=1645844310353&CODE_STATE=getMsg HTTP/1.1" 200 27
124.78.159.88 - - [26/Feb/2022:10:58:42 +0800] "GET /xingrg/kc/buy/cgsh_order_operate.html?command=get_materiel&rest_code=00106&code=00101008323&supplier_code=00100007&order_time=2022-02-26 HTTP/1.1" 200 408
116.228.172.94 - - [26/Feb/2022:10:58:43 +0800] "GET /xingrg/check_reg.html?_=1645844310956 HTTP/1.1" 200 22
36.113.10.2 - - [26/Feb/2022:10:58:44 +0800] "GET /xingrg/kc/print/load_data.html?order_code=212022022608386&kc_code=cgsh&condition= HTTP/1.1" 200 7413
222.69.132.164 - - [26/Feb/2022:10:58:45 +0800] "GET /xingrg/kc/buy/cgsh_order_operate.html?command=get_materiel&rest_code=00154&code=00101008298&supplier_code=00100417&order_time=2022-02-26 HTTP/1.1" 200 432
180.152.99.73 - - [26/Feb/2022:10:58:46 +0800] "GET /xingrg/all/function/internal_message.html?_=1645844325731&CODE_STATE=getMsg HTTP/1.1" 200 27
222.70.243.96 - - [26/Feb/2022:10:58:48 +0800] "GET /xingrg/kc/base/wldb_order_operate.html?command=get_materiel&rest_code=00146&base_code=0010063&code=00101019185 HTTP/1.1" 200 453
222.69.132.164 - - [26/Feb/2022:10:58:49 +0800] "POST /xingrg/kc/buy/cgsh_order_operate.html HTTP/1.1" 200 2065
180.152.99.39 - - [26/Feb/2022:10:58:52 +0800] "GET /xingrg/check_reg.html?_=1645844234367 HTTP/1.1" 200 22
58.39.168.32 - - [26/Feb/2022:10:58:53 +0800] "GET /xingrg/kc/buy/cgsh_order_operate.html?command=get_materiel&rest_code=00105&code=00101008069&supplier_code=00100203&order_time=2022-02-26 HTTP/1.1" 200 432
180.152.99.39 - - [26/Feb/2022:10:58:53 +0800] "GET /xingrg/all/function/internal_message.html?_=1645844235293&CODE_STATE=getMsg HTTP/1.1" 200 27
172.20.0.100 - - [26/Feb/2022:10:58:55 +0800] "GET /xingrg/all/function/internal_message.html?_=1645844332583&CODE_STATE=getMsg HTTP/1.1" 200 27
124.79.79.90 - - [26/Feb/2022:10:58:56 +0800] "GET /xingrg/all/function/internal_message.html?_=1645844332601&CODE_STATE=getMsg HTTP/1.1" 200 27
222.69.132.164 - - [26/Feb/2022:10:59:02 +0800] "GET /xingrg/kc/buy/cgsh_order_operate.html?command=get_materiel&rest_code=00154&code=00101008059&supplier_code=00100417&order_time=2022-02-26 HTTP/1.1" 200 408
36.113.10.2 - - [26/Feb/2022:10:59:07 +0800] "GET /xingrg/all/function/internal_message.html?_=1645844124420&CODE_STATE=getMsg HTTP/1.1" 200 27
180.152.99.73 - - [26/Feb/2022:10:59:07 +0800] "POST /xingrg/all/user/operate.html HTTP/1.1" 200 36
180.152.99.73 - - [26/Feb/2022:10:59:07 +0800] "GET /xingrg/index.html?sysBaseUrl=http%3A%2F%2F180.169.147.146%3A18081%2Fxingrg%2F&costTime=134×tamp=1645835546493 HTTP/1.1" 200 17179
180.152.99.73 - - [26/Feb/2022:10:59:07 +0800] "GET /xingrg/javascript/jquery_easy_ui/themes/default/easyui.css HTTP/1.1" 304 -
180.152.99.73 - - [26/Feb/2022:10:59:07 +0800] "GET /xingrg/javascript/jquery_easy_ui/themes/icon.css HTTP/1.1" 304 -
180.152.99.73 - - [26/Feb/2022:10:59:07 +0800] "GET /xingrg/css/form.css HTTP/1.1" 304 -
180.152.99.73 - - [26/Feb/2022:10:59:07 +0800] "GET /xingrg/javascript/jquery-1.4.2.min.js HTTP/1.1" 304 -
180.152.99.73 - - [26/Feb/2022:10:59:08 +0800] "GET /xingrg/javascript/jquery_easy_ui/jquery.easyui.min.js HTTP/1.1" 304 -
180.152.99.73 - - [26/Feb/2022:10:59:08 +0800] "GET /xingrg/javascript/jquery_easy_ui/easyui-lang-zh_CN.js HTTP/1.1" 304 -
180.152.99.73 - - [26/Feb/2022:10:59:08 +0800] "GET /xingrg/javascript/jquery.form.js HTTP/1.1" 304 -
180.152.99.73 - - [26/Feb/2022:10:59:08 +0800] "GET /xingrg/javascript/jquery.utils.js HTTP/1.1" 304 -
180.152.99.73 - - [26/Feb/2022:10:59:08 +0800] "GET /xingrg/javascript/jquery.timers.js HTTP/1.1" 304 -
180.152.99.73 - - [26/Feb/2022:10:59:08 +0800] "GET /xingrg/images/blue/jxLogo.png HTTP/1.1" 304 -
180.152.99.73 - - [26/Feb/2022:10:59:08 +0800] "GET /xingrg/javascript/jquery_easy_ui/themes/icons/settle_new.png HTTP/1.1" 304 -
180.152.99.73 - - [26/Feb/2022:10:59:08 +0800] "GET /xingrg/images/blue/navBackgound.jpg HTTP/1.1" 304 -
180.152.99.73 - - [26/Feb/2022:10:59:08 +0800] "POST /xingrg/all/common/load_tree.html?tree=area_rest_tree_json&manage=1 HTTP/1.1" 200 476
180.152.99.73 - - [26/Feb/2022:10:59:08 +0800] "GET /xingrg/all/function/internal_message.html?_=1645844347635&CODE_STATE=count HTTP/1.1" 200 11
180.152.99.73 - - [26/Feb/2022:10:59:08 +0800] "GET /xingrg/check_reg.html?_=1645844347637 HTTP/1.1" 200 22
180.152.99.73 - - [26/Feb/2022:10:59:08 +0800] "GET /xingrg/javascript/jquery_easy_ui/themes/default/images/tabs_rightarrow.png HTTP/1.1" 304 -
180.152.99.73 - - [26/Feb/2022:10:59:08 +0800] "POST /xingrg/load_menu.html HTTP/1.1" 200 5138
180.152.99.73 - - [26/Feb/2022:10:59:08 +0800] "GET /xingrg/images/blue/pingpu.png HTTP/1.1" 304 -
180.152.99.73 - - [26/Feb/2022:10:59:08 +0800] "GET /xingrg/javascript/jquery_easy_ui/themes/default/images/tabs_leftarrow.png HTTP/1.1" 304 -
180.152.99.73 - - [26/Feb/2022:10:59:08 +0800] "GET /xingrg/javascript/jquery_easy_ui/themes/default/images/panel_tool_collapse.gif HTTP/1.1" 304 -
180.152.99.73 - - [26/Feb/2022:10:59:08 +0800] "GET /xingrg/javascript/jquery_easy_ui/themes/icons/forms_new.png HTTP/1.1" 304 -
180.152.99.73 - - [26/Feb/2022:10:59:08 +0800] "GET /xingrg/javascript/jquery_easy_ui/themes/icons/storage_new.png HTTP/1.1" 304 -
180.152.99.73 - - [26/Feb/2022:10:59:08 +0800] "GET /xingrg/javascript/jquery_easy_ui/themes/icons/search_new.png HTTP/1.1" 304 -
180.152.99.73 - - [26/Feb/2022:10:59:08 +0800] "GET /xingrg/javascript/jquery_easy_ui/themes/default/images/tree_file.gif HTTP/1.1" 304 -
180.152.99.73 - - [26/Feb/2022:10:59:08 +0800] "GET /xingrg/javascript/jquery_easy_ui/themes/default/images/tree_folder.gif HTTP/1.1" 304 -
180.152.99.73 - - [26/Feb/2022:10:59:08 +0800] "GET /xingrg/javascript/jquery_easy_ui/themes/default/images/tree_arrows.gif HTTP/1.1" 304 -
180.152.99.73 - - [26/Feb/2022:10:59:08 +0800] "GET /xingrg/javascript/jquery_easy_ui/themes/default/images/tree_folder_open.gif HTTP/1.1" 304 -
124.78.159.88 - - [26/Feb/2022:10:59:09 +0800] "GET /xingrg/check_reg.html?_=1645844349466 HTTP/1.1" 200 22
180.152.99.73 - - [26/Feb/2022:10:59:10 +0800] "GET /xingrg/kc/buy/cgsh_order_list.html HTTP/1.1" 200 49792
124.79.79.90 - - [26/Feb/2022:10:59:10 +0800] "GET /xingrg/check_reg.html?_=1645844347045 HTTP/1.1" 200 22
124.79.244.81 - - [26/Feb/2022:10:59:10 +0800] "GET /xingrg/all/function/internal_message.html?_=1645844500271&CODE_STATE=getMsg HTTP/1.1" 200 27
180.152.99.73 - - [26/Feb/2022:10:59:10 +0800] "POST /xingrg/kc/buy/cgsh_list_operate.html HTTP/1.1" 200 876
180.152.99.73 - - [26/Feb/2022:10:59:11 +0800] "GET /xingrg/kc/buy/cgsh_order_add.html HTTP/1.1" 200 65479
101.85.120.86 - - [26/Feb/2022:10:59:11 +0800] "GET /xingrg/all/function/internal_message.html?_=1645844347676&CODE_STATE=getMsg HTTP/1.1" 200 27
180.152.99.73 - - [26/Feb/2022:10:59:11 +0800] "GET /xingrg/javascript/easyui/themes/default/validatebox.css HTTP/1.1" 404 1104
180.152.99.73 - - [26/Feb/2022:10:59:11 +0800] "POST /xingrg/kc/buy/cgsh_order_operate.html HTTP/1.1" 200 8245
180.152.99.73 - - [26/Feb/2022:10:59:14 +0800] "GET /xingrg/javascript/auto/indicator.gif HTTP/1.1" 404 1066
222.69.132.164 - - [26/Feb/2022:10:59:16 +0800] "GET /xingrg/kc/buy/cgsh_order_operate.html?command=get_materiel&rest_code=00154&code=00101008286&supplier_code=00100417&order_time=2022-02-26 HTTP/1.1" 200 428
114.86.230.56 - - [26/Feb/2022:10:59:17 +0800] "GET /xingrg/all/function/internal_message.html?_=1645844357196&CODE_STATE=getMsg HTTP/1.1" 200 27
180.169.147.146 - - [26/Feb/2022:10:59:18 +0800] "GET /xingrg/all/function/internal_message.html?_=1645844360884&CODE_STATE=getMsg HTTP/1.1" 200 27
222.69.132.164 - - [26/Feb/2022:10:59:19 +0800] "GET /xingrg/all/function/internal_message.html?_=1645844437330&CODE_STATE=getMsg HTTP/1.1" 200 27
58.39.168.32 - - [26/Feb/2022:10:59:20 +0800] "GET /xingrg/kc/buy/cgsh_order_operate.html?command=get_materiel&rest_code=00105&code=00101008131&supplier_code=00100203&order_time=2022-02-26 HTTP/1.1" 200 428
36.113.10.2 - - [26/Feb/2022:10:59:20 +0800] "GET /xingrg/kc/buy/cgsh_order_add.html HTTP/1.1" 200 65602
180.152.99.73 - - [26/Feb/2022:10:59:21 +0800] "GET /xingrg/kc/buy/cgsh_order_operate.html?command=get_materiel&rest_code=00150&code=00101029005&supplier_code=00100017&order_time=2022-02-26 HTTP/1.1" 200 435
36.113.10.2 - - [26/Feb/2022:10:59:21 +0800] "POST /xingrg/kc/buy/cgsh_order_operate.html HTTP/1.1" 200 8245
36.113.10.2 - - [26/Feb/2022:10:59:21 +0800] "GET /xingrg/javascript/easyui/themes/default/validatebox.css HTTP/1.1" 404 1104
101.85.54.103 - - [26/Feb/2022:10:59:22 +0800] "GET /xingrg/all/function/internal_message.html?_=1645844352069&CODE_STATE=getMsg HTTP/1.1" 200 27
222.70.223.103 - - [26/Feb/2022:10:59:23 +0800] "GET /xingrg/all/function/internal_message.html?_=1645844359159&CODE_STATE=getMsg HTTP/1.1" 200 27
222.70.243.96 - - [26/Feb/2022:10:59:27 +0800] "GET /xingrg/all/function/internal_message.html?_=1645844384523&CODE_STATE=getMsg HTTP/1.1" 302 -
114.83.220.123 - - [26/Feb/2022:10:59:28 +0800] "GET /xingrg/all/function/internal_message.html?_=1645844364013&CODE_STATE=getMsg HTTP/1.1" 200 27
222.69.132.164 - - [26/Feb/2022:10:59:33 +0800] "GET /xingrg/kc/buy/cgsh_order_operate.html?command=get_materiel&rest_code=00154&code=00101008024&supplier_code=00100417&order_time=2022-02-26 HTTP/1.1" 200 408
222.70.243.96 - - [26/Feb/2022:10:59:38 +0800] "GET /xingrg/check_reg.html?_=1645844395963 HTTP/1.1" 302 -
222.70.243.96 - - [26/Feb/2022:10:59:39 +0800] "GET /xingrg/check_reg.html?_=1645844398789 HTTP/1.1" 200 22
222.70.243.96 - - [26/Feb/2022:10:59:39 +0800] "GET /xingrg/all/function/internal_message.html?_=1645844399132&CODE_STATE=getMsg HTTP/1.1" 200 27
222.70.180.114 - - [26/Feb/2022:10:59:40 +0800] "GET /xingrg/all/function/internal_message.html?_=1645844376296&CODE_STATE=getMsg HTTP/1.1" 200 27
180.152.99.73 - - [26/Feb/2022:10:59:40 +0800] "GET /xingrg/kc/buy/cgsh_order_operate.html?command=get_materiel&rest_code=00150&code=00101029002&supplier_code=00100017&order_time=2022-02-26 HTTP/1.1" 200 450
58.39.168.32 - - [26/Feb/2022:10:59:41 +0800] "GET /xingrg/all/function/internal_message.html?_=1645844316370&CODE_STATE=getMsg HTTP/1.1" 200 27
114.83.220.123 - - [26/Feb/2022:10:59:41 +0800] "POST /xingrg/services/DataTransmitService HTTP/1.1" 200 524
114.83.220.123 - - [26/Feb/2022:10:59:41 +0800] "POST /xingrg/services/DataTransmitService HTTP/1.1" 200 501
124.78.159.88 - - [26/Feb/2022:10:59:42 +0800] "GET /xingrg/check_reg.html?_=1645844382332 HTTP/1.1" 200 22
124.78.159.88 - - [26/Feb/2022:10:59:42 +0800] "GET /xingrg/all/function/internal_message.html?_=1645844382362&CODE_STATE=getMsg HTTP/1.1" 200 27
116.228.172.94 - - [26/Feb/2022:10:59:42 +0800] "GET /xingrg/all/function/internal_message.html?_=1645844370336&CODE_STATE=getMsg HTTP/1.1" 200 27
58.39.168.32 - - [26/Feb/2022:10:59:45 +0800] "GET /xingrg/kc/buy/cgsh_order_operate.html?command=get_materiel&rest_code=00105&code=00101008352&supplier_code=00100203&order_time=2022-02-26 HTTP/1.1" 200 432
222.69.132.164 - - [26/Feb/2022:10:59:46 +0800] "GET /xingrg/kc/buy/cgsh_order_operate.html?command=get_materiel&rest_code=00154&code=00101008356&supplier_code=00100417&order_time=2022-02-26 HTTP/1.1" 200 428
