180.152.99.73 - - [26/Feb/2022:09:17:52 +0800] "GET /xingrg/kc/buy/cgsh_order_operate.html?command=get_materiel&rest_code=00150&code=00101007059&supplier_code=00100096&order_time=2022-02-26 HTTP/1.1" 200 429
172.20.0.100 - - [26/Feb/2022:09:17:55 +0800] "GET /xingrg/all/function/internal_message.html?_=1645838272591&CODE_STATE=getMsg HTTP/1.1" 200 27
124.79.79.90 - - [26/Feb/2022:09:17:58 +0800] "GET /xingrg/all/function/internal_message.html?_=1645838274743&CODE_STATE=getMsg HTTP/1.1" 200 27
114.83.220.123 - - [26/Feb/2022:09:18:04 +0800] "GET /xingrg/kc/buy/cgsh_order_operate.html?command=get_materiel&rest_code=00149&code=00101019224&supplier_code=00100005&order_time=2022-02-26 HTTP/1.1" 200 408
124.79.244.81 - - [26/Feb/2022:09:18:10 +0800] "GET /xingrg/all/function/internal_message.html?_=1645838440186&CODE_STATE=getMsg HTTP/1.1" 200 27
114.83.220.123 - - [26/Feb/2022:09:18:13 +0800] "GET /xingrg/kc/buy/cgsh_order_operate.html?command=get_materiel&rest_code=00149&code=00101008161&supplier_code=00100005&order_time=2022-02-26 HTTP/1.1" 200 409
180.152.99.73 - - [26/Feb/2022:09:18:17 +0800] "GET /xingrg/kc/buy/cgsh_order_operate.html?command=get_materiel&rest_code=00150&code=00101007077&supplier_code=00100096&order_time=2022-02-26 HTTP/1.1" 200 436
180.169.147.146 - - [26/Feb/2022:09:18:18 +0800] "GET /xingrg/all/function/internal_message.html?_=1645838300757&CODE_STATE=getMsg HTTP/1.1" 200 27
114.83.220.123 - - [26/Feb/2022:09:18:22 +0800] "GET /xingrg/all/function/internal_message.html?_=1645838298511&CODE_STATE=getMsg HTTP/1.1" 200 27
222.70.243.96 - - [26/Feb/2022:09:18:25 +0800] "GET /xingrg/all/function/internal_message.html?_=1645838322298&CODE_STATE=getMsg HTTP/1.1" 302 -
180.152.99.73 - - [26/Feb/2022:09:18:26 +0800] "GET /xingrg/all/function/internal_message.html?_=1645838305578&CODE_STATE=getMsg HTTP/1.1" 200 27
114.83.220.123 - - [26/Feb/2022:09:18:30 +0800] "GET /xingrg/kc/buy/cgsh_order_operate.html?command=get_materiel&rest_code=00149&code=00101013132&supplier_code=00100005&order_time=2022-02-26 HTTP/1.1" 200 412
222.70.243.96 - - [26/Feb/2022:09:18:32 +0800] "GET /xingrg/kc/buy/cgsh_order_operate.html?command=get_materiel&rest_code=00146&code=00101008307&supplier_code=00100005&order_time=2022-02-26 HTTP/1.1" 200 439
180.152.99.39 - - [26/Feb/2022:09:18:38 +0800] "GET /xingrg/check_reg.html?_=1645838221096 HTTP/1.1" 200 22
58.39.168.32 - - [26/Feb/2022:09:18:40 +0800] "GET /xingrg/check_reg.html?_=1645838256299 HTTP/1.1" 200 22
58.39.168.32 - - [26/Feb/2022:09:18:40 +0800] "GET /xingrg/all/function/internal_message.html?_=1645838256302&CODE_STATE=getMsg HTTP/1.1" 200 27
180.152.99.39 - - [26/Feb/2022:09:18:41 +0800] "GET /xingrg/all/function/internal_message.html?_=1645838223530&CODE_STATE=getMsg HTTP/1.1" 200 27
222.70.180.114 - - [26/Feb/2022:09:18:42 +0800] "GET /xingrg/all/function/internal_message.html?_=1645838317935&CODE_STATE=getMsg HTTP/1.1" 200 27
114.83.220.123 - - [26/Feb/2022:09:18:42 +0800] "POST /xingrg/kc/buy/cgsh_order_operate.html HTTP/1.1" 200 2065
222.70.243.96 - - [26/Feb/2022:09:18:45 +0800] "POST /xingrg/kc/buy/cgsh_order_operate.html HTTP/1.1" 200 2065
222.70.243.96 - - [26/Feb/2022:09:18:53 +0800] "GET /xingrg/kc/buy/cgsh_order_operate.html?command=get_materiel&rest_code=00146&code=00101009122&supplier_code=00100005&order_time=2022-02-26 HTTP/1.1" 200 391
172.20.0.100 - - [26/Feb/2022:09:18:55 +0800] "GET /xingrg/all/function/internal_message.html?_=1645838332580&CODE_STATE=getMsg HTTP/1.1" 200 27
180.152.99.73 - - [26/Feb/2022:09:18:55 +0800] "POST /xingrg/kc/buy/cgsh_order_operate.html HTTP/1.1" 200 37
114.83.220.123 - - [26/Feb/2022:09:18:56 +0800] "GET /xingrg/kc/buy/cgsh_order_operate.html?command=get_materiel&rest_code=00149&code=00101015112&supplier_code=00100005&order_time=2022-02-26 HTTP/1.1" 200 403
124.79.79.90 - - [26/Feb/2022:09:18:58 +0800] "GET /xingrg/all/function/internal_message.html?_=1645838334730&CODE_STATE=getMsg HTTP/1.1" 200 27
180.152.99.73 - - [26/Feb/2022:09:18:58 +0800] "POST /xingrg/kc/buy/cgsh_order_operate.html HTTP/1.1" 200 12
180.152.99.73 - - [26/Feb/2022:09:19:02 +0800] "GET /xingrg/kc/buy/cgsh_order_info.html?code=212022022608348 HTTP/1.1" 200 60378
180.152.99.73 - - [26/Feb/2022:09:19:02 +0800] "GET /xingrg/javascript/easyui/themes/default/validatebox.css HTTP/1.1" 404 1104
180.152.99.73 - - [26/Feb/2022:09:19:03 +0800] "POST /xingrg/kc/buy/cgsh_order_operate.html HTTP/1.1" 200 4746
180.152.99.73 - - [26/Feb/2022:09:19:04 +0800] "GET /xingrg/kc/print/load_data.html?order_code=212022022608348&kc_code=cgsh&condition= HTTP/1.1" 200 2254
180.152.99.73 - - [26/Feb/2022:09:19:10 +0800] "POST /xingrg/all/user/operate.html HTTP/1.1" 200 36
180.152.99.73 - - [26/Feb/2022:09:19:10 +0800] "GET /xingrg/index.html?sysBaseUrl=http%3A%2F%2F180.169.147.146%3A18081%2Fxingrg%2F&costTime=134×tamp=1645835546493 HTTP/1.1" 200 17177
124.79.79.90 - - [26/Feb/2022:09:19:10 +0800] "GET /xingrg/check_reg.html?_=1645838347046 HTTP/1.1" 200 22
180.152.99.73 - - [26/Feb/2022:09:19:10 +0800] "GET /xingrg/javascript/jquery_easy_ui/themes/default/easyui.css HTTP/1.1" 304 -
124.79.244.81 - - [26/Feb/2022:09:19:10 +0800] "GET /xingrg/all/function/internal_message.html?_=1645838500185&CODE_STATE=getMsg HTTP/1.1" 200 27
180.152.99.73 - - [26/Feb/2022:09:19:10 +0800] "GET /xingrg/javascript/jquery_easy_ui/themes/icon.css HTTP/1.1" 304 -
180.152.99.73 - - [26/Feb/2022:09:19:10 +0800] "GET /xingrg/css/form.css HTTP/1.1" 304 -
180.152.99.73 - - [26/Feb/2022:09:19:10 +0800] "GET /xingrg/javascript/jquery-1.4.2.min.js HTTP/1.1" 304 -
180.152.99.73 - - [26/Feb/2022:09:19:10 +0800] "GET /xingrg/javascript/jquery_easy_ui/jquery.easyui.min.js HTTP/1.1" 304 -
180.152.99.73 - - [26/Feb/2022:09:19:10 +0800] "GET /xingrg/javascript/jquery_easy_ui/easyui-lang-zh_CN.js HTTP/1.1" 304 -
180.152.99.73 - - [26/Feb/2022:09:19:10 +0800] "GET /xingrg/javascript/jquery.form.js HTTP/1.1" 304 -
180.152.99.73 - - [26/Feb/2022:09:19:10 +0800] "GET /xingrg/javascript/jquery.utils.js HTTP/1.1" 304 -
180.152.99.73 - - [26/Feb/2022:09:19:10 +0800] "GET /xingrg/javascript/jquery.timers.js HTTP/1.1" 304 -
180.152.99.73 - - [26/Feb/2022:09:19:10 +0800] "GET /xingrg/images/blue/jxLogo.png HTTP/1.1" 304 -
180.152.99.73 - - [26/Feb/2022:09:19:10 +0800] "GET /xingrg/javascript/jquery_easy_ui/themes/icons/settle_new.png HTTP/1.1" 304 -
180.152.99.73 - - [26/Feb/2022:09:19:10 +0800] "GET /xingrg/images/blue/navBackgound.jpg HTTP/1.1" 304 -
180.152.99.73 - - [26/Feb/2022:09:19:10 +0800] "POST /xingrg/all/common/load_tree.html?tree=area_rest_tree_json&manage=1 HTTP/1.1" 200 476
180.152.99.73 - - [26/Feb/2022:09:19:10 +0800] "GET /xingrg/all/function/internal_message.html?_=1645838350238&CODE_STATE=count HTTP/1.1" 200 11
180.152.99.73 - - [26/Feb/2022:09:19:10 +0800] "GET /xingrg/check_reg.html?_=1645838350239 HTTP/1.1" 200 22
180.152.99.73 - - [26/Feb/2022:09:19:10 +0800] "GET /xingrg/javascript/jquery_easy_ui/themes/default/images/tabs_leftarrow.png HTTP/1.1" 304 -
180.152.99.73 - - [26/Feb/2022:09:19:10 +0800] "GET /xingrg/javascript/jquery_easy_ui/themes/default/images/panel_tool_collapse.gif HTTP/1.1" 304 -
180.152.99.73 - - [26/Feb/2022:09:19:10 +0800] "POST /xingrg/load_menu.html HTTP/1.1" 200 5138
180.152.99.73 - - [26/Feb/2022:09:19:10 +0800] "GET /xingrg/images/blue/pingpu.png HTTP/1.1" 304 -
180.152.99.73 - - [26/Feb/2022:09:19:10 +0800] "GET /xingrg/javascript/jquery_easy_ui/themes/default/images/tabs_rightarrow.png HTTP/1.1" 304 -
180.152.99.73 - - [26/Feb/2022:09:19:10 +0800] "GET /xingrg/javascript/jquery_easy_ui/themes/icons/search_new.png HTTP/1.1" 304 -
180.152.99.73 - - [26/Feb/2022:09:19:10 +0800] "GET /xingrg/javascript/jquery_easy_ui/themes/icons/forms_new.png HTTP/1.1" 304 -
180.152.99.73 - - [26/Feb/2022:09:19:10 +0800] "GET /xingrg/javascript/jquery_easy_ui/themes/default/images/tree_folder.gif HTTP/1.1" 304 -
180.152.99.73 - - [26/Feb/2022:09:19:10 +0800] "GET /xingrg/javascript/jquery_easy_ui/themes/default/images/tree_arrows.gif HTTP/1.1" 304 -
180.152.99.73 - - [26/Feb/2022:09:19:10 +0800] "GET /xingrg/javascript/jquery_easy_ui/themes/default/images/tree_folder_open.gif HTTP/1.1" 304 -
180.152.99.73 - - [26/Feb/2022:09:19:10 +0800] "GET /xingrg/javascript/jquery_easy_ui/themes/default/images/tree_file.gif HTTP/1.1" 304 -
180.152.99.73 - - [26/Feb/2022:09:19:10 +0800] "GET /xingrg/javascript/jquery_easy_ui/themes/icons/storage_new.png HTTP/1.1" 304 -
180.152.99.73 - - [26/Feb/2022:09:19:12 +0800] "GET /xingrg/kc/buy/cgsh_order_list.html HTTP/1.1" 200 49790
180.152.99.73 - - [26/Feb/2022:09:19:15 +0800] "POST /xingrg/kc/buy/cgsh_list_operate.html HTTP/1.1" 200 2052
180.152.99.73 - - [26/Feb/2022:09:19:16 +0800] "GET /xingrg/kc/buy/cgsh_order_add.html HTTP/1.1" 200 65159
180.152.99.73 - - [26/Feb/2022:09:19:17 +0800] "GET /xingrg/javascript/easyui/themes/default/validatebox.css HTTP/1.1" 404 1104
180.152.99.73 - - [26/Feb/2022:09:19:17 +0800] "POST /xingrg/kc/buy/cgsh_order_operate.html HTTP/1.1" 200 8245
180.152.99.73 - - [26/Feb/2022:09:19:18 +0800] "GET /xingrg/javascript/auto/indicator.gif HTTP/1.1" 404 1066
180.169.147.146 - - [26/Feb/2022:09:19:18 +0800] "GET /xingrg/all/function/internal_message.html?_=1645838360757&CODE_STATE=getMsg HTTP/1.1" 200 27
114.83.220.123 - - [26/Feb/2022:09:19:22 +0800] "GET /xingrg/all/function/internal_message.html?_=1645838358513&CODE_STATE=getMsg HTTP/1.1" 200 27
180.152.99.73 - - [26/Feb/2022:09:19:24 +0800] "GET /xingrg/kc/buy/cgsh_order_operate.html?command=get_materiel&rest_code=00151&code=00101011005&supplier_code=00100047&order_time=2022-02-26 HTTP/1.1" 200 428
222.70.243.96 - - [26/Feb/2022:09:19:25 +0800] "GET /xingrg/all/function/internal_message.html?_=1645838382338&CODE_STATE=getMsg HTTP/1.1" 302 -
180.152.99.73 - - [26/Feb/2022:09:19:34 +0800] "GET /xingrg/kc/buy/cgsh_order_operate.html?command=get_materiel&rest_code=00151&code=00101011001&supplier_code=00100047&order_time=2022-02-26 HTTP/1.1" 200 443
222.70.243.96 - - [26/Feb/2022:09:19:38 +0800] "GET /xingrg/check_reg.html?_=1645838395654 HTTP/1.1" 302 -
180.152.99.73 - - [26/Feb/2022:09:19:40 +0800] "POST /xingrg/kc/buy/cgsh_order_operate.html HTTP/1.1" 200 37
58.39.168.32 - - [26/Feb/2022:09:19:40 +0800] "GET /xingrg/all/function/internal_message.html?_=1645838316301&CODE_STATE=getMsg HTTP/1.1" 200 27
180.152.99.39 - - [26/Feb/2022:09:19:41 +0800] "GET /xingrg/all/function/internal_message.html?_=1645838283544&CODE_STATE=getMsg HTTP/1.1" 200 27
222.70.180.114 - - [26/Feb/2022:09:19:42 +0800] "GET /xingrg/all/function/internal_message.html?_=1645838377918&CODE_STATE=getMsg HTTP/1.1" 200 27
180.152.99.73 - - [26/Feb/2022:09:19:43 +0800] "POST /xingrg/kc/buy/cgsh_order_operate.html HTTP/1.1" 200 12
180.152.99.73 - - [26/Feb/2022:09:19:43 +0800] "GET /xingrg/kc/buy/cgsh_order_info.html?code=212022022608349 HTTP/1.1" 200 60068
180.152.99.73 - - [26/Feb/2022:09:19:44 +0800] "GET /xingrg/javascript/easyui/themes/default/validatebox.css HTTP/1.1" 404 1104
180.152.99.73 - - [26/Feb/2022:09:19:44 +0800] "POST /xingrg/kc/buy/cgsh_order_operate.html HTTP/1.1" 200 1222
180.152.99.73 - - [26/Feb/2022:09:19:45 +0800] "GET /xingrg/kc/print/load_data.html?order_code=212022022608349&kc_code=cgsh&condition= HTTP/1.1" 200 1005
180.152.99.73 - - [26/Feb/2022:09:19:49 +0800] "GET /xingrg/kc/buy/cgsh_order_add.html HTTP/1.1" 200 65159
180.152.99.73 - - [26/Feb/2022:09:19:50 +0800] "GET /xingrg/javascript/easyui/themes/default/validatebox.css HTTP/1.1" 404 1104
180.152.99.73 - - [26/Feb/2022:09:19:50 +0800] "POST /xingrg/kc/buy/cgsh_order_operate.html HTTP/1.1" 200 8245
172.20.0.100 - - [26/Feb/2022:09:19:55 +0800] "GET /xingrg/all/function/internal_message.html?_=1645838392584&CODE_STATE=getMsg HTTP/1.1" 200 27
172.20.0.100 - - [26/Feb/2022:09:19:55 +0800] "GET /xingrg/check_reg.html?_=1645838392594 HTTP/1.1" 200 22
124.79.79.90 - - [26/Feb/2022:09:19:58 +0800] "GET /xingrg/all/function/internal_message.html?_=1645838394704&CODE_STATE=getMsg HTTP/1.1" 200 27
180.152.99.73 - - [26/Feb/2022:09:20:03 +0800] "GET /xingrg/kc/buy/cgsh_order_operate.html?command=get_materiel&rest_code=00151&code=00101001084&supplier_code=00100096&order_time=2022-02-26 HTTP/1.1" 200 415
114.83.220.123 - - [26/Feb/2022:09:20:04 +0800] "GET /xingrg/kc/buy/cgsh_order_operate.html?command=get_materiel&rest_code=00149&code=00101008357&supplier_code=00100005&order_time=2022-02-26 HTTP/1.1" 200 428
124.79.244.81 - - [26/Feb/2022:09:20:10 +0800] "GET /xingrg/all/function/internal_message.html?_=1645838560185&CODE_STATE=getMsg HTTP/1.1" 200 27
180.152.99.73 - - [26/Feb/2022:09:20:10 +0800] "GET /xingrg/all/function/internal_message.html?_=1645838410293&CODE_STATE=getMsg HTTP/1.1" 200 27
114.83.220.123 - - [26/Feb/2022:09:20:13 +0800] "GET /xingrg/kc/buy/cgsh_order_operate.html?command=get_materiel&rest_code=00149&code=00101008069&supplier_code=00100005&order_time=2022-02-26 HTTP/1.1" 200 432
116.224.122.7 - - [26/Feb/2022:09:20:14 +0800] "GET /xingrg/check_reg.html?_=1645838447378 HTTP/1.1" 200 22
222.70.243.96 - - [26/Feb/2022:09:20:16 +0800] "GET /xingrg/kc/buy/cgsh_order_operate.html?command=get_materiel&rest_code=00146&code=00101009118&supplier_code=00100005&order_time=2022-02-26 HTTP/1.1" 200 410
222.70.243.96 - - [26/Feb/2022:09:20:17 +0800] "GET /xingrg/check_reg.html?_=1645838436934 HTTP/1.1" 200 22
180.169.147.146 - - [26/Feb/2022:09:20:18 +0800] "GET /xingrg/all/function/internal_message.html?_=1645838420758&CODE_STATE=getMsg HTTP/1.1" 200 27
180.152.99.73 - - [26/Feb/2022:09:20:18 +0800] "GET /xingrg/kc/buy/cgsh_order_operate.html?command=get_materiel&rest_code=00151&code=00101012019&supplier_code=00100096&order_time=2022-02-26 HTTP/1.1" 200 412
114.83.220.123 - - [26/Feb/2022:09:20:22 +0800] "GET /xingrg/kc/buy/cgsh_order_operate.html?command=get_materiel&rest_code=00149&code=00101008286&supplier_code=00100005&order_time=2022-02-26 HTTP/1.1" 200 428
114.83.220.123 - - [26/Feb/2022:09:20:22 +0800] "GET /xingrg/all/function/internal_message.html?_=1645838418525&CODE_STATE=getMsg HTTP/1.1" 200 27
180.152.99.73 - - [26/Feb/2022:09:20:24 +0800] "GET /xingrg/kc/buy/cgsh_order_operate.html?command=get_materiel&rest_code=00151&code=00101012059&supplier_code=00100096&order_time=2022-02-26 HTTP/1.1" 200 412
222.70.243.96 - - [26/Feb/2022:09:20:25 +0800] "GET /xingrg/all/function/internal_message.html?_=1645838442341&CODE_STATE=getMsg HTTP/1.1" 302 -
114.83.220.123 - - [26/Feb/2022:09:20:32 +0800] "GET /xingrg/kc/buy/cgsh_order_operate.html?command=get_materiel&rest_code=00149&code=00101008036&supplier_code=00100005&order_time=2022-02-26 HTTP/1.1" 200 428
180.152.99.73 - - [26/Feb/2022:09:20:34 +0800] "GET /xingrg/kc/buy/cgsh_order_operate.html?command=get_materiel&rest_code=00151&code=00101006013&supplier_code=00100096&order_time=2022-02-26 HTTP/1.1" 200 411
114.83.220.123 - - [26/Feb/2022:09:20:35 +0800] "POST /xingrg/kc/buy/cgsh_order_operate.html HTTP/1.1" 200 2065
116.224.122.7 - - [26/Feb/2022:09:20:39 +0800] "POST /xingrg/services/DataTransmitService HTTP/1.1" 200 524
58.39.168.32 - - [26/Feb/2022:09:20:40 +0800] "GET /xingrg/all/function/internal_message.html?_=1645838376300&CODE_STATE=getMsg HTTP/1.1" 200 27
180.152.99.39 - - [26/Feb/2022:09:20:41 +0800] "GET /xingrg/all/function/internal_message.html?_=1645838343557&CODE_STATE=getMsg HTTP/1.1" 200 27
222.70.180.114 - - [26/Feb/2022:09:20:42 +0800] "GET /xingrg/all/function/internal_message.html?_=1645838437902&CODE_STATE=getMsg HTTP/1.1" 200 27
120.253.135.82 - - [26/Feb/2022:09:20:42 +0800] "GET /xingrg/check_reg.html?_=1645838236447 HTTP/1.1" 200 22
222.70.180.114 - - [26/Feb/2022:09:20:42 +0800] "GET /xingrg/check_reg.html?_=1645838438235 HTTP/1.1" 200 22
180.152.99.73 - - [26/Feb/2022:09:20:45 +0800] "GET /xingrg/kc/buy/cgsh_order_operate.html?command=get_materiel&rest_code=00151&code=00101006112&supplier_code=00100096&order_time=2022-02-26 HTTP/1.1" 200 409
114.83.220.123 - - [26/Feb/2022:09:20:49 +0800] "GET /xingrg/kc/buy/cgsh_order_operate.html?command=get_materiel&rest_code=00149&code=00101008131&supplier_code=00100005&order_time=2022-02-26 HTTP/1.1" 200 428
172.20.0.100 - - [26/Feb/2022:09:20:55 +0800] "GET /xingrg/all/function/internal_message.html?_=1645838452580&CODE_STATE=getMsg HTTP/1.1" 200 27
180.152.99.73 - - [26/Feb/2022:09:20:55 +0800] "GET /xingrg/kc/buy/cgsh_order_operate.html?command=get_materiel&rest_code=00151&code=00101016104&supplier_code=00100096&order_time=2022-02-26 HTTP/1.1" 200 408
124.79.79.90 - - [26/Feb/2022:09:20:58 +0800] "GET /xingrg/all/function/internal_message.html?_=1645838454691&CODE_STATE=getMsg HTTP/1.1" 200 27
114.83.220.123 - - [26/Feb/2022:09:21:01 +0800] "GET /xingrg/kc/buy/cgsh_order_operate.html?command=get_materiel&rest_code=00149&code=00101008296&supplier_code=00100005&order_time=2022-02-26 HTTP/1.1" 200 436
180.152.99.73 - - [26/Feb/2022:09:21:01 +0800] "GET /xingrg/kc/buy/cgsh_order_operate.html?command=get_materiel&rest_code=00151&code=00101006084&supplier_code=00100096&order_time=2022-02-26 HTTP/1.1" 200 435
222.70.243.96 - - [26/Feb/2022:09:21:05 +0800] "POST /xingrg/kc/buy/cgsh_order_operate.html HTTP/1.1" 200 37
222.70.243.96 - - [26/Feb/2022:09:21:07 +0800] "POST /xingrg/kc/buy/cgsh_order_operate.html HTTP/1.1" 200 45236
124.79.244.81 - - [26/Feb/2022:09:21:10 +0800] "GET /xingrg/all/function/internal_message.html?_=1645838620182&CODE_STATE=getMsg HTTP/1.1" 200 27
180.152.99.73 - - [26/Feb/2022:09:21:10 +0800] "GET /xingrg/all/function/internal_message.html?_=1645838470271&CODE_STATE=getMsg HTTP/1.1" 200 27
114.83.220.123 - - [26/Feb/2022:09:21:12 +0800] "GET /xingrg/kc/buy/cgsh_order_operate.html?command=get_materiel&rest_code=00149&code=00101008318&supplier_code=00100005&order_time=2022-02-26 HTTP/1.1" 200 408
180.152.99.73 - - [26/Feb/2022:09:21:14 +0800] "GET /xingrg/kc/buy/cgsh_order_operate.html?command=get_materiel&rest_code=00151&code=00101007125&supplier_code=00100096&order_time=2022-02-26 HTTP/1.1" 200 408
180.169.147.146 - - [26/Feb/2022:09:21:18 +0800] "GET /xingrg/all/function/internal_message.html?_=1645838480768&CODE_STATE=getMsg HTTP/1.1" 200 27
180.169.147.146 - - [26/Feb/2022:09:21:18 +0800] "GET /xingrg/check_reg.html?_=1645838480758 HTTP/1.1" 200 22
114.83.220.123 - - [26/Feb/2022:09:21:22 +0800] "GET /xingrg/kc/buy/cgsh_order_operate.html?command=get_materiel&rest_code=00149&code=00101008352&supplier_code=00100005&order_time=2022-02-26 HTTP/1.1" 200 432
114.83.220.123 - - [26/Feb/2022:09:21:22 +0800] "GET /xingrg/all/function/internal_message.html?_=1645838478649&CODE_STATE=getMsg HTTP/1.1" 200 27
114.83.220.123 - - [26/Feb/2022:09:21:24 +0800] "POST /xingrg/kc/buy/cgsh_order_operate.html HTTP/1.1" 200 2065
222.70.243.96 - - [26/Feb/2022:09:21:25 +0800] "GET /xingrg/all/function/internal_message.html?_=1645838502381&CODE_STATE=getMsg HTTP/1.1" 302 -
114.83.220.123 - - [26/Feb/2022:09:21:32 +0800] "GET /xingrg/kc/buy/cgsh_order_operate.html?command=get_materiel&rest_code=00149&code=00101008005&supplier_code=00100005&order_time=2022-02-26 HTTP/1.1" 200 433
222.70.243.96 - - [26/Feb/2022:09:21:37 +0800] "GET /xingrg/kc/print/load_config.html?kc_code=cgsh HTTP/1.1" 200 1943
180.152.99.73 - - [26/Feb/2022:09:21:39 +0800] "POST /xingrg/kc/buy/cgsh_order_operate.html HTTP/1.1" 200 37
222.70.243.96 - - [26/Feb/2022:09:21:39 +0800] "GET /xingrg/kc/print/load_data.html?order_code=212022022608337&kc_code=cgsh&condition= HTTP/1.1" 200 16810
58.39.168.32 - - [26/Feb/2022:09:21:40 +0800] "GET /xingrg/all/function/internal_message.html?_=1645838436300&CODE_STATE=getMsg HTTP/1.1" 200 27
180.152.99.39 - - [26/Feb/2022:09:21:41 +0800] "GET /xingrg/all/function/internal_message.html?_=1645838403588&CODE_STATE=getMsg HTTP/1.1" 200 27
222.70.180.114 - - [26/Feb/2022:09:21:42 +0800] "GET /xingrg/all/function/internal_message.html?_=1645838497875&CODE_STATE=getMsg HTTP/1.1" 200 27
180.152.99.73 - - [26/Feb/2022:09:21:42 +0800] "POST /xingrg/kc/buy/cgsh_order_operate.html HTTP/1.1" 200 12
180.152.99.73 - - [26/Feb/2022:09:21:44 +0800] "GET /xingrg/kc/buy/cgsh_order_info.html?code=212022022608350 HTTP/1.1" 200 60058
180.152.99.73 - - [26/Feb/2022:09:21:44 +0800] "GET /xingrg/javascript/easyui/themes/default/validatebox.css HTTP/1.1" 404 1104
180.152.99.73 - - [26/Feb/2022:09:21:45 +0800] "POST /xingrg/kc/buy/cgsh_order_operate.html HTTP/1.1" 200 4805
180.152.99.73 - - [26/Feb/2022:09:21:46 +0800] "GET /xingrg/kc/print/load_data.html?order_code=212022022608350&kc_code=cgsh&condition= HTTP/1.1" 200 2309
114.83.220.123 - - [26/Feb/2022:09:21:50 +0800] "POST /xingrg/services/DataTransmitService HTTP/1.1" 200 524
114.83.220.123 - - [26/Feb/2022:09:21:50 +0800] "POST /xingrg/services/DataTransmitService HTTP/1.1" 200 1983
172.20.0.100 - - [26/Feb/2022:09:21:55 +0800] "GET /xingrg/all/function/internal_message.html?_=1645838512584&CODE_STATE=getMsg HTTP/1.1" 200 27
180.152.99.73 - - [26/Feb/2022:09:21:57 +0800] "GET /xingrg/kc/buy/cgsh_order_add.html HTTP/1.1" 200 65159
180.152.99.73 - - [26/Feb/2022:09:21:57 +0800] "POST /xingrg/kc/buy/cgsh_order_operate.html HTTP/1.1" 200 8245
180.152.99.73 - - [26/Feb/2022:09:21:58 +0800] "GET /xingrg/javascript/easyui/themes/default/validatebox.css HTTP/1.1" 404 1104
124.79.79.90 - - [26/Feb/2022:09:21:58 +0800] "GET /xingrg/all/function/internal_message.html?_=1645838514661&CODE_STATE=getMsg HTTP/1.1" 200 27
114.83.220.123 - - [26/Feb/2022:09:21:58 +0800] "POST /xingrg/kc/buy/cgsh_order_operate.html HTTP/1.1" 200 37
114.83.220.123 - - [26/Feb/2022:09:21:59 +0800] "POST /xingrg/services/DataTransmitService HTTP/1.1" 200 524
114.83.220.123 - - [26/Feb/2022:09:22:02 +0800] "POST /xingrg/kc/buy/cgsh_order_operate.html HTTP/1.1" 200 36387
124.79.244.81 - - [26/Feb/2022:09:22:10 +0800] "GET /xingrg/check_reg.html?_=1645838680181 HTTP/1.1" 200 22
124.79.244.81 - - [26/Feb/2022:09:22:10 +0800] "GET /xingrg/all/function/internal_message.html?_=1645838680182&CODE_STATE=getMsg HTTP/1.1" 200 27
180.152.99.73 - - [26/Feb/2022:09:22:10 +0800] "GET /xingrg/all/function/internal_message.html?_=1645838530256&CODE_STATE=getMsg HTTP/1.1" 200 27
180.169.147.146 - - [26/Feb/2022:09:22:18 +0800] "GET /xingrg/all/function/internal_message.html?_=1645838540769&CODE_STATE=getMsg HTTP/1.1" 200 27
114.83.220.123 - - [26/Feb/2022:09:22:22 +0800] "GET /xingrg/check_reg.html?_=1645838538535 HTTP/1.1" 200 22
114.83.220.123 - - [26/Feb/2022:09:22:22 +0800] "GET /xingrg/all/function/internal_message.html?_=1645838538637&CODE_STATE=getMsg HTTP/1.1" 200 27
222.70.243.96 - - [26/Feb/2022:09:22:25 +0800] "GET /xingrg/all/function/internal_message.html?_=1645838562384&CODE_STATE=getMsg HTTP/1.1" 302 -
124.79.244.81 - - [26/Feb/2022:09:22:27 +0800] "POST /xingrg/services/DataTransmitService HTTP/1.1" 200 524
114.83.220.123 - - [26/Feb/2022:09:22:28 +0800] "POST /xingrg/services/DataTransmitService HTTP/1.1" 200 501
114.83.220.123 - - [26/Feb/2022:09:22:28 +0800] "POST /xingrg/services/DataTransmitService HTTP/1.1" 200 501
114.83.220.123 - - [26/Feb/2022:09:22:30 +0800] "POST /xingrg/services/DataTransmitService HTTP/1.1" 200 501
114.83.220.123 - - [26/Feb/2022:09:22:32 +0800] "POST /xingrg/services/DataTransmitService HTTP/1.1" 200 501
114.83.220.123 - - [26/Feb/2022:09:22:32 +0800] "POST /xingrg/services/DataTransmitService HTTP/1.1" 200 501
114.83.220.123 - - [26/Feb/2022:09:22:32 +0800] "POST /xingrg/services/DataTransmitService HTTP/1.1" 200 501
114.83.220.123 - - [26/Feb/2022:09:22:34 +0800] "POST /xingrg/services/DataTransmitService HTTP/1.1" 200 501
114.83.220.123 - - [26/Feb/2022:09:22:34 +0800] "POST /xingrg/services/DataTransmitService HTTP/1.1" 200 501
114.83.220.123 - - [26/Feb/2022:09:22:34 +0800] "POST /xingrg/services/DataTransmitService HTTP/1.1" 200 501
114.83.220.123 - - [26/Feb/2022:09:22:34 +0800] "POST /xingrg/services/DataTransmitService HTTP/1.1" 200 412
180.152.99.39 - - [26/Feb/2022:09:22:36 +0800] "GET /xingrg/javascript/jquery_easy_ui/themes/default/images/tabs_active.png HTTP/1.1" 304 -
58.39.168.32 - - [26/Feb/2022:09:22:40 +0800] "GET /xingrg/all/function/internal_message.html?_=1645838496298&CODE_STATE=getMsg HTTP/1.1" 200 27
180.152.99.39 - - [26/Feb/2022:09:22:41 +0800] "GET /xingrg/all/function/internal_message.html?_=1645838463600&CODE_STATE=getMsg HTTP/1.1" 200 27
222.70.180.114 - - [26/Feb/2022:09:22:42 +0800] "GET /xingrg/all/function/internal_message.html?_=1645838557886&CODE_STATE=getMsg HTTP/1.1" 200 27
180.152.99.73 - - [26/Feb/2022:09:22:45 +0800] "GET /xingrg/kc/buy/cgsh_order_operate.html?command=get_materiel&rest_code=00151&code=00101038013&supplier_code=00100097&order_time=2022-02-26 HTTP/1.1" 200 427
172.20.0.100 - - [26/Feb/2022:09:22:55 +0800] "GET /xingrg/all/function/internal_message.html?_=1645838572582&CODE_STATE=getMsg HTTP/1.1" 200 27
124.79.79.90 - - [26/Feb/2022:09:22:58 +0800] "GET /xingrg/all/function/internal_message.html?_=1645838574635&CODE_STATE=getMsg HTTP/1.1" 200 27
180.152.99.73 - - [26/Feb/2022:09:23:06 +0800] "GET /xingrg/kc/buy/cgsh_order_operate.html?command=get_materiel&rest_code=00151&code=00101020344&supplier_code=00100097&order_time=2022-02-26 HTTP/1.1" 200 415
124.79.244.81 - - [26/Feb/2022:09:23:10 +0800] "GET /xingrg/all/function/internal_message.html?_=1645838740179&CODE_STATE=getMsg HTTP/1.1" 200 27
180.152.99.73 - - [26/Feb/2022:09:23:10 +0800] "GET /xingrg/all/function/internal_message.html?_=1645838590261&CODE_STATE=getMsg HTTP/1.1" 200 27
180.169.147.146 - - [26/Feb/2022:09:23:18 +0800] "GET /xingrg/all/function/internal_message.html?_=1645838600770&CODE_STATE=getMsg HTTP/1.1" 200 27
114.83.220.123 - - [26/Feb/2022:09:23:22 +0800] "GET /xingrg/all/function/internal_message.html?_=1645838598621&CODE_STATE=getMsg HTTP/1.1" 200 27
222.70.243.96 - - [26/Feb/2022:09:23:25 +0800] "GET /xingrg/all/function/internal_message.html?_=1645838622422&CODE_STATE=getMsg HTTP/1.1" 302 -
180.152.99.39 - - [26/Feb/2022:09:23:39 +0800] "GET /xingrg/check_reg.html?_=1645838521121 HTTP/1.1" 200 22
58.39.168.32 - - [26/Feb/2022:09:23:40 +0800] "GET /xingrg/check_reg.html?_=1645838556298 HTTP/1.1" 200 22
58.39.168.32 - - [26/Feb/2022:09:23:40 +0800] "GET /xingrg/all/function/internal_message.html?_=1645838556300&CODE_STATE=getMsg HTTP/1.1" 200 27
180.152.99.39 - - [26/Feb/2022:09:23:41 +0800] "GET /xingrg/all/function/internal_message.html?_=1645838523613&CODE_STATE=getMsg HTTP/1.1" 200 27
222.70.180.114 - - [26/Feb/2022:09:23:42 +0800] "GET /xingrg/all/function/internal_message.html?_=1645838617870&CODE_STATE=getMsg HTTP/1.1" 200 27
180.152.99.73 - - [26/Feb/2022:09:23:54 +0800] "GET /xingrg/kc/buy/cgsh_order_operate.html?command=get_materiel&rest_code=00151&code=00101020343&supplier_code=00100097&order_time=2022-02-26 HTTP/1.1" 200 412
172.20.0.100 - - [26/Feb/2022:09:23:55 +0800] "GET /xingrg/all/function/internal_message.html?_=1645838632596&CODE_STATE=getMsg HTTP/1.1" 200 27
124.79.79.90 - - [26/Feb/2022:09:23:58 +0800] "GET /xingrg/all/function/internal_message.html?_=1645838634606&CODE_STATE=getMsg HTTP/1.1" 200 27
124.79.79.90 - - [26/Feb/2022:09:24:10 +0800] "GET /xingrg/check_reg.html?_=1645838647046 HTTP/1.1" 200 22
124.79.244.81 - - [26/Feb/2022:09:24:10 +0800] "GET /xingrg/all/function/internal_message.html?_=1645838800178&CODE_STATE=getMsg HTTP/1.1" 200 27
180.152.99.73 - - [26/Feb/2022:09:24:10 +0800] "GET /xingrg/check_reg.html?_=1645838650278 HTTP/1.1" 200 22
180.152.99.73 - - [26/Feb/2022:09:24:10 +0800] "GET /xingrg/all/function/internal_message.html?_=1645838650279&CODE_STATE=getMsg HTTP/1.1" 200 27
180.169.147.146 - - [26/Feb/2022:09:24:18 +0800] "GET /xingrg/all/function/internal_message.html?_=1645838660770&CODE_STATE=getMsg HTTP/1.1" 200 27
114.83.220.123 - - [26/Feb/2022:09:24:22 +0800] "GET /xingrg/all/function/internal_message.html?_=1645838658620&CODE_STATE=getMsg HTTP/1.1" 200 27
222.70.243.96 - - [26/Feb/2022:09:24:25 +0800] "GET /xingrg/all/function/internal_message.html?_=1645838682426&CODE_STATE=getMsg HTTP/1.1" 302 -
180.152.99.39 - - [26/Feb/2022:09:24:26 +0800] "GET /xingrg/kc/base/wldb_order_list.html HTTP/1.1" 200 19025
180.152.99.39 - - [26/Feb/2022:09:24:27 +0800] "POST /xingrg/kc/base/wldb_list_operate.html HTTP/1.1" 200 928
222.70.243.96 - - [26/Feb/2022:09:24:27 +0800] "POST /xingrg/kc/buy/cgsh_order_operate.html HTTP/1.1" 200 37
180.152.99.39 - - [26/Feb/2022:09:24:29 +0800] "GET /xingrg/kc/base/wldb_order_add.html HTTP/1.1" 200 30247
180.152.99.39 - - [26/Feb/2022:09:24:29 +0800] "POST /xingrg/kc/base/wldb_order_operate.html HTTP/1.1" 200 6806
222.70.243.96 - - [26/Feb/2022:09:24:29 +0800] "POST /xingrg/kc/buy/cgsh_order_operate.html HTTP/1.1" 200 45236
180.152.99.39 - - [26/Feb/2022:09:24:29 +0800] "GET /xingrg/all/common/auto_word.html?type=base&rest_code=00150 HTTP/1.1" 200 1699
180.152.99.39 - - [26/Feb/2022:09:24:29 +0800] "GET /xingrg/all/common/auto_word.html?type=base&rest_code=00150 HTTP/1.1" 200 1699
180.152.99.39 - - [26/Feb/2022:09:24:29 +0800] "GET /xingrg/javascript/easyui/themes/default/validatebox.css HTTP/1.1" 404 1104
222.70.243.96 - - [26/Feb/2022:09:24:30 +0800] "GET /xingrg/kc/buy/cgsh_order_add.html HTTP/1.1" 200 65561
180.152.99.39 - - [26/Feb/2022:09:24:31 +0800] "GET /xingrg/css/images/panel_loading.gif HTTP/1.1" 304 -
180.152.99.39 - - [26/Feb/2022:09:24:31 +0800] "POST /xingrg/all/common/load_combo.html?type=base HTTP/1.1" 200 3051
114.83.220.123 - - [26/Feb/2022:09:24:31 +0800] "GET /xingrg/kc/buy/cgsh_order_operate.html?command=get_materiel&rest_code=00149&code=00101008307&supplier_code=00100005&order_time=2022-02-26 HTTP/1.1" 200 439
222.70.243.96 - - [26/Feb/2022:09:24:32 +0800] "POST /xingrg/kc/buy/cgsh_order_operate.html HTTP/1.1" 200 8245
222.70.243.96 - - [26/Feb/2022:09:24:32 +0800] "GET /xingrg/javascript/easyui/themes/default/validatebox.css HTTP/1.1" 404 1104
222.70.243.96 - - [26/Feb/2022:09:24:38 +0800] "GET /xingrg/check_reg.html?_=1645838695682 HTTP/1.1" 302 -
180.152.99.39 - - [26/Feb/2022:09:24:39 +0800] "GET /xingrg/kc/base/wldb_order_operate.html?command=get_materiel&rest_code=00150&base_code=0010445&code=00101019258 HTTP/1.1" 200 469
58.39.168.32 - - [26/Feb/2022:09:24:40 +0800] "GET /xingrg/all/function/internal_message.html?_=1645838616299&CODE_STATE=getMsg HTTP/1.1" 200 27
180.152.99.39 - - [26/Feb/2022:09:24:41 +0800] "GET /xingrg/all/function/internal_message.html?_=1645838583626&CODE_STATE=getMsg HTTP/1.1" 200 27
222.70.180.114 - - [26/Feb/2022:09:24:41 +0800] "GET /xingrg/all/function/internal_message.html?_=1645838677854&CODE_STATE=getMsg HTTP/1.1" 200 27
180.152.99.39 - - [26/Feb/2022:09:24:46 +0800] "GET /xingrg/kc/base/wldb_order_operate.html?command=get_materiel&rest_code=00150&base_code=0010445&code=00101016086 HTTP/1.1" 200 468
114.83.220.123 - - [26/Feb/2022:09:24:53 +0800] "GET /xingrg/kc/buy/cgsh_order_operate.html?command=get_materiel&rest_code=00149&code=00101008092&supplier_code=00100005&order_time=2022-02-26 HTTP/1.1" 200 431
172.20.0.100 - - [26/Feb/2022:09:24:55 +0800] "GET /xingrg/check_reg.html?_=1645838692590 HTTP/1.1" 200 22
172.20.0.100 - - [26/Feb/2022:09:24:55 +0800] "GET /xingrg/all/function/internal_message.html?_=1645838692595&CODE_STATE=getMsg HTTP/1.1" 200 27
222.70.243.96 - - [26/Feb/2022:09:24:56 +0800] "GET /xingrg/kc/buy/cgsh_order_operate.html?command=get_materiel&rest_code=00146&code=00101007061&supplier_code=00100002&order_time=2022-02-26 HTTP/1.1" 200 432
124.79.79.90 - - [26/Feb/2022:09:24:57 +0800] "GET /xingrg/all/function/internal_message.html?_=1645838694579&CODE_STATE=getMsg HTTP/1.1" 200 27
114.83.220.123 - - [26/Feb/2022:09:25:03 +0800] "GET /xingrg/kc/buy/cgsh_order_operate.html?command=get_materiel&rest_code=00149&code=00101008353&supplier_code=00100005&order_time=2022-02-26 HTTP/1.1" 200 429
124.79.244.81 - - [26/Feb/2022:09:25:10 +0800] "GET /xingrg/all/function/internal_message.html?_=1645838860176&CODE_STATE=getMsg HTTP/1.1" 200 27
180.152.99.73 - - [26/Feb/2022:09:25:10 +0800] "GET /xingrg/all/function/internal_message.html?_=1645838710280&CODE_STATE=getMsg HTTP/1.1" 200 27
116.224.122.7 - - [26/Feb/2022:09:25:14 +0800] "GET /xingrg/check_reg.html?_=1645838747383 HTTP/1.1" 200 22
222.70.243.96 - - [26/Feb/2022:09:25:17 +0800] "GET /xingrg/check_reg.html?_=1645838736937 HTTP/1.1" 200 22
180.169.147.146 - - [26/Feb/2022:09:25:18 +0800] "GET /xingrg/all/function/internal_message.html?_=1645838720771&CODE_STATE=getMsg HTTP/1.1" 200 27
114.83.220.123 - - [26/Feb/2022:09:25:18 +0800] "POST /xingrg/kc/buy/cgsh_order_operate.html HTTP/1.1" 200 2065
222.70.243.96 - - [26/Feb/2022:09:25:21 +0800] "GET /xingrg/kc/buy/cgsh_order_operate.html?command=get_materiel&rest_code=00146&code=00101007049&supplier_code=00100002&order_time=2022-02-26 HTTP/1.1" 200 431
114.83.220.123 - - [26/Feb/2022:09:25:22 +0800] "GET /xingrg/all/function/internal_message.html?_=1645838718593&CODE_STATE=getMsg HTTP/1.1" 200 27
222.70.243.96 - - [26/Feb/2022:09:25:25 +0800] "GET /xingrg/all/function/internal_message.html?_=1645838742464&CODE_STATE=getMsg HTTP/1.1" 302 -
180.152.99.39 - - [26/Feb/2022:09:25:29 +0800] "GET /xingrg/kc/base/wldb_order_operate.html?command=get_materiel&rest_code=00150&base_code=0010445&code=00101019169 HTTP/1.1" 200 477
114.83.220.123 - - [26/Feb/2022:09:25:30 +0800] "GET /xingrg/kc/buy/cgsh_order_operate.html?command=get_materiel&rest_code=00149&code=00101008213&supplier_code=00100005&order_time=2022-02-26 HTTP/1.1" 200 432
180.152.99.73 - - [26/Feb/2022:09:25:32 +0800] "POST /xingrg/kc/buy/cgsh_order_operate.html HTTP/1.1" 200 37
180.152.99.73 - - [26/Feb/2022:09:25:35 +0800] "POST /xingrg/kc/buy/cgsh_order_operate.html HTTP/1.1" 200 12
180.152.99.73 - - [26/Feb/2022:09:25:39 +0800] "GET /xingrg/kc/buy/cgsh_order_info.html?code=212022022608351 HTTP/1.1" 200 60060
180.152.99.73 - - [26/Feb/2022:09:25:39 +0800] "GET /xingrg/javascript/easyui/themes/default/validatebox.css HTTP/1.1" 404 1104
180.152.99.73 - - [26/Feb/2022:09:25:40 +0800] "POST /xingrg/kc/buy/cgsh_order_operate.html HTTP/1.1" 200 1245
58.39.168.32 - - [26/Feb/2022:09:25:40 +0800] "GET /xingrg/all/function/internal_message.html?_=1645838676299&CODE_STATE=getMsg HTTP/1.1" 200 27
180.152.99.73 - - [26/Feb/2022:09:25:41 +0800] "GET /xingrg/kc/print/load_data.html?order_code=212022022608351&kc_code=cgsh&condition= HTTP/1.1" 200 962
58.39.168.32 - - [26/Feb/2022:09:25:41 +0800] "POST /xingrg/services/DataTransmitService HTTP/1.1" 200 524
180.152.99.39 - - [26/Feb/2022:09:25:41 +0800] "GET /xingrg/all/function/internal_message.html?_=1645838643641&CODE_STATE=getMsg HTTP/1.1" 200 27
222.70.180.114 - - [26/Feb/2022:09:25:41 +0800] "GET /xingrg/all/function/internal_message.html?_=1645838737838&CODE_STATE=getMsg HTTP/1.1" 200 27
120.253.135.82 - - [26/Feb/2022:09:25:42 +0800] "GET /xingrg/check_reg.html?_=1645838536455 HTTP/1.1" 200 22
222.70.180.114 - - [26/Feb/2022:09:25:42 +0800] "GET /xingrg/check_reg.html?_=1645838738246 HTTP/1.1" 200 22
114.83.220.123 - - [26/Feb/2022:09:25:45 +0800] "GET /xingrg/kc/buy/cgsh_order_operate.html?command=get_materiel&rest_code=00149&code=00101008304&supplier_code=00100005&order_time=2022-02-26 HTTP/1.1" 200 412
222.70.243.96 - - [26/Feb/2022:09:25:53 +0800] "GET /xingrg/kc/buy/cgsh_order_operate.html?command=get_materiel&rest_code=00146&code=00101007085&supplier_code=00100002&order_time=2022-02-26 HTTP/1.1" 200 432
172.20.0.100 - - [26/Feb/2022:09:25:55 +0800] "GET /xingrg/all/function/internal_message.html?_=1645838752582&CODE_STATE=getMsg HTTP/1.1" 200 27
124.79.79.90 - - [26/Feb/2022:09:25:57 +0800] "GET /xingrg/all/function/internal_message.html?_=1645838754565&CODE_STATE=getMsg HTTP/1.1" 200 27
36.113.10.2 - - [26/Feb/2022:09:26:00 +0800] "GET /xingrg/login.html HTTP/1.1" 200 7641
114.83.220.123 - - [26/Feb/2022:09:26:00 +0800] "GET /xingrg/kc/buy/cgsh_order_operate.html?command=get_materiel&rest_code=00149&code=00101008095&supplier_code=00100005&order_time=2022-02-26 HTTP/1.1" 200 432
36.113.10.2 - - [26/Feb/2022:09:26:00 +0800] "GET /favicon.ico HTTP/1.1" 404 -
222.70.243.96 - - [26/Feb/2022:09:26:06 +0800] "GET /xingrg/kc/buy/cgsh_order_operate.html?command=get_materiel&rest_code=00146&code=00101007076&supplier_code=00100002&order_time=2022-02-26 HTTP/1.1" 200 410
180.152.99.39 - - [26/Feb/2022:09:26:09 +0800] "GET /xingrg/kc/base/wldb_order_operate.html?command=get_materiel&rest_code=00150&base_code=0010445&code=00101016019 HTTP/1.1" 200 449
124.79.244.81 - - [26/Feb/2022:09:26:10 +0800] "GET /xingrg/all/function/internal_message.html?_=1645838920175&CODE_STATE=getMsg HTTP/1.1" 200 27
180.152.99.73 - - [26/Feb/2022:09:26:10 +0800] "GET /xingrg/all/function/internal_message.html?_=1645838770261&CODE_STATE=getMsg HTTP/1.1" 200 27
114.83.220.123 - - [26/Feb/2022:09:26:11 +0800] "GET /xingrg/kc/buy/cgsh_order_operate.html?command=get_materiel&rest_code=00149&code=00101008110&supplier_code=00100005&order_time=2022-02-26 HTTP/1.1" 200 428
36.113.10.2 - - [26/Feb/2022:09:26:12 +0800] "POST /xingrg/login.do HTTP/1.1" 302 -
36.113.10.2 - - [26/Feb/2022:09:26:12 +0800] "GET /xingrg/index.html?sysBaseUrl=http%3A%2F%2F180.169.147.146%3A18081%2Fxingrg%2F&costTime=38×tamp=1645838772621 HTTP/1.1" 200 17179
36.113.10.2 - - [26/Feb/2022:09:26:12 +0800] "GET /favicon.ico HTTP/1.1" 404 -
36.113.10.2 - - [26/Feb/2022:09:26:12 +0800] "POST /xingrg/all/common/load_tree.html?tree=area_rest_tree_json&manage=1 HTTP/1.1" 200 351
36.113.10.2 - - [26/Feb/2022:09:26:13 +0800] "POST /xingrg/load_menu.html HTTP/1.1" 200 5138
36.113.10.2 - - [26/Feb/2022:09:26:13 +0800] "GET /xingrg/check_reg.html?_=1645838549919 HTTP/1.1" 200 22
36.113.10.2 - - [26/Feb/2022:09:26:13 +0800] "GET /xingrg/all/function/internal_message.html?_=1645838549918&CODE_STATE=count HTTP/1.1" 200 11
36.113.10.2 - - [26/Feb/2022:09:26:15 +0800] "GET /xingrg/css/new_ie.css HTTP/1.1" 404 1036
36.113.10.2 - - [26/Feb/2022:09:26:15 +0800] "GET /xingrg/kc/buy/buy_main.html HTTP/1.1" 200 12412
36.113.10.2 - - [26/Feb/2022:09:26:16 +0800] "GET /xingrg/images/yd/bt.gif HTTP/1.1" 404 1040
180.152.99.39 - - [26/Feb/2022:09:26:17 +0800] "GET /xingrg/kc/base/wldb_order_operate.html?command=get_materiel&rest_code=00150&base_code=0010445&code=00101016076 HTTP/1.1" 200 477
36.113.10.2 - - [26/Feb/2022:09:26:17 +0800] "GET /xingrg/kc/buy/cgsh_order_list.html HTTP/1.1" 200 49792
180.169.147.146 - - [26/Feb/2022:09:26:18 +0800] "GET /xingrg/check_reg.html?_=1645838780773 HTTP/1.1" 200 22
180.169.147.146 - - [26/Feb/2022:09:26:18 +0800] "GET /xingrg/all/function/internal_message.html?_=1645838780777&CODE_STATE=getMsg HTTP/1.1" 200 27
36.113.10.2 - - [26/Feb/2022:09:26:18 +0800] "POST /xingrg/kc/buy/cgsh_list_operate.html HTTP/1.1" 200 876
114.83.220.123 - - [26/Feb/2022:09:26:20 +0800] "GET /xingrg/kc/buy/cgsh_order_operate.html?command=get_materiel&rest_code=00149&code=00101008041&supplier_code=00100005&order_time=2022-02-26 HTTP/1.1" 200 427
36.113.10.2 - - [26/Feb/2022:09:26:20 +0800] "GET /xingrg/words/20220225134511_words.js HTTP/1.1" 304 -
36.113.10.2 - - [26/Feb/2022:09:26:20 +0800] "GET /xingrg/kc/buy/cgsh_order_add.html HTTP/1.1" 200 65602
36.113.10.2 - - [26/Feb/2022:09:26:21 +0800] "GET /xingrg/all/common/auto_word.html?type=employee&rest_code=00141 HTTP/1.1" 200 201
36.113.10.2 - - [26/Feb/2022:09:26:21 +0800] "POST /xingrg/kc/buy/cgsh_order_operate.html HTTP/1.1" 200 8245
36.113.10.2 - - [26/Feb/2022:09:26:21 +0800] "GET /xingrg/all/common/auto_word.html?type=employee&rest_code=00141 HTTP/1.1" 200 201
36.113.10.2 - - [26/Feb/2022:09:26:21 +0800] "GET /xingrg/javascript/easyui/themes/default/validatebox.css HTTP/1.1" 404 1104
36.113.10.2 - - [26/Feb/2022:09:26:22 +0800] "GET /xingrg/javascript/auto/indicator.gif HTTP/1.1" 404 1066
114.83.220.123 - - [26/Feb/2022:09:26:22 +0800] "GET /xingrg/all/function/internal_message.html?_=1645838778576&CODE_STATE=getMsg HTTP/1.1" 200 27
180.152.99.39 - - [26/Feb/2022:09:26:24 +0800] "GET /xingrg/kc/base/wldb_order_operate.html?command=get_materiel&rest_code=00150&base_code=0010445&code=00101019071 HTTP/1.1" 200 455
114.83.220.123 - - [26/Feb/2022:09:26:24 +0800] "POST /xingrg/kc/buy/cgsh_order_operate.html HTTP/1.1" 200 2065
222.70.243.96 - - [26/Feb/2022:09:26:25 +0800] "GET /xingrg/all/function/internal_message.html?_=1645838802469&CODE_STATE=getMsg HTTP/1.1" 302 -
180.152.99.39 - - [26/Feb/2022:09:26:32 +0800] "GET /xingrg/kc/base/wldb_order_operate.html?command=get_materiel&rest_code=00150&base_code=0010445&code=00101016044 HTTP/1.1" 200 464
114.83.220.123 - - [26/Feb/2022:09:26:32 +0800] "GET /xingrg/kc/buy/cgsh_order_operate.html?command=get_materiel&rest_code=00149&code=00101008275&supplier_code=00100005&order_time=2022-02-26 HTTP/1.1" 200 417
36.113.10.2 - - [26/Feb/2022:09:26:34 +0800] "GET /xingrg/javascript/jquery_tools/images/next.gif HTTP/1.1" 404 1086
36.113.10.2 - - [26/Feb/2022:09:26:34 +0800] "GET /xingrg/javascript/jquery_tools/images/prev.gif HTTP/1.1" 404 1086
58.39.168.32 - - [26/Feb/2022:09:26:40 +0800] "GET /xingrg/all/function/internal_message.html?_=1645838736299&CODE_STATE=getMsg HTTP/1.1" 200 27
180.152.99.39 - - [26/Feb/2022:09:26:41 +0800] "GET /xingrg/all/function/internal_message.html?_=1645838703654&CODE_STATE=getMsg HTTP/1.1" 200 27
222.70.180.114 - - [26/Feb/2022:09:26:41 +0800] "GET /xingrg/all/function/internal_message.html?_=1645838797808&CODE_STATE=getMsg HTTP/1.1" 200 27
36.113.10.2 - - [26/Feb/2022:09:26:42 +0800] "GET /xingrg/kc/buy/cgsh_order_operate.html?command=get_materiel&rest_code=00141&code=00101006193&supplier_code=00100012&order_time=2022-02-26 HTTP/1.1" 200 409
114.83.220.123 - - [26/Feb/2022:09:26:43 +0800] "GET /xingrg/kc/buy/cgsh_order_operate.html?command=get_materiel&rest_code=00149&code=00101008305&supplier_code=00100005&order_time=2022-02-26 HTTP/1.1" 200 432
222.70.243.96 - - [26/Feb/2022:09:26:46 +0800] "GET /xingrg/kc/buy/cgsh_order_operate.html?command=get_materiel&rest_code=00146&code=00101007032&supplier_code=00100002&order_time=2022-02-26 HTTP/1.1" 200 434
36.113.10.2 - - [26/Feb/2022:09:26:52 +0800] "GET /xingrg/kc/buy/cgsh_order_operate.html?command=get_materiel&rest_code=00141&code=00101006109&supplier_code=00100012&order_time=2022-02-26 HTTP/1.1" 200 429
172.20.0.100 - - [26/Feb/2022:09:26:55 +0800] "GET /xingrg/all/function/internal_message.html?_=1645838812593&CODE_STATE=getMsg HTTP/1.1" 200 27
124.79.79.90 - - [26/Feb/2022:09:26:57 +0800] "GET /xingrg/all/function/internal_message.html?_=1645838814539&CODE_STATE=getMsg HTTP/1.1" 200 27
222.70.243.96 - - [26/Feb/2022:09:27:03 +0800] "GET /xingrg/kc/buy/cgsh_order_operate.html?command=get_materiel&rest_code=00146&code=00101007001&supplier_code=00100002&order_time=2022-02-26 HTTP/1.1" 200 429
36.113.10.2 - - [26/Feb/2022:09:27:08 +0800] "GET /xingrg/kc/buy/cgsh_order_operate.html?command=get_materiel&rest_code=00141&code=00101006062&supplier_code=00100012&order_time=2022-02-26 HTTP/1.1" 200 411
124.79.244.81 - - [26/Feb/2022:09:27:10 +0800] "GET /xingrg/check_reg.html?_=1645838980174 HTTP/1.1" 200 22
124.79.244.81 - - [26/Feb/2022:09:27:10 +0800] "GET /xingrg/all/function/internal_message.html?_=1645838980173&CODE_STATE=getMsg HTTP/1.1" 200 27
114.83.220.123 - - [26/Feb/2022:09:27:10 +0800] "GET /xingrg/kc/buy/cgsh_order_operate.html?command=get_materiel&rest_code=00149&code=00101008285&supplier_code=00100005&order_time=2022-02-26 HTTP/1.1" 200 413
180.152.99.73 - - [26/Feb/2022:09:27:10 +0800] "GET /xingrg/all/function/internal_message.html?_=1645838830263&CODE_STATE=getMsg HTTP/1.1" 200 27
36.113.10.2 - - [26/Feb/2022:09:27:13 +0800] "GET /xingrg/all/function/internal_message.html?_=1645838609932&CODE_STATE=getMsg HTTP/1.1" 200 27
36.113.10.2 - - [26/Feb/2022:09:27:17 +0800] "GET /xingrg/kc/buy/cgsh_order_operate.html?command=get_materiel&rest_code=00141&code=00101006144&supplier_code=00100012&order_time=2022-02-26 HTTP/1.1" 200 409
180.169.147.146 - - [26/Feb/2022:09:27:18 +0800] "GET /xingrg/all/function/internal_message.html?_=1645838840762&CODE_STATE=getMsg HTTP/1.1" 200 27
114.83.220.123 - - [26/Feb/2022:09:27:22 +0800] "GET /xingrg/check_reg.html?_=1645838838561 HTTP/1.1" 200 22
114.83.220.123 - - [26/Feb/2022:09:27:22 +0800] "GET /xingrg/all/function/internal_message.html?_=1645838838568&CODE_STATE=getMsg HTTP/1.1" 200 27
222.70.243.96 - - [26/Feb/2022:09:27:25 +0800] "GET /xingrg/all/function/internal_message.html?_=1645838862509&CODE_STATE=getMsg HTTP/1.1" 302 -
222.70.243.96 - - [26/Feb/2022:09:27:25 +0800] "POST /xingrg/kc/buy/cgsh_order_operate.html HTTP/1.1" 200 37
222.70.243.96 - - [26/Feb/2022:09:27:27 +0800] "POST /xingrg/kc/buy/cgsh_order_operate.html HTTP/1.1" 200 5610
36.113.10.2 - - [26/Feb/2022:09:27:31 +0800] "GET /xingrg/kc/buy/cgsh_order_operate.html?command=get_materiel&rest_code=00141&code=00101006129&supplier_code=00100012&order_time=2022-02-26 HTTP/1.1" 200 431
114.83.220.123 - - [26/Feb/2022:09:27:33 +0800] "GET /xingrg/kc/buy/cgsh_order_operate.html?command=get_materiel&rest_code=00149&code=00101008114&supplier_code=00100005&order_time=2022-02-26 HTTP/1.1" 200 413
222.70.243.96 - - [26/Feb/2022:09:27:35 +0800] "GET /xingrg/kc/print/load_data.html?order_code=212022022608352&kc_code=cgsh&condition= HTTP/1.1" 200 1868
180.152.99.39 - - [26/Feb/2022:09:27:38 +0800] "GET /xingrg/kc/base/wldb_order_operate.html?command=get_materiel&rest_code=00150&base_code=0010445&code=00101019212 HTTP/1.1" 200 465
58.39.168.32 - - [26/Feb/2022:09:27:40 +0800] "GET /xingrg/all/function/internal_message.html?_=1645838796300&CODE_STATE=getMsg HTTP/1.1" 200 27
180.152.99.39 - - [26/Feb/2022:09:27:41 +0800] "GET /xingrg/all/function/internal_message.html?_=1645838763667&CODE_STATE=getMsg HTTP/1.1" 200 27
222.70.180.114 - - [26/Feb/2022:09:27:41 +0800] "GET /xingrg/all/function/internal_message.html?_=1645838857790&CODE_STATE=getMsg HTTP/1.1" 200 27
36.113.10.2 - - [26/Feb/2022:09:27:46 +0800] "GET /xingrg/kc/buy/cgsh_order_operate.html?command=get_materiel&rest_code=00141&code=00101006055&supplier_code=00100012&order_time=2022-02-26 HTTP/1.1" 200 429
180.152.99.39 - - [26/Feb/2022:09:27:46 +0800] "GET /xingrg/kc/base/wldb_order_operate.html?command=get_materiel&rest_code=00150&base_code=0010445&code=00101020335 HTTP/1.1" 200 441
114.83.220.123 - - [26/Feb/2022:09:27:49 +0800] "GET /xingrg/kc/buy/cgsh_order_operate.html?command=get_materiel&rest_code=00149&code=00101008242&supplier_code=00100005&order_time=2022-02-26 HTTP/1.1" 200 428
180.152.99.39 - - [26/Feb/2022:09:27:54 +0800] "GET /xingrg/kc/base/wldb_order_operate.html?command=get_materiel&rest_code=00150&base_code=0010445&code=00101013052 HTTP/1.1" 200 441
172.20.0.100 - - [26/Feb/2022:09:27:55 +0800] "GET /xingrg/all/function/internal_message.html?_=1645838872581&CODE_STATE=getMsg HTTP/1.1" 200 27
114.83.220.123 - - [26/Feb/2022:09:27:57 +0800] "POST /xingrg/kc/buy/cgsh_order_operate.html HTTP/1.1" 200 2065
124.79.79.90 - - [26/Feb/2022:09:27:57 +0800] "GET /xingrg/all/function/internal_message.html?_=1645838874525&CODE_STATE=getMsg HTTP/1.1" 200 27
36.113.10.2 - - [26/Feb/2022:09:28:02 +0800] "GET /xingrg/kc/buy/cgsh_order_operate.html?command=get_materiel&rest_code=00141&code=00101006177&supplier_code=00100012&order_time=2022-02-26 HTTP/1.1" 200 429
114.83.220.123 - - [26/Feb/2022:09:28:03 +0800] "GET /xingrg/kc/buy/cgsh_order_operate.html?command=get_materiel&rest_code=00149&code=00101008283&supplier_code=00100005&order_time=2022-02-26 HTTP/1.1" 200 427
124.79.244.81 - - [26/Feb/2022:09:28:10 +0800] "GET /xingrg/all/function/internal_message.html?_=1645839040188&CODE_STATE=getMsg HTTP/1.1" 200 27
180.152.99.73 - - [26/Feb/2022:09:28:10 +0800] "GET /xingrg/all/function/internal_message.html?_=1645838890261&CODE_STATE=getMsg HTTP/1.1" 200 27
36.113.10.2 - - [26/Feb/2022:09:28:13 +0800] "GET /xingrg/all/function/internal_message.html?_=1645838669944&CODE_STATE=getMsg HTTP/1.1" 200 27
180.169.147.146 - - [26/Feb/2022:09:28:18 +0800] "GET /xingrg/all/function/internal_message.html?_=1645838900762&CODE_STATE=getMsg HTTP/1.1" 200 27
114.83.220.123 - - [26/Feb/2022:09:28:22 +0800] "GET /xingrg/all/function/internal_message.html?_=1645838898556&CODE_STATE=getMsg HTTP/1.1" 200 27
114.83.220.123 - - [26/Feb/2022:09:28:23 +0800] "GET /xingrg/kc/buy/cgsh_order_operate.html?command=get_materiel&rest_code=00149&code=00101015062&supplier_code=00100005&order_time=2022-02-26 HTTP/1.1" 200 432
222.70.243.96 - - [26/Feb/2022:09:28:25 +0800] "GET /xingrg/all/function/internal_message.html?_=1645838922512&CODE_STATE=getMsg HTTP/1.1" 302 -
114.83.220.123 - - [26/Feb/2022:09:28:33 +0800] "GET /xingrg/kc/buy/cgsh_order_operate.html?command=get_materiel&rest_code=00149&code=00101015012&supplier_code=00100005&order_time=2022-02-26 HTTP/1.1" 200 412
180.152.99.39 - - [26/Feb/2022:09:28:39 +0800] "GET /xingrg/check_reg.html?_=1645838821165 HTTP/1.1" 200 22
58.39.168.32 - - [26/Feb/2022:09:28:40 +0800] "GET /xingrg/check_reg.html?_=1645838856299 HTTP/1.1" 200 22
58.39.168.32 - - [26/Feb/2022:09:28:40 +0800] "GET /xingrg/all/function/internal_message.html?_=1645838856303&CODE_STATE=getMsg HTTP/1.1" 200 27
180.152.99.39 - - [26/Feb/2022:09:28:41 +0800] "GET /xingrg/all/function/internal_message.html?_=1645838823681&CODE_STATE=getMsg HTTP/1.1" 200 27
222.70.180.114 - - [26/Feb/2022:09:28:41 +0800] "GET /xingrg/all/function/internal_message.html?_=1645838917773&CODE_STATE=getMsg HTTP/1.1" 200 27
36.113.10.2 - - [26/Feb/2022:09:28:45 +0800] "POST /xingrg/kc/buy/cgsh_order_operate.html HTTP/1.1" 200 37
36.113.10.2 - - [26/Feb/2022:09:28:49 +0800] "POST /xingrg/kc/buy/cgsh_order_operate.html HTTP/1.1" 200 12
36.113.10.2 - - [26/Feb/2022:09:28:50 +0800] "GET /xingrg/kc/buy/cgsh_order_info.html?code=212022022608353 HTTP/1.1" 200 60511
36.113.10.2 - - [26/Feb/2022:09:28:51 +0800] "GET /xingrg/javascript/easyui/themes/default/validatebox.css HTTP/1.1" 404 1104
36.113.10.2 - - [26/Feb/2022:09:28:51 +0800] "POST /xingrg/kc/buy/cgsh_order_operate.html HTTP/1.1" 200 3569
36.113.10.2 - - [26/Feb/2022:09:28:54 +0800] "GET /xingrg/kc/print/load_config.html?kc_code=cgsh HTTP/1.1" 200 1943
