222.70.243.96 - - [26/Feb/2022:10:23:14 +0800] "GET /xingrg/kc/buy/cgsh_order_operate.html?command=get_materiel&rest_code=00146&code=00101006184&supplier_code=00100012&order_time=2022-02-26 HTTP/1.1" 200 428
114.86.230.56 - - [26/Feb/2022:10:23:18 +0800] "GET /xingrg/all/function/internal_message.html?_=1645842197804&CODE_STATE=getMsg HTTP/1.1" 200 27
180.169.147.146 - - [26/Feb/2022:10:23:18 +0800] "GET /xingrg/all/function/internal_message.html?_=1645842200839&CODE_STATE=getMsg HTTP/1.1" 200 27
114.86.230.56 - - [26/Feb/2022:10:23:18 +0800] "GET /xingrg/check_reg.html?_=1645842197804 HTTP/1.1" 200 22
222.70.243.96 - - [26/Feb/2022:10:23:26 +0800] "GET /xingrg/all/function/internal_message.html?_=1645842223723&CODE_STATE=getMsg HTTP/1.1" 302 -
114.83.220.123 - - [26/Feb/2022:10:23:28 +0800] "GET /xingrg/all/function/internal_message.html?_=1645842204539&CODE_STATE=getMsg HTTP/1.1" 200 27
222.70.243.96 - - [26/Feb/2022:10:23:36 +0800] "GET /xingrg/kc/buy/cgsh_order_operate.html?command=get_materiel&rest_code=00146&code=00101006065&supplier_code=00100012&order_time=2022-02-26 HTTP/1.1" 200 429
222.70.180.114 - - [26/Feb/2022:10:23:40 +0800] "GET /xingrg/all/function/internal_message.html?_=1645842216796&CODE_STATE=getMsg HTTP/1.1" 200 27
58.39.168.32 - - [26/Feb/2022:10:23:41 +0800] "GET /xingrg/check_reg.html?_=1645842156354 HTTP/1.1" 200 22
58.39.168.32 - - [26/Feb/2022:10:23:41 +0800] "GET /xingrg/all/function/internal_message.html?_=1645842156356&CODE_STATE=getMsg HTTP/1.1" 200 27
116.228.172.94 - - [26/Feb/2022:10:23:43 +0800] "GET /xingrg/check_reg.html?_=1645842210960 HTTP/1.1" 200 22
116.228.172.94 - - [26/Feb/2022:10:23:43 +0800] "GET /xingrg/all/function/internal_message.html?_=1645842210981&CODE_STATE=getMsg HTTP/1.1" 200 27
180.152.99.39 - - [26/Feb/2022:10:23:52 +0800] "GET /xingrg/check_reg.html?_=1645842134327 HTTP/1.1" 200 22
180.152.99.39 - - [26/Feb/2022:10:23:52 +0800] "GET /xingrg/all/function/internal_message.html?_=1645842134818&CODE_STATE=getMsg HTTP/1.1" 200 27
172.20.0.100 - - [26/Feb/2022:10:23:55 +0800] "GET /xingrg/all/function/internal_message.html?_=1645842232595&CODE_STATE=getMsg HTTP/1.1" 200 27
124.79.79.90 - - [26/Feb/2022:10:23:56 +0800] "GET /xingrg/all/function/internal_message.html?_=1645842233288&CODE_STATE=getMsg HTTP/1.1" 200 27
180.152.99.73 - - [26/Feb/2022:10:24:01 +0800] "GET /xingrg/check_reg.html?_=1645842240751 HTTP/1.1" 200 22
180.152.99.73 - - [26/Feb/2022:10:24:01 +0800] "GET /xingrg/all/function/internal_message.html?_=1645842240754&CODE_STATE=getMsg HTTP/1.1" 200 27
222.70.243.96 - - [26/Feb/2022:10:24:05 +0800] "GET /xingrg/kc/buy/cgsh_order_operate.html?command=get_materiel&rest_code=00146&code=00101006109&supplier_code=00100012&order_time=2022-02-26 HTTP/1.1" 200 429
124.79.79.90 - - [26/Feb/2022:10:24:10 +0800] "GET /xingrg/check_reg.html?_=1645842247039 HTTP/1.1" 200 22
124.79.244.81 - - [26/Feb/2022:10:24:10 +0800] "GET /xingrg/all/function/internal_message.html?_=1645842400251&CODE_STATE=getMsg HTTP/1.1" 200 27
36.113.10.2 - - [26/Feb/2022:10:24:13 +0800] "GET /xingrg/all/function/internal_message.html?_=1645842030110&CODE_STATE=getMsg HTTP/1.1" 200 27
120.253.135.82 - - [26/Feb/2022:10:24:16 +0800] "GET /xingrg/kc/pszx/mdqp_order_list.html?state=10 HTTP/1.1" 200 11453
120.253.135.82 - - [26/Feb/2022:10:24:16 +0800] "GET /xingrg/dwr/interface/AjaxReportQueryService.js HTTP/1.1" 200 13203
120.253.135.82 - - [26/Feb/2022:10:24:16 +0800] "POST /xingrg/kc/pszx/mdps_list_operate.html HTTP/1.1" 200 5588
120.253.135.82 - - [26/Feb/2022:10:24:16 +0800] "GET /xingrg/dwr/interface/AjaxQqpsService.js HTTP/1.1" 200 16326
120.253.135.82 - - [26/Feb/2022:10:24:16 +0800] "GET /xingrg/dwr/engine.js HTTP/1.1" 200 43631
180.169.147.146 - - [26/Feb/2022:10:24:18 +0800] "GET /xingrg/all/function/internal_message.html?_=1645842260839&CODE_STATE=getMsg HTTP/1.1" 200 27
114.86.230.56 - - [26/Feb/2022:10:24:18 +0800] "GET /xingrg/all/function/internal_message.html?_=1645842257803&CODE_STATE=getMsg HTTP/1.1" 200 27
124.78.159.88 - - [26/Feb/2022:10:24:19 +0800] "GET /xingrg/kc/base/base_main.html HTTP/1.1" 200 12142
120.253.135.82 - - [26/Feb/2022:10:24:20 +0800] "GET /xingrg/kc/buy/cgsh_order_list.html HTTP/1.1" 200 49786
124.78.159.88 - - [26/Feb/2022:10:24:20 +0800] "GET /xingrg/kc/base/wldb_order_list.html HTTP/1.1" 200 19019
124.78.159.88 - - [26/Feb/2022:10:24:21 +0800] "POST /xingrg/kc/base/wldb_list_operate.html HTTP/1.1" 200 928
120.253.135.82 - - [26/Feb/2022:10:24:21 +0800] "POST /xingrg/kc/buy/cgsh_list_operate.html HTTP/1.1" 200 876
120.253.135.82 - - [26/Feb/2022:10:24:24 +0800] "GET /xingrg/kc/pszx/mdps_order_list.html?orderType=0 HTTP/1.1" 200 20884
120.253.135.82 - - [26/Feb/2022:10:24:24 +0800] "POST /xingrg/kc/pszx/mdps_list_operate.html HTTP/1.1" 200 5442
222.70.243.96 - - [26/Feb/2022:10:24:26 +0800] "GET /xingrg/all/function/internal_message.html?_=1645842283725&CODE_STATE=getMsg HTTP/1.1" 302 -
114.83.220.123 - - [26/Feb/2022:10:24:28 +0800] "GET /xingrg/all/function/internal_message.html?_=1645842264508&CODE_STATE=getMsg HTTP/1.1" 200 27
222.70.243.96 - - [26/Feb/2022:10:24:28 +0800] "GET /xingrg/kc/buy/cgsh_order_operate.html?command=get_materiel&rest_code=00146&code=00101006013&supplier_code=00100012&order_time=2022-02-26 HTTP/1.1" 200 409
120.253.135.82 - - [26/Feb/2022:10:24:33 +0800] "POST /xingrg/kc/pszx/mdps_list_operate.html HTTP/1.1" 200 4300
222.70.243.96 - - [26/Feb/2022:10:24:38 +0800] "GET /xingrg/check_reg.html?_=1645842295860 HTTP/1.1" 302 -
120.253.135.82 - - [26/Feb/2022:10:24:38 +0800] "POST /xingrg/kc/pszx/mdps_list_operate.html HTTP/1.1" 200 633
120.253.135.82 - - [26/Feb/2022:10:24:39 +0800] "GET /xingrg/kc/pszx/mdps_order_info.html?code=312022022500357 HTTP/1.1" 200 23931
124.78.159.88 - - [26/Feb/2022:10:24:39 +0800] "GET /xingrg/login.html?r=1 HTTP/1.1" 200 7641
124.78.159.88 - - [26/Feb/2022:10:24:39 +0800] "GET /favicon.ico HTTP/1.1" 404 -
120.253.135.82 - - [26/Feb/2022:10:24:40 +0800] "GET /xingrg/javascript/easyui/themes/default/validatebox.css HTTP/1.1" 404 1104
120.253.135.82 - - [26/Feb/2022:10:24:40 +0800] "POST /xingrg/kc/pszx/mdps_order_operate.html HTTP/1.1" 200 17652
222.70.180.114 - - [26/Feb/2022:10:24:40 +0800] "GET /xingrg/all/function/internal_message.html?_=1645842276772&CODE_STATE=getMsg HTTP/1.1" 200 27
58.39.168.32 - - [26/Feb/2022:10:24:41 +0800] "GET /xingrg/all/function/internal_message.html?_=1645842216355&CODE_STATE=getMsg HTTP/1.1" 200 27
124.78.159.88 - - [26/Feb/2022:10:24:41 +0800] "POST /xingrg/login.do HTTP/1.1" 302 -
124.78.159.88 - - [26/Feb/2022:10:24:41 +0800] "GET /xingrg/index.html?sysBaseUrl=http%3A%2F%2F180.169.147.146%3A18081%2Fxingrg%2F&costTime=37×tamp=1645842281704 HTTP/1.1" 200 17173
124.78.159.88 - - [26/Feb/2022:10:24:41 +0800] "GET /favicon.ico HTTP/1.1" 404 -
124.78.159.88 - - [26/Feb/2022:10:24:41 +0800] "POST /xingrg/all/common/load_tree.html?tree=area_rest_tree_json&manage=1 HTTP/1.1" 200 342
124.78.159.88 - - [26/Feb/2022:10:24:42 +0800] "GET /xingrg/all/function/internal_message.html?_=1645842282250&CODE_STATE=count HTTP/1.1" 200 11
124.78.159.88 - - [26/Feb/2022:10:24:42 +0800] "POST /xingrg/load_menu.html HTTP/1.1" 200 5138
124.78.159.88 - - [26/Feb/2022:10:24:42 +0800] "GET /xingrg/check_reg.html?_=1645842282253 HTTP/1.1" 200 22
116.228.172.94 - - [26/Feb/2022:10:24:43 +0800] "GET /xingrg/all/function/internal_message.html?_=1645842270978&CODE_STATE=getMsg HTTP/1.1" 200 27
124.78.159.88 - - [26/Feb/2022:10:24:45 +0800] "GET /xingrg/kc/base/base_main.html HTTP/1.1" 200 12142
124.78.159.88 - - [26/Feb/2022:10:24:46 +0800] "GET /xingrg/kc/base/wldb_order_list.html HTTP/1.1" 200 19019
124.78.159.88 - - [26/Feb/2022:10:24:47 +0800] "POST /xingrg/kc/base/wldb_list_operate.html HTTP/1.1" 200 928
124.78.159.88 - - [26/Feb/2022:10:24:49 +0800] "GET /xingrg/kc/base/wldb_order_add.html HTTP/1.1" 200 30233
124.78.159.88 - - [26/Feb/2022:10:24:49 +0800] "GET /xingrg/all/common/auto_word.html?type=base&rest_code=00106 HTTP/1.1" 200 1849
124.78.159.88 - - [26/Feb/2022:10:24:49 +0800] "GET /xingrg/all/common/auto_word.html?type=base&rest_code=00106 HTTP/1.1" 200 1849
124.78.159.88 - - [26/Feb/2022:10:24:49 +0800] "POST /xingrg/kc/base/wldb_order_operate.html HTTP/1.1" 200 6806
124.78.159.88 - - [26/Feb/2022:10:24:49 +0800] "GET /xingrg/javascript/easyui/themes/default/validatebox.css HTTP/1.1" 404 1104
124.78.159.88 - - [26/Feb/2022:10:24:51 +0800] "POST /xingrg/all/common/load_combo.html?type=base HTTP/1.1" 200 3315
180.152.99.39 - - [26/Feb/2022:10:24:52 +0800] "GET /xingrg/all/function/internal_message.html?_=1645842194832&CODE_STATE=getMsg HTTP/1.1" 200 27
124.78.159.88 - - [26/Feb/2022:10:24:54 +0800] "POST /xingrg/all/common/load_combo.html?type=base HTTP/1.1" 200 3315
172.20.0.100 - - [26/Feb/2022:10:24:55 +0800] "GET /xingrg/all/function/internal_message.html?_=1645842292588&CODE_STATE=getMsg HTTP/1.1" 200 27
172.20.0.100 - - [26/Feb/2022:10:24:55 +0800] "GET /xingrg/check_reg.html?_=1645842292584 HTTP/1.1" 200 22
124.79.79.90 - - [26/Feb/2022:10:24:56 +0800] "GET /xingrg/all/function/internal_message.html?_=1645842293259&CODE_STATE=getMsg HTTP/1.1" 200 27
180.152.99.73 - - [26/Feb/2022:10:25:01 +0800] "GET /xingrg/all/function/internal_message.html?_=1645842300759&CODE_STATE=getMsg HTTP/1.1" 200 27
124.78.159.88 - - [26/Feb/2022:10:25:02 +0800] "GET /xingrg/javascript/auto/indicator.gif HTTP/1.1" 404 1066
222.70.243.96 - - [26/Feb/2022:10:25:06 +0800] "GET /xingrg/kc/buy/cgsh_order_operate.html?command=get_materiel&rest_code=00146&code=00101006111&supplier_code=00100012&order_time=2022-02-26 HTTP/1.1" 200 409
124.78.159.88 - - [26/Feb/2022:10:25:06 +0800] "GET /xingrg/kc/base/wldb_order_operate.html?command=get_materiel&rest_code=00106&base_code=0010396&code=00101016094 HTTP/1.1" 200 469
124.79.244.81 - - [26/Feb/2022:10:25:10 +0800] "GET /xingrg/all/function/internal_message.html?_=1645842460248&CODE_STATE=getMsg HTTP/1.1" 200 27
36.113.10.2 - - [26/Feb/2022:10:25:14 +0800] "GET /xingrg/all/function/internal_message.html?_=1645842090108&CODE_STATE=getMsg HTTP/1.1" 200 27
222.70.243.96 - - [26/Feb/2022:10:25:17 +0800] "GET /xingrg/check_reg.html?_=1645842337437 HTTP/1.1" 200 22
114.86.230.56 - - [26/Feb/2022:10:25:17 +0800] "GET /xingrg/all/function/internal_message.html?_=1645842317128&CODE_STATE=getMsg HTTP/1.1" 200 27
180.169.147.146 - - [26/Feb/2022:10:25:18 +0800] "GET /xingrg/all/function/internal_message.html?_=1645842320843&CODE_STATE=getMsg HTTP/1.1" 200 27
120.253.135.82 - - [26/Feb/2022:10:25:24 +0800] "POST /xingrg/kc/pszx/mdps_order_operate.html HTTP/1.1" 200 37
120.253.135.82 - - [26/Feb/2022:10:25:26 +0800] "POST /xingrg/kc/pszx/mdps_order_operate.html HTTP/1.1" 200 12
222.70.243.96 - - [26/Feb/2022:10:25:26 +0800] "GET /xingrg/all/function/internal_message.html?_=1645842343763&CODE_STATE=getMsg HTTP/1.1" 302 -
114.83.220.123 - - [26/Feb/2022:10:25:28 +0800] "GET /xingrg/all/function/internal_message.html?_=1645842324500&CODE_STATE=getMsg HTTP/1.1" 200 27
222.70.243.96 - - [26/Feb/2022:10:25:39 +0800] "GET /xingrg/kc/buy/cgsh_order_operate.html?command=get_materiel&rest_code=00146&code=00101006130&supplier_code=00100012&order_time=2022-02-26 HTTP/1.1" 200 448
222.70.180.114 - - [26/Feb/2022:10:25:40 +0800] "GET /xingrg/all/function/internal_message.html?_=1645842336755&CODE_STATE=getMsg HTTP/1.1" 200 27
58.39.168.32 - - [26/Feb/2022:10:25:41 +0800] "GET /xingrg/all/function/internal_message.html?_=1645842276354&CODE_STATE=getMsg HTTP/1.1" 200 27
124.78.159.88 - - [26/Feb/2022:10:25:42 +0800] "GET /xingrg/all/function/internal_message.html?_=1645842342271&CODE_STATE=getMsg HTTP/1.1" 200 27
222.70.180.114 - - [26/Feb/2022:10:25:42 +0800] "GET /xingrg/check_reg.html?_=1645842338084 HTTP/1.1" 200 22
116.228.172.94 - - [26/Feb/2022:10:25:43 +0800] "GET /xingrg/all/function/internal_message.html?_=1645842330961&CODE_STATE=getMsg HTTP/1.1" 200 27
120.253.135.82 - - [26/Feb/2022:10:25:47 +0800] "GET /xingrg/kc/pszx/mdps_order_info.html?code=312022022500357 HTTP/1.1" 200 19591
120.253.135.82 - - [26/Feb/2022:10:25:47 +0800] "GET /xingrg/javascript/easyui/themes/default/validatebox.css HTTP/1.1" 404 1104
120.253.135.82 - - [26/Feb/2022:10:25:47 +0800] "POST /xingrg/kc/pszx/mdps_order_operate.html HTTP/1.1" 200 15749
120.253.135.82 - - [26/Feb/2022:10:25:48 +0800] "GET /xingrg/check_reg.html?_=1645842142416 HTTP/1.1" 200 22
222.69.132.164 - - [26/Feb/2022:10:25:51 +0800] "GET /xingrg/login.html HTTP/1.1" 200 7641
222.69.132.164 - - [26/Feb/2022:10:25:51 +0800] "GET /favicon.ico HTTP/1.1" 404 -
180.152.99.39 - - [26/Feb/2022:10:25:52 +0800] "GET /xingrg/all/function/internal_message.html?_=1645842254845&CODE_STATE=getMsg HTTP/1.1" 200 27
222.69.132.164 - - [26/Feb/2022:10:25:53 +0800] "POST /xingrg/login.do HTTP/1.1" 302 -
222.69.132.164 - - [26/Feb/2022:10:25:53 +0800] "GET /xingrg/index.html?sysBaseUrl=http%3A%2F%2F180.169.147.146%3A18081%2Fxingrg%2F&costTime=57×tamp=1645842353200 HTTP/1.1" 200 17179
222.69.132.164 - - [26/Feb/2022:10:25:53 +0800] "GET /favicon.ico HTTP/1.1" 404 -
222.69.132.164 - - [26/Feb/2022:10:25:53 +0800] "POST /xingrg/all/common/load_tree.html?tree=area_rest_tree_json&manage=1 HTTP/1.1" 200 351
222.69.132.164 - - [26/Feb/2022:10:25:53 +0800] "GET /xingrg/all/function/internal_message.html?_=1645842431477&CODE_STATE=count HTTP/1.1" 200 11
222.69.132.164 - - [26/Feb/2022:10:25:53 +0800] "GET /xingrg/check_reg.html?_=1645842431478 HTTP/1.1" 200 22
222.69.132.164 - - [26/Feb/2022:10:25:53 +0800] "POST /xingrg/load_menu.html HTTP/1.1" 200 5138
172.20.0.100 - - [26/Feb/2022:10:25:55 +0800] "GET /xingrg/all/function/internal_message.html?_=1645842352598&CODE_STATE=getMsg HTTP/1.1" 200 27
124.79.79.90 - - [26/Feb/2022:10:25:56 +0800] "GET /xingrg/all/function/internal_message.html?_=1645842353246&CODE_STATE=getMsg HTTP/1.1" 200 27
120.253.135.82 - - [26/Feb/2022:10:25:57 +0800] "POST /xingrg/kc/pszx/mdps_list_operate.html HTTP/1.1" 200 201
222.69.132.164 - - [26/Feb/2022:10:25:57 +0800] "GET /xingrg/kc/buy/cgsh_order_list.html HTTP/1.1" 200 49792
120.253.135.82 - - [26/Feb/2022:10:25:58 +0800] "GET /xingrg/kc/pszx/mdps_order_info.html?code=312022022500363 HTTP/1.1" 200 23931
120.253.135.82 - - [26/Feb/2022:10:25:59 +0800] "GET /xingrg/javascript/easyui/themes/default/validatebox.css HTTP/1.1" 404 1104
120.253.135.82 - - [26/Feb/2022:10:25:59 +0800] "POST /xingrg/kc/pszx/mdps_order_operate.html HTTP/1.1" 200 2275
222.69.132.164 - - [26/Feb/2022:10:25:59 +0800] "POST /xingrg/kc/buy/cgsh_list_operate.html HTTP/1.1" 200 876
180.152.99.73 - - [26/Feb/2022:10:26:01 +0800] "GET /xingrg/all/function/internal_message.html?_=1645842360757&CODE_STATE=getMsg HTTP/1.1" 200 27
120.253.135.82 - - [26/Feb/2022:10:26:03 +0800] "POST /xingrg/kc/pszx/mdps_order_operate.html HTTP/1.1" 200 37
222.69.132.164 - - [26/Feb/2022:10:26:04 +0800] "GET /xingrg/kc/buy/cgsh_order_add.html HTTP/1.1" 200 64724
222.69.132.164 - - [26/Feb/2022:10:26:04 +0800] "GET /xingrg/words/20220225134511_words.js HTTP/1.1" 304 -
222.69.132.164 - - [26/Feb/2022:10:26:04 +0800] "POST /xingrg/kc/buy/cgsh_order_operate.html HTTP/1.1" 200 8245
222.69.132.164 - - [26/Feb/2022:10:26:04 +0800] "GET /xingrg/all/common/auto_word.html?type=employee&rest_code=00154 HTTP/1.1" 200 101
222.69.132.164 - - [26/Feb/2022:10:26:04 +0800] "GET /xingrg/all/common/auto_word.html?type=employee&rest_code=00154 HTTP/1.1" 200 101
222.69.132.164 - - [26/Feb/2022:10:26:04 +0800] "GET /xingrg/javascript/easyui/themes/default/validatebox.css HTTP/1.1" 404 1104
120.253.135.82 - - [26/Feb/2022:10:26:05 +0800] "POST /xingrg/kc/pszx/mdps_order_operate.html HTTP/1.1" 200 12
222.69.132.164 - - [26/Feb/2022:10:26:09 +0800] "GET /xingrg/javascript/auto/indicator.gif HTTP/1.1" 404 1066
222.70.243.96 - - [26/Feb/2022:10:26:10 +0800] "GET /xingrg/kc/buy/cgsh_order_operate.html?command=get_materiel&rest_code=00146&code=00101006025&supplier_code=00100012&order_time=2022-02-26 HTTP/1.1" 200 437
124.79.244.81 - - [26/Feb/2022:10:26:10 +0800] "GET /xingrg/all/function/internal_message.html?_=1645842520246&CODE_STATE=getMsg HTTP/1.1" 200 27
36.113.10.2 - - [26/Feb/2022:10:26:13 +0800] "GET /xingrg/all/function/internal_message.html?_=1645842150122&CODE_STATE=getMsg HTTP/1.1" 200 27
36.113.10.2 - - [26/Feb/2022:10:26:13 +0800] "GET /xingrg/check_reg.html?_=1645842150123 HTTP/1.1" 200 22
120.253.135.82 - - [26/Feb/2022:10:26:13 +0800] "GET /xingrg/kc/pszx/mdps_order_info.html?code=312022022500363 HTTP/1.1" 200 19591
120.253.135.82 - - [26/Feb/2022:10:26:14 +0800] "POST /xingrg/kc/pszx/mdps_order_operate.html HTTP/1.1" 200 495
120.253.135.82 - - [26/Feb/2022:10:26:14 +0800] "GET /xingrg/javascript/easyui/themes/default/validatebox.css HTTP/1.1" 404 1104
120.253.135.82 - - [26/Feb/2022:10:26:15 +0800] "POST /xingrg/kc/pszx/mdps_list_operate.html HTTP/1.1" 200 3555
114.86.230.56 - - [26/Feb/2022:10:26:17 +0800] "GET /xingrg/all/function/internal_message.html?_=1645842377126&CODE_STATE=getMsg HTTP/1.1" 200 27
180.169.147.146 - - [26/Feb/2022:10:26:18 +0800] "GET /xingrg/check_reg.html?_=1645842380843 HTTP/1.1" 200 22
180.169.147.146 - - [26/Feb/2022:10:26:18 +0800] "GET /xingrg/all/function/internal_message.html?_=1645842380848&CODE_STATE=getMsg HTTP/1.1" 200 27
120.253.135.82 - - [26/Feb/2022:10:26:20 +0800] "POST /xingrg/kc/pszx/mdps_list_operate.html HTTP/1.1" 200 372
120.253.135.82 - - [26/Feb/2022:10:26:21 +0800] "GET /xingrg/kc/pszx/mdps_order_info.html?code=312022022500358 HTTP/1.1" 200 23931
120.253.135.82 - - [26/Feb/2022:10:26:21 +0800] "POST /xingrg/kc/pszx/mdps_order_operate.html HTTP/1.1" 200 3300
120.253.135.82 - - [26/Feb/2022:10:26:21 +0800] "GET /xingrg/javascript/easyui/themes/default/validatebox.css HTTP/1.1" 404 1104
120.253.135.82 - - [26/Feb/2022:10:26:25 +0800] "POST /xingrg/kc/pszx/mdps_order_operate.html HTTP/1.1" 200 37
222.70.243.96 - - [26/Feb/2022:10:26:26 +0800] "GET /xingrg/all/function/internal_message.html?_=1645842403768&CODE_STATE=getMsg HTTP/1.1" 302 -
120.253.135.82 - - [26/Feb/2022:10:26:26 +0800] "POST /xingrg/kc/pszx/mdps_order_operate.html HTTP/1.1" 200 12
114.83.220.123 - - [26/Feb/2022:10:26:28 +0800] "GET /xingrg/all/function/internal_message.html?_=1645842384482&CODE_STATE=getMsg HTTP/1.1" 200 27
120.253.135.82 - - [26/Feb/2022:10:26:35 +0800] "GET /xingrg/kc/pszx/mdps_order_info.html?code=312022022500358 HTTP/1.1" 200 19591
120.253.135.82 - - [26/Feb/2022:10:26:36 +0800] "POST /xingrg/kc/pszx/mdps_order_operate.html HTTP/1.1" 200 1512
120.253.135.82 - - [26/Feb/2022:10:26:36 +0800] "GET /xingrg/javascript/easyui/themes/default/validatebox.css HTTP/1.1" 404 1104
120.253.135.82 - - [26/Feb/2022:10:26:38 +0800] "POST /xingrg/kc/pszx/mdps_list_operate.html HTTP/1.1" 200 3183
222.70.180.114 - - [26/Feb/2022:10:26:40 +0800] "GET /xingrg/all/function/internal_message.html?_=1645842396732&CODE_STATE=getMsg HTTP/1.1" 200 27
58.39.168.32 - - [26/Feb/2022:10:26:41 +0800] "GET /xingrg/all/function/internal_message.html?_=1645842336352&CODE_STATE=getMsg HTTP/1.1" 200 27
124.78.159.88 - - [26/Feb/2022:10:26:41 +0800] "GET /xingrg/all/function/internal_message.html?_=1645842402257&CODE_STATE=getMsg HTTP/1.1" 200 27
116.228.172.94 - - [26/Feb/2022:10:26:43 +0800] "GET /xingrg/all/function/internal_message.html?_=1645842390945&CODE_STATE=getMsg HTTP/1.1" 200 27
222.70.243.96 - - [26/Feb/2022:10:26:45 +0800] "GET /xingrg/kc/buy/cgsh_order_operate.html?command=get_materiel&rest_code=00146&code=00101010257&supplier_code=00100012&order_time=2022-02-26 HTTP/1.1" 200 412
120.253.135.82 - - [26/Feb/2022:10:26:48 +0800] "POST /xingrg/kc/pszx/mdps_list_operate.html HTTP/1.1" 200 205
120.253.135.82 - - [26/Feb/2022:10:26:49 +0800] "GET /xingrg/kc/pszx/mdps_order_info.html?code=312022022600372 HTTP/1.1" 200 23931
120.253.135.82 - - [26/Feb/2022:10:26:50 +0800] "POST /xingrg/kc/pszx/mdps_order_operate.html HTTP/1.1" 200 2286
120.253.135.82 - - [26/Feb/2022:10:26:50 +0800] "GET /xingrg/javascript/easyui/themes/default/validatebox.css HTTP/1.1" 404 1104
180.152.99.39 - - [26/Feb/2022:10:26:52 +0800] "GET /xingrg/all/function/internal_message.html?_=1645842314863&CODE_STATE=getMsg HTTP/1.1" 200 27
120.253.135.82 - - [26/Feb/2022:10:26:53 +0800] "POST /xingrg/kc/pszx/mdps_order_operate.html HTTP/1.1" 200 37
222.69.132.164 - - [26/Feb/2022:10:26:53 +0800] "GET /xingrg/all/function/internal_message.html?_=1645842491498&CODE_STATE=getMsg HTTP/1.1" 200 27
120.253.135.82 - - [26/Feb/2022:10:26:54 +0800] "POST /xingrg/kc/pszx/mdps_order_operate.html HTTP/1.1" 200 12
172.20.0.100 - - [26/Feb/2022:10:26:55 +0800] "GET /xingrg/all/function/internal_message.html?_=1645842412593&CODE_STATE=getMsg HTTP/1.1" 200 27
124.79.79.90 - - [26/Feb/2022:10:26:56 +0800] "GET /xingrg/all/function/internal_message.html?_=1645842413216&CODE_STATE=getMsg HTTP/1.1" 200 27
180.152.99.73 - - [26/Feb/2022:10:27:01 +0800] "GET /xingrg/all/function/internal_message.html?_=1645842420756&CODE_STATE=getMsg HTTP/1.1" 200 27
222.70.243.96 - - [26/Feb/2022:10:27:04 +0800] "GET /xingrg/kc/buy/cgsh_order_operate.html?command=get_materiel&rest_code=00146&code=00101006133&supplier_code=00100012&order_time=2022-02-26 HTTP/1.1" 200 433
124.79.244.81 - - [26/Feb/2022:10:27:10 +0800] "GET /xingrg/check_reg.html?_=1645842580246 HTTP/1.1" 200 22
124.79.244.81 - - [26/Feb/2022:10:27:10 +0800] "GET /xingrg/all/function/internal_message.html?_=1645842580245&CODE_STATE=getMsg HTTP/1.1" 200 27
120.253.135.82 - - [26/Feb/2022:10:27:12 +0800] "GET /xingrg/kc/pszx/mdps_order_info.html?code=312022022600372 HTTP/1.1" 200 19591
120.253.135.82 - - [26/Feb/2022:10:27:13 +0800] "POST /xingrg/kc/pszx/mdps_order_operate.html HTTP/1.1" 200 508
120.253.135.82 - - [26/Feb/2022:10:27:13 +0800] "GET /xingrg/javascript/easyui/themes/default/validatebox.css HTTP/1.1" 404 1104
36.113.10.2 - - [26/Feb/2022:10:27:13 +0800] "GET /xingrg/all/function/internal_message.html?_=1645842210121&CODE_STATE=getMsg HTTP/1.1" 200 27
120.253.135.82 - - [26/Feb/2022:10:27:16 +0800] "POST /xingrg/kc/pszx/mdps_list_operate.html HTTP/1.1" 200 2813
114.86.230.56 - - [26/Feb/2022:10:27:17 +0800] "GET /xingrg/all/function/internal_message.html?_=1645842437128&CODE_STATE=getMsg HTTP/1.1" 200 27
180.169.147.146 - - [26/Feb/2022:10:27:18 +0800] "GET /xingrg/all/function/internal_message.html?_=1645842440848&CODE_STATE=getMsg HTTP/1.1" 200 27
120.253.135.82 - - [26/Feb/2022:10:27:18 +0800] "POST /xingrg/kc/pszx/mdps_list_operate.html HTTP/1.1" 200 233
120.253.135.82 - - [26/Feb/2022:10:27:19 +0800] "GET /xingrg/kc/pszx/mdps_order_info.html?code=312022022500367 HTTP/1.1" 200 23937
120.253.135.82 - - [26/Feb/2022:10:27:19 +0800] "POST /xingrg/kc/pszx/mdps_order_operate.html HTTP/1.1" 200 2328
120.253.135.82 - - [26/Feb/2022:10:27:19 +0800] "GET /xingrg/javascript/easyui/themes/default/validatebox.css HTTP/1.1" 404 1104
114.83.220.123 - - [26/Feb/2022:10:27:22 +0800] "GET /xingrg/check_reg.html?_=1645842438757 HTTP/1.1" 200 22
120.253.135.82 - - [26/Feb/2022:10:27:23 +0800] "POST /xingrg/kc/pszx/mdps_order_operate.html HTTP/1.1" 200 37
120.253.135.82 - - [26/Feb/2022:10:27:24 +0800] "POST /xingrg/kc/pszx/mdps_order_operate.html HTTP/1.1" 200 12
222.70.243.96 - - [26/Feb/2022:10:27:26 +0800] "GET /xingrg/all/function/internal_message.html?_=1645842463808&CODE_STATE=getMsg HTTP/1.1" 302 -
114.83.220.123 - - [26/Feb/2022:10:27:28 +0800] "GET /xingrg/all/function/internal_message.html?_=1645842444467&CODE_STATE=getMsg HTTP/1.1" 200 27
222.69.132.164 - - [26/Feb/2022:10:27:31 +0800] "GET /xingrg/kc/buy/cgsh_order_operate.html?command=get_materiel&rest_code=00154&code=00101008355&supplier_code=00100417&order_time=2022-02-26 HTTP/1.1" 200 408
120.253.135.82 - - [26/Feb/2022:10:27:32 +0800] "GET /xingrg/kc/pszx/mdps_order_info.html?code=312022022500367 HTTP/1.1" 200 19597
120.253.135.82 - - [26/Feb/2022:10:27:33 +0800] "POST /xingrg/kc/pszx/mdps_order_operate.html HTTP/1.1" 200 548
120.253.135.82 - - [26/Feb/2022:10:27:33 +0800] "GET /xingrg/javascript/easyui/themes/default/validatebox.css HTTP/1.1" 404 1104
222.70.243.96 - - [26/Feb/2022:10:27:33 +0800] "GET /xingrg/kc/buy/cgsh_order_operate.html?command=get_materiel&rest_code=00146&code=00101006177&supplier_code=00100012&order_time=2022-02-26 HTTP/1.1" 200 429
120.253.135.82 - - [26/Feb/2022:10:27:34 +0800] "POST /xingrg/kc/pszx/mdps_list_operate.html HTTP/1.1" 200 2433
120.253.135.82 - - [26/Feb/2022:10:27:37 +0800] "POST /xingrg/kc/pszx/mdps_list_operate.html HTTP/1.1" 200 293
120.253.135.82 - - [26/Feb/2022:10:27:37 +0800] "GET /xingrg/kc/pszx/mdps_order_info.html?code=312022022500365 HTTP/1.1" 200 23931
120.253.135.82 - - [26/Feb/2022:10:27:38 +0800] "POST /xingrg/kc/pszx/mdps_order_operate.html HTTP/1.1" 200 2808
120.253.135.82 - - [26/Feb/2022:10:27:38 +0800] "GET /xingrg/javascript/easyui/themes/default/validatebox.css HTTP/1.1" 404 1104
222.70.180.114 - - [26/Feb/2022:10:27:40 +0800] "GET /xingrg/all/function/internal_message.html?_=1645842456717&CODE_STATE=getMsg HTTP/1.1" 200 27
58.39.168.32 - - [26/Feb/2022:10:27:41 +0800] "GET /xingrg/all/function/internal_message.html?_=1645842396351&CODE_STATE=getMsg HTTP/1.1" 200 27
124.78.159.88 - - [26/Feb/2022:10:27:42 +0800] "GET /xingrg/all/function/internal_message.html?_=1645842462257&CODE_STATE=getMsg HTTP/1.1" 200 27
120.253.135.82 - - [26/Feb/2022:10:27:42 +0800] "POST /xingrg/kc/pszx/mdps_order_operate.html HTTP/1.1" 200 37
116.228.172.94 - - [26/Feb/2022:10:27:43 +0800] "GET /xingrg/all/function/internal_message.html?_=1645842450924&CODE_STATE=getMsg HTTP/1.1" 200 27
120.253.135.82 - - [26/Feb/2022:10:27:43 +0800] "POST /xingrg/kc/pszx/mdps_order_operate.html HTTP/1.1" 200 12
120.253.135.82 - - [26/Feb/2022:10:27:50 +0800] "GET /xingrg/kc/pszx/mdps_order_info.html?code=312022022500365 HTTP/1.1" 200 19591
120.253.135.82 - - [26/Feb/2022:10:27:50 +0800] "POST /xingrg/kc/pszx/mdps_order_operate.html HTTP/1.1" 200 1026
120.253.135.82 - - [26/Feb/2022:10:27:50 +0800] "GET /xingrg/javascript/easyui/themes/default/validatebox.css HTTP/1.1" 404 1104
120.253.135.82 - - [26/Feb/2022:10:27:51 +0800] "POST /xingrg/kc/pszx/mdps_list_operate.html HTTP/1.1" 200 2062
180.152.99.39 - - [26/Feb/2022:10:27:52 +0800] "GET /xingrg/all/function/internal_message.html?_=1645842374872&CODE_STATE=getMsg HTTP/1.1" 200 27
120.253.135.82 - - [26/Feb/2022:10:27:53 +0800] "POST /xingrg/kc/pszx/mdps_list_operate.html HTTP/1.1" 200 624
222.69.132.164 - - [26/Feb/2022:10:27:53 +0800] "GET /xingrg/all/function/internal_message.html?_=1645842551502&CODE_STATE=getMsg HTTP/1.1" 200 27
172.20.0.100 - - [26/Feb/2022:10:27:55 +0800] "GET /xingrg/all/function/internal_message.html?_=1645842472584&CODE_STATE=getMsg HTTP/1.1" 200 27
124.79.79.90 - - [26/Feb/2022:10:27:56 +0800] "GET /xingrg/all/function/internal_message.html?_=1645842473201&CODE_STATE=getMsg HTTP/1.1" 200 27
120.253.135.82 - - [26/Feb/2022:10:28:01 +0800] "GET /xingrg/kc/pszx/mdps_order_info.html?code=312022022500359 HTTP/1.1" 200 23931
180.152.99.73 - - [26/Feb/2022:10:28:01 +0800] "GET /xingrg/all/function/internal_message.html?_=1645842480758&CODE_STATE=getMsg HTTP/1.1" 200 27
120.253.135.82 - - [26/Feb/2022:10:28:01 +0800] "POST /xingrg/kc/pszx/mdps_order_operate.html HTTP/1.1" 200 6818
120.253.135.82 - - [26/Feb/2022:10:28:01 +0800] "GET /xingrg/javascript/easyui/themes/default/validatebox.css HTTP/1.1" 404 1104
120.253.135.82 - - [26/Feb/2022:10:28:07 +0800] "POST /xingrg/kc/pszx/mdps_order_operate.html HTTP/1.1" 200 37
120.253.135.82 - - [26/Feb/2022:10:28:09 +0800] "POST /xingrg/kc/pszx/mdps_order_operate.html HTTP/1.1" 200 12
124.79.244.81 - - [26/Feb/2022:10:28:10 +0800] "GET /xingrg/all/function/internal_message.html?_=1645842640260&CODE_STATE=getMsg HTTP/1.1" 200 27
222.69.132.164 - - [26/Feb/2022:10:28:11 +0800] "GET /xingrg/kc/buy/cgsh_order_operate.html?command=get_materiel&rest_code=00154&code=00101008092&supplier_code=00100417&order_time=2022-02-26 HTTP/1.1" 200 431
36.113.10.2 - - [26/Feb/2022:10:28:14 +0800] "GET /xingrg/all/function/internal_message.html?_=1645842270149&CODE_STATE=getMsg HTTP/1.1" 200 27
114.86.230.56 - - [26/Feb/2022:10:28:17 +0800] "GET /xingrg/all/function/internal_message.html?_=1645842497130&CODE_STATE=getMsg HTTP/1.1" 200 27
114.86.230.56 - - [26/Feb/2022:10:28:17 +0800] "GET /xingrg/check_reg.html?_=1645842497131 HTTP/1.1" 200 22
180.169.147.146 - - [26/Feb/2022:10:28:18 +0800] "GET /xingrg/all/function/internal_message.html?_=1645842500848&CODE_STATE=getMsg HTTP/1.1" 200 27
222.69.132.164 - - [26/Feb/2022:10:28:21 +0800] "GET /xingrg/kc/buy/cgsh_order_operate.html?command=get_materiel&rest_code=00154&code=00101008059&supplier_code=00100417&order_time=2022-02-26 HTTP/1.1" 200 408
120.253.135.82 - - [26/Feb/2022:10:28:25 +0800] "GET /xingrg/kc/pszx/mdps_order_info.html?code=312022022500359 HTTP/1.1" 200 19591
101.80.226.190 - - [26/Feb/2022:10:28:25 +0800] "POST /xingrg/services/DataTransmitService HTTP/1.1" 200 524
120.253.135.82 - - [26/Feb/2022:10:28:25 +0800] "POST /xingrg/kc/pszx/mdps_order_operate.html HTTP/1.1" 200 4997
120.253.135.82 - - [26/Feb/2022:10:28:25 +0800] "GET /xingrg/javascript/easyui/themes/default/validatebox.css HTTP/1.1" 404 1104
222.70.243.96 - - [26/Feb/2022:10:28:26 +0800] "GET /xingrg/all/function/internal_message.html?_=1645842523811&CODE_STATE=getMsg HTTP/1.1" 302 -
120.253.135.82 - - [26/Feb/2022:10:28:27 +0800] "POST /xingrg/kc/pszx/mdps_list_operate.html HTTP/1.1" 200 1688
114.83.220.123 - - [26/Feb/2022:10:28:28 +0800] "GET /xingrg/all/function/internal_message.html?_=1645842504464&CODE_STATE=getMsg HTTP/1.1" 200 27
120.253.135.82 - - [26/Feb/2022:10:28:33 +0800] "POST /xingrg/kc/pszx/mdps_list_operate.html HTTP/1.1" 200 2422
222.69.132.164 - - [26/Feb/2022:10:28:34 +0800] "GET /xingrg/kc/buy/cgsh_order_operate.html?command=get_materiel&rest_code=00154&code=00101012070&supplier_code=00100417&order_time=2022-02-26 HTTP/1.1" 200 398
120.253.135.82 - - [26/Feb/2022:10:28:38 +0800] "POST /xingrg/kc/pszx/mdps_list_operate.html HTTP/1.1" 200 367
120.253.135.82 - - [26/Feb/2022:10:28:39 +0800] "GET /xingrg/kc/pszx/mdps_order_info.html?code=312022022500361 HTTP/1.1" 200 23929
120.253.135.82 - - [26/Feb/2022:10:28:39 +0800] "POST /xingrg/kc/pszx/mdps_order_operate.html HTTP/1.1" 200 3274
120.253.135.82 - - [26/Feb/2022:10:28:39 +0800] "GET /xingrg/javascript/easyui/themes/default/validatebox.css HTTP/1.1" 404 1104
222.70.180.114 - - [26/Feb/2022:10:28:40 +0800] "GET /xingrg/all/function/internal_message.html?_=1645842516700&CODE_STATE=getMsg HTTP/1.1" 200 27
58.39.168.32 - - [26/Feb/2022:10:28:41 +0800] "GET /xingrg/all/function/internal_message.html?_=1645842456350&CODE_STATE=getMsg HTTP/1.1" 200 27
58.39.168.32 - - [26/Feb/2022:10:28:41 +0800] "GET /xingrg/check_reg.html?_=1645842456353 HTTP/1.1" 200 22
124.78.159.88 - - [26/Feb/2022:10:28:42 +0800] "GET /xingrg/all/function/internal_message.html?_=1645842522258&CODE_STATE=getMsg HTTP/1.1" 200 27
116.228.172.94 - - [26/Feb/2022:10:28:43 +0800] "GET /xingrg/all/function/internal_message.html?_=1645842510907&CODE_STATE=getMsg HTTP/1.1" 200 27
116.228.172.94 - - [26/Feb/2022:10:28:43 +0800] "GET /xingrg/check_reg.html?_=1645842510961 HTTP/1.1" 200 22
120.253.135.82 - - [26/Feb/2022:10:28:43 +0800] "POST /xingrg/kc/pszx/mdps_order_operate.html HTTP/1.1" 200 37
222.70.223.103 - - [26/Feb/2022:10:28:43 +0800] "GET /xingrg/index.html?sysBaseUrl=http%3A%2F%2F180.169.147.146%3A18081%2Fxingrg%2F&costTime=1277×tamp=1606817596806 HTTP/1.1" 302 -
222.70.223.103 - - [26/Feb/2022:10:28:43 +0800] "GET /xingrg/login.html HTTP/1.1" 200 7641
120.253.135.82 - - [26/Feb/2022:10:28:44 +0800] "POST /xingrg/kc/pszx/mdps_order_operate.html HTTP/1.1" 200 12
222.70.223.103 - - [26/Feb/2022:10:28:45 +0800] "GET /favicon.ico HTTP/1.1" 404 -
222.70.223.103 - - [26/Feb/2022:10:28:49 +0800] "POST /xingrg/login.do HTTP/1.1" 302 -
222.70.223.103 - - [26/Feb/2022:10:28:49 +0800] "GET /xingrg/index.html?sysBaseUrl=http%3A%2F%2F180.169.147.146%3A18081%2Fxingrg%2F&costTime=38×tamp=1645842529568 HTTP/1.1" 200 17179
222.70.223.103 - - [26/Feb/2022:10:28:50 +0800] "GET /favicon.ico HTTP/1.1" 404 -
222.70.223.103 - - [26/Feb/2022:10:28:50 +0800] "POST /xingrg/all/common/load_tree.html?tree=area_rest_tree_json&manage=1 HTTP/1.1" 200 351
222.70.223.103 - - [26/Feb/2022:10:28:50 +0800] "GET /xingrg/all/function/internal_message.html?_=1645842526144&CODE_STATE=count HTTP/1.1" 200 11
222.70.223.103 - - [26/Feb/2022:10:28:50 +0800] "POST /xingrg/load_menu.html HTTP/1.1" 200 5138
222.70.223.103 - - [26/Feb/2022:10:28:50 +0800] "GET /xingrg/check_reg.html?_=1645842526145 HTTP/1.1" 200 22
180.152.99.39 - - [26/Feb/2022:10:28:52 +0800] "GET /xingrg/check_reg.html?_=1645842434328 HTTP/1.1" 200 22
222.70.223.103 - - [26/Feb/2022:10:28:52 +0800] "GET /xingrg/kc/buy/cgsh_order_list.html HTTP/1.1" 200 49792
180.152.99.39 - - [26/Feb/2022:10:28:52 +0800] "GET /xingrg/all/function/internal_message.html?_=1645842434886&CODE_STATE=getMsg HTTP/1.1" 200 27
222.69.132.164 - - [26/Feb/2022:10:28:53 +0800] "GET /xingrg/all/function/internal_message.html?_=1645842611486&CODE_STATE=getMsg HTTP/1.1" 200 27
172.20.0.100 - - [26/Feb/2022:10:28:55 +0800] "GET /xingrg/all/function/internal_message.html?_=1645842532595&CODE_STATE=getMsg HTTP/1.1" 200 27
222.70.223.103 - - [26/Feb/2022:10:28:55 +0800] "POST /xingrg/kc/buy/cgsh_list_operate.html HTTP/1.1" 200 876
124.79.79.90 - - [26/Feb/2022:10:28:56 +0800] "GET /xingrg/all/function/internal_message.html?_=1645842533186&CODE_STATE=getMsg HTTP/1.1" 200 27
120.253.135.82 - - [26/Feb/2022:10:28:57 +0800] "GET /xingrg/kc/pszx/mdps_order_info.html?code=312022022500361 HTTP/1.1" 200 19589
120.253.135.82 - - [26/Feb/2022:10:28:57 +0800] "POST /xingrg/kc/pszx/mdps_order_operate.html HTTP/1.1" 200 1489
120.253.135.82 - - [26/Feb/2022:10:28:58 +0800] "GET /xingrg/javascript/easyui/themes/default/validatebox.css HTTP/1.1" 404 1104
120.253.135.82 - - [26/Feb/2022:10:28:59 +0800] "POST /xingrg/kc/pszx/mdps_list_operate.html HTTP/1.1" 200 2054
180.152.99.73 - - [26/Feb/2022:10:29:01 +0800] "GET /xingrg/check_reg.html?_=1645842540765 HTTP/1.1" 200 22
180.152.99.73 - - [26/Feb/2022:10:29:01 +0800] "GET /xingrg/all/function/internal_message.html?_=1645842540767&CODE_STATE=getMsg HTTP/1.1" 200 27
120.253.135.82 - - [26/Feb/2022:10:29:08 +0800] "POST /xingrg/kc/pszx/mdps_list_operate.html HTTP/1.1" 200 208
124.78.159.88 - - [26/Feb/2022:10:29:09 +0800] "GET /xingrg/check_reg.html?_=1645842549503 HTTP/1.1" 200 22
124.79.79.90 - - [26/Feb/2022:10:29:10 +0800] "GET /xingrg/check_reg.html?_=1645842547046 HTTP/1.1" 200 22
124.79.244.81 - - [26/Feb/2022:10:29:10 +0800] "GET /xingrg/all/function/internal_message.html?_=1645842700258&CODE_STATE=getMsg HTTP/1.1" 200 27
120.253.135.82 - - [26/Feb/2022:10:29:11 +0800] "GET /xingrg/kc/pszx/mdps_order_info.html?code=312022022500366 HTTP/1.1" 200 23929
120.253.135.82 - - [26/Feb/2022:10:29:11 +0800] "POST /xingrg/kc/pszx/mdps_order_operate.html HTTP/1.1" 200 2289
120.253.135.82 - - [26/Feb/2022:10:29:11 +0800] "GET /xingrg/javascript/easyui/themes/default/validatebox.css HTTP/1.1" 404 1104
120.253.135.82 - - [26/Feb/2022:10:29:14 +0800] "POST /xingrg/kc/pszx/mdps_order_operate.html HTTP/1.1" 200 37
120.253.135.82 - - [26/Feb/2022:10:29:16 +0800] "POST /xingrg/kc/pszx/mdps_order_operate.html HTTP/1.1" 200 12
180.152.99.73 - - [26/Feb/2022:10:29:17 +0800] "GET /xingrg/kc/mdqp/pssh_order_list.html HTTP/1.1" 200 17616
180.152.99.73 - - [26/Feb/2022:10:29:17 +0800] "POST /xingrg/kc/mdqp/pssh_list_operate.html HTTP/1.1" 200 5280
114.86.230.56 - - [26/Feb/2022:10:29:17 +0800] "GET /xingrg/all/function/internal_message.html?_=1645842557133&CODE_STATE=getMsg HTTP/1.1" 200 27
180.169.147.146 - - [26/Feb/2022:10:29:18 +0800] "GET /xingrg/all/function/internal_message.html?_=1645842560847&CODE_STATE=getMsg HTTP/1.1" 200 27
180.152.99.73 - - [26/Feb/2022:10:29:21 +0800] "POST /xingrg/kc/mdqp/pssh_list_operate.html HTTP/1.1" 200 467
180.152.99.73 - - [26/Feb/2022:10:29:23 +0800] "GET /xingrg/kc/mdqp/pssh_order_info.html?code=312022022500358 HTTP/1.1" 200 17299
180.152.99.73 - - [26/Feb/2022:10:29:23 +0800] "GET /xingrg/javascript/jquery_tools/jquery-1.4.2.min.js HTTP/1.1" 404 1094
180.152.99.73 - - [26/Feb/2022:10:29:23 +0800] "GET /xingrg/words/20220225134511_words.js HTTP/1.1" 304 -
180.152.99.73 - - [26/Feb/2022:10:29:23 +0800] "POST /xingrg/kc/mdqp/pssh_order_operate.html HTTP/1.1" 200 1593
180.152.99.73 - - [26/Feb/2022:10:29:23 +0800] "GET /xingrg/all/common/auto_word.html?type=base&rest_code=00150&rest_code=00150 HTTP/1.1" 200 1699
180.152.99.73 - - [26/Feb/2022:10:29:23 +0800] "GET /xingrg/javascript/easyui/themes/default/validatebox.css HTTP/1.1" 404 1104
120.253.135.82 - - [26/Feb/2022:10:29:23 +0800] "GET /xingrg/kc/pszx/mdps_order_info.html?code=312022022500366 HTTP/1.1" 200 19589
120.253.135.82 - - [26/Feb/2022:10:29:24 +0800] "POST /xingrg/kc/pszx/mdps_order_operate.html HTTP/1.1" 200 508
120.253.135.82 - - [26/Feb/2022:10:29:24 +0800] "GET /xingrg/javascript/easyui/themes/default/validatebox.css HTTP/1.1" 404 1104
180.152.99.73 - - [26/Feb/2022:10:29:25 +0800] "POST /xingrg/all/common/load_combo.html?type=employee HTTP/1.1" 200 280
120.253.135.82 - - [26/Feb/2022:10:29:25 +0800] "POST /xingrg/kc/pszx/mdps_list_operate.html HTTP/1.1" 200 1684
222.70.243.96 - - [26/Feb/2022:10:29:26 +0800] "GET /xingrg/all/function/internal_message.html?_=1645842583851&CODE_STATE=getMsg HTTP/1.1" 302 -
180.152.99.73 - - [26/Feb/2022:10:29:27 +0800] "POST /xingrg/kc/mdqp/pssh_order_operate.html HTTP/1.1" 200 37
180.152.99.73 - - [26/Feb/2022:10:29:28 +0800] "POST /xingrg/kc/mdqp/pssh_order_operate.html HTTP/1.1" 200 12
120.253.135.82 - - [26/Feb/2022:10:29:28 +0800] "POST /xingrg/kc/pszx/mdps_list_operate.html HTTP/1.1" 200 213
114.83.220.123 - - [26/Feb/2022:10:29:28 +0800] "GET /xingrg/all/function/internal_message.html?_=1645842564451&CODE_STATE=getMsg HTTP/1.1" 200 27
120.253.135.82 - - [26/Feb/2022:10:29:29 +0800] "GET /xingrg/kc/pszx/mdps_order_info.html?code=312022022500362 HTTP/1.1" 200 23927
120.253.135.82 - - [26/Feb/2022:10:29:29 +0800] "POST /xingrg/kc/pszx/mdps_order_operate.html HTTP/1.1" 200 2307
120.253.135.82 - - [26/Feb/2022:10:29:29 +0800] "GET /xingrg/javascript/easyui/themes/default/validatebox.css HTTP/1.1" 404 1104
180.152.99.73 - - [26/Feb/2022:10:29:29 +0800] "GET /xingrg/javascript/jquery_tools/jquery-1.4.2.min.js HTTP/1.1" 404 1094
180.152.99.73 - - [26/Feb/2022:10:29:29 +0800] "GET /xingrg/kc/mdqp/pssh_order_info.html?code=312022022500358 HTTP/1.1" 200 14388
180.152.99.73 - - [26/Feb/2022:10:29:30 +0800] "POST /xingrg/kc/mdqp/pssh_order_operate.html HTTP/1.1" 200 1593
180.152.99.73 - - [26/Feb/2022:10:29:30 +0800] "GET /xingrg/javascript/easyui/themes/default/validatebox.css HTTP/1.1" 404 1104
180.152.99.73 - - [26/Feb/2022:10:29:31 +0800] "GET /xingrg/kc/print/load_config.html?kc_code=pssh HTTP/1.1" 200 2291
180.152.99.73 - - [26/Feb/2022:10:29:32 +0800] "GET /xingrg/kc/print/load_data.html?order_code=312022022500358&kc_code=pssh&condition= HTTP/1.1" 200 1038
120.253.135.82 - - [26/Feb/2022:10:29:32 +0800] "POST /xingrg/kc/pszx/mdps_order_operate.html HTTP/1.1" 200 37
120.253.135.82 - - [26/Feb/2022:10:29:34 +0800] "POST /xingrg/kc/pszx/mdps_order_operate.html HTTP/1.1" 200 12
180.152.99.73 - - [26/Feb/2022:10:29:36 +0800] "GET /xingrg/kc/mdqp/pssh_order_list.html?isBack=1 HTTP/1.1" 200 17616
180.152.99.73 - - [26/Feb/2022:10:29:37 +0800] "POST /xingrg/kc/mdqp/pssh_list_operate.html HTTP/1.1" 200 5305
222.70.243.96 - - [26/Feb/2022:10:29:37 +0800] "POST /xingrg/services/DataTransmitService HTTP/1.1" 200 524
222.70.243.96 - - [26/Feb/2022:10:29:38 +0800] "GET /xingrg/check_reg.html?_=1645842595852 HTTP/1.1" 302 -
180.152.99.73 - - [26/Feb/2022:10:29:38 +0800] "POST /xingrg/kc/mdqp/pssh_list_operate.html HTTP/1.1" 200 255
180.152.99.39 - - [26/Feb/2022:10:29:38 +0800] "POST /xingrg/kc/base/stock_operate.html HTTP/1.1" 200 1712
180.152.99.73 - - [26/Feb/2022:10:29:39 +0800] "GET /xingrg/kc/mdqp/pssh_order_info.html?code=312022022500363 HTTP/1.1" 200 17299
180.152.99.73 - - [26/Feb/2022:10:29:39 +0800] "GET /xingrg/javascript/jquery_tools/jquery-1.4.2.min.js HTTP/1.1" 404 1094
180.152.99.73 - - [26/Feb/2022:10:29:40 +0800] "POST /xingrg/kc/mdqp/pssh_order_operate.html HTTP/1.1" 200 524
180.152.99.73 - - [26/Feb/2022:10:29:40 +0800] "GET /xingrg/javascript/easyui/themes/default/validatebox.css HTTP/1.1" 404 1104
222.70.180.114 - - [26/Feb/2022:10:29:40 +0800] "GET /xingrg/all/function/internal_message.html?_=1645842576683&CODE_STATE=getMsg HTTP/1.1" 200 27
58.39.168.32 - - [26/Feb/2022:10:29:41 +0800] "GET /xingrg/all/function/internal_message.html?_=1645842516353&CODE_STATE=getMsg HTTP/1.1" 200 27
180.152.99.73 - - [26/Feb/2022:10:29:41 +0800] "POST /xingrg/all/common/load_combo.html?type=employee HTTP/1.1" 200 280
222.70.243.96 - - [26/Feb/2022:10:29:41 +0800] "POST /xingrg/services/DataTransmitService HTTP/1.1" 200 501
124.78.159.88 - - [26/Feb/2022:10:29:42 +0800] "GET /xingrg/check_reg.html?_=1645842582257 HTTP/1.1" 200 22
124.78.159.88 - - [26/Feb/2022:10:29:42 +0800] "GET /xingrg/all/function/internal_message.html?_=1645842582260&CODE_STATE=getMsg HTTP/1.1" 200 27
116.228.172.94 - - [26/Feb/2022:10:29:42 +0800] "GET /xingrg/all/function/internal_message.html?_=1645842570887&CODE_STATE=getMsg HTTP/1.1" 200 27
180.152.99.39 - - [26/Feb/2022:10:29:44 +0800] "POST /xingrg/kc/base/stock_operate.html HTTP/1.1" 200 3170
180.152.99.73 - - [26/Feb/2022:10:29:44 +0800] "POST /xingrg/kc/mdqp/pssh_order_operate.html HTTP/1.1" 200 37
180.152.99.73 - - [26/Feb/2022:10:29:45 +0800] "POST /xingrg/kc/mdqp/pssh_order_operate.html HTTP/1.1" 200 12
180.152.99.73 - - [26/Feb/2022:10:29:46 +0800] "GET /xingrg/kc/mdqp/pssh_order_info.html?code=312022022500363 HTTP/1.1" 200 14388
180.152.99.73 - - [26/Feb/2022:10:29:46 +0800] "GET /xingrg/javascript/jquery_tools/jquery-1.4.2.min.js HTTP/1.1" 404 1094
180.152.99.73 - - [26/Feb/2022:10:29:46 +0800] "POST /xingrg/kc/mdqp/pssh_order_operate.html HTTP/1.1" 200 524
180.152.99.73 - - [26/Feb/2022:10:29:46 +0800] "GET /xingrg/javascript/easyui/themes/default/validatebox.css HTTP/1.1" 404 1104
180.152.99.73 - - [26/Feb/2022:10:29:48 +0800] "GET /xingrg/kc/print/load_data.html?order_code=312022022500363&kc_code=pssh&condition= HTTP/1.1" 200 649
222.70.223.103 - - [26/Feb/2022:10:29:50 +0800] "GET /xingrg/all/function/internal_message.html?_=1645842586160&CODE_STATE=getMsg HTTP/1.1" 200 27
180.152.99.73 - - [26/Feb/2022:10:29:52 +0800] "GET /xingrg/kc/mdqp/pssh_order_list.html?isBack=1 HTTP/1.1" 200 17616
180.152.99.73 - - [26/Feb/2022:10:29:52 +0800] "POST /xingrg/kc/mdqp/pssh_list_operate.html HTTP/1.1" 200 5330
180.152.99.39 - - [26/Feb/2022:10:29:52 +0800] "GET /xingrg/all/function/internal_message.html?_=1645842494899&CODE_STATE=getMsg HTTP/1.1" 200 27
222.69.132.164 - - [26/Feb/2022:10:29:53 +0800] "GET /xingrg/all/function/internal_message.html?_=1645842671487&CODE_STATE=getMsg HTTP/1.1" 200 27
180.152.99.73 - - [26/Feb/2022:10:29:53 +0800] "POST /xingrg/kc/mdqp/pssh_list_operate.html HTTP/1.1" 200 778
180.152.99.73 - - [26/Feb/2022:10:29:54 +0800] "POST /xingrg/kc/mdqp/pssh_list_operate.html HTTP/1.1" 200 1936
180.152.99.73 - - [26/Feb/2022:10:29:54 +0800] "GET /xingrg/kc/mdqp/pssh_order_info.html?code=312022022500359 HTTP/1.1" 200 17303
180.152.99.73 - - [26/Feb/2022:10:29:54 +0800] "GET /xingrg/javascript/jquery_tools/jquery-1.4.2.min.js HTTP/1.1" 404 1094
180.152.99.73 - - [26/Feb/2022:10:29:55 +0800] "POST /xingrg/kc/mdqp/pssh_order_operate.html HTTP/1.1" 200 5264
180.152.99.73 - - [26/Feb/2022:10:29:55 +0800] "GET /xingrg/javascript/easyui/themes/default/validatebox.css HTTP/1.1" 404 1104
172.20.0.100 - - [26/Feb/2022:10:29:55 +0800] "GET /xingrg/check_reg.html?_=1645842592584 HTTP/1.1" 200 22
172.20.0.100 - - [26/Feb/2022:10:29:55 +0800] "GET /xingrg/all/function/internal_message.html?_=1645842592588&CODE_STATE=getMsg HTTP/1.1" 200 27
180.152.99.73 - - [26/Feb/2022:10:29:56 +0800] "POST /xingrg/all/common/load_combo.html?type=employee HTTP/1.1" 200 280
124.79.79.90 - - [26/Feb/2022:10:29:56 +0800] "GET /xingrg/all/function/internal_message.html?_=1645842593158&CODE_STATE=getMsg HTTP/1.1" 200 27
180.152.99.73 - - [26/Feb/2022:10:29:59 +0800] "POST /xingrg/kc/mdqp/pssh_order_operate.html HTTP/1.1" 200 37
180.152.99.73 - - [26/Feb/2022:10:29:59 +0800] "POST /xingrg/kc/mdqp/pssh_order_operate.html HTTP/1.1" 200 12
180.152.99.73 - - [26/Feb/2022:10:30:00 +0800] "GET /xingrg/kc/mdqp/pssh_order_info.html?code=312022022500359 HTTP/1.1" 200 14392
180.152.99.73 - - [26/Feb/2022:10:30:01 +0800] "GET /xingrg/javascript/jquery_tools/jquery-1.4.2.min.js HTTP/1.1" 404 1094
180.152.99.73 - - [26/Feb/2022:10:30:01 +0800] "GET /xingrg/all/function/internal_message.html?_=1645842600777&CODE_STATE=getMsg HTTP/1.1" 200 27
180.152.99.73 - - [26/Feb/2022:10:30:01 +0800] "GET /xingrg/javascript/easyui/themes/default/validatebox.css HTTP/1.1" 404 1104
180.152.99.73 - - [26/Feb/2022:10:30:01 +0800] "POST /xingrg/kc/mdqp/pssh_order_operate.html HTTP/1.1" 200 5264
180.152.99.73 - - [26/Feb/2022:10:30:03 +0800] "GET /xingrg/kc/print/load_data.html?order_code=312022022500359&kc_code=pssh&condition= HTTP/1.1" 200 2298
180.152.99.73 - - [26/Feb/2022:10:30:07 +0800] "GET /xingrg/kc/mdqp/pssh_order_list.html?isBack=1 HTTP/1.1" 200 17616
180.152.99.73 - - [26/Feb/2022:10:30:07 +0800] "POST /xingrg/kc/mdqp/pssh_list_operate.html HTTP/1.1" 200 5355
180.152.99.73 - - [26/Feb/2022:10:30:08 +0800] "POST /xingrg/kc/mdqp/pssh_list_operate.html HTTP/1.1" 200 789
180.152.99.73 - - [26/Feb/2022:10:30:10 +0800] "POST /xingrg/kc/mdqp/pssh_list_operate.html HTTP/1.1" 200 1936
180.152.99.73 - - [26/Feb/2022:10:30:10 +0800] "GET /xingrg/kc/mdqp/pssh_order_info.html?code=312022022500357 HTTP/1.1" 200 17303
180.152.99.73 - - [26/Feb/2022:10:30:10 +0800] "GET /xingrg/javascript/jquery_tools/jquery-1.4.2.min.js HTTP/1.1" 404 1094
180.152.99.73 - - [26/Feb/2022:10:30:10 +0800] "GET /xingrg/javascript/easyui/themes/default/validatebox.css HTTP/1.1" 404 1104
180.152.99.73 - - [26/Feb/2022:10:30:10 +0800] "POST /xingrg/kc/mdqp/pssh_order_operate.html HTTP/1.1" 200 16551
124.79.244.81 - - [26/Feb/2022:10:30:10 +0800] "GET /xingrg/all/function/internal_message.html?_=1645842760257&CODE_STATE=getMsg HTTP/1.1" 200 27
180.152.99.73 - - [26/Feb/2022:10:30:12 +0800] "POST /xingrg/all/common/load_combo.html?type=employee HTTP/1.1" 200 280
180.152.99.73 - - [26/Feb/2022:10:30:14 +0800] "POST /xingrg/kc/mdqp/pssh_order_operate.html HTTP/1.1" 200 37
180.152.99.73 - - [26/Feb/2022:10:30:14 +0800] "POST /xingrg/kc/mdqp/pssh_order_operate.html HTTP/1.1" 200 12
180.152.99.73 - - [26/Feb/2022:10:30:16 +0800] "GET /xingrg/kc/mdqp/pssh_order_info.html?code=312022022500357 HTTP/1.1" 200 14392
180.152.99.73 - - [26/Feb/2022:10:30:16 +0800] "GET /xingrg/javascript/jquery_tools/jquery-1.4.2.min.js HTTP/1.1" 404 1094
180.152.99.73 - - [26/Feb/2022:10:30:16 +0800] "GET /xingrg/javascript/easyui/themes/default/validatebox.css HTTP/1.1" 404 1104
180.152.99.73 - - [26/Feb/2022:10:30:16 +0800] "POST /xingrg/kc/mdqp/pssh_order_operate.html HTTP/1.1" 200 16551
114.86.230.56 - - [26/Feb/2022:10:30:17 +0800] "GET /xingrg/all/function/internal_message.html?_=1645842617136&CODE_STATE=getMsg HTTP/1.1" 200 27
222.70.243.96 - - [26/Feb/2022:10:30:17 +0800] "GET /xingrg/check_reg.html?_=1645842637444 HTTP/1.1" 200 22
180.152.99.73 - - [26/Feb/2022:10:30:18 +0800] "GET /xingrg/kc/print/load_data.html?order_code=312022022500357&kc_code=pssh&condition= HTTP/1.1" 200 6316
180.169.147.146 - - [26/Feb/2022:10:30:18 +0800] "GET /xingrg/all/function/internal_message.html?_=1645842620848&CODE_STATE=getMsg HTTP/1.1" 200 27
180.152.99.73 - - [26/Feb/2022:10:30:23 +0800] "GET /xingrg/kc/mdqp/pssh_order_list.html?isBack=1 HTTP/1.1" 200 17616
180.152.99.73 - - [26/Feb/2022:10:30:23 +0800] "POST /xingrg/kc/mdqp/pssh_list_operate.html HTTP/1.1" 200 5380
180.152.99.73 - - [26/Feb/2022:10:30:24 +0800] "POST /xingrg/kc/mdqp/pssh_list_operate.html HTTP/1.1" 200 367
180.152.99.73 - - [26/Feb/2022:10:30:25 +0800] "POST /xingrg/kc/mdqp/pssh_list_operate.html HTTP/1.1" 200 1936
180.152.99.73 - - [26/Feb/2022:10:30:25 +0800] "GET /xingrg/kc/mdqp/pssh_order_info.html?code=312022022500365 HTTP/1.1" 200 17303
180.152.99.73 - - [26/Feb/2022:10:30:25 +0800] "GET /xingrg/javascript/jquery_tools/jquery-1.4.2.min.js HTTP/1.1" 404 1094
180.152.99.73 - - [26/Feb/2022:10:30:26 +0800] "POST /xingrg/kc/mdqp/pssh_order_operate.html HTTP/1.1" 200 1078
180.152.99.73 - - [26/Feb/2022:10:30:26 +0800] "GET /xingrg/javascript/easyui/themes/default/validatebox.css HTTP/1.1" 404 1104
222.70.243.96 - - [26/Feb/2022:10:30:26 +0800] "GET /xingrg/all/function/internal_message.html?_=1645842643853&CODE_STATE=getMsg HTTP/1.1" 302 -
180.152.99.73 - - [26/Feb/2022:10:30:27 +0800] "POST /xingrg/all/common/load_combo.html?type=employee HTTP/1.1" 200 280
114.83.220.123 - - [26/Feb/2022:10:30:28 +0800] "GET /xingrg/all/function/internal_message.html?_=1645842624433&CODE_STATE=getMsg HTTP/1.1" 200 27
180.152.99.73 - - [26/Feb/2022:10:30:30 +0800] "POST /xingrg/kc/mdqp/pssh_order_operate.html HTTP/1.1" 200 37
180.152.99.73 - - [26/Feb/2022:10:30:30 +0800] "POST /xingrg/kc/mdqp/pssh_order_operate.html HTTP/1.1" 200 12
180.152.99.73 - - [26/Feb/2022:10:30:32 +0800] "GET /xingrg/kc/mdqp/pssh_order_info.html?code=312022022500365 HTTP/1.1" 200 14392
180.152.99.73 - - [26/Feb/2022:10:30:32 +0800] "GET /xingrg/javascript/jquery_tools/jquery-1.4.2.min.js HTTP/1.1" 404 1094
180.152.99.73 - - [26/Feb/2022:10:30:32 +0800] "POST /xingrg/kc/mdqp/pssh_order_operate.html HTTP/1.1" 200 1078
180.152.99.73 - - [26/Feb/2022:10:30:32 +0800] "GET /xingrg/javascript/easyui/themes/default/validatebox.css HTTP/1.1" 404 1104
120.253.135.82 - - [26/Feb/2022:10:30:33 +0800] "GET /xingrg/kc/pszx/mdps_order_info.html?code=312022022500362 HTTP/1.1" 200 19587
