124.78.153.118 - - [19/Feb/2022:12:16:37 +0800] "GET /xingrg/all/function/internal_message.html?_=1645244195928&CODE_STATE=getMsg HTTP/1.1" 200 27
116.239.131.195 - - [19/Feb/2022:12:16:43 +0800] "POST /xingrg/services/DataTransmitService HTTP/1.1" 200 524
116.239.131.195 - - [19/Feb/2022:12:16:43 +0800] "POST /xingrg/services/DataTransmitService HTTP/1.1" 200 501
116.239.131.195 - - [19/Feb/2022:12:16:44 +0800] "POST /xingrg/services/DataTransmitService HTTP/1.1" 200 501
116.239.131.195 - - [19/Feb/2022:12:16:44 +0800] "POST /xingrg/services/DataTransmitService HTTP/1.1" 200 501
116.239.131.195 - - [19/Feb/2022:12:16:44 +0800] "POST /xingrg/services/DataTransmitService HTTP/1.1" 200 501
116.239.131.195 - - [19/Feb/2022:12:16:44 +0800] "POST /xingrg/services/DataTransmitService HTTP/1.1" 200 501
116.239.131.195 - - [19/Feb/2022:12:16:45 +0800] "POST /xingrg/services/DataTransmitService HTTP/1.1" 200 412
222.70.223.103 - - [19/Feb/2022:12:16:46 +0800] "POST /xingrg/kc/buy/cgsh_list_operate.html HTTP/1.1" 200 5213
172.20.0.100 - - [19/Feb/2022:12:16:47 +0800] "GET /xingrg/all/function/internal_message.html?_=1645244203262&CODE_STATE=getMsg HTTP/1.1" 200 27
180.152.99.73 - - [19/Feb/2022:12:16:48 +0800] "GET /xingrg/check_reg.html?_=1645244207083 HTTP/1.1" 200 22
180.152.99.73 - - [19/Feb/2022:12:16:48 +0800] "GET /xingrg/all/function/internal_message.html?_=1645244207086&CODE_STATE=getMsg HTTP/1.1" 200 27
172.20.0.100 - - [19/Feb/2022:12:16:49 +0800] "GET /xingrg/all/function/internal_message.html?_=1645244205058&CODE_STATE=getMsg HTTP/1.1" 200 27
172.20.0.100 - - [19/Feb/2022:12:16:49 +0800] "GET /xingrg/check_reg.html?_=1645244205063 HTTP/1.1" 200 22
116.228.172.94 - - [19/Feb/2022:12:17:04 +0800] "GET /xingrg/all/function/internal_message.html?_=1645244072287&CODE_STATE=getMsg HTTP/1.1" 200 27
222.70.243.96 - - [19/Feb/2022:12:17:08 +0800] "GET /xingrg/all/function/internal_message.html?_=1645244250285&CODE_STATE=getMsg HTTP/1.1" 200 27
180.152.99.39 - - [19/Feb/2022:12:17:13 +0800] "GET /xingrg/check_reg.html?_=1645244140020 HTTP/1.1" 200 22
180.152.99.39 - - [19/Feb/2022:12:17:13 +0800] "GET /xingrg/all/function/internal_message.html?_=1645244140225&CODE_STATE=getMsg HTTP/1.1" 200 27
116.235.92.83 - - [19/Feb/2022:12:17:15 +0800] "GET /xingrg/all/function/internal_message.html?_=1645244382138&CODE_STATE=getMsg HTTP/1.1" 200 27
222.70.223.103 - - [19/Feb/2022:12:17:16 +0800] "POST /xingrg/kc/buy/cgsh_list_operate.html HTTP/1.1" 200 8816
222.70.223.103 - - [19/Feb/2022:12:17:17 +0800] "GET /xingrg/all/function/internal_message.html?_=1645244233821&CODE_STATE=getMsg HTTP/1.1" 200 27
180.162.112.109 - - [19/Feb/2022:12:17:19 +0800] "GET /xingrg/check_reg.html?_=1645243608610 HTTP/1.1" 200 22
180.162.112.109 - - [19/Feb/2022:12:17:19 +0800] "GET /xingrg/all/function/internal_message.html?_=1645243608613&CODE_STATE=getMsg HTTP/1.1" 200 27
114.86.229.124 - - [19/Feb/2022:12:17:20 +0800] "GET /xingrg/all/function/internal_message.html?_=1645244238154&CODE_STATE=getMsg HTTP/1.1" 200 27
222.70.243.96 - - [19/Feb/2022:12:17:25 +0800] "POST /xingrg/services/DataTransmitService HTTP/1.1" 200 524
222.70.243.96 - - [19/Feb/2022:12:17:26 +0800] "POST /xingrg/services/DataTransmitService HTTP/1.1" 200 412
180.157.251.97 - - [19/Feb/2022:12:17:28 +0800] "GET /xingrg/all/function/internal_message.html?_=1645244245799&CODE_STATE=getMsg HTTP/1.1" 200 27
58.39.168.32 - - [19/Feb/2022:12:17:30 +0800] "GET /xingrg/all/function/internal_message.html?_=1645244185366&CODE_STATE=getMsg HTTP/1.1" 200 27
124.79.79.90 - - [19/Feb/2022:12:17:33 +0800] "GET /xingrg/all/function/internal_message.html?_=1645244251359&CODE_STATE=getMsg HTTP/1.1" 200 27
120.253.135.82 - - [19/Feb/2022:12:17:33 +0800] "GET /xingrg/all/function/internal_message.html?_=1645244045549&CODE_STATE=getMsg HTTP/1.1" 200 27
124.78.153.118 - - [19/Feb/2022:12:17:37 +0800] "GET /xingrg/all/function/internal_message.html?_=1645244255913&CODE_STATE=getMsg HTTP/1.1" 200 27
172.20.0.100 - - [19/Feb/2022:12:17:47 +0800] "GET /xingrg/all/function/internal_message.html?_=1645244263267&CODE_STATE=getMsg HTTP/1.1" 200 27
180.152.99.73 - - [19/Feb/2022:12:17:48 +0800] "GET /xingrg/all/function/internal_message.html?_=1645244267098&CODE_STATE=getMsg HTTP/1.1" 200 27
172.20.0.100 - - [19/Feb/2022:12:17:49 +0800] "GET /xingrg/all/function/internal_message.html?_=1645244265051&CODE_STATE=getMsg HTTP/1.1" 200 27
222.70.223.103 - - [19/Feb/2022:12:17:53 +0800] "POST /xingrg/kc/buy/cgsh_list_operate.html HTTP/1.1" 200 2624
222.70.223.103 - - [19/Feb/2022:12:17:57 +0800] "POST /xingrg/kc/buy/cgsh_list_operate.html HTTP/1.1" 200 201
222.70.223.103 - - [19/Feb/2022:12:17:57 +0800] "GET /xingrg/kc/buy/cgsh_order_info.html?code=212022021905500 HTTP/1.1" 200 65495
222.70.223.103 - - [19/Feb/2022:12:17:57 +0800] "GET /xingrg/all/common/auto_word.html?type=employee&rest_code=00155 HTTP/1.1" 200 205
222.70.223.103 - - [19/Feb/2022:12:17:57 +0800] "GET /xingrg/javascript/easyui/themes/default/validatebox.css HTTP/1.1" 404 1104
222.70.223.103 - - [19/Feb/2022:12:17:57 +0800] "GET /xingrg/all/common/auto_word.html?type=employee&rest_code=00155 HTTP/1.1" 200 205
222.70.223.103 - - [19/Feb/2022:12:17:58 +0800] "POST /xingrg/kc/buy/cgsh_order_operate.html HTTP/1.1" 200 2662
101.83.241.223 - - [19/Feb/2022:12:17:58 +0800] "POST /xingrg/services/DataTransmitService HTTP/1.1" 200 524
222.70.223.103 - - [19/Feb/2022:12:17:59 +0800] "GET /xingrg/kc/print/load_config.html?kc_code=cgsh HTTP/1.1" 200 1943
222.70.223.103 - - [19/Feb/2022:12:17:59 +0800] "GET /xingrg/kc/print/load_data.html?order_code=212022021905500&kc_code=cgsh&condition= HTTP/1.1" 200 688
101.83.241.223 - - [19/Feb/2022:12:17:59 +0800] "POST /xingrg/services/DataTransmitService HTTP/1.1" 200 412
222.70.223.103 - - [19/Feb/2022:12:18:04 +0800] "GET /xingrg/kc/buy/cgsh_order_add.html HTTP/1.1" 200 65478
222.70.223.103 - - [19/Feb/2022:12:18:04 +0800] "POST /xingrg/kc/buy/cgsh_order_operate.html HTTP/1.1" 200 8245
222.70.223.103 - - [19/Feb/2022:12:18:04 +0800] "GET /xingrg/javascript/easyui/themes/default/validatebox.css HTTP/1.1" 404 1104
116.228.172.94 - - [19/Feb/2022:12:18:04 +0800] "GET /xingrg/all/function/internal_message.html?_=1645244132276&CODE_STATE=getMsg HTTP/1.1" 200 27
222.70.243.96 - - [19/Feb/2022:12:18:08 +0800] "GET /xingrg/all/function/internal_message.html?_=1645244310949&CODE_STATE=getMsg HTTP/1.1" 200 27
222.70.223.103 - - [19/Feb/2022:12:18:09 +0800] "GET /xingrg/javascript/auto/indicator.gif HTTP/1.1" 404 1066
180.152.99.39 - - [19/Feb/2022:12:18:13 +0800] "GET /xingrg/all/function/internal_message.html?_=1645244200239&CODE_STATE=getMsg HTTP/1.1" 200 27
116.235.92.83 - - [19/Feb/2022:12:18:15 +0800] "GET /xingrg/all/function/internal_message.html?_=1645244442136&CODE_STATE=getMsg HTTP/1.1" 200 27
222.70.223.103 - - [19/Feb/2022:12:18:17 +0800] "GET /xingrg/all/function/internal_message.html?_=1645244293808&CODE_STATE=getMsg HTTP/1.1" 200 27
180.152.99.73 - - [19/Feb/2022:12:18:17 +0800] "GET /xingrg/kc/mdqp/pssh_order_list.html HTTP/1.1" 200 17616
180.152.99.73 - - [19/Feb/2022:12:18:17 +0800] "POST /xingrg/kc/mdqp/pssh_list_operate.html HTTP/1.1" 200 5502
180.152.99.73 - - [19/Feb/2022:12:18:19 +0800] "POST /xingrg/kc/mdqp/pssh_list_operate.html HTTP/1.1" 200 592
180.162.112.109 - - [19/Feb/2022:12:18:19 +0800] "GET /xingrg/all/function/internal_message.html?_=1645243668613&CODE_STATE=getMsg HTTP/1.1" 200 27
180.152.99.73 - - [19/Feb/2022:12:18:19 +0800] "GET /xingrg/kc/mdqp/pssh_order_info.html?code=312022021900260 HTTP/1.1" 200 17303
180.152.99.73 - - [19/Feb/2022:12:18:19 +0800] "GET /xingrg/javascript/jquery_tools/jquery-1.4.2.min.js HTTP/1.1" 404 1094
180.152.99.73 - - [19/Feb/2022:12:18:20 +0800] "POST /xingrg/kc/mdqp/pssh_order_operate.html HTTP/1.1" 200 2149
180.152.99.73 - - [19/Feb/2022:12:18:20 +0800] "GET /xingrg/javascript/easyui/themes/default/validatebox.css HTTP/1.1" 404 1104
114.86.229.124 - - [19/Feb/2022:12:18:20 +0800] "GET /xingrg/all/function/internal_message.html?_=1645244298156&CODE_STATE=getMsg HTTP/1.1" 200 27
180.152.99.73 - - [19/Feb/2022:12:18:21 +0800] "GET /xingrg/kc/print/load_config.html?kc_code=pssh HTTP/1.1" 200 2291
180.152.99.73 - - [19/Feb/2022:12:18:21 +0800] "GET /xingrg/kc/print/load_data.html?order_code=312022021900260&kc_code=pssh&condition= HTTP/1.1" 200 1174
180.152.99.73 - - [19/Feb/2022:12:18:26 +0800] "POST /xingrg/all/common/load_combo.html?type=employee HTTP/1.1" 200 280
180.152.99.73 - - [19/Feb/2022:12:18:28 +0800] "POST /xingrg/kc/mdqp/pssh_order_operate.html HTTP/1.1" 200 37
180.157.251.97 - - [19/Feb/2022:12:18:28 +0800] "GET /xingrg/all/function/internal_message.html?_=1645244305824&CODE_STATE=getMsg HTTP/1.1" 200 27
180.152.99.73 - - [19/Feb/2022:12:18:29 +0800] "POST /xingrg/kc/mdqp/pssh_order_operate.html HTTP/1.1" 200 12
180.152.99.73 - - [19/Feb/2022:12:18:29 +0800] "GET /xingrg/kc/mdqp/pssh_order_info.html?code=312022021900260 HTTP/1.1" 200 14392
180.152.99.73 - - [19/Feb/2022:12:18:29 +0800] "GET /xingrg/javascript/jquery_tools/jquery-1.4.2.min.js HTTP/1.1" 404 1094
58.39.168.32 - - [19/Feb/2022:12:18:30 +0800] "GET /xingrg/all/function/internal_message.html?_=1645244245379&CODE_STATE=getMsg HTTP/1.1" 200 27
180.152.99.73 - - [19/Feb/2022:12:18:30 +0800] "POST /xingrg/kc/mdqp/pssh_order_operate.html HTTP/1.1" 200 2149
180.152.99.73 - - [19/Feb/2022:12:18:30 +0800] "GET /xingrg/javascript/easyui/themes/default/validatebox.css HTTP/1.1" 404 1104
124.79.79.90 - - [19/Feb/2022:12:18:33 +0800] "GET /xingrg/all/function/internal_message.html?_=1645244311344&CODE_STATE=getMsg HTTP/1.1" 200 27
120.253.135.82 - - [19/Feb/2022:12:18:33 +0800] "GET /xingrg/check_reg.html?_=1645244105375 HTTP/1.1" 200 22
120.253.135.82 - - [19/Feb/2022:12:18:33 +0800] "GET /xingrg/all/function/internal_message.html?_=1645244105563&CODE_STATE=getMsg HTTP/1.1" 200 27
222.70.223.103 - - [19/Feb/2022:12:18:40 +0800] "GET /xingrg/kc/report/report_main.html HTTP/1.1" 200 7340
222.70.223.103 - - [19/Feb/2022:12:18:41 +0800] "GET /xingrg/kc/base/kc_stocks.html HTTP/1.1" 200 16443
222.70.223.103 - - [19/Feb/2022:12:18:41 +0800] "GET /xingrg/javascript/easyui/themes/default/tree.css HTTP/1.1" 404 1090
222.70.223.103 - - [19/Feb/2022:12:18:41 +0800] "GET /xingrg/all/common/auto_word.html?type=base&rest_code=00155 HTTP/1.1" 200 1753
222.70.223.103 - - [19/Feb/2022:12:18:41 +0800] "POST /xingrg/all/common/load_tree.html?tree=materiel_sort_tree_json HTTP/1.1" 200 9388
222.70.223.103 - - [19/Feb/2022:12:18:47 +0800] "POST /xingrg/kc/base/stock_operate.html HTTP/1.1" 200 1445
172.20.0.100 - - [19/Feb/2022:12:18:47 +0800] "GET /xingrg/all/function/internal_message.html?_=1645244323272&CODE_STATE=getMsg HTTP/1.1" 200 27
180.152.99.73 - - [19/Feb/2022:12:18:48 +0800] "GET /xingrg/all/function/internal_message.html?_=1645244327091&CODE_STATE=getMsg HTTP/1.1" 200 27
172.20.0.100 - - [19/Feb/2022:12:18:49 +0800] "GET /xingrg/all/function/internal_message.html?_=1645244325057&CODE_STATE=getMsg HTTP/1.1" 200 27
222.70.223.103 - - [19/Feb/2022:12:18:54 +0800] "POST /xingrg/kc/base/stock_operate.html HTTP/1.1" 200 3510
222.70.223.103 - - [19/Feb/2022:12:19:00 +0800] "GET /xingrg/kc/base/stock_detail.html?m=00101005038 HTTP/1.1" 200 7315
222.70.223.103 - - [19/Feb/2022:12:19:00 +0800] "GET /xingrg/javascript/jquery_easy_ui/themes/default/images/button_a_bg.gif HTTP/1.1" 200 1194
222.70.223.103 - - [19/Feb/2022:12:19:00 +0800] "GET /xingrg/javascript/jquery_easy_ui/themes/default/images/button_span_bg.gif HTTP/1.1" 200 2061
222.70.223.103 - - [19/Feb/2022:12:19:00 +0800] "GET /xingrg/javascript/jquery_easy_ui/themes/default/images/calendar_prevmonth.gif HTTP/1.1" 200 66
222.70.223.103 - - [19/Feb/2022:12:19:00 +0800] "GET /xingrg/javascript/jquery_easy_ui/themes/icons/search.png HTTP/1.1" 200 813
222.70.223.103 - - [19/Feb/2022:12:19:00 +0800] "GET /xingrg/javascript/jquery_easy_ui/themes/default/images/calendar_prevyear.gif HTTP/1.1" 200 76
222.70.223.103 - - [19/Feb/2022:12:19:00 +0800] "GET /xingrg/javascript/jquery_easy_ui/themes/default/images/menu.gif HTTP/1.1" 200 834
222.70.223.103 - - [19/Feb/2022:12:19:00 +0800] "GET /xingrg/javascript/jquery_easy_ui/themes/default/images/calendar_nextmonth.gif HTTP/1.1" 200 64
222.70.223.103 - - [19/Feb/2022:12:19:00 +0800] "GET /xingrg/javascript/jquery_easy_ui/themes/default/images/calendar_nextyear.gif HTTP/1.1" 200 75
222.70.223.103 - - [19/Feb/2022:12:19:04 +0800] "GET /xingrg/kc/base/stock_operate.html?_=1645244340501&command=get_report_file&start_day=20200202 HTTP/1.1" 200 21
222.70.223.103 - - [19/Feb/2022:12:19:04 +0800] "GET /xingrg/all/report/report_query.html?isQuery=1&onlyBody=1&rh=2000&fileName=kc/base/kc_stock_detail.xml&queryString=(1=1)&queryText=&tableQueryString=init_table$sp1$$sp$crk_table$sp1$order_day%20between%2020200202%20and%2020220228&varString=start_day:20200202,materiel_code:00101005038,cost_id:undefined,end_date:undefined HTTP/1.1" 200 48699
222.70.223.103 - - [19/Feb/2022:12:19:04 +0800] "GET /xingrg/javascript/multi_select/jqueryMultiSelect.css HTTP/1.1" 200 951
222.70.223.103 - - [19/Feb/2022:12:19:04 +0800] "GET /xingrg/javascript/calendar/timePicker.css HTTP/1.1" 200 523
222.70.223.103 - - [19/Feb/2022:12:19:04 +0800] "GET /xingrg/javascript/bigrid/fix.css HTTP/1.1" 200 1702
222.70.223.103 - - [19/Feb/2022:12:19:04 +0800] "GET /xingrg/dwr/interface/AjaxReportQueryService.js HTTP/1.1" 200 13203
222.70.223.103 - - [19/Feb/2022:12:19:04 +0800] "GET /xingrg/dwr/engine.js HTTP/1.1" 200 43631
222.70.223.103 - - [19/Feb/2022:12:19:04 +0800] "GET /xingrg/dwr/util.js HTTP/1.1" 304 -
222.70.223.103 - - [19/Feb/2022:12:19:04 +0800] "GET /xingrg/javascript/jqueryMultiSelect.js HTTP/1.1" 200 11866
222.70.223.103 - - [19/Feb/2022:12:19:04 +0800] "GET /xingrg/javascript/calendar/jquery.timePicker.min.js HTTP/1.1" 200 2997
222.70.223.103 - - [19/Feb/2022:12:19:04 +0800] "GET /xingrg/javascript/bigrid/fix.js HTTP/1.1" 200 6439
222.70.223.103 - - [19/Feb/2022:12:19:04 +0800] "GET /xingrg/images/blue/button/advanceover.gif HTTP/1.1" 200 1347
222.70.223.103 - - [19/Feb/2022:12:19:04 +0800] "GET /xingrg/images/blue/button/advance2over.gif HTTP/1.1" 200 1336
222.70.223.103 - - [19/Feb/2022:12:19:04 +0800] "GET /xingrg/images/blue/button/back2over.gif HTTP/1.1" 200 1335
222.70.223.103 - - [19/Feb/2022:12:19:04 +0800] "GET /xingrg/images/blue/button/backover.gif HTTP/1.1" 200 1348
222.70.223.103 - - [19/Feb/2022:12:19:04 +0800] "GET /xingrg/images/control/loading.gif HTTP/1.1" 200 13463
222.70.223.103 - - [19/Feb/2022:12:19:04 +0800] "GET /xingrg/javascript/jquery_easy_ui/themes/icons/help.png HTTP/1.1" 200 1187
116.228.172.94 - - [19/Feb/2022:12:19:04 +0800] "GET /xingrg/all/function/internal_message.html?_=1645244192268&CODE_STATE=getMsg HTTP/1.1" 200 27
222.70.223.103 - - [19/Feb/2022:12:19:05 +0800] "POST /xingrg/all/report/load_report_page.html HTTP/1.1" 200 39773
222.70.223.103 - - [19/Feb/2022:12:19:05 +0800] "GET /xingrg/servlets/image?cache=0.14637833257729804&image=px HTTP/1.1" 200 807
222.70.223.103 - - [19/Feb/2022:12:19:08 +0800] "GET /xingrg/kc/guide/show_order.html?code=212021022107780&type=21 HTTP/1.1" 302 -
222.70.223.103 - - [19/Feb/2022:12:19:08 +0800] "GET /xingrg/kc/buy/cgsh_order_info.html?code=212021022107780&sysBaseUrl=http%3A%2F%2F180.169.147.146%3A18081%2Fxingrg%2F&costTime=1×tamp=1645244348068 HTTP/1.1" 200 60391
222.70.223.103 - - [19/Feb/2022:12:19:08 +0800] "GET /favicon.ico HTTP/1.1" 404 -
222.70.223.103 - - [19/Feb/2022:12:19:08 +0800] "GET /xingrg/javascript/easyui/themes/default/validatebox.css HTTP/1.1" 404 1104
222.70.243.96 - - [19/Feb/2022:12:19:08 +0800] "GET /xingrg/all/function/internal_message.html?_=1645244370952&CODE_STATE=getMsg HTTP/1.1" 200 27
222.70.223.103 - - [19/Feb/2022:12:19:09 +0800] "POST /xingrg/kc/buy/cgsh_order_operate.html HTTP/1.1" 200 607
180.152.99.39 - - [19/Feb/2022:12:19:13 +0800] "GET /xingrg/all/function/internal_message.html?_=1645244260252&CODE_STATE=getMsg HTTP/1.1" 200 27
116.235.92.83 - - [19/Feb/2022:12:19:15 +0800] "GET /xingrg/all/function/internal_message.html?_=1645244502132&CODE_STATE=getMsg HTTP/1.1" 200 27
116.235.92.83 - - [19/Feb/2022:12:19:15 +0800] "GET /xingrg/check_reg.html?_=1645244502134 HTTP/1.1" 200 22
222.70.223.103 - - [19/Feb/2022:12:19:17 +0800] "GET /xingrg/all/function/internal_message.html?_=1645244353819&CODE_STATE=getMsg HTTP/1.1" 200 27
180.162.112.109 - - [19/Feb/2022:12:19:19 +0800] "GET /xingrg/all/function/internal_message.html?_=1645243728612&CODE_STATE=getMsg HTTP/1.1" 200 27
222.70.223.103 - - [19/Feb/2022:12:19:19 +0800] "GET /xingrg/javascript/jquery_tools/images/prev.gif HTTP/1.1" 404 1086
222.70.223.103 - - [19/Feb/2022:12:19:19 +0800] "GET /xingrg/javascript/jquery_tools/images/next.gif HTTP/1.1" 404 1086
114.86.229.124 - - [19/Feb/2022:12:19:20 +0800] "GET /xingrg/all/function/internal_message.html?_=1645244358158&CODE_STATE=getMsg HTTP/1.1" 200 27
180.157.251.97 - - [19/Feb/2022:12:19:28 +0800] "GET /xingrg/all/function/internal_message.html?_=1645244365823&CODE_STATE=getMsg HTTP/1.1" 200 27
180.157.251.97 - - [19/Feb/2022:12:19:28 +0800] "GET /xingrg/check_reg.html?_=1645244365825 HTTP/1.1" 200 22
58.39.168.32 - - [19/Feb/2022:12:19:30 +0800] "GET /xingrg/all/function/internal_message.html?_=1645244305364&CODE_STATE=getMsg HTTP/1.1" 200 27
222.70.223.103 - - [19/Feb/2022:12:19:30 +0800] "GET /xingrg/kc/buy/cgsh_order_operate.html?command=get_materiel&rest_code=00155&code=00101005038&supplier_code=00100316&order_time=2022-02-15 HTTP/1.1" 200 412
58.39.168.32 - - [19/Feb/2022:12:19:31 +0800] "GET /xingrg/check_reg.html?_=1645244306163 HTTP/1.1" 200 22
124.79.79.90 - - [19/Feb/2022:12:19:33 +0800] "GET /xingrg/all/function/internal_message.html?_=1645244371330&CODE_STATE=getMsg HTTP/1.1" 200 27
120.253.135.82 - - [19/Feb/2022:12:19:33 +0800] "GET /xingrg/all/function/internal_message.html?_=1645244165576&CODE_STATE=getMsg HTTP/1.1" 200 27
222.70.223.103 - - [19/Feb/2022:12:19:39 +0800] "POST /xingrg/kc/buy/cgsh_order_operate.html HTTP/1.1" 200 37
222.70.223.103 - - [19/Feb/2022:12:19:40 +0800] "POST /xingrg/kc/buy/cgsh_order_operate.html HTTP/1.1" 200 2659
222.70.223.103 - - [19/Feb/2022:12:19:41 +0800] "GET /xingrg/kc/print/load_data.html?order_code=212022021905501&kc_code=cgsh&condition= HTTP/1.1" 200 685
222.70.223.103 - - [19/Feb/2022:12:19:46 +0800] "GET /xingrg/kc/buy/cgsh_order_add.html HTTP/1.1" 200 65478
222.70.223.103 - - [19/Feb/2022:12:19:46 +0800] "POST /xingrg/kc/buy/cgsh_order_operate.html HTTP/1.1" 200 8245
222.70.223.103 - - [19/Feb/2022:12:19:46 +0800] "GET /xingrg/javascript/easyui/themes/default/validatebox.css HTTP/1.1" 404 1104
222.70.223.103 - - [19/Feb/2022:12:19:46 +0800] "GET /xingrg/javascript/auto/indicator.gif HTTP/1.1" 404 1066
172.20.0.100 - - [19/Feb/2022:12:19:47 +0800] "GET /xingrg/all/function/internal_message.html?_=1645244383261&CODE_STATE=getMsg HTTP/1.1" 200 27
180.152.99.73 - - [19/Feb/2022:12:19:48 +0800] "GET /xingrg/all/function/internal_message.html?_=1645244387092&CODE_STATE=getMsg HTTP/1.1" 200 27
222.70.223.103 - - [19/Feb/2022:12:19:48 +0800] "GET /xingrg/javascript/jquery_tools/images/next.gif HTTP/1.1" 404 1086
222.70.223.103 - - [19/Feb/2022:12:19:48 +0800] "GET /xingrg/javascript/jquery_tools/images/prev.gif HTTP/1.1" 404 1086
172.20.0.100 - - [19/Feb/2022:12:19:49 +0800] "GET /xingrg/all/function/internal_message.html?_=1645244385048&CODE_STATE=getMsg HTTP/1.1" 200 27
180.169.147.146 - - [19/Feb/2022:12:19:49 +0800] "GET /xingrg/check_reg.html?_=1645244387678 HTTP/1.1" 200 22
222.70.223.103 - - [19/Feb/2022:12:20:02 +0800] "GET /xingrg/kc/buy/cgsh_order_operate.html?command=get_materiel&rest_code=00155&code=00101001140&supplier_code=00100090&order_time=2022-02-15 HTTP/1.1" 200 417
116.228.172.94 - - [19/Feb/2022:12:20:04 +0800] "GET /xingrg/check_reg.html?_=1645244252286 HTTP/1.1" 200 22
116.228.172.94 - - [19/Feb/2022:12:20:04 +0800] "GET /xingrg/all/function/internal_message.html?_=1645244252283&CODE_STATE=getMsg HTTP/1.1" 200 27
222.70.243.96 - - [19/Feb/2022:12:20:06 +0800] "GET /xingrg/check_reg.html?_=1645244428353 HTTP/1.1" 200 22
222.70.243.96 - - [19/Feb/2022:12:20:08 +0800] "GET /xingrg/all/function/internal_message.html?_=1645244430965&CODE_STATE=getMsg HTTP/1.1" 200 27
180.152.99.39 - - [19/Feb/2022:12:20:13 +0800] "GET /xingrg/all/function/internal_message.html?_=1645244320279&CODE_STATE=getMsg HTTP/1.1" 200 27
222.70.223.103 - - [19/Feb/2022:12:20:13 +0800] "GET /xingrg/kc/buy/cgsh_order_operate.html?command=get_materiel&rest_code=00155&code=00101001125&supplier_code=00100090&order_time=2022-02-15 HTTP/1.1" 200 417
116.235.92.83 - - [19/Feb/2022:12:20:15 +0800] "GET /xingrg/all/function/internal_message.html?_=1645244562148&CODE_STATE=getMsg HTTP/1.1" 200 27
222.70.223.103 - - [19/Feb/2022:12:20:17 +0800] "GET /xingrg/all/function/internal_message.html?_=1645244413799&CODE_STATE=getMsg HTTP/1.1" 200 27
180.162.112.109 - - [19/Feb/2022:12:20:19 +0800] "GET /xingrg/all/function/internal_message.html?_=1645243788611&CODE_STATE=getMsg HTTP/1.1" 200 27
114.86.229.124 - - [19/Feb/2022:12:20:20 +0800] "GET /xingrg/all/function/internal_message.html?_=1645244418160&CODE_STATE=getMsg HTTP/1.1" 200 27
222.70.223.103 - - [19/Feb/2022:12:20:23 +0800] "POST /xingrg/kc/buy/cgsh_order_operate.html HTTP/1.1" 200 37
222.70.223.103 - - [19/Feb/2022:12:20:24 +0800] "POST /xingrg/kc/buy/cgsh_order_operate.html HTTP/1.1" 200 3263
222.70.223.103 - - [19/Feb/2022:12:20:25 +0800] "GET /xingrg/kc/print/load_data.html?order_code=212022021905502&kc_code=cgsh&condition= HTTP/1.1" 200 989
180.157.251.97 - - [19/Feb/2022:12:20:28 +0800] "GET /xingrg/all/function/internal_message.html?_=1645244425823&CODE_STATE=getMsg HTTP/1.1" 200 27
58.39.168.32 - - [19/Feb/2022:12:20:30 +0800] "GET /xingrg/all/function/internal_message.html?_=1645244365336&CODE_STATE=getMsg HTTP/1.1" 200 27
124.79.79.90 - - [19/Feb/2022:12:20:33 +0800] "GET /xingrg/all/function/internal_message.html?_=1645244431316&CODE_STATE=getMsg HTTP/1.1" 200 27
120.253.135.82 - - [19/Feb/2022:12:20:33 +0800] "GET /xingrg/all/function/internal_message.html?_=1645244225589&CODE_STATE=getMsg HTTP/1.1" 200 27
222.70.223.103 - - [19/Feb/2022:12:20:33 +0800] "GET /xingrg/kc/buy/cgsh_order_add.html HTTP/1.1" 200 65478
222.70.223.103 - - [19/Feb/2022:12:20:34 +0800] "POST /xingrg/kc/buy/cgsh_order_operate.html HTTP/1.1" 200 8245
222.70.223.103 - - [19/Feb/2022:12:20:34 +0800] "GET /xingrg/javascript/easyui/themes/default/validatebox.css HTTP/1.1" 404 1104
222.70.223.103 - - [19/Feb/2022:12:20:36 +0800] "GET /xingrg/javascript/auto/indicator.gif HTTP/1.1" 404 1066
222.70.223.103 - - [19/Feb/2022:12:20:37 +0800] "GET /xingrg/javascript/jquery_tools/images/prev.gif HTTP/1.1" 404 1086
222.70.223.103 - - [19/Feb/2022:12:20:37 +0800] "GET /xingrg/javascript/jquery_tools/images/next.gif HTTP/1.1" 404 1086
172.20.0.100 - - [19/Feb/2022:12:20:47 +0800] "GET /xingrg/all/function/internal_message.html?_=1645244443266&CODE_STATE=getMsg HTTP/1.1" 200 27
172.20.0.100 - - [19/Feb/2022:12:20:47 +0800] "GET /xingrg/check_reg.html?_=1645244443270 HTTP/1.1" 200 22
180.152.99.73 - - [19/Feb/2022:12:20:48 +0800] "GET /xingrg/all/function/internal_message.html?_=1645244447091&CODE_STATE=getMsg HTTP/1.1" 200 27
172.20.0.100 - - [19/Feb/2022:12:20:49 +0800] "GET /xingrg/all/function/internal_message.html?_=1645244445050&CODE_STATE=getMsg HTTP/1.1" 200 27
222.70.223.103 - - [19/Feb/2022:12:20:55 +0800] "GET /xingrg/kc/buy/cgsh_order_operate.html?command=get_materiel&rest_code=00155&code=00101001174&supplier_code=00100314&order_time=2022-02-15 HTTP/1.1" 200 416
116.228.172.94 - - [19/Feb/2022:12:21:04 +0800] "GET /xingrg/all/function/internal_message.html?_=1645244312275&CODE_STATE=getMsg HTTP/1.1" 200 27
222.70.243.96 - - [19/Feb/2022:12:21:08 +0800] "GET /xingrg/all/function/internal_message.html?_=1645244490979&CODE_STATE=getMsg HTTP/1.1" 200 27
222.70.223.103 - - [19/Feb/2022:12:21:09 +0800] "POST /xingrg/kc/buy/cgsh_order_operate.html HTTP/1.1" 200 37
222.70.223.103 - - [19/Feb/2022:12:21:10 +0800] "POST /xingrg/kc/buy/cgsh_order_operate.html HTTP/1.1" 200 2663
222.70.223.103 - - [19/Feb/2022:12:21:11 +0800] "GET /xingrg/kc/print/load_data.html?order_code=212022021905503&kc_code=cgsh&condition= HTTP/1.1" 200 686
180.152.99.39 - - [19/Feb/2022:12:21:13 +0800] "GET /xingrg/all/function/internal_message.html?_=1645244380295&CODE_STATE=getMsg HTTP/1.1" 200 27
116.235.92.83 - - [19/Feb/2022:12:21:15 +0800] "GET /xingrg/all/function/internal_message.html?_=1645244622162&CODE_STATE=getMsg HTTP/1.1" 200 27
222.70.223.103 - - [19/Feb/2022:12:21:17 +0800] "GET /xingrg/all/function/internal_message.html?_=1645244473820&CODE_STATE=getMsg HTTP/1.1" 200 27
222.70.223.103 - - [19/Feb/2022:12:21:17 +0800] "GET /xingrg/check_reg.html?_=1645244473822 HTTP/1.1" 200 22
180.162.112.109 - - [19/Feb/2022:12:21:19 +0800] "GET /xingrg/all/function/internal_message.html?_=1645243848611&CODE_STATE=getMsg HTTP/1.1" 200 27
114.86.229.124 - - [19/Feb/2022:12:21:20 +0800] "GET /xingrg/all/function/internal_message.html?_=1645244478166&CODE_STATE=getMsg HTTP/1.1" 200 27
114.86.229.124 - - [19/Feb/2022:12:21:20 +0800] "GET /xingrg/check_reg.html?_=1645244478168 HTTP/1.1" 200 22
180.157.251.97 - - [19/Feb/2022:12:21:28 +0800] "GET /xingrg/all/function/internal_message.html?_=1645244485822&CODE_STATE=getMsg HTTP/1.1" 200 27
58.39.168.32 - - [19/Feb/2022:12:21:30 +0800] "GET /xingrg/all/function/internal_message.html?_=1645244425306&CODE_STATE=getMsg HTTP/1.1" 200 27
124.79.79.90 - - [19/Feb/2022:12:21:33 +0800] "GET /xingrg/all/function/internal_message.html?_=1645244491288&CODE_STATE=getMsg HTTP/1.1" 200 27
120.253.135.82 - - [19/Feb/2022:12:21:33 +0800] "GET /xingrg/all/function/internal_message.html?_=1645244285620&CODE_STATE=getMsg HTTP/1.1" 200 27
124.79.79.90 - - [19/Feb/2022:12:21:35 +0800] "GET /xingrg/check_reg.html?_=1645244493242 HTTP/1.1" 200 22
172.20.0.100 - - [19/Feb/2022:12:21:47 +0800] "GET /xingrg/all/function/internal_message.html?_=1645244503275&CODE_STATE=getMsg HTTP/1.1" 200 27
180.152.99.73 - - [19/Feb/2022:12:21:48 +0800] "GET /xingrg/all/function/internal_message.html?_=1645244507091&CODE_STATE=getMsg HTTP/1.1" 200 27
180.152.99.73 - - [19/Feb/2022:12:21:48 +0800] "GET /xingrg/check_reg.html?_=1645244507099 HTTP/1.1" 200 22
172.20.0.100 - - [19/Feb/2022:12:21:49 +0800] "GET /xingrg/check_reg.html?_=1645244505064 HTTP/1.1" 200 22
172.20.0.100 - - [19/Feb/2022:12:21:49 +0800] "GET /xingrg/all/function/internal_message.html?_=1645244505056&CODE_STATE=getMsg HTTP/1.1" 200 27
116.228.172.94 - - [19/Feb/2022:12:22:04 +0800] "GET /xingrg/all/function/internal_message.html?_=1645244372292&CODE_STATE=getMsg HTTP/1.1" 200 27
222.70.243.96 - - [19/Feb/2022:12:22:08 +0800] "GET /xingrg/all/function/internal_message.html?_=1645244550992&CODE_STATE=getMsg HTTP/1.1" 200 27
180.152.99.39 - - [19/Feb/2022:12:22:13 +0800] "GET /xingrg/check_reg.html?_=1645244440044 HTTP/1.1" 200 22
180.152.99.39 - - [19/Feb/2022:12:22:13 +0800] "GET /xingrg/all/function/internal_message.html?_=1645244440309&CODE_STATE=getMsg HTTP/1.1" 200 27
116.235.92.83 - - [19/Feb/2022:12:22:15 +0800] "GET /xingrg/all/function/internal_message.html?_=1645244682160&CODE_STATE=getMsg HTTP/1.1" 200 27
222.70.223.103 - - [19/Feb/2022:12:22:17 +0800] "GET /xingrg/all/function/internal_message.html?_=1645244533811&CODE_STATE=getMsg HTTP/1.1" 200 27
180.162.112.109 - - [19/Feb/2022:12:22:19 +0800] "GET /xingrg/check_reg.html?_=1645243908611 HTTP/1.1" 200 22
180.162.112.109 - - [19/Feb/2022:12:22:19 +0800] "GET /xingrg/all/function/internal_message.html?_=1645243908614&CODE_STATE=getMsg HTTP/1.1" 200 27
114.86.229.124 - - [19/Feb/2022:12:22:20 +0800] "GET /xingrg/all/function/internal_message.html?_=1645244538164&CODE_STATE=getMsg HTTP/1.1" 200 27
180.157.251.97 - - [19/Feb/2022:12:22:28 +0800] "GET /xingrg/all/function/internal_message.html?_=1645244545821&CODE_STATE=getMsg HTTP/1.1" 200 27
58.39.168.32 - - [19/Feb/2022:12:22:30 +0800] "GET /xingrg/all/function/internal_message.html?_=1645244485276&CODE_STATE=getMsg HTTP/1.1" 200 27
124.79.79.90 - - [19/Feb/2022:12:22:33 +0800] "GET /xingrg/all/function/internal_message.html?_=1645244551257&CODE_STATE=getMsg HTTP/1.1" 200 27
120.253.135.82 - - [19/Feb/2022:12:22:33 +0800] "GET /xingrg/all/function/internal_message.html?_=1645244345632&CODE_STATE=getMsg HTTP/1.1" 200 27
172.20.0.100 - - [19/Feb/2022:12:22:47 +0800] "GET /xingrg/all/function/internal_message.html?_=1645244563264&CODE_STATE=getMsg HTTP/1.1" 200 27
180.152.99.73 - - [19/Feb/2022:12:22:48 +0800] "GET /xingrg/all/function/internal_message.html?_=1645244567098&CODE_STATE=getMsg HTTP/1.1" 200 27
172.20.0.100 - - [19/Feb/2022:12:22:49 +0800] "GET /xingrg/all/function/internal_message.html?_=1645244565054&CODE_STATE=getMsg HTTP/1.1" 200 27
116.228.172.94 - - [19/Feb/2022:12:23:04 +0800] "GET /xingrg/all/function/internal_message.html?_=1645244432270&CODE_STATE=getMsg HTTP/1.1" 200 27
222.70.243.96 - - [19/Feb/2022:12:23:09 +0800] "GET /xingrg/all/function/internal_message.html?_=1645244611669&CODE_STATE=getMsg HTTP/1.1" 200 27
58.221.95.50 - - [19/Feb/2022:12:23:12 +0800] "GET /xingrg/check_reg.html?_=1645244589897 HTTP/1.1" 200 22
180.152.99.39 - - [19/Feb/2022:12:23:13 +0800] "GET /xingrg/all/function/internal_message.html?_=1645244500322&CODE_STATE=getMsg HTTP/1.1" 200 27
116.235.92.83 - - [19/Feb/2022:12:23:15 +0800] "GET /xingrg/all/function/internal_message.html?_=1645244742157&CODE_STATE=getMsg HTTP/1.1" 200 27
222.70.223.103 - - [19/Feb/2022:12:23:17 +0800] "GET /xingrg/all/function/internal_message.html?_=1645244593826&CODE_STATE=getMsg HTTP/1.1" 200 27
180.162.112.109 - - [19/Feb/2022:12:23:19 +0800] "GET /xingrg/all/function/internal_message.html?_=1645243968614&CODE_STATE=getMsg HTTP/1.1" 200 27
114.86.229.124 - - [19/Feb/2022:12:23:20 +0800] "GET /xingrg/all/function/internal_message.html?_=1645244598167&CODE_STATE=getMsg HTTP/1.1" 200 27
180.157.251.97 - - [19/Feb/2022:12:23:28 +0800] "GET /xingrg/all/function/internal_message.html?_=1645244605820&CODE_STATE=getMsg HTTP/1.1" 200 27
58.39.168.32 - - [19/Feb/2022:12:23:30 +0800] "GET /xingrg/all/function/internal_message.html?_=1645244545261&CODE_STATE=getMsg HTTP/1.1" 200 27
124.79.79.90 - - [19/Feb/2022:12:23:33 +0800] "GET /xingrg/all/function/internal_message.html?_=1645244611230&CODE_STATE=getMsg HTTP/1.1" 200 27
120.253.135.82 - - [19/Feb/2022:12:23:33 +0800] "GET /xingrg/check_reg.html?_=1645244405402 HTTP/1.1" 200 22
120.253.135.82 - - [19/Feb/2022:12:23:33 +0800] "GET /xingrg/all/function/internal_message.html?_=1645244405646&CODE_STATE=getMsg HTTP/1.1" 200 27
172.20.0.100 - - [19/Feb/2022:12:23:47 +0800] "GET /xingrg/all/function/internal_message.html?_=1645244623269&CODE_STATE=getMsg HTTP/1.1" 200 27
180.152.99.73 - - [19/Feb/2022:12:23:48 +0800] "GET /xingrg/all/function/internal_message.html?_=1645244627099&CODE_STATE=getMsg HTTP/1.1" 200 27
172.20.0.100 - - [19/Feb/2022:12:23:49 +0800] "GET /xingrg/all/function/internal_message.html?_=1645244625057&CODE_STATE=getMsg HTTP/1.1" 200 27
116.228.172.94 - - [19/Feb/2022:12:24:04 +0800] "GET /xingrg/all/function/internal_message.html?_=1645244492287&CODE_STATE=getMsg HTTP/1.1" 200 27
222.70.243.96 - - [19/Feb/2022:12:24:09 +0800] "GET /xingrg/all/function/internal_message.html?_=1645244671674&CODE_STATE=getMsg HTTP/1.1" 200 27
180.152.99.39 - - [19/Feb/2022:12:24:13 +0800] "GET /xingrg/all/function/internal_message.html?_=1645244560335&CODE_STATE=getMsg HTTP/1.1" 200 27
116.235.92.83 - - [19/Feb/2022:12:24:15 +0800] "GET /xingrg/all/function/internal_message.html?_=1645244802156&CODE_STATE=getMsg HTTP/1.1" 200 27
116.235.92.83 - - [19/Feb/2022:12:24:15 +0800] "GET /xingrg/check_reg.html?_=1645244802156 HTTP/1.1" 200 22
222.70.223.103 - - [19/Feb/2022:12:24:17 +0800] "GET /xingrg/all/function/internal_message.html?_=1645244653818&CODE_STATE=getMsg HTTP/1.1" 200 27
180.162.112.109 - - [19/Feb/2022:12:24:19 +0800] "GET /xingrg/all/function/internal_message.html?_=1645244028613&CODE_STATE=getMsg HTTP/1.1" 200 27
114.86.229.124 - - [19/Feb/2022:12:24:20 +0800] "GET /xingrg/all/function/internal_message.html?_=1645244658169&CODE_STATE=getMsg HTTP/1.1" 200 27
180.157.251.97 - - [19/Feb/2022:12:24:28 +0800] "GET /xingrg/all/function/internal_message.html?_=1645244665819&CODE_STATE=getMsg HTTP/1.1" 200 27
180.157.251.97 - - [19/Feb/2022:12:24:28 +0800] "GET /xingrg/check_reg.html?_=1645244665821 HTTP/1.1" 200 22
58.39.168.32 - - [19/Feb/2022:12:24:30 +0800] "GET /xingrg/all/function/internal_message.html?_=1645244605246&CODE_STATE=getMsg HTTP/1.1" 200 27
58.39.168.32 - - [19/Feb/2022:12:24:31 +0800] "GET /xingrg/check_reg.html?_=1645244606138 HTTP/1.1" 200 22
120.253.135.82 - - [19/Feb/2022:12:24:32 +0800] "POST /xingrg/kc/pszx/mdps_list_operate.html HTTP/1.1" 200 868
124.79.79.90 - - [19/Feb/2022:12:24:33 +0800] "GET /xingrg/all/function/internal_message.html?_=1645244671215&CODE_STATE=getMsg HTTP/1.1" 200 27
120.253.135.82 - - [19/Feb/2022:12:24:33 +0800] "GET /xingrg/all/function/internal_message.html?_=1645244465660&CODE_STATE=getMsg HTTP/1.1" 200 27
120.253.135.82 - - [19/Feb/2022:12:24:39 +0800] "POST /xingrg/kc/pszx/mdps_list_operate.html HTTP/1.1" 200 868
172.20.0.100 - - [19/Feb/2022:12:24:47 +0800] "GET /xingrg/all/function/internal_message.html?_=1645244683275&CODE_STATE=getMsg HTTP/1.1" 200 27
180.152.99.73 - - [19/Feb/2022:12:24:48 +0800] "GET /xingrg/all/function/internal_message.html?_=1645244687104&CODE_STATE=getMsg HTTP/1.1" 200 27
172.20.0.100 - - [19/Feb/2022:12:24:49 +0800] "GET /xingrg/all/function/internal_message.html?_=1645244685049&CODE_STATE=getMsg HTTP/1.1" 200 27
180.169.147.146 - - [19/Feb/2022:12:24:49 +0800] "GET /xingrg/check_reg.html?_=1645244687696 HTTP/1.1" 200 22
120.253.135.82 - - [19/Feb/2022:12:24:55 +0800] "POST /xingrg/kc/pszx/mdps_list_operate.html HTTP/1.1" 200 2065
120.253.135.82 - - [19/Feb/2022:12:24:58 +0800] "POST /xingrg/kc/pszx/mdps_list_operate.html HTTP/1.1" 200 610
120.253.135.82 - - [19/Feb/2022:12:24:59 +0800] "GET /xingrg/kc/pszx/mdps_order_info.html?code=312022021800238 HTTP/1.1" 200 23931
120.253.135.82 - - [19/Feb/2022:12:24:59 +0800] "GET /xingrg/javascript/easyui/themes/default/validatebox.css HTTP/1.1" 404 1104
120.253.135.82 - - [19/Feb/2022:12:24:59 +0800] "POST /xingrg/kc/pszx/mdps_order_operate.html HTTP/1.1" 200 16085
116.228.172.94 - - [19/Feb/2022:12:25:04 +0800] "GET /xingrg/check_reg.html?_=1645244552286 HTTP/1.1" 200 22
116.228.172.94 - - [19/Feb/2022:12:25:04 +0800] "GET /xingrg/all/function/internal_message.html?_=1645244552290&CODE_STATE=getMsg HTTP/1.1" 200 27
222.70.243.96 - - [19/Feb/2022:12:25:06 +0800] "GET /xingrg/check_reg.html?_=1645244729010 HTTP/1.1" 200 22
222.70.243.96 - - [19/Feb/2022:12:25:09 +0800] "GET /xingrg/all/function/internal_message.html?_=1645244731688&CODE_STATE=getMsg HTTP/1.1" 200 27
120.253.135.82 - - [19/Feb/2022:12:25:11 +0800] "POST /xingrg/kc/pszx/mdps_order_operate.html HTTP/1.1" 200 37
120.253.135.82 - - [19/Feb/2022:12:25:12 +0800] "POST /xingrg/kc/pszx/mdps_order_operate.html HTTP/1.1" 200 12
180.152.99.39 - - [19/Feb/2022:12:25:13 +0800] "GET /xingrg/all/function/internal_message.html?_=1645244620362&CODE_STATE=getMsg HTTP/1.1" 200 27
120.253.135.82 - - [19/Feb/2022:12:25:14 +0800] "GET /xingrg/kc/pszx/mdps_order_info.html?code=312022021800238 HTTP/1.1" 200 19591
120.253.135.82 - - [19/Feb/2022:12:25:15 +0800] "POST /xingrg/kc/pszx/mdps_order_operate.html HTTP/1.1" 200 14190
120.253.135.82 - - [19/Feb/2022:12:25:15 +0800] "GET /xingrg/javascript/easyui/themes/default/validatebox.css HTTP/1.1" 404 1104
116.235.92.83 - - [19/Feb/2022:12:25:15 +0800] "GET /xingrg/all/function/internal_message.html?_=1645244862166&CODE_STATE=getMsg HTTP/1.1" 200 27
120.253.135.82 - - [19/Feb/2022:12:25:16 +0800] "POST /xingrg/kc/pszx/mdps_list_operate.html HTTP/1.1" 200 1690
222.70.223.103 - - [19/Feb/2022:12:25:17 +0800] "GET /xingrg/all/function/internal_message.html?_=1645244713809&CODE_STATE=getMsg HTTP/1.1" 200 27
120.253.135.82 - - [19/Feb/2022:12:25:18 +0800] "POST /xingrg/kc/pszx/mdps_list_operate.html HTTP/1.1" 200 215
120.253.135.82 - - [19/Feb/2022:12:25:18 +0800] "GET /xingrg/kc/pszx/mdps_order_info.html?code=312022021800239 HTTP/1.1" 200 23931
120.253.135.82 - - [19/Feb/2022:12:25:19 +0800] "GET /xingrg/javascript/easyui/themes/default/validatebox.css HTTP/1.1" 404 1104
120.253.135.82 - - [19/Feb/2022:12:25:19 +0800] "POST /xingrg/kc/pszx/mdps_order_operate.html HTTP/1.1" 200 2302
180.162.112.109 - - [19/Feb/2022:12:25:19 +0800] "GET /xingrg/all/function/internal_message.html?_=1645244088637&CODE_STATE=getMsg HTTP/1.1" 200 27
114.86.229.124 - - [19/Feb/2022:12:25:20 +0800] "GET /xingrg/all/function/internal_message.html?_=1645244718171&CODE_STATE=getMsg HTTP/1.1" 200 27
120.253.135.82 - - [19/Feb/2022:12:25:23 +0800] "POST /xingrg/kc/pszx/mdps_order_operate.html HTTP/1.1" 200 37
120.253.135.82 - - [19/Feb/2022:12:25:25 +0800] "POST /xingrg/kc/pszx/mdps_order_operate.html HTTP/1.1" 200 12
180.157.251.97 - - [19/Feb/2022:12:25:28 +0800] "GET /xingrg/all/function/internal_message.html?_=1645244725820&CODE_STATE=getMsg HTTP/1.1" 200 27
58.39.168.32 - - [19/Feb/2022:12:25:30 +0800] "GET /xingrg/all/function/internal_message.html?_=1645244665218&CODE_STATE=getMsg HTTP/1.1" 200 27
124.79.79.90 - - [19/Feb/2022:12:25:33 +0800] "GET /xingrg/all/function/internal_message.html?_=1645244731201&CODE_STATE=getMsg HTTP/1.1" 200 27
172.20.0.100 - - [19/Feb/2022:12:25:47 +0800] "GET /xingrg/check_reg.html?_=1645244743262 HTTP/1.1" 200 22
172.20.0.100 - - [19/Feb/2022:12:25:47 +0800] "GET /xingrg/all/function/internal_message.html?_=1645244743268&CODE_STATE=getMsg HTTP/1.1" 200 27
180.152.99.73 - - [19/Feb/2022:12:25:48 +0800] "GET /xingrg/all/function/internal_message.html?_=1645244747107&CODE_STATE=getMsg HTTP/1.1" 200 27
172.20.0.100 - - [19/Feb/2022:12:25:49 +0800] "GET /xingrg/all/function/internal_message.html?_=1645244745060&CODE_STATE=getMsg HTTP/1.1" 200 27
120.253.135.82 - - [19/Feb/2022:12:26:00 +0800] "GET /xingrg/kc/pszx/mdps_order_info.html?code=312022021800239 HTTP/1.1" 200 19591
120.253.135.82 - - [19/Feb/2022:12:26:00 +0800] "POST /xingrg/kc/pszx/mdps_order_operate.html HTTP/1.1" 200 523
120.253.135.82 - - [19/Feb/2022:12:26:00 +0800] "GET /xingrg/javascript/easyui/themes/default/validatebox.css HTTP/1.1" 404 1104
120.253.135.82 - - [19/Feb/2022:12:26:01 +0800] "GET /xingrg/all/function/internal_message.html?_=1645244553394&CODE_STATE=getMsg HTTP/1.1" 200 27
120.253.135.82 - - [19/Feb/2022:12:26:02 +0800] "POST /xingrg/kc/pszx/mdps_list_operate.html HTTP/1.1" 200 868
120.253.135.82 - - [19/Feb/2022:12:26:04 +0800] "GET /xingrg/kc/pszx/mdqp_order_list.html?state=10 HTTP/1.1" 200 12643
120.253.135.82 - - [19/Feb/2022:12:26:04 +0800] "GET /xingrg/dwr/interface/AjaxReportQueryService.js HTTP/1.1" 200 13203
120.253.135.82 - - [19/Feb/2022:12:26:04 +0800] "GET /xingrg/dwr/interface/AjaxQqpsService.js HTTP/1.1" 200 16326
120.253.135.82 - - [19/Feb/2022:12:26:04 +0800] "GET /xingrg/dwr/engine.js HTTP/1.1" 200 43631
116.228.172.94 - - [19/Feb/2022:12:26:04 +0800] "GET /xingrg/all/function/internal_message.html?_=1645244612274&CODE_STATE=getMsg HTTP/1.1" 200 27
120.253.135.82 - - [19/Feb/2022:12:26:08 +0800] "GET /xingrg/kc/pszx/mdqp_order_info.html?code=302022021900223 HTTP/1.1" 200 13338
120.253.135.82 - - [19/Feb/2022:12:26:08 +0800] "GET /xingrg/javascript/tools/jquery.qtip-1.0.0-rc3.min.js HTTP/1.1" 304 -
120.253.135.82 - - [19/Feb/2022:12:26:08 +0800] "GET /xingrg/javascript/AjaxInfoList.js HTTP/1.1" 304 -
120.253.135.82 - - [19/Feb/2022:12:26:08 +0800] "GET /xingrg/dwr/interface/AjaxQqpsService.js HTTP/1.1" 200 16326
120.253.135.82 - - [19/Feb/2022:12:26:08 +0800] "GET /xingrg/javascript/ToolTips.js HTTP/1.1" 304 -
120.253.135.82 - - [19/Feb/2022:12:26:08 +0800] "GET /xingrg/javascript/checkform.js HTTP/1.1" 304 -
120.253.135.82 - - [19/Feb/2022:12:26:08 +0800] "GET /xingrg/javascript/Grid.js HTTP/1.1" 304 -
120.253.135.82 - - [19/Feb/2022:12:26:08 +0800] "GET /xingrg/dwr/interface/AjaxComOrderService.js HTTP/1.1" 200 18264
120.253.135.82 - - [19/Feb/2022:12:26:08 +0800] "GET /xingrg/dwr/engine.js HTTP/1.1" 200 43631
120.253.135.82 - - [19/Feb/2022:12:26:08 +0800] "GET /xingrg/javascript/jquery_easy_ui/themes/icons/print.png HTTP/1.1" 304 -
120.253.135.82 - - [19/Feb/2022:12:26:08 +0800] "GET /xingrg/javascript/jquery_easy_ui/themes/default/images/menu_downarrow.png HTTP/1.1" 304 -
120.253.135.82 - - [19/Feb/2022:12:26:08 +0800] "GET /xingrg/images/blue/button/kc_tab_edit.gif HTTP/1.1" 304 -
120.253.135.82 - - [19/Feb/2022:12:26:08 +0800] "GET /xingrg/images/blue/kc_tab_left.gif HTTP/1.1" 304 -
120.253.135.82 - - [19/Feb/2022:12:26:08 +0800] "GET /xingrg/images/blue/button/kc_tab_save.gif HTTP/1.1" 304 -
120.253.135.82 - - [19/Feb/2022:12:26:08 +0800] "GET /xingrg/images/blue/kc_tab_mid.gif HTTP/1.1" 304 -
120.253.135.82 - - [19/Feb/2022:12:26:08 +0800] "GET /xingrg/images/blue/kc_tab_right.gif HTTP/1.1" 304 -
120.253.135.82 - - [19/Feb/2022:12:26:08 +0800] "GET /xingrg/images/blue/kc_tab2_left.gif HTTP/1.1" 304 -
120.253.135.82 - - [19/Feb/2022:12:26:08 +0800] "GET /xingrg/images/blue/kc_tab2_right.gif HTTP/1.1" 304 -
120.253.135.82 - - [19/Feb/2022:12:26:08 +0800] "GET /xingrg/images/blue/wait.gif HTTP/1.1" 304 -
120.253.135.82 - - [19/Feb/2022:12:26:08 +0800] "POST /xingrg/dwr/call/plaincall/AjaxQqpsService.loadMaterielItems.dwr HTTP/1.1" 200 830
222.70.243.96 - - [19/Feb/2022:12:26:09 +0800] "GET /xingrg/all/function/internal_message.html?_=1645244791702&CODE_STATE=getMsg HTTP/1.1" 200 27
120.253.135.82 - - [19/Feb/2022:12:26:10 +0800] "GET /xingrg/javascript/jquery_easy_ui/themes/default/images/button_plain_hover.png HTTP/1.1" 304 -
180.152.99.39 - - [19/Feb/2022:12:26:13 +0800] "GET /xingrg/all/function/internal_message.html?_=1645244680363&CODE_STATE=getMsg HTTP/1.1" 200 27
116.235.92.83 - - [19/Feb/2022:12:26:15 +0800] "GET /xingrg/all/function/internal_message.html?_=1645244922166&CODE_STATE=getMsg HTTP/1.1" 200 27
120.253.135.82 - - [19/Feb/2022:12:26:15 +0800] "GET /xingrg/kc/pszx/mdqp_order_list.html?isBack=1 HTTP/1.1" 302 -
120.253.135.82 - - [19/Feb/2022:12:26:15 +0800] "GET /xingrg/kc/pszx/mdqp_order_list.html?state=10 HTTP/1.1" 200 12643
120.253.135.82 - - [19/Feb/2022:12:26:15 +0800] "GET /xingrg/dwr/interface/AjaxQqpsService.js HTTP/1.1" 200 16326
120.253.135.82 - - [19/Feb/2022:12:26:15 +0800] "GET /xingrg/dwr/interface/AjaxReportQueryService.js HTTP/1.1" 200 13203
120.253.135.82 - - [19/Feb/2022:12:26:15 +0800] "GET /xingrg/dwr/engine.js HTTP/1.1" 200 43631
222.70.223.103 - - [19/Feb/2022:12:26:17 +0800] "GET /xingrg/all/function/internal_message.html?_=1645244773819&CODE_STATE=getMsg HTTP/1.1" 200 27
222.70.223.103 - - [19/Feb/2022:12:26:17 +0800] "GET /xingrg/check_reg.html?_=1645244773824 HTTP/1.1" 200 22
120.253.135.82 - - [19/Feb/2022:12:26:17 +0800] "GET /xingrg/kc/pszx/mdqp_order_list.html?state=10 HTTP/1.1" 200 12643
120.253.135.82 - - [19/Feb/2022:12:26:17 +0800] "GET /xingrg/dwr/interface/AjaxQqpsService.js HTTP/1.1" 200 16326
120.253.135.82 - - [19/Feb/2022:12:26:17 +0800] "GET /xingrg/dwr/interface/AjaxReportQueryService.js HTTP/1.1" 200 13203
120.253.135.82 - - [19/Feb/2022:12:26:17 +0800] "GET /xingrg/dwr/engine.js HTTP/1.1" 200 43631
180.162.112.109 - - [19/Feb/2022:12:26:19 +0800] "GET /xingrg/all/function/internal_message.html?_=1645244148637&CODE_STATE=getMsg HTTP/1.1" 200 27
114.86.229.124 - - [19/Feb/2022:12:26:20 +0800] "GET /xingrg/all/function/internal_message.html?_=1645244778173&CODE_STATE=getMsg HTTP/1.1" 200 27
114.86.229.124 - - [19/Feb/2022:12:26:20 +0800] "GET /xingrg/check_reg.html?_=1645244778174 HTTP/1.1" 200 22
180.157.251.97 - - [19/Feb/2022:12:26:28 +0800] "GET /xingrg/all/function/internal_message.html?_=1645244785819&CODE_STATE=getMsg HTTP/1.1" 200 27
58.39.168.32 - - [19/Feb/2022:12:26:30 +0800] "GET /xingrg/all/function/internal_message.html?_=1645244725203&CODE_STATE=getMsg HTTP/1.1" 200 27
124.79.79.90 - - [19/Feb/2022:12:26:33 +0800] "GET /xingrg/all/function/internal_message.html?_=1645244791171&CODE_STATE=getMsg HTTP/1.1" 200 27
124.79.79.90 - - [19/Feb/2022:12:26:35 +0800] "GET /xingrg/check_reg.html?_=1645244793234 HTTP/1.1" 200 22
172.20.0.100 - - [19/Feb/2022:12:26:47 +0800] "GET /xingrg/all/function/internal_message.html?_=1645244803270&CODE_STATE=getMsg HTTP/1.1" 200 27
180.152.99.73 - - [19/Feb/2022:12:26:48 +0800] "GET /xingrg/check_reg.html?_=1645244807107 HTTP/1.1" 200 22
180.152.99.73 - - [19/Feb/2022:12:26:48 +0800] "GET /xingrg/all/function/internal_message.html?_=1645244807111&CODE_STATE=getMsg HTTP/1.1" 200 27
172.20.0.100 - - [19/Feb/2022:12:26:49 +0800] "GET /xingrg/all/function/internal_message.html?_=1645244805049&CODE_STATE=getMsg HTTP/1.1" 200 27
172.20.0.100 - - [19/Feb/2022:12:26:49 +0800] "GET /xingrg/check_reg.html?_=1645244805053 HTTP/1.1" 200 22
120.253.135.82 - - [19/Feb/2022:12:27:01 +0800] "GET /xingrg/all/function/internal_message.html?_=1645244613424&CODE_STATE=getMsg HTTP/1.1" 200 27
222.70.243.96 - - [19/Feb/2022:12:27:09 +0800] "GET /xingrg/all/function/internal_message.html?_=1645244851716&CODE_STATE=getMsg HTTP/1.1" 200 27
180.152.99.39 - - [19/Feb/2022:12:27:13 +0800] "GET /xingrg/check_reg.html?_=1645244740062 HTTP/1.1" 200 22
180.152.99.39 - - [19/Feb/2022:12:27:13 +0800] "GET /xingrg/all/function/internal_message.html?_=1645244740376&CODE_STATE=getMsg HTTP/1.1" 200 27
116.235.92.83 - - [19/Feb/2022:12:27:15 +0800] "GET /xingrg/all/function/internal_message.html?_=1645244982169&CODE_STATE=getMsg HTTP/1.1" 200 27
222.70.223.103 - - [19/Feb/2022:12:27:17 +0800] "GET /xingrg/all/function/internal_message.html?_=1645244833815&CODE_STATE=getMsg HTTP/1.1" 200 27
180.162.112.109 - - [19/Feb/2022:12:27:19 +0800] "GET /xingrg/check_reg.html?_=1645244208637 HTTP/1.1" 200 22
180.162.112.109 - - [19/Feb/2022:12:27:19 +0800] "GET /xingrg/all/function/internal_message.html?_=1645244208640&CODE_STATE=getMsg HTTP/1.1" 200 27
114.86.229.124 - - [19/Feb/2022:12:27:20 +0800] "GET /xingrg/all/function/internal_message.html?_=1645244838175&CODE_STATE=getMsg HTTP/1.1" 200 27
180.157.251.97 - - [19/Feb/2022:12:27:28 +0800] "GET /xingrg/all/function/internal_message.html?_=1645244845818&CODE_STATE=getMsg HTTP/1.1" 200 27
222.70.223.103 - - [19/Feb/2022:12:27:28 +0800] "GET /xingrg/kc/buy/cgsh_order_add.html HTTP/1.1" 200 65478
222.70.223.103 - - [19/Feb/2022:12:27:29 +0800] "POST /xingrg/kc/buy/cgsh_order_operate.html HTTP/1.1" 200 8245
222.70.223.103 - - [19/Feb/2022:12:27:29 +0800] "GET /xingrg/javascript/easyui/themes/default/validatebox.css HTTP/1.1" 404 1104
58.39.168.32 - - [19/Feb/2022:12:27:30 +0800] "GET /xingrg/all/function/internal_message.html?_=1645244785188&CODE_STATE=getMsg HTTP/1.1" 200 27
222.70.223.103 - - [19/Feb/2022:12:27:30 +0800] "GET /xingrg/javascript/auto/indicator.gif HTTP/1.1" 404 1066
222.70.223.103 - - [19/Feb/2022:12:27:32 +0800] "GET /xingrg/javascript/jquery_tools/images/next.gif HTTP/1.1" 404 1086
222.70.223.103 - - [19/Feb/2022:12:27:32 +0800] "GET /xingrg/javascript/jquery_tools/images/prev.gif HTTP/1.1" 404 1086
124.79.79.90 - - [19/Feb/2022:12:27:33 +0800] "GET /xingrg/all/function/internal_message.html?_=1645244851143&CODE_STATE=getMsg HTTP/1.1" 200 27
120.253.135.82 - - [19/Feb/2022:12:27:40 +0800] "GET /xingrg/kc/pszx/mdqp_order_list.html?state=10 HTTP/1.1" 200 12643
120.253.135.82 - - [19/Feb/2022:12:27:40 +0800] "GET /xingrg/dwr/interface/AjaxReportQueryService.js HTTP/1.1" 200 13203
120.253.135.82 - - [19/Feb/2022:12:27:40 +0800] "GET /xingrg/dwr/interface/AjaxQqpsService.js HTTP/1.1" 200 16326
120.253.135.82 - - [19/Feb/2022:12:27:40 +0800] "GET /xingrg/dwr/engine.js HTTP/1.1" 200 43631
120.253.135.82 - - [19/Feb/2022:12:27:47 +0800] "GET /xingrg/kc/pszx/mdps_order_list.html?orderType=0 HTTP/1.1" 200 20884
120.253.135.82 - - [19/Feb/2022:12:27:47 +0800] "POST /xingrg/kc/pszx/mdps_list_operate.html HTTP/1.1" 200 5269
172.20.0.100 - - [19/Feb/2022:12:27:47 +0800] "GET /xingrg/all/function/internal_message.html?_=1645244863274&CODE_STATE=getMsg HTTP/1.1" 200 27
180.152.99.73 - - [19/Feb/2022:12:27:48 +0800] "GET /xingrg/all/function/internal_message.html?_=1645244867116&CODE_STATE=getMsg HTTP/1.1" 200 27
172.20.0.100 - - [19/Feb/2022:12:27:49 +0800] "GET /xingrg/all/function/internal_message.html?_=1645244865053&CODE_STATE=getMsg HTTP/1.1" 200 27
120.253.135.82 - - [19/Feb/2022:12:27:52 +0800] "POST /xingrg/kc/pszx/mdps_list_operate.html HTTP/1.1" 200 218
222.70.223.103 - - [19/Feb/2022:12:27:54 +0800] "GET /xingrg/kc/buy/cgsh_order_operate.html?command=get_materiel&rest_code=00155&code=00101023022&supplier_code=00100037&order_time=2022-02-15 HTTP/1.1" 200 411
120.253.135.82 - - [19/Feb/2022:12:28:01 +0800] "GET /xingrg/all/function/internal_message.html?_=1645244673437&CODE_STATE=getMsg HTTP/1.1" 200 27
222.70.223.103 - - [19/Feb/2022:12:28:02 +0800] "GET /xingrg/kc/buy/cgsh_order_operate.html?command=get_materiel&rest_code=00155&code=00101009066&supplier_code=00100037&order_time=2022-02-15 HTTP/1.1" 200 416
120.253.135.82 - - [19/Feb/2022:12:28:04 +0800] "GET /xingrg/kc/pszx/mdqp_order_list.html?state=10 HTTP/1.1" 200 12643
120.253.135.82 - - [19/Feb/2022:12:28:04 +0800] "GET /xingrg/dwr/interface/AjaxQqpsService.js HTTP/1.1" 200 16326
120.253.135.82 - - [19/Feb/2022:12:28:04 +0800] "GET /xingrg/dwr/interface/AjaxReportQueryService.js HTTP/1.1" 200 13203
120.253.135.82 - - [19/Feb/2022:12:28:04 +0800] "GET /xingrg/dwr/engine.js HTTP/1.1" 200 43631
222.70.223.103 - - [19/Feb/2022:12:28:09 +0800] "GET /xingrg/kc/buy/cgsh_order_operate.html?command=get_materiel&rest_code=00155&code=00101009140&supplier_code=00100037&order_time=2022-02-15 HTTP/1.1" 200 399
222.70.243.96 - - [19/Feb/2022:12:28:10 +0800] "GET /xingrg/all/function/internal_message.html?_=1645244912390&CODE_STATE=getMsg HTTP/1.1" 200 27
