172.20.0.100 - - [19/Feb/2022:09:36:49 +0800] "GET /xingrg/check_reg.html?_=1645234605054 HTTP/1.1" 200 22
180.152.99.73 - - [19/Feb/2022:09:36:49 +0800] "GET /xingrg/javascript/auto/indicator.gif HTTP/1.1" 404 1066
222.70.223.103 - - [19/Feb/2022:09:36:50 +0800] "GET /xingrg/all/function/internal_message.html?_=1645234607049&CODE_STATE=getMsg HTTP/1.1" 200 27
101.83.241.223 - - [19/Feb/2022:09:36:52 +0800] "GET /xingrg/kc/buy/cgsh_order_operate.html?command=get_materiel&rest_code=00149&code=00101008318&supplier_code=00100005&order_time=2022-02-19 HTTP/1.1" 200 408
114.86.229.124 - - [19/Feb/2022:09:36:54 +0800] "GET /xingrg/kc/buy/cgsh_order_operate.html?command=get_materiel&rest_code=00109&code=00101020139&supplier_code=00100005&order_time=2022-02-19 HTTP/1.1" 200 435
222.70.183.6 - - [19/Feb/2022:09:36:56 +0800] "GET /xingrg/all/function/internal_message.html?_=1645234610198&CODE_STATE=getMsg HTTP/1.1" 200 27
101.83.241.223 - - [19/Feb/2022:09:37:01 +0800] "GET /xingrg/kc/buy/cgsh_order_operate.html?command=get_materiel&rest_code=00149&code=00101008005&supplier_code=00100005&order_time=2022-02-19 HTTP/1.1" 200 412
180.152.99.39 - - [19/Feb/2022:09:37:04 +0800] "GET /xingrg/all/function/internal_message.html?_=1645234531425&CODE_STATE=getMsg HTTP/1.1" 200 27
180.152.99.73 - - [19/Feb/2022:09:37:06 +0800] "GET /xingrg/kc/buy/cgsh_order_operate.html?command=get_materiel&rest_code=00151&code=00101009053&supplier_code=00100424&order_time=2022-02-19 HTTP/1.1" 200 408
222.70.223.103 - - [19/Feb/2022:09:37:06 +0800] "GET /xingrg/check_reg.html?_=1645234623638 HTTP/1.1" 200 22
180.152.99.39 - - [19/Feb/2022:09:37:14 +0800] "POST /xingrg/kc/buy/cgsh_order_operate.html HTTP/1.1" 200 37
114.86.229.124 - - [19/Feb/2022:09:37:14 +0800] "GET /xingrg/kc/buy/cgsh_order_operate.html?command=get_materiel&rest_code=00109&code=00101008323&supplier_code=00100005&order_time=2022-02-19 HTTP/1.1" 200 408
101.83.241.223 - - [19/Feb/2022:09:37:16 +0800] "GET /xingrg/kc/buy/cgsh_order_operate.html?command=get_materiel&rest_code=00149&code=00101008307&supplier_code=00100005&order_time=2022-02-19 HTTP/1.1" 200 420
180.152.99.39 - - [19/Feb/2022:09:37:16 +0800] "POST /xingrg/kc/buy/cgsh_order_operate.html HTTP/1.1" 200 7381
101.83.241.223 - - [19/Feb/2022:09:37:20 +0800] "GET /xingrg/all/function/internal_message.html?_=1645234636142&CODE_STATE=getMsg HTTP/1.1" 200 27
114.86.229.124 - - [19/Feb/2022:09:37:20 +0800] "GET /xingrg/all/function/internal_message.html?_=1645234637830&CODE_STATE=getMsg HTTP/1.1" 200 27
114.86.229.124 - - [19/Feb/2022:09:37:22 +0800] "GET /xingrg/kc/buy/cgsh_order_operate.html?command=get_materiel&rest_code=00109&code=00101008350&supplier_code=00100005&order_time=2022-02-19 HTTP/1.1" 200 408
180.152.99.73 - - [19/Feb/2022:09:37:24 +0800] "GET /xingrg/kc/buy/cgsh_order_operate.html?command=get_materiel&rest_code=00151&code=00101009112&supplier_code=00100424&order_time=2022-02-19 HTTP/1.1" 200 411
101.83.241.223 - - [19/Feb/2022:09:37:28 +0800] "GET /xingrg/kc/buy/cgsh_order_operate.html?command=get_materiel&rest_code=00149&code=00101008353&supplier_code=00100005&order_time=2022-02-19 HTTP/1.1" 200 408
114.86.229.124 - - [19/Feb/2022:09:37:29 +0800] "GET /xingrg/kc/buy/cgsh_order_operate.html?command=get_materiel&rest_code=00109&code=00101008355&supplier_code=00100005&order_time=2022-02-19 HTTP/1.1" 200 429
58.39.168.32 - - [19/Feb/2022:09:37:31 +0800] "GET /xingrg/all/function/internal_message.html?_=1645234586279&CODE_STATE=getMsg HTTP/1.1" 200 27
114.86.229.124 - - [19/Feb/2022:09:37:31 +0800] "POST /xingrg/kc/buy/cgsh_order_operate.html HTTP/1.1" 200 2065
180.152.99.73 - - [19/Feb/2022:09:37:34 +0800] "POST /xingrg/kc/buy/cgsh_order_operate.html HTTP/1.1" 200 37
101.83.241.223 - - [19/Feb/2022:09:37:35 +0800] "POST /xingrg/kc/buy/cgsh_order_operate.html HTTP/1.1" 200 2065
114.86.229.124 - - [19/Feb/2022:09:37:36 +0800] "GET /xingrg/kc/buy/cgsh_order_operate.html?command=get_materiel&rest_code=00109&code=00101008357&supplier_code=00100005&order_time=2022-02-19 HTTP/1.1" 200 408
180.152.99.73 - - [19/Feb/2022:09:37:36 +0800] "POST /xingrg/kc/buy/cgsh_order_operate.html HTTP/1.1" 200 3264
180.152.99.73 - - [19/Feb/2022:09:37:38 +0800] "GET /xingrg/kc/buy/cgsh_order_add.html HTTP/1.1" 200 65114
124.78.153.118 - - [19/Feb/2022:09:37:38 +0800] "GET /xingrg/all/function/internal_message.html?_=1645234656582&CODE_STATE=getMsg HTTP/1.1" 200 27
180.152.99.73 - - [19/Feb/2022:09:37:38 +0800] "POST /xingrg/kc/buy/cgsh_order_operate.html HTTP/1.1" 200 8245
180.152.99.73 - - [19/Feb/2022:09:37:38 +0800] "GET /xingrg/javascript/easyui/themes/default/validatebox.css HTTP/1.1" 404 1104
180.152.99.73 - - [19/Feb/2022:09:37:41 +0800] "GET /xingrg/all/function/internal_message.html?_=1645234660544&CODE_STATE=getMsg HTTP/1.1" 200 27
114.86.229.124 - - [19/Feb/2022:09:37:42 +0800] "GET /xingrg/kc/buy/cgsh_order_operate.html?command=get_materiel&rest_code=00109&code=00101008041&supplier_code=00100005&order_time=2022-02-19 HTTP/1.1" 200 408
222.70.243.96 - - [19/Feb/2022:09:37:42 +0800] "GET /xingrg/all/function/internal_message.html?_=1645234684535&CODE_STATE=getMsg HTTP/1.1" 200 27
124.78.153.118 - - [19/Feb/2022:09:37:46 +0800] "GET /xingrg/kc/buy/cgsh_order_operate.html?command=get_materiel&rest_code=00106&code=00102010003&supplier_code=00100075&order_time=2022-02-19 HTTP/1.1" 200 416
101.83.241.223 - - [19/Feb/2022:09:37:46 +0800] "GET /xingrg/kc/buy/cgsh_order_operate.html?command=get_materiel&rest_code=00149&code=00101008213&supplier_code=00100005&order_time=2022-02-19 HTTP/1.1" 200 412
172.20.0.100 - - [19/Feb/2022:09:37:47 +0800] "GET /xingrg/all/function/internal_message.html?_=1645234663271&CODE_STATE=getMsg HTTP/1.1" 200 27
172.20.0.100 - - [19/Feb/2022:09:37:49 +0800] "GET /xingrg/all/function/internal_message.html?_=1645234665058&CODE_STATE=getMsg HTTP/1.1" 200 27
222.70.223.103 - - [19/Feb/2022:09:37:50 +0800] "GET /xingrg/all/function/internal_message.html?_=1645234667033&CODE_STATE=getMsg HTTP/1.1" 200 27
222.70.183.6 - - [19/Feb/2022:09:37:56 +0800] "GET /xingrg/all/function/internal_message.html?_=1645234670199&CODE_STATE=getMsg HTTP/1.1" 200 27
101.83.241.223 - - [19/Feb/2022:09:38:03 +0800] "GET /xingrg/kc/buy/cgsh_order_operate.html?command=get_materiel&rest_code=00149&code=00101008095&supplier_code=00100005&order_time=2022-02-19 HTTP/1.1" 200 412
180.152.99.39 - - [19/Feb/2022:09:38:04 +0800] "GET /xingrg/all/function/internal_message.html?_=1645234591435&CODE_STATE=getMsg HTTP/1.1" 200 27
116.239.131.195 - - [19/Feb/2022:09:38:05 +0800] "GET /xingrg/login.html HTTP/1.1" 200 7641
116.239.131.195 - - [19/Feb/2022:09:38:06 +0800] "GET /xingrg/images/blue/jxLogo.png HTTP/1.1" 304 -
116.239.131.195 - - [19/Feb/2022:09:38:06 +0800] "GET /xingrg/images/blue/login_bg.png HTTP/1.1" 304 -
116.239.131.195 - - [19/Feb/2022:09:38:06 +0800] "GET /xingrg/images/blue/hj.png HTTP/1.1" 304 -
116.239.131.195 - - [19/Feb/2022:09:38:06 +0800] "GET /xingrg/images/blue/srbg.png HTTP/1.1" 304 -
116.239.131.195 - - [19/Feb/2022:09:38:06 +0800] "GET /favicon.ico HTTP/1.1" 404 -
114.86.229.124 - - [19/Feb/2022:09:38:08 +0800] "POST /xingrg/kc/buy/cgsh_order_operate.html HTTP/1.1" 200 37
114.86.229.124 - - [19/Feb/2022:09:38:10 +0800] "POST /xingrg/kc/buy/cgsh_order_operate.html HTTP/1.1" 200 39943
101.83.241.223 - - [19/Feb/2022:09:38:12 +0800] "POST /xingrg/kc/buy/cgsh_order_operate.html HTTP/1.1" 200 2065
114.86.229.124 - - [19/Feb/2022:09:38:12 +0800] "GET /xingrg/kc/print/load_config.html?kc_code=cgsh HTTP/1.1" 200 1943
114.86.229.124 - - [19/Feb/2022:09:38:12 +0800] "GET /xingrg/kc/print/load_data.html?order_code=212022021905424&kc_code=cgsh&condition= HTTP/1.1" 200 14815
114.86.229.124 - - [19/Feb/2022:09:38:18 +0800] "GET /xingrg/kc/buy/cgsh_order_add.html HTTP/1.1" 200 65592
114.86.229.124 - - [19/Feb/2022:09:38:18 +0800] "POST /xingrg/kc/buy/cgsh_order_operate.html HTTP/1.1" 200 8245
114.86.229.124 - - [19/Feb/2022:09:38:18 +0800] "GET /xingrg/all/common/auto_word.html?type=employee&rest_code=00109 HTTP/1.1" 200 255
114.86.229.124 - - [19/Feb/2022:09:38:18 +0800] "GET /xingrg/all/common/auto_word.html?type=employee&rest_code=00109 HTTP/1.1" 200 255
114.86.229.124 - - [19/Feb/2022:09:38:18 +0800] "GET /xingrg/javascript/easyui/themes/default/validatebox.css HTTP/1.1" 404 1104
101.83.241.223 - - [19/Feb/2022:09:38:19 +0800] "GET /xingrg/kc/buy/cgsh_order_operate.html?command=get_materiel&rest_code=00149&code=00101008312&supplier_code=00100005&order_time=2022-02-19 HTTP/1.1" 200 412
101.83.241.223 - - [19/Feb/2022:09:38:20 +0800] "GET /xingrg/all/function/internal_message.html?_=1645234696122&CODE_STATE=getMsg HTTP/1.1" 200 27
114.86.229.124 - - [19/Feb/2022:09:38:20 +0800] "GET /xingrg/all/function/internal_message.html?_=1645234697833&CODE_STATE=getMsg HTTP/1.1" 200 27
114.86.229.124 - - [19/Feb/2022:09:38:21 +0800] "GET /xingrg/javascript/jquery_tools/images/prev.gif HTTP/1.1" 404 1086
114.86.229.124 - - [19/Feb/2022:09:38:21 +0800] "GET /xingrg/javascript/jquery_tools/images/next.gif HTTP/1.1" 404 1086
180.152.99.73 - - [19/Feb/2022:09:38:23 +0800] "GET /xingrg/kc/buy/cgsh_order_operate.html?command=get_materiel&rest_code=00151&code=00101008085&supplier_code=00100007&order_time=2022-02-19 HTTP/1.1" 200 412
114.86.229.124 - - [19/Feb/2022:09:38:26 +0800] "GET /xingrg/kc/buy/cgsh_order_operate.html?command=get_materiel&rest_code=00109&code=00101011001&supplier_code=00100046&order_time=2022-02-19 HTTP/1.1" 200 423
116.239.131.195 - - [19/Feb/2022:09:38:28 +0800] "POST /xingrg/login.do HTTP/1.1" 302 -
116.239.131.195 - - [19/Feb/2022:09:38:28 +0800] "GET /xingrg/index.html?sysBaseUrl=http%3A%2F%2F180.169.147.146%3A18081%2Fxingrg%2F&costTime=40×tamp=1645234708258 HTTP/1.1" 200 17173
116.239.131.195 - - [19/Feb/2022:09:38:28 +0800] "GET /xingrg/javascript/jquery_easy_ui/themes/default/easyui.css HTTP/1.1" 304 -
116.239.131.195 - - [19/Feb/2022:09:38:28 +0800] "GET /xingrg/javascript/jquery_easy_ui/themes/icon.css HTTP/1.1" 304 -
116.239.131.195 - - [19/Feb/2022:09:38:28 +0800] "GET /xingrg/css/form.css HTTP/1.1" 304 -
116.239.131.195 - - [19/Feb/2022:09:38:28 +0800] "GET /xingrg/javascript/jquery_easy_ui/jquery.easyui.min.js HTTP/1.1" 304 -
116.239.131.195 - - [19/Feb/2022:09:38:28 +0800] "GET /xingrg/javascript/jquery.form.js HTTP/1.1" 304 -
116.239.131.195 - - [19/Feb/2022:09:38:28 +0800] "GET /xingrg/javascript/jquery-1.4.2.min.js HTTP/1.1" 304 -
116.239.131.195 - - [19/Feb/2022:09:38:28 +0800] "GET /xingrg/javascript/jquery_easy_ui/easyui-lang-zh_CN.js HTTP/1.1" 304 -
116.239.131.195 - - [19/Feb/2022:09:38:28 +0800] "GET /xingrg/javascript/jquery.utils.js HTTP/1.1" 304 -
116.239.131.195 - - [19/Feb/2022:09:38:28 +0800] "GET /xingrg/javascript/jquery.timers.js HTTP/1.1" 304 -
116.239.131.195 - - [19/Feb/2022:09:38:28 +0800] "GET /favicon.ico HTTP/1.1" 404 -
116.239.131.195 - - [19/Feb/2022:09:38:28 +0800] "GET /xingrg/images/blue/navBackgound.jpg HTTP/1.1" 304 -
116.239.131.195 - - [19/Feb/2022:09:38:28 +0800] "GET /xingrg/javascript/jquery_easy_ui/themes/icons/settle_new.png HTTP/1.1" 304 -
116.239.131.195 - - [19/Feb/2022:09:38:28 +0800] "GET /xingrg/images/blue/pingpu.png HTTP/1.1" 304 -
116.239.131.195 - - [19/Feb/2022:09:38:28 +0800] "GET /xingrg/javascript/jquery_easy_ui/themes/default/images/tabs_rightarrow.png HTTP/1.1" 304 -
116.239.131.195 - - [19/Feb/2022:09:38:28 +0800] "GET /xingrg/javascript/jquery_easy_ui/themes/default/images/tabs_leftarrow.png HTTP/1.1" 304 -
116.239.131.195 - - [19/Feb/2022:09:38:28 +0800] "POST /xingrg/all/common/load_tree.html?tree=area_rest_tree_json&manage=1 HTTP/1.1" 200 342
116.239.131.195 - - [19/Feb/2022:09:38:28 +0800] "GET /xingrg/javascript/jquery_easy_ui/themes/default/images/panel_tool_collapse.gif HTTP/1.1" 304 -
116.239.131.195 - - [19/Feb/2022:09:38:29 +0800] "GET /xingrg/all/function/internal_message.html?_=1645234739064&CODE_STATE=count HTTP/1.1" 200 11
116.239.131.195 - - [19/Feb/2022:09:38:29 +0800] "GET /xingrg/check_reg.html?_=1645234739065 HTTP/1.1" 200 22
116.239.131.195 - - [19/Feb/2022:09:38:29 +0800] "POST /xingrg/load_menu.html HTTP/1.1" 200 5138
116.239.131.195 - - [19/Feb/2022:09:38:29 +0800] "GET /xingrg/javascript/jquery_easy_ui/themes/default/images/tree_arrows.gif HTTP/1.1" 304 -
116.239.131.195 - - [19/Feb/2022:09:38:29 +0800] "GET /xingrg/javascript/jquery_easy_ui/themes/default/images/tree_folder_open.gif HTTP/1.1" 304 -
116.239.131.195 - - [19/Feb/2022:09:38:29 +0800] "GET /xingrg/javascript/jquery_easy_ui/themes/icons/search_new.png HTTP/1.1" 304 -
116.239.131.195 - - [19/Feb/2022:09:38:29 +0800] "GET /xingrg/javascript/jquery_easy_ui/themes/default/images/tree_folder.gif HTTP/1.1" 304 -
116.239.131.195 - - [19/Feb/2022:09:38:29 +0800] "GET /xingrg/javascript/jquery_easy_ui/themes/icons/storage_new.png HTTP/1.1" 304 -
116.239.131.195 - - [19/Feb/2022:09:38:29 +0800] "GET /xingrg/javascript/jquery_easy_ui/themes/icons/forms_new.png HTTP/1.1" 304 -
116.239.131.195 - - [19/Feb/2022:09:38:29 +0800] "GET /xingrg/javascript/jquery_easy_ui/themes/default/images/tree_file.gif HTTP/1.1" 304 -
58.39.168.32 - - [19/Feb/2022:09:38:31 +0800] "GET /xingrg/all/function/internal_message.html?_=1645234646279&CODE_STATE=getMsg HTTP/1.1" 200 27
114.86.229.124 - - [19/Feb/2022:09:38:32 +0800] "GET /xingrg/kc/buy/cgsh_order_operate.html?command=get_materiel&rest_code=00109&code=00101011003&supplier_code=00100046&order_time=2022-02-19 HTTP/1.1" 200 413
180.152.99.73 - - [19/Feb/2022:09:38:35 +0800] "GET /xingrg/kc/buy/cgsh_order_operate.html?command=get_materiel&rest_code=00151&code=00101008318&supplier_code=00100007&order_time=2022-02-19 HTTP/1.1" 200 408
101.83.241.223 - - [19/Feb/2022:09:38:37 +0800] "GET /xingrg/kc/buy/cgsh_order_operate.html?command=get_materiel&rest_code=00149&code=00101008285&supplier_code=00100005&order_time=2022-02-19 HTTP/1.1" 200 413
124.78.153.118 - - [19/Feb/2022:09:38:38 +0800] "GET /xingrg/all/function/internal_message.html?_=1645234716576&CODE_STATE=getMsg HTTP/1.1" 200 27
114.86.229.124 - - [19/Feb/2022:09:38:40 +0800] "POST /xingrg/kc/buy/cgsh_order_operate.html HTTP/1.1" 200 37
116.239.131.195 - - [19/Feb/2022:09:38:40 +0800] "GET /xingrg/javascript/jquery_easy_ui/themes/default/images/tabs_close.gif HTTP/1.1" 304 -
116.239.131.195 - - [19/Feb/2022:09:38:40 +0800] "GET /xingrg/css/base.css HTTP/1.1" 304 -
116.239.131.195 - - [19/Feb/2022:09:38:40 +0800] "GET /xingrg/css/site.css HTTP/1.1" 304 -
116.239.131.195 - - [19/Feb/2022:09:38:40 +0800] "GET /xingrg/javascript/jquery_tools/datebox.css HTTP/1.1" 304 -
116.239.131.195 - - [19/Feb/2022:09:38:40 +0800] "GET /xingrg/javascript/jquery_tools/fix.css HTTP/1.1" 304 -
116.239.131.195 - - [19/Feb/2022:09:38:40 +0800] "GET /xingrg/javascript/auto/jquery.autocomplete.css HTTP/1.1" 304 -
116.239.131.195 - - [19/Feb/2022:09:38:40 +0800] "GET /xingrg/javascript/easyui/themes/default/easyui.css HTTP/1.1" 304 -
116.239.131.195 - - [19/Feb/2022:09:38:40 +0800] "GET /xingrg/javascript/easyui/themes/icon.css HTTP/1.1" 304 -
116.239.131.195 - - [19/Feb/2022:09:38:40 +0800] "GET /xingrg/javascript/jquery_tools/jquery.tools.hotkey.js HTTP/1.1" 304 -
116.239.131.195 - - [19/Feb/2022:09:38:40 +0800] "GET /xingrg/javascript/jquery_tools/table.css HTTP/1.1" 304 -
116.239.131.195 - - [19/Feb/2022:09:38:40 +0800] "GET /xingrg/javascript/jquery_tools/jquery.tools.min.js HTTP/1.1" 304 -
116.239.131.195 - - [19/Feb/2022:09:38:40 +0800] "GET /xingrg/javascript/jquery_tools/jquery.tools.table.js HTTP/1.1" 304 -
116.239.131.195 - - [19/Feb/2022:09:38:40 +0800] "GET /xingrg/javascript/jquery_tools/jquery.tools.extend.js HTTP/1.1" 304 -
116.239.131.195 - - [19/Feb/2022:09:38:40 +0800] "GET /xingrg/javascript/jquery_tools/list_manager.js HTTP/1.1" 304 -
116.239.131.195 - - [19/Feb/2022:09:38:40 +0800] "GET /xingrg/kc/buy/cgsh_order_list.html HTTP/1.1" 200 49741
116.239.131.195 - - [19/Feb/2022:09:38:40 +0800] "GET /xingrg/javascript/auto/jquery.autocomplete.js HTTP/1.1" 304 -
116.239.131.195 - - [19/Feb/2022:09:38:40 +0800] "GET /xingrg/javascript/easyui/easyloader.js HTTP/1.1" 304 -
116.239.131.195 - - [19/Feb/2022:09:38:41 +0800] "GET /xingrg/javascript/jquery.cookie.js HTTP/1.1" 304 -
116.239.131.195 - - [19/Feb/2022:09:38:41 +0800] "GET /xingrg/javascript/print/LodopFuncs.js HTTP/1.1" 304 -
180.152.99.73 - - [19/Feb/2022:09:38:41 +0800] "GET /xingrg/kc/buy/cgsh_order_operate.html?command=get_materiel&rest_code=00151&code=00101001013&supplier_code=00100007&order_time=2022-02-19 HTTP/1.1" 200 412
116.239.131.195 - - [19/Feb/2022:09:38:41 +0800] "GET /xingrg/javascript/easyui/themes/icons/edit_add_new.png HTTP/1.1" 304 -
116.239.131.195 - - [19/Feb/2022:09:38:41 +0800] "GET /xingrg/javascript/easyui/themes/icons/cance_new.png HTTP/1.1" 304 -
116.239.131.195 - - [19/Feb/2022:09:38:41 +0800] "GET /xingrg/javascript/easyui/themes/icons/check_new.png HTTP/1.1" 304 -
116.239.131.195 - - [19/Feb/2022:09:38:41 +0800] "GET /xingrg/javascript/easyui/themes/icons/field_new.png HTTP/1.1" 304 -
116.239.131.195 - - [19/Feb/2022:09:38:41 +0800] "GET /xingrg/javascript/easyui/themes/icons/import_new.png HTTP/1.1" 304 -
116.239.131.195 - - [19/Feb/2022:09:38:41 +0800] "GET /xingrg/javascript/easyui/plugins/jquery.parser.js HTTP/1.1" 304 -
116.239.131.195 - - [19/Feb/2022:09:38:41 +0800] "GET /xingrg/images/control/ajaxLoader.gif HTTP/1.1" 304 -
114.86.229.124 - - [19/Feb/2022:09:38:41 +0800] "POST /xingrg/kc/buy/cgsh_order_operate.html HTTP/1.1" 200 3257
116.239.131.195 - - [19/Feb/2022:09:38:41 +0800] "GET /xingrg/javascript/jquery_easy_ui/themes/icons/area.png HTTP/1.1" 304 -
116.239.131.195 - - [19/Feb/2022:09:38:41 +0800] "GET /xingrg/javascript/jquery_easy_ui/themes/icons/rest.png HTTP/1.1" 304 -
180.152.99.73 - - [19/Feb/2022:09:38:41 +0800] "GET /xingrg/all/function/internal_message.html?_=1645234720555&CODE_STATE=getMsg HTTP/1.1" 200 27
116.239.131.195 - - [19/Feb/2022:09:38:42 +0800] "POST /xingrg/kc/buy/cgsh_list_operate.html HTTP/1.1" 200 876
222.70.243.96 - - [19/Feb/2022:09:38:42 +0800] "GET /xingrg/all/function/internal_message.html?_=1645234744535&CODE_STATE=getMsg HTTP/1.1" 200 27
114.86.229.124 - - [19/Feb/2022:09:38:42 +0800] "GET /xingrg/kc/print/load_config.html?kc_code=cgsh HTTP/1.1" 200 1943
114.86.229.124 - - [19/Feb/2022:09:38:43 +0800] "GET /xingrg/kc/print/load_data.html?order_code=212022021905432&kc_code=cgsh&condition= HTTP/1.1" 200 908
124.78.153.118 - - [19/Feb/2022:09:38:44 +0800] "GET /xingrg/kc/buy/cgsh_order_operate.html?command=get_materiel&rest_code=00106&code=00102011027&supplier_code=00100075&order_time=2022-02-19 HTTP/1.1" 200 421
180.152.99.73 - - [19/Feb/2022:09:38:46 +0800] "GET /xingrg/kc/buy/cgsh_order_operate.html?command=get_materiel&rest_code=00151&code=00101008370&supplier_code=00100007&order_time=2022-02-19 HTTP/1.1" 200 434
172.20.0.100 - - [19/Feb/2022:09:38:47 +0800] "GET /xingrg/all/function/internal_message.html?_=1645234723265&CODE_STATE=getMsg HTTP/1.1" 200 27
116.239.131.195 - - [19/Feb/2022:09:38:48 +0800] "POST /xingrg/kc/buy/cgsh_list_operate.html HTTP/1.1" 200 5764
172.20.0.100 - - [19/Feb/2022:09:38:49 +0800] "GET /xingrg/all/function/internal_message.html?_=1645234725047&CODE_STATE=getMsg HTTP/1.1" 200 27
222.70.223.103 - - [19/Feb/2022:09:38:50 +0800] "GET /xingrg/all/function/internal_message.html?_=1645234727021&CODE_STATE=getMsg HTTP/1.1" 200 27
116.239.131.195 - - [19/Feb/2022:09:38:53 +0800] "POST /xingrg/kc/buy/cgsh_list_operate.html HTTP/1.1" 200 575
180.152.99.73 - - [19/Feb/2022:09:38:54 +0800] "GET /xingrg/kc/buy/cgsh_order_operate.html?command=get_materiel&rest_code=00151&code=00101008095&supplier_code=00100007&order_time=2022-02-19 HTTP/1.1" 200 412
116.239.131.195 - - [19/Feb/2022:09:38:55 +0800] "POST /xingrg/kc/buy/cgsh_list_operate.html HTTP/1.1" 200 347
222.70.183.6 - - [19/Feb/2022:09:38:56 +0800] "GET /xingrg/all/function/internal_message.html?_=1645234730198&CODE_STATE=getMsg HTTP/1.1" 200 27
116.239.131.195 - - [19/Feb/2022:09:38:56 +0800] "GET /xingrg/javascript/pic_change.js HTTP/1.1" 304 -
116.239.131.195 - - [19/Feb/2022:09:38:56 +0800] "GET /xingrg/kc/buy/cgsh_order_info.html?code=212022021905418 HTTP/1.1" 200 60415
116.239.131.195 - - [19/Feb/2022:09:38:56 +0800] "GET /xingrg/javascript/jquery_tools/order_manager.js HTTP/1.1" 304 -
116.239.131.195 - - [19/Feb/2022:09:38:56 +0800] "GET /xingrg/javascript/convert.js HTTP/1.1" 304 -
116.239.131.195 - - [19/Feb/2022:09:38:56 +0800] "GET /xingrg/javascript/json2.js HTTP/1.1" 304 -
116.239.131.195 - - [19/Feb/2022:09:38:56 +0800] "GET /xingrg/javascript/print/kc_print.js HTTP/1.1" 304 -
116.239.131.195 - - [19/Feb/2022:09:38:57 +0800] "GET /xingrg/words/20220218143806_words.js HTTP/1.1" 304 -
116.239.131.195 - - [19/Feb/2022:09:38:57 +0800] "GET /xingrg/javascript/easyui/themes/icons/copy_new.png HTTP/1.1" 304 -
116.239.131.195 - - [19/Feb/2022:09:38:57 +0800] "GET /xingrg/javascript/easyui/themes/icons/print.png HTTP/1.1" 304 -
116.239.131.195 - - [19/Feb/2022:09:38:57 +0800] "GET /xingrg/javascript/easyui/themes/default/images/menu_downarrow.png HTTP/1.1" 304 -
116.239.131.195 - - [19/Feb/2022:09:38:57 +0800] "GET /xingrg/javascript/easyui/themes/icons/cancel.png HTTP/1.1" 304 -
116.239.131.195 - - [19/Feb/2022:09:38:58 +0800] "GET /xingrg/javascript/easyui/themes/default/validatebox.css HTTP/1.1" 404 1104
116.239.131.195 - - [19/Feb/2022:09:38:58 +0800] "GET /xingrg/javascript/easyui/plugins/jquery.validatebox.js HTTP/1.1" 304 -
116.239.131.195 - - [19/Feb/2022:09:38:58 +0800] "GET /xingrg/javascript/easyui/plugins/jquery.numberbox.js HTTP/1.1" 304 -
116.239.131.195 - - [19/Feb/2022:09:38:58 +0800] "POST /xingrg/kc/buy/cgsh_order_operate.html HTTP/1.1" 200 1790
116.239.131.195 - - [19/Feb/2022:09:38:58 +0800] "GET /xingrg/javascript/easyui/themes/icons/edit_remove.png HTTP/1.1" 304 -
116.239.131.195 - - [19/Feb/2022:09:38:59 +0800] "GET /xingrg/javascript/easyui/themes/default/images/button_plain_hover.png HTTP/1.1" 304 -
180.152.99.73 - - [19/Feb/2022:09:39:00 +0800] "GET /xingrg/kc/buy/cgsh_order_operate.html?command=get_materiel&rest_code=00151&code=00101008221&supplier_code=00100007&order_time=2022-02-19 HTTP/1.1" 200 412
116.239.131.195 - - [19/Feb/2022:09:39:00 +0800] "GET /xingrg/kc/print/load_config.html?kc_code=cgsh HTTP/1.1" 200 1943
116.239.131.195 - - [19/Feb/2022:09:39:00 +0800] "GET /xingrg/kc/print/load_data.html?order_code=212022021905418&kc_code=cgsh&condition= HTTP/1.1" 200 1132
101.83.241.223 - - [19/Feb/2022:09:39:02 +0800] "GET /xingrg/kc/buy/cgsh_order_operate.html?command=get_materiel&rest_code=00149&code=00101008114&supplier_code=00100005&order_time=2022-02-19 HTTP/1.1" 200 413
180.152.99.39 - - [19/Feb/2022:09:39:04 +0800] "GET /xingrg/all/function/internal_message.html?_=1645234651448&CODE_STATE=getMsg HTTP/1.1" 200 27
124.78.153.118 - - [19/Feb/2022:09:39:06 +0800] "POST /xingrg/kc/buy/cgsh_order_operate.html HTTP/1.1" 200 37
124.78.153.118 - - [19/Feb/2022:09:39:08 +0800] "POST /xingrg/kc/buy/cgsh_order_operate.html HTTP/1.1" 200 3840
101.83.241.223 - - [19/Feb/2022:09:39:13 +0800] "GET /xingrg/kc/buy/cgsh_order_operate.html?command=get_materiel&rest_code=00149&code=00101008242&supplier_code=00100005&order_time=2022-02-19 HTTP/1.1" 200 408
101.83.241.223 - - [19/Feb/2022:09:39:20 +0800] "GET /xingrg/all/function/internal_message.html?_=1645234756132&CODE_STATE=getMsg HTTP/1.1" 200 27
114.86.229.124 - - [19/Feb/2022:09:39:20 +0800] "GET /xingrg/all/function/internal_message.html?_=1645234757832&CODE_STATE=getMsg HTTP/1.1" 200 27
180.152.99.39 - - [19/Feb/2022:09:39:25 +0800] "POST /xingrg/services/DataTransmitService HTTP/1.1" 200 524
180.152.99.73 - - [19/Feb/2022:09:39:27 +0800] "GET /xingrg/kc/buy/cgsh_order_operate.html?command=get_materiel&rest_code=00151&code=00101008098&supplier_code=00100007&order_time=2022-02-19 HTTP/1.1" 200 412
101.83.241.223 - - [19/Feb/2022:09:39:27 +0800] "GET /xingrg/kc/buy/cgsh_order_operate.html?command=get_materiel&rest_code=00149&code=00101008283&supplier_code=00100005&order_time=2022-02-19 HTTP/1.1" 200 408
116.239.131.195 - - [19/Feb/2022:09:39:29 +0800] "GET /xingrg/all/function/internal_message.html?_=1645234799071&CODE_STATE=getMsg HTTP/1.1" 200 27
101.83.241.223 - - [19/Feb/2022:09:39:30 +0800] "POST /xingrg/kc/buy/cgsh_order_operate.html HTTP/1.1" 200 2065
58.39.168.32 - - [19/Feb/2022:09:39:31 +0800] "GET /xingrg/check_reg.html?_=1645234706278 HTTP/1.1" 200 22
58.39.168.32 - - [19/Feb/2022:09:39:31 +0800] "GET /xingrg/all/function/internal_message.html?_=1645234706282&CODE_STATE=getMsg HTTP/1.1" 200 27
180.152.99.73 - - [19/Feb/2022:09:39:34 +0800] "GET /xingrg/kc/buy/cgsh_order_operate.html?command=get_materiel&rest_code=00151&code=00101008440&supplier_code=00100007&order_time=2022-02-19 HTTP/1.1" 200 399
124.78.153.118 - - [19/Feb/2022:09:39:38 +0800] "GET /xingrg/all/function/internal_message.html?_=1645234776580&CODE_STATE=getMsg HTTP/1.1" 200 27
124.78.153.118 - - [19/Feb/2022:09:39:38 +0800] "GET /xingrg/check_reg.html?_=1645234776584 HTTP/1.1" 200 22
101.83.241.223 - - [19/Feb/2022:09:39:38 +0800] "GET /xingrg/kc/buy/cgsh_order_operate.html?command=get_materiel&rest_code=00149&code=00101008042&supplier_code=00100005&order_time=2022-02-19 HTTP/1.1" 200 416
180.152.99.73 - - [19/Feb/2022:09:39:41 +0800] "GET /xingrg/all/function/internal_message.html?_=1645234780551&CODE_STATE=getMsg HTTP/1.1" 200 27
180.152.99.73 - - [19/Feb/2022:09:39:42 +0800] "GET /xingrg/kc/buy/cgsh_order_operate.html?command=get_materiel&rest_code=00151&code=00101008357&supplier_code=00100007&order_time=2022-02-19 HTTP/1.1" 200 408
222.70.223.103 - - [19/Feb/2022:09:39:42 +0800] "POST /xingrg/services/DataTransmitService HTTP/1.1" 200 524
222.70.243.96 - - [19/Feb/2022:09:39:43 +0800] "GET /xingrg/all/function/internal_message.html?_=1645234805041&CODE_STATE=getMsg HTTP/1.1" 200 27
172.20.0.100 - - [19/Feb/2022:09:39:47 +0800] "GET /xingrg/all/function/internal_message.html?_=1645234783271&CODE_STATE=getMsg HTTP/1.1" 200 27
180.152.99.73 - - [19/Feb/2022:09:39:48 +0800] "GET /xingrg/kc/buy/cgsh_order_operate.html?command=get_materiel&rest_code=00151&code=00101008286&supplier_code=00100007&order_time=2022-02-19 HTTP/1.1" 200 408
172.20.0.100 - - [19/Feb/2022:09:39:49 +0800] "GET /xingrg/all/function/internal_message.html?_=1645234785052&CODE_STATE=getMsg HTTP/1.1" 200 27
101.83.241.223 - - [19/Feb/2022:09:39:49 +0800] "GET /xingrg/kc/buy/cgsh_order_operate.html?command=get_materiel&rest_code=00149&code=00101008330&supplier_code=00100005&order_time=2022-02-19 HTTP/1.1" 200 409
180.169.147.146 - - [19/Feb/2022:09:39:49 +0800] "GET /xingrg/check_reg.html?_=1645234787454 HTTP/1.1" 200 22
222.70.223.103 - - [19/Feb/2022:09:39:50 +0800] "GET /xingrg/all/function/internal_message.html?_=1645234787008&CODE_STATE=getMsg HTTP/1.1" 200 27
180.152.99.73 - - [19/Feb/2022:09:39:54 +0800] "GET /xingrg/kc/buy/cgsh_order_operate.html?command=get_materiel&rest_code=00151&code=00101008080&supplier_code=00100007&order_time=2022-02-19 HTTP/1.1" 200 417
222.70.183.6 - - [19/Feb/2022:09:39:56 +0800] "GET /xingrg/all/function/internal_message.html?_=1645234790197&CODE_STATE=getMsg HTTP/1.1" 200 27
222.70.243.96 - - [19/Feb/2022:09:40:00 +0800] "GET /xingrg/check_reg.html?_=1645234822629 HTTP/1.1" 200 22
180.152.99.73 - - [19/Feb/2022:09:40:03 +0800] "GET /xingrg/kc/buy/cgsh_order_operate.html?command=get_materiel&rest_code=00151&code=00101012039&supplier_code=00100007&order_time=2022-02-19 HTTP/1.1" 200 408
180.152.99.39 - - [19/Feb/2022:09:40:04 +0800] "GET /xingrg/all/function/internal_message.html?_=1645234711505&CODE_STATE=getMsg HTTP/1.1" 200 27
180.152.99.73 - - [19/Feb/2022:09:40:10 +0800] "GET /xingrg/kc/buy/cgsh_order_operate.html?command=get_materiel&rest_code=00151&code=00101008251&supplier_code=00100007&order_time=2022-02-19 HTTP/1.1" 200 408
116.239.131.195 - - [19/Feb/2022:09:40:10 +0800] "GET /xingrg/javascript/jquery_easy_ui/themes/default/images/tabs_active.png HTTP/1.1" 200 2894
180.152.99.73 - - [19/Feb/2022:09:40:16 +0800] "GET /xingrg/kc/buy/cgsh_order_operate.html?command=get_materiel&rest_code=00151&code=00101016025&supplier_code=00100007&order_time=2022-02-19 HTTP/1.1" 200 408
101.83.241.223 - - [19/Feb/2022:09:40:20 +0800] "GET /xingrg/all/function/internal_message.html?_=1645234816110&CODE_STATE=getMsg HTTP/1.1" 200 27
101.83.241.223 - - [19/Feb/2022:09:40:20 +0800] "GET /xingrg/check_reg.html?_=1645234816395 HTTP/1.1" 200 22
114.86.229.124 - - [19/Feb/2022:09:40:20 +0800] "GET /xingrg/all/function/internal_message.html?_=1645234817829&CODE_STATE=getMsg HTTP/1.1" 200 27
180.152.99.73 - - [19/Feb/2022:09:40:23 +0800] "GET /xingrg/kc/buy/cgsh_order_operate.html?command=get_materiel&rest_code=00151&code=00101015046&supplier_code=00100007&order_time=2022-02-19 HTTP/1.1" 200 413
116.239.131.195 - - [19/Feb/2022:09:40:29 +0800] "GET /xingrg/all/function/internal_message.html?_=1645234859085&CODE_STATE=getMsg HTTP/1.1" 200 27
116.239.131.195 - - [19/Feb/2022:09:40:29 +0800] "GET /xingrg/kc/base/yddb_order_list.html HTTP/1.1" 200 16624
116.239.131.195 - - [19/Feb/2022:09:40:30 +0800] "POST /xingrg/kc/base/yddb_list_operate.html HTTP/1.1" 200 636
58.39.168.32 - - [19/Feb/2022:09:40:31 +0800] "GET /xingrg/all/function/internal_message.html?_=1645234766293&CODE_STATE=getMsg HTTP/1.1" 200 27
180.152.99.73 - - [19/Feb/2022:09:40:32 +0800] "GET /xingrg/kc/buy/cgsh_order_operate.html?command=get_materiel&rest_code=00151&code=00101008209&supplier_code=00100007&order_time=2022-02-19 HTTP/1.1" 200 408
116.239.131.195 - - [19/Feb/2022:09:40:36 +0800] "GET /xingrg/kc/base/yddb_order_add.html HTTP/1.1" 200 29835
116.239.131.195 - - [19/Feb/2022:09:40:36 +0800] "GET /xingrg/javascript/Grid.js HTTP/1.1" 200 58908
116.239.131.195 - - [19/Feb/2022:09:40:36 +0800] "GET /xingrg/javascript/AjaxInfoList.js HTTP/1.1" 200 3774
116.239.131.195 - - [19/Feb/2022:09:40:36 +0800] "GET /xingrg/javascript/ToolTips.js HTTP/1.1" 200 5615
116.239.131.195 - - [19/Feb/2022:09:40:36 +0800] "GET /xingrg/css/blue.css HTTP/1.1" 200 15949
116.239.131.195 - - [19/Feb/2022:09:40:36 +0800] "GET /xingrg/dwr/interface/AjaxYddbService.js HTTP/1.1" 200 13201
116.239.131.195 - - [19/Feb/2022:09:40:36 +0800] "GET /xingrg/dwr/interface/AjaxComOrderService.js HTTP/1.1" 200 18264
116.239.131.195 - - [19/Feb/2022:09:40:36 +0800] "GET /xingrg/javascript/checkform.js HTTP/1.1" 200 18351
116.239.131.195 - - [19/Feb/2022:09:40:36 +0800] "GET /xingrg/dwr/util.js HTTP/1.1" 200 35990
116.239.131.195 - - [19/Feb/2022:09:40:36 +0800] "GET /xingrg/javascript/Calendar.js HTTP/1.1" 200 31561
116.239.131.195 - - [19/Feb/2022:09:40:36 +0800] "GET /xingrg/javascript/myfunction.js HTTP/1.1" 200 24559
116.239.131.195 - - [19/Feb/2022:09:40:36 +0800] "GET /xingrg/dwr/engine.js HTTP/1.1" 200 43631
116.239.131.195 - - [19/Feb/2022:09:40:36 +0800] "GET /xingrg/javascript/jquery_easy_ui/themes/icons/edit_add_new.png HTTP/1.1" 200 2997
116.239.131.195 - - [19/Feb/2022:09:40:36 +0800] "GET /xingrg/javascript/jquery_easy_ui/themes/icons/check_new.png HTTP/1.1" 200 3224
116.239.131.195 - - [19/Feb/2022:09:40:36 +0800] "GET /xingrg/javascript/jquery_easy_ui/themes/icons/print.png HTTP/1.1" 200 1057
116.239.131.195 - - [19/Feb/2022:09:40:36 +0800] "GET /xingrg/javascript/jquery_easy_ui/themes/default/images/menu_downarrow.png HTTP/1.1" 200 173
116.239.131.195 - - [19/Feb/2022:09:40:36 +0800] "GET /xingrg/javascript/jquery_easy_ui/themes/icons/cance_new.png HTTP/1.1" 200 3986
116.239.131.195 - - [19/Feb/2022:09:40:36 +0800] "GET /xingrg/javascript/jquery_easy_ui/themes/icons/back_new.png HTTP/1.1" 200 3414
116.239.131.195 - - [19/Feb/2022:09:40:36 +0800] "GET /xingrg/images/blue/button/kc_tab_add.gif HTTP/1.1" 200 375
116.239.131.195 - - [19/Feb/2022:09:40:36 +0800] "GET /xingrg/images/blue/button/kc_tab_edit.gif HTTP/1.1" 200 551
116.239.131.195 - - [19/Feb/2022:09:40:36 +0800] "GET /xingrg/images/blue/button/kc_tab_save.gif HTTP/1.1" 200 777
116.239.131.195 - - [19/Feb/2022:09:40:36 +0800] "GET /xingrg/images/blue/button/kc_tab_del.gif HTTP/1.1" 200 383
116.239.131.195 - - [19/Feb/2022:09:40:36 +0800] "GET /xingrg/images/blue/kc_tab_left.gif HTTP/1.1" 200 188
116.239.131.195 - - [19/Feb/2022:09:40:36 +0800] "GET /xingrg/images/blue/kc_tab_mid.gif HTTP/1.1" 200 44
116.239.131.195 - - [19/Feb/2022:09:40:36 +0800] "GET /xingrg/images/blue/kc_tab_right.gif HTTP/1.1" 200 643
116.239.131.195 - - [19/Feb/2022:09:40:36 +0800] "GET /xingrg/images/blue/kc_tab2_left.gif HTTP/1.1" 200 625
116.239.131.195 - - [19/Feb/2022:09:40:36 +0800] "GET /xingrg/images/blue/kc_tab2_right.gif HTTP/1.1" 200 192
180.152.99.73 - - [19/Feb/2022:09:40:37 +0800] "GET /xingrg/kc/buy/cgsh_order_operate.html?command=get_materiel&rest_code=00151&code=00101008312&supplier_code=00100007&order_time=2022-02-19 HTTP/1.1" 200 412
124.78.153.118 - - [19/Feb/2022:09:40:38 +0800] "GET /xingrg/all/function/internal_message.html?_=1645234836569&CODE_STATE=getMsg HTTP/1.1" 200 27
116.239.131.195 - - [19/Feb/2022:09:40:39 +0800] "GET /xingrg/images/blue/wait.gif HTTP/1.1" 200 1100
116.239.131.195 - - [19/Feb/2022:09:40:39 +0800] "POST /xingrg/dwr/call/plaincall/AjaxYddbService.getRestBases.dwr HTTP/1.1" 200 1040
180.152.99.73 - - [19/Feb/2022:09:40:41 +0800] "GET /xingrg/all/function/internal_message.html?_=1645234840554&CODE_STATE=getMsg HTTP/1.1" 200 27
222.70.243.96 - - [19/Feb/2022:09:40:43 +0800] "GET /xingrg/all/function/internal_message.html?_=1645234865046&CODE_STATE=getMsg HTTP/1.1" 200 27
180.152.99.73 - - [19/Feb/2022:09:40:45 +0800] "GET /xingrg/kc/buy/cgsh_order_operate.html?command=get_materiel&rest_code=00151&code=00101008087&supplier_code=00100007&order_time=2022-02-19 HTTP/1.1" 200 412
180.152.99.39 - - [19/Feb/2022:09:40:47 +0800] "GET /xingrg/kc/buy/cgsh_order_operate.html?command=get_materiel&rest_code=00150&code=00101008308&supplier_code=00100007&order_time=2022-02-19 HTTP/1.1" 200 420
172.20.0.100 - - [19/Feb/2022:09:40:47 +0800] "GET /xingrg/check_reg.html?_=1645234843262 HTTP/1.1" 200 22
172.20.0.100 - - [19/Feb/2022:09:40:47 +0800] "GET /xingrg/all/function/internal_message.html?_=1645234843268&CODE_STATE=getMsg HTTP/1.1" 200 27
172.20.0.100 - - [19/Feb/2022:09:40:49 +0800] "GET /xingrg/all/function/internal_message.html?_=1645234845057&CODE_STATE=getMsg HTTP/1.1" 200 27
222.70.223.103 - - [19/Feb/2022:09:40:50 +0800] "GET /xingrg/all/function/internal_message.html?_=1645234846996&CODE_STATE=getMsg HTTP/1.1" 200 27
116.239.131.195 - - [19/Feb/2022:09:40:53 +0800] "POST /xingrg/dwr/call/plaincall/AjaxYddbService.saveOrder.dwr HTTP/1.1" 200 78
180.152.99.73 - - [19/Feb/2022:09:40:55 +0800] "POST /xingrg/kc/buy/cgsh_order_operate.html HTTP/1.1" 200 37
116.239.131.195 - - [19/Feb/2022:09:40:56 +0800] "POST /xingrg/dwr/call/plaincall/AjaxComOrderService.getMaterielSearchList.dwr HTTP/1.1" 200 20503
222.70.183.6 - - [19/Feb/2022:09:40:56 +0800] "GET /xingrg/all/function/internal_message.html?_=1645234850202&CODE_STATE=getMsg HTTP/1.1" 200 27
222.70.183.6 - - [19/Feb/2022:09:40:56 +0800] "GET /xingrg/check_reg.html?_=1645234850198 HTTP/1.1" 200 22
116.239.131.195 - - [19/Feb/2022:09:40:56 +0800] "POST /xingrg/dwr/call/plaincall/AjaxComOrderService.getMaterielSearchList.dwr HTTP/1.1" 200 1052
180.152.99.39 - - [19/Feb/2022:09:40:56 +0800] "GET /xingrg/kc/buy/cgsh_order_operate.html?command=get_materiel&rest_code=00150&code=00101008351&supplier_code=00100007&order_time=2022-02-19 HTTP/1.1" 200 408
180.152.99.73 - - [19/Feb/2022:09:40:57 +0800] "POST /xingrg/kc/buy/cgsh_order_operate.html HTTP/1.1" 200 12264
116.239.131.195 - - [19/Feb/2022:09:40:58 +0800] "POST /xingrg/dwr/call/plaincall/AjaxYddbService.getMaterielByMap.dwr HTTP/1.1" 200 2715
124.78.153.118 - - [19/Feb/2022:09:41:00 +0800] "GET /xingrg/kc/buy/cgsh_order_add.html HTTP/1.1" 200 65551
124.78.153.118 - - [19/Feb/2022:09:41:01 +0800] "POST /xingrg/kc/buy/cgsh_order_operate.html HTTP/1.1" 200 8245
124.78.153.118 - - [19/Feb/2022:09:41:01 +0800] "GET /xingrg/javascript/easyui/themes/default/validatebox.css HTTP/1.1" 404 1104
116.235.92.83 - - [19/Feb/2022:09:41:03 +0800] "GET /xingrg/login.html HTTP/1.1" 200 7641
180.152.99.39 - - [19/Feb/2022:09:41:04 +0800] "GET /xingrg/kc/buy/cgsh_order_operate.html?command=get_materiel&rest_code=00150&code=00101008186&supplier_code=00100007&order_time=2022-02-19 HTTP/1.1" 200 408
116.235.92.83 - - [19/Feb/2022:09:41:04 +0800] "GET /favicon.ico HTTP/1.1" 404 -
180.152.99.39 - - [19/Feb/2022:09:41:04 +0800] "GET /xingrg/check_reg.html?_=1645234771428 HTTP/1.1" 200 22
180.152.99.39 - - [19/Feb/2022:09:41:04 +0800] "GET /xingrg/all/function/internal_message.html?_=1645234771515&CODE_STATE=getMsg HTTP/1.1" 200 27
116.239.131.195 - - [19/Feb/2022:09:41:04 +0800] "POST /xingrg/dwr/call/plaincall/AjaxYddbService.saveMaterielItem.dwr HTTP/1.1" 200 78
116.239.131.195 - - [19/Feb/2022:09:41:05 +0800] "GET /xingrg/images/yd/bt.gif HTTP/1.1" 404 1040
116.239.131.195 - - [19/Feb/2022:09:41:08 +0800] "GET /xingrg/javascript/jquery_easy_ui/themes/default/images/button_plain_hover.png HTTP/1.1" 200 252
180.152.99.39 - - [19/Feb/2022:09:41:10 +0800] "GET /xingrg/kc/buy/cgsh_order_operate.html?command=get_materiel&rest_code=00150&code=00101008026&supplier_code=00100007&order_time=2022-02-19 HTTP/1.1" 200 409
101.83.241.223 - - [19/Feb/2022:09:41:12 +0800] "GET /xingrg/kc/buy/cgsh_order_operate.html?command=get_materiel&rest_code=00149&code=00101008161&supplier_code=00100005&order_time=2022-02-19 HTTP/1.1" 200 409
180.152.99.39 - - [19/Feb/2022:09:41:18 +0800] "GET /xingrg/kc/buy/cgsh_order_operate.html?command=get_materiel&rest_code=00150&code=00101008096&supplier_code=00100007&order_time=2022-02-19 HTTP/1.1" 200 413
116.239.131.195 - - [19/Feb/2022:09:41:19 +0800] "POST /xingrg/dwr/call/plaincall/AjaxYddbService.removeMaterielItem.dwr HTTP/1.1" 200 78
101.83.241.223 - - [19/Feb/2022:09:41:20 +0800] "GET /xingrg/all/function/internal_message.html?_=1645234876081&CODE_STATE=getMsg HTTP/1.1" 200 27
114.86.229.124 - - [19/Feb/2022:09:41:20 +0800] "GET /xingrg/all/function/internal_message.html?_=1645234877830&CODE_STATE=getMsg HTTP/1.1" 200 27
114.86.229.124 - - [19/Feb/2022:09:41:20 +0800] "GET /xingrg/check_reg.html?_=1645234877832 HTTP/1.1" 200 22
116.239.131.195 - - [19/Feb/2022:09:41:22 +0800] "POST /xingrg/dwr/call/plaincall/AjaxComOrderService.getMaterielSearchList.dwr HTTP/1.1" 200 20503
116.239.131.195 - - [19/Feb/2022:09:41:22 +0800] "POST /xingrg/dwr/call/plaincall/AjaxComOrderService.getMaterielSearchList.dwr HTTP/1.1" 200 1052
116.239.131.195 - - [19/Feb/2022:09:41:23 +0800] "POST /xingrg/dwr/call/plaincall/AjaxYddbService.getMaterielByMap.dwr HTTP/1.1" 200 2715
180.152.99.39 - - [19/Feb/2022:09:41:24 +0800] "POST /xingrg/kc/buy/cgsh_order_operate.html HTTP/1.1" 200 37
101.83.241.223 - - [19/Feb/2022:09:41:25 +0800] "GET /xingrg/kc/buy/cgsh_order_operate.html?command=get_materiel&rest_code=00149&code=00101008150&supplier_code=00100005&order_time=2022-02-19 HTTP/1.1" 200 409
180.152.99.39 - - [19/Feb/2022:09:41:25 +0800] "POST /xingrg/kc/buy/cgsh_order_operate.html HTTP/1.1" 200 10354
116.239.131.195 - - [19/Feb/2022:09:41:27 +0800] "POST /xingrg/dwr/call/plaincall/AjaxYddbService.saveMaterielItem.dwr HTTP/1.1" 200 79
124.79.79.90 - - [19/Feb/2022:09:41:29 +0800] "GET /xingrg/login.html HTTP/1.1" 200 7641
124.79.79.90 - - [19/Feb/2022:09:41:29 +0800] "GET /xingrg/images/blue/jxLogo.png HTTP/1.1" 200 6156
124.79.79.90 - - [19/Feb/2022:09:41:29 +0800] "GET /xingrg/images/blue/hj.png HTTP/1.1" 200 1014
124.79.79.90 - - [19/Feb/2022:09:41:29 +0800] "GET /xingrg/images/blue/srbg.png HTTP/1.1" 200 138
124.79.79.90 - - [19/Feb/2022:09:41:29 +0800] "GET /xingrg/images/blue/login_bg.png HTTP/1.1" 200 22101
124.79.79.90 - - [19/Feb/2022:09:41:29 +0800] "GET /favicon.ico HTTP/1.1" 404 -
124.79.79.90 - - [19/Feb/2022:09:41:29 +0800] "GET /xingrg/login.html HTTP/1.1" 200 7641
124.79.79.90 - - [19/Feb/2022:09:41:30 +0800] "GET /favicon.ico HTTP/1.1" 404 -
58.39.168.32 - - [19/Feb/2022:09:41:31 +0800] "GET /xingrg/all/function/internal_message.html?_=1645234826292&CODE_STATE=getMsg HTTP/1.1" 200 27
180.152.99.39 - - [19/Feb/2022:09:41:32 +0800] "GET /xingrg/kc/buy/cgsh_order_operate.html?command=get_materiel&rest_code=00150&code=00101008038&supplier_code=00100007&order_time=2022-02-19 HTTP/1.1" 200 412
124.79.79.90 - - [19/Feb/2022:09:41:34 +0800] "POST /xingrg/login.do HTTP/1.1" 302 -
124.79.79.90 - - [19/Feb/2022:09:41:34 +0800] "GET /xingrg/index.html?sysBaseUrl=http%3A%2F%2F180.169.147.146%3A18081%2Fxingrg%2F&costTime=39×tamp=1645234894579 HTTP/1.1" 200 17179
124.79.79.90 - - [19/Feb/2022:09:41:34 +0800] "GET /xingrg/css/form.css HTTP/1.1" 200 893
124.79.79.90 - - [19/Feb/2022:09:41:34 +0800] "GET /xingrg/javascript/jquery_easy_ui/themes/icon.css HTTP/1.1" 200 3949
124.79.79.90 - - [19/Feb/2022:09:41:34 +0800] "GET /xingrg/javascript/jquery-1.4.2.min.js HTTP/1.1" 200 72205
124.79.79.90 - - [19/Feb/2022:09:41:34 +0800] "GET /xingrg/javascript/jquery_easy_ui/jquery.easyui.min.js HTTP/1.1" 200 213662
124.79.79.90 - - [19/Feb/2022:09:41:34 +0800] "GET /xingrg/javascript/jquery_easy_ui/easyui-lang-zh_CN.js HTTP/1.1" 200 1900
124.79.79.90 - - [19/Feb/2022:09:41:34 +0800] "GET /xingrg/javascript/jquery_easy_ui/themes/default/easyui.css HTTP/1.1" 200 26500
124.79.79.90 - - [19/Feb/2022:09:41:34 +0800] "GET /xingrg/javascript/jquery.timers.js HTTP/1.1" 200 3532
124.79.79.90 - - [19/Feb/2022:09:41:34 +0800] "GET /xingrg/javascript/jquery.utils.js HTTP/1.1" 200 11805
124.79.79.90 - - [19/Feb/2022:09:41:34 +0800] "GET /xingrg/javascript/jquery.form.js HTTP/1.1" 200 23110
101.83.241.223 - - [19/Feb/2022:09:41:34 +0800] "GET /xingrg/kc/buy/cgsh_order_operate.html?command=get_materiel&rest_code=00149&code=00101008236&supplier_code=00100005&order_time=2022-02-19 HTTP/1.1" 200 417
124.79.79.90 - - [19/Feb/2022:09:41:34 +0800] "GET /favicon.ico HTTP/1.1" 404 -
124.79.79.90 - - [19/Feb/2022:09:41:34 +0800] "GET /xingrg/javascript/jquery_easy_ui/themes/icons/settle_new.png HTTP/1.1" 200 826
124.79.79.90 - - [19/Feb/2022:09:41:34 +0800] "GET /xingrg/images/blue/navBackgound.jpg HTTP/1.1" 200 12378
124.79.79.90 - - [19/Feb/2022:09:41:35 +0800] "POST /xingrg/all/common/load_tree.html?tree=area_rest_tree_json&manage=1 HTTP/1.1" 200 351
124.79.79.90 - - [19/Feb/2022:09:41:35 +0800] "GET /xingrg/all/function/internal_message.html?_=1645234893233&CODE_STATE=count HTTP/1.1" 200 11
124.79.79.90 - - [19/Feb/2022:09:41:35 +0800] "GET /xingrg/javascript/jquery_easy_ui/themes/default/images/tabs_leftarrow.png HTTP/1.1" 200 389
124.79.79.90 - - [19/Feb/2022:09:41:35 +0800] "GET /xingrg/images/blue/pingpu.png HTTP/1.1" 200 231
124.79.79.90 - - [19/Feb/2022:09:41:35 +0800] "GET /xingrg/check_reg.html?_=1645234893234 HTTP/1.1" 200 22
124.79.79.90 - - [19/Feb/2022:09:41:35 +0800] "GET /xingrg/javascript/jquery_easy_ui/themes/default/images/tabs_rightarrow.png HTTP/1.1" 200 395
124.79.79.90 - - [19/Feb/2022:09:41:35 +0800] "GET /xingrg/javascript/jquery_easy_ui/themes/default/images/panel_tool_collapse.gif HTTP/1.1" 200 246
124.79.79.90 - - [19/Feb/2022:09:41:35 +0800] "POST /xingrg/load_menu.html HTTP/1.1" 200 5138
124.79.79.90 - - [19/Feb/2022:09:41:35 +0800] "GET /xingrg/javascript/jquery_easy_ui/themes/icons/search_new.png HTTP/1.1" 200 586
124.79.79.90 - - [19/Feb/2022:09:41:35 +0800] "GET /xingrg/javascript/jquery_easy_ui/themes/default/images/tree_folder_open.gif HTTP/1.1" 200 956
124.79.79.90 - - [19/Feb/2022:09:41:35 +0800] "GET /xingrg/javascript/jquery_easy_ui/themes/default/images/tree_arrows.gif HTTP/1.1" 200 1043
124.79.79.90 - - [19/Feb/2022:09:41:35 +0800] "GET /xingrg/javascript/jquery_easy_ui/themes/icons/storage_new.png HTTP/1.1" 200 853
124.79.79.90 - - [19/Feb/2022:09:41:35 +0800] "GET /xingrg/javascript/jquery_easy_ui/themes/default/images/tree_folder.gif HTTP/1.1" 200 952
124.79.79.90 - - [19/Feb/2022:09:41:35 +0800] "GET /xingrg/javascript/jquery_easy_ui/themes/icons/forms_new.png HTTP/1.1" 200 350
124.79.79.90 - - [19/Feb/2022:09:41:35 +0800] "GET /xingrg/javascript/jquery_easy_ui/themes/default/images/tree_file.gif HTTP/1.1" 200 118
124.79.79.90 - - [19/Feb/2022:09:41:37 +0800] "GET /xingrg/kc/buy/buy_main.html HTTP/1.1" 200 12412
124.79.79.90 - - [19/Feb/2022:09:41:37 +0800] "GET /xingrg/javascript/jquery_easy_ui/themes/default/images/tabs_close.gif HTTP/1.1" 200 829
124.79.79.90 - - [19/Feb/2022:09:41:37 +0800] "GET /xingrg/css/new_ie.css HTTP/1.1" 404 1036
124.79.79.90 - - [19/Feb/2022:09:41:37 +0800] "GET /xingrg/javascript/ToolTips.js HTTP/1.1" 200 5615
124.79.79.90 - - [19/Feb/2022:09:41:37 +0800] "GET /xingrg/javascript/pic_change.js HTTP/1.1" 200 4739
124.79.79.90 - - [19/Feb/2022:09:41:37 +0800] "GET /xingrg/css/blue.css HTTP/1.1" 200 15949
124.79.79.90 - - [19/Feb/2022:09:41:37 +0800] "GET /xingrg/images/blue/button/cgydd.gif HTTP/1.1" 200 2712
124.79.79.90 - - [19/Feb/2022:09:41:37 +0800] "GET /xingrg/images/blue/button/cgxqd.gif HTTP/1.1" 200 2619
124.79.79.90 - - [19/Feb/2022:09:41:37 +0800] "GET /xingrg/images/blue/button/cgshd.gif HTTP/1.1" 200 2618
124.79.79.90 - - [19/Feb/2022:09:41:37 +0800] "GET /xingrg/images/blue/button/cgfkd.gif HTTP/1.1" 200 2075
124.79.79.90 - - [19/Feb/2022:09:41:37 +0800] "GET /xingrg/javascript/myfunction.js HTTP/1.1" 200 24559
124.79.79.90 - - [19/Feb/2022:09:41:37 +0800] "GET /xingrg/images/blue/button/kc.gif HTTP/1.1" 200 2160
124.79.79.90 - - [19/Feb/2022:09:41:37 +0800] "GET /xingrg/images/blue/button/ckthd.gif HTTP/1.1" 200 2045
124.79.79.90 - - [19/Feb/2022:09:41:37 +0800] "GET /xingrg/javascript/jquery_ui/jquery-ui.min.js HTTP/1.1" 200 186181
124.79.79.90 - - [19/Feb/2022:09:41:37 +0800] "GET /xingrg/images/blue/pic_form2.gif HTTP/1.1" 200 1853
124.79.79.90 - - [19/Feb/2022:09:41:37 +0800] "GET /xingrg/javascript/jquery_ui/themes/humanity/humanity.css HTTP/1.1" 200 27801
124.79.79.90 - - [19/Feb/2022:09:41:37 +0800] "GET /xingrg/javascript/jquery_ui/themes/humanity/images/ui-bg_inset-soft_100_f4f0ec_1x100.png HTTP/1.1" 200 141
124.79.79.90 - - [19/Feb/2022:09:41:37 +0800] "GET /xingrg/images/blue/bg_dotted.jpg HTTP/1.1" 200 319
124.79.79.90 - - [19/Feb/2022:09:41:37 +0800] "GET /xingrg/images/blue/button/right_ah.jpg HTTP/1.1" 200 1744
124.79.79.90 - - [19/Feb/2022:09:41:37 +0800] "GET /xingrg/images/blue/button/down_ah.jpg HTTP/1.1" 200 1732
124.79.79.90 - - [19/Feb/2022:09:41:38 +0800] "GET /xingrg/javascript/jquery_ui/themes/humanity/images/ui-iconsnew.jpg HTTP/1.1" 200 337
124.79.79.90 - - [19/Feb/2022:09:41:38 +0800] "GET /xingrg/javascript/jquery_ui/themes/humanity/images/ui-icons_c47a23_256x240.png HTTP/1.1" 200 5355
124.79.79.90 - - [19/Feb/2022:09:41:38 +0800] "GET /xingrg/javascript/jquery_ui/themes/humanity/images/ui-icons_ffffff_256x240.png HTTP/1.1" 200 4369
124.79.79.90 - - [19/Feb/2022:09:41:38 +0800] "GET /xingrg/javascript/jquery_ui/themes/humanity/images/ui-bg_glass_70_ede4d4_1x400.png HTTP/1.1" 200 161
124.78.153.118 - - [19/Feb/2022:09:41:38 +0800] "GET /xingrg/all/function/internal_message.html?_=1645234896602&CODE_STATE=getMsg HTTP/1.1" 200 27
124.79.79.90 - - [19/Feb/2022:09:41:38 +0800] "GET /xingrg/images/yd/bt.gif HTTP/1.1" 404 1040
124.79.79.90 - - [19/Feb/2022:09:41:38 +0800] "GET /xingrg/kc/buy/cgsh_order_list.html HTTP/1.1" 200 49747
124.79.79.90 - - [19/Feb/2022:09:41:38 +0800] "GET /xingrg/css/base.css HTTP/1.1" 200 2811
124.79.79.90 - - [19/Feb/2022:09:41:38 +0800] "GET /xingrg/css/site.css HTTP/1.1" 200 7541
124.79.79.90 - - [19/Feb/2022:09:41:38 +0800] "GET /xingrg/javascript/easyui/themes/icon.css HTTP/1.1" 200 4483
124.79.79.90 - - [19/Feb/2022:09:41:38 +0800] "GET /xingrg/javascript/jquery_tools/datebox.css HTTP/1.1" 200 2597
124.79.79.90 - - [19/Feb/2022:09:41:38 +0800] "GET /xingrg/javascript/auto/jquery.autocomplete.css HTTP/1.1" 200 587
124.79.79.90 - - [19/Feb/2022:09:41:38 +0800] "GET /xingrg/javascript/jquery_tools/fix.css HTTP/1.1" 200 1702
124.79.79.90 - - [19/Feb/2022:09:41:38 +0800] "GET /xingrg/javascript/jquery_tools/jquery.tools.min.js HTTP/1.1" 200 138801
124.79.79.90 - - [19/Feb/2022:09:41:38 +0800] "GET /xingrg/javascript/jquery_tools/table.css HTTP/1.1" 200 1032
124.79.79.90 - - [19/Feb/2022:09:41:38 +0800] "GET /xingrg/javascript/jquery_tools/jquery.tools.hotkey.js HTTP/1.1" 200 3242
124.79.79.90 - - [19/Feb/2022:09:41:38 +0800] "GET /xingrg/javascript/easyui/themes/default/easyui.css HTTP/1.1" 200 30432
124.79.79.90 - - [19/Feb/2022:09:41:38 +0800] "GET /xingrg/javascript/jquery_tools/jquery.tools.extend.js HTTP/1.1" 200 15385
124.79.79.90 - - [19/Feb/2022:09:41:38 +0800] "GET /xingrg/javascript/jquery_tools/jquery.tools.table.js HTTP/1.1" 200 6994
124.79.79.90 - - [19/Feb/2022:09:41:38 +0800] "GET /xingrg/javascript/jquery_tools/list_manager.js HTTP/1.1" 200 3652
124.79.79.90 - - [19/Feb/2022:09:41:38 +0800] "GET /xingrg/javascript/easyui/easyloader.js HTTP/1.1" 200 5975
124.79.79.90 - - [19/Feb/2022:09:41:38 +0800] "GET /xingrg/javascript/jquery.cookie.js HTTP/1.1" 200 5513
124.79.79.90 - - [19/Feb/2022:09:41:38 +0800] "GET /xingrg/javascript/print/LodopFuncs.js HTTP/1.1" 200 5121
124.79.79.90 - - [19/Feb/2022:09:41:38 +0800] "GET /xingrg/javascript/auto/jquery.autocomplete.js HTTP/1.1" 200 21624
124.79.79.90 - - [19/Feb/2022:09:41:40 +0800] "GET /xingrg/javascript/easyui/themes/icons/edit_add_new.png HTTP/1.1" 200 2997
124.79.79.90 - - [19/Feb/2022:09:41:40 +0800] "GET /xingrg/javascript/easyui/themes/icons/check_new.png HTTP/1.1" 200 3224
124.79.79.90 - - [19/Feb/2022:09:41:40 +0800] "GET /xingrg/javascript/easyui/themes/icons/cance_new.png HTTP/1.1" 200 3986
124.79.79.90 - - [19/Feb/2022:09:41:40 +0800] "GET /xingrg/javascript/easyui/themes/icons/import_new.png HTTP/1.1" 200 1247
124.79.79.90 - - [19/Feb/2022:09:41:40 +0800] "GET /xingrg/javascript/easyui/themes/icons/field_new.png HTTP/1.1" 200 1097
124.79.79.90 - - [19/Feb/2022:09:41:40 +0800] "GET /xingrg/javascript/easyui/plugins/jquery.parser.js HTTP/1.1" 200 1142
