120.253.135.82 - - [19/Feb/2022:11:53:17 +0800] "GET /xingrg/check_reg.html?_=1645242589412 HTTP/1.1" 200 22
120.253.135.82 - - [19/Feb/2022:11:53:17 +0800] "GET /xingrg/all/function/internal_message.html?_=1645242589529&CODE_STATE=getMsg HTTP/1.1" 200 27
222.70.183.6 - - [19/Feb/2022:11:53:18 +0800] "GET /xingrg/all/function/internal_message.html?_=1645242792721&CODE_STATE=getMsg HTTP/1.1" 200 27
180.162.112.109 - - [19/Feb/2022:11:53:19 +0800] "GET /xingrg/all/function/internal_message.html?_=1645242168583&CODE_STATE=getMsg HTTP/1.1" 200 27
114.86.229.124 - - [19/Feb/2022:11:53:20 +0800] "GET /xingrg/all/function/internal_message.html?_=1645242798118&CODE_STATE=getMsg HTTP/1.1" 200 27
124.79.79.90 - - [19/Feb/2022:11:53:25 +0800] "GET /xingrg/all/report/report_query.html?isQuery=1&fileName=kc/buy/wlcg_cate_hz.xml&queryString=(CONVERT(char(10)%252Ca.order_time%252C%2520120)%253E%253D'2022-01-01')%2520and%2520(CONVERT(char(10)%252Ca.order_time%252C%2520120)%253C%253D'2022-01-31')%2520and%2520(a.number%253E0%2520and%2520a.supplier_code%253D'00100450')&queryText=%25E3%2580%2590%25E9%2587%2587%25E8%25B4%25AD%25E6%2597%25A5%25E6%259C%259F%253A2022-01-01%2520%25E8%2587%25B3%25202022-01-31%25E3%2580%2591%2520%25E5%25B9%25B6%25E4%25B8%2594%2520%25E3%2580%2590%25E4%25BE%259B%25E5%25BA%2594%25E5%2595%2586%253D%25E4%25B8%258A%25E6%25B5%25B7%25E7%2599%25BE%25E8%2594%25AC%25E7%25BA%25B3%25E5%2586%259C%25E4%25B8%259A%25E7%25A7%2591%25E6%258A%2580%25E6%259C%2589%25E9%2599%2590%25E5%2585%25AC%25E5%258F%25B8%25E3%2580%2591 HTTP/1.1" 200 54398
124.79.79.90 - - [19/Feb/2022:11:53:25 +0800] "GET /xingrg/dwr/interface/AjaxReportQueryService.js HTTP/1.1" 200 13203
124.79.79.90 - - [19/Feb/2022:11:53:25 +0800] "GET /xingrg/dwr/engine.js HTTP/1.1" 200 43631
124.79.79.90 - - [19/Feb/2022:11:53:26 +0800] "POST /xingrg/all/report/load_report_page.html HTTP/1.1" 200 8713
124.79.79.90 - - [19/Feb/2022:11:53:26 +0800] "GET /xingrg/servlets/image?cache=0.4815355921402895&image=px HTTP/1.1" 200 807
180.157.251.97 - - [19/Feb/2022:11:53:28 +0800] "GET /xingrg/all/function/internal_message.html?_=1645242805776&CODE_STATE=getMsg HTTP/1.1" 200 27
58.39.168.32 - - [19/Feb/2022:11:53:30 +0800] "GET /xingrg/all/function/internal_message.html?_=1645242745771&CODE_STATE=getMsg HTTP/1.1" 200 27
124.79.79.90 - - [19/Feb/2022:11:53:33 +0800] "GET /xingrg/all/function/internal_message.html?_=1645242811888&CODE_STATE=getMsg HTTP/1.1" 200 27
180.152.99.73 - - [19/Feb/2022:11:53:35 +0800] "GET /xingrg/all/function/internal_message.html?_=1645242813912&CODE_STATE=getMsg HTTP/1.1" 200 27
124.78.153.118 - - [19/Feb/2022:11:53:38 +0800] "GET /xingrg/all/function/internal_message.html?_=1645242816326&CODE_STATE=getMsg HTTP/1.1" 200 27
180.152.99.39 - - [19/Feb/2022:11:53:38 +0800] "GET /xingrg/check_reg.html?_=1645242725466 HTTP/1.1" 200 22
180.152.99.39 - - [19/Feb/2022:11:53:40 +0800] "GET /xingrg/all/function/internal_message.html?_=1645242727058&CODE_STATE=getMsg HTTP/1.1" 200 27
222.70.243.96 - - [19/Feb/2022:11:53:43 +0800] "GET /xingrg/kc/buy/cgsh_order_operate.html?command=get_materiel&rest_code=00146&code=00101008069&supplier_code=00100005&order_time=2022-02-19 HTTP/1.1" 200 412
172.20.0.100 - - [19/Feb/2022:11:53:47 +0800] "GET /xingrg/all/function/internal_message.html?_=1645242823273&CODE_STATE=getMsg HTTP/1.1" 200 27
222.70.243.96 - - [19/Feb/2022:11:53:48 +0800] "POST /xingrg/kc/buy/cgsh_order_operate.html HTTP/1.1" 200 2065
172.20.0.100 - - [19/Feb/2022:11:53:49 +0800] "GET /xingrg/all/function/internal_message.html?_=1645242825059&CODE_STATE=getMsg HTTP/1.1" 200 27
58.221.95.50 - - [19/Feb/2022:11:53:52 +0800] "GET /xingrg/all/function/internal_message.html?_=1645242829219&CODE_STATE=getMsg HTTP/1.1" 200 27
222.70.223.103 - - [19/Feb/2022:11:54:03 +0800] "GET /xingrg/all/function/internal_message.html?_=1645242839508&CODE_STATE=getMsg HTTP/1.1" 200 27
116.228.172.94 - - [19/Feb/2022:11:54:04 +0800] "GET /xingrg/all/function/internal_message.html?_=1645242692288&CODE_STATE=getMsg HTTP/1.1" 200 27
222.70.243.96 - - [19/Feb/2022:11:54:04 +0800] "GET /xingrg/all/function/internal_message.html?_=1645242866758&CODE_STATE=getMsg HTTP/1.1" 200 27
116.235.92.83 - - [19/Feb/2022:11:54:15 +0800] "GET /xingrg/check_reg.html?_=1645243002113 HTTP/1.1" 200 22
116.235.92.83 - - [19/Feb/2022:11:54:15 +0800] "GET /xingrg/all/function/internal_message.html?_=1645243002114&CODE_STATE=getMsg HTTP/1.1" 200 27
120.253.135.82 - - [19/Feb/2022:11:54:17 +0800] "GET /xingrg/all/function/internal_message.html?_=1645242649543&CODE_STATE=getMsg HTTP/1.1" 200 27
222.70.183.6 - - [19/Feb/2022:11:54:18 +0800] "GET /xingrg/all/function/internal_message.html?_=1645242852691&CODE_STATE=getMsg HTTP/1.1" 200 27
180.162.112.109 - - [19/Feb/2022:11:54:19 +0800] "GET /xingrg/all/function/internal_message.html?_=1645242228582&CODE_STATE=getMsg HTTP/1.1" 200 27
222.70.183.6 - - [19/Feb/2022:11:54:20 +0800] "GET /xingrg/check_reg.html?_=1645242854208 HTTP/1.1" 200 22
114.86.229.124 - - [19/Feb/2022:11:54:20 +0800] "GET /xingrg/all/function/internal_message.html?_=1645242858106&CODE_STATE=getMsg HTTP/1.1" 200 27
222.70.243.96 - - [19/Feb/2022:11:54:27 +0800] "GET /xingrg/kc/buy/cgsh_order_operate.html?command=get_materiel&rest_code=00146&code=00101008318&supplier_code=00100005&order_time=2022-02-19 HTTP/1.1" 200 408
180.157.251.97 - - [19/Feb/2022:11:54:28 +0800] "GET /xingrg/check_reg.html?_=1645242865776 HTTP/1.1" 200 22
180.157.251.97 - - [19/Feb/2022:11:54:28 +0800] "GET /xingrg/all/function/internal_message.html?_=1645242865778&CODE_STATE=getMsg HTTP/1.1" 200 27
58.39.168.32 - - [19/Feb/2022:11:54:30 +0800] "GET /xingrg/all/function/internal_message.html?_=1645242805757&CODE_STATE=getMsg HTTP/1.1" 200 27
58.39.168.32 - - [19/Feb/2022:11:54:31 +0800] "GET /xingrg/check_reg.html?_=1645242806244 HTTP/1.1" 200 22
124.79.79.90 - - [19/Feb/2022:11:54:33 +0800] "GET /xingrg/all/function/internal_message.html?_=1645242871865&CODE_STATE=getMsg HTTP/1.1" 200 27
180.152.99.73 - - [19/Feb/2022:11:54:35 +0800] "GET /xingrg/all/function/internal_message.html?_=1645242873913&CODE_STATE=getMsg HTTP/1.1" 200 27
124.78.153.118 - - [19/Feb/2022:11:54:37 +0800] "GET /xingrg/all/function/internal_message.html?_=1645242876296&CODE_STATE=getMsg HTTP/1.1" 200 27
124.78.153.118 - - [19/Feb/2022:11:54:38 +0800] "GET /xingrg/check_reg.html?_=1645242876924 HTTP/1.1" 200 22
180.152.99.39 - - [19/Feb/2022:11:54:40 +0800] "GET /xingrg/all/function/internal_message.html?_=1645242787072&CODE_STATE=getMsg HTTP/1.1" 200 27
58.39.168.32 - - [19/Feb/2022:11:54:41 +0800] "GET /xingrg/kc/base/wldb_order_add.html HTTP/1.1" 200 30233
222.70.243.96 - - [19/Feb/2022:11:54:41 +0800] "GET /xingrg/kc/buy/cgsh_order_operate.html?command=get_materiel&rest_code=00146&code=00101008005&supplier_code=00100005&order_time=2022-02-19 HTTP/1.1" 200 412
58.39.168.32 - - [19/Feb/2022:11:54:41 +0800] "POST /xingrg/kc/base/wldb_order_operate.html HTTP/1.1" 200 6806
58.39.168.32 - - [19/Feb/2022:11:54:41 +0800] "GET /xingrg/javascript/easyui/themes/default/validatebox.css HTTP/1.1" 404 1104
172.20.0.100 - - [19/Feb/2022:11:54:47 +0800] "GET /xingrg/all/function/internal_message.html?_=1645242883261&CODE_STATE=getMsg HTTP/1.1" 200 27
180.152.99.73 - - [19/Feb/2022:11:54:48 +0800] "POST /xingrg/kc/mdqp/pssh_order_operate.html HTTP/1.1" 200 114
172.20.0.100 - - [19/Feb/2022:11:54:49 +0800] "GET /xingrg/all/function/internal_message.html?_=1645242885049&CODE_STATE=getMsg HTTP/1.1" 200 27
180.169.147.146 - - [19/Feb/2022:11:54:49 +0800] "GET /xingrg/check_reg.html?_=1645242887653 HTTP/1.1" 200 22
58.221.95.50 - - [19/Feb/2022:11:54:52 +0800] "GET /xingrg/all/function/internal_message.html?_=1645242889189&CODE_STATE=getMsg HTTP/1.1" 200 27
58.221.95.50 - - [19/Feb/2022:11:54:54 +0800] "GET /xingrg/check_reg.html?_=1645242891380 HTTP/1.1" 200 22
222.70.223.103 - - [19/Feb/2022:11:54:56 +0800] "GET /xingrg/kc/buy/cgsh_order_operate.html?command=get_materiel&rest_code=00155&code=00101012074&supplier_code=00100266&order_time=2022-02-15 HTTP/1.1" 200 416
222.70.243.96 - - [19/Feb/2022:11:54:58 +0800] "POST /xingrg/kc/buy/cgsh_order_operate.html HTTP/1.1" 200 2065
222.70.223.103 - - [19/Feb/2022:11:55:03 +0800] "GET /xingrg/all/function/internal_message.html?_=1645242899509&CODE_STATE=getMsg HTTP/1.1" 200 27
222.70.243.96 - - [19/Feb/2022:11:55:03 +0800] "GET /xingrg/check_reg.html?_=1645242925719 HTTP/1.1" 200 22
116.228.172.94 - - [19/Feb/2022:11:55:04 +0800] "GET /xingrg/all/function/internal_message.html?_=1645242752274&CODE_STATE=getMsg HTTP/1.1" 200 27
116.228.172.94 - - [19/Feb/2022:11:55:04 +0800] "GET /xingrg/check_reg.html?_=1645242752278 HTTP/1.1" 200 22
180.152.99.73 - - [19/Feb/2022:11:55:04 +0800] "GET /xingrg/login.html HTTP/1.1" 200 7641
222.70.243.96 - - [19/Feb/2022:11:55:04 +0800] "GET /xingrg/all/function/internal_message.html?_=1645242926773&CODE_STATE=getMsg HTTP/1.1" 200 27
180.152.99.73 - - [19/Feb/2022:11:55:04 +0800] "GET /favicon.ico HTTP/1.1" 404 -
116.235.92.83 - - [19/Feb/2022:11:55:15 +0800] "GET /xingrg/all/function/internal_message.html?_=1645243062125&CODE_STATE=getMsg HTTP/1.1" 200 27
120.253.135.82 - - [19/Feb/2022:11:55:17 +0800] "GET /xingrg/all/function/internal_message.html?_=1645242709556&CODE_STATE=getMsg HTTP/1.1" 200 27
222.70.183.6 - - [19/Feb/2022:11:55:18 +0800] "GET /xingrg/all/function/internal_message.html?_=1645242912662&CODE_STATE=getMsg HTTP/1.1" 200 27
180.162.112.109 - - [19/Feb/2022:11:55:19 +0800] "GET /xingrg/all/function/internal_message.html?_=1645242288582&CODE_STATE=getMsg HTTP/1.1" 200 27
114.86.229.124 - - [19/Feb/2022:11:55:20 +0800] "GET /xingrg/all/function/internal_message.html?_=1645242918109&CODE_STATE=getMsg HTTP/1.1" 200 27
58.39.168.32 - - [19/Feb/2022:11:55:22 +0800] "GET /xingrg/kc/base/wldb_order_operate.html?command=get_materiel&rest_code=00105&base_code=0010508&code=00102002448 HTTP/1.1" 200 426
222.70.223.103 - - [19/Feb/2022:11:55:26 +0800] "GET /xingrg/kc/buy/cgsh_order_operate.html?command=get_materiel&rest_code=00155&code=00101020291&supplier_code=00100266&order_time=2022-02-15 HTTP/1.1" 200 424
222.70.243.96 - - [19/Feb/2022:11:55:26 +0800] "GET /xingrg/kc/buy/cgsh_order_operate.html?command=get_materiel&rest_code=00146&code=00101008509&supplier_code=00100005&order_time=2022-02-19 HTTP/1.1" 200 395
180.157.251.97 - - [19/Feb/2022:11:55:28 +0800] "GET /xingrg/all/function/internal_message.html?_=1645242925763&CODE_STATE=getMsg HTTP/1.1" 200 27
58.39.168.32 - - [19/Feb/2022:11:55:31 +0800] "POST /xingrg/kc/base/wldb_order_operate.html HTTP/1.1" 200 37
58.39.168.32 - - [19/Feb/2022:11:55:32 +0800] "POST /xingrg/kc/base/wldb_order_operate.html HTTP/1.1" 200 2190
58.39.168.32 - - [19/Feb/2022:11:55:33 +0800] "GET /xingrg/kc/base/wldb_order_info.html?code=422022021901827 HTTP/1.1" 200 30247
58.39.168.32 - - [19/Feb/2022:11:55:33 +0800] "GET /xingrg/javascript/easyui/themes/default/validatebox.css HTTP/1.1" 404 1104
124.79.79.90 - - [19/Feb/2022:11:55:33 +0800] "GET /xingrg/all/function/internal_message.html?_=1645242931852&CODE_STATE=getMsg HTTP/1.1" 200 27
58.39.168.32 - - [19/Feb/2022:11:55:34 +0800] "POST /xingrg/kc/base/wldb_order_operate.html HTTP/1.1" 200 2190
124.78.153.118 - - [19/Feb/2022:11:55:37 +0800] "GET /xingrg/all/function/internal_message.html?_=1645242936269&CODE_STATE=getMsg HTTP/1.1" 200 27
222.70.223.103 - - [19/Feb/2022:11:55:37 +0800] "GET /xingrg/kc/buy/cgsh_order_operate.html?command=get_materiel&rest_code=00155&code=00101010202&supplier_code=00100266&order_time=2022-02-15 HTTP/1.1" 200 414
180.152.99.39 - - [19/Feb/2022:11:55:40 +0800] "GET /xingrg/all/function/internal_message.html?_=1645242847086&CODE_STATE=getMsg HTTP/1.1" 200 27
180.152.99.73 - - [19/Feb/2022:11:55:43 +0800] "POST /xingrg/login.do HTTP/1.1" 302 -
180.152.99.73 - - [19/Feb/2022:11:55:43 +0800] "GET /xingrg/index.html?sysBaseUrl=http%3A%2F%2F180.169.147.146%3A18081%2Fxingrg%2F&costTime=40×tamp=1645242943493 HTTP/1.1" 200 17173
180.152.99.73 - - [19/Feb/2022:11:55:43 +0800] "POST /xingrg/all/common/load_tree.html?tree=area_rest_tree_json&manage=1 HTTP/1.1" 200 344
180.152.99.73 - - [19/Feb/2022:11:55:43 +0800] "GET /xingrg/all/function/internal_message.html?_=1645242942589&CODE_STATE=count HTTP/1.1" 200 11
180.152.99.73 - - [19/Feb/2022:11:55:43 +0800] "POST /xingrg/load_menu.html HTTP/1.1" 200 6743
180.152.99.73 - - [19/Feb/2022:11:55:43 +0800] "GET /xingrg/check_reg.html?_=1645242942590 HTTP/1.1" 200 22
180.152.99.73 - - [19/Feb/2022:11:55:43 +0800] "GET /favicon.ico HTTP/1.1" 404 -
180.152.99.73 - - [19/Feb/2022:11:55:44 +0800] "GET /xingrg/javascript/jquery_easy_ui/themes/icons/delivery_new.png HTTP/1.1" 200 700
172.20.0.100 - - [19/Feb/2022:11:55:47 +0800] "GET /xingrg/check_reg.html?_=1645242943269 HTTP/1.1" 200 22
172.20.0.100 - - [19/Feb/2022:11:55:47 +0800] "GET /xingrg/all/function/internal_message.html?_=1645242943267&CODE_STATE=getMsg HTTP/1.1" 200 27
180.152.99.73 - - [19/Feb/2022:11:55:48 +0800] "GET /xingrg/kc/pszx/mdqp_order_list.html?state=10 HTTP/1.1" 200 12643
180.152.99.73 - - [19/Feb/2022:11:55:48 +0800] "GET /xingrg/dwr/interface/AjaxQqpsService.js HTTP/1.1" 200 16326
180.152.99.73 - - [19/Feb/2022:11:55:48 +0800] "GET /xingrg/dwr/interface/AjaxReportQueryService.js HTTP/1.1" 200 13203
180.152.99.73 - - [19/Feb/2022:11:55:48 +0800] "GET /xingrg/dwr/engine.js HTTP/1.1" 200 43631
180.152.99.73 - - [19/Feb/2022:11:55:48 +0800] "GET /favicon.ico HTTP/1.1" 404 -
172.20.0.100 - - [19/Feb/2022:11:55:49 +0800] "GET /xingrg/all/function/internal_message.html?_=1645242945054&CODE_STATE=getMsg HTTP/1.1" 200 27
180.152.99.73 - - [19/Feb/2022:11:55:50 +0800] "GET /xingrg/kc/pszx/mdqp_order_list.html?state=10 HTTP/1.1" 200 12643
180.152.99.73 - - [19/Feb/2022:11:55:50 +0800] "GET /xingrg/dwr/interface/AjaxReportQueryService.js HTTP/1.1" 200 13203
180.152.99.73 - - [19/Feb/2022:11:55:50 +0800] "GET /xingrg/dwr/interface/AjaxQqpsService.js HTTP/1.1" 200 16326
180.152.99.73 - - [19/Feb/2022:11:55:50 +0800] "GET /xingrg/dwr/engine.js HTTP/1.1" 200 43631
58.221.95.50 - - [19/Feb/2022:11:55:52 +0800] "GET /xingrg/all/function/internal_message.html?_=1645242949165&CODE_STATE=getMsg HTTP/1.1" 200 27
180.152.99.73 - - [19/Feb/2022:11:55:53 +0800] "GET /xingrg/kc/pszx/mdps_order_list.html?orderType=0 HTTP/1.1" 200 20884
180.152.99.73 - - [19/Feb/2022:11:55:54 +0800] "POST /xingrg/kc/pszx/mdps_list_operate.html HTTP/1.1" 200 5279
180.152.99.73 - - [19/Feb/2022:11:55:57 +0800] "GET /xingrg/javascript/easyui/themes/default/tree.css HTTP/1.1" 404 1090
180.152.99.73 - - [19/Feb/2022:11:55:57 +0800] "POST /xingrg/all/common/load_tree.html?tree=area_rest_tree_json HTTP/1.1" 200 3472
180.152.99.73 - - [19/Feb/2022:11:55:57 +0800] "GET /xingrg/javascript/easyui/themes/default/images/tree_arrows.gif HTTP/1.1" 200 617
180.152.99.73 - - [19/Feb/2022:11:55:57 +0800] "GET /xingrg/javascript/easyui/themes/default/images/tree_checkbox_0.gif HTTP/1.1" 200 168
180.152.99.73 - - [19/Feb/2022:11:55:57 +0800] "GET /xingrg/javascript/easyui/themes/default/images/tree_folder_open.gif HTTP/1.1" 200 956
180.152.99.73 - - [19/Feb/2022:11:55:57 +0800] "GET /xingrg/javascript/easyui/themes/icons/area.png HTTP/1.1" 200 262
180.152.99.73 - - [19/Feb/2022:11:55:57 +0800] "GET /xingrg/javascript/easyui/themes/icons/manage.png HTTP/1.1" 200 696
180.152.99.73 - - [19/Feb/2022:11:55:57 +0800] "GET /xingrg/javascript/easyui/themes/icons/rest.png HTTP/1.1" 200 695
222.70.223.103 - - [19/Feb/2022:11:55:58 +0800] "GET /xingrg/kc/buy/cgsh_order_operate.html?command=get_materiel&rest_code=00155&code=00101007044&supplier_code=00100266&order_time=2022-02-15 HTTP/1.1" 200 422
222.70.243.96 - - [19/Feb/2022:11:56:02 +0800] "GET /xingrg/kc/buy/cgsh_order_operate.html?command=get_materiel&rest_code=00146&code=00101015038&supplier_code=00100005&order_time=2022-02-19 HTTP/1.1" 200 418
222.70.223.103 - - [19/Feb/2022:11:56:03 +0800] "GET /xingrg/all/function/internal_message.html?_=1645242959498&CODE_STATE=getMsg HTTP/1.1" 200 27
116.228.172.94 - - [19/Feb/2022:11:56:04 +0800] "GET /xingrg/all/function/internal_message.html?_=1645242812288&CODE_STATE=getMsg HTTP/1.1" 200 27
222.70.243.96 - - [19/Feb/2022:11:56:04 +0800] "GET /xingrg/all/function/internal_message.html?_=1645242986787&CODE_STATE=getMsg HTTP/1.1" 200 27
222.70.223.103 - - [19/Feb/2022:11:56:04 +0800] "POST /xingrg/kc/buy/cgsh_order_operate.html HTTP/1.1" 200 37
222.70.223.103 - - [19/Feb/2022:11:56:06 +0800] "POST /xingrg/kc/buy/cgsh_order_operate.html HTTP/1.1" 200 3877
222.70.223.103 - - [19/Feb/2022:11:56:06 +0800] "GET /xingrg/kc/print/load_data.html?order_code=212022021905477&kc_code=cgsh&condition= HTTP/1.1" 200 1159
180.152.99.73 - - [19/Feb/2022:11:56:08 +0800] "GET /xingrg/javascript/easyui/themes/default/images/tree_checkbox_1.gif HTTP/1.1" 200 174
180.152.99.73 - - [19/Feb/2022:11:56:08 +0800] "GET /xingrg/javascript/easyui/themes/default/images/tree_checkbox_2.gif HTTP/1.1" 200 181
222.70.223.103 - - [19/Feb/2022:11:56:12 +0800] "GET /xingrg/kc/buy/cgsh_order_add.html HTTP/1.1" 200 65478
222.70.223.103 - - [19/Feb/2022:11:56:12 +0800] "POST /xingrg/kc/buy/cgsh_order_operate.html HTTP/1.1" 200 8245
222.70.223.103 - - [19/Feb/2022:11:56:12 +0800] "GET /xingrg/javascript/easyui/themes/default/validatebox.css HTTP/1.1" 404 1104
116.235.92.83 - - [19/Feb/2022:11:56:15 +0800] "GET /xingrg/all/function/internal_message.html?_=1645243122110&CODE_STATE=getMsg HTTP/1.1" 200 27
120.253.135.82 - - [19/Feb/2022:11:56:17 +0800] "GET /xingrg/all/function/internal_message.html?_=1645242769578&CODE_STATE=getMsg HTTP/1.1" 302 -
222.70.183.6 - - [19/Feb/2022:11:56:18 +0800] "GET /xingrg/all/function/internal_message.html?_=1645242972633&CODE_STATE=getMsg HTTP/1.1" 200 27
180.162.112.109 - - [19/Feb/2022:11:56:19 +0800] "GET /xingrg/all/function/internal_message.html?_=1645242348583&CODE_STATE=getMsg HTTP/1.1" 200 27
114.86.229.124 - - [19/Feb/2022:11:56:20 +0800] "GET /xingrg/all/function/internal_message.html?_=1645242978111&CODE_STATE=getMsg HTTP/1.1" 200 27
114.86.229.124 - - [19/Feb/2022:11:56:20 +0800] "GET /xingrg/check_reg.html?_=1645242978112 HTTP/1.1" 200 22
222.70.243.96 - - [19/Feb/2022:11:56:21 +0800] "GET /xingrg/kc/buy/cgsh_order_operate.html?command=get_materiel&rest_code=00146&code=00101015134&supplier_code=00100005&order_time=2022-02-19 HTTP/1.1" 200 399
180.152.99.73 - - [19/Feb/2022:11:56:25 +0800] "POST /xingrg/kc/pszx/mdps_list_operate.html HTTP/1.1" 200 1712
58.40.7.146 - - [19/Feb/2022:11:56:26 +0800] "GET /favicon.ico HTTP/1.1" 404 -
180.152.99.73 - - [19/Feb/2022:11:56:28 +0800] "POST /xingrg/kc/pszx/mdps_list_operate.html HTTP/1.1" 200 477
180.157.251.97 - - [19/Feb/2022:11:56:28 +0800] "GET /xingrg/all/function/internal_message.html?_=1645242985762&CODE_STATE=getMsg HTTP/1.1" 200 27
180.152.99.73 - - [19/Feb/2022:11:56:29 +0800] "GET /xingrg/kc/pszx/mdps_order_info.html?code=312022021900259 HTTP/1.1" 200 19591
180.152.99.73 - - [19/Feb/2022:11:56:29 +0800] "GET /xingrg/javascript/easyui/themes/default/validatebox.css HTTP/1.1" 404 1104
180.152.99.73 - - [19/Feb/2022:11:56:29 +0800] "POST /xingrg/kc/pszx/mdps_order_operate.html HTTP/1.1" 200 2052
58.39.168.32 - - [19/Feb/2022:11:56:30 +0800] "GET /xingrg/all/function/internal_message.html?_=1645242925762&CODE_STATE=getMsg HTTP/1.1" 200 27
124.79.79.90 - - [19/Feb/2022:11:56:33 +0800] "GET /xingrg/all/function/internal_message.html?_=1645242991838&CODE_STATE=getMsg HTTP/1.1" 200 27
180.152.99.73 - - [19/Feb/2022:11:56:34 +0800] "POST /xingrg/kc/pszx/mdps_order_operate.html HTTP/1.1" 200 22
124.79.79.90 - - [19/Feb/2022:11:56:35 +0800] "GET /xingrg/check_reg.html?_=1645242993228 HTTP/1.1" 200 22
180.152.99.73 - - [19/Feb/2022:11:56:36 +0800] "GET /xingrg/kc/pszx/mdps_order_info.html?code=312022021900259 HTTP/1.1" 200 23931
180.152.99.73 - - [19/Feb/2022:11:56:36 +0800] "GET /xingrg/javascript/easyui/themes/default/validatebox.css HTTP/1.1" 404 1104
180.152.99.73 - - [19/Feb/2022:11:56:36 +0800] "GET /xingrg/all/common/auto_word.html?type=base&rest_code=00101 HTTP/1.1" 200 613
180.152.99.73 - - [19/Feb/2022:11:56:36 +0800] "POST /xingrg/kc/pszx/mdps_order_operate.html HTTP/1.1" 200 3842
124.78.153.118 - - [19/Feb/2022:11:56:37 +0800] "GET /xingrg/all/function/internal_message.html?_=1645242996254&CODE_STATE=getMsg HTTP/1.1" 200 27
58.39.168.32 - - [19/Feb/2022:11:56:38 +0800] "GET /xingrg/kc/base/wldb_order_add.html HTTP/1.1" 200 30233
58.39.168.32 - - [19/Feb/2022:11:56:39 +0800] "POST /xingrg/kc/base/wldb_order_operate.html HTTP/1.1" 200 6806
58.39.168.32 - - [19/Feb/2022:11:56:39 +0800] "GET /xingrg/javascript/easyui/themes/default/validatebox.css HTTP/1.1" 404 1104
180.152.99.39 - - [19/Feb/2022:11:56:40 +0800] "GET /xingrg/all/function/internal_message.html?_=1645242907114&CODE_STATE=getMsg HTTP/1.1" 200 27
222.70.243.96 - - [19/Feb/2022:11:56:41 +0800] "GET /xingrg/kc/buy/cgsh_order_operate.html?command=get_materiel&rest_code=00146&code=00101015044&supplier_code=00100005&order_time=2022-02-19 HTTP/1.1" 200 408
180.152.99.73 - - [19/Feb/2022:11:56:43 +0800] "GET /xingrg/all/function/internal_message.html?_=1645243002597&CODE_STATE=getMsg HTTP/1.1" 200 27
222.70.243.96 - - [19/Feb/2022:11:56:44 +0800] "POST /xingrg/kc/buy/cgsh_order_operate.html HTTP/1.1" 200 2065
180.152.99.73 - - [19/Feb/2022:11:56:46 +0800] "POST /xingrg/kc/pszx/mdps_list_operate.html HTTP/1.1" 200 868
172.20.0.100 - - [19/Feb/2022:11:56:47 +0800] "GET /xingrg/all/function/internal_message.html?_=1645243003270&CODE_STATE=getMsg HTTP/1.1" 200 27
172.20.0.100 - - [19/Feb/2022:11:56:49 +0800] "GET /xingrg/check_reg.html?_=1645243005060 HTTP/1.1" 200 22
172.20.0.100 - - [19/Feb/2022:11:56:49 +0800] "GET /xingrg/all/function/internal_message.html?_=1645243005070&CODE_STATE=getMsg HTTP/1.1" 200 27
58.221.95.50 - - [19/Feb/2022:11:56:52 +0800] "GET /xingrg/all/function/internal_message.html?_=1645243009135&CODE_STATE=getMsg HTTP/1.1" 200 27
222.70.223.103 - - [19/Feb/2022:11:56:59 +0800] "GET /xingrg/kc/buy/cgsh_order_operate.html?command=get_materiel&rest_code=00155&code=00101016130&supplier_code=00100329&order_time=2022-02-19 HTTP/1.1" 200 419
58.39.168.32 - - [19/Feb/2022:11:57:01 +0800] "GET /xingrg/kc/base/wldb_order_operate.html?command=get_materiel&rest_code=00105&base_code=0010507&code=00101019295 HTTP/1.1" 200 463
222.70.183.6 - - [19/Feb/2022:11:57:02 +0800] "POST /xingrg/services/DataTransmitService HTTP/1.1" 200 524
222.70.223.103 - - [19/Feb/2022:11:57:03 +0800] "GET /xingrg/all/function/internal_message.html?_=1645243019498&CODE_STATE=getMsg HTTP/1.1" 200 27
222.70.183.6 - - [19/Feb/2022:11:57:03 +0800] "POST /xingrg/services/DataTransmitService HTTP/1.1" 200 412
116.228.172.94 - - [19/Feb/2022:11:57:04 +0800] "GET /xingrg/all/function/internal_message.html?_=1645242872288&CODE_STATE=getMsg HTTP/1.1" 200 27
222.70.243.96 - - [19/Feb/2022:11:57:04 +0800] "GET /xingrg/all/function/internal_message.html?_=1645243047018&CODE_STATE=getMsg HTTP/1.1" 200 27
222.70.223.103 - - [19/Feb/2022:11:57:05 +0800] "POST /xingrg/kc/buy/cgsh_order_operate.html HTTP/1.1" 200 37
222.70.223.103 - - [19/Feb/2022:11:57:07 +0800] "POST /xingrg/kc/buy/cgsh_order_operate.html HTTP/1.1" 200 2669
180.152.99.73 - - [19/Feb/2022:11:57:07 +0800] "GET /xingrg/javascript/auto/indicator.gif HTTP/1.1" 404 1066
222.70.223.103 - - [19/Feb/2022:11:57:07 +0800] "GET /xingrg/kc/print/load_data.html?order_code=212022021905478&kc_code=cgsh&condition= HTTP/1.1" 200 699
58.39.168.32 - - [19/Feb/2022:11:57:11 +0800] "GET /xingrg/kc/base/wldb_order_operate.html?command=get_materiel&rest_code=00105&base_code=0010507&code=00101019222 HTTP/1.1" 200 454
222.70.223.103 - - [19/Feb/2022:11:57:12 +0800] "GET /xingrg/kc/buy/cgsh_order_add.html HTTP/1.1" 200 65478
222.70.223.103 - - [19/Feb/2022:11:57:12 +0800] "POST /xingrg/kc/buy/cgsh_order_operate.html HTTP/1.1" 200 8245
222.70.223.103 - - [19/Feb/2022:11:57:12 +0800] "GET /xingrg/javascript/easyui/themes/default/validatebox.css HTTP/1.1" 404 1104
116.235.92.83 - - [19/Feb/2022:11:57:15 +0800] "GET /xingrg/all/function/internal_message.html?_=1645243182108&CODE_STATE=getMsg HTTP/1.1" 200 27
120.253.135.82 - - [19/Feb/2022:11:57:17 +0800] "GET /xingrg/all/function/internal_message.html?_=1645242829583&CODE_STATE=getMsg HTTP/1.1" 302 -
222.70.223.103 - - [19/Feb/2022:11:57:18 +0800] "GET /xingrg/kc/buy/cgsh_order_operate.html?command=get_materiel&rest_code=00155&code=00101001051&supplier_code=00100094&order_time=2022-02-19 HTTP/1.1" 200 422
222.70.183.6 - - [19/Feb/2022:11:57:18 +0800] "GET /xingrg/all/function/internal_message.html?_=1645243032645&CODE_STATE=getMsg HTTP/1.1" 200 27
180.162.112.109 - - [19/Feb/2022:11:57:19 +0800] "GET /xingrg/check_reg.html?_=1645242408583 HTTP/1.1" 200 22
180.162.112.109 - - [19/Feb/2022:11:57:19 +0800] "GET /xingrg/all/function/internal_message.html?_=1645242408585&CODE_STATE=getMsg HTTP/1.1" 200 27
114.86.229.124 - - [19/Feb/2022:11:57:20 +0800] "GET /xingrg/all/function/internal_message.html?_=1645243038113&CODE_STATE=getMsg HTTP/1.1" 200 27
222.70.223.103 - - [19/Feb/2022:11:57:27 +0800] "GET /xingrg/kc/buy/cgsh_order_list.html HTTP/1.1" 200 49747
180.157.251.97 - - [19/Feb/2022:11:57:28 +0800] "GET /xingrg/all/function/internal_message.html?_=1645243045777&CODE_STATE=getMsg HTTP/1.1" 200 27
58.39.168.32 - - [19/Feb/2022:11:57:30 +0800] "GET /xingrg/all/function/internal_message.html?_=1645242985739&CODE_STATE=getMsg HTTP/1.1" 200 27
58.39.168.32 - - [19/Feb/2022:11:57:33 +0800] "GET /xingrg/kc/base/wldb_order_operate.html?command=get_materiel&rest_code=00105&base_code=0010507&code=00101019015 HTTP/1.1" 200 437
124.79.79.90 - - [19/Feb/2022:11:57:33 +0800] "GET /xingrg/all/function/internal_message.html?_=1645243051807&CODE_STATE=getMsg HTTP/1.1" 200 27
180.152.99.73 - - [19/Feb/2022:11:57:33 +0800] "GET /xingrg/javascript/jquery_easy_ui/themes/icons/manage.png HTTP/1.1" 200 696
222.70.223.103 - - [19/Feb/2022:11:57:36 +0800] "POST /xingrg/kc/buy/cgsh_list_operate.html HTTP/1.1" 200 3867
180.152.99.73 - - [19/Feb/2022:11:57:36 +0800] "POST /xingrg/kc/pszx/mdps_list_operate.html HTTP/1.1" 200 868
124.78.153.118 - - [19/Feb/2022:11:57:37 +0800] "GET /xingrg/all/function/internal_message.html?_=1645243056239&CODE_STATE=getMsg HTTP/1.1" 200 27
222.70.223.103 - - [19/Feb/2022:11:57:39 +0800] "POST /xingrg/kc/buy/cgsh_list_operate.html HTTP/1.1" 200 205
222.70.223.103 - - [19/Feb/2022:11:57:40 +0800] "GET /xingrg/kc/buy/cgsh_order_info.html?code=212022021905478 HTTP/1.1" 200 65491
222.70.223.103 - - [19/Feb/2022:11:57:40 +0800] "GET /xingrg/javascript/easyui/themes/default/validatebox.css HTTP/1.1" 404 1104
180.152.99.39 - - [19/Feb/2022:11:57:40 +0800] "GET /xingrg/all/function/internal_message.html?_=1645242967128&CODE_STATE=getMsg HTTP/1.1" 200 27
222.70.223.103 - - [19/Feb/2022:11:57:41 +0800] "POST /xingrg/kc/buy/cgsh_order_operate.html HTTP/1.1" 200 2669
222.70.243.96 - - [19/Feb/2022:11:57:43 +0800] "GET /xingrg/kc/buy/cgsh_order_operate.html?command=get_materiel&rest_code=00146&code=00101008095&supplier_code=00100005&order_time=2022-02-19 HTTP/1.1" 200 412
180.152.99.73 - - [19/Feb/2022:11:57:43 +0800] "GET /xingrg/all/function/internal_message.html?_=1645243062601&CODE_STATE=getMsg HTTP/1.1" 200 27
58.39.168.32 - - [19/Feb/2022:11:57:46 +0800] "GET /xingrg/kc/base/wldb_order_operate.html?command=get_materiel&rest_code=00105&base_code=0010507&code=00101019430 HTTP/1.1" 200 463
180.152.99.73 - - [19/Feb/2022:11:57:46 +0800] "POST /xingrg/kc/pszx/mdps_list_operate.html HTTP/1.1" 200 5919
172.20.0.100 - - [19/Feb/2022:11:57:47 +0800] "GET /xingrg/all/function/internal_message.html?_=1645243063274&CODE_STATE=getMsg HTTP/1.1" 200 27
222.70.223.103 - - [19/Feb/2022:11:57:48 +0800] "POST /xingrg/kc/buy/cgsh_order_operate.html HTTP/1.1" 200 37
180.152.99.73 - - [19/Feb/2022:11:57:48 +0800] "POST /xingrg/kc/pszx/mdps_list_operate.html HTTP/1.1" 200 201
172.20.0.100 - - [19/Feb/2022:11:57:49 +0800] "GET /xingrg/all/function/internal_message.html?_=1645243065057&CODE_STATE=getMsg HTTP/1.1" 200 27
222.70.223.103 - - [19/Feb/2022:11:57:50 +0800] "POST /xingrg/kc/buy/cgsh_order_operate.html HTTP/1.1" 200 2669
58.221.95.50 - - [19/Feb/2022:11:57:52 +0800] "GET /xingrg/all/function/internal_message.html?_=1645243069109&CODE_STATE=getMsg HTTP/1.1" 200 27
222.70.243.96 - - [19/Feb/2022:11:58:02 +0800] "GET /xingrg/kc/buy/cgsh_order_operate.html?command=get_materiel&rest_code=00146&code=00101008110&supplier_code=00100005&order_time=2022-02-19 HTTP/1.1" 200 408
222.70.223.103 - - [19/Feb/2022:11:58:03 +0800] "GET /xingrg/all/function/internal_message.html?_=1645243079504&CODE_STATE=getMsg HTTP/1.1" 200 27
222.70.223.103 - - [19/Feb/2022:11:58:03 +0800] "GET /xingrg/check_reg.html?_=1645243079506 HTTP/1.1" 200 22
116.228.172.94 - - [19/Feb/2022:11:58:04 +0800] "GET /xingrg/all/function/internal_message.html?_=1645242932287&CODE_STATE=getMsg HTTP/1.1" 200 27
222.70.243.96 - - [19/Feb/2022:11:58:04 +0800] "POST /xingrg/kc/buy/cgsh_order_operate.html HTTP/1.1" 200 2065
222.70.243.96 - - [19/Feb/2022:11:58:05 +0800] "GET /xingrg/all/function/internal_message.html?_=1645243107031&CODE_STATE=getMsg HTTP/1.1" 200 27
180.152.99.73 - - [19/Feb/2022:11:58:05 +0800] "POST /xingrg/kc/pszx/mdps_list_operate.html HTTP/1.1" 200 5919
116.235.92.83 - - [19/Feb/2022:11:58:15 +0800] "GET /xingrg/all/function/internal_message.html?_=1645243242111&CODE_STATE=getMsg HTTP/1.1" 200 27
120.253.135.82 - - [19/Feb/2022:11:58:17 +0800] "GET /xingrg/check_reg.html?_=1645242889420 HTTP/1.1" 302 -
120.253.135.82 - - [19/Feb/2022:11:58:17 +0800] "GET /xingrg/all/function/internal_message.html?_=1645242889660&CODE_STATE=getMsg HTTP/1.1" 302 -
222.70.183.6 - - [19/Feb/2022:11:58:18 +0800] "GET /xingrg/all/function/internal_message.html?_=1645243092632&CODE_STATE=getMsg HTTP/1.1" 200 27
222.70.223.103 - - [19/Feb/2022:11:58:19 +0800] "POST /xingrg/kc/buy/cgsh_list_operate.html HTTP/1.1" 200 3867
180.162.112.109 - - [19/Feb/2022:11:58:19 +0800] "GET /xingrg/all/function/internal_message.html?_=1645242468585&CODE_STATE=getMsg HTTP/1.1" 200 27
180.152.99.73 - - [19/Feb/2022:11:58:20 +0800] "GET /xingrg/kc/pszx/mdqp_order_list.html?state=10 HTTP/1.1" 200 12643
180.152.99.73 - - [19/Feb/2022:11:58:20 +0800] "GET /xingrg/dwr/interface/AjaxReportQueryService.js HTTP/1.1" 200 13203
180.152.99.73 - - [19/Feb/2022:11:58:20 +0800] "GET /xingrg/dwr/interface/AjaxQqpsService.js HTTP/1.1" 200 16326
180.152.99.73 - - [19/Feb/2022:11:58:20 +0800] "GET /xingrg/dwr/engine.js HTTP/1.1" 200 43631
114.86.229.124 - - [19/Feb/2022:11:58:20 +0800] "GET /xingrg/all/function/internal_message.html?_=1645243098128&CODE_STATE=getMsg HTTP/1.1" 200 27
180.152.99.73 - - [19/Feb/2022:11:58:28 +0800] "GET /xingrg/kc/pszx/ps_main.html HTTP/1.1" 200 13401
180.152.99.73 - - [19/Feb/2022:11:58:28 +0800] "GET /xingrg/images/blue/button/fdqpd.gif HTTP/1.1" 200 2116
180.152.99.73 - - [19/Feb/2022:11:58:28 +0800] "GET /xingrg/images/blue/button/ckpd.gif HTTP/1.1" 200 2051
180.152.99.73 - - [19/Feb/2022:11:58:28 +0800] "GET /xingrg/images/blue/button/pszx.gif HTTP/1.1" 200 2648
180.152.99.73 - - [19/Feb/2022:11:58:28 +0800] "GET /xingrg/images/blue/button/jzcgd.gif HTTP/1.1" 200 1976
180.152.99.73 - - [19/Feb/2022:11:58:28 +0800] "GET /xingrg/images/blue/button/cgydd.gif HTTP/1.1" 200 2712
180.152.99.73 - - [19/Feb/2022:11:58:28 +0800] "GET /xingrg/images/blue/button/yddb.gif HTTP/1.1" 200 2040
180.152.99.73 - - [19/Feb/2022:11:58:28 +0800] "GET /xingrg/images/blue/pic_form2.gif HTTP/1.1" 200 1853
180.152.99.73 - - [19/Feb/2022:11:58:28 +0800] "GET /xingrg/images/blue/button/fdps2.gif HTTP/1.1" 200 2548
180.152.99.73 - - [19/Feb/2022:11:58:28 +0800] "GET /xingrg/images/blue/button/down_ah.jpg HTTP/1.1" 200 1732
180.152.99.73 - - [19/Feb/2022:11:58:28 +0800] "GET /xingrg/images/blue/button/line.jpg HTTP/1.1" 200 1397
180.152.99.73 - - [19/Feb/2022:11:58:28 +0800] "GET /xingrg/images/blue/button/left_down_ah.jpg HTTP/1.1" 200 1848
180.152.99.73 - - [19/Feb/2022:11:58:28 +0800] "GET /xingrg/images/blue/button/right_down_ah.jpg HTTP/1.1" 200 1842
180.152.99.73 - - [19/Feb/2022:11:58:28 +0800] "GET /xingrg/images/blue/bg_dotted.jpg HTTP/1.1" 200 319
180.157.251.97 - - [19/Feb/2022:11:58:28 +0800] "GET /xingrg/all/function/internal_message.html?_=1645243105776&CODE_STATE=getMsg HTTP/1.1" 200 27
180.152.99.73 - - [19/Feb/2022:11:58:29 +0800] "GET /xingrg/images/yd/bt.gif HTTP/1.1" 404 1040
124.78.153.118 - - [19/Feb/2022:11:58:30 +0800] "POST /xingrg/services/DataTransmitService HTTP/1.1" 200 524
58.39.168.32 - - [19/Feb/2022:11:58:30 +0800] "GET /xingrg/all/function/internal_message.html?_=1645243045714&CODE_STATE=getMsg HTTP/1.1" 200 27
124.78.153.118 - - [19/Feb/2022:11:58:30 +0800] "POST /xingrg/services/DataTransmitService HTTP/1.1" 200 501
222.70.243.96 - - [19/Feb/2022:11:58:30 +0800] "GET /xingrg/kc/buy/cgsh_order_operate.html?command=get_materiel&rest_code=00146&code=00101008155&supplier_code=00100005&order_time=2022-02-19 HTTP/1.1" 200 408
180.152.99.73 - - [19/Feb/2022:11:58:30 +0800] "GET /xingrg/kc/pszx/mdqp_order_list.html HTTP/1.1" 200 53591
180.152.99.73 - - [19/Feb/2022:11:58:30 +0800] "GET /xingrg/dwr/interface/AjaxQqpsService.js HTTP/1.1" 200 16326
180.152.99.73 - - [19/Feb/2022:11:58:30 +0800] "GET /xingrg/dwr/interface/AjaxReportQueryService.js HTTP/1.1" 200 13203
180.152.99.73 - - [19/Feb/2022:11:58:31 +0800] "GET /xingrg/dwr/engine.js HTTP/1.1" 200 43631
124.79.79.90 - - [19/Feb/2022:11:58:33 +0800] "GET /xingrg/all/function/internal_message.html?_=1645243111793&CODE_STATE=getMsg HTTP/1.1" 200 27
124.78.153.118 - - [19/Feb/2022:11:58:37 +0800] "GET /xingrg/all/function/internal_message.html?_=1645243116237&CODE_STATE=getMsg HTTP/1.1" 200 27
180.152.99.39 - - [19/Feb/2022:11:58:38 +0800] "GET /xingrg/check_reg.html?_=1645243025488 HTTP/1.1" 200 22
180.152.99.39 - - [19/Feb/2022:11:58:40 +0800] "GET /xingrg/all/function/internal_message.html?_=1645243027142&CODE_STATE=getMsg HTTP/1.1" 200 27
180.152.99.73 - - [19/Feb/2022:11:58:43 +0800] "GET /xingrg/all/function/internal_message.html?_=1645243122609&CODE_STATE=getMsg HTTP/1.1" 200 27
180.152.99.73 - - [19/Feb/2022:11:58:46 +0800] "GET /xingrg/kc/pszx/mdqp_order_list.html?page_num=2 HTTP/1.1" 200 53737
180.152.99.73 - - [19/Feb/2022:11:58:46 +0800] "GET /xingrg/dwr/interface/AjaxQqpsService.js HTTP/1.1" 200 16326
180.152.99.73 - - [19/Feb/2022:11:58:46 +0800] "GET /xingrg/dwr/interface/AjaxReportQueryService.js HTTP/1.1" 200 13203
180.152.99.73 - - [19/Feb/2022:11:58:46 +0800] "GET /xingrg/dwr/engine.js HTTP/1.1" 200 43631
58.39.168.32 - - [19/Feb/2022:11:58:47 +0800] "GET /xingrg/kc/base/wldb_order_operate.html?command=get_materiel&rest_code=00105&base_code=0010507&code=00101019469 HTTP/1.1" 200 456
172.20.0.100 - - [19/Feb/2022:11:58:47 +0800] "GET /xingrg/all/function/internal_message.html?_=1645243123273&CODE_STATE=getMsg HTTP/1.1" 200 27
222.70.243.96 - - [19/Feb/2022:11:58:49 +0800] "GET /xingrg/kc/buy/cgsh_order_operate.html?command=get_materiel&rest_code=00146&code=00101008036&supplier_code=00100005&order_time=2022-02-19 HTTP/1.1" 200 408
172.20.0.100 - - [19/Feb/2022:11:58:49 +0800] "GET /xingrg/all/function/internal_message.html?_=1645243125048&CODE_STATE=getMsg HTTP/1.1" 200 27
180.152.99.73 - - [19/Feb/2022:11:58:52 +0800] "GET /xingrg/kc/pszx/mdqp_order_info.html?code=302022021900221 HTTP/1.1" 200 12909
180.152.99.73 - - [19/Feb/2022:11:58:52 +0800] "GET /xingrg/dwr/interface/AjaxComOrderService.js HTTP/1.1" 200 18264
180.152.99.73 - - [19/Feb/2022:11:58:52 +0800] "GET /xingrg/dwr/interface/AjaxQqpsService.js HTTP/1.1" 200 16326
180.152.99.73 - - [19/Feb/2022:11:58:52 +0800] "GET /xingrg/dwr/engine.js HTTP/1.1" 200 43631
58.221.95.50 - - [19/Feb/2022:11:58:52 +0800] "GET /xingrg/all/function/internal_message.html?_=1645243129096&CODE_STATE=getMsg HTTP/1.1" 200 27
180.152.99.73 - - [19/Feb/2022:11:58:52 +0800] "POST /xingrg/dwr/call/plaincall/AjaxQqpsService.loadMaterielItems.dwr HTTP/1.1" 200 1301
222.70.223.103 - - [19/Feb/2022:11:58:57 +0800] "GET /xingrg/kc/buy/cgsh_order_add.html HTTP/1.1" 200 65478
180.152.99.73 - - [19/Feb/2022:11:58:57 +0800] "POST /xingrg/dwr/call/plaincall/AjaxQqpsService.psUncheckOrder.dwr HTTP/1.1" 200 78
222.70.223.103 - - [19/Feb/2022:11:58:57 +0800] "POST /xingrg/kc/buy/cgsh_order_operate.html HTTP/1.1" 200 8245
222.70.223.103 - - [19/Feb/2022:11:58:57 +0800] "GET /xingrg/javascript/easyui/themes/default/validatebox.css HTTP/1.1" 404 1104
180.152.99.73 - - [19/Feb/2022:11:58:58 +0800] "GET /xingrg/kc/pszx/mdqp_order_info.html?code=302022021900221 HTTP/1.1" 200 13346
180.152.99.73 - - [19/Feb/2022:11:58:58 +0800] "GET /xingrg/css/blue.css HTTP/1.1" 304 -
180.152.99.73 - - [19/Feb/2022:11:58:58 +0800] "GET /xingrg/javascript/jquery-1.4.2.min.js HTTP/1.1" 304 -
180.152.99.73 - - [19/Feb/2022:11:58:58 +0800] "GET /xingrg/javascript/jquery_easy_ui/jquery.easyui.min.js HTTP/1.1" 304 -
180.152.99.73 - - [19/Feb/2022:11:58:58 +0800] "GET /xingrg/javascript/jquery_easy_ui/easyui-lang-zh_CN.js HTTP/1.1" 304 -
180.152.99.73 - - [19/Feb/2022:11:58:58 +0800] "GET /xingrg/javascript/auto/jquery.autocomplete.js HTTP/1.1" 304 -
180.152.99.73 - - [19/Feb/2022:11:58:58 +0800] "GET /xingrg/javascript/tools/jquery.qtip-1.0.0-rc3.min.js HTTP/1.1" 304 -
180.152.99.73 - - [19/Feb/2022:11:58:58 +0800] "GET /xingrg/javascript/jquery.utils.js HTTP/1.1" 304 -
180.152.99.73 - - [19/Feb/2022:11:58:58 +0800] "GET /xingrg/dwr/util.js HTTP/1.1" 304 -
180.152.99.73 - - [19/Feb/2022:11:58:58 +0800] "GET /xingrg/javascript/pic_change.js HTTP/1.1" 304 -
180.152.99.73 - - [19/Feb/2022:11:58:58 +0800] "GET /xingrg/javascript/Calendar.js HTTP/1.1" 304 -
180.152.99.73 - - [19/Feb/2022:11:58:58 +0800] "GET /xingrg/javascript/myfunction.js HTTP/1.1" 304 -
180.152.99.73 - - [19/Feb/2022:11:58:58 +0800] "GET /xingrg/javascript/checkform.js HTTP/1.1" 304 -
180.152.99.73 - - [19/Feb/2022:11:58:58 +0800] "GET /xingrg/javascript/AjaxInfoList.js HTTP/1.1" 304 -
180.152.99.73 - - [19/Feb/2022:11:58:58 +0800] "GET /xingrg/dwr/interface/AjaxQqpsService.js HTTP/1.1" 200 16326
180.152.99.73 - - [19/Feb/2022:11:58:58 +0800] "GET /xingrg/javascript/Grid.js HTTP/1.1" 304 -
180.152.99.73 - - [19/Feb/2022:11:58:58 +0800] "GET /xingrg/javascript/ToolTips.js HTTP/1.1" 304 -
180.152.99.73 - - [19/Feb/2022:11:58:58 +0800] "GET /xingrg/javascript/print/LodopFuncs.js HTTP/1.1" 304 -
180.152.99.73 - - [19/Feb/2022:11:58:58 +0800] "GET /xingrg/dwr/engine.js HTTP/1.1" 200 43631
180.152.99.73 - - [19/Feb/2022:11:58:58 +0800] "GET /xingrg/javascript/print/kc_print.js HTTP/1.1" 304 -
180.152.99.73 - - [19/Feb/2022:11:58:58 +0800] "GET /xingrg/dwr/interface/AjaxComOrderService.js HTTP/1.1" 200 18264
180.152.99.73 - - [19/Feb/2022:11:58:58 +0800] "GET /xingrg/javascript/jquery_easy_ui/themes/default/easyui.css HTTP/1.1" 304 -
180.152.99.73 - - [19/Feb/2022:11:58:58 +0800] "GET /xingrg/javascript/jquery_easy_ui/themes/icon.css HTTP/1.1" 304 -
180.152.99.73 - - [19/Feb/2022:11:58:58 +0800] "GET /xingrg/images/blue/button/kc_tab_save.gif HTTP/1.1" 304 -
180.152.99.73 - - [19/Feb/2022:11:58:58 +0800] "GET /xingrg/images/blue/button/kc_tab_edit.gif HTTP/1.1" 304 -
180.152.99.73 - - [19/Feb/2022:11:58:58 +0800] "GET /xingrg/images/blue/wait.gif HTTP/1.1" 304 -
180.152.99.73 - - [19/Feb/2022:11:58:58 +0800] "POST /xingrg/dwr/call/plaincall/AjaxQqpsService.loadMaterielItems.dwr HTTP/1.1" 200 1301
222.70.223.103 - - [19/Feb/2022:11:59:03 +0800] "GET /xingrg/all/function/internal_message.html?_=1645243139504&CODE_STATE=getMsg HTTP/1.1" 200 27
180.152.99.73 - - [19/Feb/2022:11:59:03 +0800] "GET /xingrg/kc/pszx/mdqp_order_list.html?isBack=1 HTTP/1.1" 302 -
180.152.99.73 - - [19/Feb/2022:11:59:04 +0800] "GET /xingrg/images/yd/bt2.gif HTTP/1.1" 404 1042
116.228.172.94 - - [19/Feb/2022:11:59:04 +0800] "GET /xingrg/all/function/internal_message.html?_=1645242992284&CODE_STATE=getMsg HTTP/1.1" 200 27
180.152.99.73 - - [19/Feb/2022:11:59:04 +0800] "GET /xingrg/dwr/interface/AjaxQqpsService.js HTTP/1.1" 200 16326
180.152.99.73 - - [19/Feb/2022:11:59:04 +0800] "GET /xingrg/dwr/interface/AjaxReportQueryService.js HTTP/1.1" 200 13203
180.152.99.73 - - [19/Feb/2022:11:59:04 +0800] "GET /xingrg/kc/pszx/mdqp_order_list.html?page_num=2 HTTP/1.1" 200 53733
180.152.99.73 - - [19/Feb/2022:11:59:04 +0800] "GET /xingrg/dwr/engine.js HTTP/1.1" 200 43631
222.70.223.103 - - [19/Feb/2022:11:59:05 +0800] "POST /xingrg/kc/buy/cgsh_list_operate.html HTTP/1.1" 200 3867
222.70.243.96 - - [19/Feb/2022:11:59:05 +0800] "GET /xingrg/all/function/internal_message.html?_=1645243167397&CODE_STATE=getMsg HTTP/1.1" 200 27
114.86.229.124 - - [19/Feb/2022:11:59:06 +0800] "GET /xingrg/kc/buy/cgsh_order_operate.html?command=get_materiel&rest_code=00109&code=00101006109&supplier_code=00100015&order_time=2022-02-19 HTTP/1.1" 200 429
222.70.223.103 - - [19/Feb/2022:11:59:09 +0800] "GET /xingrg/kc/buy/cgsh_order_operate.html?command=get_materiel&rest_code=00155&code=00101001051&supplier_code=00100094&order_time=2022-02-15 HTTP/1.1" 200 422
180.152.99.73 - - [19/Feb/2022:11:59:13 +0800] "GET /xingrg/kc/pszx/mdqp_order_list.html?state=10 HTTP/1.1" 200 13048
180.152.99.73 - - [19/Feb/2022:11:59:13 +0800] "GET /xingrg/dwr/interface/AjaxQqpsService.js HTTP/1.1" 200 16326
180.152.99.73 - - [19/Feb/2022:11:59:13 +0800] "GET /xingrg/dwr/interface/AjaxReportQueryService.js HTTP/1.1" 200 13203
180.152.99.73 - - [19/Feb/2022:11:59:13 +0800] "GET /xingrg/dwr/engine.js HTTP/1.1" 200 43631
114.86.229.124 - - [19/Feb/2022:11:59:14 +0800] "GET /xingrg/kc/buy/cgsh_order_operate.html?command=get_materiel&rest_code=00109&code=00101006122&supplier_code=00100015&order_time=2022-02-19 HTTP/1.1" 200 408
116.235.92.83 - - [19/Feb/2022:11:59:15 +0800] "GET /xingrg/all/function/internal_message.html?_=1645243302109&CODE_STATE=getMsg HTTP/1.1" 200 27
116.235.92.83 - - [19/Feb/2022:11:59:15 +0800] "GET /xingrg/check_reg.html?_=1645243302110 HTTP/1.1" 200 22
180.152.99.73 - - [19/Feb/2022:11:59:15 +0800] "GET /xingrg/kc/pszx/mdqp_order_info.html?code=302022021900221 HTTP/1.1" 200 13346
180.152.99.73 - - [19/Feb/2022:11:59:16 +0800] "GET /xingrg/dwr/interface/AjaxComOrderService.js HTTP/1.1" 200 18264
180.152.99.73 - - [19/Feb/2022:11:59:16 +0800] "GET /xingrg/dwr/interface/AjaxQqpsService.js HTTP/1.1" 200 16326
180.152.99.73 - - [19/Feb/2022:11:59:16 +0800] "GET /xingrg/dwr/engine.js HTTP/1.1" 200 43631
180.152.99.73 - - [19/Feb/2022:11:59:16 +0800] "POST /xingrg/dwr/call/plaincall/AjaxQqpsService.loadMaterielItems.dwr HTTP/1.1" 200 1301
222.70.223.103 - - [19/Feb/2022:11:59:16 +0800] "POST /xingrg/kc/buy/cgsh_order_operate.html HTTP/1.1" 200 37
120.253.135.82 - - [19/Feb/2022:11:59:17 +0800] "GET /xingrg/all/function/internal_message.html?_=1645242949678&CODE_STATE=getMsg HTTP/1.1" 302 -
222.70.223.103 - - [19/Feb/2022:11:59:18 +0800] "POST /xingrg/kc/buy/cgsh_order_operate.html HTTP/1.1" 200 2669
222.70.183.6 - - [19/Feb/2022:11:59:18 +0800] "GET /xingrg/all/function/internal_message.html?_=1645243152616&CODE_STATE=getMsg HTTP/1.1" 200 27
180.162.112.109 - - [19/Feb/2022:11:59:19 +0800] "GET /xingrg/all/function/internal_message.html?_=1645242528584&CODE_STATE=getMsg HTTP/1.1" 200 27
222.70.223.103 - - [19/Feb/2022:11:59:20 +0800] "GET /xingrg/kc/print/load_data.html?order_code=212022021905479&kc_code=cgsh&condition= HTTP/1.1" 200 762
222.70.183.6 - - [19/Feb/2022:11:59:20 +0800] "GET /xingrg/check_reg.html?_=1645243154243 HTTP/1.1" 200 22
114.86.229.124 - - [19/Feb/2022:11:59:20 +0800] "GET /xingrg/all/function/internal_message.html?_=1645243158109&CODE_STATE=getMsg HTTP/1.1" 200 27
114.86.229.124 - - [19/Feb/2022:11:59:21 +0800] "GET /xingrg/kc/buy/cgsh_order_operate.html?command=get_materiel&rest_code=00109&code=00101006057&supplier_code=00100015&order_time=2022-02-19 HTTP/1.1" 200 413
58.39.168.32 - - [19/Feb/2022:11:59:22 +0800] "GET /xingrg/kc/base/wldb_order_operate.html?command=get_materiel&rest_code=00105&base_code=0010507&code=00101019135 HTTP/1.1" 200 474
114.86.229.124 - - [19/Feb/2022:11:59:27 +0800] "GET /xingrg/kc/buy/cgsh_order_operate.html?command=get_materiel&rest_code=00109&code=00101006109&supplier_code=00100015&order_time=2022-02-19 HTTP/1.1" 200 429
180.157.251.97 - - [19/Feb/2022:11:59:28 +0800] "GET /xingrg/check_reg.html?_=1645243165775 HTTP/1.1" 200 22
180.157.251.97 - - [19/Feb/2022:11:59:28 +0800] "GET /xingrg/all/function/internal_message.html?_=1645243165777&CODE_STATE=getMsg HTTP/1.1" 200 27
58.39.168.32 - - [19/Feb/2022:11:59:30 +0800] "GET /xingrg/all/function/internal_message.html?_=1645243105691&CODE_STATE=getMsg HTTP/1.1" 200 27
58.39.168.32 - - [19/Feb/2022:11:59:31 +0800] "GET /xingrg/check_reg.html?_=1645243106225 HTTP/1.1" 200 22
124.79.79.90 - - [19/Feb/2022:11:59:33 +0800] "GET /xingrg/all/function/internal_message.html?_=1645243171778&CODE_STATE=getMsg HTTP/1.1" 200 27
114.86.229.124 - - [19/Feb/2022:11:59:35 +0800] "GET /xingrg/kc/buy/cgsh_order_operate.html?command=get_materiel&rest_code=00109&code=00101006240&supplier_code=00100015&order_time=2022-02-19 HTTP/1.1" 200 408
180.152.99.73 - - [19/Feb/2022:11:59:36 +0800] "GET /xingrg/kc/pszx/mdps_order_list.html?orderType=0 HTTP/1.1" 200 20884
180.152.99.73 - - [19/Feb/2022:11:59:36 +0800] "POST /xingrg/kc/pszx/mdps_list_operate.html HTTP/1.1" 200 5290
124.78.153.118 - - [19/Feb/2022:11:59:37 +0800] "GET /xingrg/all/function/internal_message.html?_=1645243176222&CODE_STATE=getMsg HTTP/1.1" 200 27
180.152.99.73 - - [19/Feb/2022:11:59:38 +0800] "GET /xingrg/kc/pszx/mdqp_order_list.html?state=10 HTTP/1.1" 200 13048
180.152.99.73 - - [19/Feb/2022:11:59:38 +0800] "GET /xingrg/dwr/interface/AjaxQqpsService.js HTTP/1.1" 200 16326
180.152.99.73 - - [19/Feb/2022:11:59:38 +0800] "GET /xingrg/dwr/interface/AjaxReportQueryService.js HTTP/1.1" 200 13203
180.152.99.73 - - [19/Feb/2022:11:59:38 +0800] "GET /xingrg/dwr/engine.js HTTP/1.1" 200 43631
124.78.153.118 - - [19/Feb/2022:11:59:38 +0800] "GET /xingrg/check_reg.html?_=1645243176942 HTTP/1.1" 200 22
58.39.168.32 - - [19/Feb/2022:11:59:38 +0800] "GET /xingrg/kc/base/wldb_order_operate.html?command=get_materiel&rest_code=00105&base_code=0010507&code=00101019079 HTTP/1.1" 200 465
180.152.99.39 - - [19/Feb/2022:11:59:40 +0800] "GET /xingrg/all/function/internal_message.html?_=1645243087156&CODE_STATE=getMsg HTTP/1.1" 200 27
180.152.99.39 - - [19/Feb/2022:11:59:41 +0800] "GET /xingrg/images/yd/bt.gif HTTP/1.1" 404 1040
180.152.99.39 - - [19/Feb/2022:11:59:41 +0800] "GET /xingrg/images/yd/bt2.gif HTTP/1.1" 404 1042
114.86.229.124 - - [19/Feb/2022:11:59:42 +0800] "GET /xingrg/kc/buy/cgsh_order_operate.html?command=get_materiel&rest_code=00109&code=00101006058&supplier_code=00100015&order_time=2022-02-19 HTTP/1.1" 200 413
180.152.99.73 - - [19/Feb/2022:11:59:43 +0800] "GET /xingrg/all/function/internal_message.html?_=1645243182609&CODE_STATE=getMsg HTTP/1.1" 200 27
172.20.0.100 - - [19/Feb/2022:11:59:47 +0800] "GET /xingrg/all/function/internal_message.html?_=1645243183261&CODE_STATE=getMsg HTTP/1.1" 200 27
180.152.99.39 - - [19/Feb/2022:11:59:48 +0800] "POST /xingrg/all/user/operate.html HTTP/1.1" 200 36
180.152.99.39 - - [19/Feb/2022:11:59:48 +0800] "GET /xingrg/javascript/jquery_easy_ui/themes/default/easyui.css HTTP/1.1" 304 -
180.152.99.39 - - [19/Feb/2022:11:59:48 +0800] "GET /xingrg/index.html?sysBaseUrl=http%3A%2F%2F180.169.147.146%3A18081%2Fxingrg%2F&costTime=40×tamp=1645234264304 HTTP/1.1" 200 17179
180.152.99.39 - - [19/Feb/2022:11:59:48 +0800] "GET /xingrg/javascript/jquery_easy_ui/themes/icon.css HTTP/1.1" 304 -
180.152.99.39 - - [19/Feb/2022:11:59:48 +0800] "GET /xingrg/css/form.css HTTP/1.1" 304 -
180.152.99.39 - - [19/Feb/2022:11:59:48 +0800] "GET /xingrg/javascript/jquery-1.4.2.min.js HTTP/1.1" 304 -
180.152.99.39 - - [19/Feb/2022:11:59:48 +0800] "GET /xingrg/javascript/jquery_easy_ui/jquery.easyui.min.js HTTP/1.1" 304 -
180.152.99.39 - - [19/Feb/2022:11:59:48 +0800] "GET /xingrg/javascript/jquery_easy_ui/easyui-lang-zh_CN.js HTTP/1.1" 304 -
180.152.99.39 - - [19/Feb/2022:11:59:48 +0800] "GET /xingrg/javascript/jquery.form.js HTTP/1.1" 304 -
180.152.99.39 - - [19/Feb/2022:11:59:48 +0800] "GET /xingrg/javascript/jquery.utils.js HTTP/1.1" 304 -
180.152.99.39 - - [19/Feb/2022:11:59:48 +0800] "GET /xingrg/javascript/jquery.timers.js HTTP/1.1" 304 -
180.152.99.39 - - [19/Feb/2022:11:59:48 +0800] "GET /xingrg/images/blue/jxLogo.png HTTP/1.1" 304 -
180.152.99.39 - - [19/Feb/2022:11:59:48 +0800] "GET /xingrg/images/blue/navBackgound.jpg HTTP/1.1" 304 -
180.152.99.39 - - [19/Feb/2022:11:59:48 +0800] "GET /xingrg/javascript/jquery_easy_ui/themes/icons/settle_new.png HTTP/1.1" 304 -
180.152.99.39 - - [19/Feb/2022:11:59:48 +0800] "POST /xingrg/all/common/load_tree.html?tree=area_rest_tree_json&manage=1 HTTP/1.1" 200 476
180.152.99.39 - - [19/Feb/2022:11:59:48 +0800] "GET /xingrg/images/blue/pingpu.png HTTP/1.1" 304 -
180.152.99.39 - - [19/Feb/2022:11:59:48 +0800] "GET /xingrg/javascript/jquery_easy_ui/themes/default/images/tabs_leftarrow.png HTTP/1.1" 304 -
180.152.99.39 - - [19/Feb/2022:11:59:48 +0800] "GET /xingrg/javascript/jquery_easy_ui/themes/default/images/tabs_rightarrow.png HTTP/1.1" 304 -
180.152.99.39 - - [19/Feb/2022:11:59:48 +0800] "GET /xingrg/javascript/jquery_easy_ui/themes/default/images/panel_tool_collapse.gif HTTP/1.1" 304 -
180.152.99.39 - - [19/Feb/2022:11:59:48 +0800] "GET /xingrg/all/function/internal_message.html?_=1645243095011&CODE_STATE=count HTTP/1.1" 200 11
180.152.99.39 - - [19/Feb/2022:11:59:48 +0800] "GET /xingrg/check_reg.html?_=1645243095012 HTTP/1.1" 200 22
180.152.99.39 - - [19/Feb/2022:11:59:48 +0800] "POST /xingrg/load_menu.html HTTP/1.1" 200 5138
58.39.168.32 - - [19/Feb/2022:11:59:49 +0800] "GET /xingrg/kc/base/wldb_order_operate.html?command=get_materiel&rest_code=00105&base_code=0010507&code=00101019249 HTTP/1.1" 200 470
172.20.0.100 - - [19/Feb/2022:11:59:49 +0800] "GET /xingrg/all/function/internal_message.html?_=1645243185056&CODE_STATE=getMsg HTTP/1.1" 200 27
