180.152.99.39 - - [14/Feb/2022:09:49:09 +0800] "POST /xingrg/all/common/load_tree.html?tree=area_rest_tree_json&manage=1 HTTP/1.1" 200 476
180.152.99.39 - - [14/Feb/2022:09:49:09 +0800] "GET /xingrg/images/blue/pingpu.png HTTP/1.1" 304 -
180.152.99.39 - - [14/Feb/2022:09:49:09 +0800] "GET /xingrg/javascript/jquery_easy_ui/themes/default/images/tabs_leftarrow.png HTTP/1.1" 304 -
180.152.99.39 - - [14/Feb/2022:09:49:09 +0800] "GET /xingrg/javascript/jquery_easy_ui/themes/default/images/tabs_rightarrow.png HTTP/1.1" 304 -
180.152.99.39 - - [14/Feb/2022:09:49:09 +0800] "GET /xingrg/javascript/jquery_easy_ui/themes/default/images/panel_tool_collapse.gif HTTP/1.1" 304 -
180.152.99.39 - - [14/Feb/2022:09:49:09 +0800] "GET /xingrg/all/function/internal_message.html?_=1644803263135&CODE_STATE=count HTTP/1.1" 200 11
180.152.99.39 - - [14/Feb/2022:09:49:09 +0800] "GET /xingrg/check_reg.html?_=1644803263136 HTTP/1.1" 200 22
180.152.99.39 - - [14/Feb/2022:09:49:09 +0800] "POST /xingrg/load_menu.html HTTP/1.1" 200 5138
172.20.0.100 - - [14/Feb/2022:09:49:11 +0800] "GET /xingrg/all/function/internal_message.html?_=1644803350949&CODE_STATE=getMsg HTTP/1.1" 200 27
114.84.150.224 - - [14/Feb/2022:09:49:25 +0800] "GET /xingrg/all/function/internal_message.html?_=1644803150453&CODE_STATE=getMsg HTTP/1.1" 200 27
180.169.147.146 - - [14/Feb/2022:09:49:25 +0800] "GET /favicon.ico HTTP/1.1" 404 -
116.235.92.83 - - [14/Feb/2022:09:49:26 +0800] "GET /xingrg/all/function/internal_message.html?_=1644803514164&CODE_STATE=getMsg HTTP/1.1" 200 27
58.37.147.178 - - [14/Feb/2022:09:49:28 +0800] "POST /xingrg/supplier/cgsh_list_operate.html HTTP/1.1" 200 1775
180.152.99.39 - - [14/Feb/2022:09:49:30 +0800] "GET /xingrg/kc/buy/cgsh_order_list.html HTTP/1.1" 200 49745
172.20.0.100 - - [14/Feb/2022:09:49:31 +0800] "GET /xingrg/check_reg.html?_=1644803369109 HTTP/1.1" 200 22
172.20.0.100 - - [14/Feb/2022:09:49:31 +0800] "GET /xingrg/all/function/internal_message.html?_=1644803369113&CODE_STATE=getMsg HTTP/1.1" 200 27
180.152.99.39 - - [14/Feb/2022:09:49:31 +0800] "POST /xingrg/kc/buy/cgsh_list_operate.html HTTP/1.1" 200 876
180.152.99.39 - - [14/Feb/2022:09:49:33 +0800] "GET /xingrg/kc/buy/cgsh_order_add.html HTTP/1.1" 200 65126
180.152.99.39 - - [14/Feb/2022:09:49:33 +0800] "POST /xingrg/kc/buy/cgsh_order_operate.html HTTP/1.1" 200 8245
180.152.99.39 - - [14/Feb/2022:09:49:33 +0800] "GET /xingrg/all/common/auto_word.html?type=employee&rest_code=00151 HTTP/1.1" 200 293
180.152.99.39 - - [14/Feb/2022:09:49:33 +0800] "GET /xingrg/all/common/auto_word.html?type=employee&rest_code=00151 HTTP/1.1" 200 293
180.152.99.39 - - [14/Feb/2022:09:49:33 +0800] "GET /xingrg/javascript/easyui/themes/default/validatebox.css HTTP/1.1" 404 1104
180.152.99.39 - - [14/Feb/2022:09:49:35 +0800] "GET /xingrg/javascript/auto/indicator.gif HTTP/1.1" 404 1066
120.253.135.82 - - [14/Feb/2022:09:49:38 +0800] "GET /xingrg/all/function/internal_message.html?_=1644803372311&CODE_STATE=getMsg HTTP/1.1" 200 27
116.239.131.195 - - [14/Feb/2022:09:49:39 +0800] "GET /xingrg/all/function/internal_message.html?_=1644803409269&CODE_STATE=getMsg HTTP/1.1" 200 27
58.39.168.32 - - [14/Feb/2022:09:49:45 +0800] "GET /xingrg/all/function/internal_message.html?_=1644803386753&CODE_STATE=getMsg HTTP/1.1" 200 27
180.152.99.39 - - [14/Feb/2022:09:49:45 +0800] "GET /xingrg/kc/buy/cgsh_order_operate.html?command=get_materiel&rest_code=00151&code=00101009078&supplier_code=00100424&order_time=2022-02-14 HTTP/1.1" 200 394
222.69.132.164 - - [14/Feb/2022:09:49:47 +0800] "GET /xingrg/all/function/internal_message.html?_=1644803457215&CODE_STATE=getMsg HTTP/1.1" 200 27
120.253.135.82 - - [14/Feb/2022:09:49:57 +0800] "GET /xingrg/all/function/internal_message.html?_=1644803191796&CODE_STATE=getMsg HTTP/1.1" 200 27
58.37.147.178 - - [14/Feb/2022:09:49:58 +0800] "POST /xingrg/supplier/cgsh_list_operate.html HTTP/1.1" 200 5637
116.232.55.59 - - [14/Feb/2022:09:49:59 +0800] "GET /xingrg/all/function/internal_message.html?_=1644803399344&CODE_STATE=getMsg HTTP/1.1" 200 27
116.232.55.59 - - [14/Feb/2022:09:49:59 +0800] "GET /xingrg/check_reg.html?_=1644803399345 HTTP/1.1" 200 22
180.152.99.39 - - [14/Feb/2022:09:49:59 +0800] "GET /xingrg/kc/buy/cgsh_order_operate.html?command=get_materiel&rest_code=00151&code=00101009053&supplier_code=00100424&order_time=2022-02-14 HTTP/1.1" 200 408
101.83.241.170 - - [14/Feb/2022:09:50:04 +0800] "GET /xingrg/all/function/internal_message.html?_=1644803404768&CODE_STATE=getMsg HTTP/1.1" 200 27
120.253.135.82 - - [14/Feb/2022:09:50:05 +0800] "GET /xingrg/all/function/internal_message.html?_=1644803540265&CODE_STATE=getMsg HTTP/1.1" 200 27
58.39.168.32 - - [14/Feb/2022:09:50:07 +0800] "POST /xingrg/services/DataTransmitService HTTP/1.1" 200 524
180.152.99.39 - - [14/Feb/2022:09:50:08 +0800] "GET /xingrg/kc/buy/cgsh_order_operate.html?command=get_materiel&rest_code=00151&code=00101009088&supplier_code=00100424&order_time=2022-02-14 HTTP/1.1" 200 391
180.152.99.39 - - [14/Feb/2022:09:50:09 +0800] "GET /xingrg/all/function/internal_message.html?_=1644803323145&CODE_STATE=getMsg HTTP/1.1" 200 27
172.20.0.100 - - [14/Feb/2022:09:50:11 +0800] "GET /xingrg/all/function/internal_message.html?_=1644803410948&CODE_STATE=getMsg HTTP/1.1" 200 27
180.169.147.146 - - [14/Feb/2022:09:50:16 +0800] "GET /favicon.ico HTTP/1.1" 404 -
180.152.99.39 - - [14/Feb/2022:09:50:16 +0800] "GET /xingrg/kc/buy/cgsh_order_operate.html?command=get_materiel&rest_code=00151&code=00101009006&supplier_code=00100424&order_time=2022-02-14 HTTP/1.1" 200 408
180.152.99.39 - - [14/Feb/2022:09:50:25 +0800] "GET /xingrg/kc/buy/cgsh_order_operate.html?command=get_materiel&rest_code=00151&code=00101009028&supplier_code=00100424&order_time=2022-02-14 HTTP/1.1" 200 409
114.84.150.224 - - [14/Feb/2022:09:50:25 +0800] "GET /xingrg/all/function/internal_message.html?_=1644803210428&CODE_STATE=getMsg HTTP/1.1" 200 27
116.235.92.83 - - [14/Feb/2022:09:50:26 +0800] "GET /xingrg/all/function/internal_message.html?_=1644803574162&CODE_STATE=getMsg HTTP/1.1" 200 27
172.20.0.100 - - [14/Feb/2022:09:50:31 +0800] "GET /xingrg/all/function/internal_message.html?_=1644803429106&CODE_STATE=getMsg HTTP/1.1" 200 27
58.39.168.32 - - [14/Feb/2022:09:50:36 +0800] "GET /xingrg/check_reg.html?_=1644803462569 HTTP/1.1" 302 -
58.39.168.32 - - [14/Feb/2022:09:50:36 +0800] "GET /xingrg/login.html HTTP/1.1" 200 7641
120.253.135.82 - - [14/Feb/2022:09:50:38 +0800] "GET /xingrg/all/function/internal_message.html?_=1644803432324&CODE_STATE=getMsg HTTP/1.1" 200 27
116.239.131.195 - - [14/Feb/2022:09:50:39 +0800] "GET /xingrg/all/function/internal_message.html?_=1644803469496&CODE_STATE=getMsg HTTP/1.1" 200 27
58.37.147.178 - - [14/Feb/2022:09:50:39 +0800] "POST /xingrg/supplier/cgsh_list_operate.html HTTP/1.1" 200 2777
58.39.168.32 - - [14/Feb/2022:09:50:45 +0800] "GET /xingrg/all/function/internal_message.html?_=1644803446781&CODE_STATE=getMsg HTTP/1.1" 200 27
58.39.168.32 - - [14/Feb/2022:09:50:45 +0800] "GET /xingrg/check_reg.html?_=1644803446783 HTTP/1.1" 200 22
58.37.147.178 - - [14/Feb/2022:09:50:45 +0800] "POST /xingrg/supplier/cgsh_list_operate.html HTTP/1.1" 200 928
222.69.132.164 - - [14/Feb/2022:09:50:47 +0800] "GET /xingrg/all/function/internal_message.html?_=1644803517212&CODE_STATE=getMsg HTTP/1.1" 200 27
222.69.132.164 - - [14/Feb/2022:09:50:47 +0800] "GET /xingrg/check_reg.html?_=1644803517215 HTTP/1.1" 200 22
114.84.150.224 - - [14/Feb/2022:09:50:47 +0800] "GET /xingrg/kc/buy/cgsh_order_operate.html?command=get_materiel&rest_code=00141&code=00101008112&supplier_code=00100007&order_time=2022-02-14 HTTP/1.1" 200 412
180.152.99.39 - - [14/Feb/2022:09:50:51 +0800] "POST /xingrg/kc/buy/cgsh_order_operate.html HTTP/1.1" 200 37
58.37.147.178 - - [14/Feb/2022:09:50:53 +0800] "POST /xingrg/supplier/cgsh_list_operate.html HTTP/1.1" 200 2190
114.84.150.224 - - [14/Feb/2022:09:50:56 +0800] "GET /xingrg/kc/buy/cgsh_order_operate.html?command=get_materiel&rest_code=00141&code=00101008051&supplier_code=00100007&order_time=2022-02-14 HTTP/1.1" 200 409
120.253.135.82 - - [14/Feb/2022:09:50:57 +0800] "GET /xingrg/all/function/internal_message.html?_=1644803251809&CODE_STATE=getMsg HTTP/1.1" 200 27
180.152.99.39 - - [14/Feb/2022:09:50:59 +0800] "POST /xingrg/kc/buy/cgsh_order_operate.html HTTP/1.1" 200 12
116.232.55.59 - - [14/Feb/2022:09:50:59 +0800] "GET /xingrg/all/function/internal_message.html?_=1644803459349&CODE_STATE=getMsg HTTP/1.1" 200 27
58.37.147.178 - - [14/Feb/2022:09:51:01 +0800] "POST /xingrg/supplier/cgsh_list_operate.html HTTP/1.1" 200 5616
114.84.150.224 - - [14/Feb/2022:09:51:04 +0800] "GET /xingrg/kc/buy/cgsh_order_operate.html?command=get_materiel&rest_code=00141&code=00101008361&supplier_code=00100007&order_time=2022-02-14 HTTP/1.1" 200 408
101.83.241.170 - - [14/Feb/2022:09:51:04 +0800] "GET /xingrg/all/function/internal_message.html?_=1644803464785&CODE_STATE=getMsg HTTP/1.1" 200 27
120.253.135.82 - - [14/Feb/2022:09:51:05 +0800] "GET /xingrg/all/function/internal_message.html?_=1644803600265&CODE_STATE=getMsg HTTP/1.1" 200 27
114.84.150.224 - - [14/Feb/2022:09:51:10 +0800] "GET /xingrg/kc/buy/cgsh_order_operate.html?command=get_materiel&rest_code=00141&code=00101008242&supplier_code=00100007&order_time=2022-02-14 HTTP/1.1" 200 408
172.20.0.100 - - [14/Feb/2022:09:51:11 +0800] "GET /xingrg/all/function/internal_message.html?_=1644803470934&CODE_STATE=getMsg HTTP/1.1" 200 27
180.152.99.39 - - [14/Feb/2022:09:51:11 +0800] "GET /xingrg/kc/buy/cgsh_order_info.html?code=212022021403465 HTTP/1.1" 200 60039
180.152.99.39 - - [14/Feb/2022:09:51:11 +0800] "GET /xingrg/javascript/easyui/themes/default/validatebox.css HTTP/1.1" 404 1104
180.152.99.39 - - [14/Feb/2022:09:51:11 +0800] "GET /xingrg/all/function/internal_message.html?_=1644803385748&CODE_STATE=getMsg HTTP/1.1" 200 27
180.152.99.39 - - [14/Feb/2022:09:51:12 +0800] "POST /xingrg/kc/buy/cgsh_order_operate.html HTTP/1.1" 200 2991
114.84.150.224 - - [14/Feb/2022:09:51:12 +0800] "POST /xingrg/kc/buy/cgsh_order_operate.html HTTP/1.1" 200 2065
180.152.99.39 - - [14/Feb/2022:09:51:22 +0800] "GET /xingrg/kc/print/load_data.html?order_code=212022021403465&kc_code=cgsh&condition= HTTP/1.1" 200 1645
114.84.150.224 - - [14/Feb/2022:09:51:25 +0800] "GET /xingrg/all/function/internal_message.html?_=1644803270402&CODE_STATE=getMsg HTTP/1.1" 200 27
116.235.92.83 - - [14/Feb/2022:09:51:26 +0800] "GET /xingrg/all/function/internal_message.html?_=1644803634160&CODE_STATE=getMsg HTTP/1.1" 200 27
114.84.150.224 - - [14/Feb/2022:09:51:28 +0800] "GET /xingrg/kc/buy/cgsh_order_operate.html?command=get_materiel&rest_code=00141&code=00101008251&supplier_code=00100007&order_time=2022-02-14 HTTP/1.1" 200 408
172.20.0.100 - - [14/Feb/2022:09:51:31 +0800] "GET /xingrg/all/function/internal_message.html?_=1644803489098&CODE_STATE=getMsg HTTP/1.1" 200 27
180.152.99.39 - - [14/Feb/2022:09:51:36 +0800] "GET /xingrg/kc/buy/cgsh_order_add.html HTTP/1.1" 200 65126
180.152.99.39 - - [14/Feb/2022:09:51:36 +0800] "POST /xingrg/kc/buy/cgsh_order_operate.html HTTP/1.1" 200 8245
180.152.99.39 - - [14/Feb/2022:09:51:36 +0800] "GET /xingrg/javascript/easyui/themes/default/validatebox.css HTTP/1.1" 404 1104
120.253.135.82 - - [14/Feb/2022:09:51:38 +0800] "GET /xingrg/all/function/internal_message.html?_=1644803492351&CODE_STATE=getMsg HTTP/1.1" 200 27
116.239.131.195 - - [14/Feb/2022:09:51:39 +0800] "GET /xingrg/all/function/internal_message.html?_=1644803529500&CODE_STATE=getMsg HTTP/1.1" 200 27
114.84.150.224 - - [14/Feb/2022:09:51:41 +0800] "GET /xingrg/kc/buy/cgsh_order_operate.html?command=get_materiel&rest_code=00141&code=00101008131&supplier_code=00100007&order_time=2022-02-14 HTTP/1.1" 200 408
180.152.99.39 - - [14/Feb/2022:09:51:44 +0800] "GET /xingrg/kc/buy/cgsh_order_operate.html?command=get_materiel&rest_code=00151&code=00101011005&supplier_code=00100047&order_time=2022-02-14 HTTP/1.1" 200 408
58.39.168.32 - - [14/Feb/2022:09:51:45 +0800] "GET /xingrg/all/function/internal_message.html?_=1644803506782&CODE_STATE=getMsg HTTP/1.1" 200 27
222.69.132.164 - - [14/Feb/2022:09:51:47 +0800] "GET /xingrg/all/function/internal_message.html?_=1644803577202&CODE_STATE=getMsg HTTP/1.1" 200 27
114.84.150.224 - - [14/Feb/2022:09:51:48 +0800] "GET /xingrg/kc/buy/cgsh_order_operate.html?command=get_materiel&rest_code=00141&code=00101008295&supplier_code=00100007&order_time=2022-02-14 HTTP/1.1" 200 412
114.84.150.224 - - [14/Feb/2022:09:51:51 +0800] "POST /xingrg/kc/buy/cgsh_order_operate.html HTTP/1.1" 200 2065
180.152.99.39 - - [14/Feb/2022:09:51:54 +0800] "GET /xingrg/kc/buy/cgsh_order_operate.html?command=get_materiel&rest_code=00151&code=00101011001&supplier_code=00100047&order_time=2022-02-14 HTTP/1.1" 200 423
120.253.135.82 - - [14/Feb/2022:09:51:57 +0800] "GET /xingrg/all/function/internal_message.html?_=1644803311846&CODE_STATE=getMsg HTTP/1.1" 200 27
116.232.55.59 - - [14/Feb/2022:09:51:59 +0800] "GET /xingrg/all/function/internal_message.html?_=1644803519356&CODE_STATE=getMsg HTTP/1.1" 200 27
180.152.99.39 - - [14/Feb/2022:09:52:02 +0800] "POST /xingrg/kc/buy/cgsh_order_operate.html HTTP/1.1" 200 37
114.84.150.224 - - [14/Feb/2022:09:52:04 +0800] "GET /xingrg/kc/buy/cgsh_order_operate.html?command=get_materiel&rest_code=00141&code=00101008285&supplier_code=00100007&order_time=2022-02-14 HTTP/1.1" 200 413
101.83.241.170 - - [14/Feb/2022:09:52:04 +0800] "GET /xingrg/all/function/internal_message.html?_=1644803524782&CODE_STATE=getMsg HTTP/1.1" 200 27
120.253.135.82 - - [14/Feb/2022:09:52:04 +0800] "GET /xingrg/check_reg.html?_=1644803659286 HTTP/1.1" 200 22
180.152.99.39 - - [14/Feb/2022:09:52:05 +0800] "POST /xingrg/kc/buy/cgsh_order_operate.html HTTP/1.1" 200 12
120.253.135.82 - - [14/Feb/2022:09:52:05 +0800] "GET /xingrg/all/function/internal_message.html?_=1644803660279&CODE_STATE=getMsg HTTP/1.1" 200 27
58.37.147.178 - - [14/Feb/2022:09:52:06 +0800] "POST /xingrg/supplier/cgsh_list_operate.html HTTP/1.1" 200 1773
180.152.99.39 - - [14/Feb/2022:09:52:07 +0800] "GET /xingrg/kc/buy/cgsh_order_info.html?code=212022021403466 HTTP/1.1" 200 60039
180.152.99.39 - - [14/Feb/2022:09:52:07 +0800] "GET /xingrg/javascript/easyui/themes/default/validatebox.css HTTP/1.1" 404 1104
180.152.99.39 - - [14/Feb/2022:09:52:08 +0800] "POST /xingrg/kc/buy/cgsh_order_operate.html HTTP/1.1" 200 1222
180.152.99.39 - - [14/Feb/2022:09:52:09 +0800] "GET /xingrg/kc/print/load_data.html?order_code=212022021403466&kc_code=cgsh&condition= HTTP/1.1" 200 1029
172.20.0.100 - - [14/Feb/2022:09:52:11 +0800] "GET /xingrg/check_reg.html?_=1644803530928 HTTP/1.1" 200 22
172.20.0.100 - - [14/Feb/2022:09:52:11 +0800] "GET /xingrg/all/function/internal_message.html?_=1644803530932&CODE_STATE=getMsg HTTP/1.1" 200 27
114.84.150.224 - - [14/Feb/2022:09:52:11 +0800] "GET /xingrg/kc/buy/cgsh_order_operate.html?command=get_materiel&rest_code=00141&code=00101008403&supplier_code=00100007&order_time=2022-02-14 HTTP/1.1" 200 412
180.152.99.39 - - [14/Feb/2022:09:52:11 +0800] "GET /xingrg/all/function/internal_message.html?_=1644803445762&CODE_STATE=getMsg HTTP/1.1" 200 27
114.84.150.224 - - [14/Feb/2022:09:52:18 +0800] "GET /xingrg/kc/buy/cgsh_order_operate.html?command=get_materiel&rest_code=00141&code=00101008344&supplier_code=00100007&order_time=2022-02-14 HTTP/1.1" 200 412
180.152.99.39 - - [14/Feb/2022:09:52:19 +0800] "GET /xingrg/kc/buy/cgsh_order_add.html HTTP/1.1" 200 65126
180.152.99.39 - - [14/Feb/2022:09:52:20 +0800] "POST /xingrg/kc/buy/cgsh_order_operate.html HTTP/1.1" 200 8245
180.152.99.39 - - [14/Feb/2022:09:52:20 +0800] "GET /xingrg/javascript/easyui/themes/default/validatebox.css HTTP/1.1" 404 1104
114.84.150.224 - - [14/Feb/2022:09:52:25 +0800] "GET /xingrg/check_reg.html?_=1644803330475 HTTP/1.1" 200 22
114.84.150.224 - - [14/Feb/2022:09:52:25 +0800] "GET /xingrg/all/function/internal_message.html?_=1644803330474&CODE_STATE=getMsg HTTP/1.1" 200 27
114.84.150.224 - - [14/Feb/2022:09:52:25 +0800] "GET /xingrg/kc/buy/cgsh_order_operate.html?command=get_materiel&rest_code=00141&code=00101008225&supplier_code=00100007&order_time=2022-02-14 HTTP/1.1" 200 416
116.235.92.83 - - [14/Feb/2022:09:52:26 +0800] "GET /xingrg/all/function/internal_message.html?_=1644803694175&CODE_STATE=getMsg HTTP/1.1" 200 27
116.239.131.195 - - [14/Feb/2022:09:52:27 +0800] "GET /xingrg/check_reg.html?_=1644803577417 HTTP/1.1" 200 22
114.84.150.224 - - [14/Feb/2022:09:52:28 +0800] "POST /xingrg/kc/buy/cgsh_order_operate.html HTTP/1.1" 200 2065
172.20.0.100 - - [14/Feb/2022:09:52:31 +0800] "GET /xingrg/all/function/internal_message.html?_=1644803549129&CODE_STATE=getMsg HTTP/1.1" 200 27
180.152.99.39 - - [14/Feb/2022:09:52:31 +0800] "GET /xingrg/kc/buy/cgsh_order_operate.html?command=get_materiel&rest_code=00151&code=00101012025&supplier_code=00100096&order_time=2022-02-14 HTTP/1.1" 200 412
114.84.150.224 - - [14/Feb/2022:09:52:32 +0800] "GET /xingrg/kc/buy/cgsh_order_operate.html?command=get_materiel&rest_code=00141&code=00101009054&supplier_code=00100007&order_time=2022-02-14 HTTP/1.1" 200 413
120.253.135.82 - - [14/Feb/2022:09:52:38 +0800] "GET /xingrg/all/function/internal_message.html?_=1644803552366&CODE_STATE=getMsg HTTP/1.1" 200 27
116.239.131.195 - - [14/Feb/2022:09:52:39 +0800] "GET /xingrg/all/function/internal_message.html?_=1644803589513&CODE_STATE=getMsg HTTP/1.1" 200 27
114.84.150.224 - - [14/Feb/2022:09:52:40 +0800] "GET /xingrg/kc/buy/cgsh_order_operate.html?command=get_materiel&rest_code=00141&code=00101008092&supplier_code=00100007&order_time=2022-02-14 HTTP/1.1" 200 412
180.152.99.39 - - [14/Feb/2022:09:52:44 +0800] "GET /xingrg/kc/buy/cgsh_order_operate.html?command=get_materiel&rest_code=00151&code=00101010711&supplier_code=00100096&order_time=2022-02-14 HTTP/1.1" 200 392
58.39.168.32 - - [14/Feb/2022:09:52:45 +0800] "GET /xingrg/all/function/internal_message.html?_=1644803566782&CODE_STATE=getMsg HTTP/1.1" 200 27
222.69.132.164 - - [14/Feb/2022:09:52:47 +0800] "GET /xingrg/all/function/internal_message.html?_=1644803637219&CODE_STATE=getMsg HTTP/1.1" 200 27
114.84.150.224 - - [14/Feb/2022:09:52:50 +0800] "GET /xingrg/kc/buy/cgsh_order_operate.html?command=get_materiel&rest_code=00141&code=00101008041&supplier_code=00100007&order_time=2022-02-14 HTTP/1.1" 200 408
180.152.99.39 - - [14/Feb/2022:09:52:52 +0800] "GET /xingrg/kc/buy/cgsh_order_operate.html?command=get_materiel&rest_code=00151&code=00101006092&supplier_code=00100096&order_time=2022-02-14 HTTP/1.1" 200 411
180.169.147.146 - - [14/Feb/2022:09:52:56 +0800] "GET /xingrg/check_reg.html?_=1644803575903 HTTP/1.1" 302 -
114.84.150.224 - - [14/Feb/2022:09:52:57 +0800] "GET /xingrg/kc/buy/cgsh_order_operate.html?command=get_materiel&rest_code=00141&code=00101009135&supplier_code=00100007&order_time=2022-02-14 HTTP/1.1" 200 396
120.253.135.82 - - [14/Feb/2022:09:52:57 +0800] "GET /xingrg/all/function/internal_message.html?_=1644803371853&CODE_STATE=getMsg HTTP/1.1" 200 27
116.232.55.59 - - [14/Feb/2022:09:52:59 +0800] "GET /xingrg/all/function/internal_message.html?_=1644803579367&CODE_STATE=getMsg HTTP/1.1" 200 27
101.83.241.170 - - [14/Feb/2022:09:53:04 +0800] "GET /xingrg/all/function/internal_message.html?_=1644803584795&CODE_STATE=getMsg HTTP/1.1" 200 27
101.83.241.170 - - [14/Feb/2022:09:53:04 +0800] "GET /xingrg/check_reg.html?_=1644803584798 HTTP/1.1" 200 22
120.253.135.82 - - [14/Feb/2022:09:53:05 +0800] "GET /xingrg/all/function/internal_message.html?_=1644803720292&CODE_STATE=getMsg HTTP/1.1" 200 27
114.84.150.224 - - [14/Feb/2022:09:53:06 +0800] "POST /xingrg/kc/buy/cgsh_order_operate.html HTTP/1.1" 200 37
180.152.99.39 - - [14/Feb/2022:09:53:07 +0800] "GET /xingrg/kc/buy/cgsh_order_operate.html?command=get_materiel&rest_code=00151&code=00101007049&supplier_code=00100096&order_time=2022-02-14 HTTP/1.1" 200 410
114.84.150.224 - - [14/Feb/2022:09:53:09 +0800] "POST /xingrg/kc/buy/cgsh_order_operate.html HTTP/1.1" 200 12
58.37.147.178 - - [14/Feb/2022:09:53:10 +0800] "POST /xingrg/supplier/cgsh_list_operate.html HTTP/1.1" 200 5634
114.84.150.224 - - [14/Feb/2022:09:53:10 +0800] "GET /xingrg/kc/buy/cgsh_order_info.html?code=212022021403467 HTTP/1.1" 200 60466
114.84.150.224 - - [14/Feb/2022:09:53:10 +0800] "GET /xingrg/javascript/easyui/themes/default/validatebox.css HTTP/1.1" 404 1104
172.20.0.100 - - [14/Feb/2022:09:53:11 +0800] "GET /xingrg/all/function/internal_message.html?_=1644803590946&CODE_STATE=getMsg HTTP/1.1" 200 27
114.84.150.224 - - [14/Feb/2022:09:53:11 +0800] "POST /xingrg/kc/buy/cgsh_order_operate.html HTTP/1.1" 200 31349
180.152.99.39 - - [14/Feb/2022:09:53:12 +0800] "GET /xingrg/all/function/internal_message.html?_=1644803505775&CODE_STATE=getMsg HTTP/1.1" 200 27
114.84.150.224 - - [14/Feb/2022:09:53:12 +0800] "GET /xingrg/kc/print/load_data.html?order_code=212022021403467&kc_code=cgsh&condition= HTTP/1.1" 200 12371
180.152.99.39 - - [14/Feb/2022:09:53:23 +0800] "POST /xingrg/kc/buy/cgsh_order_operate.html HTTP/1.1" 200 37
114.84.150.224 - - [14/Feb/2022:09:53:25 +0800] "GET /xingrg/all/function/internal_message.html?_=1644803390377&CODE_STATE=getMsg HTTP/1.1" 200 27
116.235.92.83 - - [14/Feb/2022:09:53:26 +0800] "GET /xingrg/check_reg.html?_=1644803754175 HTTP/1.1" 200 22
116.235.92.83 - - [14/Feb/2022:09:53:26 +0800] "GET /xingrg/all/function/internal_message.html?_=1644803754176&CODE_STATE=getMsg HTTP/1.1" 200 27
172.20.0.100 - - [14/Feb/2022:09:53:31 +0800] "GET /xingrg/all/function/internal_message.html?_=1644803609099&CODE_STATE=getMsg HTTP/1.1" 200 27
180.152.99.39 - - [14/Feb/2022:09:53:33 +0800] "POST /xingrg/kc/buy/cgsh_order_operate.html HTTP/1.1" 200 12
180.152.99.39 - - [14/Feb/2022:09:53:34 +0800] "GET /xingrg/kc/buy/cgsh_order_info.html?code=212022021403468 HTTP/1.1" 200 60029
180.152.99.39 - - [14/Feb/2022:09:53:34 +0800] "GET /xingrg/javascript/easyui/themes/default/validatebox.css HTTP/1.1" 404 1104
180.152.99.39 - - [14/Feb/2022:09:53:35 +0800] "POST /xingrg/kc/buy/cgsh_order_operate.html HTTP/1.1" 200 2403
120.253.135.82 - - [14/Feb/2022:09:53:36 +0800] "GET /xingrg/check_reg.html?_=1644803610740 HTTP/1.1" 200 22
180.152.99.39 - - [14/Feb/2022:09:53:37 +0800] "GET /xingrg/kc/print/load_data.html?order_code=212022021403468&kc_code=cgsh&condition= HTTP/1.1" 200 1398
120.253.135.82 - - [14/Feb/2022:09:53:38 +0800] "GET /xingrg/all/function/internal_message.html?_=1644803612380&CODE_STATE=getMsg HTTP/1.1" 200 27
116.239.131.195 - - [14/Feb/2022:09:53:39 +0800] "GET /xingrg/all/function/internal_message.html?_=1644803649525&CODE_STATE=getMsg HTTP/1.1" 200 27
58.37.147.178 - - [14/Feb/2022:09:53:39 +0800] "POST /xingrg/supplier/cgsh_list_operate.html HTTP/1.1" 200 5608
58.39.168.32 - - [14/Feb/2022:09:53:45 +0800] "GET /xingrg/all/function/internal_message.html?_=1644803626783&CODE_STATE=getMsg HTTP/1.1" 200 27
180.152.99.39 - - [14/Feb/2022:09:53:46 +0800] "GET /xingrg/kc/buy/cgsh_order_add.html HTTP/1.1" 200 65126
180.152.99.39 - - [14/Feb/2022:09:53:46 +0800] "POST /xingrg/kc/buy/cgsh_order_operate.html HTTP/1.1" 200 8245
180.152.99.39 - - [14/Feb/2022:09:53:46 +0800] "GET /xingrg/javascript/easyui/themes/default/validatebox.css HTTP/1.1" 404 1104
222.69.132.164 - - [14/Feb/2022:09:53:47 +0800] "GET /xingrg/all/function/internal_message.html?_=1644803697217&CODE_STATE=getMsg HTTP/1.1" 200 27
58.37.147.178 - - [14/Feb/2022:09:53:53 +0800] "POST /xingrg/supplier/cgsh_list_operate.html HTTP/1.1" 200 6086
180.152.99.39 - - [14/Feb/2022:09:53:55 +0800] "GET /xingrg/kc/buy/cgsh_order_operate.html?command=get_materiel&rest_code=00151&code=00101016038&supplier_code=00100007&order_time=2022-02-14 HTTP/1.1" 200 408
120.253.135.82 - - [14/Feb/2022:09:53:57 +0800] "GET /xingrg/check_reg.html?_=1644803431808 HTTP/1.1" 200 22
120.253.135.82 - - [14/Feb/2022:09:53:57 +0800] "GET /xingrg/all/function/internal_message.html?_=1644803431866&CODE_STATE=getMsg HTTP/1.1" 200 27
116.232.55.59 - - [14/Feb/2022:09:53:59 +0800] "GET /xingrg/all/function/internal_message.html?_=1644803639359&CODE_STATE=getMsg HTTP/1.1" 200 27
101.83.241.170 - - [14/Feb/2022:09:54:04 +0800] "GET /xingrg/all/function/internal_message.html?_=1644803644795&CODE_STATE=getMsg HTTP/1.1" 200 27
180.152.99.39 - - [14/Feb/2022:09:54:04 +0800] "GET /xingrg/kc/buy/cgsh_order_operate.html?command=get_materiel&rest_code=00151&code=00101008323&supplier_code=00100007&order_time=2022-02-14 HTTP/1.1" 200 408
120.253.135.82 - - [14/Feb/2022:09:54:05 +0800] "GET /xingrg/all/function/internal_message.html?_=1644803780306&CODE_STATE=getMsg HTTP/1.1" 200 27
180.152.99.39 - - [14/Feb/2022:09:54:09 +0800] "GET /xingrg/check_reg.html?_=1644803563189 HTTP/1.1" 200 22
172.20.0.100 - - [14/Feb/2022:09:54:11 +0800] "GET /xingrg/all/function/internal_message.html?_=1644803650938&CODE_STATE=getMsg HTTP/1.1" 200 27
180.152.99.39 - - [14/Feb/2022:09:54:11 +0800] "GET /xingrg/kc/buy/cgsh_order_operate.html?command=get_materiel&rest_code=00151&code=00101008352&supplier_code=00100007&order_time=2022-02-14 HTTP/1.1" 200 412
180.152.99.39 - - [14/Feb/2022:09:54:12 +0800] "GET /xingrg/all/function/internal_message.html?_=1644803565788&CODE_STATE=getMsg HTTP/1.1" 200 27
180.152.99.39 - - [14/Feb/2022:09:54:19 +0800] "GET /xingrg/kc/buy/cgsh_order_operate.html?command=get_materiel&rest_code=00151&code=00101008318&supplier_code=00100007&order_time=2022-02-14 HTTP/1.1" 200 408
180.152.99.39 - - [14/Feb/2022:09:54:25 +0800] "GET /xingrg/kc/buy/cgsh_order_operate.html?command=get_materiel&rest_code=00151&code=00101016051&supplier_code=00100007&order_time=2022-02-14 HTTP/1.1" 200 408
114.84.150.224 - - [14/Feb/2022:09:54:25 +0800] "GET /xingrg/all/function/internal_message.html?_=1644803450359&CODE_STATE=getMsg HTTP/1.1" 200 27
116.235.92.83 - - [14/Feb/2022:09:54:26 +0800] "GET /xingrg/all/function/internal_message.html?_=1644803814201&CODE_STATE=getMsg HTTP/1.1" 200 27
172.20.0.100 - - [14/Feb/2022:09:54:31 +0800] "GET /xingrg/all/function/internal_message.html?_=1644803669104&CODE_STATE=getMsg HTTP/1.1" 200 27
172.20.0.100 - - [14/Feb/2022:09:54:31 +0800] "GET /xingrg/check_reg.html?_=1644803669114 HTTP/1.1" 200 22
180.152.99.39 - - [14/Feb/2022:09:54:32 +0800] "GET /xingrg/kc/buy/cgsh_order_operate.html?command=get_materiel&rest_code=00151&code=00101008270&supplier_code=00100007&order_time=2022-02-14 HTTP/1.1" 200 412
120.253.135.82 - - [14/Feb/2022:09:54:38 +0800] "GET /xingrg/all/function/internal_message.html?_=1644803672393&CODE_STATE=getMsg HTTP/1.1" 200 27
180.152.99.39 - - [14/Feb/2022:09:54:38 +0800] "GET /xingrg/kc/buy/cgsh_order_operate.html?command=get_materiel&rest_code=00151&code=00101008095&supplier_code=00100007&order_time=2022-02-14 HTTP/1.1" 200 412
116.239.131.195 - - [14/Feb/2022:09:54:39 +0800] "GET /xingrg/all/function/internal_message.html?_=1644803709785&CODE_STATE=getMsg HTTP/1.1" 200 27
180.152.99.39 - - [14/Feb/2022:09:54:44 +0800] "GET /xingrg/kc/buy/cgsh_order_operate.html?command=get_materiel&rest_code=00151&code=00101008221&supplier_code=00100007&order_time=2022-02-14 HTTP/1.1" 200 412
58.39.168.32 - - [14/Feb/2022:09:54:45 +0800] "GET /xingrg/all/function/internal_message.html?_=1644803686787&CODE_STATE=getMsg HTTP/1.1" 200 27
222.69.132.164 - - [14/Feb/2022:09:54:47 +0800] "GET /xingrg/all/function/internal_message.html?_=1644803757213&CODE_STATE=getMsg HTTP/1.1" 200 27
180.152.99.39 - - [14/Feb/2022:09:54:51 +0800] "GET /xingrg/kc/buy/cgsh_order_operate.html?command=get_materiel&rest_code=00151&code=00101008223&supplier_code=00100007&order_time=2022-02-14 HTTP/1.1" 200 412
120.253.135.82 - - [14/Feb/2022:09:54:57 +0800] "GET /xingrg/all/function/internal_message.html?_=1644803491879&CODE_STATE=getMsg HTTP/1.1" 200 27
180.152.99.39 - - [14/Feb/2022:09:54:58 +0800] "GET /xingrg/kc/buy/cgsh_order_operate.html?command=get_materiel&rest_code=00151&code=00101008343&supplier_code=00100007&order_time=2022-02-14 HTTP/1.1" 200 412
116.232.55.59 - - [14/Feb/2022:09:54:59 +0800] "GET /xingrg/all/function/internal_message.html?_=1644803699358&CODE_STATE=getMsg HTTP/1.1" 200 27
116.232.55.59 - - [14/Feb/2022:09:54:59 +0800] "GET /xingrg/check_reg.html?_=1644803699359 HTTP/1.1" 200 22
180.152.99.39 - - [14/Feb/2022:09:55:04 +0800] "GET /xingrg/kc/buy/cgsh_order_operate.html?command=get_materiel&rest_code=00151&code=00101008441&supplier_code=00100007&order_time=2022-02-14 HTTP/1.1" 200 406
101.83.241.170 - - [14/Feb/2022:09:55:04 +0800] "GET /xingrg/all/function/internal_message.html?_=1644803704795&CODE_STATE=getMsg HTTP/1.1" 200 27
120.253.135.82 - - [14/Feb/2022:09:55:05 +0800] "GET /xingrg/all/function/internal_message.html?_=1644803840358&CODE_STATE=getMsg HTTP/1.1" 200 27
172.20.0.100 - - [14/Feb/2022:09:55:11 +0800] "GET /xingrg/all/function/internal_message.html?_=1644803710935&CODE_STATE=getMsg HTTP/1.1" 200 27
222.70.243.96 - - [14/Feb/2022:09:55:12 +0800] "GET /xingrg/check_reg.html?_=1644803716378 HTTP/1.1" 302 -
222.70.243.96 - - [14/Feb/2022:09:55:12 +0800] "GET /xingrg/login.html HTTP/1.1" 200 7641
180.152.99.39 - - [14/Feb/2022:09:55:12 +0800] "GET /xingrg/all/function/internal_message.html?_=1644803625803&CODE_STATE=getMsg HTTP/1.1" 200 27
180.152.99.39 - - [14/Feb/2022:09:55:12 +0800] "GET /xingrg/kc/buy/cgsh_order_operate.html?command=get_materiel&rest_code=00151&code=00101008150&supplier_code=00100007&order_time=2022-02-14 HTTP/1.1" 200 409
58.37.147.178 - - [14/Feb/2022:09:55:15 +0800] "POST /xingrg/supplier/cgsh_list_operate.html HTTP/1.1" 200 4142
180.152.99.39 - - [14/Feb/2022:09:55:18 +0800] "GET /xingrg/kc/buy/cgsh_order_operate.html?command=get_materiel&rest_code=00151&code=00101008350&supplier_code=00100007&order_time=2022-02-14 HTTP/1.1" 200 408
114.84.150.224 - - [14/Feb/2022:09:55:25 +0800] "GET /xingrg/all/function/internal_message.html?_=1644803510327&CODE_STATE=getMsg HTTP/1.1" 200 27
116.235.92.83 - - [14/Feb/2022:09:55:26 +0800] "GET /xingrg/all/function/internal_message.html?_=1644803874200&CODE_STATE=getMsg HTTP/1.1" 200 27
180.152.99.39 - - [14/Feb/2022:09:55:27 +0800] "GET /xingrg/kc/buy/cgsh_order_operate.html?command=get_materiel&rest_code=00151&code=00101008264&supplier_code=00100007&order_time=2022-02-14 HTTP/1.1" 200 412
58.37.147.178 - - [14/Feb/2022:09:55:29 +0800] "POST /xingrg/supplier/cgsh_list_operate.html HTTP/1.1" 200 5036
172.20.0.100 - - [14/Feb/2022:09:55:31 +0800] "GET /xingrg/all/function/internal_message.html?_=1644803729106&CODE_STATE=getMsg HTTP/1.1" 200 27
180.152.99.39 - - [14/Feb/2022:09:55:33 +0800] "GET /xingrg/kc/buy/cgsh_order_operate.html?command=get_materiel&rest_code=00151&code=00101008344&supplier_code=00100007&order_time=2022-02-14 HTTP/1.1" 200 412
120.253.135.82 - - [14/Feb/2022:09:55:38 +0800] "GET /xingrg/all/function/internal_message.html?_=1644803732407&CODE_STATE=getMsg HTTP/1.1" 200 27
116.239.131.195 - - [14/Feb/2022:09:55:39 +0800] "GET /xingrg/all/function/internal_message.html?_=1644803769787&CODE_STATE=getMsg HTTP/1.1" 200 27
58.37.147.178 - - [14/Feb/2022:09:55:39 +0800] "POST /xingrg/supplier/cgsh_list_operate.html HTTP/1.1" 200 5038
180.152.99.39 - - [14/Feb/2022:09:55:42 +0800] "GET /xingrg/kc/buy/cgsh_order_operate.html?command=get_materiel&rest_code=00151&code=00101008271&supplier_code=00100007&order_time=2022-02-14 HTTP/1.1" 200 408
58.39.168.32 - - [14/Feb/2022:09:55:45 +0800] "GET /xingrg/check_reg.html?_=1644803746786 HTTP/1.1" 200 22
58.39.168.32 - - [14/Feb/2022:09:55:45 +0800] "GET /xingrg/all/function/internal_message.html?_=1644803746790&CODE_STATE=getMsg HTTP/1.1" 200 27
222.69.132.164 - - [14/Feb/2022:09:55:47 +0800] "GET /xingrg/all/function/internal_message.html?_=1644803817225&CODE_STATE=getMsg HTTP/1.1" 200 27
222.69.132.164 - - [14/Feb/2022:09:55:47 +0800] "GET /xingrg/check_reg.html?_=1644803817229 HTTP/1.1" 200 22
58.37.147.178 - - [14/Feb/2022:09:55:47 +0800] "POST /xingrg/supplier/cgsh_list_operate.html HTTP/1.1" 200 5149
180.152.99.39 - - [14/Feb/2022:09:55:52 +0800] "GET /xingrg/kc/buy/cgsh_order_operate.html?command=get_materiel&rest_code=00151&code=00101008357&supplier_code=00100007&order_time=2022-02-14 HTTP/1.1" 200 408
58.37.147.178 - - [14/Feb/2022:09:55:57 +0800] "POST /xingrg/supplier/cgsh_list_operate.html HTTP/1.1" 200 4935
120.253.135.82 - - [14/Feb/2022:09:55:57 +0800] "GET /xingrg/all/function/internal_message.html?_=1644803551894&CODE_STATE=getMsg HTTP/1.1" 200 27
116.232.55.59 - - [14/Feb/2022:09:55:59 +0800] "GET /xingrg/all/function/internal_message.html?_=1644803759367&CODE_STATE=getMsg HTTP/1.1" 200 27
180.152.99.39 - - [14/Feb/2022:09:55:59 +0800] "GET /xingrg/kc/buy/cgsh_order_operate.html?command=get_materiel&rest_code=00151&code=00101008300&supplier_code=00100007&order_time=2022-02-14 HTTP/1.1" 200 412
101.83.241.170 - - [14/Feb/2022:09:56:04 +0800] "GET /xingrg/all/function/internal_message.html?_=1644803764813&CODE_STATE=getMsg HTTP/1.1" 200 27
101.83.241.170 - - [14/Feb/2022:09:56:05 +0800] "POST /xingrg/services/DataTransmitService HTTP/1.1" 200 524
101.83.241.170 - - [14/Feb/2022:09:56:05 +0800] "POST /xingrg/services/DataTransmitService HTTP/1.1" 200 1983
120.253.135.82 - - [14/Feb/2022:09:56:05 +0800] "GET /xingrg/all/function/internal_message.html?_=1644803900365&CODE_STATE=getMsg HTTP/1.1" 200 27
101.83.241.170 - - [14/Feb/2022:09:56:06 +0800] "POST /xingrg/services/DataTransmitService HTTP/1.1" 200 138048
180.152.99.39 - - [14/Feb/2022:09:56:08 +0800] "GET /xingrg/kc/buy/cgsh_order_operate.html?command=get_materiel&rest_code=00151&code=00101008286&supplier_code=00100007&order_time=2022-02-14 HTTP/1.1" 200 408
58.37.147.178 - - [14/Feb/2022:09:56:09 +0800] "POST /xingrg/supplier/cgsh_list_operate.html HTTP/1.1" 200 4226
172.20.0.100 - - [14/Feb/2022:09:56:11 +0800] "GET /xingrg/all/function/internal_message.html?_=1644803770926&CODE_STATE=getMsg HTTP/1.1" 200 27
180.152.99.39 - - [14/Feb/2022:09:56:12 +0800] "GET /xingrg/all/function/internal_message.html?_=1644803685816&CODE_STATE=getMsg HTTP/1.1" 200 27
180.152.99.39 - - [14/Feb/2022:09:56:14 +0800] "GET /xingrg/kc/buy/cgsh_order_operate.html?command=get_materiel&rest_code=00151&code=00101008080&supplier_code=00100007&order_time=2022-02-14 HTTP/1.1" 200 416
58.37.147.178 - - [14/Feb/2022:09:56:16 +0800] "POST /xingrg/supplier/cgsh_list_operate.html HTTP/1.1" 200 3820
180.152.99.39 - - [14/Feb/2022:09:56:19 +0800] "POST /xingrg/kc/buy/cgsh_order_operate.html HTTP/1.1" 200 37
180.152.99.39 - - [14/Feb/2022:09:56:21 +0800] "POST /xingrg/kc/buy/cgsh_order_operate.html HTTP/1.1" 200 14062
114.84.150.224 - - [14/Feb/2022:09:56:25 +0800] "GET /xingrg/all/function/internal_message.html?_=1644803570299&CODE_STATE=getMsg HTTP/1.1" 200 27
58.37.147.178 - - [14/Feb/2022:09:56:25 +0800] "POST /xingrg/supplier/cgsh_list_operate.html HTTP/1.1" 200 4144
116.235.92.83 - - [14/Feb/2022:09:56:26 +0800] "GET /xingrg/all/function/internal_message.html?_=1644803934198&CODE_STATE=getMsg HTTP/1.1" 200 27
101.83.241.170 - - [14/Feb/2022:09:56:27 +0800] "POST /xingrg/services/DataTransmitService HTTP/1.1" 200 524
180.152.99.39 - - [14/Feb/2022:09:56:27 +0800] "GET /xingrg/kc/buy/cgsh_order_operate.html?command=get_materiel&rest_code=00151&code=00101012039&supplier_code=00100007&order_time=2022-02-14 HTTP/1.1" 200 408
101.83.241.170 - - [14/Feb/2022:09:56:27 +0800] "POST /xingrg/services/DataTransmitService HTTP/1.1" 200 1983
172.20.0.100 - - [14/Feb/2022:09:56:31 +0800] "GET /xingrg/all/function/internal_message.html?_=1644803789095&CODE_STATE=getMsg HTTP/1.1" 200 27
180.152.99.39 - - [14/Feb/2022:09:56:35 +0800] "GET /xingrg/kc/buy/cgsh_order_operate.html?command=get_materiel&rest_code=00151&code=00101016025&supplier_code=00100007&order_time=2022-02-14 HTTP/1.1" 200 408
58.37.147.178 - - [14/Feb/2022:09:56:37 +0800] "POST /xingrg/supplier/cgsh_list_operate.html HTTP/1.1" 200 4632
120.253.135.82 - - [14/Feb/2022:09:56:38 +0800] "GET /xingrg/all/function/internal_message.html?_=1644803792436&CODE_STATE=getMsg HTTP/1.1" 200 27
116.239.131.195 - - [14/Feb/2022:09:56:39 +0800] "GET /xingrg/all/function/internal_message.html?_=1644803830060&CODE_STATE=getMsg HTTP/1.1" 200 27
180.152.99.39 - - [14/Feb/2022:09:56:43 +0800] "GET /xingrg/kc/buy/cgsh_order_operate.html?command=get_materiel&rest_code=00151&code=00101008017&supplier_code=00100007&order_time=2022-02-14 HTTP/1.1" 200 416
58.39.168.32 - - [14/Feb/2022:09:56:45 +0800] "GET /xingrg/all/function/internal_message.html?_=1644803806789&CODE_STATE=getMsg HTTP/1.1" 200 27
58.37.147.178 - - [14/Feb/2022:09:56:46 +0800] "POST /xingrg/supplier/cgsh_list_operate.html HTTP/1.1" 200 4325
222.69.132.164 - - [14/Feb/2022:09:56:47 +0800] "GET /xingrg/all/function/internal_message.html?_=1644803877224&CODE_STATE=getMsg HTTP/1.1" 200 27
180.152.99.39 - - [14/Feb/2022:09:56:52 +0800] "GET /xingrg/kc/buy/cgsh_order_operate.html?command=get_materiel&rest_code=00151&code=00101008137&supplier_code=00100007&order_time=2022-02-14 HTTP/1.1" 200 408
58.37.147.178 - - [14/Feb/2022:09:56:54 +0800] "POST /xingrg/supplier/cgsh_list_operate.html HTTP/1.1" 200 4632
120.253.135.82 - - [14/Feb/2022:09:56:57 +0800] "GET /xingrg/all/function/internal_message.html?_=1644803611929&CODE_STATE=getMsg HTTP/1.1" 200 27
180.152.99.39 - - [14/Feb/2022:09:56:59 +0800] "GET /xingrg/kc/buy/cgsh_order_operate.html?command=get_materiel&rest_code=00151&code=00101008005&supplier_code=00100007&order_time=2022-02-14 HTTP/1.1" 200 412
116.232.55.59 - - [14/Feb/2022:09:56:59 +0800] "GET /xingrg/all/function/internal_message.html?_=1644803819368&CODE_STATE=getMsg HTTP/1.1" 200 27
58.37.147.178 - - [14/Feb/2022:09:57:04 +0800] "POST /xingrg/supplier/cgsh_list_operate.html HTTP/1.1" 200 4632
101.83.241.170 - - [14/Feb/2022:09:57:04 +0800] "GET /xingrg/all/function/internal_message.html?_=1644803824813&CODE_STATE=getMsg HTTP/1.1" 200 27
120.253.135.82 - - [14/Feb/2022:09:57:04 +0800] "GET /xingrg/check_reg.html?_=1644803959336 HTTP/1.1" 200 22
120.253.135.82 - - [14/Feb/2022:09:57:05 +0800] "GET /xingrg/all/function/internal_message.html?_=1644803960378&CODE_STATE=getMsg HTTP/1.1" 200 27
180.152.99.39 - - [14/Feb/2022:09:57:06 +0800] "POST /xingrg/kc/buy/cgsh_order_operate.html HTTP/1.1" 200 37
180.152.99.39 - - [14/Feb/2022:09:57:07 +0800] "POST /xingrg/kc/buy/cgsh_order_operate.html HTTP/1.1" 200 17061
172.20.0.100 - - [14/Feb/2022:09:57:11 +0800] "GET /xingrg/all/function/internal_message.html?_=1644803830930&CODE_STATE=getMsg HTTP/1.1" 200 27
172.20.0.100 - - [14/Feb/2022:09:57:11 +0800] "GET /xingrg/check_reg.html?_=1644803830932 HTTP/1.1" 200 22
180.152.99.39 - - [14/Feb/2022:09:57:12 +0800] "GET /xingrg/all/function/internal_message.html?_=1644803745830&CODE_STATE=getMsg HTTP/1.1" 200 27
180.152.99.39 - - [14/Feb/2022:09:57:13 +0800] "GET /xingrg/kc/buy/cgsh_order_operate.html?command=get_materiel&rest_code=00151&code=00101008213&supplier_code=00100007&order_time=2022-02-14 HTTP/1.1" 200 412
58.37.147.178 - - [14/Feb/2022:09:57:20 +0800] "POST /xingrg/supplier/cgsh_list_operate.html HTTP/1.1" 200 4629
180.152.99.39 - - [14/Feb/2022:09:57:22 +0800] "GET /xingrg/kc/buy/cgsh_order_operate.html?command=get_materiel&rest_code=00151&code=00101008312&supplier_code=00100007&order_time=2022-02-14 HTTP/1.1" 200 412
114.84.150.224 - - [14/Feb/2022:09:57:25 +0800] "GET /xingrg/all/function/internal_message.html?_=1644803630268&CODE_STATE=getMsg HTTP/1.1" 200 27
114.84.150.224 - - [14/Feb/2022:09:57:25 +0800] "GET /xingrg/check_reg.html?_=1644803630504 HTTP/1.1" 200 22
116.235.92.83 - - [14/Feb/2022:09:57:26 +0800] "GET /xingrg/all/function/internal_message.html?_=1644803994196&CODE_STATE=getMsg HTTP/1.1" 200 27
116.239.131.195 - - [14/Feb/2022:09:57:27 +0800] "GET /xingrg/check_reg.html?_=1644803877413 HTTP/1.1" 200 22
180.152.99.39 - - [14/Feb/2022:09:57:29 +0800] "GET /xingrg/kc/buy/cgsh_order_operate.html?command=get_materiel&rest_code=00151&code=00101008125&supplier_code=00100007&order_time=2022-02-14 HTTP/1.1" 200 413
172.20.0.100 - - [14/Feb/2022:09:57:31 +0800] "GET /xingrg/all/function/internal_message.html?_=1644803849107&CODE_STATE=getMsg HTTP/1.1" 200 27
58.37.147.178 - - [14/Feb/2022:09:57:32 +0800] "POST /xingrg/supplier/cgsh_list_operate.html HTTP/1.1" 200 2959
120.253.135.82 - - [14/Feb/2022:09:57:38 +0800] "GET /xingrg/all/function/internal_message.html?_=1644803852449&CODE_STATE=getMsg HTTP/1.1" 200 27
116.239.131.195 - - [14/Feb/2022:09:57:40 +0800] "GET /xingrg/all/function/internal_message.html?_=1644803890064&CODE_STATE=getMsg HTTP/1.1" 200 27
58.37.147.178 - - [14/Feb/2022:09:57:40 +0800] "POST /xingrg/supplier/cgsh_list_operate.html HTTP/1.1" 200 6086
180.152.99.39 - - [14/Feb/2022:09:57:40 +0800] "GET /xingrg/kc/buy/cgsh_order_operate.html?command=get_materiel&rest_code=00151&code=00101008131&supplier_code=00100007&order_time=2022-02-14 HTTP/1.1" 200 408
58.39.168.32 - - [14/Feb/2022:09:57:45 +0800] "GET /xingrg/all/function/internal_message.html?_=1644803866789&CODE_STATE=getMsg HTTP/1.1" 200 27
222.69.132.164 - - [14/Feb/2022:09:57:47 +0800] "GET /xingrg/all/function/internal_message.html?_=1644803937213&CODE_STATE=getMsg HTTP/1.1" 200 27
180.152.99.39 - - [14/Feb/2022:09:57:54 +0800] "POST /xingrg/kc/buy/cgsh_order_operate.html HTTP/1.1" 200 37
180.169.147.146 - - [14/Feb/2022:09:57:56 +0800] "GET /xingrg/check_reg.html?_=1644803875908 HTTP/1.1" 302 -
180.152.99.39 - - [14/Feb/2022:09:57:57 +0800] "POST /xingrg/kc/buy/cgsh_order_operate.html HTTP/1.1" 200 20036
120.253.135.82 - - [14/Feb/2022:09:57:57 +0800] "GET /xingrg/all/function/internal_message.html?_=1644803671937&CODE_STATE=getMsg HTTP/1.1" 200 27
116.232.55.59 - - [14/Feb/2022:09:57:59 +0800] "GET /xingrg/all/function/internal_message.html?_=1644803879373&CODE_STATE=getMsg HTTP/1.1" 200 27
180.152.99.39 - - [14/Feb/2022:09:58:03 +0800] "POST /xingrg/kc/buy/cgsh_order_operate.html HTTP/1.1" 200 37
101.83.241.170 - - [14/Feb/2022:09:58:04 +0800] "GET /xingrg/all/function/internal_message.html?_=1644803884811&CODE_STATE=getMsg HTTP/1.1" 200 27
101.83.241.170 - - [14/Feb/2022:09:58:04 +0800] "GET /xingrg/check_reg.html?_=1644803884825 HTTP/1.1" 200 22
120.253.135.82 - - [14/Feb/2022:09:58:05 +0800] "GET /xingrg/all/function/internal_message.html?_=1644804020391&CODE_STATE=getMsg HTTP/1.1" 200 27
180.152.99.39 - - [14/Feb/2022:09:58:06 +0800] "POST /xingrg/kc/buy/cgsh_order_operate.html HTTP/1.1" 200 12
180.152.99.39 - - [14/Feb/2022:09:58:07 +0800] "GET /xingrg/kc/buy/cgsh_order_info.html?code=212022021403469 HTTP/1.1" 200 60039
180.152.99.39 - - [14/Feb/2022:09:58:08 +0800] "GET /xingrg/javascript/easyui/themes/default/validatebox.css HTTP/1.1" 404 1104
180.152.99.39 - - [14/Feb/2022:09:58:09 +0800] "POST /xingrg/kc/buy/cgsh_order_operate.html HTTP/1.1" 200 17981
172.20.0.100 - - [14/Feb/2022:09:58:11 +0800] "GET /xingrg/all/function/internal_message.html?_=1644803890936&CODE_STATE=getMsg HTTP/1.1" 200 27
180.152.99.39 - - [14/Feb/2022:09:58:12 +0800] "GET /xingrg/all/function/internal_message.html?_=1644803805843&CODE_STATE=getMsg HTTP/1.1" 200 27
180.152.99.39 - - [14/Feb/2022:09:58:16 +0800] "GET /xingrg/kc/print/load_data.html?order_code=212022021403469&kc_code=cgsh&condition= HTTP/1.1" 200 7479
114.84.150.224 - - [14/Feb/2022:09:58:25 +0800] "GET /xingrg/all/function/internal_message.html?_=1644803690243&CODE_STATE=getMsg HTTP/1.1" 200 27
116.235.92.83 - - [14/Feb/2022:09:58:26 +0800] "GET /xingrg/all/function/internal_message.html?_=1644804054195&CODE_STATE=getMsg HTTP/1.1" 200 27
116.235.92.83 - - [14/Feb/2022:09:58:26 +0800] "GET /xingrg/check_reg.html?_=1644804054197 HTTP/1.1" 200 22
180.152.99.39 - - [14/Feb/2022:09:58:28 +0800] "GET /xingrg/kc/buy/cgsh_order_add.html HTTP/1.1" 200 65126
180.152.99.39 - - [14/Feb/2022:09:58:29 +0800] "POST /xingrg/kc/buy/cgsh_order_operate.html HTTP/1.1" 200 8245
180.152.99.39 - - [14/Feb/2022:09:58:29 +0800] "GET /xingrg/javascript/easyui/themes/default/validatebox.css HTTP/1.1" 404 1104
172.20.0.100 - - [14/Feb/2022:09:58:31 +0800] "GET /xingrg/all/function/internal_message.html?_=1644803909100&CODE_STATE=getMsg HTTP/1.1" 200 27
222.70.223.103 - - [14/Feb/2022:09:58:35 +0800] "POST /xingrg/services/DataTransmitService HTTP/1.1" 200 524
120.253.135.82 - - [14/Feb/2022:09:58:36 +0800] "GET /xingrg/check_reg.html?_=1644803910762 HTTP/1.1" 200 22
120.253.135.82 - - [14/Feb/2022:09:58:38 +0800] "GET /xingrg/all/function/internal_message.html?_=1644803912463&CODE_STATE=getMsg HTTP/1.1" 200 27
116.239.131.195 - - [14/Feb/2022:09:58:39 +0800] "GET /xingrg/all/function/internal_message.html?_=1644803950087&CODE_STATE=getMsg HTTP/1.1" 200 27
180.152.99.39 - - [14/Feb/2022:09:58:44 +0800] "GET /xingrg/kc/buy/cgsh_order_operate.html?command=get_materiel&rest_code=00151&code=00101029061&supplier_code=00100097&order_time=2022-02-14 HTTP/1.1" 200 434
58.39.168.32 - - [14/Feb/2022:09:58:45 +0800] "GET /xingrg/all/function/internal_message.html?_=1644803926790&CODE_STATE=getMsg HTTP/1.1" 200 27
222.69.132.164 - - [14/Feb/2022:09:58:47 +0800] "GET /xingrg/all/function/internal_message.html?_=1644803997200&CODE_STATE=getMsg HTTP/1.1" 200 27
120.253.135.82 - - [14/Feb/2022:09:58:57 +0800] "GET /xingrg/check_reg.html?_=1644803731828 HTTP/1.1" 200 22
120.253.135.82 - - [14/Feb/2022:09:58:57 +0800] "GET /xingrg/all/function/internal_message.html?_=1644803731949&CODE_STATE=getMsg HTTP/1.1" 200 27
116.232.55.59 - - [14/Feb/2022:09:58:59 +0800] "GET /xingrg/all/function/internal_message.html?_=1644803939393&CODE_STATE=getMsg HTTP/1.1" 200 27
101.83.241.170 - - [14/Feb/2022:09:59:04 +0800] "GET /xingrg/all/function/internal_message.html?_=1644803944823&CODE_STATE=getMsg HTTP/1.1" 200 27
120.253.135.82 - - [14/Feb/2022:09:59:05 +0800] "GET /xingrg/all/function/internal_message.html?_=1644804080405&CODE_STATE=getMsg HTTP/1.1" 200 27
180.152.99.39 - - [14/Feb/2022:09:59:09 +0800] "GET /xingrg/check_reg.html?_=1644803863189 HTTP/1.1" 200 22
172.20.0.100 - - [14/Feb/2022:09:59:11 +0800] "GET /xingrg/all/function/internal_message.html?_=1644803950927&CODE_STATE=getMsg HTTP/1.1" 200 27
180.152.99.39 - - [14/Feb/2022:09:59:12 +0800] "GET /xingrg/all/function/internal_message.html?_=1644803865856&CODE_STATE=getMsg HTTP/1.1" 200 27
180.152.99.39 - - [14/Feb/2022:09:59:18 +0800] "GET /xingrg/kc/buy/cgsh_order_operate.html?command=get_materiel&rest_code=00151&code=00101029064&supplier_code=00100097&order_time=2022-02-14 HTTP/1.1" 200 444
114.84.150.224 - - [14/Feb/2022:09:59:25 +0800] "GET /xingrg/all/function/internal_message.html?_=1644803750217&CODE_STATE=getMsg HTTP/1.1" 200 27
116.235.92.83 - - [14/Feb/2022:09:59:26 +0800] "GET /xingrg/all/function/internal_message.html?_=1644804114195&CODE_STATE=getMsg HTTP/1.1" 200 27
172.20.0.100 - - [14/Feb/2022:09:59:31 +0800] "GET /xingrg/check_reg.html?_=1644803969123 HTTP/1.1" 200 22
172.20.0.100 - - [14/Feb/2022:09:59:31 +0800] "GET /xingrg/all/function/internal_message.html?_=1644803969118&CODE_STATE=getMsg HTTP/1.1" 200 27
180.152.99.39 - - [14/Feb/2022:09:59:31 +0800] "GET /xingrg/kc/buy/cgsh_order_operate.html?command=get_materiel&rest_code=00151&code=00101029017&supplier_code=00100097&order_time=2022-02-14 HTTP/1.1" 200 448
222.70.182.51 - - [14/Feb/2022:09:59:35 +0800] "POST /xingrg/services/DataTransmitService HTTP/1.1" 200 524
120.253.135.82 - - [14/Feb/2022:09:59:38 +0800] "GET /xingrg/all/function/internal_message.html?_=1644803972477&CODE_STATE=getMsg HTTP/1.1" 200 27
116.239.131.195 - - [14/Feb/2022:09:59:40 +0800] "GET /xingrg/all/function/internal_message.html?_=1644804010326&CODE_STATE=getMsg HTTP/1.1" 200 27
58.39.168.32 - - [14/Feb/2022:09:59:45 +0800] "GET /xingrg/all/function/internal_message.html?_=1644803986790&CODE_STATE=getMsg HTTP/1.1" 200 27
222.69.132.164 - - [14/Feb/2022:09:59:47 +0800] "GET /xingrg/all/function/internal_message.html?_=1644804057210&CODE_STATE=getMsg HTTP/1.1" 200 27
180.152.99.39 - - [14/Feb/2022:09:59:53 +0800] "GET /xingrg/kc/buy/cgsh_order_operate.html?command=get_materiel&rest_code=00151&code=00101029080&supplier_code=00100097&order_time=2022-02-14 HTTP/1.1" 200 448
180.152.99.39 - - [14/Feb/2022:09:59:55 +0800] "POST /xingrg/all/common/load_select.html HTTP/1.1" 200 25
120.253.135.82 - - [14/Feb/2022:09:59:57 +0800] "GET /xingrg/all/function/internal_message.html?_=1644803791963&CODE_STATE=getMsg HTTP/1.1" 200 27
116.232.55.59 - - [14/Feb/2022:09:59:59 +0800] "GET /xingrg/all/function/internal_message.html?_=1644803999381&CODE_STATE=getMsg HTTP/1.1" 200 27
116.232.55.59 - - [14/Feb/2022:09:59:59 +0800] "GET /xingrg/check_reg.html?_=1644803999382 HTTP/1.1" 200 22
180.152.99.39 - - [14/Feb/2022:09:59:59 +0800] "GET /xingrg/kc/buy/cgsh_order_operate.html?command=get_materiel_price&rest_code=00151&code=00101029080&unit_code=00100539&supplier_code=00100097&order_time=2022-02-14 HTTP/1.1" 200 30
101.83.241.170 - - [14/Feb/2022:10:00:04 +0800] "GET /xingrg/all/function/internal_message.html?_=1644804004825&CODE_STATE=getMsg HTTP/1.1" 200 27
120.253.135.82 - - [14/Feb/2022:10:00:05 +0800] "GET /xingrg/all/function/internal_message.html?_=1644804140464&CODE_STATE=getMsg HTTP/1.1" 200 27
172.20.0.100 - - [14/Feb/2022:10:00:11 +0800] "GET /xingrg/all/function/internal_message.html?_=1644804010937&CODE_STATE=getMsg HTTP/1.1" 200 27
222.70.243.96 - - [14/Feb/2022:10:00:12 +0800] "GET /xingrg/check_reg.html?_=1644804016390 HTTP/1.1" 302 -
180.152.99.39 - - [14/Feb/2022:10:00:12 +0800] "GET /xingrg/all/function/internal_message.html?_=1644803925872&CODE_STATE=getMsg HTTP/1.1" 200 27
114.84.150.224 - - [14/Feb/2022:10:00:25 +0800] "GET /xingrg/all/function/internal_message.html?_=1644803810192&CODE_STATE=getMsg HTTP/1.1" 200 27
116.235.92.83 - - [14/Feb/2022:10:00:26 +0800] "GET /xingrg/all/function/internal_message.html?_=1644804174195&CODE_STATE=getMsg HTTP/1.1" 200 27
172.20.0.100 - - [14/Feb/2022:10:00:31 +0800] "GET /xingrg/all/function/internal_message.html?_=1644804029112&CODE_STATE=getMsg HTTP/1.1" 200 27
116.235.92.83 - - [14/Feb/2022:10:00:34 +0800] "POST /xingrg/services/DataTransmitService HTTP/1.1" 200 524
116.235.92.83 - - [14/Feb/2022:10:00:35 +0800] "POST /xingrg/services/DataTransmitService HTTP/1.1" 200 412
