116.232.55.59 - - [14/Feb/2022:11:06:04 +0800] "GET /xingrg/kc/buy/cgsh_order_operate.html?command=get_materiel&rest_code=00109&code=00102001164&supplier_code=00100075&order_time=2022-02-14 HTTP/1.1" 200 411
101.83.241.170 - - [14/Feb/2022:11:06:05 +0800] "GET /xingrg/all/function/internal_message.html?_=1644807965065&CODE_STATE=getMsg HTTP/1.1" 200 27
124.79.79.90 - - [14/Feb/2022:11:06:10 +0800] "GET /xingrg/all/function/internal_message.html?_=1644807971726&CODE_STATE=getMsg HTTP/1.1" 200 27
124.79.79.90 - - [14/Feb/2022:11:06:10 +0800] "GET /xingrg/check_reg.html?_=1644807972184 HTTP/1.1" 200 22
222.70.178.243 - - [14/Feb/2022:11:06:12 +0800] "GET /xingrg/kc/base/wldb_order_operate.html?command=get_materiel&rest_code=00111&base_code=0010842&code=00101006158 HTTP/1.1" 200 456
116.232.55.59 - - [14/Feb/2022:11:06:13 +0800] "GET /xingrg/kc/buy/cgsh_order_operate.html?command=get_materiel&rest_code=00109&code=00102013003&supplier_code=00100075&order_time=2022-02-14 HTTP/1.1" 200 409
222.70.223.103 - - [14/Feb/2022:11:06:17 +0800] "GET /xingrg/kc/buy/cgsh_order_operate.html?command=get_materiel&rest_code=00155&code=00101008210&supplier_code=00100005&order_time=2022-02-14 HTTP/1.1" 200 408
222.70.223.103 - - [14/Feb/2022:11:06:18 +0800] "GET /xingrg/all/function/internal_message.html?_=1644807976653&CODE_STATE=getMsg HTTP/1.1" 200 27
116.232.55.59 - - [14/Feb/2022:11:06:22 +0800] "POST /xingrg/kc/buy/cgsh_order_operate.html HTTP/1.1" 200 37
116.232.55.59 - - [14/Feb/2022:11:06:24 +0800] "POST /xingrg/kc/buy/cgsh_order_operate.html HTTP/1.1" 200 3847
116.235.92.83 - - [14/Feb/2022:11:06:26 +0800] "GET /xingrg/all/function/internal_message.html?_=1644808134259&CODE_STATE=getMsg HTTP/1.1" 200 27
116.232.55.59 - - [14/Feb/2022:11:06:26 +0800] "GET /xingrg/kc/print/load_config.html?kc_code=cgsh HTTP/1.1" 200 1943
116.232.55.59 - - [14/Feb/2022:11:06:26 +0800] "GET /xingrg/kc/print/load_data.html?order_code=212022021403488&kc_code=cgsh&condition= HTTP/1.1" 200 1142
124.78.153.118 - - [14/Feb/2022:11:06:27 +0800] "GET /xingrg/all/function/internal_message.html?_=1644807989060&CODE_STATE=getMsg HTTP/1.1" 200 27
124.78.153.118 - - [14/Feb/2022:11:06:27 +0800] "GET /xingrg/check_reg.html?_=1644807989061 HTTP/1.1" 200 22
222.70.243.96 - - [14/Feb/2022:11:06:28 +0800] "GET /xingrg/all/function/internal_message.html?_=1644807992636&CODE_STATE=getMsg HTTP/1.1" 200 27
222.70.178.243 - - [14/Feb/2022:11:06:30 +0800] "GET /xingrg/kc/base/wldb_order_operate.html?command=get_materiel&rest_code=00111&base_code=0010842&code=00101006166 HTTP/1.1" 200 442
172.20.0.100 - - [14/Feb/2022:11:06:31 +0800] "GET /xingrg/all/function/internal_message.html?_=1644807990880&CODE_STATE=getMsg HTTP/1.1" 200 27
180.152.99.39 - - [14/Feb/2022:11:06:35 +0800] "GET /xingrg/all/function/internal_message.html?_=1644807909512&CODE_STATE=getMsg HTTP/1.1" 200 27
180.169.147.146 - - [14/Feb/2022:11:06:36 +0800] "GET /xingrg/all/function/internal_message.html?_=1644807996781&CODE_STATE=getMsg HTTP/1.1" 200 27
58.39.168.32 - - [14/Feb/2022:11:06:45 +0800] "GET /xingrg/all/function/internal_message.html?_=1644808006861&CODE_STATE=getMsg HTTP/1.1" 200 27
222.69.132.164 - - [14/Feb/2022:11:06:47 +0800] "GET /xingrg/all/function/internal_message.html?_=1644808077227&CODE_STATE=getMsg HTTP/1.1" 200 27
222.70.178.243 - - [14/Feb/2022:11:06:54 +0800] "GET /xingrg/kc/base/wldb_order_operate.html?command=get_materiel&rest_code=00111&base_code=0010842&code=00101006268 HTTP/1.1" 200 417
116.232.55.59 - - [14/Feb/2022:11:06:59 +0800] "GET /xingrg/all/function/internal_message.html?_=1644808019559&CODE_STATE=getMsg HTTP/1.1" 200 27
222.70.178.243 - - [14/Feb/2022:11:06:59 +0800] "GET /favicon.ico HTTP/1.1" 404 -
222.70.178.243 - - [14/Feb/2022:11:06:59 +0800] "GET /xingrg/all/function/internal_message.html?_=1644808019091&CODE_STATE=getMsg HTTP/1.1" 200 27
124.78.153.118 - - [14/Feb/2022:11:06:59 +0800] "GET /xingrg/all/function/internal_message.html?_=1644808019431&CODE_STATE=getMsg HTTP/1.1" 200 27
116.239.131.195 - - [14/Feb/2022:11:07:00 +0800] "GET /xingrg/all/function/internal_message.html?_=1644808050326&CODE_STATE=getMsg HTTP/1.1" 200 27
58.40.7.146 - - [14/Feb/2022:11:07:01 +0800] "GET /xingrg/all/function/internal_message.html?_=1644808031173&CODE_STATE=getMsg HTTP/1.1" 200 27
101.83.241.170 - - [14/Feb/2022:11:07:05 +0800] "GET /xingrg/all/function/internal_message.html?_=1644808025074&CODE_STATE=getMsg HTTP/1.1" 200 27
124.79.79.90 - - [14/Feb/2022:11:07:10 +0800] "GET /xingrg/all/function/internal_message.html?_=1644808031702&CODE_STATE=getMsg HTTP/1.1" 200 27
222.70.178.243 - - [14/Feb/2022:11:07:14 +0800] "GET /xingrg/kc/base/wldb_order_operate.html?command=get_materiel&rest_code=00111&base_code=0010842&code=00101007063 HTTP/1.1" 200 429
222.70.223.103 - - [14/Feb/2022:11:07:18 +0800] "GET /xingrg/check_reg.html?_=1644808036647 HTTP/1.1" 200 22
222.70.223.103 - - [14/Feb/2022:11:07:18 +0800] "GET /xingrg/all/function/internal_message.html?_=1644808036651&CODE_STATE=getMsg HTTP/1.1" 200 27
180.152.99.39 - - [14/Feb/2022:11:07:23 +0800] "POST /xingrg/services/DataTransmitService HTTP/1.1" 200 524
58.37.224.91 - - [14/Feb/2022:11:07:25 +0800] "GET /xingrg/check_reg.html?_=1644807830734 HTTP/1.1" 200 22
116.235.92.83 - - [14/Feb/2022:11:07:26 +0800] "GET /xingrg/all/function/internal_message.html?_=1644808194259&CODE_STATE=getMsg HTTP/1.1" 200 27
180.152.99.39 - - [14/Feb/2022:11:07:26 +0800] "POST /xingrg/services/DataTransmitService HTTP/1.1" 200 501
124.78.153.118 - - [14/Feb/2022:11:07:27 +0800] "GET /xingrg/all/function/internal_message.html?_=1644808049059&CODE_STATE=getMsg HTTP/1.1" 200 27
222.70.178.243 - - [14/Feb/2022:11:07:28 +0800] "GET /xingrg/kc/base/wldb_order_operate.html?command=get_materiel&rest_code=00111&base_code=0010842&code=00101007085 HTTP/1.1" 200 436
222.70.243.96 - - [14/Feb/2022:11:07:28 +0800] "GET /xingrg/all/function/internal_message.html?_=1644808052644&CODE_STATE=getMsg HTTP/1.1" 200 27
116.239.131.195 - - [14/Feb/2022:11:07:28 +0800] "GET /xingrg/check_reg.html?_=1644808078665 HTTP/1.1" 200 22
172.20.0.100 - - [14/Feb/2022:11:07:31 +0800] "GET /xingrg/all/function/internal_message.html?_=1644808050892&CODE_STATE=getMsg HTTP/1.1" 200 27
180.152.99.39 - - [14/Feb/2022:11:07:35 +0800] "GET /xingrg/check_reg.html?_=1644807969205 HTTP/1.1" 200 22
180.152.99.39 - - [14/Feb/2022:11:07:35 +0800] "GET /xingrg/all/function/internal_message.html?_=1644807969525&CODE_STATE=getMsg HTTP/1.1" 200 27
180.169.147.146 - - [14/Feb/2022:11:07:36 +0800] "GET /xingrg/all/function/internal_message.html?_=1644808056796&CODE_STATE=getMsg HTTP/1.1" 200 27
58.39.168.32 - - [14/Feb/2022:11:07:45 +0800] "GET /xingrg/all/function/internal_message.html?_=1644808066861&CODE_STATE=getMsg HTTP/1.1" 200 27
222.69.132.164 - - [14/Feb/2022:11:07:47 +0800] "GET /xingrg/all/function/internal_message.html?_=1644808137216&CODE_STATE=getMsg HTTP/1.1" 200 27
222.70.243.96 - - [14/Feb/2022:11:07:48 +0800] "GET /xingrg/kc/buy/cgsh_order_add.html HTTP/1.1" 200 65516
222.70.243.96 - - [14/Feb/2022:11:07:48 +0800] "GET /xingrg/javascript/jquery_easy_ui/themes/icons/rest.png HTTP/1.1" 304 -
222.70.243.96 - - [14/Feb/2022:11:07:48 +0800] "GET /xingrg/javascript/jquery_easy_ui/themes/icons/area.png HTTP/1.1" 304 -
222.70.243.96 - - [14/Feb/2022:11:07:48 +0800] "GET /xingrg/javascript/easyui/themes/default/validatebox.css HTTP/1.1" 404 1104
222.70.243.96 - - [14/Feb/2022:11:07:49 +0800] "POST /xingrg/kc/buy/cgsh_order_operate.html HTTP/1.1" 200 8245
222.70.178.243 - - [14/Feb/2022:11:07:55 +0800] "GET /xingrg/kc/base/wldb_order_operate.html?command=get_materiel&rest_code=00111&base_code=0010842&code=00101007095 HTTP/1.1" 200 437
180.169.147.146 - - [14/Feb/2022:11:07:56 +0800] "GET /xingrg/check_reg.html?_=1644808075943 HTTP/1.1" 302 -
222.70.223.103 - - [14/Feb/2022:11:07:57 +0800] "GET /xingrg/kc/buy/cgsh_order_operate.html?command=get_materiel&rest_code=00155&code=00101008331&supplier_code=00100005&order_time=2022-02-14 HTTP/1.1" 200 416
116.232.55.59 - - [14/Feb/2022:11:07:59 +0800] "GET /xingrg/all/function/internal_message.html?_=1644808079561&CODE_STATE=getMsg HTTP/1.1" 200 27
222.70.178.243 - - [14/Feb/2022:11:07:59 +0800] "GET /xingrg/all/function/internal_message.html?_=1644808079084&CODE_STATE=getMsg HTTP/1.1" 200 27
124.78.153.118 - - [14/Feb/2022:11:07:59 +0800] "GET /xingrg/all/function/internal_message.html?_=1644808079432&CODE_STATE=getMsg HTTP/1.1" 200 27
116.239.131.195 - - [14/Feb/2022:11:08:00 +0800] "GET /xingrg/all/function/internal_message.html?_=1644808110345&CODE_STATE=getMsg HTTP/1.1" 200 27
58.40.7.146 - - [14/Feb/2022:11:08:01 +0800] "GET /xingrg/all/function/internal_message.html?_=1644808091175&CODE_STATE=getMsg HTTP/1.1" 200 27
101.83.241.170 - - [14/Feb/2022:11:08:05 +0800] "GET /xingrg/check_reg.html?_=1644808085075 HTTP/1.1" 200 22
101.83.241.170 - - [14/Feb/2022:11:08:05 +0800] "GET /xingrg/all/function/internal_message.html?_=1644808085078&CODE_STATE=getMsg HTTP/1.1" 200 27
222.70.178.243 - - [14/Feb/2022:11:08:06 +0800] "POST /xingrg/kc/base/wldb_order_operate.html HTTP/1.1" 200 1710
124.79.79.90 - - [14/Feb/2022:11:08:10 +0800] "GET /xingrg/all/function/internal_message.html?_=1644808091676&CODE_STATE=getMsg HTTP/1.1" 200 27
222.70.223.103 - - [14/Feb/2022:11:08:10 +0800] "GET /xingrg/kc/buy/cgsh_order_operate.html?command=get_materiel&rest_code=00155&code=00101008005&supplier_code=00100005&order_time=2022-02-14 HTTP/1.1" 200 412
222.70.178.243 - - [14/Feb/2022:11:08:13 +0800] "GET /xingrg/kc/base/wldb_order_operate.html?command=get_materiel&rest_code=00111&base_code=0010842&code=00101007109 HTTP/1.1" 200 429
222.70.223.103 - - [14/Feb/2022:11:08:18 +0800] "GET /xingrg/all/function/internal_message.html?_=1644808096636&CODE_STATE=getMsg HTTP/1.1" 200 27
222.70.223.103 - - [14/Feb/2022:11:08:21 +0800] "GET /xingrg/kc/buy/cgsh_order_operate.html?command=get_materiel&rest_code=00155&code=00101008359&supplier_code=00100005&order_time=2022-02-14 HTTP/1.1" 200 408
222.70.178.243 - - [14/Feb/2022:11:08:24 +0800] "GET /xingrg/kc/base/wldb_order_operate.html?command=get_materiel&rest_code=00111&base_code=0010842&code=00101008001 HTTP/1.1" 200 435
222.70.243.96 - - [14/Feb/2022:11:08:24 +0800] "GET /xingrg/kc/buy/cgsh_order_operate.html?command=get_materiel&rest_code=00146&code=00101009062&supplier_code=00100023&order_time=2022-02-14 HTTP/1.1" 200 412
116.235.92.83 - - [14/Feb/2022:11:08:26 +0800] "GET /xingrg/all/function/internal_message.html?_=1644808254262&CODE_STATE=getMsg HTTP/1.1" 200 27
116.235.92.83 - - [14/Feb/2022:11:08:26 +0800] "GET /xingrg/check_reg.html?_=1644808254263 HTTP/1.1" 200 22
222.70.243.96 - - [14/Feb/2022:11:08:26 +0800] "GET /xingrg/check_reg.html?_=1644808111146 HTTP/1.1" 200 22
124.78.153.118 - - [14/Feb/2022:11:08:27 +0800] "GET /xingrg/all/function/internal_message.html?_=1644808109058&CODE_STATE=getMsg HTTP/1.1" 200 27
222.70.243.96 - - [14/Feb/2022:11:08:28 +0800] "GET /xingrg/all/function/internal_message.html?_=1644808112658&CODE_STATE=getMsg HTTP/1.1" 200 27
180.169.147.146 - - [14/Feb/2022:11:08:29 +0800] "GET /xingrg/kc/report/report_main.html HTTP/1.1" 302 -
180.169.147.146 - - [14/Feb/2022:11:08:29 +0800] "GET /xingrg/login.html HTTP/1.1" 200 7641
180.169.147.146 - - [14/Feb/2022:11:08:29 +0800] "GET /xingrg/login.html HTTP/1.1" 200 7641
180.169.147.146 - - [14/Feb/2022:11:08:29 +0800] "GET /xingrg/images/blue/jxLogo.png HTTP/1.1" 200 6156
180.169.147.146 - - [14/Feb/2022:11:08:30 +0800] "GET /xingrg/images/blue/srbg.png HTTP/1.1" 200 138
180.169.147.146 - - [14/Feb/2022:11:08:30 +0800] "GET /xingrg/images/blue/hj.png HTTP/1.1" 200 1014
180.169.147.146 - - [14/Feb/2022:11:08:30 +0800] "GET /xingrg/images/blue/login_bg.png HTTP/1.1" 200 22101
180.169.147.146 - - [14/Feb/2022:11:08:30 +0800] "GET /favicon.ico HTTP/1.1" 404 -
180.169.147.146 - - [14/Feb/2022:11:08:31 +0800] "POST /xingrg/login.do HTTP/1.1" 302 -
180.169.147.146 - - [14/Feb/2022:11:08:31 +0800] "GET /xingrg/index.html?sysBaseUrl=http%3A%2F%2F180.169.147.146%3A18081%2Fxingrg%2F&costTime=51×tamp=1644808111059 HTTP/1.1" 200 17503
180.169.147.146 - - [14/Feb/2022:11:08:31 +0800] "GET /xingrg/javascript/jquery_easy_ui/themes/default/easyui.css HTTP/1.1" 200 26500
180.169.147.146 - - [14/Feb/2022:11:08:31 +0800] "GET /xingrg/javascript/jquery_easy_ui/themes/icon.css HTTP/1.1" 200 3949
180.169.147.146 - - [14/Feb/2022:11:08:31 +0800] "GET /xingrg/css/form.css HTTP/1.1" 200 893
180.169.147.146 - - [14/Feb/2022:11:08:31 +0800] "GET /xingrg/javascript/jquery_easy_ui/easyui-lang-zh_CN.js HTTP/1.1" 200 1900
180.169.147.146 - - [14/Feb/2022:11:08:31 +0800] "GET /xingrg/javascript/jquery-1.4.2.min.js HTTP/1.1" 200 72205
180.169.147.146 - - [14/Feb/2022:11:08:31 +0800] "GET /xingrg/javascript/jquery.form.js HTTP/1.1" 200 23110
180.169.147.146 - - [14/Feb/2022:11:08:31 +0800] "GET /xingrg/javascript/jquery_easy_ui/jquery.easyui.min.js HTTP/1.1" 200 213662
180.169.147.146 - - [14/Feb/2022:11:08:31 +0800] "GET /xingrg/javascript/jquery.timers.js HTTP/1.1" 200 3532
180.169.147.146 - - [14/Feb/2022:11:08:31 +0800] "GET /xingrg/javascript/jquery.utils.js HTTP/1.1" 200 11805
172.20.0.100 - - [14/Feb/2022:11:08:31 +0800] "GET /xingrg/all/function/internal_message.html?_=1644808110880&CODE_STATE=getMsg HTTP/1.1" 200 27
180.169.147.146 - - [14/Feb/2022:11:08:31 +0800] "GET /xingrg/images/blue/navBackgound.jpg HTTP/1.1" 200 12378
180.169.147.146 - - [14/Feb/2022:11:08:31 +0800] "GET /xingrg/javascript/jquery_easy_ui/themes/icons/settle_new.png HTTP/1.1" 200 826
180.169.147.146 - - [14/Feb/2022:11:08:31 +0800] "POST /xingrg/all/common/load_tree.html?tree=area_rest_tree_json&manage=1 HTTP/1.1" 200 3472
180.169.147.146 - - [14/Feb/2022:11:08:31 +0800] "GET /xingrg/check_reg.html?_=1644808110955 HTTP/1.1" 200 22
180.169.147.146 - - [14/Feb/2022:11:08:31 +0800] "GET /xingrg/images/blue/pingpu.png HTTP/1.1" 200 231
180.169.147.146 - - [14/Feb/2022:11:08:31 +0800] "GET /xingrg/javascript/jquery_easy_ui/themes/default/images/tabs_rightarrow.png HTTP/1.1" 200 395
180.169.147.146 - - [14/Feb/2022:11:08:31 +0800] "GET /xingrg/all/function/internal_message.html?_=1644808110954&CODE_STATE=count HTTP/1.1" 200 11
180.169.147.146 - - [14/Feb/2022:11:08:31 +0800] "GET /xingrg/javascript/jquery_easy_ui/themes/default/images/panel_tool_collapse.gif HTTP/1.1" 200 246
180.169.147.146 - - [14/Feb/2022:11:08:31 +0800] "GET /xingrg/javascript/jquery_easy_ui/themes/default/images/tabs_leftarrow.png HTTP/1.1" 200 389
180.169.147.146 - - [14/Feb/2022:11:08:31 +0800] "GET /xingrg/javascript/jquery_easy_ui/themes/default/images/panel_tool_expand.gif HTTP/1.1" 200 247
180.169.147.146 - - [14/Feb/2022:11:08:31 +0800] "GET /favicon.ico HTTP/1.1" 404 -
180.169.147.146 - - [14/Feb/2022:11:08:31 +0800] "POST /xingrg/load_menu.html HTTP/1.1" 200 11564
180.169.147.146 - - [14/Feb/2022:11:08:31 +0800] "GET /xingrg/javascript/jquery_easy_ui/themes/default/images/tree_folder.gif HTTP/1.1" 200 952
180.169.147.146 - - [14/Feb/2022:11:08:31 +0800] "GET /xingrg/javascript/jquery_easy_ui/themes/icons/setting_new.png HTTP/1.1" 200 450
180.169.147.146 - - [14/Feb/2022:11:08:31 +0800] "GET /xingrg/javascript/jquery_easy_ui/themes/default/images/tree_file.gif HTTP/1.1" 200 118
180.169.147.146 - - [14/Feb/2022:11:08:31 +0800] "GET /xingrg/javascript/jquery_easy_ui/themes/icons/storage_new.png HTTP/1.1" 200 853
180.169.147.146 - - [14/Feb/2022:11:08:31 +0800] "GET /xingrg/javascript/jquery_easy_ui/themes/icons/delivery_new.png HTTP/1.1" 200 700
180.169.147.146 - - [14/Feb/2022:11:08:31 +0800] "GET /xingrg/javascript/jquery_easy_ui/themes/icons/forms_new.png HTTP/1.1" 200 350
180.169.147.146 - - [14/Feb/2022:11:08:31 +0800] "GET /xingrg/javascript/jquery_easy_ui/themes/icons/systemset_new.png HTTP/1.1" 200 606
180.169.147.146 - - [14/Feb/2022:11:08:31 +0800] "GET /xingrg/javascript/jquery_easy_ui/themes/icons/checkout_new.png HTTP/1.1" 200 744
180.169.147.146 - - [14/Feb/2022:11:08:31 +0800] "GET /xingrg/javascript/jquery_easy_ui/themes/default/images/tree_folder_open.gif HTTP/1.1" 200 956
180.169.147.146 - - [14/Feb/2022:11:08:31 +0800] "GET /xingrg/javascript/jquery_easy_ui/themes/icons/search_new.png HTTP/1.1" 200 586
180.169.147.146 - - [14/Feb/2022:11:08:31 +0800] "GET /xingrg/javascript/jquery_easy_ui/themes/default/images/tree_arrows.gif HTTP/1.1" 200 1043
222.70.223.103 - - [14/Feb/2022:11:08:31 +0800] "GET /xingrg/kc/buy/cgsh_order_operate.html?command=get_materiel&rest_code=00155&code=00101008298&supplier_code=00100005&order_time=2022-02-14 HTTP/1.1" 200 413
180.169.147.146 - - [14/Feb/2022:11:08:32 +0800] "GET /xingrg/kc/info/info_main.html HTTP/1.1" 200 6010
180.169.147.146 - - [14/Feb/2022:11:08:32 +0800] "GET /xingrg/javascript/jquery_easy_ui/themes/default/images/tabs_close.gif HTTP/1.1" 200 829
180.169.147.146 - - [14/Feb/2022:11:08:32 +0800] "GET /xingrg/css/blue.css HTTP/1.1" 200 15949
180.169.147.146 - - [14/Feb/2022:11:08:32 +0800] "GET /xingrg/javascript/pic_change.js HTTP/1.1" 200 4739
180.169.147.146 - - [14/Feb/2022:11:08:32 +0800] "GET /xingrg/javascript/ToolTips.js HTTP/1.1" 200 5615
180.169.147.146 - - [14/Feb/2022:11:08:32 +0800] "GET /xingrg/javascript/myfunction.js HTTP/1.1" 200 24559
180.169.147.146 - - [14/Feb/2022:11:08:32 +0800] "GET /xingrg/images/blue/cldwgl.gif HTTP/1.1" 200 2487
180.169.147.146 - - [14/Feb/2022:11:08:32 +0800] "GET /xingrg/images/blue/clxx.gif HTTP/1.1" 200 1916
180.169.147.146 - - [14/Feb/2022:11:08:32 +0800] "GET /xingrg/images/blue/ckxx.gif HTTP/1.1" 200 2041
180.169.147.146 - - [14/Feb/2022:11:08:32 +0800] "GET /xingrg/images/blue/gyscljg.gif HTTP/1.1" 200 2081
180.169.147.146 - - [14/Feb/2022:11:08:32 +0800] "GET /xingrg/images/blue/gysxxgl.gif HTTP/1.1" 200 1945
180.169.147.146 - - [14/Feb/2022:11:08:32 +0800] "GET /xingrg/images/blue/gyslbgl.gif HTTP/1.1" 200 1480
180.169.147.146 - - [14/Feb/2022:11:08:32 +0800] "GET /xingrg/images/blue/button/cgxqd.gif HTTP/1.1" 200 2619
180.169.147.146 - - [14/Feb/2022:11:08:32 +0800] "GET /xingrg/kc/report/report_main.html HTTP/1.1" 200 8599
180.169.147.146 - - [14/Feb/2022:11:08:32 +0800] "GET /xingrg/javascript/jquery_ui/themes/humanity/humanity.css HTTP/1.1" 200 27801
180.169.147.146 - - [14/Feb/2022:11:08:32 +0800] "GET /xingrg/javascript/json2.js HTTP/1.1" 200 11259
180.169.147.146 - - [14/Feb/2022:11:08:32 +0800] "GET /xingrg/javascript/jquery_easy_ui/themes/icons/back_new.png HTTP/1.1" 200 3414
180.169.147.146 - - [14/Feb/2022:11:08:33 +0800] "GET /xingrg/javascript/jquery_easy_ui/themes/icons/rest.png HTTP/1.1" 200 695
180.169.147.146 - - [14/Feb/2022:11:08:33 +0800] "GET /xingrg/javascript/jquery_easy_ui/themes/default/images/button_span_bg.gif HTTP/1.1" 200 2061
180.169.147.146 - - [14/Feb/2022:11:08:33 +0800] "GET /xingrg/javascript/jquery_easy_ui/themes/icons/manage.png HTTP/1.1" 200 696
180.169.147.146 - - [14/Feb/2022:11:08:33 +0800] "GET /xingrg/javascript/jquery_easy_ui/themes/icons/ok.png HTTP/1.1" 200 883
180.169.147.146 - - [14/Feb/2022:11:08:33 +0800] "GET /xingrg/javascript/jquery_easy_ui/themes/default/images/button_a_bg.gif HTTP/1.1" 200 1194
180.169.147.146 - - [14/Feb/2022:11:08:33 +0800] "GET /xingrg/javascript/jquery_easy_ui/themes/default/images/panel_title.png HTTP/1.1" 200 266
180.169.147.146 - - [14/Feb/2022:11:08:33 +0800] "GET /xingrg/javascript/jquery_easy_ui/themes/default/images/panel_tools.gif HTTP/1.1" 200 737
180.169.147.146 - - [14/Feb/2022:11:08:33 +0800] "GET /xingrg/javascript/jquery_easy_ui/themes/icons/area.png HTTP/1.1" 200 262
180.152.99.39 - - [14/Feb/2022:11:08:35 +0800] "GET /xingrg/all/function/internal_message.html?_=1644808029539&CODE_STATE=getMsg HTTP/1.1" 200 27
180.169.147.146 - - [14/Feb/2022:11:08:36 +0800] "GET /xingrg/all/report/report_query.html?fileName=kc/buy/gys_amount_base_rest.xml HTTP/1.1" 200 51664
180.169.147.146 - - [14/Feb/2022:11:08:36 +0800] "GET /xingrg/javascript/multi_select/jqueryMultiSelect.css HTTP/1.1" 200 951
180.169.147.146 - - [14/Feb/2022:11:08:36 +0800] "GET /xingrg/javascript/calendar/timePicker.css HTTP/1.1" 200 523
180.169.147.146 - - [14/Feb/2022:11:08:36 +0800] "GET /xingrg/javascript/bigrid/fix.css HTTP/1.1" 200 1702
180.169.147.146 - - [14/Feb/2022:11:08:36 +0800] "GET /xingrg/dwr/interface/AjaxReportQueryService.js HTTP/1.1" 200 13203
180.169.147.146 - - [14/Feb/2022:11:08:36 +0800] "GET /xingrg/dwr/util.js HTTP/1.1" 200 35990
180.169.147.146 - - [14/Feb/2022:11:08:36 +0800] "GET /xingrg/dwr/engine.js HTTP/1.1" 200 43631
180.169.147.146 - - [14/Feb/2022:11:08:36 +0800] "GET /xingrg/javascript/Calendar.js HTTP/1.1" 200 31561
180.169.147.146 - - [14/Feb/2022:11:08:36 +0800] "GET /xingrg/javascript/calendar/jquery.timePicker.min.js HTTP/1.1" 200 2997
180.169.147.146 - - [14/Feb/2022:11:08:36 +0800] "GET /xingrg/javascript/jqueryMultiSelect.js HTTP/1.1" 200 11866
180.169.147.146 - - [14/Feb/2022:11:08:36 +0800] "GET /xingrg/javascript/bigrid/fix.js HTTP/1.1" 200 6439
180.169.147.146 - - [14/Feb/2022:11:08:36 +0800] "GET /xingrg/images/blue/button/advanceover.gif HTTP/1.1" 200 1347
180.169.147.146 - - [14/Feb/2022:11:08:36 +0800] "GET /xingrg/images/control/loading.gif HTTP/1.1" 200 13463
180.169.147.146 - - [14/Feb/2022:11:08:36 +0800] "GET /xingrg/images/blue/button/advance2over.gif HTTP/1.1" 200 1336
180.169.147.146 - - [14/Feb/2022:11:08:36 +0800] "GET /xingrg/images/blue/button/backover.gif HTTP/1.1" 200 1348
180.169.147.146 - - [14/Feb/2022:11:08:36 +0800] "GET /xingrg/images/blue/button/back2over.gif HTTP/1.1" 200 1335
180.169.147.146 - - [14/Feb/2022:11:08:36 +0800] "GET /xingrg/javascript/jquery_easy_ui/themes/default/images/menu_downarrow.png HTTP/1.1" 200 173
180.169.147.146 - - [14/Feb/2022:11:08:36 +0800] "GET /xingrg/javascript/jquery_easy_ui/themes/default/images/menu.gif HTTP/1.1" 200 834
180.169.147.146 - - [14/Feb/2022:11:08:36 +0800] "POST /xingrg/dwr/call/plaincall/AjaxReportQueryService.getFixDate.dwr HTTP/1.1" 200 111
180.169.147.146 - - [14/Feb/2022:11:08:36 +0800] "GET /xingrg/javascript/jquery_easy_ui/themes/default/images/menu_rightarrow.png HTTP/1.1" 200 3617
180.169.147.146 - - [14/Feb/2022:11:08:36 +0800] "GET /xingrg/javascript/jquery_easy_ui/themes/icons/print.png HTTP/1.1" 200 1057
180.169.147.146 - - [14/Feb/2022:11:08:36 +0800] "GET /xingrg/javascript/jquery_easy_ui/themes/icons/pencil.png HTTP/1.1" 200 713
180.169.147.146 - - [14/Feb/2022:11:08:36 +0800] "GET /xingrg/javascript/jquery_easy_ui/themes/icons/help.png HTTP/1.1" 200 1187
180.169.147.146 - - [14/Feb/2022:11:08:36 +0800] "GET /xingrg/javascript/jquery_easy_ui/themes/default/images/combo_arrow_dot.gif HTTP/1.1" 200 79
180.169.147.146 - - [14/Feb/2022:11:08:36 +0800] "POST /xingrg/all/common/load_tree.html?tree=area_rest_tree_json&manage=1 HTTP/1.1" 200 3472
180.169.147.146 - - [14/Feb/2022:11:08:36 +0800] "GET /xingrg/javascript/jquery_easy_ui/themes/default/images/tree_checkbox_0.gif HTTP/1.1" 200 168
180.169.147.146 - - [14/Feb/2022:11:08:36 +0800] "POST /xingrg/all/common/load_tree.html?tree=supplier_tree_json&manage=1 HTTP/1.1" 200 63357
180.169.147.146 - - [14/Feb/2022:11:08:36 +0800] "GET /xingrg/all/function/internal_message.html?_=1644808116793&CODE_STATE=getMsg HTTP/1.1" 200 27
222.70.178.243 - - [14/Feb/2022:11:08:37 +0800] "GET /xingrg/kc/base/wldb_order_operate.html?command=get_materiel&rest_code=00111&base_code=0010842&code=00101008010 HTTP/1.1" 200 434
180.169.147.146 - - [14/Feb/2022:11:08:38 +0800] "GET /xingrg/javascript/jquery_easy_ui/themes/default/images/tabs_active.png HTTP/1.1" 200 2894
222.70.243.96 - - [14/Feb/2022:11:08:41 +0800] "GET /xingrg/kc/buy/cgsh_order_operate.html?command=get_materiel&rest_code=00146&code=00101009018&supplier_code=00100023&order_time=2022-02-14 HTTP/1.1" 200 410
180.169.147.146 - - [14/Feb/2022:11:08:41 +0800] "GET /xingrg/all/report/report_query.html?fileName=kc/buy/gys_amount.xml&rh=99999 HTTP/1.1" 200 52006
180.169.147.146 - - [14/Feb/2022:11:08:41 +0800] "GET /xingrg/dwr/interface/AjaxReportQueryService.js HTTP/1.1" 200 13203
180.169.147.146 - - [14/Feb/2022:11:08:41 +0800] "GET /xingrg/dwr/engine.js HTTP/1.1" 200 43631
180.169.147.146 - - [14/Feb/2022:11:08:41 +0800] "POST /xingrg/dwr/call/plaincall/AjaxReportQueryService.getFixDate.dwr HTTP/1.1" 200 111
222.70.223.103 - - [14/Feb/2022:11:08:41 +0800] "GET /xingrg/kc/buy/cgsh_order_operate.html?command=get_materiel&rest_code=00155&code=00101008091&supplier_code=00100005&order_time=2022-02-14 HTTP/1.1" 200 412
180.169.147.146 - - [14/Feb/2022:11:08:41 +0800] "POST /xingrg/all/common/load_tree.html?tree=supplier_tree_json&manage=1 HTTP/1.1" 200 63357
180.169.147.146 - - [14/Feb/2022:11:08:42 +0800] "POST /xingrg/all/common/load_tree.html?tree=materiel_sort_tree_json HTTP/1.1" 200 9388
180.169.147.146 - - [14/Feb/2022:11:08:43 +0800] "POST /xingrg/dwr/call/plaincall/AjaxReportQueryService.getInitString.dwr HTTP/1.1" 200 417
180.169.147.146 - - [14/Feb/2022:11:08:43 +0800] "GET /xingrg/javascript/multi_select/dropdown.gif HTTP/1.1" 200 61
58.39.168.32 - - [14/Feb/2022:11:08:45 +0800] "GET /xingrg/all/function/internal_message.html?_=1644808126861&CODE_STATE=getMsg HTTP/1.1" 200 27
180.169.147.146 - - [14/Feb/2022:11:08:45 +0800] "POST /xingrg/dwr/call/plaincall/AjaxReportQueryService.getFixDate.dwr HTTP/1.1" 200 111
222.69.132.164 - - [14/Feb/2022:11:08:47 +0800] "GET /xingrg/all/function/internal_message.html?_=1644808197209&CODE_STATE=getMsg HTTP/1.1" 200 27
180.169.147.146 - - [14/Feb/2022:11:08:48 +0800] "POST /xingrg/dwr/call/plaincall/AjaxReportQueryService.refreshCache.dwr HTTP/1.1" 200 78
180.169.147.146 - - [14/Feb/2022:11:08:52 +0800] "POST /xingrg/all/report/load_report_page.html HTTP/1.1" 200 140543
180.169.147.146 - - [14/Feb/2022:11:08:52 +0800] "GET /xingrg/servlets/image?cache=0.7155936477323922&image=px HTTP/1.1" 200 807
222.70.243.96 - - [14/Feb/2022:11:08:56 +0800] "GET /xingrg/kc/buy/cgsh_order_operate.html?command=get_materiel&rest_code=00146&code=00101009016&supplier_code=00100023&order_time=2022-02-14 HTTP/1.1" 200 412
116.232.55.59 - - [14/Feb/2022:11:08:59 +0800] "GET /xingrg/all/function/internal_message.html?_=1644808139564&CODE_STATE=getMsg HTTP/1.1" 200 27
222.70.178.243 - - [14/Feb/2022:11:08:59 +0800] "GET /xingrg/check_reg.html?_=1644808139084 HTTP/1.1" 200 22
222.70.178.243 - - [14/Feb/2022:11:08:59 +0800] "GET /xingrg/all/function/internal_message.html?_=1644808139087&CODE_STATE=getMsg HTTP/1.1" 200 27
124.78.153.118 - - [14/Feb/2022:11:08:59 +0800] "GET /xingrg/all/function/internal_message.html?_=1644808139432&CODE_STATE=getMsg HTTP/1.1" 200 27
116.239.131.195 - - [14/Feb/2022:11:09:00 +0800] "GET /xingrg/all/function/internal_message.html?_=1644808170358&CODE_STATE=getMsg HTTP/1.1" 200 27
58.40.7.146 - - [14/Feb/2022:11:09:01 +0800] "GET /xingrg/all/function/internal_message.html?_=1644808151173&CODE_STATE=getMsg HTTP/1.1" 200 27
101.83.241.170 - - [14/Feb/2022:11:09:05 +0800] "GET /xingrg/all/function/internal_message.html?_=1644808145079&CODE_STATE=getMsg HTTP/1.1" 200 27
222.70.178.243 - - [14/Feb/2022:11:09:06 +0800] "GET /xingrg/kc/base/wldb_order_operate.html?command=get_materiel&rest_code=00111&base_code=0010842&code=00101008125 HTTP/1.1" 200 434
222.70.223.103 - - [14/Feb/2022:11:09:07 +0800] "GET /xingrg/kc/buy/cgsh_order_operate.html?command=get_materiel&rest_code=00155&code=00101008447&supplier_code=00100005&order_time=2022-02-14 HTTP/1.1" 200 399
124.79.79.90 - - [14/Feb/2022:11:09:10 +0800] "GET /xingrg/all/function/internal_message.html?_=1644808151647&CODE_STATE=getMsg HTTP/1.1" 200 27
222.70.243.96 - - [14/Feb/2022:11:09:16 +0800] "GET /xingrg/kc/buy/cgsh_order_operate.html?command=get_materiel&rest_code=00146&code=00101009013&supplier_code=00100023&order_time=2022-02-14 HTTP/1.1" 200 421
222.70.223.103 - - [14/Feb/2022:11:09:18 +0800] "GET /xingrg/all/function/internal_message.html?_=1644808156637&CODE_STATE=getMsg HTTP/1.1" 200 27
222.70.223.103 - - [14/Feb/2022:11:09:19 +0800] "GET /xingrg/kc/buy/cgsh_order_operate.html?command=get_materiel&rest_code=00155&code=00101008149&supplier_code=00100005&order_time=2022-02-14 HTTP/1.1" 200 408
116.235.92.83 - - [14/Feb/2022:11:09:26 +0800] "GET /xingrg/all/function/internal_message.html?_=1644808314267&CODE_STATE=getMsg HTTP/1.1" 200 27
124.78.153.118 - - [14/Feb/2022:11:09:27 +0800] "GET /xingrg/all/function/internal_message.html?_=1644808169059&CODE_STATE=getMsg HTTP/1.1" 200 27
222.70.243.96 - - [14/Feb/2022:11:09:28 +0800] "GET /xingrg/all/function/internal_message.html?_=1644808172671&CODE_STATE=getMsg HTTP/1.1" 200 27
222.70.178.243 - - [14/Feb/2022:11:09:29 +0800] "GET /xingrg/kc/base/wldb_order_operate.html?command=get_materiel&rest_code=00111&base_code=0010842&code=00101008195 HTTP/1.1" 200 443
172.20.0.100 - - [14/Feb/2022:11:09:31 +0800] "GET /xingrg/all/function/internal_message.html?_=1644808170884&CODE_STATE=getMsg HTTP/1.1" 200 27
172.20.0.100 - - [14/Feb/2022:11:09:31 +0800] "GET /xingrg/check_reg.html?_=1644808170886 HTTP/1.1" 200 22
222.70.178.243 - - [14/Feb/2022:11:09:31 +0800] "POST /xingrg/kc/base/wldb_order_operate.html HTTP/1.1" 200 1710
180.169.147.146 - - [14/Feb/2022:11:09:31 +0800] "GET /xingrg/all/function/internal_message.html?_=1644808170968&CODE_STATE=getMsg HTTP/1.1" 200 27
222.70.178.243 - - [14/Feb/2022:11:09:35 +0800] "GET /xingrg/kc/base/wldb_order_operate.html?command=get_materiel&rest_code=00111&base_code=0010842&code=00101008306 HTTP/1.1" 200 434
180.152.99.39 - - [14/Feb/2022:11:09:35 +0800] "GET /xingrg/all/function/internal_message.html?_=1644808089553&CODE_STATE=getMsg HTTP/1.1" 200 27
180.169.147.146 - - [14/Feb/2022:11:09:36 +0800] "GET /xingrg/check_reg.html?_=1644808176792 HTTP/1.1" 200 22
180.169.147.146 - - [14/Feb/2022:11:09:36 +0800] "GET /xingrg/all/function/internal_message.html?_=1644808176793&CODE_STATE=getMsg HTTP/1.1" 200 27
222.70.223.103 - - [14/Feb/2022:11:09:43 +0800] "GET /xingrg/kc/buy/cgsh_order_operate.html?command=get_materiel&rest_code=00155&code=00101008010&supplier_code=00100005&order_time=2022-02-14 HTTP/1.1" 200 432
58.39.168.32 - - [14/Feb/2022:11:09:45 +0800] "GET /xingrg/all/function/internal_message.html?_=1644808186862&CODE_STATE=getMsg HTTP/1.1" 200 27
222.70.243.96 - - [14/Feb/2022:11:09:46 +0800] "GET /xingrg/kc/buy/cgsh_order_operate.html?command=get_materiel&rest_code=00146&code=00101009011&supplier_code=00100023&order_time=2022-02-14 HTTP/1.1" 200 416
222.69.132.164 - - [14/Feb/2022:11:09:47 +0800] "GET /xingrg/all/function/internal_message.html?_=1644808257226&CODE_STATE=getMsg HTTP/1.1" 200 27
222.70.178.243 - - [14/Feb/2022:11:09:53 +0800] "GET /xingrg/kc/base/wldb_order_operate.html?command=get_materiel&rest_code=00111&base_code=0010842&code=00101008557 HTTP/1.1" 200 451
222.70.243.96 - - [14/Feb/2022:11:09:56 +0800] "GET /xingrg/kc/buy/cgsh_order_operate.html?command=get_materiel&rest_code=00146&code=00101009015&supplier_code=00100023&order_time=2022-02-14 HTTP/1.1" 200 418
116.232.55.59 - - [14/Feb/2022:11:09:59 +0800] "GET /xingrg/all/function/internal_message.html?_=1644808199567&CODE_STATE=getMsg HTTP/1.1" 200 27
116.232.55.59 - - [14/Feb/2022:11:09:59 +0800] "GET /xingrg/check_reg.html?_=1644808199568 HTTP/1.1" 200 22
222.70.223.103 - - [14/Feb/2022:11:09:59 +0800] "GET /xingrg/kc/buy/cgsh_order_operate.html?command=get_materiel&rest_code=00155&code=00101008646&supplier_code=00100005&order_time=2022-02-14 HTTP/1.1" 200 399
222.70.178.243 - - [14/Feb/2022:11:09:59 +0800] "GET /xingrg/all/function/internal_message.html?_=1644808199269&CODE_STATE=getMsg HTTP/1.1" 200 27
124.78.153.118 - - [14/Feb/2022:11:09:59 +0800] "GET /xingrg/all/function/internal_message.html?_=1644808199433&CODE_STATE=getMsg HTTP/1.1" 200 27
116.239.131.195 - - [14/Feb/2022:11:10:00 +0800] "GET /xingrg/all/function/internal_message.html?_=1644808230912&CODE_STATE=getMsg HTTP/1.1" 200 27
58.40.7.146 - - [14/Feb/2022:11:10:01 +0800] "GET /xingrg/all/function/internal_message.html?_=1644808211159&CODE_STATE=getMsg HTTP/1.1" 200 27
101.83.241.170 - - [14/Feb/2022:11:10:05 +0800] "GET /xingrg/all/function/internal_message.html?_=1644808205080&CODE_STATE=getMsg HTTP/1.1" 200 27
222.70.178.243 - - [14/Feb/2022:11:10:07 +0800] "GET /xingrg/kc/base/wldb_order_operate.html?command=get_materiel&rest_code=00111&base_code=0010842&code=00101010050 HTTP/1.1" 200 438
222.70.223.103 - - [14/Feb/2022:11:10:09 +0800] "GET /xingrg/kc/buy/cgsh_order_operate.html?command=get_materiel&rest_code=00155&code=00101008125&supplier_code=00100005&order_time=2022-02-14 HTTP/1.1" 200 432
124.79.79.90 - - [14/Feb/2022:11:10:10 +0800] "GET /xingrg/all/function/internal_message.html?_=1644808211634&CODE_STATE=getMsg HTTP/1.1" 200 27
222.70.223.103 - - [14/Feb/2022:11:10:18 +0800] "GET /xingrg/all/function/internal_message.html?_=1644808216645&CODE_STATE=getMsg HTTP/1.1" 200 27
222.70.223.103 - - [14/Feb/2022:11:10:19 +0800] "GET /xingrg/kc/buy/cgsh_order_operate.html?command=get_materiel&rest_code=00155&code=00101008290&supplier_code=00100005&order_time=2022-02-14 HTTP/1.1" 200 416
58.37.224.91 - - [14/Feb/2022:11:10:22 +0800] "POST /xingrg/services/DataTransmitService HTTP/1.1" 200 524
58.37.224.91 - - [14/Feb/2022:11:10:23 +0800] "POST /xingrg/services/DataTransmitService HTTP/1.1" 200 2247
222.70.178.243 - - [14/Feb/2022:11:10:23 +0800] "GET /xingrg/kc/base/wldb_order_operate.html?command=get_materiel&rest_code=00111&base_code=0010842&code=00101010079 HTTP/1.1" 200 433
58.37.224.91 - - [14/Feb/2022:11:10:23 +0800] "POST /xingrg/services/DataTransmitService HTTP/1.1" 200 181619
116.235.92.83 - - [14/Feb/2022:11:10:26 +0800] "GET /xingrg/all/function/internal_message.html?_=1644808374265&CODE_STATE=getMsg HTTP/1.1" 200 27
124.78.153.118 - - [14/Feb/2022:11:10:27 +0800] "GET /xingrg/all/function/internal_message.html?_=1644808229058&CODE_STATE=getMsg HTTP/1.1" 200 27
222.70.223.103 - - [14/Feb/2022:11:10:28 +0800] "GET /xingrg/kc/buy/cgsh_order_operate.html?command=get_materiel&rest_code=00155&code=00101008264&supplier_code=00100005&order_time=2022-02-14 HTTP/1.1" 200 412
222.70.243.96 - - [14/Feb/2022:11:10:28 +0800] "GET /xingrg/all/function/internal_message.html?_=1644808232684&CODE_STATE=getMsg HTTP/1.1" 200 27
172.20.0.100 - - [14/Feb/2022:11:10:31 +0800] "GET /xingrg/all/function/internal_message.html?_=1644808230890&CODE_STATE=getMsg HTTP/1.1" 200 27
180.169.147.146 - - [14/Feb/2022:11:10:31 +0800] "GET /xingrg/all/function/internal_message.html?_=1644808230976&CODE_STATE=getMsg HTTP/1.1" 200 27
180.152.99.39 - - [14/Feb/2022:11:10:35 +0800] "GET /xingrg/all/function/internal_message.html?_=1644808149566&CODE_STATE=getMsg HTTP/1.1" 200 27
180.169.147.146 - - [14/Feb/2022:11:10:36 +0800] "GET /xingrg/all/function/internal_message.html?_=1644808236791&CODE_STATE=getMsg HTTP/1.1" 200 27
222.70.178.243 - - [14/Feb/2022:11:10:37 +0800] "GET /xingrg/kc/base/wldb_order_operate.html?command=get_materiel&rest_code=00111&base_code=0010842&code=00101010148 HTTP/1.1" 200 435
222.70.243.96 - - [14/Feb/2022:11:10:40 +0800] "GET /xingrg/kc/buy/cgsh_order_operate.html?command=get_materiel&rest_code=00146&code=00101009107&supplier_code=00100023&order_time=2022-02-14 HTTP/1.1" 200 398
222.70.223.103 - - [14/Feb/2022:11:10:42 +0800] "GET /xingrg/kc/buy/cgsh_order_operate.html?command=get_materiel&rest_code=00155&code=00101008001&supplier_code=00100005&order_time=2022-02-14 HTTP/1.1" 200 433
222.70.178.243 - - [14/Feb/2022:11:10:43 +0800] "POST /xingrg/kc/base/wldb_order_operate.html HTTP/1.1" 200 1710
58.39.168.32 - - [14/Feb/2022:11:10:45 +0800] "GET /xingrg/check_reg.html?_=1644808246861 HTTP/1.1" 200 22
58.39.168.32 - - [14/Feb/2022:11:10:45 +0800] "GET /xingrg/all/function/internal_message.html?_=1644808246864&CODE_STATE=getMsg HTTP/1.1" 200 27
222.69.132.164 - - [14/Feb/2022:11:10:47 +0800] "GET /xingrg/check_reg.html?_=1644808317217 HTTP/1.1" 200 22
222.69.132.164 - - [14/Feb/2022:11:10:47 +0800] "GET /xingrg/all/function/internal_message.html?_=1644808317221&CODE_STATE=getMsg HTTP/1.1" 200 27
222.70.178.243 - - [14/Feb/2022:11:10:47 +0800] "GET /xingrg/kc/base/wldb_order_operate.html?command=get_materiel&rest_code=00111&base_code=0010842&code=00101010161 HTTP/1.1" 200 429
222.70.223.103 - - [14/Feb/2022:11:10:55 +0800] "GET /xingrg/kc/buy/cgsh_order_operate.html?command=get_materiel&rest_code=00155&code=00101008024&supplier_code=00100005&order_time=2022-02-14 HTTP/1.1" 200 408
222.70.178.243 - - [14/Feb/2022:11:10:57 +0800] "GET /xingrg/kc/base/wldb_order_operate.html?command=get_materiel&rest_code=00111&base_code=0010842&code=00101010282 HTTP/1.1" 200 434
116.232.55.59 - - [14/Feb/2022:11:10:59 +0800] "GET /xingrg/all/function/internal_message.html?_=1644808259569&CODE_STATE=getMsg HTTP/1.1" 200 27
222.70.178.243 - - [14/Feb/2022:11:10:59 +0800] "GET /xingrg/all/function/internal_message.html?_=1644808259248&CODE_STATE=getMsg HTTP/1.1" 200 27
124.78.153.118 - - [14/Feb/2022:11:10:59 +0800] "GET /xingrg/check_reg.html?_=1644808259433 HTTP/1.1" 200 22
124.78.153.118 - - [14/Feb/2022:11:10:59 +0800] "GET /xingrg/all/function/internal_message.html?_=1644808259436&CODE_STATE=getMsg HTTP/1.1" 200 27
116.239.131.195 - - [14/Feb/2022:11:11:00 +0800] "GET /xingrg/all/function/internal_message.html?_=1644808290915&CODE_STATE=getMsg HTTP/1.1" 200 27
58.40.7.146 - - [14/Feb/2022:11:11:01 +0800] "GET /xingrg/all/function/internal_message.html?_=1644808271169&CODE_STATE=getMsg HTTP/1.1" 200 27
58.40.7.146 - - [14/Feb/2022:11:11:01 +0800] "GET /xingrg/check_reg.html?_=1644808271171 HTTP/1.1" 200 22
222.70.223.103 - - [14/Feb/2022:11:11:04 +0800] "GET /xingrg/kc/buy/cgsh_order_operate.html?command=get_materiel&rest_code=00155&code=00101008356&supplier_code=00100005&order_time=2022-02-14 HTTP/1.1" 200 408
101.83.241.170 - - [14/Feb/2022:11:11:05 +0800] "GET /xingrg/all/function/internal_message.html?_=1644808265093&CODE_STATE=getMsg HTTP/1.1" 200 27
124.79.79.90 - - [14/Feb/2022:11:11:10 +0800] "GET /xingrg/all/function/internal_message.html?_=1644808271606&CODE_STATE=getMsg HTTP/1.1" 200 27
124.79.79.90 - - [14/Feb/2022:11:11:10 +0800] "GET /xingrg/check_reg.html?_=1644808272185 HTTP/1.1" 200 22
222.70.223.103 - - [14/Feb/2022:11:11:14 +0800] "GET /xingrg/kc/buy/cgsh_order_operate.html?command=get_materiel&rest_code=00155&code=00101008251&supplier_code=00100005&order_time=2022-02-14 HTTP/1.1" 200 408
222.70.223.103 - - [14/Feb/2022:11:11:18 +0800] "GET /xingrg/all/function/internal_message.html?_=1644808276642&CODE_STATE=getMsg HTTP/1.1" 200 27
116.235.92.83 - - [14/Feb/2022:11:11:26 +0800] "GET /xingrg/all/function/internal_message.html?_=1644808434263&CODE_STATE=getMsg HTTP/1.1" 200 27
124.78.153.118 - - [14/Feb/2022:11:11:27 +0800] "GET /xingrg/all/function/internal_message.html?_=1644808289056&CODE_STATE=getMsg HTTP/1.1" 200 27
124.78.153.118 - - [14/Feb/2022:11:11:27 +0800] "GET /xingrg/check_reg.html?_=1644808289057 HTTP/1.1" 200 22
222.70.243.96 - - [14/Feb/2022:11:11:28 +0800] "GET /xingrg/all/function/internal_message.html?_=1644808292699&CODE_STATE=getMsg HTTP/1.1" 200 27
222.70.223.103 - - [14/Feb/2022:11:11:28 +0800] "GET /xingrg/kc/buy/cgsh_order_operate.html?command=get_materiel&rest_code=00155&code=00101014064&supplier_code=00100005&order_time=2022-02-14 HTTP/1.1" 200 413
222.70.178.243 - - [14/Feb/2022:11:11:28 +0800] "GET /xingrg/kc/base/wldb_order_operate.html?command=get_materiel&rest_code=00111&base_code=0010842&code=00101001016 HTTP/1.1" 200 435
172.20.0.100 - - [14/Feb/2022:11:11:31 +0800] "GET /xingrg/all/function/internal_message.html?_=1644808290878&CODE_STATE=getMsg HTTP/1.1" 200 27
180.169.147.146 - - [14/Feb/2022:11:11:31 +0800] "GET /xingrg/all/function/internal_message.html?_=1644808290978&CODE_STATE=getMsg HTTP/1.1" 200 27
180.152.99.39 - - [14/Feb/2022:11:11:35 +0800] "GET /xingrg/all/function/internal_message.html?_=1644808209579&CODE_STATE=getMsg HTTP/1.1" 200 27
180.169.147.146 - - [14/Feb/2022:11:11:36 +0800] "GET /xingrg/all/function/internal_message.html?_=1644808296786&CODE_STATE=getMsg HTTP/1.1" 200 27
58.39.168.32 - - [14/Feb/2022:11:11:45 +0800] "GET /xingrg/all/function/internal_message.html?_=1644808306863&CODE_STATE=getMsg HTTP/1.1" 200 27
222.69.132.164 - - [14/Feb/2022:11:11:47 +0800] "GET /xingrg/all/function/internal_message.html?_=1644808377215&CODE_STATE=getMsg HTTP/1.1" 200 27
222.70.243.96 - - [14/Feb/2022:11:11:48 +0800] "GET /xingrg/kc/buy/cgsh_order_operate.html?command=get_materiel&rest_code=00146&code=00101009031&supplier_code=00100023&order_time=2022-02-14 HTTP/1.1" 200 409
222.70.223.103 - - [14/Feb/2022:11:11:52 +0800] "GET /xingrg/kc/buy/cgsh_order_operate.html?command=get_materiel&rest_code=00155&code=00101008137&supplier_code=00100005&order_time=2022-02-14 HTTP/1.1" 200 408
222.70.223.103 - - [14/Feb/2022:11:11:54 +0800] "POST /xingrg/kc/buy/cgsh_order_operate.html HTTP/1.1" 200 2065
222.70.178.243 - - [14/Feb/2022:11:11:58 +0800] "GET /xingrg/kc/base/wldb_order_operate.html?command=get_materiel&rest_code=00111&base_code=0010842&code=00101001060 HTTP/1.1" 200 442
116.232.55.59 - - [14/Feb/2022:11:11:59 +0800] "GET /xingrg/all/function/internal_message.html?_=1644808319572&CODE_STATE=getMsg HTTP/1.1" 200 27
222.70.178.243 - - [14/Feb/2022:11:11:59 +0800] "GET /xingrg/all/function/internal_message.html?_=1644808319232&CODE_STATE=getMsg HTTP/1.1" 200 27
124.78.153.118 - - [14/Feb/2022:11:11:59 +0800] "GET /xingrg/all/function/internal_message.html?_=1644808319437&CODE_STATE=getMsg HTTP/1.1" 200 27
222.70.223.103 - - [14/Feb/2022:11:12:00 +0800] "GET /xingrg/kc/buy/cgsh_order_operate.html?command=get_materiel&rest_code=00155&code=00101008362&supplier_code=00100005&order_time=2022-02-14 HTTP/1.1" 200 408
116.239.131.195 - - [14/Feb/2022:11:12:01 +0800] "GET /xingrg/all/function/internal_message.html?_=1644808351527&CODE_STATE=getMsg HTTP/1.1" 200 27
58.40.7.146 - - [14/Feb/2022:11:12:01 +0800] "GET /xingrg/all/function/internal_message.html?_=1644808331169&CODE_STATE=getMsg HTTP/1.1" 200 27
101.83.241.170 - - [14/Feb/2022:11:12:05 +0800] "GET /xingrg/all/function/internal_message.html?_=1644808325080&CODE_STATE=getMsg HTTP/1.1" 200 27
222.70.178.243 - - [14/Feb/2022:11:12:09 +0800] "GET /xingrg/kc/base/wldb_order_operate.html?command=get_materiel&rest_code=00111&base_code=0010842&code=00101001142 HTTP/1.1" 200 434
124.79.79.90 - - [14/Feb/2022:11:12:10 +0800] "GET /xingrg/all/function/internal_message.html?_=1644808331581&CODE_STATE=getMsg HTTP/1.1" 200 27
222.70.243.96 - - [14/Feb/2022:11:12:13 +0800] "GET /xingrg/kc/buy/cgsh_order_operate.html?command=get_materiel&rest_code=00146&code=00101009118&supplier_code=00100023&order_time=2022-02-14 HTTP/1.1" 200 391
222.70.223.103 - - [14/Feb/2022:11:12:13 +0800] "GET /xingrg/kc/buy/cgsh_order_operate.html?command=get_materiel&rest_code=00155&code=00101008360&supplier_code=00100005&order_time=2022-02-14 HTTP/1.1" 200 413
222.70.223.103 - - [14/Feb/2022:11:12:18 +0800] "GET /xingrg/check_reg.html?_=1644808336649 HTTP/1.1" 200 22
222.70.223.103 - - [14/Feb/2022:11:12:18 +0800] "GET /xingrg/all/function/internal_message.html?_=1644808336655&CODE_STATE=getMsg HTTP/1.1" 200 27
222.70.178.243 - - [14/Feb/2022:11:12:19 +0800] "POST /xingrg/kc/base/wldb_order_operate.html HTTP/1.1" 200 1710
222.70.223.103 - - [14/Feb/2022:11:12:25 +0800] "GET /xingrg/kc/buy/cgsh_order_operate.html?command=get_materiel&rest_code=00155&code=00101008196&supplier_code=00100005&order_time=2022-02-14 HTTP/1.1" 200 416
222.70.178.243 - - [14/Feb/2022:11:12:25 +0800] "GET /xingrg/kc/base/wldb_order_operate.html?command=get_materiel&rest_code=00111&base_code=0010842&code=00101001213 HTTP/1.1" 200 443
58.37.224.91 - - [14/Feb/2022:11:12:25 +0800] "GET /xingrg/check_reg.html?_=1644808130777 HTTP/1.1" 200 22
116.235.92.83 - - [14/Feb/2022:11:12:26 +0800] "GET /xingrg/all/function/internal_message.html?_=1644808494263&CODE_STATE=getMsg HTTP/1.1" 200 27
124.78.153.118 - - [14/Feb/2022:11:12:27 +0800] "GET /xingrg/all/function/internal_message.html?_=1644808349081&CODE_STATE=getMsg HTTP/1.1" 200 27
222.70.243.96 - - [14/Feb/2022:11:12:28 +0800] "GET /xingrg/all/function/internal_message.html?_=1644808352711&CODE_STATE=getMsg HTTP/1.1" 200 27
116.239.131.195 - - [14/Feb/2022:11:12:28 +0800] "GET /xingrg/check_reg.html?_=1644808378669 HTTP/1.1" 200 22
172.20.0.100 - - [14/Feb/2022:11:12:31 +0800] "GET /xingrg/all/function/internal_message.html?_=1644808350881&CODE_STATE=getMsg HTTP/1.1" 200 27
180.169.147.146 - - [14/Feb/2022:11:12:31 +0800] "GET /xingrg/all/function/internal_message.html?_=1644808350972&CODE_STATE=getMsg HTTP/1.1" 200 27
180.152.99.39 - - [14/Feb/2022:11:12:35 +0800] "GET /xingrg/check_reg.html?_=1644808269205 HTTP/1.1" 200 22
222.70.223.103 - - [14/Feb/2022:11:12:35 +0800] "GET /xingrg/kc/buy/cgsh_order_operate.html?command=get_materiel&rest_code=00155&code=00101008286&supplier_code=00100005&order_time=2022-02-14 HTTP/1.1" 200 408
180.152.99.39 - - [14/Feb/2022:11:12:35 +0800] "GET /xingrg/all/function/internal_message.html?_=1644808269594&CODE_STATE=getMsg HTTP/1.1" 200 27
180.169.147.146 - - [14/Feb/2022:11:12:36 +0800] "GET /xingrg/all/function/internal_message.html?_=1644808356783&CODE_STATE=getMsg HTTP/1.1" 200 27
222.70.243.96 - - [14/Feb/2022:11:12:39 +0800] "POST /xingrg/kc/buy/cgsh_order_operate.html HTTP/1.1" 200 37
222.70.178.243 - - [14/Feb/2022:11:12:39 +0800] "GET /xingrg/kc/base/wldb_order_operate.html?command=get_materiel&rest_code=00111&base_code=0010842&code=00101002027 HTTP/1.1" 200 434
222.70.243.96 - - [14/Feb/2022:11:12:41 +0800] "POST /xingrg/kc/buy/cgsh_order_operate.html HTTP/1.1" 200 7388
222.70.243.96 - - [14/Feb/2022:11:12:44 +0800] "GET /xingrg/kc/print/load_data.html?order_code=212022021403489&kc_code=cgsh&condition= HTTP/1.1" 200 2487
58.39.168.32 - - [14/Feb/2022:11:12:45 +0800] "GET /xingrg/all/function/internal_message.html?_=1644808366863&CODE_STATE=getMsg HTTP/1.1" 200 27
222.69.132.164 - - [14/Feb/2022:11:12:47 +0800] "GET /xingrg/all/function/internal_message.html?_=1644808437208&CODE_STATE=getMsg HTTP/1.1" 200 27
222.70.223.103 - - [14/Feb/2022:11:12:47 +0800] "GET /xingrg/kc/buy/cgsh_order_operate.html?command=get_materiel&rest_code=00155&code=00101008353&supplier_code=00100005&order_time=2022-02-14 HTTP/1.1" 200 408
222.70.178.243 - - [14/Feb/2022:11:12:48 +0800] "GET /xingrg/kc/base/wldb_order_operate.html?command=get_materiel&rest_code=00111&base_code=0010842&code=00101003025 HTTP/1.1" 200 431
222.70.223.103 - - [14/Feb/2022:11:12:56 +0800] "POST /xingrg/kc/buy/cgsh_order_operate.html HTTP/1.1" 200 2065
222.70.178.243 - - [14/Feb/2022:11:12:58 +0800] "GET /xingrg/kc/base/wldb_order_operate.html?command=get_materiel&rest_code=00111&base_code=0010842&code=00101003063 HTTP/1.1" 200 418
116.232.55.59 - - [14/Feb/2022:11:12:59 +0800] "GET /xingrg/all/function/internal_message.html?_=1644808379575&CODE_STATE=getMsg HTTP/1.1" 200 27
222.70.178.243 - - [14/Feb/2022:11:12:59 +0800] "GET /xingrg/all/function/internal_message.html?_=1644808379216&CODE_STATE=getMsg HTTP/1.1" 200 27
124.78.153.118 - - [14/Feb/2022:11:12:59 +0800] "GET /xingrg/all/function/internal_message.html?_=1644808379438&CODE_STATE=getMsg HTTP/1.1" 200 27
116.239.131.195 - - [14/Feb/2022:11:13:01 +0800] "GET /xingrg/all/function/internal_message.html?_=1644808411535&CODE_STATE=getMsg HTTP/1.1" 200 27
58.40.7.146 - - [14/Feb/2022:11:13:01 +0800] "GET /xingrg/all/function/internal_message.html?_=1644808391173&CODE_STATE=getMsg HTTP/1.1" 200 27
222.70.223.103 - - [14/Feb/2022:11:13:04 +0800] "GET /xingrg/kc/buy/cgsh_order_operate.html?command=get_materiel&rest_code=00155&code=00101008131&supplier_code=00100005&order_time=2022-02-14 HTTP/1.1" 200 408
101.83.241.170 - - [14/Feb/2022:11:13:05 +0800] "GET /xingrg/all/function/internal_message.html?_=1644808385089&CODE_STATE=getMsg HTTP/1.1" 200 27
101.83.241.170 - - [14/Feb/2022:11:13:05 +0800] "GET /xingrg/check_reg.html?_=1644808385091 HTTP/1.1" 200 22
222.70.178.243 - - [14/Feb/2022:11:13:09 +0800] "GET /xingrg/kc/base/wldb_order_operate.html?command=get_materiel&rest_code=00111&base_code=0010842&code=00101005036 HTTP/1.1" 200 431
124.79.79.90 - - [14/Feb/2022:11:13:10 +0800] "GET /xingrg/all/function/internal_message.html?_=1644808391566&CODE_STATE=getMsg HTTP/1.1" 200 27
222.70.178.243 - - [14/Feb/2022:11:13:17 +0800] "POST /xingrg/kc/base/wldb_order_operate.html HTTP/1.1" 200 1710
222.70.243.96 - - [14/Feb/2022:11:13:18 +0800] "GET /xingrg/kc/buy/cgsh_order_add.html HTTP/1.1" 200 65516
222.70.223.103 - - [14/Feb/2022:11:13:18 +0800] "GET /xingrg/all/function/internal_message.html?_=1644808396653&CODE_STATE=getMsg HTTP/1.1" 200 27
222.70.243.96 - - [14/Feb/2022:11:13:19 +0800] "POST /xingrg/kc/buy/cgsh_order_operate.html HTTP/1.1" 200 8245
222.70.243.96 - - [14/Feb/2022:11:13:19 +0800] "GET /xingrg/javascript/easyui/themes/default/validatebox.css HTTP/1.1" 404 1104
222.70.223.103 - - [14/Feb/2022:11:13:22 +0800] "GET /xingrg/kc/buy/cgsh_order_operate.html?command=get_materiel&rest_code=00155&code=00101008041&supplier_code=00100005&order_time=2022-02-14 HTTP/1.1" 200 408
222.70.178.243 - - [14/Feb/2022:11:13:22 +0800] "GET /xingrg/kc/base/wldb_order_operate.html?command=get_materiel&rest_code=00111&base_code=0010842&code=00101005037 HTTP/1.1" 200 431
116.235.92.83 - - [14/Feb/2022:11:13:26 +0800] "GET /xingrg/check_reg.html?_=1644808554264 HTTP/1.1" 200 22
116.235.92.83 - - [14/Feb/2022:11:13:26 +0800] "GET /xingrg/all/function/internal_message.html?_=1644808554263&CODE_STATE=getMsg HTTP/1.1" 200 27
222.70.243.96 - - [14/Feb/2022:11:13:26 +0800] "GET /xingrg/check_reg.html?_=1644808411150 HTTP/1.1" 200 22
124.78.153.118 - - [14/Feb/2022:11:13:27 +0800] "GET /xingrg/kc/buy/buy_main.html HTTP/1.1" 200 12412
124.78.153.118 - - [14/Feb/2022:11:13:27 +0800] "GET /xingrg/css/new_ie.css HTTP/1.1" 404 1036
124.78.153.118 - - [14/Feb/2022:11:13:27 +0800] "GET /xingrg/all/function/internal_message.html?_=1644808409079&CODE_STATE=getMsg HTTP/1.1" 200 27
