120.253.135.82 - - [14/Feb/2022:10:00:38 +0800] "GET /xingrg/all/function/internal_message.html?_=1644804032492&CODE_STATE=getMsg HTTP/1.1" 200 27
116.239.131.195 - - [14/Feb/2022:10:00:40 +0800] "GET /xingrg/all/function/internal_message.html?_=1644804070339&CODE_STATE=getMsg HTTP/1.1" 200 27
58.39.168.32 - - [14/Feb/2022:10:00:45 +0800] "GET /xingrg/check_reg.html?_=1644804046790 HTTP/1.1" 200 22
58.39.168.32 - - [14/Feb/2022:10:00:45 +0800] "GET /xingrg/all/function/internal_message.html?_=1644804046793&CODE_STATE=getMsg HTTP/1.1" 200 27
222.69.132.164 - - [14/Feb/2022:10:00:47 +0800] "GET /xingrg/all/function/internal_message.html?_=1644804117219&CODE_STATE=getMsg HTTP/1.1" 200 27
222.69.132.164 - - [14/Feb/2022:10:00:47 +0800] "GET /xingrg/check_reg.html?_=1644804117221 HTTP/1.1" 200 22
120.253.135.82 - - [14/Feb/2022:10:00:57 +0800] "GET /xingrg/all/function/internal_message.html?_=1644803851976&CODE_STATE=getMsg HTTP/1.1" 200 27
116.232.55.59 - - [14/Feb/2022:10:00:59 +0800] "GET /xingrg/all/function/internal_message.html?_=1644804059384&CODE_STATE=getMsg HTTP/1.1" 200 27
180.157.251.97 - - [14/Feb/2022:10:01:03 +0800] "POST /xingrg/services/DataTransmitService HTTP/1.1" 200 524
101.83.241.170 - - [14/Feb/2022:10:01:04 +0800] "GET /xingrg/all/function/internal_message.html?_=1644804064830&CODE_STATE=getMsg HTTP/1.1" 200 27
120.253.135.82 - - [14/Feb/2022:10:01:06 +0800] "GET /xingrg/all/function/internal_message.html?_=1644804200479&CODE_STATE=getMsg HTTP/1.1" 200 27
172.20.0.100 - - [14/Feb/2022:10:01:11 +0800] "GET /xingrg/all/function/internal_message.html?_=1644804070925&CODE_STATE=getMsg HTTP/1.1" 200 27
180.152.99.39 - - [14/Feb/2022:10:01:12 +0800] "GET /xingrg/all/function/internal_message.html?_=1644803985885&CODE_STATE=getMsg HTTP/1.1" 200 27
114.84.150.224 - - [14/Feb/2022:10:01:25 +0800] "GET /xingrg/all/function/internal_message.html?_=1644803870198&CODE_STATE=getMsg HTTP/1.1" 200 27
116.235.92.83 - - [14/Feb/2022:10:01:26 +0800] "GET /xingrg/all/function/internal_message.html?_=1644804234192&CODE_STATE=getMsg HTTP/1.1" 200 27
180.152.99.39 - - [14/Feb/2022:10:01:29 +0800] "POST /xingrg/kc/buy/cgsh_order_operate.html HTTP/1.1" 200 37
172.20.0.100 - - [14/Feb/2022:10:01:31 +0800] "GET /xingrg/all/function/internal_message.html?_=1644804089098&CODE_STATE=getMsg HTTP/1.1" 200 27
180.152.99.39 - - [14/Feb/2022:10:01:34 +0800] "POST /xingrg/kc/buy/cgsh_order_operate.html HTTP/1.1" 200 4585
120.253.135.82 - - [14/Feb/2022:10:01:38 +0800] "GET /xingrg/all/function/internal_message.html?_=1644804092526&CODE_STATE=getMsg HTTP/1.1" 200 27
116.239.131.195 - - [14/Feb/2022:10:01:40 +0800] "GET /xingrg/all/function/internal_message.html?_=1644804130352&CODE_STATE=getMsg HTTP/1.1" 200 27
58.39.168.32 - - [14/Feb/2022:10:01:45 +0800] "GET /xingrg/all/function/internal_message.html?_=1644804106792&CODE_STATE=getMsg HTTP/1.1" 200 27
222.69.132.164 - - [14/Feb/2022:10:01:47 +0800] "GET /xingrg/all/function/internal_message.html?_=1644804177215&CODE_STATE=getMsg HTTP/1.1" 200 27
120.253.135.82 - - [14/Feb/2022:10:01:57 +0800] "GET /xingrg/all/function/internal_message.html?_=1644803912003&CODE_STATE=getMsg HTTP/1.1" 200 27
116.232.55.59 - - [14/Feb/2022:10:01:59 +0800] "GET /xingrg/all/function/internal_message.html?_=1644804119386&CODE_STATE=getMsg HTTP/1.1" 200 27
101.83.241.170 - - [14/Feb/2022:10:02:04 +0800] "GET /xingrg/all/function/internal_message.html?_=1644804124820&CODE_STATE=getMsg HTTP/1.1" 200 27
120.253.135.82 - - [14/Feb/2022:10:02:04 +0800] "GET /xingrg/check_reg.html?_=1644804259384 HTTP/1.1" 200 22
120.253.135.82 - - [14/Feb/2022:10:02:06 +0800] "GET /xingrg/all/function/internal_message.html?_=1644804260494&CODE_STATE=getMsg HTTP/1.1" 200 27
172.20.0.100 - - [14/Feb/2022:10:02:11 +0800] "GET /xingrg/all/function/internal_message.html?_=1644804130930&CODE_STATE=getMsg HTTP/1.1" 200 27
172.20.0.100 - - [14/Feb/2022:10:02:11 +0800] "GET /xingrg/check_reg.html?_=1644804130935 HTTP/1.1" 200 22
180.152.99.39 - - [14/Feb/2022:10:02:12 +0800] "GET /xingrg/all/function/internal_message.html?_=1644804045897&CODE_STATE=getMsg HTTP/1.1" 200 27
114.84.150.224 - - [14/Feb/2022:10:02:25 +0800] "GET /xingrg/all/function/internal_message.html?_=1644803930174&CODE_STATE=getMsg HTTP/1.1" 200 27
114.84.150.224 - - [14/Feb/2022:10:02:25 +0800] "GET /xingrg/check_reg.html?_=1644803930533 HTTP/1.1" 200 22
116.235.92.83 - - [14/Feb/2022:10:02:26 +0800] "GET /xingrg/all/function/internal_message.html?_=1644804294191&CODE_STATE=getMsg HTTP/1.1" 200 27
116.239.131.195 - - [14/Feb/2022:10:02:27 +0800] "GET /xingrg/check_reg.html?_=1644804177621 HTTP/1.1" 200 22
172.20.0.100 - - [14/Feb/2022:10:02:31 +0800] "GET /xingrg/all/function/internal_message.html?_=1644804149102&CODE_STATE=getMsg HTTP/1.1" 200 27
120.253.135.82 - - [14/Feb/2022:10:02:38 +0800] "GET /xingrg/all/function/internal_message.html?_=1644804152533&CODE_STATE=getMsg HTTP/1.1" 200 27
116.239.131.195 - - [14/Feb/2022:10:02:40 +0800] "GET /xingrg/all/function/internal_message.html?_=1644804190366&CODE_STATE=getMsg HTTP/1.1" 200 27
58.39.168.32 - - [14/Feb/2022:10:02:45 +0800] "GET /xingrg/all/function/internal_message.html?_=1644804166792&CODE_STATE=getMsg HTTP/1.1" 200 27
222.69.132.164 - - [14/Feb/2022:10:02:47 +0800] "GET /xingrg/all/function/internal_message.html?_=1644804237214&CODE_STATE=getMsg HTTP/1.1" 200 27
180.169.147.146 - - [14/Feb/2022:10:02:56 +0800] "GET /xingrg/check_reg.html?_=1644804175916 HTTP/1.1" 302 -
120.253.135.82 - - [14/Feb/2022:10:02:57 +0800] "GET /xingrg/all/function/internal_message.html?_=1644803972004&CODE_STATE=getMsg HTTP/1.1" 200 27
180.152.99.39 - - [14/Feb/2022:10:02:58 +0800] "POST /xingrg/kc/buy/cgsh_order_operate.html HTTP/1.1" 200 37
116.232.55.59 - - [14/Feb/2022:10:02:59 +0800] "GET /xingrg/all/function/internal_message.html?_=1644804179388&CODE_STATE=getMsg HTTP/1.1" 200 27
180.152.99.39 - - [14/Feb/2022:10:03:02 +0800] "POST /xingrg/kc/buy/cgsh_order_operate.html HTTP/1.1" 200 12
101.83.241.170 - - [14/Feb/2022:10:03:04 +0800] "GET /xingrg/all/function/internal_message.html?_=1644804184820&CODE_STATE=getMsg HTTP/1.1" 200 27
101.83.241.170 - - [14/Feb/2022:10:03:04 +0800] "GET /xingrg/check_reg.html?_=1644804184833 HTTP/1.1" 200 22
120.253.135.82 - - [14/Feb/2022:10:03:06 +0800] "GET /xingrg/all/function/internal_message.html?_=1644804320506&CODE_STATE=getMsg HTTP/1.1" 200 27
180.152.99.39 - - [14/Feb/2022:10:03:06 +0800] "GET /xingrg/kc/buy/cgsh_order_info.html?code=212022021403470 HTTP/1.1" 200 60031
180.152.99.39 - - [14/Feb/2022:10:03:07 +0800] "GET /xingrg/javascript/easyui/themes/default/validatebox.css HTTP/1.1" 404 1104
180.152.99.39 - - [14/Feb/2022:10:03:08 +0800] "POST /xingrg/kc/buy/cgsh_order_operate.html HTTP/1.1" 200 2535
180.152.99.39 - - [14/Feb/2022:10:03:09 +0800] "GET /xingrg/kc/print/load_data.html?order_code=212022021403470&kc_code=cgsh&condition= HTTP/1.1" 200 1547
172.20.0.100 - - [14/Feb/2022:10:03:11 +0800] "GET /xingrg/all/function/internal_message.html?_=1644804190937&CODE_STATE=getMsg HTTP/1.1" 200 27
180.152.99.39 - - [14/Feb/2022:10:03:12 +0800] "GET /xingrg/all/function/internal_message.html?_=1644804105912&CODE_STATE=getMsg HTTP/1.1" 200 27
222.70.243.96 - - [14/Feb/2022:10:03:20 +0800] "GET /xingrg/javascript/easyui/themes/default/images/button_plain_hover.png HTTP/1.1" 304 -
222.70.243.96 - - [14/Feb/2022:10:03:20 +0800] "GET /xingrg/javascript/easyui/themes/default/images/button_plain_hover.png HTTP/1.1" 304 -
222.70.243.96 - - [14/Feb/2022:10:03:23 +0800] "GET /xingrg/kc/buy/cgsh_order_add.html HTTP/1.1" 302 -
222.70.243.96 - - [14/Feb/2022:10:03:23 +0800] "GET /xingrg/login.html HTTP/1.1" 200 7641
222.70.243.96 - - [14/Feb/2022:10:03:23 +0800] "GET /xingrg/login.html HTTP/1.1" 200 7641
222.70.243.96 - - [14/Feb/2022:10:03:23 +0800] "GET /xingrg/images/blue/jxLogo.png HTTP/1.1" 304 -
222.70.243.96 - - [14/Feb/2022:10:03:23 +0800] "GET /xingrg/images/blue/srbg.png HTTP/1.1" 304 -
222.70.243.96 - - [14/Feb/2022:10:03:23 +0800] "GET /xingrg/images/blue/login_bg.png HTTP/1.1" 304 -
222.70.243.96 - - [14/Feb/2022:10:03:23 +0800] "GET /xingrg/images/blue/hj.png HTTP/1.1" 304 -
222.70.243.96 - - [14/Feb/2022:10:03:23 +0800] "GET /favicon.ico HTTP/1.1" 404 -
114.84.150.224 - - [14/Feb/2022:10:03:25 +0800] "GET /xingrg/all/function/internal_message.html?_=1644803990148&CODE_STATE=getMsg HTTP/1.1" 200 27
222.70.243.96 - - [14/Feb/2022:10:03:25 +0800] "POST /xingrg/login.do HTTP/1.1" 302 -
222.70.243.96 - - [14/Feb/2022:10:03:25 +0800] "GET /xingrg/javascript/jquery_easy_ui/themes/default/easyui.css HTTP/1.1" 304 -
222.70.243.96 - - [14/Feb/2022:10:03:25 +0800] "GET /xingrg/javascript/jquery_easy_ui/themes/icon.css HTTP/1.1" 304 -
222.70.243.96 - - [14/Feb/2022:10:03:25 +0800] "GET /xingrg/css/form.css HTTP/1.1" 304 -
222.70.243.96 - - [14/Feb/2022:10:03:25 +0800] "GET /xingrg/index.html?sysBaseUrl=http%3A%2F%2F180.169.147.146%3A18081%2Fxingrg%2F&costTime=45×tamp=1644804205549 HTTP/1.1" 200 17179
222.70.243.96 - - [14/Feb/2022:10:03:25 +0800] "GET /xingrg/javascript/jquery-1.4.2.min.js HTTP/1.1" 304 -
222.70.243.96 - - [14/Feb/2022:10:03:25 +0800] "GET /xingrg/javascript/jquery_easy_ui/jquery.easyui.min.js HTTP/1.1" 304 -
222.70.243.96 - - [14/Feb/2022:10:03:25 +0800] "GET /xingrg/javascript/jquery_easy_ui/easyui-lang-zh_CN.js HTTP/1.1" 304 -
222.70.243.96 - - [14/Feb/2022:10:03:25 +0800] "GET /xingrg/javascript/jquery.form.js HTTP/1.1" 304 -
222.70.243.96 - - [14/Feb/2022:10:03:25 +0800] "GET /xingrg/javascript/jquery.utils.js HTTP/1.1" 304 -
222.70.243.96 - - [14/Feb/2022:10:03:25 +0800] "GET /xingrg/javascript/jquery.timers.js HTTP/1.1" 304 -
222.70.243.96 - - [14/Feb/2022:10:03:25 +0800] "GET /favicon.ico HTTP/1.1" 404 -
222.70.243.96 - - [14/Feb/2022:10:03:25 +0800] "GET /xingrg/images/blue/navBackgound.jpg HTTP/1.1" 304 -
222.70.243.96 - - [14/Feb/2022:10:03:25 +0800] "GET /xingrg/javascript/jquery_easy_ui/themes/icons/settle_new.png HTTP/1.1" 304 -
222.70.243.96 - - [14/Feb/2022:10:03:25 +0800] "GET /xingrg/images/blue/pingpu.png HTTP/1.1" 304 -
222.70.243.96 - - [14/Feb/2022:10:03:25 +0800] "POST /xingrg/all/common/load_tree.html?tree=area_rest_tree_json&manage=1 HTTP/1.1" 200 479
222.70.243.96 - - [14/Feb/2022:10:03:25 +0800] "GET /xingrg/javascript/jquery_easy_ui/themes/default/images/tabs_leftarrow.png HTTP/1.1" 304 -
222.70.243.96 - - [14/Feb/2022:10:03:25 +0800] "GET /xingrg/javascript/jquery_easy_ui/themes/default/images/tabs_rightarrow.png HTTP/1.1" 304 -
222.70.243.96 - - [14/Feb/2022:10:03:25 +0800] "GET /xingrg/javascript/jquery_easy_ui/themes/default/images/panel_tool_collapse.gif HTTP/1.1" 304 -
222.70.243.96 - - [14/Feb/2022:10:03:25 +0800] "GET /xingrg/check_reg.html?_=1644804210118 HTTP/1.1" 200 22
222.70.243.96 - - [14/Feb/2022:10:03:25 +0800] "GET /xingrg/all/function/internal_message.html?_=1644804210118&CODE_STATE=count HTTP/1.1" 200 11
222.70.243.96 - - [14/Feb/2022:10:03:25 +0800] "GET /xingrg/javascript/jquery_easy_ui/themes/default/images/tree_arrows.gif HTTP/1.1" 304 -
222.70.243.96 - - [14/Feb/2022:10:03:25 +0800] "POST /xingrg/load_menu.html HTTP/1.1" 200 5138
116.235.92.83 - - [14/Feb/2022:10:03:26 +0800] "GET /xingrg/all/function/internal_message.html?_=1644804354189&CODE_STATE=getMsg HTTP/1.1" 200 27
116.235.92.83 - - [14/Feb/2022:10:03:26 +0800] "GET /xingrg/check_reg.html?_=1644804354190 HTTP/1.1" 200 22
222.70.243.96 - - [14/Feb/2022:10:03:26 +0800] "GET /xingrg/javascript/jquery_easy_ui/themes/default/images/tree_folder_open.gif HTTP/1.1" 304 -
222.70.243.96 - - [14/Feb/2022:10:03:26 +0800] "GET /xingrg/javascript/jquery_easy_ui/themes/default/images/tree_folder.gif HTTP/1.1" 304 -
222.70.243.96 - - [14/Feb/2022:10:03:26 +0800] "GET /xingrg/javascript/jquery_easy_ui/themes/icons/search_new.png HTTP/1.1" 304 -
222.70.243.96 - - [14/Feb/2022:10:03:26 +0800] "GET /xingrg/javascript/jquery_easy_ui/themes/icons/storage_new.png HTTP/1.1" 304 -
222.70.243.96 - - [14/Feb/2022:10:03:26 +0800] "GET /xingrg/javascript/jquery_easy_ui/themes/icons/forms_new.png HTTP/1.1" 304 -
222.70.243.96 - - [14/Feb/2022:10:03:26 +0800] "GET /xingrg/javascript/jquery_easy_ui/themes/default/images/tree_file.gif HTTP/1.1" 304 -
222.70.243.96 - - [14/Feb/2022:10:03:30 +0800] "GET /xingrg/javascript/jquery_easy_ui/themes/default/images/tabs_close.gif HTTP/1.1" 304 -
222.70.243.96 - - [14/Feb/2022:10:03:30 +0800] "GET /xingrg/css/base.css HTTP/1.1" 304 -
222.70.243.96 - - [14/Feb/2022:10:03:30 +0800] "GET /xingrg/javascript/jquery_tools/datebox.css HTTP/1.1" 304 -
222.70.243.96 - - [14/Feb/2022:10:03:30 +0800] "GET /xingrg/css/site.css HTTP/1.1" 304 -
222.70.243.96 - - [14/Feb/2022:10:03:30 +0800] "GET /xingrg/javascript/easyui/themes/icon.css HTTP/1.1" 304 -
222.70.243.96 - - [14/Feb/2022:10:03:30 +0800] "GET /xingrg/javascript/easyui/themes/default/easyui.css HTTP/1.1" 304 -
222.70.243.96 - - [14/Feb/2022:10:03:30 +0800] "GET /xingrg/javascript/jquery_tools/fix.css HTTP/1.1" 304 -
222.70.243.96 - - [14/Feb/2022:10:03:30 +0800] "GET /xingrg/javascript/jquery_tools/table.css HTTP/1.1" 304 -
222.70.243.96 - - [14/Feb/2022:10:03:30 +0800] "GET /xingrg/javascript/jquery_tools/jquery.tools.extend.js HTTP/1.1" 304 -
222.70.243.96 - - [14/Feb/2022:10:03:30 +0800] "GET /xingrg/javascript/jquery_tools/jquery.tools.hotkey.js HTTP/1.1" 304 -
222.70.243.96 - - [14/Feb/2022:10:03:30 +0800] "GET /xingrg/javascript/jquery_tools/list_manager.js HTTP/1.1" 304 -
222.70.243.96 - - [14/Feb/2022:10:03:30 +0800] "GET /xingrg/javascript/jquery_tools/jquery.tools.table.js HTTP/1.1" 304 -
222.70.243.96 - - [14/Feb/2022:10:03:30 +0800] "GET /xingrg/javascript/auto/jquery.autocomplete.css HTTP/1.1" 304 -
222.70.243.96 - - [14/Feb/2022:10:03:30 +0800] "GET /xingrg/javascript/jquery_tools/jquery.tools.min.js HTTP/1.1" 304 -
222.70.243.96 - - [14/Feb/2022:10:03:30 +0800] "GET /xingrg/javascript/auto/jquery.autocomplete.js HTTP/1.1" 304 -
222.70.243.96 - - [14/Feb/2022:10:03:30 +0800] "GET /xingrg/kc/buy/cgsh_order_list.html HTTP/1.1" 200 49747
222.70.243.96 - - [14/Feb/2022:10:03:30 +0800] "GET /xingrg/javascript/easyui/easyloader.js HTTP/1.1" 304 -
222.70.243.96 - - [14/Feb/2022:10:03:30 +0800] "GET /xingrg/javascript/jquery.cookie.js HTTP/1.1" 304 -
222.70.243.96 - - [14/Feb/2022:10:03:30 +0800] "GET /xingrg/javascript/print/LodopFuncs.js HTTP/1.1" 304 -
222.70.243.96 - - [14/Feb/2022:10:03:30 +0800] "GET /xingrg/javascript/easyui/themes/icons/edit_add_new.png HTTP/1.1" 304 -
222.70.243.96 - - [14/Feb/2022:10:03:30 +0800] "GET /xingrg/javascript/easyui/themes/icons/cance_new.png HTTP/1.1" 304 -
222.70.243.96 - - [14/Feb/2022:10:03:30 +0800] "GET /xingrg/javascript/easyui/themes/icons/check_new.png HTTP/1.1" 304 -
222.70.243.96 - - [14/Feb/2022:10:03:30 +0800] "GET /xingrg/javascript/easyui/themes/icons/field_new.png HTTP/1.1" 304 -
222.70.243.96 - - [14/Feb/2022:10:03:30 +0800] "GET /xingrg/javascript/easyui/themes/icons/import_new.png HTTP/1.1" 304 -
222.70.243.96 - - [14/Feb/2022:10:03:30 +0800] "GET /xingrg/javascript/easyui/plugins/jquery.parser.js HTTP/1.1" 304 -
222.70.243.96 - - [14/Feb/2022:10:03:30 +0800] "GET /xingrg/images/control/ajaxLoader.gif HTTP/1.1" 304 -
172.20.0.100 - - [14/Feb/2022:10:03:31 +0800] "GET /xingrg/all/function/internal_message.html?_=1644804209105&CODE_STATE=getMsg HTTP/1.1" 200 27
222.70.243.96 - - [14/Feb/2022:10:03:31 +0800] "POST /xingrg/kc/buy/cgsh_list_operate.html HTTP/1.1" 200 876
222.70.243.96 - - [14/Feb/2022:10:03:34 +0800] "GET /xingrg/javascript/pic_change.js HTTP/1.1" 304 -
222.70.243.96 - - [14/Feb/2022:10:03:34 +0800] "GET /xingrg/javascript/jquery_tools/order_manager.js HTTP/1.1" 304 -
222.70.243.96 - - [14/Feb/2022:10:03:34 +0800] "GET /xingrg/javascript/convert.js HTTP/1.1" 304 -
222.70.243.96 - - [14/Feb/2022:10:03:34 +0800] "GET /xingrg/javascript/json2.js HTTP/1.1" 304 -
222.70.243.96 - - [14/Feb/2022:10:03:34 +0800] "GET /xingrg/javascript/print/kc_print.js HTTP/1.1" 304 -
222.70.243.96 - - [14/Feb/2022:10:03:34 +0800] "GET /xingrg/kc/buy/cgsh_order_add.html HTTP/1.1" 200 65516
222.70.243.96 - - [14/Feb/2022:10:03:34 +0800] "GET /xingrg/words/20220128115405_words.js HTTP/1.1" 304 -
222.70.243.96 - - [14/Feb/2022:10:03:34 +0800] "GET /xingrg/javascript/easyui/themes/icons/copy_new.png HTTP/1.1" 304 -
222.70.243.96 - - [14/Feb/2022:10:03:34 +0800] "GET /xingrg/javascript/easyui/themes/icons/template_new.png HTTP/1.1" 304 -
222.70.243.96 - - [14/Feb/2022:10:03:34 +0800] "GET /xingrg/javascript/easyui/themes/icons/ok.png HTTP/1.1" 304 -
222.70.243.96 - - [14/Feb/2022:10:03:34 +0800] "GET /xingrg/javascript/easyui/themes/icons/print.png HTTP/1.1" 304 -
222.70.243.96 - - [14/Feb/2022:10:03:34 +0800] "GET /xingrg/javascript/easyui/themes/default/images/menu_downarrow.png HTTP/1.1" 304 -
222.70.243.96 - - [14/Feb/2022:10:03:34 +0800] "GET /xingrg/javascript/easyui/themes/icons/cancel.png HTTP/1.1" 304 -
222.70.243.96 - - [14/Feb/2022:10:03:34 +0800] "POST /xingrg/kc/buy/cgsh_order_operate.html HTTP/1.1" 200 8245
222.70.243.96 - - [14/Feb/2022:10:03:34 +0800] "GET /xingrg/javascript/easyui/themes/icons/edit_remove.png HTTP/1.1" 304 -
222.70.243.96 - - [14/Feb/2022:10:03:34 +0800] "GET /xingrg/all/common/auto_word.html?type=employee&rest_code=00146 HTTP/1.1" 200 101
222.70.243.96 - - [14/Feb/2022:10:03:34 +0800] "GET /xingrg/all/common/auto_word.html?type=employee&rest_code=00146 HTTP/1.1" 200 101
222.70.243.96 - - [14/Feb/2022:10:03:34 +0800] "GET /xingrg/javascript/easyui/themes/default/validatebox.css HTTP/1.1" 404 1104
222.70.243.96 - - [14/Feb/2022:10:03:34 +0800] "GET /xingrg/javascript/easyui/plugins/jquery.validatebox.js HTTP/1.1" 304 -
222.70.243.96 - - [14/Feb/2022:10:03:34 +0800] "GET /xingrg/javascript/easyui/plugins/jquery.numberbox.js HTTP/1.1" 304 -
120.253.135.82 - - [14/Feb/2022:10:03:36 +0800] "GET /xingrg/check_reg.html?_=1644804210781 HTTP/1.1" 200 22
120.253.135.82 - - [14/Feb/2022:10:03:38 +0800] "GET /xingrg/all/function/internal_message.html?_=1644804212547&CODE_STATE=getMsg HTTP/1.1" 200 27
116.239.131.195 - - [14/Feb/2022:10:03:40 +0800] "GET /xingrg/all/function/internal_message.html?_=1644804250380&CODE_STATE=getMsg HTTP/1.1" 200 27
58.39.168.32 - - [14/Feb/2022:10:03:45 +0800] "GET /xingrg/all/function/internal_message.html?_=1644804226793&CODE_STATE=getMsg HTTP/1.1" 200 27
222.69.132.164 - - [14/Feb/2022:10:03:47 +0800] "GET /xingrg/all/function/internal_message.html?_=1644804297208&CODE_STATE=getMsg HTTP/1.1" 200 27
120.253.135.82 - - [14/Feb/2022:10:03:57 +0800] "GET /xingrg/check_reg.html?_=1644804031852 HTTP/1.1" 200 22
120.253.135.82 - - [14/Feb/2022:10:03:57 +0800] "GET /xingrg/all/function/internal_message.html?_=1644804032017&CODE_STATE=getMsg HTTP/1.1" 200 27
116.232.55.59 - - [14/Feb/2022:10:03:59 +0800] "GET /xingrg/all/function/internal_message.html?_=1644804239391&CODE_STATE=getMsg HTTP/1.1" 200 27
180.152.99.39 - - [14/Feb/2022:10:03:59 +0800] "GET /xingrg/kc/buy/cgsh_order_add.html HTTP/1.1" 200 65126
180.152.99.39 - - [14/Feb/2022:10:04:00 +0800] "POST /xingrg/kc/buy/cgsh_order_operate.html HTTP/1.1" 200 8245
180.152.99.39 - - [14/Feb/2022:10:04:00 +0800] "GET /xingrg/javascript/easyui/themes/default/validatebox.css HTTP/1.1" 404 1104
101.83.241.170 - - [14/Feb/2022:10:04:04 +0800] "GET /xingrg/all/function/internal_message.html?_=1644804244833&CODE_STATE=getMsg HTTP/1.1" 200 27
120.253.135.82 - - [14/Feb/2022:10:04:06 +0800] "GET /xingrg/all/function/internal_message.html?_=1644804380522&CODE_STATE=getMsg HTTP/1.1" 200 27
180.152.99.39 - - [14/Feb/2022:10:04:09 +0800] "GET /xingrg/check_reg.html?_=1644804163199 HTTP/1.1" 200 22
180.152.99.39 - - [14/Feb/2022:10:04:12 +0800] "GET /xingrg/all/function/internal_message.html?_=1644804165924&CODE_STATE=getMsg HTTP/1.1" 200 27
180.152.99.39 - - [14/Feb/2022:10:04:12 +0800] "GET /xingrg/kc/buy/cgsh_order_operate.html?command=get_materiel&rest_code=00151&code=00101038014&supplier_code=00100291&order_time=2022-02-14 HTTP/1.1" 200 443
114.84.150.224 - - [14/Feb/2022:10:04:25 +0800] "GET /xingrg/all/function/internal_message.html?_=1644804050123&CODE_STATE=getMsg HTTP/1.1" 200 27
222.70.243.96 - - [14/Feb/2022:10:04:25 +0800] "GET /xingrg/all/function/internal_message.html?_=1644804270119&CODE_STATE=getMsg HTTP/1.1" 200 27
116.235.92.83 - - [14/Feb/2022:10:04:26 +0800] "GET /xingrg/all/function/internal_message.html?_=1644804414189&CODE_STATE=getMsg HTTP/1.1" 200 27
180.152.99.39 - - [14/Feb/2022:10:04:28 +0800] "POST /xingrg/kc/buy/cgsh_order_operate.html HTTP/1.1" 200 37
180.152.99.39 - - [14/Feb/2022:10:04:30 +0800] "POST /xingrg/kc/buy/cgsh_order_operate.html HTTP/1.1" 200 2704
172.20.0.100 - - [14/Feb/2022:10:04:31 +0800] "GET /xingrg/all/function/internal_message.html?_=1644804269096&CODE_STATE=getMsg HTTP/1.1" 200 27
172.20.0.100 - - [14/Feb/2022:10:04:31 +0800] "GET /xingrg/check_reg.html?_=1644804269099 HTTP/1.1" 200 22
180.152.99.39 - - [14/Feb/2022:10:04:35 +0800] "GET /xingrg/kc/base/yddb_order_list.html HTTP/1.1" 200 16628
180.152.99.39 - - [14/Feb/2022:10:04:35 +0800] "POST /xingrg/kc/base/yddb_list_operate.html HTTP/1.1" 200 636
120.253.135.82 - - [14/Feb/2022:10:04:38 +0800] "GET /xingrg/all/function/internal_message.html?_=1644804272560&CODE_STATE=getMsg HTTP/1.1" 200 27
180.152.99.39 - - [14/Feb/2022:10:04:39 +0800] "POST /xingrg/kc/base/yddb_list_operate.html HTTP/1.1" 200 1346
116.239.131.195 - - [14/Feb/2022:10:04:40 +0800] "GET /xingrg/all/function/internal_message.html?_=1644804310596&CODE_STATE=getMsg HTTP/1.1" 200 27
180.152.99.39 - - [14/Feb/2022:10:04:41 +0800] "POST /xingrg/kc/base/yddb_list_operate.html HTTP/1.1" 200 214
180.152.99.39 - - [14/Feb/2022:10:04:42 +0800] "GET /xingrg/kc/base/yddb_order_info.html?code=482022021400082 HTTP/1.1" 200 31078
180.152.99.39 - - [14/Feb/2022:10:04:42 +0800] "GET /xingrg/dwr/interface/AjaxYddbService.js HTTP/1.1" 200 13201
180.152.99.39 - - [14/Feb/2022:10:04:42 +0800] "GET /xingrg/dwr/interface/AjaxComOrderService.js HTTP/1.1" 200 18264
180.152.99.39 - - [14/Feb/2022:10:04:42 +0800] "GET /xingrg/dwr/engine.js HTTP/1.1" 200 43631
180.152.99.39 - - [14/Feb/2022:10:04:42 +0800] "POST /xingrg/dwr/call/plaincall/AjaxYddbService.loadMaterielItems.dwr HTTP/1.1" 200 457
58.39.168.32 - - [14/Feb/2022:10:04:45 +0800] "GET /xingrg/all/function/internal_message.html?_=1644804286794&CODE_STATE=getMsg HTTP/1.1" 200 27
222.69.132.164 - - [14/Feb/2022:10:04:47 +0800] "GET /xingrg/all/function/internal_message.html?_=1644804357211&CODE_STATE=getMsg HTTP/1.1" 200 27
58.39.168.32 - - [14/Feb/2022:10:04:53 +0800] "GET /xingrg/kc/buy/cgsh_order_list.html HTTP/1.1" 200 49741
180.152.99.39 - - [14/Feb/2022:10:04:54 +0800] "POST /xingrg/dwr/call/plaincall/AjaxYddbService.saveOrder.dwr HTTP/1.1" 200 78
120.253.135.82 - - [14/Feb/2022:10:04:57 +0800] "GET /xingrg/all/function/internal_message.html?_=1644804092031&CODE_STATE=getMsg HTTP/1.1" 200 27
116.232.55.59 - - [14/Feb/2022:10:04:59 +0800] "GET /xingrg/all/function/internal_message.html?_=1644804299394&CODE_STATE=getMsg HTTP/1.1" 200 27
116.232.55.59 - - [14/Feb/2022:10:04:59 +0800] "GET /xingrg/check_reg.html?_=1644804299396 HTTP/1.1" 200 22
58.39.168.32 - - [14/Feb/2022:10:04:59 +0800] "POST /xingrg/kc/buy/cgsh_list_operate.html HTTP/1.1" 200 3131
180.152.99.39 - - [14/Feb/2022:10:05:02 +0800] "POST /xingrg/dwr/call/plaincall/AjaxYddbService.objCheckOrder.dwr HTTP/1.1" 200 78
180.152.99.39 - - [14/Feb/2022:10:05:04 +0800] "GET /xingrg/kc/base/yddb_order_info.html?code=482022021400082 HTTP/1.1" 200 31203
180.152.99.39 - - [14/Feb/2022:10:05:04 +0800] "GET /xingrg/dwr/interface/AjaxYddbService.js HTTP/1.1" 200 13201
180.152.99.39 - - [14/Feb/2022:10:05:04 +0800] "GET /xingrg/dwr/interface/AjaxComOrderService.js HTTP/1.1" 200 18264
180.152.99.39 - - [14/Feb/2022:10:05:04 +0800] "GET /xingrg/dwr/engine.js HTTP/1.1" 200 43631
101.83.241.170 - - [14/Feb/2022:10:05:04 +0800] "GET /xingrg/all/function/internal_message.html?_=1644804304835&CODE_STATE=getMsg HTTP/1.1" 200 27
180.152.99.39 - - [14/Feb/2022:10:05:05 +0800] "POST /xingrg/dwr/call/plaincall/AjaxYddbService.loadMaterielItems.dwr HTTP/1.1" 200 457
120.253.135.82 - - [14/Feb/2022:10:05:06 +0800] "GET /xingrg/all/function/internal_message.html?_=1644804440570&CODE_STATE=getMsg HTTP/1.1" 200 27
180.152.99.39 - - [14/Feb/2022:10:05:08 +0800] "GET /xingrg/kc/base/yddb_order_report.html?fileType=servlets/html&code=482022021400082&reportName=ck_order_report&subName=yddb HTTP/1.1" 302 -
180.152.99.39 - - [14/Feb/2022:10:05:08 +0800] "GET /xingrg/servlets/html?sysBaseUrl=http%3A%2F%2F180.169.147.146%3A18081%2Fxingrg%2F&costTime=913×tamp=1644804308061 HTTP/1.1" 200 14790
180.152.99.39 - - [14/Feb/2022:10:05:08 +0800] "GET /xingrg/servlets/image?image=px HTTP/1.1" 200 807
180.152.99.39 - - [14/Feb/2022:10:05:08 +0800] "GET /favicon.ico HTTP/1.1" 404 -
180.152.99.39 - - [14/Feb/2022:10:05:12 +0800] "GET /xingrg/all/function/internal_message.html?_=1644804225938&CODE_STATE=getMsg HTTP/1.1" 200 27
114.84.150.224 - - [14/Feb/2022:10:05:25 +0800] "GET /xingrg/all/function/internal_message.html?_=1644804110102&CODE_STATE=getMsg HTTP/1.1" 200 27
222.70.243.96 - - [14/Feb/2022:10:05:25 +0800] "GET /xingrg/all/function/internal_message.html?_=1644804330132&CODE_STATE=getMsg HTTP/1.1" 200 27
116.235.92.83 - - [14/Feb/2022:10:05:26 +0800] "GET /xingrg/all/function/internal_message.html?_=1644804474187&CODE_STATE=getMsg HTTP/1.1" 200 27
172.20.0.100 - - [14/Feb/2022:10:05:31 +0800] "GET /xingrg/all/function/internal_message.html?_=1644804329101&CODE_STATE=getMsg HTTP/1.1" 200 27
58.39.168.32 - - [14/Feb/2022:10:05:34 +0800] "POST /xingrg/kc/buy/cgsh_list_operate.html HTTP/1.1" 200 1713
58.39.168.32 - - [14/Feb/2022:10:05:37 +0800] "POST /xingrg/kc/buy/cgsh_list_operate.html HTTP/1.1" 200 571
120.253.135.82 - - [14/Feb/2022:10:05:38 +0800] "GET /xingrg/all/function/internal_message.html?_=1644804332574&CODE_STATE=getMsg HTTP/1.1" 200 27
116.239.131.195 - - [14/Feb/2022:10:05:40 +0800] "GET /xingrg/all/function/internal_message.html?_=1644804370610&CODE_STATE=getMsg HTTP/1.1" 200 27
58.39.168.32 - - [14/Feb/2022:10:05:45 +0800] "GET /xingrg/check_reg.html?_=1644804346796 HTTP/1.1" 200 22
58.39.168.32 - - [14/Feb/2022:10:05:45 +0800] "GET /xingrg/all/function/internal_message.html?_=1644804346799&CODE_STATE=getMsg HTTP/1.1" 200 27
222.69.132.164 - - [14/Feb/2022:10:05:47 +0800] "GET /xingrg/all/function/internal_message.html?_=1644804417226&CODE_STATE=getMsg HTTP/1.1" 200 27
222.69.132.164 - - [14/Feb/2022:10:05:47 +0800] "GET /xingrg/check_reg.html?_=1644804417229 HTTP/1.1" 200 22
180.152.99.39 - - [14/Feb/2022:10:05:57 +0800] "GET /xingrg/kc/buy/cgsh_order_list.html HTTP/1.1" 200 49745
116.232.35.130 - - [14/Feb/2022:10:05:57 +0800] "POST /xingrg/services/DataTransmitService HTTP/1.1" 200 524
120.253.135.82 - - [14/Feb/2022:10:05:57 +0800] "GET /xingrg/all/function/internal_message.html?_=1644804152044&CODE_STATE=getMsg HTTP/1.1" 200 27
116.232.55.59 - - [14/Feb/2022:10:05:59 +0800] "GET /xingrg/all/function/internal_message.html?_=1644804359397&CODE_STATE=getMsg HTTP/1.1" 200 27
180.152.99.39 - - [14/Feb/2022:10:05:59 +0800] "POST /xingrg/kc/buy/cgsh_list_operate.html HTTP/1.1" 200 1720
180.152.99.39 - - [14/Feb/2022:10:06:01 +0800] "POST /xingrg/kc/buy/cgsh_list_operate.html HTTP/1.1" 200 218
180.152.99.39 - - [14/Feb/2022:10:06:02 +0800] "GET /xingrg/kc/buy/cgsh_order_info.html?code=212022021403471 HTTP/1.1" 200 65143
180.152.99.39 - - [14/Feb/2022:10:06:02 +0800] "GET /xingrg/javascript/easyui/themes/default/validatebox.css HTTP/1.1" 404 1104
180.152.99.39 - - [14/Feb/2022:10:06:03 +0800] "POST /xingrg/kc/buy/cgsh_order_operate.html HTTP/1.1" 200 2704
101.83.241.170 - - [14/Feb/2022:10:06:04 +0800] "GET /xingrg/all/function/internal_message.html?_=1644804364854&CODE_STATE=getMsg HTTP/1.1" 200 27
58.39.168.32 - - [14/Feb/2022:10:06:05 +0800] "GET /xingrg/kc/buy/cgsh_order_list.html HTTP/1.1" 200 49741
120.253.135.82 - - [14/Feb/2022:10:06:06 +0800] "GET /xingrg/all/function/internal_message.html?_=1644804500580&CODE_STATE=getMsg HTTP/1.1" 200 27
180.152.99.39 - - [14/Feb/2022:10:06:07 +0800] "POST /xingrg/kc/buy/cgsh_order_operate.html HTTP/1.1" 200 37
180.152.99.39 - - [14/Feb/2022:10:06:12 +0800] "GET /xingrg/all/function/internal_message.html?_=1644804285954&CODE_STATE=getMsg HTTP/1.1" 200 27
180.152.99.39 - - [14/Feb/2022:10:06:12 +0800] "POST /xingrg/kc/buy/cgsh_order_operate.html HTTP/1.1" 200 12
180.152.99.39 - - [14/Feb/2022:10:06:13 +0800] "GET /xingrg/kc/buy/cgsh_order_info.html?code=212022021403471 HTTP/1.1" 200 60047
180.152.99.39 - - [14/Feb/2022:10:06:13 +0800] "GET /xingrg/javascript/easyui/themes/default/validatebox.css HTTP/1.1" 404 1104
180.152.99.39 - - [14/Feb/2022:10:06:14 +0800] "POST /xingrg/kc/buy/cgsh_order_operate.html HTTP/1.1" 200 654
58.39.168.32 - - [14/Feb/2022:10:06:15 +0800] "POST /xingrg/kc/buy/cgsh_list_operate.html HTTP/1.1" 200 3131
180.152.99.39 - - [14/Feb/2022:10:06:15 +0800] "GET /xingrg/kc/print/load_data.html?order_code=212022021403471&kc_code=cgsh&condition= HTTP/1.1" 200 773
58.39.168.32 - - [14/Feb/2022:10:06:18 +0800] "GET /xingrg/kc/buy/cgsh_order_add.html HTTP/1.1" 200 65598
58.39.168.32 - - [14/Feb/2022:10:06:18 +0800] "POST /xingrg/kc/buy/cgsh_order_operate.html HTTP/1.1" 200 8245
58.39.168.32 - - [14/Feb/2022:10:06:18 +0800] "GET /xingrg/javascript/easyui/themes/default/validatebox.css HTTP/1.1" 404 1104
58.39.168.32 - - [14/Feb/2022:10:06:19 +0800] "GET /xingrg/javascript/easyui/plugins/jquery.draggable.js HTTP/1.1" 304 -
58.39.168.32 - - [14/Feb/2022:10:06:19 +0800] "GET /xingrg/css/images/panel_loading.gif HTTP/1.1" 304 -
58.39.168.32 - - [14/Feb/2022:10:06:19 +0800] "GET /xingrg/javascript/easyui/plugins/jquery.droppable.js HTTP/1.1" 304 -
58.39.168.32 - - [14/Feb/2022:10:06:19 +0800] "GET /xingrg/javascript/easyui/plugins/jquery.tree.js HTTP/1.1" 304 -
58.39.168.32 - - [14/Feb/2022:10:06:19 +0800] "GET /xingrg/javascript/easyui/themes/default/tree.css HTTP/1.1" 404 1090
58.39.168.32 - - [14/Feb/2022:10:06:19 +0800] "POST /xingrg/all/common/load_tree.html?tree=supplier_tree_json&isDelete=1 HTTP/1.1" 200 62150
58.39.168.32 - - [14/Feb/2022:10:06:20 +0800] "GET /xingrg/javascript/easyui/themes/default/images/tree_arrows.gif HTTP/1.1" 304 -
58.39.168.32 - - [14/Feb/2022:10:06:20 +0800] "GET /xingrg/javascript/easyui/themes/default/images/tree_folder.gif HTTP/1.1" 304 -
58.39.168.32 - - [14/Feb/2022:10:06:20 +0800] "GET /xingrg/javascript/easyui/themes/default/images/tree_folder_open.gif HTTP/1.1" 304 -
58.39.168.32 - - [14/Feb/2022:10:06:20 +0800] "GET /xingrg/javascript/easyui/themes/default/images/tree_file.gif HTTP/1.1" 304 -
58.39.168.32 - - [14/Feb/2022:10:06:22 +0800] "GET /xingrg/javascript/auto/indicator.gif HTTP/1.1" 404 1066
114.84.150.224 - - [14/Feb/2022:10:06:25 +0800] "GET /xingrg/all/function/internal_message.html?_=1644804170084&CODE_STATE=getMsg HTTP/1.1" 200 27
222.70.243.96 - - [14/Feb/2022:10:06:25 +0800] "GET /xingrg/all/function/internal_message.html?_=1644804390156&CODE_STATE=getMsg HTTP/1.1" 200 27
116.235.92.83 - - [14/Feb/2022:10:06:26 +0800] "GET /xingrg/all/function/internal_message.html?_=1644804534202&CODE_STATE=getMsg HTTP/1.1" 200 27
172.20.0.100 - - [14/Feb/2022:10:06:31 +0800] "GET /xingrg/all/function/internal_message.html?_=1644804389109&CODE_STATE=getMsg HTTP/1.1" 200 27
120.253.135.82 - - [14/Feb/2022:10:06:38 +0800] "GET /xingrg/all/function/internal_message.html?_=1644804392603&CODE_STATE=getMsg HTTP/1.1" 200 27
116.239.131.195 - - [14/Feb/2022:10:06:40 +0800] "GET /xingrg/all/function/internal_message.html?_=1644804430859&CODE_STATE=getMsg HTTP/1.1" 200 27
58.39.168.32 - - [14/Feb/2022:10:06:45 +0800] "GET /xingrg/kc/buy/cgsh_order_operate.html?command=get_materiel&rest_code=00105&code=00101009109&supplier_code=00100024&order_time=2022-02-14 HTTP/1.1" 200 399
58.39.168.32 - - [14/Feb/2022:10:06:45 +0800] "GET /xingrg/all/function/internal_message.html?_=1644804406813&CODE_STATE=getMsg HTTP/1.1" 200 27
222.69.132.164 - - [14/Feb/2022:10:06:47 +0800] "GET /xingrg/all/function/internal_message.html?_=1644804477218&CODE_STATE=getMsg HTTP/1.1" 200 27
120.253.135.82 - - [14/Feb/2022:10:06:58 +0800] "GET /xingrg/all/function/internal_message.html?_=1644804212083&CODE_STATE=getMsg HTTP/1.1" 200 27
58.39.168.32 - - [14/Feb/2022:10:06:58 +0800] "GET /xingrg/kc/buy/cgsh_order_operate.html?command=get_materiel&rest_code=00105&code=00101009062&supplier_code=00100024&order_time=2022-02-14 HTTP/1.1" 200 412
116.232.55.59 - - [14/Feb/2022:10:06:59 +0800] "GET /xingrg/all/function/internal_message.html?_=1644804419399&CODE_STATE=getMsg HTTP/1.1" 200 27
101.83.241.170 - - [14/Feb/2022:10:07:04 +0800] "GET /xingrg/all/function/internal_message.html?_=1644804424854&CODE_STATE=getMsg HTTP/1.1" 200 27
120.253.135.82 - - [14/Feb/2022:10:07:04 +0800] "GET /xingrg/check_reg.html?_=1644804559438 HTTP/1.1" 200 22
120.253.135.82 - - [14/Feb/2022:10:07:06 +0800] "GET /xingrg/all/function/internal_message.html?_=1644804560592&CODE_STATE=getMsg HTTP/1.1" 200 27
180.152.99.39 - - [14/Feb/2022:10:07:12 +0800] "GET /xingrg/all/function/internal_message.html?_=1644804345966&CODE_STATE=getMsg HTTP/1.1" 200 27
58.39.168.32 - - [14/Feb/2022:10:07:14 +0800] "GET /xingrg/kc/buy/cgsh_order_operate.html?command=get_materiel&rest_code=00105&code=00101009010&supplier_code=00100024&order_time=2022-02-14 HTTP/1.1" 200 412
114.84.150.224 - - [14/Feb/2022:10:07:25 +0800] "GET /xingrg/all/function/internal_message.html?_=1644804230052&CODE_STATE=getMsg HTTP/1.1" 200 27
58.39.168.32 - - [14/Feb/2022:10:07:25 +0800] "GET /xingrg/kc/buy/cgsh_order_operate.html?command=get_materiel&rest_code=00105&code=00101009028&supplier_code=00100024&order_time=2022-02-14 HTTP/1.1" 200 409
114.84.150.224 - - [14/Feb/2022:10:07:25 +0800] "GET /xingrg/check_reg.html?_=1644804230521 HTTP/1.1" 200 22
222.70.243.96 - - [14/Feb/2022:10:07:25 +0800] "GET /xingrg/all/function/internal_message.html?_=1644804450159&CODE_STATE=getMsg HTTP/1.1" 200 27
116.235.92.83 - - [14/Feb/2022:10:07:26 +0800] "GET /xingrg/all/function/internal_message.html?_=1644804594200&CODE_STATE=getMsg HTTP/1.1" 200 27
116.239.131.195 - - [14/Feb/2022:10:07:27 +0800] "GET /xingrg/check_reg.html?_=1644804477626 HTTP/1.1" 200 22
222.70.243.96 - - [14/Feb/2022:10:07:30 +0800] "POST /xingrg/services/DataTransmitService HTTP/1.1" 200 524
172.20.0.100 - - [14/Feb/2022:10:07:31 +0800] "GET /xingrg/all/function/internal_message.html?_=1644804449098&CODE_STATE=getMsg HTTP/1.1" 200 27
222.70.243.96 - - [14/Feb/2022:10:07:33 +0800] "POST /xingrg/services/DataTransmitService HTTP/1.1" 200 501
120.253.135.82 - - [14/Feb/2022:10:07:38 +0800] "GET /xingrg/all/function/internal_message.html?_=1644804452618&CODE_STATE=getMsg HTTP/1.1" 200 27
116.239.131.195 - - [14/Feb/2022:10:07:40 +0800] "GET /xingrg/all/function/internal_message.html?_=1644804490871&CODE_STATE=getMsg HTTP/1.1" 200 27
58.39.168.32 - - [14/Feb/2022:10:07:45 +0800] "GET /xingrg/all/function/internal_message.html?_=1644804466797&CODE_STATE=getMsg HTTP/1.1" 200 27
222.69.132.164 - - [14/Feb/2022:10:07:47 +0800] "GET /xingrg/all/function/internal_message.html?_=1644804537207&CODE_STATE=getMsg HTTP/1.1" 200 27
58.39.168.32 - - [14/Feb/2022:10:07:54 +0800] "GET /xingrg/kc/buy/cgsh_order_operate.html?command=get_materiel&rest_code=00105&code=00101009016&supplier_code=00100024&order_time=2022-02-14 HTTP/1.1" 200 412
180.169.147.146 - - [14/Feb/2022:10:07:56 +0800] "GET /xingrg/check_reg.html?_=1644804475923 HTTP/1.1" 302 -
120.253.135.82 - - [14/Feb/2022:10:07:58 +0800] "GET /xingrg/all/function/internal_message.html?_=1644804272087&CODE_STATE=getMsg HTTP/1.1" 200 27
116.232.55.59 - - [14/Feb/2022:10:07:59 +0800] "GET /xingrg/all/function/internal_message.html?_=1644804479402&CODE_STATE=getMsg HTTP/1.1" 200 27
101.83.241.170 - - [14/Feb/2022:10:08:04 +0800] "GET /xingrg/check_reg.html?_=1644804484857 HTTP/1.1" 200 22
101.83.241.170 - - [14/Feb/2022:10:08:04 +0800] "GET /xingrg/all/function/internal_message.html?_=1644804484858&CODE_STATE=getMsg HTTP/1.1" 200 27
120.253.135.82 - - [14/Feb/2022:10:08:06 +0800] "GET /xingrg/all/function/internal_message.html?_=1644804620606&CODE_STATE=getMsg HTTP/1.1" 200 27
180.152.99.39 - - [14/Feb/2022:10:08:12 +0800] "GET /xingrg/all/function/internal_message.html?_=1644804405979&CODE_STATE=getMsg HTTP/1.1" 200 27
114.84.150.224 - - [14/Feb/2022:10:08:25 +0800] "GET /xingrg/all/function/internal_message.html?_=1644804290022&CODE_STATE=getMsg HTTP/1.1" 200 27
222.70.243.96 - - [14/Feb/2022:10:08:25 +0800] "GET /xingrg/check_reg.html?_=1644804510123 HTTP/1.1" 200 22
222.70.243.96 - - [14/Feb/2022:10:08:25 +0800] "GET /xingrg/all/function/internal_message.html?_=1644804510173&CODE_STATE=getMsg HTTP/1.1" 200 27
116.235.92.83 - - [14/Feb/2022:10:08:26 +0800] "GET /xingrg/check_reg.html?_=1644804654199 HTTP/1.1" 200 22
116.235.92.83 - - [14/Feb/2022:10:08:26 +0800] "GET /xingrg/all/function/internal_message.html?_=1644804654201&CODE_STATE=getMsg HTTP/1.1" 200 27
172.20.0.100 - - [14/Feb/2022:10:08:31 +0800] "GET /xingrg/all/function/internal_message.html?_=1644804509102&CODE_STATE=getMsg HTTP/1.1" 200 27
120.253.135.82 - - [14/Feb/2022:10:08:36 +0800] "GET /xingrg/check_reg.html?_=1644804510804 HTTP/1.1" 200 22
120.253.135.82 - - [14/Feb/2022:10:08:38 +0800] "GET /xingrg/all/function/internal_message.html?_=1644804512630&CODE_STATE=getMsg HTTP/1.1" 200 27
116.239.131.195 - - [14/Feb/2022:10:08:40 +0800] "GET /xingrg/all/function/internal_message.html?_=1644804550884&CODE_STATE=getMsg HTTP/1.1" 200 27
58.39.168.32 - - [14/Feb/2022:10:08:45 +0800] "GET /xingrg/all/function/internal_message.html?_=1644804526834&CODE_STATE=getMsg HTTP/1.1" 200 27
222.69.132.164 - - [14/Feb/2022:10:08:47 +0800] "GET /xingrg/all/function/internal_message.html?_=1644804597221&CODE_STATE=getMsg HTTP/1.1" 200 27
120.253.135.82 - - [14/Feb/2022:10:08:57 +0800] "GET /xingrg/check_reg.html?_=1644804331868 HTTP/1.1" 200 22
120.253.135.82 - - [14/Feb/2022:10:08:58 +0800] "GET /xingrg/all/function/internal_message.html?_=1644804332100&CODE_STATE=getMsg HTTP/1.1" 200 27
116.232.55.59 - - [14/Feb/2022:10:08:59 +0800] "GET /xingrg/all/function/internal_message.html?_=1644804539404&CODE_STATE=getMsg HTTP/1.1" 200 27
101.83.241.170 - - [14/Feb/2022:10:09:04 +0800] "GET /xingrg/all/function/internal_message.html?_=1644804544857&CODE_STATE=getMsg HTTP/1.1" 200 27
120.253.135.82 - - [14/Feb/2022:10:09:06 +0800] "GET /xingrg/all/function/internal_message.html?_=1644804680620&CODE_STATE=getMsg HTTP/1.1" 200 27
180.152.99.39 - - [14/Feb/2022:10:09:09 +0800] "GET /xingrg/check_reg.html?_=1644804463204 HTTP/1.1" 200 22
180.152.99.39 - - [14/Feb/2022:10:09:12 +0800] "GET /xingrg/all/function/internal_message.html?_=1644804465993&CODE_STATE=getMsg HTTP/1.1" 200 27
114.84.150.224 - - [14/Feb/2022:10:09:25 +0800] "GET /xingrg/all/function/internal_message.html?_=1644804350021&CODE_STATE=getMsg HTTP/1.1" 200 27
222.70.243.96 - - [14/Feb/2022:10:09:25 +0800] "GET /xingrg/all/function/internal_message.html?_=1644804570187&CODE_STATE=getMsg HTTP/1.1" 200 27
116.235.92.83 - - [14/Feb/2022:10:09:26 +0800] "GET /xingrg/all/function/internal_message.html?_=1644804714199&CODE_STATE=getMsg HTTP/1.1" 200 27
120.253.135.82 - - [14/Feb/2022:10:09:29 +0800] "GET /xingrg/login.html HTTP/1.1" 200 7641
120.253.135.82 - - [14/Feb/2022:10:09:29 +0800] "GET /xingrg/images/blue/jxLogo.png HTTP/1.1" 200 6156
120.253.135.82 - - [14/Feb/2022:10:09:29 +0800] "GET /xingrg/images/blue/hj.png HTTP/1.1" 200 1014
120.253.135.82 - - [14/Feb/2022:10:09:29 +0800] "GET /xingrg/images/blue/srbg.png HTTP/1.1" 200 138
120.253.135.82 - - [14/Feb/2022:10:09:29 +0800] "GET /xingrg/images/blue/login_bg.png HTTP/1.1" 200 22101
120.253.135.82 - - [14/Feb/2022:10:09:30 +0800] "GET /favicon.ico HTTP/1.1" 404 -
172.20.0.100 - - [14/Feb/2022:10:09:31 +0800] "GET /xingrg/check_reg.html?_=1644804569111 HTTP/1.1" 200 22
172.20.0.100 - - [14/Feb/2022:10:09:31 +0800] "GET /xingrg/all/function/internal_message.html?_=1644804569115&CODE_STATE=getMsg HTTP/1.1" 200 27
120.253.135.82 - - [14/Feb/2022:10:09:34 +0800] "POST /xingrg/login.do HTTP/1.1" 302 -
120.253.135.82 - - [14/Feb/2022:10:09:35 +0800] "GET /xingrg/index.html?sysBaseUrl=http%3A%2F%2F180.169.147.146%3A18081%2Fxingrg%2F&costTime=42×tamp=1644804574964 HTTP/1.1" 200 17173
120.253.135.82 - - [14/Feb/2022:10:09:35 +0800] "GET /xingrg/javascript/jquery_easy_ui/themes/icon.css HTTP/1.1" 200 3949
120.253.135.82 - - [14/Feb/2022:10:09:35 +0800] "GET /xingrg/javascript/jquery_easy_ui/jquery.easyui.min.js HTTP/1.1" 200 213662
120.253.135.82 - - [14/Feb/2022:10:09:35 +0800] "GET /xingrg/javascript/jquery_easy_ui/easyui-lang-zh_CN.js HTTP/1.1" 200 1900
120.253.135.82 - - [14/Feb/2022:10:09:35 +0800] "GET /xingrg/css/form.css HTTP/1.1" 200 893
120.253.135.82 - - [14/Feb/2022:10:09:35 +0800] "GET /xingrg/javascript/jquery-1.4.2.min.js HTTP/1.1" 200 72205
120.253.135.82 - - [14/Feb/2022:10:09:35 +0800] "GET /xingrg/javascript/jquery.timers.js HTTP/1.1" 200 3532
120.253.135.82 - - [14/Feb/2022:10:09:35 +0800] "GET /xingrg/javascript/jquery.utils.js HTTP/1.1" 200 11805
120.253.135.82 - - [14/Feb/2022:10:09:35 +0800] "GET /xingrg/javascript/jquery.form.js HTTP/1.1" 200 23110
120.253.135.82 - - [14/Feb/2022:10:09:35 +0800] "GET /xingrg/javascript/jquery_easy_ui/themes/default/easyui.css HTTP/1.1" 200 26500
120.253.135.82 - - [14/Feb/2022:10:09:35 +0800] "GET /xingrg/javascript/jquery_easy_ui/themes/icons/settle_new.png HTTP/1.1" 200 826
120.253.135.82 - - [14/Feb/2022:10:09:35 +0800] "GET /xingrg/images/blue/navBackgound.jpg HTTP/1.1" 200 12378
120.253.135.82 - - [14/Feb/2022:10:09:35 +0800] "GET /xingrg/javascript/jquery_easy_ui/themes/default/images/tabs_rightarrow.png HTTP/1.1" 200 395
120.253.135.82 - - [14/Feb/2022:10:09:35 +0800] "GET /xingrg/javascript/jquery_easy_ui/themes/default/images/tabs_leftarrow.png HTTP/1.1" 200 389
120.253.135.82 - - [14/Feb/2022:10:09:35 +0800] "GET /xingrg/images/blue/pingpu.png HTTP/1.1" 200 231
120.253.135.82 - - [14/Feb/2022:10:09:35 +0800] "POST /xingrg/all/common/load_tree.html?tree=area_rest_tree_json&manage=1 HTTP/1.1" 200 344
120.253.135.82 - - [14/Feb/2022:10:09:35 +0800] "GET /xingrg/javascript/jquery_easy_ui/themes/default/images/panel_tool_collapse.gif HTTP/1.1" 200 246
120.253.135.82 - - [14/Feb/2022:10:09:35 +0800] "GET /xingrg/check_reg.html?_=1644804710036 HTTP/1.1" 200 22
120.253.135.82 - - [14/Feb/2022:10:09:35 +0800] "GET /xingrg/all/function/internal_message.html?_=1644804710035&CODE_STATE=count HTTP/1.1" 200 11
120.253.135.82 - - [14/Feb/2022:10:09:35 +0800] "POST /xingrg/load_menu.html HTTP/1.1" 200 6743
120.253.135.82 - - [14/Feb/2022:10:09:35 +0800] "GET /favicon.ico HTTP/1.1" 404 -
120.253.135.82 - - [14/Feb/2022:10:09:35 +0800] "GET /xingrg/javascript/jquery_easy_ui/themes/default/images/tree_arrows.gif HTTP/1.1" 200 1043
120.253.135.82 - - [14/Feb/2022:10:09:35 +0800] "GET /xingrg/javascript/jquery_easy_ui/themes/default/images/tree_folder_open.gif HTTP/1.1" 200 956
120.253.135.82 - - [14/Feb/2022:10:09:35 +0800] "GET /xingrg/javascript/jquery_easy_ui/themes/icons/storage_new.png HTTP/1.1" 200 853
120.253.135.82 - - [14/Feb/2022:10:09:35 +0800] "GET /xingrg/javascript/jquery_easy_ui/themes/icons/search_new.png HTTP/1.1" 200 586
120.253.135.82 - - [14/Feb/2022:10:09:35 +0800] "GET /xingrg/javascript/jquery_easy_ui/themes/icons/delivery_new.png HTTP/1.1" 200 700
120.253.135.82 - - [14/Feb/2022:10:09:35 +0800] "GET /xingrg/javascript/jquery_easy_ui/themes/default/images/tree_file.gif HTTP/1.1" 200 118
120.253.135.82 - - [14/Feb/2022:10:09:35 +0800] "GET /xingrg/javascript/jquery_easy_ui/themes/icons/forms_new.png HTTP/1.1" 200 350
120.253.135.82 - - [14/Feb/2022:10:09:35 +0800] "GET /xingrg/javascript/jquery_easy_ui/themes/default/images/tree_folder.gif HTTP/1.1" 200 952
120.253.135.82 - - [14/Feb/2022:10:09:38 +0800] "GET /xingrg/all/function/internal_message.html?_=1644804572644&CODE_STATE=getMsg HTTP/1.1" 200 27
116.239.131.195 - - [14/Feb/2022:10:09:40 +0800] "GET /xingrg/all/function/internal_message.html?_=1644804611113&CODE_STATE=getMsg HTTP/1.1" 200 27
120.253.135.82 - - [14/Feb/2022:10:09:41 +0800] "GET /xingrg/javascript/jquery_easy_ui/themes/default/images/tabs_close.gif HTTP/1.1" 200 829
120.253.135.82 - - [14/Feb/2022:10:09:41 +0800] "GET /xingrg/kc/pszx/mdqp_order_list.html?state=10 HTTP/1.1" 200 11459
120.253.135.82 - - [14/Feb/2022:10:09:41 +0800] "GET /xingrg/javascript/pic_change.js HTTP/1.1" 200 4739
120.253.135.82 - - [14/Feb/2022:10:09:41 +0800] "GET /xingrg/css/blue.css HTTP/1.1" 200 15949
120.253.135.82 - - [14/Feb/2022:10:09:41 +0800] "GET /xingrg/dwr/interface/AjaxReportQueryService.js HTTP/1.1" 200 13203
120.253.135.82 - - [14/Feb/2022:10:09:41 +0800] "GET /xingrg/dwr/util.js HTTP/1.1" 200 35990
120.253.135.82 - - [14/Feb/2022:10:09:41 +0800] "GET /xingrg/javascript/Calendar.js HTTP/1.1" 200 31561
120.253.135.82 - - [14/Feb/2022:10:09:41 +0800] "GET /xingrg/dwr/interface/AjaxQqpsService.js HTTP/1.1" 200 16326
120.253.135.82 - - [14/Feb/2022:10:09:41 +0800] "GET /xingrg/javascript/myfunction.js HTTP/1.1" 200 24559
120.253.135.82 - - [14/Feb/2022:10:09:41 +0800] "GET /xingrg/dwr/engine.js HTTP/1.1" 200 43631
120.253.135.82 - - [14/Feb/2022:10:09:41 +0800] "GET /xingrg/javascript/jquery_easy_ui/themes/icons/check_new.png HTTP/1.1" 200 3224
120.253.135.82 - - [14/Feb/2022:10:09:41 +0800] "GET /xingrg/javascript/jquery_easy_ui/themes/icons/uncheck_new.png HTTP/1.1" 200 3197
120.253.135.82 - - [14/Feb/2022:10:09:41 +0800] "GET /xingrg/javascript/jquery_easy_ui/themes/icons/back_new.png HTTP/1.1" 200 3414
120.253.135.82 - - [14/Feb/2022:10:09:44 +0800] "GET /xingrg/kc/pszx/mdps_order_list.html?orderType=0 HTTP/1.1" 200 20884
120.253.135.82 - - [14/Feb/2022:10:09:44 +0800] "GET /xingrg/javascript/easyui/themes/icon.css HTTP/1.1" 200 4483
120.253.135.82 - - [14/Feb/2022:10:09:44 +0800] "GET /xingrg/css/site.css HTTP/1.1" 200 7541
120.253.135.82 - - [14/Feb/2022:10:09:44 +0800] "GET /xingrg/javascript/auto/jquery.autocomplete.css HTTP/1.1" 200 587
120.253.135.82 - - [14/Feb/2022:10:09:44 +0800] "GET /xingrg/css/base.css HTTP/1.1" 200 2811
120.253.135.82 - - [14/Feb/2022:10:09:44 +0800] "GET /xingrg/javascript/jquery_tools/fix.css HTTP/1.1" 200 1702
120.253.135.82 - - [14/Feb/2022:10:09:44 +0800] "GET /xingrg/javascript/jquery_tools/datebox.css HTTP/1.1" 200 2597
120.253.135.82 - - [14/Feb/2022:10:09:44 +0800] "GET /xingrg/javascript/jquery_tools/table.css HTTP/1.1" 200 1032
120.253.135.82 - - [14/Feb/2022:10:09:44 +0800] "GET /xingrg/javascript/jquery_tools/jquery.tools.hotkey.js HTTP/1.1" 200 3242
120.253.135.82 - - [14/Feb/2022:10:09:44 +0800] "GET /xingrg/javascript/jquery_tools/jquery.tools.extend.js HTTP/1.1" 200 15385
120.253.135.82 - - [14/Feb/2022:10:09:44 +0800] "GET /xingrg/javascript/jquery_tools/list_manager.js HTTP/1.1" 200 3652
120.253.135.82 - - [14/Feb/2022:10:09:44 +0800] "GET /xingrg/javascript/jquery_tools/jquery.tools.min.js HTTP/1.1" 200 138801
120.253.135.82 - - [14/Feb/2022:10:09:44 +0800] "GET /xingrg/javascript/jquery_tools/jquery.tools.table.js HTTP/1.1" 200 6994
120.253.135.82 - - [14/Feb/2022:10:09:44 +0800] "GET /xingrg/javascript/easyui/easyloader.js HTTP/1.1" 200 5975
120.253.135.82 - - [14/Feb/2022:10:09:44 +0800] "GET /xingrg/javascript/jquery.cookie.js HTTP/1.1" 200 5513
120.253.135.82 - - [14/Feb/2022:10:09:44 +0800] "GET /xingrg/javascript/print/LodopFuncs.js HTTP/1.1" 200 5121
120.253.135.82 - - [14/Feb/2022:10:09:44 +0800] "GET /xingrg/javascript/easyui/themes/default/easyui.css HTTP/1.1" 200 30432
120.253.135.82 - - [14/Feb/2022:10:09:44 +0800] "GET /xingrg/javascript/auto/jquery.autocomplete.js HTTP/1.1" 200 21624
120.253.135.82 - - [14/Feb/2022:10:09:44 +0800] "GET /xingrg/javascript/easyui/themes/icons/field_new.png HTTP/1.1" 200 1097
120.253.135.82 - - [14/Feb/2022:10:09:44 +0800] "GET /xingrg/javascript/easyui/themes/icons/edit_add_new.png HTTP/1.1" 200 2997
120.253.135.82 - - [14/Feb/2022:10:09:44 +0800] "GET /xingrg/javascript/easyui/themes/icons/cance_new.png HTTP/1.1" 200 3986
120.253.135.82 - - [14/Feb/2022:10:09:44 +0800] "GET /xingrg/javascript/easyui/themes/icons/uncheck_new.png HTTP/1.1" 200 3197
120.253.135.82 - - [14/Feb/2022:10:09:44 +0800] "GET /xingrg/javascript/easyui/themes/icons/check_new.png HTTP/1.1" 200 3224
120.253.135.82 - - [14/Feb/2022:10:09:44 +0800] "GET /xingrg/javascript/easyui/themes/icons/import_new.png HTTP/1.1" 200 1247
120.253.135.82 - - [14/Feb/2022:10:09:44 +0800] "GET /xingrg/javascript/easyui/plugins/jquery.parser.js HTTP/1.1" 200 1142
120.253.135.82 - - [14/Feb/2022:10:09:44 +0800] "GET /xingrg/images/control/ajaxLoader.gif HTTP/1.1" 200 4659
120.253.135.82 - - [14/Feb/2022:10:09:44 +0800] "POST /xingrg/kc/pszx/mdps_list_operate.html HTTP/1.1" 200 5298
58.39.168.32 - - [14/Feb/2022:10:09:45 +0800] "GET /xingrg/all/function/internal_message.html?_=1644804586798&CODE_STATE=getMsg HTTP/1.1" 200 27
222.69.132.164 - - [14/Feb/2022:10:09:47 +0800] "GET /xingrg/all/function/internal_message.html?_=1644804657210&CODE_STATE=getMsg HTTP/1.1" 200 27
116.232.55.59 - - [14/Feb/2022:10:09:59 +0800] "GET /xingrg/all/function/internal_message.html?_=1644804599408&CODE_STATE=getMsg HTTP/1.1" 200 27
116.232.55.59 - - [14/Feb/2022:10:09:59 +0800] "GET /xingrg/check_reg.html?_=1644804599410 HTTP/1.1" 200 22
116.239.131.195 - - [14/Feb/2022:10:10:03 +0800] "GET /favicon.ico HTTP/1.1" 404 -
101.83.241.170 - - [14/Feb/2022:10:10:04 +0800] "GET /xingrg/all/function/internal_message.html?_=1644804604856&CODE_STATE=getMsg HTTP/1.1" 200 27
180.152.99.39 - - [14/Feb/2022:10:10:12 +0800] "GET /xingrg/all/function/internal_message.html?_=1644804526006&CODE_STATE=getMsg HTTP/1.1" 200 27
222.70.243.96 - - [14/Feb/2022:10:10:20 +0800] "POST /xingrg/services/DataTransmitService HTTP/1.1" 200 524
222.70.243.96 - - [14/Feb/2022:10:10:20 +0800] "POST /xingrg/services/DataTransmitService HTTP/1.1" 200 2167
