114.86.225.145 - - [13/Feb/2022:08:53:22 +0800] "GET /xingrg/javascript/easyui/plugins/jquery.validatebox.js HTTP/1.1" 304 -
114.86.225.145 - - [13/Feb/2022:08:53:22 +0800] "GET /xingrg/all/common/auto_word.html?type=employee&rest_code=00109 HTTP/1.1" 200 255
114.86.225.145 - - [13/Feb/2022:08:53:22 +0800] "GET /xingrg/javascript/easyui/plugins/jquery.numberbox.js HTTP/1.1" 304 -
58.39.168.32 - - [13/Feb/2022:08:53:24 +0800] "POST /xingrg/kc/buy/cgsh_order_operate.html HTTP/1.1" 200 2065
116.239.131.195 - - [13/Feb/2022:08:53:24 +0800] "GET /xingrg/all/function/internal_message.html?_=1644713630336&CODE_STATE=getMsg HTTP/1.1" 200 27
101.83.241.237 - - [13/Feb/2022:08:53:24 +0800] "GET /xingrg/kc/buy/cgsh_order_operate.html?command=get_materiel&rest_code=00149&code=00101008163&supplier_code=00100005&order_time=2022-02-13 HTTP/1.1" 200 429
120.253.135.82 - - [13/Feb/2022:08:53:25 +0800] "GET /xingrg/check_reg.html?_=1644713396450 HTTP/1.1" 200 22
120.253.135.82 - - [13/Feb/2022:08:53:26 +0800] "POST /xingrg/kc/pszx/mdps_order_operate.html HTTP/1.1" 200 37
120.253.135.82 - - [13/Feb/2022:08:53:26 +0800] "GET /xingrg/all/function/internal_message.html?_=1644713396544&CODE_STATE=getMsg HTTP/1.1" 200 27
120.253.135.82 - - [13/Feb/2022:08:53:27 +0800] "GET /xingrg/kc/pszx/mdps_order_info.html?code=312022021300157 HTTP/1.1" 200 23929
120.253.135.82 - - [13/Feb/2022:08:53:27 +0800] "GET /xingrg/javascript/easyui/themes/default/validatebox.css HTTP/1.1" 404 1104
120.253.135.82 - - [13/Feb/2022:08:53:27 +0800] "POST /xingrg/kc/pszx/mdps_order_operate.html HTTP/1.1" 200 2278
58.39.168.32 - - [13/Feb/2022:08:53:32 +0800] "GET /xingrg/kc/buy/cgsh_order_operate.html?command=get_materiel&rest_code=00105&code=00101008051&supplier_code=00100203&order_time=2022-02-13 HTTP/1.1" 200 430
101.83.241.237 - - [13/Feb/2022:08:53:35 +0800] "GET /xingrg/kc/buy/cgsh_order_operate.html?command=get_materiel&rest_code=00149&code=00101008370&supplier_code=00100005&order_time=2022-02-13 HTTP/1.1" 200 433
120.253.135.82 - - [13/Feb/2022:08:53:35 +0800] "POST /xingrg/kc/pszx/mdps_order_operate.html HTTP/1.1" 200 37
120.253.135.82 - - [13/Feb/2022:08:53:36 +0800] "GET /xingrg/kc/pszx/mdps_order_info.html?code=312022021300157 HTTP/1.1" 200 23929
120.253.135.82 - - [13/Feb/2022:08:53:37 +0800] "GET /xingrg/javascript/easyui/themes/default/validatebox.css HTTP/1.1" 404 1104
120.253.135.82 - - [13/Feb/2022:08:53:37 +0800] "POST /xingrg/kc/pszx/mdps_order_operate.html HTTP/1.1" 200 2278
120.253.135.82 - - [13/Feb/2022:08:53:39 +0800] "GET /xingrg/kc/pszx/mdps_order_add.html HTTP/1.1" 200 28906
120.253.135.82 - - [13/Feb/2022:08:53:39 +0800] "POST /xingrg/kc/pszx/mdps_order_operate.html HTTP/1.1" 200 7126
120.253.135.82 - - [13/Feb/2022:08:53:39 +0800] "GET /xingrg/javascript/easyui/themes/default/validatebox.css HTTP/1.1" 404 1104
120.253.135.82 - - [13/Feb/2022:08:53:41 +0800] "POST /xingrg/all/common/load_combo.html?type=base HTTP/1.1" 200 1075
120.253.135.82 - - [13/Feb/2022:08:53:43 +0800] "GET /xingrg/javascript/easyui/themes/default/tree.css HTTP/1.1" 404 1090
120.253.135.82 - - [13/Feb/2022:08:53:44 +0800] "POST /xingrg/all/common/load_tree.html?tree=area_rest_tree_json&only_rest=1 HTTP/1.1" 200 3351
58.39.168.32 - - [13/Feb/2022:08:53:47 +0800] "GET /xingrg/kc/buy/cgsh_order_operate.html?command=get_materiel&rest_code=00105&code=00101008003&supplier_code=00100203&order_time=2022-02-13 HTTP/1.1" 200 429
114.86.225.145 - - [13/Feb/2022:08:53:50 +0800] "GET /xingrg/javascript/jquery_tools/images/prev.gif HTTP/1.1" 404 1086
114.86.225.145 - - [13/Feb/2022:08:53:50 +0800] "GET /xingrg/javascript/jquery_tools/images/next.gif HTTP/1.1" 404 1086
222.70.243.96 - - [13/Feb/2022:08:53:50 +0800] "GET /xingrg/all/function/internal_message.html?_=1644713649248&CODE_STATE=getMsg HTTP/1.1" 302 -
101.83.241.237 - - [13/Feb/2022:08:53:51 +0800] "GET /xingrg/all/function/internal_message.html?_=1644713626165&CODE_STATE=getMsg HTTP/1.1" 200 27
58.39.168.32 - - [13/Feb/2022:08:53:54 +0800] "GET /xingrg/all/function/internal_message.html?_=1644713630850&CODE_STATE=getMsg HTTP/1.1" 200 27
58.39.168.32 - - [13/Feb/2022:08:53:56 +0800] "GET /xingrg/kc/buy/cgsh_order_operate.html?command=get_materiel&rest_code=00105&code=00101008212&supplier_code=00100203&order_time=2022-02-13 HTTP/1.1" 200 433
120.253.135.82 - - [13/Feb/2022:08:53:57 +0800] "GET /xingrg/kc/pszx/mdps_order_operate.html?command=get_materiel&pszx_code=00101&rest_code=00104&base_code=0010246&code=00101008001 HTTP/1.1" 200 435
120.253.135.82 - - [13/Feb/2022:08:53:58 +0800] "GET /xingrg/check_reg.html?_=1644713762827 HTTP/1.1" 200 22
120.253.135.82 - - [13/Feb/2022:08:53:58 +0800] "GET /xingrg/all/function/internal_message.html?_=1644713762984&CODE_STATE=getMsg HTTP/1.1" 200 27
222.70.243.96 - - [13/Feb/2022:08:53:59 +0800] "GET /xingrg/all/function/internal_message.html?_=1644713635348&CODE_STATE=getMsg HTTP/1.1" 200 27
58.39.168.32 - - [13/Feb/2022:08:54:04 +0800] "GET /xingrg/kc/buy/cgsh_order_operate.html?command=get_materiel&rest_code=00105&code=00101008251&supplier_code=00100203&order_time=2022-02-13 HTTP/1.1" 200 428
116.239.131.195 - - [13/Feb/2022:08:54:05 +0800] "GET /xingrg/kc/buy/cgsh_order_operate.html?command=get_materiel&rest_code=00102&code=00101006129&supplier_code=00100096&order_time=2022-02-13 HTTP/1.1" 200 453
120.253.135.82 - - [13/Feb/2022:08:54:14 +0800] "POST /xingrg/kc/pszx/mdps_order_operate.html HTTP/1.1" 200 37
120.253.135.82 - - [13/Feb/2022:08:54:15 +0800] "GET /xingrg/kc/pszx/mdps_order_info.html?code=312022021300158 HTTP/1.1" 200 23929
58.39.168.32 - - [13/Feb/2022:08:54:16 +0800] "GET /xingrg/kc/buy/cgsh_order_operate.html?command=get_materiel&rest_code=00105&code=00101008069&supplier_code=00100203&order_time=2022-02-13 HTTP/1.1" 200 432
120.253.135.82 - - [13/Feb/2022:08:54:16 +0800] "GET /xingrg/javascript/easyui/themes/default/validatebox.css HTTP/1.1" 404 1104
120.253.135.82 - - [13/Feb/2022:08:54:16 +0800] "POST /xingrg/kc/pszx/mdps_order_operate.html HTTP/1.1" 200 2278
114.86.225.145 - - [13/Feb/2022:08:54:16 +0800] "GET /xingrg/all/function/internal_message.html?_=1644713652378&CODE_STATE=getMsg HTTP/1.1" 200 27
116.239.131.195 - - [13/Feb/2022:08:54:17 +0800] "GET /xingrg/kc/buy/cgsh_order_operate.html?command=get_materiel&rest_code=00102&code=00101016080&supplier_code=00100096&order_time=2022-02-13 HTTP/1.1" 200 408
222.70.243.96 - - [13/Feb/2022:08:54:18 +0800] "GET /xingrg/all/function/internal_message.html?_=1644713677212&CODE_STATE=getMsg HTTP/1.1" 302 -
120.253.135.82 - - [13/Feb/2022:08:54:19 +0800] "POST /xingrg/kc/pszx/mdps_order_operate.html HTTP/1.1" 200 37
58.40.7.146 - - [13/Feb/2022:08:54:19 +0800] "GET /xingrg/all/function/internal_message.html?_=1644713654988&CODE_STATE=getMsg HTTP/1.1" 200 27
180.157.251.97 - - [13/Feb/2022:08:54:19 +0800] "GET /xingrg/check_reg.html?_=1644713656859 HTTP/1.1" 200 22
180.157.251.97 - - [13/Feb/2022:08:54:19 +0800] "GET /xingrg/all/function/internal_message.html?_=1644713656861&CODE_STATE=getMsg HTTP/1.1" 200 27
120.253.135.82 - - [13/Feb/2022:08:54:20 +0800] "GET /xingrg/kc/pszx/mdps_order_info.html?code=312022021300158 HTTP/1.1" 200 23929
120.253.135.82 - - [13/Feb/2022:08:54:20 +0800] "GET /xingrg/javascript/easyui/themes/default/validatebox.css HTTP/1.1" 404 1104
120.253.135.82 - - [13/Feb/2022:08:54:20 +0800] "POST /xingrg/kc/pszx/mdps_order_operate.html HTTP/1.1" 200 2278
116.239.131.195 - - [13/Feb/2022:08:54:24 +0800] "GET /xingrg/all/function/internal_message.html?_=1644713690366&CODE_STATE=getMsg HTTP/1.1" 200 27
120.253.135.82 - - [13/Feb/2022:08:54:26 +0800] "GET /xingrg/all/function/internal_message.html?_=1644713456557&CODE_STATE=getMsg HTTP/1.1" 200 27
116.239.131.195 - - [13/Feb/2022:08:54:27 +0800] "GET /xingrg/kc/buy/cgsh_order_operate.html?command=get_materiel&rest_code=00102&code=00101012025&supplier_code=00100096&order_time=2022-02-13 HTTP/1.1" 200 432
58.39.168.32 - - [13/Feb/2022:08:54:30 +0800] "GET /xingrg/kc/buy/cgsh_order_operate.html?command=get_materiel&rest_code=00105&code=00101008108&supplier_code=00100203&order_time=2022-02-13 HTTP/1.1" 200 432
120.253.135.82 - - [13/Feb/2022:08:54:32 +0800] "GET /xingrg/kc/buy/cgsh_order_list.html HTTP/1.1" 200 49741
120.253.135.82 - - [13/Feb/2022:08:54:34 +0800] "POST /xingrg/kc/buy/cgsh_list_operate.html HTTP/1.1" 200 1691
116.239.131.195 - - [13/Feb/2022:08:54:37 +0800] "GET /xingrg/kc/buy/cgsh_order_operate.html?command=get_materiel&rest_code=00102&code=00101006019&supplier_code=00100096&order_time=2022-02-13 HTTP/1.1" 200 437
120.253.135.82 - - [13/Feb/2022:08:54:37 +0800] "GET /xingrg/kc/pszx/mdps_order_list.html?orderType=0 HTTP/1.1" 200 20884
120.253.135.82 - - [13/Feb/2022:08:54:37 +0800] "POST /xingrg/kc/pszx/mdps_list_operate.html HTTP/1.1" 200 5384
58.39.168.32 - - [13/Feb/2022:08:54:42 +0800] "GET /xingrg/kc/buy/cgsh_order_operate.html?command=get_materiel&rest_code=00105&code=00101008274&supplier_code=00100203&order_time=2022-02-13 HTTP/1.1" 200 412
120.253.135.82 - - [13/Feb/2022:08:54:44 +0800] "POST /xingrg/kc/pszx/mdps_list_operate.html HTTP/1.1" 200 5476
116.239.131.195 - - [13/Feb/2022:08:54:50 +0800] "GET /xingrg/kc/buy/cgsh_order_operate.html?command=get_materiel&rest_code=00102&code=00101007077&supplier_code=00100096&order_time=2022-02-13 HTTP/1.1" 200 436
222.70.243.96 - - [13/Feb/2022:08:54:50 +0800] "GET /xingrg/all/function/internal_message.html?_=1644713709284&CODE_STATE=getMsg HTTP/1.1" 302 -
222.70.243.96 - - [13/Feb/2022:08:54:51 +0800] "GET /xingrg/kc/buy/cgsh_order_operate.html?command=get_materiel&rest_code=00146&code=00101008072&supplier_code=00100005&order_time=2022-02-13 HTTP/1.1" 200 408
120.253.135.82 - - [13/Feb/2022:08:54:51 +0800] "POST /xingrg/kc/pszx/mdps_list_operate.html HTTP/1.1" 200 5480
101.83.241.237 - - [13/Feb/2022:08:54:51 +0800] "GET /xingrg/check_reg.html?_=1644713686155 HTTP/1.1" 200 22
101.83.241.237 - - [13/Feb/2022:08:54:51 +0800] "GET /xingrg/all/function/internal_message.html?_=1644713686165&CODE_STATE=getMsg HTTP/1.1" 200 27
58.39.168.32 - - [13/Feb/2022:08:54:53 +0800] "GET /xingrg/all/function/internal_message.html?_=1644713690729&CODE_STATE=getMsg HTTP/1.1" 200 27
120.253.135.82 - - [13/Feb/2022:08:54:55 +0800] "POST /xingrg/kc/pszx/mdps_list_operate.html HTTP/1.1" 200 203
120.253.135.82 - - [13/Feb/2022:08:54:55 +0800] "GET /xingrg/kc/pszx/mdps_order_info.html?code=312022021300156 HTTP/1.1" 200 23923
120.253.135.82 - - [13/Feb/2022:08:54:55 +0800] "POST /xingrg/kc/pszx/mdps_order_operate.html HTTP/1.1" 200 2279
120.253.135.82 - - [13/Feb/2022:08:54:55 +0800] "GET /xingrg/javascript/easyui/themes/default/validatebox.css HTTP/1.1" 404 1104
120.253.135.82 - - [13/Feb/2022:08:54:58 +0800] "GET /xingrg/all/function/internal_message.html?_=1644713822997&CODE_STATE=getMsg HTTP/1.1" 200 27
120.253.135.82 - - [13/Feb/2022:08:54:58 +0800] "GET /xingrg/kc/print/load_config.html?kc_code=mdps HTTP/1.1" 200 2390
120.253.135.82 - - [13/Feb/2022:08:54:58 +0800] "GET /xingrg/kc/print/load_data.html?order_code=312022021300156&kc_code=mdps&condition= HTTP/1.1" 200 666
222.70.243.96 - - [13/Feb/2022:08:54:59 +0800] "GET /xingrg/all/function/internal_message.html?_=1644713695362&CODE_STATE=getMsg HTTP/1.1" 200 27
222.70.243.96 - - [13/Feb/2022:08:55:05 +0800] "GET /xingrg/check_reg.html?_=1644713724257 HTTP/1.1" 302 -
58.39.168.32 - - [13/Feb/2022:08:55:14 +0800] "GET /xingrg/kc/buy/cgsh_order_operate.html?command=get_materiel&rest_code=00105&code=00101008617&supplier_code=00100203&order_time=2022-02-13 HTTP/1.1" 200 418
114.86.225.145 - - [13/Feb/2022:08:55:16 +0800] "GET /xingrg/all/function/internal_message.html?_=1644713712383&CODE_STATE=getMsg HTTP/1.1" 200 27
222.70.243.96 - - [13/Feb/2022:08:55:18 +0800] "GET /xingrg/all/function/internal_message.html?_=1644713737217&CODE_STATE=getMsg HTTP/1.1" 302 -
58.40.7.146 - - [13/Feb/2022:08:55:19 +0800] "GET /xingrg/all/function/internal_message.html?_=1644713714991&CODE_STATE=getMsg HTTP/1.1" 200 27
180.157.251.97 - - [13/Feb/2022:08:55:19 +0800] "GET /xingrg/all/function/internal_message.html?_=1644713716859&CODE_STATE=getMsg HTTP/1.1" 200 27
58.39.168.32 - - [13/Feb/2022:08:55:24 +0800] "GET /xingrg/kc/buy/cgsh_order_operate.html?command=get_materiel&rest_code=00105&code=00101008103&supplier_code=00100203&order_time=2022-02-13 HTTP/1.1" 200 436
116.239.131.195 - - [13/Feb/2022:08:55:24 +0800] "GET /xingrg/all/function/internal_message.html?_=1644713750378&CODE_STATE=getMsg HTTP/1.1" 200 27
101.83.241.237 - - [13/Feb/2022:08:55:25 +0800] "GET /xingrg/kc/buy/cgsh_order_operate.html?command=get_materiel&rest_code=00149&code=00101008141&supplier_code=00100005&order_time=2022-02-13 HTTP/1.1" 200 432
120.253.135.82 - - [13/Feb/2022:08:55:26 +0800] "GET /xingrg/all/function/internal_message.html?_=1644713516571&CODE_STATE=getMsg HTTP/1.1" 200 27
101.83.241.237 - - [13/Feb/2022:08:55:33 +0800] "GET /xingrg/kc/buy/cgsh_order_operate.html?command=get_materiel&rest_code=00149&code=00101008087&supplier_code=00100005&order_time=2022-02-13 HTTP/1.1" 200 412
58.39.168.32 - - [13/Feb/2022:08:55:37 +0800] "GET /xingrg/kc/buy/cgsh_order_operate.html?command=get_materiel&rest_code=00105&code=00101008297&supplier_code=00100203&order_time=2022-02-13 HTTP/1.1" 200 433
180.152.99.39 - - [13/Feb/2022:08:55:38 +0800] "GET /xingrg/login.html HTTP/1.1" 200 7641
180.152.99.39 - - [13/Feb/2022:08:55:38 +0800] "GET /xingrg/images/blue/jxLogo.png HTTP/1.1" 304 -
180.152.99.39 - - [13/Feb/2022:08:55:38 +0800] "GET /xingrg/images/blue/login_bg.png HTTP/1.1" 304 -
180.152.99.39 - - [13/Feb/2022:08:55:38 +0800] "GET /xingrg/images/blue/srbg.png HTTP/1.1" 304 -
180.152.99.39 - - [13/Feb/2022:08:55:38 +0800] "GET /xingrg/images/blue/hj.png HTTP/1.1" 304 -
180.152.99.39 - - [13/Feb/2022:08:55:39 +0800] "GET /favicon.ico HTTP/1.1" 404 -
58.39.168.32 - - [13/Feb/2022:08:55:42 +0800] "POST /xingrg/kc/buy/cgsh_order_operate.html HTTP/1.1" 200 2065
101.83.241.237 - - [13/Feb/2022:08:55:44 +0800] "GET /xingrg/kc/buy/cgsh_order_operate.html?command=get_materiel&rest_code=00149&code=00101008148&supplier_code=00100005&order_time=2022-02-13 HTTP/1.1" 200 436
180.152.99.39 - - [13/Feb/2022:08:55:45 +0800] "POST /xingrg/login.do HTTP/1.1" 200 2128
180.152.99.39 - - [13/Feb/2022:08:55:45 +0800] "GET /xingrg/css/blue.css HTTP/1.1" 304 -
58.39.168.32 - - [13/Feb/2022:08:55:45 +0800] "POST /xingrg/kc/buy/cgsh_order_operate.html HTTP/1.1" 200 2065
180.152.99.39 - - [13/Feb/2022:08:55:45 +0800] "GET /xingrg/images/blue/pic_top.gif HTTP/1.1" 304 -
180.152.99.39 - - [13/Feb/2022:08:55:45 +0800] "GET /xingrg/images/blue/pic_notice.jpg HTTP/1.1" 304 -
180.152.99.39 - - [13/Feb/2022:08:55:45 +0800] "GET /xingrg/images/blue/error_mid.gif HTTP/1.1" 304 -
180.152.99.39 - - [13/Feb/2022:08:55:45 +0800] "GET /xingrg/images/blue/error_top.gif HTTP/1.1" 304 -
180.152.99.39 - - [13/Feb/2022:08:55:45 +0800] "GET /xingrg/images/blue/error_buttom.gif HTTP/1.1" 304 -
180.152.99.39 - - [13/Feb/2022:08:55:45 +0800] "GET /favicon.ico HTTP/1.1" 404 -
120.253.135.82 - - [13/Feb/2022:08:55:45 +0800] "GET /xingrg/kc/pszx/mdps_order_add.html HTTP/1.1" 200 28906
120.253.135.82 - - [13/Feb/2022:08:55:46 +0800] "POST /xingrg/kc/pszx/mdps_order_operate.html HTTP/1.1" 200 7126
120.253.135.82 - - [13/Feb/2022:08:55:46 +0800] "GET /xingrg/javascript/easyui/themes/default/validatebox.css HTTP/1.1" 404 1104
120.253.135.82 - - [13/Feb/2022:08:55:48 +0800] "POST /xingrg/all/common/load_combo.html?type=base HTTP/1.1" 200 1075
180.152.99.39 - - [13/Feb/2022:08:55:48 +0800] "GET /favicon.ico HTTP/1.1" 404 -
222.70.243.96 - - [13/Feb/2022:08:55:50 +0800] "GET /xingrg/all/function/internal_message.html?_=1644713769290&CODE_STATE=getMsg HTTP/1.1" 302 -
101.83.241.237 - - [13/Feb/2022:08:55:51 +0800] "GET /xingrg/all/function/internal_message.html?_=1644713746183&CODE_STATE=getMsg HTTP/1.1" 200 27
180.152.99.39 - - [13/Feb/2022:08:55:53 +0800] "POST /xingrg/login.do HTTP/1.1" 302 -
180.152.99.39 - - [13/Feb/2022:08:55:53 +0800] "GET /xingrg/javascript/jquery_easy_ui/themes/default/easyui.css HTTP/1.1" 304 -
180.152.99.39 - - [13/Feb/2022:08:55:53 +0800] "GET /xingrg/css/form.css HTTP/1.1" 304 -
180.152.99.39 - - [13/Feb/2022:08:55:53 +0800] "GET /xingrg/javascript/jquery_easy_ui/themes/icon.css HTTP/1.1" 304 -
180.152.99.39 - - [13/Feb/2022:08:55:53 +0800] "GET /xingrg/index.html?sysBaseUrl=http%3A%2F%2F180.169.147.146%3A18081%2Fxingrg%2F&costTime=44×tamp=1644713753224 HTTP/1.1" 200 17179
180.152.99.39 - - [13/Feb/2022:08:55:53 +0800] "GET /xingrg/javascript/jquery_easy_ui/jquery.easyui.min.js HTTP/1.1" 304 -
180.152.99.39 - - [13/Feb/2022:08:55:53 +0800] "GET /xingrg/javascript/jquery-1.4.2.min.js HTTP/1.1" 304 -
180.152.99.39 - - [13/Feb/2022:08:55:53 +0800] "GET /xingrg/javascript/jquery.timers.js HTTP/1.1" 304 -
180.152.99.39 - - [13/Feb/2022:08:55:53 +0800] "GET /xingrg/javascript/jquery_easy_ui/easyui-lang-zh_CN.js HTTP/1.1" 304 -
180.152.99.39 - - [13/Feb/2022:08:55:53 +0800] "GET /xingrg/javascript/jquery.utils.js HTTP/1.1" 304 -
180.152.99.39 - - [13/Feb/2022:08:55:53 +0800] "GET /xingrg/javascript/jquery.form.js HTTP/1.1" 304 -
180.152.99.39 - - [13/Feb/2022:08:55:53 +0800] "GET /favicon.ico HTTP/1.1" 404 -
180.152.99.39 - - [13/Feb/2022:08:55:53 +0800] "GET /xingrg/images/blue/navBackgound.jpg HTTP/1.1" 304 -
180.152.99.39 - - [13/Feb/2022:08:55:53 +0800] "GET /xingrg/javascript/jquery_easy_ui/themes/icons/settle_new.png HTTP/1.1" 304 -
180.152.99.39 - - [13/Feb/2022:08:55:53 +0800] "POST /xingrg/all/common/load_tree.html?tree=area_rest_tree_json&manage=1 HTTP/1.1" 200 476
180.152.99.39 - - [13/Feb/2022:08:55:53 +0800] "GET /xingrg/images/blue/pingpu.png HTTP/1.1" 304 -
180.152.99.39 - - [13/Feb/2022:08:55:53 +0800] "GET /xingrg/javascript/jquery_easy_ui/themes/default/images/tabs_leftarrow.png HTTP/1.1" 304 -
180.152.99.39 - - [13/Feb/2022:08:55:53 +0800] "GET /xingrg/javascript/jquery_easy_ui/themes/default/images/tabs_rightarrow.png HTTP/1.1" 304 -
180.152.99.39 - - [13/Feb/2022:08:55:53 +0800] "GET /xingrg/javascript/jquery_easy_ui/themes/default/images/panel_tool_collapse.gif HTTP/1.1" 304 -
180.152.99.39 - - [13/Feb/2022:08:55:53 +0800] "GET /xingrg/all/function/internal_message.html?_=1644713664419&CODE_STATE=count HTTP/1.1" 200 11
180.152.99.39 - - [13/Feb/2022:08:55:53 +0800] "GET /xingrg/check_reg.html?_=1644713664420 HTTP/1.1" 200 22
180.152.99.39 - - [13/Feb/2022:08:55:53 +0800] "GET /xingrg/javascript/jquery_easy_ui/themes/default/images/tree_arrows.gif HTTP/1.1" 304 -
180.152.99.39 - - [13/Feb/2022:08:55:53 +0800] "POST /xingrg/load_menu.html HTTP/1.1" 200 5138
180.152.99.39 - - [13/Feb/2022:08:55:54 +0800] "GET /xingrg/javascript/jquery_easy_ui/themes/default/images/tree_folder_open.gif HTTP/1.1" 304 -
180.152.99.39 - - [13/Feb/2022:08:55:54 +0800] "GET /xingrg/javascript/jquery_easy_ui/themes/default/images/tree_folder.gif HTTP/1.1" 304 -
180.152.99.39 - - [13/Feb/2022:08:55:54 +0800] "GET /xingrg/javascript/jquery_easy_ui/themes/icons/search_new.png HTTP/1.1" 304 -
180.152.99.39 - - [13/Feb/2022:08:55:54 +0800] "GET /xingrg/javascript/jquery_easy_ui/themes/icons/forms_new.png HTTP/1.1" 304 -
180.152.99.39 - - [13/Feb/2022:08:55:54 +0800] "GET /xingrg/javascript/jquery_easy_ui/themes/icons/storage_new.png HTTP/1.1" 304 -
180.152.99.39 - - [13/Feb/2022:08:55:54 +0800] "GET /xingrg/javascript/jquery_easy_ui/themes/default/images/tree_file.gif HTTP/1.1" 304 -
58.39.168.32 - - [13/Feb/2022:08:55:54 +0800] "GET /xingrg/all/function/internal_message.html?_=1644713750823&CODE_STATE=getMsg HTTP/1.1" 200 27
120.253.135.82 - - [13/Feb/2022:08:55:54 +0800] "GET /xingrg/javascript/easyui/themes/default/tree.css HTTP/1.1" 404 1090
120.253.135.82 - - [13/Feb/2022:08:55:54 +0800] "POST /xingrg/all/common/load_tree.html?tree=area_rest_tree_json&only_rest=1 HTTP/1.1" 200 3351
116.239.131.195 - - [13/Feb/2022:08:55:54 +0800] "POST /xingrg/kc/buy/cgsh_order_operate.html HTTP/1.1" 200 37
101.83.241.237 - - [13/Feb/2022:08:55:54 +0800] "GET /xingrg/kc/buy/cgsh_order_operate.html?command=get_materiel&rest_code=00149&code=00101008264&supplier_code=00100005&order_time=2022-02-13 HTTP/1.1" 200 432
58.39.168.32 - - [13/Feb/2022:08:55:55 +0800] "GET /xingrg/kc/buy/cgsh_order_operate.html?command=get_materiel&rest_code=00105&code=00101008350&supplier_code=00100203&order_time=2022-02-13 HTTP/1.1" 200 428
180.152.99.39 - - [13/Feb/2022:08:55:56 +0800] "GET /xingrg/javascript/jquery_easy_ui/themes/default/images/tabs_close.gif HTTP/1.1" 304 -
180.152.99.39 - - [13/Feb/2022:08:55:56 +0800] "GET /xingrg/css/base.css HTTP/1.1" 304 -
180.152.99.39 - - [13/Feb/2022:08:55:56 +0800] "GET /xingrg/css/site.css HTTP/1.1" 304 -
180.152.99.39 - - [13/Feb/2022:08:55:56 +0800] "GET /xingrg/javascript/easyui/themes/default/easyui.css HTTP/1.1" 304 -
180.152.99.39 - - [13/Feb/2022:08:55:56 +0800] "GET /xingrg/javascript/easyui/themes/icon.css HTTP/1.1" 304 -
180.152.99.39 - - [13/Feb/2022:08:55:56 +0800] "GET /xingrg/javascript/auto/jquery.autocomplete.css HTTP/1.1" 304 -
180.152.99.39 - - [13/Feb/2022:08:55:56 +0800] "GET /xingrg/javascript/jquery_tools/table.css HTTP/1.1" 304 -
180.152.99.39 - - [13/Feb/2022:08:55:56 +0800] "GET /xingrg/javascript/jquery_tools/fix.css HTTP/1.1" 304 -
180.152.99.39 - - [13/Feb/2022:08:55:56 +0800] "GET /xingrg/javascript/jquery_tools/datebox.css HTTP/1.1" 304 -
180.152.99.39 - - [13/Feb/2022:08:55:56 +0800] "GET /xingrg/javascript/jquery_tools/jquery.tools.min.js HTTP/1.1" 304 -
180.152.99.39 - - [13/Feb/2022:08:55:56 +0800] "GET /xingrg/javascript/jquery_tools/jquery.tools.extend.js HTTP/1.1" 304 -
180.152.99.39 - - [13/Feb/2022:08:55:56 +0800] "GET /xingrg/javascript/jquery_tools/jquery.tools.table.js HTTP/1.1" 304 -
180.152.99.39 - - [13/Feb/2022:08:55:56 +0800] "GET /xingrg/javascript/auto/jquery.autocomplete.js HTTP/1.1" 304 -
180.152.99.39 - - [13/Feb/2022:08:55:56 +0800] "GET /xingrg/javascript/jquery.cookie.js HTTP/1.1" 304 -
180.152.99.39 - - [13/Feb/2022:08:55:56 +0800] "GET /xingrg/javascript/jquery_tools/jquery.tools.hotkey.js HTTP/1.1" 304 -
180.152.99.39 - - [13/Feb/2022:08:55:56 +0800] "GET /xingrg/javascript/easyui/easyloader.js HTTP/1.1" 304 -
180.152.99.39 - - [13/Feb/2022:08:55:56 +0800] "GET /xingrg/javascript/jquery_tools/list_manager.js HTTP/1.1" 304 -
180.152.99.39 - - [13/Feb/2022:08:55:56 +0800] "GET /xingrg/javascript/print/LodopFuncs.js HTTP/1.1" 304 -
180.152.99.39 - - [13/Feb/2022:08:55:56 +0800] "GET /xingrg/kc/buy/cgsh_order_list.html HTTP/1.1" 200 49747
180.152.99.39 - - [13/Feb/2022:08:55:56 +0800] "GET /xingrg/javascript/easyui/themes/icons/edit_add_new.png HTTP/1.1" 304 -
180.152.99.39 - - [13/Feb/2022:08:55:56 +0800] "GET /xingrg/javascript/easyui/themes/icons/cance_new.png HTTP/1.1" 304 -
180.152.99.39 - - [13/Feb/2022:08:55:56 +0800] "GET /xingrg/javascript/easyui/themes/icons/check_new.png HTTP/1.1" 304 -
180.152.99.39 - - [13/Feb/2022:08:55:56 +0800] "GET /xingrg/javascript/easyui/themes/icons/import_new.png HTTP/1.1" 304 -
180.152.99.39 - - [13/Feb/2022:08:55:56 +0800] "GET /xingrg/javascript/easyui/themes/icons/field_new.png HTTP/1.1" 304 -
180.152.99.39 - - [13/Feb/2022:08:55:56 +0800] "GET /xingrg/javascript/jquery_easy_ui/themes/icons/area.png HTTP/1.1" 304 -
180.152.99.39 - - [13/Feb/2022:08:55:56 +0800] "GET /xingrg/javascript/jquery_easy_ui/themes/icons/rest.png HTTP/1.1" 304 -
180.152.99.39 - - [13/Feb/2022:08:55:56 +0800] "GET /xingrg/javascript/easyui/plugins/jquery.parser.js HTTP/1.1" 304 -
180.152.99.39 - - [13/Feb/2022:08:55:56 +0800] "GET /xingrg/images/control/ajaxLoader.gif HTTP/1.1" 304 -
180.152.99.39 - - [13/Feb/2022:08:55:57 +0800] "POST /xingrg/kc/buy/cgsh_list_operate.html HTTP/1.1" 200 876
120.253.135.82 - - [13/Feb/2022:08:55:58 +0800] "GET /xingrg/all/function/internal_message.html?_=1644713883011&CODE_STATE=getMsg HTTP/1.1" 200 27
222.70.243.96 - - [13/Feb/2022:08:55:59 +0800] "GET /xingrg/all/function/internal_message.html?_=1644713755375&CODE_STATE=getMsg HTTP/1.1" 200 27
101.83.241.237 - - [13/Feb/2022:08:55:59 +0800] "POST /xingrg/kc/buy/cgsh_order_operate.html HTTP/1.1" 200 2065
180.152.99.39 - - [13/Feb/2022:08:55:59 +0800] "GET /xingrg/javascript/easyui/themes/default/images/button_plain_hover.png HTTP/1.1" 304 -
180.152.99.39 - - [13/Feb/2022:08:55:59 +0800] "GET /xingrg/javascript/easyui/themes/default/images/button_plain_hover.png HTTP/1.1" 304 -
180.152.99.39 - - [13/Feb/2022:08:56:00 +0800] "GET /xingrg/javascript/pic_change.js HTTP/1.1" 304 -
180.152.99.39 - - [13/Feb/2022:08:56:00 +0800] "GET /xingrg/javascript/jquery_tools/order_manager.js HTTP/1.1" 304 -
180.152.99.39 - - [13/Feb/2022:08:56:00 +0800] "GET /xingrg/javascript/convert.js HTTP/1.1" 304 -
180.152.99.39 - - [13/Feb/2022:08:56:00 +0800] "GET /xingrg/javascript/json2.js HTTP/1.1" 304 -
180.152.99.39 - - [13/Feb/2022:08:56:00 +0800] "GET /xingrg/javascript/print/kc_print.js HTTP/1.1" 304 -
180.152.99.39 - - [13/Feb/2022:08:56:00 +0800] "GET /xingrg/words/20220128115405_words.js HTTP/1.1" 304 -
180.152.99.39 - - [13/Feb/2022:08:56:00 +0800] "GET /xingrg/kc/buy/cgsh_order_add.html HTTP/1.1" 200 65446
180.152.99.39 - - [13/Feb/2022:08:56:00 +0800] "GET /xingrg/javascript/easyui/themes/icons/copy_new.png HTTP/1.1" 304 -
180.152.99.39 - - [13/Feb/2022:08:56:00 +0800] "GET /xingrg/javascript/easyui/themes/icons/ok.png HTTP/1.1" 304 -
180.152.99.39 - - [13/Feb/2022:08:56:00 +0800] "GET /xingrg/javascript/easyui/themes/icons/template_new.png HTTP/1.1" 304 -
180.152.99.39 - - [13/Feb/2022:08:56:00 +0800] "GET /xingrg/javascript/easyui/themes/default/images/menu_downarrow.png HTTP/1.1" 304 -
180.152.99.39 - - [13/Feb/2022:08:56:00 +0800] "GET /xingrg/javascript/easyui/themes/icons/print.png HTTP/1.1" 304 -
180.152.99.39 - - [13/Feb/2022:08:56:00 +0800] "GET /xingrg/javascript/easyui/themes/icons/cancel.png HTTP/1.1" 304 -
180.152.99.39 - - [13/Feb/2022:08:56:00 +0800] "GET /xingrg/javascript/easyui/themes/icons/edit_remove.png HTTP/1.1" 304 -
180.152.99.39 - - [13/Feb/2022:08:56:00 +0800] "GET /xingrg/all/common/auto_word.html?type=employee&rest_code=00150 HTTP/1.1" 200 159
180.152.99.39 - - [13/Feb/2022:08:56:00 +0800] "GET /xingrg/all/common/auto_word.html?type=employee&rest_code=00150 HTTP/1.1" 200 159
180.152.99.39 - - [13/Feb/2022:08:56:00 +0800] "GET /xingrg/javascript/easyui/themes/default/validatebox.css HTTP/1.1" 404 1104
180.152.99.39 - - [13/Feb/2022:08:56:00 +0800] "GET /xingrg/javascript/easyui/plugins/jquery.validatebox.js HTTP/1.1" 304 -
180.152.99.39 - - [13/Feb/2022:08:56:00 +0800] "GET /xingrg/javascript/easyui/plugins/jquery.numberbox.js HTTP/1.1" 304 -
180.152.99.39 - - [13/Feb/2022:08:56:01 +0800] "POST /xingrg/kc/buy/cgsh_order_operate.html HTTP/1.1" 200 8245
180.152.99.39 - - [13/Feb/2022:08:56:02 +0800] "GET /xingrg/javascript/auto/indicator.gif HTTP/1.1" 404 1066
116.239.131.195 - - [13/Feb/2022:08:56:02 +0800] "POST /xingrg/kc/buy/cgsh_order_operate.html HTTP/1.1" 200 12
116.239.131.195 - - [13/Feb/2022:08:56:04 +0800] "GET /xingrg/kc/buy/cgsh_order_info.html?code=212022021302965 HTTP/1.1" 200 60407
116.239.131.195 - - [13/Feb/2022:08:56:04 +0800] "GET /xingrg/javascript/jquery_easy_ui/themes/icons/area.png HTTP/1.1" 304 -
116.239.131.195 - - [13/Feb/2022:08:56:04 +0800] "GET /xingrg/javascript/jquery_easy_ui/themes/icons/rest.png HTTP/1.1" 304 -
116.239.131.195 - - [13/Feb/2022:08:56:05 +0800] "GET /xingrg/javascript/easyui/themes/default/validatebox.css HTTP/1.1" 404 1104
116.239.131.195 - - [13/Feb/2022:08:56:05 +0800] "POST /xingrg/kc/buy/cgsh_order_operate.html HTTP/1.1" 200 7776
116.239.131.195 - - [13/Feb/2022:08:56:07 +0800] "GET /xingrg/kc/print/load_config.html?kc_code=cgsh HTTP/1.1" 200 1943
120.253.135.82 - - [13/Feb/2022:08:56:07 +0800] "GET /xingrg/kc/pszx/mdps_order_operate.html?command=get_materiel&pszx_code=00101&rest_code=00149&base_code=0010246&code=00101008001 HTTP/1.1" 200 435
116.239.131.195 - - [13/Feb/2022:08:56:07 +0800] "GET /xingrg/kc/print/load_data.html?order_code=212022021302965&kc_code=cgsh&condition= HTTP/1.1" 200 3429
222.70.243.96 - - [13/Feb/2022:08:56:07 +0800] "GET /xingrg/kc/buy/cgsh_order_operate.html?command=get_materiel&rest_code=00146&code=00101008239&supplier_code=00100005&order_time=2022-02-13 HTTP/1.1" 200 416
58.39.168.32 - - [13/Feb/2022:08:56:08 +0800] "GET /xingrg/kc/buy/cgsh_order_operate.html?command=get_materiel&rest_code=00105&code=00101008036&supplier_code=00100203&order_time=2022-02-13 HTTP/1.1" 200 429
101.83.241.237 - - [13/Feb/2022:08:56:15 +0800] "GET /xingrg/kc/buy/cgsh_order_operate.html?command=get_materiel&rest_code=00149&code=00101008024&supplier_code=00100005&order_time=2022-02-13 HTTP/1.1" 200 428
114.86.225.145 - - [13/Feb/2022:08:56:16 +0800] "GET /xingrg/all/function/internal_message.html?_=1644713772383&CODE_STATE=getMsg HTTP/1.1" 200 27
222.70.243.96 - - [13/Feb/2022:08:56:18 +0800] "GET /xingrg/all/function/internal_message.html?_=1644713797238&CODE_STATE=getMsg HTTP/1.1" 302 -
58.40.7.146 - - [13/Feb/2022:08:56:19 +0800] "GET /xingrg/all/function/internal_message.html?_=1644713774991&CODE_STATE=getMsg HTTP/1.1" 200 27
180.157.251.97 - - [13/Feb/2022:08:56:19 +0800] "GET /xingrg/all/function/internal_message.html?_=1644713776859&CODE_STATE=getMsg HTTP/1.1" 200 27
180.152.99.39 - - [13/Feb/2022:08:56:22 +0800] "GET /xingrg/kc/buy/cgsh_order_operate.html?command=get_materiel&rest_code=00150&code=00101031001&supplier_code=00100064&order_time=2022-02-13 HTTP/1.1" 200 419
222.70.243.96 - - [13/Feb/2022:08:56:23 +0800] "GET /xingrg/kc/buy/cgsh_order_operate.html?command=get_materiel&rest_code=00146&code=00101008332&supplier_code=00100005&order_time=2022-02-13 HTTP/1.1" 200 431
120.253.135.82 - - [13/Feb/2022:08:56:24 +0800] "POST /xingrg/kc/pszx/mdps_order_operate.html HTTP/1.1" 200 37
116.239.131.195 - - [13/Feb/2022:08:56:24 +0800] "GET /xingrg/check_reg.html?_=1644713810317 HTTP/1.1" 200 22
116.239.131.195 - - [13/Feb/2022:08:56:24 +0800] "GET /xingrg/all/function/internal_message.html?_=1644713810391&CODE_STATE=getMsg HTTP/1.1" 200 27
120.253.135.82 - - [13/Feb/2022:08:56:25 +0800] "GET /xingrg/kc/pszx/mdps_order_info.html?code=312022021300159 HTTP/1.1" 200 23929
120.253.135.82 - - [13/Feb/2022:08:56:25 +0800] "POST /xingrg/kc/pszx/mdps_order_operate.html HTTP/1.1" 200 2279
120.253.135.82 - - [13/Feb/2022:08:56:25 +0800] "GET /xingrg/javascript/easyui/themes/default/validatebox.css HTTP/1.1" 404 1104
120.253.135.82 - - [13/Feb/2022:08:56:26 +0800] "GET /xingrg/all/function/internal_message.html?_=1644713576613&CODE_STATE=getMsg HTTP/1.1" 200 27
120.253.135.82 - - [13/Feb/2022:08:56:30 +0800] "POST /xingrg/kc/pszx/mdps_order_operate.html HTTP/1.1" 200 37
120.253.135.82 - - [13/Feb/2022:08:56:31 +0800] "GET /xingrg/kc/pszx/mdps_order_info.html?code=312022021300159 HTTP/1.1" 200 23929
120.253.135.82 - - [13/Feb/2022:08:56:31 +0800] "GET /xingrg/javascript/easyui/themes/default/validatebox.css HTTP/1.1" 404 1104
120.253.135.82 - - [13/Feb/2022:08:56:31 +0800] "POST /xingrg/kc/pszx/mdps_order_operate.html HTTP/1.1" 200 2279
58.39.168.32 - - [13/Feb/2022:08:56:33 +0800] "GET /xingrg/kc/buy/cgsh_order_operate.html?command=get_materiel&rest_code=00105&code=00101008307&supplier_code=00100203&order_time=2022-02-13 HTTP/1.1" 200 440
180.152.99.39 - - [13/Feb/2022:08:56:37 +0800] "POST /xingrg/kc/buy/cgsh_order_operate.html HTTP/1.1" 200 37
180.152.99.39 - - [13/Feb/2022:08:56:40 +0800] "POST /xingrg/kc/buy/cgsh_order_operate.html HTTP/1.1" 200 12
222.70.243.96 - - [13/Feb/2022:08:56:41 +0800] "GET /xingrg/kc/buy/cgsh_order_operate.html?command=get_materiel&rest_code=00146&code=00101008502&supplier_code=00100005&order_time=2022-02-13 HTTP/1.1" 200 398
180.152.99.39 - - [13/Feb/2022:08:56:41 +0800] "GET /xingrg/kc/buy/cgsh_order_info.html?code=212022021302966 HTTP/1.1" 200 60359
180.152.99.39 - - [13/Feb/2022:08:56:41 +0800] "GET /xingrg/javascript/easyui/themes/default/validatebox.css HTTP/1.1" 404 1104
180.152.99.39 - - [13/Feb/2022:08:56:42 +0800] "POST /xingrg/kc/buy/cgsh_order_operate.html HTTP/1.1" 200 617
180.152.99.39 - - [13/Feb/2022:08:56:43 +0800] "GET /xingrg/kc/print/load_config.html?kc_code=cgsh HTTP/1.1" 200 1943
180.152.99.39 - - [13/Feb/2022:08:56:43 +0800] "GET /xingrg/kc/print/load_data.html?order_code=212022021302966&kc_code=cgsh&condition= HTTP/1.1" 200 784
101.83.241.237 - - [13/Feb/2022:08:56:47 +0800] "GET /xingrg/kc/buy/cgsh_order_operate.html?command=get_materiel&rest_code=00149&code=00101008356&supplier_code=00100005&order_time=2022-02-13 HTTP/1.1" 200 427
58.39.168.32 - - [13/Feb/2022:08:56:48 +0800] "GET /xingrg/kc/buy/cgsh_order_operate.html?command=get_materiel&rest_code=00105&code=00101008092&supplier_code=00100203&order_time=2022-02-13 HTTP/1.1" 200 431
222.70.243.96 - - [13/Feb/2022:08:56:50 +0800] "GET /xingrg/all/function/internal_message.html?_=1644713829327&CODE_STATE=getMsg HTTP/1.1" 302 -
101.83.241.237 - - [13/Feb/2022:08:56:51 +0800] "GET /xingrg/all/function/internal_message.html?_=1644713806165&CODE_STATE=getMsg HTTP/1.1" 200 27
180.152.99.39 - - [13/Feb/2022:08:56:53 +0800] "GET /xingrg/all/function/internal_message.html?_=1644713724425&CODE_STATE=getMsg HTTP/1.1" 200 27
58.39.168.32 - - [13/Feb/2022:08:56:54 +0800] "GET /xingrg/all/function/internal_message.html?_=1644713810840&CODE_STATE=getMsg HTTP/1.1" 200 27
180.152.99.39 - - [13/Feb/2022:08:56:54 +0800] "GET /xingrg/kc/buy/cgsh_order_add.html HTTP/1.1" 200 65446
180.152.99.39 - - [13/Feb/2022:08:56:54 +0800] "POST /xingrg/kc/buy/cgsh_order_operate.html HTTP/1.1" 200 8245
180.152.99.39 - - [13/Feb/2022:08:56:54 +0800] "GET /xingrg/javascript/easyui/themes/default/validatebox.css HTTP/1.1" 404 1104
120.253.135.82 - - [13/Feb/2022:08:56:55 +0800] "POST /xingrg/kc/pszx/mdps_list_operate.html HTTP/1.1" 200 5480
120.253.135.82 - - [13/Feb/2022:08:56:55 +0800] "POST /xingrg/kc/pszx/mdps_list_operate.html HTTP/1.1" 200 5480
120.253.135.82 - - [13/Feb/2022:08:56:58 +0800] "GET /xingrg/all/function/internal_message.html?_=1644713943025&CODE_STATE=getMsg HTTP/1.1" 200 27
222.70.243.96 - - [13/Feb/2022:08:56:59 +0800] "GET /xingrg/kc/buy/cgsh_order_operate.html?command=get_materiel&rest_code=00146&code=00101008370&supplier_code=00100005&order_time=2022-02-13 HTTP/1.1" 200 433
222.70.243.96 - - [13/Feb/2022:08:56:59 +0800] "GET /xingrg/check_reg.html?_=1644713815328 HTTP/1.1" 200 22
222.70.243.96 - - [13/Feb/2022:08:56:59 +0800] "GET /xingrg/all/function/internal_message.html?_=1644713815388&CODE_STATE=getMsg HTTP/1.1" 200 27
120.253.135.82 - - [13/Feb/2022:08:57:01 +0800] "POST /xingrg/kc/pszx/mdps_list_operate.html HTTP/1.1" 200 202
120.253.135.82 - - [13/Feb/2022:08:57:01 +0800] "GET /xingrg/kc/pszx/mdps_order_info.html?code=312022021300157 HTTP/1.1" 200 23929
120.253.135.82 - - [13/Feb/2022:08:57:01 +0800] "GET /xingrg/javascript/easyui/themes/default/validatebox.css HTTP/1.1" 404 1104
120.253.135.82 - - [13/Feb/2022:08:57:01 +0800] "POST /xingrg/kc/pszx/mdps_order_operate.html HTTP/1.1" 200 2278
120.253.135.82 - - [13/Feb/2022:08:57:05 +0800] "GET /xingrg/kc/print/load_data.html?order_code=312022021300157&kc_code=mdps&condition= HTTP/1.1" 200 692
101.83.241.237 - - [13/Feb/2022:08:57:07 +0800] "GET /xingrg/kc/buy/cgsh_order_operate.html?command=get_materiel&rest_code=00149&code=00101008300&supplier_code=00100005&order_time=2022-02-13 HTTP/1.1" 200 432
180.152.99.39 - - [13/Feb/2022:08:57:09 +0800] "GET /xingrg/kc/buy/cgsh_order_operate.html?command=get_materiel&rest_code=00150&code=00102014088&supplier_code=00100450&order_time=2022-02-13 HTTP/1.1" 200 431
116.239.131.195 - - [13/Feb/2022:08:57:10 +0800] "GET /xingrg/javascript/jquery_easy_ui/themes/default/images/tabs_active.png HTTP/1.1" 304 -
101.83.241.237 - - [13/Feb/2022:08:57:11 +0800] "POST /xingrg/kc/buy/cgsh_order_operate.html HTTP/1.1" 200 2065
116.239.131.195 - - [13/Feb/2022:08:57:15 +0800] "POST /xingrg/kc/buy/cgsh_list_operate.html HTTP/1.1" 200 876
114.86.225.145 - - [13/Feb/2022:08:57:16 +0800] "GET /xingrg/all/function/internal_message.html?_=1644713832389&CODE_STATE=getMsg HTTP/1.1" 200 27
101.83.241.237 - - [13/Feb/2022:08:57:16 +0800] "GET /xingrg/kc/buy/cgsh_order_operate.html?command=get_materiel&rest_code=00149&code=00101008251&supplier_code=00100005&order_time=2022-02-13 HTTP/1.1" 200 428
222.70.243.96 - - [13/Feb/2022:08:57:17 +0800] "GET /xingrg/kc/buy/cgsh_order_operate.html?command=get_materiel&rest_code=00146&code=00101008361&supplier_code=00100005&order_time=2022-02-13 HTTP/1.1" 200 427
222.70.243.96 - - [13/Feb/2022:08:57:18 +0800] "GET /xingrg/all/function/internal_message.html?_=1644713857244&CODE_STATE=getMsg HTTP/1.1" 302 -
58.40.7.146 - - [13/Feb/2022:08:57:19 +0800] "GET /xingrg/all/function/internal_message.html?_=1644713834994&CODE_STATE=getMsg HTTP/1.1" 200 27
180.157.251.97 - - [13/Feb/2022:08:57:19 +0800] "GET /xingrg/all/function/internal_message.html?_=1644713836859&CODE_STATE=getMsg HTTP/1.1" 200 27
120.253.135.82 - - [13/Feb/2022:08:57:22 +0800] "POST /xingrg/kc/pszx/mdps_list_operate.html HTTP/1.1" 200 5480
180.152.99.39 - - [13/Feb/2022:08:57:24 +0800] "GET /xingrg/kc/buy/cgsh_order_operate.html?command=get_materiel&rest_code=00150&code=00101015121&supplier_code=00100450&order_time=2022-02-13 HTTP/1.1" 200 423
116.239.131.195 - - [13/Feb/2022:08:57:25 +0800] "GET /xingrg/all/function/internal_message.html?_=1644713870757&CODE_STATE=getMsg HTTP/1.1" 200 27
120.253.135.82 - - [13/Feb/2022:08:57:26 +0800] "GET /xingrg/all/function/internal_message.html?_=1644713636629&CODE_STATE=getMsg HTTP/1.1" 200 27
222.70.243.96 - - [13/Feb/2022:08:57:27 +0800] "GET /xingrg/check_reg.html?_=1644713865995 HTTP/1.1" 302 -
58.39.168.32 - - [13/Feb/2022:08:57:27 +0800] "GET /xingrg/kc/buy/cgsh_order_operate.html?command=get_materiel&rest_code=00105&code=00101015107&supplier_code=00100203&order_time=2022-02-13 HTTP/1.1" 200 417
101.83.241.237 - - [13/Feb/2022:08:57:29 +0800] "GET /xingrg/kc/buy/cgsh_order_operate.html?command=get_materiel&rest_code=00149&code=00101008439&supplier_code=00100005&order_time=2022-02-13 HTTP/1.1" 200 420
120.253.135.82 - - [13/Feb/2022:08:57:30 +0800] "POST /xingrg/kc/pszx/mdps_list_operate.html HTTP/1.1" 200 5487
222.70.243.96 - - [13/Feb/2022:08:57:32 +0800] "GET /xingrg/kc/buy/cgsh_order_operate.html?command=get_materiel&rest_code=00146&code=00101008300&supplier_code=00100005&order_time=2022-02-13 HTTP/1.1" 200 432
120.253.135.82 - - [13/Feb/2022:08:57:33 +0800] "POST /xingrg/kc/pszx/mdps_list_operate.html HTTP/1.1" 200 202
120.253.135.82 - - [13/Feb/2022:08:57:33 +0800] "GET /xingrg/kc/pszx/mdps_order_info.html?code=312022021300158 HTTP/1.1" 200 23929
120.253.135.82 - - [13/Feb/2022:08:57:34 +0800] "POST /xingrg/kc/pszx/mdps_order_operate.html HTTP/1.1" 200 2278
120.253.135.82 - - [13/Feb/2022:08:57:34 +0800] "GET /xingrg/javascript/easyui/themes/default/validatebox.css HTTP/1.1" 404 1104
58.39.168.32 - - [13/Feb/2022:08:57:36 +0800] "GET /xingrg/kc/buy/cgsh_order_operate.html?command=get_materiel&rest_code=00105&code=00101015062&supplier_code=00100203&order_time=2022-02-13 HTTP/1.1" 200 433
101.83.241.237 - - [13/Feb/2022:08:57:37 +0800] "GET /xingrg/kc/buy/cgsh_order_operate.html?command=get_materiel&rest_code=00149&code=00101008360&supplier_code=00100005&order_time=2022-02-13 HTTP/1.1" 200 433
120.253.135.82 - - [13/Feb/2022:08:57:42 +0800] "GET /xingrg/kc/print/load_data.html?order_code=312022021300158&kc_code=mdps&condition= HTTP/1.1" 200 686
180.152.99.39 - - [13/Feb/2022:08:57:43 +0800] "GET /xingrg/kc/buy/cgsh_order_operate.html?command=get_materiel&rest_code=00150&code=00101008509&supplier_code=00100450&order_time=2022-02-13 HTTP/1.1" 200 415
58.39.168.32 - - [13/Feb/2022:08:57:43 +0800] "POST /xingrg/services/DataTransmitService HTTP/1.1" 200 524
58.39.168.32 - - [13/Feb/2022:08:57:44 +0800] "POST /xingrg/services/DataTransmitService HTTP/1.1" 200 2239
58.39.168.32 - - [13/Feb/2022:08:57:44 +0800] "POST /xingrg/services/DataTransmitService HTTP/1.1" 200 151892
222.70.243.96 - - [13/Feb/2022:08:57:46 +0800] "GET /xingrg/kc/buy/cgsh_order_operate.html?command=get_materiel&rest_code=00146&code=00101008270&supplier_code=00100005&order_time=2022-02-13 HTTP/1.1" 200 432
101.83.241.237 - - [13/Feb/2022:08:57:46 +0800] "GET /xingrg/kc/buy/cgsh_order_operate.html?command=get_materiel&rest_code=00149&code=00101008223&supplier_code=00100005&order_time=2022-02-13 HTTP/1.1" 200 432
222.70.243.96 - - [13/Feb/2022:08:57:50 +0800] "GET /xingrg/all/function/internal_message.html?_=1644713889333&CODE_STATE=getMsg HTTP/1.1" 302 -
101.83.241.237 - - [13/Feb/2022:08:57:51 +0800] "GET /xingrg/all/function/internal_message.html?_=1644713866181&CODE_STATE=getMsg HTTP/1.1" 200 27
180.152.99.39 - - [13/Feb/2022:08:57:53 +0800] "GET /xingrg/all/function/internal_message.html?_=1644713784437&CODE_STATE=getMsg HTTP/1.1" 200 27
58.39.168.32 - - [13/Feb/2022:08:57:53 +0800] "GET /xingrg/check_reg.html?_=1644713870720 HTTP/1.1" 200 22
58.39.168.32 - - [13/Feb/2022:08:57:53 +0800] "GET /xingrg/all/function/internal_message.html?_=1644713870723&CODE_STATE=getMsg HTTP/1.1" 200 27
180.152.99.39 - - [13/Feb/2022:08:57:54 +0800] "GET /xingrg/kc/buy/cgsh_order_operate.html?command=get_materiel&rest_code=00150&code=00101008568&supplier_code=00100450&order_time=2022-02-13 HTTP/1.1" 200 418
120.253.135.82 - - [13/Feb/2022:08:57:56 +0800] "GET /xingrg/kc/pszx/mdps_order_add.html HTTP/1.1" 200 28906
120.253.135.82 - - [13/Feb/2022:08:57:56 +0800] "POST /xingrg/kc/pszx/mdps_order_operate.html HTTP/1.1" 200 7126
120.253.135.82 - - [13/Feb/2022:08:57:56 +0800] "GET /xingrg/javascript/easyui/themes/default/validatebox.css HTTP/1.1" 404 1104
120.253.135.82 - - [13/Feb/2022:08:57:58 +0800] "POST /xingrg/all/common/load_combo.html?type=base HTTP/1.1" 200 1075
120.253.135.82 - - [13/Feb/2022:08:57:58 +0800] "GET /xingrg/all/function/internal_message.html?_=1644714003058&CODE_STATE=getMsg HTTP/1.1" 200 27
222.70.243.96 - - [13/Feb/2022:08:57:59 +0800] "GET /xingrg/all/function/internal_message.html?_=1644713875402&CODE_STATE=getMsg HTTP/1.1" 200 27
58.39.168.32 - - [13/Feb/2022:08:58:00 +0800] "GET /xingrg/kc/buy/cgsh_order_operate.html?command=get_materiel&rest_code=00105&code=00101008351&supplier_code=00100203&order_time=2022-02-13 HTTP/1.1" 200 427
120.253.135.82 - - [13/Feb/2022:08:58:02 +0800] "GET /xingrg/javascript/easyui/themes/default/tree.css HTTP/1.1" 404 1090
120.253.135.82 - - [13/Feb/2022:08:58:02 +0800] "POST /xingrg/all/common/load_tree.html?tree=area_rest_tree_json&only_rest=1 HTTP/1.1" 200 3351
222.70.243.96 - - [13/Feb/2022:08:58:03 +0800] "GET /xingrg/kc/buy/cgsh_order_operate.html?command=get_materiel&rest_code=00146&code=00101008005&supplier_code=00100005&order_time=2022-02-13 HTTP/1.1" 200 433
172.20.0.100 - - [13/Feb/2022:08:58:05 +0800] "GET /xingrg/check_reg.html?_=1644713880712 HTTP/1.1" 200 22
180.152.99.39 - - [13/Feb/2022:08:58:05 +0800] "GET /xingrg/kc/buy/cgsh_order_operate.html?command=get_materiel&rest_code=00150&code=00102014086&supplier_code=00100450&order_time=2022-02-13 HTTP/1.1" 200 396
58.39.168.32 - - [13/Feb/2022:08:58:11 +0800] "POST /xingrg/kc/buy/cgsh_order_operate.html HTTP/1.1" 200 2065
120.253.135.82 - - [13/Feb/2022:08:58:11 +0800] "GET /xingrg/kc/pszx/mdps_order_operate.html?command=get_materiel&pszx_code=00101&rest_code=00102&base_code=0010253&code=00101036002 HTTP/1.1" 200 439
120.253.135.82 - - [13/Feb/2022:08:58:13 +0800] "POST /xingrg/all/common/load_select.html HTTP/1.1" 200 25
58.39.168.32 - - [13/Feb/2022:08:58:13 +0800] "POST /xingrg/kc/buy/cgsh_order_operate.html HTTP/1.1" 200 2065
120.253.135.82 - - [13/Feb/2022:08:58:14 +0800] "GET /xingrg/kc/pszx/mdps_order_operate.html?command=get_materiel_price&pszx_code=00101&rest_code=00102&base_code=0010253&code=00101036002&unit_code=00100317&order_time=2022-02-13 HTTP/1.1" 200 35
114.86.225.145 - - [13/Feb/2022:08:58:16 +0800] "GET /xingrg/all/function/internal_message.html?_=1644713892394&CODE_STATE=getMsg HTTP/1.1" 200 27
114.86.225.145 - - [13/Feb/2022:08:58:16 +0800] "GET /xingrg/check_reg.html?_=1644713892395 HTTP/1.1" 200 22
222.70.243.96 - - [13/Feb/2022:08:58:18 +0800] "GET /xingrg/all/function/internal_message.html?_=1644713917265&CODE_STATE=getMsg HTTP/1.1" 302 -
58.40.7.146 - - [13/Feb/2022:08:58:19 +0800] "GET /xingrg/check_reg.html?_=1644713894998 HTTP/1.1" 200 22
58.40.7.146 - - [13/Feb/2022:08:58:19 +0800] "GET /xingrg/all/function/internal_message.html?_=1644713894996&CODE_STATE=getMsg HTTP/1.1" 200 27
101.83.241.237 - - [13/Feb/2022:08:58:19 +0800] "GET /xingrg/kc/buy/cgsh_order_operate.html?command=get_materiel&rest_code=00149&code=00101008558&supplier_code=00100005&order_time=2022-02-13 HTTP/1.1" 200 416
180.157.251.97 - - [13/Feb/2022:08:58:19 +0800] "GET /xingrg/all/function/internal_message.html?_=1644713896859&CODE_STATE=getMsg HTTP/1.1" 200 27
180.152.99.39 - - [13/Feb/2022:08:58:22 +0800] "GET /xingrg/kc/buy/cgsh_order_operate.html?command=get_materiel&rest_code=00150&code=00101008255&supplier_code=00100450&order_time=2022-02-13 HTTP/1.1" 200 413
101.83.241.237 - - [13/Feb/2022:08:58:22 +0800] "POST /xingrg/kc/buy/cgsh_order_operate.html HTTP/1.1" 200 2065
114.86.225.145 - - [13/Feb/2022:08:58:24 +0800] "POST /xingrg/services/DataTransmitService HTTP/1.1" 200 524
116.239.131.195 - - [13/Feb/2022:08:58:25 +0800] "GET /xingrg/all/function/internal_message.html?_=1644713930762&CODE_STATE=getMsg HTTP/1.1" 200 27
120.253.135.82 - - [13/Feb/2022:08:58:25 +0800] "GET /xingrg/check_reg.html?_=1644713696459 HTTP/1.1" 200 22
120.253.135.82 - - [13/Feb/2022:08:58:26 +0800] "GET /xingrg/all/function/internal_message.html?_=1644713696643&CODE_STATE=getMsg HTTP/1.1" 200 27
120.253.135.82 - - [13/Feb/2022:08:58:27 +0800] "POST /xingrg/kc/pszx/mdps_list_operate.html HTTP/1.1" 200 5487
101.83.241.237 - - [13/Feb/2022:08:58:27 +0800] "POST /xingrg/kc/buy/cgsh_order_operate.html HTTP/1.1" 200 37
58.39.168.32 - - [13/Feb/2022:08:58:28 +0800] "GET /xingrg/kc/buy/cgsh_order_operate.html?command=get_materiel&rest_code=00105&code=00101008223&supplier_code=00100203&order_time=2022-02-13 HTTP/1.1" 200 432
222.70.243.96 - - [13/Feb/2022:08:58:28 +0800] "GET /xingrg/kc/buy/cgsh_order_operate.html?command=get_materiel&rest_code=00146&code=00101008175&supplier_code=00100005&order_time=2022-02-13 HTTP/1.1" 200 432
180.152.99.39 - - [13/Feb/2022:08:58:30 +0800] "POST /xingrg/kc/buy/cgsh_order_operate.html HTTP/1.1" 200 37
101.83.241.237 - - [13/Feb/2022:08:58:30 +0800] "POST /xingrg/kc/buy/cgsh_order_operate.html HTTP/1.1" 200 19217
120.253.135.82 - - [13/Feb/2022:08:58:34 +0800] "POST /xingrg/kc/pszx/mdps_list_operate.html HTTP/1.1" 200 4970
180.152.99.39 - - [13/Feb/2022:08:58:36 +0800] "POST /xingrg/kc/buy/cgsh_order_operate.html HTTP/1.1" 200 12
120.253.135.82 - - [13/Feb/2022:08:58:39 +0800] "POST /xingrg/kc/pszx/mdps_list_operate.html HTTP/1.1" 200 5480
120.253.135.82 - - [13/Feb/2022:08:58:49 +0800] "POST /xingrg/kc/pszx/mdps_list_operate.html HTTP/1.1" 200 5476
222.70.243.96 - - [13/Feb/2022:08:58:50 +0800] "GET /xingrg/all/function/internal_message.html?_=1644713949368&CODE_STATE=getMsg HTTP/1.1" 302 -
180.152.99.39 - - [13/Feb/2022:08:58:51 +0800] "GET /xingrg/kc/buy/cgsh_order_info.html?code=212022021302968 HTTP/1.1" 200 60371
101.83.241.237 - - [13/Feb/2022:08:58:51 +0800] "GET /xingrg/all/function/internal_message.html?_=1644713926175&CODE_STATE=getMsg HTTP/1.1" 200 27
180.152.99.39 - - [13/Feb/2022:08:58:52 +0800] "GET /xingrg/javascript/easyui/themes/default/validatebox.css HTTP/1.1" 404 1104
180.152.99.39 - - [13/Feb/2022:08:58:52 +0800] "POST /xingrg/kc/buy/cgsh_order_operate.html HTTP/1.1" 200 3573
180.152.99.39 - - [13/Feb/2022:08:58:53 +0800] "GET /xingrg/all/function/internal_message.html?_=1644713844451&CODE_STATE=getMsg HTTP/1.1" 200 27
180.152.99.39 - - [13/Feb/2022:08:58:54 +0800] "GET /xingrg/kc/print/load_data.html?order_code=212022021302968&kc_code=cgsh&condition= HTTP/1.1" 200 1881
58.39.168.32 - - [13/Feb/2022:08:58:54 +0800] "GET /xingrg/all/function/internal_message.html?_=1644713931522&CODE_STATE=getMsg HTTP/1.1" 200 27
120.253.135.82 - - [13/Feb/2022:08:58:58 +0800] "GET /xingrg/check_reg.html?_=1644714062835 HTTP/1.1" 200 22
120.253.135.82 - - [13/Feb/2022:08:58:58 +0800] "GET /xingrg/all/function/internal_message.html?_=1644714063067&CODE_STATE=getMsg HTTP/1.1" 200 27
222.70.243.96 - - [13/Feb/2022:08:58:59 +0800] "GET /xingrg/all/function/internal_message.html?_=1644713935427&CODE_STATE=getMsg HTTP/1.1" 200 27
120.253.135.82 - - [13/Feb/2022:08:58:59 +0800] "POST /xingrg/kc/pszx/mdps_list_operate.html HTTP/1.1" 200 5384
222.70.243.96 - - [13/Feb/2022:08:59:01 +0800] "GET /xingrg/kc/buy/cgsh_order_operate.html?command=get_materiel&rest_code=00146&code=00101008219&supplier_code=00100005&order_time=2022-02-13 HTTP/1.1" 200 432
58.39.168.32 - - [13/Feb/2022:08:59:02 +0800] "GET /xingrg/kc/buy/cgsh_order_operate.html?command=get_materiel&rest_code=00105&code=00101008405&supplier_code=00100203&order_time=2022-02-13 HTTP/1.1" 200 413
120.253.135.82 - - [13/Feb/2022:08:59:04 +0800] "POST /xingrg/kc/pszx/mdps_list_operate.html HTTP/1.1" 200 5476
101.83.241.237 - - [13/Feb/2022:08:59:06 +0800] "GET /xingrg/kc/buy/cgsh_order_operate.html?command=get_materiel&rest_code=00149&code=00101008357&supplier_code=00100005&order_time=2022-02-13 HTTP/1.1" 200 428
120.253.135.82 - - [13/Feb/2022:08:59:11 +0800] "POST /xingrg/kc/pszx/mdps_list_operate.html HTTP/1.1" 200 5480
58.39.168.32 - - [13/Feb/2022:08:59:11 +0800] "GET /xingrg/kc/buy/cgsh_order_operate.html?command=get_materiel&rest_code=00105&code=00101008236&supplier_code=00100203&order_time=2022-02-13 HTTP/1.1" 200 437
114.86.225.145 - - [13/Feb/2022:08:59:16 +0800] "GET /xingrg/all/function/internal_message.html?_=1644713952392&CODE_STATE=getMsg HTTP/1.1" 200 27
222.70.243.96 - - [13/Feb/2022:08:59:17 +0800] "GET /xingrg/kc/buy/cgsh_order_operate.html?command=get_materiel&rest_code=00146&code=00101008027&supplier_code=00100005&order_time=2022-02-13 HTTP/1.1" 200 428
