222.70.223.103 - - [13/Feb/2022:11:51:04 +0800] "GET /xingrg/all/common/auto_word.html?type=base&rest_code=00155 HTTP/1.1" 200 1753
222.70.223.103 - - [13/Feb/2022:11:51:04 +0800] "POST /xingrg/all/common/load_tree.html?tree=materiel_sort_tree_json HTTP/1.1" 200 9388
180.169.147.146 - - [13/Feb/2022:11:51:05 +0800] "GET /xingrg/kc/buy/cgsh_order_operate.html?command=get_materiel&rest_code=00147&code=00101008286&supplier_code=00100006&order_time=2022-02-13 HTTP/1.1" 200 428
222.70.223.103 - - [13/Feb/2022:11:51:07 +0800] "GET /xingrg/javascript/auto/indicator.gif HTTP/1.1" 404 1066
222.70.223.103 - - [13/Feb/2022:11:51:08 +0800] "GET /xingrg/check_reg.html?_=1644724264318 HTTP/1.1" 200 22
222.70.223.103 - - [13/Feb/2022:11:51:08 +0800] "GET /xingrg/all/function/internal_message.html?_=1644724264324&CODE_STATE=getMsg HTTP/1.1" 200 27
222.70.179.43 - - [13/Feb/2022:11:51:09 +0800] "GET /xingrg/all/function/internal_message.html?_=1644724262023&CODE_STATE=getMsg HTTP/1.1" 200 27
124.79.79.90 - - [13/Feb/2022:11:51:09 +0800] "GET /xingrg/kc/mdqp/qqps_order_list.html?isBack=1 HTTP/1.1" 302 -
124.79.79.90 - - [13/Feb/2022:11:51:09 +0800] "GET /xingrg/kc/mdqp/qqps_order_list.html?isQuery=1&timeSelect=1&orderTime=day&startTime=2022-02-10&endTime=2022-02-15&state=all&query=%C8%B7++%B6%A8 HTTP/1.1" 200 13372
124.79.79.90 - - [13/Feb/2022:11:51:09 +0800] "GET /xingrg/dwr/interface/AjaxReportQueryService.js HTTP/1.1" 200 13203
124.79.79.90 - - [13/Feb/2022:11:51:09 +0800] "GET /xingrg/dwr/interface/AjaxQqpsService.js HTTP/1.1" 200 16326
124.79.79.90 - - [13/Feb/2022:11:51:09 +0800] "GET /xingrg/dwr/engine.js HTTP/1.1" 200 43631
222.70.179.43 - - [13/Feb/2022:11:51:09 +0800] "GET /xingrg/check_reg.html?_=1644724262806 HTTP/1.1" 200 22
124.79.79.90 - - [13/Feb/2022:11:51:11 +0800] "GET /xingrg/kc/mdqp/qqps_order_info.html?code=302022021200118 HTTP/1.1" 200 26554
124.79.79.90 - - [13/Feb/2022:11:51:11 +0800] "GET /xingrg/dwr/interface/AjaxComOrderService.js HTTP/1.1" 200 18264
124.79.79.90 - - [13/Feb/2022:11:51:11 +0800] "GET /xingrg/dwr/interface/AjaxQqpsService.js HTTP/1.1" 200 16326
124.79.79.90 - - [13/Feb/2022:11:51:11 +0800] "GET /xingrg/dwr/engine.js HTTP/1.1" 200 43631
101.85.120.86 - - [13/Feb/2022:11:51:11 +0800] "GET /xingrg/all/function/internal_message.html?_=1644724267575&CODE_STATE=getMsg HTTP/1.1" 200 27
180.169.147.146 - - [13/Feb/2022:11:51:11 +0800] "GET /xingrg/kc/buy/cgsh_order_operate.html?command=get_materiel&rest_code=00147&code=00101008131&supplier_code=00100006&order_time=2022-02-13 HTTP/1.1" 200 428
124.79.79.90 - - [13/Feb/2022:11:51:11 +0800] "POST /xingrg/dwr/call/plaincall/AjaxQqpsService.loadMaterielItems.dwr HTTP/1.1" 200 616
124.79.79.90 - - [13/Feb/2022:11:51:13 +0800] "GET /xingrg/kc/mdqp/qqps_order_list.html?isBack=1 HTTP/1.1" 302 -
124.79.79.90 - - [13/Feb/2022:11:51:13 +0800] "GET /xingrg/kc/mdqp/qqps_order_list.html?isQuery=1&timeSelect=1&orderTime=day&startTime=2022-02-10&endTime=2022-02-15&state=all&query=%C8%B7++%B6%A8 HTTP/1.1" 200 13372
124.79.79.90 - - [13/Feb/2022:11:51:13 +0800] "GET /xingrg/dwr/interface/AjaxReportQueryService.js HTTP/1.1" 200 13203
124.79.79.90 - - [13/Feb/2022:11:51:13 +0800] "GET /xingrg/dwr/interface/AjaxQqpsService.js HTTP/1.1" 200 16326
124.79.79.90 - - [13/Feb/2022:11:51:13 +0800] "GET /xingrg/dwr/engine.js HTTP/1.1" 200 43631
120.253.135.82 - - [13/Feb/2022:11:51:15 +0800] "POST /xingrg/kc/buy/cgsh_order_operate.html HTTP/1.1" 200 37
114.86.225.145 - - [13/Feb/2022:11:51:16 +0800] "GET /xingrg/all/function/internal_message.html?_=1644724272818&CODE_STATE=getMsg HTTP/1.1" 200 27
222.70.223.103 - - [13/Feb/2022:11:51:17 +0800] "POST /xingrg/kc/base/stock_operate.html HTTP/1.1" 200 6210
120.253.135.82 - - [13/Feb/2022:11:51:17 +0800] "POST /xingrg/kc/buy/cgsh_order_operate.html HTTP/1.1" 200 3255
180.169.147.146 - - [13/Feb/2022:11:51:17 +0800] "GET /xingrg/kc/buy/cgsh_order_operate.html?command=get_materiel&rest_code=00147&code=00101008296&supplier_code=00100006&order_time=2022-02-13 HTTP/1.1" 200 437
120.253.135.82 - - [13/Feb/2022:11:51:18 +0800] "GET /xingrg/kc/buy/cgsh_order_add.html HTTP/1.1" 200 64527
120.253.135.82 - - [13/Feb/2022:11:51:18 +0800] "POST /xingrg/kc/buy/cgsh_order_operate.html HTTP/1.1" 200 8245
120.253.135.82 - - [13/Feb/2022:11:51:18 +0800] "GET /xingrg/javascript/easyui/themes/default/validatebox.css HTTP/1.1" 404 1104
120.253.135.82 - - [13/Feb/2022:11:51:18 +0800] "GET /xingrg/all/function/internal_message.html?_=1644724403213&CODE_STATE=getMsg HTTP/1.1" 200 27
58.40.7.146 - - [13/Feb/2022:11:51:19 +0800] "GET /xingrg/all/function/internal_message.html?_=1644724275056&CODE_STATE=getMsg HTTP/1.1" 200 27
120.253.135.82 - - [13/Feb/2022:11:51:19 +0800] "POST /xingrg/all/common/load_combo.html?type=employee HTTP/1.1" 200 1488
222.70.243.96 - - [13/Feb/2022:11:51:20 +0800] "GET /xingrg/all/function/internal_message.html?_=1644724299607&CODE_STATE=getMsg HTTP/1.1" 302 -
120.253.135.82 - - [13/Feb/2022:11:51:21 +0800] "GET /xingrg/all/function/internal_message.html?_=1644724273071&CODE_STATE=getMsg HTTP/1.1" 200 27
180.169.147.146 - - [13/Feb/2022:11:51:25 +0800] "GET /xingrg/kc/buy/cgsh_order_operate.html?command=get_materiel&rest_code=00147&code=00101008352&supplier_code=00100006&order_time=2022-02-13 HTTP/1.1" 200 432
124.79.79.90 - - [13/Feb/2022:11:51:25 +0800] "GET /xingrg/kc/mdqp/psth_order_list1.html HTTP/1.1" 200 17804
124.79.79.90 - - [13/Feb/2022:11:51:25 +0800] "GET /xingrg/javascript/easyui/themes/icons/uncheck_new.png HTTP/1.1" 200 3197
124.79.79.90 - - [13/Feb/2022:11:51:25 +0800] "POST /xingrg/kc/mdqp/psth_list_operate.html HTTP/1.1" 200 749
222.70.223.103 - - [13/Feb/2022:11:51:26 +0800] "POST /xingrg/kc/base/stock_operate.html HTTP/1.1" 200 6299
124.79.79.90 - - [13/Feb/2022:11:51:27 +0800] "POST /xingrg/kc/mdqp/psth_list_operate.html HTTP/1.1" 200 749
58.39.168.32 - - [13/Feb/2022:11:51:27 +0800] "GET /xingrg/all/function/internal_message.html?_=1644724221861&CODE_STATE=getMsg HTTP/1.1" 200 27
180.157.251.97 - - [13/Feb/2022:11:51:27 +0800] "GET /xingrg/all/function/internal_message.html?_=1644724283499&CODE_STATE=getMsg HTTP/1.1" 200 27
116.239.131.195 - - [13/Feb/2022:11:51:30 +0800] "GET /xingrg/check_reg.html?_=1644724316465 HTTP/1.1" 200 22
222.70.223.103 - - [13/Feb/2022:11:51:32 +0800] "POST /xingrg/kc/base/stock_operate.html HTTP/1.1" 200 6321
180.169.147.146 - - [13/Feb/2022:11:51:32 +0800] "GET /xingrg/kc/buy/cgsh_order_operate.html?command=get_materiel&rest_code=00147&code=00101008005&supplier_code=00100006&order_time=2022-02-13 HTTP/1.1" 200 433
124.79.79.90 - - [13/Feb/2022:11:51:32 +0800] "GET /xingrg/kc/mdqp/psth_order_add1.html HTTP/1.1" 200 25165
124.79.79.90 - - [13/Feb/2022:11:51:32 +0800] "GET /xingrg/javascript/jquery_tools/jquery-1.4.2.min.js HTTP/1.1" 404 1094
124.79.79.90 - - [13/Feb/2022:11:51:32 +0800] "POST /xingrg/kc/mdqp/psth_order_operate.html HTTP/1.1" 200 6806
124.79.79.90 - - [13/Feb/2022:11:51:33 +0800] "GET /xingrg/all/common/auto_word.html?type=base&rest_code=00156&rest_code=00101 HTTP/1.1" 200 1857
124.79.79.90 - - [13/Feb/2022:11:51:33 +0800] "GET /xingrg/javascript/easyui/themes/default/validatebox.css HTTP/1.1" 404 1104
222.70.223.103 - - [13/Feb/2022:11:51:37 +0800] "POST /xingrg/kc/base/stock_operate.html HTTP/1.1" 200 6344
222.70.243.96 - - [13/Feb/2022:11:51:38 +0800] "GET /xingrg/all/function/internal_message.html?_=1644724295302&CODE_STATE=getMsg HTTP/1.1" 200 27
180.169.147.146 - - [13/Feb/2022:11:51:40 +0800] "GET /xingrg/kc/buy/cgsh_order_operate.html?command=get_materiel&rest_code=00147&code=00101008353&supplier_code=00100006&order_time=2022-02-13 HTTP/1.1" 200 428
180.169.147.146 - - [13/Feb/2022:11:51:40 +0800] "GET /xingrg/all/function/internal_message.html?_=1644724291952&CODE_STATE=getMsg HTTP/1.1" 200 27
222.70.223.103 - - [13/Feb/2022:11:51:41 +0800] "POST /xingrg/kc/base/stock_operate.html HTTP/1.1" 200 2515
180.152.99.39 - - [13/Feb/2022:11:51:44 +0800] "GET /xingrg/all/function/internal_message.html?_=1644724214962&CODE_STATE=getMsg HTTP/1.1" 200 27
180.169.147.146 - - [13/Feb/2022:11:51:47 +0800] "GET /xingrg/kc/buy/cgsh_order_operate.html?command=get_materiel&rest_code=00147&code=00101008411&supplier_code=00100006&order_time=2022-02-13 HTTP/1.1" 200 419
124.79.79.90 - - [13/Feb/2022:11:51:48 +0800] "GET /xingrg/all/function/internal_message.html?_=1644724306308&CODE_STATE=getMsg HTTP/1.1" 200 27
120.253.135.82 - - [13/Feb/2022:11:51:49 +0800] "GET /xingrg/kc/buy/cgsh_order_operate.html?command=get_materiel&rest_code=00101&code=00101013115&supplier_code=00100106&order_time=2022-02-13 HTTP/1.1" 200 435
101.83.241.237 - - [13/Feb/2022:11:51:53 +0800] "GET /xingrg/all/function/internal_message.html?_=1644724307289&CODE_STATE=getMsg HTTP/1.1" 200 27
222.70.243.96 - - [13/Feb/2022:11:51:53 +0800] "GET /xingrg/all/function/internal_message.html?_=1644724333054&CODE_STATE=getMsg HTTP/1.1" 302 -
58.39.168.32 - - [13/Feb/2022:11:51:54 +0800] "GET /xingrg/all/function/internal_message.html?_=1644724310888&CODE_STATE=getMsg HTTP/1.1" 200 27
116.239.131.195 - - [13/Feb/2022:11:51:59 +0800] "GET /xingrg/all/function/internal_message.html?_=1644724345248&CODE_STATE=getMsg HTTP/1.1" 200 27
222.69.132.164 - - [13/Feb/2022:11:52:02 +0800] "GET /xingrg/all/function/internal_message.html?_=1644724387606&CODE_STATE=getMsg HTTP/1.1" 200 27
180.169.147.146 - - [13/Feb/2022:11:52:02 +0800] "GET /xingrg/kc/buy/cgsh_order_operate.html?command=get_materiel&rest_code=00147&code=00101008042&supplier_code=00100006&order_time=2022-02-13 HTTP/1.1" 200 416
222.70.243.96 - - [13/Feb/2022:11:52:06 +0800] "POST /xingrg/kc/base/wldb_order_operate.html HTTP/1.1" 200 37
222.70.243.96 - - [13/Feb/2022:11:52:06 +0800] "POST /xingrg/kc/base/wldb_order_operate.html HTTP/1.1" 200 3160
222.70.243.96 - - [13/Feb/2022:11:52:07 +0800] "GET /xingrg/kc/base/wldb_order_info.html?code=422022021301244 HTTP/1.1" 200 30254
222.70.243.96 - - [13/Feb/2022:11:52:08 +0800] "GET /xingrg/javascript/easyui/themes/default/validatebox.css HTTP/1.1" 404 1104
222.70.243.96 - - [13/Feb/2022:11:52:08 +0800] "POST /xingrg/kc/base/wldb_order_operate.html HTTP/1.1" 200 3160
222.70.223.103 - - [13/Feb/2022:11:52:08 +0800] "GET /xingrg/all/function/internal_message.html?_=1644724324314&CODE_STATE=getMsg HTTP/1.1" 200 27
222.70.179.43 - - [13/Feb/2022:11:52:09 +0800] "GET /xingrg/all/function/internal_message.html?_=1644724321995&CODE_STATE=getMsg HTTP/1.1" 200 27
120.253.135.82 - - [13/Feb/2022:11:52:09 +0800] "GET /xingrg/kc/buy/cgsh_order_operate.html?command=get_materiel&rest_code=00101&code=00101013063&supplier_code=00100106&order_time=2022-02-13 HTTP/1.1" 200 432
101.85.120.86 - - [13/Feb/2022:11:52:11 +0800] "GET /xingrg/all/function/internal_message.html?_=1644724327575&CODE_STATE=getMsg HTTP/1.1" 200 27
180.169.147.146 - - [13/Feb/2022:11:52:11 +0800] "GET /xingrg/kc/buy/cgsh_order_operate.html?command=get_materiel&rest_code=00147&code=00101008478&supplier_code=00100006&order_time=2022-02-13 HTTP/1.1" 200 418
222.70.243.96 - - [13/Feb/2022:11:52:12 +0800] "GET /xingrg/kc/base/wldb_order_add.html HTTP/1.1" 200 30239
180.169.147.146 - - [13/Feb/2022:11:52:12 +0800] "GET /xingrg/check_reg.html?_=1644724323959 HTTP/1.1" 200 22
222.70.243.96 - - [13/Feb/2022:11:52:13 +0800] "POST /xingrg/kc/base/wldb_order_operate.html HTTP/1.1" 200 6806
222.70.243.96 - - [13/Feb/2022:11:52:13 +0800] "GET /xingrg/javascript/easyui/themes/default/validatebox.css HTTP/1.1" 404 1104
114.86.225.145 - - [13/Feb/2022:11:52:16 +0800] "GET /xingrg/all/function/internal_message.html?_=1644724332820&CODE_STATE=getMsg HTTP/1.1" 200 27
180.169.147.146 - - [13/Feb/2022:11:52:18 +0800] "GET /xingrg/kc/buy/cgsh_order_operate.html?command=get_materiel&rest_code=00147&code=00101008242&supplier_code=00100006&order_time=2022-02-13 HTTP/1.1" 200 428
120.253.135.82 - - [13/Feb/2022:11:52:18 +0800] "GET /xingrg/all/function/internal_message.html?_=1644724463233&CODE_STATE=getMsg HTTP/1.1" 200 27
58.40.7.146 - - [13/Feb/2022:11:52:19 +0800] "GET /xingrg/all/function/internal_message.html?_=1644724335058&CODE_STATE=getMsg HTTP/1.1" 200 27
120.253.135.82 - - [13/Feb/2022:11:52:20 +0800] "GET /xingrg/check_reg.html?_=1644724331268 HTTP/1.1" 200 22
222.70.243.96 - - [13/Feb/2022:11:52:20 +0800] "GET /xingrg/all/function/internal_message.html?_=1644724359630&CODE_STATE=getMsg HTTP/1.1" 302 -
124.79.79.90 - - [13/Feb/2022:11:52:21 +0800] "GET /xingrg/kc/mdqp/psth_order_operate.html?command=get_materiel&base_code=0010780&rest_code=00156&code=00102003044 HTTP/1.1" 200 428
120.253.135.82 - - [13/Feb/2022:11:52:21 +0800] "GET /xingrg/all/function/internal_message.html?_=1644724333078&CODE_STATE=getMsg HTTP/1.1" 200 27
120.253.135.82 - - [13/Feb/2022:11:52:23 +0800] "POST /xingrg/kc/buy/cgsh_order_operate.html HTTP/1.1" 200 37
180.169.147.146 - - [13/Feb/2022:11:52:25 +0800] "GET /xingrg/kc/buy/cgsh_order_operate.html?command=get_materiel&rest_code=00147&code=00101008063&supplier_code=00100006&order_time=2022-02-13 HTTP/1.1" 200 412
120.253.135.82 - - [13/Feb/2022:11:52:25 +0800] "POST /xingrg/kc/buy/cgsh_order_operate.html HTTP/1.1" 200 3263
180.169.147.146 - - [13/Feb/2022:11:52:27 +0800] "POST /xingrg/kc/buy/cgsh_order_operate.html HTTP/1.1" 200 2065
222.70.243.96 - - [13/Feb/2022:11:52:27 +0800] "GET /xingrg/check_reg.html?_=1644724366509 HTTP/1.1" 302 -
58.39.168.32 - - [13/Feb/2022:11:52:27 +0800] "GET /xingrg/all/function/internal_message.html?_=1644724281846&CODE_STATE=getMsg HTTP/1.1" 200 27
180.157.251.97 - - [13/Feb/2022:11:52:27 +0800] "GET /xingrg/check_reg.html?_=1644724343499 HTTP/1.1" 200 22
180.157.251.97 - - [13/Feb/2022:11:52:27 +0800] "GET /xingrg/all/function/internal_message.html?_=1644724343503&CODE_STATE=getMsg HTTP/1.1" 200 27
124.79.79.90 - - [13/Feb/2022:11:52:30 +0800] "GET /xingrg/kc/mdqp/psth_order_operate.html?command=get_materiel&base_code=0010780&rest_code=00156&code=00101006054 HTTP/1.1" 200 438
180.169.147.146 - - [13/Feb/2022:11:52:33 +0800] "GET /xingrg/kc/buy/cgsh_order_operate.html?command=get_materiel&rest_code=00147&code=00101008372&supplier_code=00100006&order_time=2022-02-13 HTTP/1.1" 200 428
222.70.243.96 - - [13/Feb/2022:11:52:38 +0800] "GET /xingrg/all/function/internal_message.html?_=1644724355315&CODE_STATE=getMsg HTTP/1.1" 200 27
180.169.147.146 - - [13/Feb/2022:11:52:40 +0800] "GET /xingrg/all/function/internal_message.html?_=1644724351925&CODE_STATE=getMsg HTTP/1.1" 200 27
180.169.147.146 - - [13/Feb/2022:11:52:42 +0800] "GET /xingrg/kc/buy/cgsh_order_operate.html?command=get_materiel&rest_code=00147&code=00101008049&supplier_code=00100006&order_time=2022-02-13 HTTP/1.1" 200 408
180.152.99.39 - - [13/Feb/2022:11:52:44 +0800] "GET /xingrg/all/function/internal_message.html?_=1644724274973&CODE_STATE=getMsg HTTP/1.1" 200 27
120.253.135.82 - - [13/Feb/2022:11:52:47 +0800] "POST /xingrg/kc/buy/cgsh_order_operate.html HTTP/1.1" 200 37
222.70.223.103 - - [13/Feb/2022:11:52:48 +0800] "GET /xingrg/kc/base/base_main.html HTTP/1.1" 200 12142
124.79.79.90 - - [13/Feb/2022:11:52:48 +0800] "GET /xingrg/all/function/internal_message.html?_=1644724366299&CODE_STATE=getMsg HTTP/1.1" 200 27
120.253.135.82 - - [13/Feb/2022:11:52:48 +0800] "POST /xingrg/kc/buy/cgsh_order_operate.html HTTP/1.1" 200 3263
222.70.223.103 - - [13/Feb/2022:11:52:50 +0800] "GET /xingrg/kc/buy/buy_main.html HTTP/1.1" 200 12412
222.70.223.103 - - [13/Feb/2022:11:52:50 +0800] "GET /xingrg/css/new_ie.css HTTP/1.1" 404 1036
222.70.223.103 - - [13/Feb/2022:11:52:51 +0800] "GET /xingrg/images/yd/bt.gif HTTP/1.1" 404 1040
222.70.223.103 - - [13/Feb/2022:11:52:51 +0800] "GET /xingrg/kc/buy/cgsh_order_list.html HTTP/1.1" 200 49747
101.83.241.237 - - [13/Feb/2022:11:52:52 +0800] "GET /xingrg/all/function/internal_message.html?_=1644724367260&CODE_STATE=getMsg HTTP/1.1" 200 27
124.79.79.90 - - [13/Feb/2022:11:52:53 +0800] "POST /xingrg/kc/mdqp/psth_order_operate.html HTTP/1.1" 200 37
222.70.243.96 - - [13/Feb/2022:11:52:53 +0800] "GET /xingrg/all/function/internal_message.html?_=1644724393089&CODE_STATE=getMsg HTTP/1.1" 302 -
58.39.168.32 - - [13/Feb/2022:11:52:54 +0800] "GET /xingrg/all/function/internal_message.html?_=1644724370903&CODE_STATE=getMsg HTTP/1.1" 200 27
124.79.79.90 - - [13/Feb/2022:11:52:54 +0800] "POST /xingrg/kc/mdqp/psth_order_operate.html HTTP/1.1" 200 2634
58.39.168.32 - - [13/Feb/2022:11:52:54 +0800] "GET /xingrg/check_reg.html?_=1644724370905 HTTP/1.1" 200 22
180.169.147.146 - - [13/Feb/2022:11:52:55 +0800] "GET /xingrg/kc/buy/cgsh_order_operate.html?command=get_materiel&rest_code=00147&code=00101008354&supplier_code=00100006&order_time=2022-02-13 HTTP/1.1" 200 431
222.70.223.103 - - [13/Feb/2022:11:52:58 +0800] "POST /xingrg/kc/buy/cgsh_list_operate.html HTTP/1.1" 200 3135
124.79.79.90 - - [13/Feb/2022:11:52:59 +0800] "GET /xingrg/kc/mdqp/qp_main.html HTTP/1.1" 200 10633
116.239.131.195 - - [13/Feb/2022:11:52:59 +0800] "GET /xingrg/all/function/internal_message.html?_=1644724405263&CODE_STATE=getMsg HTTP/1.1" 200 27
124.79.79.90 - - [13/Feb/2022:11:52:59 +0800] "GET /xingrg/images/yd/bt.gif HTTP/1.1" 404 1040
222.70.243.96 - - [13/Feb/2022:11:52:59 +0800] "GET /xingrg/kc/base/wldb_order_operate.html?command=get_materiel&rest_code=00146&base_code=0010063&code=00101019438 HTTP/1.1" 200 446
222.70.223.103 - - [13/Feb/2022:11:53:00 +0800] "POST /xingrg/kc/buy/cgsh_list_operate.html HTTP/1.1" 200 343
124.79.79.90 - - [13/Feb/2022:11:53:00 +0800] "GET /xingrg/kc/mdqp/pssh_order_list.html HTTP/1.1" 200 17740
124.79.79.90 - - [13/Feb/2022:11:53:00 +0800] "POST /xingrg/kc/mdqp/pssh_list_operate.html HTTP/1.1" 200 8751
222.69.132.164 - - [13/Feb/2022:11:53:02 +0800] "GET /xingrg/all/function/internal_message.html?_=1644724447599&CODE_STATE=getMsg HTTP/1.1" 200 27
222.70.223.103 - - [13/Feb/2022:11:53:02 +0800] "POST /xingrg/kc/buy/cgsh_list_operate.html HTTP/1.1" 200 276
222.70.223.103 - - [13/Feb/2022:11:53:03 +0800] "POST /xingrg/kc/buy/cgsh_list_operate.html HTTP/1.1" 200 575
124.79.79.90 - - [13/Feb/2022:11:53:03 +0800] "POST /xingrg/kc/mdqp/pssh_list_operate.html HTTP/1.1" 200 352
124.79.79.90 - - [13/Feb/2022:11:53:04 +0800] "GET /xingrg/kc/mdqp/pssh_order_info.html?code=312022021200132 HTTP/1.1" 200 17279
124.79.79.90 - - [13/Feb/2022:11:53:04 +0800] "GET /xingrg/javascript/jquery_tools/jquery-1.4.2.min.js HTTP/1.1" 404 1094
124.79.79.90 - - [13/Feb/2022:11:53:04 +0800] "GET /xingrg/javascript/easyui/themes/icons/back_new.png HTTP/1.1" 200 3414
124.79.79.90 - - [13/Feb/2022:11:53:04 +0800] "POST /xingrg/kc/mdqp/pssh_order_operate.html HTTP/1.1" 200 1039
124.79.79.90 - - [13/Feb/2022:11:53:04 +0800] "GET /xingrg/all/common/auto_word.html?type=base&rest_code=00156&rest_code=00156 HTTP/1.1" 200 1857
124.79.79.90 - - [13/Feb/2022:11:53:04 +0800] "GET /xingrg/javascript/easyui/themes/default/validatebox.css HTTP/1.1" 404 1104
172.20.0.100 - - [13/Feb/2022:11:53:04 +0800] "GET /xingrg/check_reg.html?_=1644724379996 HTTP/1.1" 200 22
120.253.135.82 - - [13/Feb/2022:11:53:05 +0800] "GET /xingrg/kc/buy/cgsh_order_add.html HTTP/1.1" 200 64527
120.253.135.82 - - [13/Feb/2022:11:53:05 +0800] "POST /xingrg/kc/buy/cgsh_order_operate.html HTTP/1.1" 200 8245
120.253.135.82 - - [13/Feb/2022:11:53:05 +0800] "GET /xingrg/javascript/easyui/themes/default/validatebox.css HTTP/1.1" 404 1104
124.79.79.90 - - [13/Feb/2022:11:53:06 +0800] "GET /xingrg/kc/mdqp/pssh_order_list.html?isBack=1 HTTP/1.1" 200 17740
124.79.79.90 - - [13/Feb/2022:11:53:06 +0800] "POST /xingrg/kc/mdqp/pssh_list_operate.html HTTP/1.1" 200 8751
124.79.79.90 - - [13/Feb/2022:11:53:07 +0800] "POST /xingrg/kc/mdqp/pssh_list_operate.html HTTP/1.1" 200 366
124.79.79.90 - - [13/Feb/2022:11:53:07 +0800] "GET /xingrg/kc/mdqp/pssh_order_info.html?code=312022021200138 HTTP/1.1" 200 17279
124.79.79.90 - - [13/Feb/2022:11:53:07 +0800] "GET /xingrg/javascript/jquery_tools/jquery-1.4.2.min.js HTTP/1.1" 404 1094
124.79.79.90 - - [13/Feb/2022:11:53:07 +0800] "POST /xingrg/kc/mdqp/pssh_order_operate.html HTTP/1.1" 200 1062
124.79.79.90 - - [13/Feb/2022:11:53:07 +0800] "GET /xingrg/javascript/easyui/themes/default/validatebox.css HTTP/1.1" 404 1104
222.70.223.103 - - [13/Feb/2022:11:53:08 +0800] "GET /xingrg/all/function/internal_message.html?_=1644724384320&CODE_STATE=getMsg HTTP/1.1" 200 27
222.70.179.43 - - [13/Feb/2022:11:53:09 +0800] "GET /xingrg/all/function/internal_message.html?_=1644724381979&CODE_STATE=getMsg HTTP/1.1" 200 27
180.169.147.146 - - [13/Feb/2022:11:53:09 +0800] "GET /xingrg/kc/buy/cgsh_order_operate.html?command=get_materiel&rest_code=00147&code=00101008087&supplier_code=00100006&order_time=2022-02-13 HTTP/1.1" 200 412
124.79.79.90 - - [13/Feb/2022:11:53:10 +0800] "GET /xingrg/kc/mdqp/pssh_order_list.html?isBack=1 HTTP/1.1" 200 17740
124.79.79.90 - - [13/Feb/2022:11:53:10 +0800] "POST /xingrg/kc/mdqp/pssh_list_operate.html HTTP/1.1" 200 8751
120.253.135.82 - - [13/Feb/2022:11:53:11 +0800] "GET /xingrg/kc/buy/cgsh_order_list.html HTTP/1.1" 200 49741
120.253.135.82 - - [13/Feb/2022:11:53:11 +0800] "GET /xingrg/javascript/jquery_tools/list_manager.js HTTP/1.1" 200 3652
101.85.120.86 - - [13/Feb/2022:11:53:11 +0800] "GET /xingrg/check_reg.html?_=1644724387575 HTTP/1.1" 200 22
101.85.120.86 - - [13/Feb/2022:11:53:11 +0800] "GET /xingrg/all/function/internal_message.html?_=1644724387578&CODE_STATE=getMsg HTTP/1.1" 200 27
180.169.147.146 - - [13/Feb/2022:11:53:14 +0800] "POST /xingrg/kc/buy/cgsh_order_operate.html HTTP/1.1" 200 2065
124.79.79.90 - - [13/Feb/2022:11:53:15 +0800] "POST /xingrg/kc/mdqp/pssh_list_operate.html HTTP/1.1" 200 366
124.79.79.90 - - [13/Feb/2022:11:53:15 +0800] "POST /xingrg/kc/mdqp/pssh_list_operate.html HTTP/1.1" 200 3172
124.79.79.90 - - [13/Feb/2022:11:53:15 +0800] "GET /xingrg/kc/mdqp/pssh_order_info.html?code=312022021200138 HTTP/1.1" 200 17279
124.79.79.90 - - [13/Feb/2022:11:53:15 +0800] "GET /xingrg/javascript/jquery_tools/jquery-1.4.2.min.js HTTP/1.1" 404 1094
120.253.135.82 - - [13/Feb/2022:11:53:15 +0800] "POST /xingrg/kc/buy/cgsh_list_operate.html HTTP/1.1" 200 2398
120.253.135.82 - - [13/Feb/2022:11:53:15 +0800] "POST /xingrg/kc/buy/cgsh_list_operate.html HTTP/1.1" 200 2398
124.79.79.90 - - [13/Feb/2022:11:53:15 +0800] "POST /xingrg/kc/mdqp/pssh_order_operate.html HTTP/1.1" 200 1062
124.79.79.90 - - [13/Feb/2022:11:53:15 +0800] "GET /xingrg/javascript/easyui/themes/default/validatebox.css HTTP/1.1" 404 1104
114.86.225.145 - - [13/Feb/2022:11:53:16 +0800] "GET /xingrg/all/function/internal_message.html?_=1644724392822&CODE_STATE=getMsg HTTP/1.1" 200 27
114.86.225.145 - - [13/Feb/2022:11:53:16 +0800] "GET /xingrg/check_reg.html?_=1644724392824 HTTP/1.1" 200 22
222.70.243.96 - - [13/Feb/2022:11:53:16 +0800] "GET /xingrg/kc/base/wldb_order_operate.html?command=get_materiel&rest_code=00146&base_code=0010063&code=00101019295 HTTP/1.1" 200 463
120.253.135.82 - - [13/Feb/2022:11:53:18 +0800] "GET /xingrg/all/function/internal_message.html?_=1644724523280&CODE_STATE=getMsg HTTP/1.1" 200 27
58.40.7.146 - - [13/Feb/2022:11:53:19 +0800] "GET /xingrg/check_reg.html?_=1644724395059 HTTP/1.1" 200 22
58.40.7.146 - - [13/Feb/2022:11:53:19 +0800] "GET /xingrg/all/function/internal_message.html?_=1644724395061&CODE_STATE=getMsg HTTP/1.1" 200 27
180.169.147.146 - - [13/Feb/2022:11:53:19 +0800] "GET /xingrg/kc/buy/cgsh_order_operate.html?command=get_materiel&rest_code=00147&code=00101008361&supplier_code=00100006&order_time=2022-02-13 HTTP/1.1" 200 427
120.253.135.82 - - [13/Feb/2022:11:53:20 +0800] "GET /xingrg/kc/buy/cgsh_order_add.html HTTP/1.1" 200 64527
222.70.243.96 - - [13/Feb/2022:11:53:20 +0800] "GET /xingrg/all/function/internal_message.html?_=1644724419635&CODE_STATE=getMsg HTTP/1.1" 302 -
120.253.135.82 - - [13/Feb/2022:11:53:20 +0800] "POST /xingrg/kc/buy/cgsh_order_operate.html HTTP/1.1" 200 8245
120.253.135.82 - - [13/Feb/2022:11:53:20 +0800] "GET /xingrg/javascript/easyui/themes/default/validatebox.css HTTP/1.1" 404 1104
124.79.79.90 - - [13/Feb/2022:11:53:21 +0800] "GET /xingrg/kc/mdqp/pssh_order_list.html?isBack=1 HTTP/1.1" 200 17740
124.79.79.90 - - [13/Feb/2022:11:53:21 +0800] "POST /xingrg/kc/mdqp/pssh_list_operate.html HTTP/1.1" 200 8751
120.253.135.82 - - [13/Feb/2022:11:53:21 +0800] "GET /xingrg/all/function/internal_message.html?_=1644724393091&CODE_STATE=getMsg HTTP/1.1" 200 27
120.253.135.82 - - [13/Feb/2022:11:53:22 +0800] "POST /xingrg/all/common/load_combo.html?type=employee HTTP/1.1" 200 1488
124.79.79.90 - - [13/Feb/2022:11:53:22 +0800] "POST /xingrg/kc/mdqp/pssh_list_operate.html HTTP/1.1" 200 366
180.169.147.146 - - [13/Feb/2022:11:53:26 +0800] "GET /xingrg/kc/buy/cgsh_order_operate.html?command=get_materiel&rest_code=00147&code=00101008321&supplier_code=00100006&order_time=2022-02-13 HTTP/1.1" 200 412
58.39.168.32 - - [13/Feb/2022:11:53:27 +0800] "GET /xingrg/all/function/internal_message.html?_=1644724341831&CODE_STATE=getMsg HTTP/1.1" 200 27
180.157.251.97 - - [13/Feb/2022:11:53:27 +0800] "GET /xingrg/all/function/internal_message.html?_=1644724403489&CODE_STATE=getMsg HTTP/1.1" 200 27
124.79.79.90 - - [13/Feb/2022:11:53:27 +0800] "POST /xingrg/kc/mdqp/pssh_list_operate.html HTTP/1.1" 200 3172
124.79.79.90 - - [13/Feb/2022:11:53:28 +0800] "GET /xingrg/kc/mdqp/pssh_order_info.html?code=312022021200138 HTTP/1.1" 200 17279
124.79.79.90 - - [13/Feb/2022:11:53:28 +0800] "GET /xingrg/javascript/jquery_tools/jquery-1.4.2.min.js HTTP/1.1" 404 1094
124.79.79.90 - - [13/Feb/2022:11:53:28 +0800] "POST /xingrg/kc/mdqp/pssh_order_operate.html HTTP/1.1" 200 1062
124.79.79.90 - - [13/Feb/2022:11:53:28 +0800] "GET /xingrg/javascript/easyui/themes/default/validatebox.css HTTP/1.1" 404 1104
120.253.135.82 - - [13/Feb/2022:11:53:32 +0800] "GET /xingrg/javascript/easyui/plugins/jquery.draggable.js HTTP/1.1" 200 6121
120.253.135.82 - - [13/Feb/2022:11:53:32 +0800] "GET /xingrg/javascript/easyui/plugins/jquery.droppable.js HTTP/1.1" 200 1167
120.253.135.82 - - [13/Feb/2022:11:53:32 +0800] "GET /xingrg/javascript/easyui/themes/default/tree.css HTTP/1.1" 404 1090
120.253.135.82 - - [13/Feb/2022:11:53:32 +0800] "GET /xingrg/javascript/easyui/plugins/jquery.tree.js HTTP/1.1" 200 20874
120.253.135.82 - - [13/Feb/2022:11:53:32 +0800] "POST /xingrg/all/common/load_tree.html?tree=supplier_tree_json&isDelete=1 HTTP/1.1" 200 62150
120.253.135.82 - - [13/Feb/2022:11:53:33 +0800] "GET /xingrg/javascript/easyui/themes/default/images/tree_arrows.gif HTTP/1.1" 200 617
120.253.135.82 - - [13/Feb/2022:11:53:34 +0800] "GET /xingrg/javascript/easyui/themes/default/images/tree_folder_open.gif HTTP/1.1" 200 956
120.253.135.82 - - [13/Feb/2022:11:53:34 +0800] "GET /xingrg/javascript/easyui/themes/default/images/tree_folder.gif HTTP/1.1" 200 952
120.253.135.82 - - [13/Feb/2022:11:53:34 +0800] "GET /xingrg/javascript/easyui/themes/default/images/tree_file.gif HTTP/1.1" 200 118
180.169.147.146 - - [13/Feb/2022:11:53:35 +0800] "GET /xingrg/kc/buy/cgsh_order_operate.html?command=get_materiel&rest_code=00147&code=00101008137&supplier_code=00100006&order_time=2022-02-13 HTTP/1.1" 200 427
222.70.243.96 - - [13/Feb/2022:11:53:38 +0800] "GET /xingrg/all/function/internal_message.html?_=1644724415329&CODE_STATE=getMsg HTTP/1.1" 200 27
180.169.147.146 - - [13/Feb/2022:11:53:40 +0800] "GET /xingrg/all/function/internal_message.html?_=1644724411905&CODE_STATE=getMsg HTTP/1.1" 200 27
180.152.99.39 - - [13/Feb/2022:11:53:42 +0800] "GET /xingrg/check_reg.html?_=1644724333297 HTTP/1.1" 200 22
180.152.99.39 - - [13/Feb/2022:11:53:44 +0800] "GET /xingrg/all/function/internal_message.html?_=1644724334987&CODE_STATE=getMsg HTTP/1.1" 200 27
222.70.223.103 - - [13/Feb/2022:11:53:48 +0800] "GET /xingrg/kc/buy/cgsh_order_info.html?code=212022021303041 HTTP/1.1" 200 65489
222.70.223.103 - - [13/Feb/2022:11:53:48 +0800] "GET /xingrg/javascript/easyui/themes/default/validatebox.css HTTP/1.1" 404 1104
124.79.79.90 - - [13/Feb/2022:11:53:48 +0800] "GET /xingrg/all/function/internal_message.html?_=1644724426304&CODE_STATE=getMsg HTTP/1.1" 200 27
222.70.223.103 - - [13/Feb/2022:11:53:48 +0800] "POST /xingrg/kc/buy/cgsh_order_operate.html HTTP/1.1" 200 9177
180.169.147.146 - - [13/Feb/2022:11:53:52 +0800] "GET /xingrg/kc/buy/cgsh_order_operate.html?command=get_materiel&rest_code=00147&code=00101008359&supplier_code=00100006&order_time=2022-02-13 HTTP/1.1" 200 427
101.83.241.237 - - [13/Feb/2022:11:53:52 +0800] "GET /xingrg/all/function/internal_message.html?_=1644724427245&CODE_STATE=getMsg HTTP/1.1" 200 27
120.253.135.82 - - [13/Feb/2022:11:53:52 +0800] "GET /xingrg/kc/buy/cgsh_order_operate.html?command=get_materiel&rest_code=00101&code=00101016059&supplier_code=00100101&order_time=2022-02-13 HTTP/1.1" 200 427
222.70.243.96 - - [13/Feb/2022:11:53:53 +0800] "GET /xingrg/kc/base/wldb_order_operate.html?command=get_materiel&rest_code=00146&base_code=0010063&code=00101019306 HTTP/1.1" 200 463
180.169.147.146 - - [13/Feb/2022:11:53:53 +0800] "POST /xingrg/kc/buy/cgsh_order_operate.html HTTP/1.1" 200 2065
222.70.243.96 - - [13/Feb/2022:11:53:53 +0800] "GET /xingrg/all/function/internal_message.html?_=1644724453097&CODE_STATE=getMsg HTTP/1.1" 302 -
58.39.168.32 - - [13/Feb/2022:11:53:54 +0800] "GET /xingrg/all/function/internal_message.html?_=1644724430889&CODE_STATE=getMsg HTTP/1.1" 200 27
116.239.131.195 - - [13/Feb/2022:11:54:00 +0800] "GET /xingrg/all/function/internal_message.html?_=1644724465939&CODE_STATE=getMsg HTTP/1.1" 200 27
222.69.132.164 - - [13/Feb/2022:11:54:02 +0800] "GET /xingrg/all/function/internal_message.html?_=1644724507585&CODE_STATE=getMsg HTTP/1.1" 200 27
120.253.135.82 - - [13/Feb/2022:11:54:06 +0800] "POST /xingrg/kc/buy/cgsh_order_operate.html HTTP/1.1" 200 37
124.79.79.90 - - [13/Feb/2022:11:54:06 +0800] "GET /xingrg/kc/mdqp/pssh_order_list.html?isBack=1 HTTP/1.1" 200 17740
124.79.79.90 - - [13/Feb/2022:11:54:06 +0800] "POST /xingrg/kc/mdqp/pssh_list_operate.html HTTP/1.1" 200 8751
120.253.135.82 - - [13/Feb/2022:11:54:07 +0800] "POST /xingrg/kc/buy/cgsh_order_operate.html HTTP/1.1" 200 2658
222.70.223.103 - - [13/Feb/2022:11:54:08 +0800] "GET /xingrg/all/function/internal_message.html?_=1644724444309&CODE_STATE=getMsg HTTP/1.1" 200 27
222.70.179.43 - - [13/Feb/2022:11:54:09 +0800] "GET /xingrg/all/function/internal_message.html?_=1644724441963&CODE_STATE=getMsg HTTP/1.1" 200 27
101.85.120.86 - - [13/Feb/2022:11:54:11 +0800] "GET /xingrg/all/function/internal_message.html?_=1644724447577&CODE_STATE=getMsg HTTP/1.1" 200 27
124.79.79.90 - - [13/Feb/2022:11:54:11 +0800] "POST /xingrg/kc/mdqp/pssh_list_operate.html HTTP/1.1" 200 260
124.79.79.90 - - [13/Feb/2022:11:54:12 +0800] "POST /xingrg/kc/mdqp/pssh_list_operate.html HTTP/1.1" 200 3172
124.79.79.90 - - [13/Feb/2022:11:54:12 +0800] "GET /xingrg/kc/mdqp/pssh_order_info.html?code=312022012800953 HTTP/1.1" 200 14392
124.79.79.90 - - [13/Feb/2022:11:54:12 +0800] "GET /xingrg/javascript/jquery_tools/jquery-1.4.2.min.js HTTP/1.1" 404 1094
124.79.79.90 - - [13/Feb/2022:11:54:12 +0800] "POST /xingrg/kc/mdqp/pssh_order_operate.html HTTP/1.1" 200 530
124.79.79.90 - - [13/Feb/2022:11:54:12 +0800] "GET /xingrg/javascript/easyui/themes/default/validatebox.css HTTP/1.1" 404 1104
120.253.135.82 - - [13/Feb/2022:11:54:16 +0800] "GET /xingrg/check_reg.html?_=1644724580905 HTTP/1.1" 200 22
114.86.225.145 - - [13/Feb/2022:11:54:16 +0800] "GET /xingrg/all/function/internal_message.html?_=1644724452824&CODE_STATE=getMsg HTTP/1.1" 200 27
120.253.135.82 - - [13/Feb/2022:11:54:17 +0800] "POST /xingrg/kc/buy/cgsh_order_operate.html HTTP/1.1" 200 37
222.70.243.96 - - [13/Feb/2022:11:54:17 +0800] "GET /xingrg/kc/base/wldb_order_operate.html?command=get_materiel&rest_code=00146&base_code=0010063&code=00101013093 HTTP/1.1" 200 447
124.79.79.90 - - [13/Feb/2022:11:54:17 +0800] "GET /xingrg/kc/mdqp/pssh_order_list.html?isBack=1 HTTP/1.1" 200 17740
124.79.79.90 - - [13/Feb/2022:11:54:17 +0800] "POST /xingrg/kc/mdqp/pssh_list_operate.html HTTP/1.1" 200 8751
120.253.135.82 - - [13/Feb/2022:11:54:18 +0800] "GET /xingrg/all/function/internal_message.html?_=1644724583291&CODE_STATE=getMsg HTTP/1.1" 200 27
120.253.135.82 - - [13/Feb/2022:11:54:19 +0800] "POST /xingrg/kc/buy/cgsh_order_operate.html HTTP/1.1" 200 2658
58.40.7.146 - - [13/Feb/2022:11:54:19 +0800] "GET /xingrg/all/function/internal_message.html?_=1644724455061&CODE_STATE=getMsg HTTP/1.1" 200 27
180.157.251.97 - - [13/Feb/2022:11:54:19 +0800] "GET /xingrg/check_reg.html?_=1644724457137 HTTP/1.1" 200 22
222.70.243.96 - - [13/Feb/2022:11:54:20 +0800] "GET /xingrg/all/function/internal_message.html?_=1644724479657&CODE_STATE=getMsg HTTP/1.1" 302 -
180.169.147.146 - - [13/Feb/2022:11:54:20 +0800] "GET /xingrg/kc/buy/cgsh_order_operate.html?command=get_materiel&rest_code=00147&code=00101015006&supplier_code=00100006&order_time=2022-02-13 HTTP/1.1" 200 413
124.79.79.90 - - [13/Feb/2022:11:54:21 +0800] "POST /xingrg/kc/mdqp/pssh_list_operate.html HTTP/1.1" 200 814
120.253.135.82 - - [13/Feb/2022:11:54:21 +0800] "GET /xingrg/all/function/internal_message.html?_=1644724453104&CODE_STATE=getMsg HTTP/1.1" 200 27
124.79.79.90 - - [13/Feb/2022:11:54:22 +0800] "POST /xingrg/kc/mdqp/pssh_list_operate.html HTTP/1.1" 200 814
124.79.79.90 - - [13/Feb/2022:11:54:25 +0800] "POST /xingrg/kc/mdqp/pssh_list_operate.html HTTP/1.1" 200 2213
58.39.168.32 - - [13/Feb/2022:11:54:27 +0800] "GET /xingrg/all/function/internal_message.html?_=1644724401816&CODE_STATE=getMsg HTTP/1.1" 200 27
180.157.251.97 - - [13/Feb/2022:11:54:27 +0800] "GET /xingrg/all/function/internal_message.html?_=1644724463491&CODE_STATE=getMsg HTTP/1.1" 200 27
180.169.147.146 - - [13/Feb/2022:11:54:28 +0800] "GET /xingrg/kc/buy/cgsh_order_operate.html?command=get_materiel&rest_code=00147&code=00101008379&supplier_code=00100006&order_time=2022-02-13 HTTP/1.1" 200 408
124.79.79.90 - - [13/Feb/2022:11:54:31 +0800] "POST /xingrg/kc/mdqp/pssh_list_operate.html HTTP/1.1" 200 4333
124.79.79.90 - - [13/Feb/2022:11:54:33 +0800] "POST /xingrg/kc/mdqp/pssh_list_operate.html HTTP/1.1" 200 558
124.79.79.90 - - [13/Feb/2022:11:54:33 +0800] "POST /xingrg/kc/mdqp/pssh_list_operate.html HTTP/1.1" 200 3172
124.79.79.90 - - [13/Feb/2022:11:54:33 +0800] "GET /xingrg/kc/mdqp/pssh_order_info.html?code=312022020800065 HTTP/1.1" 200 17250
124.79.79.90 - - [13/Feb/2022:11:54:33 +0800] "GET /xingrg/javascript/jquery_tools/jquery-1.4.2.min.js HTTP/1.1" 404 1094
124.79.79.90 - - [13/Feb/2022:11:54:34 +0800] "POST /xingrg/kc/mdqp/pssh_order_operate.html HTTP/1.1" 200 2081
124.79.79.90 - - [13/Feb/2022:11:54:34 +0800] "GET /xingrg/javascript/easyui/themes/default/validatebox.css HTTP/1.1" 404 1104
180.169.147.146 - - [13/Feb/2022:11:54:38 +0800] "GET /xingrg/kc/buy/cgsh_order_operate.html?command=get_materiel&rest_code=00147&code=00101008535&supplier_code=00100006&order_time=2022-02-13 HTTP/1.1" 200 395
222.70.243.96 - - [13/Feb/2022:11:54:38 +0800] "GET /xingrg/all/function/internal_message.html?_=1644724475342&CODE_STATE=getMsg HTTP/1.1" 200 27
180.169.147.146 - - [13/Feb/2022:11:54:40 +0800] "GET /xingrg/all/function/internal_message.html?_=1644724471877&CODE_STATE=getMsg HTTP/1.1" 200 27
180.169.147.146 - - [13/Feb/2022:11:54:41 +0800] "POST /xingrg/kc/buy/cgsh_order_operate.html HTTP/1.1" 200 2065
222.70.243.96 - - [13/Feb/2022:11:54:41 +0800] "GET /xingrg/kc/base/wldb_order_operate.html?command=get_materiel&rest_code=00146&base_code=0010063&code=00101013011 HTTP/1.1" 200 451
180.152.99.39 - - [13/Feb/2022:11:54:44 +0800] "GET /xingrg/all/function/internal_message.html?_=1644724395000&CODE_STATE=getMsg HTTP/1.1" 200 27
180.169.147.146 - - [13/Feb/2022:11:54:48 +0800] "GET /xingrg/kc/buy/cgsh_order_operate.html?command=get_materiel&rest_code=00147&code=00101008323&supplier_code=00100006&order_time=2022-02-13 HTTP/1.1" 200 428
124.79.79.90 - - [13/Feb/2022:11:54:48 +0800] "GET /xingrg/all/function/internal_message.html?_=1644724486311&CODE_STATE=getMsg HTTP/1.1" 200 27
101.83.241.237 - - [13/Feb/2022:11:54:52 +0800] "GET /xingrg/all/function/internal_message.html?_=1644724487228&CODE_STATE=getMsg HTTP/1.1" 200 27
222.70.243.96 - - [13/Feb/2022:11:54:53 +0800] "GET /xingrg/all/function/internal_message.html?_=1644724513133&CODE_STATE=getMsg HTTP/1.1" 302 -
58.39.168.32 - - [13/Feb/2022:11:54:54 +0800] "GET /xingrg/all/function/internal_message.html?_=1644724490889&CODE_STATE=getMsg HTTP/1.1" 200 27
101.83.241.237 - - [13/Feb/2022:11:54:55 +0800] "GET /xingrg/check_reg.html?_=1644724489524 HTTP/1.1" 200 22
124.79.79.90 - - [13/Feb/2022:11:54:57 +0800] "GET /xingrg/kc/mdqp/pssh_order_list.html?isBack=1 HTTP/1.1" 200 17740
124.79.79.90 - - [13/Feb/2022:11:54:57 +0800] "POST /xingrg/kc/mdqp/pssh_list_operate.html HTTP/1.1" 200 8751
116.239.131.195 - - [13/Feb/2022:11:55:00 +0800] "GET /xingrg/all/function/internal_message.html?_=1644724525943&CODE_STATE=getMsg HTTP/1.1" 200 27
222.69.132.164 - - [13/Feb/2022:11:55:02 +0800] "GET /xingrg/all/function/internal_message.html?_=1644724567571&CODE_STATE=getMsg HTTP/1.1" 200 27
124.79.79.90 - - [13/Feb/2022:11:55:02 +0800] "POST /xingrg/kc/mdqp/pssh_list_operate.html HTTP/1.1" 200 796
222.70.243.96 - - [13/Feb/2022:11:55:05 +0800] "GET /xingrg/check_reg.html?_=1644724524487 HTTP/1.1" 302 -
124.79.79.90 - - [13/Feb/2022:11:55:06 +0800] "POST /xingrg/kc/mdqp/pssh_list_operate.html HTTP/1.1" 200 454
222.70.223.103 - - [13/Feb/2022:11:55:08 +0800] "GET /xingrg/all/function/internal_message.html?_=1644724504311&CODE_STATE=getMsg HTTP/1.1" 200 27
222.70.179.43 - - [13/Feb/2022:11:55:08 +0800] "GET /xingrg/all/function/internal_message.html?_=1644724501948&CODE_STATE=getMsg HTTP/1.1" 200 27
124.79.79.90 - - [13/Feb/2022:11:55:10 +0800] "POST /xingrg/kc/mdqp/pssh_list_operate.html HTTP/1.1" 200 359
101.85.120.86 - - [13/Feb/2022:11:55:11 +0800] "GET /xingrg/all/function/internal_message.html?_=1644724507578&CODE_STATE=getMsg HTTP/1.1" 200 27
124.79.79.90 - - [13/Feb/2022:11:55:16 +0800] "POST /xingrg/kc/mdqp/pssh_list_operate.html HTTP/1.1" 200 352
114.86.225.145 - - [13/Feb/2022:11:55:16 +0800] "GET /xingrg/all/function/internal_message.html?_=1644724512828&CODE_STATE=getMsg HTTP/1.1" 200 27
120.253.135.82 - - [13/Feb/2022:11:55:18 +0800] "GET /xingrg/all/function/internal_message.html?_=1644724643304&CODE_STATE=getMsg HTTP/1.1" 200 27
58.40.7.146 - - [13/Feb/2022:11:55:19 +0800] "GET /xingrg/all/function/internal_message.html?_=1644724515065&CODE_STATE=getMsg HTTP/1.1" 200 27
222.70.243.96 - - [13/Feb/2022:11:55:20 +0800] "GET /xingrg/all/function/internal_message.html?_=1644724539662&CODE_STATE=getMsg HTTP/1.1" 302 -
120.253.135.82 - - [13/Feb/2022:11:55:21 +0800] "GET /xingrg/all/function/internal_message.html?_=1644724513131&CODE_STATE=getMsg HTTP/1.1" 200 27
222.70.223.103 - - [13/Feb/2022:11:55:22 +0800] "GET /xingrg/javascript/auto/indicator.gif HTTP/1.1" 404 1066
180.169.147.146 - - [13/Feb/2022:11:55:25 +0800] "GET /xingrg/kc/buy/cgsh_order_operate.html?command=get_materiel&rest_code=00147&code=00101008558&supplier_code=00100006&order_time=2022-02-13 HTTP/1.1" 200 416
124.79.79.90 - - [13/Feb/2022:11:55:25 +0800] "POST /xingrg/kc/mdqp/pssh_list_operate.html HTTP/1.1" 200 366
222.70.223.103 - - [13/Feb/2022:11:55:27 +0800] "GET /xingrg/kc/buy/cgsh_order_operate.html?command=get_materiel&rest_code=00155&code=00101009051&supplier_code=00100037&order_time=2022-02-13 HTTP/1.1" 200 428
58.39.168.32 - - [13/Feb/2022:11:55:27 +0800] "GET /xingrg/all/function/internal_message.html?_=1644724461801&CODE_STATE=getMsg HTTP/1.1" 200 27
180.157.251.97 - - [13/Feb/2022:11:55:27 +0800] "GET /xingrg/all/function/internal_message.html?_=1644724523491&CODE_STATE=getMsg HTTP/1.1" 200 27
124.79.79.90 - - [13/Feb/2022:11:55:28 +0800] "POST /xingrg/kc/mdqp/pssh_list_operate.html HTTP/1.1" 200 768
58.39.168.32 - - [13/Feb/2022:11:55:28 +0800] "GET /xingrg/check_reg.html?_=1644724463098 HTTP/1.1" 200 22
124.79.79.90 - - [13/Feb/2022:11:55:28 +0800] "POST /xingrg/kc/mdqp/pssh_list_operate.html HTTP/1.1" 200 3172
124.79.79.90 - - [13/Feb/2022:11:55:28 +0800] "GET /xingrg/kc/mdqp/pssh_order_info.html?code=312022012800943 HTTP/1.1" 200 14390
124.79.79.90 - - [13/Feb/2022:11:55:28 +0800] "GET /xingrg/javascript/jquery_tools/jquery-1.4.2.min.js HTTP/1.1" 404 1094
124.79.79.90 - - [13/Feb/2022:11:55:29 +0800] "POST /xingrg/kc/mdqp/pssh_order_operate.html HTTP/1.1" 200 4255
124.79.79.90 - - [13/Feb/2022:11:55:29 +0800] "GET /xingrg/javascript/easyui/themes/default/validatebox.css HTTP/1.1" 404 1104
124.79.79.90 - - [13/Feb/2022:11:55:32 +0800] "GET /xingrg/kc/mdqp/pssh_order_list.html?isBack=1 HTTP/1.1" 200 17740
124.79.79.90 - - [13/Feb/2022:11:55:32 +0800] "POST /xingrg/kc/mdqp/pssh_list_operate.html HTTP/1.1" 200 8751
222.70.243.96 - - [13/Feb/2022:11:55:36 +0800] "GET /xingrg/check_reg.html?_=1644724532720 HTTP/1.1" 200 22
180.169.147.146 - - [13/Feb/2022:11:55:37 +0800] "GET /xingrg/kc/buy/cgsh_order_operate.html?command=get_materiel&rest_code=00147&code=00101008299&supplier_code=00100006&order_time=2022-02-13 HTTP/1.1" 200 412
124.79.79.90 - - [13/Feb/2022:11:55:37 +0800] "POST /xingrg/kc/mdqp/pssh_list_operate.html HTTP/1.1" 200 796
124.79.79.90 - - [13/Feb/2022:11:55:37 +0800] "POST /xingrg/kc/mdqp/pssh_list_operate.html HTTP/1.1" 200 3172
124.79.79.90 - - [13/Feb/2022:11:55:37 +0800] "GET /xingrg/kc/mdqp/pssh_order_info.html?code=312022021200134 HTTP/1.1" 200 17279
124.79.79.90 - - [13/Feb/2022:11:55:37 +0800] "GET /xingrg/javascript/jquery_tools/jquery-1.4.2.min.js HTTP/1.1" 404 1094
124.79.79.90 - - [13/Feb/2022:11:55:37 +0800] "POST /xingrg/kc/mdqp/pssh_order_operate.html HTTP/1.1" 200 14165
124.79.79.90 - - [13/Feb/2022:11:55:37 +0800] "GET /xingrg/javascript/easyui/themes/default/validatebox.css HTTP/1.1" 404 1104
222.70.243.96 - - [13/Feb/2022:11:55:38 +0800] "GET /xingrg/all/function/internal_message.html?_=1644724535355&CODE_STATE=getMsg HTTP/1.1" 200 27
124.79.79.90 - - [13/Feb/2022:11:55:39 +0800] "GET /xingrg/kc/mdqp/pssh_order_list.html?isBack=1 HTTP/1.1" 200 17740
124.79.79.90 - - [13/Feb/2022:11:55:40 +0800] "POST /xingrg/kc/mdqp/pssh_list_operate.html HTTP/1.1" 200 8751
180.169.147.146 - - [13/Feb/2022:11:55:40 +0800] "GET /xingrg/all/function/internal_message.html?_=1644724531851&CODE_STATE=getMsg HTTP/1.1" 200 27
124.79.79.90 - - [13/Feb/2022:11:55:41 +0800] "POST /xingrg/kc/mdqp/pssh_list_operate.html HTTP/1.1" 200 359
124.79.79.90 - - [13/Feb/2022:11:55:42 +0800] "POST /xingrg/kc/mdqp/pssh_list_operate.html HTTP/1.1" 200 3172
124.79.79.90 - - [13/Feb/2022:11:55:42 +0800] "GET /xingrg/kc/mdqp/pssh_order_info.html?code=312022021300154 HTTP/1.1" 200 17275
124.79.79.90 - - [13/Feb/2022:11:55:42 +0800] "GET /xingrg/javascript/jquery_tools/jquery-1.4.2.min.js HTTP/1.1" 404 1094
124.79.79.90 - - [13/Feb/2022:11:55:42 +0800] "POST /xingrg/kc/mdqp/pssh_order_operate.html HTTP/1.1" 200 1053
124.79.79.90 - - [13/Feb/2022:11:55:42 +0800] "GET /xingrg/javascript/easyui/themes/default/validatebox.css HTTP/1.1" 404 1104
180.152.99.39 - - [13/Feb/2022:11:55:44 +0800] "GET /xingrg/all/function/internal_message.html?_=1644724455015&CODE_STATE=getMsg HTTP/1.1" 200 27
124.79.79.90 - - [13/Feb/2022:11:55:45 +0800] "GET /xingrg/kc/mdqp/pssh_order_list.html?isBack=1 HTTP/1.1" 200 17740
124.79.79.90 - - [13/Feb/2022:11:55:45 +0800] "POST /xingrg/kc/mdqp/pssh_list_operate.html HTTP/1.1" 200 8751
124.79.79.90 - - [13/Feb/2022:11:55:46 +0800] "POST /xingrg/kc/mdqp/pssh_list_operate.html HTTP/1.1" 200 558
124.79.79.90 - - [13/Feb/2022:11:55:46 +0800] "POST /xingrg/kc/mdqp/pssh_list_operate.html HTTP/1.1" 200 3172
124.79.79.90 - - [13/Feb/2022:11:55:46 +0800] "GET /xingrg/kc/mdqp/pssh_order_info.html?code=312022020800065 HTTP/1.1" 200 17250
124.79.79.90 - - [13/Feb/2022:11:55:47 +0800] "GET /xingrg/javascript/jquery_tools/jquery-1.4.2.min.js HTTP/1.1" 404 1094
124.79.79.90 - - [13/Feb/2022:11:55:47 +0800] "POST /xingrg/kc/mdqp/pssh_order_operate.html HTTP/1.1" 200 2081
124.79.79.90 - - [13/Feb/2022:11:55:47 +0800] "GET /xingrg/javascript/easyui/themes/default/validatebox.css HTTP/1.1" 404 1104
124.79.79.90 - - [13/Feb/2022:11:55:48 +0800] "GET /xingrg/check_reg.html?_=1644724546307 HTTP/1.1" 200 22
124.79.79.90 - - [13/Feb/2022:11:55:48 +0800] "GET /xingrg/all/function/internal_message.html?_=1644724546311&CODE_STATE=getMsg HTTP/1.1" 200 27
180.169.147.146 - - [13/Feb/2022:11:55:49 +0800] "GET /xingrg/kc/buy/cgsh_order_operate.html?command=get_materiel&rest_code=00147&code=00101008223&supplier_code=00100006&order_time=2022-02-13 HTTP/1.1" 200 432
180.169.147.146 - - [13/Feb/2022:11:55:51 +0800] "POST /xingrg/kc/buy/cgsh_order_operate.html HTTP/1.1" 200 2065
124.79.79.90 - - [13/Feb/2022:11:55:51 +0800] "GET /xingrg/kc/mdqp/pssh_order_list.html?isBack=1 HTTP/1.1" 200 17740
124.79.79.90 - - [13/Feb/2022:11:55:51 +0800] "POST /xingrg/kc/mdqp/pssh_list_operate.html HTTP/1.1" 200 8751
101.83.241.237 - - [13/Feb/2022:11:55:52 +0800] "GET /xingrg/all/function/internal_message.html?_=1644724547216&CODE_STATE=getMsg HTTP/1.1" 200 27
124.79.79.90 - - [13/Feb/2022:11:55:53 +0800] "POST /xingrg/kc/mdqp/pssh_list_operate.html HTTP/1.1" 200 454
222.70.243.96 - - [13/Feb/2022:11:55:53 +0800] "GET /xingrg/all/function/internal_message.html?_=1644724573140&CODE_STATE=getMsg HTTP/1.1" 302 -
58.39.168.32 - - [13/Feb/2022:11:55:54 +0800] "GET /xingrg/all/function/internal_message.html?_=1644724550890&CODE_STATE=getMsg HTTP/1.1" 200 27
124.79.79.90 - - [13/Feb/2022:11:55:55 +0800] "POST /xingrg/kc/mdqp/pssh_list_operate.html HTTP/1.1" 200 359
124.79.79.90 - - [13/Feb/2022:11:55:56 +0800] "POST /xingrg/kc/mdqp/pssh_list_operate.html HTTP/1.1" 200 352
180.169.147.146 - - [13/Feb/2022:11:55:56 +0800] "GET /xingrg/kc/buy/cgsh_order_operate.html?command=get_materiel&rest_code=00147&code=00101008168&supplier_code=00100006&order_time=2022-02-13 HTTP/1.1" 200 433
222.70.223.103 - - [13/Feb/2022:11:55:56 +0800] "GET /xingrg/kc/buy/cgsh_order_operate.html?command=get_materiel&rest_code=00155&code=00101013017&supplier_code=00100037&order_time=2022-02-13 HTTP/1.1" 200 431
116.239.131.195 - - [13/Feb/2022:11:56:00 +0800] "GET /xingrg/all/function/internal_message.html?_=1644724586617&CODE_STATE=getMsg HTTP/1.1" 200 27
124.79.79.90 - - [13/Feb/2022:11:56:01 +0800] "POST /xingrg/kc/mdqp/pssh_list_operate.html HTTP/1.1" 200 366
222.69.132.164 - - [13/Feb/2022:11:56:01 +0800] "GET /xingrg/check_reg.html?_=1644724627390 HTTP/1.1" 200 22
222.69.132.164 - - [13/Feb/2022:11:56:02 +0800] "GET /xingrg/all/function/internal_message.html?_=1644724627565&CODE_STATE=getMsg HTTP/1.1" 200 27
124.79.79.90 - - [13/Feb/2022:11:56:02 +0800] "POST /xingrg/kc/mdqp/pssh_list_operate.html HTTP/1.1" 200 3172
124.79.79.90 - - [13/Feb/2022:11:56:02 +0800] "GET /xingrg/kc/mdqp/pssh_order_info.html?code=312022021200138 HTTP/1.1" 200 17279
124.79.79.90 - - [13/Feb/2022:11:56:02 +0800] "GET /xingrg/javascript/jquery_tools/jquery-1.4.2.min.js HTTP/1.1" 404 1094
124.79.79.90 - - [13/Feb/2022:11:56:03 +0800] "POST /xingrg/kc/mdqp/pssh_order_operate.html HTTP/1.1" 200 1062
124.79.79.90 - - [13/Feb/2022:11:56:03 +0800] "GET /xingrg/javascript/easyui/themes/default/validatebox.css HTTP/1.1" 404 1104
180.169.147.146 - - [13/Feb/2022:11:56:04 +0800] "GET /xingrg/kc/buy/cgsh_order_operate.html?command=get_materiel&rest_code=00147&code=00101008095&supplier_code=00100006&order_time=2022-02-13 HTTP/1.1" 200 431
124.79.79.90 - - [13/Feb/2022:11:56:06 +0800] "GET /xingrg/kc/mdqp/pssh_order_list.html?isBack=1 HTTP/1.1" 200 17740
124.79.79.90 - - [13/Feb/2022:11:56:06 +0800] "POST /xingrg/kc/mdqp/pssh_list_operate.html HTTP/1.1" 200 8751
120.253.135.82 - - [13/Feb/2022:11:56:08 +0800] "POST /xingrg/kc/buy/cgsh_order_operate.html HTTP/1.1" 200 37
222.70.223.103 - - [13/Feb/2022:11:56:08 +0800] "GET /xingrg/all/function/internal_message.html?_=1644724564327&CODE_STATE=getMsg HTTP/1.1" 200 27
222.70.223.103 - - [13/Feb/2022:11:56:08 +0800] "GET /xingrg/check_reg.html?_=1644724564329 HTTP/1.1" 200 22
222.70.179.43 - - [13/Feb/2022:11:56:08 +0800] "GET /xingrg/all/function/internal_message.html?_=1644724561932&CODE_STATE=getMsg HTTP/1.1" 200 27
222.70.179.43 - - [13/Feb/2022:11:56:09 +0800] "GET /xingrg/check_reg.html?_=1644724562776 HTTP/1.1" 200 22
124.79.79.90 - - [13/Feb/2022:11:56:09 +0800] "POST /xingrg/kc/mdqp/pssh_list_operate.html HTTP/1.1" 200 691
120.253.135.82 - - [13/Feb/2022:11:56:09 +0800] "POST /xingrg/kc/buy/cgsh_order_operate.html HTTP/1.1" 200 2658
120.253.135.82 - - [13/Feb/2022:11:56:10 +0800] "GET /xingrg/kc/buy/cgsh_order_add.html HTTP/1.1" 200 64527
120.253.135.82 - - [13/Feb/2022:11:56:11 +0800] "POST /xingrg/kc/buy/cgsh_order_operate.html HTTP/1.1" 200 8245
120.253.135.82 - - [13/Feb/2022:11:56:11 +0800] "GET /xingrg/javascript/easyui/themes/default/validatebox.css HTTP/1.1" 404 1104
101.85.120.86 - - [13/Feb/2022:11:56:11 +0800] "GET /xingrg/all/function/internal_message.html?_=1644724567577&CODE_STATE=getMsg HTTP/1.1" 200 27
180.169.147.146 - - [13/Feb/2022:11:56:11 +0800] "GET /xingrg/kc/buy/cgsh_order_operate.html?command=get_materiel&rest_code=00147&code=00101008110&supplier_code=00100006&order_time=2022-02-13 HTTP/1.1" 200 428
120.253.135.82 - - [13/Feb/2022:11:56:12 +0800] "POST /xingrg/all/common/load_combo.html?type=employee HTTP/1.1" 200 1488
124.79.79.90 - - [13/Feb/2022:11:56:13 +0800] "POST /xingrg/kc/mdqp/pssh_list_operate.html HTTP/1.1" 200 768
114.86.225.145 - - [13/Feb/2022:11:56:16 +0800] "GET /xingrg/all/function/internal_message.html?_=1644724572829&CODE_STATE=getMsg HTTP/1.1" 200 27
124.79.79.90 - - [13/Feb/2022:11:56:16 +0800] "POST /xingrg/kc/mdqp/pssh_list_operate.html HTTP/1.1" 200 462
124.79.79.90 - - [13/Feb/2022:11:56:18 +0800] "POST /xingrg/kc/mdqp/pssh_list_operate.html HTTP/1.1" 200 260
222.70.223.103 - - [13/Feb/2022:11:56:18 +0800] "GET /xingrg/kc/buy/cgsh_order_operate.html?command=get_materiel&rest_code=00155&code=00101013139&supplier_code=00100037&order_time=2022-02-13 HTTP/1.1" 200 450
120.253.135.82 - - [13/Feb/2022:11:56:18 +0800] "GET /xingrg/all/function/internal_message.html?_=1644724703318&CODE_STATE=getMsg HTTP/1.1" 200 27
