222.70.243.96 - - [13/Feb/2022:08:01:47 +0800] "GET /xingrg/javascript/jquery_tools/images/prev.gif HTTP/1.1" 404 1086
222.70.243.96 - - [13/Feb/2022:08:01:47 +0800] "GET /xingrg/javascript/jquery_tools/images/next.gif HTTP/1.1" 404 1086
120.253.135.82 - - [13/Feb/2022:08:01:49 +0800] "POST /xingrg/kc/pszx/mdps_order_operate.html HTTP/1.1" 200 37
222.70.243.96 - - [13/Feb/2022:08:01:49 +0800] "GET /xingrg/all/function/internal_message.html?_=1644710528136&CODE_STATE=getMsg HTTP/1.1" 302 -
120.253.135.82 - - [13/Feb/2022:08:01:50 +0800] "GET /xingrg/kc/pszx/mdps_order_info.html?code=312022021300149 HTTP/1.1" 200 23923
120.253.135.82 - - [13/Feb/2022:08:01:50 +0800] "GET /xingrg/javascript/easyui/themes/default/validatebox.css HTTP/1.1" 404 1104
120.253.135.82 - - [13/Feb/2022:08:01:51 +0800] "POST /xingrg/kc/pszx/mdps_order_operate.html HTTP/1.1" 200 3782
222.70.243.96 - - [13/Feb/2022:08:01:54 +0800] "POST /xingrg/kc/base/wldb_list_operate.html HTTP/1.1" 200 928
120.253.135.82 - - [13/Feb/2022:08:02:01 +0800] "POST /xingrg/kc/pszx/mdps_list_operate.html HTTP/1.1" 200 5355
222.70.243.96 - - [13/Feb/2022:08:02:05 +0800] "POST /xingrg/kc/base/wldb_list_operate.html HTTP/1.1" 200 5557
120.253.135.82 - - [13/Feb/2022:08:02:10 +0800] "GET /xingrg/kc/pszx/jzcl_ps.html HTTP/1.1" 200 7683
120.253.135.82 - - [13/Feb/2022:08:02:11 +0800] "POST /xingrg/all/common/load_tree.html?tree=area_rest_tree_json HTTP/1.1" 200 3472
120.253.135.82 - - [13/Feb/2022:08:02:11 +0800] "POST /xingrg/kc/pszx/jzcl_ps_operate.html HTTP/1.1" 200 2525
120.253.135.82 - - [13/Feb/2022:08:02:11 +0800] "POST /xingrg/kc/pszx/jzcl_ps_operate.html HTTP/1.1" 200 2525
222.70.243.96 - - [13/Feb/2022:08:02:17 +0800] "GET /xingrg/all/function/internal_message.html?_=1644710556505&CODE_STATE=getMsg HTTP/1.1" 302 -
58.40.7.146 - - [13/Feb/2022:08:02:19 +0800] "GET /xingrg/all/function/internal_message.html?_=1644710534969&CODE_STATE=getMsg HTTP/1.1" 200 27
120.253.135.82 - - [13/Feb/2022:08:02:20 +0800] "POST /xingrg/kc/pszx/jzcl_ps_operate.html HTTP/1.1" 200 4
120.253.135.82 - - [13/Feb/2022:08:02:20 +0800] "GET /xingrg/javascript/step/images/navBtn.gif HTTP/1.1" 200 361
222.70.243.96 - - [13/Feb/2022:08:02:21 +0800] "GET /xingrg/all/function/internal_message.html?_=1644710537380&CODE_STATE=getMsg HTTP/1.1" 200 27
120.253.135.82 - - [13/Feb/2022:08:02:22 +0800] "GET /xingrg/kc/pszx/mdps_order_list.html HTTP/1.1" 200 20884
120.253.135.82 - - [13/Feb/2022:08:02:22 +0800] "POST /xingrg/kc/pszx/jzcl_ps_operate.html HTTP/1.1" 200 1646
120.253.135.82 - - [13/Feb/2022:08:02:22 +0800] "POST /xingrg/kc/pszx/mdps_list_operate.html HTTP/1.1" 200 5355
120.253.135.82 - - [13/Feb/2022:08:02:25 +0800] "POST /xingrg/kc/pszx/mdps_list_operate.html HTTP/1.1" 200 203
120.253.135.82 - - [13/Feb/2022:08:02:25 +0800] "GET /xingrg/kc/pszx/mdps_order_info.html?code=312022021200145 HTTP/1.1" 200 23929
120.253.135.82 - - [13/Feb/2022:08:02:26 +0800] "GET /xingrg/javascript/easyui/themes/default/validatebox.css HTTP/1.1" 404 1104
120.253.135.82 - - [13/Feb/2022:08:02:26 +0800] "POST /xingrg/kc/pszx/mdps_order_operate.html HTTP/1.1" 200 2287
222.70.243.96 - - [13/Feb/2022:08:02:27 +0800] "GET /xingrg/check_reg.html?_=1644710565867 HTTP/1.1" 302 -
120.253.135.82 - - [13/Feb/2022:08:02:29 +0800] "POST /xingrg/all/common/load_combo.html?type=base HTTP/1.1" 200 1075
222.70.243.96 - - [13/Feb/2022:08:02:35 +0800] "GET /xingrg/check_reg.html?_=1644710551974 HTTP/1.1" 200 22
120.253.135.82 - - [13/Feb/2022:08:02:36 +0800] "POST /xingrg/kc/pszx/mdps_order_operate.html HTTP/1.1" 200 37
120.253.135.82 - - [13/Feb/2022:08:02:37 +0800] "GET /xingrg/kc/pszx/mdps_order_info.html?code=312022021200145 HTTP/1.1" 200 23927
120.253.135.82 - - [13/Feb/2022:08:02:37 +0800] "GET /xingrg/javascript/easyui/themes/default/validatebox.css HTTP/1.1" 404 1104
120.253.135.82 - - [13/Feb/2022:08:02:37 +0800] "POST /xingrg/kc/pszx/mdps_order_operate.html HTTP/1.1" 200 2295
120.253.135.82 - - [13/Feb/2022:08:02:37 +0800] "GET /xingrg/all/function/internal_message.html?_=1644710682806&CODE_STATE=getMsg HTTP/1.1" 200 27
222.70.243.96 - - [13/Feb/2022:08:02:49 +0800] "GET /xingrg/all/function/internal_message.html?_=1644710588169&CODE_STATE=getMsg HTTP/1.1" 302 -
120.253.135.82 - - [13/Feb/2022:08:02:56 +0800] "POST /xingrg/kc/pszx/mdps_list_operate.html HTTP/1.1" 200 5494
120.253.135.82 - - [13/Feb/2022:08:02:58 +0800] "POST /xingrg/kc/pszx/mdps_list_operate.html HTTP/1.1" 200 592
120.253.135.82 - - [13/Feb/2022:08:02:58 +0800] "GET /xingrg/kc/pszx/mdps_order_info.html?code=312022021300150 HTTP/1.1" 200 23929
120.253.135.82 - - [13/Feb/2022:08:02:58 +0800] "GET /xingrg/javascript/easyui/themes/default/validatebox.css HTTP/1.1" 404 1104
120.253.135.82 - - [13/Feb/2022:08:02:58 +0800] "POST /xingrg/kc/pszx/mdps_order_operate.html HTTP/1.1" 200 5217
120.253.135.82 - - [13/Feb/2022:08:03:02 +0800] "POST /xingrg/kc/pszx/mdps_order_operate.html HTTP/1.1" 200 37
120.253.135.82 - - [13/Feb/2022:08:03:03 +0800] "GET /xingrg/kc/pszx/mdps_order_info.html?code=312022021300150 HTTP/1.1" 200 23929
120.253.135.82 - - [13/Feb/2022:08:03:03 +0800] "GET /xingrg/javascript/easyui/themes/default/validatebox.css HTTP/1.1" 404 1104
120.253.135.82 - - [13/Feb/2022:08:03:03 +0800] "POST /xingrg/kc/pszx/mdps_order_operate.html HTTP/1.1" 200 5270
172.20.0.100 - - [13/Feb/2022:08:03:05 +0800] "GET /xingrg/check_reg.html?_=1644710580947 HTTP/1.1" 200 22
120.253.135.82 - - [13/Feb/2022:08:03:12 +0800] "POST /xingrg/kc/pszx/mdps_list_operate.html HTTP/1.1" 200 5494
120.253.135.82 - - [13/Feb/2022:08:03:15 +0800] "POST /xingrg/kc/pszx/mdps_list_operate.html HTTP/1.1" 200 542
120.253.135.82 - - [13/Feb/2022:08:03:16 +0800] "GET /xingrg/kc/pszx/mdps_order_info.html?code=312022021300151 HTTP/1.1" 200 23929
120.253.135.82 - - [13/Feb/2022:08:03:16 +0800] "GET /xingrg/javascript/easyui/themes/default/validatebox.css HTTP/1.1" 404 1104
120.253.135.82 - - [13/Feb/2022:08:03:16 +0800] "POST /xingrg/kc/pszx/mdps_order_operate.html HTTP/1.1" 200 4267
222.70.243.96 - - [13/Feb/2022:08:03:17 +0800] "GET /xingrg/all/function/internal_message.html?_=1644710616510&CODE_STATE=getMsg HTTP/1.1" 302 -
58.40.7.146 - - [13/Feb/2022:08:03:18 +0800] "GET /xingrg/check_reg.html?_=1644710594973 HTTP/1.1" 200 22
58.40.7.146 - - [13/Feb/2022:08:03:19 +0800] "GET /xingrg/all/function/internal_message.html?_=1644710594971&CODE_STATE=getMsg HTTP/1.1" 200 27
120.253.135.82 - - [13/Feb/2022:08:03:19 +0800] "POST /xingrg/all/common/load_combo.html?type=base HTTP/1.1" 200 1075
222.70.243.96 - - [13/Feb/2022:08:03:21 +0800] "GET /xingrg/all/function/internal_message.html?_=1644710597384&CODE_STATE=getMsg HTTP/1.1" 200 27
222.70.243.96 - - [13/Feb/2022:08:03:21 +0800] "POST /xingrg/kc/base/wldb_list_operate.html HTTP/1.1" 200 302
222.70.243.96 - - [13/Feb/2022:08:03:22 +0800] "GET /xingrg/javascript/pic_change.js HTTP/1.1" 200 4739
222.70.243.96 - - [13/Feb/2022:08:03:22 +0800] "GET /xingrg/kc/base/wldb_order_info.html?code=422022021201168 HTTP/1.1" 200 26117
222.70.243.96 - - [13/Feb/2022:08:03:22 +0800] "GET /xingrg/javascript/convert.js HTTP/1.1" 200 1239
222.70.243.96 - - [13/Feb/2022:08:03:22 +0800] "GET /xingrg/javascript/json2.js HTTP/1.1" 200 11259
222.70.243.96 - - [13/Feb/2022:08:03:22 +0800] "GET /xingrg/javascript/jquery_tools/order_manager.js HTTP/1.1" 200 11183
222.70.243.96 - - [13/Feb/2022:08:03:22 +0800] "GET /xingrg/javascript/print/kc_print.js HTTP/1.1" 200 11415
222.70.243.96 - - [13/Feb/2022:08:03:22 +0800] "GET /xingrg/words/20220128115405_words.js HTTP/1.1" 200 885128
222.70.243.96 - - [13/Feb/2022:08:03:22 +0800] "GET /xingrg/javascript/easyui/themes/icons/print.png HTTP/1.1" 200 1057
222.70.243.96 - - [13/Feb/2022:08:03:22 +0800] "GET /xingrg/javascript/easyui/themes/icons/cancel.png HTTP/1.1" 200 1133
222.70.243.96 - - [13/Feb/2022:08:03:22 +0800] "GET /xingrg/javascript/easyui/themes/default/images/menu_downarrow.png HTTP/1.1" 200 173
120.253.135.82 - - [13/Feb/2022:08:03:23 +0800] "POST /xingrg/kc/pszx/mdps_order_operate.html HTTP/1.1" 200 37
222.70.243.96 - - [13/Feb/2022:08:03:23 +0800] "GET /xingrg/javascript/easyui/themes/default/validatebox.css HTTP/1.1" 404 1104
222.70.243.96 - - [13/Feb/2022:08:03:23 +0800] "GET /xingrg/javascript/easyui/plugins/jquery.validatebox.js HTTP/1.1" 200 6103
222.70.243.96 - - [13/Feb/2022:08:03:23 +0800] "GET /xingrg/javascript/easyui/plugins/jquery.numberbox.js HTTP/1.1" 200 5213
222.70.243.96 - - [13/Feb/2022:08:03:23 +0800] "POST /xingrg/kc/base/wldb_order_operate.html HTTP/1.1" 200 1012
222.70.243.96 - - [13/Feb/2022:08:03:23 +0800] "GET /xingrg/javascript/easyui/themes/icons/edit_remove.png HTTP/1.1" 200 625
120.253.135.82 - - [13/Feb/2022:08:03:24 +0800] "GET /xingrg/kc/pszx/mdps_order_info.html?code=312022021300151 HTTP/1.1" 200 23929
120.253.135.82 - - [13/Feb/2022:08:03:24 +0800] "GET /xingrg/javascript/easyui/themes/default/validatebox.css HTTP/1.1" 404 1104
120.253.135.82 - - [13/Feb/2022:08:03:24 +0800] "POST /xingrg/kc/pszx/mdps_order_operate.html HTTP/1.1" 200 4310
120.253.135.82 - - [13/Feb/2022:08:03:25 +0800] "GET /xingrg/check_reg.html?_=1644710729845 HTTP/1.1" 200 22
120.253.135.82 - - [13/Feb/2022:08:03:38 +0800] "GET /xingrg/all/function/internal_message.html?_=1644710742854&CODE_STATE=getMsg HTTP/1.1" 200 27
120.253.135.82 - - [13/Feb/2022:08:03:40 +0800] "POST /xingrg/kc/pszx/mdps_list_operate.html HTTP/1.1" 200 5494
120.253.135.82 - - [13/Feb/2022:08:03:45 +0800] "POST /xingrg/kc/pszx/mdps_list_operate.html HTTP/1.1" 200 3163
120.253.135.82 - - [13/Feb/2022:08:03:48 +0800] "POST /xingrg/kc/pszx/mdps_list_operate.html HTTP/1.1" 200 5453
222.70.243.96 - - [13/Feb/2022:08:03:49 +0800] "GET /xingrg/all/function/internal_message.html?_=1644710648178&CODE_STATE=getMsg HTTP/1.1" 302 -
120.253.135.82 - - [13/Feb/2022:08:03:51 +0800] "POST /xingrg/kc/pszx/mdps_list_operate.html HTTP/1.1" 200 214
120.253.135.82 - - [13/Feb/2022:08:03:51 +0800] "GET /xingrg/kc/pszx/mdps_order_info.html?code=312022020900076 HTTP/1.1" 200 23929
120.253.135.82 - - [13/Feb/2022:08:03:52 +0800] "GET /xingrg/javascript/easyui/themes/default/validatebox.css HTTP/1.1" 404 1104
120.253.135.82 - - [13/Feb/2022:08:03:52 +0800] "POST /xingrg/kc/pszx/mdps_order_operate.html HTTP/1.1" 200 2304
120.253.135.82 - - [13/Feb/2022:08:03:55 +0800] "POST /xingrg/kc/pszx/mdps_list_operate.html HTTP/1.1" 200 5453
120.253.135.82 - - [13/Feb/2022:08:03:59 +0800] "GET /xingrg/kc/pszx/jzcl_ps.html HTTP/1.1" 200 7683
120.253.135.82 - - [13/Feb/2022:08:04:00 +0800] "POST /xingrg/all/common/load_tree.html?tree=area_rest_tree_json HTTP/1.1" 200 3472
120.253.135.82 - - [13/Feb/2022:08:04:00 +0800] "POST /xingrg/kc/pszx/jzcl_ps_operate.html HTTP/1.1" 200 1646
120.253.135.82 - - [13/Feb/2022:08:04:00 +0800] "POST /xingrg/kc/pszx/jzcl_ps_operate.html HTTP/1.1" 200 1646
120.253.135.82 - - [13/Feb/2022:08:04:10 +0800] "POST /xingrg/kc/pszx/jzcl_ps_operate.html HTTP/1.1" 200 4
120.253.135.82 - - [13/Feb/2022:08:04:14 +0800] "GET /xingrg/kc/pszx/mdps_order_list.html HTTP/1.1" 200 20884
120.253.135.82 - - [13/Feb/2022:08:04:14 +0800] "POST /xingrg/kc/pszx/mdps_list_operate.html HTTP/1.1" 200 5382
120.253.135.82 - - [13/Feb/2022:08:04:17 +0800] "POST /xingrg/kc/pszx/mdps_list_operate.html HTTP/1.1" 200 620
120.253.135.82 - - [13/Feb/2022:08:04:17 +0800] "GET /xingrg/kc/pszx/mdps_order_info.html?code=312022021300152 HTTP/1.1" 200 23933
222.70.243.96 - - [13/Feb/2022:08:04:17 +0800] "GET /xingrg/all/function/internal_message.html?_=1644710676532&CODE_STATE=getMsg HTTP/1.1" 302 -
120.253.135.82 - - [13/Feb/2022:08:04:17 +0800] "GET /xingrg/javascript/easyui/themes/default/validatebox.css HTTP/1.1" 404 1104
120.253.135.82 - - [13/Feb/2022:08:04:17 +0800] "POST /xingrg/kc/pszx/mdps_order_operate.html HTTP/1.1" 200 5269
58.40.7.146 - - [13/Feb/2022:08:04:19 +0800] "GET /xingrg/all/function/internal_message.html?_=1644710654973&CODE_STATE=getMsg HTTP/1.1" 200 27
120.253.135.82 - - [13/Feb/2022:08:04:20 +0800] "POST /xingrg/all/common/load_combo.html?type=base HTTP/1.1" 200 1075
222.70.243.96 - - [13/Feb/2022:08:04:21 +0800] "GET /xingrg/all/function/internal_message.html?_=1644710657397&CODE_STATE=getMsg HTTP/1.1" 200 27
120.253.135.82 - - [13/Feb/2022:08:04:25 +0800] "POST /xingrg/kc/pszx/mdps_order_operate.html HTTP/1.1" 200 37
120.253.135.82 - - [13/Feb/2022:08:04:26 +0800] "GET /xingrg/kc/pszx/mdps_order_info.html?code=312022021300152 HTTP/1.1" 200 23933
120.253.135.82 - - [13/Feb/2022:08:04:26 +0800] "GET /xingrg/javascript/easyui/themes/default/validatebox.css HTTP/1.1" 404 1104
120.253.135.82 - - [13/Feb/2022:08:04:26 +0800] "POST /xingrg/kc/pszx/mdps_order_operate.html HTTP/1.1" 200 5328
120.253.135.82 - - [13/Feb/2022:08:04:38 +0800] "GET /xingrg/all/function/internal_message.html?_=1644710802865&CODE_STATE=getMsg HTTP/1.1" 200 27
222.70.243.96 - - [13/Feb/2022:08:04:49 +0800] "GET /xingrg/all/function/internal_message.html?_=1644710708215&CODE_STATE=getMsg HTTP/1.1" 302 -
120.253.135.82 - - [13/Feb/2022:08:05:04 +0800] "POST /xingrg/kc/pszx/mdps_list_operate.html HTTP/1.1" 200 5464
222.70.243.96 - - [13/Feb/2022:08:05:05 +0800] "GET /xingrg/check_reg.html?_=1644710724206 HTTP/1.1" 302 -
120.253.135.82 - - [13/Feb/2022:08:05:12 +0800] "POST /xingrg/kc/pszx/mdps_list_operate.html HTTP/1.1" 200 301
120.253.135.82 - - [13/Feb/2022:08:05:15 +0800] "POST /xingrg/kc/pszx/mdps_list_operate.html HTTP/1.1" 200 3889
222.70.243.96 - - [13/Feb/2022:08:05:17 +0800] "GET /xingrg/all/function/internal_message.html?_=1644710736537&CODE_STATE=getMsg HTTP/1.1" 302 -
120.253.135.82 - - [13/Feb/2022:08:05:17 +0800] "POST /xingrg/kc/pszx/mdps_list_operate.html HTTP/1.1" 200 208
58.40.7.146 - - [13/Feb/2022:08:05:19 +0800] "GET /xingrg/all/function/internal_message.html?_=1644710714976&CODE_STATE=getMsg HTTP/1.1" 200 27
222.70.243.96 - - [13/Feb/2022:08:05:21 +0800] "GET /xingrg/all/function/internal_message.html?_=1644710717412&CODE_STATE=getMsg HTTP/1.1" 200 27
120.253.135.82 - - [13/Feb/2022:08:05:23 +0800] "GET /xingrg/kc/pszx/mdps_order_info.html?code=312022020800057 HTTP/1.1" 200 23929
120.253.135.82 - - [13/Feb/2022:08:05:24 +0800] "GET /xingrg/javascript/easyui/themes/default/validatebox.css HTTP/1.1" 404 1104
120.253.135.82 - - [13/Feb/2022:08:05:24 +0800] "POST /xingrg/kc/pszx/mdps_order_operate.html HTTP/1.1" 200 2290
120.253.135.82 - - [13/Feb/2022:08:05:30 +0800] "POST /xingrg/kc/pszx/mdps_order_operate.html HTTP/1.1" 200 12
120.253.135.82 - - [13/Feb/2022:08:05:31 +0800] "POST /xingrg/kc/pszx/mdps_list_operate.html HTTP/1.1" 200 3521
120.253.135.82 - - [13/Feb/2022:08:05:35 +0800] "POST /xingrg/kc/pszx/mdps_list_operate.html HTTP/1.1" 200 5382
120.253.135.82 - - [13/Feb/2022:08:05:37 +0800] "POST /xingrg/kc/pszx/mdps_list_operate.html HTTP/1.1" 200 620
120.253.135.82 - - [13/Feb/2022:08:05:37 +0800] "GET /xingrg/kc/pszx/mdps_order_info.html?code=312022021300152 HTTP/1.1" 200 23933
120.253.135.82 - - [13/Feb/2022:08:05:37 +0800] "GET /xingrg/javascript/easyui/themes/default/validatebox.css HTTP/1.1" 404 1104
120.253.135.82 - - [13/Feb/2022:08:05:37 +0800] "POST /xingrg/kc/pszx/mdps_order_operate.html HTTP/1.1" 200 5328
120.253.135.82 - - [13/Feb/2022:08:05:38 +0800] "GET /xingrg/all/function/internal_message.html?_=1644710862878&CODE_STATE=getMsg HTTP/1.1" 200 27
120.253.135.82 - - [13/Feb/2022:08:05:47 +0800] "POST /xingrg/kc/pszx/mdps_list_operate.html HTTP/1.1" 200 5382
222.70.243.96 - - [13/Feb/2022:08:05:49 +0800] "GET /xingrg/all/function/internal_message.html?_=1644710768222&CODE_STATE=getMsg HTTP/1.1" 302 -
120.253.135.82 - - [13/Feb/2022:08:05:50 +0800] "POST /xingrg/kc/pszx/mdps_list_operate.html HTTP/1.1" 200 295
120.253.135.82 - - [13/Feb/2022:08:05:50 +0800] "GET /xingrg/kc/pszx/mdps_order_info.html?code=312022021300153 HTTP/1.1" 200 23933
120.253.135.82 - - [13/Feb/2022:08:05:51 +0800] "GET /xingrg/javascript/easyui/themes/default/validatebox.css HTTP/1.1" 404 1104
120.253.135.82 - - [13/Feb/2022:08:05:51 +0800] "POST /xingrg/kc/pszx/mdps_order_operate.html HTTP/1.1" 200 2783
114.88.155.114 - - [13/Feb/2022:08:05:52 +0800] "POST /xingrg/services/DataTransmitService HTTP/1.1" 200 524
222.70.243.96 - - [13/Feb/2022:08:06:17 +0800] "GET /xingrg/all/function/internal_message.html?_=1644710796558&CODE_STATE=getMsg HTTP/1.1" 302 -
120.253.135.82 - - [13/Feb/2022:08:06:18 +0800] "POST /xingrg/kc/pszx/mdps_list_operate.html HTTP/1.1" 200 5382
58.40.7.146 - - [13/Feb/2022:08:06:19 +0800] "GET /xingrg/all/function/internal_message.html?_=1644710774977&CODE_STATE=getMsg HTTP/1.1" 200 27
222.70.243.96 - - [13/Feb/2022:08:06:21 +0800] "GET /xingrg/all/function/internal_message.html?_=1644710777436&CODE_STATE=getMsg HTTP/1.1" 200 27
120.253.135.82 - - [13/Feb/2022:08:06:38 +0800] "GET /xingrg/all/function/internal_message.html?_=1644710922925&CODE_STATE=getMsg HTTP/1.1" 200 27
222.70.243.96 - - [13/Feb/2022:08:06:49 +0800] "GET /xingrg/all/function/internal_message.html?_=1644710828258&CODE_STATE=getMsg HTTP/1.1" 302 -
180.152.99.39 - - [13/Feb/2022:08:07:03 +0800] "POST /xingrg/services/DataTransmitService HTTP/1.1" 200 524
222.70.243.96 - - [13/Feb/2022:08:07:17 +0800] "GET /xingrg/all/function/internal_message.html?_=1644710856565&CODE_STATE=getMsg HTTP/1.1" 302 -
58.40.7.146 - - [13/Feb/2022:08:07:19 +0800] "GET /xingrg/all/function/internal_message.html?_=1644710834979&CODE_STATE=getMsg HTTP/1.1" 200 27
222.70.243.96 - - [13/Feb/2022:08:07:21 +0800] "GET /xingrg/all/function/internal_message.html?_=1644710837439&CODE_STATE=getMsg HTTP/1.1" 200 27
222.70.243.96 - - [13/Feb/2022:08:07:27 +0800] "GET /xingrg/check_reg.html?_=1644710865862 HTTP/1.1" 302 -
222.70.243.96 - - [13/Feb/2022:08:07:35 +0800] "GET /xingrg/check_reg.html?_=1644710851991 HTTP/1.1" 200 22
120.253.135.82 - - [13/Feb/2022:08:07:38 +0800] "GET /xingrg/all/function/internal_message.html?_=1644710982937&CODE_STATE=getMsg HTTP/1.1" 200 27
222.70.243.96 - - [13/Feb/2022:08:07:49 +0800] "GET /xingrg/all/function/internal_message.html?_=1644710888264&CODE_STATE=getMsg HTTP/1.1" 302 -
120.253.135.82 - - [13/Feb/2022:08:07:51 +0800] "POST /xingrg/kc/pszx/mdps_list_operate.html HTTP/1.1" 200 199
120.253.135.82 - - [13/Feb/2022:08:07:52 +0800] "GET /xingrg/kc/pszx/mdps_order_info.html?code=312022021200139 HTTP/1.1" 200 23929
120.253.135.82 - - [13/Feb/2022:08:07:52 +0800] "GET /xingrg/javascript/easyui/themes/default/validatebox.css HTTP/1.1" 404 1104
120.253.135.82 - - [13/Feb/2022:08:07:52 +0800] "POST /xingrg/kc/pszx/mdps_order_operate.html HTTP/1.1" 200 2276
120.253.135.82 - - [13/Feb/2022:08:07:55 +0800] "POST /xingrg/kc/pszx/mdps_list_operate.html HTTP/1.1" 200 5382
120.253.135.82 - - [13/Feb/2022:08:08:02 +0800] "POST /xingrg/kc/pszx/mdps_list_operate.html HTTP/1.1" 200 620
120.253.135.82 - - [13/Feb/2022:08:08:02 +0800] "GET /xingrg/kc/pszx/mdps_order_info.html?code=312022021300152 HTTP/1.1" 200 23933
120.253.135.82 - - [13/Feb/2022:08:08:02 +0800] "GET /xingrg/javascript/easyui/themes/default/validatebox.css HTTP/1.1" 404 1104
120.253.135.82 - - [13/Feb/2022:08:08:02 +0800] "POST /xingrg/kc/pszx/mdps_order_operate.html HTTP/1.1" 200 5328
120.253.135.82 - - [13/Feb/2022:08:08:05 +0800] "POST /xingrg/kc/pszx/mdps_list_operate.html HTTP/1.1" 200 5382
172.20.0.100 - - [13/Feb/2022:08:08:05 +0800] "GET /xingrg/check_reg.html?_=1644710880927 HTTP/1.1" 200 22
120.253.135.82 - - [13/Feb/2022:08:08:06 +0800] "POST /xingrg/kc/pszx/mdps_list_operate.html HTTP/1.1" 200 295
120.253.135.82 - - [13/Feb/2022:08:08:06 +0800] "GET /xingrg/kc/pszx/mdps_order_info.html?code=312022021300153 HTTP/1.1" 200 23933
120.253.135.82 - - [13/Feb/2022:08:08:06 +0800] "GET /xingrg/javascript/easyui/themes/default/validatebox.css HTTP/1.1" 404 1104
120.253.135.82 - - [13/Feb/2022:08:08:06 +0800] "POST /xingrg/kc/pszx/mdps_order_operate.html HTTP/1.1" 200 2783
120.253.135.82 - - [13/Feb/2022:08:08:11 +0800] "POST /xingrg/kc/pszx/mdps_order_operate.html HTTP/1.1" 200 37
120.253.135.82 - - [13/Feb/2022:08:08:12 +0800] "GET /xingrg/kc/pszx/mdps_order_info.html?code=312022021300153 HTTP/1.1" 200 23933
120.253.135.82 - - [13/Feb/2022:08:08:13 +0800] "GET /xingrg/javascript/easyui/themes/default/validatebox.css HTTP/1.1" 404 1104
120.253.135.82 - - [13/Feb/2022:08:08:13 +0800] "POST /xingrg/kc/pszx/mdps_order_operate.html HTTP/1.1" 200 2799
222.70.243.96 - - [13/Feb/2022:08:08:17 +0800] "GET /xingrg/all/function/internal_message.html?_=1644710916586&CODE_STATE=getMsg HTTP/1.1" 302 -
58.40.7.146 - - [13/Feb/2022:08:08:18 +0800] "GET /xingrg/check_reg.html?_=1644710894965 HTTP/1.1" 200 22
58.40.7.146 - - [13/Feb/2022:08:08:18 +0800] "GET /xingrg/all/function/internal_message.html?_=1644710894967&CODE_STATE=getMsg HTTP/1.1" 200 27
222.70.243.96 - - [13/Feb/2022:08:08:21 +0800] "GET /xingrg/all/function/internal_message.html?_=1644710897452&CODE_STATE=getMsg HTTP/1.1" 200 27
120.253.135.82 - - [13/Feb/2022:08:08:25 +0800] "GET /xingrg/check_reg.html?_=1644711029845 HTTP/1.1" 200 22
120.253.135.82 - - [13/Feb/2022:08:08:38 +0800] "GET /xingrg/all/function/internal_message.html?_=1644711042951&CODE_STATE=getMsg HTTP/1.1" 200 27
222.70.243.96 - - [13/Feb/2022:08:08:49 +0800] "GET /xingrg/all/function/internal_message.html?_=1644710948299&CODE_STATE=getMsg HTTP/1.1" 302 -
222.70.243.96 - - [13/Feb/2022:08:09:17 +0800] "GET /xingrg/all/function/internal_message.html?_=1644710976592&CODE_STATE=getMsg HTTP/1.1" 302 -
58.40.7.146 - - [13/Feb/2022:08:09:19 +0800] "GET /xingrg/all/function/internal_message.html?_=1644710954968&CODE_STATE=getMsg HTTP/1.1" 200 27
222.70.243.96 - - [13/Feb/2022:08:09:21 +0800] "GET /xingrg/all/function/internal_message.html?_=1644710957465&CODE_STATE=getMsg HTTP/1.1" 200 27
120.253.135.82 - - [13/Feb/2022:08:09:21 +0800] "POST /xingrg/kc/pszx/mdps_list_operate.html HTTP/1.1" 200 5382
120.253.135.82 - - [13/Feb/2022:08:09:27 +0800] "POST /xingrg/kc/pszx/mdps_list_operate.html HTTP/1.1" 200 5478
120.253.135.82 - - [13/Feb/2022:08:09:31 +0800] "POST /xingrg/kc/pszx/mdps_list_operate.html HTTP/1.1" 200 5493
120.253.135.82 - - [13/Feb/2022:08:09:35 +0800] "POST /xingrg/kc/pszx/mdps_list_operate.html HTTP/1.1" 200 5464
120.253.135.82 - - [13/Feb/2022:08:09:38 +0800] "GET /xingrg/all/function/internal_message.html?_=1644711102963&CODE_STATE=getMsg HTTP/1.1" 200 27
120.253.135.82 - - [13/Feb/2022:08:09:38 +0800] "POST /xingrg/kc/pszx/mdps_list_operate.html HTTP/1.1" 200 203
120.253.135.82 - - [13/Feb/2022:08:09:39 +0800] "GET /xingrg/kc/pszx/mdps_order_info.html?code=312022021100114 HTTP/1.1" 200 23929
120.253.135.82 - - [13/Feb/2022:08:09:39 +0800] "GET /xingrg/javascript/easyui/themes/default/validatebox.css HTTP/1.1" 404 1104
120.253.135.82 - - [13/Feb/2022:08:09:39 +0800] "POST /xingrg/kc/pszx/mdps_order_operate.html HTTP/1.1" 200 2276
120.253.135.82 - - [13/Feb/2022:08:09:42 +0800] "POST /xingrg/kc/pszx/mdps_list_operate.html HTTP/1.1" 200 5464
120.253.135.82 - - [13/Feb/2022:08:09:45 +0800] "POST /xingrg/kc/pszx/mdps_list_operate.html HTTP/1.1" 200 301
120.253.135.82 - - [13/Feb/2022:08:09:45 +0800] "GET /xingrg/kc/pszx/mdps_order_info.html?code=312022020800053 HTTP/1.1" 200 23933
120.253.135.82 - - [13/Feb/2022:08:09:46 +0800] "GET /xingrg/javascript/easyui/themes/default/validatebox.css HTTP/1.1" 404 1104
120.253.135.82 - - [13/Feb/2022:08:09:46 +0800] "POST /xingrg/kc/pszx/mdps_order_operate.html HTTP/1.1" 200 2791
222.70.243.96 - - [13/Feb/2022:08:09:49 +0800] "GET /xingrg/all/function/internal_message.html?_=1644711008307&CODE_STATE=getMsg HTTP/1.1" 302 -
222.70.243.96 - - [13/Feb/2022:08:10:05 +0800] "GET /xingrg/check_reg.html?_=1644711024211 HTTP/1.1" 302 -
222.70.243.96 - - [13/Feb/2022:08:10:17 +0800] "GET /xingrg/all/function/internal_message.html?_=1644711036612&CODE_STATE=getMsg HTTP/1.1" 302 -
58.40.7.146 - - [13/Feb/2022:08:10:19 +0800] "GET /xingrg/all/function/internal_message.html?_=1644711014971&CODE_STATE=getMsg HTTP/1.1" 200 27
222.70.243.96 - - [13/Feb/2022:08:10:21 +0800] "GET /xingrg/all/function/internal_message.html?_=1644711017492&CODE_STATE=getMsg HTTP/1.1" 200 27
120.253.135.82 - - [13/Feb/2022:08:10:24 +0800] "POST /xingrg/kc/pszx/mdps_list_operate.html HTTP/1.1" 200 5464
120.253.135.82 - - [13/Feb/2022:08:10:28 +0800] "POST /xingrg/kc/pszx/mdps_list_operate.html HTTP/1.1" 200 203
120.253.135.82 - - [13/Feb/2022:08:10:33 +0800] "POST /xingrg/kc/pszx/mdps_list_operate.html HTTP/1.1" 200 301
120.253.135.82 - - [13/Feb/2022:08:10:38 +0800] "GET /xingrg/all/function/internal_message.html?_=1644711162979&CODE_STATE=getMsg HTTP/1.1" 200 27
120.253.135.82 - - [13/Feb/2022:08:10:38 +0800] "POST /xingrg/kc/pszx/mdps_list_operate.html HTTP/1.1" 200 3521
222.70.243.96 - - [13/Feb/2022:08:10:49 +0800] "GET /xingrg/all/function/internal_message.html?_=1644711068342&CODE_STATE=getMsg HTTP/1.1" 302 -
120.253.135.82 - - [13/Feb/2022:08:10:53 +0800] "POST /xingrg/kc/pszx/mdps_list_operate.html HTTP/1.1" 200 5382
120.253.135.82 - - [13/Feb/2022:08:11:00 +0800] "POST /xingrg/kc/pszx/mdps_list_operate.html HTTP/1.1" 200 356
120.253.135.82 - - [13/Feb/2022:08:11:00 +0800] "GET /xingrg/kc/pszx/mdps_order_info.html?code=312022021200132 HTTP/1.1" 200 23929
120.253.135.82 - - [13/Feb/2022:08:11:00 +0800] "GET /xingrg/javascript/easyui/themes/default/validatebox.css HTTP/1.1" 404 1104
120.253.135.82 - - [13/Feb/2022:08:11:00 +0800] "POST /xingrg/kc/pszx/mdps_order_operate.html HTTP/1.1" 200 3262
120.253.135.82 - - [13/Feb/2022:08:11:05 +0800] "POST /xingrg/kc/pszx/mdps_list_operate.html HTTP/1.1" 200 5382
120.253.135.82 - - [13/Feb/2022:08:11:06 +0800] "POST /xingrg/kc/pszx/mdps_list_operate.html HTTP/1.1" 200 202
120.253.135.82 - - [13/Feb/2022:08:11:07 +0800] "GET /xingrg/kc/pszx/mdps_order_info.html?code=312022021200133 HTTP/1.1" 200 23929
120.253.135.82 - - [13/Feb/2022:08:11:07 +0800] "GET /xingrg/javascript/easyui/themes/default/validatebox.css HTTP/1.1" 404 1104
120.253.135.82 - - [13/Feb/2022:08:11:07 +0800] "POST /xingrg/kc/pszx/mdps_order_operate.html HTTP/1.1" 200 2277
120.253.135.82 - - [13/Feb/2022:08:11:10 +0800] "POST /xingrg/kc/pszx/mdps_list_operate.html HTTP/1.1" 200 5382
120.253.135.82 - - [13/Feb/2022:08:11:13 +0800] "POST /xingrg/kc/pszx/mdps_list_operate.html HTTP/1.1" 200 292
120.253.135.82 - - [13/Feb/2022:08:11:13 +0800] "GET /xingrg/kc/pszx/mdps_order_info.html?code=312022021200137 HTTP/1.1" 200 23929
120.253.135.82 - - [13/Feb/2022:08:11:14 +0800] "GET /xingrg/javascript/easyui/themes/default/validatebox.css HTTP/1.1" 404 1104
120.253.135.82 - - [13/Feb/2022:08:11:14 +0800] "POST /xingrg/kc/pszx/mdps_order_operate.html HTTP/1.1" 200 2784
222.70.243.96 - - [13/Feb/2022:08:11:17 +0800] "GET /xingrg/all/function/internal_message.html?_=1644711096619&CODE_STATE=getMsg HTTP/1.1" 302 -
58.40.7.146 - - [13/Feb/2022:08:11:19 +0800] "GET /xingrg/all/function/internal_message.html?_=1644711074974&CODE_STATE=getMsg HTTP/1.1" 200 27
120.253.135.82 - - [13/Feb/2022:08:11:19 +0800] "GET /xingrg/javascript/auto/indicator.gif HTTP/1.1" 404 1066
222.70.243.96 - - [13/Feb/2022:08:11:21 +0800] "GET /xingrg/all/function/internal_message.html?_=1644711077509&CODE_STATE=getMsg HTTP/1.1" 200 27
120.253.135.82 - - [13/Feb/2022:08:11:25 +0800] "GET /xingrg/kc/pszx/mdps_order_operate.html?command=get_materiel&pszx_code=00101&rest_code=00156&base_code=0010246&code=00101013219 HTTP/1.1" 200 432
120.253.135.82 - - [13/Feb/2022:08:11:32 +0800] "POST /xingrg/kc/pszx/mdps_order_operate.html HTTP/1.1" 200 37
120.253.135.82 - - [13/Feb/2022:08:11:33 +0800] "GET /xingrg/kc/pszx/mdps_order_info.html?code=312022021200137 HTTP/1.1" 200 23929
120.253.135.82 - - [13/Feb/2022:08:11:33 +0800] "GET /xingrg/javascript/easyui/themes/default/validatebox.css HTTP/1.1" 404 1104
120.253.135.82 - - [13/Feb/2022:08:11:33 +0800] "POST /xingrg/kc/pszx/mdps_order_operate.html HTTP/1.1" 200 2783
120.253.135.82 - - [13/Feb/2022:08:11:38 +0800] "GET /xingrg/all/function/internal_message.html?_=1644711222991&CODE_STATE=getMsg HTTP/1.1" 200 27
222.70.243.96 - - [13/Feb/2022:08:11:49 +0800] "GET /xingrg/all/function/internal_message.html?_=1644711128349&CODE_STATE=getMsg HTTP/1.1" 302 -
120.253.135.82 - - [13/Feb/2022:08:11:55 +0800] "POST /xingrg/kc/pszx/mdps_list_operate.html HTTP/1.1" 200 5382
120.253.135.82 - - [13/Feb/2022:08:11:58 +0800] "POST /xingrg/kc/pszx/mdps_list_operate.html HTTP/1.1" 200 436
120.253.135.82 - - [13/Feb/2022:08:11:59 +0800] "GET /xingrg/kc/pszx/mdps_order_info.html?code=312022021200138 HTTP/1.1" 200 23929
120.253.135.82 - - [13/Feb/2022:08:11:59 +0800] "GET /xingrg/javascript/easyui/themes/default/validatebox.css HTTP/1.1" 404 1104
120.253.135.82 - - [13/Feb/2022:08:11:59 +0800] "POST /xingrg/kc/pszx/mdps_order_operate.html HTTP/1.1" 200 3758
120.253.135.82 - - [13/Feb/2022:08:12:06 +0800] "POST /xingrg/kc/pszx/mdps_order_operate.html HTTP/1.1" 200 37
120.253.135.82 - - [13/Feb/2022:08:12:07 +0800] "GET /xingrg/kc/pszx/mdps_order_info.html?code=312022021200138 HTTP/1.1" 200 23929
120.253.135.82 - - [13/Feb/2022:08:12:07 +0800] "GET /xingrg/javascript/easyui/themes/default/validatebox.css HTTP/1.1" 404 1104
120.253.135.82 - - [13/Feb/2022:08:12:07 +0800] "POST /xingrg/kc/pszx/mdps_order_operate.html HTTP/1.1" 200 3758
222.70.243.96 - - [13/Feb/2022:08:12:17 +0800] "GET /xingrg/all/function/internal_message.html?_=1644711156640&CODE_STATE=getMsg HTTP/1.1" 302 -
58.40.7.146 - - [13/Feb/2022:08:12:19 +0800] "GET /xingrg/all/function/internal_message.html?_=1644711134977&CODE_STATE=getMsg HTTP/1.1" 200 27
222.70.243.96 - - [13/Feb/2022:08:12:21 +0800] "GET /xingrg/all/function/internal_message.html?_=1644711137533&CODE_STATE=getMsg HTTP/1.1" 200 27
222.70.243.96 - - [13/Feb/2022:08:12:27 +0800] "GET /xingrg/check_reg.html?_=1644711165894 HTTP/1.1" 302 -
222.70.243.96 - - [13/Feb/2022:08:12:35 +0800] "GET /xingrg/check_reg.html?_=1644711151999 HTTP/1.1" 200 22
120.253.135.82 - - [13/Feb/2022:08:12:38 +0800] "GET /xingrg/all/function/internal_message.html?_=1644711283005&CODE_STATE=getMsg HTTP/1.1" 200 27
222.70.243.96 - - [13/Feb/2022:08:12:49 +0800] "GET /xingrg/all/function/internal_message.html?_=1644711188382&CODE_STATE=getMsg HTTP/1.1" 302 -
120.253.135.82 - - [13/Feb/2022:08:12:51 +0800] "POST /xingrg/kc/pszx/mdps_list_operate.html HTTP/1.1" 200 5382
120.253.135.82 - - [13/Feb/2022:08:12:57 +0800] "POST /xingrg/kc/pszx/mdps_list_operate.html HTTP/1.1" 200 5478
120.253.135.82 - - [13/Feb/2022:08:13:01 +0800] "POST /xingrg/kc/pszx/mdps_list_operate.html HTTP/1.1" 200 641
120.253.135.82 - - [13/Feb/2022:08:13:01 +0800] "GET /xingrg/kc/pszx/mdps_order_info.html?code=312022021200134 HTTP/1.1" 200 23929
120.253.135.82 - - [13/Feb/2022:08:13:01 +0800] "GET /xingrg/javascript/easyui/themes/default/validatebox.css HTTP/1.1" 404 1104
120.253.135.82 - - [13/Feb/2022:08:13:01 +0800] "POST /xingrg/kc/pszx/mdps_order_operate.html HTTP/1.1" 200 12401
172.20.0.100 - - [13/Feb/2022:08:13:05 +0800] "GET /xingrg/check_reg.html?_=1644711180910 HTTP/1.1" 200 22
120.253.135.82 - - [13/Feb/2022:08:13:07 +0800] "POST /xingrg/kc/pszx/mdps_list_operate.html HTTP/1.1" 200 5478
120.253.135.82 - - [13/Feb/2022:08:13:09 +0800] "POST /xingrg/kc/pszx/mdps_list_operate.html HTTP/1.1" 200 205
120.253.135.82 - - [13/Feb/2022:08:13:09 +0800] "GET /xingrg/kc/pszx/mdps_order_info.html?code=312022021200135 HTTP/1.1" 200 23929
120.253.135.82 - - [13/Feb/2022:08:13:10 +0800] "POST /xingrg/kc/pszx/mdps_order_operate.html HTTP/1.1" 200 2288
120.253.135.82 - - [13/Feb/2022:08:13:10 +0800] "GET /xingrg/javascript/easyui/themes/default/validatebox.css HTTP/1.1" 404 1104
120.253.135.82 - - [13/Feb/2022:08:13:12 +0800] "POST /xingrg/kc/pszx/mdps_list_operate.html HTTP/1.1" 200 5478
120.253.135.82 - - [13/Feb/2022:08:13:14 +0800] "POST /xingrg/kc/pszx/mdps_list_operate.html HTTP/1.1" 200 5493
222.70.243.96 - - [13/Feb/2022:08:13:17 +0800] "GET /xingrg/all/function/internal_message.html?_=1644711216646&CODE_STATE=getMsg HTTP/1.1" 302 -
58.40.7.146 - - [13/Feb/2022:08:13:19 +0800] "GET /xingrg/check_reg.html?_=1644711194980 HTTP/1.1" 200 22
58.40.7.146 - - [13/Feb/2022:08:13:19 +0800] "GET /xingrg/all/function/internal_message.html?_=1644711194981&CODE_STATE=getMsg HTTP/1.1" 200 27
222.70.243.96 - - [13/Feb/2022:08:13:21 +0800] "GET /xingrg/all/function/internal_message.html?_=1644711197535&CODE_STATE=getMsg HTTP/1.1" 200 27
120.253.135.82 - - [13/Feb/2022:08:13:23 +0800] "POST /xingrg/kc/pszx/mdps_list_operate.html HTTP/1.1" 200 5464
120.253.135.82 - - [13/Feb/2022:08:13:25 +0800] "GET /xingrg/check_reg.html?_=1644711329851 HTTP/1.1" 200 22
120.253.135.82 - - [13/Feb/2022:08:13:25 +0800] "POST /xingrg/kc/pszx/mdps_list_operate.html HTTP/1.1" 200 5464
120.253.135.82 - - [13/Feb/2022:08:13:31 +0800] "POST /xingrg/kc/pszx/mdps_list_operate.html HTTP/1.1" 200 301
120.253.135.82 - - [13/Feb/2022:08:13:36 +0800] "POST /xingrg/kc/pszx/mdps_list_operate.html HTTP/1.1" 200 3521
120.253.135.82 - - [13/Feb/2022:08:13:38 +0800] "GET /xingrg/all/function/internal_message.html?_=1644711343018&CODE_STATE=getMsg HTTP/1.1" 200 27
120.253.135.82 - - [13/Feb/2022:08:13:38 +0800] "POST /xingrg/kc/pszx/mdps_list_operate.html HTTP/1.1" 200 444
120.253.135.82 - - [13/Feb/2022:08:13:38 +0800] "GET /xingrg/kc/pszx/mdps_order_info.html?code=312022020800065 HTTP/1.1" 200 23929
120.253.135.82 - - [13/Feb/2022:08:13:39 +0800] "GET /xingrg/javascript/easyui/themes/default/validatebox.css HTTP/1.1" 404 1104
120.253.135.82 - - [13/Feb/2022:08:13:39 +0800] "POST /xingrg/kc/pszx/mdps_order_operate.html HTTP/1.1" 200 3758
222.70.243.96 - - [13/Feb/2022:08:13:49 +0800] "GET /xingrg/all/function/internal_message.html?_=1644711248392&CODE_STATE=getMsg HTTP/1.1" 302 -
222.70.243.96 - - [13/Feb/2022:08:14:17 +0800] "GET /xingrg/all/function/internal_message.html?_=1644711276668&CODE_STATE=getMsg HTTP/1.1" 302 -
58.40.7.146 - - [13/Feb/2022:08:14:19 +0800] "GET /xingrg/all/function/internal_message.html?_=1644711254982&CODE_STATE=getMsg HTTP/1.1" 200 27
222.70.243.96 - - [13/Feb/2022:08:14:21 +0800] "GET /xingrg/all/function/internal_message.html?_=1644711257549&CODE_STATE=getMsg HTTP/1.1" 200 27
120.253.135.82 - - [13/Feb/2022:08:14:38 +0800] "GET /xingrg/all/function/internal_message.html?_=1644711403032&CODE_STATE=getMsg HTTP/1.1" 200 27
120.253.135.82 - - [13/Feb/2022:08:14:40 +0800] "POST /xingrg/kc/pszx/mdps_list_operate.html HTTP/1.1" 200 3521
120.253.135.82 - - [13/Feb/2022:08:14:42 +0800] "POST /xingrg/kc/pszx/mdps_list_operate.html HTTP/1.1" 200 202
120.253.135.82 - - [13/Feb/2022:08:14:42 +0800] "GET /xingrg/kc/pszx/mdps_order_info.html?code=312022020800066 HTTP/1.1" 200 23929
120.253.135.82 - - [13/Feb/2022:08:14:43 +0800] "GET /xingrg/javascript/easyui/themes/default/validatebox.css HTTP/1.1" 404 1104
120.253.135.82 - - [13/Feb/2022:08:14:43 +0800] "POST /xingrg/kc/pszx/mdps_order_operate.html HTTP/1.1" 200 2274
120.253.135.82 - - [13/Feb/2022:08:14:46 +0800] "POST /xingrg/kc/pszx/mdps_list_operate.html HTTP/1.1" 200 3521
120.253.135.82 - - [13/Feb/2022:08:14:47 +0800] "POST /xingrg/kc/pszx/mdps_list_operate.html HTTP/1.1" 200 211
120.253.135.82 - - [13/Feb/2022:08:14:48 +0800] "GET /xingrg/kc/pszx/mdps_order_info.html?code=312022020800067 HTTP/1.1" 200 23929
120.253.135.82 - - [13/Feb/2022:08:14:48 +0800] "GET /xingrg/javascript/easyui/themes/default/validatebox.css HTTP/1.1" 404 1104
120.253.135.82 - - [13/Feb/2022:08:14:48 +0800] "POST /xingrg/kc/pszx/mdps_order_operate.html HTTP/1.1" 200 2289
222.70.243.96 - - [13/Feb/2022:08:14:49 +0800] "GET /xingrg/all/function/internal_message.html?_=1644711308428&CODE_STATE=getMsg HTTP/1.1" 302 -
120.253.135.82 - - [13/Feb/2022:08:14:50 +0800] "POST /xingrg/kc/pszx/mdps_list_operate.html HTTP/1.1" 200 3521
120.253.135.82 - - [13/Feb/2022:08:14:53 +0800] "POST /xingrg/kc/pszx/mdps_list_operate.html HTTP/1.1" 200 198
120.253.135.82 - - [13/Feb/2022:08:14:53 +0800] "GET /xingrg/kc/pszx/mdps_order_info.html?code=312022020800058 HTTP/1.1" 200 23923
120.253.135.82 - - [13/Feb/2022:08:14:54 +0800] "GET /xingrg/javascript/easyui/themes/default/validatebox.css HTTP/1.1" 404 1104
120.253.135.82 - - [13/Feb/2022:08:14:54 +0800] "POST /xingrg/kc/pszx/mdps_order_operate.html HTTP/1.1" 200 2270
120.253.135.82 - - [13/Feb/2022:08:14:56 +0800] "POST /xingrg/kc/pszx/mdps_list_operate.html HTTP/1.1" 200 3521
120.253.135.82 - - [13/Feb/2022:08:15:01 +0800] "POST /xingrg/kc/pszx/mdps_list_operate.html HTTP/1.1" 200 5382
222.70.243.96 - - [13/Feb/2022:08:15:05 +0800] "GET /xingrg/check_reg.html?_=1644711324208 HTTP/1.1" 302 -
120.253.135.82 - - [13/Feb/2022:08:15:09 +0800] "POST /xingrg/kc/pszx/mdps_list_operate.html HTTP/1.1" 200 5478
120.253.135.82 - - [13/Feb/2022:08:15:11 +0800] "POST /xingrg/kc/pszx/mdps_list_operate.html HTTP/1.1" 200 618
120.253.135.82 - - [13/Feb/2022:08:15:11 +0800] "GET /xingrg/kc/pszx/mdps_order_info.html?code=312022021300148 HTTP/1.1" 200 23923
120.253.135.82 - - [13/Feb/2022:08:15:12 +0800] "GET /xingrg/javascript/easyui/themes/default/validatebox.css HTTP/1.1" 404 1104
120.253.135.82 - - [13/Feb/2022:08:15:12 +0800] "POST /xingrg/kc/pszx/mdps_order_operate.html HTTP/1.1" 200 13142
222.70.243.96 - - [13/Feb/2022:08:15:17 +0800] "GET /xingrg/all/function/internal_message.html?_=1644711336673&CODE_STATE=getMsg HTTP/1.1" 302 -
58.40.7.146 - - [13/Feb/2022:08:15:19 +0800] "GET /xingrg/all/function/internal_message.html?_=1644711314967&CODE_STATE=getMsg HTTP/1.1" 200 27
222.70.243.96 - - [13/Feb/2022:08:15:21 +0800] "GET /xingrg/all/function/internal_message.html?_=1644711317574&CODE_STATE=getMsg HTTP/1.1" 200 27
120.253.135.82 - - [13/Feb/2022:08:15:30 +0800] "POST /xingrg/kc/pszx/mdps_list_operate.html HTTP/1.1" 200 5478
120.253.135.82 - - [13/Feb/2022:08:15:30 +0800] "POST /xingrg/kc/pszx/mdps_list_operate.html HTTP/1.1" 200 448
120.253.135.82 - - [13/Feb/2022:08:15:32 +0800] "GET /xingrg/kc/pszx/mdps_order_info.html?code=312022021300149 HTTP/1.1" 200 23923
120.253.135.82 - - [13/Feb/2022:08:15:32 +0800] "GET /xingrg/javascript/easyui/themes/default/validatebox.css HTTP/1.1" 404 1104
120.253.135.82 - - [13/Feb/2022:08:15:32 +0800] "POST /xingrg/kc/pszx/mdps_order_operate.html HTTP/1.1" 200 3782
120.253.135.82 - - [13/Feb/2022:08:15:37 +0800] "POST /xingrg/kc/pszx/mdps_list_operate.html HTTP/1.1" 200 5478
120.253.135.82 - - [13/Feb/2022:08:15:38 +0800] "GET /xingrg/all/function/internal_message.html?_=1644711463045&CODE_STATE=getMsg HTTP/1.1" 200 27
222.70.243.96 - - [13/Feb/2022:08:15:49 +0800] "GET /xingrg/all/function/internal_message.html?_=1644711368435&CODE_STATE=getMsg HTTP/1.1" 302 -
120.253.135.82 - - [13/Feb/2022:08:15:50 +0800] "POST /xingrg/kc/pszx/mdps_list_operate.html HTTP/1.1" 200 5382
120.253.135.82 - - [13/Feb/2022:08:15:53 +0800] "POST /xingrg/kc/pszx/mdps_list_operate.html HTTP/1.1" 200 203
120.253.135.82 - - [13/Feb/2022:08:15:53 +0800] "GET /xingrg/kc/pszx/mdps_order_info.html?code=312022021200145 HTTP/1.1" 200 23927
120.253.135.82 - - [13/Feb/2022:08:15:54 +0800] "GET /xingrg/javascript/easyui/themes/default/validatebox.css HTTP/1.1" 404 1104
120.253.135.82 - - [13/Feb/2022:08:15:54 +0800] "POST /xingrg/kc/pszx/mdps_order_operate.html HTTP/1.1" 200 2295
120.253.135.82 - - [13/Feb/2022:08:15:57 +0800] "POST /xingrg/kc/pszx/mdps_list_operate.html HTTP/1.1" 200 5382
120.253.135.82 - - [13/Feb/2022:08:15:59 +0800] "POST /xingrg/kc/pszx/mdps_list_operate.html HTTP/1.1" 200 5478
120.253.135.82 - - [13/Feb/2022:08:16:02 +0800] "POST /xingrg/kc/pszx/mdps_list_operate.html HTTP/1.1" 200 592
120.253.135.82 - - [13/Feb/2022:08:16:03 +0800] "GET /xingrg/kc/pszx/mdps_order_info.html?code=312022021300150 HTTP/1.1" 200 23929
120.253.135.82 - - [13/Feb/2022:08:16:03 +0800] "GET /xingrg/javascript/easyui/themes/default/validatebox.css HTTP/1.1" 404 1104
120.253.135.82 - - [13/Feb/2022:08:16:03 +0800] "POST /xingrg/kc/pszx/mdps_order_operate.html HTTP/1.1" 200 5270
222.70.243.96 - - [13/Feb/2022:08:16:17 +0800] "GET /xingrg/all/function/internal_message.html?_=1644711396695&CODE_STATE=getMsg HTTP/1.1" 302 -
58.40.7.146 - - [13/Feb/2022:08:16:19 +0800] "GET /xingrg/all/function/internal_message.html?_=1644711374971&CODE_STATE=getMsg HTTP/1.1" 200 27
222.70.243.96 - - [13/Feb/2022:08:16:21 +0800] "GET /xingrg/all/function/internal_message.html?_=1644711377594&CODE_STATE=getMsg HTTP/1.1" 200 27
120.253.135.82 - - [13/Feb/2022:08:16:38 +0800] "GET /xingrg/all/function/internal_message.html?_=1644711523059&CODE_STATE=getMsg HTTP/1.1" 200 27
120.253.135.82 - - [13/Feb/2022:08:16:48 +0800] "POST /xingrg/kc/pszx/mdps_list_operate.html HTTP/1.1" 200 5478
222.70.243.96 - - [13/Feb/2022:08:16:49 +0800] "GET /xingrg/all/function/internal_message.html?_=1644711428472&CODE_STATE=getMsg HTTP/1.1" 302 -
120.253.135.82 - - [13/Feb/2022:08:16:50 +0800] "POST /xingrg/kc/pszx/mdps_list_operate.html HTTP/1.1" 200 542
120.253.135.82 - - [13/Feb/2022:08:16:51 +0800] "GET /xingrg/kc/pszx/mdps_order_info.html?code=312022021300151 HTTP/1.1" 200 23929
120.253.135.82 - - [13/Feb/2022:08:16:51 +0800] "GET /xingrg/javascript/easyui/themes/default/validatebox.css HTTP/1.1" 404 1104
120.253.135.82 - - [13/Feb/2022:08:16:51 +0800] "POST /xingrg/kc/pszx/mdps_order_operate.html HTTP/1.1" 200 4310
120.253.135.82 - - [13/Feb/2022:08:16:55 +0800] "POST /xingrg/kc/pszx/mdps_list_operate.html HTTP/1.1" 200 5478
120.253.135.82 - - [13/Feb/2022:08:16:58 +0800] "POST /xingrg/kc/pszx/mdps_list_operate.html HTTP/1.1" 200 5493
120.253.135.82 - - [13/Feb/2022:08:17:04 +0800] "POST /xingrg/kc/pszx/mdps_list_operate.html HTTP/1.1" 200 5464
120.253.135.82 - - [13/Feb/2022:08:17:09 +0800] "POST /xingrg/kc/pszx/mdps_list_operate.html HTTP/1.1" 200 214
120.253.135.82 - - [13/Feb/2022:08:17:09 +0800] "GET /xingrg/kc/pszx/mdps_order_info.html?code=312022020900076 HTTP/1.1" 200 23929
120.253.135.82 - - [13/Feb/2022:08:17:10 +0800] "GET /xingrg/javascript/easyui/themes/default/validatebox.css HTTP/1.1" 404 1104
120.253.135.82 - - [13/Feb/2022:08:17:10 +0800] "POST /xingrg/kc/pszx/mdps_order_operate.html HTTP/1.1" 200 2304
120.253.135.82 - - [13/Feb/2022:08:17:14 +0800] "POST /xingrg/kc/pszx/mdps_order_operate.html HTTP/1.1" 200 12
120.253.135.82 - - [13/Feb/2022:08:17:15 +0800] "POST /xingrg/kc/pszx/mdps_list_operate.html HTTP/1.1" 200 5455
222.70.243.96 - - [13/Feb/2022:08:17:17 +0800] "GET /xingrg/all/function/internal_message.html?_=1644711456700&CODE_STATE=getMsg HTTP/1.1" 302 -
58.40.7.146 - - [13/Feb/2022:08:17:19 +0800] "GET /xingrg/all/function/internal_message.html?_=1644711434972&CODE_STATE=getMsg HTTP/1.1" 200 27
222.70.243.96 - - [13/Feb/2022:08:17:21 +0800] "GET /xingrg/all/function/internal_message.html?_=1644711437617&CODE_STATE=getMsg HTTP/1.1" 200 27
120.253.135.82 - - [13/Feb/2022:08:17:22 +0800] "POST /xingrg/kc/pszx/mdps_list_operate.html HTTP/1.1" 200 198
120.253.135.82 - - [13/Feb/2022:08:17:24 +0800] "POST /xingrg/kc/pszx/mdps_list_operate.html HTTP/1.1" 200 289
222.70.243.96 - - [13/Feb/2022:08:17:27 +0800] "GET /xingrg/check_reg.html?_=1644711465891 HTTP/1.1" 302 -
120.253.135.82 - - [13/Feb/2022:08:17:31 +0800] "POST /xingrg/kc/pszx/mdps_list_operate.html HTTP/1.1" 200 3163
222.70.243.96 - - [13/Feb/2022:08:17:35 +0800] "GET /xingrg/check_reg.html?_=1644711452006 HTTP/1.1" 200 22
120.253.135.82 - - [13/Feb/2022:08:17:38 +0800] "GET /xingrg/all/function/internal_message.html?_=1644711583072&CODE_STATE=getMsg HTTP/1.1" 200 27
120.253.135.82 - - [13/Feb/2022:08:17:38 +0800] "GET /xingrg/kc/pszx/jzcl_ps.html HTTP/1.1" 200 7683
120.253.135.82 - - [13/Feb/2022:08:17:38 +0800] "POST /xingrg/all/common/load_tree.html?tree=area_rest_tree_json HTTP/1.1" 200 3472
120.253.135.82 - - [13/Feb/2022:08:17:39 +0800] "POST /xingrg/kc/pszx/jzcl_ps_operate.html HTTP/1.1" 200 772
120.253.135.82 - - [13/Feb/2022:08:17:39 +0800] "POST /xingrg/kc/pszx/jzcl_ps_operate.html HTTP/1.1" 200 772
120.253.135.82 - - [13/Feb/2022:08:17:46 +0800] "POST /xingrg/kc/pszx/jzcl_ps_operate.html HTTP/1.1" 200 4
120.253.135.82 - - [13/Feb/2022:08:17:46 +0800] "GET /xingrg/javascript/step/images/navBtn.gif HTTP/1.1" 200 361
120.253.135.82 - - [13/Feb/2022:08:17:48 +0800] "GET /xingrg/kc/pszx/mdps_order_list.html HTTP/1.1" 200 20884
120.253.135.82 - - [13/Feb/2022:08:17:48 +0800] "POST /xingrg/kc/pszx/jzcl_ps_operate.html HTTP/1.1" 200 385
120.253.135.82 - - [13/Feb/2022:08:17:48 +0800] "POST /xingrg/kc/pszx/mdps_list_operate.html HTTP/1.1" 200 5384
222.70.243.96 - - [13/Feb/2022:08:17:49 +0800] "GET /xingrg/all/function/internal_message.html?_=1644711488478&CODE_STATE=getMsg HTTP/1.1" 302 -
120.253.135.82 - - [13/Feb/2022:08:17:51 +0800] "POST /xingrg/kc/pszx/mdps_list_operate.html HTTP/1.1" 200 281
120.253.135.82 - - [13/Feb/2022:08:17:51 +0800] "GET /xingrg/kc/pszx/mdps_order_info.html?code=312022021300154 HTTP/1.1" 200 23929
120.253.135.82 - - [13/Feb/2022:08:17:51 +0800] "GET /xingrg/javascript/easyui/themes/default/validatebox.css HTTP/1.1" 404 1104
120.253.135.82 - - [13/Feb/2022:08:17:51 +0800] "POST /xingrg/kc/pszx/mdps_order_operate.html HTTP/1.1" 200 2757
172.20.0.100 - - [13/Feb/2022:08:18:05 +0800] "GET /xingrg/check_reg.html?_=1644711480884 HTTP/1.1" 200 22
120.253.135.82 - - [13/Feb/2022:08:18:05 +0800] "POST /xingrg/all/common/load_combo.html?type=base HTTP/1.1" 200 1075
120.253.135.82 - - [13/Feb/2022:08:18:11 +0800] "POST /xingrg/kc/pszx/mdps_order_operate.html HTTP/1.1" 200 37
120.253.135.82 - - [13/Feb/2022:08:18:12 +0800] "GET /xingrg/kc/pszx/mdps_order_info.html?code=312022021300154 HTTP/1.1" 200 23929
120.253.135.82 - - [13/Feb/2022:08:18:12 +0800] "GET /xingrg/javascript/easyui/themes/default/validatebox.css HTTP/1.1" 404 1104
120.253.135.82 - - [13/Feb/2022:08:18:12 +0800] "POST /xingrg/kc/pszx/mdps_order_operate.html HTTP/1.1" 200 2771
222.70.243.96 - - [13/Feb/2022:08:18:17 +0800] "GET /xingrg/all/function/internal_message.html?_=1644711516722&CODE_STATE=getMsg HTTP/1.1" 302 -
58.40.7.146 - - [13/Feb/2022:08:18:19 +0800] "GET /xingrg/check_reg.html?_=1644711494977 HTTP/1.1" 200 22
58.40.7.146 - - [13/Feb/2022:08:18:19 +0800] "GET /xingrg/all/function/internal_message.html?_=1644711494976&CODE_STATE=getMsg HTTP/1.1" 200 27
222.70.243.96 - - [13/Feb/2022:08:18:21 +0800] "GET /xingrg/all/function/internal_message.html?_=1644711497635&CODE_STATE=getMsg HTTP/1.1" 200 27
120.253.135.82 - - [13/Feb/2022:08:18:25 +0800] "GET /xingrg/check_reg.html?_=1644711629859 HTTP/1.1" 200 22
120.253.135.82 - - [13/Feb/2022:08:18:33 +0800] "GET /xingrg/kc/pszx/jzcl_ps.html HTTP/1.1" 200 7683
120.253.135.82 - - [13/Feb/2022:08:18:33 +0800] "POST /xingrg/all/common/load_tree.html?tree=area_rest_tree_json HTTP/1.1" 200 3472
120.253.135.82 - - [13/Feb/2022:08:18:34 +0800] "POST /xingrg/kc/pszx/jzcl_ps_operate.html HTTP/1.1" 200 385
120.253.135.82 - - [13/Feb/2022:08:18:34 +0800] "POST /xingrg/kc/pszx/jzcl_ps_operate.html HTTP/1.1" 200 385
120.253.135.82 - - [13/Feb/2022:08:18:40 +0800] "POST /xingrg/kc/pszx/jzcl_ps_operate.html HTTP/1.1" 200 4
120.253.135.82 - - [13/Feb/2022:08:18:40 +0800] "GET /xingrg/javascript/step/images/navBtn.gif HTTP/1.1" 200 361
120.253.135.82 - - [13/Feb/2022:08:18:42 +0800] "GET /xingrg/kc/pszx/mdps_order_list.html HTTP/1.1" 200 20884
120.253.135.82 - - [13/Feb/2022:08:18:42 +0800] "POST /xingrg/kc/pszx/jzcl_ps_operate.html HTTP/1.1" 200 21
120.253.135.82 - - [13/Feb/2022:08:18:42 +0800] "POST /xingrg/kc/pszx/mdps_list_operate.html HTTP/1.1" 200 5384
120.253.135.82 - - [13/Feb/2022:08:18:43 +0800] "GET /xingrg/all/function/internal_message.html?_=1644711647970&CODE_STATE=getMsg HTTP/1.1" 200 27
222.70.243.96 - - [13/Feb/2022:08:18:49 +0800] "GET /xingrg/all/function/internal_message.html?_=1644711548512&CODE_STATE=getMsg HTTP/1.1" 302 -
120.253.135.82 - - [13/Feb/2022:08:18:49 +0800] "POST /xingrg/kc/pszx/mdps_list_operate.html HTTP/1.1" 200 5476
120.253.135.82 - - [13/Feb/2022:08:18:58 +0800] "POST /xingrg/kc/pszx/mdps_list_operate.html HTTP/1.1" 200 5487
120.253.135.82 - - [13/Feb/2022:08:19:01 +0800] "POST /xingrg/kc/pszx/mdps_list_operate.html HTTP/1.1" 200 202
120.253.135.82 - - [13/Feb/2022:08:19:02 +0800] "GET /xingrg/kc/pszx/mdps_order_info.html?code=312022021300155 HTTP/1.1" 200 23923
120.253.135.82 - - [13/Feb/2022:08:19:02 +0800] "GET /xingrg/javascript/easyui/themes/default/validatebox.css HTTP/1.1" 404 1104
120.253.135.82 - - [13/Feb/2022:08:19:02 +0800] "POST /xingrg/kc/pszx/mdps_order_operate.html HTTP/1.1" 200 2270
222.70.243.96 - - [13/Feb/2022:08:19:17 +0800] "GET /xingrg/all/function/internal_message.html?_=1644711576728&CODE_STATE=getMsg HTTP/1.1" 302 -
120.253.135.82 - - [13/Feb/2022:08:19:18 +0800] "POST /xingrg/kc/pszx/mdps_order_operate.html HTTP/1.1" 200 37
58.40.7.146 - - [13/Feb/2022:08:19:19 +0800] "GET /xingrg/all/function/internal_message.html?_=1644711554979&CODE_STATE=getMsg HTTP/1.1" 200 27
120.253.135.82 - - [13/Feb/2022:08:19:19 +0800] "GET /xingrg/kc/pszx/mdps_order_info.html?code=312022021300155 HTTP/1.1" 200 23923
120.253.135.82 - - [13/Feb/2022:08:19:19 +0800] "GET /xingrg/javascript/easyui/themes/default/validatebox.css HTTP/1.1" 404 1104
120.253.135.82 - - [13/Feb/2022:08:19:19 +0800] "POST /xingrg/kc/pszx/mdps_order_operate.html HTTP/1.1" 200 2277
222.70.243.96 - - [13/Feb/2022:08:19:21 +0800] "GET /xingrg/all/function/internal_message.html?_=1644711557649&CODE_STATE=getMsg HTTP/1.1" 200 27
58.39.168.32 - - [13/Feb/2022:08:19:34 +0800] "POST /xingrg/services/DataTransmitService HTTP/1.1" 200 524
120.253.135.82 - - [13/Feb/2022:08:19:43 +0800] "GET /xingrg/all/function/internal_message.html?_=1644711707982&CODE_STATE=getMsg HTTP/1.1" 200 27
222.70.243.96 - - [13/Feb/2022:08:19:49 +0800] "GET /xingrg/all/function/internal_message.html?_=1644711608521&CODE_STATE=getMsg HTTP/1.1" 302 -
222.70.243.96 - - [13/Feb/2022:08:20:05 +0800] "GET /xingrg/check_reg.html?_=1644711624222 HTTP/1.1" 302 -
120.253.135.82 - - [13/Feb/2022:08:20:10 +0800] "POST /xingrg/kc/pszx/mdps_list_operate.html HTTP/1.1" 200 5487
120.253.135.82 - - [13/Feb/2022:08:20:17 +0800] "POST /xingrg/kc/pszx/mdps_list_operate.html HTTP/1.1" 200 536
