120.253.135.82 - - [13/Feb/2022:10:11:16 +0800] "GET /xingrg/kc/pszx/mdps_order_add.html HTTP/1.1" 200 28906
120.253.135.82 - - [13/Feb/2022:10:11:16 +0800] "POST /xingrg/kc/pszx/mdps_order_operate.html HTTP/1.1" 200 7126
120.253.135.82 - - [13/Feb/2022:10:11:17 +0800] "GET /xingrg/javascript/easyui/themes/default/validatebox.css HTTP/1.1" 404 1104
120.253.135.82 - - [13/Feb/2022:10:11:17 +0800] "POST /xingrg/all/common/load_combo.html?type=base HTTP/1.1" 200 1075
58.40.7.146 - - [13/Feb/2022:10:11:19 +0800] "GET /xingrg/all/function/internal_message.html?_=1644718275014&CODE_STATE=getMsg HTTP/1.1" 200 27
222.70.243.96 - - [13/Feb/2022:10:11:19 +0800] "GET /xingrg/all/function/internal_message.html?_=1644718298249&CODE_STATE=getMsg HTTP/1.1" 302 -
180.162.112.109 - - [13/Feb/2022:10:11:19 +0800] "GET /xingrg/all/function/internal_message.html?_=1644717654959&CODE_STATE=getMsg HTTP/1.1" 200 27
120.253.135.82 - - [13/Feb/2022:10:11:20 +0800] "GET /xingrg/all/function/internal_message.html?_=1644718271597&CODE_STATE=getMsg HTTP/1.1" 200 27
120.253.135.82 - - [13/Feb/2022:10:11:20 +0800] "GET /xingrg/javascript/easyui/themes/default/tree.css HTTP/1.1" 404 1090
120.253.135.82 - - [13/Feb/2022:10:11:20 +0800] "POST /xingrg/all/common/load_tree.html?tree=area_rest_tree_json&only_rest=1 HTTP/1.1" 200 3351
114.88.155.114 - - [13/Feb/2022:10:11:24 +0800] "POST /xingrg/kc/buy/cgsh_order_operate.html HTTP/1.1" 200 37
116.239.131.195 - - [13/Feb/2022:10:11:26 +0800] "GET /xingrg/check_reg.html?_=1644718312229 HTTP/1.1" 200 22
58.39.168.32 - - [13/Feb/2022:10:11:28 +0800] "GET /xingrg/all/function/internal_message.html?_=1644718222941&CODE_STATE=getMsg HTTP/1.1" 200 27
114.88.155.114 - - [13/Feb/2022:10:11:29 +0800] "POST /xingrg/kc/buy/cgsh_order_operate.html HTTP/1.1" 200 12
114.88.155.114 - - [13/Feb/2022:10:11:30 +0800] "GET /xingrg/kc/buy/cgsh_order_info.html?code=212022021303009 HTTP/1.1" 200 60468
114.88.155.114 - - [13/Feb/2022:10:11:30 +0800] "GET /xingrg/javascript/easyui/themes/default/validatebox.css HTTP/1.1" 404 1104
114.88.155.114 - - [13/Feb/2022:10:11:31 +0800] "POST /xingrg/kc/buy/cgsh_order_operate.html HTTP/1.1" 200 8326
116.239.131.195 - - [13/Feb/2022:10:11:33 +0800] "GET /xingrg/all/function/internal_message.html?_=1644718318743&CODE_STATE=getMsg HTTP/1.1" 200 27
114.88.155.114 - - [13/Feb/2022:10:11:34 +0800] "GET /xingrg/kc/print/load_data.html?order_code=212022021303009&kc_code=cgsh&condition= HTTP/1.1" 200 3710
120.253.135.82 - - [13/Feb/2022:10:11:37 +0800] "GET /xingrg/kc/pszx/mdps_order_operate.html?command=get_materiel&pszx_code=00101&rest_code=00105&base_code=0010246&code=00101008001 HTTP/1.1" 200 435
180.152.99.39 - - [13/Feb/2022:10:11:42 +0800] "GET /xingrg/all/function/internal_message.html?_=1644718212962&CODE_STATE=getMsg HTTP/1.1" 200 27
120.253.135.82 - - [13/Feb/2022:10:11:47 +0800] "POST /xingrg/kc/pszx/mdps_order_operate.html HTTP/1.1" 200 37
222.70.243.96 - - [13/Feb/2022:10:11:47 +0800] "GET /xingrg/kc/buy/cgsh_order_operate.html?command=get_materiel&rest_code=00146&code=00101007061&supplier_code=00100002&order_time=2022-02-13 HTTP/1.1" 200 428
120.253.135.82 - - [13/Feb/2022:10:11:48 +0800] "GET /xingrg/kc/pszx/mdps_order_info.html?code=312022021300162 HTTP/1.1" 200 23923
124.79.79.90 - - [13/Feb/2022:10:11:48 +0800] "GET /xingrg/all/function/internal_message.html?_=1644718306307&CODE_STATE=getMsg HTTP/1.1" 200 27
120.253.135.82 - - [13/Feb/2022:10:11:48 +0800] "GET /xingrg/javascript/easyui/themes/default/validatebox.css HTTP/1.1" 404 1104
120.253.135.82 - - [13/Feb/2022:10:11:48 +0800] "POST /xingrg/kc/pszx/mdps_order_operate.html HTTP/1.1" 200 2278
120.253.135.82 - - [13/Feb/2022:10:11:51 +0800] "POST /xingrg/kc/pszx/mdps_order_operate.html HTTP/1.1" 200 37
222.70.243.96 - - [13/Feb/2022:10:11:51 +0800] "GET /xingrg/all/function/internal_message.html?_=1644718330916&CODE_STATE=getMsg HTTP/1.1" 302 -
120.253.135.82 - - [13/Feb/2022:10:11:52 +0800] "GET /xingrg/kc/pszx/mdps_order_info.html?code=312022021300162 HTTP/1.1" 200 23923
222.70.243.96 - - [13/Feb/2022:10:11:52 +0800] "GET /xingrg/check_reg.html?_=1644718309309 HTTP/1.1" 200 22
120.253.135.82 - - [13/Feb/2022:10:11:53 +0800] "GET /xingrg/javascript/easyui/themes/default/validatebox.css HTTP/1.1" 404 1104
120.253.135.82 - - [13/Feb/2022:10:11:53 +0800] "POST /xingrg/kc/pszx/mdps_order_operate.html HTTP/1.1" 200 2278
58.39.168.32 - - [13/Feb/2022:10:11:54 +0800] "GET /xingrg/all/function/internal_message.html?_=1644718310810&CODE_STATE=getMsg HTTP/1.1" 200 27
101.83.241.237 - - [13/Feb/2022:10:11:54 +0800] "GET /xingrg/all/function/internal_message.html?_=1644718308847&CODE_STATE=getMsg HTTP/1.1" 200 27
222.70.243.96 - - [13/Feb/2022:10:11:55 +0800] "GET /xingrg/all/function/internal_message.html?_=1644718311462&CODE_STATE=getMsg HTTP/1.1" 200 27
120.253.135.82 - - [13/Feb/2022:10:12:00 +0800] "GET /xingrg/all/function/internal_message.html?_=1644718445182&CODE_STATE=getMsg HTTP/1.1" 200 27
114.88.155.114 - - [13/Feb/2022:10:12:04 +0800] "GET /xingrg/all/function/internal_message.html?_=1644718106711&CODE_STATE=getMsg HTTP/1.1" 200 27
222.70.179.43 - - [13/Feb/2022:10:12:09 +0800] "GET /xingrg/all/function/internal_message.html?_=1644718322642&CODE_STATE=getMsg HTTP/1.1" 200 27
120.253.135.82 - - [13/Feb/2022:10:12:10 +0800] "GET /xingrg/kc/pszx/mdps_order_add.html HTTP/1.1" 200 28906
120.253.135.82 - - [13/Feb/2022:10:12:10 +0800] "POST /xingrg/kc/pszx/mdps_order_operate.html HTTP/1.1" 200 7126
120.253.135.82 - - [13/Feb/2022:10:12:10 +0800] "GET /xingrg/javascript/easyui/themes/default/validatebox.css HTTP/1.1" 404 1104
101.85.120.86 - - [13/Feb/2022:10:12:11 +0800] "GET /xingrg/all/function/internal_message.html?_=1644718327478&CODE_STATE=getMsg HTTP/1.1" 200 27
120.253.135.82 - - [13/Feb/2022:10:12:11 +0800] "POST /xingrg/all/common/load_combo.html?type=base HTTP/1.1" 200 1075
222.70.243.96 - - [13/Feb/2022:10:12:12 +0800] "GET /xingrg/kc/buy/cgsh_order_operate.html?command=get_materiel&rest_code=00146&code=00101007049&supplier_code=00100002&order_time=2022-02-13 HTTP/1.1" 200 428
114.86.225.145 - - [13/Feb/2022:10:12:16 +0800] "GET /xingrg/all/function/internal_message.html?_=1644718332569&CODE_STATE=getMsg HTTP/1.1" 200 27
120.253.135.82 - - [13/Feb/2022:10:12:18 +0800] "GET /xingrg/javascript/easyui/themes/default/tree.css HTTP/1.1" 404 1090
120.253.135.82 - - [13/Feb/2022:10:12:18 +0800] "POST /xingrg/all/common/load_tree.html?tree=area_rest_tree_json&only_rest=1 HTTP/1.1" 200 3351
58.40.7.146 - - [13/Feb/2022:10:12:19 +0800] "GET /xingrg/all/function/internal_message.html?_=1644718335015&CODE_STATE=getMsg HTTP/1.1" 200 27
222.70.243.96 - - [13/Feb/2022:10:12:19 +0800] "GET /xingrg/all/function/internal_message.html?_=1644718358271&CODE_STATE=getMsg HTTP/1.1" 302 -
180.162.112.109 - - [13/Feb/2022:10:12:19 +0800] "GET /xingrg/all/function/internal_message.html?_=1644717714958&CODE_STATE=getMsg HTTP/1.1" 200 27
120.253.135.82 - - [13/Feb/2022:10:12:19 +0800] "GET /xingrg/check_reg.html?_=1644718331068 HTTP/1.1" 200 22
120.253.135.82 - - [13/Feb/2022:10:12:20 +0800] "GET /xingrg/all/function/internal_message.html?_=1644718331610&CODE_STATE=getMsg HTTP/1.1" 200 27
222.70.243.96 - - [13/Feb/2022:10:12:27 +0800] "GET /xingrg/check_reg.html?_=1644718366209 HTTP/1.1" 302 -
58.39.168.32 - - [13/Feb/2022:10:12:28 +0800] "GET /xingrg/all/function/internal_message.html?_=1644718282941&CODE_STATE=getMsg HTTP/1.1" 200 27
120.253.135.82 - - [13/Feb/2022:10:12:30 +0800] "GET /xingrg/kc/pszx/mdps_order_operate.html?command=get_materiel&pszx_code=00101&rest_code=00147&base_code=0010246&code=00101008001 HTTP/1.1" 200 435
116.239.131.195 - - [13/Feb/2022:10:12:33 +0800] "GET /xingrg/all/function/internal_message.html?_=1644718378756&CODE_STATE=getMsg HTTP/1.1" 200 27
180.152.99.39 - - [13/Feb/2022:10:12:42 +0800] "GET /xingrg/all/function/internal_message.html?_=1644718272975&CODE_STATE=getMsg HTTP/1.1" 200 27
120.253.135.82 - - [13/Feb/2022:10:12:47 +0800] "POST /xingrg/kc/pszx/mdps_order_operate.html HTTP/1.1" 200 37
124.79.79.90 - - [13/Feb/2022:10:12:48 +0800] "GET /xingrg/all/function/internal_message.html?_=1644718366308&CODE_STATE=getMsg HTTP/1.1" 200 27
120.253.135.82 - - [13/Feb/2022:10:12:48 +0800] "GET /xingrg/kc/pszx/mdps_order_info.html?code=312022021300163 HTTP/1.1" 200 23929
120.253.135.82 - - [13/Feb/2022:10:12:49 +0800] "GET /xingrg/javascript/easyui/themes/default/validatebox.css HTTP/1.1" 404 1104
120.253.135.82 - - [13/Feb/2022:10:12:49 +0800] "POST /xingrg/kc/pszx/mdps_order_operate.html HTTP/1.1" 200 2279
222.70.243.96 - - [13/Feb/2022:10:12:51 +0800] "GET /xingrg/all/function/internal_message.html?_=1644718390949&CODE_STATE=getMsg HTTP/1.1" 302 -
120.253.135.82 - - [13/Feb/2022:10:12:53 +0800] "POST /xingrg/kc/pszx/mdps_order_operate.html HTTP/1.1" 200 37
58.39.168.32 - - [13/Feb/2022:10:12:54 +0800] "GET /xingrg/all/function/internal_message.html?_=1644718370813&CODE_STATE=getMsg HTTP/1.1" 200 27
58.39.168.32 - - [13/Feb/2022:10:12:54 +0800] "GET /xingrg/check_reg.html?_=1644718370812 HTTP/1.1" 200 22
101.83.241.237 - - [13/Feb/2022:10:12:54 +0800] "GET /xingrg/all/function/internal_message.html?_=1644718368831&CODE_STATE=getMsg HTTP/1.1" 200 27
120.253.135.82 - - [13/Feb/2022:10:12:54 +0800] "GET /xingrg/kc/pszx/mdps_order_info.html?code=312022021300163 HTTP/1.1" 200 23929
222.70.243.96 - - [13/Feb/2022:10:12:55 +0800] "GET /xingrg/all/function/internal_message.html?_=1644718371476&CODE_STATE=getMsg HTTP/1.1" 200 27
120.253.135.82 - - [13/Feb/2022:10:12:55 +0800] "GET /xingrg/javascript/easyui/themes/default/validatebox.css HTTP/1.1" 404 1104
120.253.135.82 - - [13/Feb/2022:10:12:55 +0800] "POST /xingrg/kc/pszx/mdps_order_operate.html HTTP/1.1" 200 2279
222.70.243.96 - - [13/Feb/2022:10:12:55 +0800] "GET /xingrg/kc/buy/cgsh_order_operate.html?command=get_materiel&rest_code=00146&code=00101007085&supplier_code=00100002&order_time=2022-02-13 HTTP/1.1" 200 433
58.39.168.32 - - [13/Feb/2022:10:13:00 +0800] "GET /xingrg/kc/buy/cgsh_order_operate.html?command=get_materiel&rest_code=00105&code=00101009010&supplier_code=00100024&order_time=2022-02-13 HTTP/1.1" 200 433
120.253.135.82 - - [13/Feb/2022:10:13:00 +0800] "GET /xingrg/all/function/internal_message.html?_=1644718505196&CODE_STATE=getMsg HTTP/1.1" 200 27
114.88.155.114 - - [13/Feb/2022:10:13:04 +0800] "GET /xingrg/all/function/internal_message.html?_=1644718166675&CODE_STATE=getMsg HTTP/1.1" 200 27
114.88.155.114 - - [13/Feb/2022:10:13:04 +0800] "GET /xingrg/check_reg.html?_=1644718166765 HTTP/1.1" 200 22
172.20.0.100 - - [13/Feb/2022:10:13:05 +0800] "GET /xingrg/check_reg.html?_=1644718380400 HTTP/1.1" 200 22
222.70.179.43 - - [13/Feb/2022:10:13:09 +0800] "GET /xingrg/all/function/internal_message.html?_=1644718382638&CODE_STATE=getMsg HTTP/1.1" 200 27
120.253.135.82 - - [13/Feb/2022:10:13:09 +0800] "POST /xingrg/kc/pszx/mdps_order_operate.html HTTP/1.1" 200 37
120.253.135.82 - - [13/Feb/2022:10:13:10 +0800] "GET /xingrg/kc/pszx/mdps_order_info.html?code=312022021300163 HTTP/1.1" 200 23929
120.253.135.82 - - [13/Feb/2022:10:13:11 +0800] "GET /xingrg/javascript/easyui/themes/default/validatebox.css HTTP/1.1" 404 1104
120.253.135.82 - - [13/Feb/2022:10:13:11 +0800] "POST /xingrg/kc/pszx/mdps_order_operate.html HTTP/1.1" 200 2279
101.85.120.86 - - [13/Feb/2022:10:13:11 +0800] "GET /xingrg/all/function/internal_message.html?_=1644718387478&CODE_STATE=getMsg HTTP/1.1" 200 27
101.85.120.86 - - [13/Feb/2022:10:13:11 +0800] "GET /xingrg/check_reg.html?_=1644718387481 HTTP/1.1" 200 22
120.253.135.82 - - [13/Feb/2022:10:13:12 +0800] "GET /xingrg/kc/pszx/mdps_order_add.html HTTP/1.1" 200 28906
120.253.135.82 - - [13/Feb/2022:10:13:12 +0800] "POST /xingrg/kc/pszx/mdps_order_operate.html HTTP/1.1" 200 7126
120.253.135.82 - - [13/Feb/2022:10:13:12 +0800] "GET /xingrg/javascript/easyui/themes/default/validatebox.css HTTP/1.1" 404 1104
120.253.135.82 - - [13/Feb/2022:10:13:13 +0800] "POST /xingrg/all/common/load_combo.html?type=base HTTP/1.1" 200 1075
58.39.168.32 - - [13/Feb/2022:10:13:14 +0800] "GET /xingrg/kc/buy/cgsh_order_operate.html?command=get_materiel&rest_code=00105&code=00101009016&supplier_code=00100024&order_time=2022-02-13 HTTP/1.1" 200 432
222.70.243.96 - - [13/Feb/2022:10:13:14 +0800] "GET /xingrg/kc/buy/cgsh_order_operate.html?command=get_materiel&rest_code=00146&code=00101007090&supplier_code=00100002&order_time=2022-02-13 HTTP/1.1" 200 434
114.86.225.145 - - [13/Feb/2022:10:13:16 +0800] "GET /xingrg/all/function/internal_message.html?_=1644718392578&CODE_STATE=getMsg HTTP/1.1" 200 27
114.86.225.145 - - [13/Feb/2022:10:13:16 +0800] "GET /xingrg/check_reg.html?_=1644718392579 HTTP/1.1" 200 22
120.253.135.82 - - [13/Feb/2022:10:13:16 +0800] "GET /xingrg/javascript/easyui/themes/default/tree.css HTTP/1.1" 404 1090
120.253.135.82 - - [13/Feb/2022:10:13:16 +0800] "POST /xingrg/all/common/load_tree.html?tree=area_rest_tree_json&only_rest=1 HTTP/1.1" 200 3351
58.40.7.146 - - [13/Feb/2022:10:13:19 +0800] "GET /xingrg/all/function/internal_message.html?_=1644718395019&CODE_STATE=getMsg HTTP/1.1" 200 27
58.40.7.146 - - [13/Feb/2022:10:13:19 +0800] "GET /xingrg/check_reg.html?_=1644718395020 HTTP/1.1" 200 22
222.70.243.96 - - [13/Feb/2022:10:13:19 +0800] "GET /xingrg/all/function/internal_message.html?_=1644718418276&CODE_STATE=getMsg HTTP/1.1" 302 -
180.162.112.109 - - [13/Feb/2022:10:13:19 +0800] "GET /xingrg/all/function/internal_message.html?_=1644717774958&CODE_STATE=getMsg HTTP/1.1" 200 27
120.253.135.82 - - [13/Feb/2022:10:13:20 +0800] "GET /xingrg/all/function/internal_message.html?_=1644718391624&CODE_STATE=getMsg HTTP/1.1" 200 27
120.253.135.82 - - [13/Feb/2022:10:13:26 +0800] "GET /xingrg/check_reg.html?_=1644718196964 HTTP/1.1" 200 22
180.162.112.109 - - [13/Feb/2022:10:13:27 +0800] "GET /xingrg/javascript/jquery_easy_ui/themes/default/images/tabs_active.png HTTP/1.1" 304 -
58.39.168.32 - - [13/Feb/2022:10:13:28 +0800] "GET /xingrg/all/function/internal_message.html?_=1644718342941&CODE_STATE=getMsg HTTP/1.1" 200 27
120.253.135.82 - - [13/Feb/2022:10:13:31 +0800] "GET /xingrg/kc/pszx/mdps_order_operate.html?command=get_materiel&pszx_code=00101&rest_code=00106&base_code=0010246&code=00101008001 HTTP/1.1" 200 435
116.239.131.195 - - [13/Feb/2022:10:13:33 +0800] "GET /xingrg/all/function/internal_message.html?_=1644718439033&CODE_STATE=getMsg HTTP/1.1" 200 27
180.162.112.109 - - [13/Feb/2022:10:13:36 +0800] "POST /xingrg/kc/buy/cgsh_list_operate.html HTTP/1.1" 200 2780
180.162.112.109 - - [13/Feb/2022:10:13:39 +0800] "POST /xingrg/kc/buy/cgsh_list_operate.html HTTP/1.1" 200 568
180.162.112.109 - - [13/Feb/2022:10:13:40 +0800] "GET /xingrg/kc/buy/cgsh_order_info.html?code=212022020701092 HTTP/1.1" 200 64602
180.162.112.109 - - [13/Feb/2022:10:13:40 +0800] "GET /xingrg/javascript/easyui/themes/default/validatebox.css HTTP/1.1" 404 1104
180.162.112.109 - - [13/Feb/2022:10:13:40 +0800] "POST /xingrg/kc/buy/cgsh_order_operate.html HTTP/1.1" 200 17402
180.152.99.39 - - [13/Feb/2022:10:13:41 +0800] "GET /xingrg/check_reg.html?_=1644718332561 HTTP/1.1" 200 22
180.152.99.39 - - [13/Feb/2022:10:13:42 +0800] "GET /xingrg/all/function/internal_message.html?_=1644718332989&CODE_STATE=getMsg HTTP/1.1" 200 27
58.39.168.32 - - [13/Feb/2022:10:13:44 +0800] "GET /xingrg/kc/buy/cgsh_order_operate.html?command=get_materiel&rest_code=00105&code=00101009028&supplier_code=00100024&order_time=2022-02-13 HTTP/1.1" 200 409
124.79.79.90 - - [13/Feb/2022:10:13:48 +0800] "GET /xingrg/all/function/internal_message.html?_=1644718426309&CODE_STATE=getMsg HTTP/1.1" 200 27
222.70.243.96 - - [13/Feb/2022:10:13:51 +0800] "GET /xingrg/all/function/internal_message.html?_=1644718450958&CODE_STATE=getMsg HTTP/1.1" 302 -
58.39.168.32 - - [13/Feb/2022:10:13:54 +0800] "GET /xingrg/all/function/internal_message.html?_=1644718430809&CODE_STATE=getMsg HTTP/1.1" 200 27
101.83.241.237 - - [13/Feb/2022:10:13:54 +0800] "GET /xingrg/all/function/internal_message.html?_=1644718428821&CODE_STATE=getMsg HTTP/1.1" 200 27
222.70.243.96 - - [13/Feb/2022:10:13:55 +0800] "GET /xingrg/all/function/internal_message.html?_=1644718431650&CODE_STATE=getMsg HTTP/1.1" 200 27
120.253.135.82 - - [13/Feb/2022:10:13:57 +0800] "POST /xingrg/kc/pszx/mdps_order_operate.html HTTP/1.1" 200 37
120.253.135.82 - - [13/Feb/2022:10:13:58 +0800] "GET /xingrg/kc/pszx/mdps_order_info.html?code=312022021300164 HTTP/1.1" 200 23923
120.253.135.82 - - [13/Feb/2022:10:13:59 +0800] "POST /xingrg/kc/pszx/mdps_order_operate.html HTTP/1.1" 200 2279
120.253.135.82 - - [13/Feb/2022:10:13:59 +0800] "GET /xingrg/check_reg.html?_=1644718563923 HTTP/1.1" 200 22
120.253.135.82 - - [13/Feb/2022:10:13:59 +0800] "GET /xingrg/javascript/easyui/themes/default/validatebox.css HTTP/1.1" 404 1104
120.253.135.82 - - [13/Feb/2022:10:14:00 +0800] "GET /xingrg/all/function/internal_message.html?_=1644718565213&CODE_STATE=getMsg HTTP/1.1" 200 27
120.253.135.82 - - [13/Feb/2022:10:14:02 +0800] "POST /xingrg/kc/pszx/mdps_order_operate.html HTTP/1.1" 200 37
120.253.135.82 - - [13/Feb/2022:10:14:03 +0800] "GET /xingrg/kc/pszx/mdps_order_info.html?code=312022021300164 HTTP/1.1" 200 23923
58.39.168.32 - - [13/Feb/2022:10:14:04 +0800] "GET /xingrg/kc/buy/cgsh_order_operate.html?command=get_materiel&rest_code=00105&code=00101009007&supplier_code=00100024&order_time=2022-02-13 HTTP/1.1" 200 428
120.253.135.82 - - [13/Feb/2022:10:14:04 +0800] "GET /xingrg/javascript/easyui/themes/default/validatebox.css HTTP/1.1" 404 1104
120.253.135.82 - - [13/Feb/2022:10:14:04 +0800] "POST /xingrg/kc/pszx/mdps_order_operate.html HTTP/1.1" 200 2279
114.88.155.114 - - [13/Feb/2022:10:14:04 +0800] "GET /xingrg/all/function/internal_message.html?_=1644718226648&CODE_STATE=getMsg HTTP/1.1" 200 27
120.253.135.82 - - [13/Feb/2022:10:14:05 +0800] "GET /xingrg/kc/pszx/mdps_order_add.html HTTP/1.1" 200 28906
120.253.135.82 - - [13/Feb/2022:10:14:06 +0800] "POST /xingrg/kc/pszx/mdps_order_operate.html HTTP/1.1" 200 7126
120.253.135.82 - - [13/Feb/2022:10:14:06 +0800] "GET /xingrg/javascript/easyui/themes/default/validatebox.css HTTP/1.1" 404 1104
120.253.135.82 - - [13/Feb/2022:10:14:07 +0800] "POST /xingrg/all/common/load_combo.html?type=base HTTP/1.1" 200 1075
222.70.179.43 - - [13/Feb/2022:10:14:09 +0800] "GET /xingrg/all/function/internal_message.html?_=1644718442630&CODE_STATE=getMsg HTTP/1.1" 200 27
101.85.120.86 - - [13/Feb/2022:10:14:11 +0800] "GET /xingrg/all/function/internal_message.html?_=1644718447480&CODE_STATE=getMsg HTTP/1.1" 200 27
120.253.135.82 - - [13/Feb/2022:10:14:11 +0800] "GET /xingrg/javascript/easyui/themes/default/tree.css HTTP/1.1" 404 1090
120.253.135.82 - - [13/Feb/2022:10:14:11 +0800] "POST /xingrg/all/common/load_tree.html?tree=area_rest_tree_json&only_rest=1 HTTP/1.1" 200 3351
114.86.225.145 - - [13/Feb/2022:10:14:16 +0800] "GET /xingrg/all/function/internal_message.html?_=1644718452581&CODE_STATE=getMsg HTTP/1.1" 200 27
58.40.7.146 - - [13/Feb/2022:10:14:19 +0800] "GET /xingrg/all/function/internal_message.html?_=1644718455020&CODE_STATE=getMsg HTTP/1.1" 200 27
222.70.243.96 - - [13/Feb/2022:10:14:19 +0800] "GET /xingrg/all/function/internal_message.html?_=1644718478299&CODE_STATE=getMsg HTTP/1.1" 302 -
180.157.251.97 - - [13/Feb/2022:10:14:19 +0800] "GET /xingrg/check_reg.html?_=1644718456976 HTTP/1.1" 200 22
180.162.112.109 - - [13/Feb/2022:10:14:19 +0800] "GET /xingrg/all/function/internal_message.html?_=1644717834970&CODE_STATE=getMsg HTTP/1.1" 200 27
120.253.135.82 - - [13/Feb/2022:10:14:20 +0800] "GET /xingrg/all/function/internal_message.html?_=1644718451637&CODE_STATE=getMsg HTTP/1.1" 200 27
58.39.168.32 - - [13/Feb/2022:10:14:21 +0800] "GET /xingrg/kc/buy/cgsh_order_operate.html?command=get_materiel&rest_code=00105&code=00101009118&supplier_code=00100024&order_time=2022-02-13 HTTP/1.1" 200 410
58.39.168.32 - - [13/Feb/2022:10:14:28 +0800] "GET /xingrg/all/function/internal_message.html?_=1644718402941&CODE_STATE=getMsg HTTP/1.1" 200 27
222.70.179.43 - - [13/Feb/2022:10:14:33 +0800] "GET /xingrg/kc/buy/cgsh_order_add.html HTTP/1.1" 200 65472
116.239.131.195 - - [13/Feb/2022:10:14:33 +0800] "GET /xingrg/all/function/internal_message.html?_=1644718499047&CODE_STATE=getMsg HTTP/1.1" 200 27
222.70.179.43 - - [13/Feb/2022:10:14:33 +0800] "POST /xingrg/kc/buy/cgsh_order_operate.html HTTP/1.1" 200 8245
222.70.179.43 - - [13/Feb/2022:10:14:33 +0800] "GET /xingrg/javascript/easyui/themes/default/validatebox.css HTTP/1.1" 404 1104
180.152.99.39 - - [13/Feb/2022:10:14:42 +0800] "GET /xingrg/all/function/internal_message.html?_=1644718393002&CODE_STATE=getMsg HTTP/1.1" 200 27
120.253.135.82 - - [13/Feb/2022:10:14:43 +0800] "GET /xingrg/kc/pszx/mdps_order_operate.html?command=get_materiel&pszx_code=00101&rest_code=00150&base_code=0010246&code=00101008001 HTTP/1.1" 200 435
58.39.168.32 - - [13/Feb/2022:10:14:48 +0800] "GET /xingrg/kc/buy/cgsh_order_operate.html?command=get_materiel&rest_code=00105&code=00101009013&supplier_code=00100024&order_time=2022-02-13 HTTP/1.1" 200 441
124.79.79.90 - - [13/Feb/2022:10:14:48 +0800] "GET /xingrg/all/function/internal_message.html?_=1644718486296&CODE_STATE=getMsg HTTP/1.1" 200 27
222.70.243.96 - - [13/Feb/2022:10:14:51 +0800] "GET /xingrg/all/function/internal_message.html?_=1644718510996&CODE_STATE=getMsg HTTP/1.1" 302 -
58.39.168.32 - - [13/Feb/2022:10:14:54 +0800] "GET /xingrg/all/function/internal_message.html?_=1644718490851&CODE_STATE=getMsg HTTP/1.1" 200 27
101.83.241.237 - - [13/Feb/2022:10:14:54 +0800] "GET /xingrg/all/function/internal_message.html?_=1644718488808&CODE_STATE=getMsg HTTP/1.1" 200 27
222.70.243.96 - - [13/Feb/2022:10:14:55 +0800] "GET /xingrg/all/function/internal_message.html?_=1644718491659&CODE_STATE=getMsg HTTP/1.1" 200 27
101.83.241.237 - - [13/Feb/2022:10:14:55 +0800] "GET /xingrg/check_reg.html?_=1644718489574 HTTP/1.1" 200 22
120.253.135.82 - - [13/Feb/2022:10:14:55 +0800] "POST /xingrg/kc/pszx/mdps_order_operate.html HTTP/1.1" 200 37
120.253.135.82 - - [13/Feb/2022:10:14:56 +0800] "GET /xingrg/kc/pszx/mdps_order_info.html?code=312022021300165 HTTP/1.1" 200 23929
120.253.135.82 - - [13/Feb/2022:10:14:57 +0800] "GET /xingrg/javascript/easyui/themes/default/validatebox.css HTTP/1.1" 404 1104
120.253.135.82 - - [13/Feb/2022:10:14:57 +0800] "POST /xingrg/kc/pszx/mdps_order_operate.html HTTP/1.1" 200 2279
120.253.135.82 - - [13/Feb/2022:10:15:00 +0800] "GET /xingrg/all/function/internal_message.html?_=1644718625223&CODE_STATE=getMsg HTTP/1.1" 200 27
114.88.155.114 - - [13/Feb/2022:10:15:04 +0800] "GET /xingrg/all/function/internal_message.html?_=1644718286627&CODE_STATE=getMsg HTTP/1.1" 200 27
222.70.243.96 - - [13/Feb/2022:10:15:05 +0800] "GET /xingrg/check_reg.html?_=1644718524361 HTTP/1.1" 302 -
120.253.135.82 - - [13/Feb/2022:10:15:07 +0800] "POST /xingrg/kc/pszx/mdps_order_operate.html HTTP/1.1" 200 37
120.253.135.82 - - [13/Feb/2022:10:15:08 +0800] "GET /xingrg/kc/pszx/mdps_order_info.html?code=312022021300165 HTTP/1.1" 200 23929
120.253.135.82 - - [13/Feb/2022:10:15:09 +0800] "GET /xingrg/javascript/easyui/themes/default/validatebox.css HTTP/1.1" 404 1104
120.253.135.82 - - [13/Feb/2022:10:15:09 +0800] "POST /xingrg/kc/pszx/mdps_order_operate.html HTTP/1.1" 200 2279
222.70.179.43 - - [13/Feb/2022:10:15:09 +0800] "GET /xingrg/all/function/internal_message.html?_=1644718502645&CODE_STATE=getMsg HTTP/1.1" 200 27
101.85.120.86 - - [13/Feb/2022:10:15:11 +0800] "GET /xingrg/all/function/internal_message.html?_=1644718507481&CODE_STATE=getMsg HTTP/1.1" 200 27
58.39.168.32 - - [13/Feb/2022:10:15:13 +0800] "GET /xingrg/kc/buy/cgsh_order_operate.html?command=get_materiel&rest_code=00105&code=00101009011&supplier_code=00100024&order_time=2022-02-13 HTTP/1.1" 200 436
114.86.225.145 - - [13/Feb/2022:10:15:16 +0800] "GET /xingrg/all/function/internal_message.html?_=1644718512584&CODE_STATE=getMsg HTTP/1.1" 200 27
120.253.135.82 - - [13/Feb/2022:10:15:16 +0800] "POST /xingrg/kc/pszx/mdps_order_operate.html HTTP/1.1" 200 37
120.253.135.82 - - [13/Feb/2022:10:15:17 +0800] "GET /xingrg/kc/pszx/mdps_order_info.html?code=312022021300165 HTTP/1.1" 200 23929
120.253.135.82 - - [13/Feb/2022:10:15:18 +0800] "GET /xingrg/javascript/easyui/themes/default/validatebox.css HTTP/1.1" 404 1104
120.253.135.82 - - [13/Feb/2022:10:15:18 +0800] "POST /xingrg/kc/pszx/mdps_order_operate.html HTTP/1.1" 200 2279
58.40.7.146 - - [13/Feb/2022:10:15:19 +0800] "GET /xingrg/all/function/internal_message.html?_=1644718515023&CODE_STATE=getMsg HTTP/1.1" 200 27
222.70.243.96 - - [13/Feb/2022:10:15:19 +0800] "GET /xingrg/all/function/internal_message.html?_=1644718538303&CODE_STATE=getMsg HTTP/1.1" 302 -
180.162.112.109 - - [13/Feb/2022:10:15:19 +0800] "GET /xingrg/check_reg.html?_=1644717894975 HTTP/1.1" 200 22
180.162.112.109 - - [13/Feb/2022:10:15:19 +0800] "GET /xingrg/all/function/internal_message.html?_=1644717894978&CODE_STATE=getMsg HTTP/1.1" 200 27
120.253.135.82 - - [13/Feb/2022:10:15:19 +0800] "GET /xingrg/kc/pszx/mdps_order_add.html HTTP/1.1" 200 28906
120.253.135.82 - - [13/Feb/2022:10:15:20 +0800] "POST /xingrg/kc/pszx/mdps_order_operate.html HTTP/1.1" 200 7126
120.253.135.82 - - [13/Feb/2022:10:15:20 +0800] "GET /xingrg/javascript/easyui/themes/default/validatebox.css HTTP/1.1" 404 1104
120.253.135.82 - - [13/Feb/2022:10:15:20 +0800] "GET /xingrg/all/function/internal_message.html?_=1644718511663&CODE_STATE=getMsg HTTP/1.1" 200 27
120.253.135.82 - - [13/Feb/2022:10:15:22 +0800] "POST /xingrg/all/common/load_combo.html?type=base HTTP/1.1" 200 1075
120.253.135.82 - - [13/Feb/2022:10:15:24 +0800] "GET /xingrg/javascript/easyui/themes/default/tree.css HTTP/1.1" 404 1090
120.253.135.82 - - [13/Feb/2022:10:15:24 +0800] "POST /xingrg/all/common/load_tree.html?tree=area_rest_tree_json&only_rest=1 HTTP/1.1" 200 3351
58.39.168.32 - - [13/Feb/2022:10:15:28 +0800] "GET /xingrg/all/function/internal_message.html?_=1644718462941&CODE_STATE=getMsg HTTP/1.1" 200 27
58.39.168.32 - - [13/Feb/2022:10:15:28 +0800] "GET /xingrg/check_reg.html?_=1644718462944 HTTP/1.1" 200 22
116.239.131.195 - - [13/Feb/2022:10:15:33 +0800] "GET /xingrg/all/function/internal_message.html?_=1644718559061&CODE_STATE=getMsg HTTP/1.1" 200 27
120.253.135.82 - - [13/Feb/2022:10:15:40 +0800] "GET /xingrg/kc/pszx/mdps_order_operate.html?command=get_materiel&pszx_code=00101&rest_code=00146&base_code=0010246&code=00101008001 HTTP/1.1" 200 435
180.152.99.39 - - [13/Feb/2022:10:15:42 +0800] "GET /xingrg/all/function/internal_message.html?_=1644718453017&CODE_STATE=getMsg HTTP/1.1" 200 27
222.69.132.164 - - [13/Feb/2022:10:15:44 +0800] "GET /xingrg/login.html HTTP/1.1" 200 7641
222.69.132.164 - - [13/Feb/2022:10:15:44 +0800] "GET /xingrg/images/blue/jxLogo.png HTTP/1.1" 200 6156
222.69.132.164 - - [13/Feb/2022:10:15:44 +0800] "GET /xingrg/images/blue/hj.png HTTP/1.1" 200 1014
222.69.132.164 - - [13/Feb/2022:10:15:44 +0800] "GET /xingrg/images/blue/srbg.png HTTP/1.1" 200 138
222.69.132.164 - - [13/Feb/2022:10:15:44 +0800] "GET /xingrg/images/blue/login_bg.png HTTP/1.1" 200 22101
222.69.132.164 - - [13/Feb/2022:10:15:44 +0800] "GET /favicon.ico HTTP/1.1" 404 -
124.79.79.90 - - [13/Feb/2022:10:15:48 +0800] "GET /xingrg/all/function/internal_message.html?_=1644718546297&CODE_STATE=getMsg HTTP/1.1" 200 27
124.79.79.90 - - [13/Feb/2022:10:15:48 +0800] "GET /xingrg/check_reg.html?_=1644718546297 HTTP/1.1" 200 22
222.70.243.96 - - [13/Feb/2022:10:15:51 +0800] "GET /xingrg/all/function/internal_message.html?_=1644718571001&CODE_STATE=getMsg HTTP/1.1" 302 -
58.39.168.32 - - [13/Feb/2022:10:15:54 +0800] "GET /xingrg/all/function/internal_message.html?_=1644718550858&CODE_STATE=getMsg HTTP/1.1" 200 27
101.83.241.237 - - [13/Feb/2022:10:15:54 +0800] "GET /xingrg/all/function/internal_message.html?_=1644718548783&CODE_STATE=getMsg HTTP/1.1" 200 27
222.70.243.96 - - [13/Feb/2022:10:15:55 +0800] "GET /xingrg/all/function/internal_message.html?_=1644718551672&CODE_STATE=getMsg HTTP/1.1" 200 27
120.253.135.82 - - [13/Feb/2022:10:15:56 +0800] "POST /xingrg/kc/pszx/mdps_order_operate.html HTTP/1.1" 200 37
120.253.135.82 - - [13/Feb/2022:10:15:56 +0800] "GET /xingrg/kc/pszx/mdps_order_info.html?code=312022021300166 HTTP/1.1" 200 23929
120.253.135.82 - - [13/Feb/2022:10:15:57 +0800] "GET /xingrg/javascript/easyui/themes/default/validatebox.css HTTP/1.1" 404 1104
120.253.135.82 - - [13/Feb/2022:10:15:57 +0800] "POST /xingrg/kc/pszx/mdps_order_operate.html HTTP/1.1" 200 2278
120.253.135.82 - - [13/Feb/2022:10:16:00 +0800] "GET /xingrg/all/function/internal_message.html?_=1644718685237&CODE_STATE=getMsg HTTP/1.1" 200 27
222.69.132.164 - - [13/Feb/2022:10:16:01 +0800] "POST /xingrg/login.do HTTP/1.1" 302 -
222.69.132.164 - - [13/Feb/2022:10:16:01 +0800] "GET /xingrg/index.html?sysBaseUrl=http%3A%2F%2F180.169.147.146%3A18081%2Fxingrg%2F&costTime=40×tamp=1644718561650 HTTP/1.1" 200 17179
222.69.132.164 - - [13/Feb/2022:10:16:01 +0800] "GET /xingrg/javascript/jquery_easy_ui/themes/icon.css HTTP/1.1" 200 3949
222.69.132.164 - - [13/Feb/2022:10:16:01 +0800] "GET /xingrg/css/form.css HTTP/1.1" 200 893
222.69.132.164 - - [13/Feb/2022:10:16:01 +0800] "GET /xingrg/javascript/jquery-1.4.2.min.js HTTP/1.1" 200 72205
222.69.132.164 - - [13/Feb/2022:10:16:01 +0800] "GET /xingrg/javascript/jquery_easy_ui/jquery.easyui.min.js HTTP/1.1" 200 213662
222.69.132.164 - - [13/Feb/2022:10:16:01 +0800] "GET /xingrg/javascript/jquery_easy_ui/easyui-lang-zh_CN.js HTTP/1.1" 200 1900
222.69.132.164 - - [13/Feb/2022:10:16:01 +0800] "GET /xingrg/javascript/jquery.utils.js HTTP/1.1" 200 11805
222.69.132.164 - - [13/Feb/2022:10:16:01 +0800] "GET /xingrg/javascript/jquery.timers.js HTTP/1.1" 200 3532
222.69.132.164 - - [13/Feb/2022:10:16:01 +0800] "GET /xingrg/javascript/jquery_easy_ui/themes/default/easyui.css HTTP/1.1" 200 26500
222.69.132.164 - - [13/Feb/2022:10:16:01 +0800] "GET /xingrg/javascript/jquery.form.js HTTP/1.1" 200 23110
222.69.132.164 - - [13/Feb/2022:10:16:01 +0800] "GET /favicon.ico HTTP/1.1" 404 -
222.69.132.164 - - [13/Feb/2022:10:16:01 +0800] "GET /xingrg/javascript/jquery_easy_ui/themes/icons/settle_new.png HTTP/1.1" 200 826
222.69.132.164 - - [13/Feb/2022:10:16:01 +0800] "GET /xingrg/images/blue/navBackgound.jpg HTTP/1.1" 200 12378
222.69.132.164 - - [13/Feb/2022:10:16:01 +0800] "POST /xingrg/all/common/load_tree.html?tree=area_rest_tree_json&manage=1 HTTP/1.1" 200 351
222.69.132.164 - - [13/Feb/2022:10:16:01 +0800] "GET /xingrg/all/function/internal_message.html?_=1644718627382&CODE_STATE=count HTTP/1.1" 200 11
222.69.132.164 - - [13/Feb/2022:10:16:01 +0800] "GET /xingrg/images/blue/pingpu.png HTTP/1.1" 200 231
222.69.132.164 - - [13/Feb/2022:10:16:01 +0800] "GET /xingrg/check_reg.html?_=1644718627383 HTTP/1.1" 200 22
222.69.132.164 - - [13/Feb/2022:10:16:01 +0800] "GET /xingrg/javascript/jquery_easy_ui/themes/default/images/tabs_leftarrow.png HTTP/1.1" 200 389
222.69.132.164 - - [13/Feb/2022:10:16:01 +0800] "GET /xingrg/javascript/jquery_easy_ui/themes/default/images/tabs_rightarrow.png HTTP/1.1" 200 395
222.69.132.164 - - [13/Feb/2022:10:16:01 +0800] "GET /xingrg/javascript/jquery_easy_ui/themes/default/images/panel_tool_collapse.gif HTTP/1.1" 200 246
222.69.132.164 - - [13/Feb/2022:10:16:01 +0800] "POST /xingrg/load_menu.html HTTP/1.1" 200 5138
222.69.132.164 - - [13/Feb/2022:10:16:02 +0800] "GET /xingrg/javascript/jquery_easy_ui/themes/default/images/tree_arrows.gif HTTP/1.1" 200 1043
222.69.132.164 - - [13/Feb/2022:10:16:02 +0800] "GET /xingrg/javascript/jquery_easy_ui/themes/default/images/tree_folder_open.gif HTTP/1.1" 200 956
222.69.132.164 - - [13/Feb/2022:10:16:02 +0800] "GET /xingrg/javascript/jquery_easy_ui/themes/icons/search_new.png HTTP/1.1" 200 586
222.69.132.164 - - [13/Feb/2022:10:16:02 +0800] "GET /xingrg/javascript/jquery_easy_ui/themes/default/images/tree_folder.gif HTTP/1.1" 200 952
222.69.132.164 - - [13/Feb/2022:10:16:02 +0800] "GET /xingrg/javascript/jquery_easy_ui/themes/icons/storage_new.png HTTP/1.1" 200 853
222.69.132.164 - - [13/Feb/2022:10:16:02 +0800] "GET /xingrg/javascript/jquery_easy_ui/themes/icons/forms_new.png HTTP/1.1" 200 350
222.69.132.164 - - [13/Feb/2022:10:16:02 +0800] "GET /xingrg/javascript/jquery_easy_ui/themes/default/images/tree_file.gif HTTP/1.1" 200 118
114.88.155.114 - - [13/Feb/2022:10:16:04 +0800] "GET /xingrg/all/function/internal_message.html?_=1644718346597&CODE_STATE=getMsg HTTP/1.1" 200 27
222.70.179.43 - - [13/Feb/2022:10:16:09 +0800] "GET /xingrg/all/function/internal_message.html?_=1644718562642&CODE_STATE=getMsg HTTP/1.1" 200 27
222.70.179.43 - - [13/Feb/2022:10:16:09 +0800] "GET /xingrg/check_reg.html?_=1644718562644 HTTP/1.1" 200 22
222.70.243.96 - - [13/Feb/2022:10:16:09 +0800] "GET /xingrg/kc/buy/cgsh_order_operate.html?command=get_materiel&rest_code=00146&code=00101007032&supplier_code=00100002&order_time=2022-02-13 HTTP/1.1" 200 432
101.85.120.86 - - [13/Feb/2022:10:16:11 +0800] "GET /xingrg/all/function/internal_message.html?_=1644718567481&CODE_STATE=getMsg HTTP/1.1" 200 27
120.253.135.82 - - [13/Feb/2022:10:16:14 +0800] "POST /xingrg/kc/pszx/mdps_order_operate.html HTTP/1.1" 200 37
120.253.135.82 - - [13/Feb/2022:10:16:15 +0800] "GET /xingrg/kc/pszx/mdps_order_info.html?code=312022021300166 HTTP/1.1" 200 23929
120.253.135.82 - - [13/Feb/2022:10:16:16 +0800] "GET /xingrg/javascript/easyui/themes/default/validatebox.css HTTP/1.1" 404 1104
120.253.135.82 - - [13/Feb/2022:10:16:16 +0800] "POST /xingrg/kc/pszx/mdps_order_operate.html HTTP/1.1" 200 2278
114.86.225.145 - - [13/Feb/2022:10:16:16 +0800] "GET /xingrg/all/function/internal_message.html?_=1644718572586&CODE_STATE=getMsg HTTP/1.1" 200 27
58.40.7.146 - - [13/Feb/2022:10:16:19 +0800] "GET /xingrg/all/function/internal_message.html?_=1644718575028&CODE_STATE=getMsg HTTP/1.1" 200 27
222.70.243.96 - - [13/Feb/2022:10:16:19 +0800] "GET /xingrg/all/function/internal_message.html?_=1644718598324&CODE_STATE=getMsg HTTP/1.1" 302 -
180.162.112.109 - - [13/Feb/2022:10:16:19 +0800] "GET /xingrg/all/function/internal_message.html?_=1644717954967&CODE_STATE=getMsg HTTP/1.1" 200 27
120.253.135.82 - - [13/Feb/2022:10:16:20 +0800] "GET /xingrg/all/function/internal_message.html?_=1644718571680&CODE_STATE=getMsg HTTP/1.1" 200 27
120.253.135.82 - - [13/Feb/2022:10:16:21 +0800] "GET /xingrg/kc/pszx/mdps_order_add.html HTTP/1.1" 200 28906
120.253.135.82 - - [13/Feb/2022:10:16:22 +0800] "POST /xingrg/kc/pszx/mdps_order_operate.html HTTP/1.1" 200 7126
120.253.135.82 - - [13/Feb/2022:10:16:22 +0800] "GET /xingrg/javascript/easyui/themes/default/validatebox.css HTTP/1.1" 404 1104
116.239.131.195 - - [13/Feb/2022:10:16:24 +0800] "GET /xingrg/kc/buy/cgsh_order_list.html HTTP/1.1" 200 49741
120.253.135.82 - - [13/Feb/2022:10:16:24 +0800] "POST /xingrg/all/common/load_combo.html?type=base HTTP/1.1" 200 1075
116.239.131.195 - - [13/Feb/2022:10:16:25 +0800] "POST /xingrg/kc/buy/cgsh_list_operate.html HTTP/1.1" 200 876
116.239.131.195 - - [13/Feb/2022:10:16:26 +0800] "GET /xingrg/check_reg.html?_=1644718612231 HTTP/1.1" 200 22
116.239.131.195 - - [13/Feb/2022:10:16:26 +0800] "GET /xingrg/kc/buy/cgsh_order_add.html HTTP/1.1" 200 65510
116.239.131.195 - - [13/Feb/2022:10:16:27 +0800] "POST /xingrg/kc/buy/cgsh_order_operate.html HTTP/1.1" 200 8245
116.239.131.195 - - [13/Feb/2022:10:16:28 +0800] "GET /xingrg/javascript/easyui/themes/default/validatebox.css HTTP/1.1" 404 1104
58.39.168.32 - - [13/Feb/2022:10:16:28 +0800] "GET /xingrg/all/function/internal_message.html?_=1644718522944&CODE_STATE=getMsg HTTP/1.1" 200 27
116.239.131.195 - - [13/Feb/2022:10:16:29 +0800] "GET /xingrg/javascript/easyui/themes/default/tree.css HTTP/1.1" 404 1090
116.239.131.195 - - [13/Feb/2022:10:16:29 +0800] "POST /xingrg/all/common/load_tree.html?tree=supplier_tree_json&isDelete=1 HTTP/1.1" 200 62150
120.253.135.82 - - [13/Feb/2022:10:16:33 +0800] "GET /xingrg/javascript/easyui/themes/default/tree.css HTTP/1.1" 404 1090
120.253.135.82 - - [13/Feb/2022:10:16:33 +0800] "POST /xingrg/all/common/load_tree.html?tree=area_rest_tree_json&only_rest=1 HTTP/1.1" 200 3351
116.239.131.195 - - [13/Feb/2022:10:16:33 +0800] "GET /xingrg/all/function/internal_message.html?_=1644718619075&CODE_STATE=getMsg HTTP/1.1" 200 27
222.70.243.96 - - [13/Feb/2022:10:16:41 +0800] "POST /xingrg/kc/buy/cgsh_order_operate.html HTTP/1.1" 200 37
180.152.99.39 - - [13/Feb/2022:10:16:42 +0800] "GET /xingrg/all/function/internal_message.html?_=1644718513055&CODE_STATE=getMsg HTTP/1.1" 200 27
222.70.243.96 - - [13/Feb/2022:10:16:44 +0800] "POST /xingrg/kc/buy/cgsh_order_operate.html HTTP/1.1" 200 5617
222.70.243.96 - - [13/Feb/2022:10:16:46 +0800] "GET /xingrg/kc/print/load_data.html?order_code=212022021303010&kc_code=cgsh&condition= HTTP/1.1" 200 1870
120.253.135.82 - - [13/Feb/2022:10:16:47 +0800] "GET /xingrg/kc/pszx/mdps_order_operate.html?command=get_materiel&pszx_code=00101&rest_code=00111&base_code=0010246&code=00101008001 HTTP/1.1" 200 435
124.79.79.90 - - [13/Feb/2022:10:16:48 +0800] "GET /xingrg/all/function/internal_message.html?_=1644718606298&CODE_STATE=getMsg HTTP/1.1" 200 27
222.70.243.96 - - [13/Feb/2022:10:16:51 +0800] "GET /xingrg/all/function/internal_message.html?_=1644718631037&CODE_STATE=getMsg HTTP/1.1" 302 -
222.70.243.96 - - [13/Feb/2022:10:16:52 +0800] "GET /xingrg/check_reg.html?_=1644718609320 HTTP/1.1" 200 22
58.39.168.32 - - [13/Feb/2022:10:16:54 +0800] "GET /xingrg/all/function/internal_message.html?_=1644718610811&CODE_STATE=getMsg HTTP/1.1" 200 27
101.83.241.237 - - [13/Feb/2022:10:16:54 +0800] "GET /xingrg/all/function/internal_message.html?_=1644718608767&CODE_STATE=getMsg HTTP/1.1" 200 27
222.70.243.96 - - [13/Feb/2022:10:16:55 +0800] "GET /xingrg/all/function/internal_message.html?_=1644718611685&CODE_STATE=getMsg HTTP/1.1" 200 27
120.253.135.82 - - [13/Feb/2022:10:17:00 +0800] "POST /xingrg/kc/pszx/mdps_order_operate.html HTTP/1.1" 200 37
120.253.135.82 - - [13/Feb/2022:10:17:00 +0800] "GET /xingrg/kc/pszx/mdps_order_info.html?code=312022021300167 HTTP/1.1" 200 23923
180.162.112.109 - - [13/Feb/2022:10:17:01 +0800] "POST /xingrg/kc/buy/cgsh_order_operate.html HTTP/1.1" 200 37
120.253.135.82 - - [13/Feb/2022:10:17:01 +0800] "GET /xingrg/javascript/easyui/themes/default/validatebox.css HTTP/1.1" 404 1104
120.253.135.82 - - [13/Feb/2022:10:17:01 +0800] "POST /xingrg/kc/pszx/mdps_order_operate.html HTTP/1.1" 200 2278
120.253.135.82 - - [13/Feb/2022:10:17:01 +0800] "GET /xingrg/all/function/internal_message.html?_=1644718746576&CODE_STATE=getMsg HTTP/1.1" 200 27
222.69.132.164 - - [13/Feb/2022:10:17:01 +0800] "GET /xingrg/all/function/internal_message.html?_=1644718687406&CODE_STATE=getMsg HTTP/1.1" 200 27
180.162.112.109 - - [13/Feb/2022:10:17:04 +0800] "POST /xingrg/kc/buy/cgsh_order_operate.html HTTP/1.1" 200 17406
114.88.155.114 - - [13/Feb/2022:10:17:04 +0800] "GET /xingrg/all/function/internal_message.html?_=1644718406577&CODE_STATE=getMsg HTTP/1.1" 200 27
120.253.135.82 - - [13/Feb/2022:10:17:05 +0800] "POST /xingrg/kc/pszx/mdps_order_operate.html HTTP/1.1" 200 37
120.253.135.82 - - [13/Feb/2022:10:17:07 +0800] "GET /xingrg/kc/pszx/mdps_order_info.html?code=312022021300167 HTTP/1.1" 200 23923
120.253.135.82 - - [13/Feb/2022:10:17:08 +0800] "GET /xingrg/javascript/easyui/themes/default/validatebox.css HTTP/1.1" 404 1104
120.253.135.82 - - [13/Feb/2022:10:17:08 +0800] "POST /xingrg/kc/pszx/mdps_order_operate.html HTTP/1.1" 200 2278
222.70.179.43 - - [13/Feb/2022:10:17:09 +0800] "GET /xingrg/all/function/internal_message.html?_=1644718622639&CODE_STATE=getMsg HTTP/1.1" 200 27
101.85.120.86 - - [13/Feb/2022:10:17:11 +0800] "GET /xingrg/all/function/internal_message.html?_=1644718627482&CODE_STATE=getMsg HTTP/1.1" 200 27
222.70.243.96 - - [13/Feb/2022:10:17:12 +0800] "POST /xingrg/kc/buy/cgsh_order_operate.html HTTP/1.1" 200 37
222.70.243.96 - - [13/Feb/2022:10:17:14 +0800] "POST /xingrg/kc/buy/cgsh_order_operate.html HTTP/1.1" 200 5617
222.70.243.96 - - [13/Feb/2022:10:17:15 +0800] "GET /xingrg/kc/buy/cgsh_order_add.html HTTP/1.1" 200 65516
180.162.112.109 - - [13/Feb/2022:10:17:15 +0800] "POST /xingrg/kc/buy/cgsh_order_operate.html HTTP/1.1" 200 37
222.70.243.96 - - [13/Feb/2022:10:17:15 +0800] "POST /xingrg/kc/buy/cgsh_order_operate.html HTTP/1.1" 200 8245
222.70.243.96 - - [13/Feb/2022:10:17:16 +0800] "GET /xingrg/javascript/easyui/themes/default/validatebox.css HTTP/1.1" 404 1104
114.86.225.145 - - [13/Feb/2022:10:17:16 +0800] "GET /xingrg/all/function/internal_message.html?_=1644718632588&CODE_STATE=getMsg HTTP/1.1" 200 27
180.162.112.109 - - [13/Feb/2022:10:17:18 +0800] "POST /xingrg/kc/buy/cgsh_order_operate.html HTTP/1.1" 200 12
58.40.7.146 - - [13/Feb/2022:10:17:19 +0800] "GET /xingrg/all/function/internal_message.html?_=1644718635030&CODE_STATE=getMsg HTTP/1.1" 200 27
222.70.243.96 - - [13/Feb/2022:10:17:19 +0800] "GET /xingrg/all/function/internal_message.html?_=1644718658331&CODE_STATE=getMsg HTTP/1.1" 302 -
120.253.135.82 - - [13/Feb/2022:10:17:19 +0800] "GET /xingrg/check_reg.html?_=1644718631081 HTTP/1.1" 200 22
120.253.135.82 - - [13/Feb/2022:10:17:20 +0800] "GET /xingrg/all/function/internal_message.html?_=1644718631694&CODE_STATE=getMsg HTTP/1.1" 200 27
180.162.112.109 - - [13/Feb/2022:10:17:20 +0800] "GET /xingrg/kc/buy/cgsh_order_info.html?code=212022020701092 HTTP/1.1" 200 59504
180.162.112.109 - - [13/Feb/2022:10:17:20 +0800] "GET /xingrg/javascript/easyui/themes/default/validatebox.css HTTP/1.1" 404 1104
180.162.112.109 - - [13/Feb/2022:10:17:21 +0800] "POST /xingrg/kc/buy/cgsh_order_operate.html HTTP/1.1" 200 15344
120.253.135.82 - - [13/Feb/2022:10:17:26 +0800] "POST /xingrg/kc/pszx/mdps_list_operate.html HTTP/1.1" 200 5443
222.70.243.96 - - [13/Feb/2022:10:17:27 +0800] "GET /xingrg/check_reg.html?_=1644718666217 HTTP/1.1" 302 -
58.39.168.32 - - [13/Feb/2022:10:17:28 +0800] "GET /xingrg/all/function/internal_message.html?_=1644718582945&CODE_STATE=getMsg HTTP/1.1" 200 27
180.162.112.109 - - [13/Feb/2022:10:17:30 +0800] "GET /xingrg/kc/print/load_data.html?order_code=212022020701092&kc_code=cgsh&condition= HTTP/1.1" 200 6290
116.239.131.195 - - [13/Feb/2022:10:17:33 +0800] "GET /xingrg/all/function/internal_message.html?_=1644718679090&CODE_STATE=getMsg HTTP/1.1" 200 27
58.39.168.32 - - [13/Feb/2022:10:17:36 +0800] "POST /xingrg/kc/buy/cgsh_order_operate.html HTTP/1.1" 200 37
58.39.168.32 - - [13/Feb/2022:10:17:38 +0800] "POST /xingrg/kc/buy/cgsh_order_operate.html HTTP/1.1" 200 8585
120.253.135.82 - - [13/Feb/2022:10:17:38 +0800] "POST /xingrg/kc/pszx/mdps_list_operate.html HTTP/1.1" 200 4313
58.39.168.32 - - [13/Feb/2022:10:17:39 +0800] "GET /xingrg/kc/print/load_data.html?order_code=212022021303011&kc_code=cgsh&condition= HTTP/1.1" 200 2925
222.70.243.96 - - [13/Feb/2022:10:17:41 +0800] "GET /xingrg/kc/buy/cgsh_order_operate.html?command=get_materiel&rest_code=00146&code=00101016105&supplier_code=00100033&order_time=2022-02-13 HTTP/1.1" 200 429
180.152.99.39 - - [13/Feb/2022:10:17:42 +0800] "GET /xingrg/all/function/internal_message.html?_=1644718573059&CODE_STATE=getMsg HTTP/1.1" 200 27
120.253.135.82 - - [13/Feb/2022:10:17:43 +0800] "POST /xingrg/kc/pszx/mdps_list_operate.html HTTP/1.1" 200 5524
124.79.79.90 - - [13/Feb/2022:10:17:48 +0800] "GET /xingrg/all/function/internal_message.html?_=1644718666300&CODE_STATE=getMsg HTTP/1.1" 200 27
120.253.135.82 - - [13/Feb/2022:10:17:50 +0800] "POST /xingrg/kc/pszx/mdps_list_operate.html HTTP/1.1" 200 284
222.70.243.96 - - [13/Feb/2022:10:17:51 +0800] "GET /xingrg/all/function/internal_message.html?_=1644718691044&CODE_STATE=getMsg HTTP/1.1" 302 -
58.39.168.32 - - [13/Feb/2022:10:17:54 +0800] "GET /xingrg/check_reg.html?_=1644718670823 HTTP/1.1" 200 22
58.39.168.32 - - [13/Feb/2022:10:17:54 +0800] "GET /xingrg/all/function/internal_message.html?_=1644718670826&CODE_STATE=getMsg HTTP/1.1" 200 27
101.83.241.237 - - [13/Feb/2022:10:17:54 +0800] "GET /xingrg/all/function/internal_message.html?_=1644718668750&CODE_STATE=getMsg HTTP/1.1" 200 27
222.70.243.96 - - [13/Feb/2022:10:17:55 +0800] "GET /xingrg/all/function/internal_message.html?_=1644718671710&CODE_STATE=getMsg HTTP/1.1" 200 27
120.253.135.82 - - [13/Feb/2022:10:17:55 +0800] "POST /xingrg/kc/pszx/mdps_list_operate.html HTTP/1.1" 200 5527
120.253.135.82 - - [13/Feb/2022:10:18:00 +0800] "POST /xingrg/kc/pszx/mdps_list_operate.html HTTP/1.1" 200 202
222.70.243.96 - - [13/Feb/2022:10:18:00 +0800] "GET /xingrg/kc/buy/cgsh_order_operate.html?command=get_materiel&rest_code=00146&code=00101012025&supplier_code=00100033&order_time=2022-02-13 HTTP/1.1" 200 432
120.253.135.82 - - [13/Feb/2022:10:18:00 +0800] "GET /xingrg/kc/pszx/mdps_order_info.html?code=312022021300166 HTTP/1.1" 200 23929
120.253.135.82 - - [13/Feb/2022:10:18:00 +0800] "GET /xingrg/javascript/easyui/themes/default/validatebox.css HTTP/1.1" 404 1104
120.253.135.82 - - [13/Feb/2022:10:18:00 +0800] "POST /xingrg/kc/pszx/mdps_order_operate.html HTTP/1.1" 200 2278
120.253.135.82 - - [13/Feb/2022:10:18:01 +0800] "GET /xingrg/all/function/internal_message.html?_=1644718806589&CODE_STATE=getMsg HTTP/1.1" 200 27
222.69.132.164 - - [13/Feb/2022:10:18:01 +0800] "GET /xingrg/all/function/internal_message.html?_=1644718747387&CODE_STATE=getMsg HTTP/1.1" 200 27
114.88.155.114 - - [13/Feb/2022:10:18:04 +0800] "GET /xingrg/all/function/internal_message.html?_=1644718466558&CODE_STATE=getMsg HTTP/1.1" 200 27
120.253.135.82 - - [13/Feb/2022:10:18:04 +0800] "POST /xingrg/kc/pszx/mdps_list_operate.html HTTP/1.1" 200 5527
114.88.155.114 - - [13/Feb/2022:10:18:04 +0800] "GET /xingrg/check_reg.html?_=1644718466738 HTTP/1.1" 200 22
172.20.0.100 - - [13/Feb/2022:10:18:05 +0800] "GET /xingrg/check_reg.html?_=1644718680381 HTTP/1.1" 200 22
222.70.179.43 - - [13/Feb/2022:10:18:09 +0800] "GET /xingrg/all/function/internal_message.html?_=1644718682650&CODE_STATE=getMsg HTTP/1.1" 200 27
120.253.135.82 - - [13/Feb/2022:10:18:09 +0800] "POST /xingrg/kc/pszx/mdps_list_operate.html HTTP/1.1" 200 203
120.253.135.82 - - [13/Feb/2022:10:18:09 +0800] "GET /xingrg/kc/pszx/mdps_order_info.html?code=312022021300165 HTTP/1.1" 200 23929
120.253.135.82 - - [13/Feb/2022:10:18:10 +0800] "GET /xingrg/javascript/easyui/themes/default/validatebox.css HTTP/1.1" 404 1104
120.253.135.82 - - [13/Feb/2022:10:18:10 +0800] "POST /xingrg/kc/pszx/mdps_order_operate.html HTTP/1.1" 200 2279
101.85.120.86 - - [13/Feb/2022:10:18:11 +0800] "GET /xingrg/check_reg.html?_=1644718687481 HTTP/1.1" 200 22
101.85.120.86 - - [13/Feb/2022:10:18:11 +0800] "GET /xingrg/all/function/internal_message.html?_=1644718687484&CODE_STATE=getMsg HTTP/1.1" 200 27
114.86.225.145 - - [13/Feb/2022:10:18:16 +0800] "GET /xingrg/all/function/internal_message.html?_=1644718692583&CODE_STATE=getMsg HTTP/1.1" 200 27
114.86.225.145 - - [13/Feb/2022:10:18:16 +0800] "GET /xingrg/check_reg.html?_=1644718692584 HTTP/1.1" 200 22
120.253.135.82 - - [13/Feb/2022:10:18:17 +0800] "POST /xingrg/kc/pszx/mdps_list_operate.html HTTP/1.1" 200 5527
58.40.7.146 - - [13/Feb/2022:10:18:19 +0800] "GET /xingrg/check_reg.html?_=1644718695016 HTTP/1.1" 200 22
58.40.7.146 - - [13/Feb/2022:10:18:19 +0800] "GET /xingrg/all/function/internal_message.html?_=1644718695018&CODE_STATE=getMsg HTTP/1.1" 200 27
222.70.243.96 - - [13/Feb/2022:10:18:19 +0800] "GET /xingrg/all/function/internal_message.html?_=1644718718353&CODE_STATE=getMsg HTTP/1.1" 302 -
180.162.112.109 - - [13/Feb/2022:10:18:19 +0800] "GET /xingrg/all/function/internal_message.html?_=1644718074989&CODE_STATE=getMsg HTTP/1.1" 200 27
120.253.135.82 - - [13/Feb/2022:10:18:20 +0800] "GET /xingrg/all/function/internal_message.html?_=1644718691707&CODE_STATE=getMsg HTTP/1.1" 200 27
120.253.135.82 - - [13/Feb/2022:10:18:20 +0800] "POST /xingrg/kc/pszx/mdps_list_operate.html HTTP/1.1" 200 202
120.253.135.82 - - [13/Feb/2022:10:18:21 +0800] "GET /xingrg/kc/pszx/mdps_order_info.html?code=312022021300158 HTTP/1.1" 200 23929
120.253.135.82 - - [13/Feb/2022:10:18:21 +0800] "GET /xingrg/javascript/easyui/themes/default/validatebox.css HTTP/1.1" 404 1104
120.253.135.82 - - [13/Feb/2022:10:18:21 +0800] "POST /xingrg/kc/pszx/mdps_order_operate.html HTTP/1.1" 200 2278
120.253.135.82 - - [13/Feb/2022:10:18:24 +0800] "POST /xingrg/kc/pszx/mdps_list_operate.html HTTP/1.1" 200 5527
222.70.243.96 - - [13/Feb/2022:10:18:26 +0800] "GET /xingrg/kc/buy/cgsh_order_operate.html?command=get_materiel&rest_code=00146&code=00101012030&supplier_code=00100033&order_time=2022-02-13 HTTP/1.1" 200 437
120.253.135.82 - - [13/Feb/2022:10:18:26 +0800] "GET /xingrg/check_reg.html?_=1644718496965 HTTP/1.1" 200 22
120.253.135.82 - - [13/Feb/2022:10:18:28 +0800] "POST /xingrg/kc/pszx/mdps_list_operate.html HTTP/1.1" 200 203
120.253.135.82 - - [13/Feb/2022:10:18:28 +0800] "GET /xingrg/kc/pszx/mdps_order_info.html?code=312022021300159 HTTP/1.1" 200 23929
58.39.168.32 - - [13/Feb/2022:10:18:28 +0800] "GET /xingrg/all/function/internal_message.html?_=1644718642946&CODE_STATE=getMsg HTTP/1.1" 200 27
120.253.135.82 - - [13/Feb/2022:10:18:28 +0800] "GET /xingrg/javascript/easyui/themes/default/validatebox.css HTTP/1.1" 404 1104
120.253.135.82 - - [13/Feb/2022:10:18:28 +0800] "POST /xingrg/kc/pszx/mdps_order_operate.html HTTP/1.1" 200 2279
120.253.135.82 - - [13/Feb/2022:10:18:31 +0800] "POST /xingrg/kc/pszx/mdps_list_operate.html HTTP/1.1" 200 5527
116.239.131.195 - - [13/Feb/2022:10:18:33 +0800] "GET /xingrg/all/function/internal_message.html?_=1644718739396&CODE_STATE=getMsg HTTP/1.1" 200 27
120.253.135.82 - - [13/Feb/2022:10:18:38 +0800] "POST /xingrg/kc/pszx/mdps_list_operate.html HTTP/1.1" 200 5539
120.253.135.82 - - [13/Feb/2022:10:18:40 +0800] "POST /xingrg/kc/pszx/mdps_list_operate.html HTTP/1.1" 200 203
120.253.135.82 - - [13/Feb/2022:10:18:41 +0800] "GET /xingrg/kc/pszx/mdps_order_info.html?code=312022021300156 HTTP/1.1" 200 23923
120.253.135.82 - - [13/Feb/2022:10:18:41 +0800] "GET /xingrg/javascript/easyui/themes/default/validatebox.css HTTP/1.1" 404 1104
120.253.135.82 - - [13/Feb/2022:10:18:41 +0800] "POST /xingrg/kc/pszx/mdps_order_operate.html HTTP/1.1" 200 2279
