114.83.217.174 - - [11/Feb/2022:10:21:09 +0800] "GET /xingrg/all/function/internal_message.html?_=1644546065072&CODE_STATE=getMsg HTTP/1.1" 200 27
120.253.135.82 - - [11/Feb/2022:10:21:16 +0800] "GET /xingrg/all/function/internal_message.html?_=1644546071183&CODE_STATE=getMsg HTTP/1.1" 200 27
58.40.7.146 - - [11/Feb/2022:10:21:16 +0800] "GET /xingrg/all/function/internal_message.html?_=1644546073829&CODE_STATE=getMsg HTTP/1.1" 200 27
172.20.0.100 - - [11/Feb/2022:10:21:17 +0800] "GET /xingrg/all/function/internal_message.html?_=1644546073985&CODE_STATE=getMsg HTTP/1.1" 200 27
172.20.0.100 - - [11/Feb/2022:10:21:17 +0800] "GET /xingrg/check_reg.html?_=1644546073987 HTTP/1.1" 200 22
172.20.0.100 - - [11/Feb/2022:10:21:18 +0800] "POST /xingrg/load_menu.html HTTP/1.1" 200 10512
172.20.0.100 - - [11/Feb/2022:10:21:22 +0800] "GET /xingrg/all/report/report_query.html?fileName=dma/new_5.0/menu/menu_category_hz.xml HTTP/1.1" 200 52989
172.20.0.100 - - [11/Feb/2022:10:21:22 +0800] "GET /xingrg/dwr/interface/AjaxReportQueryService.js HTTP/1.1" 200 13203
172.20.0.100 - - [11/Feb/2022:10:21:22 +0800] "GET /xingrg/dwr/engine.js HTTP/1.1" 200 43631
172.20.0.100 - - [11/Feb/2022:10:21:22 +0800] "POST /xingrg/dwr/call/plaincall/AjaxReportQueryService.getFixDate.dwr HTTP/1.1" 200 111
172.20.0.100 - - [11/Feb/2022:10:21:23 +0800] "POST /xingrg/all/common/load_tree.html?tree=area_station_tree_json&manage=1 HTTP/1.1" 200 3364
172.20.0.100 - - [11/Feb/2022:10:21:23 +0800] "GET /xingrg/javascript/jquery_easy_ui/themes/default/images/combo_arrow_dot.gif HTTP/1.1" 200 79
172.20.0.100 - - [11/Feb/2022:10:21:24 +0800] "GET /xingrg/all/report/report_query.html?fileName=dma/new_5.0/menu/menu_hz.xml HTTP/1.1" 200 53622
172.20.0.100 - - [11/Feb/2022:10:21:24 +0800] "GET /xingrg/dwr/interface/AjaxReportQueryService.js HTTP/1.1" 200 13203
172.20.0.100 - - [11/Feb/2022:10:21:24 +0800] "GET /xingrg/dwr/engine.js HTTP/1.1" 200 43631
172.20.0.100 - - [11/Feb/2022:10:21:24 +0800] "POST /xingrg/dwr/call/plaincall/AjaxReportQueryService.getFixDate.dwr HTTP/1.1" 200 111
172.20.0.100 - - [11/Feb/2022:10:21:24 +0800] "POST /xingrg/all/common/load_tree.html?tree=area_station_tree_json&manage=1 HTTP/1.1" 200 3364
172.20.0.100 - - [11/Feb/2022:10:21:25 +0800] "POST /xingrg/dwr/call/plaincall/AjaxReportQueryService.getFixDate.dwr HTTP/1.1" 200 111
172.20.0.100 - - [11/Feb/2022:10:21:27 +0800] "POST /xingrg/dwr/call/plaincall/AjaxReportQueryService.queryInitializeString.dwr HTTP/1.1" 200 996
222.70.243.96 - - [11/Feb/2022:10:21:29 +0800] "GET /xingrg/check_reg.html?_=1644546104816 HTTP/1.1" 200 22
180.152.99.39 - - [11/Feb/2022:10:21:31 +0800] "GET /xingrg/all/function/internal_message.html?_=1644546005159&CODE_STATE=getMsg HTTP/1.1" 200 27
222.70.243.96 - - [11/Feb/2022:10:21:31 +0800] "GET /xingrg/all/function/internal_message.html?_=1644546106983&CODE_STATE=getMsg HTTP/1.1" 200 27
222.70.223.103 - - [11/Feb/2022:10:21:34 +0800] "GET /xingrg/all/function/internal_message.html?_=1644546091009&CODE_STATE=getMsg HTTP/1.1" 200 27
172.20.0.100 - - [11/Feb/2022:10:21:35 +0800] "POST /xingrg/dwr/call/plaincall/AjaxReportQueryService.refreshCache.dwr HTTP/1.1" 200 78
114.88.155.114 - - [11/Feb/2022:10:21:35 +0800] "GET /xingrg/kc/buy/buy_main.html HTTP/1.1" 200 12412
114.88.155.114 - - [11/Feb/2022:10:21:35 +0800] "GET /xingrg/css/new_ie.css HTTP/1.1" 404 1036
172.20.0.100 - - [11/Feb/2022:10:21:36 +0800] "POST /xingrg/all/report/load_report_page.html HTTP/1.1" 200 22203
172.20.0.100 - - [11/Feb/2022:10:21:36 +0800] "GET /xingrg/servlets/image?cache=0.4829705552904088&image=px HTTP/1.1" 200 807
114.88.155.114 - - [11/Feb/2022:10:21:36 +0800] "GET /xingrg/images/yd/bt.gif HTTP/1.1" 404 1040
114.88.155.114 - - [11/Feb/2022:10:21:36 +0800] "GET /xingrg/kc/buy/cgsh_order_list.html HTTP/1.1" 200 49747
114.88.155.114 - - [11/Feb/2022:10:21:40 +0800] "POST /xingrg/kc/buy/cgsh_list_operate.html HTTP/1.1" 200 2071
120.253.135.82 - - [11/Feb/2022:10:21:41 +0800] "GET /xingrg/all/function/internal_message.html?_=1644546229453&CODE_STATE=getMsg HTTP/1.1" 200 27
114.88.155.114 - - [11/Feb/2022:10:21:43 +0800] "POST /xingrg/kc/buy/cgsh_list_operate.html HTTP/1.1" 200 574
172.20.0.100 - - [11/Feb/2022:10:21:44 +0800] "GET /xingrg/all/function/internal_message.html?_=1644546101780&CODE_STATE=getMsg HTTP/1.1" 200 27
114.88.155.114 - - [11/Feb/2022:10:21:44 +0800] "GET /xingrg/kc/buy/cgsh_order_info.html?code=212022020801460 HTTP/1.1" 200 65570
114.88.155.114 - - [11/Feb/2022:10:21:44 +0800] "GET /xingrg/javascript/easyui/themes/default/validatebox.css HTTP/1.1" 404 1104
114.88.155.114 - - [11/Feb/2022:10:21:45 +0800] "POST /xingrg/kc/buy/cgsh_order_operate.html HTTP/1.1" 200 6809
180.169.147.146 - - [11/Feb/2022:10:21:45 +0800] "GET /xingrg/all/function/internal_message.html?_=1644546103016&CODE_STATE=getMsg HTTP/1.1" 200 27
180.171.133.9 - - [11/Feb/2022:10:21:46 +0800] "POST /xingrg/services/DataTransmitService HTTP/1.1" 200 524
180.171.133.9 - - [11/Feb/2022:10:21:46 +0800] "POST /xingrg/services/DataTransmitService HTTP/1.1" 200 2071
180.171.133.9 - - [11/Feb/2022:10:21:47 +0800] "POST /xingrg/services/DataTransmitService HTTP/1.1" 200 162736
58.39.168.32 - - [11/Feb/2022:10:21:49 +0800] "GET /xingrg/all/function/internal_message.html?_=1644546107199&CODE_STATE=getMsg HTTP/1.1" 200 27
114.88.155.114 - - [11/Feb/2022:10:21:50 +0800] "GET /xingrg/all/function/internal_message.html?_=1644545894594&CODE_STATE=getMsg HTTP/1.1" 200 27
114.86.225.240 - - [11/Feb/2022:10:21:51 +0800] "GET /xingrg/all/function/internal_message.html?_=1644546110091&CODE_STATE=getMsg HTTP/1.1" 200 27
222.70.223.103 - - [11/Feb/2022:10:21:51 +0800] "GET /xingrg/check_reg.html?_=1644546107315 HTTP/1.1" 200 22
101.85.120.86 - - [11/Feb/2022:10:21:52 +0800] "GET /xingrg/all/function/internal_message.html?_=1644546109740&CODE_STATE=getMsg HTTP/1.1" 200 27
114.88.155.114 - - [11/Feb/2022:10:21:56 +0800] "POST /xingrg/kc/buy/cgsh_order_operate.html HTTP/1.1" 200 37
222.70.179.43 - - [11/Feb/2022:10:21:56 +0800] "GET /xingrg/all/function/internal_message.html?_=1644546111786&CODE_STATE=getMsg HTTP/1.1" 200 27
222.70.243.96 - - [11/Feb/2022:10:21:57 +0800] "GET /xingrg/all/function/internal_message.html?_=1644546130442&CODE_STATE=getMsg HTTP/1.1" 302 -
120.253.135.82 - - [11/Feb/2022:10:21:57 +0800] "GET /xingrg/all/function/internal_message.html?_=1644545908332&CODE_STATE=getMsg HTTP/1.1" 200 27
116.239.131.195 - - [11/Feb/2022:10:21:58 +0800] "GET /xingrg/all/function/internal_message.html?_=1644546143421&CODE_STATE=getMsg HTTP/1.1" 200 27
114.88.155.114 - - [11/Feb/2022:10:22:00 +0800] "POST /xingrg/kc/buy/cgsh_order_operate.html HTTP/1.1" 200 12
114.88.155.114 - - [11/Feb/2022:10:22:01 +0800] "GET /xingrg/kc/buy/cgsh_order_info.html?code=212022020801460 HTTP/1.1" 200 60470
114.88.155.114 - - [11/Feb/2022:10:22:01 +0800] "GET /xingrg/javascript/easyui/themes/default/validatebox.css HTTP/1.1" 404 1104
114.88.155.114 - - [11/Feb/2022:10:22:02 +0800] "POST /xingrg/kc/buy/cgsh_order_operate.html HTTP/1.1" 200 4755
124.79.79.90 - - [11/Feb/2022:10:22:04 +0800] "GET /xingrg/all/function/internal_message.html?_=1644546122287&CODE_STATE=getMsg HTTP/1.1" 200 27
114.83.217.174 - - [11/Feb/2022:10:22:05 +0800] "GET /xingrg/check_reg.html?_=1644546120984 HTTP/1.1" 200 22
114.83.217.174 - - [11/Feb/2022:10:22:09 +0800] "GET /xingrg/all/function/internal_message.html?_=1644546125043&CODE_STATE=getMsg HTTP/1.1" 200 27
114.88.155.114 - - [11/Feb/2022:10:22:09 +0800] "POST /xingrg/kc/buy/cgsh_list_operate.html HTTP/1.1" 200 1701
114.88.155.114 - - [11/Feb/2022:10:22:11 +0800] "POST /xingrg/kc/buy/cgsh_list_operate.html HTTP/1.1" 200 204
114.88.155.114 - - [11/Feb/2022:10:22:13 +0800] "GET /xingrg/kc/buy/cgsh_order_info.html?code=212022021001966 HTTP/1.1" 200 65576
114.88.155.114 - - [11/Feb/2022:10:22:13 +0800] "GET /xingrg/javascript/easyui/themes/default/validatebox.css HTTP/1.1" 404 1104
114.88.155.114 - - [11/Feb/2022:10:22:14 +0800] "POST /xingrg/kc/buy/cgsh_order_operate.html HTTP/1.1" 200 2660
120.253.135.82 - - [11/Feb/2022:10:22:14 +0800] "GET /xingrg/check_reg.html?_=1644546129703 HTTP/1.1" 200 22
120.253.135.82 - - [11/Feb/2022:10:22:16 +0800] "GET /xingrg/all/function/internal_message.html?_=1644546131237&CODE_STATE=getMsg HTTP/1.1" 200 27
58.40.7.146 - - [11/Feb/2022:10:22:16 +0800] "GET /xingrg/all/function/internal_message.html?_=1644546133830&CODE_STATE=getMsg HTTP/1.1" 200 27
172.20.0.100 - - [11/Feb/2022:10:22:17 +0800] "GET /xingrg/all/function/internal_message.html?_=1644546133992&CODE_STATE=getMsg HTTP/1.1" 200 27
180.171.133.9 - - [11/Feb/2022:10:22:23 +0800] "POST /xingrg/services/DataTransmitService HTTP/1.1" 200 524
180.171.133.9 - - [11/Feb/2022:10:22:24 +0800] "POST /xingrg/services/DataTransmitService HTTP/1.1" 200 2071
180.171.133.9 - - [11/Feb/2022:10:22:24 +0800] "POST /xingrg/services/DataTransmitService HTTP/1.1" 200 524
222.70.243.96 - - [11/Feb/2022:10:22:25 +0800] "GET /xingrg/check_reg.html?_=1644546158243 HTTP/1.1" 302 -
180.171.133.9 - - [11/Feb/2022:10:22:25 +0800] "POST /xingrg/services/DataTransmitService HTTP/1.1" 200 2071
180.152.99.39 - - [11/Feb/2022:10:22:30 +0800] "GET /xingrg/check_reg.html?_=1644546064224 HTTP/1.1" 200 22
180.152.99.39 - - [11/Feb/2022:10:22:31 +0800] "GET /xingrg/all/function/internal_message.html?_=1644546065172&CODE_STATE=getMsg HTTP/1.1" 200 27
222.70.243.96 - - [11/Feb/2022:10:22:31 +0800] "GET /xingrg/all/function/internal_message.html?_=1644546166997&CODE_STATE=getMsg HTTP/1.1" 200 27
222.70.223.103 - - [11/Feb/2022:10:22:34 +0800] "GET /xingrg/all/function/internal_message.html?_=1644546150992&CODE_STATE=getMsg HTTP/1.1" 200 27
114.88.155.114 - - [11/Feb/2022:10:22:41 +0800] "POST /xingrg/kc/buy/cgsh_order_operate.html HTTP/1.1" 200 37
120.253.135.82 - - [11/Feb/2022:10:22:41 +0800] "GET /xingrg/all/function/internal_message.html?_=1644546289468&CODE_STATE=getMsg HTTP/1.1" 200 27
172.20.0.100 - - [11/Feb/2022:10:22:44 +0800] "GET /xingrg/all/function/internal_message.html?_=1644546161792&CODE_STATE=getMsg HTTP/1.1" 200 27
124.78.153.118 - - [11/Feb/2022:10:22:45 +0800] "GET /xingrg/login.html HTTP/1.1" 200 7641
180.169.147.146 - - [11/Feb/2022:10:22:45 +0800] "GET /xingrg/all/function/internal_message.html?_=1644546163017&CODE_STATE=getMsg HTTP/1.1" 200 27
58.39.168.32 - - [11/Feb/2022:10:22:49 +0800] "GET /xingrg/all/function/internal_message.html?_=1644546167199&CODE_STATE=getMsg HTTP/1.1" 200 27
114.88.155.114 - - [11/Feb/2022:10:22:50 +0800] "GET /xingrg/all/function/internal_message.html?_=1644545954584&CODE_STATE=getMsg HTTP/1.1" 200 27
114.86.225.240 - - [11/Feb/2022:10:22:51 +0800] "GET /xingrg/all/function/internal_message.html?_=1644546170096&CODE_STATE=getMsg HTTP/1.1" 200 27
114.88.155.114 - - [11/Feb/2022:10:22:52 +0800] "POST /xingrg/kc/buy/cgsh_order_operate.html HTTP/1.1" 200 12
101.85.120.86 - - [11/Feb/2022:10:22:52 +0800] "GET /xingrg/all/function/internal_message.html?_=1644546169740&CODE_STATE=getMsg HTTP/1.1" 200 27
114.88.155.114 - - [11/Feb/2022:10:22:53 +0800] "GET /xingrg/kc/buy/cgsh_order_info.html?code=212022021001966 HTTP/1.1" 200 60476
114.88.155.114 - - [11/Feb/2022:10:22:54 +0800] "GET /xingrg/javascript/easyui/themes/default/validatebox.css HTTP/1.1" 404 1104
114.88.155.114 - - [11/Feb/2022:10:22:55 +0800] "POST /xingrg/kc/buy/cgsh_order_operate.html HTTP/1.1" 200 610
222.70.179.43 - - [11/Feb/2022:10:22:56 +0800] "GET /xingrg/all/function/internal_message.html?_=1644546171770&CODE_STATE=getMsg HTTP/1.1" 200 27
222.70.179.43 - - [11/Feb/2022:10:22:56 +0800] "GET /xingrg/check_reg.html?_=1644546171913 HTTP/1.1" 200 22
222.70.243.96 - - [11/Feb/2022:10:22:57 +0800] "GET /xingrg/all/function/internal_message.html?_=1644546190442&CODE_STATE=getMsg HTTP/1.1" 302 -
120.253.135.82 - - [11/Feb/2022:10:22:57 +0800] "GET /xingrg/all/function/internal_message.html?_=1644545968347&CODE_STATE=getMsg HTTP/1.1" 200 27
116.239.131.195 - - [11/Feb/2022:10:22:59 +0800] "GET /xingrg/all/function/internal_message.html?_=1644546204062&CODE_STATE=getMsg HTTP/1.1" 200 27
124.78.153.118 - - [11/Feb/2022:10:23:03 +0800] "GET /favicon.ico HTTP/1.1" 404 -
124.79.79.90 - - [11/Feb/2022:10:23:04 +0800] "GET /xingrg/all/function/internal_message.html?_=1644546182294&CODE_STATE=getMsg HTTP/1.1" 200 27
124.78.153.118 - - [11/Feb/2022:10:23:04 +0800] "GET /xingrg/login.html HTTP/1.1" 200 7641
124.78.153.118 - - [11/Feb/2022:10:23:07 +0800] "GET /favicon.ico HTTP/1.1" 404 -
114.83.217.174 - - [11/Feb/2022:10:23:09 +0800] "GET /xingrg/all/function/internal_message.html?_=1644546185027&CODE_STATE=getMsg HTTP/1.1" 200 27
124.78.153.118 - - [11/Feb/2022:10:23:11 +0800] "POST /xingrg/login.do HTTP/1.1" 302 -
124.78.153.118 - - [11/Feb/2022:10:23:11 +0800] "GET /xingrg/index.html?sysBaseUrl=http%3A%2F%2F180.169.147.146%3A18081%2Fxingrg%2F&costTime=43×tamp=1644546191810 HTTP/1.1" 200 17173
124.78.153.118 - - [11/Feb/2022:10:23:13 +0800] "GET /favicon.ico HTTP/1.1" 404 -
124.78.153.118 - - [11/Feb/2022:10:23:14 +0800] "POST /xingrg/all/common/load_tree.html?tree=area_rest_tree_json&manage=1 HTTP/1.1" 200 342
120.253.135.82 - - [11/Feb/2022:10:23:16 +0800] "GET /xingrg/all/function/internal_message.html?_=1644546191245&CODE_STATE=getMsg HTTP/1.1" 200 27
58.40.7.146 - - [11/Feb/2022:10:23:16 +0800] "GET /xingrg/check_reg.html?_=1644546193833 HTTP/1.1" 200 22
58.40.7.146 - - [11/Feb/2022:10:23:16 +0800] "GET /xingrg/all/function/internal_message.html?_=1644546193834&CODE_STATE=getMsg HTTP/1.1" 200 27
124.78.153.118 - - [11/Feb/2022:10:23:16 +0800] "GET /xingrg/check_reg.html?_=1644546192295 HTTP/1.1" 200 22
124.78.153.118 - - [11/Feb/2022:10:23:16 +0800] "GET /xingrg/all/function/internal_message.html?_=1644546192294&CODE_STATE=count HTTP/1.1" 200 11
172.20.0.100 - - [11/Feb/2022:10:23:17 +0800] "GET /xingrg/all/function/internal_message.html?_=1644546193980&CODE_STATE=getMsg HTTP/1.1" 200 27
124.78.153.118 - - [11/Feb/2022:10:23:17 +0800] "POST /xingrg/load_menu.html HTTP/1.1" 200 5138
180.152.99.39 - - [11/Feb/2022:10:23:31 +0800] "GET /xingrg/all/function/internal_message.html?_=1644546125186&CODE_STATE=getMsg HTTP/1.1" 200 27
222.70.243.96 - - [11/Feb/2022:10:23:31 +0800] "GET /xingrg/all/function/internal_message.html?_=1644546227009&CODE_STATE=getMsg HTTP/1.1" 200 27
124.78.153.118 - - [11/Feb/2022:10:23:32 +0800] "GET /xingrg/kc/buy/buy_main.html HTTP/1.1" 200 12412
124.78.153.118 - - [11/Feb/2022:10:23:32 +0800] "GET /xingrg/css/new_ie.css HTTP/1.1" 404 1036
222.70.223.103 - - [11/Feb/2022:10:23:34 +0800] "GET /xingrg/all/function/internal_message.html?_=1644546210972&CODE_STATE=getMsg HTTP/1.1" 200 27
124.78.153.118 - - [11/Feb/2022:10:23:35 +0800] "GET /xingrg/images/yd/bt.gif HTTP/1.1" 404 1040
124.78.153.118 - - [11/Feb/2022:10:23:36 +0800] "GET /xingrg/kc/buy/cgsh_order_list.html HTTP/1.1" 200 49741
124.78.153.118 - - [11/Feb/2022:10:23:41 +0800] "POST /xingrg/kc/buy/cgsh_list_operate.html HTTP/1.1" 200 876
120.253.135.82 - - [11/Feb/2022:10:23:41 +0800] "GET /xingrg/all/function/internal_message.html?_=1644546349494&CODE_STATE=getMsg HTTP/1.1" 200 27
172.20.0.100 - - [11/Feb/2022:10:23:44 +0800] "GET /xingrg/check_reg.html?_=1644546221793 HTTP/1.1" 200 22
172.20.0.100 - - [11/Feb/2022:10:23:44 +0800] "GET /xingrg/all/function/internal_message.html?_=1644546221795&CODE_STATE=getMsg HTTP/1.1" 200 27
180.169.147.146 - - [11/Feb/2022:10:23:45 +0800] "GET /xingrg/all/function/internal_message.html?_=1644546223019&CODE_STATE=getMsg HTTP/1.1" 200 27
58.39.168.32 - - [11/Feb/2022:10:23:49 +0800] "GET /xingrg/all/function/internal_message.html?_=1644546227200&CODE_STATE=getMsg HTTP/1.1" 200 27
114.88.155.114 - - [11/Feb/2022:10:23:50 +0800] "GET /xingrg/all/function/internal_message.html?_=1644546014587&CODE_STATE=getMsg HTTP/1.1" 200 27
114.86.225.240 - - [11/Feb/2022:10:23:51 +0800] "GET /xingrg/all/function/internal_message.html?_=1644546230095&CODE_STATE=getMsg HTTP/1.1" 200 27
101.85.120.86 - - [11/Feb/2022:10:23:52 +0800] "GET /xingrg/all/function/internal_message.html?_=1644546229741&CODE_STATE=getMsg HTTP/1.1" 200 27
124.78.153.118 - - [11/Feb/2022:10:23:55 +0800] "GET /xingrg/kc/buy/cgsh_order_add.html HTTP/1.1" 200 65557
124.78.153.118 - - [11/Feb/2022:10:23:55 +0800] "GET /xingrg/words/20220128115405_words.js HTTP/1.1" 304 -
222.70.179.43 - - [11/Feb/2022:10:23:56 +0800] "GET /xingrg/all/function/internal_message.html?_=1644546231742&CODE_STATE=getMsg HTTP/1.1" 200 27
120.253.135.82 - - [11/Feb/2022:10:23:56 +0800] "GET /xingrg/check_reg.html?_=1644546027818 HTTP/1.1" 200 22
222.70.243.96 - - [11/Feb/2022:10:23:57 +0800] "GET /xingrg/all/function/internal_message.html?_=1644546250469&CODE_STATE=getMsg HTTP/1.1" 302 -
120.253.135.82 - - [11/Feb/2022:10:23:57 +0800] "GET /xingrg/all/function/internal_message.html?_=1644546028361&CODE_STATE=getMsg HTTP/1.1" 200 27
124.78.153.118 - - [11/Feb/2022:10:23:57 +0800] "GET /xingrg/all/common/auto_word.html?type=employee&rest_code=00106 HTTP/1.1" 200 205
124.78.153.118 - - [11/Feb/2022:10:23:57 +0800] "GET /xingrg/javascript/easyui/themes/default/validatebox.css HTTP/1.1" 404 1104
124.78.153.118 - - [11/Feb/2022:10:23:57 +0800] "GET /xingrg/all/common/auto_word.html?type=employee&rest_code=00106 HTTP/1.1" 200 205
124.78.153.118 - - [11/Feb/2022:10:23:57 +0800] "POST /xingrg/kc/buy/cgsh_order_operate.html HTTP/1.1" 200 8245
116.239.131.195 - - [11/Feb/2022:10:23:59 +0800] "GET /xingrg/all/function/internal_message.html?_=1644546264071&CODE_STATE=getMsg HTTP/1.1" 200 27
124.78.153.118 - - [11/Feb/2022:10:24:03 +0800] "GET /xingrg/javascript/easyui/themes/default/tree.css HTTP/1.1" 404 1090
124.78.153.118 - - [11/Feb/2022:10:24:03 +0800] "POST /xingrg/all/common/load_tree.html?tree=supplier_tree_json&isDelete=1 HTTP/1.1" 200 62150
124.79.79.90 - - [11/Feb/2022:10:24:04 +0800] "GET /xingrg/all/function/internal_message.html?_=1644546242297&CODE_STATE=getMsg HTTP/1.1" 200 27
124.79.79.90 - - [11/Feb/2022:10:24:04 +0800] "GET /xingrg/check_reg.html?_=1644546242300 HTTP/1.1" 200 22
114.83.217.174 - - [11/Feb/2022:10:24:09 +0800] "GET /xingrg/all/function/internal_message.html?_=1644546245010&CODE_STATE=getMsg HTTP/1.1" 200 27
114.86.225.240 - - [11/Feb/2022:10:24:13 +0800] "POST /xingrg/services/DataTransmitService HTTP/1.1" 200 524
120.253.135.82 - - [11/Feb/2022:10:24:16 +0800] "GET /xingrg/all/function/internal_message.html?_=1644546251259&CODE_STATE=getMsg HTTP/1.1" 200 27
58.40.7.146 - - [11/Feb/2022:10:24:16 +0800] "GET /xingrg/all/function/internal_message.html?_=1644546253837&CODE_STATE=getMsg HTTP/1.1" 200 27
124.78.153.118 - - [11/Feb/2022:10:24:16 +0800] "GET /xingrg/all/function/internal_message.html?_=1644546252304&CODE_STATE=getMsg HTTP/1.1" 200 27
172.20.0.100 - - [11/Feb/2022:10:24:17 +0800] "GET /xingrg/all/function/internal_message.html?_=1644546253982&CODE_STATE=getMsg HTTP/1.1" 200 27
124.78.153.118 - - [11/Feb/2022:10:24:24 +0800] "GET /xingrg/javascript/auto/indicator.gif HTTP/1.1" 404 1066
58.221.95.50 - - [11/Feb/2022:10:24:28 +0800] "GET /xingrg/check_reg.html?_=1644546265636 HTTP/1.1" 302 -
124.78.153.118 - - [11/Feb/2022:10:24:29 +0800] "GET /xingrg/kc/buy/cgsh_order_operate.html?command=get_materiel&rest_code=00106&code=00101008110&supplier_code=00100007&order_time=2022-02-11 HTTP/1.1" 200 428
180.152.99.39 - - [11/Feb/2022:10:24:31 +0800] "GET /xingrg/all/function/internal_message.html?_=1644546185199&CODE_STATE=getMsg HTTP/1.1" 200 27
222.70.243.96 - - [11/Feb/2022:10:24:31 +0800] "GET /xingrg/all/function/internal_message.html?_=1644546287040&CODE_STATE=getMsg HTTP/1.1" 200 27
222.70.223.103 - - [11/Feb/2022:10:24:34 +0800] "GET /xingrg/all/function/internal_message.html?_=1644546270956&CODE_STATE=getMsg HTTP/1.1" 200 27
114.83.217.174 - - [11/Feb/2022:10:24:37 +0800] "GET /favicon.ico HTTP/1.1" 404 -
124.78.153.118 - - [11/Feb/2022:10:24:39 +0800] "GET /xingrg/kc/buy/cgsh_order_operate.html?command=get_materiel&rest_code=00106&code=00101008038&supplier_code=00100007&order_time=2022-02-11 HTTP/1.1" 200 432
120.253.135.82 - - [11/Feb/2022:10:24:41 +0800] "GET /xingrg/all/function/internal_message.html?_=1644546409509&CODE_STATE=getMsg HTTP/1.1" 200 27
172.20.0.100 - - [11/Feb/2022:10:24:44 +0800] "GET /xingrg/all/function/internal_message.html?_=1644546281785&CODE_STATE=getMsg HTTP/1.1" 200 27
180.169.147.146 - - [11/Feb/2022:10:24:45 +0800] "GET /xingrg/all/function/internal_message.html?_=1644546283022&CODE_STATE=getMsg HTTP/1.1" 200 27
124.78.153.118 - - [11/Feb/2022:10:24:47 +0800] "GET /xingrg/kc/buy/cgsh_order_operate.html?command=get_materiel&rest_code=00106&code=00101008283&supplier_code=00100007&order_time=2022-02-11 HTTP/1.1" 200 427
58.39.168.32 - - [11/Feb/2022:10:24:49 +0800] "GET /xingrg/all/function/internal_message.html?_=1644546287200&CODE_STATE=getMsg HTTP/1.1" 200 27
58.39.168.32 - - [11/Feb/2022:10:24:49 +0800] "GET /xingrg/check_reg.html?_=1644546287203 HTTP/1.1" 200 22
114.88.155.114 - - [11/Feb/2022:10:24:50 +0800] "GET /xingrg/all/function/internal_message.html?_=1644546074594&CODE_STATE=getMsg HTTP/1.1" 200 27
114.86.225.240 - - [11/Feb/2022:10:24:51 +0800] "GET /xingrg/all/function/internal_message.html?_=1644546290097&CODE_STATE=getMsg HTTP/1.1" 200 27
101.85.120.86 - - [11/Feb/2022:10:24:52 +0800] "GET /xingrg/all/function/internal_message.html?_=1644546289731&CODE_STATE=getMsg HTTP/1.1" 200 27
124.78.153.118 - - [11/Feb/2022:10:24:54 +0800] "GET /xingrg/kc/buy/cgsh_order_operate.html?command=get_materiel&rest_code=00106&code=00101008355&supplier_code=00100007&order_time=2022-02-11 HTTP/1.1" 200 427
222.70.179.43 - - [11/Feb/2022:10:24:56 +0800] "GET /xingrg/all/function/internal_message.html?_=1644546291726&CODE_STATE=getMsg HTTP/1.1" 200 27
222.70.243.96 - - [11/Feb/2022:10:24:57 +0800] "GET /xingrg/all/function/internal_message.html?_=1644546310484&CODE_STATE=getMsg HTTP/1.1" 302 -
120.253.135.82 - - [11/Feb/2022:10:24:57 +0800] "GET /xingrg/all/function/internal_message.html?_=1644546088374&CODE_STATE=getMsg HTTP/1.1" 200 27
116.239.131.195 - - [11/Feb/2022:10:24:59 +0800] "GET /xingrg/all/function/internal_message.html?_=1644546324724&CODE_STATE=getMsg HTTP/1.1" 200 27
124.78.153.118 - - [11/Feb/2022:10:25:03 +0800] "GET /xingrg/kc/buy/cgsh_order_operate.html?command=get_materiel&rest_code=00106&code=00101008356&supplier_code=00100007&order_time=2022-02-11 HTTP/1.1" 200 427
124.79.79.90 - - [11/Feb/2022:10:25:04 +0800] "GET /xingrg/all/function/internal_message.html?_=1644546302287&CODE_STATE=getMsg HTTP/1.1" 200 27
114.83.217.174 - - [11/Feb/2022:10:25:09 +0800] "GET /xingrg/all/function/internal_message.html?_=1644546304994&CODE_STATE=getMsg HTTP/1.1" 200 27
124.78.153.118 - - [11/Feb/2022:10:25:12 +0800] "GET /xingrg/kc/buy/cgsh_order_operate.html?command=get_materiel&rest_code=00106&code=00101008439&supplier_code=00100007&order_time=2022-02-11 HTTP/1.1" 200 419
120.253.135.82 - - [11/Feb/2022:10:25:16 +0800] "GET /xingrg/all/function/internal_message.html?_=1644546311310&CODE_STATE=getMsg HTTP/1.1" 200 27
58.40.7.146 - - [11/Feb/2022:10:25:16 +0800] "GET /xingrg/all/function/internal_message.html?_=1644546313838&CODE_STATE=getMsg HTTP/1.1" 200 27
124.78.153.118 - - [11/Feb/2022:10:25:16 +0800] "GET /xingrg/all/function/internal_message.html?_=1644546312306&CODE_STATE=getMsg HTTP/1.1" 200 27
172.20.0.100 - - [11/Feb/2022:10:25:17 +0800] "GET /xingrg/all/function/internal_message.html?_=1644546313986&CODE_STATE=getMsg HTTP/1.1" 200 27
101.80.226.190 - - [11/Feb/2022:10:25:18 +0800] "GET /favicon.ico HTTP/1.1" 404 -
124.78.153.118 - - [11/Feb/2022:10:25:19 +0800] "GET /xingrg/kc/buy/cgsh_order_operate.html?command=get_materiel&rest_code=00106&code=00101008362&supplier_code=00100007&order_time=2022-02-11 HTTP/1.1" 200 427
124.78.153.118 - - [11/Feb/2022:10:25:29 +0800] "GET /xingrg/kc/buy/cgsh_order_operate.html?command=get_materiel&rest_code=00106&code=00101008069&supplier_code=00100007&order_time=2022-02-11 HTTP/1.1" 200 432
222.70.243.96 - - [11/Feb/2022:10:25:31 +0800] "GET /xingrg/all/function/internal_message.html?_=1644546347053&CODE_STATE=getMsg HTTP/1.1" 200 27
180.152.99.39 - - [11/Feb/2022:10:25:31 +0800] "GET /xingrg/all/function/internal_message.html?_=1644546245292&CODE_STATE=getMsg HTTP/1.1" 200 27
222.70.223.103 - - [11/Feb/2022:10:25:34 +0800] "GET /xingrg/all/function/internal_message.html?_=1644546330937&CODE_STATE=getMsg HTTP/1.1" 200 27
120.253.135.82 - - [11/Feb/2022:10:25:41 +0800] "GET /xingrg/check_reg.html?_=1644546469323 HTTP/1.1" 200 22
120.253.135.82 - - [11/Feb/2022:10:25:41 +0800] "GET /xingrg/all/function/internal_message.html?_=1644546469540&CODE_STATE=getMsg HTTP/1.1" 200 27
172.20.0.100 - - [11/Feb/2022:10:25:44 +0800] "GET /xingrg/all/function/internal_message.html?_=1644546341785&CODE_STATE=getMsg HTTP/1.1" 200 27
180.169.147.146 - - [11/Feb/2022:10:25:45 +0800] "GET /xingrg/all/function/internal_message.html?_=1644546343024&CODE_STATE=getMsg HTTP/1.1" 200 27
180.169.147.146 - - [11/Feb/2022:10:25:45 +0800] "GET /xingrg/check_reg.html?_=1644546343025 HTTP/1.1" 200 22
58.39.168.32 - - [11/Feb/2022:10:25:49 +0800] "GET /xingrg/all/function/internal_message.html?_=1644546347202&CODE_STATE=getMsg HTTP/1.1" 200 27
116.239.131.195 - - [11/Feb/2022:10:25:49 +0800] "GET /xingrg/check_reg.html?_=1644546372959 HTTP/1.1" 200 22
124.78.153.118 - - [11/Feb/2022:10:25:50 +0800] "GET /xingrg/kc/buy/cgsh_order_operate.html?command=get_materiel&rest_code=00106&code=00101008286&supplier_code=00100007&order_time=2022-02-11 HTTP/1.1" 200 428
114.88.155.114 - - [11/Feb/2022:10:25:50 +0800] "GET /xingrg/check_reg.html?_=1644546134586 HTTP/1.1" 200 22
114.88.155.114 - - [11/Feb/2022:10:25:50 +0800] "GET /xingrg/all/function/internal_message.html?_=1644546134588&CODE_STATE=getMsg HTTP/1.1" 200 27
114.86.225.240 - - [11/Feb/2022:10:25:51 +0800] "GET /xingrg/all/function/internal_message.html?_=1644546350101&CODE_STATE=getMsg HTTP/1.1" 200 27
114.86.225.240 - - [11/Feb/2022:10:25:51 +0800] "GET /xingrg/check_reg.html?_=1644546350102 HTTP/1.1" 200 22
101.85.120.86 - - [11/Feb/2022:10:25:52 +0800] "GET /xingrg/all/function/internal_message.html?_=1644546349734&CODE_STATE=getMsg HTTP/1.1" 200 27
101.85.120.86 - - [11/Feb/2022:10:25:52 +0800] "GET /xingrg/check_reg.html?_=1644546349737 HTTP/1.1" 200 22
222.70.179.43 - - [11/Feb/2022:10:25:56 +0800] "GET /xingrg/all/function/internal_message.html?_=1644546351710&CODE_STATE=getMsg HTTP/1.1" 200 27
222.70.243.96 - - [11/Feb/2022:10:25:57 +0800] "GET /xingrg/all/function/internal_message.html?_=1644546370512&CODE_STATE=getMsg HTTP/1.1" 302 -
120.253.135.82 - - [11/Feb/2022:10:25:57 +0800] "GET /xingrg/all/function/internal_message.html?_=1644546148387&CODE_STATE=getMsg HTTP/1.1" 200 27
124.78.153.118 - - [11/Feb/2022:10:25:59 +0800] "GET /xingrg/kc/buy/cgsh_order_operate.html?command=get_materiel&rest_code=00106&code=00101008036&supplier_code=00100007&order_time=2022-02-11 HTTP/1.1" 200 429
116.239.131.195 - - [11/Feb/2022:10:25:59 +0800] "GET /xingrg/all/function/internal_message.html?_=1644546384738&CODE_STATE=getMsg HTTP/1.1" 200 27
124.79.79.90 - - [11/Feb/2022:10:26:04 +0800] "GET /xingrg/all/function/internal_message.html?_=1644546362289&CODE_STATE=getMsg HTTP/1.1" 200 27
124.78.153.118 - - [11/Feb/2022:10:26:07 +0800] "GET /xingrg/kc/buy/cgsh_order_operate.html?command=get_materiel&rest_code=00106&code=00101008131&supplier_code=00100007&order_time=2022-02-11 HTTP/1.1" 200 428
114.83.217.174 - - [11/Feb/2022:10:26:09 +0800] "GET /xingrg/all/function/internal_message.html?_=1644546364982&CODE_STATE=getMsg HTTP/1.1" 200 27
124.78.153.118 - - [11/Feb/2022:10:26:15 +0800] "GET /xingrg/kc/buy/cgsh_order_operate.html?command=get_materiel&rest_code=00106&code=00101008005&supplier_code=00100007&order_time=2022-02-11 HTTP/1.1" 200 433
120.253.135.82 - - [11/Feb/2022:10:26:16 +0800] "GET /xingrg/all/function/internal_message.html?_=1644546371317&CODE_STATE=getMsg HTTP/1.1" 200 27
58.40.7.146 - - [11/Feb/2022:10:26:16 +0800] "GET /xingrg/all/function/internal_message.html?_=1644546373824&CODE_STATE=getMsg HTTP/1.1" 200 27
124.78.153.118 - - [11/Feb/2022:10:26:16 +0800] "GET /xingrg/all/function/internal_message.html?_=1644546372309&CODE_STATE=getMsg HTTP/1.1" 200 27
172.20.0.100 - - [11/Feb/2022:10:26:17 +0800] "GET /xingrg/all/function/internal_message.html?_=1644546373990&CODE_STATE=getMsg HTTP/1.1" 200 27
172.20.0.100 - - [11/Feb/2022:10:26:17 +0800] "GET /xingrg/check_reg.html?_=1644546373993 HTTP/1.1" 200 22
124.78.153.118 - - [11/Feb/2022:10:26:24 +0800] "GET /xingrg/kc/buy/cgsh_order_operate.html?command=get_materiel&rest_code=00106&code=00101008353&supplier_code=00100007&order_time=2022-02-11 HTTP/1.1" 200 429
222.70.243.96 - - [11/Feb/2022:10:26:29 +0800] "GET /xingrg/check_reg.html?_=1644546404840 HTTP/1.1" 200 22
222.70.243.96 - - [11/Feb/2022:10:26:31 +0800] "GET /xingrg/all/function/internal_message.html?_=1644546407067&CODE_STATE=getMsg HTTP/1.1" 200 27
180.152.99.39 - - [11/Feb/2022:10:26:31 +0800] "GET /xingrg/all/function/internal_message.html?_=1644546305304&CODE_STATE=getMsg HTTP/1.1" 200 27
124.78.153.118 - - [11/Feb/2022:10:26:31 +0800] "GET /xingrg/kc/buy/cgsh_order_operate.html?command=get_materiel&rest_code=00106&code=00101008350&supplier_code=00100007&order_time=2022-02-11 HTTP/1.1" 200 428
222.70.223.103 - - [11/Feb/2022:10:26:34 +0800] "GET /xingrg/all/function/internal_message.html?_=1644546390914&CODE_STATE=getMsg HTTP/1.1" 200 27
120.253.135.82 - - [11/Feb/2022:10:26:41 +0800] "GET /xingrg/all/function/internal_message.html?_=1644546529569&CODE_STATE=getMsg HTTP/1.1" 200 27
172.20.0.100 - - [11/Feb/2022:10:26:44 +0800] "GET /xingrg/all/function/internal_message.html?_=1644546401774&CODE_STATE=getMsg HTTP/1.1" 200 27
180.169.147.146 - - [11/Feb/2022:10:26:45 +0800] "GET /xingrg/all/function/internal_message.html?_=1644546403026&CODE_STATE=getMsg HTTP/1.1" 200 27
124.78.153.118 - - [11/Feb/2022:10:26:47 +0800] "GET /xingrg/kc/buy/cgsh_order_operate.html?command=get_materiel&rest_code=00106&code=00101008219&supplier_code=00100007&order_time=2022-02-11 HTTP/1.1" 200 432
58.39.168.32 - - [11/Feb/2022:10:26:49 +0800] "GET /xingrg/all/function/internal_message.html?_=1644546407203&CODE_STATE=getMsg HTTP/1.1" 200 27
114.88.155.114 - - [11/Feb/2022:10:26:50 +0800] "GET /xingrg/all/function/internal_message.html?_=1644546194592&CODE_STATE=getMsg HTTP/1.1" 200 27
114.86.225.240 - - [11/Feb/2022:10:26:51 +0800] "GET /xingrg/all/function/internal_message.html?_=1644546410102&CODE_STATE=getMsg HTTP/1.1" 200 27
222.70.223.103 - - [11/Feb/2022:10:26:51 +0800] "GET /xingrg/check_reg.html?_=1644546407318 HTTP/1.1" 200 22
101.85.120.86 - - [11/Feb/2022:10:26:52 +0800] "GET /xingrg/all/function/internal_message.html?_=1644546409737&CODE_STATE=getMsg HTTP/1.1" 200 27
222.70.179.43 - - [11/Feb/2022:10:26:56 +0800] "GET /xingrg/all/function/internal_message.html?_=1644546411693&CODE_STATE=getMsg HTTP/1.1" 200 27
124.78.153.118 - - [11/Feb/2022:10:26:56 +0800] "POST /xingrg/kc/buy/cgsh_order_operate.html HTTP/1.1" 200 37
222.70.243.96 - - [11/Feb/2022:10:26:57 +0800] "GET /xingrg/all/function/internal_message.html?_=1644546430528&CODE_STATE=getMsg HTTP/1.1" 302 -
120.253.135.82 - - [11/Feb/2022:10:26:57 +0800] "GET /xingrg/all/function/internal_message.html?_=1644546208418&CODE_STATE=getMsg HTTP/1.1" 200 27
116.239.131.195 - - [11/Feb/2022:10:26:59 +0800] "GET /xingrg/all/function/internal_message.html?_=1644546444755&CODE_STATE=getMsg HTTP/1.1" 200 27
124.78.153.118 - - [11/Feb/2022:10:27:02 +0800] "POST /xingrg/kc/buy/cgsh_order_operate.html HTTP/1.1" 200 11496
124.79.79.90 - - [11/Feb/2022:10:27:04 +0800] "GET /xingrg/all/function/internal_message.html?_=1644546422293&CODE_STATE=getMsg HTTP/1.1" 200 27
114.83.217.174 - - [11/Feb/2022:10:27:05 +0800] "GET /xingrg/check_reg.html?_=1644546420988 HTTP/1.1" 200 22
114.83.217.174 - - [11/Feb/2022:10:27:09 +0800] "GET /xingrg/all/function/internal_message.html?_=1644546424967&CODE_STATE=getMsg HTTP/1.1" 200 27
120.253.135.82 - - [11/Feb/2022:10:27:15 +0800] "GET /xingrg/check_reg.html?_=1644546429742 HTTP/1.1" 200 22
120.253.135.82 - - [11/Feb/2022:10:27:16 +0800] "GET /xingrg/all/function/internal_message.html?_=1644546431331&CODE_STATE=getMsg HTTP/1.1" 200 27
58.40.7.146 - - [11/Feb/2022:10:27:16 +0800] "GET /xingrg/all/function/internal_message.html?_=1644546433825&CODE_STATE=getMsg HTTP/1.1" 200 27
124.78.153.118 - - [11/Feb/2022:10:27:17 +0800] "GET /xingrg/all/function/internal_message.html?_=1644546432337&CODE_STATE=getMsg HTTP/1.1" 200 27
172.20.0.100 - - [11/Feb/2022:10:27:17 +0800] "GET /xingrg/all/function/internal_message.html?_=1644546433979&CODE_STATE=getMsg HTTP/1.1" 200 27
124.78.153.118 - - [11/Feb/2022:10:27:18 +0800] "GET /xingrg/kc/buy/cgsh_order_operate.html?command=get_materiel&rest_code=00106&code=00101008027&supplier_code=00100007&order_time=2022-02-11 HTTP/1.1" 200 428
222.70.243.96 - - [11/Feb/2022:10:27:25 +0800] "GET /xingrg/check_reg.html?_=1644546458262 HTTP/1.1" 302 -
124.78.153.118 - - [11/Feb/2022:10:27:29 +0800] "GET /xingrg/kc/buy/cgsh_order_operate.html?command=get_materiel&rest_code=00106&code=00101008186&supplier_code=00100007&order_time=2022-02-11 HTTP/1.1" 200 428
180.152.99.39 - - [11/Feb/2022:10:27:30 +0800] "GET /xingrg/check_reg.html?_=1644546364307 HTTP/1.1" 200 22
222.70.243.96 - - [11/Feb/2022:10:27:31 +0800] "GET /xingrg/all/function/internal_message.html?_=1644546467079&CODE_STATE=getMsg HTTP/1.1" 200 27
180.152.99.39 - - [11/Feb/2022:10:27:31 +0800] "GET /xingrg/all/function/internal_message.html?_=1644546365318&CODE_STATE=getMsg HTTP/1.1" 200 27
222.70.223.103 - - [11/Feb/2022:10:27:34 +0800] "GET /xingrg/all/function/internal_message.html?_=1644546450885&CODE_STATE=getMsg HTTP/1.1" 200 27
124.78.153.118 - - [11/Feb/2022:10:27:39 +0800] "GET /xingrg/kc/buy/cgsh_order_operate.html?command=get_materiel&rest_code=00106&code=00101008096&supplier_code=00100007&order_time=2022-02-11 HTTP/1.1" 200 432
120.253.135.82 - - [11/Feb/2022:10:27:41 +0800] "GET /xingrg/all/function/internal_message.html?_=1644546589582&CODE_STATE=getMsg HTTP/1.1" 200 27
172.20.0.100 - - [11/Feb/2022:10:27:44 +0800] "GET /xingrg/all/function/internal_message.html?_=1644546461784&CODE_STATE=getMsg HTTP/1.1" 200 27
180.169.147.146 - - [11/Feb/2022:10:27:45 +0800] "GET /xingrg/all/function/internal_message.html?_=1644546463030&CODE_STATE=getMsg HTTP/1.1" 200 27
58.39.168.32 - - [11/Feb/2022:10:27:49 +0800] "GET /xingrg/all/function/internal_message.html?_=1644546467202&CODE_STATE=getMsg HTTP/1.1" 200 27
124.78.153.118 - - [11/Feb/2022:10:27:50 +0800] "POST /xingrg/kc/buy/cgsh_order_operate.html HTTP/1.1" 200 2065
114.88.155.114 - - [11/Feb/2022:10:27:50 +0800] "GET /xingrg/all/function/internal_message.html?_=1644546254590&CODE_STATE=getMsg HTTP/1.1" 200 27
114.86.225.240 - - [11/Feb/2022:10:27:51 +0800] "GET /xingrg/all/function/internal_message.html?_=1644546470104&CODE_STATE=getMsg HTTP/1.1" 200 27
101.85.120.86 - - [11/Feb/2022:10:27:52 +0800] "GET /xingrg/all/function/internal_message.html?_=1644546469737&CODE_STATE=getMsg HTTP/1.1" 200 27
222.70.179.43 - - [11/Feb/2022:10:27:56 +0800] "GET /xingrg/all/function/internal_message.html?_=1644546471676&CODE_STATE=getMsg HTTP/1.1" 200 27
222.70.179.43 - - [11/Feb/2022:10:27:56 +0800] "GET /xingrg/check_reg.html?_=1644546471912 HTTP/1.1" 200 22
124.78.153.118 - - [11/Feb/2022:10:27:57 +0800] "GET /xingrg/kc/buy/cgsh_order_operate.html?command=get_materiel&rest_code=00106&code=00101008224&supplier_code=00100007&order_time=2022-02-11 HTTP/1.1" 200 436
222.70.243.96 - - [11/Feb/2022:10:27:57 +0800] "GET /xingrg/all/function/internal_message.html?_=1644546490554&CODE_STATE=getMsg HTTP/1.1" 302 -
120.253.135.82 - - [11/Feb/2022:10:27:57 +0800] "GET /xingrg/all/function/internal_message.html?_=1644546268430&CODE_STATE=getMsg HTTP/1.1" 200 27
116.239.131.195 - - [11/Feb/2022:10:28:00 +0800] "GET /xingrg/all/function/internal_message.html?_=1644546505311&CODE_STATE=getMsg HTTP/1.1" 200 27
124.79.79.90 - - [11/Feb/2022:10:28:04 +0800] "GET /xingrg/all/function/internal_message.html?_=1644546482296&CODE_STATE=getMsg HTTP/1.1" 200 27
124.78.153.118 - - [11/Feb/2022:10:28:06 +0800] "GET /xingrg/kc/buy/cgsh_order_operate.html?command=get_materiel&rest_code=00106&code=00101008003&supplier_code=00100007&order_time=2022-02-11 HTTP/1.1" 200 429
114.83.217.174 - - [11/Feb/2022:10:28:09 +0800] "GET /xingrg/all/function/internal_message.html?_=1644546484952&CODE_STATE=getMsg HTTP/1.1" 200 27
124.78.153.118 - - [11/Feb/2022:10:28:15 +0800] "GET /xingrg/kc/buy/cgsh_order_operate.html?command=get_materiel&rest_code=00106&code=00101008067&supplier_code=00100007&order_time=2022-02-11 HTTP/1.1" 200 436
120.253.135.82 - - [11/Feb/2022:10:28:16 +0800] "GET /xingrg/all/function/internal_message.html?_=1644546491345&CODE_STATE=getMsg HTTP/1.1" 200 27
58.40.7.146 - - [11/Feb/2022:10:28:16 +0800] "GET /xingrg/check_reg.html?_=1644546493828 HTTP/1.1" 200 22
58.40.7.146 - - [11/Feb/2022:10:28:16 +0800] "GET /xingrg/all/function/internal_message.html?_=1644546493826&CODE_STATE=getMsg HTTP/1.1" 200 27
124.78.153.118 - - [11/Feb/2022:10:28:17 +0800] "GET /xingrg/check_reg.html?_=1644546492330 HTTP/1.1" 200 22
124.78.153.118 - - [11/Feb/2022:10:28:17 +0800] "GET /xingrg/all/function/internal_message.html?_=1644546492331&CODE_STATE=getMsg HTTP/1.1" 200 27
172.20.0.100 - - [11/Feb/2022:10:28:17 +0800] "GET /xingrg/all/function/internal_message.html?_=1644546493982&CODE_STATE=getMsg HTTP/1.1" 200 27
222.70.243.96 - - [11/Feb/2022:10:28:31 +0800] "GET /xingrg/all/function/internal_message.html?_=1644546527094&CODE_STATE=getMsg HTTP/1.1" 200 27
180.152.99.39 - - [11/Feb/2022:10:28:31 +0800] "GET /xingrg/all/function/internal_message.html?_=1644546425332&CODE_STATE=getMsg HTTP/1.1" 200 27
222.70.223.103 - - [11/Feb/2022:10:28:34 +0800] "GET /xingrg/all/function/internal_message.html?_=1644546510883&CODE_STATE=getMsg HTTP/1.1" 200 27
120.253.135.82 - - [11/Feb/2022:10:28:41 +0800] "GET /xingrg/all/function/internal_message.html?_=1644546649610&CODE_STATE=getMsg HTTP/1.1" 200 27
172.20.0.100 - - [11/Feb/2022:10:28:44 +0800] "GET /xingrg/all/function/internal_message.html?_=1644546521772&CODE_STATE=getMsg HTTP/1.1" 200 27
172.20.0.100 - - [11/Feb/2022:10:28:44 +0800] "GET /xingrg/check_reg.html?_=1644546521774 HTTP/1.1" 200 22
124.78.153.118 - - [11/Feb/2022:10:28:44 +0800] "GET /xingrg/kc/buy/cgsh_order_operate.html?command=get_materiel&rest_code=00106&code=00101008251&supplier_code=00100007&order_time=2022-02-11 HTTP/1.1" 200 428
180.169.147.146 - - [11/Feb/2022:10:28:45 +0800] "GET /xingrg/all/function/internal_message.html?_=1644546523015&CODE_STATE=getMsg HTTP/1.1" 200 27
124.78.153.118 - - [11/Feb/2022:10:28:46 +0800] "POST /xingrg/kc/buy/cgsh_order_operate.html HTTP/1.1" 200 2065
58.39.168.32 - - [11/Feb/2022:10:28:49 +0800] "GET /xingrg/all/function/internal_message.html?_=1644546527203&CODE_STATE=getMsg HTTP/1.1" 200 27
114.88.155.114 - - [11/Feb/2022:10:28:50 +0800] "GET /xingrg/all/function/internal_message.html?_=1644546314599&CODE_STATE=getMsg HTTP/1.1" 200 27
114.86.225.240 - - [11/Feb/2022:10:28:51 +0800] "GET /xingrg/all/function/internal_message.html?_=1644546530109&CODE_STATE=getMsg HTTP/1.1" 200 27
101.85.120.86 - - [11/Feb/2022:10:28:52 +0800] "GET /xingrg/all/function/internal_message.html?_=1644546529738&CODE_STATE=getMsg HTTP/1.1" 200 27
222.70.179.43 - - [11/Feb/2022:10:28:56 +0800] "GET /xingrg/all/function/internal_message.html?_=1644546531646&CODE_STATE=getMsg HTTP/1.1" 200 27
120.253.135.82 - - [11/Feb/2022:10:28:56 +0800] "GET /xingrg/check_reg.html?_=1644546327839 HTTP/1.1" 200 22
222.70.243.96 - - [11/Feb/2022:10:28:57 +0800] "GET /xingrg/all/function/internal_message.html?_=1644546550555&CODE_STATE=getMsg HTTP/1.1" 302 -
120.253.135.82 - - [11/Feb/2022:10:28:57 +0800] "GET /xingrg/all/function/internal_message.html?_=1644546328444&CODE_STATE=getMsg HTTP/1.1" 200 27
116.239.131.195 - - [11/Feb/2022:10:29:00 +0800] "GET /xingrg/all/function/internal_message.html?_=1644546565326&CODE_STATE=getMsg HTTP/1.1" 200 27
124.79.79.90 - - [11/Feb/2022:10:29:04 +0800] "GET /xingrg/all/function/internal_message.html?_=1644546542301&CODE_STATE=getMsg HTTP/1.1" 200 27
124.79.79.90 - - [11/Feb/2022:10:29:04 +0800] "GET /xingrg/check_reg.html?_=1644546542303 HTTP/1.1" 200 22
124.78.153.118 - - [11/Feb/2022:10:29:06 +0800] "GET /xingrg/kc/buy/cgsh_order_operate.html?command=get_materiel&rest_code=00106&code=00101008295&supplier_code=00100007&order_time=2022-02-11 HTTP/1.1" 200 433
114.83.217.174 - - [11/Feb/2022:10:29:09 +0800] "GET /xingrg/all/function/internal_message.html?_=1644546544936&CODE_STATE=getMsg HTTP/1.1" 200 27
120.253.135.82 - - [11/Feb/2022:10:29:16 +0800] "GET /xingrg/all/function/internal_message.html?_=1644546551358&CODE_STATE=getMsg HTTP/1.1" 200 27
58.40.7.146 - - [11/Feb/2022:10:29:16 +0800] "GET /xingrg/all/function/internal_message.html?_=1644546553830&CODE_STATE=getMsg HTTP/1.1" 200 27
124.78.153.118 - - [11/Feb/2022:10:29:16 +0800] "GET /xingrg/all/function/internal_message.html?_=1644546552309&CODE_STATE=getMsg HTTP/1.1" 200 27
172.20.0.100 - - [11/Feb/2022:10:29:17 +0800] "GET /xingrg/all/function/internal_message.html?_=1644546553986&CODE_STATE=getMsg HTTP/1.1" 200 27
124.78.153.118 - - [11/Feb/2022:10:29:26 +0800] "GET /xingrg/kc/buy/cgsh_order_operate.html?command=get_materiel&rest_code=00106&code=00101008403&supplier_code=00100007&order_time=2022-02-11 HTTP/1.1" 200 432
58.221.95.50 - - [11/Feb/2022:10:29:28 +0800] "GET /xingrg/check_reg.html?_=1644546565677 HTTP/1.1" 302 -
124.78.153.118 - - [11/Feb/2022:10:29:29 +0800] "POST /xingrg/kc/buy/cgsh_order_operate.html HTTP/1.1" 200 2065
222.70.243.96 - - [11/Feb/2022:10:29:31 +0800] "GET /xingrg/all/function/internal_message.html?_=1644546587124&CODE_STATE=getMsg HTTP/1.1" 200 27
180.152.99.39 - - [11/Feb/2022:10:29:31 +0800] "GET /xingrg/all/function/internal_message.html?_=1644546485346&CODE_STATE=getMsg HTTP/1.1" 200 27
222.70.223.103 - - [11/Feb/2022:10:29:34 +0800] "GET /xingrg/all/function/internal_message.html?_=1644546570857&CODE_STATE=getMsg HTTP/1.1" 200 27
124.78.153.118 - - [11/Feb/2022:10:29:35 +0800] "GET /xingrg/kc/buy/cgsh_order_operate.html?command=get_materiel&rest_code=00106&code=00101011001&supplier_code=00100007&order_time=2022-02-11 HTTP/1.1" 200 443
172.20.0.100 - - [11/Feb/2022:10:29:39 +0800] "POST /xingrg/dwr/call/plaincall/AjaxReportQueryService.queryInitializeString.dwr HTTP/1.1" 200 864
120.253.135.82 - - [11/Feb/2022:10:29:41 +0800] "GET /xingrg/all/function/internal_message.html?_=1644546709625&CODE_STATE=getMsg HTTP/1.1" 200 27
124.78.153.118 - - [11/Feb/2022:10:29:44 +0800] "GET /xingrg/kc/buy/cgsh_order_operate.html?command=get_materiel&rest_code=00106&code=00101008103&supplier_code=00100007&order_time=2022-02-11 HTTP/1.1" 200 436
172.20.0.100 - - [11/Feb/2022:10:29:44 +0800] "GET /xingrg/javascript/jquery_easy_ui/themes/default/images/button_plain_hover.png HTTP/1.1" 200 252
172.20.0.100 - - [11/Feb/2022:10:29:44 +0800] "GET /xingrg/all/function/internal_message.html?_=1644546581805&CODE_STATE=getMsg HTTP/1.1" 200 27
172.20.0.100 - - [11/Feb/2022:10:29:44 +0800] "POST /xingrg/dwr/call/plaincall/AjaxReportQueryService.refreshCache.dwr HTTP/1.1" 200 78
172.20.0.100 - - [11/Feb/2022:10:29:45 +0800] "POST /xingrg/all/report/load_report_page.html HTTP/1.1" 200 17549
172.20.0.100 - - [11/Feb/2022:10:29:45 +0800] "GET /xingrg/servlets/image?cache=0.4564794105781347&image=px HTTP/1.1" 200 807
180.169.147.146 - - [11/Feb/2022:10:29:45 +0800] "GET /xingrg/all/function/internal_message.html?_=1644546583016&CODE_STATE=getMsg HTTP/1.1" 200 27
58.39.168.32 - - [11/Feb/2022:10:29:49 +0800] "GET /xingrg/check_reg.html?_=1644546587203 HTTP/1.1" 200 22
58.39.168.32 - - [11/Feb/2022:10:29:49 +0800] "GET /xingrg/all/function/internal_message.html?_=1644546587208&CODE_STATE=getMsg HTTP/1.1" 200 27
58.221.95.50 - - [11/Feb/2022:10:29:50 +0800] "GET /xingrg/kc/base/wldb_order_list.html HTTP/1.1" 302 -
58.221.95.50 - - [11/Feb/2022:10:29:50 +0800] "GET /xingrg/login.html HTTP/1.1" 200 7641
58.221.95.50 - - [11/Feb/2022:10:29:50 +0800] "GET /xingrg/login.html HTTP/1.1" 200 7641
58.221.95.50 - - [11/Feb/2022:10:29:50 +0800] "GET /favicon.ico HTTP/1.1" 404 -
114.88.155.114 - - [11/Feb/2022:10:29:50 +0800] "GET /xingrg/all/function/internal_message.html?_=1644546374595&CODE_STATE=getMsg HTTP/1.1" 200 27
114.86.225.240 - - [11/Feb/2022:10:29:51 +0800] "GET /xingrg/all/function/internal_message.html?_=1644546590112&CODE_STATE=getMsg HTTP/1.1" 200 27
58.221.95.50 - - [11/Feb/2022:10:29:52 +0800] "POST /xingrg/login.do HTTP/1.1" 302 -
58.221.95.50 - - [11/Feb/2022:10:29:52 +0800] "GET /xingrg/index.html?sysBaseUrl=http%3A%2F%2F180.169.147.146%3A18081%2Fxingrg%2F&costTime=45×tamp=1644546592419 HTTP/1.1" 200 17417
58.221.95.50 - - [11/Feb/2022:10:29:52 +0800] "GET /favicon.ico HTTP/1.1" 404 -
58.221.95.50 - - [11/Feb/2022:10:29:52 +0800] "POST /xingrg/all/common/load_tree.html?tree=area_rest_tree_json&manage=1 HTTP/1.1" 200 3472
58.221.95.50 - - [11/Feb/2022:10:29:52 +0800] "GET /xingrg/all/function/internal_message.html?_=1644546589749&CODE_STATE=count HTTP/1.1" 200 11
58.221.95.50 - - [11/Feb/2022:10:29:52 +0800] "GET /xingrg/check_reg.html?_=1644546589750 HTTP/1.1" 200 22
101.85.120.86 - - [11/Feb/2022:10:29:52 +0800] "GET /xingrg/all/function/internal_message.html?_=1644546589738&CODE_STATE=getMsg HTTP/1.1" 200 27
58.221.95.50 - - [11/Feb/2022:10:29:52 +0800] "POST /xingrg/load_menu.html HTTP/1.1" 200 9959
222.70.179.43 - - [11/Feb/2022:10:29:56 +0800] "GET /xingrg/all/function/internal_message.html?_=1644546591630&CODE_STATE=getMsg HTTP/1.1" 200 27
222.70.243.96 - - [11/Feb/2022:10:29:57 +0800] "GET /xingrg/all/function/internal_message.html?_=1644546610581&CODE_STATE=getMsg HTTP/1.1" 302 -
120.253.135.82 - - [11/Feb/2022:10:29:57 +0800] "GET /xingrg/all/function/internal_message.html?_=1644546388457&CODE_STATE=getMsg HTTP/1.1" 200 27
116.239.131.195 - - [11/Feb/2022:10:30:01 +0800] "GET /xingrg/all/function/internal_message.html?_=1644546625918&CODE_STATE=getMsg HTTP/1.1" 200 27
124.79.79.90 - - [11/Feb/2022:10:30:04 +0800] "GET /xingrg/all/function/internal_message.html?_=1644546602289&CODE_STATE=getMsg HTTP/1.1" 200 27
124.78.153.118 - - [11/Feb/2022:10:30:04 +0800] "POST /xingrg/kc/buy/cgsh_order_operate.html HTTP/1.1" 200 37
114.83.217.174 - - [11/Feb/2022:10:30:09 +0800] "GET /xingrg/all/function/internal_message.html?_=1644546604920&CODE_STATE=getMsg HTTP/1.1" 200 27
124.78.153.118 - - [11/Feb/2022:10:30:10 +0800] "POST /xingrg/kc/buy/cgsh_order_operate.html HTTP/1.1" 200 21545
180.152.99.39 - - [11/Feb/2022:10:30:14 +0800] "GET /favicon.ico HTTP/1.1" 404 -
58.40.7.146 - - [11/Feb/2022:10:30:16 +0800] "GET /xingrg/all/function/internal_message.html?_=1644546613833&CODE_STATE=getMsg HTTP/1.1" 200 27
120.253.135.82 - - [11/Feb/2022:10:30:16 +0800] "GET /xingrg/all/function/internal_message.html?_=1644546611409&CODE_STATE=getMsg HTTP/1.1" 200 27
124.78.153.118 - - [11/Feb/2022:10:30:17 +0800] "GET /xingrg/all/function/internal_message.html?_=1644546612378&CODE_STATE=getMsg HTTP/1.1" 200 27
172.20.0.100 - - [11/Feb/2022:10:30:17 +0800] "GET /xingrg/all/function/internal_message.html?_=1644546613992&CODE_STATE=getMsg HTTP/1.1" 200 27
222.70.243.96 - - [11/Feb/2022:10:30:21 +0800] "GET /xingrg/kc/buy/cgsh_order_list.html HTTP/1.1" 200 49747
222.70.243.96 - - [11/Feb/2022:10:30:23 +0800] "POST /xingrg/kc/buy/cgsh_list_operate.html HTTP/1.1" 200 876
222.70.243.96 - - [11/Feb/2022:10:30:31 +0800] "GET /xingrg/all/function/internal_message.html?_=1644546647151&CODE_STATE=getMsg HTTP/1.1" 200 27
180.152.99.39 - - [11/Feb/2022:10:30:32 +0800] "GET /xingrg/all/function/internal_message.html?_=1644546545434&CODE_STATE=getMsg HTTP/1.1" 200 27
222.70.223.103 - - [11/Feb/2022:10:30:34 +0800] "GET /xingrg/all/function/internal_message.html?_=1644546630842&CODE_STATE=getMsg HTTP/1.1" 200 27
124.78.153.118 - - [11/Feb/2022:10:30:36 +0800] "GET /xingrg/kc/buy/cgsh_order_operate.html?command=get_materiel&rest_code=00106&code=00101008141&supplier_code=00100007&order_time=2022-02-11 HTTP/1.1" 200 432
120.253.135.82 - - [11/Feb/2022:10:30:41 +0800] "GET /xingrg/check_reg.html?_=1644546769341 HTTP/1.1" 200 22
120.253.135.82 - - [11/Feb/2022:10:30:41 +0800] "GET /xingrg/all/function/internal_message.html?_=1644546769639&CODE_STATE=getMsg HTTP/1.1" 200 27
172.20.0.100 - - [11/Feb/2022:10:30:44 +0800] "GET /xingrg/all/function/internal_message.html?_=1644546641778&CODE_STATE=getMsg HTTP/1.1" 200 27
180.169.147.146 - - [11/Feb/2022:10:30:45 +0800] "GET /xingrg/check_reg.html?_=1644546643020 HTTP/1.1" 200 22
180.169.147.146 - - [11/Feb/2022:10:30:45 +0800] "GET /xingrg/all/function/internal_message.html?_=1644546643018&CODE_STATE=getMsg HTTP/1.1" 200 27
124.78.153.118 - - [11/Feb/2022:10:30:46 +0800] "GET /xingrg/kc/buy/cgsh_order_operate.html?command=get_materiel&rest_code=00106&code=00101008087&supplier_code=00100007&order_time=2022-02-11 HTTP/1.1" 200 412
116.239.131.195 - - [11/Feb/2022:10:30:48 +0800] "GET /xingrg/check_reg.html?_=1644546672965 HTTP/1.1" 200 22
58.39.168.32 - - [11/Feb/2022:10:30:49 +0800] "GET /xingrg/all/function/internal_message.html?_=1644546647207&CODE_STATE=getMsg HTTP/1.1" 200 27
114.88.155.114 - - [11/Feb/2022:10:30:50 +0800] "GET /xingrg/check_reg.html?_=1644546434621 HTTP/1.1" 200 22
114.88.155.114 - - [11/Feb/2022:10:30:50 +0800] "GET /xingrg/all/function/internal_message.html?_=1644546434622&CODE_STATE=getMsg HTTP/1.1" 200 27
114.86.225.240 - - [11/Feb/2022:10:30:51 +0800] "GET /xingrg/all/function/internal_message.html?_=1644546650111&CODE_STATE=getMsg HTTP/1.1" 200 27
114.86.225.240 - - [11/Feb/2022:10:30:51 +0800] "GET /xingrg/check_reg.html?_=1644546650114 HTTP/1.1" 200 22
101.85.120.86 - - [11/Feb/2022:10:30:52 +0800] "GET /xingrg/check_reg.html?_=1644546649737 HTTP/1.1" 200 22
