120.253.135.82 - - [11/Feb/2022:09:38:56 +0800] "GET /xingrg/index.html?sysBaseUrl=http%3A%2F%2F180.169.147.146%3A18081%2Fxingrg%2F&costTime=38×tamp=1644543535604 HTTP/1.1" 200 17173
120.253.135.82 - - [11/Feb/2022:09:38:56 +0800] "POST /xingrg/login.do HTTP/1.1" 302 -
120.253.135.82 - - [11/Feb/2022:09:38:56 +0800] "GET /xingrg/index.html?sysBaseUrl=http%3A%2F%2F180.169.147.146%3A18081%2Fxingrg%2F&costTime=38×tamp=1644543536298 HTTP/1.1" 200 17173
120.253.135.82 - - [11/Feb/2022:09:38:56 +0800] "GET /xingrg/javascript/jquery_easy_ui/themes/default/easyui.css HTTP/1.1" 304 -
120.253.135.82 - - [11/Feb/2022:09:38:56 +0800] "GET /xingrg/javascript/jquery_easy_ui/themes/icon.css HTTP/1.1" 304 -
120.253.135.82 - - [11/Feb/2022:09:38:56 +0800] "GET /xingrg/css/form.css HTTP/1.1" 200 893
120.253.135.82 - - [11/Feb/2022:09:38:56 +0800] "GET /xingrg/javascript/jquery_easy_ui/easyui-lang-zh_CN.js HTTP/1.1" 200 1900
120.253.135.82 - - [11/Feb/2022:09:38:56 +0800] "GET /xingrg/javascript/jquery-1.4.2.min.js HTTP/1.1" 200 72205
120.253.135.82 - - [11/Feb/2022:09:38:56 +0800] "GET /xingrg/javascript/jquery_easy_ui/jquery.easyui.min.js HTTP/1.1" 304 -
120.253.135.82 - - [11/Feb/2022:09:38:56 +0800] "GET /xingrg/javascript/jquery.utils.js HTTP/1.1" 304 -
120.253.135.82 - - [11/Feb/2022:09:38:56 +0800] "GET /xingrg/javascript/jquery.form.js HTTP/1.1" 200 23110
120.253.135.82 - - [11/Feb/2022:09:38:56 +0800] "GET /xingrg/javascript/jquery.timers.js HTTP/1.1" 200 3532
120.253.135.82 - - [11/Feb/2022:09:38:56 +0800] "GET /xingrg/images/blue/navBackgound.jpg HTTP/1.1" 200 12378
120.253.135.82 - - [11/Feb/2022:09:38:56 +0800] "GET /xingrg/javascript/jquery_easy_ui/themes/icons/settle_new.png HTTP/1.1" 200 826
222.70.243.96 - - [11/Feb/2022:09:38:56 +0800] "GET /xingrg/all/function/internal_message.html?_=1644543549642&CODE_STATE=getMsg HTTP/1.1" 302 -
120.253.135.82 - - [11/Feb/2022:09:38:56 +0800] "GET /xingrg/images/blue/pingpu.png HTTP/1.1" 200 231
120.253.135.82 - - [11/Feb/2022:09:38:56 +0800] "GET /xingrg/javascript/jquery_easy_ui/themes/default/images/tabs_leftarrow.png HTTP/1.1" 200 389
120.253.135.82 - - [11/Feb/2022:09:38:56 +0800] "POST /xingrg/all/common/load_tree.html?tree=area_rest_tree_json&manage=1 HTTP/1.1" 200 344
222.70.179.43 - - [11/Feb/2022:09:38:56 +0800] "GET /xingrg/all/function/internal_message.html?_=1644543531851&CODE_STATE=getMsg HTTP/1.1" 200 27
120.253.135.82 - - [11/Feb/2022:09:38:56 +0800] "GET /xingrg/javascript/jquery_easy_ui/themes/default/images/panel_tool_collapse.gif HTTP/1.1" 200 246
120.253.135.82 - - [11/Feb/2022:09:38:56 +0800] "GET /xingrg/all/function/internal_message.html?_=1644543327655&CODE_STATE=count HTTP/1.1" 200 11
120.253.135.82 - - [11/Feb/2022:09:38:56 +0800] "GET /xingrg/check_reg.html?_=1644543327656 HTTP/1.1" 200 22
120.253.135.82 - - [11/Feb/2022:09:38:56 +0800] "GET /xingrg/javascript/jquery_easy_ui/themes/default/images/tabs_rightarrow.png HTTP/1.1" 200 395
120.253.135.82 - - [11/Feb/2022:09:38:56 +0800] "GET /xingrg/javascript/jquery_easy_ui/themes/default/images/tree_arrows.gif HTTP/1.1" 200 1043
120.253.135.82 - - [11/Feb/2022:09:38:56 +0800] "GET /favicon.ico HTTP/1.1" 404 -
120.253.135.82 - - [11/Feb/2022:09:38:56 +0800] "POST /xingrg/load_menu.html HTTP/1.1" 200 6743
120.253.135.82 - - [11/Feb/2022:09:38:57 +0800] "GET /xingrg/javascript/jquery_easy_ui/themes/icons/forms_new.png HTTP/1.1" 200 350
120.253.135.82 - - [11/Feb/2022:09:38:57 +0800] "GET /xingrg/javascript/jquery_easy_ui/themes/icons/storage_new.png HTTP/1.1" 200 853
120.253.135.82 - - [11/Feb/2022:09:38:57 +0800] "GET /xingrg/javascript/jquery_easy_ui/themes/default/images/tree_folder_open.gif HTTP/1.1" 200 956
120.253.135.82 - - [11/Feb/2022:09:38:57 +0800] "GET /xingrg/javascript/jquery_easy_ui/themes/icons/delivery_new.png HTTP/1.1" 200 700
120.253.135.82 - - [11/Feb/2022:09:38:57 +0800] "GET /xingrg/javascript/jquery_easy_ui/themes/icons/search_new.png HTTP/1.1" 200 586
120.253.135.82 - - [11/Feb/2022:09:38:57 +0800] "GET /xingrg/javascript/jquery_easy_ui/themes/default/images/tree_folder.gif HTTP/1.1" 200 952
120.253.135.82 - - [11/Feb/2022:09:38:57 +0800] "GET /xingrg/javascript/jquery_easy_ui/themes/default/images/tree_file.gif HTTP/1.1" 200 118
114.88.155.114 - - [11/Feb/2022:09:39:00 +0800] "GET /xingrg/kc/buy/cgsh_order_operate.html?command=get_materiel&rest_code=00141&code=00101008038&supplier_code=00100007&order_time=2022-02-11 HTTP/1.1" 200 432
120.253.135.82 - - [11/Feb/2022:09:39:01 +0800] "GET /xingrg/javascript/jquery_easy_ui/themes/default/images/tabs_close.gif HTTP/1.1" 200 829
120.253.135.82 - - [11/Feb/2022:09:39:01 +0800] "GET /xingrg/javascript/easyui/themes/icon.css HTTP/1.1" 304 -
120.253.135.82 - - [11/Feb/2022:09:39:01 +0800] "GET /xingrg/javascript/auto/jquery.autocomplete.css HTTP/1.1" 304 -
120.253.135.82 - - [11/Feb/2022:09:39:01 +0800] "GET /xingrg/javascript/jquery_tools/fix.css HTTP/1.1" 304 -
120.253.135.82 - - [11/Feb/2022:09:39:01 +0800] "GET /xingrg/css/base.css HTTP/1.1" 304 -
120.253.135.82 - - [11/Feb/2022:09:39:01 +0800] "GET /xingrg/javascript/jquery_tools/datebox.css HTTP/1.1" 304 -
120.253.135.82 - - [11/Feb/2022:09:39:01 +0800] "GET /xingrg/css/site.css HTTP/1.1" 304 -
120.253.135.82 - - [11/Feb/2022:09:39:01 +0800] "GET /xingrg/javascript/easyui/themes/default/easyui.css HTTP/1.1" 304 -
120.253.135.82 - - [11/Feb/2022:09:39:01 +0800] "GET /xingrg/javascript/jquery_tools/jquery.tools.extend.js HTTP/1.1" 304 -
120.253.135.82 - - [11/Feb/2022:09:39:01 +0800] "GET /xingrg/javascript/jquery.cookie.js HTTP/1.1" 304 -
120.253.135.82 - - [11/Feb/2022:09:39:01 +0800] "GET /xingrg/javascript/jquery_tools/jquery.tools.hotkey.js HTTP/1.1" 304 -
120.253.135.82 - - [11/Feb/2022:09:39:01 +0800] "GET /xingrg/javascript/jquery_tools/list_manager.js HTTP/1.1" 304 -
120.253.135.82 - - [11/Feb/2022:09:39:01 +0800] "GET /xingrg/javascript/jquery_tools/jquery.tools.table.js HTTP/1.1" 304 -
120.253.135.82 - - [11/Feb/2022:09:39:01 +0800] "GET /xingrg/javascript/print/LodopFuncs.js HTTP/1.1" 304 -
120.253.135.82 - - [11/Feb/2022:09:39:01 +0800] "GET /xingrg/javascript/jquery_tools/jquery.tools.min.js HTTP/1.1" 304 -
120.253.135.82 - - [11/Feb/2022:09:39:01 +0800] "GET /xingrg/javascript/easyui/easyloader.js HTTP/1.1" 304 -
120.253.135.82 - - [11/Feb/2022:09:39:01 +0800] "GET /xingrg/javascript/jquery_tools/table.css HTTP/1.1" 304 -
120.253.135.82 - - [11/Feb/2022:09:39:01 +0800] "GET /xingrg/kc/pszx/mdps_order_list.html?orderType=0 HTTP/1.1" 200 20884
120.253.135.82 - - [11/Feb/2022:09:39:01 +0800] "GET /xingrg/javascript/auto/jquery.autocomplete.js HTTP/1.1" 304 -
120.253.135.82 - - [11/Feb/2022:09:39:01 +0800] "GET /xingrg/javascript/easyui/themes/icons/edit_add_new.png HTTP/1.1" 200 2997
120.253.135.82 - - [11/Feb/2022:09:39:01 +0800] "GET /xingrg/javascript/easyui/themes/icons/cance_new.png HTTP/1.1" 200 3986
120.253.135.82 - - [11/Feb/2022:09:39:01 +0800] "GET /xingrg/javascript/easyui/themes/icons/field_new.png HTTP/1.1" 200 1097
120.253.135.82 - - [11/Feb/2022:09:39:01 +0800] "GET /xingrg/javascript/easyui/themes/icons/check_new.png HTTP/1.1" 200 3224
120.253.135.82 - - [11/Feb/2022:09:39:01 +0800] "GET /xingrg/javascript/easyui/themes/icons/uncheck_new.png HTTP/1.1" 200 3197
120.253.135.82 - - [11/Feb/2022:09:39:01 +0800] "GET /xingrg/javascript/easyui/themes/icons/import_new.png HTTP/1.1" 304 -
120.253.135.82 - - [11/Feb/2022:09:39:01 +0800] "GET /xingrg/javascript/easyui/plugins/jquery.parser.js HTTP/1.1" 304 -
120.253.135.82 - - [11/Feb/2022:09:39:01 +0800] "GET /xingrg/images/control/ajaxLoader.gif HTTP/1.1" 200 4659
120.253.135.82 - - [11/Feb/2022:09:39:02 +0800] "POST /xingrg/kc/pszx/mdps_list_operate.html HTTP/1.1" 200 5283
124.79.79.90 - - [11/Feb/2022:09:39:04 +0800] "GET /xingrg/all/function/internal_message.html?_=1644543542287&CODE_STATE=getMsg HTTP/1.1" 200 27
124.79.79.90 - - [11/Feb/2022:09:39:04 +0800] "GET /xingrg/check_reg.html?_=1644543542291 HTTP/1.1" 200 22
114.88.155.114 - - [11/Feb/2022:09:39:07 +0800] "GET /xingrg/kc/buy/cgsh_order_operate.html?command=get_materiel&rest_code=00141&code=00101008396&supplier_code=00100007&order_time=2022-02-11 HTTP/1.1" 200 431
114.83.217.174 - - [11/Feb/2022:09:39:09 +0800] "GET /xingrg/all/function/internal_message.html?_=1644543545702&CODE_STATE=getMsg HTTP/1.1" 200 27
120.253.135.82 - - [11/Feb/2022:09:39:10 +0800] "POST /xingrg/kc/pszx/mdps_list_operate.html HTTP/1.1" 200 5390
120.253.135.82 - - [11/Feb/2022:09:39:12 +0800] "POST /xingrg/kc/pszx/mdps_list_operate.html HTTP/1.1" 200 652
120.253.135.82 - - [11/Feb/2022:09:39:12 +0800] "GET /xingrg/kc/pszx/mdps_order_info.html?code=312022021100110 HTTP/1.1" 200 23929
120.253.135.82 - - [11/Feb/2022:09:39:12 +0800] "GET /xingrg/javascript/myfunction.js HTTP/1.1" 304 -
120.253.135.82 - - [11/Feb/2022:09:39:12 +0800] "GET /xingrg/javascript/pic_change.js HTTP/1.1" 304 -
120.253.135.82 - - [11/Feb/2022:09:39:12 +0800] "GET /xingrg/javascript/convert.js HTTP/1.1" 304 -
120.253.135.82 - - [11/Feb/2022:09:39:12 +0800] "GET /xingrg/javascript/jquery_tools/order_manager.js HTTP/1.1" 304 -
120.253.135.82 - - [11/Feb/2022:09:39:12 +0800] "GET /xingrg/javascript/print/kc_print.js HTTP/1.1" 304 -
120.253.135.82 - - [11/Feb/2022:09:39:12 +0800] "GET /xingrg/javascript/json2.js HTTP/1.1" 304 -
120.253.135.82 - - [11/Feb/2022:09:39:12 +0800] "GET /xingrg/words/20220128115405_words.js HTTP/1.1" 304 -
120.253.135.82 - - [11/Feb/2022:09:39:12 +0800] "GET /xingrg/javascript/easyui/themes/icons/ok.png HTTP/1.1" 200 883
120.253.135.82 - - [11/Feb/2022:09:39:12 +0800] "GET /xingrg/javascript/easyui/themes/icons/copy_new.png HTTP/1.1" 200 815
120.253.135.82 - - [11/Feb/2022:09:39:12 +0800] "GET /xingrg/javascript/easyui/themes/icons/print.png HTTP/1.1" 200 1057
120.253.135.82 - - [11/Feb/2022:09:39:12 +0800] "GET /xingrg/javascript/easyui/themes/default/images/menu_downarrow.png HTTP/1.1" 200 173
120.253.135.82 - - [11/Feb/2022:09:39:12 +0800] "GET /xingrg/javascript/easyui/themes/icons/cancel.png HTTP/1.1" 200 1133
120.253.135.82 - - [11/Feb/2022:09:39:13 +0800] "GET /xingrg/all/common/auto_word.html?type=base&rest_code=00101 HTTP/1.1" 200 613
120.253.135.82 - - [11/Feb/2022:09:39:13 +0800] "GET /xingrg/javascript/easyui/themes/default/validatebox.css HTTP/1.1" 404 1104
120.253.135.82 - - [11/Feb/2022:09:39:13 +0800] "GET /xingrg/javascript/easyui/plugins/jquery.validatebox.js HTTP/1.1" 304 -
120.253.135.82 - - [11/Feb/2022:09:39:13 +0800] "GET /xingrg/javascript/easyui/plugins/jquery.numberbox.js HTTP/1.1" 304 -
120.253.135.82 - - [11/Feb/2022:09:39:13 +0800] "POST /xingrg/kc/pszx/mdps_order_operate.html HTTP/1.1" 200 12014
120.253.135.82 - - [11/Feb/2022:09:39:13 +0800] "GET /xingrg/javascript/easyui/themes/icons/edit_remove.png HTTP/1.1" 200 625
120.253.135.82 - - [11/Feb/2022:09:39:13 +0800] "GET /xingrg/javascript/easyui/themes/default/images/button_plain_hover.png HTTP/1.1" 200 144
114.88.155.114 - - [11/Feb/2022:09:39:14 +0800] "GET /xingrg/kc/buy/cgsh_order_operate.html?command=get_materiel&rest_code=00141&code=00101008356&supplier_code=00100007&order_time=2022-02-11 HTTP/1.1" 200 427
120.253.135.82 - - [11/Feb/2022:09:39:15 +0800] "GET /xingrg/all/function/internal_message.html?_=1644543550227&CODE_STATE=getMsg HTTP/1.1" 200 27
120.253.135.82 - - [11/Feb/2022:09:39:15 +0800] "GET /xingrg/kc/print/load_config.html?kc_code=mdps HTTP/1.1" 200 2390
120.253.135.82 - - [11/Feb/2022:09:39:15 +0800] "GET /xingrg/kc/print/load_data.html?order_code=312022021100110&kc_code=mdps&condition= HTTP/1.1" 200 5257
58.40.7.146 - - [11/Feb/2022:09:39:16 +0800] "GET /xingrg/all/function/internal_message.html?_=1644543553817&CODE_STATE=getMsg HTTP/1.1" 200 27
114.88.155.114 - - [11/Feb/2022:09:39:23 +0800] "GET /xingrg/kc/buy/cgsh_order_operate.html?command=get_materiel&rest_code=00141&code=00101008197&supplier_code=00100007&order_time=2022-02-11 HTTP/1.1" 200 437
120.253.135.82 - - [11/Feb/2022:09:39:25 +0800] "GET /xingrg/all/function/internal_message.html?_=1644543693485&CODE_STATE=getMsg HTTP/1.1" 200 27
222.70.243.96 - - [11/Feb/2022:09:39:31 +0800] "GET /xingrg/all/function/internal_message.html?_=1644543586417&CODE_STATE=getMsg HTTP/1.1" 200 27
114.88.155.114 - - [11/Feb/2022:09:39:33 +0800] "GET /xingrg/kc/buy/cgsh_order_operate.html?command=get_materiel&rest_code=00141&code=00101008196&supplier_code=00100007&order_time=2022-02-11 HTTP/1.1" 200 437
58.221.95.50 - - [11/Feb/2022:09:39:34 +0800] "GET /xingrg/check_reg.html?_=1644543571694 HTTP/1.1" 302 -
222.70.223.103 - - [11/Feb/2022:09:39:35 +0800] "GET /xingrg/all/function/internal_message.html?_=1644543571826&CODE_STATE=getMsg HTTP/1.1" 200 27
114.88.155.114 - - [11/Feb/2022:09:39:41 +0800] "GET /xingrg/kc/buy/cgsh_order_operate.html?command=get_materiel&rest_code=00141&code=00101008357&supplier_code=00100007&order_time=2022-02-11 HTTP/1.1" 200 428
172.20.0.100 - - [11/Feb/2022:09:39:46 +0800] "GET /xingrg/check_reg.html?_=1644543583476 HTTP/1.1" 200 22
172.20.0.100 - - [11/Feb/2022:09:39:46 +0800] "GET /xingrg/all/function/internal_message.html?_=1644543583479&CODE_STATE=getMsg HTTP/1.1" 200 27
116.239.131.195 - - [11/Feb/2022:09:39:48 +0800] "GET /xingrg/all/function/internal_message.html?_=1644543613597&CODE_STATE=getMsg HTTP/1.1" 200 27
58.39.168.32 - - [11/Feb/2022:09:39:48 +0800] "GET /xingrg/check_reg.html?_=1644543587166 HTTP/1.1" 200 22
58.39.168.32 - - [11/Feb/2022:09:39:48 +0800] "GET /xingrg/all/function/internal_message.html?_=1644543587169&CODE_STATE=getMsg HTTP/1.1" 200 27
114.88.155.114 - - [11/Feb/2022:09:39:50 +0800] "GET /xingrg/all/function/internal_message.html?_=1644543374457&CODE_STATE=getMsg HTTP/1.1" 200 27
114.88.155.114 - - [11/Feb/2022:09:39:50 +0800] "GET /xingrg/kc/buy/cgsh_order_operate.html?command=get_materiel&rest_code=00141&code=00101008131&supplier_code=00100007&order_time=2022-02-11 HTTP/1.1" 200 428
114.86.225.240 - - [11/Feb/2022:09:39:51 +0800] "GET /xingrg/all/function/internal_message.html?_=1644543589996&CODE_STATE=getMsg HTTP/1.1" 200 27
222.70.243.96 - - [11/Feb/2022:09:39:56 +0800] "GET /xingrg/all/function/internal_message.html?_=1644543609668&CODE_STATE=getMsg HTTP/1.1" 302 -
222.70.179.43 - - [11/Feb/2022:09:39:56 +0800] "GET /xingrg/all/function/internal_message.html?_=1644543591846&CODE_STATE=getMsg HTTP/1.1" 200 27
120.253.135.82 - - [11/Feb/2022:09:39:56 +0800] "GET /xingrg/all/function/internal_message.html?_=1644543387669&CODE_STATE=getMsg HTTP/1.1" 200 27
114.88.155.114 - - [11/Feb/2022:09:39:58 +0800] "GET /xingrg/kc/buy/cgsh_order_operate.html?command=get_materiel&rest_code=00141&code=00101008098&supplier_code=00100007&order_time=2022-02-11 HTTP/1.1" 200 432
124.79.79.90 - - [11/Feb/2022:09:40:04 +0800] "GET /xingrg/all/function/internal_message.html?_=1644543602291&CODE_STATE=getMsg HTTP/1.1" 200 27
114.88.155.114 - - [11/Feb/2022:09:40:06 +0800] "GET /xingrg/kc/buy/cgsh_order_operate.html?command=get_materiel&rest_code=00141&code=00101008353&supplier_code=00100007&order_time=2022-02-11 HTTP/1.1" 200 429
116.239.131.195 - - [11/Feb/2022:09:40:08 +0800] "POST /xingrg/kc/buy/cgsh_order_operate.html HTTP/1.1" 200 37
114.83.217.174 - - [11/Feb/2022:09:40:09 +0800] "GET /xingrg/all/function/internal_message.html?_=1644543605684&CODE_STATE=getMsg HTTP/1.1" 200 27
116.239.131.195 - - [11/Feb/2022:09:40:10 +0800] "GET /xingrg/javascript/jquery_easy_ui/themes/default/images/tabs_active.png HTTP/1.1" 304 -
116.239.131.195 - - [11/Feb/2022:09:40:10 +0800] "POST /xingrg/kc/buy/cgsh_order_operate.html HTTP/1.1" 200 13899
120.253.135.82 - - [11/Feb/2022:09:40:15 +0800] "GET /xingrg/all/function/internal_message.html?_=1644543610272&CODE_STATE=getMsg HTTP/1.1" 200 27
114.88.155.114 - - [11/Feb/2022:09:40:15 +0800] "GET /xingrg/kc/buy/cgsh_order_operate.html?command=get_materiel&rest_code=00141&code=00101008283&supplier_code=00100007&order_time=2022-02-11 HTTP/1.1" 200 427
58.40.7.146 - - [11/Feb/2022:09:40:16 +0800] "GET /xingrg/all/function/internal_message.html?_=1644543613819&CODE_STATE=getMsg HTTP/1.1" 200 27
116.239.131.195 - - [11/Feb/2022:09:40:17 +0800] "POST /xingrg/kc/buy/cgsh_list_operate.html HTTP/1.1" 200 2031
222.70.179.43 - - [11/Feb/2022:09:40:22 +0800] "POST /xingrg/kc/buy/cgsh_order_operate.html HTTP/1.1" 200 37
114.88.155.114 - - [11/Feb/2022:09:40:24 +0800] "GET /xingrg/kc/buy/cgsh_order_operate.html?command=get_materiel&rest_code=00141&code=00101011004&supplier_code=00100007&order_time=2022-02-11 HTTP/1.1" 200 432
120.253.135.82 - - [11/Feb/2022:09:40:26 +0800] "GET /xingrg/all/function/internal_message.html?_=1644543753578&CODE_STATE=getMsg HTTP/1.1" 200 27
222.70.243.96 - - [11/Feb/2022:09:40:31 +0800] "GET /xingrg/all/function/internal_message.html?_=1644543646425&CODE_STATE=getMsg HTTP/1.1" 200 27
116.239.131.195 - - [11/Feb/2022:09:40:35 +0800] "POST /xingrg/kc/buy/cgsh_list_operate.html HTTP/1.1" 200 570
116.239.131.195 - - [11/Feb/2022:09:40:35 +0800] "GET /xingrg/kc/buy/cgsh_order_info.html?code=212022021102148 HTTP/1.1" 200 65519
222.70.223.103 - - [11/Feb/2022:09:40:35 +0800] "GET /xingrg/all/function/internal_message.html?_=1644543631799&CODE_STATE=getMsg HTTP/1.1" 200 27
116.239.131.195 - - [11/Feb/2022:09:40:36 +0800] "GET /xingrg/javascript/easyui/themes/default/validatebox.css HTTP/1.1" 404 1104
116.239.131.195 - - [11/Feb/2022:09:40:36 +0800] "POST /xingrg/kc/buy/cgsh_order_operate.html HTTP/1.1" 200 13899
114.88.155.114 - - [11/Feb/2022:09:40:36 +0800] "GET /xingrg/kc/buy/cgsh_order_operate.html?command=get_materiel&rest_code=00141&code=00101008270&supplier_code=00100007&order_time=2022-02-11 HTTP/1.1" 200 432
172.20.0.100 - - [11/Feb/2022:09:40:46 +0800] "GET /xingrg/all/function/internal_message.html?_=1644543643480&CODE_STATE=getMsg HTTP/1.1" 200 27
116.239.131.195 - - [11/Feb/2022:09:40:48 +0800] "GET /xingrg/check_reg.html?_=1644543672894 HTTP/1.1" 200 22
116.239.131.195 - - [11/Feb/2022:09:40:48 +0800] "GET /xingrg/all/function/internal_message.html?_=1644543673674&CODE_STATE=getMsg HTTP/1.1" 200 27
58.39.168.32 - - [11/Feb/2022:09:40:48 +0800] "GET /xingrg/all/function/internal_message.html?_=1644543647168&CODE_STATE=getMsg HTTP/1.1" 200 27
114.88.155.114 - - [11/Feb/2022:09:40:50 +0800] "GET /xingrg/all/function/internal_message.html?_=1644543434485&CODE_STATE=getMsg HTTP/1.1" 200 27
114.88.155.114 - - [11/Feb/2022:09:40:50 +0800] "GET /xingrg/check_reg.html?_=1644543434486 HTTP/1.1" 200 22
114.86.225.240 - - [11/Feb/2022:09:40:51 +0800] "GET /xingrg/all/function/internal_message.html?_=1644543649998&CODE_STATE=getMsg HTTP/1.1" 200 27
114.86.225.240 - - [11/Feb/2022:09:40:51 +0800] "GET /xingrg/check_reg.html?_=1644543649999 HTTP/1.1" 200 22
114.88.155.114 - - [11/Feb/2022:09:40:51 +0800] "GET /xingrg/kc/buy/cgsh_order_operate.html?command=get_materiel&rest_code=00141&code=00101008246&supplier_code=00100007&order_time=2022-02-11 HTTP/1.1" 200 427
116.239.131.195 - - [11/Feb/2022:09:40:55 +0800] "POST /xingrg/kc/buy/cgsh_order_operate.html HTTP/1.1" 200 37
222.70.243.96 - - [11/Feb/2022:09:40:56 +0800] "GET /xingrg/all/function/internal_message.html?_=1644543669685&CODE_STATE=getMsg HTTP/1.1" 302 -
120.253.135.82 - - [11/Feb/2022:09:40:56 +0800] "GET /xingrg/all/function/internal_message.html?_=1644543447683&CODE_STATE=getMsg HTTP/1.1" 200 27
116.239.131.195 - - [11/Feb/2022:09:40:56 +0800] "POST /xingrg/kc/buy/cgsh_order_operate.html HTTP/1.1" 200 13901
116.239.131.195 - - [11/Feb/2022:09:41:00 +0800] "POST /xingrg/kc/buy/cgsh_list_operate.html HTTP/1.1" 200 2031
114.88.155.114 - - [11/Feb/2022:09:41:01 +0800] "GET /xingrg/kc/buy/cgsh_order_operate.html?command=get_materiel&rest_code=00141&code=00101008521&supplier_code=00100007&order_time=2022-02-11 HTTP/1.1" 200 395
116.239.131.195 - - [11/Feb/2022:09:41:03 +0800] "POST /xingrg/kc/buy/cgsh_list_operate.html HTTP/1.1" 200 565
124.79.79.90 - - [11/Feb/2022:09:41:04 +0800] "GET /xingrg/all/function/internal_message.html?_=1644543662294&CODE_STATE=getMsg HTTP/1.1" 200 27
116.239.131.195 - - [11/Feb/2022:09:41:05 +0800] "GET /xingrg/kc/buy/cgsh_order_info.html?code=212022021102145 HTTP/1.1" 200 65519
116.239.131.195 - - [11/Feb/2022:09:41:06 +0800] "GET /xingrg/javascript/easyui/themes/default/validatebox.css HTTP/1.1" 404 1104
116.239.131.195 - - [11/Feb/2022:09:41:06 +0800] "POST /xingrg/kc/buy/cgsh_order_operate.html HTTP/1.1" 200 12118
114.83.217.174 - - [11/Feb/2022:09:41:09 +0800] "GET /xingrg/all/function/internal_message.html?_=1644543665665&CODE_STATE=getMsg HTTP/1.1" 200 27
120.253.135.82 - - [11/Feb/2022:09:41:15 +0800] "GET /xingrg/all/function/internal_message.html?_=1644543670285&CODE_STATE=getMsg HTTP/1.1" 200 27
58.40.7.146 - - [11/Feb/2022:09:41:16 +0800] "GET /xingrg/all/function/internal_message.html?_=1644543673822&CODE_STATE=getMsg HTTP/1.1" 200 27
116.239.131.195 - - [11/Feb/2022:09:41:19 +0800] "POST /xingrg/kc/buy/cgsh_order_operate.html HTTP/1.1" 200 37
116.239.131.195 - - [11/Feb/2022:09:41:20 +0800] "POST /xingrg/kc/buy/cgsh_order_operate.html HTTP/1.1" 200 12120
120.253.135.82 - - [11/Feb/2022:09:41:25 +0800] "GET /xingrg/all/function/internal_message.html?_=1644543813590&CODE_STATE=getMsg HTTP/1.1" 200 27
116.239.131.195 - - [11/Feb/2022:09:41:27 +0800] "POST /xingrg/kc/buy/cgsh_list_operate.html HTTP/1.1" 200 2031
222.70.243.96 - - [11/Feb/2022:09:41:29 +0800] "GET /xingrg/check_reg.html?_=1644543704735 HTTP/1.1" 200 22
222.70.243.96 - - [11/Feb/2022:09:41:31 +0800] "GET /xingrg/all/function/internal_message.html?_=1644543706439&CODE_STATE=getMsg HTTP/1.1" 200 27
114.88.155.114 - - [11/Feb/2022:09:41:32 +0800] "GET /xingrg/kc/buy/cgsh_order_operate.html?command=get_materiel&rest_code=00141&code=00101008027&supplier_code=00100007&order_time=2022-02-11 HTTP/1.1" 200 428
222.70.223.103 - - [11/Feb/2022:09:41:35 +0800] "GET /xingrg/all/function/internal_message.html?_=1644543691784&CODE_STATE=getMsg HTTP/1.1" 200 27
116.239.131.195 - - [11/Feb/2022:09:41:39 +0800] "POST /xingrg/kc/buy/cgsh_list_operate.html HTTP/1.1" 200 565
114.88.155.114 - - [11/Feb/2022:09:41:44 +0800] "GET /xingrg/kc/buy/cgsh_order_operate.html?command=get_materiel&rest_code=00141&code=00101008051&supplier_code=00100007&order_time=2022-02-11 HTTP/1.1" 200 430
172.20.0.100 - - [11/Feb/2022:09:41:46 +0800] "GET /xingrg/all/function/internal_message.html?_=1644543703486&CODE_STATE=getMsg HTTP/1.1" 200 27
58.39.168.32 - - [11/Feb/2022:09:41:48 +0800] "GET /xingrg/all/function/internal_message.html?_=1644543707169&CODE_STATE=getMsg HTTP/1.1" 200 27
116.239.131.195 - - [11/Feb/2022:09:41:49 +0800] "GET /xingrg/all/function/internal_message.html?_=1644543734082&CODE_STATE=getMsg HTTP/1.1" 200 27
114.88.155.114 - - [11/Feb/2022:09:41:50 +0800] "GET /xingrg/all/function/internal_message.html?_=1644543494488&CODE_STATE=getMsg HTTP/1.1" 200 27
114.86.225.240 - - [11/Feb/2022:09:41:51 +0800] "GET /xingrg/all/function/internal_message.html?_=1644543710000&CODE_STATE=getMsg HTTP/1.1" 200 27
222.70.223.103 - - [11/Feb/2022:09:41:51 +0800] "GET /xingrg/check_reg.html?_=1644543707324 HTTP/1.1" 200 22
116.239.131.195 - - [11/Feb/2022:09:41:51 +0800] "GET /xingrg/kc/buy/cgsh_order_info.html?code=212022021102145 HTTP/1.1" 200 65519
222.70.179.43 - - [11/Feb/2022:09:41:52 +0800] "POST /xingrg/kc/buy/cgsh_order_operate.html HTTP/1.1" 200 28662
116.239.131.195 - - [11/Feb/2022:09:41:52 +0800] "GET /xingrg/javascript/easyui/themes/default/validatebox.css HTTP/1.1" 404 1104
116.239.131.195 - - [11/Feb/2022:09:41:52 +0800] "POST /xingrg/kc/buy/cgsh_order_operate.html HTTP/1.1" 200 12120
222.70.179.43 - - [11/Feb/2022:09:41:54 +0800] "GET /xingrg/kc/print/load_data.html?order_code=212022021102150&kc_code=cgsh&condition= HTTP/1.1" 200 10542
222.70.243.96 - - [11/Feb/2022:09:41:56 +0800] "GET /xingrg/all/function/internal_message.html?_=1644543729712&CODE_STATE=getMsg HTTP/1.1" 302 -
120.253.135.82 - - [11/Feb/2022:09:41:56 +0800] "GET /xingrg/all/function/internal_message.html?_=1644543507696&CODE_STATE=getMsg HTTP/1.1" 200 27
222.70.179.43 - - [11/Feb/2022:09:41:57 +0800] "GET /xingrg/all/function/internal_message.html?_=1644543712375&CODE_STATE=getMsg HTTP/1.1" 200 27
116.239.131.195 - - [11/Feb/2022:09:42:01 +0800] "POST /xingrg/kc/buy/cgsh_order_operate.html HTTP/1.1" 200 37
222.70.179.43 - - [11/Feb/2022:09:42:03 +0800] "GET /xingrg/kc/buy/cgsh_order_add.html HTTP/1.1" 200 65472
222.70.179.43 - - [11/Feb/2022:09:42:03 +0800] "POST /xingrg/kc/buy/cgsh_order_operate.html HTTP/1.1" 200 8245
222.70.179.43 - - [11/Feb/2022:09:42:03 +0800] "GET /xingrg/javascript/easyui/themes/default/validatebox.css HTTP/1.1" 404 1104
124.79.79.90 - - [11/Feb/2022:09:42:04 +0800] "GET /xingrg/all/function/internal_message.html?_=1644543722296&CODE_STATE=getMsg HTTP/1.1" 200 27
114.88.155.114 - - [11/Feb/2022:09:42:04 +0800] "GET /xingrg/kc/buy/cgsh_order_operate.html?command=get_materiel&rest_code=00141&code=00101008370&supplier_code=00100007&order_time=2022-02-11 HTTP/1.1" 200 433
114.83.217.174 - - [11/Feb/2022:09:42:05 +0800] "GET /xingrg/check_reg.html?_=1644543720844 HTTP/1.1" 200 22
116.239.131.195 - - [11/Feb/2022:09:42:05 +0800] "POST /xingrg/kc/buy/cgsh_order_operate.html HTTP/1.1" 200 12
116.239.131.195 - - [11/Feb/2022:09:42:06 +0800] "GET /xingrg/kc/buy/cgsh_order_info.html?code=212022021102145 HTTP/1.1" 200 60417
116.239.131.195 - - [11/Feb/2022:09:42:08 +0800] "GET /xingrg/javascript/easyui/themes/default/validatebox.css HTTP/1.1" 404 1104
116.239.131.195 - - [11/Feb/2022:09:42:08 +0800] "POST /xingrg/kc/buy/cgsh_order_operate.html HTTP/1.1" 200 10065
114.83.217.174 - - [11/Feb/2022:09:42:09 +0800] "GET /xingrg/all/function/internal_message.html?_=1644543725655&CODE_STATE=getMsg HTTP/1.1" 200 27
116.239.131.195 - - [11/Feb/2022:09:42:13 +0800] "POST /xingrg/kc/buy/cgsh_list_operate.html HTTP/1.1" 200 1679
114.88.155.114 - - [11/Feb/2022:09:42:13 +0800] "GET /xingrg/kc/buy/cgsh_order_operate.html?command=get_materiel&rest_code=00141&code=00101008242&supplier_code=00100007&order_time=2022-02-11 HTTP/1.1" 200 428
116.239.131.195 - - [11/Feb/2022:09:42:14 +0800] "POST /xingrg/kc/buy/cgsh_list_operate.html HTTP/1.1" 200 570
120.253.135.82 - - [11/Feb/2022:09:42:14 +0800] "GET /xingrg/check_reg.html?_=1644543729500 HTTP/1.1" 200 22
120.253.135.82 - - [11/Feb/2022:09:42:15 +0800] "GET /xingrg/all/function/internal_message.html?_=1644543730299&CODE_STATE=getMsg HTTP/1.1" 200 27
114.88.155.114 - - [11/Feb/2022:09:42:15 +0800] "POST /xingrg/kc/buy/cgsh_order_operate.html HTTP/1.1" 200 2065
116.239.131.195 - - [11/Feb/2022:09:42:15 +0800] "GET /xingrg/kc/buy/cgsh_order_info.html?code=212022021102148 HTTP/1.1" 200 65519
58.40.7.146 - - [11/Feb/2022:09:42:16 +0800] "GET /xingrg/all/function/internal_message.html?_=1644543733811&CODE_STATE=getMsg HTTP/1.1" 200 27
116.239.131.195 - - [11/Feb/2022:09:42:16 +0800] "GET /xingrg/javascript/easyui/themes/default/validatebox.css HTTP/1.1" 404 1104
116.239.131.195 - - [11/Feb/2022:09:42:17 +0800] "POST /xingrg/kc/buy/cgsh_order_operate.html HTTP/1.1" 200 13901
222.70.179.43 - - [11/Feb/2022:09:42:19 +0800] "GET /xingrg/kc/buy/cgsh_order_operate.html?command=get_materiel&rest_code=00111&code=00101002027&supplier_code=00100199&order_time=2022-02-11 HTTP/1.1" 200 433
114.88.155.114 - - [11/Feb/2022:09:42:22 +0800] "GET /xingrg/kc/buy/cgsh_order_operate.html?command=get_materiel&rest_code=00141&code=00101008300&supplier_code=00100007&order_time=2022-02-11 HTTP/1.1" 200 432
116.239.131.195 - - [11/Feb/2022:09:42:22 +0800] "POST /xingrg/kc/buy/cgsh_order_operate.html HTTP/1.1" 200 37
120.253.135.82 - - [11/Feb/2022:09:42:23 +0800] "GET /xingrg/check_reg.html?_=1644543871630 HTTP/1.1" 200 22
222.70.243.96 - - [11/Feb/2022:09:42:25 +0800] "GET /xingrg/check_reg.html?_=1644543758186 HTTP/1.1" 302 -
120.253.135.82 - - [11/Feb/2022:09:42:25 +0800] "GET /xingrg/all/function/internal_message.html?_=1644543873604&CODE_STATE=getMsg HTTP/1.1" 200 27
116.239.131.195 - - [11/Feb/2022:09:42:26 +0800] "POST /xingrg/kc/buy/cgsh_order_operate.html HTTP/1.1" 200 12
116.239.131.195 - - [11/Feb/2022:09:42:27 +0800] "GET /xingrg/kc/buy/cgsh_order_info.html?code=212022021102148 HTTP/1.1" 200 60417
116.239.131.195 - - [11/Feb/2022:09:42:28 +0800] "GET /xingrg/javascript/easyui/themes/default/validatebox.css HTTP/1.1" 404 1104
116.239.131.195 - - [11/Feb/2022:09:42:29 +0800] "POST /xingrg/kc/buy/cgsh_order_operate.html HTTP/1.1" 200 11845
114.88.155.114 - - [11/Feb/2022:09:42:30 +0800] "GET /xingrg/kc/buy/cgsh_order_operate.html?command=get_materiel&rest_code=00141&code=00101008251&supplier_code=00100007&order_time=2022-02-11 HTTP/1.1" 200 428
222.70.243.96 - - [11/Feb/2022:09:42:31 +0800] "GET /xingrg/all/function/internal_message.html?_=1644543766452&CODE_STATE=getMsg HTTP/1.1" 200 27
116.239.131.195 - - [11/Feb/2022:09:42:34 +0800] "GET /xingrg/kc/buy/cgsh_order_add.html HTTP/1.1" 200 65510
222.70.179.43 - - [11/Feb/2022:09:42:34 +0800] "GET /xingrg/kc/buy/cgsh_order_operate.html?command=get_materiel&rest_code=00111&code=00101002007&supplier_code=00100199&order_time=2022-02-11 HTTP/1.1" 200 428
116.239.131.195 - - [11/Feb/2022:09:42:35 +0800] "POST /xingrg/kc/buy/cgsh_order_operate.html HTTP/1.1" 200 8245
222.70.223.103 - - [11/Feb/2022:09:42:35 +0800] "GET /xingrg/all/function/internal_message.html?_=1644543751764&CODE_STATE=getMsg HTTP/1.1" 200 27
116.239.131.195 - - [11/Feb/2022:09:42:35 +0800] "GET /xingrg/javascript/easyui/themes/default/validatebox.css HTTP/1.1" 404 1104
114.88.155.114 - - [11/Feb/2022:09:42:37 +0800] "GET /xingrg/kc/buy/cgsh_order_operate.html?command=get_materiel&rest_code=00141&code=00101008286&supplier_code=00100007&order_time=2022-02-11 HTTP/1.1" 200 428
116.239.131.195 - - [11/Feb/2022:09:42:38 +0800] "GET /xingrg/javascript/easyui/themes/default/tree.css HTTP/1.1" 404 1090
116.239.131.195 - - [11/Feb/2022:09:42:38 +0800] "POST /xingrg/all/common/load_tree.html?tree=supplier_tree_json&isDelete=1 HTTP/1.1" 200 62150
114.88.155.114 - - [11/Feb/2022:09:42:45 +0800] "GET /xingrg/kc/buy/cgsh_order_operate.html?command=get_materiel&rest_code=00141&code=00101008213&supplier_code=00100007&order_time=2022-02-11 HTTP/1.1" 200 432
172.20.0.100 - - [11/Feb/2022:09:42:46 +0800] "GET /xingrg/all/function/internal_message.html?_=1644543763489&CODE_STATE=getMsg HTTP/1.1" 200 27
222.70.179.43 - - [11/Feb/2022:09:42:48 +0800] "GET /xingrg/kc/buy/cgsh_order_operate.html?command=get_materiel&rest_code=00111&code=00101002006&supplier_code=00100199&order_time=2022-02-11 HTTP/1.1" 200 435
58.39.168.32 - - [11/Feb/2022:09:42:48 +0800] "GET /xingrg/all/function/internal_message.html?_=1644543767169&CODE_STATE=getMsg HTTP/1.1" 200 27
116.239.131.195 - - [11/Feb/2022:09:42:49 +0800] "GET /xingrg/all/function/internal_message.html?_=1644543794147&CODE_STATE=getMsg HTTP/1.1" 200 27
114.88.155.114 - - [11/Feb/2022:09:42:50 +0800] "GET /xingrg/all/function/internal_message.html?_=1644543554445&CODE_STATE=getMsg HTTP/1.1" 200 27
114.86.225.240 - - [11/Feb/2022:09:42:51 +0800] "GET /xingrg/all/function/internal_message.html?_=1644543770006&CODE_STATE=getMsg HTTP/1.1" 200 27
114.88.155.114 - - [11/Feb/2022:09:42:53 +0800] "GET /xingrg/kc/buy/cgsh_order_operate.html?command=get_materiel&rest_code=00141&code=00101008403&supplier_code=00100007&order_time=2022-02-11 HTTP/1.1" 200 432
116.239.131.195 - - [11/Feb/2022:09:42:54 +0800] "GET /xingrg/kc/buy/cgsh_order_operate.html?command=get_materiel&rest_code=00102&code=00101016080&supplier_code=00100096&order_time=2022-02-11 HTTP/1.1" 200 408
114.88.155.114 - - [11/Feb/2022:09:42:55 +0800] "POST /xingrg/kc/buy/cgsh_order_operate.html HTTP/1.1" 200 2065
222.70.179.43 - - [11/Feb/2022:09:42:56 +0800] "GET /xingrg/check_reg.html?_=1644543771865 HTTP/1.1" 200 22
222.70.243.96 - - [11/Feb/2022:09:42:56 +0800] "GET /xingrg/all/function/internal_message.html?_=1644543789727&CODE_STATE=getMsg HTTP/1.1" 302 -
120.253.135.82 - - [11/Feb/2022:09:42:56 +0800] "GET /xingrg/all/function/internal_message.html?_=1644543567725&CODE_STATE=getMsg HTTP/1.1" 200 27
222.70.179.43 - - [11/Feb/2022:09:42:57 +0800] "GET /xingrg/all/function/internal_message.html?_=1644543772360&CODE_STATE=getMsg HTTP/1.1" 200 27
222.70.179.43 - - [11/Feb/2022:09:43:00 +0800] "POST /xingrg/kc/buy/cgsh_order_operate.html HTTP/1.1" 200 37
114.88.155.114 - - [11/Feb/2022:09:43:02 +0800] "GET /xingrg/kc/buy/cgsh_order_operate.html?command=get_materiel&rest_code=00141&code=00101008001&supplier_code=00100007&order_time=2022-02-11 HTTP/1.1" 200 433
124.79.79.90 - - [11/Feb/2022:09:43:04 +0800] "GET /xingrg/all/function/internal_message.html?_=1644543782300&CODE_STATE=getMsg HTTP/1.1" 200 27
222.70.179.43 - - [11/Feb/2022:09:43:04 +0800] "POST /xingrg/kc/buy/cgsh_order_operate.html HTTP/1.1" 200 3847
180.169.147.146 - - [11/Feb/2022:09:43:05 +0800] "GET /favicon.ico HTTP/1.1" 404 -
172.20.0.100 - - [11/Feb/2022:09:43:07 +0800] "GET /xingrg/kc/cost/cost_list.html HTTP/1.1" 200 6073
172.20.0.100 - - [11/Feb/2022:09:43:07 +0800] "GET /xingrg/javascript/step/step.css HTTP/1.1" 200 999
172.20.0.100 - - [11/Feb/2022:09:43:07 +0800] "GET /xingrg/dwr/interface/AjaxReportQueryService.js HTTP/1.1" 200 13203
172.20.0.100 - - [11/Feb/2022:09:43:07 +0800] "GET /xingrg/dwr/engine.js HTTP/1.1" 200 43631
172.20.0.100 - - [11/Feb/2022:09:43:07 +0800] "GET /xingrg/javascript/jquery_easy_ui/themes/default/images/pagination_loading.gif HTTP/1.1" 200 1737
172.20.0.100 - - [11/Feb/2022:09:43:07 +0800] "GET /xingrg/javascript/jquery_easy_ui/themes/icons/edit_remove.png HTTP/1.1" 200 625
172.20.0.100 - - [11/Feb/2022:09:43:07 +0800] "GET /xingrg/javascript/jquery_easy_ui/themes/default/images/datagrid_header_bg.gif HTTP/1.1" 200 97
172.20.0.100 - - [11/Feb/2022:09:43:07 +0800] "GET /xingrg/javascript/jquery_easy_ui/themes/icons/edit_add.png HTTP/1.1" 200 1088
172.20.0.100 - - [11/Feb/2022:09:43:07 +0800] "GET /xingrg/kc/cost/cost_operate.html?_=1644543784556&command=load_cost_list HTTP/1.1" 200 1592
116.239.131.195 - - [11/Feb/2022:09:43:08 +0800] "GET /xingrg/kc/buy/cgsh_order_operate.html?command=get_materiel&rest_code=00102&code=00101007125&supplier_code=00100096&order_time=2022-02-11 HTTP/1.1" 200 428
172.20.0.100 - - [11/Feb/2022:09:43:09 +0800] "GET /xingrg/kc/cost/cost_page.html HTTP/1.1" 200 4078
172.20.0.100 - - [11/Feb/2022:09:43:09 +0800] "GET /xingrg/dwr/interface/AjaxReportQueryService.js HTTP/1.1" 200 13203
172.20.0.100 - - [11/Feb/2022:09:43:09 +0800] "GET /xingrg/dwr/engine.js HTTP/1.1" 200 43631
114.83.217.174 - - [11/Feb/2022:09:43:09 +0800] "GET /xingrg/all/function/internal_message.html?_=1644543785626&CODE_STATE=getMsg HTTP/1.1" 200 27
172.20.0.100 - - [11/Feb/2022:09:43:09 +0800] "GET /xingrg/javascript/jquery_easy_ui/themes/default/images/calendar_prevmonth.gif HTTP/1.1" 200 66
172.20.0.100 - - [11/Feb/2022:09:43:09 +0800] "GET /xingrg/javascript/jquery_easy_ui/themes/icons/search.png HTTP/1.1" 200 813
172.20.0.100 - - [11/Feb/2022:09:43:09 +0800] "GET /xingrg/javascript/jquery_easy_ui/themes/default/images/calendar_nextmonth.gif HTTP/1.1" 200 64
172.20.0.100 - - [11/Feb/2022:09:43:09 +0800] "GET /xingrg/javascript/jquery_easy_ui/themes/default/images/calendar_prevyear.gif HTTP/1.1" 200 76
172.20.0.100 - - [11/Feb/2022:09:43:09 +0800] "GET /xingrg/javascript/jquery_easy_ui/themes/default/images/calendar_nextyear.gif HTTP/1.1" 200 75
114.88.155.114 - - [11/Feb/2022:09:43:10 +0800] "GET /xingrg/kc/buy/cgsh_order_operate.html?command=get_materiel&rest_code=00141&code=00101008350&supplier_code=00100007&order_time=2022-02-11 HTTP/1.1" 200 428
172.20.0.100 - - [11/Feb/2022:09:43:11 +0800] "POST /xingrg/kc/cost/cost_operate.html HTTP/1.1" 200 4
222.70.179.43 - - [11/Feb/2022:09:43:12 +0800] "GET /xingrg/kc/print/load_data.html?order_code=212022021102151&kc_code=cgsh&condition= HTTP/1.1" 200 1130
172.20.0.100 - - [11/Feb/2022:09:43:12 +0800] "GET /xingrg/kc/cost/cost_page.html HTTP/1.1" 200 4348
172.20.0.100 - - [11/Feb/2022:09:43:12 +0800] "GET /xingrg/css/blue.css HTTP/1.1" 304 -
172.20.0.100 - - [11/Feb/2022:09:43:12 +0800] "GET /xingrg/javascript/jquery_easy_ui/themes/default/easyui.css HTTP/1.1" 304 -
172.20.0.100 - - [11/Feb/2022:09:43:12 +0800] "GET /xingrg/javascript/jquery_easy_ui/themes/icon.css HTTP/1.1" 304 -
172.20.0.100 - - [11/Feb/2022:09:43:12 +0800] "GET /xingrg/javascript/step/step.css HTTP/1.1" 304 -
172.20.0.100 - - [11/Feb/2022:09:43:12 +0800] "GET /xingrg/css/table.css HTTP/1.1" 304 -
172.20.0.100 - - [11/Feb/2022:09:43:12 +0800] "GET /xingrg/dwr/interface/AjaxReportQueryService.js HTTP/1.1" 200 13203
172.20.0.100 - - [11/Feb/2022:09:43:13 +0800] "GET /xingrg/dwr/engine.js HTTP/1.1" 200 43631
172.20.0.100 - - [11/Feb/2022:09:43:13 +0800] "GET /xingrg/dwr/util.js HTTP/1.1" 304 -
172.20.0.100 - - [11/Feb/2022:09:43:13 +0800] "GET /xingrg/javascript/jquery-1.4.2.min.js HTTP/1.1" 304 -
172.20.0.100 - - [11/Feb/2022:09:43:13 +0800] "GET /xingrg/javascript/jquery_easy_ui/jquery.easyui.min.js HTTP/1.1" 304 -
172.20.0.100 - - [11/Feb/2022:09:43:13 +0800] "GET /xingrg/javascript/jquery_easy_ui/easyui-lang-zh_CN.js HTTP/1.1" 304 -
172.20.0.100 - - [11/Feb/2022:09:43:13 +0800] "GET /xingrg/javascript/jquery.utils.js HTTP/1.1" 304 -
172.20.0.100 - - [11/Feb/2022:09:43:13 +0800] "GET /xingrg/images/control/ajaxLoader.gif HTTP/1.1" 304 -
120.253.135.82 - - [11/Feb/2022:09:43:15 +0800] "GET /xingrg/all/function/internal_message.html?_=1644543790314&CODE_STATE=getMsg HTTP/1.1" 200 27
58.40.7.146 - - [11/Feb/2022:09:43:16 +0800] "GET /xingrg/all/function/internal_message.html?_=1644543793812&CODE_STATE=getMsg HTTP/1.1" 200 27
58.40.7.146 - - [11/Feb/2022:09:43:16 +0800] "GET /xingrg/check_reg.html?_=1644543793812 HTTP/1.1" 200 22
114.88.155.114 - - [11/Feb/2022:09:43:24 +0800] "GET /xingrg/kc/buy/cgsh_order_operate.html?command=get_materiel&rest_code=00141&code=00101008114&supplier_code=00100007&order_time=2022-02-11 HTTP/1.1" 200 433
120.253.135.82 - - [11/Feb/2022:09:43:25 +0800] "GET /xingrg/all/function/internal_message.html?_=1644543933619&CODE_STATE=getMsg HTTP/1.1" 200 27
222.70.243.96 - - [11/Feb/2022:09:43:31 +0800] "GET /xingrg/all/function/internal_message.html?_=1644543826466&CODE_STATE=getMsg HTTP/1.1" 200 27
114.88.155.114 - - [11/Feb/2022:09:43:32 +0800] "GET /xingrg/kc/buy/cgsh_order_operate.html?command=get_materiel&rest_code=00141&code=00101008150&supplier_code=00100007&order_time=2022-02-11 HTTP/1.1" 200 428
222.70.223.103 - - [11/Feb/2022:09:43:35 +0800] "GET /xingrg/all/function/internal_message.html?_=1644543811752&CODE_STATE=getMsg HTTP/1.1" 200 27
172.20.0.100 - - [11/Feb/2022:09:43:40 +0800] "POST /xingrg/kc/cost/cost_operate.html HTTP/1.1" 200 4
116.239.131.195 - - [11/Feb/2022:09:43:43 +0800] "GET /xingrg/kc/buy/cgsh_order_operate.html?command=get_materiel&rest_code=00102&code=00101007077&supplier_code=00100096&order_time=2022-02-11 HTTP/1.1" 200 436
114.88.155.114 - - [11/Feb/2022:09:43:46 +0800] "GET /xingrg/kc/buy/cgsh_order_operate.html?command=get_materiel&rest_code=00141&code=00101008041&supplier_code=00100007&order_time=2022-02-11 HTTP/1.1" 200 427
58.39.168.32 - - [11/Feb/2022:09:43:48 +0800] "GET /xingrg/all/function/internal_message.html?_=1644543827155&CODE_STATE=getMsg HTTP/1.1" 200 27
116.239.131.195 - - [11/Feb/2022:09:43:49 +0800] "GET /xingrg/all/function/internal_message.html?_=1644543854304&CODE_STATE=getMsg HTTP/1.1" 200 27
114.88.155.114 - - [11/Feb/2022:09:43:50 +0800] "GET /xingrg/all/function/internal_message.html?_=1644543614437&CODE_STATE=getMsg HTTP/1.1" 200 27
114.86.225.240 - - [11/Feb/2022:09:43:51 +0800] "GET /xingrg/all/function/internal_message.html?_=1644543830005&CODE_STATE=getMsg HTTP/1.1" 200 27
114.88.155.114 - - [11/Feb/2022:09:43:52 +0800] "POST /xingrg/kc/buy/cgsh_order_operate.html HTTP/1.1" 200 2065
120.253.135.82 - - [11/Feb/2022:09:43:56 +0800] "GET /xingrg/check_reg.html?_=1644543627671 HTTP/1.1" 200 22
222.70.243.96 - - [11/Feb/2022:09:43:56 +0800] "GET /xingrg/all/function/internal_message.html?_=1644543849753&CODE_STATE=getMsg HTTP/1.1" 302 -
120.253.135.82 - - [11/Feb/2022:09:43:56 +0800] "GET /xingrg/all/function/internal_message.html?_=1644543627739&CODE_STATE=getMsg HTTP/1.1" 200 27
222.70.179.43 - - [11/Feb/2022:09:43:57 +0800] "GET /xingrg/all/function/internal_message.html?_=1644543832332&CODE_STATE=getMsg HTTP/1.1" 200 27
114.88.155.114 - - [11/Feb/2022:09:43:57 +0800] "GET /xingrg/kc/buy/cgsh_order_operate.html?command=get_materiel&rest_code=00141&code=00101009135&supplier_code=00100007&order_time=2022-02-11 HTTP/1.1" 200 415
124.79.79.90 - - [11/Feb/2022:09:44:04 +0800] "GET /xingrg/check_reg.html?_=1644543842286 HTTP/1.1" 200 22
124.79.79.90 - - [11/Feb/2022:09:44:04 +0800] "GET /xingrg/all/function/internal_message.html?_=1644543842289&CODE_STATE=getMsg HTTP/1.1" 200 27
116.239.131.195 - - [11/Feb/2022:09:44:04 +0800] "GET /xingrg/kc/buy/cgsh_order_operate.html?command=get_materiel&rest_code=00102&code=00101006129&supplier_code=00100096&order_time=2022-02-11 HTTP/1.1" 200 453
114.88.155.114 - - [11/Feb/2022:09:44:06 +0800] "POST /xingrg/kc/buy/cgsh_order_operate.html HTTP/1.1" 200 37
114.83.217.174 - - [11/Feb/2022:09:44:09 +0800] "GET /xingrg/all/function/internal_message.html?_=1644543845610&CODE_STATE=getMsg HTTP/1.1" 200 27
114.88.155.114 - - [11/Feb/2022:09:44:11 +0800] "POST /xingrg/kc/buy/cgsh_order_operate.html HTTP/1.1" 200 12
114.88.155.114 - - [11/Feb/2022:09:44:14 +0800] "GET /xingrg/kc/buy/cgsh_order_info.html?code=212022021102152 HTTP/1.1" 200 60466
114.88.155.114 - - [11/Feb/2022:09:44:14 +0800] "GET /xingrg/javascript/easyui/themes/default/validatebox.css HTTP/1.1" 404 1104
114.88.155.114 - - [11/Feb/2022:09:44:15 +0800] "POST /xingrg/kc/buy/cgsh_order_operate.html HTTP/1.1" 200 17728
120.253.135.82 - - [11/Feb/2022:09:44:15 +0800] "GET /xingrg/all/function/internal_message.html?_=1644543850326&CODE_STATE=getMsg HTTP/1.1" 200 27
58.40.7.146 - - [11/Feb/2022:09:44:16 +0800] "GET /xingrg/all/function/internal_message.html?_=1644543853814&CODE_STATE=getMsg HTTP/1.1" 200 27
114.88.155.114 - - [11/Feb/2022:09:44:17 +0800] "GET /xingrg/kc/print/load_data.html?order_code=212022021102152&kc_code=cgsh&condition= HTTP/1.1" 200 7210
116.239.131.195 - - [11/Feb/2022:09:44:19 +0800] "GET /xingrg/kc/buy/cgsh_order_operate.html?command=get_materiel&rest_code=00102&code=00101006111&supplier_code=00100096&order_time=2022-02-11 HTTP/1.1" 200 431
172.20.0.100 - - [11/Feb/2022:09:44:23 +0800] "GET /xingrg/kc/cost/cost_page.html HTTP/1.1" 200 4078
172.20.0.100 - - [11/Feb/2022:09:44:23 +0800] "GET /xingrg/all/function/internal_message.html?_=1644543860457&CODE_STATE=getMsg HTTP/1.1" 200 27
172.20.0.100 - - [11/Feb/2022:09:44:23 +0800] "GET /xingrg/css/blue.css HTTP/1.1" 304 -
172.20.0.100 - - [11/Feb/2022:09:44:23 +0800] "GET /xingrg/javascript/jquery_easy_ui/themes/default/easyui.css HTTP/1.1" 304 -
172.20.0.100 - - [11/Feb/2022:09:44:23 +0800] "GET /xingrg/javascript/jquery_easy_ui/themes/icon.css HTTP/1.1" 304 -
172.20.0.100 - - [11/Feb/2022:09:44:23 +0800] "GET /xingrg/javascript/step/step.css HTTP/1.1" 304 -
172.20.0.100 - - [11/Feb/2022:09:44:23 +0800] "GET /xingrg/css/table.css HTTP/1.1" 304 -
172.20.0.100 - - [11/Feb/2022:09:44:23 +0800] "GET /xingrg/dwr/interface/AjaxReportQueryService.js HTTP/1.1" 200 13203
172.20.0.100 - - [11/Feb/2022:09:44:24 +0800] "GET /xingrg/dwr/engine.js HTTP/1.1" 200 43631
172.20.0.100 - - [11/Feb/2022:09:44:24 +0800] "GET /xingrg/dwr/util.js HTTP/1.1" 304 -
172.20.0.100 - - [11/Feb/2022:09:44:24 +0800] "GET /xingrg/javascript/jquery-1.4.2.min.js HTTP/1.1" 304 -
172.20.0.100 - - [11/Feb/2022:09:44:24 +0800] "GET /xingrg/javascript/jquery_easy_ui/jquery.easyui.min.js HTTP/1.1" 304 -
172.20.0.100 - - [11/Feb/2022:09:44:24 +0800] "GET /xingrg/javascript/jquery_easy_ui/easyui-lang-zh_CN.js HTTP/1.1" 304 -
172.20.0.100 - - [11/Feb/2022:09:44:24 +0800] "GET /xingrg/javascript/jquery.utils.js HTTP/1.1" 304 -
172.20.0.100 - - [11/Feb/2022:09:44:24 +0800] "GET /xingrg/images/control/ajaxLoader.gif HTTP/1.1" 304 -
120.253.135.82 - - [11/Feb/2022:09:44:25 +0800] "GET /xingrg/all/function/internal_message.html?_=1644543993632&CODE_STATE=getMsg HTTP/1.1" 200 27
222.70.243.96 - - [11/Feb/2022:09:44:31 +0800] "GET /xingrg/all/function/internal_message.html?_=1644543886485&CODE_STATE=getMsg HTTP/1.1" 200 27
116.239.131.195 - - [11/Feb/2022:09:44:32 +0800] "GET /xingrg/kc/buy/cgsh_order_operate.html?command=get_materiel&rest_code=00102&code=00101006144&supplier_code=00100096&order_time=2022-02-11 HTTP/1.1" 200 411
58.221.95.50 - - [11/Feb/2022:09:44:34 +0800] "GET /xingrg/check_reg.html?_=1644543871666 HTTP/1.1" 302 -
222.70.223.103 - - [11/Feb/2022:09:44:35 +0800] "GET /xingrg/all/function/internal_message.html?_=1644543871728&CODE_STATE=getMsg HTTP/1.1" 200 27
172.20.0.100 - - [11/Feb/2022:09:44:46 +0800] "GET /xingrg/check_reg.html?_=1644543883491 HTTP/1.1" 200 22
58.39.168.32 - - [11/Feb/2022:09:44:48 +0800] "GET /xingrg/all/function/internal_message.html?_=1644543887156&CODE_STATE=getMsg HTTP/1.1" 200 27
58.39.168.32 - - [11/Feb/2022:09:44:49 +0800] "GET /xingrg/check_reg.html?_=1644543887158 HTTP/1.1" 200 22
116.239.131.195 - - [11/Feb/2022:09:44:49 +0800] "GET /xingrg/all/function/internal_message.html?_=1644543914305&CODE_STATE=getMsg HTTP/1.1" 200 27
114.88.155.114 - - [11/Feb/2022:09:44:50 +0800] "GET /xingrg/all/function/internal_message.html?_=1644543674460&CODE_STATE=getMsg HTTP/1.1" 200 27
114.86.225.240 - - [11/Feb/2022:09:44:51 +0800] "GET /xingrg/all/function/internal_message.html?_=1644543890007&CODE_STATE=getMsg HTTP/1.1" 200 27
222.70.243.96 - - [11/Feb/2022:09:44:56 +0800] "GET /xingrg/all/function/internal_message.html?_=1644543909754&CODE_STATE=getMsg HTTP/1.1" 302 -
120.253.135.82 - - [11/Feb/2022:09:44:56 +0800] "GET /xingrg/all/function/internal_message.html?_=1644543687753&CODE_STATE=getMsg HTTP/1.1" 200 27
222.70.179.43 - - [11/Feb/2022:09:44:57 +0800] "GET /xingrg/all/function/internal_message.html?_=1644543892316&CODE_STATE=getMsg HTTP/1.1" 200 27
116.239.131.195 - - [11/Feb/2022:09:45:03 +0800] "POST /xingrg/kc/buy/cgsh_order_operate.html HTTP/1.1" 200 37
124.79.79.90 - - [11/Feb/2022:09:45:04 +0800] "GET /xingrg/all/function/internal_message.html?_=1644543902292&CODE_STATE=getMsg HTTP/1.1" 200 27
116.239.131.195 - - [11/Feb/2022:09:45:09 +0800] "POST /xingrg/kc/buy/cgsh_order_operate.html HTTP/1.1" 200 12
114.83.217.174 - - [11/Feb/2022:09:45:09 +0800] "GET /xingrg/all/function/internal_message.html?_=1644543905588&CODE_STATE=getMsg HTTP/1.1" 200 27
116.239.131.195 - - [11/Feb/2022:09:45:11 +0800] "GET /xingrg/kc/buy/cgsh_order_info.html?code=212022021102153 HTTP/1.1" 200 60407
116.239.131.195 - - [11/Feb/2022:09:45:13 +0800] "GET /xingrg/javascript/easyui/themes/default/validatebox.css HTTP/1.1" 404 1104
116.239.131.195 - - [11/Feb/2022:09:45:14 +0800] "POST /xingrg/kc/buy/cgsh_order_operate.html HTTP/1.1" 200 3581
120.253.135.82 - - [11/Feb/2022:09:45:15 +0800] "GET /xingrg/all/function/internal_message.html?_=1644543910376&CODE_STATE=getMsg HTTP/1.1" 200 27
58.40.7.146 - - [11/Feb/2022:09:45:16 +0800] "GET /xingrg/all/function/internal_message.html?_=1644543913816&CODE_STATE=getMsg HTTP/1.1" 200 27
116.239.131.195 - - [11/Feb/2022:09:45:19 +0800] "GET /xingrg/kc/print/load_config.html?kc_code=cgsh HTTP/1.1" 200 1943
116.239.131.195 - - [11/Feb/2022:09:45:19 +0800] "GET /xingrg/kc/print/load_data.html?order_code=212022021102153&kc_code=cgsh&condition= HTTP/1.1" 200 1794
172.20.0.100 - - [11/Feb/2022:09:45:23 +0800] "GET /xingrg/all/function/internal_message.html?_=1644543920431&CODE_STATE=getMsg HTTP/1.1" 200 27
120.253.135.82 - - [11/Feb/2022:09:45:25 +0800] "GET /xingrg/all/function/internal_message.html?_=1644544053645&CODE_STATE=getMsg HTTP/1.1" 200 27
222.70.243.96 - - [11/Feb/2022:09:45:31 +0800] "GET /xingrg/all/function/internal_message.html?_=1644543946493&CODE_STATE=getMsg HTTP/1.1" 200 27
116.239.131.195 - - [11/Feb/2022:09:45:31 +0800] "GET /xingrg/kc/buy/cgsh_order_add.html HTTP/1.1" 200 65510
116.239.131.195 - - [11/Feb/2022:09:45:34 +0800] "POST /xingrg/kc/buy/cgsh_order_operate.html HTTP/1.1" 200 8245
116.239.131.195 - - [11/Feb/2022:09:45:34 +0800] "GET /xingrg/javascript/easyui/themes/default/validatebox.css HTTP/1.1" 404 1104
222.70.223.103 - - [11/Feb/2022:09:45:35 +0800] "GET /xingrg/all/function/internal_message.html?_=1644543931708&CODE_STATE=getMsg HTTP/1.1" 200 27
116.239.131.195 - - [11/Feb/2022:09:45:42 +0800] "GET /xingrg/javascript/easyui/themes/default/tree.css HTTP/1.1" 404 1090
116.239.131.195 - - [11/Feb/2022:09:45:42 +0800] "POST /xingrg/all/common/load_tree.html?tree=supplier_tree_json&isDelete=1 HTTP/1.1" 200 62150
116.239.131.195 - - [11/Feb/2022:09:45:48 +0800] "GET /xingrg/check_reg.html?_=1644543972905 HTTP/1.1" 200 22
58.39.168.32 - - [11/Feb/2022:09:45:48 +0800] "GET /xingrg/all/function/internal_message.html?_=1644543947158&CODE_STATE=getMsg HTTP/1.1" 200 27
116.239.131.195 - - [11/Feb/2022:09:45:49 +0800] "GET /xingrg/all/function/internal_message.html?_=1644543974321&CODE_STATE=getMsg HTTP/1.1" 200 27
114.88.155.114 - - [11/Feb/2022:09:45:50 +0800] "GET /xingrg/all/function/internal_message.html?_=1644543734459&CODE_STATE=getMsg HTTP/1.1" 200 27
114.88.155.114 - - [11/Feb/2022:09:45:50 +0800] "GET /xingrg/check_reg.html?_=1644543734476 HTTP/1.1" 200 22
114.86.225.240 - - [11/Feb/2022:09:45:51 +0800] "GET /xingrg/all/function/internal_message.html?_=1644543950009&CODE_STATE=getMsg HTTP/1.1" 200 27
114.86.225.240 - - [11/Feb/2022:09:45:51 +0800] "GET /xingrg/check_reg.html?_=1644543950010 HTTP/1.1" 200 22
222.70.243.96 - - [11/Feb/2022:09:45:56 +0800] "GET /xingrg/all/function/internal_message.html?_=1644543969780&CODE_STATE=getMsg HTTP/1.1" 302 -
120.253.135.82 - - [11/Feb/2022:09:45:56 +0800] "GET /xingrg/all/function/internal_message.html?_=1644543747767&CODE_STATE=getMsg HTTP/1.1" 200 27
222.70.179.43 - - [11/Feb/2022:09:45:57 +0800] "GET /xingrg/all/function/internal_message.html?_=1644543952300&CODE_STATE=getMsg HTTP/1.1" 200 27
