58.221.95.50 - - [11/Feb/2022:10:30:52 +0800] "GET /xingrg/all/function/internal_message.html?_=1644546649761&CODE_STATE=getMsg HTTP/1.1" 200 27
101.85.120.86 - - [11/Feb/2022:10:30:52 +0800] "GET /xingrg/all/function/internal_message.html?_=1644546649740&CODE_STATE=getMsg HTTP/1.1" 200 27
222.70.179.43 - - [11/Feb/2022:10:30:56 +0800] "GET /xingrg/all/function/internal_message.html?_=1644546651615&CODE_STATE=getMsg HTTP/1.1" 200 27
222.70.243.96 - - [11/Feb/2022:10:30:57 +0800] "GET /xingrg/all/function/internal_message.html?_=1644546670582&CODE_STATE=getMsg HTTP/1.1" 302 -
120.253.135.82 - - [11/Feb/2022:10:30:57 +0800] "GET /xingrg/all/function/internal_message.html?_=1644546448472&CODE_STATE=getMsg HTTP/1.1" 200 27
180.152.99.39 - - [11/Feb/2022:10:30:57 +0800] "GET /xingrg/kc/buy/cgsh_order_add.html HTTP/1.1" 200 65126
180.152.99.39 - - [11/Feb/2022:10:30:57 +0800] "POST /xingrg/kc/buy/cgsh_order_operate.html HTTP/1.1" 200 8245
180.152.99.39 - - [11/Feb/2022:10:30:57 +0800] "GET /xingrg/javascript/easyui/themes/default/validatebox.css HTTP/1.1" 404 1104
116.239.131.195 - - [11/Feb/2022:10:31:01 +0800] "GET /xingrg/all/function/internal_message.html?_=1644546685929&CODE_STATE=getMsg HTTP/1.1" 200 27
124.79.79.90 - - [11/Feb/2022:10:31:04 +0800] "GET /xingrg/all/function/internal_message.html?_=1644546662293&CODE_STATE=getMsg HTTP/1.1" 200 27
114.83.217.174 - - [11/Feb/2022:10:31:09 +0800] "GET /xingrg/all/function/internal_message.html?_=1644546664904&CODE_STATE=getMsg HTTP/1.1" 200 27
180.152.99.39 - - [11/Feb/2022:10:31:11 +0800] "GET /xingrg/kc/buy/cgsh_order_operate.html?command=get_materiel&rest_code=00151&code=00101011005&supplier_code=00100047&order_time=2022-02-11 HTTP/1.1" 200 429
180.171.133.9 - - [11/Feb/2022:10:31:15 +0800] "GET /favicon.ico HTTP/1.1" 404 -
58.40.7.146 - - [11/Feb/2022:10:31:16 +0800] "GET /xingrg/all/function/internal_message.html?_=1644546673835&CODE_STATE=getMsg HTTP/1.1" 200 27
120.253.135.82 - - [11/Feb/2022:10:31:16 +0800] "GET /xingrg/all/function/internal_message.html?_=1644546671417&CODE_STATE=getMsg HTTP/1.1" 200 27
124.78.153.118 - - [11/Feb/2022:10:31:17 +0800] "GET /xingrg/all/function/internal_message.html?_=1644546672311&CODE_STATE=getMsg HTTP/1.1" 200 27
172.20.0.100 - - [11/Feb/2022:10:31:17 +0800] "GET /xingrg/all/function/internal_message.html?_=1644546673982&CODE_STATE=getMsg HTTP/1.1" 200 27
172.20.0.100 - - [11/Feb/2022:10:31:17 +0800] "GET /xingrg/check_reg.html?_=1644546673984 HTTP/1.1" 200 22
180.152.99.39 - - [11/Feb/2022:10:31:21 +0800] "GET /xingrg/kc/buy/cgsh_order_operate.html?command=get_materiel&rest_code=00151&code=00101011001&supplier_code=00100047&order_time=2022-02-11 HTTP/1.1" 200 443
124.78.153.118 - - [11/Feb/2022:10:31:25 +0800] "GET /xingrg/kc/buy/cgsh_order_operate.html?command=get_materiel&rest_code=00106&code=00101008300&supplier_code=00100007&order_time=2022-02-11 HTTP/1.1" 200 432
124.78.153.118 - - [11/Feb/2022:10:31:28 +0800] "POST /xingrg/kc/buy/cgsh_order_operate.html HTTP/1.1" 200 2065
222.70.243.96 - - [11/Feb/2022:10:31:29 +0800] "GET /xingrg/check_reg.html?_=1644546704840 HTTP/1.1" 200 22
222.70.243.96 - - [11/Feb/2022:10:31:31 +0800] "GET /xingrg/all/function/internal_message.html?_=1644546707166&CODE_STATE=getMsg HTTP/1.1" 200 27
180.152.99.39 - - [11/Feb/2022:10:31:32 +0800] "GET /xingrg/all/function/internal_message.html?_=1644546605434&CODE_STATE=getMsg HTTP/1.1" 200 27
180.152.99.39 - - [11/Feb/2022:10:31:33 +0800] "POST /xingrg/kc/buy/cgsh_order_operate.html HTTP/1.1" 200 37
222.70.223.103 - - [11/Feb/2022:10:31:34 +0800] "GET /xingrg/all/function/internal_message.html?_=1644546690818&CODE_STATE=getMsg HTTP/1.1" 200 27
124.78.153.118 - - [11/Feb/2022:10:31:34 +0800] "GET /xingrg/kc/buy/cgsh_order_operate.html?command=get_materiel&rest_code=00106&code=00101008059&supplier_code=00100007&order_time=2022-02-11 HTTP/1.1" 200 428
180.152.99.39 - - [11/Feb/2022:10:31:36 +0800] "POST /xingrg/kc/buy/cgsh_order_operate.html HTTP/1.1" 200 12
180.152.99.39 - - [11/Feb/2022:10:31:38 +0800] "GET /xingrg/kc/buy/cgsh_order_info.html?code=212022021102164 HTTP/1.1" 200 60039
180.152.99.39 - - [11/Feb/2022:10:31:38 +0800] "GET /xingrg/javascript/easyui/themes/default/validatebox.css HTTP/1.1" 404 1104
180.152.99.39 - - [11/Feb/2022:10:31:39 +0800] "POST /xingrg/kc/buy/cgsh_order_operate.html HTTP/1.1" 200 1222
120.253.135.82 - - [11/Feb/2022:10:31:41 +0800] "GET /xingrg/all/function/internal_message.html?_=1644546829652&CODE_STATE=getMsg HTTP/1.1" 200 27
124.78.153.118 - - [11/Feb/2022:10:31:41 +0800] "GET /xingrg/kc/buy/cgsh_order_operate.html?command=get_materiel&rest_code=00106&code=00101008213&supplier_code=00100007&order_time=2022-02-11 HTTP/1.1" 200 432
180.152.99.39 - - [11/Feb/2022:10:31:41 +0800] "GET /xingrg/kc/print/load_data.html?order_code=212022021102164&kc_code=cgsh&condition= HTTP/1.1" 200 1029
172.20.0.100 - - [11/Feb/2022:10:31:44 +0800] "GET /xingrg/all/function/internal_message.html?_=1644546701772&CODE_STATE=getMsg HTTP/1.1" 200 27
180.169.147.146 - - [11/Feb/2022:10:31:45 +0800] "GET /xingrg/all/function/internal_message.html?_=1644546703021&CODE_STATE=getMsg HTTP/1.1" 200 27
58.39.168.32 - - [11/Feb/2022:10:31:49 +0800] "GET /xingrg/all/function/internal_message.html?_=1644546707207&CODE_STATE=getMsg HTTP/1.1" 200 27
114.88.155.114 - - [11/Feb/2022:10:31:50 +0800] "GET /xingrg/all/function/internal_message.html?_=1644546494618&CODE_STATE=getMsg HTTP/1.1" 200 27
114.86.225.240 - - [11/Feb/2022:10:31:51 +0800] "GET /xingrg/all/function/internal_message.html?_=1644546710113&CODE_STATE=getMsg HTTP/1.1" 200 27
222.70.223.103 - - [11/Feb/2022:10:31:51 +0800] "GET /xingrg/check_reg.html?_=1644546707319 HTTP/1.1" 200 22
180.152.99.39 - - [11/Feb/2022:10:31:52 +0800] "GET /xingrg/javascript/jquery_tools/images/prev.gif HTTP/1.1" 404 1086
180.152.99.39 - - [11/Feb/2022:10:31:52 +0800] "GET /xingrg/javascript/jquery_tools/images/next.gif HTTP/1.1" 404 1086
58.221.95.50 - - [11/Feb/2022:10:31:52 +0800] "GET /xingrg/all/function/internal_message.html?_=1644546709763&CODE_STATE=getMsg HTTP/1.1" 200 27
101.85.120.86 - - [11/Feb/2022:10:31:52 +0800] "GET /xingrg/all/function/internal_message.html?_=1644546709740&CODE_STATE=getMsg HTTP/1.1" 200 27
222.70.179.43 - - [11/Feb/2022:10:31:56 +0800] "GET /xingrg/all/function/internal_message.html?_=1644546711599&CODE_STATE=getMsg HTTP/1.1" 200 27
222.70.243.96 - - [11/Feb/2022:10:31:57 +0800] "GET /xingrg/all/function/internal_message.html?_=1644546730609&CODE_STATE=getMsg HTTP/1.1" 302 -
120.253.135.82 - - [11/Feb/2022:10:31:57 +0800] "GET /xingrg/all/function/internal_message.html?_=1644546508495&CODE_STATE=getMsg HTTP/1.1" 200 27
124.78.153.118 - - [11/Feb/2022:10:31:58 +0800] "POST /xingrg/kc/buy/cgsh_order_operate.html HTTP/1.1" 200 37
180.152.99.39 - - [11/Feb/2022:10:32:00 +0800] "POST /xingrg/kc/buy/cgsh_list_operate.html HTTP/1.1" 200 2148
116.239.131.195 - - [11/Feb/2022:10:32:01 +0800] "GET /xingrg/all/function/internal_message.html?_=1644546745941&CODE_STATE=getMsg HTTP/1.1" 200 27
58.221.95.50 - - [11/Feb/2022:10:32:01 +0800] "GET /xingrg/kc/base/wldb_order_list.html HTTP/1.1" 200 19023
58.221.95.50 - - [11/Feb/2022:10:32:02 +0800] "POST /xingrg/kc/base/wldb_list_operate.html HTTP/1.1" 200 3395
124.79.79.90 - - [11/Feb/2022:10:32:04 +0800] "GET /xingrg/all/function/internal_message.html?_=1644546722297&CODE_STATE=getMsg HTTP/1.1" 200 27
180.152.99.39 - - [11/Feb/2022:10:32:04 +0800] "GET /xingrg/kc/buy/cgsh_order_add.html HTTP/1.1" 200 65126
180.152.99.39 - - [11/Feb/2022:10:32:04 +0800] "POST /xingrg/kc/buy/cgsh_order_operate.html HTTP/1.1" 200 8245
180.152.99.39 - - [11/Feb/2022:10:32:04 +0800] "GET /xingrg/javascript/easyui/themes/default/validatebox.css HTTP/1.1" 404 1104
114.83.217.174 - - [11/Feb/2022:10:32:05 +0800] "GET /xingrg/check_reg.html?_=1644546721014 HTTP/1.1" 200 22
114.83.217.174 - - [11/Feb/2022:10:32:09 +0800] "GET /xingrg/all/function/internal_message.html?_=1644546724900&CODE_STATE=getMsg HTTP/1.1" 200 27
180.152.99.39 - - [11/Feb/2022:10:32:13 +0800] "GET /xingrg/kc/buy/cgsh_order_operate.html?command=get_materiel&rest_code=00151&code=00101001075&supplier_code=00100096&order_time=2022-02-11 HTTP/1.1" 200 429
120.253.135.82 - - [11/Feb/2022:10:32:15 +0800] "GET /xingrg/check_reg.html?_=1644546729796 HTTP/1.1" 200 22
124.78.153.118 - - [11/Feb/2022:10:32:16 +0800] "POST /xingrg/kc/buy/cgsh_order_operate.html HTTP/1.1" 200 25707
58.40.7.146 - - [11/Feb/2022:10:32:16 +0800] "GET /xingrg/all/function/internal_message.html?_=1644546733837&CODE_STATE=getMsg HTTP/1.1" 200 27
120.253.135.82 - - [11/Feb/2022:10:32:16 +0800] "GET /xingrg/all/function/internal_message.html?_=1644546731430&CODE_STATE=getMsg HTTP/1.1" 200 27
124.78.153.118 - - [11/Feb/2022:10:32:17 +0800] "GET /xingrg/all/function/internal_message.html?_=1644546732312&CODE_STATE=getMsg HTTP/1.1" 200 27
172.20.0.100 - - [11/Feb/2022:10:32:17 +0800] "GET /xingrg/all/function/internal_message.html?_=1644546733985&CODE_STATE=getMsg HTTP/1.1" 200 27
222.70.243.96 - - [11/Feb/2022:10:32:25 +0800] "GET /xingrg/check_reg.html?_=1644546758259 HTTP/1.1" 302 -
180.152.99.39 - - [11/Feb/2022:10:32:28 +0800] "GET /xingrg/kc/buy/cgsh_order_operate.html?command=get_materiel&rest_code=00151&code=00101008084&supplier_code=00100096&order_time=2022-02-11 HTTP/1.1" 200 412
172.20.0.100 - - [11/Feb/2022:10:32:29 +0800] "GET /xingrg/all/report/report_query.html?isQuery=1&fileName=dma/new_5.0/menu/menu_mx.xml&queryString=(a.sale_day%2520between%252020220101%2520and%252020220131)%2520and%2520(a.sid%2520%253D%252016)%2520and%2520((1%253D1))%2520and%2520(a.menu_name%2520like%2520'%2524bf%2524%25E7%25B3%258A%25E6%25B6%2582%2524bf%2524')%2520and%2520(a.menu_name%253D'38%25E5%25BA%25A6%25E5%25B0%258F%25E7%25B3%258A%25E6%25B6%2582%25E4%25BB%2599250ML'%2520and%2520a.menu_unit%253D'%25E7%2593%25B6')&queryText=%25E3%2580%2590%25E8%2590%25A5%25E4%25B8%259A%25E6%2597%25A5%25E6%259C%259F%253A2022-01-01%2520%25E8%2587%25B3%25202022-01-31%25E3%2580%2591%2520%25E5%25B9%25B6%25E4%25B8%2594%2520%2520%25E3%2580%2590%25E9%2597%25A8%25E5%25BA%2597%25E5%2590%258D%25E7%25A7%25B0%2520%253D%2520%25E6%25A6%2595%25E6%25B8%25AF%25E5%2590%258D%25E8%25BD%25A9%25E6%259D%25BE%25E6%25B1%259F%25E5%25BA%25971_16%25E3%2580%2591%2520%25E5%25B9%25B6%25E4%25B8%2594%2520%2520%25E3%2580%2590%25E7%25B1%25BB%25E5%259E%258B%25E8%25BF%2587%25E6%25BB%25A4%2520%253D%2520%25E5%258D%2595%25E5%2593%2581%252C%25E5%25A5%2597%25E9%25A4%2590%25E5%2592%258C%25E7%25BB%2584%25E4%25BB%25BD%25E3%2580%2591%2520%25E5%25B9%25B6%25E4%25B8%2594%2520%2520%25E3%2580%2590%25E8%258F%259C%25E5%2593%2581%25E5%2590%258D%25E7%25A7%25B0%2520%25E5%258C%2585%25E5%2590%25AB%2520%25E7%25B3%258A%25E6%25B6%2582%25E3%2580%2591%2520%25E5%25B9%25B6%25E4%25B8%2594%2520%25E3%2580%2590%25E8%258F%259C%25E5%2593%2581%25E5%2590%258D%25E7%25A7%25B0%2520%253D%252038%25E5%25BA%25A6%25E5%25B0%258F%25E7%25B3%258A%25E6%25B6%2582%25E4%25BB%2599250ML%25E3%2580%2591%2520%25E3%2580%2590%25E5%258D%2595%25E4%25BD%258D%2520%253D%2520%25E7%2593%25B6%25E3%2580%2591 HTTP/1.1" 200 51882
172.20.0.100 - - [11/Feb/2022:10:32:29 +0800] "GET /xingrg/dwr/engine.js HTTP/1.1" 200 43631
172.20.0.100 - - [11/Feb/2022:10:32:29 +0800] "GET /favicon.ico HTTP/1.1" 404 -
172.20.0.100 - - [11/Feb/2022:10:32:30 +0800] "POST /xingrg/all/report/load_report_page.html HTTP/1.1" 200 15975
172.20.0.100 - - [11/Feb/2022:10:32:30 +0800] "GET /xingrg/servlets/image?cache=0.8900723681179078&image=px HTTP/1.1" 200 807
180.152.99.39 - - [11/Feb/2022:10:32:30 +0800] "GET /xingrg/check_reg.html?_=1644546664312 HTTP/1.1" 200 22
222.70.243.96 - - [11/Feb/2022:10:32:32 +0800] "GET /xingrg/all/function/internal_message.html?_=1644546767178&CODE_STATE=getMsg HTTP/1.1" 200 27
180.152.99.39 - - [11/Feb/2022:10:32:32 +0800] "GET /xingrg/all/function/internal_message.html?_=1644546665448&CODE_STATE=getMsg HTTP/1.1" 200 27
222.70.223.103 - - [11/Feb/2022:10:32:34 +0800] "GET /xingrg/all/function/internal_message.html?_=1644546750802&CODE_STATE=getMsg HTTP/1.1" 200 27
180.152.99.39 - - [11/Feb/2022:10:32:35 +0800] "GET /xingrg/kc/buy/cgsh_order_operate.html?command=get_materiel&rest_code=00151&code=00101012059&supplier_code=00100096&order_time=2022-02-11 HTTP/1.1" 200 412
172.20.0.100 - - [11/Feb/2022:10:32:40 +0800] "GET /xingrg/dma/order_info.html?id=31629&sid=16&sale_day=20220101 HTTP/1.1" 200 13093
172.20.0.100 - - [11/Feb/2022:10:32:40 +0800] "GET /favicon.ico HTTP/1.1" 404 -
120.253.135.82 - - [11/Feb/2022:10:32:41 +0800] "GET /xingrg/all/function/internal_message.html?_=1644546889666&CODE_STATE=getMsg HTTP/1.1" 200 27
180.152.99.39 - - [11/Feb/2022:10:32:43 +0800] "GET /xingrg/kc/buy/cgsh_order_operate.html?command=get_materiel&rest_code=00151&code=00101012025&supplier_code=00100096&order_time=2022-02-11 HTTP/1.1" 200 432
172.20.0.100 - - [11/Feb/2022:10:32:44 +0800] "GET /xingrg/all/function/internal_message.html?_=1644546761784&CODE_STATE=getMsg HTTP/1.1" 200 27
180.169.147.146 - - [11/Feb/2022:10:32:45 +0800] "GET /xingrg/all/function/internal_message.html?_=1644546763023&CODE_STATE=getMsg HTTP/1.1" 200 27
58.39.168.32 - - [11/Feb/2022:10:32:49 +0800] "GET /xingrg/all/function/internal_message.html?_=1644546767207&CODE_STATE=getMsg HTTP/1.1" 200 27
114.88.155.114 - - [11/Feb/2022:10:32:50 +0800] "GET /xingrg/all/function/internal_message.html?_=1644546554635&CODE_STATE=getMsg HTTP/1.1" 200 27
114.86.225.240 - - [11/Feb/2022:10:32:51 +0800] "GET /xingrg/all/function/internal_message.html?_=1644546770115&CODE_STATE=getMsg HTTP/1.1" 200 27
58.221.95.50 - - [11/Feb/2022:10:32:52 +0800] "GET /xingrg/all/function/internal_message.html?_=1644546769761&CODE_STATE=getMsg HTTP/1.1" 200 27
101.85.120.86 - - [11/Feb/2022:10:32:52 +0800] "GET /xingrg/all/function/internal_message.html?_=1644546769740&CODE_STATE=getMsg HTTP/1.1" 200 27
180.152.99.39 - - [11/Feb/2022:10:32:54 +0800] "GET /xingrg/kc/buy/cgsh_order_operate.html?command=get_materiel&rest_code=00151&code=00101006013&supplier_code=00100096&order_time=2022-02-11 HTTP/1.1" 200 431
222.70.179.43 - - [11/Feb/2022:10:32:56 +0800] "GET /xingrg/all/function/internal_message.html?_=1644546771584&CODE_STATE=getMsg HTTP/1.1" 200 27
222.70.179.43 - - [11/Feb/2022:10:32:56 +0800] "GET /xingrg/check_reg.html?_=1644546771913 HTTP/1.1" 200 22
222.70.243.96 - - [11/Feb/2022:10:32:57 +0800] "GET /xingrg/all/function/internal_message.html?_=1644546790625&CODE_STATE=getMsg HTTP/1.1" 302 -
120.253.135.82 - - [11/Feb/2022:10:32:57 +0800] "GET /xingrg/all/function/internal_message.html?_=1644546568498&CODE_STATE=getMsg HTTP/1.1" 200 27
116.239.131.195 - - [11/Feb/2022:10:33:01 +0800] "GET /xingrg/all/function/internal_message.html?_=1644546806715&CODE_STATE=getMsg HTTP/1.1" 200 27
124.79.79.90 - - [11/Feb/2022:10:33:04 +0800] "GET /xingrg/all/function/internal_message.html?_=1644546782300&CODE_STATE=getMsg HTTP/1.1" 200 27
180.152.99.39 - - [11/Feb/2022:10:33:06 +0800] "GET /xingrg/kc/buy/cgsh_order_operate.html?command=get_materiel&rest_code=00151&code=00101006084&supplier_code=00100096&order_time=2022-02-11 HTTP/1.1" 200 434
114.83.217.174 - - [11/Feb/2022:10:33:09 +0800] "GET /xingrg/all/function/internal_message.html?_=1644546784884&CODE_STATE=getMsg HTTP/1.1" 200 27
124.78.153.118 - - [11/Feb/2022:10:33:14 +0800] "GET /xingrg/kc/buy/cgsh_order_operate.html?command=get_materiel&rest_code=00106&code=00101008223&supplier_code=00100007&order_time=2022-02-11 HTTP/1.1" 200 432
58.40.7.146 - - [11/Feb/2022:10:33:16 +0800] "GET /xingrg/check_reg.html?_=1644546793837 HTTP/1.1" 200 22
58.40.7.146 - - [11/Feb/2022:10:33:16 +0800] "GET /xingrg/all/function/internal_message.html?_=1644546793839&CODE_STATE=getMsg HTTP/1.1" 200 27
120.253.135.82 - - [11/Feb/2022:10:33:16 +0800] "GET /xingrg/all/function/internal_message.html?_=1644546791444&CODE_STATE=getMsg HTTP/1.1" 200 27
124.78.153.118 - - [11/Feb/2022:10:33:16 +0800] "GET /xingrg/all/function/internal_message.html?_=1644546792307&CODE_STATE=getMsg HTTP/1.1" 200 27
124.78.153.118 - - [11/Feb/2022:10:33:16 +0800] "GET /xingrg/check_reg.html?_=1644546792308 HTTP/1.1" 200 22
172.20.0.100 - - [11/Feb/2022:10:33:17 +0800] "GET /xingrg/all/function/internal_message.html?_=1644546793993&CODE_STATE=getMsg HTTP/1.1" 200 27
180.152.99.39 - - [11/Feb/2022:10:33:24 +0800] "GET /xingrg/kc/buy/cgsh_order_operate.html?command=get_materiel&rest_code=00151&code=00101007061&supplier_code=00100096&order_time=2022-02-11 HTTP/1.1" 200 431
124.78.153.118 - - [11/Feb/2022:10:33:27 +0800] "POST /xingrg/kc/buy/cgsh_order_operate.html HTTP/1.1" 200 2065
222.70.243.96 - - [11/Feb/2022:10:33:32 +0800] "GET /xingrg/all/function/internal_message.html?_=1644546827192&CODE_STATE=getMsg HTTP/1.1" 200 27
180.152.99.39 - - [11/Feb/2022:10:33:32 +0800] "GET /xingrg/all/function/internal_message.html?_=1644546725462&CODE_STATE=getMsg HTTP/1.1" 200 27
222.70.223.103 - - [11/Feb/2022:10:33:34 +0800] "GET /xingrg/all/function/internal_message.html?_=1644546810780&CODE_STATE=getMsg HTTP/1.1" 200 27
120.253.135.82 - - [11/Feb/2022:10:33:41 +0800] "GET /xingrg/all/function/internal_message.html?_=1644546949692&CODE_STATE=getMsg HTTP/1.1" 200 27
172.20.0.100 - - [11/Feb/2022:10:33:44 +0800] "GET /xingrg/check_reg.html?_=1644546821778 HTTP/1.1" 200 22
172.20.0.100 - - [11/Feb/2022:10:33:44 +0800] "GET /xingrg/all/function/internal_message.html?_=1644546821782&CODE_STATE=getMsg HTTP/1.1" 200 27
180.169.147.146 - - [11/Feb/2022:10:33:45 +0800] "GET /xingrg/all/function/internal_message.html?_=1644546823026&CODE_STATE=getMsg HTTP/1.1" 200 27
58.39.168.32 - - [11/Feb/2022:10:33:49 +0800] "GET /xingrg/all/function/internal_message.html?_=1644546827234&CODE_STATE=getMsg HTTP/1.1" 200 27
114.88.155.114 - - [11/Feb/2022:10:33:50 +0800] "GET /xingrg/all/function/internal_message.html?_=1644546614615&CODE_STATE=getMsg HTTP/1.1" 200 27
114.86.225.240 - - [11/Feb/2022:10:33:51 +0800] "GET /xingrg/all/function/internal_message.html?_=1644546830118&CODE_STATE=getMsg HTTP/1.1" 200 27
101.85.120.86 - - [11/Feb/2022:10:33:52 +0800] "GET /xingrg/all/function/internal_message.html?_=1644546829740&CODE_STATE=getMsg HTTP/1.1" 200 27
58.221.95.50 - - [11/Feb/2022:10:33:52 +0800] "GET /xingrg/all/function/internal_message.html?_=1644546829766&CODE_STATE=getMsg HTTP/1.1" 200 27
124.78.153.118 - - [11/Feb/2022:10:33:54 +0800] "GET /xingrg/kc/buy/cgsh_order_operate.html?command=get_materiel&rest_code=00106&code=00101008109&supplier_code=00100007&order_time=2022-02-11 HTTP/1.1" 200 433
222.70.179.43 - - [11/Feb/2022:10:33:56 +0800] "GET /xingrg/all/function/internal_message.html?_=1644546831570&CODE_STATE=getMsg HTTP/1.1" 200 27
120.253.135.82 - - [11/Feb/2022:10:33:56 +0800] "GET /xingrg/check_reg.html?_=1644546627853 HTTP/1.1" 200 22
222.70.243.96 - - [11/Feb/2022:10:33:57 +0800] "GET /xingrg/all/function/internal_message.html?_=1644546850652&CODE_STATE=getMsg HTTP/1.1" 302 -
120.253.135.82 - - [11/Feb/2022:10:33:57 +0800] "GET /xingrg/all/function/internal_message.html?_=1644546628513&CODE_STATE=getMsg HTTP/1.1" 200 27
116.239.131.195 - - [11/Feb/2022:10:34:01 +0800] "GET /xingrg/all/function/internal_message.html?_=1644546866725&CODE_STATE=getMsg HTTP/1.1" 200 27
124.79.79.90 - - [11/Feb/2022:10:34:04 +0800] "GET /xingrg/check_reg.html?_=1644546842290 HTTP/1.1" 200 22
124.79.79.90 - - [11/Feb/2022:10:34:04 +0800] "GET /xingrg/all/function/internal_message.html?_=1644546842287&CODE_STATE=getMsg HTTP/1.1" 200 27
124.78.153.118 - - [11/Feb/2022:10:34:06 +0800] "POST /xingrg/kc/buy/cgsh_order_operate.html HTTP/1.1" 200 37
124.78.153.118 - - [11/Feb/2022:10:34:07 +0800] "POST /xingrg/kc/buy/cgsh_order_operate.html HTTP/1.1" 200 29238
114.83.217.174 - - [11/Feb/2022:10:34:09 +0800] "GET /xingrg/all/function/internal_message.html?_=1644546844873&CODE_STATE=getMsg HTTP/1.1" 200 27
58.40.7.146 - - [11/Feb/2022:10:34:16 +0800] "GET /xingrg/all/function/internal_message.html?_=1644546853841&CODE_STATE=getMsg HTTP/1.1" 200 27
120.253.135.82 - - [11/Feb/2022:10:34:16 +0800] "GET /xingrg/all/function/internal_message.html?_=1644546851458&CODE_STATE=getMsg HTTP/1.1" 200 27
124.78.153.118 - - [11/Feb/2022:10:34:17 +0800] "GET /xingrg/all/function/internal_message.html?_=1644546852309&CODE_STATE=getMsg HTTP/1.1" 200 27
172.20.0.100 - - [11/Feb/2022:10:34:17 +0800] "GET /xingrg/all/function/internal_message.html?_=1644546853979&CODE_STATE=getMsg HTTP/1.1" 200 27
124.78.153.118 - - [11/Feb/2022:10:34:24 +0800] "GET /xingrg/kc/buy/cgsh_order_operate.html?command=get_materiel&rest_code=00106&code=00101008114&supplier_code=00100007&order_time=2022-02-11 HTTP/1.1" 200 433
222.70.243.96 - - [11/Feb/2022:10:34:32 +0800] "GET /xingrg/all/function/internal_message.html?_=1644546887225&CODE_STATE=getMsg HTTP/1.1" 200 27
180.152.99.39 - - [11/Feb/2022:10:34:32 +0800] "GET /xingrg/all/function/internal_message.html?_=1644546785476&CODE_STATE=getMsg HTTP/1.1" 200 27
222.70.223.103 - - [11/Feb/2022:10:34:34 +0800] "GET /xingrg/all/function/internal_message.html?_=1644546870774&CODE_STATE=getMsg HTTP/1.1" 200 27
124.78.153.118 - - [11/Feb/2022:10:34:38 +0800] "GET /xingrg/kc/buy/cgsh_order_operate.html?command=get_materiel&rest_code=00106&code=00101008095&supplier_code=00100007&order_time=2022-02-11 HTTP/1.1" 200 431
120.253.135.82 - - [11/Feb/2022:10:34:41 +0800] "GET /xingrg/all/function/internal_message.html?_=1644547009709&CODE_STATE=getMsg HTTP/1.1" 200 27
172.20.0.100 - - [11/Feb/2022:10:34:44 +0800] "GET /xingrg/all/function/internal_message.html?_=1644546881775&CODE_STATE=getMsg HTTP/1.1" 200 27
180.169.147.146 - - [11/Feb/2022:10:34:45 +0800] "GET /xingrg/all/function/internal_message.html?_=1644546883027&CODE_STATE=getMsg HTTP/1.1" 200 27
58.39.168.32 - - [11/Feb/2022:10:34:49 +0800] "GET /xingrg/check_reg.html?_=1644546887234 HTTP/1.1" 200 22
58.39.168.32 - - [11/Feb/2022:10:34:49 +0800] "GET /xingrg/all/function/internal_message.html?_=1644546887237&CODE_STATE=getMsg HTTP/1.1" 200 27
114.88.155.114 - - [11/Feb/2022:10:34:50 +0800] "GET /xingrg/all/function/internal_message.html?_=1644546674624&CODE_STATE=getMsg HTTP/1.1" 200 27
114.86.225.240 - - [11/Feb/2022:10:34:51 +0800] "GET /xingrg/all/function/internal_message.html?_=1644546890120&CODE_STATE=getMsg HTTP/1.1" 200 27
58.221.95.50 - - [11/Feb/2022:10:34:52 +0800] "GET /xingrg/check_reg.html?_=1644546889764 HTTP/1.1" 200 22
101.85.120.86 - - [11/Feb/2022:10:34:52 +0800] "GET /xingrg/all/function/internal_message.html?_=1644546889741&CODE_STATE=getMsg HTTP/1.1" 200 27
58.221.95.50 - - [11/Feb/2022:10:34:52 +0800] "GET /xingrg/all/function/internal_message.html?_=1644546889774&CODE_STATE=getMsg HTTP/1.1" 200 27
180.152.99.39 - - [11/Feb/2022:10:34:55 +0800] "POST /xingrg/kc/buy/cgsh_order_operate.html HTTP/1.1" 200 37
222.70.179.43 - - [11/Feb/2022:10:34:56 +0800] "GET /xingrg/all/function/internal_message.html?_=1644546891555&CODE_STATE=getMsg HTTP/1.1" 200 27
222.70.243.96 - - [11/Feb/2022:10:34:57 +0800] "GET /xingrg/all/function/internal_message.html?_=1644546910668&CODE_STATE=getMsg HTTP/1.1" 302 -
120.253.135.82 - - [11/Feb/2022:10:34:57 +0800] "GET /xingrg/all/function/internal_message.html?_=1644546688525&CODE_STATE=getMsg HTTP/1.1" 200 27
124.78.153.118 - - [11/Feb/2022:10:34:58 +0800] "GET /xingrg/kc/buy/cgsh_order_operate.html?command=get_materiel&rest_code=00106&code=00101008125&supplier_code=00100007&order_time=2022-02-11 HTTP/1.1" 200 432
116.239.131.195 - - [11/Feb/2022:10:35:02 +0800] "GET /xingrg/all/function/internal_message.html?_=1644546927369&CODE_STATE=getMsg HTTP/1.1" 200 27
124.79.79.90 - - [11/Feb/2022:10:35:04 +0800] "GET /xingrg/all/function/internal_message.html?_=1644546902292&CODE_STATE=getMsg HTTP/1.1" 200 27
180.152.99.39 - - [11/Feb/2022:10:35:05 +0800] "POST /xingrg/kc/buy/cgsh_order_operate.html HTTP/1.1" 200 12
180.152.99.39 - - [11/Feb/2022:10:35:07 +0800] "GET /xingrg/kc/buy/cgsh_order_info.html?code=212022021102165 HTTP/1.1" 200 60029
180.152.99.39 - - [11/Feb/2022:10:35:07 +0800] "GET /xingrg/javascript/easyui/themes/default/validatebox.css HTTP/1.1" 404 1104
180.152.99.39 - - [11/Feb/2022:10:35:08 +0800] "POST /xingrg/kc/buy/cgsh_order_operate.html HTTP/1.1" 200 4212
114.83.217.174 - - [11/Feb/2022:10:35:09 +0800] "GET /xingrg/all/function/internal_message.html?_=1644546904860&CODE_STATE=getMsg HTTP/1.1" 200 27
180.152.99.39 - - [11/Feb/2022:10:35:10 +0800] "GET /xingrg/kc/print/load_data.html?order_code=212022021102165&kc_code=cgsh&condition= HTTP/1.1" 200 2111
124.78.153.118 - - [11/Feb/2022:10:35:11 +0800] "GET /xingrg/kc/buy/cgsh_order_operate.html?command=get_materiel&rest_code=00106&code=00101008168&supplier_code=00100007&order_time=2022-02-11 HTTP/1.1" 200 433
58.40.7.146 - - [11/Feb/2022:10:35:16 +0800] "GET /xingrg/all/function/internal_message.html?_=1644546913844&CODE_STATE=getMsg HTTP/1.1" 200 27
120.253.135.82 - - [11/Feb/2022:10:35:16 +0800] "GET /xingrg/all/function/internal_message.html?_=1644546911496&CODE_STATE=getMsg HTTP/1.1" 200 27
124.78.153.118 - - [11/Feb/2022:10:35:17 +0800] "GET /xingrg/all/function/internal_message.html?_=1644546912420&CODE_STATE=getMsg HTTP/1.1" 200 27
172.20.0.100 - - [11/Feb/2022:10:35:17 +0800] "GET /xingrg/all/function/internal_message.html?_=1644546913983&CODE_STATE=getMsg HTTP/1.1" 200 27
180.152.99.39 - - [11/Feb/2022:10:35:25 +0800] "POST /xingrg/all/user/operate.html HTTP/1.1" 200 36
180.152.99.39 - - [11/Feb/2022:10:35:26 +0800] "GET /xingrg/index.html?sysBaseUrl=http%3A%2F%2F180.169.147.146%3A18081%2Fxingrg%2F&costTime=39×tamp=1644544469122 HTTP/1.1" 200 17179
180.152.99.39 - - [11/Feb/2022:10:35:26 +0800] "GET /xingrg/javascript/jquery_easy_ui/themes/default/easyui.css HTTP/1.1" 304 -
180.152.99.39 - - [11/Feb/2022:10:35:26 +0800] "GET /xingrg/javascript/jquery_easy_ui/themes/icon.css HTTP/1.1" 304 -
180.152.99.39 - - [11/Feb/2022:10:35:26 +0800] "GET /xingrg/css/form.css HTTP/1.1" 304 -
180.152.99.39 - - [11/Feb/2022:10:35:26 +0800] "GET /xingrg/javascript/jquery-1.4.2.min.js HTTP/1.1" 304 -
180.152.99.39 - - [11/Feb/2022:10:35:26 +0800] "GET /xingrg/javascript/jquery_easy_ui/jquery.easyui.min.js HTTP/1.1" 304 -
180.152.99.39 - - [11/Feb/2022:10:35:26 +0800] "GET /xingrg/javascript/jquery_easy_ui/easyui-lang-zh_CN.js HTTP/1.1" 304 -
180.152.99.39 - - [11/Feb/2022:10:35:26 +0800] "GET /xingrg/javascript/jquery.form.js HTTP/1.1" 304 -
180.152.99.39 - - [11/Feb/2022:10:35:26 +0800] "GET /xingrg/javascript/jquery.utils.js HTTP/1.1" 304 -
180.152.99.39 - - [11/Feb/2022:10:35:26 +0800] "GET /xingrg/javascript/jquery.timers.js HTTP/1.1" 304 -
180.152.99.39 - - [11/Feb/2022:10:35:26 +0800] "GET /xingrg/images/blue/jxLogo.png HTTP/1.1" 304 -
180.152.99.39 - - [11/Feb/2022:10:35:26 +0800] "GET /xingrg/images/blue/navBackgound.jpg HTTP/1.1" 304 -
180.152.99.39 - - [11/Feb/2022:10:35:26 +0800] "GET /xingrg/javascript/jquery_easy_ui/themes/icons/settle_new.png HTTP/1.1" 304 -
180.152.99.39 - - [11/Feb/2022:10:35:26 +0800] "GET /xingrg/images/blue/pingpu.png HTTP/1.1" 304 -
180.152.99.39 - - [11/Feb/2022:10:35:26 +0800] "GET /xingrg/javascript/jquery_easy_ui/themes/default/images/tabs_leftarrow.png HTTP/1.1" 304 -
180.152.99.39 - - [11/Feb/2022:10:35:26 +0800] "GET /xingrg/javascript/jquery_easy_ui/themes/default/images/tabs_rightarrow.png HTTP/1.1" 304 -
180.152.99.39 - - [11/Feb/2022:10:35:26 +0800] "GET /xingrg/javascript/jquery_easy_ui/themes/default/images/panel_tool_collapse.gif HTTP/1.1" 304 -
180.152.99.39 - - [11/Feb/2022:10:35:26 +0800] "GET /xingrg/all/function/internal_message.html?_=1644546839807&CODE_STATE=count HTTP/1.1" 200 11
180.152.99.39 - - [11/Feb/2022:10:35:26 +0800] "GET /xingrg/check_reg.html?_=1644546839808 HTTP/1.1" 200 22
180.152.99.39 - - [11/Feb/2022:10:35:26 +0800] "POST /xingrg/all/common/load_tree.html?tree=area_rest_tree_json&manage=1 HTTP/1.1" 200 476
180.152.99.39 - - [11/Feb/2022:10:35:26 +0800] "POST /xingrg/load_menu.html HTTP/1.1" 200 5138
180.152.99.39 - - [11/Feb/2022:10:35:29 +0800] "GET /xingrg/kc/buy/cgsh_order_list.html HTTP/1.1" 200 49747
180.152.99.39 - - [11/Feb/2022:10:35:31 +0800] "POST /xingrg/kc/buy/cgsh_list_operate.html HTTP/1.1" 200 876
222.70.243.96 - - [11/Feb/2022:10:35:32 +0800] "GET /xingrg/all/function/internal_message.html?_=1644546947235&CODE_STATE=getMsg HTTP/1.1" 200 27
222.70.223.103 - - [11/Feb/2022:10:35:34 +0800] "GET /xingrg/all/function/internal_message.html?_=1644546930761&CODE_STATE=getMsg HTTP/1.1" 200 27
180.152.99.39 - - [11/Feb/2022:10:35:34 +0800] "GET /xingrg/kc/buy/cgsh_order_add.html HTTP/1.1" 200 65446
180.152.99.39 - - [11/Feb/2022:10:35:35 +0800] "POST /xingrg/kc/buy/cgsh_order_operate.html HTTP/1.1" 200 8245
180.152.99.39 - - [11/Feb/2022:10:35:35 +0800] "GET /xingrg/javascript/easyui/themes/default/validatebox.css HTTP/1.1" 404 1104
180.152.99.39 - - [11/Feb/2022:10:35:37 +0800] "GET /xingrg/javascript/auto/indicator.gif HTTP/1.1" 404 1066
120.253.135.82 - - [11/Feb/2022:10:35:41 +0800] "GET /xingrg/check_reg.html?_=1644547069358 HTTP/1.1" 200 22
120.253.135.82 - - [11/Feb/2022:10:35:41 +0800] "GET /xingrg/all/function/internal_message.html?_=1644547069721&CODE_STATE=getMsg HTTP/1.1" 200 27
172.20.0.100 - - [11/Feb/2022:10:35:44 +0800] "GET /xingrg/all/function/internal_message.html?_=1644546941788&CODE_STATE=getMsg HTTP/1.1" 200 27
180.169.147.146 - - [11/Feb/2022:10:35:45 +0800] "GET /xingrg/check_reg.html?_=1644546943031 HTTP/1.1" 200 22
180.169.147.146 - - [11/Feb/2022:10:35:45 +0800] "GET /xingrg/all/function/internal_message.html?_=1644546943032&CODE_STATE=getMsg HTTP/1.1" 200 27
180.152.99.39 - - [11/Feb/2022:10:35:46 +0800] "GET /xingrg/kc/buy/cgsh_order_operate.html?command=get_materiel&rest_code=00150&code=00101011005&supplier_code=00100047&order_time=2022-02-11 HTTP/1.1" 200 429
116.239.131.195 - - [11/Feb/2022:10:35:48 +0800] "GET /xingrg/check_reg.html?_=1644546972970 HTTP/1.1" 200 22
58.39.168.32 - - [11/Feb/2022:10:35:49 +0800] "GET /xingrg/all/function/internal_message.html?_=1644546947236&CODE_STATE=getMsg HTTP/1.1" 200 27
114.88.155.114 - - [11/Feb/2022:10:35:50 +0800] "GET /xingrg/all/function/internal_message.html?_=1644546734627&CODE_STATE=getMsg HTTP/1.1" 200 27
114.88.155.114 - - [11/Feb/2022:10:35:50 +0800] "GET /xingrg/check_reg.html?_=1644546734625 HTTP/1.1" 200 22
114.86.225.240 - - [11/Feb/2022:10:35:51 +0800] "GET /xingrg/all/function/internal_message.html?_=1644546950125&CODE_STATE=getMsg HTTP/1.1" 200 27
114.86.225.240 - - [11/Feb/2022:10:35:51 +0800] "GET /xingrg/check_reg.html?_=1644546950125 HTTP/1.1" 200 22
58.221.95.50 - - [11/Feb/2022:10:35:52 +0800] "GET /xingrg/all/function/internal_message.html?_=1644546949762&CODE_STATE=getMsg HTTP/1.1" 200 27
101.85.120.86 - - [11/Feb/2022:10:35:52 +0800] "GET /xingrg/check_reg.html?_=1644546949766 HTTP/1.1" 200 22
101.85.120.86 - - [11/Feb/2022:10:35:52 +0800] "GET /xingrg/all/function/internal_message.html?_=1644546949768&CODE_STATE=getMsg HTTP/1.1" 200 27
222.70.179.43 - - [11/Feb/2022:10:35:56 +0800] "GET /xingrg/all/function/internal_message.html?_=1644546951540&CODE_STATE=getMsg HTTP/1.1" 200 27
222.70.243.96 - - [11/Feb/2022:10:35:57 +0800] "GET /xingrg/all/function/internal_message.html?_=1644546970695&CODE_STATE=getMsg HTTP/1.1" 302 -
120.253.135.82 - - [11/Feb/2022:10:35:57 +0800] "GET /xingrg/all/function/internal_message.html?_=1644546748539&CODE_STATE=getMsg HTTP/1.1" 200 27
180.152.99.39 - - [11/Feb/2022:10:35:59 +0800] "GET /xingrg/kc/buy/cgsh_order_operate.html?command=get_materiel&rest_code=00150&code=00101011003&supplier_code=00100047&order_time=2022-02-11 HTTP/1.1" 200 434
116.239.131.195 - - [11/Feb/2022:10:36:02 +0800] "GET /xingrg/all/function/internal_message.html?_=1644546987384&CODE_STATE=getMsg HTTP/1.1" 200 27
124.79.79.90 - - [11/Feb/2022:10:36:04 +0800] "GET /xingrg/all/function/internal_message.html?_=1644546962295&CODE_STATE=getMsg HTTP/1.1" 200 27
114.83.217.174 - - [11/Feb/2022:10:36:08 +0800] "GET /xingrg/all/function/internal_message.html?_=1644546964833&CODE_STATE=getMsg HTTP/1.1" 200 27
58.40.7.146 - - [11/Feb/2022:10:36:16 +0800] "GET /xingrg/all/function/internal_message.html?_=1644546973829&CODE_STATE=getMsg HTTP/1.1" 200 27
120.253.135.82 - - [11/Feb/2022:10:36:16 +0800] "GET /xingrg/all/function/internal_message.html?_=1644546971538&CODE_STATE=getMsg HTTP/1.1" 200 27
124.78.153.118 - - [11/Feb/2022:10:36:17 +0800] "GET /xingrg/all/function/internal_message.html?_=1644546972435&CODE_STATE=getMsg HTTP/1.1" 200 27
172.20.0.100 - - [11/Feb/2022:10:36:17 +0800] "GET /xingrg/all/function/internal_message.html?_=1644546973985&CODE_STATE=getMsg HTTP/1.1" 200 27
172.20.0.100 - - [11/Feb/2022:10:36:17 +0800] "GET /xingrg/check_reg.html?_=1644546973989 HTTP/1.1" 200 22
180.152.99.39 - - [11/Feb/2022:10:36:26 +0800] "GET /xingrg/all/function/internal_message.html?_=1644546899825&CODE_STATE=getMsg HTTP/1.1" 200 27
222.70.243.96 - - [11/Feb/2022:10:36:29 +0800] "GET /xingrg/check_reg.html?_=1644547004868 HTTP/1.1" 200 22
222.70.243.96 - - [11/Feb/2022:10:36:32 +0800] "GET /xingrg/all/function/internal_message.html?_=1644547007249&CODE_STATE=getMsg HTTP/1.1" 200 27
222.70.223.103 - - [11/Feb/2022:10:36:34 +0800] "GET /xingrg/all/function/internal_message.html?_=1644546990734&CODE_STATE=getMsg HTTP/1.1" 200 27
120.253.135.82 - - [11/Feb/2022:10:36:41 +0800] "GET /xingrg/all/function/internal_message.html?_=1644547129735&CODE_STATE=getMsg HTTP/1.1" 200 27
172.20.0.100 - - [11/Feb/2022:10:36:44 +0800] "GET /xingrg/all/function/internal_message.html?_=1644547001775&CODE_STATE=getMsg HTTP/1.1" 200 27
180.152.99.39 - - [11/Feb/2022:10:36:44 +0800] "POST /xingrg/kc/buy/cgsh_order_operate.html HTTP/1.1" 200 37
180.169.147.146 - - [11/Feb/2022:10:36:45 +0800] "GET /xingrg/all/function/internal_message.html?_=1644547003014&CODE_STATE=getMsg HTTP/1.1" 200 27
124.78.153.118 - - [11/Feb/2022:10:36:48 +0800] "GET /xingrg/kc/buy/cgsh_order_operate.html?command=get_materiel&rest_code=00106&code=00101008079&supplier_code=00100007&order_time=2022-02-11 HTTP/1.1" 200 436
58.39.168.32 - - [11/Feb/2022:10:36:49 +0800] "GET /xingrg/all/function/internal_message.html?_=1644547007236&CODE_STATE=getMsg HTTP/1.1" 200 27
114.88.155.114 - - [11/Feb/2022:10:36:50 +0800] "GET /xingrg/all/function/internal_message.html?_=1644546794614&CODE_STATE=getMsg HTTP/1.1" 200 27
114.86.225.240 - - [11/Feb/2022:10:36:51 +0800] "GET /xingrg/all/function/internal_message.html?_=1644547010124&CODE_STATE=getMsg HTTP/1.1" 200 27
222.70.223.103 - - [11/Feb/2022:10:36:51 +0800] "GET /xingrg/check_reg.html?_=1644547007326 HTTP/1.1" 200 22
58.221.95.50 - - [11/Feb/2022:10:36:52 +0800] "GET /xingrg/all/function/internal_message.html?_=1644547009758&CODE_STATE=getMsg HTTP/1.1" 200 27
101.85.120.86 - - [11/Feb/2022:10:36:52 +0800] "GET /xingrg/all/function/internal_message.html?_=1644547009754&CODE_STATE=getMsg HTTP/1.1" 200 27
222.70.179.43 - - [11/Feb/2022:10:36:56 +0800] "GET /xingrg/all/function/internal_message.html?_=1644547011544&CODE_STATE=getMsg HTTP/1.1" 200 27
222.70.243.96 - - [11/Feb/2022:10:36:57 +0800] "GET /xingrg/all/function/internal_message.html?_=1644547030711&CODE_STATE=getMsg HTTP/1.1" 302 -
180.152.99.39 - - [11/Feb/2022:10:36:57 +0800] "POST /xingrg/kc/buy/cgsh_order_operate.html HTTP/1.1" 200 12
180.152.99.39 - - [11/Feb/2022:10:36:59 +0800] "GET /xingrg/kc/buy/cgsh_order_info.html?code=212022021102166 HTTP/1.1" 200 60359
180.152.99.39 - - [11/Feb/2022:10:36:59 +0800] "GET /xingrg/javascript/easyui/themes/default/validatebox.css HTTP/1.1" 404 1104
101.80.226.190 - - [11/Feb/2022:10:37:00 +0800] "POST /xingrg/services/DataTransmitService HTTP/1.1" 200 524
180.152.99.39 - - [11/Feb/2022:10:37:01 +0800] "POST /xingrg/kc/buy/cgsh_order_operate.html HTTP/1.1" 200 1197
180.152.99.39 - - [11/Feb/2022:10:37:02 +0800] "GET /xingrg/kc/print/load_data.html?order_code=212022021102166&kc_code=cgsh&condition= HTTP/1.1" 200 1007
116.239.131.195 - - [11/Feb/2022:10:37:02 +0800] "GET /xingrg/all/function/internal_message.html?_=1644547047399&CODE_STATE=getMsg HTTP/1.1" 200 27
124.79.79.90 - - [11/Feb/2022:10:37:04 +0800] "GET /xingrg/all/function/internal_message.html?_=1644547022298&CODE_STATE=getMsg HTTP/1.1" 200 27
114.83.217.174 - - [11/Feb/2022:10:37:05 +0800] "GET /xingrg/check_reg.html?_=1644547021033 HTTP/1.1" 200 22
114.83.217.174 - - [11/Feb/2022:10:37:08 +0800] "GET /xingrg/all/function/internal_message.html?_=1644547024824&CODE_STATE=getMsg HTTP/1.1" 200 27
120.253.135.82 - - [11/Feb/2022:10:37:12 +0800] "GET /xingrg/kc/buy/cgsh_order_operate.html?command=get_materiel&rest_code=00101&code=00101006037&supplier_code=00100151&order_time=2022-02-11 HTTP/1.1" 200 440
124.78.153.118 - - [11/Feb/2022:10:37:13 +0800] "POST /xingrg/kc/buy/cgsh_order_operate.html HTTP/1.1" 200 2065
120.253.135.82 - - [11/Feb/2022:10:37:15 +0800] "GET /xingrg/check_reg.html?_=1644547029797 HTTP/1.1" 200 22
58.40.7.146 - - [11/Feb/2022:10:37:16 +0800] "GET /xingrg/all/function/internal_message.html?_=1644547033831&CODE_STATE=getMsg HTTP/1.1" 200 27
120.253.135.82 - - [11/Feb/2022:10:37:16 +0800] "GET /xingrg/all/function/internal_message.html?_=1644547031546&CODE_STATE=getMsg HTTP/1.1" 200 27
124.78.153.118 - - [11/Feb/2022:10:37:16 +0800] "GET /xingrg/all/function/internal_message.html?_=1644547032299&CODE_STATE=getMsg HTTP/1.1" 200 27
172.20.0.100 - - [11/Feb/2022:10:37:17 +0800] "GET /xingrg/all/function/internal_message.html?_=1644547033991&CODE_STATE=getMsg HTTP/1.1" 200 27
222.70.243.96 - - [11/Feb/2022:10:37:25 +0800] "GET /xingrg/check_reg.html?_=1644547058273 HTTP/1.1" 302 -
180.152.99.39 - - [11/Feb/2022:10:37:26 +0800] "GET /xingrg/all/function/internal_message.html?_=1644546959838&CODE_STATE=getMsg HTTP/1.1" 200 27
222.70.243.96 - - [11/Feb/2022:10:37:32 +0800] "GET /xingrg/all/function/internal_message.html?_=1644547067262&CODE_STATE=getMsg HTTP/1.1" 200 27
222.70.223.103 - - [11/Feb/2022:10:37:34 +0800] "GET /xingrg/all/function/internal_message.html?_=1644547050705&CODE_STATE=getMsg HTTP/1.1" 200 27
120.253.135.82 - - [11/Feb/2022:10:37:41 +0800] "GET /xingrg/all/function/internal_message.html?_=1644547189748&CODE_STATE=getMsg HTTP/1.1" 200 27
172.20.0.100 - - [11/Feb/2022:10:37:44 +0800] "GET /xingrg/all/function/internal_message.html?_=1644547061790&CODE_STATE=getMsg HTTP/1.1" 200 27
120.253.135.82 - - [11/Feb/2022:10:37:45 +0800] "POST /xingrg/kc/buy/cgsh_order_operate.html HTTP/1.1" 200 37
180.169.147.146 - - [11/Feb/2022:10:37:45 +0800] "GET /xingrg/all/function/internal_message.html?_=1644547063016&CODE_STATE=getMsg HTTP/1.1" 200 27
120.253.135.82 - - [11/Feb/2022:10:37:47 +0800] "POST /xingrg/kc/buy/cgsh_order_operate.html HTTP/1.1" 200 2671
58.39.168.32 - - [11/Feb/2022:10:37:49 +0800] "GET /xingrg/all/function/internal_message.html?_=1644547067237&CODE_STATE=getMsg HTTP/1.1" 200 27
124.78.153.118 - - [11/Feb/2022:10:37:49 +0800] "GET /xingrg/kc/buy/cgsh_order_operate.html?command=get_materiel&rest_code=00106&code=00101008041&supplier_code=00100007&order_time=2022-02-11 HTTP/1.1" 200 427
114.88.155.114 - - [11/Feb/2022:10:37:50 +0800] "GET /xingrg/all/function/internal_message.html?_=1644546854622&CODE_STATE=getMsg HTTP/1.1" 200 27
114.86.225.240 - - [11/Feb/2022:10:37:51 +0800] "GET /xingrg/all/function/internal_message.html?_=1644547070126&CODE_STATE=getMsg HTTP/1.1" 200 27
101.85.120.86 - - [11/Feb/2022:10:37:52 +0800] "GET /xingrg/all/function/internal_message.html?_=1644547069754&CODE_STATE=getMsg HTTP/1.1" 200 27
58.221.95.50 - - [11/Feb/2022:10:37:52 +0800] "GET /xingrg/all/function/internal_message.html?_=1644547069770&CODE_STATE=getMsg HTTP/1.1" 200 27
222.70.179.43 - - [11/Feb/2022:10:37:56 +0800] "GET /xingrg/all/function/internal_message.html?_=1644547071529&CODE_STATE=getMsg HTTP/1.1" 200 27
222.70.179.43 - - [11/Feb/2022:10:37:56 +0800] "GET /xingrg/check_reg.html?_=1644547071920 HTTP/1.1" 200 22
222.70.243.96 - - [11/Feb/2022:10:37:57 +0800] "GET /xingrg/all/function/internal_message.html?_=1644547090735&CODE_STATE=getMsg HTTP/1.1" 302 -
124.78.153.118 - - [11/Feb/2022:10:38:00 +0800] "POST /xingrg/kc/buy/cgsh_order_operate.html HTTP/1.1" 200 37
116.239.131.195 - - [11/Feb/2022:10:38:03 +0800] "GET /xingrg/all/function/internal_message.html?_=1644547108003&CODE_STATE=getMsg HTTP/1.1" 200 27
124.79.79.90 - - [11/Feb/2022:10:38:04 +0800] "GET /xingrg/all/function/internal_message.html?_=1644547082286&CODE_STATE=getMsg HTTP/1.1" 200 27
124.78.153.118 - - [11/Feb/2022:10:38:07 +0800] "POST /xingrg/kc/buy/cgsh_order_operate.html HTTP/1.1" 200 33384
114.83.217.174 - - [11/Feb/2022:10:38:08 +0800] "GET /xingrg/all/function/internal_message.html?_=1644547084807&CODE_STATE=getMsg HTTP/1.1" 200 27
124.78.153.118 - - [11/Feb/2022:10:38:14 +0800] "POST /xingrg/services/DataTransmitService HTTP/1.1" 200 524
58.40.7.146 - - [11/Feb/2022:10:38:16 +0800] "GET /xingrg/check_reg.html?_=1644547093834 HTTP/1.1" 200 22
58.40.7.146 - - [11/Feb/2022:10:38:16 +0800] "GET /xingrg/all/function/internal_message.html?_=1644547093833&CODE_STATE=getMsg HTTP/1.1" 200 27
120.253.135.82 - - [11/Feb/2022:10:38:16 +0800] "GET /xingrg/all/function/internal_message.html?_=1644547091558&CODE_STATE=getMsg HTTP/1.1" 200 27
124.78.153.118 - - [11/Feb/2022:10:38:17 +0800] "GET /xingrg/check_reg.html?_=1644547092428 HTTP/1.1" 200 22
124.78.153.118 - - [11/Feb/2022:10:38:17 +0800] "GET /xingrg/all/function/internal_message.html?_=1644547092427&CODE_STATE=getMsg HTTP/1.1" 200 27
120.253.135.82 - - [11/Feb/2022:10:38:17 +0800] "POST /xingrg/kc/buy/cgsh_order_operate.html HTTP/1.1" 200 37
172.20.0.100 - - [11/Feb/2022:10:38:17 +0800] "GET /xingrg/all/function/internal_message.html?_=1644547093979&CODE_STATE=getMsg HTTP/1.1" 200 27
120.253.135.82 - - [11/Feb/2022:10:38:18 +0800] "POST /xingrg/kc/buy/cgsh_order_operate.html HTTP/1.1" 200 2671
120.253.135.82 - - [11/Feb/2022:10:38:22 +0800] "GET /xingrg/kc/pszx/mdps_order_list.html?orderType=0 HTTP/1.1" 200 20884
120.253.135.82 - - [11/Feb/2022:10:38:22 +0800] "GET /xingrg/javascript/easyui/themes/icons/uncheck_new.png HTTP/1.1" 304 -
120.253.135.82 - - [11/Feb/2022:10:38:22 +0800] "POST /xingrg/kc/pszx/mdps_list_operate.html HTTP/1.1" 200 5283
120.253.135.82 - - [11/Feb/2022:10:38:22 +0800] "POST /xingrg/kc/pszx/mdps_list_operate.html HTTP/1.1" 200 5283
120.253.135.82 - - [11/Feb/2022:10:38:22 +0800] "GET /xingrg/kc/pszx/mdps_order_list.html?orderType=0 HTTP/1.1" 200 20884
120.253.135.82 - - [11/Feb/2022:10:38:22 +0800] "POST /xingrg/kc/pszx/mdps_list_operate.html HTTP/1.1" 200 5283
120.253.135.82 - - [11/Feb/2022:10:38:24 +0800] "GET /xingrg/kc/pszx/mdps_order_add.html HTTP/1.1" 200 28906
120.253.135.82 - - [11/Feb/2022:10:38:24 +0800] "GET /xingrg/javascript/myfunction.js HTTP/1.1" 304 -
120.253.135.82 - - [11/Feb/2022:10:38:25 +0800] "POST /xingrg/kc/pszx/mdps_order_operate.html HTTP/1.1" 200 7126
120.253.135.82 - - [11/Feb/2022:10:38:25 +0800] "GET /xingrg/all/common/auto_word.html?type=base&rest_code=00101 HTTP/1.1" 200 613
120.253.135.82 - - [11/Feb/2022:10:38:25 +0800] "GET /xingrg/javascript/easyui/themes/default/validatebox.css HTTP/1.1" 404 1104
180.152.99.39 - - [11/Feb/2022:10:38:26 +0800] "GET /xingrg/all/function/internal_message.html?_=1644547019866&CODE_STATE=getMsg HTTP/1.1" 200 27
120.253.135.82 - - [11/Feb/2022:10:38:26 +0800] "POST /xingrg/all/common/load_combo.html?type=base HTTP/1.1" 200 1075
120.253.135.82 - - [11/Feb/2022:10:38:29 +0800] "GET /xingrg/javascript/easyui/plugins/jquery.draggable.js HTTP/1.1" 304 -
120.253.135.82 - - [11/Feb/2022:10:38:29 +0800] "GET /xingrg/javascript/easyui/plugins/jquery.droppable.js HTTP/1.1" 304 -
120.253.135.82 - - [11/Feb/2022:10:38:29 +0800] "GET /xingrg/javascript/easyui/themes/default/tree.css HTTP/1.1" 404 1090
120.253.135.82 - - [11/Feb/2022:10:38:29 +0800] "GET /xingrg/javascript/easyui/plugins/jquery.tree.js HTTP/1.1" 304 -
120.253.135.82 - - [11/Feb/2022:10:38:29 +0800] "POST /xingrg/all/common/load_tree.html?tree=area_rest_tree_json&only_rest=1 HTTP/1.1" 200 3351
120.253.135.82 - - [11/Feb/2022:10:38:29 +0800] "GET /xingrg/javascript/easyui/themes/default/images/tree_arrows.gif HTTP/1.1" 304 -
120.253.135.82 - - [11/Feb/2022:10:38:29 +0800] "GET /xingrg/javascript/easyui/themes/icons/rest.png HTTP/1.1" 304 -
120.253.135.82 - - [11/Feb/2022:10:38:29 +0800] "GET /xingrg/javascript/easyui/themes/default/images/tree_folder_open.gif HTTP/1.1" 304 -
120.253.135.82 - - [11/Feb/2022:10:38:29 +0800] "GET /xingrg/javascript/easyui/themes/icons/area.png HTTP/1.1" 304 -
222.70.243.96 - - [11/Feb/2022:10:38:32 +0800] "GET /xingrg/all/function/internal_message.html?_=1644547127276&CODE_STATE=getMsg HTTP/1.1" 200 27
222.70.223.103 - - [11/Feb/2022:10:38:34 +0800] "GET /xingrg/all/function/internal_message.html?_=1644547110681&CODE_STATE=getMsg HTTP/1.1" 200 27
120.253.135.82 - - [11/Feb/2022:10:38:40 +0800] "GET /xingrg/kc/pszx/mdps_order_operate.html?command=get_materiel&pszx_code=00101&rest_code=00102&base_code=0010246&code=00101006037 HTTP/1.1" 200 440
120.253.135.82 - - [11/Feb/2022:10:38:41 +0800] "GET /xingrg/all/function/internal_message.html?_=1644547249763&CODE_STATE=getMsg HTTP/1.1" 200 27
172.20.0.100 - - [11/Feb/2022:10:38:44 +0800] "GET /xingrg/check_reg.html?_=1644547121779 HTTP/1.1" 200 22
172.20.0.100 - - [11/Feb/2022:10:38:44 +0800] "GET /xingrg/all/function/internal_message.html?_=1644547121781&CODE_STATE=getMsg HTTP/1.1" 200 27
180.169.147.146 - - [11/Feb/2022:10:38:45 +0800] "GET /xingrg/all/function/internal_message.html?_=1644547123031&CODE_STATE=getMsg HTTP/1.1" 200 27
58.39.168.32 - - [11/Feb/2022:10:38:49 +0800] "GET /xingrg/all/function/internal_message.html?_=1644547127236&CODE_STATE=getMsg HTTP/1.1" 200 27
114.88.155.114 - - [11/Feb/2022:10:38:50 +0800] "GET /xingrg/all/function/internal_message.html?_=1644546914646&CODE_STATE=getMsg HTTP/1.1" 200 27
114.86.225.240 - - [11/Feb/2022:10:38:51 +0800] "GET /xingrg/all/function/internal_message.html?_=1644547130132&CODE_STATE=getMsg HTTP/1.1" 200 27
124.78.153.118 - - [11/Feb/2022:10:38:51 +0800] "POST /xingrg/kc/buy/cgsh_order_operate.html HTTP/1.1" 200 37
58.221.95.50 - - [11/Feb/2022:10:38:52 +0800] "GET /xingrg/all/function/internal_message.html?_=1644547129762&CODE_STATE=getMsg HTTP/1.1" 200 27
101.85.120.86 - - [11/Feb/2022:10:38:52 +0800] "GET /xingrg/all/function/internal_message.html?_=1644547129755&CODE_STATE=getMsg HTTP/1.1" 200 27
124.78.153.118 - - [11/Feb/2022:10:38:55 +0800] "POST /xingrg/kc/buy/cgsh_order_operate.html HTTP/1.1" 200 33384
222.70.179.43 - - [11/Feb/2022:10:38:56 +0800] "GET /xingrg/all/function/internal_message.html?_=1644547131514&CODE_STATE=getMsg HTTP/1.1" 200 27
222.70.243.96 - - [11/Feb/2022:10:38:57 +0800] "GET /xingrg/all/function/internal_message.html?_=1644547150737&CODE_STATE=getMsg HTTP/1.1" 302 -
120.253.135.82 - - [11/Feb/2022:10:39:02 +0800] "POST /xingrg/kc/pszx/mdps_order_operate.html HTTP/1.1" 200 37
116.239.131.195 - - [11/Feb/2022:10:39:03 +0800] "GET /xingrg/all/function/internal_message.html?_=1644547168020&CODE_STATE=getMsg HTTP/1.1" 200 27
120.253.135.82 - - [11/Feb/2022:10:39:03 +0800] "GET /xingrg/kc/pszx/mdps_order_info.html?code=312022021100112 HTTP/1.1" 200 23923
124.79.79.90 - - [11/Feb/2022:10:39:04 +0800] "GET /xingrg/all/function/internal_message.html?_=1644547142289&CODE_STATE=getMsg HTTP/1.1" 200 27
120.253.135.82 - - [11/Feb/2022:10:39:04 +0800] "POST /xingrg/kc/pszx/mdps_order_operate.html HTTP/1.1" 200 2281
124.79.79.90 - - [11/Feb/2022:10:39:04 +0800] "GET /xingrg/check_reg.html?_=1644547142292 HTTP/1.1" 200 22
120.253.135.82 - - [11/Feb/2022:10:39:04 +0800] "GET /xingrg/javascript/easyui/themes/default/validatebox.css HTTP/1.1" 404 1104
114.83.217.174 - - [11/Feb/2022:10:39:08 +0800] "GET /xingrg/all/function/internal_message.html?_=1644547144784&CODE_STATE=getMsg HTTP/1.1" 200 27
120.253.135.82 - - [11/Feb/2022:10:39:11 +0800] "GET /xingrg/kc/pszx/mdps_order_add.html HTTP/1.1" 200 28906
120.253.135.82 - - [11/Feb/2022:10:39:12 +0800] "POST /xingrg/kc/pszx/mdps_order_operate.html HTTP/1.1" 200 7126
120.253.135.82 - - [11/Feb/2022:10:39:12 +0800] "GET /xingrg/javascript/easyui/themes/default/validatebox.css HTTP/1.1" 404 1104
120.253.135.82 - - [11/Feb/2022:10:39:13 +0800] "POST /xingrg/all/common/load_combo.html?type=base HTTP/1.1" 200 1075
58.40.7.146 - - [11/Feb/2022:10:39:16 +0800] "GET /xingrg/all/function/internal_message.html?_=1644547153836&CODE_STATE=getMsg HTTP/1.1" 200 27
120.253.135.82 - - [11/Feb/2022:10:39:16 +0800] "GET /xingrg/javascript/easyui/themes/default/tree.css HTTP/1.1" 404 1090
120.253.135.82 - - [11/Feb/2022:10:39:16 +0800] "POST /xingrg/all/common/load_tree.html?tree=area_rest_tree_json&only_rest=1 HTTP/1.1" 200 3351
120.253.135.82 - - [11/Feb/2022:10:39:16 +0800] "GET /xingrg/all/function/internal_message.html?_=1644547151611&CODE_STATE=getMsg HTTP/1.1" 200 27
124.78.153.118 - - [11/Feb/2022:10:39:17 +0800] "GET /xingrg/all/function/internal_message.html?_=1644547152432&CODE_STATE=getMsg HTTP/1.1" 200 27
172.20.0.100 - - [11/Feb/2022:10:39:17 +0800] "GET /xingrg/all/function/internal_message.html?_=1644547153982&CODE_STATE=getMsg HTTP/1.1" 200 27
172.20.0.100 - - [11/Feb/2022:10:39:25 +0800] "POST /xingrg/all/user/operate.html HTTP/1.1" 200 36
172.20.0.100 - - [11/Feb/2022:10:39:25 +0800] "GET /xingrg/index.html?sysBaseUrl=http%3A%2F%2F172.20.0.8%3A18081%2Fxingrg%2F&costTime=41×tamp=1644542969618 HTTP/1.1" 200 17454
172.20.0.100 - - [11/Feb/2022:10:39:25 +0800] "GET /xingrg/javascript/jquery_easy_ui/themes/default/easyui.css HTTP/1.1" 304 -
172.20.0.100 - - [11/Feb/2022:10:39:25 +0800] "GET /xingrg/javascript/jquery_easy_ui/themes/icon.css HTTP/1.1" 304 -
172.20.0.100 - - [11/Feb/2022:10:39:25 +0800] "GET /xingrg/css/form.css HTTP/1.1" 304 -
172.20.0.100 - - [11/Feb/2022:10:39:25 +0800] "GET /xingrg/javascript/jquery-1.4.2.min.js HTTP/1.1" 304 -
172.20.0.100 - - [11/Feb/2022:10:39:25 +0800] "GET /xingrg/javascript/jquery_easy_ui/jquery.easyui.min.js HTTP/1.1" 304 -
