222.70.179.43 - - [11/Feb/2022:09:09:08 +0800] "GET /xingrg/kc/buy/cgsh_order_operate.html?command=get_materiel&rest_code=00111&code=00101018011&supplier_code=00100012&order_time=2022-02-11 HTTP/1.1" 200 433
120.253.135.82 - - [11/Feb/2022:09:09:14 +0800] "GET /xingrg/all/function/internal_message.html?_=1644541749601&CODE_STATE=getMsg HTTP/1.1" 200 27
58.40.7.146 - - [11/Feb/2022:09:09:16 +0800] "GET /xingrg/all/function/internal_message.html?_=1644541753808&CODE_STATE=getMsg HTTP/1.1" 200 27
120.253.135.82 - - [11/Feb/2022:09:09:24 +0800] "GET /xingrg/all/function/internal_message.html?_=1644541892501&CODE_STATE=getMsg HTTP/1.1" 200 27
222.70.179.43 - - [11/Feb/2022:09:09:28 +0800] "GET /xingrg/kc/buy/cgsh_order_operate.html?command=get_materiel&rest_code=00111&code=00101006124&supplier_code=00100012&order_time=2022-02-11 HTTP/1.1" 200 429
222.70.243.96 - - [11/Feb/2022:09:09:31 +0800] "GET /xingrg/all/function/internal_message.html?_=1644541785978&CODE_STATE=getMsg HTTP/1.1" 200 27
58.221.95.50 - - [11/Feb/2022:09:09:34 +0800] "GET /xingrg/check_reg.html?_=1644541771790 HTTP/1.1" 302 -
222.70.223.103 - - [11/Feb/2022:09:09:36 +0800] "GET /xingrg/all/function/internal_message.html?_=1644541772317&CODE_STATE=getMsg HTTP/1.1" 200 27
114.83.217.174 - - [11/Feb/2022:09:09:45 +0800] "POST /xingrg/services/DataTransmitService HTTP/1.1" 401 565
114.83.217.174 - - [11/Feb/2022:09:09:45 +0800] "POST /xingrg/services/DataTransmitService HTTP/1.1" 200 478
114.83.217.174 - - [11/Feb/2022:09:09:45 +0800] "POST /xingrg/services/DataTransmitService HTTP/1.1" 200 1319
114.83.217.174 - - [11/Feb/2022:09:09:45 +0800] "POST /xingrg/services/DataTransmitService HTTP/1.1" 200 478
114.83.217.174 - - [11/Feb/2022:09:09:45 +0800] "POST /xingrg/services/DataTransmitService HTTP/1.1" 200 1319
114.83.217.174 - - [11/Feb/2022:09:09:45 +0800] "POST /xingrg/services/DataTransmitService HTTP/1.1" 200 524
114.83.217.174 - - [11/Feb/2022:09:09:45 +0800] "POST /xingrg/services/DataTransmitService HTTP/1.1" 200 1983
114.83.217.174 - - [11/Feb/2022:09:09:46 +0800] "POST /xingrg/services/DataTransmitService HTTP/1.1" 200 45454
114.83.217.174 - - [11/Feb/2022:09:09:46 +0800] "POST /xingrg/services/DataTransmitService HTTP/1.1" 200 19237
222.70.179.43 - - [11/Feb/2022:09:09:47 +0800] "POST /xingrg/kc/buy/cgsh_order_operate.html HTTP/1.1" 200 37
58.39.168.32 - - [11/Feb/2022:09:09:48 +0800] "GET /xingrg/check_reg.html?_=1644541787117 HTTP/1.1" 200 22
58.39.168.32 - - [11/Feb/2022:09:09:48 +0800] "GET /xingrg/all/function/internal_message.html?_=1644541787121&CODE_STATE=getMsg HTTP/1.1" 200 27
114.86.225.240 - - [11/Feb/2022:09:09:50 +0800] "GET /xingrg/all/function/internal_message.html?_=1644541789610&CODE_STATE=getMsg HTTP/1.1" 200 27
222.70.179.43 - - [11/Feb/2022:09:09:51 +0800] "POST /xingrg/kc/buy/cgsh_order_operate.html HTTP/1.1" 200 4430
114.83.217.174 - - [11/Feb/2022:09:09:55 +0800] "POST /xingrg/services/DataTransmitService HTTP/1.1" 200 524
222.70.243.96 - - [11/Feb/2022:09:09:56 +0800] "GET /xingrg/all/function/internal_message.html?_=1644541809135&CODE_STATE=getMsg HTTP/1.1" 302 -
114.83.217.174 - - [11/Feb/2022:09:09:56 +0800] "POST /xingrg/services/DataTransmitService HTTP/1.1" 200 1983
222.70.179.43 - - [11/Feb/2022:09:09:56 +0800] "GET /xingrg/all/function/internal_message.html?_=1644541791821&CODE_STATE=getMsg HTTP/1.1" 200 27
222.70.179.43 - - [11/Feb/2022:09:09:58 +0800] "GET /xingrg/kc/print/load_config.html?kc_code=cgsh HTTP/1.1" 200 1943
222.70.179.43 - - [11/Feb/2022:09:09:58 +0800] "GET /xingrg/kc/print/load_data.html?order_code=212022021102140&kc_code=cgsh&condition= HTTP/1.1" 200 1436
124.79.79.90 - - [11/Feb/2022:09:10:04 +0800] "GET /xingrg/all/function/internal_message.html?_=1644541802298&CODE_STATE=getMsg HTTP/1.1" 200 27
114.83.217.174 - - [11/Feb/2022:09:10:04 +0800] "GET /xingrg/all/function/internal_message.html?_=1644541800719&CODE_STATE=getMsg HTTP/1.1" 200 27
222.70.179.43 - - [11/Feb/2022:09:10:08 +0800] "GET /xingrg/kc/buy/cgsh_order_add.html HTTP/1.1" 200 65472
222.70.179.43 - - [11/Feb/2022:09:10:09 +0800] "POST /xingrg/kc/buy/cgsh_order_operate.html HTTP/1.1" 200 8245
222.70.179.43 - - [11/Feb/2022:09:10:09 +0800] "GET /xingrg/javascript/easyui/themes/default/validatebox.css HTTP/1.1" 404 1104
120.253.135.82 - - [11/Feb/2022:09:10:14 +0800] "GET /xingrg/all/function/internal_message.html?_=1644541809639&CODE_STATE=getMsg HTTP/1.1" 200 27
58.40.7.146 - - [11/Feb/2022:09:10:16 +0800] "GET /xingrg/all/function/internal_message.html?_=1644541813796&CODE_STATE=getMsg HTTP/1.1" 200 27
120.253.135.82 - - [11/Feb/2022:09:10:24 +0800] "GET /xingrg/all/function/internal_message.html?_=1644541952515&CODE_STATE=getMsg HTTP/1.1" 200 27
222.70.179.43 - - [11/Feb/2022:09:10:25 +0800] "GET /xingrg/kc/buy/cgsh_order_operate.html?command=get_materiel&rest_code=00111&code=00101007077&supplier_code=00100004&order_time=2022-02-11 HTTP/1.1" 200 436
222.70.243.96 - - [11/Feb/2022:09:10:31 +0800] "GET /xingrg/all/function/internal_message.html?_=1644541845987&CODE_STATE=getMsg HTTP/1.1" 200 27
222.70.223.103 - - [11/Feb/2022:09:10:36 +0800] "GET /xingrg/all/function/internal_message.html?_=1644541832299&CODE_STATE=getMsg HTTP/1.1" 200 27
222.70.179.43 - - [11/Feb/2022:09:10:45 +0800] "GET /xingrg/kc/buy/cgsh_order_operate.html?command=get_materiel&rest_code=00111&code=00101007085&supplier_code=00100004&order_time=2022-02-11 HTTP/1.1" 200 433
58.39.168.32 - - [11/Feb/2022:09:10:48 +0800] "GET /xingrg/all/function/internal_message.html?_=1644541847132&CODE_STATE=getMsg HTTP/1.1" 200 27
114.86.225.240 - - [11/Feb/2022:09:10:50 +0800] "GET /xingrg/all/function/internal_message.html?_=1644541849610&CODE_STATE=getMsg HTTP/1.1" 200 27
114.86.225.240 - - [11/Feb/2022:09:10:50 +0800] "GET /xingrg/check_reg.html?_=1644541849612 HTTP/1.1" 200 22
222.70.243.96 - - [11/Feb/2022:09:10:56 +0800] "GET /xingrg/all/function/internal_message.html?_=1644541869137&CODE_STATE=getMsg HTTP/1.1" 302 -
222.70.179.43 - - [11/Feb/2022:09:10:56 +0800] "GET /xingrg/all/function/internal_message.html?_=1644541851817&CODE_STATE=getMsg HTTP/1.1" 200 27
222.70.179.43 - - [11/Feb/2022:09:10:58 +0800] "GET /xingrg/kc/buy/cgsh_order_operate.html?command=get_materiel&rest_code=00111&code=00101007081&supplier_code=00100004&order_time=2022-02-11 HTTP/1.1" 200 433
124.79.79.90 - - [11/Feb/2022:09:11:04 +0800] "GET /xingrg/all/function/internal_message.html?_=1644541862300&CODE_STATE=getMsg HTTP/1.1" 200 27
114.83.217.174 - - [11/Feb/2022:09:11:04 +0800] "GET /xingrg/all/function/internal_message.html?_=1644541860725&CODE_STATE=getMsg HTTP/1.1" 200 27
120.253.135.82 - - [11/Feb/2022:09:11:14 +0800] "GET /xingrg/all/function/internal_message.html?_=1644541869643&CODE_STATE=getMsg HTTP/1.1" 200 27
58.40.7.146 - - [11/Feb/2022:09:11:16 +0800] "GET /xingrg/all/function/internal_message.html?_=1644541873798&CODE_STATE=getMsg HTTP/1.1" 200 27
120.253.135.82 - - [11/Feb/2022:09:11:24 +0800] "GET /xingrg/all/function/internal_message.html?_=1644542012595&CODE_STATE=getMsg HTTP/1.1" 200 27
222.70.243.96 - - [11/Feb/2022:09:11:29 +0800] "GET /xingrg/check_reg.html?_=1644541904694 HTTP/1.1" 200 22
222.70.243.96 - - [11/Feb/2022:09:11:31 +0800] "GET /xingrg/all/function/internal_message.html?_=1644541906000&CODE_STATE=getMsg HTTP/1.1" 200 27
222.70.223.103 - - [11/Feb/2022:09:11:36 +0800] "GET /xingrg/all/function/internal_message.html?_=1644541892275&CODE_STATE=getMsg HTTP/1.1" 200 27
58.39.168.32 - - [11/Feb/2022:09:11:46 +0800] "GET /xingrg/kc/buy/cgsh_order_add.html HTTP/1.1" 200 65598
58.39.168.32 - - [11/Feb/2022:09:11:46 +0800] "POST /xingrg/kc/buy/cgsh_order_operate.html HTTP/1.1" 200 8245
58.39.168.32 - - [11/Feb/2022:09:11:46 +0800] "GET /xingrg/javascript/easyui/themes/default/validatebox.css HTTP/1.1" 404 1104
58.39.168.32 - - [11/Feb/2022:09:11:48 +0800] "GET /xingrg/all/function/internal_message.html?_=1644541907149&CODE_STATE=getMsg HTTP/1.1" 200 27
114.86.225.240 - - [11/Feb/2022:09:11:50 +0800] "GET /xingrg/all/function/internal_message.html?_=1644541909612&CODE_STATE=getMsg HTTP/1.1" 200 27
222.70.223.103 - - [11/Feb/2022:09:11:51 +0800] "GET /xingrg/check_reg.html?_=1644541907324 HTTP/1.1" 200 22
222.70.243.96 - - [11/Feb/2022:09:11:56 +0800] "GET /xingrg/all/function/internal_message.html?_=1644541929163&CODE_STATE=getMsg HTTP/1.1" 302 -
222.70.179.43 - - [11/Feb/2022:09:11:56 +0800] "GET /xingrg/all/function/internal_message.html?_=1644541911814&CODE_STATE=getMsg HTTP/1.1" 200 27
58.39.168.32 - - [11/Feb/2022:09:11:57 +0800] "GET /xingrg/kc/buy/cgsh_order_operate.html?command=get_materiel&rest_code=00105&code=00101006106&supplier_code=00100012&order_time=2022-02-11 HTTP/1.1" 200 421
116.239.131.195 - - [11/Feb/2022:09:12:00 +0800] "POST /xingrg/services/DataTransmitService HTTP/1.1" 200 524
124.79.79.90 - - [11/Feb/2022:09:12:04 +0800] "GET /xingrg/all/function/internal_message.html?_=1644541922287&CODE_STATE=getMsg HTTP/1.1" 200 27
114.83.217.174 - - [11/Feb/2022:09:12:04 +0800] "GET /xingrg/check_reg.html?_=1644541920725 HTTP/1.1" 200 22
114.83.217.174 - - [11/Feb/2022:09:12:04 +0800] "GET /xingrg/all/function/internal_message.html?_=1644541920728&CODE_STATE=getMsg HTTP/1.1" 200 27
58.39.168.32 - - [11/Feb/2022:09:12:10 +0800] "GET /xingrg/kc/buy/cgsh_order_operate.html?command=get_materiel&rest_code=00105&code=00101006112&supplier_code=00100012&order_time=2022-02-11 HTTP/1.1" 200 409
120.253.135.82 - - [11/Feb/2022:09:12:14 +0800] "GET /xingrg/check_reg.html?_=1644541929342 HTTP/1.1" 200 22
120.253.135.82 - - [11/Feb/2022:09:12:14 +0800] "GET /xingrg/all/function/internal_message.html?_=1644541929658&CODE_STATE=getMsg HTTP/1.1" 200 27
58.39.168.32 - - [11/Feb/2022:09:12:15 +0800] "POST /xingrg/kc/buy/cgsh_order_operate.html HTTP/1.1" 200 37
58.39.168.32 - - [11/Feb/2022:09:12:16 +0800] "POST /xingrg/kc/buy/cgsh_order_operate.html HTTP/1.1" 200 3257
58.40.7.146 - - [11/Feb/2022:09:12:16 +0800] "GET /xingrg/all/function/internal_message.html?_=1644541933800&CODE_STATE=getMsg HTTP/1.1" 200 27
58.39.168.32 - - [11/Feb/2022:09:12:17 +0800] "GET /xingrg/kc/print/load_data.html?order_code=212022021102141&kc_code=cgsh&condition= HTTP/1.1" 200 990
172.20.0.100 - - [11/Feb/2022:09:12:23 +0800] "GET /xingrg/check_reg.html?_=1644541939877 HTTP/1.1" 200 22
120.253.135.82 - - [11/Feb/2022:09:12:23 +0800] "GET /xingrg/check_reg.html?_=1644542071208 HTTP/1.1" 200 22
120.253.135.82 - - [11/Feb/2022:09:12:24 +0800] "GET /xingrg/all/function/internal_message.html?_=1644542072673&CODE_STATE=getMsg HTTP/1.1" 200 27
222.70.243.96 - - [11/Feb/2022:09:12:25 +0800] "GET /xingrg/check_reg.html?_=1644541958150 HTTP/1.1" 302 -
222.70.243.96 - - [11/Feb/2022:09:12:31 +0800] "GET /xingrg/all/function/internal_message.html?_=1644541966014&CODE_STATE=getMsg HTTP/1.1" 200 27
222.70.223.103 - - [11/Feb/2022:09:12:36 +0800] "GET /xingrg/all/function/internal_message.html?_=1644541952255&CODE_STATE=getMsg HTTP/1.1" 200 27
58.39.168.32 - - [11/Feb/2022:09:12:48 +0800] "GET /xingrg/all/function/internal_message.html?_=1644541967132&CODE_STATE=getMsg HTTP/1.1" 200 27
114.86.225.240 - - [11/Feb/2022:09:12:50 +0800] "GET /xingrg/all/function/internal_message.html?_=1644541969615&CODE_STATE=getMsg HTTP/1.1" 200 27
222.70.243.96 - - [11/Feb/2022:09:12:56 +0800] "GET /xingrg/all/function/internal_message.html?_=1644541989179&CODE_STATE=getMsg HTTP/1.1" 302 -
222.70.179.43 - - [11/Feb/2022:09:12:56 +0800] "GET /xingrg/check_reg.html?_=1644541971821 HTTP/1.1" 200 22
222.70.179.43 - - [11/Feb/2022:09:12:56 +0800] "GET /xingrg/all/function/internal_message.html?_=1644541971823&CODE_STATE=getMsg HTTP/1.1" 200 27
124.79.79.90 - - [11/Feb/2022:09:13:04 +0800] "GET /xingrg/all/function/internal_message.html?_=1644541982291&CODE_STATE=getMsg HTTP/1.1" 200 27
114.83.217.174 - - [11/Feb/2022:09:13:04 +0800] "GET /xingrg/all/function/internal_message.html?_=1644541980714&CODE_STATE=getMsg HTTP/1.1" 200 27
120.253.135.82 - - [11/Feb/2022:09:13:14 +0800] "GET /xingrg/all/function/internal_message.html?_=1644541989675&CODE_STATE=getMsg HTTP/1.1" 200 27
58.40.7.146 - - [11/Feb/2022:09:13:16 +0800] "GET /xingrg/check_reg.html?_=1644541993804 HTTP/1.1" 200 22
58.40.7.146 - - [11/Feb/2022:09:13:16 +0800] "GET /xingrg/all/function/internal_message.html?_=1644541993803&CODE_STATE=getMsg HTTP/1.1" 200 27
120.253.135.82 - - [11/Feb/2022:09:13:24 +0800] "GET /xingrg/all/function/internal_message.html?_=1644542132751&CODE_STATE=getMsg HTTP/1.1" 200 27
222.70.243.96 - - [11/Feb/2022:09:13:31 +0800] "GET /xingrg/all/function/internal_message.html?_=1644542026027&CODE_STATE=getMsg HTTP/1.1" 200 27
222.70.223.103 - - [11/Feb/2022:09:13:36 +0800] "GET /xingrg/all/function/internal_message.html?_=1644542012234&CODE_STATE=getMsg HTTP/1.1" 200 27
58.39.168.32 - - [11/Feb/2022:09:13:48 +0800] "GET /xingrg/all/function/internal_message.html?_=1644542027132&CODE_STATE=getMsg HTTP/1.1" 200 27
114.86.225.240 - - [11/Feb/2022:09:13:50 +0800] "GET /xingrg/all/function/internal_message.html?_=1644542029617&CODE_STATE=getMsg HTTP/1.1" 200 27
222.70.243.96 - - [11/Feb/2022:09:13:56 +0800] "GET /xingrg/all/function/internal_message.html?_=1644542049205&CODE_STATE=getMsg HTTP/1.1" 302 -
222.70.179.43 - - [11/Feb/2022:09:13:56 +0800] "GET /xingrg/all/function/internal_message.html?_=1644542031811&CODE_STATE=getMsg HTTP/1.1" 200 27
124.79.79.90 - - [11/Feb/2022:09:14:04 +0800] "GET /xingrg/all/function/internal_message.html?_=1644542042293&CODE_STATE=getMsg HTTP/1.1" 200 27
124.79.79.90 - - [11/Feb/2022:09:14:04 +0800] "GET /xingrg/check_reg.html?_=1644542042296 HTTP/1.1" 200 22
114.83.217.174 - - [11/Feb/2022:09:14:04 +0800] "GET /xingrg/all/function/internal_message.html?_=1644542040742&CODE_STATE=getMsg HTTP/1.1" 200 27
120.253.135.82 - - [11/Feb/2022:09:14:14 +0800] "GET /xingrg/all/function/internal_message.html?_=1644542049684&CODE_STATE=getMsg HTTP/1.1" 200 27
58.40.7.146 - - [11/Feb/2022:09:14:16 +0800] "GET /xingrg/all/function/internal_message.html?_=1644542053807&CODE_STATE=getMsg HTTP/1.1" 200 27
222.70.179.43 - - [11/Feb/2022:09:14:17 +0800] "POST /xingrg/kc/buy/cgsh_order_operate.html HTTP/1.1" 200 37
114.83.217.174 - - [11/Feb/2022:09:14:19 +0800] "GET /xingrg/javascript/jquery_tools/images/prev.gif HTTP/1.1" 404 1086
114.83.217.174 - - [11/Feb/2022:09:14:19 +0800] "GET /xingrg/javascript/jquery_tools/images/next.gif HTTP/1.1" 404 1086
222.70.179.43 - - [11/Feb/2022:09:14:19 +0800] "POST /xingrg/kc/buy/cgsh_order_operate.html HTTP/1.1" 200 3851
222.70.179.43 - - [11/Feb/2022:09:14:21 +0800] "GET /xingrg/kc/print/load_data.html?order_code=212022021102142&kc_code=cgsh&condition= HTTP/1.1" 200 1179
120.253.135.82 - - [11/Feb/2022:09:14:24 +0800] "GET /xingrg/all/function/internal_message.html?_=1644542192756&CODE_STATE=getMsg HTTP/1.1" 200 27
114.83.217.174 - - [11/Feb/2022:09:14:27 +0800] "GET /xingrg/kc/buy/cgsh_order_operate.html?command=get_materiel&rest_code=00149&code=00101008323&supplier_code=00100005&order_time=2022-02-11 HTTP/1.1" 200 428
222.70.243.96 - - [11/Feb/2022:09:14:31 +0800] "GET /xingrg/all/function/internal_message.html?_=1644542086046&CODE_STATE=getMsg HTTP/1.1" 200 27
58.221.95.50 - - [11/Feb/2022:09:14:34 +0800] "GET /xingrg/check_reg.html?_=1644542071772 HTTP/1.1" 302 -
114.83.217.174 - - [11/Feb/2022:09:14:35 +0800] "GET /xingrg/kc/buy/cgsh_order_operate.html?command=get_materiel&rest_code=00149&code=00101008302&supplier_code=00100005&order_time=2022-02-11 HTTP/1.1" 200 432
222.70.223.103 - - [11/Feb/2022:09:14:36 +0800] "GET /xingrg/all/function/internal_message.html?_=1644542072231&CODE_STATE=getMsg HTTP/1.1" 200 27
114.83.217.174 - - [11/Feb/2022:09:14:47 +0800] "GET /xingrg/kc/buy/cgsh_order_operate.html?command=get_materiel&rest_code=00149&code=00101008027&supplier_code=00100005&order_time=2022-02-11 HTTP/1.1" 200 428
222.70.179.43 - - [11/Feb/2022:09:14:48 +0800] "GET /xingrg/kc/buy/cgsh_order_add.html HTTP/1.1" 200 65472
58.39.168.32 - - [11/Feb/2022:09:14:48 +0800] "GET /xingrg/all/function/internal_message.html?_=1644542087132&CODE_STATE=getMsg HTTP/1.1" 200 27
58.39.168.32 - - [11/Feb/2022:09:14:48 +0800] "GET /xingrg/check_reg.html?_=1644542087136 HTTP/1.1" 200 22
222.70.179.43 - - [11/Feb/2022:09:14:49 +0800] "POST /xingrg/kc/buy/cgsh_order_operate.html HTTP/1.1" 200 8245
222.70.179.43 - - [11/Feb/2022:09:14:49 +0800] "GET /xingrg/javascript/easyui/themes/default/validatebox.css HTTP/1.1" 404 1104
114.86.225.240 - - [11/Feb/2022:09:14:50 +0800] "GET /xingrg/all/function/internal_message.html?_=1644542089619&CODE_STATE=getMsg HTTP/1.1" 200 27
114.83.217.174 - - [11/Feb/2022:09:14:54 +0800] "GET /xingrg/kc/buy/cgsh_order_operate.html?command=get_materiel&rest_code=00149&code=00101008055&supplier_code=00100005&order_time=2022-02-11 HTTP/1.1" 200 429
222.70.243.96 - - [11/Feb/2022:09:14:56 +0800] "GET /xingrg/all/function/internal_message.html?_=1644542109207&CODE_STATE=getMsg HTTP/1.1" 302 -
222.70.179.43 - - [11/Feb/2022:09:14:56 +0800] "GET /xingrg/all/function/internal_message.html?_=1644542091827&CODE_STATE=getMsg HTTP/1.1" 200 27
114.83.217.174 - - [11/Feb/2022:09:15:01 +0800] "GET /xingrg/kc/buy/cgsh_order_operate.html?command=get_materiel&rest_code=00149&code=00101008156&supplier_code=00100005&order_time=2022-02-11 HTTP/1.1" 200 434
222.70.179.43 - - [11/Feb/2022:09:15:03 +0800] "GET /xingrg/kc/buy/cgsh_order_operate.html?command=get_materiel&rest_code=00111&code=00101008261&supplier_code=00100005&order_time=2022-02-11 HTTP/1.1" 200 408
124.79.79.90 - - [11/Feb/2022:09:15:04 +0800] "GET /xingrg/all/function/internal_message.html?_=1644542102298&CODE_STATE=getMsg HTTP/1.1" 200 27
114.83.217.174 - - [11/Feb/2022:09:15:04 +0800] "GET /xingrg/all/function/internal_message.html?_=1644542100742&CODE_STATE=getMsg HTTP/1.1" 200 27
120.253.135.82 - - [11/Feb/2022:09:15:14 +0800] "GET /xingrg/all/function/internal_message.html?_=1644542109720&CODE_STATE=getMsg HTTP/1.1" 200 27
58.40.7.146 - - [11/Feb/2022:09:15:16 +0800] "GET /xingrg/all/function/internal_message.html?_=1644542113809&CODE_STATE=getMsg HTTP/1.1" 200 27
222.70.179.43 - - [11/Feb/2022:09:15:22 +0800] "GET /xingrg/kc/buy/cgsh_order_operate.html?command=get_materiel&rest_code=00111&code=00101008072&supplier_code=00100005&order_time=2022-02-11 HTTP/1.1" 200 408
120.253.135.82 - - [11/Feb/2022:09:15:24 +0800] "GET /xingrg/all/function/internal_message.html?_=1644542252848&CODE_STATE=getMsg HTTP/1.1" 200 27
222.70.243.96 - - [11/Feb/2022:09:15:31 +0800] "GET /xingrg/all/function/internal_message.html?_=1644542146054&CODE_STATE=getMsg HTTP/1.1" 200 27
222.70.179.43 - - [11/Feb/2022:09:15:32 +0800] "GET /xingrg/kc/buy/cgsh_order_operate.html?command=get_materiel&rest_code=00111&code=00101008358&supplier_code=00100005&order_time=2022-02-11 HTTP/1.1" 200 432
222.70.223.103 - - [11/Feb/2022:09:15:36 +0800] "GET /xingrg/all/function/internal_message.html?_=1644542132212&CODE_STATE=getMsg HTTP/1.1" 200 27
222.70.179.43 - - [11/Feb/2022:09:15:41 +0800] "GET /xingrg/kc/buy/cgsh_order_operate.html?command=get_materiel&rest_code=00111&code=00101008126&supplier_code=00100005&order_time=2022-02-11 HTTP/1.1" 200 412
58.39.168.32 - - [11/Feb/2022:09:15:48 +0800] "GET /xingrg/all/function/internal_message.html?_=1644542147144&CODE_STATE=getMsg HTTP/1.1" 200 27
114.86.225.240 - - [11/Feb/2022:09:15:50 +0800] "GET /xingrg/all/function/internal_message.html?_=1644542149629&CODE_STATE=getMsg HTTP/1.1" 200 27
114.86.225.240 - - [11/Feb/2022:09:15:50 +0800] "GET /xingrg/check_reg.html?_=1644542149630 HTTP/1.1" 200 22
222.70.179.43 - - [11/Feb/2022:09:15:54 +0800] "GET /xingrg/kc/buy/cgsh_order_operate.html?command=get_materiel&rest_code=00111&code=00101008087&supplier_code=00100005&order_time=2022-02-11 HTTP/1.1" 200 412
114.83.217.174 - - [11/Feb/2022:09:15:54 +0800] "GET /xingrg/kc/buy/cgsh_order_operate.html?command=get_materiel&rest_code=00149&code=00101008350&supplier_code=00100005&order_time=2022-02-11 HTTP/1.1" 200 428
222.70.243.96 - - [11/Feb/2022:09:15:56 +0800] "GET /xingrg/all/function/internal_message.html?_=1644542169233&CODE_STATE=getMsg HTTP/1.1" 302 -
222.70.179.43 - - [11/Feb/2022:09:15:56 +0800] "GET /xingrg/all/function/internal_message.html?_=1644542151820&CODE_STATE=getMsg HTTP/1.1" 200 27
124.79.79.90 - - [11/Feb/2022:09:16:04 +0800] "GET /xingrg/all/function/internal_message.html?_=1644542162301&CODE_STATE=getMsg HTTP/1.1" 200 27
114.83.217.174 - - [11/Feb/2022:09:16:04 +0800] "GET /xingrg/kc/buy/cgsh_order_operate.html?command=get_materiel&rest_code=00149&code=00101008354&supplier_code=00100005&order_time=2022-02-11 HTTP/1.1" 200 431
114.83.217.174 - - [11/Feb/2022:09:16:04 +0800] "GET /xingrg/all/function/internal_message.html?_=1644542160753&CODE_STATE=getMsg HTTP/1.1" 200 27
222.70.179.43 - - [11/Feb/2022:09:16:05 +0800] "GET /xingrg/kc/buy/cgsh_order_operate.html?command=get_materiel&rest_code=00111&code=00101008096&supplier_code=00100005&order_time=2022-02-11 HTTP/1.1" 200 432
114.83.217.174 - - [11/Feb/2022:09:16:14 +0800] "GET /xingrg/kc/buy/cgsh_order_operate.html?command=get_materiel&rest_code=00149&code=00101008351&supplier_code=00100005&order_time=2022-02-11 HTTP/1.1" 200 427
120.253.135.82 - - [11/Feb/2022:09:16:14 +0800] "GET /xingrg/all/function/internal_message.html?_=1644542169726&CODE_STATE=getMsg HTTP/1.1" 200 27
222.70.179.43 - - [11/Feb/2022:09:16:15 +0800] "GET /xingrg/kc/buy/cgsh_order_operate.html?command=get_materiel&rest_code=00111&code=00101008283&supplier_code=00100005&order_time=2022-02-11 HTTP/1.1" 200 427
58.40.7.146 - - [11/Feb/2022:09:16:16 +0800] "GET /xingrg/all/function/internal_message.html?_=1644542173812&CODE_STATE=getMsg HTTP/1.1" 200 27
114.83.217.174 - - [11/Feb/2022:09:16:22 +0800] "GET /xingrg/kc/buy/cgsh_order_operate.html?command=get_materiel&rest_code=00149&code=00101008096&supplier_code=00100005&order_time=2022-02-11 HTTP/1.1" 200 431
222.70.179.43 - - [11/Feb/2022:09:16:24 +0800] "GET /xingrg/kc/buy/cgsh_order_operate.html?command=get_materiel&rest_code=00111&code=00101008027&supplier_code=00100005&order_time=2022-02-11 HTTP/1.1" 200 428
120.253.135.82 - - [11/Feb/2022:09:16:24 +0800] "GET /xingrg/all/function/internal_message.html?_=1644542312862&CODE_STATE=getMsg HTTP/1.1" 200 27
222.70.243.96 - - [11/Feb/2022:09:16:29 +0800] "GET /xingrg/check_reg.html?_=1644542204700 HTTP/1.1" 200 22
222.70.243.96 - - [11/Feb/2022:09:16:31 +0800] "GET /xingrg/all/function/internal_message.html?_=1644542206068&CODE_STATE=getMsg HTTP/1.1" 200 27
222.70.223.103 - - [11/Feb/2022:09:16:36 +0800] "GET /xingrg/all/function/internal_message.html?_=1644542192205&CODE_STATE=getMsg HTTP/1.1" 200 27
222.70.179.43 - - [11/Feb/2022:09:16:36 +0800] "GET /xingrg/kc/buy/cgsh_order_operate.html?command=get_materiel&rest_code=00111&code=00101008370&supplier_code=00100005&order_time=2022-02-11 HTTP/1.1" 200 433
222.70.179.43 - - [11/Feb/2022:09:16:48 +0800] "GET /xingrg/kc/buy/cgsh_order_operate.html?command=get_materiel&rest_code=00111&code=00101008251&supplier_code=00100005&order_time=2022-02-11 HTTP/1.1" 200 428
58.39.168.32 - - [11/Feb/2022:09:16:48 +0800] "GET /xingrg/all/function/internal_message.html?_=1644542207144&CODE_STATE=getMsg HTTP/1.1" 200 27
114.86.225.240 - - [11/Feb/2022:09:16:50 +0800] "GET /xingrg/all/function/internal_message.html?_=1644542209624&CODE_STATE=getMsg HTTP/1.1" 200 27
222.70.223.103 - - [11/Feb/2022:09:16:51 +0800] "GET /xingrg/check_reg.html?_=1644542207324 HTTP/1.1" 200 22
222.70.243.96 - - [11/Feb/2022:09:16:56 +0800] "GET /xingrg/all/function/internal_message.html?_=1644542229249&CODE_STATE=getMsg HTTP/1.1" 302 -
222.70.179.43 - - [11/Feb/2022:09:16:56 +0800] "GET /xingrg/all/function/internal_message.html?_=1644542211829&CODE_STATE=getMsg HTTP/1.1" 200 27
222.70.179.43 - - [11/Feb/2022:09:17:00 +0800] "GET /xingrg/kc/buy/cgsh_order_operate.html?command=get_materiel&rest_code=00111&code=00101008357&supplier_code=00100005&order_time=2022-02-11 HTTP/1.1" 200 428
124.79.79.90 - - [11/Feb/2022:09:17:04 +0800] "GET /xingrg/all/function/internal_message.html?_=1644542222288&CODE_STATE=getMsg HTTP/1.1" 200 27
114.83.217.174 - - [11/Feb/2022:09:17:04 +0800] "GET /xingrg/check_reg.html?_=1644542220749 HTTP/1.1" 200 22
114.83.217.174 - - [11/Feb/2022:09:17:04 +0800] "GET /xingrg/all/function/internal_message.html?_=1644542220753&CODE_STATE=getMsg HTTP/1.1" 200 27
114.83.217.174 - - [11/Feb/2022:09:17:05 +0800] "GET /xingrg/kc/buy/cgsh_order_operate.html?command=get_materiel&rest_code=00149&code=00101008358&supplier_code=00100005&order_time=2022-02-11 HTTP/1.1" 200 432
114.83.217.174 - - [11/Feb/2022:09:17:13 +0800] "GET /xingrg/kc/buy/cgsh_order_operate.html?command=get_materiel&rest_code=00149&code=00101008163&supplier_code=00100005&order_time=2022-02-11 HTTP/1.1" 200 429
120.253.135.82 - - [11/Feb/2022:09:17:14 +0800] "GET /xingrg/check_reg.html?_=1644542229358 HTTP/1.1" 200 22
120.253.135.82 - - [11/Feb/2022:09:17:14 +0800] "GET /xingrg/all/function/internal_message.html?_=1644542229741&CODE_STATE=getMsg HTTP/1.1" 200 27
58.40.7.146 - - [11/Feb/2022:09:17:16 +0800] "GET /xingrg/all/function/internal_message.html?_=1644542233814&CODE_STATE=getMsg HTTP/1.1" 200 27
120.253.135.82 - - [11/Feb/2022:09:17:23 +0800] "GET /xingrg/check_reg.html?_=1644542371279 HTTP/1.1" 200 22
120.253.135.82 - - [11/Feb/2022:09:17:24 +0800] "GET /xingrg/all/function/internal_message.html?_=1644542372874&CODE_STATE=getMsg HTTP/1.1" 200 27
222.70.243.96 - - [11/Feb/2022:09:17:25 +0800] "GET /xingrg/check_reg.html?_=1644542258169 HTTP/1.1" 302 -
114.83.217.174 - - [11/Feb/2022:09:17:26 +0800] "GET /xingrg/kc/buy/cgsh_order_operate.html?command=get_materiel&rest_code=00149&code=00101008190&supplier_code=00100005&order_time=2022-02-11 HTTP/1.1" 200 432
222.70.179.43 - - [11/Feb/2022:09:17:27 +0800] "GET /xingrg/kc/buy/cgsh_order_operate.html?command=get_materiel&rest_code=00111&code=00101008286&supplier_code=00100005&order_time=2022-02-11 HTTP/1.1" 200 428
222.70.243.96 - - [11/Feb/2022:09:17:31 +0800] "GET /xingrg/all/function/internal_message.html?_=1644542266082&CODE_STATE=getMsg HTTP/1.1" 200 27
114.83.217.174 - - [11/Feb/2022:09:17:34 +0800] "GET /xingrg/kc/buy/cgsh_order_operate.html?command=get_materiel&rest_code=00149&code=00101008370&supplier_code=00100005&order_time=2022-02-11 HTTP/1.1" 200 433
222.70.179.43 - - [11/Feb/2022:09:17:35 +0800] "GET /xingrg/kc/buy/cgsh_order_operate.html?command=get_materiel&rest_code=00111&code=00101008131&supplier_code=00100005&order_time=2022-02-11 HTTP/1.1" 200 428
222.70.223.103 - - [11/Feb/2022:09:17:36 +0800] "GET /xingrg/all/function/internal_message.html?_=1644542252189&CODE_STATE=getMsg HTTP/1.1" 200 27
114.83.217.174 - - [11/Feb/2022:09:17:44 +0800] "GET /xingrg/kc/buy/cgsh_order_operate.html?command=get_materiel&rest_code=00149&code=00101008264&supplier_code=00100005&order_time=2022-02-11 HTTP/1.1" 200 432
58.39.168.32 - - [11/Feb/2022:09:17:48 +0800] "GET /xingrg/all/function/internal_message.html?_=1644542267130&CODE_STATE=getMsg HTTP/1.1" 200 27
222.70.179.43 - - [11/Feb/2022:09:17:50 +0800] "GET /xingrg/kc/buy/cgsh_order_operate.html?command=get_materiel&rest_code=00111&code=00101008296&supplier_code=00100005&order_time=2022-02-11 HTTP/1.1" 200 437
114.86.225.240 - - [11/Feb/2022:09:17:50 +0800] "GET /xingrg/all/function/internal_message.html?_=1644542269626&CODE_STATE=getMsg HTTP/1.1" 200 27
114.83.217.174 - - [11/Feb/2022:09:17:53 +0800] "GET /xingrg/kc/buy/cgsh_order_operate.html?command=get_materiel&rest_code=00149&code=00101008024&supplier_code=00100005&order_time=2022-02-11 HTTP/1.1" 200 428
222.70.243.96 - - [11/Feb/2022:09:17:56 +0800] "GET /xingrg/all/function/internal_message.html?_=1644542289274&CODE_STATE=getMsg HTTP/1.1" 302 -
222.70.179.43 - - [11/Feb/2022:09:17:56 +0800] "GET /xingrg/check_reg.html?_=1644542271820 HTTP/1.1" 200 22
222.70.179.43 - - [11/Feb/2022:09:17:56 +0800] "GET /xingrg/all/function/internal_message.html?_=1644542271821&CODE_STATE=getMsg HTTP/1.1" 200 27
114.83.217.174 - - [11/Feb/2022:09:18:02 +0800] "GET /xingrg/kc/buy/cgsh_order_operate.html?command=get_materiel&rest_code=00149&code=00101008356&supplier_code=00100005&order_time=2022-02-11 HTTP/1.1" 200 427
124.79.79.90 - - [11/Feb/2022:09:18:04 +0800] "GET /xingrg/all/function/internal_message.html?_=1644542282292&CODE_STATE=getMsg HTTP/1.1" 200 27
114.83.217.174 - - [11/Feb/2022:09:18:04 +0800] "GET /xingrg/all/function/internal_message.html?_=1644542280757&CODE_STATE=getMsg HTTP/1.1" 200 27
222.70.179.43 - - [11/Feb/2022:09:18:05 +0800] "GET /xingrg/kc/buy/cgsh_order_operate.html?command=get_materiel&rest_code=00111&code=00101008371&supplier_code=00100005&order_time=2022-02-11 HTTP/1.1" 200 432
120.253.135.82 - - [11/Feb/2022:09:18:14 +0800] "GET /xingrg/all/function/internal_message.html?_=1644542289755&CODE_STATE=getMsg HTTP/1.1" 200 27
58.40.7.146 - - [11/Feb/2022:09:18:16 +0800] "GET /xingrg/check_reg.html?_=1644542293801 HTTP/1.1" 200 22
58.40.7.146 - - [11/Feb/2022:09:18:16 +0800] "GET /xingrg/all/function/internal_message.html?_=1644542293802&CODE_STATE=getMsg HTTP/1.1" 200 27
114.83.217.174 - - [11/Feb/2022:09:18:18 +0800] "GET /xingrg/kc/buy/cgsh_order_operate.html?command=get_materiel&rest_code=00149&code=00101008205&supplier_code=00100005&order_time=2022-02-11 HTTP/1.1" 200 432
222.70.179.43 - - [11/Feb/2022:09:18:20 +0800] "GET /xingrg/kc/buy/cgsh_order_operate.html?command=get_materiel&rest_code=00111&code=00101008098&supplier_code=00100005&order_time=2022-02-11 HTTP/1.1" 200 432
120.253.135.82 - - [11/Feb/2022:09:18:25 +0800] "GET /xingrg/all/function/internal_message.html?_=1644542432888&CODE_STATE=getMsg HTTP/1.1" 200 27
114.83.217.174 - - [11/Feb/2022:09:18:30 +0800] "GET /xingrg/kc/buy/cgsh_order_operate.html?command=get_materiel&rest_code=00149&code=00101008059&supplier_code=00100005&order_time=2022-02-11 HTTP/1.1" 200 428
222.70.243.96 - - [11/Feb/2022:09:18:31 +0800] "GET /xingrg/all/function/internal_message.html?_=1644542326096&CODE_STATE=getMsg HTTP/1.1" 200 27
114.83.217.174 - - [11/Feb/2022:09:18:32 +0800] "POST /xingrg/kc/buy/cgsh_order_operate.html HTTP/1.1" 200 2065
222.70.179.43 - - [11/Feb/2022:09:18:32 +0800] "GET /xingrg/kc/buy/cgsh_order_operate.html?command=get_materiel&rest_code=00111&code=00101008353&supplier_code=00100005&order_time=2022-02-11 HTTP/1.1" 200 429
222.70.223.103 - - [11/Feb/2022:09:18:36 +0800] "GET /xingrg/all/function/internal_message.html?_=1644542312175&CODE_STATE=getMsg HTTP/1.1" 200 27
114.83.217.174 - - [11/Feb/2022:09:18:37 +0800] "GET /xingrg/kc/buy/cgsh_order_operate.html?command=get_materiel&rest_code=00149&code=00101008077&supplier_code=00100005&order_time=2022-02-11 HTTP/1.1" 200 437
114.83.217.174 - - [11/Feb/2022:09:18:44 +0800] "GET /xingrg/kc/buy/cgsh_order_operate.html?command=get_materiel&rest_code=00149&code=00101008223&supplier_code=00100005&order_time=2022-02-11 HTTP/1.1" 200 432
222.70.179.43 - - [11/Feb/2022:09:18:44 +0800] "GET /xingrg/kc/buy/cgsh_order_operate.html?command=get_materiel&rest_code=00111&code=00101008291&supplier_code=00100005&order_time=2022-02-11 HTTP/1.1" 200 428
58.39.168.32 - - [11/Feb/2022:09:18:48 +0800] "GET /xingrg/all/function/internal_message.html?_=1644542327132&CODE_STATE=getMsg HTTP/1.1" 200 27
114.86.225.240 - - [11/Feb/2022:09:18:50 +0800] "GET /xingrg/all/function/internal_message.html?_=1644542329628&CODE_STATE=getMsg HTTP/1.1" 200 27
222.70.243.96 - - [11/Feb/2022:09:18:56 +0800] "GET /xingrg/all/function/internal_message.html?_=1644542349277&CODE_STATE=getMsg HTTP/1.1" 302 -
222.70.179.43 - - [11/Feb/2022:09:18:56 +0800] "GET /xingrg/all/function/internal_message.html?_=1644542331830&CODE_STATE=getMsg HTTP/1.1" 200 27
124.79.79.90 - - [11/Feb/2022:09:19:04 +0800] "GET /xingrg/all/function/internal_message.html?_=1644542342295&CODE_STATE=getMsg HTTP/1.1" 200 27
124.79.79.90 - - [11/Feb/2022:09:19:04 +0800] "GET /xingrg/check_reg.html?_=1644542342298 HTTP/1.1" 200 22
222.70.179.43 - - [11/Feb/2022:09:19:04 +0800] "GET /xingrg/kc/buy/cgsh_order_operate.html?command=get_materiel&rest_code=00111&code=00101008298&supplier_code=00100005&order_time=2022-02-11 HTTP/1.1" 200 433
114.83.217.174 - - [11/Feb/2022:09:19:04 +0800] "GET /xingrg/all/function/internal_message.html?_=1644542340759&CODE_STATE=getMsg HTTP/1.1" 200 27
222.70.179.43 - - [11/Feb/2022:09:19:13 +0800] "GET /xingrg/kc/buy/cgsh_order_operate.html?command=get_materiel&rest_code=00111&code=00101008125&supplier_code=00100005&order_time=2022-02-11 HTTP/1.1" 200 432
120.253.135.82 - - [11/Feb/2022:09:19:14 +0800] "GET /xingrg/all/function/internal_message.html?_=1644542349768&CODE_STATE=getMsg HTTP/1.1" 200 27
114.83.217.174 - - [11/Feb/2022:09:19:15 +0800] "GET /xingrg/kc/buy/cgsh_order_operate.html?command=get_materiel&rest_code=00149&code=00101008286&supplier_code=00100005&order_time=2022-02-11 HTTP/1.1" 200 428
58.40.7.146 - - [11/Feb/2022:09:19:16 +0800] "GET /xingrg/all/function/internal_message.html?_=1644542353818&CODE_STATE=getMsg HTTP/1.1" 200 27
114.83.217.174 - - [11/Feb/2022:09:19:24 +0800] "GET /xingrg/kc/buy/cgsh_order_operate.html?command=get_materiel&rest_code=00149&code=00101008036&supplier_code=00100005&order_time=2022-02-11 HTTP/1.1" 200 429
120.253.135.82 - - [11/Feb/2022:09:19:25 +0800] "GET /xingrg/all/function/internal_message.html?_=1644542492903&CODE_STATE=getMsg HTTP/1.1" 200 27
222.70.243.96 - - [11/Feb/2022:09:19:31 +0800] "GET /xingrg/all/function/internal_message.html?_=1644542386113&CODE_STATE=getMsg HTTP/1.1" 200 27
58.221.95.50 - - [11/Feb/2022:09:19:34 +0800] "GET /xingrg/check_reg.html?_=1644542371757 HTTP/1.1" 302 -
222.70.179.43 - - [11/Feb/2022:09:19:35 +0800] "GET /xingrg/kc/buy/cgsh_order_operate.html?command=get_materiel&rest_code=00111&code=00101008163&supplier_code=00100005&order_time=2022-02-11 HTTP/1.1" 200 429
222.70.223.103 - - [11/Feb/2022:09:19:36 +0800] "GET /xingrg/all/function/internal_message.html?_=1644542372161&CODE_STATE=getMsg HTTP/1.1" 200 27
114.83.217.174 - - [11/Feb/2022:09:19:39 +0800] "POST /xingrg/kc/buy/cgsh_order_operate.html HTTP/1.1" 200 2065
222.70.179.43 - - [11/Feb/2022:09:19:42 +0800] "POST /xingrg/kc/buy/cgsh_order_operate.html HTTP/1.1" 200 2065
114.83.217.174 - - [11/Feb/2022:09:19:45 +0800] "GET /xingrg/kc/buy/cgsh_order_operate.html?command=get_materiel&rest_code=00149&code=00101008131&supplier_code=00100005&order_time=2022-02-11 HTTP/1.1" 200 428
58.39.168.32 - - [11/Feb/2022:09:19:48 +0800] "GET /xingrg/all/function/internal_message.html?_=1644542387132&CODE_STATE=getMsg HTTP/1.1" 200 27
58.39.168.32 - - [11/Feb/2022:09:19:48 +0800] "GET /xingrg/check_reg.html?_=1644542387135 HTTP/1.1" 200 22
114.86.225.240 - - [11/Feb/2022:09:19:50 +0800] "GET /xingrg/all/function/internal_message.html?_=1644542389631&CODE_STATE=getMsg HTTP/1.1" 200 27
222.70.179.43 - - [11/Feb/2022:09:19:53 +0800] "GET /xingrg/kc/buy/cgsh_order_operate.html?command=get_materiel&rest_code=00111&code=00101008141&supplier_code=00100005&order_time=2022-02-11 HTTP/1.1" 200 432
114.83.217.174 - - [11/Feb/2022:09:19:54 +0800] "GET /xingrg/kc/buy/cgsh_order_operate.html?command=get_materiel&rest_code=00149&code=00101008296&supplier_code=00100005&order_time=2022-02-11 HTTP/1.1" 200 437
222.70.243.96 - - [11/Feb/2022:09:19:56 +0800] "GET /xingrg/all/function/internal_message.html?_=1644542409303&CODE_STATE=getMsg HTTP/1.1" 302 -
222.70.179.43 - - [11/Feb/2022:09:19:56 +0800] "GET /xingrg/all/function/internal_message.html?_=1644542391827&CODE_STATE=getMsg HTTP/1.1" 200 27
114.83.217.174 - - [11/Feb/2022:09:20:03 +0800] "GET /xingrg/kc/buy/cgsh_order_operate.html?command=get_materiel&rest_code=00149&code=00101008318&supplier_code=00100005&order_time=2022-02-11 HTTP/1.1" 200 428
124.79.79.90 - - [11/Feb/2022:09:20:04 +0800] "GET /xingrg/all/function/internal_message.html?_=1644542402300&CODE_STATE=getMsg HTTP/1.1" 200 27
114.83.217.174 - - [11/Feb/2022:09:20:04 +0800] "GET /xingrg/all/function/internal_message.html?_=1644542400759&CODE_STATE=getMsg HTTP/1.1" 200 27
222.70.179.43 - - [11/Feb/2022:09:20:07 +0800] "GET /xingrg/kc/buy/cgsh_order_operate.html?command=get_materiel&rest_code=00111&code=00101008372&supplier_code=00100005&order_time=2022-02-11 HTTP/1.1" 200 428
120.253.135.82 - - [11/Feb/2022:09:20:15 +0800] "GET /xingrg/all/function/internal_message.html?_=1644542409809&CODE_STATE=getMsg HTTP/1.1" 200 27
58.40.7.146 - - [11/Feb/2022:09:20:16 +0800] "GET /xingrg/all/function/internal_message.html?_=1644542413804&CODE_STATE=getMsg HTTP/1.1" 200 27
114.83.217.174 - - [11/Feb/2022:09:20:17 +0800] "GET /xingrg/kc/buy/cgsh_order_operate.html?command=get_materiel&rest_code=00149&code=00101008352&supplier_code=00100005&order_time=2022-02-11 HTTP/1.1" 200 432
222.70.179.43 - - [11/Feb/2022:09:20:19 +0800] "GET /xingrg/kc/buy/cgsh_order_operate.html?command=get_materiel&rest_code=00111&code=00101008264&supplier_code=00100005&order_time=2022-02-11 HTTP/1.1" 200 432
120.253.135.82 - - [11/Feb/2022:09:20:25 +0800] "GET /xingrg/all/function/internal_message.html?_=1644542552982&CODE_STATE=getMsg HTTP/1.1" 200 27
222.70.179.43 - - [11/Feb/2022:09:20:28 +0800] "GET /xingrg/kc/buy/cgsh_order_operate.html?command=get_materiel&rest_code=00111&code=00101009030&supplier_code=00100005&order_time=2022-02-11 HTTP/1.1" 200 431
114.83.217.174 - - [11/Feb/2022:09:20:28 +0800] "GET /xingrg/kc/buy/cgsh_order_operate.html?command=get_materiel&rest_code=00149&code=00101008098&supplier_code=00100005&order_time=2022-02-11 HTTP/1.1" 200 432
114.83.217.174 - - [11/Feb/2022:09:20:30 +0800] "POST /xingrg/kc/buy/cgsh_order_operate.html HTTP/1.1" 200 2065
222.70.243.96 - - [11/Feb/2022:09:20:31 +0800] "GET /xingrg/all/function/internal_message.html?_=1644542446123&CODE_STATE=getMsg HTTP/1.1" 200 27
222.70.223.103 - - [11/Feb/2022:09:20:36 +0800] "GET /xingrg/all/function/internal_message.html?_=1644542432145&CODE_STATE=getMsg HTTP/1.1" 200 27
114.83.217.174 - - [11/Feb/2022:09:20:36 +0800] "GET /xingrg/kc/buy/cgsh_order_operate.html?command=get_materiel&rest_code=00149&code=00101008353&supplier_code=00100005&order_time=2022-02-11 HTTP/1.1" 200 429
116.239.131.195 - - [11/Feb/2022:09:20:37 +0800] "GET /favicon.ico HTTP/1.1" 404 -
116.239.131.195 - - [11/Feb/2022:09:20:38 +0800] "GET /favicon.ico HTTP/1.1" 404 -
116.239.131.195 - - [11/Feb/2022:09:20:38 +0800] "GET /favicon.ico HTTP/1.1" 404 -
222.70.179.43 - - [11/Feb/2022:09:20:39 +0800] "GET /xingrg/kc/buy/cgsh_order_operate.html?command=get_materiel&rest_code=00111&code=00101008300&supplier_code=00100005&order_time=2022-02-11 HTTP/1.1" 200 432
116.239.131.195 - - [11/Feb/2022:09:20:40 +0800] "GET /xingrg/login.html HTTP/1.1" 200 7641
116.239.131.195 - - [11/Feb/2022:09:20:41 +0800] "GET /xingrg/images/blue/jxLogo.png HTTP/1.1" 304 -
116.239.131.195 - - [11/Feb/2022:09:20:41 +0800] "GET /xingrg/images/blue/login_bg.png HTTP/1.1" 304 -
116.239.131.195 - - [11/Feb/2022:09:20:41 +0800] "GET /xingrg/images/blue/hj.png HTTP/1.1" 304 -
116.239.131.195 - - [11/Feb/2022:09:20:42 +0800] "GET /xingrg/images/blue/srbg.png HTTP/1.1" 304 -
222.70.179.43 - - [11/Feb/2022:09:20:42 +0800] "POST /xingrg/kc/buy/cgsh_order_operate.html HTTP/1.1" 200 2065
116.239.131.195 - - [11/Feb/2022:09:20:42 +0800] "GET /favicon.ico HTTP/1.1" 404 -
114.83.217.174 - - [11/Feb/2022:09:20:45 +0800] "GET /xingrg/kc/buy/cgsh_order_operate.html?command=get_materiel&rest_code=00149&code=00101008213&supplier_code=00100005&order_time=2022-02-11 HTTP/1.1" 200 432
116.239.131.195 - - [11/Feb/2022:09:20:46 +0800] "POST /xingrg/login.do HTTP/1.1" 302 -
116.239.131.195 - - [11/Feb/2022:09:20:46 +0800] "GET /xingrg/index.html?sysBaseUrl=http%3A%2F%2F180.169.147.146%3A18081%2Fxingrg%2F&costTime=39×tamp=1644542446391 HTTP/1.1" 200 17173
116.239.131.195 - - [11/Feb/2022:09:20:46 +0800] "GET /xingrg/javascript/jquery_easy_ui/themes/default/easyui.css HTTP/1.1" 304 -
116.239.131.195 - - [11/Feb/2022:09:20:46 +0800] "GET /xingrg/javascript/jquery_easy_ui/themes/icon.css HTTP/1.1" 304 -
116.239.131.195 - - [11/Feb/2022:09:20:46 +0800] "GET /xingrg/css/form.css HTTP/1.1" 304 -
116.239.131.195 - - [11/Feb/2022:09:20:46 +0800] "GET /xingrg/javascript/jquery-1.4.2.min.js HTTP/1.1" 304 -
116.239.131.195 - - [11/Feb/2022:09:20:46 +0800] "GET /xingrg/javascript/jquery_easy_ui/easyui-lang-zh_CN.js HTTP/1.1" 304 -
116.239.131.195 - - [11/Feb/2022:09:20:46 +0800] "GET /xingrg/javascript/jquery.form.js HTTP/1.1" 304 -
116.239.131.195 - - [11/Feb/2022:09:20:46 +0800] "GET /xingrg/javascript/jquery_easy_ui/jquery.easyui.min.js HTTP/1.1" 304 -
116.239.131.195 - - [11/Feb/2022:09:20:46 +0800] "GET /xingrg/javascript/jquery.utils.js HTTP/1.1" 304 -
116.239.131.195 - - [11/Feb/2022:09:20:46 +0800] "GET /xingrg/javascript/jquery.timers.js HTTP/1.1" 304 -
116.239.131.195 - - [11/Feb/2022:09:20:46 +0800] "GET /xingrg/javascript/jquery_easy_ui/themes/icons/settle_new.png HTTP/1.1" 304 -
116.239.131.195 - - [11/Feb/2022:09:20:46 +0800] "GET /xingrg/images/blue/navBackgound.jpg HTTP/1.1" 304 -
116.239.131.195 - - [11/Feb/2022:09:20:47 +0800] "GET /xingrg/images/blue/pingpu.png HTTP/1.1" 304 -
116.239.131.195 - - [11/Feb/2022:09:20:47 +0800] "POST /xingrg/all/common/load_tree.html?tree=area_rest_tree_json&manage=1 HTTP/1.1" 200 342
116.239.131.195 - - [11/Feb/2022:09:20:47 +0800] "GET /xingrg/javascript/jquery_easy_ui/themes/default/images/tabs_leftarrow.png HTTP/1.1" 304 -
116.239.131.195 - - [11/Feb/2022:09:20:47 +0800] "GET /xingrg/javascript/jquery_easy_ui/themes/default/images/tabs_rightarrow.png HTTP/1.1" 304 -
116.239.131.195 - - [11/Feb/2022:09:20:47 +0800] "GET /xingrg/javascript/jquery_easy_ui/themes/default/images/panel_tool_collapse.gif HTTP/1.1" 304 -
116.239.131.195 - - [11/Feb/2022:09:20:47 +0800] "GET /xingrg/all/function/internal_message.html?_=1644542472580&CODE_STATE=count HTTP/1.1" 200 11
116.239.131.195 - - [11/Feb/2022:09:20:47 +0800] "GET /xingrg/check_reg.html?_=1644542472583 HTTP/1.1" 200 22
116.239.131.195 - - [11/Feb/2022:09:20:47 +0800] "POST /xingrg/load_menu.html HTTP/1.1" 200 5138
116.239.131.195 - - [11/Feb/2022:09:20:47 +0800] "GET /xingrg/javascript/jquery_easy_ui/themes/default/images/tree_arrows.gif HTTP/1.1" 304 -
116.239.131.195 - - [11/Feb/2022:09:20:48 +0800] "GET /favicon.ico HTTP/1.1" 404 -
116.239.131.195 - - [11/Feb/2022:09:20:48 +0800] "GET /xingrg/javascript/jquery_easy_ui/themes/default/images/tree_folder_open.gif HTTP/1.1" 304 -
116.239.131.195 - - [11/Feb/2022:09:20:48 +0800] "GET /xingrg/javascript/jquery_easy_ui/themes/icons/search_new.png HTTP/1.1" 304 -
116.239.131.195 - - [11/Feb/2022:09:20:48 +0800] "GET /xingrg/javascript/jquery_easy_ui/themes/default/images/tree_folder.gif HTTP/1.1" 304 -
116.239.131.195 - - [11/Feb/2022:09:20:48 +0800] "GET /xingrg/javascript/jquery_easy_ui/themes/icons/forms_new.png HTTP/1.1" 304 -
116.239.131.195 - - [11/Feb/2022:09:20:48 +0800] "GET /xingrg/javascript/jquery_easy_ui/themes/icons/storage_new.png HTTP/1.1" 304 -
116.239.131.195 - - [11/Feb/2022:09:20:48 +0800] "GET /xingrg/javascript/jquery_easy_ui/themes/default/images/tree_file.gif HTTP/1.1" 304 -
58.39.168.32 - - [11/Feb/2022:09:20:48 +0800] "GET /xingrg/all/function/internal_message.html?_=1644542447134&CODE_STATE=getMsg HTTP/1.1" 200 27
114.86.225.240 - - [11/Feb/2022:09:20:50 +0800] "GET /xingrg/all/function/internal_message.html?_=1644542449633&CODE_STATE=getMsg HTTP/1.1" 200 27
114.86.225.240 - - [11/Feb/2022:09:20:50 +0800] "GET /xingrg/check_reg.html?_=1644542449634 HTTP/1.1" 200 22
114.83.217.174 - - [11/Feb/2022:09:20:53 +0800] "GET /xingrg/kc/buy/cgsh_order_operate.html?command=get_materiel&rest_code=00149&code=00101008304&supplier_code=00100005&order_time=2022-02-11 HTTP/1.1" 200 432
222.70.243.96 - - [11/Feb/2022:09:20:56 +0800] "GET /xingrg/all/function/internal_message.html?_=1644542469303&CODE_STATE=getMsg HTTP/1.1" 302 -
222.70.179.43 - - [11/Feb/2022:09:20:56 +0800] "GET /xingrg/all/function/internal_message.html?_=1644542451817&CODE_STATE=getMsg HTTP/1.1" 200 27
222.70.179.43 - - [11/Feb/2022:09:20:56 +0800] "GET /xingrg/kc/buy/cgsh_order_operate.html?command=get_materiel&rest_code=00111&code=00101008069&supplier_code=00100005&order_time=2022-02-11 HTTP/1.1" 200 432
114.83.217.174 - - [11/Feb/2022:09:21:02 +0800] "GET /xingrg/kc/buy/cgsh_order_operate.html?command=get_materiel&rest_code=00149&code=00101008095&supplier_code=00100005&order_time=2022-02-11 HTTP/1.1" 200 431
124.79.79.90 - - [11/Feb/2022:09:21:04 +0800] "GET /xingrg/all/function/internal_message.html?_=1644542462287&CODE_STATE=getMsg HTTP/1.1" 200 27
114.83.217.174 - - [11/Feb/2022:09:21:04 +0800] "GET /xingrg/all/function/internal_message.html?_=1644542460768&CODE_STATE=getMsg HTTP/1.1" 200 27
114.83.217.174 - - [11/Feb/2022:09:21:13 +0800] "GET /xingrg/kc/buy/cgsh_order_operate.html?command=get_materiel&rest_code=00149&code=00101008110&supplier_code=00100005&order_time=2022-02-11 HTTP/1.1" 200 428
120.253.135.82 - - [11/Feb/2022:09:21:15 +0800] "GET /xingrg/all/function/internal_message.html?_=1644542469826&CODE_STATE=getMsg HTTP/1.1" 200 27
114.83.217.174 - - [11/Feb/2022:09:21:16 +0800] "POST /xingrg/kc/buy/cgsh_order_operate.html HTTP/1.1" 200 2065
58.40.7.146 - - [11/Feb/2022:09:21:16 +0800] "GET /xingrg/all/function/internal_message.html?_=1644542473808&CODE_STATE=getMsg HTTP/1.1" 200 27
222.70.179.43 - - [11/Feb/2022:09:21:20 +0800] "GET /xingrg/kc/buy/cgsh_order_operate.html?command=get_materiel&rest_code=00111&code=00101008318&supplier_code=00100005&order_time=2022-02-11 HTTP/1.1" 200 428
120.253.135.82 - - [11/Feb/2022:09:21:25 +0800] "GET /xingrg/all/function/internal_message.html?_=1644542612992&CODE_STATE=getMsg HTTP/1.1" 200 27
222.70.243.96 - - [11/Feb/2022:09:21:29 +0800] "GET /xingrg/check_reg.html?_=1644542504708 HTTP/1.1" 200 22
222.70.243.96 - - [11/Feb/2022:09:21:31 +0800] "GET /xingrg/all/function/internal_message.html?_=1644542506136&CODE_STATE=getMsg HTTP/1.1" 200 27
114.83.217.174 - - [11/Feb/2022:09:21:33 +0800] "GET /xingrg/kc/buy/cgsh_order_operate.html?command=get_materiel&rest_code=00149&code=00101008041&supplier_code=00100005&order_time=2022-02-11 HTTP/1.1" 200 427
222.70.223.103 - - [11/Feb/2022:09:21:36 +0800] "GET /xingrg/all/function/internal_message.html?_=1644542492132&CODE_STATE=getMsg HTTP/1.1" 200 27
222.70.179.43 - - [11/Feb/2022:09:21:40 +0800] "GET /xingrg/kc/buy/cgsh_order_operate.html?command=get_materiel&rest_code=00111&code=00101008213&supplier_code=00100005&order_time=2022-02-11 HTTP/1.1" 200 432
222.70.179.43 - - [11/Feb/2022:09:21:45 +0800] "POST /xingrg/kc/buy/cgsh_order_operate.html HTTP/1.1" 200 2065
116.239.131.195 - - [11/Feb/2022:09:21:47 +0800] "GET /xingrg/all/function/internal_message.html?_=1644542532589&CODE_STATE=getMsg HTTP/1.1" 200 27
58.39.168.32 - - [11/Feb/2022:09:21:48 +0800] "GET /xingrg/all/function/internal_message.html?_=1644542507134&CODE_STATE=getMsg HTTP/1.1" 200 27
116.239.131.195 - - [11/Feb/2022:09:21:49 +0800] "GET /xingrg/javascript/jquery_easy_ui/themes/default/images/tabs_close.gif HTTP/1.1" 304 -
116.239.131.195 - - [11/Feb/2022:09:21:49 +0800] "GET /xingrg/css/base.css HTTP/1.1" 304 -
116.239.131.195 - - [11/Feb/2022:09:21:49 +0800] "GET /xingrg/javascript/easyui/themes/default/easyui.css HTTP/1.1" 304 -
116.239.131.195 - - [11/Feb/2022:09:21:49 +0800] "GET /xingrg/css/site.css HTTP/1.1" 304 -
116.239.131.195 - - [11/Feb/2022:09:21:49 +0800] "GET /xingrg/javascript/jquery_tools/datebox.css HTTP/1.1" 304 -
116.239.131.195 - - [11/Feb/2022:09:21:49 +0800] "GET /xingrg/javascript/jquery_tools/fix.css HTTP/1.1" 304 -
116.239.131.195 - - [11/Feb/2022:09:21:49 +0800] "GET /xingrg/javascript/auto/jquery.autocomplete.css HTTP/1.1" 304 -
116.239.131.195 - - [11/Feb/2022:09:21:49 +0800] "GET /xingrg/javascript/easyui/themes/icon.css HTTP/1.1" 304 -
116.239.131.195 - - [11/Feb/2022:09:21:49 +0800] "GET /xingrg/kc/buy/cgsh_order_list.html HTTP/1.1" 200 49741
116.239.131.195 - - [11/Feb/2022:09:21:49 +0800] "GET /xingrg/javascript/jquery_tools/jquery.tools.table.js HTTP/1.1" 304 -
116.239.131.195 - - [11/Feb/2022:09:21:49 +0800] "GET /xingrg/javascript/jquery_tools/jquery.tools.hotkey.js HTTP/1.1" 304 -
116.239.131.195 - - [11/Feb/2022:09:21:49 +0800] "GET /xingrg/javascript/jquery_tools/list_manager.js HTTP/1.1" 304 -
116.239.131.195 - - [11/Feb/2022:09:21:49 +0800] "GET /xingrg/javascript/auto/jquery.autocomplete.js HTTP/1.1" 304 -
116.239.131.195 - - [11/Feb/2022:09:21:49 +0800] "GET /xingrg/javascript/jquery_tools/table.css HTTP/1.1" 304 -
116.239.131.195 - - [11/Feb/2022:09:21:49 +0800] "GET /xingrg/javascript/jquery_tools/jquery.tools.extend.js HTTP/1.1" 304 -
116.239.131.195 - - [11/Feb/2022:09:21:49 +0800] "GET /xingrg/javascript/jquery_tools/jquery.tools.min.js HTTP/1.1" 304 -
116.239.131.195 - - [11/Feb/2022:09:21:49 +0800] "GET /xingrg/javascript/print/LodopFuncs.js HTTP/1.1" 304 -
116.239.131.195 - - [11/Feb/2022:09:21:49 +0800] "GET /xingrg/javascript/easyui/easyloader.js HTTP/1.1" 304 -
116.239.131.195 - - [11/Feb/2022:09:21:49 +0800] "GET /xingrg/javascript/jquery.cookie.js HTTP/1.1" 304 -
114.86.225.240 - - [11/Feb/2022:09:21:50 +0800] "GET /xingrg/all/function/internal_message.html?_=1644542509634&CODE_STATE=getMsg HTTP/1.1" 200 27
116.239.131.195 - - [11/Feb/2022:09:21:51 +0800] "GET /xingrg/javascript/easyui/themes/icons/edit_add_new.png HTTP/1.1" 304 -
116.239.131.195 - - [11/Feb/2022:09:21:51 +0800] "GET /xingrg/javascript/easyui/themes/icons/cance_new.png HTTP/1.1" 304 -
116.239.131.195 - - [11/Feb/2022:09:21:51 +0800] "GET /xingrg/javascript/easyui/themes/icons/check_new.png HTTP/1.1" 304 -
116.239.131.195 - - [11/Feb/2022:09:21:51 +0800] "GET /xingrg/javascript/easyui/themes/icons/field_new.png HTTP/1.1" 304 -
116.239.131.195 - - [11/Feb/2022:09:21:51 +0800] "GET /xingrg/javascript/easyui/themes/icons/import_new.png HTTP/1.1" 304 -
116.239.131.195 - - [11/Feb/2022:09:21:51 +0800] "GET /xingrg/javascript/jquery_easy_ui/themes/icons/area.png HTTP/1.1" 304 -
