180.152.99.39 - - [10/Feb/2022:09:42:02 +0800] "GET /xingrg/javascript/jquery_tools/table.css HTTP/1.1" 304 -
180.152.99.39 - - [10/Feb/2022:09:42:02 +0800] "GET /xingrg/javascript/jquery_tools/jquery.tools.table.js HTTP/1.1" 304 -
180.152.99.39 - - [10/Feb/2022:09:42:02 +0800] "GET /xingrg/javascript/jquery_tools/jquery.tools.hotkey.js HTTP/1.1" 304 -
180.152.99.39 - - [10/Feb/2022:09:42:02 +0800] "GET /xingrg/javascript/auto/jquery.autocomplete.js HTTP/1.1" 304 -
180.152.99.39 - - [10/Feb/2022:09:42:02 +0800] "GET /xingrg/javascript/jquery_tools/list_manager.js HTTP/1.1" 304 -
180.152.99.39 - - [10/Feb/2022:09:42:02 +0800] "GET /xingrg/javascript/jquery.cookie.js HTTP/1.1" 304 -
180.152.99.39 - - [10/Feb/2022:09:42:02 +0800] "GET /xingrg/javascript/easyui/easyloader.js HTTP/1.1" 304 -
180.152.99.39 - - [10/Feb/2022:09:42:02 +0800] "GET /xingrg/javascript/print/LodopFuncs.js HTTP/1.1" 304 -
180.152.99.39 - - [10/Feb/2022:09:42:02 +0800] "GET /xingrg/kc/buy/cgsh_order_list.html HTTP/1.1" 200 49747
180.152.99.39 - - [10/Feb/2022:09:42:02 +0800] "GET /xingrg/javascript/easyui/themes/icons/check_new.png HTTP/1.1" 200 3224
180.152.99.39 - - [10/Feb/2022:09:42:02 +0800] "GET /xingrg/javascript/easyui/themes/icons/import_new.png HTTP/1.1" 200 1247
180.152.99.39 - - [10/Feb/2022:09:42:02 +0800] "GET /xingrg/javascript/easyui/themes/icons/edit_add_new.png HTTP/1.1" 200 2997
180.152.99.39 - - [10/Feb/2022:09:42:02 +0800] "GET /xingrg/javascript/easyui/themes/icons/cance_new.png HTTP/1.1" 200 3986
180.152.99.39 - - [10/Feb/2022:09:42:02 +0800] "GET /xingrg/javascript/easyui/themes/icons/field_new.png HTTP/1.1" 304 -
180.152.99.39 - - [10/Feb/2022:09:42:02 +0800] "GET /xingrg/javascript/easyui/plugins/jquery.parser.js HTTP/1.1" 304 -
180.152.99.39 - - [10/Feb/2022:09:42:02 +0800] "GET /xingrg/images/control/ajaxLoader.gif HTTP/1.1" 304 -
180.152.99.39 - - [10/Feb/2022:09:42:02 +0800] "GET /xingrg/javascript/jquery_easy_ui/themes/icons/area.png HTTP/1.1" 304 -
180.152.99.39 - - [10/Feb/2022:09:42:02 +0800] "GET /xingrg/javascript/jquery_easy_ui/themes/icons/rest.png HTTP/1.1" 304 -
180.152.99.39 - - [10/Feb/2022:09:42:02 +0800] "POST /xingrg/kc/buy/cgsh_list_operate.html HTTP/1.1" 200 876
114.88.155.114 - - [10/Feb/2022:09:42:07 +0800] "GET /xingrg/check_reg.html?_=1644457112501 HTTP/1.1" 302 -
58.40.7.146 - - [10/Feb/2022:09:42:15 +0800] "GET /xingrg/all/function/internal_message.html?_=1644457333214&CODE_STATE=getMsg HTTP/1.1" 200 27
120.253.135.82 - - [10/Feb/2022:09:42:20 +0800] "GET /xingrg/all/function/internal_message.html?_=1644457469737&CODE_STATE=getMsg HTTP/1.1" 200 27
222.70.243.96 - - [10/Feb/2022:09:42:26 +0800] "GET /xingrg/check_reg.html?_=1644457356301 HTTP/1.1" 302 -
180.152.99.39 - - [10/Feb/2022:09:42:27 +0800] "GET /xingrg/javascript/easyui/themes/default/images/button_plain_hover.png HTTP/1.1" 304 -
180.152.99.39 - - [10/Feb/2022:09:42:27 +0800] "GET /xingrg/javascript/easyui/themes/default/images/button_plain_hover.png HTTP/1.1" 304 -
180.152.99.39 - - [10/Feb/2022:09:42:28 +0800] "GET /xingrg/javascript/easyui/themes/default/images/button_plain_hover.png HTTP/1.1" 304 -
222.70.243.96 - - [10/Feb/2022:09:42:28 +0800] "GET /xingrg/all/function/internal_message.html?_=1644457360010&CODE_STATE=getMsg HTTP/1.1" 200 27
180.152.99.39 - - [10/Feb/2022:09:42:29 +0800] "GET /xingrg/javascript/jquery_tools/order_manager.js HTTP/1.1" 304 -
180.152.99.39 - - [10/Feb/2022:09:42:29 +0800] "GET /xingrg/javascript/print/kc_print.js HTTP/1.1" 304 -
180.152.99.39 - - [10/Feb/2022:09:42:29 +0800] "GET /xingrg/javascript/pic_change.js HTTP/1.1" 304 -
180.152.99.39 - - [10/Feb/2022:09:42:29 +0800] "GET /xingrg/javascript/convert.js HTTP/1.1" 304 -
180.152.99.39 - - [10/Feb/2022:09:42:29 +0800] "GET /xingrg/javascript/json2.js HTTP/1.1" 304 -
180.152.99.39 - - [10/Feb/2022:09:42:29 +0800] "GET /xingrg/kc/buy/cgsh_order_add.html HTTP/1.1" 200 65446
180.152.99.39 - - [10/Feb/2022:09:42:29 +0800] "GET /xingrg/words/20220128115405_words.js HTTP/1.1" 304 -
180.152.99.39 - - [10/Feb/2022:09:42:29 +0800] "GET /xingrg/javascript/easyui/themes/icons/copy_new.png HTTP/1.1" 200 815
180.152.99.39 - - [10/Feb/2022:09:42:29 +0800] "GET /xingrg/javascript/easyui/themes/icons/ok.png HTTP/1.1" 200 883
180.152.99.39 - - [10/Feb/2022:09:42:29 +0800] "GET /xingrg/javascript/easyui/themes/icons/template_new.png HTTP/1.1" 200 3956
180.152.99.39 - - [10/Feb/2022:09:42:29 +0800] "GET /xingrg/javascript/easyui/themes/icons/print.png HTTP/1.1" 304 -
180.152.99.39 - - [10/Feb/2022:09:42:29 +0800] "GET /xingrg/javascript/easyui/themes/default/images/menu_downarrow.png HTTP/1.1" 304 -
180.152.99.39 - - [10/Feb/2022:09:42:29 +0800] "GET /xingrg/javascript/easyui/themes/icons/cancel.png HTTP/1.1" 200 1133
180.152.99.39 - - [10/Feb/2022:09:42:29 +0800] "POST /xingrg/kc/buy/cgsh_order_operate.html HTTP/1.1" 200 8245
180.152.99.39 - - [10/Feb/2022:09:42:29 +0800] "GET /xingrg/javascript/easyui/themes/icons/edit_remove.png HTTP/1.1" 200 625
180.152.99.39 - - [10/Feb/2022:09:42:30 +0800] "GET /xingrg/all/common/auto_word.html?type=employee&rest_code=00150 HTTP/1.1" 200 159
180.152.99.39 - - [10/Feb/2022:09:42:30 +0800] "GET /xingrg/all/common/auto_word.html?type=employee&rest_code=00150 HTTP/1.1" 200 159
180.152.99.39 - - [10/Feb/2022:09:42:30 +0800] "GET /xingrg/javascript/easyui/themes/default/validatebox.css HTTP/1.1" 404 1104
180.152.99.39 - - [10/Feb/2022:09:42:30 +0800] "GET /xingrg/javascript/easyui/plugins/jquery.validatebox.js HTTP/1.1" 304 -
180.152.99.39 - - [10/Feb/2022:09:42:30 +0800] "GET /xingrg/javascript/easyui/plugins/jquery.numberbox.js HTTP/1.1" 304 -
180.152.99.39 - - [10/Feb/2022:09:42:31 +0800] "GET /xingrg/javascript/auto/indicator.gif HTTP/1.1" 404 1066
58.39.168.32 - - [10/Feb/2022:09:42:34 +0800] "GET /xingrg/all/function/internal_message.html?_=1644457352561&CODE_STATE=getMsg HTTP/1.1" 200 27
222.70.243.96 - - [10/Feb/2022:09:42:39 +0800] "GET /xingrg/all/function/internal_message.html?_=1644457369230&CODE_STATE=getMsg HTTP/1.1" 302 -
180.152.99.39 - - [10/Feb/2022:09:42:50 +0800] "GET /xingrg/all/function/internal_message.html?_=1644457284987&CODE_STATE=getMsg HTTP/1.1" 200 27
180.152.99.39 - - [10/Feb/2022:09:42:50 +0800] "GET /xingrg/kc/buy/cgsh_order_operate.html?command=get_materiel&rest_code=00150&code=00101006111&supplier_code=00100096&order_time=2022-02-10 HTTP/1.1" 200 430
180.152.99.39 - - [10/Feb/2022:09:43:08 +0800] "GET /xingrg/kc/buy/cgsh_order_operate.html?command=get_materiel&rest_code=00150&code=00101007072&supplier_code=00100096&order_time=2022-02-10 HTTP/1.1" 200 433
58.40.7.146 - - [10/Feb/2022:09:43:15 +0800] "GET /xingrg/check_reg.html?_=1644457393216 HTTP/1.1" 200 22
58.40.7.146 - - [10/Feb/2022:09:43:15 +0800] "GET /xingrg/all/function/internal_message.html?_=1644457393217&CODE_STATE=getMsg HTTP/1.1" 200 27
120.253.135.82 - - [10/Feb/2022:09:43:20 +0800] "GET /xingrg/all/function/internal_message.html?_=1644457529750&CODE_STATE=getMsg HTTP/1.1" 200 27
222.70.243.96 - - [10/Feb/2022:09:43:28 +0800] "GET /xingrg/all/function/internal_message.html?_=1644457420130&CODE_STATE=getMsg HTTP/1.1" 200 27
58.39.168.32 - - [10/Feb/2022:09:43:34 +0800] "GET /xingrg/all/function/internal_message.html?_=1644457412562&CODE_STATE=getMsg HTTP/1.1" 200 27
222.70.243.96 - - [10/Feb/2022:09:43:39 +0800] "GET /xingrg/all/function/internal_message.html?_=1644457429251&CODE_STATE=getMsg HTTP/1.1" 302 -
180.152.99.39 - - [10/Feb/2022:09:43:46 +0800] "POST /xingrg/kc/buy/cgsh_order_operate.html HTTP/1.1" 200 37
180.152.99.39 - - [10/Feb/2022:09:43:49 +0800] "POST /xingrg/kc/buy/cgsh_order_operate.html HTTP/1.1" 200 12
180.152.99.39 - - [10/Feb/2022:09:43:52 +0800] "GET /xingrg/kc/buy/cgsh_order_info.html?code=212022021001884 HTTP/1.1" 200 60349
180.152.99.39 - - [10/Feb/2022:09:43:52 +0800] "GET /xingrg/javascript/easyui/themes/default/validatebox.css HTTP/1.1" 404 1104
180.152.99.39 - - [10/Feb/2022:09:43:53 +0800] "GET /xingrg/all/function/internal_message.html?_=1644457347950&CODE_STATE=getMsg HTTP/1.1" 200 27
180.152.99.39 - - [10/Feb/2022:09:43:53 +0800] "POST /xingrg/kc/buy/cgsh_order_operate.html HTTP/1.1" 200 1201
222.70.243.96 - - [10/Feb/2022:09:43:53 +0800] "GET /xingrg/check_reg.html?_=1644457445202 HTTP/1.1" 200 22
180.152.99.39 - - [10/Feb/2022:09:43:56 +0800] "GET /xingrg/kc/print/load_config.html?kc_code=cgsh HTTP/1.1" 200 1943
180.152.99.39 - - [10/Feb/2022:09:43:56 +0800] "GET /xingrg/kc/print/load_data.html?order_code=212022021001884&kc_code=cgsh&condition= HTTP/1.1" 200 934
180.152.99.39 - - [10/Feb/2022:09:44:10 +0800] "GET /xingrg/kc/buy/cgsh_order_add.html HTTP/1.1" 200 65446
180.152.99.39 - - [10/Feb/2022:09:44:11 +0800] "POST /xingrg/kc/buy/cgsh_order_operate.html HTTP/1.1" 200 8245
180.152.99.39 - - [10/Feb/2022:09:44:11 +0800] "GET /xingrg/javascript/easyui/themes/default/validatebox.css HTTP/1.1" 404 1104
58.40.7.146 - - [10/Feb/2022:09:44:15 +0800] "GET /xingrg/all/function/internal_message.html?_=1644457453204&CODE_STATE=getMsg HTTP/1.1" 200 27
120.253.135.82 - - [10/Feb/2022:09:44:20 +0800] "GET /xingrg/all/function/internal_message.html?_=1644457589767&CODE_STATE=getMsg HTTP/1.1" 200 27
180.152.99.39 - - [10/Feb/2022:09:44:22 +0800] "GET /xingrg/kc/buy/cgsh_order_operate.html?command=get_materiel&rest_code=00150&code=00101008027&supplier_code=00100424&order_time=2022-02-10 HTTP/1.1" 200 428
222.70.243.96 - - [10/Feb/2022:09:44:28 +0800] "GET /xingrg/all/function/internal_message.html?_=1644457480131&CODE_STATE=getMsg HTTP/1.1" 200 27
180.152.99.39 - - [10/Feb/2022:09:44:32 +0800] "GET /xingrg/kc/buy/cgsh_order_operate.html?command=get_materiel&rest_code=00150&code=00101008350&supplier_code=00100424&order_time=2022-02-10 HTTP/1.1" 200 428
58.39.168.32 - - [10/Feb/2022:09:44:34 +0800] "GET /xingrg/all/function/internal_message.html?_=1644457472563&CODE_STATE=getMsg HTTP/1.1" 200 27
58.39.168.32 - - [10/Feb/2022:09:44:34 +0800] "GET /xingrg/check_reg.html?_=1644457472565 HTTP/1.1" 200 22
222.70.243.96 - - [10/Feb/2022:09:44:39 +0800] "GET /xingrg/all/function/internal_message.html?_=1644457489257&CODE_STATE=getMsg HTTP/1.1" 302 -
180.152.99.39 - - [10/Feb/2022:09:44:39 +0800] "GET /xingrg/kc/buy/cgsh_order_operate.html?command=get_materiel&rest_code=00150&code=00101008338&supplier_code=00100424&order_time=2022-02-10 HTTP/1.1" 200 430
180.152.99.39 - - [10/Feb/2022:09:44:53 +0800] "GET /xingrg/all/function/internal_message.html?_=1644457407962&CODE_STATE=getMsg HTTP/1.1" 200 27
58.40.7.146 - - [10/Feb/2022:09:45:15 +0800] "GET /xingrg/all/function/internal_message.html?_=1644457513205&CODE_STATE=getMsg HTTP/1.1" 200 27
120.253.135.82 - - [10/Feb/2022:09:45:20 +0800] "GET /xingrg/all/function/internal_message.html?_=1644457649776&CODE_STATE=getMsg HTTP/1.1" 200 27
180.152.99.39 - - [10/Feb/2022:09:45:23 +0800] "GET /xingrg/kc/buy/cgsh_order_operate.html?command=get_materiel&rest_code=00150&code=00101008126&supplier_code=00100424&order_time=2022-02-10 HTTP/1.1" 200 412
222.70.243.96 - - [10/Feb/2022:09:45:28 +0800] "GET /xingrg/all/function/internal_message.html?_=1644457540145&CODE_STATE=getMsg HTTP/1.1" 200 27
180.152.99.39 - - [10/Feb/2022:09:45:31 +0800] "GET /xingrg/kc/buy/cgsh_order_operate.html?command=get_materiel&rest_code=00150&code=00101008361&supplier_code=00100424&order_time=2022-02-10 HTTP/1.1" 200 427
58.39.168.32 - - [10/Feb/2022:09:45:34 +0800] "GET /xingrg/all/function/internal_message.html?_=1644457532565&CODE_STATE=getMsg HTTP/1.1" 200 27
222.70.243.96 - - [10/Feb/2022:09:45:39 +0800] "GET /xingrg/all/function/internal_message.html?_=1644457549278&CODE_STATE=getMsg HTTP/1.1" 302 -
180.152.99.39 - - [10/Feb/2022:09:45:53 +0800] "GET /xingrg/all/function/internal_message.html?_=1644457467977&CODE_STATE=getMsg HTTP/1.1" 200 27
58.40.7.146 - - [10/Feb/2022:09:46:15 +0800] "GET /xingrg/all/function/internal_message.html?_=1644457573207&CODE_STATE=getMsg HTTP/1.1" 200 27
120.253.135.82 - - [10/Feb/2022:09:46:19 +0800] "GET /xingrg/check_reg.html?_=1644457709238 HTTP/1.1" 200 22
120.253.135.82 - - [10/Feb/2022:09:46:20 +0800] "GET /xingrg/all/function/internal_message.html?_=1644457709790&CODE_STATE=getMsg HTTP/1.1" 200 27
222.70.243.96 - - [10/Feb/2022:09:46:28 +0800] "GET /xingrg/all/function/internal_message.html?_=1644457600270&CODE_STATE=getMsg HTTP/1.1" 200 27
58.39.168.32 - - [10/Feb/2022:09:46:34 +0800] "GET /xingrg/all/function/internal_message.html?_=1644457592592&CODE_STATE=getMsg HTTP/1.1" 200 27
222.70.243.96 - - [10/Feb/2022:09:46:39 +0800] "GET /xingrg/all/function/internal_message.html?_=1644457609283&CODE_STATE=getMsg HTTP/1.1" 302 -
180.152.99.39 - - [10/Feb/2022:09:46:50 +0800] "GET /xingrg/check_reg.html?_=1644457524983 HTTP/1.1" 200 22
180.152.99.39 - - [10/Feb/2022:09:46:53 +0800] "GET /xingrg/all/function/internal_message.html?_=1644457527990&CODE_STATE=getMsg HTTP/1.1" 200 27
114.88.155.114 - - [10/Feb/2022:09:47:07 +0800] "GET /xingrg/check_reg.html?_=1644457412478 HTTP/1.1" 302 -
58.40.7.146 - - [10/Feb/2022:09:47:15 +0800] "GET /xingrg/all/function/internal_message.html?_=1644457633208&CODE_STATE=getMsg HTTP/1.1" 200 27
120.253.135.82 - - [10/Feb/2022:09:47:20 +0800] "GET /xingrg/all/function/internal_message.html?_=1644457769805&CODE_STATE=getMsg HTTP/1.1" 200 27
222.70.243.96 - - [10/Feb/2022:09:47:26 +0800] "GET /xingrg/check_reg.html?_=1644457656312 HTTP/1.1" 302 -
58.39.168.32 - - [10/Feb/2022:09:47:27 +0800] "POST /xingrg/services/DataTransmitService HTTP/1.1" 200 524
222.70.243.96 - - [10/Feb/2022:09:47:28 +0800] "GET /xingrg/all/function/internal_message.html?_=1644457660282&CODE_STATE=getMsg HTTP/1.1" 200 27
58.39.168.32 - - [10/Feb/2022:09:47:34 +0800] "GET /xingrg/all/function/internal_message.html?_=1644457652592&CODE_STATE=getMsg HTTP/1.1" 200 27
222.70.243.96 - - [10/Feb/2022:09:47:39 +0800] "GET /xingrg/all/function/internal_message.html?_=1644457669305&CODE_STATE=getMsg HTTP/1.1" 302 -
124.78.153.118 - - [10/Feb/2022:09:47:45 +0800] "GET /favicon.ico HTTP/1.1" 404 -
180.152.99.39 - - [10/Feb/2022:09:47:53 +0800] "GET /xingrg/all/function/internal_message.html?_=1644457588003&CODE_STATE=getMsg HTTP/1.1" 200 27
124.78.153.118 - - [10/Feb/2022:09:47:58 +0800] "GET /xingrg/login.html HTTP/1.1" 200 7641
58.40.7.146 - - [10/Feb/2022:09:48:15 +0800] "GET /xingrg/all/function/internal_message.html?_=1644457693210&CODE_STATE=getMsg HTTP/1.1" 200 27
58.40.7.146 - - [10/Feb/2022:09:48:15 +0800] "GET /xingrg/check_reg.html?_=1644457693211 HTTP/1.1" 200 22
124.78.153.118 - - [10/Feb/2022:09:48:16 +0800] "GET /favicon.ico HTTP/1.1" 404 -
120.253.135.82 - - [10/Feb/2022:09:48:20 +0800] "GET /xingrg/all/function/internal_message.html?_=1644457829817&CODE_STATE=getMsg HTTP/1.1" 200 27
222.70.243.96 - - [10/Feb/2022:09:48:28 +0800] "GET /xingrg/all/function/internal_message.html?_=1644457720399&CODE_STATE=getMsg HTTP/1.1" 200 27
58.39.168.32 - - [10/Feb/2022:09:48:34 +0800] "GET /xingrg/all/function/internal_message.html?_=1644457712593&CODE_STATE=getMsg HTTP/1.1" 200 27
222.70.243.96 - - [10/Feb/2022:09:48:39 +0800] "GET /xingrg/all/function/internal_message.html?_=1644457729311&CODE_STATE=getMsg HTTP/1.1" 302 -
124.79.79.90 - - [10/Feb/2022:09:48:40 +0800] "GET /favicon.ico HTTP/1.1" 404 -
180.152.99.39 - - [10/Feb/2022:09:48:53 +0800] "GET /xingrg/all/function/internal_message.html?_=1644457648017&CODE_STATE=getMsg HTTP/1.1" 200 27
222.70.243.96 - - [10/Feb/2022:09:48:53 +0800] "GET /xingrg/check_reg.html?_=1644457745208 HTTP/1.1" 200 22
124.78.153.118 - - [10/Feb/2022:09:48:58 +0800] "POST /xingrg/login.do HTTP/1.1" 302 -
124.78.153.118 - - [10/Feb/2022:09:48:58 +0800] "GET /xingrg/index.html?sysBaseUrl=http%3A%2F%2F180.169.147.146%3A18081%2Fxingrg%2F&costTime=39×tamp=1644457738632 HTTP/1.1" 200 17173
124.78.153.118 - - [10/Feb/2022:09:49:00 +0800] "GET /favicon.ico HTTP/1.1" 404 -
124.78.153.118 - - [10/Feb/2022:09:49:02 +0800] "POST /xingrg/all/common/load_tree.html?tree=area_rest_tree_json&manage=1 HTTP/1.1" 200 342
124.78.153.118 - - [10/Feb/2022:09:49:03 +0800] "GET /xingrg/all/function/internal_message.html?_=1644457739784&CODE_STATE=count HTTP/1.1" 200 11
124.78.153.118 - - [10/Feb/2022:09:49:03 +0800] "GET /xingrg/check_reg.html?_=1644457739786 HTTP/1.1" 200 22
124.78.153.118 - - [10/Feb/2022:09:49:03 +0800] "POST /xingrg/load_menu.html HTTP/1.1" 200 5138
124.78.153.118 - - [10/Feb/2022:09:49:07 +0800] "GET /xingrg/kc/buy/buy_main.html HTTP/1.1" 200 12412
124.78.153.118 - - [10/Feb/2022:09:49:08 +0800] "GET /xingrg/css/new_ie.css HTTP/1.1" 404 1036
124.78.153.118 - - [10/Feb/2022:09:49:08 +0800] "GET /xingrg/images/yd/bt.gif HTTP/1.1" 404 1040
124.78.153.118 - - [10/Feb/2022:09:49:09 +0800] "GET /xingrg/kc/buy/cgsh_order_list.html HTTP/1.1" 200 49741
124.78.153.118 - - [10/Feb/2022:09:49:12 +0800] "POST /xingrg/kc/buy/cgsh_list_operate.html HTTP/1.1" 200 876
58.40.7.146 - - [10/Feb/2022:09:49:15 +0800] "GET /xingrg/all/function/internal_message.html?_=1644457753213&CODE_STATE=getMsg HTTP/1.1" 200 27
124.78.153.118 - - [10/Feb/2022:09:49:20 +0800] "GET /xingrg/kc/buy/cgsh_order_add.html HTTP/1.1" 200 65557
120.253.135.82 - - [10/Feb/2022:09:49:20 +0800] "GET /xingrg/all/function/internal_message.html?_=1644457889835&CODE_STATE=getMsg HTTP/1.1" 200 27
124.78.153.118 - - [10/Feb/2022:09:49:21 +0800] "GET /xingrg/all/common/auto_word.html?type=employee&rest_code=00106 HTTP/1.1" 200 205
124.78.153.118 - - [10/Feb/2022:09:49:21 +0800] "GET /xingrg/all/common/auto_word.html?type=employee&rest_code=00106 HTTP/1.1" 200 205
124.78.153.118 - - [10/Feb/2022:09:49:21 +0800] "GET /xingrg/javascript/easyui/themes/default/validatebox.css HTTP/1.1" 404 1104
124.78.153.118 - - [10/Feb/2022:09:49:22 +0800] "POST /xingrg/kc/buy/cgsh_order_operate.html HTTP/1.1" 200 8245
222.70.243.96 - - [10/Feb/2022:09:49:28 +0800] "GET /xingrg/all/function/internal_message.html?_=1644457780403&CODE_STATE=getMsg HTTP/1.1" 200 27
124.79.79.90 - - [10/Feb/2022:09:49:30 +0800] "GET /xingrg/login.html HTTP/1.1" 200 7641
124.79.79.90 - - [10/Feb/2022:09:49:30 +0800] "GET /xingrg/images/blue/jxLogo.png HTTP/1.1" 304 -
124.79.79.90 - - [10/Feb/2022:09:49:31 +0800] "GET /xingrg/images/blue/login_bg.png HTTP/1.1" 304 -
124.79.79.90 - - [10/Feb/2022:09:49:31 +0800] "GET /xingrg/images/blue/hj.png HTTP/1.1" 304 -
124.79.79.90 - - [10/Feb/2022:09:49:31 +0800] "GET /xingrg/images/blue/srbg.png HTTP/1.1" 304 -
124.79.79.90 - - [10/Feb/2022:09:49:31 +0800] "GET /favicon.ico HTTP/1.1" 404 -
58.39.168.32 - - [10/Feb/2022:09:49:34 +0800] "GET /xingrg/all/function/internal_message.html?_=1644457772597&CODE_STATE=getMsg HTTP/1.1" 200 27
58.39.168.32 - - [10/Feb/2022:09:49:34 +0800] "GET /xingrg/check_reg.html?_=1644457772593 HTTP/1.1" 200 22
222.70.243.96 - - [10/Feb/2022:09:49:39 +0800] "GET /xingrg/all/function/internal_message.html?_=1644457789334&CODE_STATE=getMsg HTTP/1.1" 302 -
180.152.99.39 - - [10/Feb/2022:09:49:53 +0800] "GET /xingrg/all/function/internal_message.html?_=1644457708031&CODE_STATE=getMsg HTTP/1.1" 200 27
124.78.153.118 - - [10/Feb/2022:09:49:56 +0800] "GET /xingrg/javascript/easyui/themes/default/tree.css HTTP/1.1" 404 1090
124.78.153.118 - - [10/Feb/2022:09:49:56 +0800] "POST /xingrg/all/common/load_tree.html?tree=supplier_tree_json&isDelete=1 HTTP/1.1" 200 62150
124.78.153.118 - - [10/Feb/2022:09:50:03 +0800] "GET /xingrg/all/function/internal_message.html?_=1644457799805&CODE_STATE=getMsg HTTP/1.1" 200 27
124.79.79.90 - - [10/Feb/2022:09:50:05 +0800] "POST /xingrg/login.do HTTP/1.1" 302 -
124.79.79.90 - - [10/Feb/2022:09:50:05 +0800] "GET /xingrg/index.html?sysBaseUrl=http%3A%2F%2F180.169.147.146%3A18081%2Fxingrg%2F&costTime=39×tamp=1644457805354 HTTP/1.1" 200 17179
124.79.79.90 - - [10/Feb/2022:09:50:05 +0800] "GET /xingrg/javascript/jquery_easy_ui/themes/default/easyui.css HTTP/1.1" 304 -
124.79.79.90 - - [10/Feb/2022:09:50:05 +0800] "GET /xingrg/javascript/jquery_easy_ui/themes/icon.css HTTP/1.1" 304 -
124.79.79.90 - - [10/Feb/2022:09:50:06 +0800] "GET /xingrg/css/form.css HTTP/1.1" 304 -
124.79.79.90 - - [10/Feb/2022:09:50:07 +0800] "GET /xingrg/javascript/jquery-1.4.2.min.js HTTP/1.1" 304 -
124.79.79.90 - - [10/Feb/2022:09:50:07 +0800] "GET /favicon.ico HTTP/1.1" 404 -
124.79.79.90 - - [10/Feb/2022:09:50:07 +0800] "GET /xingrg/javascript/jquery_easy_ui/jquery.easyui.min.js HTTP/1.1" 304 -
124.79.79.90 - - [10/Feb/2022:09:50:07 +0800] "GET /xingrg/javascript/jquery_easy_ui/easyui-lang-zh_CN.js HTTP/1.1" 304 -
124.79.79.90 - - [10/Feb/2022:09:50:08 +0800] "GET /xingrg/javascript/jquery.form.js HTTP/1.1" 304 -
124.79.79.90 - - [10/Feb/2022:09:50:08 +0800] "GET /xingrg/javascript/jquery.utils.js HTTP/1.1" 304 -
124.79.79.90 - - [10/Feb/2022:09:50:08 +0800] "GET /xingrg/javascript/jquery.timers.js HTTP/1.1" 304 -
124.79.79.90 - - [10/Feb/2022:09:50:08 +0800] "GET /xingrg/javascript/jquery_easy_ui/themes/icons/settle_new.png HTTP/1.1" 304 -
124.79.79.90 - - [10/Feb/2022:09:50:08 +0800] "GET /xingrg/images/blue/navBackgound.jpg HTTP/1.1" 304 -
124.79.79.90 - - [10/Feb/2022:09:50:08 +0800] "POST /xingrg/all/common/load_tree.html?tree=area_rest_tree_json&manage=1 HTTP/1.1" 200 351
124.79.79.90 - - [10/Feb/2022:09:50:08 +0800] "GET /xingrg/all/function/internal_message.html?_=1644457809163&CODE_STATE=count HTTP/1.1" 200 11
124.79.79.90 - - [10/Feb/2022:09:50:08 +0800] "GET /xingrg/check_reg.html?_=1644457809163 HTTP/1.1" 200 22
124.79.79.90 - - [10/Feb/2022:09:50:08 +0800] "GET /xingrg/images/blue/pingpu.png HTTP/1.1" 304 -
124.79.79.90 - - [10/Feb/2022:09:50:08 +0800] "GET /xingrg/javascript/jquery_easy_ui/themes/default/images/tabs_leftarrow.png HTTP/1.1" 304 -
124.79.79.90 - - [10/Feb/2022:09:50:08 +0800] "GET /xingrg/javascript/jquery_easy_ui/themes/default/images/tabs_rightarrow.png HTTP/1.1" 304 -
124.79.79.90 - - [10/Feb/2022:09:50:08 +0800] "GET /xingrg/javascript/jquery_easy_ui/themes/default/images/panel_tool_collapse.gif HTTP/1.1" 304 -
124.79.79.90 - - [10/Feb/2022:09:50:08 +0800] "POST /xingrg/load_menu.html HTTP/1.1" 200 5138
124.79.79.90 - - [10/Feb/2022:09:50:09 +0800] "GET /xingrg/javascript/jquery_easy_ui/themes/default/images/tree_arrows.gif HTTP/1.1" 304 -
124.79.79.90 - - [10/Feb/2022:09:50:09 +0800] "GET /xingrg/javascript/jquery_easy_ui/themes/default/images/tree_folder_open.gif HTTP/1.1" 304 -
124.79.79.90 - - [10/Feb/2022:09:50:09 +0800] "GET /xingrg/javascript/jquery_easy_ui/themes/icons/search_new.png HTTP/1.1" 304 -
124.79.79.90 - - [10/Feb/2022:09:50:09 +0800] "GET /xingrg/javascript/jquery_easy_ui/themes/default/images/tree_folder.gif HTTP/1.1" 304 -
124.79.79.90 - - [10/Feb/2022:09:50:09 +0800] "GET /xingrg/javascript/jquery_easy_ui/themes/icons/storage_new.png HTTP/1.1" 304 -
124.79.79.90 - - [10/Feb/2022:09:50:09 +0800] "GET /xingrg/javascript/jquery_easy_ui/themes/icons/forms_new.png HTTP/1.1" 304 -
124.79.79.90 - - [10/Feb/2022:09:50:09 +0800] "GET /xingrg/javascript/jquery_easy_ui/themes/default/images/tree_file.gif HTTP/1.1" 304 -
124.79.79.90 - - [10/Feb/2022:09:50:12 +0800] "GET /xingrg/javascript/jquery_easy_ui/themes/icons/rest.png HTTP/1.1" 200 695
124.79.79.90 - - [10/Feb/2022:09:50:12 +0800] "GET /xingrg/javascript/jquery_easy_ui/themes/icons/area.png HTTP/1.1" 200 262
124.78.153.118 - - [10/Feb/2022:09:50:13 +0800] "GET /xingrg/javascript/auto/indicator.gif HTTP/1.1" 404 1066
124.79.79.90 - - [10/Feb/2022:09:50:13 +0800] "GET /xingrg/kc/base/base_main.html HTTP/1.1" 200 12142
124.79.79.90 - - [10/Feb/2022:09:50:13 +0800] "GET /xingrg/javascript/jquery_easy_ui/themes/default/images/tabs_close.gif HTTP/1.1" 304 -
124.79.79.90 - - [10/Feb/2022:09:50:14 +0800] "GET /xingrg/css/blue.css HTTP/1.1" 304 -
124.79.79.90 - - [10/Feb/2022:09:50:14 +0800] "GET /xingrg/javascript/pic_change.js HTTP/1.1" 304 -
124.79.79.90 - - [10/Feb/2022:09:50:14 +0800] "GET /xingrg/javascript/myfunction.js HTTP/1.1" 304 -
124.79.79.90 - - [10/Feb/2022:09:50:14 +0800] "GET /xingrg/images/blue/button/ckpd.gif HTTP/1.1" 200 2051
124.79.79.90 - - [10/Feb/2022:09:50:14 +0800] "GET /xingrg/images/blue/button/wlsy.gif HTTP/1.1" 200 2536
124.79.79.90 - - [10/Feb/2022:09:50:14 +0800] "GET /xingrg/images/blue/button/ckdb.gif HTTP/1.1" 200 1950
124.79.79.90 - - [10/Feb/2022:09:50:14 +0800] "GET /xingrg/images/blue/button/kc.gif HTTP/1.1" 304 -
124.79.79.90 - - [10/Feb/2022:09:50:14 +0800] "GET /xingrg/images/blue/button/yddb.gif HTTP/1.1" 200 2040
124.79.79.90 - - [10/Feb/2022:09:50:14 +0800] "GET /xingrg/images/blue/pic_form2.gif HTTP/1.1" 304 -
124.79.79.90 - - [10/Feb/2022:09:50:14 +0800] "GET /xingrg/images/blue/bg_dotted.jpg HTTP/1.1" 304 -
124.79.79.90 - - [10/Feb/2022:09:50:14 +0800] "GET /xingrg/images/blue/button/top_right.jpg HTTP/1.1" 200 1708
124.79.79.90 - - [10/Feb/2022:09:50:14 +0800] "GET /xingrg/images/blue/button/down.jpg HTTP/1.1" 200 1560
124.79.79.90 - - [10/Feb/2022:09:50:14 +0800] "GET /xingrg/images/blue/button/top_left.jpg HTTP/1.1" 200 1632
124.79.79.90 - - [10/Feb/2022:09:50:14 +0800] "GET /xingrg/images/blue/button/left_ah.jpg HTTP/1.1" 200 1643
124.79.79.90 - - [10/Feb/2022:09:50:14 +0800] "GET /xingrg/images/blue/button/right_ah.jpg HTTP/1.1" 304 -
124.79.79.90 - - [10/Feb/2022:09:50:14 +0800] "GET /xingrg/images/blue/button/bottom_right.jpg HTTP/1.1" 200 1436
124.79.79.90 - - [10/Feb/2022:09:50:14 +0800] "GET /xingrg/images/blue/button/bottom_left.jpg HTTP/1.1" 200 1524
58.40.7.146 - - [10/Feb/2022:09:50:15 +0800] "GET /xingrg/all/function/internal_message.html?_=1644457813215&CODE_STATE=getMsg HTTP/1.1" 200 27
124.79.79.90 - - [10/Feb/2022:09:50:16 +0800] "GET /xingrg/kc/buy/buy_main.html HTTP/1.1" 200 12412
124.79.79.90 - - [10/Feb/2022:09:50:16 +0800] "GET /xingrg/css/new_ie.css HTTP/1.1" 404 1036
124.79.79.90 - - [10/Feb/2022:09:50:16 +0800] "GET /xingrg/javascript/jquery_ui/themes/humanity/humanity.css HTTP/1.1" 304 -
124.78.153.118 - - [10/Feb/2022:09:50:16 +0800] "GET /xingrg/kc/buy/cgsh_order_operate.html?command=get_materiel&rest_code=00106&code=00101008190&supplier_code=00100007&order_time=2022-02-10 HTTP/1.1" 200 432
124.79.79.90 - - [10/Feb/2022:09:50:17 +0800] "GET /xingrg/javascript/ToolTips.js HTTP/1.1" 304 -
124.79.79.90 - - [10/Feb/2022:09:50:17 +0800] "GET /xingrg/javascript/jquery_ui/jquery-ui.min.js HTTP/1.1" 304 -
124.79.79.90 - - [10/Feb/2022:09:50:17 +0800] "GET /xingrg/images/blue/button/cgxqd.gif HTTP/1.1" 304 -
124.79.79.90 - - [10/Feb/2022:09:50:17 +0800] "GET /xingrg/images/blue/button/cgydd.gif HTTP/1.1" 304 -
124.79.79.90 - - [10/Feb/2022:09:50:17 +0800] "GET /xingrg/images/blue/button/cgshd.gif HTTP/1.1" 304 -
124.79.79.90 - - [10/Feb/2022:09:50:17 +0800] "GET /xingrg/images/blue/button/cgfkd.gif HTTP/1.1" 304 -
124.79.79.90 - - [10/Feb/2022:09:50:17 +0800] "GET /xingrg/images/blue/button/ckthd.gif HTTP/1.1" 304 -
124.79.79.90 - - [10/Feb/2022:09:50:17 +0800] "GET /xingrg/javascript/jquery_ui/themes/humanity/images/ui-bg_inset-soft_100_f4f0ec_1x100.png HTTP/1.1" 304 -
124.79.79.90 - - [10/Feb/2022:09:50:17 +0800] "GET /xingrg/images/blue/button/down_ah.jpg HTTP/1.1" 304 -
124.79.79.90 - - [10/Feb/2022:09:50:18 +0800] "GET /xingrg/javascript/jquery_ui/themes/humanity/images/ui-bg_glass_70_ede4d4_1x400.png HTTP/1.1" 304 -
124.79.79.90 - - [10/Feb/2022:09:50:18 +0800] "GET /xingrg/javascript/jquery_ui/themes/humanity/images/ui-icons_c47a23_256x240.png HTTP/1.1" 304 -
124.79.79.90 - - [10/Feb/2022:09:50:18 +0800] "GET /xingrg/javascript/jquery_ui/themes/humanity/images/ui-icons_ffffff_256x240.png HTTP/1.1" 304 -
124.79.79.90 - - [10/Feb/2022:09:50:18 +0800] "GET /xingrg/javascript/jquery_ui/themes/humanity/images/ui-iconsnew.jpg HTTP/1.1" 304 -
124.79.79.90 - - [10/Feb/2022:09:50:18 +0800] "GET /xingrg/images/yd/bt.gif HTTP/1.1" 404 1040
124.79.79.90 - - [10/Feb/2022:09:50:19 +0800] "GET /xingrg/kc/buy/cgsh_order_list.html HTTP/1.1" 200 49747
124.79.79.90 - - [10/Feb/2022:09:50:19 +0800] "GET /xingrg/css/base.css HTTP/1.1" 304 -
124.79.79.90 - - [10/Feb/2022:09:50:19 +0800] "GET /xingrg/css/site.css HTTP/1.1" 304 -
124.79.79.90 - - [10/Feb/2022:09:50:19 +0800] "GET /xingrg/javascript/jquery_tools/datebox.css HTTP/1.1" 304 -
124.79.79.90 - - [10/Feb/2022:09:50:19 +0800] "GET /xingrg/javascript/easyui/themes/default/easyui.css HTTP/1.1" 304 -
124.79.79.90 - - [10/Feb/2022:09:50:19 +0800] "GET /xingrg/javascript/easyui/themes/icon.css HTTP/1.1" 304 -
124.79.79.90 - - [10/Feb/2022:09:50:19 +0800] "GET /xingrg/javascript/auto/jquery.autocomplete.css HTTP/1.1" 304 -
124.79.79.90 - - [10/Feb/2022:09:50:19 +0800] "GET /xingrg/javascript/jquery_tools/fix.css HTTP/1.1" 304 -
124.79.79.90 - - [10/Feb/2022:09:50:19 +0800] "GET /xingrg/javascript/jquery_tools/table.css HTTP/1.1" 304 -
124.79.79.90 - - [10/Feb/2022:09:50:19 +0800] "GET /xingrg/javascript/jquery_tools/jquery.tools.min.js HTTP/1.1" 304 -
124.79.79.90 - - [10/Feb/2022:09:50:20 +0800] "GET /xingrg/javascript/jquery_tools/jquery.tools.extend.js HTTP/1.1" 304 -
124.79.79.90 - - [10/Feb/2022:09:50:20 +0800] "GET /xingrg/javascript/jquery_tools/jquery.tools.hotkey.js HTTP/1.1" 304 -
120.253.135.82 - - [10/Feb/2022:09:50:20 +0800] "GET /xingrg/all/function/internal_message.html?_=1644457949844&CODE_STATE=getMsg HTTP/1.1" 200 27
124.79.79.90 - - [10/Feb/2022:09:50:21 +0800] "GET /xingrg/javascript/jquery_tools/jquery.tools.table.js HTTP/1.1" 304 -
124.79.79.90 - - [10/Feb/2022:09:50:21 +0800] "GET /xingrg/javascript/jquery_tools/list_manager.js HTTP/1.1" 304 -
124.79.79.90 - - [10/Feb/2022:09:50:21 +0800] "GET /xingrg/javascript/auto/jquery.autocomplete.js HTTP/1.1" 304 -
124.79.79.90 - - [10/Feb/2022:09:50:21 +0800] "GET /xingrg/javascript/easyui/easyloader.js HTTP/1.1" 304 -
124.79.79.90 - - [10/Feb/2022:09:50:21 +0800] "GET /xingrg/javascript/jquery.cookie.js HTTP/1.1" 304 -
124.79.79.90 - - [10/Feb/2022:09:50:21 +0800] "GET /xingrg/javascript/print/LodopFuncs.js HTTP/1.1" 304 -
124.79.79.90 - - [10/Feb/2022:09:50:24 +0800] "GET /xingrg/javascript/easyui/themes/icons/cance_new.png HTTP/1.1" 304 -
124.79.79.90 - - [10/Feb/2022:09:50:24 +0800] "GET /xingrg/javascript/easyui/themes/icons/field_new.png HTTP/1.1" 304 -
124.79.79.90 - - [10/Feb/2022:09:50:24 +0800] "GET /xingrg/javascript/easyui/themes/icons/check_new.png HTTP/1.1" 304 -
124.79.79.90 - - [10/Feb/2022:09:50:24 +0800] "GET /xingrg/javascript/easyui/themes/icons/import_new.png HTTP/1.1" 304 -
124.79.79.90 - - [10/Feb/2022:09:50:24 +0800] "GET /xingrg/javascript/easyui/themes/icons/edit_add_new.png HTTP/1.1" 304 -
124.79.79.90 - - [10/Feb/2022:09:50:24 +0800] "GET /xingrg/javascript/easyui/plugins/jquery.parser.js HTTP/1.1" 304 -
124.79.79.90 - - [10/Feb/2022:09:50:24 +0800] "GET /xingrg/images/control/ajaxLoader.gif HTTP/1.1" 304 -
124.78.153.118 - - [10/Feb/2022:09:50:26 +0800] "GET /xingrg/kc/buy/cgsh_order_operate.html?command=get_materiel&rest_code=00106&code=00101008562&supplier_code=00100007&order_time=2022-02-10 HTTP/1.1" 200 395
222.70.243.96 - - [10/Feb/2022:09:50:28 +0800] "GET /xingrg/all/function/internal_message.html?_=1644457840416&CODE_STATE=getMsg HTTP/1.1" 200 27
58.39.168.32 - - [10/Feb/2022:09:50:34 +0800] "GET /xingrg/all/function/internal_message.html?_=1644457832597&CODE_STATE=getMsg HTTP/1.1" 200 27
124.78.153.118 - - [10/Feb/2022:09:50:35 +0800] "GET /xingrg/kc/buy/cgsh_order_operate.html?command=get_materiel&rest_code=00106&code=00101008069&supplier_code=00100007&order_time=2022-02-10 HTTP/1.1" 200 432
124.79.79.90 - - [10/Feb/2022:09:50:36 +0800] "POST /xingrg/kc/buy/cgsh_list_operate.html HTTP/1.1" 200 5097
222.70.243.96 - - [10/Feb/2022:09:50:39 +0800] "GET /xingrg/all/function/internal_message.html?_=1644457849337&CODE_STATE=getMsg HTTP/1.1" 302 -
124.78.153.118 - - [10/Feb/2022:09:50:43 +0800] "GET /xingrg/kc/buy/cgsh_order_operate.html?command=get_materiel&rest_code=00106&code=00101008286&supplier_code=00100007&order_time=2022-02-10 HTTP/1.1" 200 428
124.78.153.118 - - [10/Feb/2022:09:50:51 +0800] "GET /xingrg/kc/buy/cgsh_order_operate.html?command=get_materiel&rest_code=00106&code=00101008131&supplier_code=00100007&order_time=2022-02-10 HTTP/1.1" 200 428
180.152.99.39 - - [10/Feb/2022:09:50:53 +0800] "GET /xingrg/all/function/internal_message.html?_=1644457768045&CODE_STATE=getMsg HTTP/1.1" 200 27
124.78.153.118 - - [10/Feb/2022:09:51:02 +0800] "GET /xingrg/kc/buy/cgsh_order_operate.html?command=get_materiel&rest_code=00106&code=00101008318&supplier_code=00100007&order_time=2022-02-10 HTTP/1.1" 200 428
124.78.153.118 - - [10/Feb/2022:09:51:03 +0800] "GET /xingrg/all/function/internal_message.html?_=1644457859866&CODE_STATE=getMsg HTTP/1.1" 200 27
124.79.79.90 - - [10/Feb/2022:09:51:08 +0800] "GET /xingrg/all/function/internal_message.html?_=1644457869177&CODE_STATE=getMsg HTTP/1.1" 200 27
58.40.7.146 - - [10/Feb/2022:09:51:15 +0800] "GET /xingrg/all/function/internal_message.html?_=1644457873216&CODE_STATE=getMsg HTTP/1.1" 200 27
120.253.135.82 - - [10/Feb/2022:09:51:19 +0800] "GET /xingrg/check_reg.html?_=1644458009239 HTTP/1.1" 200 22
120.253.135.82 - - [10/Feb/2022:09:51:20 +0800] "GET /xingrg/all/function/internal_message.html?_=1644458009858&CODE_STATE=getMsg HTTP/1.1" 200 27
124.78.153.118 - - [10/Feb/2022:09:51:28 +0800] "GET /xingrg/kc/buy/cgsh_order_operate.html?command=get_materiel&rest_code=00106&code=00101008353&supplier_code=00100007&order_time=2022-02-10 HTTP/1.1" 200 429
222.70.243.96 - - [10/Feb/2022:09:51:28 +0800] "GET /xingrg/all/function/internal_message.html?_=1644457900556&CODE_STATE=getMsg HTTP/1.1" 200 27
58.39.168.32 - - [10/Feb/2022:09:51:34 +0800] "GET /xingrg/all/function/internal_message.html?_=1644457892596&CODE_STATE=getMsg HTTP/1.1" 200 27
124.78.153.118 - - [10/Feb/2022:09:51:37 +0800] "GET /xingrg/kc/buy/cgsh_order_operate.html?command=get_materiel&rest_code=00106&code=00101008010&supplier_code=00100007&order_time=2022-02-10 HTTP/1.1" 200 432
222.70.243.96 - - [10/Feb/2022:09:51:39 +0800] "GET /xingrg/all/function/internal_message.html?_=1644457909360&CODE_STATE=getMsg HTTP/1.1" 302 -
124.78.153.118 - - [10/Feb/2022:09:51:43 +0800] "GET /xingrg/kc/buy/cgsh_order_operate.html?command=get_materiel&rest_code=00106&code=00101008109&supplier_code=00100007&order_time=2022-02-10 HTTP/1.1" 200 433
180.152.99.39 - - [10/Feb/2022:09:51:50 +0800] "GET /xingrg/check_reg.html?_=1644457824984 HTTP/1.1" 200 22
180.152.99.39 - - [10/Feb/2022:09:51:53 +0800] "GET /xingrg/all/function/internal_message.html?_=1644457828057&CODE_STATE=getMsg HTTP/1.1" 200 27
124.78.153.118 - - [10/Feb/2022:09:51:55 +0800] "GET /xingrg/kc/buy/cgsh_order_operate.html?command=get_materiel&rest_code=00106&code=00101008350&supplier_code=00100007&order_time=2022-02-10 HTTP/1.1" 200 428
124.78.153.118 - - [10/Feb/2022:09:52:03 +0800] "GET /xingrg/all/function/internal_message.html?_=1644457919859&CODE_STATE=getMsg HTTP/1.1" 200 27
124.78.153.118 - - [10/Feb/2022:09:52:06 +0800] "GET /xingrg/kc/buy/cgsh_order_operate.html?command=get_materiel&rest_code=00106&code=00101008036&supplier_code=00100007&order_time=2022-02-10 HTTP/1.1" 200 429
114.88.155.114 - - [10/Feb/2022:09:52:07 +0800] "GET /xingrg/check_reg.html?_=1644457712489 HTTP/1.1" 302 -
124.79.79.90 - - [10/Feb/2022:09:52:08 +0800] "GET /xingrg/all/function/internal_message.html?_=1644457929177&CODE_STATE=getMsg HTTP/1.1" 200 27
58.40.7.146 - - [10/Feb/2022:09:52:15 +0800] "GET /xingrg/all/function/internal_message.html?_=1644457933219&CODE_STATE=getMsg HTTP/1.1" 200 27
124.78.153.118 - - [10/Feb/2022:09:52:17 +0800] "GET /xingrg/kc/buy/cgsh_order_operate.html?command=get_materiel&rest_code=00106&code=00101008098&supplier_code=00100007&order_time=2022-02-10 HTTP/1.1" 200 432
124.79.79.90 - - [10/Feb/2022:09:52:17 +0800] "POST /xingrg/kc/buy/cgsh_list_operate.html HTTP/1.1" 200 5280
120.253.135.82 - - [10/Feb/2022:09:52:20 +0800] "GET /xingrg/all/function/internal_message.html?_=1644458069872&CODE_STATE=getMsg HTTP/1.1" 200 27
124.79.79.90 - - [10/Feb/2022:09:52:22 +0800] "GET /xingrg/javascript/easyui/themes/default/images/button_plain_hover.png HTTP/1.1" 304 -
222.70.243.96 - - [10/Feb/2022:09:52:26 +0800] "GET /xingrg/check_reg.html?_=1644457956312 HTTP/1.1" 302 -
124.78.153.118 - - [10/Feb/2022:09:52:28 +0800] "GET /xingrg/kc/buy/cgsh_order_operate.html?command=get_materiel&rest_code=00106&code=00101008251&supplier_code=00100007&order_time=2022-02-10 HTTP/1.1" 200 428
222.70.243.96 - - [10/Feb/2022:09:52:28 +0800] "GET /xingrg/all/function/internal_message.html?_=1644457960568&CODE_STATE=getMsg HTTP/1.1" 200 27
58.39.168.32 - - [10/Feb/2022:09:52:34 +0800] "GET /xingrg/all/function/internal_message.html?_=1644457952597&CODE_STATE=getMsg HTTP/1.1" 200 27
124.78.153.118 - - [10/Feb/2022:09:52:36 +0800] "GET /xingrg/kc/buy/cgsh_order_operate.html?command=get_materiel&rest_code=00106&code=00101008295&supplier_code=00100007&order_time=2022-02-10 HTTP/1.1" 200 433
222.70.243.96 - - [10/Feb/2022:09:52:39 +0800] "GET /xingrg/all/function/internal_message.html?_=1644457969365&CODE_STATE=getMsg HTTP/1.1" 302 -
124.78.153.118 - - [10/Feb/2022:09:52:45 +0800] "GET /xingrg/kc/buy/cgsh_order_operate.html?command=get_materiel&rest_code=00106&code=00101008141&supplier_code=00100007&order_time=2022-02-10 HTTP/1.1" 200 432
124.79.79.90 - - [10/Feb/2022:09:52:49 +0800] "POST /xingrg/kc/buy/cgsh_list_operate.html HTTP/1.1" 200 156
180.152.99.39 - - [10/Feb/2022:09:52:53 +0800] "GET /xingrg/all/function/internal_message.html?_=1644457888072&CODE_STATE=getMsg HTTP/1.1" 200 27
124.78.153.118 - - [10/Feb/2022:09:52:58 +0800] "GET /xingrg/kc/buy/cgsh_order_operate.html?command=get_materiel&rest_code=00106&code=00101008126&supplier_code=00100007&order_time=2022-02-10 HTTP/1.1" 200 412
124.78.153.118 - - [10/Feb/2022:09:53:03 +0800] "GET /xingrg/all/function/internal_message.html?_=1644457979840&CODE_STATE=getMsg HTTP/1.1" 200 27
124.79.79.90 - - [10/Feb/2022:09:53:13 +0800] "POST /xingrg/kc/buy/cgsh_list_operate.html HTTP/1.1" 200 581
124.78.153.118 - - [10/Feb/2022:09:53:14 +0800] "GET /xingrg/kc/buy/cgsh_order_operate.html?command=get_materiel&rest_code=00106&code=00101008357&supplier_code=00100007&order_time=2022-02-10 HTTP/1.1" 200 428
58.40.7.146 - - [10/Feb/2022:09:53:15 +0800] "GET /xingrg/check_reg.html?_=1644457993222 HTTP/1.1" 200 22
58.40.7.146 - - [10/Feb/2022:09:53:15 +0800] "GET /xingrg/all/function/internal_message.html?_=1644457993224&CODE_STATE=getMsg HTTP/1.1" 200 27
124.79.79.90 - - [10/Feb/2022:09:53:19 +0800] "POST /xingrg/kc/buy/cgsh_list_operate.html HTTP/1.1" 200 64
120.253.135.82 - - [10/Feb/2022:09:53:20 +0800] "GET /xingrg/all/function/internal_message.html?_=1644458129886&CODE_STATE=getMsg HTTP/1.1" 200 27
124.78.153.118 - - [10/Feb/2022:09:53:22 +0800] "GET /xingrg/kc/buy/cgsh_order_operate.html?command=get_materiel&rest_code=00106&code=00101008005&supplier_code=00100007&order_time=2022-02-10 HTTP/1.1" 200 433
124.78.153.118 - - [10/Feb/2022:09:53:25 +0800] "POST /xingrg/kc/buy/cgsh_order_operate.html HTTP/1.1" 200 2065
124.79.79.90 - - [10/Feb/2022:09:53:26 +0800] "POST /xingrg/kc/buy/cgsh_list_operate.html HTTP/1.1" 200 1697
222.70.243.96 - - [10/Feb/2022:09:53:29 +0800] "GET /xingrg/all/function/internal_message.html?_=1644458020698&CODE_STATE=getMsg HTTP/1.1" 200 27
124.79.79.90 - - [10/Feb/2022:09:53:29 +0800] "POST /xingrg/kc/buy/cgsh_list_operate.html HTTP/1.1" 200 581
124.79.79.90 - - [10/Feb/2022:09:53:30 +0800] "GET /xingrg/javascript/jquery_tools/order_manager.js HTTP/1.1" 304 -
124.79.79.90 - - [10/Feb/2022:09:53:30 +0800] "GET /xingrg/javascript/json2.js HTTP/1.1" 304 -
124.79.79.90 - - [10/Feb/2022:09:53:30 +0800] "GET /xingrg/javascript/convert.js HTTP/1.1" 304 -
124.79.79.90 - - [10/Feb/2022:09:53:30 +0800] "GET /xingrg/javascript/print/kc_print.js HTTP/1.1" 304 -
124.79.79.90 - - [10/Feb/2022:09:53:30 +0800] "GET /xingrg/kc/buy/cgsh_order_info.html?code=212022020901839 HTTP/1.1" 200 65578
124.79.79.90 - - [10/Feb/2022:09:53:30 +0800] "GET /xingrg/words/20220128115405_words.js HTTP/1.1" 200 885128
124.79.79.90 - - [10/Feb/2022:09:53:30 +0800] "GET /xingrg/javascript/easyui/themes/icons/ok.png HTTP/1.1" 304 -
124.79.79.90 - - [10/Feb/2022:09:53:30 +0800] "GET /xingrg/javascript/easyui/themes/icons/copy_new.png HTTP/1.1" 304 -
124.79.79.90 - - [10/Feb/2022:09:53:30 +0800] "GET /xingrg/javascript/easyui/themes/icons/template_new.png HTTP/1.1" 304 -
124.79.79.90 - - [10/Feb/2022:09:53:30 +0800] "GET /xingrg/javascript/easyui/themes/icons/print.png HTTP/1.1" 304 -
124.79.79.90 - - [10/Feb/2022:09:53:30 +0800] "GET /xingrg/javascript/easyui/themes/icons/cancel.png HTTP/1.1" 304 -
124.79.79.90 - - [10/Feb/2022:09:53:30 +0800] "GET /xingrg/javascript/easyui/themes/default/images/menu_downarrow.png HTTP/1.1" 304 -
124.79.79.90 - - [10/Feb/2022:09:53:32 +0800] "GET /xingrg/javascript/easyui/themes/default/validatebox.css HTTP/1.1" 404 1104
124.79.79.90 - - [10/Feb/2022:09:53:32 +0800] "GET /xingrg/all/common/auto_word.html?type=employee&rest_code=00156 HTTP/1.1" 200 97
124.79.79.90 - - [10/Feb/2022:09:53:32 +0800] "GET /xingrg/all/common/auto_word.html?type=employee&rest_code=00156 HTTP/1.1" 200 97
124.79.79.90 - - [10/Feb/2022:09:53:32 +0800] "GET /xingrg/javascript/easyui/plugins/jquery.validatebox.js HTTP/1.1" 304 -
124.79.79.90 - - [10/Feb/2022:09:53:32 +0800] "GET /xingrg/javascript/easyui/plugins/jquery.numberbox.js HTTP/1.1" 304 -
124.78.153.118 - - [10/Feb/2022:09:53:33 +0800] "GET /xingrg/kc/buy/cgsh_order_operate.html?command=get_materiel&rest_code=00106&code=00101008359&supplier_code=00100007&order_time=2022-02-10 HTTP/1.1" 200 427
124.79.79.90 - - [10/Feb/2022:09:53:33 +0800] "POST /xingrg/kc/buy/cgsh_order_operate.html HTTP/1.1" 200 7409
124.79.79.90 - - [10/Feb/2022:09:53:33 +0800] "GET /xingrg/javascript/easyui/themes/icons/edit_remove.png HTTP/1.1" 304 -
124.79.79.90 - - [10/Feb/2022:09:53:34 +0800] "GET /xingrg/javascript/jquery_tools/images/prev.gif HTTP/1.1" 404 1086
124.79.79.90 - - [10/Feb/2022:09:53:34 +0800] "GET /xingrg/javascript/jquery_tools/images/next.gif HTTP/1.1" 404 1086
58.39.168.32 - - [10/Feb/2022:09:53:34 +0800] "GET /xingrg/all/function/internal_message.html?_=1644458012597&CODE_STATE=getMsg HTTP/1.1" 200 27
222.70.243.96 - - [10/Feb/2022:09:53:39 +0800] "GET /xingrg/all/function/internal_message.html?_=1644458029387&CODE_STATE=getMsg HTTP/1.1" 302 -
124.79.79.90 - - [10/Feb/2022:09:53:42 +0800] "POST /xingrg/kc/buy/cgsh_order_operate.html HTTP/1.1" 200 37
124.78.153.118 - - [10/Feb/2022:09:53:45 +0800] "GET /xingrg/kc/buy/cgsh_order_operate.html?command=get_materiel&rest_code=00106&code=00101008239&supplier_code=00100007&order_time=2022-02-10 HTTP/1.1" 200 416
124.79.79.90 - - [10/Feb/2022:09:53:46 +0800] "POST /xingrg/kc/buy/cgsh_order_operate.html HTTP/1.1" 200 7409
124.79.79.90 - - [10/Feb/2022:09:53:51 +0800] "POST /xingrg/kc/buy/cgsh_order_operate.html HTTP/1.1" 200 37
180.152.99.39 - - [10/Feb/2022:09:53:53 +0800] "GET /xingrg/all/function/internal_message.html?_=1644457948120&CODE_STATE=getMsg HTTP/1.1" 200 27
222.70.243.96 - - [10/Feb/2022:09:53:53 +0800] "GET /xingrg/check_reg.html?_=1644458045213 HTTP/1.1" 200 22
124.78.153.118 - - [10/Feb/2022:09:53:55 +0800] "GET /xingrg/kc/buy/cgsh_order_operate.html?command=get_materiel&rest_code=00106&code=00101011010&supplier_code=00100007&order_time=2022-02-10 HTTP/1.1" 200 437
124.79.79.90 - - [10/Feb/2022:09:53:56 +0800] "POST /xingrg/kc/buy/cgsh_order_operate.html HTTP/1.1" 200 12
124.79.79.90 - - [10/Feb/2022:09:53:59 +0800] "GET /xingrg/kc/buy/cgsh_order_info.html?code=212022020901839 HTTP/1.1" 200 60476
124.79.79.90 - - [10/Feb/2022:09:53:59 +0800] "GET /xingrg/javascript/easyui/themes/default/validatebox.css HTTP/1.1" 404 1104
124.79.79.90 - - [10/Feb/2022:09:54:00 +0800] "POST /xingrg/kc/buy/cgsh_order_operate.html HTTP/1.1" 200 5354
124.78.153.118 - - [10/Feb/2022:09:54:03 +0800] "GET /xingrg/check_reg.html?_=1644458039805 HTTP/1.1" 200 22
124.78.153.118 - - [10/Feb/2022:09:54:03 +0800] "GET /xingrg/all/function/internal_message.html?_=1644458039808&CODE_STATE=getMsg HTTP/1.1" 200 27
124.78.153.118 - - [10/Feb/2022:09:54:06 +0800] "GET /xingrg/kc/buy/cgsh_order_operate.html?command=get_materiel&rest_code=00106&code=00101008323&supplier_code=00100007&order_time=2022-02-10 HTTP/1.1" 200 428
180.152.99.39 - - [10/Feb/2022:09:54:08 +0800] "GET /xingrg/kc/buy/cgsh_order_operate.html?command=get_materiel&rest_code=00150&code=00101008024&supplier_code=00100424&order_time=2022-02-10 HTTP/1.1" 200 428
124.79.79.90 - - [10/Feb/2022:09:54:08 +0800] "GET /xingrg/all/function/internal_message.html?_=1644458049184&CODE_STATE=getMsg HTTP/1.1" 200 27
58.40.7.146 - - [10/Feb/2022:09:54:15 +0800] "GET /xingrg/all/function/internal_message.html?_=1644458053214&CODE_STATE=getMsg HTTP/1.1" 200 27
180.152.99.39 - - [10/Feb/2022:09:54:17 +0800] "GET /xingrg/kc/buy/cgsh_order_operate.html?command=get_materiel&rest_code=00150&code=00101008270&supplier_code=00100424&order_time=2022-02-10 HTTP/1.1" 200 432
120.253.135.82 - - [10/Feb/2022:09:54:20 +0800] "GET /xingrg/all/function/internal_message.html?_=1644458189905&CODE_STATE=getMsg HTTP/1.1" 200 27
124.78.153.118 - - [10/Feb/2022:09:54:21 +0800] "POST /xingrg/kc/buy/cgsh_order_operate.html HTTP/1.1" 200 2065
124.79.79.90 - - [10/Feb/2022:09:54:26 +0800] "POST /xingrg/kc/buy/cgsh_list_operate.html HTTP/1.1" 200 876
180.152.99.39 - - [10/Feb/2022:09:54:26 +0800] "GET /xingrg/kc/buy/cgsh_order_operate.html?command=get_materiel&rest_code=00150&code=00101008357&supplier_code=00100424&order_time=2022-02-10 HTTP/1.1" 200 428
222.70.243.96 - - [10/Feb/2022:09:54:29 +0800] "GET /xingrg/all/function/internal_message.html?_=1644458080704&CODE_STATE=getMsg HTTP/1.1" 200 27
58.39.168.32 - - [10/Feb/2022:09:54:34 +0800] "GET /xingrg/check_reg.html?_=1644458072597 HTTP/1.1" 200 22
58.39.168.32 - - [10/Feb/2022:09:54:34 +0800] "GET /xingrg/all/function/internal_message.html?_=1644458072600&CODE_STATE=getMsg HTTP/1.1" 200 27
124.78.153.118 - - [10/Feb/2022:09:54:34 +0800] "GET /xingrg/kc/buy/cgsh_order_operate.html?command=get_materiel&rest_code=00106&code=00101008114&supplier_code=00100007&order_time=2022-02-10 HTTP/1.1" 200 433
180.152.99.39 - - [10/Feb/2022:09:54:35 +0800] "GET /xingrg/kc/buy/cgsh_order_operate.html?command=get_materiel&rest_code=00150&code=00101008286&supplier_code=00100424&order_time=2022-02-10 HTTP/1.1" 200 428
222.70.243.96 - - [10/Feb/2022:09:54:39 +0800] "GET /xingrg/all/function/internal_message.html?_=1644458089393&CODE_STATE=getMsg HTTP/1.1" 302 -
124.78.153.118 - - [10/Feb/2022:09:54:45 +0800] "POST /xingrg/kc/buy/cgsh_order_operate.html HTTP/1.1" 200 37
180.152.99.39 - - [10/Feb/2022:09:54:47 +0800] "GET /xingrg/kc/buy/cgsh_order_operate.html?command=get_materiel&rest_code=00150&code=00101008131&supplier_code=00100424&order_time=2022-02-10 HTTP/1.1" 200 428
124.78.153.118 - - [10/Feb/2022:09:54:50 +0800] "POST /xingrg/kc/buy/cgsh_order_operate.html HTTP/1.1" 200 17442
180.152.99.39 - - [10/Feb/2022:09:54:53 +0800] "GET /xingrg/all/function/internal_message.html?_=1644458008130&CODE_STATE=getMsg HTTP/1.1" 200 27
180.152.99.39 - - [10/Feb/2022:09:54:55 +0800] "GET /xingrg/kc/buy/cgsh_order_operate.html?command=get_materiel&rest_code=00150&code=00101008279&supplier_code=00100424&order_time=2022-02-10 HTTP/1.1" 200 412
124.78.153.118 - - [10/Feb/2022:09:55:03 +0800] "GET /xingrg/all/function/internal_message.html?_=1644458099791&CODE_STATE=getMsg HTTP/1.1" 200 27
180.152.99.39 - - [10/Feb/2022:09:55:05 +0800] "GET /xingrg/kc/buy/cgsh_order_operate.html?command=get_materiel&rest_code=00150&code=00101008318&supplier_code=00100424&order_time=2022-02-10 HTTP/1.1" 200 428
124.78.153.118 - - [10/Feb/2022:09:55:08 +0800] "POST /xingrg/kc/buy/cgsh_order_operate.html HTTP/1.1" 200 37
124.79.79.90 - - [10/Feb/2022:09:55:08 +0800] "GET /xingrg/check_reg.html?_=1644458109158 HTTP/1.1" 200 22
124.79.79.90 - - [10/Feb/2022:09:55:08 +0800] "GET /xingrg/all/function/internal_message.html?_=1644458109159&CODE_STATE=getMsg HTTP/1.1" 200 27
124.78.153.118 - - [10/Feb/2022:09:55:11 +0800] "POST /xingrg/kc/buy/cgsh_order_operate.html HTTP/1.1" 200 17442
180.152.99.39 - - [10/Feb/2022:09:55:11 +0800] "GET /xingrg/kc/buy/cgsh_order_operate.html?command=get_materiel&rest_code=00150&code=00101008371&supplier_code=00100424&order_time=2022-02-10 HTTP/1.1" 200 432
58.40.7.146 - - [10/Feb/2022:09:55:15 +0800] "GET /xingrg/all/function/internal_message.html?_=1644458113215&CODE_STATE=getMsg HTTP/1.1" 200 27
180.152.99.39 - - [10/Feb/2022:09:55:18 +0800] "GET /xingrg/kc/buy/cgsh_order_operate.html?command=get_materiel&rest_code=00150&code=00101008213&supplier_code=00100424&order_time=2022-02-10 HTTP/1.1" 200 432
120.253.135.82 - - [10/Feb/2022:09:55:20 +0800] "GET /xingrg/all/function/internal_message.html?_=1644458249913&CODE_STATE=getMsg HTTP/1.1" 200 27
114.88.155.114 - - [10/Feb/2022:09:55:24 +0800] "GET /xingrg/kc/buy/buy_main.html HTTP/1.1" 302 -
114.88.155.114 - - [10/Feb/2022:09:55:25 +0800] "GET /xingrg/login.html HTTP/1.1" 200 7641
114.88.155.114 - - [10/Feb/2022:09:55:25 +0800] "GET /xingrg/login.html HTTP/1.1" 200 7641
114.88.155.114 - - [10/Feb/2022:09:55:25 +0800] "GET /favicon.ico HTTP/1.1" 404 -
114.88.155.114 - - [10/Feb/2022:09:55:26 +0800] "POST /xingrg/login.do HTTP/1.1" 302 -
114.88.155.114 - - [10/Feb/2022:09:55:26 +0800] "GET /xingrg/index.html?sysBaseUrl=http%3A%2F%2F180.169.147.146%3A18081%2Fxingrg%2F&costTime=39×tamp=1644458126426 HTTP/1.1" 200 17179
114.88.155.114 - - [10/Feb/2022:09:55:26 +0800] "POST /xingrg/all/common/load_tree.html?tree=area_rest_tree_json&manage=1 HTTP/1.1" 200 351
114.88.155.114 - - [10/Feb/2022:09:55:26 +0800] "GET /xingrg/check_reg.html?_=1644457912043 HTTP/1.1" 200 22
114.88.155.114 - - [10/Feb/2022:09:55:26 +0800] "GET /xingrg/all/function/internal_message.html?_=1644457912043&CODE_STATE=count HTTP/1.1" 200 11
114.88.155.114 - - [10/Feb/2022:09:55:26 +0800] "GET /favicon.ico HTTP/1.1" 404 -
114.88.155.114 - - [10/Feb/2022:09:55:26 +0800] "POST /xingrg/load_menu.html HTTP/1.1" 200 5138
114.88.155.114 - - [10/Feb/2022:09:55:27 +0800] "GET /xingrg/kc/buy/buy_main.html HTTP/1.1" 200 12412
