101.85.120.86 - - [10/Feb/2022:12:37:26 +0800] "POST /xingrg/all/common/load_select.html HTTP/1.1" 200 38
101.85.120.86 - - [10/Feb/2022:12:37:28 +0800] "GET /xingrg/kc/base/wldb_order_operate.html?command=get_materiel_price&rest_code=00142&base_code=0010185&code=00101010624&unit_code=00100557 HTTP/1.1" 200 34
58.39.168.32 - - [10/Feb/2022:12:37:34 +0800] "GET /xingrg/all/function/internal_message.html?_=1644467852811&CODE_STATE=getMsg HTTP/1.1" 200 27
120.253.135.82 - - [10/Feb/2022:12:37:40 +0800] "GET /xingrg/all/function/internal_message.html?_=1644467989336&CODE_STATE=getMsg HTTP/1.1" 200 27
101.85.120.86 - - [10/Feb/2022:12:37:40 +0800] "GET /xingrg/kc/base/wldb_order_operate.html?command=get_materiel&rest_code=00142&base_code=0010185&code=00101021002 HTTP/1.1" 200 438
222.70.243.96 - - [10/Feb/2022:12:37:41 +0800] "GET /xingrg/all/function/internal_message.html?_=1644467871615&CODE_STATE=getMsg HTTP/1.1" 302 -
222.70.243.96 - - [10/Feb/2022:12:37:41 +0800] "GET /xingrg/all/function/internal_message.html?_=1644467873588&CODE_STATE=getMsg HTTP/1.1" 200 27
58.39.168.32 - - [10/Feb/2022:12:37:45 +0800] "GET /xingrg/all/function/internal_message.html?_=1644467801411&CODE_STATE=getMsg HTTP/1.1" 200 27
222.70.223.103 - - [10/Feb/2022:12:37:47 +0800] "GET /xingrg/all/function/internal_message.html?_=1644467863659&CODE_STATE=getMsg HTTP/1.1" 200 27
101.85.120.86 - - [10/Feb/2022:12:37:51 +0800] "GET /xingrg/kc/base/wldb_order_operate.html?command=get_materiel&rest_code=00142&base_code=0010185&code=00101010289 HTTP/1.1" 200 449
116.232.54.96 - - [10/Feb/2022:12:37:52 +0800] "GET /xingrg/all/function/internal_message.html?_=1644467870636&CODE_STATE=getMsg HTTP/1.1" 200 27
180.169.147.146 - - [10/Feb/2022:12:37:55 +0800] "GET /xingrg/all/function/internal_message.html?_=1644467870619&CODE_STATE=getMsg HTTP/1.1" 200 27
180.152.99.39 - - [10/Feb/2022:12:37:59 +0800] "GET /xingrg/all/function/internal_message.html?_=1644467794151&CODE_STATE=getMsg HTTP/1.1" 200 27
101.85.120.86 - - [10/Feb/2022:12:38:01 +0800] "GET /xingrg/all/function/internal_message.html?_=1644467877276&CODE_STATE=getMsg HTTP/1.1" 200 27
222.70.179.43 - - [10/Feb/2022:12:38:02 +0800] "GET /xingrg/all/function/internal_message.html?_=1644467878695&CODE_STATE=getMsg HTTP/1.1" 200 27
124.79.79.90 - - [10/Feb/2022:12:38:05 +0800] "GET /xingrg/all/function/internal_message.html?_=1644467882735&CODE_STATE=getMsg HTTP/1.1" 200 27
101.85.120.86 - - [10/Feb/2022:12:38:07 +0800] "GET /xingrg/kc/base/wldb_order_operate.html?command=get_materiel&rest_code=00142&base_code=0010185&code=00101010517 HTTP/1.1" 200 442
101.85.120.86 - - [10/Feb/2022:12:38:10 +0800] "POST /xingrg/all/common/load_select.html HTTP/1.1" 200 25
101.85.120.86 - - [10/Feb/2022:12:38:12 +0800] "GET /xingrg/kc/base/wldb_order_operate.html?command=get_materiel_price&rest_code=00142&base_code=0010185&code=00101010517&unit_code=00100057 HTTP/1.1" 200 37
124.78.153.118 - - [10/Feb/2022:12:38:13 +0800] "GET /xingrg/all/function/internal_message.html?_=1644467889741&CODE_STATE=getMsg HTTP/1.1" 200 27
58.40.7.146 - - [10/Feb/2022:12:38:15 +0800] "GET /xingrg/all/function/internal_message.html?_=1644467893305&CODE_STATE=getMsg HTTP/1.1" 200 27
58.40.7.146 - - [10/Feb/2022:12:38:15 +0800] "GET /xingrg/check_reg.html?_=1644467893305 HTTP/1.1" 200 22
101.85.120.86 - - [10/Feb/2022:12:38:25 +0800] "GET /xingrg/kc/base/wldb_order_operate.html?command=get_materiel&rest_code=00142&base_code=0010185&code=00101012024 HTTP/1.1" 200 428
180.169.147.146 - - [10/Feb/2022:12:38:31 +0800] "GET /xingrg/check_reg.html?_=1644467906531 HTTP/1.1" 200 22
58.39.168.32 - - [10/Feb/2022:12:38:34 +0800] "GET /xingrg/all/function/internal_message.html?_=1644467912812&CODE_STATE=getMsg HTTP/1.1" 200 27
120.253.135.82 - - [10/Feb/2022:12:38:40 +0800] "GET /xingrg/all/function/internal_message.html?_=1644468049350&CODE_STATE=getMsg HTTP/1.1" 200 27
222.70.243.96 - - [10/Feb/2022:12:38:41 +0800] "GET /xingrg/all/function/internal_message.html?_=1644467931620&CODE_STATE=getMsg HTTP/1.1" 302 -
101.85.120.86 - - [10/Feb/2022:12:38:41 +0800] "POST /xingrg/kc/base/wldb_order_operate.html HTTP/1.1" 200 37
101.85.120.86 - - [10/Feb/2022:12:38:41 +0800] "POST /xingrg/kc/base/wldb_order_operate.html HTTP/1.1" 200 7013
222.70.243.96 - - [10/Feb/2022:12:38:41 +0800] "GET /xingrg/all/function/internal_message.html?_=1644467933882&CODE_STATE=getMsg HTTP/1.1" 200 27
101.85.120.86 - - [10/Feb/2022:12:38:42 +0800] "GET /xingrg/kc/base/wldb_order_info.html?code=422022021000879 HTTP/1.1" 200 30256
101.85.120.86 - - [10/Feb/2022:12:38:42 +0800] "GET /xingrg/javascript/easyui/themes/default/validatebox.css HTTP/1.1" 404 1104
101.85.120.86 - - [10/Feb/2022:12:38:42 +0800] "POST /xingrg/kc/base/wldb_order_operate.html HTTP/1.1" 200 7013
58.39.168.32 - - [10/Feb/2022:12:38:45 +0800] "GET /xingrg/all/function/internal_message.html?_=1644467861410&CODE_STATE=getMsg HTTP/1.1" 200 27
222.70.223.103 - - [10/Feb/2022:12:38:47 +0800] "GET /xingrg/all/function/internal_message.html?_=1644467923643&CODE_STATE=getMsg HTTP/1.1" 200 27
222.70.223.103 - - [10/Feb/2022:12:38:48 +0800] "GET /xingrg/check_reg.html?_=1644467924470 HTTP/1.1" 200 22
116.232.54.96 - - [10/Feb/2022:12:38:52 +0800] "GET /xingrg/all/function/internal_message.html?_=1644467930638&CODE_STATE=getMsg HTTP/1.1" 200 27
116.232.54.96 - - [10/Feb/2022:12:38:52 +0800] "GET /xingrg/check_reg.html?_=1644467930639 HTTP/1.1" 200 22
222.70.243.96 - - [10/Feb/2022:12:38:53 +0800] "GET /xingrg/check_reg.html?_=1644467945665 HTTP/1.1" 200 22
180.169.147.146 - - [10/Feb/2022:12:38:55 +0800] "GET /xingrg/all/function/internal_message.html?_=1644467930602&CODE_STATE=getMsg HTTP/1.1" 200 27
180.152.99.39 - - [10/Feb/2022:12:38:59 +0800] "GET /xingrg/all/function/internal_message.html?_=1644467854166&CODE_STATE=getMsg HTTP/1.1" 200 27
101.85.120.86 - - [10/Feb/2022:12:39:01 +0800] "GET /xingrg/all/function/internal_message.html?_=1644467937289&CODE_STATE=getMsg HTTP/1.1" 200 27
222.70.179.43 - - [10/Feb/2022:12:39:02 +0800] "GET /xingrg/all/function/internal_message.html?_=1644467938678&CODE_STATE=getMsg HTTP/1.1" 200 27
124.78.153.118 - - [10/Feb/2022:12:39:03 +0800] "GET /xingrg/check_reg.html?_=1644467940100 HTTP/1.1" 200 22
124.79.79.90 - - [10/Feb/2022:12:39:05 +0800] "GET /xingrg/all/function/internal_message.html?_=1644467942721&CODE_STATE=getMsg HTTP/1.1" 200 27
124.78.153.118 - - [10/Feb/2022:12:39:13 +0800] "GET /xingrg/all/function/internal_message.html?_=1644467949715&CODE_STATE=getMsg HTTP/1.1" 200 27
58.40.7.146 - - [10/Feb/2022:12:39:15 +0800] "GET /xingrg/all/function/internal_message.html?_=1644467953307&CODE_STATE=getMsg HTTP/1.1" 200 27
61.151.178.217 - - [10/Feb/2022:12:39:31 +0800] "GET /xingrg/kc/base/wldb_order_operate.html?command=get_materiel&rest_code=00106&base_code=0010396&code=00101019400 HTTP/1.1" 302 -
61.151.178.217 - - [10/Feb/2022:12:39:32 +0800] "GET /xingrg/login.html HTTP/1.1" 200 7641
58.39.168.32 - - [10/Feb/2022:12:39:34 +0800] "GET /xingrg/check_reg.html?_=1644467972812 HTTP/1.1" 200 22
58.39.168.32 - - [10/Feb/2022:12:39:34 +0800] "GET /xingrg/all/function/internal_message.html?_=1644467972815&CODE_STATE=getMsg HTTP/1.1" 200 27
120.253.135.82 - - [10/Feb/2022:12:39:40 +0800] "GET /xingrg/all/function/internal_message.html?_=1644468109366&CODE_STATE=getMsg HTTP/1.1" 200 27
222.70.243.96 - - [10/Feb/2022:12:39:41 +0800] "GET /xingrg/all/function/internal_message.html?_=1644467991643&CODE_STATE=getMsg HTTP/1.1" 302 -
222.70.243.96 - - [10/Feb/2022:12:39:41 +0800] "GET /xingrg/all/function/internal_message.html?_=1644467993897&CODE_STATE=getMsg HTTP/1.1" 200 27
58.39.168.32 - - [10/Feb/2022:12:39:45 +0800] "GET /xingrg/all/function/internal_message.html?_=1644467921411&CODE_STATE=getMsg HTTP/1.1" 200 27
58.39.168.32 - - [10/Feb/2022:12:39:45 +0800] "GET /xingrg/check_reg.html?_=1644467921414 HTTP/1.1" 200 22
222.70.223.103 - - [10/Feb/2022:12:39:47 +0800] "GET /xingrg/all/function/internal_message.html?_=1644467983620&CODE_STATE=getMsg HTTP/1.1" 200 27
116.232.54.96 - - [10/Feb/2022:12:39:52 +0800] "GET /xingrg/all/function/internal_message.html?_=1644467990641&CODE_STATE=getMsg HTTP/1.1" 200 27
180.169.147.146 - - [10/Feb/2022:12:39:55 +0800] "GET /xingrg/all/function/internal_message.html?_=1644467990586&CODE_STATE=getMsg HTTP/1.1" 200 27
180.152.99.39 - - [10/Feb/2022:12:39:59 +0800] "GET /xingrg/all/function/internal_message.html?_=1644467914189&CODE_STATE=getMsg HTTP/1.1" 200 27
101.85.120.86 - - [10/Feb/2022:12:40:01 +0800] "GET /xingrg/all/function/internal_message.html?_=1644467997286&CODE_STATE=getMsg HTTP/1.1" 200 27
222.70.179.43 - - [10/Feb/2022:12:40:02 +0800] "GET /xingrg/all/function/internal_message.html?_=1644467998661&CODE_STATE=getMsg HTTP/1.1" 200 27
222.70.179.43 - - [10/Feb/2022:12:40:02 +0800] "GET /xingrg/check_reg.html?_=1644467998911 HTTP/1.1" 200 22
124.79.79.90 - - [10/Feb/2022:12:40:05 +0800] "GET /xingrg/all/function/internal_message.html?_=1644468002693&CODE_STATE=getMsg HTTP/1.1" 200 27
124.79.79.90 - - [10/Feb/2022:12:40:08 +0800] "GET /xingrg/check_reg.html?_=1644468006573 HTTP/1.1" 200 22
101.85.120.86 - - [10/Feb/2022:12:40:10 +0800] "POST /xingrg/kc/base/wldb_order_operate.html HTTP/1.1" 200 37
101.85.120.86 - - [10/Feb/2022:12:40:12 +0800] "POST /xingrg/kc/base/wldb_order_operate.html HTTP/1.1" 200 12
101.85.120.86 - - [10/Feb/2022:12:40:12 +0800] "POST /xingrg/kc/base/wldb_order_operate.html HTTP/1.1" 200 7013
101.85.120.86 - - [10/Feb/2022:12:40:12 +0800] "GET /xingrg/kc/base/wldb_order_info.html?code=422022021000879 HTTP/1.1" 200 26122
101.85.120.86 - - [10/Feb/2022:12:40:13 +0800] "GET /xingrg/javascript/easyui/themes/default/validatebox.css HTTP/1.1" 404 1104
124.78.153.118 - - [10/Feb/2022:12:40:13 +0800] "GET /xingrg/all/function/internal_message.html?_=1644468009692&CODE_STATE=getMsg HTTP/1.1" 200 27
101.85.120.86 - - [10/Feb/2022:12:40:13 +0800] "POST /xingrg/kc/base/wldb_order_operate.html HTTP/1.1" 200 5186
58.40.7.146 - - [10/Feb/2022:12:40:15 +0800] "GET /xingrg/all/function/internal_message.html?_=1644468013309&CODE_STATE=getMsg HTTP/1.1" 200 27
101.85.120.86 - - [10/Feb/2022:12:40:18 +0800] "POST /xingrg/kc/base/wldb_list_operate.html HTTP/1.1" 200 6259
101.85.120.86 - - [10/Feb/2022:12:40:31 +0800] "GET /xingrg/kc/buy/cgsh_order_list.html HTTP/1.1" 200 49747
58.39.168.32 - - [10/Feb/2022:12:40:34 +0800] "GET /xingrg/all/function/internal_message.html?_=1644468032814&CODE_STATE=getMsg HTTP/1.1" 200 27
61.151.178.197 - - [10/Feb/2022:12:40:36 +0800] "GET /xingrg/kc/base/wldb_order_operate.html?command=get_materiel&rest_code=00106&base_code=0010396&code=00101019391 HTTP/1.1" 302 -
61.151.178.197 - - [10/Feb/2022:12:40:38 +0800] "GET /xingrg/login.html HTTP/1.1" 200 7641
120.253.135.82 - - [10/Feb/2022:12:40:40 +0800] "GET /xingrg/all/function/internal_message.html?_=1644468169377&CODE_STATE=getMsg HTTP/1.1" 200 27
222.70.243.96 - - [10/Feb/2022:12:40:41 +0800] "GET /xingrg/all/function/internal_message.html?_=1644468051648&CODE_STATE=getMsg HTTP/1.1" 302 -
222.70.243.96 - - [10/Feb/2022:12:40:41 +0800] "GET /xingrg/all/function/internal_message.html?_=1644468053910&CODE_STATE=getMsg HTTP/1.1" 200 27
101.85.120.86 - - [10/Feb/2022:12:40:43 +0800] "POST /xingrg/kc/buy/cgsh_list_operate.html HTTP/1.1" 200 4946
101.85.120.86 - - [10/Feb/2022:12:40:44 +0800] "GET /xingrg/kc/buy/cgsh_order_add.html HTTP/1.1" 200 64635
101.85.120.86 - - [10/Feb/2022:12:40:44 +0800] "POST /xingrg/kc/buy/cgsh_order_operate.html HTTP/1.1" 200 8245
101.85.120.86 - - [10/Feb/2022:12:40:45 +0800] "GET /xingrg/javascript/easyui/themes/default/validatebox.css HTTP/1.1" 404 1104
58.39.168.32 - - [10/Feb/2022:12:40:45 +0800] "GET /xingrg/all/function/internal_message.html?_=1644467981414&CODE_STATE=getMsg HTTP/1.1" 200 27
222.70.223.103 - - [10/Feb/2022:12:40:47 +0800] "GET /xingrg/all/function/internal_message.html?_=1644468043600&CODE_STATE=getMsg HTTP/1.1" 200 27
116.232.54.96 - - [10/Feb/2022:12:40:52 +0800] "GET /xingrg/all/function/internal_message.html?_=1644468050643&CODE_STATE=getMsg HTTP/1.1" 200 27
180.169.147.146 - - [10/Feb/2022:12:40:55 +0800] "GET /xingrg/all/function/internal_message.html?_=1644468050569&CODE_STATE=getMsg HTTP/1.1" 200 27
101.85.120.86 - - [10/Feb/2022:12:40:58 +0800] "GET /xingrg/kc/buy/cgsh_order_operate.html?command=get_materiel&rest_code=00142&code=00101006204&supplier_code=00100190&order_time=2022-02-10 HTTP/1.1" 200 443
180.152.99.39 - - [10/Feb/2022:12:40:59 +0800] "GET /xingrg/all/function/internal_message.html?_=1644467974192&CODE_STATE=getMsg HTTP/1.1" 200 27
101.85.120.86 - - [10/Feb/2022:12:41:00 +0800] "POST /xingrg/all/common/load_select.html HTTP/1.1" 200 25
101.85.120.86 - - [10/Feb/2022:12:41:01 +0800] "GET /xingrg/check_reg.html?_=1644468057291 HTTP/1.1" 200 22
101.85.120.86 - - [10/Feb/2022:12:41:01 +0800] "GET /xingrg/all/function/internal_message.html?_=1644468057294&CODE_STATE=getMsg HTTP/1.1" 200 27
222.70.179.43 - - [10/Feb/2022:12:41:02 +0800] "GET /xingrg/all/function/internal_message.html?_=1644468058651&CODE_STATE=getMsg HTTP/1.1" 200 27
101.85.120.86 - - [10/Feb/2022:12:41:04 +0800] "GET /xingrg/kc/buy/cgsh_order_operate.html?command=get_materiel_price&rest_code=00142&code=00101006204&unit_code=00100308&supplier_code=00100190&order_time=2022-02-10 HTTP/1.1" 200 27
124.79.79.90 - - [10/Feb/2022:12:41:04 +0800] "GET /xingrg/all/function/internal_message.html?_=1644468062669&CODE_STATE=getMsg HTTP/1.1" 200 27
124.78.153.118 - - [10/Feb/2022:12:41:13 +0800] "GET /xingrg/all/function/internal_message.html?_=1644468069675&CODE_STATE=getMsg HTTP/1.1" 200 27
58.40.7.146 - - [10/Feb/2022:12:41:15 +0800] "GET /xingrg/all/function/internal_message.html?_=1644468073312&CODE_STATE=getMsg HTTP/1.1" 200 27
101.85.120.86 - - [10/Feb/2022:12:41:18 +0800] "GET /xingrg/kc/buy/cgsh_order_operate.html?command=get_materiel&rest_code=00142&code=00101006122&supplier_code=00100190&order_time=2022-02-10 HTTP/1.1" 200 408
58.39.168.32 - - [10/Feb/2022:12:41:34 +0800] "GET /xingrg/all/function/internal_message.html?_=1644468092815&CODE_STATE=getMsg HTTP/1.1" 200 27
120.253.135.82 - - [10/Feb/2022:12:41:40 +0800] "GET /xingrg/check_reg.html?_=1644468229330 HTTP/1.1" 200 22
120.253.135.82 - - [10/Feb/2022:12:41:40 +0800] "GET /xingrg/all/function/internal_message.html?_=1644468229391&CODE_STATE=getMsg HTTP/1.1" 200 27
222.70.243.96 - - [10/Feb/2022:12:41:41 +0800] "GET /xingrg/all/function/internal_message.html?_=1644468111669&CODE_STATE=getMsg HTTP/1.1" 302 -
222.70.243.96 - - [10/Feb/2022:12:41:42 +0800] "GET /xingrg/all/function/internal_message.html?_=1644468114202&CODE_STATE=getMsg HTTP/1.1" 200 27
101.85.120.86 - - [10/Feb/2022:12:41:44 +0800] "POST /xingrg/kc/buy/cgsh_order_operate.html HTTP/1.1" 200 37
58.39.168.32 - - [10/Feb/2022:12:41:45 +0800] "GET /xingrg/all/function/internal_message.html?_=1644468041414&CODE_STATE=getMsg HTTP/1.1" 200 27
101.91.60.88 - - [10/Feb/2022:12:41:46 +0800] "GET /xingrg/all/function/internal_message.html?_=1644460210626&CODE_STATE=getMsg HTTP/1.1" 302 -
101.91.60.88 - - [10/Feb/2022:12:41:47 +0800] "GET /xingrg/login.html HTTP/1.1" 200 7641
101.85.120.86 - - [10/Feb/2022:12:41:47 +0800] "POST /xingrg/kc/buy/cgsh_order_operate.html HTTP/1.1" 200 12
222.70.223.103 - - [10/Feb/2022:12:41:47 +0800] "GET /xingrg/all/function/internal_message.html?_=1644468103586&CODE_STATE=getMsg HTTP/1.1" 200 27
101.85.120.86 - - [10/Feb/2022:12:41:48 +0800] "GET /xingrg/kc/buy/cgsh_order_info.html?code=212022021001941 HTTP/1.1" 200 59542
101.85.120.86 - - [10/Feb/2022:12:41:48 +0800] "GET /xingrg/javascript/easyui/themes/default/validatebox.css HTTP/1.1" 404 1104
101.85.120.86 - - [10/Feb/2022:12:41:49 +0800] "POST /xingrg/kc/buy/cgsh_order_operate.html HTTP/1.1" 200 1197
101.85.120.86 - - [10/Feb/2022:12:41:50 +0800] "GET /xingrg/kc/print/load_data.html?order_code=212022021001941&kc_code=cgsh&condition= HTTP/1.1" 200 992
116.232.54.96 - - [10/Feb/2022:12:41:52 +0800] "GET /xingrg/all/function/internal_message.html?_=1644468110646&CODE_STATE=getMsg HTTP/1.1" 200 27
180.169.147.146 - - [10/Feb/2022:12:41:55 +0800] "GET /xingrg/all/function/internal_message.html?_=1644468110552&CODE_STATE=getMsg HTTP/1.1" 200 27
180.152.99.39 - - [10/Feb/2022:12:41:58 +0800] "GET /xingrg/check_reg.html?_=1644468032772 HTTP/1.1" 200 22
180.152.99.39 - - [10/Feb/2022:12:41:59 +0800] "GET /xingrg/all/function/internal_message.html?_=1644468034205&CODE_STATE=getMsg HTTP/1.1" 200 27
101.85.120.86 - - [10/Feb/2022:12:42:01 +0800] "GET /xingrg/all/function/internal_message.html?_=1644468117294&CODE_STATE=getMsg HTTP/1.1" 200 27
222.70.179.43 - - [10/Feb/2022:12:42:02 +0800] "GET /xingrg/all/function/internal_message.html?_=1644468118637&CODE_STATE=getMsg HTTP/1.1" 200 27
124.79.79.90 - - [10/Feb/2022:12:42:04 +0800] "GET /xingrg/all/function/internal_message.html?_=1644468122643&CODE_STATE=getMsg HTTP/1.1" 200 27
124.78.153.118 - - [10/Feb/2022:12:42:13 +0800] "GET /xingrg/all/function/internal_message.html?_=1644468129652&CODE_STATE=getMsg HTTP/1.1" 200 27
58.40.7.146 - - [10/Feb/2022:12:42:15 +0800] "GET /xingrg/all/function/internal_message.html?_=1644468133297&CODE_STATE=getMsg HTTP/1.1" 200 27
222.70.243.96 - - [10/Feb/2022:12:42:26 +0800] "GET /xingrg/check_reg.html?_=1644468156543 HTTP/1.1" 302 -
101.89.19.197 - - [10/Feb/2022:12:42:34 +0800] "GET /xingrg/all/function/internal_message.html?_=1644464831014&CODE_STATE=getMsg HTTP/1.1" 302 -
101.89.19.197 - - [10/Feb/2022:12:42:34 +0800] "GET /xingrg/login.html HTTP/1.1" 200 7641
58.39.168.32 - - [10/Feb/2022:12:42:34 +0800] "GET /xingrg/all/function/internal_message.html?_=1644468152815&CODE_STATE=getMsg HTTP/1.1" 200 27
120.253.135.82 - - [10/Feb/2022:12:42:40 +0800] "GET /xingrg/all/function/internal_message.html?_=1644468289404&CODE_STATE=getMsg HTTP/1.1" 200 27
222.70.243.96 - - [10/Feb/2022:12:42:41 +0800] "GET /xingrg/all/function/internal_message.html?_=1644468171674&CODE_STATE=getMsg HTTP/1.1" 302 -
222.70.243.96 - - [10/Feb/2022:12:42:42 +0800] "GET /xingrg/all/function/internal_message.html?_=1644468174203&CODE_STATE=getMsg HTTP/1.1" 200 27
58.39.168.32 - - [10/Feb/2022:12:42:45 +0800] "GET /xingrg/all/function/internal_message.html?_=1644468101415&CODE_STATE=getMsg HTTP/1.1" 200 27
222.70.223.103 - - [10/Feb/2022:12:42:47 +0800] "GET /xingrg/all/function/internal_message.html?_=1644468163570&CODE_STATE=getMsg HTTP/1.1" 200 27
116.232.54.96 - - [10/Feb/2022:12:42:52 +0800] "GET /xingrg/all/function/internal_message.html?_=1644468170647&CODE_STATE=getMsg HTTP/1.1" 200 27
180.169.147.146 - - [10/Feb/2022:12:42:55 +0800] "GET /xingrg/all/function/internal_message.html?_=1644468170536&CODE_STATE=getMsg HTTP/1.1" 200 27
180.152.99.39 - - [10/Feb/2022:12:42:59 +0800] "GET /xingrg/all/function/internal_message.html?_=1644468094218&CODE_STATE=getMsg HTTP/1.1" 200 27
101.85.120.86 - - [10/Feb/2022:12:43:01 +0800] "GET /xingrg/all/function/internal_message.html?_=1644468177291&CODE_STATE=getMsg HTTP/1.1" 200 27
222.70.179.43 - - [10/Feb/2022:12:43:02 +0800] "GET /xingrg/all/function/internal_message.html?_=1644468178622&CODE_STATE=getMsg HTTP/1.1" 200 27
124.79.79.90 - - [10/Feb/2022:12:43:04 +0800] "GET /xingrg/all/function/internal_message.html?_=1644468182616&CODE_STATE=getMsg HTTP/1.1" 200 27
124.78.153.118 - - [10/Feb/2022:12:43:13 +0800] "GET /xingrg/all/function/internal_message.html?_=1644468189653&CODE_STATE=getMsg HTTP/1.1" 200 27
58.40.7.146 - - [10/Feb/2022:12:43:15 +0800] "GET /xingrg/all/function/internal_message.html?_=1644468193299&CODE_STATE=getMsg HTTP/1.1" 200 27
58.40.7.146 - - [10/Feb/2022:12:43:15 +0800] "GET /xingrg/check_reg.html?_=1644468193300 HTTP/1.1" 200 22
180.169.147.146 - - [10/Feb/2022:12:43:31 +0800] "GET /xingrg/check_reg.html?_=1644468206510 HTTP/1.1" 200 22
58.39.168.32 - - [10/Feb/2022:12:43:34 +0800] "GET /xingrg/all/function/internal_message.html?_=1644468212816&CODE_STATE=getMsg HTTP/1.1" 200 27
120.253.135.82 - - [10/Feb/2022:12:43:40 +0800] "GET /xingrg/all/function/internal_message.html?_=1644468349417&CODE_STATE=getMsg HTTP/1.1" 200 27
222.70.243.96 - - [10/Feb/2022:12:43:41 +0800] "GET /xingrg/all/function/internal_message.html?_=1644468231696&CODE_STATE=getMsg HTTP/1.1" 302 -
222.70.243.96 - - [10/Feb/2022:12:43:42 +0800] "GET /xingrg/all/function/internal_message.html?_=1644468234216&CODE_STATE=getMsg HTTP/1.1" 200 27
58.39.168.32 - - [10/Feb/2022:12:43:45 +0800] "GET /xingrg/all/function/internal_message.html?_=1644468161414&CODE_STATE=getMsg HTTP/1.1" 200 27
222.70.223.103 - - [10/Feb/2022:12:43:47 +0800] "GET /xingrg/all/function/internal_message.html?_=1644468223548&CODE_STATE=getMsg HTTP/1.1" 200 27
222.70.223.103 - - [10/Feb/2022:12:43:48 +0800] "GET /xingrg/check_reg.html?_=1644468224471 HTTP/1.1" 200 22
116.232.54.96 - - [10/Feb/2022:12:43:52 +0800] "GET /xingrg/all/function/internal_message.html?_=1644468230650&CODE_STATE=getMsg HTTP/1.1" 200 27
116.232.54.96 - - [10/Feb/2022:12:43:52 +0800] "GET /xingrg/check_reg.html?_=1644468230652 HTTP/1.1" 200 22
222.70.243.96 - - [10/Feb/2022:12:43:53 +0800] "GET /xingrg/check_reg.html?_=1644468245938 HTTP/1.1" 200 22
180.169.147.146 - - [10/Feb/2022:12:43:55 +0800] "GET /xingrg/all/function/internal_message.html?_=1644468230519&CODE_STATE=getMsg HTTP/1.1" 200 27
180.152.99.39 - - [10/Feb/2022:12:43:59 +0800] "GET /xingrg/all/function/internal_message.html?_=1644468154233&CODE_STATE=getMsg HTTP/1.1" 200 27
101.85.120.86 - - [10/Feb/2022:12:44:01 +0800] "GET /xingrg/all/function/internal_message.html?_=1644468237292&CODE_STATE=getMsg HTTP/1.1" 200 27
222.70.179.43 - - [10/Feb/2022:12:44:02 +0800] "GET /xingrg/all/function/internal_message.html?_=1644468238606&CODE_STATE=getMsg HTTP/1.1" 200 27
124.78.153.118 - - [10/Feb/2022:12:44:03 +0800] "GET /xingrg/check_reg.html?_=1644468240099 HTTP/1.1" 200 22
124.79.79.90 - - [10/Feb/2022:12:44:04 +0800] "GET /xingrg/all/function/internal_message.html?_=1644468242587&CODE_STATE=getMsg HTTP/1.1" 200 27
124.78.153.118 - - [10/Feb/2022:12:44:13 +0800] "GET /xingrg/all/function/internal_message.html?_=1644468249630&CODE_STATE=getMsg HTTP/1.1" 200 27
58.40.7.146 - - [10/Feb/2022:12:44:15 +0800] "GET /xingrg/all/function/internal_message.html?_=1644468253301&CODE_STATE=getMsg HTTP/1.1" 200 27
61.151.207.205 - - [10/Feb/2022:12:44:16 +0800] "GET /xingrg/all/function/internal_message.html?_=1644464531139&CODE_STATE=getMsg HTTP/1.1" 302 -
61.151.207.205 - - [10/Feb/2022:12:44:16 +0800] "GET /xingrg/login.html HTTP/1.1" 200 7641
58.39.168.32 - - [10/Feb/2022:12:44:34 +0800] "GET /xingrg/check_reg.html?_=1644468272816 HTTP/1.1" 200 22
58.39.168.32 - - [10/Feb/2022:12:44:34 +0800] "GET /xingrg/all/function/internal_message.html?_=1644468272827&CODE_STATE=getMsg HTTP/1.1" 200 27
120.253.135.82 - - [10/Feb/2022:12:44:40 +0800] "GET /xingrg/all/function/internal_message.html?_=1644468409431&CODE_STATE=getMsg HTTP/1.1" 200 27
222.70.243.96 - - [10/Feb/2022:12:44:41 +0800] "GET /xingrg/all/function/internal_message.html?_=1644468291702&CODE_STATE=getMsg HTTP/1.1" 302 -
222.70.243.96 - - [10/Feb/2022:12:44:42 +0800] "GET /xingrg/all/function/internal_message.html?_=1644468294229&CODE_STATE=getMsg HTTP/1.1" 200 27
58.39.168.32 - - [10/Feb/2022:12:44:45 +0800] "GET /xingrg/check_reg.html?_=1644468221415 HTTP/1.1" 200 22
58.39.168.32 - - [10/Feb/2022:12:44:45 +0800] "GET /xingrg/all/function/internal_message.html?_=1644468221418&CODE_STATE=getMsg HTTP/1.1" 200 27
222.70.223.103 - - [10/Feb/2022:12:44:47 +0800] "GET /xingrg/all/function/internal_message.html?_=1644468283531&CODE_STATE=getMsg HTTP/1.1" 200 27
116.232.54.96 - - [10/Feb/2022:12:44:52 +0800] "GET /xingrg/all/function/internal_message.html?_=1644468290654&CODE_STATE=getMsg HTTP/1.1" 200 27
180.169.147.146 - - [10/Feb/2022:12:44:55 +0800] "GET /xingrg/all/function/internal_message.html?_=1644468290503&CODE_STATE=getMsg HTTP/1.1" 200 27
180.152.99.39 - - [10/Feb/2022:12:44:59 +0800] "GET /xingrg/all/function/internal_message.html?_=1644468214258&CODE_STATE=getMsg HTTP/1.1" 200 27
101.85.120.86 - - [10/Feb/2022:12:45:01 +0800] "GET /xingrg/all/function/internal_message.html?_=1644468297294&CODE_STATE=getMsg HTTP/1.1" 200 27
222.70.179.43 - - [10/Feb/2022:12:45:02 +0800] "GET /xingrg/all/function/internal_message.html?_=1644468298591&CODE_STATE=getMsg HTTP/1.1" 200 27
222.70.179.43 - - [10/Feb/2022:12:45:02 +0800] "GET /xingrg/check_reg.html?_=1644468298905 HTTP/1.1" 200 22
124.79.79.90 - - [10/Feb/2022:12:45:04 +0800] "GET /xingrg/all/function/internal_message.html?_=1644468302559&CODE_STATE=getMsg HTTP/1.1" 200 27
124.79.79.90 - - [10/Feb/2022:12:45:08 +0800] "GET /xingrg/check_reg.html?_=1644468306577 HTTP/1.1" 200 22
124.78.153.118 - - [10/Feb/2022:12:45:13 +0800] "GET /xingrg/all/function/internal_message.html?_=1644468309600&CODE_STATE=getMsg HTTP/1.1" 200 27
58.40.7.146 - - [10/Feb/2022:12:45:15 +0800] "GET /xingrg/all/function/internal_message.html?_=1644468313305&CODE_STATE=getMsg HTTP/1.1" 200 27
101.89.239.120 - - [10/Feb/2022:12:45:18 +0800] "GET /xingrg/all/function/internal_message.html?_=1644464950972&CODE_STATE=getMsg HTTP/1.1" 302 -
101.89.239.120 - - [10/Feb/2022:12:45:20 +0800] "GET /xingrg/login.html HTTP/1.1" 200 7641
222.70.182.51 - - [10/Feb/2022:12:45:29 +0800] "POST /xingrg/services/DataTransmitService HTTP/1.1" 200 524
222.70.182.51 - - [10/Feb/2022:12:45:30 +0800] "POST /xingrg/services/DataTransmitService HTTP/1.1" 200 2415
222.70.182.51 - - [10/Feb/2022:12:45:31 +0800] "POST /xingrg/services/DataTransmitService HTTP/1.1" 200 163476
58.39.168.32 - - [10/Feb/2022:12:45:35 +0800] "GET /xingrg/all/function/internal_message.html?_=1644468332848&CODE_STATE=getMsg HTTP/1.1" 200 27
120.253.135.82 - - [10/Feb/2022:12:45:40 +0800] "GET /xingrg/all/function/internal_message.html?_=1644468469445&CODE_STATE=getMsg HTTP/1.1" 200 27
222.70.243.96 - - [10/Feb/2022:12:45:41 +0800] "GET /xingrg/all/function/internal_message.html?_=1644468351725&CODE_STATE=getMsg HTTP/1.1" 302 -
222.70.243.96 - - [10/Feb/2022:12:45:42 +0800] "GET /xingrg/all/function/internal_message.html?_=1644468354243&CODE_STATE=getMsg HTTP/1.1" 200 27
58.39.168.32 - - [10/Feb/2022:12:45:45 +0800] "GET /xingrg/all/function/internal_message.html?_=1644468281417&CODE_STATE=getMsg HTTP/1.1" 200 27
222.70.223.103 - - [10/Feb/2022:12:45:47 +0800] "GET /xingrg/all/function/internal_message.html?_=1644468343504&CODE_STATE=getMsg HTTP/1.1" 200 27
116.232.54.96 - - [10/Feb/2022:12:45:52 +0800] "GET /xingrg/all/function/internal_message.html?_=1644468350656&CODE_STATE=getMsg HTTP/1.1" 200 27
180.169.147.146 - - [10/Feb/2022:12:45:55 +0800] "GET /xingrg/all/function/internal_message.html?_=1644468350485&CODE_STATE=getMsg HTTP/1.1" 200 27
180.152.99.39 - - [10/Feb/2022:12:45:59 +0800] "GET /xingrg/all/function/internal_message.html?_=1644468274259&CODE_STATE=getMsg HTTP/1.1" 200 27
101.85.120.86 - - [10/Feb/2022:12:46:01 +0800] "GET /xingrg/all/function/internal_message.html?_=1644468357300&CODE_STATE=getMsg HTTP/1.1" 200 27
101.85.120.86 - - [10/Feb/2022:12:46:01 +0800] "GET /xingrg/check_reg.html?_=1644468357295 HTTP/1.1" 200 22
222.70.179.43 - - [10/Feb/2022:12:46:02 +0800] "GET /xingrg/all/function/internal_message.html?_=1644468358602&CODE_STATE=getMsg HTTP/1.1" 200 27
124.79.79.90 - - [10/Feb/2022:12:46:04 +0800] "GET /xingrg/all/function/internal_message.html?_=1644468362533&CODE_STATE=getMsg HTTP/1.1" 200 27
124.78.153.118 - - [10/Feb/2022:12:46:13 +0800] "GET /xingrg/all/function/internal_message.html?_=1644468369579&CODE_STATE=getMsg HTTP/1.1" 200 27
58.40.7.146 - - [10/Feb/2022:12:46:15 +0800] "GET /xingrg/all/function/internal_message.html?_=1644468373307&CODE_STATE=getMsg HTTP/1.1" 200 27
58.39.168.32 - - [10/Feb/2022:12:46:34 +0800] "GET /xingrg/all/function/internal_message.html?_=1644468392816&CODE_STATE=getMsg HTTP/1.1" 200 27
120.253.135.82 - - [10/Feb/2022:12:46:40 +0800] "GET /xingrg/check_reg.html?_=1644468529341 HTTP/1.1" 200 22
120.253.135.82 - - [10/Feb/2022:12:46:40 +0800] "GET /xingrg/all/function/internal_message.html?_=1644468529458&CODE_STATE=getMsg HTTP/1.1" 200 27
222.70.243.96 - - [10/Feb/2022:12:46:41 +0800] "GET /xingrg/all/function/internal_message.html?_=1644468411728&CODE_STATE=getMsg HTTP/1.1" 302 -
222.70.243.96 - - [10/Feb/2022:12:46:42 +0800] "GET /xingrg/all/function/internal_message.html?_=1644468414544&CODE_STATE=getMsg HTTP/1.1" 200 27
58.39.168.32 - - [10/Feb/2022:12:46:45 +0800] "GET /xingrg/all/function/internal_message.html?_=1644468341418&CODE_STATE=getMsg HTTP/1.1" 200 27
222.70.223.103 - - [10/Feb/2022:12:46:47 +0800] "GET /xingrg/all/function/internal_message.html?_=1644468403490&CODE_STATE=getMsg HTTP/1.1" 200 27
116.232.54.96 - - [10/Feb/2022:12:46:52 +0800] "GET /xingrg/all/function/internal_message.html?_=1644468410658&CODE_STATE=getMsg HTTP/1.1" 200 27
180.169.147.146 - - [10/Feb/2022:12:46:55 +0800] "GET /xingrg/all/function/internal_message.html?_=1644468410469&CODE_STATE=getMsg HTTP/1.1" 200 27
180.152.99.39 - - [10/Feb/2022:12:46:58 +0800] "GET /xingrg/check_reg.html?_=1644468332787 HTTP/1.1" 200 22
180.152.99.39 - - [10/Feb/2022:12:46:59 +0800] "GET /xingrg/all/function/internal_message.html?_=1644468334272&CODE_STATE=getMsg HTTP/1.1" 200 27
101.85.120.86 - - [10/Feb/2022:12:47:01 +0800] "GET /xingrg/all/function/internal_message.html?_=1644468417284&CODE_STATE=getMsg HTTP/1.1" 200 27
222.70.179.43 - - [10/Feb/2022:12:47:02 +0800] "GET /xingrg/all/function/internal_message.html?_=1644468418572&CODE_STATE=getMsg HTTP/1.1" 200 27
124.79.79.90 - - [10/Feb/2022:12:47:04 +0800] "GET /xingrg/all/function/internal_message.html?_=1644468422506&CODE_STATE=getMsg HTTP/1.1" 200 27
124.78.153.118 - - [10/Feb/2022:12:47:13 +0800] "GET /xingrg/all/function/internal_message.html?_=1644468429559&CODE_STATE=getMsg HTTP/1.1" 200 27
58.40.7.146 - - [10/Feb/2022:12:47:15 +0800] "GET /xingrg/all/function/internal_message.html?_=1644468433310&CODE_STATE=getMsg HTTP/1.1" 200 27
222.70.243.96 - - [10/Feb/2022:12:47:26 +0800] "GET /xingrg/check_reg.html?_=1644468456556 HTTP/1.1" 302 -
58.39.168.32 - - [10/Feb/2022:12:47:28 +0800] "POST /xingrg/services/DataTransmitService HTTP/1.1" 200 524
58.39.168.32 - - [10/Feb/2022:12:47:29 +0800] "POST /xingrg/services/DataTransmitService HTTP/1.1" 200 501
58.39.168.32 - - [10/Feb/2022:12:47:29 +0800] "POST /xingrg/services/DataTransmitService HTTP/1.1" 200 501
58.39.168.32 - - [10/Feb/2022:12:47:29 +0800] "POST /xingrg/services/DataTransmitService HTTP/1.1" 200 501
58.39.168.32 - - [10/Feb/2022:12:47:29 +0800] "POST /xingrg/services/DataTransmitService HTTP/1.1" 200 501
58.39.168.32 - - [10/Feb/2022:12:47:30 +0800] "POST /xingrg/services/DataTransmitService HTTP/1.1" 200 501
58.39.168.32 - - [10/Feb/2022:12:47:30 +0800] "POST /xingrg/services/DataTransmitService HTTP/1.1" 200 412
58.39.168.32 - - [10/Feb/2022:12:47:34 +0800] "GET /xingrg/all/function/internal_message.html?_=1644468452842&CODE_STATE=getMsg HTTP/1.1" 200 27
120.253.135.82 - - [10/Feb/2022:12:47:40 +0800] "GET /xingrg/all/function/internal_message.html?_=1644468589472&CODE_STATE=getMsg HTTP/1.1" 200 27
222.70.243.96 - - [10/Feb/2022:12:47:41 +0800] "GET /xingrg/all/function/internal_message.html?_=1644468471751&CODE_STATE=getMsg HTTP/1.1" 302 -
222.70.243.96 - - [10/Feb/2022:12:47:42 +0800] "GET /xingrg/all/function/internal_message.html?_=1644468474551&CODE_STATE=getMsg HTTP/1.1" 200 27
58.39.168.32 - - [10/Feb/2022:12:47:45 +0800] "GET /xingrg/all/function/internal_message.html?_=1644468401417&CODE_STATE=getMsg HTTP/1.1" 200 27
222.70.223.103 - - [10/Feb/2022:12:47:47 +0800] "GET /xingrg/all/function/internal_message.html?_=1644468463472&CODE_STATE=getMsg HTTP/1.1" 200 27
116.232.54.96 - - [10/Feb/2022:12:47:52 +0800] "GET /xingrg/all/function/internal_message.html?_=1644468470661&CODE_STATE=getMsg HTTP/1.1" 200 27
180.169.147.146 - - [10/Feb/2022:12:47:55 +0800] "GET /xingrg/all/function/internal_message.html?_=1644468470451&CODE_STATE=getMsg HTTP/1.1" 200 27
61.151.178.163 - - [10/Feb/2022:12:47:56 +0800] "GET /xingrg/all/function/internal_message.html?_=1644463271420&CODE_STATE=getMsg HTTP/1.1" 302 -
61.151.178.163 - - [10/Feb/2022:12:47:57 +0800] "GET /xingrg/login.html HTTP/1.1" 200 7641
180.152.99.39 - - [10/Feb/2022:12:47:59 +0800] "GET /xingrg/all/function/internal_message.html?_=1644468394287&CODE_STATE=getMsg HTTP/1.1" 200 27
101.85.120.86 - - [10/Feb/2022:12:48:01 +0800] "GET /xingrg/all/function/internal_message.html?_=1644468477285&CODE_STATE=getMsg HTTP/1.1" 200 27
222.70.179.43 - - [10/Feb/2022:12:48:02 +0800] "GET /xingrg/all/function/internal_message.html?_=1644468478556&CODE_STATE=getMsg HTTP/1.1" 200 27
124.79.79.90 - - [10/Feb/2022:12:48:04 +0800] "GET /xingrg/all/function/internal_message.html?_=1644468482477&CODE_STATE=getMsg HTTP/1.1" 200 27
124.78.153.118 - - [10/Feb/2022:12:48:13 +0800] "GET /xingrg/all/function/internal_message.html?_=1644468489535&CODE_STATE=getMsg HTTP/1.1" 200 27
58.40.7.146 - - [10/Feb/2022:12:48:15 +0800] "GET /xingrg/check_reg.html?_=1644468493313 HTTP/1.1" 200 22
58.40.7.146 - - [10/Feb/2022:12:48:15 +0800] "GET /xingrg/all/function/internal_message.html?_=1644468493315&CODE_STATE=getMsg HTTP/1.1" 200 27
180.169.147.146 - - [10/Feb/2022:12:48:31 +0800] "GET /xingrg/check_reg.html?_=1644468506488 HTTP/1.1" 200 22
58.39.168.32 - - [10/Feb/2022:12:48:34 +0800] "GET /xingrg/all/function/internal_message.html?_=1644468512841&CODE_STATE=getMsg HTTP/1.1" 200 27
120.253.135.82 - - [10/Feb/2022:12:48:40 +0800] "GET /xingrg/all/function/internal_message.html?_=1644468649487&CODE_STATE=getMsg HTTP/1.1" 200 27
222.70.243.96 - - [10/Feb/2022:12:48:41 +0800] "GET /xingrg/all/function/internal_message.html?_=1644468531755&CODE_STATE=getMsg HTTP/1.1" 302 -
222.70.243.96 - - [10/Feb/2022:12:48:42 +0800] "GET /xingrg/all/function/internal_message.html?_=1644468534851&CODE_STATE=getMsg HTTP/1.1" 200 27
58.39.168.32 - - [10/Feb/2022:12:48:45 +0800] "GET /xingrg/all/function/internal_message.html?_=1644468461418&CODE_STATE=getMsg HTTP/1.1" 200 27
222.70.223.103 - - [10/Feb/2022:12:48:47 +0800] "GET /xingrg/all/function/internal_message.html?_=1644468523448&CODE_STATE=getMsg HTTP/1.1" 200 27
222.70.223.103 - - [10/Feb/2022:12:48:48 +0800] "GET /xingrg/check_reg.html?_=1644468524470 HTTP/1.1" 200 22
101.89.239.245 - - [10/Feb/2022:12:48:50 +0800] "GET /xingrg/all/function/internal_message.html?_=1644465550718&CODE_STATE=getMsg HTTP/1.1" 302 -
101.89.239.245 - - [10/Feb/2022:12:48:51 +0800] "GET /xingrg/login.html HTTP/1.1" 200 7641
116.232.54.96 - - [10/Feb/2022:12:48:52 +0800] "GET /xingrg/all/function/internal_message.html?_=1644468530662&CODE_STATE=getMsg HTTP/1.1" 200 27
116.232.54.96 - - [10/Feb/2022:12:48:52 +0800] "GET /xingrg/check_reg.html?_=1644468530664 HTTP/1.1" 200 22
222.70.243.96 - - [10/Feb/2022:12:48:53 +0800] "GET /xingrg/check_reg.html?_=1644468545937 HTTP/1.1" 200 22
180.169.147.146 - - [10/Feb/2022:12:48:55 +0800] "GET /xingrg/all/function/internal_message.html?_=1644468530435&CODE_STATE=getMsg HTTP/1.1" 200 27
180.152.99.39 - - [10/Feb/2022:12:48:59 +0800] "GET /xingrg/all/function/internal_message.html?_=1644468454300&CODE_STATE=getMsg HTTP/1.1" 200 27
101.85.120.86 - - [10/Feb/2022:12:49:01 +0800] "GET /xingrg/all/function/internal_message.html?_=1644468537286&CODE_STATE=getMsg HTTP/1.1" 200 27
222.70.179.43 - - [10/Feb/2022:12:49:02 +0800] "GET /xingrg/all/function/internal_message.html?_=1644468538541&CODE_STATE=getMsg HTTP/1.1" 200 27
124.78.153.118 - - [10/Feb/2022:12:49:03 +0800] "GET /xingrg/check_reg.html?_=1644468540073 HTTP/1.1" 200 22
124.79.79.90 - - [10/Feb/2022:12:49:04 +0800] "GET /xingrg/all/function/internal_message.html?_=1644468542447&CODE_STATE=getMsg HTTP/1.1" 200 27
124.78.153.118 - - [10/Feb/2022:12:49:13 +0800] "GET /xingrg/all/function/internal_message.html?_=1644468549509&CODE_STATE=getMsg HTTP/1.1" 200 27
58.40.7.146 - - [10/Feb/2022:12:49:15 +0800] "GET /xingrg/all/function/internal_message.html?_=1644468553315&CODE_STATE=getMsg HTTP/1.1" 200 27
61.151.207.141 - - [10/Feb/2022:12:49:21 +0800] "GET /xingrg/all/function/internal_message.html?_=1644466090511&CODE_STATE=getMsg HTTP/1.1" 302 -
61.151.207.141 - - [10/Feb/2022:12:49:21 +0800] "GET /xingrg/login.html HTTP/1.1" 200 7641
58.39.168.32 - - [10/Feb/2022:12:49:34 +0800] "GET /xingrg/all/function/internal_message.html?_=1644468572844&CODE_STATE=getMsg HTTP/1.1" 200 27
58.39.168.32 - - [10/Feb/2022:12:49:34 +0800] "GET /xingrg/check_reg.html?_=1644468572842 HTTP/1.1" 200 22
120.253.135.82 - - [10/Feb/2022:12:49:40 +0800] "GET /xingrg/all/function/internal_message.html?_=1644468709502&CODE_STATE=getMsg HTTP/1.1" 200 27
222.70.243.96 - - [10/Feb/2022:12:49:41 +0800] "GET /xingrg/all/function/internal_message.html?_=1644468591778&CODE_STATE=getMsg HTTP/1.1" 302 -
222.70.243.96 - - [10/Feb/2022:12:49:42 +0800] "GET /xingrg/all/function/internal_message.html?_=1644468594860&CODE_STATE=getMsg HTTP/1.1" 200 27
58.39.168.32 - - [10/Feb/2022:12:49:45 +0800] "GET /xingrg/check_reg.html?_=1644468521417 HTTP/1.1" 200 22
58.39.168.32 - - [10/Feb/2022:12:49:45 +0800] "GET /xingrg/all/function/internal_message.html?_=1644468521420&CODE_STATE=getMsg HTTP/1.1" 200 27
222.70.223.103 - - [10/Feb/2022:12:49:47 +0800] "GET /xingrg/all/function/internal_message.html?_=1644468583430&CODE_STATE=getMsg HTTP/1.1" 200 27
116.232.54.96 - - [10/Feb/2022:12:49:52 +0800] "GET /xingrg/all/function/internal_message.html?_=1644468590666&CODE_STATE=getMsg HTTP/1.1" 200 27
180.169.147.146 - - [10/Feb/2022:12:49:55 +0800] "GET /xingrg/all/function/internal_message.html?_=1644468590419&CODE_STATE=getMsg HTTP/1.1" 200 27
180.152.99.39 - - [10/Feb/2022:12:49:59 +0800] "GET /xingrg/all/function/internal_message.html?_=1644468514325&CODE_STATE=getMsg HTTP/1.1" 200 27
101.85.120.86 - - [10/Feb/2022:12:50:01 +0800] "GET /xingrg/all/function/internal_message.html?_=1644468597288&CODE_STATE=getMsg HTTP/1.1" 200 27
222.70.179.43 - - [10/Feb/2022:12:50:02 +0800] "GET /xingrg/all/function/internal_message.html?_=1644468598527&CODE_STATE=getMsg HTTP/1.1" 200 27
222.70.179.43 - - [10/Feb/2022:12:50:02 +0800] "GET /xingrg/check_reg.html?_=1644468598936 HTTP/1.1" 200 22
124.79.79.90 - - [10/Feb/2022:12:50:04 +0800] "GET /xingrg/all/function/internal_message.html?_=1644468602433&CODE_STATE=getMsg HTTP/1.1" 200 27
124.79.79.90 - - [10/Feb/2022:12:50:08 +0800] "GET /xingrg/check_reg.html?_=1644468606577 HTTP/1.1" 200 22
124.78.153.118 - - [10/Feb/2022:12:50:13 +0800] "GET /xingrg/all/function/internal_message.html?_=1644468609486&CODE_STATE=getMsg HTTP/1.1" 200 27
101.89.239.120 - - [10/Feb/2022:12:50:14 +0800] "GET /xingrg/all/function/internal_message.html?_=1644460572151&CODE_STATE=getMsg HTTP/1.1" 302 -
58.40.7.146 - - [10/Feb/2022:12:50:15 +0800] "GET /xingrg/all/function/internal_message.html?_=1644468613303&CODE_STATE=getMsg HTTP/1.1" 200 27
101.89.239.120 - - [10/Feb/2022:12:50:16 +0800] "GET /xingrg/login.html HTTP/1.1" 200 7641
58.39.168.32 - - [10/Feb/2022:12:50:34 +0800] "GET /xingrg/all/function/internal_message.html?_=1644468632844&CODE_STATE=getMsg HTTP/1.1" 200 27
120.253.135.82 - - [10/Feb/2022:12:50:40 +0800] "GET /xingrg/all/function/internal_message.html?_=1644468769512&CODE_STATE=getMsg HTTP/1.1" 200 27
222.70.243.96 - - [10/Feb/2022:12:50:41 +0800] "GET /xingrg/all/function/internal_message.html?_=1644468651783&CODE_STATE=getMsg HTTP/1.1" 302 -
222.70.243.96 - - [10/Feb/2022:12:50:42 +0800] "GET /xingrg/all/function/internal_message.html?_=1644468654873&CODE_STATE=getMsg HTTP/1.1" 200 27
58.39.168.32 - - [10/Feb/2022:12:50:45 +0800] "GET /xingrg/all/function/internal_message.html?_=1644468581451&CODE_STATE=getMsg HTTP/1.1" 200 27
222.70.223.103 - - [10/Feb/2022:12:50:47 +0800] "GET /xingrg/all/function/internal_message.html?_=1644468643410&CODE_STATE=getMsg HTTP/1.1" 200 27
116.232.54.96 - - [10/Feb/2022:12:50:52 +0800] "GET /xingrg/all/function/internal_message.html?_=1644468650668&CODE_STATE=getMsg HTTP/1.1" 200 27
101.91.60.88 - - [10/Feb/2022:12:50:54 +0800] "GET /xingrg/all/function/internal_message.html?_=1644459850773&CODE_STATE=getMsg HTTP/1.1" 302 -
180.169.147.146 - - [10/Feb/2022:12:50:55 +0800] "GET /xingrg/all/function/internal_message.html?_=1644468650402&CODE_STATE=getMsg HTTP/1.1" 200 27
101.91.60.88 - - [10/Feb/2022:12:50:56 +0800] "GET /xingrg/login.html HTTP/1.1" 200 7641
180.152.99.39 - - [10/Feb/2022:12:50:59 +0800] "GET /xingrg/all/function/internal_message.html?_=1644468574328&CODE_STATE=getMsg HTTP/1.1" 200 27
101.85.120.86 - - [10/Feb/2022:12:51:01 +0800] "GET /xingrg/check_reg.html?_=1644468657294 HTTP/1.1" 200 22
101.85.120.86 - - [10/Feb/2022:12:51:01 +0800] "GET /xingrg/all/function/internal_message.html?_=1644468657289&CODE_STATE=getMsg HTTP/1.1" 200 27
222.70.179.43 - - [10/Feb/2022:12:51:02 +0800] "GET /xingrg/all/function/internal_message.html?_=1644468658497&CODE_STATE=getMsg HTTP/1.1" 200 27
124.79.79.90 - - [10/Feb/2022:12:51:04 +0800] "GET /xingrg/all/function/internal_message.html?_=1644468662406&CODE_STATE=getMsg HTTP/1.1" 200 27
124.78.153.118 - - [10/Feb/2022:12:51:13 +0800] "GET /xingrg/all/function/internal_message.html?_=1644468669460&CODE_STATE=getMsg HTTP/1.1" 200 27
58.40.7.146 - - [10/Feb/2022:12:51:15 +0800] "GET /xingrg/all/function/internal_message.html?_=1644468673306&CODE_STATE=getMsg HTTP/1.1" 200 27
58.39.168.32 - - [10/Feb/2022:12:51:34 +0800] "GET /xingrg/all/function/internal_message.html?_=1644468692844&CODE_STATE=getMsg HTTP/1.1" 200 27
101.80.226.190 - - [10/Feb/2022:12:51:35 +0800] "POST /xingrg/services/DataTransmitService HTTP/1.1" 200 524
120.253.135.82 - - [10/Feb/2022:12:51:40 +0800] "GET /xingrg/check_reg.html?_=1644468829344 HTTP/1.1" 200 22
120.253.135.82 - - [10/Feb/2022:12:51:40 +0800] "GET /xingrg/all/function/internal_message.html?_=1644468829526&CODE_STATE=getMsg HTTP/1.1" 200 27
222.70.243.96 - - [10/Feb/2022:12:51:41 +0800] "GET /xingrg/all/function/internal_message.html?_=1644468711807&CODE_STATE=getMsg HTTP/1.1" 302 -
61.151.178.180 - - [10/Feb/2022:12:51:42 +0800] "GET /xingrg/kc/mdqp/pssh_order_info.html?code=312021100600164 HTTP/1.1" 302 -
222.70.243.96 - - [10/Feb/2022:12:51:43 +0800] "GET /xingrg/all/function/internal_message.html?_=1644468715184&CODE_STATE=getMsg HTTP/1.1" 200 27
61.151.178.180 - - [10/Feb/2022:12:51:43 +0800] "GET /xingrg/login.html HTTP/1.1" 200 7641
58.39.168.32 - - [10/Feb/2022:12:51:45 +0800] "GET /xingrg/all/function/internal_message.html?_=1644468641423&CODE_STATE=getMsg HTTP/1.1" 200 27
222.70.223.103 - - [10/Feb/2022:12:51:47 +0800] "GET /xingrg/all/function/internal_message.html?_=1644468703392&CODE_STATE=getMsg HTTP/1.1" 200 27
116.232.54.96 - - [10/Feb/2022:12:51:52 +0800] "GET /xingrg/all/function/internal_message.html?_=1644468710670&CODE_STATE=getMsg HTTP/1.1" 200 27
180.169.147.146 - - [10/Feb/2022:12:51:55 +0800] "GET /xingrg/all/function/internal_message.html?_=1644468710387&CODE_STATE=getMsg HTTP/1.1" 200 27
180.152.99.39 - - [10/Feb/2022:12:51:58 +0800] "GET /xingrg/check_reg.html?_=1644468632792 HTTP/1.1" 200 22
180.152.99.39 - - [10/Feb/2022:12:51:59 +0800] "GET /xingrg/all/function/internal_message.html?_=1644468634341&CODE_STATE=getMsg HTTP/1.1" 200 27
101.85.120.86 - - [10/Feb/2022:12:52:01 +0800] "GET /xingrg/all/function/internal_message.html?_=1644468717294&CODE_STATE=getMsg HTTP/1.1" 200 27
222.70.179.43 - - [10/Feb/2022:12:52:02 +0800] "GET /xingrg/all/function/internal_message.html?_=1644468718467&CODE_STATE=getMsg HTTP/1.1" 200 27
101.91.62.89 - - [10/Feb/2022:12:52:03 +0800] "GET /xingrg/kc/print/load_data.html?order_code=212022021001900&kc_code=cgsh&condition= HTTP/1.1" 302 -
124.79.79.90 - - [10/Feb/2022:12:52:04 +0800] "GET /xingrg/all/function/internal_message.html?_=1644468722377&CODE_STATE=getMsg HTTP/1.1" 200 27
101.91.62.89 - - [10/Feb/2022:12:52:04 +0800] "GET /xingrg/login.html HTTP/1.1" 200 7641
124.78.153.118 - - [10/Feb/2022:12:52:13 +0800] "GET /xingrg/all/function/internal_message.html?_=1644468729441&CODE_STATE=getMsg HTTP/1.1" 200 27
58.40.7.146 - - [10/Feb/2022:12:52:15 +0800] "GET /xingrg/all/function/internal_message.html?_=1644468733308&CODE_STATE=getMsg HTTP/1.1" 200 27
222.70.243.96 - - [10/Feb/2022:12:52:26 +0800] "GET /xingrg/check_reg.html?_=1644468756553 HTTP/1.1" 302 -
58.39.168.32 - - [10/Feb/2022:12:52:34 +0800] "GET /xingrg/all/function/internal_message.html?_=1644468752845&CODE_STATE=getMsg HTTP/1.1" 200 27
120.253.135.82 - - [10/Feb/2022:12:52:40 +0800] "GET /xingrg/all/function/internal_message.html?_=1644468889540&CODE_STATE=getMsg HTTP/1.1" 200 27
222.70.243.96 - - [10/Feb/2022:12:52:41 +0800] "GET /xingrg/all/function/internal_message.html?_=1644468771811&CODE_STATE=getMsg HTTP/1.1" 302 -
222.70.243.96 - - [10/Feb/2022:12:52:43 +0800] "GET /xingrg/all/function/internal_message.html?_=1644468775196&CODE_STATE=getMsg HTTP/1.1" 200 27
58.39.168.32 - - [10/Feb/2022:12:52:45 +0800] "GET /xingrg/all/function/internal_message.html?_=1644468701424&CODE_STATE=getMsg HTTP/1.1" 200 27
222.70.223.103 - - [10/Feb/2022:12:52:47 +0800] "GET /xingrg/all/function/internal_message.html?_=1644468763367&CODE_STATE=getMsg HTTP/1.1" 200 27
116.232.54.96 - - [10/Feb/2022:12:52:52 +0800] "GET /xingrg/all/function/internal_message.html?_=1644468770663&CODE_STATE=getMsg HTTP/1.1" 200 27
180.169.147.146 - - [10/Feb/2022:12:52:54 +0800] "GET /xingrg/all/function/internal_message.html?_=1644468770370&CODE_STATE=getMsg HTTP/1.1" 200 27
180.152.99.39 - - [10/Feb/2022:12:52:59 +0800] "GET /xingrg/all/function/internal_message.html?_=1644468694355&CODE_STATE=getMsg HTTP/1.1" 200 27
101.85.120.86 - - [10/Feb/2022:12:53:01 +0800] "GET /xingrg/all/function/internal_message.html?_=1644468777297&CODE_STATE=getMsg HTTP/1.1" 200 27
222.70.179.43 - - [10/Feb/2022:12:53:02 +0800] "GET /xingrg/all/function/internal_message.html?_=1644468778451&CODE_STATE=getMsg HTTP/1.1" 200 27
124.79.79.90 - - [10/Feb/2022:12:53:04 +0800] "GET /xingrg/all/function/internal_message.html?_=1644468782364&CODE_STATE=getMsg HTTP/1.1" 200 27
61.151.207.205 - - [10/Feb/2022:12:53:09 +0800] "GET /xingrg/all/function/internal_message.html?_=1644466210464&CODE_STATE=getMsg HTTP/1.1" 302 -
61.151.207.205 - - [10/Feb/2022:12:53:09 +0800] "GET /xingrg/login.html HTTP/1.1" 200 7641
124.78.153.118 - - [10/Feb/2022:12:53:13 +0800] "GET /xingrg/all/function/internal_message.html?_=1644468789423&CODE_STATE=getMsg HTTP/1.1" 200 27
58.40.7.146 - - [10/Feb/2022:12:53:15 +0800] "GET /xingrg/check_reg.html?_=1644468793312 HTTP/1.1" 200 22
58.40.7.146 - - [10/Feb/2022:12:53:15 +0800] "GET /xingrg/all/function/internal_message.html?_=1644468793311&CODE_STATE=getMsg HTTP/1.1" 200 27
61.151.178.249 - - [10/Feb/2022:12:53:22 +0800] "GET /xingrg/all/function/internal_message.html?_=1644465130890&CODE_STATE=getMsg HTTP/1.1" 302 -
61.151.178.249 - - [10/Feb/2022:12:53:22 +0800] "GET /xingrg/login.html HTTP/1.1" 200 7641
180.169.147.146 - - [10/Feb/2022:12:53:31 +0800] "GET /xingrg/check_reg.html?_=1644468806470 HTTP/1.1" 200 22
58.39.168.32 - - [10/Feb/2022:12:53:34 +0800] "GET /xingrg/all/function/internal_message.html?_=1644468812845&CODE_STATE=getMsg HTTP/1.1" 200 27
120.253.135.82 - - [10/Feb/2022:12:53:40 +0800] "GET /xingrg/all/function/internal_message.html?_=1644468949554&CODE_STATE=getMsg HTTP/1.1" 200 27
222.70.243.96 - - [10/Feb/2022:12:53:41 +0800] "GET /xingrg/all/function/internal_message.html?_=1644468831832&CODE_STATE=getMsg HTTP/1.1" 302 -
222.70.243.96 - - [10/Feb/2022:12:53:43 +0800] "GET /xingrg/all/function/internal_message.html?_=1644468835515&CODE_STATE=getMsg HTTP/1.1" 200 27
58.39.168.32 - - [10/Feb/2022:12:53:45 +0800] "GET /xingrg/all/function/internal_message.html?_=1644468761450&CODE_STATE=getMsg HTTP/1.1" 200 27
222.70.223.103 - - [10/Feb/2022:12:53:47 +0800] "GET /xingrg/all/function/internal_message.html?_=1644468823350&CODE_STATE=getMsg HTTP/1.1" 200 27
222.70.223.103 - - [10/Feb/2022:12:53:48 +0800] "GET /xingrg/check_reg.html?_=1644468824462 HTTP/1.1" 200 22
116.232.54.96 - - [10/Feb/2022:12:53:52 +0800] "GET /xingrg/all/function/internal_message.html?_=1644468830666&CODE_STATE=getMsg HTTP/1.1" 200 27
116.232.54.96 - - [10/Feb/2022:12:53:52 +0800] "GET /xingrg/check_reg.html?_=1644468830667 HTTP/1.1" 200 22
222.70.243.96 - - [10/Feb/2022:12:53:53 +0800] "GET /xingrg/check_reg.html?_=1644468845952 HTTP/1.1" 200 22
180.169.147.146 - - [10/Feb/2022:12:53:54 +0800] "GET /xingrg/all/function/internal_message.html?_=1644468830354&CODE_STATE=getMsg HTTP/1.1" 200 27
180.152.99.39 - - [10/Feb/2022:12:53:59 +0800] "GET /xingrg/all/function/internal_message.html?_=1644468754368&CODE_STATE=getMsg HTTP/1.1" 200 27
101.85.120.86 - - [10/Feb/2022:12:54:01 +0800] "GET /xingrg/all/function/internal_message.html?_=1644468837290&CODE_STATE=getMsg HTTP/1.1" 200 27
222.70.179.43 - - [10/Feb/2022:12:54:02 +0800] "GET /xingrg/all/function/internal_message.html?_=1644468838436&CODE_STATE=getMsg HTTP/1.1" 200 27
124.78.153.118 - - [10/Feb/2022:12:54:03 +0800] "GET /xingrg/check_reg.html?_=1644468840052 HTTP/1.1" 200 22
124.79.79.90 - - [10/Feb/2022:12:54:04 +0800] "GET /xingrg/all/function/internal_message.html?_=1644468842338&CODE_STATE=getMsg HTTP/1.1" 200 27
124.78.153.118 - - [10/Feb/2022:12:54:13 +0800] "GET /xingrg/all/function/internal_message.html?_=1644468849391&CODE_STATE=getMsg HTTP/1.1" 200 27
58.40.7.146 - - [10/Feb/2022:12:54:15 +0800] "GET /xingrg/all/function/internal_message.html?_=1644468853314&CODE_STATE=getMsg HTTP/1.1" 200 27
61.151.178.165 - - [10/Feb/2022:12:54:33 +0800] "GET /xingrg/all/function/internal_message.html?_=1644466630281&CODE_STATE=getMsg HTTP/1.1" 302 -
61.151.178.165 - - [10/Feb/2022:12:54:34 +0800] "GET /xingrg/login.html HTTP/1.1" 200 7641
58.39.168.32 - - [10/Feb/2022:12:54:35 +0800] "GET /xingrg/check_reg.html?_=1644468872846 HTTP/1.1" 200 22
