222.70.243.96 - - [10/Feb/2022:11:41:40 +0800] "GET /xingrg/all/function/internal_message.html?_=1644464510855&CODE_STATE=getMsg HTTP/1.1" 302 -
58.39.168.32 - - [10/Feb/2022:11:41:41 +0800] "POST /xingrg/kc/base/stock_operate.html HTTP/1.1" 200 4379
222.70.179.43 - - [10/Feb/2022:11:41:44 +0800] "GET /xingrg/all/function/internal_message.html?_=1644464501207&CODE_STATE=getMsg HTTP/1.1" 200 27
58.39.168.32 - - [10/Feb/2022:11:41:46 +0800] "POST /xingrg/kc/base/stock_operate.html HTTP/1.1" 200 4377
58.39.168.32 - - [10/Feb/2022:11:41:46 +0800] "GET /xingrg/all/function/internal_message.html?_=1644464442204&CODE_STATE=getMsg HTTP/1.1" 200 27
222.70.223.103 - - [10/Feb/2022:11:41:48 +0800] "GET /xingrg/all/function/internal_message.html?_=1644464504461&CODE_STATE=getMsg HTTP/1.1" 200 27
116.232.54.96 - - [10/Feb/2022:11:41:52 +0800] "GET /xingrg/all/function/internal_message.html?_=1644464510497&CODE_STATE=getMsg HTTP/1.1" 200 27
180.169.147.146 - - [10/Feb/2022:11:41:56 +0800] "GET /xingrg/all/function/internal_message.html?_=1644464511429&CODE_STATE=getMsg HTTP/1.1" 200 27
222.70.179.43 - - [10/Feb/2022:11:41:56 +0800] "GET /xingrg/kc/buy/cgsh_order_operate.html?command=get_materiel&rest_code=00111&code=00101006038&supplier_code=00100012&order_time=2022-02-10 HTTP/1.1" 200 441
180.152.99.39 - - [10/Feb/2022:11:41:57 +0800] "GET /xingrg/check_reg.html?_=1644464432577 HTTP/1.1" 200 22
180.152.99.39 - - [10/Feb/2022:11:41:58 +0800] "GET /xingrg/all/function/internal_message.html?_=1644464433312&CODE_STATE=getMsg HTTP/1.1" 200 27
124.79.79.90 - - [10/Feb/2022:11:42:06 +0800] "GET /xingrg/all/function/internal_message.html?_=1644464524086&CODE_STATE=getMsg HTTP/1.1" 200 27
101.89.29.78 - - [10/Feb/2022:11:42:08 +0800] "GET /xingrg/all/function/internal_message.html?_=1644460752088&CODE_STATE=getMsg HTTP/1.1" 302 -
101.89.29.78 - - [10/Feb/2022:11:42:10 +0800] "GET /xingrg/login.html HTTP/1.1" 200 7641
124.78.153.118 - - [10/Feb/2022:11:42:14 +0800] "GET /xingrg/all/function/internal_message.html?_=1644464531139&CODE_STATE=getMsg HTTP/1.1" 200 27
58.40.7.146 - - [10/Feb/2022:11:42:15 +0800] "GET /xingrg/all/function/internal_message.html?_=1644464533282&CODE_STATE=getMsg HTTP/1.1" 200 27
222.70.179.43 - - [10/Feb/2022:11:42:17 +0800] "GET /xingrg/kc/buy/cgsh_order_operate.html?command=get_materiel&rest_code=00111&code=00101006056&supplier_code=00100012&order_time=2022-02-10 HTTP/1.1" 200 433
58.39.168.32 - - [10/Feb/2022:11:42:19 +0800] "POST /xingrg/kc/base/stock_operate.html HTTP/1.1" 200 4279
120.253.135.82 - - [10/Feb/2022:11:42:24 +0800] "GET /xingrg/all/function/internal_message.html?_=1644464674236&CODE_STATE=getMsg HTTP/1.1" 200 27
222.70.243.96 - - [10/Feb/2022:11:42:26 +0800] "GET /xingrg/check_reg.html?_=1644464556464 HTTP/1.1" 302 -
114.88.155.114 - - [10/Feb/2022:11:42:26 +0800] "GET /xingrg/all/function/internal_message.html?_=1644464332395&CODE_STATE=getMsg HTTP/1.1" 200 27
101.91.60.88 - - [10/Feb/2022:11:42:30 +0800] "GET /xingrg/all/function/internal_message.html?_=1644461951628&CODE_STATE=getMsg HTTP/1.1" 302 -
101.91.60.88 - - [10/Feb/2022:11:42:31 +0800] "GET /xingrg/login.html HTTP/1.1" 200 7641
58.39.168.32 - - [10/Feb/2022:11:42:34 +0800] "GET /xingrg/all/function/internal_message.html?_=1644464552741&CODE_STATE=getMsg HTTP/1.1" 200 27
222.70.243.96 - - [10/Feb/2022:11:42:35 +0800] "GET /xingrg/all/function/internal_message.html?_=1644464567054&CODE_STATE=getMsg HTTP/1.1" 200 27
222.70.243.96 - - [10/Feb/2022:11:42:40 +0800] "GET /xingrg/all/function/internal_message.html?_=1644464570860&CODE_STATE=getMsg HTTP/1.1" 302 -
58.39.168.32 - - [10/Feb/2022:11:42:43 +0800] "POST /xingrg/kc/base/stock_operate.html HTTP/1.1" 200 4379
222.70.179.43 - - [10/Feb/2022:11:42:44 +0800] "GET /xingrg/all/function/internal_message.html?_=1644464561189&CODE_STATE=getMsg HTTP/1.1" 200 27
58.39.168.32 - - [10/Feb/2022:11:42:46 +0800] "GET /xingrg/all/function/internal_message.html?_=1644464502183&CODE_STATE=getMsg HTTP/1.1" 200 27
222.70.223.103 - - [10/Feb/2022:11:42:48 +0800] "GET /xingrg/all/function/internal_message.html?_=1644464564452&CODE_STATE=getMsg HTTP/1.1" 200 27
116.232.54.96 - - [10/Feb/2022:11:42:52 +0800] "GET /xingrg/all/function/internal_message.html?_=1644464570501&CODE_STATE=getMsg HTTP/1.1" 200 27
124.79.79.90 - - [10/Feb/2022:11:42:52 +0800] "POST /xingrg/kc/buy/cgsh_order_operate.html HTTP/1.1" 200 37
124.79.79.90 - - [10/Feb/2022:11:42:53 +0800] "POST /xingrg/kc/buy/cgsh_order_operate.html HTTP/1.1" 200 2654
58.39.168.32 - - [10/Feb/2022:11:42:54 +0800] "POST /xingrg/kc/base/stock_operate.html HTTP/1.1" 200 4377
180.169.147.146 - - [10/Feb/2022:11:42:56 +0800] "GET /xingrg/all/function/internal_message.html?_=1644464571413&CODE_STATE=getMsg HTTP/1.1" 200 27
180.152.99.39 - - [10/Feb/2022:11:42:58 +0800] "GET /xingrg/all/function/internal_message.html?_=1644464493326&CODE_STATE=getMsg HTTP/1.1" 200 27
124.79.79.90 - - [10/Feb/2022:11:43:00 +0800] "GET /xingrg/kc/buy/cgsh_order_add.html HTTP/1.1" 200 65557
124.79.79.90 - - [10/Feb/2022:11:43:00 +0800] "POST /xingrg/kc/buy/cgsh_order_operate.html HTTP/1.1" 200 8245
124.79.79.90 - - [10/Feb/2022:11:43:00 +0800] "GET /xingrg/javascript/easyui/themes/default/validatebox.css HTTP/1.1" 404 1104
124.79.79.90 - - [10/Feb/2022:11:43:06 +0800] "GET /xingrg/all/function/internal_message.html?_=1644464584070&CODE_STATE=getMsg HTTP/1.1" 200 27
222.70.223.103 - - [10/Feb/2022:11:43:07 +0800] "GET /xingrg/kc/buy/cgsh_order_operate.html?command=get_materiel&rest_code=00155&code=00101019529&supplier_code=00100037&order_time=2022-02-10 HTTP/1.1" 200 475
124.79.79.90 - - [10/Feb/2022:11:43:12 +0800] "GET /xingrg/kc/buy/cgsh_order_operate.html?command=get_materiel&rest_code=00156&code=00101008072&supplier_code=00100006&order_time=2022-02-10 HTTP/1.1" 200 408
124.78.153.118 - - [10/Feb/2022:11:43:14 +0800] "GET /xingrg/all/function/internal_message.html?_=1644464591113&CODE_STATE=getMsg HTTP/1.1" 200 27
58.40.7.146 - - [10/Feb/2022:11:43:15 +0800] "GET /xingrg/check_reg.html?_=1644464593285 HTTP/1.1" 200 22
58.40.7.146 - - [10/Feb/2022:11:43:15 +0800] "GET /xingrg/all/function/internal_message.html?_=1644464593286&CODE_STATE=getMsg HTTP/1.1" 200 27
58.39.168.32 - - [10/Feb/2022:11:43:15 +0800] "POST /xingrg/kc/base/stock_operate.html HTTP/1.1" 200 4375
124.79.79.90 - - [10/Feb/2022:11:43:22 +0800] "GET /xingrg/kc/buy/cgsh_order_operate.html?command=get_materiel&rest_code=00156&code=00101008149&supplier_code=00100006&order_time=2022-02-10 HTTP/1.1" 200 408
120.253.135.82 - - [10/Feb/2022:11:43:24 +0800] "GET /xingrg/all/function/internal_message.html?_=1644464734288&CODE_STATE=getMsg HTTP/1.1" 200 27
114.88.155.114 - - [10/Feb/2022:11:43:26 +0800] "GET /xingrg/all/function/internal_message.html?_=1644464392426&CODE_STATE=getMsg HTTP/1.1" 200 27
180.169.147.146 - - [10/Feb/2022:11:43:31 +0800] "GET /xingrg/check_reg.html?_=1644464606576 HTTP/1.1" 200 22
61.151.207.205 - - [10/Feb/2022:11:43:34 +0800] "GET /xingrg/kc/base/wldb_order_operate.html?command=get_materiel&rest_code=00106&base_code=0010396&code=00101019359 HTTP/1.1" 302 -
58.39.168.32 - - [10/Feb/2022:11:43:34 +0800] "GET /xingrg/all/function/internal_message.html?_=1644464612741&CODE_STATE=getMsg HTTP/1.1" 200 27
222.70.243.96 - - [10/Feb/2022:11:43:35 +0800] "GET /xingrg/all/function/internal_message.html?_=1644464627350&CODE_STATE=getMsg HTTP/1.1" 200 27
124.79.79.90 - - [10/Feb/2022:11:43:35 +0800] "GET /xingrg/kc/buy/cgsh_order_operate.html?command=get_materiel&rest_code=00156&code=00101008108&supplier_code=00100006&order_time=2022-02-10 HTTP/1.1" 200 434
61.151.207.205 - - [10/Feb/2022:11:43:36 +0800] "GET /xingrg/login.html HTTP/1.1" 200 7641
222.70.243.96 - - [10/Feb/2022:11:43:40 +0800] "GET /xingrg/all/function/internal_message.html?_=1644464630881&CODE_STATE=getMsg HTTP/1.1" 302 -
58.39.168.32 - - [10/Feb/2022:11:43:42 +0800] "POST /xingrg/kc/base/stock_operate.html HTTP/1.1" 200 4544
222.70.179.43 - - [10/Feb/2022:11:43:44 +0800] "GET /xingrg/all/function/internal_message.html?_=1644464621167&CODE_STATE=getMsg HTTP/1.1" 200 27
58.39.168.32 - - [10/Feb/2022:11:43:45 +0800] "POST /xingrg/kc/base/stock_operate.html HTTP/1.1" 200 4375
124.79.79.90 - - [10/Feb/2022:11:43:45 +0800] "GET /xingrg/kc/buy/cgsh_order_operate.html?command=get_materiel&rest_code=00156&code=00101008126&supplier_code=00100006&order_time=2022-02-10 HTTP/1.1" 200 412
58.39.168.32 - - [10/Feb/2022:11:43:46 +0800] "GET /xingrg/all/function/internal_message.html?_=1644464562165&CODE_STATE=getMsg HTTP/1.1" 200 27
222.70.223.103 - - [10/Feb/2022:11:43:48 +0800] "GET /xingrg/all/function/internal_message.html?_=1644464624466&CODE_STATE=getMsg HTTP/1.1" 200 27
222.70.223.103 - - [10/Feb/2022:11:43:48 +0800] "GET /xingrg/check_reg.html?_=1644464624469 HTTP/1.1" 200 22
58.39.168.32 - - [10/Feb/2022:11:43:49 +0800] "POST /xingrg/kc/base/stock_operate.html HTTP/1.1" 200 4544
180.169.147.146 - - [10/Feb/2022:11:43:51 +0800] "GET /xingrg/kc/base/wldb_order_list.html HTTP/1.1" 200 19025
180.169.147.146 - - [10/Feb/2022:11:43:51 +0800] "POST /xingrg/kc/base/wldb_list_operate.html HTTP/1.1" 200 928
116.232.54.96 - - [10/Feb/2022:11:43:52 +0800] "GET /xingrg/all/function/internal_message.html?_=1644464630503&CODE_STATE=getMsg HTTP/1.1" 200 27
116.232.54.96 - - [10/Feb/2022:11:43:52 +0800] "GET /xingrg/check_reg.html?_=1644464630503 HTTP/1.1" 200 22
180.169.147.146 - - [10/Feb/2022:11:43:52 +0800] "GET /xingrg/kc/base/wldb_order_add.html HTTP/1.1" 200 30239
180.169.147.146 - - [10/Feb/2022:11:43:52 +0800] "POST /xingrg/kc/base/wldb_order_operate.html HTTP/1.1" 200 6806
180.169.147.146 - - [10/Feb/2022:11:43:52 +0800] "GET /xingrg/all/common/auto_word.html?type=base&rest_code=00147 HTTP/1.1" 200 1803
180.169.147.146 - - [10/Feb/2022:11:43:52 +0800] "GET /xingrg/all/common/auto_word.html?type=base&rest_code=00147 HTTP/1.1" 200 1803
180.169.147.146 - - [10/Feb/2022:11:43:52 +0800] "GET /xingrg/javascript/easyui/themes/default/validatebox.css HTTP/1.1" 404 1104
124.79.79.90 - - [10/Feb/2022:11:43:53 +0800] "GET /xingrg/kc/buy/cgsh_order_operate.html?command=get_materiel&rest_code=00156&code=00101008321&supplier_code=00100006&order_time=2022-02-10 HTTP/1.1" 200 412
222.70.243.96 - - [10/Feb/2022:11:43:53 +0800] "GET /xingrg/check_reg.html?_=1644464645602 HTTP/1.1" 200 22
180.169.147.146 - - [10/Feb/2022:11:43:55 +0800] "POST /xingrg/all/common/load_combo.html?type=base HTTP/1.1" 200 3230
61.151.178.217 - - [10/Feb/2022:11:43:55 +0800] "GET /xingrg/all/function/internal_message.html?_=1644462791376&CODE_STATE=getMsg HTTP/1.1" 302 -
180.169.147.146 - - [10/Feb/2022:11:43:55 +0800] "GET /xingrg/all/function/internal_message.html?_=1644464631393&CODE_STATE=getMsg HTTP/1.1" 200 27
61.151.178.217 - - [10/Feb/2022:11:43:57 +0800] "GET /xingrg/login.html HTTP/1.1" 200 7641
180.169.147.146 - - [10/Feb/2022:11:43:58 +0800] "POST /xingrg/all/common/load_combo.html?type=base HTTP/1.1" 200 3230
180.152.99.39 - - [10/Feb/2022:11:43:58 +0800] "GET /xingrg/all/function/internal_message.html?_=1644464553339&CODE_STATE=getMsg HTTP/1.1" 200 27
222.70.223.103 - - [10/Feb/2022:11:44:00 +0800] "GET /xingrg/kc/buy/cgsh_order_operate.html?command=get_materiel&rest_code=00155&code=00101008558&supplier_code=00100037&order_time=2022-02-10 HTTP/1.1" 200 416
58.39.168.32 - - [10/Feb/2022:11:44:00 +0800] "POST /xingrg/kc/base/stock_operate.html HTTP/1.1" 200 4613
124.79.79.90 - - [10/Feb/2022:11:44:03 +0800] "GET /xingrg/kc/buy/cgsh_order_operate.html?command=get_materiel&rest_code=00156&code=00101008061&supplier_code=00100006&order_time=2022-02-10 HTTP/1.1" 200 442
124.78.153.118 - - [10/Feb/2022:11:44:04 +0800] "GET /xingrg/check_reg.html?_=1644464640347 HTTP/1.1" 200 22
124.79.79.90 - - [10/Feb/2022:11:44:06 +0800] "GET /xingrg/all/function/internal_message.html?_=1644464644055&CODE_STATE=getMsg HTTP/1.1" 200 27
222.70.179.43 - - [10/Feb/2022:11:44:07 +0800] "GET /xingrg/kc/buy/cgsh_order_operate.html?command=get_materiel&rest_code=00111&code=00101006129&supplier_code=00100012&order_time=2022-02-10 HTTP/1.1" 200 451
180.169.147.146 - - [10/Feb/2022:11:44:08 +0800] "GET /xingrg/kc/base/wldb_order_operate.html?command=get_materiel&rest_code=00147&base_code=0010362&code=00101028009 HTTP/1.1" 200 462
180.169.147.146 - - [10/Feb/2022:11:44:12 +0800] "POST /xingrg/kc/base/wldb_order_operate.html HTTP/1.1" 200 37
180.169.147.146 - - [10/Feb/2022:11:44:13 +0800] "POST /xingrg/kc/base/wldb_order_operate.html HTTP/1.1" 200 2205
124.79.79.90 - - [10/Feb/2022:11:44:13 +0800] "GET /xingrg/kc/buy/cgsh_order_operate.html?command=get_materiel&rest_code=00156&code=00101009044&supplier_code=00100006&order_time=2022-02-10 HTTP/1.1" 200 433
180.169.147.146 - - [10/Feb/2022:11:44:14 +0800] "GET /xingrg/kc/base/wldb_order_info.html?code=422022021000857 HTTP/1.1" 200 30249
124.78.153.118 - - [10/Feb/2022:11:44:14 +0800] "GET /xingrg/all/function/internal_message.html?_=1644464651088&CODE_STATE=getMsg HTTP/1.1" 200 27
180.169.147.146 - - [10/Feb/2022:11:44:15 +0800] "GET /xingrg/javascript/easyui/themes/default/validatebox.css HTTP/1.1" 404 1104
58.40.7.146 - - [10/Feb/2022:11:44:15 +0800] "GET /xingrg/all/function/internal_message.html?_=1644464653287&CODE_STATE=getMsg HTTP/1.1" 200 27
180.169.147.146 - - [10/Feb/2022:11:44:15 +0800] "POST /xingrg/kc/base/wldb_order_operate.html HTTP/1.1" 200 2205
180.169.147.146 - - [10/Feb/2022:11:44:16 +0800] "GET /xingrg/kc/base/wldb_order_add.html HTTP/1.1" 200 30239
180.169.147.146 - - [10/Feb/2022:11:44:16 +0800] "POST /xingrg/kc/base/wldb_order_operate.html HTTP/1.1" 200 6806
180.169.147.146 - - [10/Feb/2022:11:44:17 +0800] "GET /xingrg/javascript/easyui/themes/default/validatebox.css HTTP/1.1" 404 1104
180.169.147.146 - - [10/Feb/2022:11:44:17 +0800] "POST /xingrg/all/common/load_combo.html?type=base HTTP/1.1" 200 3230
180.169.147.146 - - [10/Feb/2022:11:44:19 +0800] "POST /xingrg/all/common/load_combo.html?type=base HTTP/1.1" 200 3230
124.79.79.90 - - [10/Feb/2022:11:44:24 +0800] "GET /xingrg/kc/buy/cgsh_order_operate.html?command=get_materiel&rest_code=00156&code=00101008558&supplier_code=00100006&order_time=2022-02-10 HTTP/1.1" 200 416
120.253.135.82 - - [10/Feb/2022:11:44:24 +0800] "GET /xingrg/all/function/internal_message.html?_=1644464794295&CODE_STATE=getMsg HTTP/1.1" 200 27
114.88.155.114 - - [10/Feb/2022:11:44:26 +0800] "GET /xingrg/all/function/internal_message.html?_=1644464452430&CODE_STATE=getMsg HTTP/1.1" 200 27
180.169.147.146 - - [10/Feb/2022:11:44:30 +0800] "GET /xingrg/kc/base/wldb_order_operate.html?command=get_materiel&rest_code=00147&base_code=0010270&code=00101027001 HTTP/1.1" 200 471
58.39.168.32 - - [10/Feb/2022:11:44:34 +0800] "GET /xingrg/check_reg.html?_=1644464672741 HTTP/1.1" 200 22
58.39.168.32 - - [10/Feb/2022:11:44:34 +0800] "GET /xingrg/all/function/internal_message.html?_=1644464672744&CODE_STATE=getMsg HTTP/1.1" 200 27
222.70.243.96 - - [10/Feb/2022:11:44:35 +0800] "GET /xingrg/all/function/internal_message.html?_=1644464687362&CODE_STATE=getMsg HTTP/1.1" 200 27
124.79.79.90 - - [10/Feb/2022:11:44:35 +0800] "GET /xingrg/kc/buy/cgsh_order_operate.html?command=get_materiel&rest_code=00156&code=00101008350&supplier_code=00100006&order_time=2022-02-10 HTTP/1.1" 200 430
180.169.147.146 - - [10/Feb/2022:11:44:36 +0800] "GET /xingrg/kc/base/wldb_order_operate.html?command=get_materiel&rest_code=00147&base_code=0010270&code=00101019164 HTTP/1.1" 200 452
58.39.168.32 - - [10/Feb/2022:11:44:39 +0800] "POST /xingrg/kc/base/stock_operate.html HTTP/1.1" 200 4644
222.70.243.96 - - [10/Feb/2022:11:44:40 +0800] "GET /xingrg/all/function/internal_message.html?_=1644464690886&CODE_STATE=getMsg HTTP/1.1" 302 -
180.169.147.146 - - [10/Feb/2022:11:44:41 +0800] "GET /xingrg/kc/base/wldb_order_operate.html?command=get_materiel&rest_code=00147&base_code=0010270&code=00101019185 HTTP/1.1" 200 453
222.70.179.43 - - [10/Feb/2022:11:44:41 +0800] "GET /xingrg/check_reg.html?_=1644464677959 HTTP/1.1" 200 22
222.70.179.43 - - [10/Feb/2022:11:44:44 +0800] "GET /xingrg/all/function/internal_message.html?_=1644464681151&CODE_STATE=getMsg HTTP/1.1" 200 27
58.39.168.32 - - [10/Feb/2022:11:44:45 +0800] "GET /xingrg/check_reg.html?_=1644464621374 HTTP/1.1" 200 22
58.39.168.32 - - [10/Feb/2022:11:44:46 +0800] "GET /xingrg/all/function/internal_message.html?_=1644464622142&CODE_STATE=getMsg HTTP/1.1" 200 27
180.169.147.146 - - [10/Feb/2022:11:44:46 +0800] "GET /xingrg/kc/base/wldb_order_operate.html?command=get_materiel&rest_code=00147&base_code=0010270&code=00101019438 HTTP/1.1" 200 448
124.79.79.90 - - [10/Feb/2022:11:44:47 +0800] "GET /xingrg/kc/buy/cgsh_order_operate.html?command=get_materiel&rest_code=00156&code=00101008402&supplier_code=00100006&order_time=2022-02-10 HTTP/1.1" 200 430
222.70.223.103 - - [10/Feb/2022:11:44:48 +0800] "GET /xingrg/all/function/internal_message.html?_=1644464684462&CODE_STATE=getMsg HTTP/1.1" 200 27
222.70.223.103 - - [10/Feb/2022:11:44:49 +0800] "GET /xingrg/kc/buy/cgsh_order_operate.html?command=get_materiel&rest_code=00155&code=00101009015&supplier_code=00100037&order_time=2022-02-10 HTTP/1.1" 200 416
180.169.147.146 - - [10/Feb/2022:11:44:51 +0800] "GET /xingrg/kc/base/wldb_order_operate.html?command=get_materiel&rest_code=00147&base_code=0010270&code=00101016076 HTTP/1.1" 200 477
116.232.54.96 - - [10/Feb/2022:11:44:52 +0800] "GET /xingrg/all/function/internal_message.html?_=1644464690506&CODE_STATE=getMsg HTTP/1.1" 200 27
180.169.147.146 - - [10/Feb/2022:11:44:55 +0800] "GET /xingrg/all/function/internal_message.html?_=1644464691370&CODE_STATE=getMsg HTTP/1.1" 200 27
180.152.99.39 - - [10/Feb/2022:11:44:58 +0800] "GET /xingrg/all/function/internal_message.html?_=1644464613365&CODE_STATE=getMsg HTTP/1.1" 200 27
222.70.223.103 - - [10/Feb/2022:11:45:00 +0800] "GET /xingrg/kc/buy/cgsh_order_operate.html?command=get_materiel&rest_code=00155&code=00102014106&supplier_code=00100037&order_time=2022-02-10 HTTP/1.1" 200 417
180.169.147.146 - - [10/Feb/2022:11:45:02 +0800] "GET /xingrg/kc/base/wldb_order_operate.html?command=get_materiel&rest_code=00147&base_code=0010270&code=00101019283 HTTP/1.1" 200 450
124.79.79.90 - - [10/Feb/2022:11:45:03 +0800] "GET /xingrg/kc/buy/cgsh_order_operate.html?command=get_materiel&rest_code=00156&code=00101008535&supplier_code=00100006&order_time=2022-02-10 HTTP/1.1" 200 395
124.79.79.90 - - [10/Feb/2022:11:45:06 +0800] "GET /xingrg/all/function/internal_message.html?_=1644464704039&CODE_STATE=getMsg HTTP/1.1" 200 27
180.169.147.146 - - [10/Feb/2022:11:45:08 +0800] "GET /xingrg/kc/base/wldb_order_operate.html?command=get_materiel&rest_code=00147&base_code=0010270&code=00101019391 HTTP/1.1" 200 471
124.79.79.90 - - [10/Feb/2022:11:45:08 +0800] "GET /xingrg/check_reg.html?_=1644464706579 HTTP/1.1" 200 22
222.70.223.103 - - [10/Feb/2022:11:45:13 +0800] "GET /xingrg/kc/buy/cgsh_order_operate.html?command=get_materiel&rest_code=00155&code=00101015112&supplier_code=00100037&order_time=2022-02-10 HTTP/1.1" 200 422
124.78.153.118 - - [10/Feb/2022:11:45:14 +0800] "GET /xingrg/all/function/internal_message.html?_=1644464711064&CODE_STATE=getMsg HTTP/1.1" 200 27
58.40.7.146 - - [10/Feb/2022:11:45:15 +0800] "GET /xingrg/all/function/internal_message.html?_=1644464713290&CODE_STATE=getMsg HTTP/1.1" 200 27
180.169.147.146 - - [10/Feb/2022:11:45:17 +0800] "GET /xingrg/kc/base/wldb_order_operate.html?command=get_materiel&rest_code=00147&base_code=0010270&code=00101019536 HTTP/1.1" 200 471
180.169.147.146 - - [10/Feb/2022:11:45:23 +0800] "GET /xingrg/kc/base/wldb_order_operate.html?command=get_materiel&rest_code=00147&base_code=0010270&code=00101019071 HTTP/1.1" 200 455
120.253.135.82 - - [10/Feb/2022:11:45:25 +0800] "GET /xingrg/all/function/internal_message.html?_=1644464854347&CODE_STATE=getMsg HTTP/1.1" 200 27
114.88.155.114 - - [10/Feb/2022:11:45:26 +0800] "GET /xingrg/check_reg.html?_=1644464512430 HTTP/1.1" 200 22
114.88.155.114 - - [10/Feb/2022:11:45:26 +0800] "GET /xingrg/all/function/internal_message.html?_=1644464512432&CODE_STATE=getMsg HTTP/1.1" 200 27
180.169.147.146 - - [10/Feb/2022:11:45:31 +0800] "GET /xingrg/kc/base/wldb_order_operate.html?command=get_materiel&rest_code=00147&base_code=0010270&code=00101019267 HTTP/1.1" 200 481
58.39.168.32 - - [10/Feb/2022:11:45:34 +0800] "GET /xingrg/all/function/internal_message.html?_=1644464732744&CODE_STATE=getMsg HTTP/1.1" 200 27
222.70.243.96 - - [10/Feb/2022:11:45:35 +0800] "GET /xingrg/all/function/internal_message.html?_=1644464747376&CODE_STATE=getMsg HTTP/1.1" 200 27
222.70.243.96 - - [10/Feb/2022:11:45:40 +0800] "GET /xingrg/all/function/internal_message.html?_=1644464750909&CODE_STATE=getMsg HTTP/1.1" 302 -
180.169.147.146 - - [10/Feb/2022:11:45:41 +0800] "GET /xingrg/kc/base/wldb_order_operate.html?command=get_materiel&rest_code=00147&base_code=0010270&code=00101019253 HTTP/1.1" 200 467
58.39.168.32 - - [10/Feb/2022:11:45:42 +0800] "POST /xingrg/kc/base/stock_operate.html HTTP/1.1" 200 4610
222.70.179.43 - - [10/Feb/2022:11:45:44 +0800] "GET /xingrg/all/function/internal_message.html?_=1644464741122&CODE_STATE=getMsg HTTP/1.1" 200 27
58.39.168.32 - - [10/Feb/2022:11:45:46 +0800] "GET /xingrg/all/function/internal_message.html?_=1644464682114&CODE_STATE=getMsg HTTP/1.1" 200 27
222.70.223.103 - - [10/Feb/2022:11:45:48 +0800] "GET /xingrg/all/function/internal_message.html?_=1644464744461&CODE_STATE=getMsg HTTP/1.1" 200 27
180.169.147.146 - - [10/Feb/2022:11:45:50 +0800] "GET /xingrg/kc/base/wldb_order_operate.html?command=get_materiel&rest_code=00147&base_code=0010270&code=00101019750 HTTP/1.1" 200 442
116.232.54.96 - - [10/Feb/2022:11:45:52 +0800] "GET /xingrg/all/function/internal_message.html?_=1644464750507&CODE_STATE=getMsg HTTP/1.1" 200 27
180.169.147.146 - - [10/Feb/2022:11:45:55 +0800] "GET /xingrg/all/function/internal_message.html?_=1644464751353&CODE_STATE=getMsg HTTP/1.1" 200 27
180.152.99.39 - - [10/Feb/2022:11:45:58 +0800] "GET /xingrg/all/function/internal_message.html?_=1644464673367&CODE_STATE=getMsg HTTP/1.1" 200 27
180.169.147.146 - - [10/Feb/2022:11:46:01 +0800] "GET /xingrg/kc/base/wldb_order_operate.html?command=get_materiel&rest_code=00147&base_code=0010270&code=00101019310 HTTP/1.1" 200 464
124.79.79.90 - - [10/Feb/2022:11:46:06 +0800] "GET /xingrg/all/function/internal_message.html?_=1644464764012&CODE_STATE=getMsg HTTP/1.1" 200 27
180.169.147.146 - - [10/Feb/2022:11:46:08 +0800] "GET /xingrg/kc/base/wldb_order_operate.html?command=get_materiel&rest_code=00147&base_code=0010270&code=00101019276 HTTP/1.1" 200 460
58.39.168.32 - - [10/Feb/2022:11:46:08 +0800] "POST /xingrg/kc/base/stock_operate.html HTTP/1.1" 200 4627
124.78.153.118 - - [10/Feb/2022:11:46:14 +0800] "GET /xingrg/all/function/internal_message.html?_=1644464771043&CODE_STATE=getMsg HTTP/1.1" 200 27
58.40.7.146 - - [10/Feb/2022:11:46:15 +0800] "GET /xingrg/all/function/internal_message.html?_=1644464773277&CODE_STATE=getMsg HTTP/1.1" 200 27
58.39.168.32 - - [10/Feb/2022:11:46:17 +0800] "POST /xingrg/kc/base/stock_operate.html HTTP/1.1" 200 4670
180.169.147.146 - - [10/Feb/2022:11:46:17 +0800] "GET /xingrg/kc/base/wldb_order_operate.html?command=get_materiel&rest_code=00147&base_code=0010270&code=00101016046 HTTP/1.1" 200 459
120.253.135.82 - - [10/Feb/2022:11:46:20 +0800] "GET /xingrg/check_reg.html?_=1644464909477 HTTP/1.1" 200 22
222.70.179.43 - - [10/Feb/2022:11:46:20 +0800] "GET /xingrg/kc/buy/cgsh_order_operate.html?command=get_materiel&rest_code=00111&code=00101006058&supplier_code=00100012&order_time=2022-02-10 HTTP/1.1" 200 432
120.253.135.82 - - [10/Feb/2022:11:46:25 +0800] "GET /xingrg/all/function/internal_message.html?_=1644464914354&CODE_STATE=getMsg HTTP/1.1" 200 27
114.88.155.114 - - [10/Feb/2022:11:46:26 +0800] "GET /xingrg/all/function/internal_message.html?_=1644464572424&CODE_STATE=getMsg HTTP/1.1" 200 27
58.39.168.32 - - [10/Feb/2022:11:46:27 +0800] "POST /xingrg/kc/base/stock_operate.html HTTP/1.1" 200 4632
58.39.168.32 - - [10/Feb/2022:11:46:33 +0800] "POST /xingrg/kc/base/stock_operate.html HTTP/1.1" 200 4648
58.39.168.32 - - [10/Feb/2022:11:46:34 +0800] "GET /xingrg/all/function/internal_message.html?_=1644464792744&CODE_STATE=getMsg HTTP/1.1" 200 27
222.70.243.96 - - [10/Feb/2022:11:46:35 +0800] "GET /xingrg/all/function/internal_message.html?_=1644464807684&CODE_STATE=getMsg HTTP/1.1" 200 27
180.169.147.146 - - [10/Feb/2022:11:46:36 +0800] "GET /xingrg/kc/base/wldb_order_operate.html?command=get_materiel&rest_code=00147&base_code=0010270&code=00101019844 HTTP/1.1" 200 423
222.70.179.43 - - [10/Feb/2022:11:46:39 +0800] "GET /xingrg/kc/buy/cgsh_order_operate.html?command=get_materiel&rest_code=00111&code=00101006177&supplier_code=00100012&order_time=2022-02-10 HTTP/1.1" 200 429
222.70.243.96 - - [10/Feb/2022:11:46:40 +0800] "GET /xingrg/all/function/internal_message.html?_=1644464810914&CODE_STATE=getMsg HTTP/1.1" 302 -
58.39.168.32 - - [10/Feb/2022:11:46:41 +0800] "POST /xingrg/kc/base/stock_operate.html HTTP/1.1" 200 4615
180.169.147.146 - - [10/Feb/2022:11:46:42 +0800] "GET /xingrg/kc/base/wldb_order_operate.html?command=get_materiel&rest_code=00147&base_code=0010270&code=00101019183 HTTP/1.1" 200 435
222.70.179.43 - - [10/Feb/2022:11:46:44 +0800] "GET /xingrg/all/function/internal_message.html?_=1644464801104&CODE_STATE=getMsg HTTP/1.1" 200 27
58.39.168.32 - - [10/Feb/2022:11:46:46 +0800] "GET /xingrg/all/function/internal_message.html?_=1644464742092&CODE_STATE=getMsg HTTP/1.1" 200 27
180.169.147.146 - - [10/Feb/2022:11:46:48 +0800] "GET /xingrg/kc/base/wldb_order_operate.html?command=get_materiel&rest_code=00147&base_code=0010270&code=00101019400 HTTP/1.1" 200 451
222.70.223.103 - - [10/Feb/2022:11:46:48 +0800] "GET /xingrg/all/function/internal_message.html?_=1644464804469&CODE_STATE=getMsg HTTP/1.1" 200 27
58.39.168.32 - - [10/Feb/2022:11:46:49 +0800] "POST /xingrg/kc/base/stock_operate.html HTTP/1.1" 200 3137
61.151.179.84 - - [10/Feb/2022:11:46:51 +0800] "GET /xingrg/kc/base/wldb_order_operate.html?command=get_materiel&rest_code=00106&base_code=0010397&code=00101016094 HTTP/1.1" 302 -
116.232.54.96 - - [10/Feb/2022:11:46:52 +0800] "GET /xingrg/all/function/internal_message.html?_=1644464810512&CODE_STATE=getMsg HTTP/1.1" 200 27
61.151.179.84 - - [10/Feb/2022:11:46:52 +0800] "GET /xingrg/login.html HTTP/1.1" 200 7641
180.169.147.146 - - [10/Feb/2022:11:46:55 +0800] "GET /xingrg/all/function/internal_message.html?_=1644464811337&CODE_STATE=getMsg HTTP/1.1" 200 27
180.152.99.39 - - [10/Feb/2022:11:46:57 +0800] "GET /xingrg/check_reg.html?_=1644464732596 HTTP/1.1" 200 22
180.152.99.39 - - [10/Feb/2022:11:46:58 +0800] "GET /xingrg/all/function/internal_message.html?_=1644464733380&CODE_STATE=getMsg HTTP/1.1" 200 27
222.70.179.43 - - [10/Feb/2022:11:46:59 +0800] "GET /xingrg/kc/buy/cgsh_order_operate.html?command=get_materiel&rest_code=00111&code=00101006192&supplier_code=00100012&order_time=2022-02-10 HTTP/1.1" 200 409
180.169.147.146 - - [10/Feb/2022:11:46:59 +0800] "GET /xingrg/kc/base/wldb_order_operate.html?command=get_materiel&rest_code=00147&base_code=0010270&code=00101019339 HTTP/1.1" 200 456
180.169.147.146 - - [10/Feb/2022:11:47:00 +0800] "POST /xingrg/kc/base/wldb_order_operate.html HTTP/1.1" 200 1710
124.79.79.90 - - [10/Feb/2022:11:47:06 +0800] "GET /xingrg/all/function/internal_message.html?_=1644464823983&CODE_STATE=getMsg HTTP/1.1" 200 27
180.169.147.146 - - [10/Feb/2022:11:47:06 +0800] "POST /xingrg/kc/base/wldb_order_operate.html HTTP/1.1" 200 37
180.169.147.146 - - [10/Feb/2022:11:47:07 +0800] "POST /xingrg/kc/base/wldb_order_operate.html HTTP/1.1" 200 11235
124.79.79.90 - - [10/Feb/2022:11:47:08 +0800] "GET /xingrg/kc/buy/cgsh_order_operate.html?command=get_materiel&rest_code=00156&code=00101015006&supplier_code=00100006&order_time=2022-02-10 HTTP/1.1" 200 413
180.169.147.146 - - [10/Feb/2022:11:47:08 +0800] "GET /xingrg/kc/base/wldb_order_info.html?code=422022021000858 HTTP/1.1" 200 30256
101.91.62.89 - - [10/Feb/2022:11:47:08 +0800] "GET /xingrg/all/function/internal_message.html?_=1644461891654&CODE_STATE=getMsg HTTP/1.1" 302 -
101.91.62.89 - - [10/Feb/2022:11:47:09 +0800] "GET /xingrg/login.html HTTP/1.1" 200 7641
180.169.147.146 - - [10/Feb/2022:11:47:09 +0800] "GET /xingrg/javascript/easyui/themes/default/validatebox.css HTTP/1.1" 404 1104
180.169.147.146 - - [10/Feb/2022:11:47:09 +0800] "POST /xingrg/kc/base/wldb_order_operate.html HTTP/1.1" 200 11235
180.169.147.146 - - [10/Feb/2022:11:47:10 +0800] "GET /xingrg/kc/base/wldb_order_add.html HTTP/1.1" 200 30239
180.169.147.146 - - [10/Feb/2022:11:47:11 +0800] "GET /xingrg/javascript/easyui/themes/default/validatebox.css HTTP/1.1" 404 1104
180.169.147.146 - - [10/Feb/2022:11:47:11 +0800] "POST /xingrg/kc/base/wldb_order_operate.html HTTP/1.1" 200 6806
180.169.147.146 - - [10/Feb/2022:11:47:12 +0800] "POST /xingrg/all/common/load_combo.html?type=base HTTP/1.1" 200 3230
124.78.153.118 - - [10/Feb/2022:11:47:14 +0800] "GET /xingrg/all/function/internal_message.html?_=1644464831014&CODE_STATE=getMsg HTTP/1.1" 200 27
180.169.147.146 - - [10/Feb/2022:11:47:15 +0800] "POST /xingrg/all/common/load_combo.html?type=base HTTP/1.1" 200 3230
58.40.7.146 - - [10/Feb/2022:11:47:15 +0800] "GET /xingrg/all/function/internal_message.html?_=1644464833277&CODE_STATE=getMsg HTTP/1.1" 200 27
124.79.79.90 - - [10/Feb/2022:11:47:18 +0800] "GET /xingrg/kc/buy/cgsh_order_operate.html?command=get_materiel&rest_code=00156&code=00101016059&supplier_code=00100006&order_time=2022-02-10 HTTP/1.1" 200 427
222.70.179.43 - - [10/Feb/2022:11:47:21 +0800] "POST /xingrg/kc/buy/cgsh_order_operate.html HTTP/1.1" 200 37
120.253.135.82 - - [10/Feb/2022:11:47:25 +0800] "GET /xingrg/all/function/internal_message.html?_=1644464974367&CODE_STATE=getMsg HTTP/1.1" 200 27
222.70.243.96 - - [10/Feb/2022:11:47:26 +0800] "GET /xingrg/check_reg.html?_=1644464856475 HTTP/1.1" 302 -
114.88.155.114 - - [10/Feb/2022:11:47:26 +0800] "GET /xingrg/all/function/internal_message.html?_=1644464632426&CODE_STATE=getMsg HTTP/1.1" 200 27
222.70.179.43 - - [10/Feb/2022:11:47:30 +0800] "POST /xingrg/kc/buy/cgsh_order_operate.html HTTP/1.1" 200 5646
222.70.179.43 - - [10/Feb/2022:11:47:32 +0800] "GET /xingrg/kc/print/load_data.html?order_code=212022021001933&kc_code=cgsh&condition= HTTP/1.1" 200 1925
58.39.168.32 - - [10/Feb/2022:11:47:34 +0800] "GET /xingrg/all/function/internal_message.html?_=1644464852745&CODE_STATE=getMsg HTTP/1.1" 200 27
124.79.79.90 - - [10/Feb/2022:11:47:35 +0800] "GET /xingrg/kc/buy/cgsh_order_operate.html?command=get_materiel&rest_code=00156&code=00101008027&supplier_code=00100006&order_time=2022-02-10 HTTP/1.1" 200 429
222.70.243.96 - - [10/Feb/2022:11:47:35 +0800] "GET /xingrg/all/function/internal_message.html?_=1644464867699&CODE_STATE=getMsg HTTP/1.1" 200 27
222.70.243.96 - - [10/Feb/2022:11:47:40 +0800] "GET /xingrg/all/function/internal_message.html?_=1644464870936&CODE_STATE=getMsg HTTP/1.1" 302 -
180.169.147.146 - - [10/Feb/2022:11:47:40 +0800] "GET /xingrg/kc/base/wldb_order_operate.html?command=get_materiel&rest_code=00147&base_code=0010270&code=00101019056 HTTP/1.1" 200 477
222.70.179.43 - - [10/Feb/2022:11:47:44 +0800] "GET /xingrg/all/function/internal_message.html?_=1644464861089&CODE_STATE=getMsg HTTP/1.1" 200 27
58.39.168.32 - - [10/Feb/2022:11:47:46 +0800] "GET /xingrg/all/function/internal_message.html?_=1644464802063&CODE_STATE=getMsg HTTP/1.1" 200 27
180.169.147.146 - - [10/Feb/2022:11:47:47 +0800] "POST /xingrg/kc/base/wldb_order_operate.html HTTP/1.1" 200 37
180.169.147.146 - - [10/Feb/2022:11:47:47 +0800] "POST /xingrg/kc/base/wldb_order_operate.html HTTP/1.1" 200 2719
180.169.147.146 - - [10/Feb/2022:11:47:47 +0800] "GET /xingrg/kc/base/wldb_order_info.html?code=422022021000859 HTTP/1.1" 200 30253
180.169.147.146 - - [10/Feb/2022:11:47:48 +0800] "GET /xingrg/javascript/easyui/themes/default/validatebox.css HTTP/1.1" 404 1104
180.169.147.146 - - [10/Feb/2022:11:47:48 +0800] "POST /xingrg/kc/base/wldb_order_operate.html HTTP/1.1" 200 2719
222.70.223.103 - - [10/Feb/2022:11:47:48 +0800] "GET /xingrg/all/function/internal_message.html?_=1644464864465&CODE_STATE=getMsg HTTP/1.1" 200 27
180.169.147.146 - - [10/Feb/2022:11:47:49 +0800] "GET /xingrg/kc/base/wldb_order_add.html HTTP/1.1" 200 30239
180.169.147.146 - - [10/Feb/2022:11:47:49 +0800] "POST /xingrg/kc/base/wldb_order_operate.html HTTP/1.1" 200 6806
180.169.147.146 - - [10/Feb/2022:11:47:49 +0800] "GET /xingrg/javascript/easyui/themes/default/validatebox.css HTTP/1.1" 404 1104
180.169.147.146 - - [10/Feb/2022:11:47:50 +0800] "POST /xingrg/all/common/load_combo.html?type=base HTTP/1.1" 200 3230
116.232.54.96 - - [10/Feb/2022:11:47:52 +0800] "GET /xingrg/all/function/internal_message.html?_=1644464870512&CODE_STATE=getMsg HTTP/1.1" 200 27
124.79.79.90 - - [10/Feb/2022:11:47:53 +0800] "GET /xingrg/kc/buy/cgsh_order_operate.html?command=get_materiel&rest_code=00156&code=00101008005&supplier_code=00100006&order_time=2022-02-10 HTTP/1.1" 200 435
180.169.147.146 - - [10/Feb/2022:11:47:55 +0800] "POST /xingrg/all/common/load_combo.html?type=base HTTP/1.1" 200 3230
180.169.147.146 - - [10/Feb/2022:11:47:55 +0800] "GET /xingrg/all/function/internal_message.html?_=1644464871313&CODE_STATE=getMsg HTTP/1.1" 200 27
180.152.99.39 - - [10/Feb/2022:11:47:58 +0800] "GET /xingrg/all/function/internal_message.html?_=1644464793393&CODE_STATE=getMsg HTTP/1.1" 200 27
58.39.168.32 - - [10/Feb/2022:11:47:59 +0800] "POST /xingrg/kc/base/stock_operate.html HTTP/1.1" 200 4615
101.89.239.238 - - [10/Feb/2022:11:47:59 +0800] "GET /xingrg/all/function/internal_message.html?_=1644462371460&CODE_STATE=getMsg HTTP/1.1" 302 -
101.89.239.238 - - [10/Feb/2022:11:48:00 +0800] "GET /xingrg/login.html HTTP/1.1" 200 7641
222.70.179.43 - - [10/Feb/2022:11:48:01 +0800] "GET /xingrg/kc/buy/cgsh_order_add.html HTTP/1.1" 200 65472
222.70.179.43 - - [10/Feb/2022:11:48:01 +0800] "POST /xingrg/kc/buy/cgsh_order_operate.html HTTP/1.1" 200 8245
222.70.179.43 - - [10/Feb/2022:11:48:01 +0800] "GET /xingrg/javascript/easyui/themes/default/validatebox.css HTTP/1.1" 404 1104
101.89.239.120 - - [10/Feb/2022:11:48:02 +0800] "GET /xingrg/kc/base/wldb_order_operate.html?command=get_materiel&rest_code=00106&base_code=0010397&code=00102002453 HTTP/1.1" 302 -
58.39.168.32 - - [10/Feb/2022:11:48:03 +0800] "POST /xingrg/kc/base/stock_operate.html HTTP/1.1" 200 4648
101.89.239.120 - - [10/Feb/2022:11:48:03 +0800] "GET /xingrg/login.html HTTP/1.1" 200 7641
58.39.168.32 - - [10/Feb/2022:11:48:05 +0800] "POST /xingrg/kc/base/stock_operate.html HTTP/1.1" 200 4632
124.79.79.90 - - [10/Feb/2022:11:48:06 +0800] "GET /xingrg/kc/buy/cgsh_order_operate.html?command=get_materiel&rest_code=00156&code=00101008403&supplier_code=00100006&order_time=2022-02-10 HTTP/1.1" 200 433
124.79.79.90 - - [10/Feb/2022:11:48:06 +0800] "GET /xingrg/all/function/internal_message.html?_=1644464883951&CODE_STATE=getMsg HTTP/1.1" 200 27
58.39.168.32 - - [10/Feb/2022:11:48:09 +0800] "POST /xingrg/kc/base/stock_operate.html HTTP/1.1" 200 4670
180.169.147.146 - - [10/Feb/2022:11:48:10 +0800] "GET /xingrg/kc/base/wldb_order_operate.html?command=get_materiel&rest_code=00147&base_code=0010287&code=00102002238 HTTP/1.1" 200 433
58.39.168.32 - - [10/Feb/2022:11:48:11 +0800] "POST /xingrg/kc/base/stock_operate.html HTTP/1.1" 200 4627
124.78.153.118 - - [10/Feb/2022:11:48:14 +0800] "GET /xingrg/all/function/internal_message.html?_=1644464890996&CODE_STATE=getMsg HTTP/1.1" 200 27
222.70.179.43 - - [10/Feb/2022:11:48:14 +0800] "GET /xingrg/kc/buy/cgsh_order_operate.html?command=get_materiel&rest_code=00111&code=00101008261&supplier_code=00100005&order_time=2022-02-10 HTTP/1.1" 200 408
58.40.7.146 - - [10/Feb/2022:11:48:15 +0800] "GET /xingrg/all/function/internal_message.html?_=1644464893280&CODE_STATE=getMsg HTTP/1.1" 200 27
58.40.7.146 - - [10/Feb/2022:11:48:15 +0800] "GET /xingrg/check_reg.html?_=1644464893280 HTTP/1.1" 200 22
58.39.168.32 - - [10/Feb/2022:11:48:15 +0800] "POST /xingrg/kc/base/stock_operate.html HTTP/1.1" 200 4610
180.169.147.146 - - [10/Feb/2022:11:48:16 +0800] "GET /xingrg/kc/base/wldb_order_operate.html?command=get_materiel&rest_code=00147&base_code=0010287&code=00102001084 HTTP/1.1" 200 434
124.79.79.90 - - [10/Feb/2022:11:48:18 +0800] "GET /xingrg/kc/buy/cgsh_order_operate.html?command=get_materiel&rest_code=00156&code=00101008283&supplier_code=00100006&order_time=2022-02-10 HTTP/1.1" 200 427
58.39.168.32 - - [10/Feb/2022:11:48:18 +0800] "POST /xingrg/kc/base/stock_operate.html HTTP/1.1" 200 4644
58.39.168.32 - - [10/Feb/2022:11:48:23 +0800] "POST /xingrg/kc/base/stock_operate.html HTTP/1.1" 200 4613
180.169.147.146 - - [10/Feb/2022:11:48:23 +0800] "GET /xingrg/kc/base/wldb_order_operate.html?command=get_materiel&rest_code=00147&base_code=0010287&code=00102002025 HTTP/1.1" 200 453
120.253.135.82 - - [10/Feb/2022:11:48:25 +0800] "GET /xingrg/all/function/internal_message.html?_=1644465034416&CODE_STATE=getMsg HTTP/1.1" 200 27
180.169.147.146 - - [10/Feb/2022:11:48:25 +0800] "POST /xingrg/all/common/load_select.html HTTP/1.1" 200 25
58.39.168.32 - - [10/Feb/2022:11:48:26 +0800] "POST /xingrg/kc/base/stock_operate.html HTTP/1.1" 200 4544
180.169.147.146 - - [10/Feb/2022:11:48:26 +0800] "GET /xingrg/kc/base/wldb_order_operate.html?command=get_materiel_price&rest_code=00147&base_code=0010287&code=00102002025&unit_code=00100351 HTTP/1.1" 200 33
222.70.179.43 - - [10/Feb/2022:11:48:26 +0800] "GET /xingrg/kc/buy/cgsh_order_operate.html?command=get_materiel&rest_code=00111&code=00101008370&supplier_code=00100005&order_time=2022-02-10 HTTP/1.1" 200 433
114.88.155.114 - - [10/Feb/2022:11:48:26 +0800] "GET /xingrg/all/function/internal_message.html?_=1644464692429&CODE_STATE=getMsg HTTP/1.1" 200 27
124.79.79.90 - - [10/Feb/2022:11:48:28 +0800] "GET /xingrg/kc/buy/cgsh_order_operate.html?command=get_materiel&rest_code=00156&code=00101008318&supplier_code=00100006&order_time=2022-02-10 HTTP/1.1" 200 428
58.39.168.32 - - [10/Feb/2022:11:48:29 +0800] "POST /xingrg/kc/base/stock_operate.html HTTP/1.1" 200 4375
180.169.147.146 - - [10/Feb/2022:11:48:30 +0800] "POST /xingrg/kc/base/wldb_order_operate.html HTTP/1.1" 200 37
180.169.147.146 - - [10/Feb/2022:11:48:30 +0800] "POST /xingrg/kc/base/wldb_order_operate.html HTTP/1.1" 200 3143
180.169.147.146 - - [10/Feb/2022:11:48:33 +0800] "GET /xingrg/kc/base/wldb_order_info.html?code=422022021000860 HTTP/1.1" 200 30255
58.39.168.32 - - [10/Feb/2022:11:48:34 +0800] "POST /xingrg/kc/base/stock_operate.html HTTP/1.1" 200 4377
180.169.147.146 - - [10/Feb/2022:11:48:34 +0800] "GET /xingrg/javascript/easyui/themes/default/validatebox.css HTTP/1.1" 404 1104
180.169.147.146 - - [10/Feb/2022:11:48:34 +0800] "POST /xingrg/kc/base/wldb_order_operate.html HTTP/1.1" 200 3143
58.39.168.32 - - [10/Feb/2022:11:48:34 +0800] "GET /xingrg/all/function/internal_message.html?_=1644464912731&CODE_STATE=getMsg HTTP/1.1" 200 27
180.169.147.146 - - [10/Feb/2022:11:48:35 +0800] "GET /xingrg/kc/base/wldb_order_add.html HTTP/1.1" 200 30239
222.70.179.43 - - [10/Feb/2022:11:48:35 +0800] "GET /xingrg/kc/buy/cgsh_order_operate.html?command=get_materiel&rest_code=00111&code=00101008355&supplier_code=00100005&order_time=2022-02-10 HTTP/1.1" 200 427
222.70.243.96 - - [10/Feb/2022:11:48:36 +0800] "GET /xingrg/all/function/internal_message.html?_=1644464927991&CODE_STATE=getMsg HTTP/1.1" 200 27
180.169.147.146 - - [10/Feb/2022:11:48:36 +0800] "GET /xingrg/javascript/easyui/themes/default/validatebox.css HTTP/1.1" 404 1104
180.169.147.146 - - [10/Feb/2022:11:48:36 +0800] "POST /xingrg/kc/base/wldb_order_operate.html HTTP/1.1" 200 6806
58.39.168.32 - - [10/Feb/2022:11:48:37 +0800] "POST /xingrg/kc/base/stock_operate.html HTTP/1.1" 200 4379
180.169.147.146 - - [10/Feb/2022:11:48:37 +0800] "POST /xingrg/all/common/load_combo.html?type=base HTTP/1.1" 200 3230
222.70.243.96 - - [10/Feb/2022:11:48:40 +0800] "GET /xingrg/all/function/internal_message.html?_=1644464930940&CODE_STATE=getMsg HTTP/1.1" 302 -
180.169.147.146 - - [10/Feb/2022:11:48:40 +0800] "POST /xingrg/all/common/load_combo.html?type=base HTTP/1.1" 200 3230
58.39.168.32 - - [10/Feb/2022:11:48:42 +0800] "POST /xingrg/kc/base/stock_operate.html HTTP/1.1" 200 4279
222.70.179.43 - - [10/Feb/2022:11:48:44 +0800] "GET /xingrg/kc/buy/cgsh_order_operate.html?command=get_materiel&rest_code=00111&code=00101008005&supplier_code=00100005&order_time=2022-02-10 HTTP/1.1" 200 433
222.70.179.43 - - [10/Feb/2022:11:48:44 +0800] "GET /xingrg/all/function/internal_message.html?_=1644464921116&CODE_STATE=getMsg HTTP/1.1" 200 27
58.39.168.32 - - [10/Feb/2022:11:48:46 +0800] "GET /xingrg/all/function/internal_message.html?_=1644464862060&CODE_STATE=getMsg HTTP/1.1" 200 27
124.79.79.90 - - [10/Feb/2022:11:48:46 +0800] "GET /xingrg/kc/buy/cgsh_order_operate.html?command=get_materiel&rest_code=00156&code=00101008366&supplier_code=00100006&order_time=2022-02-10 HTTP/1.1" 200 430
58.39.168.32 - - [10/Feb/2022:11:48:46 +0800] "POST /xingrg/kc/base/stock_operate.html HTTP/1.1" 200 4379
222.70.223.103 - - [10/Feb/2022:11:48:48 +0800] "GET /xingrg/check_reg.html?_=1644464924483 HTTP/1.1" 200 22
222.70.223.103 - - [10/Feb/2022:11:48:48 +0800] "GET /xingrg/all/function/internal_message.html?_=1644464924477&CODE_STATE=getMsg HTTP/1.1" 200 27
180.169.147.146 - - [10/Feb/2022:11:48:48 +0800] "GET /xingrg/kc/base/wldb_order_operate.html?command=get_materiel&rest_code=00147&base_code=0010287&code=00102002171 HTTP/1.1" 200 432
124.79.79.90 - - [10/Feb/2022:11:48:49 +0800] "POST /xingrg/kc/buy/cgsh_order_operate.html HTTP/1.1" 200 2065
116.232.54.96 - - [10/Feb/2022:11:48:52 +0800] "GET /xingrg/all/function/internal_message.html?_=1644464930515&CODE_STATE=getMsg HTTP/1.1" 200 27
116.232.54.96 - - [10/Feb/2022:11:48:52 +0800] "GET /xingrg/check_reg.html?_=1644464930516 HTTP/1.1" 200 22
222.70.243.96 - - [10/Feb/2022:11:48:53 +0800] "GET /xingrg/check_reg.html?_=1644464945614 HTTP/1.1" 200 22
180.169.147.146 - - [10/Feb/2022:11:48:55 +0800] "GET /xingrg/all/function/internal_message.html?_=1644464931286&CODE_STATE=getMsg HTTP/1.1" 200 27
180.169.147.146 - - [10/Feb/2022:11:48:57 +0800] "GET /xingrg/kc/base/wldb_order_operate.html?command=get_materiel&rest_code=00147&base_code=0010287&code=00102002006 HTTP/1.1" 200 468
180.152.99.39 - - [10/Feb/2022:11:48:58 +0800] "GET /xingrg/all/function/internal_message.html?_=1644464853406&CODE_STATE=getMsg HTTP/1.1" 200 27
222.70.179.43 - - [10/Feb/2022:11:48:59 +0800] "GET /xingrg/kc/buy/cgsh_order_operate.html?command=get_materiel&rest_code=00111&code=00101008210&supplier_code=00100005&order_time=2022-02-10 HTTP/1.1" 200 408
61.151.179.84 - - [10/Feb/2022:11:49:01 +0800] "GET /xingrg/kc/base/wldb_order_operate.html?command=get_materiel&rest_code=00106&base_code=0010397&code=00102002238 HTTP/1.1" 302 -
61.151.179.84 - - [10/Feb/2022:11:49:02 +0800] "GET /xingrg/login.html HTTP/1.1" 200 7641
124.78.153.118 - - [10/Feb/2022:11:49:03 +0800] "GET /xingrg/check_reg.html?_=1644464940326 HTTP/1.1" 200 22
124.79.79.90 - - [10/Feb/2022:11:49:06 +0800] "GET /xingrg/all/function/internal_message.html?_=1644464943924&CODE_STATE=getMsg HTTP/1.1" 200 27
180.169.147.146 - - [10/Feb/2022:11:49:06 +0800] "GET /xingrg/kc/base/wldb_order_operate.html?command=get_materiel&rest_code=00147&base_code=0010287&code=00102002564 HTTP/1.1" 200 455
124.79.79.90 - - [10/Feb/2022:11:49:06 +0800] "GET /xingrg/kc/buy/cgsh_order_operate.html?command=get_materiel&rest_code=00156&code=00101008288&supplier_code=00100006&order_time=2022-02-10 HTTP/1.1" 200 430
222.70.179.43 - - [10/Feb/2022:11:49:08 +0800] "GET /xingrg/kc/buy/cgsh_order_operate.html?command=get_materiel&rest_code=00111&code=00101008337&supplier_code=00100005&order_time=2022-02-10 HTTP/1.1" 200 428
180.169.147.146 - - [10/Feb/2022:11:49:10 +0800] "POST /xingrg/kc/base/wldb_order_operate.html HTTP/1.1" 200 37
180.169.147.146 - - [10/Feb/2022:11:49:11 +0800] "POST /xingrg/kc/base/wldb_order_operate.html HTTP/1.1" 200 3172
180.169.147.146 - - [10/Feb/2022:11:49:11 +0800] "GET /xingrg/kc/base/wldb_order_info.html?code=422022021000861 HTTP/1.1" 200 30253
180.169.147.146 - - [10/Feb/2022:11:49:12 +0800] "GET /xingrg/javascript/easyui/themes/default/validatebox.css HTTP/1.1" 404 1104
180.169.147.146 - - [10/Feb/2022:11:49:12 +0800] "POST /xingrg/kc/base/wldb_order_operate.html HTTP/1.1" 200 3172
124.78.153.118 - - [10/Feb/2022:11:49:14 +0800] "GET /xingrg/all/function/internal_message.html?_=1644464950972&CODE_STATE=getMsg HTTP/1.1" 200 27
58.40.7.146 - - [10/Feb/2022:11:49:15 +0800] "GET /xingrg/all/function/internal_message.html?_=1644464953282&CODE_STATE=getMsg HTTP/1.1" 200 27
180.169.147.146 - - [10/Feb/2022:11:49:15 +0800] "GET /xingrg/kc/base/wldb_order_add.html HTTP/1.1" 200 30239
180.169.147.146 - - [10/Feb/2022:11:49:16 +0800] "GET /xingrg/javascript/easyui/themes/default/validatebox.css HTTP/1.1" 404 1104
180.169.147.146 - - [10/Feb/2022:11:49:16 +0800] "POST /xingrg/kc/base/wldb_order_operate.html HTTP/1.1" 200 6806
180.169.147.146 - - [10/Feb/2022:11:49:19 +0800] "POST /xingrg/all/common/load_combo.html?type=base HTTP/1.1" 200 3230
124.79.79.90 - - [10/Feb/2022:11:49:19 +0800] "GET /xingrg/kc/buy/cgsh_order_operate.html?command=get_materiel&rest_code=00156&code=00101008650&supplier_code=00100006&order_time=2022-02-10 HTTP/1.1" 200 419
222.70.179.43 - - [10/Feb/2022:11:49:19 +0800] "GET /xingrg/kc/buy/cgsh_order_operate.html?command=get_materiel&rest_code=00111&code=00101008361&supplier_code=00100005&order_time=2022-02-10 HTTP/1.1" 200 427
180.169.147.146 - - [10/Feb/2022:11:49:22 +0800] "POST /xingrg/all/common/load_combo.html?type=base HTTP/1.1" 200 3230
120.253.135.82 - - [10/Feb/2022:11:49:25 +0800] "GET /xingrg/all/function/internal_message.html?_=1644465094426&CODE_STATE=getMsg HTTP/1.1" 200 27
61.151.207.205 - - [10/Feb/2022:11:49:26 +0800] "GET /xingrg/all/function/internal_message.html?_=1644461111947&CODE_STATE=getMsg HTTP/1.1" 302 -
114.88.155.114 - - [10/Feb/2022:11:49:26 +0800] "GET /xingrg/all/function/internal_message.html?_=1644464752424&CODE_STATE=getMsg HTTP/1.1" 200 27
61.151.207.205 - - [10/Feb/2022:11:49:27 +0800] "GET /xingrg/login.html HTTP/1.1" 200 7641
222.70.179.43 - - [10/Feb/2022:11:49:30 +0800] "GET /xingrg/kc/buy/cgsh_order_operate.html?command=get_materiel&rest_code=00111&code=00101008356&supplier_code=00100005&order_time=2022-02-10 HTTP/1.1" 200 427
124.79.79.90 - - [10/Feb/2022:11:49:30 +0800] "GET /xingrg/kc/buy/cgsh_order_operate.html?command=get_materiel&rest_code=00156&code=00101008024&supplier_code=00100006&order_time=2022-02-10 HTTP/1.1" 200 428
58.39.168.32 - - [10/Feb/2022:11:49:33 +0800] "POST /xingrg/kc/base/stock_operate.html HTTP/1.1" 200 4377
58.39.168.32 - - [10/Feb/2022:11:49:34 +0800] "GET /xingrg/all/function/internal_message.html?_=1644464972731&CODE_STATE=getMsg HTTP/1.1" 200 27
58.39.168.32 - - [10/Feb/2022:11:49:34 +0800] "GET /xingrg/check_reg.html?_=1644464972734 HTTP/1.1" 200 22
222.70.243.96 - - [10/Feb/2022:11:49:36 +0800] "GET /xingrg/all/function/internal_message.html?_=1644464987991&CODE_STATE=getMsg HTTP/1.1" 200 27
222.70.243.96 - - [10/Feb/2022:11:49:40 +0800] "GET /xingrg/all/function/internal_message.html?_=1644464990963&CODE_STATE=getMsg HTTP/1.1" 302 -
222.70.179.43 - - [10/Feb/2022:11:49:41 +0800] "GET /xingrg/check_reg.html?_=1644464977974 HTTP/1.1" 200 22
222.70.179.43 - - [10/Feb/2022:11:49:42 +0800] "GET /xingrg/kc/buy/cgsh_order_operate.html?command=get_materiel&rest_code=00111&code=00101008244&supplier_code=00100005&order_time=2022-02-10 HTTP/1.1" 200 428
222.70.179.43 - - [10/Feb/2022:11:49:44 +0800] "GET /xingrg/all/function/internal_message.html?_=1644464981094&CODE_STATE=getMsg HTTP/1.1" 200 27
124.79.79.90 - - [10/Feb/2022:11:49:44 +0800] "GET /xingrg/kc/buy/cgsh_order_operate.html?command=get_materiel&rest_code=00156&code=00101008362&supplier_code=00100006&order_time=2022-02-10 HTTP/1.1" 200 427
58.39.168.32 - - [10/Feb/2022:11:49:45 +0800] "GET /xingrg/check_reg.html?_=1644464921359 HTTP/1.1" 200 22
58.39.168.32 - - [10/Feb/2022:11:49:46 +0800] "GET /xingrg/all/function/internal_message.html?_=1644464922032&CODE_STATE=getMsg HTTP/1.1" 200 27
222.70.223.103 - - [10/Feb/2022:11:49:48 +0800] "GET /xingrg/all/function/internal_message.html?_=1644464984453&CODE_STATE=getMsg HTTP/1.1" 200 27
180.169.147.146 - - [10/Feb/2022:11:49:50 +0800] "GET /xingrg/kc/base/wldb_order_operate.html?command=get_materiel&rest_code=00147&base_code=0010362&code=00101026205 HTTP/1.1" 200 450
116.232.54.96 - - [10/Feb/2022:11:49:52 +0800] "GET /xingrg/all/function/internal_message.html?_=1644464990517&CODE_STATE=getMsg HTTP/1.1" 200 27
180.169.147.146 - - [10/Feb/2022:11:49:55 +0800] "GET /xingrg/all/function/internal_message.html?_=1644464991262&CODE_STATE=getMsg HTTP/1.1" 200 27
124.79.79.90 - - [10/Feb/2022:11:49:56 +0800] "GET /xingrg/kc/buy/cgsh_order_operate.html?command=get_materiel&rest_code=00156&code=00101008286&supplier_code=00100006&order_time=2022-02-10 HTTP/1.1" 200 428
180.152.99.39 - - [10/Feb/2022:11:49:58 +0800] "GET /xingrg/all/function/internal_message.html?_=1644464913433&CODE_STATE=getMsg HTTP/1.1" 200 27
124.79.79.90 - - [10/Feb/2022:11:49:59 +0800] "POST /xingrg/kc/buy/cgsh_order_operate.html HTTP/1.1" 200 2065
180.169.147.146 - - [10/Feb/2022:11:50:04 +0800] "GET /xingrg/kc/base/wldb_order_operate.html?command=get_materiel&rest_code=00147&base_code=0010362&code=00101026209 HTTP/1.1" 200 466
124.79.79.90 - - [10/Feb/2022:11:50:05 +0800] "GET /xingrg/kc/buy/cgsh_order_operate.html?command=get_materiel&rest_code=00156&code=00101008353&supplier_code=00100006&order_time=2022-02-10 HTTP/1.1" 200 429
124.79.79.90 - - [10/Feb/2022:11:50:06 +0800] "GET /xingrg/all/function/internal_message.html?_=1644465003919&CODE_STATE=getMsg HTTP/1.1" 200 27
222.70.179.43 - - [10/Feb/2022:11:50:07 +0800] "GET /xingrg/kc/buy/cgsh_order_operate.html?command=get_materiel&rest_code=00111&code=00101008264&supplier_code=00100005&order_time=2022-02-10 HTTP/1.1" 200 432
