116.239.131.195 - - [06/Feb/2022:11:22:44 +0800] "GET /xingrg/javascript/jquery.form.js HTTP/1.1" 304 -
116.239.131.195 - - [06/Feb/2022:11:22:45 +0800] "GET /favicon.ico HTTP/1.1" 404 -
116.239.131.195 - - [06/Feb/2022:11:22:45 +0800] "GET /xingrg/images/blue/jxLogo.png HTTP/1.1" 200 6156
116.239.131.195 - - [06/Feb/2022:11:22:45 +0800] "GET /xingrg/images/blue/navBackgound.jpg HTTP/1.1" 304 -
116.239.131.195 - - [06/Feb/2022:11:22:45 +0800] "GET /xingrg/javascript/jquery_easy_ui/themes/icons/settle_new.png HTTP/1.1" 304 -
116.239.131.195 - - [06/Feb/2022:11:22:45 +0800] "GET /xingrg/images/blue/pingpu.png HTTP/1.1" 304 -
116.239.131.195 - - [06/Feb/2022:11:22:45 +0800] "POST /xingrg/all/common/load_tree.html?tree=area_rest_tree_json&manage=1 HTTP/1.1" 200 342
116.239.131.195 - - [06/Feb/2022:11:22:45 +0800] "GET /xingrg/javascript/jquery_easy_ui/themes/default/images/tabs_leftarrow.png HTTP/1.1" 304 -
116.239.131.195 - - [06/Feb/2022:11:22:45 +0800] "GET /xingrg/javascript/jquery_easy_ui/themes/default/images/tabs_rightarrow.png HTTP/1.1" 304 -
116.239.131.195 - - [06/Feb/2022:11:22:45 +0800] "GET /xingrg/javascript/jquery_easy_ui/themes/default/images/panel_tool_collapse.gif HTTP/1.1" 304 -
116.239.131.195 - - [06/Feb/2022:11:22:46 +0800] "GET /xingrg/all/function/internal_message.html?_=1644117786574&CODE_STATE=count HTTP/1.1" 200 11
116.239.131.195 - - [06/Feb/2022:11:22:46 +0800] "GET /xingrg/check_reg.html?_=1644117786575 HTTP/1.1" 200 22
116.239.131.195 - - [06/Feb/2022:11:22:46 +0800] "POST /xingrg/load_menu.html HTTP/1.1" 200 5138
116.239.131.195 - - [06/Feb/2022:11:22:46 +0800] "GET /xingrg/javascript/jquery_easy_ui/themes/default/images/tree_arrows.gif HTTP/1.1" 304 -
116.239.131.195 - - [06/Feb/2022:11:22:46 +0800] "GET /xingrg/javascript/jquery_easy_ui/themes/default/images/tree_folder_open.gif HTTP/1.1" 304 -
116.239.131.195 - - [06/Feb/2022:11:22:46 +0800] "GET /xingrg/javascript/jquery_easy_ui/themes/default/images/tree_folder.gif HTTP/1.1" 304 -
116.239.131.195 - - [06/Feb/2022:11:22:46 +0800] "GET /xingrg/javascript/jquery_easy_ui/themes/icons/search_new.png HTTP/1.1" 304 -
116.239.131.195 - - [06/Feb/2022:11:22:46 +0800] "GET /xingrg/javascript/jquery_easy_ui/themes/icons/storage_new.png HTTP/1.1" 304 -
116.239.131.195 - - [06/Feb/2022:11:22:46 +0800] "GET /xingrg/javascript/jquery_easy_ui/themes/icons/forms_new.png HTTP/1.1" 304 -
116.239.131.195 - - [06/Feb/2022:11:22:46 +0800] "GET /xingrg/javascript/jquery_easy_ui/themes/default/images/tree_file.gif HTTP/1.1" 304 -
124.78.153.118 - - [06/Feb/2022:11:22:47 +0800] "POST /xingrg/kc/buy/cgsh_order_operate.html HTTP/1.1" 200 38125
116.239.131.195 - - [06/Feb/2022:11:22:50 +0800] "GET /xingrg/kc/base/wldb_order_list.html HTTP/1.1" 200 19098
116.239.131.195 - - [06/Feb/2022:11:22:50 +0800] "GET /xingrg/javascript/jquery_easy_ui/themes/default/images/tabs_close.gif HTTP/1.1" 304 -
116.239.131.195 - - [06/Feb/2022:11:22:50 +0800] "GET /xingrg/css/base.css HTTP/1.1" 304 -
116.239.131.195 - - [06/Feb/2022:11:22:50 +0800] "GET /xingrg/css/site.css HTTP/1.1" 304 -
116.239.131.195 - - [06/Feb/2022:11:22:50 +0800] "GET /xingrg/javascript/jquery_tools/datebox.css HTTP/1.1" 304 -
116.239.131.195 - - [06/Feb/2022:11:22:50 +0800] "GET /xingrg/javascript/easyui/themes/default/easyui.css HTTP/1.1" 304 -
116.239.131.195 - - [06/Feb/2022:11:22:50 +0800] "GET /xingrg/javascript/easyui/themes/icon.css HTTP/1.1" 304 -
116.239.131.195 - - [06/Feb/2022:11:22:50 +0800] "GET /xingrg/javascript/jquery_tools/fix.css HTTP/1.1" 304 -
116.239.131.195 - - [06/Feb/2022:11:22:50 +0800] "GET /xingrg/javascript/jquery_tools/jquery.tools.min.js HTTP/1.1" 304 -
116.239.131.195 - - [06/Feb/2022:11:22:50 +0800] "GET /xingrg/javascript/auto/jquery.autocomplete.css HTTP/1.1" 304 -
116.239.131.195 - - [06/Feb/2022:11:22:50 +0800] "GET /xingrg/javascript/jquery_tools/jquery.tools.table.js HTTP/1.1" 304 -
116.239.131.195 - - [06/Feb/2022:11:22:50 +0800] "GET /xingrg/javascript/jquery_tools/list_manager.js HTTP/1.1" 304 -
116.239.131.195 - - [06/Feb/2022:11:22:50 +0800] "GET /xingrg/javascript/auto/jquery.autocomplete.js HTTP/1.1" 304 -
116.239.131.195 - - [06/Feb/2022:11:22:50 +0800] "GET /xingrg/javascript/easyui/easyloader.js HTTP/1.1" 304 -
116.239.131.195 - - [06/Feb/2022:11:22:50 +0800] "GET /xingrg/javascript/jquery_tools/table.css HTTP/1.1" 304 -
116.239.131.195 - - [06/Feb/2022:11:22:50 +0800] "GET /xingrg/javascript/jquery_tools/jquery.tools.hotkey.js HTTP/1.1" 304 -
116.239.131.195 - - [06/Feb/2022:11:22:50 +0800] "GET /xingrg/javascript/jquery_tools/jquery.tools.extend.js HTTP/1.1" 304 -
116.239.131.195 - - [06/Feb/2022:11:22:50 +0800] "GET /xingrg/javascript/jquery.cookie.js HTTP/1.1" 304 -
116.239.131.195 - - [06/Feb/2022:11:22:50 +0800] "GET /xingrg/javascript/print/LodopFuncs.js HTTP/1.1" 304 -
116.239.131.195 - - [06/Feb/2022:11:22:52 +0800] "GET /xingrg/javascript/easyui/themes/icons/edit_add_new.png HTTP/1.1" 304 -
116.239.131.195 - - [06/Feb/2022:11:22:52 +0800] "GET /xingrg/javascript/easyui/themes/icons/cance_new.png HTTP/1.1" 304 -
116.239.131.195 - - [06/Feb/2022:11:22:52 +0800] "GET /xingrg/javascript/easyui/themes/icons/check_new.png HTTP/1.1" 304 -
116.239.131.195 - - [06/Feb/2022:11:22:52 +0800] "GET /xingrg/javascript/easyui/themes/icons/field_new.png HTTP/1.1" 304 -
116.239.131.195 - - [06/Feb/2022:11:22:52 +0800] "GET /xingrg/javascript/easyui/themes/icons/import_new.png HTTP/1.1" 304 -
116.239.131.195 - - [06/Feb/2022:11:22:52 +0800] "GET /xingrg/javascript/easyui/plugins/jquery.parser.js HTTP/1.1" 304 -
116.239.131.195 - - [06/Feb/2022:11:22:52 +0800] "GET /xingrg/images/control/ajaxLoader.gif HTTP/1.1" 304 -
101.85.120.86 - - [06/Feb/2022:11:22:52 +0800] "GET /xingrg/all/function/internal_message.html?_=1644117767643&CODE_STATE=getMsg HTTP/1.1" 200 27
116.239.131.195 - - [06/Feb/2022:11:22:52 +0800] "GET /xingrg/javascript/jquery_easy_ui/themes/icons/area.png HTTP/1.1" 304 -
101.85.120.86 - - [06/Feb/2022:11:22:52 +0800] "GET /xingrg/check_reg.html?_=1644117767646 HTTP/1.1" 200 22
116.239.131.195 - - [06/Feb/2022:11:22:52 +0800] "GET /xingrg/javascript/jquery_easy_ui/themes/icons/rest.png HTTP/1.1" 304 -
116.239.131.195 - - [06/Feb/2022:11:22:52 +0800] "POST /xingrg/kc/base/wldb_list_operate.html HTTP/1.1" 200 928
116.239.131.195 - - [06/Feb/2022:11:22:53 +0800] "GET /xingrg/javascript/easyui/themes/default/images/button_plain_hover.png HTTP/1.1" 304 -
116.239.131.195 - - [06/Feb/2022:11:22:53 +0800] "GET /xingrg/javascript/easyui/themes/default/images/button_plain_hover.png HTTP/1.1" 304 -
116.239.131.195 - - [06/Feb/2022:11:22:53 +0800] "GET /xingrg/javascript/pic_change.js HTTP/1.1" 304 -
116.239.131.195 - - [06/Feb/2022:11:22:53 +0800] "GET /xingrg/javascript/jquery_tools/order_manager.js HTTP/1.1" 304 -
116.239.131.195 - - [06/Feb/2022:11:22:53 +0800] "GET /xingrg/javascript/convert.js HTTP/1.1" 304 -
116.239.131.195 - - [06/Feb/2022:11:22:53 +0800] "GET /xingrg/kc/base/wldb_order_add.html HTTP/1.1" 200 30308
116.239.131.195 - - [06/Feb/2022:11:22:53 +0800] "GET /xingrg/javascript/json2.js HTTP/1.1" 304 -
116.239.131.195 - - [06/Feb/2022:11:22:53 +0800] "GET /xingrg/javascript/print/kc_print.js HTTP/1.1" 304 -
116.239.131.195 - - [06/Feb/2022:11:22:53 +0800] "GET /xingrg/words/20220128115405_words.js HTTP/1.1" 304 -
116.239.131.195 - - [06/Feb/2022:11:22:54 +0800] "GET /xingrg/javascript/easyui/themes/icons/template_new.png HTTP/1.1" 304 -
116.239.131.195 - - [06/Feb/2022:11:22:54 +0800] "GET /xingrg/javascript/easyui/themes/icons/ok.png HTTP/1.1" 304 -
116.239.131.195 - - [06/Feb/2022:11:22:54 +0800] "GET /xingrg/javascript/easyui/themes/icons/print.png HTTP/1.1" 304 -
116.239.131.195 - - [06/Feb/2022:11:22:54 +0800] "GET /xingrg/javascript/easyui/themes/default/images/menu_downarrow.png HTTP/1.1" 304 -
116.239.131.195 - - [06/Feb/2022:11:22:54 +0800] "GET /xingrg/javascript/easyui/themes/icons/cancel.png HTTP/1.1" 304 -
116.239.131.195 - - [06/Feb/2022:11:22:54 +0800] "POST /xingrg/kc/base/wldb_order_operate.html HTTP/1.1" 200 6806
116.239.131.195 - - [06/Feb/2022:11:22:54 +0800] "GET /xingrg/javascript/easyui/themes/icons/edit_remove.png HTTP/1.1" 304 -
116.239.131.195 - - [06/Feb/2022:11:22:54 +0800] "GET /xingrg/all/common/auto_word.html?type=base&rest_code=00102 HTTP/1.1" 200 1807
116.239.131.195 - - [06/Feb/2022:11:22:54 +0800] "GET /xingrg/all/common/auto_word.html?type=base&rest_code=00102 HTTP/1.1" 200 1807
116.239.131.195 - - [06/Feb/2022:11:22:54 +0800] "GET /xingrg/javascript/jquery_easy_ui/themes/default/images/tabs_active.png HTTP/1.1" 304 -
116.239.131.195 - - [06/Feb/2022:11:22:55 +0800] "GET /xingrg/javascript/easyui/themes/default/validatebox.css HTTP/1.1" 404 1104
116.239.131.195 - - [06/Feb/2022:11:22:55 +0800] "GET /xingrg/javascript/easyui/plugins/jquery.validatebox.js HTTP/1.1" 304 -
116.239.131.195 - - [06/Feb/2022:11:22:55 +0800] "GET /xingrg/javascript/easyui/plugins/jquery.numberbox.js HTTP/1.1" 304 -
116.239.131.195 - - [06/Feb/2022:11:22:56 +0800] "GET /xingrg/css/images/panel_loading.gif HTTP/1.1" 304 -
116.239.131.195 - - [06/Feb/2022:11:22:56 +0800] "POST /xingrg/all/common/load_combo.html?type=base HTTP/1.1" 200 3233
124.78.153.118 - - [06/Feb/2022:11:22:57 +0800] "GET /xingrg/check_reg.html?_=1644117770682 HTTP/1.1" 200 22
124.78.153.118 - - [06/Feb/2022:11:22:57 +0800] "GET /xingrg/all/function/internal_message.html?_=1644117771069&CODE_STATE=getMsg HTTP/1.1" 200 27
116.239.131.195 - - [06/Feb/2022:11:22:58 +0800] "POST /xingrg/all/common/load_combo.html?type=base HTTP/1.1" 200 3233
222.70.223.103 - - [06/Feb/2022:11:23:00 +0800] "GET /xingrg/kc/buy/cgsh_order_operate.html?command=get_materiel&rest_code=00155&code=00101001075&supplier_code=00100199&order_time=2022-02-06 HTTP/1.1" 200 429
124.78.153.118 - - [06/Feb/2022:11:23:01 +0800] "GET /xingrg/kc/buy/cgsh_order_operate.html?command=get_materiel&rest_code=00106&code=00101008361&supplier_code=00100007&order_time=2022-02-06 HTTP/1.1" 200 427
116.239.131.195 - - [06/Feb/2022:11:23:01 +0800] "GET /xingrg/javascript/auto/indicator.gif HTTP/1.1" 404 1066
58.39.168.32 - - [06/Feb/2022:11:23:02 +0800] "GET /xingrg/all/function/internal_message.html?_=1644117778606&CODE_STATE=getMsg HTTP/1.1" 200 27
116.239.131.195 - - [06/Feb/2022:11:23:04 +0800] "GET /xingrg/kc/base/wldb_order_operate.html?command=get_materiel&rest_code=00102&base_code=0010476&code=00101027001 HTTP/1.1" 200 471
124.78.153.118 - - [06/Feb/2022:11:23:09 +0800] "GET /xingrg/kc/buy/cgsh_order_operate.html?command=get_materiel&rest_code=00106&code=00101008356&supplier_code=00100007&order_time=2022-02-06 HTTP/1.1" 200 428
124.79.79.90 - - [06/Feb/2022:11:23:09 +0800] "GET /xingrg/all/function/internal_message.html?_=1644117786201&CODE_STATE=getMsg HTTP/1.1" 200 27
116.239.131.195 - - [06/Feb/2022:11:23:09 +0800] "GET /xingrg/kc/base/wldb_order_operate.html?command=get_materiel&rest_code=00102&base_code=0010476&code=00101019184 HTTP/1.1" 200 444
222.70.243.96 - - [06/Feb/2022:11:23:11 +0800] "GET /xingrg/check_reg.html?_=1644117813829 HTTP/1.1" 200 22
222.70.223.103 - - [06/Feb/2022:11:23:12 +0800] "GET /xingrg/kc/buy/cgsh_order_operate.html?command=get_materiel&rest_code=00155&code=00101010161&supplier_code=00100199&order_time=2022-02-06 HTTP/1.1" 200 431
116.239.131.195 - - [06/Feb/2022:11:23:13 +0800] "GET /xingrg/kc/base/wldb_order_operate.html?command=get_materiel&rest_code=00102&base_code=0010476&code=00101019391 HTTP/1.1" 200 472
180.152.99.39 - - [06/Feb/2022:11:23:13 +0800] "GET /xingrg/all/function/internal_message.html?_=1644117709733&CODE_STATE=getMsg HTTP/1.1" 200 27
180.162.112.109 - - [06/Feb/2022:11:23:14 +0800] "GET /xingrg/all/function/internal_message.html?_=1644117177713&CODE_STATE=getMsg HTTP/1.1" 200 27
222.70.243.96 - - [06/Feb/2022:11:23:14 +0800] "GET /xingrg/all/function/internal_message.html?_=1644117816607&CODE_STATE=getMsg HTTP/1.1" 200 27
116.239.131.195 - - [06/Feb/2022:11:23:19 +0800] "GET /xingrg/kc/base/wldb_order_operate.html?command=get_materiel&rest_code=00102&base_code=0010476&code=00101019405 HTTP/1.1" 200 468
58.39.168.32 - - [06/Feb/2022:11:23:21 +0800] "GET /xingrg/all/function/internal_message.html?_=1644117735952&CODE_STATE=getMsg HTTP/1.1" 200 27
116.239.131.195 - - [06/Feb/2022:11:23:23 +0800] "GET /xingrg/kc/base/wldb_order_operate.html?command=get_materiel&rest_code=00102&base_code=0010476&code=00101019438 HTTP/1.1" 200 448
116.233.76.82 - - [06/Feb/2022:11:23:23 +0800] "GET /xingrg/all/function/internal_message.html?_=1644117799477&CODE_STATE=getMsg HTTP/1.1" 200 27
222.70.223.103 - - [06/Feb/2022:11:23:23 +0800] "GET /xingrg/all/function/internal_message.html?_=1644117799547&CODE_STATE=getMsg HTTP/1.1" 200 27
222.70.223.103 - - [06/Feb/2022:11:23:25 +0800] "GET /xingrg/kc/buy/cgsh_order_operate.html?command=get_materiel&rest_code=00155&code=00101002016&supplier_code=00100199&order_time=2022-02-06 HTTP/1.1" 200 413
101.83.240.42 - - [06/Feb/2022:11:23:27 +0800] "GET /xingrg/all/function/internal_message.html?_=1644117803206&CODE_STATE=getMsg HTTP/1.1" 200 27
116.239.131.195 - - [06/Feb/2022:11:23:31 +0800] "GET /xingrg/kc/base/wldb_order_operate.html?command=get_materiel&rest_code=00102&base_code=0010476&code=00101019133 HTTP/1.1" 200 465
222.70.179.207 - - [06/Feb/2022:11:23:36 +0800] "GET /xingrg/all/function/internal_message.html?_=1644117808738&CODE_STATE=getMsg HTTP/1.1" 200 27
180.152.99.39 - - [06/Feb/2022:11:23:36 +0800] "GET /xingrg/all/function/internal_message.html?_=1644117732711&CODE_STATE=getMsg HTTP/1.1" 200 27
116.239.131.195 - - [06/Feb/2022:11:23:39 +0800] "GET /xingrg/kc/base/wldb_order_operate.html?command=get_materiel&rest_code=00102&base_code=0010476&code=00101019108 HTTP/1.1" 200 463
124.78.153.118 - - [06/Feb/2022:11:23:40 +0800] "POST /xingrg/kc/buy/cgsh_order_operate.html HTTP/1.1" 200 2065
116.239.131.195 - - [06/Feb/2022:11:23:45 +0800] "GET /xingrg/kc/base/wldb_order_operate.html?command=get_materiel&rest_code=00102&base_code=0010476&code=00101019238 HTTP/1.1" 200 468
124.78.153.118 - - [06/Feb/2022:11:23:45 +0800] "GET /xingrg/kc/buy/cgsh_order_operate.html?command=get_materiel&rest_code=00106&code=00101008295&supplier_code=00100007&order_time=2022-02-06 HTTP/1.1" 200 433
116.239.131.195 - - [06/Feb/2022:11:23:46 +0800] "GET /xingrg/all/function/internal_message.html?_=1644117846589&CODE_STATE=getMsg HTTP/1.1" 200 27
101.85.120.86 - - [06/Feb/2022:11:23:52 +0800] "GET /xingrg/all/function/internal_message.html?_=1644117827644&CODE_STATE=getMsg HTTP/1.1" 200 27
116.239.131.195 - - [06/Feb/2022:11:23:55 +0800] "GET /xingrg/kc/base/wldb_order_operate.html?command=get_materiel&rest_code=00102&base_code=0010476&code=00101013117 HTTP/1.1" 200 432
124.78.153.118 - - [06/Feb/2022:11:23:56 +0800] "GET /xingrg/kc/buy/cgsh_order_operate.html?command=get_materiel&rest_code=00106&code=00101008213&supplier_code=00100007&order_time=2022-02-06 HTTP/1.1" 200 432
124.78.153.118 - - [06/Feb/2022:11:23:57 +0800] "GET /xingrg/all/function/internal_message.html?_=1644117831042&CODE_STATE=getMsg HTTP/1.1" 200 27
101.89.239.245 - - [06/Feb/2022:11:24:02 +0800] "GET /xingrg/all/function/internal_message.html?_=1644117771069&CODE_STATE=getMsg HTTP/1.1" 302 -
101.89.239.245 - - [06/Feb/2022:11:24:02 +0800] "GET /xingrg/login.html HTTP/1.1" 200 7641
58.39.168.32 - - [06/Feb/2022:11:24:02 +0800] "GET /xingrg/all/function/internal_message.html?_=1644117838621&CODE_STATE=getMsg HTTP/1.1" 200 27
124.78.153.118 - - [06/Feb/2022:11:24:07 +0800] "GET /xingrg/kc/buy/cgsh_order_operate.html?command=get_materiel&rest_code=00106&code=00101011001&supplier_code=00100007&order_time=2022-02-06 HTTP/1.1" 200 443
124.79.79.90 - - [06/Feb/2022:11:24:09 +0800] "GET /xingrg/all/function/internal_message.html?_=1644117846203&CODE_STATE=getMsg HTTP/1.1" 200 27
116.239.131.195 - - [06/Feb/2022:11:24:12 +0800] "POST /xingrg/kc/base/wldb_order_operate.html HTTP/1.1" 200 37
180.152.99.39 - - [06/Feb/2022:11:24:13 +0800] "GET /xingrg/all/function/internal_message.html?_=1644117769758&CODE_STATE=getMsg HTTP/1.1" 200 27
180.162.112.109 - - [06/Feb/2022:11:24:14 +0800] "GET /xingrg/all/function/internal_message.html?_=1644117237714&CODE_STATE=getMsg HTTP/1.1" 200 27
222.70.243.96 - - [06/Feb/2022:11:24:14 +0800] "GET /xingrg/all/function/internal_message.html?_=1644117876619&CODE_STATE=getMsg HTTP/1.1" 200 27
116.239.131.195 - - [06/Feb/2022:11:24:14 +0800] "POST /xingrg/kc/base/wldb_order_operate.html HTTP/1.1" 200 12
116.239.131.195 - - [06/Feb/2022:11:24:15 +0800] "POST /xingrg/kc/base/wldb_order_operate.html HTTP/1.1" 200 6225
116.239.131.195 - - [06/Feb/2022:11:24:16 +0800] "GET /xingrg/kc/base/wldb_order_info.html?code=422022020600545 HTTP/1.1" 200 26185
116.239.131.195 - - [06/Feb/2022:11:24:18 +0800] "POST /xingrg/kc/base/wldb_order_operate.html HTTP/1.1" 200 4426
116.239.131.195 - - [06/Feb/2022:11:24:18 +0800] "GET /xingrg/javascript/easyui/themes/default/validatebox.css HTTP/1.1" 404 1104
116.239.131.195 - - [06/Feb/2022:11:24:21 +0800] "GET /xingrg/kc/base/wldb_order_add.html HTTP/1.1" 200 30308
58.39.168.32 - - [06/Feb/2022:11:24:21 +0800] "GET /xingrg/all/function/internal_message.html?_=1644117795953&CODE_STATE=getMsg HTTP/1.1" 200 27
116.239.131.195 - - [06/Feb/2022:11:24:22 +0800] "POST /xingrg/kc/base/wldb_order_operate.html HTTP/1.1" 200 6806
116.233.76.82 - - [06/Feb/2022:11:24:23 +0800] "GET /xingrg/all/function/internal_message.html?_=1644117859479&CODE_STATE=getMsg HTTP/1.1" 200 27
116.239.131.195 - - [06/Feb/2022:11:24:23 +0800] "GET /xingrg/javascript/easyui/themes/default/validatebox.css HTTP/1.1" 404 1104
222.70.223.103 - - [06/Feb/2022:11:24:23 +0800] "GET /xingrg/check_reg.html?_=1644117859514 HTTP/1.1" 200 22
222.70.223.103 - - [06/Feb/2022:11:24:23 +0800] "GET /xingrg/all/function/internal_message.html?_=1644117859516&CODE_STATE=getMsg HTTP/1.1" 200 27
124.78.153.118 - - [06/Feb/2022:11:24:23 +0800] "GET /xingrg/kc/buy/cgsh_order_operate.html?command=get_materiel&rest_code=00106&code=00101011013&supplier_code=00100007&order_time=2022-02-06 HTTP/1.1" 200 418
116.239.131.195 - - [06/Feb/2022:11:24:23 +0800] "POST /xingrg/all/common/load_combo.html?type=base HTTP/1.1" 200 3233
116.239.131.195 - - [06/Feb/2022:11:24:26 +0800] "POST /xingrg/all/common/load_combo.html?type=base HTTP/1.1" 200 3233
101.83.240.42 - - [06/Feb/2022:11:24:27 +0800] "GET /xingrg/all/function/internal_message.html?_=1644117863207&CODE_STATE=getMsg HTTP/1.1" 200 27
124.78.153.118 - - [06/Feb/2022:11:24:33 +0800] "POST /xingrg/kc/buy/cgsh_order_operate.html HTTP/1.1" 200 37
116.239.131.195 - - [06/Feb/2022:11:24:34 +0800] "GET /xingrg/kc/base/wldb_order_operate.html?command=get_materiel&rest_code=00102&base_code=0010476&code=00101019079 HTTP/1.1" 200 465
222.70.179.207 - - [06/Feb/2022:11:24:36 +0800] "GET /xingrg/check_reg.html?_=1644117868736 HTTP/1.1" 200 22
222.70.179.207 - - [06/Feb/2022:11:24:36 +0800] "GET /xingrg/all/function/internal_message.html?_=1644117868738&CODE_STATE=getMsg HTTP/1.1" 200 27
180.152.99.39 - - [06/Feb/2022:11:24:37 +0800] "GET /xingrg/all/function/internal_message.html?_=1644117792807&CODE_STATE=getMsg HTTP/1.1" 200 27
124.78.153.118 - - [06/Feb/2022:11:24:41 +0800] "POST /xingrg/kc/buy/cgsh_order_operate.html HTTP/1.1" 200 42859
116.239.131.195 - - [06/Feb/2022:11:24:42 +0800] "GET /xingrg/kc/base/wldb_order_operate.html?command=get_materiel&rest_code=00102&base_code=0010476&code=00101019195 HTTP/1.1" 200 461
222.70.223.103 - - [06/Feb/2022:11:24:42 +0800] "GET /xingrg/kc/buy/cgsh_order_operate.html?command=get_materiel&rest_code=00155&code=00101001127&supplier_code=00100199&order_time=2022-02-06 HTTP/1.1" 200 449
116.239.131.195 - - [06/Feb/2022:11:24:46 +0800] "GET /xingrg/all/function/internal_message.html?_=1644117906602&CODE_STATE=getMsg HTTP/1.1" 200 27
116.239.131.195 - - [06/Feb/2022:11:24:46 +0800] "GET /xingrg/kc/base/wldb_order_operate.html?command=get_materiel&rest_code=00102&base_code=0010476&code=00101019315 HTTP/1.1" 200 460
101.85.120.86 - - [06/Feb/2022:11:24:52 +0800] "GET /xingrg/all/function/internal_message.html?_=1644117887644&CODE_STATE=getMsg HTTP/1.1" 200 27
116.239.131.195 - - [06/Feb/2022:11:24:56 +0800] "GET /xingrg/kc/base/wldb_order_operate.html?command=get_materiel&rest_code=00102&base_code=0010476&code=00101019026 HTTP/1.1" 200 467
124.78.153.118 - - [06/Feb/2022:11:24:57 +0800] "GET /xingrg/all/function/internal_message.html?_=1644117891014&CODE_STATE=getMsg HTTP/1.1" 200 27
180.152.99.39 - - [06/Feb/2022:11:24:59 +0800] "GET /xingrg/check_reg.html?_=1644117815492 HTTP/1.1" 200 22
58.39.168.32 - - [06/Feb/2022:11:25:02 +0800] "GET /xingrg/all/function/internal_message.html?_=1644117898618&CODE_STATE=getMsg HTTP/1.1" 200 27
116.239.131.195 - - [06/Feb/2022:11:25:07 +0800] "GET /xingrg/kc/base/wldb_order_operate.html?command=get_materiel&rest_code=00102&base_code=0010476&code=00101019313 HTTP/1.1" 200 443
124.79.79.90 - - [06/Feb/2022:11:25:09 +0800] "GET /xingrg/all/function/internal_message.html?_=1644117906204&CODE_STATE=getMsg HTTP/1.1" 200 27
222.70.223.103 - - [06/Feb/2022:11:25:11 +0800] "GET /xingrg/kc/buy/cgsh_order_operate.html?command=get_materiel&rest_code=00155&code=00101002007&supplier_code=00100199&order_time=2022-02-06 HTTP/1.1" 200 430
180.152.99.39 - - [06/Feb/2022:11:25:13 +0800] "GET /xingrg/all/function/internal_message.html?_=1644117829775&CODE_STATE=getMsg HTTP/1.1" 200 27
116.239.131.195 - - [06/Feb/2022:11:25:13 +0800] "GET /xingrg/kc/base/wldb_order_operate.html?command=get_materiel&rest_code=00102&base_code=0010476&code=00101019400 HTTP/1.1" 200 451
180.162.112.109 - - [06/Feb/2022:11:25:14 +0800] "GET /xingrg/all/function/internal_message.html?_=1644117297715&CODE_STATE=getMsg HTTP/1.1" 200 27
222.70.243.96 - - [06/Feb/2022:11:25:14 +0800] "GET /xingrg/all/function/internal_message.html?_=1644117936633&CODE_STATE=getMsg HTTP/1.1" 200 27
116.239.131.195 - - [06/Feb/2022:11:25:19 +0800] "GET /xingrg/kc/base/wldb_order_operate.html?command=get_materiel&rest_code=00102&base_code=0010476&code=00101019222 HTTP/1.1" 200 453
58.39.168.32 - - [06/Feb/2022:11:25:21 +0800] "GET /xingrg/all/function/internal_message.html?_=1644117855953&CODE_STATE=getMsg HTTP/1.1" 200 27
116.233.76.82 - - [06/Feb/2022:11:25:23 +0800] "GET /xingrg/all/function/internal_message.html?_=1644117919481&CODE_STATE=getMsg HTTP/1.1" 200 27
116.233.76.82 - - [06/Feb/2022:11:25:23 +0800] "GET /xingrg/check_reg.html?_=1644117919481 HTTP/1.1" 200 22
222.70.223.103 - - [06/Feb/2022:11:25:23 +0800] "GET /xingrg/all/function/internal_message.html?_=1644117919507&CODE_STATE=getMsg HTTP/1.1" 200 27
180.169.147.146 - - [06/Feb/2022:11:25:24 +0800] "GET /favicon.ico HTTP/1.1" 404 -
116.239.131.195 - - [06/Feb/2022:11:25:25 +0800] "GET /xingrg/kc/base/wldb_order_operate.html?command=get_materiel&rest_code=00102&base_code=0010476&code=00101019249 HTTP/1.1" 200 470
101.83.240.42 - - [06/Feb/2022:11:25:27 +0800] "GET /xingrg/all/function/internal_message.html?_=1644117923205&CODE_STATE=getMsg HTTP/1.1" 200 27
222.70.223.103 - - [06/Feb/2022:11:25:27 +0800] "GET /xingrg/kc/buy/cgsh_order_operate.html?command=get_materiel&rest_code=00155&code=00101002006&supplier_code=00100199&order_time=2022-02-06 HTTP/1.1" 200 435
116.239.131.195 - - [06/Feb/2022:11:25:30 +0800] "GET /xingrg/kc/base/wldb_order_operate.html?command=get_materiel&rest_code=00102&base_code=0010476&code=00101016076 HTTP/1.1" 200 477
222.70.179.207 - - [06/Feb/2022:11:25:36 +0800] "GET /xingrg/all/function/internal_message.html?_=1644117928738&CODE_STATE=getMsg HTTP/1.1" 200 27
180.152.99.39 - - [06/Feb/2022:11:25:37 +0800] "GET /xingrg/all/function/internal_message.html?_=1644117852817&CODE_STATE=getMsg HTTP/1.1" 200 27
116.239.131.195 - - [06/Feb/2022:11:25:46 +0800] "GET /xingrg/all/function/internal_message.html?_=1644117966617&CODE_STATE=getMsg HTTP/1.1" 200 27
116.239.131.195 - - [06/Feb/2022:11:25:50 +0800] "POST /xingrg/kc/base/wldb_order_operate.html HTTP/1.1" 200 37
101.85.120.86 - - [06/Feb/2022:11:25:52 +0800] "GET /xingrg/all/function/internal_message.html?_=1644117947644&CODE_STATE=getMsg HTTP/1.1" 200 27
116.239.131.195 - - [06/Feb/2022:11:25:52 +0800] "POST /xingrg/kc/base/wldb_order_operate.html HTTP/1.1" 200 12
116.239.131.195 - - [06/Feb/2022:11:25:52 +0800] "POST /xingrg/kc/base/wldb_order_operate.html HTTP/1.1" 200 6737
116.239.131.195 - - [06/Feb/2022:11:25:53 +0800] "GET /xingrg/kc/base/wldb_order_info.html?code=422022020600546 HTTP/1.1" 200 26185
116.239.131.195 - - [06/Feb/2022:11:25:55 +0800] "POST /xingrg/kc/base/wldb_order_operate.html HTTP/1.1" 200 4927
116.239.131.195 - - [06/Feb/2022:11:25:55 +0800] "GET /xingrg/javascript/easyui/themes/default/validatebox.css HTTP/1.1" 404 1104
124.78.153.118 - - [06/Feb/2022:11:25:57 +0800] "GET /xingrg/all/function/internal_message.html?_=1644117950991&CODE_STATE=getMsg HTTP/1.1" 200 27
116.239.131.195 - - [06/Feb/2022:11:25:58 +0800] "GET /xingrg/kc/base/wldb_order_add.html HTTP/1.1" 200 30308
116.239.131.195 - - [06/Feb/2022:11:25:59 +0800] "POST /xingrg/kc/base/wldb_order_operate.html HTTP/1.1" 200 6806
116.239.131.195 - - [06/Feb/2022:11:26:00 +0800] "GET /xingrg/javascript/easyui/themes/default/validatebox.css HTTP/1.1" 404 1104
116.239.131.195 - - [06/Feb/2022:11:26:00 +0800] "POST /xingrg/all/common/load_combo.html?type=base HTTP/1.1" 200 3233
116.239.131.195 - - [06/Feb/2022:11:26:02 +0800] "POST /xingrg/all/common/load_combo.html?type=base HTTP/1.1" 200 3233
58.39.168.32 - - [06/Feb/2022:11:26:02 +0800] "GET /xingrg/check_reg.html?_=1644117958620 HTTP/1.1" 200 22
58.39.168.32 - - [06/Feb/2022:11:26:02 +0800] "GET /xingrg/all/function/internal_message.html?_=1644117958617&CODE_STATE=getMsg HTTP/1.1" 200 27
124.79.79.90 - - [06/Feb/2022:11:26:09 +0800] "GET /xingrg/all/function/internal_message.html?_=1644117966204&CODE_STATE=getMsg HTTP/1.1" 200 27
180.152.99.39 - - [06/Feb/2022:11:26:13 +0800] "GET /xingrg/all/function/internal_message.html?_=1644117889788&CODE_STATE=getMsg HTTP/1.1" 200 27
180.162.112.109 - - [06/Feb/2022:11:26:14 +0800] "GET /xingrg/all/function/internal_message.html?_=1644117357722&CODE_STATE=getMsg HTTP/1.1" 200 27
180.162.112.109 - - [06/Feb/2022:11:26:14 +0800] "GET /xingrg/check_reg.html?_=1644117357725 HTTP/1.1" 200 22
222.70.243.96 - - [06/Feb/2022:11:26:14 +0800] "GET /xingrg/all/function/internal_message.html?_=1644117997068&CODE_STATE=getMsg HTTP/1.1" 200 27
116.239.131.195 - - [06/Feb/2022:11:26:18 +0800] "GET /xingrg/kc/base/wldb_order_operate.html?command=get_materiel&rest_code=00102&base_code=0010477&code=00102002238 HTTP/1.1" 200 433
58.39.168.32 - - [06/Feb/2022:11:26:21 +0800] "GET /xingrg/all/function/internal_message.html?_=1644117915954&CODE_STATE=getMsg HTTP/1.1" 200 27
58.39.168.32 - - [06/Feb/2022:11:26:21 +0800] "GET /xingrg/check_reg.html?_=1644117915957 HTTP/1.1" 200 22
116.233.76.82 - - [06/Feb/2022:11:26:23 +0800] "GET /xingrg/all/function/internal_message.html?_=1644117979483&CODE_STATE=getMsg HTTP/1.1" 200 27
222.70.223.103 - - [06/Feb/2022:11:26:23 +0800] "GET /xingrg/all/function/internal_message.html?_=1644117979484&CODE_STATE=getMsg HTTP/1.1" 200 27
116.239.131.195 - - [06/Feb/2022:11:26:24 +0800] "GET /xingrg/kc/base/wldb_order_operate.html?command=get_materiel&rest_code=00102&base_code=0010477&code=00102002204 HTTP/1.1" 200 433
101.83.240.42 - - [06/Feb/2022:11:26:27 +0800] "GET /xingrg/all/function/internal_message.html?_=1644117983219&CODE_STATE=getMsg HTTP/1.1" 200 27
101.83.240.42 - - [06/Feb/2022:11:26:27 +0800] "GET /xingrg/check_reg.html?_=1644117983221 HTTP/1.1" 200 22
180.157.251.97 - - [06/Feb/2022:11:26:29 +0800] "POST /xingrg/services/DataTransmitService HTTP/1.1" 200 524
180.157.251.97 - - [06/Feb/2022:11:26:30 +0800] "POST /xingrg/services/DataTransmitService HTTP/1.1" 200 501
180.157.251.97 - - [06/Feb/2022:11:26:30 +0800] "POST /xingrg/services/DataTransmitService HTTP/1.1" 200 501
116.239.131.195 - - [06/Feb/2022:11:26:30 +0800] "POST /xingrg/kc/base/wldb_order_operate.html HTTP/1.1" 200 37
180.157.251.97 - - [06/Feb/2022:11:26:31 +0800] "POST /xingrg/services/DataTransmitService HTTP/1.1" 200 501
180.157.251.97 - - [06/Feb/2022:11:26:31 +0800] "POST /xingrg/services/DataTransmitService HTTP/1.1" 200 501
180.157.251.97 - - [06/Feb/2022:11:26:32 +0800] "POST /xingrg/services/DataTransmitService HTTP/1.1" 200 412
116.239.131.195 - - [06/Feb/2022:11:26:32 +0800] "POST /xingrg/kc/base/wldb_order_operate.html HTTP/1.1" 200 12
116.239.131.195 - - [06/Feb/2022:11:26:33 +0800] "POST /xingrg/kc/base/wldb_order_operate.html HTTP/1.1" 200 2667
116.239.131.195 - - [06/Feb/2022:11:26:34 +0800] "GET /xingrg/kc/base/wldb_order_info.html?code=422022020600547 HTTP/1.1" 200 26184
116.239.131.195 - - [06/Feb/2022:11:26:35 +0800] "POST /xingrg/kc/base/wldb_order_operate.html HTTP/1.1" 200 951
116.239.131.195 - - [06/Feb/2022:11:26:35 +0800] "GET /xingrg/javascript/easyui/themes/default/validatebox.css HTTP/1.1" 404 1104
222.70.179.207 - - [06/Feb/2022:11:26:36 +0800] "GET /xingrg/all/function/internal_message.html?_=1644117988738&CODE_STATE=getMsg HTTP/1.1" 200 27
180.152.99.39 - - [06/Feb/2022:11:26:37 +0800] "GET /xingrg/all/function/internal_message.html?_=1644117912908&CODE_STATE=getMsg HTTP/1.1" 200 27
116.239.131.195 - - [06/Feb/2022:11:26:40 +0800] "GET /xingrg/kc/base/wldb_order_add.html HTTP/1.1" 200 30308
124.78.153.118 - - [06/Feb/2022:11:26:40 +0800] "POST /xingrg/kc/buy/cgsh_list_operate.html HTTP/1.1" 200 1699
116.239.131.195 - - [06/Feb/2022:11:26:41 +0800] "POST /xingrg/kc/base/wldb_order_operate.html HTTP/1.1" 200 6806
116.239.131.195 - - [06/Feb/2022:11:26:42 +0800] "GET /xingrg/javascript/easyui/themes/default/validatebox.css HTTP/1.1" 404 1104
116.239.131.195 - - [06/Feb/2022:11:26:42 +0800] "POST /xingrg/all/common/load_combo.html?type=base HTTP/1.1" 200 3233
116.239.131.195 - - [06/Feb/2022:11:26:45 +0800] "POST /xingrg/all/common/load_combo.html?type=base HTTP/1.1" 200 3233
116.239.131.195 - - [06/Feb/2022:11:26:46 +0800] "GET /xingrg/all/function/internal_message.html?_=1644118026832&CODE_STATE=getMsg HTTP/1.1" 200 27
222.70.223.103 - - [06/Feb/2022:11:26:47 +0800] "POST /xingrg/kc/buy/cgsh_order_operate.html HTTP/1.1" 200 37
222.70.223.103 - - [06/Feb/2022:11:26:49 +0800] "POST /xingrg/kc/buy/cgsh_order_operate.html HTTP/1.1" 200 6238
116.239.131.195 - - [06/Feb/2022:11:26:51 +0800] "GET /xingrg/kc/base/wldb_order_operate.html?command=get_materiel&rest_code=00102&base_code=0010477&code=00102002321 HTTP/1.1" 200 448
101.85.120.86 - - [06/Feb/2022:11:26:52 +0800] "GET /xingrg/all/function/internal_message.html?_=1644118007644&CODE_STATE=getMsg HTTP/1.1" 200 27
124.78.153.118 - - [06/Feb/2022:11:26:57 +0800] "GET /xingrg/all/function/internal_message.html?_=1644118011163&CODE_STATE=getMsg HTTP/1.1" 200 27
222.70.223.103 - - [06/Feb/2022:11:27:00 +0800] "GET /xingrg/kc/print/load_data.html?order_code=212022020600806&kc_code=cgsh&condition= HTTP/1.1" 200 2050
58.39.168.32 - - [06/Feb/2022:11:27:02 +0800] "GET /xingrg/all/function/internal_message.html?_=1644118018619&CODE_STATE=getMsg HTTP/1.1" 200 27
222.70.223.103 - - [06/Feb/2022:11:27:06 +0800] "GET /xingrg/kc/buy/cgsh_order_add.html HTTP/1.1" 200 65557
222.70.223.103 - - [06/Feb/2022:11:27:06 +0800] "POST /xingrg/kc/buy/cgsh_order_operate.html HTTP/1.1" 200 8245
222.70.223.103 - - [06/Feb/2022:11:27:06 +0800] "GET /xingrg/javascript/easyui/themes/default/validatebox.css HTTP/1.1" 404 1104
124.79.79.90 - - [06/Feb/2022:11:27:09 +0800] "GET /xingrg/check_reg.html?_=1644118026205 HTTP/1.1" 200 22
124.79.79.90 - - [06/Feb/2022:11:27:09 +0800] "GET /xingrg/all/function/internal_message.html?_=1644118026206&CODE_STATE=getMsg HTTP/1.1" 200 27
180.152.99.39 - - [06/Feb/2022:11:27:13 +0800] "GET /xingrg/check_reg.html?_=1644117949678 HTTP/1.1" 200 22
180.162.112.109 - - [06/Feb/2022:11:27:14 +0800] "GET /xingrg/all/function/internal_message.html?_=1644117417724&CODE_STATE=getMsg HTTP/1.1" 200 27
180.152.99.39 - - [06/Feb/2022:11:27:14 +0800] "GET /xingrg/all/function/internal_message.html?_=1644117949816&CODE_STATE=getMsg HTTP/1.1" 200 27
222.70.243.96 - - [06/Feb/2022:11:27:14 +0800] "GET /xingrg/all/function/internal_message.html?_=1644118057082&CODE_STATE=getMsg HTTP/1.1" 200 27
116.239.131.195 - - [06/Feb/2022:11:27:21 +0800] "GET /xingrg/kc/base/wldb_order_operate.html?command=get_materiel&rest_code=00102&base_code=0010477&code=00102002197 HTTP/1.1" 200 445
58.39.168.32 - - [06/Feb/2022:11:27:21 +0800] "GET /xingrg/all/function/internal_message.html?_=1644117975957&CODE_STATE=getMsg HTTP/1.1" 200 27
116.233.76.82 - - [06/Feb/2022:11:27:23 +0800] "GET /xingrg/all/function/internal_message.html?_=1644118039486&CODE_STATE=getMsg HTTP/1.1" 200 27
222.70.223.103 - - [06/Feb/2022:11:27:23 +0800] "GET /xingrg/all/function/internal_message.html?_=1644118039466&CODE_STATE=getMsg HTTP/1.1" 200 27
101.83.240.42 - - [06/Feb/2022:11:27:27 +0800] "GET /xingrg/all/function/internal_message.html?_=1644118043219&CODE_STATE=getMsg HTTP/1.1" 200 27
116.239.131.195 - - [06/Feb/2022:11:27:28 +0800] "GET /xingrg/kc/base/wldb_order_operate.html?command=get_materiel&rest_code=00102&base_code=0010477&code=00102002685 HTTP/1.1" 200 444
116.239.131.195 - - [06/Feb/2022:11:27:31 +0800] "POST /xingrg/all/common/load_select.html HTTP/1.1" 200 25
116.239.131.195 - - [06/Feb/2022:11:27:32 +0800] "GET /xingrg/kc/base/wldb_order_operate.html?command=get_materiel_price&rest_code=00102&base_code=0010477&code=00102002685&unit_code=00100348 HTTP/1.1" 200 36
116.239.131.195 - - [06/Feb/2022:11:27:35 +0800] "GET /xingrg/kc/base/wldb_order_operate.html?command=get_materiel_price&rest_code=00102&base_code=0010477&code=00102002685&unit_code=00100347 HTTP/1.1" 200 35
222.70.179.207 - - [06/Feb/2022:11:27:36 +0800] "GET /xingrg/all/function/internal_message.html?_=1644118048758&CODE_STATE=getMsg HTTP/1.1" 200 27
180.152.99.39 - - [06/Feb/2022:11:27:37 +0800] "GET /xingrg/all/function/internal_message.html?_=1644117972922&CODE_STATE=getMsg HTTP/1.1" 200 27
116.239.131.195 - - [06/Feb/2022:11:27:45 +0800] "GET /xingrg/kc/base/wldb_order_operate.html?command=get_materiel&rest_code=00102&base_code=0010477&code=00102002025 HTTP/1.1" 200 452
116.239.131.195 - - [06/Feb/2022:11:27:46 +0800] "GET /xingrg/check_reg.html?_=1644118086581 HTTP/1.1" 200 22
116.239.131.195 - - [06/Feb/2022:11:27:46 +0800] "GET /xingrg/all/function/internal_message.html?_=1644118086847&CODE_STATE=getMsg HTTP/1.1" 200 27
116.239.131.195 - - [06/Feb/2022:11:27:47 +0800] "POST /xingrg/all/common/load_select.html HTTP/1.1" 200 25
116.239.131.195 - - [06/Feb/2022:11:27:48 +0800] "GET /xingrg/kc/base/wldb_order_operate.html?command=get_materiel_price&rest_code=00102&base_code=0010477&code=00102002025&unit_code=00100352 HTTP/1.1" 200 34
101.85.120.86 - - [06/Feb/2022:11:27:52 +0800] "GET /xingrg/all/function/internal_message.html?_=1644118067644&CODE_STATE=getMsg HTTP/1.1" 200 27
101.85.120.86 - - [06/Feb/2022:11:27:52 +0800] "GET /xingrg/check_reg.html?_=1644118067647 HTTP/1.1" 200 22
116.239.131.195 - - [06/Feb/2022:11:27:53 +0800] "GET /xingrg/kc/base/wldb_order_operate.html?command=get_materiel_price&rest_code=00102&base_code=0010477&code=00102002025&unit_code=00100351 HTTP/1.1" 200 33
222.70.223.103 - - [06/Feb/2022:11:27:54 +0800] "GET /xingrg/kc/buy/cgsh_order_operate.html?command=get_materiel&rest_code=00155&code=00101007179&supplier_code=00100002&order_time=2022-02-06 HTTP/1.1" 200 418
124.78.153.118 - - [06/Feb/2022:11:27:57 +0800] "GET /xingrg/check_reg.html?_=1644118070879 HTTP/1.1" 200 22
124.78.153.118 - - [06/Feb/2022:11:27:57 +0800] "GET /xingrg/all/function/internal_message.html?_=1644118070940&CODE_STATE=getMsg HTTP/1.1" 200 27
116.239.131.195 - - [06/Feb/2022:11:28:00 +0800] "GET /xingrg/kc/base/wldb_order_operate.html?command=get_materiel&rest_code=00102&base_code=0010477&code=00102002610 HTTP/1.1" 200 430
58.39.168.32 - - [06/Feb/2022:11:28:02 +0800] "GET /xingrg/all/function/internal_message.html?_=1644118078619&CODE_STATE=getMsg HTTP/1.1" 200 27
124.79.79.90 - - [06/Feb/2022:11:28:09 +0800] "GET /xingrg/all/function/internal_message.html?_=1644118086206&CODE_STATE=getMsg HTTP/1.1" 200 27
222.70.243.96 - - [06/Feb/2022:11:28:11 +0800] "GET /xingrg/check_reg.html?_=1644118114278 HTTP/1.1" 200 22
222.70.223.103 - - [06/Feb/2022:11:28:12 +0800] "GET /xingrg/kc/buy/cgsh_order_operate.html?command=get_materiel&rest_code=00155&code=00101007071&supplier_code=00100002&order_time=2022-02-06 HTTP/1.1" 200 438
180.152.99.39 - - [06/Feb/2022:11:28:14 +0800] "GET /xingrg/all/function/internal_message.html?_=1644118009831&CODE_STATE=getMsg HTTP/1.1" 200 27
180.162.112.109 - - [06/Feb/2022:11:28:14 +0800] "GET /xingrg/all/function/internal_message.html?_=1644117477719&CODE_STATE=getMsg HTTP/1.1" 200 27
222.70.243.96 - - [06/Feb/2022:11:28:14 +0800] "GET /xingrg/all/function/internal_message.html?_=1644118117094&CODE_STATE=getMsg HTTP/1.1" 200 27
58.39.168.32 - - [06/Feb/2022:11:28:21 +0800] "GET /xingrg/all/function/internal_message.html?_=1644118035958&CODE_STATE=getMsg HTTP/1.1" 200 27
116.233.76.82 - - [06/Feb/2022:11:28:23 +0800] "GET /xingrg/all/function/internal_message.html?_=1644118099487&CODE_STATE=getMsg HTTP/1.1" 200 27
116.239.131.195 - - [06/Feb/2022:11:28:25 +0800] "POST /xingrg/kc/base/wldb_order_operate.html HTTP/1.1" 200 37
222.70.223.103 - - [06/Feb/2022:11:28:26 +0800] "POST /xingrg/kc/buy/cgsh_order_operate.html HTTP/1.1" 200 37
101.83.240.42 - - [06/Feb/2022:11:28:27 +0800] "GET /xingrg/all/function/internal_message.html?_=1644118103221&CODE_STATE=getMsg HTTP/1.1" 200 27
116.239.131.195 - - [06/Feb/2022:11:28:27 +0800] "POST /xingrg/kc/base/wldb_order_operate.html HTTP/1.1" 200 12
116.239.131.195 - - [06/Feb/2022:11:28:27 +0800] "POST /xingrg/kc/base/wldb_order_operate.html HTTP/1.1" 200 4153
222.70.223.103 - - [06/Feb/2022:11:28:28 +0800] "POST /xingrg/kc/buy/cgsh_order_operate.html HTTP/1.1" 200 3254
116.239.131.195 - - [06/Feb/2022:11:28:28 +0800] "GET /xingrg/kc/base/wldb_order_info.html?code=422022020600548 HTTP/1.1" 200 26187
222.70.223.103 - - [06/Feb/2022:11:28:29 +0800] "GET /xingrg/kc/print/load_data.html?order_code=212022020600807&kc_code=cgsh&condition= HTTP/1.1" 200 985
116.239.131.195 - - [06/Feb/2022:11:28:30 +0800] "POST /xingrg/kc/base/wldb_order_operate.html HTTP/1.1" 200 2403
116.239.131.195 - - [06/Feb/2022:11:28:30 +0800] "GET /xingrg/javascript/easyui/themes/default/validatebox.css HTTP/1.1" 404 1104
116.239.131.195 - - [06/Feb/2022:11:28:33 +0800] "GET /xingrg/kc/base/wldb_order_add.html HTTP/1.1" 200 30308
116.239.131.195 - - [06/Feb/2022:11:28:34 +0800] "POST /xingrg/kc/base/wldb_order_operate.html HTTP/1.1" 200 6806
116.239.131.195 - - [06/Feb/2022:11:28:35 +0800] "GET /xingrg/javascript/easyui/themes/default/validatebox.css HTTP/1.1" 404 1104
116.239.131.195 - - [06/Feb/2022:11:28:35 +0800] "POST /xingrg/all/common/load_combo.html?type=base HTTP/1.1" 200 3233
222.70.179.207 - - [06/Feb/2022:11:28:36 +0800] "GET /xingrg/all/function/internal_message.html?_=1644118108744&CODE_STATE=getMsg HTTP/1.1" 200 27
124.78.153.118 - - [06/Feb/2022:11:28:36 +0800] "POST /xingrg/kc/buy/cgsh_list_operate.html HTTP/1.1" 200 569
180.152.99.39 - - [06/Feb/2022:11:28:37 +0800] "GET /xingrg/all/function/internal_message.html?_=1644118032935&CODE_STATE=getMsg HTTP/1.1" 200 27
116.239.131.195 - - [06/Feb/2022:11:28:38 +0800] "POST /xingrg/all/common/load_combo.html?type=base HTTP/1.1" 200 3233
124.78.153.118 - - [06/Feb/2022:11:28:39 +0800] "GET /xingrg/kc/buy/cgsh_order_info.html?code=212022020600799 HTTP/1.1" 200 65651
124.78.153.118 - - [06/Feb/2022:11:28:39 +0800] "GET /xingrg/javascript/easyui/themes/default/validatebox.css HTTP/1.1" 404 1104
124.78.153.118 - - [06/Feb/2022:11:28:40 +0800] "POST /xingrg/kc/buy/cgsh_order_operate.html HTTP/1.1" 200 42859
180.162.112.109 - - [06/Feb/2022:11:28:42 +0800] "GET /xingrg/kc/base/wldb_order_operate.html?command=get_materiel&rest_code=00143&base_code=0010216&code=00101019451 HTTP/1.1" 200 469
116.239.131.195 - - [06/Feb/2022:11:28:46 +0800] "GET /xingrg/all/function/internal_message.html?_=1644118146878&CODE_STATE=getMsg HTTP/1.1" 200 27
116.239.131.195 - - [06/Feb/2022:11:28:51 +0800] "GET /xingrg/kc/base/wldb_order_operate.html?command=get_materiel&rest_code=00102&base_code=0010477&code=00102002347 HTTP/1.1" 200 443
101.85.120.86 - - [06/Feb/2022:11:28:52 +0800] "GET /xingrg/all/function/internal_message.html?_=1644118127673&CODE_STATE=getMsg HTTP/1.1" 200 27
124.78.153.118 - - [06/Feb/2022:11:28:57 +0800] "GET /xingrg/all/function/internal_message.html?_=1644118130925&CODE_STATE=getMsg HTTP/1.1" 200 27
58.39.168.32 - - [06/Feb/2022:11:29:02 +0800] "GET /xingrg/all/function/internal_message.html?_=1644118138620&CODE_STATE=getMsg HTTP/1.1" 200 27
180.162.112.109 - - [06/Feb/2022:11:29:04 +0800] "GET /xingrg/kc/base/wldb_order_operate.html?command=get_materiel&rest_code=00143&base_code=0010216&code=00101012077 HTTP/1.1" 200 423
101.89.239.120 - - [06/Feb/2022:11:29:08 +0800] "GET /xingrg/check_reg.html?_=1644118070879 HTTP/1.1" 302 -
101.89.239.120 - - [06/Feb/2022:11:29:08 +0800] "GET /xingrg/login.html HTTP/1.1" 200 7641
124.79.79.90 - - [06/Feb/2022:11:29:09 +0800] "GET /xingrg/all/function/internal_message.html?_=1644118146207&CODE_STATE=getMsg HTTP/1.1" 200 27
180.162.112.109 - - [06/Feb/2022:11:29:14 +0800] "GET /xingrg/all/function/internal_message.html?_=1644117537712&CODE_STATE=getMsg HTTP/1.1" 200 27
180.152.99.39 - - [06/Feb/2022:11:29:14 +0800] "GET /xingrg/all/function/internal_message.html?_=1644118069858&CODE_STATE=getMsg HTTP/1.1" 200 27
222.70.243.96 - - [06/Feb/2022:11:29:14 +0800] "GET /xingrg/all/function/internal_message.html?_=1644118177109&CODE_STATE=getMsg HTTP/1.1" 200 27
58.39.168.32 - - [06/Feb/2022:11:29:21 +0800] "GET /xingrg/all/function/internal_message.html?_=1644118095959&CODE_STATE=getMsg HTTP/1.1" 200 27
116.233.76.82 - - [06/Feb/2022:11:29:23 +0800] "GET /xingrg/all/function/internal_message.html?_=1644118159489&CODE_STATE=getMsg HTTP/1.1" 200 27
222.70.223.103 - - [06/Feb/2022:11:29:23 +0800] "GET /xingrg/all/function/internal_message.html?_=1644118159484&CODE_STATE=getMsg HTTP/1.1" 200 27
222.70.223.103 - - [06/Feb/2022:11:29:23 +0800] "GET /xingrg/check_reg.html?_=1644118159524 HTTP/1.1" 200 22
116.239.131.195 - - [06/Feb/2022:11:29:24 +0800] "GET /xingrg/kc/base/wldb_order_operate.html?command=get_materiel&rest_code=00102&base_code=0010477&code=00102002460 HTTP/1.1" 200 431
101.83.240.42 - - [06/Feb/2022:11:29:27 +0800] "GET /xingrg/all/function/internal_message.html?_=1644118163237&CODE_STATE=getMsg HTTP/1.1" 200 27
116.239.131.195 - - [06/Feb/2022:11:29:33 +0800] "GET /xingrg/kc/base/wldb_order_operate.html?command=get_materiel&rest_code=00102&base_code=0010477&code=00102002362 HTTP/1.1" 200 434
180.162.112.109 - - [06/Feb/2022:11:29:34 +0800] "GET /xingrg/kc/base/wldb_order_operate.html?command=get_materiel&rest_code=00143&base_code=0010216&code=00101019429 HTTP/1.1" 200 441
222.70.179.207 - - [06/Feb/2022:11:29:36 +0800] "GET /xingrg/all/function/internal_message.html?_=1644118168757&CODE_STATE=getMsg HTTP/1.1" 200 27
222.70.179.207 - - [06/Feb/2022:11:29:36 +0800] "GET /xingrg/check_reg.html?_=1644118168755 HTTP/1.1" 200 22
180.152.99.39 - - [06/Feb/2022:11:29:37 +0800] "GET /xingrg/all/function/internal_message.html?_=1644118093024&CODE_STATE=getMsg HTTP/1.1" 200 27
116.239.131.195 - - [06/Feb/2022:11:29:39 +0800] "POST /xingrg/kc/base/wldb_order_operate.html HTTP/1.1" 200 37
116.239.131.195 - - [06/Feb/2022:11:29:41 +0800] "POST /xingrg/kc/base/wldb_order_operate.html HTTP/1.1" 200 12
116.239.131.195 - - [06/Feb/2022:11:29:41 +0800] "POST /xingrg/kc/base/wldb_order_operate.html HTTP/1.1" 200 2681
116.239.131.195 - - [06/Feb/2022:11:29:44 +0800] "GET /xingrg/kc/base/wldb_order_info.html?code=422022020600549 HTTP/1.1" 200 26186
116.239.131.195 - - [06/Feb/2022:11:29:45 +0800] "POST /xingrg/kc/base/wldb_order_operate.html HTTP/1.1" 200 964
116.239.131.195 - - [06/Feb/2022:11:29:45 +0800] "GET /xingrg/javascript/easyui/themes/default/validatebox.css HTTP/1.1" 404 1104
116.239.131.195 - - [06/Feb/2022:11:29:46 +0800] "GET /xingrg/all/function/internal_message.html?_=1644118206889&CODE_STATE=getMsg HTTP/1.1" 200 27
180.171.128.227 - - [06/Feb/2022:11:29:46 +0800] "POST /xingrg/services/DataTransmitService HTTP/1.1" 200 524
180.171.128.227 - - [06/Feb/2022:11:29:47 +0800] "POST /xingrg/services/DataTransmitService HTTP/1.1" 200 501
180.171.128.227 - - [06/Feb/2022:11:29:47 +0800] "POST /xingrg/services/DataTransmitService HTTP/1.1" 200 501
180.171.128.227 - - [06/Feb/2022:11:29:48 +0800] "POST /xingrg/services/DataTransmitService HTTP/1.1" 200 501
180.171.128.227 - - [06/Feb/2022:11:29:48 +0800] "POST /xingrg/services/DataTransmitService HTTP/1.1" 200 501
180.171.128.227 - - [06/Feb/2022:11:29:48 +0800] "POST /xingrg/services/DataTransmitService HTTP/1.1" 200 501
180.171.128.227 - - [06/Feb/2022:11:29:48 +0800] "POST /xingrg/services/DataTransmitService HTTP/1.1" 200 501
116.239.131.195 - - [06/Feb/2022:11:29:48 +0800] "GET /xingrg/kc/base/wldb_order_add.html HTTP/1.1" 200 30308
180.171.128.227 - - [06/Feb/2022:11:29:49 +0800] "POST /xingrg/services/DataTransmitService HTTP/1.1" 200 412
116.239.131.195 - - [06/Feb/2022:11:29:50 +0800] "POST /xingrg/kc/base/wldb_order_operate.html HTTP/1.1" 200 6806
116.239.131.195 - - [06/Feb/2022:11:29:50 +0800] "GET /xingrg/javascript/easyui/themes/default/validatebox.css HTTP/1.1" 404 1104
116.239.131.195 - - [06/Feb/2022:11:29:50 +0800] "POST /xingrg/all/common/load_combo.html?type=base HTTP/1.1" 200 3233
101.85.120.86 - - [06/Feb/2022:11:29:52 +0800] "GET /xingrg/all/function/internal_message.html?_=1644118187665&CODE_STATE=getMsg HTTP/1.1" 200 27
116.239.131.195 - - [06/Feb/2022:11:29:53 +0800] "POST /xingrg/all/common/load_combo.html?type=base HTTP/1.1" 200 3233
124.78.153.118 - - [06/Feb/2022:11:29:57 +0800] "GET /xingrg/all/function/internal_message.html?_=1644118190906&CODE_STATE=getMsg HTTP/1.1" 200 27
180.152.99.39 - - [06/Feb/2022:11:29:59 +0800] "GET /xingrg/check_reg.html?_=1644118115491 HTTP/1.1" 200 22
58.39.168.32 - - [06/Feb/2022:11:30:02 +0800] "GET /xingrg/all/function/internal_message.html?_=1644118198620&CODE_STATE=getMsg HTTP/1.1" 200 27
116.239.131.195 - - [06/Feb/2022:11:30:03 +0800] "GET /xingrg/kc/base/wldb_order_operate.html?command=get_materiel&rest_code=00102&base_code=0010477&code=00102002448 HTTP/1.1" 200 425
180.162.112.109 - - [06/Feb/2022:11:30:04 +0800] "GET /xingrg/kc/base/wldb_order_operate.html?command=get_materiel&rest_code=00143&base_code=0010216&code=00101008052 HTTP/1.1" 200 450
124.79.79.90 - - [06/Feb/2022:11:30:09 +0800] "GET /xingrg/all/function/internal_message.html?_=1644118206209&CODE_STATE=getMsg HTTP/1.1" 200 27
180.162.112.109 - - [06/Feb/2022:11:30:09 +0800] "POST /xingrg/all/common/load_select.html HTTP/1.1" 200 25
116.239.131.195 - - [06/Feb/2022:11:30:10 +0800] "GET /xingrg/kc/base/wldb_order_operate.html?command=get_materiel&rest_code=00102&base_code=0010477&code=00102002022 HTTP/1.1" 200 459
180.162.112.109 - - [06/Feb/2022:11:30:11 +0800] "GET /xingrg/kc/base/wldb_order_operate.html?command=get_materiel_price&rest_code=00143&base_code=0010216&code=00101008052&unit_code=00100252 HTTP/1.1" 200 37
180.162.112.109 - - [06/Feb/2022:11:30:14 +0800] "GET /xingrg/all/function/internal_message.html?_=1644117597714&CODE_STATE=getMsg HTTP/1.1" 200 27
180.152.99.39 - - [06/Feb/2022:11:30:14 +0800] "GET /xingrg/all/function/internal_message.html?_=1644118129875&CODE_STATE=getMsg HTTP/1.1" 200 27
222.70.243.96 - - [06/Feb/2022:11:30:14 +0800] "GET /xingrg/all/function/internal_message.html?_=1644118237122&CODE_STATE=getMsg HTTP/1.1" 200 27
116.239.131.195 - - [06/Feb/2022:11:30:16 +0800] "POST /xingrg/kc/base/wldb_order_operate.html HTTP/1.1" 200 37
116.239.131.195 - - [06/Feb/2022:11:30:18 +0800] "POST /xingrg/kc/base/wldb_order_operate.html HTTP/1.1" 200 12
116.239.131.195 - - [06/Feb/2022:11:30:18 +0800] "POST /xingrg/kc/base/wldb_order_operate.html HTTP/1.1" 200 3173
116.239.131.195 - - [06/Feb/2022:11:30:19 +0800] "GET /xingrg/kc/base/wldb_order_info.html?code=422022020600550 HTTP/1.1" 200 26184
116.239.131.195 - - [06/Feb/2022:11:30:21 +0800] "POST /xingrg/kc/base/wldb_order_operate.html HTTP/1.1" 200 1445
116.239.131.195 - - [06/Feb/2022:11:30:21 +0800] "GET /xingrg/javascript/easyui/themes/default/validatebox.css HTTP/1.1" 404 1104
58.39.168.32 - - [06/Feb/2022:11:30:21 +0800] "GET /xingrg/all/function/internal_message.html?_=1644118155959&CODE_STATE=getMsg HTTP/1.1" 200 27
116.233.76.82 - - [06/Feb/2022:11:30:23 +0800] "GET /xingrg/all/function/internal_message.html?_=1644118219492&CODE_STATE=getMsg HTTP/1.1" 200 27
116.233.76.82 - - [06/Feb/2022:11:30:23 +0800] "GET /xingrg/check_reg.html?_=1644118219493 HTTP/1.1" 200 22
222.70.223.103 - - [06/Feb/2022:11:30:23 +0800] "GET /xingrg/all/function/internal_message.html?_=1644118219471&CODE_STATE=getMsg HTTP/1.1" 200 27
116.239.131.195 - - [06/Feb/2022:11:30:24 +0800] "GET /xingrg/kc/base/wldb_order_add.html HTTP/1.1" 200 30308
116.239.131.195 - - [06/Feb/2022:11:30:25 +0800] "POST /xingrg/kc/base/wldb_order_operate.html HTTP/1.1" 200 6806
116.239.131.195 - - [06/Feb/2022:11:30:26 +0800] "GET /xingrg/javascript/easyui/themes/default/validatebox.css HTTP/1.1" 404 1104
116.239.131.195 - - [06/Feb/2022:11:30:26 +0800] "POST /xingrg/all/common/load_combo.html?type=base HTTP/1.1" 200 3233
101.83.240.42 - - [06/Feb/2022:11:30:27 +0800] "GET /xingrg/all/function/internal_message.html?_=1644118223225&CODE_STATE=getMsg HTTP/1.1" 200 27
116.239.131.195 - - [06/Feb/2022:11:30:28 +0800] "POST /xingrg/all/common/load_combo.html?type=base HTTP/1.1" 200 3233
222.70.179.207 - - [06/Feb/2022:11:30:36 +0800] "GET /xingrg/all/function/internal_message.html?_=1644118228757&CODE_STATE=getMsg HTTP/1.1" 200 27
180.152.99.39 - - [06/Feb/2022:11:30:37 +0800] "GET /xingrg/all/function/internal_message.html?_=1644118153025&CODE_STATE=getMsg HTTP/1.1" 200 27
