180.162.112.109 - - [06/Feb/2022:12:07:13 +0800] "GET /xingrg/all/function/internal_message.html?_=1644119817556&CODE_STATE=getMsg HTTP/1.1" 200 27
180.152.99.39 - - [06/Feb/2022:12:07:13 +0800] "GET /xingrg/check_reg.html?_=1644120349722 HTTP/1.1" 200 22
180.152.99.39 - - [06/Feb/2022:12:07:14 +0800] "GET /xingrg/all/function/internal_message.html?_=1644120350579&CODE_STATE=getMsg HTTP/1.1" 200 27
58.39.168.32 - - [06/Feb/2022:12:07:17 +0800] "GET /xingrg/kc/buy/cgsh_order_add.html HTTP/1.1" 200 65683
58.39.168.32 - - [06/Feb/2022:12:07:17 +0800] "POST /xingrg/kc/buy/cgsh_order_operate.html HTTP/1.1" 200 8245
58.39.168.32 - - [06/Feb/2022:12:07:17 +0800] "GET /xingrg/javascript/easyui/themes/default/validatebox.css HTTP/1.1" 404 1104
222.70.243.96 - - [06/Feb/2022:12:07:20 +0800] "GET /xingrg/all/function/internal_message.html?_=1644120463219&CODE_STATE=getMsg HTTP/1.1" 200 27
124.78.153.118 - - [06/Feb/2022:12:07:20 +0800] "POST /xingrg/login.do HTTP/1.1" 302 -
124.78.153.118 - - [06/Feb/2022:12:07:20 +0800] "GET /xingrg/index.html?sysBaseUrl=http%3A%2F%2F180.169.147.146%3A18081%2Fxingrg%2F&costTime=45×tamp=1644120440896 HTTP/1.1" 200 17173
124.78.153.118 - - [06/Feb/2022:12:07:21 +0800] "GET /xingrg/all/function/internal_message.html?_=1644120434172&CODE_STATE=getMsg HTTP/1.1" 200 27
124.78.153.118 - - [06/Feb/2022:12:07:21 +0800] "GET /favicon.ico HTTP/1.1" 404 -
124.78.153.118 - - [06/Feb/2022:12:07:21 +0800] "POST /xingrg/all/common/load_tree.html?tree=area_rest_tree_json&manage=1 HTTP/1.1" 200 342
124.78.153.118 - - [06/Feb/2022:12:07:21 +0800] "GET /xingrg/all/function/internal_message.html?_=1644120439285&CODE_STATE=count HTTP/1.1" 200 11
124.78.153.118 - - [06/Feb/2022:12:07:21 +0800] "GET /xingrg/check_reg.html?_=1644120439292 HTTP/1.1" 200 22
124.78.153.118 - - [06/Feb/2022:12:07:21 +0800] "POST /xingrg/load_menu.html HTTP/1.1" 200 5138
58.39.168.32 - - [06/Feb/2022:12:07:21 +0800] "GET /xingrg/all/function/internal_message.html?_=1644120375977&CODE_STATE=getMsg HTTP/1.1" 200 27
222.70.223.103 - - [06/Feb/2022:12:07:23 +0800] "GET /xingrg/all/function/internal_message.html?_=1644120438873&CODE_STATE=getMsg HTTP/1.1" 200 27
116.233.76.82 - - [06/Feb/2022:12:07:23 +0800] "GET /xingrg/all/function/internal_message.html?_=1644120439583&CODE_STATE=getMsg HTTP/1.1" 200 27
101.83.240.42 - - [06/Feb/2022:12:07:27 +0800] "GET /xingrg/all/function/internal_message.html?_=1644120443363&CODE_STATE=getMsg HTTP/1.1" 200 27
124.79.79.90 - - [06/Feb/2022:12:07:29 +0800] "GET /xingrg/kc/buy/cgsh_order_operate.html?command=get_materiel&rest_code=00156&code=00101008387&supplier_code=00100006&order_time=2022-02-06 HTTP/1.1" 200 412
58.39.168.32 - - [06/Feb/2022:12:07:33 +0800] "GET /xingrg/kc/buy/cgsh_order_operate.html?command=get_materiel&rest_code=00105&code=00101010161&supplier_code=00100334&order_time=2022-02-06 HTTP/1.1" 200 429
222.70.179.207 - - [06/Feb/2022:12:07:36 +0800] "GET /xingrg/all/function/internal_message.html?_=1644120448813&CODE_STATE=getMsg HTTP/1.1" 200 27
58.39.168.32 - - [06/Feb/2022:12:07:38 +0800] "GET /xingrg/kc/base/base_main.html HTTP/1.1" 200 12142
180.152.99.39 - - [06/Feb/2022:12:07:38 +0800] "GET /xingrg/all/function/internal_message.html?_=1644120374681&CODE_STATE=getMsg HTTP/1.1" 200 27
58.39.168.32 - - [06/Feb/2022:12:07:40 +0800] "GET /xingrg/kc/base/wldb_order_list.html HTTP/1.1" 200 19098
58.39.168.32 - - [06/Feb/2022:12:07:41 +0800] "POST /xingrg/kc/base/wldb_list_operate.html HTTP/1.1" 200 3347
58.39.168.32 - - [06/Feb/2022:12:07:49 +0800] "GET /xingrg/javascript/jquery_tools/images/next.gif HTTP/1.1" 404 1086
58.39.168.32 - - [06/Feb/2022:12:07:49 +0800] "GET /xingrg/javascript/jquery_tools/images/prev.gif HTTP/1.1" 404 1086
116.239.131.195 - - [06/Feb/2022:12:07:49 +0800] "GET /xingrg/check_reg.html?_=1644120490360 HTTP/1.1" 200 22
101.85.120.86 - - [06/Feb/2022:12:07:52 +0800] "GET /xingrg/check_reg.html?_=1644120467727 HTTP/1.1" 200 22
101.85.120.86 - - [06/Feb/2022:12:07:52 +0800] "GET /xingrg/all/function/internal_message.html?_=1644120467730&CODE_STATE=getMsg HTTP/1.1" 200 27
116.239.131.195 - - [06/Feb/2022:12:07:52 +0800] "GET /xingrg/all/function/internal_message.html?_=1644120493130&CODE_STATE=getMsg HTTP/1.1" 200 27
124.79.79.90 - - [06/Feb/2022:12:07:55 +0800] "POST /xingrg/kc/buy/cgsh_order_operate.html HTTP/1.1" 200 75
124.78.153.118 - - [06/Feb/2022:12:07:57 +0800] "GET /xingrg/check_reg.html?_=1644120470546 HTTP/1.1" 200 22
58.39.168.32 - - [06/Feb/2022:12:08:02 +0800] "GET /xingrg/all/function/internal_message.html?_=1644120478704&CODE_STATE=getMsg HTTP/1.1" 200 27
58.39.168.32 - - [06/Feb/2022:12:08:03 +0800] "POST /xingrg/kc/base/wldb_list_operate.html HTTP/1.1" 200 5656
58.39.168.32 - - [06/Feb/2022:12:08:07 +0800] "POST /xingrg/kc/buy/cgsh_order_operate.html HTTP/1.1" 200 37
58.39.168.32 - - [06/Feb/2022:12:08:08 +0800] "POST /xingrg/kc/buy/cgsh_order_operate.html HTTP/1.1" 200 3243
124.79.79.90 - - [06/Feb/2022:12:08:09 +0800] "GET /xingrg/all/function/internal_message.html?_=1644120486177&CODE_STATE=getMsg HTTP/1.1" 200 27
58.39.168.32 - - [06/Feb/2022:12:08:10 +0800] "GET /xingrg/kc/print/load_data.html?order_code=212022020600818&kc_code=cgsh&condition= HTTP/1.1" 200 893
222.70.223.103 - - [06/Feb/2022:12:08:13 +0800] "POST /xingrg/services/DataTransmitService HTTP/1.1" 200 524
222.70.243.96 - - [06/Feb/2022:12:08:13 +0800] "GET /xingrg/check_reg.html?_=1644120515501 HTTP/1.1" 200 22
222.70.223.103 - - [06/Feb/2022:12:08:13 +0800] "POST /xingrg/services/DataTransmitService HTTP/1.1" 200 501
222.70.223.103 - - [06/Feb/2022:12:08:13 +0800] "POST /xingrg/services/DataTransmitService HTTP/1.1" 200 501
222.70.223.103 - - [06/Feb/2022:12:08:13 +0800] "POST /xingrg/services/DataTransmitService HTTP/1.1" 200 501
222.70.223.103 - - [06/Feb/2022:12:08:13 +0800] "POST /xingrg/services/DataTransmitService HTTP/1.1" 200 501
58.39.168.32 - - [06/Feb/2022:12:08:13 +0800] "POST /xingrg/kc/base/wldb_list_operate.html HTTP/1.1" 200 2389
180.162.112.109 - - [06/Feb/2022:12:08:13 +0800] "GET /xingrg/all/function/internal_message.html?_=1644119877542&CODE_STATE=getMsg HTTP/1.1" 200 27
58.39.168.32 - - [06/Feb/2022:12:08:13 +0800] "GET /xingrg/kc/buy/cgsh_order_add.html HTTP/1.1" 200 65683
222.70.223.103 - - [06/Feb/2022:12:08:13 +0800] "POST /xingrg/services/DataTransmitService HTTP/1.1" 200 501
58.39.168.32 - - [06/Feb/2022:12:08:14 +0800] "POST /xingrg/kc/buy/cgsh_order_operate.html HTTP/1.1" 200 8245
58.39.168.32 - - [06/Feb/2022:12:08:14 +0800] "GET /xingrg/javascript/easyui/themes/default/validatebox.css HTTP/1.1" 404 1104
222.70.223.103 - - [06/Feb/2022:12:08:14 +0800] "POST /xingrg/services/DataTransmitService HTTP/1.1" 200 412
180.152.99.39 - - [06/Feb/2022:12:08:14 +0800] "GET /xingrg/all/function/internal_message.html?_=1644120410593&CODE_STATE=getMsg HTTP/1.1" 200 27
124.79.79.90 - - [06/Feb/2022:12:08:19 +0800] "POST /xingrg/kc/buy/cgsh_order_operate.html HTTP/1.1" 200 37
58.39.168.32 - - [06/Feb/2022:12:08:19 +0800] "POST /xingrg/kc/base/wldb_list_operate.html HTTP/1.1" 200 5656
222.70.243.96 - - [06/Feb/2022:12:08:20 +0800] "GET /xingrg/all/function/internal_message.html?_=1644120523223&CODE_STATE=getMsg HTTP/1.1" 200 27
124.79.79.90 - - [06/Feb/2022:12:08:20 +0800] "POST /xingrg/kc/buy/cgsh_order_operate.html HTTP/1.1" 200 13880
124.78.153.118 - - [06/Feb/2022:12:08:21 +0800] "GET /xingrg/all/function/internal_message.html?_=1644120494141&CODE_STATE=getMsg HTTP/1.1" 200 27
124.78.153.118 - - [06/Feb/2022:12:08:21 +0800] "GET /xingrg/all/function/internal_message.html?_=1644120499308&CODE_STATE=getMsg HTTP/1.1" 200 27
58.39.168.32 - - [06/Feb/2022:12:08:21 +0800] "GET /xingrg/all/function/internal_message.html?_=1644120436007&CODE_STATE=getMsg HTTP/1.1" 200 27
124.79.79.90 - - [06/Feb/2022:12:08:23 +0800] "GET /xingrg/kc/print/load_config.html?kc_code=cgsh HTTP/1.1" 200 1943
222.70.223.103 - - [06/Feb/2022:12:08:23 +0800] "GET /xingrg/all/function/internal_message.html?_=1644120498857&CODE_STATE=getMsg HTTP/1.1" 200 27
116.233.76.82 - - [06/Feb/2022:12:08:23 +0800] "GET /xingrg/all/function/internal_message.html?_=1644120499585&CODE_STATE=getMsg HTTP/1.1" 200 27
124.79.79.90 - - [06/Feb/2022:12:08:23 +0800] "GET /xingrg/kc/print/load_data.html?order_code=212022020600819&kc_code=cgsh&condition= HTTP/1.1" 200 4914
58.39.168.32 - - [06/Feb/2022:12:08:27 +0800] "POST /xingrg/kc/base/wldb_list_operate.html HTTP/1.1" 200 202
101.83.240.42 - - [06/Feb/2022:12:08:27 +0800] "GET /xingrg/all/function/internal_message.html?_=1644120503364&CODE_STATE=getMsg HTTP/1.1" 200 27
58.39.168.32 - - [06/Feb/2022:12:08:29 +0800] "GET /xingrg/kc/base/wldb_order_info.html?code=422022020100063 HTTP/1.1" 200 26186
58.39.168.32 - - [06/Feb/2022:12:08:29 +0800] "GET /xingrg/javascript/easyui/themes/default/validatebox.css HTTP/1.1" 404 1104
58.39.168.32 - - [06/Feb/2022:12:08:29 +0800] "POST /xingrg/kc/base/wldb_order_operate.html HTTP/1.1" 200 483
58.39.168.32 - - [06/Feb/2022:12:08:34 +0800] "GET /xingrg/kc/print/load_config.html?kc_code=wldb HTTP/1.1" 200 2173
58.39.168.32 - - [06/Feb/2022:12:08:35 +0800] "GET /xingrg/kc/print/load_data.html?order_code=422022020100063&kc_code=wldb&condition= HTTP/1.1" 200 583
222.70.179.207 - - [06/Feb/2022:12:08:36 +0800] "GET /xingrg/all/function/internal_message.html?_=1644120508814&CODE_STATE=getMsg HTTP/1.1" 200 27
180.152.99.39 - - [06/Feb/2022:12:08:38 +0800] "GET /xingrg/all/function/internal_message.html?_=1644120434695&CODE_STATE=getMsg HTTP/1.1" 200 27
58.39.168.32 - - [06/Feb/2022:12:08:46 +0800] "GET /xingrg/kc/buy/cgsh_order_operate.html?command=get_materiel&rest_code=00105&code=00101001037&supplier_code=00100491&order_time=2022-02-06 HTTP/1.1" 200 439
124.79.79.90 - - [06/Feb/2022:12:08:48 +0800] "GET /xingrg/kc/buy/cgsh_order_add.html HTTP/1.1" 200 65642
124.79.79.90 - - [06/Feb/2022:12:08:48 +0800] "POST /xingrg/kc/buy/cgsh_order_operate.html HTTP/1.1" 200 8245
124.79.79.90 - - [06/Feb/2022:12:08:48 +0800] "GET /xingrg/javascript/easyui/themes/default/validatebox.css HTTP/1.1" 404 1104
101.85.120.86 - - [06/Feb/2022:12:08:52 +0800] "GET /xingrg/all/function/internal_message.html?_=1644120527730&CODE_STATE=getMsg HTTP/1.1" 200 27
116.239.131.195 - - [06/Feb/2022:12:08:52 +0800] "GET /xingrg/all/function/internal_message.html?_=1644120553144&CODE_STATE=getMsg HTTP/1.1" 200 27
58.39.168.32 - - [06/Feb/2022:12:09:08 +0800] "POST /xingrg/kc/buy/cgsh_order_operate.html HTTP/1.1" 200 37
124.79.79.90 - - [06/Feb/2022:12:09:09 +0800] "GET /xingrg/all/function/internal_message.html?_=1644120546185&CODE_STATE=getMsg HTTP/1.1" 200 27
58.39.168.32 - - [06/Feb/2022:12:09:10 +0800] "POST /xingrg/kc/buy/cgsh_order_operate.html HTTP/1.1" 200 2665
58.39.168.32 - - [06/Feb/2022:12:09:11 +0800] "GET /xingrg/kc/print/load_data.html?order_code=212022020600820&kc_code=cgsh&condition= HTTP/1.1" 200 667
180.162.112.109 - - [06/Feb/2022:12:09:13 +0800] "GET /xingrg/all/function/internal_message.html?_=1644119937527&CODE_STATE=getMsg HTTP/1.1" 200 27
180.152.99.39 - - [06/Feb/2022:12:09:14 +0800] "GET /xingrg/all/function/internal_message.html?_=1644120470620&CODE_STATE=getMsg HTTP/1.1" 200 27
58.39.168.32 - - [06/Feb/2022:12:09:15 +0800] "GET /xingrg/kc/buy/cgsh_order_add.html HTTP/1.1" 200 65683
58.39.168.32 - - [06/Feb/2022:12:09:16 +0800] "POST /xingrg/kc/buy/cgsh_order_operate.html HTTP/1.1" 200 8245
58.39.168.32 - - [06/Feb/2022:12:09:16 +0800] "GET /xingrg/javascript/easyui/themes/default/validatebox.css HTTP/1.1" 404 1104
222.70.243.96 - - [06/Feb/2022:12:09:20 +0800] "GET /xingrg/all/function/internal_message.html?_=1644120583236&CODE_STATE=getMsg HTTP/1.1" 200 27
124.78.153.118 - - [06/Feb/2022:12:09:20 +0800] "GET /xingrg/all/function/internal_message.html?_=1644120554117&CODE_STATE=getMsg HTTP/1.1" 200 27
124.78.153.118 - - [06/Feb/2022:12:09:21 +0800] "GET /xingrg/all/function/internal_message.html?_=1644120559308&CODE_STATE=getMsg HTTP/1.1" 200 27
58.39.168.32 - - [06/Feb/2022:12:09:21 +0800] "GET /xingrg/all/function/internal_message.html?_=1644120495988&CODE_STATE=getMsg HTTP/1.1" 200 27
61.151.207.205 - - [06/Feb/2022:12:09:22 +0800] "GET /xingrg/all/function/internal_message.html?_=1644112249490&CODE_STATE=getMsg HTTP/1.1" 302 -
222.70.223.103 - - [06/Feb/2022:12:09:23 +0800] "GET /xingrg/all/function/internal_message.html?_=1644120558854&CODE_STATE=getMsg HTTP/1.1" 200 27
116.233.76.82 - - [06/Feb/2022:12:09:23 +0800] "GET /xingrg/all/function/internal_message.html?_=1644120559579&CODE_STATE=getMsg HTTP/1.1" 200 27
222.70.223.103 - - [06/Feb/2022:12:09:23 +0800] "GET /xingrg/check_reg.html?_=1644120559522 HTTP/1.1" 200 22
61.151.207.205 - - [06/Feb/2022:12:09:26 +0800] "GET /xingrg/login.html HTTP/1.1" 200 7641
101.83.240.42 - - [06/Feb/2022:12:09:27 +0800] "GET /xingrg/all/function/internal_message.html?_=1644120563365&CODE_STATE=getMsg HTTP/1.1" 200 27
222.70.179.207 - - [06/Feb/2022:12:09:36 +0800] "GET /xingrg/check_reg.html?_=1644120568813 HTTP/1.1" 200 22
222.70.179.207 - - [06/Feb/2022:12:09:36 +0800] "GET /xingrg/all/function/internal_message.html?_=1644120568817&CODE_STATE=getMsg HTTP/1.1" 200 27
180.152.99.39 - - [06/Feb/2022:12:09:39 +0800] "GET /xingrg/all/function/internal_message.html?_=1644120494787&CODE_STATE=getMsg HTTP/1.1" 200 27
101.85.120.86 - - [06/Feb/2022:12:09:52 +0800] "GET /xingrg/all/function/internal_message.html?_=1644120587729&CODE_STATE=getMsg HTTP/1.1" 200 27
116.239.131.195 - - [06/Feb/2022:12:09:52 +0800] "GET /xingrg/all/function/internal_message.html?_=1644120613159&CODE_STATE=getMsg HTTP/1.1" 200 27
124.79.79.90 - - [06/Feb/2022:12:09:57 +0800] "GET /xingrg/kc/buy/cgsh_order_operate.html?command=get_materiel&rest_code=00156&code=00101009122&supplier_code=00100510&order_time=2022-02-06 HTTP/1.1" 200 412
180.152.99.39 - - [06/Feb/2022:12:09:59 +0800] "GET /xingrg/check_reg.html?_=1644120515540 HTTP/1.1" 200 22
58.39.168.32 - - [06/Feb/2022:12:10:02 +0800] "GET /xingrg/all/function/internal_message.html?_=1644120598727&CODE_STATE=getMsg HTTP/1.1" 200 27
124.79.79.90 - - [06/Feb/2022:12:10:09 +0800] "GET /xingrg/all/function/internal_message.html?_=1644120606186&CODE_STATE=getMsg HTTP/1.1" 200 27
180.162.112.109 - - [06/Feb/2022:12:10:13 +0800] "GET /xingrg/all/function/internal_message.html?_=1644119997512&CODE_STATE=getMsg HTTP/1.1" 200 27
180.152.99.39 - - [06/Feb/2022:12:10:14 +0800] "GET /xingrg/all/function/internal_message.html?_=1644120530636&CODE_STATE=getMsg HTTP/1.1" 200 27
124.79.79.90 - - [06/Feb/2022:12:10:15 +0800] "GET /xingrg/kc/buy/cgsh_order_operate.html?command=get_materiel&rest_code=00156&code=00101009062&supplier_code=00100510&order_time=2022-02-06 HTTP/1.1" 200 433
124.78.153.118 - - [06/Feb/2022:12:10:20 +0800] "GET /xingrg/all/function/internal_message.html?_=1644120614092&CODE_STATE=getMsg HTTP/1.1" 200 27
124.78.153.118 - - [06/Feb/2022:12:10:21 +0800] "GET /xingrg/all/function/internal_message.html?_=1644120619308&CODE_STATE=getMsg HTTP/1.1" 200 27
222.70.243.96 - - [06/Feb/2022:12:10:21 +0800] "GET /xingrg/all/function/internal_message.html?_=1644120643665&CODE_STATE=getMsg HTTP/1.1" 200 27
58.39.168.32 - - [06/Feb/2022:12:10:21 +0800] "GET /xingrg/all/function/internal_message.html?_=1644120555989&CODE_STATE=getMsg HTTP/1.1" 200 27
222.70.223.103 - - [06/Feb/2022:12:10:23 +0800] "GET /xingrg/all/function/internal_message.html?_=1644120618835&CODE_STATE=getMsg HTTP/1.1" 200 27
116.233.76.82 - - [06/Feb/2022:12:10:23 +0800] "GET /xingrg/all/function/internal_message.html?_=1644120619591&CODE_STATE=getMsg HTTP/1.1" 200 27
116.233.76.82 - - [06/Feb/2022:12:10:23 +0800] "GET /xingrg/check_reg.html?_=1644120619591 HTTP/1.1" 200 22
124.79.79.90 - - [06/Feb/2022:12:10:26 +0800] "GET /xingrg/kc/buy/cgsh_order_operate.html?command=get_materiel&rest_code=00156&code=00101009042&supplier_code=00100510&order_time=2022-02-06 HTTP/1.1" 200 417
101.83.240.42 - - [06/Feb/2022:12:10:27 +0800] "GET /xingrg/all/function/internal_message.html?_=1644120623365&CODE_STATE=getMsg HTTP/1.1" 200 27
58.39.168.32 - - [06/Feb/2022:12:10:29 +0800] "GET /xingrg/kc/base/wldb_order_list.html HTTP/1.1" 200 19098
58.39.168.32 - - [06/Feb/2022:12:10:29 +0800] "POST /xingrg/kc/base/wldb_list_operate.html HTTP/1.1" 200 3347
124.78.153.118 - - [06/Feb/2022:12:10:30 +0800] "GET /xingrg/login.html?r=1 HTTP/1.1" 200 7641
124.78.153.118 - - [06/Feb/2022:12:10:30 +0800] "GET /favicon.ico HTTP/1.1" 404 -
58.39.168.32 - - [06/Feb/2022:12:10:34 +0800] "GET /xingrg/javascript/jquery_tools/images/prev.gif HTTP/1.1" 404 1086
58.39.168.32 - - [06/Feb/2022:12:10:34 +0800] "GET /xingrg/javascript/jquery_tools/images/next.gif HTTP/1.1" 404 1086
124.79.79.90 - - [06/Feb/2022:12:10:35 +0800] "GET /xingrg/kc/buy/cgsh_order_operate.html?command=get_materiel&rest_code=00156&code=00101009118&supplier_code=00100510&order_time=2022-02-06 HTTP/1.1" 200 414
222.70.179.207 - - [06/Feb/2022:12:10:36 +0800] "GET /xingrg/all/function/internal_message.html?_=1644120628801&CODE_STATE=getMsg HTTP/1.1" 200 27
124.78.153.118 - - [06/Feb/2022:12:10:39 +0800] "POST /xingrg/login.do HTTP/1.1" 302 -
124.78.153.118 - - [06/Feb/2022:12:10:39 +0800] "GET /xingrg/index.html?sysBaseUrl=http%3A%2F%2F180.169.147.146%3A18081%2Fxingrg%2F&costTime=39×tamp=1644120639493 HTTP/1.1" 200 17173
124.78.153.118 - - [06/Feb/2022:12:10:39 +0800] "GET /favicon.ico HTTP/1.1" 404 -
124.78.153.118 - - [06/Feb/2022:12:10:39 +0800] "POST /xingrg/all/common/load_tree.html?tree=area_rest_tree_json&manage=1 HTTP/1.1" 200 342
124.78.153.118 - - [06/Feb/2022:12:10:39 +0800] "GET /xingrg/all/function/internal_message.html?_=1644120637941&CODE_STATE=count HTTP/1.1" 200 11
124.78.153.118 - - [06/Feb/2022:12:10:39 +0800] "GET /xingrg/check_reg.html?_=1644120637945 HTTP/1.1" 200 22
124.78.153.118 - - [06/Feb/2022:12:10:39 +0800] "POST /xingrg/load_menu.html HTTP/1.1" 200 5138
124.78.153.118 - - [06/Feb/2022:12:10:41 +0800] "GET /xingrg/kc/buy/buy_main.html HTTP/1.1" 200 12412
124.78.153.118 - - [06/Feb/2022:12:10:41 +0800] "GET /xingrg/css/new_ie.css HTTP/1.1" 404 1036
180.152.99.39 - - [06/Feb/2022:12:10:42 +0800] "GET /xingrg/all/function/internal_message.html?_=1644120554800&CODE_STATE=getMsg HTTP/1.1" 200 27
124.78.153.118 - - [06/Feb/2022:12:10:42 +0800] "GET /xingrg/images/yd/bt.gif HTTP/1.1" 404 1040
58.39.168.32 - - [06/Feb/2022:12:10:42 +0800] "GET /xingrg/javascript/easyui/plugins/jquery.draggable.js HTTP/1.1" 304 -
58.39.168.32 - - [06/Feb/2022:12:10:42 +0800] "GET /xingrg/javascript/easyui/plugins/jquery.droppable.js HTTP/1.1" 304 -
58.39.168.32 - - [06/Feb/2022:12:10:42 +0800] "GET /xingrg/javascript/easyui/themes/default/tree.css HTTP/1.1" 404 1090
58.39.168.32 - - [06/Feb/2022:12:10:42 +0800] "GET /xingrg/javascript/easyui/plugins/jquery.tree.js HTTP/1.1" 304 -
124.78.153.118 - - [06/Feb/2022:12:10:42 +0800] "GET /xingrg/kc/buy/cgsh_order_list.html HTTP/1.1" 200 49820
58.39.168.32 - - [06/Feb/2022:12:10:42 +0800] "POST /xingrg/all/common/load_tree.html?tree=rest_base_tree_json HTTP/1.1" 200 78510
124.78.153.118 - - [06/Feb/2022:12:10:43 +0800] "POST /xingrg/kc/buy/cgsh_list_operate.html HTTP/1.1" 200 876
58.39.168.32 - - [06/Feb/2022:12:10:44 +0800] "GET /xingrg/javascript/easyui/themes/default/images/tree_arrows.gif HTTP/1.1" 304 -
58.39.168.32 - - [06/Feb/2022:12:10:44 +0800] "GET /xingrg/javascript/easyui/themes/default/images/tree_folder_open.gif HTTP/1.1" 304 -
58.39.168.32 - - [06/Feb/2022:12:10:44 +0800] "GET /xingrg/javascript/easyui/themes/default/images/tree_checkbox_0.gif HTTP/1.1" 304 -
58.39.168.32 - - [06/Feb/2022:12:10:44 +0800] "GET /xingrg/javascript/easyui/themes/icons/areas.png HTTP/1.1" 304 -
58.39.168.32 - - [06/Feb/2022:12:10:44 +0800] "GET /xingrg/javascript/easyui/themes/default/images/tree_file.gif HTTP/1.1" 304 -
58.39.168.32 - - [06/Feb/2022:12:10:44 +0800] "GET /xingrg/javascript/easyui/themes/icons/rest.png HTTP/1.1" 304 -
124.78.153.118 - - [06/Feb/2022:12:10:45 +0800] "GET /xingrg/kc/buy/cgsh_order_add.html HTTP/1.1" 200 65642
124.78.153.118 - - [06/Feb/2022:12:10:45 +0800] "GET /xingrg/words/20220128115405_words.js HTTP/1.1" 304 -
124.78.153.118 - - [06/Feb/2022:12:10:45 +0800] "POST /xingrg/kc/buy/cgsh_order_operate.html HTTP/1.1" 200 8245
124.78.153.118 - - [06/Feb/2022:12:10:46 +0800] "GET /xingrg/all/common/auto_word.html?type=employee&rest_code=00106 HTTP/1.1" 200 205
124.78.153.118 - - [06/Feb/2022:12:10:46 +0800] "GET /xingrg/javascript/easyui/themes/default/validatebox.css HTTP/1.1" 404 1104
124.78.153.118 - - [06/Feb/2022:12:10:46 +0800] "GET /xingrg/all/common/auto_word.html?type=employee&rest_code=00106 HTTP/1.1" 200 205
124.78.153.118 - - [06/Feb/2022:12:10:47 +0800] "GET /xingrg/javascript/easyui/themes/default/tree.css HTTP/1.1" 404 1090
124.78.153.118 - - [06/Feb/2022:12:10:47 +0800] "POST /xingrg/all/common/load_tree.html?tree=supplier_tree_json&isDelete=1 HTTP/1.1" 200 62150
101.85.120.86 - - [06/Feb/2022:12:10:52 +0800] "GET /xingrg/all/function/internal_message.html?_=1644120647729&CODE_STATE=getMsg HTTP/1.1" 200 27
116.239.131.195 - - [06/Feb/2022:12:10:53 +0800] "GET /xingrg/all/function/internal_message.html?_=1644120673819&CODE_STATE=getMsg HTTP/1.1" 200 27
58.39.168.32 - - [06/Feb/2022:12:10:53 +0800] "GET /xingrg/javascript/easyui/themes/default/images/tree_checkbox_2.gif HTTP/1.1" 304 -
58.39.168.32 - - [06/Feb/2022:12:10:53 +0800] "GET /xingrg/javascript/easyui/themes/default/images/tree_checkbox_1.gif HTTP/1.1" 304 -
58.39.168.32 - - [06/Feb/2022:12:10:56 +0800] "POST /xingrg/all/common/load_tree.html?tree=rest_base_tree_json HTTP/1.1" 200 78510
124.78.153.118 - - [06/Feb/2022:12:10:57 +0800] "GET /xingrg/javascript/auto/indicator.gif HTTP/1.1" 404 1066
124.79.79.90 - - [06/Feb/2022:12:11:00 +0800] "POST /xingrg/kc/buy/cgsh_order_operate.html HTTP/1.1" 200 37
124.79.79.90 - - [06/Feb/2022:12:11:01 +0800] "POST /xingrg/kc/buy/cgsh_order_operate.html HTTP/1.1" 200 4425
58.39.168.32 - - [06/Feb/2022:12:11:02 +0800] "GET /xingrg/check_reg.html?_=1644120658688 HTTP/1.1" 200 22
58.39.168.32 - - [06/Feb/2022:12:11:02 +0800] "GET /xingrg/all/function/internal_message.html?_=1644120658691&CODE_STATE=getMsg HTTP/1.1" 200 27
124.79.79.90 - - [06/Feb/2022:12:11:03 +0800] "GET /xingrg/kc/print/load_data.html?order_code=212022020600821&kc_code=cgsh&condition= HTTP/1.1" 200 1334
124.78.153.118 - - [06/Feb/2022:12:11:03 +0800] "GET /xingrg/kc/buy/cgsh_order_operate.html?command=get_materiel&rest_code=00106&code=00101001140&supplier_code=00100090&order_time=2022-02-06 HTTP/1.1" 200 438
124.79.79.90 - - [06/Feb/2022:12:11:09 +0800] "GET /xingrg/all/function/internal_message.html?_=1644120666182&CODE_STATE=getMsg HTTP/1.1" 200 27
58.39.168.32 - - [06/Feb/2022:12:11:11 +0800] "POST /xingrg/kc/base/wldb_list_operate.html HTTP/1.1" 200 2600
58.39.168.32 - - [06/Feb/2022:12:11:13 +0800] "POST /xingrg/kc/base/wldb_list_operate.html HTTP/1.1" 200 202
180.162.112.109 - - [06/Feb/2022:12:11:13 +0800] "GET /xingrg/all/function/internal_message.html?_=1644120057497&CODE_STATE=getMsg HTTP/1.1" 200 27
124.79.79.90 - - [06/Feb/2022:12:11:14 +0800] "GET /xingrg/kc/base/base_main.html HTTP/1.1" 200 12142
124.79.79.90 - - [06/Feb/2022:12:11:14 +0800] "GET /xingrg/images/blue/button/wlsy.gif HTTP/1.1" 200 2536
124.79.79.90 - - [06/Feb/2022:12:11:14 +0800] "GET /xingrg/images/blue/button/ckdb.gif HTTP/1.1" 200 1950
124.79.79.90 - - [06/Feb/2022:12:11:14 +0800] "GET /xingrg/images/blue/button/yddb.gif HTTP/1.1" 200 2040
124.79.79.90 - - [06/Feb/2022:12:11:14 +0800] "GET /xingrg/images/blue/button/ckpd.gif HTTP/1.1" 200 2051
124.79.79.90 - - [06/Feb/2022:12:11:14 +0800] "GET /xingrg/images/blue/button/down.jpg HTTP/1.1" 200 1560
124.79.79.90 - - [06/Feb/2022:12:11:14 +0800] "GET /xingrg/images/blue/button/top_right.jpg HTTP/1.1" 200 1708
124.79.79.90 - - [06/Feb/2022:12:11:14 +0800] "GET /xingrg/images/blue/button/top_left.jpg HTTP/1.1" 200 1632
124.79.79.90 - - [06/Feb/2022:12:11:14 +0800] "GET /xingrg/images/blue/button/left_ah.jpg HTTP/1.1" 200 1643
124.79.79.90 - - [06/Feb/2022:12:11:14 +0800] "GET /xingrg/images/blue/button/bottom_right.jpg HTTP/1.1" 200 1436
124.79.79.90 - - [06/Feb/2022:12:11:14 +0800] "GET /xingrg/images/blue/button/bottom_left.jpg HTTP/1.1" 200 1524
180.162.112.109 - - [06/Feb/2022:12:11:14 +0800] "GET /xingrg/check_reg.html?_=1644120057749 HTTP/1.1" 200 22
180.152.99.39 - - [06/Feb/2022:12:11:14 +0800] "GET /xingrg/all/function/internal_message.html?_=1644120590649&CODE_STATE=getMsg HTTP/1.1" 200 27
124.79.79.90 - - [06/Feb/2022:12:11:16 +0800] "GET /xingrg/kc/mdqp/qp_main.html HTTP/1.1" 200 10633
124.79.79.90 - - [06/Feb/2022:12:11:16 +0800] "GET /xingrg/images/blue/button/qqpsd.gif HTTP/1.1" 200 2548
124.79.79.90 - - [06/Feb/2022:12:11:16 +0800] "GET /xingrg/images/blue/button/pszx.gif HTTP/1.1" 200 2648
124.79.79.90 - - [06/Feb/2022:12:11:16 +0800] "GET /xingrg/images/blue/button/psshd.gif HTTP/1.1" 200 2692
124.79.79.90 - - [06/Feb/2022:12:11:16 +0800] "GET /xingrg/images/yd/bt.gif HTTP/1.1" 404 1040
124.79.79.90 - - [06/Feb/2022:12:11:16 +0800] "GET /xingrg/kc/mdqp/qqps_order_list.html HTTP/1.1" 200 10404
124.79.79.90 - - [06/Feb/2022:12:11:16 +0800] "GET /xingrg/dwr/interface/AjaxReportQueryService.js HTTP/1.1" 200 13203
124.79.79.90 - - [06/Feb/2022:12:11:16 +0800] "GET /xingrg/dwr/interface/AjaxQqpsService.js HTTP/1.1" 200 16326
124.79.79.90 - - [06/Feb/2022:12:11:16 +0800] "GET /xingrg/dwr/util.js HTTP/1.1" 200 35990
124.79.79.90 - - [06/Feb/2022:12:11:16 +0800] "GET /xingrg/dwr/engine.js HTTP/1.1" 200 43631
124.79.79.90 - - [06/Feb/2022:12:11:16 +0800] "GET /xingrg/javascript/Calendar.js HTTP/1.1" 200 31561
124.79.79.90 - - [06/Feb/2022:12:11:17 +0800] "GET /xingrg/javascript/jquery_easy_ui/themes/icons/uncheck_new.png HTTP/1.1" 200 3197
124.79.79.90 - - [06/Feb/2022:12:11:17 +0800] "GET /xingrg/javascript/jquery_easy_ui/themes/icons/check_new.png HTTP/1.1" 200 3224
124.79.79.90 - - [06/Feb/2022:12:11:17 +0800] "GET /xingrg/javascript/jquery_easy_ui/themes/icons/edit_add_new.png HTTP/1.1" 200 2997
124.79.79.90 - - [06/Feb/2022:12:11:17 +0800] "GET /xingrg/javascript/jquery_easy_ui/themes/icons/cance_new.png HTTP/1.1" 200 3986
124.79.79.90 - - [06/Feb/2022:12:11:18 +0800] "GET /xingrg/kc/mdqp/qqps_order_info.html?code=302022020500036 HTTP/1.1" 200 28315
124.79.79.90 - - [06/Feb/2022:12:11:18 +0800] "GET /xingrg/javascript/AjaxInfoList.js HTTP/1.1" 200 3774
124.79.79.90 - - [06/Feb/2022:12:11:18 +0800] "GET /xingrg/javascript/Grid.js HTTP/1.1" 200 58908
124.79.79.90 - - [06/Feb/2022:12:11:18 +0800] "GET /xingrg/dwr/interface/AjaxComOrderService.js HTTP/1.1" 200 18264
124.79.79.90 - - [06/Feb/2022:12:11:18 +0800] "GET /xingrg/dwr/interface/AjaxQqpsService.js HTTP/1.1" 200 16326
124.79.79.90 - - [06/Feb/2022:12:11:18 +0800] "GET /xingrg/javascript/tools/jquery.qtip-1.0.0-rc3.min.js HTTP/1.1" 200 38404
124.79.79.90 - - [06/Feb/2022:12:11:18 +0800] "GET /xingrg/dwr/engine.js HTTP/1.1" 200 43631
124.79.79.90 - - [06/Feb/2022:12:11:18 +0800] "GET /xingrg/javascript/jquery_easy_ui/themes/icons/copy_new.png HTTP/1.1" 200 815
124.79.79.90 - - [06/Feb/2022:12:11:18 +0800] "GET /xingrg/javascript/jquery_easy_ui/themes/icons/template_new.png HTTP/1.1" 200 3956
124.79.79.90 - - [06/Feb/2022:12:11:18 +0800] "GET /xingrg/javascript/jquery_easy_ui/themes/icons/ok.png HTTP/1.1" 200 883
124.79.79.90 - - [06/Feb/2022:12:11:18 +0800] "GET /xingrg/javascript/jquery_easy_ui/themes/icons/print.png HTTP/1.1" 200 1057
124.79.79.90 - - [06/Feb/2022:12:11:18 +0800] "GET /xingrg/javascript/jquery_easy_ui/themes/icons/back_new.png HTTP/1.1" 200 3414
124.79.79.90 - - [06/Feb/2022:12:11:18 +0800] "GET /xingrg/javascript/jquery_easy_ui/themes/default/images/menu_downarrow.png HTTP/1.1" 200 173
124.79.79.90 - - [06/Feb/2022:12:11:19 +0800] "GET /xingrg/images/blue/button/kc_tab_add.gif HTTP/1.1" 200 375
124.79.79.90 - - [06/Feb/2022:12:11:19 +0800] "GET /xingrg/images/blue/button/kc_tab_edit.gif HTTP/1.1" 200 551
124.79.79.90 - - [06/Feb/2022:12:11:19 +0800] "GET /xingrg/images/blue/button/kc_tab_del.gif HTTP/1.1" 200 383
124.79.79.90 - - [06/Feb/2022:12:11:19 +0800] "GET /xingrg/images/blue/button/kc_tab_save.gif HTTP/1.1" 200 777
124.79.79.90 - - [06/Feb/2022:12:11:19 +0800] "GET /xingrg/images/blue/wait.gif HTTP/1.1" 200 1100
124.79.79.90 - - [06/Feb/2022:12:11:19 +0800] "GET /xingrg/images/blue/kc_tab_mid.gif HTTP/1.1" 200 44
124.79.79.90 - - [06/Feb/2022:12:11:19 +0800] "GET /xingrg/images/blue/kc_tab_right.gif HTTP/1.1" 200 643
124.79.79.90 - - [06/Feb/2022:12:11:19 +0800] "GET /xingrg/images/blue/kc_tab_left.gif HTTP/1.1" 200 188
124.79.79.90 - - [06/Feb/2022:12:11:19 +0800] "GET /xingrg/javascript/jquery_easy_ui/themes/default/images/combo_arrow_dot.gif HTTP/1.1" 200 79
124.79.79.90 - - [06/Feb/2022:12:11:19 +0800] "GET /xingrg/images/blue/kc_tab2_left.gif HTTP/1.1" 200 625
124.79.79.90 - - [06/Feb/2022:12:11:19 +0800] "GET /xingrg/images/blue/kc_tab2_right.gif HTTP/1.1" 200 192
124.79.79.90 - - [06/Feb/2022:12:11:19 +0800] "POST /xingrg/dwr/call/plaincall/AjaxQqpsService.loadMaterielItems.dwr HTTP/1.1" 200 76
124.78.153.118 - - [06/Feb/2022:12:11:20 +0800] "GET /xingrg/all/function/internal_message.html?_=1644120674073&CODE_STATE=getMsg HTTP/1.1" 302 -
124.78.153.118 - - [06/Feb/2022:12:11:21 +0800] "GET /xingrg/login.html HTTP/1.1" 200 7641
124.78.153.118 - - [06/Feb/2022:12:11:21 +0800] "GET /xingrg/all/function/internal_message.html?_=1644120679309&CODE_STATE=getMsg HTTP/1.1" 200 27
222.70.243.96 - - [06/Feb/2022:12:11:21 +0800] "GET /xingrg/all/function/internal_message.html?_=1644120703670&CODE_STATE=getMsg HTTP/1.1" 200 27
58.39.168.32 - - [06/Feb/2022:12:11:21 +0800] "GET /xingrg/all/function/internal_message.html?_=1644120615989&CODE_STATE=getMsg HTTP/1.1" 200 27
58.39.168.32 - - [06/Feb/2022:12:11:21 +0800] "GET /xingrg/check_reg.html?_=1644120615992 HTTP/1.1" 200 22
58.39.168.32 - - [06/Feb/2022:12:11:22 +0800] "GET /xingrg/kc/buy/cgsh_order_list.html HTTP/1.1" 200 49820
222.70.223.103 - - [06/Feb/2022:12:11:23 +0800] "GET /xingrg/all/function/internal_message.html?_=1644120678826&CODE_STATE=getMsg HTTP/1.1" 200 27
116.233.76.82 - - [06/Feb/2022:12:11:23 +0800] "GET /xingrg/all/function/internal_message.html?_=1644120679594&CODE_STATE=getMsg HTTP/1.1" 200 27
124.79.79.90 - - [06/Feb/2022:12:11:23 +0800] "GET /xingrg/javascript/auto/indicator.gif HTTP/1.1" 404 1066
124.78.153.118 - - [06/Feb/2022:12:11:24 +0800] "GET /xingrg/kc/buy/cgsh_order_operate.html?command=get_materiel&rest_code=00106&code=00101001125&supplier_code=00100090&order_time=2022-02-06 HTTP/1.1" 200 438
101.83.240.42 - - [06/Feb/2022:12:11:27 +0800] "GET /xingrg/check_reg.html?_=1644120683378 HTTP/1.1" 200 22
101.83.240.42 - - [06/Feb/2022:12:11:27 +0800] "GET /xingrg/all/function/internal_message.html?_=1644120683373&CODE_STATE=getMsg HTTP/1.1" 200 27
222.70.179.207 - - [06/Feb/2022:12:11:36 +0800] "GET /xingrg/all/function/internal_message.html?_=1644120688801&CODE_STATE=getMsg HTTP/1.1" 200 27
58.39.168.32 - - [06/Feb/2022:12:11:39 +0800] "POST /xingrg/kc/buy/cgsh_list_operate.html HTTP/1.1" 200 5118
180.152.99.39 - - [06/Feb/2022:12:11:39 +0800] "GET /xingrg/all/function/internal_message.html?_=1644120614899&CODE_STATE=getMsg HTTP/1.1" 200 27
124.78.153.118 - - [06/Feb/2022:12:11:39 +0800] "GET /xingrg/all/function/internal_message.html?_=1644120697968&CODE_STATE=getMsg HTTP/1.1" 200 27
124.78.153.118 - - [06/Feb/2022:12:11:40 +0800] "POST /xingrg/kc/buy/cgsh_order_operate.html HTTP/1.1" 200 37
58.39.168.32 - - [06/Feb/2022:12:11:42 +0800] "GET /xingrg/kc/buy/cgsh_order_add.html HTTP/1.1" 200 65683
58.39.168.32 - - [06/Feb/2022:12:11:42 +0800] "GET /xingrg/javascript/easyui/themes/default/validatebox.css HTTP/1.1" 404 1104
58.39.168.32 - - [06/Feb/2022:12:11:42 +0800] "POST /xingrg/kc/buy/cgsh_order_operate.html HTTP/1.1" 200 8245
124.78.153.118 - - [06/Feb/2022:12:11:45 +0800] "POST /xingrg/kc/buy/cgsh_order_operate.html HTTP/1.1" 200 3267
124.78.153.118 - - [06/Feb/2022:12:11:51 +0800] "POST /xingrg/kc/buy/cgsh_order_operate.html HTTP/1.1" 200 37
101.85.120.86 - - [06/Feb/2022:12:11:52 +0800] "GET /xingrg/all/function/internal_message.html?_=1644120707730&CODE_STATE=getMsg HTTP/1.1" 200 27
58.39.168.32 - - [06/Feb/2022:12:11:52 +0800] "GET /xingrg/kc/buy/cgsh_order_operate.html?command=get_materiel&rest_code=00105&code=00101002006&supplier_code=00100091&order_time=2022-02-06 HTTP/1.1" 200 435
124.78.153.118 - - [06/Feb/2022:12:11:52 +0800] "POST /xingrg/kc/buy/cgsh_order_operate.html HTTP/1.1" 200 3267
116.239.131.195 - - [06/Feb/2022:12:11:53 +0800] "GET /xingrg/all/function/internal_message.html?_=1644120733825&CODE_STATE=getMsg HTTP/1.1" 200 27
124.78.153.118 - - [06/Feb/2022:12:11:57 +0800] "GET /xingrg/kc/buy/cgsh_order_add.html HTTP/1.1" 200 65642
124.78.153.118 - - [06/Feb/2022:12:11:57 +0800] "POST /xingrg/kc/buy/cgsh_order_operate.html HTTP/1.1" 200 8245
124.78.153.118 - - [06/Feb/2022:12:11:57 +0800] "GET /xingrg/javascript/easyui/themes/default/validatebox.css HTTP/1.1" 404 1104
58.39.168.32 - - [06/Feb/2022:12:12:02 +0800] "GET /xingrg/all/function/internal_message.html?_=1644120718711&CODE_STATE=getMsg HTTP/1.1" 200 27
124.78.153.118 - - [06/Feb/2022:12:12:03 +0800] "GET /xingrg/javascript/easyui/themes/default/tree.css HTTP/1.1" 404 1090
124.78.153.118 - - [06/Feb/2022:12:12:03 +0800] "POST /xingrg/all/common/load_tree.html?tree=supplier_tree_json&isDelete=1 HTTP/1.1" 200 62150
58.39.168.32 - - [06/Feb/2022:12:12:07 +0800] "GET /xingrg/kc/buy/cgsh_order_operate.html?command=get_materiel&rest_code=00105&code=00101003037&supplier_code=00100091&order_time=2022-02-06 HTTP/1.1" 200 438
124.79.79.90 - - [06/Feb/2022:12:12:09 +0800] "GET /xingrg/all/function/internal_message.html?_=1644120726184&CODE_STATE=getMsg HTTP/1.1" 200 27
124.79.79.90 - - [06/Feb/2022:12:12:09 +0800] "GET /xingrg/check_reg.html?_=1644120726186 HTTP/1.1" 200 22
180.162.112.109 - - [06/Feb/2022:12:12:13 +0800] "GET /xingrg/all/function/internal_message.html?_=1644120117467&CODE_STATE=getMsg HTTP/1.1" 200 27
180.152.99.39 - - [06/Feb/2022:12:12:13 +0800] "GET /xingrg/check_reg.html?_=1644120649727 HTTP/1.1" 200 22
180.152.99.39 - - [06/Feb/2022:12:12:14 +0800] "GET /xingrg/all/function/internal_message.html?_=1644120650676&CODE_STATE=getMsg HTTP/1.1" 200 27
58.39.168.32 - - [06/Feb/2022:12:12:15 +0800] "POST /xingrg/kc/buy/cgsh_order_operate.html HTTP/1.1" 200 37
58.39.168.32 - - [06/Feb/2022:12:12:16 +0800] "POST /xingrg/kc/buy/cgsh_order_operate.html HTTP/1.1" 200 3262
58.39.168.32 - - [06/Feb/2022:12:12:17 +0800] "GET /xingrg/kc/print/load_data.html?order_code=212022020600823&kc_code=cgsh&condition= HTTP/1.1" 200 979
124.78.153.118 - - [06/Feb/2022:12:12:20 +0800] "GET /xingrg/kc/buy/cgsh_order_operate.html?command=get_materiel&rest_code=00106&code=00101003003&supplier_code=00100093&order_time=2022-02-06 HTTP/1.1" 200 437
58.39.168.32 - - [06/Feb/2022:12:12:20 +0800] "GET /xingrg/kc/buy/cgsh_order_add.html HTTP/1.1" 200 65683
58.39.168.32 - - [06/Feb/2022:12:12:20 +0800] "POST /xingrg/kc/buy/cgsh_order_operate.html HTTP/1.1" 200 8245
124.78.153.118 - - [06/Feb/2022:12:12:20 +0800] "GET /xingrg/all/function/internal_message.html?_=1644120734045&CODE_STATE=getMsg HTTP/1.1" 302 -
58.39.168.32 - - [06/Feb/2022:12:12:20 +0800] "GET /xingrg/javascript/easyui/themes/default/validatebox.css HTTP/1.1" 404 1104
124.78.153.118 - - [06/Feb/2022:12:12:21 +0800] "GET /xingrg/check_reg.html?_=1644120739311 HTTP/1.1" 200 22
124.78.153.118 - - [06/Feb/2022:12:12:21 +0800] "GET /xingrg/all/function/internal_message.html?_=1644120739312&CODE_STATE=getMsg HTTP/1.1" 200 27
222.70.243.96 - - [06/Feb/2022:12:12:21 +0800] "GET /xingrg/all/function/internal_message.html?_=1644120764089&CODE_STATE=getMsg HTTP/1.1" 200 27
58.39.168.32 - - [06/Feb/2022:12:12:21 +0800] "GET /xingrg/all/function/internal_message.html?_=1644120675993&CODE_STATE=getMsg HTTP/1.1" 200 27
222.70.223.103 - - [06/Feb/2022:12:12:23 +0800] "GET /xingrg/all/function/internal_message.html?_=1644120738808&CODE_STATE=getMsg HTTP/1.1" 200 27
116.233.76.82 - - [06/Feb/2022:12:12:23 +0800] "GET /xingrg/all/function/internal_message.html?_=1644120739596&CODE_STATE=getMsg HTTP/1.1" 200 27
101.83.240.42 - - [06/Feb/2022:12:12:27 +0800] "GET /xingrg/all/function/internal_message.html?_=1644120743377&CODE_STATE=getMsg HTTP/1.1" 200 27
58.39.168.32 - - [06/Feb/2022:12:12:30 +0800] "GET /xingrg/kc/buy/cgsh_order_operate.html?command=get_materiel&rest_code=00105&code=00101004011&supplier_code=00100086&order_time=2022-02-06 HTTP/1.1" 200 436
124.78.153.118 - - [06/Feb/2022:12:12:34 +0800] "POST /xingrg/kc/buy/cgsh_order_operate.html HTTP/1.1" 200 37
124.78.153.118 - - [06/Feb/2022:12:12:36 +0800] "POST /xingrg/kc/buy/cgsh_order_operate.html HTTP/1.1" 200 2666
222.70.179.207 - - [06/Feb/2022:12:12:36 +0800] "GET /xingrg/all/function/internal_message.html?_=1644120748802&CODE_STATE=getMsg HTTP/1.1" 200 27
180.152.99.39 - - [06/Feb/2022:12:12:39 +0800] "GET /xingrg/all/function/internal_message.html?_=1644120674905&CODE_STATE=getMsg HTTP/1.1" 200 27
124.78.153.118 - - [06/Feb/2022:12:12:39 +0800] "GET /xingrg/all/function/internal_message.html?_=1644120757966&CODE_STATE=getMsg HTTP/1.1" 200 27
58.39.168.32 - - [06/Feb/2022:12:12:46 +0800] "GET /xingrg/kc/buy/cgsh_order_operate.html?command=get_materiel&rest_code=00105&code=00101014101&supplier_code=00100086&order_time=2022-02-06 HTTP/1.1" 200 424
116.239.131.195 - - [06/Feb/2022:12:12:50 +0800] "GET /xingrg/check_reg.html?_=1644120790999 HTTP/1.1" 200 22
124.78.153.118 - - [06/Feb/2022:12:12:50 +0800] "GET /xingrg/kc/buy/cgsh_order_add.html HTTP/1.1" 200 65642
124.78.153.118 - - [06/Feb/2022:12:12:51 +0800] "POST /xingrg/kc/buy/cgsh_order_operate.html HTTP/1.1" 200 8245
124.78.153.118 - - [06/Feb/2022:12:12:51 +0800] "GET /xingrg/javascript/easyui/themes/default/validatebox.css HTTP/1.1" 404 1104
101.85.120.86 - - [06/Feb/2022:12:12:52 +0800] "GET /xingrg/check_reg.html?_=1644120767731 HTTP/1.1" 200 22
101.85.120.86 - - [06/Feb/2022:12:12:52 +0800] "GET /xingrg/all/function/internal_message.html?_=1644120767734&CODE_STATE=getMsg HTTP/1.1" 200 27
116.239.131.195 - - [06/Feb/2022:12:12:53 +0800] "GET /xingrg/all/function/internal_message.html?_=1644120793838&CODE_STATE=getMsg HTTP/1.1" 200 27
124.78.153.118 - - [06/Feb/2022:12:12:56 +0800] "GET /xingrg/javascript/easyui/themes/default/tree.css HTTP/1.1" 404 1090
124.78.153.118 - - [06/Feb/2022:12:12:56 +0800] "POST /xingrg/all/common/load_tree.html?tree=supplier_tree_json&isDelete=1 HTTP/1.1" 200 62150
124.78.153.118 - - [06/Feb/2022:12:12:57 +0800] "GET /xingrg/check_reg.html?_=1644120770526 HTTP/1.1" 302 -
58.39.168.32 - - [06/Feb/2022:12:13:02 +0800] "GET /xingrg/all/function/internal_message.html?_=1644120778680&CODE_STATE=getMsg HTTP/1.1" 200 27
58.39.168.32 - - [06/Feb/2022:12:13:03 +0800] "POST /xingrg/kc/buy/cgsh_order_operate.html HTTP/1.1" 200 37
58.39.168.32 - - [06/Feb/2022:12:13:04 +0800] "POST /xingrg/kc/buy/cgsh_order_operate.html HTTP/1.1" 200 3264
58.39.168.32 - - [06/Feb/2022:12:13:05 +0800] "GET /xingrg/kc/print/load_data.html?order_code=212022020600825&kc_code=cgsh&condition= HTTP/1.1" 200 969
58.39.168.32 - - [06/Feb/2022:12:13:08 +0800] "GET /xingrg/kc/buy/cgsh_order_add.html HTTP/1.1" 200 65683
58.39.168.32 - - [06/Feb/2022:12:13:08 +0800] "GET /xingrg/javascript/easyui/themes/default/validatebox.css HTTP/1.1" 404 1104
58.39.168.32 - - [06/Feb/2022:12:13:08 +0800] "POST /xingrg/kc/buy/cgsh_order_operate.html HTTP/1.1" 200 8245
124.79.79.90 - - [06/Feb/2022:12:13:09 +0800] "GET /xingrg/all/function/internal_message.html?_=1644120786177&CODE_STATE=getMsg HTTP/1.1" 200 27
222.70.243.96 - - [06/Feb/2022:12:13:13 +0800] "GET /xingrg/check_reg.html?_=1644120815508 HTTP/1.1" 200 22
180.162.112.109 - - [06/Feb/2022:12:13:13 +0800] "GET /xingrg/all/function/internal_message.html?_=1644120177453&CODE_STATE=getMsg HTTP/1.1" 200 27
180.152.99.39 - - [06/Feb/2022:12:13:14 +0800] "GET /xingrg/all/function/internal_message.html?_=1644120710693&CODE_STATE=getMsg HTTP/1.1" 200 27
124.78.153.118 - - [06/Feb/2022:12:13:16 +0800] "GET /xingrg/kc/buy/cgsh_order_operate.html?command=get_materiel&rest_code=00106&code=00101004034&supplier_code=00100085&order_time=2022-02-06 HTTP/1.1" 200 416
58.39.168.32 - - [06/Feb/2022:12:13:17 +0800] "GET /xingrg/kc/buy/cgsh_order_operate.html?command=get_materiel&rest_code=00105&code=00101010079&supplier_code=00100336&order_time=2022-02-06 HTTP/1.1" 200 433
124.78.153.118 - - [06/Feb/2022:12:13:20 +0800] "GET /xingrg/all/function/internal_message.html?_=1644120794020&CODE_STATE=getMsg HTTP/1.1" 302 -
124.78.153.118 - - [06/Feb/2022:12:13:21 +0800] "GET /xingrg/all/function/internal_message.html?_=1644120799310&CODE_STATE=getMsg HTTP/1.1" 200 27
222.70.243.96 - - [06/Feb/2022:12:13:21 +0800] "GET /xingrg/all/function/internal_message.html?_=1644120824103&CODE_STATE=getMsg HTTP/1.1" 200 27
58.39.168.32 - - [06/Feb/2022:12:13:21 +0800] "GET /xingrg/all/function/internal_message.html?_=1644120735994&CODE_STATE=getMsg HTTP/1.1" 200 27
222.70.223.103 - - [06/Feb/2022:12:13:23 +0800] "GET /xingrg/all/function/internal_message.html?_=1644120798794&CODE_STATE=getMsg HTTP/1.1" 200 27
116.233.76.82 - - [06/Feb/2022:12:13:23 +0800] "GET /xingrg/all/function/internal_message.html?_=1644120799598&CODE_STATE=getMsg HTTP/1.1" 200 27
101.83.240.42 - - [06/Feb/2022:12:13:27 +0800] "GET /xingrg/all/function/internal_message.html?_=1644120803377&CODE_STATE=getMsg HTTP/1.1" 200 27
58.39.168.32 - - [06/Feb/2022:12:13:33 +0800] "POST /xingrg/kc/buy/cgsh_order_operate.html HTTP/1.1" 200 64
124.78.153.118 - - [06/Feb/2022:12:13:34 +0800] "POST /xingrg/kc/buy/cgsh_order_operate.html HTTP/1.1" 200 37
222.70.179.207 - - [06/Feb/2022:12:13:36 +0800] "GET /xingrg/all/function/internal_message.html?_=1644120808801&CODE_STATE=getMsg HTTP/1.1" 200 27
180.152.99.39 - - [06/Feb/2022:12:13:39 +0800] "GET /xingrg/all/function/internal_message.html?_=1644120734919&CODE_STATE=getMsg HTTP/1.1" 200 27
58.39.168.32 - - [06/Feb/2022:12:13:41 +0800] "POST /xingrg/kc/buy/cgsh_order_operate.html HTTP/1.1" 200 37
58.39.168.32 - - [06/Feb/2022:12:13:42 +0800] "POST /xingrg/kc/buy/cgsh_order_operate.html HTTP/1.1" 200 2657
58.39.168.32 - - [06/Feb/2022:12:13:43 +0800] "GET /xingrg/kc/print/load_data.html?order_code=212022020600828&kc_code=cgsh&condition= HTTP/1.1" 200 670
58.39.168.32 - - [06/Feb/2022:12:13:46 +0800] "GET /xingrg/kc/buy/cgsh_order_add.html HTTP/1.1" 200 65683
58.39.168.32 - - [06/Feb/2022:12:13:46 +0800] "POST /xingrg/kc/buy/cgsh_order_operate.html HTTP/1.1" 200 8245
58.39.168.32 - - [06/Feb/2022:12:13:46 +0800] "GET /xingrg/javascript/easyui/themes/default/validatebox.css HTTP/1.1" 404 1104
124.79.79.90 - - [06/Feb/2022:12:13:47 +0800] "POST /xingrg/dwr/call/plaincall/AjaxQqpsService.getMaterielByCode.dwr HTTP/1.1" 200 2758
101.85.120.86 - - [06/Feb/2022:12:13:52 +0800] "GET /xingrg/all/function/internal_message.html?_=1644120827733&CODE_STATE=getMsg HTTP/1.1" 200 27
116.239.131.195 - - [06/Feb/2022:12:13:53 +0800] "GET /xingrg/all/function/internal_message.html?_=1644120853852&CODE_STATE=getMsg HTTP/1.1" 200 27
124.79.79.90 - - [06/Feb/2022:12:13:53 +0800] "GET /xingrg/kc/report/report_main.html HTTP/1.1" 200 7340
124.79.79.90 - - [06/Feb/2022:12:13:54 +0800] "GET /xingrg/kc/base/crk_hz.html HTTP/1.1" 200 11247
124.79.79.90 - - [06/Feb/2022:12:13:54 +0800] "GET /xingrg/javascript/step/step.css HTTP/1.1" 200 999
124.79.79.90 - - [06/Feb/2022:12:13:54 +0800] "GET /xingrg/css/table.css HTTP/1.1" 200 3684
124.79.79.90 - - [06/Feb/2022:12:13:54 +0800] "POST /xingrg/kc/cost/cost_operate.html?command=get_base_tree HTTP/1.1" 200 2657
124.79.79.90 - - [06/Feb/2022:12:13:54 +0800] "POST /xingrg/all/common/load_tree.html?tree=materiel_sort_tree_json HTTP/1.1" 200 9388
124.79.79.90 - - [06/Feb/2022:12:13:54 +0800] "GET /xingrg/javascript/jquery_easy_ui/themes/default/images/calendar_nextmonth.gif HTTP/1.1" 200 64
124.79.79.90 - - [06/Feb/2022:12:13:54 +0800] "GET /xingrg/javascript/jquery_easy_ui/themes/default/images/calendar_prevmonth.gif HTTP/1.1" 200 66
124.79.79.90 - - [06/Feb/2022:12:13:54 +0800] "GET /xingrg/javascript/jquery_easy_ui/themes/default/images/button_a_bg.gif HTTP/1.1" 200 1194
124.79.79.90 - - [06/Feb/2022:12:13:54 +0800] "GET /xingrg/javascript/jquery_easy_ui/themes/default/images/calendar_prevyear.gif HTTP/1.1" 200 76
124.79.79.90 - - [06/Feb/2022:12:13:54 +0800] "GET /xingrg/javascript/jquery_easy_ui/themes/default/images/menu.gif HTTP/1.1" 200 834
124.79.79.90 - - [06/Feb/2022:12:13:54 +0800] "GET /xingrg/javascript/jquery_easy_ui/themes/default/images/calendar_nextyear.gif HTTP/1.1" 200 75
124.79.79.90 - - [06/Feb/2022:12:13:54 +0800] "GET /xingrg/javascript/jquery_easy_ui/themes/icons/search.png HTTP/1.1" 200 813
124.79.79.90 - - [06/Feb/2022:12:13:54 +0800] "GET /xingrg/javascript/jquery_easy_ui/themes/default/images/button_span_bg.gif HTTP/1.1" 200 2061
124.79.79.90 - - [06/Feb/2022:12:13:55 +0800] "GET /xingrg/javascript/jquery_easy_ui/themes/default/images/tree_checkbox_0.gif HTTP/1.1" 200 168
124.79.79.90 - - [06/Feb/2022:12:13:55 +0800] "GET /xingrg/javascript/jquery_easy_ui/themes/default/images/tabs_active.png HTTP/1.1" 200 2894
58.39.168.32 - - [06/Feb/2022:12:13:58 +0800] "GET /xingrg/kc/buy/cgsh_order_operate.html?command=get_materiel&rest_code=00105&code=00101003033&supplier_code=00100497&order_time=2022-02-06 HTTP/1.1" 200 447
124.79.79.90 - - [06/Feb/2022:12:13:58 +0800] "GET /xingrg/javascript/jquery_easy_ui/themes/default/images/tree_checkbox_1.gif HTTP/1.1" 200 174
124.79.79.90 - - [06/Feb/2022:12:13:58 +0800] "GET /xingrg/javascript/jquery_easy_ui/themes/default/images/tree_checkbox_2.gif HTTP/1.1" 200 181
124.79.79.90 - - [06/Feb/2022:12:14:01 +0800] "GET /xingrg/kc/base/crk_hz.html?_=1644120838140&command=get_cost_id&end_date=2022-02-28&start_date=2022-02-01 HTTP/1.1" 200 51
124.79.79.90 - - [06/Feb/2022:12:14:01 +0800] "GET /xingrg/javascript/multi_select/jqueryMultiSelect.css HTTP/1.1" 200 951
124.79.79.90 - - [06/Feb/2022:12:14:01 +0800] "GET /xingrg/javascript/calendar/timePicker.css HTTP/1.1" 200 523
124.79.79.90 - - [06/Feb/2022:12:14:01 +0800] "GET /xingrg/javascript/bigrid/fix.css HTTP/1.1" 200 1702
124.79.79.90 - - [06/Feb/2022:12:14:01 +0800] "GET /xingrg/all/report/report_query.html?isQuery=1&onlyBody=1&rh=99999&rw=1800&varString=start:20220201,cost_id:3486,mid:20220101&fileName=kc/base/crk_hz_type_by_base.xml&queryString=%20a.base_code%20in%20('0010781')%20%20and%20m.sort_code%20in%20('00101001','00101002','00101003','00101004','00101005','00101006','00101007','00101008','00101009','00101010','00101011','00101012','00101013','00101014','00101015','00101016','00101017','00101018','00101019','00101020','00101021','00101022','00101023','00101024','00101025','00101026','00101027','00101028','00101029','00101030','00101031','00101032','00101033','00101034','00101036','00101037','00101038','00101039','00101040','00101041','00101042','00102001','00102002','00102003','00102004','00102005','00102006','00102007','00102008','00102009','00102010','00102011','00102012','00102013','00102014','00102015','00102016','00102017','00102018','00102019','00102020','00102021','00102022','00102023','00102024','00102025','00102026','00102027','00102028','00102029','00102030','00102031','00102032','00102033','00102034','00102035','00102036')%20&queryText=ÈÕÆÚ£º2022-02-01ÖÁ2022-02-28%20²Ö¿â£ºÑ౫³á¿â&tableQueryString=materiel_table$sp1$$sp$before_table$sp1$$sp$crk_table$sp1$order_day%20between%2020220201%20and%2020220228 HTTP/1.1" 200 50270
124.79.79.90 - - [06/Feb/2022:12:14:01 +0800] "GET /xingrg/javascript/calendar/jquery.timePicker.min.js HTTP/1.1" 200 2997
124.79.79.90 - - [06/Feb/2022:12:14:01 +0800] "GET /xingrg/javascript/bigrid/fix.js HTTP/1.1" 200 6439
124.79.79.90 - - [06/Feb/2022:12:14:01 +0800] "GET /xingrg/javascript/jqueryMultiSelect.js HTTP/1.1" 200 11866
124.79.79.90 - - [06/Feb/2022:12:14:01 +0800] "GET /xingrg/dwr/interface/AjaxReportQueryService.js HTTP/1.1" 200 13203
124.79.79.90 - - [06/Feb/2022:12:14:01 +0800] "GET /xingrg/dwr/engine.js HTTP/1.1" 200 43631
124.79.79.90 - - [06/Feb/2022:12:14:01 +0800] "GET /xingrg/images/blue/button/advanceover.gif HTTP/1.1" 200 1347
124.79.79.90 - - [06/Feb/2022:12:14:01 +0800] "GET /xingrg/images/blue/button/advance2over.gif HTTP/1.1" 200 1336
124.79.79.90 - - [06/Feb/2022:12:14:01 +0800] "GET /xingrg/images/blue/button/back2over.gif HTTP/1.1" 200 1335
124.79.79.90 - - [06/Feb/2022:12:14:01 +0800] "GET /xingrg/images/blue/button/backover.gif HTTP/1.1" 200 1348
124.79.79.90 - - [06/Feb/2022:12:14:01 +0800] "GET /xingrg/images/control/loading.gif HTTP/1.1" 200 13463
124.79.79.90 - - [06/Feb/2022:12:14:01 +0800] "GET /xingrg/javascript/jquery_easy_ui/themes/icons/help.png HTTP/1.1" 200 1187
124.79.79.90 - - [06/Feb/2022:12:14:02 +0800] "POST /xingrg/all/report/load_report_page.html HTTP/1.1" 200 92251
124.79.79.90 - - [06/Feb/2022:12:14:02 +0800] "GET /xingrg/servlets/image?cache=0.18077390655803782&image=px HTTP/1.1" 200 807
58.39.168.32 - - [06/Feb/2022:12:14:02 +0800] "GET /xingrg/all/function/internal_message.html?_=1644120838650&CODE_STATE=getMsg HTTP/1.1" 200 27
124.79.79.90 - - [06/Feb/2022:12:14:08 +0800] "GET /xingrg/kc/base/crk_hz.html?_=1644120844829&command=get_cost_id&end_date=2022-02-28&start_date=2021-02-01 HTTP/1.1" 200 48
