101.83.240.42 - - [06/Feb/2022:10:51:27 +0800] "GET /xingrg/all/function/internal_message.html?_=1644115883107&CODE_STATE=getMsg HTTP/1.1" 200 27
58.39.168.32 - - [06/Feb/2022:10:51:27 +0800] "POST /xingrg/kc/buy/cgsh_order_operate.html HTTP/1.1" 200 37
124.78.153.118 - - [06/Feb/2022:10:51:30 +0800] "GET /xingrg/javascript/auto/indicator.gif HTTP/1.1" 404 1066
58.39.168.32 - - [06/Feb/2022:10:51:31 +0800] "POST /xingrg/kc/buy/cgsh_order_operate.html HTTP/1.1" 200 5166
58.39.168.32 - - [06/Feb/2022:10:51:32 +0800] "GET /xingrg/kc/print/load_data.html?order_code=212022020600794&kc_code=cgsh&condition= HTTP/1.1" 200 1775
124.78.153.118 - - [06/Feb/2022:10:51:34 +0800] "GET /xingrg/kc/base/wldb_order_operate.html?command=get_materiel&rest_code=00106&base_code=0010396&code=00101019257 HTTP/1.1" 200 480
222.70.179.207 - - [06/Feb/2022:10:51:36 +0800] "GET /xingrg/all/function/internal_message.html?_=1644115888712&CODE_STATE=getMsg HTTP/1.1" 200 27
120.253.135.82 - - [06/Feb/2022:10:51:37 +0800] "GET /xingrg/all/function/internal_message.html?_=1644115685867&CODE_STATE=getMsg HTTP/1.1" 200 27
124.78.153.118 - - [06/Feb/2022:10:51:40 +0800] "POST /xingrg/kc/base/wldb_list_operate.html HTTP/1.1" 200 2578
124.78.153.118 - - [06/Feb/2022:10:51:41 +0800] "POST /xingrg/kc/base/wldb_list_operate.html HTTP/1.1" 200 661
124.79.79.90 - - [06/Feb/2022:10:51:41 +0800] "GET /xingrg/kc/buy/cgsh_order_operate.html?command=get_materiel&rest_code=00156&code=00101008196&supplier_code=00100006&order_time=2022-02-06 HTTP/1.1" 200 437
124.78.153.118 - - [06/Feb/2022:10:51:41 +0800] "GET /xingrg/kc/base/wldb_order_info.html?code=422022020600532 HTTP/1.1" 200 30331
124.78.153.118 - - [06/Feb/2022:10:51:42 +0800] "GET /xingrg/javascript/easyui/themes/default/validatebox.css HTTP/1.1" 404 1104
124.78.153.118 - - [06/Feb/2022:10:51:43 +0800] "POST /xingrg/kc/base/wldb_order_operate.html HTTP/1.1" 200 6272
180.152.99.39 - - [06/Feb/2022:10:51:51 +0800] "POST /xingrg/kc/buy/cgsh_list_operate.html HTTP/1.1" 200 1709
101.85.120.86 - - [06/Feb/2022:10:51:52 +0800] "GET /xingrg/all/function/internal_message.html?_=1644115907587&CODE_STATE=getMsg HTTP/1.1" 200 27
124.79.79.90 - - [06/Feb/2022:10:51:52 +0800] "GET /xingrg/kc/buy/cgsh_order_operate.html?command=get_materiel&rest_code=00156&code=00101008411&supplier_code=00100006&order_time=2022-02-06 HTTP/1.1" 200 399
180.152.99.39 - - [06/Feb/2022:10:51:52 +0800] "POST /xingrg/kc/buy/cgsh_list_operate.html HTTP/1.1" 200 573
180.152.99.39 - - [06/Feb/2022:10:51:53 +0800] "GET /xingrg/kc/buy/cgsh_order_info.html?code=212022020600790 HTTP/1.1" 200 65534
180.152.99.39 - - [06/Feb/2022:10:51:53 +0800] "GET /xingrg/javascript/easyui/themes/default/validatebox.css HTTP/1.1" 404 1104
180.152.99.39 - - [06/Feb/2022:10:51:54 +0800] "POST /xingrg/kc/buy/cgsh_order_operate.html HTTP/1.1" 200 16873
124.78.153.118 - - [06/Feb/2022:10:51:58 +0800] "GET /xingrg/all/function/internal_message.html?_=1644115911682&CODE_STATE=getMsg HTTP/1.1" 200 27
180.152.99.39 - - [06/Feb/2022:10:51:59 +0800] "GET /xingrg/all/function/internal_message.html?_=1644115835272&CODE_STATE=getMsg HTTP/1.1" 200 27
58.39.168.32 - - [06/Feb/2022:10:52:02 +0800] "GET /xingrg/all/function/internal_message.html?_=1644115918581&CODE_STATE=getMsg HTTP/1.1" 200 27
124.79.79.90 - - [06/Feb/2022:10:52:08 +0800] "GET /xingrg/kc/buy/cgsh_order_operate.html?command=get_materiel&rest_code=00156&code=00101008137&supplier_code=00100006&order_time=2022-02-06 HTTP/1.1" 200 428
124.79.79.90 - - [06/Feb/2022:10:52:09 +0800] "GET /xingrg/check_reg.html?_=1644115926194 HTTP/1.1" 200 22
124.79.79.90 - - [06/Feb/2022:10:52:09 +0800] "GET /xingrg/all/function/internal_message.html?_=1644115926194&CODE_STATE=getMsg HTTP/1.1" 200 27
222.70.243.96 - - [06/Feb/2022:10:52:12 +0800] "GET /xingrg/all/function/internal_message.html?_=1644115954843&CODE_STATE=getMsg HTTP/1.1" 200 27
180.152.99.39 - - [06/Feb/2022:10:52:13 +0800] "GET /xingrg/all/function/internal_message.html?_=1644115849167&CODE_STATE=getMsg HTTP/1.1" 200 27
116.239.131.195 - - [06/Feb/2022:10:52:17 +0800] "GET /xingrg/check_reg.html?_=1644115957592 HTTP/1.1" 200 22
116.239.131.195 - - [06/Feb/2022:10:52:18 +0800] "GET /xingrg/all/function/internal_message.html?_=1644115958509&CODE_STATE=getMsg HTTP/1.1" 200 27
124.79.79.90 - - [06/Feb/2022:10:52:20 +0800] "GET /xingrg/kc/buy/cgsh_order_operate.html?command=get_materiel&rest_code=00156&code=00101008357&supplier_code=00100006&order_time=2022-02-06 HTTP/1.1" 200 429
116.233.76.82 - - [06/Feb/2022:10:52:23 +0800] "GET /xingrg/all/function/internal_message.html?_=1644115939409&CODE_STATE=getMsg HTTP/1.1" 200 27
101.83.240.42 - - [06/Feb/2022:10:52:27 +0800] "GET /xingrg/all/function/internal_message.html?_=1644115943109&CODE_STATE=getMsg HTTP/1.1" 200 27
124.79.79.90 - - [06/Feb/2022:10:52:36 +0800] "GET /xingrg/kc/buy/cgsh_order_operate.html?command=get_materiel&rest_code=00156&code=00101008286&supplier_code=00100006&order_time=2022-02-06 HTTP/1.1" 200 429
222.70.179.207 - - [06/Feb/2022:10:52:36 +0800] "GET /xingrg/all/function/internal_message.html?_=1644115948711&CODE_STATE=getMsg HTTP/1.1" 200 27
120.253.135.82 - - [06/Feb/2022:10:52:37 +0800] "GET /xingrg/all/function/internal_message.html?_=1644115745882&CODE_STATE=getMsg HTTP/1.1" 200 27
101.85.120.86 - - [06/Feb/2022:10:52:52 +0800] "GET /xingrg/all/function/internal_message.html?_=1644115967585&CODE_STATE=getMsg HTTP/1.1" 200 27
101.85.120.86 - - [06/Feb/2022:10:52:52 +0800] "GET /xingrg/check_reg.html?_=1644115967588 HTTP/1.1" 200 22
180.152.99.39 - - [06/Feb/2022:10:52:52 +0800] "POST /xingrg/kc/buy/cgsh_order_operate.html HTTP/1.1" 200 37
180.152.99.39 - - [06/Feb/2022:10:52:56 +0800] "POST /xingrg/kc/buy/cgsh_order_operate.html HTTP/1.1" 200 12
124.78.153.118 - - [06/Feb/2022:10:52:57 +0800] "GET /xingrg/check_reg.html?_=1644115970735 HTTP/1.1" 200 22
180.152.99.39 - - [06/Feb/2022:10:52:57 +0800] "GET /xingrg/kc/buy/cgsh_order_info.html?code=212022020600790 HTTP/1.1" 200 60438
180.152.99.39 - - [06/Feb/2022:10:52:57 +0800] "GET /xingrg/javascript/easyui/themes/default/validatebox.css HTTP/1.1" 404 1104
124.78.153.118 - - [06/Feb/2022:10:52:58 +0800] "GET /xingrg/all/function/internal_message.html?_=1644115971649&CODE_STATE=getMsg HTTP/1.1" 200 27
180.152.99.39 - - [06/Feb/2022:10:52:58 +0800] "POST /xingrg/kc/buy/cgsh_order_operate.html HTTP/1.1" 200 14812
124.79.79.90 - - [06/Feb/2022:10:52:58 +0800] "GET /xingrg/kc/buy/cgsh_order_operate.html?command=get_materiel&rest_code=00156&code=00101008353&supplier_code=00100006&order_time=2022-02-06 HTTP/1.1" 200 428
180.152.99.39 - - [06/Feb/2022:10:52:59 +0800] "GET /xingrg/all/function/internal_message.html?_=1644115895363&CODE_STATE=getMsg HTTP/1.1" 200 27
58.39.168.32 - - [06/Feb/2022:10:52:59 +0800] "GET /xingrg/kc/base/wldb_order_list.html HTTP/1.1" 200 19098
180.152.99.39 - - [06/Feb/2022:10:53:00 +0800] "GET /xingrg/kc/print/load_data.html?order_code=212022020600790&kc_code=cgsh&condition= HTTP/1.1" 200 6166
58.39.168.32 - - [06/Feb/2022:10:53:00 +0800] "POST /xingrg/kc/base/wldb_list_operate.html HTTP/1.1" 200 928
58.39.168.32 - - [06/Feb/2022:10:53:02 +0800] "GET /xingrg/kc/base/wldb_order_add.html HTTP/1.1" 200 30312
58.39.168.32 - - [06/Feb/2022:10:53:02 +0800] "GET /xingrg/all/common/auto_word.html?type=base&rest_code=00105 HTTP/1.1" 200 1907
58.39.168.32 - - [06/Feb/2022:10:53:02 +0800] "GET /xingrg/all/common/auto_word.html?type=base&rest_code=00105 HTTP/1.1" 200 1907
58.39.168.32 - - [06/Feb/2022:10:53:02 +0800] "POST /xingrg/kc/base/wldb_order_operate.html HTTP/1.1" 200 6806
58.39.168.32 - - [06/Feb/2022:10:53:02 +0800] "GET /xingrg/javascript/easyui/themes/default/validatebox.css HTTP/1.1" 404 1104
58.39.168.32 - - [06/Feb/2022:10:53:02 +0800] "GET /xingrg/all/function/internal_message.html?_=1644115978592&CODE_STATE=getMsg HTTP/1.1" 200 27
58.39.168.32 - - [06/Feb/2022:10:53:03 +0800] "GET /xingrg/css/images/panel_loading.gif HTTP/1.1" 304 -
58.39.168.32 - - [06/Feb/2022:10:53:03 +0800] "POST /xingrg/all/common/load_combo.html?type=base HTTP/1.1" 200 3409
124.79.79.90 - - [06/Feb/2022:10:53:09 +0800] "GET /xingrg/all/function/internal_message.html?_=1644115986204&CODE_STATE=getMsg HTTP/1.1" 200 27
222.70.243.96 - - [06/Feb/2022:10:53:10 +0800] "GET /xingrg/check_reg.html?_=1644116012392 HTTP/1.1" 200 22
58.39.168.32 - - [06/Feb/2022:10:53:11 +0800] "GET /xingrg/kc/base/wldb_order_operate.html?command=get_materiel&rest_code=00105&base_code=0010508&code=00102002204 HTTP/1.1" 200 434
222.70.243.96 - - [06/Feb/2022:10:53:12 +0800] "GET /xingrg/all/function/internal_message.html?_=1644116014856&CODE_STATE=getMsg HTTP/1.1" 200 27
180.152.99.39 - - [06/Feb/2022:10:53:13 +0800] "GET /xingrg/all/function/internal_message.html?_=1644115909184&CODE_STATE=getMsg HTTP/1.1" 200 27
180.152.99.39 - - [06/Feb/2022:10:53:13 +0800] "GET /xingrg/javascript/jquery_easy_ui/themes/default/images/button_a_bg.gif HTTP/1.1" 304 -
180.152.99.39 - - [06/Feb/2022:10:53:13 +0800] "GET /xingrg/javascript/jquery_easy_ui/themes/icons/ok.png HTTP/1.1" 304 -
180.152.99.39 - - [06/Feb/2022:10:53:13 +0800] "GET /xingrg/javascript/jquery_easy_ui/themes/default/images/button_span_bg.gif HTTP/1.1" 304 -
180.152.99.39 - - [06/Feb/2022:10:53:13 +0800] "GET /xingrg/javascript/jquery_easy_ui/themes/default/images/panel_title.png HTTP/1.1" 304 -
180.152.99.39 - - [06/Feb/2022:10:53:13 +0800] "GET /xingrg/javascript/jquery_easy_ui/themes/default/images/panel_tools.gif HTTP/1.1" 304 -
124.79.79.90 - - [06/Feb/2022:10:53:15 +0800] "GET /xingrg/kc/buy/cgsh_order_operate.html?command=get_materiel&rest_code=00156&code=00101008131&supplier_code=00100006&order_time=2022-02-06 HTTP/1.1" 200 429
180.152.99.39 - - [06/Feb/2022:10:53:16 +0800] "POST /xingrg/all/user/operate.html HTTP/1.1" 200 36
180.152.99.39 - - [06/Feb/2022:10:53:17 +0800] "GET /xingrg/javascript/jquery_easy_ui/themes/default/easyui.css HTTP/1.1" 304 -
180.152.99.39 - - [06/Feb/2022:10:53:17 +0800] "GET /xingrg/index.html?sysBaseUrl=http%3A%2F%2F180.169.147.146%3A18081%2Fxingrg%2F&costTime=67×tamp=1644114898694 HTTP/1.1" 200 17177
180.152.99.39 - - [06/Feb/2022:10:53:17 +0800] "GET /xingrg/javascript/jquery_easy_ui/themes/icon.css HTTP/1.1" 304 -
180.152.99.39 - - [06/Feb/2022:10:53:17 +0800] "GET /xingrg/css/form.css HTTP/1.1" 304 -
180.152.99.39 - - [06/Feb/2022:10:53:17 +0800] "GET /xingrg/javascript/jquery-1.4.2.min.js HTTP/1.1" 304 -
180.152.99.39 - - [06/Feb/2022:10:53:17 +0800] "GET /xingrg/javascript/jquery_easy_ui/jquery.easyui.min.js HTTP/1.1" 304 -
180.152.99.39 - - [06/Feb/2022:10:53:17 +0800] "GET /xingrg/javascript/jquery_easy_ui/easyui-lang-zh_CN.js HTTP/1.1" 304 -
180.152.99.39 - - [06/Feb/2022:10:53:17 +0800] "GET /xingrg/javascript/jquery.form.js HTTP/1.1" 304 -
180.152.99.39 - - [06/Feb/2022:10:53:17 +0800] "GET /xingrg/javascript/jquery.utils.js HTTP/1.1" 304 -
180.152.99.39 - - [06/Feb/2022:10:53:17 +0800] "GET /xingrg/javascript/jquery.timers.js HTTP/1.1" 304 -
180.152.99.39 - - [06/Feb/2022:10:53:17 +0800] "GET /xingrg/images/blue/jxLogo.png HTTP/1.1" 304 -
180.152.99.39 - - [06/Feb/2022:10:53:17 +0800] "GET /xingrg/images/blue/navBackgound.jpg HTTP/1.1" 304 -
180.152.99.39 - - [06/Feb/2022:10:53:17 +0800] "GET /xingrg/javascript/jquery_easy_ui/themes/icons/settle_new.png HTTP/1.1" 304 -
180.152.99.39 - - [06/Feb/2022:10:53:17 +0800] "GET /xingrg/images/blue/pingpu.png HTTP/1.1" 304 -
180.152.99.39 - - [06/Feb/2022:10:53:17 +0800] "GET /xingrg/javascript/jquery_easy_ui/themes/default/images/tabs_rightarrow.png HTTP/1.1" 304 -
180.152.99.39 - - [06/Feb/2022:10:53:17 +0800] "GET /xingrg/javascript/jquery_easy_ui/themes/default/images/tabs_leftarrow.png HTTP/1.1" 304 -
180.152.99.39 - - [06/Feb/2022:10:53:17 +0800] "GET /xingrg/javascript/jquery_easy_ui/themes/default/images/panel_tool_collapse.gif HTTP/1.1" 304 -
180.152.99.39 - - [06/Feb/2022:10:53:17 +0800] "GET /xingrg/check_reg.html?_=1644115913224 HTTP/1.1" 200 22
180.152.99.39 - - [06/Feb/2022:10:53:17 +0800] "GET /xingrg/all/function/internal_message.html?_=1644115913223&CODE_STATE=count HTTP/1.1" 200 11
180.152.99.39 - - [06/Feb/2022:10:53:17 +0800] "POST /xingrg/all/common/load_tree.html?tree=area_rest_tree_json&manage=1 HTTP/1.1" 200 476
58.39.168.32 - - [06/Feb/2022:10:53:17 +0800] "GET /xingrg/kc/base/wldb_order_operate.html?command=get_materiel&rest_code=00105&base_code=0010508&code=00102002238 HTTP/1.1" 200 432
180.152.99.39 - - [06/Feb/2022:10:53:17 +0800] "POST /xingrg/load_menu.html HTTP/1.1" 200 5138
116.239.131.195 - - [06/Feb/2022:10:53:18 +0800] "GET /xingrg/all/function/internal_message.html?_=1644116018521&CODE_STATE=getMsg HTTP/1.1" 200 27
180.152.99.39 - - [06/Feb/2022:10:53:20 +0800] "GET /xingrg/kc/buy/cgsh_order_list.html HTTP/1.1" 200 49824
180.152.99.39 - - [06/Feb/2022:10:53:20 +0800] "POST /xingrg/kc/buy/cgsh_list_operate.html HTTP/1.1" 200 876
58.39.168.32 - - [06/Feb/2022:10:53:21 +0800] "POST /xingrg/kc/base/wldb_order_operate.html HTTP/1.1" 200 37
58.39.168.32 - - [06/Feb/2022:10:53:22 +0800] "POST /xingrg/kc/base/wldb_order_operate.html HTTP/1.1" 200 2667
116.233.76.82 - - [06/Feb/2022:10:53:23 +0800] "GET /xingrg/all/function/internal_message.html?_=1644115999411&CODE_STATE=getMsg HTTP/1.1" 200 27
180.152.99.39 - - [06/Feb/2022:10:53:24 +0800] "GET /xingrg/kc/buy/cgsh_order_add.html HTTP/1.1" 200 65205
180.152.99.39 - - [06/Feb/2022:10:53:24 +0800] "GET /xingrg/all/common/auto_word.html?type=employee&rest_code=00151 HTTP/1.1" 200 293
180.152.99.39 - - [06/Feb/2022:10:53:24 +0800] "GET /xingrg/all/common/auto_word.html?type=employee&rest_code=00151 HTTP/1.1" 200 293
180.152.99.39 - - [06/Feb/2022:10:53:24 +0800] "GET /xingrg/javascript/easyui/themes/default/validatebox.css HTTP/1.1" 404 1104
180.152.99.39 - - [06/Feb/2022:10:53:25 +0800] "POST /xingrg/kc/buy/cgsh_order_operate.html HTTP/1.1" 200 8245
101.83.240.42 - - [06/Feb/2022:10:53:27 +0800] "GET /xingrg/all/function/internal_message.html?_=1644116003107&CODE_STATE=getMsg HTTP/1.1" 200 27
180.152.99.39 - - [06/Feb/2022:10:53:27 +0800] "GET /xingrg/javascript/auto/indicator.gif HTTP/1.1" 404 1066
58.39.168.32 - - [06/Feb/2022:10:53:30 +0800] "GET /xingrg/kc/base/wldb_order_info.html?code=422022020600533 HTTP/1.1" 200 30326
58.39.168.32 - - [06/Feb/2022:10:53:31 +0800] "GET /xingrg/javascript/easyui/themes/default/validatebox.css HTTP/1.1" 404 1104
58.39.168.32 - - [06/Feb/2022:10:53:31 +0800] "POST /xingrg/kc/base/wldb_order_operate.html HTTP/1.1" 200 2667
58.39.168.32 - - [06/Feb/2022:10:53:33 +0800] "GET /xingrg/kc/base/wldb_order_add.html HTTP/1.1" 200 30312
58.39.168.32 - - [06/Feb/2022:10:53:33 +0800] "GET /xingrg/javascript/easyui/themes/default/validatebox.css HTTP/1.1" 404 1104
58.39.168.32 - - [06/Feb/2022:10:53:33 +0800] "POST /xingrg/kc/base/wldb_order_operate.html HTTP/1.1" 200 6806
58.39.168.32 - - [06/Feb/2022:10:53:34 +0800] "POST /xingrg/all/common/load_combo.html?type=base HTTP/1.1" 200 3409
222.70.179.207 - - [06/Feb/2022:10:53:36 +0800] "GET /xingrg/all/function/internal_message.html?_=1644116008710&CODE_STATE=getMsg HTTP/1.1" 200 27
120.253.135.82 - - [06/Feb/2022:10:53:37 +0800] "GET /xingrg/all/function/internal_message.html?_=1644115805895&CODE_STATE=getMsg HTTP/1.1" 200 27
124.79.79.90 - - [06/Feb/2022:10:53:39 +0800] "GET /xingrg/kc/buy/cgsh_order_operate.html?command=get_materiel&rest_code=00156&code=00101008553&supplier_code=00100006&order_time=2022-02-06 HTTP/1.1" 200 392
180.152.99.39 - - [06/Feb/2022:10:53:40 +0800] "GET /xingrg/kc/buy/cgsh_order_operate.html?command=get_materiel&rest_code=00151&code=00101009010&supplier_code=00100424&order_time=2022-02-06 HTTP/1.1" 200 433
58.39.168.32 - - [06/Feb/2022:10:53:43 +0800] "GET /xingrg/kc/base/wldb_order_operate.html?command=get_materiel&rest_code=00105&base_code=0010508&code=00102002258 HTTP/1.1" 200 434
58.39.168.32 - - [06/Feb/2022:10:53:49 +0800] "GET /xingrg/kc/base/wldb_order_operate.html?command=get_materiel&rest_code=00105&base_code=0010508&code=00102002603 HTTP/1.1" 200 416
101.85.120.86 - - [06/Feb/2022:10:53:52 +0800] "GET /xingrg/all/function/internal_message.html?_=1644116027588&CODE_STATE=getMsg HTTP/1.1" 200 27
124.79.79.90 - - [06/Feb/2022:10:53:52 +0800] "GET /xingrg/kc/buy/cgsh_order_operate.html?command=get_materiel&rest_code=00156&code=00101008089&supplier_code=00100006&order_time=2022-02-06 HTTP/1.1" 200 408
180.152.99.39 - - [06/Feb/2022:10:53:53 +0800] "GET /xingrg/kc/buy/cgsh_order_operate.html?command=get_materiel&rest_code=00151&code=00101009053&supplier_code=00100424&order_time=2022-02-06 HTTP/1.1" 200 408
58.39.168.32 - - [06/Feb/2022:10:53:55 +0800] "GET /xingrg/kc/base/wldb_order_operate.html?command=get_materiel&rest_code=00105&base_code=0010508&code=00102002041 HTTP/1.1" 200 435
124.78.153.118 - - [06/Feb/2022:10:53:58 +0800] "GET /xingrg/all/function/internal_message.html?_=1644116031628&CODE_STATE=getMsg HTTP/1.1" 200 27
58.39.168.32 - - [06/Feb/2022:10:54:02 +0800] "GET /xingrg/kc/base/wldb_order_operate.html?command=get_materiel&rest_code=00105&base_code=0010508&code=00102002025 HTTP/1.1" 200 453
58.39.168.32 - - [06/Feb/2022:10:54:02 +0800] "GET /xingrg/all/function/internal_message.html?_=1644116038584&CODE_STATE=getMsg HTTP/1.1" 200 27
180.152.99.39 - - [06/Feb/2022:10:54:02 +0800] "GET /xingrg/kc/buy/cgsh_order_operate.html?command=get_materiel&rest_code=00151&code=00101009066&supplier_code=00100424&order_time=2022-02-06 HTTP/1.1" 200 436
124.79.79.90 - - [06/Feb/2022:10:54:03 +0800] "GET /xingrg/kc/buy/cgsh_order_operate.html?command=get_materiel&rest_code=00156&code=00101008356&supplier_code=00100006&order_time=2022-02-06 HTTP/1.1" 200 428
58.39.168.32 - - [06/Feb/2022:10:54:04 +0800] "POST /xingrg/all/common/load_select.html HTTP/1.1" 200 25
58.39.168.32 - - [06/Feb/2022:10:54:06 +0800] "GET /xingrg/kc/base/wldb_order_operate.html?command=get_materiel_price&rest_code=00105&base_code=0010508&code=00102002025&unit_code=00100351 HTTP/1.1" 200 34
124.79.79.90 - - [06/Feb/2022:10:54:09 +0800] "GET /xingrg/all/function/internal_message.html?_=1644116046200&CODE_STATE=getMsg HTTP/1.1" 200 27
142.93.0.18 - - [06/Feb/2022:10:54:10 +0800] "POST /json_rpc HTTP/1.0" 404 -
58.39.168.32 - - [06/Feb/2022:10:54:10 +0800] "POST /xingrg/kc/base/wldb_order_operate.html HTTP/1.1" 200 37
58.39.168.32 - - [06/Feb/2022:10:54:11 +0800] "POST /xingrg/kc/base/wldb_order_operate.html HTTP/1.1" 200 3624
222.70.243.96 - - [06/Feb/2022:10:54:12 +0800] "GET /xingrg/all/function/internal_message.html?_=1644116074871&CODE_STATE=getMsg HTTP/1.1" 200 27
180.152.99.39 - - [06/Feb/2022:10:54:13 +0800] "GET /xingrg/all/function/internal_message.html?_=1644115969211&CODE_STATE=getMsg HTTP/1.1" 200 27
180.152.99.39 - - [06/Feb/2022:10:54:14 +0800] "POST /xingrg/kc/buy/cgsh_order_operate.html HTTP/1.1" 200 37
124.79.79.90 - - [06/Feb/2022:10:54:15 +0800] "GET /xingrg/kc/buy/cgsh_order_operate.html?command=get_materiel&rest_code=00156&code=00101015001&supplier_code=00100006&order_time=2022-02-06 HTTP/1.1" 200 431
180.152.99.39 - - [06/Feb/2022:10:54:17 +0800] "GET /xingrg/all/function/internal_message.html?_=1644115973257&CODE_STATE=getMsg HTTP/1.1" 200 27
58.39.168.32 - - [06/Feb/2022:10:54:17 +0800] "GET /xingrg/kc/base/wldb_order_info.html?code=422022020600534 HTTP/1.1" 200 30326
116.239.131.195 - - [06/Feb/2022:10:54:18 +0800] "GET /xingrg/all/function/internal_message.html?_=1644116078537&CODE_STATE=getMsg HTTP/1.1" 200 27
58.39.168.32 - - [06/Feb/2022:10:54:18 +0800] "GET /xingrg/javascript/easyui/themes/default/validatebox.css HTTP/1.1" 404 1104
58.39.168.32 - - [06/Feb/2022:10:54:19 +0800] "POST /xingrg/kc/base/wldb_order_operate.html HTTP/1.1" 200 3624
180.152.99.39 - - [06/Feb/2022:10:54:22 +0800] "POST /xingrg/kc/buy/cgsh_order_operate.html HTTP/1.1" 200 12
116.233.76.82 - - [06/Feb/2022:10:54:23 +0800] "GET /xingrg/all/function/internal_message.html?_=1644116059413&CODE_STATE=getMsg HTTP/1.1" 200 27
180.152.99.39 - - [06/Feb/2022:10:54:23 +0800] "GET /xingrg/kc/buy/cgsh_order_info.html?code=212022020600795 HTTP/1.1" 200 60118
180.152.99.39 - - [06/Feb/2022:10:54:23 +0800] "GET /xingrg/javascript/easyui/themes/default/validatebox.css HTTP/1.1" 404 1104
180.152.99.39 - - [06/Feb/2022:10:54:24 +0800] "POST /xingrg/kc/buy/cgsh_order_operate.html HTTP/1.1" 200 1813
180.152.99.39 - - [06/Feb/2022:10:54:26 +0800] "GET /xingrg/kc/print/load_data.html?order_code=212022020600795&kc_code=cgsh&condition= HTTP/1.1" 200 1194
101.83.240.42 - - [06/Feb/2022:10:54:27 +0800] "GET /xingrg/all/function/internal_message.html?_=1644116063114&CODE_STATE=getMsg HTTP/1.1" 200 27
124.79.79.90 - - [06/Feb/2022:10:54:29 +0800] "GET /xingrg/kc/buy/cgsh_order_operate.html?command=get_materiel&rest_code=00156&code=00101008558&supplier_code=00100006&order_time=2022-02-06 HTTP/1.1" 200 415
180.152.99.39 - - [06/Feb/2022:10:54:34 +0800] "GET /xingrg/kc/buy/cgsh_order_add.html HTTP/1.1" 200 65205
180.152.99.39 - - [06/Feb/2022:10:54:35 +0800] "POST /xingrg/kc/buy/cgsh_order_operate.html HTTP/1.1" 200 8245
180.152.99.39 - - [06/Feb/2022:10:54:35 +0800] "GET /xingrg/javascript/easyui/themes/default/validatebox.css HTTP/1.1" 404 1104
222.70.179.207 - - [06/Feb/2022:10:54:36 +0800] "GET /xingrg/check_reg.html?_=1644116068711 HTTP/1.1" 200 22
222.70.179.207 - - [06/Feb/2022:10:54:36 +0800] "GET /xingrg/all/function/internal_message.html?_=1644116068709&CODE_STATE=getMsg HTTP/1.1" 200 27
120.253.135.82 - - [06/Feb/2022:10:54:37 +0800] "GET /xingrg/check_reg.html?_=1644115865051 HTTP/1.1" 200 22
120.253.135.82 - - [06/Feb/2022:10:54:37 +0800] "GET /xingrg/all/function/internal_message.html?_=1644115865908&CODE_STATE=getMsg HTTP/1.1" 200 27
101.80.226.190 - - [06/Feb/2022:10:54:49 +0800] "POST /xingrg/services/DataTransmitService HTTP/1.1" 200 524
180.152.99.39 - - [06/Feb/2022:10:54:50 +0800] "GET /xingrg/kc/buy/cgsh_order_operate.html?command=get_materiel&rest_code=00151&code=00101016038&supplier_code=00100007&order_time=2022-02-06 HTTP/1.1" 200 429
101.80.226.190 - - [06/Feb/2022:10:54:50 +0800] "POST /xingrg/services/DataTransmitService HTTP/1.1" 200 501
101.85.120.86 - - [06/Feb/2022:10:54:52 +0800] "GET /xingrg/all/function/internal_message.html?_=1644116087588&CODE_STATE=getMsg HTTP/1.1" 200 27
124.78.153.118 - - [06/Feb/2022:10:54:58 +0800] "GET /xingrg/all/function/internal_message.html?_=1644116091597&CODE_STATE=getMsg HTTP/1.1" 200 27
180.152.99.39 - - [06/Feb/2022:10:54:59 +0800] "GET /xingrg/check_reg.html?_=1644116015457 HTTP/1.1" 200 22
180.152.99.39 - - [06/Feb/2022:10:55:02 +0800] "GET /xingrg/kc/buy/cgsh_order_operate.html?command=get_materiel&rest_code=00151&code=00101008318&supplier_code=00100007&order_time=2022-02-06 HTTP/1.1" 200 428
58.39.168.32 - - [06/Feb/2022:10:55:02 +0800] "GET /xingrg/all/function/internal_message.html?_=1644116098592&CODE_STATE=getMsg HTTP/1.1" 200 27
180.152.99.39 - - [06/Feb/2022:10:55:09 +0800] "GET /xingrg/kc/buy/cgsh_order_operate.html?command=get_materiel&rest_code=00151&code=00101008115&supplier_code=00100007&order_time=2022-02-06 HTTP/1.1" 200 412
124.79.79.90 - - [06/Feb/2022:10:55:09 +0800] "GET /xingrg/all/function/internal_message.html?_=1644116106201&CODE_STATE=getMsg HTTP/1.1" 200 27
222.70.243.96 - - [06/Feb/2022:10:55:12 +0800] "GET /xingrg/all/function/internal_message.html?_=1644116134884&CODE_STATE=getMsg HTTP/1.1" 200 27
180.152.99.39 - - [06/Feb/2022:10:55:13 +0800] "GET /xingrg/all/function/internal_message.html?_=1644116029227&CODE_STATE=getMsg HTTP/1.1" 200 27
180.152.99.39 - - [06/Feb/2022:10:55:17 +0800] "GET /xingrg/all/function/internal_message.html?_=1644116033268&CODE_STATE=getMsg HTTP/1.1" 200 27
116.239.131.195 - - [06/Feb/2022:10:55:18 +0800] "GET /xingrg/all/function/internal_message.html?_=1644116139157&CODE_STATE=getMsg HTTP/1.1" 200 27
180.152.99.39 - - [06/Feb/2022:10:55:20 +0800] "GET /xingrg/kc/buy/cgsh_order_operate.html?command=get_materiel&rest_code=00151&code=00101008300&supplier_code=00100007&order_time=2022-02-06 HTTP/1.1" 200 432
101.91.60.11 - - [06/Feb/2022:10:55:22 +0800] "GET /xingrg/all/function/internal_message.html?_=1644109609475&CODE_STATE=getMsg HTTP/1.1" 302 -
116.233.76.82 - - [06/Feb/2022:10:55:23 +0800] "GET /xingrg/all/function/internal_message.html?_=1644116119415&CODE_STATE=getMsg HTTP/1.1" 200 27
116.233.76.82 - - [06/Feb/2022:10:55:23 +0800] "GET /xingrg/check_reg.html?_=1644116119416 HTTP/1.1" 200 22
101.91.60.11 - - [06/Feb/2022:10:55:25 +0800] "GET /xingrg/login.html HTTP/1.1" 200 7641
101.83.240.42 - - [06/Feb/2022:10:55:27 +0800] "GET /xingrg/all/function/internal_message.html?_=1644116123114&CODE_STATE=getMsg HTTP/1.1" 200 27
180.152.99.39 - - [06/Feb/2022:10:55:27 +0800] "GET /xingrg/kc/buy/cgsh_order_operate.html?command=get_materiel&rest_code=00151&code=00101012039&supplier_code=00100007&order_time=2022-02-06 HTTP/1.1" 200 429
222.70.179.207 - - [06/Feb/2022:10:55:36 +0800] "GET /xingrg/all/function/internal_message.html?_=1644116128709&CODE_STATE=getMsg HTTP/1.1" 200 27
180.152.99.39 - - [06/Feb/2022:10:55:37 +0800] "GET /xingrg/kc/buy/cgsh_order_operate.html?command=get_materiel&rest_code=00151&code=00101008251&supplier_code=00100007&order_time=2022-02-06 HTTP/1.1" 200 428
120.253.135.82 - - [06/Feb/2022:10:55:37 +0800] "GET /xingrg/all/function/internal_message.html?_=1644115925921&CODE_STATE=getMsg HTTP/1.1" 200 27
101.85.120.86 - - [06/Feb/2022:10:55:52 +0800] "GET /xingrg/all/function/internal_message.html?_=1644116147589&CODE_STATE=getMsg HTTP/1.1" 200 27
180.152.99.39 - - [06/Feb/2022:10:55:53 +0800] "GET /xingrg/kc/buy/cgsh_order_operate.html?command=get_materiel&rest_code=00151&code=00101008087&supplier_code=00100007&order_time=2022-02-06 HTTP/1.1" 200 412
124.78.153.118 - - [06/Feb/2022:10:55:58 +0800] "GET /xingrg/all/function/internal_message.html?_=1644116151573&CODE_STATE=getMsg HTTP/1.1" 200 27
58.40.7.146 - - [06/Feb/2022:10:56:00 +0800] "POST /xingrg/services/DataTransmitService HTTP/1.1" 200 524
58.39.168.32 - - [06/Feb/2022:10:56:02 +0800] "GET /xingrg/check_reg.html?_=1644116158596 HTTP/1.1" 200 22
58.39.168.32 - - [06/Feb/2022:10:56:02 +0800] "GET /xingrg/all/function/internal_message.html?_=1644116158594&CODE_STATE=getMsg HTTP/1.1" 200 27
180.152.99.39 - - [06/Feb/2022:10:56:02 +0800] "POST /xingrg/kc/buy/cgsh_order_operate.html HTTP/1.1" 200 37
58.39.168.32 - - [06/Feb/2022:10:56:06 +0800] "GET /favicon.ico HTTP/1.1" 404 -
58.39.168.32 - - [06/Feb/2022:10:56:08 +0800] "GET /xingrg/index.html?sysBaseUrl=http%3A%2F%2F180.169.147.146%3A18081%2Fxingrg%2F&costTime=32×tamp=1585224308505 HTTP/1.1" 302 -
58.39.168.32 - - [06/Feb/2022:10:56:08 +0800] "GET /xingrg/login.html HTTP/1.1" 200 7641
58.39.168.32 - - [06/Feb/2022:10:56:08 +0800] "GET /xingrg/images/blue/jxLogo.png HTTP/1.1" 304 -
124.79.79.90 - - [06/Feb/2022:10:56:09 +0800] "GET /xingrg/all/function/internal_message.html?_=1644116166201&CODE_STATE=getMsg HTTP/1.1" 200 27
58.39.168.32 - - [06/Feb/2022:10:56:09 +0800] "GET /xingrg/images/blue/login_bg.png HTTP/1.1" 304 -
58.39.168.32 - - [06/Feb/2022:10:56:09 +0800] "GET /xingrg/images/blue/hj.png HTTP/1.1" 304 -
58.39.168.32 - - [06/Feb/2022:10:56:09 +0800] "GET /xingrg/images/blue/srbg.png HTTP/1.1" 304 -
58.39.168.32 - - [06/Feb/2022:10:56:09 +0800] "GET /favicon.ico HTTP/1.1" 404 -
180.152.99.39 - - [06/Feb/2022:10:56:09 +0800] "POST /xingrg/kc/buy/cgsh_order_operate.html HTTP/1.1" 200 12
180.152.99.39 - - [06/Feb/2022:10:56:11 +0800] "GET /xingrg/kc/buy/cgsh_order_info.html?code=212022020600796 HTTP/1.1" 200 60118
180.152.99.39 - - [06/Feb/2022:10:56:11 +0800] "GET /xingrg/javascript/easyui/themes/default/validatebox.css HTTP/1.1" 404 1104
180.152.99.39 - - [06/Feb/2022:10:56:12 +0800] "POST /xingrg/kc/buy/cgsh_order_operate.html HTTP/1.1" 200 4194
222.70.243.96 - - [06/Feb/2022:10:56:13 +0800] "GET /xingrg/all/function/internal_message.html?_=1644116195234&CODE_STATE=getMsg HTTP/1.1" 200 27
180.152.99.39 - - [06/Feb/2022:10:56:13 +0800] "GET /xingrg/all/function/internal_message.html?_=1644116089241&CODE_STATE=getMsg HTTP/1.1" 200 27
180.152.99.39 - - [06/Feb/2022:10:56:17 +0800] "GET /xingrg/all/function/internal_message.html?_=1644116093281&CODE_STATE=getMsg HTTP/1.1" 200 27
116.239.131.195 - - [06/Feb/2022:10:56:18 +0800] "GET /xingrg/all/function/internal_message.html?_=1644116199174&CODE_STATE=getMsg HTTP/1.1" 200 27
180.152.99.39 - - [06/Feb/2022:10:56:18 +0800] "GET /xingrg/kc/print/load_data.html?order_code=212022020600796&kc_code=cgsh&condition= HTTP/1.1" 200 2181
58.39.168.32 - - [06/Feb/2022:10:56:21 +0800] "POST /xingrg/login.do HTTP/1.1" 302 -
58.39.168.32 - - [06/Feb/2022:10:56:21 +0800] "GET /xingrg/index.html?sysBaseUrl=http%3A%2F%2F180.169.147.146%3A18081%2Fxingrg%2F&costTime=90×tamp=1644116181095 HTTP/1.1" 200 17173
58.39.168.32 - - [06/Feb/2022:10:56:21 +0800] "GET /xingrg/javascript/jquery_easy_ui/themes/default/easyui.css HTTP/1.1" 304 -
58.39.168.32 - - [06/Feb/2022:10:56:21 +0800] "GET /xingrg/javascript/jquery_easy_ui/themes/icon.css HTTP/1.1" 304 -
58.39.168.32 - - [06/Feb/2022:10:56:21 +0800] "GET /xingrg/css/form.css HTTP/1.1" 304 -
58.39.168.32 - - [06/Feb/2022:10:56:21 +0800] "GET /xingrg/javascript/jquery-1.4.2.min.js HTTP/1.1" 304 -
58.39.168.32 - - [06/Feb/2022:10:56:21 +0800] "GET /xingrg/javascript/jquery_easy_ui/jquery.easyui.min.js HTTP/1.1" 304 -
58.39.168.32 - - [06/Feb/2022:10:56:21 +0800] "GET /xingrg/javascript/jquery_easy_ui/easyui-lang-zh_CN.js HTTP/1.1" 304 -
58.39.168.32 - - [06/Feb/2022:10:56:21 +0800] "GET /xingrg/javascript/jquery.form.js HTTP/1.1" 304 -
58.39.168.32 - - [06/Feb/2022:10:56:21 +0800] "GET /xingrg/javascript/jquery.utils.js HTTP/1.1" 304 -
58.39.168.32 - - [06/Feb/2022:10:56:21 +0800] "GET /xingrg/javascript/jquery.timers.js HTTP/1.1" 304 -
58.39.168.32 - - [06/Feb/2022:10:56:21 +0800] "GET /favicon.ico HTTP/1.1" 404 -
58.39.168.32 - - [06/Feb/2022:10:56:21 +0800] "GET /xingrg/javascript/jquery_easy_ui/themes/icons/settle_new.png HTTP/1.1" 304 -
58.39.168.32 - - [06/Feb/2022:10:56:21 +0800] "GET /xingrg/images/blue/navBackgound.jpg HTTP/1.1" 304 -
58.39.168.32 - - [06/Feb/2022:10:56:21 +0800] "POST /xingrg/all/common/load_tree.html?tree=area_rest_tree_json&manage=1 HTTP/1.1" 200 342
58.39.168.32 - - [06/Feb/2022:10:56:21 +0800] "GET /xingrg/all/function/internal_message.html?_=1644116115935&CODE_STATE=count HTTP/1.1" 200 11
58.39.168.32 - - [06/Feb/2022:10:56:21 +0800] "GET /xingrg/check_reg.html?_=1644116115939 HTTP/1.1" 200 22
58.39.168.32 - - [06/Feb/2022:10:56:21 +0800] "GET /xingrg/images/blue/pingpu.png HTTP/1.1" 304 -
58.39.168.32 - - [06/Feb/2022:10:56:21 +0800] "GET /xingrg/javascript/jquery_easy_ui/themes/default/images/tabs_leftarrow.png HTTP/1.1" 304 -
58.39.168.32 - - [06/Feb/2022:10:56:21 +0800] "GET /xingrg/javascript/jquery_easy_ui/themes/default/images/tabs_rightarrow.png HTTP/1.1" 304 -
58.39.168.32 - - [06/Feb/2022:10:56:21 +0800] "GET /xingrg/javascript/jquery_easy_ui/themes/default/images/panel_tool_collapse.gif HTTP/1.1" 304 -
58.39.168.32 - - [06/Feb/2022:10:56:21 +0800] "POST /xingrg/load_menu.html HTTP/1.1" 200 5138
58.39.168.32 - - [06/Feb/2022:10:56:22 +0800] "GET /xingrg/javascript/jquery_easy_ui/themes/default/images/tree_arrows.gif HTTP/1.1" 304 -
58.39.168.32 - - [06/Feb/2022:10:56:22 +0800] "GET /xingrg/javascript/jquery_easy_ui/themes/default/images/tree_folder_open.gif HTTP/1.1" 304 -
58.39.168.32 - - [06/Feb/2022:10:56:22 +0800] "GET /xingrg/javascript/jquery_easy_ui/themes/icons/search_new.png HTTP/1.1" 304 -
58.39.168.32 - - [06/Feb/2022:10:56:22 +0800] "GET /xingrg/javascript/jquery_easy_ui/themes/default/images/tree_folder.gif HTTP/1.1" 304 -
58.39.168.32 - - [06/Feb/2022:10:56:22 +0800] "GET /xingrg/javascript/jquery_easy_ui/themes/icons/storage_new.png HTTP/1.1" 304 -
58.39.168.32 - - [06/Feb/2022:10:56:22 +0800] "GET /xingrg/javascript/jquery_easy_ui/themes/icons/forms_new.png HTTP/1.1" 304 -
58.39.168.32 - - [06/Feb/2022:10:56:22 +0800] "GET /xingrg/javascript/jquery_easy_ui/themes/default/images/tree_file.gif HTTP/1.1" 304 -
116.233.76.82 - - [06/Feb/2022:10:56:23 +0800] "GET /xingrg/all/function/internal_message.html?_=1644116179418&CODE_STATE=getMsg HTTP/1.1" 200 27
58.39.168.32 - - [06/Feb/2022:10:56:26 +0800] "GET /xingrg/kc/buy/buy_main.html HTTP/1.1" 200 12412
58.39.168.32 - - [06/Feb/2022:10:56:26 +0800] "GET /xingrg/javascript/jquery_easy_ui/themes/default/images/tabs_close.gif HTTP/1.1" 304 -
58.39.168.32 - - [06/Feb/2022:10:56:26 +0800] "GET /xingrg/css/new_ie.css HTTP/1.1" 404 1036
58.39.168.32 - - [06/Feb/2022:10:56:26 +0800] "GET /xingrg/css/blue.css HTTP/1.1" 304 -
58.39.168.32 - - [06/Feb/2022:10:56:26 +0800] "GET /xingrg/javascript/jquery_ui/themes/humanity/humanity.css HTTP/1.1" 304 -
58.39.168.32 - - [06/Feb/2022:10:56:26 +0800] "GET /xingrg/javascript/pic_change.js HTTP/1.1" 304 -
58.39.168.32 - - [06/Feb/2022:10:56:26 +0800] "GET /xingrg/javascript/ToolTips.js HTTP/1.1" 304 -
58.39.168.32 - - [06/Feb/2022:10:56:26 +0800] "GET /xingrg/javascript/myfunction.js HTTP/1.1" 304 -
58.39.168.32 - - [06/Feb/2022:10:56:26 +0800] "GET /xingrg/javascript/jquery_ui/jquery-ui.min.js HTTP/1.1" 304 -
58.39.168.32 - - [06/Feb/2022:10:56:26 +0800] "GET /xingrg/images/blue/button/cgxqd.gif HTTP/1.1" 304 -
58.39.168.32 - - [06/Feb/2022:10:56:26 +0800] "GET /xingrg/images/blue/button/cgydd.gif HTTP/1.1" 304 -
58.39.168.32 - - [06/Feb/2022:10:56:26 +0800] "GET /xingrg/images/blue/button/cgshd.gif HTTP/1.1" 304 -
58.39.168.32 - - [06/Feb/2022:10:56:26 +0800] "GET /xingrg/images/blue/button/cgfkd.gif HTTP/1.1" 304 -
58.39.168.32 - - [06/Feb/2022:10:56:26 +0800] "GET /xingrg/images/blue/button/kc.gif HTTP/1.1" 304 -
58.39.168.32 - - [06/Feb/2022:10:56:26 +0800] "GET /xingrg/images/blue/button/ckthd.gif HTTP/1.1" 304 -
58.39.168.32 - - [06/Feb/2022:10:56:26 +0800] "GET /xingrg/images/blue/pic_form2.gif HTTP/1.1" 304 -
58.39.168.32 - - [06/Feb/2022:10:56:26 +0800] "GET /xingrg/javascript/jquery_ui/themes/humanity/images/ui-bg_inset-soft_100_f4f0ec_1x100.png HTTP/1.1" 304 -
58.39.168.32 - - [06/Feb/2022:10:56:26 +0800] "GET /xingrg/images/blue/bg_dotted.jpg HTTP/1.1" 304 -
58.39.168.32 - - [06/Feb/2022:10:56:26 +0800] "GET /xingrg/images/blue/button/right_ah.jpg HTTP/1.1" 304 -
58.39.168.32 - - [06/Feb/2022:10:56:26 +0800] "GET /xingrg/images/blue/button/down_ah.jpg HTTP/1.1" 304 -
58.39.168.32 - - [06/Feb/2022:10:56:26 +0800] "GET /xingrg/javascript/jquery_ui/themes/humanity/images/ui-iconsnew.jpg HTTP/1.1" 304 -
58.39.168.32 - - [06/Feb/2022:10:56:26 +0800] "GET /xingrg/javascript/jquery_ui/themes/humanity/images/ui-icons_ffffff_256x240.png HTTP/1.1" 304 -
58.39.168.32 - - [06/Feb/2022:10:56:26 +0800] "GET /xingrg/javascript/jquery_ui/themes/humanity/images/ui-icons_c47a23_256x240.png HTTP/1.1" 304 -
58.39.168.32 - - [06/Feb/2022:10:56:26 +0800] "GET /xingrg/javascript/jquery_ui/themes/humanity/images/ui-bg_glass_70_ede4d4_1x400.png HTTP/1.1" 304 -
58.39.168.32 - - [06/Feb/2022:10:56:27 +0800] "GET /xingrg/images/yd/bt.gif HTTP/1.1" 404 1040
101.83.240.42 - - [06/Feb/2022:10:56:27 +0800] "GET /xingrg/all/function/internal_message.html?_=1644116183114&CODE_STATE=getMsg HTTP/1.1" 200 27
101.83.240.42 - - [06/Feb/2022:10:56:27 +0800] "GET /xingrg/check_reg.html?_=1644116183114 HTTP/1.1" 200 22
58.39.168.32 - - [06/Feb/2022:10:56:27 +0800] "GET /xingrg/kc/buy/cgsh_order_list.html HTTP/1.1" 200 49820
58.39.168.32 - - [06/Feb/2022:10:56:27 +0800] "GET /xingrg/css/base.css HTTP/1.1" 304 -
58.39.168.32 - - [06/Feb/2022:10:56:28 +0800] "GET /xingrg/css/site.css HTTP/1.1" 304 -
58.39.168.32 - - [06/Feb/2022:10:56:28 +0800] "GET /xingrg/javascript/jquery_tools/datebox.css HTTP/1.1" 304 -
58.39.168.32 - - [06/Feb/2022:10:56:28 +0800] "GET /xingrg/javascript/easyui/themes/default/easyui.css HTTP/1.1" 304 -
58.39.168.32 - - [06/Feb/2022:10:56:28 +0800] "GET /xingrg/javascript/easyui/themes/icon.css HTTP/1.1" 304 -
58.39.168.32 - - [06/Feb/2022:10:56:28 +0800] "GET /xingrg/javascript/jquery_tools/fix.css HTTP/1.1" 304 -
58.39.168.32 - - [06/Feb/2022:10:56:28 +0800] "GET /xingrg/javascript/auto/jquery.autocomplete.css HTTP/1.1" 304 -
58.39.168.32 - - [06/Feb/2022:10:56:28 +0800] "GET /xingrg/javascript/jquery_tools/table.css HTTP/1.1" 304 -
58.39.168.32 - - [06/Feb/2022:10:56:28 +0800] "GET /xingrg/javascript/jquery_tools/jquery.tools.min.js HTTP/1.1" 304 -
58.39.168.32 - - [06/Feb/2022:10:56:28 +0800] "GET /xingrg/javascript/jquery_tools/jquery.tools.extend.js HTTP/1.1" 304 -
58.39.168.32 - - [06/Feb/2022:10:56:28 +0800] "GET /xingrg/javascript/jquery_tools/jquery.tools.hotkey.js HTTP/1.1" 304 -
58.39.168.32 - - [06/Feb/2022:10:56:28 +0800] "GET /xingrg/javascript/jquery_tools/jquery.tools.table.js HTTP/1.1" 304 -
58.39.168.32 - - [06/Feb/2022:10:56:28 +0800] "GET /xingrg/javascript/auto/jquery.autocomplete.js HTTP/1.1" 304 -
58.39.168.32 - - [06/Feb/2022:10:56:28 +0800] "GET /xingrg/javascript/jquery_tools/list_manager.js HTTP/1.1" 304 -
58.39.168.32 - - [06/Feb/2022:10:56:28 +0800] "GET /xingrg/javascript/jquery.cookie.js HTTP/1.1" 304 -
58.39.168.32 - - [06/Feb/2022:10:56:28 +0800] "GET /xingrg/javascript/easyui/easyloader.js HTTP/1.1" 304 -
58.39.168.32 - - [06/Feb/2022:10:56:28 +0800] "GET /xingrg/javascript/print/LodopFuncs.js HTTP/1.1" 304 -
58.39.168.32 - - [06/Feb/2022:10:56:29 +0800] "GET /xingrg/javascript/easyui/themes/icons/cance_new.png HTTP/1.1" 304 -
58.39.168.32 - - [06/Feb/2022:10:56:29 +0800] "GET /xingrg/javascript/easyui/themes/icons/check_new.png HTTP/1.1" 304 -
58.39.168.32 - - [06/Feb/2022:10:56:29 +0800] "GET /xingrg/javascript/easyui/themes/icons/field_new.png HTTP/1.1" 304 -
58.39.168.32 - - [06/Feb/2022:10:56:29 +0800] "GET /xingrg/javascript/easyui/themes/icons/import_new.png HTTP/1.1" 304 -
58.39.168.32 - - [06/Feb/2022:10:56:29 +0800] "GET /xingrg/javascript/easyui/themes/icons/edit_add_new.png HTTP/1.1" 304 -
58.39.168.32 - - [06/Feb/2022:10:56:29 +0800] "GET /xingrg/javascript/easyui/plugins/jquery.parser.js HTTP/1.1" 304 -
58.39.168.32 - - [06/Feb/2022:10:56:29 +0800] "GET /xingrg/images/control/ajaxLoader.gif HTTP/1.1" 304 -
180.152.99.39 - - [06/Feb/2022:10:56:33 +0800] "POST /xingrg/services/DataTransmitService HTTP/1.1" 200 524
222.70.179.207 - - [06/Feb/2022:10:56:36 +0800] "GET /xingrg/all/function/internal_message.html?_=1644116188710&CODE_STATE=getMsg HTTP/1.1" 200 27
58.39.168.32 - - [06/Feb/2022:10:56:36 +0800] "POST /xingrg/kc/buy/cgsh_list_operate.html HTTP/1.1" 200 3128
120.253.135.82 - - [06/Feb/2022:10:56:37 +0800] "GET /xingrg/all/function/internal_message.html?_=1644115985935&CODE_STATE=getMsg HTTP/1.1" 200 27
58.39.168.32 - - [06/Feb/2022:10:56:38 +0800] "GET /xingrg/javascript/easyui/themes/default/images/button_plain_hover.png HTTP/1.1" 304 -
58.39.168.32 - - [06/Feb/2022:10:56:39 +0800] "GET /xingrg/javascript/jquery_tools/order_manager.js HTTP/1.1" 304 -
58.39.168.32 - - [06/Feb/2022:10:56:39 +0800] "GET /xingrg/kc/buy/cgsh_order_add.html HTTP/1.1" 200 65683
58.39.168.32 - - [06/Feb/2022:10:56:39 +0800] "GET /xingrg/javascript/convert.js HTTP/1.1" 304 -
58.39.168.32 - - [06/Feb/2022:10:56:39 +0800] "GET /xingrg/javascript/json2.js HTTP/1.1" 304 -
58.39.168.32 - - [06/Feb/2022:10:56:39 +0800] "GET /xingrg/javascript/print/kc_print.js HTTP/1.1" 304 -
58.39.168.32 - - [06/Feb/2022:10:56:40 +0800] "GET /xingrg/words/20220128115405_words.js HTTP/1.1" 200 885128
58.39.168.32 - - [06/Feb/2022:10:56:40 +0800] "GET /xingrg/javascript/easyui/themes/icons/copy_new.png HTTP/1.1" 304 -
58.39.168.32 - - [06/Feb/2022:10:56:40 +0800] "GET /xingrg/javascript/easyui/themes/icons/template_new.png HTTP/1.1" 304 -
58.39.168.32 - - [06/Feb/2022:10:56:40 +0800] "GET /xingrg/javascript/easyui/themes/icons/ok.png HTTP/1.1" 304 -
58.39.168.32 - - [06/Feb/2022:10:56:40 +0800] "GET /xingrg/javascript/easyui/themes/icons/print.png HTTP/1.1" 304 -
58.39.168.32 - - [06/Feb/2022:10:56:40 +0800] "GET /xingrg/javascript/easyui/themes/default/images/menu_downarrow.png HTTP/1.1" 304 -
58.39.168.32 - - [06/Feb/2022:10:56:40 +0800] "GET /xingrg/javascript/easyui/themes/icons/cancel.png HTTP/1.1" 304 -
58.39.168.32 - - [06/Feb/2022:10:56:40 +0800] "POST /xingrg/kc/buy/cgsh_order_operate.html HTTP/1.1" 200 8245
58.39.168.32 - - [06/Feb/2022:10:56:40 +0800] "GET /xingrg/all/common/auto_word.html?type=employee&rest_code=00105 HTTP/1.1" 200 193
58.39.168.32 - - [06/Feb/2022:10:56:40 +0800] "GET /xingrg/javascript/easyui/themes/default/validatebox.css HTTP/1.1" 404 1104
58.39.168.32 - - [06/Feb/2022:10:56:40 +0800] "GET /xingrg/all/common/auto_word.html?type=employee&rest_code=00105 HTTP/1.1" 200 193
58.39.168.32 - - [06/Feb/2022:10:56:40 +0800] "GET /xingrg/javascript/easyui/plugins/jquery.validatebox.js HTTP/1.1" 304 -
58.39.168.32 - - [06/Feb/2022:10:56:40 +0800] "GET /xingrg/javascript/easyui/plugins/jquery.numberbox.js HTTP/1.1" 304 -
58.39.168.32 - - [06/Feb/2022:10:56:40 +0800] "GET /xingrg/javascript/easyui/themes/icons/edit_remove.png HTTP/1.1" 304 -
58.39.168.32 - - [06/Feb/2022:10:56:44 +0800] "GET /xingrg/javascript/auto/indicator.gif HTTP/1.1" 404 1066
101.85.120.86 - - [06/Feb/2022:10:56:52 +0800] "GET /xingrg/all/function/internal_message.html?_=1644116207589&CODE_STATE=getMsg HTTP/1.1" 200 27
124.78.153.118 - - [06/Feb/2022:10:56:58 +0800] "GET /xingrg/all/function/internal_message.html?_=1644116211549&CODE_STATE=getMsg HTTP/1.1" 200 27
58.39.168.32 - - [06/Feb/2022:10:57:00 +0800] "GET /xingrg/kc/buy/cgsh_order_operate.html?command=get_materiel&rest_code=00105&code=00101011001&supplier_code=00100052&order_time=2022-02-06 HTTP/1.1" 200 443
58.39.168.32 - - [06/Feb/2022:10:57:02 +0800] "GET /xingrg/all/function/internal_message.html?_=1644116218597&CODE_STATE=getMsg HTTP/1.1" 200 27
124.78.153.118 - - [06/Feb/2022:10:57:04 +0800] "POST /xingrg/services/DataTransmitService HTTP/1.1" 200 524
124.79.79.90 - - [06/Feb/2022:10:57:09 +0800] "GET /xingrg/check_reg.html?_=1644116226205 HTTP/1.1" 200 22
124.79.79.90 - - [06/Feb/2022:10:57:09 +0800] "GET /xingrg/all/function/internal_message.html?_=1644116226206&CODE_STATE=getMsg HTTP/1.1" 200 27
222.70.243.96 - - [06/Feb/2022:10:57:13 +0800] "GET /xingrg/all/function/internal_message.html?_=1644116255239&CODE_STATE=getMsg HTTP/1.1" 200 27
180.152.99.39 - - [06/Feb/2022:10:57:13 +0800] "POST /xingrg/all/user/operate.html HTTP/1.1" 200 36
180.152.99.39 - - [06/Feb/2022:10:57:13 +0800] "GET /xingrg/all/function/internal_message.html?_=1644116149267&CODE_STATE=getMsg HTTP/1.1" 200 27
180.152.99.39 - - [06/Feb/2022:10:57:13 +0800] "GET /xingrg/javascript/jquery_easy_ui/themes/default/easyui.css HTTP/1.1" 304 -
180.152.99.39 - - [06/Feb/2022:10:57:13 +0800] "GET /xingrg/index.html?sysBaseUrl=http%3A%2F%2F180.169.147.146%3A18081%2Fxingrg%2F&costTime=67×tamp=1644114898694 HTTP/1.1" 200 17179
180.152.99.39 - - [06/Feb/2022:10:57:13 +0800] "GET /xingrg/javascript/jquery_easy_ui/themes/icon.css HTTP/1.1" 304 -
180.152.99.39 - - [06/Feb/2022:10:57:13 +0800] "GET /xingrg/css/form.css HTTP/1.1" 304 -
180.152.99.39 - - [06/Feb/2022:10:57:13 +0800] "GET /xingrg/javascript/jquery-1.4.2.min.js HTTP/1.1" 304 -
180.152.99.39 - - [06/Feb/2022:10:57:13 +0800] "GET /xingrg/javascript/jquery_easy_ui/jquery.easyui.min.js HTTP/1.1" 304 -
180.152.99.39 - - [06/Feb/2022:10:57:13 +0800] "GET /xingrg/javascript/jquery_easy_ui/easyui-lang-zh_CN.js HTTP/1.1" 304 -
180.152.99.39 - - [06/Feb/2022:10:57:13 +0800] "GET /xingrg/javascript/jquery.form.js HTTP/1.1" 304 -
180.152.99.39 - - [06/Feb/2022:10:57:13 +0800] "GET /xingrg/javascript/jquery.utils.js HTTP/1.1" 304 -
180.152.99.39 - - [06/Feb/2022:10:57:13 +0800] "GET /xingrg/javascript/jquery.timers.js HTTP/1.1" 304 -
180.152.99.39 - - [06/Feb/2022:10:57:13 +0800] "GET /xingrg/images/blue/jxLogo.png HTTP/1.1" 304 -
180.152.99.39 - - [06/Feb/2022:10:57:13 +0800] "GET /xingrg/images/blue/navBackgound.jpg HTTP/1.1" 304 -
180.152.99.39 - - [06/Feb/2022:10:57:13 +0800] "GET /xingrg/javascript/jquery_easy_ui/themes/icons/settle_new.png HTTP/1.1" 304 -
180.152.99.39 - - [06/Feb/2022:10:57:13 +0800] "GET /xingrg/images/blue/pingpu.png HTTP/1.1" 304 -
180.152.99.39 - - [06/Feb/2022:10:57:13 +0800] "POST /xingrg/all/common/load_tree.html?tree=area_rest_tree_json&manage=1 HTTP/1.1" 200 476
180.152.99.39 - - [06/Feb/2022:10:57:13 +0800] "GET /xingrg/javascript/jquery_easy_ui/themes/default/images/tabs_leftarrow.png HTTP/1.1" 304 -
180.152.99.39 - - [06/Feb/2022:10:57:13 +0800] "GET /xingrg/javascript/jquery_easy_ui/themes/default/images/tabs_rightarrow.png HTTP/1.1" 304 -
180.152.99.39 - - [06/Feb/2022:10:57:13 +0800] "GET /xingrg/javascript/jquery_easy_ui/themes/default/images/panel_tool_collapse.gif HTTP/1.1" 304 -
180.152.99.39 - - [06/Feb/2022:10:57:13 +0800] "GET /xingrg/all/function/internal_message.html?_=1644116149594&CODE_STATE=count HTTP/1.1" 200 11
180.152.99.39 - - [06/Feb/2022:10:57:13 +0800] "GET /xingrg/check_reg.html?_=1644116149595 HTTP/1.1" 200 22
180.152.99.39 - - [06/Feb/2022:10:57:13 +0800] "POST /xingrg/load_menu.html HTTP/1.1" 200 5138
180.152.99.39 - - [06/Feb/2022:10:57:16 +0800] "GET /xingrg/kc/base/wldb_order_list.html HTTP/1.1" 200 19104
180.152.99.39 - - [06/Feb/2022:10:57:17 +0800] "POST /xingrg/kc/base/wldb_list_operate.html HTTP/1.1" 200 928
116.239.131.195 - - [06/Feb/2022:10:57:17 +0800] "GET /xingrg/check_reg.html?_=1644116258433 HTTP/1.1" 200 22
116.239.131.195 - - [06/Feb/2022:10:57:18 +0800] "GET /xingrg/all/function/internal_message.html?_=1644116259184&CODE_STATE=getMsg HTTP/1.1" 200 27
180.152.99.39 - - [06/Feb/2022:10:57:19 +0800] "GET /xingrg/kc/base/wldb_order_add.html HTTP/1.1" 200 30326
180.152.99.39 - - [06/Feb/2022:10:57:20 +0800] "POST /xingrg/kc/base/wldb_order_operate.html HTTP/1.1" 200 6806
180.152.99.39 - - [06/Feb/2022:10:57:20 +0800] "GET /xingrg/all/common/auto_word.html?type=base&rest_code=00150 HTTP/1.1" 200 1699
180.152.99.39 - - [06/Feb/2022:10:57:20 +0800] "GET /xingrg/all/common/auto_word.html?type=base&rest_code=00150 HTTP/1.1" 200 1699
180.152.99.39 - - [06/Feb/2022:10:57:20 +0800] "GET /xingrg/javascript/easyui/themes/default/validatebox.css HTTP/1.1" 404 1104
58.39.168.32 - - [06/Feb/2022:10:57:21 +0800] "GET /xingrg/all/function/internal_message.html?_=1644116175950&CODE_STATE=getMsg HTTP/1.1" 200 27
180.152.99.39 - - [06/Feb/2022:10:57:22 +0800] "GET /xingrg/css/images/panel_loading.gif HTTP/1.1" 304 -
180.152.99.39 - - [06/Feb/2022:10:57:22 +0800] "POST /xingrg/all/common/load_combo.html?type=base HTTP/1.1" 200 3051
58.39.168.32 - - [06/Feb/2022:10:57:23 +0800] "POST /xingrg/kc/buy/cgsh_order_operate.html HTTP/1.1" 200 37
116.233.76.82 - - [06/Feb/2022:10:57:23 +0800] "GET /xingrg/all/function/internal_message.html?_=1644116239423&CODE_STATE=getMsg HTTP/1.1" 200 27
58.39.168.32 - - [06/Feb/2022:10:57:24 +0800] "POST /xingrg/kc/buy/cgsh_order_operate.html HTTP/1.1" 200 2666
180.152.99.39 - - [06/Feb/2022:10:57:25 +0800] "GET /xingrg/javascript/auto/indicator.gif HTTP/1.1" 404 1066
101.83.240.42 - - [06/Feb/2022:10:57:27 +0800] "GET /xingrg/all/function/internal_message.html?_=1644116243114&CODE_STATE=getMsg HTTP/1.1" 200 27
58.39.168.32 - - [06/Feb/2022:10:57:27 +0800] "GET /xingrg/kc/print/load_config.html?kc_code=cgsh HTTP/1.1" 200 1943
58.39.168.32 - - [06/Feb/2022:10:57:27 +0800] "GET /xingrg/kc/print/load_data.html?order_code=212022020600797&kc_code=cgsh&condition= HTTP/1.1" 200 717
180.152.99.39 - - [06/Feb/2022:10:57:30 +0800] "GET /xingrg/kc/base/wldb_order_operate.html?command=get_materiel&rest_code=00150&base_code=0010446&code=00102002556 HTTP/1.1" 200 430
114.88.155.114 - - [06/Feb/2022:10:57:35 +0800] "POST /xingrg/services/DataTransmitService HTTP/1.1" 200 524
114.88.155.114 - - [06/Feb/2022:10:57:35 +0800] "POST /xingrg/services/DataTransmitService HTTP/1.1" 200 501
180.152.99.39 - - [06/Feb/2022:10:57:36 +0800] "GET /xingrg/kc/base/wldb_order_operate.html?command=get_materiel&rest_code=00150&base_code=0010446&code=00102002543 HTTP/1.1" 200 441
222.70.179.207 - - [06/Feb/2022:10:57:36 +0800] "GET /xingrg/all/function/internal_message.html?_=1644116248710&CODE_STATE=getMsg HTTP/1.1" 200 27
120.253.135.82 - - [06/Feb/2022:10:57:37 +0800] "GET /xingrg/all/function/internal_message.html?_=1644116045951&CODE_STATE=getMsg HTTP/1.1" 200 27
101.85.120.86 - - [06/Feb/2022:10:57:52 +0800] "GET /xingrg/check_reg.html?_=1644116267590 HTTP/1.1" 200 22
101.85.120.86 - - [06/Feb/2022:10:57:52 +0800] "GET /xingrg/all/function/internal_message.html?_=1644116267592&CODE_STATE=getMsg HTTP/1.1" 200 27
124.78.153.118 - - [06/Feb/2022:10:57:57 +0800] "GET /xingrg/check_reg.html?_=1644116270712 HTTP/1.1" 200 22
180.152.99.39 - - [06/Feb/2022:10:57:57 +0800] "POST /xingrg/kc/base/wldb_order_operate.html HTTP/1.1" 200 37
124.78.153.118 - - [06/Feb/2022:10:57:58 +0800] "GET /xingrg/all/function/internal_message.html?_=1644116271526&CODE_STATE=getMsg HTTP/1.1" 200 27
180.152.99.39 - - [06/Feb/2022:10:57:59 +0800] "POST /xingrg/kc/base/wldb_order_operate.html HTTP/1.1" 200 12
180.152.99.39 - - [06/Feb/2022:10:58:00 +0800] "POST /xingrg/kc/base/wldb_order_operate.html HTTP/1.1" 200 2668
180.152.99.39 - - [06/Feb/2022:10:58:01 +0800] "GET /xingrg/kc/base/wldb_order_info.html?code=422022020600535 HTTP/1.1" 200 26209
180.152.99.39 - - [06/Feb/2022:10:58:01 +0800] "GET /xingrg/javascript/easyui/themes/default/validatebox.css HTTP/1.1" 404 1104
180.152.99.39 - - [06/Feb/2022:10:58:01 +0800] "POST /xingrg/kc/base/wldb_order_operate.html HTTP/1.1" 200 950
58.39.168.32 - - [06/Feb/2022:10:58:02 +0800] "GET /xingrg/all/function/internal_message.html?_=1644116278597&CODE_STATE=getMsg HTTP/1.1" 200 27
61.151.179.84 - - [06/Feb/2022:10:58:08 +0800] "GET /xingrg/all/function/internal_message.html?_=1644110629493&CODE_STATE=getMsg HTTP/1.1" 302 -
124.79.79.90 - - [06/Feb/2022:10:58:09 +0800] "GET /xingrg/all/function/internal_message.html?_=1644116286206&CODE_STATE=getMsg HTTP/1.1" 200 27
58.39.168.32 - - [06/Feb/2022:10:58:10 +0800] "GET /xingrg/javascript/jquery_easy_ui/themes/default/images/tabs_active.png HTTP/1.1" 304 -
