124.79.79.90 - - [04/Feb/2022:12:53:06 +0800] "GET /xingrg/all/function/internal_message.html?_=1643950383529&CODE_STATE=getMsg HTTP/1.1" 200 27
61.151.178.163 - - [04/Feb/2022:12:53:06 +0800] "GET /xingrg/login.html HTTP/1.1" 200 7641
124.79.79.90 - - [04/Feb/2022:12:53:06 +0800] "GET /xingrg/check_reg.html?_=1643950383656 HTTP/1.1" 200 22
114.88.155.114 - - [04/Feb/2022:12:53:07 +0800] "GET /xingrg/all/function/internal_message.html?_=1643950175163&CODE_STATE=getMsg HTTP/1.1" 200 27
61.151.179.84 - - [04/Feb/2022:12:53:07 +0800] "GET /xingrg/check_reg.html?_=1643950322574 HTTP/1.1" 302 -
124.79.79.90 - - [04/Feb/2022:12:53:08 +0800] "POST /xingrg/dwr/call/plaincall/AjaxCheckService.setItemNumber.dwr HTTP/1.1" 200 77
61.151.179.84 - - [04/Feb/2022:12:53:08 +0800] "GET /xingrg/login.html HTTP/1.1" 200 7641
124.79.79.90 - - [04/Feb/2022:12:53:10 +0800] "POST /xingrg/dwr/call/plaincall/AjaxCheckService.setItemNumber.dwr HTTP/1.1" 200 77
180.162.112.109 - - [04/Feb/2022:12:53:12 +0800] "GET /xingrg/check_reg.html?_=1643949778835 HTTP/1.1" 200 22
180.162.112.109 - - [04/Feb/2022:12:53:12 +0800] "GET /xingrg/all/function/internal_message.html?_=1643949778837&CODE_STATE=getMsg HTTP/1.1" 200 27
124.79.79.90 - - [04/Feb/2022:12:53:12 +0800] "POST /xingrg/dwr/call/plaincall/AjaxCheckService.setItemNumber.dwr HTTP/1.1" 200 77
180.152.99.73 - - [04/Feb/2022:12:53:12 +0800] "GET /xingrg/kc/buy/cgsh_order_operate.html?command=get_materiel&rest_code=00150&code=00101001080&supplier_code=00100323&order_time=2022-02-04 HTTP/1.1" 200 439
180.169.147.146 - - [04/Feb/2022:12:53:13 +0800] "GET /xingrg/check_reg.html?_=1643950387603 HTTP/1.1" 200 22
180.169.147.146 - - [04/Feb/2022:12:53:13 +0800] "GET /xingrg/all/function/internal_message.html?_=1643950387604&CODE_STATE=getMsg HTTP/1.1" 200 27
124.79.79.90 - - [04/Feb/2022:12:53:14 +0800] "POST /xingrg/dwr/call/plaincall/AjaxCheckService.setItemNumber.dwr HTTP/1.1" 200 77
124.79.79.90 - - [04/Feb/2022:12:53:15 +0800] "POST /xingrg/dwr/call/plaincall/AjaxCheckService.setItemNumber.dwr HTTP/1.1" 200 77
116.239.131.195 - - [04/Feb/2022:12:53:16 +0800] "GET /xingrg/check_reg.html?_=1643950415108 HTTP/1.1" 200 22
124.79.79.90 - - [04/Feb/2022:12:53:17 +0800] "POST /xingrg/dwr/call/plaincall/AjaxCheckService.setItemNumber.dwr HTTP/1.1" 200 77
58.39.168.32 - - [04/Feb/2022:12:53:17 +0800] "GET /xingrg/all/function/internal_message.html?_=1643950332304&CODE_STATE=getMsg HTTP/1.1" 200 27
120.253.135.82 - - [04/Feb/2022:12:53:18 +0800] "GET /xingrg/check_reg.html?_=1643950187725 HTTP/1.1" 200 22
124.79.79.90 - - [04/Feb/2022:12:53:19 +0800] "POST /xingrg/dwr/call/plaincall/AjaxCheckService.setItemNumber.dwr HTTP/1.1" 200 77
180.152.99.73 - - [04/Feb/2022:12:53:20 +0800] "POST /xingrg/kc/buy/cgsh_order_operate.html HTTP/1.1" 200 37
124.79.79.90 - - [04/Feb/2022:12:53:21 +0800] "POST /xingrg/dwr/call/plaincall/AjaxCheckService.setItemNumber.dwr HTTP/1.1" 200 77
124.79.79.90 - - [04/Feb/2022:12:53:22 +0800] "POST /xingrg/dwr/call/plaincall/AjaxCheckService.setItemNumber.dwr HTTP/1.1" 200 77
116.239.131.195 - - [04/Feb/2022:12:53:22 +0800] "GET /xingrg/all/function/internal_message.html?_=1643950421838&CODE_STATE=getMsg HTTP/1.1" 200 27
116.239.131.195 - - [04/Feb/2022:12:53:23 +0800] "GET /xingrg/kc/buy/cgsh_order_operate.html?command=get_materiel&rest_code=00102&code=00101002020&supplier_code=00100323&order_time=2022-02-04 HTTP/1.1" 200 436
180.152.99.73 - - [04/Feb/2022:12:53:24 +0800] "POST /xingrg/kc/buy/cgsh_order_operate.html HTTP/1.1" 200 12
180.152.99.73 - - [04/Feb/2022:12:53:25 +0800] "GET /xingrg/kc/buy/cgsh_order_info.html?code=212022020400370 HTTP/1.1" 200 60425
180.152.99.73 - - [04/Feb/2022:12:53:25 +0800] "GET /xingrg/javascript/easyui/themes/default/validatebox.css HTTP/1.1" 404 1104
180.152.99.73 - - [04/Feb/2022:12:53:26 +0800] "POST /xingrg/kc/buy/cgsh_order_operate.html HTTP/1.1" 200 1202
180.152.99.73 - - [04/Feb/2022:12:53:27 +0800] "GET /xingrg/kc/print/load_data.html?order_code=212022020400370&kc_code=cgsh&condition= HTTP/1.1" 200 944
180.157.251.97 - - [04/Feb/2022:12:53:27 +0800] "POST /xingrg/kc/base/wldb_list_operate.html HTTP/1.1" 200 4
180.152.99.73 - - [04/Feb/2022:12:53:30 +0800] "GET /xingrg/kc/buy/cgsh_order_add.html HTTP/1.1" 200 65513
180.152.99.73 - - [04/Feb/2022:12:53:31 +0800] "POST /xingrg/kc/buy/cgsh_order_operate.html HTTP/1.1" 200 8245
180.157.251.97 - - [04/Feb/2022:12:53:31 +0800] "POST /xingrg/kc/base/wldb_list_operate.html HTTP/1.1" 200 928
180.152.99.73 - - [04/Feb/2022:12:53:31 +0800] "GET /xingrg/javascript/easyui/themes/default/validatebox.css HTTP/1.1" 404 1104
180.157.251.97 - - [04/Feb/2022:12:53:32 +0800] "GET /xingrg/kc/base/wldb_order_list.html HTTP/1.1" 200 19104
101.85.120.86 - - [04/Feb/2022:12:53:32 +0800] "GET /xingrg/all/function/internal_message.html?_=1643950409417&CODE_STATE=getMsg HTTP/1.1" 200 27
180.157.251.97 - - [04/Feb/2022:12:53:33 +0800] "POST /xingrg/kc/base/wldb_list_operate.html HTTP/1.1" 200 928
180.157.251.97 - - [04/Feb/2022:12:53:34 +0800] "GET /xingrg/kc/buy/cgyd_order_list.html HTTP/1.1" 200 49292
180.157.251.97 - - [04/Feb/2022:12:53:34 +0800] "POST /xingrg/kc/buy/cgyd_list_operate.html HTTP/1.1" 200 976
180.157.251.97 - - [04/Feb/2022:12:53:34 +0800] "GET /xingrg/kc/buy/cgsh_order_list.html HTTP/1.1" 200 49826
222.70.243.96 - - [04/Feb/2022:12:53:35 +0800] "GET /xingrg/all/function/internal_message.html?_=1643950428842&CODE_STATE=getMsg HTTP/1.1" 302 -
180.157.251.97 - - [04/Feb/2022:12:53:35 +0800] "POST /xingrg/kc/buy/cgsh_list_operate.html HTTP/1.1" 200 876
222.70.223.103 - - [04/Feb/2022:12:53:35 +0800] "GET /xingrg/all/function/internal_message.html?_=1643950410406&CODE_STATE=getMsg HTTP/1.1" 200 27
180.152.99.39 - - [04/Feb/2022:12:53:39 +0800] "GET /xingrg/all/function/internal_message.html?_=1643950338023&CODE_STATE=getMsg HTTP/1.1" 200 27
124.79.79.90 - - [04/Feb/2022:12:53:40 +0800] "POST /xingrg/dwr/call/plaincall/AjaxCheckService.setItemNumber.dwr HTTP/1.1" 200 77
124.79.79.90 - - [04/Feb/2022:12:53:42 +0800] "POST /xingrg/dwr/call/plaincall/AjaxCheckService.setItemNumber.dwr HTTP/1.1" 200 77
124.79.79.90 - - [04/Feb/2022:12:53:44 +0800] "POST /xingrg/dwr/call/plaincall/AjaxCheckService.setItemNumber.dwr HTTP/1.1" 200 77
124.79.79.90 - - [04/Feb/2022:12:53:45 +0800] "POST /xingrg/dwr/call/plaincall/AjaxCheckService.setItemNumber.dwr HTTP/1.1" 200 77
222.70.243.96 - - [04/Feb/2022:12:53:45 +0800] "GET /xingrg/all/function/internal_message.html?_=1643950441338&CODE_STATE=getMsg HTTP/1.1" 200 27
124.79.79.90 - - [04/Feb/2022:12:53:47 +0800] "POST /xingrg/dwr/call/plaincall/AjaxCheckService.setItemNumber.dwr HTTP/1.1" 200 77
124.79.79.90 - - [04/Feb/2022:12:53:48 +0800] "POST /xingrg/dwr/call/plaincall/AjaxCheckService.setItemNumber.dwr HTTP/1.1" 200 77
124.79.79.90 - - [04/Feb/2022:12:53:49 +0800] "POST /xingrg/dwr/call/plaincall/AjaxCheckService.setItemNumber.dwr HTTP/1.1" 200 77
124.79.79.90 - - [04/Feb/2022:12:53:50 +0800] "POST /xingrg/dwr/call/plaincall/AjaxCheckService.setItemNumber.dwr HTTP/1.1" 200 77
124.79.79.90 - - [04/Feb/2022:12:53:51 +0800] "POST /xingrg/dwr/call/plaincall/AjaxCheckService.setItemNumber.dwr HTTP/1.1" 200 77
124.79.79.90 - - [04/Feb/2022:12:53:52 +0800] "POST /xingrg/dwr/call/plaincall/AjaxCheckService.setItemNumber.dwr HTTP/1.1" 200 77
101.83.241.237 - - [04/Feb/2022:12:53:55 +0800] "GET /xingrg/all/function/internal_message.html?_=1643950429727&CODE_STATE=getMsg HTTP/1.1" 200 27
116.239.131.195 - - [04/Feb/2022:12:54:01 +0800] "POST /xingrg/kc/buy/cgsh_order_operate.html HTTP/1.1" 200 37
116.239.131.195 - - [04/Feb/2022:12:54:03 +0800] "POST /xingrg/kc/buy/cgsh_order_operate.html HTTP/1.1" 200 3880
58.39.168.32 - - [04/Feb/2022:12:54:04 +0800] "GET /xingrg/all/function/internal_message.html?_=1643950441876&CODE_STATE=getMsg HTTP/1.1" 200 27
180.152.99.73 - - [04/Feb/2022:12:54:05 +0800] "GET /xingrg/all/function/internal_message.html?_=1643950443348&CODE_STATE=getMsg HTTP/1.1" 200 27
124.78.153.118 - - [04/Feb/2022:12:54:05 +0800] "GET /xingrg/all/function/internal_message.html?_=1643950444676&CODE_STATE=getMsg HTTP/1.1" 200 27
124.78.153.118 - - [04/Feb/2022:12:54:06 +0800] "GET /xingrg/all/function/internal_message.html?_=1643950441259&CODE_STATE=getMsg HTTP/1.1" 302 -
124.79.79.90 - - [04/Feb/2022:12:54:06 +0800] "GET /xingrg/all/function/internal_message.html?_=1643950443510&CODE_STATE=getMsg HTTP/1.1" 200 27
114.88.155.114 - - [04/Feb/2022:12:54:07 +0800] "GET /xingrg/all/function/internal_message.html?_=1643950235161&CODE_STATE=getMsg HTTP/1.1" 200 27
180.162.112.109 - - [04/Feb/2022:12:54:12 +0800] "GET /xingrg/all/function/internal_message.html?_=1643949838830&CODE_STATE=getMsg HTTP/1.1" 200 27
222.70.243.96 - - [04/Feb/2022:12:54:12 +0800] "GET /xingrg/check_reg.html?_=1643950466218 HTTP/1.1" 302 -
180.169.147.146 - - [04/Feb/2022:12:54:13 +0800] "GET /xingrg/all/function/internal_message.html?_=1643950447599&CODE_STATE=getMsg HTTP/1.1" 200 27
222.70.223.103 - - [04/Feb/2022:12:54:15 +0800] "POST /xingrg/kc/buy/cgsh_order_operate.html HTTP/1.1" 200 37
58.39.168.32 - - [04/Feb/2022:12:54:17 +0800] "GET /xingrg/check_reg.html?_=1643950392303 HTTP/1.1" 200 22
58.39.168.32 - - [04/Feb/2022:12:54:17 +0800] "GET /xingrg/all/function/internal_message.html?_=1643950392308&CODE_STATE=getMsg HTTP/1.1" 200 27
222.70.223.103 - - [04/Feb/2022:12:54:17 +0800] "POST /xingrg/kc/buy/cgsh_order_operate.html HTTP/1.1" 200 2668
116.239.131.195 - - [04/Feb/2022:12:54:17 +0800] "POST /xingrg/kc/buy/cgsh_order_operate.html HTTP/1.1" 200 37
116.239.131.195 - - [04/Feb/2022:12:54:22 +0800] "POST /xingrg/kc/buy/cgsh_order_operate.html HTTP/1.1" 200 12
222.70.223.103 - - [04/Feb/2022:12:54:23 +0800] "GET /xingrg/kc/print/load_data.html?order_code=212022020400372&kc_code=cgsh&condition= HTTP/1.1" 200 689
116.239.131.195 - - [04/Feb/2022:12:54:26 +0800] "GET /xingrg/kc/buy/cgsh_order_info.html?code=212022020400371 HTTP/1.1" 200 60499
116.239.131.195 - - [04/Feb/2022:12:54:27 +0800] "GET /xingrg/all/function/internal_message.html?_=1643950486860&CODE_STATE=getMsg HTTP/1.1" 200 27
116.239.131.195 - - [04/Feb/2022:12:54:27 +0800] "GET /xingrg/javascript/easyui/themes/default/validatebox.css HTTP/1.1" 404 1104
116.239.131.195 - - [04/Feb/2022:12:54:28 +0800] "POST /xingrg/kc/buy/cgsh_order_operate.html HTTP/1.1" 200 1830
116.239.131.195 - - [04/Feb/2022:12:54:32 +0800] "GET /xingrg/kc/print/load_data.html?order_code=212022020400371&kc_code=cgsh&condition= HTTP/1.1" 200 1187
180.157.251.97 - - [04/Feb/2022:12:54:32 +0800] "POST /xingrg/services/DataTransmitService HTTP/1.1" 200 524
101.85.120.86 - - [04/Feb/2022:12:54:32 +0800] "GET /xingrg/check_reg.html?_=1643950469418 HTTP/1.1" 200 22
101.85.120.86 - - [04/Feb/2022:12:54:33 +0800] "GET /xingrg/all/function/internal_message.html?_=1643950469420&CODE_STATE=getMsg HTTP/1.1" 200 27
180.157.251.97 - - [04/Feb/2022:12:54:34 +0800] "POST /xingrg/services/DataTransmitService HTTP/1.1" 200 501
180.157.251.97 - - [04/Feb/2022:12:54:34 +0800] "POST /xingrg/services/DataTransmitService HTTP/1.1" 200 501
180.157.251.97 - - [04/Feb/2022:12:54:34 +0800] "POST /xingrg/services/DataTransmitService HTTP/1.1" 200 501
180.157.251.97 - - [04/Feb/2022:12:54:34 +0800] "POST /xingrg/services/DataTransmitService HTTP/1.1" 200 501
180.157.251.97 - - [04/Feb/2022:12:54:34 +0800] "POST /xingrg/services/DataTransmitService HTTP/1.1" 200 501
222.70.243.96 - - [04/Feb/2022:12:54:35 +0800] "GET /xingrg/all/function/internal_message.html?_=1643950488854&CODE_STATE=getMsg HTTP/1.1" 302 -
180.157.251.97 - - [04/Feb/2022:12:54:35 +0800] "POST /xingrg/services/DataTransmitService HTTP/1.1" 200 501
180.157.251.97 - - [04/Feb/2022:12:54:35 +0800] "POST /xingrg/services/DataTransmitService HTTP/1.1" 200 501
222.70.223.103 - - [04/Feb/2022:12:54:35 +0800] "GET /xingrg/all/function/internal_message.html?_=1643950470397&CODE_STATE=getMsg HTTP/1.1" 200 27
180.157.251.97 - - [04/Feb/2022:12:54:35 +0800] "POST /xingrg/services/DataTransmitService HTTP/1.1" 200 412
180.152.99.39 - - [04/Feb/2022:12:54:39 +0800] "GET /xingrg/all/function/internal_message.html?_=1643950398082&CODE_STATE=getMsg HTTP/1.1" 200 27
101.89.19.197 - - [04/Feb/2022:12:54:39 +0800] "GET /xingrg/all/function/internal_message.html?_=1643940896200&CODE_STATE=getMsg HTTP/1.1" 302 -
116.239.131.195 - - [04/Feb/2022:12:54:40 +0800] "GET /xingrg/kc/buy/cgsh_order_add.html HTTP/1.1" 200 65589
101.89.19.197 - - [04/Feb/2022:12:54:40 +0800] "GET /xingrg/login.html HTTP/1.1" 200 7641
116.239.131.195 - - [04/Feb/2022:12:54:42 +0800] "POST /xingrg/kc/buy/cgsh_order_operate.html HTTP/1.1" 200 8245
116.239.131.195 - - [04/Feb/2022:12:54:42 +0800] "GET /xingrg/javascript/easyui/themes/default/validatebox.css HTTP/1.1" 404 1104
116.239.131.195 - - [04/Feb/2022:12:54:42 +0800] "GET /xingrg/javascript/easyui/themes/default/tree.css HTTP/1.1" 404 1090
116.239.131.195 - - [04/Feb/2022:12:54:43 +0800] "POST /xingrg/all/common/load_tree.html?tree=supplier_tree_json&isDelete=1 HTTP/1.1" 200 62150
222.70.243.96 - - [04/Feb/2022:12:54:46 +0800] "GET /xingrg/all/function/internal_message.html?_=1643950501705&CODE_STATE=getMsg HTTP/1.1" 200 27
101.83.241.237 - - [04/Feb/2022:12:54:55 +0800] "GET /xingrg/all/function/internal_message.html?_=1643950489697&CODE_STATE=getMsg HTTP/1.1" 200 27
58.39.168.32 - - [04/Feb/2022:12:55:04 +0800] "GET /xingrg/all/function/internal_message.html?_=1643950501857&CODE_STATE=getMsg HTTP/1.1" 200 27
180.152.99.73 - - [04/Feb/2022:12:55:05 +0800] "GET /xingrg/all/function/internal_message.html?_=1643950503321&CODE_STATE=getMsg HTTP/1.1" 200 27
124.78.153.118 - - [04/Feb/2022:12:55:05 +0800] "GET /xingrg/all/function/internal_message.html?_=1643950504661&CODE_STATE=getMsg HTTP/1.1" 200 27
124.78.153.118 - - [04/Feb/2022:12:55:05 +0800] "GET /xingrg/all/function/internal_message.html?_=1643950501241&CODE_STATE=getMsg HTTP/1.1" 302 -
124.79.79.90 - - [04/Feb/2022:12:55:06 +0800] "GET /xingrg/all/function/internal_message.html?_=1643950503494&CODE_STATE=getMsg HTTP/1.1" 200 27
61.151.207.205 - - [04/Feb/2022:12:55:06 +0800] "GET /xingrg/all/function/internal_message.html?_=1643950441259&CODE_STATE=getMsg HTTP/1.1" 302 -
180.152.99.73 - - [04/Feb/2022:12:55:06 +0800] "GET /xingrg/check_reg.html?_=1643950504434 HTTP/1.1" 200 22
114.88.155.114 - - [04/Feb/2022:12:55:07 +0800] "GET /xingrg/all/function/internal_message.html?_=1643950295159&CODE_STATE=getMsg HTTP/1.1" 200 27
116.239.131.195 - - [04/Feb/2022:12:55:08 +0800] "GET /xingrg/kc/buy/cgsh_order_operate.html?command=get_materiel&rest_code=00102&code=00101004046&supplier_code=00100317&order_time=2022-02-04 HTTP/1.1" 200 439
61.151.207.205 - - [04/Feb/2022:12:55:08 +0800] "GET /xingrg/login.html HTTP/1.1" 200 7641
180.162.112.109 - - [04/Feb/2022:12:55:12 +0800] "GET /xingrg/all/function/internal_message.html?_=1643949898840&CODE_STATE=getMsg HTTP/1.1" 200 27
180.169.147.146 - - [04/Feb/2022:12:55:13 +0800] "GET /xingrg/all/function/internal_message.html?_=1643950507604&CODE_STATE=getMsg HTTP/1.1" 200 27
58.39.168.32 - - [04/Feb/2022:12:55:17 +0800] "GET /xingrg/all/function/internal_message.html?_=1643950452309&CODE_STATE=getMsg HTTP/1.1" 200 27
116.239.131.195 - - [04/Feb/2022:12:55:19 +0800] "GET /xingrg/kc/buy/cgsh_order_operate.html?command=get_materiel&rest_code=00102&code=00101004061&supplier_code=00100317&order_time=2022-02-04 HTTP/1.1" 200 429
222.70.243.96 - - [04/Feb/2022:12:55:24 +0800] "GET /xingrg/check_reg.html?_=1643950540340 HTTP/1.1" 200 22
116.239.131.195 - - [04/Feb/2022:12:55:27 +0800] "GET /xingrg/all/function/internal_message.html?_=1643950546874&CODE_STATE=getMsg HTTP/1.1" 200 27
116.239.131.195 - - [04/Feb/2022:12:55:29 +0800] "GET /xingrg/kc/buy/cgsh_order_operate.html?command=get_materiel&rest_code=00102&code=00101004030&supplier_code=00100317&order_time=2022-02-04 HTTP/1.1" 200 428
101.85.120.86 - - [04/Feb/2022:12:55:33 +0800] "GET /xingrg/all/function/internal_message.html?_=1643950529420&CODE_STATE=getMsg HTTP/1.1" 200 27
222.70.243.96 - - [04/Feb/2022:12:55:35 +0800] "GET /xingrg/all/function/internal_message.html?_=1643950548899&CODE_STATE=getMsg HTTP/1.1" 302 -
222.70.223.103 - - [04/Feb/2022:12:55:35 +0800] "GET /xingrg/all/function/internal_message.html?_=1643950530385&CODE_STATE=getMsg HTTP/1.1" 200 27
116.239.131.195 - - [04/Feb/2022:12:55:38 +0800] "GET /xingrg/kc/buy/cgsh_order_operate.html?command=get_materiel&rest_code=00102&code=00101004020&supplier_code=00100317&order_time=2022-02-04 HTTP/1.1" 200 431
180.152.99.39 - - [04/Feb/2022:12:55:39 +0800] "GET /xingrg/all/function/internal_message.html?_=1643950458097&CODE_STATE=getMsg HTTP/1.1" 200 27
222.70.243.96 - - [04/Feb/2022:12:55:46 +0800] "GET /xingrg/all/function/internal_message.html?_=1643950561709&CODE_STATE=getMsg HTTP/1.1" 200 27
116.239.131.195 - - [04/Feb/2022:12:55:49 +0800] "GET /xingrg/kc/buy/cgsh_order_operate.html?command=get_materiel&rest_code=00102&code=00101004057&supplier_code=00100317&order_time=2022-02-04 HTTP/1.1" 200 429
101.83.241.237 - - [04/Feb/2022:12:55:55 +0800] "GET /xingrg/all/function/internal_message.html?_=1643950549694&CODE_STATE=getMsg HTTP/1.1" 200 27
116.239.131.195 - - [04/Feb/2022:12:55:57 +0800] "POST /xingrg/kc/buy/cgsh_order_operate.html HTTP/1.1" 200 37
116.239.131.195 - - [04/Feb/2022:12:56:01 +0800] "POST /xingrg/kc/buy/cgsh_order_operate.html HTTP/1.1" 200 12
116.239.131.195 - - [04/Feb/2022:12:56:03 +0800] "GET /xingrg/kc/buy/cgsh_order_info.html?code=212022020400373 HTTP/1.1" 200 60500
58.39.168.32 - - [04/Feb/2022:12:56:04 +0800] "GET /xingrg/all/function/internal_message.html?_=1643950561839&CODE_STATE=getMsg HTTP/1.1" 200 27
116.239.131.195 - - [04/Feb/2022:12:56:04 +0800] "GET /xingrg/javascript/easyui/themes/default/validatebox.css HTTP/1.1" 404 1104
116.239.131.195 - - [04/Feb/2022:12:56:05 +0800] "POST /xingrg/kc/buy/cgsh_order_operate.html HTTP/1.1" 200 2978
180.152.99.73 - - [04/Feb/2022:12:56:05 +0800] "GET /xingrg/all/function/internal_message.html?_=1643950563307&CODE_STATE=getMsg HTTP/1.1" 200 27
124.78.153.118 - - [04/Feb/2022:12:56:05 +0800] "GET /xingrg/all/function/internal_message.html?_=1643950564635&CODE_STATE=getMsg HTTP/1.1" 200 27
101.89.239.120 - - [04/Feb/2022:12:56:05 +0800] "GET /xingrg/all/function/internal_message.html?_=1643950501241&CODE_STATE=getMsg HTTP/1.1" 302 -
124.78.153.118 - - [04/Feb/2022:12:56:05 +0800] "GET /xingrg/all/function/internal_message.html?_=1643950561216&CODE_STATE=getMsg HTTP/1.1" 302 -
101.89.239.120 - - [04/Feb/2022:12:56:06 +0800] "GET /xingrg/login.html HTTP/1.1" 200 7641
124.78.153.118 - - [04/Feb/2022:12:56:06 +0800] "GET /xingrg/check_reg.html?_=1643950564936 HTTP/1.1" 200 22
124.79.79.90 - - [04/Feb/2022:12:56:06 +0800] "GET /xingrg/all/function/internal_message.html?_=1643950563479&CODE_STATE=getMsg HTTP/1.1" 200 27
116.239.131.195 - - [04/Feb/2022:12:56:06 +0800] "GET /xingrg/kc/print/load_data.html?order_code=212022020400373&kc_code=cgsh&condition= HTTP/1.1" 200 1603
114.88.155.114 - - [04/Feb/2022:12:56:07 +0800] "GET /xingrg/all/function/internal_message.html?_=1643950355186&CODE_STATE=getMsg HTTP/1.1" 200 27
114.88.155.114 - - [04/Feb/2022:12:56:07 +0800] "GET /xingrg/check_reg.html?_=1643950355187 HTTP/1.1" 200 22
61.151.179.84 - - [04/Feb/2022:12:56:11 +0800] "GET /xingrg/all/function/internal_message.html?_=1643950381289&CODE_STATE=getMsg HTTP/1.1" 302 -
180.162.112.109 - - [04/Feb/2022:12:56:12 +0800] "GET /xingrg/all/function/internal_message.html?_=1643949958832&CODE_STATE=getMsg HTTP/1.1" 200 27
180.169.147.146 - - [04/Feb/2022:12:56:13 +0800] "GET /xingrg/all/function/internal_message.html?_=1643950567592&CODE_STATE=getMsg HTTP/1.1" 200 27
116.239.131.195 - - [04/Feb/2022:12:56:14 +0800] "GET /xingrg/kc/buy/cgsh_order_add.html HTTP/1.1" 200 65589
61.151.179.84 - - [04/Feb/2022:12:56:14 +0800] "GET /xingrg/login.html HTTP/1.1" 200 7641
116.239.131.195 - - [04/Feb/2022:12:56:16 +0800] "POST /xingrg/kc/buy/cgsh_order_operate.html HTTP/1.1" 200 8245
116.239.131.195 - - [04/Feb/2022:12:56:16 +0800] "GET /xingrg/javascript/easyui/themes/default/validatebox.css HTTP/1.1" 404 1104
58.39.168.32 - - [04/Feb/2022:12:56:17 +0800] "GET /xingrg/all/function/internal_message.html?_=1643950512308&CODE_STATE=getMsg HTTP/1.1" 200 27
116.239.131.195 - - [04/Feb/2022:12:56:19 +0800] "GET /xingrg/javascript/easyui/themes/default/tree.css HTTP/1.1" 404 1090
116.239.131.195 - - [04/Feb/2022:12:56:19 +0800] "POST /xingrg/all/common/load_tree.html?tree=supplier_tree_json&isDelete=1 HTTP/1.1" 200 62150
116.239.131.195 - - [04/Feb/2022:12:56:27 +0800] "GET /xingrg/all/function/internal_message.html?_=1643950606888&CODE_STATE=getMsg HTTP/1.1" 200 27
101.85.120.86 - - [04/Feb/2022:12:56:33 +0800] "GET /xingrg/all/function/internal_message.html?_=1643950589420&CODE_STATE=getMsg HTTP/1.1" 200 27
116.239.131.195 - - [04/Feb/2022:12:56:35 +0800] "GET /xingrg/kc/buy/cgsh_order_operate.html?command=get_materiel&rest_code=00102&code=00101001029&supplier_code=00100312&order_time=2022-02-04 HTTP/1.1" 200 438
222.70.243.96 - - [04/Feb/2022:12:56:35 +0800] "GET /xingrg/all/function/internal_message.html?_=1643950608912&CODE_STATE=getMsg HTTP/1.1" 302 -
222.70.223.103 - - [04/Feb/2022:12:56:35 +0800] "GET /xingrg/all/function/internal_message.html?_=1643950590372&CODE_STATE=getMsg HTTP/1.1" 200 27
180.152.99.73 - - [04/Feb/2022:12:56:37 +0800] "GET /xingrg/kc/buy/cgsh_order_operate.html?command=get_materiel&rest_code=00150&code=00101001075&supplier_code=00100442&order_time=2022-02-04 HTTP/1.1" 200 431
180.152.99.39 - - [04/Feb/2022:12:56:39 +0800] "GET /xingrg/all/function/internal_message.html?_=1643950518160&CODE_STATE=getMsg HTTP/1.1" 200 27
222.70.243.96 - - [04/Feb/2022:12:56:46 +0800] "GET /xingrg/all/function/internal_message.html?_=1643950621723&CODE_STATE=getMsg HTTP/1.1" 200 27
116.239.131.195 - - [04/Feb/2022:12:56:46 +0800] "GET /xingrg/kc/buy/cgsh_order_operate.html?command=get_materiel&rest_code=00102&code=00101005002&supplier_code=00100312&order_time=2022-02-04 HTTP/1.1" 200 433
180.152.99.39 - - [04/Feb/2022:12:56:50 +0800] "GET /xingrg/check_reg.html?_=1643950528906 HTTP/1.1" 200 22
101.83.241.237 - - [04/Feb/2022:12:56:55 +0800] "GET /xingrg/all/function/internal_message.html?_=1643950609680&CODE_STATE=getMsg HTTP/1.1" 200 27
101.83.241.237 - - [04/Feb/2022:12:56:57 +0800] "GET /xingrg/check_reg.html?_=1643950611601 HTTP/1.1" 200 22
116.239.131.195 - - [04/Feb/2022:12:56:59 +0800] "POST /xingrg/kc/buy/cgsh_order_operate.html HTTP/1.1" 200 37
116.239.131.195 - - [04/Feb/2022:12:57:03 +0800] "POST /xingrg/kc/buy/cgsh_order_operate.html HTTP/1.1" 200 12
116.239.131.195 - - [04/Feb/2022:12:57:04 +0800] "GET /xingrg/kc/buy/cgsh_order_info.html?code=212022020400374 HTTP/1.1" 200 60500
58.39.168.32 - - [04/Feb/2022:12:57:04 +0800] "GET /xingrg/all/function/internal_message.html?_=1643950621819&CODE_STATE=getMsg HTTP/1.1" 200 27
124.78.153.118 - - [04/Feb/2022:12:57:05 +0800] "GET /xingrg/all/function/internal_message.html?_=1643950624610&CODE_STATE=getMsg HTTP/1.1" 200 27
124.78.153.118 - - [04/Feb/2022:12:57:05 +0800] "GET /xingrg/all/function/internal_message.html?_=1643950621184&CODE_STATE=getMsg HTTP/1.1" 302 -
61.151.178.249 - - [04/Feb/2022:12:57:05 +0800] "GET /xingrg/all/function/internal_message.html?_=1643950561216&CODE_STATE=getMsg HTTP/1.1" 302 -
116.239.131.195 - - [04/Feb/2022:12:57:06 +0800] "GET /xingrg/javascript/easyui/themes/default/validatebox.css HTTP/1.1" 404 1104
61.151.178.249 - - [04/Feb/2022:12:57:06 +0800] "GET /xingrg/login.html HTTP/1.1" 200 7641
124.79.79.90 - - [04/Feb/2022:12:57:06 +0800] "GET /xingrg/all/function/internal_message.html?_=1643950623454&CODE_STATE=getMsg HTTP/1.1" 200 27
124.79.79.90 - - [04/Feb/2022:12:57:06 +0800] "GET /xingrg/login.html HTTP/1.1" 200 7641
116.239.131.195 - - [04/Feb/2022:12:57:06 +0800] "POST /xingrg/kc/buy/cgsh_order_operate.html HTTP/1.1" 200 1210
124.79.79.90 - - [04/Feb/2022:12:57:06 +0800] "GET /favicon.ico HTTP/1.1" 404 -
124.78.153.118 - - [04/Feb/2022:12:57:07 +0800] "GET /xingrg/check_reg.html?_=1643950622575 HTTP/1.1" 302 -
114.88.155.114 - - [04/Feb/2022:12:57:07 +0800] "GET /xingrg/all/function/internal_message.html?_=1643950415186&CODE_STATE=getMsg HTTP/1.1" 200 27
180.152.99.73 - - [04/Feb/2022:12:57:08 +0800] "POST /xingrg/kc/buy/cgsh_order_operate.html HTTP/1.1" 200 37
116.239.131.195 - - [04/Feb/2022:12:57:08 +0800] "GET /xingrg/kc/print/load_data.html?order_code=212022020400374&kc_code=cgsh&condition= HTTP/1.1" 200 927
180.152.99.73 - - [04/Feb/2022:12:57:11 +0800] "POST /xingrg/kc/buy/cgsh_order_operate.html HTTP/1.1" 200 12
180.162.112.109 - - [04/Feb/2022:12:57:12 +0800] "GET /xingrg/all/function/internal_message.html?_=1643950018842&CODE_STATE=getMsg HTTP/1.1" 200 27
180.152.99.73 - - [04/Feb/2022:12:57:13 +0800] "GET /xingrg/kc/buy/cgsh_order_info.html?code=212022020400375 HTTP/1.1" 200 60424
180.169.147.146 - - [04/Feb/2022:12:57:13 +0800] "GET /xingrg/all/function/internal_message.html?_=1643950627598&CODE_STATE=getMsg HTTP/1.1" 200 27
180.152.99.73 - - [04/Feb/2022:12:57:13 +0800] "GET /xingrg/javascript/easyui/themes/default/validatebox.css HTTP/1.1" 404 1104
180.152.99.73 - - [04/Feb/2022:12:57:14 +0800] "POST /xingrg/kc/buy/cgsh_order_operate.html HTTP/1.1" 200 603
180.152.99.73 - - [04/Feb/2022:12:57:15 +0800] "GET /xingrg/kc/print/load_data.html?order_code=212022020400375&kc_code=cgsh&condition= HTTP/1.1" 200 707
116.239.131.195 - - [04/Feb/2022:12:57:16 +0800] "GET /xingrg/kc/buy/cgsh_order_add.html HTTP/1.1" 200 65589
58.39.168.32 - - [04/Feb/2022:12:57:17 +0800] "GET /xingrg/all/function/internal_message.html?_=1643950572309&CODE_STATE=getMsg HTTP/1.1" 200 27
116.239.131.195 - - [04/Feb/2022:12:57:18 +0800] "POST /xingrg/kc/buy/cgsh_order_operate.html HTTP/1.1" 200 8245
124.79.79.90 - - [04/Feb/2022:12:57:19 +0800] "POST /xingrg/login.do HTTP/1.1" 302 -
124.79.79.90 - - [04/Feb/2022:12:57:19 +0800] "GET /xingrg/index.html?sysBaseUrl=http%3A%2F%2F180.169.147.146%3A18081%2Fxingrg%2F&costTime=39×tamp=1643950639116 HTTP/1.1" 200 17179
124.79.79.90 - - [04/Feb/2022:12:57:19 +0800] "GET /favicon.ico HTTP/1.1" 404 -
124.79.79.90 - - [04/Feb/2022:12:57:19 +0800] "POST /xingrg/all/common/load_tree.html?tree=area_rest_tree_json&manage=1 HTTP/1.1" 200 351
124.79.79.90 - - [04/Feb/2022:12:57:19 +0800] "GET /xingrg/check_reg.html?_=1643950636376 HTTP/1.1" 200 22
124.79.79.90 - - [04/Feb/2022:12:57:19 +0800] "GET /xingrg/all/function/internal_message.html?_=1643950636375&CODE_STATE=count HTTP/1.1" 200 11
124.79.79.90 - - [04/Feb/2022:12:57:19 +0800] "POST /xingrg/load_menu.html HTTP/1.1" 200 5138
116.239.131.195 - - [04/Feb/2022:12:57:19 +0800] "GET /xingrg/javascript/easyui/themes/default/validatebox.css HTTP/1.1" 404 1104
116.239.131.195 - - [04/Feb/2022:12:57:19 +0800] "GET /xingrg/javascript/easyui/themes/default/tree.css HTTP/1.1" 404 1090
116.239.131.195 - - [04/Feb/2022:12:57:20 +0800] "POST /xingrg/all/common/load_tree.html?tree=supplier_tree_json&isDelete=1 HTTP/1.1" 200 62150
124.79.79.90 - - [04/Feb/2022:12:57:21 +0800] "GET /xingrg/kc/mdqp/qp_main.html HTTP/1.1" 200 10633
124.79.79.90 - - [04/Feb/2022:12:57:21 +0800] "GET /xingrg/images/blue/button/psshd.gif HTTP/1.1" 200 2692
124.79.79.90 - - [04/Feb/2022:12:57:21 +0800] "GET /xingrg/images/blue/button/pszx.gif HTTP/1.1" 200 2648
124.79.79.90 - - [04/Feb/2022:12:57:21 +0800] "GET /xingrg/images/blue/button/qqpsd.gif HTTP/1.1" 200 2548
124.79.79.90 - - [04/Feb/2022:12:57:22 +0800] "GET /xingrg/images/yd/bt.gif HTTP/1.1" 404 1040
124.79.79.90 - - [04/Feb/2022:12:57:22 +0800] "GET /xingrg/kc/mdqp/qqps_order_list.html HTTP/1.1" 200 9222
124.79.79.90 - - [04/Feb/2022:12:57:22 +0800] "GET /xingrg/dwr/interface/AjaxQqpsService.js HTTP/1.1" 200 16326
124.79.79.90 - - [04/Feb/2022:12:57:22 +0800] "GET /xingrg/dwr/interface/AjaxReportQueryService.js HTTP/1.1" 200 13203
124.79.79.90 - - [04/Feb/2022:12:57:22 +0800] "GET /xingrg/dwr/engine.js HTTP/1.1" 200 43631
124.79.79.90 - - [04/Feb/2022:12:57:22 +0800] "GET /xingrg/javascript/jquery_easy_ui/themes/icons/edit_add_new.png HTTP/1.1" 200 2997
124.79.79.90 - - [04/Feb/2022:12:57:22 +0800] "GET /xingrg/javascript/jquery_easy_ui/themes/icons/uncheck_new.png HTTP/1.1" 200 3197
180.152.99.73 - - [04/Feb/2022:12:57:24 +0800] "POST /xingrg/all/user/operate.html HTTP/1.1" 200 36
180.152.99.73 - - [04/Feb/2022:12:57:24 +0800] "GET /xingrg/index.html?sysBaseUrl=http%3A%2F%2F180.169.147.146%3A18081%2Fxingrg%2F&costTime=45×tamp=1643943901785 HTTP/1.1" 200 17177
180.152.99.73 - - [04/Feb/2022:12:57:24 +0800] "GET /xingrg/javascript/jquery_easy_ui/themes/default/easyui.css HTTP/1.1" 304 -
180.152.99.73 - - [04/Feb/2022:12:57:24 +0800] "GET /xingrg/javascript/jquery_easy_ui/themes/icon.css HTTP/1.1" 304 -
180.152.99.73 - - [04/Feb/2022:12:57:24 +0800] "GET /xingrg/css/form.css HTTP/1.1" 304 -
124.79.79.90 - - [04/Feb/2022:12:57:24 +0800] "GET /xingrg/kc/mdqp/qqps_order_list.html?isQuery=1&timeSelect=1&orderTime=day&startTime=2022-02-04&endTime=2022-02-04&state=all&query=%C8%B7++%B6%A8 HTTP/1.1" 200 9321
180.152.99.73 - - [04/Feb/2022:12:57:24 +0800] "GET /xingrg/javascript/jquery-1.4.2.min.js HTTP/1.1" 304 -
124.79.79.90 - - [04/Feb/2022:12:57:24 +0800] "GET /xingrg/dwr/interface/AjaxReportQueryService.js HTTP/1.1" 200 13203
124.79.79.90 - - [04/Feb/2022:12:57:24 +0800] "GET /xingrg/dwr/interface/AjaxQqpsService.js HTTP/1.1" 200 16326
180.152.99.73 - - [04/Feb/2022:12:57:24 +0800] "GET /xingrg/javascript/jquery_easy_ui/jquery.easyui.min.js HTTP/1.1" 304 -
124.79.79.90 - - [04/Feb/2022:12:57:24 +0800] "GET /xingrg/dwr/engine.js HTTP/1.1" 200 43631
180.152.99.73 - - [04/Feb/2022:12:57:24 +0800] "GET /xingrg/javascript/jquery_easy_ui/easyui-lang-zh_CN.js HTTP/1.1" 304 -
180.152.99.73 - - [04/Feb/2022:12:57:24 +0800] "GET /xingrg/javascript/jquery.form.js HTTP/1.1" 304 -
180.152.99.73 - - [04/Feb/2022:12:57:24 +0800] "GET /xingrg/javascript/jquery.utils.js HTTP/1.1" 304 -
180.152.99.73 - - [04/Feb/2022:12:57:24 +0800] "GET /xingrg/javascript/jquery.timers.js HTTP/1.1" 304 -
180.152.99.73 - - [04/Feb/2022:12:57:24 +0800] "GET /xingrg/images/blue/jxLogo.png HTTP/1.1" 304 -
180.152.99.73 - - [04/Feb/2022:12:57:24 +0800] "GET /xingrg/javascript/jquery_easy_ui/themes/icons/settle_new.png HTTP/1.1" 304 -
180.152.99.73 - - [04/Feb/2022:12:57:24 +0800] "GET /xingrg/images/blue/navBackgound.jpg HTTP/1.1" 304 -
180.152.99.73 - - [04/Feb/2022:12:57:24 +0800] "POST /xingrg/all/common/load_tree.html?tree=area_rest_tree_json&manage=1 HTTP/1.1" 200 476
180.152.99.73 - - [04/Feb/2022:12:57:25 +0800] "GET /xingrg/check_reg.html?_=1643950642567 HTTP/1.1" 200 22
180.152.99.73 - - [04/Feb/2022:12:57:25 +0800] "GET /xingrg/all/function/internal_message.html?_=1643950642566&CODE_STATE=count HTTP/1.1" 200 11
180.152.99.73 - - [04/Feb/2022:12:57:25 +0800] "GET /xingrg/images/blue/pingpu.png HTTP/1.1" 304 -
180.152.99.73 - - [04/Feb/2022:12:57:25 +0800] "GET /xingrg/javascript/jquery_easy_ui/themes/default/images/tabs_leftarrow.png HTTP/1.1" 304 -
180.152.99.73 - - [04/Feb/2022:12:57:25 +0800] "GET /xingrg/javascript/jquery_easy_ui/themes/default/images/panel_tool_collapse.gif HTTP/1.1" 304 -
180.152.99.73 - - [04/Feb/2022:12:57:25 +0800] "GET /xingrg/javascript/jquery_easy_ui/themes/default/images/tabs_rightarrow.png HTTP/1.1" 304 -
180.152.99.73 - - [04/Feb/2022:12:57:25 +0800] "POST /xingrg/load_menu.html HTTP/1.1" 200 5138
180.152.99.73 - - [04/Feb/2022:12:57:27 +0800] "GET /xingrg/kc/buy/cgsh_order_list.html HTTP/1.1" 200 49824
116.239.131.195 - - [04/Feb/2022:12:57:27 +0800] "GET /xingrg/all/function/internal_message.html?_=1643950666901&CODE_STATE=getMsg HTTP/1.1" 200 27
180.152.99.73 - - [04/Feb/2022:12:57:28 +0800] "POST /xingrg/kc/buy/cgsh_list_operate.html HTTP/1.1" 200 876
124.79.79.90 - - [04/Feb/2022:12:57:30 +0800] "POST /xingrg/dwr/call/plaincall/AjaxReportQueryService.getFixDate.dwr HTTP/1.1" 200 111
124.79.79.90 - - [04/Feb/2022:12:57:31 +0800] "GET /xingrg/kc/mdqp/qqps_order_list.html?isQuery=1&timeSelect=1&orderTime=week&startTime=2022-01-31&endTime=2022-02-06&state=all&query=%C8%B7++%B6%A8 HTTP/1.1" 200 10171
124.79.79.90 - - [04/Feb/2022:12:57:31 +0800] "GET /xingrg/dwr/interface/AjaxReportQueryService.js HTTP/1.1" 200 13203
124.79.79.90 - - [04/Feb/2022:12:57:31 +0800] "GET /xingrg/dwr/interface/AjaxQqpsService.js HTTP/1.1" 200 16326
124.79.79.90 - - [04/Feb/2022:12:57:31 +0800] "GET /xingrg/dwr/engine.js HTTP/1.1" 200 43631
180.152.99.73 - - [04/Feb/2022:12:57:32 +0800] "GET /xingrg/kc/buy/cgsh_order_add.html HTTP/1.1" 200 65193
180.152.99.73 - - [04/Feb/2022:12:57:32 +0800] "POST /xingrg/kc/buy/cgsh_order_operate.html HTTP/1.1" 200 8245
180.152.99.73 - - [04/Feb/2022:12:57:32 +0800] "GET /xingrg/all/common/auto_word.html?type=employee&rest_code=00151 HTTP/1.1" 200 293
180.152.99.73 - - [04/Feb/2022:12:57:32 +0800] "GET /xingrg/all/common/auto_word.html?type=employee&rest_code=00151 HTTP/1.1" 200 293
180.152.99.73 - - [04/Feb/2022:12:57:32 +0800] "GET /xingrg/javascript/easyui/themes/default/validatebox.css HTTP/1.1" 404 1104
101.85.120.86 - - [04/Feb/2022:12:57:33 +0800] "GET /xingrg/all/function/internal_message.html?_=1643950649421&CODE_STATE=getMsg HTTP/1.1" 200 27
124.79.79.90 - - [04/Feb/2022:12:57:33 +0800] "GET /xingrg/kc/mdqp/qqps_order_info.html?code=302022020200003 HTTP/1.1" 200 26545
124.79.79.90 - - [04/Feb/2022:12:57:33 +0800] "GET /xingrg/dwr/interface/AjaxComOrderService.js HTTP/1.1" 200 18264
124.79.79.90 - - [04/Feb/2022:12:57:33 +0800] "GET /xingrg/dwr/interface/AjaxQqpsService.js HTTP/1.1" 200 16326
124.79.79.90 - - [04/Feb/2022:12:57:33 +0800] "GET /xingrg/javascript/Grid.js HTTP/1.1" 200 58908
124.79.79.90 - - [04/Feb/2022:12:57:33 +0800] "GET /xingrg/javascript/tools/jquery.qtip-1.0.0-rc3.min.js HTTP/1.1" 200 38404
124.79.79.90 - - [04/Feb/2022:12:57:33 +0800] "GET /xingrg/dwr/engine.js HTTP/1.1" 200 43631
124.79.79.90 - - [04/Feb/2022:12:57:34 +0800] "GET /xingrg/javascript/jquery_easy_ui/themes/icons/copy_new.png HTTP/1.1" 200 815
124.79.79.90 - - [04/Feb/2022:12:57:34 +0800] "GET /xingrg/javascript/jquery_easy_ui/themes/icons/template_new.png HTTP/1.1" 200 3956
124.79.79.90 - - [04/Feb/2022:12:57:34 +0800] "GET /xingrg/images/blue/wait.gif HTTP/1.1" 200 1100
124.79.79.90 - - [04/Feb/2022:12:57:34 +0800] "GET /xingrg/images/blue/kc_tab_mid.gif HTTP/1.1" 200 44
124.79.79.90 - - [04/Feb/2022:12:57:34 +0800] "GET /xingrg/images/blue/kc_tab_left.gif HTTP/1.1" 200 188
124.79.79.90 - - [04/Feb/2022:12:57:34 +0800] "GET /xingrg/images/blue/kc_tab_right.gif HTTP/1.1" 200 643
124.79.79.90 - - [04/Feb/2022:12:57:34 +0800] "POST /xingrg/dwr/call/plaincall/AjaxQqpsService.loadMaterielItems.dwr HTTP/1.1" 200 1969
180.152.99.73 - - [04/Feb/2022:12:57:35 +0800] "GET /xingrg/javascript/auto/indicator.gif HTTP/1.1" 404 1066
222.70.243.96 - - [04/Feb/2022:12:57:35 +0800] "GET /xingrg/all/function/internal_message.html?_=1643950668958&CODE_STATE=getMsg HTTP/1.1" 302 -
222.70.223.103 - - [04/Feb/2022:12:57:35 +0800] "GET /xingrg/check_reg.html?_=1643950650348 HTTP/1.1" 200 22
222.70.223.103 - - [04/Feb/2022:12:57:35 +0800] "GET /xingrg/all/function/internal_message.html?_=1643950650352&CODE_STATE=getMsg HTTP/1.1" 200 27
180.152.99.39 - - [04/Feb/2022:12:57:39 +0800] "GET /xingrg/all/function/internal_message.html?_=1643950578171&CODE_STATE=getMsg HTTP/1.1" 200 27
116.232.34.243 - - [04/Feb/2022:12:57:39 +0800] "POST /xingrg/services/DataTransmitService HTTP/1.1" 200 524
116.232.34.243 - - [04/Feb/2022:12:57:41 +0800] "POST /xingrg/services/DataTransmitService HTTP/1.1" 200 501
116.232.34.243 - - [04/Feb/2022:12:57:41 +0800] "POST /xingrg/services/DataTransmitService HTTP/1.1" 200 501
180.152.99.73 - - [04/Feb/2022:12:57:41 +0800] "GET /xingrg/kc/buy/cgsh_order_operate.html?command=get_materiel&rest_code=00151&code=00101004020&supplier_code=00100312&order_time=2022-02-04 HTTP/1.1" 200 431
116.232.34.243 - - [04/Feb/2022:12:57:41 +0800] "POST /xingrg/services/DataTransmitService HTTP/1.1" 200 501
116.232.34.243 - - [04/Feb/2022:12:57:42 +0800] "POST /xingrg/services/DataTransmitService HTTP/1.1" 200 501
116.232.34.243 - - [04/Feb/2022:12:57:42 +0800] "POST /xingrg/services/DataTransmitService HTTP/1.1" 200 501
116.232.34.243 - - [04/Feb/2022:12:57:42 +0800] "POST /xingrg/services/DataTransmitService HTTP/1.1" 200 501
116.232.34.243 - - [04/Feb/2022:12:57:43 +0800] "POST /xingrg/services/DataTransmitService HTTP/1.1" 200 501
116.232.34.243 - - [04/Feb/2022:12:57:43 +0800] "POST /xingrg/services/DataTransmitService HTTP/1.1" 200 501
116.232.34.243 - - [04/Feb/2022:12:57:43 +0800] "POST /xingrg/services/DataTransmitService HTTP/1.1" 200 412
222.70.243.96 - - [04/Feb/2022:12:57:46 +0800] "GET /xingrg/all/function/internal_message.html?_=1643950681737&CODE_STATE=getMsg HTTP/1.1" 200 27
180.152.99.73 - - [04/Feb/2022:12:57:50 +0800] "POST /xingrg/kc/buy/cgsh_order_operate.html HTTP/1.1" 200 37
116.239.131.195 - - [04/Feb/2022:12:57:51 +0800] "GET /xingrg/kc/buy/cgsh_order_operate.html?command=get_materiel&rest_code=00102&code=00101003035&supplier_code=00100497&order_time=2022-02-04 HTTP/1.1" 200 434
180.152.99.73 - - [04/Feb/2022:12:57:53 +0800] "POST /xingrg/kc/buy/cgsh_order_operate.html HTTP/1.1" 200 12
180.152.99.73 - - [04/Feb/2022:12:57:54 +0800] "GET /xingrg/kc/buy/cgsh_order_info.html?code=212022020400376 HTTP/1.1" 200 60106
180.152.99.73 - - [04/Feb/2022:12:57:55 +0800] "GET /xingrg/javascript/easyui/themes/default/validatebox.css HTTP/1.1" 404 1104
101.83.241.237 - - [04/Feb/2022:12:57:55 +0800] "GET /xingrg/all/function/internal_message.html?_=1643950669653&CODE_STATE=getMsg HTTP/1.1" 200 27
180.152.99.73 - - [04/Feb/2022:12:57:55 +0800] "POST /xingrg/kc/buy/cgsh_order_operate.html HTTP/1.1" 200 611
180.152.99.73 - - [04/Feb/2022:12:57:57 +0800] "GET /xingrg/kc/print/load_data.html?order_code=212022020400376&kc_code=cgsh&condition= HTTP/1.1" 200 708
116.239.131.195 - - [04/Feb/2022:12:58:03 +0800] "POST /xingrg/kc/buy/cgsh_order_operate.html HTTP/1.1" 200 37
58.39.168.32 - - [04/Feb/2022:12:58:04 +0800] "GET /xingrg/all/function/internal_message.html?_=1643950681797&CODE_STATE=getMsg HTTP/1.1" 200 27
58.39.168.32 - - [04/Feb/2022:12:58:05 +0800] "GET /xingrg/check_reg.html?_=1643950682745 HTTP/1.1" 200 22
124.78.153.118 - - [04/Feb/2022:12:58:05 +0800] "GET /xingrg/all/function/internal_message.html?_=1643950684584&CODE_STATE=getMsg HTTP/1.1" 200 27
124.78.153.118 - - [04/Feb/2022:12:58:05 +0800] "GET /xingrg/all/function/internal_message.html?_=1643950681165&CODE_STATE=getMsg HTTP/1.1" 302 -
124.79.79.90 - - [04/Feb/2022:12:58:06 +0800] "GET /xingrg/all/function/internal_message.html?_=1643950683440&CODE_STATE=getMsg HTTP/1.1" 200 27
124.79.79.90 - - [04/Feb/2022:12:58:06 +0800] "GET /xingrg/check_reg.html?_=1643950683665 HTTP/1.1" 200 22
61.151.207.205 - - [04/Feb/2022:12:58:06 +0800] "GET /xingrg/check_reg.html?_=1643950622575 HTTP/1.1" 302 -
116.239.131.195 - - [04/Feb/2022:12:58:07 +0800] "POST /xingrg/kc/buy/cgsh_order_operate.html HTTP/1.1" 200 12
114.88.155.114 - - [04/Feb/2022:12:58:07 +0800] "GET /xingrg/all/function/internal_message.html?_=1643950475185&CODE_STATE=getMsg HTTP/1.1" 200 27
61.151.207.205 - - [04/Feb/2022:12:58:08 +0800] "GET /xingrg/login.html HTTP/1.1" 200 7641
116.239.131.195 - - [04/Feb/2022:12:58:08 +0800] "GET /xingrg/kc/buy/cgsh_order_info.html?code=212022020400377 HTTP/1.1" 200 60502
116.239.131.195 - - [04/Feb/2022:12:58:10 +0800] "GET /xingrg/javascript/easyui/themes/default/validatebox.css HTTP/1.1" 404 1104
116.239.131.195 - - [04/Feb/2022:12:58:11 +0800] "POST /xingrg/kc/buy/cgsh_order_operate.html HTTP/1.1" 200 611
180.162.112.109 - - [04/Feb/2022:12:58:12 +0800] "GET /xingrg/check_reg.html?_=1643950078835 HTTP/1.1" 200 22
180.162.112.109 - - [04/Feb/2022:12:58:12 +0800] "GET /xingrg/all/function/internal_message.html?_=1643950078837&CODE_STATE=getMsg HTTP/1.1" 200 27
116.239.131.195 - - [04/Feb/2022:12:58:12 +0800] "GET /xingrg/kc/print/load_data.html?order_code=212022020400377&kc_code=cgsh&condition= HTTP/1.1" 200 691
180.169.147.146 - - [04/Feb/2022:12:58:13 +0800] "GET /xingrg/all/function/internal_message.html?_=1643950687601&CODE_STATE=getMsg HTTP/1.1" 200 27
180.169.147.146 - - [04/Feb/2022:12:58:13 +0800] "GET /xingrg/check_reg.html?_=1643950687604 HTTP/1.1" 200 22
116.239.131.195 - - [04/Feb/2022:12:58:16 +0800] "GET /xingrg/check_reg.html?_=1643950715110 HTTP/1.1" 200 22
58.39.168.32 - - [04/Feb/2022:12:58:17 +0800] "GET /xingrg/all/function/internal_message.html?_=1643950632309&CODE_STATE=getMsg HTTP/1.1" 200 27
120.253.135.82 - - [04/Feb/2022:12:58:18 +0800] "GET /xingrg/check_reg.html?_=1643950487732 HTTP/1.1" 200 22
124.79.79.90 - - [04/Feb/2022:12:58:19 +0800] "GET /xingrg/all/function/internal_message.html?_=1643950696380&CODE_STATE=getMsg HTTP/1.1" 200 27
116.239.131.195 - - [04/Feb/2022:12:58:19 +0800] "GET /xingrg/kc/buy/cgsh_order_add.html HTTP/1.1" 200 65589
116.239.131.195 - - [04/Feb/2022:12:58:22 +0800] "POST /xingrg/kc/buy/cgsh_order_operate.html HTTP/1.1" 200 8245
116.239.131.195 - - [04/Feb/2022:12:58:23 +0800] "GET /xingrg/javascript/easyui/themes/default/validatebox.css HTTP/1.1" 404 1104
116.239.131.195 - - [04/Feb/2022:12:58:23 +0800] "GET /xingrg/javascript/easyui/themes/default/tree.css HTTP/1.1" 404 1090
116.239.131.195 - - [04/Feb/2022:12:58:23 +0800] "POST /xingrg/all/common/load_tree.html?tree=supplier_tree_json&isDelete=1 HTTP/1.1" 200 62150
180.152.99.73 - - [04/Feb/2022:12:58:25 +0800] "GET /xingrg/all/function/internal_message.html?_=1643950702573&CODE_STATE=getMsg HTTP/1.1" 200 27
116.239.131.195 - - [04/Feb/2022:12:58:28 +0800] "GET /xingrg/all/function/internal_message.html?_=1643950727169&CODE_STATE=getMsg HTTP/1.1" 200 27
101.85.120.86 - - [04/Feb/2022:12:58:32 +0800] "GET /xingrg/all/function/internal_message.html?_=1643950709406&CODE_STATE=getMsg HTTP/1.1" 200 27
222.70.243.96 - - [04/Feb/2022:12:58:35 +0800] "GET /xingrg/all/function/internal_message.html?_=1643950728970&CODE_STATE=getMsg HTTP/1.1" 302 -
222.70.223.103 - - [04/Feb/2022:12:58:35 +0800] "GET /xingrg/all/function/internal_message.html?_=1643950710349&CODE_STATE=getMsg HTTP/1.1" 200 27
180.152.99.39 - - [04/Feb/2022:12:58:39 +0800] "GET /xingrg/all/function/internal_message.html?_=1643950638185&CODE_STATE=getMsg HTTP/1.1" 200 27
222.70.243.96 - - [04/Feb/2022:12:58:46 +0800] "GET /xingrg/all/function/internal_message.html?_=1643950742066&CODE_STATE=getMsg HTTP/1.1" 200 27
101.83.241.237 - - [04/Feb/2022:12:58:55 +0800] "GET /xingrg/all/function/internal_message.html?_=1643950729637&CODE_STATE=getMsg HTTP/1.1" 200 27
58.39.168.32 - - [04/Feb/2022:12:59:04 +0800] "GET /xingrg/all/function/internal_message.html?_=1643950741766&CODE_STATE=getMsg HTTP/1.1" 200 27
124.78.153.118 - - [04/Feb/2022:12:59:05 +0800] "GET /xingrg/all/function/internal_message.html?_=1643950744558&CODE_STATE=getMsg HTTP/1.1" 200 27
124.78.153.118 - - [04/Feb/2022:12:59:05 +0800] "GET /xingrg/all/function/internal_message.html?_=1643950741143&CODE_STATE=getMsg HTTP/1.1" 302 -
124.79.79.90 - - [04/Feb/2022:12:59:06 +0800] "GET /xingrg/all/function/internal_message.html?_=1643950743418&CODE_STATE=getMsg HTTP/1.1" 200 27
114.88.155.114 - - [04/Feb/2022:12:59:07 +0800] "GET /xingrg/all/function/internal_message.html?_=1643950535183&CODE_STATE=getMsg HTTP/1.1" 200 27
116.239.131.195 - - [04/Feb/2022:12:59:08 +0800] "GET /xingrg/kc/buy/cgsh_order_operate.html?command=get_materiel&rest_code=00102&code=00101010161&supplier_code=00100316&order_time=2022-02-04 HTTP/1.1" 200 429
180.162.112.109 - - [04/Feb/2022:12:59:12 +0800] "GET /xingrg/all/function/internal_message.html?_=1643950138837&CODE_STATE=getMsg HTTP/1.1" 200 27
222.70.243.96 - - [04/Feb/2022:12:59:12 +0800] "GET /xingrg/check_reg.html?_=1643950766254 HTTP/1.1" 302 -
180.169.147.146 - - [04/Feb/2022:12:59:13 +0800] "GET /xingrg/all/function/internal_message.html?_=1643950747597&CODE_STATE=getMsg HTTP/1.1" 200 27
58.39.168.32 - - [04/Feb/2022:12:59:17 +0800] "GET /xingrg/check_reg.html?_=1643950692310 HTTP/1.1" 200 22
58.39.168.32 - - [04/Feb/2022:12:59:17 +0800] "GET /xingrg/all/function/internal_message.html?_=1643950692313&CODE_STATE=getMsg HTTP/1.1" 200 27
124.79.79.90 - - [04/Feb/2022:12:59:19 +0800] "GET /xingrg/all/function/internal_message.html?_=1643950756379&CODE_STATE=getMsg HTTP/1.1" 200 27
180.152.99.73 - - [04/Feb/2022:12:59:25 +0800] "GET /xingrg/all/function/internal_message.html?_=1643950762576&CODE_STATE=getMsg HTTP/1.1" 200 27
116.239.131.195 - - [04/Feb/2022:12:59:27 +0800] "POST /xingrg/kc/buy/cgsh_order_operate.html HTTP/1.1" 200 37
116.239.131.195 - - [04/Feb/2022:12:59:32 +0800] "POST /xingrg/kc/buy/cgsh_order_operate.html HTTP/1.1" 200 12
101.85.120.86 - - [04/Feb/2022:12:59:32 +0800] "GET /xingrg/all/function/internal_message.html?_=1643950769407&CODE_STATE=getMsg HTTP/1.1" 200 27
101.85.120.86 - - [04/Feb/2022:12:59:33 +0800] "GET /xingrg/check_reg.html?_=1643950769409 HTTP/1.1" 200 22
222.70.243.96 - - [04/Feb/2022:12:59:35 +0800] "GET /xingrg/all/function/internal_message.html?_=1643950789012&CODE_STATE=getMsg HTTP/1.1" 302 -
222.70.223.103 - - [04/Feb/2022:12:59:35 +0800] "GET /xingrg/all/function/internal_message.html?_=1643950770326&CODE_STATE=getMsg HTTP/1.1" 200 27
116.239.131.195 - - [04/Feb/2022:12:59:38 +0800] "GET /xingrg/kc/buy/cgsh_order_info.html?code=212022020400378 HTTP/1.1" 200 60500
180.152.99.39 - - [04/Feb/2022:12:59:39 +0800] "GET /xingrg/all/function/internal_message.html?_=1643950698248&CODE_STATE=getMsg HTTP/1.1" 200 27
116.239.131.195 - - [04/Feb/2022:12:59:40 +0800] "GET /xingrg/all/function/internal_message.html?_=1643950798952&CODE_STATE=getMsg HTTP/1.1" 200 27
116.239.131.195 - - [04/Feb/2022:12:59:40 +0800] "GET /xingrg/javascript/easyui/themes/default/validatebox.css HTTP/1.1" 404 1104
116.239.131.195 - - [04/Feb/2022:12:59:40 +0800] "POST /xingrg/kc/buy/cgsh_order_operate.html HTTP/1.1" 200 604
116.239.131.195 - - [04/Feb/2022:12:59:42 +0800] "GET /xingrg/kc/print/load_data.html?order_code=212022020400378&kc_code=cgsh&condition= HTTP/1.1" 200 690
61.151.178.217 - - [04/Feb/2022:12:59:43 +0800] "GET /xingrg/all/function/internal_message.html?_=1643949421654&CODE_STATE=getMsg HTTP/1.1" 302 -
61.151.178.217 - - [04/Feb/2022:12:59:44 +0800] "GET /xingrg/login.html HTTP/1.1" 200 7641
222.70.243.96 - - [04/Feb/2022:12:59:46 +0800] "GET /xingrg/all/function/internal_message.html?_=1643950802076&CODE_STATE=getMsg HTTP/1.1" 200 27
116.239.131.195 - - [04/Feb/2022:12:59:50 +0800] "GET /xingrg/kc/buy/cgsh_order_add.html HTTP/1.1" 200 65589
116.239.131.195 - - [04/Feb/2022:12:59:53 +0800] "POST /xingrg/kc/buy/cgsh_order_operate.html HTTP/1.1" 200 8245
116.239.131.195 - - [04/Feb/2022:12:59:53 +0800] "GET /xingrg/javascript/easyui/themes/default/validatebox.css HTTP/1.1" 404 1104
116.239.131.195 - - [04/Feb/2022:12:59:54 +0800] "GET /xingrg/javascript/easyui/themes/default/tree.css HTTP/1.1" 404 1090
116.239.131.195 - - [04/Feb/2022:12:59:54 +0800] "POST /xingrg/all/common/load_tree.html?tree=supplier_tree_json&isDelete=1 HTTP/1.1" 200 62150
101.83.241.237 - - [04/Feb/2022:12:59:55 +0800] "GET /xingrg/all/function/internal_message.html?_=1643950789630&CODE_STATE=getMsg HTTP/1.1" 200 27
58.39.168.32 - - [04/Feb/2022:13:00:04 +0800] "GET /xingrg/all/function/internal_message.html?_=1643950801769&CODE_STATE=getMsg HTTP/1.1" 200 27
124.78.153.118 - - [04/Feb/2022:13:00:05 +0800] "GET /xingrg/all/function/internal_message.html?_=1643950804540&CODE_STATE=getMsg HTTP/1.1" 200 27
124.78.153.118 - - [04/Feb/2022:13:00:05 +0800] "GET /xingrg/all/function/internal_message.html?_=1643950801111&CODE_STATE=getMsg HTTP/1.1" 302 -
61.151.178.217 - - [04/Feb/2022:13:00:05 +0800] "GET /xingrg/all/function/internal_message.html?_=1643950741143&CODE_STATE=getMsg HTTP/1.1" 302 -
124.79.79.90 - - [04/Feb/2022:13:00:06 +0800] "GET /xingrg/all/function/internal_message.html?_=1643950803391&CODE_STATE=getMsg HTTP/1.1" 200 27
61.151.178.217 - - [04/Feb/2022:13:00:06 +0800] "GET /xingrg/login.html HTTP/1.1" 200 7641
114.88.155.114 - - [04/Feb/2022:13:00:07 +0800] "GET /xingrg/all/function/internal_message.html?_=1643950595182&CODE_STATE=getMsg HTTP/1.1" 200 27
222.70.179.207 - - [04/Feb/2022:13:00:11 +0800] "GET /xingrg/login.html HTTP/1.1" 200 7641
116.239.131.195 - - [04/Feb/2022:13:00:12 +0800] "GET /xingrg/kc/buy/cgsh_order_operate.html?command=get_materiel&rest_code=00102&code=00101001140&supplier_code=00100319&order_time=2022-02-04 HTTP/1.1" 200 438
180.162.112.109 - - [04/Feb/2022:13:00:12 +0800] "GET /xingrg/all/function/internal_message.html?_=1643950198868&CODE_STATE=getMsg HTTP/1.1" 200 27
222.70.179.207 - - [04/Feb/2022:13:00:12 +0800] "GET /favicon.ico HTTP/1.1" 404 -
180.169.147.146 - - [04/Feb/2022:13:00:13 +0800] "GET /xingrg/all/function/internal_message.html?_=1643950807594&CODE_STATE=getMsg HTTP/1.1" 200 27
58.39.168.32 - - [04/Feb/2022:13:00:17 +0800] "GET /xingrg/all/function/internal_message.html?_=1643950752298&CODE_STATE=getMsg HTTP/1.1" 200 27
124.79.79.90 - - [04/Feb/2022:13:00:19 +0800] "GET /xingrg/all/function/internal_message.html?_=1643950816382&CODE_STATE=getMsg HTTP/1.1" 200 27
61.151.178.180 - - [04/Feb/2022:13:00:19 +0800] "GET /xingrg/all/function/internal_message.html?_=1643949601575&CODE_STATE=getMsg HTTP/1.1" 302 -
61.151.178.180 - - [04/Feb/2022:13:00:20 +0800] "GET /xingrg/login.html HTTP/1.1" 200 7641
222.70.179.207 - - [04/Feb/2022:13:00:23 +0800] "POST /xingrg/login.do HTTP/1.1" 302 -
222.70.179.207 - - [04/Feb/2022:13:00:24 +0800] "GET /xingrg/index.html?sysBaseUrl=http%3A%2F%2F180.169.147.146%3A18081%2Fxingrg%2F&costTime=40×tamp=1643950823986 HTTP/1.1" 200 17173
222.70.179.207 - - [04/Feb/2022:13:00:24 +0800] "GET /favicon.ico HTTP/1.1" 404 -
222.70.179.207 - - [04/Feb/2022:13:00:24 +0800] "POST /xingrg/all/common/load_tree.html?tree=area_rest_tree_json&manage=1 HTTP/1.1" 200 342
