58.39.168.32 - - [04/Feb/2022:11:52:12 +0800] "POST /xingrg/kc/base/wldb_order_operate.html HTTP/1.1" 200 6806
58.39.168.32 - - [04/Feb/2022:11:52:12 +0800] "GET /xingrg/javascript/easyui/themes/default/validatebox.css HTTP/1.1" 404 1104
58.39.168.32 - - [04/Feb/2022:11:52:17 +0800] "GET /xingrg/all/function/internal_message.html?_=1643946672257&CODE_STATE=getMsg HTTP/1.1" 200 27
180.157.251.97 - - [04/Feb/2022:11:52:19 +0800] "GET /xingrg/all/function/internal_message.html?_=1643946737106&CODE_STATE=getMsg HTTP/1.1" 200 27
58.39.168.32 - - [04/Feb/2022:11:52:27 +0800] "GET /xingrg/all/function/internal_message.html?_=1643946744446&CODE_STATE=getMsg HTTP/1.1" 200 27
120.253.135.82 - - [04/Feb/2022:11:52:31 +0800] "GET /xingrg/all/function/internal_message.html?_=1643946540968&CODE_STATE=getMsg HTTP/1.1" 200 27
101.85.120.86 - - [04/Feb/2022:11:52:32 +0800] "GET /xingrg/all/function/internal_message.html?_=1643946749274&CODE_STATE=getMsg HTTP/1.1" 200 27
222.70.243.96 - - [04/Feb/2022:11:52:33 +0800] "GET /xingrg/all/function/internal_message.html?_=1643946767076&CODE_STATE=getMsg HTTP/1.1" 302 -
222.70.223.103 - - [04/Feb/2022:11:52:35 +0800] "GET /xingrg/all/function/internal_message.html?_=1643946750366&CODE_STATE=getMsg HTTP/1.1" 200 27
222.70.223.103 - - [04/Feb/2022:11:52:35 +0800] "GET /xingrg/check_reg.html?_=1643946750370 HTTP/1.1" 200 22
124.79.79.90 - - [04/Feb/2022:11:52:36 +0800] "GET /xingrg/kc/base/check_order_info.html?code=452022020300043 HTTP/1.1" 200 26440
124.79.79.90 - - [04/Feb/2022:11:52:36 +0800] "GET /xingrg/dwr/interface/AjaxComOrderService.js HTTP/1.1" 200 18264
124.79.79.90 - - [04/Feb/2022:11:52:36 +0800] "GET /xingrg/dwr/interface/AjaxCheckService.js HTTP/1.1" 200 14003
124.79.79.90 - - [04/Feb/2022:11:52:36 +0800] "GET /xingrg/dwr/engine.js HTTP/1.1" 200 43631
124.79.79.90 - - [04/Feb/2022:11:52:36 +0800] "POST /xingrg/dwr/call/plaincall/AjaxCheckService.loadOrderItems.dwr HTTP/1.1" 200 47899
222.70.243.96 - - [04/Feb/2022:11:52:36 +0800] "GET /xingrg/all/function/internal_message.html?_=1643946772020&CODE_STATE=getMsg HTTP/1.1" 200 27
180.152.99.39 - - [04/Feb/2022:11:52:37 +0800] "GET /xingrg/all/function/internal_message.html?_=1643946676195&CODE_STATE=getMsg HTTP/1.1" 200 27
58.39.168.32 - - [04/Feb/2022:11:52:39 +0800] "GET /xingrg/kc/base/wldb_order_operate.html?command=get_materiel&rest_code=00105&base_code=0010507&code=00101019184 HTTP/1.1" 200 444
124.79.79.90 - - [04/Feb/2022:11:52:44 +0800] "POST /xingrg/dwr/call/plaincall/AjaxCheckService.saveOrder.dwr HTTP/1.1" 200 78
124.79.79.90 - - [04/Feb/2022:11:52:46 +0800] "POST /xingrg/dwr/call/plaincall/AjaxCheckService.loadOrderItems.dwr HTTP/1.1" 200 47899
124.78.153.118 - - [04/Feb/2022:11:52:48 +0800] "GET /xingrg/all/function/internal_message.html?_=1643946767558&CODE_STATE=getMsg HTTP/1.1" 302 -
58.39.168.32 - - [04/Feb/2022:11:52:52 +0800] "GET /xingrg/kc/base/wldb_order_operate.html?command=get_materiel&rest_code=00105&base_code=0010507&code=00101019127 HTTP/1.1" 200 466
180.152.99.73 - - [04/Feb/2022:11:52:54 +0800] "POST /xingrg/kc/base/wldb_order_operate.html HTTP/1.1" 200 37
101.83.241.237 - - [04/Feb/2022:11:52:56 +0800] "GET /xingrg/all/function/internal_message.html?_=1643946770882&CODE_STATE=getMsg HTTP/1.1" 200 27
180.152.99.73 - - [04/Feb/2022:11:52:56 +0800] "POST /xingrg/kc/base/wldb_order_operate.html HTTP/1.1" 200 12
180.152.99.73 - - [04/Feb/2022:11:52:57 +0800] "POST /xingrg/kc/base/wldb_order_operate.html HTTP/1.1" 200 7501
180.152.99.73 - - [04/Feb/2022:11:53:00 +0800] "GET /xingrg/kc/base/wldb_order_info.html?code=422022020400362 HTTP/1.1" 200 26197
180.152.99.73 - - [04/Feb/2022:11:53:00 +0800] "GET /xingrg/javascript/easyui/themes/default/validatebox.css HTTP/1.1" 404 1104
180.152.99.73 - - [04/Feb/2022:11:53:00 +0800] "POST /xingrg/kc/base/wldb_order_operate.html HTTP/1.1" 200 5675
124.79.79.90 - - [04/Feb/2022:11:53:05 +0800] "POST /xingrg/dwr/call/plaincall/AjaxCheckService.setItemNumber.dwr HTTP/1.1" 200 76
124.79.79.90 - - [04/Feb/2022:11:53:06 +0800] "GET /xingrg/check_reg.html?_=1643946783666 HTTP/1.1" 200 22
124.79.79.90 - - [04/Feb/2022:11:53:06 +0800] "GET /xingrg/all/function/internal_message.html?_=1643946783669&CODE_STATE=getMsg HTTP/1.1" 200 27
58.39.168.32 - - [04/Feb/2022:11:53:06 +0800] "GET /xingrg/kc/base/wldb_order_operate.html?command=get_materiel&rest_code=00105&base_code=0010507&code=00101019058 HTTP/1.1" 200 454
124.78.153.118 - - [04/Feb/2022:11:53:07 +0800] "GET /xingrg/all/function/internal_message.html?_=1643946782541&CODE_STATE=getMsg HTTP/1.1" 200 27
180.152.99.73 - - [04/Feb/2022:11:53:07 +0800] "GET /xingrg/kc/base/wldb_order_add.html HTTP/1.1" 200 30318
180.152.99.73 - - [04/Feb/2022:11:53:08 +0800] "POST /xingrg/kc/base/wldb_order_operate.html HTTP/1.1" 200 6806
180.152.99.73 - - [04/Feb/2022:11:53:08 +0800] "GET /xingrg/javascript/easyui/themes/default/validatebox.css HTTP/1.1" 404 1104
180.162.112.109 - - [04/Feb/2022:11:53:12 +0800] "GET /xingrg/all/function/internal_message.html?_=1643946178755&CODE_STATE=getMsg HTTP/1.1" 200 27
180.162.112.109 - - [04/Feb/2022:11:53:12 +0800] "GET /xingrg/check_reg.html?_=1643946178752 HTTP/1.1" 200 22
58.39.168.32 - - [04/Feb/2022:11:53:17 +0800] "GET /xingrg/all/function/internal_message.html?_=1643946732245&CODE_STATE=getMsg HTTP/1.1" 200 27
180.157.251.97 - - [04/Feb/2022:11:53:19 +0800] "GET /xingrg/all/function/internal_message.html?_=1643946797117&CODE_STATE=getMsg HTTP/1.1" 200 27
124.79.79.90 - - [04/Feb/2022:11:53:19 +0800] "POST /xingrg/dwr/call/plaincall/AjaxCheckService.setItemNumber.dwr HTTP/1.1" 200 76
180.152.99.73 - - [04/Feb/2022:11:53:20 +0800] "GET /xingrg/kc/base/wldb_order_operate.html?command=get_materiel&rest_code=00150&base_code=0010446&code=00102002028 HTTP/1.1" 200 468
58.39.168.32 - - [04/Feb/2022:11:53:27 +0800] "GET /xingrg/all/function/internal_message.html?_=1643946804447&CODE_STATE=getMsg HTTP/1.1" 200 27
120.253.135.82 - - [04/Feb/2022:11:53:29 +0800] "GET /xingrg/check_reg.html?_=1643946598626 HTTP/1.1" 200 22
58.39.168.32 - - [04/Feb/2022:11:53:29 +0800] "GET /xingrg/kc/base/wldb_order_operate.html?command=get_materiel&rest_code=00105&base_code=0010507&code=00101019185 HTTP/1.1" 200 453
124.79.79.90 - - [04/Feb/2022:11:53:31 +0800] "POST /xingrg/dwr/call/plaincall/AjaxCheckService.setItemNumber.dwr HTTP/1.1" 200 76
120.253.135.82 - - [04/Feb/2022:11:53:31 +0800] "GET /xingrg/all/function/internal_message.html?_=1643946600982&CODE_STATE=getMsg HTTP/1.1" 200 27
180.152.99.73 - - [04/Feb/2022:11:53:32 +0800] "GET /xingrg/kc/base/wldb_order_operate.html?command=get_materiel&rest_code=00150&base_code=0010446&code=00102002940 HTTP/1.1" 200 433
101.85.120.86 - - [04/Feb/2022:11:53:32 +0800] "GET /xingrg/all/function/internal_message.html?_=1643946809275&CODE_STATE=getMsg HTTP/1.1" 200 27
222.70.243.96 - - [04/Feb/2022:11:53:33 +0800] "GET /xingrg/all/function/internal_message.html?_=1643946827128&CODE_STATE=getMsg HTTP/1.1" 302 -
222.70.223.103 - - [04/Feb/2022:11:53:35 +0800] "GET /xingrg/all/function/internal_message.html?_=1643946810367&CODE_STATE=getMsg HTTP/1.1" 200 27
222.70.243.96 - - [04/Feb/2022:11:53:36 +0800] "GET /xingrg/all/function/internal_message.html?_=1643946832022&CODE_STATE=getMsg HTTP/1.1" 200 27
180.152.99.39 - - [04/Feb/2022:11:53:37 +0800] "GET /xingrg/all/function/internal_message.html?_=1643946736208&CODE_STATE=getMsg HTTP/1.1" 200 27
124.78.153.118 - - [04/Feb/2022:11:53:48 +0800] "GET /xingrg/all/function/internal_message.html?_=1643946827559&CODE_STATE=getMsg HTTP/1.1" 302 -
124.79.79.90 - - [04/Feb/2022:11:53:51 +0800] "POST /xingrg/dwr/call/plaincall/AjaxCheckService.setItemNumber.dwr HTTP/1.1" 200 76
180.152.99.73 - - [04/Feb/2022:11:53:54 +0800] "GET /xingrg/kc/base/wldb_order_operate.html?command=get_materiel&rest_code=00150&base_code=0010446&code=00102002106 HTTP/1.1" 200 442
101.83.241.237 - - [04/Feb/2022:11:53:56 +0800] "GET /xingrg/all/function/internal_message.html?_=1643946830874&CODE_STATE=getMsg HTTP/1.1" 200 27
101.89.19.197 - - [04/Feb/2022:11:54:02 +0800] "GET /xingrg/all/function/internal_message.html?_=1643945336220&CODE_STATE=getMsg HTTP/1.1" 302 -
101.89.19.197 - - [04/Feb/2022:11:54:02 +0800] "GET /xingrg/login.html HTTP/1.1" 200 7641
124.79.79.90 - - [04/Feb/2022:11:54:06 +0800] "GET /xingrg/all/function/internal_message.html?_=1643946843662&CODE_STATE=getMsg HTTP/1.1" 200 27
180.152.99.73 - - [04/Feb/2022:11:54:06 +0800] "GET /xingrg/all/function/internal_message.html?_=1643946844246&CODE_STATE=getMsg HTTP/1.1" 200 27
124.78.153.118 - - [04/Feb/2022:11:54:07 +0800] "GET /xingrg/all/function/internal_message.html?_=1643946842539&CODE_STATE=getMsg HTTP/1.1" 200 27
58.39.168.32 - - [04/Feb/2022:11:54:08 +0800] "GET /xingrg/kc/base/wldb_order_operate.html?command=get_materiel&rest_code=00105&base_code=0010507&code=00101019253 HTTP/1.1" 200 468
180.162.112.109 - - [04/Feb/2022:11:54:12 +0800] "GET /xingrg/all/function/internal_message.html?_=1643946238762&CODE_STATE=getMsg HTTP/1.1" 200 27
124.79.79.90 - - [04/Feb/2022:11:54:12 +0800] "POST /xingrg/dwr/call/plaincall/AjaxCheckService.setItemNumber.dwr HTTP/1.1" 200 76
222.70.243.96 - - [04/Feb/2022:11:54:12 +0800] "GET /xingrg/check_reg.html?_=1643946865969 HTTP/1.1" 302 -
58.39.168.32 - - [04/Feb/2022:11:54:17 +0800] "GET /xingrg/all/function/internal_message.html?_=1643946792259&CODE_STATE=getMsg HTTP/1.1" 200 27
58.39.168.32 - - [04/Feb/2022:11:54:17 +0800] "GET /xingrg/check_reg.html?_=1643946792263 HTTP/1.1" 200 22
180.157.251.97 - - [04/Feb/2022:11:54:19 +0800] "GET /xingrg/all/function/internal_message.html?_=1643946857116&CODE_STATE=getMsg HTTP/1.1" 200 27
58.39.168.32 - - [04/Feb/2022:11:54:20 +0800] "GET /xingrg/kc/base/wldb_order_operate.html?command=get_materiel&rest_code=00105&base_code=0010507&code=00101019015 HTTP/1.1" 200 437
58.39.168.32 - - [04/Feb/2022:11:54:27 +0800] "GET /xingrg/all/function/internal_message.html?_=1643946864447&CODE_STATE=getMsg HTTP/1.1" 200 27
120.253.135.82 - - [04/Feb/2022:11:54:31 +0800] "GET /xingrg/all/function/internal_message.html?_=1643946660995&CODE_STATE=getMsg HTTP/1.1" 200 27
101.85.120.86 - - [04/Feb/2022:11:54:32 +0800] "GET /xingrg/all/function/internal_message.html?_=1643946869275&CODE_STATE=getMsg HTTP/1.1" 200 27
101.85.120.86 - - [04/Feb/2022:11:54:32 +0800] "GET /xingrg/check_reg.html?_=1643946869278 HTTP/1.1" 200 22
222.70.243.96 - - [04/Feb/2022:11:54:33 +0800] "GET /xingrg/all/function/internal_message.html?_=1643946887134&CODE_STATE=getMsg HTTP/1.1" 302 -
222.70.223.103 - - [04/Feb/2022:11:54:35 +0800] "GET /xingrg/all/function/internal_message.html?_=1643946870364&CODE_STATE=getMsg HTTP/1.1" 200 27
58.39.168.32 - - [04/Feb/2022:11:54:35 +0800] "GET /xingrg/kc/base/wldb_order_operate.html?command=get_materiel&rest_code=00105&base_code=0010507&code=00101013010 HTTP/1.1" 200 436
222.70.243.96 - - [04/Feb/2022:11:54:36 +0800] "GET /xingrg/all/function/internal_message.html?_=1643946892393&CODE_STATE=getMsg HTTP/1.1" 200 27
180.152.99.39 - - [04/Feb/2022:11:54:37 +0800] "GET /xingrg/all/function/internal_message.html?_=1643946796265&CODE_STATE=getMsg HTTP/1.1" 200 27
58.39.168.32 - - [04/Feb/2022:11:54:47 +0800] "POST /xingrg/kc/base/wldb_order_operate.html HTTP/1.1" 200 37
58.39.168.32 - - [04/Feb/2022:11:54:48 +0800] "POST /xingrg/kc/base/wldb_order_operate.html HTTP/1.1" 200 7188
124.78.153.118 - - [04/Feb/2022:11:54:48 +0800] "GET /xingrg/all/function/internal_message.html?_=1643946887559&CODE_STATE=getMsg HTTP/1.1" 302 -
58.39.168.32 - - [04/Feb/2022:11:54:49 +0800] "GET /xingrg/kc/base/wldb_order_info.html?code=422022020400363 HTTP/1.1" 200 30327
58.39.168.32 - - [04/Feb/2022:11:54:49 +0800] "GET /xingrg/javascript/easyui/themes/default/validatebox.css HTTP/1.1" 404 1104
58.39.168.32 - - [04/Feb/2022:11:54:50 +0800] "POST /xingrg/kc/base/wldb_order_operate.html HTTP/1.1" 200 7188
101.83.241.237 - - [04/Feb/2022:11:54:56 +0800] "GET /xingrg/all/function/internal_message.html?_=1643946890847&CODE_STATE=getMsg HTTP/1.1" 200 27
124.79.79.90 - - [04/Feb/2022:11:55:06 +0800] "GET /xingrg/all/function/internal_message.html?_=1643946903654&CODE_STATE=getMsg HTTP/1.1" 200 27
180.152.99.73 - - [04/Feb/2022:11:55:06 +0800] "GET /xingrg/check_reg.html?_=1643946904225 HTTP/1.1" 200 22
180.152.99.73 - - [04/Feb/2022:11:55:06 +0800] "GET /xingrg/all/function/internal_message.html?_=1643946904226&CODE_STATE=getMsg HTTP/1.1" 200 27
124.78.153.118 - - [04/Feb/2022:11:55:07 +0800] "GET /xingrg/all/function/internal_message.html?_=1643946902539&CODE_STATE=getMsg HTTP/1.1" 200 27
180.152.99.73 - - [04/Feb/2022:11:55:10 +0800] "POST /xingrg/kc/base/wldb_order_operate.html HTTP/1.1" 200 37
180.162.112.109 - - [04/Feb/2022:11:55:12 +0800] "GET /xingrg/all/function/internal_message.html?_=1643946298757&CODE_STATE=getMsg HTTP/1.1" 200 27
180.152.99.73 - - [04/Feb/2022:11:55:12 +0800] "POST /xingrg/kc/base/wldb_order_operate.html HTTP/1.1" 200 12
180.152.99.73 - - [04/Feb/2022:11:55:12 +0800] "POST /xingrg/kc/base/wldb_order_operate.html HTTP/1.1" 200 2220
180.152.99.73 - - [04/Feb/2022:11:55:13 +0800] "GET /xingrg/kc/base/wldb_order_info.html?code=422022020400364 HTTP/1.1" 200 26194
180.152.99.73 - - [04/Feb/2022:11:55:14 +0800] "GET /xingrg/javascript/easyui/themes/default/validatebox.css HTTP/1.1" 404 1104
180.152.99.73 - - [04/Feb/2022:11:55:14 +0800] "POST /xingrg/kc/base/wldb_order_operate.html HTTP/1.1" 200 512
180.152.99.73 - - [04/Feb/2022:11:55:16 +0800] "GET /xingrg/kc/base/wldb_order_add.html HTTP/1.1" 200 30318
180.152.99.73 - - [04/Feb/2022:11:55:16 +0800] "POST /xingrg/kc/base/wldb_order_operate.html HTTP/1.1" 200 6806
180.152.99.73 - - [04/Feb/2022:11:55:17 +0800] "GET /xingrg/javascript/easyui/themes/default/validatebox.css HTTP/1.1" 404 1104
58.39.168.32 - - [04/Feb/2022:11:55:17 +0800] "GET /xingrg/all/function/internal_message.html?_=1643946852249&CODE_STATE=getMsg HTTP/1.1" 200 27
58.39.168.32 - - [04/Feb/2022:11:55:19 +0800] "POST /xingrg/kc/base/wldb_order_operate.html HTTP/1.1" 200 37
180.157.251.97 - - [04/Feb/2022:11:55:19 +0800] "GET /xingrg/check_reg.html?_=1643946917133 HTTP/1.1" 200 22
180.157.251.97 - - [04/Feb/2022:11:55:19 +0800] "GET /xingrg/all/function/internal_message.html?_=1643946917131&CODE_STATE=getMsg HTTP/1.1" 200 27
58.39.168.32 - - [04/Feb/2022:11:55:19 +0800] "POST /xingrg/kc/base/wldb_order_operate.html HTTP/1.1" 200 7188
58.39.168.32 - - [04/Feb/2022:11:55:20 +0800] "GET /xingrg/kc/base/wldb_order_info.html?code=422022020400363 HTTP/1.1" 200 30327
58.39.168.32 - - [04/Feb/2022:11:55:20 +0800] "GET /xingrg/javascript/easyui/themes/default/validatebox.css HTTP/1.1" 404 1104
58.39.168.32 - - [04/Feb/2022:11:55:20 +0800] "POST /xingrg/kc/base/wldb_order_operate.html HTTP/1.1" 200 7188
222.70.243.96 - - [04/Feb/2022:11:55:24 +0800] "GET /xingrg/check_reg.html?_=1643946940270 HTTP/1.1" 200 22
180.152.99.73 - - [04/Feb/2022:11:55:26 +0800] "GET /xingrg/kc/base/wldb_order_operate.html?command=get_materiel&rest_code=00150&base_code=0010449&code=00101025014 HTTP/1.1" 200 463
58.39.168.32 - - [04/Feb/2022:11:55:27 +0800] "GET /xingrg/all/function/internal_message.html?_=1643946924447&CODE_STATE=getMsg HTTP/1.1" 200 27
58.39.168.32 - - [04/Feb/2022:11:55:30 +0800] "POST /xingrg/kc/base/wldb_list_operate.html HTTP/1.1" 200 4130
120.253.135.82 - - [04/Feb/2022:11:55:31 +0800] "GET /xingrg/all/function/internal_message.html?_=1643946721008&CODE_STATE=getMsg HTTP/1.1" 200 27
101.85.120.86 - - [04/Feb/2022:11:55:32 +0800] "GET /xingrg/all/function/internal_message.html?_=1643946929278&CODE_STATE=getMsg HTTP/1.1" 200 27
222.70.243.96 - - [04/Feb/2022:11:55:33 +0800] "GET /xingrg/all/function/internal_message.html?_=1643946947179&CODE_STATE=getMsg HTTP/1.1" 302 -
222.70.223.103 - - [04/Feb/2022:11:55:35 +0800] "GET /xingrg/all/function/internal_message.html?_=1643946930352&CODE_STATE=getMsg HTTP/1.1" 200 27
222.70.243.96 - - [04/Feb/2022:11:55:36 +0800] "GET /xingrg/all/function/internal_message.html?_=1643946952407&CODE_STATE=getMsg HTTP/1.1" 200 27
58.39.168.32 - - [04/Feb/2022:11:55:37 +0800] "GET /xingrg/kc/report/report_main.html HTTP/1.1" 200 7340
58.39.168.32 - - [04/Feb/2022:11:55:37 +0800] "GET /xingrg/javascript/jquery_ui/themes/humanity/humanity.css HTTP/1.1" 304 -
58.39.168.32 - - [04/Feb/2022:11:55:37 +0800] "GET /xingrg/javascript/jquery_easy_ui/themes/icons/back_new.png HTTP/1.1" 304 -
180.152.99.39 - - [04/Feb/2022:11:55:37 +0800] "GET /xingrg/all/function/internal_message.html?_=1643946856267&CODE_STATE=getMsg HTTP/1.1" 200 27
58.39.168.32 - - [04/Feb/2022:11:55:39 +0800] "GET /xingrg/kc/base/kc_stocks.html HTTP/1.1" 200 16437
58.39.168.32 - - [04/Feb/2022:11:55:39 +0800] "GET /xingrg/javascript/easyui/themes/sunny/easyui.css HTTP/1.1" 304 -
58.39.168.32 - - [04/Feb/2022:11:55:39 +0800] "GET /xingrg/javascript/easyui/themes/icons/refresh_new.png HTTP/1.1" 304 -
58.39.168.32 - - [04/Feb/2022:11:55:39 +0800] "GET /xingrg/javascript/easyui/themes/icons/filter_new.png HTTP/1.1" 304 -
58.39.168.32 - - [04/Feb/2022:11:55:39 +0800] "GET /xingrg/javascript/easyui/themes/icons/print_new.png HTTP/1.1" 304 -
180.152.99.73 - - [04/Feb/2022:11:55:39 +0800] "POST /xingrg/kc/base/wldb_order_operate.html HTTP/1.1" 200 37
58.39.168.32 - - [04/Feb/2022:11:55:39 +0800] "GET /xingrg/javascript/easyui/plugins/jquery.draggable.js HTTP/1.1" 304 -
58.39.168.32 - - [04/Feb/2022:11:55:39 +0800] "GET /xingrg/javascript/easyui/plugins/jquery.droppable.js HTTP/1.1" 304 -
58.39.168.32 - - [04/Feb/2022:11:55:39 +0800] "GET /xingrg/javascript/easyui/themes/default/tree.css HTTP/1.1" 404 1090
58.39.168.32 - - [04/Feb/2022:11:55:40 +0800] "GET /xingrg/javascript/easyui/plugins/jquery.tree.js HTTP/1.1" 304 -
58.39.168.32 - - [04/Feb/2022:11:55:40 +0800] "POST /xingrg/all/common/load_tree.html?tree=materiel_sort_tree_json HTTP/1.1" 200 9388
58.39.168.32 - - [04/Feb/2022:11:55:40 +0800] "GET /xingrg/javascript/easyui/themes/sunny/images/tree_folder_open.gif HTTP/1.1" 304 -
58.39.168.32 - - [04/Feb/2022:11:55:40 +0800] "GET /xingrg/javascript/easyui/themes/sunny/images/tree_arrows.gif HTTP/1.1" 304 -
58.39.168.32 - - [04/Feb/2022:11:55:40 +0800] "GET /xingrg/javascript/easyui/themes/sunny/images/tree_folder.gif HTTP/1.1" 304 -
58.39.168.32 - - [04/Feb/2022:11:55:40 +0800] "GET /xingrg/javascript/easyui/themes/sunny/images/tree_file.gif HTTP/1.1" 304 -
124.79.79.90 - - [04/Feb/2022:11:55:41 +0800] "POST /xingrg/dwr/call/plaincall/AjaxCheckService.setItemNumber.dwr HTTP/1.1" 200 76
180.152.99.73 - - [04/Feb/2022:11:55:41 +0800] "POST /xingrg/kc/base/wldb_order_operate.html HTTP/1.1" 200 12
180.152.99.73 - - [04/Feb/2022:11:55:42 +0800] "POST /xingrg/kc/base/wldb_order_operate.html HTTP/1.1" 200 2209
180.152.99.73 - - [04/Feb/2022:11:55:42 +0800] "GET /xingrg/kc/base/wldb_order_info.html?code=422022020400365 HTTP/1.1" 200 26197
180.152.99.73 - - [04/Feb/2022:11:55:43 +0800] "GET /xingrg/javascript/easyui/themes/default/validatebox.css HTTP/1.1" 404 1104
180.152.99.73 - - [04/Feb/2022:11:55:43 +0800] "POST /xingrg/kc/base/wldb_order_operate.html HTTP/1.1" 200 504
58.39.168.32 - - [04/Feb/2022:11:55:43 +0800] "GET /xingrg/javascript/easyui/themes/sunny/images/ui-bg_gloss-wave_60_fece2f_500x100.png HTTP/1.1" 304 -
58.39.168.32 - - [04/Feb/2022:11:55:45 +0800] "GET /xingrg/javascript/easyui/themes/sunny/images/ui-bg_gloss-wave_70_ffdd57_500x100.png HTTP/1.1" 304 -
58.39.168.32 - - [04/Feb/2022:11:55:46 +0800] "POST /xingrg/kc/base/stock_operate.html HTTP/1.1" 200 4202
58.39.168.32 - - [04/Feb/2022:11:55:46 +0800] "GET /xingrg/javascript/jquery_tools/fix_table.js HTTP/1.1" 304 -
124.78.153.118 - - [04/Feb/2022:11:55:48 +0800] "GET /xingrg/all/function/internal_message.html?_=1643946947559&CODE_STATE=getMsg HTTP/1.1" 302 -
58.39.168.32 - - [04/Feb/2022:11:55:51 +0800] "GET /xingrg/javascript/auto/indicator.gif HTTP/1.1" 404 1066
101.83.241.237 - - [04/Feb/2022:11:55:56 +0800] "GET /xingrg/all/function/internal_message.html?_=1643946950816&CODE_STATE=getMsg HTTP/1.1" 200 27
124.79.79.90 - - [04/Feb/2022:11:55:57 +0800] "POST /xingrg/dwr/call/plaincall/AjaxCheckService.setItemNumber.dwr HTTP/1.1" 200 76
61.151.178.163 - - [04/Feb/2022:11:55:58 +0800] "GET /xingrg/all/function/internal_message.html?_=1643946842539&CODE_STATE=getMsg HTTP/1.1" 302 -
58.39.168.32 - - [04/Feb/2022:11:55:58 +0800] "POST /xingrg/kc/base/stock_operate.html HTTP/1.1" 200 3978
61.151.178.163 - - [04/Feb/2022:11:55:59 +0800] "GET /xingrg/login.html HTTP/1.1" 200 7641
124.79.79.90 - - [04/Feb/2022:11:56:00 +0800] "POST /xingrg/dwr/call/plaincall/AjaxCheckService.setItemNumber.dwr HTTP/1.1" 200 77
124.78.153.118 - - [04/Feb/2022:11:56:03 +0800] "POST /xingrg/services/DataTransmitService HTTP/1.1" 200 524
124.78.153.118 - - [04/Feb/2022:11:56:04 +0800] "POST /xingrg/services/DataTransmitService HTTP/1.1" 200 412
124.79.79.90 - - [04/Feb/2022:11:56:06 +0800] "GET /xingrg/all/function/internal_message.html?_=1643946963659&CODE_STATE=getMsg HTTP/1.1" 200 27
180.152.99.73 - - [04/Feb/2022:11:56:06 +0800] "GET /xingrg/all/function/internal_message.html?_=1643946964209&CODE_STATE=getMsg HTTP/1.1" 200 27
124.78.153.118 - - [04/Feb/2022:11:56:07 +0800] "GET /xingrg/all/function/internal_message.html?_=1643946962538&CODE_STATE=getMsg HTTP/1.1" 200 27
114.88.155.114 - - [04/Feb/2022:11:56:08 +0800] "GET /xingrg/check_reg.html?_=1643946755497 HTTP/1.1" 302 -
114.88.155.114 - - [04/Feb/2022:11:56:08 +0800] "GET /xingrg/login.html HTTP/1.1" 200 7641
58.39.168.32 - - [04/Feb/2022:11:56:10 +0800] "POST /xingrg/kc/base/stock_operate.html HTTP/1.1" 200 3397
180.162.112.109 - - [04/Feb/2022:11:56:12 +0800] "GET /xingrg/all/function/internal_message.html?_=1643946358761&CODE_STATE=getMsg HTTP/1.1" 200 27
124.79.79.90 - - [04/Feb/2022:11:56:14 +0800] "POST /xingrg/dwr/call/plaincall/AjaxCheckService.setItemNumber.dwr HTTP/1.1" 200 77
58.39.168.32 - - [04/Feb/2022:11:56:17 +0800] "GET /xingrg/all/function/internal_message.html?_=1643946912258&CODE_STATE=getMsg HTTP/1.1" 200 27
180.157.251.97 - - [04/Feb/2022:11:56:19 +0800] "GET /xingrg/all/function/internal_message.html?_=1643946977117&CODE_STATE=getMsg HTTP/1.1" 200 27
124.79.79.90 - - [04/Feb/2022:11:56:19 +0800] "POST /xingrg/dwr/call/plaincall/AjaxCheckService.setItemNumber.dwr HTTP/1.1" 200 77
58.39.168.32 - - [04/Feb/2022:11:56:20 +0800] "POST /xingrg/kc/base/stock_operate.html HTTP/1.1" 200 3978
58.39.168.32 - - [04/Feb/2022:11:56:27 +0800] "GET /xingrg/all/function/internal_message.html?_=1643946984448&CODE_STATE=getMsg HTTP/1.1" 200 27
58.39.168.32 - - [04/Feb/2022:11:56:27 +0800] "GET /xingrg/check_reg.html?_=1643946984451 HTTP/1.1" 200 22
120.253.135.82 - - [04/Feb/2022:11:56:31 +0800] "GET /xingrg/all/function/internal_message.html?_=1643946781040&CODE_STATE=getMsg HTTP/1.1" 200 27
101.85.120.86 - - [04/Feb/2022:11:56:32 +0800] "GET /xingrg/all/function/internal_message.html?_=1643946989304&CODE_STATE=getMsg HTTP/1.1" 200 27
222.70.243.96 - - [04/Feb/2022:11:56:33 +0800] "GET /xingrg/all/function/internal_message.html?_=1643947007192&CODE_STATE=getMsg HTTP/1.1" 302 -
222.70.223.103 - - [04/Feb/2022:11:56:35 +0800] "GET /xingrg/all/function/internal_message.html?_=1643946990368&CODE_STATE=getMsg HTTP/1.1" 200 27
124.79.79.90 - - [04/Feb/2022:11:56:35 +0800] "POST /xingrg/dwr/call/plaincall/AjaxCheckService.setItemNumber.dwr HTTP/1.1" 200 77
222.70.243.96 - - [04/Feb/2022:11:56:36 +0800] "GET /xingrg/all/function/internal_message.html?_=1643947012421&CODE_STATE=getMsg HTTP/1.1" 200 27
180.152.99.39 - - [04/Feb/2022:11:56:37 +0800] "GET /xingrg/all/function/internal_message.html?_=1643946916331&CODE_STATE=getMsg HTTP/1.1" 200 27
180.152.99.39 - - [04/Feb/2022:11:56:50 +0800] "GET /xingrg/check_reg.html?_=1643946928839 HTTP/1.1" 200 22
101.83.241.237 - - [04/Feb/2022:11:56:56 +0800] "GET /xingrg/all/function/internal_message.html?_=1643947010802&CODE_STATE=getMsg HTTP/1.1" 200 27
101.83.241.237 - - [04/Feb/2022:11:56:57 +0800] "GET /xingrg/check_reg.html?_=1643947011487 HTTP/1.1" 200 22
124.79.79.90 - - [04/Feb/2022:11:57:06 +0800] "GET /xingrg/all/function/internal_message.html?_=1643947023658&CODE_STATE=getMsg HTTP/1.1" 200 27
180.152.99.73 - - [04/Feb/2022:11:57:06 +0800] "GET /xingrg/all/function/internal_message.html?_=1643947024307&CODE_STATE=getMsg HTTP/1.1" 200 27
61.151.178.165 - - [04/Feb/2022:11:57:06 +0800] "GET /xingrg/all/function/internal_message.html?_=1643946962538&CODE_STATE=getMsg HTTP/1.1" 302 -
124.78.153.118 - - [04/Feb/2022:11:57:07 +0800] "GET /xingrg/all/function/internal_message.html?_=1643947022538&CODE_STATE=getMsg HTTP/1.1" 200 27
124.78.153.118 - - [04/Feb/2022:11:57:07 +0800] "GET /xingrg/check_reg.html?_=1643947022540 HTTP/1.1" 200 22
61.151.178.165 - - [04/Feb/2022:11:57:08 +0800] "GET /xingrg/login.html HTTP/1.1" 200 7641
124.79.79.90 - - [04/Feb/2022:11:57:08 +0800] "POST /xingrg/dwr/call/plaincall/AjaxCheckService.setItemNumber.dwr HTTP/1.1" 200 77
124.79.79.90 - - [04/Feb/2022:11:57:11 +0800] "POST /xingrg/dwr/call/plaincall/AjaxCheckService.setItemNumber.dwr HTTP/1.1" 200 77
180.162.112.109 - - [04/Feb/2022:11:57:12 +0800] "GET /xingrg/all/function/internal_message.html?_=1643946418755&CODE_STATE=getMsg HTTP/1.1" 200 27
124.79.79.90 - - [04/Feb/2022:11:57:15 +0800] "POST /xingrg/dwr/call/plaincall/AjaxCheckService.setItemNumber.dwr HTTP/1.1" 200 77
58.39.168.32 - - [04/Feb/2022:11:57:17 +0800] "GET /xingrg/all/function/internal_message.html?_=1643946972254&CODE_STATE=getMsg HTTP/1.1" 200 27
61.151.179.84 - - [04/Feb/2022:11:57:18 +0800] "GET /xingrg/all/function/internal_message.html?_=1643946722542&CODE_STATE=getMsg HTTP/1.1" 302 -
61.151.179.84 - - [04/Feb/2022:11:57:18 +0800] "GET /xingrg/login.html HTTP/1.1" 200 7641
180.157.251.97 - - [04/Feb/2022:11:57:19 +0800] "GET /xingrg/all/function/internal_message.html?_=1643947037116&CODE_STATE=getMsg HTTP/1.1" 200 27
124.79.79.90 - - [04/Feb/2022:11:57:22 +0800] "POST /xingrg/dwr/call/plaincall/AjaxCheckService.setItemNumber.dwr HTTP/1.1" 200 77
58.39.168.32 - - [04/Feb/2022:11:57:27 +0800] "GET /xingrg/all/function/internal_message.html?_=1643947044450&CODE_STATE=getMsg HTTP/1.1" 200 27
120.253.135.82 - - [04/Feb/2022:11:57:31 +0800] "GET /xingrg/all/function/internal_message.html?_=1643946841052&CODE_STATE=getMsg HTTP/1.1" 200 27
101.85.120.86 - - [04/Feb/2022:11:57:32 +0800] "GET /xingrg/all/function/internal_message.html?_=1643947049304&CODE_STATE=getMsg HTTP/1.1" 200 27
222.70.243.96 - - [04/Feb/2022:11:57:33 +0800] "GET /xingrg/all/function/internal_message.html?_=1643947067238&CODE_STATE=getMsg HTTP/1.1" 302 -
222.70.223.103 - - [04/Feb/2022:11:57:35 +0800] "GET /xingrg/all/function/internal_message.html?_=1643947050367&CODE_STATE=getMsg HTTP/1.1" 200 27
222.70.223.103 - - [04/Feb/2022:11:57:35 +0800] "GET /xingrg/check_reg.html?_=1643947050370 HTTP/1.1" 200 22
222.70.243.96 - - [04/Feb/2022:11:57:37 +0800] "GET /xingrg/all/function/internal_message.html?_=1643947072797&CODE_STATE=getMsg HTTP/1.1" 200 27
180.152.99.39 - - [04/Feb/2022:11:57:37 +0800] "GET /xingrg/all/function/internal_message.html?_=1643946976341&CODE_STATE=getMsg HTTP/1.1" 200 27
101.83.241.237 - - [04/Feb/2022:11:57:56 +0800] "GET /xingrg/all/function/internal_message.html?_=1643947070785&CODE_STATE=getMsg HTTP/1.1" 200 27
180.152.99.73 - - [04/Feb/2022:11:57:57 +0800] "GET /xingrg/kc/base/yddb_order_list.html HTTP/1.1" 200 16710
180.152.99.73 - - [04/Feb/2022:11:57:57 +0800] "POST /xingrg/kc/base/yddb_list_operate.html HTTP/1.1" 200 636
180.152.99.73 - - [04/Feb/2022:11:58:00 +0800] "POST /xingrg/kc/base/yddb_list_operate.html HTTP/1.1" 200 4475
180.152.99.73 - - [04/Feb/2022:11:58:03 +0800] "POST /xingrg/kc/base/yddb_list_operate.html HTTP/1.1" 200 207
124.79.79.90 - - [04/Feb/2022:11:58:06 +0800] "GET /xingrg/all/function/internal_message.html?_=1643947083657&CODE_STATE=getMsg HTTP/1.1" 200 27
124.79.79.90 - - [04/Feb/2022:11:58:06 +0800] "GET /xingrg/check_reg.html?_=1643947083662 HTTP/1.1" 200 22
180.152.99.73 - - [04/Feb/2022:11:58:06 +0800] "GET /xingrg/all/function/internal_message.html?_=1643947084158&CODE_STATE=getMsg HTTP/1.1" 200 27
124.78.153.118 - - [04/Feb/2022:11:58:07 +0800] "GET /xingrg/all/function/internal_message.html?_=1643947082540&CODE_STATE=getMsg HTTP/1.1" 200 27
180.152.99.73 - - [04/Feb/2022:11:58:10 +0800] "POST /xingrg/kc/base/yddb_list_operate.html HTTP/1.1" 200 277
180.162.112.109 - - [04/Feb/2022:11:58:12 +0800] "GET /xingrg/all/function/internal_message.html?_=1643946478762&CODE_STATE=getMsg HTTP/1.1" 200 27
180.162.112.109 - - [04/Feb/2022:11:58:12 +0800] "GET /xingrg/check_reg.html?_=1643946478759 HTTP/1.1" 200 22
61.151.178.164 - - [04/Feb/2022:11:58:12 +0800] "GET /xingrg/all/function/internal_message.html?_=1643946902539&CODE_STATE=getMsg HTTP/1.1" 302 -
61.151.178.164 - - [04/Feb/2022:11:58:13 +0800] "GET /xingrg/login.html HTTP/1.1" 200 7641
180.152.99.73 - - [04/Feb/2022:11:58:14 +0800] "POST /xingrg/kc/base/yddb_list_operate.html HTTP/1.1" 200 277
58.39.168.32 - - [04/Feb/2022:11:58:17 +0800] "GET /xingrg/all/function/internal_message.html?_=1643947032254&CODE_STATE=getMsg HTTP/1.1" 200 27
180.157.251.97 - - [04/Feb/2022:11:58:19 +0800] "GET /xingrg/all/function/internal_message.html?_=1643947097131&CODE_STATE=getMsg HTTP/1.1" 200 27
58.39.168.32 - - [04/Feb/2022:11:58:27 +0800] "GET /xingrg/all/function/internal_message.html?_=1643947104450&CODE_STATE=getMsg HTTP/1.1" 200 27
120.253.135.82 - - [04/Feb/2022:11:58:29 +0800] "GET /xingrg/check_reg.html?_=1643946898645 HTTP/1.1" 200 22
120.253.135.82 - - [04/Feb/2022:11:58:31 +0800] "GET /xingrg/all/function/internal_message.html?_=1643946901065&CODE_STATE=getMsg HTTP/1.1" 200 27
101.85.120.86 - - [04/Feb/2022:11:58:32 +0800] "GET /xingrg/all/function/internal_message.html?_=1643947109304&CODE_STATE=getMsg HTTP/1.1" 200 27
222.70.243.96 - - [04/Feb/2022:11:58:33 +0800] "GET /xingrg/all/function/internal_message.html?_=1643947127251&CODE_STATE=getMsg HTTP/1.1" 302 -
222.70.223.103 - - [04/Feb/2022:11:58:35 +0800] "GET /xingrg/all/function/internal_message.html?_=1643947110363&CODE_STATE=getMsg HTTP/1.1" 200 27
222.70.243.96 - - [04/Feb/2022:11:58:37 +0800] "GET /xingrg/all/function/internal_message.html?_=1643947132807&CODE_STATE=getMsg HTTP/1.1" 200 27
180.152.99.39 - - [04/Feb/2022:11:58:37 +0800] "GET /xingrg/all/function/internal_message.html?_=1643947036354&CODE_STATE=getMsg HTTP/1.1" 200 27
101.83.241.237 - - [04/Feb/2022:11:58:56 +0800] "GET /xingrg/all/function/internal_message.html?_=1643947130756&CODE_STATE=getMsg HTTP/1.1" 200 27
124.78.153.118 - - [04/Feb/2022:11:58:56 +0800] "GET /xingrg/kc/base/base_main.html HTTP/1.1" 200 12142
124.78.153.118 - - [04/Feb/2022:11:58:57 +0800] "GET /xingrg/kc/base/wldb_order_list.html HTTP/1.1" 200 19098
124.78.153.118 - - [04/Feb/2022:11:58:58 +0800] "POST /xingrg/kc/base/wldb_list_operate.html HTTP/1.1" 200 4574
124.78.153.118 - - [04/Feb/2022:11:59:00 +0800] "GET /xingrg/kc/base/wldb_order_add.html HTTP/1.1" 200 30316
124.78.153.118 - - [04/Feb/2022:11:59:01 +0800] "POST /xingrg/kc/base/wldb_order_operate.html HTTP/1.1" 200 6806
124.78.153.118 - - [04/Feb/2022:11:59:01 +0800] "GET /xingrg/all/common/auto_word.html?type=base&rest_code=00106 HTTP/1.1" 200 1849
124.78.153.118 - - [04/Feb/2022:11:59:01 +0800] "GET /xingrg/all/common/auto_word.html?type=base&rest_code=00106 HTTP/1.1" 200 1849
124.78.153.118 - - [04/Feb/2022:11:59:01 +0800] "GET /xingrg/javascript/easyui/themes/default/validatebox.css HTTP/1.1" 404 1104
124.78.153.118 - - [04/Feb/2022:11:59:01 +0800] "POST /xingrg/all/common/load_combo.html?type=base HTTP/1.1" 200 3315
124.78.153.118 - - [04/Feb/2022:11:59:05 +0800] "POST /xingrg/all/common/load_combo.html?type=base HTTP/1.1" 200 3315
124.79.79.90 - - [04/Feb/2022:11:59:06 +0800] "GET /xingrg/all/function/internal_message.html?_=1643947143665&CODE_STATE=getMsg HTTP/1.1" 200 27
180.152.99.73 - - [04/Feb/2022:11:59:06 +0800] "GET /xingrg/all/function/internal_message.html?_=1643947144131&CODE_STATE=getMsg HTTP/1.1" 200 27
101.89.19.197 - - [04/Feb/2022:11:59:06 +0800] "GET /xingrg/all/function/internal_message.html?_=1643947082540&CODE_STATE=getMsg HTTP/1.1" 302 -
124.78.153.118 - - [04/Feb/2022:11:59:07 +0800] "GET /xingrg/all/function/internal_message.html?_=1643947142543&CODE_STATE=getMsg HTTP/1.1" 200 27
101.89.19.197 - - [04/Feb/2022:11:59:07 +0800] "GET /xingrg/login.html HTTP/1.1" 200 7641
124.78.153.118 - - [04/Feb/2022:11:59:12 +0800] "GET /xingrg/javascript/auto/indicator.gif HTTP/1.1" 404 1066
180.162.112.109 - - [04/Feb/2022:11:59:12 +0800] "GET /xingrg/all/function/internal_message.html?_=1643946538790&CODE_STATE=getMsg HTTP/1.1" 200 27
222.70.243.96 - - [04/Feb/2022:11:59:12 +0800] "GET /xingrg/check_reg.html?_=1643947166001 HTTP/1.1" 302 -
124.78.153.118 - - [04/Feb/2022:11:59:14 +0800] "GET /xingrg/kc/base/wldb_order_operate.html?command=get_materiel&rest_code=00106&base_code=0010397&code=00102002238 HTTP/1.1" 200 434
58.39.168.32 - - [04/Feb/2022:11:59:17 +0800] "GET /xingrg/all/function/internal_message.html?_=1643947092257&CODE_STATE=getMsg HTTP/1.1" 200 27
58.39.168.32 - - [04/Feb/2022:11:59:17 +0800] "GET /xingrg/check_reg.html?_=1643947092260 HTTP/1.1" 200 22
180.157.251.97 - - [04/Feb/2022:11:59:19 +0800] "GET /xingrg/all/function/internal_message.html?_=1643947157116&CODE_STATE=getMsg HTTP/1.1" 200 27
124.78.153.118 - - [04/Feb/2022:11:59:19 +0800] "POST /xingrg/kc/base/wldb_order_operate.html HTTP/1.1" 200 37
124.78.153.118 - - [04/Feb/2022:11:59:20 +0800] "POST /xingrg/kc/base/wldb_order_operate.html HTTP/1.1" 200 2181
124.78.153.118 - - [04/Feb/2022:11:59:20 +0800] "GET /xingrg/kc/base/wldb_order_info.html?code=422022020400366 HTTP/1.1" 200 30329
124.78.153.118 - - [04/Feb/2022:11:59:21 +0800] "GET /xingrg/javascript/easyui/themes/default/validatebox.css HTTP/1.1" 404 1104
124.78.153.118 - - [04/Feb/2022:11:59:21 +0800] "POST /xingrg/kc/base/wldb_order_operate.html HTTP/1.1" 200 2181
58.39.168.32 - - [04/Feb/2022:11:59:27 +0800] "GET /xingrg/all/function/internal_message.html?_=1643947164450&CODE_STATE=getMsg HTTP/1.1" 200 27
120.253.135.82 - - [04/Feb/2022:11:59:31 +0800] "GET /xingrg/all/function/internal_message.html?_=1643946961079&CODE_STATE=getMsg HTTP/1.1" 200 27
101.85.120.86 - - [04/Feb/2022:11:59:32 +0800] "GET /xingrg/check_reg.html?_=1643947169304 HTTP/1.1" 200 22
101.85.120.86 - - [04/Feb/2022:11:59:32 +0800] "GET /xingrg/all/function/internal_message.html?_=1643947169307&CODE_STATE=getMsg HTTP/1.1" 200 27
222.70.243.96 - - [04/Feb/2022:11:59:33 +0800] "GET /xingrg/all/function/internal_message.html?_=1643947187292&CODE_STATE=getMsg HTTP/1.1" 302 -
222.70.223.103 - - [04/Feb/2022:11:59:35 +0800] "GET /xingrg/all/function/internal_message.html?_=1643947170357&CODE_STATE=getMsg HTTP/1.1" 200 27
222.70.243.96 - - [04/Feb/2022:11:59:37 +0800] "GET /xingrg/all/function/internal_message.html?_=1643947193166&CODE_STATE=getMsg HTTP/1.1" 200 27
180.152.99.39 - - [04/Feb/2022:11:59:37 +0800] "GET /xingrg/all/function/internal_message.html?_=1643947096410&CODE_STATE=getMsg HTTP/1.1" 200 27
101.83.241.237 - - [04/Feb/2022:11:59:56 +0800] "GET /xingrg/all/function/internal_message.html?_=1643947190747&CODE_STATE=getMsg HTTP/1.1" 200 27
61.151.178.163 - - [04/Feb/2022:12:00:00 +0800] "GET /xingrg/kc/base/wldb_order_add.html HTTP/1.1" 302 -
61.151.178.163 - - [04/Feb/2022:12:00:01 +0800] "GET /xingrg/login.html HTTP/1.1" 200 7641
124.79.79.90 - - [04/Feb/2022:12:00:06 +0800] "GET /xingrg/all/function/internal_message.html?_=1643947203659&CODE_STATE=getMsg HTTP/1.1" 200 27
180.152.99.73 - - [04/Feb/2022:12:00:06 +0800] "GET /xingrg/all/function/internal_message.html?_=1643947204113&CODE_STATE=getMsg HTTP/1.1" 200 27
180.152.99.73 - - [04/Feb/2022:12:00:06 +0800] "GET /xingrg/check_reg.html?_=1643947204259 HTTP/1.1" 200 22
124.78.153.118 - - [04/Feb/2022:12:00:07 +0800] "GET /xingrg/all/function/internal_message.html?_=1643947202582&CODE_STATE=getMsg HTTP/1.1" 200 27
180.162.112.109 - - [04/Feb/2022:12:00:12 +0800] "GET /xingrg/all/function/internal_message.html?_=1643946598779&CODE_STATE=getMsg HTTP/1.1" 200 27
58.39.168.32 - - [04/Feb/2022:12:00:17 +0800] "GET /xingrg/all/function/internal_message.html?_=1643947152245&CODE_STATE=getMsg HTTP/1.1" 200 27
61.151.178.164 - - [04/Feb/2022:12:00:17 +0800] "GET /xingrg/all/report/report_query.html?isQuery=1&fileName=kc/buy/wlcg_cate_hz.xml&queryString=(CONVERT(char(10)%2Ca.order_time%2C%20120)%3E%3D'2022-01-01')%20and%20(CONVERT(char(10)%2Ca.order_time%2C%20120)%3C%3D'2022-01-31')%20and%20(a.supplier_code%20in%20('00100022'))%20and%20(a.supplier_code%3D'00100022')&queryText=%E3%80%90%E9%87%87%E8%B4%AD%E6%97%A5%E6%9C%9F%3A2022-01-01%20%E8%87%B3%202022-01-31%E3%80%91%20%E5%B9%B6%E4%B8%94%20%20%E3%80%90%E4%BE%9B%E5%BA%94%E5%95%86%20%3D%20%E6%B0%B4%E6%9E%9C%EF%BC%88%E7%BD%97%E5%B1%95%EF%BC%89%E3%80%91%20%E5%B9%B6%E4%B8%94%20%E3%80%90%E4%BE%9B%E5%BA%94%E5%95%86%3D%E6%B0%B4%E6%9E%9C%EF%BC%88%E7%BD%97%E5%B1%95%EF%BC%89%E3%80%91 HTTP/1.1" 302 -
61.151.178.164 - - [04/Feb/2022:12:00:19 +0800] "GET /xingrg/login.html HTTP/1.1" 200 7641
180.157.251.97 - - [04/Feb/2022:12:00:19 +0800] "GET /xingrg/all/function/internal_message.html?_=1643947217131&CODE_STATE=getMsg HTTP/1.1" 200 27
180.157.251.97 - - [04/Feb/2022:12:00:19 +0800] "GET /xingrg/check_reg.html?_=1643947217133 HTTP/1.1" 200 22
222.70.243.96 - - [04/Feb/2022:12:00:24 +0800] "GET /xingrg/check_reg.html?_=1643947240277 HTTP/1.1" 200 22
58.39.168.32 - - [04/Feb/2022:12:00:27 +0800] "GET /xingrg/all/function/internal_message.html?_=1643947224477&CODE_STATE=getMsg HTTP/1.1" 200 27
120.253.135.82 - - [04/Feb/2022:12:00:31 +0800] "GET /xingrg/all/function/internal_message.html?_=1643947021092&CODE_STATE=getMsg HTTP/1.1" 200 27
101.85.120.86 - - [04/Feb/2022:12:00:32 +0800] "GET /xingrg/all/function/internal_message.html?_=1643947229307&CODE_STATE=getMsg HTTP/1.1" 200 27
222.70.243.96 - - [04/Feb/2022:12:00:33 +0800] "GET /xingrg/all/function/internal_message.html?_=1643947247294&CODE_STATE=getMsg HTTP/1.1" 302 -
222.70.223.103 - - [04/Feb/2022:12:00:35 +0800] "GET /xingrg/all/function/internal_message.html?_=1643947230366&CODE_STATE=getMsg HTTP/1.1" 200 27
222.70.243.96 - - [04/Feb/2022:12:00:37 +0800] "GET /xingrg/all/function/internal_message.html?_=1643947253177&CODE_STATE=getMsg HTTP/1.1" 200 27
180.152.99.39 - - [04/Feb/2022:12:00:37 +0800] "GET /xingrg/all/function/internal_message.html?_=1643947156413&CODE_STATE=getMsg HTTP/1.1" 200 27
61.151.178.177 - - [04/Feb/2022:12:00:40 +0800] "GET /xingrg/kc/base/wldb_order_operate.html?command=get_materiel&rest_code=00106&base_code=0010397&code=00102002238 HTTP/1.1" 302 -
61.151.178.177 - - [04/Feb/2022:12:00:40 +0800] "GET /xingrg/login.html HTTP/1.1" 200 7641
101.83.241.237 - - [04/Feb/2022:12:00:56 +0800] "GET /xingrg/all/function/internal_message.html?_=1643947250721&CODE_STATE=getMsg HTTP/1.1" 200 27
180.152.99.73 - - [04/Feb/2022:12:01:06 +0800] "GET /xingrg/all/function/internal_message.html?_=1643947264088&CODE_STATE=getMsg HTTP/1.1" 200 27
124.79.79.90 - - [04/Feb/2022:12:01:06 +0800] "GET /xingrg/all/function/internal_message.html?_=1643947263661&CODE_STATE=getMsg HTTP/1.1" 200 27
124.78.153.118 - - [04/Feb/2022:12:01:07 +0800] "POST /xingrg/kc/base/wldb_order_operate.html HTTP/1.1" 200 37
124.78.153.118 - - [04/Feb/2022:12:01:07 +0800] "POST /xingrg/kc/base/wldb_order_operate.html HTTP/1.1" 200 2181
114.88.155.114 - - [04/Feb/2022:12:01:07 +0800] "GET /xingrg/check_reg.html?_=1643947055500 HTTP/1.1" 302 -
124.78.153.118 - - [04/Feb/2022:12:01:11 +0800] "GET /xingrg/kc/base/wldb_order_info.html?code=422022020400366 HTTP/1.1" 200 30329
124.78.153.118 - - [04/Feb/2022:12:01:11 +0800] "GET /xingrg/javascript/easyui/themes/default/validatebox.css HTTP/1.1" 404 1104
180.162.112.109 - - [04/Feb/2022:12:01:12 +0800] "GET /xingrg/all/function/internal_message.html?_=1643946658788&CODE_STATE=getMsg HTTP/1.1" 200 27
124.78.153.118 - - [04/Feb/2022:12:01:12 +0800] "POST /xingrg/kc/base/wldb_order_operate.html HTTP/1.1" 200 2181
61.151.178.249 - - [04/Feb/2022:12:01:13 +0800] "GET /xingrg/check_reg.html?_=1643947022540 HTTP/1.1" 302 -
61.151.178.249 - - [04/Feb/2022:12:01:15 +0800] "GET /xingrg/login.html HTTP/1.1" 200 7641
58.39.168.32 - - [04/Feb/2022:12:01:17 +0800] "GET /xingrg/all/function/internal_message.html?_=1643947212246&CODE_STATE=getMsg HTTP/1.1" 200 27
180.157.251.97 - - [04/Feb/2022:12:01:19 +0800] "GET /xingrg/all/function/internal_message.html?_=1643947277117&CODE_STATE=getMsg HTTP/1.1" 200 27
61.151.178.197 - - [04/Feb/2022:12:01:26 +0800] "GET /xingrg/kc/base/wldb_order_list.html HTTP/1.1" 302 -
58.39.168.32 - - [04/Feb/2022:12:01:27 +0800] "GET /xingrg/check_reg.html?_=1643947284476 HTTP/1.1" 200 22
58.39.168.32 - - [04/Feb/2022:12:01:27 +0800] "GET /xingrg/all/function/internal_message.html?_=1643947284479&CODE_STATE=getMsg HTTP/1.1" 200 27
61.151.178.197 - - [04/Feb/2022:12:01:27 +0800] "GET /xingrg/login.html HTTP/1.1" 200 7641
101.85.120.86 - - [04/Feb/2022:12:01:32 +0800] "GET /xingrg/all/function/internal_message.html?_=1643947289307&CODE_STATE=getMsg HTTP/1.1" 200 27
222.70.243.96 - - [04/Feb/2022:12:01:33 +0800] "GET /xingrg/all/function/internal_message.html?_=1643947307339&CODE_STATE=getMsg HTTP/1.1" 302 -
222.70.223.103 - - [04/Feb/2022:12:01:35 +0800] "GET /xingrg/all/function/internal_message.html?_=1643947290366&CODE_STATE=getMsg HTTP/1.1" 200 27
222.70.243.96 - - [04/Feb/2022:12:01:37 +0800] "GET /xingrg/all/function/internal_message.html?_=1643947313191&CODE_STATE=getMsg HTTP/1.1" 200 27
180.152.99.39 - - [04/Feb/2022:12:01:37 +0800] "GET /xingrg/all/function/internal_message.html?_=1643947216478&CODE_STATE=getMsg HTTP/1.1" 200 27
180.152.99.39 - - [04/Feb/2022:12:01:50 +0800] "GET /xingrg/check_reg.html?_=1643947228846 HTTP/1.1" 200 22
101.83.241.237 - - [04/Feb/2022:12:01:56 +0800] "GET /xingrg/all/function/internal_message.html?_=1643947310713&CODE_STATE=getMsg HTTP/1.1" 200 27
101.83.241.237 - - [04/Feb/2022:12:01:57 +0800] "GET /xingrg/check_reg.html?_=1643947311482 HTTP/1.1" 200 22
180.157.251.97 - - [04/Feb/2022:12:02:02 +0800] "GET /xingrg/kc/buy/cgsh_order_list.html HTTP/1.1" 200 49826
180.157.251.97 - - [04/Feb/2022:12:02:02 +0800] "POST /xingrg/kc/buy/cgsh_list_operate.html HTTP/1.1" 200 876
180.152.99.73 - - [04/Feb/2022:12:02:06 +0800] "GET /xingrg/all/function/internal_message.html?_=1643947324059&CODE_STATE=getMsg HTTP/1.1" 200 27
124.79.79.90 - - [04/Feb/2022:12:02:06 +0800] "GET /xingrg/all/function/internal_message.html?_=1643947323664&CODE_STATE=getMsg HTTP/1.1" 200 27
124.78.153.118 - - [04/Feb/2022:12:02:07 +0800] "GET /xingrg/check_reg.html?_=1643947322564 HTTP/1.1" 200 22
124.78.153.118 - - [04/Feb/2022:12:02:07 +0800] "GET /xingrg/all/function/internal_message.html?_=1643947322562&CODE_STATE=getMsg HTTP/1.1" 200 27
180.162.112.109 - - [04/Feb/2022:12:02:12 +0800] "GET /xingrg/all/function/internal_message.html?_=1643946718781&CODE_STATE=getMsg HTTP/1.1" 200 27
58.39.168.32 - - [04/Feb/2022:12:02:17 +0800] "GET /xingrg/all/function/internal_message.html?_=1643947272245&CODE_STATE=getMsg HTTP/1.1" 200 27
180.157.251.97 - - [04/Feb/2022:12:02:19 +0800] "GET /xingrg/all/function/internal_message.html?_=1643947337140&CODE_STATE=getMsg HTTP/1.1" 200 27
58.39.168.32 - - [04/Feb/2022:12:02:27 +0800] "GET /xingrg/all/function/internal_message.html?_=1643947344479&CODE_STATE=getMsg HTTP/1.1" 200 27
101.85.120.86 - - [04/Feb/2022:12:02:32 +0800] "GET /xingrg/all/function/internal_message.html?_=1643947349307&CODE_STATE=getMsg HTTP/1.1" 200 27
222.70.243.96 - - [04/Feb/2022:12:02:33 +0800] "GET /xingrg/all/function/internal_message.html?_=1643947367352&CODE_STATE=getMsg HTTP/1.1" 302 -
222.70.223.103 - - [04/Feb/2022:12:02:35 +0800] "GET /xingrg/all/function/internal_message.html?_=1643947350368&CODE_STATE=getMsg HTTP/1.1" 200 27
222.70.223.103 - - [04/Feb/2022:12:02:35 +0800] "GET /xingrg/check_reg.html?_=1643947350372 HTTP/1.1" 200 22
180.152.99.39 - - [04/Feb/2022:12:02:37 +0800] "GET /xingrg/all/function/internal_message.html?_=1643947276487&CODE_STATE=getMsg HTTP/1.1" 200 27
222.70.243.96 - - [04/Feb/2022:12:02:38 +0800] "GET /xingrg/all/function/internal_message.html?_=1643947373573&CODE_STATE=getMsg HTTP/1.1" 200 27
61.151.179.84 - - [04/Feb/2022:12:02:47 +0800] "GET /xingrg/all/function/internal_message.html?_=1643939036167&CODE_STATE=getMsg HTTP/1.1" 302 -
61.151.179.84 - - [04/Feb/2022:12:02:48 +0800] "GET /xingrg/login.html HTTP/1.1" 200 7641
101.83.241.237 - - [04/Feb/2022:12:02:56 +0800] "GET /xingrg/all/function/internal_message.html?_=1643947370687&CODE_STATE=getMsg HTTP/1.1" 200 27
180.152.99.73 - - [04/Feb/2022:12:03:06 +0800] "GET /xingrg/all/function/internal_message.html?_=1643947384045&CODE_STATE=getMsg HTTP/1.1" 200 27
124.79.79.90 - - [04/Feb/2022:12:03:06 +0800] "GET /xingrg/check_reg.html?_=1643947383668 HTTP/1.1" 200 22
124.79.79.90 - - [04/Feb/2022:12:03:06 +0800] "GET /xingrg/all/function/internal_message.html?_=1643947383670&CODE_STATE=getMsg HTTP/1.1" 200 27
124.78.153.118 - - [04/Feb/2022:12:03:07 +0800] "GET /xingrg/all/function/internal_message.html?_=1643947382510&CODE_STATE=getMsg HTTP/1.1" 200 27
180.162.112.109 - - [04/Feb/2022:12:03:12 +0800] "GET /xingrg/check_reg.html?_=1643946778783 HTTP/1.1" 200 22
180.162.112.109 - - [04/Feb/2022:12:03:12 +0800] "GET /xingrg/all/function/internal_message.html?_=1643946778780&CODE_STATE=getMsg HTTP/1.1" 200 27
58.39.168.32 - - [04/Feb/2022:12:03:17 +0800] "GET /xingrg/all/function/internal_message.html?_=1643947332246&CODE_STATE=getMsg HTTP/1.1" 200 27
180.157.251.97 - - [04/Feb/2022:12:03:19 +0800] "GET /xingrg/all/function/internal_message.html?_=1643947397140&CODE_STATE=getMsg HTTP/1.1" 200 27
58.39.168.32 - - [04/Feb/2022:12:03:27 +0800] "GET /xingrg/all/function/internal_message.html?_=1643947404480&CODE_STATE=getMsg HTTP/1.1" 200 27
101.85.120.86 - - [04/Feb/2022:12:03:32 +0800] "GET /xingrg/all/function/internal_message.html?_=1643947409307&CODE_STATE=getMsg HTTP/1.1" 200 27
222.70.243.96 - - [04/Feb/2022:12:03:33 +0800] "GET /xingrg/all/function/internal_message.html?_=1643947427399&CODE_STATE=getMsg HTTP/1.1" 302 -
101.89.239.238 - - [04/Feb/2022:12:03:34 +0800] "GET /xingrg/check_reg.html?_=1643947322564 HTTP/1.1" 302 -
101.89.239.238 - - [04/Feb/2022:12:03:34 +0800] "GET /xingrg/login.html HTTP/1.1" 200 7641
222.70.223.103 - - [04/Feb/2022:12:03:35 +0800] "GET /xingrg/all/function/internal_message.html?_=1643947410370&CODE_STATE=getMsg HTTP/1.1" 200 27
180.152.99.39 - - [04/Feb/2022:12:03:37 +0800] "GET /xingrg/all/function/internal_message.html?_=1643947336501&CODE_STATE=getMsg HTTP/1.1" 200 27
222.70.243.96 - - [04/Feb/2022:12:03:38 +0800] "GET /xingrg/all/function/internal_message.html?_=1643947433578&CODE_STATE=getMsg HTTP/1.1" 200 27
61.151.178.180 - - [04/Feb/2022:12:03:44 +0800] "GET /xingrg/all/function/internal_message.html?_=1643946116242&CODE_STATE=getMsg HTTP/1.1" 302 -
61.151.178.180 - - [04/Feb/2022:12:03:45 +0800] "GET /xingrg/login.html HTTP/1.1" 200 7641
101.83.241.237 - - [04/Feb/2022:12:03:56 +0800] "GET /xingrg/all/function/internal_message.html?_=1643947430672&CODE_STATE=getMsg HTTP/1.1" 200 27
61.151.179.84 - - [04/Feb/2022:12:03:59 +0800] "GET /xingrg/kc/buy/cgsh_order_info.html?code=212022020400282 HTTP/1.1" 302 -
61.151.179.84 - - [04/Feb/2022:12:04:00 +0800] "GET /xingrg/login.html HTTP/1.1" 200 7641
180.152.99.73 - - [04/Feb/2022:12:04:06 +0800] "GET /xingrg/all/function/internal_message.html?_=1643947444030&CODE_STATE=getMsg HTTP/1.1" 200 27
124.79.79.90 - - [04/Feb/2022:12:04:06 +0800] "GET /xingrg/all/function/internal_message.html?_=1643947443655&CODE_STATE=getMsg HTTP/1.1" 200 27
124.78.153.118 - - [04/Feb/2022:12:04:07 +0800] "GET /xingrg/all/function/internal_message.html?_=1643947442480&CODE_STATE=getMsg HTTP/1.1" 200 27
180.162.112.109 - - [04/Feb/2022:12:04:12 +0800] "GET /xingrg/all/function/internal_message.html?_=1643946838785&CODE_STATE=getMsg HTTP/1.1" 200 27
222.70.243.96 - - [04/Feb/2022:12:04:12 +0800] "GET /xingrg/check_reg.html?_=1643947466009 HTTP/1.1" 302 -
58.39.168.32 - - [04/Feb/2022:12:04:17 +0800] "GET /xingrg/all/function/internal_message.html?_=1643947392246&CODE_STATE=getMsg HTTP/1.1" 200 27
58.39.168.32 - - [04/Feb/2022:12:04:17 +0800] "GET /xingrg/check_reg.html?_=1643947392249 HTTP/1.1" 200 22
180.157.251.97 - - [04/Feb/2022:12:04:19 +0800] "GET /xingrg/all/function/internal_message.html?_=1643947457139&CODE_STATE=getMsg HTTP/1.1" 200 27
58.39.168.32 - - [04/Feb/2022:12:04:27 +0800] "GET /xingrg/all/function/internal_message.html?_=1643947464480&CODE_STATE=getMsg HTTP/1.1" 200 27
101.85.120.86 - - [04/Feb/2022:12:04:32 +0800] "GET /xingrg/check_reg.html?_=1643947469307 HTTP/1.1" 200 22
101.85.120.86 - - [04/Feb/2022:12:04:32 +0800] "GET /xingrg/all/function/internal_message.html?_=1643947469310&CODE_STATE=getMsg HTTP/1.1" 200 27
222.70.243.96 - - [04/Feb/2022:12:04:33 +0800] "GET /xingrg/all/function/internal_message.html?_=1643947487410&CODE_STATE=getMsg HTTP/1.1" 302 -
222.70.223.103 - - [04/Feb/2022:12:04:35 +0800] "GET /xingrg/all/function/internal_message.html?_=1643947470367&CODE_STATE=getMsg HTTP/1.1" 200 27
180.152.99.39 - - [04/Feb/2022:12:04:38 +0800] "GET /xingrg/all/function/internal_message.html?_=1643947396566&CODE_STATE=getMsg HTTP/1.1" 200 27
222.70.243.96 - - [04/Feb/2022:12:04:38 +0800] "GET /xingrg/all/function/internal_message.html?_=1643947493945&CODE_STATE=getMsg HTTP/1.1" 200 27
61.151.178.180 - - [04/Feb/2022:12:04:51 +0800] "GET /xingrg/all/function/internal_message.html?_=1643937476158&CODE_STATE=getMsg HTTP/1.1" 302 -
61.151.178.180 - - [04/Feb/2022:12:04:52 +0800] "GET /xingrg/login.html HTTP/1.1" 200 7641
101.89.239.245 - - [04/Feb/2022:12:04:54 +0800] "GET /xingrg/all/function/internal_message.html?_=1643946482538&CODE_STATE=getMsg HTTP/1.1" 302 -
101.89.239.245 - - [04/Feb/2022:12:04:55 +0800] "GET /xingrg/login.html HTTP/1.1" 200 7641
