58.39.168.32 - - [04/Feb/2022:12:15:02 +0800] "GET /xingrg/kc/buy/cgsh_order_add.html HTTP/1.1" 200 65683
58.39.168.32 - - [04/Feb/2022:12:15:02 +0800] "POST /xingrg/kc/buy/cgsh_order_operate.html HTTP/1.1" 200 8245
58.39.168.32 - - [04/Feb/2022:12:15:02 +0800] "GET /xingrg/javascript/easyui/themes/default/validatebox.css HTTP/1.1" 404 1104
180.152.99.73 - - [04/Feb/2022:12:15:06 +0800] "GET /xingrg/all/function/internal_message.html?_=1643948103844&CODE_STATE=getMsg HTTP/1.1" 200 27
124.79.79.90 - - [04/Feb/2022:12:15:06 +0800] "GET /xingrg/all/function/internal_message.html?_=1643948103657&CODE_STATE=getMsg HTTP/1.1" 200 27
180.152.99.73 - - [04/Feb/2022:12:15:06 +0800] "GET /xingrg/check_reg.html?_=1643948104302 HTTP/1.1" 200 22
124.78.153.118 - - [04/Feb/2022:12:15:06 +0800] "GET /xingrg/all/function/internal_message.html?_=1643948102208&CODE_STATE=getMsg HTTP/1.1" 200 27
61.151.178.177 - - [04/Feb/2022:12:15:07 +0800] "GET /xingrg/all/function/internal_message.html?_=1643948042237&CODE_STATE=getMsg HTTP/1.1" 302 -
61.151.178.177 - - [04/Feb/2022:12:15:08 +0800] "GET /xingrg/login.html HTTP/1.1" 200 7641
180.162.112.109 - - [04/Feb/2022:12:15:12 +0800] "GET /xingrg/all/function/internal_message.html?_=1643947498783&CODE_STATE=getMsg HTTP/1.1" 200 27
58.39.168.32 - - [04/Feb/2022:12:15:13 +0800] "GET /xingrg/kc/buy/cgsh_order_operate.html?command=get_materiel&rest_code=00105&code=00101001040&supplier_code=00100319&order_time=2022-02-04 HTTP/1.1" 200 436
58.39.168.32 - - [04/Feb/2022:12:15:17 +0800] "GET /xingrg/all/function/internal_message.html?_=1643948052245&CODE_STATE=getMsg HTTP/1.1" 200 27
180.157.251.97 - - [04/Feb/2022:12:15:19 +0800] "GET /xingrg/all/function/internal_message.html?_=1643948117143&CODE_STATE=getMsg HTTP/1.1" 200 27
180.157.251.97 - - [04/Feb/2022:12:15:19 +0800] "GET /xingrg/check_reg.html?_=1643948117145 HTTP/1.1" 200 22
222.70.243.96 - - [04/Feb/2022:12:15:24 +0800] "GET /xingrg/check_reg.html?_=1643948140297 HTTP/1.1" 200 22
101.89.239.238 - - [04/Feb/2022:12:15:25 +0800] "GET /xingrg/all/function/internal_message.html?_=1643946782541&CODE_STATE=getMsg HTTP/1.1" 302 -
101.89.239.238 - - [04/Feb/2022:12:15:27 +0800] "GET /xingrg/login.html HTTP/1.1" 200 7641
58.39.168.32 - - [04/Feb/2022:12:15:27 +0800] "GET /xingrg/all/function/internal_message.html?_=1643948124507&CODE_STATE=getMsg HTTP/1.1" 200 27
101.85.120.86 - - [04/Feb/2022:12:15:32 +0800] "GET /xingrg/all/function/internal_message.html?_=1643948129327&CODE_STATE=getMsg HTTP/1.1" 200 27
222.70.243.96 - - [04/Feb/2022:12:15:34 +0800] "GET /xingrg/all/function/internal_message.html?_=1643948147746&CODE_STATE=getMsg HTTP/1.1" 302 -
222.70.223.103 - - [04/Feb/2022:12:15:35 +0800] "GET /xingrg/all/function/internal_message.html?_=1643948130365&CODE_STATE=getMsg HTTP/1.1" 200 27
180.152.99.39 - - [04/Feb/2022:12:15:38 +0800] "GET /xingrg/all/function/internal_message.html?_=1643948056882&CODE_STATE=getMsg HTTP/1.1" 200 27
222.70.243.96 - - [04/Feb/2022:12:15:39 +0800] "GET /xingrg/all/function/internal_message.html?_=1643948155472&CODE_STATE=getMsg HTTP/1.1" 200 27
114.88.155.114 - - [04/Feb/2022:12:15:43 +0800] "GET /xingrg/kc/buy/buy_main.html HTTP/1.1" 302 -
114.88.155.114 - - [04/Feb/2022:12:15:44 +0800] "GET /xingrg/login.html HTTP/1.1" 200 7641
114.88.155.114 - - [04/Feb/2022:12:15:44 +0800] "GET /xingrg/login.html HTTP/1.1" 200 7641
114.88.155.114 - - [04/Feb/2022:12:15:44 +0800] "GET /favicon.ico HTTP/1.1" 404 -
58.39.168.32 - - [04/Feb/2022:12:15:46 +0800] "POST /xingrg/kc/buy/cgsh_list_operate.html HTTP/1.1" 200 1721
58.39.168.32 - - [04/Feb/2022:12:15:47 +0800] "POST /xingrg/kc/buy/cgsh_list_operate.html HTTP/1.1" 200 352
58.39.168.32 - - [04/Feb/2022:12:15:52 +0800] "GET /xingrg/javascript/jquery_tools/images/prev.gif HTTP/1.1" 404 1086
58.39.168.32 - - [04/Feb/2022:12:15:52 +0800] "GET /xingrg/javascript/jquery_tools/images/next.gif HTTP/1.1" 404 1086
101.83.241.237 - - [04/Feb/2022:12:15:56 +0800] "GET /xingrg/all/function/internal_message.html?_=1643948150412&CODE_STATE=getMsg HTTP/1.1" 200 27
58.39.168.32 - - [04/Feb/2022:12:15:56 +0800] "POST /xingrg/kc/buy/cgsh_list_operate.html HTTP/1.1" 200 2114
58.39.168.32 - - [04/Feb/2022:12:15:58 +0800] "POST /xingrg/kc/buy/cgsh_list_operate.html HTTP/1.1" 200 430
58.39.168.32 - - [04/Feb/2022:12:16:00 +0800] "GET /xingrg/kc/buy/cgsh_order_info.html?code=212022020200022 HTTP/1.1" 200 60590
58.39.168.32 - - [04/Feb/2022:12:16:00 +0800] "GET /xingrg/javascript/easyui/themes/default/validatebox.css HTTP/1.1" 404 1104
58.39.168.32 - - [04/Feb/2022:12:16:01 +0800] "POST /xingrg/kc/buy/cgsh_order_operate.html HTTP/1.1" 200 2410
180.152.99.73 - - [04/Feb/2022:12:16:06 +0800] "GET /xingrg/all/function/internal_message.html?_=1643948163820&CODE_STATE=getMsg HTTP/1.1" 200 27
124.79.79.90 - - [04/Feb/2022:12:16:06 +0800] "GET /xingrg/all/function/internal_message.html?_=1643948163661&CODE_STATE=getMsg HTTP/1.1" 200 27
124.78.153.118 - - [04/Feb/2022:12:16:06 +0800] "GET /xingrg/all/function/internal_message.html?_=1643948162191&CODE_STATE=getMsg HTTP/1.1" 200 27
114.88.155.114 - - [04/Feb/2022:12:16:07 +0800] "POST /xingrg/login.do HTTP/1.1" 302 -
114.88.155.114 - - [04/Feb/2022:12:16:07 +0800] "GET /xingrg/index.html?sysBaseUrl=http%3A%2F%2F180.169.147.146%3A18081%2Fxingrg%2F&costTime=44×tamp=1643948167296 HTTP/1.1" 200 17179
114.88.155.114 - - [04/Feb/2022:12:16:07 +0800] "POST /xingrg/all/common/load_tree.html?tree=area_rest_tree_json&manage=1 HTTP/1.1" 200 351
114.88.155.114 - - [04/Feb/2022:12:16:07 +0800] "GET /xingrg/check_reg.html?_=1643947955042 HTTP/1.1" 200 22
114.88.155.114 - - [04/Feb/2022:12:16:07 +0800] "GET /xingrg/all/function/internal_message.html?_=1643947955042&CODE_STATE=count HTTP/1.1" 200 11
114.88.155.114 - - [04/Feb/2022:12:16:07 +0800] "GET /favicon.ico HTTP/1.1" 404 -
114.88.155.114 - - [04/Feb/2022:12:16:07 +0800] "POST /xingrg/load_menu.html HTTP/1.1" 200 5138
180.162.112.109 - - [04/Feb/2022:12:16:12 +0800] "GET /xingrg/all/function/internal_message.html?_=1643947558784&CODE_STATE=getMsg HTTP/1.1" 200 27
58.39.168.32 - - [04/Feb/2022:12:16:17 +0800] "GET /xingrg/all/function/internal_message.html?_=1643948112246&CODE_STATE=getMsg HTTP/1.1" 200 27
180.157.251.97 - - [04/Feb/2022:12:16:19 +0800] "GET /xingrg/all/function/internal_message.html?_=1643948177144&CODE_STATE=getMsg HTTP/1.1" 200 27
58.39.168.32 - - [04/Feb/2022:12:16:27 +0800] "GET /xingrg/check_reg.html?_=1643948184497 HTTP/1.1" 200 22
58.39.168.32 - - [04/Feb/2022:12:16:27 +0800] "GET /xingrg/all/function/internal_message.html?_=1643948184501&CODE_STATE=getMsg HTTP/1.1" 200 27
101.89.19.197 - - [04/Feb/2022:12:16:31 +0800] "GET /xingrg/all/function/internal_message.html?_=1643948102208&CODE_STATE=getMsg HTTP/1.1" 302 -
101.89.19.197 - - [04/Feb/2022:12:16:32 +0800] "GET /xingrg/login.html HTTP/1.1" 200 7641
101.85.120.86 - - [04/Feb/2022:12:16:32 +0800] "GET /xingrg/all/function/internal_message.html?_=1643948189326&CODE_STATE=getMsg HTTP/1.1" 200 27
222.70.243.96 - - [04/Feb/2022:12:16:34 +0800] "GET /xingrg/all/function/internal_message.html?_=1643948207761&CODE_STATE=getMsg HTTP/1.1" 302 -
222.70.223.103 - - [04/Feb/2022:12:16:35 +0800] "GET /xingrg/all/function/internal_message.html?_=1643948190359&CODE_STATE=getMsg HTTP/1.1" 200 27
180.152.99.39 - - [04/Feb/2022:12:16:38 +0800] "GET /xingrg/all/function/internal_message.html?_=1643948116941&CODE_STATE=getMsg HTTP/1.1" 200 27
222.70.243.96 - - [04/Feb/2022:12:16:40 +0800] "GET /xingrg/all/function/internal_message.html?_=1643948215486&CODE_STATE=getMsg HTTP/1.1" 200 27
114.88.155.114 - - [04/Feb/2022:12:16:46 +0800] "GET /xingrg/kc/buy/buy_main.html HTTP/1.1" 200 12412
114.88.155.114 - - [04/Feb/2022:12:16:46 +0800] "GET /xingrg/css/new_ie.css HTTP/1.1" 404 1036
114.88.155.114 - - [04/Feb/2022:12:16:49 +0800] "GET /xingrg/images/yd/bt.gif HTTP/1.1" 404 1040
180.152.99.39 - - [04/Feb/2022:12:16:50 +0800] "GET /xingrg/check_reg.html?_=1643948128862 HTTP/1.1" 200 22
114.88.155.114 - - [04/Feb/2022:12:16:50 +0800] "GET /xingrg/kc/buy/cgsh_order_list.html HTTP/1.1" 200 49826
114.88.155.114 - - [04/Feb/2022:12:16:51 +0800] "POST /xingrg/kc/buy/cgsh_list_operate.html HTTP/1.1" 200 876
114.88.155.114 - - [04/Feb/2022:12:16:53 +0800] "GET /xingrg/kc/buy/cgsh_order_add.html HTTP/1.1" 200 65642
114.88.155.114 - - [04/Feb/2022:12:16:53 +0800] "GET /xingrg/words/20220128115405_words.js HTTP/1.1" 304 -
114.88.155.114 - - [04/Feb/2022:12:16:53 +0800] "POST /xingrg/kc/buy/cgsh_order_operate.html HTTP/1.1" 200 8245
114.88.155.114 - - [04/Feb/2022:12:16:53 +0800] "GET /xingrg/all/common/auto_word.html?type=employee&rest_code=00141 HTTP/1.1" 200 201
114.88.155.114 - - [04/Feb/2022:12:16:53 +0800] "GET /xingrg/all/common/auto_word.html?type=employee&rest_code=00141 HTTP/1.1" 200 201
114.88.155.114 - - [04/Feb/2022:12:16:53 +0800] "GET /xingrg/javascript/easyui/themes/default/validatebox.css HTTP/1.1" 404 1104
101.83.241.237 - - [04/Feb/2022:12:16:56 +0800] "GET /xingrg/all/function/internal_message.html?_=1643948210396&CODE_STATE=getMsg HTTP/1.1" 200 27
101.83.241.237 - - [04/Feb/2022:12:16:57 +0800] "GET /xingrg/check_reg.html?_=1643948211463 HTTP/1.1" 200 22
180.152.99.73 - - [04/Feb/2022:12:17:06 +0800] "GET /xingrg/all/function/internal_message.html?_=1643948223808&CODE_STATE=getMsg HTTP/1.1" 200 27
124.79.79.90 - - [04/Feb/2022:12:17:06 +0800] "GET /xingrg/all/function/internal_message.html?_=1643948223661&CODE_STATE=getMsg HTTP/1.1" 200 27
124.78.153.118 - - [04/Feb/2022:12:17:06 +0800] "GET /xingrg/all/function/internal_message.html?_=1643948222161&CODE_STATE=getMsg HTTP/1.1" 200 27
124.78.153.118 - - [04/Feb/2022:12:17:07 +0800] "GET /xingrg/check_reg.html?_=1643948222552 HTTP/1.1" 200 22
114.88.155.114 - - [04/Feb/2022:12:17:07 +0800] "GET /xingrg/all/function/internal_message.html?_=1643948015061&CODE_STATE=getMsg HTTP/1.1" 200 27
180.162.112.109 - - [04/Feb/2022:12:17:12 +0800] "GET /xingrg/all/function/internal_message.html?_=1643947618791&CODE_STATE=getMsg HTTP/1.1" 200 27
58.39.168.32 - - [04/Feb/2022:12:17:17 +0800] "GET /xingrg/all/function/internal_message.html?_=1643948172246&CODE_STATE=getMsg HTTP/1.1" 200 27
180.157.251.97 - - [04/Feb/2022:12:17:19 +0800] "GET /xingrg/all/function/internal_message.html?_=1643948237142&CODE_STATE=getMsg HTTP/1.1" 200 27
58.39.168.32 - - [04/Feb/2022:12:17:21 +0800] "GET /xingrg/index.html?sysBaseUrl=http%3A%2F%2F180.169.147.146%3A18081%2Fxingrg%2F&costTime=36×tamp=1585223203754 HTTP/1.1" 302 -
58.39.168.32 - - [04/Feb/2022:12:17:21 +0800] "GET /xingrg/login.html HTTP/1.1" 200 7641
58.39.168.32 - - [04/Feb/2022:12:17:21 +0800] "GET /favicon.ico HTTP/1.1" 404 -
58.39.168.32 - - [04/Feb/2022:12:17:32 +0800] "POST /xingrg/login.do HTTP/1.1" 302 -
58.39.168.32 - - [04/Feb/2022:12:17:32 +0800] "GET /xingrg/index.html?sysBaseUrl=http%3A%2F%2F180.169.147.146%3A18081%2Fxingrg%2F&costTime=44×tamp=1643948252615 HTTP/1.1" 200 17503
58.39.168.32 - - [04/Feb/2022:12:17:32 +0800] "GET /favicon.ico HTTP/1.1" 404 -
58.39.168.32 - - [04/Feb/2022:12:17:32 +0800] "POST /xingrg/all/common/load_tree.html?tree=area_rest_tree_json&manage=1 HTTP/1.1" 200 710
101.85.120.86 - - [04/Feb/2022:12:17:32 +0800] "GET /xingrg/all/function/internal_message.html?_=1643948249327&CODE_STATE=getMsg HTTP/1.1" 200 27
58.39.168.32 - - [04/Feb/2022:12:17:32 +0800] "GET /xingrg/javascript/jquery_easy_ui/themes/default/images/panel_tool_expand.gif HTTP/1.1" 304 -
58.39.168.32 - - [04/Feb/2022:12:17:32 +0800] "GET /xingrg/check_reg.html?_=1643948250132 HTTP/1.1" 200 22
58.39.168.32 - - [04/Feb/2022:12:17:32 +0800] "GET /xingrg/all/function/internal_message.html?_=1643948250132&CODE_STATE=count HTTP/1.1" 200 11
58.39.168.32 - - [04/Feb/2022:12:17:32 +0800] "POST /xingrg/load_menu.html HTTP/1.1" 200 11564
58.39.168.32 - - [04/Feb/2022:12:17:33 +0800] "GET /xingrg/javascript/jquery_easy_ui/themes/icons/delivery_new.png HTTP/1.1" 304 -
58.39.168.32 - - [04/Feb/2022:12:17:33 +0800] "GET /xingrg/javascript/jquery_easy_ui/themes/icons/setting_new.png HTTP/1.1" 304 -
58.39.168.32 - - [04/Feb/2022:12:17:33 +0800] "GET /xingrg/javascript/jquery_easy_ui/themes/icons/checkout_new.png HTTP/1.1" 304 -
58.39.168.32 - - [04/Feb/2022:12:17:33 +0800] "GET /xingrg/javascript/jquery_easy_ui/themes/icons/systemset_new.png HTTP/1.1" 304 -
222.70.243.96 - - [04/Feb/2022:12:17:34 +0800] "GET /xingrg/all/function/internal_message.html?_=1643948267806&CODE_STATE=getMsg HTTP/1.1" 302 -
58.39.168.32 - - [04/Feb/2022:12:17:35 +0800] "GET /xingrg/kc/buy/cgsh_order_list.html HTTP/1.1" 200 50075
58.39.168.32 - - [04/Feb/2022:12:17:35 +0800] "GET /xingrg/javascript/easyui/themes/icons/uncheck_new.png HTTP/1.1" 304 -
222.70.223.103 - - [04/Feb/2022:12:17:35 +0800] "GET /xingrg/all/function/internal_message.html?_=1643948250363&CODE_STATE=getMsg HTTP/1.1" 200 27
222.70.223.103 - - [04/Feb/2022:12:17:35 +0800] "GET /xingrg/check_reg.html?_=1643948250367 HTTP/1.1" 200 22
58.39.168.32 - - [04/Feb/2022:12:17:36 +0800] "POST /xingrg/kc/buy/cgsh_list_operate.html HTTP/1.1" 200 876
180.152.99.39 - - [04/Feb/2022:12:17:38 +0800] "GET /xingrg/all/function/internal_message.html?_=1643948176956&CODE_STATE=getMsg HTTP/1.1" 200 27
58.39.168.32 - - [04/Feb/2022:12:17:39 +0800] "GET /xingrg/javascript/jquery_tools/images/prev.gif HTTP/1.1" 404 1086
58.39.168.32 - - [04/Feb/2022:12:17:39 +0800] "GET /xingrg/javascript/jquery_tools/images/next.gif HTTP/1.1" 404 1086
222.70.243.96 - - [04/Feb/2022:12:17:40 +0800] "GET /xingrg/all/function/internal_message.html?_=1643948275840&CODE_STATE=getMsg HTTP/1.1" 200 27
101.80.226.190 - - [04/Feb/2022:12:17:40 +0800] "POST /xingrg/services/DataTransmitService HTTP/1.1" 200 524
101.80.226.190 - - [04/Feb/2022:12:17:40 +0800] "POST /xingrg/services/DataTransmitService HTTP/1.1" 200 501
58.39.168.32 - - [04/Feb/2022:12:17:43 +0800] "GET /xingrg/javascript/auto/indicator.gif HTTP/1.1" 404 1066
58.39.168.32 - - [04/Feb/2022:12:17:46 +0800] "GET /xingrg/javascript/easyui/plugins/jquery.draggable.js HTTP/1.1" 304 -
58.39.168.32 - - [04/Feb/2022:12:17:46 +0800] "GET /xingrg/css/images/panel_loading.gif HTTP/1.1" 304 -
58.39.168.32 - - [04/Feb/2022:12:17:46 +0800] "GET /xingrg/javascript/easyui/plugins/jquery.droppable.js HTTP/1.1" 304 -
58.39.168.32 - - [04/Feb/2022:12:17:46 +0800] "GET /xingrg/javascript/easyui/plugins/jquery.tree.js HTTP/1.1" 304 -
58.39.168.32 - - [04/Feb/2022:12:17:46 +0800] "GET /xingrg/javascript/easyui/themes/default/tree.css HTTP/1.1" 404 1090
58.39.168.32 - - [04/Feb/2022:12:17:46 +0800] "POST /xingrg/all/common/load_tree.html?tree=area_rest_tree_json&manage=1 HTTP/1.1" 200 710
58.39.168.32 - - [04/Feb/2022:12:17:47 +0800] "GET /xingrg/javascript/easyui/themes/default/images/tree_arrows.gif HTTP/1.1" 304 -
58.39.168.32 - - [04/Feb/2022:12:17:47 +0800] "GET /xingrg/javascript/easyui/themes/default/images/tree_checkbox_0.gif HTTP/1.1" 304 -
58.39.168.32 - - [04/Feb/2022:12:17:47 +0800] "GET /xingrg/javascript/easyui/themes/default/images/tree_folder_open.gif HTTP/1.1" 304 -
58.39.168.32 - - [04/Feb/2022:12:17:47 +0800] "GET /xingrg/javascript/easyui/themes/icons/area.png HTTP/1.1" 304 -
58.39.168.32 - - [04/Feb/2022:12:17:47 +0800] "GET /xingrg/javascript/easyui/themes/icons/rest.png HTTP/1.1" 304 -
58.39.168.32 - - [04/Feb/2022:12:17:47 +0800] "GET /xingrg/javascript/easyui/themes/icons/manage.png HTTP/1.1" 304 -
58.39.168.32 - - [04/Feb/2022:12:17:48 +0800] "GET /xingrg/javascript/easyui/themes/default/images/tree_checkbox_1.gif HTTP/1.1" 304 -
58.39.168.32 - - [04/Feb/2022:12:17:48 +0800] "GET /xingrg/javascript/easyui/themes/default/images/tree_checkbox_2.gif HTTP/1.1" 304 -
58.39.168.32 - - [04/Feb/2022:12:17:51 +0800] "POST /xingrg/kc/buy/cgsh_list_operate.html HTTP/1.1" 200 1721
101.83.241.237 - - [04/Feb/2022:12:17:56 +0800] "GET /xingrg/all/function/internal_message.html?_=1643948270380&CODE_STATE=getMsg HTTP/1.1" 200 27
58.39.168.32 - - [04/Feb/2022:12:17:56 +0800] "POST /xingrg/kc/buy/cgsh_list_operate.html HTTP/1.1" 200 4
58.39.168.32 - - [04/Feb/2022:12:17:58 +0800] "POST /xingrg/kc/buy/cgsh_list_operate.html HTTP/1.1" 200 876
58.39.168.32 - - [04/Feb/2022:12:18:01 +0800] "GET /xingrg/index.html?sysBaseUrl=http%3A%2F%2F180.169.147.146%3A18081%2Fxingrg%2F&costTime=36×tamp=1585223203754 HTTP/1.1" 302 -
58.39.168.32 - - [04/Feb/2022:12:18:01 +0800] "GET /xingrg/login.html HTTP/1.1" 200 7641
58.39.168.32 - - [04/Feb/2022:12:18:02 +0800] "GET /favicon.ico HTTP/1.1" 404 -
58.39.168.32 - - [04/Feb/2022:12:18:03 +0800] "POST /xingrg/login.do HTTP/1.1" 200 2421
58.39.168.32 - - [04/Feb/2022:12:18:03 +0800] "GET /favicon.ico HTTP/1.1" 404 -
58.39.168.32 - - [04/Feb/2022:12:18:03 +0800] "GET /xingrg/login.html HTTP/1.1" 200 7641
58.39.168.32 - - [04/Feb/2022:12:18:03 +0800] "GET /favicon.ico HTTP/1.1" 404 -
58.39.168.32 - - [04/Feb/2022:12:18:05 +0800] "POST /xingrg/login.do HTTP/1.1" 302 -
58.39.168.32 - - [04/Feb/2022:12:18:05 +0800] "GET /xingrg/index.html?sysBaseUrl=http%3A%2F%2F180.169.147.146%3A18081%2Fxingrg%2F&costTime=44×tamp=1643948285125 HTTP/1.1" 200 17173
58.39.168.32 - - [04/Feb/2022:12:18:05 +0800] "GET /favicon.ico HTTP/1.1" 404 -
58.39.168.32 - - [04/Feb/2022:12:18:05 +0800] "POST /xingrg/all/common/load_tree.html?tree=area_rest_tree_json&manage=1 HTTP/1.1" 200 3472
58.39.168.32 - - [04/Feb/2022:12:18:05 +0800] "GET /xingrg/check_reg.html?_=1643948282532 HTTP/1.1" 200 22
58.39.168.32 - - [04/Feb/2022:12:18:05 +0800] "GET /xingrg/all/function/internal_message.html?_=1643948282532&CODE_STATE=count HTTP/1.1" 200 11
58.39.168.32 - - [04/Feb/2022:12:18:05 +0800] "POST /xingrg/load_menu.html HTTP/1.1" 200 5138
180.152.99.73 - - [04/Feb/2022:12:18:06 +0800] "GET /xingrg/all/function/internal_message.html?_=1643948283793&CODE_STATE=getMsg HTTP/1.1" 200 27
124.79.79.90 - - [04/Feb/2022:12:18:06 +0800] "GET /xingrg/check_reg.html?_=1643948283663 HTTP/1.1" 200 22
124.79.79.90 - - [04/Feb/2022:12:18:06 +0800] "GET /xingrg/all/function/internal_message.html?_=1643948283664&CODE_STATE=getMsg HTTP/1.1" 200 27
124.78.153.118 - - [04/Feb/2022:12:18:06 +0800] "GET /xingrg/all/function/internal_message.html?_=1643948282130&CODE_STATE=getMsg HTTP/1.1" 200 27
61.151.178.180 - - [04/Feb/2022:12:18:06 +0800] "GET /xingrg/check_reg.html?_=1643948222552 HTTP/1.1" 302 -
58.39.168.32 - - [04/Feb/2022:12:18:07 +0800] "GET /xingrg/kc/buy/cgsh_order_list.html HTTP/1.1" 200 49820
114.88.155.114 - - [04/Feb/2022:12:18:07 +0800] "GET /xingrg/all/function/internal_message.html?_=1643948075047&CODE_STATE=getMsg HTTP/1.1" 200 27
61.151.178.180 - - [04/Feb/2022:12:18:07 +0800] "GET /xingrg/login.html HTTP/1.1" 200 7641
180.162.112.109 - - [04/Feb/2022:12:18:12 +0800] "GET /xingrg/check_reg.html?_=1643947678782 HTTP/1.1" 200 22
180.162.112.109 - - [04/Feb/2022:12:18:12 +0800] "GET /xingrg/all/function/internal_message.html?_=1643947678784&CODE_STATE=getMsg HTTP/1.1" 200 27
58.39.168.32 - - [04/Feb/2022:12:18:17 +0800] "GET /xingrg/all/function/internal_message.html?_=1643948232246&CODE_STATE=getMsg HTTP/1.1" 200 27
120.253.135.82 - - [04/Feb/2022:12:18:17 +0800] "GET /xingrg/check_reg.html?_=1643948087516 HTTP/1.1" 200 22
180.157.251.97 - - [04/Feb/2022:12:18:19 +0800] "GET /xingrg/all/function/internal_message.html?_=1643948297157&CODE_STATE=getMsg HTTP/1.1" 200 27
58.39.168.32 - - [04/Feb/2022:12:18:19 +0800] "POST /xingrg/kc/buy/cgsh_list_operate.html HTTP/1.1" 200 5160
101.85.120.86 - - [04/Feb/2022:12:18:32 +0800] "GET /xingrg/all/function/internal_message.html?_=1643948309326&CODE_STATE=getMsg HTTP/1.1" 200 27
58.39.168.32 - - [04/Feb/2022:12:18:34 +0800] "POST /xingrg/kc/buy/cgsh_list_operate.html HTTP/1.1" 200 1885
222.70.243.96 - - [04/Feb/2022:12:18:34 +0800] "GET /xingrg/all/function/internal_message.html?_=1643948327819&CODE_STATE=getMsg HTTP/1.1" 302 -
222.70.223.103 - - [04/Feb/2022:12:18:35 +0800] "GET /xingrg/all/function/internal_message.html?_=1643948310353&CODE_STATE=getMsg HTTP/1.1" 200 27
58.39.168.32 - - [04/Feb/2022:12:18:36 +0800] "POST /xingrg/kc/buy/cgsh_list_operate.html HTTP/1.1" 200 430
58.39.168.32 - - [04/Feb/2022:12:18:37 +0800] "GET /xingrg/kc/buy/cgsh_order_info.html?code=212022020200022 HTTP/1.1" 200 65696
58.39.168.32 - - [04/Feb/2022:12:18:37 +0800] "GET /xingrg/all/common/auto_word.html?type=employee&rest_code=00105 HTTP/1.1" 200 193
58.39.168.32 - - [04/Feb/2022:12:18:37 +0800] "GET /xingrg/javascript/easyui/themes/default/validatebox.css HTTP/1.1" 404 1104
58.39.168.32 - - [04/Feb/2022:12:18:37 +0800] "GET /xingrg/all/common/auto_word.html?type=employee&rest_code=00105 HTTP/1.1" 200 193
58.39.168.32 - - [04/Feb/2022:12:18:38 +0800] "POST /xingrg/kc/buy/cgsh_order_operate.html HTTP/1.1" 200 4460
180.152.99.39 - - [04/Feb/2022:12:18:38 +0800] "GET /xingrg/all/function/internal_message.html?_=1643948236971&CODE_STATE=getMsg HTTP/1.1" 200 27
61.151.178.163 - - [04/Feb/2022:12:18:39 +0800] "GET /xingrg/all/function/internal_message.html?_=1643947802342&CODE_STATE=getMsg HTTP/1.1" 302 -
61.151.178.163 - - [04/Feb/2022:12:18:40 +0800] "GET /xingrg/login.html HTTP/1.1" 200 7641
222.70.243.96 - - [04/Feb/2022:12:18:40 +0800] "GET /xingrg/all/function/internal_message.html?_=1643948335841&CODE_STATE=getMsg HTTP/1.1" 200 27
58.39.168.32 - - [04/Feb/2022:12:18:51 +0800] "POST /xingrg/kc/buy/cgsh_order_operate.html HTTP/1.1" 200 37
58.39.168.32 - - [04/Feb/2022:12:18:52 +0800] "POST /xingrg/kc/buy/cgsh_order_operate.html HTTP/1.1" 200 4460
101.83.241.237 - - [04/Feb/2022:12:18:56 +0800] "GET /xingrg/all/function/internal_message.html?_=1643948330365&CODE_STATE=getMsg HTTP/1.1" 200 27
58.39.168.32 - - [04/Feb/2022:12:18:59 +0800] "POST /xingrg/kc/buy/cgsh_order_operate.html HTTP/1.1" 200 37
58.39.168.32 - - [04/Feb/2022:12:19:03 +0800] "POST /xingrg/kc/buy/cgsh_order_operate.html HTTP/1.1" 200 12
58.39.168.32 - - [04/Feb/2022:12:19:04 +0800] "GET /xingrg/kc/buy/cgsh_order_info.html?code=212022020200022 HTTP/1.1" 200 60590
58.39.168.32 - - [04/Feb/2022:12:19:04 +0800] "GET /xingrg/javascript/easyui/themes/default/validatebox.css HTTP/1.1" 404 1104
58.39.168.32 - - [04/Feb/2022:12:19:05 +0800] "POST /xingrg/kc/buy/cgsh_order_operate.html HTTP/1.1" 200 2410
58.39.168.32 - - [04/Feb/2022:12:19:05 +0800] "GET /xingrg/all/function/internal_message.html?_=1643948342605&CODE_STATE=getMsg HTTP/1.1" 200 27
180.152.99.73 - - [04/Feb/2022:12:19:06 +0800] "GET /xingrg/all/function/internal_message.html?_=1643948343784&CODE_STATE=getMsg HTTP/1.1" 200 27
124.79.79.90 - - [04/Feb/2022:12:19:06 +0800] "GET /xingrg/all/function/internal_message.html?_=1643948343665&CODE_STATE=getMsg HTTP/1.1" 200 27
124.78.153.118 - - [04/Feb/2022:12:19:06 +0800] "GET /xingrg/all/function/internal_message.html?_=1643948342112&CODE_STATE=getMsg HTTP/1.1" 200 27
114.88.155.114 - - [04/Feb/2022:12:19:07 +0800] "GET /xingrg/all/function/internal_message.html?_=1643948135061&CODE_STATE=getMsg HTTP/1.1" 200 27
58.39.168.32 - - [04/Feb/2022:12:19:07 +0800] "GET /xingrg/kc/buy/cgsh_order_add.html HTTP/1.1" 200 65683
58.39.168.32 - - [04/Feb/2022:12:19:07 +0800] "GET /xingrg/javascript/easyui/themes/default/validatebox.css HTTP/1.1" 404 1104
58.39.168.32 - - [04/Feb/2022:12:19:07 +0800] "POST /xingrg/kc/buy/cgsh_order_operate.html HTTP/1.1" 200 8245
58.39.168.32 - - [04/Feb/2022:12:19:09 +0800] "GET /xingrg/javascript/auto/indicator.gif HTTP/1.1" 404 1066
180.162.112.109 - - [04/Feb/2022:12:19:12 +0800] "GET /xingrg/all/function/internal_message.html?_=1643947738784&CODE_STATE=getMsg HTTP/1.1" 200 27
222.70.243.96 - - [04/Feb/2022:12:19:12 +0800] "GET /xingrg/check_reg.html?_=1643948366091 HTTP/1.1" 302 -
58.39.168.32 - - [04/Feb/2022:12:19:17 +0800] "GET /xingrg/all/function/internal_message.html?_=1643948292247&CODE_STATE=getMsg HTTP/1.1" 200 27
58.39.168.32 - - [04/Feb/2022:12:19:17 +0800] "GET /xingrg/check_reg.html?_=1643948292250 HTTP/1.1" 200 22
180.157.251.97 - - [04/Feb/2022:12:19:19 +0800] "GET /xingrg/all/function/internal_message.html?_=1643948357156&CODE_STATE=getMsg HTTP/1.1" 200 27
58.39.168.32 - - [04/Feb/2022:12:19:21 +0800] "GET /xingrg/kc/buy/cgsh_order_operate.html?command=get_materiel&rest_code=00105&code=00101001040&supplier_code=00100319&order_time=2022-02-04 HTTP/1.1" 200 437
101.85.120.86 - - [04/Feb/2022:12:19:32 +0800] "GET /xingrg/all/function/internal_message.html?_=1643948369327&CODE_STATE=getMsg HTTP/1.1" 200 27
101.85.120.86 - - [04/Feb/2022:12:19:32 +0800] "GET /xingrg/check_reg.html?_=1643948369330 HTTP/1.1" 200 22
222.70.243.96 - - [04/Feb/2022:12:19:34 +0800] "GET /xingrg/all/function/internal_message.html?_=1643948387861&CODE_STATE=getMsg HTTP/1.1" 302 -
222.70.223.103 - - [04/Feb/2022:12:19:35 +0800] "GET /xingrg/all/function/internal_message.html?_=1643948370372&CODE_STATE=getMsg HTTP/1.1" 200 27
180.152.99.39 - - [04/Feb/2022:12:19:38 +0800] "GET /xingrg/all/function/internal_message.html?_=1643948297028&CODE_STATE=getMsg HTTP/1.1" 200 27
58.39.168.32 - - [04/Feb/2022:12:19:38 +0800] "GET /xingrg/kc/buy/cgsh_order_operate.html?command=get_materiel&rest_code=00105&code=00101001140&supplier_code=00100319&order_time=2022-02-04 HTTP/1.1" 200 438
222.70.243.96 - - [04/Feb/2022:12:19:40 +0800] "GET /xingrg/all/function/internal_message.html?_=1643948396197&CODE_STATE=getMsg HTTP/1.1" 200 27
58.39.168.32 - - [04/Feb/2022:12:19:46 +0800] "GET /xingrg/kc/buy/cgsh_order_operate.html?command=get_materiel&rest_code=00105&code=00101001125&supplier_code=00100319&order_time=2022-02-04 HTTP/1.1" 200 438
114.88.155.114 - - [04/Feb/2022:12:19:54 +0800] "GET /xingrg/javascript/auto/indicator.gif HTTP/1.1" 404 1066
114.88.155.114 - - [04/Feb/2022:12:19:55 +0800] "GET /xingrg/javascript/jquery_tools/images/next.gif HTTP/1.1" 404 1086
114.88.155.114 - - [04/Feb/2022:12:19:55 +0800] "GET /xingrg/javascript/jquery_tools/images/prev.gif HTTP/1.1" 404 1086
101.83.241.237 - - [04/Feb/2022:12:19:56 +0800] "GET /xingrg/all/function/internal_message.html?_=1643948390335&CODE_STATE=getMsg HTTP/1.1" 200 27
114.88.155.114 - - [04/Feb/2022:12:20:00 +0800] "GET /xingrg/kc/buy/cgsh_order_operate.html?command=get_materiel&rest_code=00141&code=00101001140&supplier_code=00100090&order_time=2022-02-04 HTTP/1.1" 200 438
58.39.168.32 - - [04/Feb/2022:12:20:04 +0800] "GET /xingrg/kc/buy/cgsh_order_operate.html?command=get_materiel&rest_code=00105&code=00101001044&supplier_code=00100319&order_time=2022-02-04 HTTP/1.1" 200 432
58.39.168.32 - - [04/Feb/2022:12:20:05 +0800] "GET /xingrg/all/function/internal_message.html?_=1643948402572&CODE_STATE=getMsg HTTP/1.1" 200 27
180.152.99.73 - - [04/Feb/2022:12:20:06 +0800] "GET /xingrg/all/function/internal_message.html?_=1643948403774&CODE_STATE=getMsg HTTP/1.1" 200 27
124.79.79.90 - - [04/Feb/2022:12:20:06 +0800] "GET /xingrg/all/function/internal_message.html?_=1643948403667&CODE_STATE=getMsg HTTP/1.1" 200 27
180.152.99.73 - - [04/Feb/2022:12:20:06 +0800] "GET /xingrg/check_reg.html?_=1643948404308 HTTP/1.1" 200 22
124.78.153.118 - - [04/Feb/2022:12:20:06 +0800] "GET /xingrg/all/function/internal_message.html?_=1643948402080&CODE_STATE=getMsg HTTP/1.1" 200 27
114.88.155.114 - - [04/Feb/2022:12:20:07 +0800] "GET /xingrg/all/function/internal_message.html?_=1643948195053&CODE_STATE=getMsg HTTP/1.1" 200 27
58.39.168.32 - - [04/Feb/2022:12:20:11 +0800] "GET /xingrg/kc/buy/cgsh_order_operate.html?command=get_materiel&rest_code=00105&code=00101001169&supplier_code=00100319&order_time=2022-02-04 HTTP/1.1" 200 436
180.162.112.109 - - [04/Feb/2022:12:20:12 +0800] "GET /xingrg/all/function/internal_message.html?_=1643947798808&CODE_STATE=getMsg HTTP/1.1" 200 27
114.88.155.114 - - [04/Feb/2022:12:20:14 +0800] "POST /xingrg/kc/buy/cgsh_order_operate.html HTTP/1.1" 200 37
58.39.168.32 - - [04/Feb/2022:12:20:17 +0800] "GET /xingrg/all/function/internal_message.html?_=1643948352249&CODE_STATE=getMsg HTTP/1.1" 200 27
114.88.155.114 - - [04/Feb/2022:12:20:18 +0800] "POST /xingrg/kc/buy/cgsh_order_operate.html HTTP/1.1" 200 12
180.157.251.97 - - [04/Feb/2022:12:20:19 +0800] "GET /xingrg/check_reg.html?_=1643948417155 HTTP/1.1" 200 22
180.157.251.97 - - [04/Feb/2022:12:20:19 +0800] "GET /xingrg/all/function/internal_message.html?_=1643948417157&CODE_STATE=getMsg HTTP/1.1" 200 27
114.88.155.114 - - [04/Feb/2022:12:20:19 +0800] "GET /xingrg/kc/buy/cgsh_order_info.html?code=212022020400300 HTTP/1.1" 200 60549
114.88.155.114 - - [04/Feb/2022:12:20:20 +0800] "GET /xingrg/javascript/easyui/themes/default/validatebox.css HTTP/1.1" 404 1104
114.88.155.114 - - [04/Feb/2022:12:20:20 +0800] "POST /xingrg/kc/buy/cgsh_order_operate.html HTTP/1.1" 200 616
114.88.155.114 - - [04/Feb/2022:12:20:23 +0800] "GET /xingrg/kc/print/load_config.html?kc_code=cgsh HTTP/1.1" 200 1943
114.88.155.114 - - [04/Feb/2022:12:20:23 +0800] "GET /xingrg/kc/print/load_data.html?order_code=212022020400300&kc_code=cgsh&condition= HTTP/1.1" 200 788
222.70.243.96 - - [04/Feb/2022:12:20:24 +0800] "GET /xingrg/check_reg.html?_=1643948440298 HTTP/1.1" 200 22
114.88.155.114 - - [04/Feb/2022:12:20:27 +0800] "GET /xingrg/kc/buy/cgsh_order_add.html HTTP/1.1" 200 65642
114.88.155.114 - - [04/Feb/2022:12:20:27 +0800] "POST /xingrg/kc/buy/cgsh_order_operate.html HTTP/1.1" 200 8245
114.88.155.114 - - [04/Feb/2022:12:20:27 +0800] "GET /xingrg/javascript/easyui/themes/default/validatebox.css HTTP/1.1" 404 1104
58.39.168.32 - - [04/Feb/2022:12:20:28 +0800] "POST /xingrg/kc/buy/cgsh_order_operate.html HTTP/1.1" 200 37
58.39.168.32 - - [04/Feb/2022:12:20:30 +0800] "POST /xingrg/kc/buy/cgsh_order_operate.html HTTP/1.1" 200 5052
58.39.168.32 - - [04/Feb/2022:12:20:31 +0800] "GET /xingrg/kc/print/load_config.html?kc_code=cgsh HTTP/1.1" 200 1943
58.39.168.32 - - [04/Feb/2022:12:20:31 +0800] "GET /xingrg/kc/print/load_data.html?order_code=212022020400301&kc_code=cgsh&condition= HTTP/1.1" 200 1606
101.85.120.86 - - [04/Feb/2022:12:20:32 +0800] "GET /xingrg/all/function/internal_message.html?_=1643948429329&CODE_STATE=getMsg HTTP/1.1" 200 27
222.70.243.96 - - [04/Feb/2022:12:20:34 +0800] "GET /xingrg/all/function/internal_message.html?_=1643948447877&CODE_STATE=getMsg HTTP/1.1" 302 -
58.39.168.32 - - [04/Feb/2022:12:20:35 +0800] "GET /xingrg/kc/buy/cgsh_order_add.html HTTP/1.1" 200 65683
58.39.168.32 - - [04/Feb/2022:12:20:35 +0800] "POST /xingrg/kc/buy/cgsh_order_operate.html HTTP/1.1" 200 8245
58.39.168.32 - - [04/Feb/2022:12:20:35 +0800] "GET /xingrg/javascript/easyui/themes/default/validatebox.css HTTP/1.1" 404 1104
222.70.223.103 - - [04/Feb/2022:12:20:35 +0800] "GET /xingrg/all/function/internal_message.html?_=1643948430363&CODE_STATE=getMsg HTTP/1.1" 200 27
180.152.99.39 - - [04/Feb/2022:12:20:38 +0800] "GET /xingrg/all/function/internal_message.html?_=1643948357028&CODE_STATE=getMsg HTTP/1.1" 200 27
222.70.243.96 - - [04/Feb/2022:12:20:40 +0800] "GET /xingrg/all/function/internal_message.html?_=1643948456210&CODE_STATE=getMsg HTTP/1.1" 200 27
61.151.178.249 - - [04/Feb/2022:12:20:42 +0800] "GET /xingrg/all/function/internal_message.html?_=1643947322562&CODE_STATE=getMsg HTTP/1.1" 302 -
61.151.178.249 - - [04/Feb/2022:12:20:42 +0800] "GET /xingrg/login.html HTTP/1.1" 200 7641
114.88.155.114 - - [04/Feb/2022:12:20:43 +0800] "GET /xingrg/kc/buy/cgsh_order_operate.html?command=get_materiel&rest_code=00141&code=00102002195&supplier_code=00100093&order_time=2022-02-04 HTTP/1.1" 200 414
58.39.168.32 - - [04/Feb/2022:12:20:44 +0800] "GET /xingrg/kc/buy/cgsh_order_operate.html?command=get_materiel&rest_code=00105&code=00101003041&supplier_code=00100088&order_time=2022-02-04 HTTP/1.1" 200 439
101.83.241.237 - - [04/Feb/2022:12:20:56 +0800] "GET /xingrg/all/function/internal_message.html?_=1643948450320&CODE_STATE=getMsg HTTP/1.1" 200 27
58.39.168.32 - - [04/Feb/2022:12:21:03 +0800] "POST /xingrg/kc/buy/cgsh_order_operate.html HTTP/1.1" 200 37
114.88.155.114 - - [04/Feb/2022:12:21:04 +0800] "GET /xingrg/kc/buy/cgsh_order_operate.html?command=get_materiel&rest_code=00141&code=00101003017&supplier_code=00100093&order_time=2022-02-04 HTTP/1.1" 200 426
180.152.99.73 - - [04/Feb/2022:12:21:06 +0800] "GET /xingrg/all/function/internal_message.html?_=1643948463747&CODE_STATE=getMsg HTTP/1.1" 200 27
124.79.79.90 - - [04/Feb/2022:12:21:06 +0800] "GET /xingrg/all/function/internal_message.html?_=1643948463655&CODE_STATE=getMsg HTTP/1.1" 200 27
124.78.153.118 - - [04/Feb/2022:12:21:06 +0800] "GET /xingrg/all/function/internal_message.html?_=1643948462052&CODE_STATE=getMsg HTTP/1.1" 200 27
114.88.155.114 - - [04/Feb/2022:12:21:07 +0800] "GET /xingrg/check_reg.html?_=1643948255060 HTTP/1.1" 200 22
114.88.155.114 - - [04/Feb/2022:12:21:07 +0800] "GET /xingrg/all/function/internal_message.html?_=1643948255061&CODE_STATE=getMsg HTTP/1.1" 200 27
58.39.168.32 - - [04/Feb/2022:12:21:09 +0800] "POST /xingrg/kc/buy/cgsh_order_operate.html HTTP/1.1" 200 2667
58.39.168.32 - - [04/Feb/2022:12:21:10 +0800] "GET /xingrg/kc/print/load_data.html?order_code=212022020400302&kc_code=cgsh&condition= HTTP/1.1" 200 750
180.162.112.109 - - [04/Feb/2022:12:21:12 +0800] "GET /xingrg/all/function/internal_message.html?_=1643947858811&CODE_STATE=getMsg HTTP/1.1" 200 27
58.39.168.32 - - [04/Feb/2022:12:21:14 +0800] "GET /xingrg/kc/buy/cgsh_order_add.html HTTP/1.1" 200 65683
58.39.168.32 - - [04/Feb/2022:12:21:15 +0800] "POST /xingrg/kc/buy/cgsh_order_operate.html HTTP/1.1" 200 8245
58.39.168.32 - - [04/Feb/2022:12:21:15 +0800] "GET /xingrg/javascript/easyui/themes/default/validatebox.css HTTP/1.1" 404 1104
58.39.168.32 - - [04/Feb/2022:12:21:17 +0800] "GET /xingrg/all/function/internal_message.html?_=1643948412250&CODE_STATE=getMsg HTTP/1.1" 200 27
114.88.155.114 - - [04/Feb/2022:12:21:19 +0800] "POST /xingrg/kc/buy/cgsh_order_operate.html HTTP/1.1" 200 37
180.157.251.97 - - [04/Feb/2022:12:21:19 +0800] "GET /xingrg/all/function/internal_message.html?_=1643948477157&CODE_STATE=getMsg HTTP/1.1" 200 27
114.88.155.114 - - [04/Feb/2022:12:21:24 +0800] "POST /xingrg/kc/buy/cgsh_order_operate.html HTTP/1.1" 200 12
58.39.168.32 - - [04/Feb/2022:12:21:24 +0800] "GET /xingrg/kc/buy/cgsh_order_operate.html?command=get_materiel&rest_code=00105&code=00101004034&supplier_code=00100085&order_time=2022-02-04 HTTP/1.1" 200 418
114.88.155.114 - - [04/Feb/2022:12:21:25 +0800] "GET /xingrg/kc/buy/cgsh_order_info.html?code=212022020400303 HTTP/1.1" 200 60547
114.88.155.114 - - [04/Feb/2022:12:21:25 +0800] "GET /xingrg/javascript/easyui/themes/default/validatebox.css HTTP/1.1" 404 1104
114.88.155.114 - - [04/Feb/2022:12:21:26 +0800] "POST /xingrg/kc/buy/cgsh_order_operate.html HTTP/1.1" 200 1221
101.85.120.86 - - [04/Feb/2022:12:21:32 +0800] "GET /xingrg/all/function/internal_message.html?_=1643948489329&CODE_STATE=getMsg HTTP/1.1" 200 27
58.39.168.32 - - [04/Feb/2022:12:21:34 +0800] "POST /xingrg/kc/buy/cgsh_order_operate.html HTTP/1.1" 200 37
114.88.155.114 - - [04/Feb/2022:12:21:34 +0800] "GET /xingrg/kc/print/load_data.html?order_code=212022020400303&kc_code=cgsh&condition= HTTP/1.1" 200 1009
222.70.243.96 - - [04/Feb/2022:12:21:34 +0800] "GET /xingrg/all/function/internal_message.html?_=1643948507924&CODE_STATE=getMsg HTTP/1.1" 302 -
222.70.223.103 - - [04/Feb/2022:12:21:35 +0800] "GET /xingrg/all/function/internal_message.html?_=1643948490364&CODE_STATE=getMsg HTTP/1.1" 200 27
180.152.99.39 - - [04/Feb/2022:12:21:38 +0800] "GET /xingrg/all/function/internal_message.html?_=1643948417092&CODE_STATE=getMsg HTTP/1.1" 200 27
58.39.168.32 - - [04/Feb/2022:12:21:40 +0800] "POST /xingrg/kc/buy/cgsh_order_operate.html HTTP/1.1" 200 2666
114.88.155.114 - - [04/Feb/2022:12:21:40 +0800] "GET /xingrg/kc/buy/cgsh_order_add.html HTTP/1.1" 200 65642
222.70.243.96 - - [04/Feb/2022:12:21:40 +0800] "GET /xingrg/all/function/internal_message.html?_=1643948516224&CODE_STATE=getMsg HTTP/1.1" 200 27
114.88.155.114 - - [04/Feb/2022:12:21:40 +0800] "POST /xingrg/kc/buy/cgsh_order_operate.html HTTP/1.1" 200 8245
114.88.155.114 - - [04/Feb/2022:12:21:40 +0800] "GET /xingrg/javascript/easyui/themes/default/validatebox.css HTTP/1.1" 404 1104
58.39.168.32 - - [04/Feb/2022:12:21:41 +0800] "GET /xingrg/kc/print/load_data.html?order_code=212022020400304&kc_code=cgsh&condition= HTTP/1.1" 200 734
58.39.168.32 - - [04/Feb/2022:12:21:44 +0800] "GET /xingrg/kc/buy/cgsh_order_add.html HTTP/1.1" 200 65683
58.39.168.32 - - [04/Feb/2022:12:21:45 +0800] "POST /xingrg/kc/buy/cgsh_order_operate.html HTTP/1.1" 200 8245
58.39.168.32 - - [04/Feb/2022:12:21:45 +0800] "GET /xingrg/javascript/easyui/themes/default/validatebox.css HTTP/1.1" 404 1104
180.152.99.39 - - [04/Feb/2022:12:21:50 +0800] "GET /xingrg/check_reg.html?_=1643948428868 HTTP/1.1" 200 22
58.39.168.32 - - [04/Feb/2022:12:21:55 +0800] "GET /xingrg/kc/buy/cgsh_order_operate.html?command=get_materiel&rest_code=00105&code=00101003033&supplier_code=00100497&order_time=2022-02-04 HTTP/1.1" 200 447
101.83.241.237 - - [04/Feb/2022:12:21:56 +0800] "GET /xingrg/all/function/internal_message.html?_=1643948510319&CODE_STATE=getMsg HTTP/1.1" 200 27
114.88.155.114 - - [04/Feb/2022:12:21:57 +0800] "GET /xingrg/kc/buy/cgsh_order_operate.html?command=get_materiel&rest_code=00141&code=00101010309&supplier_code=00100091&order_time=2022-02-04 HTTP/1.1" 200 443
101.83.241.237 - - [04/Feb/2022:12:21:57 +0800] "GET /xingrg/check_reg.html?_=1643948511493 HTTP/1.1" 200 22
58.39.168.32 - - [04/Feb/2022:12:22:05 +0800] "POST /xingrg/kc/buy/cgsh_order_operate.html HTTP/1.1" 200 37
180.152.99.73 - - [04/Feb/2022:12:22:06 +0800] "GET /xingrg/all/function/internal_message.html?_=1643948523738&CODE_STATE=getMsg HTTP/1.1" 200 27
124.79.79.90 - - [04/Feb/2022:12:22:06 +0800] "GET /xingrg/all/function/internal_message.html?_=1643948523656&CODE_STATE=getMsg HTTP/1.1" 200 27
124.78.153.118 - - [04/Feb/2022:12:22:06 +0800] "GET /xingrg/all/function/internal_message.html?_=1643948522031&CODE_STATE=getMsg HTTP/1.1" 200 27
124.78.153.118 - - [04/Feb/2022:12:22:07 +0800] "GET /xingrg/check_reg.html?_=1643948522547 HTTP/1.1" 200 22
114.88.155.114 - - [04/Feb/2022:12:22:07 +0800] "GET /xingrg/all/function/internal_message.html?_=1643948315073&CODE_STATE=getMsg HTTP/1.1" 200 27
114.88.155.114 - - [04/Feb/2022:12:22:08 +0800] "POST /xingrg/kc/buy/cgsh_order_operate.html HTTP/1.1" 200 37
180.162.112.109 - - [04/Feb/2022:12:22:12 +0800] "GET /xingrg/all/function/internal_message.html?_=1643947918803&CODE_STATE=getMsg HTTP/1.1" 200 27
114.88.155.114 - - [04/Feb/2022:12:22:13 +0800] "POST /xingrg/kc/buy/cgsh_order_operate.html HTTP/1.1" 200 12
114.88.155.114 - - [04/Feb/2022:12:22:15 +0800] "GET /xingrg/kc/buy/cgsh_order_info.html?code=212022020400306 HTTP/1.1" 200 60549
58.39.168.32 - - [04/Feb/2022:12:22:15 +0800] "POST /xingrg/kc/buy/cgsh_order_operate.html HTTP/1.1" 200 2675
114.88.155.114 - - [04/Feb/2022:12:22:15 +0800] "GET /xingrg/javascript/easyui/themes/default/validatebox.css HTTP/1.1" 404 1104
114.88.155.114 - - [04/Feb/2022:12:22:16 +0800] "POST /xingrg/kc/buy/cgsh_order_operate.html HTTP/1.1" 200 620
58.39.168.32 - - [04/Feb/2022:12:22:16 +0800] "GET /xingrg/kc/print/load_data.html?order_code=212022020400305&kc_code=cgsh&condition= HTTP/1.1" 200 690
58.39.168.32 - - [04/Feb/2022:12:22:17 +0800] "GET /xingrg/all/function/internal_message.html?_=1643948472275&CODE_STATE=getMsg HTTP/1.1" 200 27
114.88.155.114 - - [04/Feb/2022:12:22:17 +0800] "GET /xingrg/kc/print/load_data.html?order_code=212022020400306&kc_code=cgsh&condition= HTTP/1.1" 200 787
58.39.168.32 - - [04/Feb/2022:12:22:19 +0800] "GET /xingrg/kc/buy/cgsh_order_add.html HTTP/1.1" 200 65683
180.157.251.97 - - [04/Feb/2022:12:22:19 +0800] "GET /xingrg/all/function/internal_message.html?_=1643948537182&CODE_STATE=getMsg HTTP/1.1" 200 27
58.39.168.32 - - [04/Feb/2022:12:22:19 +0800] "POST /xingrg/kc/buy/cgsh_order_operate.html HTTP/1.1" 200 8245
58.39.168.32 - - [04/Feb/2022:12:22:19 +0800] "GET /xingrg/javascript/easyui/themes/default/validatebox.css HTTP/1.1" 404 1104
114.88.155.114 - - [04/Feb/2022:12:22:20 +0800] "GET /xingrg/kc/buy/cgsh_order_add.html HTTP/1.1" 200 65642
114.88.155.114 - - [04/Feb/2022:12:22:21 +0800] "POST /xingrg/kc/buy/cgsh_order_operate.html HTTP/1.1" 200 8245
114.88.155.114 - - [04/Feb/2022:12:22:21 +0800] "GET /xingrg/javascript/easyui/themes/default/validatebox.css HTTP/1.1" 404 1104
114.88.155.114 - - [04/Feb/2022:12:22:28 +0800] "GET /xingrg/kc/buy/cgsh_order_operate.html?command=get_materiel&rest_code=00141&code=00101002007&supplier_code=00100442&order_time=2022-02-04 HTTP/1.1" 200 430
58.39.168.32 - - [04/Feb/2022:12:22:29 +0800] "GET /xingrg/kc/buy/cgsh_order_operate.html?command=get_materiel&rest_code=00105&code=00101005037&supplier_code=00100334&order_time=2022-02-04 HTTP/1.1" 200 429
101.85.120.86 - - [04/Feb/2022:12:22:32 +0800] "GET /xingrg/all/function/internal_message.html?_=1643948549329&CODE_STATE=getMsg HTTP/1.1" 200 27
222.70.243.96 - - [04/Feb/2022:12:22:34 +0800] "GET /xingrg/all/function/internal_message.html?_=1643948567936&CODE_STATE=getMsg HTTP/1.1" 302 -
222.70.223.103 - - [04/Feb/2022:12:22:35 +0800] "GET /xingrg/all/function/internal_message.html?_=1643948550354&CODE_STATE=getMsg HTTP/1.1" 200 27
222.70.223.103 - - [04/Feb/2022:12:22:35 +0800] "GET /xingrg/check_reg.html?_=1643948550357 HTTP/1.1" 200 22
180.152.99.39 - - [04/Feb/2022:12:22:38 +0800] "GET /xingrg/all/function/internal_message.html?_=1643948477102&CODE_STATE=getMsg HTTP/1.1" 200 27
114.88.155.114 - - [04/Feb/2022:12:22:39 +0800] "POST /xingrg/kc/buy/cgsh_order_operate.html HTTP/1.1" 200 37
222.70.243.96 - - [04/Feb/2022:12:22:41 +0800] "GET /xingrg/all/function/internal_message.html?_=1643948576601&CODE_STATE=getMsg HTTP/1.1" 200 27
58.39.168.32 - - [04/Feb/2022:12:22:41 +0800] "GET /xingrg/kc/buy/cgsh_order_operate.html?command=get_materiel&rest_code=00105&code=00101010161&supplier_code=00100334&order_time=2022-02-04 HTTP/1.1" 200 429
180.157.251.97 - - [04/Feb/2022:12:22:42 +0800] "GET /xingrg/kc/buy/cgsh_order_list.html HTTP/1.1" 200 49826
180.157.251.97 - - [04/Feb/2022:12:22:43 +0800] "POST /xingrg/kc/buy/cgsh_list_operate.html HTTP/1.1" 200 876
114.88.155.114 - - [04/Feb/2022:12:22:54 +0800] "POST /xingrg/kc/buy/cgsh_order_operate.html HTTP/1.1" 200 12
101.83.241.237 - - [04/Feb/2022:12:22:56 +0800] "GET /xingrg/all/function/internal_message.html?_=1643948570292&CODE_STATE=getMsg HTTP/1.1" 200 27
114.88.155.114 - - [04/Feb/2022:12:22:56 +0800] "GET /xingrg/kc/buy/cgsh_order_info.html?code=212022020400307 HTTP/1.1" 200 60547
114.88.155.114 - - [04/Feb/2022:12:22:56 +0800] "GET /xingrg/javascript/easyui/themes/default/validatebox.css HTTP/1.1" 404 1104
114.88.155.114 - - [04/Feb/2022:12:22:57 +0800] "POST /xingrg/kc/buy/cgsh_order_operate.html HTTP/1.1" 200 609
58.39.168.32 - - [04/Feb/2022:12:23:05 +0800] "GET /xingrg/check_reg.html?_=1643948582581 HTTP/1.1" 200 22
58.39.168.32 - - [04/Feb/2022:12:23:05 +0800] "GET /xingrg/all/function/internal_message.html?_=1643948582584&CODE_STATE=getMsg HTTP/1.1" 200 27
180.152.99.73 - - [04/Feb/2022:12:23:06 +0800] "GET /xingrg/all/function/internal_message.html?_=1643948583724&CODE_STATE=getMsg HTTP/1.1" 200 27
58.39.168.32 - - [04/Feb/2022:12:23:06 +0800] "POST /xingrg/kc/buy/cgsh_order_operate.html HTTP/1.1" 200 37
124.79.79.90 - - [04/Feb/2022:12:23:06 +0800] "GET /xingrg/all/function/internal_message.html?_=1643948583663&CODE_STATE=getMsg HTTP/1.1" 200 27
124.79.79.90 - - [04/Feb/2022:12:23:06 +0800] "GET /xingrg/check_reg.html?_=1643948583664 HTTP/1.1" 200 22
124.78.153.118 - - [04/Feb/2022:12:23:06 +0800] "GET /xingrg/all/function/internal_message.html?_=1643948582001&CODE_STATE=getMsg HTTP/1.1" 200 27
101.89.29.78 - - [04/Feb/2022:12:23:06 +0800] "GET /xingrg/check_reg.html?_=1643948522547 HTTP/1.1" 302 -
114.88.155.114 - - [04/Feb/2022:12:23:07 +0800] "GET /xingrg/all/function/internal_message.html?_=1643948375075&CODE_STATE=getMsg HTTP/1.1" 200 27
101.89.29.78 - - [04/Feb/2022:12:23:07 +0800] "GET /xingrg/login.html HTTP/1.1" 200 7641
58.39.168.32 - - [04/Feb/2022:12:23:08 +0800] "POST /xingrg/kc/buy/cgsh_order_operate.html HTTP/1.1" 200 3830
58.39.168.32 - - [04/Feb/2022:12:23:09 +0800] "GET /xingrg/kc/print/load_data.html?order_code=212022020400308&kc_code=cgsh&condition= HTTP/1.1" 200 1115
180.157.251.97 - - [04/Feb/2022:12:23:11 +0800] "GET /xingrg/kc/buy/cgsh_order_add.html HTTP/1.1" 200 65589
180.157.251.97 - - [04/Feb/2022:12:23:11 +0800] "GET /xingrg/words/20220128115405_words.js HTTP/1.1" 304 -
180.157.251.97 - - [04/Feb/2022:12:23:11 +0800] "POST /xingrg/kc/buy/cgsh_order_operate.html HTTP/1.1" 200 8245
180.157.251.97 - - [04/Feb/2022:12:23:11 +0800] "GET /xingrg/all/common/auto_word.html?type=employee&rest_code=00148 HTTP/1.1" 200 243
180.157.251.97 - - [04/Feb/2022:12:23:11 +0800] "GET /xingrg/javascript/easyui/themes/default/validatebox.css HTTP/1.1" 404 1104
180.157.251.97 - - [04/Feb/2022:12:23:11 +0800] "GET /xingrg/all/common/auto_word.html?type=employee&rest_code=00148 HTTP/1.1" 200 243
180.162.112.109 - - [04/Feb/2022:12:23:12 +0800] "GET /xingrg/check_reg.html?_=1643947978813 HTTP/1.1" 200 22
180.162.112.109 - - [04/Feb/2022:12:23:12 +0800] "GET /xingrg/all/function/internal_message.html?_=1643947978811&CODE_STATE=getMsg HTTP/1.1" 200 27
58.39.168.32 - - [04/Feb/2022:12:23:12 +0800] "GET /xingrg/kc/buy/cgsh_order_add.html HTTP/1.1" 200 65683
58.39.168.32 - - [04/Feb/2022:12:23:12 +0800] "POST /xingrg/kc/buy/cgsh_order_operate.html HTTP/1.1" 200 8245
58.39.168.32 - - [04/Feb/2022:12:23:12 +0800] "GET /xingrg/javascript/easyui/themes/default/validatebox.css HTTP/1.1" 404 1104
58.39.168.32 - - [04/Feb/2022:12:23:17 +0800] "GET /xingrg/all/function/internal_message.html?_=1643948532276&CODE_STATE=getMsg HTTP/1.1" 200 27
120.253.135.82 - - [04/Feb/2022:12:23:17 +0800] "GET /xingrg/check_reg.html?_=1643948387527 HTTP/1.1" 200 22
180.157.251.97 - - [04/Feb/2022:12:23:19 +0800] "GET /xingrg/all/function/internal_message.html?_=1643948597175&CODE_STATE=getMsg HTTP/1.1" 200 27
58.39.168.32 - - [04/Feb/2022:12:23:21 +0800] "GET /xingrg/kc/buy/cgsh_order_operate.html?command=get_materiel&rest_code=00105&code=00101004046&supplier_code=00100312&order_time=2022-02-04 HTTP/1.1" 200 439
114.88.155.114 - - [04/Feb/2022:12:23:22 +0800] "GET /xingrg/kc/print/load_data.html?order_code=212022020400307&kc_code=cgsh&condition= HTTP/1.1" 200 714
58.39.168.32 - - [04/Feb/2022:12:23:31 +0800] "GET /xingrg/kc/buy/cgsh_order_operate.html?command=get_materiel&rest_code=00105&code=00101004067&supplier_code=00100312&order_time=2022-02-04 HTTP/1.1" 200 433
101.85.120.86 - - [04/Feb/2022:12:23:32 +0800] "GET /xingrg/all/function/internal_message.html?_=1643948609330&CODE_STATE=getMsg HTTP/1.1" 200 27
222.70.243.96 - - [04/Feb/2022:12:23:34 +0800] "GET /xingrg/all/function/internal_message.html?_=1643948627982&CODE_STATE=getMsg HTTP/1.1" 302 -
222.70.223.103 - - [04/Feb/2022:12:23:35 +0800] "GET /xingrg/all/function/internal_message.html?_=1643948610362&CODE_STATE=getMsg HTTP/1.1" 200 27
180.152.99.39 - - [04/Feb/2022:12:23:38 +0800] "GET /xingrg/all/function/internal_message.html?_=1643948537116&CODE_STATE=getMsg HTTP/1.1" 200 27
222.70.243.96 - - [04/Feb/2022:12:23:41 +0800] "GET /xingrg/all/function/internal_message.html?_=1643948636609&CODE_STATE=getMsg HTTP/1.1" 200 27
114.88.155.114 - - [04/Feb/2022:12:23:42 +0800] "GET /xingrg/kc/buy/cgsh_order_add.html HTTP/1.1" 200 65642
114.88.155.114 - - [04/Feb/2022:12:23:42 +0800] "POST /xingrg/kc/buy/cgsh_order_operate.html HTTP/1.1" 200 8245
114.88.155.114 - - [04/Feb/2022:12:23:42 +0800] "GET /xingrg/javascript/easyui/themes/default/validatebox.css HTTP/1.1" 404 1104
58.39.168.32 - - [04/Feb/2022:12:23:43 +0800] "GET /xingrg/kc/buy/cgsh_order_operate.html?command=get_materiel&rest_code=00105&code=00101004024&supplier_code=00100312&order_time=2022-02-04 HTTP/1.1" 200 431
114.88.155.114 - - [04/Feb/2022:12:23:55 +0800] "GET /xingrg/kc/buy/cgsh_order_operate.html?command=get_materiel&rest_code=00141&code=00101004104&supplier_code=00100086&order_time=2022-02-04 HTTP/1.1" 200 394
58.39.168.32 - - [04/Feb/2022:12:23:55 +0800] "GET /xingrg/kc/buy/cgsh_order_operate.html?command=get_materiel&rest_code=00105&code=00101004071&supplier_code=00100312&order_time=2022-02-04 HTTP/1.1" 200 430
101.83.241.237 - - [04/Feb/2022:12:23:56 +0800] "GET /xingrg/all/function/internal_message.html?_=1643948630264&CODE_STATE=getMsg HTTP/1.1" 200 27
58.39.168.32 - - [04/Feb/2022:12:24:04 +0800] "GET /xingrg/kc/buy/cgsh_order_operate.html?command=get_materiel&rest_code=00105&code=00101004049&supplier_code=00100312&order_time=2022-02-04 HTTP/1.1" 200 434
58.39.168.32 - - [04/Feb/2022:12:24:05 +0800] "GET /xingrg/all/function/internal_message.html?_=1643948642553&CODE_STATE=getMsg HTTP/1.1" 200 27
180.152.99.73 - - [04/Feb/2022:12:24:06 +0800] "GET /xingrg/all/function/internal_message.html?_=1643948643700&CODE_STATE=getMsg HTTP/1.1" 200 27
124.79.79.90 - - [04/Feb/2022:12:24:06 +0800] "GET /xingrg/all/function/internal_message.html?_=1643948643664&CODE_STATE=getMsg HTTP/1.1" 200 27
124.78.153.118 - - [04/Feb/2022:12:24:06 +0800] "GET /xingrg/all/function/internal_message.html?_=1643948641973&CODE_STATE=getMsg HTTP/1.1" 200 27
114.88.155.114 - - [04/Feb/2022:12:24:07 +0800] "GET /xingrg/all/function/internal_message.html?_=1643948435086&CODE_STATE=getMsg HTTP/1.1" 200 27
114.88.155.114 - - [04/Feb/2022:12:24:09 +0800] "GET /xingrg/kc/buy/cgsh_order_operate.html?command=get_materiel&rest_code=00141&code=00101004065&supplier_code=00100086&order_time=2022-02-04 HTTP/1.1" 200 434
58.39.168.32 - - [04/Feb/2022:12:24:11 +0800] "GET /xingrg/kc/buy/cgsh_order_operate.html?command=get_materiel&rest_code=00105&code=00101005015&supplier_code=00100312&order_time=2022-02-04 HTTP/1.1" 200 429
180.162.112.109 - - [04/Feb/2022:12:24:12 +0800] "GET /xingrg/all/function/internal_message.html?_=1643948038804&CODE_STATE=getMsg HTTP/1.1" 200 27
222.70.243.96 - - [04/Feb/2022:12:24:12 +0800] "GET /xingrg/check_reg.html?_=1643948666091 HTTP/1.1" 302 -
61.151.178.197 - - [04/Feb/2022:12:24:15 +0800] "GET /xingrg/all/function/internal_message.html?_=1643947502454&CODE_STATE=getMsg HTTP/1.1" 302 -
