222.70.243.96 - - [04/Feb/2022:09:55:25 +0800] "GET /xingrg/all/function/internal_message.html?_=1643939741040&CODE_STATE=getMsg HTTP/1.1" 200 27
101.85.120.86 - - [04/Feb/2022:09:55:26 +0800] "GET /xingrg/kc/buy/cgsh_order_operate.html?command=get_materiel&rest_code=00142&code=00101011001&supplier_code=00100311&order_time=2022-02-04 HTTP/1.1" 200 443
58.39.168.32 - - [04/Feb/2022:09:55:27 +0800] "GET /xingrg/all/function/internal_message.html?_=1643939724249&CODE_STATE=getMsg HTTP/1.1" 200 27
222.70.243.96 - - [04/Feb/2022:09:55:30 +0800] "GET /xingrg/all/function/internal_message.html?_=1643939743863&CODE_STATE=getMsg HTTP/1.1" 302 -
101.85.120.86 - - [04/Feb/2022:09:55:32 +0800] "GET /xingrg/all/function/internal_message.html?_=1643939729070&CODE_STATE=getMsg HTTP/1.1" 200 27
180.152.99.39 - - [04/Feb/2022:09:55:34 +0800] "GET /xingrg/all/function/internal_message.html?_=1643939652749&CODE_STATE=getMsg HTTP/1.1" 200 27
101.85.120.86 - - [04/Feb/2022:09:55:41 +0800] "GET /xingrg/kc/buy/cgsh_order_operate.html?command=get_materiel&rest_code=00142&code=00101011005&supplier_code=00100311&order_time=2022-02-04 HTTP/1.1" 200 429
58.221.95.50 - - [04/Feb/2022:09:55:42 +0800] "GET /xingrg/check_reg.html?_=1643939739943 HTTP/1.1" 302 -
116.239.131.195 - - [04/Feb/2022:09:55:44 +0800] "GET /xingrg/all/function/internal_message.html?_=1643939763689&CODE_STATE=getMsg HTTP/1.1" 200 27
101.83.241.237 - - [04/Feb/2022:09:55:56 +0800] "GET /xingrg/all/function/internal_message.html?_=1643939750975&CODE_STATE=getMsg HTTP/1.1" 200 27
124.78.153.118 - - [04/Feb/2022:09:56:00 +0800] "GET /xingrg/all/function/internal_message.html?_=1643939756175&CODE_STATE=getMsg HTTP/1.1" 200 27
101.89.239.120 - - [04/Feb/2022:09:56:01 +0800] "GET /xingrg/check_reg.html?_=1643939696177 HTTP/1.1" 302 -
58.39.168.32 - - [04/Feb/2022:09:56:01 +0800] "POST /xingrg/kc/buy/cgsh_order_operate.html HTTP/1.1" 200 37
101.89.239.120 - - [04/Feb/2022:09:56:03 +0800] "GET /xingrg/login.html HTTP/1.1" 200 7641
180.162.112.109 - - [04/Feb/2022:09:56:11 +0800] "GET /xingrg/all/function/internal_message.html?_=1643939158621&CODE_STATE=getMsg HTTP/1.1" 200 27
58.39.168.32 - - [04/Feb/2022:09:56:16 +0800] "POST /xingrg/kc/buy/cgsh_order_operate.html HTTP/1.1" 200 36963
222.70.243.96 - - [04/Feb/2022:09:56:25 +0800] "GET /xingrg/all/function/internal_message.html?_=1643939801041&CODE_STATE=getMsg HTTP/1.1" 200 27
58.39.168.32 - - [04/Feb/2022:09:56:27 +0800] "GET /xingrg/check_reg.html?_=1643939784389 HTTP/1.1" 200 22
58.39.168.32 - - [04/Feb/2022:09:56:27 +0800] "GET /xingrg/all/function/internal_message.html?_=1643939784390&CODE_STATE=getMsg HTTP/1.1" 200 27
222.70.243.96 - - [04/Feb/2022:09:56:30 +0800] "GET /xingrg/all/function/internal_message.html?_=1643939803877&CODE_STATE=getMsg HTTP/1.1" 302 -
101.85.120.86 - - [04/Feb/2022:09:56:32 +0800] "GET /xingrg/all/function/internal_message.html?_=1643939789063&CODE_STATE=getMsg HTTP/1.1" 200 27
180.152.99.39 - - [04/Feb/2022:09:56:34 +0800] "GET /xingrg/all/function/internal_message.html?_=1643939712806&CODE_STATE=getMsg HTTP/1.1" 200 27
116.239.131.195 - - [04/Feb/2022:09:56:44 +0800] "GET /xingrg/all/function/internal_message.html?_=1643939823692&CODE_STATE=getMsg HTTP/1.1" 200 27
180.152.99.39 - - [04/Feb/2022:09:56:50 +0800] "GET /xingrg/check_reg.html?_=1643939728709 HTTP/1.1" 200 22
101.83.241.237 - - [04/Feb/2022:09:56:56 +0800] "GET /xingrg/check_reg.html?_=1643939810974 HTTP/1.1" 200 22
101.83.241.237 - - [04/Feb/2022:09:56:59 +0800] "GET /xingrg/all/function/internal_message.html?_=1643939810975&CODE_STATE=getMsg HTTP/1.1" 200 27
124.78.153.118 - - [04/Feb/2022:09:57:00 +0800] "GET /xingrg/all/function/internal_message.html?_=1643939816174&CODE_STATE=getMsg HTTP/1.1" 200 27
180.162.112.109 - - [04/Feb/2022:09:57:11 +0800] "GET /xingrg/all/function/internal_message.html?_=1643939218613&CODE_STATE=getMsg HTTP/1.1" 200 27
222.70.243.96 - - [04/Feb/2022:09:57:25 +0800] "GET /xingrg/all/function/internal_message.html?_=1643939861054&CODE_STATE=getMsg HTTP/1.1" 200 27
58.39.168.32 - - [04/Feb/2022:09:57:27 +0800] "GET /xingrg/all/function/internal_message.html?_=1643939844369&CODE_STATE=getMsg HTTP/1.1" 200 27
222.70.243.96 - - [04/Feb/2022:09:57:30 +0800] "GET /xingrg/all/function/internal_message.html?_=1643939863925&CODE_STATE=getMsg HTTP/1.1" 302 -
101.85.120.86 - - [04/Feb/2022:09:57:32 +0800] "GET /xingrg/all/function/internal_message.html?_=1643939849149&CODE_STATE=getMsg HTTP/1.1" 200 27
180.152.99.39 - - [04/Feb/2022:09:57:34 +0800] "GET /xingrg/all/function/internal_message.html?_=1643939772823&CODE_STATE=getMsg HTTP/1.1" 200 27
116.232.34.243 - - [04/Feb/2022:09:57:38 +0800] "POST /xingrg/services/DataTransmitService HTTP/1.1" 200 524
116.239.131.195 - - [04/Feb/2022:09:57:43 +0800] "GET /xingrg/check_reg.html?_=1643939882903 HTTP/1.1" 200 22
116.239.131.195 - - [04/Feb/2022:09:57:44 +0800] "GET /xingrg/all/function/internal_message.html?_=1643939883705&CODE_STATE=getMsg HTTP/1.1" 200 27
101.85.120.86 - - [04/Feb/2022:09:57:49 +0800] "POST /xingrg/kc/buy/cgsh_order_operate.html HTTP/1.1" 200 37
101.85.120.86 - - [04/Feb/2022:09:57:53 +0800] "POST /xingrg/kc/buy/cgsh_order_operate.html HTTP/1.1" 200 12
101.85.120.86 - - [04/Feb/2022:09:57:53 +0800] "GET /xingrg/kc/buy/cgsh_order_info.html?code=212022020400284 HTTP/1.1" 200 59627
101.85.120.86 - - [04/Feb/2022:09:57:54 +0800] "GET /xingrg/javascript/easyui/themes/default/validatebox.css HTTP/1.1" 404 1104
101.85.120.86 - - [04/Feb/2022:09:57:54 +0800] "POST /xingrg/kc/buy/cgsh_order_operate.html HTTP/1.1" 200 2990
101.85.120.86 - - [04/Feb/2022:09:57:56 +0800] "GET /xingrg/kc/print/load_config.html?kc_code=cgsh HTTP/1.1" 200 1943
101.85.120.86 - - [04/Feb/2022:09:57:56 +0800] "GET /xingrg/kc/print/load_data.html?order_code=212022020400284&kc_code=cgsh&condition= HTTP/1.1" 200 1629
101.85.120.86 - - [04/Feb/2022:09:57:56 +0800] "GET /xingrg/javascript/jquery_easy_ui/themes/default/images/tabs_active.png HTTP/1.1" 304 -
101.83.241.237 - - [04/Feb/2022:09:57:56 +0800] "GET /xingrg/all/function/internal_message.html?_=1643939870991&CODE_STATE=getMsg HTTP/1.1" 200 27
124.78.153.118 - - [04/Feb/2022:09:58:00 +0800] "GET /xingrg/all/function/internal_message.html?_=1643939876173&CODE_STATE=getMsg HTTP/1.1" 200 27
101.91.60.88 - - [04/Feb/2022:09:58:00 +0800] "GET /xingrg/all/function/internal_message.html?_=1643939816174&CODE_STATE=getMsg HTTP/1.1" 302 -
101.91.60.88 - - [04/Feb/2022:09:58:01 +0800] "GET /xingrg/login.html HTTP/1.1" 200 7641
101.85.120.86 - - [04/Feb/2022:09:58:04 +0800] "GET /xingrg/kc/buy/cgsh_order_add.html HTTP/1.1" 200 64714
101.85.120.86 - - [04/Feb/2022:09:58:05 +0800] "GET /xingrg/javascript/easyui/themes/default/validatebox.css HTTP/1.1" 404 1104
101.85.120.86 - - [04/Feb/2022:09:58:05 +0800] "POST /xingrg/kc/buy/cgsh_order_operate.html HTTP/1.1" 200 8245
180.152.99.73 - - [04/Feb/2022:09:58:05 +0800] "GET /xingrg/check_reg.html?_=1643939883560 HTTP/1.1" 302 -
180.162.112.109 - - [04/Feb/2022:09:58:11 +0800] "GET /xingrg/all/function/internal_message.html?_=1643939278613&CODE_STATE=getMsg HTTP/1.1" 200 27
180.162.112.109 - - [04/Feb/2022:09:58:11 +0800] "GET /xingrg/check_reg.html?_=1643939278616 HTTP/1.1" 200 22
101.85.120.86 - - [04/Feb/2022:09:58:18 +0800] "GET /xingrg/kc/buy/cgsh_order_operate.html?command=get_materiel&rest_code=00142&code=00101008126&supplier_code=00100161&order_time=2022-02-04 HTTP/1.1" 200 412
222.70.243.96 - - [04/Feb/2022:09:58:26 +0800] "GET /xingrg/all/function/internal_message.html?_=1643939921323&CODE_STATE=getMsg HTTP/1.1" 200 27
58.39.168.32 - - [04/Feb/2022:09:58:27 +0800] "GET /xingrg/all/function/internal_message.html?_=1643939904349&CODE_STATE=getMsg HTTP/1.1" 200 27
222.70.243.96 - - [04/Feb/2022:09:58:30 +0800] "GET /xingrg/all/function/internal_message.html?_=1643939923936&CODE_STATE=getMsg HTTP/1.1" 302 -
101.85.120.86 - - [04/Feb/2022:09:58:31 +0800] "GET /xingrg/kc/buy/cgsh_order_operate.html?command=get_materiel&rest_code=00142&code=00101008368&supplier_code=00100161&order_time=2022-02-04 HTTP/1.1" 200 408
101.85.120.86 - - [04/Feb/2022:09:58:32 +0800] "GET /xingrg/all/function/internal_message.html?_=1643939909128&CODE_STATE=getMsg HTTP/1.1" 200 27
180.152.99.39 - - [04/Feb/2022:09:58:34 +0800] "GET /xingrg/all/function/internal_message.html?_=1643939832837&CODE_STATE=getMsg HTTP/1.1" 200 27
101.85.120.86 - - [04/Feb/2022:09:58:42 +0800] "GET /xingrg/kc/buy/cgsh_order_operate.html?command=get_materiel&rest_code=00142&code=00101008049&supplier_code=00100161&order_time=2022-02-04 HTTP/1.1" 200 408
116.239.131.195 - - [04/Feb/2022:09:58:44 +0800] "GET /xingrg/all/function/internal_message.html?_=1643939943720&CODE_STATE=getMsg HTTP/1.1" 200 27
101.83.241.237 - - [04/Feb/2022:09:58:56 +0800] "GET /xingrg/all/function/internal_message.html?_=1643939930993&CODE_STATE=getMsg HTTP/1.1" 200 27
124.78.153.118 - - [04/Feb/2022:09:59:00 +0800] "GET /xingrg/all/function/internal_message.html?_=1643939936172&CODE_STATE=getMsg HTTP/1.1" 200 27
101.85.120.86 - - [04/Feb/2022:09:59:04 +0800] "GET /xingrg/kc/buy/cgsh_order_operate.html?command=get_materiel&rest_code=00142&code=00101008268&supplier_code=00100161&order_time=2022-02-04 HTTP/1.1" 200 408
180.162.112.109 - - [04/Feb/2022:09:59:11 +0800] "GET /xingrg/all/function/internal_message.html?_=1643939338615&CODE_STATE=getMsg HTTP/1.1" 200 27
222.70.243.96 - - [04/Feb/2022:09:59:12 +0800] "GET /xingrg/check_reg.html?_=1643939965496 HTTP/1.1" 302 -
101.85.120.86 - - [04/Feb/2022:09:59:16 +0800] "GET /xingrg/kc/buy/cgsh_order_operate.html?command=get_materiel&rest_code=00142&code=00101008370&supplier_code=00100161&order_time=2022-02-04 HTTP/1.1" 200 433
58.39.168.32 - - [04/Feb/2022:09:59:23 +0800] "POST /xingrg/kc/buy/cgsh_order_operate.html HTTP/1.1" 200 37
58.39.168.32 - - [04/Feb/2022:09:59:24 +0800] "POST /xingrg/kc/buy/cgsh_order_operate.html HTTP/1.1" 200 36964
101.85.120.86 - - [04/Feb/2022:09:59:25 +0800] "GET /xingrg/kc/buy/cgsh_order_operate.html?command=get_materiel&rest_code=00142&code=00101008361&supplier_code=00100161&order_time=2022-02-04 HTTP/1.1" 200 428
222.70.243.96 - - [04/Feb/2022:09:59:26 +0800] "GET /xingrg/all/function/internal_message.html?_=1643939981331&CODE_STATE=getMsg HTTP/1.1" 200 27
58.39.168.32 - - [04/Feb/2022:09:59:26 +0800] "GET /xingrg/kc/print/load_data.html?order_code=212022020400281&kc_code=cgsh&condition= HTTP/1.1" 200 13611
58.39.168.32 - - [04/Feb/2022:09:59:28 +0800] "GET /xingrg/all/function/internal_message.html?_=1643939965274&CODE_STATE=getMsg HTTP/1.1" 200 27
222.70.243.96 - - [04/Feb/2022:09:59:30 +0800] "GET /xingrg/all/function/internal_message.html?_=1643939983977&CODE_STATE=getMsg HTTP/1.1" 302 -
101.85.120.86 - - [04/Feb/2022:09:59:32 +0800] "GET /xingrg/check_reg.html?_=1643939969074 HTTP/1.1" 200 22
101.85.120.86 - - [04/Feb/2022:09:59:32 +0800] "GET /xingrg/all/function/internal_message.html?_=1643939969109&CODE_STATE=getMsg HTTP/1.1" 200 27
180.152.99.39 - - [04/Feb/2022:09:59:34 +0800] "GET /xingrg/all/function/internal_message.html?_=1643939892896&CODE_STATE=getMsg HTTP/1.1" 200 27
101.85.120.86 - - [04/Feb/2022:09:59:39 +0800] "GET /xingrg/kc/buy/cgsh_order_operate.html?command=get_materiel&rest_code=00142&code=00101008355&supplier_code=00100161&order_time=2022-02-04 HTTP/1.1" 200 429
116.239.131.195 - - [04/Feb/2022:09:59:44 +0800] "GET /xingrg/all/function/internal_message.html?_=1643940003734&CODE_STATE=getMsg HTTP/1.1" 200 27
101.85.120.86 - - [04/Feb/2022:09:59:50 +0800] "GET /xingrg/kc/buy/cgsh_order_operate.html?command=get_materiel&rest_code=00142&code=00101008024&supplier_code=00100161&order_time=2022-02-04 HTTP/1.1" 200 428
101.83.241.237 - - [04/Feb/2022:09:59:56 +0800] "GET /xingrg/all/function/internal_message.html?_=1643939991007&CODE_STATE=getMsg HTTP/1.1" 200 27
101.85.120.86 - - [04/Feb/2022:09:59:59 +0800] "GET /xingrg/kc/buy/cgsh_order_operate.html?command=get_materiel&rest_code=00142&code=00101008356&supplier_code=00100161&order_time=2022-02-04 HTTP/1.1" 200 428
124.78.153.118 - - [04/Feb/2022:10:00:00 +0800] "GET /xingrg/check_reg.html?_=1643939996172 HTTP/1.1" 200 22
124.78.153.118 - - [04/Feb/2022:10:00:00 +0800] "GET /xingrg/all/function/internal_message.html?_=1643939996171&CODE_STATE=getMsg HTTP/1.1" 200 27
101.85.120.86 - - [04/Feb/2022:10:00:09 +0800] "GET /xingrg/kc/buy/cgsh_order_operate.html?command=get_materiel&rest_code=00142&code=00101008286&supplier_code=00100161&order_time=2022-02-04 HTTP/1.1" 200 429
180.162.112.109 - - [04/Feb/2022:10:00:11 +0800] "GET /xingrg/all/function/internal_message.html?_=1643939398615&CODE_STATE=getMsg HTTP/1.1" 200 27
101.85.120.86 - - [04/Feb/2022:10:00:18 +0800] "GET /xingrg/kc/buy/cgsh_order_operate.html?command=get_materiel&rest_code=00142&code=00101008353&supplier_code=00100161&order_time=2022-02-04 HTTP/1.1" 200 428
222.70.243.96 - - [04/Feb/2022:10:00:23 +0800] "GET /xingrg/check_reg.html?_=1643940038657 HTTP/1.1" 200 22
222.70.243.96 - - [04/Feb/2022:10:00:26 +0800] "GET /xingrg/all/function/internal_message.html?_=1643940041344&CODE_STATE=getMsg HTTP/1.1" 200 27
58.39.168.32 - - [04/Feb/2022:10:00:28 +0800] "GET /xingrg/all/function/internal_message.html?_=1643940025252&CODE_STATE=getMsg HTTP/1.1" 200 27
222.70.243.96 - - [04/Feb/2022:10:00:30 +0800] "GET /xingrg/all/function/internal_message.html?_=1643940043979&CODE_STATE=getMsg HTTP/1.1" 302 -
101.85.120.86 - - [04/Feb/2022:10:00:32 +0800] "GET /xingrg/all/function/internal_message.html?_=1643940029094&CODE_STATE=getMsg HTTP/1.1" 200 27
180.152.99.39 - - [04/Feb/2022:10:00:34 +0800] "GET /xingrg/all/function/internal_message.html?_=1643939952911&CODE_STATE=getMsg HTTP/1.1" 200 27
101.85.120.86 - - [04/Feb/2022:10:00:36 +0800] "GET /xingrg/kc/buy/cgsh_order_operate.html?command=get_materiel&rest_code=00142&code=00101008351&supplier_code=00100161&order_time=2022-02-04 HTTP/1.1" 200 428
58.221.95.50 - - [04/Feb/2022:10:00:42 +0800] "GET /xingrg/check_reg.html?_=1643940039916 HTTP/1.1" 302 -
116.239.131.195 - - [04/Feb/2022:10:00:44 +0800] "GET /xingrg/all/function/internal_message.html?_=1643940063852&CODE_STATE=getMsg HTTP/1.1" 200 27
101.85.120.86 - - [04/Feb/2022:10:00:51 +0800] "GET /xingrg/kc/buy/cgsh_order_operate.html?command=get_materiel&rest_code=00142&code=00101008350&supplier_code=00100161&order_time=2022-02-04 HTTP/1.1" 200 428
101.83.241.237 - - [04/Feb/2022:10:00:56 +0800] "GET /xingrg/all/function/internal_message.html?_=1643940050993&CODE_STATE=getMsg HTTP/1.1" 200 27
124.78.153.118 - - [04/Feb/2022:10:01:00 +0800] "GET /xingrg/all/function/internal_message.html?_=1643940056171&CODE_STATE=getMsg HTTP/1.1" 200 27
61.151.178.180 - - [04/Feb/2022:10:01:01 +0800] "GET /xingrg/all/function/internal_message.html?_=1643939996171&CODE_STATE=getMsg HTTP/1.1" 302 -
61.151.178.180 - - [04/Feb/2022:10:01:01 +0800] "GET /xingrg/login.html HTTP/1.1" 200 7641
101.85.120.86 - - [04/Feb/2022:10:01:03 +0800] "GET /xingrg/kc/buy/cgsh_order_operate.html?command=get_materiel&rest_code=00142&code=00101008264&supplier_code=00100161&order_time=2022-02-04 HTTP/1.1" 200 433
61.151.178.164 - - [04/Feb/2022:10:01:04 +0800] "GET /xingrg/check_reg.html?_=1643939996172 HTTP/1.1" 302 -
61.151.178.164 - - [04/Feb/2022:10:01:04 +0800] "GET /xingrg/login.html HTTP/1.1" 200 7641
222.70.179.207 - - [04/Feb/2022:10:01:05 +0800] "GET /xingrg/login.html HTTP/1.1" 200 7641
222.70.179.207 - - [04/Feb/2022:10:01:05 +0800] "GET /favicon.ico HTTP/1.1" 404 -
180.162.112.109 - - [04/Feb/2022:10:01:11 +0800] "GET /xingrg/all/function/internal_message.html?_=1643939458616&CODE_STATE=getMsg HTTP/1.1" 200 27
101.85.120.86 - - [04/Feb/2022:10:01:12 +0800] "GET /xingrg/kc/buy/cgsh_order_operate.html?command=get_materiel&rest_code=00142&code=00101008298&supplier_code=00100161&order_time=2022-02-04 HTTP/1.1" 200 431
222.70.179.207 - - [04/Feb/2022:10:01:18 +0800] "POST /xingrg/login.do HTTP/1.1" 302 -
222.70.179.207 - - [04/Feb/2022:10:01:18 +0800] "GET /xingrg/index.html?sysBaseUrl=http%3A%2F%2F180.169.147.146%3A18081%2Fxingrg%2F&costTime=39×tamp=1643940078260 HTTP/1.1" 200 17173
222.70.179.207 - - [04/Feb/2022:10:01:18 +0800] "GET /favicon.ico HTTP/1.1" 404 -
222.70.179.207 - - [04/Feb/2022:10:01:18 +0800] "POST /xingrg/all/common/load_tree.html?tree=area_rest_tree_json&manage=1 HTTP/1.1" 200 342
222.70.179.207 - - [04/Feb/2022:10:01:18 +0800] "GET /xingrg/check_reg.html?_=1643940073690 HTTP/1.1" 200 22
222.70.179.207 - - [04/Feb/2022:10:01:18 +0800] "GET /xingrg/all/function/internal_message.html?_=1643940073689&CODE_STATE=count HTTP/1.1" 200 11
222.70.179.207 - - [04/Feb/2022:10:01:18 +0800] "POST /xingrg/load_menu.html HTTP/1.1" 200 5138
101.85.120.86 - - [04/Feb/2022:10:01:20 +0800] "GET /xingrg/kc/buy/cgsh_order_operate.html?command=get_materiel&rest_code=00142&code=00101008300&supplier_code=00100161&order_time=2022-02-04 HTTP/1.1" 200 432
222.70.243.96 - - [04/Feb/2022:10:01:26 +0800] "GET /xingrg/all/function/internal_message.html?_=1643940101360&CODE_STATE=getMsg HTTP/1.1" 200 27
58.39.168.32 - - [04/Feb/2022:10:01:27 +0800] "GET /xingrg/check_reg.html?_=1643940084263 HTTP/1.1" 200 22
58.39.168.32 - - [04/Feb/2022:10:01:27 +0800] "GET /xingrg/all/function/internal_message.html?_=1643940085226&CODE_STATE=getMsg HTTP/1.1" 200 27
101.85.120.86 - - [04/Feb/2022:10:01:29 +0800] "GET /xingrg/kc/buy/cgsh_order_operate.html?command=get_materiel&rest_code=00142&code=00101008373&supplier_code=00100161&order_time=2022-02-04 HTTP/1.1" 200 412
222.70.243.96 - - [04/Feb/2022:10:01:30 +0800] "GET /xingrg/all/function/internal_message.html?_=1643940104024&CODE_STATE=getMsg HTTP/1.1" 302 -
101.85.120.86 - - [04/Feb/2022:10:01:32 +0800] "GET /xingrg/all/function/internal_message.html?_=1643940089080&CODE_STATE=getMsg HTTP/1.1" 200 27
180.152.99.39 - - [04/Feb/2022:10:01:34 +0800] "GET /xingrg/all/function/internal_message.html?_=1643940012970&CODE_STATE=getMsg HTTP/1.1" 200 27
101.85.120.86 - - [04/Feb/2022:10:01:37 +0800] "GET /xingrg/kc/buy/cgsh_order_operate.html?command=get_materiel&rest_code=00142&code=00101008354&supplier_code=00100161&order_time=2022-02-04 HTTP/1.1" 200 432
222.70.179.207 - - [04/Feb/2022:10:01:42 +0800] "GET /xingrg/kc/base/kc_sales.html HTTP/1.1" 200 6752
116.239.131.195 - - [04/Feb/2022:10:01:44 +0800] "GET /xingrg/all/function/internal_message.html?_=1643940123853&CODE_STATE=getMsg HTTP/1.1" 200 27
101.85.120.86 - - [04/Feb/2022:10:01:46 +0800] "GET /xingrg/kc/buy/cgsh_order_operate.html?command=get_materiel&rest_code=00142&code=00101008352&supplier_code=00100161&order_time=2022-02-04 HTTP/1.1" 200 432
101.85.120.86 - - [04/Feb/2022:10:01:48 +0800] "POST /xingrg/kc/buy/cgsh_order_operate.html HTTP/1.1" 200 2065
180.152.99.39 - - [04/Feb/2022:10:01:50 +0800] "GET /xingrg/check_reg.html?_=1643940028711 HTTP/1.1" 200 22
101.85.120.86 - - [04/Feb/2022:10:01:55 +0800] "GET /xingrg/kc/buy/cgsh_order_operate.html?command=get_materiel&rest_code=00142&code=00101008459&supplier_code=00100161&order_time=2022-02-04 HTTP/1.1" 200 395
101.83.241.237 - - [04/Feb/2022:10:01:56 +0800] "GET /xingrg/all/function/internal_message.html?_=1643940111007&CODE_STATE=getMsg HTTP/1.1" 200 27
101.83.241.237 - - [04/Feb/2022:10:01:56 +0800] "GET /xingrg/check_reg.html?_=1643940111023 HTTP/1.1" 200 22
124.78.153.118 - - [04/Feb/2022:10:02:00 +0800] "GET /xingrg/all/function/internal_message.html?_=1643940116170&CODE_STATE=getMsg HTTP/1.1" 200 27
101.85.120.86 - - [04/Feb/2022:10:02:10 +0800] "POST /xingrg/kc/buy/cgsh_order_operate.html HTTP/1.1" 200 37
180.162.112.109 - - [04/Feb/2022:10:02:11 +0800] "GET /xingrg/all/function/internal_message.html?_=1643939518616&CODE_STATE=getMsg HTTP/1.1" 200 27
101.85.120.86 - - [04/Feb/2022:10:02:12 +0800] "POST /xingrg/kc/buy/cgsh_order_operate.html HTTP/1.1" 200 13840
101.85.120.86 - - [04/Feb/2022:10:02:16 +0800] "POST /xingrg/kc/buy/cgsh_order_operate.html HTTP/1.1" 200 37
101.85.120.86 - - [04/Feb/2022:10:02:18 +0800] "POST /xingrg/kc/buy/cgsh_order_operate.html HTTP/1.1" 200 13840
222.70.179.207 - - [04/Feb/2022:10:02:18 +0800] "GET /xingrg/all/function/internal_message.html?_=1643940133698&CODE_STATE=getMsg HTTP/1.1" 200 27
101.85.120.86 - - [04/Feb/2022:10:02:22 +0800] "POST /xingrg/kc/buy/cgsh_order_operate.html HTTP/1.1" 200 37
101.85.120.86 - - [04/Feb/2022:10:02:24 +0800] "POST /xingrg/kc/buy/cgsh_order_operate.html HTTP/1.1" 200 13840
222.70.243.96 - - [04/Feb/2022:10:02:26 +0800] "GET /xingrg/all/function/internal_message.html?_=1643940161372&CODE_STATE=getMsg HTTP/1.1" 200 27
58.39.168.32 - - [04/Feb/2022:10:02:27 +0800] "GET /xingrg/all/function/internal_message.html?_=1643940145203&CODE_STATE=getMsg HTTP/1.1" 200 27
222.70.243.96 - - [04/Feb/2022:10:02:30 +0800] "GET /xingrg/all/function/internal_message.html?_=1643940164037&CODE_STATE=getMsg HTTP/1.1" 302 -
101.85.120.86 - - [04/Feb/2022:10:02:32 +0800] "GET /xingrg/all/function/internal_message.html?_=1643940149080&CODE_STATE=getMsg HTTP/1.1" 200 27
180.152.99.39 - - [04/Feb/2022:10:02:34 +0800] "GET /xingrg/all/function/internal_message.html?_=1643940072986&CODE_STATE=getMsg HTTP/1.1" 200 27
101.85.120.86 - - [04/Feb/2022:10:02:41 +0800] "POST /xingrg/kc/buy/cgsh_list_operate.html HTTP/1.1" 200 2771
116.239.131.195 - - [04/Feb/2022:10:02:43 +0800] "GET /xingrg/check_reg.html?_=1643940183017 HTTP/1.1" 200 22
116.239.131.195 - - [04/Feb/2022:10:02:44 +0800] "GET /xingrg/all/function/internal_message.html?_=1643940183868&CODE_STATE=getMsg HTTP/1.1" 200 27
101.91.60.11 - - [04/Feb/2022:10:02:46 +0800] "GET /xingrg/all/function/internal_message.html?_=1643939876173&CODE_STATE=getMsg HTTP/1.1" 302 -
101.91.60.11 - - [04/Feb/2022:10:02:47 +0800] "GET /xingrg/login.html HTTP/1.1" 200 7641
101.83.241.237 - - [04/Feb/2022:10:02:56 +0800] "GET /xingrg/all/function/internal_message.html?_=1643940171005&CODE_STATE=getMsg HTTP/1.1" 200 27
124.78.153.118 - - [04/Feb/2022:10:03:00 +0800] "GET /xingrg/all/function/internal_message.html?_=1643940176170&CODE_STATE=getMsg HTTP/1.1" 200 27
180.152.99.73 - - [04/Feb/2022:10:03:05 +0800] "GET /xingrg/check_reg.html?_=1643940183575 HTTP/1.1" 302 -
61.151.178.163 - - [04/Feb/2022:10:03:11 +0800] "GET /xingrg/all/function/internal_message.html?_=1643940116170&CODE_STATE=getMsg HTTP/1.1" 302 -
180.162.112.109 - - [04/Feb/2022:10:03:11 +0800] "GET /xingrg/check_reg.html?_=1643939578615 HTTP/1.1" 200 22
180.162.112.109 - - [04/Feb/2022:10:03:11 +0800] "GET /xingrg/all/function/internal_message.html?_=1643939578617&CODE_STATE=getMsg HTTP/1.1" 200 27
61.151.178.163 - - [04/Feb/2022:10:03:12 +0800] "GET /xingrg/login.html HTTP/1.1" 200 7641
58.39.168.32 - - [04/Feb/2022:10:03:16 +0800] "GET /xingrg/kc/buy/cgsh_order_add.html HTTP/1.1" 200 65683
58.39.168.32 - - [04/Feb/2022:10:03:17 +0800] "POST /xingrg/kc/buy/cgsh_order_operate.html HTTP/1.1" 200 8245
58.39.168.32 - - [04/Feb/2022:10:03:17 +0800] "GET /xingrg/javascript/easyui/themes/default/validatebox.css HTTP/1.1" 404 1104
222.70.179.207 - - [04/Feb/2022:10:03:18 +0800] "GET /xingrg/all/function/internal_message.html?_=1643940193694&CODE_STATE=getMsg HTTP/1.1" 200 27
58.39.168.32 - - [04/Feb/2022:10:03:25 +0800] "GET /xingrg/kc/buy/cgsh_order_operate.html?command=get_materiel&rest_code=00105&code=00101008350&supplier_code=&order_time=2022-02-04 HTTP/1.1" 200 428
222.70.243.96 - - [04/Feb/2022:10:03:26 +0800] "GET /xingrg/all/function/internal_message.html?_=1643940221635&CODE_STATE=getMsg HTTP/1.1" 200 27
58.39.168.32 - - [04/Feb/2022:10:03:27 +0800] "GET /xingrg/all/function/internal_message.html?_=1643940205179&CODE_STATE=getMsg HTTP/1.1" 200 27
222.70.243.96 - - [04/Feb/2022:10:03:30 +0800] "GET /xingrg/all/function/internal_message.html?_=1643940224084&CODE_STATE=getMsg HTTP/1.1" 302 -
101.85.120.86 - - [04/Feb/2022:10:03:32 +0800] "GET /xingrg/all/function/internal_message.html?_=1643940209077&CODE_STATE=getMsg HTTP/1.1" 200 27
58.39.168.32 - - [04/Feb/2022:10:03:34 +0800] "GET /xingrg/kc/buy/cgsh_order_operate.html?command=get_materiel&rest_code=00105&code=00101008049&supplier_code=&order_time=2022-02-04 HTTP/1.1" 200 408
180.152.99.39 - - [04/Feb/2022:10:03:34 +0800] "GET /xingrg/all/function/internal_message.html?_=1643940132999&CODE_STATE=getMsg HTTP/1.1" 200 27
116.239.131.195 - - [04/Feb/2022:10:03:44 +0800] "GET /xingrg/all/function/internal_message.html?_=1643940243885&CODE_STATE=getMsg HTTP/1.1" 200 27
58.39.168.32 - - [04/Feb/2022:10:03:44 +0800] "GET /xingrg/kc/buy/cgsh_order_operate.html?command=get_materiel&rest_code=00105&code=00101008003&supplier_code=&order_time=2022-02-04 HTTP/1.1" 200 429
58.39.168.32 - - [04/Feb/2022:10:03:53 +0800] "GET /xingrg/kc/buy/cgsh_order_operate.html?command=get_materiel&rest_code=00105&code=00101008087&supplier_code=&order_time=2022-02-04 HTTP/1.1" 200 412
101.83.241.237 - - [04/Feb/2022:10:03:56 +0800] "GET /xingrg/all/function/internal_message.html?_=1643940231024&CODE_STATE=getMsg HTTP/1.1" 200 27
124.78.153.118 - - [04/Feb/2022:10:04:00 +0800] "GET /xingrg/all/function/internal_message.html?_=1643940236170&CODE_STATE=getMsg HTTP/1.1" 200 27
58.39.168.32 - - [04/Feb/2022:10:04:05 +0800] "GET /xingrg/kc/buy/cgsh_order_operate.html?command=get_materiel&rest_code=00105&code=00101008355&supplier_code=&order_time=2022-02-04 HTTP/1.1" 200 429
180.162.112.109 - - [04/Feb/2022:10:04:11 +0800] "GET /xingrg/all/function/internal_message.html?_=1643939638615&CODE_STATE=getMsg HTTP/1.1" 200 27
222.70.243.96 - - [04/Feb/2022:10:04:12 +0800] "GET /xingrg/check_reg.html?_=1643940265504 HTTP/1.1" 302 -
58.39.168.32 - - [04/Feb/2022:10:04:17 +0800] "GET /xingrg/kc/buy/cgsh_order_operate.html?command=get_materiel&rest_code=00105&code=00101008251&supplier_code=&order_time=2022-02-04 HTTP/1.1" 200 428
222.70.179.207 - - [04/Feb/2022:10:04:18 +0800] "GET /xingrg/all/function/internal_message.html?_=1643940253693&CODE_STATE=getMsg HTTP/1.1" 200 27
58.39.168.32 - - [04/Feb/2022:10:04:23 +0800] "GET /xingrg/kc/buy/cgsh_order_operate.html?command=get_materiel&rest_code=00105&code=00101008223&supplier_code=&order_time=2022-02-04 HTTP/1.1" 200 433
222.70.243.96 - - [04/Feb/2022:10:04:26 +0800] "GET /xingrg/all/function/internal_message.html?_=1643940281649&CODE_STATE=getMsg HTTP/1.1" 200 27
58.39.168.32 - - [04/Feb/2022:10:04:27 +0800] "GET /xingrg/all/function/internal_message.html?_=1643940265167&CODE_STATE=getMsg HTTP/1.1" 200 27
222.70.243.96 - - [04/Feb/2022:10:04:30 +0800] "GET /xingrg/all/function/internal_message.html?_=1643940284095&CODE_STATE=getMsg HTTP/1.1" 302 -
101.85.120.86 - - [04/Feb/2022:10:04:32 +0800] "GET /xingrg/check_reg.html?_=1643940269077 HTTP/1.1" 200 22
101.85.120.86 - - [04/Feb/2022:10:04:32 +0800] "GET /xingrg/all/function/internal_message.html?_=1643940269080&CODE_STATE=getMsg HTTP/1.1" 200 27
180.152.99.39 - - [04/Feb/2022:10:04:34 +0800] "GET /xingrg/all/function/internal_message.html?_=1643940193056&CODE_STATE=getMsg HTTP/1.1" 200 27
58.39.168.32 - - [04/Feb/2022:10:04:37 +0800] "GET /xingrg/kc/buy/cgsh_order_operate.html?command=get_materiel&rest_code=00105&code=00101008271&supplier_code=&order_time=2022-02-04 HTTP/1.1" 200 427
116.239.131.195 - - [04/Feb/2022:10:04:44 +0800] "GET /xingrg/all/function/internal_message.html?_=1643940303896&CODE_STATE=getMsg HTTP/1.1" 200 27
58.39.168.32 - - [04/Feb/2022:10:04:53 +0800] "GET /xingrg/kc/buy/cgsh_order_operate.html?command=get_materiel&rest_code=00105&code=00101008212&supplier_code=&order_time=2022-02-04 HTTP/1.1" 200 433
101.83.241.237 - - [04/Feb/2022:10:04:56 +0800] "GET /xingrg/all/function/internal_message.html?_=1643940291026&CODE_STATE=getMsg HTTP/1.1" 200 27
124.78.153.118 - - [04/Feb/2022:10:05:00 +0800] "GET /xingrg/all/function/internal_message.html?_=1643940296170&CODE_STATE=getMsg HTTP/1.1" 200 27
124.78.153.118 - - [04/Feb/2022:10:05:00 +0800] "GET /xingrg/check_reg.html?_=1643940296173 HTTP/1.1" 200 22
61.151.178.249 - - [04/Feb/2022:10:05:01 +0800] "GET /xingrg/all/function/internal_message.html?_=1643940236170&CODE_STATE=getMsg HTTP/1.1" 302 -
61.151.178.249 - - [04/Feb/2022:10:05:02 +0800] "GET /xingrg/login.html HTTP/1.1" 200 7641
58.39.168.32 - - [04/Feb/2022:10:05:06 +0800] "GET /xingrg/kc/buy/cgsh_order_operate.html?command=get_materiel&rest_code=00105&code=00101001075&supplier_code=&order_time=2022-02-04 HTTP/1.1" 200 429
101.89.239.120 - - [04/Feb/2022:10:05:08 +0800] "GET /xingrg/all/function/internal_message.html?_=1643939696175&CODE_STATE=getMsg HTTP/1.1" 302 -
101.89.239.120 - - [04/Feb/2022:10:05:08 +0800] "GET /xingrg/login.html HTTP/1.1" 200 7641
180.162.112.109 - - [04/Feb/2022:10:05:11 +0800] "GET /xingrg/all/function/internal_message.html?_=1643939698615&CODE_STATE=getMsg HTTP/1.1" 200 27
222.70.179.207 - - [04/Feb/2022:10:05:18 +0800] "GET /xingrg/all/function/internal_message.html?_=1643940313706&CODE_STATE=getMsg HTTP/1.1" 200 27
222.70.243.96 - - [04/Feb/2022:10:05:23 +0800] "GET /xingrg/check_reg.html?_=1643940338926 HTTP/1.1" 200 22
222.70.243.96 - - [04/Feb/2022:10:05:26 +0800] "GET /xingrg/all/function/internal_message.html?_=1643940341662&CODE_STATE=getMsg HTTP/1.1" 200 27
58.39.168.32 - - [04/Feb/2022:10:05:27 +0800] "GET /xingrg/all/function/internal_message.html?_=1643940325162&CODE_STATE=getMsg HTTP/1.1" 200 27
222.70.179.207 - - [04/Feb/2022:10:05:29 +0800] "GET /xingrg/kc/buy/cgyd_order_list.html HTTP/1.1" 200 49286
222.70.179.207 - - [04/Feb/2022:10:05:29 +0800] "POST /xingrg/kc/buy/cgyd_list_operate.html HTTP/1.1" 200 976
222.70.243.96 - - [04/Feb/2022:10:05:30 +0800] "GET /xingrg/all/function/internal_message.html?_=1643940344139&CODE_STATE=getMsg HTTP/1.1" 302 -
101.85.120.86 - - [04/Feb/2022:10:05:32 +0800] "GET /xingrg/all/function/internal_message.html?_=1643940329079&CODE_STATE=getMsg HTTP/1.1" 200 27
222.70.179.207 - - [04/Feb/2022:10:05:34 +0800] "GET /xingrg/javascript/easyui/themes/default/tree.css HTTP/1.1" 404 1090
222.70.179.207 - - [04/Feb/2022:10:05:34 +0800] "POST /xingrg/all/common/load_tree.html?tree=supplier_tree_json&manage=1 HTTP/1.1" 200 63357
180.152.99.39 - - [04/Feb/2022:10:05:34 +0800] "GET /xingrg/all/function/internal_message.html?_=1643940253056&CODE_STATE=getMsg HTTP/1.1" 200 27
61.151.178.180 - - [04/Feb/2022:10:05:38 +0800] "GET /xingrg/all/function/internal_message.html?_=1643940056171&CODE_STATE=getMsg HTTP/1.1" 302 -
61.151.178.180 - - [04/Feb/2022:10:05:38 +0800] "GET /xingrg/login.html HTTP/1.1" 200 7641
58.221.95.50 - - [04/Feb/2022:10:05:42 +0800] "GET /xingrg/check_reg.html?_=1643940339888 HTTP/1.1" 302 -
116.239.131.195 - - [04/Feb/2022:10:05:44 +0800] "GET /xingrg/all/function/internal_message.html?_=1643940364006&CODE_STATE=getMsg HTTP/1.1" 200 27
222.70.179.207 - - [04/Feb/2022:10:05:45 +0800] "GET /xingrg/javascript/easyui/themes/default/images/tree_checkbox_1.gif HTTP/1.1" 200 174
222.70.179.207 - - [04/Feb/2022:10:05:45 +0800] "GET /xingrg/javascript/easyui/themes/default/images/tree_checkbox_2.gif HTTP/1.1" 200 181
222.70.179.207 - - [04/Feb/2022:10:05:51 +0800] "GET /xingrg/javascript/jquery_tools/images/next.gif HTTP/1.1" 404 1086
222.70.179.207 - - [04/Feb/2022:10:05:51 +0800] "GET /xingrg/javascript/jquery_tools/images/prev.gif HTTP/1.1" 404 1086
101.83.241.237 - - [04/Feb/2022:10:05:56 +0800] "GET /xingrg/all/function/internal_message.html?_=1643940351028&CODE_STATE=getMsg HTTP/1.1" 200 27
222.70.179.207 - - [04/Feb/2022:10:05:59 +0800] "POST /xingrg/kc/buy/cgyd_list_operate.html HTTP/1.1" 200 976
124.78.153.118 - - [04/Feb/2022:10:06:00 +0800] "GET /xingrg/all/function/internal_message.html?_=1643940356173&CODE_STATE=getMsg HTTP/1.1" 200 27
180.162.112.109 - - [04/Feb/2022:10:06:11 +0800] "GET /xingrg/all/function/internal_message.html?_=1643939758642&CODE_STATE=getMsg HTTP/1.1" 200 27
222.70.179.207 - - [04/Feb/2022:10:06:18 +0800] "GET /xingrg/check_reg.html?_=1643940373708 HTTP/1.1" 200 22
222.70.179.207 - - [04/Feb/2022:10:06:18 +0800] "GET /xingrg/all/function/internal_message.html?_=1643940373709&CODE_STATE=getMsg HTTP/1.1" 200 27
116.235.92.83 - - [04/Feb/2022:10:06:18 +0800] "POST /xingrg/services/DataTransmitService HTTP/1.1" 200 524
222.70.179.207 - - [04/Feb/2022:10:06:24 +0800] "POST /xingrg/kc/buy/cgyd_list_operate.html HTTP/1.1" 200 976
222.70.243.96 - - [04/Feb/2022:10:06:26 +0800] "GET /xingrg/all/function/internal_message.html?_=1643940401677&CODE_STATE=getMsg HTTP/1.1" 200 27
58.39.168.32 - - [04/Feb/2022:10:06:27 +0800] "GET /xingrg/check_reg.html?_=1643940384321 HTTP/1.1" 200 22
58.39.168.32 - - [04/Feb/2022:10:06:27 +0800] "GET /xingrg/all/function/internal_message.html?_=1643940385097&CODE_STATE=getMsg HTTP/1.1" 200 27
222.70.243.96 - - [04/Feb/2022:10:06:30 +0800] "GET /xingrg/all/function/internal_message.html?_=1643940404154&CODE_STATE=getMsg HTTP/1.1" 302 -
222.70.179.207 - - [04/Feb/2022:10:06:31 +0800] "POST /xingrg/kc/buy/cgyd_list_operate.html HTTP/1.1" 200 976
101.85.120.86 - - [04/Feb/2022:10:06:32 +0800] "GET /xingrg/all/function/internal_message.html?_=1643940389079&CODE_STATE=getMsg HTTP/1.1" 200 27
61.151.178.163 - - [04/Feb/2022:10:06:33 +0800] "GET /xingrg/all/function/internal_message.html?_=1643940296170&CODE_STATE=getMsg HTTP/1.1" 302 -
61.151.178.163 - - [04/Feb/2022:10:06:33 +0800] "GET /xingrg/login.html HTTP/1.1" 200 7641
180.152.99.39 - - [04/Feb/2022:10:06:34 +0800] "GET /xingrg/all/function/internal_message.html?_=1643940313120&CODE_STATE=getMsg HTTP/1.1" 200 27
222.70.179.207 - - [04/Feb/2022:10:06:41 +0800] "POST /xingrg/kc/buy/cgyd_list_operate.html HTTP/1.1" 200 976
116.239.131.195 - - [04/Feb/2022:10:06:44 +0800] "GET /xingrg/all/function/internal_message.html?_=1643940424014&CODE_STATE=getMsg HTTP/1.1" 200 27
180.152.99.39 - - [04/Feb/2022:10:06:50 +0800] "GET /xingrg/check_reg.html?_=1643940328717 HTTP/1.1" 200 22
101.83.241.237 - - [04/Feb/2022:10:06:56 +0800] "GET /xingrg/all/function/internal_message.html?_=1643940411026&CODE_STATE=getMsg HTTP/1.1" 200 27
101.83.241.237 - - [04/Feb/2022:10:06:56 +0800] "GET /xingrg/check_reg.html?_=1643940411028 HTTP/1.1" 200 22
124.78.153.118 - - [04/Feb/2022:10:07:00 +0800] "GET /xingrg/all/function/internal_message.html?_=1643940416173&CODE_STATE=getMsg HTTP/1.1" 200 27
222.70.179.207 - - [04/Feb/2022:10:07:02 +0800] "GET /xingrg/kc/report/report_main.html HTTP/1.1" 200 7340
180.162.112.109 - - [04/Feb/2022:10:07:11 +0800] "GET /xingrg/all/function/internal_message.html?_=1643939818642&CODE_STATE=getMsg HTTP/1.1" 200 27
61.151.207.205 - - [04/Feb/2022:10:07:13 +0800] "GET /xingrg/check_reg.html?_=1643940296173 HTTP/1.1" 302 -
222.70.179.207 - - [04/Feb/2022:10:07:13 +0800] "GET /xingrg/all/report/report_query.html?fileName=kc/buy/gys_amount_base.xml&rh=99999 HTTP/1.1" 200 51871
222.70.179.207 - - [04/Feb/2022:10:07:13 +0800] "GET /xingrg/dwr/interface/AjaxReportQueryService.js HTTP/1.1" 200 13203
222.70.179.207 - - [04/Feb/2022:10:07:13 +0800] "GET /xingrg/dwr/engine.js HTTP/1.1" 200 43631
222.70.179.207 - - [04/Feb/2022:10:07:14 +0800] "POST /xingrg/dwr/call/plaincall/AjaxReportQueryService.getFixDate.dwr HTTP/1.1" 200 111
222.70.179.207 - - [04/Feb/2022:10:07:14 +0800] "POST /xingrg/dwr/call/plaincall/AjaxReportQueryService.getInitString.dwr HTTP/1.1" 200 1002
222.70.179.207 - - [04/Feb/2022:10:07:14 +0800] "POST /xingrg/all/common/load_tree.html?tree=materiel_sort_tree_json HTTP/1.1" 200 9388
222.70.179.207 - - [04/Feb/2022:10:07:14 +0800] "POST /xingrg/all/common/load_tree.html?tree=supplier_tree_json&manage=1 HTTP/1.1" 200 63357
61.151.207.205 - - [04/Feb/2022:10:07:14 +0800] "GET /xingrg/login.html HTTP/1.1" 200 7641
222.70.179.207 - - [04/Feb/2022:10:07:18 +0800] "GET /xingrg/all/function/internal_message.html?_=1643940433705&CODE_STATE=getMsg HTTP/1.1" 200 27
222.70.179.207 - - [04/Feb/2022:10:07:21 +0800] "POST /xingrg/dwr/call/plaincall/AjaxReportQueryService.getFixDate.dwr HTTP/1.1" 200 111
222.70.179.207 - - [04/Feb/2022:10:07:23 +0800] "GET /xingrg/javascript/multi_select/dropdown_active.gif HTTP/1.1" 200 61
222.70.243.96 - - [04/Feb/2022:10:07:26 +0800] "GET /xingrg/all/function/internal_message.html?_=1643940461689&CODE_STATE=getMsg HTTP/1.1" 200 27
58.39.168.32 - - [04/Feb/2022:10:07:27 +0800] "GET /xingrg/all/function/internal_message.html?_=1643940445079&CODE_STATE=getMsg HTTP/1.1" 200 27
61.151.178.164 - - [04/Feb/2022:10:07:30 +0800] "GET /xingrg/all/function/internal_message.html?_=1643940356173&CODE_STATE=getMsg HTTP/1.1" 302 -
222.70.243.96 - - [04/Feb/2022:10:07:30 +0800] "GET /xingrg/all/function/internal_message.html?_=1643940464199&CODE_STATE=getMsg HTTP/1.1" 302 -
61.151.178.164 - - [04/Feb/2022:10:07:31 +0800] "GET /xingrg/login.html HTTP/1.1" 200 7641
101.85.120.86 - - [04/Feb/2022:10:07:32 +0800] "GET /xingrg/all/function/internal_message.html?_=1643940449079&CODE_STATE=getMsg HTTP/1.1" 200 27
180.152.99.39 - - [04/Feb/2022:10:07:34 +0800] "GET /xingrg/all/function/internal_message.html?_=1643940373131&CODE_STATE=getMsg HTTP/1.1" 200 27
116.239.131.195 - - [04/Feb/2022:10:07:43 +0800] "GET /xingrg/check_reg.html?_=1643940483093 HTTP/1.1" 200 22
116.239.131.195 - - [04/Feb/2022:10:07:44 +0800] "GET /xingrg/all/function/internal_message.html?_=1643940484029&CODE_STATE=getMsg HTTP/1.1" 200 27
101.83.241.237 - - [04/Feb/2022:10:07:56 +0800] "GET /xingrg/all/function/internal_message.html?_=1643940471032&CODE_STATE=getMsg HTTP/1.1" 200 27
124.78.153.118 - - [04/Feb/2022:10:08:00 +0800] "GET /xingrg/all/function/internal_message.html?_=1643940476173&CODE_STATE=getMsg HTTP/1.1" 200 27
180.152.99.73 - - [04/Feb/2022:10:08:05 +0800] "GET /xingrg/check_reg.html?_=1643940483561 HTTP/1.1" 302 -
222.70.179.207 - - [04/Feb/2022:10:08:06 +0800] "GET /xingrg/all/report/report_query.html?fileName=kc/buy/wlcg_mx.xml HTTP/1.1" 200 51648
222.70.179.207 - - [04/Feb/2022:10:08:06 +0800] "GET /xingrg/dwr/interface/AjaxReportQueryService.js HTTP/1.1" 200 13203
222.70.179.207 - - [04/Feb/2022:10:08:06 +0800] "GET /xingrg/dwr/engine.js HTTP/1.1" 200 43631
222.70.179.207 - - [04/Feb/2022:10:08:06 +0800] "POST /xingrg/dwr/call/plaincall/AjaxReportQueryService.getFixDate.dwr HTTP/1.1" 200 111
222.70.179.207 - - [04/Feb/2022:10:08:06 +0800] "POST /xingrg/dwr/call/plaincall/AjaxReportQueryService.getInitString.dwr HTTP/1.1" 200 28821
222.70.179.207 - - [04/Feb/2022:10:08:07 +0800] "POST /xingrg/dwr/call/plaincall/AjaxReportQueryService.getInitString.dwr HTTP/1.1" 200 1002
222.70.179.207 - - [04/Feb/2022:10:08:07 +0800] "POST /xingrg/dwr/call/plaincall/AjaxReportQueryService.getInitString.dwr HTTP/1.1" 200 125
222.70.179.207 - - [04/Feb/2022:10:08:11 +0800] "POST /xingrg/dwr/call/plaincall/AjaxReportQueryService.getFixDate.dwr HTTP/1.1" 200 111
180.162.112.109 - - [04/Feb/2022:10:08:11 +0800] "GET /xingrg/check_reg.html?_=1643939878642 HTTP/1.1" 200 22
180.162.112.109 - - [04/Feb/2022:10:08:11 +0800] "GET /xingrg/all/function/internal_message.html?_=1643939878644&CODE_STATE=getMsg HTTP/1.1" 200 27
101.89.19.197 - - [04/Feb/2022:10:08:18 +0800] "GET /xingrg/all/function/internal_message.html?_=1643939936172&CODE_STATE=getMsg HTTP/1.1" 302 -
222.70.179.207 - - [04/Feb/2022:10:08:18 +0800] "GET /xingrg/all/function/internal_message.html?_=1643940493702&CODE_STATE=getMsg HTTP/1.1" 200 27
101.89.19.197 - - [04/Feb/2022:10:08:19 +0800] "GET /xingrg/login.html HTTP/1.1" 200 7641
222.70.243.96 - - [04/Feb/2022:10:08:26 +0800] "GET /xingrg/all/function/internal_message.html?_=1643940521963&CODE_STATE=getMsg HTTP/1.1" 200 27
58.39.168.32 - - [04/Feb/2022:10:08:27 +0800] "GET /xingrg/all/function/internal_message.html?_=1643940505048&CODE_STATE=getMsg HTTP/1.1" 200 27
222.70.243.96 - - [04/Feb/2022:10:08:30 +0800] "GET /xingrg/all/function/internal_message.html?_=1643940524212&CODE_STATE=getMsg HTTP/1.1" 302 -
101.85.120.86 - - [04/Feb/2022:10:08:32 +0800] "GET /xingrg/all/function/internal_message.html?_=1643940509080&CODE_STATE=getMsg HTTP/1.1" 200 27
180.152.99.39 - - [04/Feb/2022:10:08:34 +0800] "GET /xingrg/all/function/internal_message.html?_=1643940433144&CODE_STATE=getMsg HTTP/1.1" 200 27
222.70.179.207 - - [04/Feb/2022:10:08:37 +0800] "POST /xingrg/dwr/call/plaincall/AjaxReportQueryService.refreshCache.dwr HTTP/1.1" 200 78
222.70.179.207 - - [04/Feb/2022:10:08:38 +0800] "POST /xingrg/all/report/load_report_page.html HTTP/1.1" 200 168153
222.70.179.207 - - [04/Feb/2022:10:08:38 +0800] "GET /xingrg/servlets/image?cache=0.17288440269131178&image=px HTTP/1.1" 200 807
116.239.131.195 - - [04/Feb/2022:10:08:44 +0800] "GET /xingrg/all/function/internal_message.html?_=1643940544042&CODE_STATE=getMsg HTTP/1.1" 200 27
101.83.241.237 - - [04/Feb/2022:10:08:56 +0800] "GET /xingrg/all/function/internal_message.html?_=1643940531031&CODE_STATE=getMsg HTTP/1.1" 200 27
124.78.153.118 - - [04/Feb/2022:10:09:00 +0800] "GET /xingrg/all/function/internal_message.html?_=1643940536175&CODE_STATE=getMsg HTTP/1.1" 200 27
180.162.112.109 - - [04/Feb/2022:10:09:11 +0800] "GET /xingrg/all/function/internal_message.html?_=1643939938644&CODE_STATE=getMsg HTTP/1.1" 200 27
222.70.179.207 - - [04/Feb/2022:10:09:12 +0800] "POST /xingrg/dwr/call/plaincall/AjaxReportQueryService.refreshCache.dwr HTTP/1.1" 200 78
222.70.243.96 - - [04/Feb/2022:10:09:12 +0800] "GET /xingrg/check_reg.html?_=1643940565540 HTTP/1.1" 302 -
222.70.179.207 - - [04/Feb/2022:10:09:13 +0800] "POST /xingrg/all/report/load_report_page.html HTTP/1.1" 200 168188
222.70.179.207 - - [04/Feb/2022:10:09:13 +0800] "GET /xingrg/servlets/image?cache=0.972057399449155&image=px HTTP/1.1" 200 807
222.70.179.207 - - [04/Feb/2022:10:09:18 +0800] "GET /xingrg/all/function/internal_message.html?_=1643940553769&CODE_STATE=getMsg HTTP/1.1" 200 27
222.70.179.207 - - [04/Feb/2022:10:09:21 +0800] "POST /xingrg/all/report/load_report_page.html HTTP/1.1" 200 53851
222.70.179.207 - - [04/Feb/2022:10:09:21 +0800] "GET /xingrg/servlets/image?cache=0.8964384454430584&image=px HTTP/1.1" 200 807
101.91.60.11 - - [04/Feb/2022:10:09:24 +0800] "GET /xingrg/all/function/internal_message.html?_=1643940476173&CODE_STATE=getMsg HTTP/1.1" 302 -
101.91.60.11 - - [04/Feb/2022:10:09:25 +0800] "GET /xingrg/login.html HTTP/1.1" 200 7641
222.70.243.96 - - [04/Feb/2022:10:09:26 +0800] "GET /xingrg/all/function/internal_message.html?_=1643940581966&CODE_STATE=getMsg HTTP/1.1" 200 27
58.39.168.32 - - [04/Feb/2022:10:09:27 +0800] "GET /xingrg/all/function/internal_message.html?_=1643940565018&CODE_STATE=getMsg HTTP/1.1" 200 27
222.70.243.96 - - [04/Feb/2022:10:09:31 +0800] "GET /xingrg/all/function/internal_message.html?_=1643940584253&CODE_STATE=getMsg HTTP/1.1" 302 -
116.235.92.83 - - [04/Feb/2022:10:09:31 +0800] "POST /xingrg/services/DataTransmitService HTTP/1.1" 200 524
101.85.120.86 - - [04/Feb/2022:10:09:32 +0800] "GET /xingrg/check_reg.html?_=1643940569080 HTTP/1.1" 200 22
101.85.120.86 - - [04/Feb/2022:10:09:32 +0800] "GET /xingrg/all/function/internal_message.html?_=1643940569083&CODE_STATE=getMsg HTTP/1.1" 200 27
116.235.92.83 - - [04/Feb/2022:10:09:33 +0800] "POST /xingrg/services/DataTransmitService HTTP/1.1" 200 412
180.152.99.39 - - [04/Feb/2022:10:09:34 +0800] "GET /xingrg/all/function/internal_message.html?_=1643940493200&CODE_STATE=getMsg HTTP/1.1" 200 27
116.235.92.83 - - [04/Feb/2022:10:09:39 +0800] "POST /xingrg/services/DataTransmitService HTTP/1.1" 200 524
116.235.92.83 - - [04/Feb/2022:10:09:40 +0800] "POST /xingrg/services/DataTransmitService HTTP/1.1" 200 412
116.235.92.83 - - [04/Feb/2022:10:09:43 +0800] "POST /xingrg/services/DataTransmitService HTTP/1.1" 200 524
116.235.92.83 - - [04/Feb/2022:10:09:44 +0800] "POST /xingrg/services/DataTransmitService HTTP/1.1" 200 412
116.239.131.195 - - [04/Feb/2022:10:09:44 +0800] "GET /xingrg/all/function/internal_message.html?_=1643940604056&CODE_STATE=getMsg HTTP/1.1" 200 27
116.235.92.83 - - [04/Feb/2022:10:09:50 +0800] "POST /xingrg/services/DataTransmitService HTTP/1.1" 200 524
116.235.92.83 - - [04/Feb/2022:10:09:51 +0800] "POST /xingrg/services/DataTransmitService HTTP/1.1" 200 412
116.235.92.83 - - [04/Feb/2022:10:09:52 +0800] "POST /xingrg/services/DataTransmitService HTTP/1.1" 200 524
116.235.92.83 - - [04/Feb/2022:10:09:53 +0800] "POST /xingrg/services/DataTransmitService HTTP/1.1" 200 412
116.235.92.83 - - [04/Feb/2022:10:09:54 +0800] "POST /xingrg/services/DataTransmitService HTTP/1.1" 200 524
222.70.179.207 - - [04/Feb/2022:10:09:54 +0800] "POST /xingrg/all/report/load_report_page.html HTTP/1.1" 200 168151
116.235.92.83 - - [04/Feb/2022:10:09:54 +0800] "POST /xingrg/services/DataTransmitService HTTP/1.1" 200 412
222.70.179.207 - - [04/Feb/2022:10:09:54 +0800] "GET /xingrg/servlets/image?cache=0.9509266667590516&image=px HTTP/1.1" 200 807
116.235.92.83 - - [04/Feb/2022:10:09:55 +0800] "POST /xingrg/services/DataTransmitService HTTP/1.1" 200 524
116.235.92.83 - - [04/Feb/2022:10:09:55 +0800] "POST /xingrg/services/DataTransmitService HTTP/1.1" 200 412
116.235.92.83 - - [04/Feb/2022:10:09:55 +0800] "POST /xingrg/services/DataTransmitService HTTP/1.1" 200 524
116.235.92.83 - - [04/Feb/2022:10:09:56 +0800] "POST /xingrg/services/DataTransmitService HTTP/1.1" 200 412
101.83.241.237 - - [04/Feb/2022:10:09:56 +0800] "GET /xingrg/all/function/internal_message.html?_=1643940591030&CODE_STATE=getMsg HTTP/1.1" 200 27
116.235.92.83 - - [04/Feb/2022:10:09:57 +0800] "POST /xingrg/services/DataTransmitService HTTP/1.1" 200 524
222.70.179.207 - - [04/Feb/2022:10:09:58 +0800] "POST /xingrg/all/report/load_report_page.html HTTP/1.1" 200 168185
222.70.179.207 - - [04/Feb/2022:10:09:58 +0800] "GET /xingrg/servlets/image?cache=0.06948807570209203&image=px HTTP/1.1" 200 807
116.235.92.83 - - [04/Feb/2022:10:09:58 +0800] "POST /xingrg/services/DataTransmitService HTTP/1.1" 200 412
116.235.92.83 - - [04/Feb/2022:10:09:58 +0800] "POST /xingrg/services/DataTransmitService HTTP/1.1" 200 524
116.235.92.83 - - [04/Feb/2022:10:09:59 +0800] "POST /xingrg/services/DataTransmitService HTTP/1.1" 200 412
116.235.92.83 - - [04/Feb/2022:10:09:59 +0800] "POST /xingrg/services/DataTransmitService HTTP/1.1" 200 524
222.70.179.207 - - [04/Feb/2022:10:10:00 +0800] "POST /xingrg/all/report/load_report_page.html HTTP/1.1" 200 168118
222.70.179.207 - - [04/Feb/2022:10:10:00 +0800] "GET /xingrg/servlets/image?cache=0.5037890081643757&image=px HTTP/1.1" 200 807
116.235.92.83 - - [04/Feb/2022:10:10:00 +0800] "POST /xingrg/services/DataTransmitService HTTP/1.1" 200 412
124.78.153.118 - - [04/Feb/2022:10:10:00 +0800] "GET /xingrg/all/function/internal_message.html?_=1643940596177&CODE_STATE=getMsg HTTP/1.1" 200 27
124.78.153.118 - - [04/Feb/2022:10:10:00 +0800] "GET /xingrg/check_reg.html?_=1643940596175 HTTP/1.1" 200 22
222.70.179.207 - - [04/Feb/2022:10:10:01 +0800] "POST /xingrg/all/report/load_report_page.html HTTP/1.1" 200 168212
222.70.179.207 - - [04/Feb/2022:10:10:02 +0800] "GET /xingrg/servlets/image?cache=0.25606656510915726&image=px HTTP/1.1" 200 807
180.162.112.109 - - [04/Feb/2022:10:10:11 +0800] "GET /xingrg/all/function/internal_message.html?_=1643939998643&CODE_STATE=getMsg HTTP/1.1" 200 27
222.70.179.207 - - [04/Feb/2022:10:10:18 +0800] "GET /xingrg/all/function/internal_message.html?_=1643940613742&CODE_STATE=getMsg HTTP/1.1" 200 27
222.70.243.96 - - [04/Feb/2022:10:10:24 +0800] "GET /xingrg/check_reg.html?_=1643940639191 HTTP/1.1" 200 22
222.70.243.96 - - [04/Feb/2022:10:10:26 +0800] "GET /xingrg/all/function/internal_message.html?_=1643940641979&CODE_STATE=getMsg HTTP/1.1" 200 27
58.39.168.32 - - [04/Feb/2022:10:10:27 +0800] "GET /xingrg/all/function/internal_message.html?_=1643940624989&CODE_STATE=getMsg HTTP/1.1" 200 27
222.70.243.96 - - [04/Feb/2022:10:10:31 +0800] "GET /xingrg/all/function/internal_message.html?_=1643940644255&CODE_STATE=getMsg HTTP/1.1" 302 -
101.85.120.86 - - [04/Feb/2022:10:10:32 +0800] "GET /xingrg/all/function/internal_message.html?_=1643940629083&CODE_STATE=getMsg HTTP/1.1" 200 27
180.152.99.39 - - [04/Feb/2022:10:10:34 +0800] "GET /xingrg/all/function/internal_message.html?_=1643940553202&CODE_STATE=getMsg HTTP/1.1" 200 27
58.221.95.50 - - [04/Feb/2022:10:10:42 +0800] "GET /xingrg/check_reg.html?_=1643940639859 HTTP/1.1" 302 -
116.239.131.195 - - [04/Feb/2022:10:10:44 +0800] "GET /xingrg/all/function/internal_message.html?_=1643940664153&CODE_STATE=getMsg HTTP/1.1" 200 27
222.70.179.207 - - [04/Feb/2022:10:10:45 +0800] "GET /xingrg/all/report/report_query.html?fileName=kc/buy/gys_amount.xml&rh=99999 HTTP/1.1" 200 52006
222.70.179.207 - - [04/Feb/2022:10:10:45 +0800] "GET /xingrg/dwr/interface/AjaxReportQueryService.js HTTP/1.1" 200 13203
222.70.179.207 - - [04/Feb/2022:10:10:45 +0800] "GET /xingrg/dwr/engine.js HTTP/1.1" 200 43631
222.70.179.207 - - [04/Feb/2022:10:10:46 +0800] "POST /xingrg/dwr/call/plaincall/AjaxReportQueryService.getFixDate.dwr HTTP/1.1" 200 111
222.70.179.207 - - [04/Feb/2022:10:10:46 +0800] "POST /xingrg/all/common/load_tree.html?tree=supplier_tree_json&manage=1 HTTP/1.1" 200 63357
222.70.179.207 - - [04/Feb/2022:10:10:46 +0800] "POST /xingrg/all/common/load_tree.html?tree=materiel_sort_tree_json HTTP/1.1" 200 9388
222.70.179.207 - - [04/Feb/2022:10:10:47 +0800] "POST /xingrg/dwr/call/plaincall/AjaxReportQueryService.getInitString.dwr HTTP/1.1" 200 1002
101.83.241.237 - - [04/Feb/2022:10:10:56 +0800] "GET /xingrg/all/function/internal_message.html?_=1643940651028&CODE_STATE=getMsg HTTP/1.1" 200 27
124.78.153.118 - - [04/Feb/2022:10:11:00 +0800] "GET /xingrg/all/function/internal_message.html?_=1643940656176&CODE_STATE=getMsg HTTP/1.1" 200 27
222.70.179.207 - - [04/Feb/2022:10:11:08 +0800] "GET /xingrg/all/report/report_query.html?fileName=kc/buy/gys_amount_base.xml&rh=99999 HTTP/1.1" 200 51871
222.70.179.207 - - [04/Feb/2022:10:11:08 +0800] "GET /xingrg/dwr/interface/AjaxReportQueryService.js HTTP/1.1" 200 13203
222.70.179.207 - - [04/Feb/2022:10:11:08 +0800] "GET /xingrg/dwr/engine.js HTTP/1.1" 200 43631
222.70.179.207 - - [04/Feb/2022:10:11:08 +0800] "POST /xingrg/dwr/call/plaincall/AjaxReportQueryService.getFixDate.dwr HTTP/1.1" 200 111
