222.70.179.207 - - [04/Feb/2022:13:00:24 +0800] "GET /xingrg/all/function/internal_message.html?_=1643950819017&CODE_STATE=count HTTP/1.1" 200 11
222.70.179.207 - - [04/Feb/2022:13:00:24 +0800] "GET /xingrg/check_reg.html?_=1643950819018 HTTP/1.1" 200 22
222.70.179.207 - - [04/Feb/2022:13:00:24 +0800] "POST /xingrg/load_menu.html HTTP/1.1" 200 5138
180.152.99.73 - - [04/Feb/2022:13:00:25 +0800] "GET /xingrg/all/function/internal_message.html?_=1643950822577&CODE_STATE=getMsg HTTP/1.1" 200 27
222.70.243.96 - - [04/Feb/2022:13:00:25 +0800] "GET /xingrg/check_reg.html?_=1643950840713 HTTP/1.1" 200 22
116.239.131.195 - - [04/Feb/2022:13:00:25 +0800] "GET /xingrg/kc/buy/cgsh_order_operate.html?command=get_materiel&rest_code=00102&code=00101001125&supplier_code=00100319&order_time=2022-02-04 HTTP/1.1" 200 437
222.70.179.207 - - [04/Feb/2022:13:00:28 +0800] "GET /xingrg/kc/base/wldb_order_list.html HTTP/1.1" 200 19098
222.70.179.207 - - [04/Feb/2022:13:00:29 +0800] "POST /xingrg/kc/base/wldb_list_operate.html HTTP/1.1" 200 928
222.70.179.207 - - [04/Feb/2022:13:00:31 +0800] "GET /xingrg/kc/base/wldb_order_add.html HTTP/1.1" 200 30312
222.70.179.207 - - [04/Feb/2022:13:00:31 +0800] "GET /xingrg/all/common/auto_word.html?type=base&rest_code=00111 HTTP/1.1" 200 1753
222.70.179.207 - - [04/Feb/2022:13:00:31 +0800] "GET /xingrg/all/common/auto_word.html?type=base&rest_code=00111 HTTP/1.1" 200 1753
222.70.179.207 - - [04/Feb/2022:13:00:31 +0800] "GET /xingrg/javascript/easyui/themes/default/validatebox.css HTTP/1.1" 404 1104
222.70.179.207 - - [04/Feb/2022:13:00:31 +0800] "POST /xingrg/kc/base/wldb_order_operate.html HTTP/1.1" 200 6806
101.85.120.86 - - [04/Feb/2022:13:00:33 +0800] "GET /xingrg/all/function/internal_message.html?_=1643950829408&CODE_STATE=getMsg HTTP/1.1" 200 27
222.70.243.96 - - [04/Feb/2022:13:00:35 +0800] "GET /xingrg/all/function/internal_message.html?_=1643950849013&CODE_STATE=getMsg HTTP/1.1" 302 -
222.70.223.103 - - [04/Feb/2022:13:00:35 +0800] "GET /xingrg/all/function/internal_message.html?_=1643950830303&CODE_STATE=getMsg HTTP/1.1" 200 27
116.239.131.195 - - [04/Feb/2022:13:00:36 +0800] "GET /xingrg/kc/buy/cgsh_order_operate.html?command=get_materiel&rest_code=00102&code=00101001044&supplier_code=00100319&order_time=2022-02-04 HTTP/1.1" 200 432
180.152.99.39 - - [04/Feb/2022:13:00:39 +0800] "GET /xingrg/all/function/internal_message.html?_=1643950758258&CODE_STATE=getMsg HTTP/1.1" 200 27
116.239.131.195 - - [04/Feb/2022:13:00:40 +0800] "GET /xingrg/all/function/internal_message.html?_=1643950858970&CODE_STATE=getMsg HTTP/1.1" 200 27
222.70.179.207 - - [04/Feb/2022:13:00:41 +0800] "GET /xingrg/javascript/auto/indicator.gif HTTP/1.1" 404 1066
222.70.179.207 - - [04/Feb/2022:13:00:45 +0800] "GET /xingrg/javascript/jquery_tools/images/prev.gif HTTP/1.1" 404 1086
222.70.179.207 - - [04/Feb/2022:13:00:45 +0800] "GET /xingrg/javascript/jquery_tools/images/next.gif HTTP/1.1" 404 1086
222.70.243.96 - - [04/Feb/2022:13:00:46 +0800] "GET /xingrg/all/function/internal_message.html?_=1643950862090&CODE_STATE=getMsg HTTP/1.1" 200 27
116.239.131.195 - - [04/Feb/2022:13:00:47 +0800] "GET /xingrg/kc/buy/cgsh_order_operate.html?command=get_materiel&rest_code=00102&code=00101001169&supplier_code=00100319&order_time=2022-02-04 HTTP/1.1" 200 437
222.70.179.207 - - [04/Feb/2022:13:00:51 +0800] "GET /xingrg/kc/base/wldb_order_operate.html?command=get_materiel&rest_code=00111&base_code=0010283&code=00101019184 HTTP/1.1" 200 444
101.83.241.237 - - [04/Feb/2022:13:00:55 +0800] "GET /xingrg/all/function/internal_message.html?_=1643950849617&CODE_STATE=getMsg HTTP/1.1" 200 27
222.70.223.103 - - [04/Feb/2022:13:00:57 +0800] "POST /xingrg/services/DataTransmitService HTTP/1.1" 200 524
116.239.131.195 - - [04/Feb/2022:13:00:58 +0800] "GET /xingrg/kc/buy/cgsh_order_operate.html?command=get_materiel&rest_code=00102&code=00101001075&supplier_code=00100319&order_time=2022-02-04 HTTP/1.1" 200 429
222.70.179.207 - - [04/Feb/2022:13:01:02 +0800] "GET /xingrg/kc/base/wldb_order_operate.html?command=get_materiel&rest_code=00111&base_code=0010283&code=00101019400 HTTP/1.1" 200 451
58.39.168.32 - - [04/Feb/2022:13:01:04 +0800] "GET /xingrg/all/function/internal_message.html?_=1643950861741&CODE_STATE=getMsg HTTP/1.1" 200 27
124.78.153.118 - - [04/Feb/2022:13:01:05 +0800] "GET /xingrg/all/function/internal_message.html?_=1643950864515&CODE_STATE=getMsg HTTP/1.1" 200 27
124.78.153.118 - - [04/Feb/2022:13:01:05 +0800] "GET /xingrg/all/function/internal_message.html?_=1643950861080&CODE_STATE=getMsg HTTP/1.1" 302 -
124.78.153.118 - - [04/Feb/2022:13:01:06 +0800] "GET /xingrg/check_reg.html?_=1643950864909 HTTP/1.1" 200 22
124.79.79.90 - - [04/Feb/2022:13:01:06 +0800] "GET /xingrg/all/function/internal_message.html?_=1643950863364&CODE_STATE=getMsg HTTP/1.1" 200 27
114.88.155.114 - - [04/Feb/2022:13:01:07 +0800] "GET /xingrg/check_reg.html?_=1643950655200 HTTP/1.1" 200 22
114.88.155.114 - - [04/Feb/2022:13:01:07 +0800] "GET /xingrg/all/function/internal_message.html?_=1643950655198&CODE_STATE=getMsg HTTP/1.1" 200 27
180.162.112.109 - - [04/Feb/2022:13:01:12 +0800] "GET /xingrg/all/function/internal_message.html?_=1643950258860&CODE_STATE=getMsg HTTP/1.1" 200 27
180.169.147.146 - - [04/Feb/2022:13:01:13 +0800] "GET /xingrg/all/function/internal_message.html?_=1643950867603&CODE_STATE=getMsg HTTP/1.1" 200 27
222.70.179.207 - - [04/Feb/2022:13:01:13 +0800] "GET /xingrg/kc/base/wldb_order_operate.html?command=get_materiel&rest_code=00111&base_code=0010283&code=00101019359 HTTP/1.1" 200 447
58.39.168.32 - - [04/Feb/2022:13:01:17 +0800] "GET /xingrg/all/function/internal_message.html?_=1643950812298&CODE_STATE=getMsg HTTP/1.1" 200 27
124.79.79.90 - - [04/Feb/2022:13:01:19 +0800] "GET /xingrg/all/function/internal_message.html?_=1643950876376&CODE_STATE=getMsg HTTP/1.1" 200 27
116.239.131.195 - - [04/Feb/2022:13:01:23 +0800] "POST /xingrg/kc/buy/cgsh_order_operate.html HTTP/1.1" 200 37
222.70.179.207 - - [04/Feb/2022:13:01:24 +0800] "GET /xingrg/all/function/internal_message.html?_=1643950879030&CODE_STATE=getMsg HTTP/1.1" 200 27
180.152.99.73 - - [04/Feb/2022:13:01:25 +0800] "GET /xingrg/all/function/internal_message.html?_=1643950882583&CODE_STATE=getMsg HTTP/1.1" 200 27
116.239.131.195 - - [04/Feb/2022:13:01:29 +0800] "POST /xingrg/kc/buy/cgsh_order_operate.html HTTP/1.1" 200 12
116.239.131.195 - - [04/Feb/2022:13:01:30 +0800] "GET /xingrg/kc/buy/cgsh_order_info.html?code=212022020400379 HTTP/1.1" 200 60500
101.85.120.86 - - [04/Feb/2022:13:01:33 +0800] "GET /xingrg/all/function/internal_message.html?_=1643950889408&CODE_STATE=getMsg HTTP/1.1" 200 27
116.239.131.195 - - [04/Feb/2022:13:01:33 +0800] "GET /xingrg/javascript/easyui/themes/default/validatebox.css HTTP/1.1" 404 1104
116.239.131.195 - - [04/Feb/2022:13:01:33 +0800] "POST /xingrg/kc/buy/cgsh_order_operate.html HTTP/1.1" 200 3001
116.239.131.195 - - [04/Feb/2022:13:01:35 +0800] "GET /xingrg/kc/print/load_data.html?order_code=212022020400379&kc_code=cgsh&condition= HTTP/1.1" 200 1617
222.70.223.103 - - [04/Feb/2022:13:01:35 +0800] "GET /xingrg/all/function/internal_message.html?_=1643950890286&CODE_STATE=getMsg HTTP/1.1" 200 27
222.70.243.96 - - [04/Feb/2022:13:01:35 +0800] "GET /xingrg/all/function/internal_message.html?_=1643950909059&CODE_STATE=getMsg HTTP/1.1" 302 -
222.70.179.207 - - [04/Feb/2022:13:01:35 +0800] "GET /xingrg/kc/base/wldb_order_operate.html?command=get_materiel&rest_code=00111&base_code=0010283&code=00101019058 HTTP/1.1" 200 453
180.152.99.39 - - [04/Feb/2022:13:01:39 +0800] "GET /xingrg/all/function/internal_message.html?_=1643950818318&CODE_STATE=getMsg HTTP/1.1" 200 27
116.239.131.195 - - [04/Feb/2022:13:01:40 +0800] "GET /xingrg/all/function/internal_message.html?_=1643950919031&CODE_STATE=getMsg HTTP/1.1" 200 27
222.70.243.96 - - [04/Feb/2022:13:01:46 +0800] "GET /xingrg/all/function/internal_message.html?_=1643950922103&CODE_STATE=getMsg HTTP/1.1" 200 27
116.239.131.195 - - [04/Feb/2022:13:01:47 +0800] "GET /xingrg/kc/buy/cgsh_order_add.html HTTP/1.1" 200 65589
116.239.131.195 - - [04/Feb/2022:13:01:49 +0800] "POST /xingrg/kc/buy/cgsh_order_operate.html HTTP/1.1" 200 8245
116.239.131.195 - - [04/Feb/2022:13:01:49 +0800] "GET /xingrg/javascript/easyui/themes/default/validatebox.css HTTP/1.1" 404 1104
180.152.99.39 - - [04/Feb/2022:13:01:50 +0800] "GET /xingrg/check_reg.html?_=1643950828911 HTTP/1.1" 200 22
116.239.131.195 - - [04/Feb/2022:13:01:54 +0800] "GET /xingrg/javascript/easyui/themes/default/tree.css HTTP/1.1" 404 1090
116.239.131.195 - - [04/Feb/2022:13:01:54 +0800] "POST /xingrg/all/common/load_tree.html?tree=supplier_tree_json&isDelete=1 HTTP/1.1" 200 62150
101.83.241.237 - - [04/Feb/2022:13:01:55 +0800] "GET /xingrg/all/function/internal_message.html?_=1643950909602&CODE_STATE=getMsg HTTP/1.1" 200 27
101.83.241.237 - - [04/Feb/2022:13:01:57 +0800] "GET /xingrg/check_reg.html?_=1643950911622 HTTP/1.1" 200 22
222.70.179.207 - - [04/Feb/2022:13:02:02 +0800] "GET /xingrg/kc/base/wldb_order_operate.html?command=get_materiel&rest_code=00111&base_code=0010283&code=00101019438 HTTP/1.1" 200 445
58.39.168.32 - - [04/Feb/2022:13:02:04 +0800] "GET /xingrg/all/function/internal_message.html?_=1643950921714&CODE_STATE=getMsg HTTP/1.1" 200 27
124.78.153.118 - - [04/Feb/2022:13:02:05 +0800] "GET /xingrg/all/function/internal_message.html?_=1643950921053&CODE_STATE=getMsg HTTP/1.1" 302 -
124.78.153.118 - - [04/Feb/2022:13:02:05 +0800] "GET /xingrg/all/function/internal_message.html?_=1643950924521&CODE_STATE=getMsg HTTP/1.1" 200 27
124.79.79.90 - - [04/Feb/2022:13:02:06 +0800] "GET /xingrg/all/function/internal_message.html?_=1643950923339&CODE_STATE=getMsg HTTP/1.1" 200 27
114.88.155.114 - - [04/Feb/2022:13:02:07 +0800] "GET /xingrg/all/function/internal_message.html?_=1643950715183&CODE_STATE=getMsg HTTP/1.1" 200 27
124.78.153.118 - - [04/Feb/2022:13:02:09 +0800] "GET /xingrg/check_reg.html?_=1643950922567 HTTP/1.1" 302 -
180.162.112.109 - - [04/Feb/2022:13:02:12 +0800] "GET /xingrg/all/function/internal_message.html?_=1643950318869&CODE_STATE=getMsg HTTP/1.1" 200 27
180.169.147.146 - - [04/Feb/2022:13:02:13 +0800] "GET /xingrg/all/function/internal_message.html?_=1643950927595&CODE_STATE=getMsg HTTP/1.1" 200 27
116.239.131.195 - - [04/Feb/2022:13:02:14 +0800] "GET /xingrg/kc/buy/cgsh_order_operate.html?command=get_materiel&rest_code=00102&code=00101002038&supplier_code=00100087&order_time=2022-02-04 HTTP/1.1" 200 437
222.70.179.207 - - [04/Feb/2022:13:02:17 +0800] "GET /xingrg/kc/base/wldb_order_operate.html?command=get_materiel&rest_code=00111&base_code=0010283&code=00101019297 HTTP/1.1" 200 464
58.39.168.32 - - [04/Feb/2022:13:02:17 +0800] "GET /xingrg/all/function/internal_message.html?_=1643950872300&CODE_STATE=getMsg HTTP/1.1" 200 27
124.79.79.90 - - [04/Feb/2022:13:02:19 +0800] "GET /xingrg/check_reg.html?_=1643950936377 HTTP/1.1" 200 22
124.79.79.90 - - [04/Feb/2022:13:02:19 +0800] "GET /xingrg/all/function/internal_message.html?_=1643950936380&CODE_STATE=getMsg HTTP/1.1" 200 27
222.70.179.207 - - [04/Feb/2022:13:02:24 +0800] "GET /xingrg/all/function/internal_message.html?_=1643950939029&CODE_STATE=getMsg HTTP/1.1" 200 27
180.152.99.73 - - [04/Feb/2022:13:02:25 +0800] "GET /xingrg/check_reg.html?_=1643950942587 HTTP/1.1" 200 22
180.152.99.73 - - [04/Feb/2022:13:02:25 +0800] "GET /xingrg/all/function/internal_message.html?_=1643950942589&CODE_STATE=getMsg HTTP/1.1" 200 27
116.239.131.195 - - [04/Feb/2022:13:02:26 +0800] "POST /xingrg/kc/buy/cgsh_order_operate.html HTTP/1.1" 200 37
116.239.131.195 - - [04/Feb/2022:13:02:30 +0800] "POST /xingrg/kc/buy/cgsh_order_operate.html HTTP/1.1" 200 12
222.70.179.207 - - [04/Feb/2022:13:02:30 +0800] "GET /xingrg/kc/base/wldb_order_operate.html?command=get_materiel&rest_code=00111&base_code=0010283&code=00101016040 HTTP/1.1" 200 459
116.239.131.195 - - [04/Feb/2022:13:02:31 +0800] "GET /xingrg/kc/buy/cgsh_order_info.html?code=212022020400380 HTTP/1.1" 200 60496
101.85.120.86 - - [04/Feb/2022:13:02:33 +0800] "GET /xingrg/all/function/internal_message.html?_=1643950949407&CODE_STATE=getMsg HTTP/1.1" 200 27
116.239.131.195 - - [04/Feb/2022:13:02:33 +0800] "GET /xingrg/javascript/easyui/themes/default/validatebox.css HTTP/1.1" 404 1104
116.239.131.195 - - [04/Feb/2022:13:02:34 +0800] "POST /xingrg/kc/buy/cgsh_order_operate.html HTTP/1.1" 200 617
116.239.131.195 - - [04/Feb/2022:13:02:35 +0800] "GET /xingrg/kc/print/load_data.html?order_code=212022020400380&kc_code=cgsh&condition= HTTP/1.1" 200 750
222.70.223.103 - - [04/Feb/2022:13:02:35 +0800] "GET /xingrg/all/function/internal_message.html?_=1643950950268&CODE_STATE=getMsg HTTP/1.1" 200 27
222.70.223.103 - - [04/Feb/2022:13:02:35 +0800] "GET /xingrg/check_reg.html?_=1643950950320 HTTP/1.1" 200 22
222.70.243.96 - - [04/Feb/2022:13:02:35 +0800] "GET /xingrg/all/function/internal_message.html?_=1643950969072&CODE_STATE=getMsg HTTP/1.1" 302 -
180.152.99.39 - - [04/Feb/2022:13:02:39 +0800] "GET /xingrg/all/function/internal_message.html?_=1643950878332&CODE_STATE=getMsg HTTP/1.1" 200 27
116.239.131.195 - - [04/Feb/2022:13:02:40 +0800] "GET /xingrg/all/function/internal_message.html?_=1643950979043&CODE_STATE=getMsg HTTP/1.1" 200 27
222.70.179.207 - - [04/Feb/2022:13:02:43 +0800] "GET /xingrg/kc/base/wldb_order_operate.html?command=get_materiel&rest_code=00111&base_code=0010283&code=00101019505 HTTP/1.1" 200 478
222.70.243.96 - - [04/Feb/2022:13:02:46 +0800] "GET /xingrg/all/function/internal_message.html?_=1643950982500&CODE_STATE=getMsg HTTP/1.1" 200 27
101.83.241.237 - - [04/Feb/2022:13:02:55 +0800] "GET /xingrg/all/function/internal_message.html?_=1643950969579&CODE_STATE=getMsg HTTP/1.1" 200 27
222.70.179.207 - - [04/Feb/2022:13:03:04 +0800] "GET /xingrg/kc/base/wldb_order_operate.html?command=get_materiel&rest_code=00111&base_code=0010283&code=00101019724 HTTP/1.1" 200 433
58.39.168.32 - - [04/Feb/2022:13:03:04 +0800] "GET /xingrg/all/function/internal_message.html?_=1643950981694&CODE_STATE=getMsg HTTP/1.1" 200 27
58.39.168.32 - - [04/Feb/2022:13:03:05 +0800] "GET /xingrg/check_reg.html?_=1643950982752 HTTP/1.1" 200 22
61.151.178.180 - - [04/Feb/2022:13:03:05 +0800] "GET /xingrg/all/function/internal_message.html?_=1643950921053&CODE_STATE=getMsg HTTP/1.1" 302 -
124.78.153.118 - - [04/Feb/2022:13:03:05 +0800] "GET /xingrg/all/function/internal_message.html?_=1643950984498&CODE_STATE=getMsg HTTP/1.1" 200 27
124.78.153.118 - - [04/Feb/2022:13:03:05 +0800] "GET /xingrg/all/function/internal_message.html?_=1643950981062&CODE_STATE=getMsg HTTP/1.1" 302 -
61.151.178.180 - - [04/Feb/2022:13:03:06 +0800] "GET /xingrg/login.html HTTP/1.1" 200 7641
124.79.79.90 - - [04/Feb/2022:13:03:06 +0800] "GET /xingrg/all/function/internal_message.html?_=1643950983325&CODE_STATE=getMsg HTTP/1.1" 200 27
124.79.79.90 - - [04/Feb/2022:13:03:06 +0800] "GET /xingrg/check_reg.html?_=1643950983653 HTTP/1.1" 200 22
114.88.155.114 - - [04/Feb/2022:13:03:07 +0800] "GET /xingrg/all/function/internal_message.html?_=1643950775183&CODE_STATE=getMsg HTTP/1.1" 200 27
180.162.112.109 - - [04/Feb/2022:13:03:12 +0800] "GET /xingrg/all/function/internal_message.html?_=1643950378865&CODE_STATE=getMsg HTTP/1.1" 200 27
180.162.112.109 - - [04/Feb/2022:13:03:12 +0800] "GET /xingrg/check_reg.html?_=1643950378863 HTTP/1.1" 200 22
180.169.147.146 - - [04/Feb/2022:13:03:13 +0800] "GET /xingrg/all/function/internal_message.html?_=1643950987595&CODE_STATE=getMsg HTTP/1.1" 200 27
180.169.147.146 - - [04/Feb/2022:13:03:13 +0800] "GET /xingrg/check_reg.html?_=1643950987597 HTTP/1.1" 200 22
222.70.179.207 - - [04/Feb/2022:13:03:15 +0800] "GET /xingrg/kc/base/wldb_order_operate.html?command=get_materiel&rest_code=00111&base_code=0010283&code=00101022006 HTTP/1.1" 200 454
58.39.168.32 - - [04/Feb/2022:13:03:17 +0800] "GET /xingrg/all/function/internal_message.html?_=1643950932301&CODE_STATE=getMsg HTTP/1.1" 200 27
116.239.131.195 - - [04/Feb/2022:13:03:17 +0800] "GET /xingrg/check_reg.html?_=1643951016445 HTTP/1.1" 200 22
120.253.135.82 - - [04/Feb/2022:13:03:18 +0800] "GET /xingrg/check_reg.html?_=1643950787736 HTTP/1.1" 200 22
124.79.79.90 - - [04/Feb/2022:13:03:19 +0800] "GET /xingrg/all/function/internal_message.html?_=1643950996381&CODE_STATE=getMsg HTTP/1.1" 200 27
222.70.179.207 - - [04/Feb/2022:13:03:23 +0800] "GET /xingrg/kc/base/wldb_order_operate.html?command=get_materiel&rest_code=00111&base_code=0010283&code=00101019313 HTTP/1.1" 200 443
222.70.179.207 - - [04/Feb/2022:13:03:24 +0800] "GET /xingrg/all/function/internal_message.html?_=1643950999020&CODE_STATE=getMsg HTTP/1.1" 200 27
180.152.99.73 - - [04/Feb/2022:13:03:25 +0800] "GET /xingrg/all/function/internal_message.html?_=1643951002589&CODE_STATE=getMsg HTTP/1.1" 200 27
101.85.120.86 - - [04/Feb/2022:13:03:33 +0800] "GET /xingrg/all/function/internal_message.html?_=1643951009407&CODE_STATE=getMsg HTTP/1.1" 200 27
222.70.223.103 - - [04/Feb/2022:13:03:35 +0800] "GET /xingrg/all/function/internal_message.html?_=1643951010256&CODE_STATE=getMsg HTTP/1.1" 200 27
222.70.243.96 - - [04/Feb/2022:13:03:35 +0800] "GET /xingrg/all/function/internal_message.html?_=1643951029118&CODE_STATE=getMsg HTTP/1.1" 302 -
180.152.99.39 - - [04/Feb/2022:13:03:39 +0800] "GET /xingrg/all/function/internal_message.html?_=1643950938346&CODE_STATE=getMsg HTTP/1.1" 200 27
116.239.131.195 - - [04/Feb/2022:13:03:40 +0800] "GET /xingrg/all/function/internal_message.html?_=1643951039058&CODE_STATE=getMsg HTTP/1.1" 200 27
222.70.179.207 - - [04/Feb/2022:13:03:44 +0800] "POST /xingrg/kc/base/wldb_order_operate.html HTTP/1.1" 200 37
222.70.179.207 - - [04/Feb/2022:13:03:45 +0800] "POST /xingrg/kc/base/wldb_order_operate.html HTTP/1.1" 200 6647
222.70.179.207 - - [04/Feb/2022:13:03:46 +0800] "GET /xingrg/kc/base/wldb_order_info.html?code=422022020400382 HTTP/1.1" 200 30327
222.70.179.207 - - [04/Feb/2022:13:03:46 +0800] "GET /xingrg/javascript/easyui/themes/default/validatebox.css HTTP/1.1" 404 1104
222.70.243.96 - - [04/Feb/2022:13:03:46 +0800] "GET /xingrg/all/function/internal_message.html?_=1643951042506&CODE_STATE=getMsg HTTP/1.1" 200 27
222.70.179.207 - - [04/Feb/2022:13:03:47 +0800] "POST /xingrg/kc/base/wldb_order_operate.html HTTP/1.1" 200 6647
222.70.179.207 - - [04/Feb/2022:13:03:53 +0800] "GET /xingrg/kc/base/wldb_order_add.html HTTP/1.1" 200 30312
222.70.179.207 - - [04/Feb/2022:13:03:53 +0800] "POST /xingrg/kc/base/wldb_order_operate.html HTTP/1.1" 200 6806
222.70.179.207 - - [04/Feb/2022:13:03:53 +0800] "GET /xingrg/javascript/easyui/themes/default/validatebox.css HTTP/1.1" 404 1104
101.91.60.11 - - [04/Feb/2022:13:03:54 +0800] "GET /xingrg/all/function/internal_message.html?_=1643949481626&CODE_STATE=getMsg HTTP/1.1" 302 -
101.83.241.237 - - [04/Feb/2022:13:03:55 +0800] "GET /xingrg/all/function/internal_message.html?_=1643951029563&CODE_STATE=getMsg HTTP/1.1" 200 27
101.91.60.11 - - [04/Feb/2022:13:03:55 +0800] "GET /xingrg/login.html HTTP/1.1" 200 7641
58.39.168.32 - - [04/Feb/2022:13:04:04 +0800] "GET /xingrg/all/function/internal_message.html?_=1643951041663&CODE_STATE=getMsg HTTP/1.1" 200 27
222.70.179.207 - - [04/Feb/2022:13:04:05 +0800] "GET /xingrg/kc/base/wldb_order_operate.html?command=get_materiel&rest_code=00111&base_code=0010306&code=00102002204 HTTP/1.1" 200 434
124.78.153.118 - - [04/Feb/2022:13:04:05 +0800] "GET /xingrg/all/function/internal_message.html?_=1643951041001&CODE_STATE=getMsg HTTP/1.1" 302 -
124.78.153.118 - - [04/Feb/2022:13:04:05 +0800] "GET /xingrg/all/function/internal_message.html?_=1643951044471&CODE_STATE=getMsg HTTP/1.1" 200 27
124.79.79.90 - - [04/Feb/2022:13:04:06 +0800] "GET /xingrg/all/function/internal_message.html?_=1643951043295&CODE_STATE=getMsg HTTP/1.1" 200 27
114.88.155.114 - - [04/Feb/2022:13:04:07 +0800] "GET /xingrg/all/function/internal_message.html?_=1643950835225&CODE_STATE=getMsg HTTP/1.1" 200 27
180.162.112.109 - - [04/Feb/2022:13:04:12 +0800] "GET /xingrg/all/function/internal_message.html?_=1643950438863&CODE_STATE=getMsg HTTP/1.1" 200 27
222.70.243.96 - - [04/Feb/2022:13:04:12 +0800] "GET /xingrg/check_reg.html?_=1643951066260 HTTP/1.1" 302 -
180.169.147.146 - - [04/Feb/2022:13:04:13 +0800] "GET /xingrg/all/function/internal_message.html?_=1643951047589&CODE_STATE=getMsg HTTP/1.1" 200 27
222.70.179.207 - - [04/Feb/2022:13:04:14 +0800] "POST /xingrg/kc/base/wldb_order_operate.html HTTP/1.1" 200 37
222.70.179.207 - - [04/Feb/2022:13:04:14 +0800] "POST /xingrg/kc/base/wldb_order_operate.html HTTP/1.1" 200 2198
222.70.179.207 - - [04/Feb/2022:13:04:15 +0800] "GET /xingrg/kc/base/wldb_order_info.html?code=422022020400383 HTTP/1.1" 200 30326
222.70.179.207 - - [04/Feb/2022:13:04:16 +0800] "GET /xingrg/javascript/easyui/themes/default/validatebox.css HTTP/1.1" 404 1104
222.70.179.207 - - [04/Feb/2022:13:04:16 +0800] "POST /xingrg/kc/base/wldb_order_operate.html HTTP/1.1" 200 2198
58.39.168.32 - - [04/Feb/2022:13:04:17 +0800] "GET /xingrg/all/function/internal_message.html?_=1643950992306&CODE_STATE=getMsg HTTP/1.1" 200 27
58.39.168.32 - - [04/Feb/2022:13:04:17 +0800] "GET /xingrg/check_reg.html?_=1643950992309 HTTP/1.1" 200 22
124.79.79.90 - - [04/Feb/2022:13:04:19 +0800] "GET /xingrg/all/function/internal_message.html?_=1643951056383&CODE_STATE=getMsg HTTP/1.1" 200 27
222.70.179.207 - - [04/Feb/2022:13:04:22 +0800] "GET /xingrg/kc/base/wldb_order_add.html HTTP/1.1" 200 30312
222.70.179.207 - - [04/Feb/2022:13:04:22 +0800] "POST /xingrg/kc/base/wldb_order_operate.html HTTP/1.1" 200 6806
222.70.179.207 - - [04/Feb/2022:13:04:22 +0800] "GET /xingrg/javascript/easyui/themes/default/validatebox.css HTTP/1.1" 404 1104
222.70.179.207 - - [04/Feb/2022:13:04:24 +0800] "GET /xingrg/all/function/internal_message.html?_=1643951059034&CODE_STATE=getMsg HTTP/1.1" 200 27
180.152.99.73 - - [04/Feb/2022:13:04:25 +0800] "GET /xingrg/all/function/internal_message.html?_=1643951062599&CODE_STATE=getMsg HTTP/1.1" 200 27
124.79.79.90 - - [04/Feb/2022:13:04:30 +0800] "POST /xingrg/dwr/call/plaincall/AjaxCheckService.setItemNumber.dwr HTTP/1.1" 200 77
124.79.79.90 - - [04/Feb/2022:13:04:32 +0800] "POST /xingrg/dwr/call/plaincall/AjaxCheckService.setItemNumber.dwr HTTP/1.1" 200 77
101.85.120.86 - - [04/Feb/2022:13:04:33 +0800] "GET /xingrg/all/function/internal_message.html?_=1643951069407&CODE_STATE=getMsg HTTP/1.1" 200 27
101.85.120.86 - - [04/Feb/2022:13:04:33 +0800] "GET /xingrg/check_reg.html?_=1643951069409 HTTP/1.1" 200 22
222.70.223.103 - - [04/Feb/2022:13:04:35 +0800] "GET /xingrg/all/function/internal_message.html?_=1643951070228&CODE_STATE=getMsg HTTP/1.1" 200 27
124.79.79.90 - - [04/Feb/2022:13:04:35 +0800] "POST /xingrg/dwr/call/plaincall/AjaxCheckService.setItemNumber.dwr HTTP/1.1" 200 77
222.70.243.96 - - [04/Feb/2022:13:04:35 +0800] "GET /xingrg/all/function/internal_message.html?_=1643951089130&CODE_STATE=getMsg HTTP/1.1" 302 -
124.79.79.90 - - [04/Feb/2022:13:04:36 +0800] "POST /xingrg/dwr/call/plaincall/AjaxCheckService.setItemNumber.dwr HTTP/1.1" 200 77
180.152.99.39 - - [04/Feb/2022:13:04:39 +0800] "GET /xingrg/all/function/internal_message.html?_=1643950998406&CODE_STATE=getMsg HTTP/1.1" 200 27
124.79.79.90 - - [04/Feb/2022:13:04:40 +0800] "POST /xingrg/dwr/call/plaincall/AjaxCheckService.setItemNumber.dwr HTTP/1.1" 200 77
116.239.131.195 - - [04/Feb/2022:13:04:40 +0800] "GET /xingrg/all/function/internal_message.html?_=1643951099070&CODE_STATE=getMsg HTTP/1.1" 200 27
124.79.79.90 - - [04/Feb/2022:13:04:40 +0800] "POST /xingrg/dwr/call/plaincall/AjaxCheckService.setItemNumber.dwr HTTP/1.1" 200 77
124.79.79.90 - - [04/Feb/2022:13:04:42 +0800] "POST /xingrg/dwr/call/plaincall/AjaxCheckService.setItemNumber.dwr HTTP/1.1" 200 78
124.79.79.90 - - [04/Feb/2022:13:04:44 +0800] "POST /xingrg/dwr/call/plaincall/AjaxCheckService.setItemNumber.dwr HTTP/1.1" 200 78
101.89.19.197 - - [04/Feb/2022:13:04:44 +0800] "GET /xingrg/all/function/internal_message.html?_=1643941616190&CODE_STATE=getMsg HTTP/1.1" 302 -
101.89.19.197 - - [04/Feb/2022:13:04:44 +0800] "GET /xingrg/login.html HTTP/1.1" 200 7641
124.79.79.90 - - [04/Feb/2022:13:04:45 +0800] "POST /xingrg/dwr/call/plaincall/AjaxCheckService.setItemNumber.dwr HTTP/1.1" 200 78
222.70.243.96 - - [04/Feb/2022:13:04:47 +0800] "GET /xingrg/all/function/internal_message.html?_=1643951102900&CODE_STATE=getMsg HTTP/1.1" 200 27
124.79.79.90 - - [04/Feb/2022:13:04:47 +0800] "POST /xingrg/dwr/call/plaincall/AjaxCheckService.setItemNumber.dwr HTTP/1.1" 200 78
124.79.79.90 - - [04/Feb/2022:13:04:52 +0800] "POST /xingrg/dwr/call/plaincall/AjaxCheckService.setItemNumber.dwr HTTP/1.1" 200 78
101.83.241.237 - - [04/Feb/2022:13:04:55 +0800] "GET /xingrg/all/function/internal_message.html?_=1643951089548&CODE_STATE=getMsg HTTP/1.1" 200 27
124.79.79.90 - - [04/Feb/2022:13:05:00 +0800] "POST /xingrg/dwr/call/plaincall/AjaxCheckService.setItemNumber.dwr HTTP/1.1" 200 78
58.39.168.32 - - [04/Feb/2022:13:05:04 +0800] "GET /xingrg/all/function/internal_message.html?_=1643951101644&CODE_STATE=getMsg HTTP/1.1" 200 27
124.78.153.118 - - [04/Feb/2022:13:05:05 +0800] "GET /xingrg/all/function/internal_message.html?_=1643951104441&CODE_STATE=getMsg HTTP/1.1" 200 27
124.78.153.118 - - [04/Feb/2022:13:05:05 +0800] "GET /xingrg/all/function/internal_message.html?_=1643951100978&CODE_STATE=getMsg HTTP/1.1" 302 -
124.79.79.90 - - [04/Feb/2022:13:05:06 +0800] "GET /xingrg/all/function/internal_message.html?_=1643951103273&CODE_STATE=getMsg HTTP/1.1" 200 27
124.79.79.90 - - [04/Feb/2022:13:05:06 +0800] "POST /xingrg/dwr/call/plaincall/AjaxCheckService.setItemNumber.dwr HTTP/1.1" 200 78
114.88.155.114 - - [04/Feb/2022:13:05:07 +0800] "GET /xingrg/all/function/internal_message.html?_=1643950895220&CODE_STATE=getMsg HTTP/1.1" 200 27
124.79.79.90 - - [04/Feb/2022:13:05:09 +0800] "POST /xingrg/dwr/call/plaincall/AjaxCheckService.setItemNumber.dwr HTTP/1.1" 200 78
124.79.79.90 - - [04/Feb/2022:13:05:12 +0800] "POST /xingrg/dwr/call/plaincall/AjaxCheckService.setItemNumber.dwr HTTP/1.1" 200 78
180.162.112.109 - - [04/Feb/2022:13:05:12 +0800] "GET /xingrg/all/function/internal_message.html?_=1643950498868&CODE_STATE=getMsg HTTP/1.1" 200 27
180.169.147.146 - - [04/Feb/2022:13:05:13 +0800] "GET /xingrg/all/function/internal_message.html?_=1643951107595&CODE_STATE=getMsg HTTP/1.1" 200 27
58.39.168.32 - - [04/Feb/2022:13:05:17 +0800] "GET /xingrg/all/function/internal_message.html?_=1643951052309&CODE_STATE=getMsg HTTP/1.1" 200 27
124.79.79.90 - - [04/Feb/2022:13:05:17 +0800] "POST /xingrg/dwr/call/plaincall/AjaxCheckService.setItemNumber.dwr HTTP/1.1" 200 78
124.79.79.90 - - [04/Feb/2022:13:05:19 +0800] "GET /xingrg/all/function/internal_message.html?_=1643951116385&CODE_STATE=getMsg HTTP/1.1" 200 27
101.83.241.237 - - [04/Feb/2022:13:05:24 +0800] "GET /xingrg/kc/base/wldb_order_add.html HTTP/1.1" 200 30318
222.70.179.207 - - [04/Feb/2022:13:05:24 +0800] "GET /xingrg/check_reg.html?_=1643951119029 HTTP/1.1" 200 22
222.70.179.207 - - [04/Feb/2022:13:05:24 +0800] "GET /xingrg/all/function/internal_message.html?_=1643951119032&CODE_STATE=getMsg HTTP/1.1" 200 27
101.83.241.237 - - [04/Feb/2022:13:05:24 +0800] "POST /xingrg/kc/base/wldb_order_operate.html HTTP/1.1" 200 6806
101.83.241.237 - - [04/Feb/2022:13:05:24 +0800] "GET /xingrg/javascript/easyui/themes/default/validatebox.css HTTP/1.1" 404 1104
180.152.99.73 - - [04/Feb/2022:13:05:25 +0800] "GET /xingrg/all/function/internal_message.html?_=1643951122599&CODE_STATE=getMsg HTTP/1.1" 200 27
222.70.243.96 - - [04/Feb/2022:13:05:25 +0800] "GET /xingrg/check_reg.html?_=1643951140710 HTTP/1.1" 200 22
101.85.120.86 - - [04/Feb/2022:13:05:33 +0800] "GET /xingrg/all/function/internal_message.html?_=1643951129409&CODE_STATE=getMsg HTTP/1.1" 200 27
222.70.223.103 - - [04/Feb/2022:13:05:35 +0800] "GET /xingrg/all/function/internal_message.html?_=1643951130211&CODE_STATE=getMsg HTTP/1.1" 200 27
222.70.243.96 - - [04/Feb/2022:13:05:35 +0800] "GET /xingrg/all/function/internal_message.html?_=1643951149175&CODE_STATE=getMsg HTTP/1.1" 302 -
101.83.241.237 - - [04/Feb/2022:13:05:35 +0800] "GET /xingrg/kc/buy/cgsh_order_list.html HTTP/1.1" 200 49826
101.83.241.237 - - [04/Feb/2022:13:05:36 +0800] "POST /xingrg/kc/buy/cgsh_list_operate.html HTTP/1.1" 200 876
101.83.241.237 - - [04/Feb/2022:13:05:37 +0800] "GET /xingrg/kc/buy/cgsh_order_add.html HTTP/1.1" 200 65689
101.83.241.237 - - [04/Feb/2022:13:05:37 +0800] "POST /xingrg/kc/buy/cgsh_order_operate.html HTTP/1.1" 200 8245
101.83.241.237 - - [04/Feb/2022:13:05:37 +0800] "GET /xingrg/javascript/easyui/themes/default/validatebox.css HTTP/1.1" 404 1104
101.83.241.237 - - [04/Feb/2022:13:05:39 +0800] "GET /xingrg/javascript/auto/indicator.gif HTTP/1.1" 404 1066
180.152.99.39 - - [04/Feb/2022:13:05:39 +0800] "GET /xingrg/all/function/internal_message.html?_=1643951058420&CODE_STATE=getMsg HTTP/1.1" 200 27
116.239.131.195 - - [04/Feb/2022:13:05:40 +0800] "GET /xingrg/all/function/internal_message.html?_=1643951159682&CODE_STATE=getMsg HTTP/1.1" 200 27
101.83.241.237 - - [04/Feb/2022:13:05:41 +0800] "GET /xingrg/javascript/jquery_tools/images/prev.gif HTTP/1.1" 404 1086
101.83.241.237 - - [04/Feb/2022:13:05:41 +0800] "GET /xingrg/javascript/jquery_tools/images/next.gif HTTP/1.1" 404 1086
222.70.243.96 - - [04/Feb/2022:13:05:47 +0800] "GET /xingrg/all/function/internal_message.html?_=1643951162905&CODE_STATE=getMsg HTTP/1.1" 200 27
101.83.241.237 - - [04/Feb/2022:13:05:50 +0800] "GET /xingrg/kc/buy/cgsh_order_operate.html?command=get_materiel&rest_code=00149&code=00101003006&supplier_code=00100497&order_time=2022-02-04 HTTP/1.1" 200 433
101.83.241.237 - - [04/Feb/2022:13:05:55 +0800] "GET /xingrg/all/function/internal_message.html?_=1643951149533&CODE_STATE=getMsg HTTP/1.1" 200 27
222.70.179.207 - - [04/Feb/2022:13:06:00 +0800] "GET /xingrg/kc/base/wldb_order_operate.html?command=get_materiel&rest_code=00111&base_code=0010306&code=00102002166 HTTP/1.1" 200 455
58.39.168.32 - - [04/Feb/2022:13:06:04 +0800] "GET /xingrg/all/function/internal_message.html?_=1643951161614&CODE_STATE=getMsg HTTP/1.1" 200 27
101.83.241.237 - - [04/Feb/2022:13:06:05 +0800] "POST /xingrg/kc/buy/cgsh_order_operate.html HTTP/1.1" 200 37
124.78.153.118 - - [04/Feb/2022:13:06:05 +0800] "GET /xingrg/all/function/internal_message.html?_=1643951160953&CODE_STATE=getMsg HTTP/1.1" 302 -
124.78.153.118 - - [04/Feb/2022:13:06:05 +0800] "GET /xingrg/all/function/internal_message.html?_=1643951164422&CODE_STATE=getMsg HTTP/1.1" 200 27
124.79.79.90 - - [04/Feb/2022:13:06:06 +0800] "GET /xingrg/all/function/internal_message.html?_=1643951163250&CODE_STATE=getMsg HTTP/1.1" 200 27
124.78.153.118 - - [04/Feb/2022:13:06:06 +0800] "GET /xingrg/check_reg.html?_=1643951164910 HTTP/1.1" 200 22
114.88.155.114 - - [04/Feb/2022:13:06:07 +0800] "GET /xingrg/all/function/internal_message.html?_=1643950955213&CODE_STATE=getMsg HTTP/1.1" 200 27
114.88.155.114 - - [04/Feb/2022:13:06:07 +0800] "GET /xingrg/check_reg.html?_=1643950955215 HTTP/1.1" 200 22
101.91.60.11 - - [04/Feb/2022:13:06:07 +0800] "GET /xingrg/all/function/internal_message.html?_=1643951100978&CODE_STATE=getMsg HTTP/1.1" 302 -
101.91.60.11 - - [04/Feb/2022:13:06:08 +0800] "GET /xingrg/login.html HTTP/1.1" 200 7641
101.83.241.237 - - [04/Feb/2022:13:06:10 +0800] "POST /xingrg/kc/buy/cgsh_order_operate.html HTTP/1.1" 200 12
101.83.241.237 - - [04/Feb/2022:13:06:12 +0800] "GET /xingrg/kc/buy/cgsh_order_info.html?code=212022020400381 HTTP/1.1" 200 60598
180.162.112.109 - - [04/Feb/2022:13:06:12 +0800] "GET /xingrg/all/function/internal_message.html?_=1643950558861&CODE_STATE=getMsg HTTP/1.1" 200 27
101.83.241.237 - - [04/Feb/2022:13:06:12 +0800] "GET /xingrg/javascript/easyui/themes/default/validatebox.css HTTP/1.1" 404 1104
101.83.241.237 - - [04/Feb/2022:13:06:13 +0800] "POST /xingrg/kc/buy/cgsh_order_operate.html HTTP/1.1" 200 613
180.169.147.146 - - [04/Feb/2022:13:06:13 +0800] "GET /xingrg/all/function/internal_message.html?_=1643951167601&CODE_STATE=getMsg HTTP/1.1" 200 27
101.83.241.237 - - [04/Feb/2022:13:06:14 +0800] "GET /xingrg/kc/print/load_data.html?order_code=212022020400381&kc_code=cgsh&condition= HTTP/1.1" 200 722
58.39.168.32 - - [04/Feb/2022:13:06:17 +0800] "GET /xingrg/all/function/internal_message.html?_=1643951112309&CODE_STATE=getMsg HTTP/1.1" 200 27
101.83.241.237 - - [04/Feb/2022:13:06:17 +0800] "GET /xingrg/kc/buy/cgsh_order_add.html HTTP/1.1" 200 65689
101.83.241.237 - - [04/Feb/2022:13:06:17 +0800] "POST /xingrg/kc/buy/cgsh_order_operate.html HTTP/1.1" 200 8245
101.83.241.237 - - [04/Feb/2022:13:06:17 +0800] "GET /xingrg/javascript/easyui/themes/default/validatebox.css HTTP/1.1" 404 1104
124.79.79.90 - - [04/Feb/2022:13:06:19 +0800] "GET /xingrg/all/function/internal_message.html?_=1643951176387&CODE_STATE=getMsg HTTP/1.1" 200 27
222.70.179.207 - - [04/Feb/2022:13:06:20 +0800] "POST /xingrg/kc/base/wldb_order_operate.html HTTP/1.1" 200 37
222.70.179.207 - - [04/Feb/2022:13:06:21 +0800] "POST /xingrg/kc/base/wldb_order_operate.html HTTP/1.1" 200 2205
222.70.179.207 - - [04/Feb/2022:13:06:23 +0800] "GET /xingrg/kc/base/wldb_order_info.html?code=422022020400384 HTTP/1.1" 200 30323
222.70.179.207 - - [04/Feb/2022:13:06:24 +0800] "GET /xingrg/javascript/easyui/themes/default/validatebox.css HTTP/1.1" 404 1104
222.70.179.207 - - [04/Feb/2022:13:06:24 +0800] "GET /xingrg/all/function/internal_message.html?_=1643951179037&CODE_STATE=getMsg HTTP/1.1" 200 27
222.70.179.207 - - [04/Feb/2022:13:06:24 +0800] "POST /xingrg/kc/base/wldb_order_operate.html HTTP/1.1" 200 2205
180.152.99.73 - - [04/Feb/2022:13:06:25 +0800] "GET /xingrg/all/function/internal_message.html?_=1643951182599&CODE_STATE=getMsg HTTP/1.1" 200 27
101.83.241.237 - - [04/Feb/2022:13:06:25 +0800] "GET /xingrg/kc/buy/cgsh_order_operate.html?command=get_materiel&rest_code=00149&code=00101002006&supplier_code=00100091&order_time=2022-02-04 HTTP/1.1" 200 435
101.85.120.86 - - [04/Feb/2022:13:06:33 +0800] "GET /xingrg/all/function/internal_message.html?_=1643951189433&CODE_STATE=getMsg HTTP/1.1" 200 27
101.83.241.237 - - [04/Feb/2022:13:06:34 +0800] "POST /xingrg/kc/buy/cgsh_order_operate.html HTTP/1.1" 200 37
222.70.223.103 - - [04/Feb/2022:13:06:35 +0800] "GET /xingrg/all/function/internal_message.html?_=1643951190201&CODE_STATE=getMsg HTTP/1.1" 200 27
222.70.243.96 - - [04/Feb/2022:13:06:35 +0800] "GET /xingrg/all/function/internal_message.html?_=1643951209189&CODE_STATE=getMsg HTTP/1.1" 302 -
101.83.241.237 - - [04/Feb/2022:13:06:39 +0800] "POST /xingrg/kc/buy/cgsh_order_operate.html HTTP/1.1" 200 12
180.152.99.39 - - [04/Feb/2022:13:06:40 +0800] "GET /xingrg/all/function/internal_message.html?_=1643951118482&CODE_STATE=getMsg HTTP/1.1" 200 27
101.83.241.237 - - [04/Feb/2022:13:06:40 +0800] "GET /xingrg/kc/buy/cgsh_order_info.html?code=212022020400382 HTTP/1.1" 200 60596
101.83.241.237 - - [04/Feb/2022:13:06:40 +0800] "GET /xingrg/javascript/easyui/themes/default/validatebox.css HTTP/1.1" 404 1104
116.239.131.195 - - [04/Feb/2022:13:06:40 +0800] "GET /xingrg/all/function/internal_message.html?_=1643951219690&CODE_STATE=getMsg HTTP/1.1" 200 27
101.83.241.237 - - [04/Feb/2022:13:06:40 +0800] "POST /xingrg/kc/buy/cgsh_order_operate.html HTTP/1.1" 200 613
101.83.241.237 - - [04/Feb/2022:13:06:41 +0800] "GET /xingrg/kc/print/load_data.html?order_code=212022020400382&kc_code=cgsh&condition= HTTP/1.1" 200 781
222.70.179.207 - - [04/Feb/2022:13:06:44 +0800] "GET /xingrg/kc/base/wldb_order_operate.html?command=get_materiel&rest_code=00111&base_code=0010306&code=00102021019 HTTP/1.1" 200 449
101.83.241.237 - - [04/Feb/2022:13:06:46 +0800] "GET /xingrg/kc/buy/cgsh_order_add.html HTTP/1.1" 200 65689
101.83.241.237 - - [04/Feb/2022:13:06:46 +0800] "POST /xingrg/kc/buy/cgsh_order_operate.html HTTP/1.1" 200 8245
101.83.241.237 - - [04/Feb/2022:13:06:46 +0800] "GET /xingrg/javascript/easyui/themes/default/validatebox.css HTTP/1.1" 404 1104
222.70.243.96 - - [04/Feb/2022:13:06:47 +0800] "GET /xingrg/all/function/internal_message.html?_=1643951222919&CODE_STATE=getMsg HTTP/1.1" 200 27
180.152.99.39 - - [04/Feb/2022:13:06:50 +0800] "GET /xingrg/check_reg.html?_=1643951128920 HTTP/1.1" 200 22
222.70.179.207 - - [04/Feb/2022:13:06:54 +0800] "GET /xingrg/kc/base/wldb_order_operate.html?command=get_materiel&rest_code=00111&base_code=0010306&code=00102021023 HTTP/1.1" 200 438
101.83.241.237 - - [04/Feb/2022:13:06:55 +0800] "GET /xingrg/kc/buy/cgsh_order_operate.html?command=get_materiel&rest_code=00149&code=00101002038&supplier_code=00100087&order_time=2022-02-04 HTTP/1.1" 200 439
101.83.241.237 - - [04/Feb/2022:13:06:55 +0800] "GET /xingrg/all/function/internal_message.html?_=1643951209530&CODE_STATE=getMsg HTTP/1.1" 200 27
101.83.241.237 - - [04/Feb/2022:13:06:57 +0800] "GET /xingrg/check_reg.html?_=1643951211644 HTTP/1.1" 200 22
222.70.179.207 - - [04/Feb/2022:13:07:03 +0800] "GET /xingrg/kc/base/wldb_order_operate.html?command=get_materiel&rest_code=00111&base_code=0010306&code=00102021018 HTTP/1.1" 200 446
58.39.168.32 - - [04/Feb/2022:13:07:04 +0800] "GET /xingrg/all/function/internal_message.html?_=1643951221591&CODE_STATE=getMsg HTTP/1.1" 200 27
124.78.153.118 - - [04/Feb/2022:13:07:05 +0800] "GET /xingrg/all/function/internal_message.html?_=1643951220922&CODE_STATE=getMsg HTTP/1.1" 302 -
124.78.153.118 - - [04/Feb/2022:13:07:05 +0800] "GET /xingrg/all/function/internal_message.html?_=1643951224397&CODE_STATE=getMsg HTTP/1.1" 200 27
124.79.79.90 - - [04/Feb/2022:13:07:06 +0800] "GET /xingrg/all/function/internal_message.html?_=1643951223231&CODE_STATE=getMsg HTTP/1.1" 200 27
101.83.241.237 - - [04/Feb/2022:13:07:06 +0800] "POST /xingrg/kc/buy/cgsh_order_operate.html HTTP/1.1" 200 37
124.78.153.118 - - [04/Feb/2022:13:07:07 +0800] "GET /xingrg/check_reg.html?_=1643951222563 HTTP/1.1" 302 -
114.88.155.114 - - [04/Feb/2022:13:07:07 +0800] "GET /xingrg/all/function/internal_message.html?_=1643951015209&CODE_STATE=getMsg HTTP/1.1" 200 27
101.83.241.237 - - [04/Feb/2022:13:07:11 +0800] "POST /xingrg/kc/buy/cgsh_order_operate.html HTTP/1.1" 200 12
180.162.112.109 - - [04/Feb/2022:13:07:12 +0800] "GET /xingrg/all/function/internal_message.html?_=1643950618859&CODE_STATE=getMsg HTTP/1.1" 200 27
101.83.241.237 - - [04/Feb/2022:13:07:12 +0800] "GET /xingrg/kc/buy/cgsh_order_info.html?code=212022020400383 HTTP/1.1" 200 60592
101.83.241.237 - - [04/Feb/2022:13:07:12 +0800] "GET /xingrg/javascript/easyui/themes/default/validatebox.css HTTP/1.1" 404 1104
101.83.241.237 - - [04/Feb/2022:13:07:13 +0800] "POST /xingrg/kc/buy/cgsh_order_operate.html HTTP/1.1" 200 616
180.169.147.146 - - [04/Feb/2022:13:07:13 +0800] "GET /xingrg/all/function/internal_message.html?_=1643951227600&CODE_STATE=getMsg HTTP/1.1" 200 27
101.83.241.237 - - [04/Feb/2022:13:07:15 +0800] "GET /xingrg/kc/print/load_data.html?order_code=212022020400383&kc_code=cgsh&condition= HTTP/1.1" 200 761
58.39.168.32 - - [04/Feb/2022:13:07:17 +0800] "GET /xingrg/all/function/internal_message.html?_=1643951172308&CODE_STATE=getMsg HTTP/1.1" 200 27
101.83.241.237 - - [04/Feb/2022:13:07:18 +0800] "GET /xingrg/kc/buy/cgsh_order_add.html HTTP/1.1" 200 65689
101.83.241.237 - - [04/Feb/2022:13:07:19 +0800] "POST /xingrg/kc/buy/cgsh_order_operate.html HTTP/1.1" 200 8245
101.83.241.237 - - [04/Feb/2022:13:07:19 +0800] "GET /xingrg/javascript/easyui/themes/default/validatebox.css HTTP/1.1" 404 1104
124.79.79.90 - - [04/Feb/2022:13:07:19 +0800] "GET /xingrg/check_reg.html?_=1643951236388 HTTP/1.1" 200 22
124.79.79.90 - - [04/Feb/2022:13:07:19 +0800] "GET /xingrg/all/function/internal_message.html?_=1643951236390&CODE_STATE=getMsg HTTP/1.1" 200 27
222.70.179.207 - - [04/Feb/2022:13:07:24 +0800] "GET /xingrg/all/function/internal_message.html?_=1643951239036&CODE_STATE=getMsg HTTP/1.1" 200 27
180.152.99.73 - - [04/Feb/2022:13:07:25 +0800] "GET /xingrg/check_reg.html?_=1643951242601 HTTP/1.1" 200 22
180.152.99.73 - - [04/Feb/2022:13:07:25 +0800] "GET /xingrg/all/function/internal_message.html?_=1643951242603&CODE_STATE=getMsg HTTP/1.1" 200 27
101.83.241.237 - - [04/Feb/2022:13:07:29 +0800] "GET /xingrg/kc/buy/cgsh_order_operate.html?command=get_materiel&rest_code=00149&code=00101002003&supplier_code=00100087&order_time=2022-02-04 HTTP/1.1" 200 447
101.85.120.86 - - [04/Feb/2022:13:07:33 +0800] "GET /xingrg/all/function/internal_message.html?_=1643951249432&CODE_STATE=getMsg HTTP/1.1" 200 27
222.70.223.103 - - [04/Feb/2022:13:07:35 +0800] "GET /xingrg/all/function/internal_message.html?_=1643951250187&CODE_STATE=getMsg HTTP/1.1" 200 27
222.70.223.103 - - [04/Feb/2022:13:07:35 +0800] "GET /xingrg/check_reg.html?_=1643951250314 HTTP/1.1" 200 22
222.70.243.96 - - [04/Feb/2022:13:07:35 +0800] "GET /xingrg/all/function/internal_message.html?_=1643951269235&CODE_STATE=getMsg HTTP/1.1" 302 -
222.70.179.207 - - [04/Feb/2022:13:07:35 +0800] "POST /xingrg/kc/base/wldb_order_operate.html HTTP/1.1" 200 37
222.70.179.207 - - [04/Feb/2022:13:07:36 +0800] "POST /xingrg/kc/base/wldb_order_operate.html HTTP/1.1" 200 2688
222.70.179.207 - - [04/Feb/2022:13:07:37 +0800] "GET /xingrg/kc/base/wldb_order_info.html?code=422022020400384 HTTP/1.1" 200 30328
222.70.179.207 - - [04/Feb/2022:13:07:37 +0800] "GET /xingrg/javascript/easyui/themes/default/validatebox.css HTTP/1.1" 404 1104
222.70.179.207 - - [04/Feb/2022:13:07:37 +0800] "POST /xingrg/kc/base/wldb_order_operate.html HTTP/1.1" 200 2688
180.152.99.39 - - [04/Feb/2022:13:07:40 +0800] "GET /xingrg/all/function/internal_message.html?_=1643951178493&CODE_STATE=getMsg HTTP/1.1" 200 27
116.239.131.195 - - [04/Feb/2022:13:07:41 +0800] "GET /xingrg/all/function/internal_message.html?_=1643951280293&CODE_STATE=getMsg HTTP/1.1" 200 27
101.83.241.237 - - [04/Feb/2022:13:07:42 +0800] "POST /xingrg/kc/buy/cgsh_order_operate.html HTTP/1.1" 200 37
222.70.179.207 - - [04/Feb/2022:13:07:44 +0800] "GET /xingrg/kc/base/wldb_order_add.html HTTP/1.1" 200 30312
222.70.179.207 - - [04/Feb/2022:13:07:45 +0800] "POST /xingrg/kc/base/wldb_order_operate.html HTTP/1.1" 200 6806
222.70.179.207 - - [04/Feb/2022:13:07:45 +0800] "GET /xingrg/javascript/easyui/themes/default/validatebox.css HTTP/1.1" 404 1104
222.70.243.96 - - [04/Feb/2022:13:07:47 +0800] "GET /xingrg/all/function/internal_message.html?_=1643951283298&CODE_STATE=getMsg HTTP/1.1" 200 27
101.83.241.237 - - [04/Feb/2022:13:07:49 +0800] "POST /xingrg/kc/buy/cgsh_order_operate.html HTTP/1.1" 200 12
101.83.241.237 - - [04/Feb/2022:13:07:49 +0800] "GET /xingrg/kc/buy/cgsh_order_info.html?code=212022020400384 HTTP/1.1" 200 60592
61.151.207.141 - - [04/Feb/2022:13:07:50 +0800] "GET /xingrg/all/function/internal_message.html?_=1643941256202&CODE_STATE=getMsg HTTP/1.1" 302 -
101.83.241.237 - - [04/Feb/2022:13:07:50 +0800] "GET /xingrg/javascript/easyui/themes/default/validatebox.css HTTP/1.1" 404 1104
101.83.241.237 - - [04/Feb/2022:13:07:50 +0800] "POST /xingrg/kc/buy/cgsh_order_operate.html HTTP/1.1" 200 625
61.151.207.141 - - [04/Feb/2022:13:07:51 +0800] "GET /xingrg/login.html HTTP/1.1" 200 7641
101.83.241.237 - - [04/Feb/2022:13:07:52 +0800] "GET /xingrg/kc/print/load_data.html?order_code=212022020400384&kc_code=cgsh&condition= HTTP/1.1" 200 780
101.83.241.237 - - [04/Feb/2022:13:07:55 +0800] "GET /xingrg/all/function/internal_message.html?_=1643951269511&CODE_STATE=getMsg HTTP/1.1" 200 27
101.83.241.237 - - [04/Feb/2022:13:07:55 +0800] "GET /xingrg/kc/buy/cgsh_order_add.html HTTP/1.1" 200 65689
101.83.241.237 - - [04/Feb/2022:13:07:55 +0800] "POST /xingrg/kc/buy/cgsh_order_operate.html HTTP/1.1" 200 8245
101.83.241.237 - - [04/Feb/2022:13:07:55 +0800] "GET /xingrg/javascript/easyui/themes/default/validatebox.css HTTP/1.1" 404 1104
222.70.179.207 - - [04/Feb/2022:13:08:03 +0800] "GET /xingrg/kc/base/wldb_order_operate.html?command=get_materiel&rest_code=00111&base_code=0010306&code=00102002453 HTTP/1.1" 200 435
58.39.168.32 - - [04/Feb/2022:13:08:04 +0800] "GET /xingrg/all/function/internal_message.html?_=1643951281563&CODE_STATE=getMsg HTTP/1.1" 200 27
58.39.168.32 - - [04/Feb/2022:13:08:05 +0800] "GET /xingrg/check_reg.html?_=1643951282730 HTTP/1.1" 200 22
101.83.241.237 - - [04/Feb/2022:13:08:05 +0800] "GET /xingrg/kc/buy/cgsh_order_operate.html?command=get_materiel&rest_code=00149&code=00101010338&supplier_code=00100323&order_time=2022-02-04 HTTP/1.1" 200 447
124.78.153.118 - - [04/Feb/2022:13:08:05 +0800] "GET /xingrg/all/function/internal_message.html?_=1643951280896&CODE_STATE=getMsg HTTP/1.1" 302 -
124.78.153.118 - - [04/Feb/2022:13:08:05 +0800] "GET /xingrg/all/function/internal_message.html?_=1643951284374&CODE_STATE=getMsg HTTP/1.1" 200 27
124.79.79.90 - - [04/Feb/2022:13:08:06 +0800] "GET /xingrg/all/function/internal_message.html?_=1643951283217&CODE_STATE=getMsg HTTP/1.1" 200 27
124.79.79.90 - - [04/Feb/2022:13:08:06 +0800] "GET /xingrg/check_reg.html?_=1643951283657 HTTP/1.1" 200 22
61.151.178.177 - - [04/Feb/2022:13:08:06 +0800] "GET /xingrg/check_reg.html?_=1643951222563 HTTP/1.1" 302 -
114.88.155.114 - - [04/Feb/2022:13:08:07 +0800] "GET /xingrg/all/function/internal_message.html?_=1643951075224&CODE_STATE=getMsg HTTP/1.1" 200 27
61.151.178.177 - - [04/Feb/2022:13:08:08 +0800] "GET /xingrg/login.html HTTP/1.1" 200 7641
222.70.179.207 - - [04/Feb/2022:13:08:11 +0800] "GET /xingrg/kc/base/wldb_order_operate.html?command=get_materiel&rest_code=00111&base_code=0010306&code=00102002460 HTTP/1.1" 200 431
180.162.112.109 - - [04/Feb/2022:13:08:12 +0800] "GET /xingrg/check_reg.html?_=1643950678856 HTTP/1.1" 200 22
180.162.112.109 - - [04/Feb/2022:13:08:12 +0800] "GET /xingrg/all/function/internal_message.html?_=1643950678854&CODE_STATE=getMsg HTTP/1.1" 200 27
180.169.147.146 - - [04/Feb/2022:13:08:13 +0800] "GET /xingrg/check_reg.html?_=1643951287592 HTTP/1.1" 200 22
180.169.147.146 - - [04/Feb/2022:13:08:13 +0800] "GET /xingrg/all/function/internal_message.html?_=1643951287594&CODE_STATE=getMsg HTTP/1.1" 200 27
58.39.168.32 - - [04/Feb/2022:13:08:17 +0800] "GET /xingrg/all/function/internal_message.html?_=1643951232309&CODE_STATE=getMsg HTTP/1.1" 200 27
116.239.131.195 - - [04/Feb/2022:13:08:17 +0800] "GET /xingrg/check_reg.html?_=1643951316450 HTTP/1.1" 200 22
120.253.135.82 - - [04/Feb/2022:13:08:18 +0800] "GET /xingrg/check_reg.html?_=1643951087822 HTTP/1.1" 200 22
124.79.79.90 - - [04/Feb/2022:13:08:19 +0800] "GET /xingrg/all/function/internal_message.html?_=1643951296391&CODE_STATE=getMsg HTTP/1.1" 200 27
101.91.60.11 - - [04/Feb/2022:13:08:23 +0800] "GET /xingrg/all/function/internal_message.html?_=1643950861080&CODE_STATE=getMsg HTTP/1.1" 302 -
222.70.179.207 - - [04/Feb/2022:13:08:24 +0800] "GET /xingrg/all/function/internal_message.html?_=1643951299033&CODE_STATE=getMsg HTTP/1.1" 200 27
101.91.60.11 - - [04/Feb/2022:13:08:24 +0800] "GET /xingrg/login.html HTTP/1.1" 200 7641
180.152.99.73 - - [04/Feb/2022:13:08:25 +0800] "GET /xingrg/all/function/internal_message.html?_=1643951302602&CODE_STATE=getMsg HTTP/1.1" 200 27
101.83.241.237 - - [04/Feb/2022:13:08:30 +0800] "GET /xingrg/kc/buy/cgsh_order_operate.html?command=get_materiel&rest_code=00149&code=00101010785&supplier_code=00100323&order_time=2022-02-04 HTTP/1.1" 200 465
101.85.120.86 - - [04/Feb/2022:13:08:33 +0800] "GET /xingrg/all/function/internal_message.html?_=1643951309446&CODE_STATE=getMsg HTTP/1.1" 200 27
222.70.223.103 - - [04/Feb/2022:13:08:35 +0800] "GET /xingrg/all/function/internal_message.html?_=1643951310173&CODE_STATE=getMsg HTTP/1.1" 200 27
222.70.243.96 - - [04/Feb/2022:13:08:35 +0800] "GET /xingrg/all/function/internal_message.html?_=1643951329247&CODE_STATE=getMsg HTTP/1.1" 302 -
180.152.99.39 - - [04/Feb/2022:13:08:40 +0800] "GET /xingrg/all/function/internal_message.html?_=1643951238507&CODE_STATE=getMsg HTTP/1.1" 200 27
116.239.131.195 - - [04/Feb/2022:13:08:41 +0800] "GET /xingrg/all/function/internal_message.html?_=1643951340309&CODE_STATE=getMsg HTTP/1.1" 200 27
101.83.241.237 - - [04/Feb/2022:13:08:45 +0800] "GET /xingrg/kc/buy/cgsh_order_operate.html?command=get_materiel&rest_code=00149&code=00101006119&supplier_code=00100323&order_time=2022-02-04 HTTP/1.1" 200 437
222.70.243.96 - - [04/Feb/2022:13:08:47 +0800] "GET /xingrg/all/function/internal_message.html?_=1643951343306&CODE_STATE=getMsg HTTP/1.1" 200 27
101.83.241.237 - - [04/Feb/2022:13:08:54 +0800] "GET /xingrg/kc/buy/cgsh_order_operate.html?command=get_materiel&rest_code=00149&code=00101007102&supplier_code=00100323&order_time=2022-02-04 HTTP/1.1" 200 428
101.83.241.237 - - [04/Feb/2022:13:08:55 +0800] "GET /xingrg/all/function/internal_message.html?_=1643951329496&CODE_STATE=getMsg HTTP/1.1" 200 27
222.70.179.207 - - [04/Feb/2022:13:08:59 +0800] "GET /xingrg/kc/base/wldb_order_operate.html?command=get_materiel&rest_code=00111&base_code=0010306&code=00102002739 HTTP/1.1" 200 418
124.78.153.118 - - [04/Feb/2022:13:09:02 +0800] "GET /xingrg/kc/buy/cgsh_order_operate.html?command=get_materiel&rest_code=00106&code=00102025004&supplier_code=00100323&order_time=2022-02-04 HTTP/1.1" 200 418
58.39.168.32 - - [04/Feb/2022:13:09:04 +0800] "GET /xingrg/all/function/internal_message.html?_=1643951341539&CODE_STATE=getMsg HTTP/1.1" 200 27
61.151.178.197 - - [04/Feb/2022:13:09:05 +0800] "GET /xingrg/all/function/internal_message.html?_=1643951280896&CODE_STATE=getMsg HTTP/1.1" 302 -
124.78.153.118 - - [04/Feb/2022:13:09:05 +0800] "GET /xingrg/all/function/internal_message.html?_=1643951340871&CODE_STATE=getMsg HTTP/1.1" 302 -
124.78.153.118 - - [04/Feb/2022:13:09:05 +0800] "GET /xingrg/all/function/internal_message.html?_=1643951344355&CODE_STATE=getMsg HTTP/1.1" 200 27
124.79.79.90 - - [04/Feb/2022:13:09:06 +0800] "GET /xingrg/all/function/internal_message.html?_=1643951343191&CODE_STATE=getMsg HTTP/1.1" 200 27
61.151.178.197 - - [04/Feb/2022:13:09:06 +0800] "GET /xingrg/login.html HTTP/1.1" 200 7641
114.88.155.114 - - [04/Feb/2022:13:09:07 +0800] "GET /xingrg/all/function/internal_message.html?_=1643951135212&CODE_STATE=getMsg HTTP/1.1" 200 27
