124.78.153.118 - - [04/Feb/2022:09:26:00 +0800] "GET /xingrg/all/function/internal_message.html?_=1643937956161&CODE_STATE=getMsg HTTP/1.1" 200 27
101.89.19.197 - - [04/Feb/2022:09:26:01 +0800] "GET /xingrg/check_reg.html?_=1643937896159 HTTP/1.1" 302 -
101.89.19.197 - - [04/Feb/2022:09:26:04 +0800] "GET /xingrg/login.html HTTP/1.1" 200 7641
58.39.168.32 - - [04/Feb/2022:09:26:19 +0800] "GET /xingrg/kc/buy/cgsh_order_operate.html?command=get_materiel&rest_code=00105&code=00101008297&supplier_code=00100203&order_time=2022-02-04 HTTP/1.1" 200 433
222.70.243.96 - - [04/Feb/2022:09:26:23 +0800] "GET /xingrg/all/function/internal_message.html?_=1643937998871&CODE_STATE=getMsg HTTP/1.1" 200 27
58.39.168.32 - - [04/Feb/2022:09:26:27 +0800] "GET /xingrg/check_reg.html?_=1643937984239 HTTP/1.1" 200 22
58.39.168.32 - - [04/Feb/2022:09:26:27 +0800] "GET /xingrg/all/function/internal_message.html?_=1643937984240&CODE_STATE=getMsg HTTP/1.1" 200 27
222.70.243.96 - - [04/Feb/2022:09:26:29 +0800] "GET /xingrg/all/function/internal_message.html?_=1643938003048&CODE_STATE=getMsg HTTP/1.1" 302 -
58.39.168.32 - - [04/Feb/2022:09:26:30 +0800] "GET /xingrg/kc/buy/cgsh_order_operate.html?command=get_materiel&rest_code=00105&code=00101008274&supplier_code=00100203&order_time=2022-02-04 HTTP/1.1" 200 412
180.152.99.39 - - [04/Feb/2022:09:26:33 +0800] "GET /xingrg/all/function/internal_message.html?_=1643937911940&CODE_STATE=getMsg HTTP/1.1" 200 27
180.152.99.39 - - [04/Feb/2022:09:26:50 +0800] "GET /xingrg/check_reg.html?_=1643937928677 HTTP/1.1" 200 22
120.253.135.82 - - [04/Feb/2022:09:26:50 +0800] "GET /xingrg/check_reg.html?_=1643937800754 HTTP/1.1" 200 22
120.253.135.82 - - [04/Feb/2022:09:26:51 +0800] "GET /xingrg/all/function/internal_message.html?_=1643937801168&CODE_STATE=getMsg HTTP/1.1" 200 27
101.83.241.237 - - [04/Feb/2022:09:26:56 +0800] "GET /xingrg/check_reg.html?_=1643938010897 HTTP/1.1" 200 22
101.83.241.237 - - [04/Feb/2022:09:26:56 +0800] "GET /xingrg/all/function/internal_message.html?_=1643938010898&CODE_STATE=getMsg HTTP/1.1" 200 27
222.70.179.207 - - [04/Feb/2022:09:26:57 +0800] "GET /xingrg/all/function/internal_message.html?_=1643938012167&CODE_STATE=getMsg HTTP/1.1" 200 27
124.78.153.118 - - [04/Feb/2022:09:27:00 +0800] "GET /xingrg/all/function/internal_message.html?_=1643938016160&CODE_STATE=getMsg HTTP/1.1" 200 27
58.39.168.32 - - [04/Feb/2022:09:27:17 +0800] "GET /xingrg/kc/buy/cgsh_order_operate.html?command=get_materiel&rest_code=00105&code=00101008307&supplier_code=00100203&order_time=2022-02-04 HTTP/1.1" 200 440
222.70.243.96 - - [04/Feb/2022:09:27:23 +0800] "GET /xingrg/all/function/internal_message.html?_=1643938058884&CODE_STATE=getMsg HTTP/1.1" 200 27
58.39.168.32 - - [04/Feb/2022:09:27:27 +0800] "GET /xingrg/all/function/internal_message.html?_=1643938044304&CODE_STATE=getMsg HTTP/1.1" 200 27
116.239.131.195 - - [04/Feb/2022:09:27:29 +0800] "GET /favicon.ico HTTP/1.1" 404 -
222.70.243.96 - - [04/Feb/2022:09:27:29 +0800] "GET /xingrg/all/function/internal_message.html?_=1643938063095&CODE_STATE=getMsg HTTP/1.1" 302 -
116.239.131.195 - - [04/Feb/2022:09:27:30 +0800] "GET /favicon.ico HTTP/1.1" 404 -
116.239.131.195 - - [04/Feb/2022:09:27:31 +0800] "GET /favicon.ico HTTP/1.1" 404 -
58.39.168.32 - - [04/Feb/2022:09:27:33 +0800] "POST /xingrg/kc/buy/cgsh_order_operate.html HTTP/1.1" 200 2065
180.152.99.39 - - [04/Feb/2022:09:27:33 +0800] "GET /xingrg/all/function/internal_message.html?_=1643937971947&CODE_STATE=getMsg HTTP/1.1" 200 27
116.239.131.195 - - [04/Feb/2022:09:27:34 +0800] "GET /xingrg/login.html HTTP/1.1" 200 7641
58.39.168.32 - - [04/Feb/2022:09:27:34 +0800] "POST /xingrg/kc/buy/cgsh_order_operate.html HTTP/1.1" 200 2065
116.239.131.195 - - [04/Feb/2022:09:27:36 +0800] "GET /xingrg/images/blue/jxLogo.png HTTP/1.1" 200 6156
116.239.131.195 - - [04/Feb/2022:09:27:37 +0800] "GET /xingrg/images/blue/hj.png HTTP/1.1" 200 1014
116.239.131.195 - - [04/Feb/2022:09:27:37 +0800] "GET /xingrg/images/blue/srbg.png HTTP/1.1" 200 138
116.239.131.195 - - [04/Feb/2022:09:27:37 +0800] "GET /xingrg/images/blue/login_bg.png HTTP/1.1" 200 22101
116.239.131.195 - - [04/Feb/2022:09:27:37 +0800] "GET /favicon.ico HTTP/1.1" 404 -
116.239.131.195 - - [04/Feb/2022:09:27:42 +0800] "POST /xingrg/login.do HTTP/1.1" 302 -
116.239.131.195 - - [04/Feb/2022:09:27:42 +0800] "GET /xingrg/javascript/jquery_easy_ui/themes/default/easyui.css HTTP/1.1" 304 -
116.239.131.195 - - [04/Feb/2022:09:27:42 +0800] "GET /xingrg/javascript/jquery_easy_ui/themes/icon.css HTTP/1.1" 304 -
116.239.131.195 - - [04/Feb/2022:09:27:42 +0800] "GET /xingrg/index.html?sysBaseUrl=http%3A%2F%2F180.169.147.146%3A18081%2Fxingrg%2F&costTime=40×tamp=1643938062080 HTTP/1.1" 200 17173
116.239.131.195 - - [04/Feb/2022:09:27:42 +0800] "GET /xingrg/css/form.css HTTP/1.1" 304 -
116.239.131.195 - - [04/Feb/2022:09:27:42 +0800] "GET /xingrg/javascript/jquery-1.4.2.min.js HTTP/1.1" 304 -
116.239.131.195 - - [04/Feb/2022:09:27:42 +0800] "GET /xingrg/javascript/jquery.utils.js HTTP/1.1" 304 -
116.239.131.195 - - [04/Feb/2022:09:27:42 +0800] "GET /xingrg/javascript/jquery_easy_ui/jquery.easyui.min.js HTTP/1.1" 304 -
116.239.131.195 - - [04/Feb/2022:09:27:42 +0800] "GET /xingrg/javascript/jquery.form.js HTTP/1.1" 304 -
116.239.131.195 - - [04/Feb/2022:09:27:42 +0800] "GET /xingrg/javascript/jquery_easy_ui/easyui-lang-zh_CN.js HTTP/1.1" 304 -
116.239.131.195 - - [04/Feb/2022:09:27:42 +0800] "GET /xingrg/javascript/jquery.timers.js HTTP/1.1" 304 -
116.239.131.195 - - [04/Feb/2022:09:27:42 +0800] "GET /xingrg/images/blue/jxLogo.png HTTP/1.1" 200 6156
116.239.131.195 - - [04/Feb/2022:09:27:42 +0800] "GET /xingrg/images/blue/navBackgound.jpg HTTP/1.1" 304 -
116.239.131.195 - - [04/Feb/2022:09:27:42 +0800] "GET /xingrg/javascript/jquery_easy_ui/themes/icons/settle_new.png HTTP/1.1" 304 -
116.239.131.195 - - [04/Feb/2022:09:27:42 +0800] "GET /xingrg/images/blue/pingpu.png HTTP/1.1" 304 -
116.239.131.195 - - [04/Feb/2022:09:27:42 +0800] "GET /xingrg/javascript/jquery_easy_ui/themes/default/images/tabs_leftarrow.png HTTP/1.1" 304 -
116.239.131.195 - - [04/Feb/2022:09:27:42 +0800] "GET /xingrg/javascript/jquery_easy_ui/themes/default/images/tabs_rightarrow.png HTTP/1.1" 304 -
116.239.131.195 - - [04/Feb/2022:09:27:42 +0800] "POST /xingrg/all/common/load_tree.html?tree=area_rest_tree_json&manage=1 HTTP/1.1" 200 342
116.239.131.195 - - [04/Feb/2022:09:27:42 +0800] "GET /xingrg/javascript/jquery_easy_ui/themes/default/images/panel_tool_collapse.gif HTTP/1.1" 304 -
116.239.131.195 - - [04/Feb/2022:09:27:43 +0800] "GET /xingrg/all/function/internal_message.html?_=1643938082710&CODE_STATE=count HTTP/1.1" 200 11
116.239.131.195 - - [04/Feb/2022:09:27:43 +0800] "GET /xingrg/check_reg.html?_=1643938082712 HTTP/1.1" 200 22
116.239.131.195 - - [04/Feb/2022:09:27:43 +0800] "POST /xingrg/load_menu.html HTTP/1.1" 200 5138
116.239.131.195 - - [04/Feb/2022:09:27:43 +0800] "GET /xingrg/javascript/jquery_easy_ui/themes/default/images/tree_arrows.gif HTTP/1.1" 304 -
116.239.131.195 - - [04/Feb/2022:09:27:44 +0800] "GET /favicon.ico HTTP/1.1" 404 -
116.239.131.195 - - [04/Feb/2022:09:27:44 +0800] "GET /xingrg/javascript/jquery_easy_ui/themes/default/images/tree_file.gif HTTP/1.1" 304 -
116.239.131.195 - - [04/Feb/2022:09:27:44 +0800] "GET /xingrg/javascript/jquery_easy_ui/themes/icons/search_new.png HTTP/1.1" 304 -
116.239.131.195 - - [04/Feb/2022:09:27:44 +0800] "GET /xingrg/javascript/jquery_easy_ui/themes/default/images/tree_folder.gif HTTP/1.1" 304 -
116.239.131.195 - - [04/Feb/2022:09:27:44 +0800] "GET /xingrg/javascript/jquery_easy_ui/themes/icons/storage_new.png HTTP/1.1" 304 -
116.239.131.195 - - [04/Feb/2022:09:27:44 +0800] "GET /xingrg/javascript/jquery_easy_ui/themes/default/images/tree_folder_open.gif HTTP/1.1" 304 -
116.239.131.195 - - [04/Feb/2022:09:27:44 +0800] "GET /xingrg/javascript/jquery_easy_ui/themes/icons/forms_new.png HTTP/1.1" 304 -
58.39.168.32 - - [04/Feb/2022:09:27:50 +0800] "GET /xingrg/kc/buy/cgsh_order_operate.html?command=get_materiel&rest_code=00105&code=00101008356&supplier_code=00100203&order_time=2022-02-04 HTTP/1.1" 200 428
120.253.135.82 - - [04/Feb/2022:09:27:51 +0800] "GET /xingrg/all/function/internal_message.html?_=1643937861182&CODE_STATE=getMsg HTTP/1.1" 200 27
116.239.131.195 - - [04/Feb/2022:09:27:54 +0800] "GET /xingrg/javascript/jquery_easy_ui/themes/default/images/tabs_close.gif HTTP/1.1" 304 -
116.239.131.195 - - [04/Feb/2022:09:27:54 +0800] "GET /xingrg/css/base.css HTTP/1.1" 304 -
116.239.131.195 - - [04/Feb/2022:09:27:54 +0800] "GET /xingrg/kc/base/yddb_order_list.html HTTP/1.1" 200 16704
116.239.131.195 - - [04/Feb/2022:09:27:54 +0800] "GET /xingrg/javascript/jquery_tools/datebox.css HTTP/1.1" 304 -
116.239.131.195 - - [04/Feb/2022:09:27:54 +0800] "GET /xingrg/css/site.css HTTP/1.1" 304 -
116.239.131.195 - - [04/Feb/2022:09:27:54 +0800] "GET /xingrg/javascript/auto/jquery.autocomplete.css HTTP/1.1" 304 -
116.239.131.195 - - [04/Feb/2022:09:27:54 +0800] "GET /xingrg/javascript/jquery_tools/fix.css HTTP/1.1" 304 -
116.239.131.195 - - [04/Feb/2022:09:27:54 +0800] "GET /xingrg/javascript/easyui/themes/default/easyui.css HTTP/1.1" 304 -
116.239.131.195 - - [04/Feb/2022:09:27:54 +0800] "GET /xingrg/javascript/easyui/themes/icon.css HTTP/1.1" 304 -
116.239.131.195 - - [04/Feb/2022:09:27:54 +0800] "GET /xingrg/javascript/jquery_tools/table.css HTTP/1.1" 304 -
116.239.131.195 - - [04/Feb/2022:09:27:54 +0800] "GET /xingrg/javascript/jquery_tools/jquery.tools.min.js HTTP/1.1" 304 -
116.239.131.195 - - [04/Feb/2022:09:27:54 +0800] "GET /xingrg/javascript/jquery_tools/jquery.tools.hotkey.js HTTP/1.1" 304 -
116.239.131.195 - - [04/Feb/2022:09:27:54 +0800] "GET /xingrg/javascript/jquery_tools/jquery.tools.extend.js HTTP/1.1" 304 -
116.239.131.195 - - [04/Feb/2022:09:27:54 +0800] "GET /xingrg/javascript/jquery_tools/list_manager.js HTTP/1.1" 304 -
116.239.131.195 - - [04/Feb/2022:09:27:54 +0800] "GET /xingrg/javascript/jquery_tools/jquery.tools.table.js HTTP/1.1" 304 -
116.239.131.195 - - [04/Feb/2022:09:27:54 +0800] "GET /xingrg/javascript/easyui/easyloader.js HTTP/1.1" 304 -
116.239.131.195 - - [04/Feb/2022:09:27:54 +0800] "GET /xingrg/javascript/auto/jquery.autocomplete.js HTTP/1.1" 304 -
116.239.131.195 - - [04/Feb/2022:09:27:54 +0800] "GET /xingrg/javascript/print/LodopFuncs.js HTTP/1.1" 304 -
116.239.131.195 - - [04/Feb/2022:09:27:54 +0800] "GET /xingrg/javascript/jquery.cookie.js HTTP/1.1" 304 -
116.239.131.195 - - [04/Feb/2022:09:27:56 +0800] "GET /xingrg/javascript/easyui/themes/icons/edit_add_new.png HTTP/1.1" 304 -
116.239.131.195 - - [04/Feb/2022:09:27:56 +0800] "GET /xingrg/javascript/easyui/themes/icons/field_new.png HTTP/1.1" 304 -
116.239.131.195 - - [04/Feb/2022:09:27:56 +0800] "GET /xingrg/javascript/easyui/themes/icons/import_new.png HTTP/1.1" 304 -
116.239.131.195 - - [04/Feb/2022:09:27:56 +0800] "GET /xingrg/images/control/ajaxLoader.gif HTTP/1.1" 304 -
116.239.131.195 - - [04/Feb/2022:09:27:56 +0800] "GET /xingrg/javascript/easyui/plugins/jquery.parser.js HTTP/1.1" 304 -
116.239.131.195 - - [04/Feb/2022:09:27:56 +0800] "POST /xingrg/kc/base/yddb_list_operate.html HTTP/1.1" 200 636
101.83.241.237 - - [04/Feb/2022:09:27:56 +0800] "GET /xingrg/all/function/internal_message.html?_=1643938070899&CODE_STATE=getMsg HTTP/1.1" 200 27
222.70.179.207 - - [04/Feb/2022:09:27:57 +0800] "GET /xingrg/all/function/internal_message.html?_=1643938072167&CODE_STATE=getMsg HTTP/1.1" 200 27
124.78.153.118 - - [04/Feb/2022:09:28:00 +0800] "GET /xingrg/all/function/internal_message.html?_=1643938076146&CODE_STATE=getMsg HTTP/1.1" 200 27
116.239.131.195 - - [04/Feb/2022:09:28:00 +0800] "POST /xingrg/kc/base/yddb_list_operate.html HTTP/1.1" 200 1336
222.70.243.96 - - [04/Feb/2022:09:28:03 +0800] "POST /xingrg/services/DataTransmitService HTTP/1.1" 200 524
222.70.243.96 - - [04/Feb/2022:09:28:04 +0800] "POST /xingrg/services/DataTransmitService HTTP/1.1" 200 412
116.239.131.195 - - [04/Feb/2022:09:28:04 +0800] "POST /xingrg/kc/base/yddb_list_operate.html HTTP/1.1" 200 303
116.239.131.195 - - [04/Feb/2022:09:28:05 +0800] "GET /xingrg/kc/base/yddb_order_info.html?code=482021041000043 HTTP/1.1" 200 29590
116.239.131.195 - - [04/Feb/2022:09:28:05 +0800] "GET /xingrg/css/blue.css HTTP/1.1" 304 -
116.239.131.195 - - [04/Feb/2022:09:28:05 +0800] "GET /xingrg/javascript/pic_change.js HTTP/1.1" 304 -
116.239.131.195 - - [04/Feb/2022:09:28:05 +0800] "GET /xingrg/javascript/Calendar.js HTTP/1.1" 304 -
116.239.131.195 - - [04/Feb/2022:09:28:05 +0800] "GET /xingrg/javascript/myfunction.js HTTP/1.1" 304 -
116.239.131.195 - - [04/Feb/2022:09:28:05 +0800] "GET /xingrg/dwr/util.js HTTP/1.1" 304 -
116.239.131.195 - - [04/Feb/2022:09:28:05 +0800] "GET /xingrg/dwr/interface/AjaxYddbService.js HTTP/1.1" 200 13201
116.239.131.195 - - [04/Feb/2022:09:28:05 +0800] "GET /xingrg/dwr/interface/AjaxComOrderService.js HTTP/1.1" 200 18264
116.239.131.195 - - [04/Feb/2022:09:28:05 +0800] "GET /xingrg/dwr/engine.js HTTP/1.1" 200 43631
116.239.131.195 - - [04/Feb/2022:09:28:05 +0800] "GET /xingrg/javascript/checkform.js HTTP/1.1" 304 -
116.239.131.195 - - [04/Feb/2022:09:28:05 +0800] "GET /xingrg/javascript/AjaxInfoList.js HTTP/1.1" 304 -
116.239.131.195 - - [04/Feb/2022:09:28:05 +0800] "GET /xingrg/javascript/ToolTips.js HTTP/1.1" 304 -
116.239.131.195 - - [04/Feb/2022:09:28:05 +0800] "GET /xingrg/javascript/Grid.js HTTP/1.1" 304 -
116.239.131.195 - - [04/Feb/2022:09:28:05 +0800] "GET /xingrg/javascript/jquery_easy_ui/themes/icons/edit_add_new.png HTTP/1.1" 304 -
116.239.131.195 - - [04/Feb/2022:09:28:05 +0800] "GET /xingrg/javascript/jquery_easy_ui/themes/icons/print.png HTTP/1.1" 304 -
116.239.131.195 - - [04/Feb/2022:09:28:05 +0800] "GET /xingrg/javascript/jquery_easy_ui/themes/default/images/menu_downarrow.png HTTP/1.1" 304 -
116.239.131.195 - - [04/Feb/2022:09:28:05 +0800] "GET /xingrg/javascript/jquery_easy_ui/themes/icons/back_new.png HTTP/1.1" 304 -
116.239.131.195 - - [04/Feb/2022:09:28:06 +0800] "GET /xingrg/images/blue/kc_tab_left.gif HTTP/1.1" 304 -
116.239.131.195 - - [04/Feb/2022:09:28:06 +0800] "GET /xingrg/images/blue/kc_tab_right.gif HTTP/1.1" 304 -
116.239.131.195 - - [04/Feb/2022:09:28:06 +0800] "GET /xingrg/images/blue/kc_tab_mid.gif HTTP/1.1" 304 -
116.239.131.195 - - [04/Feb/2022:09:28:06 +0800] "GET /xingrg/images/blue/wait.gif HTTP/1.1" 304 -
116.239.131.195 - - [04/Feb/2022:09:28:06 +0800] "POST /xingrg/dwr/call/plaincall/AjaxYddbService.loadMaterielItems.dwr HTTP/1.1" 200 744
58.39.168.32 - - [04/Feb/2022:09:28:07 +0800] "GET /xingrg/kc/buy/cgsh_order_operate.html?command=get_materiel&rest_code=00105&code=00101008223&supplier_code=00100203&order_time=2022-02-04 HTTP/1.1" 200 433
101.89.19.197 - - [04/Feb/2022:09:28:08 +0800] "GET /xingrg/all/function/internal_message.html?_=1643937956161&CODE_STATE=getMsg HTTP/1.1" 302 -
101.89.19.197 - - [04/Feb/2022:09:28:09 +0800] "GET /xingrg/login.html HTTP/1.1" 200 7641
116.239.131.195 - - [04/Feb/2022:09:28:11 +0800] "GET /xingrg/javascript/jquery_easy_ui/themes/default/images/tabs_active.png HTTP/1.1" 304 -
116.239.131.195 - - [04/Feb/2022:09:28:16 +0800] "POST /xingrg/kc/base/yddb_list_operate.html HTTP/1.1" 200 4296
58.39.168.32 - - [04/Feb/2022:09:28:18 +0800] "GET /xingrg/kc/buy/cgsh_order_operate.html?command=get_materiel&rest_code=00105&code=00101008105&supplier_code=00100203&order_time=2022-02-04 HTTP/1.1" 200 412
116.239.131.195 - - [04/Feb/2022:09:28:19 +0800] "POST /xingrg/kc/base/yddb_list_operate.html HTTP/1.1" 200 198
116.239.131.195 - - [04/Feb/2022:09:28:22 +0800] "POST /xingrg/kc/base/yddb_list_operate.html HTTP/1.1" 200 202
116.239.131.195 - - [04/Feb/2022:09:28:22 +0800] "GET /xingrg/kc/base/yddb_order_info.html?code=482022020300017 HTTP/1.1" 200 31790
116.239.131.195 - - [04/Feb/2022:09:28:22 +0800] "GET /xingrg/dwr/interface/AjaxYddbService.js HTTP/1.1" 200 13201
116.239.131.195 - - [04/Feb/2022:09:28:22 +0800] "GET /xingrg/dwr/interface/AjaxComOrderService.js HTTP/1.1" 200 18264
116.239.131.195 - - [04/Feb/2022:09:28:23 +0800] "GET /xingrg/dwr/engine.js HTTP/1.1" 200 43631
116.239.131.195 - - [04/Feb/2022:09:28:23 +0800] "POST /xingrg/dwr/call/plaincall/AjaxYddbService.loadMaterielItems.dwr HTTP/1.1" 200 393
222.70.243.96 - - [04/Feb/2022:09:28:24 +0800] "GET /xingrg/all/function/internal_message.html?_=1643938119141&CODE_STATE=getMsg HTTP/1.1" 200 27
116.239.131.195 - - [04/Feb/2022:09:28:24 +0800] "GET /xingrg/javascript/jquery_easy_ui/themes/default/images/button_plain_hover.png HTTP/1.1" 304 -
116.239.131.195 - - [04/Feb/2022:09:28:26 +0800] "GET /xingrg/kc/base/yddb_order_report.html?fileType=servlets/html&code=482022020300017&reportName=ck_order_report&subName=yddb HTTP/1.1" 302 -
116.239.131.195 - - [04/Feb/2022:09:28:26 +0800] "GET /xingrg/servlets/html?sysBaseUrl=http%3A%2F%2F180.169.147.146%3A18081%2Fxingrg%2F&costTime=84×tamp=1643938106736 HTTP/1.1" 200 14756
58.39.168.32 - - [04/Feb/2022:09:28:26 +0800] "GET /xingrg/kc/buy/cgsh_order_operate.html?command=get_materiel&rest_code=00105&code=00101008119&supplier_code=00100203&order_time=2022-02-04 HTTP/1.1" 200 412
116.239.131.195 - - [04/Feb/2022:09:28:26 +0800] "GET /xingrg/servlets/image?image=px HTTP/1.1" 200 807
58.39.168.32 - - [04/Feb/2022:09:28:26 +0800] "GET /xingrg/all/function/internal_message.html?_=1643938104209&CODE_STATE=getMsg HTTP/1.1" 200 27
116.239.131.195 - - [04/Feb/2022:09:28:27 +0800] "GET /favicon.ico HTTP/1.1" 404 -
116.239.131.195 - - [04/Feb/2022:09:28:27 +0800] "GET /xingrg/javascript/jquery_easy_ui/themes/icons/rest.png HTTP/1.1" 304 -
116.239.131.195 - - [04/Feb/2022:09:28:27 +0800] "GET /xingrg/javascript/jquery_easy_ui/themes/icons/area.png HTTP/1.1" 304 -
222.70.243.96 - - [04/Feb/2022:09:28:29 +0800] "GET /xingrg/all/function/internal_message.html?_=1643938123107&CODE_STATE=getMsg HTTP/1.1" 302 -
180.152.99.39 - - [04/Feb/2022:09:28:33 +0800] "GET /xingrg/all/function/internal_message.html?_=1643938031961&CODE_STATE=getMsg HTTP/1.1" 200 27
58.39.168.32 - - [04/Feb/2022:09:28:34 +0800] "GET /xingrg/kc/buy/cgsh_order_operate.html?command=get_materiel&rest_code=00105&code=00101008061&supplier_code=00100203&order_time=2022-02-04 HTTP/1.1" 200 443
58.39.168.32 - - [04/Feb/2022:09:28:41 +0800] "GET /xingrg/kc/buy/cgsh_order_operate.html?command=get_materiel&rest_code=00105&code=00101008509&supplier_code=00100203&order_time=2022-02-04 HTTP/1.1" 200 395
116.239.131.195 - - [04/Feb/2022:09:28:43 +0800] "GET /xingrg/all/function/internal_message.html?_=1643938142723&CODE_STATE=getMsg HTTP/1.1" 200 27
101.91.62.89 - - [04/Feb/2022:09:28:44 +0800] "GET /xingrg/all/function/internal_message.html?_=1643937896161&CODE_STATE=getMsg HTTP/1.1" 302 -
101.91.62.89 - - [04/Feb/2022:09:28:44 +0800] "GET /xingrg/login.html HTTP/1.1" 200 7641
120.253.135.82 - - [04/Feb/2022:09:28:51 +0800] "GET /xingrg/all/function/internal_message.html?_=1643937921195&CODE_STATE=getMsg HTTP/1.1" 200 27
101.83.241.237 - - [04/Feb/2022:09:28:56 +0800] "GET /xingrg/all/function/internal_message.html?_=1643938130900&CODE_STATE=getMsg HTTP/1.1" 200 27
222.70.179.207 - - [04/Feb/2022:09:28:57 +0800] "GET /xingrg/all/function/internal_message.html?_=1643938132167&CODE_STATE=getMsg HTTP/1.1" 200 27
124.78.153.118 - - [04/Feb/2022:09:29:00 +0800] "GET /xingrg/all/function/internal_message.html?_=1643938136161&CODE_STATE=getMsg HTTP/1.1" 200 27
222.70.243.96 - - [04/Feb/2022:09:29:12 +0800] "GET /xingrg/check_reg.html?_=1643938165368 HTTP/1.1" 302 -
58.39.168.32 - - [04/Feb/2022:09:29:15 +0800] "GET /xingrg/kc/buy/cgsh_order_operate.html?command=get_materiel&rest_code=00105&code=00101008041&supplier_code=00100203&order_time=2022-02-04 HTTP/1.1" 200 427
222.70.243.96 - - [04/Feb/2022:09:29:24 +0800] "GET /xingrg/all/function/internal_message.html?_=1643938179145&CODE_STATE=getMsg HTTP/1.1" 200 27
58.39.168.32 - - [04/Feb/2022:09:29:26 +0800] "GET /xingrg/all/function/internal_message.html?_=1643938164196&CODE_STATE=getMsg HTTP/1.1" 200 27
222.70.243.96 - - [04/Feb/2022:09:29:30 +0800] "GET /xingrg/all/function/internal_message.html?_=1643938183149&CODE_STATE=getMsg HTTP/1.1" 302 -
180.152.99.39 - - [04/Feb/2022:09:29:33 +0800] "GET /xingrg/all/function/internal_message.html?_=1643938092020&CODE_STATE=getMsg HTTP/1.1" 200 27
58.39.168.32 - - [04/Feb/2022:09:29:42 +0800] "GET /xingrg/kc/buy/cgsh_order_operate.html?command=get_materiel&rest_code=00105&code=00101008261&supplier_code=00100203&order_time=2022-02-04 HTTP/1.1" 200 408
116.239.131.195 - - [04/Feb/2022:09:29:43 +0800] "GET /xingrg/all/function/internal_message.html?_=1643938202732&CODE_STATE=getMsg HTTP/1.1" 200 27
120.253.135.82 - - [04/Feb/2022:09:29:51 +0800] "GET /xingrg/all/function/internal_message.html?_=1643937981225&CODE_STATE=getMsg HTTP/1.1" 200 27
101.83.241.237 - - [04/Feb/2022:09:29:56 +0800] "GET /xingrg/all/function/internal_message.html?_=1643938190905&CODE_STATE=getMsg HTTP/1.1" 200 27
222.70.179.207 - - [04/Feb/2022:09:29:57 +0800] "GET /xingrg/all/function/internal_message.html?_=1643938192167&CODE_STATE=getMsg HTTP/1.1" 200 27
124.78.153.118 - - [04/Feb/2022:09:30:00 +0800] "GET /xingrg/check_reg.html?_=1643938196162 HTTP/1.1" 200 22
124.78.153.118 - - [04/Feb/2022:09:30:00 +0800] "GET /xingrg/all/function/internal_message.html?_=1643938196164&CODE_STATE=getMsg HTTP/1.1" 200 27
61.151.207.141 - - [04/Feb/2022:09:30:00 +0800] "GET /xingrg/all/function/internal_message.html?_=1643938136161&CODE_STATE=getMsg HTTP/1.1" 302 -
61.151.207.141 - - [04/Feb/2022:09:30:01 +0800] "GET /xingrg/login.html HTTP/1.1" 200 7641
222.70.243.96 - - [04/Feb/2022:09:30:22 +0800] "GET /xingrg/check_reg.html?_=1643938237361 HTTP/1.1" 200 22
222.70.243.96 - - [04/Feb/2022:09:30:24 +0800] "GET /xingrg/all/function/internal_message.html?_=1643938239159&CODE_STATE=getMsg HTTP/1.1" 200 27
58.39.168.32 - - [04/Feb/2022:09:30:25 +0800] "GET /xingrg/kc/buy/cgsh_order_operate.html?command=get_materiel&rest_code=00105&code=00101008199&supplier_code=00100203&order_time=2022-02-04 HTTP/1.1" 200 408
58.39.168.32 - - [04/Feb/2022:09:30:26 +0800] "GET /xingrg/all/function/internal_message.html?_=1643938224200&CODE_STATE=getMsg HTTP/1.1" 200 27
222.70.243.96 - - [04/Feb/2022:09:30:30 +0800] "GET /xingrg/all/function/internal_message.html?_=1643938243150&CODE_STATE=getMsg HTTP/1.1" 302 -
180.152.99.39 - - [04/Feb/2022:09:30:33 +0800] "GET /xingrg/all/function/internal_message.html?_=1643938152036&CODE_STATE=getMsg HTTP/1.1" 200 27
58.221.95.50 - - [04/Feb/2022:09:30:42 +0800] "GET /xingrg/check_reg.html?_=1643938240051 HTTP/1.1" 302 -
116.239.131.195 - - [04/Feb/2022:09:30:43 +0800] "GET /xingrg/all/function/internal_message.html?_=1643938262751&CODE_STATE=getMsg HTTP/1.1" 200 27
58.39.168.32 - - [04/Feb/2022:09:30:45 +0800] "POST /xingrg/kc/buy/cgsh_order_operate.html HTTP/1.1" 200 2065
58.39.168.32 - - [04/Feb/2022:09:30:47 +0800] "POST /xingrg/kc/buy/cgsh_order_operate.html HTTP/1.1" 200 2065
58.39.168.32 - - [04/Feb/2022:09:30:48 +0800] "POST /xingrg/kc/buy/cgsh_order_operate.html HTTP/1.1" 200 2065
120.253.135.82 - - [04/Feb/2022:09:30:51 +0800] "GET /xingrg/all/function/internal_message.html?_=1643938041238&CODE_STATE=getMsg HTTP/1.1" 200 27
101.83.241.237 - - [04/Feb/2022:09:30:56 +0800] "GET /xingrg/all/function/internal_message.html?_=1643938250905&CODE_STATE=getMsg HTTP/1.1" 200 27
222.70.179.207 - - [04/Feb/2022:09:30:57 +0800] "GET /xingrg/check_reg.html?_=1643938252172 HTTP/1.1" 200 22
222.70.179.207 - - [04/Feb/2022:09:30:57 +0800] "GET /xingrg/all/function/internal_message.html?_=1643938252169&CODE_STATE=getMsg HTTP/1.1" 200 27
61.151.178.165 - - [04/Feb/2022:09:30:59 +0800] "GET /xingrg/check_reg.html?_=1643938196162 HTTP/1.1" 302 -
124.78.153.118 - - [04/Feb/2022:09:31:00 +0800] "GET /xingrg/all/function/internal_message.html?_=1643938256148&CODE_STATE=getMsg HTTP/1.1" 200 27
61.151.178.165 - - [04/Feb/2022:09:31:02 +0800] "GET /xingrg/login.html HTTP/1.1" 200 7641
58.39.168.32 - - [04/Feb/2022:09:31:02 +0800] "GET /xingrg/kc/buy/cgsh_order_operate.html?command=get_materiel&rest_code=00105&code=00101008087&supplier_code=00100203&order_time=2022-02-04 HTTP/1.1" 200 412
58.39.168.32 - - [04/Feb/2022:09:31:11 +0800] "GET /xingrg/kc/buy/cgsh_order_operate.html?command=get_materiel&rest_code=00105&code=00101008251&supplier_code=00100203&order_time=2022-02-04 HTTP/1.1" 200 428
58.39.168.32 - - [04/Feb/2022:09:31:22 +0800] "GET /xingrg/kc/buy/cgsh_order_operate.html?command=get_materiel&rest_code=00105&code=00101008059&supplier_code=00100203&order_time=2022-02-04 HTTP/1.1" 200 428
222.70.243.96 - - [04/Feb/2022:09:31:24 +0800] "GET /xingrg/all/function/internal_message.html?_=1643938299172&CODE_STATE=getMsg HTTP/1.1" 200 27
58.39.168.32 - - [04/Feb/2022:09:31:26 +0800] "GET /xingrg/all/function/internal_message.html?_=1643938284203&CODE_STATE=getMsg HTTP/1.1" 200 27
58.39.168.32 - - [04/Feb/2022:09:31:26 +0800] "GET /xingrg/check_reg.html?_=1643938284220 HTTP/1.1" 200 22
222.70.243.96 - - [04/Feb/2022:09:31:30 +0800] "GET /xingrg/all/function/internal_message.html?_=1643938303195&CODE_STATE=getMsg HTTP/1.1" 302 -
180.152.99.39 - - [04/Feb/2022:09:31:33 +0800] "GET /xingrg/all/function/internal_message.html?_=1643938212086&CODE_STATE=getMsg HTTP/1.1" 200 27
116.239.131.195 - - [04/Feb/2022:09:31:43 +0800] "GET /xingrg/all/function/internal_message.html?_=1643938322760&CODE_STATE=getMsg HTTP/1.1" 200 27
180.152.99.39 - - [04/Feb/2022:09:31:50 +0800] "GET /xingrg/check_reg.html?_=1643938228680 HTTP/1.1" 200 22
120.253.135.82 - - [04/Feb/2022:09:31:50 +0800] "GET /xingrg/check_reg.html?_=1643938100774 HTTP/1.1" 200 22
120.253.135.82 - - [04/Feb/2022:09:31:51 +0800] "GET /xingrg/all/function/internal_message.html?_=1643938101251&CODE_STATE=getMsg HTTP/1.1" 200 27
101.83.241.237 - - [04/Feb/2022:09:31:56 +0800] "GET /xingrg/all/function/internal_message.html?_=1643938310910&CODE_STATE=getMsg HTTP/1.1" 200 27
101.83.241.237 - - [04/Feb/2022:09:31:56 +0800] "GET /xingrg/check_reg.html?_=1643938310913 HTTP/1.1" 200 22
222.70.179.207 - - [04/Feb/2022:09:31:57 +0800] "GET /xingrg/all/function/internal_message.html?_=1643938312165&CODE_STATE=getMsg HTTP/1.1" 200 27
58.39.168.32 - - [04/Feb/2022:09:31:59 +0800] "GET /xingrg/kc/buy/cgsh_order_operate.html?command=get_materiel&rest_code=00105&code=00101008213&supplier_code=00100203&order_time=2022-02-04 HTTP/1.1" 200 432
61.151.207.141 - - [04/Feb/2022:09:31:59 +0800] "GET /xingrg/all/function/internal_message.html?_=1643938256148&CODE_STATE=getMsg HTTP/1.1" 302 -
124.78.153.118 - - [04/Feb/2022:09:32:00 +0800] "GET /xingrg/all/function/internal_message.html?_=1643938316148&CODE_STATE=getMsg HTTP/1.1" 200 27
61.151.207.141 - - [04/Feb/2022:09:32:04 +0800] "GET /xingrg/login.html HTTP/1.1" 200 7641
58.39.168.32 - - [04/Feb/2022:09:32:09 +0800] "POST /xingrg/kc/buy/cgsh_order_operate.html HTTP/1.1" 200 37
58.39.168.32 - - [04/Feb/2022:09:32:12 +0800] "POST /xingrg/kc/buy/cgsh_order_operate.html HTTP/1.1" 200 35772
222.70.243.96 - - [04/Feb/2022:09:32:24 +0800] "GET /xingrg/all/function/internal_message.html?_=1643938359186&CODE_STATE=getMsg HTTP/1.1" 200 27
58.39.168.32 - - [04/Feb/2022:09:32:27 +0800] "GET /xingrg/all/function/internal_message.html?_=1643938344380&CODE_STATE=getMsg HTTP/1.1" 200 27
222.70.243.96 - - [04/Feb/2022:09:32:30 +0800] "GET /xingrg/all/function/internal_message.html?_=1643938363208&CODE_STATE=getMsg HTTP/1.1" 302 -
180.152.99.39 - - [04/Feb/2022:09:32:33 +0800] "GET /xingrg/all/function/internal_message.html?_=1643938272093&CODE_STATE=getMsg HTTP/1.1" 200 27
124.78.153.118 - - [04/Feb/2022:09:32:37 +0800] "GET /xingrg/kc/buy/cgsh_order_add.html HTTP/1.1" 200 65642
124.78.153.118 - - [04/Feb/2022:09:32:38 +0800] "GET /xingrg/javascript/easyui/themes/default/validatebox.css HTTP/1.1" 404 1104
124.78.153.118 - - [04/Feb/2022:09:32:38 +0800] "POST /xingrg/kc/buy/cgsh_order_operate.html HTTP/1.1" 200 8245
124.78.153.118 - - [04/Feb/2022:09:32:39 +0800] "GET /xingrg/javascript/easyui/themes/default/tree.css HTTP/1.1" 404 1090
124.78.153.118 - - [04/Feb/2022:09:32:40 +0800] "POST /xingrg/all/common/load_tree.html?tree=supplier_tree_json&isDelete=1 HTTP/1.1" 200 62150
116.239.131.195 - - [04/Feb/2022:09:32:43 +0800] "GET /xingrg/check_reg.html?_=1643938382718 HTTP/1.1" 200 22
116.239.131.195 - - [04/Feb/2022:09:32:43 +0800] "GET /xingrg/all/function/internal_message.html?_=1643938382772&CODE_STATE=getMsg HTTP/1.1" 200 27
120.253.135.82 - - [04/Feb/2022:09:32:51 +0800] "GET /xingrg/all/function/internal_message.html?_=1643938161265&CODE_STATE=getMsg HTTP/1.1" 200 27
124.78.153.118 - - [04/Feb/2022:09:32:53 +0800] "GET /xingrg/kc/buy/cgsh_order_operate.html?command=get_materiel&rest_code=00106&code=00101009062&supplier_code=00100022&order_time=2022-02-04 HTTP/1.1" 200 432
101.83.241.237 - - [04/Feb/2022:09:32:56 +0800] "GET /xingrg/all/function/internal_message.html?_=1643938370915&CODE_STATE=getMsg HTTP/1.1" 200 27
222.70.179.207 - - [04/Feb/2022:09:32:57 +0800] "GET /xingrg/all/function/internal_message.html?_=1643938372164&CODE_STATE=getMsg HTTP/1.1" 200 27
124.78.153.118 - - [04/Feb/2022:09:33:00 +0800] "GET /xingrg/all/function/internal_message.html?_=1643938376196&CODE_STATE=getMsg HTTP/1.1" 200 27
124.78.153.118 - - [04/Feb/2022:09:33:07 +0800] "POST /xingrg/kc/buy/cgsh_order_operate.html HTTP/1.1" 200 37
124.78.153.118 - - [04/Feb/2022:09:33:10 +0800] "POST /xingrg/kc/buy/cgsh_order_operate.html HTTP/1.1" 200 12
124.78.153.118 - - [04/Feb/2022:09:33:11 +0800] "GET /xingrg/kc/buy/cgsh_order_info.html?code=212022020400282 HTTP/1.1" 200 60545
124.78.153.118 - - [04/Feb/2022:09:33:12 +0800] "GET /xingrg/javascript/easyui/themes/default/validatebox.css HTTP/1.1" 404 1104
58.39.168.32 - - [04/Feb/2022:09:33:12 +0800] "POST /xingrg/services/DataTransmitService HTTP/1.1" 401 565
58.39.168.32 - - [04/Feb/2022:09:33:12 +0800] "POST /xingrg/services/DataTransmitService HTTP/1.1" 200 478
58.39.168.32 - - [04/Feb/2022:09:33:12 +0800] "POST /xingrg/services/DataTransmitService HTTP/1.1" 200 1319
58.39.168.32 - - [04/Feb/2022:09:33:12 +0800] "POST /xingrg/services/DataTransmitService HTTP/1.1" 200 478
58.39.168.32 - - [04/Feb/2022:09:33:12 +0800] "POST /xingrg/services/DataTransmitService HTTP/1.1" 200 1319
58.39.168.32 - - [04/Feb/2022:09:33:12 +0800] "POST /xingrg/services/DataTransmitService HTTP/1.1" 200 524
124.78.153.118 - - [04/Feb/2022:09:33:13 +0800] "POST /xingrg/kc/buy/cgsh_order_operate.html HTTP/1.1" 200 608
58.39.168.32 - - [04/Feb/2022:09:33:13 +0800] "POST /xingrg/services/DataTransmitService HTTP/1.1" 200 2235
58.39.168.32 - - [04/Feb/2022:09:33:13 +0800] "POST /xingrg/services/DataTransmitService HTTP/1.1" 200 45454
58.39.168.32 - - [04/Feb/2022:09:33:13 +0800] "POST /xingrg/services/DataTransmitService HTTP/1.1" 200 19237
124.78.153.118 - - [04/Feb/2022:09:33:14 +0800] "GET /xingrg/kc/print/load_data.html?order_code=212022020400282&kc_code=cgsh&condition= HTTP/1.1" 200 735
222.70.243.96 - - [04/Feb/2022:09:33:24 +0800] "GET /xingrg/all/function/internal_message.html?_=1643938419449&CODE_STATE=getMsg HTTP/1.1" 200 27
58.39.168.32 - - [04/Feb/2022:09:33:26 +0800] "GET /xingrg/all/function/internal_message.html?_=1643938404222&CODE_STATE=getMsg HTTP/1.1" 200 27
222.70.243.96 - - [04/Feb/2022:09:33:30 +0800] "GET /xingrg/all/function/internal_message.html?_=1643938423254&CODE_STATE=getMsg HTTP/1.1" 302 -
180.152.99.39 - - [04/Feb/2022:09:33:33 +0800] "GET /xingrg/all/function/internal_message.html?_=1643938332107&CODE_STATE=getMsg HTTP/1.1" 200 27
61.151.207.141 - - [04/Feb/2022:09:33:35 +0800] "GET /xingrg/kc/buy/cgsh_order_add.html HTTP/1.1" 302 -
61.151.207.141 - - [04/Feb/2022:09:33:37 +0800] "GET /xingrg/login.html HTTP/1.1" 200 7641
116.239.131.195 - - [04/Feb/2022:09:33:43 +0800] "GET /xingrg/all/function/internal_message.html?_=1643938442787&CODE_STATE=getMsg HTTP/1.1" 200 27
120.253.135.82 - - [04/Feb/2022:09:33:51 +0800] "GET /xingrg/all/function/internal_message.html?_=1643938221279&CODE_STATE=getMsg HTTP/1.1" 200 27
101.89.29.78 - - [04/Feb/2022:09:33:53 +0800] "GET /xingrg/kc/buy/cgsh_order_operate.html?command=get_materiel&rest_code=00106&code=00101009062&supplier_code=00100022&order_time=2022-02-04 HTTP/1.1" 302 -
101.89.29.78 - - [04/Feb/2022:09:33:54 +0800] "GET /xingrg/login.html HTTP/1.1" 200 7641
101.83.241.237 - - [04/Feb/2022:09:33:56 +0800] "GET /xingrg/all/function/internal_message.html?_=1643938430914&CODE_STATE=getMsg HTTP/1.1" 200 27
222.70.179.207 - - [04/Feb/2022:09:33:57 +0800] "GET /xingrg/all/function/internal_message.html?_=1643938432164&CODE_STATE=getMsg HTTP/1.1" 200 27
124.78.153.118 - - [04/Feb/2022:09:34:00 +0800] "GET /xingrg/all/function/internal_message.html?_=1643938436173&CODE_STATE=getMsg HTTP/1.1" 200 27
222.70.243.96 - - [04/Feb/2022:09:34:12 +0800] "GET /xingrg/check_reg.html?_=1643938465373 HTTP/1.1" 302 -
101.91.60.88 - - [04/Feb/2022:09:34:12 +0800] "GET /xingrg/kc/buy/cgsh_order_info.html?code=212022020400282 HTTP/1.1" 302 -
101.91.60.88 - - [04/Feb/2022:09:34:13 +0800] "GET /xingrg/login.html HTTP/1.1" 200 7641
222.70.243.96 - - [04/Feb/2022:09:34:24 +0800] "GET /xingrg/all/function/internal_message.html?_=1643938479463&CODE_STATE=getMsg HTTP/1.1" 200 27
58.39.168.32 - - [04/Feb/2022:09:34:26 +0800] "GET /xingrg/all/function/internal_message.html?_=1643938464223&CODE_STATE=getMsg HTTP/1.1" 200 27
222.70.243.96 - - [04/Feb/2022:09:34:30 +0800] "GET /xingrg/all/function/internal_message.html?_=1643938483267&CODE_STATE=getMsg HTTP/1.1" 302 -
180.152.99.39 - - [04/Feb/2022:09:34:33 +0800] "GET /xingrg/all/function/internal_message.html?_=1643938392166&CODE_STATE=getMsg HTTP/1.1" 200 27
116.239.131.195 - - [04/Feb/2022:09:34:43 +0800] "GET /xingrg/all/function/internal_message.html?_=1643938502801&CODE_STATE=getMsg HTTP/1.1" 200 27
101.83.241.237 - - [04/Feb/2022:09:34:56 +0800] "POST /xingrg/services/DataTransmitService HTTP/1.1" 401 565
101.83.241.237 - - [04/Feb/2022:09:34:56 +0800] "POST /xingrg/services/DataTransmitService HTTP/1.1" 200 478
101.83.241.237 - - [04/Feb/2022:09:34:56 +0800] "POST /xingrg/services/DataTransmitService HTTP/1.1" 200 1319
101.83.241.237 - - [04/Feb/2022:09:34:56 +0800] "POST /xingrg/services/DataTransmitService HTTP/1.1" 200 478
101.83.241.237 - - [04/Feb/2022:09:34:56 +0800] "POST /xingrg/services/DataTransmitService HTTP/1.1" 200 1319
101.83.241.237 - - [04/Feb/2022:09:34:56 +0800] "POST /xingrg/services/DataTransmitService HTTP/1.1" 200 524
101.83.241.237 - - [04/Feb/2022:09:34:56 +0800] "GET /xingrg/all/function/internal_message.html?_=1643938490912&CODE_STATE=getMsg HTTP/1.1" 200 27
101.83.241.237 - - [04/Feb/2022:09:34:57 +0800] "POST /xingrg/services/DataTransmitService HTTP/1.1" 200 1983
101.83.241.237 - - [04/Feb/2022:09:34:57 +0800] "POST /xingrg/services/DataTransmitService HTTP/1.1" 200 45454
101.83.241.237 - - [04/Feb/2022:09:34:57 +0800] "POST /xingrg/services/DataTransmitService HTTP/1.1" 200 19237
222.70.179.207 - - [04/Feb/2022:09:34:57 +0800] "GET /xingrg/all/function/internal_message.html?_=1643938492167&CODE_STATE=getMsg HTTP/1.1" 200 27
61.151.207.141 - - [04/Feb/2022:09:34:59 +0800] "GET /xingrg/all/function/internal_message.html?_=1643938436173&CODE_STATE=getMsg HTTP/1.1" 302 -
124.78.153.118 - - [04/Feb/2022:09:35:00 +0800] "GET /xingrg/check_reg.html?_=1643938496176 HTTP/1.1" 200 22
124.78.153.118 - - [04/Feb/2022:09:35:00 +0800] "GET /xingrg/all/function/internal_message.html?_=1643938496173&CODE_STATE=getMsg HTTP/1.1" 200 27
61.151.207.141 - - [04/Feb/2022:09:35:02 +0800] "GET /xingrg/login.html HTTP/1.1" 200 7641
101.83.241.237 - - [04/Feb/2022:09:35:03 +0800] "POST /xingrg/services/DataTransmitService HTTP/1.1" 200 524
101.83.241.237 - - [04/Feb/2022:09:35:03 +0800] "POST /xingrg/services/DataTransmitService HTTP/1.1" 200 1983
222.70.243.96 - - [04/Feb/2022:09:35:22 +0800] "GET /xingrg/check_reg.html?_=1643938537609 HTTP/1.1" 200 22
222.70.243.96 - - [04/Feb/2022:09:35:24 +0800] "GET /xingrg/all/function/internal_message.html?_=1643938539476&CODE_STATE=getMsg HTTP/1.1" 200 27
58.39.168.32 - - [04/Feb/2022:09:35:26 +0800] "GET /xingrg/all/function/internal_message.html?_=1643938524223&CODE_STATE=getMsg HTTP/1.1" 200 27
222.70.243.96 - - [04/Feb/2022:09:35:30 +0800] "GET /xingrg/all/function/internal_message.html?_=1643938543310&CODE_STATE=getMsg HTTP/1.1" 302 -
180.152.99.39 - - [04/Feb/2022:09:35:33 +0800] "GET /xingrg/all/function/internal_message.html?_=1643938452181&CODE_STATE=getMsg HTTP/1.1" 200 27
58.221.95.50 - - [04/Feb/2022:09:35:42 +0800] "GET /xingrg/check_reg.html?_=1643938540022 HTTP/1.1" 302 -
116.239.131.195 - - [04/Feb/2022:09:35:43 +0800] "GET /xingrg/all/function/internal_message.html?_=1643938562818&CODE_STATE=getMsg HTTP/1.1" 200 27
101.83.241.237 - - [04/Feb/2022:09:35:56 +0800] "GET /xingrg/all/function/internal_message.html?_=1643938550911&CODE_STATE=getMsg HTTP/1.1" 200 27
222.70.179.207 - - [04/Feb/2022:09:35:57 +0800] "GET /xingrg/all/function/internal_message.html?_=1643938552169&CODE_STATE=getMsg HTTP/1.1" 200 27
222.70.179.207 - - [04/Feb/2022:09:35:57 +0800] "GET /xingrg/check_reg.html?_=1643938552171 HTTP/1.1" 200 22
101.89.19.197 - - [04/Feb/2022:09:36:00 +0800] "GET /xingrg/all/function/internal_message.html?_=1643938496173&CODE_STATE=getMsg HTTP/1.1" 302 -
124.78.153.118 - - [04/Feb/2022:09:36:00 +0800] "GET /xingrg/all/function/internal_message.html?_=1643938556175&CODE_STATE=getMsg HTTP/1.1" 200 27
101.89.19.197 - - [04/Feb/2022:09:36:02 +0800] "GET /xingrg/check_reg.html?_=1643938496176 HTTP/1.1" 302 -
101.89.19.197 - - [04/Feb/2022:09:36:02 +0800] "GET /xingrg/login.html HTTP/1.1" 200 7641
101.89.19.197 - - [04/Feb/2022:09:36:02 +0800] "GET /xingrg/login.html HTTP/1.1" 200 7641
222.70.243.96 - - [04/Feb/2022:09:36:24 +0800] "GET /xingrg/all/function/internal_message.html?_=1643938599492&CODE_STATE=getMsg HTTP/1.1" 200 27
58.39.168.32 - - [04/Feb/2022:09:36:26 +0800] "GET /xingrg/all/function/internal_message.html?_=1643938584218&CODE_STATE=getMsg HTTP/1.1" 200 27
58.39.168.32 - - [04/Feb/2022:09:36:26 +0800] "GET /xingrg/check_reg.html?_=1643938584221 HTTP/1.1" 200 22
222.70.243.96 - - [04/Feb/2022:09:36:30 +0800] "GET /xingrg/all/function/internal_message.html?_=1643938603325&CODE_STATE=getMsg HTTP/1.1" 302 -
180.152.99.39 - - [04/Feb/2022:09:36:33 +0800] "GET /xingrg/all/function/internal_message.html?_=1643938512232&CODE_STATE=getMsg HTTP/1.1" 200 27
116.239.131.195 - - [04/Feb/2022:09:36:43 +0800] "GET /xingrg/kc/buy/cgsh_order_list.html HTTP/1.1" 200 49820
116.239.131.195 - - [04/Feb/2022:09:36:43 +0800] "GET /xingrg/javascript/easyui/themes/icons/cance_new.png HTTP/1.1" 304 -
116.239.131.195 - - [04/Feb/2022:09:36:43 +0800] "GET /xingrg/javascript/easyui/themes/icons/check_new.png HTTP/1.1" 304 -
116.239.131.195 - - [04/Feb/2022:09:36:43 +0800] "GET /xingrg/all/function/internal_message.html?_=1643938623220&CODE_STATE=getMsg HTTP/1.1" 200 27
58.39.168.32 - - [04/Feb/2022:09:36:46 +0800] "POST /xingrg/kc/buy/cgsh_order_operate.html HTTP/1.1" 200 37
116.239.131.195 - - [04/Feb/2022:09:36:46 +0800] "POST /xingrg/kc/buy/cgsh_list_operate.html HTTP/1.1" 200 876
58.39.168.32 - - [04/Feb/2022:09:36:48 +0800] "POST /xingrg/kc/buy/cgsh_order_operate.html HTTP/1.1" 200 35772
180.152.99.39 - - [04/Feb/2022:09:36:50 +0800] "GET /xingrg/check_reg.html?_=1643938528689 HTTP/1.1" 200 22
101.83.241.237 - - [04/Feb/2022:09:36:56 +0800] "GET /xingrg/all/function/internal_message.html?_=1643938610922&CODE_STATE=getMsg HTTP/1.1" 200 27
101.83.241.237 - - [04/Feb/2022:09:36:56 +0800] "GET /xingrg/check_reg.html?_=1643938610923 HTTP/1.1" 200 22
222.70.179.207 - - [04/Feb/2022:09:36:57 +0800] "GET /xingrg/all/function/internal_message.html?_=1643938612170&CODE_STATE=getMsg HTTP/1.1" 200 27
124.78.153.118 - - [04/Feb/2022:09:37:00 +0800] "GET /xingrg/all/function/internal_message.html?_=1643938616179&CODE_STATE=getMsg HTTP/1.1" 200 27
101.89.239.245 - - [04/Feb/2022:09:37:03 +0800] "GET /xingrg/all/function/internal_message.html?_=1643938556175&CODE_STATE=getMsg HTTP/1.1" 302 -
101.89.239.245 - - [04/Feb/2022:09:37:03 +0800] "GET /xingrg/login.html HTTP/1.1" 200 7641
222.70.243.96 - - [04/Feb/2022:09:37:24 +0800] "GET /xingrg/all/function/internal_message.html?_=1643938659503&CODE_STATE=getMsg HTTP/1.1" 200 27
58.39.168.32 - - [04/Feb/2022:09:37:27 +0800] "GET /xingrg/all/function/internal_message.html?_=1643938644354&CODE_STATE=getMsg HTTP/1.1" 200 27
222.70.243.96 - - [04/Feb/2022:09:37:30 +0800] "GET /xingrg/all/function/internal_message.html?_=1643938663371&CODE_STATE=getMsg HTTP/1.1" 302 -
180.152.99.39 - - [04/Feb/2022:09:37:33 +0800] "GET /xingrg/all/function/internal_message.html?_=1643938572256&CODE_STATE=getMsg HTTP/1.1" 200 27
116.239.131.195 - - [04/Feb/2022:09:37:43 +0800] "GET /xingrg/check_reg.html?_=1643938682721 HTTP/1.1" 200 22
116.239.131.195 - - [04/Feb/2022:09:37:43 +0800] "GET /xingrg/all/function/internal_message.html?_=1643938683232&CODE_STATE=getMsg HTTP/1.1" 200 27
101.83.241.237 - - [04/Feb/2022:09:37:56 +0800] "GET /xingrg/all/function/internal_message.html?_=1643938670924&CODE_STATE=getMsg HTTP/1.1" 200 27
222.70.179.207 - - [04/Feb/2022:09:37:57 +0800] "GET /xingrg/all/function/internal_message.html?_=1643938672171&CODE_STATE=getMsg HTTP/1.1" 200 27
124.78.153.118 - - [04/Feb/2022:09:38:00 +0800] "GET /xingrg/all/function/internal_message.html?_=1643938676181&CODE_STATE=getMsg HTTP/1.1" 200 27
222.70.243.96 - - [04/Feb/2022:09:38:24 +0800] "GET /xingrg/all/function/internal_message.html?_=1643938719801&CODE_STATE=getMsg HTTP/1.1" 200 27
58.39.168.32 - - [04/Feb/2022:09:38:26 +0800] "GET /xingrg/all/function/internal_message.html?_=1643938704222&CODE_STATE=getMsg HTTP/1.1" 200 27
222.70.243.96 - - [04/Feb/2022:09:38:30 +0800] "GET /xingrg/all/function/internal_message.html?_=1643938723383&CODE_STATE=getMsg HTTP/1.1" 302 -
180.152.99.39 - - [04/Feb/2022:09:38:33 +0800] "GET /xingrg/all/function/internal_message.html?_=1643938632268&CODE_STATE=getMsg HTTP/1.1" 200 27
116.239.131.195 - - [04/Feb/2022:09:38:43 +0800] "GET /xingrg/all/function/internal_message.html?_=1643938743245&CODE_STATE=getMsg HTTP/1.1" 200 27
101.83.241.237 - - [04/Feb/2022:09:38:56 +0800] "GET /xingrg/all/function/internal_message.html?_=1643938730928&CODE_STATE=getMsg HTTP/1.1" 200 27
222.70.179.207 - - [04/Feb/2022:09:38:57 +0800] "GET /xingrg/all/function/internal_message.html?_=1643938732170&CODE_STATE=getMsg HTTP/1.1" 200 27
124.78.153.118 - - [04/Feb/2022:09:39:00 +0800] "GET /xingrg/all/function/internal_message.html?_=1643938736165&CODE_STATE=getMsg HTTP/1.1" 200 27
222.70.243.96 - - [04/Feb/2022:09:39:12 +0800] "GET /xingrg/check_reg.html?_=1643938765413 HTTP/1.1" 302 -
222.70.243.96 - - [04/Feb/2022:09:39:24 +0800] "GET /xingrg/all/function/internal_message.html?_=1643938779812&CODE_STATE=getMsg HTTP/1.1" 200 27
58.39.168.32 - - [04/Feb/2022:09:39:26 +0800] "GET /xingrg/all/function/internal_message.html?_=1643938764226&CODE_STATE=getMsg HTTP/1.1" 200 27
222.70.243.96 - - [04/Feb/2022:09:39:30 +0800] "GET /xingrg/all/function/internal_message.html?_=1643938783424&CODE_STATE=getMsg HTTP/1.1" 302 -
180.152.99.39 - - [04/Feb/2022:09:39:33 +0800] "GET /xingrg/all/function/internal_message.html?_=1643938692324&CODE_STATE=getMsg HTTP/1.1" 200 27
116.239.131.195 - - [04/Feb/2022:09:39:43 +0800] "GET /xingrg/all/function/internal_message.html?_=1643938803258&CODE_STATE=getMsg HTTP/1.1" 200 27
101.83.241.237 - - [04/Feb/2022:09:39:56 +0800] "GET /xingrg/all/function/internal_message.html?_=1643938790930&CODE_STATE=getMsg HTTP/1.1" 200 27
222.70.179.207 - - [04/Feb/2022:09:39:57 +0800] "GET /xingrg/all/function/internal_message.html?_=1643938792169&CODE_STATE=getMsg HTTP/1.1" 200 27
124.78.153.118 - - [04/Feb/2022:09:40:00 +0800] "GET /xingrg/check_reg.html?_=1643938796167 HTTP/1.1" 200 22
124.78.153.118 - - [04/Feb/2022:09:40:00 +0800] "GET /xingrg/all/function/internal_message.html?_=1643938796165&CODE_STATE=getMsg HTTP/1.1" 200 27
222.70.243.96 - - [04/Feb/2022:09:40:22 +0800] "GET /xingrg/check_reg.html?_=1643938837872 HTTP/1.1" 200 22
222.70.243.96 - - [04/Feb/2022:09:40:24 +0800] "GET /xingrg/all/function/internal_message.html?_=1643938839827&CODE_STATE=getMsg HTTP/1.1" 200 27
58.39.168.32 - - [04/Feb/2022:09:40:26 +0800] "GET /xingrg/all/function/internal_message.html?_=1643938824226&CODE_STATE=getMsg HTTP/1.1" 200 27
222.70.243.96 - - [04/Feb/2022:09:40:30 +0800] "GET /xingrg/all/function/internal_message.html?_=1643938843426&CODE_STATE=getMsg HTTP/1.1" 302 -
180.152.99.39 - - [04/Feb/2022:09:40:33 +0800] "GET /xingrg/all/function/internal_message.html?_=1643938752327&CODE_STATE=getMsg HTTP/1.1" 200 27
58.221.95.50 - - [04/Feb/2022:09:40:42 +0800] "GET /xingrg/check_reg.html?_=1643938839992 HTTP/1.1" 302 -
116.239.131.195 - - [04/Feb/2022:09:40:43 +0800] "GET /xingrg/all/function/internal_message.html?_=1643938863277&CODE_STATE=getMsg HTTP/1.1" 200 27
101.83.241.237 - - [04/Feb/2022:09:40:56 +0800] "GET /xingrg/all/function/internal_message.html?_=1643938850928&CODE_STATE=getMsg HTTP/1.1" 200 27
222.70.179.207 - - [04/Feb/2022:09:40:57 +0800] "GET /xingrg/check_reg.html?_=1643938852169 HTTP/1.1" 200 22
222.70.179.207 - - [04/Feb/2022:09:40:57 +0800] "GET /xingrg/all/function/internal_message.html?_=1643938852168&CODE_STATE=getMsg HTTP/1.1" 200 27
124.78.153.118 - - [04/Feb/2022:09:41:00 +0800] "GET /xingrg/all/function/internal_message.html?_=1643938856167&CODE_STATE=getMsg HTTP/1.1" 200 27
222.70.243.96 - - [04/Feb/2022:09:41:24 +0800] "GET /xingrg/all/function/internal_message.html?_=1643938899839&CODE_STATE=getMsg HTTP/1.1" 200 27
58.39.168.32 - - [04/Feb/2022:09:41:26 +0800] "GET /xingrg/all/function/internal_message.html?_=1643938884222&CODE_STATE=getMsg HTTP/1.1" 200 27
58.39.168.32 - - [04/Feb/2022:09:41:27 +0800] "GET /xingrg/check_reg.html?_=1643938884219 HTTP/1.1" 200 22
222.70.243.96 - - [04/Feb/2022:09:41:30 +0800] "GET /xingrg/all/function/internal_message.html?_=1643938903472&CODE_STATE=getMsg HTTP/1.1" 302 -
180.152.99.39 - - [04/Feb/2022:09:41:33 +0800] "GET /xingrg/all/function/internal_message.html?_=1643938812373&CODE_STATE=getMsg HTTP/1.1" 200 27
116.239.131.195 - - [04/Feb/2022:09:41:43 +0800] "GET /xingrg/all/function/internal_message.html?_=1643938923285&CODE_STATE=getMsg HTTP/1.1" 200 27
180.152.99.39 - - [04/Feb/2022:09:41:50 +0800] "GET /xingrg/check_reg.html?_=1643938828691 HTTP/1.1" 200 22
101.83.241.237 - - [04/Feb/2022:09:41:56 +0800] "GET /xingrg/all/function/internal_message.html?_=1643938910949&CODE_STATE=getMsg HTTP/1.1" 200 27
101.83.241.237 - - [04/Feb/2022:09:41:56 +0800] "GET /xingrg/check_reg.html?_=1643938910955 HTTP/1.1" 200 22
222.70.179.207 - - [04/Feb/2022:09:41:57 +0800] "GET /xingrg/all/function/internal_message.html?_=1643938912167&CODE_STATE=getMsg HTTP/1.1" 200 27
124.78.153.118 - - [04/Feb/2022:09:42:00 +0800] "GET /xingrg/all/function/internal_message.html?_=1643938916168&CODE_STATE=getMsg HTTP/1.1" 200 27
61.151.207.205 - - [04/Feb/2022:09:42:02 +0800] "GET /xingrg/all/function/internal_message.html?_=1643938856167&CODE_STATE=getMsg HTTP/1.1" 302 -
61.151.207.205 - - [04/Feb/2022:09:42:03 +0800] "GET /xingrg/login.html HTTP/1.1" 200 7641
222.70.243.96 - - [04/Feb/2022:09:42:24 +0800] "GET /xingrg/all/function/internal_message.html?_=1643938959853&CODE_STATE=getMsg HTTP/1.1" 200 27
58.39.168.32 - - [04/Feb/2022:09:42:26 +0800] "GET /xingrg/all/function/internal_message.html?_=1643938944222&CODE_STATE=getMsg HTTP/1.1" 200 27
222.70.243.96 - - [04/Feb/2022:09:42:30 +0800] "GET /xingrg/all/function/internal_message.html?_=1643938963485&CODE_STATE=getMsg HTTP/1.1" 302 -
180.152.99.39 - - [04/Feb/2022:09:42:33 +0800] "GET /xingrg/all/function/internal_message.html?_=1643938872386&CODE_STATE=getMsg HTTP/1.1" 200 27
116.239.131.195 - - [04/Feb/2022:09:42:43 +0800] "GET /xingrg/check_reg.html?_=1643938982722 HTTP/1.1" 200 22
116.239.131.195 - - [04/Feb/2022:09:42:43 +0800] "GET /xingrg/all/function/internal_message.html?_=1643938983300&CODE_STATE=getMsg HTTP/1.1" 200 27
61.151.178.249 - - [04/Feb/2022:09:42:51 +0800] "GET /xingrg/all/function/internal_message.html?_=1643938616179&CODE_STATE=getMsg HTTP/1.1" 302 -
61.151.178.249 - - [04/Feb/2022:09:42:52 +0800] "GET /xingrg/login.html HTTP/1.1" 200 7641
101.83.241.237 - - [04/Feb/2022:09:42:56 +0800] "GET /xingrg/all/function/internal_message.html?_=1643938970953&CODE_STATE=getMsg HTTP/1.1" 200 27
222.70.179.207 - - [04/Feb/2022:09:42:57 +0800] "GET /xingrg/all/function/internal_message.html?_=1643938972177&CODE_STATE=getMsg HTTP/1.1" 200 27
124.78.153.118 - - [04/Feb/2022:09:43:00 +0800] "GET /xingrg/all/function/internal_message.html?_=1643938976168&CODE_STATE=getMsg HTTP/1.1" 200 27
180.152.99.73 - - [04/Feb/2022:09:43:06 +0800] "GET /xingrg/check_reg.html?_=1643938983586 HTTP/1.1" 302 -
180.152.99.73 - - [04/Feb/2022:09:43:06 +0800] "GET /xingrg/login.html HTTP/1.1" 200 7641
180.162.112.109 - - [04/Feb/2022:09:43:07 +0800] "GET /xingrg HTTP/1.1" 302 -
180.162.112.109 - - [04/Feb/2022:09:43:07 +0800] "GET /xingrg/ HTTP/1.1" 304 -
180.162.112.109 - - [04/Feb/2022:09:43:08 +0800] "GET /xingrg/index.html HTTP/1.1" 302 -
180.162.112.109 - - [04/Feb/2022:09:43:08 +0800] "GET /favicon.ico HTTP/1.1" 404 -
180.162.112.109 - - [04/Feb/2022:09:43:08 +0800] "GET /xingrg/login.html HTTP/1.1" 200 7641
180.162.112.109 - - [04/Feb/2022:09:43:08 +0800] "GET /xingrg/images/blue/jxLogo.png HTTP/1.1" 304 -
180.162.112.109 - - [04/Feb/2022:09:43:09 +0800] "GET /xingrg/images/blue/login_bg.png HTTP/1.1" 304 -
180.162.112.109 - - [04/Feb/2022:09:43:09 +0800] "GET /xingrg/images/blue/hj.png HTTP/1.1" 304 -
180.162.112.109 - - [04/Feb/2022:09:43:09 +0800] "GET /xingrg/images/blue/srbg.png HTTP/1.1" 304 -
180.162.112.109 - - [04/Feb/2022:09:43:09 +0800] "GET /favicon.ico HTTP/1.1" 404 -
180.162.112.109 - - [04/Feb/2022:09:43:11 +0800] "POST /xingrg/login.do HTTP/1.1" 302 -
