222.70.179.207 - - [04/Feb/2022:13:13:21 +0800] "GET /xingrg/kc/base/wldb_order_operate.html?command=get_materiel&rest_code=00111&base_code=0010283&code=00101016029 HTTP/1.1" 200 461
222.70.179.207 - - [04/Feb/2022:13:13:24 +0800] "GET /xingrg/all/function/internal_message.html?_=1643951599667&CODE_STATE=getMsg HTTP/1.1" 200 27
180.152.99.73 - - [04/Feb/2022:13:13:25 +0800] "GET /xingrg/all/function/internal_message.html?_=1643951602624&CODE_STATE=getMsg HTTP/1.1" 200 27
180.152.99.39 - - [04/Feb/2022:13:13:29 +0800] "POST /xingrg/services/DataTransmitService HTTP/1.1" 200 524
101.91.60.11 - - [04/Feb/2022:13:13:29 +0800] "GET /xingrg/check_reg.html?_=1643951522584 HTTP/1.1" 302 -
180.152.99.39 - - [04/Feb/2022:13:13:30 +0800] "POST /xingrg/services/DataTransmitService HTTP/1.1" 200 501
180.152.99.39 - - [04/Feb/2022:13:13:30 +0800] "POST /xingrg/services/DataTransmitService HTTP/1.1" 200 501
101.91.60.11 - - [04/Feb/2022:13:13:30 +0800] "GET /xingrg/login.html HTTP/1.1" 200 7641
180.152.99.39 - - [04/Feb/2022:13:13:30 +0800] "POST /xingrg/services/DataTransmitService HTTP/1.1" 200 501
180.152.99.39 - - [04/Feb/2022:13:13:31 +0800] "POST /xingrg/services/DataTransmitService HTTP/1.1" 200 501
180.152.99.39 - - [04/Feb/2022:13:13:31 +0800] "POST /xingrg/services/DataTransmitService HTTP/1.1" 200 501
180.152.99.39 - - [04/Feb/2022:13:13:31 +0800] "POST /xingrg/services/DataTransmitService HTTP/1.1" 200 501
180.152.99.39 - - [04/Feb/2022:13:13:32 +0800] "POST /xingrg/services/DataTransmitService HTTP/1.1" 200 501
180.152.99.39 - - [04/Feb/2022:13:13:32 +0800] "POST /xingrg/services/DataTransmitService HTTP/1.1" 200 501
180.152.99.39 - - [04/Feb/2022:13:13:32 +0800] "POST /xingrg/services/DataTransmitService HTTP/1.1" 200 412
101.85.120.86 - - [04/Feb/2022:13:13:33 +0800] "GET /xingrg/all/function/internal_message.html?_=1643951609439&CODE_STATE=getMsg HTTP/1.1" 200 27
114.86.230.241 - - [04/Feb/2022:13:13:35 +0800] "GET /xingrg/all/function/internal_message.html?_=1643951612847&CODE_STATE=getMsg HTTP/1.1" 200 27
222.70.223.103 - - [04/Feb/2022:13:13:35 +0800] "GET /xingrg/all/function/internal_message.html?_=1643951610070&CODE_STATE=getMsg HTTP/1.1" 200 27
222.70.243.96 - - [04/Feb/2022:13:13:35 +0800] "GET /xingrg/all/function/internal_message.html?_=1643951629410&CODE_STATE=getMsg HTTP/1.1" 302 -
222.70.179.207 - - [04/Feb/2022:13:13:38 +0800] "POST /xingrg/kc/base/wldb_order_operate.html HTTP/1.1" 200 37
222.70.179.207 - - [04/Feb/2022:13:13:39 +0800] "POST /xingrg/kc/base/wldb_order_operate.html HTTP/1.1" 200 4168
222.70.179.207 - - [04/Feb/2022:13:13:40 +0800] "GET /xingrg/kc/base/wldb_order_info.html?code=422022020400386 HTTP/1.1" 200 30327
180.152.99.39 - - [04/Feb/2022:13:13:40 +0800] "GET /xingrg/all/function/internal_message.html?_=1643951538669&CODE_STATE=getMsg HTTP/1.1" 200 27
222.70.179.207 - - [04/Feb/2022:13:13:40 +0800] "GET /xingrg/javascript/easyui/themes/default/validatebox.css HTTP/1.1" 404 1104
222.70.179.207 - - [04/Feb/2022:13:13:41 +0800] "POST /xingrg/kc/base/wldb_order_operate.html HTTP/1.1" 200 4168
114.86.230.241 - - [04/Feb/2022:13:13:41 +0800] "POST /xingrg/kc/buy/cgsh_order_operate.html HTTP/1.1" 200 37
116.239.131.195 - - [04/Feb/2022:13:13:42 +0800] "GET /xingrg/all/function/internal_message.html?_=1643951641533&CODE_STATE=getMsg HTTP/1.1" 200 27
114.86.230.241 - - [04/Feb/2022:13:13:44 +0800] "POST /xingrg/kc/buy/cgsh_order_operate.html HTTP/1.1" 200 8592
222.70.179.207 - - [04/Feb/2022:13:13:44 +0800] "GET /xingrg/kc/base/wldb_order_add.html HTTP/1.1" 200 30312
222.70.179.207 - - [04/Feb/2022:13:13:45 +0800] "POST /xingrg/kc/base/wldb_order_operate.html HTTP/1.1" 200 6806
222.70.179.207 - - [04/Feb/2022:13:13:45 +0800] "GET /xingrg/javascript/easyui/themes/default/validatebox.css HTTP/1.1" 404 1104
114.86.230.241 - - [04/Feb/2022:13:13:45 +0800] "GET /xingrg/kc/print/load_config.html?kc_code=cgsh HTTP/1.1" 200 1943
114.86.230.241 - - [04/Feb/2022:13:13:45 +0800] "GET /xingrg/kc/print/load_data.html?order_code=212022020400392&kc_code=cgsh&condition= HTTP/1.1" 200 3003
222.70.243.96 - - [04/Feb/2022:13:13:48 +0800] "GET /xingrg/all/function/internal_message.html?_=1643951644366&CODE_STATE=getMsg HTTP/1.1" 200 27
114.86.230.241 - - [04/Feb/2022:13:13:49 +0800] "GET /xingrg/kc/buy/cgsh_order_add.html HTTP/1.1" 200 65677
114.86.230.241 - - [04/Feb/2022:13:13:50 +0800] "POST /xingrg/kc/buy/cgsh_order_operate.html HTTP/1.1" 200 8245
114.86.230.241 - - [04/Feb/2022:13:13:50 +0800] "GET /xingrg/all/common/auto_word.html?type=employee&rest_code=00109 HTTP/1.1" 200 255
114.86.230.241 - - [04/Feb/2022:13:13:50 +0800] "GET /xingrg/all/common/auto_word.html?type=employee&rest_code=00109 HTTP/1.1" 200 255
114.86.230.241 - - [04/Feb/2022:13:13:50 +0800] "GET /xingrg/javascript/easyui/themes/default/validatebox.css HTTP/1.1" 404 1104
124.79.79.90 - - [04/Feb/2022:13:13:53 +0800] "POST /xingrg/dwr/call/plaincall/AjaxCheckService.setItemNumber.dwr HTTP/1.1" 200 78
114.86.230.241 - - [04/Feb/2022:13:13:54 +0800] "GET /xingrg/javascript/jquery_tools/images/prev.gif HTTP/1.1" 404 1086
114.86.230.241 - - [04/Feb/2022:13:13:54 +0800] "GET /xingrg/javascript/jquery_tools/images/next.gif HTTP/1.1" 404 1086
101.83.241.237 - - [04/Feb/2022:13:13:55 +0800] "GET /xingrg/all/function/internal_message.html?_=1643951629516&CODE_STATE=getMsg HTTP/1.1" 200 27
114.86.230.241 - - [04/Feb/2022:13:14:00 +0800] "GET /xingrg/kc/buy/cgsh_order_operate.html?command=get_materiel&rest_code=00109&code=00101001040&supplier_code=00100090&order_time=2022-02-04 HTTP/1.1" 200 437
124.79.79.90 - - [04/Feb/2022:13:14:00 +0800] "POST /xingrg/dwr/call/plaincall/AjaxCheckService.setItemNumber.dwr HTTP/1.1" 200 78
222.70.179.207 - - [04/Feb/2022:13:14:03 +0800] "GET /xingrg/kc/base/wldb_order_operate.html?command=get_materiel&rest_code=00111&base_code=0010306&code=00102002025 HTTP/1.1" 200 455
58.39.168.32 - - [04/Feb/2022:13:14:04 +0800] "GET /xingrg/all/function/internal_message.html?_=1643951641440&CODE_STATE=getMsg HTTP/1.1" 200 27
124.79.79.90 - - [04/Feb/2022:13:14:04 +0800] "POST /xingrg/dwr/call/plaincall/AjaxCheckService.setItemNumber.dwr HTTP/1.1" 200 78
116.239.131.195 - - [04/Feb/2022:13:14:04 +0800] "POST /xingrg/services/DataTransmitService HTTP/1.1" 200 524
124.78.153.118 - - [04/Feb/2022:13:14:05 +0800] "GET /xingrg/all/function/internal_message.html?_=1643951640738&CODE_STATE=getMsg HTTP/1.1" 302 -
124.78.153.118 - - [04/Feb/2022:13:14:05 +0800] "GET /xingrg/all/function/internal_message.html?_=1643951644267&CODE_STATE=getMsg HTTP/1.1" 200 27
124.79.79.90 - - [04/Feb/2022:13:14:06 +0800] "GET /xingrg/all/function/internal_message.html?_=1643951643088&CODE_STATE=getMsg HTTP/1.1" 200 27
124.79.79.90 - - [04/Feb/2022:13:14:06 +0800] "POST /xingrg/dwr/call/plaincall/AjaxCheckService.setItemNumber.dwr HTTP/1.1" 200 78
101.89.239.245 - - [04/Feb/2022:13:14:07 +0800] "GET /xingrg/all/function/internal_message.html?_=1643951580758&CODE_STATE=getMsg HTTP/1.1" 302 -
114.88.155.114 - - [04/Feb/2022:13:14:07 +0800] "GET /xingrg/all/function/internal_message.html?_=1643951435244&CODE_STATE=getMsg HTTP/1.1" 200 27
101.89.239.245 - - [04/Feb/2022:13:14:08 +0800] "GET /xingrg/login.html HTTP/1.1" 200 7641
114.86.230.241 - - [04/Feb/2022:13:14:08 +0800] "GET /xingrg/kc/buy/cgsh_order_operate.html?command=get_materiel&rest_code=00109&code=00101001169&supplier_code=00100090&order_time=2022-02-04 HTTP/1.1" 200 437
116.239.131.195 - - [04/Feb/2022:13:14:09 +0800] "POST /xingrg/services/DataTransmitService HTTP/1.1" 200 501
116.239.131.195 - - [04/Feb/2022:13:14:09 +0800] "POST /xingrg/services/DataTransmitService HTTP/1.1" 200 501
116.239.131.195 - - [04/Feb/2022:13:14:10 +0800] "POST /xingrg/services/DataTransmitService HTTP/1.1" 200 501
116.239.131.195 - - [04/Feb/2022:13:14:10 +0800] "POST /xingrg/services/DataTransmitService HTTP/1.1" 200 501
116.239.131.195 - - [04/Feb/2022:13:14:11 +0800] "POST /xingrg/services/DataTransmitService HTTP/1.1" 200 501
116.239.131.195 - - [04/Feb/2022:13:14:11 +0800] "POST /xingrg/services/DataTransmitService HTTP/1.1" 200 501
124.79.79.90 - - [04/Feb/2022:13:14:11 +0800] "POST /xingrg/dwr/call/plaincall/AjaxCheckService.setItemNumber.dwr HTTP/1.1" 200 78
116.239.131.195 - - [04/Feb/2022:13:14:12 +0800] "POST /xingrg/services/DataTransmitService HTTP/1.1" 200 501
180.162.112.109 - - [04/Feb/2022:13:14:12 +0800] "GET /xingrg/all/function/internal_message.html?_=1643951038857&CODE_STATE=getMsg HTTP/1.1" 200 27
116.239.131.195 - - [04/Feb/2022:13:14:12 +0800] "POST /xingrg/services/DataTransmitService HTTP/1.1" 200 501
116.239.131.195 - - [04/Feb/2022:13:14:12 +0800] "POST /xingrg/services/DataTransmitService HTTP/1.1" 200 412
222.70.243.96 - - [04/Feb/2022:13:14:12 +0800] "GET /xingrg/check_reg.html?_=1643951666307 HTTP/1.1" 302 -
180.169.147.146 - - [04/Feb/2022:13:14:13 +0800] "GET /xingrg/all/function/internal_message.html?_=1643951647602&CODE_STATE=getMsg HTTP/1.1" 200 27
114.86.230.241 - - [04/Feb/2022:13:14:15 +0800] "GET /xingrg/kc/buy/cgsh_order_operate.html?command=get_materiel&rest_code=00109&code=00101001140&supplier_code=00100090&order_time=2022-02-04 HTTP/1.1" 200 436
58.39.168.32 - - [04/Feb/2022:13:14:17 +0800] "GET /xingrg/all/function/internal_message.html?_=1643951592323&CODE_STATE=getMsg HTTP/1.1" 200 27
124.79.79.90 - - [04/Feb/2022:13:14:17 +0800] "POST /xingrg/dwr/call/plaincall/AjaxCheckService.setItemNumber.dwr HTTP/1.1" 200 78
58.39.168.32 - - [04/Feb/2022:13:14:17 +0800] "GET /xingrg/check_reg.html?_=1643951592326 HTTP/1.1" 200 22
124.79.79.90 - - [04/Feb/2022:13:14:19 +0800] "GET /xingrg/all/function/internal_message.html?_=1643951656387&CODE_STATE=getMsg HTTP/1.1" 200 27
124.79.79.90 - - [04/Feb/2022:13:14:20 +0800] "POST /xingrg/dwr/call/plaincall/AjaxCheckService.setItemNumber.dwr HTTP/1.1" 200 78
114.86.230.241 - - [04/Feb/2022:13:14:21 +0800] "GET /xingrg/kc/buy/cgsh_order_operate.html?command=get_materiel&rest_code=00109&code=00101001125&supplier_code=00100090&order_time=2022-02-04 HTTP/1.1" 200 438
222.70.179.207 - - [04/Feb/2022:13:14:24 +0800] "GET /xingrg/all/function/internal_message.html?_=1643951659651&CODE_STATE=getMsg HTTP/1.1" 200 27
180.152.99.73 - - [04/Feb/2022:13:14:25 +0800] "GET /xingrg/all/function/internal_message.html?_=1643951662627&CODE_STATE=getMsg HTTP/1.1" 200 27
61.151.207.141 - - [04/Feb/2022:13:14:29 +0800] "GET /xingrg/check_reg.html?_=1643942096205 HTTP/1.1" 302 -
61.151.207.141 - - [04/Feb/2022:13:14:31 +0800] "GET /xingrg/login.html HTTP/1.1" 200 7641
101.85.120.86 - - [04/Feb/2022:13:14:33 +0800] "GET /xingrg/all/function/internal_message.html?_=1643951669439&CODE_STATE=getMsg HTTP/1.1" 200 27
101.85.120.86 - - [04/Feb/2022:13:14:33 +0800] "GET /xingrg/check_reg.html?_=1643951669442 HTTP/1.1" 200 22
114.86.230.241 - - [04/Feb/2022:13:14:35 +0800] "GET /xingrg/all/function/internal_message.html?_=1643951672839&CODE_STATE=getMsg HTTP/1.1" 200 27
114.86.230.241 - - [04/Feb/2022:13:14:35 +0800] "GET /xingrg/check_reg.html?_=1643951672841 HTTP/1.1" 200 22
222.70.223.103 - - [04/Feb/2022:13:14:35 +0800] "GET /xingrg/all/function/internal_message.html?_=1643951670046&CODE_STATE=getMsg HTTP/1.1" 200 27
222.70.243.96 - - [04/Feb/2022:13:14:35 +0800] "GET /xingrg/all/function/internal_message.html?_=1643951689422&CODE_STATE=getMsg HTTP/1.1" 302 -
180.152.99.39 - - [04/Feb/2022:13:14:40 +0800] "GET /xingrg/all/function/internal_message.html?_=1643951598733&CODE_STATE=getMsg HTTP/1.1" 200 27
114.86.230.241 - - [04/Feb/2022:13:14:44 +0800] "POST /xingrg/kc/buy/cgsh_order_operate.html HTTP/1.1" 200 37
101.85.120.86 - - [04/Feb/2022:13:14:45 +0800] "POST /xingrg/kc/buy/cgsh_list_operate.html HTTP/1.1" 200 561
101.85.120.86 - - [04/Feb/2022:13:14:45 +0800] "GET /xingrg/kc/buy/cgsh_order_info.html?code=212022020400285 HTTP/1.1" 200 64719
101.85.120.86 - - [04/Feb/2022:13:14:46 +0800] "GET /xingrg/javascript/easyui/themes/default/validatebox.css HTTP/1.1" 404 1104
114.86.230.241 - - [04/Feb/2022:13:14:46 +0800] "POST /xingrg/kc/buy/cgsh_order_operate.html HTTP/1.1" 200 4463
101.85.120.86 - - [04/Feb/2022:13:14:46 +0800] "POST /xingrg/kc/buy/cgsh_order_operate.html HTTP/1.1" 200 13840
114.86.230.241 - - [04/Feb/2022:13:14:47 +0800] "GET /xingrg/kc/print/load_config.html?kc_code=cgsh HTTP/1.1" 200 1943
114.86.230.241 - - [04/Feb/2022:13:14:47 +0800] "GET /xingrg/kc/print/load_data.html?order_code=212022020400393&kc_code=cgsh&condition= HTTP/1.1" 200 1433
124.79.79.90 - - [04/Feb/2022:13:14:47 +0800] "GET /xingrg/javascript/jquery_easy_ui/themes/icons/rest.png HTTP/1.1" 200 695
124.79.79.90 - - [04/Feb/2022:13:14:47 +0800] "GET /xingrg/javascript/jquery_easy_ui/themes/icons/area.png HTTP/1.1" 200 262
222.70.243.96 - - [04/Feb/2022:13:14:48 +0800] "GET /xingrg/all/function/internal_message.html?_=1643951704369&CODE_STATE=getMsg HTTP/1.1" 200 27
114.86.230.241 - - [04/Feb/2022:13:14:51 +0800] "GET /xingrg/kc/buy/cgsh_order_add.html HTTP/1.1" 200 65677
114.86.230.241 - - [04/Feb/2022:13:14:51 +0800] "POST /xingrg/kc/buy/cgsh_order_operate.html HTTP/1.1" 200 8245
114.86.230.241 - - [04/Feb/2022:13:14:51 +0800] "GET /xingrg/all/common/auto_word.html?type=employee&rest_code=00109 HTTP/1.1" 200 255
114.86.230.241 - - [04/Feb/2022:13:14:51 +0800] "GET /xingrg/all/common/auto_word.html?type=employee&rest_code=00109 HTTP/1.1" 200 255
114.86.230.241 - - [04/Feb/2022:13:14:51 +0800] "GET /xingrg/javascript/easyui/themes/default/validatebox.css HTTP/1.1" 404 1104
114.86.230.241 - - [04/Feb/2022:13:14:54 +0800] "GET /xingrg/javascript/jquery_tools/images/next.gif HTTP/1.1" 404 1086
114.86.230.241 - - [04/Feb/2022:13:14:54 +0800] "GET /xingrg/javascript/jquery_tools/images/prev.gif HTTP/1.1" 404 1086
101.83.241.237 - - [04/Feb/2022:13:14:55 +0800] "GET /xingrg/all/function/internal_message.html?_=1643951689492&CODE_STATE=getMsg HTTP/1.1" 200 27
124.79.79.90 - - [04/Feb/2022:13:14:59 +0800] "POST /xingrg/dwr/call/plaincall/AjaxCheckService.setItemNumber.dwr HTTP/1.1" 200 78
114.86.230.241 - - [04/Feb/2022:13:15:00 +0800] "GET /xingrg/kc/buy/cgsh_order_operate.html?command=get_materiel&rest_code=00109&code=00101010081&supplier_code=00100480&order_time=2022-02-04 HTTP/1.1" 200 432
124.79.79.90 - - [04/Feb/2022:13:15:02 +0800] "POST /xingrg/dwr/call/plaincall/AjaxCheckService.setItemNumber.dwr HTTP/1.1" 200 78
58.39.168.32 - - [04/Feb/2022:13:15:04 +0800] "GET /xingrg/all/function/internal_message.html?_=1643951701412&CODE_STATE=getMsg HTTP/1.1" 200 27
101.89.239.120 - - [04/Feb/2022:13:15:05 +0800] "GET /xingrg/all/function/internal_message.html?_=1643951640738&CODE_STATE=getMsg HTTP/1.1" 302 -
124.78.153.118 - - [04/Feb/2022:13:15:05 +0800] "GET /xingrg/all/function/internal_message.html?_=1643951700714&CODE_STATE=getMsg HTTP/1.1" 302 -
124.78.153.118 - - [04/Feb/2022:13:15:05 +0800] "GET /xingrg/all/function/internal_message.html?_=1643951704251&CODE_STATE=getMsg HTTP/1.1" 200 27
124.79.79.90 - - [04/Feb/2022:13:15:05 +0800] "GET /xingrg/all/function/internal_message.html?_=1643951703063&CODE_STATE=getMsg HTTP/1.1" 200 27
101.89.239.120 - - [04/Feb/2022:13:15:06 +0800] "GET /xingrg/login.html HTTP/1.1" 200 7641
101.85.120.86 - - [04/Feb/2022:13:15:07 +0800] "GET /xingrg/kc/buy/cgsh_order_operate.html?command=get_materiel&rest_code=00142&code=00101008275&supplier_code=00100161&order_time=2022-02-04 HTTP/1.1" 200 436
114.88.155.114 - - [04/Feb/2022:13:15:07 +0800] "GET /xingrg/all/function/internal_message.html?_=1643951495237&CODE_STATE=getMsg HTTP/1.1" 200 27
222.70.179.207 - - [04/Feb/2022:13:15:11 +0800] "POST /xingrg/kc/base/wldb_order_operate.html HTTP/1.1" 200 37
222.70.179.207 - - [04/Feb/2022:13:15:11 +0800] "POST /xingrg/kc/base/wldb_order_operate.html HTTP/1.1" 200 2206
114.86.230.241 - - [04/Feb/2022:13:15:12 +0800] "POST /xingrg/kc/buy/cgsh_order_operate.html HTTP/1.1" 200 37
180.162.112.109 - - [04/Feb/2022:13:15:12 +0800] "GET /xingrg/all/function/internal_message.html?_=1643951098867&CODE_STATE=getMsg HTTP/1.1" 200 27
222.70.179.207 - - [04/Feb/2022:13:15:12 +0800] "GET /xingrg/kc/base/wldb_order_info.html?code=422022020400387 HTTP/1.1" 200 30327
222.70.182.51 - - [04/Feb/2022:13:15:13 +0800] "POST /xingrg/services/DataTransmitService HTTP/1.1" 200 524
222.70.179.207 - - [04/Feb/2022:13:15:13 +0800] "GET /xingrg/javascript/easyui/themes/default/validatebox.css HTTP/1.1" 404 1104
180.169.147.146 - - [04/Feb/2022:13:15:13 +0800] "GET /xingrg/all/function/internal_message.html?_=1643951707620&CODE_STATE=getMsg HTTP/1.1" 200 27
222.70.179.207 - - [04/Feb/2022:13:15:13 +0800] "POST /xingrg/kc/base/wldb_order_operate.html HTTP/1.1" 200 2206
114.86.230.241 - - [04/Feb/2022:13:15:13 +0800] "POST /xingrg/kc/buy/cgsh_order_operate.html HTTP/1.1" 200 2660
114.86.230.241 - - [04/Feb/2022:13:15:14 +0800] "GET /xingrg/kc/print/load_config.html?kc_code=cgsh HTTP/1.1" 200 1943
114.86.230.241 - - [04/Feb/2022:13:15:14 +0800] "GET /xingrg/kc/print/load_data.html?order_code=212022020400394&kc_code=cgsh&condition= HTTP/1.1" 200 667
124.79.79.90 - - [04/Feb/2022:13:15:15 +0800] "POST /xingrg/dwr/call/plaincall/AjaxCheckService.setItemNumber.dwr HTTP/1.1" 200 78
58.39.168.32 - - [04/Feb/2022:13:15:17 +0800] "GET /xingrg/all/function/internal_message.html?_=1643951652326&CODE_STATE=getMsg HTTP/1.1" 200 27
114.86.230.241 - - [04/Feb/2022:13:15:18 +0800] "GET /xingrg/kc/buy/cgsh_order_add.html HTTP/1.1" 200 65677
114.86.230.241 - - [04/Feb/2022:13:15:18 +0800] "POST /xingrg/kc/buy/cgsh_order_operate.html HTTP/1.1" 200 8245
114.86.230.241 - - [04/Feb/2022:13:15:18 +0800] "GET /xingrg/all/common/auto_word.html?type=employee&rest_code=00109 HTTP/1.1" 200 255
114.86.230.241 - - [04/Feb/2022:13:15:18 +0800] "GET /xingrg/all/common/auto_word.html?type=employee&rest_code=00109 HTTP/1.1" 200 255
114.86.230.241 - - [04/Feb/2022:13:15:18 +0800] "GET /xingrg/javascript/easyui/themes/default/validatebox.css HTTP/1.1" 404 1104
124.79.79.90 - - [04/Feb/2022:13:15:18 +0800] "POST /xingrg/dwr/call/plaincall/AjaxCheckService.setItemNumber.dwr HTTP/1.1" 200 78
101.85.120.86 - - [04/Feb/2022:13:15:18 +0800] "POST /xingrg/kc/buy/cgsh_order_operate.html HTTP/1.1" 200 37
124.79.79.90 - - [04/Feb/2022:13:15:19 +0800] "GET /xingrg/all/function/internal_message.html?_=1643951716390&CODE_STATE=getMsg HTTP/1.1" 200 27
114.86.230.241 - - [04/Feb/2022:13:15:20 +0800] "GET /xingrg/javascript/jquery_tools/images/prev.gif HTTP/1.1" 404 1086
114.86.230.241 - - [04/Feb/2022:13:15:20 +0800] "GET /xingrg/javascript/jquery_tools/images/next.gif HTTP/1.1" 404 1086
101.85.120.86 - - [04/Feb/2022:13:15:20 +0800] "POST /xingrg/kc/buy/cgsh_order_operate.html HTTP/1.1" 200 14434
222.70.179.207 - - [04/Feb/2022:13:15:24 +0800] "GET /xingrg/check_reg.html?_=1643951719054 HTTP/1.1" 200 22
101.85.120.86 - - [04/Feb/2022:13:15:24 +0800] "POST /xingrg/kc/buy/cgsh_order_operate.html HTTP/1.1" 200 37
222.70.179.207 - - [04/Feb/2022:13:15:24 +0800] "GET /xingrg/all/function/internal_message.html?_=1643951719637&CODE_STATE=getMsg HTTP/1.1" 200 27
180.152.99.73 - - [04/Feb/2022:13:15:25 +0800] "GET /xingrg/all/function/internal_message.html?_=1643951722628&CODE_STATE=getMsg HTTP/1.1" 200 27
114.86.230.241 - - [04/Feb/2022:13:15:25 +0800] "GET /xingrg/kc/buy/cgsh_order_operate.html?command=get_materiel&rest_code=00109&code=00101002007&supplier_code=00100442&order_time=2022-02-04 HTTP/1.1" 200 430
222.70.243.96 - - [04/Feb/2022:13:15:25 +0800] "GET /xingrg/check_reg.html?_=1643951741065 HTTP/1.1" 200 22
101.85.120.86 - - [04/Feb/2022:13:15:26 +0800] "POST /xingrg/kc/buy/cgsh_order_operate.html HTTP/1.1" 200 14434
101.85.120.86 - - [04/Feb/2022:13:15:33 +0800] "GET /xingrg/all/function/internal_message.html?_=1643951729460&CODE_STATE=getMsg HTTP/1.1" 200 27
101.85.120.86 - - [04/Feb/2022:13:15:33 +0800] "POST /xingrg/kc/buy/cgsh_order_operate.html HTTP/1.1" 200 37
222.70.179.207 - - [04/Feb/2022:13:15:34 +0800] "GET /xingrg/kc/buy/cgsh_order_list.html HTTP/1.1" 200 49820
114.86.230.241 - - [04/Feb/2022:13:15:35 +0800] "GET /xingrg/all/function/internal_message.html?_=1643951732841&CODE_STATE=getMsg HTTP/1.1" 200 27
222.70.223.103 - - [04/Feb/2022:13:15:35 +0800] "GET /xingrg/all/function/internal_message.html?_=1643951730030&CODE_STATE=getMsg HTTP/1.1" 200 27
222.70.243.96 - - [04/Feb/2022:13:15:35 +0800] "GET /xingrg/all/function/internal_message.html?_=1643951749467&CODE_STATE=getMsg HTTP/1.1" 302 -
114.86.230.241 - - [04/Feb/2022:13:15:36 +0800] "POST /xingrg/kc/buy/cgsh_order_operate.html HTTP/1.1" 200 37
101.85.120.86 - - [04/Feb/2022:13:15:36 +0800] "POST /xingrg/kc/buy/cgsh_order_operate.html HTTP/1.1" 200 14434
222.70.179.207 - - [04/Feb/2022:13:15:39 +0800] "POST /xingrg/kc/buy/cgsh_list_operate.html HTTP/1.1" 200 2049
180.152.99.39 - - [04/Feb/2022:13:15:40 +0800] "GET /xingrg/all/function/internal_message.html?_=1643951658742&CODE_STATE=getMsg HTTP/1.1" 200 27
114.86.230.241 - - [04/Feb/2022:13:15:40 +0800] "POST /xingrg/kc/buy/cgsh_order_operate.html HTTP/1.1" 200 2659
114.86.230.241 - - [04/Feb/2022:13:15:42 +0800] "GET /xingrg/kc/print/load_config.html?kc_code=cgsh HTTP/1.1" 200 1943
114.86.230.241 - - [04/Feb/2022:13:15:42 +0800] "GET /xingrg/kc/print/load_data.html?order_code=212022020400395&kc_code=cgsh&condition= HTTP/1.1" 200 667
101.85.120.86 - - [04/Feb/2022:13:15:42 +0800] "POST /xingrg/kc/buy/cgsh_list_operate.html HTTP/1.1" 200 2771
114.86.230.241 - - [04/Feb/2022:13:15:46 +0800] "GET /xingrg/kc/buy/cgsh_order_add.html HTTP/1.1" 200 65677
114.86.230.241 - - [04/Feb/2022:13:15:46 +0800] "POST /xingrg/kc/buy/cgsh_order_operate.html HTTP/1.1" 200 8245
114.86.230.241 - - [04/Feb/2022:13:15:46 +0800] "GET /xingrg/all/common/auto_word.html?type=employee&rest_code=00109 HTTP/1.1" 200 255
114.86.230.241 - - [04/Feb/2022:13:15:46 +0800] "GET /xingrg/all/common/auto_word.html?type=employee&rest_code=00109 HTTP/1.1" 200 255
114.86.230.241 - - [04/Feb/2022:13:15:46 +0800] "GET /xingrg/javascript/easyui/themes/default/validatebox.css HTTP/1.1" 404 1104
222.70.243.96 - - [04/Feb/2022:13:15:48 +0800] "GET /xingrg/all/function/internal_message.html?_=1643951764385&CODE_STATE=getMsg HTTP/1.1" 200 27
114.86.230.241 - - [04/Feb/2022:13:15:49 +0800] "GET /xingrg/javascript/jquery_tools/images/prev.gif HTTP/1.1" 404 1086
114.86.230.241 - - [04/Feb/2022:13:15:49 +0800] "GET /xingrg/javascript/jquery_tools/images/next.gif HTTP/1.1" 404 1086
101.83.241.237 - - [04/Feb/2022:13:15:55 +0800] "GET /xingrg/all/function/internal_message.html?_=1643951749479&CODE_STATE=getMsg HTTP/1.1" 200 27
114.86.230.241 - - [04/Feb/2022:13:15:56 +0800] "GET /xingrg/kc/buy/cgsh_order_operate.html?command=get_materiel&rest_code=00109&code=00101005039&supplier_code=00100316&order_time=2022-02-04 HTTP/1.1" 200 419
58.39.168.32 - - [04/Feb/2022:13:16:04 +0800] "GET /xingrg/all/function/internal_message.html?_=1643951761392&CODE_STATE=getMsg HTTP/1.1" 200 27
124.79.79.90 - - [04/Feb/2022:13:16:04 +0800] "POST /xingrg/dwr/call/plaincall/AjaxCheckService.setItemNumber.dwr HTTP/1.1" 200 78
101.91.60.88 - - [04/Feb/2022:13:16:04 +0800] "GET /xingrg/all/function/internal_message.html?_=1643951700714&CODE_STATE=getMsg HTTP/1.1" 302 -
124.78.153.118 - - [04/Feb/2022:13:16:05 +0800] "GET /xingrg/all/function/internal_message.html?_=1643951760694&CODE_STATE=getMsg HTTP/1.1" 302 -
124.78.153.118 - - [04/Feb/2022:13:16:05 +0800] "GET /xingrg/all/function/internal_message.html?_=1643951764225&CODE_STATE=getMsg HTTP/1.1" 200 27
124.79.79.90 - - [04/Feb/2022:13:16:05 +0800] "GET /xingrg/all/function/internal_message.html?_=1643951763039&CODE_STATE=getMsg HTTP/1.1" 200 27
124.78.153.118 - - [04/Feb/2022:13:16:06 +0800] "GET /xingrg/check_reg.html?_=1643951764887 HTTP/1.1" 200 22
101.91.60.88 - - [04/Feb/2022:13:16:06 +0800] "GET /xingrg/login.html HTTP/1.1" 200 7641
114.88.155.114 - - [04/Feb/2022:13:16:07 +0800] "GET /xingrg/all/function/internal_message.html?_=1643951555248&CODE_STATE=getMsg HTTP/1.1" 200 27
114.88.155.114 - - [04/Feb/2022:13:16:07 +0800] "GET /xingrg/check_reg.html?_=1643951555250 HTTP/1.1" 200 22
114.86.230.241 - - [04/Feb/2022:13:16:08 +0800] "POST /xingrg/kc/buy/cgsh_order_operate.html HTTP/1.1" 200 37
114.86.230.241 - - [04/Feb/2022:13:16:09 +0800] "POST /xingrg/kc/buy/cgsh_order_operate.html HTTP/1.1" 200 2666
114.86.230.241 - - [04/Feb/2022:13:16:10 +0800] "GET /xingrg/kc/print/load_config.html?kc_code=cgsh HTTP/1.1" 200 1943
114.86.230.241 - - [04/Feb/2022:13:16:10 +0800] "GET /xingrg/kc/print/load_data.html?order_code=212022020400396&kc_code=cgsh&condition= HTTP/1.1" 200 674
124.79.79.90 - - [04/Feb/2022:13:16:12 +0800] "POST /xingrg/dwr/call/plaincall/AjaxCheckService.setItemNumber.dwr HTTP/1.1" 200 78
180.162.112.109 - - [04/Feb/2022:13:16:12 +0800] "GET /xingrg/all/function/internal_message.html?_=1643951158866&CODE_STATE=getMsg HTTP/1.1" 200 27
114.86.230.241 - - [04/Feb/2022:13:16:13 +0800] "GET /xingrg/javascript/jquery_easy_ui/themes/default/images/tabs_active.png HTTP/1.1" 200 2894
180.169.147.146 - - [04/Feb/2022:13:16:13 +0800] "GET /xingrg/all/function/internal_message.html?_=1643951767619&CODE_STATE=getMsg HTTP/1.1" 200 27
114.86.230.241 - - [04/Feb/2022:13:16:14 +0800] "GET /xingrg/kc/buy/cgsh_order_add.html HTTP/1.1" 200 65677
114.86.230.241 - - [04/Feb/2022:13:16:14 +0800] "POST /xingrg/kc/buy/cgsh_order_operate.html HTTP/1.1" 200 8245
114.86.230.241 - - [04/Feb/2022:13:16:14 +0800] "GET /xingrg/all/common/auto_word.html?type=employee&rest_code=00109 HTTP/1.1" 200 255
114.86.230.241 - - [04/Feb/2022:13:16:14 +0800] "GET /xingrg/all/common/auto_word.html?type=employee&rest_code=00109 HTTP/1.1" 200 255
114.86.230.241 - - [04/Feb/2022:13:16:14 +0800] "GET /xingrg/javascript/easyui/themes/default/validatebox.css HTTP/1.1" 404 1104
114.86.230.241 - - [04/Feb/2022:13:16:16 +0800] "GET /xingrg/javascript/jquery_tools/images/prev.gif HTTP/1.1" 404 1086
114.86.230.241 - - [04/Feb/2022:13:16:16 +0800] "GET /xingrg/javascript/jquery_tools/images/next.gif HTTP/1.1" 404 1086
124.79.79.90 - - [04/Feb/2022:13:16:16 +0800] "POST /xingrg/dwr/call/plaincall/AjaxCheckService.setItemNumber.dwr HTTP/1.1" 200 78
58.39.168.32 - - [04/Feb/2022:13:16:17 +0800] "GET /xingrg/all/function/internal_message.html?_=1643951712326&CODE_STATE=getMsg HTTP/1.1" 200 27
124.79.79.90 - - [04/Feb/2022:13:16:19 +0800] "GET /xingrg/all/function/internal_message.html?_=1643951776375&CODE_STATE=getMsg HTTP/1.1" 200 27
114.86.230.241 - - [04/Feb/2022:13:16:22 +0800] "GET /xingrg/kc/buy/cgsh_order_operate.html?command=get_materiel&rest_code=00109&code=00101001014&supplier_code=00100482&order_time=2022-02-04 HTTP/1.1" 200 419
222.70.179.207 - - [04/Feb/2022:13:16:24 +0800] "GET /xingrg/all/function/internal_message.html?_=1643951779622&CODE_STATE=getMsg HTTP/1.1" 200 27
116.239.131.195 - - [04/Feb/2022:13:16:25 +0800] "GET /xingrg/login.html HTTP/1.1" 200 7641
180.152.99.73 - - [04/Feb/2022:13:16:25 +0800] "GET /xingrg/all/function/internal_message.html?_=1643951782629&CODE_STATE=getMsg HTTP/1.1" 200 27
116.239.131.195 - - [04/Feb/2022:13:16:25 +0800] "GET /xingrg/images/blue/jxLogo.png HTTP/1.1" 200 6156
116.239.131.195 - - [04/Feb/2022:13:16:25 +0800] "GET /xingrg/images/blue/hj.png HTTP/1.1" 200 1014
116.239.131.195 - - [04/Feb/2022:13:16:25 +0800] "GET /xingrg/images/blue/login_bg.png HTTP/1.1" 200 22101
116.239.131.195 - - [04/Feb/2022:13:16:25 +0800] "GET /xingrg/images/blue/srbg.png HTTP/1.1" 200 138
116.239.131.195 - - [04/Feb/2022:13:16:25 +0800] "GET /favicon.ico HTTP/1.1" 404 -
116.239.131.195 - - [04/Feb/2022:13:16:30 +0800] "POST /xingrg/login.do HTTP/1.1" 302 -
116.239.131.195 - - [04/Feb/2022:13:16:30 +0800] "GET /xingrg/javascript/jquery_easy_ui/themes/default/easyui.css HTTP/1.1" 304 -
116.239.131.195 - - [04/Feb/2022:13:16:30 +0800] "GET /xingrg/javascript/jquery_easy_ui/themes/icon.css HTTP/1.1" 304 -
116.239.131.195 - - [04/Feb/2022:13:16:30 +0800] "GET /xingrg/css/form.css HTTP/1.1" 304 -
116.239.131.195 - - [04/Feb/2022:13:16:30 +0800] "GET /xingrg/javascript/jquery-1.4.2.min.js HTTP/1.1" 304 -
116.239.131.195 - - [04/Feb/2022:13:16:30 +0800] "GET /xingrg/javascript/jquery_easy_ui/jquery.easyui.min.js HTTP/1.1" 304 -
116.239.131.195 - - [04/Feb/2022:13:16:30 +0800] "GET /xingrg/javascript/jquery.utils.js HTTP/1.1" 304 -
116.239.131.195 - - [04/Feb/2022:13:16:30 +0800] "GET /xingrg/javascript/jquery_easy_ui/easyui-lang-zh_CN.js HTTP/1.1" 304 -
116.239.131.195 - - [04/Feb/2022:13:16:30 +0800] "GET /xingrg/javascript/jquery.form.js HTTP/1.1" 304 -
116.239.131.195 - - [04/Feb/2022:13:16:30 +0800] "GET /xingrg/javascript/jquery.timers.js HTTP/1.1" 304 -
116.239.131.195 - - [04/Feb/2022:13:16:30 +0800] "GET /xingrg/index.html?sysBaseUrl=http%3A%2F%2F180.169.147.146%3A18081%2Fxingrg%2F&costTime=39×tamp=1643951790572 HTTP/1.1" 200 17173
116.239.131.195 - - [04/Feb/2022:13:16:31 +0800] "GET /xingrg/images/blue/jxLogo.png HTTP/1.1" 200 6156
116.239.131.195 - - [04/Feb/2022:13:16:31 +0800] "GET /xingrg/images/blue/navBackgound.jpg HTTP/1.1" 304 -
116.239.131.195 - - [04/Feb/2022:13:16:31 +0800] "GET /xingrg/javascript/jquery_easy_ui/themes/icons/settle_new.png HTTP/1.1" 304 -
116.239.131.195 - - [04/Feb/2022:13:16:31 +0800] "GET /favicon.ico HTTP/1.1" 404 -
116.239.131.195 - - [04/Feb/2022:13:16:31 +0800] "POST /xingrg/all/common/load_tree.html?tree=area_rest_tree_json&manage=1 HTTP/1.1" 200 342
116.239.131.195 - - [04/Feb/2022:13:16:31 +0800] "GET /xingrg/images/blue/pingpu.png HTTP/1.1" 304 -
116.239.131.195 - - [04/Feb/2022:13:16:31 +0800] "GET /xingrg/javascript/jquery_easy_ui/themes/default/images/tabs_leftarrow.png HTTP/1.1" 304 -
116.239.131.195 - - [04/Feb/2022:13:16:31 +0800] "GET /xingrg/javascript/jquery_easy_ui/themes/default/images/tabs_rightarrow.png HTTP/1.1" 304 -
116.239.131.195 - - [04/Feb/2022:13:16:31 +0800] "GET /xingrg/javascript/jquery_easy_ui/themes/default/images/panel_tool_collapse.gif HTTP/1.1" 304 -
116.239.131.195 - - [04/Feb/2022:13:16:31 +0800] "GET /xingrg/all/function/internal_message.html?_=1643951810464&CODE_STATE=count HTTP/1.1" 200 11
116.239.131.195 - - [04/Feb/2022:13:16:31 +0800] "GET /xingrg/check_reg.html?_=1643951810466 HTTP/1.1" 200 22
116.239.131.195 - - [04/Feb/2022:13:16:31 +0800] "GET /xingrg/javascript/jquery_easy_ui/themes/default/images/tree_arrows.gif HTTP/1.1" 304 -
116.239.131.195 - - [04/Feb/2022:13:16:31 +0800] "POST /xingrg/load_menu.html HTTP/1.1" 200 5138
116.239.131.195 - - [04/Feb/2022:13:16:32 +0800] "GET /xingrg/javascript/jquery_easy_ui/themes/icons/search_new.png HTTP/1.1" 304 -
116.239.131.195 - - [04/Feb/2022:13:16:32 +0800] "GET /xingrg/javascript/jquery_easy_ui/themes/icons/forms_new.png HTTP/1.1" 304 -
116.239.131.195 - - [04/Feb/2022:13:16:32 +0800] "GET /xingrg/javascript/jquery_easy_ui/themes/default/images/tree_folder_open.gif HTTP/1.1" 304 -
116.239.131.195 - - [04/Feb/2022:13:16:32 +0800] "GET /xingrg/javascript/jquery_easy_ui/themes/icons/storage_new.png HTTP/1.1" 304 -
116.239.131.195 - - [04/Feb/2022:13:16:32 +0800] "GET /xingrg/javascript/jquery_easy_ui/themes/default/images/tree_folder.gif HTTP/1.1" 304 -
116.239.131.195 - - [04/Feb/2022:13:16:32 +0800] "GET /xingrg/javascript/jquery_easy_ui/themes/default/images/tree_file.gif HTTP/1.1" 304 -
101.85.120.86 - - [04/Feb/2022:13:16:33 +0800] "GET /xingrg/all/function/internal_message.html?_=1643951789450&CODE_STATE=getMsg HTTP/1.1" 200 27
114.86.230.241 - - [04/Feb/2022:13:16:34 +0800] "POST /xingrg/kc/buy/cgsh_order_operate.html HTTP/1.1" 200 37
222.70.223.103 - - [04/Feb/2022:13:16:35 +0800] "GET /xingrg/all/function/internal_message.html?_=1643951790013&CODE_STATE=getMsg HTTP/1.1" 200 27
116.239.131.195 - - [04/Feb/2022:13:16:35 +0800] "GET /xingrg/javascript/jquery_easy_ui/themes/default/images/tabs_close.gif HTTP/1.1" 304 -
116.239.131.195 - - [04/Feb/2022:13:16:35 +0800] "GET /xingrg/css/base.css HTTP/1.1" 304 -
116.239.131.195 - - [04/Feb/2022:13:16:35 +0800] "GET /xingrg/css/site.css HTTP/1.1" 304 -
116.239.131.195 - - [04/Feb/2022:13:16:35 +0800] "GET /xingrg/javascript/easyui/themes/default/easyui.css HTTP/1.1" 304 -
116.239.131.195 - - [04/Feb/2022:13:16:35 +0800] "GET /xingrg/javascript/jquery_tools/datebox.css HTTP/1.1" 304 -
116.239.131.195 - - [04/Feb/2022:13:16:35 +0800] "GET /xingrg/javascript/auto/jquery.autocomplete.css HTTP/1.1" 304 -
116.239.131.195 - - [04/Feb/2022:13:16:35 +0800] "GET /xingrg/javascript/jquery_tools/fix.css HTTP/1.1" 304 -
116.239.131.195 - - [04/Feb/2022:13:16:35 +0800] "GET /xingrg/javascript/jquery_tools/jquery.tools.min.js HTTP/1.1" 304 -
116.239.131.195 - - [04/Feb/2022:13:16:35 +0800] "GET /xingrg/javascript/jquery_tools/jquery.tools.extend.js HTTP/1.1" 304 -
116.239.131.195 - - [04/Feb/2022:13:16:35 +0800] "GET /xingrg/javascript/easyui/themes/icon.css HTTP/1.1" 304 -
116.239.131.195 - - [04/Feb/2022:13:16:35 +0800] "GET /xingrg/javascript/jquery_tools/table.css HTTP/1.1" 304 -
116.239.131.195 - - [04/Feb/2022:13:16:35 +0800] "GET /xingrg/javascript/auto/jquery.autocomplete.js HTTP/1.1" 304 -
116.239.131.195 - - [04/Feb/2022:13:16:35 +0800] "GET /xingrg/javascript/jquery_tools/list_manager.js HTTP/1.1" 304 -
116.239.131.195 - - [04/Feb/2022:13:16:35 +0800] "GET /xingrg/javascript/easyui/easyloader.js HTTP/1.1" 304 -
116.239.131.195 - - [04/Feb/2022:13:16:35 +0800] "GET /xingrg/javascript/jquery_tools/jquery.tools.table.js HTTP/1.1" 304 -
116.239.131.195 - - [04/Feb/2022:13:16:35 +0800] "GET /xingrg/javascript/print/LodopFuncs.js HTTP/1.1" 304 -
116.239.131.195 - - [04/Feb/2022:13:16:35 +0800] "GET /xingrg/javascript/jquery_tools/jquery.tools.hotkey.js HTTP/1.1" 304 -
116.239.131.195 - - [04/Feb/2022:13:16:35 +0800] "GET /xingrg/javascript/jquery.cookie.js HTTP/1.1" 304 -
116.239.131.195 - - [04/Feb/2022:13:16:35 +0800] "GET /xingrg/kc/buy/cgsh_order_list.html HTTP/1.1" 200 49820
114.86.230.241 - - [04/Feb/2022:13:16:35 +0800] "GET /xingrg/all/function/internal_message.html?_=1643951793391&CODE_STATE=getMsg HTTP/1.1" 200 27
116.239.131.195 - - [04/Feb/2022:13:16:35 +0800] "GET /xingrg/javascript/easyui/themes/icons/cance_new.png HTTP/1.1" 304 -
116.239.131.195 - - [04/Feb/2022:13:16:35 +0800] "GET /xingrg/javascript/easyui/themes/icons/check_new.png HTTP/1.1" 304 -
116.239.131.195 - - [04/Feb/2022:13:16:35 +0800] "GET /xingrg/javascript/easyui/themes/icons/field_new.png HTTP/1.1" 304 -
116.239.131.195 - - [04/Feb/2022:13:16:35 +0800] "GET /xingrg/javascript/easyui/themes/icons/edit_add_new.png HTTP/1.1" 304 -
116.239.131.195 - - [04/Feb/2022:13:16:35 +0800] "GET /xingrg/javascript/easyui/themes/icons/import_new.png HTTP/1.1" 304 -
116.239.131.195 - - [04/Feb/2022:13:16:35 +0800] "GET /xingrg/javascript/easyui/plugins/jquery.parser.js HTTP/1.1" 304 -
116.239.131.195 - - [04/Feb/2022:13:16:35 +0800] "GET /xingrg/images/control/ajaxLoader.gif HTTP/1.1" 304 -
222.70.243.96 - - [04/Feb/2022:13:16:35 +0800] "GET /xingrg/all/function/internal_message.html?_=1643951809480&CODE_STATE=getMsg HTTP/1.1" 302 -
114.86.230.241 - - [04/Feb/2022:13:16:36 +0800] "POST /xingrg/kc/buy/cgsh_order_operate.html HTTP/1.1" 200 2666
116.239.131.195 - - [04/Feb/2022:13:16:36 +0800] "POST /xingrg/kc/buy/cgsh_list_operate.html HTTP/1.1" 200 876
114.86.230.241 - - [04/Feb/2022:13:16:37 +0800] "GET /xingrg/kc/print/load_config.html?kc_code=cgsh HTTP/1.1" 200 1943
114.86.230.241 - - [04/Feb/2022:13:16:37 +0800] "GET /xingrg/kc/print/load_data.html?order_code=212022020400397&kc_code=cgsh&condition= HTTP/1.1" 200 671
124.79.79.90 - - [04/Feb/2022:13:16:38 +0800] "POST /xingrg/dwr/call/plaincall/AjaxCheckService.setItemNumber.dwr HTTP/1.1" 200 78
180.152.99.39 - - [04/Feb/2022:13:16:40 +0800] "GET /xingrg/all/function/internal_message.html?_=1643951718800&CODE_STATE=getMsg HTTP/1.1" 200 27
114.86.230.241 - - [04/Feb/2022:13:16:40 +0800] "GET /xingrg/kc/buy/cgsh_order_add.html HTTP/1.1" 200 65677
116.239.131.195 - - [04/Feb/2022:13:16:40 +0800] "GET /xingrg/javascript/jquery_easy_ui/themes/default/images/tabs_active.png HTTP/1.1" 304 -
116.239.131.195 - - [04/Feb/2022:13:16:40 +0800] "GET /xingrg/javascript/jquery_easy_ui/themes/default/images/tabs_active.png HTTP/1.1" 304 -
116.239.131.195 - - [04/Feb/2022:13:16:40 +0800] "GET /xingrg/javascript/jquery_easy_ui/themes/default/images/tabs_active.png HTTP/1.1" 304 -
116.239.131.195 - - [04/Feb/2022:13:16:40 +0800] "GET /xingrg/javascript/jquery_easy_ui/themes/default/images/tabs_active.png HTTP/1.1" 304 -
114.86.230.241 - - [04/Feb/2022:13:16:40 +0800] "POST /xingrg/kc/buy/cgsh_order_operate.html HTTP/1.1" 200 8245
114.86.230.241 - - [04/Feb/2022:13:16:40 +0800] "GET /xingrg/all/common/auto_word.html?type=employee&rest_code=00109 HTTP/1.1" 200 255
114.86.230.241 - - [04/Feb/2022:13:16:40 +0800] "GET /xingrg/all/common/auto_word.html?type=employee&rest_code=00109 HTTP/1.1" 200 255
114.86.230.241 - - [04/Feb/2022:13:16:40 +0800] "GET /xingrg/javascript/easyui/themes/default/validatebox.css HTTP/1.1" 404 1104
114.86.230.241 - - [04/Feb/2022:13:16:42 +0800] "GET /xingrg/javascript/jquery_tools/images/next.gif HTTP/1.1" 404 1086
114.86.230.241 - - [04/Feb/2022:13:16:42 +0800] "GET /xingrg/javascript/jquery_tools/images/prev.gif HTTP/1.1" 404 1086
124.79.79.90 - - [04/Feb/2022:13:16:42 +0800] "POST /xingrg/dwr/call/plaincall/AjaxCheckService.setItemNumber.dwr HTTP/1.1" 200 78
114.86.230.241 - - [04/Feb/2022:13:16:46 +0800] "GET /xingrg/kc/buy/cgsh_order_operate.html?command=get_materiel&rest_code=00109&code=00101005037&supplier_code=00100334&order_time=2022-02-04 HTTP/1.1" 200 429
124.79.79.90 - - [04/Feb/2022:13:16:47 +0800] "POST /xingrg/dwr/call/plaincall/AjaxCheckService.setItemNumber.dwr HTTP/1.1" 200 78
124.79.79.90 - - [04/Feb/2022:13:16:48 +0800] "POST /xingrg/dwr/call/plaincall/AjaxCheckService.setItemNumber.dwr HTTP/1.1" 200 78
222.70.243.96 - - [04/Feb/2022:13:16:48 +0800] "GET /xingrg/all/function/internal_message.html?_=1643951824397&CODE_STATE=getMsg HTTP/1.1" 200 27
124.79.79.90 - - [04/Feb/2022:13:16:50 +0800] "POST /xingrg/dwr/call/plaincall/AjaxCheckService.setItemNumber.dwr HTTP/1.1" 200 78
180.152.99.39 - - [04/Feb/2022:13:16:50 +0800] "GET /xingrg/check_reg.html?_=1643951728931 HTTP/1.1" 200 22
124.79.79.90 - - [04/Feb/2022:13:16:53 +0800] "POST /xingrg/dwr/call/plaincall/AjaxCheckService.setItemNumber.dwr HTTP/1.1" 200 78
101.83.241.237 - - [04/Feb/2022:13:16:55 +0800] "GET /xingrg/all/function/internal_message.html?_=1643951809448&CODE_STATE=getMsg HTTP/1.1" 200 27
124.79.79.90 - - [04/Feb/2022:13:16:55 +0800] "POST /xingrg/dwr/call/plaincall/AjaxCheckService.setItemNumber.dwr HTTP/1.1" 200 78
116.239.131.195 - - [04/Feb/2022:13:16:56 +0800] "POST /xingrg/kc/buy/cgsh_list_operate.html HTTP/1.1" 200 5798
124.79.79.90 - - [04/Feb/2022:13:16:56 +0800] "POST /xingrg/dwr/call/plaincall/AjaxCheckService.setItemNumber.dwr HTTP/1.1" 200 78
101.83.241.237 - - [04/Feb/2022:13:16:57 +0800] "GET /xingrg/check_reg.html?_=1643951811669 HTTP/1.1" 200 22
114.86.230.241 - - [04/Feb/2022:13:17:01 +0800] "POST /xingrg/kc/buy/cgsh_order_operate.html HTTP/1.1" 200 37
116.239.131.195 - - [04/Feb/2022:13:17:01 +0800] "POST /xingrg/kc/buy/cgsh_list_operate.html HTTP/1.1" 200 198
124.79.79.90 - - [04/Feb/2022:13:17:01 +0800] "POST /xingrg/dwr/call/plaincall/AjaxCheckService.setItemNumber.dwr HTTP/1.1" 200 78
114.86.230.241 - - [04/Feb/2022:13:17:02 +0800] "POST /xingrg/kc/buy/cgsh_order_operate.html HTTP/1.1" 200 2654
114.86.230.241 - - [04/Feb/2022:13:17:03 +0800] "GET /xingrg/kc/print/load_config.html?kc_code=cgsh HTTP/1.1" 200 1943
114.86.230.241 - - [04/Feb/2022:13:17:03 +0800] "GET /xingrg/kc/print/load_data.html?order_code=212022020400398&kc_code=cgsh&condition= HTTP/1.1" 200 664
116.239.131.195 - - [04/Feb/2022:13:17:03 +0800] "GET /xingrg/kc/buy/cgsh_order_info.html?code=212022020400357 HTTP/1.1" 200 60498
116.239.131.195 - - [04/Feb/2022:13:17:03 +0800] "GET /xingrg/javascript/pic_change.js HTTP/1.1" 304 -
116.239.131.195 - - [04/Feb/2022:13:17:03 +0800] "GET /xingrg/javascript/json2.js HTTP/1.1" 304 -
116.239.131.195 - - [04/Feb/2022:13:17:03 +0800] "GET /xingrg/javascript/jquery_tools/order_manager.js HTTP/1.1" 304 -
116.239.131.195 - - [04/Feb/2022:13:17:03 +0800] "GET /xingrg/javascript/convert.js HTTP/1.1" 304 -
116.239.131.195 - - [04/Feb/2022:13:17:03 +0800] "GET /xingrg/javascript/print/kc_print.js HTTP/1.1" 304 -
116.239.131.195 - - [04/Feb/2022:13:17:03 +0800] "GET /xingrg/words/20220128115405_words.js HTTP/1.1" 304 -
116.239.131.195 - - [04/Feb/2022:13:17:03 +0800] "GET /xingrg/javascript/easyui/themes/icons/copy_new.png HTTP/1.1" 304 -
116.239.131.195 - - [04/Feb/2022:13:17:03 +0800] "GET /xingrg/javascript/easyui/themes/icons/print.png HTTP/1.1" 304 -
116.239.131.195 - - [04/Feb/2022:13:17:03 +0800] "GET /xingrg/javascript/easyui/themes/icons/cancel.png HTTP/1.1" 304 -
116.239.131.195 - - [04/Feb/2022:13:17:03 +0800] "GET /xingrg/javascript/easyui/themes/default/images/menu_downarrow.png HTTP/1.1" 304 -
58.39.168.32 - - [04/Feb/2022:13:17:04 +0800] "GET /xingrg/all/function/internal_message.html?_=1643951821370&CODE_STATE=getMsg HTTP/1.1" 200 27
124.79.79.90 - - [04/Feb/2022:13:17:04 +0800] "POST /xingrg/dwr/call/plaincall/AjaxCheckService.setItemNumber.dwr HTTP/1.1" 200 78
116.239.131.195 - - [04/Feb/2022:13:17:04 +0800] "GET /xingrg/javascript/easyui/themes/default/validatebox.css HTTP/1.1" 404 1104
116.239.131.195 - - [04/Feb/2022:13:17:04 +0800] "GET /xingrg/javascript/easyui/plugins/jquery.validatebox.js HTTP/1.1" 304 -
116.239.131.195 - - [04/Feb/2022:13:17:04 +0800] "GET /xingrg/javascript/easyui/plugins/jquery.numberbox.js HTTP/1.1" 304 -
116.239.131.195 - - [04/Feb/2022:13:17:04 +0800] "POST /xingrg/kc/buy/cgsh_order_operate.html HTTP/1.1" 200 606
116.239.131.195 - - [04/Feb/2022:13:17:04 +0800] "GET /xingrg/javascript/easyui/themes/icons/edit_remove.png HTTP/1.1" 304 -
124.78.153.118 - - [04/Feb/2022:13:17:05 +0800] "GET /xingrg/all/function/internal_message.html?_=1643951820661&CODE_STATE=getMsg HTTP/1.1" 302 -
124.78.153.118 - - [04/Feb/2022:13:17:05 +0800] "GET /xingrg/all/function/internal_message.html?_=1643951824203&CODE_STATE=getMsg HTTP/1.1" 200 27
124.79.79.90 - - [04/Feb/2022:13:17:05 +0800] "GET /xingrg/all/function/internal_message.html?_=1643951823017&CODE_STATE=getMsg HTTP/1.1" 200 27
114.86.230.241 - - [04/Feb/2022:13:17:06 +0800] "GET /xingrg/kc/buy/cgsh_order_add.html HTTP/1.1" 200 65677
114.86.230.241 - - [04/Feb/2022:13:17:06 +0800] "POST /xingrg/kc/buy/cgsh_order_operate.html HTTP/1.1" 200 8245
114.86.230.241 - - [04/Feb/2022:13:17:06 +0800] "GET /xingrg/all/common/auto_word.html?type=employee&rest_code=00109 HTTP/1.1" 200 255
114.86.230.241 - - [04/Feb/2022:13:17:06 +0800] "GET /xingrg/all/common/auto_word.html?type=employee&rest_code=00109 HTTP/1.1" 200 255
114.86.230.241 - - [04/Feb/2022:13:17:06 +0800] "GET /xingrg/javascript/easyui/themes/default/validatebox.css HTTP/1.1" 404 1104
124.79.79.90 - - [04/Feb/2022:13:17:06 +0800] "POST /xingrg/dwr/call/plaincall/AjaxCheckService.setItemNumber.dwr HTTP/1.1" 200 78
124.78.153.118 - - [04/Feb/2022:13:17:07 +0800] "GET /xingrg/check_reg.html?_=1643951822567 HTTP/1.1" 302 -
114.88.155.114 - - [04/Feb/2022:13:17:07 +0800] "GET /xingrg/all/function/internal_message.html?_=1643951615249&CODE_STATE=getMsg HTTP/1.1" 200 27
114.86.230.241 - - [04/Feb/2022:13:17:08 +0800] "GET /xingrg/javascript/jquery_tools/images/prev.gif HTTP/1.1" 404 1086
114.86.230.241 - - [04/Feb/2022:13:17:08 +0800] "GET /xingrg/javascript/jquery_tools/images/next.gif HTTP/1.1" 404 1086
180.162.112.109 - - [04/Feb/2022:13:17:12 +0800] "GET /xingrg/all/function/internal_message.html?_=1643951218854&CODE_STATE=getMsg HTTP/1.1" 200 27
114.86.230.241 - - [04/Feb/2022:13:17:12 +0800] "GET /xingrg/kc/buy/cgsh_order_operate.html?command=get_materiel&rest_code=00109&code=00101004090&supplier_code=00100312&order_time=2022-02-04 HTTP/1.1" 200 412
180.169.147.146 - - [04/Feb/2022:13:17:13 +0800] "GET /xingrg/all/function/internal_message.html?_=1643951827627&CODE_STATE=getMsg HTTP/1.1" 200 27
124.79.79.90 - - [04/Feb/2022:13:17:16 +0800] "POST /xingrg/dwr/call/plaincall/AjaxCheckService.setItemNumber.dwr HTTP/1.1" 200 78
58.39.168.32 - - [04/Feb/2022:13:17:17 +0800] "GET /xingrg/all/function/internal_message.html?_=1643951772327&CODE_STATE=getMsg HTTP/1.1" 200 27
124.79.79.90 - - [04/Feb/2022:13:17:18 +0800] "POST /xingrg/dwr/call/plaincall/AjaxCheckService.setItemNumber.dwr HTTP/1.1" 200 78
114.86.230.241 - - [04/Feb/2022:13:17:18 +0800] "GET /xingrg/kc/buy/cgsh_order_operate.html?command=get_materiel&rest_code=00109&code=00101004047&supplier_code=00100312&order_time=2022-02-04 HTTP/1.1" 200 434
124.79.79.90 - - [04/Feb/2022:13:17:19 +0800] "GET /xingrg/all/function/internal_message.html?_=1643951836377&CODE_STATE=getMsg HTTP/1.1" 200 27
124.79.79.90 - - [04/Feb/2022:13:17:19 +0800] "GET /xingrg/check_reg.html?_=1643951836379 HTTP/1.1" 200 22
124.79.79.90 - - [04/Feb/2022:13:17:19 +0800] "POST /xingrg/dwr/call/plaincall/AjaxCheckService.setItemNumber.dwr HTTP/1.1" 200 78
124.79.79.90 - - [04/Feb/2022:13:17:20 +0800] "POST /xingrg/dwr/call/plaincall/AjaxCheckService.setItemNumber.dwr HTTP/1.1" 200 78
124.79.79.90 - - [04/Feb/2022:13:17:22 +0800] "POST /xingrg/dwr/call/plaincall/AjaxCheckService.setItemNumber.dwr HTTP/1.1" 200 78
222.70.179.207 - - [04/Feb/2022:13:17:24 +0800] "GET /xingrg/all/function/internal_message.html?_=1643951839592&CODE_STATE=getMsg HTTP/1.1" 200 27
180.152.99.73 - - [04/Feb/2022:13:17:25 +0800] "GET /xingrg/check_reg.html?_=1643951842629 HTTP/1.1" 200 22
180.152.99.73 - - [04/Feb/2022:13:17:25 +0800] "GET /xingrg/all/function/internal_message.html?_=1643951842650&CODE_STATE=getMsg HTTP/1.1" 200 27
114.86.230.241 - - [04/Feb/2022:13:17:28 +0800] "GET /xingrg/kc/buy/cgsh_order_operate.html?command=get_materiel&rest_code=00109&code=00101004046&supplier_code=00100312&order_time=2022-02-04 HTTP/1.1" 200 439
116.239.131.195 - - [04/Feb/2022:13:17:31 +0800] "GET /xingrg/all/function/internal_message.html?_=1643951870480&CODE_STATE=getMsg HTTP/1.1" 200 27
101.85.120.86 - - [04/Feb/2022:13:17:33 +0800] "GET /xingrg/all/function/internal_message.html?_=1643951849451&CODE_STATE=getMsg HTTP/1.1" 200 27
114.86.230.241 - - [04/Feb/2022:13:17:33 +0800] "GET /xingrg/kc/buy/cgsh_order_operate.html?command=get_materiel&rest_code=00109&code=00101004067&supplier_code=00100312&order_time=2022-02-04 HTTP/1.1" 200 433
124.79.79.90 - - [04/Feb/2022:13:17:34 +0800] "POST /xingrg/dwr/call/plaincall/AjaxCheckService.setItemNumber.dwr HTTP/1.1" 200 78
114.86.230.241 - - [04/Feb/2022:13:17:35 +0800] "GET /xingrg/all/function/internal_message.html?_=1643951852835&CODE_STATE=getMsg HTTP/1.1" 200 27
222.70.223.103 - - [04/Feb/2022:13:17:35 +0800] "GET /xingrg/all/function/internal_message.html?_=1643951849993&CODE_STATE=getMsg HTTP/1.1" 200 27
222.70.223.103 - - [04/Feb/2022:13:17:35 +0800] "GET /xingrg/check_reg.html?_=1643951850279 HTTP/1.1" 200 22
222.70.243.96 - - [04/Feb/2022:13:17:35 +0800] "GET /xingrg/all/function/internal_message.html?_=1643951869527&CODE_STATE=getMsg HTTP/1.1" 302 -
180.152.99.39 - - [04/Feb/2022:13:17:40 +0800] "GET /xingrg/all/function/internal_message.html?_=1643951778816&CODE_STATE=getMsg HTTP/1.1" 200 27
114.86.230.241 - - [04/Feb/2022:13:17:42 +0800] "GET /xingrg/kc/buy/cgsh_order_operate.html?command=get_materiel&rest_code=00109&code=00101004071&supplier_code=00100312&order_time=2022-02-04 HTTP/1.1" 200 430
114.86.230.241 - - [04/Feb/2022:13:17:49 +0800] "GET /xingrg/kc/buy/cgsh_order_operate.html?command=get_materiel&rest_code=00109&code=00101004030&supplier_code=00100312&order_time=2022-02-04 HTTP/1.1" 200 428
222.70.243.96 - - [04/Feb/2022:13:17:49 +0800] "GET /xingrg/all/function/internal_message.html?_=1643951884767&CODE_STATE=getMsg HTTP/1.1" 200 27
114.86.230.241 - - [04/Feb/2022:13:17:54 +0800] "GET /xingrg/kc/buy/cgsh_order_operate.html?command=get_materiel&rest_code=00109&code=00101004020&supplier_code=00100312&order_time=2022-02-04 HTTP/1.1" 200 429
101.83.241.237 - - [04/Feb/2022:13:17:55 +0800] "GET /xingrg/all/function/internal_message.html?_=1643951869431&CODE_STATE=getMsg HTTP/1.1" 200 27
114.86.230.241 - - [04/Feb/2022:13:18:00 +0800] "GET /xingrg/kc/buy/cgsh_order_operate.html?command=get_materiel&rest_code=00109&code=00101005055&supplier_code=00100312&order_time=2022-02-04 HTTP/1.1" 200 392
58.39.168.32 - - [04/Feb/2022:13:18:04 +0800] "GET /xingrg/all/function/internal_message.html?_=1643951881341&CODE_STATE=getMsg HTTP/1.1" 200 27
101.91.60.88 - - [04/Feb/2022:13:18:04 +0800] "GET /xingrg/all/function/internal_message.html?_=1643951820661&CODE_STATE=getMsg HTTP/1.1" 302 -
124.78.153.118 - - [04/Feb/2022:13:18:05 +0800] "GET /xingrg/all/function/internal_message.html?_=1643951880641&CODE_STATE=getMsg HTTP/1.1" 302 -
58.39.168.32 - - [04/Feb/2022:13:18:05 +0800] "GET /xingrg/check_reg.html?_=1643951882714 HTTP/1.1" 200 22
124.78.153.118 - - [04/Feb/2022:13:18:05 +0800] "GET /xingrg/all/function/internal_message.html?_=1643951884189&CODE_STATE=getMsg HTTP/1.1" 200 27
124.79.79.90 - - [04/Feb/2022:13:18:05 +0800] "GET /xingrg/all/function/internal_message.html?_=1643951882997&CODE_STATE=getMsg HTTP/1.1" 200 27
101.91.60.88 - - [04/Feb/2022:13:18:05 +0800] "GET /xingrg/login.html HTTP/1.1" 200 7641
124.79.79.90 - - [04/Feb/2022:13:18:06 +0800] "GET /xingrg/check_reg.html?_=1643951883657 HTTP/1.1" 200 22
114.86.230.241 - - [04/Feb/2022:13:18:06 +0800] "GET /xingrg/kc/buy/cgsh_order_operate.html?command=get_materiel&rest_code=00109&code=00101001029&supplier_code=00100312&order_time=2022-02-04 HTTP/1.1" 200 436
114.88.155.114 - - [04/Feb/2022:13:18:07 +0800] "GET /xingrg/all/function/internal_message.html?_=1643951675244&CODE_STATE=getMsg HTTP/1.1" 200 27
116.239.131.195 - - [04/Feb/2022:13:18:08 +0800] "GET /xingrg/javascript/jquery_easy_ui/themes/default/images/tabs_active.png HTTP/1.1" 304 -
61.151.178.165 - - [04/Feb/2022:13:18:09 +0800] "GET /xingrg/check_reg.html?_=1643951822567 HTTP/1.1" 302 -
61.151.178.165 - - [04/Feb/2022:13:18:09 +0800] "GET /xingrg/login.html HTTP/1.1" 200 7641
