120.253.135.82 - - [04/Feb/2022:11:13:40 +0800] "GET /xingrg/dwr/interface/AjaxReportQueryService.js HTTP/1.1" 200 13203
120.253.135.82 - - [04/Feb/2022:11:13:40 +0800] "GET /xingrg/javascript/jquery_easy_ui/themes/icons/back_new.png HTTP/1.1" 304 -
120.253.135.82 - - [04/Feb/2022:11:13:40 +0800] "GET /xingrg/javascript/jquery_easy_ui/themes/icons/uncheck_new.png HTTP/1.1" 304 -
120.253.135.82 - - [04/Feb/2022:11:13:40 +0800] "GET /xingrg/javascript/jquery_easy_ui/themes/icons/check_new.png HTTP/1.1" 304 -
101.83.241.237 - - [04/Feb/2022:11:13:41 +0800] "GET /xingrg/kc/buy/cgsh_order_operate.html?command=get_materiel&rest_code=00149&code=00101001010&supplier_code=00100039&order_time=2022-02-04 HTTP/1.1" 200 429
120.253.135.82 - - [04/Feb/2022:11:13:43 +0800] "GET /xingrg/kc/pszx/mdqp_order_info.html?code=302022020400010 HTTP/1.1" 200 13350
120.253.135.82 - - [04/Feb/2022:11:13:44 +0800] "GET /xingrg/javascript/auto/jquery.autocomplete.js HTTP/1.1" 304 -
120.253.135.82 - - [04/Feb/2022:11:13:44 +0800] "GET /xingrg/javascript/tools/jquery.qtip-1.0.0-rc3.min.js HTTP/1.1" 304 -
120.253.135.82 - - [04/Feb/2022:11:13:44 +0800] "GET /xingrg/javascript/checkform.js HTTP/1.1" 304 -
120.253.135.82 - - [04/Feb/2022:11:13:44 +0800] "GET /xingrg/javascript/AjaxInfoList.js HTTP/1.1" 304 -
120.253.135.82 - - [04/Feb/2022:11:13:44 +0800] "GET /xingrg/javascript/Grid.js HTTP/1.1" 304 -
120.253.135.82 - - [04/Feb/2022:11:13:44 +0800] "GET /xingrg/dwr/interface/AjaxQqpsService.js HTTP/1.1" 200 16326
120.253.135.82 - - [04/Feb/2022:11:13:44 +0800] "GET /xingrg/javascript/ToolTips.js HTTP/1.1" 304 -
120.253.135.82 - - [04/Feb/2022:11:13:44 +0800] "GET /xingrg/javascript/print/kc_print.js HTTP/1.1" 304 -
120.253.135.82 - - [04/Feb/2022:11:13:44 +0800] "GET /xingrg/javascript/print/LodopFuncs.js HTTP/1.1" 304 -
120.253.135.82 - - [04/Feb/2022:11:13:44 +0800] "GET /xingrg/dwr/interface/AjaxComOrderService.js HTTP/1.1" 200 18264
120.253.135.82 - - [04/Feb/2022:11:13:44 +0800] "GET /xingrg/dwr/engine.js HTTP/1.1" 200 43631
120.253.135.82 - - [04/Feb/2022:11:13:44 +0800] "GET /xingrg/images/blue/kc_tab_left.gif HTTP/1.1" 304 -
120.253.135.82 - - [04/Feb/2022:11:13:44 +0800] "GET /xingrg/images/blue/kc_tab_mid.gif HTTP/1.1" 304 -
120.253.135.82 - - [04/Feb/2022:11:13:44 +0800] "GET /xingrg/javascript/jquery_easy_ui/themes/default/images/menu_downarrow.png HTTP/1.1" 304 -
120.253.135.82 - - [04/Feb/2022:11:13:44 +0800] "GET /xingrg/images/blue/kc_tab_right.gif HTTP/1.1" 304 -
120.253.135.82 - - [04/Feb/2022:11:13:44 +0800] "GET /xingrg/images/blue/button/kc_tab_save.gif HTTP/1.1" 304 -
120.253.135.82 - - [04/Feb/2022:11:13:44 +0800] "GET /xingrg/javascript/jquery_easy_ui/themes/icons/print.png HTTP/1.1" 304 -
120.253.135.82 - - [04/Feb/2022:11:13:44 +0800] "GET /xingrg/images/blue/kc_tab2_left.gif HTTP/1.1" 304 -
120.253.135.82 - - [04/Feb/2022:11:13:44 +0800] "GET /xingrg/images/blue/button/kc_tab_edit.gif HTTP/1.1" 304 -
120.253.135.82 - - [04/Feb/2022:11:13:44 +0800] "GET /xingrg/images/blue/kc_tab2_right.gif HTTP/1.1" 304 -
120.253.135.82 - - [04/Feb/2022:11:13:44 +0800] "GET /xingrg/images/blue/wait.gif HTTP/1.1" 304 -
120.253.135.82 - - [04/Feb/2022:11:13:44 +0800] "POST /xingrg/dwr/call/plaincall/AjaxQqpsService.loadMaterielItems.dwr HTTP/1.1" 200 1934
124.78.153.118 - - [04/Feb/2022:11:13:48 +0800] "GET /xingrg/all/function/internal_message.html?_=1643944427463&CODE_STATE=getMsg HTTP/1.1" 200 27
116.239.131.195 - - [04/Feb/2022:11:13:49 +0800] "GET /xingrg/all/function/internal_message.html?_=1643944449200&CODE_STATE=getMsg HTTP/1.1" 200 27
101.83.241.237 - - [04/Feb/2022:11:13:55 +0800] "GET /xingrg/kc/buy/cgsh_order_operate.html?command=get_materiel&rest_code=00149&code=00101005037&supplier_code=00100039&order_time=2022-02-04 HTTP/1.1" 200 429
101.83.241.237 - - [04/Feb/2022:11:13:57 +0800] "GET /xingrg/all/function/internal_message.html?_=1643944431249&CODE_STATE=getMsg HTTP/1.1" 200 27
120.253.135.82 - - [04/Feb/2022:11:13:59 +0800] "GET /xingrg/javascript/jquery_easy_ui/themes/default/images/button_plain_hover.png HTTP/1.1" 304 -
120.253.135.82 - - [04/Feb/2022:11:14:00 +0800] "GET /xingrg/kc/pszx/mdqp_order_list.html?isBack=1 HTTP/1.1" 302 -
120.253.135.82 - - [04/Feb/2022:11:14:00 +0800] "GET /xingrg/kc/pszx/mdqp_order_list.html?state=10 HTTP/1.1" 200 11062
120.253.135.82 - - [04/Feb/2022:11:14:00 +0800] "GET /xingrg/dwr/interface/AjaxQqpsService.js HTTP/1.1" 200 16326
120.253.135.82 - - [04/Feb/2022:11:14:00 +0800] "GET /xingrg/dwr/interface/AjaxReportQueryService.js HTTP/1.1" 200 13203
120.253.135.82 - - [04/Feb/2022:11:14:00 +0800] "GET /xingrg/dwr/engine.js HTTP/1.1" 200 43631
124.78.153.118 - - [04/Feb/2022:11:14:00 +0800] "GET /xingrg/all/function/internal_message.html?_=1643944436226&CODE_STATE=getMsg HTTP/1.1" 302 -
120.253.135.82 - - [04/Feb/2022:11:14:02 +0800] "GET /xingrg/kc/pszx/mdqp_order_info.html?code=302022020400011 HTTP/1.1" 200 13350
120.253.135.82 - - [04/Feb/2022:11:14:02 +0800] "GET /xingrg/dwr/interface/AjaxQqpsService.js HTTP/1.1" 200 16326
120.253.135.82 - - [04/Feb/2022:11:14:02 +0800] "GET /xingrg/dwr/interface/AjaxComOrderService.js HTTP/1.1" 200 18264
120.253.135.82 - - [04/Feb/2022:11:14:02 +0800] "GET /xingrg/dwr/engine.js HTTP/1.1" 200 43631
120.253.135.82 - - [04/Feb/2022:11:14:02 +0800] "POST /xingrg/dwr/call/plaincall/AjaxQqpsService.loadMaterielItems.dwr HTTP/1.1" 200 1158
180.152.99.73 - - [04/Feb/2022:11:14:06 +0800] "GET /xingrg/all/function/internal_message.html?_=1643944444104&CODE_STATE=getMsg HTTP/1.1" 200 27
101.83.241.237 - - [04/Feb/2022:11:14:07 +0800] "GET /xingrg/kc/buy/cgsh_order_operate.html?command=get_materiel&rest_code=00149&code=00101001060&supplier_code=00100039&order_time=2022-02-04 HTTP/1.1" 200 441
120.253.135.82 - - [04/Feb/2022:11:14:10 +0800] "GET /xingrg/kc/pszx/mdqp_order_list.html?isBack=1 HTTP/1.1" 302 -
120.253.135.82 - - [04/Feb/2022:11:14:10 +0800] "GET /xingrg/kc/pszx/mdqp_order_list.html?state=10 HTTP/1.1" 200 11062
120.253.135.82 - - [04/Feb/2022:11:14:10 +0800] "GET /xingrg/dwr/interface/AjaxQqpsService.js HTTP/1.1" 200 16326
120.253.135.82 - - [04/Feb/2022:11:14:10 +0800] "GET /xingrg/dwr/interface/AjaxReportQueryService.js HTTP/1.1" 200 13203
120.253.135.82 - - [04/Feb/2022:11:14:10 +0800] "GET /xingrg/javascript/jquery_easy_ui/themes/icons/area.png HTTP/1.1" 304 -
120.253.135.82 - - [04/Feb/2022:11:14:10 +0800] "GET /xingrg/javascript/jquery_easy_ui/themes/icons/manage.png HTTP/1.1" 304 -
120.253.135.82 - - [04/Feb/2022:11:14:10 +0800] "GET /xingrg/dwr/engine.js HTTP/1.1" 200 43631
180.162.112.109 - - [04/Feb/2022:11:14:12 +0800] "GET /xingrg/all/function/internal_message.html?_=1643943838723&CODE_STATE=getMsg HTTP/1.1" 200 27
222.70.243.96 - - [04/Feb/2022:11:14:12 +0800] "GET /xingrg/check_reg.html?_=1643944465800 HTTP/1.1" 302 -
180.157.251.97 - - [04/Feb/2022:11:14:19 +0800] "GET /xingrg/all/function/internal_message.html?_=1643944457054&CODE_STATE=getMsg HTTP/1.1" 200 27
58.39.168.32 - - [04/Feb/2022:11:14:27 +0800] "GET /xingrg/all/function/internal_message.html?_=1643944464370&CODE_STATE=getMsg HTTP/1.1" 200 27
120.253.135.82 - - [04/Feb/2022:11:14:29 +0800] "GET /xingrg/all/function/internal_message.html?_=1643944258534&CODE_STATE=getMsg HTTP/1.1" 200 27
116.235.92.83 - - [04/Feb/2022:11:14:32 +0800] "GET /xingrg/all/function/internal_message.html?_=1643944521836&CODE_STATE=getMsg HTTP/1.1" 302 -
116.235.92.83 - - [04/Feb/2022:11:14:32 +0800] "GET /xingrg/login.html HTTP/1.1" 200 7641
222.70.243.96 - - [04/Feb/2022:11:14:32 +0800] "GET /xingrg/all/function/internal_message.html?_=1643944486029&CODE_STATE=getMsg HTTP/1.1" 302 -
101.85.120.86 - - [04/Feb/2022:11:14:32 +0800] "GET /xingrg/check_reg.html?_=1643944469202 HTTP/1.1" 200 22
101.85.120.86 - - [04/Feb/2022:11:14:32 +0800] "GET /xingrg/all/function/internal_message.html?_=1643944469200&CODE_STATE=getMsg HTTP/1.1" 200 27
222.70.243.96 - - [04/Feb/2022:11:14:33 +0800] "GET /xingrg/all/function/internal_message.html?_=1643944488632&CODE_STATE=getMsg HTTP/1.1" 200 27
222.70.223.103 - - [04/Feb/2022:11:14:35 +0800] "GET /xingrg/all/function/internal_message.html?_=1643944470373&CODE_STATE=getMsg HTTP/1.1" 200 27
180.152.99.39 - - [04/Feb/2022:11:14:36 +0800] "GET /xingrg/all/function/internal_message.html?_=1643944395103&CODE_STATE=getMsg HTTP/1.1" 200 27
124.78.153.118 - - [04/Feb/2022:11:14:48 +0800] "GET /xingrg/all/function/internal_message.html?_=1643944487464&CODE_STATE=getMsg HTTP/1.1" 200 27
116.239.131.195 - - [04/Feb/2022:11:14:50 +0800] "GET /xingrg/all/function/internal_message.html?_=1643944509993&CODE_STATE=getMsg HTTP/1.1" 200 27
120.253.135.82 - - [04/Feb/2022:11:14:51 +0800] "GET /xingrg/kc/pszx/jzcl_ps.html HTTP/1.1" 200 7683
120.253.135.82 - - [04/Feb/2022:11:14:51 +0800] "GET /xingrg/javascript/step/step.css HTTP/1.1" 304 -
120.253.135.82 - - [04/Feb/2022:11:14:51 +0800] "GET /xingrg/css/table.css HTTP/1.1" 304 -
120.253.135.82 - - [04/Feb/2022:11:14:51 +0800] "GET /xingrg/javascript/step/images/navCurrentBtn.gif HTTP/1.1" 304 -
120.253.135.82 - - [04/Feb/2022:11:14:51 +0800] "GET /xingrg/javascript/jquery_easy_ui/themes/default/images/button_a_bg.gif HTTP/1.1" 304 -
120.253.135.82 - - [04/Feb/2022:11:14:51 +0800] "GET /xingrg/javascript/jquery_easy_ui/themes/default/images/button_span_bg.gif HTTP/1.1" 304 -
120.253.135.82 - - [04/Feb/2022:11:14:51 +0800] "GET /xingrg/javascript/jquery_easy_ui/themes/icons/search.png HTTP/1.1" 304 -
120.253.135.82 - - [04/Feb/2022:11:14:51 +0800] "GET /xingrg/javascript/jquery_easy_ui/themes/default/images/combo_arrow_dot.gif HTTP/1.1" 304 -
120.253.135.82 - - [04/Feb/2022:11:14:51 +0800] "GET /xingrg/javascript/jquery_easy_ui/themes/default/images/calendar_prevyear.gif HTTP/1.1" 304 -
120.253.135.82 - - [04/Feb/2022:11:14:51 +0800] "GET /xingrg/javascript/jquery_easy_ui/themes/default/images/calendar_nextmonth.gif HTTP/1.1" 304 -
120.253.135.82 - - [04/Feb/2022:11:14:51 +0800] "GET /xingrg/javascript/jquery_easy_ui/themes/default/images/calendar_prevmonth.gif HTTP/1.1" 304 -
120.253.135.82 - - [04/Feb/2022:11:14:51 +0800] "GET /xingrg/javascript/jquery_easy_ui/themes/default/images/calendar_nextyear.gif HTTP/1.1" 304 -
120.253.135.82 - - [04/Feb/2022:11:14:51 +0800] "POST /xingrg/all/common/load_tree.html?tree=area_rest_tree_json HTTP/1.1" 200 3472
120.253.135.82 - - [04/Feb/2022:11:14:52 +0800] "GET /xingrg/images/control/ajaxLoader.gif HTTP/1.1" 304 -
120.253.135.82 - - [04/Feb/2022:11:14:52 +0800] "GET /xingrg/javascript/jquery_easy_ui/themes/default/images/datagrid_header_bg.gif HTTP/1.1" 304 -
120.253.135.82 - - [04/Feb/2022:11:14:52 +0800] "GET /xingrg/javascript/jquery_easy_ui/themes/default/images/pagination_loading.gif HTTP/1.1" 304 -
120.253.135.82 - - [04/Feb/2022:11:14:52 +0800] "GET /xingrg/javascript/jquery_easy_ui/themes/default/images/tree_checkbox_0.gif HTTP/1.1" 304 -
120.253.135.82 - - [04/Feb/2022:11:14:52 +0800] "POST /xingrg/kc/pszx/jzcl_ps_operate.html HTTP/1.1" 200 907
120.253.135.82 - - [04/Feb/2022:11:14:52 +0800] "POST /xingrg/kc/pszx/jzcl_ps_operate.html HTTP/1.1" 200 907
120.253.135.82 - - [04/Feb/2022:11:14:53 +0800] "GET /xingrg/javascript/jquery_easy_ui/themes/icons/rest.png HTTP/1.1" 304 -
101.83.241.237 - - [04/Feb/2022:11:14:57 +0800] "GET /xingrg/all/function/internal_message.html?_=1643944491259&CODE_STATE=getMsg HTTP/1.1" 200 27
120.253.135.82 - - [04/Feb/2022:11:14:59 +0800] "POST /xingrg/kc/pszx/jzcl_ps_operate.html HTTP/1.1" 200 4
120.253.135.82 - - [04/Feb/2022:11:14:59 +0800] "GET /xingrg/javascript/step/images/navLastDoneBtn.gif HTTP/1.1" 304 -
120.253.135.82 - - [04/Feb/2022:11:14:59 +0800] "GET /xingrg/javascript/step/images/navDoneBtn.gif HTTP/1.1" 304 -
120.253.135.82 - - [04/Feb/2022:11:14:59 +0800] "GET /xingrg/javascript/step/images/navBtn.gif HTTP/1.1" 200 361
124.78.153.118 - - [04/Feb/2022:11:15:00 +0800] "GET /xingrg/all/function/internal_message.html?_=1643944496225&CODE_STATE=getMsg HTTP/1.1" 302 -
124.78.153.118 - - [04/Feb/2022:11:15:00 +0800] "GET /xingrg/check_reg.html?_=1643944496227 HTTP/1.1" 302 -
120.253.135.82 - - [04/Feb/2022:11:15:02 +0800] "GET /xingrg/kc/pszx/mdps_order_list.html HTTP/1.1" 200 20963
120.253.135.82 - - [04/Feb/2022:11:15:02 +0800] "GET /xingrg/css/base.css HTTP/1.1" 304 -
120.253.135.82 - - [04/Feb/2022:11:15:02 +0800] "GET /xingrg/css/site.css HTTP/1.1" 304 -
120.253.135.82 - - [04/Feb/2022:11:15:02 +0800] "GET /xingrg/javascript/jquery_tools/jquery.tools.min.js HTTP/1.1" 304 -
120.253.135.82 - - [04/Feb/2022:11:15:02 +0800] "GET /xingrg/javascript/jquery_tools/table.css HTTP/1.1" 304 -
120.253.135.82 - - [04/Feb/2022:11:15:02 +0800] "GET /xingrg/javascript/auto/jquery.autocomplete.css HTTP/1.1" 304 -
120.253.135.82 - - [04/Feb/2022:11:15:02 +0800] "GET /xingrg/javascript/jquery_tools/fix.css HTTP/1.1" 304 -
120.253.135.82 - - [04/Feb/2022:11:15:02 +0800] "GET /xingrg/javascript/jquery_tools/datebox.css HTTP/1.1" 304 -
120.253.135.82 - - [04/Feb/2022:11:15:02 +0800] "GET /xingrg/javascript/jquery_tools/jquery.tools.hotkey.js HTTP/1.1" 304 -
120.253.135.82 - - [04/Feb/2022:11:15:02 +0800] "GET /xingrg/javascript/jquery_tools/jquery.tools.extend.js HTTP/1.1" 304 -
120.253.135.82 - - [04/Feb/2022:11:15:02 +0800] "GET /xingrg/javascript/easyui/easyloader.js HTTP/1.1" 304 -
120.253.135.82 - - [04/Feb/2022:11:15:02 +0800] "GET /xingrg/javascript/jquery_tools/jquery.tools.table.js HTTP/1.1" 304 -
120.253.135.82 - - [04/Feb/2022:11:15:02 +0800] "GET /xingrg/javascript/jquery.cookie.js HTTP/1.1" 304 -
120.253.135.82 - - [04/Feb/2022:11:15:02 +0800] "GET /xingrg/javascript/jquery_tools/list_manager.js HTTP/1.1" 304 -
120.253.135.82 - - [04/Feb/2022:11:15:02 +0800] "GET /xingrg/javascript/easyui/themes/icon.css HTTP/1.1" 304 -
120.253.135.82 - - [04/Feb/2022:11:15:02 +0800] "GET /xingrg/javascript/easyui/themes/default/easyui.css HTTP/1.1" 304 -
120.253.135.82 - - [04/Feb/2022:11:15:02 +0800] "GET /xingrg/javascript/easyui/themes/icons/check_new.png HTTP/1.1" 304 -
120.253.135.82 - - [04/Feb/2022:11:15:02 +0800] "GET /xingrg/javascript/easyui/themes/icons/edit_add_new.png HTTP/1.1" 304 -
120.253.135.82 - - [04/Feb/2022:11:15:02 +0800] "GET /xingrg/javascript/easyui/themes/icons/cance_new.png HTTP/1.1" 304 -
120.253.135.82 - - [04/Feb/2022:11:15:02 +0800] "GET /xingrg/javascript/easyui/themes/icons/import_new.png HTTP/1.1" 304 -
120.253.135.82 - - [04/Feb/2022:11:15:02 +0800] "GET /xingrg/javascript/easyui/themes/icons/uncheck_new.png HTTP/1.1" 304 -
120.253.135.82 - - [04/Feb/2022:11:15:02 +0800] "GET /xingrg/javascript/easyui/themes/icons/field_new.png HTTP/1.1" 304 -
120.253.135.82 - - [04/Feb/2022:11:15:02 +0800] "GET /xingrg/javascript/easyui/plugins/jquery.parser.js HTTP/1.1" 304 -
120.253.135.82 - - [04/Feb/2022:11:15:02 +0800] "POST /xingrg/kc/pszx/mdps_list_operate.html HTTP/1.1" 200 3169
101.91.60.11 - - [04/Feb/2022:11:15:05 +0800] "GET /xingrg/all/function/internal_message.html?_=1643943056191&CODE_STATE=getMsg HTTP/1.1" 302 -
120.253.135.82 - - [04/Feb/2022:11:15:05 +0800] "GET /xingrg/javascript/auto/indicator.gif HTTP/1.1" 404 1066
180.152.99.73 - - [04/Feb/2022:11:15:06 +0800] "GET /xingrg/all/function/internal_message.html?_=1643944504104&CODE_STATE=getMsg HTTP/1.1" 200 27
180.152.99.73 - - [04/Feb/2022:11:15:06 +0800] "GET /xingrg/check_reg.html?_=1643944504107 HTTP/1.1" 200 22
101.91.60.11 - - [04/Feb/2022:11:15:08 +0800] "GET /xingrg/login.html HTTP/1.1" 200 7641
180.162.112.109 - - [04/Feb/2022:11:15:12 +0800] "GET /xingrg/all/function/internal_message.html?_=1643943898708&CODE_STATE=getMsg HTTP/1.1" 200 27
120.253.135.82 - - [04/Feb/2022:11:15:18 +0800] "POST /xingrg/kc/pszx/mdps_list_operate.html HTTP/1.1" 200 2063
180.157.251.97 - - [04/Feb/2022:11:15:19 +0800] "GET /xingrg/check_reg.html?_=1643944517052 HTTP/1.1" 200 22
180.157.251.97 - - [04/Feb/2022:11:15:19 +0800] "GET /xingrg/all/function/internal_message.html?_=1643944517053&CODE_STATE=getMsg HTTP/1.1" 200 27
120.253.135.82 - - [04/Feb/2022:11:15:20 +0800] "POST /xingrg/kc/pszx/mdps_list_operate.html HTTP/1.1" 200 442
120.253.135.82 - - [04/Feb/2022:11:15:21 +0800] "GET /xingrg/kc/pszx/mdps_order_info.html?code=312022020400009 HTTP/1.1" 200 23931
120.253.135.82 - - [04/Feb/2022:11:15:21 +0800] "GET /xingrg/javascript/json2.js HTTP/1.1" 304 -
120.253.135.82 - - [04/Feb/2022:11:15:21 +0800] "GET /xingrg/javascript/jquery_tools/order_manager.js HTTP/1.1" 304 -
120.253.135.82 - - [04/Feb/2022:11:15:21 +0800] "GET /xingrg/javascript/convert.js HTTP/1.1" 304 -
120.253.135.82 - - [04/Feb/2022:11:15:21 +0800] "GET /xingrg/words/20220128115405_words.js HTTP/1.1" 304 -
120.253.135.82 - - [04/Feb/2022:11:15:21 +0800] "GET /xingrg/javascript/easyui/themes/icons/cancel.png HTTP/1.1" 304 -
120.253.135.82 - - [04/Feb/2022:11:15:21 +0800] "GET /xingrg/javascript/easyui/themes/icons/print.png HTTP/1.1" 304 -
120.253.135.82 - - [04/Feb/2022:11:15:21 +0800] "GET /xingrg/javascript/easyui/themes/icons/ok.png HTTP/1.1" 304 -
120.253.135.82 - - [04/Feb/2022:11:15:21 +0800] "GET /xingrg/javascript/easyui/themes/icons/copy_new.png HTTP/1.1" 304 -
120.253.135.82 - - [04/Feb/2022:11:15:21 +0800] "GET /xingrg/javascript/easyui/themes/default/images/menu_downarrow.png HTTP/1.1" 304 -
120.253.135.82 - - [04/Feb/2022:11:15:21 +0800] "GET /xingrg/all/common/auto_word.html?type=base&rest_code=00101 HTTP/1.1" 200 613
120.253.135.82 - - [04/Feb/2022:11:15:21 +0800] "GET /xingrg/javascript/easyui/themes/default/validatebox.css HTTP/1.1" 404 1104
120.253.135.82 - - [04/Feb/2022:11:15:21 +0800] "GET /xingrg/javascript/easyui/plugins/jquery.validatebox.js HTTP/1.1" 304 -
120.253.135.82 - - [04/Feb/2022:11:15:21 +0800] "POST /xingrg/kc/pszx/mdps_order_operate.html HTTP/1.1" 200 3733
120.253.135.82 - - [04/Feb/2022:11:15:21 +0800] "GET /xingrg/javascript/easyui/plugins/jquery.numberbox.js HTTP/1.1" 304 -
120.253.135.82 - - [04/Feb/2022:11:15:21 +0800] "GET /xingrg/javascript/easyui/themes/icons/edit_remove.png HTTP/1.1" 304 -
120.253.135.82 - - [04/Feb/2022:11:15:23 +0800] "GET /xingrg/javascript/easyui/themes/default/images/button_plain_hover.png HTTP/1.1" 304 -
120.253.135.82 - - [04/Feb/2022:11:15:24 +0800] "GET /xingrg/css/images/panel_loading.gif HTTP/1.1" 304 -
222.70.243.96 - - [04/Feb/2022:11:15:24 +0800] "GET /xingrg/check_reg.html?_=1643944540234 HTTP/1.1" 200 22
120.253.135.82 - - [04/Feb/2022:11:15:25 +0800] "POST /xingrg/all/common/load_combo.html?type=base HTTP/1.1" 200 1075
58.39.168.32 - - [04/Feb/2022:11:15:27 +0800] "GET /xingrg/all/function/internal_message.html?_=1643944524370&CODE_STATE=getMsg HTTP/1.1" 200 27
120.253.135.82 - - [04/Feb/2022:11:15:29 +0800] "POST /xingrg/kc/pszx/mdps_order_operate.html HTTP/1.1" 200 37
120.253.135.82 - - [04/Feb/2022:11:15:30 +0800] "GET /xingrg/kc/pszx/mdps_order_info.html?code=312022020400009 HTTP/1.1" 200 23931
120.253.135.82 - - [04/Feb/2022:11:15:30 +0800] "GET /xingrg/javascript/easyui/themes/default/validatebox.css HTTP/1.1" 404 1104
120.253.135.82 - - [04/Feb/2022:11:15:30 +0800] "POST /xingrg/kc/pszx/mdps_order_operate.html HTTP/1.1" 200 3769
120.253.135.82 - - [04/Feb/2022:11:15:30 +0800] "GET /xingrg/all/function/internal_message.html?_=1643944320325&CODE_STATE=getMsg HTTP/1.1" 200 27
116.235.92.83 - - [04/Feb/2022:11:15:32 +0800] "GET /xingrg/all/function/internal_message.html?_=1643944581835&CODE_STATE=getMsg HTTP/1.1" 302 -
116.235.92.83 - - [04/Feb/2022:11:15:32 +0800] "GET /xingrg/check_reg.html?_=1643944581836 HTTP/1.1" 302 -
116.235.92.83 - - [04/Feb/2022:11:15:32 +0800] "GET /xingrg/login.html HTTP/1.1" 200 7641
116.235.92.83 - - [04/Feb/2022:11:15:32 +0800] "GET /xingrg/login.html HTTP/1.1" 200 7641
101.85.120.86 - - [04/Feb/2022:11:15:32 +0800] "GET /xingrg/all/function/internal_message.html?_=1643944529203&CODE_STATE=getMsg HTTP/1.1" 200 27
222.70.243.96 - - [04/Feb/2022:11:15:32 +0800] "GET /xingrg/all/function/internal_message.html?_=1643944546073&CODE_STATE=getMsg HTTP/1.1" 302 -
222.70.243.96 - - [04/Feb/2022:11:15:33 +0800] "GET /xingrg/all/function/internal_message.html?_=1643944548635&CODE_STATE=getMsg HTTP/1.1" 200 27
222.70.223.103 - - [04/Feb/2022:11:15:35 +0800] "GET /xingrg/all/function/internal_message.html?_=1643944530362&CODE_STATE=getMsg HTTP/1.1" 200 27
180.152.99.39 - - [04/Feb/2022:11:15:36 +0800] "GET /xingrg/all/function/internal_message.html?_=1643944455115&CODE_STATE=getMsg HTTP/1.1" 200 27
120.253.135.82 - - [04/Feb/2022:11:15:42 +0800] "POST /xingrg/kc/pszx/mdps_list_operate.html HTTP/1.1" 200 632
120.253.135.82 - - [04/Feb/2022:11:15:43 +0800] "GET /xingrg/kc/pszx/mdps_order_info.html?code=312022020400009 HTTP/1.1" 200 23931
120.253.135.82 - - [04/Feb/2022:11:15:43 +0800] "GET /xingrg/javascript/easyui/themes/default/validatebox.css HTTP/1.1" 404 1104
120.253.135.82 - - [04/Feb/2022:11:15:43 +0800] "POST /xingrg/kc/pszx/mdps_order_operate.html HTTP/1.1" 200 3769
120.253.135.82 - - [04/Feb/2022:11:15:46 +0800] "POST /xingrg/kc/pszx/mdps_list_operate.html HTTP/1.1" 200 2063
120.253.135.82 - - [04/Feb/2022:11:15:47 +0800] "POST /xingrg/kc/pszx/mdps_list_operate.html HTTP/1.1" 200 632
120.253.135.82 - - [04/Feb/2022:11:15:48 +0800] "GET /xingrg/kc/pszx/mdps_order_info.html?code=312022020400010 HTTP/1.1" 200 23931
124.78.153.118 - - [04/Feb/2022:11:15:48 +0800] "GET /xingrg/all/function/internal_message.html?_=1643944547465&CODE_STATE=getMsg HTTP/1.1" 200 27
120.253.135.82 - - [04/Feb/2022:11:15:48 +0800] "GET /xingrg/javascript/easyui/themes/default/validatebox.css HTTP/1.1" 404 1104
120.253.135.82 - - [04/Feb/2022:11:15:48 +0800] "POST /xingrg/kc/pszx/mdps_order_operate.html HTTP/1.1" 200 4823
116.239.131.195 - - [04/Feb/2022:11:15:50 +0800] "GET /xingrg/all/function/internal_message.html?_=1643944570007&CODE_STATE=getMsg HTTP/1.1" 200 27
120.253.135.82 - - [04/Feb/2022:11:15:52 +0800] "POST /xingrg/kc/pszx/mdps_order_operate.html HTTP/1.1" 200 37
120.253.135.82 - - [04/Feb/2022:11:15:53 +0800] "GET /xingrg/kc/pszx/mdps_order_info.html?code=312022020400010 HTTP/1.1" 200 23931
120.253.135.82 - - [04/Feb/2022:11:15:54 +0800] "GET /xingrg/javascript/easyui/themes/default/validatebox.css HTTP/1.1" 404 1104
120.253.135.82 - - [04/Feb/2022:11:15:54 +0800] "POST /xingrg/kc/pszx/mdps_order_operate.html HTTP/1.1" 200 4872
101.83.241.237 - - [04/Feb/2022:11:15:57 +0800] "GET /xingrg/all/function/internal_message.html?_=1643944551259&CODE_STATE=getMsg HTTP/1.1" 200 27
124.78.153.118 - - [04/Feb/2022:11:16:00 +0800] "GET /xingrg/all/function/internal_message.html?_=1643944556226&CODE_STATE=getMsg HTTP/1.1" 302 -
120.253.135.82 - - [04/Feb/2022:11:16:01 +0800] "POST /xingrg/all/common/load_select.html HTTP/1.1" 200 25
120.253.135.82 - - [04/Feb/2022:11:16:03 +0800] "GET /xingrg/kc/pszx/mdps_order_operate.html?command=get_materiel_price&pszx_code=00101&rest_code=00149&base_code=0010246&code=00101027001&unit_code=00100157&order_time=2022-02-04 HTTP/1.1" 200 35
180.152.99.73 - - [04/Feb/2022:11:16:06 +0800] "GET /xingrg/all/function/internal_message.html?_=1643944564109&CODE_STATE=getMsg HTTP/1.1" 200 27
180.162.112.109 - - [04/Feb/2022:11:16:12 +0800] "GET /xingrg/all/function/internal_message.html?_=1643943958708&CODE_STATE=getMsg HTTP/1.1" 200 27
101.83.241.237 - - [04/Feb/2022:11:16:14 +0800] "POST /xingrg/kc/buy/cgsh_order_operate.html HTTP/1.1" 200 37
120.253.135.82 - - [04/Feb/2022:11:16:14 +0800] "POST /xingrg/kc/pszx/mdps_order_operate.html HTTP/1.1" 200 37
120.253.135.82 - - [04/Feb/2022:11:16:15 +0800] "GET /xingrg/kc/pszx/mdps_order_info.html?code=312022020400010 HTTP/1.1" 200 23931
120.253.135.82 - - [04/Feb/2022:11:16:16 +0800] "GET /xingrg/javascript/easyui/themes/default/validatebox.css HTTP/1.1" 404 1104
120.253.135.82 - - [04/Feb/2022:11:16:16 +0800] "POST /xingrg/kc/pszx/mdps_order_operate.html HTTP/1.1" 200 4871
180.157.251.97 - - [04/Feb/2022:11:16:19 +0800] "GET /xingrg/all/function/internal_message.html?_=1643944577050&CODE_STATE=getMsg HTTP/1.1" 200 27
120.253.135.82 - - [04/Feb/2022:11:16:19 +0800] "POST /xingrg/kc/pszx/mdps_list_operate.html HTTP/1.1" 200 2063
180.169.147.146 - - [04/Feb/2022:11:16:20 +0800] "GET /xingrg/check_reg.html?_=1643944574409 HTTP/1.1" 302 -
101.83.241.237 - - [04/Feb/2022:11:16:23 +0800] "POST /xingrg/kc/buy/cgsh_order_operate.html HTTP/1.1" 200 12
58.39.168.32 - - [04/Feb/2022:11:16:27 +0800] "GET /xingrg/all/function/internal_message.html?_=1643944584397&CODE_STATE=getMsg HTTP/1.1" 200 27
58.39.168.32 - - [04/Feb/2022:11:16:27 +0800] "GET /xingrg/check_reg.html?_=1643944584399 HTTP/1.1" 200 22
101.83.241.237 - - [04/Feb/2022:11:16:28 +0800] "GET /xingrg/kc/buy/cgsh_order_info.html?code=212022020400288 HTTP/1.1" 200 60592
101.83.241.237 - - [04/Feb/2022:11:16:28 +0800] "GET /xingrg/javascript/easyui/themes/default/validatebox.css HTTP/1.1" 404 1104
101.83.241.237 - - [04/Feb/2022:11:16:29 +0800] "POST /xingrg/kc/buy/cgsh_order_operate.html HTTP/1.1" 200 5970
120.253.135.82 - - [04/Feb/2022:11:16:31 +0800] "GET /xingrg/all/function/internal_message.html?_=1643944380365&CODE_STATE=getMsg HTTP/1.1" 200 27
116.235.92.83 - - [04/Feb/2022:11:16:32 +0800] "GET /xingrg/all/function/internal_message.html?_=1643944641835&CODE_STATE=getMsg HTTP/1.1" 302 -
116.235.92.83 - - [04/Feb/2022:11:16:32 +0800] "GET /xingrg/login.html HTTP/1.1" 200 7641
101.85.120.86 - - [04/Feb/2022:11:16:32 +0800] "GET /xingrg/all/function/internal_message.html?_=1643944589203&CODE_STATE=getMsg HTTP/1.1" 200 27
222.70.243.96 - - [04/Feb/2022:11:16:32 +0800] "GET /xingrg/all/function/internal_message.html?_=1643944606087&CODE_STATE=getMsg HTTP/1.1" 302 -
222.70.243.96 - - [04/Feb/2022:11:16:33 +0800] "GET /xingrg/all/function/internal_message.html?_=1643944608648&CODE_STATE=getMsg HTTP/1.1" 200 27
101.83.241.237 - - [04/Feb/2022:11:16:35 +0800] "GET /xingrg/kc/print/load_config.html?kc_code=cgsh HTTP/1.1" 200 1943
101.83.241.237 - - [04/Feb/2022:11:16:35 +0800] "GET /xingrg/kc/print/load_data.html?order_code=212022020400288&kc_code=cgsh&condition= HTTP/1.1" 200 2790
222.70.223.103 - - [04/Feb/2022:11:16:35 +0800] "GET /xingrg/all/function/internal_message.html?_=1643944590357&CODE_STATE=getMsg HTTP/1.1" 200 27
180.152.99.39 - - [04/Feb/2022:11:16:36 +0800] "GET /xingrg/all/function/internal_message.html?_=1643944515172&CODE_STATE=getMsg HTTP/1.1" 200 27
124.78.153.118 - - [04/Feb/2022:11:16:48 +0800] "GET /xingrg/check_reg.html?_=1643944607466 HTTP/1.1" 200 22
124.78.153.118 - - [04/Feb/2022:11:16:48 +0800] "GET /xingrg/all/function/internal_message.html?_=1643944607469&CODE_STATE=getMsg HTTP/1.1" 200 27
180.152.99.39 - - [04/Feb/2022:11:16:50 +0800] "GET /xingrg/check_reg.html?_=1643944528795 HTTP/1.1" 200 22
116.239.131.195 - - [04/Feb/2022:11:16:51 +0800] "GET /xingrg/all/function/internal_message.html?_=1643944630768&CODE_STATE=getMsg HTTP/1.1" 200 27
120.253.135.82 - - [04/Feb/2022:11:16:53 +0800] "POST /xingrg/kc/pszx/mdps_list_operate.html HTTP/1.1" 200 442
120.253.135.82 - - [04/Feb/2022:11:16:54 +0800] "GET /xingrg/kc/pszx/mdps_order_info.html?code=312022020400009 HTTP/1.1" 200 23931
120.253.135.82 - - [04/Feb/2022:11:16:54 +0800] "GET /xingrg/javascript/easyui/themes/default/validatebox.css HTTP/1.1" 404 1104
120.253.135.82 - - [04/Feb/2022:11:16:54 +0800] "POST /xingrg/kc/pszx/mdps_order_operate.html HTTP/1.1" 200 3769
101.83.241.237 - - [04/Feb/2022:11:16:57 +0800] "GET /xingrg/all/function/internal_message.html?_=1643944611276&CODE_STATE=getMsg HTTP/1.1" 200 27
101.83.241.237 - - [04/Feb/2022:11:16:57 +0800] "GET /xingrg/check_reg.html?_=1643944611529 HTTP/1.1" 200 22
120.253.135.82 - - [04/Feb/2022:11:16:58 +0800] "GET /xingrg/kc/print/load_config.html?kc_code=mdps HTTP/1.1" 200 2390
120.253.135.82 - - [04/Feb/2022:11:16:58 +0800] "GET /xingrg/kc/print/load_data.html?order_code=312022020400009&kc_code=mdps&condition= HTTP/1.1" 200 1365
124.78.153.118 - - [04/Feb/2022:11:17:00 +0800] "GET /xingrg/all/function/internal_message.html?_=1643944616225&CODE_STATE=getMsg HTTP/1.1" 302 -
120.253.135.82 - - [04/Feb/2022:11:17:05 +0800] "POST /xingrg/kc/pszx/mdps_list_operate.html HTTP/1.1" 200 2063
180.152.99.73 - - [04/Feb/2022:11:17:06 +0800] "GET /xingrg/all/function/internal_message.html?_=1643944624127&CODE_STATE=getMsg HTTP/1.1" 200 27
120.253.135.82 - - [04/Feb/2022:11:17:07 +0800] "POST /xingrg/kc/pszx/mdps_list_operate.html HTTP/1.1" 200 632
120.253.135.82 - - [04/Feb/2022:11:17:08 +0800] "GET /xingrg/kc/pszx/mdps_order_info.html?code=312022020400010 HTTP/1.1" 200 23931
120.253.135.82 - - [04/Feb/2022:11:17:08 +0800] "POST /xingrg/kc/pszx/mdps_order_operate.html HTTP/1.1" 200 4871
120.253.135.82 - - [04/Feb/2022:11:17:09 +0800] "GET /xingrg/javascript/easyui/themes/default/validatebox.css HTTP/1.1" 404 1104
180.162.112.109 - - [04/Feb/2022:11:17:12 +0800] "GET /xingrg/all/function/internal_message.html?_=1643944018708&CODE_STATE=getMsg HTTP/1.1" 200 27
120.253.135.82 - - [04/Feb/2022:11:17:16 +0800] "GET /xingrg/kc/print/load_data.html?order_code=312022020400010&kc_code=mdps&condition= HTTP/1.1" 200 1930
180.157.251.97 - - [04/Feb/2022:11:17:19 +0800] "GET /xingrg/all/function/internal_message.html?_=1643944637049&CODE_STATE=getMsg HTTP/1.1" 200 27
58.39.168.32 - - [04/Feb/2022:11:17:27 +0800] "GET /xingrg/all/function/internal_message.html?_=1643944644399&CODE_STATE=getMsg HTTP/1.1" 200 27
120.253.135.82 - - [04/Feb/2022:11:17:27 +0800] "POST /xingrg/kc/pszx/mdps_list_operate.html HTTP/1.1" 200 2063
120.253.135.82 - - [04/Feb/2022:11:17:31 +0800] "GET /xingrg/all/function/internal_message.html?_=1643944440396&CODE_STATE=getMsg HTTP/1.1" 200 27
116.235.92.83 - - [04/Feb/2022:11:17:32 +0800] "GET /xingrg/all/function/internal_message.html?_=1643944701836&CODE_STATE=getMsg HTTP/1.1" 302 -
116.235.92.83 - - [04/Feb/2022:11:17:32 +0800] "GET /xingrg/login.html HTTP/1.1" 200 7641
101.85.120.86 - - [04/Feb/2022:11:17:32 +0800] "GET /xingrg/all/function/internal_message.html?_=1643944649229&CODE_STATE=getMsg HTTP/1.1" 200 27
222.70.243.96 - - [04/Feb/2022:11:17:32 +0800] "GET /xingrg/all/function/internal_message.html?_=1643944666134&CODE_STATE=getMsg HTTP/1.1" 302 -
222.70.243.96 - - [04/Feb/2022:11:17:33 +0800] "GET /xingrg/all/function/internal_message.html?_=1643944668917&CODE_STATE=getMsg HTTP/1.1" 200 27
222.70.223.103 - - [04/Feb/2022:11:17:35 +0800] "GET /xingrg/check_reg.html?_=1643944650367 HTTP/1.1" 200 22
222.70.223.103 - - [04/Feb/2022:11:17:35 +0800] "GET /xingrg/all/function/internal_message.html?_=1643944650370&CODE_STATE=getMsg HTTP/1.1" 200 27
180.152.99.39 - - [04/Feb/2022:11:17:36 +0800] "GET /xingrg/all/function/internal_message.html?_=1643944575174&CODE_STATE=getMsg HTTP/1.1" 200 27
101.83.241.237 - - [04/Feb/2022:11:17:38 +0800] "GET /xingrg/kc/buy/cgsh_order_add.html HTTP/1.1" 200 65689
101.83.241.237 - - [04/Feb/2022:11:17:38 +0800] "POST /xingrg/kc/buy/cgsh_order_operate.html HTTP/1.1" 200 8245
101.83.241.237 - - [04/Feb/2022:11:17:38 +0800] "GET /xingrg/javascript/easyui/themes/default/validatebox.css HTTP/1.1" 404 1104
116.239.131.195 - - [04/Feb/2022:11:17:45 +0800] "GET /xingrg/check_reg.html?_=1643944684577 HTTP/1.1" 200 22
124.78.153.118 - - [04/Feb/2022:11:17:48 +0800] "GET /xingrg/all/function/internal_message.html?_=1643944667480&CODE_STATE=getMsg HTTP/1.1" 200 27
116.239.131.195 - - [04/Feb/2022:11:17:49 +0800] "POST /xingrg/services/DataTransmitService HTTP/1.1" 200 524
116.239.131.195 - - [04/Feb/2022:11:17:51 +0800] "GET /xingrg/all/function/internal_message.html?_=1643944690787&CODE_STATE=getMsg HTTP/1.1" 200 27
101.83.241.237 - - [04/Feb/2022:11:17:57 +0800] "GET /xingrg/all/function/internal_message.html?_=1643944671277&CODE_STATE=getMsg HTTP/1.1" 200 27
114.88.155.114 - - [04/Feb/2022:11:17:58 +0800] "POST /xingrg/services/DataTransmitService HTTP/1.1" 200 524
124.78.153.118 - - [04/Feb/2022:11:18:00 +0800] "GET /xingrg/all/function/internal_message.html?_=1643944676225&CODE_STATE=getMsg HTTP/1.1" 302 -
180.152.99.73 - - [04/Feb/2022:11:18:06 +0800] "GET /xingrg/all/function/internal_message.html?_=1643944684130&CODE_STATE=getMsg HTTP/1.1" 200 27
101.83.241.237 - - [04/Feb/2022:11:18:08 +0800] "GET /xingrg/kc/buy/cgsh_order_operate.html?command=get_materiel&rest_code=00149&code=00101004011&supplier_code=00100083&order_time=2022-02-04 HTTP/1.1" 200 438
180.162.112.109 - - [04/Feb/2022:11:18:12 +0800] "GET /xingrg/check_reg.html?_=1643944078710 HTTP/1.1" 200 22
180.162.112.109 - - [04/Feb/2022:11:18:12 +0800] "GET /xingrg/all/function/internal_message.html?_=1643944078707&CODE_STATE=getMsg HTTP/1.1" 200 27
180.157.251.97 - - [04/Feb/2022:11:18:19 +0800] "GET /xingrg/all/function/internal_message.html?_=1643944697048&CODE_STATE=getMsg HTTP/1.1" 200 27
101.83.241.237 - - [04/Feb/2022:11:18:21 +0800] "GET /xingrg/kc/buy/cgsh_order_operate.html?command=get_materiel&rest_code=00149&code=00101004074&supplier_code=00100083&order_time=2022-02-04 HTTP/1.1" 200 407
58.39.168.32 - - [04/Feb/2022:11:18:27 +0800] "GET /xingrg/all/function/internal_message.html?_=1643944704402&CODE_STATE=getMsg HTTP/1.1" 200 27
120.253.135.82 - - [04/Feb/2022:11:18:29 +0800] "GET /xingrg/check_reg.html?_=1643944498527 HTTP/1.1" 200 22
101.83.241.237 - - [04/Feb/2022:11:18:30 +0800] "GET /xingrg/kc/buy/cgsh_order_operate.html?command=get_materiel&rest_code=00149&code=00101004067&supplier_code=00100083&order_time=2022-02-04 HTTP/1.1" 200 433
120.253.135.82 - - [04/Feb/2022:11:18:31 +0800] "GET /xingrg/all/function/internal_message.html?_=1643944500397&CODE_STATE=getMsg HTTP/1.1" 200 27
116.235.92.83 - - [04/Feb/2022:11:18:32 +0800] "GET /xingrg/all/function/internal_message.html?_=1643944761836&CODE_STATE=getMsg HTTP/1.1" 302 -
116.235.92.83 - - [04/Feb/2022:11:18:32 +0800] "GET /xingrg/login.html HTTP/1.1" 200 7641
101.85.120.86 - - [04/Feb/2022:11:18:32 +0800] "GET /xingrg/all/function/internal_message.html?_=1643944709228&CODE_STATE=getMsg HTTP/1.1" 200 27
222.70.243.96 - - [04/Feb/2022:11:18:32 +0800] "GET /xingrg/all/function/internal_message.html?_=1643944726145&CODE_STATE=getMsg HTTP/1.1" 302 -
222.70.243.96 - - [04/Feb/2022:11:18:33 +0800] "GET /xingrg/all/function/internal_message.html?_=1643944728925&CODE_STATE=getMsg HTTP/1.1" 200 27
222.70.223.103 - - [04/Feb/2022:11:18:35 +0800] "GET /xingrg/all/function/internal_message.html?_=1643944710368&CODE_STATE=getMsg HTTP/1.1" 200 27
180.152.99.39 - - [04/Feb/2022:11:18:36 +0800] "GET /xingrg/all/function/internal_message.html?_=1643944635187&CODE_STATE=getMsg HTTP/1.1" 200 27
61.151.178.180 - - [04/Feb/2022:11:18:44 +0800] "GET /xingrg/all/function/internal_message.html?_=1643944556226&CODE_STATE=getMsg HTTP/1.1" 302 -
101.83.241.237 - - [04/Feb/2022:11:18:46 +0800] "GET /xingrg/kc/buy/cgsh_order_operate.html?command=get_materiel&rest_code=00149&code=00101004071&supplier_code=00100083&order_time=2022-02-04 HTTP/1.1" 200 430
61.151.178.180 - - [04/Feb/2022:11:18:46 +0800] "GET /xingrg/login.html HTTP/1.1" 200 7641
124.78.153.118 - - [04/Feb/2022:11:18:48 +0800] "GET /xingrg/all/function/internal_message.html?_=1643944727481&CODE_STATE=getMsg HTTP/1.1" 200 27
116.239.131.195 - - [04/Feb/2022:11:18:51 +0800] "GET /xingrg/all/function/internal_message.html?_=1643944750797&CODE_STATE=getMsg HTTP/1.1" 200 27
101.83.241.237 - - [04/Feb/2022:11:18:55 +0800] "POST /xingrg/kc/buy/cgsh_order_operate.html HTTP/1.1" 200 37
124.78.153.118 - - [04/Feb/2022:11:19:00 +0800] "GET /xingrg/all/function/internal_message.html?_=1643944736224&CODE_STATE=getMsg HTTP/1.1" 302 -
101.83.241.237 - - [04/Feb/2022:11:19:05 +0800] "POST /xingrg/kc/buy/cgsh_order_operate.html HTTP/1.1" 200 12
180.152.99.73 - - [04/Feb/2022:11:19:06 +0800] "GET /xingrg/all/function/internal_message.html?_=1643944744120&CODE_STATE=getMsg HTTP/1.1" 200 27
180.162.112.109 - - [04/Feb/2022:11:19:12 +0800] "GET /xingrg/all/function/internal_message.html?_=1643944138709&CODE_STATE=getMsg HTTP/1.1" 200 27
222.70.243.96 - - [04/Feb/2022:11:19:12 +0800] "GET /xingrg/check_reg.html?_=1643944765833 HTTP/1.1" 302 -
101.83.241.237 - - [04/Feb/2022:11:19:15 +0800] "GET /xingrg/kc/buy/cgsh_order_info.html?code=212022020400289 HTTP/1.1" 200 60590
101.83.241.237 - - [04/Feb/2022:11:19:15 +0800] "GET /xingrg/javascript/easyui/themes/default/validatebox.css HTTP/1.1" 404 1104
101.83.241.237 - - [04/Feb/2022:11:19:16 +0800] "POST /xingrg/kc/buy/cgsh_order_operate.html HTTP/1.1" 200 2391
180.157.251.97 - - [04/Feb/2022:11:19:19 +0800] "GET /xingrg/all/function/internal_message.html?_=1643944757046&CODE_STATE=getMsg HTTP/1.1" 200 27
101.83.241.237 - - [04/Feb/2022:11:19:24 +0800] "GET /xingrg/kc/print/load_data.html?order_code=212022020400289&kc_code=cgsh&condition= HTTP/1.1" 200 1406
58.39.168.32 - - [04/Feb/2022:11:19:27 +0800] "GET /xingrg/all/function/internal_message.html?_=1643944764402&CODE_STATE=getMsg HTTP/1.1" 200 27
101.83.241.237 - - [04/Feb/2022:11:19:28 +0800] "GET /xingrg/kc/buy/cgsh_order_add.html HTTP/1.1" 200 65689
101.83.241.237 - - [04/Feb/2022:11:19:28 +0800] "POST /xingrg/kc/buy/cgsh_order_operate.html HTTP/1.1" 200 8245
101.83.241.237 - - [04/Feb/2022:11:19:28 +0800] "GET /xingrg/javascript/easyui/themes/default/validatebox.css HTTP/1.1" 404 1104
120.253.135.82 - - [04/Feb/2022:11:19:31 +0800] "GET /xingrg/all/function/internal_message.html?_=1643944560411&CODE_STATE=getMsg HTTP/1.1" 200 27
116.235.92.83 - - [04/Feb/2022:11:19:32 +0800] "GET /xingrg/all/function/internal_message.html?_=1643944821836&CODE_STATE=getMsg HTTP/1.1" 302 -
116.235.92.83 - - [04/Feb/2022:11:19:32 +0800] "GET /xingrg/login.html HTTP/1.1" 200 7641
101.85.120.86 - - [04/Feb/2022:11:19:32 +0800] "GET /xingrg/check_reg.html?_=1643944769229 HTTP/1.1" 200 22
101.85.120.86 - - [04/Feb/2022:11:19:32 +0800] "GET /xingrg/all/function/internal_message.html?_=1643944769231&CODE_STATE=getMsg HTTP/1.1" 200 27
222.70.243.96 - - [04/Feb/2022:11:19:32 +0800] "GET /xingrg/all/function/internal_message.html?_=1643944786187&CODE_STATE=getMsg HTTP/1.1" 302 -
222.70.243.96 - - [04/Feb/2022:11:19:33 +0800] "GET /xingrg/all/function/internal_message.html?_=1643944789190&CODE_STATE=getMsg HTTP/1.1" 200 27
222.70.223.103 - - [04/Feb/2022:11:19:35 +0800] "GET /xingrg/all/function/internal_message.html?_=1643944770366&CODE_STATE=getMsg HTTP/1.1" 200 27
180.152.99.39 - - [04/Feb/2022:11:19:36 +0800] "GET /xingrg/all/function/internal_message.html?_=1643944695240&CODE_STATE=getMsg HTTP/1.1" 200 27
124.78.153.118 - - [04/Feb/2022:11:19:48 +0800] "GET /xingrg/all/function/internal_message.html?_=1643944787481&CODE_STATE=getMsg HTTP/1.1" 200 27
101.91.60.88 - - [04/Feb/2022:11:19:49 +0800] "GET /xingrg/all/function/internal_message.html?_=1643943476226&CODE_STATE=getMsg HTTP/1.1" 302 -
101.91.60.88 - - [04/Feb/2022:11:19:51 +0800] "GET /xingrg/login.html HTTP/1.1" 200 7641
116.239.131.195 - - [04/Feb/2022:11:19:52 +0800] "GET /xingrg/all/function/internal_message.html?_=1643944811622&CODE_STATE=getMsg HTTP/1.1" 200 27
101.83.241.237 - - [04/Feb/2022:11:19:57 +0800] "GET /xingrg/all/function/internal_message.html?_=1643944791287&CODE_STATE=getMsg HTTP/1.1" 200 27
101.83.241.237 - - [04/Feb/2022:11:20:00 +0800] "GET /xingrg/kc/buy/cgsh_order_operate.html?command=get_materiel&rest_code=00149&code=00101009045&supplier_code=00100201&order_time=2022-02-04 HTTP/1.1" 200 431
124.78.153.118 - - [04/Feb/2022:11:20:00 +0800] "GET /xingrg/check_reg.html?_=1643944796230 HTTP/1.1" 302 -
124.78.153.118 - - [04/Feb/2022:11:20:00 +0800] "GET /xingrg/all/function/internal_message.html?_=1643944796228&CODE_STATE=getMsg HTTP/1.1" 302 -
61.151.178.163 - - [04/Feb/2022:11:20:00 +0800] "GET /xingrg/all/function/internal_message.html?_=1643944736224&CODE_STATE=getMsg HTTP/1.1" 302 -
61.151.178.163 - - [04/Feb/2022:11:20:01 +0800] "GET /xingrg/login.html HTTP/1.1" 200 7641
180.152.99.73 - - [04/Feb/2022:11:20:06 +0800] "GET /xingrg/all/function/internal_message.html?_=1643944804122&CODE_STATE=getMsg HTTP/1.1" 200 27
180.152.99.73 - - [04/Feb/2022:11:20:06 +0800] "GET /xingrg/check_reg.html?_=1643944804126 HTTP/1.1" 200 22
180.162.112.109 - - [04/Feb/2022:11:20:12 +0800] "GET /xingrg/all/function/internal_message.html?_=1643944198709&CODE_STATE=getMsg HTTP/1.1" 200 27
180.157.251.97 - - [04/Feb/2022:11:20:19 +0800] "GET /xingrg/all/function/internal_message.html?_=1643944817044&CODE_STATE=getMsg HTTP/1.1" 200 27
180.157.251.97 - - [04/Feb/2022:11:20:19 +0800] "GET /xingrg/check_reg.html?_=1643944817045 HTTP/1.1" 200 22
222.70.243.96 - - [04/Feb/2022:11:20:24 +0800] "GET /xingrg/check_reg.html?_=1643944840241 HTTP/1.1" 200 22
58.39.168.32 - - [04/Feb/2022:11:20:27 +0800] "GET /xingrg/all/function/internal_message.html?_=1643944824403&CODE_STATE=getMsg HTTP/1.1" 200 27
101.83.241.237 - - [04/Feb/2022:11:20:28 +0800] "GET /xingrg/kc/buy/cgsh_order_operate.html?command=get_materiel&rest_code=00149&code=00101009109&supplier_code=00100201&order_time=2022-02-04 HTTP/1.1" 200 399
120.253.135.82 - - [04/Feb/2022:11:20:31 +0800] "GET /xingrg/all/function/internal_message.html?_=1643944620424&CODE_STATE=getMsg HTTP/1.1" 200 27
116.235.92.83 - - [04/Feb/2022:11:20:32 +0800] "GET /xingrg/all/function/internal_message.html?_=1643944881835&CODE_STATE=getMsg HTTP/1.1" 302 -
116.235.92.83 - - [04/Feb/2022:11:20:32 +0800] "GET /xingrg/check_reg.html?_=1643944881836 HTTP/1.1" 302 -
116.235.92.83 - - [04/Feb/2022:11:20:32 +0800] "GET /xingrg/login.html HTTP/1.1" 200 7641
116.235.92.83 - - [04/Feb/2022:11:20:32 +0800] "GET /xingrg/login.html HTTP/1.1" 200 7641
101.85.120.86 - - [04/Feb/2022:11:20:32 +0800] "GET /xingrg/all/function/internal_message.html?_=1643944829230&CODE_STATE=getMsg HTTP/1.1" 200 27
222.70.243.96 - - [04/Feb/2022:11:20:32 +0800] "GET /xingrg/all/function/internal_message.html?_=1643944846189&CODE_STATE=getMsg HTTP/1.1" 302 -
222.70.243.96 - - [04/Feb/2022:11:20:33 +0800] "GET /xingrg/all/function/internal_message.html?_=1643944849203&CODE_STATE=getMsg HTTP/1.1" 200 27
222.70.223.103 - - [04/Feb/2022:11:20:35 +0800] "GET /xingrg/all/function/internal_message.html?_=1643944830359&CODE_STATE=getMsg HTTP/1.1" 200 27
180.152.99.39 - - [04/Feb/2022:11:20:36 +0800] "GET /xingrg/all/function/internal_message.html?_=1643944755246&CODE_STATE=getMsg HTTP/1.1" 200 27
101.83.241.237 - - [04/Feb/2022:11:20:46 +0800] "GET /xingrg/kc/mdqp/qqps_order_list.html?isBack=1 HTTP/1.1" 200 10088
101.83.241.237 - - [04/Feb/2022:11:20:46 +0800] "GET /xingrg/dwr/interface/AjaxQqpsService.js HTTP/1.1" 200 16326
101.83.241.237 - - [04/Feb/2022:11:20:46 +0800] "GET /xingrg/dwr/interface/AjaxReportQueryService.js HTTP/1.1" 200 13203
101.83.241.237 - - [04/Feb/2022:11:20:46 +0800] "GET /xingrg/dwr/engine.js HTTP/1.1" 200 43631
124.78.153.118 - - [04/Feb/2022:11:20:48 +0800] "GET /xingrg/all/function/internal_message.html?_=1643944847482&CODE_STATE=getMsg HTTP/1.1" 200 27
116.239.131.195 - - [04/Feb/2022:11:20:52 +0800] "GET /xingrg/all/function/internal_message.html?_=1643944871653&CODE_STATE=getMsg HTTP/1.1" 200 27
101.83.241.237 - - [04/Feb/2022:11:20:57 +0800] "GET /xingrg/all/function/internal_message.html?_=1643944851274&CODE_STATE=getMsg HTTP/1.1" 200 27
124.78.153.118 - - [04/Feb/2022:11:21:00 +0800] "GET /xingrg/all/function/internal_message.html?_=1643944856227&CODE_STATE=getMsg HTTP/1.1" 302 -
101.89.19.197 - - [04/Feb/2022:11:21:01 +0800] "GET /xingrg/all/function/internal_message.html?_=1643944796228&CODE_STATE=getMsg HTTP/1.1" 302 -
101.89.19.197 - - [04/Feb/2022:11:21:03 +0800] "GET /xingrg/login.html HTTP/1.1" 200 7641
180.152.99.73 - - [04/Feb/2022:11:21:06 +0800] "GET /xingrg/all/function/internal_message.html?_=1643944864128&CODE_STATE=getMsg HTTP/1.1" 200 27
180.162.112.109 - - [04/Feb/2022:11:21:12 +0800] "GET /xingrg/all/function/internal_message.html?_=1643944258709&CODE_STATE=getMsg HTTP/1.1" 200 27
180.157.251.97 - - [04/Feb/2022:11:21:19 +0800] "GET /xingrg/all/function/internal_message.html?_=1643944877043&CODE_STATE=getMsg HTTP/1.1" 200 27
180.169.147.146 - - [04/Feb/2022:11:21:20 +0800] "GET /xingrg/check_reg.html?_=1643944874384 HTTP/1.1" 302 -
58.39.168.32 - - [04/Feb/2022:11:21:27 +0800] "GET /xingrg/check_reg.html?_=1643944884403 HTTP/1.1" 200 22
58.39.168.32 - - [04/Feb/2022:11:21:27 +0800] "GET /xingrg/all/function/internal_message.html?_=1643944884406&CODE_STATE=getMsg HTTP/1.1" 200 27
120.253.135.82 - - [04/Feb/2022:11:21:31 +0800] "GET /xingrg/all/function/internal_message.html?_=1643944680456&CODE_STATE=getMsg HTTP/1.1" 200 27
116.235.92.83 - - [04/Feb/2022:11:21:32 +0800] "GET /xingrg/all/function/internal_message.html?_=1643944941836&CODE_STATE=getMsg HTTP/1.1" 302 -
116.235.92.83 - - [04/Feb/2022:11:21:32 +0800] "GET /xingrg/login.html HTTP/1.1" 200 7641
101.85.120.86 - - [04/Feb/2022:11:21:32 +0800] "GET /xingrg/all/function/internal_message.html?_=1643944889230&CODE_STATE=getMsg HTTP/1.1" 200 27
222.70.243.96 - - [04/Feb/2022:11:21:32 +0800] "GET /xingrg/all/function/internal_message.html?_=1643944906236&CODE_STATE=getMsg HTTP/1.1" 302 -
222.70.243.96 - - [04/Feb/2022:11:21:33 +0800] "GET /xingrg/all/function/internal_message.html?_=1643944909215&CODE_STATE=getMsg HTTP/1.1" 200 27
101.83.241.237 - - [04/Feb/2022:11:21:35 +0800] "GET /xingrg/kc/buy/cgsh_order_operate.html?command=get_materiel&rest_code=00149&code=00101009023&supplier_code=00100201&order_time=2022-02-04 HTTP/1.1" 200 408
222.70.223.103 - - [04/Feb/2022:11:21:35 +0800] "GET /xingrg/all/function/internal_message.html?_=1643944890360&CODE_STATE=getMsg HTTP/1.1" 200 27
180.152.99.39 - - [04/Feb/2022:11:21:36 +0800] "GET /xingrg/all/function/internal_message.html?_=1643944815301&CODE_STATE=getMsg HTTP/1.1" 200 27
222.70.182.51 - - [04/Feb/2022:11:21:39 +0800] "POST /xingrg/services/DataTransmitService HTTP/1.1" 200 524
222.70.182.51 - - [04/Feb/2022:11:21:39 +0800] "POST /xingrg/services/DataTransmitService HTTP/1.1" 200 501
222.70.182.51 - - [04/Feb/2022:11:21:39 +0800] "POST /xingrg/services/DataTransmitService HTTP/1.1" 200 501
222.70.182.51 - - [04/Feb/2022:11:21:39 +0800] "POST /xingrg/services/DataTransmitService HTTP/1.1" 200 501
222.70.182.51 - - [04/Feb/2022:11:21:40 +0800] "POST /xingrg/services/DataTransmitService HTTP/1.1" 200 501
222.70.182.51 - - [04/Feb/2022:11:21:40 +0800] "POST /xingrg/services/DataTransmitService HTTP/1.1" 200 501
222.70.182.51 - - [04/Feb/2022:11:21:41 +0800] "POST /xingrg/services/DataTransmitService HTTP/1.1" 200 412
124.78.153.118 - - [04/Feb/2022:11:21:48 +0800] "GET /xingrg/all/function/internal_message.html?_=1643944907481&CODE_STATE=getMsg HTTP/1.1" 200 27
124.78.153.118 - - [04/Feb/2022:11:21:48 +0800] "GET /xingrg/check_reg.html?_=1643944907484 HTTP/1.1" 200 22
180.152.99.39 - - [04/Feb/2022:11:21:50 +0800] "GET /xingrg/check_reg.html?_=1643944828800 HTTP/1.1" 200 22
101.83.241.237 - - [04/Feb/2022:11:21:50 +0800] "GET /xingrg/kc/buy/cgsh_order_operate.html?command=get_materiel&rest_code=00149&code=00101009008&supplier_code=00100201&order_time=2022-02-04 HTTP/1.1" 200 415
116.239.131.195 - - [04/Feb/2022:11:21:53 +0800] "GET /xingrg/all/function/internal_message.html?_=1643944932504&CODE_STATE=getMsg HTTP/1.1" 200 27
101.83.241.237 - - [04/Feb/2022:11:21:57 +0800] "GET /xingrg/all/function/internal_message.html?_=1643944911265&CODE_STATE=getMsg HTTP/1.1" 200 27
101.83.241.237 - - [04/Feb/2022:11:21:57 +0800] "GET /xingrg/check_reg.html?_=1643944911526 HTTP/1.1" 200 22
124.78.153.118 - - [04/Feb/2022:11:22:00 +0800] "GET /xingrg/all/function/internal_message.html?_=1643944916226&CODE_STATE=getMsg HTTP/1.1" 302 -
180.152.99.73 - - [04/Feb/2022:11:22:06 +0800] "GET /xingrg/all/function/internal_message.html?_=1643944924138&CODE_STATE=getMsg HTTP/1.1" 200 27
180.162.112.109 - - [04/Feb/2022:11:22:12 +0800] "GET /xingrg/all/function/internal_message.html?_=1643944318709&CODE_STATE=getMsg HTTP/1.1" 200 27
180.157.251.97 - - [04/Feb/2022:11:22:19 +0800] "GET /xingrg/all/function/internal_message.html?_=1643944937041&CODE_STATE=getMsg HTTP/1.1" 200 27
58.39.168.32 - - [04/Feb/2022:11:22:27 +0800] "GET /xingrg/all/function/internal_message.html?_=1643944944405&CODE_STATE=getMsg HTTP/1.1" 200 27
120.253.135.82 - - [04/Feb/2022:11:22:31 +0800] "GET /xingrg/all/function/internal_message.html?_=1643944740467&CODE_STATE=getMsg HTTP/1.1" 200 27
116.235.92.83 - - [04/Feb/2022:11:22:32 +0800] "GET /xingrg/all/function/internal_message.html?_=1643945001835&CODE_STATE=getMsg HTTP/1.1" 302 -
116.235.92.83 - - [04/Feb/2022:11:22:32 +0800] "GET /xingrg/login.html HTTP/1.1" 200 7641
101.85.120.86 - - [04/Feb/2022:11:22:32 +0800] "GET /xingrg/all/function/internal_message.html?_=1643944949232&CODE_STATE=getMsg HTTP/1.1" 200 27
222.70.243.96 - - [04/Feb/2022:11:22:32 +0800] "GET /xingrg/all/function/internal_message.html?_=1643944966247&CODE_STATE=getMsg HTTP/1.1" 302 -
222.70.243.96 - - [04/Feb/2022:11:22:34 +0800] "GET /xingrg/all/function/internal_message.html?_=1643944969488&CODE_STATE=getMsg HTTP/1.1" 200 27
222.70.223.103 - - [04/Feb/2022:11:22:35 +0800] "GET /xingrg/all/function/internal_message.html?_=1643944950363&CODE_STATE=getMsg HTTP/1.1" 200 27
222.70.223.103 - - [04/Feb/2022:11:22:35 +0800] "GET /xingrg/check_reg.html?_=1643944950368 HTTP/1.1" 200 22
180.152.99.39 - - [04/Feb/2022:11:22:36 +0800] "GET /xingrg/all/function/internal_message.html?_=1643944875304&CODE_STATE=getMsg HTTP/1.1" 200 27
101.83.241.237 - - [04/Feb/2022:11:22:39 +0800] "GET /xingrg/kc/buy/cgsh_order_operate.html?command=get_materiel&rest_code=00149&code=00101009039&supplier_code=00100201&order_time=2022-02-04 HTTP/1.1" 200 427
116.239.131.195 - - [04/Feb/2022:11:22:45 +0800] "GET /xingrg/check_reg.html?_=1643944984579 HTTP/1.1" 200 22
124.78.153.118 - - [04/Feb/2022:11:22:48 +0800] "GET /xingrg/all/function/internal_message.html?_=1643944967485&CODE_STATE=getMsg HTTP/1.1" 200 27
116.239.131.195 - - [04/Feb/2022:11:22:53 +0800] "GET /xingrg/all/function/internal_message.html?_=1643944992552&CODE_STATE=getMsg HTTP/1.1" 200 27
