101.83.241.237 - - [04/Feb/2022:10:42:48 +0800] "GET /xingrg/images/blue/button/kc_tab_add.gif HTTP/1.1" 200 375
101.83.241.237 - - [04/Feb/2022:10:42:48 +0800] "GET /xingrg/images/blue/button/kc_tab_edit.gif HTTP/1.1" 200 551
101.83.241.237 - - [04/Feb/2022:10:42:48 +0800] "GET /xingrg/images/blue/button/kc_tab_save.gif HTTP/1.1" 200 777
101.83.241.237 - - [04/Feb/2022:10:42:48 +0800] "GET /xingrg/images/blue/button/kc_tab_del.gif HTTP/1.1" 200 383
101.83.241.237 - - [04/Feb/2022:10:42:49 +0800] "GET /xingrg/images/blue/kc_tab2_left.gif HTTP/1.1" 200 625
101.83.241.237 - - [04/Feb/2022:10:42:49 +0800] "GET /xingrg/images/blue/kc_tab2_right.gif HTTP/1.1" 200 192
101.83.241.237 - - [04/Feb/2022:10:42:56 +0800] "GET /favicon.ico HTTP/1.1" 404 -
101.83.241.237 - - [04/Feb/2022:10:42:56 +0800] "GET /xingrg/all/function/internal_message.html?_=1643942571158&CODE_STATE=getMsg HTTP/1.1" 200 27
101.83.241.237 - - [04/Feb/2022:10:42:58 +0800] "POST /xingrg/dwr/call/plaincall/AjaxQqpsService.saveOrder.dwr HTTP/1.1" 200 78
101.83.241.237 - - [04/Feb/2022:10:42:59 +0800] "GET /xingrg/javascript/auto/indicator.gif HTTP/1.1" 404 1066
101.83.241.237 - - [04/Feb/2022:10:43:00 +0800] "POST /xingrg/dwr/call/plaincall/AjaxQqpsService.getMaterielByCode.dwr HTTP/1.1" 200 2818
124.78.153.118 - - [04/Feb/2022:10:43:00 +0800] "GET /xingrg/all/function/internal_message.html?_=1643942576196&CODE_STATE=getMsg HTTP/1.1" 200 27
101.83.241.237 - - [04/Feb/2022:10:43:02 +0800] "POST /xingrg/dwr/call/plaincall/AjaxQqpsService.saveMaterielItem.dwr HTTP/1.1" 200 78
180.152.99.73 - - [04/Feb/2022:10:43:06 +0800] "GET /xingrg/check_reg.html?_=1643942583571 HTTP/1.1" 302 -
101.83.241.237 - - [04/Feb/2022:10:43:08 +0800] "POST /xingrg/dwr/call/plaincall/AjaxQqpsService.getMaterielByCode.dwr HTTP/1.1" 200 2823
180.162.112.109 - - [04/Feb/2022:10:43:11 +0800] "GET /xingrg/check_reg.html?_=1643941978661 HTTP/1.1" 200 22
180.162.112.109 - - [04/Feb/2022:10:43:11 +0800] "GET /xingrg/all/function/internal_message.html?_=1643941978663&CODE_STATE=getMsg HTTP/1.1" 200 27
101.83.241.237 - - [04/Feb/2022:10:43:12 +0800] "POST /xingrg/dwr/call/plaincall/AjaxQqpsService.saveMaterielItem.dwr HTTP/1.1" 200 78
61.151.207.141 - - [04/Feb/2022:10:43:13 +0800] "GET /xingrg/check_reg.html?_=1643942396196 HTTP/1.1" 302 -
61.151.207.141 - - [04/Feb/2022:10:43:14 +0800] "GET /xingrg/login.html HTTP/1.1" 200 7641
180.157.251.97 - - [04/Feb/2022:10:43:19 +0800] "GET /xingrg/all/function/internal_message.html?_=1643942596993&CODE_STATE=getMsg HTTP/1.1" 200 27
58.39.168.32 - - [04/Feb/2022:10:43:27 +0800] "GET /xingrg/all/function/internal_message.html?_=1643942604328&CODE_STATE=getMsg HTTP/1.1" 200 27
222.70.243.96 - - [04/Feb/2022:10:43:29 +0800] "GET /xingrg/all/function/internal_message.html?_=1643942624893&CODE_STATE=getMsg HTTP/1.1" 200 27
222.70.243.96 - - [04/Feb/2022:10:43:31 +0800] "GET /xingrg/all/function/internal_message.html?_=1643942625189&CODE_STATE=getMsg HTTP/1.1" 302 -
101.85.120.86 - - [04/Feb/2022:10:43:32 +0800] "GET /xingrg/all/function/internal_message.html?_=1643942609149&CODE_STATE=getMsg HTTP/1.1" 200 27
180.152.99.39 - - [04/Feb/2022:10:43:35 +0800] "GET /xingrg/all/function/internal_message.html?_=1643942534165&CODE_STATE=getMsg HTTP/1.1" 200 27
116.239.131.195 - - [04/Feb/2022:10:43:45 +0800] "GET /xingrg/all/function/internal_message.html?_=1643942645079&CODE_STATE=getMsg HTTP/1.1" 200 27
101.83.241.237 - - [04/Feb/2022:10:43:56 +0800] "GET /xingrg/all/function/internal_message.html?_=1643942631161&CODE_STATE=getMsg HTTP/1.1" 200 27
180.162.112.109 - - [04/Feb/2022:10:43:57 +0800] "POST /xingrg/kc/buy/cgsh_order_operate.html HTTP/1.1" 200 37
180.162.112.109 - - [04/Feb/2022:10:43:59 +0800] "POST /xingrg/kc/buy/cgsh_order_operate.html HTTP/1.1" 200 10424
101.89.239.238 - - [04/Feb/2022:10:44:00 +0800] "GET /xingrg/all/function/internal_message.html?_=1643942516197&CODE_STATE=getMsg HTTP/1.1" 302 -
101.89.239.238 - - [04/Feb/2022:10:44:00 +0800] "GET /xingrg/login.html HTTP/1.1" 200 7641
124.78.153.118 - - [04/Feb/2022:10:44:00 +0800] "GET /xingrg/all/function/internal_message.html?_=1643942636195&CODE_STATE=getMsg HTTP/1.1" 200 27
180.162.112.109 - - [04/Feb/2022:10:44:11 +0800] "GET /xingrg/all/function/internal_message.html?_=1643942038693&CODE_STATE=getMsg HTTP/1.1" 200 27
222.70.243.96 - - [04/Feb/2022:10:44:12 +0800] "GET /xingrg/check_reg.html?_=1643942665673 HTTP/1.1" 302 -
180.157.251.97 - - [04/Feb/2022:10:44:19 +0800] "GET /xingrg/all/function/internal_message.html?_=1643942656991&CODE_STATE=getMsg HTTP/1.1" 200 27
58.39.168.32 - - [04/Feb/2022:10:44:27 +0800] "GET /xingrg/all/function/internal_message.html?_=1643942664328&CODE_STATE=getMsg HTTP/1.1" 200 27
222.70.243.96 - - [04/Feb/2022:10:44:29 +0800] "GET /xingrg/all/function/internal_message.html?_=1643942685166&CODE_STATE=getMsg HTTP/1.1" 200 27
222.70.243.96 - - [04/Feb/2022:10:44:31 +0800] "GET /xingrg/all/function/internal_message.html?_=1643942685200&CODE_STATE=getMsg HTTP/1.1" 302 -
101.85.120.86 - - [04/Feb/2022:10:44:32 +0800] "GET /xingrg/all/function/internal_message.html?_=1643942669150&CODE_STATE=getMsg HTTP/1.1" 200 27
101.85.120.86 - - [04/Feb/2022:10:44:32 +0800] "GET /xingrg/check_reg.html?_=1643942669153 HTTP/1.1" 200 22
180.152.99.39 - - [04/Feb/2022:10:44:35 +0800] "GET /xingrg/all/function/internal_message.html?_=1643942594222&CODE_STATE=getMsg HTTP/1.1" 200 27
116.239.131.195 - - [04/Feb/2022:10:44:45 +0800] "GET /xingrg/all/function/internal_message.html?_=1643942705094&CODE_STATE=getMsg HTTP/1.1" 200 27
101.83.241.237 - - [04/Feb/2022:10:44:56 +0800] "GET /xingrg/all/function/internal_message.html?_=1643942691157&CODE_STATE=getMsg HTTP/1.1" 200 27
124.78.153.118 - - [04/Feb/2022:10:45:00 +0800] "GET /xingrg/all/function/internal_message.html?_=1643942696197&CODE_STATE=getMsg HTTP/1.1" 200 27
124.78.153.118 - - [04/Feb/2022:10:45:00 +0800] "GET /xingrg/check_reg.html?_=1643942696199 HTTP/1.1" 200 22
180.162.112.109 - - [04/Feb/2022:10:45:11 +0800] "GET /xingrg/all/function/internal_message.html?_=1643942098683&CODE_STATE=getMsg HTTP/1.1" 200 27
101.91.60.11 - - [04/Feb/2022:10:45:13 +0800] "GET /xingrg/all/function/internal_message.html?_=1643942636195&CODE_STATE=getMsg HTTP/1.1" 302 -
101.91.60.11 - - [04/Feb/2022:10:45:15 +0800] "GET /xingrg/login.html HTTP/1.1" 200 7641
180.157.251.97 - - [04/Feb/2022:10:45:19 +0800] "GET /xingrg/all/function/internal_message.html?_=1643942716989&CODE_STATE=getMsg HTTP/1.1" 200 27
180.157.251.97 - - [04/Feb/2022:10:45:19 +0800] "GET /xingrg/check_reg.html?_=1643942716990 HTTP/1.1" 200 22
222.70.243.96 - - [04/Feb/2022:10:45:24 +0800] "GET /xingrg/check_reg.html?_=1643942740195 HTTP/1.1" 200 22
58.39.168.32 - - [04/Feb/2022:10:45:27 +0800] "GET /xingrg/all/function/internal_message.html?_=1643942724329&CODE_STATE=getMsg HTTP/1.1" 200 27
222.70.243.96 - - [04/Feb/2022:10:45:29 +0800] "GET /xingrg/all/function/internal_message.html?_=1643942745169&CODE_STATE=getMsg HTTP/1.1" 200 27
222.70.243.96 - - [04/Feb/2022:10:45:31 +0800] "GET /xingrg/all/function/internal_message.html?_=1643942745246&CODE_STATE=getMsg HTTP/1.1" 302 -
101.85.120.86 - - [04/Feb/2022:10:45:32 +0800] "GET /xingrg/all/function/internal_message.html?_=1643942729153&CODE_STATE=getMsg HTTP/1.1" 200 27
180.152.99.39 - - [04/Feb/2022:10:45:35 +0800] "GET /xingrg/all/function/internal_message.html?_=1643942654224&CODE_STATE=getMsg HTTP/1.1" 200 27
116.239.131.195 - - [04/Feb/2022:10:45:45 +0800] "GET /xingrg/all/function/internal_message.html?_=1643942765195&CODE_STATE=getMsg HTTP/1.1" 200 27
101.83.241.237 - - [04/Feb/2022:10:45:56 +0800] "GET /xingrg/all/function/internal_message.html?_=1643942751154&CODE_STATE=getMsg HTTP/1.1" 200 27
124.78.153.118 - - [04/Feb/2022:10:46:00 +0800] "GET /xingrg/all/function/internal_message.html?_=1643942756197&CODE_STATE=getMsg HTTP/1.1" 200 27
61.151.178.180 - - [04/Feb/2022:10:46:01 +0800] "GET /xingrg/all/function/internal_message.html?_=1643942696197&CODE_STATE=getMsg HTTP/1.1" 302 -
61.151.178.180 - - [04/Feb/2022:10:46:02 +0800] "GET /xingrg/login.html HTTP/1.1" 200 7641
180.162.112.109 - - [04/Feb/2022:10:46:11 +0800] "GET /xingrg/all/function/internal_message.html?_=1643942158684&CODE_STATE=getMsg HTTP/1.1" 200 27
180.157.251.97 - - [04/Feb/2022:10:46:19 +0800] "GET /xingrg/all/function/internal_message.html?_=1643942776988&CODE_STATE=getMsg HTTP/1.1" 200 27
58.39.168.32 - - [04/Feb/2022:10:46:27 +0800] "GET /xingrg/check_reg.html?_=1643942784317 HTTP/1.1" 200 22
58.39.168.32 - - [04/Feb/2022:10:46:27 +0800] "GET /xingrg/all/function/internal_message.html?_=1643942784320&CODE_STATE=getMsg HTTP/1.1" 200 27
222.70.243.96 - - [04/Feb/2022:10:46:29 +0800] "GET /xingrg/all/function/internal_message.html?_=1643942805184&CODE_STATE=getMsg HTTP/1.1" 200 27
222.70.243.96 - - [04/Feb/2022:10:46:31 +0800] "GET /xingrg/all/function/internal_message.html?_=1643942805258&CODE_STATE=getMsg HTTP/1.1" 302 -
101.85.120.86 - - [04/Feb/2022:10:46:32 +0800] "GET /xingrg/all/function/internal_message.html?_=1643942789153&CODE_STATE=getMsg HTTP/1.1" 200 27
180.152.99.39 - - [04/Feb/2022:10:46:35 +0800] "GET /xingrg/all/function/internal_message.html?_=1643942714281&CODE_STATE=getMsg HTTP/1.1" 200 27
116.239.131.195 - - [04/Feb/2022:10:46:45 +0800] "GET /xingrg/all/function/internal_message.html?_=1643942825199&CODE_STATE=getMsg HTTP/1.1" 200 27
180.152.99.39 - - [04/Feb/2022:10:46:50 +0800] "GET /xingrg/check_reg.html?_=1643942728761 HTTP/1.1" 200 22
101.83.241.237 - - [04/Feb/2022:10:46:56 +0800] "GET /xingrg/check_reg.html?_=1643942811154 HTTP/1.1" 200 22
101.83.241.237 - - [04/Feb/2022:10:46:56 +0800] "GET /xingrg/all/function/internal_message.html?_=1643942811155&CODE_STATE=getMsg HTTP/1.1" 200 27
124.78.153.118 - - [04/Feb/2022:10:47:00 +0800] "GET /xingrg/all/function/internal_message.html?_=1643942816197&CODE_STATE=getMsg HTTP/1.1" 200 27
101.91.62.89 - - [04/Feb/2022:10:47:06 +0800] "GET /xingrg/all/function/internal_message.html?_=1643942756197&CODE_STATE=getMsg HTTP/1.1" 302 -
101.91.62.89 - - [04/Feb/2022:10:47:07 +0800] "GET /xingrg/login.html HTTP/1.1" 200 7641
180.162.112.109 - - [04/Feb/2022:10:47:11 +0800] "GET /xingrg/all/function/internal_message.html?_=1643942218683&CODE_STATE=getMsg HTTP/1.1" 200 27
180.157.251.97 - - [04/Feb/2022:10:47:19 +0800] "GET /xingrg/all/function/internal_message.html?_=1643942837003&CODE_STATE=getMsg HTTP/1.1" 200 27
58.39.168.32 - - [04/Feb/2022:10:47:27 +0800] "GET /xingrg/all/function/internal_message.html?_=1643942844345&CODE_STATE=getMsg HTTP/1.1" 200 27
222.70.243.96 - - [04/Feb/2022:10:47:30 +0800] "GET /xingrg/all/function/internal_message.html?_=1643942865444&CODE_STATE=getMsg HTTP/1.1" 200 27
222.70.243.96 - - [04/Feb/2022:10:47:32 +0800] "GET /xingrg/all/function/internal_message.html?_=1643942865304&CODE_STATE=getMsg HTTP/1.1" 302 -
101.85.120.86 - - [04/Feb/2022:10:47:32 +0800] "GET /xingrg/all/function/internal_message.html?_=1643942849154&CODE_STATE=getMsg HTTP/1.1" 200 27
180.152.99.39 - - [04/Feb/2022:10:47:35 +0800] "GET /xingrg/all/function/internal_message.html?_=1643942774298&CODE_STATE=getMsg HTTP/1.1" 200 27
101.80.226.190 - - [04/Feb/2022:10:47:40 +0800] "POST /xingrg/services/DataTransmitService HTTP/1.1" 200 524
101.80.226.190 - - [04/Feb/2022:10:47:40 +0800] "POST /xingrg/services/DataTransmitService HTTP/1.1" 200 501
116.239.131.195 - - [04/Feb/2022:10:47:44 +0800] "GET /xingrg/check_reg.html?_=1643942883837 HTTP/1.1" 200 22
116.239.131.195 - - [04/Feb/2022:10:47:45 +0800] "GET /xingrg/all/function/internal_message.html?_=1643942885211&CODE_STATE=getMsg HTTP/1.1" 200 27
101.83.241.237 - - [04/Feb/2022:10:47:56 +0800] "GET /xingrg/all/function/internal_message.html?_=1643942871164&CODE_STATE=getMsg HTTP/1.1" 200 27
124.78.153.118 - - [04/Feb/2022:10:48:00 +0800] "GET /xingrg/all/function/internal_message.html?_=1643942876195&CODE_STATE=getMsg HTTP/1.1" 200 27
180.152.99.73 - - [04/Feb/2022:10:48:05 +0800] "GET /xingrg/check_reg.html?_=1643942883544 HTTP/1.1" 302 -
180.162.112.109 - - [04/Feb/2022:10:48:11 +0800] "GET /xingrg/check_reg.html?_=1643942278685 HTTP/1.1" 200 22
180.162.112.109 - - [04/Feb/2022:10:48:11 +0800] "GET /xingrg/all/function/internal_message.html?_=1643942278682&CODE_STATE=getMsg HTTP/1.1" 200 27
180.157.251.97 - - [04/Feb/2022:10:48:19 +0800] "GET /xingrg/all/function/internal_message.html?_=1643942897002&CODE_STATE=getMsg HTTP/1.1" 200 27
58.39.168.32 - - [04/Feb/2022:10:48:27 +0800] "GET /xingrg/all/function/internal_message.html?_=1643942904344&CODE_STATE=getMsg HTTP/1.1" 200 27
222.70.243.96 - - [04/Feb/2022:10:48:30 +0800] "GET /xingrg/all/function/internal_message.html?_=1643942925445&CODE_STATE=getMsg HTTP/1.1" 200 27
222.70.243.96 - - [04/Feb/2022:10:48:32 +0800] "GET /xingrg/all/function/internal_message.html?_=1643942925317&CODE_STATE=getMsg HTTP/1.1" 302 -
101.85.120.86 - - [04/Feb/2022:10:48:32 +0800] "GET /xingrg/all/function/internal_message.html?_=1643942909154&CODE_STATE=getMsg HTTP/1.1" 200 27
180.152.99.39 - - [04/Feb/2022:10:48:35 +0800] "GET /xingrg/all/function/internal_message.html?_=1643942834311&CODE_STATE=getMsg HTTP/1.1" 200 27
116.239.131.195 - - [04/Feb/2022:10:48:45 +0800] "GET /xingrg/all/function/internal_message.html?_=1643942945225&CODE_STATE=getMsg HTTP/1.1" 200 27
101.83.241.237 - - [04/Feb/2022:10:48:56 +0800] "GET /xingrg/all/function/internal_message.html?_=1643942931167&CODE_STATE=getMsg HTTP/1.1" 200 27
124.78.153.118 - - [04/Feb/2022:10:49:00 +0800] "GET /xingrg/all/function/internal_message.html?_=1643942936204&CODE_STATE=getMsg HTTP/1.1" 200 27
180.162.112.109 - - [04/Feb/2022:10:49:11 +0800] "GET /xingrg/all/function/internal_message.html?_=1643942338684&CODE_STATE=getMsg HTTP/1.1" 200 27
222.70.243.96 - - [04/Feb/2022:10:49:12 +0800] "GET /xingrg/check_reg.html?_=1643942965710 HTTP/1.1" 302 -
180.157.251.97 - - [04/Feb/2022:10:49:19 +0800] "GET /xingrg/all/function/internal_message.html?_=1643942956987&CODE_STATE=getMsg HTTP/1.1" 200 27
58.39.168.32 - - [04/Feb/2022:10:49:27 +0800] "GET /xingrg/all/function/internal_message.html?_=1643942964344&CODE_STATE=getMsg HTTP/1.1" 200 27
222.70.243.96 - - [04/Feb/2022:10:49:30 +0800] "GET /xingrg/all/function/internal_message.html?_=1643942985722&CODE_STATE=getMsg HTTP/1.1" 200 27
222.70.243.96 - - [04/Feb/2022:10:49:32 +0800] "GET /xingrg/all/function/internal_message.html?_=1643942985359&CODE_STATE=getMsg HTTP/1.1" 302 -
101.85.120.86 - - [04/Feb/2022:10:49:32 +0800] "GET /xingrg/check_reg.html?_=1643942969155 HTTP/1.1" 200 22
101.85.120.86 - - [04/Feb/2022:10:49:32 +0800] "GET /xingrg/all/function/internal_message.html?_=1643942969158&CODE_STATE=getMsg HTTP/1.1" 200 27
180.152.99.39 - - [04/Feb/2022:10:49:35 +0800] "GET /xingrg/all/function/internal_message.html?_=1643942894368&CODE_STATE=getMsg HTTP/1.1" 200 27
116.239.131.195 - - [04/Feb/2022:10:49:45 +0800] "GET /xingrg/all/function/internal_message.html?_=1643943005239&CODE_STATE=getMsg HTTP/1.1" 200 27
101.83.241.237 - - [04/Feb/2022:10:49:56 +0800] "GET /xingrg/all/function/internal_message.html?_=1643942991168&CODE_STATE=getMsg HTTP/1.1" 200 27
124.78.153.118 - - [04/Feb/2022:10:50:00 +0800] "GET /xingrg/check_reg.html?_=1643942996204 HTTP/1.1" 200 22
124.78.153.118 - - [04/Feb/2022:10:50:00 +0800] "GET /xingrg/all/function/internal_message.html?_=1643942996207&CODE_STATE=getMsg HTTP/1.1" 200 27
180.162.112.109 - - [04/Feb/2022:10:50:11 +0800] "GET /xingrg/all/function/internal_message.html?_=1643942398684&CODE_STATE=getMsg HTTP/1.1" 200 27
101.91.60.11 - - [04/Feb/2022:10:50:17 +0800] "GET /xingrg/all/function/internal_message.html?_=1643941976192&CODE_STATE=getMsg HTTP/1.1" 302 -
101.91.60.11 - - [04/Feb/2022:10:50:18 +0800] "GET /xingrg/login.html HTTP/1.1" 200 7641
180.157.251.97 - - [04/Feb/2022:10:50:19 +0800] "GET /xingrg/all/function/internal_message.html?_=1643943017003&CODE_STATE=getMsg HTTP/1.1" 200 27
180.157.251.97 - - [04/Feb/2022:10:50:19 +0800] "GET /xingrg/check_reg.html?_=1643943017004 HTTP/1.1" 200 22
222.70.243.96 - - [04/Feb/2022:10:50:24 +0800] "GET /xingrg/check_reg.html?_=1643943040206 HTTP/1.1" 200 22
58.39.168.32 - - [04/Feb/2022:10:50:27 +0800] "GET /xingrg/all/function/internal_message.html?_=1643943024342&CODE_STATE=getMsg HTTP/1.1" 200 27
222.70.243.96 - - [04/Feb/2022:10:50:30 +0800] "GET /xingrg/all/function/internal_message.html?_=1643943045737&CODE_STATE=getMsg HTTP/1.1" 200 27
222.70.243.96 - - [04/Feb/2022:10:50:32 +0800] "GET /xingrg/all/function/internal_message.html?_=1643943045360&CODE_STATE=getMsg HTTP/1.1" 302 -
101.85.120.86 - - [04/Feb/2022:10:50:32 +0800] "GET /xingrg/all/function/internal_message.html?_=1643943029183&CODE_STATE=getMsg HTTP/1.1" 200 27
180.152.99.39 - - [04/Feb/2022:10:50:35 +0800] "GET /xingrg/all/function/internal_message.html?_=1643942954371&CODE_STATE=getMsg HTTP/1.1" 200 27
116.239.131.195 - - [04/Feb/2022:10:50:45 +0800] "GET /xingrg/all/function/internal_message.html?_=1643943065252&CODE_STATE=getMsg HTTP/1.1" 200 27
116.239.131.195 - - [04/Feb/2022:10:50:49 +0800] "GET /xingrg/kc/mdqp/pssh_order_list.html HTTP/1.1" 200 17779
116.239.131.195 - - [04/Feb/2022:10:50:49 +0800] "POST /xingrg/kc/mdqp/pssh_list_operate.html HTTP/1.1" 200 5492
116.239.131.195 - - [04/Feb/2022:10:50:53 +0800] "POST /xingrg/kc/mdqp/pssh_list_operate.html HTTP/1.1" 200 806
116.239.131.195 - - [04/Feb/2022:10:50:54 +0800] "GET /xingrg/kc/mdqp/pssh_order_info.html?code=312022012500856 HTTP/1.1" 200 14386
116.239.131.195 - - [04/Feb/2022:10:50:54 +0800] "GET /xingrg/javascript/jquery_tools/jquery-1.4.2.min.js HTTP/1.1" 404 1094
116.239.131.195 - - [04/Feb/2022:10:50:55 +0800] "GET /xingrg/javascript/easyui/themes/icons/uncheck_new.png HTTP/1.1" 304 -
116.239.131.195 - - [04/Feb/2022:10:50:55 +0800] "GET /xingrg/javascript/easyui/themes/icons/back_new.png HTTP/1.1" 304 -
116.239.131.195 - - [04/Feb/2022:10:50:55 +0800] "POST /xingrg/kc/mdqp/pssh_order_operate.html HTTP/1.1" 200 8978
116.239.131.195 - - [04/Feb/2022:10:50:56 +0800] "GET /xingrg/javascript/easyui/themes/default/validatebox.css HTTP/1.1" 404 1104
101.83.241.237 - - [04/Feb/2022:10:50:56 +0800] "GET /xingrg/all/function/internal_message.html?_=1643943051176&CODE_STATE=getMsg HTTP/1.1" 200 27
124.78.153.118 - - [04/Feb/2022:10:51:00 +0800] "GET /xingrg/all/function/internal_message.html?_=1643943056191&CODE_STATE=getMsg HTTP/1.1" 200 27
61.151.178.217 - - [04/Feb/2022:10:51:01 +0800] "GET /xingrg/check_reg.html?_=1643942996204 HTTP/1.1" 302 -
61.151.178.217 - - [04/Feb/2022:10:51:03 +0800] "GET /xingrg/login.html HTTP/1.1" 200 7641
180.162.112.109 - - [04/Feb/2022:10:51:11 +0800] "GET /xingrg/all/function/internal_message.html?_=1643942458685&CODE_STATE=getMsg HTTP/1.1" 200 27
180.157.251.97 - - [04/Feb/2022:10:51:19 +0800] "GET /xingrg/all/function/internal_message.html?_=1643943076989&CODE_STATE=getMsg HTTP/1.1" 200 27
116.239.131.195 - - [04/Feb/2022:10:51:25 +0800] "POST /xingrg/kc/mdqp/pssh_list_operate.html HTTP/1.1" 200 814
58.39.168.32 - - [04/Feb/2022:10:51:27 +0800] "GET /xingrg/check_reg.html?_=1643943084358 HTTP/1.1" 200 22
58.39.168.32 - - [04/Feb/2022:10:51:27 +0800] "GET /xingrg/all/function/internal_message.html?_=1643943084362&CODE_STATE=getMsg HTTP/1.1" 200 27
222.70.243.96 - - [04/Feb/2022:10:51:30 +0800] "GET /xingrg/all/function/internal_message.html?_=1643943105751&CODE_STATE=getMsg HTTP/1.1" 200 27
116.239.131.195 - - [04/Feb/2022:10:51:30 +0800] "POST /xingrg/kc/mdqp/pssh_list_operate.html HTTP/1.1" 200 5492
222.70.243.96 - - [04/Feb/2022:10:51:32 +0800] "GET /xingrg/all/function/internal_message.html?_=1643943105406&CODE_STATE=getMsg HTTP/1.1" 302 -
101.85.120.86 - - [04/Feb/2022:10:51:32 +0800] "GET /xingrg/all/function/internal_message.html?_=1643943089183&CODE_STATE=getMsg HTTP/1.1" 200 27
180.152.99.39 - - [04/Feb/2022:10:51:35 +0800] "GET /xingrg/all/function/internal_message.html?_=1643943014427&CODE_STATE=getMsg HTTP/1.1" 200 27
124.78.153.118 - - [04/Feb/2022:10:51:36 +0800] "GET /xingrg/login.html?r=1 HTTP/1.1" 200 7641
124.78.153.118 - - [04/Feb/2022:10:51:36 +0800] "GET /favicon.ico HTTP/1.1" 404 -
101.91.62.89 - - [04/Feb/2022:10:51:38 +0800] "GET /xingrg/all/function/internal_message.html?_=1643942876195&CODE_STATE=getMsg HTTP/1.1" 302 -
101.91.62.89 - - [04/Feb/2022:10:51:40 +0800] "GET /xingrg/login.html HTTP/1.1" 200 7641
116.239.131.195 - - [04/Feb/2022:10:51:46 +0800] "GET /xingrg/all/function/internal_message.html?_=1643943125364&CODE_STATE=getMsg HTTP/1.1" 200 27
116.239.131.195 - - [04/Feb/2022:10:51:46 +0800] "POST /xingrg/kc/mdqp/pssh_list_operate.html HTTP/1.1" 200 5613
124.78.153.118 - - [04/Feb/2022:10:51:48 +0800] "POST /xingrg/login.do HTTP/1.1" 302 -
101.83.241.237 - - [04/Feb/2022:10:51:48 +0800] "POST /xingrg/dwr/call/plaincall/AjaxQqpsService.getMaterielByCode.dwr HTTP/1.1" 200 2822
124.78.153.118 - - [04/Feb/2022:10:51:48 +0800] "GET /xingrg/index.html?sysBaseUrl=http%3A%2F%2F180.169.147.146%3A18081%2Fxingrg%2F&costTime=40×tamp=1643943108517 HTTP/1.1" 200 17173
124.78.153.118 - - [04/Feb/2022:10:51:48 +0800] "GET /favicon.ico HTTP/1.1" 404 -
124.78.153.118 - - [04/Feb/2022:10:51:48 +0800] "POST /xingrg/all/common/load_tree.html?tree=area_rest_tree_json&manage=1 HTTP/1.1" 200 342
124.78.153.118 - - [04/Feb/2022:10:51:48 +0800] "GET /xingrg/check_reg.html?_=1643943107409 HTTP/1.1" 200 22
124.78.153.118 - - [04/Feb/2022:10:51:48 +0800] "GET /xingrg/all/function/internal_message.html?_=1643943107408&CODE_STATE=count HTTP/1.1" 200 11
124.78.153.118 - - [04/Feb/2022:10:51:48 +0800] "POST /xingrg/load_menu.html HTTP/1.1" 200 5138
180.152.99.39 - - [04/Feb/2022:10:51:50 +0800] "GET /xingrg/check_reg.html?_=1643943028769 HTTP/1.1" 200 22
124.78.153.118 - - [04/Feb/2022:10:51:50 +0800] "GET /xingrg/kc/base/base_main.html HTTP/1.1" 200 12142
124.78.153.118 - - [04/Feb/2022:10:51:51 +0800] "GET /xingrg/kc/base/wldb_order_list.html HTTP/1.1" 200 19098
124.78.153.118 - - [04/Feb/2022:10:51:51 +0800] "POST /xingrg/kc/base/wldb_list_operate.html HTTP/1.1" 200 928
101.83.241.237 - - [04/Feb/2022:10:51:52 +0800] "POST /xingrg/dwr/call/plaincall/AjaxQqpsService.saveMaterielItem.dwr HTTP/1.1" 200 78
124.78.153.118 - - [04/Feb/2022:10:51:53 +0800] "GET /xingrg/kc/base/wldb_order_add.html HTTP/1.1" 200 30316
124.78.153.118 - - [04/Feb/2022:10:51:54 +0800] "GET /xingrg/words/20220128115405_words.js HTTP/1.1" 304 -
124.78.153.118 - - [04/Feb/2022:10:51:54 +0800] "POST /xingrg/kc/base/wldb_order_operate.html HTTP/1.1" 200 6806
124.78.153.118 - - [04/Feb/2022:10:51:54 +0800] "GET /xingrg/all/common/auto_word.html?type=base&rest_code=00106 HTTP/1.1" 200 1849
124.78.153.118 - - [04/Feb/2022:10:51:54 +0800] "GET /xingrg/all/common/auto_word.html?type=base&rest_code=00106 HTTP/1.1" 200 1849
124.78.153.118 - - [04/Feb/2022:10:51:54 +0800] "GET /xingrg/javascript/easyui/themes/default/validatebox.css HTTP/1.1" 404 1104
101.83.241.237 - - [04/Feb/2022:10:51:55 +0800] "POST /xingrg/dwr/call/plaincall/AjaxQqpsService.checkOrder.dwr HTTP/1.1" 200 78
101.83.241.237 - - [04/Feb/2022:10:51:56 +0800] "GET /xingrg/kc/mdqp/qqps_order_info.html?code=302022020400010 HTTP/1.1" 200 26801
101.83.241.237 - - [04/Feb/2022:10:51:56 +0800] "GET /xingrg/dwr/interface/AjaxQqpsService.js HTTP/1.1" 200 16326
101.83.241.237 - - [04/Feb/2022:10:51:56 +0800] "GET /xingrg/dwr/interface/AjaxComOrderService.js HTTP/1.1" 200 18264
101.83.241.237 - - [04/Feb/2022:10:51:56 +0800] "GET /xingrg/dwr/engine.js HTTP/1.1" 200 43631
101.83.241.237 - - [04/Feb/2022:10:51:57 +0800] "GET /xingrg/check_reg.html?_=1643943111546 HTTP/1.1" 200 22
101.83.241.237 - - [04/Feb/2022:10:51:57 +0800] "GET /xingrg/all/function/internal_message.html?_=1643943111548&CODE_STATE=getMsg HTTP/1.1" 200 27
101.83.241.237 - - [04/Feb/2022:10:51:57 +0800] "POST /xingrg/dwr/call/plaincall/AjaxQqpsService.loadMaterielItems.dwr HTTP/1.1" 200 1026
101.83.241.237 - - [04/Feb/2022:10:51:58 +0800] "GET /xingrg/images/yd/bt.gif HTTP/1.1" 404 1040
101.83.241.237 - - [04/Feb/2022:10:51:58 +0800] "GET /xingrg/images/yd/bt2.gif HTTP/1.1" 404 1042
101.83.241.237 - - [04/Feb/2022:10:51:59 +0800] "GET /xingrg/kc/mdqp/qqps_order_list.html?isBack=1 HTTP/1.1" 200 9677
101.83.241.237 - - [04/Feb/2022:10:51:59 +0800] "GET /xingrg/dwr/interface/AjaxQqpsService.js HTTP/1.1" 200 16326
101.83.241.237 - - [04/Feb/2022:10:51:59 +0800] "GET /xingrg/dwr/interface/AjaxReportQueryService.js HTTP/1.1" 200 13203
101.83.241.237 - - [04/Feb/2022:10:51:59 +0800] "GET /xingrg/dwr/engine.js HTTP/1.1" 200 43631
124.78.153.118 - - [04/Feb/2022:10:52:00 +0800] "GET /xingrg/all/function/internal_message.html?_=1643943116208&CODE_STATE=getMsg HTTP/1.1" 302 -
124.78.153.118 - - [04/Feb/2022:10:52:03 +0800] "POST /xingrg/all/common/load_combo.html?type=base HTTP/1.1" 200 3315
101.83.241.237 - - [04/Feb/2022:10:52:06 +0800] "GET /xingrg/kc/mdqp/qqps_order_info.html?code=302022020400010 HTTP/1.1" 200 26801
101.83.241.237 - - [04/Feb/2022:10:52:07 +0800] "GET /xingrg/dwr/interface/AjaxComOrderService.js HTTP/1.1" 200 18264
101.83.241.237 - - [04/Feb/2022:10:52:07 +0800] "GET /xingrg/dwr/interface/AjaxQqpsService.js HTTP/1.1" 200 16326
101.83.241.237 - - [04/Feb/2022:10:52:07 +0800] "GET /xingrg/dwr/engine.js HTTP/1.1" 200 43631
101.83.241.237 - - [04/Feb/2022:10:52:07 +0800] "POST /xingrg/dwr/call/plaincall/AjaxQqpsService.loadMaterielItems.dwr HTTP/1.1" 200 1026
124.78.153.118 - - [04/Feb/2022:10:52:08 +0800] "POST /xingrg/all/common/load_combo.html?type=base HTTP/1.1" 200 3315
101.83.241.237 - - [04/Feb/2022:10:52:09 +0800] "POST /xingrg/dwr/call/plaincall/AjaxQqpsService.uncheckOrder.dwr HTTP/1.1" 200 78
101.83.241.237 - - [04/Feb/2022:10:52:10 +0800] "GET /xingrg/css/blue.css HTTP/1.1" 304 -
101.83.241.237 - - [04/Feb/2022:10:52:10 +0800] "GET /xingrg/javascript/jquery_easy_ui/themes/icon.css HTTP/1.1" 304 -
101.83.241.237 - - [04/Feb/2022:10:52:10 +0800] "GET /xingrg/kc/mdqp/qqps_order_info.html?code=302022020400010 HTTP/1.1" 200 28560
101.83.241.237 - - [04/Feb/2022:10:52:10 +0800] "GET /xingrg/javascript/jquery.utils.js HTTP/1.1" 304 -
101.83.241.237 - - [04/Feb/2022:10:52:10 +0800] "GET /xingrg/javascript/jquery-1.4.2.min.js HTTP/1.1" 304 -
101.83.241.237 - - [04/Feb/2022:10:52:10 +0800] "GET /xingrg/javascript/auto/jquery.autocomplete.css HTTP/1.1" 304 -
101.83.241.237 - - [04/Feb/2022:10:52:10 +0800] "GET /xingrg/javascript/jquery_easy_ui/jquery.easyui.min.js HTTP/1.1" 304 -
101.83.241.237 - - [04/Feb/2022:10:52:10 +0800] "GET /xingrg/javascript/pic_change.js HTTP/1.1" 304 -
101.83.241.237 - - [04/Feb/2022:10:52:10 +0800] "GET /xingrg/javascript/jquery_easy_ui/easyui-lang-zh_CN.js HTTP/1.1" 304 -
101.83.241.237 - - [04/Feb/2022:10:52:10 +0800] "GET /xingrg/javascript/auto/jquery.autocomplete.js HTTP/1.1" 304 -
101.83.241.237 - - [04/Feb/2022:10:52:10 +0800] "GET /xingrg/javascript/tools/jquery.qtip-1.0.0-rc3.min.js HTTP/1.1" 304 -
101.83.241.237 - - [04/Feb/2022:10:52:10 +0800] "GET /xingrg/dwr/util.js HTTP/1.1" 304 -
101.83.241.237 - - [04/Feb/2022:10:52:10 +0800] "GET /xingrg/javascript/Calendar.js HTTP/1.1" 304 -
101.83.241.237 - - [04/Feb/2022:10:52:10 +0800] "GET /xingrg/javascript/myfunction.js HTTP/1.1" 304 -
101.83.241.237 - - [04/Feb/2022:10:52:10 +0800] "GET /xingrg/javascript/AjaxInfoList.js HTTP/1.1" 304 -
101.83.241.237 - - [04/Feb/2022:10:52:10 +0800] "GET /xingrg/javascript/Grid.js HTTP/1.1" 304 -
101.83.241.237 - - [04/Feb/2022:10:52:10 +0800] "GET /xingrg/javascript/ToolTips.js HTTP/1.1" 304 -
101.83.241.237 - - [04/Feb/2022:10:52:10 +0800] "GET /xingrg/dwr/interface/AjaxQqpsService.js HTTP/1.1" 200 16326
101.83.241.237 - - [04/Feb/2022:10:52:10 +0800] "GET /xingrg/javascript/jquery_easy_ui/themes/icon.css HTTP/1.1" 304 -
101.83.241.237 - - [04/Feb/2022:10:52:10 +0800] "GET /xingrg/javascript/jquery_easy_ui/themes/default/easyui.css HTTP/1.1" 304 -
101.83.241.237 - - [04/Feb/2022:10:52:10 +0800] "GET /xingrg/javascript/print/kc_print.js HTTP/1.1" 304 -
101.83.241.237 - - [04/Feb/2022:10:52:10 +0800] "GET /xingrg/javascript/print/LodopFuncs.js HTTP/1.1" 304 -
101.83.241.237 - - [04/Feb/2022:10:52:10 +0800] "GET /xingrg/dwr/interface/AjaxComOrderService.js HTTP/1.1" 200 18264
101.83.241.237 - - [04/Feb/2022:10:52:10 +0800] "GET /xingrg/dwr/engine.js HTTP/1.1" 200 43631
101.83.241.237 - - [04/Feb/2022:10:52:10 +0800] "GET /xingrg/words/20220128115405_words.js HTTP/1.1" 304 -
101.83.241.237 - - [04/Feb/2022:10:52:10 +0800] "GET /xingrg/images/blue/button/kc_tab_add.gif HTTP/1.1" 304 -
101.83.241.237 - - [04/Feb/2022:10:52:10 +0800] "GET /xingrg/images/blue/button/kc_tab_edit.gif HTTP/1.1" 304 -
101.83.241.237 - - [04/Feb/2022:10:52:10 +0800] "GET /xingrg/images/blue/button/kc_tab_save.gif HTTP/1.1" 304 -
101.83.241.237 - - [04/Feb/2022:10:52:10 +0800] "GET /xingrg/images/blue/button/kc_tab_del.gif HTTP/1.1" 304 -
101.83.241.237 - - [04/Feb/2022:10:52:10 +0800] "GET /xingrg/images/blue/wait.gif HTTP/1.1" 304 -
101.83.241.237 - - [04/Feb/2022:10:52:10 +0800] "POST /xingrg/dwr/call/plaincall/AjaxQqpsService.loadMaterielItems.dwr HTTP/1.1" 200 1026
180.162.112.109 - - [04/Feb/2022:10:52:11 +0800] "GET /xingrg/all/function/internal_message.html?_=1643942518685&CODE_STATE=getMsg HTTP/1.1" 200 27
101.83.241.237 - - [04/Feb/2022:10:52:14 +0800] "POST /xingrg/dwr/call/plaincall/AjaxQqpsService.getMaterielByCode.dwr HTTP/1.1" 200 2814
101.83.241.237 - - [04/Feb/2022:10:52:15 +0800] "POST /xingrg/dwr/call/plaincall/AjaxQqpsService.saveMaterielItem.dwr HTTP/1.1" 200 78
124.78.153.118 - - [04/Feb/2022:10:52:17 +0800] "GET /xingrg/javascript/auto/indicator.gif HTTP/1.1" 404 1066
180.157.251.97 - - [04/Feb/2022:10:52:19 +0800] "GET /xingrg/all/function/internal_message.html?_=1643943136994&CODE_STATE=getMsg HTTP/1.1" 200 27
124.78.153.118 - - [04/Feb/2022:10:52:19 +0800] "GET /xingrg/kc/base/wldb_order_operate.html?command=get_materiel&rest_code=00106&base_code=0010396&code=00101019184 HTTP/1.1" 200 444
101.83.241.237 - - [04/Feb/2022:10:52:21 +0800] "POST /xingrg/dwr/call/plaincall/AjaxQqpsService.getMaterielByCode.dwr HTTP/1.1" 200 2789
101.83.241.237 - - [04/Feb/2022:10:52:22 +0800] "POST /xingrg/dwr/call/plaincall/AjaxQqpsService.saveMaterielItem.dwr HTTP/1.1" 200 78
101.83.241.237 - - [04/Feb/2022:10:52:25 +0800] "POST /xingrg/dwr/call/plaincall/AjaxQqpsService.checkOrder.dwr HTTP/1.1" 200 78
61.151.178.180 - - [04/Feb/2022:10:52:25 +0800] "GET /xingrg/kc/buy/cgsh_order_info.html?code=212022020400277 HTTP/1.1" 302 -
61.151.178.180 - - [04/Feb/2022:10:52:26 +0800] "GET /xingrg/login.html HTTP/1.1" 200 7641
101.83.241.237 - - [04/Feb/2022:10:52:27 +0800] "GET /xingrg/kc/mdqp/qqps_order_info.html?code=302022020400010 HTTP/1.1" 200 26801
101.83.241.237 - - [04/Feb/2022:10:52:27 +0800] "GET /xingrg/dwr/interface/AjaxQqpsService.js HTTP/1.1" 200 16326
101.83.241.237 - - [04/Feb/2022:10:52:27 +0800] "GET /xingrg/dwr/engine.js HTTP/1.1" 200 43631
101.83.241.237 - - [04/Feb/2022:10:52:27 +0800] "GET /xingrg/dwr/interface/AjaxComOrderService.js HTTP/1.1" 200 18264
58.39.168.32 - - [04/Feb/2022:10:52:27 +0800] "GET /xingrg/all/function/internal_message.html?_=1643943144347&CODE_STATE=getMsg HTTP/1.1" 200 27
101.83.241.237 - - [04/Feb/2022:10:52:27 +0800] "POST /xingrg/dwr/call/plaincall/AjaxQqpsService.loadMaterielItems.dwr HTTP/1.1" 200 1617
124.78.153.118 - - [04/Feb/2022:10:52:29 +0800] "GET /xingrg/kc/base/wldb_order_operate.html?command=get_materiel&rest_code=00106&base_code=0010396&code=00101019222 HTTP/1.1" 200 454
222.70.243.96 - - [04/Feb/2022:10:52:30 +0800] "GET /xingrg/all/function/internal_message.html?_=1643943166043&CODE_STATE=getMsg HTTP/1.1" 200 27
124.78.153.118 - - [04/Feb/2022:10:52:31 +0800] "POST /xingrg/all/common/load_select.html HTTP/1.1" 200 25
222.70.243.96 - - [04/Feb/2022:10:52:32 +0800] "GET /xingrg/all/function/internal_message.html?_=1643943165418&CODE_STATE=getMsg HTTP/1.1" 302 -
101.85.120.86 - - [04/Feb/2022:10:52:32 +0800] "GET /xingrg/all/function/internal_message.html?_=1643943149184&CODE_STATE=getMsg HTTP/1.1" 200 27
101.83.241.237 - - [04/Feb/2022:10:52:33 +0800] "GET /xingrg/kc/buy/cgsh_order_list.html HTTP/1.1" 200 49826
124.78.153.118 - - [04/Feb/2022:10:52:34 +0800] "GET /xingrg/kc/base/wldb_order_operate.html?command=get_materiel_price&rest_code=00106&base_code=0010396&code=00101019222&unit_code=00100130 HTTP/1.1" 200 36
101.83.241.237 - - [04/Feb/2022:10:52:34 +0800] "POST /xingrg/kc/buy/cgsh_list_operate.html HTTP/1.1" 200 876
180.152.99.39 - - [04/Feb/2022:10:52:35 +0800] "GET /xingrg/all/function/internal_message.html?_=1643943074428&CODE_STATE=getMsg HTTP/1.1" 200 27
124.78.153.118 - - [04/Feb/2022:10:52:40 +0800] "GET /xingrg/kc/base/wldb_order_operate.html?command=get_materiel&rest_code=00106&base_code=0010396&code=00101019185 HTTP/1.1" 200 455
116.239.131.195 - - [04/Feb/2022:10:52:44 +0800] "GET /xingrg/check_reg.html?_=1643943183926 HTTP/1.1" 200 22
116.239.131.195 - - [04/Feb/2022:10:52:45 +0800] "GET /xingrg/all/function/internal_message.html?_=1643943185373&CODE_STATE=getMsg HTTP/1.1" 200 27
124.78.153.118 - - [04/Feb/2022:10:52:46 +0800] "GET /xingrg/kc/base/wldb_order_operate.html?command=get_materiel&rest_code=00106&base_code=0010396&code=00101019492 HTTP/1.1" 200 459
124.78.153.118 - - [04/Feb/2022:10:52:48 +0800] "GET /xingrg/all/function/internal_message.html?_=1643943167436&CODE_STATE=getMsg HTTP/1.1" 200 27
124.78.153.118 - - [04/Feb/2022:10:52:54 +0800] "GET /xingrg/kc/base/wldb_order_operate.html?command=get_materiel&rest_code=00106&base_code=0010396&code=00101019476 HTTP/1.1" 200 480
101.83.241.237 - - [04/Feb/2022:10:52:57 +0800] "GET /xingrg/all/function/internal_message.html?_=1643943171524&CODE_STATE=getMsg HTTP/1.1" 200 27
124.78.153.118 - - [04/Feb/2022:10:53:00 +0800] "GET /xingrg/all/function/internal_message.html?_=1643943176193&CODE_STATE=getMsg HTTP/1.1" 302 -
124.78.153.118 - - [04/Feb/2022:10:53:02 +0800] "GET /xingrg/kc/base/wldb_order_operate.html?command=get_materiel&rest_code=00106&base_code=0010396&code=00101019253 HTTP/1.1" 200 467
180.152.99.73 - - [04/Feb/2022:10:53:05 +0800] "GET /xingrg/check_reg.html?_=1643943183562 HTTP/1.1" 302 -
124.78.153.118 - - [04/Feb/2022:10:53:09 +0800] "GET /xingrg/kc/base/wldb_order_operate.html?command=get_materiel&rest_code=00106&base_code=0010396&code=00101016094 HTTP/1.1" 200 469
180.162.112.109 - - [04/Feb/2022:10:53:11 +0800] "GET /xingrg/all/function/internal_message.html?_=1643942578686&CODE_STATE=getMsg HTTP/1.1" 200 27
180.162.112.109 - - [04/Feb/2022:10:53:11 +0800] "GET /xingrg/check_reg.html?_=1643942578684 HTTP/1.1" 200 22
124.78.153.118 - - [04/Feb/2022:10:53:17 +0800] "GET /xingrg/kc/base/wldb_order_operate.html?command=get_materiel&rest_code=00106&base_code=0010396&code=00101016034 HTTP/1.1" 200 458
180.157.251.97 - - [04/Feb/2022:10:53:19 +0800] "GET /xingrg/all/function/internal_message.html?_=1643943196993&CODE_STATE=getMsg HTTP/1.1" 200 27
116.239.131.195 - - [04/Feb/2022:10:53:23 +0800] "POST /xingrg/kc/mdqp/pssh_list_operate.html HTTP/1.1" 200 5492
124.78.153.118 - - [04/Feb/2022:10:53:23 +0800] "POST /xingrg/kc/base/wldb_order_operate.html HTTP/1.1" 200 37
124.78.153.118 - - [04/Feb/2022:10:53:23 +0800] "POST /xingrg/kc/base/wldb_order_operate.html HTTP/1.1" 200 5699
124.78.153.118 - - [04/Feb/2022:10:53:24 +0800] "GET /xingrg/kc/base/wldb_order_info.html?code=422022020400328 HTTP/1.1" 200 30333
124.78.153.118 - - [04/Feb/2022:10:53:24 +0800] "GET /xingrg/javascript/easyui/themes/default/validatebox.css HTTP/1.1" 404 1104
124.78.153.118 - - [04/Feb/2022:10:53:24 +0800] "POST /xingrg/kc/base/wldb_order_operate.html HTTP/1.1" 200 5699
116.239.131.195 - - [04/Feb/2022:10:53:25 +0800] "POST /xingrg/kc/mdqp/pssh_list_operate.html HTTP/1.1" 200 806
116.239.131.195 - - [04/Feb/2022:10:53:25 +0800] "GET /xingrg/kc/mdqp/pssh_order_info.html?code=312022012500856 HTTP/1.1" 200 14386
116.239.131.195 - - [04/Feb/2022:10:53:25 +0800] "GET /xingrg/javascript/jquery_tools/jquery-1.4.2.min.js HTTP/1.1" 404 1094
116.239.131.195 - - [04/Feb/2022:10:53:26 +0800] "POST /xingrg/kc/mdqp/pssh_order_operate.html HTTP/1.1" 200 8978
58.39.168.32 - - [04/Feb/2022:10:53:27 +0800] "GET /xingrg/all/function/internal_message.html?_=1643943204347&CODE_STATE=getMsg HTTP/1.1" 200 27
116.239.131.195 - - [04/Feb/2022:10:53:27 +0800] "GET /xingrg/javascript/easyui/themes/default/validatebox.css HTTP/1.1" 404 1104
222.70.243.96 - - [04/Feb/2022:10:53:30 +0800] "GET /xingrg/all/function/internal_message.html?_=1643943226059&CODE_STATE=getMsg HTTP/1.1" 200 27
222.70.243.96 - - [04/Feb/2022:10:53:32 +0800] "GET /xingrg/all/function/internal_message.html?_=1643943225463&CODE_STATE=getMsg HTTP/1.1" 302 -
101.85.120.86 - - [04/Feb/2022:10:53:32 +0800] "GET /xingrg/all/function/internal_message.html?_=1643943209184&CODE_STATE=getMsg HTTP/1.1" 200 27
180.152.99.39 - - [04/Feb/2022:10:53:35 +0800] "GET /xingrg/all/function/internal_message.html?_=1643943134443&CODE_STATE=getMsg HTTP/1.1" 200 27
116.239.131.195 - - [04/Feb/2022:10:53:44 +0800] "POST /xingrg/kc/mdqp/pssh_list_operate.html HTTP/1.1" 200 5492
101.83.241.237 - - [04/Feb/2022:10:53:45 +0800] "GET /xingrg/kc/buy/cgsh_order_add.html HTTP/1.1" 200 65689
101.83.241.237 - - [04/Feb/2022:10:53:45 +0800] "POST /xingrg/kc/buy/cgsh_order_operate.html HTTP/1.1" 200 8245
101.83.241.237 - - [04/Feb/2022:10:53:45 +0800] "GET /xingrg/all/common/auto_word.html?type=employee&rest_code=00149 HTTP/1.1" 200 197
101.83.241.237 - - [04/Feb/2022:10:53:45 +0800] "GET /xingrg/javascript/easyui/themes/default/validatebox.css HTTP/1.1" 404 1104
101.83.241.237 - - [04/Feb/2022:10:53:45 +0800] "GET /xingrg/all/common/auto_word.html?type=employee&rest_code=00149 HTTP/1.1" 200 197
116.239.131.195 - - [04/Feb/2022:10:53:45 +0800] "GET /xingrg/all/function/internal_message.html?_=1643943245389&CODE_STATE=getMsg HTTP/1.1" 200 27
116.239.131.195 - - [04/Feb/2022:10:53:47 +0800] "POST /xingrg/kc/mdqp/pssh_list_operate.html HTTP/1.1" 200 5613
124.78.153.118 - - [04/Feb/2022:10:53:48 +0800] "GET /xingrg/all/function/internal_message.html?_=1643943227417&CODE_STATE=getMsg HTTP/1.1" 200 27
116.239.131.195 - - [04/Feb/2022:10:53:54 +0800] "POST /xingrg/kc/mdqp/pssh_list_operate.html HTTP/1.1" 200 5616
101.83.241.237 - - [04/Feb/2022:10:53:57 +0800] "GET /xingrg/all/function/internal_message.html?_=1643943231500&CODE_STATE=getMsg HTTP/1.1" 200 27
116.239.131.195 - - [04/Feb/2022:10:53:59 +0800] "POST /xingrg/kc/mdqp/pssh_list_operate.html HTTP/1.1" 200 788
124.78.153.118 - - [04/Feb/2022:10:54:00 +0800] "GET /xingrg/all/function/internal_message.html?_=1643943236193&CODE_STATE=getMsg HTTP/1.1" 302 -
116.239.131.195 - - [04/Feb/2022:10:54:01 +0800] "GET /xingrg/kc/mdqp/pssh_order_info.html?code=312022011600528 HTTP/1.1" 200 14386
116.239.131.195 - - [04/Feb/2022:10:54:01 +0800] "GET /xingrg/javascript/jquery_tools/jquery-1.4.2.min.js HTTP/1.1" 404 1094
116.239.131.195 - - [04/Feb/2022:10:54:02 +0800] "POST /xingrg/kc/mdqp/pssh_order_operate.html HTTP/1.1" 200 15263
116.239.131.195 - - [04/Feb/2022:10:54:02 +0800] "GET /xingrg/javascript/easyui/themes/default/validatebox.css HTTP/1.1" 404 1104
180.162.112.109 - - [04/Feb/2022:10:54:11 +0800] "GET /xingrg/all/function/internal_message.html?_=1643942638685&CODE_STATE=getMsg HTTP/1.1" 200 27
222.70.243.96 - - [04/Feb/2022:10:54:12 +0800] "GET /xingrg/check_reg.html?_=1643943265711 HTTP/1.1" 302 -
180.157.251.97 - - [04/Feb/2022:10:54:19 +0800] "GET /xingrg/all/function/internal_message.html?_=1643943256993&CODE_STATE=getMsg HTTP/1.1" 200 27
124.78.153.118 - - [04/Feb/2022:10:54:20 +0800] "GET /xingrg/kc/base/wldb_order_add.html HTTP/1.1" 200 30316
124.78.153.118 - - [04/Feb/2022:10:54:20 +0800] "POST /xingrg/kc/base/wldb_order_operate.html HTTP/1.1" 200 6806
124.78.153.118 - - [04/Feb/2022:10:54:20 +0800] "GET /xingrg/javascript/easyui/themes/default/validatebox.css HTTP/1.1" 404 1104
124.78.153.118 - - [04/Feb/2022:10:54:21 +0800] "POST /xingrg/all/common/load_combo.html?type=base HTTP/1.1" 200 3315
124.78.153.118 - - [04/Feb/2022:10:54:25 +0800] "POST /xingrg/all/common/load_combo.html?type=base HTTP/1.1" 200 3315
58.39.168.32 - - [04/Feb/2022:10:54:27 +0800] "GET /xingrg/all/function/internal_message.html?_=1643943264347&CODE_STATE=getMsg HTTP/1.1" 200 27
222.70.243.96 - - [04/Feb/2022:10:54:31 +0800] "GET /xingrg/all/function/internal_message.html?_=1643943286357&CODE_STATE=getMsg HTTP/1.1" 200 27
222.70.243.96 - - [04/Feb/2022:10:54:32 +0800] "GET /xingrg/all/function/internal_message.html?_=1643943285477&CODE_STATE=getMsg HTTP/1.1" 302 -
101.85.120.86 - - [04/Feb/2022:10:54:32 +0800] "GET /xingrg/check_reg.html?_=1643943269184 HTTP/1.1" 200 22
101.85.120.86 - - [04/Feb/2022:10:54:32 +0800] "GET /xingrg/all/function/internal_message.html?_=1643943269186&CODE_STATE=getMsg HTTP/1.1" 200 27
180.152.99.39 - - [04/Feb/2022:10:54:35 +0800] "GET /xingrg/all/function/internal_message.html?_=1643943194504&CODE_STATE=getMsg HTTP/1.1" 200 27
124.78.153.118 - - [04/Feb/2022:10:54:45 +0800] "GET /xingrg/kc/base/wldb_order_operate.html?command=get_materiel&rest_code=00106&base_code=0010396&code=00101019391 HTTP/1.1" 200 471
116.239.131.195 - - [04/Feb/2022:10:54:46 +0800] "GET /xingrg/all/function/internal_message.html?_=1643943305533&CODE_STATE=getMsg HTTP/1.1" 200 27
124.78.153.118 - - [04/Feb/2022:10:54:48 +0800] "GET /xingrg/all/function/internal_message.html?_=1643943287450&CODE_STATE=getMsg HTTP/1.1" 200 27
124.78.153.118 - - [04/Feb/2022:10:54:49 +0800] "GET /xingrg/kc/base/wldb_order_operate.html?command=get_materiel&rest_code=00106&base_code=0010396&code=00101016083 HTTP/1.1" 200 451
124.78.153.118 - - [04/Feb/2022:10:54:55 +0800] "POST /xingrg/kc/base/wldb_order_operate.html HTTP/1.1" 200 37
124.78.153.118 - - [04/Feb/2022:10:54:56 +0800] "POST /xingrg/kc/base/wldb_order_operate.html HTTP/1.1" 200 3713
124.78.153.118 - - [04/Feb/2022:10:54:56 +0800] "GET /xingrg/kc/base/wldb_order_info.html?code=422022020400329 HTTP/1.1" 200 30333
124.78.153.118 - - [04/Feb/2022:10:54:57 +0800] "GET /xingrg/javascript/easyui/themes/default/validatebox.css HTTP/1.1" 404 1104
101.83.241.237 - - [04/Feb/2022:10:54:57 +0800] "GET /xingrg/all/function/internal_message.html?_=1643943291478&CODE_STATE=getMsg HTTP/1.1" 200 27
124.78.153.118 - - [04/Feb/2022:10:54:57 +0800] "POST /xingrg/kc/base/wldb_order_operate.html HTTP/1.1" 200 3713
124.78.153.118 - - [04/Feb/2022:10:55:00 +0800] "GET /xingrg/check_reg.html?_=1643943296195 HTTP/1.1" 302 -
124.78.153.118 - - [04/Feb/2022:10:55:00 +0800] "GET /xingrg/all/function/internal_message.html?_=1643943296193&CODE_STATE=getMsg HTTP/1.1" 302 -
180.162.112.109 - - [04/Feb/2022:10:55:11 +0800] "GET /xingrg/all/function/internal_message.html?_=1643942698684&CODE_STATE=getMsg HTTP/1.1" 200 27
101.83.241.237 - - [04/Feb/2022:10:55:12 +0800] "POST /xingrg/dwr/call/plaincall/AjaxQqpsService.uncheckOrder.dwr HTTP/1.1" 200 78
101.83.241.237 - - [04/Feb/2022:10:55:13 +0800] "GET /xingrg/javascript/jquery_easy_ui/themes/icon.css HTTP/1.1" 304 -
101.83.241.237 - - [04/Feb/2022:10:55:13 +0800] "GET /xingrg/css/blue.css HTTP/1.1" 304 -
101.83.241.237 - - [04/Feb/2022:10:55:13 +0800] "GET /xingrg/javascript/auto/jquery.autocomplete.css HTTP/1.1" 304 -
101.83.241.237 - - [04/Feb/2022:10:55:13 +0800] "GET /xingrg/javascript/jquery_easy_ui/jquery.easyui.min.js HTTP/1.1" 304 -
101.83.241.237 - - [04/Feb/2022:10:55:13 +0800] "GET /xingrg/javascript/jquery-1.4.2.min.js HTTP/1.1" 304 -
101.83.241.237 - - [04/Feb/2022:10:55:13 +0800] "GET /xingrg/javascript/jquery_easy_ui/easyui-lang-zh_CN.js HTTP/1.1" 304 -
101.83.241.237 - - [04/Feb/2022:10:55:13 +0800] "GET /xingrg/javascript/auto/jquery.autocomplete.js HTTP/1.1" 304 -
101.83.241.237 - - [04/Feb/2022:10:55:13 +0800] "GET /xingrg/javascript/tools/jquery.qtip-1.0.0-rc3.min.js HTTP/1.1" 304 -
101.83.241.237 - - [04/Feb/2022:10:55:13 +0800] "GET /xingrg/javascript/jquery.utils.js HTTP/1.1" 304 -
101.83.241.237 - - [04/Feb/2022:10:55:13 +0800] "GET /xingrg/javascript/pic_change.js HTTP/1.1" 304 -
101.83.241.237 - - [04/Feb/2022:10:55:13 +0800] "GET /xingrg/dwr/util.js HTTP/1.1" 304 -
101.83.241.237 - - [04/Feb/2022:10:55:13 +0800] "GET /xingrg/javascript/Calendar.js HTTP/1.1" 304 -
101.83.241.237 - - [04/Feb/2022:10:55:13 +0800] "GET /xingrg/javascript/myfunction.js HTTP/1.1" 304 -
101.83.241.237 - - [04/Feb/2022:10:55:13 +0800] "GET /xingrg/javascript/AjaxInfoList.js HTTP/1.1" 304 -
101.83.241.237 - - [04/Feb/2022:10:55:13 +0800] "GET /xingrg/dwr/interface/AjaxComOrderService.js HTTP/1.1" 200 18264
101.83.241.237 - - [04/Feb/2022:10:55:13 +0800] "GET /xingrg/dwr/interface/AjaxQqpsService.js HTTP/1.1" 200 16326
101.83.241.237 - - [04/Feb/2022:10:55:13 +0800] "GET /xingrg/javascript/Grid.js HTTP/1.1" 304 -
101.83.241.237 - - [04/Feb/2022:10:55:13 +0800] "GET /xingrg/javascript/ToolTips.js HTTP/1.1" 304 -
101.83.241.237 - - [04/Feb/2022:10:55:13 +0800] "GET /xingrg/javascript/print/kc_print.js HTTP/1.1" 304 -
101.83.241.237 - - [04/Feb/2022:10:55:13 +0800] "GET /xingrg/javascript/print/LodopFuncs.js HTTP/1.1" 304 -
101.83.241.237 - - [04/Feb/2022:10:55:13 +0800] "GET /xingrg/kc/mdqp/qqps_order_info.html?code=302022020400010 HTTP/1.1" 200 28560
101.83.241.237 - - [04/Feb/2022:10:55:13 +0800] "GET /xingrg/dwr/engine.js HTTP/1.1" 200 43631
101.83.241.237 - - [04/Feb/2022:10:55:13 +0800] "GET /xingrg/javascript/jquery_easy_ui/themes/icon.css HTTP/1.1" 304 -
101.83.241.237 - - [04/Feb/2022:10:55:13 +0800] "GET /xingrg/javascript/jquery_easy_ui/themes/default/easyui.css HTTP/1.1" 304 -
101.83.241.237 - - [04/Feb/2022:10:55:13 +0800] "GET /xingrg/words/20220128115405_words.js HTTP/1.1" 304 -
101.83.241.237 - - [04/Feb/2022:10:55:14 +0800] "GET /xingrg/images/blue/button/kc_tab_add.gif HTTP/1.1" 304 -
101.83.241.237 - - [04/Feb/2022:10:55:14 +0800] "GET /xingrg/images/blue/button/kc_tab_edit.gif HTTP/1.1" 304 -
101.83.241.237 - - [04/Feb/2022:10:55:14 +0800] "GET /xingrg/images/blue/button/kc_tab_save.gif HTTP/1.1" 304 -
101.83.241.237 - - [04/Feb/2022:10:55:14 +0800] "GET /xingrg/images/blue/button/kc_tab_del.gif HTTP/1.1" 304 -
101.83.241.237 - - [04/Feb/2022:10:55:14 +0800] "GET /xingrg/images/blue/wait.gif HTTP/1.1" 304 -
101.83.241.237 - - [04/Feb/2022:10:55:14 +0800] "POST /xingrg/dwr/call/plaincall/AjaxQqpsService.loadMaterielItems.dwr HTTP/1.1" 200 1617
101.83.241.237 - - [04/Feb/2022:10:55:16 +0800] "GET /favicon.ico HTTP/1.1" 404 -
180.157.251.97 - - [04/Feb/2022:10:55:19 +0800] "GET /xingrg/all/function/internal_message.html?_=1643943316992&CODE_STATE=getMsg HTTP/1.1" 200 27
180.157.251.97 - - [04/Feb/2022:10:55:19 +0800] "GET /xingrg/check_reg.html?_=1643943316994 HTTP/1.1" 200 22
101.83.241.237 - - [04/Feb/2022:10:55:20 +0800] "POST /xingrg/dwr/call/plaincall/AjaxQqpsService.getMaterielByCode.dwr HTTP/1.1" 200 2824
101.83.241.237 - - [04/Feb/2022:10:55:21 +0800] "POST /xingrg/dwr/call/plaincall/AjaxQqpsService.saveMaterielItem.dwr HTTP/1.1" 200 78
101.83.241.237 - - [04/Feb/2022:10:55:24 +0800] "POST /xingrg/dwr/call/plaincall/AjaxQqpsService.checkOrder.dwr HTTP/1.1" 200 78
222.70.243.96 - - [04/Feb/2022:10:55:24 +0800] "GET /xingrg/check_reg.html?_=1643943340205 HTTP/1.1" 200 22
124.78.153.118 - - [04/Feb/2022:10:55:25 +0800] "POST /xingrg/kc/base/wldb_list_operate.html HTTP/1.1" 200 2183
124.78.153.118 - - [04/Feb/2022:10:55:27 +0800] "POST /xingrg/kc/base/wldb_list_operate.html HTTP/1.1" 200 470
58.39.168.32 - - [04/Feb/2022:10:55:27 +0800] "GET /xingrg/all/function/internal_message.html?_=1643943324346&CODE_STATE=getMsg HTTP/1.1" 200 27
124.78.153.118 - - [04/Feb/2022:10:55:28 +0800] "GET /xingrg/kc/base/wldb_order_info.html?code=422022020400329 HTTP/1.1" 200 30333
124.78.153.118 - - [04/Feb/2022:10:55:28 +0800] "GET /xingrg/javascript/easyui/themes/default/validatebox.css HTTP/1.1" 404 1104
116.239.131.195 - - [04/Feb/2022:10:55:29 +0800] "POST /xingrg/kc/mdqp/pssh_list_operate.html HTTP/1.1" 200 5616
124.78.153.118 - - [04/Feb/2022:10:55:29 +0800] "POST /xingrg/kc/base/wldb_order_operate.html HTTP/1.1" 200 3713
101.83.241.237 - - [04/Feb/2022:10:55:29 +0800] "GET /xingrg/kc/mdqp/qqps_order_info.html?code=302022020400010 HTTP/1.1" 200 26801
101.83.241.237 - - [04/Feb/2022:10:55:29 +0800] "GET /xingrg/dwr/interface/AjaxComOrderService.js HTTP/1.1" 200 18264
101.83.241.237 - - [04/Feb/2022:10:55:29 +0800] "GET /xingrg/dwr/interface/AjaxQqpsService.js HTTP/1.1" 200 16326
101.83.241.237 - - [04/Feb/2022:10:55:29 +0800] "GET /xingrg/dwr/engine.js HTTP/1.1" 200 43631
101.83.241.237 - - [04/Feb/2022:10:55:29 +0800] "POST /xingrg/dwr/call/plaincall/AjaxQqpsService.loadMaterielItems.dwr HTTP/1.1" 200 1934
222.70.243.96 - - [04/Feb/2022:10:55:31 +0800] "GET /xingrg/all/function/internal_message.html?_=1643943346367&CODE_STATE=getMsg HTTP/1.1" 200 27
124.78.153.118 - - [04/Feb/2022:10:55:31 +0800] "POST /xingrg/kc/base/wldb_list_operate.html HTTP/1.1" 200 624
222.70.243.96 - - [04/Feb/2022:10:55:32 +0800] "GET /xingrg/all/function/internal_message.html?_=1643943345521&CODE_STATE=getMsg HTTP/1.1" 302 -
124.78.153.118 - - [04/Feb/2022:10:55:32 +0800] "GET /xingrg/kc/base/wldb_order_info.html?code=422022020400328 HTTP/1.1" 200 30333
101.85.120.86 - - [04/Feb/2022:10:55:32 +0800] "GET /xingrg/all/function/internal_message.html?_=1643943329171&CODE_STATE=getMsg HTTP/1.1" 200 27
124.78.153.118 - - [04/Feb/2022:10:55:32 +0800] "GET /xingrg/javascript/easyui/themes/default/validatebox.css HTTP/1.1" 404 1104
124.78.153.118 - - [04/Feb/2022:10:55:33 +0800] "POST /xingrg/kc/base/wldb_order_operate.html HTTP/1.1" 200 5699
116.239.131.195 - - [04/Feb/2022:10:55:33 +0800] "POST /xingrg/kc/mdqp/pssh_list_operate.html HTTP/1.1" 200 5600
101.83.241.237 - - [04/Feb/2022:10:55:33 +0800] "GET /xingrg/images/yd/bt.gif HTTP/1.1" 404 1040
101.83.241.237 - - [04/Feb/2022:10:55:33 +0800] "GET /xingrg/images/yd/bt2.gif HTTP/1.1" 404 1042
101.83.241.237 - - [04/Feb/2022:10:55:35 +0800] "GET /xingrg/kc/mdqp/qqps_order_list.html?isBack=1 HTTP/1.1" 200 9677
