61.151.178.180 - - [03/Feb/2022:13:27:26 +0800] "GET /xingrg/login.html HTTP/1.1" 200 7641
222.70.179.207 - - [03/Feb/2022:13:27:28 +0800] "GET /xingrg/all/function/internal_message.html?_=1643866044131&CODE_STATE=getMsg HTTP/1.1" 200 27
180.157.251.97 - - [03/Feb/2022:13:27:28 +0800] "GET /xingrg/kc/base/wldb_order_operate.html?command=get_materiel&rest_code=00148&base_code=0010001&code=00101019492 HTTP/1.1" 200 459
101.83.241.155 - - [03/Feb/2022:13:27:28 +0800] "GET /xingrg/kc/base/wldb_order_add.html HTTP/1.1" 200 30318
101.83.241.155 - - [03/Feb/2022:13:27:28 +0800] "POST /xingrg/kc/base/wldb_order_operate.html HTTP/1.1" 200 6806
101.83.241.155 - - [03/Feb/2022:13:27:29 +0800] "GET /xingrg/javascript/easyui/themes/default/validatebox.css HTTP/1.1" 404 1104
124.78.153.118 - - [03/Feb/2022:13:27:32 +0800] "GET /xingrg/all/function/internal_message.html?_=1643866048922&CODE_STATE=getMsg HTTP/1.1" 200 27
180.157.251.97 - - [03/Feb/2022:13:27:33 +0800] "GET /xingrg/kc/base/wldb_order_operate.html?command=get_materiel&rest_code=00148&base_code=0010001&code=00101019391 HTTP/1.1" 200 472
101.83.241.155 - - [03/Feb/2022:13:27:36 +0800] "GET /xingrg/kc/base/wldb_order_operate.html?command=get_materiel&rest_code=00149&base_code=0010437&code=00101012026 HTTP/1.1" 200 427
180.152.99.73 - - [03/Feb/2022:13:27:36 +0800] "GET /xingrg/all/function/internal_message.html?_=1643866053937&CODE_STATE=getMsg HTTP/1.1" 200 27
222.70.223.103 - - [03/Feb/2022:13:27:37 +0800] "GET /xingrg/all/function/internal_message.html?_=1643866053968&CODE_STATE=getMsg HTTP/1.1" 200 27
180.157.251.97 - - [03/Feb/2022:13:27:38 +0800] "GET /xingrg/kc/base/wldb_order_operate.html?command=get_materiel&rest_code=00148&base_code=0010001&code=00101019249 HTTP/1.1" 200 471
101.83.241.155 - - [03/Feb/2022:13:27:40 +0800] "GET /xingrg/all/function/internal_message.html?_=1643866055512&CODE_STATE=getMsg HTTP/1.1" 200 27
180.157.251.97 - - [03/Feb/2022:13:27:43 +0800] "GET /xingrg/kc/base/wldb_order_operate.html?command=get_materiel&rest_code=00148&base_code=0010001&code=00101019339 HTTP/1.1" 200 455
116.232.55.86 - - [03/Feb/2022:13:27:44 +0800] "GET /xingrg/all/function/internal_message.html?_=1643866062756&CODE_STATE=getMsg HTTP/1.1" 200 27
58.39.168.32 - - [03/Feb/2022:13:27:45 +0800] "GET /xingrg/all/function/internal_message.html?_=1643866000858&CODE_STATE=getMsg HTTP/1.1" 200 27
180.157.251.97 - - [03/Feb/2022:13:27:46 +0800] "GET /xingrg/check_reg.html?_=1643866064254 HTTP/1.1" 200 22
180.157.251.97 - - [03/Feb/2022:13:27:46 +0800] "GET /xingrg/all/function/internal_message.html?_=1643866064259&CODE_STATE=getMsg HTTP/1.1" 200 27
180.157.251.97 - - [03/Feb/2022:13:27:50 +0800] "GET /xingrg/kc/base/wldb_order_operate.html?command=get_materiel&rest_code=00148&base_code=0010001&code=00101019222 HTTP/1.1" 200 454
180.169.147.146 - - [03/Feb/2022:13:27:52 +0800] "GET /xingrg/all/function/internal_message.html?_=1643866069796&CODE_STATE=getMsg HTTP/1.1" 200 27
116.235.92.83 - - [03/Feb/2022:13:27:55 +0800] "GET /xingrg/kc/buy/cgsh_order_operate.html?command=get_materiel&rest_code=00104&code=00101004074&supplier_code=00100312&order_time=2022-02-03 HTTP/1.1" 200 409
180.157.251.97 - - [03/Feb/2022:13:27:58 +0800] "GET /xingrg/kc/base/wldb_order_operate.html?command=get_materiel&rest_code=00148&base_code=0010001&code=00101019529 HTTP/1.1" 200 476
180.152.99.39 - - [03/Feb/2022:13:28:00 +0800] "GET /xingrg/all/function/internal_message.html?_=1643866000419&CODE_STATE=getMsg HTTP/1.1" 200 27
101.83.241.155 - - [03/Feb/2022:13:28:01 +0800] "GET /xingrg/kc/base/wldb_order_operate.html?command=get_materiel&rest_code=00149&base_code=0010394&code=00101019405 HTTP/1.1" 200 468
222.70.243.96 - - [03/Feb/2022:13:28:02 +0800] "GET /xingrg/all/function/internal_message.html?_=1643866092953&CODE_STATE=getMsg HTTP/1.1" 302 -
180.157.251.97 - - [03/Feb/2022:13:28:02 +0800] "GET /xingrg/kc/base/wldb_order_operate.html?command=get_materiel&rest_code=00148&base_code=0010001&code=00101013193 HTTP/1.1" 200 444
101.83.241.155 - - [03/Feb/2022:13:28:06 +0800] "GET /xingrg/kc/base/wldb_order_operate.html?command=get_materiel&rest_code=00149&base_code=0010394&code=00101019295 HTTP/1.1" 200 463
180.157.251.97 - - [03/Feb/2022:13:28:06 +0800] "GET /xingrg/kc/base/wldb_order_operate.html?command=get_materiel&rest_code=00148&base_code=0010001&code=00101019133 HTTP/1.1" 200 466
180.162.112.109 - - [03/Feb/2022:13:28:09 +0800] "GET /xingrg/all/function/internal_message.html?_=1643865478050&CODE_STATE=getMsg HTTP/1.1" 200 27
180.157.251.97 - - [03/Feb/2022:13:28:10 +0800] "GET /xingrg/kc/base/wldb_order_operate.html?command=get_materiel&rest_code=00148&base_code=0010001&code=00101016040 HTTP/1.1" 200 459
101.83.241.155 - - [03/Feb/2022:13:28:13 +0800] "GET /xingrg/kc/base/wldb_order_operate.html?command=get_materiel&rest_code=00149&base_code=0010394&code=00101019536 HTTP/1.1" 200 470
222.70.243.96 - - [03/Feb/2022:13:28:13 +0800] "GET /xingrg/all/function/internal_message.html?_=1643866105795&CODE_STATE=getMsg HTTP/1.1" 200 27
116.235.92.83 - - [03/Feb/2022:13:28:14 +0800] "GET /xingrg/kc/buy/cgsh_order_operate.html?command=get_materiel&rest_code=00104&code=00101004067&supplier_code=00100312&order_time=2022-02-03 HTTP/1.1" 200 433
180.157.251.97 - - [03/Feb/2022:13:28:15 +0800] "GET /xingrg/kc/base/wldb_order_operate.html?command=get_materiel&rest_code=00148&base_code=0010001&code=00101019063 HTTP/1.1" 200 448
101.83.241.155 - - [03/Feb/2022:13:28:20 +0800] "GET /xingrg/kc/base/wldb_order_operate.html?command=get_materiel&rest_code=00149&base_code=0010394&code=00101019270 HTTP/1.1" 200 465
180.157.251.97 - - [03/Feb/2022:13:28:20 +0800] "GET /xingrg/kc/base/wldb_order_operate.html?command=get_materiel&rest_code=00148&base_code=0010001&code=00101019066 HTTP/1.1" 200 441
101.83.241.155 - - [03/Feb/2022:13:28:23 +0800] "GET /xingrg/kc/base/wldb_order_operate.html?command=get_materiel&rest_code=00149&base_code=0010394&code=00101019297 HTTP/1.1" 200 464
58.39.168.32 - - [03/Feb/2022:13:28:23 +0800] "GET /xingrg/all/function/internal_message.html?_=1643866103389&CODE_STATE=getMsg HTTP/1.1" 200 27
101.80.229.199 - - [03/Feb/2022:13:28:24 +0800] "GET /xingrg/all/function/internal_message.html?_=1643866104339&CODE_STATE=getMsg HTTP/1.1" 200 27
180.157.251.97 - - [03/Feb/2022:13:28:25 +0800] "GET /xingrg/kc/base/wldb_order_operate.html?command=get_materiel&rest_code=00148&base_code=0010001&code=00101019127 HTTP/1.1" 200 466
222.70.179.207 - - [03/Feb/2022:13:28:28 +0800] "GET /xingrg/all/function/internal_message.html?_=1643866104117&CODE_STATE=getMsg HTTP/1.1" 200 27
180.157.251.97 - - [03/Feb/2022:13:28:31 +0800] "POST /xingrg/kc/base/wldb_order_operate.html HTTP/1.1" 200 37
180.157.251.97 - - [03/Feb/2022:13:28:32 +0800] "POST /xingrg/kc/base/wldb_order_operate.html HTTP/1.1" 200 8717
124.78.153.118 - - [03/Feb/2022:13:28:32 +0800] "GET /xingrg/all/function/internal_message.html?_=1643866108890&CODE_STATE=getMsg HTTP/1.1" 200 27
101.83.241.155 - - [03/Feb/2022:13:28:33 +0800] "GET /xingrg/kc/base/wldb_order_operate.html?command=get_materiel&rest_code=00149&base_code=0010394&code=00101019063 HTTP/1.1" 200 447
180.157.251.97 - - [03/Feb/2022:13:28:33 +0800] "GET /xingrg/kc/base/wldb_order_info.html?code=422022020300283 HTTP/1.1" 200 30329
180.157.251.97 - - [03/Feb/2022:13:28:34 +0800] "GET /xingrg/javascript/easyui/themes/default/validatebox.css HTTP/1.1" 404 1104
124.78.153.118 - - [03/Feb/2022:13:28:34 +0800] "GET /xingrg/check_reg.html?_=1643866110546 HTTP/1.1" 200 22
180.157.251.97 - - [03/Feb/2022:13:28:34 +0800] "POST /xingrg/kc/base/wldb_order_operate.html HTTP/1.1" 200 8717
180.152.99.73 - - [03/Feb/2022:13:28:36 +0800] "GET /xingrg/all/function/internal_message.html?_=1643866113935&CODE_STATE=getMsg HTTP/1.1" 200 27
222.70.223.103 - - [03/Feb/2022:13:28:37 +0800] "GET /xingrg/check_reg.html?_=1643866113956 HTTP/1.1" 200 22
222.70.223.103 - - [03/Feb/2022:13:28:37 +0800] "GET /xingrg/all/function/internal_message.html?_=1643866113960&CODE_STATE=getMsg HTTP/1.1" 200 27
101.83.241.155 - - [03/Feb/2022:13:28:38 +0800] "GET /xingrg/kc/base/wldb_order_operate.html?command=get_materiel&rest_code=00149&base_code=0010394&code=00101013052 HTTP/1.1" 200 441
101.83.241.155 - - [03/Feb/2022:13:28:40 +0800] "GET /xingrg/all/function/internal_message.html?_=1643866115498&CODE_STATE=getMsg HTTP/1.1" 200 27
180.157.251.97 - - [03/Feb/2022:13:28:42 +0800] "GET /xingrg/kc/base/wldb_order_add.html HTTP/1.1" 200 30314
180.157.251.97 - - [03/Feb/2022:13:28:43 +0800] "POST /xingrg/kc/base/wldb_order_operate.html HTTP/1.1" 200 6806
180.157.251.97 - - [03/Feb/2022:13:28:43 +0800] "GET /xingrg/javascript/easyui/themes/default/validatebox.css HTTP/1.1" 404 1104
116.232.55.86 - - [03/Feb/2022:13:28:44 +0800] "GET /xingrg/all/function/internal_message.html?_=1643866122757&CODE_STATE=getMsg HTTP/1.1" 200 27
58.39.168.32 - - [03/Feb/2022:13:28:45 +0800] "GET /xingrg/all/function/internal_message.html?_=1643866060843&CODE_STATE=getMsg HTTP/1.1" 200 27
180.157.251.97 - - [03/Feb/2022:13:28:46 +0800] "GET /xingrg/all/function/internal_message.html?_=1643866124252&CODE_STATE=getMsg HTTP/1.1" 200 27
101.83.241.155 - - [03/Feb/2022:13:28:46 +0800] "GET /xingrg/kc/base/wldb_order_operate.html?command=get_materiel&rest_code=00149&base_code=0010394&code=00101019128 HTTP/1.1" 200 458
180.169.147.146 - - [03/Feb/2022:13:28:52 +0800] "GET /xingrg/all/function/internal_message.html?_=1643866129785&CODE_STATE=getMsg HTTP/1.1" 200 27
101.83.241.155 - - [03/Feb/2022:13:28:54 +0800] "GET /xingrg/kc/base/wldb_order_operate.html?command=get_materiel&rest_code=00149&base_code=0010394&code=00101019079 HTTP/1.1" 200 465
116.235.92.83 - - [03/Feb/2022:13:28:59 +0800] "GET /xingrg/check_reg.html?_=1643866281169 HTTP/1.1" 200 22
180.152.99.39 - - [03/Feb/2022:13:29:00 +0800] "GET /xingrg/all/function/internal_message.html?_=1643866060477&CODE_STATE=getMsg HTTP/1.1" 200 27
222.70.243.96 - - [03/Feb/2022:13:29:02 +0800] "GET /xingrg/all/function/internal_message.html?_=1643866152994&CODE_STATE=getMsg HTTP/1.1" 302 -
222.70.243.96 - - [03/Feb/2022:13:29:08 +0800] "GET /xingrg/check_reg.html?_=1643866159300 HTTP/1.1" 302 -
180.162.112.109 - - [03/Feb/2022:13:29:09 +0800] "GET /xingrg/check_reg.html?_=1643865538050 HTTP/1.1" 200 22
180.162.112.109 - - [03/Feb/2022:13:29:09 +0800] "GET /xingrg/all/function/internal_message.html?_=1643865538053&CODE_STATE=getMsg HTTP/1.1" 200 27
180.169.147.146 - - [03/Feb/2022:13:29:13 +0800] "POST /xingrg/load_menu.html HTTP/1.1" 200 10483
222.70.243.96 - - [03/Feb/2022:13:29:13 +0800] "GET /xingrg/all/function/internal_message.html?_=1643866165808&CODE_STATE=getMsg HTTP/1.1" 200 27
180.157.251.97 - - [03/Feb/2022:13:29:13 +0800] "GET /xingrg/kc/base/wldb_order_operate.html?command=get_materiel&rest_code=00148&base_code=0010001&code=00101019637 HTTP/1.1" 200 436
116.235.92.83 - - [03/Feb/2022:13:29:13 +0800] "GET /xingrg/kc/buy/cgsh_order_operate.html?command=get_materiel&rest_code=00104&code=00101004049&supplier_code=00100312&order_time=2022-02-03 HTTP/1.1" 200 434
180.169.147.146 - - [03/Feb/2022:13:29:14 +0800] "GET /xingrg/all/report/report_query.html?fileName=dma/new_5.0/yingye/yy_hz.xml&rw=1600 HTTP/1.1" 200 56155
180.169.147.146 - - [03/Feb/2022:13:29:14 +0800] "GET /xingrg/dwr/interface/AjaxReportQueryService.js HTTP/1.1" 200 13203
180.169.147.146 - - [03/Feb/2022:13:29:14 +0800] "GET /xingrg/dwr/engine.js HTTP/1.1" 200 43631
180.169.147.146 - - [03/Feb/2022:13:29:15 +0800] "POST /xingrg/dwr/call/plaincall/AjaxReportQueryService.getFixDate.dwr HTTP/1.1" 200 111
180.169.147.146 - - [03/Feb/2022:13:29:15 +0800] "POST /xingrg/all/common/load_tree.html?tree=area_station_tree_json&manage=1 HTTP/1.1" 200 688
101.83.241.155 - - [03/Feb/2022:13:29:18 +0800] "POST /xingrg/kc/base/wldb_order_operate.html HTTP/1.1" 200 37
101.83.241.155 - - [03/Feb/2022:13:29:18 +0800] "POST /xingrg/kc/base/wldb_order_operate.html HTTP/1.1" 200 8796
101.83.241.155 - - [03/Feb/2022:13:29:19 +0800] "GET /xingrg/kc/base/wldb_order_info.html?code=422022020300284 HTTP/1.1" 200 30332
180.169.147.146 - - [03/Feb/2022:13:29:19 +0800] "POST /xingrg/dwr/call/plaincall/AjaxReportQueryService.getFixDate.dwr HTTP/1.1" 200 111
180.157.251.97 - - [03/Feb/2022:13:29:19 +0800] "GET /xingrg/kc/base/wldb_order_operate.html?command=get_materiel&rest_code=00148&base_code=0010001&code=00101019183 HTTP/1.1" 200 434
101.83.241.155 - - [03/Feb/2022:13:29:19 +0800] "GET /xingrg/javascript/easyui/themes/default/validatebox.css HTTP/1.1" 404 1104
101.83.241.155 - - [03/Feb/2022:13:29:19 +0800] "POST /xingrg/kc/base/wldb_order_operate.html HTTP/1.1" 200 8796
180.169.147.146 - - [03/Feb/2022:13:29:23 +0800] "POST /xingrg/dwr/call/plaincall/AjaxReportQueryService.refreshCache.dwr HTTP/1.1" 200 78
180.157.251.97 - - [03/Feb/2022:13:29:23 +0800] "GET /xingrg/kc/base/wldb_order_operate.html?command=get_materiel&rest_code=00148&base_code=0010001&code=00101019400 HTTP/1.1" 200 450
180.169.147.146 - - [03/Feb/2022:13:29:23 +0800] "POST /xingrg/all/report/load_report_page.html HTTP/1.1" 200 50162
180.169.147.146 - - [03/Feb/2022:13:29:23 +0800] "GET /xingrg/servlets/image?cache=0.27093473763013864&image=px HTTP/1.1" 200 807
58.39.168.32 - - [03/Feb/2022:13:29:23 +0800] "GET /xingrg/all/function/internal_message.html?_=1643866163356&CODE_STATE=getMsg HTTP/1.1" 200 27
101.80.229.199 - - [03/Feb/2022:13:29:24 +0800] "GET /xingrg/all/function/internal_message.html?_=1643866164311&CODE_STATE=getMsg HTTP/1.1" 200 27
101.83.241.155 - - [03/Feb/2022:13:29:26 +0800] "GET /xingrg/kc/base/wldb_order_add.html HTTP/1.1" 200 30318
101.83.241.155 - - [03/Feb/2022:13:29:26 +0800] "POST /xingrg/kc/base/wldb_order_operate.html HTTP/1.1" 200 6806
101.83.241.155 - - [03/Feb/2022:13:29:26 +0800] "GET /xingrg/javascript/easyui/themes/default/validatebox.css HTTP/1.1" 404 1104
180.157.251.97 - - [03/Feb/2022:13:29:27 +0800] "GET /xingrg/kc/base/wldb_order_operate.html?command=get_materiel&rest_code=00148&base_code=0010001&code=00101016029 HTTP/1.1" 200 461
222.70.179.207 - - [03/Feb/2022:13:29:28 +0800] "GET /xingrg/all/function/internal_message.html?_=1643866164101&CODE_STATE=getMsg HTTP/1.1" 200 27
180.157.251.97 - - [03/Feb/2022:13:29:32 +0800] "GET /xingrg/kc/base/wldb_order_operate.html?command=get_materiel&rest_code=00148&base_code=0010001&code=00101016044 HTTP/1.1" 200 465
124.78.153.118 - - [03/Feb/2022:13:29:32 +0800] "GET /xingrg/all/function/internal_message.html?_=1643866168860&CODE_STATE=getMsg HTTP/1.1" 200 27
101.91.62.89 - - [03/Feb/2022:13:29:33 +0800] "GET /xingrg/all/function/internal_message.html?_=1643866108890&CODE_STATE=getMsg HTTP/1.1" 302 -
61.151.178.177 - - [03/Feb/2022:13:29:34 +0800] "GET /xingrg/check_reg.html?_=1643866110546 HTTP/1.1" 302 -
61.151.178.177 - - [03/Feb/2022:13:29:34 +0800] "GET /xingrg/login.html HTTP/1.1" 200 7641
101.83.241.155 - - [03/Feb/2022:13:29:35 +0800] "GET /xingrg/kc/base/wldb_order_operate.html?command=get_materiel&rest_code=00149&base_code=0010394&code=00101016049 HTTP/1.1" 200 447
180.152.99.73 - - [03/Feb/2022:13:29:36 +0800] "GET /xingrg/all/function/internal_message.html?_=1643866173961&CODE_STATE=getMsg HTTP/1.1" 200 27
180.152.99.73 - - [03/Feb/2022:13:29:36 +0800] "GET /xingrg/check_reg.html?_=1643866173963 HTTP/1.1" 200 22
101.91.62.89 - - [03/Feb/2022:13:29:36 +0800] "GET /xingrg/login.html HTTP/1.1" 200 7641
222.70.223.103 - - [03/Feb/2022:13:29:37 +0800] "GET /xingrg/all/function/internal_message.html?_=1643866173955&CODE_STATE=getMsg HTTP/1.1" 200 27
180.157.251.97 - - [03/Feb/2022:13:29:38 +0800] "GET /xingrg/kc/base/wldb_order_operate.html?command=get_materiel&rest_code=00148&base_code=0010001&code=00101019185 HTTP/1.1" 200 453
101.83.241.155 - - [03/Feb/2022:13:29:40 +0800] "GET /xingrg/all/function/internal_message.html?_=1643866175495&CODE_STATE=getMsg HTTP/1.1" 200 27
101.83.241.155 - - [03/Feb/2022:13:29:42 +0800] "GET /xingrg/kc/base/wldb_order_operate.html?command=get_materiel&rest_code=00149&base_code=0010394&code=00101013139 HTTP/1.1" 200 451
116.232.55.86 - - [03/Feb/2022:13:29:44 +0800] "GET /xingrg/check_reg.html?_=1643866182756 HTTP/1.1" 200 22
116.232.55.86 - - [03/Feb/2022:13:29:44 +0800] "GET /xingrg/all/function/internal_message.html?_=1643866182759&CODE_STATE=getMsg HTTP/1.1" 200 27
58.39.168.32 - - [03/Feb/2022:13:29:45 +0800] "GET /xingrg/all/function/internal_message.html?_=1643866120828&CODE_STATE=getMsg HTTP/1.1" 200 27
180.157.251.97 - - [03/Feb/2022:13:29:46 +0800] "GET /xingrg/all/function/internal_message.html?_=1643866184252&CODE_STATE=getMsg HTTP/1.1" 200 27
180.169.147.146 - - [03/Feb/2022:13:29:52 +0800] "GET /xingrg/all/function/internal_message.html?_=1643866189801&CODE_STATE=getMsg HTTP/1.1" 200 27
101.83.241.155 - - [03/Feb/2022:13:29:52 +0800] "POST /xingrg/kc/base/wldb_order_operate.html HTTP/1.1" 200 37
101.83.241.155 - - [03/Feb/2022:13:29:53 +0800] "POST /xingrg/kc/base/wldb_order_operate.html HTTP/1.1" 200 2679
101.83.241.155 - - [03/Feb/2022:13:29:54 +0800] "GET /xingrg/kc/base/wldb_order_info.html?code=422022020300285 HTTP/1.1" 200 30333
101.83.241.155 - - [03/Feb/2022:13:29:55 +0800] "GET /xingrg/javascript/easyui/themes/default/validatebox.css HTTP/1.1" 404 1104
101.83.241.155 - - [03/Feb/2022:13:29:55 +0800] "POST /xingrg/kc/base/wldb_order_operate.html HTTP/1.1" 200 2679
101.83.241.155 - - [03/Feb/2022:13:29:58 +0800] "POST /xingrg/kc/base/wldb_list_operate.html HTTP/1.1" 200 3794
180.152.99.39 - - [03/Feb/2022:13:30:00 +0800] "GET /xingrg/all/function/internal_message.html?_=1643866120493&CODE_STATE=getMsg HTTP/1.1" 200 27
222.70.243.96 - - [03/Feb/2022:13:30:02 +0800] "GET /xingrg/all/function/internal_message.html?_=1643866213021&CODE_STATE=getMsg HTTP/1.1" 302 -
180.157.251.97 - - [03/Feb/2022:13:30:06 +0800] "POST /xingrg/kc/base/wldb_order_operate.html HTTP/1.1" 200 37
180.157.251.97 - - [03/Feb/2022:13:30:06 +0800] "POST /xingrg/kc/base/wldb_order_operate.html HTTP/1.1" 200 5667
180.157.251.97 - - [03/Feb/2022:13:30:07 +0800] "GET /xingrg/kc/base/wldb_order_info.html?code=422022020300286 HTTP/1.1" 200 30329
180.157.251.97 - - [03/Feb/2022:13:30:07 +0800] "GET /xingrg/javascript/easyui/themes/default/validatebox.css HTTP/1.1" 404 1104
180.157.251.97 - - [03/Feb/2022:13:30:08 +0800] "POST /xingrg/kc/base/wldb_order_operate.html HTTP/1.1" 200 5667
101.83.241.155 - - [03/Feb/2022:13:30:08 +0800] "GET /xingrg/kc/base/wldb_order_add.html HTTP/1.1" 200 30318
101.83.241.155 - - [03/Feb/2022:13:30:08 +0800] "POST /xingrg/kc/base/wldb_order_operate.html HTTP/1.1" 200 6806
101.83.241.155 - - [03/Feb/2022:13:30:08 +0800] "GET /xingrg/javascript/easyui/themes/default/validatebox.css HTTP/1.1" 404 1104
180.162.112.109 - - [03/Feb/2022:13:30:09 +0800] "GET /xingrg/all/function/internal_message.html?_=1643865598053&CODE_STATE=getMsg HTTP/1.1" 200 27
180.157.251.97 - - [03/Feb/2022:13:30:10 +0800] "GET /xingrg/kc/base/wldb_order_add.html HTTP/1.1" 200 30314
180.157.251.97 - - [03/Feb/2022:13:30:10 +0800] "POST /xingrg/kc/base/wldb_order_operate.html HTTP/1.1" 200 6806
180.157.251.97 - - [03/Feb/2022:13:30:10 +0800] "GET /xingrg/javascript/easyui/themes/default/validatebox.css HTTP/1.1" 404 1104
222.70.243.96 - - [03/Feb/2022:13:30:14 +0800] "GET /xingrg/all/function/internal_message.html?_=1643866226308&CODE_STATE=getMsg HTTP/1.1" 200 27
58.39.168.32 - - [03/Feb/2022:13:30:23 +0800] "GET /xingrg/all/function/internal_message.html?_=1643866223329&CODE_STATE=getMsg HTTP/1.1" 200 27
101.80.229.199 - - [03/Feb/2022:13:30:24 +0800] "GET /xingrg/all/function/internal_message.html?_=1643866224293&CODE_STATE=getMsg HTTP/1.1" 200 27
101.83.241.155 - - [03/Feb/2022:13:30:24 +0800] "POST /xingrg/kc/base/wldb_list_operate.html HTTP/1.1" 200 3794
222.70.179.207 - - [03/Feb/2022:13:30:28 +0800] "GET /xingrg/all/function/internal_message.html?_=1643866224084&CODE_STATE=getMsg HTTP/1.1" 200 27
124.78.153.118 - - [03/Feb/2022:13:30:32 +0800] "GET /xingrg/all/function/internal_message.html?_=1643866228837&CODE_STATE=getMsg HTTP/1.1" 200 27
180.152.99.73 - - [03/Feb/2022:13:30:36 +0800] "GET /xingrg/all/function/internal_message.html?_=1643866233963&CODE_STATE=getMsg HTTP/1.1" 200 27
222.70.223.103 - - [03/Feb/2022:13:30:37 +0800] "GET /xingrg/all/function/internal_message.html?_=1643866233953&CODE_STATE=getMsg HTTP/1.1" 200 27
180.157.251.97 - - [03/Feb/2022:13:30:39 +0800] "GET /xingrg/kc/base/wldb_order_operate.html?command=get_materiel&rest_code=00148&base_code=0010001&code=00101019184 HTTP/1.1" 200 444
101.83.241.155 - - [03/Feb/2022:13:30:40 +0800] "GET /xingrg/all/function/internal_message.html?_=1643866235460&CODE_STATE=getMsg HTTP/1.1" 200 27
101.83.241.155 - - [03/Feb/2022:13:30:41 +0800] "GET /xingrg/check_reg.html?_=1643866236553 HTTP/1.1" 200 22
101.83.241.155 - - [03/Feb/2022:13:30:41 +0800] "POST /xingrg/kc/base/wldb_list_operate.html HTTP/1.1" 200 4
101.89.239.120 - - [03/Feb/2022:13:30:42 +0800] "GET /xingrg/all/function/internal_message.html?_=1643864969347&CODE_STATE=getMsg HTTP/1.1" 302 -
116.232.55.86 - - [03/Feb/2022:13:30:44 +0800] "GET /xingrg/all/function/internal_message.html?_=1643866242758&CODE_STATE=getMsg HTTP/1.1" 200 27
101.89.239.120 - - [03/Feb/2022:13:30:44 +0800] "GET /xingrg/login.html HTTP/1.1" 200 7641
222.70.179.207 - - [03/Feb/2022:13:30:44 +0800] "GET /xingrg/check_reg.html?_=1643866240668 HTTP/1.1" 200 22
58.39.168.32 - - [03/Feb/2022:13:30:45 +0800] "GET /xingrg/all/function/internal_message.html?_=1643866180814&CODE_STATE=getMsg HTTP/1.1" 200 27
58.39.168.32 - - [03/Feb/2022:13:30:46 +0800] "GET /xingrg/check_reg.html?_=1643866181800 HTTP/1.1" 200 22
180.157.251.97 - - [03/Feb/2022:13:30:46 +0800] "GET /xingrg/all/function/internal_message.html?_=1643866244265&CODE_STATE=getMsg HTTP/1.1" 200 27
101.83.241.155 - - [03/Feb/2022:13:30:49 +0800] "POST /xingrg/kc/base/wldb_list_operate.html HTTP/1.1" 200 928
180.169.147.146 - - [03/Feb/2022:13:30:52 +0800] "GET /xingrg/all/function/internal_message.html?_=1643866249804&CODE_STATE=getMsg HTTP/1.1" 200 27
116.235.92.83 - - [03/Feb/2022:13:30:52 +0800] "GET /xingrg/kc/buy/cgsh_order_operate.html?command=get_materiel&rest_code=00104&code=00101004030&supplier_code=00100312&order_time=2022-02-03 HTTP/1.1" 200 429
180.152.99.39 - - [03/Feb/2022:13:31:00 +0800] "GET /xingrg/all/function/internal_message.html?_=1643866180545&CODE_STATE=getMsg HTTP/1.1" 200 27
114.88.155.114 - - [03/Feb/2022:13:31:02 +0800] "GET /xingrg/check_reg.html?_=1643866050615 HTTP/1.1" 200 22
222.70.243.96 - - [03/Feb/2022:13:31:02 +0800] "GET /xingrg/all/function/internal_message.html?_=1643866273025&CODE_STATE=getMsg HTTP/1.1" 302 -
180.157.251.97 - - [03/Feb/2022:13:31:04 +0800] "GET /xingrg/kc/base/wldb_order_operate.html?command=get_materiel&rest_code=00148&base_code=0010001&code=00101019187 HTTP/1.1" 200 465
180.162.112.109 - - [03/Feb/2022:13:31:09 +0800] "GET /xingrg/all/function/internal_message.html?_=1643865658053&CODE_STATE=getMsg HTTP/1.1" 200 27
222.70.243.96 - - [03/Feb/2022:13:31:14 +0800] "GET /xingrg/all/function/internal_message.html?_=1643866286318&CODE_STATE=getMsg HTTP/1.1" 200 27
116.235.92.83 - - [03/Feb/2022:13:31:17 +0800] "GET /xingrg/kc/buy/cgsh_order_operate.html?command=get_materiel&rest_code=00104&code=00101001122&supplier_code=00100312&order_time=2022-02-03 HTTP/1.1" 200 412
101.80.229.199 - - [03/Feb/2022:13:31:21 +0800] "GET /xingrg/check_reg.html?_=1643866280920 HTTP/1.1" 200 22
58.39.168.32 - - [03/Feb/2022:13:31:23 +0800] "GET /xingrg/all/function/internal_message.html?_=1643866283306&CODE_STATE=getMsg HTTP/1.1" 200 27
101.80.229.199 - - [03/Feb/2022:13:31:24 +0800] "GET /xingrg/all/function/internal_message.html?_=1643866284269&CODE_STATE=getMsg HTTP/1.1" 200 27
58.39.168.32 - - [03/Feb/2022:13:31:26 +0800] "GET /xingrg/check_reg.html?_=1643866286181 HTTP/1.1" 200 22
222.70.179.207 - - [03/Feb/2022:13:31:28 +0800] "GET /xingrg/all/function/internal_message.html?_=1643866284054&CODE_STATE=getMsg HTTP/1.1" 200 27
124.78.153.118 - - [03/Feb/2022:13:31:32 +0800] "GET /xingrg/all/function/internal_message.html?_=1643866288814&CODE_STATE=getMsg HTTP/1.1" 200 27
116.235.92.83 - - [03/Feb/2022:13:31:34 +0800] "GET /xingrg/kc/buy/cgsh_order_operate.html?command=get_materiel&rest_code=00104&code=00101001096&supplier_code=00100312&order_time=2022-02-03 HTTP/1.1" 200 434
180.152.99.73 - - [03/Feb/2022:13:31:36 +0800] "GET /xingrg/all/function/internal_message.html?_=1643866293966&CODE_STATE=getMsg HTTP/1.1" 200 27
222.70.223.103 - - [03/Feb/2022:13:31:37 +0800] "GET /xingrg/all/function/internal_message.html?_=1643866293964&CODE_STATE=getMsg HTTP/1.1" 200 27
101.83.241.155 - - [03/Feb/2022:13:31:40 +0800] "GET /xingrg/all/function/internal_message.html?_=1643866295447&CODE_STATE=getMsg HTTP/1.1" 200 27
180.157.251.97 - - [03/Feb/2022:13:31:43 +0800] "GET /xingrg/kc/base/wldb_order_operate.html?command=get_materiel&rest_code=00148&base_code=0010001&code=00101019724 HTTP/1.1" 200 433
116.232.55.86 - - [03/Feb/2022:13:31:44 +0800] "GET /xingrg/all/function/internal_message.html?_=1643866302758&CODE_STATE=getMsg HTTP/1.1" 200 27
58.39.168.32 - - [03/Feb/2022:13:31:44 +0800] "GET /xingrg/all/function/internal_message.html?_=1643866240787&CODE_STATE=getMsg HTTP/1.1" 200 27
180.157.251.97 - - [03/Feb/2022:13:31:46 +0800] "GET /xingrg/all/function/internal_message.html?_=1643866304256&CODE_STATE=getMsg HTTP/1.1" 200 27
180.152.99.39 - - [03/Feb/2022:13:31:47 +0800] "GET /xingrg/check_reg.html?_=1643866227355 HTTP/1.1" 200 22
180.169.147.146 - - [03/Feb/2022:13:31:52 +0800] "GET /xingrg/check_reg.html?_=1643866309801 HTTP/1.1" 200 22
180.169.147.146 - - [03/Feb/2022:13:31:52 +0800] "GET /xingrg/all/function/internal_message.html?_=1643866309802&CODE_STATE=getMsg HTTP/1.1" 200 27
116.235.92.83 - - [03/Feb/2022:13:31:53 +0800] "GET /xingrg/kc/buy/cgsh_order_operate.html?command=get_materiel&rest_code=00104&code=00101001136&supplier_code=00100312&order_time=2022-02-03 HTTP/1.1" 200 432
180.152.99.39 - - [03/Feb/2022:13:32:00 +0800] "GET /xingrg/all/function/internal_message.html?_=1643866240551&CODE_STATE=getMsg HTTP/1.1" 200 27
222.70.243.96 - - [03/Feb/2022:13:32:02 +0800] "GET /xingrg/all/function/internal_message.html?_=1643866333066&CODE_STATE=getMsg HTTP/1.1" 302 -
180.157.251.97 - - [03/Feb/2022:13:32:03 +0800] "POST /xingrg/kc/base/wldb_order_operate.html HTTP/1.1" 200 37
180.157.251.97 - - [03/Feb/2022:13:32:03 +0800] "POST /xingrg/kc/base/wldb_order_operate.html HTTP/1.1" 200 6703
180.157.251.97 - - [03/Feb/2022:13:32:07 +0800] "GET /xingrg/kc/base/wldb_order_info.html?code=422022020300287 HTTP/1.1" 200 30331
180.157.251.97 - - [03/Feb/2022:13:32:08 +0800] "GET /xingrg/javascript/easyui/themes/default/validatebox.css HTTP/1.1" 404 1104
180.157.251.97 - - [03/Feb/2022:13:32:08 +0800] "POST /xingrg/kc/base/wldb_order_operate.html HTTP/1.1" 200 6703
116.235.92.83 - - [03/Feb/2022:13:32:09 +0800] "GET /xingrg/kc/buy/cgsh_order_operate.html?command=get_materiel&rest_code=00104&code=00101001029&supplier_code=00100312&order_time=2022-02-03 HTTP/1.1" 200 438
180.162.112.109 - - [03/Feb/2022:13:32:09 +0800] "GET /xingrg/all/function/internal_message.html?_=1643865718053&CODE_STATE=getMsg HTTP/1.1" 200 27
180.157.251.97 - - [03/Feb/2022:13:32:11 +0800] "GET /xingrg/kc/base/wldb_order_add.html HTTP/1.1" 200 30314
222.70.243.96 - - [03/Feb/2022:13:32:11 +0800] "GET /xingrg/check_reg.html?_=1643866343992 HTTP/1.1" 200 22
180.157.251.97 - - [03/Feb/2022:13:32:11 +0800] "POST /xingrg/kc/base/wldb_order_operate.html HTTP/1.1" 200 6806
180.157.251.97 - - [03/Feb/2022:13:32:12 +0800] "GET /xingrg/javascript/easyui/themes/default/validatebox.css HTTP/1.1" 404 1104
222.70.243.96 - - [03/Feb/2022:13:32:14 +0800] "GET /xingrg/all/function/internal_message.html?_=1643866346332&CODE_STATE=getMsg HTTP/1.1" 200 27
58.39.168.32 - - [03/Feb/2022:13:32:23 +0800] "GET /xingrg/all/function/internal_message.html?_=1643866343283&CODE_STATE=getMsg HTTP/1.1" 200 27
180.157.251.97 - - [03/Feb/2022:13:32:24 +0800] "GET /xingrg/kc/base/wldb_order_operate.html?command=get_materiel&rest_code=00148&base_code=0010002&code=00102002171 HTTP/1.1" 200 433
101.80.229.199 - - [03/Feb/2022:13:32:24 +0800] "GET /xingrg/all/function/internal_message.html?_=1643866344243&CODE_STATE=getMsg HTTP/1.1" 200 27
222.70.179.207 - - [03/Feb/2022:13:32:28 +0800] "GET /xingrg/all/function/internal_message.html?_=1643866344037&CODE_STATE=getMsg HTTP/1.1" 200 27
61.151.207.205 - - [03/Feb/2022:13:32:32 +0800] "GET /xingrg/all/function/internal_message.html?_=1643866288814&CODE_STATE=getMsg HTTP/1.1" 302 -
124.78.153.118 - - [03/Feb/2022:13:32:32 +0800] "GET /xingrg/all/function/internal_message.html?_=1643866348786&CODE_STATE=getMsg HTTP/1.1" 200 27
61.151.207.205 - - [03/Feb/2022:13:32:32 +0800] "GET /xingrg/login.html HTTP/1.1" 200 7641
180.157.251.97 - - [03/Feb/2022:13:32:34 +0800] "GET /xingrg/kc/base/wldb_order_operate.html?command=get_materiel&rest_code=00148&base_code=0010002&code=00102002471 HTTP/1.1" 200 429
180.152.99.73 - - [03/Feb/2022:13:32:36 +0800] "GET /xingrg/all/function/internal_message.html?_=1643866353967&CODE_STATE=getMsg HTTP/1.1" 200 27
222.70.223.103 - - [03/Feb/2022:13:32:37 +0800] "GET /xingrg/all/function/internal_message.html?_=1643866353952&CODE_STATE=getMsg HTTP/1.1" 200 27
101.83.241.155 - - [03/Feb/2022:13:32:39 +0800] "GET /xingrg/all/function/internal_message.html?_=1643866355437&CODE_STATE=getMsg HTTP/1.1" 200 27
180.157.251.97 - - [03/Feb/2022:13:32:42 +0800] "GET /xingrg/kc/base/wldb_order_operate.html?command=get_materiel&rest_code=00148&base_code=0010002&code=00102002362 HTTP/1.1" 200 434
116.235.92.83 - - [03/Feb/2022:13:32:42 +0800] "GET /xingrg/kc/buy/cgsh_order_operate.html?command=get_materiel&rest_code=00104&code=00101004020&supplier_code=00100312&order_time=2022-02-03 HTTP/1.1" 200 429
116.232.55.86 - - [03/Feb/2022:13:32:44 +0800] "GET /xingrg/all/function/internal_message.html?_=1643866362756&CODE_STATE=getMsg HTTP/1.1" 200 27
58.39.168.32 - - [03/Feb/2022:13:32:44 +0800] "GET /xingrg/all/function/internal_message.html?_=1643866300772&CODE_STATE=getMsg HTTP/1.1" 200 27
180.157.251.97 - - [03/Feb/2022:13:32:46 +0800] "GET /xingrg/all/function/internal_message.html?_=1643866364318&CODE_STATE=getMsg HTTP/1.1" 200 27
180.157.251.97 - - [03/Feb/2022:13:32:46 +0800] "GET /xingrg/check_reg.html?_=1643866364319 HTTP/1.1" 200 22
180.157.251.97 - - [03/Feb/2022:13:32:49 +0800] "GET /xingrg/kc/base/wldb_order_operate.html?command=get_materiel&rest_code=00148&base_code=0010002&code=00102002238 HTTP/1.1" 200 434
180.169.147.146 - - [03/Feb/2022:13:32:52 +0800] "GET /xingrg/all/function/internal_message.html?_=1643866369803&CODE_STATE=getMsg HTTP/1.1" 200 27
180.157.251.97 - - [03/Feb/2022:13:32:55 +0800] "POST /xingrg/kc/base/wldb_order_operate.html HTTP/1.1" 200 37
180.157.251.97 - - [03/Feb/2022:13:32:55 +0800] "POST /xingrg/kc/base/wldb_order_operate.html HTTP/1.1" 200 3126
180.157.251.97 - - [03/Feb/2022:13:32:56 +0800] "GET /xingrg/kc/base/wldb_order_info.html?code=422022020300288 HTTP/1.1" 200 30328
180.157.251.97 - - [03/Feb/2022:13:32:56 +0800] "GET /xingrg/javascript/easyui/themes/default/validatebox.css HTTP/1.1" 404 1104
180.157.251.97 - - [03/Feb/2022:13:32:57 +0800] "POST /xingrg/kc/base/wldb_order_operate.html HTTP/1.1" 200 3126
180.152.99.39 - - [03/Feb/2022:13:33:00 +0800] "GET /xingrg/all/function/internal_message.html?_=1643866300565&CODE_STATE=getMsg HTTP/1.1" 200 27
222.70.243.96 - - [03/Feb/2022:13:33:02 +0800] "GET /xingrg/all/function/internal_message.html?_=1643866393067&CODE_STATE=getMsg HTTP/1.1" 302 -
116.235.92.83 - - [03/Feb/2022:13:33:05 +0800] "POST /xingrg/kc/buy/cgsh_order_operate.html HTTP/1.1" 200 37
116.235.92.83 - - [03/Feb/2022:13:33:07 +0800] "POST /xingrg/kc/buy/cgsh_order_operate.html HTTP/1.1" 200 7410
116.235.92.83 - - [03/Feb/2022:13:33:09 +0800] "GET /xingrg/kc/print/load_data.html?order_code=212022020300251&kc_code=cgsh&condition= HTTP/1.1" 200 2502
180.162.112.109 - - [03/Feb/2022:13:33:09 +0800] "GET /xingrg/all/function/internal_message.html?_=1643865778052&CODE_STATE=getMsg HTTP/1.1" 200 27
222.70.243.96 - - [03/Feb/2022:13:33:14 +0800] "GET /xingrg/all/function/internal_message.html?_=1643866406346&CODE_STATE=getMsg HTTP/1.1" 200 27
58.39.168.32 - - [03/Feb/2022:13:33:23 +0800] "GET /xingrg/all/function/internal_message.html?_=1643866403260&CODE_STATE=getMsg HTTP/1.1" 200 27
101.80.229.199 - - [03/Feb/2022:13:33:24 +0800] "GET /xingrg/all/function/internal_message.html?_=1643866404214&CODE_STATE=getMsg HTTP/1.1" 200 27
222.70.179.207 - - [03/Feb/2022:13:33:28 +0800] "GET /xingrg/all/function/internal_message.html?_=1643866404021&CODE_STATE=getMsg HTTP/1.1" 200 27
180.157.251.97 - - [03/Feb/2022:13:33:29 +0800] "GET /xingrg/kc/base/wldb_order_add.html HTTP/1.1" 200 30314
180.157.251.97 - - [03/Feb/2022:13:33:30 +0800] "POST /xingrg/kc/base/wldb_order_operate.html HTTP/1.1" 200 6806
180.157.251.97 - - [03/Feb/2022:13:33:30 +0800] "GET /xingrg/javascript/easyui/themes/default/validatebox.css HTTP/1.1" 404 1104
61.151.178.163 - - [03/Feb/2022:13:33:32 +0800] "GET /xingrg/all/function/internal_message.html?_=1643866348786&CODE_STATE=getMsg HTTP/1.1" 302 -
124.78.153.118 - - [03/Feb/2022:13:33:32 +0800] "GET /xingrg/all/function/internal_message.html?_=1643866408759&CODE_STATE=getMsg HTTP/1.1" 200 27
61.151.178.163 - - [03/Feb/2022:13:33:33 +0800] "GET /xingrg/login.html HTTP/1.1" 200 7641
124.78.153.118 - - [03/Feb/2022:13:33:34 +0800] "GET /xingrg/check_reg.html?_=1643866410542 HTTP/1.1" 200 22
116.235.92.83 - - [03/Feb/2022:13:33:35 +0800] "GET /xingrg/kc/buy/cgsh_order_add.html HTTP/1.1" 200 65642
180.152.99.73 - - [03/Feb/2022:13:33:36 +0800] "GET /xingrg/all/function/internal_message.html?_=1643866413970&CODE_STATE=getMsg HTTP/1.1" 200 27
116.235.92.83 - - [03/Feb/2022:13:33:36 +0800] "POST /xingrg/kc/buy/cgsh_order_operate.html HTTP/1.1" 200 8245
116.235.92.83 - - [03/Feb/2022:13:33:36 +0800] "GET /xingrg/javascript/easyui/themes/default/validatebox.css HTTP/1.1" 404 1104
222.70.223.103 - - [03/Feb/2022:13:33:37 +0800] "GET /xingrg/all/function/internal_message.html?_=1643866413958&CODE_STATE=getMsg HTTP/1.1" 200 27
222.70.223.103 - - [03/Feb/2022:13:33:37 +0800] "GET /xingrg/check_reg.html?_=1643866413961 HTTP/1.1" 200 22
180.157.251.97 - - [03/Feb/2022:13:33:37 +0800] "GET /xingrg/kc/base/wldb_order_operate.html?command=get_materiel&rest_code=00148&base_code=&code=00102002238 HTTP/1.1" 200 433
101.83.241.155 - - [03/Feb/2022:13:33:39 +0800] "GET /xingrg/all/function/internal_message.html?_=1643866415427&CODE_STATE=getMsg HTTP/1.1" 200 27
116.232.55.86 - - [03/Feb/2022:13:33:44 +0800] "GET /xingrg/all/function/internal_message.html?_=1643866422756&CODE_STATE=getMsg HTTP/1.1" 200 27
58.39.168.32 - - [03/Feb/2022:13:33:44 +0800] "GET /xingrg/all/function/internal_message.html?_=1643866360757&CODE_STATE=getMsg HTTP/1.1" 200 27
180.157.251.97 - - [03/Feb/2022:13:33:46 +0800] "GET /xingrg/all/function/internal_message.html?_=1643866424272&CODE_STATE=getMsg HTTP/1.1" 200 27
180.157.251.97 - - [03/Feb/2022:13:33:49 +0800] "GET /xingrg/kc/base/wldb_order_operate.html?command=get_materiel&rest_code=00148&base_code=0010002&code=00102002460 HTTP/1.1" 200 431
180.169.147.146 - - [03/Feb/2022:13:33:52 +0800] "GET /xingrg/all/function/internal_message.html?_=1643866429791&CODE_STATE=getMsg HTTP/1.1" 200 27
116.235.92.83 - - [03/Feb/2022:13:33:52 +0800] "GET /xingrg/javascript/easyui/themes/default/tree.css HTTP/1.1" 404 1090
116.235.92.83 - - [03/Feb/2022:13:33:52 +0800] "POST /xingrg/all/common/load_tree.html?tree=supplier_tree_json&isDelete=1 HTTP/1.1" 200 62150
116.235.92.83 - - [03/Feb/2022:13:33:59 +0800] "GET /xingrg/check_reg.html?_=1643866581180 HTTP/1.1" 200 22
180.152.99.39 - - [03/Feb/2022:13:34:00 +0800] "GET /xingrg/all/function/internal_message.html?_=1643866360614&CODE_STATE=getMsg HTTP/1.1" 200 27
222.70.243.96 - - [03/Feb/2022:13:34:02 +0800] "GET /xingrg/all/function/internal_message.html?_=1643866453109&CODE_STATE=getMsg HTTP/1.1" 302 -
180.157.251.97 - - [03/Feb/2022:13:34:08 +0800] "GET /xingrg/kc/base/wldb_order_operate.html?command=get_materiel&rest_code=00148&base_code=0010002&code=00102002347 HTTP/1.1" 200 443
222.70.243.96 - - [03/Feb/2022:13:34:08 +0800] "GET /xingrg/check_reg.html?_=1643866459305 HTTP/1.1" 302 -
180.162.112.109 - - [03/Feb/2022:13:34:09 +0800] "GET /xingrg/check_reg.html?_=1643865838053 HTTP/1.1" 200 22
180.162.112.109 - - [03/Feb/2022:13:34:09 +0800] "GET /xingrg/all/function/internal_message.html?_=1643865838056&CODE_STATE=getMsg HTTP/1.1" 200 27
116.235.92.83 - - [03/Feb/2022:13:34:11 +0800] "GET /xingrg/kc/buy/cgsh_order_operate.html?command=get_materiel&rest_code=00104&code=00101004065&supplier_code=00100086&order_time=2022-02-03 HTTP/1.1" 200 434
180.157.251.97 - - [03/Feb/2022:13:34:13 +0800] "POST /xingrg/kc/base/wldb_order_operate.html HTTP/1.1" 200 37
180.157.251.97 - - [03/Feb/2022:13:34:13 +0800] "POST /xingrg/kc/base/wldb_order_operate.html HTTP/1.1" 200 3153
180.157.251.97 - - [03/Feb/2022:13:34:13 +0800] "GET /xingrg/kc/base/wldb_order_info.html?code=422022020300289 HTTP/1.1" 200 30331
222.70.243.96 - - [03/Feb/2022:13:34:14 +0800] "GET /xingrg/all/function/internal_message.html?_=1643866466359&CODE_STATE=getMsg HTTP/1.1" 200 27
180.157.251.97 - - [03/Feb/2022:13:34:14 +0800] "GET /xingrg/javascript/easyui/themes/default/validatebox.css HTTP/1.1" 404 1104
180.157.251.97 - - [03/Feb/2022:13:34:14 +0800] "POST /xingrg/kc/base/wldb_order_operate.html HTTP/1.1" 200 3153
180.157.251.97 - - [03/Feb/2022:13:34:17 +0800] "GET /xingrg/kc/base/wldb_order_add.html HTTP/1.1" 200 30314
180.157.251.97 - - [03/Feb/2022:13:34:17 +0800] "POST /xingrg/kc/base/wldb_order_operate.html HTTP/1.1" 200 6806
180.157.251.97 - - [03/Feb/2022:13:34:17 +0800] "GET /xingrg/javascript/easyui/themes/default/validatebox.css HTTP/1.1" 404 1104
58.39.168.32 - - [03/Feb/2022:13:34:23 +0800] "GET /xingrg/all/function/internal_message.html?_=1643866463238&CODE_STATE=getMsg HTTP/1.1" 200 27
116.235.92.83 - - [03/Feb/2022:13:34:24 +0800] "POST /xingrg/kc/buy/cgsh_order_operate.html HTTP/1.1" 200 37
101.80.229.199 - - [03/Feb/2022:13:34:24 +0800] "GET /xingrg/all/function/internal_message.html?_=1643866464186&CODE_STATE=getMsg HTTP/1.1" 200 27
116.235.92.83 - - [03/Feb/2022:13:34:25 +0800] "POST /xingrg/kc/buy/cgsh_order_operate.html HTTP/1.1" 200 2662
180.157.251.97 - - [03/Feb/2022:13:34:25 +0800] "GET /xingrg/kc/base/wldb_order_operate.html?command=get_materiel&rest_code=00148&base_code=0010002&code=00102002304 HTTP/1.1" 200 449
116.235.92.83 - - [03/Feb/2022:13:34:26 +0800] "GET /xingrg/kc/print/load_data.html?order_code=212022020300252&kc_code=cgsh&condition= HTTP/1.1" 200 751
222.70.179.207 - - [03/Feb/2022:13:34:28 +0800] "GET /xingrg/all/function/internal_message.html?_=1643866464031&CODE_STATE=getMsg HTTP/1.1" 200 27
180.157.251.97 - - [03/Feb/2022:13:34:30 +0800] "POST /xingrg/kc/base/wldb_order_operate.html HTTP/1.1" 200 37
180.157.251.97 - - [03/Feb/2022:13:34:31 +0800] "POST /xingrg/kc/base/wldb_order_operate.html HTTP/1.1" 200 2206
180.157.251.97 - - [03/Feb/2022:13:34:31 +0800] "GET /xingrg/kc/base/wldb_order_info.html?code=422022020300290 HTTP/1.1" 200 30328
180.157.251.97 - - [03/Feb/2022:13:34:31 +0800] "GET /xingrg/javascript/easyui/themes/default/validatebox.css HTTP/1.1" 404 1104
180.157.251.97 - - [03/Feb/2022:13:34:31 +0800] "POST /xingrg/kc/base/wldb_order_operate.html HTTP/1.1" 200 2206
124.78.153.118 - - [03/Feb/2022:13:34:32 +0800] "GET /xingrg/all/function/internal_message.html?_=1643866468742&CODE_STATE=getMsg HTTP/1.1" 200 27
61.151.178.163 - - [03/Feb/2022:13:34:33 +0800] "GET /xingrg/check_reg.html?_=1643866410542 HTTP/1.1" 302 -
180.157.251.97 - - [03/Feb/2022:13:34:34 +0800] "POST /xingrg/kc/base/wldb_list_operate.html HTTP/1.1" 200 4154
61.151.178.163 - - [03/Feb/2022:13:34:34 +0800] "GET /xingrg/login.html HTTP/1.1" 200 7641
116.235.92.83 - - [03/Feb/2022:13:34:35 +0800] "GET /xingrg/kc/buy/cgsh_order_add.html HTTP/1.1" 200 65642
116.235.92.83 - - [03/Feb/2022:13:34:35 +0800] "POST /xingrg/kc/buy/cgsh_order_operate.html HTTP/1.1" 200 8245
116.235.92.83 - - [03/Feb/2022:13:34:35 +0800] "GET /xingrg/javascript/easyui/themes/default/validatebox.css HTTP/1.1" 404 1104
180.152.99.73 - - [03/Feb/2022:13:34:36 +0800] "GET /xingrg/all/function/internal_message.html?_=1643866473969&CODE_STATE=getMsg HTTP/1.1" 200 27
180.152.99.73 - - [03/Feb/2022:13:34:36 +0800] "GET /xingrg/check_reg.html?_=1643866473971 HTTP/1.1" 200 22
222.70.223.103 - - [03/Feb/2022:13:34:37 +0800] "GET /xingrg/all/function/internal_message.html?_=1643866473951&CODE_STATE=getMsg HTTP/1.1" 200 27
101.83.241.155 - - [03/Feb/2022:13:34:39 +0800] "GET /xingrg/all/function/internal_message.html?_=1643866475412&CODE_STATE=getMsg HTTP/1.1" 200 27
116.232.55.86 - - [03/Feb/2022:13:34:44 +0800] "GET /xingrg/check_reg.html?_=1643866482757 HTTP/1.1" 200 22
116.232.55.86 - - [03/Feb/2022:13:34:44 +0800] "GET /xingrg/all/function/internal_message.html?_=1643866482759&CODE_STATE=getMsg HTTP/1.1" 200 27
58.39.168.32 - - [03/Feb/2022:13:34:44 +0800] "GET /xingrg/all/function/internal_message.html?_=1643866420742&CODE_STATE=getMsg HTTP/1.1" 200 27
180.157.251.97 - - [03/Feb/2022:13:34:46 +0800] "GET /xingrg/all/function/internal_message.html?_=1643866484263&CODE_STATE=getMsg HTTP/1.1" 200 27
180.169.147.146 - - [03/Feb/2022:13:34:52 +0800] "GET /xingrg/all/function/internal_message.html?_=1643866489792&CODE_STATE=getMsg HTTP/1.1" 200 27
180.152.99.39 - - [03/Feb/2022:13:35:00 +0800] "GET /xingrg/all/function/internal_message.html?_=1643866420623&CODE_STATE=getMsg HTTP/1.1" 200 27
222.70.243.96 - - [03/Feb/2022:13:35:02 +0800] "GET /xingrg/all/function/internal_message.html?_=1643866513136&CODE_STATE=getMsg HTTP/1.1" 302 -
180.162.112.109 - - [03/Feb/2022:13:35:09 +0800] "GET /xingrg/all/function/internal_message.html?_=1643865898055&CODE_STATE=getMsg HTTP/1.1" 200 27
222.70.243.96 - - [03/Feb/2022:13:35:14 +0800] "GET /xingrg/all/function/internal_message.html?_=1643866526856&CODE_STATE=getMsg HTTP/1.1" 200 27
58.39.168.32 - - [03/Feb/2022:13:35:23 +0800] "GET /xingrg/all/function/internal_message.html?_=1643866523211&CODE_STATE=getMsg HTTP/1.1" 200 27
101.80.229.199 - - [03/Feb/2022:13:35:24 +0800] "GET /xingrg/all/function/internal_message.html?_=1643866524172&CODE_STATE=getMsg HTTP/1.1" 200 27
222.70.179.207 - - [03/Feb/2022:13:35:28 +0800] "GET /xingrg/all/function/internal_message.html?_=1643866524014&CODE_STATE=getMsg HTTP/1.1" 200 27
124.78.153.118 - - [03/Feb/2022:13:35:32 +0800] "GET /xingrg/all/function/internal_message.html?_=1643866528713&CODE_STATE=getMsg HTTP/1.1" 200 27
61.151.178.163 - - [03/Feb/2022:13:35:32 +0800] "GET /xingrg/all/function/internal_message.html?_=1643866468742&CODE_STATE=getMsg HTTP/1.1" 302 -
61.151.178.163 - - [03/Feb/2022:13:35:32 +0800] "GET /xingrg/login.html HTTP/1.1" 200 7641
180.152.99.73 - - [03/Feb/2022:13:35:36 +0800] "GET /xingrg/all/function/internal_message.html?_=1643866533976&CODE_STATE=getMsg HTTP/1.1" 200 27
222.70.223.103 - - [03/Feb/2022:13:35:37 +0800] "GET /xingrg/all/function/internal_message.html?_=1643866533968&CODE_STATE=getMsg HTTP/1.1" 200 27
101.83.241.155 - - [03/Feb/2022:13:35:39 +0800] "GET /xingrg/all/function/internal_message.html?_=1643866535403&CODE_STATE=getMsg HTTP/1.1" 200 27
116.235.92.83 - - [03/Feb/2022:13:35:40 +0800] "GET /xingrg/kc/buy/cgsh_order_operate.html?command=get_materiel&rest_code=00104&code=00101001051&supplier_code=00100491&order_time=2022-02-03 HTTP/1.1" 200 424
101.83.241.155 - - [03/Feb/2022:13:35:41 +0800] "GET /xingrg/check_reg.html?_=1643866536545 HTTP/1.1" 200 22
180.157.251.97 - - [03/Feb/2022:13:35:43 +0800] "POST /xingrg/kc/base/wldb_list_operate.html HTTP/1.1" 200 4
180.157.251.97 - - [03/Feb/2022:13:35:44 +0800] "POST /xingrg/kc/base/wldb_list_operate.html HTTP/1.1" 200 928
116.232.55.86 - - [03/Feb/2022:13:35:44 +0800] "GET /xingrg/all/function/internal_message.html?_=1643866542758&CODE_STATE=getMsg HTTP/1.1" 200 27
222.70.179.207 - - [03/Feb/2022:13:35:44 +0800] "GET /xingrg/check_reg.html?_=1643866540691 HTTP/1.1" 200 22
58.39.168.32 - - [03/Feb/2022:13:35:44 +0800] "GET /xingrg/all/function/internal_message.html?_=1643866480728&CODE_STATE=getMsg HTTP/1.1" 200 27
58.39.168.32 - - [03/Feb/2022:13:35:46 +0800] "GET /xingrg/check_reg.html?_=1643866481807 HTTP/1.1" 200 22
180.157.251.97 - - [03/Feb/2022:13:35:46 +0800] "GET /xingrg/kc/buy/cgsh_order_list.html HTTP/1.1" 200 49826
180.157.251.97 - - [03/Feb/2022:13:35:46 +0800] "GET /xingrg/all/function/internal_message.html?_=1643866544317&CODE_STATE=getMsg HTTP/1.1" 200 27
101.89.239.245 - - [03/Feb/2022:13:35:48 +0800] "GET /xingrg/all/function/internal_message.html?_=1643866048922&CODE_STATE=getMsg HTTP/1.1" 302 -
101.89.239.245 - - [03/Feb/2022:13:35:50 +0800] "GET /xingrg/login.html HTTP/1.1" 200 7641
180.169.147.146 - - [03/Feb/2022:13:35:52 +0800] "GET /xingrg/all/function/internal_message.html?_=1643866549784&CODE_STATE=getMsg HTTP/1.1" 200 27
180.152.99.39 - - [03/Feb/2022:13:36:00 +0800] "GET /xingrg/all/function/internal_message.html?_=1643866480676&CODE_STATE=getMsg HTTP/1.1" 200 27
180.157.251.97 - - [03/Feb/2022:13:36:01 +0800] "POST /xingrg/kc/buy/cgsh_list_operate.html HTTP/1.1" 200 5092
114.88.155.114 - - [03/Feb/2022:13:36:02 +0800] "GET /xingrg/check_reg.html?_=1643866350619 HTTP/1.1" 200 22
222.70.243.96 - - [03/Feb/2022:13:36:02 +0800] "GET /xingrg/all/function/internal_message.html?_=1643866573139&CODE_STATE=getMsg HTTP/1.1" 302 -
116.235.92.83 - - [03/Feb/2022:13:36:07 +0800] "POST /xingrg/kc/buy/cgsh_order_operate.html HTTP/1.1" 200 37
180.162.112.109 - - [03/Feb/2022:13:36:09 +0800] "GET /xingrg/all/function/internal_message.html?_=1643865958055&CODE_STATE=getMsg HTTP/1.1" 200 27
116.235.92.83 - - [03/Feb/2022:13:36:09 +0800] "POST /xingrg/kc/buy/cgsh_order_operate.html HTTP/1.1" 200 2671
116.235.92.83 - - [03/Feb/2022:13:36:11 +0800] "GET /xingrg/kc/print/load_data.html?order_code=212022020300253&kc_code=cgsh&condition= HTTP/1.1" 200 685
222.70.243.96 - - [03/Feb/2022:13:36:14 +0800] "GET /xingrg/all/function/internal_message.html?_=1643866586871&CODE_STATE=getMsg HTTP/1.1" 200 27
101.80.229.199 - - [03/Feb/2022:13:36:21 +0800] "GET /xingrg/check_reg.html?_=1643866580897 HTTP/1.1" 200 22
58.39.168.32 - - [03/Feb/2022:13:36:23 +0800] "GET /xingrg/all/function/internal_message.html?_=1643866583185&CODE_STATE=getMsg HTTP/1.1" 200 27
101.80.229.199 - - [03/Feb/2022:13:36:24 +0800] "GET /xingrg/all/function/internal_message.html?_=1643866584151&CODE_STATE=getMsg HTTP/1.1" 200 27
58.39.168.32 - - [03/Feb/2022:13:36:26 +0800] "GET /xingrg/check_reg.html?_=1643866586183 HTTP/1.1" 200 22
222.70.179.207 - - [03/Feb/2022:13:36:28 +0800] "GET /xingrg/all/function/internal_message.html?_=1643866583998&CODE_STATE=getMsg HTTP/1.1" 200 27
180.157.251.97 - - [03/Feb/2022:13:36:30 +0800] "POST /xingrg/kc/buy/cgsh_list_operate.html HTTP/1.1" 200 4
124.78.153.118 - - [03/Feb/2022:13:36:32 +0800] "GET /xingrg/all/function/internal_message.html?_=1643866588692&CODE_STATE=getMsg HTTP/1.1" 200 27
101.91.60.11 - - [03/Feb/2022:13:36:33 +0800] "GET /xingrg/all/function/internal_message.html?_=1643866528713&CODE_STATE=getMsg HTTP/1.1" 302 -
116.235.92.83 - - [03/Feb/2022:13:36:33 +0800] "GET /xingrg/kc/buy/cgsh_order_add.html HTTP/1.1" 200 65642
116.235.92.83 - - [03/Feb/2022:13:36:33 +0800] "POST /xingrg/kc/buy/cgsh_order_operate.html HTTP/1.1" 200 8245
116.235.92.83 - - [03/Feb/2022:13:36:33 +0800] "GET /xingrg/javascript/easyui/themes/default/validatebox.css HTTP/1.1" 404 1104
101.91.60.11 - - [03/Feb/2022:13:36:34 +0800] "GET /xingrg/login.html HTTP/1.1" 200 7641
180.152.99.73 - - [03/Feb/2022:13:36:36 +0800] "GET /xingrg/all/function/internal_message.html?_=1643866593982&CODE_STATE=getMsg HTTP/1.1" 200 27
222.70.223.103 - - [03/Feb/2022:13:36:37 +0800] "GET /xingrg/all/function/internal_message.html?_=1643866593969&CODE_STATE=getMsg HTTP/1.1" 200 27
101.83.241.155 - - [03/Feb/2022:13:36:39 +0800] "GET /xingrg/all/function/internal_message.html?_=1643866595389&CODE_STATE=getMsg HTTP/1.1" 200 27
116.232.55.86 - - [03/Feb/2022:13:36:44 +0800] "GET /xingrg/all/function/internal_message.html?_=1643866602759&CODE_STATE=getMsg HTTP/1.1" 200 27
58.39.168.32 - - [03/Feb/2022:13:36:44 +0800] "GET /xingrg/all/function/internal_message.html?_=1643866540700&CODE_STATE=getMsg HTTP/1.1" 200 27
180.152.99.39 - - [03/Feb/2022:13:36:47 +0800] "GET /xingrg/check_reg.html?_=1643866527363 HTTP/1.1" 200 22
222.70.223.103 - - [03/Feb/2022:13:36:50 +0800] "POST /xingrg/services/DataTransmitService HTTP/1.1" 200 524
222.70.223.103 - - [03/Feb/2022:13:36:50 +0800] "POST /xingrg/services/DataTransmitService HTTP/1.1" 200 501
180.169.147.146 - - [03/Feb/2022:13:36:52 +0800] "GET /xingrg/all/function/internal_message.html?_=1643866609792&CODE_STATE=getMsg HTTP/1.1" 200 27
180.169.147.146 - - [03/Feb/2022:13:36:52 +0800] "GET /xingrg/check_reg.html?_=1643866609797 HTTP/1.1" 200 22
180.152.99.39 - - [03/Feb/2022:13:37:00 +0800] "GET /xingrg/all/function/internal_message.html?_=1643866540681&CODE_STATE=getMsg HTTP/1.1" 200 27
222.70.243.96 - - [03/Feb/2022:13:37:02 +0800] "GET /xingrg/all/function/internal_message.html?_=1643866633181&CODE_STATE=getMsg HTTP/1.1" 302 -
116.235.92.83 - - [03/Feb/2022:13:37:04 +0800] "GET /xingrg/kc/buy/cgsh_order_operate.html?command=get_materiel&rest_code=00104&code=00101010161&supplier_code=00100334&order_time=2022-02-03 HTTP/1.1" 200 429
180.162.112.109 - - [03/Feb/2022:13:37:09 +0800] "GET /xingrg/all/function/internal_message.html?_=1643866018055&CODE_STATE=getMsg HTTP/1.1" 200 27
222.70.243.96 - - [03/Feb/2022:13:37:12 +0800] "GET /xingrg/check_reg.html?_=1643866644526 HTTP/1.1" 200 22
222.70.243.96 - - [03/Feb/2022:13:37:14 +0800] "GET /xingrg/all/function/internal_message.html?_=1643866646884&CODE_STATE=getMsg HTTP/1.1" 200 27
