180.169.147.146 - - [03/Feb/2022:12:54:48 +0800] "GET /xingrg/javascript/jquery_easy_ui/themes/icons/setting_new.png HTTP/1.1" 200 450
180.169.147.146 - - [03/Feb/2022:12:54:48 +0800] "GET /xingrg/javascript/jquery_easy_ui/themes/icons/systemset_new.png HTTP/1.1" 200 606
180.169.147.146 - - [03/Feb/2022:12:54:48 +0800] "GET /xingrg/javascript/jquery_easy_ui/themes/default/images/tree_file.gif HTTP/1.1" 200 118
180.169.147.146 - - [03/Feb/2022:12:54:48 +0800] "GET /xingrg/javascript/jquery_easy_ui/themes/default/images/tree_folder.gif HTTP/1.1" 200 952
180.157.251.97 - - [03/Feb/2022:12:54:50 +0800] "POST /xingrg/kc/buy/cgsh_order_operate.html HTTP/1.1" 200 37
180.169.147.146 - - [03/Feb/2022:12:54:54 +0800] "POST /xingrg/load_menu.html HTTP/1.1" 200 10483
120.253.135.82 - - [03/Feb/2022:12:54:54 +0800] "GET /xingrg/check_reg.html?_=1643863884651 HTTP/1.1" 200 22
180.157.251.97 - - [03/Feb/2022:12:54:54 +0800] "POST /xingrg/kc/buy/cgsh_order_operate.html HTTP/1.1" 200 3267
120.253.135.82 - - [03/Feb/2022:12:54:55 +0800] "GET /xingrg/all/function/internal_message.html?_=1643863885071&CODE_STATE=getMsg HTTP/1.1" 200 27
180.169.147.146 - - [03/Feb/2022:12:54:56 +0800] "GET /xingrg/all/report/report_query.html?fileName=dma/new_5.0/yingye/yy_hz.xml&rw=1600 HTTP/1.1" 200 56155
180.169.147.146 - - [03/Feb/2022:12:54:56 +0800] "GET /xingrg/javascript/jquery_easy_ui/themes/default/images/tabs_close.gif HTTP/1.1" 200 829
180.169.147.146 - - [03/Feb/2022:12:54:56 +0800] "GET /xingrg/css/blue.css HTTP/1.1" 200 15949
180.169.147.146 - - [03/Feb/2022:12:54:56 +0800] "GET /xingrg/javascript/multi_select/jqueryMultiSelect.css HTTP/1.1" 200 951
180.169.147.146 - - [03/Feb/2022:12:54:56 +0800] "GET /xingrg/javascript/calendar/timePicker.css HTTP/1.1" 200 523
180.169.147.146 - - [03/Feb/2022:12:54:56 +0800] "GET /xingrg/javascript/bigrid/fix.css HTTP/1.1" 200 1702
180.169.147.146 - - [03/Feb/2022:12:54:56 +0800] "GET /xingrg/dwr/interface/AjaxReportQueryService.js HTTP/1.1" 200 13203
180.169.147.146 - - [03/Feb/2022:12:54:56 +0800] "GET /xingrg/javascript/pic_change.js HTTP/1.1" 200 4739
180.169.147.146 - - [03/Feb/2022:12:54:56 +0800] "GET /xingrg/dwr/engine.js HTTP/1.1" 200 43631
180.169.147.146 - - [03/Feb/2022:12:54:56 +0800] "GET /xingrg/dwr/util.js HTTP/1.1" 200 35990
180.169.147.146 - - [03/Feb/2022:12:54:56 +0800] "GET /xingrg/javascript/myfunction.js HTTP/1.1" 200 24559
180.169.147.146 - - [03/Feb/2022:12:54:56 +0800] "GET /xingrg/javascript/calendar/jquery.timePicker.min.js HTTP/1.1" 200 2997
180.169.147.146 - - [03/Feb/2022:12:54:56 +0800] "GET /xingrg/javascript/bigrid/fix.js HTTP/1.1" 200 6439
180.169.147.146 - - [03/Feb/2022:12:54:56 +0800] "GET /xingrg/javascript/jqueryMultiSelect.js HTTP/1.1" 200 11866
180.169.147.146 - - [03/Feb/2022:12:54:56 +0800] "GET /xingrg/javascript/Calendar.js HTTP/1.1" 200 31561
180.169.147.146 - - [03/Feb/2022:12:54:56 +0800] "GET /xingrg/images/control/loading.gif HTTP/1.1" 200 13463
180.169.147.146 - - [03/Feb/2022:12:54:56 +0800] "GET /xingrg/images/blue/button/advanceover.gif HTTP/1.1" 200 1347
180.169.147.146 - - [03/Feb/2022:12:54:56 +0800] "GET /xingrg/images/blue/button/advance2over.gif HTTP/1.1" 200 1336
180.169.147.146 - - [03/Feb/2022:12:54:56 +0800] "GET /xingrg/images/blue/button/backover.gif HTTP/1.1" 200 1348
180.169.147.146 - - [03/Feb/2022:12:54:56 +0800] "GET /xingrg/images/blue/button/back2over.gif HTTP/1.1" 200 1335
180.169.147.146 - - [03/Feb/2022:12:54:56 +0800] "GET /xingrg/javascript/jquery_easy_ui/themes/icons/help.png HTTP/1.1" 200 1187
180.169.147.146 - - [03/Feb/2022:12:54:56 +0800] "GET /xingrg/javascript/jquery_easy_ui/themes/default/images/menu_downarrow.png HTTP/1.1" 200 173
180.169.147.146 - - [03/Feb/2022:12:54:56 +0800] "GET /xingrg/javascript/jquery_easy_ui/themes/default/images/button_a_bg.gif HTTP/1.1" 200 1194
180.169.147.146 - - [03/Feb/2022:12:54:56 +0800] "POST /xingrg/dwr/call/plaincall/AjaxReportQueryService.getFixDate.dwr HTTP/1.1" 200 111
180.169.147.146 - - [03/Feb/2022:12:54:56 +0800] "GET /xingrg/javascript/jquery_easy_ui/themes/default/images/menu.gif HTTP/1.1" 200 834
180.169.147.146 - - [03/Feb/2022:12:54:56 +0800] "GET /xingrg/javascript/jquery_easy_ui/themes/icons/pencil.png HTTP/1.1" 200 713
180.169.147.146 - - [03/Feb/2022:12:54:56 +0800] "GET /xingrg/javascript/jquery_easy_ui/themes/default/images/menu_rightarrow.png HTTP/1.1" 200 3617
180.169.147.146 - - [03/Feb/2022:12:54:56 +0800] "GET /xingrg/javascript/jquery_easy_ui/themes/icons/print.png HTTP/1.1" 200 1057
180.169.147.146 - - [03/Feb/2022:12:54:56 +0800] "POST /xingrg/all/common/load_tree.html?tree=area_station_tree_json&manage=1 HTTP/1.1" 200 688
180.169.147.146 - - [03/Feb/2022:12:54:56 +0800] "GET /xingrg/javascript/jquery_easy_ui/themes/default/images/combo_arrow_dot.gif HTTP/1.1" 200 79
180.169.147.146 - - [03/Feb/2022:12:54:56 +0800] "GET /xingrg/javascript/jquery_easy_ui/themes/icons/rest.png HTTP/1.1" 200 695
180.169.147.146 - - [03/Feb/2022:12:54:56 +0800] "GET /xingrg/javascript/jquery_easy_ui/themes/default/images/tree_checkbox_0.gif HTTP/1.1" 200 168
180.169.147.146 - - [03/Feb/2022:12:54:58 +0800] "GET /xingrg/javascript/jquery_easy_ui/themes/icons/area.png HTTP/1.1" 200 262
180.169.147.146 - - [03/Feb/2022:12:54:58 +0800] "GET /xingrg/javascript/jquery_easy_ui/themes/icons/manage.png HTTP/1.1" 200 696
180.152.99.39 - - [03/Feb/2022:12:54:59 +0800] "GET /xingrg/all/function/internal_message.html?_=1643864019517&CODE_STATE=getMsg HTTP/1.1" 200 27
222.70.243.96 - - [03/Feb/2022:12:55:01 +0800] "GET /xingrg/all/function/internal_message.html?_=1643864112187&CODE_STATE=getMsg HTTP/1.1" 302 -
180.152.99.73 - - [03/Feb/2022:12:55:02 +0800] "GET /xingrg/all/function/internal_message.html?_=1643864100584&CODE_STATE=getMsg HTTP/1.1" 200 27
180.169.147.146 - - [03/Feb/2022:12:55:03 +0800] "GET /xingrg/javascript/jquery_easy_ui/themes/default/images/tree_checkbox_1.gif HTTP/1.1" 200 174
180.169.147.146 - - [03/Feb/2022:12:55:03 +0800] "GET /xingrg/javascript/jquery_easy_ui/themes/default/images/tree_checkbox_2.gif HTTP/1.1" 200 181
180.169.147.146 - - [03/Feb/2022:12:55:03 +0800] "GET /xingrg/javascript/jquery_easy_ui/themes/default/images/button_plain_hover.png HTTP/1.1" 200 252
180.169.147.146 - - [03/Feb/2022:12:55:04 +0800] "POST /xingrg/dwr/call/plaincall/AjaxReportQueryService.refreshCache.dwr HTTP/1.1" 200 78
180.152.99.73 - - [03/Feb/2022:12:55:04 +0800] "GET /xingrg/kc/base/wldb_order_add.html HTTP/1.1" 200 30318
180.152.99.73 - - [03/Feb/2022:12:55:05 +0800] "POST /xingrg/kc/base/wldb_order_operate.html HTTP/1.1" 200 6806
180.152.99.73 - - [03/Feb/2022:12:55:05 +0800] "GET /xingrg/javascript/easyui/themes/default/validatebox.css HTTP/1.1" 404 1104
180.169.147.146 - - [03/Feb/2022:12:55:08 +0800] "POST /xingrg/all/report/load_report_page.html HTTP/1.1" 200 32757
180.169.147.146 - - [03/Feb/2022:12:55:08 +0800] "GET /xingrg/servlets/image?cache=0.9497788810479928&image=px HTTP/1.1" 200 807
180.162.112.109 - - [03/Feb/2022:12:55:09 +0800] "GET /xingrg/all/function/internal_message.html?_=1643863498030&CODE_STATE=getMsg HTTP/1.1" 200 27
222.70.243.96 - - [03/Feb/2022:12:55:10 +0800] "GET /xingrg/all/function/internal_message.html?_=1643864122485&CODE_STATE=getMsg HTTP/1.1" 200 27
180.152.99.73 - - [03/Feb/2022:12:55:13 +0800] "GET /xingrg/kc/base/wldb_order_operate.html?command=get_materiel&rest_code=00150&base_code=0010446&code=00102002439 HTTP/1.1" 200 458
180.169.147.146 - - [03/Feb/2022:12:55:15 +0800] "GET /favicon.ico HTTP/1.1" 404 -
180.152.99.73 - - [03/Feb/2022:12:55:19 +0800] "GET /xingrg/kc/base/wldb_order_operate.html?command=get_materiel&rest_code=00150&base_code=0010446&code=00102002497 HTTP/1.1" 200 440
180.157.251.97 - - [03/Feb/2022:12:55:19 +0800] "GET /xingrg/kc/print/load_data.html?order_code=212022020300232&kc_code=cgsh&condition= HTTP/1.1" 200 977
180.157.251.97 - - [03/Feb/2022:12:55:23 +0800] "GET /xingrg/kc/buy/cgsh_order_add.html HTTP/1.1" 200 65589
180.157.251.97 - - [03/Feb/2022:12:55:23 +0800] "POST /xingrg/kc/buy/cgsh_order_operate.html HTTP/1.1" 200 8245
180.157.251.97 - - [03/Feb/2022:12:55:23 +0800] "GET /xingrg/javascript/easyui/themes/default/validatebox.css HTTP/1.1" 404 1104
180.152.99.73 - - [03/Feb/2022:12:55:24 +0800] "POST /xingrg/kc/base/wldb_order_operate.html HTTP/1.1" 200 37
58.39.168.32 - - [03/Feb/2022:12:55:24 +0800] "GET /xingrg/all/function/internal_message.html?_=1643864124158&CODE_STATE=getMsg HTTP/1.1" 200 27
101.80.229.199 - - [03/Feb/2022:12:55:25 +0800] "GET /xingrg/all/function/internal_message.html?_=1643864125173&CODE_STATE=getMsg HTTP/1.1" 200 27
180.152.99.73 - - [03/Feb/2022:12:55:26 +0800] "POST /xingrg/kc/base/wldb_order_operate.html HTTP/1.1" 200 12
180.152.99.73 - - [03/Feb/2022:12:55:26 +0800] "POST /xingrg/kc/base/wldb_order_operate.html HTTP/1.1" 200 2692
222.70.179.207 - - [03/Feb/2022:12:55:28 +0800] "GET /xingrg/all/function/internal_message.html?_=1643864124581&CODE_STATE=getMsg HTTP/1.1" 200 27
180.152.99.73 - - [03/Feb/2022:12:55:31 +0800] "GET /xingrg/kc/base/wldb_order_info.html?code=422022020300274 HTTP/1.1" 200 26198
180.152.99.73 - - [03/Feb/2022:12:55:31 +0800] "GET /xingrg/javascript/easyui/themes/default/validatebox.css HTTP/1.1" 404 1104
180.152.99.73 - - [03/Feb/2022:12:55:32 +0800] "POST /xingrg/kc/base/wldb_order_operate.html HTTP/1.1" 200 975
124.78.153.118 - - [03/Feb/2022:12:55:33 +0800] "GET /xingrg/all/function/internal_message.html?_=1643864129692&CODE_STATE=getMsg HTTP/1.1" 200 27
180.152.99.73 - - [03/Feb/2022:12:55:34 +0800] "GET /xingrg/kc/base/wldb_order_add.html HTTP/1.1" 200 30318
101.89.239.245 - - [03/Feb/2022:12:55:34 +0800] "GET /xingrg/all/function/internal_message.html?_=1643864069720&CODE_STATE=getMsg HTTP/1.1" 302 -
180.152.99.73 - - [03/Feb/2022:12:55:34 +0800] "POST /xingrg/kc/base/wldb_order_operate.html HTTP/1.1" 200 6806
180.152.99.73 - - [03/Feb/2022:12:55:34 +0800] "GET /xingrg/javascript/easyui/themes/default/validatebox.css HTTP/1.1" 404 1104
101.89.239.245 - - [03/Feb/2022:12:55:35 +0800] "GET /xingrg/login.html HTTP/1.1" 200 7641
180.157.251.97 - - [03/Feb/2022:12:55:36 +0800] "GET /xingrg/kc/buy/cgsh_order_operate.html?command=get_materiel&rest_code=00148&code=00101001093&supplier_code=00100090&order_time=2022-02-03 HTTP/1.1" 200 432
222.70.223.103 - - [03/Feb/2022:12:55:37 +0800] "GET /xingrg/all/function/internal_message.html?_=1643864133960&CODE_STATE=getMsg HTTP/1.1" 200 27
101.83.241.155 - - [03/Feb/2022:12:55:40 +0800] "GET /xingrg/all/function/internal_message.html?_=1643864136020&CODE_STATE=getMsg HTTP/1.1" 200 27
101.83.241.155 - - [03/Feb/2022:12:55:41 +0800] "GET /xingrg/check_reg.html?_=1643864136538 HTTP/1.1" 200 22
180.157.251.97 - - [03/Feb/2022:12:55:43 +0800] "GET /xingrg/check_reg.html?_=1643864140877 HTTP/1.1" 200 22
180.157.251.97 - - [03/Feb/2022:12:55:43 +0800] "GET /xingrg/all/function/internal_message.html?_=1643864140879&CODE_STATE=getMsg HTTP/1.1" 200 27
116.232.55.86 - - [03/Feb/2022:12:55:44 +0800] "GET /xingrg/all/function/internal_message.html?_=1643864142677&CODE_STATE=getMsg HTTP/1.1" 200 27
222.70.179.207 - - [03/Feb/2022:12:55:44 +0800] "GET /xingrg/check_reg.html?_=1643864140618 HTTP/1.1" 200 22
58.39.168.32 - - [03/Feb/2022:12:55:45 +0800] "GET /xingrg/all/function/internal_message.html?_=1643864081448&CODE_STATE=getMsg HTTP/1.1" 200 27
58.39.168.32 - - [03/Feb/2022:12:55:46 +0800] "GET /xingrg/check_reg.html?_=1643864081778 HTTP/1.1" 200 22
180.152.99.73 - - [03/Feb/2022:12:55:46 +0800] "GET /xingrg/kc/base/wldb_order_operate.html?command=get_materiel&rest_code=00150&base_code=0010445&code=00101019430 HTTP/1.1" 200 463
180.169.147.146 - - [03/Feb/2022:12:55:48 +0800] "GET /xingrg/all/function/internal_message.html?_=1643864146169&CODE_STATE=getMsg HTTP/1.1" 200 27
180.157.251.97 - - [03/Feb/2022:12:55:51 +0800] "POST /xingrg/kc/buy/cgsh_order_operate.html HTTP/1.1" 200 37
180.157.251.97 - - [03/Feb/2022:12:55:52 +0800] "POST /xingrg/kc/buy/cgsh_order_operate.html HTTP/1.1" 200 2660
120.253.135.82 - - [03/Feb/2022:12:55:55 +0800] "GET /xingrg/all/function/internal_message.html?_=1643863945084&CODE_STATE=getMsg HTTP/1.1" 200 27
180.157.251.97 - - [03/Feb/2022:12:55:56 +0800] "GET /xingrg/kc/print/report_design.html?orderType=cgsh HTTP/1.1" 200 8625
180.157.251.97 - - [03/Feb/2022:12:55:56 +0800] "GET /xingrg/css/design.css HTTP/1.1" 304 -
180.157.251.97 - - [03/Feb/2022:12:55:56 +0800] "GET /xingrg/javascript/easyui/themes/sunny/easyui.css HTTP/1.1" 304 -
180.157.251.97 - - [03/Feb/2022:12:55:56 +0800] "GET /xingrg/javascript/easyui/jquery.easyui.min.js HTTP/1.1" 304 -
180.157.251.97 - - [03/Feb/2022:12:55:56 +0800] "GET /xingrg/javascript/print/report.js HTTP/1.1" 304 -
180.157.251.97 - - [03/Feb/2022:12:55:56 +0800] "GET /xingrg/javascript/print/report.helper.js HTTP/1.1" 304 -
180.157.251.97 - - [03/Feb/2022:12:55:57 +0800] "GET /xingrg/javascript/easyui/themes/sunny/images/ui-bg_highlight-soft_100_feeebd_1x100.png HTTP/1.1" 304 -
180.157.251.97 - - [03/Feb/2022:12:55:57 +0800] "GET /xingrg/kc/print/design_operate.html?_=1643864154924&command=load_config&code=cgsh HTTP/1.1" 200 2853
180.157.251.97 - - [03/Feb/2022:12:55:57 +0800] "GET /xingrg/javascript/easyui/themes/sunny/images/blank.gif HTTP/1.1" 304 -
180.157.251.97 - - [03/Feb/2022:12:55:57 +0800] "GET /xingrg/javascript/easyui/themes/sunny/images/ui-bg_gloss-wave_45_817865_500x100.png HTTP/1.1" 304 -
180.157.251.97 - - [03/Feb/2022:12:55:57 +0800] "GET /favicon.ico HTTP/1.1" 404 -
180.157.251.97 - - [03/Feb/2022:12:55:57 +0800] "GET /xingrg/javascript/easyui/themes/sunny/images/ui-icons_fadc7a_256x240.png HTTP/1.1" 304 -
180.157.251.97 - - [03/Feb/2022:12:55:57 +0800] "GET /xingrg/javascript/easyui/themes/sunny/images/ui-bg_gloss-wave_70_ffdd57_500x100.png HTTP/1.1" 304 -
180.157.251.97 - - [03/Feb/2022:12:55:57 +0800] "GET /xingrg/javascript/easyui/themes/sunny/images/ui-icons_bd7b00_256x240.png HTTP/1.1" 304 -
180.157.251.97 - - [03/Feb/2022:12:55:57 +0800] "GET /xingrg/css/images/background.png HTTP/1.1" 304 -
180.157.251.97 - - [03/Feb/2022:12:55:58 +0800] "GET /xingrg/kc/print/load_data.html?order_code=212022020300233&kc_code=cgsh&condition= HTTP/1.1" 200 740
180.152.99.73 - - [03/Feb/2022:12:55:59 +0800] "POST /xingrg/kc/base/wldb_order_operate.html HTTP/1.1" 200 37
180.152.99.39 - - [03/Feb/2022:12:55:59 +0800] "GET /xingrg/all/function/internal_message.html?_=1643864079577&CODE_STATE=getMsg HTTP/1.1" 200 27
180.152.99.73 - - [03/Feb/2022:12:56:01 +0800] "POST /xingrg/kc/base/wldb_order_operate.html HTTP/1.1" 200 12
222.70.243.96 - - [03/Feb/2022:12:56:01 +0800] "GET /xingrg/all/function/internal_message.html?_=1643864172190&CODE_STATE=getMsg HTTP/1.1" 302 -
180.152.99.73 - - [03/Feb/2022:12:56:01 +0800] "POST /xingrg/kc/base/wldb_order_operate.html HTTP/1.1" 200 2218
180.157.251.97 - - [03/Feb/2022:12:56:02 +0800] "GET /xingrg/kc/buy/cgsh_order_add.html HTTP/1.1" 200 65589
180.157.251.97 - - [03/Feb/2022:12:56:02 +0800] "POST /xingrg/kc/buy/cgsh_order_operate.html HTTP/1.1" 200 8245
180.157.251.97 - - [03/Feb/2022:12:56:02 +0800] "GET /xingrg/javascript/easyui/themes/default/validatebox.css HTTP/1.1" 404 1104
180.152.99.73 - - [03/Feb/2022:12:56:04 +0800] "GET /xingrg/kc/base/wldb_order_info.html?code=422022020300275 HTTP/1.1" 200 26195
180.152.99.73 - - [03/Feb/2022:12:56:04 +0800] "GET /xingrg/javascript/easyui/themes/default/validatebox.css HTTP/1.1" 404 1104
180.152.99.73 - - [03/Feb/2022:12:56:04 +0800] "POST /xingrg/kc/base/wldb_order_operate.html HTTP/1.1" 200 512
180.152.99.73 - - [03/Feb/2022:12:56:09 +0800] "GET /xingrg/kc/base/wldb_order_add.html HTTP/1.1" 200 30318
180.152.99.73 - - [03/Feb/2022:12:56:09 +0800] "POST /xingrg/kc/base/wldb_order_operate.html HTTP/1.1" 200 6806
180.152.99.73 - - [03/Feb/2022:12:56:09 +0800] "GET /xingrg/javascript/easyui/themes/default/validatebox.css HTTP/1.1" 404 1104
180.162.112.109 - - [03/Feb/2022:12:56:09 +0800] "GET /xingrg/all/function/internal_message.html?_=1643863558030&CODE_STATE=getMsg HTTP/1.1" 200 27
222.70.243.96 - - [03/Feb/2022:12:56:10 +0800] "GET /xingrg/all/function/internal_message.html?_=1643864182489&CODE_STATE=getMsg HTTP/1.1" 200 27
180.157.251.97 - - [03/Feb/2022:12:56:12 +0800] "GET /xingrg/kc/buy/cgsh_order_operate.html?command=get_materiel&rest_code=00148&code=00101001060&supplier_code=00100442&order_time=2022-02-03 HTTP/1.1" 200 441
180.157.251.97 - - [03/Feb/2022:12:56:20 +0800] "POST /xingrg/kc/buy/cgsh_order_operate.html HTTP/1.1" 200 37
101.80.229.199 - - [03/Feb/2022:12:56:21 +0800] "GET /xingrg/check_reg.html?_=1643864181068 HTTP/1.1" 200 22
180.157.251.97 - - [03/Feb/2022:12:56:21 +0800] "POST /xingrg/kc/buy/cgsh_order_operate.html HTTP/1.1" 200 2669
180.157.251.97 - - [03/Feb/2022:12:56:22 +0800] "GET /xingrg/kc/print/load_data.html?order_code=212022020300234&kc_code=cgsh&condition= HTTP/1.1" 200 683
180.152.99.73 - - [03/Feb/2022:12:56:23 +0800] "GET /xingrg/kc/base/wldb_order_operate.html?command=get_materiel&rest_code=00150&base_code=0010445&code=00101019258 HTTP/1.1" 200 469
58.39.168.32 - - [03/Feb/2022:12:56:24 +0800] "GET /xingrg/all/function/internal_message.html?_=1643864184127&CODE_STATE=getMsg HTTP/1.1" 200 27
101.80.229.199 - - [03/Feb/2022:12:56:25 +0800] "GET /xingrg/all/function/internal_message.html?_=1643864185149&CODE_STATE=getMsg HTTP/1.1" 200 27
58.39.168.32 - - [03/Feb/2022:12:56:26 +0800] "GET /xingrg/check_reg.html?_=1643864186126 HTTP/1.1" 200 22
222.70.179.207 - - [03/Feb/2022:12:56:28 +0800] "GET /xingrg/all/function/internal_message.html?_=1643864184565&CODE_STATE=getMsg HTTP/1.1" 200 27
180.152.99.73 - - [03/Feb/2022:12:56:29 +0800] "GET /xingrg/kc/base/wldb_order_operate.html?command=get_materiel&rest_code=00150&base_code=0010445&code=00101019133 HTTP/1.1" 200 466
180.157.251.97 - - [03/Feb/2022:12:56:29 +0800] "GET /xingrg/kc/buy/cgsh_order_add.html HTTP/1.1" 200 65589
180.157.251.97 - - [03/Feb/2022:12:56:29 +0800] "POST /xingrg/kc/buy/cgsh_order_operate.html HTTP/1.1" 200 8245
180.157.251.97 - - [03/Feb/2022:12:56:29 +0800] "GET /xingrg/javascript/easyui/themes/default/validatebox.css HTTP/1.1" 404 1104
124.78.153.118 - - [03/Feb/2022:12:56:33 +0800] "GET /xingrg/all/function/internal_message.html?_=1643864189669&CODE_STATE=getMsg HTTP/1.1" 200 27
180.152.99.73 - - [03/Feb/2022:12:56:35 +0800] "GET /xingrg/kc/base/wldb_order_operate.html?command=get_materiel&rest_code=00150&base_code=0010445&code=00101019185 HTTP/1.1" 200 453
222.70.223.103 - - [03/Feb/2022:12:56:37 +0800] "GET /xingrg/all/function/internal_message.html?_=1643864193953&CODE_STATE=getMsg HTTP/1.1" 200 27
180.157.251.97 - - [03/Feb/2022:12:56:38 +0800] "GET /xingrg/kc/buy/cgsh_order_operate.html?command=get_materiel&rest_code=00148&code=00101001125&supplier_code=00100319&order_time=2022-02-03 HTTP/1.1" 200 436
101.83.241.155 - - [03/Feb/2022:12:56:40 +0800] "GET /xingrg/all/function/internal_message.html?_=1643864196002&CODE_STATE=getMsg HTTP/1.1" 200 27
180.157.251.97 - - [03/Feb/2022:12:56:43 +0800] "GET /xingrg/all/function/internal_message.html?_=1643864200875&CODE_STATE=getMsg HTTP/1.1" 200 27
116.232.55.86 - - [03/Feb/2022:12:56:44 +0800] "GET /xingrg/all/function/internal_message.html?_=1643864202676&CODE_STATE=getMsg HTTP/1.1" 200 27
58.39.168.32 - - [03/Feb/2022:12:56:45 +0800] "GET /xingrg/all/function/internal_message.html?_=1643864141419&CODE_STATE=getMsg HTTP/1.1" 200 27
180.152.99.39 - - [03/Feb/2022:12:56:47 +0800] "GET /xingrg/check_reg.html?_=1643864127315 HTTP/1.1" 200 22
180.171.131.58 - - [03/Feb/2022:12:56:47 +0800] "POST /xingrg/services/DataTransmitService HTTP/1.1" 200 524
180.152.99.73 - - [03/Feb/2022:12:56:48 +0800] "GET /xingrg/kc/base/wldb_order_operate.html?command=get_materiel&rest_code=00150&base_code=0010445&code=00101019391 HTTP/1.1" 200 471
180.169.147.146 - - [03/Feb/2022:12:56:48 +0800] "GET /xingrg/all/function/internal_message.html?_=1643864206166&CODE_STATE=getMsg HTTP/1.1" 200 27
180.171.131.58 - - [03/Feb/2022:12:56:49 +0800] "POST /xingrg/services/DataTransmitService HTTP/1.1" 200 501
180.171.131.58 - - [03/Feb/2022:12:56:49 +0800] "POST /xingrg/services/DataTransmitService HTTP/1.1" 200 501
180.171.131.58 - - [03/Feb/2022:12:56:49 +0800] "POST /xingrg/services/DataTransmitService HTTP/1.1" 200 501
180.171.131.58 - - [03/Feb/2022:12:56:50 +0800] "POST /xingrg/services/DataTransmitService HTTP/1.1" 200 501
180.171.131.58 - - [03/Feb/2022:12:56:50 +0800] "POST /xingrg/services/DataTransmitService HTTP/1.1" 200 501
180.171.131.58 - - [03/Feb/2022:12:56:50 +0800] "POST /xingrg/services/DataTransmitService HTTP/1.1" 200 501
180.171.131.58 - - [03/Feb/2022:12:56:51 +0800] "POST /xingrg/services/DataTransmitService HTTP/1.1" 200 501
180.171.131.58 - - [03/Feb/2022:12:56:51 +0800] "POST /xingrg/services/DataTransmitService HTTP/1.1" 200 501
180.171.131.58 - - [03/Feb/2022:12:56:51 +0800] "POST /xingrg/services/DataTransmitService HTTP/1.1" 200 412
180.152.99.73 - - [03/Feb/2022:12:56:53 +0800] "GET /xingrg/kc/base/wldb_order_operate.html?command=get_materiel&rest_code=00150&base_code=0010445&code=00101019183 HTTP/1.1" 200 435
120.253.135.82 - - [03/Feb/2022:12:56:55 +0800] "GET /xingrg/all/function/internal_message.html?_=1643864005097&CODE_STATE=getMsg HTTP/1.1" 200 27
180.157.251.97 - - [03/Feb/2022:12:56:58 +0800] "GET /xingrg/kc/buy/cgsh_order_operate.html?command=get_materiel&rest_code=00148&code=00101001140&supplier_code=00100319&order_time=2022-02-03 HTTP/1.1" 200 436
180.152.99.73 - - [03/Feb/2022:12:56:59 +0800] "GET /xingrg/kc/base/wldb_order_operate.html?command=get_materiel&rest_code=00150&base_code=0010445&code=00101019400 HTTP/1.1" 200 451
180.152.99.39 - - [03/Feb/2022:12:57:00 +0800] "GET /xingrg/all/function/internal_message.html?_=1643864139592&CODE_STATE=getMsg HTTP/1.1" 200 27
222.70.243.96 - - [03/Feb/2022:12:57:01 +0800] "GET /xingrg/all/function/internal_message.html?_=1643864232232&CODE_STATE=getMsg HTTP/1.1" 302 -
180.152.99.73 - - [03/Feb/2022:12:57:02 +0800] "GET /xingrg/all/function/internal_message.html?_=1643864220618&CODE_STATE=getMsg HTTP/1.1" 200 27
180.152.99.73 - - [03/Feb/2022:12:57:03 +0800] "GET /xingrg/check_reg.html?_=1643864220624 HTTP/1.1" 200 22
180.152.99.73 - - [03/Feb/2022:12:57:06 +0800] "GET /xingrg/kc/base/wldb_order_operate.html?command=get_materiel&rest_code=00150&base_code=0010445&code=00101016086 HTTP/1.1" 200 469
180.157.251.97 - - [03/Feb/2022:12:57:06 +0800] "POST /xingrg/kc/buy/cgsh_order_operate.html HTTP/1.1" 200 37
222.70.243.96 - - [03/Feb/2022:12:57:08 +0800] "GET /xingrg/check_reg.html?_=1643864240583 HTTP/1.1" 200 22
180.157.251.97 - - [03/Feb/2022:12:57:08 +0800] "POST /xingrg/kc/buy/cgsh_order_operate.html HTTP/1.1" 200 3266
180.162.112.109 - - [03/Feb/2022:12:57:09 +0800] "GET /xingrg/all/function/internal_message.html?_=1643863618030&CODE_STATE=getMsg HTTP/1.1" 200 27
222.70.243.96 - - [03/Feb/2022:12:57:10 +0800] "GET /xingrg/all/function/internal_message.html?_=1643864242503&CODE_STATE=getMsg HTTP/1.1" 200 27
180.157.251.97 - - [03/Feb/2022:12:57:10 +0800] "GET /xingrg/kc/print/load_data.html?order_code=212022020300235&kc_code=cgsh&condition= HTTP/1.1" 200 924
180.152.99.73 - - [03/Feb/2022:12:57:13 +0800] "GET /xingrg/kc/base/wldb_order_operate.html?command=get_materiel&rest_code=00150&base_code=0010445&code=00101019175 HTTP/1.1" 200 439
180.157.251.97 - - [03/Feb/2022:12:57:15 +0800] "GET /xingrg/kc/buy/cgsh_order_add.html HTTP/1.1" 200 65589
180.157.251.97 - - [03/Feb/2022:12:57:15 +0800] "GET /xingrg/javascript/easyui/themes/default/validatebox.css HTTP/1.1" 404 1104
180.157.251.97 - - [03/Feb/2022:12:57:15 +0800] "POST /xingrg/kc/buy/cgsh_order_operate.html HTTP/1.1" 200 8245
180.152.99.73 - - [03/Feb/2022:12:57:19 +0800] "GET /xingrg/kc/base/wldb_order_operate.html?command=get_materiel&rest_code=00150&base_code=0010445&code=00101019536 HTTP/1.1" 200 471
58.39.168.32 - - [03/Feb/2022:12:57:24 +0800] "GET /xingrg/all/function/internal_message.html?_=1643864244120&CODE_STATE=getMsg HTTP/1.1" 200 27
101.80.229.199 - - [03/Feb/2022:12:57:25 +0800] "GET /xingrg/all/function/internal_message.html?_=1643864245121&CODE_STATE=getMsg HTTP/1.1" 200 27
180.152.99.73 - - [03/Feb/2022:12:57:26 +0800] "GET /xingrg/kc/base/wldb_order_operate.html?command=get_materiel&rest_code=00150&base_code=0010445&code=00101013139 HTTP/1.1" 200 451
222.70.179.207 - - [03/Feb/2022:12:57:28 +0800] "GET /xingrg/all/function/internal_message.html?_=1643864244576&CODE_STATE=getMsg HTTP/1.1" 200 27
124.78.153.118 - - [03/Feb/2022:12:57:33 +0800] "GET /xingrg/all/function/internal_message.html?_=1643864249637&CODE_STATE=getMsg HTTP/1.1" 200 27
61.151.178.163 - - [03/Feb/2022:12:57:33 +0800] "GET /xingrg/all/function/internal_message.html?_=1643864189669&CODE_STATE=getMsg HTTP/1.1" 302 -
61.151.178.163 - - [03/Feb/2022:12:57:33 +0800] "GET /xingrg/login.html HTTP/1.1" 200 7641
180.152.99.73 - - [03/Feb/2022:12:57:33 +0800] "GET /xingrg/kc/base/wldb_order_operate.html?command=get_materiel&rest_code=00150&base_code=0010445&code=00101013010 HTTP/1.1" 200 436
180.157.251.97 - - [03/Feb/2022:12:57:35 +0800] "GET /xingrg/kc/buy/cgsh_order_operate.html?command=get_materiel&rest_code=00148&code=00101020275&supplier_code=00100322&order_time=2022-02-03 HTTP/1.1" 200 419
222.70.223.103 - - [03/Feb/2022:12:57:37 +0800] "GET /xingrg/all/function/internal_message.html?_=1643864253965&CODE_STATE=getMsg HTTP/1.1" 200 27
101.83.241.155 - - [03/Feb/2022:12:57:40 +0800] "GET /xingrg/all/function/internal_message.html?_=1643864255987&CODE_STATE=getMsg HTTP/1.1" 200 27
180.157.251.97 - - [03/Feb/2022:12:57:43 +0800] "GET /xingrg/all/function/internal_message.html?_=1643864260879&CODE_STATE=getMsg HTTP/1.1" 200 27
180.152.99.73 - - [03/Feb/2022:12:57:43 +0800] "GET /xingrg/kc/base/wldb_order_operate.html?command=get_materiel&rest_code=00150&base_code=0010445&code=00101019243 HTTP/1.1" 200 463
116.232.55.86 - - [03/Feb/2022:12:57:44 +0800] "GET /xingrg/all/function/internal_message.html?_=1643864262675&CODE_STATE=getMsg HTTP/1.1" 200 27
58.39.168.32 - - [03/Feb/2022:12:57:45 +0800] "GET /xingrg/all/function/internal_message.html?_=1643864201405&CODE_STATE=getMsg HTTP/1.1" 200 27
180.157.251.97 - - [03/Feb/2022:12:57:48 +0800] "GET /xingrg/kc/buy/cgsh_order_operate.html?command=get_materiel&rest_code=00148&code=00101020281&supplier_code=00100322&order_time=2022-02-03 HTTP/1.1" 200 446
180.169.147.146 - - [03/Feb/2022:12:57:48 +0800] "GET /xingrg/all/function/internal_message.html?_=1643864266167&CODE_STATE=getMsg HTTP/1.1" 200 27
180.152.99.73 - - [03/Feb/2022:12:57:50 +0800] "GET /xingrg/kc/base/wldb_order_operate.html?command=get_materiel&rest_code=00150&base_code=0010445&code=00101019018 HTTP/1.1" 200 451
120.253.135.82 - - [03/Feb/2022:12:57:55 +0800] "GET /xingrg/all/function/internal_message.html?_=1643864065128&CODE_STATE=getMsg HTTP/1.1" 200 27
180.157.251.97 - - [03/Feb/2022:12:57:58 +0800] "POST /xingrg/kc/buy/cgsh_order_operate.html HTTP/1.1" 200 37
180.152.99.39 - - [03/Feb/2022:12:57:59 +0800] "GET /xingrg/all/function/internal_message.html?_=1643864199605&CODE_STATE=getMsg HTTP/1.1" 200 27
180.157.251.97 - - [03/Feb/2022:12:58:00 +0800] "POST /xingrg/kc/buy/cgsh_order_operate.html HTTP/1.1" 200 2682
180.157.251.97 - - [03/Feb/2022:12:58:01 +0800] "GET /xingrg/kc/buy/cgsh_order_add.html HTTP/1.1" 200 65589
180.157.251.97 - - [03/Feb/2022:12:58:01 +0800] "GET /xingrg/javascript/easyui/themes/default/validatebox.css HTTP/1.1" 404 1104
180.157.251.97 - - [03/Feb/2022:12:58:01 +0800] "POST /xingrg/kc/buy/cgsh_order_operate.html HTTP/1.1" 200 8245
222.70.243.96 - - [03/Feb/2022:12:58:01 +0800] "GET /xingrg/all/function/internal_message.html?_=1643864292233&CODE_STATE=getMsg HTTP/1.1" 302 -
180.152.99.73 - - [03/Feb/2022:12:58:02 +0800] "GET /xingrg/all/function/internal_message.html?_=1643864280582&CODE_STATE=getMsg HTTP/1.1" 200 27
180.162.112.109 - - [03/Feb/2022:12:58:09 +0800] "GET /xingrg/all/function/internal_message.html?_=1643863678055&CODE_STATE=getMsg HTTP/1.1" 200 27
180.157.251.97 - - [03/Feb/2022:12:58:10 +0800] "GET /xingrg/kc/buy/cgsh_order_operate.html?command=get_materiel&rest_code=00148&code=00101004051&supplier_code=00100312&order_time=2022-02-03 HTTP/1.1" 200 409
222.70.243.96 - - [03/Feb/2022:12:58:10 +0800] "GET /xingrg/all/function/internal_message.html?_=1643864302516&CODE_STATE=getMsg HTTP/1.1" 200 27
114.88.155.114 - - [03/Feb/2022:12:58:18 +0800] "GET /xingrg/kc/buy/cgsh_order_add.html HTTP/1.1" 200 65642
180.152.99.73 - - [03/Feb/2022:12:58:19 +0800] "GET /xingrg/kc/base/wldb_order_operate.html?command=get_materiel&rest_code=00150&base_code=0010445&code=00101019212 HTTP/1.1" 200 465
114.88.155.114 - - [03/Feb/2022:12:58:19 +0800] "POST /xingrg/kc/buy/cgsh_order_operate.html HTTP/1.1" 200 8245
114.88.155.114 - - [03/Feb/2022:12:58:19 +0800] "GET /xingrg/javascript/easyui/themes/default/validatebox.css HTTP/1.1" 404 1104
180.157.251.97 - - [03/Feb/2022:12:58:19 +0800] "GET /xingrg/kc/buy/cgsh_order_operate.html?command=get_materiel&rest_code=00148&code=00101004046&supplier_code=00100312&order_time=2022-02-03 HTTP/1.1" 200 441
58.39.168.32 - - [03/Feb/2022:12:58:24 +0800] "GET /xingrg/all/function/internal_message.html?_=1643864304091&CODE_STATE=getMsg HTTP/1.1" 200 27
101.80.229.199 - - [03/Feb/2022:12:58:25 +0800] "GET /xingrg/all/function/internal_message.html?_=1643864305107&CODE_STATE=getMsg HTTP/1.1" 200 27
180.157.251.97 - - [03/Feb/2022:12:58:27 +0800] "GET /xingrg/kc/buy/cgsh_order_operate.html?command=get_materiel&rest_code=00148&code=00101004049&supplier_code=00100312&order_time=2022-02-03 HTTP/1.1" 200 436
180.152.99.73 - - [03/Feb/2022:12:58:28 +0800] "GET /xingrg/kc/base/wldb_order_operate.html?command=get_materiel&rest_code=00150&base_code=0010445&code=00101010092 HTTP/1.1" 200 450
222.70.179.207 - - [03/Feb/2022:12:58:28 +0800] "GET /xingrg/all/function/internal_message.html?_=1643864304559&CODE_STATE=getMsg HTTP/1.1" 200 27
114.88.155.114 - - [03/Feb/2022:12:58:29 +0800] "GET /xingrg/kc/buy/cgsh_order_operate.html?command=get_materiel&rest_code=00141&code=00101028020&supplier_code=00100017&order_time=2022-02-03 HTTP/1.1" 200 451
124.78.153.118 - - [03/Feb/2022:12:58:33 +0800] "GET /xingrg/all/function/internal_message.html?_=1643864309606&CODE_STATE=getMsg HTTP/1.1" 200 27
124.78.153.118 - - [03/Feb/2022:12:58:34 +0800] "GET /xingrg/check_reg.html?_=1643864310529 HTTP/1.1" 200 22
180.152.99.73 - - [03/Feb/2022:12:58:35 +0800] "GET /xingrg/kc/base/wldb_order_operate.html?command=get_materiel&rest_code=00150&base_code=0010445&code=00101013090 HTTP/1.1" 200 429
222.70.223.103 - - [03/Feb/2022:12:58:37 +0800] "GET /xingrg/check_reg.html?_=1643864313964 HTTP/1.1" 200 22
222.70.223.103 - - [03/Feb/2022:12:58:37 +0800] "GET /xingrg/all/function/internal_message.html?_=1643864313965&CODE_STATE=getMsg HTTP/1.1" 200 27
180.157.251.97 - - [03/Feb/2022:12:58:38 +0800] "GET /xingrg/kc/buy/cgsh_order_operate.html?command=get_materiel&rest_code=00148&code=00101005015&supplier_code=00100312&order_time=2022-02-03 HTTP/1.1" 200 429
101.83.241.155 - - [03/Feb/2022:12:58:40 +0800] "GET /xingrg/all/function/internal_message.html?_=1643864315969&CODE_STATE=getMsg HTTP/1.1" 200 27
180.157.251.97 - - [03/Feb/2022:12:58:43 +0800] "GET /xingrg/all/function/internal_message.html?_=1643864320888&CODE_STATE=getMsg HTTP/1.1" 200 27
116.232.55.86 - - [03/Feb/2022:12:58:44 +0800] "GET /xingrg/all/function/internal_message.html?_=1643864322674&CODE_STATE=getMsg HTTP/1.1" 200 27
114.88.155.114 - - [03/Feb/2022:12:58:44 +0800] "POST /xingrg/kc/buy/cgsh_order_operate.html HTTP/1.1" 200 37
58.39.168.32 - - [03/Feb/2022:12:58:45 +0800] "GET /xingrg/all/function/internal_message.html?_=1643864261390&CODE_STATE=getMsg HTTP/1.1" 200 27
180.169.147.146 - - [03/Feb/2022:12:58:48 +0800] "GET /xingrg/all/function/internal_message.html?_=1643864326160&CODE_STATE=getMsg HTTP/1.1" 200 27
180.157.251.97 - - [03/Feb/2022:12:58:48 +0800] "GET /xingrg/kc/buy/cgsh_order_operate.html?command=get_materiel&rest_code=00148&code=00101001029&supplier_code=00100312&order_time=2022-02-03 HTTP/1.1" 200 436
114.88.155.114 - - [03/Feb/2022:12:58:50 +0800] "POST /xingrg/kc/buy/cgsh_order_operate.html HTTP/1.1" 200 12
114.88.155.114 - - [03/Feb/2022:12:58:52 +0800] "GET /xingrg/kc/buy/cgsh_order_info.html?code=212022020300237 HTTP/1.1" 200 60543
114.88.155.114 - - [03/Feb/2022:12:58:52 +0800] "GET /xingrg/javascript/easyui/themes/default/validatebox.css HTTP/1.1" 404 1104
114.88.155.114 - - [03/Feb/2022:12:58:53 +0800] "POST /xingrg/kc/buy/cgsh_order_operate.html HTTP/1.1" 200 641
114.88.155.114 - - [03/Feb/2022:12:58:54 +0800] "GET /xingrg/kc/print/load_data.html?order_code=212022020300237&kc_code=cgsh&condition= HTTP/1.1" 200 798
120.253.135.82 - - [03/Feb/2022:12:58:55 +0800] "GET /xingrg/all/function/internal_message.html?_=1643864125140&CODE_STATE=getMsg HTTP/1.1" 200 27
180.152.99.73 - - [03/Feb/2022:12:58:58 +0800] "POST /xingrg/kc/base/wldb_order_operate.html HTTP/1.1" 200 37
116.235.92.83 - - [03/Feb/2022:12:58:59 +0800] "GET /xingrg/check_reg.html?_=1643864481141 HTTP/1.1" 200 22
180.152.99.39 - - [03/Feb/2022:12:59:00 +0800] "GET /xingrg/all/function/internal_message.html?_=1643864259656&CODE_STATE=getMsg HTTP/1.1" 200 27
180.157.251.97 - - [03/Feb/2022:12:59:01 +0800] "GET /xingrg/kc/buy/cgsh_order_operate.html?command=get_materiel&rest_code=00148&code=00101005022&supplier_code=00100312&order_time=2022-02-03 HTTP/1.1" 200 438
222.70.243.96 - - [03/Feb/2022:12:59:01 +0800] "GET /xingrg/all/function/internal_message.html?_=1643864352274&CODE_STATE=getMsg HTTP/1.1" 302 -
180.152.99.73 - - [03/Feb/2022:12:59:02 +0800] "GET /xingrg/all/function/internal_message.html?_=1643864340554&CODE_STATE=getMsg HTTP/1.1" 200 27
180.152.99.73 - - [03/Feb/2022:12:59:02 +0800] "POST /xingrg/kc/base/wldb_order_operate.html HTTP/1.1" 200 12
180.152.99.73 - - [03/Feb/2022:12:59:03 +0800] "POST /xingrg/kc/base/wldb_order_operate.html HTTP/1.1" 200 10156
180.152.99.73 - - [03/Feb/2022:12:59:05 +0800] "GET /xingrg/kc/base/wldb_order_info.html?code=422022020300276 HTTP/1.1" 200 26199
180.152.99.73 - - [03/Feb/2022:12:59:06 +0800] "GET /xingrg/javascript/easyui/themes/default/validatebox.css HTTP/1.1" 404 1104
180.152.99.73 - - [03/Feb/2022:12:59:06 +0800] "POST /xingrg/kc/base/wldb_order_operate.html HTTP/1.1" 200 8270
222.70.243.96 - - [03/Feb/2022:12:59:08 +0800] "GET /xingrg/check_reg.html?_=1643864359269 HTTP/1.1" 302 -
180.162.112.109 - - [03/Feb/2022:12:59:09 +0800] "GET /xingrg/check_reg.html?_=1643863738054 HTTP/1.1" 200 22
180.162.112.109 - - [03/Feb/2022:12:59:09 +0800] "GET /xingrg/all/function/internal_message.html?_=1643863738057&CODE_STATE=getMsg HTTP/1.1" 200 27
222.70.243.96 - - [03/Feb/2022:12:59:10 +0800] "GET /xingrg/all/function/internal_message.html?_=1643864362530&CODE_STATE=getMsg HTTP/1.1" 200 27
180.157.251.97 - - [03/Feb/2022:12:59:11 +0800] "GET /xingrg/kc/buy/cgsh_order_operate.html?command=get_materiel&rest_code=00148&code=00101004030&supplier_code=00100312&order_time=2022-02-03 HTTP/1.1" 200 428
180.152.99.73 - - [03/Feb/2022:12:59:13 +0800] "GET /xingrg/kc/base/wldb_order_add.html HTTP/1.1" 200 30318
180.152.99.73 - - [03/Feb/2022:12:59:13 +0800] "POST /xingrg/kc/base/wldb_order_operate.html HTTP/1.1" 200 6806
180.152.99.73 - - [03/Feb/2022:12:59:13 +0800] "GET /xingrg/javascript/easyui/themes/default/validatebox.css HTTP/1.1" 404 1104
180.152.99.73 - - [03/Feb/2022:12:59:15 +0800] "GET /xingrg/kc/base/yddb_order_list.html HTTP/1.1" 200 16710
180.152.99.73 - - [03/Feb/2022:12:59:15 +0800] "POST /xingrg/kc/base/yddb_list_operate.html HTTP/1.1" 200 636
180.152.99.73 - - [03/Feb/2022:12:59:16 +0800] "GET /xingrg/kc/base/yddb_order_add.html HTTP/1.1" 200 29837
180.152.99.73 - - [03/Feb/2022:12:59:16 +0800] "GET /xingrg/dwr/util.js HTTP/1.1" 304 -
180.152.99.73 - - [03/Feb/2022:12:59:16 +0800] "GET /xingrg/dwr/interface/AjaxYddbService.js HTTP/1.1" 200 13201
180.152.99.73 - - [03/Feb/2022:12:59:16 +0800] "GET /xingrg/dwr/interface/AjaxComOrderService.js HTTP/1.1" 200 18264
180.152.99.73 - - [03/Feb/2022:12:59:16 +0800] "GET /xingrg/dwr/engine.js HTTP/1.1" 200 43631
180.152.99.73 - - [03/Feb/2022:12:59:19 +0800] "POST /xingrg/dwr/call/plaincall/AjaxYddbService.getRestBases.dwr HTTP/1.1" 200 1562
58.39.168.32 - - [03/Feb/2022:12:59:24 +0800] "GET /xingrg/all/function/internal_message.html?_=1643864364065&CODE_STATE=getMsg HTTP/1.1" 200 27
180.152.99.73 - - [03/Feb/2022:12:59:25 +0800] "POST /xingrg/dwr/call/plaincall/AjaxYddbService.saveOrder.dwr HTTP/1.1" 200 78
101.80.229.199 - - [03/Feb/2022:12:59:25 +0800] "GET /xingrg/all/function/internal_message.html?_=1643864365080&CODE_STATE=getMsg HTTP/1.1" 200 27
180.152.99.73 - - [03/Feb/2022:12:59:25 +0800] "GET /xingrg/images/yd/bt.gif HTTP/1.1" 404 1040
180.152.99.73 - - [03/Feb/2022:12:59:28 +0800] "POST /xingrg/dwr/call/plaincall/AjaxComOrderService.getMaterielSearchList.dwr HTTP/1.1" 200 8081
222.70.179.207 - - [03/Feb/2022:12:59:28 +0800] "GET /xingrg/all/function/internal_message.html?_=1643864364543&CODE_STATE=getMsg HTTP/1.1" 200 27
180.152.99.73 - - [03/Feb/2022:12:59:29 +0800] "POST /xingrg/dwr/call/plaincall/AjaxComOrderService.getMaterielSearchList.dwr HTTP/1.1" 200 698
180.157.251.97 - - [03/Feb/2022:12:59:30 +0800] "POST /xingrg/kc/buy/cgsh_order_operate.html HTTP/1.1" 200 37
180.152.99.73 - - [03/Feb/2022:12:59:30 +0800] "POST /xingrg/dwr/call/plaincall/AjaxYddbService.getMaterielByMap.dwr HTTP/1.1" 200 3811
180.157.251.97 - - [03/Feb/2022:12:59:32 +0800] "POST /xingrg/kc/buy/cgsh_order_operate.html HTTP/1.1" 200 6234
124.78.153.118 - - [03/Feb/2022:12:59:33 +0800] "GET /xingrg/all/function/internal_message.html?_=1643864369577&CODE_STATE=getMsg HTTP/1.1" 200 27
180.152.99.73 - - [03/Feb/2022:12:59:33 +0800] "POST /xingrg/dwr/call/plaincall/AjaxYddbService.saveMaterielItem.dwr HTTP/1.1" 200 78
180.157.251.97 - - [03/Feb/2022:12:59:34 +0800] "GET /xingrg/kc/print/load_data.html?order_code=212022020300238&kc_code=cgsh&condition= HTTP/1.1" 200 2053
180.152.99.73 - - [03/Feb/2022:12:59:36 +0800] "POST /xingrg/dwr/call/plaincall/AjaxComOrderService.getMaterielSearchList.dwr HTTP/1.1" 200 13027
180.152.99.73 - - [03/Feb/2022:12:59:36 +0800] "POST /xingrg/dwr/call/plaincall/AjaxComOrderService.getMaterielSearchList.dwr HTTP/1.1" 200 1149
222.70.223.103 - - [03/Feb/2022:12:59:37 +0800] "GET /xingrg/all/function/internal_message.html?_=1643864373953&CODE_STATE=getMsg HTTP/1.1" 200 27
180.157.251.97 - - [03/Feb/2022:12:59:37 +0800] "GET /xingrg/kc/buy/cgsh_order_add.html HTTP/1.1" 200 65589
180.157.251.97 - - [03/Feb/2022:12:59:37 +0800] "GET /xingrg/javascript/easyui/themes/default/validatebox.css HTTP/1.1" 404 1104
180.157.251.97 - - [03/Feb/2022:12:59:37 +0800] "POST /xingrg/kc/buy/cgsh_order_operate.html HTTP/1.1" 200 8245
101.83.241.155 - - [03/Feb/2022:12:59:40 +0800] "GET /xingrg/kc/buy/cgsh_order_list.html HTTP/1.1" 200 49826
180.152.99.73 - - [03/Feb/2022:12:59:40 +0800] "POST /xingrg/dwr/call/plaincall/AjaxYddbService.getMaterielByMap.dwr HTTP/1.1" 200 3836
101.83.241.155 - - [03/Feb/2022:12:59:40 +0800] "GET /xingrg/all/function/internal_message.html?_=1643864375957&CODE_STATE=getMsg HTTP/1.1" 200 27
101.83.241.155 - - [03/Feb/2022:12:59:41 +0800] "POST /xingrg/kc/buy/cgsh_list_operate.html HTTP/1.1" 200 876
180.152.99.73 - - [03/Feb/2022:12:59:43 +0800] "POST /xingrg/dwr/call/plaincall/AjaxYddbService.saveMaterielItem.dwr HTTP/1.1" 200 78
180.157.251.97 - - [03/Feb/2022:12:59:43 +0800] "GET /xingrg/all/function/internal_message.html?_=1643864380888&CODE_STATE=getMsg HTTP/1.1" 200 27
101.83.241.155 - - [03/Feb/2022:12:59:43 +0800] "GET /xingrg/kc/buy/cgsh_order_add.html HTTP/1.1" 200 65689
101.83.241.155 - - [03/Feb/2022:12:59:43 +0800] "GET /xingrg/javascript/easyui/themes/default/validatebox.css HTTP/1.1" 404 1104
101.83.241.155 - - [03/Feb/2022:12:59:43 +0800] "POST /xingrg/kc/buy/cgsh_order_operate.html HTTP/1.1" 200 8245
116.232.55.86 - - [03/Feb/2022:12:59:44 +0800] "GET /xingrg/all/function/internal_message.html?_=1643864382675&CODE_STATE=getMsg HTTP/1.1" 200 27
116.232.55.86 - - [03/Feb/2022:12:59:44 +0800] "GET /xingrg/check_reg.html?_=1643864382677 HTTP/1.1" 200 22
58.39.168.32 - - [03/Feb/2022:12:59:45 +0800] "GET /xingrg/all/function/internal_message.html?_=1643864321375&CODE_STATE=getMsg HTTP/1.1" 200 27
180.152.99.73 - - [03/Feb/2022:12:59:46 +0800] "POST /xingrg/dwr/call/plaincall/AjaxComOrderService.getMaterielSearchList.dwr HTTP/1.1" 200 592
180.152.99.73 - - [03/Feb/2022:12:59:46 +0800] "POST /xingrg/dwr/call/plaincall/AjaxComOrderService.getMaterielSearchList.dwr HTTP/1.1" 200 487583
180.152.99.73 - - [03/Feb/2022:12:59:47 +0800] "POST /xingrg/dwr/call/plaincall/AjaxYddbService.getMaterielByMap.dwr HTTP/1.1" 200 3850
180.169.147.146 - - [03/Feb/2022:12:59:48 +0800] "GET /xingrg/check_reg.html?_=1643864386172 HTTP/1.1" 200 22
180.169.147.146 - - [03/Feb/2022:12:59:48 +0800] "GET /xingrg/all/function/internal_message.html?_=1643864386177&CODE_STATE=getMsg HTTP/1.1" 200 27
180.152.99.73 - - [03/Feb/2022:12:59:49 +0800] "POST /xingrg/dwr/call/plaincall/AjaxYddbService.getUnitPrice.dwr HTTP/1.1" 200 87
180.157.251.97 - - [03/Feb/2022:12:59:51 +0800] "GET /xingrg/kc/buy/cgsh_order_operate.html?command=get_materiel&rest_code=00148&code=00101004011&supplier_code=00100086&order_time=2022-02-03 HTTP/1.1" 200 436
180.152.99.73 - - [03/Feb/2022:12:59:52 +0800] "POST /xingrg/dwr/call/plaincall/AjaxYddbService.saveMaterielItem.dwr HTTP/1.1" 200 79
120.253.135.82 - - [03/Feb/2022:12:59:54 +0800] "GET /xingrg/check_reg.html?_=1643864184668 HTTP/1.1" 200 22
120.253.135.82 - - [03/Feb/2022:12:59:55 +0800] "GET /xingrg/all/function/internal_message.html?_=1643864185154&CODE_STATE=getMsg HTTP/1.1" 200 27
180.152.99.73 - - [03/Feb/2022:12:59:56 +0800] "POST /xingrg/dwr/call/plaincall/AjaxComOrderService.getMaterielSearchList.dwr HTTP/1.1" 200 744
180.152.99.73 - - [03/Feb/2022:12:59:56 +0800] "POST /xingrg/dwr/call/plaincall/AjaxComOrderService.getMaterielSearchList.dwr HTTP/1.1" 200 450175
180.152.99.73 - - [03/Feb/2022:12:59:59 +0800] "POST /xingrg/dwr/call/plaincall/AjaxComOrderService.getMaterielSearchList.dwr HTTP/1.1" 200 470
180.152.99.39 - - [03/Feb/2022:12:59:59 +0800] "GET /xingrg/all/function/internal_message.html?_=1643864319663&CODE_STATE=getMsg HTTP/1.1" 200 27
180.152.99.73 - - [03/Feb/2022:13:00:01 +0800] "POST /xingrg/dwr/call/plaincall/AjaxYddbService.getMaterielByMap.dwr HTTP/1.1" 200 3847
222.70.243.96 - - [03/Feb/2022:13:00:01 +0800] "GET /xingrg/all/function/internal_message.html?_=1643864412302&CODE_STATE=getMsg HTTP/1.1" 302 -
180.157.251.97 - - [03/Feb/2022:13:00:01 +0800] "GET /xingrg/kc/buy/cgsh_order_operate.html?command=get_materiel&rest_code=00148&code=00101004065&supplier_code=00100086&order_time=2022-02-03 HTTP/1.1" 200 434
180.152.99.73 - - [03/Feb/2022:13:00:02 +0800] "GET /xingrg/all/function/internal_message.html?_=1643864400539&CODE_STATE=getMsg HTTP/1.1" 200 27
180.152.99.73 - - [03/Feb/2022:13:00:02 +0800] "POST /xingrg/dwr/call/plaincall/AjaxYddbService.getUnitPrice.dwr HTTP/1.1" 200 87
180.152.99.73 - - [03/Feb/2022:13:00:04 +0800] "GET /xingrg/images/yd/bt2.gif HTTP/1.1" 404 1042
180.152.99.73 - - [03/Feb/2022:13:00:05 +0800] "POST /xingrg/dwr/call/plaincall/AjaxYddbService.saveMaterielItem.dwr HTTP/1.1" 200 79
180.152.99.73 - - [03/Feb/2022:13:00:08 +0800] "POST /xingrg/dwr/call/plaincall/AjaxComOrderService.getMaterielSearchList.dwr HTTP/1.1" 200 298
180.162.112.109 - - [03/Feb/2022:13:00:09 +0800] "GET /xingrg/all/function/internal_message.html?_=1643863798057&CODE_STATE=getMsg HTTP/1.1" 200 27
180.152.99.73 - - [03/Feb/2022:13:00:09 +0800] "POST /xingrg/dwr/call/plaincall/AjaxComOrderService.getMaterielSearchList.dwr HTTP/1.1" 200 298
180.152.99.73 - - [03/Feb/2022:13:00:10 +0800] "POST /xingrg/dwr/call/plaincall/AjaxYddbService.getMaterielByMap.dwr HTTP/1.1" 200 3828
180.157.251.97 - - [03/Feb/2022:13:00:10 +0800] "POST /xingrg/kc/buy/cgsh_order_operate.html HTTP/1.1" 200 37
222.70.243.96 - - [03/Feb/2022:13:00:10 +0800] "GET /xingrg/all/function/internal_message.html?_=1643864423026&CODE_STATE=getMsg HTTP/1.1" 200 27
180.157.251.97 - - [03/Feb/2022:13:00:11 +0800] "POST /xingrg/kc/buy/cgsh_order_operate.html HTTP/1.1" 200 3260
180.157.251.97 - - [03/Feb/2022:13:00:13 +0800] "GET /xingrg/kc/print/load_data.html?order_code=212022020300239&kc_code=cgsh&condition= HTTP/1.1" 200 976
180.152.99.73 - - [03/Feb/2022:13:00:13 +0800] "POST /xingrg/dwr/call/plaincall/AjaxYddbService.saveMaterielItem.dwr HTTP/1.1" 200 79
180.152.99.73 - - [03/Feb/2022:13:00:15 +0800] "POST /xingrg/dwr/call/plaincall/AjaxComOrderService.getMaterielSearchList.dwr HTTP/1.1" 200 26277
180.152.99.73 - - [03/Feb/2022:13:00:16 +0800] "POST /xingrg/dwr/call/plaincall/AjaxComOrderService.getMaterielSearchList.dwr HTTP/1.1" 200 1509
101.83.241.155 - - [03/Feb/2022:13:00:19 +0800] "GET /xingrg/kc/buy/cgsh_order_operate.html?command=get_materiel&rest_code=00149&code=00102012036&supplier_code=00100151&order_time=2022-02-03 HTTP/1.1" 200 410
180.152.99.73 - - [03/Feb/2022:13:00:19 +0800] "POST /xingrg/dwr/call/plaincall/AjaxYddbService.getMaterielByMap.dwr HTTP/1.1" 200 3808
180.157.251.97 - - [03/Feb/2022:13:00:21 +0800] "GET /xingrg/kc/buy/cgsh_order_add.html HTTP/1.1" 200 65589
180.157.251.97 - - [03/Feb/2022:13:00:21 +0800] "GET /xingrg/javascript/easyui/themes/default/validatebox.css HTTP/1.1" 404 1104
180.157.251.97 - - [03/Feb/2022:13:00:21 +0800] "POST /xingrg/kc/buy/cgsh_order_operate.html HTTP/1.1" 200 8245
180.152.99.73 - - [03/Feb/2022:13:00:22 +0800] "POST /xingrg/dwr/call/plaincall/AjaxYddbService.saveMaterielItem.dwr HTTP/1.1" 200 79
58.39.168.32 - - [03/Feb/2022:13:00:24 +0800] "GET /xingrg/all/function/internal_message.html?_=1643864424036&CODE_STATE=getMsg HTTP/1.1" 200 27
101.80.229.199 - - [03/Feb/2022:13:00:25 +0800] "GET /xingrg/all/function/internal_message.html?_=1643864425052&CODE_STATE=getMsg HTTP/1.1" 200 27
180.152.99.73 - - [03/Feb/2022:13:00:27 +0800] "POST /xingrg/dwr/call/plaincall/AjaxComOrderService.getMaterielSearchList.dwr HTTP/1.1" 200 5457
180.152.99.73 - - [03/Feb/2022:13:00:27 +0800] "POST /xingrg/dwr/call/plaincall/AjaxComOrderService.getMaterielSearchList.dwr HTTP/1.1" 200 1130
222.70.179.207 - - [03/Feb/2022:13:00:28 +0800] "GET /xingrg/all/function/internal_message.html?_=1643864424527&CODE_STATE=getMsg HTTP/1.1" 200 27
180.152.99.73 - - [03/Feb/2022:13:00:29 +0800] "POST /xingrg/dwr/call/plaincall/AjaxYddbService.getMaterielByMap.dwr HTTP/1.1" 200 3838
180.152.99.73 - - [03/Feb/2022:13:00:31 +0800] "POST /xingrg/dwr/call/plaincall/AjaxYddbService.getUnitPrice.dwr HTTP/1.1" 200 87
124.78.153.118 - - [03/Feb/2022:13:00:33 +0800] "GET /xingrg/all/function/internal_message.html?_=1643864429546&CODE_STATE=getMsg HTTP/1.1" 200 27
180.157.251.97 - - [03/Feb/2022:13:00:33 +0800] "GET /xingrg/kc/buy/cgsh_order_operate.html?command=get_materiel&rest_code=00148&code=00101002006&supplier_code=00100091&order_time=2022-02-03 HTTP/1.1" 200 435
180.152.99.73 - - [03/Feb/2022:13:00:34 +0800] "POST /xingrg/dwr/call/plaincall/AjaxYddbService.saveMaterielItem.dwr HTTP/1.1" 200 79
222.70.223.103 - - [03/Feb/2022:13:00:37 +0800] "GET /xingrg/all/function/internal_message.html?_=1643864433956&CODE_STATE=getMsg HTTP/1.1" 200 27
180.152.99.73 - - [03/Feb/2022:13:00:38 +0800] "POST /xingrg/dwr/call/plaincall/AjaxComOrderService.getMaterielSearchList.dwr HTTP/1.1" 200 39375
101.83.241.155 - - [03/Feb/2022:13:00:39 +0800] "POST /xingrg/kc/buy/cgsh_order_operate.html HTTP/1.1" 200 37
180.152.99.73 - - [03/Feb/2022:13:00:39 +0800] "POST /xingrg/dwr/call/plaincall/AjaxComOrderService.getMaterielSearchList.dwr HTTP/1.1" 200 886
101.83.241.155 - - [03/Feb/2022:13:00:40 +0800] "GET /xingrg/all/function/internal_message.html?_=1643864435936&CODE_STATE=getMsg HTTP/1.1" 200 27
101.83.241.155 - - [03/Feb/2022:13:00:41 +0800] "GET /xingrg/check_reg.html?_=1643864436538 HTTP/1.1" 200 22
180.152.99.73 - - [03/Feb/2022:13:00:41 +0800] "POST /xingrg/dwr/call/plaincall/AjaxYddbService.getMaterielByMap.dwr HTTP/1.1" 200 3759
180.157.251.97 - - [03/Feb/2022:13:00:43 +0800] "GET /xingrg/check_reg.html?_=1643864440890 HTTP/1.1" 200 22
180.157.251.97 - - [03/Feb/2022:13:00:43 +0800] "GET /xingrg/all/function/internal_message.html?_=1643864440892&CODE_STATE=getMsg HTTP/1.1" 200 27
180.152.99.73 - - [03/Feb/2022:13:00:43 +0800] "POST /xingrg/dwr/call/plaincall/AjaxYddbService.saveMaterielItem.dwr HTTP/1.1" 200 79
116.232.55.86 - - [03/Feb/2022:13:00:44 +0800] "GET /xingrg/all/function/internal_message.html?_=1643864442677&CODE_STATE=getMsg HTTP/1.1" 200 27
222.70.179.207 - - [03/Feb/2022:13:00:44 +0800] "GET /xingrg/check_reg.html?_=1643864440643 HTTP/1.1" 200 22
180.157.251.97 - - [03/Feb/2022:13:00:44 +0800] "POST /xingrg/kc/buy/cgsh_order_operate.html HTTP/1.1" 200 37
58.39.168.32 - - [03/Feb/2022:13:00:45 +0800] "GET /xingrg/all/function/internal_message.html?_=1643864381361&CODE_STATE=getMsg HTTP/1.1" 200 27
58.39.168.32 - - [03/Feb/2022:13:00:45 +0800] "GET /xingrg/check_reg.html?_=1643864381786 HTTP/1.1" 200 22
180.152.99.73 - - [03/Feb/2022:13:00:46 +0800] "POST /xingrg/dwr/call/plaincall/AjaxComOrderService.getMaterielSearchList.dwr HTTP/1.1" 200 19859
180.157.251.97 - - [03/Feb/2022:13:00:47 +0800] "POST /xingrg/kc/buy/cgsh_order_operate.html HTTP/1.1" 200 2663
180.152.99.73 - - [03/Feb/2022:13:00:47 +0800] "POST /xingrg/dwr/call/plaincall/AjaxComOrderService.getMaterielSearchList.dwr HTTP/1.1" 200 739
180.169.147.146 - - [03/Feb/2022:13:00:48 +0800] "GET /xingrg/all/function/internal_message.html?_=1643864446168&CODE_STATE=getMsg HTTP/1.1" 200 27
180.157.251.97 - - [03/Feb/2022:13:00:48 +0800] "GET /xingrg/kc/print/load_data.html?order_code=212022020300241&kc_code=cgsh&condition= HTTP/1.1" 200 743
101.83.241.155 - - [03/Feb/2022:13:00:48 +0800] "POST /xingrg/kc/buy/cgsh_order_operate.html HTTP/1.1" 200 12
