180.152.99.39 - - [03/Feb/2022:11:44:57 +0800] "GET /xingrg/all/function/internal_message.html?_=1643859817677&CODE_STATE=getMsg HTTP/1.1" 200 27
114.88.155.114 - - [03/Feb/2022:11:44:58 +0800] "POST /xingrg/login.do HTTP/1.1" 302 -
114.88.155.114 - - [03/Feb/2022:11:44:58 +0800] "GET /xingrg/index.html?sysBaseUrl=http%3A%2F%2F180.169.147.146%3A18081%2Fxingrg%2F&costTime=39×tamp=1643859898641 HTTP/1.1" 200 17179
114.88.155.114 - - [03/Feb/2022:11:44:58 +0800] "POST /xingrg/all/common/load_tree.html?tree=area_rest_tree_json&manage=1 HTTP/1.1" 200 351
114.88.155.114 - - [03/Feb/2022:11:44:58 +0800] "GET /xingrg/check_reg.html?_=1643859686959 HTTP/1.1" 200 22
114.88.155.114 - - [03/Feb/2022:11:44:58 +0800] "GET /xingrg/all/function/internal_message.html?_=1643859686959&CODE_STATE=count HTTP/1.1" 200 11
114.88.155.114 - - [03/Feb/2022:11:44:58 +0800] "GET /favicon.ico HTTP/1.1" 404 -
114.88.155.114 - - [03/Feb/2022:11:44:58 +0800] "POST /xingrg/load_menu.html HTTP/1.1" 200 5138
116.235.92.83 - - [03/Feb/2022:11:44:58 +0800] "GET /xingrg/all/function/internal_message.html?_=1643860041055&CODE_STATE=getMsg HTTP/1.1" 200 27
222.70.243.96 - - [03/Feb/2022:11:45:00 +0800] "GET /xingrg/all/function/internal_message.html?_=1643859910471&CODE_STATE=getMsg HTTP/1.1" 302 -
114.88.155.114 - - [03/Feb/2022:11:45:00 +0800] "GET /xingrg/css/new_ie.css HTTP/1.1" 404 1036
114.88.155.114 - - [03/Feb/2022:11:45:00 +0800] "GET /xingrg/kc/buy/buy_main.html HTTP/1.1" 200 12412
114.88.155.114 - - [03/Feb/2022:11:45:00 +0800] "GET /xingrg/images/yd/bt.gif HTTP/1.1" 404 1040
114.88.155.114 - - [03/Feb/2022:11:45:01 +0800] "GET /xingrg/kc/buy/cgsh_order_list.html HTTP/1.1" 200 49826
116.239.131.195 - - [03/Feb/2022:11:45:01 +0800] "GET /xingrg/all/function/internal_message.html?_=1643859920604&CODE_STATE=getMsg HTTP/1.1" 200 27
114.88.155.114 - - [03/Feb/2022:11:45:02 +0800] "POST /xingrg/kc/buy/cgsh_list_operate.html HTTP/1.1" 200 876
222.70.243.96 - - [03/Feb/2022:11:45:02 +0800] "GET /xingrg/all/function/internal_message.html?_=1643859914743&CODE_STATE=getMsg HTTP/1.1" 200 27
114.88.155.114 - - [03/Feb/2022:11:45:03 +0800] "GET /xingrg/words/20220128115405_words.js HTTP/1.1" 304 -
114.88.155.114 - - [03/Feb/2022:11:45:03 +0800] "GET /xingrg/kc/buy/cgsh_order_add.html HTTP/1.1" 200 65642
114.88.155.114 - - [03/Feb/2022:11:45:03 +0800] "POST /xingrg/kc/buy/cgsh_order_operate.html HTTP/1.1" 200 8245
114.88.155.114 - - [03/Feb/2022:11:45:03 +0800] "GET /xingrg/all/common/auto_word.html?type=employee&rest_code=00141 HTTP/1.1" 200 201
114.88.155.114 - - [03/Feb/2022:11:45:03 +0800] "GET /xingrg/all/common/auto_word.html?type=employee&rest_code=00141 HTTP/1.1" 200 201
114.88.155.114 - - [03/Feb/2022:11:45:03 +0800] "GET /xingrg/javascript/easyui/themes/default/validatebox.css HTTP/1.1" 404 1104
116.232.55.86 - - [03/Feb/2022:11:45:04 +0800] "GET /xingrg/check_reg.html?_=1643859902256 HTTP/1.1" 200 22
116.232.55.86 - - [03/Feb/2022:11:45:04 +0800] "GET /xingrg/all/function/internal_message.html?_=1643859902259&CODE_STATE=getMsg HTTP/1.1" 200 27
180.152.99.73 - - [03/Feb/2022:11:45:04 +0800] "GET /xingrg/all/function/internal_message.html?_=1643859902285&CODE_STATE=getMsg HTTP/1.1" 302 -
114.88.155.114 - - [03/Feb/2022:11:45:06 +0800] "GET /xingrg/javascript/auto/indicator.gif HTTP/1.1" 404 1066
114.88.155.114 - - [03/Feb/2022:11:45:07 +0800] "GET /xingrg/javascript/jquery_tools/images/next.gif HTTP/1.1" 404 1086
114.88.155.114 - - [03/Feb/2022:11:45:07 +0800] "GET /xingrg/javascript/jquery_tools/images/prev.gif HTTP/1.1" 404 1086
180.162.112.109 - - [03/Feb/2022:11:45:09 +0800] "GET /xingrg/all/function/internal_message.html?_=1643859298001&CODE_STATE=getMsg HTTP/1.1" 200 27
114.88.155.114 - - [03/Feb/2022:11:45:13 +0800] "GET /xingrg/kc/buy/cgsh_order_operate.html?command=get_materiel&rest_code=00141&code=00101001140&supplier_code=00100090&order_time=2022-02-03 HTTP/1.1" 200 438
114.88.155.114 - - [03/Feb/2022:11:45:25 +0800] "GET /xingrg/kc/buy/cgsh_order_operate.html?command=get_materiel&rest_code=00141&code=00101001126&supplier_code=00100090&order_time=2022-02-03 HTTP/1.1" 200 418
58.39.168.32 - - [03/Feb/2022:11:45:26 +0800] "GET /xingrg/all/function/internal_message.html?_=1643859925877&CODE_STATE=getMsg HTTP/1.1" 200 27
222.70.179.207 - - [03/Feb/2022:11:45:29 +0800] "GET /xingrg/all/function/internal_message.html?_=1643859925786&CODE_STATE=getMsg HTTP/1.1" 200 27
114.88.155.114 - - [03/Feb/2022:11:45:31 +0800] "GET /xingrg/kc/buy/cgsh_order_operate.html?command=get_materiel&rest_code=00141&code=00101001125&supplier_code=00100090&order_time=2022-02-03 HTTP/1.1" 200 437
222.70.223.103 - - [03/Feb/2022:11:45:36 +0800] "GET /xingrg/all/function/internal_message.html?_=1643859933961&CODE_STATE=getMsg HTTP/1.1" 200 27
101.83.241.155 - - [03/Feb/2022:11:45:40 +0800] "GET /xingrg/all/function/internal_message.html?_=1643859936390&CODE_STATE=getMsg HTTP/1.1" 200 27
101.83.241.155 - - [03/Feb/2022:11:45:40 +0800] "GET /xingrg/check_reg.html?_=1643859936394 HTTP/1.1" 200 22
222.70.179.207 - - [03/Feb/2022:11:45:44 +0800] "GET /xingrg/check_reg.html?_=1643859940530 HTTP/1.1" 200 22
114.88.155.114 - - [03/Feb/2022:11:45:44 +0800] "POST /xingrg/kc/buy/cgsh_order_operate.html HTTP/1.1" 200 37
58.39.168.32 - - [03/Feb/2022:11:45:45 +0800] "GET /xingrg/check_reg.html?_=1643859881721 HTTP/1.1" 200 22
58.39.168.32 - - [03/Feb/2022:11:45:45 +0800] "GET /xingrg/all/function/internal_message.html?_=1643859881724&CODE_STATE=getMsg HTTP/1.1" 200 27
114.88.155.114 - - [03/Feb/2022:11:45:49 +0800] "POST /xingrg/kc/buy/cgsh_order_operate.html HTTP/1.1" 200 12
114.88.155.114 - - [03/Feb/2022:11:45:50 +0800] "GET /xingrg/kc/buy/cgsh_order_info.html?code=212022020300151 HTTP/1.1" 200 60549
114.88.155.114 - - [03/Feb/2022:11:45:50 +0800] "GET /xingrg/javascript/easyui/themes/default/validatebox.css HTTP/1.1" 404 1104
114.88.155.114 - - [03/Feb/2022:11:45:51 +0800] "POST /xingrg/kc/buy/cgsh_order_operate.html HTTP/1.1" 200 1217
114.88.155.114 - - [03/Feb/2022:11:45:51 +0800] "GET /xingrg/kc/print/load_config.html?kc_code=cgsh HTTP/1.1" 200 1943
114.88.155.114 - - [03/Feb/2022:11:45:51 +0800] "GET /xingrg/kc/print/load_data.html?order_code=212022020300151&kc_code=cgsh&condition= HTTP/1.1" 200 1020
124.78.153.118 - - [03/Feb/2022:11:45:54 +0800] "GET /xingrg/all/function/internal_message.html?_=1643859953579&CODE_STATE=getMsg HTTP/1.1" 200 27
114.88.155.114 - - [03/Feb/2022:11:45:54 +0800] "GET /xingrg/kc/buy/cgsh_order_add.html HTTP/1.1" 200 65642
114.88.155.114 - - [03/Feb/2022:11:45:55 +0800] "POST /xingrg/kc/buy/cgsh_order_operate.html HTTP/1.1" 200 8245
114.88.155.114 - - [03/Feb/2022:11:45:55 +0800] "GET /xingrg/javascript/easyui/themes/default/validatebox.css HTTP/1.1" 404 1104
180.152.99.39 - - [03/Feb/2022:11:45:57 +0800] "GET /xingrg/all/function/internal_message.html?_=1643859877731&CODE_STATE=getMsg HTTP/1.1" 200 27
114.88.155.114 - - [03/Feb/2022:11:45:58 +0800] "GET /xingrg/all/function/internal_message.html?_=1643859746973&CODE_STATE=getMsg HTTP/1.1" 200 27
116.235.92.83 - - [03/Feb/2022:11:45:58 +0800] "GET /xingrg/all/function/internal_message.html?_=1643860101056&CODE_STATE=getMsg HTTP/1.1" 200 27
222.70.243.96 - - [03/Feb/2022:11:46:00 +0800] "GET /xingrg/all/function/internal_message.html?_=1643859970475&CODE_STATE=getMsg HTTP/1.1" 302 -
58.39.168.32 - - [03/Feb/2022:11:46:01 +0800] "POST /xingrg/kc/buy/cgsh_order_operate.html HTTP/1.1" 200 37
116.239.131.195 - - [03/Feb/2022:11:46:02 +0800] "GET /xingrg/all/function/internal_message.html?_=1643859981285&CODE_STATE=getMsg HTTP/1.1" 200 27
222.70.243.96 - - [03/Feb/2022:11:46:02 +0800] "GET /xingrg/all/function/internal_message.html?_=1643859974754&CODE_STATE=getMsg HTTP/1.1" 200 27
58.39.168.32 - - [03/Feb/2022:11:46:03 +0800] "POST /xingrg/kc/buy/cgsh_order_operate.html HTTP/1.1" 200 3855
116.232.55.86 - - [03/Feb/2022:11:46:04 +0800] "GET /xingrg/all/function/internal_message.html?_=1643859962259&CODE_STATE=getMsg HTTP/1.1" 200 27
58.39.168.32 - - [03/Feb/2022:11:46:04 +0800] "GET /xingrg/kc/print/load_data.html?order_code=212022020300152&kc_code=cgsh&condition= HTTP/1.1" 200 1142
180.152.99.73 - - [03/Feb/2022:11:46:04 +0800] "GET /xingrg/all/function/internal_message.html?_=1643859962271&CODE_STATE=getMsg HTTP/1.1" 302 -
114.88.155.114 - - [03/Feb/2022:11:46:09 +0800] "GET /xingrg/kc/buy/cgsh_order_operate.html?command=get_materiel&rest_code=00141&code=00101003016&supplier_code=00100093&order_time=2022-02-03 HTTP/1.1" 200 420
180.162.112.109 - - [03/Feb/2022:11:46:09 +0800] "GET /xingrg/all/function/internal_message.html?_=1643859357996&CODE_STATE=getMsg HTTP/1.1" 200 27
101.83.241.155 - - [03/Feb/2022:11:46:13 +0800] "GET /xingrg/kc/buy/cgsh_order_add.html HTTP/1.1" 200 65689
101.83.241.155 - - [03/Feb/2022:11:46:14 +0800] "POST /xingrg/kc/buy/cgsh_order_operate.html HTTP/1.1" 200 8245
101.83.241.155 - - [03/Feb/2022:11:46:14 +0800] "GET /xingrg/javascript/easyui/themes/default/validatebox.css HTTP/1.1" 404 1104
114.88.155.114 - - [03/Feb/2022:11:46:19 +0800] "GET /xingrg/kc/buy/cgsh_order_operate.html?command=get_materiel&rest_code=00141&code=00101003017&supplier_code=00100093&order_time=2022-02-03 HTTP/1.1" 200 426
58.39.168.32 - - [03/Feb/2022:11:46:26 +0800] "GET /xingrg/all/function/internal_message.html?_=1643859985838&CODE_STATE=getMsg HTTP/1.1" 200 27
58.39.168.32 - - [03/Feb/2022:11:46:26 +0800] "GET /xingrg/check_reg.html?_=1643859986106 HTTP/1.1" 200 22
222.70.179.207 - - [03/Feb/2022:11:46:29 +0800] "GET /xingrg/all/function/internal_message.html?_=1643859985756&CODE_STATE=getMsg HTTP/1.1" 200 27
112.49.103.202 - - [03/Feb/2022:11:46:32 +0800] "GET /favicon.ico HTTP/1.1" 404 -
116.239.131.195 - - [03/Feb/2022:11:46:33 +0800] "POST /xingrg/kc/base/wldb_order_operate.html HTTP/1.1" 200 37
116.239.131.195 - - [03/Feb/2022:11:46:34 +0800] "POST /xingrg/kc/base/wldb_order_operate.html HTTP/1.1" 200 2202
116.239.131.195 - - [03/Feb/2022:11:46:34 +0800] "GET /xingrg/kc/base/wldb_order_info.html?code=422022020300262 HTTP/1.1" 200 30321
101.83.241.155 - - [03/Feb/2022:11:46:35 +0800] "GET /xingrg/kc/buy/cgsh_order_operate.html?command=get_materiel&rest_code=00149&code=00101003035&supplier_code=00100039&order_time=2022-02-03 HTTP/1.1" 200 433
222.70.223.103 - - [03/Feb/2022:11:46:36 +0800] "GET /xingrg/all/function/internal_message.html?_=1643859993956&CODE_STATE=getMsg HTTP/1.1" 200 27
116.239.131.195 - - [03/Feb/2022:11:46:37 +0800] "POST /xingrg/kc/base/wldb_order_operate.html HTTP/1.1" 200 2202
116.239.131.195 - - [03/Feb/2022:11:46:37 +0800] "GET /xingrg/javascript/easyui/themes/default/validatebox.css HTTP/1.1" 404 1104
112.49.103.202 - - [03/Feb/2022:11:46:38 +0800] "GET /favicon.ico HTTP/1.1" 404 -
101.83.241.155 - - [03/Feb/2022:11:46:40 +0800] "GET /xingrg/all/function/internal_message.html?_=1643859996396&CODE_STATE=getMsg HTTP/1.1" 200 27
116.239.131.195 - - [03/Feb/2022:11:46:44 +0800] "GET /xingrg/kc/mdqp/qqps_order_list.html HTTP/1.1" 200 9222
116.239.131.195 - - [03/Feb/2022:11:46:44 +0800] "GET /xingrg/javascript/ToolTips.js HTTP/1.1" 200 5615
116.239.131.195 - - [03/Feb/2022:11:46:44 +0800] "GET /xingrg/css/blue.css HTTP/1.1" 200 15949
116.239.131.195 - - [03/Feb/2022:11:46:44 +0800] "GET /xingrg/dwr/interface/AjaxReportQueryService.js HTTP/1.1" 200 13203
116.239.131.195 - - [03/Feb/2022:11:46:44 +0800] "GET /xingrg/dwr/interface/AjaxQqpsService.js HTTP/1.1" 200 16326
116.239.131.195 - - [03/Feb/2022:11:46:44 +0800] "GET /xingrg/dwr/util.js HTTP/1.1" 200 35990
116.239.131.195 - - [03/Feb/2022:11:46:44 +0800] "GET /xingrg/javascript/Calendar.js HTTP/1.1" 200 31561
116.239.131.195 - - [03/Feb/2022:11:46:44 +0800] "GET /xingrg/javascript/myfunction.js HTTP/1.1" 200 24559
116.239.131.195 - - [03/Feb/2022:11:46:44 +0800] "GET /xingrg/dwr/engine.js HTTP/1.1" 200 43631
114.88.155.114 - - [03/Feb/2022:11:46:44 +0800] "POST /xingrg/kc/buy/cgsh_order_operate.html HTTP/1.1" 200 37
116.239.131.195 - - [03/Feb/2022:11:46:44 +0800] "GET /xingrg/javascript/jquery_easy_ui/themes/icons/edit_add_new.png HTTP/1.1" 200 2997
116.239.131.195 - - [03/Feb/2022:11:46:44 +0800] "GET /xingrg/javascript/jquery_easy_ui/themes/icons/check_new.png HTTP/1.1" 200 3224
116.239.131.195 - - [03/Feb/2022:11:46:44 +0800] "GET /xingrg/javascript/jquery_easy_ui/themes/icons/uncheck_new.png HTTP/1.1" 200 3197
116.239.131.195 - - [03/Feb/2022:11:46:44 +0800] "GET /xingrg/javascript/jquery_easy_ui/themes/icons/cance_new.png HTTP/1.1" 200 3986
58.39.168.32 - - [03/Feb/2022:11:46:45 +0800] "GET /xingrg/all/function/internal_message.html?_=1643859941725&CODE_STATE=getMsg HTTP/1.1" 200 27
116.239.131.195 - - [03/Feb/2022:11:46:46 +0800] "GET /xingrg/kc/mdqp/pssh_order_list.html HTTP/1.1" 200 17779
116.239.131.195 - - [03/Feb/2022:11:46:47 +0800] "POST /xingrg/kc/mdqp/pssh_list_operate.html HTTP/1.1" 200 5492
180.152.99.39 - - [03/Feb/2022:11:46:47 +0800] "GET /xingrg/check_reg.html?_=1643859927237 HTTP/1.1" 200 22
114.88.155.114 - - [03/Feb/2022:11:46:48 +0800] "POST /xingrg/kc/buy/cgsh_order_operate.html HTTP/1.1" 200 12
114.88.155.114 - - [03/Feb/2022:11:46:49 +0800] "GET /xingrg/kc/buy/cgsh_order_info.html?code=212022020300153 HTTP/1.1" 200 60547
114.88.155.114 - - [03/Feb/2022:11:46:50 +0800] "GET /xingrg/javascript/easyui/themes/default/validatebox.css HTTP/1.1" 404 1104
114.88.155.114 - - [03/Feb/2022:11:46:50 +0800] "POST /xingrg/kc/buy/cgsh_order_operate.html HTTP/1.1" 200 625
114.88.155.114 - - [03/Feb/2022:11:46:51 +0800] "GET /xingrg/kc/print/load_data.html?order_code=212022020300153&kc_code=cgsh&condition= HTTP/1.1" 200 783
116.239.131.195 - - [03/Feb/2022:11:46:52 +0800] "POST /xingrg/kc/mdqp/pssh_list_operate.html HTTP/1.1" 200 761
124.78.153.118 - - [03/Feb/2022:11:46:54 +0800] "GET /xingrg/all/function/internal_message.html?_=1643860013564&CODE_STATE=getMsg HTTP/1.1" 200 27
114.88.155.114 - - [03/Feb/2022:11:46:54 +0800] "GET /xingrg/kc/buy/cgsh_order_add.html HTTP/1.1" 200 65642
114.88.155.114 - - [03/Feb/2022:11:46:54 +0800] "POST /xingrg/kc/buy/cgsh_order_operate.html HTTP/1.1" 200 8245
114.88.155.114 - - [03/Feb/2022:11:46:54 +0800] "GET /xingrg/javascript/easyui/themes/default/validatebox.css HTTP/1.1" 404 1104
180.152.99.39 - - [03/Feb/2022:11:46:57 +0800] "GET /xingrg/all/function/internal_message.html?_=1643859937736&CODE_STATE=getMsg HTTP/1.1" 200 27
114.88.155.114 - - [03/Feb/2022:11:46:58 +0800] "GET /xingrg/all/function/internal_message.html?_=1643859806973&CODE_STATE=getMsg HTTP/1.1" 200 27
116.235.92.83 - - [03/Feb/2022:11:46:58 +0800] "GET /xingrg/all/function/internal_message.html?_=1643860161055&CODE_STATE=getMsg HTTP/1.1" 200 27
222.70.243.96 - - [03/Feb/2022:11:47:00 +0800] "GET /xingrg/all/function/internal_message.html?_=1643860030517&CODE_STATE=getMsg HTTP/1.1" 302 -
116.239.131.195 - - [03/Feb/2022:11:47:00 +0800] "GET /xingrg/kc/mdqp/pssh_order_info.html?code=312022012000690 HTTP/1.1" 200 14382
116.239.131.195 - - [03/Feb/2022:11:47:00 +0800] "GET /xingrg/javascript/jquery_tools/jquery-1.4.2.min.js HTTP/1.1" 404 1094
116.239.131.195 - - [03/Feb/2022:11:47:01 +0800] "GET /xingrg/javascript/easyui/themes/icons/uncheck_new.png HTTP/1.1" 200 3197
116.239.131.195 - - [03/Feb/2022:11:47:01 +0800] "GET /xingrg/javascript/easyui/themes/icons/back_new.png HTTP/1.1" 200 3414
116.239.131.195 - - [03/Feb/2022:11:47:01 +0800] "POST /xingrg/kc/mdqp/pssh_order_operate.html HTTP/1.1" 200 3105
116.239.131.195 - - [03/Feb/2022:11:47:01 +0800] "GET /xingrg/javascript/easyui/themes/default/validatebox.css HTTP/1.1" 404 1104
222.70.243.96 - - [03/Feb/2022:11:47:01 +0800] "GET /xingrg/check_reg.html?_=1643860033847 HTTP/1.1" 200 22
116.239.131.195 - - [03/Feb/2022:11:47:02 +0800] "GET /xingrg/all/function/internal_message.html?_=1643860041285&CODE_STATE=getMsg HTTP/1.1" 200 27
222.70.243.96 - - [03/Feb/2022:11:47:02 +0800] "GET /xingrg/all/function/internal_message.html?_=1643860034766&CODE_STATE=getMsg HTTP/1.1" 200 27
116.232.55.86 - - [03/Feb/2022:11:47:04 +0800] "GET /xingrg/all/function/internal_message.html?_=1643860022257&CODE_STATE=getMsg HTTP/1.1" 200 27
180.152.99.73 - - [03/Feb/2022:11:47:04 +0800] "GET /xingrg/all/function/internal_message.html?_=1643860022244&CODE_STATE=getMsg HTTP/1.1" 302 -
180.152.99.73 - - [03/Feb/2022:11:47:04 +0800] "GET /xingrg/check_reg.html?_=1643860022606 HTTP/1.1" 302 -
114.88.155.114 - - [03/Feb/2022:11:47:07 +0800] "GET /xingrg/kc/buy/cgsh_order_operate.html?command=get_materiel&rest_code=00141&code=00101003006&supplier_code=00100092&order_time=2022-02-03 HTTP/1.1" 200 433
180.162.112.109 - - [03/Feb/2022:11:47:09 +0800] "GET /xingrg/all/function/internal_message.html?_=1643859417998&CODE_STATE=getMsg HTTP/1.1" 200 27
116.235.92.83 - - [03/Feb/2022:11:47:11 +0800] "POST /xingrg/kc/buy/cgsh_list_operate.html HTTP/1.1" 200 5903
114.88.155.114 - - [03/Feb/2022:11:47:19 +0800] "POST /xingrg/kc/buy/cgsh_order_operate.html HTTP/1.1" 200 37
116.235.92.83 - - [03/Feb/2022:11:47:21 +0800] "GET /xingrg/kc/base/wldb_order_list.html HTTP/1.1" 200 19104
116.235.92.83 - - [03/Feb/2022:11:47:21 +0800] "POST /xingrg/kc/base/wldb_list_operate.html HTTP/1.1" 200 928
116.235.92.83 - - [03/Feb/2022:11:47:23 +0800] "POST /xingrg/kc/base/wldb_list_operate.html HTTP/1.1" 200 928
116.239.131.195 - - [03/Feb/2022:11:47:24 +0800] "POST /xingrg/kc/mdqp/pssh_list_operate.html HTTP/1.1" 200 806
58.39.168.32 - - [03/Feb/2022:11:47:26 +0800] "GET /xingrg/all/function/internal_message.html?_=1643860045815&CODE_STATE=getMsg HTTP/1.1" 200 27
116.239.131.195 - - [03/Feb/2022:11:47:26 +0800] "GET /xingrg/kc/mdqp/pssh_order_info.html?code=312022012500856 HTTP/1.1" 200 14386
116.239.131.195 - - [03/Feb/2022:11:47:26 +0800] "GET /xingrg/javascript/jquery_tools/jquery-1.4.2.min.js HTTP/1.1" 404 1094
114.88.155.114 - - [03/Feb/2022:11:47:26 +0800] "POST /xingrg/kc/buy/cgsh_order_operate.html HTTP/1.1" 200 12
116.239.131.195 - - [03/Feb/2022:11:47:27 +0800] "POST /xingrg/kc/mdqp/pssh_order_operate.html HTTP/1.1" 200 8978
116.239.131.195 - - [03/Feb/2022:11:47:27 +0800] "GET /xingrg/javascript/easyui/themes/default/validatebox.css HTTP/1.1" 404 1104
114.88.155.114 - - [03/Feb/2022:11:47:27 +0800] "GET /xingrg/kc/buy/cgsh_order_info.html?code=212022020300154 HTTP/1.1" 200 60547
116.235.92.83 - - [03/Feb/2022:11:47:28 +0800] "POST /xingrg/kc/base/wldb_list_operate.html HTTP/1.1" 200 6222
114.88.155.114 - - [03/Feb/2022:11:47:28 +0800] "GET /xingrg/javascript/easyui/themes/default/validatebox.css HTTP/1.1" 404 1104
114.88.155.114 - - [03/Feb/2022:11:47:28 +0800] "POST /xingrg/kc/buy/cgsh_order_operate.html HTTP/1.1" 200 612
114.88.155.114 - - [03/Feb/2022:11:47:29 +0800] "GET /xingrg/kc/print/load_data.html?order_code=212022020300154&kc_code=cgsh&condition= HTTP/1.1" 200 768
222.70.179.207 - - [03/Feb/2022:11:47:29 +0800] "GET /xingrg/all/function/internal_message.html?_=1643860045741&CODE_STATE=getMsg HTTP/1.1" 200 27
116.235.92.83 - - [03/Feb/2022:11:47:31 +0800] "POST /xingrg/kc/base/wldb_list_operate.html HTTP/1.1" 200 590
114.88.155.114 - - [03/Feb/2022:11:47:32 +0800] "GET /xingrg/kc/buy/cgsh_order_add.html HTTP/1.1" 200 65642
114.88.155.114 - - [03/Feb/2022:11:47:32 +0800] "POST /xingrg/kc/buy/cgsh_order_operate.html HTTP/1.1" 200 8245
114.88.155.114 - - [03/Feb/2022:11:47:32 +0800] "GET /xingrg/javascript/easyui/themes/default/validatebox.css HTTP/1.1" 404 1104
116.235.92.83 - - [03/Feb/2022:11:47:34 +0800] "GET /xingrg/kc/base/wldb_order_info.html?code=422022020100061 HTTP/1.1" 200 26197
116.235.92.83 - - [03/Feb/2022:11:47:34 +0800] "GET /xingrg/words/20220128115405_words.js HTTP/1.1" 304 -
116.235.92.83 - - [03/Feb/2022:11:47:34 +0800] "GET /xingrg/javascript/easyui/themes/default/validatebox.css HTTP/1.1" 404 1104
116.235.92.83 - - [03/Feb/2022:11:47:34 +0800] "POST /xingrg/kc/base/wldb_order_operate.html HTTP/1.1" 200 2807
116.235.92.83 - - [03/Feb/2022:11:47:36 +0800] "GET /xingrg/kc/print/load_config.html?kc_code=wldb HTTP/1.1" 200 2173
116.235.92.83 - - [03/Feb/2022:11:47:36 +0800] "GET /xingrg/kc/print/load_data.html?order_code=422022020100061&kc_code=wldb&condition= HTTP/1.1" 200 1291
222.70.223.103 - - [03/Feb/2022:11:47:36 +0800] "GET /xingrg/all/function/internal_message.html?_=1643860053960&CODE_STATE=getMsg HTTP/1.1" 200 27
101.83.241.155 - - [03/Feb/2022:11:47:41 +0800] "GET /xingrg/all/function/internal_message.html?_=1643860056408&CODE_STATE=getMsg HTTP/1.1" 200 27
114.88.155.114 - - [03/Feb/2022:11:47:43 +0800] "GET /xingrg/kc/buy/cgsh_order_operate.html?command=get_materiel&rest_code=00141&code=00102002167&supplier_code=00100494&order_time=2022-02-03 HTTP/1.1" 200 409
58.39.168.32 - - [03/Feb/2022:11:47:45 +0800] "GET /xingrg/all/function/internal_message.html?_=1643860001725&CODE_STATE=getMsg HTTP/1.1" 200 27
116.239.131.195 - - [03/Feb/2022:11:47:51 +0800] "POST /xingrg/kc/mdqp/pssh_list_operate.html HTTP/1.1" 200 814
114.88.155.114 - - [03/Feb/2022:11:47:52 +0800] "POST /xingrg/kc/buy/cgsh_order_operate.html HTTP/1.1" 200 37
101.83.241.155 - - [03/Feb/2022:11:47:52 +0800] "GET /xingrg/kc/buy/cgsh_order_operate.html?command=get_materiel&rest_code=00149&code=00101002027&supplier_code=00100039&order_time=2022-02-03 HTTP/1.1" 200 436
124.78.153.118 - - [03/Feb/2022:11:47:54 +0800] "GET /xingrg/all/function/internal_message.html?_=1643860073549&CODE_STATE=getMsg HTTP/1.1" 200 27
116.239.131.195 - - [03/Feb/2022:11:47:55 +0800] "GET /xingrg/check_reg.html?_=1643860094364 HTTP/1.1" 200 22
116.239.131.195 - - [03/Feb/2022:11:47:56 +0800] "GET /xingrg/kc/base/wldb_order_list.html HTTP/1.1" 200 19098
116.239.131.195 - - [03/Feb/2022:11:47:56 +0800] "POST /xingrg/kc/base/wldb_list_operate.html HTTP/1.1" 200 1764
180.152.99.39 - - [03/Feb/2022:11:47:57 +0800] "GET /xingrg/all/function/internal_message.html?_=1643859997750&CODE_STATE=getMsg HTTP/1.1" 200 27
116.239.131.195 - - [03/Feb/2022:11:47:58 +0800] "POST /xingrg/kc/base/wldb_list_operate.html HTTP/1.1" 200 208
114.88.155.114 - - [03/Feb/2022:11:47:58 +0800] "POST /xingrg/kc/buy/cgsh_order_operate.html HTTP/1.1" 200 12
116.235.92.83 - - [03/Feb/2022:11:47:58 +0800] "GET /xingrg/all/function/internal_message.html?_=1643860221071&CODE_STATE=getMsg HTTP/1.1" 200 27
116.239.131.195 - - [03/Feb/2022:11:47:59 +0800] "GET /xingrg/kc/base/wldb_order_info.html?code=422022020300262 HTTP/1.1" 200 30321
222.70.243.96 - - [03/Feb/2022:11:48:00 +0800] "GET /xingrg/all/function/internal_message.html?_=1643860090533&CODE_STATE=getMsg HTTP/1.1" 302 -
116.239.131.195 - - [03/Feb/2022:11:48:00 +0800] "POST /xingrg/kc/base/wldb_order_operate.html HTTP/1.1" 200 2202
116.239.131.195 - - [03/Feb/2022:11:48:01 +0800] "GET /xingrg/javascript/easyui/themes/default/validatebox.css HTTP/1.1" 404 1104
116.239.131.195 - - [03/Feb/2022:11:48:02 +0800] "GET /xingrg/all/function/internal_message.html?_=1643860101301&CODE_STATE=getMsg HTTP/1.1" 200 27
222.70.243.96 - - [03/Feb/2022:11:48:02 +0800] "GET /xingrg/all/function/internal_message.html?_=1643860094780&CODE_STATE=getMsg HTTP/1.1" 200 27
114.88.155.114 - - [03/Feb/2022:11:48:02 +0800] "GET /xingrg/kc/buy/cgsh_order_info.html?code=212022020300155 HTTP/1.1" 200 60545
114.88.155.114 - - [03/Feb/2022:11:48:03 +0800] "GET /xingrg/javascript/easyui/themes/default/validatebox.css HTTP/1.1" 404 1104
114.88.155.114 - - [03/Feb/2022:11:48:03 +0800] "POST /xingrg/kc/buy/cgsh_order_operate.html HTTP/1.1" 200 602
116.232.55.86 - - [03/Feb/2022:11:48:04 +0800] "GET /xingrg/all/function/internal_message.html?_=1643860082271&CODE_STATE=getMsg HTTP/1.1" 200 27
180.152.99.73 - - [03/Feb/2022:11:48:04 +0800] "GET /xingrg/all/function/internal_message.html?_=1643860082243&CODE_STATE=getMsg HTTP/1.1" 302 -
114.88.155.114 - - [03/Feb/2022:11:48:04 +0800] "GET /xingrg/kc/print/load_data.html?order_code=212022020300155&kc_code=cgsh&condition= HTTP/1.1" 200 687
116.239.131.195 - - [03/Feb/2022:11:48:05 +0800] "GET /xingrg/kc/base/wldb_order_operate.html?command=get_materiel&rest_code=00102&base_code=0010477&code=00102002543 HTTP/1.1" 200 443
114.88.155.114 - - [03/Feb/2022:11:48:08 +0800] "GET /xingrg/kc/buy/cgsh_order_add.html HTTP/1.1" 200 65642
114.88.155.114 - - [03/Feb/2022:11:48:08 +0800] "POST /xingrg/kc/buy/cgsh_order_operate.html HTTP/1.1" 200 8245
114.88.155.114 - - [03/Feb/2022:11:48:08 +0800] "GET /xingrg/javascript/easyui/themes/default/validatebox.css HTTP/1.1" 404 1104
180.162.112.109 - - [03/Feb/2022:11:48:09 +0800] "GET /xingrg/all/function/internal_message.html?_=1643859477998&CODE_STATE=getMsg HTTP/1.1" 200 27
101.83.241.155 - - [03/Feb/2022:11:48:12 +0800] "GET /xingrg/kc/buy/cgsh_order_operate.html?command=get_materiel&rest_code=00149&code=00101005009&supplier_code=00100039&order_time=2022-02-03 HTTP/1.1" 200 438
116.239.131.195 - - [03/Feb/2022:11:48:15 +0800] "GET /xingrg/kc/base/wldb_order_operate.html?command=get_materiel&rest_code=00102&base_code=0010477&code=00102002441 HTTP/1.1" 200 448
114.88.155.114 - - [03/Feb/2022:11:48:18 +0800] "GET /xingrg/kc/buy/cgsh_order_operate.html?command=get_materiel&rest_code=00141&code=00101001060&supplier_code=00100442&order_time=2022-02-03 HTTP/1.1" 200 441
58.39.168.32 - - [03/Feb/2022:11:48:26 +0800] "GET /xingrg/all/function/internal_message.html?_=1643860105787&CODE_STATE=getMsg HTTP/1.1" 200 27
222.70.179.207 - - [03/Feb/2022:11:48:29 +0800] "GET /xingrg/all/function/internal_message.html?_=1643860105724&CODE_STATE=getMsg HTTP/1.1" 200 27
114.88.155.114 - - [03/Feb/2022:11:48:30 +0800] "GET /xingrg/kc/buy/cgsh_order_operate.html?command=get_materiel&rest_code=00141&code=00101002007&supplier_code=00100442&order_time=2022-02-03 HTTP/1.1" 200 430
222.70.223.103 - - [03/Feb/2022:11:48:36 +0800] "GET /xingrg/check_reg.html?_=1643860113961 HTTP/1.1" 200 22
222.70.223.103 - - [03/Feb/2022:11:48:36 +0800] "GET /xingrg/all/function/internal_message.html?_=1643860113965&CODE_STATE=getMsg HTTP/1.1" 200 27
114.88.155.114 - - [03/Feb/2022:11:48:39 +0800] "POST /xingrg/kc/buy/cgsh_order_operate.html HTTP/1.1" 200 37
101.83.241.155 - - [03/Feb/2022:11:48:40 +0800] "GET /xingrg/all/function/internal_message.html?_=1643860116399&CODE_STATE=getMsg HTTP/1.1" 200 27
114.88.155.114 - - [03/Feb/2022:11:48:43 +0800] "POST /xingrg/kc/buy/cgsh_order_operate.html HTTP/1.1" 200 12
114.88.155.114 - - [03/Feb/2022:11:48:43 +0800] "GET /xingrg/kc/buy/cgsh_order_info.html?code=212022020300156 HTTP/1.1" 200 60547
114.88.155.114 - - [03/Feb/2022:11:48:44 +0800] "GET /xingrg/javascript/easyui/themes/default/validatebox.css HTTP/1.1" 404 1104
114.88.155.114 - - [03/Feb/2022:11:48:44 +0800] "POST /xingrg/kc/buy/cgsh_order_operate.html HTTP/1.1" 200 1208
114.88.155.114 - - [03/Feb/2022:11:48:45 +0800] "GET /xingrg/kc/print/load_data.html?order_code=212022020300156&kc_code=cgsh&condition= HTTP/1.1" 200 945
58.39.168.32 - - [03/Feb/2022:11:48:45 +0800] "GET /xingrg/all/function/internal_message.html?_=1643860061725&CODE_STATE=getMsg HTTP/1.1" 200 27
114.88.155.114 - - [03/Feb/2022:11:48:48 +0800] "GET /xingrg/kc/buy/cgsh_order_add.html HTTP/1.1" 200 65642
114.88.155.114 - - [03/Feb/2022:11:48:48 +0800] "POST /xingrg/kc/buy/cgsh_order_operate.html HTTP/1.1" 200 8245
114.88.155.114 - - [03/Feb/2022:11:48:48 +0800] "GET /xingrg/javascript/easyui/themes/default/validatebox.css HTTP/1.1" 404 1104
124.78.153.118 - - [03/Feb/2022:11:48:54 +0800] "GET /xingrg/all/function/internal_message.html?_=1643860133536&CODE_STATE=getMsg HTTP/1.1" 200 27
124.78.153.118 - - [03/Feb/2022:11:48:55 +0800] "GET /xingrg/check_reg.html?_=1643860134521 HTTP/1.1" 200 22
114.88.155.114 - - [03/Feb/2022:11:48:56 +0800] "GET /xingrg/kc/buy/cgsh_order_operate.html?command=get_materiel&rest_code=00141&code=00101004046&supplier_code=00100312&order_time=2022-02-03 HTTP/1.1" 200 439
116.239.131.195 - - [03/Feb/2022:11:48:57 +0800] "POST /xingrg/kc/base/wldb_order_operate.html HTTP/1.1" 200 37
180.152.99.39 - - [03/Feb/2022:11:48:57 +0800] "GET /xingrg/all/function/internal_message.html?_=1643860057804&CODE_STATE=getMsg HTTP/1.1" 200 27
114.88.155.114 - - [03/Feb/2022:11:48:58 +0800] "GET /xingrg/all/function/internal_message.html?_=1643859926993&CODE_STATE=getMsg HTTP/1.1" 200 27
116.235.92.83 - - [03/Feb/2022:11:48:58 +0800] "GET /xingrg/all/function/internal_message.html?_=1643860281068&CODE_STATE=getMsg HTTP/1.1" 200 27
116.235.92.83 - - [03/Feb/2022:11:48:58 +0800] "GET /xingrg/check_reg.html?_=1643860281069 HTTP/1.1" 200 22
116.239.131.195 - - [03/Feb/2022:11:48:59 +0800] "POST /xingrg/kc/base/wldb_order_operate.html HTTP/1.1" 200 12
116.239.131.195 - - [03/Feb/2022:11:48:59 +0800] "POST /xingrg/kc/base/wldb_order_operate.html HTTP/1.1" 200 3165
222.70.243.96 - - [03/Feb/2022:11:49:00 +0800] "GET /xingrg/all/function/internal_message.html?_=1643860150574&CODE_STATE=getMsg HTTP/1.1" 302 -
116.239.131.195 - - [03/Feb/2022:11:49:02 +0800] "GET /xingrg/kc/base/wldb_order_info.html?code=422022020300262 HTTP/1.1" 200 26185
222.70.243.96 - - [03/Feb/2022:11:49:02 +0800] "GET /xingrg/all/function/internal_message.html?_=1643860154793&CODE_STATE=getMsg HTTP/1.1" 200 27
114.88.155.114 - - [03/Feb/2022:11:49:03 +0800] "GET /xingrg/kc/buy/cgsh_order_operate.html?command=get_materiel&rest_code=00141&code=00101004004&supplier_code=00100312&order_time=2022-02-03 HTTP/1.1" 200 433
116.232.55.86 - - [03/Feb/2022:11:49:04 +0800] "GET /xingrg/all/function/internal_message.html?_=1643860142268&CODE_STATE=getMsg HTTP/1.1" 200 27
116.239.131.195 - - [03/Feb/2022:11:49:04 +0800] "GET /xingrg/all/function/internal_message.html?_=1643860162978&CODE_STATE=getMsg HTTP/1.1" 200 27
116.239.131.195 - - [03/Feb/2022:11:49:04 +0800] "POST /xingrg/kc/base/wldb_order_operate.html HTTP/1.1" 200 1436
180.152.99.73 - - [03/Feb/2022:11:49:04 +0800] "GET /xingrg/all/function/internal_message.html?_=1643860142227&CODE_STATE=getMsg HTTP/1.1" 302 -
101.83.241.155 - - [03/Feb/2022:11:49:04 +0800] "GET /xingrg/kc/buy/cgsh_order_operate.html?command=get_materiel&rest_code=00149&code=00101001052&supplier_code=00100039&order_time=2022-02-03 HTTP/1.1" 200 431
116.239.131.195 - - [03/Feb/2022:11:49:05 +0800] "GET /xingrg/javascript/easyui/themes/default/validatebox.css HTTP/1.1" 404 1104
222.70.243.96 - - [03/Feb/2022:11:49:08 +0800] "GET /xingrg/check_reg.html?_=1643860159189 HTTP/1.1" 302 -
180.162.112.109 - - [03/Feb/2022:11:49:09 +0800] "GET /xingrg/all/function/internal_message.html?_=1643859537997&CODE_STATE=getMsg HTTP/1.1" 200 27
180.162.112.109 - - [03/Feb/2022:11:49:09 +0800] "GET /xingrg/check_reg.html?_=1643859538000 HTTP/1.1" 200 22
114.88.155.114 - - [03/Feb/2022:11:49:09 +0800] "GET /xingrg/kc/buy/cgsh_order_operate.html?command=get_materiel&rest_code=00141&code=00101004049&supplier_code=00100312&order_time=2022-02-03 HTTP/1.1" 200 434
58.39.168.32 - - [03/Feb/2022:11:49:12 +0800] "GET /xingrg/kc/base/wldb_order_list.html HTTP/1.1" 200 19098
58.39.168.32 - - [03/Feb/2022:11:49:13 +0800] "POST /xingrg/kc/base/wldb_list_operate.html HTTP/1.1" 200 928
222.70.179.207 - - [03/Feb/2022:11:49:14 +0800] "GET /xingrg/kc/buy/cgsh_order_list.html HTTP/1.1" 200 49820
58.39.168.32 - - [03/Feb/2022:11:49:14 +0800] "GET /xingrg/kc/base/wldb_order_add.html HTTP/1.1" 200 30312
58.39.168.32 - - [03/Feb/2022:11:49:15 +0800] "GET /xingrg/all/common/auto_word.html?type=base&rest_code=00105 HTTP/1.1" 200 1907
58.39.168.32 - - [03/Feb/2022:11:49:15 +0800] "GET /xingrg/all/common/auto_word.html?type=base&rest_code=00105 HTTP/1.1" 200 1907
58.39.168.32 - - [03/Feb/2022:11:49:15 +0800] "POST /xingrg/kc/base/wldb_order_operate.html HTTP/1.1" 200 6806
58.39.168.32 - - [03/Feb/2022:11:49:15 +0800] "GET /xingrg/javascript/easyui/themes/default/validatebox.css HTTP/1.1" 404 1104
58.39.168.32 - - [03/Feb/2022:11:49:16 +0800] "GET /xingrg/css/images/panel_loading.gif HTTP/1.1" 304 -
58.39.168.32 - - [03/Feb/2022:11:49:16 +0800] "POST /xingrg/all/common/load_combo.html?type=base HTTP/1.1" 200 3409
114.88.155.114 - - [03/Feb/2022:11:49:16 +0800] "GET /xingrg/kc/buy/cgsh_order_operate.html?command=get_materiel&rest_code=00141&code=00101004022&supplier_code=00100312&order_time=2022-02-03 HTTP/1.1" 200 416
222.70.179.207 - - [03/Feb/2022:11:49:18 +0800] "POST /xingrg/kc/buy/cgsh_list_operate.html HTTP/1.1" 200 2048
222.70.179.207 - - [03/Feb/2022:11:49:23 +0800] "GET /xingrg/kc/buy/cgsh_order_add.html HTTP/1.1" 200 65551
222.70.179.207 - - [03/Feb/2022:11:49:23 +0800] "POST /xingrg/kc/buy/cgsh_order_operate.html HTTP/1.1" 200 8245
222.70.179.207 - - [03/Feb/2022:11:49:24 +0800] "GET /xingrg/all/common/auto_word.html?type=employee&rest_code=00111 HTTP/1.1" 200 155
222.70.179.207 - - [03/Feb/2022:11:49:24 +0800] "GET /xingrg/javascript/easyui/themes/default/validatebox.css HTTP/1.1" 404 1104
222.70.179.207 - - [03/Feb/2022:11:49:24 +0800] "GET /xingrg/all/common/auto_word.html?type=employee&rest_code=00111 HTTP/1.1" 200 155
58.39.168.32 - - [03/Feb/2022:11:49:26 +0800] "GET /xingrg/all/function/internal_message.html?_=1643860165769&CODE_STATE=getMsg HTTP/1.1" 200 27
58.39.168.32 - - [03/Feb/2022:11:49:26 +0800] "GET /xingrg/kc/base/wldb_order_operate.html?command=get_materiel&rest_code=00105&base_code=0010508&code=00102002118 HTTP/1.1" 200 453
101.83.241.155 - - [03/Feb/2022:11:49:26 +0800] "GET /xingrg/kc/buy/cgsh_order_operate.html?command=get_materiel&rest_code=00149&code=00101002010&supplier_code=00100039&order_time=2022-02-03 HTTP/1.1" 200 438
114.88.155.114 - - [03/Feb/2022:11:49:29 +0800] "GET /xingrg/kc/buy/cgsh_order_operate.html?command=get_materiel&rest_code=00141&code=00101004050&supplier_code=00100312&order_time=2022-02-03 HTTP/1.1" 200 411
222.70.179.207 - - [03/Feb/2022:11:49:29 +0800] "GET /xingrg/all/function/internal_message.html?_=1643860165720&CODE_STATE=getMsg HTTP/1.1" 200 27
58.39.168.32 - - [03/Feb/2022:11:49:32 +0800] "POST /xingrg/all/common/load_select.html HTTP/1.1" 200 38
58.39.168.32 - - [03/Feb/2022:11:49:34 +0800] "GET /xingrg/kc/base/wldb_order_operate.html?command=get_materiel_price&rest_code=00105&base_code=0010508&code=00102002118&unit_code=00100339 HTTP/1.1" 200 36
222.70.223.103 - - [03/Feb/2022:11:49:36 +0800] "GET /xingrg/all/function/internal_message.html?_=1643860173945&CODE_STATE=getMsg HTTP/1.1" 200 27
222.70.223.103 - - [03/Feb/2022:11:49:38 +0800] "POST /xingrg/kc/buy/cgsh_order_operate.html HTTP/1.1" 200 37
114.88.155.114 - - [03/Feb/2022:11:49:38 +0800] "GET /xingrg/kc/buy/cgsh_order_operate.html?command=get_materiel&rest_code=00141&code=00101004020&supplier_code=00100312&order_time=2022-02-03 HTTP/1.1" 200 429
58.39.168.32 - - [03/Feb/2022:11:49:39 +0800] "GET /xingrg/kc/base/wldb_order_operate.html?command=get_materiel&rest_code=00105&base_code=0010508&code=00102002082 HTTP/1.1" 200 440
222.70.223.103 - - [03/Feb/2022:11:49:40 +0800] "POST /xingrg/kc/buy/cgsh_order_operate.html HTTP/1.1" 200 5624
101.83.241.155 - - [03/Feb/2022:11:49:41 +0800] "GET /xingrg/all/function/internal_message.html?_=1643860176417&CODE_STATE=getMsg HTTP/1.1" 200 27
222.70.179.207 - - [03/Feb/2022:11:49:45 +0800] "GET /xingrg/kc/buy/cgsh_order_operate.html?command=get_materiel&rest_code=00111&code=00101003035&supplier_code=00100092&order_time=2022-02-03 HTTP/1.1" 200 434
58.39.168.32 - - [03/Feb/2022:11:49:45 +0800] "GET /xingrg/all/function/internal_message.html?_=1643860121725&CODE_STATE=getMsg HTTP/1.1" 200 27
58.39.168.32 - - [03/Feb/2022:11:49:47 +0800] "GET /xingrg/kc/base/wldb_order_operate.html?command=get_materiel&rest_code=00105&base_code=0010508&code=00102002258 HTTP/1.1" 200 434
58.39.168.32 - - [03/Feb/2022:11:49:53 +0800] "GET /xingrg/kc/base/wldb_order_operate.html?command=get_materiel&rest_code=00105&base_code=0010508&code=00102004030 HTTP/1.1" 200 442
124.78.153.118 - - [03/Feb/2022:11:49:54 +0800] "GET /xingrg/all/function/internal_message.html?_=1643860193508&CODE_STATE=getMsg HTTP/1.1" 200 27
120.253.135.82 - - [03/Feb/2022:11:49:57 +0800] "GET /xingrg/check_reg.html?_=1643859986636 HTTP/1.1" 200 22
180.152.99.39 - - [03/Feb/2022:11:49:57 +0800] "GET /xingrg/all/function/internal_message.html?_=1643860117808&CODE_STATE=getMsg HTTP/1.1" 200 27
114.88.155.114 - - [03/Feb/2022:11:49:58 +0800] "GET /xingrg/all/function/internal_message.html?_=1643859986967&CODE_STATE=getMsg HTTP/1.1" 200 27
114.88.155.114 - - [03/Feb/2022:11:49:58 +0800] "GET /xingrg/check_reg.html?_=1643859986966 HTTP/1.1" 200 22
114.88.155.114 - - [03/Feb/2022:11:49:58 +0800] "POST /xingrg/kc/buy/cgsh_order_operate.html HTTP/1.1" 200 37
116.235.92.83 - - [03/Feb/2022:11:49:58 +0800] "GET /xingrg/all/function/internal_message.html?_=1643860341068&CODE_STATE=getMsg HTTP/1.1" 200 27
222.70.243.96 - - [03/Feb/2022:11:50:00 +0800] "GET /xingrg/all/function/internal_message.html?_=1643860210601&CODE_STATE=getMsg HTTP/1.1" 302 -
58.39.168.32 - - [03/Feb/2022:11:50:01 +0800] "GET /xingrg/kc/base/wldb_order_operate.html?command=get_materiel&rest_code=00105&base_code=0010508&code=00102004006 HTTP/1.1" 200 442
114.88.155.114 - - [03/Feb/2022:11:50:02 +0800] "POST /xingrg/kc/buy/cgsh_order_operate.html HTTP/1.1" 200 12
222.70.243.96 - - [03/Feb/2022:11:50:03 +0800] "GET /xingrg/all/function/internal_message.html?_=1643860215290&CODE_STATE=getMsg HTTP/1.1" 200 27
114.88.155.114 - - [03/Feb/2022:11:50:03 +0800] "GET /xingrg/kc/buy/cgsh_order_info.html?code=212022020300158 HTTP/1.1" 200 60549
114.88.155.114 - - [03/Feb/2022:11:50:03 +0800] "GET /xingrg/javascript/easyui/themes/default/validatebox.css HTTP/1.1" 404 1104
116.232.55.86 - - [03/Feb/2022:11:50:04 +0800] "GET /xingrg/check_reg.html?_=1643860202291 HTTP/1.1" 200 22
116.232.55.86 - - [03/Feb/2022:11:50:04 +0800] "GET /xingrg/all/function/internal_message.html?_=1643860202291&CODE_STATE=getMsg HTTP/1.1" 200 27
180.152.99.73 - - [03/Feb/2022:11:50:04 +0800] "GET /xingrg/all/function/internal_message.html?_=1643860202214&CODE_STATE=getMsg HTTP/1.1" 302 -
114.88.155.114 - - [03/Feb/2022:11:50:04 +0800] "POST /xingrg/kc/buy/cgsh_order_operate.html HTTP/1.1" 200 3586
116.239.131.195 - - [03/Feb/2022:11:50:04 +0800] "GET /xingrg/all/function/internal_message.html?_=1643860223675&CODE_STATE=getMsg HTTP/1.1" 200 27
222.70.179.207 - - [03/Feb/2022:11:50:07 +0800] "GET /xingrg/kc/buy/cgsh_order_operate.html?command=get_materiel&rest_code=00111&code=00101003033&supplier_code=00100092&order_time=2022-02-03 HTTP/1.1" 200 445
58.39.168.32 - - [03/Feb/2022:11:50:07 +0800] "GET /xingrg/kc/base/wldb_order_operate.html?command=get_materiel&rest_code=00105&base_code=0010508&code=00101017003 HTTP/1.1" 200 448
114.88.155.114 - - [03/Feb/2022:11:50:08 +0800] "GET /xingrg/kc/print/load_data.html?order_code=212022020300158&kc_code=cgsh&condition= HTTP/1.1" 200 1863
101.83.241.155 - - [03/Feb/2022:11:50:09 +0800] "GET /xingrg/kc/buy/cgsh_order_operate.html?command=get_materiel&rest_code=00149&code=00101003006&supplier_code=00100039&order_time=2022-02-03 HTTP/1.1" 200 434
180.162.112.109 - - [03/Feb/2022:11:50:09 +0800] "GET /xingrg/all/function/internal_message.html?_=1643859598000&CODE_STATE=getMsg HTTP/1.1" 200 27
114.88.155.114 - - [03/Feb/2022:11:50:12 +0800] "GET /xingrg/kc/buy/cgsh_order_add.html HTTP/1.1" 200 65642
114.88.155.114 - - [03/Feb/2022:11:50:12 +0800] "POST /xingrg/kc/buy/cgsh_order_operate.html HTTP/1.1" 200 8245
114.88.155.114 - - [03/Feb/2022:11:50:12 +0800] "GET /xingrg/javascript/easyui/themes/default/validatebox.css HTTP/1.1" 404 1104
114.88.155.114 - - [03/Feb/2022:11:50:20 +0800] "GET /xingrg/kc/buy/cgsh_order_operate.html?command=get_materiel&rest_code=00141&code=00101003025&supplier_code=00100093&order_time=2022-02-03 HTTP/1.1" 200 428
58.39.168.32 - - [03/Feb/2022:11:50:26 +0800] "GET /xingrg/all/function/internal_message.html?_=1643860225788&CODE_STATE=getMsg HTTP/1.1" 200 27
101.80.229.199 - - [03/Feb/2022:11:50:27 +0800] "GET /xingrg/all/function/internal_message.html?_=1643860226726&CODE_STATE=getMsg HTTP/1.1" 200 27
114.88.155.114 - - [03/Feb/2022:11:50:28 +0800] "POST /xingrg/kc/buy/cgsh_order_operate.html HTTP/1.1" 200 37
222.70.179.207 - - [03/Feb/2022:11:50:29 +0800] "GET /xingrg/all/function/internal_message.html?_=1643860225697&CODE_STATE=getMsg HTTP/1.1" 200 27
101.80.229.199 - - [03/Feb/2022:11:50:30 +0800] "POST /xingrg/dwr/call/plaincall/AjaxCheckService.checkOrder.dwr HTTP/1.1" 200 78
101.80.229.199 - - [03/Feb/2022:11:50:31 +0800] "GET /xingrg/kc/base/check_order_info.html?code=452022020300041 HTTP/1.1" 200 22858
101.80.229.199 - - [03/Feb/2022:11:50:31 +0800] "GET /xingrg/css/table.css HTTP/1.1" 200 3684
101.80.229.199 - - [03/Feb/2022:11:50:31 +0800] "GET /xingrg/javascript/pic_change.js HTTP/1.1" 200 4739
101.80.229.199 - - [03/Feb/2022:11:50:31 +0800] "GET /xingrg/javascript/jquery_easy_ui/themes/icon.css HTTP/1.1" 200 3949
101.80.229.199 - - [03/Feb/2022:11:50:31 +0800] "GET /xingrg/css/blue.css HTTP/1.1" 200 15949
101.80.229.199 - - [03/Feb/2022:11:50:31 +0800] "GET /xingrg/dwr/interface/AjaxComOrderService.js HTTP/1.1" 200 18264
101.80.229.199 - - [03/Feb/2022:11:50:31 +0800] "GET /xingrg/javascript/AjaxInfoList.js HTTP/1.1" 200 3774
101.80.229.199 - - [03/Feb/2022:11:50:31 +0800] "GET /xingrg/dwr/interface/AjaxCheckService.js HTTP/1.1" 200 14003
101.80.229.199 - - [03/Feb/2022:11:50:31 +0800] "GET /xingrg/javascript/jquery-1.4.2.min.js HTTP/1.1" 200 72205
101.80.229.199 - - [03/Feb/2022:11:50:31 +0800] "GET /xingrg/javascript/jquery_easy_ui/themes/default/easyui.css HTTP/1.1" 200 26500
101.80.229.199 - - [03/Feb/2022:11:50:31 +0800] "GET /xingrg/javascript/jquery_easy_ui/jquery.easyui.min.js HTTP/1.1" 200 213662
101.80.229.199 - - [03/Feb/2022:11:50:31 +0800] "GET /xingrg/javascript/Calendar.js HTTP/1.1" 200 31561
101.80.229.199 - - [03/Feb/2022:11:50:31 +0800] "GET /xingrg/dwr/util.js HTTP/1.1" 200 35990
101.80.229.199 - - [03/Feb/2022:11:50:31 +0800] "GET /xingrg/javascript/myfunction.js HTTP/1.1" 200 24559
101.80.229.199 - - [03/Feb/2022:11:50:31 +0800] "GET /xingrg/javascript/convert.js HTTP/1.1" 200 1239
101.80.229.199 - - [03/Feb/2022:11:50:31 +0800] "GET /xingrg/javascript/jquery.utils.js HTTP/1.1" 200 11805
101.80.229.199 - - [03/Feb/2022:11:50:31 +0800] "GET /xingrg/dwr/engine.js HTTP/1.1" 200 43631
101.80.229.199 - - [03/Feb/2022:11:50:31 +0800] "GET /xingrg/javascript/print/LodopFuncs.js HTTP/1.1" 200 5121
101.80.229.199 - - [03/Feb/2022:11:50:31 +0800] "GET /xingrg/javascript/print/kc_print.js HTTP/1.1" 200 11415
101.80.229.199 - - [03/Feb/2022:11:50:32 +0800] "GET /xingrg/javascript/jquery_easy_ui/themes/icons/exam_new.png HTTP/1.1" 200 756
101.80.229.199 - - [03/Feb/2022:11:50:32 +0800] "POST /xingrg/dwr/call/plaincall/AjaxCheckService.loadOrderItems.dwr HTTP/1.1" 200 1600
114.88.155.114 - - [03/Feb/2022:11:50:33 +0800] "POST /xingrg/kc/buy/cgsh_order_operate.html HTTP/1.1" 200 12
114.88.155.114 - - [03/Feb/2022:11:50:34 +0800] "GET /xingrg/kc/buy/cgsh_order_info.html?code=212022020300159 HTTP/1.1" 200 60547
114.88.155.114 - - [03/Feb/2022:11:50:34 +0800] "GET /xingrg/javascript/easyui/themes/default/validatebox.css HTTP/1.1" 404 1104
222.70.179.207 - - [03/Feb/2022:11:50:36 +0800] "POST /xingrg/kc/buy/cgsh_order_operate.html HTTP/1.1" 200 37
114.88.155.114 - - [03/Feb/2022:11:50:36 +0800] "POST /xingrg/kc/buy/cgsh_order_operate.html HTTP/1.1" 200 603
222.70.223.103 - - [03/Feb/2022:11:50:36 +0800] "GET /xingrg/all/function/internal_message.html?_=1643860233966&CODE_STATE=getMsg HTTP/1.1" 200 27
222.70.179.207 - - [03/Feb/2022:11:50:38 +0800] "POST /xingrg/kc/buy/cgsh_order_operate.html HTTP/1.1" 200 3270
114.88.155.114 - - [03/Feb/2022:11:50:38 +0800] "GET /xingrg/kc/print/load_data.html?order_code=212022020300159&kc_code=cgsh&condition= HTTP/1.1" 200 751
222.70.179.207 - - [03/Feb/2022:11:50:40 +0800] "GET /xingrg/kc/print/load_config.html?kc_code=cgsh HTTP/1.1" 200 1943
222.70.179.207 - - [03/Feb/2022:11:50:40 +0800] "GET /xingrg/kc/print/load_data.html?order_code=212022020300160&kc_code=cgsh&condition= HTTP/1.1" 200 974
101.80.229.199 - - [03/Feb/2022:11:50:40 +0800] "GET /xingrg/kc/base/check_order_list.html?isBack=1 HTTP/1.1" 200 16223
101.80.229.199 - - [03/Feb/2022:11:50:40 +0800] "GET /xingrg/css/base.css HTTP/1.1" 200 2811
101.80.229.199 - - [03/Feb/2022:11:50:40 +0800] "GET /xingrg/css/site.css HTTP/1.1" 200 7541
101.80.229.199 - - [03/Feb/2022:11:50:40 +0800] "GET /xingrg/javascript/jquery_tools/datebox.css HTTP/1.1" 200 2597
101.80.229.199 - - [03/Feb/2022:11:50:40 +0800] "GET /xingrg/javascript/auto/jquery.autocomplete.css HTTP/1.1" 200 587
101.80.229.199 - - [03/Feb/2022:11:50:40 +0800] "GET /xingrg/javascript/easyui/themes/icon.css HTTP/1.1" 200 4483
101.80.229.199 - - [03/Feb/2022:11:50:40 +0800] "GET /xingrg/javascript/jquery_tools/fix.css HTTP/1.1" 200 1702
101.80.229.199 - - [03/Feb/2022:11:50:40 +0800] "GET /xingrg/javascript/jquery_tools/table.css HTTP/1.1" 200 1032
101.80.229.199 - - [03/Feb/2022:11:50:40 +0800] "GET /xingrg/javascript/jquery_tools/jquery.tools.min.js HTTP/1.1" 200 138801
101.80.229.199 - - [03/Feb/2022:11:50:40 +0800] "GET /xingrg/javascript/jquery_tools/jquery.tools.hotkey.js HTTP/1.1" 200 3242
101.80.229.199 - - [03/Feb/2022:11:50:40 +0800] "GET /xingrg/javascript/easyui/themes/default/easyui.css HTTP/1.1" 200 30432
101.80.229.199 - - [03/Feb/2022:11:50:40 +0800] "GET /xingrg/javascript/jquery_tools/list_manager.js HTTP/1.1" 200 3652
101.80.229.199 - - [03/Feb/2022:11:50:40 +0800] "GET /xingrg/javascript/jquery_tools/jquery.tools.table.js HTTP/1.1" 200 6994
101.80.229.199 - - [03/Feb/2022:11:50:40 +0800] "GET /xingrg/javascript/jquery_tools/jquery.tools.extend.js HTTP/1.1" 200 15385
101.80.229.199 - - [03/Feb/2022:11:50:40 +0800] "GET /xingrg/javascript/easyui/easyloader.js HTTP/1.1" 200 5975
101.80.229.199 - - [03/Feb/2022:11:50:40 +0800] "GET /xingrg/javascript/jquery.cookie.js HTTP/1.1" 200 5513
101.80.229.199 - - [03/Feb/2022:11:50:40 +0800] "GET /xingrg/javascript/auto/jquery.autocomplete.js HTTP/1.1" 200 21624
101.80.229.199 - - [03/Feb/2022:11:50:40 +0800] "GET /xingrg/javascript/easyui/plugins/jquery.parser.js HTTP/1.1" 200 1142
101.80.229.199 - - [03/Feb/2022:11:50:40 +0800] "POST /xingrg/kc/base/check_list_operate.html HTTP/1.1" 200 4552
101.80.229.199 - - [03/Feb/2022:11:50:40 +0800] "GET /xingrg/javascript/easyui/themes/default/images/button_plain_hover.png HTTP/1.1" 200 144
101.83.241.155 - - [03/Feb/2022:11:50:41 +0800] "GET /xingrg/check_reg.html?_=1643860236415 HTTP/1.1" 200 22
101.83.241.155 - - [03/Feb/2022:11:50:41 +0800] "GET /xingrg/all/function/internal_message.html?_=1643860236422&CODE_STATE=getMsg HTTP/1.1" 200 27
114.88.155.114 - - [03/Feb/2022:11:50:41 +0800] "GET /xingrg/kc/buy/cgsh_order_add.html HTTP/1.1" 200 65642
114.88.155.114 - - [03/Feb/2022:11:50:42 +0800] "POST /xingrg/kc/buy/cgsh_order_operate.html HTTP/1.1" 200 8245
114.88.155.114 - - [03/Feb/2022:11:50:42 +0800] "GET /xingrg/javascript/easyui/themes/default/validatebox.css HTTP/1.1" 404 1104
222.70.179.207 - - [03/Feb/2022:11:50:44 +0800] "GET /xingrg/check_reg.html?_=1643860240567 HTTP/1.1" 200 22
58.39.168.32 - - [03/Feb/2022:11:50:45 +0800] "GET /xingrg/check_reg.html?_=1643860181726 HTTP/1.1" 200 22
58.39.168.32 - - [03/Feb/2022:11:50:45 +0800] "GET /xingrg/all/function/internal_message.html?_=1643860181729&CODE_STATE=getMsg HTTP/1.1" 200 27
101.80.229.199 - - [03/Feb/2022:11:50:45 +0800] "GET /xingrg/kc/buy/buy_main.html HTTP/1.1" 200 12412
101.80.229.199 - - [03/Feb/2022:11:50:45 +0800] "GET /xingrg/css/new_ie.css HTTP/1.1" 404 1036
101.80.229.199 - - [03/Feb/2022:11:50:45 +0800] "GET /xingrg/javascript/ToolTips.js HTTP/1.1" 200 5615
101.80.229.199 - - [03/Feb/2022:11:50:45 +0800] "GET /xingrg/javascript/jquery_ui/jquery-ui.min.js HTTP/1.1" 200 186181
101.80.229.199 - - [03/Feb/2022:11:50:45 +0800] "GET /xingrg/images/blue/button/cgxqd.gif HTTP/1.1" 200 2619
101.80.229.199 - - [03/Feb/2022:11:50:45 +0800] "GET /xingrg/images/blue/button/cgydd.gif HTTP/1.1" 200 2712
101.80.229.199 - - [03/Feb/2022:11:50:45 +0800] "GET /xingrg/images/blue/button/kc.gif HTTP/1.1" 200 2160
101.80.229.199 - - [03/Feb/2022:11:50:45 +0800] "GET /xingrg/images/blue/button/cgfkd.gif HTTP/1.1" 200 2075
101.80.229.199 - - [03/Feb/2022:11:50:45 +0800] "GET /xingrg/images/blue/button/ckthd.gif HTTP/1.1" 200 2045
101.80.229.199 - - [03/Feb/2022:11:50:45 +0800] "GET /xingrg/images/blue/button/cgshd.gif HTTP/1.1" 200 2618
101.80.229.199 - - [03/Feb/2022:11:50:45 +0800] "GET /xingrg/javascript/jquery_ui/themes/humanity/humanity.css HTTP/1.1" 200 27801
101.80.229.199 - - [03/Feb/2022:11:50:45 +0800] "GET /xingrg/images/blue/pic_form2.gif HTTP/1.1" 200 1853
101.80.229.199 - - [03/Feb/2022:11:50:46 +0800] "GET /xingrg/images/blue/bg_dotted.jpg HTTP/1.1" 200 319
101.80.229.199 - - [03/Feb/2022:11:50:46 +0800] "GET /xingrg/javascript/jquery_ui/themes/humanity/images/ui-bg_inset-soft_100_f4f0ec_1x100.png HTTP/1.1" 200 141
101.80.229.199 - - [03/Feb/2022:11:50:46 +0800] "GET /xingrg/images/blue/button/right_ah.jpg HTTP/1.1" 200 1744
101.80.229.199 - - [03/Feb/2022:11:50:46 +0800] "GET /xingrg/images/blue/button/down_ah.jpg HTTP/1.1" 200 1732
101.80.229.199 - - [03/Feb/2022:11:50:46 +0800] "GET /xingrg/javascript/jquery_ui/themes/humanity/images/ui-iconsnew.jpg HTTP/1.1" 200 337
101.80.229.199 - - [03/Feb/2022:11:50:46 +0800] "GET /xingrg/javascript/jquery_ui/themes/humanity/images/ui-icons_ffffff_256x240.png HTTP/1.1" 200 4369
101.80.229.199 - - [03/Feb/2022:11:50:46 +0800] "GET /xingrg/javascript/jquery_ui/themes/humanity/images/ui-icons_c47a23_256x240.png HTTP/1.1" 200 5355
101.80.229.199 - - [03/Feb/2022:11:50:46 +0800] "GET /xingrg/javascript/jquery_ui/themes/humanity/images/ui-bg_glass_70_ede4d4_1x400.png HTTP/1.1" 200 161
114.88.155.114 - - [03/Feb/2022:11:50:50 +0800] "GET /xingrg/kc/buy/cgsh_order_operate.html?command=get_materiel&rest_code=00141&code=00101004065&supplier_code=00100086&order_time=2022-02-03 HTTP/1.1" 200 434
222.70.179.207 - - [03/Feb/2022:11:50:53 +0800] "GET /xingrg/kc/buy/cgsh_order_add.html HTTP/1.1" 200 65551
222.70.179.207 - - [03/Feb/2022:11:50:53 +0800] "POST /xingrg/kc/buy/cgsh_order_operate.html HTTP/1.1" 200 8245
