222.70.179.207 - - [03/Feb/2022:12:29:29 +0800] "GET /xingrg/all/function/internal_message.html?_=1643862564984&CODE_STATE=getMsg HTTP/1.1" 200 27
116.239.131.195 - - [03/Feb/2022:12:29:29 +0800] "GET /xingrg/javascript/easyui/themes/default/validatebox.css HTTP/1.1" 404 1104
116.239.131.195 - - [03/Feb/2022:12:29:29 +0800] "POST /xingrg/kc/buy/cgsh_order_operate.html HTTP/1.1" 200 4167
116.239.131.195 - - [03/Feb/2022:12:29:32 +0800] "GET /xingrg/kc/print/load_data.html?order_code=212022020300217&kc_code=cgsh&condition= HTTP/1.1" 200 2056
124.78.153.118 - - [03/Feb/2022:12:29:34 +0800] "GET /xingrg/all/function/internal_message.html?_=1643862570369&CODE_STATE=getMsg HTTP/1.1" 200 27
120.253.135.82 - - [03/Feb/2022:12:29:36 +0800] "GET /xingrg/login.html HTTP/1.1" 200 7641
120.253.135.82 - - [03/Feb/2022:12:29:36 +0800] "GET /xingrg/images/blue/jxLogo.png HTTP/1.1" 304 -
120.253.135.82 - - [03/Feb/2022:12:29:36 +0800] "GET /xingrg/images/blue/hj.png HTTP/1.1" 304 -
120.253.135.82 - - [03/Feb/2022:12:29:36 +0800] "GET /xingrg/images/blue/login_bg.png HTTP/1.1" 304 -
222.70.223.103 - - [03/Feb/2022:12:29:36 +0800] "GET /xingrg/all/function/internal_message.html?_=1643862573958&CODE_STATE=getMsg HTTP/1.1" 200 27
120.253.135.82 - - [03/Feb/2022:12:29:37 +0800] "GET /xingrg/images/blue/srbg.png HTTP/1.1" 304 -
120.253.135.82 - - [03/Feb/2022:12:29:37 +0800] "GET /favicon.ico HTTP/1.1" 404 -
101.83.241.155 - - [03/Feb/2022:12:29:40 +0800] "GET /xingrg/all/function/internal_message.html?_=1643862576406&CODE_STATE=getMsg HTTP/1.1" 200 27
116.239.131.195 - - [03/Feb/2022:12:29:42 +0800] "GET /xingrg/kc/buy/cgsh_order_add.html HTTP/1.1" 200 65589
116.232.55.86 - - [03/Feb/2022:12:29:44 +0800] "GET /xingrg/all/function/internal_message.html?_=1643862582631&CODE_STATE=getMsg HTTP/1.1" 200 27
116.232.55.86 - - [03/Feb/2022:12:29:44 +0800] "GET /xingrg/check_reg.html?_=1643862582634 HTTP/1.1" 200 22
116.239.131.195 - - [03/Feb/2022:12:29:44 +0800] "POST /xingrg/kc/buy/cgsh_order_operate.html HTTP/1.1" 200 8245
116.239.131.195 - - [03/Feb/2022:12:29:44 +0800] "GET /xingrg/all/function/internal_message.html?_=1643862603608&CODE_STATE=getMsg HTTP/1.1" 200 27
116.239.131.195 - - [03/Feb/2022:12:29:44 +0800] "GET /xingrg/javascript/easyui/themes/default/validatebox.css HTTP/1.1" 404 1104
116.239.131.195 - - [03/Feb/2022:12:29:45 +0800] "GET /xingrg/javascript/easyui/themes/default/tree.css HTTP/1.1" 404 1090
116.239.131.195 - - [03/Feb/2022:12:29:45 +0800] "POST /xingrg/all/common/load_tree.html?tree=supplier_tree_json&isDelete=1 HTTP/1.1" 200 62150
58.39.168.32 - - [03/Feb/2022:12:29:45 +0800] "GET /xingrg/all/function/internal_message.html?_=1643862521752&CODE_STATE=getMsg HTTP/1.1" 200 27
124.78.153.118 - - [03/Feb/2022:12:29:53 +0800] "GET /xingrg/all/function/internal_message.html?_=1643862592994&CODE_STATE=getMsg HTTP/1.1" 302 -
120.253.135.82 - - [03/Feb/2022:12:29:54 +0800] "POST /xingrg/login.do HTTP/1.1" 302 -
120.253.135.82 - - [03/Feb/2022:12:29:54 +0800] "GET /xingrg/javascript/jquery_easy_ui/themes/default/easyui.css HTTP/1.1" 304 -
120.253.135.82 - - [03/Feb/2022:12:29:54 +0800] "GET /xingrg/javascript/jquery_easy_ui/themes/icon.css HTTP/1.1" 304 -
120.253.135.82 - - [03/Feb/2022:12:29:54 +0800] "GET /xingrg/index.html?sysBaseUrl=http%3A%2F%2F180.169.147.146%3A18081%2Fxingrg%2F&costTime=39×tamp=1643862594469 HTTP/1.1" 200 17173
120.253.135.82 - - [03/Feb/2022:12:29:54 +0800] "GET /xingrg/javascript/jquery-1.4.2.min.js HTTP/1.1" 304 -
120.253.135.82 - - [03/Feb/2022:12:29:54 +0800] "GET /xingrg/css/form.css HTTP/1.1" 304 -
120.253.135.82 - - [03/Feb/2022:12:29:54 +0800] "GET /xingrg/javascript/jquery.utils.js HTTP/1.1" 304 -
120.253.135.82 - - [03/Feb/2022:12:29:54 +0800] "GET /xingrg/javascript/jquery_easy_ui/jquery.easyui.min.js HTTP/1.1" 304 -
120.253.135.82 - - [03/Feb/2022:12:29:54 +0800] "GET /xingrg/javascript/jquery_easy_ui/easyui-lang-zh_CN.js HTTP/1.1" 304 -
120.253.135.82 - - [03/Feb/2022:12:29:54 +0800] "GET /xingrg/javascript/jquery.timers.js HTTP/1.1" 304 -
120.253.135.82 - - [03/Feb/2022:12:29:54 +0800] "GET /xingrg/javascript/jquery.form.js HTTP/1.1" 304 -
120.253.135.82 - - [03/Feb/2022:12:29:54 +0800] "GET /xingrg/images/blue/navBackgound.jpg HTTP/1.1" 304 -
120.253.135.82 - - [03/Feb/2022:12:29:54 +0800] "GET /xingrg/javascript/jquery_easy_ui/themes/icons/settle_new.png HTTP/1.1" 304 -
120.253.135.82 - - [03/Feb/2022:12:29:54 +0800] "GET /xingrg/javascript/jquery_easy_ui/themes/default/images/tabs_leftarrow.png HTTP/1.1" 304 -
120.253.135.82 - - [03/Feb/2022:12:29:54 +0800] "GET /xingrg/javascript/jquery_easy_ui/themes/default/images/tabs_rightarrow.png HTTP/1.1" 304 -
120.253.135.82 - - [03/Feb/2022:12:29:54 +0800] "GET /xingrg/javascript/jquery_easy_ui/themes/default/images/panel_tool_collapse.gif HTTP/1.1" 304 -
120.253.135.82 - - [03/Feb/2022:12:29:54 +0800] "GET /xingrg/images/blue/pingpu.png HTTP/1.1" 304 -
120.253.135.82 - - [03/Feb/2022:12:29:54 +0800] "POST /xingrg/all/common/load_tree.html?tree=area_rest_tree_json&manage=1 HTTP/1.1" 200 344
120.253.135.82 - - [03/Feb/2022:12:29:54 +0800] "GET /xingrg/check_reg.html?_=1643862384606 HTTP/1.1" 200 22
120.253.135.82 - - [03/Feb/2022:12:29:54 +0800] "GET /xingrg/all/function/internal_message.html?_=1643862384605&CODE_STATE=count HTTP/1.1" 200 11
120.253.135.82 - - [03/Feb/2022:12:29:54 +0800] "POST /xingrg/load_menu.html HTTP/1.1" 200 6743
120.253.135.82 - - [03/Feb/2022:12:29:54 +0800] "GET /xingrg/javascript/jquery_easy_ui/themes/default/images/tree_arrows.gif HTTP/1.1" 304 -
120.253.135.82 - - [03/Feb/2022:12:29:54 +0800] "GET /favicon.ico HTTP/1.1" 404 -
120.253.135.82 - - [03/Feb/2022:12:29:55 +0800] "GET /xingrg/javascript/jquery_easy_ui/themes/default/images/tree_file.gif HTTP/1.1" 304 -
120.253.135.82 - - [03/Feb/2022:12:29:55 +0800] "GET /xingrg/javascript/jquery_easy_ui/themes/icons/storage_new.png HTTP/1.1" 304 -
120.253.135.82 - - [03/Feb/2022:12:29:55 +0800] "GET /xingrg/javascript/jquery_easy_ui/themes/icons/forms_new.png HTTP/1.1" 304 -
120.253.135.82 - - [03/Feb/2022:12:29:55 +0800] "GET /xingrg/javascript/jquery_easy_ui/themes/default/images/tree_folder_open.gif HTTP/1.1" 304 -
120.253.135.82 - - [03/Feb/2022:12:29:55 +0800] "GET /xingrg/javascript/jquery_easy_ui/themes/icons/delivery_new.png HTTP/1.1" 304 -
120.253.135.82 - - [03/Feb/2022:12:29:55 +0800] "GET /xingrg/javascript/jquery_easy_ui/themes/icons/search_new.png HTTP/1.1" 304 -
120.253.135.82 - - [03/Feb/2022:12:29:55 +0800] "GET /xingrg/javascript/jquery_easy_ui/themes/default/images/tree_folder.gif HTTP/1.1" 304 -
180.152.99.39 - - [03/Feb/2022:12:29:58 +0800] "GET /xingrg/all/function/internal_message.html?_=1643862518851&CODE_STATE=getMsg HTTP/1.1" 200 27
222.70.243.96 - - [03/Feb/2022:12:30:01 +0800] "GET /xingrg/all/function/internal_message.html?_=1643862611582&CODE_STATE=getMsg HTTP/1.1" 302 -
180.152.99.73 - - [03/Feb/2022:12:30:02 +0800] "GET /xingrg/all/function/internal_message.html?_=1643862600511&CODE_STATE=getMsg HTTP/1.1" 200 27
120.253.135.82 - - [03/Feb/2022:12:30:05 +0800] "GET /xingrg/javascript/jquery_easy_ui/themes/default/images/tabs_close.gif HTTP/1.1" 304 -
120.253.135.82 - - [03/Feb/2022:12:30:05 +0800] "GET /xingrg/kc/pszx/mdqp_order_list.html?state=10 HTTP/1.1" 200 10649
120.253.135.82 - - [03/Feb/2022:12:30:05 +0800] "GET /xingrg/dwr/util.js HTTP/1.1" 304 -
120.253.135.82 - - [03/Feb/2022:12:30:05 +0800] "GET /xingrg/javascript/myfunction.js HTTP/1.1" 304 -
120.253.135.82 - - [03/Feb/2022:12:30:05 +0800] "GET /xingrg/javascript/Calendar.js HTTP/1.1" 304 -
120.253.135.82 - - [03/Feb/2022:12:30:05 +0800] "GET /xingrg/javascript/pic_change.js HTTP/1.1" 304 -
120.253.135.82 - - [03/Feb/2022:12:30:05 +0800] "GET /xingrg/css/blue.css HTTP/1.1" 304 -
120.253.135.82 - - [03/Feb/2022:12:30:05 +0800] "GET /xingrg/dwr/interface/AjaxReportQueryService.js HTTP/1.1" 200 13203
120.253.135.82 - - [03/Feb/2022:12:30:05 +0800] "GET /xingrg/dwr/interface/AjaxQqpsService.js HTTP/1.1" 200 16326
120.253.135.82 - - [03/Feb/2022:12:30:05 +0800] "GET /xingrg/dwr/engine.js HTTP/1.1" 200 43631
120.253.135.82 - - [03/Feb/2022:12:30:05 +0800] "GET /xingrg/javascript/jquery_easy_ui/themes/icons/check_new.png HTTP/1.1" 304 -
120.253.135.82 - - [03/Feb/2022:12:30:05 +0800] "GET /xingrg/javascript/jquery_easy_ui/themes/icons/back_new.png HTTP/1.1" 304 -
120.253.135.82 - - [03/Feb/2022:12:30:05 +0800] "GET /xingrg/javascript/jquery_easy_ui/themes/icons/uncheck_new.png HTTP/1.1" 304 -
116.239.131.195 - - [03/Feb/2022:12:30:07 +0800] "GET /xingrg/kc/buy/cgsh_order_operate.html?command=get_materiel&rest_code=00102&code=00101010594&supplier_code=00100329&order_time=2022-02-03 HTTP/1.1" 200 435
222.70.243.96 - - [03/Feb/2022:12:30:07 +0800] "GET /xingrg/all/function/internal_message.html?_=1643862619762&CODE_STATE=getMsg HTTP/1.1" 200 27
120.253.135.82 - - [03/Feb/2022:12:30:08 +0800] "GET /xingrg/kc/pszx/mdqp_order_info.html?code=302022020300008 HTTP/1.1" 200 13338
120.253.135.82 - - [03/Feb/2022:12:30:08 +0800] "GET /xingrg/javascript/auto/jquery.autocomplete.js HTTP/1.1" 304 -
120.253.135.82 - - [03/Feb/2022:12:30:08 +0800] "GET /xingrg/javascript/tools/jquery.qtip-1.0.0-rc3.min.js HTTP/1.1" 304 -
120.253.135.82 - - [03/Feb/2022:12:30:08 +0800] "GET /xingrg/javascript/checkform.js HTTP/1.1" 304 -
120.253.135.82 - - [03/Feb/2022:12:30:08 +0800] "GET /xingrg/javascript/AjaxInfoList.js HTTP/1.1" 304 -
120.253.135.82 - - [03/Feb/2022:12:30:08 +0800] "GET /xingrg/javascript/Grid.js HTTP/1.1" 304 -
120.253.135.82 - - [03/Feb/2022:12:30:08 +0800] "GET /xingrg/javascript/ToolTips.js HTTP/1.1" 304 -
120.253.135.82 - - [03/Feb/2022:12:30:08 +0800] "GET /xingrg/javascript/print/LodopFuncs.js HTTP/1.1" 304 -
120.253.135.82 - - [03/Feb/2022:12:30:08 +0800] "GET /xingrg/javascript/print/kc_print.js HTTP/1.1" 304 -
120.253.135.82 - - [03/Feb/2022:12:30:08 +0800] "GET /xingrg/dwr/interface/AjaxQqpsService.js HTTP/1.1" 200 16326
120.253.135.82 - - [03/Feb/2022:12:30:08 +0800] "GET /xingrg/dwr/interface/AjaxComOrderService.js HTTP/1.1" 200 18264
120.253.135.82 - - [03/Feb/2022:12:30:08 +0800] "GET /xingrg/dwr/engine.js HTTP/1.1" 200 43631
120.253.135.82 - - [03/Feb/2022:12:30:09 +0800] "GET /xingrg/javascript/jquery_easy_ui/themes/default/images/menu_downarrow.png HTTP/1.1" 304 -
120.253.135.82 - - [03/Feb/2022:12:30:09 +0800] "GET /xingrg/javascript/jquery_easy_ui/themes/icons/print.png HTTP/1.1" 304 -
120.253.135.82 - - [03/Feb/2022:12:30:09 +0800] "GET /xingrg/images/blue/button/kc_tab_edit.gif HTTP/1.1" 304 -
120.253.135.82 - - [03/Feb/2022:12:30:09 +0800] "GET /xingrg/images/blue/button/kc_tab_save.gif HTTP/1.1" 304 -
120.253.135.82 - - [03/Feb/2022:12:30:09 +0800] "GET /xingrg/images/blue/kc_tab_left.gif HTTP/1.1" 304 -
120.253.135.82 - - [03/Feb/2022:12:30:09 +0800] "GET /xingrg/images/blue/kc_tab_right.gif HTTP/1.1" 304 -
120.253.135.82 - - [03/Feb/2022:12:30:09 +0800] "GET /xingrg/images/blue/kc_tab_mid.gif HTTP/1.1" 304 -
120.253.135.82 - - [03/Feb/2022:12:30:09 +0800] "GET /xingrg/images/blue/kc_tab2_right.gif HTTP/1.1" 304 -
120.253.135.82 - - [03/Feb/2022:12:30:09 +0800] "GET /xingrg/images/blue/kc_tab2_left.gif HTTP/1.1" 304 -
120.253.135.82 - - [03/Feb/2022:12:30:09 +0800] "GET /xingrg/images/blue/wait.gif HTTP/1.1" 304 -
120.253.135.82 - - [03/Feb/2022:12:30:09 +0800] "POST /xingrg/dwr/call/plaincall/AjaxQqpsService.loadMaterielItems.dwr HTTP/1.1" 200 1371
180.162.112.109 - - [03/Feb/2022:12:30:09 +0800] "GET /xingrg/all/function/internal_message.html?_=1643861998032&CODE_STATE=getMsg HTTP/1.1" 200 27
61.151.178.180 - - [03/Feb/2022:12:30:10 +0800] "GET /xingrg/kc/print/load_data.html?order_code=212022020300195&kc_code=cgsh&condition= HTTP/1.1" 302 -
61.151.178.180 - - [03/Feb/2022:12:30:12 +0800] "GET /xingrg/login.html HTTP/1.1" 200 7641
120.253.135.82 - - [03/Feb/2022:12:30:17 +0800] "GET /xingrg/kc/pszx/jzcl_ps.html HTTP/1.1" 200 7683
120.253.135.82 - - [03/Feb/2022:12:30:17 +0800] "GET /xingrg/javascript/step/step.css HTTP/1.1" 200 999
120.253.135.82 - - [03/Feb/2022:12:30:17 +0800] "GET /xingrg/css/table.css HTTP/1.1" 200 3684
120.253.135.82 - - [03/Feb/2022:12:30:17 +0800] "GET /xingrg/javascript/step/images/navCurrentBtn.gif HTTP/1.1" 200 557
120.253.135.82 - - [03/Feb/2022:12:30:17 +0800] "GET /xingrg/javascript/jquery_easy_ui/themes/default/images/button_a_bg.gif HTTP/1.1" 200 1194
120.253.135.82 - - [03/Feb/2022:12:30:17 +0800] "GET /xingrg/javascript/jquery_easy_ui/themes/default/images/button_span_bg.gif HTTP/1.1" 200 2061
120.253.135.82 - - [03/Feb/2022:12:30:17 +0800] "GET /xingrg/javascript/jquery_easy_ui/themes/icons/search.png HTTP/1.1" 200 813
120.253.135.82 - - [03/Feb/2022:12:30:17 +0800] "GET /xingrg/javascript/jquery_easy_ui/themes/default/images/combo_arrow_dot.gif HTTP/1.1" 200 79
120.253.135.82 - - [03/Feb/2022:12:30:17 +0800] "POST /xingrg/all/common/load_tree.html?tree=area_rest_tree_json HTTP/1.1" 200 3472
120.253.135.82 - - [03/Feb/2022:12:30:17 +0800] "GET /xingrg/javascript/jquery_easy_ui/themes/default/images/calendar_prevyear.gif HTTP/1.1" 200 76
120.253.135.82 - - [03/Feb/2022:12:30:17 +0800] "GET /xingrg/javascript/jquery_easy_ui/themes/default/images/calendar_nextyear.gif HTTP/1.1" 200 75
120.253.135.82 - - [03/Feb/2022:12:30:17 +0800] "GET /xingrg/javascript/jquery_easy_ui/themes/default/images/calendar_nextmonth.gif HTTP/1.1" 200 64
120.253.135.82 - - [03/Feb/2022:12:30:17 +0800] "GET /xingrg/javascript/jquery_easy_ui/themes/default/images/calendar_prevmonth.gif HTTP/1.1" 200 66
120.253.135.82 - - [03/Feb/2022:12:30:17 +0800] "GET /xingrg/images/control/ajaxLoader.gif HTTP/1.1" 200 4659
120.253.135.82 - - [03/Feb/2022:12:30:17 +0800] "GET /xingrg/javascript/jquery_easy_ui/themes/default/images/datagrid_header_bg.gif HTTP/1.1" 200 97
120.253.135.82 - - [03/Feb/2022:12:30:17 +0800] "GET /xingrg/javascript/jquery_easy_ui/themes/default/images/pagination_loading.gif HTTP/1.1" 200 1737
120.253.135.82 - - [03/Feb/2022:12:30:17 +0800] "GET /xingrg/javascript/jquery_easy_ui/themes/default/images/tree_checkbox_0.gif HTTP/1.1" 200 168
120.253.135.82 - - [03/Feb/2022:12:30:17 +0800] "POST /xingrg/kc/pszx/jzcl_ps_operate.html HTTP/1.1" 200 468
120.253.135.82 - - [03/Feb/2022:12:30:17 +0800] "POST /xingrg/kc/pszx/jzcl_ps_operate.html HTTP/1.1" 200 468
116.239.131.195 - - [03/Feb/2022:12:30:20 +0800] "POST /xingrg/kc/buy/cgsh_order_operate.html HTTP/1.1" 200 37
120.253.135.82 - - [03/Feb/2022:12:30:22 +0800] "GET /xingrg/javascript/jquery_easy_ui/themes/icons/area.png HTTP/1.1" 304 -
120.253.135.82 - - [03/Feb/2022:12:30:22 +0800] "GET /xingrg/javascript/jquery_easy_ui/themes/icons/rest.png HTTP/1.1" 200 695
120.253.135.82 - - [03/Feb/2022:12:30:22 +0800] "GET /xingrg/javascript/jquery_easy_ui/themes/icons/manage.png HTTP/1.1" 304 -
116.239.131.195 - - [03/Feb/2022:12:30:23 +0800] "POST /xingrg/kc/buy/cgsh_order_operate.html HTTP/1.1" 200 12
58.39.168.32 - - [03/Feb/2022:12:30:25 +0800] "GET /xingrg/all/function/internal_message.html?_=1643862624738&CODE_STATE=getMsg HTTP/1.1" 200 27
101.80.229.199 - - [03/Feb/2022:12:30:26 +0800] "GET /xingrg/all/function/internal_message.html?_=1643862625684&CODE_STATE=getMsg HTTP/1.1" 200 27
120.253.135.82 - - [03/Feb/2022:12:30:26 +0800] "POST /xingrg/kc/pszx/jzcl_ps_operate.html HTTP/1.1" 200 4
120.253.135.82 - - [03/Feb/2022:12:30:26 +0800] "GET /xingrg/javascript/step/images/navBtn.gif HTTP/1.1" 200 361
120.253.135.82 - - [03/Feb/2022:12:30:26 +0800] "GET /xingrg/javascript/step/images/navBtn.gif HTTP/1.1" 200 361
120.253.135.82 - - [03/Feb/2022:12:30:26 +0800] "GET /xingrg/javascript/step/images/navLastDoneBtn.gif HTTP/1.1" 200 552
120.253.135.82 - - [03/Feb/2022:12:30:26 +0800] "GET /xingrg/javascript/step/images/navDoneBtn.gif HTTP/1.1" 200 394
120.253.135.82 - - [03/Feb/2022:12:30:28 +0800] "GET /xingrg/kc/pszx/mdps_order_list.html HTTP/1.1" 200 20963
120.253.135.82 - - [03/Feb/2022:12:30:28 +0800] "GET /xingrg/css/base.css HTTP/1.1" 200 2811
120.253.135.82 - - [03/Feb/2022:12:30:28 +0800] "GET /xingrg/javascript/jquery_tools/datebox.css HTTP/1.1" 200 2597
120.253.135.82 - - [03/Feb/2022:12:30:28 +0800] "GET /xingrg/css/site.css HTTP/1.1" 200 7541
120.253.135.82 - - [03/Feb/2022:12:30:28 +0800] "GET /xingrg/javascript/auto/jquery.autocomplete.css HTTP/1.1" 200 587
120.253.135.82 - - [03/Feb/2022:12:30:28 +0800] "GET /xingrg/javascript/easyui/themes/icon.css HTTP/1.1" 200 4483
120.253.135.82 - - [03/Feb/2022:12:30:28 +0800] "GET /xingrg/javascript/jquery_tools/fix.css HTTP/1.1" 200 1702
120.253.135.82 - - [03/Feb/2022:12:30:28 +0800] "GET /xingrg/javascript/jquery_tools/table.css HTTP/1.1" 200 1032
120.253.135.82 - - [03/Feb/2022:12:30:28 +0800] "GET /xingrg/javascript/jquery_tools/jquery.tools.hotkey.js HTTP/1.1" 200 3242
120.253.135.82 - - [03/Feb/2022:12:30:28 +0800] "GET /xingrg/javascript/jquery_tools/jquery.tools.table.js HTTP/1.1" 200 6994
120.253.135.82 - - [03/Feb/2022:12:30:28 +0800] "GET /xingrg/javascript/jquery_tools/jquery.tools.min.js HTTP/1.1" 200 138801
120.253.135.82 - - [03/Feb/2022:12:30:28 +0800] "GET /xingrg/javascript/jquery.cookie.js HTTP/1.1" 200 5513
120.253.135.82 - - [03/Feb/2022:12:30:28 +0800] "GET /xingrg/javascript/easyui/easyloader.js HTTP/1.1" 200 5975
120.253.135.82 - - [03/Feb/2022:12:30:28 +0800] "GET /xingrg/javascript/jquery_tools/list_manager.js HTTP/1.1" 200 3652
120.253.135.82 - - [03/Feb/2022:12:30:28 +0800] "GET /xingrg/javascript/easyui/themes/default/easyui.css HTTP/1.1" 200 30432
120.253.135.82 - - [03/Feb/2022:12:30:28 +0800] "GET /xingrg/javascript/jquery_tools/jquery.tools.extend.js HTTP/1.1" 200 15385
120.253.135.82 - - [03/Feb/2022:12:30:28 +0800] "POST /xingrg/kc/pszx/jzcl_ps_operate.html HTTP/1.1" 200 21
120.253.135.82 - - [03/Feb/2022:12:30:28 +0800] "GET /xingrg/javascript/easyui/themes/icons/uncheck_new.png HTTP/1.1" 200 3197
120.253.135.82 - - [03/Feb/2022:12:30:28 +0800] "GET /xingrg/javascript/easyui/themes/icons/edit_add_new.png HTTP/1.1" 200 2997
120.253.135.82 - - [03/Feb/2022:12:30:28 +0800] "GET /xingrg/javascript/easyui/themes/icons/import_new.png HTTP/1.1" 200 1247
120.253.135.82 - - [03/Feb/2022:12:30:28 +0800] "GET /xingrg/javascript/easyui/themes/icons/field_new.png HTTP/1.1" 200 1097
120.253.135.82 - - [03/Feb/2022:12:30:28 +0800] "GET /xingrg/javascript/easyui/themes/icons/check_new.png HTTP/1.1" 200 3224
120.253.135.82 - - [03/Feb/2022:12:30:28 +0800] "GET /xingrg/javascript/easyui/themes/icons/cance_new.png HTTP/1.1" 200 3986
120.253.135.82 - - [03/Feb/2022:12:30:28 +0800] "GET /xingrg/javascript/easyui/plugins/jquery.parser.js HTTP/1.1" 200 1142
120.253.135.82 - - [03/Feb/2022:12:30:28 +0800] "POST /xingrg/kc/pszx/mdps_list_operate.html HTTP/1.1" 200 3521
222.70.179.207 - - [03/Feb/2022:12:30:29 +0800] "GET /xingrg/all/function/internal_message.html?_=1643862624968&CODE_STATE=getMsg HTTP/1.1" 200 27
120.253.135.82 - - [03/Feb/2022:12:30:30 +0800] "GET /xingrg/javascript/auto/indicator.gif HTTP/1.1" 404 1066
101.89.239.238 - - [03/Feb/2022:12:30:33 +0800] "GET /xingrg/all/function/internal_message.html?_=1643862570369&CODE_STATE=getMsg HTTP/1.1" 302 -
116.239.131.195 - - [03/Feb/2022:12:30:33 +0800] "GET /xingrg/kc/buy/cgsh_order_info.html?code=212022020300218 HTTP/1.1" 200 60500
124.78.153.118 - - [03/Feb/2022:12:30:33 +0800] "GET /xingrg/all/function/internal_message.html?_=1643862630348&CODE_STATE=getMsg HTTP/1.1" 200 27
120.253.135.82 - - [03/Feb/2022:12:30:34 +0800] "POST /xingrg/kc/pszx/mdps_list_operate.html HTTP/1.1" 200 1681
116.239.131.195 - - [03/Feb/2022:12:30:35 +0800] "GET /xingrg/javascript/easyui/themes/default/validatebox.css HTTP/1.1" 404 1104
120.253.135.82 - - [03/Feb/2022:12:30:35 +0800] "POST /xingrg/kc/pszx/mdps_list_operate.html HTTP/1.1" 200 481
116.239.131.195 - - [03/Feb/2022:12:30:35 +0800] "POST /xingrg/kc/buy/cgsh_order_operate.html HTTP/1.1" 200 624
120.253.135.82 - - [03/Feb/2022:12:30:36 +0800] "GET /xingrg/kc/pszx/mdps_order_info.html?code=312022020300007 HTTP/1.1" 200 23925
120.253.135.82 - - [03/Feb/2022:12:30:36 +0800] "GET /xingrg/javascript/convert.js HTTP/1.1" 200 1239
120.253.135.82 - - [03/Feb/2022:12:30:36 +0800] "GET /xingrg/javascript/jquery_tools/order_manager.js HTTP/1.1" 200 11183
120.253.135.82 - - [03/Feb/2022:12:30:36 +0800] "GET /xingrg/javascript/json2.js HTTP/1.1" 200 11259
120.253.135.82 - - [03/Feb/2022:12:30:36 +0800] "GET /xingrg/words/20220128115405_words.js HTTP/1.1" 200 885128
120.253.135.82 - - [03/Feb/2022:12:30:36 +0800] "GET /xingrg/javascript/easyui/themes/icons/copy_new.png HTTP/1.1" 200 815
120.253.135.82 - - [03/Feb/2022:12:30:36 +0800] "GET /xingrg/javascript/easyui/themes/icons/ok.png HTTP/1.1" 200 883
120.253.135.82 - - [03/Feb/2022:12:30:36 +0800] "GET /xingrg/javascript/easyui/themes/icons/print.png HTTP/1.1" 200 1057
120.253.135.82 - - [03/Feb/2022:12:30:36 +0800] "GET /xingrg/javascript/easyui/themes/default/images/menu_downarrow.png HTTP/1.1" 200 173
120.253.135.82 - - [03/Feb/2022:12:30:36 +0800] "GET /xingrg/javascript/easyui/themes/icons/cancel.png HTTP/1.1" 200 1133
101.89.239.238 - - [03/Feb/2022:12:30:36 +0800] "GET /xingrg/login.html HTTP/1.1" 200 7641
222.70.223.103 - - [03/Feb/2022:12:30:36 +0800] "GET /xingrg/all/function/internal_message.html?_=1643862633949&CODE_STATE=getMsg HTTP/1.1" 200 27
120.253.135.82 - - [03/Feb/2022:12:30:37 +0800] "GET /xingrg/all/common/auto_word.html?type=base&rest_code=00101 HTTP/1.1" 200 613
120.253.135.82 - - [03/Feb/2022:12:30:37 +0800] "GET /xingrg/javascript/easyui/themes/default/validatebox.css HTTP/1.1" 404 1104
120.253.135.82 - - [03/Feb/2022:12:30:37 +0800] "GET /xingrg/javascript/easyui/plugins/jquery.validatebox.js HTTP/1.1" 200 6103
120.253.135.82 - - [03/Feb/2022:12:30:37 +0800] "POST /xingrg/kc/pszx/mdps_order_operate.html HTTP/1.1" 200 3847
120.253.135.82 - - [03/Feb/2022:12:30:37 +0800] "GET /xingrg/javascript/easyui/plugins/jquery.numberbox.js HTTP/1.1" 200 5213
120.253.135.82 - - [03/Feb/2022:12:30:37 +0800] "GET /xingrg/javascript/easyui/themes/icons/edit_remove.png HTTP/1.1" 200 625
120.253.135.82 - - [03/Feb/2022:12:30:37 +0800] "GET /xingrg/javascript/easyui/themes/default/images/button_plain_hover.png HTTP/1.1" 200 144
116.239.131.195 - - [03/Feb/2022:12:30:38 +0800] "GET /xingrg/kc/print/load_data.html?order_code=212022020300218&kc_code=cgsh&condition= HTTP/1.1" 200 717
120.253.135.82 - - [03/Feb/2022:12:30:39 +0800] "POST /xingrg/kc/pszx/mdps_order_operate.html HTTP/1.1" 200 37
120.253.135.82 - - [03/Feb/2022:12:30:39 +0800] "GET /xingrg/kc/pszx/mdps_order_info.html?code=312022020300007 HTTP/1.1" 200 23925
120.253.135.82 - - [03/Feb/2022:12:30:40 +0800] "GET /xingrg/javascript/easyui/themes/default/validatebox.css HTTP/1.1" 404 1104
120.253.135.82 - - [03/Feb/2022:12:30:40 +0800] "POST /xingrg/kc/pszx/mdps_order_operate.html HTTP/1.1" 200 3876
101.83.241.155 - - [03/Feb/2022:12:30:40 +0800] "GET /xingrg/all/function/internal_message.html?_=1643862636390&CODE_STATE=getMsg HTTP/1.1" 200 27
101.83.241.155 - - [03/Feb/2022:12:30:41 +0800] "GET /xingrg/check_reg.html?_=1643862636579 HTTP/1.1" 200 22
116.239.131.195 - - [03/Feb/2022:12:30:42 +0800] "GET /xingrg/check_reg.html?_=1643862660947 HTTP/1.1" 200 22
120.253.135.82 - - [03/Feb/2022:12:30:43 +0800] "GET /xingrg/kc/print/load_config.html?kc_code=mdps HTTP/1.1" 200 2390
120.253.135.82 - - [03/Feb/2022:12:30:43 +0800] "GET /xingrg/kc/print/load_data.html?order_code=312022020300007&kc_code=mdps&condition= HTTP/1.1" 200 1462
116.232.55.86 - - [03/Feb/2022:12:30:44 +0800] "GET /xingrg/all/function/internal_message.html?_=1643862642618&CODE_STATE=getMsg HTTP/1.1" 200 27
222.70.179.207 - - [03/Feb/2022:12:30:44 +0800] "GET /xingrg/check_reg.html?_=1643862640586 HTTP/1.1" 200 22
116.239.131.195 - - [03/Feb/2022:12:30:44 +0800] "GET /xingrg/all/function/internal_message.html?_=1643862663615&CODE_STATE=getMsg HTTP/1.1" 200 27
58.39.168.32 - - [03/Feb/2022:12:30:45 +0800] "GET /xingrg/check_reg.html?_=1643862581753 HTTP/1.1" 200 22
58.39.168.32 - - [03/Feb/2022:12:30:45 +0800] "GET /xingrg/all/function/internal_message.html?_=1643862581756&CODE_STATE=getMsg HTTP/1.1" 200 27
124.78.153.118 - - [03/Feb/2022:12:30:53 +0800] "GET /xingrg/all/function/internal_message.html?_=1643862652972&CODE_STATE=getMsg HTTP/1.1" 302 -
120.253.135.82 - - [03/Feb/2022:12:30:54 +0800] "GET /xingrg/all/function/internal_message.html?_=1643862444620&CODE_STATE=getMsg HTTP/1.1" 200 27
222.70.243.96 - - [03/Feb/2022:12:31:01 +0800] "GET /xingrg/all/function/internal_message.html?_=1643862671586&CODE_STATE=getMsg HTTP/1.1" 302 -
180.152.99.39 - - [03/Feb/2022:12:31:02 +0800] "GET /xingrg/all/function/internal_message.html?_=1643862578902&CODE_STATE=getMsg HTTP/1.1" 200 27
180.152.99.73 - - [03/Feb/2022:12:31:02 +0800] "GET /xingrg/all/function/internal_message.html?_=1643862660498&CODE_STATE=getMsg HTTP/1.1" 200 27
222.70.243.96 - - [03/Feb/2022:12:31:07 +0800] "GET /xingrg/all/function/internal_message.html?_=1643862679762&CODE_STATE=getMsg HTTP/1.1" 200 27
180.162.112.109 - - [03/Feb/2022:12:31:09 +0800] "GET /xingrg/all/function/internal_message.html?_=1643862058032&CODE_STATE=getMsg HTTP/1.1" 200 27
101.80.229.199 - - [03/Feb/2022:12:31:21 +0800] "GET /xingrg/check_reg.html?_=1643862681191 HTTP/1.1" 200 22
58.39.168.32 - - [03/Feb/2022:12:31:25 +0800] "GET /xingrg/all/function/internal_message.html?_=1643862684713&CODE_STATE=getMsg HTTP/1.1" 200 27
101.80.229.199 - - [03/Feb/2022:12:31:26 +0800] "GET /xingrg/all/function/internal_message.html?_=1643862685663&CODE_STATE=getMsg HTTP/1.1" 200 27
58.39.168.32 - - [03/Feb/2022:12:31:26 +0800] "GET /xingrg/check_reg.html?_=1643862686135 HTTP/1.1" 200 22
116.239.131.195 - - [03/Feb/2022:12:31:28 +0800] "GET /xingrg/kc/buy/cgsh_order_add.html HTTP/1.1" 200 65589
222.70.179.207 - - [03/Feb/2022:12:31:29 +0800] "GET /xingrg/all/function/internal_message.html?_=1643862684938&CODE_STATE=getMsg HTTP/1.1" 200 27
116.239.131.195 - - [03/Feb/2022:12:31:31 +0800] "POST /xingrg/kc/buy/cgsh_order_operate.html HTTP/1.1" 200 8245
116.239.131.195 - - [03/Feb/2022:12:31:31 +0800] "GET /xingrg/javascript/easyui/themes/default/validatebox.css HTTP/1.1" 404 1104
124.78.153.118 - - [03/Feb/2022:12:31:34 +0800] "GET /xingrg/all/function/internal_message.html?_=1643862690325&CODE_STATE=getMsg HTTP/1.1" 200 27
222.70.223.103 - - [03/Feb/2022:12:31:37 +0800] "GET /xingrg/all/function/internal_message.html?_=1643862693954&CODE_STATE=getMsg HTTP/1.1" 200 27
101.83.241.155 - - [03/Feb/2022:12:31:40 +0800] "GET /xingrg/all/function/internal_message.html?_=1643862696369&CODE_STATE=getMsg HTTP/1.1" 200 27
116.239.131.195 - - [03/Feb/2022:12:31:43 +0800] "GET /xingrg/javascript/easyui/themes/default/tree.css HTTP/1.1" 404 1090
116.232.55.86 - - [03/Feb/2022:12:31:44 +0800] "GET /xingrg/all/function/internal_message.html?_=1643862702619&CODE_STATE=getMsg HTTP/1.1" 200 27
116.239.131.195 - - [03/Feb/2022:12:31:45 +0800] "POST /xingrg/all/common/load_tree.html?tree=supplier_tree_json&isDelete=1 HTTP/1.1" 200 62150
116.239.131.195 - - [03/Feb/2022:12:31:45 +0800] "GET /xingrg/all/function/internal_message.html?_=1643862723636&CODE_STATE=getMsg HTTP/1.1" 200 27
58.39.168.32 - - [03/Feb/2022:12:31:46 +0800] "GET /xingrg/all/function/internal_message.html?_=1643862641755&CODE_STATE=getMsg HTTP/1.1" 200 27
180.152.99.39 - - [03/Feb/2022:12:31:47 +0800] "GET /xingrg/check_reg.html?_=1643862627289 HTTP/1.1" 200 22
124.78.153.118 - - [03/Feb/2022:12:31:53 +0800] "GET /xingrg/all/function/internal_message.html?_=1643862712949&CODE_STATE=getMsg HTTP/1.1" 302 -
101.91.60.88 - - [03/Feb/2022:12:31:53 +0800] "GET /xingrg/kc/print/load_data.html?order_code=212022020300189&kc_code=cgsh&condition= HTTP/1.1" 302 -
101.91.60.88 - - [03/Feb/2022:12:31:54 +0800] "GET /xingrg/login.html HTTP/1.1" 200 7641
120.253.135.82 - - [03/Feb/2022:12:31:54 +0800] "GET /xingrg/all/function/internal_message.html?_=1643862504650&CODE_STATE=getMsg HTTP/1.1" 200 27
180.152.99.39 - - [03/Feb/2022:12:31:59 +0800] "GET /xingrg/all/function/internal_message.html?_=1643862638911&CODE_STATE=getMsg HTTP/1.1" 200 27
222.70.243.96 - - [03/Feb/2022:12:32:01 +0800] "GET /xingrg/all/function/internal_message.html?_=1643862731627&CODE_STATE=getMsg HTTP/1.1" 302 -
58.39.168.32 - - [03/Feb/2022:12:32:01 +0800] "GET /xingrg/index.html?sysBaseUrl=http%3A%2F%2F180.169.147.146%3A18081%2Fxingrg%2F&costTime=32×tamp=1585224308505 HTTP/1.1" 200 17173
58.39.168.32 - - [03/Feb/2022:12:32:02 +0800] "GET /favicon.ico HTTP/1.1" 404 -
58.39.168.32 - - [03/Feb/2022:12:32:02 +0800] "POST /xingrg/all/common/load_tree.html?tree=area_rest_tree_json&manage=1 HTTP/1.1" 200 342
58.39.168.32 - - [03/Feb/2022:12:32:02 +0800] "POST /xingrg/load_menu.html HTTP/1.1" 200 5138
58.39.168.32 - - [03/Feb/2022:12:32:02 +0800] "GET /xingrg/all/function/internal_message.html?_=1643862657929&CODE_STATE=count HTTP/1.1" 200 11
58.39.168.32 - - [03/Feb/2022:12:32:02 +0800] "GET /xingrg/check_reg.html?_=1643862657930 HTTP/1.1" 200 22
180.152.99.73 - - [03/Feb/2022:12:32:02 +0800] "GET /xingrg/all/function/internal_message.html?_=1643862720506&CODE_STATE=getMsg HTTP/1.1" 200 27
180.152.99.73 - - [03/Feb/2022:12:32:02 +0800] "GET /xingrg/check_reg.html?_=1643862720510 HTTP/1.1" 200 22
222.70.243.96 - - [03/Feb/2022:12:32:06 +0800] "GET /xingrg/check_reg.html?_=1643862738161 HTTP/1.1" 200 22
222.70.243.96 - - [03/Feb/2022:12:32:07 +0800] "GET /xingrg/all/function/internal_message.html?_=1643862739777&CODE_STATE=getMsg HTTP/1.1" 200 27
180.162.112.109 - - [03/Feb/2022:12:32:09 +0800] "GET /xingrg/all/function/internal_message.html?_=1643862118033&CODE_STATE=getMsg HTTP/1.1" 200 27
58.39.168.32 - - [03/Feb/2022:12:32:25 +0800] "GET /xingrg/kc/base/base_main.html HTTP/1.1" 200 12142
58.39.168.32 - - [03/Feb/2022:12:32:25 +0800] "GET /xingrg/images/blue/button/wlsy.gif HTTP/1.1" 304 -
58.39.168.32 - - [03/Feb/2022:12:32:25 +0800] "GET /xingrg/images/blue/button/top_left.jpg HTTP/1.1" 304 -
58.39.168.32 - - [03/Feb/2022:12:32:25 +0800] "GET /xingrg/images/blue/button/ckdb.gif HTTP/1.1" 304 -
58.39.168.32 - - [03/Feb/2022:12:32:25 +0800] "GET /xingrg/images/blue/button/top_right.jpg HTTP/1.1" 304 -
58.39.168.32 - - [03/Feb/2022:12:32:25 +0800] "GET /xingrg/images/blue/button/ckpd.gif HTTP/1.1" 304 -
58.39.168.32 - - [03/Feb/2022:12:32:25 +0800] "GET /xingrg/all/function/internal_message.html?_=1643862744684&CODE_STATE=getMsg HTTP/1.1" 200 27
58.39.168.32 - - [03/Feb/2022:12:32:25 +0800] "GET /xingrg/images/blue/button/yddb.gif HTTP/1.1" 304 -
58.39.168.32 - - [03/Feb/2022:12:32:25 +0800] "GET /xingrg/images/blue/button/down.jpg HTTP/1.1" 304 -
58.39.168.32 - - [03/Feb/2022:12:32:25 +0800] "GET /xingrg/images/blue/button/bottom_left.jpg HTTP/1.1" 304 -
58.39.168.32 - - [03/Feb/2022:12:32:25 +0800] "GET /xingrg/images/blue/button/bottom_right.jpg HTTP/1.1" 304 -
58.39.168.32 - - [03/Feb/2022:12:32:25 +0800] "GET /xingrg/images/blue/button/left_ah.jpg HTTP/1.1" 304 -
101.80.229.199 - - [03/Feb/2022:12:32:26 +0800] "GET /xingrg/all/function/internal_message.html?_=1643862745635&CODE_STATE=getMsg HTTP/1.1" 200 27
58.39.168.32 - - [03/Feb/2022:12:32:27 +0800] "GET /xingrg/kc/base/wldb_order_list.html HTTP/1.1" 200 19098
58.39.168.32 - - [03/Feb/2022:12:32:28 +0800] "POST /xingrg/kc/base/wldb_list_operate.html HTTP/1.1" 200 2556
222.70.179.207 - - [03/Feb/2022:12:32:29 +0800] "GET /xingrg/all/function/internal_message.html?_=1643862744921&CODE_STATE=getMsg HTTP/1.1" 200 27
58.39.168.32 - - [03/Feb/2022:12:32:30 +0800] "GET /xingrg/javascript/easyui/themes/default/images/button_plain_hover.png HTTP/1.1" 304 -
58.39.168.32 - - [03/Feb/2022:12:32:31 +0800] "GET /xingrg/javascript/jquery_tools/order_manager.js HTTP/1.1" 304 -
58.39.168.32 - - [03/Feb/2022:12:32:31 +0800] "GET /xingrg/javascript/convert.js HTTP/1.1" 304 -
58.39.168.32 - - [03/Feb/2022:12:32:31 +0800] "GET /xingrg/javascript/json2.js HTTP/1.1" 304 -
58.39.168.32 - - [03/Feb/2022:12:32:31 +0800] "GET /xingrg/javascript/print/kc_print.js HTTP/1.1" 304 -
58.39.168.32 - - [03/Feb/2022:12:32:31 +0800] "GET /xingrg/kc/base/wldb_order_add.html HTTP/1.1" 200 30312
58.39.168.32 - - [03/Feb/2022:12:32:32 +0800] "GET /xingrg/words/20220128115405_words.js HTTP/1.1" 200 885128
58.39.168.32 - - [03/Feb/2022:12:32:32 +0800] "GET /xingrg/javascript/easyui/themes/icons/template_new.png HTTP/1.1" 304 -
58.39.168.32 - - [03/Feb/2022:12:32:32 +0800] "GET /xingrg/javascript/easyui/themes/default/images/menu_downarrow.png HTTP/1.1" 304 -
58.39.168.32 - - [03/Feb/2022:12:32:32 +0800] "GET /xingrg/javascript/easyui/themes/icons/ok.png HTTP/1.1" 304 -
58.39.168.32 - - [03/Feb/2022:12:32:32 +0800] "GET /xingrg/javascript/easyui/themes/icons/cancel.png HTTP/1.1" 304 -
58.39.168.32 - - [03/Feb/2022:12:32:32 +0800] "GET /xingrg/javascript/easyui/themes/icons/print.png HTTP/1.1" 304 -
61.151.178.163 - - [03/Feb/2022:12:32:33 +0800] "GET /xingrg/all/function/internal_message.html?_=1643862690325&CODE_STATE=getMsg HTTP/1.1" 302 -
124.78.153.118 - - [03/Feb/2022:12:32:34 +0800] "GET /xingrg/all/function/internal_message.html?_=1643862750305&CODE_STATE=getMsg HTTP/1.1" 200 27
61.151.178.163 - - [03/Feb/2022:12:32:35 +0800] "GET /xingrg/login.html HTTP/1.1" 200 7641
222.70.223.103 - - [03/Feb/2022:12:32:37 +0800] "GET /xingrg/all/function/internal_message.html?_=1643862753965&CODE_STATE=getMsg HTTP/1.1" 200 27
58.39.168.32 - - [03/Feb/2022:12:32:37 +0800] "POST /xingrg/kc/base/wldb_order_operate.html HTTP/1.1" 200 6806
58.39.168.32 - - [03/Feb/2022:12:32:37 +0800] "GET /xingrg/all/common/auto_word.html?type=base&rest_code=00105 HTTP/1.1" 200 1907
58.39.168.32 - - [03/Feb/2022:12:32:37 +0800] "GET /xingrg/all/common/auto_word.html?type=base&rest_code=00105 HTTP/1.1" 200 1907
58.39.168.32 - - [03/Feb/2022:12:32:37 +0800] "GET /xingrg/javascript/easyui/themes/default/validatebox.css HTTP/1.1" 404 1104
58.39.168.32 - - [03/Feb/2022:12:32:37 +0800] "GET /xingrg/javascript/easyui/plugins/jquery.validatebox.js HTTP/1.1" 304 -
58.39.168.32 - - [03/Feb/2022:12:32:38 +0800] "GET /xingrg/javascript/easyui/themes/icons/edit_remove.png HTTP/1.1" 304 -
58.39.168.32 - - [03/Feb/2022:12:32:38 +0800] "GET /xingrg/javascript/easyui/plugins/jquery.numberbox.js HTTP/1.1" 304 -
58.39.168.32 - - [03/Feb/2022:12:32:40 +0800] "GET /xingrg/javascript/auto/indicator.gif HTTP/1.1" 404 1066
101.83.241.155 - - [03/Feb/2022:12:32:40 +0800] "GET /xingrg/all/function/internal_message.html?_=1643862756341&CODE_STATE=getMsg HTTP/1.1" 200 27
116.232.55.86 - - [03/Feb/2022:12:32:44 +0800] "GET /xingrg/all/function/internal_message.html?_=1643862762618&CODE_STATE=getMsg HTTP/1.1" 200 27
116.239.131.195 - - [03/Feb/2022:12:32:45 +0800] "GET /xingrg/all/function/internal_message.html?_=1643862784223&CODE_STATE=getMsg HTTP/1.1" 200 27
58.39.168.32 - - [03/Feb/2022:12:32:46 +0800] "GET /xingrg/all/function/internal_message.html?_=1643862701767&CODE_STATE=getMsg HTTP/1.1" 200 27
124.78.153.118 - - [03/Feb/2022:12:32:53 +0800] "GET /xingrg/all/function/internal_message.html?_=1643862772927&CODE_STATE=getMsg HTTP/1.1" 302 -
120.253.135.82 - - [03/Feb/2022:12:32:54 +0800] "GET /xingrg/all/function/internal_message.html?_=1643862564663&CODE_STATE=getMsg HTTP/1.1" 200 27
180.152.99.39 - - [03/Feb/2022:12:32:59 +0800] "GET /xingrg/all/function/internal_message.html?_=1643862698924&CODE_STATE=getMsg HTTP/1.1" 200 27
222.70.243.96 - - [03/Feb/2022:12:33:01 +0800] "GET /xingrg/all/function/internal_message.html?_=1643862791628&CODE_STATE=getMsg HTTP/1.1" 302 -
180.152.99.73 - - [03/Feb/2022:12:33:02 +0800] "GET /xingrg/all/function/internal_message.html?_=1643862780509&CODE_STATE=getMsg HTTP/1.1" 200 27
222.70.243.96 - - [03/Feb/2022:12:33:07 +0800] "GET /xingrg/all/function/internal_message.html?_=1643862799789&CODE_STATE=getMsg HTTP/1.1" 200 27
180.162.112.109 - - [03/Feb/2022:12:33:09 +0800] "GET /xingrg/all/function/internal_message.html?_=1643862178033&CODE_STATE=getMsg HTTP/1.1" 200 27
58.40.7.146 - - [03/Feb/2022:12:33:14 +0800] "GET /favicon.ico HTTP/1.1" 404 -
58.39.168.32 - - [03/Feb/2022:12:33:25 +0800] "GET /xingrg/all/function/internal_message.html?_=1643862804657&CODE_STATE=getMsg HTTP/1.1" 200 27
101.80.229.199 - - [03/Feb/2022:12:33:26 +0800] "GET /xingrg/all/function/internal_message.html?_=1643862805607&CODE_STATE=getMsg HTTP/1.1" 200 27
222.70.179.207 - - [03/Feb/2022:12:33:29 +0800] "GET /xingrg/all/function/internal_message.html?_=1643862804904&CODE_STATE=getMsg HTTP/1.1" 200 27
124.78.153.118 - - [03/Feb/2022:12:33:34 +0800] "GET /xingrg/all/function/internal_message.html?_=1643862810279&CODE_STATE=getMsg HTTP/1.1" 200 27
124.78.153.118 - - [03/Feb/2022:12:33:34 +0800] "GET /xingrg/check_reg.html?_=1643862810531 HTTP/1.1" 200 22
222.70.223.103 - - [03/Feb/2022:12:33:37 +0800] "GET /xingrg/check_reg.html?_=1643862813964 HTTP/1.1" 200 22
222.70.223.103 - - [03/Feb/2022:12:33:37 +0800] "GET /xingrg/all/function/internal_message.html?_=1643862813967&CODE_STATE=getMsg HTTP/1.1" 200 27
101.83.241.155 - - [03/Feb/2022:12:33:41 +0800] "GET /xingrg/all/function/internal_message.html?_=1643862816325&CODE_STATE=getMsg HTTP/1.1" 200 27
116.232.55.86 - - [03/Feb/2022:12:33:44 +0800] "GET /xingrg/all/function/internal_message.html?_=1643862822618&CODE_STATE=getMsg HTTP/1.1" 200 27
116.239.131.195 - - [03/Feb/2022:12:33:45 +0800] "GET /xingrg/all/function/internal_message.html?_=1643862844234&CODE_STATE=getMsg HTTP/1.1" 200 27
58.39.168.32 - - [03/Feb/2022:12:33:46 +0800] "GET /xingrg/all/function/internal_message.html?_=1643862761779&CODE_STATE=getMsg HTTP/1.1" 200 27
124.78.153.118 - - [03/Feb/2022:12:33:53 +0800] "GET /xingrg/all/function/internal_message.html?_=1643862832896&CODE_STATE=getMsg HTTP/1.1" 302 -
120.253.135.82 - - [03/Feb/2022:12:33:54 +0800] "GET /xingrg/all/function/internal_message.html?_=1643862624684&CODE_STATE=getMsg HTTP/1.1" 200 27
124.78.153.118 - - [03/Feb/2022:12:33:55 +0800] "GET /xingrg/check_reg.html?_=1643862834622 HTTP/1.1" 302 -
180.152.99.39 - - [03/Feb/2022:12:33:59 +0800] "GET /xingrg/all/function/internal_message.html?_=1643862758980&CODE_STATE=getMsg HTTP/1.1" 200 27
116.235.92.83 - - [03/Feb/2022:12:33:59 +0800] "GET /xingrg/check_reg.html?_=1643862981112 HTTP/1.1" 200 22
222.70.243.96 - - [03/Feb/2022:12:34:01 +0800] "GET /xingrg/all/function/internal_message.html?_=1643862851670&CODE_STATE=getMsg HTTP/1.1" 302 -
180.152.99.73 - - [03/Feb/2022:12:34:02 +0800] "GET /xingrg/all/function/internal_message.html?_=1643862840509&CODE_STATE=getMsg HTTP/1.1" 200 27
222.70.243.96 - - [03/Feb/2022:12:34:07 +0800] "GET /xingrg/all/function/internal_message.html?_=1643862859804&CODE_STATE=getMsg HTTP/1.1" 200 27
222.70.243.96 - - [03/Feb/2022:12:34:08 +0800] "GET /xingrg/check_reg.html?_=1643862859239 HTTP/1.1" 302 -
180.162.112.109 - - [03/Feb/2022:12:34:09 +0800] "GET /xingrg/check_reg.html?_=1643862238033 HTTP/1.1" 200 22
180.162.112.109 - - [03/Feb/2022:12:34:09 +0800] "GET /xingrg/all/function/internal_message.html?_=1643862238035&CODE_STATE=getMsg HTTP/1.1" 200 27
58.39.168.32 - - [03/Feb/2022:12:34:25 +0800] "GET /xingrg/all/function/internal_message.html?_=1643862864636&CODE_STATE=getMsg HTTP/1.1" 200 27
101.80.229.199 - - [03/Feb/2022:12:34:26 +0800] "GET /xingrg/all/function/internal_message.html?_=1643862865580&CODE_STATE=getMsg HTTP/1.1" 200 27
58.39.168.32 - - [03/Feb/2022:12:34:27 +0800] "GET /xingrg/kc/base/wldb_order_operate.html?command=get_materiel&rest_code=00105&base_code=0010507&code=00101019373 HTTP/1.1" 200 452
222.70.179.207 - - [03/Feb/2022:12:34:29 +0800] "GET /xingrg/all/function/internal_message.html?_=1643862864874&CODE_STATE=getMsg HTTP/1.1" 200 27
58.39.168.32 - - [03/Feb/2022:12:34:33 +0800] "POST /xingrg/kc/base/wldb_order_operate.html HTTP/1.1" 200 37
124.78.153.118 - - [03/Feb/2022:12:34:33 +0800] "GET /xingrg/all/function/internal_message.html?_=1643862870254&CODE_STATE=getMsg HTTP/1.1" 200 27
58.39.168.32 - - [03/Feb/2022:12:34:34 +0800] "POST /xingrg/kc/base/wldb_order_operate.html HTTP/1.1" 200 2206
61.151.178.249 - - [03/Feb/2022:12:34:34 +0800] "GET /xingrg/check_reg.html?_=1643862810531 HTTP/1.1" 302 -
61.151.178.249 - - [03/Feb/2022:12:34:34 +0800] "GET /xingrg/login.html HTTP/1.1" 200 7641
58.39.168.32 - - [03/Feb/2022:12:34:36 +0800] "GET /xingrg/kc/base/wldb_order_info.html?code=422022020300270 HTTP/1.1" 200 30324
58.39.168.32 - - [03/Feb/2022:12:34:36 +0800] "GET /xingrg/javascript/easyui/themes/default/validatebox.css HTTP/1.1" 404 1104
58.39.168.32 - - [03/Feb/2022:12:34:36 +0800] "POST /xingrg/kc/base/wldb_order_operate.html HTTP/1.1" 200 2206
222.70.223.103 - - [03/Feb/2022:12:34:36 +0800] "GET /xingrg/all/function/internal_message.html?_=1643862873959&CODE_STATE=getMsg HTTP/1.1" 200 27
101.83.241.155 - - [03/Feb/2022:12:34:40 +0800] "GET /xingrg/all/function/internal_message.html?_=1643862876309&CODE_STATE=getMsg HTTP/1.1" 200 27
116.232.55.86 - - [03/Feb/2022:12:34:44 +0800] "GET /xingrg/all/function/internal_message.html?_=1643862882618&CODE_STATE=getMsg HTTP/1.1" 200 27
116.232.55.86 - - [03/Feb/2022:12:34:44 +0800] "GET /xingrg/check_reg.html?_=1643862882621 HTTP/1.1" 200 22
58.39.168.32 - - [03/Feb/2022:12:34:45 +0800] "GET /xingrg/all/function/internal_message.html?_=1643862821773&CODE_STATE=getMsg HTTP/1.1" 200 27
101.83.241.155 - - [03/Feb/2022:12:34:46 +0800] "POST /xingrg/services/DataTransmitService HTTP/1.1" 200 524
116.239.131.195 - - [03/Feb/2022:12:34:46 +0800] "GET /xingrg/all/function/internal_message.html?_=1643862904915&CODE_STATE=getMsg HTTP/1.1" 200 27
101.83.241.155 - - [03/Feb/2022:12:34:47 +0800] "POST /xingrg/services/DataTransmitService HTTP/1.1" 200 501
101.83.241.155 - - [03/Feb/2022:12:34:47 +0800] "POST /xingrg/services/DataTransmitService HTTP/1.1" 200 501
101.83.241.155 - - [03/Feb/2022:12:34:48 +0800] "POST /xingrg/services/DataTransmitService HTTP/1.1" 200 501
58.39.168.32 - - [03/Feb/2022:12:34:48 +0800] "GET /xingrg/kc/base/wldb_order_add.html HTTP/1.1" 200 30312
58.39.168.32 - - [03/Feb/2022:12:34:48 +0800] "POST /xingrg/kc/base/wldb_order_operate.html HTTP/1.1" 200 6806
58.39.168.32 - - [03/Feb/2022:12:34:48 +0800] "GET /xingrg/javascript/easyui/themes/default/validatebox.css HTTP/1.1" 404 1104
101.83.241.155 - - [03/Feb/2022:12:34:49 +0800] "POST /xingrg/services/DataTransmitService HTTP/1.1" 200 501
101.83.241.155 - - [03/Feb/2022:12:34:49 +0800] "POST /xingrg/services/DataTransmitService HTTP/1.1" 200 501
101.83.241.155 - - [03/Feb/2022:12:34:49 +0800] "POST /xingrg/services/DataTransmitService HTTP/1.1" 200 501
101.83.241.155 - - [03/Feb/2022:12:34:50 +0800] "POST /xingrg/services/DataTransmitService HTTP/1.1" 200 412
124.78.153.118 - - [03/Feb/2022:12:34:53 +0800] "GET /xingrg/all/function/internal_message.html?_=1643862892891&CODE_STATE=getMsg HTTP/1.1" 302 -
120.253.135.82 - - [03/Feb/2022:12:34:54 +0800] "GET /xingrg/check_reg.html?_=1643862684616 HTTP/1.1" 200 22
120.253.135.82 - - [03/Feb/2022:12:34:54 +0800] "GET /xingrg/all/function/internal_message.html?_=1643862684695&CODE_STATE=getMsg HTTP/1.1" 200 27
180.152.99.39 - - [03/Feb/2022:12:34:59 +0800] "GET /xingrg/all/function/internal_message.html?_=1643862818981&CODE_STATE=getMsg HTTP/1.1" 200 27
222.70.243.96 - - [03/Feb/2022:12:35:01 +0800] "GET /xingrg/all/function/internal_message.html?_=1643862911696&CODE_STATE=getMsg HTTP/1.1" 302 -
180.152.99.73 - - [03/Feb/2022:12:35:02 +0800] "GET /xingrg/all/function/internal_message.html?_=1643862900508&CODE_STATE=getMsg HTTP/1.1" 200 27
58.39.168.32 - - [03/Feb/2022:12:35:03 +0800] "GET /xingrg/javascript/jquery_tools/images/prev.gif HTTP/1.1" 404 1086
58.39.168.32 - - [03/Feb/2022:12:35:03 +0800] "GET /xingrg/javascript/jquery_tools/images/next.gif HTTP/1.1" 404 1086
222.70.243.96 - - [03/Feb/2022:12:35:08 +0800] "GET /xingrg/all/function/internal_message.html?_=1643862920310&CODE_STATE=getMsg HTTP/1.1" 200 27
180.162.112.109 - - [03/Feb/2022:12:35:09 +0800] "GET /xingrg/all/function/internal_message.html?_=1643862298020&CODE_STATE=getMsg HTTP/1.1" 200 27
101.91.60.11 - - [03/Feb/2022:12:35:17 +0800] "GET /xingrg/kc/buy/cgsh_order_info.html?code=212022020300186 HTTP/1.1" 302 -
58.39.168.32 - - [03/Feb/2022:12:35:19 +0800] "GET /xingrg/kc/base/wldb_order_operate.html?command=get_materiel&rest_code=00105&base_code=0010507&code=00101019129 HTTP/1.1" 200 457
101.91.60.11 - - [03/Feb/2022:12:35:20 +0800] "GET /xingrg/login.html HTTP/1.1" 200 7641
58.39.168.32 - - [03/Feb/2022:12:35:25 +0800] "GET /xingrg/all/function/internal_message.html?_=1643862924609&CODE_STATE=getMsg HTTP/1.1" 200 27
101.80.229.199 - - [03/Feb/2022:12:35:25 +0800] "GET /xingrg/all/function/internal_message.html?_=1643862925550&CODE_STATE=getMsg HTTP/1.1" 200 27
222.70.179.207 - - [03/Feb/2022:12:35:29 +0800] "GET /xingrg/all/function/internal_message.html?_=1643862924868&CODE_STATE=getMsg HTTP/1.1" 200 27
58.39.168.32 - - [03/Feb/2022:12:35:31 +0800] "GET /xingrg/kc/base/wldb_order_operate.html?command=get_materiel&rest_code=00105&base_code=0010507&code=00101019111 HTTP/1.1" 200 454
124.78.153.118 - - [03/Feb/2022:12:35:33 +0800] "GET /xingrg/all/function/internal_message.html?_=1643862930221&CODE_STATE=getMsg HTTP/1.1" 200 27
222.70.223.103 - - [03/Feb/2022:12:35:36 +0800] "GET /xingrg/all/function/internal_message.html?_=1643862933959&CODE_STATE=getMsg HTTP/1.1" 200 27
101.83.241.155 - - [03/Feb/2022:12:35:40 +0800] "GET /xingrg/all/function/internal_message.html?_=1643862936293&CODE_STATE=getMsg HTTP/1.1" 200 27
101.83.241.155 - - [03/Feb/2022:12:35:41 +0800] "GET /xingrg/check_reg.html?_=1643862936576 HTTP/1.1" 200 22
116.239.131.195 - - [03/Feb/2022:12:35:42 +0800] "GET /xingrg/check_reg.html?_=1643862960957 HTTP/1.1" 200 22
116.232.55.86 - - [03/Feb/2022:12:35:44 +0800] "GET /xingrg/all/function/internal_message.html?_=1643862942622&CODE_STATE=getMsg HTTP/1.1" 200 27
222.70.179.207 - - [03/Feb/2022:12:35:44 +0800] "GET /xingrg/check_reg.html?_=1643862940609 HTTP/1.1" 200 22
58.39.168.32 - - [03/Feb/2022:12:35:45 +0800] "GET /xingrg/all/function/internal_message.html?_=1643862881806&CODE_STATE=getMsg HTTP/1.1" 200 27
58.39.168.32 - - [03/Feb/2022:12:35:45 +0800] "GET /xingrg/check_reg.html?_=1643862881809 HTTP/1.1" 200 22
116.239.131.195 - - [03/Feb/2022:12:35:46 +0800] "GET /xingrg/all/function/internal_message.html?_=1643862964917&CODE_STATE=getMsg HTTP/1.1" 200 27
58.39.168.32 - - [03/Feb/2022:12:35:47 +0800] "GET /xingrg/kc/base/wldb_order_operate.html?command=get_materiel&rest_code=00105&base_code=0010507&code=00101019391 HTTP/1.1" 200 471
116.239.131.195 - - [03/Feb/2022:12:35:52 +0800] "POST /xingrg/kc/buy/cgsh_list_operate.html HTTP/1.1" 200 5799
124.78.153.118 - - [03/Feb/2022:12:35:53 +0800] "GET /xingrg/all/function/internal_message.html?_=1643862952872&CODE_STATE=getMsg HTTP/1.1" 302 -
120.253.135.82 - - [03/Feb/2022:12:35:54 +0800] "GET /xingrg/all/function/internal_message.html?_=1643862744703&CODE_STATE=getMsg HTTP/1.1" 200 27
116.239.131.195 - - [03/Feb/2022:12:35:57 +0800] "POST /xingrg/kc/buy/cgsh_list_operate.html HTTP/1.1" 200 5996
180.152.99.39 - - [03/Feb/2022:12:35:59 +0800] "GET /xingrg/all/function/internal_message.html?_=1643862879038&CODE_STATE=getMsg HTTP/1.1" 200 27
222.70.243.96 - - [03/Feb/2022:12:36:01 +0800] "GET /xingrg/all/function/internal_message.html?_=1643862971700&CODE_STATE=getMsg HTTP/1.1" 302 -
180.152.99.73 - - [03/Feb/2022:12:36:02 +0800] "GET /xingrg/all/function/internal_message.html?_=1643862960507&CODE_STATE=getMsg HTTP/1.1" 200 27
116.239.131.195 - - [03/Feb/2022:12:36:05 +0800] "POST /xingrg/kc/buy/cgsh_list_operate.html HTTP/1.1" 200 5996
222.70.243.96 - - [03/Feb/2022:12:36:08 +0800] "GET /xingrg/all/function/internal_message.html?_=1643862980314&CODE_STATE=getMsg HTTP/1.1" 200 27
180.162.112.109 - - [03/Feb/2022:12:36:09 +0800] "GET /xingrg/all/function/internal_message.html?_=1643862358019&CODE_STATE=getMsg HTTP/1.1" 200 27
58.39.168.32 - - [03/Feb/2022:12:36:10 +0800] "GET /xingrg/kc/base/wldb_order_operate.html?command=get_materiel&rest_code=00105&base_code=0010507&code=00101019135 HTTP/1.1" 200 474
116.239.131.195 - - [03/Feb/2022:12:36:12 +0800] "POST /xingrg/kc/buy/cgsh_list_operate.html HTTP/1.1" 200 6072
116.239.131.195 - - [03/Feb/2022:12:36:18 +0800] "POST /xingrg/kc/buy/cgsh_list_operate.html HTTP/1.1" 200 6052
101.80.229.199 - - [03/Feb/2022:12:36:21 +0800] "GET /xingrg/check_reg.html?_=1643862981162 HTTP/1.1" 200 22
58.39.168.32 - - [03/Feb/2022:12:36:25 +0800] "GET /xingrg/all/function/internal_message.html?_=1643862984590&CODE_STATE=getMsg HTTP/1.1" 200 27
101.80.229.199 - - [03/Feb/2022:12:36:25 +0800] "GET /xingrg/all/function/internal_message.html?_=1643862985522&CODE_STATE=getMsg HTTP/1.1" 200 27
58.39.168.32 - - [03/Feb/2022:12:36:26 +0800] "GET /xingrg/kc/base/wldb_order_operate.html?command=get_materiel&rest_code=00105&base_code=0010507&code=00101016029 HTTP/1.1" 200 462
116.239.131.195 - - [03/Feb/2022:12:36:26 +0800] "POST /xingrg/kc/buy/cgsh_list_operate.html HTTP/1.1" 200 6072
58.39.168.32 - - [03/Feb/2022:12:36:26 +0800] "GET /xingrg/check_reg.html?_=1643862986136 HTTP/1.1" 200 22
116.239.131.195 - - [03/Feb/2022:12:36:28 +0800] "POST /xingrg/kc/buy/cgsh_list_operate.html HTTP/1.1" 200 200
222.70.179.207 - - [03/Feb/2022:12:36:29 +0800] "GET /xingrg/all/function/internal_message.html?_=1643862984851&CODE_STATE=getMsg HTTP/1.1" 200 27
61.151.178.163 - - [03/Feb/2022:12:36:33 +0800] "GET /xingrg/all/function/internal_message.html?_=1643862930221&CODE_STATE=getMsg HTTP/1.1" 302 -
124.78.153.118 - - [03/Feb/2022:12:36:33 +0800] "GET /xingrg/all/function/internal_message.html?_=1643862990193&CODE_STATE=getMsg HTTP/1.1" 200 27
61.151.178.163 - - [03/Feb/2022:12:36:35 +0800] "GET /xingrg/login.html HTTP/1.1" 200 7641
222.70.223.103 - - [03/Feb/2022:12:36:36 +0800] "GET /xingrg/all/function/internal_message.html?_=1643862993947&CODE_STATE=getMsg HTTP/1.1" 200 27
116.239.131.195 - - [03/Feb/2022:12:36:37 +0800] "GET /xingrg/kc/buy/cgsh_order_info.html?code=212022012814740 HTTP/1.1" 200 60510
