101.80.229.199 - - [03/Feb/2022:13:20:24 +0800] "GET /xingrg/all/function/internal_message.html?_=1643865624530&CODE_STATE=getMsg HTTP/1.1" 200 27
101.80.229.199 - - [03/Feb/2022:13:20:27 +0800] "POST /xingrg/kc/buy/cgsh_list_operate.html HTTP/1.1" 200 203
222.70.179.207 - - [03/Feb/2022:13:20:28 +0800] "GET /xingrg/all/function/internal_message.html?_=1643865624238&CODE_STATE=getMsg HTTP/1.1" 200 27
101.80.229.199 - - [03/Feb/2022:13:20:30 +0800] "GET /xingrg/kc/buy/cgsh_order_info.html?code=212022020300170 HTTP/1.1" 200 65651
101.80.229.199 - - [03/Feb/2022:13:20:30 +0800] "GET /xingrg/javascript/easyui/themes/default/validatebox.css HTTP/1.1" 404 1104
101.80.229.199 - - [03/Feb/2022:13:20:31 +0800] "POST /xingrg/kc/buy/cgsh_order_operate.html HTTP/1.1" 200 2662
61.151.178.249 - - [03/Feb/2022:13:20:32 +0800] "GET /xingrg/all/function/internal_message.html?_=1643865569122&CODE_STATE=getMsg HTTP/1.1" 302 -
124.78.153.118 - - [03/Feb/2022:13:20:32 +0800] "GET /xingrg/all/function/internal_message.html?_=1643865629096&CODE_STATE=getMsg HTTP/1.1" 200 27
61.151.178.249 - - [03/Feb/2022:13:20:33 +0800] "GET /xingrg/login.html HTTP/1.1" 200 7641
180.152.99.73 - - [03/Feb/2022:13:20:36 +0800] "GET /xingrg/all/function/internal_message.html?_=1643865633934&CODE_STATE=getMsg HTTP/1.1" 200 27
222.70.223.103 - - [03/Feb/2022:13:20:37 +0800] "GET /xingrg/all/function/internal_message.html?_=1643865633957&CODE_STATE=getMsg HTTP/1.1" 200 27
101.83.241.155 - - [03/Feb/2022:13:20:40 +0800] "GET /xingrg/all/function/internal_message.html?_=1643865635587&CODE_STATE=getMsg HTTP/1.1" 200 27
101.83.241.155 - - [03/Feb/2022:13:20:41 +0800] "GET /xingrg/check_reg.html?_=1643865636556 HTTP/1.1" 200 22
116.232.55.86 - - [03/Feb/2022:13:20:44 +0800] "GET /xingrg/all/function/internal_message.html?_=1643865642731&CODE_STATE=getMsg HTTP/1.1" 200 27
222.70.179.207 - - [03/Feb/2022:13:20:44 +0800] "GET /xingrg/check_reg.html?_=1643865640665 HTTP/1.1" 200 22
58.39.168.32 - - [03/Feb/2022:13:20:45 +0800] "GET /xingrg/all/function/internal_message.html?_=1643865581004&CODE_STATE=getMsg HTTP/1.1" 200 27
58.39.168.32 - - [03/Feb/2022:13:20:45 +0800] "GET /xingrg/check_reg.html?_=1643865581803 HTTP/1.1" 200 22
180.169.147.146 - - [03/Feb/2022:13:20:48 +0800] "GET /xingrg/all/function/internal_message.html?_=1643865646176&CODE_STATE=getMsg HTTP/1.1" 200 27
116.235.92.83 - - [03/Feb/2022:13:20:56 +0800] "GET /xingrg/kc/buy/cgsh_order_operate.html?command=get_materiel&rest_code=00104&code=00101001093&supplier_code=00100319&order_time=2022-02-03 HTTP/1.1" 200 434
114.88.155.114 - - [03/Feb/2022:13:21:02 +0800] "GET /xingrg/check_reg.html?_=1643865450626 HTTP/1.1" 200 22
222.70.243.96 - - [03/Feb/2022:13:21:02 +0800] "GET /xingrg/all/function/internal_message.html?_=1643865672780&CODE_STATE=getMsg HTTP/1.1" 302 -
180.152.99.39 - - [03/Feb/2022:13:21:03 +0800] "GET /xingrg/all/function/internal_message.html?_=1643865580259&CODE_STATE=getMsg HTTP/1.1" 200 27
180.157.251.97 - - [03/Feb/2022:13:21:04 +0800] "GET /xingrg/all/function/internal_message.html?_=1643865662781&CODE_STATE=getMsg HTTP/1.1" 200 27
180.162.112.109 - - [03/Feb/2022:13:21:09 +0800] "GET /xingrg/all/function/internal_message.html?_=1643865058048&CODE_STATE=getMsg HTTP/1.1" 200 27
222.70.243.96 - - [03/Feb/2022:13:21:13 +0800] "GET /xingrg/all/function/internal_message.html?_=1643865685231&CODE_STATE=getMsg HTTP/1.1" 200 27
101.80.229.199 - - [03/Feb/2022:13:21:21 +0800] "GET /xingrg/check_reg.html?_=1643865680961 HTTP/1.1" 200 22
58.39.168.32 - - [03/Feb/2022:13:21:24 +0800] "GET /xingrg/all/function/internal_message.html?_=1643865683558&CODE_STATE=getMsg HTTP/1.1" 200 27
116.235.92.83 - - [03/Feb/2022:13:21:24 +0800] "POST /xingrg/kc/buy/cgsh_order_operate.html HTTP/1.1" 200 37
101.80.229.199 - - [03/Feb/2022:13:21:24 +0800] "GET /xingrg/all/function/internal_message.html?_=1643865684503&CODE_STATE=getMsg HTTP/1.1" 200 27
116.235.92.83 - - [03/Feb/2022:13:21:26 +0800] "POST /xingrg/kc/buy/cgsh_order_operate.html HTTP/1.1" 200 3259
58.39.168.32 - - [03/Feb/2022:13:21:26 +0800] "GET /xingrg/check_reg.html?_=1643865686150 HTTP/1.1" 200 22
116.235.92.83 - - [03/Feb/2022:13:21:27 +0800] "GET /xingrg/kc/print/load_data.html?order_code=212022020300249&kc_code=cgsh&condition= HTTP/1.1" 200 919
222.70.179.207 - - [03/Feb/2022:13:21:28 +0800] "GET /xingrg/all/function/internal_message.html?_=1643865684224&CODE_STATE=getMsg HTTP/1.1" 200 27
101.91.60.88 - - [03/Feb/2022:13:21:32 +0800] "GET /xingrg/all/function/internal_message.html?_=1643865629096&CODE_STATE=getMsg HTTP/1.1" 302 -
124.78.153.118 - - [03/Feb/2022:13:21:32 +0800] "GET /xingrg/all/function/internal_message.html?_=1643865689069&CODE_STATE=getMsg HTTP/1.1" 200 27
101.91.60.88 - - [03/Feb/2022:13:21:34 +0800] "GET /xingrg/login.html HTTP/1.1" 200 7641
180.152.99.73 - - [03/Feb/2022:13:21:36 +0800] "GET /xingrg/all/function/internal_message.html?_=1643865693933&CODE_STATE=getMsg HTTP/1.1" 200 27
222.70.223.103 - - [03/Feb/2022:13:21:37 +0800] "GET /xingrg/all/function/internal_message.html?_=1643865693959&CODE_STATE=getMsg HTTP/1.1" 200 27
101.83.241.155 - - [03/Feb/2022:13:21:40 +0800] "GET /xingrg/all/function/internal_message.html?_=1643865695575&CODE_STATE=getMsg HTTP/1.1" 200 27
101.83.241.155 - - [03/Feb/2022:13:21:40 +0800] "GET /xingrg/kc/base/wldb_order_list.html HTTP/1.1" 200 19104
101.83.241.155 - - [03/Feb/2022:13:21:41 +0800] "POST /xingrg/kc/base/wldb_list_operate.html HTTP/1.1" 200 928
116.232.55.86 - - [03/Feb/2022:13:21:44 +0800] "GET /xingrg/all/function/internal_message.html?_=1643865702731&CODE_STATE=getMsg HTTP/1.1" 200 27
58.39.168.32 - - [03/Feb/2022:13:21:45 +0800] "GET /xingrg/all/function/internal_message.html?_=1643865640976&CODE_STATE=getMsg HTTP/1.1" 200 27
116.235.92.83 - - [03/Feb/2022:13:21:46 +0800] "GET /xingrg/kc/buy/cgsh_order_add.html HTTP/1.1" 200 65642
116.235.92.83 - - [03/Feb/2022:13:21:46 +0800] "POST /xingrg/kc/buy/cgsh_order_operate.html HTTP/1.1" 200 8245
116.235.92.83 - - [03/Feb/2022:13:21:46 +0800] "GET /xingrg/javascript/easyui/themes/default/validatebox.css HTTP/1.1" 404 1104
180.152.99.39 - - [03/Feb/2022:13:21:47 +0800] "GET /xingrg/check_reg.html?_=1643865627346 HTTP/1.1" 200 22
180.169.147.146 - - [03/Feb/2022:13:21:48 +0800] "GET /xingrg/all/function/internal_message.html?_=1643865706157&CODE_STATE=getMsg HTTP/1.1" 200 27
180.169.147.146 - - [03/Feb/2022:13:21:49 +0800] "GET /xingrg/javascript/jquery_easy_ui/themes/default/images/button_span_bg.gif HTTP/1.1" 200 2061
180.169.147.146 - - [03/Feb/2022:13:21:49 +0800] "GET /xingrg/javascript/jquery_easy_ui/themes/icons/ok.png HTTP/1.1" 200 883
180.169.147.146 - - [03/Feb/2022:13:21:49 +0800] "GET /xingrg/javascript/jquery_easy_ui/themes/default/images/panel_title.png HTTP/1.1" 200 266
180.169.147.146 - - [03/Feb/2022:13:21:49 +0800] "GET /xingrg/javascript/jquery_easy_ui/themes/default/images/panel_tools.gif HTTP/1.1" 200 737
180.169.147.146 - - [03/Feb/2022:13:21:51 +0800] "GET /xingrg/images/control/ajaxLoader.gif HTTP/1.1" 200 4659
180.169.147.146 - - [03/Feb/2022:13:21:51 +0800] "POST /xingrg/all/user/operate.html HTTP/1.1" 200 36
180.169.147.146 - - [03/Feb/2022:13:21:51 +0800] "GET /xingrg/index.html?sysBaseUrl=http%3A%2F%2F180.169.147.146%3A18081%2Fxingrg%2F&costTime=40×tamp=1643864088096 HTTP/1.1" 200 17503
180.169.147.146 - - [03/Feb/2022:13:21:51 +0800] "GET /xingrg/javascript/jquery_easy_ui/themes/default/easyui.css HTTP/1.1" 304 -
180.169.147.146 - - [03/Feb/2022:13:21:51 +0800] "GET /xingrg/javascript/jquery_easy_ui/themes/icon.css HTTP/1.1" 304 -
180.169.147.146 - - [03/Feb/2022:13:21:51 +0800] "GET /xingrg/css/form.css HTTP/1.1" 304 -
180.169.147.146 - - [03/Feb/2022:13:21:51 +0800] "GET /xingrg/javascript/jquery-1.4.2.min.js HTTP/1.1" 304 -
180.169.147.146 - - [03/Feb/2022:13:21:51 +0800] "GET /xingrg/javascript/jquery_easy_ui/jquery.easyui.min.js HTTP/1.1" 304 -
180.169.147.146 - - [03/Feb/2022:13:21:51 +0800] "GET /xingrg/javascript/jquery_easy_ui/easyui-lang-zh_CN.js HTTP/1.1" 304 -
180.169.147.146 - - [03/Feb/2022:13:21:51 +0800] "GET /xingrg/javascript/jquery.form.js HTTP/1.1" 304 -
180.169.147.146 - - [03/Feb/2022:13:21:51 +0800] "GET /xingrg/javascript/jquery.utils.js HTTP/1.1" 304 -
180.169.147.146 - - [03/Feb/2022:13:21:51 +0800] "GET /xingrg/javascript/jquery.timers.js HTTP/1.1" 304 -
180.169.147.146 - - [03/Feb/2022:13:21:51 +0800] "GET /xingrg/images/blue/jxLogo.png HTTP/1.1" 304 -
180.169.147.146 - - [03/Feb/2022:13:21:51 +0800] "GET /xingrg/images/blue/navBackgound.jpg HTTP/1.1" 304 -
180.169.147.146 - - [03/Feb/2022:13:21:51 +0800] "GET /xingrg/javascript/jquery_easy_ui/themes/icons/settle_new.png HTTP/1.1" 304 -
180.169.147.146 - - [03/Feb/2022:13:21:51 +0800] "POST /xingrg/all/common/load_tree.html?tree=area_rest_tree_json&manage=1 HTTP/1.1" 200 710
180.169.147.146 - - [03/Feb/2022:13:21:52 +0800] "GET /xingrg/all/function/internal_message.html?_=1643865709775&CODE_STATE=count HTTP/1.1" 200 11
180.169.147.146 - - [03/Feb/2022:13:21:52 +0800] "GET /xingrg/check_reg.html?_=1643865709776 HTTP/1.1" 200 22
180.169.147.146 - - [03/Feb/2022:13:21:52 +0800] "GET /xingrg/javascript/jquery_easy_ui/themes/default/images/panel_tool_collapse.gif HTTP/1.1" 304 -
180.169.147.146 - - [03/Feb/2022:13:21:52 +0800] "GET /xingrg/javascript/jquery_easy_ui/themes/default/images/panel_tool_expand.gif HTTP/1.1" 304 -
180.169.147.146 - - [03/Feb/2022:13:21:52 +0800] "GET /xingrg/javascript/jquery_easy_ui/themes/default/images/tabs_rightarrow.png HTTP/1.1" 304 -
180.169.147.146 - - [03/Feb/2022:13:21:52 +0800] "GET /xingrg/images/blue/pingpu.png HTTP/1.1" 304 -
180.169.147.146 - - [03/Feb/2022:13:21:52 +0800] "GET /xingrg/javascript/jquery_easy_ui/themes/default/images/tabs_leftarrow.png HTTP/1.1" 304 -
180.169.147.146 - - [03/Feb/2022:13:21:52 +0800] "POST /xingrg/load_menu.html HTTP/1.1" 200 9959
180.152.99.39 - - [03/Feb/2022:13:22:00 +0800] "GET /xingrg/all/function/internal_message.html?_=1643865640274&CODE_STATE=getMsg HTTP/1.1" 200 27
180.169.147.146 - - [03/Feb/2022:13:22:01 +0800] "GET /xingrg/kc/base/wldb_order_list.html HTTP/1.1" 200 19353
180.169.147.146 - - [03/Feb/2022:13:22:01 +0800] "GET /xingrg/css/base.css HTTP/1.1" 200 2811
180.169.147.146 - - [03/Feb/2022:13:22:01 +0800] "GET /xingrg/css/site.css HTTP/1.1" 200 7541
180.169.147.146 - - [03/Feb/2022:13:22:01 +0800] "GET /xingrg/javascript/jquery_tools/datebox.css HTTP/1.1" 200 2597
180.169.147.146 - - [03/Feb/2022:13:22:01 +0800] "GET /xingrg/javascript/easyui/themes/default/easyui.css HTTP/1.1" 200 30432
180.169.147.146 - - [03/Feb/2022:13:22:01 +0800] "GET /xingrg/javascript/easyui/themes/icon.css HTTP/1.1" 200 4483
180.169.147.146 - - [03/Feb/2022:13:22:01 +0800] "GET /xingrg/javascript/jquery_tools/fix.css HTTP/1.1" 200 1702
180.169.147.146 - - [03/Feb/2022:13:22:01 +0800] "GET /xingrg/javascript/auto/jquery.autocomplete.css HTTP/1.1" 200 587
180.169.147.146 - - [03/Feb/2022:13:22:01 +0800] "GET /xingrg/javascript/jquery_tools/table.css HTTP/1.1" 200 1032
180.169.147.146 - - [03/Feb/2022:13:22:01 +0800] "GET /xingrg/javascript/jquery_tools/jquery.tools.extend.js HTTP/1.1" 200 15385
180.169.147.146 - - [03/Feb/2022:13:22:01 +0800] "GET /xingrg/javascript/jquery_tools/jquery.tools.min.js HTTP/1.1" 200 138801
180.169.147.146 - - [03/Feb/2022:13:22:01 +0800] "GET /xingrg/javascript/jquery_tools/jquery.tools.hotkey.js HTTP/1.1" 200 3242
180.169.147.146 - - [03/Feb/2022:13:22:01 +0800] "GET /xingrg/javascript/jquery_tools/list_manager.js HTTP/1.1" 200 3652
180.169.147.146 - - [03/Feb/2022:13:22:01 +0800] "GET /xingrg/javascript/jquery_tools/jquery.tools.table.js HTTP/1.1" 200 6994
180.169.147.146 - - [03/Feb/2022:13:22:01 +0800] "GET /xingrg/javascript/easyui/easyloader.js HTTP/1.1" 200 5975
180.169.147.146 - - [03/Feb/2022:13:22:01 +0800] "GET /xingrg/javascript/auto/jquery.autocomplete.js HTTP/1.1" 200 21624
180.169.147.146 - - [03/Feb/2022:13:22:01 +0800] "GET /xingrg/javascript/jquery.cookie.js HTTP/1.1" 200 5513
180.169.147.146 - - [03/Feb/2022:13:22:01 +0800] "GET /xingrg/javascript/print/LodopFuncs.js HTTP/1.1" 200 5121
180.169.147.146 - - [03/Feb/2022:13:22:01 +0800] "GET /xingrg/javascript/easyui/themes/icons/check_new.png HTTP/1.1" 200 3224
180.169.147.146 - - [03/Feb/2022:13:22:01 +0800] "GET /xingrg/javascript/easyui/themes/icons/cance_new.png HTTP/1.1" 200 3986
180.169.147.146 - - [03/Feb/2022:13:22:01 +0800] "GET /xingrg/javascript/easyui/themes/icons/edit_add_new.png HTTP/1.1" 200 2997
180.169.147.146 - - [03/Feb/2022:13:22:01 +0800] "GET /xingrg/javascript/easyui/themes/icons/field_new.png HTTP/1.1" 200 1097
180.169.147.146 - - [03/Feb/2022:13:22:01 +0800] "GET /xingrg/javascript/easyui/themes/icons/uncheck_new.png HTTP/1.1" 200 3197
180.169.147.146 - - [03/Feb/2022:13:22:01 +0800] "GET /xingrg/javascript/easyui/themes/icons/import_new.png HTTP/1.1" 200 1247
180.169.147.146 - - [03/Feb/2022:13:22:01 +0800] "GET /xingrg/javascript/easyui/plugins/jquery.parser.js HTTP/1.1" 200 1142
101.80.229.199 - - [03/Feb/2022:13:22:01 +0800] "POST /xingrg/kc/buy/cgsh_list_operate.html HTTP/1.1" 200 4
180.169.147.146 - - [03/Feb/2022:13:22:01 +0800] "POST /xingrg/kc/base/wldb_list_operate.html HTTP/1.1" 200 4130
222.70.243.96 - - [03/Feb/2022:13:22:02 +0800] "GET /xingrg/all/function/internal_message.html?_=1643865732822&CODE_STATE=getMsg HTTP/1.1" 302 -
116.235.92.83 - - [03/Feb/2022:13:22:04 +0800] "GET /xingrg/kc/buy/cgsh_order_operate.html?command=get_materiel&rest_code=00104&code=00101020346&supplier_code=00100323&order_time=2022-02-03 HTTP/1.1" 200 412
180.157.251.97 - - [03/Feb/2022:13:22:04 +0800] "GET /xingrg/all/function/internal_message.html?_=1643865722780&CODE_STATE=getMsg HTTP/1.1" 200 27
116.235.92.83 - - [03/Feb/2022:13:22:09 +0800] "POST /xingrg/all/common/load_select.html HTTP/1.1" 200 25
180.162.112.109 - - [03/Feb/2022:13:22:09 +0800] "GET /xingrg/all/function/internal_message.html?_=1643865118047&CODE_STATE=getMsg HTTP/1.1" 200 27
180.169.147.146 - - [03/Feb/2022:13:22:10 +0800] "POST /xingrg/kc/base/wldb_list_operate.html HTTP/1.1" 200 6027
222.70.243.96 - - [03/Feb/2022:13:22:10 +0800] "GET /xingrg/check_reg.html?_=1643865742984 HTTP/1.1" 200 22
101.80.229.199 - - [03/Feb/2022:13:22:11 +0800] "POST /xingrg/kc/buy/cgsh_list_operate.html HTTP/1.1" 200 876
180.169.147.146 - - [03/Feb/2022:13:22:11 +0800] "GET /xingrg/javascript/jquery_tools/images/prev.gif HTTP/1.1" 404 1086
180.169.147.146 - - [03/Feb/2022:13:22:11 +0800] "GET /xingrg/javascript/jquery_tools/images/next.gif HTTP/1.1" 404 1086
116.235.92.83 - - [03/Feb/2022:13:22:12 +0800] "GET /xingrg/kc/buy/cgsh_order_operate.html?command=get_materiel_price&rest_code=00104&code=00101020346&unit_code=00100071&supplier_code=00100323&order_time=2022-02-03 HTTP/1.1" 200 27
222.70.243.96 - - [03/Feb/2022:13:22:13 +0800] "GET /xingrg/all/function/internal_message.html?_=1643865745245&CODE_STATE=getMsg HTTP/1.1" 200 27
101.83.241.155 - - [03/Feb/2022:13:22:14 +0800] "GET /xingrg/kc/base/wldb_order_add.html HTTP/1.1" 200 30318
101.83.241.155 - - [03/Feb/2022:13:22:14 +0800] "POST /xingrg/kc/base/wldb_order_operate.html HTTP/1.1" 200 6806
101.83.241.155 - - [03/Feb/2022:13:22:14 +0800] "GET /xingrg/all/common/auto_word.html?type=base&rest_code=00149 HTTP/1.1" 200 1907
101.83.241.155 - - [03/Feb/2022:13:22:14 +0800] "GET /xingrg/all/common/auto_word.html?type=base&rest_code=00149 HTTP/1.1" 200 1907
101.83.241.155 - - [03/Feb/2022:13:22:14 +0800] "GET /xingrg/javascript/easyui/themes/default/validatebox.css HTTP/1.1" 404 1104
180.169.147.146 - - [03/Feb/2022:13:22:14 +0800] "GET /xingrg/ HTTP/1.1" 200 292
180.169.147.146 - - [03/Feb/2022:13:22:15 +0800] "GET /favicon.ico HTTP/1.1" 404 -
180.169.147.146 - - [03/Feb/2022:13:22:15 +0800] "GET /xingrg/index.html HTTP/1.1" 200 17503
180.169.147.146 - - [03/Feb/2022:13:22:15 +0800] "POST /xingrg/all/common/load_tree.html?tree=area_rest_tree_json&manage=1 HTTP/1.1" 200 710
180.169.147.146 - - [03/Feb/2022:13:22:15 +0800] "GET /xingrg/all/function/internal_message.html?_=1643865733136&CODE_STATE=count HTTP/1.1" 200 11
180.169.147.146 - - [03/Feb/2022:13:22:15 +0800] "GET /xingrg/check_reg.html?_=1643865733137 HTTP/1.1" 200 22
180.169.147.146 - - [03/Feb/2022:13:22:15 +0800] "GET /favicon.ico HTTP/1.1" 404 -
180.169.147.146 - - [03/Feb/2022:13:22:15 +0800] "POST /xingrg/load_menu.html HTTP/1.1" 200 9959
180.169.147.146 - - [03/Feb/2022:13:22:16 +0800] "POST /xingrg/kc/base/wldb_list_operate.html HTTP/1.1" 200 5710
180.169.147.146 - - [03/Feb/2022:13:22:20 +0800] "POST /xingrg/kc/base/wldb_list_operate.html HTTP/1.1" 200 575
58.39.168.32 - - [03/Feb/2022:13:22:24 +0800] "GET /xingrg/all/function/internal_message.html?_=1643865743535&CODE_STATE=getMsg HTTP/1.1" 200 27
101.80.229.199 - - [03/Feb/2022:13:22:24 +0800] "GET /xingrg/all/function/internal_message.html?_=1643865744479&CODE_STATE=getMsg HTTP/1.1" 200 27
101.83.241.155 - - [03/Feb/2022:13:22:28 +0800] "GET /xingrg/kc/base/wldb_order_operate.html?command=get_materiel&rest_code=00149&base_code=0010394&code=00101016029 HTTP/1.1" 200 461
222.70.179.207 - - [03/Feb/2022:13:22:28 +0800] "GET /xingrg/all/function/internal_message.html?_=1643865744209&CODE_STATE=getMsg HTTP/1.1" 200 27
61.151.207.141 - - [03/Feb/2022:13:22:31 +0800] "GET /xingrg/all/function/internal_message.html?_=1643864129692&CODE_STATE=getMsg HTTP/1.1" 302 -
101.80.229.199 - - [03/Feb/2022:13:22:31 +0800] "GET /xingrg/kc/base/base_main.html HTTP/1.1" 200 12142
101.80.229.199 - - [03/Feb/2022:13:22:32 +0800] "POST /xingrg/kc/buy/cgsh_list_operate.html HTTP/1.1" 200 876
61.151.207.141 - - [03/Feb/2022:13:22:32 +0800] "GET /xingrg/login.html HTTP/1.1" 200 7641
61.151.179.84 - - [03/Feb/2022:13:22:32 +0800] "GET /xingrg/all/function/internal_message.html?_=1643865689069&CODE_STATE=getMsg HTTP/1.1" 302 -
101.83.241.155 - - [03/Feb/2022:13:22:32 +0800] "GET /xingrg/kc/base/wldb_order_operate.html?command=get_materiel&rest_code=00149&base_code=0010394&code=00101016044 HTTP/1.1" 200 464
124.78.153.118 - - [03/Feb/2022:13:22:32 +0800] "GET /xingrg/all/function/internal_message.html?_=1643865749052&CODE_STATE=getMsg HTTP/1.1" 200 27
180.169.147.146 - - [03/Feb/2022:13:22:33 +0800] "POST /xingrg/kc/base/wldb_list_operate.html HTTP/1.1" 200 590
101.80.229.199 - - [03/Feb/2022:13:22:33 +0800] "GET /xingrg/kc/base/check_order_list.html HTTP/1.1" 200 16223
101.80.229.199 - - [03/Feb/2022:13:22:33 +0800] "POST /xingrg/kc/base/check_list_operate.html HTTP/1.1" 200 4552
61.151.179.84 - - [03/Feb/2022:13:22:33 +0800] "GET /xingrg/login.html HTTP/1.1" 200 7641
180.169.147.146 - - [03/Feb/2022:13:22:34 +0800] "POST /xingrg/kc/base/wldb_list_operate.html HTTP/1.1" 200 584
180.169.147.146 - - [03/Feb/2022:13:22:35 +0800] "GET /xingrg/kc/base/wldb_order_info.html?code=422022013104304 HTTP/1.1" 200 26448
180.169.147.146 - - [03/Feb/2022:13:22:35 +0800] "GET /xingrg/javascript/convert.js HTTP/1.1" 200 1239
180.169.147.146 - - [03/Feb/2022:13:22:35 +0800] "GET /xingrg/javascript/jquery_tools/order_manager.js HTTP/1.1" 200 11183
180.169.147.146 - - [03/Feb/2022:13:22:35 +0800] "GET /xingrg/javascript/json2.js HTTP/1.1" 200 11259
180.169.147.146 - - [03/Feb/2022:13:22:35 +0800] "GET /xingrg/javascript/print/kc_print.js HTTP/1.1" 200 11415
180.169.147.146 - - [03/Feb/2022:13:22:35 +0800] "GET /xingrg/words/20220128115405_words.js HTTP/1.1" 200 885128
180.169.147.146 - - [03/Feb/2022:13:22:35 +0800] "GET /xingrg/javascript/easyui/themes/icons/cancel.png HTTP/1.1" 200 1133
180.169.147.146 - - [03/Feb/2022:13:22:35 +0800] "GET /xingrg/javascript/easyui/themes/default/images/menu_downarrow.png HTTP/1.1" 200 173
180.169.147.146 - - [03/Feb/2022:13:22:35 +0800] "GET /xingrg/javascript/easyui/themes/icons/print.png HTTP/1.1" 200 1057
180.169.147.146 - - [03/Feb/2022:13:22:35 +0800] "GET /xingrg/javascript/easyui/themes/default/validatebox.css HTTP/1.1" 404 1104
180.169.147.146 - - [03/Feb/2022:13:22:35 +0800] "GET /xingrg/javascript/easyui/plugins/jquery.validatebox.js HTTP/1.1" 200 6103
180.169.147.146 - - [03/Feb/2022:13:22:35 +0800] "GET /xingrg/javascript/easyui/plugins/jquery.numberbox.js HTTP/1.1" 200 5213
180.169.147.146 - - [03/Feb/2022:13:22:35 +0800] "POST /xingrg/kc/base/wldb_order_operate.html HTTP/1.1" 200 12080
180.169.147.146 - - [03/Feb/2022:13:22:35 +0800] "GET /xingrg/javascript/easyui/themes/icons/edit_remove.png HTTP/1.1" 200 625
101.80.229.199 - - [03/Feb/2022:13:22:35 +0800] "GET /xingrg/kc/base/check_order_info.html?code=452022020300043 HTTP/1.1" 200 26440
101.80.229.199 - - [03/Feb/2022:13:22:35 +0800] "GET /xingrg/dwr/interface/AjaxCheckService.js HTTP/1.1" 200 14003
101.80.229.199 - - [03/Feb/2022:13:22:35 +0800] "GET /xingrg/dwr/interface/AjaxComOrderService.js HTTP/1.1" 200 18264
101.80.229.199 - - [03/Feb/2022:13:22:35 +0800] "GET /xingrg/dwr/engine.js HTTP/1.1" 200 43631
101.80.229.199 - - [03/Feb/2022:13:22:36 +0800] "POST /xingrg/dwr/call/plaincall/AjaxCheckService.loadOrderItems.dwr HTTP/1.1" 200 47899
180.152.99.73 - - [03/Feb/2022:13:22:36 +0800] "GET /xingrg/all/function/internal_message.html?_=1643865753939&CODE_STATE=getMsg HTTP/1.1" 200 27
101.83.241.155 - - [03/Feb/2022:13:22:36 +0800] "GET /xingrg/kc/base/wldb_order_operate.html?command=get_materiel&rest_code=00149&base_code=0010394&code=00101019306 HTTP/1.1" 200 463
222.70.223.103 - - [03/Feb/2022:13:22:37 +0800] "GET /xingrg/all/function/internal_message.html?_=1643865753947&CODE_STATE=getMsg HTTP/1.1" 200 27
101.83.241.155 - - [03/Feb/2022:13:22:40 +0800] "GET /xingrg/all/function/internal_message.html?_=1643865755552&CODE_STATE=getMsg HTTP/1.1" 200 27
116.232.55.86 - - [03/Feb/2022:13:22:44 +0800] "GET /xingrg/all/function/internal_message.html?_=1643865762731&CODE_STATE=getMsg HTTP/1.1" 200 27
58.39.168.32 - - [03/Feb/2022:13:22:45 +0800] "GET /xingrg/all/function/internal_message.html?_=1643865700961&CODE_STATE=getMsg HTTP/1.1" 200 27
180.157.251.97 - - [03/Feb/2022:13:22:46 +0800] "GET /xingrg/index.html?sysBaseUrl=http%3A%2F%2F180.169.147.146%3A18081%2Fxingrg%2F&costTime=44×tamp=1622098168715 HTTP/1.1" 200 17179
180.157.251.97 - - [03/Feb/2022:13:22:46 +0800] "POST /xingrg/all/common/load_tree.html?tree=area_rest_tree_json&manage=1 HTTP/1.1" 200 351
180.157.251.97 - - [03/Feb/2022:13:22:46 +0800] "GET /xingrg/all/function/internal_message.html?_=1643865764236&CODE_STATE=count HTTP/1.1" 200 11
180.157.251.97 - - [03/Feb/2022:13:22:46 +0800] "GET /xingrg/check_reg.html?_=1643865764236 HTTP/1.1" 200 22
180.157.251.97 - - [03/Feb/2022:13:22:46 +0800] "GET /favicon.ico HTTP/1.1" 404 -
180.157.251.97 - - [03/Feb/2022:13:22:46 +0800] "POST /xingrg/load_menu.html HTTP/1.1" 200 5138
180.157.251.97 - - [03/Feb/2022:13:22:49 +0800] "GET /xingrg/kc/base/wldb_order_list.html HTTP/1.1" 200 19104
180.157.251.97 - - [03/Feb/2022:13:22:49 +0800] "POST /xingrg/kc/base/wldb_list_operate.html HTTP/1.1" 200 928
116.235.92.83 - - [03/Feb/2022:13:22:50 +0800] "GET /xingrg/kc/buy/cgsh_order_operate.html?command=get_materiel&rest_code=00104&code=00101010088&supplier_code=00100323&order_time=2022-02-03 HTTP/1.1" 200 418
180.169.147.146 - - [03/Feb/2022:13:22:52 +0800] "GET /xingrg/all/function/internal_message.html?_=1643865769780&CODE_STATE=getMsg HTTP/1.1" 200 27
180.152.99.39 - - [03/Feb/2022:13:23:00 +0800] "GET /xingrg/all/function/internal_message.html?_=1643865700289&CODE_STATE=getMsg HTTP/1.1" 200 27
222.70.243.96 - - [03/Feb/2022:13:23:02 +0800] "GET /xingrg/all/function/internal_message.html?_=1643865792822&CODE_STATE=getMsg HTTP/1.1" 302 -
101.83.241.155 - - [03/Feb/2022:13:23:02 +0800] "GET /xingrg/kc/base/wldb_order_operate.html?command=get_materiel&rest_code=00149&base_code=0010394&code=00101019133 HTTP/1.1" 200 466
101.83.241.155 - - [03/Feb/2022:13:23:06 +0800] "GET /xingrg/kc/base/wldb_order_operate.html?command=get_materiel&rest_code=00149&base_code=0010394&code=00101019400 HTTP/1.1" 200 451
180.162.112.109 - - [03/Feb/2022:13:23:09 +0800] "GET /xingrg/all/function/internal_message.html?_=1643865178048&CODE_STATE=getMsg HTTP/1.1" 200 27
101.83.241.155 - - [03/Feb/2022:13:23:10 +0800] "GET /xingrg/kc/base/wldb_order_operate.html?command=get_materiel&rest_code=00149&base_code=0010394&code=00101019187 HTTP/1.1" 200 465
222.70.243.96 - - [03/Feb/2022:13:23:13 +0800] "GET /xingrg/all/function/internal_message.html?_=1643865805258&CODE_STATE=getMsg HTTP/1.1" 200 27
101.83.241.155 - - [03/Feb/2022:13:23:15 +0800] "GET /xingrg/kc/base/wldb_order_operate.html?command=get_materiel&rest_code=00149&base_code=0010394&code=00101019185 HTTP/1.1" 200 453
101.83.241.155 - - [03/Feb/2022:13:23:18 +0800] "GET /xingrg/kc/base/wldb_order_operate.html?command=get_materiel&rest_code=00149&base_code=0010394&code=00101016086 HTTP/1.1" 200 468
58.39.168.32 - - [03/Feb/2022:13:23:23 +0800] "GET /xingrg/all/function/internal_message.html?_=1643865803504&CODE_STATE=getMsg HTTP/1.1" 200 27
101.83.241.155 - - [03/Feb/2022:13:23:24 +0800] "GET /xingrg/kc/base/wldb_order_operate.html?command=get_materiel&rest_code=00149&base_code=0010394&code=00101019376 HTTP/1.1" 200 463
101.80.229.199 - - [03/Feb/2022:13:23:24 +0800] "GET /xingrg/all/function/internal_message.html?_=1643865804454&CODE_STATE=getMsg HTTP/1.1" 200 27
222.70.179.207 - - [03/Feb/2022:13:23:28 +0800] "GET /xingrg/all/function/internal_message.html?_=1643865804193&CODE_STATE=getMsg HTTP/1.1" 200 27
101.83.241.155 - - [03/Feb/2022:13:23:32 +0800] "GET /xingrg/kc/base/wldb_order_operate.html?command=get_materiel&rest_code=00149&base_code=0010394&code=00101019199 HTTP/1.1" 200 459
124.78.153.118 - - [03/Feb/2022:13:23:32 +0800] "GET /xingrg/all/function/internal_message.html?_=1643865809022&CODE_STATE=getMsg HTTP/1.1" 200 27
124.78.153.118 - - [03/Feb/2022:13:23:34 +0800] "GET /xingrg/check_reg.html?_=1643865810552 HTTP/1.1" 200 22
180.152.99.73 - - [03/Feb/2022:13:23:36 +0800] "GET /xingrg/all/function/internal_message.html?_=1643865813938&CODE_STATE=getMsg HTTP/1.1" 200 27
101.83.241.155 - - [03/Feb/2022:13:23:36 +0800] "GET /xingrg/kc/base/wldb_order_operate.html?command=get_materiel&rest_code=00149&base_code=0010394&code=00101019183 HTTP/1.1" 200 435
222.70.223.103 - - [03/Feb/2022:13:23:37 +0800] "GET /xingrg/all/function/internal_message.html?_=1643865813954&CODE_STATE=getMsg HTTP/1.1" 200 27
222.70.223.103 - - [03/Feb/2022:13:23:37 +0800] "GET /xingrg/check_reg.html?_=1643865813957 HTTP/1.1" 200 22
101.83.241.155 - - [03/Feb/2022:13:23:40 +0800] "GET /xingrg/all/function/internal_message.html?_=1643865815583&CODE_STATE=getMsg HTTP/1.1" 200 27
101.83.241.155 - - [03/Feb/2022:13:23:40 +0800] "GET /xingrg/kc/base/wldb_order_operate.html?command=get_materiel&rest_code=00149&base_code=0010394&code=00101019127 HTTP/1.1" 200 465
101.83.241.155 - - [03/Feb/2022:13:23:43 +0800] "GET /xingrg/kc/base/wldb_order_operate.html?command=get_materiel&rest_code=00149&base_code=0010394&code=00101019391 HTTP/1.1" 200 470
116.232.55.86 - - [03/Feb/2022:13:23:44 +0800] "GET /xingrg/all/function/internal_message.html?_=1643865822731&CODE_STATE=getMsg HTTP/1.1" 200 27
58.39.168.32 - - [03/Feb/2022:13:23:45 +0800] "GET /xingrg/all/function/internal_message.html?_=1643865760946&CODE_STATE=getMsg HTTP/1.1" 200 27
124.78.153.118 - - [03/Feb/2022:13:23:45 +0800] "POST /xingrg/services/DataTransmitService HTTP/1.1" 200 524
180.157.251.97 - - [03/Feb/2022:13:23:46 +0800] "GET /xingrg/all/function/internal_message.html?_=1643865824248&CODE_STATE=getMsg HTTP/1.1" 200 27
101.83.241.155 - - [03/Feb/2022:13:23:46 +0800] "GET /xingrg/kc/base/wldb_order_operate.html?command=get_materiel&rest_code=00149&base_code=0010394&code=00101019438 HTTP/1.1" 200 448
116.239.131.195 - - [03/Feb/2022:13:23:47 +0800] "POST /xingrg/services/DataTransmitService HTTP/1.1" 200 524
101.83.241.155 - - [03/Feb/2022:13:23:50 +0800] "GET /xingrg/kc/base/wldb_order_operate.html?command=get_materiel&rest_code=00149&base_code=0010394&code=00101016020 HTTP/1.1" 200 446
180.169.147.146 - - [03/Feb/2022:13:23:52 +0800] "GET /xingrg/all/function/internal_message.html?_=1643865829800&CODE_STATE=getMsg HTTP/1.1" 200 27
124.78.153.118 - - [03/Feb/2022:13:23:55 +0800] "POST /xingrg/services/DataTransmitService HTTP/1.1" 200 501
124.78.153.118 - - [03/Feb/2022:13:23:55 +0800] "POST /xingrg/services/DataTransmitService HTTP/1.1" 200 501
124.78.153.118 - - [03/Feb/2022:13:23:55 +0800] "POST /xingrg/services/DataTransmitService HTTP/1.1" 200 501
124.78.153.118 - - [03/Feb/2022:13:23:56 +0800] "POST /xingrg/services/DataTransmitService HTTP/1.1" 200 501
124.78.153.118 - - [03/Feb/2022:13:23:56 +0800] "POST /xingrg/services/DataTransmitService HTTP/1.1" 200 501
124.78.153.118 - - [03/Feb/2022:13:23:56 +0800] "POST /xingrg/services/DataTransmitService HTTP/1.1" 200 501
114.88.155.114 - - [03/Feb/2022:13:23:57 +0800] "POST /xingrg/services/DataTransmitService HTTP/1.1" 200 524
124.78.153.118 - - [03/Feb/2022:13:23:57 +0800] "POST /xingrg/services/DataTransmitService HTTP/1.1" 200 501
124.78.153.118 - - [03/Feb/2022:13:23:57 +0800] "POST /xingrg/services/DataTransmitService HTTP/1.1" 200 501
124.78.153.118 - - [03/Feb/2022:13:23:58 +0800] "POST /xingrg/services/DataTransmitService HTTP/1.1" 200 501
124.78.153.118 - - [03/Feb/2022:13:23:58 +0800] "POST /xingrg/services/DataTransmitService HTTP/1.1" 200 412
116.235.92.83 - - [03/Feb/2022:13:23:59 +0800] "GET /xingrg/check_reg.html?_=1643865981171 HTTP/1.1" 200 22
180.152.99.39 - - [03/Feb/2022:13:24:00 +0800] "GET /xingrg/all/function/internal_message.html?_=1643865760336&CODE_STATE=getMsg HTTP/1.1" 200 27
222.70.243.96 - - [03/Feb/2022:13:24:02 +0800] "GET /xingrg/all/function/internal_message.html?_=1643865852865&CODE_STATE=getMsg HTTP/1.1" 302 -
101.83.241.155 - - [03/Feb/2022:13:24:02 +0800] "GET /xingrg/kc/base/wldb_order_operate.html?command=get_materiel&rest_code=00149&base_code=0010394&code=00101016019 HTTP/1.1" 200 449
101.83.241.155 - - [03/Feb/2022:13:24:07 +0800] "GET /xingrg/kc/base/wldb_order_operate.html?command=get_materiel&rest_code=00149&base_code=0010394&code=00101016037 HTTP/1.1" 200 450
222.70.243.96 - - [03/Feb/2022:13:24:08 +0800] "GET /xingrg/check_reg.html?_=1643865859294 HTTP/1.1" 302 -
180.162.112.109 - - [03/Feb/2022:13:24:09 +0800] "GET /xingrg/all/function/internal_message.html?_=1643865238048&CODE_STATE=getMsg HTTP/1.1" 200 27
180.162.112.109 - - [03/Feb/2022:13:24:09 +0800] "GET /xingrg/check_reg.html?_=1643865238051 HTTP/1.1" 200 22
101.83.241.155 - - [03/Feb/2022:13:24:12 +0800] "POST /xingrg/all/common/load_select.html HTTP/1.1" 200 25
222.70.243.96 - - [03/Feb/2022:13:24:13 +0800] "GET /xingrg/all/function/internal_message.html?_=1643865865272&CODE_STATE=getMsg HTTP/1.1" 200 27
101.83.241.155 - - [03/Feb/2022:13:24:14 +0800] "GET /xingrg/kc/base/wldb_order_operate.html?command=get_materiel_price&rest_code=00149&base_code=0010394&code=00101016037&unit_code=00100098 HTTP/1.1" 200 35
58.39.168.32 - - [03/Feb/2022:13:24:23 +0800] "GET /xingrg/all/function/internal_message.html?_=1643865863478&CODE_STATE=getMsg HTTP/1.1" 200 27
101.80.229.199 - - [03/Feb/2022:13:24:24 +0800] "GET /xingrg/all/function/internal_message.html?_=1643865864429&CODE_STATE=getMsg HTTP/1.1" 200 27
222.70.179.207 - - [03/Feb/2022:13:24:28 +0800] "GET /xingrg/all/function/internal_message.html?_=1643865864177&CODE_STATE=getMsg HTTP/1.1" 200 27
61.151.207.205 - - [03/Feb/2022:13:24:32 +0800] "GET /xingrg/all/function/internal_message.html?_=1643865809022&CODE_STATE=getMsg HTTP/1.1" 302 -
124.78.153.118 - - [03/Feb/2022:13:24:32 +0800] "GET /xingrg/all/function/internal_message.html?_=1643865868992&CODE_STATE=getMsg HTTP/1.1" 200 27
101.83.241.155 - - [03/Feb/2022:13:24:34 +0800] "POST /xingrg/kc/base/wldb_order_operate.html HTTP/1.1" 200 37
61.151.207.205 - - [03/Feb/2022:13:24:34 +0800] "GET /xingrg/login.html HTTP/1.1" 200 7641
61.151.207.205 - - [03/Feb/2022:13:24:34 +0800] "GET /xingrg/check_reg.html?_=1643865810552 HTTP/1.1" 302 -
61.151.207.205 - - [03/Feb/2022:13:24:34 +0800] "GET /xingrg/login.html HTTP/1.1" 200 7641
101.83.241.155 - - [03/Feb/2022:13:24:34 +0800] "POST /xingrg/kc/base/wldb_order_operate.html HTTP/1.1" 200 10235
101.83.241.155 - - [03/Feb/2022:13:24:35 +0800] "GET /xingrg/kc/base/wldb_order_info.html?code=422022020300278 HTTP/1.1" 200 30335
101.83.241.155 - - [03/Feb/2022:13:24:35 +0800] "GET /xingrg/javascript/easyui/themes/default/validatebox.css HTTP/1.1" 404 1104
180.152.99.73 - - [03/Feb/2022:13:24:36 +0800] "GET /xingrg/all/function/internal_message.html?_=1643865873937&CODE_STATE=getMsg HTTP/1.1" 200 27
180.152.99.73 - - [03/Feb/2022:13:24:36 +0800] "GET /xingrg/check_reg.html?_=1643865873939 HTTP/1.1" 200 22
101.83.241.155 - - [03/Feb/2022:13:24:36 +0800] "POST /xingrg/kc/base/wldb_order_operate.html HTTP/1.1" 200 10235
222.70.223.103 - - [03/Feb/2022:13:24:37 +0800] "GET /xingrg/all/function/internal_message.html?_=1643865873953&CODE_STATE=getMsg HTTP/1.1" 200 27
101.83.241.155 - - [03/Feb/2022:13:24:38 +0800] "GET /xingrg/kc/base/wldb_order_add.html HTTP/1.1" 200 30318
101.83.241.155 - - [03/Feb/2022:13:24:38 +0800] "POST /xingrg/kc/base/wldb_order_operate.html HTTP/1.1" 200 6806
101.83.241.155 - - [03/Feb/2022:13:24:40 +0800] "GET /xingrg/all/function/internal_message.html?_=1643865875566&CODE_STATE=getMsg HTTP/1.1" 200 27
101.83.241.155 - - [03/Feb/2022:13:24:41 +0800] "GET /xingrg/javascript/easyui/themes/default/validatebox.css HTTP/1.1" 404 1104
116.232.55.86 - - [03/Feb/2022:13:24:44 +0800] "GET /xingrg/check_reg.html?_=1643865882731 HTTP/1.1" 200 22
116.232.55.86 - - [03/Feb/2022:13:24:44 +0800] "GET /xingrg/all/function/internal_message.html?_=1643865882731&CODE_STATE=getMsg HTTP/1.1" 200 27
58.39.168.32 - - [03/Feb/2022:13:24:45 +0800] "GET /xingrg/all/function/internal_message.html?_=1643865820931&CODE_STATE=getMsg HTTP/1.1" 200 27
180.157.251.97 - - [03/Feb/2022:13:24:46 +0800] "GET /xingrg/all/function/internal_message.html?_=1643865884248&CODE_STATE=getMsg HTTP/1.1" 200 27
180.169.147.146 - - [03/Feb/2022:13:24:52 +0800] "GET /xingrg/all/function/internal_message.html?_=1643865889804&CODE_STATE=getMsg HTTP/1.1" 200 27
101.83.241.155 - - [03/Feb/2022:13:24:56 +0800] "GET /xingrg/kc/base/wldb_order_operate.html?command=get_materiel&rest_code=00149&base_code=0010394&code=00101019222 HTTP/1.1" 200 454
101.83.241.155 - - [03/Feb/2022:13:25:00 +0800] "GET /xingrg/kc/base/wldb_order_operate.html?command=get_materiel&rest_code=00149&base_code=0010394&code=00101019184 HTTP/1.1" 200 444
180.152.99.39 - - [03/Feb/2022:13:25:00 +0800] "GET /xingrg/all/function/internal_message.html?_=1643865820347&CODE_STATE=getMsg HTTP/1.1" 200 27
222.70.243.96 - - [03/Feb/2022:13:25:02 +0800] "GET /xingrg/all/function/internal_message.html?_=1643865912907&CODE_STATE=getMsg HTTP/1.1" 302 -
180.162.112.109 - - [03/Feb/2022:13:25:09 +0800] "GET /xingrg/all/function/internal_message.html?_=1643865298050&CODE_STATE=getMsg HTTP/1.1" 200 27
101.83.241.155 - - [03/Feb/2022:13:25:13 +0800] "GET /xingrg/kc/base/wldb_order_operate.html?command=get_materiel&rest_code=00149&base_code=0010394&code=00101019750 HTTP/1.1" 200 442
222.70.243.96 - - [03/Feb/2022:13:25:13 +0800] "GET /xingrg/all/function/internal_message.html?_=1643865925765&CODE_STATE=getMsg HTTP/1.1" 200 27
58.39.168.32 - - [03/Feb/2022:13:25:23 +0800] "GET /xingrg/all/function/internal_message.html?_=1643865923448&CODE_STATE=getMsg HTTP/1.1" 200 27
101.80.229.199 - - [03/Feb/2022:13:25:24 +0800] "GET /xingrg/all/function/internal_message.html?_=1643865924403&CODE_STATE=getMsg HTTP/1.1" 200 27
101.83.241.155 - - [03/Feb/2022:13:25:25 +0800] "GET /xingrg/kc/base/wldb_order_operate.html?command=get_materiel&rest_code=00149&base_code=0010394&code=00101019253 HTTP/1.1" 200 468
222.70.179.207 - - [03/Feb/2022:13:25:28 +0800] "GET /xingrg/all/function/internal_message.html?_=1643865924161&CODE_STATE=getMsg HTTP/1.1" 200 27
101.83.241.155 - - [03/Feb/2022:13:25:29 +0800] "GET /xingrg/kc/base/wldb_order_operate.html?command=get_materiel&rest_code=00149&base_code=0010394&code=00101027001 HTTP/1.1" 200 469
61.151.178.177 - - [03/Feb/2022:13:25:32 +0800] "GET /xingrg/all/function/internal_message.html?_=1643865868992&CODE_STATE=getMsg HTTP/1.1" 302 -
124.78.153.118 - - [03/Feb/2022:13:25:32 +0800] "GET /xingrg/all/function/internal_message.html?_=1643865928969&CODE_STATE=getMsg HTTP/1.1" 200 27
61.151.178.177 - - [03/Feb/2022:13:25:33 +0800] "GET /xingrg/login.html HTTP/1.1" 200 7641
180.152.99.73 - - [03/Feb/2022:13:25:36 +0800] "GET /xingrg/all/function/internal_message.html?_=1643865933938&CODE_STATE=getMsg HTTP/1.1" 200 27
222.70.223.103 - - [03/Feb/2022:13:25:37 +0800] "GET /xingrg/all/function/internal_message.html?_=1643865933959&CODE_STATE=getMsg HTTP/1.1" 200 27
101.83.241.155 - - [03/Feb/2022:13:25:38 +0800] "GET /xingrg/kc/base/wldb_order_operate.html?command=get_materiel&rest_code=00149&base_code=0010394&code=00101019058 HTTP/1.1" 200 454
101.83.241.155 - - [03/Feb/2022:13:25:40 +0800] "GET /xingrg/all/function/internal_message.html?_=1643865935551&CODE_STATE=getMsg HTTP/1.1" 200 27
116.235.92.83 - - [03/Feb/2022:13:25:40 +0800] "GET /xingrg/kc/buy/cgsh_order_operate.html?command=get_materiel&rest_code=00104&code=00101010082&supplier_code=00100323&order_time=2022-02-03 HTTP/1.1" 200 446
101.83.241.155 - - [03/Feb/2022:13:25:41 +0800] "GET /xingrg/check_reg.html?_=1643865936557 HTTP/1.1" 200 22
116.232.55.86 - - [03/Feb/2022:13:25:44 +0800] "GET /xingrg/all/function/internal_message.html?_=1643865942730&CODE_STATE=getMsg HTTP/1.1" 200 27
222.70.179.207 - - [03/Feb/2022:13:25:44 +0800] "GET /xingrg/check_reg.html?_=1643865940667 HTTP/1.1" 200 22
58.39.168.32 - - [03/Feb/2022:13:25:45 +0800] "GET /xingrg/all/function/internal_message.html?_=1643865880916&CODE_STATE=getMsg HTTP/1.1" 200 27
58.39.168.32 - - [03/Feb/2022:13:25:46 +0800] "GET /xingrg/check_reg.html?_=1643865881808 HTTP/1.1" 200 22
180.157.251.97 - - [03/Feb/2022:13:25:46 +0800] "GET /xingrg/all/function/internal_message.html?_=1643865944247&CODE_STATE=getMsg HTTP/1.1" 200 27
101.83.241.155 - - [03/Feb/2022:13:25:48 +0800] "GET /xingrg/kc/base/wldb_order_operate.html?command=get_materiel&rest_code=00149&base_code=0010394&code=00101019066 HTTP/1.1" 200 441
180.169.147.146 - - [03/Feb/2022:13:25:52 +0800] "GET /xingrg/all/function/internal_message.html?_=1643865949786&CODE_STATE=getMsg HTTP/1.1" 200 27
101.83.241.155 - - [03/Feb/2022:13:25:52 +0800] "GET /xingrg/kc/base/wldb_order_operate.html?command=get_materiel&rest_code=00149&base_code=0010394&code=00101016120 HTTP/1.1" 200 443
180.152.99.39 - - [03/Feb/2022:13:26:00 +0800] "GET /xingrg/all/function/internal_message.html?_=1643865880399&CODE_STATE=getMsg HTTP/1.1" 200 27
114.88.155.114 - - [03/Feb/2022:13:26:02 +0800] "GET /xingrg/check_reg.html?_=1643865750635 HTTP/1.1" 200 22
222.70.243.96 - - [03/Feb/2022:13:26:02 +0800] "GET /xingrg/all/function/internal_message.html?_=1643865972910&CODE_STATE=getMsg HTTP/1.1" 302 -
101.83.241.155 - - [03/Feb/2022:13:26:04 +0800] "POST /xingrg/kc/base/wldb_order_operate.html HTTP/1.1" 200 37
101.83.241.155 - - [03/Feb/2022:13:26:05 +0800] "POST /xingrg/kc/base/wldb_order_operate.html HTTP/1.1" 200 8185
101.83.241.155 - - [03/Feb/2022:13:26:05 +0800] "GET /xingrg/kc/base/wldb_order_info.html?code=422022020300279 HTTP/1.1" 200 30333
101.83.241.155 - - [03/Feb/2022:13:26:06 +0800] "GET /xingrg/javascript/easyui/themes/default/validatebox.css HTTP/1.1" 404 1104
101.83.241.155 - - [03/Feb/2022:13:26:06 +0800] "POST /xingrg/kc/base/wldb_order_operate.html HTTP/1.1" 200 8185
180.162.112.109 - - [03/Feb/2022:13:26:09 +0800] "GET /xingrg/all/function/internal_message.html?_=1643865358050&CODE_STATE=getMsg HTTP/1.1" 200 27
101.83.241.155 - - [03/Feb/2022:13:26:09 +0800] "GET /xingrg/kc/base/wldb_order_add.html HTTP/1.1" 200 30318
101.83.241.155 - - [03/Feb/2022:13:26:10 +0800] "POST /xingrg/kc/base/wldb_order_operate.html HTTP/1.1" 200 6806
101.83.241.155 - - [03/Feb/2022:13:26:10 +0800] "GET /xingrg/javascript/easyui/themes/default/validatebox.css HTTP/1.1" 404 1104
116.235.92.83 - - [03/Feb/2022:13:26:11 +0800] "GET /xingrg/kc/buy/cgsh_order_operate.html?command=get_materiel&rest_code=00104&code=00101012010&supplier_code=00100323&order_time=2022-02-03 HTTP/1.1" 200 429
222.70.243.96 - - [03/Feb/2022:13:26:13 +0800] "GET /xingrg/all/function/internal_message.html?_=1643865985767&CODE_STATE=getMsg HTTP/1.1" 200 27
101.83.241.155 - - [03/Feb/2022:13:26:18 +0800] "GET /xingrg/kc/base/wldb_order_operate.html?command=get_materiel&rest_code=00149&base_code=0010400&code=00101001135 HTTP/1.1" 200 434
101.80.229.199 - - [03/Feb/2022:13:26:21 +0800] "GET /xingrg/check_reg.html?_=1643865980940 HTTP/1.1" 200 22
101.83.241.155 - - [03/Feb/2022:13:26:23 +0800] "GET /xingrg/kc/base/wldb_order_operate.html?command=get_materiel&rest_code=00149&base_code=0010400&code=00101001136 HTTP/1.1" 200 433
58.39.168.32 - - [03/Feb/2022:13:26:23 +0800] "GET /xingrg/all/function/internal_message.html?_=1643865983422&CODE_STATE=getMsg HTTP/1.1" 200 27
101.80.229.199 - - [03/Feb/2022:13:26:24 +0800] "GET /xingrg/all/function/internal_message.html?_=1643865984382&CODE_STATE=getMsg HTTP/1.1" 200 27
58.39.168.32 - - [03/Feb/2022:13:26:26 +0800] "GET /xingrg/check_reg.html?_=1643865986155 HTTP/1.1" 200 22
222.70.179.207 - - [03/Feb/2022:13:26:28 +0800] "GET /xingrg/all/function/internal_message.html?_=1643865984145&CODE_STATE=getMsg HTTP/1.1" 200 27
124.78.153.118 - - [03/Feb/2022:13:26:32 +0800] "GET /xingrg/all/function/internal_message.html?_=1643865988943&CODE_STATE=getMsg HTTP/1.1" 200 27
101.83.241.155 - - [03/Feb/2022:13:26:33 +0800] "GET /xingrg/kc/base/wldb_order_operate.html?command=get_materiel&rest_code=00149&base_code=0010400&code=00101001016 HTTP/1.1" 200 435
180.152.99.73 - - [03/Feb/2022:13:26:36 +0800] "GET /xingrg/all/function/internal_message.html?_=1643865993938&CODE_STATE=getMsg HTTP/1.1" 200 27
222.70.223.103 - - [03/Feb/2022:13:26:37 +0800] "GET /xingrg/all/function/internal_message.html?_=1643865993953&CODE_STATE=getMsg HTTP/1.1" 200 27
101.83.241.155 - - [03/Feb/2022:13:26:40 +0800] "GET /xingrg/all/function/internal_message.html?_=1643865995537&CODE_STATE=getMsg HTTP/1.1" 200 27
180.157.251.97 - - [03/Feb/2022:13:26:41 +0800] "GET /xingrg/kc/base/wldb_order_add.html HTTP/1.1" 200 30314
180.157.251.97 - - [03/Feb/2022:13:26:41 +0800] "GET /xingrg/all/common/auto_word.html?type=base&rest_code=00148 HTTP/1.1" 200 1799
180.157.251.97 - - [03/Feb/2022:13:26:41 +0800] "GET /xingrg/all/common/auto_word.html?type=base&rest_code=00148 HTTP/1.1" 200 1799
180.157.251.97 - - [03/Feb/2022:13:26:41 +0800] "POST /xingrg/kc/base/wldb_order_operate.html HTTP/1.1" 200 6806
180.157.251.97 - - [03/Feb/2022:13:26:41 +0800] "GET /xingrg/javascript/easyui/themes/default/validatebox.css HTTP/1.1" 404 1104
180.157.251.97 - - [03/Feb/2022:13:26:43 +0800] "GET /xingrg/javascript/auto/indicator.gif HTTP/1.1" 404 1066
116.232.55.86 - - [03/Feb/2022:13:26:44 +0800] "GET /xingrg/all/function/internal_message.html?_=1643866002730&CODE_STATE=getMsg HTTP/1.1" 200 27
180.157.251.97 - - [03/Feb/2022:13:26:44 +0800] "GET /xingrg/javascript/jquery_tools/images/next.gif HTTP/1.1" 404 1086
180.157.251.97 - - [03/Feb/2022:13:26:44 +0800] "GET /xingrg/javascript/jquery_tools/images/prev.gif HTTP/1.1" 404 1086
58.39.168.32 - - [03/Feb/2022:13:26:45 +0800] "GET /xingrg/all/function/internal_message.html?_=1643865940888&CODE_STATE=getMsg HTTP/1.1" 200 27
180.157.251.97 - - [03/Feb/2022:13:26:46 +0800] "GET /xingrg/all/function/internal_message.html?_=1643866004245&CODE_STATE=getMsg HTTP/1.1" 200 27
180.152.99.39 - - [03/Feb/2022:13:26:47 +0800] "GET /xingrg/check_reg.html?_=1643865927348 HTTP/1.1" 200 22
116.235.92.83 - - [03/Feb/2022:13:26:47 +0800] "GET /xingrg/kc/buy/cgsh_order_operate.html?command=get_materiel&rest_code=00104&code=00101004017&supplier_code=00100323&order_time=2022-02-03 HTTP/1.1" 200 434
101.83.241.155 - - [03/Feb/2022:13:26:51 +0800] "POST /xingrg/kc/base/wldb_order_operate.html HTTP/1.1" 200 37
101.83.241.155 - - [03/Feb/2022:13:26:51 +0800] "POST /xingrg/kc/base/wldb_order_operate.html HTTP/1.1" 200 2659
180.157.251.97 - - [03/Feb/2022:13:26:51 +0800] "GET /xingrg/kc/base/wldb_order_operate.html?command=get_materiel&rest_code=00148&base_code=0010001&code=00101019015 HTTP/1.1" 200 437
180.169.147.146 - - [03/Feb/2022:13:26:52 +0800] "GET /xingrg/check_reg.html?_=1643866009799 HTTP/1.1" 200 22
180.169.147.146 - - [03/Feb/2022:13:26:52 +0800] "GET /xingrg/all/function/internal_message.html?_=1643866009816&CODE_STATE=getMsg HTTP/1.1" 200 27
101.83.241.155 - - [03/Feb/2022:13:26:52 +0800] "GET /xingrg/kc/base/wldb_order_info.html?code=422022020300280 HTTP/1.1" 200 30331
101.83.241.155 - - [03/Feb/2022:13:26:52 +0800] "GET /xingrg/javascript/easyui/themes/default/validatebox.css HTTP/1.1" 404 1104
101.83.241.155 - - [03/Feb/2022:13:26:52 +0800] "POST /xingrg/kc/base/wldb_order_operate.html HTTP/1.1" 200 2659
101.83.241.155 - - [03/Feb/2022:13:26:54 +0800] "GET /xingrg/kc/base/wldb_order_add.html HTTP/1.1" 200 30318
101.83.241.155 - - [03/Feb/2022:13:26:55 +0800] "POST /xingrg/kc/base/wldb_order_operate.html HTTP/1.1" 200 6806
101.83.241.155 - - [03/Feb/2022:13:26:55 +0800] "GET /xingrg/javascript/easyui/themes/default/validatebox.css HTTP/1.1" 404 1104
180.157.251.97 - - [03/Feb/2022:13:26:57 +0800] "GET /xingrg/kc/base/wldb_order_operate.html?command=get_materiel&rest_code=00148&base_code=0010001&code=00101019142 HTTP/1.1" 200 450
180.152.99.39 - - [03/Feb/2022:13:27:00 +0800] "GET /xingrg/all/function/internal_message.html?_=1643865940406&CODE_STATE=getMsg HTTP/1.1" 200 27
222.70.243.96 - - [03/Feb/2022:13:27:02 +0800] "GET /xingrg/all/function/internal_message.html?_=1643866032951&CODE_STATE=getMsg HTTP/1.1" 302 -
180.157.251.97 - - [03/Feb/2022:13:27:02 +0800] "POST /xingrg/kc/base/wldb_order_operate.html HTTP/1.1" 200 37
180.157.251.97 - - [03/Feb/2022:13:27:03 +0800] "POST /xingrg/kc/base/wldb_order_operate.html HTTP/1.1" 200 2689
101.83.241.155 - - [03/Feb/2022:13:27:03 +0800] "GET /xingrg/kc/base/wldb_order_operate.html?command=get_materiel&rest_code=00149&base_code=0010394&code=00101016097 HTTP/1.1" 200 470
180.157.251.97 - - [03/Feb/2022:13:27:03 +0800] "GET /xingrg/kc/base/wldb_order_info.html?code=422022020300281 HTTP/1.1" 200 30328
180.157.251.97 - - [03/Feb/2022:13:27:03 +0800] "GET /xingrg/javascript/easyui/themes/default/validatebox.css HTTP/1.1" 404 1104
180.157.251.97 - - [03/Feb/2022:13:27:04 +0800] "POST /xingrg/kc/base/wldb_order_operate.html HTTP/1.1" 200 2689
101.83.241.155 - - [03/Feb/2022:13:27:05 +0800] "POST /xingrg/all/common/load_select.html HTTP/1.1" 200 25
180.157.251.97 - - [03/Feb/2022:13:27:06 +0800] "GET /xingrg/kc/base/wldb_order_add.html HTTP/1.1" 200 30314
180.157.251.97 - - [03/Feb/2022:13:27:06 +0800] "POST /xingrg/kc/base/wldb_order_operate.html HTTP/1.1" 200 6806
180.157.251.97 - - [03/Feb/2022:13:27:06 +0800] "GET /xingrg/javascript/easyui/themes/default/validatebox.css HTTP/1.1" 404 1104
101.83.241.155 - - [03/Feb/2022:13:27:06 +0800] "GET /xingrg/kc/base/wldb_order_operate.html?command=get_materiel_price&rest_code=00149&base_code=0010394&code=00101016097&unit_code=00100163 HTTP/1.1" 200 35
116.235.92.83 - - [03/Feb/2022:13:27:07 +0800] "POST /xingrg/kc/buy/cgsh_order_operate.html HTTP/1.1" 200 37
116.235.92.83 - - [03/Feb/2022:13:27:08 +0800] "POST /xingrg/kc/buy/cgsh_order_operate.html HTTP/1.1" 200 5049
180.162.112.109 - - [03/Feb/2022:13:27:09 +0800] "GET /xingrg/all/function/internal_message.html?_=1643865418050&CODE_STATE=getMsg HTTP/1.1" 200 27
116.235.92.83 - - [03/Feb/2022:13:27:09 +0800] "GET /xingrg/kc/print/load_data.html?order_code=212022020300250&kc_code=cgsh&condition= HTTP/1.1" 200 1611
222.70.243.96 - - [03/Feb/2022:13:27:11 +0800] "GET /xingrg/check_reg.html?_=1643866043494 HTTP/1.1" 200 22
222.70.243.96 - - [03/Feb/2022:13:27:13 +0800] "GET /xingrg/all/function/internal_message.html?_=1643866045780&CODE_STATE=getMsg HTTP/1.1" 200 27
180.157.251.97 - - [03/Feb/2022:13:27:14 +0800] "GET /xingrg/kc/base/wldb_order_operate.html?command=get_materiel&rest_code=00148&base_code=0010001&code=00101013011 HTTP/1.1" 200 452
116.235.92.83 - - [03/Feb/2022:13:27:17 +0800] "GET /xingrg/kc/buy/cgsh_order_add.html HTTP/1.1" 200 65642
116.235.92.83 - - [03/Feb/2022:13:27:17 +0800] "GET /xingrg/javascript/easyui/themes/default/validatebox.css HTTP/1.1" 404 1104
116.235.92.83 - - [03/Feb/2022:13:27:17 +0800] "POST /xingrg/kc/buy/cgsh_order_operate.html HTTP/1.1" 200 8245
116.235.92.83 - - [03/Feb/2022:13:27:19 +0800] "GET /xingrg/javascript/easyui/themes/default/tree.css HTTP/1.1" 404 1090
116.235.92.83 - - [03/Feb/2022:13:27:19 +0800] "POST /xingrg/all/common/load_tree.html?tree=supplier_tree_json&isDelete=1 HTTP/1.1" 200 62150
180.157.251.97 - - [03/Feb/2022:13:27:19 +0800] "GET /xingrg/kc/base/wldb_order_operate.html?command=get_materiel&rest_code=00148&base_code=0010001&code=00101019079 HTTP/1.1" 200 465
101.83.241.155 - - [03/Feb/2022:13:27:23 +0800] "POST /xingrg/kc/base/wldb_order_operate.html HTTP/1.1" 200 37
58.39.168.32 - - [03/Feb/2022:13:27:23 +0800] "GET /xingrg/all/function/internal_message.html?_=1643866043391&CODE_STATE=getMsg HTTP/1.1" 200 27
101.83.241.155 - - [03/Feb/2022:13:27:24 +0800] "POST /xingrg/kc/base/wldb_order_operate.html HTTP/1.1" 200 2211
101.83.241.155 - - [03/Feb/2022:13:27:24 +0800] "GET /xingrg/kc/base/wldb_order_info.html?code=422022020300282 HTTP/1.1" 200 30334
101.83.241.155 - - [03/Feb/2022:13:27:24 +0800] "GET /xingrg/javascript/easyui/themes/default/validatebox.css HTTP/1.1" 404 1104
101.80.229.199 - - [03/Feb/2022:13:27:24 +0800] "GET /xingrg/all/function/internal_message.html?_=1643866044353&CODE_STATE=getMsg HTTP/1.1" 200 27
101.83.241.155 - - [03/Feb/2022:13:27:25 +0800] "POST /xingrg/kc/base/wldb_order_operate.html HTTP/1.1" 200 2211
61.151.178.180 - - [03/Feb/2022:13:27:26 +0800] "GET /xingrg/all/function/internal_message.html?_=1643864909374&CODE_STATE=getMsg HTTP/1.1" 302 -
