101.80.229.199 - - [03/Feb/2022:11:53:18 +0800] "POST /xingrg/kc/buy/cgsh_order_operate.html HTTP/1.1" 200 2662
114.88.155.114 - - [03/Feb/2022:11:53:18 +0800] "POST /xingrg/kc/buy/cgsh_order_operate.html HTTP/1.1" 200 604
114.88.155.114 - - [03/Feb/2022:11:53:19 +0800] "GET /xingrg/kc/print/load_data.html?order_code=212022020300169&kc_code=cgsh&condition= HTTP/1.1" 200 714
101.80.229.199 - - [03/Feb/2022:11:53:20 +0800] "GET /xingrg/kc/print/load_config.html?kc_code=cgsh HTTP/1.1" 200 1943
101.80.229.199 - - [03/Feb/2022:11:53:20 +0800] "GET /xingrg/kc/print/load_data.html?order_code=212022020300170&kc_code=cgsh&condition= HTTP/1.1" 200 751
124.78.153.118 - - [03/Feb/2022:11:53:21 +0800] "GET /xingrg/kc/buy/cgsh_order_add.html HTTP/1.1" 200 65642
116.232.55.86 - - [03/Feb/2022:11:53:21 +0800] "GET /xingrg/kc/buy/cgsh_order_operate.html?command=get_materiel&rest_code=00109&code=00101001169&supplier_code=00100090&order_time=2022-02-03 HTTP/1.1" 200 437
124.78.153.118 - - [03/Feb/2022:11:53:21 +0800] "POST /xingrg/kc/buy/cgsh_order_operate.html HTTP/1.1" 200 8245
124.78.153.118 - - [03/Feb/2022:11:53:21 +0800] "GET /xingrg/javascript/easyui/themes/default/validatebox.css HTTP/1.1" 404 1104
114.88.155.114 - - [03/Feb/2022:11:53:22 +0800] "GET /xingrg/kc/buy/cgsh_order_add.html HTTP/1.1" 200 65642
124.78.153.118 - - [03/Feb/2022:11:53:22 +0800] "GET /xingrg/javascript/easyui/themes/default/tree.css HTTP/1.1" 404 1090
114.88.155.114 - - [03/Feb/2022:11:53:22 +0800] "POST /xingrg/kc/buy/cgsh_order_operate.html HTTP/1.1" 200 8245
124.78.153.118 - - [03/Feb/2022:11:53:22 +0800] "POST /xingrg/all/common/load_tree.html?tree=supplier_tree_json&isDelete=1 HTTP/1.1" 200 62150
114.88.155.114 - - [03/Feb/2022:11:53:22 +0800] "GET /xingrg/javascript/easyui/themes/default/validatebox.css HTTP/1.1" 404 1104
180.169.147.146 - - [03/Feb/2022:11:53:25 +0800] "GET /xingrg/all/function/internal_message.html?_=1643860403137&CODE_STATE=getMsg HTTP/1.1" 200 27
58.39.168.32 - - [03/Feb/2022:11:53:26 +0800] "GET /xingrg/all/function/internal_message.html?_=1643860405665&CODE_STATE=getMsg HTTP/1.1" 200 27
101.80.229.199 - - [03/Feb/2022:11:53:27 +0800] "GET /xingrg/all/function/internal_message.html?_=1643860406626&CODE_STATE=getMsg HTTP/1.1" 200 27
222.70.179.207 - - [03/Feb/2022:11:53:29 +0800] "GET /xingrg/all/function/internal_message.html?_=1643860405632&CODE_STATE=getMsg HTTP/1.1" 200 27
114.88.155.114 - - [03/Feb/2022:11:53:30 +0800] "GET /xingrg/kc/buy/cgsh_order_operate.html?command=get_materiel&rest_code=00141&code=00101001037&supplier_code=00100094&order_time=2022-02-03 HTTP/1.1" 200 439
116.232.55.86 - - [03/Feb/2022:11:53:34 +0800] "POST /xingrg/kc/buy/cgsh_order_operate.html HTTP/1.1" 200 37
124.78.153.118 - - [03/Feb/2022:11:53:36 +0800] "GET /xingrg/kc/buy/cgsh_order_operate.html?command=get_materiel&rest_code=00106&code=00101001051&supplier_code=00100094&order_time=2022-02-03 HTTP/1.1" 200 422
222.70.223.103 - - [03/Feb/2022:11:53:36 +0800] "GET /xingrg/all/function/internal_message.html?_=1643860413958&CODE_STATE=getMsg HTTP/1.1" 200 27
222.70.223.103 - - [03/Feb/2022:11:53:36 +0800] "GET /xingrg/check_reg.html?_=1643860413961 HTTP/1.1" 200 22
116.232.55.86 - - [03/Feb/2022:11:53:37 +0800] "POST /xingrg/kc/buy/cgsh_order_operate.html HTTP/1.1" 200 3261
58.39.168.32 - - [03/Feb/2022:11:53:38 +0800] "POST /xingrg/kc/base/wldb_order_operate.html HTTP/1.1" 200 37
58.39.168.32 - - [03/Feb/2022:11:53:38 +0800] "POST /xingrg/kc/base/wldb_order_operate.html HTTP/1.1" 200 2192
116.232.55.86 - - [03/Feb/2022:11:53:39 +0800] "GET /xingrg/kc/print/load_config.html?kc_code=cgsh HTTP/1.1" 200 1943
116.232.55.86 - - [03/Feb/2022:11:53:39 +0800] "GET /xingrg/kc/print/load_data.html?order_code=212022020300171&kc_code=cgsh&condition= HTTP/1.1" 200 962
114.88.155.114 - - [03/Feb/2022:11:53:41 +0800] "POST /xingrg/kc/buy/cgsh_order_operate.html HTTP/1.1" 200 37
124.78.153.118 - - [03/Feb/2022:11:53:43 +0800] "POST /xingrg/services/DataTransmitService HTTP/1.1" 200 524
116.232.55.86 - - [03/Feb/2022:11:53:44 +0800] "GET /xingrg/kc/buy/cgsh_order_add.html HTTP/1.1" 200 65677
116.232.55.86 - - [03/Feb/2022:11:53:44 +0800] "GET /xingrg/javascript/easyui/themes/default/validatebox.css HTTP/1.1" 404 1104
116.232.55.86 - - [03/Feb/2022:11:53:44 +0800] "POST /xingrg/kc/buy/cgsh_order_operate.html HTTP/1.1" 200 8245
116.232.55.86 - - [03/Feb/2022:11:53:44 +0800] "GET /xingrg/all/common/auto_word.html?type=employee&rest_code=00109 HTTP/1.1" 200 255
116.232.55.86 - - [03/Feb/2022:11:53:44 +0800] "GET /xingrg/all/common/auto_word.html?type=employee&rest_code=00109 HTTP/1.1" 200 255
124.78.153.118 - - [03/Feb/2022:11:53:45 +0800] "POST /xingrg/services/DataTransmitService HTTP/1.1" 200 412
116.232.55.86 - - [03/Feb/2022:11:53:45 +0800] "GET /xingrg/all/function/internal_message.html?_=1643860423981&CODE_STATE=getMsg HTTP/1.1" 200 27
58.39.168.32 - - [03/Feb/2022:11:53:45 +0800] "GET /xingrg/all/function/internal_message.html?_=1643860361730&CODE_STATE=getMsg HTTP/1.1" 200 27
114.88.155.114 - - [03/Feb/2022:11:53:46 +0800] "POST /xingrg/kc/buy/cgsh_order_operate.html HTTP/1.1" 200 12
114.88.155.114 - - [03/Feb/2022:11:53:46 +0800] "GET /xingrg/kc/buy/cgsh_order_info.html?code=212022020300172 HTTP/1.1" 200 60545
114.88.155.114 - - [03/Feb/2022:11:53:47 +0800] "GET /xingrg/javascript/easyui/themes/default/validatebox.css HTTP/1.1" 404 1104
114.88.155.114 - - [03/Feb/2022:11:53:47 +0800] "POST /xingrg/kc/buy/cgsh_order_operate.html HTTP/1.1" 200 615
114.88.155.114 - - [03/Feb/2022:11:53:48 +0800] "GET /xingrg/kc/print/load_data.html?order_code=212022020300172&kc_code=cgsh&condition= HTTP/1.1" 200 794
124.78.153.118 - - [03/Feb/2022:11:53:50 +0800] "GET /xingrg/kc/buy/cgsh_order_operate.html?command=get_materiel&rest_code=00106&code=00101002009&supplier_code=00100094&order_time=2022-02-03 HTTP/1.1" 200 437
116.232.55.86 - - [03/Feb/2022:11:53:51 +0800] "GET /xingrg/kc/buy/cgsh_order_operate.html?command=get_materiel&rest_code=00109&code=00101004090&supplier_code=00100312&order_time=2022-02-03 HTTP/1.1" 200 412
124.78.153.118 - - [03/Feb/2022:11:53:54 +0800] "GET /xingrg/all/function/internal_message.html?_=1643860433436&CODE_STATE=getMsg HTTP/1.1" 200 27
124.78.153.118 - - [03/Feb/2022:11:53:55 +0800] "GET /xingrg/check_reg.html?_=1643860434541 HTTP/1.1" 200 22
58.39.168.32 - - [03/Feb/2022:11:53:55 +0800] "GET /xingrg/kc/base/wldb_order_info.html?code=422022020300265 HTTP/1.1" 200 30325
58.39.168.32 - - [03/Feb/2022:11:53:56 +0800] "GET /xingrg/javascript/easyui/themes/default/validatebox.css HTTP/1.1" 404 1104
58.39.168.32 - - [03/Feb/2022:11:53:56 +0800] "POST /xingrg/kc/base/wldb_order_operate.html HTTP/1.1" 200 2192
180.152.99.39 - - [03/Feb/2022:11:53:58 +0800] "GET /xingrg/all/function/internal_message.html?_=1643860357934&CODE_STATE=getMsg HTTP/1.1" 200 27
114.88.155.114 - - [03/Feb/2022:11:53:58 +0800] "GET /xingrg/all/function/internal_message.html?_=1643860226931&CODE_STATE=getMsg HTTP/1.1" 200 27
116.235.92.83 - - [03/Feb/2022:11:53:58 +0800] "GET /xingrg/all/function/internal_message.html?_=1643860581078&CODE_STATE=getMsg HTTP/1.1" 200 27
116.235.92.83 - - [03/Feb/2022:11:53:59 +0800] "GET /xingrg/check_reg.html?_=1643860581079 HTTP/1.1" 200 22
124.78.153.118 - - [03/Feb/2022:11:54:00 +0800] "POST /xingrg/kc/buy/cgsh_order_operate.html HTTP/1.1" 200 37
222.70.243.96 - - [03/Feb/2022:11:54:00 +0800] "GET /xingrg/all/function/internal_message.html?_=1643860450689&CODE_STATE=getMsg HTTP/1.1" 302 -
124.78.153.118 - - [03/Feb/2022:11:54:01 +0800] "POST /xingrg/kc/buy/cgsh_order_operate.html HTTP/1.1" 200 3270
116.232.55.86 - - [03/Feb/2022:11:54:02 +0800] "GET /xingrg/kc/buy/cgsh_order_operate.html?command=get_materiel&rest_code=00109&code=00101004067&supplier_code=00100312&order_time=2022-02-03 HTTP/1.1" 200 433
222.70.243.96 - - [03/Feb/2022:11:54:03 +0800] "GET /xingrg/all/function/internal_message.html?_=1643860455345&CODE_STATE=getMsg HTTP/1.1" 200 27
180.152.99.73 - - [03/Feb/2022:11:54:04 +0800] "GET /xingrg/all/function/internal_message.html?_=1643860442110&CODE_STATE=getMsg HTTP/1.1" 302 -
116.239.131.195 - - [03/Feb/2022:11:54:06 +0800] "GET /xingrg/all/function/internal_message.html?_=1643860464424&CODE_STATE=getMsg HTTP/1.1" 200 27
222.70.243.96 - - [03/Feb/2022:11:54:08 +0800] "GET /xingrg/check_reg.html?_=1643860459199 HTTP/1.1" 302 -
180.162.112.109 - - [03/Feb/2022:11:54:09 +0800] "GET /xingrg/check_reg.html?_=1643859837999 HTTP/1.1" 200 22
180.162.112.109 - - [03/Feb/2022:11:54:09 +0800] "GET /xingrg/all/function/internal_message.html?_=1643859838002&CODE_STATE=getMsg HTTP/1.1" 200 27
222.70.179.207 - - [03/Feb/2022:11:54:10 +0800] "POST /xingrg/kc/buy/cgsh_order_operate.html HTTP/1.1" 200 37
116.232.55.86 - - [03/Feb/2022:11:54:11 +0800] "GET /xingrg/kc/buy/cgsh_order_operate.html?command=get_materiel&rest_code=00109&code=00101001029&supplier_code=00100312&order_time=2022-02-03 HTTP/1.1" 200 436
222.70.179.207 - - [03/Feb/2022:11:54:13 +0800] "POST /xingrg/kc/buy/cgsh_order_operate.html HTTP/1.1" 200 3859
116.232.55.86 - - [03/Feb/2022:11:54:18 +0800] "GET /xingrg/kc/buy/cgsh_order_operate.html?command=get_materiel&rest_code=00109&code=00101001096&supplier_code=00100312&order_time=2022-02-03 HTTP/1.1" 200 434
222.70.179.207 - - [03/Feb/2022:11:54:21 +0800] "GET /xingrg/kc/print/load_data.html?order_code=212022020300174&kc_code=cgsh&condition= HTTP/1.1" 200 1211
180.169.147.146 - - [03/Feb/2022:11:54:25 +0800] "GET /xingrg/all/function/internal_message.html?_=1643860463120&CODE_STATE=getMsg HTTP/1.1" 200 27
116.232.55.86 - - [03/Feb/2022:11:54:25 +0800] "GET /xingrg/kc/buy/cgsh_order_operate.html?command=get_materiel&rest_code=00109&code=00101001047&supplier_code=00100312&order_time=2022-02-03 HTTP/1.1" 200 423
58.39.168.32 - - [03/Feb/2022:11:54:26 +0800] "GET /xingrg/all/function/internal_message.html?_=1643860465636&CODE_STATE=getMsg HTTP/1.1" 200 27
101.80.229.199 - - [03/Feb/2022:11:54:27 +0800] "GET /xingrg/all/function/internal_message.html?_=1643860466597&CODE_STATE=getMsg HTTP/1.1" 200 27
222.70.179.207 - - [03/Feb/2022:11:54:29 +0800] "GET /xingrg/all/function/internal_message.html?_=1643860465609&CODE_STATE=getMsg HTTP/1.1" 200 27
222.70.223.103 - - [03/Feb/2022:11:54:31 +0800] "GET /xingrg/kc/base/base_main.html HTTP/1.1" 200 12142
222.70.223.103 - - [03/Feb/2022:11:54:33 +0800] "GET /xingrg/kc/base/wldb_order_list.html HTTP/1.1" 200 19104
222.70.223.103 - - [03/Feb/2022:11:54:33 +0800] "POST /xingrg/kc/base/wldb_list_operate.html HTTP/1.1" 200 928
116.232.55.86 - - [03/Feb/2022:11:54:35 +0800] "GET /xingrg/kc/buy/cgsh_order_operate.html?command=get_materiel&rest_code=00109&code=00101001045&supplier_code=00100312&order_time=2022-02-03 HTTP/1.1" 200 444
222.70.223.103 - - [03/Feb/2022:11:54:35 +0800] "GET /xingrg/kc/base/wldb_order_add.html HTTP/1.1" 200 30318
222.70.179.207 - - [03/Feb/2022:11:54:35 +0800] "GET /xingrg/kc/buy/cgsh_order_add.html HTTP/1.1" 200 65551
222.70.223.103 - - [03/Feb/2022:11:54:35 +0800] "POST /xingrg/kc/base/wldb_order_operate.html HTTP/1.1" 200 6806
222.70.223.103 - - [03/Feb/2022:11:54:35 +0800] "GET /xingrg/javascript/easyui/themes/default/validatebox.css HTTP/1.1" 404 1104
222.70.179.207 - - [03/Feb/2022:11:54:35 +0800] "POST /xingrg/kc/buy/cgsh_order_operate.html HTTP/1.1" 200 8245
222.70.179.207 - - [03/Feb/2022:11:54:35 +0800] "GET /xingrg/javascript/easyui/themes/default/validatebox.css HTTP/1.1" 404 1104
222.70.223.103 - - [03/Feb/2022:11:54:36 +0800] "GET /xingrg/all/function/internal_message.html?_=1643860473965&CODE_STATE=getMsg HTTP/1.1" 200 27
116.232.55.86 - - [03/Feb/2022:11:54:45 +0800] "GET /xingrg/all/function/internal_message.html?_=1643860483979&CODE_STATE=getMsg HTTP/1.1" 200 27
58.39.168.32 - - [03/Feb/2022:11:54:45 +0800] "GET /xingrg/all/function/internal_message.html?_=1643860421730&CODE_STATE=getMsg HTTP/1.1" 200 27
116.232.55.86 - - [03/Feb/2022:11:54:51 +0800] "POST /xingrg/kc/buy/cgsh_order_operate.html HTTP/1.1" 200 37
116.232.55.86 - - [03/Feb/2022:11:54:53 +0800] "POST /xingrg/kc/buy/cgsh_order_operate.html HTTP/1.1" 200 5044
124.78.153.118 - - [03/Feb/2022:11:54:54 +0800] "GET /xingrg/all/function/internal_message.html?_=1643860493421&CODE_STATE=getMsg HTTP/1.1" 200 27
116.232.55.86 - - [03/Feb/2022:11:54:54 +0800] "GET /xingrg/kc/print/load_config.html?kc_code=cgsh HTTP/1.1" 200 1943
116.232.55.86 - - [03/Feb/2022:11:54:54 +0800] "GET /xingrg/kc/print/load_data.html?order_code=212022020300175&kc_code=cgsh&condition= HTTP/1.1" 200 1584
222.70.179.207 - - [03/Feb/2022:11:54:54 +0800] "GET /xingrg/kc/buy/cgsh_order_operate.html?command=get_materiel&rest_code=00111&code=00101003041&supplier_code=00100088&order_time=2022-02-03 HTTP/1.1" 200 439
180.152.99.39 - - [03/Feb/2022:11:54:58 +0800] "GET /xingrg/all/function/internal_message.html?_=1643860417939&CODE_STATE=getMsg HTTP/1.1" 200 27
116.232.55.86 - - [03/Feb/2022:11:54:58 +0800] "GET /xingrg/kc/buy/cgsh_order_add.html HTTP/1.1" 200 65677
116.232.55.86 - - [03/Feb/2022:11:54:58 +0800] "POST /xingrg/kc/buy/cgsh_order_operate.html HTTP/1.1" 200 8245
116.232.55.86 - - [03/Feb/2022:11:54:58 +0800] "GET /xingrg/all/common/auto_word.html?type=employee&rest_code=00109 HTTP/1.1" 200 255
116.232.55.86 - - [03/Feb/2022:11:54:58 +0800] "GET /xingrg/all/common/auto_word.html?type=employee&rest_code=00109 HTTP/1.1" 200 255
116.232.55.86 - - [03/Feb/2022:11:54:58 +0800] "GET /xingrg/javascript/easyui/themes/default/validatebox.css HTTP/1.1" 404 1104
114.88.155.114 - - [03/Feb/2022:11:54:58 +0800] "GET /xingrg/all/function/internal_message.html?_=1643860286903&CODE_STATE=getMsg HTTP/1.1" 200 27
114.88.155.114 - - [03/Feb/2022:11:54:58 +0800] "GET /xingrg/check_reg.html?_=1643860286998 HTTP/1.1" 200 22
116.235.92.83 - - [03/Feb/2022:11:54:58 +0800] "GET /xingrg/all/function/internal_message.html?_=1643860641077&CODE_STATE=getMsg HTTP/1.1" 200 27
222.70.243.96 - - [03/Feb/2022:11:55:00 +0800] "GET /xingrg/all/function/internal_message.html?_=1643860510716&CODE_STATE=getMsg HTTP/1.1" 302 -
222.70.243.96 - - [03/Feb/2022:11:55:03 +0800] "GET /xingrg/all/function/internal_message.html?_=1643860515845&CODE_STATE=getMsg HTTP/1.1" 200 27
180.152.99.73 - - [03/Feb/2022:11:55:04 +0800] "GET /xingrg/all/function/internal_message.html?_=1643860502095&CODE_STATE=getMsg HTTP/1.1" 302 -
116.232.55.86 - - [03/Feb/2022:11:55:05 +0800] "GET /xingrg/kc/buy/cgsh_order_operate.html?command=get_materiel&rest_code=00109&code=00101008061&supplier_code=00100339&order_time=2022-02-03 HTTP/1.1" 200 443
116.239.131.195 - - [03/Feb/2022:11:55:06 +0800] "GET /xingrg/all/function/internal_message.html?_=1643860525163&CODE_STATE=getMsg HTTP/1.1" 200 27
180.162.112.109 - - [03/Feb/2022:11:55:09 +0800] "GET /xingrg/all/function/internal_message.html?_=1643859898003&CODE_STATE=getMsg HTTP/1.1" 200 27
116.232.55.86 - - [03/Feb/2022:11:55:13 +0800] "POST /xingrg/kc/buy/cgsh_order_operate.html HTTP/1.1" 200 37
116.232.55.86 - - [03/Feb/2022:11:55:16 +0800] "POST /xingrg/kc/buy/cgsh_order_operate.html HTTP/1.1" 200 2666
116.232.55.86 - - [03/Feb/2022:11:55:18 +0800] "GET /xingrg/kc/print/load_config.html?kc_code=cgsh HTTP/1.1" 200 1943
116.232.55.86 - - [03/Feb/2022:11:55:18 +0800] "GET /xingrg/kc/print/load_data.html?order_code=212022020300176&kc_code=cgsh&condition= HTTP/1.1" 200 667
124.78.153.118 - - [03/Feb/2022:11:55:21 +0800] "POST /xingrg/kc/buy/cgsh_order_operate.html HTTP/1.1" 200 37
116.232.55.86 - - [03/Feb/2022:11:55:23 +0800] "GET /xingrg/kc/buy/cgsh_order_add.html HTTP/1.1" 200 65677
116.232.55.86 - - [03/Feb/2022:11:55:23 +0800] "POST /xingrg/kc/buy/cgsh_order_operate.html HTTP/1.1" 200 8245
116.232.55.86 - - [03/Feb/2022:11:55:23 +0800] "GET /xingrg/all/common/auto_word.html?type=employee&rest_code=00109 HTTP/1.1" 200 255
116.232.55.86 - - [03/Feb/2022:11:55:23 +0800] "GET /xingrg/all/common/auto_word.html?type=employee&rest_code=00109 HTTP/1.1" 200 255
116.232.55.86 - - [03/Feb/2022:11:55:23 +0800] "GET /xingrg/javascript/easyui/themes/default/validatebox.css HTTP/1.1" 404 1104
124.78.153.118 - - [03/Feb/2022:11:55:24 +0800] "POST /xingrg/kc/buy/cgsh_order_operate.html HTTP/1.1" 200 3270
124.78.153.118 - - [03/Feb/2022:11:55:25 +0800] "GET /xingrg/kc/buy/cgsh_order_add.html HTTP/1.1" 200 65642
124.78.153.118 - - [03/Feb/2022:11:55:25 +0800] "POST /xingrg/kc/buy/cgsh_order_operate.html HTTP/1.1" 200 8245
124.78.153.118 - - [03/Feb/2022:11:55:25 +0800] "GET /xingrg/javascript/easyui/themes/default/validatebox.css HTTP/1.1" 404 1104
58.39.168.32 - - [03/Feb/2022:11:55:26 +0800] "GET /xingrg/all/function/internal_message.html?_=1643860525606&CODE_STATE=getMsg HTTP/1.1" 200 27
101.80.229.199 - - [03/Feb/2022:11:55:27 +0800] "GET /xingrg/all/function/internal_message.html?_=1643860526583&CODE_STATE=getMsg HTTP/1.1" 200 27
124.78.153.118 - - [03/Feb/2022:11:55:28 +0800] "GET /xingrg/javascript/easyui/themes/default/tree.css HTTP/1.1" 404 1090
124.78.153.118 - - [03/Feb/2022:11:55:28 +0800] "POST /xingrg/all/common/load_tree.html?tree=supplier_tree_json&isDelete=1 HTTP/1.1" 200 62150
222.70.179.207 - - [03/Feb/2022:11:55:29 +0800] "GET /xingrg/all/function/internal_message.html?_=1643860525583&CODE_STATE=getMsg HTTP/1.1" 200 27
116.232.55.86 - - [03/Feb/2022:11:55:35 +0800] "GET /xingrg/kc/buy/cgsh_order_operate.html?command=get_materiel&rest_code=00109&code=00101001044&supplier_code=00100319&order_time=2022-02-03 HTTP/1.1" 200 432
222.70.223.103 - - [03/Feb/2022:11:55:36 +0800] "GET /xingrg/all/function/internal_message.html?_=1643860533959&CODE_STATE=getMsg HTTP/1.1" 200 27
222.70.179.207 - - [03/Feb/2022:11:55:40 +0800] "POST /xingrg/kc/buy/cgsh_order_operate.html HTTP/1.1" 200 37
222.70.179.207 - - [03/Feb/2022:11:55:42 +0800] "POST /xingrg/kc/buy/cgsh_order_operate.html HTTP/1.1" 200 2667
222.70.179.207 - - [03/Feb/2022:11:55:44 +0800] "GET /xingrg/check_reg.html?_=1643860540550 HTTP/1.1" 200 22
124.78.153.118 - - [03/Feb/2022:11:55:44 +0800] "GET /xingrg/kc/buy/cgsh_order_operate.html?command=get_materiel&rest_code=00106&code=00101003035&supplier_code=00100092&order_time=2022-02-03 HTTP/1.1" 200 434
222.70.179.207 - - [03/Feb/2022:11:55:44 +0800] "GET /xingrg/kc/print/load_data.html?order_code=212022020300177&kc_code=cgsh&condition= HTTP/1.1" 200 753
116.232.55.86 - - [03/Feb/2022:11:55:45 +0800] "GET /xingrg/all/function/internal_message.html?_=1643860543969&CODE_STATE=getMsg HTTP/1.1" 200 27
58.39.168.32 - - [03/Feb/2022:11:55:45 +0800] "GET /xingrg/check_reg.html?_=1643860481730 HTTP/1.1" 200 22
58.39.168.32 - - [03/Feb/2022:11:55:45 +0800] "GET /xingrg/all/function/internal_message.html?_=1643860481733&CODE_STATE=getMsg HTTP/1.1" 200 27
116.232.55.86 - - [03/Feb/2022:11:55:47 +0800] "POST /xingrg/kc/buy/cgsh_order_operate.html HTTP/1.1" 200 37
116.232.55.86 - - [03/Feb/2022:11:55:49 +0800] "POST /xingrg/kc/buy/cgsh_order_operate.html HTTP/1.1" 200 2660
116.232.55.86 - - [03/Feb/2022:11:55:50 +0800] "GET /xingrg/kc/print/load_config.html?kc_code=cgsh HTTP/1.1" 200 1943
116.232.55.86 - - [03/Feb/2022:11:55:50 +0800] "GET /xingrg/kc/print/load_data.html?order_code=212022020300178&kc_code=cgsh&condition= HTTP/1.1" 200 668
116.232.55.86 - - [03/Feb/2022:11:55:53 +0800] "GET /xingrg/kc/buy/cgsh_order_add.html HTTP/1.1" 200 65677
124.78.153.118 - - [03/Feb/2022:11:55:54 +0800] "GET /xingrg/all/function/internal_message.html?_=1643860553417&CODE_STATE=getMsg HTTP/1.1" 200 27
116.232.55.86 - - [03/Feb/2022:11:55:54 +0800] "POST /xingrg/kc/buy/cgsh_order_operate.html HTTP/1.1" 200 8245
116.232.55.86 - - [03/Feb/2022:11:55:54 +0800] "GET /xingrg/all/common/auto_word.html?type=employee&rest_code=00109 HTTP/1.1" 200 255
116.232.55.86 - - [03/Feb/2022:11:55:54 +0800] "GET /xingrg/all/common/auto_word.html?type=employee&rest_code=00109 HTTP/1.1" 200 255
116.232.55.86 - - [03/Feb/2022:11:55:54 +0800] "GET /xingrg/javascript/easyui/themes/default/validatebox.css HTTP/1.1" 404 1104
180.152.99.39 - - [03/Feb/2022:11:55:58 +0800] "GET /xingrg/all/function/internal_message.html?_=1643860477993&CODE_STATE=getMsg HTTP/1.1" 200 27
114.88.155.114 - - [03/Feb/2022:11:55:58 +0800] "GET /xingrg/all/function/internal_message.html?_=1643860346885&CODE_STATE=getMsg HTTP/1.1" 200 27
116.235.92.83 - - [03/Feb/2022:11:55:58 +0800] "GET /xingrg/all/function/internal_message.html?_=1643860701076&CODE_STATE=getMsg HTTP/1.1" 200 27
124.78.153.118 - - [03/Feb/2022:11:55:59 +0800] "GET /xingrg/kc/buy/cgsh_order_operate.html?command=get_materiel&rest_code=00106&code=00101003033&supplier_code=00100092&order_time=2022-02-03 HTTP/1.1" 200 445
222.70.179.207 - - [03/Feb/2022:11:55:59 +0800] "GET /xingrg/kc/buy/cgsh_order_add.html HTTP/1.1" 200 65551
222.70.243.96 - - [03/Feb/2022:11:56:00 +0800] "GET /xingrg/all/function/internal_message.html?_=1643860570720&CODE_STATE=getMsg HTTP/1.1" 302 -
222.70.179.207 - - [03/Feb/2022:11:56:00 +0800] "POST /xingrg/kc/buy/cgsh_order_operate.html HTTP/1.1" 200 8245
222.70.179.207 - - [03/Feb/2022:11:56:00 +0800] "GET /xingrg/javascript/easyui/themes/default/validatebox.css HTTP/1.1" 404 1104
116.232.55.86 - - [03/Feb/2022:11:56:01 +0800] "GET /xingrg/kc/buy/cgsh_order_operate.html?command=get_materiel&rest_code=00109&code=00101002007&supplier_code=00100442&order_time=2022-02-03 HTTP/1.1" 200 430
222.70.243.96 - - [03/Feb/2022:11:56:03 +0800] "GET /xingrg/all/function/internal_message.html?_=1643860575855&CODE_STATE=getMsg HTTP/1.1" 200 27
180.152.99.73 - - [03/Feb/2022:11:56:04 +0800] "GET /xingrg/all/function/internal_message.html?_=1643860562107&CODE_STATE=getMsg HTTP/1.1" 302 -
116.239.131.195 - - [03/Feb/2022:11:56:06 +0800] "GET /xingrg/all/function/internal_message.html?_=1643860585168&CODE_STATE=getMsg HTTP/1.1" 200 27
180.162.112.109 - - [03/Feb/2022:11:56:09 +0800] "GET /xingrg/all/function/internal_message.html?_=1643859958002&CODE_STATE=getMsg HTTP/1.1" 200 27
116.232.55.86 - - [03/Feb/2022:11:56:12 +0800] "POST /xingrg/kc/buy/cgsh_order_operate.html HTTP/1.1" 200 37
124.78.153.118 - - [03/Feb/2022:11:56:15 +0800] "POST /xingrg/kc/buy/cgsh_order_operate.html HTTP/1.1" 200 37
116.232.55.86 - - [03/Feb/2022:11:56:15 +0800] "POST /xingrg/kc/buy/cgsh_order_operate.html HTTP/1.1" 200 2658
222.70.179.207 - - [03/Feb/2022:11:56:16 +0800] "GET /xingrg/kc/buy/cgsh_order_operate.html?command=get_materiel&rest_code=00111&code=00101002038&supplier_code=00100087&order_time=2022-02-03 HTTP/1.1" 200 437
116.232.55.86 - - [03/Feb/2022:11:56:17 +0800] "GET /xingrg/kc/print/load_config.html?kc_code=cgsh HTTP/1.1" 200 1943
116.232.55.86 - - [03/Feb/2022:11:56:17 +0800] "GET /xingrg/kc/print/load_data.html?order_code=212022020300179&kc_code=cgsh&condition= HTTP/1.1" 200 672
124.78.153.118 - - [03/Feb/2022:11:56:17 +0800] "POST /xingrg/kc/buy/cgsh_order_operate.html HTTP/1.1" 200 3270
124.78.153.118 - - [03/Feb/2022:11:56:19 +0800] "GET /xingrg/kc/buy/cgsh_order_add.html HTTP/1.1" 200 65642
124.78.153.118 - - [03/Feb/2022:11:56:19 +0800] "POST /xingrg/kc/buy/cgsh_order_operate.html HTTP/1.1" 200 8245
124.78.153.118 - - [03/Feb/2022:11:56:19 +0800] "GET /xingrg/javascript/easyui/themes/default/validatebox.css HTTP/1.1" 404 1104
124.78.153.118 - - [03/Feb/2022:11:56:20 +0800] "GET /xingrg/javascript/easyui/themes/default/tree.css HTTP/1.1" 404 1090
124.78.153.118 - - [03/Feb/2022:11:56:20 +0800] "POST /xingrg/all/common/load_tree.html?tree=supplier_tree_json&isDelete=1 HTTP/1.1" 200 62150
101.80.229.199 - - [03/Feb/2022:11:56:21 +0800] "GET /xingrg/check_reg.html?_=1643860581351 HTTP/1.1" 200 22
116.232.55.86 - - [03/Feb/2022:11:56:21 +0800] "GET /xingrg/kc/buy/cgsh_order_add.html HTTP/1.1" 200 65677
116.232.55.86 - - [03/Feb/2022:11:56:21 +0800] "POST /xingrg/kc/buy/cgsh_order_operate.html HTTP/1.1" 200 8245
116.232.55.86 - - [03/Feb/2022:11:56:21 +0800] "GET /xingrg/all/common/auto_word.html?type=employee&rest_code=00109 HTTP/1.1" 200 255
116.232.55.86 - - [03/Feb/2022:11:56:21 +0800] "GET /xingrg/all/common/auto_word.html?type=employee&rest_code=00109 HTTP/1.1" 200 255
116.232.55.86 - - [03/Feb/2022:11:56:21 +0800] "GET /xingrg/javascript/easyui/themes/default/validatebox.css HTTP/1.1" 404 1104
58.39.168.32 - - [03/Feb/2022:11:56:26 +0800] "GET /xingrg/all/function/internal_message.html?_=1643860585578&CODE_STATE=getMsg HTTP/1.1" 200 27
58.39.168.32 - - [03/Feb/2022:11:56:26 +0800] "GET /xingrg/check_reg.html?_=1643860586110 HTTP/1.1" 200 22
101.80.229.199 - - [03/Feb/2022:11:56:26 +0800] "GET /xingrg/all/function/internal_message.html?_=1643860586557&CODE_STATE=getMsg HTTP/1.1" 200 27
222.70.179.207 - - [03/Feb/2022:11:56:29 +0800] "GET /xingrg/all/function/internal_message.html?_=1643860585565&CODE_STATE=getMsg HTTP/1.1" 200 27
116.232.55.86 - - [03/Feb/2022:11:56:30 +0800] "GET /xingrg/kc/buy/cgsh_order_operate.html?command=get_materiel&rest_code=00109&code=00101010082&supplier_code=00100323&order_time=2022-02-03 HTTP/1.1" 200 446
222.70.179.207 - - [03/Feb/2022:11:56:35 +0800] "POST /xingrg/kc/buy/cgsh_order_operate.html HTTP/1.1" 200 37
124.78.153.118 - - [03/Feb/2022:11:56:36 +0800] "GET /xingrg/kc/buy/cgsh_order_operate.html?command=get_materiel&rest_code=00106&code=00101004065&supplier_code=00100088&order_time=2022-02-03 HTTP/1.1" 200 434
222.70.179.207 - - [03/Feb/2022:11:56:36 +0800] "POST /xingrg/kc/buy/cgsh_order_operate.html HTTP/1.1" 200 2665
222.70.223.103 - - [03/Feb/2022:11:56:36 +0800] "GET /xingrg/all/function/internal_message.html?_=1643860593967&CODE_STATE=getMsg HTTP/1.1" 200 27
222.70.179.207 - - [03/Feb/2022:11:56:38 +0800] "GET /xingrg/kc/print/load_data.html?order_code=212022020300181&kc_code=cgsh&condition= HTTP/1.1" 200 733
124.78.153.118 - - [03/Feb/2022:11:56:45 +0800] "GET /xingrg/kc/buy/cgsh_order_operate.html?command=get_materiel&rest_code=00106&code=00101004011&supplier_code=00100088&order_time=2022-02-03 HTTP/1.1" 200 436
58.39.168.32 - - [03/Feb/2022:11:56:45 +0800] "GET /xingrg/all/function/internal_message.html?_=1643860541718&CODE_STATE=getMsg HTTP/1.1" 200 27
116.232.55.86 - - [03/Feb/2022:11:56:45 +0800] "GET /xingrg/all/function/internal_message.html?_=1643860604000&CODE_STATE=getMsg HTTP/1.1" 200 27
116.232.55.86 - - [03/Feb/2022:11:56:45 +0800] "GET /xingrg/check_reg.html?_=1643860604002 HTTP/1.1" 200 22
180.152.99.39 - - [03/Feb/2022:11:56:47 +0800] "GET /xingrg/check_reg.html?_=1643860527248 HTTP/1.1" 200 22
116.232.55.86 - - [03/Feb/2022:11:56:47 +0800] "GET /xingrg/kc/buy/cgsh_order_operate.html?command=get_materiel&rest_code=00109&code=00101010063&supplier_code=00100323&order_time=2022-02-03 HTTP/1.1" 200 429
222.70.179.207 - - [03/Feb/2022:11:56:51 +0800] "GET /xingrg/kc/buy/cgsh_order_add.html HTTP/1.1" 200 65551
222.70.179.207 - - [03/Feb/2022:11:56:52 +0800] "POST /xingrg/kc/buy/cgsh_order_operate.html HTTP/1.1" 200 8245
222.70.179.207 - - [03/Feb/2022:11:56:52 +0800] "GET /xingrg/javascript/easyui/themes/default/validatebox.css HTTP/1.1" 404 1104
124.78.153.118 - - [03/Feb/2022:11:56:53 +0800] "POST /xingrg/kc/buy/cgsh_order_operate.html HTTP/1.1" 200 37
222.70.223.103 - - [03/Feb/2022:11:56:53 +0800] "GET /xingrg/kc/base/wldb_order_operate.html?command=get_materiel&rest_code=00155&base_code=0010740&code=00102016360 HTTP/1.1" 200 432
124.78.153.118 - - [03/Feb/2022:11:56:54 +0800] "GET /xingrg/all/function/internal_message.html?_=1643860613390&CODE_STATE=getMsg HTTP/1.1" 200 27
124.78.153.118 - - [03/Feb/2022:11:56:54 +0800] "POST /xingrg/kc/buy/cgsh_order_operate.html HTTP/1.1" 200 3260
116.232.55.86 - - [03/Feb/2022:11:56:55 +0800] "GET /xingrg/kc/buy/cgsh_order_operate.html?command=get_materiel&rest_code=00109&code=00101010269&supplier_code=00100323&order_time=2022-02-03 HTTP/1.1" 200 429
180.152.99.73 - - [03/Feb/2022:11:56:57 +0800] "GET /xingrg/kc/buy/cgsh_order_add.html HTTP/1.1" 302 -
180.152.99.73 - - [03/Feb/2022:11:56:57 +0800] "GET /xingrg/login.html HTTP/1.1" 200 7641
180.152.99.73 - - [03/Feb/2022:11:56:57 +0800] "GET /xingrg/login.html HTTP/1.1" 200 7641
180.152.99.73 - - [03/Feb/2022:11:56:57 +0800] "GET /favicon.ico HTTP/1.1" 404 -
180.152.99.39 - - [03/Feb/2022:11:56:58 +0800] "GET /xingrg/all/function/internal_message.html?_=1643860537997&CODE_STATE=getMsg HTTP/1.1" 200 27
124.78.153.118 - - [03/Feb/2022:11:56:58 +0800] "GET /xingrg/kc/buy/cgsh_order_add.html HTTP/1.1" 200 65642
114.88.155.114 - - [03/Feb/2022:11:56:58 +0800] "GET /xingrg/all/function/internal_message.html?_=1643860406865&CODE_STATE=getMsg HTTP/1.1" 200 27
124.78.153.118 - - [03/Feb/2022:11:56:58 +0800] "POST /xingrg/kc/buy/cgsh_order_operate.html HTTP/1.1" 200 8245
124.78.153.118 - - [03/Feb/2022:11:56:58 +0800] "GET /xingrg/javascript/easyui/themes/default/validatebox.css HTTP/1.1" 404 1104
116.235.92.83 - - [03/Feb/2022:11:56:58 +0800] "GET /xingrg/all/function/internal_message.html?_=1643860761073&CODE_STATE=getMsg HTTP/1.1" 200 27
180.152.99.73 - - [03/Feb/2022:11:56:59 +0800] "POST /xingrg/login.do HTTP/1.1" 302 -
180.152.99.73 - - [03/Feb/2022:11:56:59 +0800] "GET /xingrg/index.html?sysBaseUrl=http%3A%2F%2F180.169.147.146%3A18081%2Fxingrg%2F&costTime=39×tamp=1643860619321 HTTP/1.1" 200 17177
180.152.99.73 - - [03/Feb/2022:11:56:59 +0800] "POST /xingrg/all/common/load_tree.html?tree=area_rest_tree_json&manage=1 HTTP/1.1" 200 476
180.152.99.73 - - [03/Feb/2022:11:56:59 +0800] "GET /xingrg/check_reg.html?_=1643860617552 HTTP/1.1" 200 22
180.152.99.73 - - [03/Feb/2022:11:56:59 +0800] "GET /xingrg/all/function/internal_message.html?_=1643860617551&CODE_STATE=count HTTP/1.1" 200 11
180.152.99.73 - - [03/Feb/2022:11:56:59 +0800] "GET /favicon.ico HTTP/1.1" 404 -
180.152.99.73 - - [03/Feb/2022:11:56:59 +0800] "POST /xingrg/load_menu.html HTTP/1.1" 200 5138
222.70.243.96 - - [03/Feb/2022:11:57:00 +0800] "GET /xingrg/all/function/internal_message.html?_=1643860630762&CODE_STATE=getMsg HTTP/1.1" 302 -
180.152.99.73 - - [03/Feb/2022:11:57:02 +0800] "POST /xingrg/all/user/operate.html HTTP/1.1" 200 36
180.152.99.73 - - [03/Feb/2022:11:57:02 +0800] "GET /xingrg/index.html?sysBaseUrl=http%3A%2F%2F180.169.147.146%3A18081%2Fxingrg%2F&costTime=39×tamp=1643860619321 HTTP/1.1" 200 17179
180.152.99.73 - - [03/Feb/2022:11:57:02 +0800] "GET /xingrg/javascript/jquery_easy_ui/themes/default/easyui.css HTTP/1.1" 304 -
180.152.99.73 - - [03/Feb/2022:11:57:02 +0800] "GET /xingrg/javascript/jquery_easy_ui/themes/icon.css HTTP/1.1" 304 -
180.152.99.73 - - [03/Feb/2022:11:57:02 +0800] "GET /xingrg/css/form.css HTTP/1.1" 304 -
180.152.99.73 - - [03/Feb/2022:11:57:02 +0800] "GET /xingrg/javascript/jquery-1.4.2.min.js HTTP/1.1" 304 -
180.152.99.73 - - [03/Feb/2022:11:57:02 +0800] "GET /xingrg/javascript/jquery_easy_ui/jquery.easyui.min.js HTTP/1.1" 304 -
180.152.99.73 - - [03/Feb/2022:11:57:02 +0800] "GET /xingrg/javascript/jquery_easy_ui/easyui-lang-zh_CN.js HTTP/1.1" 304 -
180.152.99.73 - - [03/Feb/2022:11:57:02 +0800] "GET /xingrg/javascript/jquery.form.js HTTP/1.1" 304 -
180.152.99.73 - - [03/Feb/2022:11:57:02 +0800] "GET /xingrg/javascript/jquery.utils.js HTTP/1.1" 304 -
180.152.99.73 - - [03/Feb/2022:11:57:02 +0800] "GET /xingrg/javascript/jquery.timers.js HTTP/1.1" 304 -
180.152.99.73 - - [03/Feb/2022:11:57:02 +0800] "GET /xingrg/images/blue/jxLogo.png HTTP/1.1" 304 -
180.152.99.73 - - [03/Feb/2022:11:57:02 +0800] "GET /xingrg/javascript/jquery_easy_ui/themes/icons/settle_new.png HTTP/1.1" 304 -
180.152.99.73 - - [03/Feb/2022:11:57:02 +0800] "GET /xingrg/images/blue/navBackgound.jpg HTTP/1.1" 304 -
180.152.99.73 - - [03/Feb/2022:11:57:02 +0800] "POST /xingrg/all/common/load_tree.html?tree=area_rest_tree_json&manage=1 HTTP/1.1" 200 476
180.152.99.73 - - [03/Feb/2022:11:57:02 +0800] "GET /xingrg/images/blue/pingpu.png HTTP/1.1" 304 -
180.152.99.73 - - [03/Feb/2022:11:57:02 +0800] "GET /xingrg/all/function/internal_message.html?_=1643860620390&CODE_STATE=count HTTP/1.1" 200 11
180.152.99.73 - - [03/Feb/2022:11:57:02 +0800] "GET /xingrg/check_reg.html?_=1643860620390 HTTP/1.1" 200 22
180.152.99.73 - - [03/Feb/2022:11:57:02 +0800] "GET /xingrg/javascript/jquery_easy_ui/themes/default/images/tabs_leftarrow.png HTTP/1.1" 304 -
180.152.99.73 - - [03/Feb/2022:11:57:02 +0800] "GET /xingrg/javascript/jquery_easy_ui/themes/default/images/tabs_rightarrow.png HTTP/1.1" 304 -
180.152.99.73 - - [03/Feb/2022:11:57:02 +0800] "GET /xingrg/javascript/jquery_easy_ui/themes/default/images/panel_tool_collapse.gif HTTP/1.1" 304 -
180.152.99.73 - - [03/Feb/2022:11:57:02 +0800] "POST /xingrg/load_menu.html HTTP/1.1" 200 5138
116.232.55.86 - - [03/Feb/2022:11:57:02 +0800] "GET /xingrg/kc/buy/cgsh_order_operate.html?command=get_materiel&rest_code=00109&code=00101010054&supplier_code=00100323&order_time=2022-02-03 HTTP/1.1" 200 436
222.70.243.96 - - [03/Feb/2022:11:57:02 +0800] "GET /xingrg/check_reg.html?_=1643860634809 HTTP/1.1" 200 22
222.70.243.96 - - [03/Feb/2022:11:57:03 +0800] "GET /xingrg/all/function/internal_message.html?_=1643860635869&CODE_STATE=getMsg HTTP/1.1" 200 27
180.152.99.73 - - [03/Feb/2022:11:57:04 +0800] "GET /xingrg/kc/buy/cgsh_order_list.html HTTP/1.1" 200 49826
180.152.99.73 - - [03/Feb/2022:11:57:05 +0800] "POST /xingrg/kc/buy/cgsh_list_operate.html HTTP/1.1" 200 876
180.152.99.73 - - [03/Feb/2022:11:57:06 +0800] "GET /xingrg/kc/buy/cgsh_order_add.html HTTP/1.1" 200 65513
222.70.223.103 - - [03/Feb/2022:11:57:06 +0800] "GET /xingrg/kc/base/wldb_order_operate.html?command=get_materiel&rest_code=00155&base_code=0010740&code=00102002150 HTTP/1.1" 200 434
180.152.99.73 - - [03/Feb/2022:11:57:06 +0800] "GET /xingrg/javascript/easyui/themes/default/validatebox.css HTTP/1.1" 404 1104
180.152.99.73 - - [03/Feb/2022:11:57:06 +0800] "POST /xingrg/kc/buy/cgsh_order_operate.html HTTP/1.1" 200 8245
116.239.131.195 - - [03/Feb/2022:11:57:07 +0800] "GET /xingrg/all/function/internal_message.html?_=1643860645903&CODE_STATE=getMsg HTTP/1.1" 200 27
180.152.99.73 - - [03/Feb/2022:11:57:07 +0800] "GET /xingrg/javascript/auto/indicator.gif HTTP/1.1" 404 1066
124.78.153.118 - - [03/Feb/2022:11:57:08 +0800] "POST /xingrg/kc/buy/cgsh_list_operate.html HTTP/1.1" 200 2826
180.162.112.109 - - [03/Feb/2022:11:57:09 +0800] "GET /xingrg/all/function/internal_message.html?_=1643860018002&CODE_STATE=getMsg HTTP/1.1" 200 27
116.232.55.86 - - [03/Feb/2022:11:57:11 +0800] "POST /xingrg/kc/buy/cgsh_order_operate.html HTTP/1.1" 200 37
116.232.55.86 - - [03/Feb/2022:11:57:12 +0800] "POST /xingrg/kc/buy/cgsh_order_operate.html HTTP/1.1" 200 4439
124.78.153.118 - - [03/Feb/2022:11:57:12 +0800] "GET /xingrg/javascript/easyui/themes/default/tree.css HTTP/1.1" 404 1090
124.78.153.118 - - [03/Feb/2022:11:57:13 +0800] "POST /xingrg/all/common/load_tree.html?tree=supplier_tree_json&isDelete=1 HTTP/1.1" 200 62150
116.232.55.86 - - [03/Feb/2022:11:57:13 +0800] "GET /xingrg/kc/print/load_config.html?kc_code=cgsh HTTP/1.1" 200 1943
116.232.55.86 - - [03/Feb/2022:11:57:14 +0800] "GET /xingrg/kc/print/load_data.html?order_code=212022020300183&kc_code=cgsh&condition= HTTP/1.1" 200 1347
222.70.179.207 - - [03/Feb/2022:11:57:17 +0800] "GET /xingrg/kc/buy/cgsh_order_operate.html?command=get_materiel&rest_code=00111&code=00101010214&supplier_code=00100323&order_time=2022-02-03 HTTP/1.1" 200 433
58.39.168.32 - - [03/Feb/2022:11:57:26 +0800] "GET /xingrg/all/function/internal_message.html?_=1643860645559&CODE_STATE=getMsg HTTP/1.1" 200 27
101.80.229.199 - - [03/Feb/2022:11:57:26 +0800] "GET /xingrg/all/function/internal_message.html?_=1643860646529&CODE_STATE=getMsg HTTP/1.1" 200 27
124.78.153.118 - - [03/Feb/2022:11:57:29 +0800] "GET /xingrg/kc/buy/cgsh_order_operate.html?command=get_materiel&rest_code=00106&code=00101002002&supplier_code=00100087&order_time=2022-02-03 HTTP/1.1" 200 440
222.70.179.207 - - [03/Feb/2022:11:57:29 +0800] "GET /xingrg/all/function/internal_message.html?_=1643860645551&CODE_STATE=getMsg HTTP/1.1" 200 27
222.70.223.103 - - [03/Feb/2022:11:57:36 +0800] "GET /xingrg/all/function/internal_message.html?_=1643860653955&CODE_STATE=getMsg HTTP/1.1" 200 27
124.78.153.118 - - [03/Feb/2022:11:57:42 +0800] "POST /xingrg/kc/buy/cgsh_order_operate.html HTTP/1.1" 200 37
124.78.153.118 - - [03/Feb/2022:11:57:43 +0800] "POST /xingrg/kc/buy/cgsh_order_operate.html HTTP/1.1" 200 2669
180.152.99.73 - - [03/Feb/2022:11:57:45 +0800] "GET /xingrg/kc/buy/cgsh_order_operate.html?command=get_materiel&rest_code=00150&code=00101015099&supplier_code=00100151&order_time=2022-02-03 HTTP/1.1" 200 395
124.78.153.118 - - [03/Feb/2022:11:57:45 +0800] "GET /xingrg/kc/buy/cgsh_order_add.html HTTP/1.1" 200 65642
124.78.153.118 - - [03/Feb/2022:11:57:45 +0800] "POST /xingrg/kc/buy/cgsh_order_operate.html HTTP/1.1" 200 8245
116.232.55.86 - - [03/Feb/2022:11:57:45 +0800] "GET /xingrg/all/function/internal_message.html?_=1643860663975&CODE_STATE=getMsg HTTP/1.1" 200 27
58.39.168.32 - - [03/Feb/2022:11:57:45 +0800] "GET /xingrg/all/function/internal_message.html?_=1643860601719&CODE_STATE=getMsg HTTP/1.1" 200 27
124.78.153.118 - - [03/Feb/2022:11:57:45 +0800] "GET /xingrg/javascript/easyui/themes/default/validatebox.css HTTP/1.1" 404 1104
124.78.153.118 - - [03/Feb/2022:11:57:47 +0800] "GET /xingrg/javascript/easyui/themes/default/tree.css HTTP/1.1" 404 1090
124.78.153.118 - - [03/Feb/2022:11:57:47 +0800] "POST /xingrg/all/common/load_tree.html?tree=supplier_tree_json&isDelete=1 HTTP/1.1" 200 62150
222.70.223.103 - - [03/Feb/2022:11:57:49 +0800] "GET /xingrg/kc/base/wldb_order_operate.html?command=get_materiel&rest_code=00155&base_code=0010740&code=00102002347 HTTP/1.1" 200 444
222.70.179.207 - - [03/Feb/2022:11:57:53 +0800] "GET /xingrg/kc/buy/cgsh_order_operate.html?command=get_materiel&rest_code=00111&code=00101004017&supplier_code=00100323&order_time=2022-02-03 HTTP/1.1" 200 434
124.78.153.118 - - [03/Feb/2022:11:57:54 +0800] "GET /xingrg/all/function/internal_message.html?_=1643860673378&CODE_STATE=getMsg HTTP/1.1" 200 27
116.239.131.195 - - [03/Feb/2022:11:57:55 +0800] "GET /xingrg/check_reg.html?_=1643860694369 HTTP/1.1" 200 22
180.152.99.39 - - [03/Feb/2022:11:57:58 +0800] "GET /xingrg/all/function/internal_message.html?_=1643860598011&CODE_STATE=getMsg HTTP/1.1" 200 27
114.88.155.114 - - [03/Feb/2022:11:57:58 +0800] "GET /xingrg/all/function/internal_message.html?_=1643860466837&CODE_STATE=getMsg HTTP/1.1" 200 27
116.235.92.83 - - [03/Feb/2022:11:57:58 +0800] "GET /xingrg/all/function/internal_message.html?_=1643860821071&CODE_STATE=getMsg HTTP/1.1" 200 27
222.70.243.96 - - [03/Feb/2022:11:58:00 +0800] "GET /xingrg/all/function/internal_message.html?_=1643860690778&CODE_STATE=getMsg HTTP/1.1" 302 -
222.70.223.103 - - [03/Feb/2022:11:58:00 +0800] "GET /xingrg/kc/base/wldb_order_operate.html?command=get_materiel&rest_code=00155&base_code=0010740&code=00102021001 HTTP/1.1" 200 441
180.152.99.73 - - [03/Feb/2022:11:58:02 +0800] "GET /xingrg/all/function/internal_message.html?_=1643860680403&CODE_STATE=getMsg HTTP/1.1" 200 27
222.70.243.96 - - [03/Feb/2022:11:58:03 +0800] "GET /xingrg/all/function/internal_message.html?_=1643860695883&CODE_STATE=getMsg HTTP/1.1" 200 27
116.239.131.195 - - [03/Feb/2022:11:58:07 +0800] "GET /xingrg/all/function/internal_message.html?_=1643860705912&CODE_STATE=getMsg HTTP/1.1" 200 27
180.162.112.109 - - [03/Feb/2022:11:58:09 +0800] "GET /xingrg/all/function/internal_message.html?_=1643860078002&CODE_STATE=getMsg HTTP/1.1" 200 27
58.39.168.32 - - [03/Feb/2022:11:58:26 +0800] "GET /xingrg/all/function/internal_message.html?_=1643860705534&CODE_STATE=getMsg HTTP/1.1" 200 27
101.80.229.199 - - [03/Feb/2022:11:58:26 +0800] "GET /xingrg/all/function/internal_message.html?_=1643860706501&CODE_STATE=getMsg HTTP/1.1" 200 27
222.70.223.103 - - [03/Feb/2022:11:58:31 +0800] "GET /xingrg/kc/base/check_order_list.html HTTP/1.1" 200 16223
222.70.223.103 - - [03/Feb/2022:11:58:31 +0800] "POST /xingrg/kc/base/check_list_operate.html HTTP/1.1" 200 4799
222.70.179.207 - - [03/Feb/2022:11:58:32 +0800] "POST /xingrg/kc/buy/cgsh_order_operate.html HTTP/1.1" 200 37
222.70.179.207 - - [03/Feb/2022:11:58:34 +0800] "POST /xingrg/kc/buy/cgsh_order_operate.html HTTP/1.1" 200 3255
222.70.223.103 - - [03/Feb/2022:11:58:36 +0800] "GET /xingrg/all/function/internal_message.html?_=1643860713949&CODE_STATE=getMsg HTTP/1.1" 200 27
222.70.223.103 - - [03/Feb/2022:11:58:36 +0800] "GET /xingrg/check_reg.html?_=1643860713950 HTTP/1.1" 200 22
222.70.179.207 - - [03/Feb/2022:11:58:41 +0800] "GET /xingrg/kc/print/load_data.html?order_code=212022020300185&kc_code=cgsh&condition= HTTP/1.1" 200 907
116.232.55.86 - - [03/Feb/2022:11:58:45 +0800] "GET /xingrg/all/function/internal_message.html?_=1643860723990&CODE_STATE=getMsg HTTP/1.1" 200 27
58.39.168.32 - - [03/Feb/2022:11:58:45 +0800] "GET /xingrg/all/function/internal_message.html?_=1643860661719&CODE_STATE=getMsg HTTP/1.1" 200 27
222.70.179.207 - - [03/Feb/2022:11:58:50 +0800] "GET /xingrg/kc/buy/cgsh_order_add.html HTTP/1.1" 200 65551
222.70.179.207 - - [03/Feb/2022:11:58:51 +0800] "POST /xingrg/kc/buy/cgsh_order_operate.html HTTP/1.1" 200 8245
222.70.179.207 - - [03/Feb/2022:11:58:51 +0800] "GET /xingrg/javascript/easyui/themes/default/validatebox.css HTTP/1.1" 404 1104
222.70.223.103 - - [03/Feb/2022:11:58:53 +0800] "GET /xingrg/kc/base/base_main.html HTTP/1.1" 200 12142
124.78.153.118 - - [03/Feb/2022:11:58:54 +0800] "GET /xingrg/all/function/internal_message.html?_=1643860733358&CODE_STATE=getMsg HTTP/1.1" 200 27
124.78.153.118 - - [03/Feb/2022:11:58:55 +0800] "GET /xingrg/check_reg.html?_=1643860734560 HTTP/1.1" 200 22
222.70.223.103 - - [03/Feb/2022:11:58:55 +0800] "GET /xingrg/kc/base/kc_stocks.html HTTP/1.1" 200 16443
222.70.223.103 - - [03/Feb/2022:11:58:55 +0800] "GET /xingrg/javascript/easyui/themes/default/tree.css HTTP/1.1" 404 1090
222.70.223.103 - - [03/Feb/2022:11:58:55 +0800] "POST /xingrg/all/common/load_tree.html?tree=materiel_sort_tree_json HTTP/1.1" 200 9388
222.70.223.103 - - [03/Feb/2022:11:58:57 +0800] "POST /xingrg/all/common/load_combo.html?type=base HTTP/1.1" 200 3142
180.152.99.39 - - [03/Feb/2022:11:58:58 +0800] "GET /xingrg/all/function/internal_message.html?_=1643860658062&CODE_STATE=getMsg HTTP/1.1" 200 27
114.88.155.114 - - [03/Feb/2022:11:58:58 +0800] "GET /xingrg/all/function/internal_message.html?_=1643860526812&CODE_STATE=getMsg HTTP/1.1" 200 27
116.235.92.83 - - [03/Feb/2022:11:58:58 +0800] "GET /xingrg/check_reg.html?_=1643860881071 HTTP/1.1" 200 22
116.235.92.83 - - [03/Feb/2022:11:58:59 +0800] "GET /xingrg/all/function/internal_message.html?_=1643860881069&CODE_STATE=getMsg HTTP/1.1" 200 27
222.70.243.96 - - [03/Feb/2022:11:59:00 +0800] "GET /xingrg/all/function/internal_message.html?_=1643860750820&CODE_STATE=getMsg HTTP/1.1" 302 -
180.152.99.73 - - [03/Feb/2022:11:59:02 +0800] "GET /xingrg/all/function/internal_message.html?_=1643860740397&CODE_STATE=getMsg HTTP/1.1" 200 27
222.70.243.96 - - [03/Feb/2022:11:59:03 +0800] "GET /xingrg/all/function/internal_message.html?_=1643860755895&CODE_STATE=getMsg HTTP/1.1" 200 27
180.152.99.73 - - [03/Feb/2022:11:59:04 +0800] "GET /xingrg/kc/buy/cgsh_order_operate.html?command=get_materiel&rest_code=00150&code=00101015022&supplier_code=00100151&order_time=2022-02-03 HTTP/1.1" 200 427
124.78.153.118 - - [03/Feb/2022:11:59:06 +0800] "GET /xingrg/kc/buy/cgsh_order_operate.html?command=get_materiel&rest_code=00106&code=00101002006&supplier_code=00100091&order_time=2022-02-03 HTTP/1.1" 200 435
116.239.131.195 - - [03/Feb/2022:11:59:07 +0800] "GET /xingrg/all/function/internal_message.html?_=1643860765926&CODE_STATE=getMsg HTTP/1.1" 200 27
222.70.243.96 - - [03/Feb/2022:11:59:08 +0800] "GET /xingrg/check_reg.html?_=1643860759200 HTTP/1.1" 302 -
180.162.112.109 - - [03/Feb/2022:11:59:09 +0800] "GET /xingrg/check_reg.html?_=1643860138002 HTTP/1.1" 200 22
180.162.112.109 - - [03/Feb/2022:11:59:09 +0800] "GET /xingrg/all/function/internal_message.html?_=1643860138004&CODE_STATE=getMsg HTTP/1.1" 200 27
222.70.179.207 - - [03/Feb/2022:11:59:11 +0800] "GET /xingrg/kc/buy/cgsh_order_operate.html?command=get_materiel&rest_code=00111&code=00101004046&supplier_code=00100312&order_time=2022-02-03 HTTP/1.1" 200 439
124.78.153.118 - - [03/Feb/2022:11:59:16 +0800] "GET /xingrg/kc/buy/cgsh_order_operate.html?command=get_materiel&rest_code=00106&code=00101010309&supplier_code=00100091&order_time=2022-02-03 HTTP/1.1" 200 443
58.39.168.32 - - [03/Feb/2022:11:59:25 +0800] "GET /xingrg/all/function/internal_message.html?_=1643860765506&CODE_STATE=getMsg HTTP/1.1" 200 27
124.78.153.118 - - [03/Feb/2022:11:59:25 +0800] "POST /xingrg/kc/buy/cgsh_order_operate.html HTTP/1.1" 200 37
180.152.99.73 - - [03/Feb/2022:11:59:25 +0800] "GET /xingrg/kc/buy/cgsh_order_operate.html?command=get_materiel&rest_code=00150&code=00101015061&supplier_code=00100151&order_time=2022-02-03 HTTP/1.1" 200 435
222.70.179.207 - - [03/Feb/2022:11:59:26 +0800] "GET /xingrg/kc/buy/cgsh_order_operate.html?command=get_materiel&rest_code=00111&code=00101004067&supplier_code=00100312&order_time=2022-02-03 HTTP/1.1" 200 433
101.80.229.199 - - [03/Feb/2022:11:59:26 +0800] "GET /xingrg/all/function/internal_message.html?_=1643860766473&CODE_STATE=getMsg HTTP/1.1" 200 27
124.78.153.118 - - [03/Feb/2022:11:59:27 +0800] "POST /xingrg/kc/buy/cgsh_order_operate.html HTTP/1.1" 200 3265
222.70.179.207 - - [03/Feb/2022:11:59:29 +0800] "GET /xingrg/all/function/internal_message.html?_=1643860765562&CODE_STATE=getMsg HTTP/1.1" 200 27
124.78.153.118 - - [03/Feb/2022:11:59:32 +0800] "GET /xingrg/kc/buy/cgsh_order_add.html HTTP/1.1" 200 65642
124.78.153.118 - - [03/Feb/2022:11:59:32 +0800] "POST /xingrg/kc/buy/cgsh_order_operate.html HTTP/1.1" 200 8245
124.78.153.118 - - [03/Feb/2022:11:59:33 +0800] "GET /xingrg/javascript/easyui/themes/default/validatebox.css HTTP/1.1" 404 1104
124.78.153.118 - - [03/Feb/2022:11:59:34 +0800] "GET /xingrg/javascript/easyui/themes/default/tree.css HTTP/1.1" 404 1090
124.78.153.118 - - [03/Feb/2022:11:59:34 +0800] "POST /xingrg/all/common/load_tree.html?tree=supplier_tree_json&isDelete=1 HTTP/1.1" 200 62150
222.70.223.103 - - [03/Feb/2022:11:59:36 +0800] "GET /xingrg/all/function/internal_message.html?_=1643860773950&CODE_STATE=getMsg HTTP/1.1" 200 27
222.70.179.207 - - [03/Feb/2022:11:59:44 +0800] "GET /xingrg/kc/buy/cgsh_order_operate.html?command=get_materiel&rest_code=00111&code=00101004071&supplier_code=00100312&order_time=2022-02-03 HTTP/1.1" 200 430
116.232.55.86 - - [03/Feb/2022:11:59:45 +0800] "GET /xingrg/all/function/internal_message.html?_=1643860783998&CODE_STATE=getMsg HTTP/1.1" 200 27
58.39.168.32 - - [03/Feb/2022:11:59:45 +0800] "GET /xingrg/all/function/internal_message.html?_=1643860721721&CODE_STATE=getMsg HTTP/1.1" 200 27
124.78.153.118 - - [03/Feb/2022:11:59:54 +0800] "GET /xingrg/all/function/internal_message.html?_=1643860793357&CODE_STATE=getMsg HTTP/1.1" 200 27
124.78.153.118 - - [03/Feb/2022:11:59:55 +0800] "GET /xingrg/kc/buy/cgsh_order_operate.html?command=get_materiel&rest_code=00106&code=00101004034&supplier_code=00100085&order_time=2022-02-03 HTTP/1.1" 200 416
180.152.99.39 - - [03/Feb/2022:11:59:58 +0800] "GET /xingrg/all/function/internal_message.html?_=1643860718069&CODE_STATE=getMsg HTTP/1.1" 200 27
114.88.155.114 - - [03/Feb/2022:11:59:58 +0800] "GET /xingrg/all/function/internal_message.html?_=1643860586793&CODE_STATE=getMsg HTTP/1.1" 200 27
114.88.155.114 - - [03/Feb/2022:11:59:58 +0800] "GET /xingrg/check_reg.html?_=1643860586996 HTTP/1.1" 200 22
116.235.92.83 - - [03/Feb/2022:11:59:58 +0800] "GET /xingrg/all/function/internal_message.html?_=1643860941069&CODE_STATE=getMsg HTTP/1.1" 200 27
222.70.243.96 - - [03/Feb/2022:12:00:00 +0800] "GET /xingrg/all/function/internal_message.html?_=1643860810847&CODE_STATE=getMsg HTTP/1.1" 302 -
180.152.99.73 - - [03/Feb/2022:12:00:02 +0800] "GET /xingrg/all/function/internal_message.html?_=1643860800406&CODE_STATE=getMsg HTTP/1.1" 200 27
222.70.179.207 - - [03/Feb/2022:12:00:03 +0800] "GET /xingrg/kc/buy/cgsh_order_operate.html?command=get_materiel&rest_code=00111&code=00101004030&supplier_code=00100312&order_time=2022-02-03 HTTP/1.1" 200 428
222.70.243.96 - - [03/Feb/2022:12:00:04 +0800] "GET /xingrg/all/function/internal_message.html?_=1643860816421&CODE_STATE=getMsg HTTP/1.1" 200 27
124.78.153.118 - - [03/Feb/2022:12:00:06 +0800] "POST /xingrg/kc/buy/cgsh_order_operate.html HTTP/1.1" 200 37
116.239.131.195 - - [03/Feb/2022:12:00:07 +0800] "GET /xingrg/all/function/internal_message.html?_=1643860826663&CODE_STATE=getMsg HTTP/1.1" 200 27
180.162.112.109 - - [03/Feb/2022:12:00:09 +0800] "GET /xingrg/all/function/internal_message.html?_=1643860198003&CODE_STATE=getMsg HTTP/1.1" 200 27
124.78.153.118 - - [03/Feb/2022:12:00:12 +0800] "POST /xingrg/kc/buy/cgsh_order_operate.html HTTP/1.1" 200 2664
180.152.99.73 - - [03/Feb/2022:12:00:15 +0800] "GET /xingrg/kc/buy/cgsh_order_operate.html?command=get_materiel&rest_code=00150&code=00101015062&supplier_code=00100151&order_time=2022-02-03 HTTP/1.1" 200 433
222.70.179.207 - - [03/Feb/2022:12:00:18 +0800] "GET /xingrg/kc/buy/cgsh_order_operate.html?command=get_materiel&rest_code=00111&code=00101004020&supplier_code=00100312&order_time=2022-02-03 HTTP/1.1" 200 429
124.78.153.118 - - [03/Feb/2022:12:00:21 +0800] "POST /xingrg/kc/buy/cgsh_list_operate.html HTTP/1.1" 200 3948
124.78.153.118 - - [03/Feb/2022:12:00:24 +0800] "GET /xingrg/kc/buy/cgsh_order_add.html HTTP/1.1" 200 65642
124.78.153.118 - - [03/Feb/2022:12:00:24 +0800] "POST /xingrg/kc/buy/cgsh_order_operate.html HTTP/1.1" 200 8245
124.78.153.118 - - [03/Feb/2022:12:00:24 +0800] "GET /xingrg/javascript/easyui/themes/default/validatebox.css HTTP/1.1" 404 1104
58.39.168.32 - - [03/Feb/2022:12:00:25 +0800] "GET /xingrg/all/function/internal_message.html?_=1643860825478&CODE_STATE=getMsg HTTP/1.1" 200 27
101.80.229.199 - - [03/Feb/2022:12:00:26 +0800] "GET /xingrg/all/function/internal_message.html?_=1643860826444&CODE_STATE=getMsg HTTP/1.1" 200 27
124.78.153.118 - - [03/Feb/2022:12:00:27 +0800] "GET /xingrg/javascript/easyui/themes/default/tree.css HTTP/1.1" 404 1090
