61.170.233.189 - - [01/Feb/2022:11:09:14 +0800] "GET /xingrg/kc/base/wldb_order_operate.html?command=get_materiel&rest_code=00106&base_code=0010408&code=00101019297 HTTP/1.1" 200 464
61.170.233.189 - - [01/Feb/2022:11:09:17 +0800] "GET /xingrg/all/function/internal_message.html?_=1643684957615&CODE_STATE=getMsg HTTP/1.1" 200 27
61.170.233.189 - - [01/Feb/2022:11:09:23 +0800] "GET /xingrg/kc/base/wldb_order_operate.html?command=get_materiel&rest_code=00106&base_code=0010408&code=00101019306 HTTP/1.1" 200 463
61.170.233.189 - - [01/Feb/2022:11:09:26 +0800] "POST /xingrg/kc/base/wldb_order_operate.html HTTP/1.1" 200 1710
222.70.176.73 - - [01/Feb/2022:11:09:30 +0800] "GET /xingrg/check_reg.html?_=1643684968841 HTTP/1.1" 200 22
61.170.233.189 - - [01/Feb/2022:11:09:37 +0800] "GET /xingrg/kc/base/wldb_order_operate.html?command=get_materiel&rest_code=00106&base_code=0010408&code=00101019375 HTTP/1.1" 200 465
180.152.99.39 - - [01/Feb/2022:11:09:43 +0800] "GET /xingrg/all/function/internal_message.html?_=1643684906393&CODE_STATE=getMsg HTTP/1.1" 200 27
180.157.251.97 - - [01/Feb/2022:11:09:46 +0800] "GET /xingrg/check_reg.html?_=1643684987480 HTTP/1.1" 200 22
61.170.233.189 - - [01/Feb/2022:11:09:56 +0800] "GET /xingrg/all/function/internal_message.html?_=1643684994607&CODE_STATE=getMsg HTTP/1.1" 200 27
116.239.131.195 - - [01/Feb/2022:11:09:59 +0800] "GET /xingrg/check_reg.html?_=1643685018778 HTTP/1.1" 200 22
61.170.233.189 - - [01/Feb/2022:11:10:01 +0800] "GET /xingrg/kc/base/wldb_order_operate.html?command=get_materiel&rest_code=00106&base_code=0010408&code=00101019384 HTTP/1.1" 200 457
116.239.131.195 - - [01/Feb/2022:11:10:04 +0800] "GET /xingrg/all/function/internal_message.html?_=1643685023280&CODE_STATE=getMsg HTTP/1.1" 200 27
222.70.243.96 - - [01/Feb/2022:11:10:04 +0800] "GET /xingrg/all/function/internal_message.html?_=1643685008568&CODE_STATE=getMsg HTTP/1.1" 302 -
222.70.176.73 - - [01/Feb/2022:11:10:08 +0800] "GET /xingrg/all/function/internal_message.html?_=1643685006548&CODE_STATE=getMsg HTTP/1.1" 200 27
61.170.233.189 - - [01/Feb/2022:11:10:09 +0800] "GET /xingrg/kc/base/wldb_order_operate.html?command=get_materiel&rest_code=00106&base_code=0010408&code=00101019391 HTTP/1.1" 200 471
116.235.92.83 - - [01/Feb/2022:11:10:10 +0800] "GET /xingrg/all/function/internal_message.html?_=1643685153420&CODE_STATE=getMsg HTTP/1.1" 200 27
222.70.243.96 - - [01/Feb/2022:11:10:10 +0800] "GET /xingrg/all/function/internal_message.html?_=1643685015700&CODE_STATE=getMsg HTTP/1.1" 200 27
58.39.168.32 - - [01/Feb/2022:11:10:15 +0800] "GET /favicon.ico HTTP/1.1" 404 -
61.170.233.189 - - [01/Feb/2022:11:10:17 +0800] "GET /xingrg/all/function/internal_message.html?_=1643685017661&CODE_STATE=getMsg HTTP/1.1" 200 27
61.170.233.189 - - [01/Feb/2022:11:10:18 +0800] "GET /xingrg/check_reg.html?_=1643685017912 HTTP/1.1" 200 22
116.239.131.195 - - [01/Feb/2022:11:10:18 +0800] "POST /xingrg/kc/base/check_list_operate.html HTTP/1.1" 200 2072
61.170.233.189 - - [01/Feb/2022:11:10:19 +0800] "GET /xingrg/kc/base/wldb_order_operate.html?command=get_materiel&rest_code=00106&base_code=0010408&code=00101019416 HTTP/1.1" 200 465
116.239.131.195 - - [01/Feb/2022:11:10:24 +0800] "GET /xingrg/kc/base/wldb_order_list.html HTTP/1.1" 200 19098
116.239.131.195 - - [01/Feb/2022:11:10:24 +0800] "GET /xingrg/javascript/easyui/themes/icons/import_new.png HTTP/1.1" 304 -
116.239.131.195 - - [01/Feb/2022:11:10:25 +0800] "POST /xingrg/kc/base/wldb_list_operate.html HTTP/1.1" 200 2926
116.239.131.195 - - [01/Feb/2022:11:10:29 +0800] "GET /xingrg/kc/base/wldb_order_add.html HTTP/1.1" 200 30308
116.239.131.195 - - [01/Feb/2022:11:10:29 +0800] "GET /xingrg/javascript/jquery_tools/order_manager.js HTTP/1.1" 304 -
116.239.131.195 - - [01/Feb/2022:11:10:29 +0800] "GET /xingrg/javascript/json2.js HTTP/1.1" 304 -
116.239.131.195 - - [01/Feb/2022:11:10:29 +0800] "GET /xingrg/words/20220128115405_words.js HTTP/1.1" 304 -
116.239.131.195 - - [01/Feb/2022:11:10:29 +0800] "GET /xingrg/javascript/easyui/themes/icons/template_new.png HTTP/1.1" 304 -
116.239.131.195 - - [01/Feb/2022:11:10:29 +0800] "GET /xingrg/javascript/easyui/themes/icons/ok.png HTTP/1.1" 304 -
116.239.131.195 - - [01/Feb/2022:11:10:29 +0800] "GET /xingrg/javascript/easyui/themes/icons/print.png HTTP/1.1" 304 -
116.239.131.195 - - [01/Feb/2022:11:10:29 +0800] "GET /xingrg/javascript/easyui/themes/default/images/menu_downarrow.png HTTP/1.1" 304 -
116.239.131.195 - - [01/Feb/2022:11:10:29 +0800] "GET /xingrg/javascript/easyui/themes/icons/cancel.png HTTP/1.1" 304 -
116.239.131.195 - - [01/Feb/2022:11:10:29 +0800] "POST /xingrg/kc/base/wldb_order_operate.html HTTP/1.1" 200 6806
116.239.131.195 - - [01/Feb/2022:11:10:29 +0800] "GET /xingrg/javascript/easyui/themes/icons/edit_remove.png HTTP/1.1" 304 -
116.239.131.195 - - [01/Feb/2022:11:10:29 +0800] "GET /xingrg/all/common/auto_word.html?type=base&rest_code=00102 HTTP/1.1" 200 1807
116.239.131.195 - - [01/Feb/2022:11:10:29 +0800] "GET /xingrg/all/common/auto_word.html?type=base&rest_code=00102 HTTP/1.1" 200 1807
116.239.131.195 - - [01/Feb/2022:11:10:30 +0800] "GET /xingrg/javascript/easyui/themes/default/validatebox.css HTTP/1.1" 404 1104
116.239.131.195 - - [01/Feb/2022:11:10:30 +0800] "GET /xingrg/javascript/easyui/plugins/jquery.validatebox.js HTTP/1.1" 304 -
116.239.131.195 - - [01/Feb/2022:11:10:30 +0800] "GET /xingrg/javascript/easyui/plugins/jquery.numberbox.js HTTP/1.1" 304 -
61.170.233.189 - - [01/Feb/2022:11:10:38 +0800] "GET /xingrg/kc/base/wldb_order_operate.html?command=get_materiel&rest_code=00106&base_code=0010408&code=00101019422 HTTP/1.1" 200 460
116.239.131.195 - - [01/Feb/2022:11:10:41 +0800] "GET /xingrg/css/images/panel_loading.gif HTTP/1.1" 304 -
116.239.131.195 - - [01/Feb/2022:11:10:41 +0800] "POST /xingrg/all/common/load_combo.html?type=base HTTP/1.1" 200 3233
61.170.233.189 - - [01/Feb/2022:11:10:42 +0800] "POST /xingrg/kc/base/wldb_order_operate.html HTTP/1.1" 200 1710
180.152.99.39 - - [01/Feb/2022:11:10:43 +0800] "GET /xingrg/all/function/internal_message.html?_=1643684966434&CODE_STATE=getMsg HTTP/1.1" 200 27
116.239.131.195 - - [01/Feb/2022:11:10:43 +0800] "POST /xingrg/all/common/load_combo.html?type=base HTTP/1.1" 200 3233
61.170.233.189 - - [01/Feb/2022:11:10:45 +0800] "GET /xingrg/kc/base/wldb_order_operate.html?command=get_materiel&rest_code=00106&base_code=0010408&code=00101019430 HTTP/1.1" 200 464
116.239.131.195 - - [01/Feb/2022:11:10:48 +0800] "GET /xingrg/javascript/auto/indicator.gif HTTP/1.1" 404 1066
116.239.131.195 - - [01/Feb/2022:11:10:53 +0800] "GET /xingrg/kc/base/wldb_order_operate.html?command=get_materiel&rest_code=00102&base_code=0010476&code=00101019222 HTTP/1.1" 200 454
61.170.233.189 - - [01/Feb/2022:11:10:53 +0800] "GET /xingrg/kc/base/wldb_order_operate.html?command=get_materiel&rest_code=00106&base_code=0010408&code=00101019435 HTTP/1.1" 200 437
61.170.233.189 - - [01/Feb/2022:11:10:56 +0800] "GET /xingrg/all/function/internal_message.html?_=1643685054574&CODE_STATE=getMsg HTTP/1.1" 200 27
116.239.131.195 - - [01/Feb/2022:11:11:04 +0800] "GET /xingrg/all/function/internal_message.html?_=1643685083294&CODE_STATE=getMsg HTTP/1.1" 200 27
222.70.243.96 - - [01/Feb/2022:11:11:04 +0800] "GET /xingrg/all/function/internal_message.html?_=1643685068581&CODE_STATE=getMsg HTTP/1.1" 302 -
101.80.226.190 - - [01/Feb/2022:11:11:05 +0800] "POST /xingrg/services/DataTransmitService HTTP/1.1" 200 524
101.80.226.190 - - [01/Feb/2022:11:11:06 +0800] "POST /xingrg/services/DataTransmitService HTTP/1.1" 200 1971
101.80.226.190 - - [01/Feb/2022:11:11:06 +0800] "POST /xingrg/services/DataTransmitService HTTP/1.1" 200 524
101.80.226.190 - - [01/Feb/2022:11:11:06 +0800] "POST /xingrg/services/DataTransmitService HTTP/1.1" 200 1971
101.80.226.190 - - [01/Feb/2022:11:11:07 +0800] "POST /xingrg/services/DataTransmitService HTTP/1.1" 200 524
101.80.226.190 - - [01/Feb/2022:11:11:07 +0800] "POST /xingrg/services/DataTransmitService HTTP/1.1" 200 1971
101.80.226.190 - - [01/Feb/2022:11:11:07 +0800] "POST /xingrg/services/DataTransmitService HTTP/1.1" 200 524
101.80.226.190 - - [01/Feb/2022:11:11:08 +0800] "POST /xingrg/services/DataTransmitService HTTP/1.1" 200 1971
101.80.226.190 - - [01/Feb/2022:11:11:08 +0800] "POST /xingrg/services/DataTransmitService HTTP/1.1" 200 524
222.70.176.73 - - [01/Feb/2022:11:11:08 +0800] "GET /xingrg/all/function/internal_message.html?_=1643685066532&CODE_STATE=getMsg HTTP/1.1" 200 27
101.80.226.190 - - [01/Feb/2022:11:11:08 +0800] "POST /xingrg/services/DataTransmitService HTTP/1.1" 200 1971
101.80.226.190 - - [01/Feb/2022:11:11:08 +0800] "POST /xingrg/services/DataTransmitService HTTP/1.1" 200 524
101.80.226.190 - - [01/Feb/2022:11:11:09 +0800] "POST /xingrg/services/DataTransmitService HTTP/1.1" 200 1971
101.80.226.190 - - [01/Feb/2022:11:11:09 +0800] "POST /xingrg/services/DataTransmitService HTTP/1.1" 200 524
101.80.226.190 - - [01/Feb/2022:11:11:09 +0800] "POST /xingrg/services/DataTransmitService HTTP/1.1" 200 1971
116.235.92.83 - - [01/Feb/2022:11:11:10 +0800] "GET /xingrg/all/function/internal_message.html?_=1643685213418&CODE_STATE=getMsg HTTP/1.1" 200 27
116.235.92.83 - - [01/Feb/2022:11:11:10 +0800] "GET /xingrg/check_reg.html?_=1643685213419 HTTP/1.1" 200 22
222.70.243.96 - - [01/Feb/2022:11:11:10 +0800] "GET /xingrg/all/function/internal_message.html?_=1643685075713&CODE_STATE=getMsg HTTP/1.1" 200 27
61.170.233.189 - - [01/Feb/2022:11:11:14 +0800] "GET /xingrg/kc/base/wldb_order_operate.html?command=get_materiel&rest_code=00106&base_code=0010408&code=00101019448 HTTP/1.1" 200 470
61.170.233.189 - - [01/Feb/2022:11:11:17 +0800] "GET /xingrg/all/function/internal_message.html?_=1643685077646&CODE_STATE=getMsg HTTP/1.1" 200 27
116.239.131.195 - - [01/Feb/2022:11:11:20 +0800] "GET /xingrg/kc/base/wldb_order_operate.html?command=get_materiel&rest_code=00102&base_code=0010476&code=00101019535 HTTP/1.1" 200 477
61.170.233.189 - - [01/Feb/2022:11:11:22 +0800] "GET /xingrg/check_reg.html?_=1643685080644 HTTP/1.1" 200 22
116.239.131.195 - - [01/Feb/2022:11:11:28 +0800] "GET /xingrg/kc/base/wldb_order_operate.html?command=get_materiel&rest_code=00102&base_code=0010476&code=00101019391 HTTP/1.1" 200 472
61.170.233.189 - - [01/Feb/2022:11:11:28 +0800] "GET /xingrg/kc/base/wldb_order_operate.html?command=get_materiel&rest_code=00106&base_code=0010408&code=00101019492 HTTP/1.1" 200 458
222.70.243.96 - - [01/Feb/2022:11:11:31 +0800] "GET /xingrg/kc/base/wldb_order_operate.html?command=get_materiel&rest_code=00146&base_code=0010070&code=00101008112 HTTP/1.1" 200 435
116.239.131.195 - - [01/Feb/2022:11:11:35 +0800] "GET /xingrg/kc/base/wldb_order_operate.html?command=get_materiel&rest_code=00102&base_code=0010476&code=00101019133 HTTP/1.1" 200 465
61.170.233.189 - - [01/Feb/2022:11:11:38 +0800] "GET /xingrg/kc/base/wldb_order_operate.html?command=get_materiel&rest_code=00106&base_code=0010408&code=00101019529 HTTP/1.1" 200 476
180.152.99.39 - - [01/Feb/2022:11:11:39 +0800] "GET /xingrg/check_reg.html?_=1643685022381 HTTP/1.1" 200 22
116.239.131.195 - - [01/Feb/2022:11:11:41 +0800] "GET /xingrg/kc/base/wldb_order_operate.html?command=get_materiel&rest_code=00102&base_code=0010476&code=00101019108 HTTP/1.1" 200 463
61.170.233.189 - - [01/Feb/2022:11:11:42 +0800] "POST /xingrg/kc/base/wldb_order_operate.html HTTP/1.1" 200 1710
180.152.99.39 - - [01/Feb/2022:11:11:43 +0800] "GET /xingrg/all/function/internal_message.html?_=1643685026436&CODE_STATE=getMsg HTTP/1.1" 200 27
116.239.131.195 - - [01/Feb/2022:11:11:47 +0800] "GET /xingrg/kc/base/wldb_order_operate.html?command=get_materiel&rest_code=00102&base_code=0010476&code=00101019238 HTTP/1.1" 200 468
222.70.243.96 - - [01/Feb/2022:11:11:51 +0800] "GET /xingrg/kc/base/wldb_order_operate.html?command=get_materiel&rest_code=00146&base_code=0010070&code=00101008125 HTTP/1.1" 200 434
61.170.233.189 - - [01/Feb/2022:11:11:56 +0800] "GET /xingrg/all/function/internal_message.html?_=1643685114546&CODE_STATE=getMsg HTTP/1.1" 200 27
116.239.131.195 - - [01/Feb/2022:11:11:58 +0800] "GET /xingrg/kc/base/wldb_order_operate.html?command=get_materiel&rest_code=00102&base_code=0010476&code=00101016064 HTTP/1.1" 200 470
222.70.243.96 - - [01/Feb/2022:11:12:01 +0800] "GET /xingrg/kc/base/wldb_order_operate.html?command=get_materiel&rest_code=00146&base_code=0010070&code=00101008131 HTTP/1.1" 200 429
116.239.131.195 - - [01/Feb/2022:11:12:02 +0800] "GET /xingrg/kc/base/wldb_order_operate.html?command=get_materiel&rest_code=00102&base_code=0010476&code=00101019390 HTTP/1.1" 200 455
61.170.233.189 - - [01/Feb/2022:11:12:04 +0800] "GET /xingrg/kc/base/wldb_order_operate.html?command=get_materiel&rest_code=00106&base_code=0010408&code=00101019534 HTTP/1.1" 200 490
116.239.131.195 - - [01/Feb/2022:11:12:04 +0800] "GET /xingrg/all/function/internal_message.html?_=1643685143308&CODE_STATE=getMsg HTTP/1.1" 200 27
222.70.243.96 - - [01/Feb/2022:11:12:04 +0800] "GET /xingrg/all/function/internal_message.html?_=1643685128613&CODE_STATE=getMsg HTTP/1.1" 302 -
116.239.131.195 - - [01/Feb/2022:11:12:07 +0800] "GET /xingrg/kc/base/wldb_order_operate.html?command=get_materiel&rest_code=00102&base_code=0010476&code=00101019015 HTTP/1.1" 200 437
222.70.176.73 - - [01/Feb/2022:11:12:08 +0800] "GET /xingrg/all/function/internal_message.html?_=1643685126519&CODE_STATE=getMsg HTTP/1.1" 200 27
116.235.92.83 - - [01/Feb/2022:11:12:10 +0800] "GET /xingrg/all/function/internal_message.html?_=1643685273433&CODE_STATE=getMsg HTTP/1.1" 200 27
222.70.243.96 - - [01/Feb/2022:11:12:10 +0800] "GET /xingrg/all/function/internal_message.html?_=1643685135726&CODE_STATE=getMsg HTTP/1.1" 200 27
101.83.241.163 - - [01/Feb/2022:11:12:10 +0800] "POST /xingrg/services/DataTransmitService HTTP/1.1" 200 524
101.83.241.163 - - [01/Feb/2022:11:12:12 +0800] "POST /xingrg/services/DataTransmitService HTTP/1.1" 200 412
116.239.131.195 - - [01/Feb/2022:11:12:13 +0800] "GET /xingrg/kc/base/wldb_order_operate.html?command=get_materiel&rest_code=00102&base_code=0010476&code=00101016019 HTTP/1.1" 200 449
61.170.233.189 - - [01/Feb/2022:11:12:14 +0800] "GET /xingrg/kc/base/wldb_order_operate.html?command=get_materiel&rest_code=00106&base_code=0010408&code=00101019770 HTTP/1.1" 200 434
222.70.243.96 - - [01/Feb/2022:11:12:16 +0800] "GET /xingrg/kc/base/wldb_order_operate.html?command=get_materiel&rest_code=00146&base_code=0010070&code=00101008175 HTTP/1.1" 200 434
61.170.233.189 - - [01/Feb/2022:11:12:17 +0800] "GET /xingrg/all/function/internal_message.html?_=1643685137628&CODE_STATE=getMsg HTTP/1.1" 200 27
222.70.243.96 - - [01/Feb/2022:11:12:19 +0800] "POST /xingrg/kc/base/wldb_order_operate.html HTTP/1.1" 200 1710
61.170.233.189 - - [01/Feb/2022:11:12:24 +0800] "GET /xingrg/kc/base/wldb_order_operate.html?command=get_materiel&rest_code=00106&base_code=0010408&code=00101019816 HTTP/1.1" 200 433
222.70.243.96 - - [01/Feb/2022:11:12:26 +0800] "GET /xingrg/kc/base/wldb_order_operate.html?command=get_materiel&rest_code=00146&base_code=0010070&code=00101008186 HTTP/1.1" 200 429
222.70.243.96 - - [01/Feb/2022:11:12:34 +0800] "GET /xingrg/kc/base/wldb_order_operate.html?command=get_materiel&rest_code=00146&base_code=0010070&code=00101008195 HTTP/1.1" 200 443
222.70.243.96 - - [01/Feb/2022:11:12:41 +0800] "GET /xingrg/kc/base/wldb_order_operate.html?command=get_materiel&rest_code=00146&base_code=0010070&code=00101008196 HTTP/1.1" 200 436
116.239.131.195 - - [01/Feb/2022:11:12:41 +0800] "POST /xingrg/kc/base/wldb_order_operate.html HTTP/1.1" 200 37
61.170.233.189 - - [01/Feb/2022:11:12:42 +0800] "GET /xingrg/kc/base/wldb_order_operate.html?command=get_materiel&rest_code=00106&base_code=0010408&code=00101020131 HTTP/1.1" 200 438
180.152.99.39 - - [01/Feb/2022:11:12:43 +0800] "GET /xingrg/all/function/internal_message.html?_=1643685086449&CODE_STATE=getMsg HTTP/1.1" 200 27
116.239.131.195 - - [01/Feb/2022:11:12:44 +0800] "POST /xingrg/kc/base/wldb_order_operate.html HTTP/1.1" 200 12
116.239.131.195 - - [01/Feb/2022:11:12:44 +0800] "POST /xingrg/kc/base/wldb_order_operate.html HTTP/1.1" 200 6712
116.239.131.195 - - [01/Feb/2022:11:12:45 +0800] "GET /xingrg/kc/base/wldb_order_info.html?code=422022020100016 HTTP/1.1" 200 26185
116.239.131.195 - - [01/Feb/2022:11:12:46 +0800] "POST /xingrg/kc/base/wldb_order_operate.html HTTP/1.1" 200 4899
116.239.131.195 - - [01/Feb/2022:11:12:46 +0800] "GET /xingrg/javascript/easyui/themes/default/validatebox.css HTTP/1.1" 404 1104
116.239.131.195 - - [01/Feb/2022:11:12:49 +0800] "GET /xingrg/kc/base/wldb_order_add.html HTTP/1.1" 200 30308
116.239.131.195 - - [01/Feb/2022:11:12:50 +0800] "POST /xingrg/kc/base/wldb_order_operate.html HTTP/1.1" 200 6806
116.239.131.195 - - [01/Feb/2022:11:12:51 +0800] "GET /xingrg/javascript/easyui/themes/default/validatebox.css HTTP/1.1" 404 1104
116.239.131.195 - - [01/Feb/2022:11:12:52 +0800] "POST /xingrg/all/common/load_combo.html?type=base HTTP/1.1" 200 3233
222.70.243.96 - - [01/Feb/2022:11:12:53 +0800] "GET /xingrg/kc/base/wldb_order_operate.html?command=get_materiel&rest_code=00146&base_code=0010070&code=00101008212 HTTP/1.1" 200 435
116.239.131.195 - - [01/Feb/2022:11:12:54 +0800] "POST /xingrg/all/common/load_combo.html?type=base HTTP/1.1" 200 3233
61.170.233.189 - - [01/Feb/2022:11:12:55 +0800] "GET /xingrg/all/function/internal_message.html?_=1643685174517&CODE_STATE=getMsg HTTP/1.1" 200 27
222.70.243.96 - - [01/Feb/2022:11:13:01 +0800] "GET /xingrg/kc/base/wldb_order_operate.html?command=get_materiel&rest_code=00146&base_code=0010070&code=00101008213 HTTP/1.1" 200 434
222.70.243.96 - - [01/Feb/2022:11:13:04 +0800] "GET /xingrg/all/function/internal_message.html?_=1643685188624&CODE_STATE=getMsg HTTP/1.1" 302 -
116.239.131.195 - - [01/Feb/2022:11:13:04 +0800] "GET /xingrg/all/function/internal_message.html?_=1643685203418&CODE_STATE=getMsg HTTP/1.1" 200 27
116.239.131.195 - - [01/Feb/2022:11:13:05 +0800] "GET /xingrg/kc/base/wldb_order_operate.html?command=get_materiel&rest_code=00102&base_code=0010476&code=00101019063 HTTP/1.1" 200 448
222.70.243.96 - - [01/Feb/2022:11:13:06 +0800] "POST /xingrg/kc/base/wldb_order_operate.html HTTP/1.1" 200 1710
222.70.176.73 - - [01/Feb/2022:11:13:08 +0800] "GET /xingrg/all/function/internal_message.html?_=1643685186504&CODE_STATE=getMsg HTTP/1.1" 200 27
116.239.131.195 - - [01/Feb/2022:11:13:10 +0800] "GET /xingrg/kc/base/wldb_order_operate.html?command=get_materiel&rest_code=00102&base_code=0010476&code=00101013076 HTTP/1.1" 200 440
116.235.92.83 - - [01/Feb/2022:11:13:10 +0800] "GET /xingrg/all/function/internal_message.html?_=1643685333431&CODE_STATE=getMsg HTTP/1.1" 200 27
222.70.243.96 - - [01/Feb/2022:11:13:10 +0800] "GET /xingrg/all/function/internal_message.html?_=1643685195741&CODE_STATE=getMsg HTTP/1.1" 200 27
222.70.243.96 - - [01/Feb/2022:11:13:12 +0800] "GET /xingrg/kc/base/wldb_order_operate.html?command=get_materiel&rest_code=00146&base_code=0010070&code=00101008214 HTTP/1.1" 200 428
61.170.233.189 - - [01/Feb/2022:11:13:17 +0800] "GET /xingrg/all/function/internal_message.html?_=1643685197602&CODE_STATE=getMsg HTTP/1.1" 200 27
116.239.131.195 - - [01/Feb/2022:11:13:18 +0800] "GET /xingrg/kc/base/wldb_order_operate.html?command=get_materiel&rest_code=00102&base_code=0010476&code=00101019185 HTTP/1.1" 200 453
61.170.233.189 - - [01/Feb/2022:11:13:18 +0800] "GET /xingrg/kc/base/wldb_order_operate.html?command=get_materiel&rest_code=00106&base_code=0010408&code=00101020133 HTTP/1.1" 200 439
222.70.243.96 - - [01/Feb/2022:11:13:19 +0800] "GET /xingrg/kc/base/wldb_order_operate.html?command=get_materiel&rest_code=00146&base_code=0010070&code=00101008219 HTTP/1.1" 200 434
116.239.131.195 - - [01/Feb/2022:11:13:22 +0800] "GET /xingrg/kc/base/wldb_order_operate.html?command=get_materiel&rest_code=00102&base_code=0010476&code=00101019071 HTTP/1.1" 200 455
61.170.233.189 - - [01/Feb/2022:11:13:26 +0800] "GET /xingrg/kc/base/wldb_order_operate.html?command=get_materiel&rest_code=00106&base_code=0010408&code=00101021031 HTTP/1.1" 200 416
116.239.131.195 - - [01/Feb/2022:11:13:28 +0800] "GET /xingrg/kc/base/wldb_order_operate.html?command=get_materiel&rest_code=00102&base_code=0010476&code=00101019527 HTTP/1.1" 200 474
222.70.243.96 - - [01/Feb/2022:11:13:29 +0800] "GET /xingrg/kc/base/wldb_order_operate.html?command=get_materiel&rest_code=00146&base_code=0010070&code=00101008225 HTTP/1.1" 200 437
61.170.233.189 - - [01/Feb/2022:11:13:30 +0800] "POST /xingrg/kc/base/wldb_order_operate.html HTTP/1.1" 200 1710
116.239.131.195 - - [01/Feb/2022:11:13:33 +0800] "GET /xingrg/kc/base/wldb_order_operate.html?command=get_materiel&rest_code=00102&base_code=0010476&code=00101019199 HTTP/1.1" 200 458
61.170.233.189 - - [01/Feb/2022:11:13:34 +0800] "GET /xingrg/kc/base/wldb_order_operate.html?command=get_materiel&rest_code=00106&base_code=0010408&code=00101021032 HTTP/1.1" 200 420
222.70.243.96 - - [01/Feb/2022:11:13:39 +0800] "GET /xingrg/kc/base/wldb_order_operate.html?command=get_materiel&rest_code=00146&base_code=0010070&code=00101008242 HTTP/1.1" 200 431
116.239.131.195 - - [01/Feb/2022:11:13:40 +0800] "GET /xingrg/kc/base/wldb_order_operate.html?command=get_materiel&rest_code=00102&base_code=0010476&code=00101019134 HTTP/1.1" 200 466
180.152.99.39 - - [01/Feb/2022:11:13:43 +0800] "GET /xingrg/all/function/internal_message.html?_=1643685146490&CODE_STATE=getMsg HTTP/1.1" 200 27
116.239.131.195 - - [01/Feb/2022:11:13:46 +0800] "GET /xingrg/kc/base/wldb_order_operate.html?command=get_materiel&rest_code=00102&base_code=0010476&code=00101019074 HTTP/1.1" 200 457
222.70.243.96 - - [01/Feb/2022:11:13:48 +0800] "GET /xingrg/kc/base/wldb_order_operate.html?command=get_materiel&rest_code=00146&base_code=0010070&code=00101008244 HTTP/1.1" 200 431
116.239.131.195 - - [01/Feb/2022:11:13:51 +0800] "GET /xingrg/kc/base/wldb_order_operate.html?command=get_materiel&rest_code=00102&base_code=0010476&code=00101019111 HTTP/1.1" 200 453
222.70.243.96 - - [01/Feb/2022:11:13:52 +0800] "POST /xingrg/kc/base/wldb_order_operate.html HTTP/1.1" 200 1710
61.170.233.189 - - [01/Feb/2022:11:13:55 +0800] "GET /xingrg/kc/base/wldb_order_operate.html?command=get_materiel&rest_code=00106&base_code=0010408&code=00101021033 HTTP/1.1" 200 421
61.170.233.189 - - [01/Feb/2022:11:13:55 +0800] "GET /xingrg/all/function/internal_message.html?_=1643685234488&CODE_STATE=getMsg HTTP/1.1" 200 27
222.70.243.96 - - [01/Feb/2022:11:13:59 +0800] "GET /xingrg/kc/base/wldb_order_operate.html?command=get_materiel&rest_code=00146&base_code=0010070&code=00101008245 HTTP/1.1" 200 428
222.70.243.96 - - [01/Feb/2022:11:14:04 +0800] "GET /xingrg/all/function/internal_message.html?_=1643685248656&CODE_STATE=getMsg HTTP/1.1" 302 -
116.239.131.195 - - [01/Feb/2022:11:14:04 +0800] "GET /xingrg/all/function/internal_message.html?_=1643685263429&CODE_STATE=getMsg HTTP/1.1" 200 27
222.70.243.96 - - [01/Feb/2022:11:14:05 +0800] "GET /xingrg/check_reg.html?_=1643685250166 HTTP/1.1" 302 -
222.70.243.96 - - [01/Feb/2022:11:14:08 +0800] "GET /xingrg/kc/base/wldb_order_operate.html?command=get_materiel&rest_code=00146&base_code=0010070&code=00101008251 HTTP/1.1" 200 431
222.70.176.73 - - [01/Feb/2022:11:14:08 +0800] "GET /xingrg/all/function/internal_message.html?_=1643685246488&CODE_STATE=getMsg HTTP/1.1" 200 27
222.70.243.96 - - [01/Feb/2022:11:14:10 +0800] "GET /xingrg/check_reg.html?_=1643685255214 HTTP/1.1" 200 22
116.235.92.83 - - [01/Feb/2022:11:14:10 +0800] "GET /xingrg/all/function/internal_message.html?_=1643685393429&CODE_STATE=getMsg HTTP/1.1" 200 27
61.170.233.189 - - [01/Feb/2022:11:14:10 +0800] "GET /xingrg/kc/base/wldb_order_operate.html?command=get_materiel&rest_code=00106&base_code=0010408&code=00101021034 HTTP/1.1" 200 425
222.70.243.96 - - [01/Feb/2022:11:14:10 +0800] "GET /xingrg/all/function/internal_message.html?_=1643685255753&CODE_STATE=getMsg HTTP/1.1" 200 27
222.70.243.96 - - [01/Feb/2022:11:14:16 +0800] "GET /xingrg/kc/base/wldb_order_operate.html?command=get_materiel&rest_code=00146&base_code=0010070&code=00101008257 HTTP/1.1" 200 438
61.170.233.189 - - [01/Feb/2022:11:14:17 +0800] "GET /xingrg/all/function/internal_message.html?_=1643685257577&CODE_STATE=getMsg HTTP/1.1" 200 27
61.170.233.189 - - [01/Feb/2022:11:14:22 +0800] "GET /xingrg/kc/base/wldb_order_operate.html?command=get_materiel&rest_code=00106&base_code=0010408&code=00101019358 HTTP/1.1" 200 460
222.70.243.96 - - [01/Feb/2022:11:14:23 +0800] "GET /xingrg/kc/base/wldb_order_operate.html?command=get_materiel&rest_code=00146&base_code=0010070&code=00101008264 HTTP/1.1" 200 435
222.70.176.73 - - [01/Feb/2022:11:14:30 +0800] "GET /xingrg/check_reg.html?_=1643685268858 HTTP/1.1" 200 22
222.70.243.96 - - [01/Feb/2022:11:14:34 +0800] "GET /xingrg/kc/base/wldb_order_operate.html?command=get_materiel&rest_code=00146&base_code=0010070&code=00101008270 HTTP/1.1" 200 434
222.70.243.96 - - [01/Feb/2022:11:14:37 +0800] "POST /xingrg/kc/base/wldb_order_operate.html HTTP/1.1" 200 1710
116.239.131.195 - - [01/Feb/2022:11:14:39 +0800] "POST /xingrg/kc/base/wldb_order_operate.html HTTP/1.1" 200 37
116.239.131.195 - - [01/Feb/2022:11:14:41 +0800] "POST /xingrg/kc/base/wldb_order_operate.html HTTP/1.1" 200 12
116.239.131.195 - - [01/Feb/2022:11:14:41 +0800] "POST /xingrg/kc/base/wldb_order_operate.html HTTP/1.1" 200 7210
180.152.99.39 - - [01/Feb/2022:11:14:43 +0800] "GET /xingrg/all/function/internal_message.html?_=1643685206507&CODE_STATE=getMsg HTTP/1.1" 200 27
116.239.131.195 - - [01/Feb/2022:11:14:44 +0800] "GET /xingrg/kc/base/wldb_order_info.html?code=422022020100017 HTTP/1.1" 200 26185
116.239.131.195 - - [01/Feb/2022:11:14:46 +0800] "POST /xingrg/kc/base/wldb_order_operate.html HTTP/1.1" 200 5388
180.157.251.97 - - [01/Feb/2022:11:14:46 +0800] "GET /xingrg/check_reg.html?_=1643685287456 HTTP/1.1" 200 22
116.239.131.195 - - [01/Feb/2022:11:14:46 +0800] "GET /xingrg/javascript/easyui/themes/default/validatebox.css HTTP/1.1" 404 1104
222.70.243.96 - - [01/Feb/2022:11:14:46 +0800] "GET /xingrg/kc/base/wldb_order_operate.html?command=get_materiel&rest_code=00146&base_code=0010070&code=00101008286 HTTP/1.1" 200 430
116.239.131.195 - - [01/Feb/2022:11:14:48 +0800] "GET /xingrg/kc/base/wldb_order_add.html HTTP/1.1" 200 30308
116.239.131.195 - - [01/Feb/2022:11:14:49 +0800] "POST /xingrg/kc/base/wldb_order_operate.html HTTP/1.1" 200 6806
116.239.131.195 - - [01/Feb/2022:11:14:50 +0800] "GET /xingrg/javascript/easyui/themes/default/validatebox.css HTTP/1.1" 404 1104
116.239.131.195 - - [01/Feb/2022:11:14:51 +0800] "POST /xingrg/all/common/load_combo.html?type=base HTTP/1.1" 200 3233
116.239.131.195 - - [01/Feb/2022:11:14:53 +0800] "POST /xingrg/all/common/load_combo.html?type=base HTTP/1.1" 200 3233
222.70.243.96 - - [01/Feb/2022:11:14:54 +0800] "GET /xingrg/kc/base/wldb_order_operate.html?command=get_materiel&rest_code=00146&base_code=0010070&code=00101008290 HTTP/1.1" 200 437
61.170.233.189 - - [01/Feb/2022:11:14:55 +0800] "GET /xingrg/all/function/internal_message.html?_=1643685294464&CODE_STATE=getMsg HTTP/1.1" 200 27
116.239.131.195 - - [01/Feb/2022:11:14:59 +0800] "GET /xingrg/check_reg.html?_=1643685318856 HTTP/1.1" 200 22
222.70.243.96 - - [01/Feb/2022:11:15:04 +0800] "GET /xingrg/all/function/internal_message.html?_=1643685308683&CODE_STATE=getMsg HTTP/1.1" 302 -
222.70.243.96 - - [01/Feb/2022:11:15:04 +0800] "GET /xingrg/kc/base/wldb_order_operate.html?command=get_materiel&rest_code=00146&base_code=0010070&code=00101008291 HTTP/1.1" 200 431
116.239.131.195 - - [01/Feb/2022:11:15:04 +0800] "GET /xingrg/all/function/internal_message.html?_=1643685323976&CODE_STATE=getMsg HTTP/1.1" 200 27
222.70.176.73 - - [01/Feb/2022:11:15:08 +0800] "GET /xingrg/all/function/internal_message.html?_=1643685306472&CODE_STATE=getMsg HTTP/1.1" 200 27
116.239.131.195 - - [01/Feb/2022:11:15:09 +0800] "GET /xingrg/kc/base/wldb_order_operate.html?command=get_materiel&rest_code=00102&base_code=0010477&code=00102002560 HTTP/1.1" 200 433
116.235.92.83 - - [01/Feb/2022:11:15:10 +0800] "GET /xingrg/all/function/internal_message.html?_=1643685453428&CODE_STATE=getMsg HTTP/1.1" 200 27
222.70.243.96 - - [01/Feb/2022:11:15:10 +0800] "GET /xingrg/all/function/internal_message.html?_=1643685315768&CODE_STATE=getMsg HTTP/1.1" 200 27
222.70.243.96 - - [01/Feb/2022:11:15:14 +0800] "GET /xingrg/kc/base/wldb_order_operate.html?command=get_materiel&rest_code=00146&base_code=0010070&code=00101008296 HTTP/1.1" 200 439
116.239.131.195 - - [01/Feb/2022:11:15:16 +0800] "GET /xingrg/kc/base/wldb_order_operate.html?command=get_materiel&rest_code=00102&base_code=0010477&code=00102002610 HTTP/1.1" 200 430
61.170.233.189 - - [01/Feb/2022:11:15:17 +0800] "GET /xingrg/all/function/internal_message.html?_=1643685317585&CODE_STATE=getMsg HTTP/1.1" 200 27
61.170.233.189 - - [01/Feb/2022:11:15:18 +0800] "GET /xingrg/check_reg.html?_=1643685317914 HTTP/1.1" 200 22
61.170.233.189 - - [01/Feb/2022:11:15:20 +0800] "GET /xingrg/kc/base/wldb_order_operate.html?command=get_materiel&rest_code=00106&base_code=0010408&code=00101022109 HTTP/1.1" 200 416
116.239.131.195 - - [01/Feb/2022:11:15:23 +0800] "GET /xingrg/kc/base/wldb_order_operate.html?command=get_materiel&rest_code=00102&base_code=0010477&code=00102004018 HTTP/1.1" 200 444
222.70.243.96 - - [01/Feb/2022:11:15:25 +0800] "GET /xingrg/kc/base/wldb_order_operate.html?command=get_materiel&rest_code=00146&base_code=0010070&code=00101008298 HTTP/1.1" 200 435
222.70.243.96 - - [01/Feb/2022:11:15:27 +0800] "POST /xingrg/kc/base/wldb_order_operate.html HTTP/1.1" 200 1710
61.170.233.189 - - [01/Feb/2022:11:15:29 +0800] "POST /xingrg/kc/base/wldb_order_operate.html HTTP/1.1" 200 1710
222.70.243.96 - - [01/Feb/2022:11:15:34 +0800] "GET /xingrg/kc/base/wldb_order_operate.html?command=get_materiel&rest_code=00146&base_code=0010070&code=00101008300 HTTP/1.1" 200 434
116.239.131.195 - - [01/Feb/2022:11:15:34 +0800] "POST /xingrg/kc/base/wldb_order_operate.html HTTP/1.1" 200 37
116.239.131.195 - - [01/Feb/2022:11:15:36 +0800] "POST /xingrg/kc/base/wldb_order_operate.html HTTP/1.1" 200 12
116.239.131.195 - - [01/Feb/2022:11:15:37 +0800] "POST /xingrg/kc/base/wldb_order_operate.html HTTP/1.1" 200 2672
116.239.131.195 - - [01/Feb/2022:11:15:39 +0800] "GET /xingrg/kc/base/wldb_order_info.html?code=422022020100018 HTTP/1.1" 200 26184
116.239.131.195 - - [01/Feb/2022:11:15:40 +0800] "POST /xingrg/kc/base/wldb_order_operate.html HTTP/1.1" 200 954
116.239.131.195 - - [01/Feb/2022:11:15:41 +0800] "GET /xingrg/javascript/easyui/themes/default/validatebox.css HTTP/1.1" 404 1104
61.170.233.189 - - [01/Feb/2022:11:15:41 +0800] "GET /xingrg/kc/base/wldb_order_operate.html?command=get_materiel&rest_code=00106&base_code=0010408&code=00101026025 HTTP/1.1" 200 490
222.70.243.96 - - [01/Feb/2022:11:15:43 +0800] "GET /xingrg/kc/base/wldb_order_operate.html?command=get_materiel&rest_code=00146&base_code=0010070&code=00101008305 HTTP/1.1" 200 432
180.152.99.39 - - [01/Feb/2022:11:15:43 +0800] "GET /xingrg/all/function/internal_message.html?_=1643685266549&CODE_STATE=getMsg HTTP/1.1" 200 27
116.239.131.195 - - [01/Feb/2022:11:15:48 +0800] "POST /xingrg/kc/base/wldb_list_operate.html HTTP/1.1" 200 6019
61.170.233.189 - - [01/Feb/2022:11:15:50 +0800] "GET /xingrg/kc/base/wldb_order_operate.html?command=get_materiel&rest_code=00106&base_code=0010408&code=00101034137 HTTP/1.1" 200 423
222.70.243.96 - - [01/Feb/2022:11:15:54 +0800] "GET /xingrg/kc/base/wldb_order_operate.html?command=get_materiel&rest_code=00146&base_code=0010070&code=00101008351 HTTP/1.1" 200 429
116.239.131.195 - - [01/Feb/2022:11:15:54 +0800] "POST /xingrg/kc/base/wldb_list_operate.html HTTP/1.1" 200 6233
61.170.233.189 - - [01/Feb/2022:11:15:55 +0800] "GET /xingrg/all/function/internal_message.html?_=1643685354432&CODE_STATE=getMsg HTTP/1.1" 200 27
101.91.60.88 - - [01/Feb/2022:11:15:56 +0800] "GET /xingrg/all/function/internal_message.html?_=1643685294464&CODE_STATE=getMsg HTTP/1.1" 302 -
101.91.60.88 - - [01/Feb/2022:11:15:56 +0800] "GET /xingrg/login.html HTTP/1.1" 200 7641
61.170.233.189 - - [01/Feb/2022:11:15:58 +0800] "POST /xingrg/kc/base/wldb_order_operate.html HTTP/1.1" 200 37
61.170.233.189 - - [01/Feb/2022:11:15:58 +0800] "POST /xingrg/kc/base/wldb_order_operate.html HTTP/1.1" 200 54259
61.170.233.189 - - [01/Feb/2022:11:15:59 +0800] "GET /xingrg/kc/base/wldb_order_info.html?code=422022020100014 HTTP/1.1" 200 30332
61.170.233.189 - - [01/Feb/2022:11:16:00 +0800] "GET /xingrg/javascript/easyui/themes/default/validatebox.css HTTP/1.1" 404 1104
61.170.233.189 - - [01/Feb/2022:11:16:00 +0800] "POST /xingrg/kc/base/wldb_order_operate.html HTTP/1.1" 200 54259
116.239.131.195 - - [01/Feb/2022:11:16:00 +0800] "POST /xingrg/kc/base/wldb_list_operate.html HTTP/1.1" 200 204
116.239.131.195 - - [01/Feb/2022:11:16:03 +0800] "POST /xingrg/kc/base/wldb_list_operate.html HTTP/1.1" 200 362
222.70.243.96 - - [01/Feb/2022:11:16:04 +0800] "GET /xingrg/all/function/internal_message.html?_=1643685368696&CODE_STATE=getMsg HTTP/1.1" 302 -
116.239.131.195 - - [01/Feb/2022:11:16:04 +0800] "GET /xingrg/all/function/internal_message.html?_=1643685383986&CODE_STATE=getMsg HTTP/1.1" 200 27
116.239.131.195 - - [01/Feb/2022:11:16:06 +0800] "POST /xingrg/kc/base/wldb_list_operate.html HTTP/1.1" 200 365
222.70.176.73 - - [01/Feb/2022:11:16:08 +0800] "GET /xingrg/all/function/internal_message.html?_=1643685366456&CODE_STATE=getMsg HTTP/1.1" 200 27
222.70.243.96 - - [01/Feb/2022:11:16:09 +0800] "GET /xingrg/kc/base/wldb_order_operate.html?command=get_materiel&rest_code=00146&base_code=0010070&code=00101008353 HTTP/1.1" 200 431
116.235.92.83 - - [01/Feb/2022:11:16:10 +0800] "GET /xingrg/check_reg.html?_=1643685513426 HTTP/1.1" 200 22
116.235.92.83 - - [01/Feb/2022:11:16:10 +0800] "GET /xingrg/all/function/internal_message.html?_=1643685513427&CODE_STATE=getMsg HTTP/1.1" 200 27
222.70.243.96 - - [01/Feb/2022:11:16:10 +0800] "GET /xingrg/all/function/internal_message.html?_=1643685375781&CODE_STATE=getMsg HTTP/1.1" 200 27
116.239.131.195 - - [01/Feb/2022:11:16:12 +0800] "POST /xingrg/kc/base/wldb_list_operate.html HTTP/1.1" 200 6220
116.239.131.195 - - [01/Feb/2022:11:16:14 +0800] "POST /xingrg/kc/base/wldb_list_operate.html HTTP/1.1" 200 608
61.170.233.189 - - [01/Feb/2022:11:16:17 +0800] "GET /xingrg/all/function/internal_message.html?_=1643685377562&CODE_STATE=getMsg HTTP/1.1" 200 27
222.70.243.96 - - [01/Feb/2022:11:16:19 +0800] "GET /xingrg/kc/base/wldb_order_operate.html?command=get_materiel&rest_code=00146&base_code=0010070&code=00101008354 HTTP/1.1" 200 435
116.239.131.195 - - [01/Feb/2022:11:16:22 +0800] "GET /xingrg/kc/base/wldb_order_info.html?code=422022012803817 HTTP/1.1" 200 26191
61.170.233.189 - - [01/Feb/2022:11:16:22 +0800] "GET /xingrg/check_reg.html?_=1643685380612 HTTP/1.1" 200 22
116.239.131.195 - - [01/Feb/2022:11:16:22 +0800] "POST /xingrg/kc/base/wldb_order_operate.html HTTP/1.1" 200 3335
116.239.131.195 - - [01/Feb/2022:11:16:23 +0800] "GET /xingrg/javascript/easyui/themes/default/validatebox.css HTTP/1.1" 404 1104
222.70.243.96 - - [01/Feb/2022:11:16:24 +0800] "POST /xingrg/kc/base/wldb_order_operate.html HTTP/1.1" 200 1710
116.239.131.195 - - [01/Feb/2022:11:16:28 +0800] "POST /xingrg/kc/base/wldb_list_operate.html HTTP/1.1" 200 6248
222.70.243.96 - - [01/Feb/2022:11:16:28 +0800] "GET /xingrg/kc/base/wldb_order_operate.html?command=get_materiel&rest_code=00146&base_code=0010070&code=00101008356 HTTP/1.1" 200 430
116.239.131.195 - - [01/Feb/2022:11:16:32 +0800] "POST /xingrg/kc/base/wldb_list_operate.html HTTP/1.1" 200 458
116.239.131.195 - - [01/Feb/2022:11:16:36 +0800] "GET /xingrg/kc/base/wldb_order_info.html?code=422022012803812 HTTP/1.1" 200 26190
116.239.131.195 - - [01/Feb/2022:11:16:37 +0800] "POST /xingrg/kc/base/wldb_order_operate.html HTTP/1.1" 200 1939
116.239.131.195 - - [01/Feb/2022:11:16:37 +0800] "GET /xingrg/javascript/easyui/themes/default/validatebox.css HTTP/1.1" 404 1104
180.152.99.39 - - [01/Feb/2022:11:16:39 +0800] "GET /xingrg/check_reg.html?_=1643685322390 HTTP/1.1" 200 22
222.70.243.96 - - [01/Feb/2022:11:16:41 +0800] "GET /xingrg/kc/base/wldb_order_operate.html?command=get_materiel&rest_code=00146&base_code=0010070&code=00101008357 HTTP/1.1" 200 429
116.239.131.195 - - [01/Feb/2022:11:16:43 +0800] "GET /xingrg/kc/base/wldb_order_add.html HTTP/1.1" 200 30308
180.152.99.39 - - [01/Feb/2022:11:16:43 +0800] "GET /xingrg/all/function/internal_message.html?_=1643685326551&CODE_STATE=getMsg HTTP/1.1" 200 27
116.239.131.195 - - [01/Feb/2022:11:16:44 +0800] "POST /xingrg/kc/base/wldb_order_operate.html HTTP/1.1" 200 6806
116.239.131.195 - - [01/Feb/2022:11:16:44 +0800] "GET /xingrg/javascript/easyui/themes/default/validatebox.css HTTP/1.1" 404 1104
116.239.131.195 - - [01/Feb/2022:11:16:45 +0800] "POST /xingrg/all/common/load_combo.html?type=base HTTP/1.1" 200 3233
116.239.131.195 - - [01/Feb/2022:11:16:47 +0800] "POST /xingrg/all/common/load_combo.html?type=base HTTP/1.1" 200 3233
222.70.243.96 - - [01/Feb/2022:11:16:53 +0800] "GET /xingrg/kc/base/wldb_order_operate.html?command=get_materiel&rest_code=00146&base_code=0010070&code=00101008358 HTTP/1.1" 200 434
61.170.233.189 - - [01/Feb/2022:11:16:55 +0800] "GET /xingrg/all/function/internal_message.html?_=1643685414414&CODE_STATE=getMsg HTTP/1.1" 200 27
116.239.131.195 - - [01/Feb/2022:11:16:56 +0800] "GET /xingrg/kc/base/wldb_order_operate.html?command=get_materiel&rest_code=00102&base_code=0010477&code=00102002347 HTTP/1.1" 200 443
222.70.243.96 - - [01/Feb/2022:11:17:02 +0800] "GET /xingrg/kc/base/wldb_order_operate.html?command=get_materiel&rest_code=00146&base_code=0010070&code=00101008361 HTTP/1.1" 200 430
116.239.131.195 - - [01/Feb/2022:11:17:02 +0800] "GET /xingrg/kc/base/wldb_order_operate.html?command=get_materiel&rest_code=00102&base_code=0010477&code=00102002376 HTTP/1.1" 200 431
222.70.243.96 - - [01/Feb/2022:11:17:04 +0800] "GET /xingrg/all/function/internal_message.html?_=1643685428728&CODE_STATE=getMsg HTTP/1.1" 302 -
222.70.176.73 - - [01/Feb/2022:11:17:08 +0800] "GET /xingrg/all/function/internal_message.html?_=1643685426441&CODE_STATE=getMsg HTTP/1.1" 200 27
116.235.92.83 - - [01/Feb/2022:11:17:10 +0800] "GET /xingrg/all/function/internal_message.html?_=1643685573425&CODE_STATE=getMsg HTTP/1.1" 200 27
222.70.243.96 - - [01/Feb/2022:11:17:10 +0800] "GET /xingrg/all/function/internal_message.html?_=1643685435794&CODE_STATE=getMsg HTTP/1.1" 200 27
222.70.243.96 - - [01/Feb/2022:11:17:13 +0800] "GET /xingrg/kc/base/wldb_order_operate.html?command=get_materiel&rest_code=00146&base_code=0010070&code=00101008557 HTTP/1.1" 200 452
116.239.131.195 - - [01/Feb/2022:11:17:16 +0800] "GET /xingrg/kc/base/wldb_order_operate.html?command=get_materiel&rest_code=00102&base_code=0010477&code=00102002150 HTTP/1.1" 200 433
222.70.243.96 - - [01/Feb/2022:11:17:17 +0800] "POST /xingrg/kc/base/wldb_order_operate.html HTTP/1.1" 200 1710
61.170.233.189 - - [01/Feb/2022:11:17:17 +0800] "GET /xingrg/all/function/internal_message.html?_=1643685437545&CODE_STATE=getMsg HTTP/1.1" 200 27
222.70.243.96 - - [01/Feb/2022:11:17:21 +0800] "GET /xingrg/kc/base/wldb_order_operate.html?command=get_materiel&rest_code=00146&base_code=0010070&code=00101008559 HTTP/1.1" 200 418
222.70.243.96 - - [01/Feb/2022:11:17:28 +0800] "GET /xingrg/kc/base/wldb_order_operate.html?command=get_materiel&rest_code=00146&base_code=0010070&code=00101008598 HTTP/1.1" 200 437
116.239.131.195 - - [01/Feb/2022:11:17:33 +0800] "GET /xingrg/kc/base/wldb_order_operate.html?command=get_materiel&rest_code=00102&base_code=0010477&code=00102004030 HTTP/1.1" 200 442
222.70.243.96 - - [01/Feb/2022:11:17:38 +0800] "GET /xingrg/kc/base/wldb_order_operate.html?command=get_materiel&rest_code=00146&base_code=0010070&code=00101010079 HTTP/1.1" 200 434
116.239.131.195 - - [01/Feb/2022:11:17:42 +0800] "GET /xingrg/kc/base/wldb_order_operate.html?command=get_materiel&rest_code=00102&base_code=0010477&code=00102002204 HTTP/1.1" 200 434
180.152.99.39 - - [01/Feb/2022:11:17:43 +0800] "GET /xingrg/all/function/internal_message.html?_=1643685386564&CODE_STATE=getMsg HTTP/1.1" 200 27
222.70.243.96 - - [01/Feb/2022:11:17:47 +0800] "GET /xingrg/kc/base/wldb_order_operate.html?command=get_materiel&rest_code=00146&base_code=0010070&code=00101010161 HTTP/1.1" 200 430
116.239.131.195 - - [01/Feb/2022:11:17:48 +0800] "GET /xingrg/kc/base/wldb_order_operate.html?command=get_materiel&rest_code=00102&base_code=0010477&code=00102002448 HTTP/1.1" 200 425
61.170.233.189 - - [01/Feb/2022:11:17:55 +0800] "GET /xingrg/all/function/internal_message.html?_=1643685474392&CODE_STATE=getMsg HTTP/1.1" 200 27
222.70.243.96 - - [01/Feb/2022:11:17:59 +0800] "GET /xingrg/kc/base/wldb_order_operate.html?command=get_materiel&rest_code=00146&base_code=0010070&code=00101010184 HTTP/1.1" 200 433
222.70.243.96 - - [01/Feb/2022:11:18:02 +0800] "POST /xingrg/kc/base/wldb_order_operate.html HTTP/1.1" 200 1710
61.170.233.189 - - [01/Feb/2022:11:18:03 +0800] "POST /xingrg/kc/base/wldb_list_operate.html HTTP/1.1" 200 6184
222.70.243.96 - - [01/Feb/2022:11:18:04 +0800] "GET /xingrg/all/function/internal_message.html?_=1643685488738&CODE_STATE=getMsg HTTP/1.1" 302 -
61.170.233.189 - - [01/Feb/2022:11:18:04 +0800] "POST /xingrg/kc/base/wldb_list_operate.html HTTP/1.1" 200 594
116.239.131.195 - - [01/Feb/2022:11:18:04 +0800] "GET /xingrg/all/function/internal_message.html?_=1643685504013&CODE_STATE=getMsg HTTP/1.1" 200 27
61.170.233.189 - - [01/Feb/2022:11:18:05 +0800] "GET /xingrg/kc/base/wldb_order_info.html?code=422022020100014 HTTP/1.1" 200 30332
61.170.233.189 - - [01/Feb/2022:11:18:06 +0800] "GET /xingrg/javascript/easyui/themes/default/validatebox.css HTTP/1.1" 404 1104
61.170.233.189 - - [01/Feb/2022:11:18:06 +0800] "POST /xingrg/kc/base/wldb_order_operate.html HTTP/1.1" 200 54259
222.70.176.73 - - [01/Feb/2022:11:18:08 +0800] "GET /xingrg/all/function/internal_message.html?_=1643685486419&CODE_STATE=getMsg HTTP/1.1" 200 27
116.239.131.195 - - [01/Feb/2022:11:18:08 +0800] "POST /xingrg/kc/base/wldb_order_operate.html HTTP/1.1" 200 37
116.235.92.83 - - [01/Feb/2022:11:18:10 +0800] "GET /xingrg/all/function/internal_message.html?_=1643685633423&CODE_STATE=getMsg HTTP/1.1" 200 27
116.239.131.195 - - [01/Feb/2022:11:18:10 +0800] "POST /xingrg/kc/base/wldb_order_operate.html HTTP/1.1" 200 12
116.239.131.195 - - [01/Feb/2022:11:18:10 +0800] "POST /xingrg/kc/base/wldb_order_operate.html HTTP/1.1" 200 3653
222.70.243.96 - - [01/Feb/2022:11:18:10 +0800] "GET /xingrg/all/function/internal_message.html?_=1643685495808&CODE_STATE=getMsg HTTP/1.1" 200 27
61.170.233.189 - - [01/Feb/2022:11:18:11 +0800] "POST /xingrg/kc/base/wldb_order_operate.html HTTP/1.1" 200 37
116.239.131.195 - - [01/Feb/2022:11:18:11 +0800] "GET /xingrg/kc/base/wldb_order_info.html?code=422022020100019 HTTP/1.1" 200 26184
61.170.233.189 - - [01/Feb/2022:11:18:13 +0800] "POST /xingrg/kc/base/wldb_order_operate.html HTTP/1.1" 200 12
61.170.233.189 - - [01/Feb/2022:11:18:13 +0800] "POST /xingrg/kc/base/wldb_order_operate.html HTTP/1.1" 200 54241
116.239.131.195 - - [01/Feb/2022:11:18:13 +0800] "POST /xingrg/kc/base/wldb_order_operate.html HTTP/1.1" 200 1913
116.239.131.195 - - [01/Feb/2022:11:18:14 +0800] "GET /xingrg/javascript/easyui/themes/default/validatebox.css HTTP/1.1" 404 1104
61.170.233.189 - - [01/Feb/2022:11:18:18 +0800] "GET /xingrg/kc/base/wldb_order_info.html?code=422022020100014 HTTP/1.1" 200 26198
61.170.233.189 - - [01/Feb/2022:11:18:19 +0800] "GET /xingrg/all/function/internal_message.html?_=1643685498991&CODE_STATE=getMsg HTTP/1.1" 200 27
61.170.233.189 - - [01/Feb/2022:11:18:19 +0800] "GET /xingrg/javascript/easyui/themes/default/validatebox.css HTTP/1.1" 404 1104
61.170.233.189 - - [01/Feb/2022:11:18:19 +0800] "POST /xingrg/kc/base/wldb_order_operate.html HTTP/1.1" 200 51336
222.70.243.96 - - [01/Feb/2022:11:18:28 +0800] "POST /xingrg/kc/base/wldb_order_operate.html HTTP/1.1" 200 37
222.70.243.96 - - [01/Feb/2022:11:18:28 +0800] "POST /xingrg/kc/base/wldb_order_operate.html HTTP/1.1" 200 40260
222.70.243.96 - - [01/Feb/2022:11:18:29 +0800] "GET /xingrg/kc/base/wldb_order_info.html?code=422022020100015 HTTP/1.1" 200 30334
61.170.233.189 - - [01/Feb/2022:11:18:29 +0800] "POST /xingrg/kc/base/wldb_list_operate.html HTTP/1.1" 200 6200
222.70.243.96 - - [01/Feb/2022:11:18:30 +0800] "GET /xingrg/javascript/easyui/themes/default/validatebox.css HTTP/1.1" 404 1104
222.70.243.96 - - [01/Feb/2022:11:18:30 +0800] "POST /xingrg/kc/base/wldb_order_operate.html HTTP/1.1" 200 40260
61.151.179.84 - - [01/Feb/2022:11:18:39 +0800] "GET /xingrg/all/function/internal_message.html?_=1643678996969&CODE_STATE=getMsg HTTP/1.1" 302 -
61.151.179.84 - - [01/Feb/2022:11:18:41 +0800] "GET /xingrg/login.html HTTP/1.1" 200 7641
180.152.99.39 - - [01/Feb/2022:11:18:43 +0800] "GET /xingrg/all/function/internal_message.html?_=1643685446602&CODE_STATE=getMsg HTTP/1.1" 200 27
61.170.233.189 - - [01/Feb/2022:11:18:45 +0800] "GET /xingrg/kc/base/wldb_order_add.html HTTP/1.1" 200 30316
61.170.233.189 - - [01/Feb/2022:11:18:45 +0800] "POST /xingrg/kc/base/wldb_order_operate.html HTTP/1.1" 200 6806
61.170.233.189 - - [01/Feb/2022:11:18:46 +0800] "GET /xingrg/javascript/easyui/themes/default/validatebox.css HTTP/1.1" 404 1104
61.170.233.189 - - [01/Feb/2022:11:18:47 +0800] "POST /xingrg/all/common/load_combo.html?type=base HTTP/1.1" 200 3315
222.70.243.96 - - [01/Feb/2022:11:18:52 +0800] "GET /xingrg/kc/base/wldb_order_operate.html?command=get_materiel&rest_code=00146&base_code=0010070&code=00101010200 HTTP/1.1" 200 437
61.170.233.189 - - [01/Feb/2022:11:18:55 +0800] "POST /xingrg/all/common/load_combo.html?type=base HTTP/1.1" 200 3315
61.170.233.189 - - [01/Feb/2022:11:18:55 +0800] "GET /xingrg/all/function/internal_message.html?_=1643685534361&CODE_STATE=getMsg HTTP/1.1" 200 27
222.70.243.96 - - [01/Feb/2022:11:19:04 +0800] "GET /xingrg/all/function/internal_message.html?_=1643685548771&CODE_STATE=getMsg HTTP/1.1" 302 -
116.239.131.195 - - [01/Feb/2022:11:19:05 +0800] "GET /xingrg/all/function/internal_message.html?_=1643685564779&CODE_STATE=getMsg HTTP/1.1" 200 27
222.70.243.96 - - [01/Feb/2022:11:19:05 +0800] "GET /xingrg/check_reg.html?_=1643685550174 HTTP/1.1" 302 -
222.70.243.96 - - [01/Feb/2022:11:19:06 +0800] "GET /xingrg/kc/base/wldb_order_operate.html?command=get_materiel&rest_code=00146&base_code=0010070&code=00101010222 HTTP/1.1" 200 446
222.70.176.73 - - [01/Feb/2022:11:19:08 +0800] "GET /xingrg/all/function/internal_message.html?_=1643685546406&CODE_STATE=getMsg HTTP/1.1" 200 27
222.70.243.96 - - [01/Feb/2022:11:19:10 +0800] "GET /xingrg/check_reg.html?_=1643685555213 HTTP/1.1" 200 22
116.235.92.83 - - [01/Feb/2022:11:19:10 +0800] "GET /xingrg/all/function/internal_message.html?_=1643685693421&CODE_STATE=getMsg HTTP/1.1" 200 27
61.170.233.189 - - [01/Feb/2022:11:19:10 +0800] "GET /xingrg/kc/base/wldb_order_operate.html?command=get_materiel&rest_code=00106&base_code=0010404&code=00101008451 HTTP/1.1" 200 414
222.70.243.96 - - [01/Feb/2022:11:19:10 +0800] "GET /xingrg/all/function/internal_message.html?_=1643685555912&CODE_STATE=getMsg HTTP/1.1" 200 27
61.170.233.189 - - [01/Feb/2022:11:19:14 +0800] "GET /xingrg/kc/base/wldb_order_operate.html?command=get_materiel&rest_code=00106&base_code=0010404&code=00101001095 HTTP/1.1" 200 435
222.70.243.96 - - [01/Feb/2022:11:19:17 +0800] "GET /xingrg/kc/base/wldb_order_operate.html?command=get_materiel&rest_code=00146&base_code=0010070&code=00101010269 HTTP/1.1" 200 431
61.170.233.189 - - [01/Feb/2022:11:19:19 +0800] "GET /xingrg/all/function/internal_message.html?_=1643685558964&CODE_STATE=getMsg HTTP/1.1" 200 27
61.170.233.189 - - [01/Feb/2022:11:19:21 +0800] "GET /xingrg/kc/base/wldb_order_operate.html?command=get_materiel&rest_code=00106&base_code=0010404&code=00101001109 HTTP/1.1" 200 436
222.70.243.96 - - [01/Feb/2022:11:19:25 +0800] "GET /xingrg/kc/base/wldb_order_operate.html?command=get_materiel&rest_code=00146&base_code=0010070&code=00101010282 HTTP/1.1" 200 436
61.170.233.189 - - [01/Feb/2022:11:19:28 +0800] "GET /xingrg/kc/base/wldb_order_operate.html?command=get_materiel&rest_code=00106&base_code=0010404&code=00101001155 HTTP/1.1" 200 435
222.70.243.96 - - [01/Feb/2022:11:19:30 +0800] "POST /xingrg/kc/base/wldb_order_operate.html HTTP/1.1" 200 1710
222.70.176.73 - - [01/Feb/2022:11:19:30 +0800] "GET /xingrg/check_reg.html?_=1643685568842 HTTP/1.1" 200 22
61.170.233.189 - - [01/Feb/2022:11:19:37 +0800] "GET /xingrg/kc/base/wldb_order_operate.html?command=get_materiel&rest_code=00106&base_code=0010404&code=00101001274 HTTP/1.1" 200 416
222.70.243.96 - - [01/Feb/2022:11:19:38 +0800] "GET /xingrg/kc/base/wldb_order_operate.html?command=get_materiel&rest_code=00146&base_code=0010070&code=00101010063 HTTP/1.1" 200 431
101.80.226.190 - - [01/Feb/2022:11:19:40 +0800] "POST /xingrg/services/DataTransmitService HTTP/1.1" 200 524
101.80.226.190 - - [01/Feb/2022:11:19:41 +0800] "POST /xingrg/services/DataTransmitService HTTP/1.1" 200 1971
101.80.226.190 - - [01/Feb/2022:11:19:41 +0800] "POST /xingrg/services/DataTransmitService HTTP/1.1" 200 524
101.80.226.190 - - [01/Feb/2022:11:19:42 +0800] "POST /xingrg/services/DataTransmitService HTTP/1.1" 200 1971
101.80.226.190 - - [01/Feb/2022:11:19:42 +0800] "POST /xingrg/services/DataTransmitService HTTP/1.1" 200 524
101.80.226.190 - - [01/Feb/2022:11:19:42 +0800] "POST /xingrg/services/DataTransmitService HTTP/1.1" 200 1971
101.80.226.190 - - [01/Feb/2022:11:19:42 +0800] "POST /xingrg/services/DataTransmitService HTTP/1.1" 200 524
101.80.226.190 - - [01/Feb/2022:11:19:43 +0800] "POST /xingrg/services/DataTransmitService HTTP/1.1" 200 1971
101.80.226.190 - - [01/Feb/2022:11:19:43 +0800] "POST /xingrg/services/DataTransmitService HTTP/1.1" 200 524
61.170.233.189 - - [01/Feb/2022:11:19:43 +0800] "GET /xingrg/kc/base/wldb_order_operate.html?command=get_materiel&rest_code=00106&base_code=0010404&code=00101004003 HTTP/1.1" 200 429
