116.239.131.195 - - [01/Feb/2022:10:44:59 +0800] "GET /xingrg/css/blue.css HTTP/1.1" 304 -
116.239.131.195 - - [01/Feb/2022:10:44:59 +0800] "GET /xingrg/css/table.css HTTP/1.1" 304 -
116.239.131.195 - - [01/Feb/2022:10:44:59 +0800] "GET /xingrg/check_reg.html?_=1643683518757 HTTP/1.1" 200 22
116.239.131.195 - - [01/Feb/2022:10:44:59 +0800] "GET /xingrg/javascript/pic_change.js HTTP/1.1" 304 -
116.239.131.195 - - [01/Feb/2022:10:44:59 +0800] "GET /xingrg/dwr/util.js HTTP/1.1" 304 -
116.239.131.195 - - [01/Feb/2022:10:44:59 +0800] "GET /xingrg/javascript/AjaxInfoList.js HTTP/1.1" 304 -
116.239.131.195 - - [01/Feb/2022:10:44:59 +0800] "GET /xingrg/javascript/Calendar.js HTTP/1.1" 304 -
116.239.131.195 - - [01/Feb/2022:10:44:59 +0800] "GET /xingrg/javascript/myfunction.js HTTP/1.1" 304 -
116.239.131.195 - - [01/Feb/2022:10:44:59 +0800] "GET /xingrg/javascript/convert.js HTTP/1.1" 304 -
116.239.131.195 - - [01/Feb/2022:10:44:59 +0800] "GET /xingrg/javascript/print/kc_print.js HTTP/1.1" 304 -
116.239.131.195 - - [01/Feb/2022:10:44:59 +0800] "GET /xingrg/javascript/print/LodopFuncs.js HTTP/1.1" 304 -
116.239.131.195 - - [01/Feb/2022:10:44:59 +0800] "GET /xingrg/dwr/interface/AjaxCheckService.js HTTP/1.1" 200 14003
116.239.131.195 - - [01/Feb/2022:10:44:59 +0800] "GET /xingrg/dwr/interface/AjaxComOrderService.js HTTP/1.1" 200 18264
116.239.131.195 - - [01/Feb/2022:10:44:59 +0800] "GET /xingrg/dwr/engine.js HTTP/1.1" 200 43631
116.239.131.195 - - [01/Feb/2022:10:44:59 +0800] "GET /xingrg/all/function/internal_message.html?_=1643683518897&CODE_STATE=getMsg HTTP/1.1" 200 27
116.239.131.195 - - [01/Feb/2022:10:45:00 +0800] "GET /xingrg/javascript/jquery_easy_ui/themes/icons/check_new.png HTTP/1.1" 304 -
116.239.131.195 - - [01/Feb/2022:10:45:00 +0800] "GET /xingrg/javascript/jquery_easy_ui/themes/icons/cance_new.png HTTP/1.1" 304 -
116.239.131.195 - - [01/Feb/2022:10:45:00 +0800] "GET /xingrg/javascript/jquery_easy_ui/themes/icons/print.png HTTP/1.1" 304 -
116.239.131.195 - - [01/Feb/2022:10:45:00 +0800] "GET /xingrg/javascript/jquery_easy_ui/themes/icons/back_new.png HTTP/1.1" 304 -
116.239.131.195 - - [01/Feb/2022:10:45:00 +0800] "GET /xingrg/javascript/jquery_easy_ui/themes/default/images/menu_downarrow.png HTTP/1.1" 304 -
116.239.131.195 - - [01/Feb/2022:10:45:00 +0800] "GET /xingrg/javascript/jquery_easy_ui/themes/icons/rest.png HTTP/1.1" 304 -
116.239.131.195 - - [01/Feb/2022:10:45:00 +0800] "GET /xingrg/javascript/jquery_easy_ui/themes/icons/area.png HTTP/1.1" 304 -
116.239.131.195 - - [01/Feb/2022:10:45:00 +0800] "POST /xingrg/dwr/call/plaincall/AjaxCheckService.loadOrderItems.dwr HTTP/1.1" 200 136780
116.239.131.195 - - [01/Feb/2022:10:45:01 +0800] "GET /xingrg/javascript/jquery_easy_ui/themes/icons/no.png HTTP/1.1" 304 -
222.70.243.96 - - [01/Feb/2022:10:45:03 +0800] "GET /xingrg/all/function/internal_message.html?_=1643683507995&CODE_STATE=getMsg HTTP/1.1" 302 -
222.70.176.73 - - [01/Feb/2022:10:45:08 +0800] "GET /xingrg/all/function/internal_message.html?_=1643683506954&CODE_STATE=getMsg HTTP/1.1" 200 27
116.235.92.83 - - [01/Feb/2022:10:45:10 +0800] "GET /xingrg/all/function/internal_message.html?_=1643683653395&CODE_STATE=getMsg HTTP/1.1" 200 27
61.170.233.189 - - [01/Feb/2022:10:45:12 +0800] "GET /xingrg/all/function/internal_message.html?_=1643683512075&CODE_STATE=getMsg HTTP/1.1" 200 27
58.40.7.146 - - [01/Feb/2022:10:45:39 +0800] "GET /xingrg/all/function/internal_message.html?_=1643683538123&CODE_STATE=getMsg HTTP/1.1" 200 27
180.152.99.39 - - [01/Feb/2022:10:45:43 +0800] "GET /xingrg/all/function/internal_message.html?_=1643683465927&CODE_STATE=getMsg HTTP/1.1" 200 27
180.152.99.73 - - [01/Feb/2022:10:45:44 +0800] "GET /xingrg/check_reg.html?_=1643683543509 HTTP/1.1" 302 -
61.170.233.189 - - [01/Feb/2022:10:45:56 +0800] "GET /xingrg/all/function/internal_message.html?_=1643683555128&CODE_STATE=getMsg HTTP/1.1" 200 27
116.239.131.195 - - [01/Feb/2022:10:45:59 +0800] "GET /xingrg/all/function/internal_message.html?_=1643683578935&CODE_STATE=getMsg HTTP/1.1" 200 27
222.70.243.96 - - [01/Feb/2022:10:46:03 +0800] "GET /xingrg/all/function/internal_message.html?_=1643683568008&CODE_STATE=getMsg HTTP/1.1" 302 -
222.70.176.73 - - [01/Feb/2022:10:46:08 +0800] "GET /xingrg/all/function/internal_message.html?_=1643683566938&CODE_STATE=getMsg HTTP/1.1" 200 27
116.235.92.83 - - [01/Feb/2022:10:46:10 +0800] "GET /xingrg/all/function/internal_message.html?_=1643683713393&CODE_STATE=getMsg HTTP/1.1" 200 27
116.235.92.83 - - [01/Feb/2022:10:46:10 +0800] "GET /xingrg/check_reg.html?_=1643683713394 HTTP/1.1" 200 22
61.170.233.189 - - [01/Feb/2022:10:46:12 +0800] "GET /xingrg/all/function/internal_message.html?_=1643683572059&CODE_STATE=getMsg HTTP/1.1" 200 27
61.170.233.189 - - [01/Feb/2022:10:46:22 +0800] "GET /xingrg/check_reg.html?_=1643683580756 HTTP/1.1" 200 22
58.39.168.32 - - [01/Feb/2022:10:46:29 +0800] "POST /xingrg/services/DataTransmitService HTTP/1.1" 200 524
58.39.168.32 - - [01/Feb/2022:10:46:31 +0800] "POST /xingrg/services/DataTransmitService HTTP/1.1" 200 412
58.40.7.146 - - [01/Feb/2022:10:46:39 +0800] "GET /xingrg/all/function/internal_message.html?_=1643683598107&CODE_STATE=getMsg HTTP/1.1" 200 27
180.152.99.39 - - [01/Feb/2022:10:46:39 +0800] "GET /xingrg/check_reg.html?_=1643683522356 HTTP/1.1" 200 22
180.152.99.39 - - [01/Feb/2022:10:46:43 +0800] "GET /xingrg/all/function/internal_message.html?_=1643683525939&CODE_STATE=getMsg HTTP/1.1" 200 27
116.239.131.195 - - [01/Feb/2022:10:46:44 +0800] "GET /xingrg/javascript/jquery_easy_ui/themes/default/images/button_plain_hover.png HTTP/1.1" 304 -
116.239.131.195 - - [01/Feb/2022:10:46:44 +0800] "GET /xingrg/kc/base/check_order_list.html?isBack=1 HTTP/1.1" 200 16217
116.239.131.195 - - [01/Feb/2022:10:46:46 +0800] "POST /xingrg/kc/base/check_list_operate.html HTTP/1.1" 200 4679
116.239.131.195 - - [01/Feb/2022:10:46:47 +0800] "GET /xingrg/javascript/easyui/themes/default/images/button_plain_hover.png HTTP/1.1" 304 -
116.239.131.195 - - [01/Feb/2022:10:46:47 +0800] "GET /xingrg/javascript/easyui/themes/default/images/button_plain_hover.png HTTP/1.1" 304 -
116.239.131.195 - - [01/Feb/2022:10:46:48 +0800] "GET /xingrg/kc/base/check_order_add.html HTTP/1.1" 200 26434
116.239.131.195 - - [01/Feb/2022:10:46:48 +0800] "GET /xingrg/dwr/interface/AjaxComOrderService.js HTTP/1.1" 200 18264
116.239.131.195 - - [01/Feb/2022:10:46:48 +0800] "GET /xingrg/dwr/interface/AjaxCheckService.js HTTP/1.1" 200 14003
116.239.131.195 - - [01/Feb/2022:10:46:48 +0800] "GET /xingrg/dwr/engine.js HTTP/1.1" 200 43631
58.40.7.146 - - [01/Feb/2022:10:46:56 +0800] "GET /xingrg/check_reg.html?_=1643683615110 HTTP/1.1" 200 22
61.170.233.189 - - [01/Feb/2022:10:46:56 +0800] "GET /xingrg/all/function/internal_message.html?_=1643683615106&CODE_STATE=getMsg HTTP/1.1" 200 27
101.80.226.190 - - [01/Feb/2022:10:46:56 +0800] "POST /xingrg/services/DataTransmitService HTTP/1.1" 200 524
116.239.131.195 - - [01/Feb/2022:10:46:59 +0800] "POST /xingrg/dwr/call/plaincall/AjaxCheckService.saveOrder.dwr HTTP/1.1" 200 78
116.239.131.195 - - [01/Feb/2022:10:47:01 +0800] "POST /xingrg/dwr/call/plaincall/AjaxCheckService.loadOrderItems.dwr HTTP/1.1" 200 367
116.239.131.195 - - [01/Feb/2022:10:47:02 +0800] "GET /xingrg/javascript/jquery_easy_ui/themes/default/images/button_a_bg.gif HTTP/1.1" 304 -
116.239.131.195 - - [01/Feb/2022:10:47:02 +0800] "GET /xingrg/javascript/jquery_easy_ui/themes/default/images/button_span_bg.gif HTTP/1.1" 304 -
116.239.131.195 - - [01/Feb/2022:10:47:02 +0800] "GET /xingrg/javascript/jquery_easy_ui/themes/icons/ok.png HTTP/1.1" 304 -
116.239.131.195 - - [01/Feb/2022:10:47:02 +0800] "GET /xingrg/javascript/jquery_easy_ui/themes/default/images/panel_tools.gif HTTP/1.1" 304 -
116.239.131.195 - - [01/Feb/2022:10:47:02 +0800] "GET /xingrg/javascript/jquery_easy_ui/themes/default/images/panel_title.png HTTP/1.1" 304 -
116.239.131.195 - - [01/Feb/2022:10:47:02 +0800] "GET /xingrg/javascript/jquery_easy_ui/themes/icons/pencil.png HTTP/1.1" 304 -
222.70.243.96 - - [01/Feb/2022:10:47:03 +0800] "GET /xingrg/all/function/internal_message.html?_=1643683628040&CODE_STATE=getMsg HTTP/1.1" 302 -
116.239.131.195 - - [01/Feb/2022:10:47:03 +0800] "GET /xingrg/all/function/internal_message.html?_=1643683642953&CODE_STATE=getMsg HTTP/1.1" 200 27
116.239.131.195 - - [01/Feb/2022:10:47:04 +0800] "POST /xingrg/kc/report/common_data.html?type=materiel_category_tree HTTP/1.1" 200 3878
116.239.131.195 - - [01/Feb/2022:10:47:05 +0800] "GET /xingrg/javascript/jquery_easy_ui/themes/default/images/tree_checkbox_0.gif HTTP/1.1" 304 -
116.239.131.195 - - [01/Feb/2022:10:47:07 +0800] "GET /xingrg/javascript/jquery_easy_ui/themes/default/images/tree_checkbox_1.gif HTTP/1.1" 304 -
116.239.131.195 - - [01/Feb/2022:10:47:07 +0800] "GET /xingrg/javascript/jquery_easy_ui/themes/default/images/tree_checkbox_2.gif HTTP/1.1" 304 -
222.70.176.73 - - [01/Feb/2022:10:47:08 +0800] "GET /xingrg/all/function/internal_message.html?_=1643683626922&CODE_STATE=getMsg HTTP/1.1" 200 27
61.170.233.189 - - [01/Feb/2022:10:47:09 +0800] "GET /xingrg/kc/base/wldb_order_add.html HTTP/1.1" 200 30316
61.170.233.189 - - [01/Feb/2022:10:47:09 +0800] "POST /xingrg/kc/base/wldb_order_operate.html HTTP/1.1" 200 6806
61.170.233.189 - - [01/Feb/2022:10:47:09 +0800] "GET /xingrg/javascript/easyui/themes/default/validatebox.css HTTP/1.1" 404 1104
116.235.92.83 - - [01/Feb/2022:10:47:10 +0800] "GET /xingrg/all/function/internal_message.html?_=1643683773408&CODE_STATE=getMsg HTTP/1.1" 200 27
116.239.131.195 - - [01/Feb/2022:10:47:10 +0800] "POST /xingrg/dwr/call/plaincall/AjaxCheckService.importOrderItems.dwr HTTP/1.1" 200 78
61.170.233.189 - - [01/Feb/2022:10:47:12 +0800] "GET /xingrg/all/function/internal_message.html?_=1643683632042&CODE_STATE=getMsg HTTP/1.1" 200 27
116.239.131.195 - - [01/Feb/2022:10:47:16 +0800] "POST /xingrg/dwr/call/plaincall/AjaxCheckService.loadOrderItems.dwr HTTP/1.1" 200 27116
61.170.233.189 - - [01/Feb/2022:10:47:18 +0800] "POST /xingrg/all/common/load_combo.html?type=base HTTP/1.1" 200 3315
61.170.233.189 - - [01/Feb/2022:10:47:25 +0800] "POST /xingrg/all/common/load_combo.html?type=base HTTP/1.1" 200 3315
58.40.7.146 - - [01/Feb/2022:10:47:38 +0800] "GET /xingrg/all/function/internal_message.html?_=1643683658079&CODE_STATE=getMsg HTTP/1.1" 200 27
116.239.131.195 - - [01/Feb/2022:10:47:42 +0800] "GET /xingrg/javascript/jquery_easy_ui/themes/default/images/button_plain_hover.png HTTP/1.1" 304 -
180.152.99.39 - - [01/Feb/2022:10:47:43 +0800] "GET /xingrg/all/function/internal_message.html?_=1643683585953&CODE_STATE=getMsg HTTP/1.1" 200 27
116.239.131.195 - - [01/Feb/2022:10:47:43 +0800] "GET /xingrg/kc/print/load_config.html?_=1643683682497&kc_code=check HTTP/1.1" 200 2411
116.239.131.195 - - [01/Feb/2022:10:47:43 +0800] "GET /xingrg/kc/print/load_data.html?_=1643683682620&order_code=452022020100006&kc_code=check&condition= HTTP/1.1" 200 7368
61.170.233.189 - - [01/Feb/2022:10:47:56 +0800] "GET /xingrg/all/function/internal_message.html?_=1643683675079&CODE_STATE=getMsg HTTP/1.1" 200 27
222.70.243.96 - - [01/Feb/2022:10:48:03 +0800] "GET /xingrg/all/function/internal_message.html?_=1643683688050&CODE_STATE=getMsg HTTP/1.1" 302 -
116.239.131.195 - - [01/Feb/2022:10:48:03 +0800] "GET /xingrg/all/function/internal_message.html?_=1643683702979&CODE_STATE=getMsg HTTP/1.1" 200 27
222.70.176.73 - - [01/Feb/2022:10:48:08 +0800] "GET /xingrg/all/function/internal_message.html?_=1643683686905&CODE_STATE=getMsg HTTP/1.1" 200 27
116.235.92.83 - - [01/Feb/2022:10:48:10 +0800] "GET /xingrg/all/function/internal_message.html?_=1643683833407&CODE_STATE=getMsg HTTP/1.1" 200 27
61.170.233.189 - - [01/Feb/2022:10:48:12 +0800] "GET /xingrg/all/function/internal_message.html?_=1643683692016&CODE_STATE=getMsg HTTP/1.1" 200 27
61.170.233.189 - - [01/Feb/2022:10:48:13 +0800] "GET /xingrg/kc/base/wldb_order_operate.html?command=get_materiel&rest_code=00106&base_code=0010408&code=00101001111 HTTP/1.1" 200 433
61.170.233.189 - - [01/Feb/2022:10:48:20 +0800] "GET /xingrg/kc/base/wldb_order_operate.html?command=get_materiel&rest_code=00106&base_code=0010408&code=00101005081 HTTP/1.1" 200 415
61.170.233.189 - - [01/Feb/2022:10:48:27 +0800] "GET /xingrg/kc/base/wldb_order_operate.html?command=get_materiel&rest_code=00106&base_code=0010408&code=00101006062 HTTP/1.1" 200 432
116.239.131.195 - - [01/Feb/2022:10:48:38 +0800] "GET /xingrg/kc/base/check_order_list.html?isBack=1 HTTP/1.1" 200 16217
61.170.233.189 - - [01/Feb/2022:10:48:38 +0800] "GET /xingrg/kc/base/wldb_order_operate.html?command=get_materiel&rest_code=00106&base_code=0010408&code=00101006164 HTTP/1.1" 200 436
116.239.131.195 - - [01/Feb/2022:10:48:38 +0800] "POST /xingrg/kc/base/check_list_operate.html HTTP/1.1" 200 4673
58.40.7.146 - - [01/Feb/2022:10:48:38 +0800] "GET /xingrg/all/function/internal_message.html?_=1643683718065&CODE_STATE=getMsg HTTP/1.1" 200 27
180.152.99.39 - - [01/Feb/2022:10:48:43 +0800] "GET /xingrg/all/function/internal_message.html?_=1643683645990&CODE_STATE=getMsg HTTP/1.1" 200 27
116.239.131.195 - - [01/Feb/2022:10:48:45 +0800] "POST /xingrg/kc/base/check_list_operate.html HTTP/1.1" 200 2072
61.170.233.189 - - [01/Feb/2022:10:48:48 +0800] "GET /xingrg/kc/base/wldb_order_operate.html?command=get_materiel&rest_code=00106&base_code=0010408&code=00101006249 HTTP/1.1" 200 426
116.239.131.195 - - [01/Feb/2022:10:48:51 +0800] "POST /xingrg/kc/base/check_list_operate.html HTTP/1.1" 200 4673
61.170.233.189 - - [01/Feb/2022:10:48:56 +0800] "GET /xingrg/all/function/internal_message.html?_=1643683735055&CODE_STATE=getMsg HTTP/1.1" 200 27
116.239.131.195 - - [01/Feb/2022:10:49:00 +0800] "POST /xingrg/kc/base/check_list_operate.html HTTP/1.1" 200 2072
116.239.131.195 - - [01/Feb/2022:10:49:03 +0800] "POST /xingrg/kc/base/check_list_operate.html HTTP/1.1" 200 4673
222.70.243.96 - - [01/Feb/2022:10:49:03 +0800] "GET /xingrg/all/function/internal_message.html?_=1643683748082&CODE_STATE=getMsg HTTP/1.1" 302 -
116.239.131.195 - - [01/Feb/2022:10:49:03 +0800] "GET /xingrg/all/function/internal_message.html?_=1643683762995&CODE_STATE=getMsg HTTP/1.1" 200 27
222.70.243.96 - - [01/Feb/2022:10:49:05 +0800] "GET /xingrg/check_reg.html?_=1643683750143 HTTP/1.1" 302 -
222.70.176.73 - - [01/Feb/2022:10:49:08 +0800] "GET /xingrg/all/function/internal_message.html?_=1643683746888&CODE_STATE=getMsg HTTP/1.1" 200 27
116.239.131.195 - - [01/Feb/2022:10:49:10 +0800] "GET /xingrg/kc/base/check_order_info.html?code=452022020100006 HTTP/1.1" 200 26476
116.239.131.195 - - [01/Feb/2022:10:49:10 +0800] "GET /xingrg/dwr/interface/AjaxCheckService.js HTTP/1.1" 200 14003
116.239.131.195 - - [01/Feb/2022:10:49:10 +0800] "GET /xingrg/dwr/interface/AjaxComOrderService.js HTTP/1.1" 200 18264
116.239.131.195 - - [01/Feb/2022:10:49:10 +0800] "GET /xingrg/dwr/engine.js HTTP/1.1" 200 43631
116.235.92.83 - - [01/Feb/2022:10:49:10 +0800] "GET /xingrg/all/function/internal_message.html?_=1643683893406&CODE_STATE=getMsg HTTP/1.1" 200 27
116.239.131.195 - - [01/Feb/2022:10:49:10 +0800] "POST /xingrg/dwr/call/plaincall/AjaxCheckService.loadOrderItems.dwr HTTP/1.1" 200 27116
61.170.233.189 - - [01/Feb/2022:10:49:11 +0800] "GET /xingrg/check_reg.html?_=1643683751731 HTTP/1.1" 200 22
61.170.233.189 - - [01/Feb/2022:10:49:12 +0800] "GET /xingrg/all/function/internal_message.html?_=1643683752000&CODE_STATE=getMsg HTTP/1.1" 200 27
116.239.131.195 - - [01/Feb/2022:10:49:23 +0800] "GET /xingrg/javascript/jquery_easy_ui/themes/default/images/tabs_active.png HTTP/1.1" 304 -
116.239.131.195 - - [01/Feb/2022:10:49:27 +0800] "POST /xingrg/kc/base/check_list_operate.html HTTP/1.1" 200 4673
222.70.176.73 - - [01/Feb/2022:10:49:30 +0800] "GET /xingrg/check_reg.html?_=1643683768792 HTTP/1.1" 200 22
116.239.131.195 - - [01/Feb/2022:10:49:34 +0800] "GET /xingrg/kc/base/check_order_info.html?code=452022020100004 HTTP/1.1" 200 26476
116.239.131.195 - - [01/Feb/2022:10:49:34 +0800] "GET /xingrg/dwr/interface/AjaxCheckService.js HTTP/1.1" 200 14003
116.239.131.195 - - [01/Feb/2022:10:49:34 +0800] "GET /xingrg/dwr/interface/AjaxComOrderService.js HTTP/1.1" 200 18264
116.239.131.195 - - [01/Feb/2022:10:49:34 +0800] "GET /xingrg/dwr/engine.js HTTP/1.1" 200 43631
116.239.131.195 - - [01/Feb/2022:10:49:34 +0800] "POST /xingrg/dwr/call/plaincall/AjaxCheckService.loadOrderItems.dwr HTTP/1.1" 200 63210
58.40.7.146 - - [01/Feb/2022:10:49:38 +0800] "GET /xingrg/all/function/internal_message.html?_=1643683778038&CODE_STATE=getMsg HTTP/1.1" 200 27
61.170.233.189 - - [01/Feb/2022:10:49:39 +0800] "GET /xingrg/kc/base/wldb_order_operate.html?command=get_materiel&rest_code=00106&base_code=0010408&code=00101006309 HTTP/1.1" 200 437
116.239.131.195 - - [01/Feb/2022:10:49:41 +0800] "POST /xingrg/kc/base/check_list_operate.html HTTP/1.1" 200 2072
180.152.99.39 - - [01/Feb/2022:10:49:43 +0800] "GET /xingrg/all/function/internal_message.html?_=1643683705996&CODE_STATE=getMsg HTTP/1.1" 200 27
116.239.131.195 - - [01/Feb/2022:10:49:43 +0800] "POST /xingrg/kc/base/check_list_operate.html HTTP/1.1" 200 4673
116.239.131.195 - - [01/Feb/2022:10:49:44 +0800] "GET /xingrg/kc/base/check_order_info.html?code=452022020100006 HTTP/1.1" 200 26476
116.239.131.195 - - [01/Feb/2022:10:49:44 +0800] "GET /xingrg/dwr/interface/AjaxComOrderService.js HTTP/1.1" 200 18264
116.239.131.195 - - [01/Feb/2022:10:49:44 +0800] "GET /xingrg/dwr/interface/AjaxCheckService.js HTTP/1.1" 200 14003
116.239.131.195 - - [01/Feb/2022:10:49:45 +0800] "GET /xingrg/dwr/engine.js HTTP/1.1" 200 43631
116.239.131.195 - - [01/Feb/2022:10:49:45 +0800] "POST /xingrg/dwr/call/plaincall/AjaxCheckService.loadOrderItems.dwr HTTP/1.1" 200 27116
180.157.251.97 - - [01/Feb/2022:10:49:46 +0800] "GET /xingrg/check_reg.html?_=1643683787536 HTTP/1.1" 200 22
61.170.233.189 - - [01/Feb/2022:10:49:49 +0800] "GET /xingrg/kc/base/wldb_order_operate.html?command=get_materiel&rest_code=00106&base_code=0010408&code=00101007057 HTTP/1.1" 200 433
116.239.131.195 - - [01/Feb/2022:10:49:52 +0800] "POST /xingrg/dwr/call/plaincall/AjaxCheckService.saveOrder.dwr HTTP/1.1" 200 78
116.239.131.195 - - [01/Feb/2022:10:49:54 +0800] "POST /xingrg/dwr/call/plaincall/AjaxCheckService.loadOrderItems.dwr HTTP/1.1" 200 27116
61.170.233.189 - - [01/Feb/2022:10:49:56 +0800] "GET /xingrg/all/function/internal_message.html?_=1643683795033&CODE_STATE=getMsg HTTP/1.1" 200 27
61.170.233.189 - - [01/Feb/2022:10:49:57 +0800] "GET /xingrg/kc/base/wldb_order_operate.html?command=get_materiel&rest_code=00106&base_code=0010408&code=00101007059 HTTP/1.1" 200 432
101.89.239.245 - - [01/Feb/2022:10:49:58 +0800] "GET /xingrg/all/function/internal_message.html?_=1643683735055&CODE_STATE=getMsg HTTP/1.1" 302 -
101.89.239.245 - - [01/Feb/2022:10:49:59 +0800] "GET /xingrg/login.html HTTP/1.1" 200 7641
116.239.131.195 - - [01/Feb/2022:10:49:59 +0800] "GET /xingrg/check_reg.html?_=1643683818749 HTTP/1.1" 200 22
116.239.131.195 - - [01/Feb/2022:10:50:02 +0800] "POST /xingrg/kc/report/common_data.html?type=materiel_category_tree HTTP/1.1" 200 3878
222.70.243.96 - - [01/Feb/2022:10:50:03 +0800] "GET /xingrg/all/function/internal_message.html?_=1643683808108&CODE_STATE=getMsg HTTP/1.1" 302 -
116.239.131.195 - - [01/Feb/2022:10:50:03 +0800] "GET /xingrg/all/function/internal_message.html?_=1643683823010&CODE_STATE=getMsg HTTP/1.1" 200 27
61.170.233.189 - - [01/Feb/2022:10:50:07 +0800] "GET /xingrg/kc/base/wldb_order_operate.html?command=get_materiel&rest_code=00106&base_code=0010408&code=00101007067 HTTP/1.1" 200 432
222.70.176.73 - - [01/Feb/2022:10:50:08 +0800] "GET /xingrg/all/function/internal_message.html?_=1643683806884&CODE_STATE=getMsg HTTP/1.1" 200 27
116.239.131.195 - - [01/Feb/2022:10:50:09 +0800] "POST /xingrg/dwr/call/plaincall/AjaxCheckService.importOrderItems.dwr HTTP/1.1" 200 78
116.239.131.195 - - [01/Feb/2022:10:50:10 +0800] "POST /xingrg/dwr/call/plaincall/AjaxCheckService.loadOrderItems.dwr HTTP/1.1" 200 27116
116.235.92.83 - - [01/Feb/2022:10:50:10 +0800] "GET /xingrg/all/function/internal_message.html?_=1643683953404&CODE_STATE=getMsg HTTP/1.1" 200 27
61.170.233.189 - - [01/Feb/2022:10:50:12 +0800] "GET /xingrg/all/function/internal_message.html?_=1643683811978&CODE_STATE=getMsg HTTP/1.1" 200 27
101.91.62.89 - - [01/Feb/2022:10:50:12 +0800] "GET /xingrg/all/function/internal_message.html?_=1643677017702&CODE_STATE=getMsg HTTP/1.1" 302 -
101.91.62.89 - - [01/Feb/2022:10:50:12 +0800] "GET /xingrg/login.html HTTP/1.1" 200 7641
61.170.233.189 - - [01/Feb/2022:10:50:21 +0800] "GET /xingrg/kc/base/wldb_order_operate.html?command=get_materiel&rest_code=00106&base_code=0010408&code=00101007111 HTTP/1.1" 200 438
116.239.131.195 - - [01/Feb/2022:10:50:30 +0800] "GET /xingrg/kc/print/load_config.html?_=1643683849429&kc_code=check HTTP/1.1" 200 2411
116.239.131.195 - - [01/Feb/2022:10:50:30 +0800] "GET /xingrg/kc/print/load_data.html?_=1643683849539&order_code=452022020100006&kc_code=check&condition= HTTP/1.1" 200 7368
61.170.233.189 - - [01/Feb/2022:10:50:32 +0800] "GET /xingrg/kc/base/wldb_order_operate.html?command=get_materiel&rest_code=00106&base_code=0010408&code=00101007168 HTTP/1.1" 200 419
58.40.7.146 - - [01/Feb/2022:10:50:38 +0800] "GET /xingrg/all/function/internal_message.html?_=1643683838010&CODE_STATE=getMsg HTTP/1.1" 200 27
180.152.99.39 - - [01/Feb/2022:10:50:43 +0800] "GET /xingrg/all/function/internal_message.html?_=1643683766034&CODE_STATE=getMsg HTTP/1.1" 200 27
180.152.99.73 - - [01/Feb/2022:10:50:44 +0800] "GET /xingrg/check_reg.html?_=1643683843492 HTTP/1.1" 302 -
61.170.233.189 - - [01/Feb/2022:10:50:56 +0800] "GET /xingrg/all/function/internal_message.html?_=1643683855018&CODE_STATE=getMsg HTTP/1.1" 200 27
116.239.131.195 - - [01/Feb/2022:10:50:57 +0800] "GET /xingrg/kc/base/check_order_list.html?isBack=1 HTTP/1.1" 200 16217
116.239.131.195 - - [01/Feb/2022:10:50:57 +0800] "GET /xingrg/javascript/jquery_tools/datebox.css HTTP/1.1" 304 -
116.239.131.195 - - [01/Feb/2022:10:50:57 +0800] "GET /xingrg/css/base.css HTTP/1.1" 304 -
116.239.131.195 - - [01/Feb/2022:10:50:57 +0800] "GET /xingrg/css/site.css HTTP/1.1" 304 -
116.239.131.195 - - [01/Feb/2022:10:50:57 +0800] "GET /xingrg/javascript/easyui/themes/icon.css HTTP/1.1" 304 -
116.239.131.195 - - [01/Feb/2022:10:50:57 +0800] "GET /xingrg/javascript/jquery_tools/fix.css HTTP/1.1" 304 -
116.239.131.195 - - [01/Feb/2022:10:50:57 +0800] "GET /xingrg/javascript/auto/jquery.autocomplete.css HTTP/1.1" 304 -
116.239.131.195 - - [01/Feb/2022:10:50:57 +0800] "GET /xingrg/javascript/easyui/themes/default/easyui.css HTTP/1.1" 304 -
116.239.131.195 - - [01/Feb/2022:10:50:57 +0800] "GET /xingrg/javascript/jquery_tools/jquery.tools.hotkey.js HTTP/1.1" 304 -
116.239.131.195 - - [01/Feb/2022:10:50:57 +0800] "GET /xingrg/javascript/jquery_tools/table.css HTTP/1.1" 304 -
116.239.131.195 - - [01/Feb/2022:10:50:57 +0800] "GET /xingrg/javascript/jquery_tools/jquery.tools.table.js HTTP/1.1" 304 -
116.239.131.195 - - [01/Feb/2022:10:50:57 +0800] "GET /xingrg/javascript/jquery_tools/jquery.tools.min.js HTTP/1.1" 304 -
116.239.131.195 - - [01/Feb/2022:10:50:58 +0800] "GET /xingrg/javascript/jquery_tools/list_manager.js HTTP/1.1" 304 -
116.239.131.195 - - [01/Feb/2022:10:50:58 +0800] "GET /xingrg/javascript/jquery_tools/jquery.tools.extend.js HTTP/1.1" 304 -
116.239.131.195 - - [01/Feb/2022:10:50:58 +0800] "GET /xingrg/javascript/jquery.cookie.js HTTP/1.1" 304 -
116.239.131.195 - - [01/Feb/2022:10:50:58 +0800] "GET /xingrg/javascript/auto/jquery.autocomplete.js HTTP/1.1" 304 -
116.239.131.195 - - [01/Feb/2022:10:50:58 +0800] "GET /xingrg/javascript/easyui/easyloader.js HTTP/1.1" 304 -
116.239.131.195 - - [01/Feb/2022:10:50:58 +0800] "GET /xingrg/javascript/jquery.utils.js HTTP/1.1" 304 -
116.239.131.195 - - [01/Feb/2022:10:50:58 +0800] "GET /favicon.ico HTTP/1.1" 404 -
116.239.131.195 - - [01/Feb/2022:10:50:58 +0800] "GET /xingrg/javascript/easyui/themes/icons/edit_add_new.png HTTP/1.1" 304 -
116.239.131.195 - - [01/Feb/2022:10:50:58 +0800] "GET /xingrg/javascript/easyui/themes/icons/cance_new.png HTTP/1.1" 304 -
116.239.131.195 - - [01/Feb/2022:10:50:58 +0800] "GET /xingrg/javascript/easyui/themes/icons/check_new.png HTTP/1.1" 304 -
116.239.131.195 - - [01/Feb/2022:10:50:58 +0800] "GET /xingrg/javascript/easyui/themes/icons/field_new.png HTTP/1.1" 304 -
116.239.131.195 - - [01/Feb/2022:10:50:58 +0800] "GET /xingrg/javascript/easyui/plugins/jquery.parser.js HTTP/1.1" 304 -
116.239.131.195 - - [01/Feb/2022:10:50:58 +0800] "GET /xingrg/images/control/ajaxLoader.gif HTTP/1.1" 304 -
116.239.131.195 - - [01/Feb/2022:10:50:58 +0800] "POST /xingrg/kc/base/check_list_operate.html HTTP/1.1" 200 4673
61.170.233.189 - - [01/Feb/2022:10:51:01 +0800] "GET /xingrg/kc/base/wldb_order_operate.html?command=get_materiel&rest_code=00106&base_code=0010408&code=00101007182 HTTP/1.1" 200 440
222.70.243.96 - - [01/Feb/2022:10:51:03 +0800] "GET /xingrg/all/function/internal_message.html?_=1643683868122&CODE_STATE=getMsg HTTP/1.1" 302 -
116.239.131.195 - - [01/Feb/2022:10:51:04 +0800] "GET /xingrg/all/function/internal_message.html?_=1643683883022&CODE_STATE=getMsg HTTP/1.1" 200 27
116.232.32.232 - - [01/Feb/2022:10:51:04 +0800] "POST /xingrg/services/DataTransmitService HTTP/1.1" 200 524
116.232.32.232 - - [01/Feb/2022:10:51:05 +0800] "POST /xingrg/services/DataTransmitService HTTP/1.1" 200 501
116.232.32.232 - - [01/Feb/2022:10:51:05 +0800] "POST /xingrg/services/DataTransmitService HTTP/1.1" 200 501
116.232.32.232 - - [01/Feb/2022:10:51:05 +0800] "POST /xingrg/services/DataTransmitService HTTP/1.1" 200 501
116.232.32.232 - - [01/Feb/2022:10:51:06 +0800] "POST /xingrg/services/DataTransmitService HTTP/1.1" 200 501
116.232.32.232 - - [01/Feb/2022:10:51:06 +0800] "POST /xingrg/services/DataTransmitService HTTP/1.1" 200 501
116.232.32.232 - - [01/Feb/2022:10:51:06 +0800] "POST /xingrg/services/DataTransmitService HTTP/1.1" 200 501
116.232.32.232 - - [01/Feb/2022:10:51:07 +0800] "POST /xingrg/services/DataTransmitService HTTP/1.1" 200 412
61.170.233.189 - - [01/Feb/2022:10:51:08 +0800] "GET /xingrg/kc/base/wldb_order_operate.html?command=get_materiel&rest_code=00106&base_code=0010408&code=00101008005 HTTP/1.1" 200 436
222.70.176.73 - - [01/Feb/2022:10:51:08 +0800] "GET /xingrg/all/function/internal_message.html?_=1643683866868&CODE_STATE=getMsg HTTP/1.1" 200 27
116.239.131.195 - - [01/Feb/2022:10:51:08 +0800] "GET /xingrg/kc/base/check_order_list.html?isBack=1 HTTP/1.1" 200 16217
116.239.131.195 - - [01/Feb/2022:10:51:09 +0800] "POST /xingrg/kc/base/check_list_operate.html HTTP/1.1" 200 4673
116.235.92.83 - - [01/Feb/2022:10:51:10 +0800] "GET /xingrg/check_reg.html?_=1643684013402 HTTP/1.1" 200 22
116.235.92.83 - - [01/Feb/2022:10:51:10 +0800] "GET /xingrg/all/function/internal_message.html?_=1643684013403&CODE_STATE=getMsg HTTP/1.1" 200 27
61.170.233.189 - - [01/Feb/2022:10:51:12 +0800] "GET /xingrg/all/function/internal_message.html?_=1643683871962&CODE_STATE=getMsg HTTP/1.1" 200 27
61.170.233.189 - - [01/Feb/2022:10:51:16 +0800] "GET /xingrg/kc/base/wldb_order_operate.html?command=get_materiel&rest_code=00106&base_code=0010408&code=00101008061 HTTP/1.1" 200 443
116.239.131.195 - - [01/Feb/2022:10:51:20 +0800] "POST /xingrg/kc/base/check_list_operate.html HTTP/1.1" 200 2072
61.170.233.189 - - [01/Feb/2022:10:51:22 +0800] "GET /xingrg/check_reg.html?_=1643683880728 HTTP/1.1" 200 22
116.239.131.195 - - [01/Feb/2022:10:51:23 +0800] "POST /xingrg/kc/base/check_list_operate.html HTTP/1.1" 200 4673
58.40.7.146 - - [01/Feb/2022:10:51:38 +0800] "GET /xingrg/all/function/internal_message.html?_=1643683897995&CODE_STATE=getMsg HTTP/1.1" 200 27
180.152.99.39 - - [01/Feb/2022:10:51:39 +0800] "GET /xingrg/check_reg.html?_=1643683822357 HTTP/1.1" 200 22
180.152.99.39 - - [01/Feb/2022:10:51:43 +0800] "GET /xingrg/all/function/internal_message.html?_=1643683826039&CODE_STATE=getMsg HTTP/1.1" 200 27
61.170.233.189 - - [01/Feb/2022:10:51:47 +0800] "GET /xingrg/kc/base/wldb_order_operate.html?command=get_materiel&rest_code=00106&base_code=0010408&code=00101008095 HTTP/1.1" 200 434
58.40.7.146 - - [01/Feb/2022:10:51:56 +0800] "GET /xingrg/check_reg.html?_=1643683915122 HTTP/1.1" 200 22
61.170.233.189 - - [01/Feb/2022:10:51:56 +0800] "GET /xingrg/all/function/internal_message.html?_=1643683914993&CODE_STATE=getMsg HTTP/1.1" 200 27
61.170.233.189 - - [01/Feb/2022:10:51:58 +0800] "GET /xingrg/kc/base/wldb_order_operate.html?command=get_materiel&rest_code=00106&base_code=0010408&code=00101008109 HTTP/1.1" 200 436
222.70.243.96 - - [01/Feb/2022:10:52:03 +0800] "GET /xingrg/all/function/internal_message.html?_=1643683928155&CODE_STATE=getMsg HTTP/1.1" 302 -
116.239.131.195 - - [01/Feb/2022:10:52:04 +0800] "GET /xingrg/all/function/internal_message.html?_=1643683943036&CODE_STATE=getMsg HTTP/1.1" 200 27
61.170.233.189 - - [01/Feb/2022:10:52:04 +0800] "GET /xingrg/kc/base/wldb_order_operate.html?command=get_materiel&rest_code=00106&base_code=0010408&code=00101008110 HTTP/1.1" 200 430
222.70.176.73 - - [01/Feb/2022:10:52:08 +0800] "GET /xingrg/all/function/internal_message.html?_=1643683926853&CODE_STATE=getMsg HTTP/1.1" 200 27
61.170.233.189 - - [01/Feb/2022:10:52:09 +0800] "GET /xingrg/kc/base/wldb_order_operate.html?command=get_materiel&rest_code=00106&base_code=0010408&code=00101008114 HTTP/1.1" 200 435
116.235.92.83 - - [01/Feb/2022:10:52:10 +0800] "GET /xingrg/all/function/internal_message.html?_=1643684073401&CODE_STATE=getMsg HTTP/1.1" 200 27
61.170.233.189 - - [01/Feb/2022:10:52:12 +0800] "GET /xingrg/all/function/internal_message.html?_=1643683931939&CODE_STATE=getMsg HTTP/1.1" 200 27
61.170.233.189 - - [01/Feb/2022:10:52:16 +0800] "GET /xingrg/kc/base/wldb_order_operate.html?command=get_materiel&rest_code=00106&base_code=0010408&code=00101008125 HTTP/1.1" 200 436
61.170.233.189 - - [01/Feb/2022:10:52:19 +0800] "POST /xingrg/kc/base/wldb_order_operate.html HTTP/1.1" 200 1710
61.170.233.189 - - [01/Feb/2022:10:52:25 +0800] "GET /xingrg/kc/base/wldb_order_operate.html?command=get_materiel&rest_code=00106&base_code=0010408&code=00101008168 HTTP/1.1" 200 435
61.170.233.189 - - [01/Feb/2022:10:52:32 +0800] "GET /xingrg/kc/base/wldb_order_operate.html?command=get_materiel&rest_code=00106&base_code=0010408&code=00101008214 HTTP/1.1" 200 428
58.40.7.146 - - [01/Feb/2022:10:52:38 +0800] "GET /xingrg/all/function/internal_message.html?_=1643683957967&CODE_STATE=getMsg HTTP/1.1" 200 27
61.170.233.189 - - [01/Feb/2022:10:52:39 +0800] "GET /xingrg/kc/base/wldb_order_operate.html?command=get_materiel&rest_code=00106&base_code=0010408&code=00101008223 HTTP/1.1" 200 435
180.152.99.39 - - [01/Feb/2022:10:52:43 +0800] "GET /xingrg/all/function/internal_message.html?_=1643683886052&CODE_STATE=getMsg HTTP/1.1" 200 27
61.170.233.189 - - [01/Feb/2022:10:52:45 +0800] "GET /xingrg/kc/base/wldb_order_operate.html?command=get_materiel&rest_code=00106&base_code=0010408&code=00101008236 HTTP/1.1" 200 439
61.170.233.189 - - [01/Feb/2022:10:52:56 +0800] "GET /xingrg/all/function/internal_message.html?_=1643683974998&CODE_STATE=getMsg HTTP/1.1" 200 27
222.70.243.96 - - [01/Feb/2022:10:53:03 +0800] "GET /xingrg/all/function/internal_message.html?_=1643683988164&CODE_STATE=getMsg HTTP/1.1" 302 -
116.239.131.195 - - [01/Feb/2022:10:53:04 +0800] "GET /xingrg/all/function/internal_message.html?_=1643684003050&CODE_STATE=getMsg HTTP/1.1" 200 27
61.170.233.189 - - [01/Feb/2022:10:53:08 +0800] "GET /xingrg/kc/base/wldb_order_operate.html?command=get_materiel&rest_code=00106&base_code=0010408&code=00101008286 HTTP/1.1" 200 430
222.70.176.73 - - [01/Feb/2022:10:53:08 +0800] "GET /xingrg/all/function/internal_message.html?_=1643683986851&CODE_STATE=getMsg HTTP/1.1" 200 27
116.235.92.83 - - [01/Feb/2022:10:53:10 +0800] "GET /xingrg/all/function/internal_message.html?_=1643684133400&CODE_STATE=getMsg HTTP/1.1" 200 27
61.170.233.189 - - [01/Feb/2022:10:53:10 +0800] "POST /xingrg/kc/base/wldb_order_operate.html HTTP/1.1" 200 1710
61.170.233.189 - - [01/Feb/2022:10:53:11 +0800] "GET /xingrg/all/function/internal_message.html?_=1643683991911&CODE_STATE=getMsg HTTP/1.1" 200 27
61.170.233.189 - - [01/Feb/2022:10:53:20 +0800] "GET /xingrg/kc/base/wldb_order_operate.html?command=get_materiel&rest_code=00106&base_code=0010408&code=00101008323 HTTP/1.1" 200 431
61.170.233.189 - - [01/Feb/2022:10:53:31 +0800] "GET /xingrg/kc/base/wldb_order_operate.html?command=get_materiel&rest_code=00106&base_code=0010408&code=00101008350 HTTP/1.1" 200 431
61.170.233.189 - - [01/Feb/2022:10:53:40 +0800] "GET /xingrg/kc/base/wldb_order_operate.html?command=get_materiel&rest_code=00106&base_code=0010408&code=00101008353 HTTP/1.1" 200 430
180.152.99.39 - - [01/Feb/2022:10:53:43 +0800] "GET /xingrg/all/function/internal_message.html?_=1643683946093&CODE_STATE=getMsg HTTP/1.1" 200 27
114.88.155.114 - - [01/Feb/2022:10:53:46 +0800] "POST /xingrg/services/DataTransmitService HTTP/1.1" 200 524
114.88.155.114 - - [01/Feb/2022:10:53:47 +0800] "POST /xingrg/services/DataTransmitService HTTP/1.1" 200 412
61.170.233.189 - - [01/Feb/2022:10:53:51 +0800] "POST /xingrg/kc/base/wldb_order_operate.html HTTP/1.1" 200 37
61.170.233.189 - - [01/Feb/2022:10:53:52 +0800] "POST /xingrg/kc/base/wldb_order_operate.html HTTP/1.1" 200 14606
180.157.251.97 - - [01/Feb/2022:10:53:55 +0800] "POST /xingrg/dwr/call/plaincall/AjaxCheckService.checkOrder.dwr HTTP/1.1" 200 80
180.157.251.97 - - [01/Feb/2022:10:53:56 +0800] "GET /xingrg/kc/base/check_order_info.html?code=452022013100240 HTTP/1.1" 200 22854
180.157.251.97 - - [01/Feb/2022:10:53:56 +0800] "GET /xingrg/dwr/interface/AjaxComOrderService.js HTTP/1.1" 200 18264
180.157.251.97 - - [01/Feb/2022:10:53:56 +0800] "GET /xingrg/dwr/interface/AjaxCheckService.js HTTP/1.1" 200 14003
180.157.251.97 - - [01/Feb/2022:10:53:56 +0800] "GET /xingrg/dwr/engine.js HTTP/1.1" 200 43631
61.170.233.189 - - [01/Feb/2022:10:53:56 +0800] "GET /xingrg/all/function/internal_message.html?_=1643684034978&CODE_STATE=getMsg HTTP/1.1" 200 27
180.157.251.97 - - [01/Feb/2022:10:53:56 +0800] "POST /xingrg/dwr/call/plaincall/AjaxCheckService.loadOrderItems.dwr HTTP/1.1" 200 71563
180.157.251.97 - - [01/Feb/2022:10:53:58 +0800] "GET /xingrg/kc/base/check_order_list.html?isBack=1 HTTP/1.1" 200 16223
180.157.251.97 - - [01/Feb/2022:10:53:58 +0800] "POST /xingrg/kc/base/check_list_operate.html HTTP/1.1" 200 2556
222.70.243.96 - - [01/Feb/2022:10:54:03 +0800] "GET /xingrg/login.html HTTP/1.1" 200 7641
222.70.243.96 - - [01/Feb/2022:10:54:03 +0800] "GET /favicon.ico HTTP/1.1" 404 -
222.70.243.96 - - [01/Feb/2022:10:54:03 +0800] "GET /xingrg/all/function/internal_message.html?_=1643684048196&CODE_STATE=getMsg HTTP/1.1" 302 -
116.239.131.195 - - [01/Feb/2022:10:54:04 +0800] "GET /xingrg/all/function/internal_message.html?_=1643684063070&CODE_STATE=getMsg HTTP/1.1" 200 27
222.70.243.96 - - [01/Feb/2022:10:54:05 +0800] "GET /xingrg/check_reg.html?_=1643684050144 HTTP/1.1" 302 -
222.70.176.73 - - [01/Feb/2022:10:54:08 +0800] "GET /xingrg/all/function/internal_message.html?_=1643684046835&CODE_STATE=getMsg HTTP/1.1" 200 27
222.70.243.96 - - [01/Feb/2022:10:54:09 +0800] "POST /xingrg/login.do HTTP/1.1" 302 -
222.70.243.96 - - [01/Feb/2022:10:54:10 +0800] "GET /xingrg/index.html?sysBaseUrl=http%3A%2F%2F180.169.147.146%3A18081%2Fxingrg%2F&costTime=40×tamp=1643684049970 HTTP/1.1" 200 17179
222.70.243.96 - - [01/Feb/2022:10:54:10 +0800] "GET /xingrg/javascript/jquery_easy_ui/themes/icon.css HTTP/1.1" 304 -
222.70.243.96 - - [01/Feb/2022:10:54:10 +0800] "GET /xingrg/javascript/jquery_easy_ui/themes/default/easyui.css HTTP/1.1" 304 -
222.70.243.96 - - [01/Feb/2022:10:54:10 +0800] "GET /xingrg/css/form.css HTTP/1.1" 304 -
222.70.243.96 - - [01/Feb/2022:10:54:10 +0800] "GET /xingrg/javascript/jquery-1.4.2.min.js HTTP/1.1" 304 -
222.70.243.96 - - [01/Feb/2022:10:54:10 +0800] "GET /xingrg/javascript/jquery_easy_ui/easyui-lang-zh_CN.js HTTP/1.1" 304 -
222.70.243.96 - - [01/Feb/2022:10:54:10 +0800] "GET /xingrg/javascript/jquery_easy_ui/jquery.easyui.min.js HTTP/1.1" 304 -
222.70.243.96 - - [01/Feb/2022:10:54:10 +0800] "GET /xingrg/javascript/jquery.form.js HTTP/1.1" 304 -
222.70.243.96 - - [01/Feb/2022:10:54:10 +0800] "GET /xingrg/javascript/jquery.utils.js HTTP/1.1" 304 -
222.70.243.96 - - [01/Feb/2022:10:54:10 +0800] "GET /xingrg/javascript/jquery.timers.js HTTP/1.1" 304 -
222.70.243.96 - - [01/Feb/2022:10:54:10 +0800] "GET /favicon.ico HTTP/1.1" 404 -
222.70.243.96 - - [01/Feb/2022:10:54:10 +0800] "POST /xingrg/all/common/load_tree.html?tree=area_rest_tree_json&manage=1 HTTP/1.1" 200 479
222.70.243.96 - - [01/Feb/2022:10:54:10 +0800] "GET /xingrg/all/function/internal_message.html?_=1643684055068&CODE_STATE=count HTTP/1.1" 200 11
222.70.243.96 - - [01/Feb/2022:10:54:10 +0800] "GET /xingrg/check_reg.html?_=1643684055068 HTTP/1.1" 200 22
116.235.92.83 - - [01/Feb/2022:10:54:10 +0800] "GET /xingrg/all/function/internal_message.html?_=1643684193398&CODE_STATE=getMsg HTTP/1.1" 200 27
222.70.243.96 - - [01/Feb/2022:10:54:10 +0800] "POST /xingrg/load_menu.html HTTP/1.1" 200 5138
222.70.243.96 - - [01/Feb/2022:10:54:18 +0800] "GET /xingrg/css/site.css HTTP/1.1" 304 -
222.70.243.96 - - [01/Feb/2022:10:54:18 +0800] "GET /xingrg/css/base.css HTTP/1.1" 304 -
222.70.243.96 - - [01/Feb/2022:10:54:18 +0800] "GET /xingrg/javascript/jquery_tools/datebox.css HTTP/1.1" 304 -
222.70.243.96 - - [01/Feb/2022:10:54:18 +0800] "GET /xingrg/javascript/easyui/themes/default/easyui.css HTTP/1.1" 304 -
222.70.243.96 - - [01/Feb/2022:10:54:18 +0800] "GET /xingrg/javascript/auto/jquery.autocomplete.css HTTP/1.1" 304 -
222.70.243.96 - - [01/Feb/2022:10:54:18 +0800] "GET /xingrg/javascript/jquery_tools/table.css HTTP/1.1" 304 -
222.70.243.96 - - [01/Feb/2022:10:54:18 +0800] "GET /xingrg/javascript/jquery_tools/jquery.tools.min.js HTTP/1.1" 304 -
222.70.243.96 - - [01/Feb/2022:10:54:18 +0800] "GET /xingrg/javascript/jquery_tools/fix.css HTTP/1.1" 304 -
222.70.243.96 - - [01/Feb/2022:10:54:18 +0800] "GET /xingrg/javascript/easyui/themes/icon.css HTTP/1.1" 304 -
222.70.243.96 - - [01/Feb/2022:10:54:18 +0800] "GET /xingrg/javascript/jquery_tools/jquery.tools.extend.js HTTP/1.1" 304 -
222.70.243.96 - - [01/Feb/2022:10:54:18 +0800] "GET /xingrg/javascript/auto/jquery.autocomplete.js HTTP/1.1" 304 -
222.70.243.96 - - [01/Feb/2022:10:54:18 +0800] "GET /xingrg/javascript/jquery_tools/jquery.tools.table.js HTTP/1.1" 304 -
222.70.243.96 - - [01/Feb/2022:10:54:18 +0800] "GET /xingrg/javascript/jquery_tools/list_manager.js HTTP/1.1" 304 -
222.70.243.96 - - [01/Feb/2022:10:54:18 +0800] "GET /xingrg/javascript/jquery_tools/jquery.tools.hotkey.js HTTP/1.1" 304 -
222.70.243.96 - - [01/Feb/2022:10:54:18 +0800] "GET /xingrg/javascript/jquery.cookie.js HTTP/1.1" 304 -
222.70.243.96 - - [01/Feb/2022:10:54:18 +0800] "GET /xingrg/javascript/easyui/easyloader.js HTTP/1.1" 304 -
222.70.243.96 - - [01/Feb/2022:10:54:18 +0800] "GET /xingrg/javascript/print/LodopFuncs.js HTTP/1.1" 304 -
222.70.243.96 - - [01/Feb/2022:10:54:18 +0800] "GET /xingrg/kc/base/wldb_order_list.html HTTP/1.1" 200 19104
222.70.243.96 - - [01/Feb/2022:10:54:18 +0800] "GET /xingrg/javascript/easyui/plugins/jquery.parser.js HTTP/1.1" 304 -
222.70.243.96 - - [01/Feb/2022:10:54:18 +0800] "POST /xingrg/kc/base/wldb_list_operate.html HTTP/1.1" 200 2590
61.170.233.189 - - [01/Feb/2022:10:54:22 +0800] "GET /xingrg/kc/base/wldb_order_info.html?code=422022020100014 HTTP/1.1" 200 30332
61.170.233.189 - - [01/Feb/2022:10:54:22 +0800] "GET /xingrg/check_reg.html?_=1643684062600 HTTP/1.1" 200 22
61.170.233.189 - - [01/Feb/2022:10:54:22 +0800] "GET /xingrg/all/function/internal_message.html?_=1643684062601&CODE_STATE=getMsg HTTP/1.1" 200 27
61.170.233.189 - - [01/Feb/2022:10:54:23 +0800] "GET /xingrg/javascript/easyui/themes/default/validatebox.css HTTP/1.1" 404 1104
61.170.233.189 - - [01/Feb/2022:10:54:23 +0800] "POST /xingrg/kc/base/wldb_order_operate.html HTTP/1.1" 200 14606
222.70.176.73 - - [01/Feb/2022:10:54:30 +0800] "GET /xingrg/check_reg.html?_=1643684068818 HTTP/1.1" 200 22
222.70.243.96 - - [01/Feb/2022:10:54:31 +0800] "GET /xingrg/kc/base/wldb_order_add.html HTTP/1.1" 200 30318
222.70.243.96 - - [01/Feb/2022:10:54:31 +0800] "GET /xingrg/javascript/pic_change.js HTTP/1.1" 304 -
222.70.243.96 - - [01/Feb/2022:10:54:31 +0800] "GET /xingrg/javascript/convert.js HTTP/1.1" 304 -
222.70.243.96 - - [01/Feb/2022:10:54:31 +0800] "GET /xingrg/javascript/print/kc_print.js HTTP/1.1" 304 -
222.70.243.96 - - [01/Feb/2022:10:54:31 +0800] "GET /xingrg/javascript/jquery_tools/order_manager.js HTTP/1.1" 304 -
222.70.243.96 - - [01/Feb/2022:10:54:31 +0800] "GET /xingrg/javascript/json2.js HTTP/1.1" 304 -
222.70.243.96 - - [01/Feb/2022:10:54:31 +0800] "GET /xingrg/words/20220128115405_words.js HTTP/1.1" 304 -
222.70.243.96 - - [01/Feb/2022:10:54:31 +0800] "POST /xingrg/kc/base/wldb_order_operate.html HTTP/1.1" 200 6806
222.70.243.96 - - [01/Feb/2022:10:54:31 +0800] "GET /xingrg/all/common/auto_word.html?type=base&rest_code=00146 HTTP/1.1" 200 1799
222.70.243.96 - - [01/Feb/2022:10:54:31 +0800] "GET /xingrg/all/common/auto_word.html?type=base&rest_code=00146 HTTP/1.1" 200 1799
222.70.243.96 - - [01/Feb/2022:10:54:31 +0800] "GET /xingrg/javascript/easyui/themes/default/validatebox.css HTTP/1.1" 404 1104
222.70.243.96 - - [01/Feb/2022:10:54:31 +0800] "GET /xingrg/javascript/easyui/plugins/jquery.validatebox.js HTTP/1.1" 304 -
222.70.243.96 - - [01/Feb/2022:10:54:31 +0800] "GET /xingrg/javascript/easyui/plugins/jquery.numberbox.js HTTP/1.1" 304 -
61.170.233.189 - - [01/Feb/2022:10:54:36 +0800] "GET /xingrg/kc/base/wldb_order_operate.html?command=get_materiel&rest_code=00106&base_code=0010408&code=00101008486 HTTP/1.1" 200 420
116.239.131.195 - - [01/Feb/2022:10:54:39 +0800] "GET /favicon.ico HTTP/1.1" 404 -
180.152.99.39 - - [01/Feb/2022:10:54:43 +0800] "GET /xingrg/all/function/internal_message.html?_=1643684006095&CODE_STATE=getMsg HTTP/1.1" 200 27
180.157.251.97 - - [01/Feb/2022:10:54:46 +0800] "GET /xingrg/check_reg.html?_=1643684087522 HTTP/1.1" 200 22
61.170.233.189 - - [01/Feb/2022:10:54:50 +0800] "GET /xingrg/kc/base/wldb_order_operate.html?command=get_materiel&rest_code=00106&base_code=0010408&code=00101008555 HTTP/1.1" 200 432
222.70.243.96 - - [01/Feb/2022:10:54:53 +0800] "GET /xingrg/javascript/auto/indicator.gif HTTP/1.1" 404 1066
61.151.178.163 - - [01/Feb/2022:10:54:56 +0800] "GET /xingrg/all/function/internal_message.html?_=1643684034978&CODE_STATE=getMsg HTTP/1.1" 302 -
61.170.233.189 - - [01/Feb/2022:10:54:56 +0800] "GET /xingrg/all/function/internal_message.html?_=1643684094947&CODE_STATE=getMsg HTTP/1.1" 200 27
61.151.178.163 - - [01/Feb/2022:10:54:57 +0800] "GET /xingrg/login.html HTTP/1.1" 200 7641
116.239.131.195 - - [01/Feb/2022:10:54:59 +0800] "GET /xingrg/check_reg.html?_=1643684118761 HTTP/1.1" 200 22
180.157.251.97 - - [01/Feb/2022:10:55:02 +0800] "GET /xingrg/kc/base/check_order_info.html?code=452022013100245 HTTP/1.1" 200 26514
180.157.251.97 - - [01/Feb/2022:10:55:02 +0800] "GET /xingrg/dwr/interface/AjaxComOrderService.js HTTP/1.1" 200 18264
180.157.251.97 - - [01/Feb/2022:10:55:02 +0800] "GET /xingrg/dwr/interface/AjaxCheckService.js HTTP/1.1" 200 14003
180.157.251.97 - - [01/Feb/2022:10:55:02 +0800] "GET /xingrg/dwr/engine.js HTTP/1.1" 200 43631
61.170.233.189 - - [01/Feb/2022:10:55:03 +0800] "GET /xingrg/kc/base/wldb_order_operate.html?command=get_materiel&rest_code=00106&base_code=0010408&code=00101008568 HTTP/1.1" 200 421
180.157.251.97 - - [01/Feb/2022:10:55:03 +0800] "POST /xingrg/dwr/call/plaincall/AjaxCheckService.loadOrderItems.dwr HTTP/1.1" 200 32106
222.70.243.96 - - [01/Feb/2022:10:55:03 +0800] "GET /xingrg/all/function/internal_message.html?_=1643684108225&CODE_STATE=getMsg HTTP/1.1" 302 -
116.239.131.195 - - [01/Feb/2022:10:55:04 +0800] "GET /xingrg/all/function/internal_message.html?_=1643684123077&CODE_STATE=getMsg HTTP/1.1" 200 27
180.157.251.97 - - [01/Feb/2022:10:55:06 +0800] "POST /xingrg/dwr/call/plaincall/AjaxCheckService.setItemNumber.dwr HTTP/1.1" 200 76
180.157.251.97 - - [01/Feb/2022:10:55:07 +0800] "POST /xingrg/dwr/call/plaincall/AjaxCheckService.setItemNumber.dwr HTTP/1.1" 200 76
180.157.251.97 - - [01/Feb/2022:10:55:07 +0800] "POST /xingrg/dwr/call/plaincall/AjaxCheckService.setItemNumber.dwr HTTP/1.1" 200 76
180.157.251.97 - - [01/Feb/2022:10:55:08 +0800] "POST /xingrg/dwr/call/plaincall/AjaxCheckService.setItemNumber.dwr HTTP/1.1" 200 76
180.157.251.97 - - [01/Feb/2022:10:55:08 +0800] "POST /xingrg/dwr/call/plaincall/AjaxCheckService.setItemNumber.dwr HTTP/1.1" 200 76
222.70.176.73 - - [01/Feb/2022:10:55:08 +0800] "GET /xingrg/all/function/internal_message.html?_=1643684106806&CODE_STATE=getMsg HTTP/1.1" 200 27
180.157.251.97 - - [01/Feb/2022:10:55:09 +0800] "POST /xingrg/dwr/call/plaincall/AjaxCheckService.setItemNumber.dwr HTTP/1.1" 200 76
180.157.251.97 - - [01/Feb/2022:10:55:09 +0800] "POST /xingrg/dwr/call/plaincall/AjaxCheckService.setItemNumber.dwr HTTP/1.1" 200 76
222.70.243.96 - - [01/Feb/2022:10:55:10 +0800] "GET /xingrg/all/function/internal_message.html?_=1643684115074&CODE_STATE=getMsg HTTP/1.1" 200 27
180.157.251.97 - - [01/Feb/2022:10:55:10 +0800] "POST /xingrg/dwr/call/plaincall/AjaxCheckService.setItemNumber.dwr HTTP/1.1" 200 76
116.235.92.83 - - [01/Feb/2022:10:55:10 +0800] "GET /xingrg/all/function/internal_message.html?_=1643684253397&CODE_STATE=getMsg HTTP/1.1" 200 27
180.157.251.97 - - [01/Feb/2022:10:55:10 +0800] "POST /xingrg/dwr/call/plaincall/AjaxCheckService.setItemNumber.dwr HTTP/1.1" 200 76
222.70.243.96 - - [01/Feb/2022:10:55:10 +0800] "GET /xingrg/javascript/jquery_tools/images/prev.gif HTTP/1.1" 404 1086
222.70.243.96 - - [01/Feb/2022:10:55:10 +0800] "GET /xingrg/javascript/jquery_tools/images/next.gif HTTP/1.1" 404 1086
180.157.251.97 - - [01/Feb/2022:10:55:10 +0800] "POST /xingrg/dwr/call/plaincall/AjaxCheckService.setItemNumber.dwr HTTP/1.1" 200 77
180.157.251.97 - - [01/Feb/2022:10:55:11 +0800] "POST /xingrg/dwr/call/plaincall/AjaxCheckService.setItemNumber.dwr HTTP/1.1" 200 77
180.157.251.97 - - [01/Feb/2022:10:55:12 +0800] "POST /xingrg/dwr/call/plaincall/AjaxCheckService.setItemNumber.dwr HTTP/1.1" 200 77
180.157.251.97 - - [01/Feb/2022:10:55:12 +0800] "POST /xingrg/dwr/call/plaincall/AjaxCheckService.setItemNumber.dwr HTTP/1.1" 200 77
61.170.233.189 - - [01/Feb/2022:10:55:12 +0800] "GET /xingrg/kc/base/wldb_order_operate.html?command=get_materiel&rest_code=00106&base_code=0010408&code=00101008615 HTTP/1.1" 200 423
180.157.251.97 - - [01/Feb/2022:10:55:13 +0800] "POST /xingrg/dwr/call/plaincall/AjaxCheckService.setItemNumber.dwr HTTP/1.1" 200 77
180.157.251.97 - - [01/Feb/2022:10:55:13 +0800] "POST /xingrg/dwr/call/plaincall/AjaxCheckService.setItemNumber.dwr HTTP/1.1" 200 77
180.157.251.97 - - [01/Feb/2022:10:55:14 +0800] "POST /xingrg/dwr/call/plaincall/AjaxCheckService.setItemNumber.dwr HTTP/1.1" 200 77
180.157.251.97 - - [01/Feb/2022:10:55:14 +0800] "POST /xingrg/dwr/call/plaincall/AjaxCheckService.setItemNumber.dwr HTTP/1.1" 200 77
180.157.251.97 - - [01/Feb/2022:10:55:15 +0800] "POST /xingrg/dwr/call/plaincall/AjaxCheckService.setItemNumber.dwr HTTP/1.1" 200 77
180.157.251.97 - - [01/Feb/2022:10:55:15 +0800] "POST /xingrg/dwr/call/plaincall/AjaxCheckService.setItemNumber.dwr HTTP/1.1" 200 77
180.157.251.97 - - [01/Feb/2022:10:55:16 +0800] "POST /xingrg/dwr/call/plaincall/AjaxCheckService.setItemNumber.dwr HTTP/1.1" 200 77
61.170.233.189 - - [01/Feb/2022:10:55:16 +0800] "POST /xingrg/kc/base/wldb_order_operate.html HTTP/1.1" 200 1710
222.70.243.96 - - [01/Feb/2022:10:55:16 +0800] "GET /xingrg/kc/base/wldb_order_operate.html?command=get_materiel&rest_code=00146&base_code=0010070&code=00101001032 HTTP/1.1" 200 434
180.157.251.97 - - [01/Feb/2022:10:55:17 +0800] "POST /xingrg/dwr/call/plaincall/AjaxCheckService.setItemNumber.dwr HTTP/1.1" 200 77
180.157.251.97 - - [01/Feb/2022:10:55:18 +0800] "POST /xingrg/dwr/call/plaincall/AjaxCheckService.setItemNumber.dwr HTTP/1.1" 200 77
180.157.251.97 - - [01/Feb/2022:10:55:18 +0800] "POST /xingrg/dwr/call/plaincall/AjaxCheckService.setItemNumber.dwr HTTP/1.1" 200 77
180.157.251.97 - - [01/Feb/2022:10:55:19 +0800] "POST /xingrg/dwr/call/plaincall/AjaxCheckService.setItemNumber.dwr HTTP/1.1" 200 77
61.170.233.189 - - [01/Feb/2022:10:55:19 +0800] "GET /xingrg/kc/base/wldb_order_operate.html?command=get_materiel&rest_code=00106&base_code=0010408&code=00101009011 HTTP/1.1" 200 438
180.157.251.97 - - [01/Feb/2022:10:55:19 +0800] "POST /xingrg/dwr/call/plaincall/AjaxCheckService.setItemNumber.dwr HTTP/1.1" 200 77
180.157.251.97 - - [01/Feb/2022:10:55:20 +0800] "POST /xingrg/dwr/call/plaincall/AjaxCheckService.setItemNumber.dwr HTTP/1.1" 200 77
180.157.251.97 - - [01/Feb/2022:10:55:21 +0800] "POST /xingrg/dwr/call/plaincall/AjaxCheckService.setItemNumber.dwr HTTP/1.1" 200 77
180.157.251.97 - - [01/Feb/2022:10:55:22 +0800] "POST /xingrg/dwr/call/plaincall/AjaxCheckService.setItemNumber.dwr HTTP/1.1" 200 77
61.170.233.189 - - [01/Feb/2022:10:55:22 +0800] "GET /xingrg/all/function/internal_message.html?_=1643684122602&CODE_STATE=getMsg HTTP/1.1" 200 27
180.157.251.97 - - [01/Feb/2022:10:55:22 +0800] "POST /xingrg/dwr/call/plaincall/AjaxCheckService.setItemNumber.dwr HTTP/1.1" 200 77
180.157.251.97 - - [01/Feb/2022:10:55:23 +0800] "POST /xingrg/dwr/call/plaincall/AjaxCheckService.setItemNumber.dwr HTTP/1.1" 200 77
180.157.251.97 - - [01/Feb/2022:10:55:23 +0800] "POST /xingrg/dwr/call/plaincall/AjaxCheckService.setItemNumber.dwr HTTP/1.1" 200 77
180.157.251.97 - - [01/Feb/2022:10:55:24 +0800] "POST /xingrg/dwr/call/plaincall/AjaxCheckService.setItemNumber.dwr HTTP/1.1" 200 77
180.157.251.97 - - [01/Feb/2022:10:55:24 +0800] "POST /xingrg/dwr/call/plaincall/AjaxCheckService.setItemNumber.dwr HTTP/1.1" 200 77
222.70.243.96 - - [01/Feb/2022:10:55:25 +0800] "GET /xingrg/kc/base/wldb_order_operate.html?command=get_materiel&rest_code=00146&base_code=0010070&code=00101001075 HTTP/1.1" 200 430
