180.157.251.97 - - [01/Feb/2022:10:55:25 +0800] "POST /xingrg/dwr/call/plaincall/AjaxCheckService.setItemNumber.dwr HTTP/1.1" 200 77
180.157.251.97 - - [01/Feb/2022:10:55:26 +0800] "POST /xingrg/dwr/call/plaincall/AjaxCheckService.setItemNumber.dwr HTTP/1.1" 200 77
180.157.251.97 - - [01/Feb/2022:10:55:26 +0800] "POST /xingrg/dwr/call/plaincall/AjaxCheckService.setItemNumber.dwr HTTP/1.1" 200 77
180.157.251.97 - - [01/Feb/2022:10:55:26 +0800] "POST /xingrg/dwr/call/plaincall/AjaxCheckService.setItemNumber.dwr HTTP/1.1" 200 77
61.170.233.189 - - [01/Feb/2022:10:55:27 +0800] "GET /xingrg/kc/base/wldb_order_operate.html?command=get_materiel&rest_code=00106&base_code=0010408&code=00101009013 HTTP/1.1" 200 443
180.157.251.97 - - [01/Feb/2022:10:55:27 +0800] "POST /xingrg/dwr/call/plaincall/AjaxCheckService.setItemNumber.dwr HTTP/1.1" 200 77
180.157.251.97 - - [01/Feb/2022:10:55:28 +0800] "POST /xingrg/dwr/call/plaincall/AjaxCheckService.setItemNumber.dwr HTTP/1.1" 200 77
180.157.251.97 - - [01/Feb/2022:10:55:29 +0800] "POST /xingrg/dwr/call/plaincall/AjaxCheckService.setItemNumber.dwr HTTP/1.1" 200 77
180.157.251.97 - - [01/Feb/2022:10:55:30 +0800] "POST /xingrg/dwr/call/plaincall/AjaxCheckService.setItemNumber.dwr HTTP/1.1" 200 77
180.157.251.97 - - [01/Feb/2022:10:55:31 +0800] "POST /xingrg/dwr/call/plaincall/AjaxCheckService.setItemNumber.dwr HTTP/1.1" 200 77
180.157.251.97 - - [01/Feb/2022:10:55:31 +0800] "POST /xingrg/dwr/call/plaincall/AjaxCheckService.setItemNumber.dwr HTTP/1.1" 200 77
180.157.251.97 - - [01/Feb/2022:10:55:32 +0800] "POST /xingrg/dwr/call/plaincall/AjaxCheckService.setItemNumber.dwr HTTP/1.1" 200 77
222.70.243.96 - - [01/Feb/2022:10:55:32 +0800] "GET /xingrg/kc/base/wldb_order_operate.html?command=get_materiel&rest_code=00146&base_code=0010070&code=00101001096 HTTP/1.1" 200 436
180.157.251.97 - - [01/Feb/2022:10:55:33 +0800] "POST /xingrg/dwr/call/plaincall/AjaxCheckService.setItemNumber.dwr HTTP/1.1" 200 77
180.157.251.97 - - [01/Feb/2022:10:55:33 +0800] "POST /xingrg/dwr/call/plaincall/AjaxCheckService.setItemNumber.dwr HTTP/1.1" 200 77
180.157.251.97 - - [01/Feb/2022:10:55:34 +0800] "POST /xingrg/dwr/call/plaincall/AjaxCheckService.setItemNumber.dwr HTTP/1.1" 200 77
61.170.233.189 - - [01/Feb/2022:10:55:34 +0800] "GET /xingrg/kc/base/wldb_order_operate.html?command=get_materiel&rest_code=00106&base_code=0010408&code=00101009016 HTTP/1.1" 200 434
180.157.251.97 - - [01/Feb/2022:10:55:34 +0800] "POST /xingrg/dwr/call/plaincall/AjaxCheckService.setItemNumber.dwr HTTP/1.1" 200 77
180.157.251.97 - - [01/Feb/2022:10:55:38 +0800] "POST /xingrg/dwr/call/plaincall/AjaxCheckService.setItemNumber.dwr HTTP/1.1" 200 77
61.170.233.189 - - [01/Feb/2022:10:55:39 +0800] "GET /xingrg/kc/base/wldb_order_operate.html?command=get_materiel&rest_code=00106&base_code=0010408&code=00101009044 HTTP/1.1" 200 434
180.152.99.39 - - [01/Feb/2022:10:55:43 +0800] "GET /xingrg/all/function/internal_message.html?_=1643684066135&CODE_STATE=getMsg HTTP/1.1" 200 27
222.70.243.96 - - [01/Feb/2022:10:55:43 +0800] "GET /xingrg/kc/base/wldb_order_operate.html?command=get_materiel&rest_code=00146&base_code=0010070&code=00101001135 HTTP/1.1" 200 435
180.152.99.73 - - [01/Feb/2022:10:55:44 +0800] "GET /xingrg/check_reg.html?_=1643684143517 HTTP/1.1" 302 -
61.170.233.189 - - [01/Feb/2022:10:55:46 +0800] "GET /xingrg/kc/base/wldb_order_operate.html?command=get_materiel&rest_code=00106&base_code=0010408&code=00101009051 HTTP/1.1" 200 430
58.40.7.146 - - [01/Feb/2022:10:55:52 +0800] "POST /xingrg/services/DataTransmitService HTTP/1.1" 200 524
222.70.243.96 - - [01/Feb/2022:10:55:53 +0800] "GET /xingrg/kc/base/wldb_order_operate.html?command=get_materiel&rest_code=00146&base_code=0010070&code=00101001142 HTTP/1.1" 200 435
61.170.233.189 - - [01/Feb/2022:10:55:56 +0800] "GET /xingrg/all/function/internal_message.html?_=1643684154927&CODE_STATE=getMsg HTTP/1.1" 200 27
222.70.243.96 - - [01/Feb/2022:10:56:00 +0800] "GET /xingrg/kc/base/wldb_order_operate.html?command=get_materiel&rest_code=00146&base_code=0010070&code=00101001160 HTTP/1.1" 200 430
61.170.233.189 - - [01/Feb/2022:10:56:01 +0800] "GET /xingrg/kc/base/wldb_order_operate.html?command=get_materiel&rest_code=00106&base_code=0010408&code=00101009063 HTTP/1.1" 200 432
222.70.243.96 - - [01/Feb/2022:10:56:03 +0800] "GET /xingrg/all/function/internal_message.html?_=1643684168236&CODE_STATE=getMsg HTTP/1.1" 302 -
116.239.131.195 - - [01/Feb/2022:10:56:04 +0800] "GET /xingrg/all/function/internal_message.html?_=1643684183090&CODE_STATE=getMsg HTTP/1.1" 200 27
61.170.233.189 - - [01/Feb/2022:10:56:04 +0800] "POST /xingrg/kc/base/wldb_order_operate.html HTTP/1.1" 200 1710
61.170.233.189 - - [01/Feb/2022:10:56:08 +0800] "GET /xingrg/kc/base/wldb_order_operate.html?command=get_materiel&rest_code=00106&base_code=0010408&code=00102009568 HTTP/1.1" 200 435
222.70.176.73 - - [01/Feb/2022:10:56:08 +0800] "GET /xingrg/all/function/internal_message.html?_=1643684166791&CODE_STATE=getMsg HTTP/1.1" 200 27
222.70.243.96 - - [01/Feb/2022:10:56:09 +0800] "GET /xingrg/kc/base/wldb_order_operate.html?command=get_materiel&rest_code=00146&base_code=0010070&code=00101001271 HTTP/1.1" 200 415
222.70.243.96 - - [01/Feb/2022:10:56:10 +0800] "GET /xingrg/all/function/internal_message.html?_=1643684175106&CODE_STATE=getMsg HTTP/1.1" 200 27
116.235.92.83 - - [01/Feb/2022:10:56:10 +0800] "GET /xingrg/all/function/internal_message.html?_=1643684313396&CODE_STATE=getMsg HTTP/1.1" 200 27
116.235.92.83 - - [01/Feb/2022:10:56:10 +0800] "GET /xingrg/check_reg.html?_=1643684313397 HTTP/1.1" 200 22
61.170.233.189 - - [01/Feb/2022:10:56:18 +0800] "GET /xingrg/kc/base/wldb_order_operate.html?command=get_materiel&rest_code=00106&base_code=0010408&code=00101009107 HTTP/1.1" 200 417
61.170.233.189 - - [01/Feb/2022:10:56:22 +0800] "GET /xingrg/check_reg.html?_=1643684180735 HTTP/1.1" 200 22
61.170.233.189 - - [01/Feb/2022:10:56:22 +0800] "GET /xingrg/all/function/internal_message.html?_=1643684182706&CODE_STATE=getMsg HTTP/1.1" 200 27
222.70.243.96 - - [01/Feb/2022:10:56:24 +0800] "GET /xingrg/kc/base/wldb_order_operate.html?command=get_materiel&rest_code=00146&base_code=0010070&code=00101002027 HTTP/1.1" 200 436
61.170.233.189 - - [01/Feb/2022:10:56:24 +0800] "GET /xingrg/kc/base/wldb_order_operate.html?command=get_materiel&rest_code=00106&base_code=0010408&code=00101010045 HTTP/1.1" 200 441
61.170.233.189 - - [01/Feb/2022:10:56:34 +0800] "GET /xingrg/kc/base/wldb_order_operate.html?command=get_materiel&rest_code=00106&base_code=0010408&code=00101010111 HTTP/1.1" 200 438
222.70.243.96 - - [01/Feb/2022:10:56:38 +0800] "GET /xingrg/kc/base/wldb_order_operate.html?command=get_materiel&rest_code=00146&base_code=0010070&code=00101003011 HTTP/1.1" 200 449
180.152.99.39 - - [01/Feb/2022:10:56:39 +0800] "GET /xingrg/check_reg.html?_=1643684122363 HTTP/1.1" 200 22
61.170.233.189 - - [01/Feb/2022:10:56:40 +0800] "GET /xingrg/kc/base/wldb_order_operate.html?command=get_materiel&rest_code=00106&base_code=0010408&code=00101010267 HTTP/1.1" 200 434
180.152.99.39 - - [01/Feb/2022:10:56:43 +0800] "GET /xingrg/all/function/internal_message.html?_=1643684126138&CODE_STATE=getMsg HTTP/1.1" 200 27
61.170.233.189 - - [01/Feb/2022:10:56:47 +0800] "GET /xingrg/kc/base/wldb_order_operate.html?command=get_materiel&rest_code=00106&base_code=0010408&code=00101010327 HTTP/1.1" 200 424
222.70.243.96 - - [01/Feb/2022:10:56:47 +0800] "GET /xingrg/kc/base/wldb_order_operate.html?command=get_materiel&rest_code=00146&base_code=0010070&code=00101003025 HTTP/1.1" 200 431
61.170.233.189 - - [01/Feb/2022:10:56:51 +0800] "POST /xingrg/kc/base/wldb_order_operate.html HTTP/1.1" 200 1710
61.170.233.189 - - [01/Feb/2022:10:56:55 +0800] "GET /xingrg/kc/base/wldb_order_operate.html?command=get_materiel&rest_code=00106&base_code=0010408&code=00101010522 HTTP/1.1" 200 430
61.170.233.189 - - [01/Feb/2022:10:56:56 +0800] "GET /xingrg/all/function/internal_message.html?_=1643684214903&CODE_STATE=getMsg HTTP/1.1" 200 27
222.70.243.96 - - [01/Feb/2022:10:57:04 +0800] "GET /xingrg/all/function/internal_message.html?_=1643684228269&CODE_STATE=getMsg HTTP/1.1" 302 -
116.239.131.195 - - [01/Feb/2022:10:57:04 +0800] "GET /xingrg/all/function/internal_message.html?_=1643684243112&CODE_STATE=getMsg HTTP/1.1" 200 27
61.170.233.189 - - [01/Feb/2022:10:57:04 +0800] "GET /xingrg/kc/base/wldb_order_operate.html?command=get_materiel&rest_code=00106&base_code=0010408&code=00101010567 HTTP/1.1" 200 420
222.70.176.73 - - [01/Feb/2022:10:57:08 +0800] "GET /xingrg/all/function/internal_message.html?_=1643684226761&CODE_STATE=getMsg HTTP/1.1" 200 27
222.70.243.96 - - [01/Feb/2022:10:57:10 +0800] "GET /xingrg/all/function/internal_message.html?_=1643684235225&CODE_STATE=getMsg HTTP/1.1" 200 27
116.235.92.83 - - [01/Feb/2022:10:57:10 +0800] "GET /xingrg/all/function/internal_message.html?_=1643684373395&CODE_STATE=getMsg HTTP/1.1" 200 27
222.70.243.96 - - [01/Feb/2022:10:57:12 +0800] "GET /xingrg/kc/base/wldb_order_operate.html?command=get_materiel&rest_code=00146&base_code=0010070&code=00101003029 HTTP/1.1" 200 453
61.170.233.189 - - [01/Feb/2022:10:57:12 +0800] "GET /xingrg/kc/base/wldb_order_operate.html?command=get_materiel&rest_code=00106&base_code=0010408&code=00101010568 HTTP/1.1" 200 429
61.170.233.189 - - [01/Feb/2022:10:57:22 +0800] "GET /xingrg/all/function/internal_message.html?_=1643684242679&CODE_STATE=getMsg HTTP/1.1" 200 27
222.70.243.96 - - [01/Feb/2022:10:57:23 +0800] "GET /xingrg/kc/base/wldb_order_operate.html?command=get_materiel&rest_code=00146&base_code=0010070&code=00101004020 HTTP/1.1" 200 431
222.70.243.96 - - [01/Feb/2022:10:57:34 +0800] "GET /xingrg/kc/base/wldb_order_operate.html?command=get_materiel&rest_code=00146&base_code=0010070&code=00101005037 HTTP/1.1" 200 432
180.152.99.39 - - [01/Feb/2022:10:57:43 +0800] "GET /xingrg/all/function/internal_message.html?_=1643684186152&CODE_STATE=getMsg HTTP/1.1" 200 27
222.70.243.96 - - [01/Feb/2022:10:57:44 +0800] "GET /xingrg/kc/base/wldb_order_operate.html?command=get_materiel&rest_code=00146&base_code=0010070&code=00101006002 HTTP/1.1" 200 439
61.170.233.189 - - [01/Feb/2022:10:57:48 +0800] "GET /xingrg/kc/base/wldb_order_operate.html?command=get_materiel&rest_code=00106&base_code=0010408&code=00101010569 HTTP/1.1" 200 418
222.70.243.96 - - [01/Feb/2022:10:57:54 +0800] "GET /xingrg/kc/base/wldb_order_operate.html?command=get_materiel&rest_code=00146&base_code=0010070&code=00101006025 HTTP/1.1" 200 440
61.170.233.189 - - [01/Feb/2022:10:57:56 +0800] "GET /xingrg/all/function/internal_message.html?_=1643684274881&CODE_STATE=getMsg HTTP/1.1" 200 27
180.157.251.97 - - [01/Feb/2022:10:58:00 +0800] "POST /xingrg/dwr/call/plaincall/AjaxCheckService.checkOrder.dwr HTTP/1.1" 200 79
180.157.251.97 - - [01/Feb/2022:10:58:01 +0800] "GET /xingrg/kc/base/check_order_info.html?code=452022013100245 HTTP/1.1" 200 22854
180.157.251.97 - - [01/Feb/2022:10:58:01 +0800] "GET /xingrg/dwr/interface/AjaxCheckService.js HTTP/1.1" 200 14003
180.157.251.97 - - [01/Feb/2022:10:58:01 +0800] "GET /xingrg/dwr/interface/AjaxComOrderService.js HTTP/1.1" 200 18264
180.157.251.97 - - [01/Feb/2022:10:58:01 +0800] "GET /xingrg/dwr/engine.js HTTP/1.1" 200 43631
180.157.251.97 - - [01/Feb/2022:10:58:02 +0800] "POST /xingrg/dwr/call/plaincall/AjaxCheckService.loadOrderItems.dwr HTTP/1.1" 200 14317
180.157.251.97 - - [01/Feb/2022:10:58:02 +0800] "GET /xingrg/kc/base/check_order_list.html?isBack=1 HTTP/1.1" 200 16223
180.157.251.97 - - [01/Feb/2022:10:58:02 +0800] "POST /xingrg/kc/base/check_list_operate.html HTTP/1.1" 200 2226
61.170.233.189 - - [01/Feb/2022:10:58:02 +0800] "GET /xingrg/kc/base/wldb_order_operate.html?command=get_materiel&rest_code=00106&base_code=0010408&code=00101010584 HTTP/1.1" 200 420
222.70.243.96 - - [01/Feb/2022:10:58:04 +0800] "GET /xingrg/all/function/internal_message.html?_=1643684288280&CODE_STATE=getMsg HTTP/1.1" 302 -
116.239.131.195 - - [01/Feb/2022:10:58:04 +0800] "GET /xingrg/all/function/internal_message.html?_=1643684303118&CODE_STATE=getMsg HTTP/1.1" 200 27
222.70.243.96 - - [01/Feb/2022:10:58:06 +0800] "GET /xingrg/kc/base/wldb_order_operate.html?command=get_materiel&rest_code=00146&base_code=0010070&code=00101006067 HTTP/1.1" 200 430
61.170.233.189 - - [01/Feb/2022:10:58:06 +0800] "POST /xingrg/kc/base/wldb_order_operate.html HTTP/1.1" 200 1710
222.70.176.73 - - [01/Feb/2022:10:58:08 +0800] "GET /xingrg/all/function/internal_message.html?_=1643684286744&CODE_STATE=getMsg HTTP/1.1" 200 27
222.70.243.96 - - [01/Feb/2022:10:58:10 +0800] "GET /xingrg/all/function/internal_message.html?_=1643684295224&CODE_STATE=getMsg HTTP/1.1" 200 27
116.235.92.83 - - [01/Feb/2022:10:58:10 +0800] "GET /xingrg/all/function/internal_message.html?_=1643684433394&CODE_STATE=getMsg HTTP/1.1" 200 27
61.170.233.189 - - [01/Feb/2022:10:58:10 +0800] "GET /xingrg/kc/base/wldb_order_operate.html?command=get_materiel&rest_code=00106&base_code=0010408&code=00101010691 HTTP/1.1" 200 417
222.70.243.96 - - [01/Feb/2022:10:58:17 +0800] "GET /xingrg/kc/base/wldb_order_operate.html?command=get_materiel&rest_code=00146&base_code=0010070&code=00101006084 HTTP/1.1" 200 433
61.170.233.189 - - [01/Feb/2022:10:58:20 +0800] "GET /xingrg/kc/base/wldb_order_operate.html?command=get_materiel&rest_code=00106&base_code=0010408&code=00101010768 HTTP/1.1" 200 465
61.170.233.189 - - [01/Feb/2022:10:58:22 +0800] "GET /xingrg/all/function/internal_message.html?_=1643684302667&CODE_STATE=getMsg HTTP/1.1" 200 27
180.157.251.97 - - [01/Feb/2022:10:58:26 +0800] "GET /xingrg/kc/base/check_order_info.html?code=452022013100239 HTTP/1.1" 200 26514
180.157.251.97 - - [01/Feb/2022:10:58:26 +0800] "GET /xingrg/dwr/interface/AjaxComOrderService.js HTTP/1.1" 200 18264
180.157.251.97 - - [01/Feb/2022:10:58:26 +0800] "GET /xingrg/dwr/interface/AjaxCheckService.js HTTP/1.1" 200 14003
180.157.251.97 - - [01/Feb/2022:10:58:26 +0800] "GET /xingrg/dwr/engine.js HTTP/1.1" 200 43631
180.157.251.97 - - [01/Feb/2022:10:58:26 +0800] "POST /xingrg/dwr/call/plaincall/AjaxCheckService.loadOrderItems.dwr HTTP/1.1" 200 132650
61.170.233.189 - - [01/Feb/2022:10:58:28 +0800] "GET /xingrg/kc/base/wldb_order_operate.html?command=get_materiel&rest_code=00106&base_code=0010408&code=00101010769 HTTP/1.1" 200 463
180.157.251.97 - - [01/Feb/2022:10:58:30 +0800] "POST /xingrg/dwr/call/plaincall/AjaxCheckService.setItemNumber.dwr HTTP/1.1" 200 76
222.70.243.96 - - [01/Feb/2022:10:58:30 +0800] "GET /xingrg/kc/base/wldb_order_operate.html?command=get_materiel&rest_code=00146&base_code=0010070&code=00101006109 HTTP/1.1" 200 431
180.157.251.97 - - [01/Feb/2022:10:58:31 +0800] "POST /xingrg/dwr/call/plaincall/AjaxCheckService.setItemNumber.dwr HTTP/1.1" 200 76
180.157.251.97 - - [01/Feb/2022:10:58:31 +0800] "POST /xingrg/dwr/call/plaincall/AjaxCheckService.setItemNumber.dwr HTTP/1.1" 200 76
180.157.251.97 - - [01/Feb/2022:10:58:31 +0800] "POST /xingrg/dwr/call/plaincall/AjaxCheckService.setItemNumber.dwr HTTP/1.1" 200 76
180.157.251.97 - - [01/Feb/2022:10:58:32 +0800] "POST /xingrg/dwr/call/plaincall/AjaxCheckService.setItemNumber.dwr HTTP/1.1" 200 76
180.157.251.97 - - [01/Feb/2022:10:58:32 +0800] "POST /xingrg/dwr/call/plaincall/AjaxCheckService.setItemNumber.dwr HTTP/1.1" 200 76
180.157.251.97 - - [01/Feb/2022:10:58:32 +0800] "POST /xingrg/dwr/call/plaincall/AjaxCheckService.setItemNumber.dwr HTTP/1.1" 200 76
180.157.251.97 - - [01/Feb/2022:10:58:33 +0800] "POST /xingrg/dwr/call/plaincall/AjaxCheckService.setItemNumber.dwr HTTP/1.1" 200 76
180.157.251.97 - - [01/Feb/2022:10:58:34 +0800] "POST /xingrg/dwr/call/plaincall/AjaxCheckService.setItemNumber.dwr HTTP/1.1" 200 76
180.157.251.97 - - [01/Feb/2022:10:58:34 +0800] "POST /xingrg/dwr/call/plaincall/AjaxCheckService.setItemNumber.dwr HTTP/1.1" 200 77
180.157.251.97 - - [01/Feb/2022:10:58:35 +0800] "POST /xingrg/dwr/call/plaincall/AjaxCheckService.setItemNumber.dwr HTTP/1.1" 200 77
180.157.251.97 - - [01/Feb/2022:10:58:35 +0800] "POST /xingrg/dwr/call/plaincall/AjaxCheckService.setItemNumber.dwr HTTP/1.1" 200 77
180.157.251.97 - - [01/Feb/2022:10:58:35 +0800] "POST /xingrg/dwr/call/plaincall/AjaxCheckService.setItemNumber.dwr HTTP/1.1" 200 77
180.157.251.97 - - [01/Feb/2022:10:58:36 +0800] "POST /xingrg/dwr/call/plaincall/AjaxCheckService.setItemNumber.dwr HTTP/1.1" 200 77
180.157.251.97 - - [01/Feb/2022:10:58:36 +0800] "POST /xingrg/dwr/call/plaincall/AjaxCheckService.setItemNumber.dwr HTTP/1.1" 200 77
180.157.251.97 - - [01/Feb/2022:10:58:36 +0800] "POST /xingrg/dwr/call/plaincall/AjaxCheckService.setItemNumber.dwr HTTP/1.1" 200 77
180.157.251.97 - - [01/Feb/2022:10:58:37 +0800] "POST /xingrg/dwr/call/plaincall/AjaxCheckService.setItemNumber.dwr HTTP/1.1" 200 77
180.157.251.97 - - [01/Feb/2022:10:58:37 +0800] "POST /xingrg/dwr/call/plaincall/AjaxCheckService.setItemNumber.dwr HTTP/1.1" 200 77
180.157.251.97 - - [01/Feb/2022:10:58:38 +0800] "POST /xingrg/dwr/call/plaincall/AjaxCheckService.setItemNumber.dwr HTTP/1.1" 200 77
180.157.251.97 - - [01/Feb/2022:10:58:38 +0800] "POST /xingrg/dwr/call/plaincall/AjaxCheckService.setItemNumber.dwr HTTP/1.1" 200 77
180.157.251.97 - - [01/Feb/2022:10:58:39 +0800] "POST /xingrg/dwr/call/plaincall/AjaxCheckService.setItemNumber.dwr HTTP/1.1" 200 77
180.157.251.97 - - [01/Feb/2022:10:58:39 +0800] "POST /xingrg/dwr/call/plaincall/AjaxCheckService.setItemNumber.dwr HTTP/1.1" 200 77
180.157.251.97 - - [01/Feb/2022:10:58:40 +0800] "POST /xingrg/dwr/call/plaincall/AjaxCheckService.setItemNumber.dwr HTTP/1.1" 200 77
222.70.243.96 - - [01/Feb/2022:10:58:40 +0800] "GET /xingrg/kc/base/wldb_order_operate.html?command=get_materiel&rest_code=00146&base_code=0010070&code=00101006124 HTTP/1.1" 200 429
180.157.251.97 - - [01/Feb/2022:10:58:40 +0800] "POST /xingrg/dwr/call/plaincall/AjaxCheckService.setItemNumber.dwr HTTP/1.1" 200 77
61.170.233.189 - - [01/Feb/2022:10:58:40 +0800] "POST /xingrg/kc/base/wldb_order_operate.html HTTP/1.1" 200 37
61.170.233.189 - - [01/Feb/2022:10:58:41 +0800] "POST /xingrg/kc/base/wldb_order_operate.html HTTP/1.1" 200 25199
180.157.251.97 - - [01/Feb/2022:10:58:43 +0800] "POST /xingrg/dwr/call/plaincall/AjaxCheckService.setItemNumber.dwr HTTP/1.1" 200 77
222.70.243.96 - - [01/Feb/2022:10:58:44 +0800] "POST /xingrg/kc/base/wldb_order_operate.html HTTP/1.1" 200 1710
180.157.251.97 - - [01/Feb/2022:10:58:44 +0800] "POST /xingrg/dwr/call/plaincall/AjaxCheckService.setItemNumber.dwr HTTP/1.1" 200 77
180.157.251.97 - - [01/Feb/2022:10:58:45 +0800] "POST /xingrg/dwr/call/plaincall/AjaxCheckService.setItemNumber.dwr HTTP/1.1" 200 77
180.157.251.97 - - [01/Feb/2022:10:58:45 +0800] "POST /xingrg/dwr/call/plaincall/AjaxCheckService.setItemNumber.dwr HTTP/1.1" 200 77
180.157.251.97 - - [01/Feb/2022:10:58:46 +0800] "POST /xingrg/dwr/call/plaincall/AjaxCheckService.setItemNumber.dwr HTTP/1.1" 200 77
180.152.99.39 - - [01/Feb/2022:10:58:46 +0800] "GET /xingrg/all/function/internal_message.html?_=1643684246192&CODE_STATE=getMsg HTTP/1.1" 200 27
180.157.251.97 - - [01/Feb/2022:10:58:46 +0800] "POST /xingrg/dwr/call/plaincall/AjaxCheckService.setItemNumber.dwr HTTP/1.1" 200 77
180.157.251.97 - - [01/Feb/2022:10:58:47 +0800] "POST /xingrg/dwr/call/plaincall/AjaxCheckService.setItemNumber.dwr HTTP/1.1" 200 77
180.157.251.97 - - [01/Feb/2022:10:58:47 +0800] "POST /xingrg/dwr/call/plaincall/AjaxCheckService.setItemNumber.dwr HTTP/1.1" 200 77
180.157.251.97 - - [01/Feb/2022:10:58:48 +0800] "POST /xingrg/dwr/call/plaincall/AjaxCheckService.setItemNumber.dwr HTTP/1.1" 200 77
180.157.251.97 - - [01/Feb/2022:10:58:48 +0800] "POST /xingrg/dwr/call/plaincall/AjaxCheckService.setItemNumber.dwr HTTP/1.1" 200 77
180.157.251.97 - - [01/Feb/2022:10:58:49 +0800] "POST /xingrg/dwr/call/plaincall/AjaxCheckService.setItemNumber.dwr HTTP/1.1" 200 77
180.157.251.97 - - [01/Feb/2022:10:58:49 +0800] "POST /xingrg/dwr/call/plaincall/AjaxCheckService.setItemNumber.dwr HTTP/1.1" 200 77
180.157.251.97 - - [01/Feb/2022:10:58:50 +0800] "POST /xingrg/dwr/call/plaincall/AjaxCheckService.setItemNumber.dwr HTTP/1.1" 200 77
180.157.251.97 - - [01/Feb/2022:10:58:50 +0800] "POST /xingrg/dwr/call/plaincall/AjaxCheckService.setItemNumber.dwr HTTP/1.1" 200 77
180.157.251.97 - - [01/Feb/2022:10:58:51 +0800] "POST /xingrg/dwr/call/plaincall/AjaxCheckService.setItemNumber.dwr HTTP/1.1" 200 77
222.70.243.96 - - [01/Feb/2022:10:58:51 +0800] "GET /xingrg/kc/base/wldb_order_operate.html?command=get_materiel&rest_code=00146&base_code=0010070&code=00101006127 HTTP/1.1" 200 446
180.157.251.97 - - [01/Feb/2022:10:58:51 +0800] "POST /xingrg/dwr/call/plaincall/AjaxCheckService.setItemNumber.dwr HTTP/1.1" 200 77
180.157.251.97 - - [01/Feb/2022:10:58:52 +0800] "POST /xingrg/dwr/call/plaincall/AjaxCheckService.setItemNumber.dwr HTTP/1.1" 200 77
180.157.251.97 - - [01/Feb/2022:10:58:52 +0800] "POST /xingrg/dwr/call/plaincall/AjaxCheckService.setItemNumber.dwr HTTP/1.1" 200 77
180.157.251.97 - - [01/Feb/2022:10:58:53 +0800] "POST /xingrg/dwr/call/plaincall/AjaxCheckService.setItemNumber.dwr HTTP/1.1" 200 77
180.157.251.97 - - [01/Feb/2022:10:58:53 +0800] "POST /xingrg/dwr/call/plaincall/AjaxCheckService.setItemNumber.dwr HTTP/1.1" 200 77
180.157.251.97 - - [01/Feb/2022:10:58:53 +0800] "POST /xingrg/dwr/call/plaincall/AjaxCheckService.setItemNumber.dwr HTTP/1.1" 200 77
180.157.251.97 - - [01/Feb/2022:10:58:54 +0800] "POST /xingrg/dwr/call/plaincall/AjaxCheckService.setItemNumber.dwr HTTP/1.1" 200 77
180.157.251.97 - - [01/Feb/2022:10:58:54 +0800] "POST /xingrg/dwr/call/plaincall/AjaxCheckService.setItemNumber.dwr HTTP/1.1" 200 77
180.157.251.97 - - [01/Feb/2022:10:58:55 +0800] "POST /xingrg/dwr/call/plaincall/AjaxCheckService.setItemNumber.dwr HTTP/1.1" 200 77
61.170.233.189 - - [01/Feb/2022:10:58:56 +0800] "GET /xingrg/all/function/internal_message.html?_=1643684334860&CODE_STATE=getMsg HTTP/1.1" 200 27
180.157.251.97 - - [01/Feb/2022:10:59:01 +0800] "POST /xingrg/dwr/call/plaincall/AjaxCheckService.setItemNumber.dwr HTTP/1.1" 200 77
180.157.251.97 - - [01/Feb/2022:10:59:02 +0800] "POST /xingrg/dwr/call/plaincall/AjaxCheckService.setItemNumber.dwr HTTP/1.1" 200 77
180.157.251.97 - - [01/Feb/2022:10:59:02 +0800] "POST /xingrg/dwr/call/plaincall/AjaxCheckService.setItemNumber.dwr HTTP/1.1" 200 77
180.157.251.97 - - [01/Feb/2022:10:59:03 +0800] "POST /xingrg/dwr/call/plaincall/AjaxCheckService.setItemNumber.dwr HTTP/1.1" 200 77
180.157.251.97 - - [01/Feb/2022:10:59:03 +0800] "POST /xingrg/dwr/call/plaincall/AjaxCheckService.setItemNumber.dwr HTTP/1.1" 200 77
222.70.243.96 - - [01/Feb/2022:10:59:04 +0800] "GET /xingrg/all/function/internal_message.html?_=1643684348312&CODE_STATE=getMsg HTTP/1.1" 302 -
116.239.131.195 - - [01/Feb/2022:10:59:04 +0800] "GET /xingrg/all/function/internal_message.html?_=1643684363130&CODE_STATE=getMsg HTTP/1.1" 200 27
180.157.251.97 - - [01/Feb/2022:10:59:04 +0800] "POST /xingrg/dwr/call/plaincall/AjaxCheckService.setItemNumber.dwr HTTP/1.1" 200 77
180.157.251.97 - - [01/Feb/2022:10:59:04 +0800] "POST /xingrg/dwr/call/plaincall/AjaxCheckService.setItemNumber.dwr HTTP/1.1" 200 77
180.157.251.97 - - [01/Feb/2022:10:59:04 +0800] "POST /xingrg/dwr/call/plaincall/AjaxCheckService.setItemNumber.dwr HTTP/1.1" 200 77
180.157.251.97 - - [01/Feb/2022:10:59:05 +0800] "POST /xingrg/dwr/call/plaincall/AjaxCheckService.setItemNumber.dwr HTTP/1.1" 200 77
180.157.251.97 - - [01/Feb/2022:10:59:05 +0800] "POST /xingrg/dwr/call/plaincall/AjaxCheckService.setItemNumber.dwr HTTP/1.1" 200 77
222.70.243.96 - - [01/Feb/2022:10:59:05 +0800] "GET /xingrg/check_reg.html?_=1643684350154 HTTP/1.1" 302 -
180.157.251.97 - - [01/Feb/2022:10:59:06 +0800] "POST /xingrg/dwr/call/plaincall/AjaxCheckService.setItemNumber.dwr HTTP/1.1" 200 77
180.157.251.97 - - [01/Feb/2022:10:59:06 +0800] "POST /xingrg/dwr/call/plaincall/AjaxCheckService.setItemNumber.dwr HTTP/1.1" 200 77
180.157.251.97 - - [01/Feb/2022:10:59:07 +0800] "POST /xingrg/dwr/call/plaincall/AjaxCheckService.setItemNumber.dwr HTTP/1.1" 200 77
180.157.251.97 - - [01/Feb/2022:10:59:07 +0800] "POST /xingrg/dwr/call/plaincall/AjaxCheckService.setItemNumber.dwr HTTP/1.1" 200 77
180.157.251.97 - - [01/Feb/2022:10:59:08 +0800] "POST /xingrg/dwr/call/plaincall/AjaxCheckService.setItemNumber.dwr HTTP/1.1" 200 77
180.157.251.97 - - [01/Feb/2022:10:59:08 +0800] "POST /xingrg/dwr/call/plaincall/AjaxCheckService.setItemNumber.dwr HTTP/1.1" 200 77
101.85.53.167 - - [01/Feb/2022:10:59:08 +0800] "GET /xingrg/login.html HTTP/1.1" 200 7641
222.70.176.73 - - [01/Feb/2022:10:59:08 +0800] "GET /xingrg/all/function/internal_message.html?_=1643684346729&CODE_STATE=getMsg HTTP/1.1" 200 27
180.157.251.97 - - [01/Feb/2022:10:59:09 +0800] "POST /xingrg/dwr/call/plaincall/AjaxCheckService.setItemNumber.dwr HTTP/1.1" 200 77
180.157.251.97 - - [01/Feb/2022:10:59:09 +0800] "POST /xingrg/dwr/call/plaincall/AjaxCheckService.setItemNumber.dwr HTTP/1.1" 200 77
222.70.243.96 - - [01/Feb/2022:10:59:10 +0800] "GET /xingrg/check_reg.html?_=1643684355072 HTTP/1.1" 200 22
180.157.251.97 - - [01/Feb/2022:10:59:10 +0800] "POST /xingrg/dwr/call/plaincall/AjaxCheckService.setItemNumber.dwr HTTP/1.1" 200 77
222.70.243.96 - - [01/Feb/2022:10:59:10 +0800] "GET /xingrg/all/function/internal_message.html?_=1643684355238&CODE_STATE=getMsg HTTP/1.1" 200 27
116.235.92.83 - - [01/Feb/2022:10:59:10 +0800] "GET /xingrg/all/function/internal_message.html?_=1643684493393&CODE_STATE=getMsg HTTP/1.1" 200 27
180.157.251.97 - - [01/Feb/2022:10:59:10 +0800] "POST /xingrg/dwr/call/plaincall/AjaxCheckService.setItemNumber.dwr HTTP/1.1" 200 77
180.157.251.97 - - [01/Feb/2022:10:59:11 +0800] "POST /xingrg/dwr/call/plaincall/AjaxCheckService.setItemNumber.dwr HTTP/1.1" 200 77
180.157.251.97 - - [01/Feb/2022:10:59:11 +0800] "POST /xingrg/dwr/call/plaincall/AjaxCheckService.setItemNumber.dwr HTTP/1.1" 200 77
180.157.251.97 - - [01/Feb/2022:10:59:12 +0800] "POST /xingrg/dwr/call/plaincall/AjaxCheckService.setItemNumber.dwr HTTP/1.1" 200 77
101.85.53.167 - - [01/Feb/2022:10:59:12 +0800] "GET /favicon.ico HTTP/1.1" 404 -
180.157.251.97 - - [01/Feb/2022:10:59:12 +0800] "POST /xingrg/dwr/call/plaincall/AjaxCheckService.setItemNumber.dwr HTTP/1.1" 200 77
222.70.243.96 - - [01/Feb/2022:10:59:12 +0800] "GET /xingrg/kc/base/wldb_order_operate.html?command=get_materiel&rest_code=00146&base_code=0010070&code=00101006130 HTTP/1.1" 200 450
180.157.251.97 - - [01/Feb/2022:10:59:12 +0800] "POST /xingrg/dwr/call/plaincall/AjaxCheckService.setItemNumber.dwr HTTP/1.1" 200 77
180.157.251.97 - - [01/Feb/2022:10:59:12 +0800] "POST /xingrg/dwr/call/plaincall/AjaxCheckService.setItemNumber.dwr HTTP/1.1" 200 77
180.157.251.97 - - [01/Feb/2022:10:59:13 +0800] "POST /xingrg/dwr/call/plaincall/AjaxCheckService.setItemNumber.dwr HTTP/1.1" 200 77
180.157.251.97 - - [01/Feb/2022:10:59:16 +0800] "POST /xingrg/dwr/call/plaincall/AjaxCheckService.setItemNumber.dwr HTTP/1.1" 200 77
222.70.243.96 - - [01/Feb/2022:10:59:22 +0800] "GET /xingrg/kc/base/wldb_order_operate.html?command=get_materiel&rest_code=00146&base_code=0010070&code=00101006133 HTTP/1.1" 200 435
180.157.251.97 - - [01/Feb/2022:10:59:23 +0800] "POST /xingrg/dwr/call/plaincall/AjaxCheckService.setItemNumber.dwr HTTP/1.1" 200 77
180.157.251.97 - - [01/Feb/2022:10:59:23 +0800] "POST /xingrg/dwr/call/plaincall/AjaxCheckService.setItemNumber.dwr HTTP/1.1" 200 77
180.157.251.97 - - [01/Feb/2022:10:59:24 +0800] "POST /xingrg/dwr/call/plaincall/AjaxCheckService.setItemNumber.dwr HTTP/1.1" 200 77
180.157.251.97 - - [01/Feb/2022:10:59:24 +0800] "POST /xingrg/dwr/call/plaincall/AjaxCheckService.setItemNumber.dwr HTTP/1.1" 200 77
180.157.251.97 - - [01/Feb/2022:10:59:25 +0800] "POST /xingrg/dwr/call/plaincall/AjaxCheckService.setItemNumber.dwr HTTP/1.1" 200 77
180.157.251.97 - - [01/Feb/2022:10:59:25 +0800] "POST /xingrg/dwr/call/plaincall/AjaxCheckService.setItemNumber.dwr HTTP/1.1" 200 77
180.157.251.97 - - [01/Feb/2022:10:59:26 +0800] "POST /xingrg/dwr/call/plaincall/AjaxCheckService.setItemNumber.dwr HTTP/1.1" 200 77
180.157.251.97 - - [01/Feb/2022:10:59:27 +0800] "POST /xingrg/dwr/call/plaincall/AjaxCheckService.setItemNumber.dwr HTTP/1.1" 200 77
180.157.251.97 - - [01/Feb/2022:10:59:27 +0800] "POST /xingrg/dwr/call/plaincall/AjaxCheckService.setItemNumber.dwr HTTP/1.1" 200 77
180.157.251.97 - - [01/Feb/2022:10:59:28 +0800] "POST /xingrg/dwr/call/plaincall/AjaxCheckService.setItemNumber.dwr HTTP/1.1" 200 77
180.157.251.97 - - [01/Feb/2022:10:59:28 +0800] "POST /xingrg/dwr/call/plaincall/AjaxCheckService.setItemNumber.dwr HTTP/1.1" 200 77
180.157.251.97 - - [01/Feb/2022:10:59:29 +0800] "POST /xingrg/dwr/call/plaincall/AjaxCheckService.setItemNumber.dwr HTTP/1.1" 200 77
180.157.251.97 - - [01/Feb/2022:10:59:29 +0800] "POST /xingrg/dwr/call/plaincall/AjaxCheckService.setItemNumber.dwr HTTP/1.1" 200 77
180.157.251.97 - - [01/Feb/2022:10:59:30 +0800] "POST /xingrg/dwr/call/plaincall/AjaxCheckService.setItemNumber.dwr HTTP/1.1" 200 77
222.70.176.73 - - [01/Feb/2022:10:59:30 +0800] "GET /xingrg/check_reg.html?_=1643684368807 HTTP/1.1" 200 22
180.157.251.97 - - [01/Feb/2022:10:59:30 +0800] "POST /xingrg/dwr/call/plaincall/AjaxCheckService.setItemNumber.dwr HTTP/1.1" 200 77
180.157.251.97 - - [01/Feb/2022:10:59:31 +0800] "POST /xingrg/dwr/call/plaincall/AjaxCheckService.setItemNumber.dwr HTTP/1.1" 200 77
180.157.251.97 - - [01/Feb/2022:10:59:31 +0800] "POST /xingrg/dwr/call/plaincall/AjaxCheckService.setItemNumber.dwr HTTP/1.1" 200 77
180.157.251.97 - - [01/Feb/2022:10:59:32 +0800] "POST /xingrg/dwr/call/plaincall/AjaxCheckService.setItemNumber.dwr HTTP/1.1" 200 77
180.157.251.97 - - [01/Feb/2022:10:59:33 +0800] "POST /xingrg/dwr/call/plaincall/AjaxCheckService.setItemNumber.dwr HTTP/1.1" 200 77
222.70.243.96 - - [01/Feb/2022:10:59:35 +0800] "GET /xingrg/kc/base/wldb_order_operate.html?command=get_materiel&rest_code=00146&base_code=0010070&code=00101006159 HTTP/1.1" 200 437
180.157.251.97 - - [01/Feb/2022:10:59:36 +0800] "POST /xingrg/dwr/call/plaincall/AjaxCheckService.setItemNumber.dwr HTTP/1.1" 200 77
180.157.251.97 - - [01/Feb/2022:10:59:39 +0800] "POST /xingrg/dwr/call/plaincall/AjaxCheckService.setItemNumber.dwr HTTP/1.1" 200 77
180.157.251.97 - - [01/Feb/2022:10:59:40 +0800] "POST /xingrg/dwr/call/plaincall/AjaxCheckService.setItemNumber.dwr HTTP/1.1" 200 77
180.157.251.97 - - [01/Feb/2022:10:59:41 +0800] "POST /xingrg/dwr/call/plaincall/AjaxCheckService.setItemNumber.dwr HTTP/1.1" 200 77
180.152.99.39 - - [01/Feb/2022:10:59:43 +0800] "GET /xingrg/all/function/internal_message.html?_=1643684306195&CODE_STATE=getMsg HTTP/1.1" 200 27
222.70.243.96 - - [01/Feb/2022:10:59:45 +0800] "GET /xingrg/kc/base/wldb_order_operate.html?command=get_materiel&rest_code=00146&base_code=0010070&code=00101006166 HTTP/1.1" 200 444
101.85.53.167 - - [01/Feb/2022:10:59:46 +0800] "POST /xingrg/login.do HTTP/1.1" 302 -
101.85.53.167 - - [01/Feb/2022:10:59:46 +0800] "GET /xingrg/index.html?sysBaseUrl=http%3A%2F%2F180.169.147.146%3A18081%2Fxingrg%2F&costTime=161×tamp=1643684386017 HTTP/1.1" 200 17179
101.85.53.167 - - [01/Feb/2022:10:59:46 +0800] "GET /favicon.ico HTTP/1.1" 404 -
180.157.251.97 - - [01/Feb/2022:10:59:46 +0800] "GET /xingrg/check_reg.html?_=1643684387509 HTTP/1.1" 200 22
101.85.53.167 - - [01/Feb/2022:10:59:46 +0800] "POST /xingrg/all/common/load_tree.html?tree=area_rest_tree_json&manage=1 HTTP/1.1" 200 351
101.85.53.167 - - [01/Feb/2022:10:59:46 +0800] "GET /xingrg/all/function/internal_message.html?_=1643684381766&CODE_STATE=count HTTP/1.1" 200 11
101.85.53.167 - - [01/Feb/2022:10:59:46 +0800] "GET /xingrg/check_reg.html?_=1643684381769 HTTP/1.1" 200 22
101.85.53.167 - - [01/Feb/2022:10:59:47 +0800] "POST /xingrg/load_menu.html HTTP/1.1" 200 5138
222.70.243.96 - - [01/Feb/2022:10:59:48 +0800] "POST /xingrg/kc/base/wldb_order_operate.html HTTP/1.1" 200 1710
101.85.53.167 - - [01/Feb/2022:10:59:49 +0800] "GET /xingrg/kc/base/base_main.html HTTP/1.1" 200 12142
180.157.251.97 - - [01/Feb/2022:10:59:50 +0800] "POST /xingrg/dwr/call/plaincall/AjaxCheckService.setItemNumber.dwr HTTP/1.1" 200 78
180.157.251.97 - - [01/Feb/2022:10:59:51 +0800] "POST /xingrg/dwr/call/plaincall/AjaxCheckService.setItemNumber.dwr HTTP/1.1" 200 78
180.157.251.97 - - [01/Feb/2022:10:59:51 +0800] "POST /xingrg/dwr/call/plaincall/AjaxCheckService.setItemNumber.dwr HTTP/1.1" 200 78
101.85.53.167 - - [01/Feb/2022:10:59:51 +0800] "GET /xingrg/kc/base/check_order_list.html HTTP/1.1" 200 16223
180.157.251.97 - - [01/Feb/2022:10:59:51 +0800] "POST /xingrg/dwr/call/plaincall/AjaxCheckService.setItemNumber.dwr HTTP/1.1" 200 78
180.157.251.97 - - [01/Feb/2022:10:59:52 +0800] "POST /xingrg/dwr/call/plaincall/AjaxCheckService.setItemNumber.dwr HTTP/1.1" 200 78
101.85.53.167 - - [01/Feb/2022:10:59:52 +0800] "POST /xingrg/kc/base/check_list_operate.html HTTP/1.1" 200 2925
180.157.251.97 - - [01/Feb/2022:10:59:52 +0800] "POST /xingrg/dwr/call/plaincall/AjaxCheckService.setItemNumber.dwr HTTP/1.1" 200 78
180.157.251.97 - - [01/Feb/2022:10:59:52 +0800] "POST /xingrg/dwr/call/plaincall/AjaxCheckService.setItemNumber.dwr HTTP/1.1" 200 78
101.85.53.167 - - [01/Feb/2022:10:59:53 +0800] "GET /xingrg/kc/base/check_order_info.html?code=452022020100002 HTTP/1.1" 200 25652
101.85.53.167 - - [01/Feb/2022:10:59:53 +0800] "GET /xingrg/dwr/interface/AjaxComOrderService.js HTTP/1.1" 200 18264
101.85.53.167 - - [01/Feb/2022:10:59:53 +0800] "GET /xingrg/dwr/interface/AjaxCheckService.js HTTP/1.1" 200 14003
101.85.53.167 - - [01/Feb/2022:10:59:53 +0800] "GET /xingrg/dwr/engine.js HTTP/1.1" 200 43631
180.157.251.97 - - [01/Feb/2022:10:59:54 +0800] "POST /xingrg/dwr/call/plaincall/AjaxCheckService.setItemNumber.dwr HTTP/1.1" 200 78
101.85.53.167 - - [01/Feb/2022:10:59:55 +0800] "POST /xingrg/dwr/call/plaincall/AjaxCheckService.loadOrderItems.dwr HTTP/1.1" 200 13804
61.170.233.189 - - [01/Feb/2022:10:59:56 +0800] "GET /xingrg/all/function/internal_message.html?_=1643684394837&CODE_STATE=getMsg HTTP/1.1" 200 27
222.70.243.96 - - [01/Feb/2022:10:59:56 +0800] "GET /xingrg/kc/base/wldb_order_operate.html?command=get_materiel&rest_code=00146&base_code=0010070&code=00101006174 HTTP/1.1" 200 435
180.157.251.97 - - [01/Feb/2022:10:59:57 +0800] "POST /xingrg/dwr/call/plaincall/AjaxCheckService.setItemNumber.dwr HTTP/1.1" 200 78
180.157.251.97 - - [01/Feb/2022:10:59:57 +0800] "POST /xingrg/dwr/call/plaincall/AjaxCheckService.setItemNumber.dwr HTTP/1.1" 200 78
101.85.53.167 - - [01/Feb/2022:10:59:59 +0800] "POST /xingrg/dwr/call/plaincall/AjaxCheckService.setItemNumber.dwr HTTP/1.1" 200 76
116.239.131.195 - - [01/Feb/2022:10:59:59 +0800] "GET /xingrg/check_reg.html?_=1643684418771 HTTP/1.1" 200 22
101.85.53.167 - - [01/Feb/2022:10:59:59 +0800] "POST /xingrg/dwr/call/plaincall/AjaxCheckService.setItemNumber.dwr HTTP/1.1" 200 76
101.85.53.167 - - [01/Feb/2022:11:00:00 +0800] "POST /xingrg/dwr/call/plaincall/AjaxCheckService.setItemNumber.dwr HTTP/1.1" 200 76
101.85.53.167 - - [01/Feb/2022:11:00:02 +0800] "POST /xingrg/dwr/call/plaincall/AjaxCheckService.setItemNumber.dwr HTTP/1.1" 200 76
101.85.53.167 - - [01/Feb/2022:11:00:02 +0800] "POST /xingrg/dwr/call/plaincall/AjaxCheckService.setItemNumber.dwr HTTP/1.1" 200 76
101.85.53.167 - - [01/Feb/2022:11:00:03 +0800] "POST /xingrg/dwr/call/plaincall/AjaxCheckService.setItemNumber.dwr HTTP/1.1" 200 76
222.70.243.96 - - [01/Feb/2022:11:00:04 +0800] "GET /xingrg/all/function/internal_message.html?_=1643684408340&CODE_STATE=getMsg HTTP/1.1" 302 -
116.239.131.195 - - [01/Feb/2022:11:00:04 +0800] "GET /xingrg/all/function/internal_message.html?_=1643684423145&CODE_STATE=getMsg HTTP/1.1" 200 27
180.157.251.97 - - [01/Feb/2022:11:00:04 +0800] "POST /xingrg/dwr/call/plaincall/AjaxCheckService.setItemNumber.dwr HTTP/1.1" 200 78
180.157.251.97 - - [01/Feb/2022:11:00:05 +0800] "POST /xingrg/dwr/call/plaincall/AjaxCheckService.setItemNumber.dwr HTTP/1.1" 200 78
180.157.251.97 - - [01/Feb/2022:11:00:05 +0800] "POST /xingrg/dwr/call/plaincall/AjaxCheckService.setItemNumber.dwr HTTP/1.1" 200 78
222.70.243.96 - - [01/Feb/2022:11:00:06 +0800] "GET /xingrg/kc/base/wldb_order_operate.html?command=get_materiel&rest_code=00146&base_code=0010070&code=00101006177 HTTP/1.1" 200 431
180.157.251.97 - - [01/Feb/2022:11:00:06 +0800] "POST /xingrg/dwr/call/plaincall/AjaxCheckService.setItemNumber.dwr HTTP/1.1" 200 78
180.157.251.97 - - [01/Feb/2022:11:00:06 +0800] "POST /xingrg/dwr/call/plaincall/AjaxCheckService.setItemNumber.dwr HTTP/1.1" 200 78
180.157.251.97 - - [01/Feb/2022:11:00:06 +0800] "POST /xingrg/dwr/call/plaincall/AjaxCheckService.setItemNumber.dwr HTTP/1.1" 200 78
180.157.251.97 - - [01/Feb/2022:11:00:07 +0800] "POST /xingrg/dwr/call/plaincall/AjaxCheckService.setItemNumber.dwr HTTP/1.1" 200 78
180.157.251.97 - - [01/Feb/2022:11:00:07 +0800] "POST /xingrg/dwr/call/plaincall/AjaxCheckService.setItemNumber.dwr HTTP/1.1" 200 78
180.157.251.97 - - [01/Feb/2022:11:00:08 +0800] "POST /xingrg/dwr/call/plaincall/AjaxCheckService.setItemNumber.dwr HTTP/1.1" 200 78
101.85.53.167 - - [01/Feb/2022:11:00:08 +0800] "POST /xingrg/dwr/call/plaincall/AjaxCheckService.setItemNumber.dwr HTTP/1.1" 200 76
222.70.176.73 - - [01/Feb/2022:11:00:08 +0800] "GET /xingrg/all/function/internal_message.html?_=1643684406703&CODE_STATE=getMsg HTTP/1.1" 200 27
180.157.251.97 - - [01/Feb/2022:11:00:09 +0800] "POST /xingrg/dwr/call/plaincall/AjaxCheckService.setItemNumber.dwr HTTP/1.1" 200 78
101.85.53.167 - - [01/Feb/2022:11:00:09 +0800] "POST /xingrg/dwr/call/plaincall/AjaxCheckService.setItemNumber.dwr HTTP/1.1" 200 76
180.157.251.97 - - [01/Feb/2022:11:00:09 +0800] "POST /xingrg/dwr/call/plaincall/AjaxCheckService.setItemNumber.dwr HTTP/1.1" 200 78
180.157.251.97 - - [01/Feb/2022:11:00:09 +0800] "POST /xingrg/dwr/call/plaincall/AjaxCheckService.setItemNumber.dwr HTTP/1.1" 200 78
222.70.243.96 - - [01/Feb/2022:11:00:10 +0800] "GET /xingrg/all/function/internal_message.html?_=1643684415251&CODE_STATE=getMsg HTTP/1.1" 200 27
180.157.251.97 - - [01/Feb/2022:11:00:10 +0800] "POST /xingrg/dwr/call/plaincall/AjaxCheckService.setItemNumber.dwr HTTP/1.1" 200 78
116.235.92.83 - - [01/Feb/2022:11:00:10 +0800] "GET /xingrg/all/function/internal_message.html?_=1643684553407&CODE_STATE=getMsg HTTP/1.1" 200 27
101.85.53.167 - - [01/Feb/2022:11:00:10 +0800] "POST /xingrg/dwr/call/plaincall/AjaxCheckService.setItemNumber.dwr HTTP/1.1" 200 76
180.157.251.97 - - [01/Feb/2022:11:00:10 +0800] "POST /xingrg/dwr/call/plaincall/AjaxCheckService.setItemNumber.dwr HTTP/1.1" 200 78
180.157.251.97 - - [01/Feb/2022:11:00:11 +0800] "POST /xingrg/dwr/call/plaincall/AjaxCheckService.setItemNumber.dwr HTTP/1.1" 200 78
101.85.53.167 - - [01/Feb/2022:11:00:11 +0800] "POST /xingrg/dwr/call/plaincall/AjaxCheckService.setItemNumber.dwr HTTP/1.1" 200 77
180.157.251.97 - - [01/Feb/2022:11:00:11 +0800] "POST /xingrg/dwr/call/plaincall/AjaxCheckService.setItemNumber.dwr HTTP/1.1" 200 78
180.157.251.97 - - [01/Feb/2022:11:00:11 +0800] "POST /xingrg/dwr/call/plaincall/AjaxCheckService.setItemNumber.dwr HTTP/1.1" 200 78
180.157.251.97 - - [01/Feb/2022:11:00:12 +0800] "POST /xingrg/dwr/call/plaincall/AjaxCheckService.setItemNumber.dwr HTTP/1.1" 200 78
180.157.251.97 - - [01/Feb/2022:11:00:12 +0800] "POST /xingrg/dwr/call/plaincall/AjaxCheckService.setItemNumber.dwr HTTP/1.1" 200 78
180.157.251.97 - - [01/Feb/2022:11:00:13 +0800] "POST /xingrg/dwr/call/plaincall/AjaxCheckService.setItemNumber.dwr HTTP/1.1" 200 78
180.157.251.97 - - [01/Feb/2022:11:00:13 +0800] "POST /xingrg/dwr/call/plaincall/AjaxCheckService.setItemNumber.dwr HTTP/1.1" 200 78
180.157.251.97 - - [01/Feb/2022:11:00:14 +0800] "POST /xingrg/dwr/call/plaincall/AjaxCheckService.setItemNumber.dwr HTTP/1.1" 200 78
101.85.53.167 - - [01/Feb/2022:11:00:14 +0800] "POST /xingrg/dwr/call/plaincall/AjaxCheckService.setItemNumber.dwr HTTP/1.1" 200 77
180.157.251.97 - - [01/Feb/2022:11:00:14 +0800] "POST /xingrg/dwr/call/plaincall/AjaxCheckService.setItemNumber.dwr HTTP/1.1" 200 78
180.157.251.97 - - [01/Feb/2022:11:00:14 +0800] "POST /xingrg/dwr/call/plaincall/AjaxCheckService.setItemNumber.dwr HTTP/1.1" 200 78
101.85.53.167 - - [01/Feb/2022:11:00:15 +0800] "POST /xingrg/dwr/call/plaincall/AjaxCheckService.setItemNumber.dwr HTTP/1.1" 200 77
222.70.243.96 - - [01/Feb/2022:11:00:15 +0800] "GET /xingrg/kc/base/wldb_order_operate.html?command=get_materiel&rest_code=00146&base_code=0010070&code=00101019502 HTTP/1.1" 200 430
180.157.251.97 - - [01/Feb/2022:11:00:15 +0800] "POST /xingrg/dwr/call/plaincall/AjaxCheckService.setItemNumber.dwr HTTP/1.1" 200 78
180.157.251.97 - - [01/Feb/2022:11:00:15 +0800] "POST /xingrg/dwr/call/plaincall/AjaxCheckService.setItemNumber.dwr HTTP/1.1" 200 78
180.157.251.97 - - [01/Feb/2022:11:00:16 +0800] "POST /xingrg/dwr/call/plaincall/AjaxCheckService.setItemNumber.dwr HTTP/1.1" 200 78
101.85.53.167 - - [01/Feb/2022:11:00:16 +0800] "POST /xingrg/dwr/call/plaincall/AjaxCheckService.setItemNumber.dwr HTTP/1.1" 200 77
180.157.251.97 - - [01/Feb/2022:11:00:16 +0800] "POST /xingrg/dwr/call/plaincall/AjaxCheckService.setItemNumber.dwr HTTP/1.1" 200 78
180.157.251.97 - - [01/Feb/2022:11:00:17 +0800] "POST /xingrg/dwr/call/plaincall/AjaxCheckService.setItemNumber.dwr HTTP/1.1" 200 78
101.85.53.167 - - [01/Feb/2022:11:00:17 +0800] "POST /xingrg/dwr/call/plaincall/AjaxCheckService.setItemNumber.dwr HTTP/1.1" 200 77
180.157.251.97 - - [01/Feb/2022:11:00:17 +0800] "POST /xingrg/dwr/call/plaincall/AjaxCheckService.setItemNumber.dwr HTTP/1.1" 200 78
101.85.53.167 - - [01/Feb/2022:11:00:17 +0800] "POST /xingrg/dwr/call/plaincall/AjaxCheckService.setItemNumber.dwr HTTP/1.1" 200 77
61.170.233.189 - - [01/Feb/2022:11:00:17 +0800] "GET /xingrg/kc/base/wldb_order_info.html?code=422022020100014 HTTP/1.1" 200 30332
61.170.233.189 - - [01/Feb/2022:11:00:17 +0800] "GET /xingrg/check_reg.html?_=1643684417783 HTTP/1.1" 200 22
61.170.233.189 - - [01/Feb/2022:11:00:17 +0800] "GET /xingrg/all/function/internal_message.html?_=1643684417784&CODE_STATE=getMsg HTTP/1.1" 200 27
180.157.251.97 - - [01/Feb/2022:11:00:17 +0800] "POST /xingrg/dwr/call/plaincall/AjaxCheckService.setItemNumber.dwr HTTP/1.1" 200 78
180.157.251.97 - - [01/Feb/2022:11:00:18 +0800] "POST /xingrg/dwr/call/plaincall/AjaxCheckService.setItemNumber.dwr HTTP/1.1" 200 78
61.170.233.189 - - [01/Feb/2022:11:00:18 +0800] "GET /xingrg/javascript/easyui/themes/default/validatebox.css HTTP/1.1" 404 1104
101.85.53.167 - - [01/Feb/2022:11:00:18 +0800] "POST /xingrg/dwr/call/plaincall/AjaxCheckService.setItemNumber.dwr HTTP/1.1" 200 77
180.157.251.97 - - [01/Feb/2022:11:00:18 +0800] "POST /xingrg/dwr/call/plaincall/AjaxCheckService.setItemNumber.dwr HTTP/1.1" 200 78
101.85.53.167 - - [01/Feb/2022:11:00:18 +0800] "POST /xingrg/dwr/call/plaincall/AjaxCheckService.setItemNumber.dwr HTTP/1.1" 200 77
61.170.233.189 - - [01/Feb/2022:11:00:18 +0800] "POST /xingrg/kc/base/wldb_order_operate.html HTTP/1.1" 200 25199
180.157.251.97 - - [01/Feb/2022:11:00:18 +0800] "POST /xingrg/dwr/call/plaincall/AjaxCheckService.setItemNumber.dwr HTTP/1.1" 200 78
101.85.53.167 - - [01/Feb/2022:11:00:19 +0800] "POST /xingrg/dwr/call/plaincall/AjaxCheckService.setItemNumber.dwr HTTP/1.1" 200 77
180.157.251.97 - - [01/Feb/2022:11:00:19 +0800] "POST /xingrg/dwr/call/plaincall/AjaxCheckService.setItemNumber.dwr HTTP/1.1" 200 78
101.85.53.167 - - [01/Feb/2022:11:00:20 +0800] "POST /xingrg/dwr/call/plaincall/AjaxCheckService.setItemNumber.dwr HTTP/1.1" 200 77
180.157.251.97 - - [01/Feb/2022:11:00:20 +0800] "POST /xingrg/dwr/call/plaincall/AjaxCheckService.setItemNumber.dwr HTTP/1.1" 200 78
180.157.251.97 - - [01/Feb/2022:11:00:20 +0800] "POST /xingrg/dwr/call/plaincall/AjaxCheckService.setItemNumber.dwr HTTP/1.1" 200 78
180.157.251.97 - - [01/Feb/2022:11:00:21 +0800] "POST /xingrg/dwr/call/plaincall/AjaxCheckService.setItemNumber.dwr HTTP/1.1" 200 78
101.85.53.167 - - [01/Feb/2022:11:00:22 +0800] "POST /xingrg/dwr/call/plaincall/AjaxCheckService.setItemNumber.dwr HTTP/1.1" 200 77
101.85.53.167 - - [01/Feb/2022:11:00:26 +0800] "POST /xingrg/dwr/call/plaincall/AjaxCheckService.checkOrder.dwr HTTP/1.1" 200 79
180.157.251.97 - - [01/Feb/2022:11:00:26 +0800] "POST /xingrg/dwr/call/plaincall/AjaxCheckService.setItemNumber.dwr HTTP/1.1" 200 78
101.85.53.167 - - [01/Feb/2022:11:00:26 +0800] "GET /xingrg/kc/base/check_order_info.html?code=452022020100002 HTTP/1.1" 200 22864
101.85.53.167 - - [01/Feb/2022:11:00:26 +0800] "GET /xingrg/dwr/interface/AjaxComOrderService.js HTTP/1.1" 200 18264
101.85.53.167 - - [01/Feb/2022:11:00:26 +0800] "GET /xingrg/dwr/interface/AjaxCheckService.js HTTP/1.1" 200 14003
101.85.53.167 - - [01/Feb/2022:11:00:26 +0800] "GET /xingrg/dwr/engine.js HTTP/1.1" 200 43631
180.157.251.97 - - [01/Feb/2022:11:00:26 +0800] "POST /xingrg/dwr/call/plaincall/AjaxCheckService.setItemNumber.dwr HTTP/1.1" 200 78
180.157.251.97 - - [01/Feb/2022:11:00:27 +0800] "POST /xingrg/dwr/call/plaincall/AjaxCheckService.setItemNumber.dwr HTTP/1.1" 200 78
180.157.251.97 - - [01/Feb/2022:11:00:27 +0800] "POST /xingrg/dwr/call/plaincall/AjaxCheckService.setItemNumber.dwr HTTP/1.1" 200 78
101.85.53.167 - - [01/Feb/2022:11:00:27 +0800] "POST /xingrg/dwr/call/plaincall/AjaxCheckService.loadOrderItems.dwr HTTP/1.1" 200 6683
180.157.251.97 - - [01/Feb/2022:11:00:27 +0800] "POST /xingrg/dwr/call/plaincall/AjaxCheckService.setItemNumber.dwr HTTP/1.1" 200 78
180.157.251.97 - - [01/Feb/2022:11:00:28 +0800] "POST /xingrg/dwr/call/plaincall/AjaxCheckService.setItemNumber.dwr HTTP/1.1" 200 78
180.157.251.97 - - [01/Feb/2022:11:00:29 +0800] "POST /xingrg/dwr/call/plaincall/AjaxCheckService.setItemNumber.dwr HTTP/1.1" 200 78
180.157.251.97 - - [01/Feb/2022:11:00:29 +0800] "POST /xingrg/dwr/call/plaincall/AjaxCheckService.setItemNumber.dwr HTTP/1.1" 200 78
180.157.251.97 - - [01/Feb/2022:11:00:29 +0800] "POST /xingrg/dwr/call/plaincall/AjaxCheckService.setItemNumber.dwr HTTP/1.1" 200 78
180.157.251.97 - - [01/Feb/2022:11:00:30 +0800] "POST /xingrg/dwr/call/plaincall/AjaxCheckService.setItemNumber.dwr HTTP/1.1" 200 78
180.157.251.97 - - [01/Feb/2022:11:00:30 +0800] "POST /xingrg/dwr/call/plaincall/AjaxCheckService.setItemNumber.dwr HTTP/1.1" 200 78
101.85.53.167 - - [01/Feb/2022:11:00:31 +0800] "POST /xingrg/kc/base/check_list_operate.html HTTP/1.1" 200 2586
180.157.251.97 - - [01/Feb/2022:11:00:31 +0800] "POST /xingrg/dwr/call/plaincall/AjaxCheckService.setItemNumber.dwr HTTP/1.1" 200 78
180.157.251.97 - - [01/Feb/2022:11:00:31 +0800] "POST /xingrg/dwr/call/plaincall/AjaxCheckService.setItemNumber.dwr HTTP/1.1" 200 78
101.85.53.167 - - [01/Feb/2022:11:00:32 +0800] "GET /xingrg/kc/base/check_order_info.html?code=452022020100003 HTTP/1.1" 200 25652
101.85.53.167 - - [01/Feb/2022:11:00:32 +0800] "GET /xingrg/dwr/interface/AjaxCheckService.js HTTP/1.1" 200 14003
101.85.53.167 - - [01/Feb/2022:11:00:32 +0800] "GET /xingrg/dwr/interface/AjaxComOrderService.js HTTP/1.1" 200 18264
101.85.53.167 - - [01/Feb/2022:11:00:32 +0800] "GET /xingrg/dwr/engine.js HTTP/1.1" 200 43631
180.157.251.97 - - [01/Feb/2022:11:00:32 +0800] "POST /xingrg/dwr/call/plaincall/AjaxCheckService.setItemNumber.dwr HTTP/1.1" 200 78
180.157.251.97 - - [01/Feb/2022:11:00:32 +0800] "POST /xingrg/dwr/call/plaincall/AjaxCheckService.setItemNumber.dwr HTTP/1.1" 200 78
101.85.53.167 - - [01/Feb/2022:11:00:32 +0800] "POST /xingrg/dwr/call/plaincall/AjaxCheckService.loadOrderItems.dwr HTTP/1.1" 200 32614
180.157.251.97 - - [01/Feb/2022:11:00:32 +0800] "POST /xingrg/dwr/call/plaincall/AjaxCheckService.setItemNumber.dwr HTTP/1.1" 200 78
180.157.251.97 - - [01/Feb/2022:11:00:33 +0800] "POST /xingrg/dwr/call/plaincall/AjaxCheckService.setItemNumber.dwr HTTP/1.1" 200 78
180.157.251.97 - - [01/Feb/2022:11:00:33 +0800] "POST /xingrg/dwr/call/plaincall/AjaxCheckService.setItemNumber.dwr HTTP/1.1" 200 78
180.157.251.97 - - [01/Feb/2022:11:00:34 +0800] "POST /xingrg/dwr/call/plaincall/AjaxCheckService.setItemNumber.dwr HTTP/1.1" 200 78
180.157.251.97 - - [01/Feb/2022:11:00:35 +0800] "POST /xingrg/dwr/call/plaincall/AjaxCheckService.setItemNumber.dwr HTTP/1.1" 200 78
180.157.251.97 - - [01/Feb/2022:11:00:35 +0800] "POST /xingrg/dwr/call/plaincall/AjaxCheckService.setItemNumber.dwr HTTP/1.1" 200 78
180.157.251.97 - - [01/Feb/2022:11:00:35 +0800] "POST /xingrg/dwr/call/plaincall/AjaxCheckService.setItemNumber.dwr HTTP/1.1" 200 78
101.85.53.167 - - [01/Feb/2022:11:00:35 +0800] "POST /xingrg/dwr/call/plaincall/AjaxCheckService.setItemNumber.dwr HTTP/1.1" 200 76
180.157.251.97 - - [01/Feb/2022:11:00:36 +0800] "POST /xingrg/dwr/call/plaincall/AjaxCheckService.setItemNumber.dwr HTTP/1.1" 200 78
101.85.53.167 - - [01/Feb/2022:11:00:36 +0800] "POST /xingrg/dwr/call/plaincall/AjaxCheckService.setItemNumber.dwr HTTP/1.1" 200 76
180.157.251.97 - - [01/Feb/2022:11:00:36 +0800] "POST /xingrg/dwr/call/plaincall/AjaxCheckService.setItemNumber.dwr HTTP/1.1" 200 78
101.85.53.167 - - [01/Feb/2022:11:00:37 +0800] "POST /xingrg/dwr/call/plaincall/AjaxCheckService.setItemNumber.dwr HTTP/1.1" 200 76
180.157.251.97 - - [01/Feb/2022:11:00:37 +0800] "POST /xingrg/dwr/call/plaincall/AjaxCheckService.setItemNumber.dwr HTTP/1.1" 200 78
180.157.251.97 - - [01/Feb/2022:11:00:37 +0800] "POST /xingrg/dwr/call/plaincall/AjaxCheckService.setItemNumber.dwr HTTP/1.1" 200 78
101.85.53.167 - - [01/Feb/2022:11:00:37 +0800] "POST /xingrg/dwr/call/plaincall/AjaxCheckService.setItemNumber.dwr HTTP/1.1" 200 76
180.157.251.97 - - [01/Feb/2022:11:00:37 +0800] "POST /xingrg/dwr/call/plaincall/AjaxCheckService.setItemNumber.dwr HTTP/1.1" 200 78
101.85.53.167 - - [01/Feb/2022:11:00:38 +0800] "POST /xingrg/dwr/call/plaincall/AjaxCheckService.setItemNumber.dwr HTTP/1.1" 200 76
101.85.53.167 - - [01/Feb/2022:11:00:38 +0800] "POST /xingrg/dwr/call/plaincall/AjaxCheckService.setItemNumber.dwr HTTP/1.1" 200 76
101.85.53.167 - - [01/Feb/2022:11:00:39 +0800] "POST /xingrg/dwr/call/plaincall/AjaxCheckService.setItemNumber.dwr HTTP/1.1" 200 76
101.85.53.167 - - [01/Feb/2022:11:00:39 +0800] "POST /xingrg/dwr/call/plaincall/AjaxCheckService.setItemNumber.dwr HTTP/1.1" 200 76
