61.170.233.189 - - [01/Feb/2022:10:00:11 +0800] "GET /xingrg/all/function/internal_message.html?_=1643680811701&CODE_STATE=getMsg HTTP/1.1" 200 27
61.170.233.189 - - [01/Feb/2022:10:00:14 +0800] "GET /xingrg/kc/base/wldb_order_operate.html?command=get_materiel&rest_code=00106&base_code=0010235&code=00101019505 HTTP/1.1" 200 478
61.170.233.189 - - [01/Feb/2022:10:00:19 +0800] "POST /xingrg/kc/base/wldb_order_operate.html HTTP/1.1" 200 1710
61.170.233.189 - - [01/Feb/2022:10:00:26 +0800] "GET /xingrg/kc/base/wldb_order_operate.html?command=get_materiel&rest_code=00106&base_code=0010235&code=00101019528 HTTP/1.1" 200 482
222.70.243.96 - - [01/Feb/2022:10:00:33 +0800] "GET /xingrg/all/function/internal_message.html?_=1643680837806&CODE_STATE=getMsg HTTP/1.1" 200 27
61.170.233.189 - - [01/Feb/2022:10:00:37 +0800] "GET /xingrg/kc/base/wldb_order_operate.html?command=get_materiel&rest_code=00106&base_code=0010235&code=00101019551 HTTP/1.1" 200 465
58.40.7.146 - - [01/Feb/2022:10:00:39 +0800] "GET /xingrg/all/function/internal_message.html?_=1643680838960&CODE_STATE=getMsg HTTP/1.1" 200 27
180.152.99.39 - - [01/Feb/2022:10:00:42 +0800] "GET /xingrg/all/function/internal_message.html?_=1643680765033&CODE_STATE=getMsg HTTP/1.1" 200 27
116.239.131.195 - - [01/Feb/2022:10:00:50 +0800] "GET /xingrg/all/function/internal_message.html?_=1643680869817&CODE_STATE=getMsg HTTP/1.1" 200 27
61.170.233.189 - - [01/Feb/2022:10:00:55 +0800] "GET /xingrg/kc/base/wldb_order_operate.html?command=get_materiel&rest_code=00106&base_code=0010235&code=00101019575 HTTP/1.1" 200 441
61.170.233.189 - - [01/Feb/2022:10:00:57 +0800] "GET /xingrg/all/function/internal_message.html?_=1643680856166&CODE_STATE=getMsg HTTP/1.1" 200 27
222.70.243.96 - - [01/Feb/2022:10:01:02 +0800] "GET /xingrg/all/function/internal_message.html?_=1643680866974&CODE_STATE=getMsg HTTP/1.1" 302 -
61.170.233.189 - - [01/Feb/2022:10:01:06 +0800] "GET /xingrg/kc/base/wldb_order_operate.html?command=get_materiel&rest_code=00106&base_code=0010235&code=00101019724 HTTP/1.1" 200 433
222.69.132.164 - - [01/Feb/2022:10:01:08 +0800] "GET /xingrg/login.html HTTP/1.1" 200 7641
222.69.132.164 - - [01/Feb/2022:10:01:08 +0800] "GET /favicon.ico HTTP/1.1" 404 -
222.69.132.164 - - [01/Feb/2022:10:01:09 +0800] "POST /xingrg/login.do HTTP/1.1" 302 -
222.70.176.73 - - [01/Feb/2022:10:01:09 +0800] "GET /xingrg/all/function/internal_message.html?_=1643680867787&CODE_STATE=getMsg HTTP/1.1" 200 27
222.69.132.164 - - [01/Feb/2022:10:01:09 +0800] "GET /xingrg/index.html?sysBaseUrl=http%3A%2F%2F180.169.147.146%3A18081%2Fxingrg%2F&costTime=50×tamp=1643680869660 HTTP/1.1" 200 17179
222.69.132.164 - - [01/Feb/2022:10:01:09 +0800] "GET /favicon.ico HTTP/1.1" 404 -
222.69.132.164 - - [01/Feb/2022:10:01:09 +0800] "POST /xingrg/all/common/load_tree.html?tree=area_rest_tree_json&manage=1 HTTP/1.1" 200 351
222.69.132.164 - - [01/Feb/2022:10:01:09 +0800] "GET /xingrg/all/function/internal_message.html?_=1643680929924&CODE_STATE=count HTTP/1.1" 200 11
222.69.132.164 - - [01/Feb/2022:10:01:09 +0800] "GET /xingrg/check_reg.html?_=1643680929924 HTTP/1.1" 200 22
222.69.132.164 - - [01/Feb/2022:10:01:10 +0800] "POST /xingrg/load_menu.html HTTP/1.1" 200 5138
116.235.92.83 - - [01/Feb/2022:10:01:10 +0800] "GET /xingrg/all/function/internal_message.html?_=1643681013373&CODE_STATE=getMsg HTTP/1.1" 200 27
116.235.92.83 - - [01/Feb/2022:10:01:10 +0800] "GET /xingrg/check_reg.html?_=1643681013374 HTTP/1.1" 200 22
61.170.233.189 - - [01/Feb/2022:10:01:11 +0800] "GET /xingrg/all/function/internal_message.html?_=1643680871677&CODE_STATE=getMsg HTTP/1.1" 200 27
222.69.132.164 - - [01/Feb/2022:10:01:17 +0800] "GET /xingrg/kc/base/check_order_list.html HTTP/1.1" 200 16223
222.69.132.164 - - [01/Feb/2022:10:01:17 +0800] "POST /xingrg/kc/base/check_list_operate.html HTTP/1.1" 200 2925
222.69.132.164 - - [01/Feb/2022:10:01:20 +0800] "GET /xingrg/kc/base/check_order_info.html?code=452022013100132 HTTP/1.1" 200 25576
222.69.132.164 - - [01/Feb/2022:10:01:20 +0800] "GET /xingrg/dwr/interface/AjaxComOrderService.js HTTP/1.1" 200 18264
222.69.132.164 - - [01/Feb/2022:10:01:20 +0800] "GET /xingrg/dwr/util.js HTTP/1.1" 304 -
222.69.132.164 - - [01/Feb/2022:10:01:20 +0800] "GET /xingrg/dwr/interface/AjaxCheckService.js HTTP/1.1" 200 14003
222.69.132.164 - - [01/Feb/2022:10:01:20 +0800] "GET /xingrg/dwr/engine.js HTTP/1.1" 200 43631
222.69.132.164 - - [01/Feb/2022:10:01:20 +0800] "POST /xingrg/dwr/call/plaincall/AjaxCheckService.loadOrderItems.dwr HTTP/1.1" 200 52342
61.170.233.189 - - [01/Feb/2022:10:01:20 +0800] "GET /xingrg/kc/base/wldb_order_operate.html?command=get_materiel&rest_code=00106&base_code=0010235&code=00101019750 HTTP/1.1" 200 443
61.170.233.189 - - [01/Feb/2022:10:01:22 +0800] "GET /xingrg/check_reg.html?_=1643680880944 HTTP/1.1" 200 22
61.170.233.189 - - [01/Feb/2022:10:01:31 +0800] "GET /xingrg/kc/base/wldb_order_operate.html?command=get_materiel&rest_code=00106&base_code=0010235&code=00101019816 HTTP/1.1" 200 433
222.70.243.96 - - [01/Feb/2022:10:01:33 +0800] "GET /xingrg/all/function/internal_message.html?_=1643680898231&CODE_STATE=getMsg HTTP/1.1" 200 27
61.170.233.189 - - [01/Feb/2022:10:01:36 +0800] "POST /xingrg/kc/base/wldb_order_operate.html HTTP/1.1" 200 1710
180.152.99.39 - - [01/Feb/2022:10:01:39 +0800] "GET /xingrg/check_reg.html?_=1643680822236 HTTP/1.1" 200 22
58.40.7.146 - - [01/Feb/2022:10:01:39 +0800] "GET /xingrg/all/function/internal_message.html?_=1643680898944&CODE_STATE=getMsg HTTP/1.1" 200 27
180.152.99.39 - - [01/Feb/2022:10:01:42 +0800] "GET /xingrg/all/function/internal_message.html?_=1643680825047&CODE_STATE=getMsg HTTP/1.1" 200 27
116.239.131.195 - - [01/Feb/2022:10:01:45 +0800] "POST /xingrg/kc/base/wldb_order_operate.html HTTP/1.1" 200 1710
61.170.233.189 - - [01/Feb/2022:10:01:48 +0800] "GET /xingrg/kc/base/wldb_order_operate.html?command=get_materiel&rest_code=00106&base_code=0010235&code=00101019902 HTTP/1.1" 200 434
116.239.131.195 - - [01/Feb/2022:10:01:50 +0800] "GET /xingrg/all/function/internal_message.html?_=1643680929830&CODE_STATE=getMsg HTTP/1.1" 200 27
58.40.7.146 - - [01/Feb/2022:10:01:55 +0800] "GET /xingrg/check_reg.html?_=1643680915072 HTTP/1.1" 200 22
61.170.233.189 - - [01/Feb/2022:10:01:57 +0800] "GET /xingrg/all/function/internal_message.html?_=1643680916135&CODE_STATE=getMsg HTTP/1.1" 200 27
222.70.243.96 - - [01/Feb/2022:10:02:02 +0800] "GET /xingrg/all/function/internal_message.html?_=1643680927006&CODE_STATE=getMsg HTTP/1.1" 302 -
61.170.233.189 - - [01/Feb/2022:10:02:07 +0800] "GET /xingrg/kc/base/wldb_order_operate.html?command=get_materiel&rest_code=00106&base_code=0010235&code=00101020225 HTTP/1.1" 200 424
222.70.176.73 - - [01/Feb/2022:10:02:09 +0800] "GET /xingrg/all/function/internal_message.html?_=1643680927771&CODE_STATE=getMsg HTTP/1.1" 200 27
222.69.132.164 - - [01/Feb/2022:10:02:10 +0800] "GET /xingrg/all/function/internal_message.html?_=1643680989955&CODE_STATE=getMsg HTTP/1.1" 200 27
116.235.92.83 - - [01/Feb/2022:10:02:10 +0800] "GET /xingrg/all/function/internal_message.html?_=1643681073371&CODE_STATE=getMsg HTTP/1.1" 200 27
61.170.233.189 - - [01/Feb/2022:10:02:12 +0800] "GET /xingrg/all/function/internal_message.html?_=1643680932175&CODE_STATE=getMsg HTTP/1.1" 200 27
222.69.132.164 - - [01/Feb/2022:10:02:12 +0800] "POST /xingrg/dwr/call/plaincall/AjaxCheckService.checkOrder.dwr HTTP/1.1" 200 78
222.69.132.164 - - [01/Feb/2022:10:02:13 +0800] "GET /xingrg/kc/base/check_order_info.html?code=452022013100132 HTTP/1.1" 200 22864
222.69.132.164 - - [01/Feb/2022:10:02:13 +0800] "GET /xingrg/dwr/interface/AjaxCheckService.js HTTP/1.1" 200 14003
222.69.132.164 - - [01/Feb/2022:10:02:13 +0800] "GET /xingrg/dwr/interface/AjaxComOrderService.js HTTP/1.1" 200 18264
222.69.132.164 - - [01/Feb/2022:10:02:13 +0800] "GET /xingrg/dwr/engine.js HTTP/1.1" 200 43631
222.69.132.164 - - [01/Feb/2022:10:02:13 +0800] "GET /xingrg/javascript/jquery_easy_ui/themes/icons/exam_new.png HTTP/1.1" 200 756
222.69.132.164 - - [01/Feb/2022:10:02:14 +0800] "POST /xingrg/dwr/call/plaincall/AjaxCheckService.loadOrderItems.dwr HTTP/1.1" 200 24187
222.70.243.96 - - [01/Feb/2022:10:02:15 +0800] "GET /xingrg/kc/base/wldb_order_operate.html?command=get_materiel&rest_code=00146&base_code=0010070&code=00101005037 HTTP/1.1" 200 432
222.69.132.164 - - [01/Feb/2022:10:02:19 +0800] "GET /xingrg/kc/base/check_order_info.html?code=452022013100275 HTTP/1.1" 200 25576
222.69.132.164 - - [01/Feb/2022:10:02:19 +0800] "GET /xingrg/dwr/interface/AjaxCheckService.js HTTP/1.1" 200 14003
222.69.132.164 - - [01/Feb/2022:10:02:19 +0800] "GET /xingrg/dwr/interface/AjaxComOrderService.js HTTP/1.1" 200 18264
222.69.132.164 - - [01/Feb/2022:10:02:19 +0800] "GET /xingrg/dwr/engine.js HTTP/1.1" 200 43631
222.69.132.164 - - [01/Feb/2022:10:02:20 +0800] "POST /xingrg/dwr/call/plaincall/AjaxCheckService.loadOrderItems.dwr HTTP/1.1" 200 21627
61.170.233.189 - - [01/Feb/2022:10:02:21 +0800] "GET /xingrg/kc/base/wldb_order_operate.html?command=get_materiel&rest_code=00106&base_code=0010235&code=00101020303 HTTP/1.1" 200 438
61.170.233.189 - - [01/Feb/2022:10:02:29 +0800] "GET /xingrg/kc/base/wldb_order_operate.html?command=get_materiel&rest_code=00106&base_code=0010235&code=00101020352 HTTP/1.1" 200 423
222.69.132.164 - - [01/Feb/2022:10:02:31 +0800] "POST /xingrg/dwr/call/plaincall/AjaxCheckService.checkOrder.dwr HTTP/1.1" 200 78
222.69.132.164 - - [01/Feb/2022:10:02:32 +0800] "GET /xingrg/kc/base/check_order_info.html?code=452022013100275 HTTP/1.1" 200 22864
222.69.132.164 - - [01/Feb/2022:10:02:32 +0800] "GET /xingrg/dwr/interface/AjaxCheckService.js HTTP/1.1" 200 14003
222.69.132.164 - - [01/Feb/2022:10:02:32 +0800] "GET /xingrg/dwr/interface/AjaxComOrderService.js HTTP/1.1" 200 18264
222.69.132.164 - - [01/Feb/2022:10:02:32 +0800] "GET /xingrg/dwr/engine.js HTTP/1.1" 200 43631
222.69.132.164 - - [01/Feb/2022:10:02:32 +0800] "POST /xingrg/dwr/call/plaincall/AjaxCheckService.loadOrderItems.dwr HTTP/1.1" 200 10226
222.70.243.96 - - [01/Feb/2022:10:02:33 +0800] "GET /xingrg/all/function/internal_message.html?_=1643680958238&CODE_STATE=getMsg HTTP/1.1" 200 27
58.40.7.146 - - [01/Feb/2022:10:02:39 +0800] "GET /xingrg/all/function/internal_message.html?_=1643680958917&CODE_STATE=getMsg HTTP/1.1" 200 27
222.70.243.96 - - [01/Feb/2022:10:02:40 +0800] "GET /xingrg/kc/base/wldb_order_operate.html?command=get_materiel&rest_code=00146&base_code=0010070&code=00101006002 HTTP/1.1" 200 439
180.152.99.39 - - [01/Feb/2022:10:02:42 +0800] "GET /xingrg/all/function/internal_message.html?_=1643680885062&CODE_STATE=getMsg HTTP/1.1" 200 27
222.69.132.164 - - [01/Feb/2022:10:02:42 +0800] "GET /xingrg/kc/base/check_order_info.html?code=452022013100131 HTTP/1.1" 200 25576
222.69.132.164 - - [01/Feb/2022:10:02:42 +0800] "GET /xingrg/dwr/interface/AjaxCheckService.js HTTP/1.1" 200 14003
222.69.132.164 - - [01/Feb/2022:10:02:42 +0800] "GET /xingrg/dwr/interface/AjaxComOrderService.js HTTP/1.1" 200 18264
222.69.132.164 - - [01/Feb/2022:10:02:42 +0800] "GET /xingrg/dwr/engine.js HTTP/1.1" 200 43631
222.69.132.164 - - [01/Feb/2022:10:02:42 +0800] "POST /xingrg/dwr/call/plaincall/AjaxCheckService.loadOrderItems.dwr HTTP/1.1" 200 21003
61.170.233.189 - - [01/Feb/2022:10:02:43 +0800] "GET /xingrg/kc/base/wldb_order_operate.html?command=get_materiel&rest_code=00106&base_code=0010235&code=00101021021 HTTP/1.1" 200 421
61.170.233.189 - - [01/Feb/2022:10:02:48 +0800] "POST /xingrg/kc/base/wldb_order_operate.html HTTP/1.1" 200 1710
116.239.131.195 - - [01/Feb/2022:10:02:51 +0800] "GET /xingrg/all/function/internal_message.html?_=1643680990300&CODE_STATE=getMsg HTTP/1.1" 200 27
61.170.233.189 - - [01/Feb/2022:10:02:51 +0800] "GET /xingrg/kc/base/wldb_order_operate.html?command=get_materiel&rest_code=00106&base_code=0010235&code=00101021024 HTTP/1.1" 200 425
222.69.132.164 - - [01/Feb/2022:10:02:52 +0800] "POST /xingrg/dwr/call/plaincall/AjaxCheckService.checkOrder.dwr HTTP/1.1" 200 78
222.70.243.96 - - [01/Feb/2022:10:02:55 +0800] "GET /xingrg/kc/base/wldb_order_operate.html?command=get_materiel&rest_code=00146&base_code=0010070&code=00101006025 HTTP/1.1" 200 440
61.170.233.189 - - [01/Feb/2022:10:02:57 +0800] "GET /xingrg/all/function/internal_message.html?_=1643680976116&CODE_STATE=getMsg HTTP/1.1" 200 27
61.170.233.189 - - [01/Feb/2022:10:03:02 +0800] "GET /xingrg/kc/base/wldb_order_operate.html?command=get_materiel&rest_code=00106&base_code=0010235&code=00101021033 HTTP/1.1" 200 421
222.70.243.96 - - [01/Feb/2022:10:03:02 +0800] "GET /xingrg/all/function/internal_message.html?_=1643680987018&CODE_STATE=getMsg HTTP/1.1" 302 -
222.70.176.73 - - [01/Feb/2022:10:03:09 +0800] "GET /xingrg/all/function/internal_message.html?_=1643680987757&CODE_STATE=getMsg HTTP/1.1" 200 27
116.235.92.83 - - [01/Feb/2022:10:03:10 +0800] "GET /xingrg/all/function/internal_message.html?_=1643681133369&CODE_STATE=getMsg HTTP/1.1" 200 27
222.70.243.96 - - [01/Feb/2022:10:03:11 +0800] "GET /xingrg/kc/base/wldb_order_operate.html?command=get_materiel&rest_code=00146&base_code=0010070&code=00101006067 HTTP/1.1" 200 430
61.170.233.189 - - [01/Feb/2022:10:03:12 +0800] "GET /xingrg/all/function/internal_message.html?_=1643680992252&CODE_STATE=getMsg HTTP/1.1" 200 27
61.170.233.189 - - [01/Feb/2022:10:03:12 +0800] "GET /xingrg/kc/base/wldb_order_operate.html?command=get_materiel&rest_code=00106&base_code=0010235&code=00101022016 HTTP/1.1" 200 440
222.69.132.164 - - [01/Feb/2022:10:03:14 +0800] "GET /xingrg/kc/base/check_order_info.html?code=452022013100131 HTTP/1.1" 200 22864
222.69.132.164 - - [01/Feb/2022:10:03:14 +0800] "GET /xingrg/all/function/internal_message.html?_=1643681054877&CODE_STATE=getMsg HTTP/1.1" 200 27
222.69.132.164 - - [01/Feb/2022:10:03:14 +0800] "GET /xingrg/dwr/interface/AjaxCheckService.js HTTP/1.1" 200 14003
222.69.132.164 - - [01/Feb/2022:10:03:14 +0800] "GET /xingrg/dwr/interface/AjaxComOrderService.js HTTP/1.1" 200 18264
222.69.132.164 - - [01/Feb/2022:10:03:14 +0800] "GET /xingrg/dwr/engine.js HTTP/1.1" 200 43631
222.69.132.164 - - [01/Feb/2022:10:03:15 +0800] "POST /xingrg/dwr/call/plaincall/AjaxCheckService.loadOrderItems.dwr HTTP/1.1" 200 9602
61.170.233.189 - - [01/Feb/2022:10:03:20 +0800] "GET /xingrg/kc/base/wldb_order_operate.html?command=get_materiel&rest_code=00106&base_code=0010235&code=00101019489 HTTP/1.1" 200 430
222.69.132.164 - - [01/Feb/2022:10:03:25 +0800] "GET /xingrg/kc/base/check_order_info.html?code=452022013100120 HTTP/1.1" 200 25576
222.69.132.164 - - [01/Feb/2022:10:03:25 +0800] "GET /xingrg/dwr/interface/AjaxCheckService.js HTTP/1.1" 200 14003
222.69.132.164 - - [01/Feb/2022:10:03:25 +0800] "GET /xingrg/dwr/interface/AjaxComOrderService.js HTTP/1.1" 200 18264
222.69.132.164 - - [01/Feb/2022:10:03:25 +0800] "GET /xingrg/dwr/engine.js HTTP/1.1" 200 43631
222.69.132.164 - - [01/Feb/2022:10:03:25 +0800] "POST /xingrg/dwr/call/plaincall/AjaxCheckService.loadOrderItems.dwr HTTP/1.1" 200 26369
222.70.243.96 - - [01/Feb/2022:10:03:28 +0800] "GET /xingrg/check_reg.html?_=1643681013205 HTTP/1.1" 200 22
222.70.243.96 - - [01/Feb/2022:10:03:33 +0800] "GET /xingrg/all/function/internal_message.html?_=1643681018252&CODE_STATE=getMsg HTTP/1.1" 200 27
61.170.233.189 - - [01/Feb/2022:10:03:39 +0800] "GET /xingrg/kc/base/wldb_order_operate.html?command=get_materiel&rest_code=00106&base_code=0010235&code=00101022087 HTTP/1.1" 200 459
58.40.7.146 - - [01/Feb/2022:10:03:39 +0800] "GET /xingrg/all/function/internal_message.html?_=1643681018901&CODE_STATE=getMsg HTTP/1.1" 200 27
180.152.99.39 - - [01/Feb/2022:10:03:42 +0800] "GET /xingrg/all/function/internal_message.html?_=1643680945074&CODE_STATE=getMsg HTTP/1.1" 200 27
222.69.132.164 - - [01/Feb/2022:10:03:42 +0800] "POST /xingrg/dwr/call/plaincall/AjaxCheckService.checkOrder.dwr HTTP/1.1" 200 78
222.70.243.96 - - [01/Feb/2022:10:03:43 +0800] "GET /xingrg/kc/base/wldb_order_operate.html?command=get_materiel&rest_code=00146&base_code=0010070&code=00101006084 HTTP/1.1" 200 433
222.69.132.164 - - [01/Feb/2022:10:03:43 +0800] "GET /xingrg/kc/base/check_order_info.html?code=452022013100120 HTTP/1.1" 200 22868
222.69.132.164 - - [01/Feb/2022:10:03:43 +0800] "GET /xingrg/dwr/interface/AjaxComOrderService.js HTTP/1.1" 200 18264
222.69.132.164 - - [01/Feb/2022:10:03:43 +0800] "GET /xingrg/dwr/interface/AjaxCheckService.js HTTP/1.1" 200 14003
222.69.132.164 - - [01/Feb/2022:10:03:43 +0800] "GET /xingrg/dwr/engine.js HTTP/1.1" 200 43631
61.170.233.189 - - [01/Feb/2022:10:03:44 +0800] "POST /xingrg/kc/base/wldb_order_operate.html HTTP/1.1" 200 1710
222.69.132.164 - - [01/Feb/2022:10:03:44 +0800] "POST /xingrg/dwr/call/plaincall/AjaxCheckService.loadOrderItems.dwr HTTP/1.1" 200 12113
61.170.233.189 - - [01/Feb/2022:10:03:46 +0800] "GET /xingrg/kc/base/wldb_order_operate.html?command=get_materiel&rest_code=00106&base_code=0010235&code=00101022090 HTTP/1.1" 200 429
116.239.131.195 - - [01/Feb/2022:10:03:51 +0800] "GET /xingrg/all/function/internal_message.html?_=1643681050309&CODE_STATE=getMsg HTTP/1.1" 200 27
61.170.233.189 - - [01/Feb/2022:10:03:57 +0800] "GET /xingrg/all/function/internal_message.html?_=1643681036088&CODE_STATE=getMsg HTTP/1.1" 200 27
61.170.233.189 - - [01/Feb/2022:10:03:59 +0800] "GET /xingrg/kc/base/wldb_order_operate.html?command=get_materiel&rest_code=00106&base_code=0010235&code=00101027001 HTTP/1.1" 200 470
222.70.243.96 - - [01/Feb/2022:10:04:01 +0800] "GET /xingrg/kc/base/wldb_order_operate.html?command=get_materiel&rest_code=00146&base_code=0010070&code=00101006109 HTTP/1.1" 200 431
222.70.243.96 - - [01/Feb/2022:10:04:02 +0800] "GET /xingrg/all/function/internal_message.html?_=1643681047050&CODE_STATE=getMsg HTTP/1.1" 302 -
116.239.131.195 - - [01/Feb/2022:10:04:04 +0800] "POST /xingrg/kc/base/wldb_order_operate.html HTTP/1.1" 200 37
116.239.131.195 - - [01/Feb/2022:10:04:05 +0800] "POST /xingrg/kc/base/wldb_order_operate.html HTTP/1.1" 200 12872
222.70.243.96 - - [01/Feb/2022:10:04:05 +0800] "GET /xingrg/check_reg.html?_=1643681050088 HTTP/1.1" 302 -
61.170.233.189 - - [01/Feb/2022:10:04:06 +0800] "POST /xingrg/kc/base/wldb_order_operate.html HTTP/1.1" 200 37
116.239.131.195 - - [01/Feb/2022:10:04:06 +0800] "GET /xingrg/kc/base/wldb_order_info.html?code=422022020100007 HTTP/1.1" 200 30322
61.170.233.189 - - [01/Feb/2022:10:04:06 +0800] "POST /xingrg/kc/base/wldb_order_operate.html HTTP/1.1" 200 62970
61.170.233.189 - - [01/Feb/2022:10:04:06 +0800] "GET /xingrg/kc/base/wldb_order_info.html?code=422022020100006 HTTP/1.1" 200 30332
61.170.233.189 - - [01/Feb/2022:10:04:07 +0800] "GET /xingrg/javascript/easyui/themes/default/validatebox.css HTTP/1.1" 404 1104
61.170.233.189 - - [01/Feb/2022:10:04:07 +0800] "POST /xingrg/kc/base/wldb_order_operate.html HTTP/1.1" 200 62970
116.239.131.195 - - [01/Feb/2022:10:04:08 +0800] "POST /xingrg/kc/base/wldb_order_operate.html HTTP/1.1" 200 12872
116.239.131.195 - - [01/Feb/2022:10:04:08 +0800] "GET /xingrg/javascript/easyui/themes/default/validatebox.css HTTP/1.1" 404 1104
222.70.176.73 - - [01/Feb/2022:10:04:09 +0800] "GET /xingrg/all/function/internal_message.html?_=1643681047740&CODE_STATE=getMsg HTTP/1.1" 200 27
116.235.92.83 - - [01/Feb/2022:10:04:10 +0800] "GET /xingrg/all/function/internal_message.html?_=1643681193368&CODE_STATE=getMsg HTTP/1.1" 200 27
61.170.233.189 - - [01/Feb/2022:10:04:11 +0800] "GET /xingrg/check_reg.html?_=1643681051625 HTTP/1.1" 200 22
61.170.233.189 - - [01/Feb/2022:10:04:11 +0800] "POST /xingrg/kc/base/wldb_order_operate.html HTTP/1.1" 200 37
61.170.233.189 - - [01/Feb/2022:10:04:12 +0800] "GET /xingrg/all/function/internal_message.html?_=1643681052249&CODE_STATE=getMsg HTTP/1.1" 200 27
222.70.243.96 - - [01/Feb/2022:10:04:12 +0800] "GET /xingrg/kc/base/wldb_order_operate.html?command=get_materiel&rest_code=00146&base_code=0010070&code=00101006124 HTTP/1.1" 200 429
116.239.131.195 - - [01/Feb/2022:10:04:12 +0800] "POST /xingrg/all/common/load_combo.html?type=base HTTP/1.1" 200 3233
61.170.233.189 - - [01/Feb/2022:10:04:14 +0800] "POST /xingrg/kc/base/wldb_order_operate.html HTTP/1.1" 200 12
61.170.233.189 - - [01/Feb/2022:10:04:14 +0800] "POST /xingrg/kc/base/wldb_order_operate.html HTTP/1.1" 200 62949
222.69.132.164 - - [01/Feb/2022:10:04:14 +0800] "GET /xingrg/all/function/internal_message.html?_=1643681114859&CODE_STATE=getMsg HTTP/1.1" 200 27
222.70.243.96 - - [01/Feb/2022:10:04:16 +0800] "POST /xingrg/kc/base/wldb_order_operate.html HTTP/1.1" 200 1710
61.170.233.189 - - [01/Feb/2022:10:04:16 +0800] "GET /xingrg/kc/base/wldb_order_info.html?code=422022020100006 HTTP/1.1" 200 26198
61.170.233.189 - - [01/Feb/2022:10:04:16 +0800] "GET /xingrg/javascript/easyui/themes/default/validatebox.css HTTP/1.1" 404 1104
61.170.233.189 - - [01/Feb/2022:10:04:17 +0800] "POST /xingrg/kc/base/wldb_order_operate.html HTTP/1.1" 200 59817
116.239.131.195 - - [01/Feb/2022:10:04:21 +0800] "POST /xingrg/kc/base/wldb_order_operate.html HTTP/1.1" 200 37
116.239.131.195 - - [01/Feb/2022:10:04:21 +0800] "POST /xingrg/kc/base/wldb_order_operate.html HTTP/1.1" 200 12872
61.170.233.189 - - [01/Feb/2022:10:04:22 +0800] "GET /xingrg/kc/base/wldb_order_add.html HTTP/1.1" 200 30316
61.170.233.189 - - [01/Feb/2022:10:04:23 +0800] "POST /xingrg/kc/base/wldb_order_operate.html HTTP/1.1" 200 6806
61.170.233.189 - - [01/Feb/2022:10:04:23 +0800] "GET /xingrg/javascript/easyui/themes/default/validatebox.css HTTP/1.1" 404 1104
61.170.233.189 - - [01/Feb/2022:10:04:23 +0800] "POST /xingrg/all/common/load_combo.html?type=base HTTP/1.1" 200 3315
222.70.243.96 - - [01/Feb/2022:10:04:25 +0800] "GET /xingrg/kc/base/wldb_order_operate.html?command=get_materiel&rest_code=00146&base_code=0010070&code=00101006127 HTTP/1.1" 200 446
61.170.233.189 - - [01/Feb/2022:10:04:28 +0800] "POST /xingrg/all/common/load_combo.html?type=base HTTP/1.1" 200 3315
222.70.176.73 - - [01/Feb/2022:10:04:30 +0800] "GET /xingrg/check_reg.html?_=1643681068739 HTTP/1.1" 200 22
116.239.131.195 - - [01/Feb/2022:10:04:32 +0800] "GET /xingrg/kc/base/wldb_order_info.html?code=422022020100007 HTTP/1.1" 200 30324
222.70.243.96 - - [01/Feb/2022:10:04:33 +0800] "GET /xingrg/all/function/internal_message.html?_=1643681078346&CODE_STATE=getMsg HTTP/1.1" 200 27
116.239.131.195 - - [01/Feb/2022:10:04:35 +0800] "GET /xingrg/javascript/easyui/themes/default/validatebox.css HTTP/1.1" 404 1104
116.239.131.195 - - [01/Feb/2022:10:04:35 +0800] "POST /xingrg/kc/base/wldb_order_operate.html HTTP/1.1" 200 12872
58.40.7.146 - - [01/Feb/2022:10:04:39 +0800] "GET /xingrg/all/function/internal_message.html?_=1643681078889&CODE_STATE=getMsg HTTP/1.1" 200 27
180.152.99.39 - - [01/Feb/2022:10:04:42 +0800] "GET /xingrg/all/function/internal_message.html?_=1643681005115&CODE_STATE=getMsg HTTP/1.1" 200 27
61.170.233.189 - - [01/Feb/2022:10:04:43 +0800] "GET /xingrg/kc/base/wldb_order_operate.html?command=get_materiel&rest_code=00106&base_code=0010237&code=00101006129 HTTP/1.1" 200 454
116.239.131.195 - - [01/Feb/2022:10:04:45 +0800] "GET /xingrg/check_reg.html?_=1643681104709 HTTP/1.1" 200 22
180.157.251.97 - - [01/Feb/2022:10:04:46 +0800] "GET /xingrg/check_reg.html?_=1643681087420 HTTP/1.1" 200 22
180.157.251.97 - - [01/Feb/2022:10:04:48 +0800] "GET /xingrg/kc/base/check_order_list.html HTTP/1.1" 200 16223
180.157.251.97 - - [01/Feb/2022:10:04:48 +0800] "GET /xingrg/javascript/easyui/themes/icons/cance_new.png HTTP/1.1" 304 -
180.157.251.97 - - [01/Feb/2022:10:04:48 +0800] "GET /xingrg/javascript/easyui/themes/icons/check_new.png HTTP/1.1" 304 -
180.157.251.97 - - [01/Feb/2022:10:04:48 +0800] "POST /xingrg/kc/base/check_list_operate.html HTTP/1.1" 200 3879
222.70.243.96 - - [01/Feb/2022:10:04:50 +0800] "GET /xingrg/kc/base/wldb_order_operate.html?command=get_materiel&rest_code=00146&base_code=0010070&code=00101006130 HTTP/1.1" 200 450
116.239.131.195 - - [01/Feb/2022:10:04:51 +0800] "GET /xingrg/all/function/internal_message.html?_=1643681110323&CODE_STATE=getMsg HTTP/1.1" 200 27
61.170.233.189 - - [01/Feb/2022:10:04:56 +0800] "GET /xingrg/kc/base/wldb_order_operate.html?command=get_materiel&rest_code=00106&base_code=0010237&code=00101006130 HTTP/1.1" 200 449
61.170.233.189 - - [01/Feb/2022:10:04:57 +0800] "GET /xingrg/all/function/internal_message.html?_=1643681096065&CODE_STATE=getMsg HTTP/1.1" 200 27
222.70.243.96 - - [01/Feb/2022:10:05:02 +0800] "GET /xingrg/all/function/internal_message.html?_=1643681107077&CODE_STATE=getMsg HTTP/1.1" 302 -
222.70.243.96 - - [01/Feb/2022:10:05:03 +0800] "GET /xingrg/kc/base/wldb_order_operate.html?command=get_materiel&rest_code=00146&base_code=0010070&code=00101006133 HTTP/1.1" 200 435
61.170.233.189 - - [01/Feb/2022:10:05:05 +0800] "GET /xingrg/kc/base/wldb_order_operate.html?command=get_materiel&rest_code=00106&base_code=0010237&code=00101006185 HTTP/1.1" 200 442
222.70.176.73 - - [01/Feb/2022:10:05:09 +0800] "GET /xingrg/all/function/internal_message.html?_=1643681107725&CODE_STATE=getMsg HTTP/1.1" 200 27
116.235.92.83 - - [01/Feb/2022:10:05:10 +0800] "GET /xingrg/all/function/internal_message.html?_=1643681253367&CODE_STATE=getMsg HTTP/1.1" 200 27
61.170.233.189 - - [01/Feb/2022:10:05:10 +0800] "GET /xingrg/kc/base/wldb_order_operate.html?command=get_materiel&rest_code=00106&base_code=0010237&code=00101006287 HTTP/1.1" 200 419
61.170.233.189 - - [01/Feb/2022:10:05:12 +0800] "GET /xingrg/all/function/internal_message.html?_=1643681112220&CODE_STATE=getMsg HTTP/1.1" 200 27
222.69.132.164 - - [01/Feb/2022:10:05:14 +0800] "GET /xingrg/all/function/internal_message.html?_=1643681174845&CODE_STATE=getMsg HTTP/1.1" 200 27
222.70.243.96 - - [01/Feb/2022:10:05:17 +0800] "GET /xingrg/kc/base/wldb_order_operate.html?command=get_materiel&rest_code=00146&base_code=0010070&code=00101006159 HTTP/1.1" 200 437
61.170.233.189 - - [01/Feb/2022:10:05:26 +0800] "GET /xingrg/kc/base/wldb_order_operate.html?command=get_materiel&rest_code=00106&base_code=0010237&code=00101007031 HTTP/1.1" 200 433
222.70.243.96 - - [01/Feb/2022:10:05:33 +0800] "GET /xingrg/all/function/internal_message.html?_=1643681138356&CODE_STATE=getMsg HTTP/1.1" 200 27
61.170.233.189 - - [01/Feb/2022:10:05:37 +0800] "GET /xingrg/kc/base/wldb_order_operate.html?command=get_materiel&rest_code=00106&base_code=0010237&code=00101007032 HTTP/1.1" 200 434
222.70.243.96 - - [01/Feb/2022:10:05:39 +0800] "GET /xingrg/kc/base/wldb_order_operate.html?command=get_materiel&rest_code=00146&base_code=0010070&code=00101006166 HTTP/1.1" 200 444
101.91.62.89 - - [01/Feb/2022:10:05:39 +0800] "GET /xingrg/all/function/internal_message.html?_=1643675278355&CODE_STATE=getMsg HTTP/1.1" 302 -
58.40.7.146 - - [01/Feb/2022:10:05:39 +0800] "GET /xingrg/all/function/internal_message.html?_=1643681138875&CODE_STATE=getMsg HTTP/1.1" 200 27
180.152.99.39 - - [01/Feb/2022:10:05:42 +0800] "GET /xingrg/all/function/internal_message.html?_=1643681065117&CODE_STATE=getMsg HTTP/1.1" 200 27
101.91.62.89 - - [01/Feb/2022:10:05:42 +0800] "GET /xingrg/login.html HTTP/1.1" 200 7641
61.170.233.189 - - [01/Feb/2022:10:05:43 +0800] "GET /xingrg/kc/base/wldb_order_operate.html?command=get_materiel&rest_code=00106&base_code=0010237&code=00101007077 HTTP/1.1" 200 439
222.70.243.96 - - [01/Feb/2022:10:05:44 +0800] "POST /xingrg/kc/base/wldb_order_operate.html HTTP/1.1" 200 1710
116.239.131.195 - - [01/Feb/2022:10:05:51 +0800] "GET /xingrg/all/function/internal_message.html?_=1643681170338&CODE_STATE=getMsg HTTP/1.1" 200 27
222.70.243.96 - - [01/Feb/2022:10:05:53 +0800] "GET /xingrg/kc/base/wldb_order_operate.html?command=get_materiel&rest_code=00146&base_code=0010070&code=00101006174 HTTP/1.1" 200 435
61.170.233.189 - - [01/Feb/2022:10:05:53 +0800] "GET /xingrg/kc/base/wldb_order_operate.html?command=get_materiel&rest_code=00106&base_code=0010237&code=00101008312 HTTP/1.1" 200 435
101.91.60.11 - - [01/Feb/2022:10:05:57 +0800] "GET /xingrg/all/function/internal_message.html?_=1643681096065&CODE_STATE=getMsg HTTP/1.1" 302 -
61.170.233.189 - - [01/Feb/2022:10:05:57 +0800] "GET /xingrg/all/function/internal_message.html?_=1643681156047&CODE_STATE=getMsg HTTP/1.1" 200 27
222.69.132.164 - - [01/Feb/2022:10:05:57 +0800] "GET /xingrg/kc/base/check_order_info.html?code=452022013100193 HTTP/1.1" 200 25576
222.69.132.164 - - [01/Feb/2022:10:05:57 +0800] "GET /xingrg/dwr/interface/AjaxCheckService.js HTTP/1.1" 200 14003
222.69.132.164 - - [01/Feb/2022:10:05:57 +0800] "GET /xingrg/dwr/interface/AjaxComOrderService.js HTTP/1.1" 200 18264
222.69.132.164 - - [01/Feb/2022:10:05:57 +0800] "GET /xingrg/dwr/engine.js HTTP/1.1" 200 43631
222.69.132.164 - - [01/Feb/2022:10:05:58 +0800] "POST /xingrg/dwr/call/plaincall/AjaxCheckService.loadOrderItems.dwr HTTP/1.1" 200 154586
101.91.60.11 - - [01/Feb/2022:10:05:58 +0800] "GET /xingrg/login.html HTTP/1.1" 200 7641
222.70.243.96 - - [01/Feb/2022:10:06:02 +0800] "GET /xingrg/all/function/internal_message.html?_=1643681167089&CODE_STATE=getMsg HTTP/1.1" 302 -
222.70.243.96 - - [01/Feb/2022:10:06:04 +0800] "GET /xingrg/kc/base/wldb_order_operate.html?command=get_materiel&rest_code=00146&base_code=0010070&code=00101006177 HTTP/1.1" 200 431
61.170.233.189 - - [01/Feb/2022:10:06:08 +0800] "GET /xingrg/kc/base/wldb_order_operate.html?command=get_materiel&rest_code=00106&base_code=0010237&code=00101010768 HTTP/1.1" 200 465
222.70.176.73 - - [01/Feb/2022:10:06:09 +0800] "GET /xingrg/all/function/internal_message.html?_=1643681167709&CODE_STATE=getMsg HTTP/1.1" 200 27
222.69.132.164 - - [01/Feb/2022:10:06:09 +0800] "GET /xingrg/check_reg.html?_=1643681229941 HTTP/1.1" 200 22
116.235.92.83 - - [01/Feb/2022:10:06:10 +0800] "GET /xingrg/check_reg.html?_=1643681313384 HTTP/1.1" 200 22
116.235.92.83 - - [01/Feb/2022:10:06:10 +0800] "GET /xingrg/all/function/internal_message.html?_=1643681313381&CODE_STATE=getMsg HTTP/1.1" 200 27
61.170.233.189 - - [01/Feb/2022:10:06:12 +0800] "GET /xingrg/all/function/internal_message.html?_=1643681172193&CODE_STATE=getMsg HTTP/1.1" 200 27
61.170.233.189 - - [01/Feb/2022:10:06:14 +0800] "GET /xingrg/kc/base/wldb_order_operate.html?command=get_materiel&rest_code=00106&base_code=0010237&code=00101010769 HTTP/1.1" 200 463
222.69.132.164 - - [01/Feb/2022:10:06:14 +0800] "GET /xingrg/all/function/internal_message.html?_=1643681234838&CODE_STATE=getMsg HTTP/1.1" 200 27
222.70.243.96 - - [01/Feb/2022:10:06:17 +0800] "GET /xingrg/kc/base/wldb_order_operate.html?command=get_materiel&rest_code=00146&base_code=0010070&code=00101019502 HTTP/1.1" 200 430
61.170.233.189 - - [01/Feb/2022:10:06:22 +0800] "GET /xingrg/check_reg.html?_=1643681180919 HTTP/1.1" 200 22
222.70.243.96 - - [01/Feb/2022:10:06:33 +0800] "GET /xingrg/all/function/internal_message.html?_=1643681198370&CODE_STATE=getMsg HTTP/1.1" 200 27
222.70.243.96 - - [01/Feb/2022:10:06:34 +0800] "GET /xingrg/kc/base/wldb_order_operate.html?command=get_materiel&rest_code=00146&base_code=0010070&code=00101006268 HTTP/1.1" 200 417
61.170.233.189 - - [01/Feb/2022:10:06:35 +0800] "GET /xingrg/kc/base/wldb_order_operate.html?command=get_materiel&rest_code=00106&base_code=0010237&code=00101010779 HTTP/1.1" 200 448
180.152.99.39 - - [01/Feb/2022:10:06:39 +0800] "GET /xingrg/check_reg.html?_=1643681122258 HTTP/1.1" 200 22
58.40.7.146 - - [01/Feb/2022:10:06:39 +0800] "GET /xingrg/all/function/internal_message.html?_=1643681198861&CODE_STATE=getMsg HTTP/1.1" 200 27
180.152.99.39 - - [01/Feb/2022:10:06:42 +0800] "GET /xingrg/all/function/internal_message.html?_=1643681125131&CODE_STATE=getMsg HTTP/1.1" 200 27
61.170.233.189 - - [01/Feb/2022:10:06:45 +0800] "GET /xingrg/kc/base/wldb_order_operate.html?command=get_materiel&rest_code=00106&base_code=0010237&code=00101013037 HTTP/1.1" 200 436
222.70.243.96 - - [01/Feb/2022:10:06:49 +0800] "GET /xingrg/kc/base/wldb_order_operate.html?command=get_materiel&rest_code=00146&base_code=0010070&code=00101007032 HTTP/1.1" 200 436
61.170.233.189 - - [01/Feb/2022:10:06:51 +0800] "GET /xingrg/kc/base/wldb_order_operate.html?command=get_materiel&rest_code=00106&base_code=0010237&code=00101013190 HTTP/1.1" 200 434
116.239.131.195 - - [01/Feb/2022:10:06:51 +0800] "GET /xingrg/all/function/internal_message.html?_=1643681230832&CODE_STATE=getMsg HTTP/1.1" 200 27
222.70.243.96 - - [01/Feb/2022:10:06:55 +0800] "POST /xingrg/kc/base/wldb_order_operate.html HTTP/1.1" 200 1710
58.40.7.146 - - [01/Feb/2022:10:06:55 +0800] "GET /xingrg/check_reg.html?_=1643681215067 HTTP/1.1" 200 22
61.170.233.189 - - [01/Feb/2022:10:06:57 +0800] "GET /xingrg/all/function/internal_message.html?_=1643681216027&CODE_STATE=getMsg HTTP/1.1" 200 27
61.170.233.189 - - [01/Feb/2022:10:07:01 +0800] "GET /xingrg/kc/base/wldb_order_operate.html?command=get_materiel&rest_code=00106&base_code=0010237&code=00101014100 HTTP/1.1" 200 447
222.70.243.96 - - [01/Feb/2022:10:07:02 +0800] "GET /xingrg/all/function/internal_message.html?_=1643681227121&CODE_STATE=getMsg HTTP/1.1" 302 -
222.70.243.96 - - [01/Feb/2022:10:07:08 +0800] "GET /xingrg/kc/base/wldb_order_operate.html?command=get_materiel&rest_code=00146&base_code=0010070&code=00101007061 HTTP/1.1" 200 432
222.70.176.73 - - [01/Feb/2022:10:07:09 +0800] "GET /xingrg/all/function/internal_message.html?_=1643681227693&CODE_STATE=getMsg HTTP/1.1" 200 27
116.235.92.83 - - [01/Feb/2022:10:07:10 +0800] "GET /xingrg/all/function/internal_message.html?_=1643681373367&CODE_STATE=getMsg HTTP/1.1" 200 27
61.170.233.189 - - [01/Feb/2022:10:07:12 +0800] "GET /xingrg/all/function/internal_message.html?_=1643681232165&CODE_STATE=getMsg HTTP/1.1" 200 27
61.170.233.189 - - [01/Feb/2022:10:07:14 +0800] "GET /xingrg/kc/base/wldb_order_operate.html?command=get_materiel&rest_code=00106&base_code=0010237&code=00101016065 HTTP/1.1" 200 468
222.69.132.164 - - [01/Feb/2022:10:07:14 +0800] "GET /xingrg/all/function/internal_message.html?_=1643681294815&CODE_STATE=getMsg HTTP/1.1" 200 27
222.70.243.96 - - [01/Feb/2022:10:07:21 +0800] "GET /xingrg/kc/base/wldb_order_operate.html?command=get_materiel&rest_code=00146&base_code=0010070&code=00101007063 HTTP/1.1" 200 430
61.170.233.189 - - [01/Feb/2022:10:07:24 +0800] "GET /xingrg/kc/base/wldb_order_operate.html?command=get_materiel&rest_code=00106&base_code=0010237&code=00101016094 HTTP/1.1" 200 468
61.170.233.189 - - [01/Feb/2022:10:07:31 +0800] "GET /xingrg/kc/base/wldb_order_operate.html?command=get_materiel&rest_code=00106&base_code=0010237&code=00101018008 HTTP/1.1" 200 435
222.70.243.96 - - [01/Feb/2022:10:07:33 +0800] "GET /xingrg/kc/base/wldb_order_operate.html?command=get_materiel&rest_code=00146&base_code=0010070&code=00101007109 HTTP/1.1" 200 431
222.70.243.96 - - [01/Feb/2022:10:07:33 +0800] "GET /xingrg/all/function/internal_message.html?_=1643681258386&CODE_STATE=getMsg HTTP/1.1" 200 27
61.170.233.189 - - [01/Feb/2022:10:07:36 +0800] "GET /xingrg/kc/base/wldb_order_operate.html?command=get_materiel&rest_code=00106&base_code=0010237&code=00101019011 HTTP/1.1" 200 432
58.40.7.146 - - [01/Feb/2022:10:07:39 +0800] "GET /xingrg/all/function/internal_message.html?_=1643681258835&CODE_STATE=getMsg HTTP/1.1" 200 27
180.152.99.39 - - [01/Feb/2022:10:07:42 +0800] "GET /xingrg/all/function/internal_message.html?_=1643681185146&CODE_STATE=getMsg HTTP/1.1" 200 27
222.70.243.96 - - [01/Feb/2022:10:07:46 +0800] "GET /xingrg/kc/base/wldb_order_operate.html?command=get_materiel&rest_code=00146&base_code=0010070&code=00101008001 HTTP/1.1" 200 436
61.170.233.189 - - [01/Feb/2022:10:07:48 +0800] "GET /xingrg/kc/base/wldb_order_operate.html?command=get_materiel&rest_code=00106&base_code=0010237&code=00101019056 HTTP/1.1" 200 475
116.232.49.79 - - [01/Feb/2022:10:07:49 +0800] "POST /xingrg/services/DataTransmitService HTTP/1.1" 200 524
222.69.132.164 - - [01/Feb/2022:10:07:50 +0800] "POST /xingrg/dwr/call/plaincall/AjaxCheckService.saveOrder.dwr HTTP/1.1" 200 78
116.239.131.195 - - [01/Feb/2022:10:07:51 +0800] "GET /xingrg/all/function/internal_message.html?_=1643681290848&CODE_STATE=getMsg HTTP/1.1" 200 27
222.69.132.164 - - [01/Feb/2022:10:07:52 +0800] "POST /xingrg/dwr/call/plaincall/AjaxCheckService.loadOrderItems.dwr HTTP/1.1" 200 154586
61.170.233.189 - - [01/Feb/2022:10:07:57 +0800] "GET /xingrg/all/function/internal_message.html?_=1643681276011&CODE_STATE=getMsg HTTP/1.1" 200 27
61.170.233.189 - - [01/Feb/2022:10:07:59 +0800] "GET /xingrg/kc/base/wldb_order_operate.html?command=get_materiel&rest_code=00106&base_code=0010237&code=00101019066 HTTP/1.1" 200 440
222.70.243.96 - - [01/Feb/2022:10:08:02 +0800] "GET /xingrg/all/function/internal_message.html?_=1643681287133&CODE_STATE=getMsg HTTP/1.1" 302 -
222.69.132.164 - - [01/Feb/2022:10:08:03 +0800] "POST /xingrg/dwr/call/plaincall/AjaxCheckService.checkOrder.dwr HTTP/1.1" 200 78
222.69.132.164 - - [01/Feb/2022:10:08:04 +0800] "GET /xingrg/kc/base/check_order_info.html?code=452022013100193 HTTP/1.1" 200 22886
222.69.132.164 - - [01/Feb/2022:10:08:05 +0800] "GET /xingrg/dwr/interface/AjaxComOrderService.js HTTP/1.1" 200 18264
222.69.132.164 - - [01/Feb/2022:10:08:05 +0800] "GET /xingrg/dwr/interface/AjaxCheckService.js HTTP/1.1" 200 14003
222.70.243.96 - - [01/Feb/2022:10:08:05 +0800] "GET /xingrg/kc/base/wldb_order_operate.html?command=get_materiel&rest_code=00146&base_code=0010070&code=00101008003 HTTP/1.1" 200 430
222.69.132.164 - - [01/Feb/2022:10:08:05 +0800] "GET /xingrg/dwr/engine.js HTTP/1.1" 200 43631
222.69.132.164 - - [01/Feb/2022:10:08:05 +0800] "POST /xingrg/dwr/call/plaincall/AjaxCheckService.loadOrderItems.dwr HTTP/1.1" 200 69065
222.70.243.96 - - [01/Feb/2022:10:08:09 +0800] "POST /xingrg/kc/base/wldb_order_operate.html HTTP/1.1" 200 1710
222.70.176.73 - - [01/Feb/2022:10:08:09 +0800] "GET /xingrg/all/function/internal_message.html?_=1643681287678&CODE_STATE=getMsg HTTP/1.1" 200 27
116.235.92.83 - - [01/Feb/2022:10:08:10 +0800] "GET /xingrg/all/function/internal_message.html?_=1643681433380&CODE_STATE=getMsg HTTP/1.1" 200 27
61.170.233.189 - - [01/Feb/2022:10:08:12 +0800] "GET /xingrg/all/function/internal_message.html?_=1643681292144&CODE_STATE=getMsg HTTP/1.1" 200 27
222.69.132.164 - - [01/Feb/2022:10:08:14 +0800] "GET /xingrg/all/function/internal_message.html?_=1643681354828&CODE_STATE=getMsg HTTP/1.1" 200 27
222.70.243.96 - - [01/Feb/2022:10:08:18 +0800] "GET /xingrg/kc/base/wldb_order_operate.html?command=get_materiel&rest_code=00146&base_code=0010070&code=00101008027 HTTP/1.1" 200 429
61.170.233.189 - - [01/Feb/2022:10:08:19 +0800] "GET /xingrg/kc/base/wldb_order_operate.html?command=get_materiel&rest_code=00106&base_code=0010237&code=00101019093 HTTP/1.1" 200 490
222.69.132.164 - - [01/Feb/2022:10:08:19 +0800] "POST /xingrg/kc/base/check_list_operate.html HTTP/1.1" 200 3086
222.70.243.96 - - [01/Feb/2022:10:08:28 +0800] "GET /xingrg/check_reg.html?_=1643681313202 HTTP/1.1" 200 22
61.170.233.189 - - [01/Feb/2022:10:08:29 +0800] "GET /xingrg/kc/base/wldb_order_operate.html?command=get_materiel&rest_code=00106&base_code=0010237&code=00101019112 HTTP/1.1" 200 444
61.170.233.189 - - [01/Feb/2022:10:08:33 +0800] "POST /xingrg/kc/base/wldb_order_operate.html HTTP/1.1" 200 1710
222.70.243.96 - - [01/Feb/2022:10:08:33 +0800] "GET /xingrg/all/function/internal_message.html?_=1643681318398&CODE_STATE=getMsg HTTP/1.1" 200 27
222.70.243.96 - - [01/Feb/2022:10:08:34 +0800] "GET /xingrg/kc/base/wldb_order_operate.html?command=get_materiel&rest_code=00146&base_code=0010070&code=00101008036 HTTP/1.1" 200 430
222.69.132.164 - - [01/Feb/2022:10:08:36 +0800] "POST /xingrg/kc/base/check_list_operate.html HTTP/1.1" 200 781
61.170.233.189 - - [01/Feb/2022:10:08:36 +0800] "GET /xingrg/kc/base/wldb_order_operate.html?command=get_materiel&rest_code=00106&base_code=0010237&code=00101019113 HTTP/1.1" 200 444
58.40.7.146 - - [01/Feb/2022:10:08:39 +0800] "GET /xingrg/all/function/internal_message.html?_=1643681318821&CODE_STATE=getMsg HTTP/1.1" 200 27
222.69.132.164 - - [01/Feb/2022:10:08:41 +0800] "POST /xingrg/kc/base/check_list_operate.html HTTP/1.1" 200 3086
180.152.99.39 - - [01/Feb/2022:10:08:42 +0800] "GET /xingrg/all/function/internal_message.html?_=1643681245158&CODE_STATE=getMsg HTTP/1.1" 200 27
61.170.233.189 - - [01/Feb/2022:10:08:42 +0800] "GET /xingrg/kc/base/wldb_order_operate.html?command=get_materiel&rest_code=00106&base_code=0010237&code=00101019127 HTTP/1.1" 200 465
61.170.233.189 - - [01/Feb/2022:10:08:51 +0800] "POST /xingrg/kc/base/wldb_order_operate.html HTTP/1.1" 200 37
61.170.233.189 - - [01/Feb/2022:10:08:51 +0800] "POST /xingrg/kc/base/wldb_order_operate.html HTTP/1.1" 200 11494
61.170.233.189 - - [01/Feb/2022:10:08:52 +0800] "GET /xingrg/kc/base/wldb_order_info.html?code=422022020100008 HTTP/1.1" 200 30332
116.239.131.195 - - [01/Feb/2022:10:08:52 +0800] "GET /xingrg/all/function/internal_message.html?_=1643681351325&CODE_STATE=getMsg HTTP/1.1" 200 27
61.170.233.189 - - [01/Feb/2022:10:08:52 +0800] "GET /xingrg/javascript/easyui/themes/default/validatebox.css HTTP/1.1" 404 1104
61.170.233.189 - - [01/Feb/2022:10:08:53 +0800] "POST /xingrg/kc/base/wldb_order_operate.html HTTP/1.1" 200 11494
61.170.233.189 - - [01/Feb/2022:10:08:57 +0800] "GET /xingrg/all/function/internal_message.html?_=1643681335989&CODE_STATE=getMsg HTTP/1.1" 200 27
222.70.243.96 - - [01/Feb/2022:10:09:03 +0800] "GET /xingrg/all/function/internal_message.html?_=1643681347164&CODE_STATE=getMsg HTTP/1.1" 302 -
222.70.243.96 - - [01/Feb/2022:10:09:05 +0800] "GET /xingrg/check_reg.html?_=1643681350099 HTTP/1.1" 302 -
222.70.176.73 - - [01/Feb/2022:10:09:09 +0800] "GET /xingrg/all/function/internal_message.html?_=1643681347664&CODE_STATE=getMsg HTTP/1.1" 200 27
116.235.92.83 - - [01/Feb/2022:10:09:10 +0800] "GET /xingrg/all/function/internal_message.html?_=1643681493379&CODE_STATE=getMsg HTTP/1.1" 200 27
61.170.233.189 - - [01/Feb/2022:10:09:11 +0800] "GET /xingrg/check_reg.html?_=1643681351635 HTTP/1.1" 200 22
61.170.233.189 - - [01/Feb/2022:10:09:12 +0800] "GET /xingrg/all/function/internal_message.html?_=1643681352205&CODE_STATE=getMsg HTTP/1.1" 200 27
222.70.243.96 - - [01/Feb/2022:10:09:15 +0800] "GET /xingrg/kc/base/wldb_order_operate.html?command=get_materiel&rest_code=00146&base_code=0010070&code=00101008038 HTTP/1.1" 200 434
222.70.243.96 - - [01/Feb/2022:10:09:29 +0800] "GET /xingrg/kc/base/wldb_order_operate.html?command=get_materiel&rest_code=00146&base_code=0010070&code=00101008067 HTTP/1.1" 200 439
222.70.176.73 - - [01/Feb/2022:10:09:30 +0800] "GET /xingrg/check_reg.html?_=1643681368740 HTTP/1.1" 200 22
222.70.243.96 - - [01/Feb/2022:10:09:33 +0800] "GET /xingrg/all/function/internal_message.html?_=1643681378412&CODE_STATE=getMsg HTTP/1.1" 200 27
58.40.7.146 - - [01/Feb/2022:10:09:39 +0800] "GET /xingrg/all/function/internal_message.html?_=1643681378808&CODE_STATE=getMsg HTTP/1.1" 200 27
180.152.99.39 - - [01/Feb/2022:10:09:42 +0800] "GET /xingrg/all/function/internal_message.html?_=1643681305198&CODE_STATE=getMsg HTTP/1.1" 200 27
222.70.243.96 - - [01/Feb/2022:10:09:43 +0800] "GET /xingrg/kc/base/wldb_order_operate.html?command=get_materiel&rest_code=00146&base_code=0010070&code=00101008088 HTTP/1.1" 200 431
116.239.131.195 - - [01/Feb/2022:10:09:45 +0800] "GET /xingrg/check_reg.html?_=1643681404714 HTTP/1.1" 200 22
180.157.251.97 - - [01/Feb/2022:10:09:46 +0800] "GET /xingrg/check_reg.html?_=1643681387391 HTTP/1.1" 200 22
222.70.243.96 - - [01/Feb/2022:10:09:49 +0800] "POST /xingrg/kc/base/wldb_order_operate.html HTTP/1.1" 200 1710
116.239.131.195 - - [01/Feb/2022:10:09:52 +0800] "GET /xingrg/all/function/internal_message.html?_=1643681411344&CODE_STATE=getMsg HTTP/1.1" 200 27
61.170.233.189 - - [01/Feb/2022:10:09:57 +0800] "GET /xingrg/all/function/internal_message.html?_=1643681395968&CODE_STATE=getMsg HTTP/1.1" 200 27
222.70.243.96 - - [01/Feb/2022:10:10:01 +0800] "POST /xingrg/services/DataTransmitService HTTP/1.1" 200 524
222.70.243.96 - - [01/Feb/2022:10:10:01 +0800] "POST /xingrg/services/DataTransmitService HTTP/1.1" 200 2167
222.70.243.96 - - [01/Feb/2022:10:10:03 +0800] "GET /xingrg/all/function/internal_message.html?_=1643681407192&CODE_STATE=getMsg HTTP/1.1" 302 -
222.70.243.96 - - [01/Feb/2022:10:10:04 +0800] "POST /xingrg/services/DataTransmitService HTTP/1.1" 200 524
222.70.243.96 - - [01/Feb/2022:10:10:05 +0800] "POST /xingrg/services/DataTransmitService HTTP/1.1" 200 412
222.70.243.96 - - [01/Feb/2022:10:10:07 +0800] "POST /xingrg/services/DataTransmitService HTTP/1.1" 200 524
222.70.243.96 - - [01/Feb/2022:10:10:08 +0800] "POST /xingrg/services/DataTransmitService HTTP/1.1" 200 412
222.70.243.96 - - [01/Feb/2022:10:10:09 +0800] "POST /xingrg/services/DataTransmitService HTTP/1.1" 200 524
222.70.176.73 - - [01/Feb/2022:10:10:09 +0800] "GET /xingrg/all/function/internal_message.html?_=1643681407649&CODE_STATE=getMsg HTTP/1.1" 200 27
222.70.243.96 - - [01/Feb/2022:10:10:10 +0800] "POST /xingrg/services/DataTransmitService HTTP/1.1" 200 412
116.235.92.83 - - [01/Feb/2022:10:10:10 +0800] "GET /xingrg/all/function/internal_message.html?_=1643681553378&CODE_STATE=getMsg HTTP/1.1" 200 27
222.70.243.96 - - [01/Feb/2022:10:10:11 +0800] "POST /xingrg/services/DataTransmitService HTTP/1.1" 200 524
61.170.233.189 - - [01/Feb/2022:10:10:12 +0800] "GET /xingrg/all/function/internal_message.html?_=1643681412109&CODE_STATE=getMsg HTTP/1.1" 200 27
222.70.243.96 - - [01/Feb/2022:10:10:12 +0800] "POST /xingrg/services/DataTransmitService HTTP/1.1" 200 412
222.70.243.96 - - [01/Feb/2022:10:10:13 +0800] "POST /xingrg/services/DataTransmitService HTTP/1.1" 200 524
222.70.243.96 - - [01/Feb/2022:10:10:14 +0800] "POST /xingrg/services/DataTransmitService HTTP/1.1" 200 2167
222.70.243.96 - - [01/Feb/2022:10:10:15 +0800] "POST /xingrg/services/DataTransmitService HTTP/1.1" 200 524
222.70.243.96 - - [01/Feb/2022:10:10:15 +0800] "POST /xingrg/services/DataTransmitService HTTP/1.1" 200 2167
222.70.243.96 - - [01/Feb/2022:10:10:16 +0800] "GET /xingrg/kc/base/wldb_order_operate.html?command=get_materiel&rest_code=00146&base_code=0010070&code=00101008096 HTTP/1.1" 200 434
222.70.243.96 - - [01/Feb/2022:10:10:16 +0800] "POST /xingrg/services/DataTransmitService HTTP/1.1" 200 524
222.70.243.96 - - [01/Feb/2022:10:10:17 +0800] "POST /xingrg/services/DataTransmitService HTTP/1.1" 200 412
222.70.243.96 - - [01/Feb/2022:10:10:18 +0800] "POST /xingrg/services/DataTransmitService HTTP/1.1" 200 524
222.70.243.96 - - [01/Feb/2022:10:10:19 +0800] "POST /xingrg/services/DataTransmitService HTTP/1.1" 200 412
61.170.233.189 - - [01/Feb/2022:10:10:19 +0800] "GET /xingrg/kc/base/wldb_order_operate.html?command=get_materiel&rest_code=00106&base_code=0010237&code=00101019134 HTTP/1.1" 200 464
222.70.243.96 - - [01/Feb/2022:10:10:20 +0800] "POST /xingrg/services/DataTransmitService HTTP/1.1" 200 524
222.70.243.96 - - [01/Feb/2022:10:10:21 +0800] "POST /xingrg/services/DataTransmitService HTTP/1.1" 200 412
222.70.243.96 - - [01/Feb/2022:10:10:21 +0800] "POST /xingrg/services/DataTransmitService HTTP/1.1" 200 524
222.70.243.96 - - [01/Feb/2022:10:10:22 +0800] "POST /xingrg/services/DataTransmitService HTTP/1.1" 200 412
222.70.243.96 - - [01/Feb/2022:10:10:23 +0800] "POST /xingrg/services/DataTransmitService HTTP/1.1" 200 524
222.70.243.96 - - [01/Feb/2022:10:10:24 +0800] "POST /xingrg/services/DataTransmitService HTTP/1.1" 200 412
61.170.233.189 - - [01/Feb/2022:10:10:25 +0800] "GET /xingrg/kc/base/wldb_order_operate.html?command=get_materiel&rest_code=00106&base_code=0010237&code=00101019184 HTTP/1.1" 200 443
222.70.243.96 - - [01/Feb/2022:10:10:28 +0800] "GET /xingrg/kc/base/wldb_order_operate.html?command=get_materiel&rest_code=00146&base_code=0010070&code=00101008098 HTTP/1.1" 200 434
222.70.243.96 - - [01/Feb/2022:10:10:33 +0800] "GET /xingrg/all/function/internal_message.html?_=1643681438424&CODE_STATE=getMsg HTTP/1.1" 200 27
58.40.7.146 - - [01/Feb/2022:10:10:39 +0800] "GET /xingrg/all/function/internal_message.html?_=1643681438796&CODE_STATE=getMsg HTTP/1.1" 200 27
101.91.60.88 - - [01/Feb/2022:10:10:40 +0800] "GET /xingrg/check_reg.html?_=1643674581419 HTTP/1.1" 302 -
61.170.233.189 - - [01/Feb/2022:10:10:40 +0800] "GET /xingrg/kc/base/wldb_order_operate.html?command=get_materiel&rest_code=00106&base_code=0010237&code=00101019315 HTTP/1.1" 200 460
222.70.243.96 - - [01/Feb/2022:10:10:40 +0800] "GET /xingrg/kc/base/wldb_order_operate.html?command=get_materiel&rest_code=00146&base_code=0010070&code=00101008103 HTTP/1.1" 200 436
101.91.60.88 - - [01/Feb/2022:10:10:41 +0800] "GET /xingrg/login.html HTTP/1.1" 200 7641
180.152.99.39 - - [01/Feb/2022:10:10:42 +0800] "GET /xingrg/all/function/internal_message.html?_=1643681365201&CODE_STATE=getMsg HTTP/1.1" 200 27
116.239.131.195 - - [01/Feb/2022:10:10:52 +0800] "GET /xingrg/all/function/internal_message.html?_=1643681471859&CODE_STATE=getMsg HTTP/1.1" 200 27
61.170.233.189 - - [01/Feb/2022:10:10:57 +0800] "GET /xingrg/all/function/internal_message.html?_=1643681455981&CODE_STATE=getMsg HTTP/1.1" 200 27
116.239.131.195 - - [01/Feb/2022:10:11:00 +0800] "POST /xingrg/kc/base/wldb_order_operate.html HTTP/1.1" 200 37
116.239.131.195 - - [01/Feb/2022:10:11:00 +0800] "POST /xingrg/kc/base/wldb_order_operate.html HTTP/1.1" 200 12872
116.239.131.195 - - [01/Feb/2022:10:11:01 +0800] "GET /xingrg/kc/base/wldb_order_info.html?code=422022020100007 HTTP/1.1" 200 30324
222.70.243.96 - - [01/Feb/2022:10:11:03 +0800] "GET /xingrg/all/function/internal_message.html?_=1643681467205&CODE_STATE=getMsg HTTP/1.1" 302 -
116.239.131.195 - - [01/Feb/2022:10:11:03 +0800] "GET /xingrg/javascript/easyui/themes/default/validatebox.css HTTP/1.1" 404 1104
116.239.131.195 - - [01/Feb/2022:10:11:03 +0800] "POST /xingrg/kc/base/wldb_order_operate.html HTTP/1.1" 200 12872
222.70.243.96 - - [01/Feb/2022:10:11:03 +0800] "GET /xingrg/kc/base/wldb_order_operate.html?command=get_materiel&rest_code=00146&base_code=0010070&code=00101008285 HTTP/1.1" 200 435
116.239.131.195 - - [01/Feb/2022:10:11:07 +0800] "GET /xingrg/kc/base/wldb_order_add.html HTTP/1.1" 200 30308
116.239.131.195 - - [01/Feb/2022:10:11:09 +0800] "POST /xingrg/kc/base/wldb_order_operate.html HTTP/1.1" 200 6806
