116.235.92.83 - - [01/Feb/2022:11:52:10 +0800] "GET /xingrg/all/function/internal_message.html?_=1643687673442&CODE_STATE=getMsg HTTP/1.1" 200 27
116.239.131.195 - - [01/Feb/2022:11:52:10 +0800] "GET /xingrg/all/function/internal_message.html?_=1643687549824&CODE_STATE=getMsg HTTP/1.1" 200 27
222.70.243.96 - - [01/Feb/2022:11:52:11 +0800] "GET /xingrg/kc/base/wldb_order_operate.html?command=get_materiel&rest_code=00146&base_code=0010070&code=00101019276 HTTP/1.1" 200 459
61.151.178.165 - - [01/Feb/2022:11:52:13 +0800] "GET /xingrg/check_reg.html?_=1643680581000 HTTP/1.1" 302 -
61.151.178.165 - - [01/Feb/2022:11:52:16 +0800] "GET /xingrg/login.html HTTP/1.1" 200 7641
101.85.53.167 - - [01/Feb/2022:11:52:19 +0800] "GET /xingrg/all/function/internal_message.html?_=1643687534420&CODE_STATE=getMsg HTTP/1.1" 200 27
222.70.243.96 - - [01/Feb/2022:11:52:21 +0800] "GET /xingrg/all/function/internal_message.html?_=1643687546643&CODE_STATE=getMsg HTTP/1.1" 200 27
61.170.233.189 - - [01/Feb/2022:11:52:23 +0800] "GET /xingrg/all/function/internal_message.html?_=1643687543687&CODE_STATE=getMsg HTTP/1.1" 200 27
222.70.243.96 - - [01/Feb/2022:11:52:27 +0800] "GET /xingrg/kc/base/wldb_order_operate.html?command=get_materiel&rest_code=00146&base_code=0010070&code=00101019289 HTTP/1.1" 200 455
58.39.168.32 - - [01/Feb/2022:11:52:31 +0800] "GET /xingrg/check_reg.html?_=1643687489071 HTTP/1.1" 200 22
58.39.168.32 - - [01/Feb/2022:11:52:31 +0800] "GET /xingrg/all/function/internal_message.html?_=1643687489527&CODE_STATE=getMsg HTTP/1.1" 200 27
180.152.99.73 - - [01/Feb/2022:11:52:36 +0800] "GET /xingrg/all/function/internal_message.html?_=1643687555187&CODE_STATE=getMsg HTTP/1.1" 200 27
114.88.155.114 - - [01/Feb/2022:11:52:39 +0800] "GET /xingrg/check_reg.html?_=1643687349460 HTTP/1.1" 302 -
222.70.243.96 - - [01/Feb/2022:11:52:43 +0800] "GET /xingrg/kc/base/wldb_order_operate.html?command=get_materiel&rest_code=00146&base_code=0010070&code=00101019297 HTTP/1.1" 200 464
180.152.99.39 - - [01/Feb/2022:11:52:44 +0800] "GET /xingrg/all/function/internal_message.html?_=1643687487288&CODE_STATE=getMsg HTTP/1.1" 200 27
222.70.243.96 - - [01/Feb/2022:11:52:53 +0800] "GET /xingrg/kc/base/wldb_order_operate.html?command=get_materiel&rest_code=00146&base_code=0010070&code=00101019306 HTTP/1.1" 200 463
58.39.168.32 - - [01/Feb/2022:11:52:53 +0800] "GET /xingrg/all/function/internal_message.html?_=1643687573328&CODE_STATE=getMsg HTTP/1.1" 200 27
61.170.233.189 - - [01/Feb/2022:11:52:55 +0800] "GET /xingrg/all/function/internal_message.html?_=1643687573574&CODE_STATE=getMsg HTTP/1.1" 200 27
222.70.243.96 - - [01/Feb/2022:11:53:02 +0800] "GET /xingrg/kc/base/wldb_order_operate.html?command=get_materiel&rest_code=00146&base_code=0010070&code=00101019359 HTTP/1.1" 200 446
222.70.243.96 - - [01/Feb/2022:11:53:05 +0800] "GET /xingrg/all/function/internal_message.html?_=1643687589542&CODE_STATE=getMsg HTTP/1.1" 302 -
222.70.243.96 - - [01/Feb/2022:11:53:06 +0800] "POST /xingrg/kc/base/wldb_order_operate.html HTTP/1.1" 200 1710
222.70.176.73 - - [01/Feb/2022:11:53:07 +0800] "GET /xingrg/all/function/internal_message.html?_=1643687585776&CODE_STATE=getMsg HTTP/1.1" 200 27
116.235.92.83 - - [01/Feb/2022:11:53:10 +0800] "GET /xingrg/all/function/internal_message.html?_=1643687733457&CODE_STATE=getMsg HTTP/1.1" 200 27
116.239.131.195 - - [01/Feb/2022:11:53:10 +0800] "GET /xingrg/all/function/internal_message.html?_=1643687609840&CODE_STATE=getMsg HTTP/1.1" 200 27
222.70.243.96 - - [01/Feb/2022:11:53:13 +0800] "GET /xingrg/kc/base/wldb_order_operate.html?command=get_materiel&rest_code=00146&base_code=0010070&code=00101019380 HTTP/1.1" 200 476
101.85.53.167 - - [01/Feb/2022:11:53:19 +0800] "GET /xingrg/all/function/internal_message.html?_=1643687594420&CODE_STATE=getMsg HTTP/1.1" 200 27
222.70.243.96 - - [01/Feb/2022:11:53:21 +0800] "GET /xingrg/all/function/internal_message.html?_=1643687606658&CODE_STATE=getMsg HTTP/1.1" 200 27
61.170.233.189 - - [01/Feb/2022:11:53:23 +0800] "GET /xingrg/all/function/internal_message.html?_=1643687603672&CODE_STATE=getMsg HTTP/1.1" 200 27
222.70.243.96 - - [01/Feb/2022:11:53:23 +0800] "GET /xingrg/kc/base/wldb_order_operate.html?command=get_materiel&rest_code=00146&base_code=0010070&code=00101019390 HTTP/1.1" 200 455
58.39.168.32 - - [01/Feb/2022:11:53:31 +0800] "GET /xingrg/all/function/internal_message.html?_=1643687549508&CODE_STATE=getMsg HTTP/1.1" 200 27
180.152.99.73 - - [01/Feb/2022:11:53:36 +0800] "GET /xingrg/all/function/internal_message.html?_=1643687615177&CODE_STATE=getMsg HTTP/1.1" 200 27
58.39.168.32 - - [01/Feb/2022:11:53:43 +0800] "GET /xingrg/kc/base/wldb_order_operate.html?command=get_materiel&rest_code=00105&base_code=0010507&code=00101019313 HTTP/1.1" 200 442
180.152.99.39 - - [01/Feb/2022:11:53:44 +0800] "GET /xingrg/all/function/internal_message.html?_=1643687547330&CODE_STATE=getMsg HTTP/1.1" 200 27
58.39.168.32 - - [01/Feb/2022:11:53:53 +0800] "GET /xingrg/all/function/internal_message.html?_=1643687633295&CODE_STATE=getMsg HTTP/1.1" 200 27
222.70.243.96 - - [01/Feb/2022:11:53:54 +0800] "GET /xingrg/kc/base/wldb_order_operate.html?command=get_materiel&rest_code=00146&base_code=0010070&code=00101019394 HTTP/1.1" 200 467
58.39.168.32 - - [01/Feb/2022:11:53:54 +0800] "GET /xingrg/kc/base/wldb_order_operate.html?command=get_materiel&rest_code=00105&base_code=0010507&code=00101019183 HTTP/1.1" 200 435
61.170.233.189 - - [01/Feb/2022:11:53:55 +0800] "GET /xingrg/all/function/internal_message.html?_=1643687633550&CODE_STATE=getMsg HTTP/1.1" 200 27
222.70.243.96 - - [01/Feb/2022:11:54:03 +0800] "GET /xingrg/kc/base/wldb_order_operate.html?command=get_materiel&rest_code=00146&base_code=0010070&code=00101019400 HTTP/1.1" 200 451
222.70.243.96 - - [01/Feb/2022:11:54:05 +0800] "GET /xingrg/all/function/internal_message.html?_=1643687649573&CODE_STATE=getMsg HTTP/1.1" 302 -
222.70.243.96 - - [01/Feb/2022:11:54:05 +0800] "GET /xingrg/check_reg.html?_=1643687650213 HTTP/1.1" 302 -
222.70.176.73 - - [01/Feb/2022:11:54:07 +0800] "GET /xingrg/all/function/internal_message.html?_=1643687645769&CODE_STATE=getMsg HTTP/1.1" 200 27
222.70.243.96 - - [01/Feb/2022:11:54:10 +0800] "GET /xingrg/check_reg.html?_=1643687655517 HTTP/1.1" 200 22
116.235.92.83 - - [01/Feb/2022:11:54:10 +0800] "GET /xingrg/all/function/internal_message.html?_=1643687793455&CODE_STATE=getMsg HTTP/1.1" 200 27
116.239.131.195 - - [01/Feb/2022:11:54:10 +0800] "GET /xingrg/all/function/internal_message.html?_=1643687669853&CODE_STATE=getMsg HTTP/1.1" 200 27
222.70.243.96 - - [01/Feb/2022:11:54:14 +0800] "GET /xingrg/kc/base/wldb_order_operate.html?command=get_materiel&rest_code=00146&base_code=0010070&code=00101019404 HTTP/1.1" 200 476
222.70.243.96 - - [01/Feb/2022:11:54:18 +0800] "POST /xingrg/kc/base/wldb_order_operate.html HTTP/1.1" 200 1710
101.85.53.167 - - [01/Feb/2022:11:54:19 +0800] "GET /xingrg/all/function/internal_message.html?_=1643687654413&CODE_STATE=getMsg HTTP/1.1" 200 27
101.85.53.167 - - [01/Feb/2022:11:54:19 +0800] "GET /xingrg/check_reg.html?_=1643687654562 HTTP/1.1" 200 22
222.70.243.96 - - [01/Feb/2022:11:54:21 +0800] "GET /xingrg/all/function/internal_message.html?_=1643687666702&CODE_STATE=getMsg HTTP/1.1" 200 27
222.70.243.96 - - [01/Feb/2022:11:54:23 +0800] "GET /xingrg/kc/base/wldb_order_operate.html?command=get_materiel&rest_code=00146&base_code=0010070&code=00101019438 HTTP/1.1" 200 445
58.39.168.32 - - [01/Feb/2022:11:54:23 +0800] "GET /xingrg/kc/base/wldb_order_operate.html?command=get_materiel&rest_code=00105&base_code=0010507&code=00101019295 HTTP/1.1" 200 463
61.170.233.189 - - [01/Feb/2022:11:54:23 +0800] "GET /xingrg/all/function/internal_message.html?_=1643687663658&CODE_STATE=getMsg HTTP/1.1" 200 27
222.70.176.73 - - [01/Feb/2022:11:54:30 +0800] "GET /xingrg/check_reg.html?_=1643687668891 HTTP/1.1" 200 22
58.39.168.32 - - [01/Feb/2022:11:54:31 +0800] "GET /xingrg/all/function/internal_message.html?_=1643687609476&CODE_STATE=getMsg HTTP/1.1" 200 27
180.152.99.73 - - [01/Feb/2022:11:54:36 +0800] "GET /xingrg/all/function/internal_message.html?_=1643687675186&CODE_STATE=getMsg HTTP/1.1" 200 27
222.70.243.96 - - [01/Feb/2022:11:54:38 +0800] "GET /xingrg/kc/base/wldb_order_operate.html?command=get_materiel&rest_code=00146&base_code=0010070&code=00101019450 HTTP/1.1" 200 468
180.152.99.39 - - [01/Feb/2022:11:54:44 +0800] "GET /xingrg/all/function/internal_message.html?_=1643687607331&CODE_STATE=getMsg HTTP/1.1" 200 27
180.157.251.97 - - [01/Feb/2022:11:54:46 +0800] "GET /xingrg/check_reg.html?_=1643687687342 HTTP/1.1" 200 22
58.39.168.32 - - [01/Feb/2022:11:54:47 +0800] "GET /xingrg/kc/base/wldb_order_operate.html?command=get_materiel&rest_code=00105&base_code=0010507&code=00101019079 HTTP/1.1" 200 465
222.70.243.96 - - [01/Feb/2022:11:54:48 +0800] "GET /xingrg/kc/base/wldb_order_operate.html?command=get_materiel&rest_code=00146&base_code=0010070&code=00101019505 HTTP/1.1" 200 478
58.39.168.32 - - [01/Feb/2022:11:54:52 +0800] "GET /xingrg/check_reg.html?_=1643687692281 HTTP/1.1" 200 22
58.39.168.32 - - [01/Feb/2022:11:54:53 +0800] "GET /xingrg/all/function/internal_message.html?_=1643687693274&CODE_STATE=getMsg HTTP/1.1" 200 27
61.170.233.189 - - [01/Feb/2022:11:54:55 +0800] "GET /xingrg/all/function/internal_message.html?_=1643687693522&CODE_STATE=getMsg HTTP/1.1" 200 27
58.40.7.146 - - [01/Feb/2022:11:54:58 +0800] "GET /favicon.ico HTTP/1.1" 404 -
58.39.168.32 - - [01/Feb/2022:11:55:01 +0800] "GET /xingrg/kc/base/wldb_order_operate.html?command=get_materiel&rest_code=00105&base_code=0010507&code=00101019358 HTTP/1.1" 200 460
116.239.131.195 - - [01/Feb/2022:11:55:02 +0800] "GET /xingrg/check_reg.html?_=1643687721746 HTTP/1.1" 200 22
222.70.243.96 - - [01/Feb/2022:11:55:05 +0800] "GET /xingrg/all/function/internal_message.html?_=1643687709602&CODE_STATE=getMsg HTTP/1.1" 302 -
222.70.243.96 - - [01/Feb/2022:11:55:06 +0800] "GET /xingrg/kc/base/wldb_order_operate.html?command=get_materiel&rest_code=00146&base_code=0010070&code=00101019529 HTTP/1.1" 200 475
222.70.176.73 - - [01/Feb/2022:11:55:07 +0800] "GET /xingrg/all/function/internal_message.html?_=1643687705740&CODE_STATE=getMsg HTTP/1.1" 200 27
116.235.92.83 - - [01/Feb/2022:11:55:10 +0800] "GET /xingrg/all/function/internal_message.html?_=1643687853452&CODE_STATE=getMsg HTTP/1.1" 200 27
116.239.131.195 - - [01/Feb/2022:11:55:10 +0800] "GET /xingrg/all/function/internal_message.html?_=1643687729867&CODE_STATE=getMsg HTTP/1.1" 200 27
58.39.168.32 - - [01/Feb/2022:11:55:11 +0800] "GET /xingrg/kc/base/wldb_order_operate.html?command=get_materiel&rest_code=00105&base_code=0010507&code=00101019184 HTTP/1.1" 200 444
61.151.178.197 - - [01/Feb/2022:11:55:14 +0800] "GET /xingrg/all/function/internal_message.html?_=1643687333662&CODE_STATE=getMsg HTTP/1.1" 302 -
222.70.243.96 - - [01/Feb/2022:11:55:14 +0800] "GET /xingrg/kc/base/wldb_order_operate.html?command=get_materiel&rest_code=00146&base_code=0010070&code=00101019535 HTTP/1.1" 200 476
61.151.178.197 - - [01/Feb/2022:11:55:15 +0800] "GET /xingrg/login.html HTTP/1.1" 200 7641
222.70.243.96 - - [01/Feb/2022:11:55:17 +0800] "POST /xingrg/kc/base/wldb_order_operate.html HTTP/1.1" 200 1710
61.170.233.189 - - [01/Feb/2022:11:55:18 +0800] "GET /xingrg/check_reg.html?_=1643687717871 HTTP/1.1" 200 22
101.85.53.167 - - [01/Feb/2022:11:55:19 +0800] "GET /xingrg/all/function/internal_message.html?_=1643687714390&CODE_STATE=getMsg HTTP/1.1" 200 27
222.70.243.96 - - [01/Feb/2022:11:55:21 +0800] "GET /xingrg/all/function/internal_message.html?_=1643687726715&CODE_STATE=getMsg HTTP/1.1" 200 27
58.39.168.32 - - [01/Feb/2022:11:55:22 +0800] "GET /xingrg/kc/base/wldb_order_operate.html?command=get_materiel&rest_code=00105&base_code=0010507&code=00101019542 HTTP/1.1" 200 448
61.170.233.189 - - [01/Feb/2022:11:55:23 +0800] "GET /xingrg/all/function/internal_message.html?_=1643687723631&CODE_STATE=getMsg HTTP/1.1" 200 27
222.70.243.96 - - [01/Feb/2022:11:55:24 +0800] "GET /xingrg/kc/base/wldb_order_operate.html?command=get_materiel&rest_code=00146&base_code=0010070&code=00101019575 HTTP/1.1" 200 442
58.39.168.32 - - [01/Feb/2022:11:55:31 +0800] "GET /xingrg/all/function/internal_message.html?_=1643687669452&CODE_STATE=getMsg HTTP/1.1" 200 27
180.157.251.97 - - [01/Feb/2022:11:55:32 +0800] "GET /xingrg/kc/base/check_order_info.html?code=452022013100250 HTTP/1.1" 200 26514
180.157.251.97 - - [01/Feb/2022:11:55:32 +0800] "GET /xingrg/dwr/interface/AjaxComOrderService.js HTTP/1.1" 200 18264
180.157.251.97 - - [01/Feb/2022:11:55:32 +0800] "GET /xingrg/dwr/interface/AjaxCheckService.js HTTP/1.1" 200 14003
180.157.251.97 - - [01/Feb/2022:11:55:32 +0800] "GET /xingrg/dwr/engine.js HTTP/1.1" 200 43631
180.157.251.97 - - [01/Feb/2022:11:55:33 +0800] "POST /xingrg/dwr/call/plaincall/AjaxCheckService.loadOrderItems.dwr HTTP/1.1" 200 14672
180.152.99.73 - - [01/Feb/2022:11:55:36 +0800] "GET /xingrg/check_reg.html?_=1643687735210 HTTP/1.1" 200 22
180.152.99.73 - - [01/Feb/2022:11:55:36 +0800] "GET /xingrg/all/function/internal_message.html?_=1643687735205&CODE_STATE=getMsg HTTP/1.1" 200 27
180.157.251.97 - - [01/Feb/2022:11:55:37 +0800] "GET /xingrg/javascript/jquery_easy_ui/themes/default/images/panel_title.png HTTP/1.1" 304 -
180.157.251.97 - - [01/Feb/2022:11:55:37 +0800] "GET /xingrg/javascript/jquery_easy_ui/themes/icons/ok.png HTTP/1.1" 304 -
180.157.251.97 - - [01/Feb/2022:11:55:37 +0800] "GET /xingrg/javascript/jquery_easy_ui/themes/icons/pencil.png HTTP/1.1" 304 -
180.157.251.97 - - [01/Feb/2022:11:55:37 +0800] "GET /xingrg/javascript/jquery_easy_ui/themes/default/images/panel_tools.gif HTTP/1.1" 304 -
180.157.251.97 - - [01/Feb/2022:11:55:38 +0800] "POST /xingrg/kc/report/common_data.html?type=materiel_category_tree HTTP/1.1" 200 3878
180.157.251.97 - - [01/Feb/2022:11:55:38 +0800] "GET /xingrg/javascript/jquery_easy_ui/themes/default/images/tree_checkbox_0.gif HTTP/1.1" 304 -
180.157.251.97 - - [01/Feb/2022:11:55:40 +0800] "GET /xingrg/javascript/jquery_easy_ui/themes/default/images/tree_checkbox_1.gif HTTP/1.1" 304 -
180.157.251.97 - - [01/Feb/2022:11:55:40 +0800] "GET /xingrg/javascript/jquery_easy_ui/themes/default/images/tree_checkbox_2.gif HTTP/1.1" 304 -
180.157.251.97 - - [01/Feb/2022:11:55:42 +0800] "POST /xingrg/dwr/call/plaincall/AjaxCheckService.importOrderItems.dwr HTTP/1.1" 200 78
180.157.251.97 - - [01/Feb/2022:11:55:43 +0800] "POST /xingrg/dwr/call/plaincall/AjaxCheckService.loadOrderItems.dwr HTTP/1.1" 200 8923
180.152.99.39 - - [01/Feb/2022:11:55:44 +0800] "GET /xingrg/all/function/internal_message.html?_=1643687667371&CODE_STATE=getMsg HTTP/1.1" 200 27
222.70.223.103 - - [01/Feb/2022:11:55:49 +0800] "GET /xingrg/index.html?sysBaseUrl=http%3A%2F%2F180.169.147.146%3A18081%2Fxingrg%2F&costTime=1277×tamp=1606817596806 HTTP/1.1" 302 -
222.70.223.103 - - [01/Feb/2022:11:55:49 +0800] "GET /xingrg/login.html HTTP/1.1" 200 7641
222.70.223.103 - - [01/Feb/2022:11:55:50 +0800] "GET /favicon.ico HTTP/1.1" 404 -
58.39.168.32 - - [01/Feb/2022:11:55:51 +0800] "GET /xingrg/kc/base/wldb_order_operate.html?command=get_materiel&rest_code=00105&base_code=0010507&code=00101019535 HTTP/1.1" 200 477
180.157.251.97 - - [01/Feb/2022:11:55:52 +0800] "GET /xingrg/kc/base/check_order_list.html?isBack=1 HTTP/1.1" 200 16223
180.157.251.97 - - [01/Feb/2022:11:55:52 +0800] "POST /xingrg/kc/base/check_list_operate.html HTTP/1.1" 200 1896
58.39.168.32 - - [01/Feb/2022:11:55:53 +0800] "GET /xingrg/all/function/internal_message.html?_=1643687753252&CODE_STATE=getMsg HTTP/1.1" 200 27
61.170.233.189 - - [01/Feb/2022:11:55:55 +0800] "GET /xingrg/all/function/internal_message.html?_=1643687753497&CODE_STATE=getMsg HTTP/1.1" 200 27
180.157.251.97 - - [01/Feb/2022:11:55:56 +0800] "GET /xingrg/kc/base/wldb_order_list.html HTTP/1.1" 200 19104
180.157.251.97 - - [01/Feb/2022:11:55:57 +0800] "POST /xingrg/kc/base/wldb_list_operate.html HTTP/1.1" 200 928
180.157.251.97 - - [01/Feb/2022:11:55:58 +0800] "GET /xingrg/kc/base/kc_stocks.html HTTP/1.1" 200 16443
180.157.251.97 - - [01/Feb/2022:11:55:58 +0800] "GET /xingrg/javascript/easyui/themes/default/tree.css HTTP/1.1" 404 1090
180.157.251.97 - - [01/Feb/2022:11:55:58 +0800] "POST /xingrg/all/common/load_tree.html?tree=materiel_sort_tree_json HTTP/1.1" 200 9388
58.39.168.32 - - [01/Feb/2022:11:56:04 +0800] "POST /xingrg/kc/base/wldb_order_operate.html HTTP/1.1" 200 37
222.70.223.103 - - [01/Feb/2022:11:56:04 +0800] "POST /xingrg/login.do HTTP/1.1" 302 -
222.70.223.103 - - [01/Feb/2022:11:56:04 +0800] "GET /xingrg/index.html?sysBaseUrl=http%3A%2F%2F180.169.147.146%3A18081%2Fxingrg%2F&costTime=41×tamp=1643687764653 HTTP/1.1" 200 17179
222.70.223.103 - - [01/Feb/2022:11:56:04 +0800] "GET /favicon.ico HTTP/1.1" 404 -
222.70.223.103 - - [01/Feb/2022:11:56:04 +0800] "POST /xingrg/all/common/load_tree.html?tree=area_rest_tree_json&manage=1 HTTP/1.1" 200 351
58.39.168.32 - - [01/Feb/2022:11:56:05 +0800] "POST /xingrg/kc/base/wldb_order_operate.html HTTP/1.1" 200 6655
222.70.223.103 - - [01/Feb/2022:11:56:05 +0800] "GET /xingrg/all/function/internal_message.html?_=1643687763149&CODE_STATE=count HTTP/1.1" 200 11
222.70.223.103 - - [01/Feb/2022:11:56:05 +0800] "GET /xingrg/check_reg.html?_=1643687763151 HTTP/1.1" 200 22
222.70.223.103 - - [01/Feb/2022:11:56:05 +0800] "POST /xingrg/load_menu.html HTTP/1.1" 200 5138
222.70.243.96 - - [01/Feb/2022:11:56:05 +0800] "GET /xingrg/all/function/internal_message.html?_=1643687769613&CODE_STATE=getMsg HTTP/1.1" 302 -
58.39.168.32 - - [01/Feb/2022:11:56:05 +0800] "GET /xingrg/kc/base/wldb_order_info.html?code=422022020100030 HTTP/1.1" 200 30327
58.39.168.32 - - [01/Feb/2022:11:56:06 +0800] "GET /xingrg/javascript/easyui/themes/default/validatebox.css HTTP/1.1" 404 1104
58.39.168.32 - - [01/Feb/2022:11:56:06 +0800] "POST /xingrg/kc/base/wldb_order_operate.html HTTP/1.1" 200 6655
222.70.223.103 - - [01/Feb/2022:11:56:07 +0800] "GET /xingrg/kc/buy/buy_main.html HTTP/1.1" 200 12412
222.70.223.103 - - [01/Feb/2022:11:56:07 +0800] "GET /xingrg/css/new_ie.css HTTP/1.1" 404 1036
222.70.223.103 - - [01/Feb/2022:11:56:07 +0800] "GET /xingrg/images/blue/button/cgxqd.gif HTTP/1.1" 200 2619
222.70.223.103 - - [01/Feb/2022:11:56:07 +0800] "GET /xingrg/images/blue/button/cgydd.gif HTTP/1.1" 200 2712
222.70.223.103 - - [01/Feb/2022:11:56:07 +0800] "GET /xingrg/images/blue/button/cgfkd.gif HTTP/1.1" 200 2075
222.70.223.103 - - [01/Feb/2022:11:56:07 +0800] "GET /xingrg/images/blue/button/kc.gif HTTP/1.1" 200 2160
222.70.223.103 - - [01/Feb/2022:11:56:07 +0800] "GET /xingrg/images/blue/button/cgshd.gif HTTP/1.1" 200 2618
222.70.223.103 - - [01/Feb/2022:11:56:07 +0800] "GET /xingrg/images/blue/button/ckthd.gif HTTP/1.1" 200 2045
222.70.223.103 - - [01/Feb/2022:11:56:07 +0800] "GET /xingrg/images/blue/pic_form2.gif HTTP/1.1" 200 1853
222.70.223.103 - - [01/Feb/2022:11:56:07 +0800] "GET /xingrg/javascript/jquery_ui/themes/humanity/images/ui-bg_inset-soft_100_f4f0ec_1x100.png HTTP/1.1" 200 141
222.70.223.103 - - [01/Feb/2022:11:56:07 +0800] "GET /xingrg/images/blue/bg_dotted.jpg HTTP/1.1" 200 319
222.70.223.103 - - [01/Feb/2022:11:56:07 +0800] "GET /xingrg/images/blue/button/right_ah.jpg HTTP/1.1" 200 1744
222.70.223.103 - - [01/Feb/2022:11:56:07 +0800] "GET /xingrg/images/blue/button/down_ah.jpg HTTP/1.1" 200 1732
222.70.223.103 - - [01/Feb/2022:11:56:07 +0800] "GET /xingrg/javascript/jquery_ui/themes/humanity/images/ui-iconsnew.jpg HTTP/1.1" 200 337
222.70.223.103 - - [01/Feb/2022:11:56:07 +0800] "GET /xingrg/javascript/jquery_ui/themes/humanity/images/ui-icons_ffffff_256x240.png HTTP/1.1" 200 4369
222.70.223.103 - - [01/Feb/2022:11:56:07 +0800] "GET /xingrg/javascript/jquery_ui/themes/humanity/images/ui-icons_c47a23_256x240.png HTTP/1.1" 200 5355
222.70.223.103 - - [01/Feb/2022:11:56:07 +0800] "GET /xingrg/javascript/jquery_ui/themes/humanity/images/ui-bg_glass_70_ede4d4_1x400.png HTTP/1.1" 200 161
222.70.176.73 - - [01/Feb/2022:11:56:07 +0800] "GET /xingrg/all/function/internal_message.html?_=1643687765725&CODE_STATE=getMsg HTTP/1.1" 200 27
222.70.243.96 - - [01/Feb/2022:11:56:07 +0800] "GET /xingrg/kc/base/wldb_order_operate.html?command=get_materiel&rest_code=00146&base_code=0010070&code=00101019724 HTTP/1.1" 200 432
222.70.223.103 - - [01/Feb/2022:11:56:08 +0800] "GET /xingrg/images/yd/bt.gif HTTP/1.1" 404 1040
222.70.223.103 - - [01/Feb/2022:11:56:08 +0800] "GET /xingrg/kc/buy/cgsh_order_list.html HTTP/1.1" 200 49826
222.70.223.103 - - [01/Feb/2022:11:56:09 +0800] "POST /xingrg/kc/buy/cgsh_list_operate.html HTTP/1.1" 200 876
116.235.92.83 - - [01/Feb/2022:11:56:10 +0800] "GET /xingrg/all/function/internal_message.html?_=1643687913450&CODE_STATE=getMsg HTTP/1.1" 200 27
116.235.92.83 - - [01/Feb/2022:11:56:10 +0800] "GET /xingrg/check_reg.html?_=1643687913451 HTTP/1.1" 200 22
116.239.131.195 - - [01/Feb/2022:11:56:10 +0800] "GET /xingrg/all/function/internal_message.html?_=1643687789880&CODE_STATE=getMsg HTTP/1.1" 200 27
180.157.251.97 - - [01/Feb/2022:11:56:12 +0800] "POST /xingrg/kc/base/stock_operate.html HTTP/1.1" 200 765
222.70.243.96 - - [01/Feb/2022:11:56:16 +0800] "GET /xingrg/kc/base/wldb_order_operate.html?command=get_materiel&rest_code=00146&base_code=0010070&code=00101019750 HTTP/1.1" 200 443
101.85.53.167 - - [01/Feb/2022:11:56:19 +0800] "GET /xingrg/all/function/internal_message.html?_=1643687774384&CODE_STATE=getMsg HTTP/1.1" 200 27
180.157.251.97 - - [01/Feb/2022:11:56:21 +0800] "POST /xingrg/kc/base/stock_operate.html HTTP/1.1" 200 1917
222.70.243.96 - - [01/Feb/2022:11:56:21 +0800] "GET /xingrg/all/function/internal_message.html?_=1643687786730&CODE_STATE=getMsg HTTP/1.1" 200 27
61.170.233.189 - - [01/Feb/2022:11:56:21 +0800] "GET /xingrg/check_reg.html?_=1643687780437 HTTP/1.1" 200 22
180.157.251.97 - - [01/Feb/2022:11:56:23 +0800] "GET /xingrg/kc/base/stock_detail.html?m=00101030020 HTTP/1.1" 200 7355
61.170.233.189 - - [01/Feb/2022:11:56:23 +0800] "GET /xingrg/all/function/internal_message.html?_=1643687783616&CODE_STATE=getMsg HTTP/1.1" 200 27
180.157.251.97 - - [01/Feb/2022:11:56:24 +0800] "GET /xingrg/kc/base/stock_operate.html?_=1643687785336&command=get_report_file&start_day=20220201 HTTP/1.1" 200 53
180.157.251.97 - - [01/Feb/2022:11:56:24 +0800] "GET /xingrg/all/report/report_query.html?isQuery=1&onlyBody=1&rh=2000&fileName=kc/base/kc_stock_detail_new.xml&queryString=(1=1)&queryText=&tableQueryString=init_table$sp1$$sp$crk_table$sp1$order_day%20between%2020220201%20and%2020220228&varString=start_day:20220201,materiel_code:00101030020,cost_id:3484,end_date:20211231 HTTP/1.1" 200 48701
58.39.168.32 - - [01/Feb/2022:11:56:24 +0800] "GET /xingrg/javascript/jquery_easy_ui/themes/default/images/tabs_active.png HTTP/1.1" 304 -
180.157.251.97 - - [01/Feb/2022:11:56:24 +0800] "GET /xingrg/dwr/interface/AjaxReportQueryService.js HTTP/1.1" 200 13203
180.157.251.97 - - [01/Feb/2022:11:56:24 +0800] "GET /xingrg/dwr/engine.js HTTP/1.1" 200 43631
180.157.251.97 - - [01/Feb/2022:11:56:25 +0800] "POST /xingrg/all/report/load_report_page.html HTTP/1.1" 200 20233
180.157.251.97 - - [01/Feb/2022:11:56:25 +0800] "GET /xingrg/servlets/image?cache=0.7132430045231255&image=px HTTP/1.1" 200 807
222.70.243.96 - - [01/Feb/2022:11:56:26 +0800] "GET /xingrg/kc/base/wldb_order_operate.html?command=get_materiel&rest_code=00146&base_code=0010070&code=00101019812 HTTP/1.1" 200 451
180.157.251.97 - - [01/Feb/2022:11:56:28 +0800] "GET /xingrg/kc/base/stock_operate.html?_=1643687789287&command=get_report_file&start_day=20220101 HTTP/1.1" 200 53
180.157.251.97 - - [01/Feb/2022:11:56:28 +0800] "GET /xingrg/all/report/report_query.html?isQuery=1&onlyBody=1&rh=2000&fileName=kc/base/kc_stock_detail_new.xml&queryString=(1=1)&queryText=&tableQueryString=init_table$sp1$$sp$crk_table$sp1$order_day%20between%2020220101%20and%2020220228&varString=start_day:20220101,materiel_code:00101030020,cost_id:3484,end_date:20211231 HTTP/1.1" 200 48701
180.157.251.97 - - [01/Feb/2022:11:56:28 +0800] "GET /xingrg/dwr/interface/AjaxReportQueryService.js HTTP/1.1" 200 13203
180.157.251.97 - - [01/Feb/2022:11:56:28 +0800] "GET /xingrg/dwr/engine.js HTTP/1.1" 200 43631
180.157.251.97 - - [01/Feb/2022:11:56:28 +0800] "POST /xingrg/all/report/load_report_page.html HTTP/1.1" 200 49648
180.157.251.97 - - [01/Feb/2022:11:56:29 +0800] "GET /xingrg/servlets/image?cache=0.23799627999404038&image=px HTTP/1.1" 200 807
58.39.168.32 - - [01/Feb/2022:11:56:31 +0800] "GET /xingrg/all/function/internal_message.html?_=1643687729443&CODE_STATE=getMsg HTTP/1.1" 200 27
180.152.99.73 - - [01/Feb/2022:11:56:36 +0800] "GET /xingrg/all/function/internal_message.html?_=1643687795204&CODE_STATE=getMsg HTTP/1.1" 200 27
180.152.99.39 - - [01/Feb/2022:11:56:39 +0800] "GET /xingrg/check_reg.html?_=1643687722429 HTTP/1.1" 200 22
180.152.99.39 - - [01/Feb/2022:11:56:44 +0800] "GET /xingrg/all/function/internal_message.html?_=1643687727375&CODE_STATE=getMsg HTTP/1.1" 200 27
222.70.243.96 - - [01/Feb/2022:11:56:51 +0800] "GET /xingrg/kc/base/wldb_order_operate.html?command=get_materiel&rest_code=00146&base_code=0010070&code=00101020113 HTTP/1.1" 200 428
58.39.168.32 - - [01/Feb/2022:11:56:53 +0800] "GET /xingrg/all/function/internal_message.html?_=1643687813223&CODE_STATE=getMsg HTTP/1.1" 200 27
222.70.243.96 - - [01/Feb/2022:11:56:54 +0800] "POST /xingrg/kc/base/wldb_order_operate.html HTTP/1.1" 200 1710
61.170.233.189 - - [01/Feb/2022:11:56:54 +0800] "GET /xingrg/all/function/internal_message.html?_=1643687813478&CODE_STATE=getMsg HTTP/1.1" 200 27
222.70.243.96 - - [01/Feb/2022:11:57:00 +0800] "GET /xingrg/kc/base/wldb_order_operate.html?command=get_materiel&rest_code=00146&base_code=0010070&code=00101020225 HTTP/1.1" 200 424
222.70.223.103 - - [01/Feb/2022:11:57:03 +0800] "GET /xingrg/kc/buy/buy_main.html HTTP/1.1" 200 12412
222.70.223.103 - - [01/Feb/2022:11:57:03 +0800] "GET /xingrg/css/new_ie.css HTTP/1.1" 404 1036
222.70.223.103 - - [01/Feb/2022:11:57:04 +0800] "GET /xingrg/images/yd/bt.gif HTTP/1.1" 404 1040
222.70.223.103 - - [01/Feb/2022:11:57:05 +0800] "GET /xingrg/all/function/internal_message.html?_=1643687823165&CODE_STATE=getMsg HTTP/1.1" 200 27
222.70.243.96 - - [01/Feb/2022:11:57:05 +0800] "GET /xingrg/all/function/internal_message.html?_=1643687829646&CODE_STATE=getMsg HTTP/1.1" 302 -
222.70.223.103 - - [01/Feb/2022:11:57:05 +0800] "GET /xingrg/kc/buy/cgsh_order_list.html HTTP/1.1" 200 49826
222.70.223.103 - - [01/Feb/2022:11:57:06 +0800] "POST /xingrg/kc/buy/cgsh_list_operate.html HTTP/1.1" 200 876
222.70.223.103 - - [01/Feb/2022:11:57:07 +0800] "GET /xingrg/kc/buy/cgsh_order_add.html HTTP/1.1" 200 65557
222.70.223.103 - - [01/Feb/2022:11:57:07 +0800] "GET /xingrg/words/20220128115405_words.js HTTP/1.1" 304 -
222.70.223.103 - - [01/Feb/2022:11:57:07 +0800] "POST /xingrg/kc/buy/cgsh_order_operate.html HTTP/1.1" 200 8245
222.70.223.103 - - [01/Feb/2022:11:57:07 +0800] "GET /xingrg/javascript/easyui/themes/default/validatebox.css HTTP/1.1" 404 1104
222.70.223.103 - - [01/Feb/2022:11:57:07 +0800] "GET /xingrg/all/common/auto_word.html?type=employee&rest_code=00155 HTTP/1.1" 200 205
222.70.223.103 - - [01/Feb/2022:11:57:07 +0800] "GET /xingrg/all/common/auto_word.html?type=employee&rest_code=00155 HTTP/1.1" 200 205
222.70.176.73 - - [01/Feb/2022:11:57:07 +0800] "GET /xingrg/all/function/internal_message.html?_=1643687825710&CODE_STATE=getMsg HTTP/1.1" 200 27
222.70.223.103 - - [01/Feb/2022:11:57:08 +0800] "GET /xingrg/javascript/auto/indicator.gif HTTP/1.1" 404 1066
116.235.92.83 - - [01/Feb/2022:11:57:10 +0800] "GET /xingrg/all/function/internal_message.html?_=1643687973449&CODE_STATE=getMsg HTTP/1.1" 200 27
116.239.131.195 - - [01/Feb/2022:11:57:11 +0800] "GET /xingrg/all/function/internal_message.html?_=1643687850568&CODE_STATE=getMsg HTTP/1.1" 200 27
222.70.223.103 - - [01/Feb/2022:11:57:11 +0800] "GET /xingrg/javascript/jquery_tools/images/prev.gif HTTP/1.1" 404 1086
222.70.223.103 - - [01/Feb/2022:11:57:11 +0800] "GET /xingrg/javascript/jquery_tools/images/next.gif HTTP/1.1" 404 1086
101.85.53.167 - - [01/Feb/2022:11:57:19 +0800] "GET /xingrg/all/function/internal_message.html?_=1643687834370&CODE_STATE=getMsg HTTP/1.1" 200 27
222.70.243.96 - - [01/Feb/2022:11:57:21 +0800] "GET /xingrg/all/function/internal_message.html?_=1643687846819&CODE_STATE=getMsg HTTP/1.1" 200 27
61.170.233.189 - - [01/Feb/2022:11:57:23 +0800] "GET /xingrg/all/function/internal_message.html?_=1643687843601&CODE_STATE=getMsg HTTP/1.1" 200 27
222.70.223.103 - - [01/Feb/2022:11:57:27 +0800] "GET /xingrg/kc/buy/cgsh_order_operate.html?command=get_materiel&rest_code=00155&code=00101001075&supplier_code=00100199&order_time=2022-02-01 HTTP/1.1" 200 430
222.70.243.96 - - [01/Feb/2022:11:57:27 +0800] "GET /xingrg/kc/base/wldb_order_operate.html?command=get_materiel&rest_code=00146&base_code=0010070&code=00101022087 HTTP/1.1" 200 459
58.39.168.32 - - [01/Feb/2022:11:57:31 +0800] "GET /xingrg/check_reg.html?_=1643687789085 HTTP/1.1" 200 22
58.39.168.32 - - [01/Feb/2022:11:57:31 +0800] "GET /xingrg/all/function/internal_message.html?_=1643687789416&CODE_STATE=getMsg HTTP/1.1" 200 27
180.152.99.73 - - [01/Feb/2022:11:57:36 +0800] "GET /xingrg/all/function/internal_message.html?_=1643687855190&CODE_STATE=getMsg HTTP/1.1" 200 27
222.70.243.96 - - [01/Feb/2022:11:57:37 +0800] "GET /xingrg/kc/base/wldb_order_operate.html?command=get_materiel&rest_code=00146&base_code=0010070&code=00101022090 HTTP/1.1" 200 428
114.88.155.114 - - [01/Feb/2022:11:57:39 +0800] "GET /xingrg/check_reg.html?_=1643687649463 HTTP/1.1" 302 -
222.70.223.103 - - [01/Feb/2022:11:57:40 +0800] "GET /xingrg/kc/buy/cgsh_order_operate.html?command=get_materiel&rest_code=00155&code=00101002027&supplier_code=00100199&order_time=2022-02-01 HTTP/1.1" 200 434
180.152.99.39 - - [01/Feb/2022:11:57:44 +0800] "GET /xingrg/all/function/internal_message.html?_=1643687787388&CODE_STATE=getMsg HTTP/1.1" 200 27
222.70.223.103 - - [01/Feb/2022:11:57:53 +0800] "GET /xingrg/kc/buy/cgsh_order_operate.html?command=get_materiel&rest_code=00155&code=00101002007&supplier_code=00100199&order_time=2022-02-01 HTTP/1.1" 200 431
58.39.168.32 - - [01/Feb/2022:11:57:53 +0800] "GET /xingrg/all/function/internal_message.html?_=1643687873202&CODE_STATE=getMsg HTTP/1.1" 200 27
61.170.233.189 - - [01/Feb/2022:11:57:54 +0800] "GET /xingrg/all/function/internal_message.html?_=1643687873453&CODE_STATE=getMsg HTTP/1.1" 200 27
61.151.178.249 - - [01/Feb/2022:11:57:55 +0800] "GET /xingrg/all/function/internal_message.html?_=1643687813478&CODE_STATE=getMsg HTTP/1.1" 302 -
61.151.178.249 - - [01/Feb/2022:11:57:57 +0800] "GET /xingrg/login.html HTTP/1.1" 200 7641
222.70.243.96 - - [01/Feb/2022:11:57:58 +0800] "GET /xingrg/kc/base/wldb_order_operate.html?command=get_materiel&rest_code=00146&base_code=0010070&code=00101027001 HTTP/1.1" 200 472
222.70.223.103 - - [01/Feb/2022:11:58:05 +0800] "GET /xingrg/all/function/internal_message.html?_=1643687883166&CODE_STATE=getMsg HTTP/1.1" 200 27
222.70.243.96 - - [01/Feb/2022:11:58:05 +0800] "GET /xingrg/all/function/internal_message.html?_=1643687889657&CODE_STATE=getMsg HTTP/1.1" 302 -
222.70.176.73 - - [01/Feb/2022:11:58:07 +0800] "GET /xingrg/all/function/internal_message.html?_=1643687885695&CODE_STATE=getMsg HTTP/1.1" 200 27
116.235.92.83 - - [01/Feb/2022:11:58:10 +0800] "GET /xingrg/all/function/internal_message.html?_=1643688033448&CODE_STATE=getMsg HTTP/1.1" 200 27
116.239.131.195 - - [01/Feb/2022:11:58:11 +0800] "GET /xingrg/all/function/internal_message.html?_=1643687910578&CODE_STATE=getMsg HTTP/1.1" 200 27
222.70.243.96 - - [01/Feb/2022:11:58:16 +0800] "POST /xingrg/kc/base/wldb_order_operate.html HTTP/1.1" 200 37
222.70.243.96 - - [01/Feb/2022:11:58:16 +0800] "POST /xingrg/kc/base/wldb_order_operate.html HTTP/1.1" 200 83504
222.70.243.96 - - [01/Feb/2022:11:58:17 +0800] "GET /xingrg/kc/base/wldb_order_info.html?code=422022020100015 HTTP/1.1" 200 30334
101.85.53.167 - - [01/Feb/2022:11:58:19 +0800] "GET /xingrg/all/function/internal_message.html?_=1643687894365&CODE_STATE=getMsg HTTP/1.1" 200 27
222.70.243.96 - - [01/Feb/2022:11:58:19 +0800] "GET /xingrg/javascript/easyui/themes/default/validatebox.css HTTP/1.1" 404 1104
222.70.243.96 - - [01/Feb/2022:11:58:19 +0800] "POST /xingrg/kc/base/wldb_order_operate.html HTTP/1.1" 200 83504
222.70.243.96 - - [01/Feb/2022:11:58:21 +0800] "GET /xingrg/all/function/internal_message.html?_=1643687906821&CODE_STATE=getMsg HTTP/1.1" 200 27
61.170.233.189 - - [01/Feb/2022:11:58:23 +0800] "GET /xingrg/all/function/internal_message.html?_=1643687903586&CODE_STATE=getMsg HTTP/1.1" 200 27
222.70.223.103 - - [01/Feb/2022:11:58:26 +0800] "GET /xingrg/kc/buy/cgsh_order_operate.html?command=get_materiel&rest_code=00155&code=00101002006&supplier_code=00100199&order_time=2022-02-01 HTTP/1.1" 200 435
58.39.168.32 - - [01/Feb/2022:11:58:31 +0800] "GET /xingrg/all/function/internal_message.html?_=1643687849401&CODE_STATE=getMsg HTTP/1.1" 200 27
222.70.243.96 - - [01/Feb/2022:11:58:33 +0800] "POST /xingrg/kc/base/wldb_order_operate.html HTTP/1.1" 200 37
222.70.243.96 - - [01/Feb/2022:11:58:33 +0800] "POST /xingrg/kc/base/wldb_order_operate.html HTTP/1.1" 200 83504
222.70.243.96 - - [01/Feb/2022:11:58:34 +0800] "GET /xingrg/kc/base/wldb_order_info.html?code=422022020100015 HTTP/1.1" 200 30334
222.70.243.96 - - [01/Feb/2022:11:58:35 +0800] "GET /xingrg/javascript/easyui/themes/default/validatebox.css HTTP/1.1" 404 1104
180.152.99.73 - - [01/Feb/2022:11:58:36 +0800] "GET /xingrg/all/function/internal_message.html?_=1643687915192&CODE_STATE=getMsg HTTP/1.1" 200 27
222.70.243.96 - - [01/Feb/2022:11:58:36 +0800] "POST /xingrg/kc/base/wldb_order_operate.html HTTP/1.1" 200 83504
180.152.99.39 - - [01/Feb/2022:11:58:44 +0800] "GET /xingrg/all/function/internal_message.html?_=1643687847427&CODE_STATE=getMsg HTTP/1.1" 200 27
58.39.168.32 - - [01/Feb/2022:11:58:53 +0800] "GET /xingrg/all/function/internal_message.html?_=1643687933180&CODE_STATE=getMsg HTTP/1.1" 200 27
61.170.233.189 - - [01/Feb/2022:11:58:54 +0800] "GET /xingrg/all/function/internal_message.html?_=1643687933428&CODE_STATE=getMsg HTTP/1.1" 200 27
61.151.178.163 - - [01/Feb/2022:11:58:55 +0800] "GET /xingrg/all/function/internal_message.html?_=1643687873453&CODE_STATE=getMsg HTTP/1.1" 302 -
61.151.178.163 - - [01/Feb/2022:11:58:55 +0800] "GET /xingrg/login.html HTTP/1.1" 200 7641
222.70.223.103 - - [01/Feb/2022:11:59:05 +0800] "GET /xingrg/all/function/internal_message.html?_=1643687943166&CODE_STATE=getMsg HTTP/1.1" 200 27
222.70.243.96 - - [01/Feb/2022:11:59:05 +0800] "GET /xingrg/all/function/internal_message.html?_=1643687949687&CODE_STATE=getMsg HTTP/1.1" 302 -
222.70.243.96 - - [01/Feb/2022:11:59:05 +0800] "GET /xingrg/check_reg.html?_=1643687950215 HTTP/1.1" 302 -
222.70.176.73 - - [01/Feb/2022:11:59:07 +0800] "GET /xingrg/all/function/internal_message.html?_=1643687945680&CODE_STATE=getMsg HTTP/1.1" 200 27
222.70.223.103 - - [01/Feb/2022:11:59:08 +0800] "GET /xingrg/kc/buy/cgsh_order_operate.html?command=get_materiel&rest_code=00155&code=00101001052&supplier_code=00100199&order_time=2022-02-01 HTTP/1.1" 200 429
222.70.243.96 - - [01/Feb/2022:11:59:10 +0800] "GET /xingrg/check_reg.html?_=1643687955523 HTTP/1.1" 200 22
116.235.92.83 - - [01/Feb/2022:11:59:10 +0800] "GET /xingrg/all/function/internal_message.html?_=1643688093449&CODE_STATE=getMsg HTTP/1.1" 200 27
116.239.131.195 - - [01/Feb/2022:11:59:12 +0800] "GET /xingrg/all/function/internal_message.html?_=1643687971246&CODE_STATE=getMsg HTTP/1.1" 200 27
101.85.53.167 - - [01/Feb/2022:11:59:19 +0800] "GET /xingrg/all/function/internal_message.html?_=1643687954361&CODE_STATE=getMsg HTTP/1.1" 200 27
101.85.53.167 - - [01/Feb/2022:11:59:19 +0800] "GET /xingrg/check_reg.html?_=1643687954564 HTTP/1.1" 200 22
222.70.243.96 - - [01/Feb/2022:11:59:21 +0800] "GET /xingrg/all/function/internal_message.html?_=1643687966832&CODE_STATE=getMsg HTTP/1.1" 200 27
61.170.233.189 - - [01/Feb/2022:11:59:23 +0800] "GET /xingrg/all/function/internal_message.html?_=1643687963571&CODE_STATE=getMsg HTTP/1.1" 200 27
222.70.176.73 - - [01/Feb/2022:11:59:30 +0800] "GET /xingrg/check_reg.html?_=1643687968896 HTTP/1.1" 200 22
222.70.223.103 - - [01/Feb/2022:11:59:31 +0800] "POST /xingrg/kc/buy/cgsh_order_operate.html HTTP/1.1" 200 37
58.39.168.32 - - [01/Feb/2022:11:59:31 +0800] "GET /xingrg/all/function/internal_message.html?_=1643687909370&CODE_STATE=getMsg HTTP/1.1" 200 27
222.70.223.103 - - [01/Feb/2022:11:59:33 +0800] "POST /xingrg/kc/buy/cgsh_order_operate.html HTTP/1.1" 200 5616
222.70.223.103 - - [01/Feb/2022:11:59:34 +0800] "GET /xingrg/kc/print/load_config.html?kc_code=cgsh HTTP/1.1" 200 1943
222.70.223.103 - - [01/Feb/2022:11:59:34 +0800] "GET /xingrg/kc/print/load_data.html?order_code=212022020100002&kc_code=cgsh&condition= HTTP/1.1" 200 1811
180.152.99.73 - - [01/Feb/2022:11:59:36 +0800] "GET /xingrg/all/function/internal_message.html?_=1643687975208&CODE_STATE=getMsg HTTP/1.1" 200 27
180.152.99.39 - - [01/Feb/2022:11:59:44 +0800] "GET /xingrg/all/function/internal_message.html?_=1643687907431&CODE_STATE=getMsg HTTP/1.1" 200 27
180.157.251.97 - - [01/Feb/2022:11:59:46 +0800] "GET /xingrg/check_reg.html?_=1643687987335 HTTP/1.1" 200 22
58.39.168.32 - - [01/Feb/2022:11:59:52 +0800] "GET /xingrg/check_reg.html?_=1643687992291 HTTP/1.1" 200 22
58.39.168.32 - - [01/Feb/2022:11:59:53 +0800] "GET /xingrg/all/function/internal_message.html?_=1643687993150&CODE_STATE=getMsg HTTP/1.1" 200 27
61.170.233.189 - - [01/Feb/2022:11:59:54 +0800] "GET /xingrg/all/function/internal_message.html?_=1643687993409&CODE_STATE=getMsg HTTP/1.1" 200 27
116.239.131.195 - - [01/Feb/2022:12:00:02 +0800] "GET /xingrg/check_reg.html?_=1643688021759 HTTP/1.1" 200 22
222.70.223.103 - - [01/Feb/2022:12:00:05 +0800] "GET /xingrg/all/function/internal_message.html?_=1643688003162&CODE_STATE=getMsg HTTP/1.1" 200 27
222.70.243.96 - - [01/Feb/2022:12:00:05 +0800] "GET /xingrg/all/function/internal_message.html?_=1643688009716&CODE_STATE=getMsg HTTP/1.1" 302 -
222.70.176.73 - - [01/Feb/2022:12:00:07 +0800] "GET /xingrg/all/function/internal_message.html?_=1643688005653&CODE_STATE=getMsg HTTP/1.1" 200 27
116.235.92.83 - - [01/Feb/2022:12:00:10 +0800] "GET /xingrg/all/function/internal_message.html?_=1643688153447&CODE_STATE=getMsg HTTP/1.1" 200 27
116.239.131.195 - - [01/Feb/2022:12:00:12 +0800] "GET /xingrg/all/function/internal_message.html?_=1643688031260&CODE_STATE=getMsg HTTP/1.1" 200 27
222.70.223.103 - - [01/Feb/2022:12:00:15 +0800] "GET /xingrg/kc/base/base_main.html HTTP/1.1" 200 12142
222.70.223.103 - - [01/Feb/2022:12:00:15 +0800] "GET /xingrg/images/blue/button/wlsy.gif HTTP/1.1" 200 2536
222.70.223.103 - - [01/Feb/2022:12:00:15 +0800] "GET /xingrg/images/blue/button/ckpd.gif HTTP/1.1" 200 2051
222.70.223.103 - - [01/Feb/2022:12:00:15 +0800] "GET /xingrg/images/blue/button/ckdb.gif HTTP/1.1" 200 1950
222.70.223.103 - - [01/Feb/2022:12:00:15 +0800] "GET /xingrg/images/blue/button/yddb.gif HTTP/1.1" 200 2040
222.70.223.103 - - [01/Feb/2022:12:00:15 +0800] "GET /xingrg/images/blue/button/top_left.jpg HTTP/1.1" 200 1632
222.70.223.103 - - [01/Feb/2022:12:00:15 +0800] "GET /xingrg/images/blue/button/top_right.jpg HTTP/1.1" 200 1708
222.70.223.103 - - [01/Feb/2022:12:00:15 +0800] "GET /xingrg/images/blue/button/down.jpg HTTP/1.1" 200 1560
222.70.223.103 - - [01/Feb/2022:12:00:15 +0800] "GET /xingrg/images/blue/button/left_ah.jpg HTTP/1.1" 200 1643
222.70.223.103 - - [01/Feb/2022:12:00:15 +0800] "GET /xingrg/images/blue/button/bottom_right.jpg HTTP/1.1" 200 1436
222.70.223.103 - - [01/Feb/2022:12:00:15 +0800] "GET /xingrg/images/blue/button/bottom_left.jpg HTTP/1.1" 200 1524
222.70.223.103 - - [01/Feb/2022:12:00:17 +0800] "GET /xingrg/kc/base/check_order_list.html HTTP/1.1" 200 16223
222.70.223.103 - - [01/Feb/2022:12:00:17 +0800] "POST /xingrg/kc/base/check_list_operate.html HTTP/1.1" 200 4799
61.170.233.189 - - [01/Feb/2022:12:00:18 +0800] "GET /xingrg/check_reg.html?_=1643688017846 HTTP/1.1" 200 22
101.85.53.167 - - [01/Feb/2022:12:00:19 +0800] "GET /xingrg/all/function/internal_message.html?_=1643688014359&CODE_STATE=getMsg HTTP/1.1" 200 27
222.70.223.103 - - [01/Feb/2022:12:00:20 +0800] "GET /xingrg/kc/base/check_order_info.html?code=452022013100315 HTTP/1.1" 200 26444
222.70.223.103 - - [01/Feb/2022:12:00:20 +0800] "GET /xingrg/dwr/util.js HTTP/1.1" 304 -
222.70.223.103 - - [01/Feb/2022:12:00:20 +0800] "GET /xingrg/dwr/interface/AjaxComOrderService.js HTTP/1.1" 200 18264
222.70.223.103 - - [01/Feb/2022:12:00:20 +0800] "GET /xingrg/dwr/interface/AjaxCheckService.js HTTP/1.1" 200 14003
222.70.223.103 - - [01/Feb/2022:12:00:20 +0800] "GET /xingrg/dwr/engine.js HTTP/1.1" 200 43631
222.70.223.103 - - [01/Feb/2022:12:00:20 +0800] "POST /xingrg/dwr/call/plaincall/AjaxCheckService.loadOrderItems.dwr HTTP/1.1" 200 69421
222.70.243.96 - - [01/Feb/2022:12:00:21 +0800] "GET /xingrg/all/function/internal_message.html?_=1643688026846&CODE_STATE=getMsg HTTP/1.1" 200 27
61.170.233.189 - - [01/Feb/2022:12:00:23 +0800] "GET /xingrg/all/function/internal_message.html?_=1643688023543&CODE_STATE=getMsg HTTP/1.1" 200 27
222.70.223.103 - - [01/Feb/2022:12:00:25 +0800] "POST /xingrg/dwr/call/plaincall/AjaxCheckService.setItemRemark.dwr HTTP/1.1" 200 76
222.70.223.103 - - [01/Feb/2022:12:00:27 +0800] "POST /xingrg/dwr/call/plaincall/AjaxCheckService.setItemRemark.dwr HTTP/1.1" 200 76
222.70.223.103 - - [01/Feb/2022:12:00:29 +0800] "POST /xingrg/dwr/call/plaincall/AjaxCheckService.setItemRemark.dwr HTTP/1.1" 200 76
222.70.223.103 - - [01/Feb/2022:12:00:30 +0800] "POST /xingrg/dwr/call/plaincall/AjaxCheckService.setItemRemark.dwr HTTP/1.1" 200 76
58.39.168.32 - - [01/Feb/2022:12:00:31 +0800] "GET /xingrg/all/function/internal_message.html?_=1643687969356&CODE_STATE=getMsg HTTP/1.1" 200 27
222.70.223.103 - - [01/Feb/2022:12:00:31 +0800] "POST /xingrg/dwr/call/plaincall/AjaxCheckService.setItemRemark.dwr HTTP/1.1" 200 76
222.70.223.103 - - [01/Feb/2022:12:00:33 +0800] "POST /xingrg/dwr/call/plaincall/AjaxCheckService.setItemRemark.dwr HTTP/1.1" 200 76
222.70.223.103 - - [01/Feb/2022:12:00:36 +0800] "POST /xingrg/dwr/call/plaincall/AjaxCheckService.setItemRemark.dwr HTTP/1.1" 200 76
180.152.99.73 - - [01/Feb/2022:12:00:36 +0800] "GET /xingrg/check_reg.html?_=1643688035216 HTTP/1.1" 200 22
180.152.99.73 - - [01/Feb/2022:12:00:36 +0800] "GET /xingrg/all/function/internal_message.html?_=1643688035213&CODE_STATE=getMsg HTTP/1.1" 200 27
222.70.223.103 - - [01/Feb/2022:12:00:37 +0800] "POST /xingrg/dwr/call/plaincall/AjaxCheckService.setItemRemark.dwr HTTP/1.1" 200 76
222.70.223.103 - - [01/Feb/2022:12:00:39 +0800] "POST /xingrg/dwr/call/plaincall/AjaxCheckService.setItemRemark.dwr HTTP/1.1" 200 76
222.70.223.103 - - [01/Feb/2022:12:00:40 +0800] "POST /xingrg/dwr/call/plaincall/AjaxCheckService.setItemRemark.dwr HTTP/1.1" 200 77
222.70.223.103 - - [01/Feb/2022:12:00:42 +0800] "POST /xingrg/dwr/call/plaincall/AjaxCheckService.setItemRemark.dwr HTTP/1.1" 200 77
222.70.223.103 - - [01/Feb/2022:12:00:44 +0800] "POST /xingrg/dwr/call/plaincall/AjaxCheckService.setItemRemark.dwr HTTP/1.1" 200 77
180.152.99.39 - - [01/Feb/2022:12:00:44 +0800] "GET /xingrg/all/function/internal_message.html?_=1643687967466&CODE_STATE=getMsg HTTP/1.1" 200 27
222.70.223.103 - - [01/Feb/2022:12:00:50 +0800] "POST /xingrg/dwr/call/plaincall/AjaxCheckService.setItemRemark.dwr HTTP/1.1" 200 77
222.70.223.103 - - [01/Feb/2022:12:00:52 +0800] "POST /xingrg/dwr/call/plaincall/AjaxCheckService.setItemRemark.dwr HTTP/1.1" 200 77
58.39.168.32 - - [01/Feb/2022:12:00:53 +0800] "GET /xingrg/all/function/internal_message.html?_=1643688053131&CODE_STATE=getMsg HTTP/1.1" 200 27
222.70.223.103 - - [01/Feb/2022:12:00:53 +0800] "POST /xingrg/dwr/call/plaincall/AjaxCheckService.setItemRemark.dwr HTTP/1.1" 200 77
61.170.233.189 - - [01/Feb/2022:12:00:54 +0800] "GET /xingrg/all/function/internal_message.html?_=1643688053387&CODE_STATE=getMsg HTTP/1.1" 200 27
222.70.223.103 - - [01/Feb/2022:12:00:54 +0800] "POST /xingrg/dwr/call/plaincall/AjaxCheckService.setItemRemark.dwr HTTP/1.1" 200 77
222.70.223.103 - - [01/Feb/2022:12:00:55 +0800] "POST /xingrg/dwr/call/plaincall/AjaxCheckService.setItemRemark.dwr HTTP/1.1" 200 77
222.70.223.103 - - [01/Feb/2022:12:00:57 +0800] "POST /xingrg/dwr/call/plaincall/AjaxCheckService.setItemRemark.dwr HTTP/1.1" 200 77
222.70.223.103 - - [01/Feb/2022:12:00:58 +0800] "POST /xingrg/dwr/call/plaincall/AjaxCheckService.setItemRemark.dwr HTTP/1.1" 200 77
222.70.223.103 - - [01/Feb/2022:12:00:59 +0800] "POST /xingrg/dwr/call/plaincall/AjaxCheckService.setItemRemark.dwr HTTP/1.1" 200 77
222.70.223.103 - - [01/Feb/2022:12:01:05 +0800] "GET /xingrg/check_reg.html?_=1643688063165 HTTP/1.1" 200 22
222.70.223.103 - - [01/Feb/2022:12:01:05 +0800] "GET /xingrg/all/function/internal_message.html?_=1643688063169&CODE_STATE=getMsg HTTP/1.1" 200 27
222.70.243.96 - - [01/Feb/2022:12:01:05 +0800] "GET /xingrg/all/function/internal_message.html?_=1643688069729&CODE_STATE=getMsg HTTP/1.1" 302 -
222.70.176.73 - - [01/Feb/2022:12:01:07 +0800] "GET /xingrg/all/function/internal_message.html?_=1643688065638&CODE_STATE=getMsg HTTP/1.1" 200 27
116.235.92.83 - - [01/Feb/2022:12:01:10 +0800] "GET /xingrg/all/function/internal_message.html?_=1643688213444&CODE_STATE=getMsg HTTP/1.1" 200 27
116.235.92.83 - - [01/Feb/2022:12:01:10 +0800] "GET /xingrg/check_reg.html?_=1643688213445 HTTP/1.1" 200 22
116.239.131.195 - - [01/Feb/2022:12:01:12 +0800] "GET /xingrg/all/function/internal_message.html?_=1643688091274&CODE_STATE=getMsg HTTP/1.1" 200 27
101.85.53.167 - - [01/Feb/2022:12:01:19 +0800] "GET /xingrg/all/function/internal_message.html?_=1643688074348&CODE_STATE=getMsg HTTP/1.1" 200 27
222.70.243.96 - - [01/Feb/2022:12:01:21 +0800] "GET /xingrg/all/function/internal_message.html?_=1643688086859&CODE_STATE=getMsg HTTP/1.1" 200 27
61.170.233.189 - - [01/Feb/2022:12:01:21 +0800] "GET /xingrg/check_reg.html?_=1643688080410 HTTP/1.1" 200 22
58.39.168.32 - - [01/Feb/2022:12:01:31 +0800] "GET /xingrg/all/function/internal_message.html?_=1643688029341&CODE_STATE=getMsg HTTP/1.1" 200 27
180.152.99.73 - - [01/Feb/2022:12:01:36 +0800] "GET /xingrg/all/function/internal_message.html?_=1643688095206&CODE_STATE=getMsg HTTP/1.1" 200 27
180.152.99.39 - - [01/Feb/2022:12:01:39 +0800] "GET /xingrg/check_reg.html?_=1643688022435 HTTP/1.1" 200 22
180.152.99.39 - - [01/Feb/2022:12:01:44 +0800] "GET /xingrg/all/function/internal_message.html?_=1643688027474&CODE_STATE=getMsg HTTP/1.1" 200 27
58.39.168.32 - - [01/Feb/2022:12:01:53 +0800] "GET /xingrg/all/function/internal_message.html?_=1643688113110&CODE_STATE=getMsg HTTP/1.1" 200 27
61.170.233.189 - - [01/Feb/2022:12:01:54 +0800] "GET /xingrg/all/function/internal_message.html?_=1643688113356&CODE_STATE=getMsg HTTP/1.1" 200 27
222.70.223.103 - - [01/Feb/2022:12:02:04 +0800] "POST /xingrg/dwr/call/plaincall/AjaxCheckService.setItemRemark.dwr HTTP/1.1" 200 77
222.70.223.103 - - [01/Feb/2022:12:02:05 +0800] "GET /xingrg/all/function/internal_message.html?_=1643688123176&CODE_STATE=getMsg HTTP/1.1" 200 27
222.70.243.96 - - [01/Feb/2022:12:02:05 +0800] "GET /xingrg/all/function/internal_message.html?_=1643688129759&CODE_STATE=getMsg HTTP/1.1" 302 -
222.70.223.103 - - [01/Feb/2022:12:02:06 +0800] "POST /xingrg/dwr/call/plaincall/AjaxCheckService.setItemRemark.dwr HTTP/1.1" 200 77
222.70.223.103 - - [01/Feb/2022:12:02:07 +0800] "POST /xingrg/dwr/call/plaincall/AjaxCheckService.setItemRemark.dwr HTTP/1.1" 200 77
222.70.176.73 - - [01/Feb/2022:12:02:07 +0800] "GET /xingrg/all/function/internal_message.html?_=1643688125623&CODE_STATE=getMsg HTTP/1.1" 200 27
222.70.223.103 - - [01/Feb/2022:12:02:08 +0800] "POST /xingrg/dwr/call/plaincall/AjaxCheckService.setItemRemark.dwr HTTP/1.1" 200 77
222.70.223.103 - - [01/Feb/2022:12:02:09 +0800] "POST /xingrg/dwr/call/plaincall/AjaxCheckService.setItemRemark.dwr HTTP/1.1" 200 77
222.70.223.103 - - [01/Feb/2022:12:02:10 +0800] "POST /xingrg/dwr/call/plaincall/AjaxCheckService.setItemRemark.dwr HTTP/1.1" 200 77
116.235.92.83 - - [01/Feb/2022:12:02:10 +0800] "GET /xingrg/all/function/internal_message.html?_=1643688273442&CODE_STATE=getMsg HTTP/1.1" 200 27
222.70.223.103 - - [01/Feb/2022:12:02:11 +0800] "POST /xingrg/dwr/call/plaincall/AjaxCheckService.setItemRemark.dwr HTTP/1.1" 200 77
116.239.131.195 - - [01/Feb/2022:12:02:12 +0800] "GET /xingrg/all/function/internal_message.html?_=1643688151952&CODE_STATE=getMsg HTTP/1.1" 200 27
222.70.223.103 - - [01/Feb/2022:12:02:13 +0800] "POST /xingrg/dwr/call/plaincall/AjaxCheckService.setItemRemark.dwr HTTP/1.1" 200 77
101.85.53.167 - - [01/Feb/2022:12:02:19 +0800] "GET /xingrg/all/function/internal_message.html?_=1643688134333&CODE_STATE=getMsg HTTP/1.1" 200 27
222.70.223.103 - - [01/Feb/2022:12:02:19 +0800] "POST /xingrg/dwr/call/plaincall/AjaxCheckService.setItemRemark.dwr HTTP/1.1" 200 77
222.70.223.103 - - [01/Feb/2022:12:02:20 +0800] "POST /xingrg/dwr/call/plaincall/AjaxCheckService.setItemRemark.dwr HTTP/1.1" 200 77
222.70.223.103 - - [01/Feb/2022:12:02:22 +0800] "POST /xingrg/dwr/call/plaincall/AjaxCheckService.setItemRemark.dwr HTTP/1.1" 200 77
222.70.243.96 - - [01/Feb/2022:12:02:22 +0800] "GET /xingrg/kc/base/wldb_order_add.html HTTP/1.1" 200 30318
222.70.223.103 - - [01/Feb/2022:12:02:23 +0800] "POST /xingrg/dwr/call/plaincall/AjaxCheckService.setItemRemark.dwr HTTP/1.1" 200 77
222.70.243.96 - - [01/Feb/2022:12:02:23 +0800] "POST /xingrg/kc/base/wldb_order_operate.html HTTP/1.1" 200 6806
222.70.243.96 - - [01/Feb/2022:12:02:23 +0800] "GET /xingrg/all/function/internal_message.html?_=1643688148622&CODE_STATE=getMsg HTTP/1.1" 200 27
222.70.243.96 - - [01/Feb/2022:12:02:23 +0800] "GET /xingrg/javascript/easyui/themes/default/validatebox.css HTTP/1.1" 404 1104
222.70.223.103 - - [01/Feb/2022:12:02:24 +0800] "POST /xingrg/dwr/call/plaincall/AjaxCheckService.setItemRemark.dwr HTTP/1.1" 200 77
222.70.223.103 - - [01/Feb/2022:12:02:25 +0800] "POST /xingrg/dwr/call/plaincall/AjaxCheckService.setItemRemark.dwr HTTP/1.1" 200 77
