101.85.53.167 - - [01/Feb/2022:12:09:43 +0800] "POST /xingrg/dwr/call/plaincall/AjaxCheckService.setItemNumber.dwr HTTP/1.1" 200 77
101.85.53.167 - - [01/Feb/2022:12:09:44 +0800] "POST /xingrg/dwr/call/plaincall/AjaxCheckService.setItemNumber.dwr HTTP/1.1" 200 77
180.152.99.73 - - [01/Feb/2022:12:09:44 +0800] "POST /xingrg/dwr/call/plaincall/AjaxCheckService.setItemNumber.dwr HTTP/1.1" 200 77
180.152.99.39 - - [01/Feb/2022:12:09:44 +0800] "GET /xingrg/all/function/internal_message.html?_=1643688507644&CODE_STATE=getMsg HTTP/1.1" 200 27
101.85.53.167 - - [01/Feb/2022:12:09:45 +0800] "POST /xingrg/dwr/call/plaincall/AjaxCheckService.setItemNumber.dwr HTTP/1.1" 200 77
180.152.99.73 - - [01/Feb/2022:12:09:45 +0800] "POST /xingrg/dwr/call/plaincall/AjaxCheckService.setItemNumber.dwr HTTP/1.1" 200 77
180.152.99.73 - - [01/Feb/2022:12:09:45 +0800] "POST /xingrg/dwr/call/plaincall/AjaxCheckService.setItemNumber.dwr HTTP/1.1" 200 77
180.157.251.97 - - [01/Feb/2022:12:09:46 +0800] "GET /xingrg/check_reg.html?_=1643688587297 HTTP/1.1" 200 22
180.152.99.73 - - [01/Feb/2022:12:09:46 +0800] "POST /xingrg/dwr/call/plaincall/AjaxCheckService.setItemNumber.dwr HTTP/1.1" 200 77
222.70.243.96 - - [01/Feb/2022:12:09:47 +0800] "GET /xingrg/kc/base/wldb_order_operate.html?command=get_materiel&rest_code=00146&base_code=0010069&code=00101008131 HTTP/1.1" 200 429
180.152.99.73 - - [01/Feb/2022:12:09:48 +0800] "POST /xingrg/dwr/call/plaincall/AjaxCheckService.setItemNumber.dwr HTTP/1.1" 200 77
180.152.99.73 - - [01/Feb/2022:12:09:49 +0800] "POST /xingrg/dwr/call/plaincall/AjaxCheckService.setItemNumber.dwr HTTP/1.1" 200 77
180.152.99.73 - - [01/Feb/2022:12:09:50 +0800] "POST /xingrg/dwr/call/plaincall/AjaxCheckService.setItemNumber.dwr HTTP/1.1" 200 77
180.152.99.73 - - [01/Feb/2022:12:09:50 +0800] "POST /xingrg/dwr/call/plaincall/AjaxCheckService.setItemNumber.dwr HTTP/1.1" 200 77
180.152.99.73 - - [01/Feb/2022:12:09:51 +0800] "POST /xingrg/dwr/call/plaincall/AjaxCheckService.setItemNumber.dwr HTTP/1.1" 200 77
180.152.99.73 - - [01/Feb/2022:12:09:52 +0800] "POST /xingrg/dwr/call/plaincall/AjaxCheckService.setItemNumber.dwr HTTP/1.1" 200 77
58.39.168.32 - - [01/Feb/2022:12:09:52 +0800] "GET /xingrg/check_reg.html?_=1643688592286 HTTP/1.1" 200 22
58.39.168.32 - - [01/Feb/2022:12:09:53 +0800] "GET /xingrg/all/function/internal_message.html?_=1643688592903&CODE_STATE=getMsg HTTP/1.1" 200 27
61.170.233.189 - - [01/Feb/2022:12:09:54 +0800] "GET /xingrg/all/function/internal_message.html?_=1643688593168&CODE_STATE=getMsg HTTP/1.1" 200 27
222.70.223.103 - - [01/Feb/2022:12:09:56 +0800] "POST /xingrg/dwr/call/plaincall/AjaxCheckService.setItemRemark.dwr HTTP/1.1" 200 78
222.70.243.96 - - [01/Feb/2022:12:09:56 +0800] "GET /xingrg/kc/base/wldb_order_operate.html?command=get_materiel&rest_code=00146&base_code=0010069&code=00101008137 HTTP/1.1" 200 430
114.88.155.114 - - [01/Feb/2022:12:09:57 +0800] "POST /xingrg/kc/base/wldb_order_operate.html HTTP/1.1" 302 -
114.88.155.114 - - [01/Feb/2022:12:10:02 +0800] "POST /xingrg/kc/base/wldb_order_operate.html HTTP/1.1" 302 -
116.239.131.195 - - [01/Feb/2022:12:10:02 +0800] "GET /xingrg/check_reg.html?_=1643688621781 HTTP/1.1" 200 22
180.152.99.73 - - [01/Feb/2022:12:10:04 +0800] "POST /xingrg/dwr/call/plaincall/AjaxCheckService.checkOrder.dwr HTTP/1.1" 200 79
222.70.223.103 - - [01/Feb/2022:12:10:05 +0800] "GET /xingrg/all/function/internal_message.html?_=1643688603370&CODE_STATE=getMsg HTTP/1.1" 200 27
222.70.243.96 - - [01/Feb/2022:12:10:05 +0800] "GET /xingrg/all/function/internal_message.html?_=1643688609945&CODE_STATE=getMsg HTTP/1.1" 302 -
222.70.243.96 - - [01/Feb/2022:12:10:05 +0800] "GET /xingrg/kc/base/wldb_order_operate.html?command=get_materiel&rest_code=00146&base_code=0010069&code=00101008141 HTTP/1.1" 200 434
180.152.99.73 - - [01/Feb/2022:12:10:05 +0800] "GET /xingrg/kc/base/check_order_info.html?code=452022013100158 HTTP/1.1" 200 22860
180.152.99.73 - - [01/Feb/2022:12:10:05 +0800] "GET /xingrg/dwr/interface/AjaxCheckService.js HTTP/1.1" 200 14003
180.152.99.73 - - [01/Feb/2022:12:10:05 +0800] "GET /xingrg/dwr/interface/AjaxComOrderService.js HTTP/1.1" 200 18264
180.152.99.73 - - [01/Feb/2022:12:10:05 +0800] "GET /xingrg/dwr/engine.js HTTP/1.1" 200 43631
180.152.99.73 - - [01/Feb/2022:12:10:06 +0800] "POST /xingrg/dwr/call/plaincall/AjaxCheckService.loadOrderItems.dwr HTTP/1.1" 200 12014
222.70.176.73 - - [01/Feb/2022:12:10:07 +0800] "GET /xingrg/all/function/internal_message.html?_=1643688605473&CODE_STATE=getMsg HTTP/1.1" 200 27
180.152.99.73 - - [01/Feb/2022:12:10:08 +0800] "GET /xingrg/kc/base/check_order_list.html?isBack=1 HTTP/1.1" 200 16223
114.88.155.114 - - [01/Feb/2022:12:10:08 +0800] "GET /xingrg/login.html HTTP/1.1" 200 7641
101.85.53.167 - - [01/Feb/2022:12:10:08 +0800] "POST /xingrg/dwr/call/plaincall/AjaxCheckService.checkOrder.dwr HTTP/1.1" 200 79
180.152.99.73 - - [01/Feb/2022:12:10:08 +0800] "POST /xingrg/kc/base/check_list_operate.html HTTP/1.1" 200 3255
114.88.155.114 - - [01/Feb/2022:12:10:08 +0800] "GET /favicon.ico HTTP/1.1" 404 -
114.88.155.114 - - [01/Feb/2022:12:10:09 +0800] "POST /xingrg/login.do HTTP/1.1" 302 -
114.88.155.114 - - [01/Feb/2022:12:10:09 +0800] "GET /xingrg/index.html?sysBaseUrl=http%3A%2F%2F180.169.147.146%3A18081%2Fxingrg%2F&costTime=43×tamp=1643688609737 HTTP/1.1" 200 17179
101.85.53.167 - - [01/Feb/2022:12:10:09 +0800] "GET /xingrg/kc/base/check_order_info.html?code=452022013100329 HTTP/1.1" 200 22868
114.88.155.114 - - [01/Feb/2022:12:10:09 +0800] "POST /xingrg/all/common/load_tree.html?tree=area_rest_tree_json&manage=1 HTTP/1.1" 200 351
114.88.155.114 - - [01/Feb/2022:12:10:09 +0800] "GET /xingrg/check_reg.html?_=1643688399934 HTTP/1.1" 200 22
114.88.155.114 - - [01/Feb/2022:12:10:09 +0800] "GET /xingrg/all/function/internal_message.html?_=1643688399933&CODE_STATE=count HTTP/1.1" 200 11
114.88.155.114 - - [01/Feb/2022:12:10:10 +0800] "GET /favicon.ico HTTP/1.1" 404 -
114.88.155.114 - - [01/Feb/2022:12:10:10 +0800] "POST /xingrg/load_menu.html HTTP/1.1" 200 5138
101.85.53.167 - - [01/Feb/2022:12:10:10 +0800] "GET /xingrg/dwr/interface/AjaxComOrderService.js HTTP/1.1" 200 18264
101.85.53.167 - - [01/Feb/2022:12:10:10 +0800] "GET /xingrg/dwr/interface/AjaxCheckService.js HTTP/1.1" 200 14003
101.85.53.167 - - [01/Feb/2022:12:10:10 +0800] "GET /xingrg/dwr/engine.js HTTP/1.1" 200 43631
116.235.92.83 - - [01/Feb/2022:12:10:10 +0800] "GET /xingrg/all/function/internal_message.html?_=1643688753451&CODE_STATE=getMsg HTTP/1.1" 200 27
114.88.155.114 - - [01/Feb/2022:12:10:11 +0800] "GET /xingrg/kc/base/base_main.html HTTP/1.1" 200 12142
101.85.53.167 - - [01/Feb/2022:12:10:11 +0800] "POST /xingrg/dwr/call/plaincall/AjaxCheckService.loadOrderItems.dwr HTTP/1.1" 200 7039
180.152.99.73 - - [01/Feb/2022:12:10:11 +0800] "GET /xingrg/kc/base/check_order_info.html?code=452022013100159 HTTP/1.1" 200 26364
180.152.99.73 - - [01/Feb/2022:12:10:11 +0800] "GET /xingrg/dwr/interface/AjaxCheckService.js HTTP/1.1" 200 14003
180.152.99.73 - - [01/Feb/2022:12:10:11 +0800] "GET /xingrg/dwr/interface/AjaxComOrderService.js HTTP/1.1" 200 18264
180.152.99.73 - - [01/Feb/2022:12:10:11 +0800] "GET /xingrg/dwr/engine.js HTTP/1.1" 200 43631
180.152.99.73 - - [01/Feb/2022:12:10:11 +0800] "POST /xingrg/dwr/call/plaincall/AjaxCheckService.loadOrderItems.dwr HTTP/1.1" 200 19984
114.88.155.114 - - [01/Feb/2022:12:10:12 +0800] "GET /xingrg/kc/base/wldb_order_list.html HTTP/1.1" 200 19104
114.88.155.114 - - [01/Feb/2022:12:10:12 +0800] "POST /xingrg/kc/base/wldb_list_operate.html HTTP/1.1" 200 1783
114.88.155.114 - - [01/Feb/2022:12:10:14 +0800] "POST /xingrg/kc/base/wldb_list_operate.html HTTP/1.1" 200 610
101.85.53.167 - - [01/Feb/2022:12:10:15 +0800] "POST /xingrg/kc/base/check_list_operate.html HTTP/1.1" 200 1566
116.239.131.195 - - [01/Feb/2022:12:10:15 +0800] "GET /xingrg/all/function/internal_message.html?_=1643688634438&CODE_STATE=getMsg HTTP/1.1" 200 27
180.152.99.73 - - [01/Feb/2022:12:10:15 +0800] "POST /xingrg/dwr/call/plaincall/AjaxCheckService.setItemNumber.dwr HTTP/1.1" 200 76
114.88.155.114 - - [01/Feb/2022:12:10:16 +0800] "GET /xingrg/kc/base/wldb_order_info.html?code=422022013104327 HTTP/1.1" 200 30334
114.88.155.114 - - [01/Feb/2022:12:10:16 +0800] "GET /xingrg/words/20220128115405_words.js HTTP/1.1" 304 -
101.85.53.167 - - [01/Feb/2022:12:10:16 +0800] "GET /xingrg/kc/base/check_order_info.html?code=452022013100292 HTTP/1.1" 200 25652
114.88.155.114 - - [01/Feb/2022:12:10:16 +0800] "GET /xingrg/all/common/auto_word.html?type=base&rest_code=00141 HTTP/1.1" 200 1849
114.88.155.114 - - [01/Feb/2022:12:10:16 +0800] "GET /xingrg/all/common/auto_word.html?type=base&rest_code=00141 HTTP/1.1" 200 1849
101.85.53.167 - - [01/Feb/2022:12:10:16 +0800] "GET /xingrg/dwr/interface/AjaxComOrderService.js HTTP/1.1" 200 18264
101.85.53.167 - - [01/Feb/2022:12:10:16 +0800] "GET /xingrg/dwr/interface/AjaxCheckService.js HTTP/1.1" 200 14003
101.85.53.167 - - [01/Feb/2022:12:10:16 +0800] "GET /xingrg/dwr/engine.js HTTP/1.1" 200 43631
114.88.155.114 - - [01/Feb/2022:12:10:16 +0800] "GET /xingrg/javascript/easyui/themes/default/validatebox.css HTTP/1.1" 404 1104
180.152.99.73 - - [01/Feb/2022:12:10:16 +0800] "GET /xingrg/all/function/internal_message.html?_=1643688615186&CODE_STATE=getMsg HTTP/1.1" 200 27
114.88.155.114 - - [01/Feb/2022:12:10:16 +0800] "POST /xingrg/kc/base/wldb_order_operate.html HTTP/1.1" 200 12786
180.152.99.73 - - [01/Feb/2022:12:10:16 +0800] "POST /xingrg/dwr/call/plaincall/AjaxCheckService.setItemNumber.dwr HTTP/1.1" 200 76
101.85.53.167 - - [01/Feb/2022:12:10:17 +0800] "POST /xingrg/dwr/call/plaincall/AjaxCheckService.loadOrderItems.dwr HTTP/1.1" 200 154670
180.152.99.73 - - [01/Feb/2022:12:10:17 +0800] "POST /xingrg/dwr/call/plaincall/AjaxCheckService.setItemNumber.dwr HTTP/1.1" 200 76
180.152.99.73 - - [01/Feb/2022:12:10:18 +0800] "POST /xingrg/dwr/call/plaincall/AjaxCheckService.setItemNumber.dwr HTTP/1.1" 200 76
101.85.53.167 - - [01/Feb/2022:12:10:19 +0800] "GET /xingrg/all/function/internal_message.html?_=1643688614217&CODE_STATE=getMsg HTTP/1.1" 200 27
180.152.99.73 - - [01/Feb/2022:12:10:19 +0800] "POST /xingrg/dwr/call/plaincall/AjaxCheckService.setItemNumber.dwr HTTP/1.1" 200 76
180.152.99.73 - - [01/Feb/2022:12:10:21 +0800] "POST /xingrg/dwr/call/plaincall/AjaxCheckService.setItemNumber.dwr HTTP/1.1" 200 76
180.152.99.73 - - [01/Feb/2022:12:10:21 +0800] "POST /xingrg/dwr/call/plaincall/AjaxCheckService.setItemNumber.dwr HTTP/1.1" 200 76
180.152.99.73 - - [01/Feb/2022:12:10:22 +0800] "POST /xingrg/dwr/call/plaincall/AjaxCheckService.setItemNumber.dwr HTTP/1.1" 200 76
114.88.155.114 - - [01/Feb/2022:12:10:22 +0800] "POST /xingrg/kc/base/wldb_order_operate.html HTTP/1.1" 200 37
180.152.99.73 - - [01/Feb/2022:12:10:23 +0800] "POST /xingrg/dwr/call/plaincall/AjaxCheckService.setItemNumber.dwr HTTP/1.1" 200 76
180.152.99.73 - - [01/Feb/2022:12:10:23 +0800] "POST /xingrg/dwr/call/plaincall/AjaxCheckService.setItemNumber.dwr HTTP/1.1" 200 77
222.70.243.96 - - [01/Feb/2022:12:10:24 +0800] "GET /xingrg/all/function/internal_message.html?_=1643688629244&CODE_STATE=getMsg HTTP/1.1" 200 27
180.152.99.73 - - [01/Feb/2022:12:10:24 +0800] "POST /xingrg/dwr/call/plaincall/AjaxCheckService.setItemNumber.dwr HTTP/1.1" 200 77
180.152.99.73 - - [01/Feb/2022:12:10:24 +0800] "POST /xingrg/dwr/call/plaincall/AjaxCheckService.setItemNumber.dwr HTTP/1.1" 200 77
114.88.155.114 - - [01/Feb/2022:12:10:25 +0800] "POST /xingrg/kc/base/wldb_order_operate.html HTTP/1.1" 200 12
180.152.99.73 - - [01/Feb/2022:12:10:25 +0800] "POST /xingrg/dwr/call/plaincall/AjaxCheckService.setItemNumber.dwr HTTP/1.1" 200 77
114.88.155.114 - - [01/Feb/2022:12:10:25 +0800] "POST /xingrg/kc/base/wldb_order_operate.html HTTP/1.1" 200 12781
114.88.155.114 - - [01/Feb/2022:12:10:25 +0800] "GET /xingrg/kc/base/wldb_order_info.html?code=422022013104327 HTTP/1.1" 200 26198
180.152.99.73 - - [01/Feb/2022:12:10:25 +0800] "POST /xingrg/dwr/call/plaincall/AjaxCheckService.setItemNumber.dwr HTTP/1.1" 200 77
114.88.155.114 - - [01/Feb/2022:12:10:26 +0800] "GET /xingrg/javascript/easyui/themes/default/validatebox.css HTTP/1.1" 404 1104
114.88.155.114 - - [01/Feb/2022:12:10:26 +0800] "POST /xingrg/kc/base/wldb_order_operate.html HTTP/1.1" 200 10842
180.152.99.73 - - [01/Feb/2022:12:10:27 +0800] "POST /xingrg/dwr/call/plaincall/AjaxCheckService.setItemNumber.dwr HTTP/1.1" 200 77
180.152.99.73 - - [01/Feb/2022:12:10:28 +0800] "POST /xingrg/dwr/call/plaincall/AjaxCheckService.setItemNumber.dwr HTTP/1.1" 200 77
180.152.99.73 - - [01/Feb/2022:12:10:28 +0800] "POST /xingrg/dwr/call/plaincall/AjaxCheckService.setItemNumber.dwr HTTP/1.1" 200 77
180.152.99.73 - - [01/Feb/2022:12:10:29 +0800] "POST /xingrg/dwr/call/plaincall/AjaxCheckService.setItemNumber.dwr HTTP/1.1" 200 77
180.152.99.73 - - [01/Feb/2022:12:10:29 +0800] "POST /xingrg/dwr/call/plaincall/AjaxCheckService.setItemNumber.dwr HTTP/1.1" 200 77
114.88.155.114 - - [01/Feb/2022:12:10:30 +0800] "GET /xingrg/kc/base/base_main.html HTTP/1.1" 200 12142
180.152.99.73 - - [01/Feb/2022:12:10:31 +0800] "POST /xingrg/dwr/call/plaincall/AjaxCheckService.setItemNumber.dwr HTTP/1.1" 200 77
58.39.168.32 - - [01/Feb/2022:12:10:31 +0800] "GET /xingrg/all/function/internal_message.html?_=1643688569134&CODE_STATE=getMsg HTTP/1.1" 200 27
180.152.99.73 - - [01/Feb/2022:12:10:32 +0800] "POST /xingrg/dwr/call/plaincall/AjaxCheckService.setItemNumber.dwr HTTP/1.1" 200 77
222.70.243.96 - - [01/Feb/2022:12:10:33 +0800] "GET /xingrg/kc/base/wldb_order_operate.html?command=get_materiel&rest_code=00146&base_code=0010069&code=00101008148 HTTP/1.1" 200 438
180.152.99.73 - - [01/Feb/2022:12:10:33 +0800] "POST /xingrg/dwr/call/plaincall/AjaxCheckService.setItemNumber.dwr HTTP/1.1" 200 77
180.152.99.73 - - [01/Feb/2022:12:10:34 +0800] "POST /xingrg/dwr/call/plaincall/AjaxCheckService.setItemNumber.dwr HTTP/1.1" 200 77
222.70.223.103 - - [01/Feb/2022:12:10:34 +0800] "GET /xingrg/kc/base/check_order_list.html?isBack=1 HTTP/1.1" 200 16223
222.70.223.103 - - [01/Feb/2022:12:10:34 +0800] "POST /xingrg/kc/base/check_list_operate.html HTTP/1.1" 200 4799
222.70.223.103 - - [01/Feb/2022:12:10:34 +0800] "GET /favicon.ico HTTP/1.1" 404 -
180.152.99.73 - - [01/Feb/2022:12:10:34 +0800] "POST /xingrg/dwr/call/plaincall/AjaxCheckService.setItemNumber.dwr HTTP/1.1" 200 77
180.152.99.73 - - [01/Feb/2022:12:10:43 +0800] "POST /xingrg/dwr/call/plaincall/AjaxCheckService.checkOrder.dwr HTTP/1.1" 200 79
114.88.155.114 - - [01/Feb/2022:12:10:43 +0800] "GET /xingrg/kc/base/wldb_order_list.html HTTP/1.1" 200 19104
101.85.53.167 - - [01/Feb/2022:12:10:43 +0800] "POST /xingrg/dwr/call/plaincall/AjaxCheckService.setItemNumber.dwr HTTP/1.1" 200 76
114.88.155.114 - - [01/Feb/2022:12:10:43 +0800] "POST /xingrg/kc/base/wldb_list_operate.html HTTP/1.1" 200 928
180.152.99.39 - - [01/Feb/2022:12:10:45 +0800] "GET /xingrg/all/function/internal_message.html?_=1643688567684&CODE_STATE=getMsg HTTP/1.1" 200 27
222.70.243.96 - - [01/Feb/2022:12:10:45 +0800] "GET /xingrg/kc/base/wldb_order_operate.html?command=get_materiel&rest_code=00146&base_code=0010069&code=00101008156 HTTP/1.1" 200 437
114.88.155.114 - - [01/Feb/2022:12:10:48 +0800] "GET /xingrg/kc/base/base_main.html HTTP/1.1" 200 12142
222.70.243.96 - - [01/Feb/2022:12:10:49 +0800] "POST /xingrg/kc/base/wldb_order_operate.html HTTP/1.1" 200 1710
114.88.155.114 - - [01/Feb/2022:12:10:49 +0800] "GET /xingrg/kc/base/check_order_list.html HTTP/1.1" 200 16223
114.88.155.114 - - [01/Feb/2022:12:10:49 +0800] "POST /xingrg/kc/base/check_list_operate.html HTTP/1.1" 200 4606
58.39.168.32 - - [01/Feb/2022:12:10:53 +0800] "GET /xingrg/all/function/internal_message.html?_=1643688652879&CODE_STATE=getMsg HTTP/1.1" 200 27
61.170.233.189 - - [01/Feb/2022:12:10:54 +0800] "GET /xingrg/all/function/internal_message.html?_=1643688653139&CODE_STATE=getMsg HTTP/1.1" 200 27
222.70.243.96 - - [01/Feb/2022:12:10:54 +0800] "GET /xingrg/kc/base/wldb_order_operate.html?command=get_materiel&rest_code=00146&base_code=0010069&code=00101008163 HTTP/1.1" 200 431
180.152.99.73 - - [01/Feb/2022:12:10:56 +0800] "GET /xingrg/kc/base/check_order_info.html?code=452022013100159 HTTP/1.1" 200 22860
180.152.99.73 - - [01/Feb/2022:12:10:56 +0800] "GET /xingrg/dwr/interface/AjaxComOrderService.js HTTP/1.1" 200 18264
180.152.99.73 - - [01/Feb/2022:12:10:56 +0800] "GET /xingrg/dwr/interface/AjaxCheckService.js HTTP/1.1" 200 14003
180.152.99.73 - - [01/Feb/2022:12:10:57 +0800] "GET /xingrg/dwr/engine.js HTTP/1.1" 200 43631
180.152.99.73 - - [01/Feb/2022:12:10:57 +0800] "POST /xingrg/dwr/call/plaincall/AjaxCheckService.loadOrderItems.dwr HTTP/1.1" 200 8943
222.70.243.96 - - [01/Feb/2022:12:11:03 +0800] "GET /xingrg/kc/base/wldb_order_operate.html?command=get_materiel&rest_code=00146&base_code=0010069&code=00101008196 HTTP/1.1" 200 437
222.70.223.103 - - [01/Feb/2022:12:11:05 +0800] "GET /xingrg/index.html?sysBaseUrl=http%3A%2F%2F180.169.147.146%3A18081%2Fxingrg%2F&costTime=1277×tamp=1606817596806 HTTP/1.1" 200 17179
222.70.243.96 - - [01/Feb/2022:12:11:05 +0800] "GET /xingrg/all/function/internal_message.html?_=1643688669958&CODE_STATE=getMsg HTTP/1.1" 302 -
222.70.223.103 - - [01/Feb/2022:12:11:05 +0800] "POST /xingrg/all/common/load_tree.html?tree=area_rest_tree_json&manage=1 HTTP/1.1" 200 351
222.70.223.103 - - [01/Feb/2022:12:11:05 +0800] "GET /xingrg/all/function/internal_message.html?_=1643688663774&CODE_STATE=count HTTP/1.1" 200 11
222.70.223.103 - - [01/Feb/2022:12:11:05 +0800] "GET /xingrg/check_reg.html?_=1643688663775 HTTP/1.1" 200 22
222.70.223.103 - - [01/Feb/2022:12:11:05 +0800] "GET /favicon.ico HTTP/1.1" 404 -
222.70.223.103 - - [01/Feb/2022:12:11:05 +0800] "POST /xingrg/load_menu.html HTTP/1.1" 200 5138
222.70.176.73 - - [01/Feb/2022:12:11:07 +0800] "GET /xingrg/all/function/internal_message.html?_=1643688665443&CODE_STATE=getMsg HTTP/1.1" 200 27
114.88.155.114 - - [01/Feb/2022:12:11:09 +0800] "GET /xingrg/all/function/internal_message.html?_=1643688459953&CODE_STATE=getMsg HTTP/1.1" 200 27
116.235.92.83 - - [01/Feb/2022:12:11:10 +0800] "GET /xingrg/check_reg.html?_=1643688813451 HTTP/1.1" 200 22
116.235.92.83 - - [01/Feb/2022:12:11:10 +0800] "GET /xingrg/all/function/internal_message.html?_=1643688813452&CODE_STATE=getMsg HTTP/1.1" 200 27
222.70.243.96 - - [01/Feb/2022:12:11:13 +0800] "GET /xingrg/kc/base/wldb_order_operate.html?command=get_materiel&rest_code=00146&base_code=0010069&code=00101008197 HTTP/1.1" 200 437
116.239.131.195 - - [01/Feb/2022:12:11:15 +0800] "GET /xingrg/all/function/internal_message.html?_=1643688694453&CODE_STATE=getMsg HTTP/1.1" 200 27
180.152.99.73 - - [01/Feb/2022:12:11:16 +0800] "GET /xingrg/all/function/internal_message.html?_=1643688675178&CODE_STATE=getMsg HTTP/1.1" 200 27
222.70.223.103 - - [01/Feb/2022:12:11:18 +0800] "GET /xingrg/kc/base/base_main.html HTTP/1.1" 200 12142
222.70.223.103 - - [01/Feb/2022:12:11:18 +0800] "GET /favicon.ico HTTP/1.1" 404 -
101.85.53.167 - - [01/Feb/2022:12:11:19 +0800] "GET /xingrg/all/function/internal_message.html?_=1643688674204&CODE_STATE=getMsg HTTP/1.1" 200 27
222.70.223.103 - - [01/Feb/2022:12:11:20 +0800] "GET /xingrg/kc/base/check_order_list.html HTTP/1.1" 200 16223
222.70.223.103 - - [01/Feb/2022:12:11:20 +0800] "GET /favicon.ico HTTP/1.1" 404 -
222.70.223.103 - - [01/Feb/2022:12:11:20 +0800] "POST /xingrg/kc/base/check_list_operate.html HTTP/1.1" 200 4799
61.170.233.189 - - [01/Feb/2022:12:11:21 +0800] "GET /xingrg/check_reg.html?_=1643688680364 HTTP/1.1" 200 22
222.70.243.96 - - [01/Feb/2022:12:11:22 +0800] "GET /xingrg/kc/base/wldb_order_operate.html?command=get_materiel&rest_code=00146&base_code=0010069&code=00101008203 HTTP/1.1" 200 429
222.70.243.96 - - [01/Feb/2022:12:11:24 +0800] "GET /xingrg/all/function/internal_message.html?_=1643688689257&CODE_STATE=getMsg HTTP/1.1" 200 27
58.39.168.32 - - [01/Feb/2022:12:11:31 +0800] "GET /xingrg/all/function/internal_message.html?_=1643688629120&CODE_STATE=getMsg HTTP/1.1" 200 27
222.70.243.96 - - [01/Feb/2022:12:11:31 +0800] "GET /xingrg/kc/base/wldb_order_operate.html?command=get_materiel&rest_code=00146&base_code=0010069&code=00101008213 HTTP/1.1" 200 433
222.70.243.96 - - [01/Feb/2022:12:11:34 +0800] "POST /xingrg/kc/base/wldb_order_operate.html HTTP/1.1" 200 1710
114.88.155.114 - - [01/Feb/2022:12:11:37 +0800] "GET /xingrg/kc/base/check_order_info.html?code=452022013100303 HTTP/1.1" 200 26520
114.88.155.114 - - [01/Feb/2022:12:11:37 +0800] "GET /xingrg/dwr/util.js HTTP/1.1" 304 -
114.88.155.114 - - [01/Feb/2022:12:11:37 +0800] "GET /xingrg/dwr/interface/AjaxCheckService.js HTTP/1.1" 200 14003
114.88.155.114 - - [01/Feb/2022:12:11:37 +0800] "GET /xingrg/dwr/engine.js HTTP/1.1" 200 43631
114.88.155.114 - - [01/Feb/2022:12:11:37 +0800] "GET /xingrg/dwr/interface/AjaxComOrderService.js HTTP/1.1" 200 18264
114.88.155.114 - - [01/Feb/2022:12:11:38 +0800] "POST /xingrg/dwr/call/plaincall/AjaxCheckService.loadOrderItems.dwr HTTP/1.1" 200 74716
180.152.99.39 - - [01/Feb/2022:12:11:39 +0800] "GET /xingrg/check_reg.html?_=1643688622445 HTTP/1.1" 200 22
222.70.243.96 - - [01/Feb/2022:12:11:41 +0800] "GET /xingrg/kc/base/wldb_order_operate.html?command=get_materiel&rest_code=00146&base_code=0010069&code=00101008257 HTTP/1.1" 200 439
114.88.155.114 - - [01/Feb/2022:12:11:42 +0800] "POST /xingrg/dwr/call/plaincall/AjaxCheckService.setItemNumber.dwr HTTP/1.1" 200 76
114.88.155.114 - - [01/Feb/2022:12:11:43 +0800] "POST /xingrg/dwr/call/plaincall/AjaxCheckService.setItemNumber.dwr HTTP/1.1" 200 76
114.88.155.114 - - [01/Feb/2022:12:11:44 +0800] "POST /xingrg/dwr/call/plaincall/AjaxCheckService.setItemNumber.dwr HTTP/1.1" 200 76
114.88.155.114 - - [01/Feb/2022:12:11:44 +0800] "POST /xingrg/dwr/call/plaincall/AjaxCheckService.setItemNumber.dwr HTTP/1.1" 200 76
180.152.99.39 - - [01/Feb/2022:12:11:45 +0800] "GET /xingrg/all/function/internal_message.html?_=1643688627687&CODE_STATE=getMsg HTTP/1.1" 200 27
114.88.155.114 - - [01/Feb/2022:12:11:45 +0800] "POST /xingrg/dwr/call/plaincall/AjaxCheckService.setItemNumber.dwr HTTP/1.1" 200 76
114.88.155.114 - - [01/Feb/2022:12:11:45 +0800] "POST /xingrg/dwr/call/plaincall/AjaxCheckService.setItemNumber.dwr HTTP/1.1" 200 76
114.88.155.114 - - [01/Feb/2022:12:11:46 +0800] "POST /xingrg/dwr/call/plaincall/AjaxCheckService.setItemNumber.dwr HTTP/1.1" 200 76
180.152.99.73 - - [01/Feb/2022:12:11:46 +0800] "GET /xingrg/kc/base/check_order_list.html?isBack=1 HTTP/1.1" 200 16223
180.152.99.73 - - [01/Feb/2022:12:11:46 +0800] "POST /xingrg/kc/base/check_list_operate.html HTTP/1.1" 200 2919
114.88.155.114 - - [01/Feb/2022:12:11:47 +0800] "POST /xingrg/dwr/call/plaincall/AjaxCheckService.setItemNumber.dwr HTTP/1.1" 200 76
114.88.155.114 - - [01/Feb/2022:12:11:47 +0800] "POST /xingrg/dwr/call/plaincall/AjaxCheckService.setItemNumber.dwr HTTP/1.1" 200 76
114.88.155.114 - - [01/Feb/2022:12:11:49 +0800] "POST /xingrg/dwr/call/plaincall/AjaxCheckService.setItemNumber.dwr HTTP/1.1" 200 77
180.152.99.73 - - [01/Feb/2022:12:11:50 +0800] "GET /xingrg/kc/base/check_order_info.html?code=452022013100156 HTTP/1.1" 200 26364
180.152.99.73 - - [01/Feb/2022:12:11:50 +0800] "GET /xingrg/dwr/interface/AjaxCheckService.js HTTP/1.1" 200 14003
180.152.99.73 - - [01/Feb/2022:12:11:50 +0800] "GET /xingrg/dwr/interface/AjaxComOrderService.js HTTP/1.1" 200 18264
180.152.99.73 - - [01/Feb/2022:12:11:50 +0800] "GET /xingrg/dwr/engine.js HTTP/1.1" 200 43631
222.70.243.96 - - [01/Feb/2022:12:11:51 +0800] "GET /xingrg/kc/base/wldb_order_operate.html?command=get_materiel&rest_code=00146&base_code=0010069&code=00101008264 HTTP/1.1" 200 435
180.152.99.73 - - [01/Feb/2022:12:11:51 +0800] "POST /xingrg/dwr/call/plaincall/AjaxCheckService.loadOrderItems.dwr HTTP/1.1" 200 122016
114.88.155.114 - - [01/Feb/2022:12:11:52 +0800] "POST /xingrg/dwr/call/plaincall/AjaxCheckService.setItemNumber.dwr HTTP/1.1" 200 77
114.88.155.114 - - [01/Feb/2022:12:11:52 +0800] "POST /xingrg/dwr/call/plaincall/AjaxCheckService.setItemNumber.dwr HTTP/1.1" 200 77
58.39.168.32 - - [01/Feb/2022:12:11:53 +0800] "GET /xingrg/all/function/internal_message.html?_=1643688712856&CODE_STATE=getMsg HTTP/1.1" 200 27
114.88.155.114 - - [01/Feb/2022:12:11:53 +0800] "POST /xingrg/dwr/call/plaincall/AjaxCheckService.setItemNumber.dwr HTTP/1.1" 200 77
114.88.155.114 - - [01/Feb/2022:12:11:53 +0800] "POST /xingrg/dwr/call/plaincall/AjaxCheckService.setItemNumber.dwr HTTP/1.1" 200 77
114.88.155.114 - - [01/Feb/2022:12:11:54 +0800] "POST /xingrg/dwr/call/plaincall/AjaxCheckService.setItemNumber.dwr HTTP/1.1" 200 77
61.170.233.189 - - [01/Feb/2022:12:11:54 +0800] "GET /xingrg/all/function/internal_message.html?_=1643688713121&CODE_STATE=getMsg HTTP/1.1" 200 27
114.88.155.114 - - [01/Feb/2022:12:11:54 +0800] "POST /xingrg/dwr/call/plaincall/AjaxCheckService.setItemNumber.dwr HTTP/1.1" 200 77
114.88.155.114 - - [01/Feb/2022:12:11:55 +0800] "POST /xingrg/dwr/call/plaincall/AjaxCheckService.setItemNumber.dwr HTTP/1.1" 200 77
180.152.99.73 - - [01/Feb/2022:12:11:58 +0800] "POST /xingrg/dwr/call/plaincall/AjaxCheckService.setItemNumber.dwr HTTP/1.1" 200 76
114.88.155.114 - - [01/Feb/2022:12:11:58 +0800] "POST /xingrg/dwr/call/plaincall/AjaxCheckService.setItemNumber.dwr HTTP/1.1" 200 77
180.152.99.73 - - [01/Feb/2022:12:11:59 +0800] "POST /xingrg/dwr/call/plaincall/AjaxCheckService.setItemNumber.dwr HTTP/1.1" 200 76
114.88.155.114 - - [01/Feb/2022:12:11:59 +0800] "POST /xingrg/dwr/call/plaincall/AjaxCheckService.setItemNumber.dwr HTTP/1.1" 200 77
180.152.99.73 - - [01/Feb/2022:12:11:59 +0800] "POST /xingrg/dwr/call/plaincall/AjaxCheckService.setItemNumber.dwr HTTP/1.1" 200 76
114.88.155.114 - - [01/Feb/2022:12:12:00 +0800] "POST /xingrg/dwr/call/plaincall/AjaxCheckService.setItemNumber.dwr HTTP/1.1" 200 77
180.152.99.73 - - [01/Feb/2022:12:12:00 +0800] "POST /xingrg/dwr/call/plaincall/AjaxCheckService.setItemNumber.dwr HTTP/1.1" 200 76
114.88.155.114 - - [01/Feb/2022:12:12:01 +0800] "POST /xingrg/dwr/call/plaincall/AjaxCheckService.setItemNumber.dwr HTTP/1.1" 200 77
180.152.99.73 - - [01/Feb/2022:12:12:01 +0800] "POST /xingrg/dwr/call/plaincall/AjaxCheckService.setItemNumber.dwr HTTP/1.1" 200 76
222.70.243.96 - - [01/Feb/2022:12:12:01 +0800] "GET /xingrg/kc/base/wldb_order_operate.html?command=get_materiel&rest_code=00146&base_code=0010069&code=00101008271 HTTP/1.1" 200 430
114.88.155.114 - - [01/Feb/2022:12:12:02 +0800] "POST /xingrg/dwr/call/plaincall/AjaxCheckService.setItemNumber.dwr HTTP/1.1" 200 77
114.88.155.114 - - [01/Feb/2022:12:12:02 +0800] "POST /xingrg/dwr/call/plaincall/AjaxCheckService.setItemNumber.dwr HTTP/1.1" 200 77
180.152.99.73 - - [01/Feb/2022:12:12:03 +0800] "POST /xingrg/dwr/call/plaincall/AjaxCheckService.setItemNumber.dwr HTTP/1.1" 200 76
180.152.99.73 - - [01/Feb/2022:12:12:04 +0800] "POST /xingrg/dwr/call/plaincall/AjaxCheckService.setItemNumber.dwr HTTP/1.1" 200 76
114.88.155.114 - - [01/Feb/2022:12:12:05 +0800] "POST /xingrg/dwr/call/plaincall/AjaxCheckService.setItemNumber.dwr HTTP/1.1" 200 77
222.70.243.96 - - [01/Feb/2022:12:12:05 +0800] "GET /xingrg/all/function/internal_message.html?_=1643688729990&CODE_STATE=getMsg HTTP/1.1" 302 -
114.88.155.114 - - [01/Feb/2022:12:12:06 +0800] "POST /xingrg/dwr/call/plaincall/AjaxCheckService.setItemNumber.dwr HTTP/1.1" 200 77
180.152.99.73 - - [01/Feb/2022:12:12:06 +0800] "POST /xingrg/dwr/call/plaincall/AjaxCheckService.setItemNumber.dwr HTTP/1.1" 200 76
180.152.99.73 - - [01/Feb/2022:12:12:07 +0800] "POST /xingrg/dwr/call/plaincall/AjaxCheckService.setItemNumber.dwr HTTP/1.1" 200 76
222.70.176.73 - - [01/Feb/2022:12:12:07 +0800] "GET /xingrg/all/function/internal_message.html?_=1643688725428&CODE_STATE=getMsg HTTP/1.1" 200 27
114.88.155.114 - - [01/Feb/2022:12:12:08 +0800] "POST /xingrg/dwr/call/plaincall/AjaxCheckService.setItemNumber.dwr HTTP/1.1" 200 77
180.152.99.73 - - [01/Feb/2022:12:12:09 +0800] "POST /xingrg/dwr/call/plaincall/AjaxCheckService.setItemNumber.dwr HTTP/1.1" 200 77
114.88.155.114 - - [01/Feb/2022:12:12:09 +0800] "POST /xingrg/dwr/call/plaincall/AjaxCheckService.setItemNumber.dwr HTTP/1.1" 200 77
222.70.243.96 - - [01/Feb/2022:12:12:10 +0800] "GET /xingrg/kc/base/wldb_order_operate.html?command=get_materiel&rest_code=00146&base_code=0010069&code=00101008283 HTTP/1.1" 200 430
114.88.155.114 - - [01/Feb/2022:12:12:10 +0800] "GET /xingrg/all/function/internal_message.html?_=1643688520128&CODE_STATE=getMsg HTTP/1.1" 200 27
114.88.155.114 - - [01/Feb/2022:12:12:10 +0800] "POST /xingrg/dwr/call/plaincall/AjaxCheckService.setItemNumber.dwr HTTP/1.1" 200 77
116.235.92.83 - - [01/Feb/2022:12:12:10 +0800] "GET /xingrg/all/function/internal_message.html?_=1643688873449&CODE_STATE=getMsg HTTP/1.1" 200 27
114.88.155.114 - - [01/Feb/2022:12:12:10 +0800] "POST /xingrg/dwr/call/plaincall/AjaxCheckService.setItemNumber.dwr HTTP/1.1" 200 77
114.88.155.114 - - [01/Feb/2022:12:12:11 +0800] "POST /xingrg/dwr/call/plaincall/AjaxCheckService.setItemNumber.dwr HTTP/1.1" 200 77
114.88.155.114 - - [01/Feb/2022:12:12:14 +0800] "POST /xingrg/dwr/call/plaincall/AjaxCheckService.setItemNumber.dwr HTTP/1.1" 200 77
116.239.131.195 - - [01/Feb/2022:12:12:15 +0800] "GET /xingrg/all/function/internal_message.html?_=1643688755138&CODE_STATE=getMsg HTTP/1.1" 200 27
180.152.99.73 - - [01/Feb/2022:12:12:16 +0800] "GET /xingrg/all/function/internal_message.html?_=1643688735150&CODE_STATE=getMsg HTTP/1.1" 200 27
114.88.155.114 - - [01/Feb/2022:12:12:17 +0800] "POST /xingrg/dwr/call/plaincall/AjaxCheckService.setItemNumber.dwr HTTP/1.1" 200 77
101.85.53.167 - - [01/Feb/2022:12:12:19 +0800] "GET /xingrg/all/function/internal_message.html?_=1643688734180&CODE_STATE=getMsg HTTP/1.1" 200 27
114.88.155.114 - - [01/Feb/2022:12:12:19 +0800] "POST /xingrg/dwr/call/plaincall/AjaxCheckService.setItemNumber.dwr HTTP/1.1" 200 77
222.70.243.96 - - [01/Feb/2022:12:12:20 +0800] "GET /xingrg/kc/base/wldb_order_operate.html?command=get_materiel&rest_code=00146&base_code=0010069&code=00101008298 HTTP/1.1" 200 434
180.152.99.73 - - [01/Feb/2022:12:12:20 +0800] "POST /xingrg/dwr/call/plaincall/AjaxCheckService.setItemNumber.dwr HTTP/1.1" 200 77
180.152.99.73 - - [01/Feb/2022:12:12:22 +0800] "POST /xingrg/dwr/call/plaincall/AjaxCheckService.setItemNumber.dwr HTTP/1.1" 200 77
222.70.243.96 - - [01/Feb/2022:12:12:22 +0800] "POST /xingrg/kc/base/wldb_order_operate.html HTTP/1.1" 200 1710
114.88.155.114 - - [01/Feb/2022:12:12:23 +0800] "POST /xingrg/dwr/call/plaincall/AjaxCheckService.setItemNumber.dwr HTTP/1.1" 200 77
114.88.155.114 - - [01/Feb/2022:12:12:23 +0800] "POST /xingrg/dwr/call/plaincall/AjaxCheckService.setItemNumber.dwr HTTP/1.1" 200 77
222.70.243.96 - - [01/Feb/2022:12:12:24 +0800] "GET /xingrg/all/function/internal_message.html?_=1643688749271&CODE_STATE=getMsg HTTP/1.1" 200 27
180.152.99.73 - - [01/Feb/2022:12:12:24 +0800] "POST /xingrg/dwr/call/plaincall/AjaxCheckService.setItemNumber.dwr HTTP/1.1" 200 77
114.88.155.114 - - [01/Feb/2022:12:12:24 +0800] "POST /xingrg/dwr/call/plaincall/AjaxCheckService.setItemNumber.dwr HTTP/1.1" 200 77
180.152.99.73 - - [01/Feb/2022:12:12:25 +0800] "POST /xingrg/dwr/call/plaincall/AjaxCheckService.setItemNumber.dwr HTTP/1.1" 200 77
114.88.155.114 - - [01/Feb/2022:12:12:25 +0800] "POST /xingrg/dwr/call/plaincall/AjaxCheckService.setItemNumber.dwr HTTP/1.1" 200 77
114.88.155.114 - - [01/Feb/2022:12:12:25 +0800] "POST /xingrg/dwr/call/plaincall/AjaxCheckService.setItemNumber.dwr HTTP/1.1" 200 77
114.88.155.114 - - [01/Feb/2022:12:12:26 +0800] "POST /xingrg/dwr/call/plaincall/AjaxCheckService.setItemNumber.dwr HTTP/1.1" 200 77
180.152.99.73 - - [01/Feb/2022:12:12:26 +0800] "POST /xingrg/dwr/call/plaincall/AjaxCheckService.setItemNumber.dwr HTTP/1.1" 200 77
114.88.155.114 - - [01/Feb/2022:12:12:27 +0800] "POST /xingrg/dwr/call/plaincall/AjaxCheckService.setItemNumber.dwr HTTP/1.1" 200 77
114.88.155.114 - - [01/Feb/2022:12:12:27 +0800] "POST /xingrg/dwr/call/plaincall/AjaxCheckService.setItemNumber.dwr HTTP/1.1" 200 77
180.152.99.73 - - [01/Feb/2022:12:12:29 +0800] "POST /xingrg/dwr/call/plaincall/AjaxCheckService.setItemNumber.dwr HTTP/1.1" 200 77
222.70.243.96 - - [01/Feb/2022:12:12:29 +0800] "GET /xingrg/kc/base/wldb_order_operate.html?command=get_materiel&rest_code=00146&base_code=0010069&code=00101008312 HTTP/1.1" 200 435
180.152.99.73 - - [01/Feb/2022:12:12:30 +0800] "POST /xingrg/dwr/call/plaincall/AjaxCheckService.setItemNumber.dwr HTTP/1.1" 200 77
114.88.155.114 - - [01/Feb/2022:12:12:30 +0800] "POST /xingrg/dwr/call/plaincall/AjaxCheckService.setItemNumber.dwr HTTP/1.1" 200 77
58.39.168.32 - - [01/Feb/2022:12:12:31 +0800] "GET /xingrg/check_reg.html?_=1643688689073 HTTP/1.1" 200 22
58.39.168.32 - - [01/Feb/2022:12:12:31 +0800] "GET /xingrg/all/function/internal_message.html?_=1643688689091&CODE_STATE=getMsg HTTP/1.1" 200 27
180.152.99.73 - - [01/Feb/2022:12:12:31 +0800] "POST /xingrg/dwr/call/plaincall/AjaxCheckService.setItemNumber.dwr HTTP/1.1" 200 77
114.88.155.114 - - [01/Feb/2022:12:12:32 +0800] "POST /xingrg/dwr/call/plaincall/AjaxCheckService.setItemNumber.dwr HTTP/1.1" 200 77
180.152.99.73 - - [01/Feb/2022:12:12:32 +0800] "POST /xingrg/dwr/call/plaincall/AjaxCheckService.setItemNumber.dwr HTTP/1.1" 200 77
114.88.155.114 - - [01/Feb/2022:12:12:32 +0800] "POST /xingrg/dwr/call/plaincall/AjaxCheckService.setItemNumber.dwr HTTP/1.1" 200 77
114.88.155.114 - - [01/Feb/2022:12:12:33 +0800] "POST /xingrg/dwr/call/plaincall/AjaxCheckService.setItemNumber.dwr HTTP/1.1" 200 77
180.152.99.73 - - [01/Feb/2022:12:12:33 +0800] "POST /xingrg/dwr/call/plaincall/AjaxCheckService.setItemNumber.dwr HTTP/1.1" 200 77
180.152.99.73 - - [01/Feb/2022:12:12:34 +0800] "POST /xingrg/dwr/call/plaincall/AjaxCheckService.setItemNumber.dwr HTTP/1.1" 200 77
180.152.99.73 - - [01/Feb/2022:12:12:34 +0800] "POST /xingrg/dwr/call/plaincall/AjaxCheckService.setItemNumber.dwr HTTP/1.1" 200 77
180.152.99.73 - - [01/Feb/2022:12:12:35 +0800] "POST /xingrg/dwr/call/plaincall/AjaxCheckService.setItemNumber.dwr HTTP/1.1" 200 77
180.152.99.73 - - [01/Feb/2022:12:12:36 +0800] "POST /xingrg/dwr/call/plaincall/AjaxCheckService.setItemNumber.dwr HTTP/1.1" 200 77
114.88.155.114 - - [01/Feb/2022:12:12:36 +0800] "POST /xingrg/dwr/call/plaincall/AjaxCheckService.setItemNumber.dwr HTTP/1.1" 200 77
180.152.99.73 - - [01/Feb/2022:12:12:36 +0800] "POST /xingrg/dwr/call/plaincall/AjaxCheckService.setItemNumber.dwr HTTP/1.1" 200 77
114.88.155.114 - - [01/Feb/2022:12:12:37 +0800] "POST /xingrg/dwr/call/plaincall/AjaxCheckService.setItemNumber.dwr HTTP/1.1" 200 77
114.88.155.114 - - [01/Feb/2022:12:12:38 +0800] "POST /xingrg/dwr/call/plaincall/AjaxCheckService.setItemNumber.dwr HTTP/1.1" 200 77
114.88.155.114 - - [01/Feb/2022:12:12:38 +0800] "POST /xingrg/dwr/call/plaincall/AjaxCheckService.setItemNumber.dwr HTTP/1.1" 200 77
222.70.243.96 - - [01/Feb/2022:12:12:39 +0800] "GET /xingrg/kc/base/wldb_order_operate.html?command=get_materiel&rest_code=00146&base_code=0010069&code=00101008313 HTTP/1.1" 200 435
180.152.99.73 - - [01/Feb/2022:12:12:39 +0800] "POST /xingrg/dwr/call/plaincall/AjaxCheckService.setItemNumber.dwr HTTP/1.1" 200 77
114.88.155.114 - - [01/Feb/2022:12:12:39 +0800] "POST /xingrg/dwr/call/plaincall/AjaxCheckService.setItemNumber.dwr HTTP/1.1" 200 77
180.152.99.73 - - [01/Feb/2022:12:12:40 +0800] "POST /xingrg/dwr/call/plaincall/AjaxCheckService.setItemNumber.dwr HTTP/1.1" 200 77
180.152.99.73 - - [01/Feb/2022:12:12:41 +0800] "POST /xingrg/dwr/call/plaincall/AjaxCheckService.setItemNumber.dwr HTTP/1.1" 200 77
114.88.155.114 - - [01/Feb/2022:12:12:41 +0800] "POST /xingrg/dwr/call/plaincall/AjaxCheckService.setItemNumber.dwr HTTP/1.1" 200 77
222.70.223.103 - - [01/Feb/2022:12:12:41 +0800] "POST /xingrg/services/DataTransmitService HTTP/1.1" 200 524
180.152.99.73 - - [01/Feb/2022:12:12:42 +0800] "POST /xingrg/dwr/call/plaincall/AjaxCheckService.setItemNumber.dwr HTTP/1.1" 200 77
222.70.223.103 - - [01/Feb/2022:12:12:42 +0800] "POST /xingrg/services/DataTransmitService HTTP/1.1" 200 412
180.152.99.73 - - [01/Feb/2022:12:12:43 +0800] "POST /xingrg/dwr/call/plaincall/AjaxCheckService.setItemNumber.dwr HTTP/1.1" 200 77
114.88.155.114 - - [01/Feb/2022:12:12:44 +0800] "POST /xingrg/dwr/call/plaincall/AjaxCheckService.setItemNumber.dwr HTTP/1.1" 200 77
180.152.99.73 - - [01/Feb/2022:12:12:44 +0800] "POST /xingrg/dwr/call/plaincall/AjaxCheckService.setItemNumber.dwr HTTP/1.1" 200 77
114.88.155.114 - - [01/Feb/2022:12:12:45 +0800] "POST /xingrg/dwr/call/plaincall/AjaxCheckService.setItemNumber.dwr HTTP/1.1" 200 77
180.152.99.39 - - [01/Feb/2022:12:12:45 +0800] "GET /xingrg/all/function/internal_message.html?_=1643688687701&CODE_STATE=getMsg HTTP/1.1" 200 27
114.88.155.114 - - [01/Feb/2022:12:12:45 +0800] "POST /xingrg/dwr/call/plaincall/AjaxCheckService.setItemNumber.dwr HTTP/1.1" 200 77
114.88.155.114 - - [01/Feb/2022:12:12:46 +0800] "POST /xingrg/dwr/call/plaincall/AjaxCheckService.setItemNumber.dwr HTTP/1.1" 200 77
114.88.155.114 - - [01/Feb/2022:12:12:47 +0800] "POST /xingrg/dwr/call/plaincall/AjaxCheckService.setItemNumber.dwr HTTP/1.1" 200 77
114.88.155.114 - - [01/Feb/2022:12:12:48 +0800] "POST /xingrg/dwr/call/plaincall/AjaxCheckService.setItemNumber.dwr HTTP/1.1" 200 77
180.152.99.73 - - [01/Feb/2022:12:12:48 +0800] "POST /xingrg/dwr/call/plaincall/AjaxCheckService.setItemNumber.dwr HTTP/1.1" 200 77
222.70.243.96 - - [01/Feb/2022:12:12:48 +0800] "GET /xingrg/kc/base/wldb_order_operate.html?command=get_materiel&rest_code=00146&base_code=0010069&code=00101008350 HTTP/1.1" 200 430
114.88.155.114 - - [01/Feb/2022:12:12:48 +0800] "POST /xingrg/dwr/call/plaincall/AjaxCheckService.setItemNumber.dwr HTTP/1.1" 200 77
180.152.99.73 - - [01/Feb/2022:12:12:50 +0800] "POST /xingrg/dwr/call/plaincall/AjaxCheckService.setItemNumber.dwr HTTP/1.1" 200 77
114.88.155.114 - - [01/Feb/2022:12:12:50 +0800] "POST /xingrg/dwr/call/plaincall/AjaxCheckService.setItemNumber.dwr HTTP/1.1" 200 77
180.152.99.73 - - [01/Feb/2022:12:12:51 +0800] "POST /xingrg/dwr/call/plaincall/AjaxCheckService.setItemNumber.dwr HTTP/1.1" 200 77
180.152.99.73 - - [01/Feb/2022:12:12:52 +0800] "POST /xingrg/dwr/call/plaincall/AjaxCheckService.setItemNumber.dwr HTTP/1.1" 200 77
180.152.99.73 - - [01/Feb/2022:12:12:52 +0800] "POST /xingrg/dwr/call/plaincall/AjaxCheckService.setItemNumber.dwr HTTP/1.1" 200 77
180.152.99.73 - - [01/Feb/2022:12:12:52 +0800] "POST /xingrg/dwr/call/plaincall/AjaxCheckService.setItemNumber.dwr HTTP/1.1" 200 77
58.39.168.32 - - [01/Feb/2022:12:12:53 +0800] "GET /xingrg/all/function/internal_message.html?_=1643688772831&CODE_STATE=getMsg HTTP/1.1" 200 27
114.88.155.114 - - [01/Feb/2022:12:12:53 +0800] "POST /xingrg/dwr/call/plaincall/AjaxCheckService.setItemNumber.dwr HTTP/1.1" 200 77
114.88.155.114 - - [01/Feb/2022:12:12:53 +0800] "POST /xingrg/dwr/call/plaincall/AjaxCheckService.setItemNumber.dwr HTTP/1.1" 200 77
180.152.99.73 - - [01/Feb/2022:12:12:54 +0800] "POST /xingrg/dwr/call/plaincall/AjaxCheckService.setItemNumber.dwr HTTP/1.1" 200 77
114.88.155.114 - - [01/Feb/2022:12:12:54 +0800] "POST /xingrg/dwr/call/plaincall/AjaxCheckService.setItemNumber.dwr HTTP/1.1" 200 77
61.170.233.189 - - [01/Feb/2022:12:12:54 +0800] "GET /xingrg/all/function/internal_message.html?_=1643688773090&CODE_STATE=getMsg HTTP/1.1" 200 27
114.88.155.114 - - [01/Feb/2022:12:12:54 +0800] "POST /xingrg/dwr/call/plaincall/AjaxCheckService.setItemNumber.dwr HTTP/1.1" 200 77
180.152.99.73 - - [01/Feb/2022:12:12:55 +0800] "POST /xingrg/dwr/call/plaincall/AjaxCheckService.setItemNumber.dwr HTTP/1.1" 200 77
180.152.99.73 - - [01/Feb/2022:12:12:56 +0800] "POST /xingrg/dwr/call/plaincall/AjaxCheckService.setItemNumber.dwr HTTP/1.1" 200 77
114.88.155.114 - - [01/Feb/2022:12:12:57 +0800] "POST /xingrg/dwr/call/plaincall/AjaxCheckService.setItemNumber.dwr HTTP/1.1" 200 77
180.152.99.73 - - [01/Feb/2022:12:12:57 +0800] "POST /xingrg/dwr/call/plaincall/AjaxCheckService.setItemNumber.dwr HTTP/1.1" 200 77
114.88.155.114 - - [01/Feb/2022:12:12:58 +0800] "POST /xingrg/dwr/call/plaincall/AjaxCheckService.setItemNumber.dwr HTTP/1.1" 200 77
114.88.155.114 - - [01/Feb/2022:12:12:58 +0800] "POST /xingrg/dwr/call/plaincall/AjaxCheckService.setItemNumber.dwr HTTP/1.1" 200 77
180.152.99.73 - - [01/Feb/2022:12:12:58 +0800] "POST /xingrg/dwr/call/plaincall/AjaxCheckService.setItemNumber.dwr HTTP/1.1" 200 77
222.70.243.96 - - [01/Feb/2022:12:12:59 +0800] "GET /xingrg/kc/base/wldb_order_operate.html?command=get_materiel&rest_code=00146&base_code=0010069&code=00101008351 HTTP/1.1" 200 430
114.88.155.114 - - [01/Feb/2022:12:12:59 +0800] "POST /xingrg/dwr/call/plaincall/AjaxCheckService.setItemNumber.dwr HTTP/1.1" 200 77
114.88.155.114 - - [01/Feb/2022:12:13:00 +0800] "POST /xingrg/dwr/call/plaincall/AjaxCheckService.setItemNumber.dwr HTTP/1.1" 200 77
114.88.155.114 - - [01/Feb/2022:12:13:00 +0800] "POST /xingrg/dwr/call/plaincall/AjaxCheckService.setItemNumber.dwr HTTP/1.1" 200 77
114.88.155.114 - - [01/Feb/2022:12:13:03 +0800] "POST /xingrg/dwr/call/plaincall/AjaxCheckService.setItemNumber.dwr HTTP/1.1" 200 77
114.88.155.114 - - [01/Feb/2022:12:13:04 +0800] "POST /xingrg/dwr/call/plaincall/AjaxCheckService.setItemNumber.dwr HTTP/1.1" 200 77
114.88.155.114 - - [01/Feb/2022:12:13:05 +0800] "POST /xingrg/dwr/call/plaincall/AjaxCheckService.setItemNumber.dwr HTTP/1.1" 200 77
180.152.99.73 - - [01/Feb/2022:12:13:05 +0800] "POST /xingrg/dwr/call/plaincall/AjaxCheckService.setItemNumber.dwr HTTP/1.1" 200 77
222.70.243.96 - - [01/Feb/2022:12:13:05 +0800] "GET /xingrg/all/function/internal_message.html?_=1643688790000&CODE_STATE=getMsg HTTP/1.1" 302 -
114.88.155.114 - - [01/Feb/2022:12:13:06 +0800] "POST /xingrg/dwr/call/plaincall/AjaxCheckService.setItemNumber.dwr HTTP/1.1" 200 77
114.88.155.114 - - [01/Feb/2022:12:13:06 +0800] "POST /xingrg/dwr/call/plaincall/AjaxCheckService.setItemNumber.dwr HTTP/1.1" 200 77
180.152.99.73 - - [01/Feb/2022:12:13:06 +0800] "POST /xingrg/dwr/call/plaincall/AjaxCheckService.setItemNumber.dwr HTTP/1.1" 200 77
222.70.176.73 - - [01/Feb/2022:12:13:07 +0800] "GET /xingrg/all/function/internal_message.html?_=1643688785412&CODE_STATE=getMsg HTTP/1.1" 200 27
180.152.99.73 - - [01/Feb/2022:12:13:07 +0800] "POST /xingrg/dwr/call/plaincall/AjaxCheckService.setItemNumber.dwr HTTP/1.1" 200 77
180.152.99.73 - - [01/Feb/2022:12:13:08 +0800] "POST /xingrg/dwr/call/plaincall/AjaxCheckService.setItemNumber.dwr HTTP/1.1" 200 77
180.152.99.73 - - [01/Feb/2022:12:13:08 +0800] "POST /xingrg/dwr/call/plaincall/AjaxCheckService.setItemNumber.dwr HTTP/1.1" 200 77
101.85.53.167 - - [01/Feb/2022:12:13:09 +0800] "GET /xingrg/kc/buy/buy_main.html HTTP/1.1" 200 12412
114.88.155.114 - - [01/Feb/2022:12:13:09 +0800] "POST /xingrg/dwr/call/plaincall/AjaxCheckService.setItemNumber.dwr HTTP/1.1" 200 77
101.85.53.167 - - [01/Feb/2022:12:13:09 +0800] "GET /xingrg/css/new_ie.css HTTP/1.1" 404 1036
180.152.99.73 - - [01/Feb/2022:12:13:10 +0800] "POST /xingrg/dwr/call/plaincall/AjaxCheckService.setItemNumber.dwr HTTP/1.1" 200 77
114.88.155.114 - - [01/Feb/2022:12:13:10 +0800] "GET /xingrg/all/function/internal_message.html?_=1643688580098&CODE_STATE=getMsg HTTP/1.1" 200 27
116.235.92.83 - - [01/Feb/2022:12:13:10 +0800] "GET /xingrg/all/function/internal_message.html?_=1643688933447&CODE_STATE=getMsg HTTP/1.1" 200 27
180.152.99.73 - - [01/Feb/2022:12:13:10 +0800] "POST /xingrg/dwr/call/plaincall/AjaxCheckService.setItemNumber.dwr HTTP/1.1" 200 77
101.85.53.167 - - [01/Feb/2022:12:13:11 +0800] "GET /xingrg/images/yd/bt.gif HTTP/1.1" 404 1040
101.85.53.167 - - [01/Feb/2022:12:13:11 +0800] "GET /xingrg/kc/buy/cgsh_order_list.html HTTP/1.1" 200 49826
180.152.99.73 - - [01/Feb/2022:12:13:11 +0800] "POST /xingrg/dwr/call/plaincall/AjaxCheckService.setItemNumber.dwr HTTP/1.1" 200 77
114.88.155.114 - - [01/Feb/2022:12:13:12 +0800] "POST /xingrg/dwr/call/plaincall/AjaxCheckService.setItemNumber.dwr HTTP/1.1" 200 77
180.152.99.73 - - [01/Feb/2022:12:13:12 +0800] "POST /xingrg/dwr/call/plaincall/AjaxCheckService.setItemNumber.dwr HTTP/1.1" 200 77
114.88.155.114 - - [01/Feb/2022:12:13:13 +0800] "POST /xingrg/dwr/call/plaincall/AjaxCheckService.setItemNumber.dwr HTTP/1.1" 200 77
101.85.53.167 - - [01/Feb/2022:12:13:13 +0800] "POST /xingrg/kc/buy/cgsh_list_operate.html HTTP/1.1" 200 876
180.152.99.73 - - [01/Feb/2022:12:13:13 +0800] "POST /xingrg/dwr/call/plaincall/AjaxCheckService.setItemNumber.dwr HTTP/1.1" 200 77
222.70.243.96 - - [01/Feb/2022:12:13:13 +0800] "GET /xingrg/kc/base/wldb_order_operate.html?command=get_materiel&rest_code=00146&base_code=0010069&code=00101008352 HTTP/1.1" 200 433
180.152.99.73 - - [01/Feb/2022:12:13:13 +0800] "POST /xingrg/dwr/call/plaincall/AjaxCheckService.setItemNumber.dwr HTTP/1.1" 200 77
180.152.99.73 - - [01/Feb/2022:12:13:14 +0800] "POST /xingrg/dwr/call/plaincall/AjaxCheckService.setItemNumber.dwr HTTP/1.1" 200 77
180.152.99.73 - - [01/Feb/2022:12:13:15 +0800] "POST /xingrg/dwr/call/plaincall/AjaxCheckService.setItemNumber.dwr HTTP/1.1" 200 77
114.88.155.114 - - [01/Feb/2022:12:13:15 +0800] "POST /xingrg/dwr/call/plaincall/AjaxCheckService.setItemNumber.dwr HTTP/1.1" 200 77
116.239.131.195 - - [01/Feb/2022:12:13:16 +0800] "GET /xingrg/all/function/internal_message.html?_=1643688815151&CODE_STATE=getMsg HTTP/1.1" 200 27
180.152.99.73 - - [01/Feb/2022:12:13:16 +0800] "GET /xingrg/all/function/internal_message.html?_=1643688795194&CODE_STATE=getMsg HTTP/1.1" 200 27
114.88.155.114 - - [01/Feb/2022:12:13:16 +0800] "POST /xingrg/dwr/call/plaincall/AjaxCheckService.setItemNumber.dwr HTTP/1.1" 200 77
114.88.155.114 - - [01/Feb/2022:12:13:17 +0800] "POST /xingrg/dwr/call/plaincall/AjaxCheckService.setItemNumber.dwr HTTP/1.1" 200 77
114.88.155.114 - - [01/Feb/2022:12:13:18 +0800] "POST /xingrg/dwr/call/plaincall/AjaxCheckService.setItemNumber.dwr HTTP/1.1" 200 77
114.88.155.114 - - [01/Feb/2022:12:13:18 +0800] "POST /xingrg/dwr/call/plaincall/AjaxCheckService.setItemNumber.dwr HTTP/1.1" 200 77
101.85.53.167 - - [01/Feb/2022:12:13:19 +0800] "GET /xingrg/all/function/internal_message.html?_=1643688794163&CODE_STATE=getMsg HTTP/1.1" 200 27
101.85.53.167 - - [01/Feb/2022:12:13:19 +0800] "GET /xingrg/javascript/auto/indicator.gif HTTP/1.1" 404 1066
222.70.243.96 - - [01/Feb/2022:12:13:19 +0800] "POST /xingrg/kc/base/wldb_order_operate.html HTTP/1.1" 200 1710
114.88.155.114 - - [01/Feb/2022:12:13:21 +0800] "POST /xingrg/dwr/call/plaincall/AjaxCheckService.setItemNumber.dwr HTTP/1.1" 200 77
114.88.155.114 - - [01/Feb/2022:12:13:22 +0800] "POST /xingrg/dwr/call/plaincall/AjaxCheckService.setItemNumber.dwr HTTP/1.1" 200 77
180.152.99.73 - - [01/Feb/2022:12:13:22 +0800] "POST /xingrg/dwr/call/plaincall/AjaxCheckService.setItemNumber.dwr HTTP/1.1" 200 77
114.88.155.114 - - [01/Feb/2022:12:13:22 +0800] "POST /xingrg/dwr/call/plaincall/AjaxCheckService.setItemNumber.dwr HTTP/1.1" 200 77
101.85.53.167 - - [01/Feb/2022:12:13:22 +0800] "GET /xingrg/javascript/jquery_tools/images/next.gif HTTP/1.1" 404 1086
101.85.53.167 - - [01/Feb/2022:12:13:22 +0800] "GET /xingrg/javascript/jquery_tools/images/prev.gif HTTP/1.1" 404 1086
114.88.155.114 - - [01/Feb/2022:12:13:23 +0800] "POST /xingrg/dwr/call/plaincall/AjaxCheckService.setItemNumber.dwr HTTP/1.1" 200 77
222.70.243.96 - - [01/Feb/2022:12:13:24 +0800] "GET /xingrg/all/function/internal_message.html?_=1643688809284&CODE_STATE=getMsg HTTP/1.1" 200 27
114.88.155.114 - - [01/Feb/2022:12:13:24 +0800] "POST /xingrg/dwr/call/plaincall/AjaxCheckService.setItemNumber.dwr HTTP/1.1" 200 77
222.70.243.96 - - [01/Feb/2022:12:13:25 +0800] "GET /xingrg/kc/base/wldb_order_operate.html?command=get_materiel&rest_code=00146&base_code=0010069&code=00101008353 HTTP/1.1" 200 431
114.88.155.114 - - [01/Feb/2022:12:13:27 +0800] "POST /xingrg/dwr/call/plaincall/AjaxCheckService.setItemNumber.dwr HTTP/1.1" 200 77
114.88.155.114 - - [01/Feb/2022:12:13:28 +0800] "POST /xingrg/dwr/call/plaincall/AjaxCheckService.setItemNumber.dwr HTTP/1.1" 200 77
114.88.155.114 - - [01/Feb/2022:12:13:28 +0800] "POST /xingrg/dwr/call/plaincall/AjaxCheckService.setItemNumber.dwr HTTP/1.1" 200 77
114.88.155.114 - - [01/Feb/2022:12:13:29 +0800] "POST /xingrg/dwr/call/plaincall/AjaxCheckService.setItemNumber.dwr HTTP/1.1" 200 77
180.152.99.73 - - [01/Feb/2022:12:13:30 +0800] "POST /xingrg/dwr/call/plaincall/AjaxCheckService.setItemNumber.dwr HTTP/1.1" 200 77
114.88.155.114 - - [01/Feb/2022:12:13:30 +0800] "POST /xingrg/dwr/call/plaincall/AjaxCheckService.setItemNumber.dwr HTTP/1.1" 200 77
114.88.155.114 - - [01/Feb/2022:12:13:31 +0800] "POST /xingrg/dwr/call/plaincall/AjaxCheckService.setItemNumber.dwr HTTP/1.1" 200 77
180.152.99.73 - - [01/Feb/2022:12:13:31 +0800] "POST /xingrg/dwr/call/plaincall/AjaxCheckService.setItemNumber.dwr HTTP/1.1" 200 77
58.39.168.32 - - [01/Feb/2022:12:13:31 +0800] "GET /xingrg/all/function/internal_message.html?_=1643688749076&CODE_STATE=getMsg HTTP/1.1" 200 27
180.152.99.73 - - [01/Feb/2022:12:13:32 +0800] "POST /xingrg/dwr/call/plaincall/AjaxCheckService.setItemNumber.dwr HTTP/1.1" 200 77
222.70.223.103 - - [01/Feb/2022:12:13:32 +0800] "GET /xingrg/index.html?sysBaseUrl=http%3A%2F%2F180.169.147.146%3A18081%2Fxingrg%2F&costTime=1277×tamp=1606817596806 HTTP/1.1" 302 -
222.70.223.103 - - [01/Feb/2022:12:13:32 +0800] "GET /xingrg/login.html HTTP/1.1" 200 7641
180.152.99.73 - - [01/Feb/2022:12:13:33 +0800] "POST /xingrg/dwr/call/plaincall/AjaxCheckService.setItemNumber.dwr HTTP/1.1" 200 77
222.70.223.103 - - [01/Feb/2022:12:13:33 +0800] "GET /favicon.ico HTTP/1.1" 404 -
114.88.155.114 - - [01/Feb/2022:12:13:33 +0800] "POST /xingrg/dwr/call/plaincall/AjaxCheckService.setItemNumber.dwr HTTP/1.1" 200 77
180.152.99.73 - - [01/Feb/2022:12:13:34 +0800] "POST /xingrg/dwr/call/plaincall/AjaxCheckService.setItemNumber.dwr HTTP/1.1" 200 77
114.88.155.114 - - [01/Feb/2022:12:13:34 +0800] "POST /xingrg/dwr/call/plaincall/AjaxCheckService.setItemNumber.dwr HTTP/1.1" 200 77
114.88.155.114 - - [01/Feb/2022:12:13:35 +0800] "POST /xingrg/dwr/call/plaincall/AjaxCheckService.setItemNumber.dwr HTTP/1.1" 200 77
