180.157.251.97 - - [01/Feb/2022:10:23:12 +0800] "GET /xingrg/dwr/interface/AjaxComOrderService.js HTTP/1.1" 200 18264
180.157.251.97 - - [01/Feb/2022:10:23:12 +0800] "GET /xingrg/dwr/engine.js HTTP/1.1" 200 43631
180.157.251.97 - - [01/Feb/2022:10:23:12 +0800] "POST /xingrg/dwr/call/plaincall/AjaxCheckService.loadOrderItems.dwr HTTP/1.1" 200 51038
180.157.251.97 - - [01/Feb/2022:10:23:16 +0800] "POST /xingrg/dwr/call/plaincall/AjaxCheckService.setItemNumber.dwr HTTP/1.1" 200 76
180.157.251.97 - - [01/Feb/2022:10:23:16 +0800] "POST /xingrg/dwr/call/plaincall/AjaxCheckService.setItemNumber.dwr HTTP/1.1" 200 76
180.157.251.97 - - [01/Feb/2022:10:23:17 +0800] "POST /xingrg/dwr/call/plaincall/AjaxCheckService.setItemNumber.dwr HTTP/1.1" 200 76
180.157.251.97 - - [01/Feb/2022:10:23:17 +0800] "POST /xingrg/dwr/call/plaincall/AjaxCheckService.setItemNumber.dwr HTTP/1.1" 200 76
180.157.251.97 - - [01/Feb/2022:10:23:18 +0800] "POST /xingrg/dwr/call/plaincall/AjaxCheckService.setItemNumber.dwr HTTP/1.1" 200 76
116.239.131.195 - - [01/Feb/2022:10:23:18 +0800] "POST /xingrg/kc/base/wldb_order_operate.html HTTP/1.1" 200 37
180.157.251.97 - - [01/Feb/2022:10:23:18 +0800] "POST /xingrg/dwr/call/plaincall/AjaxCheckService.setItemNumber.dwr HTTP/1.1" 200 76
116.239.131.195 - - [01/Feb/2022:10:23:18 +0800] "POST /xingrg/kc/base/wldb_order_operate.html HTTP/1.1" 200 6537
116.239.131.195 - - [01/Feb/2022:10:23:19 +0800] "GET /xingrg/kc/base/wldb_order_info.html?code=422022020100011 HTTP/1.1" 200 30323
116.239.131.195 - - [01/Feb/2022:10:23:22 +0800] "POST /xingrg/kc/base/wldb_order_operate.html HTTP/1.1" 200 6537
116.239.131.195 - - [01/Feb/2022:10:23:22 +0800] "GET /xingrg/javascript/easyui/themes/default/validatebox.css HTTP/1.1" 404 1104
180.157.251.97 - - [01/Feb/2022:10:23:24 +0800] "POST /xingrg/dwr/call/plaincall/AjaxCheckService.setItemNumber.dwr HTTP/1.1" 200 76
116.239.131.195 - - [01/Feb/2022:10:23:25 +0800] "GET /xingrg/kc/base/wldb_order_add.html HTTP/1.1" 200 30308
116.239.131.195 - - [01/Feb/2022:10:23:27 +0800] "POST /xingrg/kc/base/wldb_order_operate.html HTTP/1.1" 200 6806
116.239.131.195 - - [01/Feb/2022:10:23:27 +0800] "GET /xingrg/javascript/easyui/themes/default/validatebox.css HTTP/1.1" 404 1104
222.70.243.96 - - [01/Feb/2022:10:23:28 +0800] "GET /xingrg/check_reg.html?_=1643682213226 HTTP/1.1" 200 22
116.239.131.195 - - [01/Feb/2022:10:23:28 +0800] "POST /xingrg/all/common/load_combo.html?type=base HTTP/1.1" 200 3233
180.157.251.97 - - [01/Feb/2022:10:23:31 +0800] "POST /xingrg/dwr/call/plaincall/AjaxCheckService.setItemNumber.dwr HTTP/1.1" 200 76
180.157.251.97 - - [01/Feb/2022:10:23:32 +0800] "POST /xingrg/dwr/call/plaincall/AjaxCheckService.setItemNumber.dwr HTTP/1.1" 200 76
180.157.251.97 - - [01/Feb/2022:10:23:32 +0800] "POST /xingrg/dwr/call/plaincall/AjaxCheckService.setItemNumber.dwr HTTP/1.1" 200 77
180.157.251.97 - - [01/Feb/2022:10:23:32 +0800] "POST /xingrg/dwr/call/plaincall/AjaxCheckService.setItemNumber.dwr HTTP/1.1" 200 77
180.157.251.97 - - [01/Feb/2022:10:23:33 +0800] "POST /xingrg/dwr/call/plaincall/AjaxCheckService.setItemNumber.dwr HTTP/1.1" 200 77
116.239.131.195 - - [01/Feb/2022:10:23:34 +0800] "POST /xingrg/all/common/load_combo.html?type=base HTTP/1.1" 200 3233
222.70.243.96 - - [01/Feb/2022:10:23:34 +0800] "GET /xingrg/all/function/internal_message.html?_=1643682219008&CODE_STATE=getMsg HTTP/1.1" 200 27
180.157.251.97 - - [01/Feb/2022:10:23:38 +0800] "POST /xingrg/dwr/call/plaincall/AjaxCheckService.setItemNumber.dwr HTTP/1.1" 200 77
180.157.251.97 - - [01/Feb/2022:10:23:38 +0800] "POST /xingrg/dwr/call/plaincall/AjaxCheckService.setItemNumber.dwr HTTP/1.1" 200 77
222.70.243.96 - - [01/Feb/2022:10:23:38 +0800] "GET /xingrg/kc/base/wldb_order_operate.html?command=get_materiel&rest_code=00146&base_code=0010070&code=00101010282 HTTP/1.1" 200 436
180.157.251.97 - - [01/Feb/2022:10:23:38 +0800] "POST /xingrg/dwr/call/plaincall/AjaxCheckService.setItemNumber.dwr HTTP/1.1" 200 77
180.157.251.97 - - [01/Feb/2022:10:23:39 +0800] "POST /xingrg/dwr/call/plaincall/AjaxCheckService.setItemNumber.dwr HTTP/1.1" 200 77
58.40.7.146 - - [01/Feb/2022:10:23:39 +0800] "GET /xingrg/all/function/internal_message.html?_=1643682218543&CODE_STATE=getMsg HTTP/1.1" 200 27
180.157.251.97 - - [01/Feb/2022:10:23:39 +0800] "POST /xingrg/dwr/call/plaincall/AjaxCheckService.setItemNumber.dwr HTTP/1.1" 200 77
180.157.251.97 - - [01/Feb/2022:10:23:40 +0800] "POST /xingrg/dwr/call/plaincall/AjaxCheckService.setItemNumber.dwr HTTP/1.1" 200 77
180.157.251.97 - - [01/Feb/2022:10:23:40 +0800] "POST /xingrg/dwr/call/plaincall/AjaxCheckService.setItemNumber.dwr HTTP/1.1" 200 77
180.157.251.97 - - [01/Feb/2022:10:23:41 +0800] "POST /xingrg/dwr/call/plaincall/AjaxCheckService.setItemNumber.dwr HTTP/1.1" 200 77
180.157.251.97 - - [01/Feb/2022:10:23:42 +0800] "POST /xingrg/dwr/call/plaincall/AjaxCheckService.setItemNumber.dwr HTTP/1.1" 200 77
180.152.99.39 - - [01/Feb/2022:10:23:42 +0800] "GET /xingrg/all/function/internal_message.html?_=1643682145436&CODE_STATE=getMsg HTTP/1.1" 200 27
180.157.251.97 - - [01/Feb/2022:10:23:44 +0800] "POST /xingrg/dwr/call/plaincall/AjaxCheckService.setItemNumber.dwr HTTP/1.1" 200 77
180.157.251.97 - - [01/Feb/2022:10:23:44 +0800] "POST /xingrg/dwr/call/plaincall/AjaxCheckService.setItemNumber.dwr HTTP/1.1" 200 77
180.157.251.97 - - [01/Feb/2022:10:23:46 +0800] "POST /xingrg/dwr/call/plaincall/AjaxCheckService.setItemNumber.dwr HTTP/1.1" 200 77
180.157.251.97 - - [01/Feb/2022:10:23:47 +0800] "POST /xingrg/dwr/call/plaincall/AjaxCheckService.setItemNumber.dwr HTTP/1.1" 200 77
180.157.251.97 - - [01/Feb/2022:10:23:47 +0800] "POST /xingrg/dwr/call/plaincall/AjaxCheckService.setItemNumber.dwr HTTP/1.1" 200 77
180.157.251.97 - - [01/Feb/2022:10:23:48 +0800] "POST /xingrg/dwr/call/plaincall/AjaxCheckService.setItemNumber.dwr HTTP/1.1" 200 77
180.157.251.97 - - [01/Feb/2022:10:23:48 +0800] "POST /xingrg/dwr/call/plaincall/AjaxCheckService.setItemNumber.dwr HTTP/1.1" 200 77
180.157.251.97 - - [01/Feb/2022:10:23:48 +0800] "POST /xingrg/dwr/call/plaincall/AjaxCheckService.setItemNumber.dwr HTTP/1.1" 200 77
180.157.251.97 - - [01/Feb/2022:10:23:49 +0800] "POST /xingrg/dwr/call/plaincall/AjaxCheckService.setItemNumber.dwr HTTP/1.1" 200 77
180.157.251.97 - - [01/Feb/2022:10:23:50 +0800] "POST /xingrg/dwr/call/plaincall/AjaxCheckService.setItemNumber.dwr HTTP/1.1" 200 77
180.157.251.97 - - [01/Feb/2022:10:23:50 +0800] "POST /xingrg/dwr/call/plaincall/AjaxCheckService.setItemNumber.dwr HTTP/1.1" 200 77
180.157.251.97 - - [01/Feb/2022:10:23:50 +0800] "POST /xingrg/dwr/call/plaincall/AjaxCheckService.setItemNumber.dwr HTTP/1.1" 200 77
180.157.251.97 - - [01/Feb/2022:10:23:51 +0800] "POST /xingrg/dwr/call/plaincall/AjaxCheckService.setItemNumber.dwr HTTP/1.1" 200 77
180.157.251.97 - - [01/Feb/2022:10:23:51 +0800] "POST /xingrg/dwr/call/plaincall/AjaxCheckService.setItemNumber.dwr HTTP/1.1" 200 77
180.157.251.97 - - [01/Feb/2022:10:23:52 +0800] "POST /xingrg/dwr/call/plaincall/AjaxCheckService.setItemNumber.dwr HTTP/1.1" 200 77
180.157.251.97 - - [01/Feb/2022:10:23:52 +0800] "POST /xingrg/dwr/call/plaincall/AjaxCheckService.setItemNumber.dwr HTTP/1.1" 200 77
180.157.251.97 - - [01/Feb/2022:10:23:53 +0800] "POST /xingrg/dwr/call/plaincall/AjaxCheckService.setItemNumber.dwr HTTP/1.1" 200 77
180.157.251.97 - - [01/Feb/2022:10:23:53 +0800] "POST /xingrg/dwr/call/plaincall/AjaxCheckService.setItemNumber.dwr HTTP/1.1" 200 77
180.157.251.97 - - [01/Feb/2022:10:23:54 +0800] "POST /xingrg/dwr/call/plaincall/AjaxCheckService.setItemNumber.dwr HTTP/1.1" 200 77
116.239.131.195 - - [01/Feb/2022:10:23:55 +0800] "GET /xingrg/all/function/internal_message.html?_=1643682254593&CODE_STATE=getMsg HTTP/1.1" 200 27
61.170.233.189 - - [01/Feb/2022:10:23:57 +0800] "GET /xingrg/all/function/internal_message.html?_=1643682235662&CODE_STATE=getMsg HTTP/1.1" 200 27
180.157.251.97 - - [01/Feb/2022:10:23:58 +0800] "POST /xingrg/dwr/call/plaincall/AjaxCheckService.setItemNumber.dwr HTTP/1.1" 200 77
222.70.243.96 - - [01/Feb/2022:10:24:00 +0800] "GET /xingrg/kc/base/wldb_order_operate.html?command=get_materiel&rest_code=00146&base_code=0010070&code=00101013075 HTTP/1.1" 200 439
180.157.251.97 - - [01/Feb/2022:10:24:00 +0800] "POST /xingrg/dwr/call/plaincall/AjaxCheckService.setItemNumber.dwr HTTP/1.1" 200 77
180.157.251.97 - - [01/Feb/2022:10:24:01 +0800] "POST /xingrg/dwr/call/plaincall/AjaxCheckService.setItemNumber.dwr HTTP/1.1" 200 77
180.157.251.97 - - [01/Feb/2022:10:24:02 +0800] "POST /xingrg/dwr/call/plaincall/AjaxCheckService.setItemNumber.dwr HTTP/1.1" 200 77
180.157.251.97 - - [01/Feb/2022:10:24:02 +0800] "POST /xingrg/dwr/call/plaincall/AjaxCheckService.setItemNumber.dwr HTTP/1.1" 200 77
180.157.251.97 - - [01/Feb/2022:10:24:02 +0800] "POST /xingrg/dwr/call/plaincall/AjaxCheckService.setItemNumber.dwr HTTP/1.1" 200 77
180.157.251.97 - - [01/Feb/2022:10:24:03 +0800] "POST /xingrg/dwr/call/plaincall/AjaxCheckService.setItemNumber.dwr HTTP/1.1" 200 77
222.70.243.96 - - [01/Feb/2022:10:24:03 +0800] "GET /xingrg/all/function/internal_message.html?_=1643682247508&CODE_STATE=getMsg HTTP/1.1" 302 -
180.157.251.97 - - [01/Feb/2022:10:24:03 +0800] "POST /xingrg/dwr/call/plaincall/AjaxCheckService.setItemNumber.dwr HTTP/1.1" 200 77
222.70.243.96 - - [01/Feb/2022:10:24:05 +0800] "GET /xingrg/check_reg.html?_=1643682250110 HTTP/1.1" 302 -
222.70.176.73 - - [01/Feb/2022:10:24:09 +0800] "GET /xingrg/all/function/internal_message.html?_=1643682247405&CODE_STATE=getMsg HTTP/1.1" 200 27
180.157.251.97 - - [01/Feb/2022:10:24:09 +0800] "POST /xingrg/dwr/call/plaincall/AjaxCheckService.setItemNumber.dwr HTTP/1.1" 200 77
180.157.251.97 - - [01/Feb/2022:10:24:10 +0800] "POST /xingrg/dwr/call/plaincall/AjaxCheckService.setItemNumber.dwr HTTP/1.1" 200 77
116.235.92.83 - - [01/Feb/2022:10:24:10 +0800] "GET /xingrg/all/function/internal_message.html?_=1643682393375&CODE_STATE=getMsg HTTP/1.1" 200 27
180.157.251.97 - - [01/Feb/2022:10:24:10 +0800] "POST /xingrg/dwr/call/plaincall/AjaxCheckService.setItemNumber.dwr HTTP/1.1" 200 77
61.170.233.189 - - [01/Feb/2022:10:24:11 +0800] "GET /xingrg/check_reg.html?_=1643682251684 HTTP/1.1" 200 22
222.70.243.96 - - [01/Feb/2022:10:24:11 +0800] "GET /xingrg/kc/base/wldb_order_operate.html?command=get_materiel&rest_code=00146&base_code=0010070&code=00101010063 HTTP/1.1" 200 431
61.170.233.189 - - [01/Feb/2022:10:24:11 +0800] "GET /xingrg/all/function/internal_message.html?_=1643682251829&CODE_STATE=getMsg HTTP/1.1" 200 27
180.157.251.97 - - [01/Feb/2022:10:24:16 +0800] "POST /xingrg/dwr/call/plaincall/AjaxCheckService.setItemNumber.dwr HTTP/1.1" 200 77
180.157.251.97 - - [01/Feb/2022:10:24:19 +0800] "POST /xingrg/dwr/call/plaincall/AjaxCheckService.setItemNumber.dwr HTTP/1.1" 200 77
180.157.251.97 - - [01/Feb/2022:10:24:19 +0800] "POST /xingrg/dwr/call/plaincall/AjaxCheckService.setItemNumber.dwr HTTP/1.1" 200 77
180.157.251.97 - - [01/Feb/2022:10:24:20 +0800] "POST /xingrg/dwr/call/plaincall/AjaxCheckService.setItemNumber.dwr HTTP/1.1" 200 77
180.157.251.97 - - [01/Feb/2022:10:24:20 +0800] "POST /xingrg/dwr/call/plaincall/AjaxCheckService.setItemNumber.dwr HTTP/1.1" 200 77
180.157.251.97 - - [01/Feb/2022:10:24:21 +0800] "POST /xingrg/dwr/call/plaincall/AjaxCheckService.setItemNumber.dwr HTTP/1.1" 200 77
180.157.251.97 - - [01/Feb/2022:10:24:25 +0800] "POST /xingrg/dwr/call/plaincall/AjaxCheckService.setItemNumber.dwr HTTP/1.1" 200 77
180.157.251.97 - - [01/Feb/2022:10:24:27 +0800] "POST /xingrg/dwr/call/plaincall/AjaxCheckService.setItemNumber.dwr HTTP/1.1" 200 77
180.157.251.97 - - [01/Feb/2022:10:24:27 +0800] "POST /xingrg/dwr/call/plaincall/AjaxCheckService.setItemNumber.dwr HTTP/1.1" 200 77
180.157.251.97 - - [01/Feb/2022:10:24:27 +0800] "POST /xingrg/dwr/call/plaincall/AjaxCheckService.setItemNumber.dwr HTTP/1.1" 200 77
180.157.251.97 - - [01/Feb/2022:10:24:28 +0800] "POST /xingrg/dwr/call/plaincall/AjaxCheckService.setItemNumber.dwr HTTP/1.1" 200 77
180.157.251.97 - - [01/Feb/2022:10:24:29 +0800] "POST /xingrg/dwr/call/plaincall/AjaxCheckService.setItemNumber.dwr HTTP/1.1" 200 77
180.157.251.97 - - [01/Feb/2022:10:24:29 +0800] "POST /xingrg/dwr/call/plaincall/AjaxCheckService.setItemNumber.dwr HTTP/1.1" 200 77
180.157.251.97 - - [01/Feb/2022:10:24:29 +0800] "POST /xingrg/dwr/call/plaincall/AjaxCheckService.setItemNumber.dwr HTTP/1.1" 200 77
116.239.131.195 - - [01/Feb/2022:10:24:30 +0800] "GET /favicon.ico HTTP/1.1" 404 -
180.157.251.97 - - [01/Feb/2022:10:24:30 +0800] "POST /xingrg/dwr/call/plaincall/AjaxCheckService.setItemNumber.dwr HTTP/1.1" 200 77
180.157.251.97 - - [01/Feb/2022:10:24:30 +0800] "POST /xingrg/dwr/call/plaincall/AjaxCheckService.setItemNumber.dwr HTTP/1.1" 200 77
222.70.176.73 - - [01/Feb/2022:10:24:30 +0800] "GET /xingrg/check_reg.html?_=1643682268765 HTTP/1.1" 200 22
180.157.251.97 - - [01/Feb/2022:10:24:30 +0800] "POST /xingrg/dwr/call/plaincall/AjaxCheckService.setItemNumber.dwr HTTP/1.1" 200 77
180.157.251.97 - - [01/Feb/2022:10:24:31 +0800] "POST /xingrg/dwr/call/plaincall/AjaxCheckService.setItemNumber.dwr HTTP/1.1" 200 77
222.70.243.96 - - [01/Feb/2022:10:24:34 +0800] "GET /xingrg/all/function/internal_message.html?_=1643682279020&CODE_STATE=getMsg HTTP/1.1" 200 27
180.157.251.97 - - [01/Feb/2022:10:24:34 +0800] "POST /xingrg/dwr/call/plaincall/AjaxCheckService.setItemNumber.dwr HTTP/1.1" 200 77
180.157.251.97 - - [01/Feb/2022:10:24:35 +0800] "POST /xingrg/dwr/call/plaincall/AjaxCheckService.setItemNumber.dwr HTTP/1.1" 200 77
180.157.251.97 - - [01/Feb/2022:10:24:36 +0800] "POST /xingrg/dwr/call/plaincall/AjaxCheckService.setItemNumber.dwr HTTP/1.1" 200 77
180.157.251.97 - - [01/Feb/2022:10:24:36 +0800] "POST /xingrg/dwr/call/plaincall/AjaxCheckService.setItemNumber.dwr HTTP/1.1" 200 77
180.157.251.97 - - [01/Feb/2022:10:24:37 +0800] "POST /xingrg/dwr/call/plaincall/AjaxCheckService.setItemNumber.dwr HTTP/1.1" 200 77
180.157.251.97 - - [01/Feb/2022:10:24:38 +0800] "POST /xingrg/dwr/call/plaincall/AjaxCheckService.setItemNumber.dwr HTTP/1.1" 200 77
180.157.251.97 - - [01/Feb/2022:10:24:38 +0800] "POST /xingrg/dwr/call/plaincall/AjaxCheckService.setItemNumber.dwr HTTP/1.1" 200 77
180.157.251.97 - - [01/Feb/2022:10:24:38 +0800] "POST /xingrg/dwr/call/plaincall/AjaxCheckService.setItemNumber.dwr HTTP/1.1" 200 77
180.157.251.97 - - [01/Feb/2022:10:24:39 +0800] "POST /xingrg/dwr/call/plaincall/AjaxCheckService.setItemNumber.dwr HTTP/1.1" 200 77
58.40.7.146 - - [01/Feb/2022:10:24:39 +0800] "GET /xingrg/all/function/internal_message.html?_=1643682278530&CODE_STATE=getMsg HTTP/1.1" 200 27
180.157.251.97 - - [01/Feb/2022:10:24:39 +0800] "POST /xingrg/dwr/call/plaincall/AjaxCheckService.setItemNumber.dwr HTTP/1.1" 200 77
180.152.99.39 - - [01/Feb/2022:10:24:42 +0800] "GET /xingrg/all/function/internal_message.html?_=1643682205439&CODE_STATE=getMsg HTTP/1.1" 200 27
222.70.243.96 - - [01/Feb/2022:10:24:45 +0800] "GET /xingrg/kc/base/wldb_order_operate.html?command=get_materiel&rest_code=00146&base_code=0010070&code=00101010658 HTTP/1.1" 200 417
116.239.131.195 - - [01/Feb/2022:10:24:46 +0800] "GET /xingrg/check_reg.html?_=1643682305307 HTTP/1.1" 200 22
180.157.251.97 - - [01/Feb/2022:10:24:46 +0800] "GET /xingrg/check_reg.html?_=1643682287353 HTTP/1.1" 200 22
116.239.131.195 - - [01/Feb/2022:10:24:55 +0800] "GET /xingrg/all/function/internal_message.html?_=1643682314604&CODE_STATE=getMsg HTTP/1.1" 200 27
222.70.243.96 - - [01/Feb/2022:10:24:56 +0800] "GET /xingrg/kc/base/wldb_order_operate.html?command=get_materiel&rest_code=00146&base_code=0010070&code=00101010672 HTTP/1.1" 200 418
61.170.233.189 - - [01/Feb/2022:10:24:57 +0800] "GET /xingrg/all/function/internal_message.html?_=1643682295634&CODE_STATE=getMsg HTTP/1.1" 200 27
222.70.243.96 - - [01/Feb/2022:10:25:03 +0800] "GET /xingrg/all/function/internal_message.html?_=1643682307537&CODE_STATE=getMsg HTTP/1.1" 302 -
222.70.176.73 - - [01/Feb/2022:10:25:09 +0800] "GET /xingrg/all/function/internal_message.html?_=1643682307379&CODE_STATE=getMsg HTTP/1.1" 200 27
116.235.92.83 - - [01/Feb/2022:10:25:10 +0800] "GET /xingrg/all/function/internal_message.html?_=1643682453373&CODE_STATE=getMsg HTTP/1.1" 200 27
61.170.233.189 - - [01/Feb/2022:10:25:11 +0800] "GET /xingrg/all/function/internal_message.html?_=1643682311808&CODE_STATE=getMsg HTTP/1.1" 200 27
222.70.243.96 - - [01/Feb/2022:10:25:13 +0800] "GET /xingrg/kc/base/wldb_order_operate.html?command=get_materiel&rest_code=00146&base_code=0010070&code=00101010719 HTTP/1.1" 200 415
222.70.243.96 - - [01/Feb/2022:10:25:19 +0800] "POST /xingrg/kc/base/wldb_order_operate.html HTTP/1.1" 200 1710
222.70.243.96 - - [01/Feb/2022:10:25:25 +0800] "GET /xingrg/kc/base/wldb_order_operate.html?command=get_materiel&rest_code=00146&base_code=0010070&code=00101011001 HTTP/1.1" 200 443
222.70.243.96 - - [01/Feb/2022:10:25:34 +0800] "GET /xingrg/all/function/internal_message.html?_=1643682339117&CODE_STATE=getMsg HTTP/1.1" 200 27
222.70.243.96 - - [01/Feb/2022:10:25:35 +0800] "GET /xingrg/kc/base/wldb_order_operate.html?command=get_materiel&rest_code=00146&base_code=0010070&code=00101011003 HTTP/1.1" 200 432
58.40.7.146 - - [01/Feb/2022:10:25:39 +0800] "GET /xingrg/all/function/internal_message.html?_=1643682338500&CODE_STATE=getMsg HTTP/1.1" 200 27
180.152.99.39 - - [01/Feb/2022:10:25:42 +0800] "GET /xingrg/all/function/internal_message.html?_=1643682265478&CODE_STATE=getMsg HTTP/1.1" 200 27
116.239.131.195 - - [01/Feb/2022:10:25:44 +0800] "GET /xingrg/kc/base/wldb_order_operate.html?command=get_materiel&rest_code=00102&base_code=0010484&code=00101004073 HTTP/1.1" 200 433
222.70.243.96 - - [01/Feb/2022:10:25:45 +0800] "GET /xingrg/kc/base/wldb_order_operate.html?command=get_materiel&rest_code=00146&base_code=0010070&code=00101011005 HTTP/1.1" 200 431
116.239.131.195 - - [01/Feb/2022:10:25:55 +0800] "GET /xingrg/all/function/internal_message.html?_=1643682374618&CODE_STATE=getMsg HTTP/1.1" 200 27
222.70.243.96 - - [01/Feb/2022:10:25:56 +0800] "GET /xingrg/kc/base/wldb_order_operate.html?command=get_materiel&rest_code=00146&base_code=0010070&code=00101012009 HTTP/1.1" 200 438
61.170.233.189 - - [01/Feb/2022:10:25:57 +0800] "GET /xingrg/all/function/internal_message.html?_=1643682355612&CODE_STATE=getMsg HTTP/1.1" 200 27
116.239.131.195 - - [01/Feb/2022:10:26:02 +0800] "GET /xingrg/kc/base/wldb_order_operate.html?command=get_materiel&rest_code=00102&base_code=0010484&code=00101005054 HTTP/1.1" 200 433
222.70.243.96 - - [01/Feb/2022:10:26:03 +0800] "GET /xingrg/all/function/internal_message.html?_=1643682367548&CODE_STATE=getMsg HTTP/1.1" 302 -
222.70.243.96 - - [01/Feb/2022:10:26:08 +0800] "GET /xingrg/kc/base/wldb_order_operate.html?command=get_materiel&rest_code=00146&base_code=0010070&code=00101012010 HTTP/1.1" 200 431
222.70.176.73 - - [01/Feb/2022:10:26:09 +0800] "GET /xingrg/all/function/internal_message.html?_=1643682367361&CODE_STATE=getMsg HTTP/1.1" 200 27
116.235.92.83 - - [01/Feb/2022:10:26:10 +0800] "GET /xingrg/all/function/internal_message.html?_=1643682513372&CODE_STATE=getMsg HTTP/1.1" 200 27
116.235.92.83 - - [01/Feb/2022:10:26:10 +0800] "GET /xingrg/check_reg.html?_=1643682513374 HTTP/1.1" 200 22
61.170.233.189 - - [01/Feb/2022:10:26:11 +0800] "GET /xingrg/all/function/internal_message.html?_=1643682371792&CODE_STATE=getMsg HTTP/1.1" 200 27
222.70.176.73 - - [01/Feb/2022:10:26:12 +0800] "GET /xingrg/kc/buy/cgyd_order_list.html HTTP/1.1" 200 49286
116.239.131.195 - - [01/Feb/2022:10:26:12 +0800] "GET /xingrg/kc/base/wldb_order_operate.html?command=get_materiel&rest_code=00102&base_code=0010484&code=00101006164 HTTP/1.1" 200 436
222.70.176.73 - - [01/Feb/2022:10:26:12 +0800] "POST /xingrg/kc/buy/cgyd_list_operate.html HTTP/1.1" 200 976
222.70.176.73 - - [01/Feb/2022:10:26:18 +0800] "GET /xingrg/kc/buy/cgyd_order_list.html HTTP/1.1" 200 49286
222.70.176.73 - - [01/Feb/2022:10:26:18 +0800] "POST /xingrg/kc/buy/cgyd_list_operate.html HTTP/1.1" 200 976
222.70.243.96 - - [01/Feb/2022:10:26:19 +0800] "GET /xingrg/kc/base/wldb_order_operate.html?command=get_materiel&rest_code=00146&base_code=0010070&code=00101012013 HTTP/1.1" 200 434
222.70.176.73 - - [01/Feb/2022:10:26:19 +0800] "GET /xingrg/kc/buy/cgsh_order_list.html HTTP/1.1" 200 49820
222.70.176.73 - - [01/Feb/2022:10:26:21 +0800] "POST /xingrg/kc/buy/cgsh_list_operate.html HTTP/1.1" 200 876
222.70.176.73 - - [01/Feb/2022:10:26:21 +0800] "GET /xingrg/kc/buy/cgyd_order_list.html HTTP/1.1" 200 49286
116.239.131.195 - - [01/Feb/2022:10:26:21 +0800] "GET /xingrg/kc/base/wldb_order_operate.html?command=get_materiel&rest_code=00102&base_code=0010484&code=00101006249 HTTP/1.1" 200 427
222.70.176.73 - - [01/Feb/2022:10:26:21 +0800] "POST /xingrg/kc/buy/cgyd_list_operate.html HTTP/1.1" 200 976
61.170.233.189 - - [01/Feb/2022:10:26:22 +0800] "GET /xingrg/check_reg.html?_=1643682380856 HTTP/1.1" 200 22
222.70.243.96 - - [01/Feb/2022:10:26:23 +0800] "POST /xingrg/kc/base/wldb_order_operate.html HTTP/1.1" 200 1710
61.170.233.189 - - [01/Feb/2022:10:26:29 +0800] "GET /xingrg/kc/base/wldb_order_operate.html?command=get_materiel&rest_code=00106&base_code=0010239&code=00101006029 HTTP/1.1" 200 431
222.70.243.96 - - [01/Feb/2022:10:26:29 +0800] "GET /xingrg/kc/base/wldb_order_operate.html?command=get_materiel&rest_code=00146&base_code=0010070&code=00101012025 HTTP/1.1" 200 435
222.70.243.96 - - [01/Feb/2022:10:26:34 +0800] "GET /xingrg/all/function/internal_message.html?_=1643682399125&CODE_STATE=getMsg HTTP/1.1" 200 27
116.239.131.195 - - [01/Feb/2022:10:26:35 +0800] "GET /xingrg/kc/base/wldb_order_operate.html?command=get_materiel&rest_code=00102&base_code=0010484&code=00101006309 HTTP/1.1" 200 437
61.170.233.189 - - [01/Feb/2022:10:26:35 +0800] "GET /xingrg/kc/base/wldb_order_operate.html?command=get_materiel&rest_code=00106&base_code=0010239&code=00101006056 HTTP/1.1" 200 436
58.40.7.146 - - [01/Feb/2022:10:26:39 +0800] "GET /xingrg/all/function/internal_message.html?_=1643682398487&CODE_STATE=getMsg HTTP/1.1" 200 27
180.152.99.39 - - [01/Feb/2022:10:26:39 +0800] "GET /xingrg/check_reg.html?_=1643682322329 HTTP/1.1" 200 22
222.70.243.96 - - [01/Feb/2022:10:26:40 +0800] "GET /xingrg/kc/base/wldb_order_operate.html?command=get_materiel&rest_code=00146&base_code=0010070&code=00101012030 HTTP/1.1" 200 437
180.157.251.97 - - [01/Feb/2022:10:26:42 +0800] "POST /xingrg/dwr/call/plaincall/AjaxCheckService.checkOrder.dwr HTTP/1.1" 200 79
222.70.176.73 - - [01/Feb/2022:10:26:42 +0800] "GET /xingrg/kc/base/wldb_order_list.html HTTP/1.1" 200 19098
180.152.99.39 - - [01/Feb/2022:10:26:42 +0800] "GET /xingrg/all/function/internal_message.html?_=1643682325481&CODE_STATE=getMsg HTTP/1.1" 200 27
222.70.176.73 - - [01/Feb/2022:10:26:43 +0800] "POST /xingrg/kc/base/wldb_list_operate.html HTTP/1.1" 200 1774
116.239.131.195 - - [01/Feb/2022:10:26:45 +0800] "GET /xingrg/kc/base/wldb_order_operate.html?command=get_materiel&rest_code=00102&base_code=0010484&code=00101007057 HTTP/1.1" 200 433
180.157.251.97 - - [01/Feb/2022:10:26:45 +0800] "GET /xingrg/kc/base/check_order_info.html?code=452022013100244 HTTP/1.1" 200 22854
180.157.251.97 - - [01/Feb/2022:10:26:45 +0800] "GET /xingrg/dwr/interface/AjaxCheckService.js HTTP/1.1" 200 14003
180.157.251.97 - - [01/Feb/2022:10:26:45 +0800] "GET /xingrg/dwr/interface/AjaxComOrderService.js HTTP/1.1" 200 18264
180.157.251.97 - - [01/Feb/2022:10:26:45 +0800] "GET /xingrg/dwr/engine.js HTTP/1.1" 200 43631
180.157.251.97 - - [01/Feb/2022:10:26:45 +0800] "POST /xingrg/dwr/call/plaincall/AjaxCheckService.loadOrderItems.dwr HTTP/1.1" 200 23253
61.170.233.189 - - [01/Feb/2022:10:26:46 +0800] "GET /xingrg/kc/base/wldb_order_operate.html?command=get_materiel&rest_code=00106&base_code=0010239&code=00101006060 HTTP/1.1" 200 428
180.157.251.97 - - [01/Feb/2022:10:26:46 +0800] "GET /xingrg/kc/base/check_order_list.html?isBack=1 HTTP/1.1" 200 16223
180.157.251.97 - - [01/Feb/2022:10:26:46 +0800] "POST /xingrg/kc/base/check_list_operate.html HTTP/1.1" 200 3216
180.157.251.97 - - [01/Feb/2022:10:26:49 +0800] "GET /xingrg/kc/base/check_order_info.html?code=452022013100241 HTTP/1.1" 200 26514
180.157.251.97 - - [01/Feb/2022:10:26:49 +0800] "GET /xingrg/dwr/interface/AjaxComOrderService.js HTTP/1.1" 200 18264
180.157.251.97 - - [01/Feb/2022:10:26:49 +0800] "GET /xingrg/dwr/interface/AjaxCheckService.js HTTP/1.1" 200 14003
180.157.251.97 - - [01/Feb/2022:10:26:49 +0800] "GET /xingrg/dwr/engine.js HTTP/1.1" 200 43631
180.157.251.97 - - [01/Feb/2022:10:26:49 +0800] "POST /xingrg/dwr/call/plaincall/AjaxCheckService.loadOrderItems.dwr HTTP/1.1" 200 103921
116.239.131.195 - - [01/Feb/2022:10:26:55 +0800] "GET /xingrg/all/function/internal_message.html?_=1643682434632&CODE_STATE=getMsg HTTP/1.1" 200 27
116.239.131.195 - - [01/Feb/2022:10:26:55 +0800] "GET /xingrg/kc/base/wldb_order_operate.html?command=get_materiel&rest_code=00102&base_code=0010484&code=00101007111 HTTP/1.1" 200 438
58.40.7.146 - - [01/Feb/2022:10:26:56 +0800] "GET /xingrg/check_reg.html?_=1643682415082 HTTP/1.1" 200 22
61.170.233.189 - - [01/Feb/2022:10:26:56 +0800] "GET /xingrg/kc/base/wldb_order_operate.html?command=get_materiel&rest_code=00106&base_code=0010239&code=00101006064 HTTP/1.1" 200 441
61.170.233.189 - - [01/Feb/2022:10:26:57 +0800] "GET /xingrg/all/function/internal_message.html?_=1643682415593&CODE_STATE=getMsg HTTP/1.1" 200 27
61.151.207.205 - - [01/Feb/2022:10:26:58 +0800] "GET /xingrg/all/function/internal_message.html?_=1643682355612&CODE_STATE=getMsg HTTP/1.1" 302 -
180.157.251.97 - - [01/Feb/2022:10:26:58 +0800] "POST /xingrg/dwr/call/plaincall/AjaxCheckService.setItemNumber.dwr HTTP/1.1" 200 76
180.157.251.97 - - [01/Feb/2022:10:26:59 +0800] "POST /xingrg/dwr/call/plaincall/AjaxCheckService.setItemNumber.dwr HTTP/1.1" 200 76
180.157.251.97 - - [01/Feb/2022:10:27:00 +0800] "POST /xingrg/dwr/call/plaincall/AjaxCheckService.setItemNumber.dwr HTTP/1.1" 200 76
61.151.207.205 - - [01/Feb/2022:10:27:00 +0800] "GET /xingrg/login.html HTTP/1.1" 200 7641
180.157.251.97 - - [01/Feb/2022:10:27:00 +0800] "POST /xingrg/dwr/call/plaincall/AjaxCheckService.setItemNumber.dwr HTTP/1.1" 200 76
180.157.251.97 - - [01/Feb/2022:10:27:01 +0800] "POST /xingrg/dwr/call/plaincall/AjaxCheckService.setItemNumber.dwr HTTP/1.1" 200 76
180.157.251.97 - - [01/Feb/2022:10:27:01 +0800] "POST /xingrg/dwr/call/plaincall/AjaxCheckService.setItemNumber.dwr HTTP/1.1" 200 76
180.157.251.97 - - [01/Feb/2022:10:27:02 +0800] "POST /xingrg/dwr/call/plaincall/AjaxCheckService.setItemNumber.dwr HTTP/1.1" 200 76
180.157.251.97 - - [01/Feb/2022:10:27:03 +0800] "POST /xingrg/dwr/call/plaincall/AjaxCheckService.setItemNumber.dwr HTTP/1.1" 200 76
222.70.243.96 - - [01/Feb/2022:10:27:03 +0800] "GET /xingrg/all/function/internal_message.html?_=1643682427581&CODE_STATE=getMsg HTTP/1.1" 302 -
180.157.251.97 - - [01/Feb/2022:10:27:03 +0800] "POST /xingrg/dwr/call/plaincall/AjaxCheckService.setItemNumber.dwr HTTP/1.1" 200 76
61.170.233.189 - - [01/Feb/2022:10:27:03 +0800] "GET /xingrg/kc/base/wldb_order_operate.html?command=get_materiel&rest_code=00106&base_code=0010239&code=00101006113 HTTP/1.1" 200 435
180.157.251.97 - - [01/Feb/2022:10:27:03 +0800] "POST /xingrg/dwr/call/plaincall/AjaxCheckService.setItemNumber.dwr HTTP/1.1" 200 77
180.157.251.97 - - [01/Feb/2022:10:27:04 +0800] "POST /xingrg/dwr/call/plaincall/AjaxCheckService.setItemNumber.dwr HTTP/1.1" 200 77
180.157.251.97 - - [01/Feb/2022:10:27:05 +0800] "POST /xingrg/dwr/call/plaincall/AjaxCheckService.setItemNumber.dwr HTTP/1.1" 200 77
116.239.131.195 - - [01/Feb/2022:10:27:05 +0800] "GET /xingrg/kc/base/wldb_order_operate.html?command=get_materiel&rest_code=00102&base_code=0010484&code=00101007125 HTTP/1.1" 200 430
180.157.251.97 - - [01/Feb/2022:10:27:05 +0800] "POST /xingrg/dwr/call/plaincall/AjaxCheckService.setItemNumber.dwr HTTP/1.1" 200 77
180.157.251.97 - - [01/Feb/2022:10:27:06 +0800] "POST /xingrg/dwr/call/plaincall/AjaxCheckService.setItemNumber.dwr HTTP/1.1" 200 77
180.157.251.97 - - [01/Feb/2022:10:27:07 +0800] "POST /xingrg/dwr/call/plaincall/AjaxCheckService.setItemNumber.dwr HTTP/1.1" 200 77
180.157.251.97 - - [01/Feb/2022:10:27:07 +0800] "POST /xingrg/dwr/call/plaincall/AjaxCheckService.setItemNumber.dwr HTTP/1.1" 200 77
180.157.251.97 - - [01/Feb/2022:10:27:08 +0800] "POST /xingrg/dwr/call/plaincall/AjaxCheckService.setItemNumber.dwr HTTP/1.1" 200 77
222.70.176.73 - - [01/Feb/2022:10:27:08 +0800] "GET /xingrg/kc/buy/buy_main.html HTTP/1.1" 200 12412
222.70.176.73 - - [01/Feb/2022:10:27:08 +0800] "GET /xingrg/css/new_ie.css HTTP/1.1" 404 1036
180.157.251.97 - - [01/Feb/2022:10:27:08 +0800] "POST /xingrg/dwr/call/plaincall/AjaxCheckService.setItemNumber.dwr HTTP/1.1" 200 77
180.157.251.97 - - [01/Feb/2022:10:27:09 +0800] "POST /xingrg/dwr/call/plaincall/AjaxCheckService.setItemNumber.dwr HTTP/1.1" 200 77
222.70.176.73 - - [01/Feb/2022:10:27:09 +0800] "GET /xingrg/all/function/internal_message.html?_=1643682427353&CODE_STATE=getMsg HTTP/1.1" 200 27
180.157.251.97 - - [01/Feb/2022:10:27:09 +0800] "POST /xingrg/dwr/call/plaincall/AjaxCheckService.setItemNumber.dwr HTTP/1.1" 200 77
180.157.251.97 - - [01/Feb/2022:10:27:10 +0800] "POST /xingrg/dwr/call/plaincall/AjaxCheckService.setItemNumber.dwr HTTP/1.1" 200 77
116.235.92.83 - - [01/Feb/2022:10:27:10 +0800] "GET /xingrg/all/function/internal_message.html?_=1643682573399&CODE_STATE=getMsg HTTP/1.1" 200 27
180.157.251.97 - - [01/Feb/2022:10:27:10 +0800] "POST /xingrg/dwr/call/plaincall/AjaxCheckService.setItemNumber.dwr HTTP/1.1" 200 77
222.70.176.73 - - [01/Feb/2022:10:27:10 +0800] "GET /xingrg/kc/buy/cgsh_order_list.html HTTP/1.1" 200 49820
61.170.233.189 - - [01/Feb/2022:10:27:11 +0800] "GET /xingrg/all/function/internal_message.html?_=1643682431772&CODE_STATE=getMsg HTTP/1.1" 200 27
222.70.176.73 - - [01/Feb/2022:10:27:11 +0800] "POST /xingrg/kc/buy/cgsh_list_operate.html HTTP/1.1" 200 876
180.157.251.97 - - [01/Feb/2022:10:27:14 +0800] "POST /xingrg/dwr/call/plaincall/AjaxCheckService.setItemNumber.dwr HTTP/1.1" 200 77
222.70.176.73 - - [01/Feb/2022:10:27:15 +0800] "GET /xingrg/kc/buy/cgsh_order_add.html HTTP/1.1" 200 65551
222.70.176.73 - - [01/Feb/2022:10:27:15 +0800] "GET /xingrg/words/20220128115405_words.js HTTP/1.1" 304 -
222.70.176.73 - - [01/Feb/2022:10:27:15 +0800] "GET /xingrg/all/common/auto_word.html?type=employee&rest_code=00111 HTTP/1.1" 200 155
222.70.176.73 - - [01/Feb/2022:10:27:15 +0800] "GET /xingrg/all/common/auto_word.html?type=employee&rest_code=00111 HTTP/1.1" 200 155
222.70.176.73 - - [01/Feb/2022:10:27:15 +0800] "GET /xingrg/javascript/easyui/themes/default/validatebox.css HTTP/1.1" 404 1104
222.70.176.73 - - [01/Feb/2022:10:27:15 +0800] "POST /xingrg/kc/buy/cgsh_order_operate.html HTTP/1.1" 200 8245
222.70.176.73 - - [01/Feb/2022:10:27:25 +0800] "GET /xingrg/javascript/jquery_tools/images/prev.gif HTTP/1.1" 404 1086
222.70.176.73 - - [01/Feb/2022:10:27:25 +0800] "GET /xingrg/javascript/jquery_tools/images/next.gif HTTP/1.1" 404 1086
180.157.251.97 - - [01/Feb/2022:10:27:30 +0800] "POST /xingrg/dwr/call/plaincall/AjaxCheckService.setItemNumber.dwr HTTP/1.1" 200 77
222.70.243.96 - - [01/Feb/2022:10:27:31 +0800] "GET /xingrg/kc/base/wldb_order_operate.html?command=get_materiel&rest_code=00146&base_code=0010070&code=00101012040 HTTP/1.1" 200 432
180.157.251.97 - - [01/Feb/2022:10:27:32 +0800] "POST /xingrg/dwr/call/plaincall/AjaxCheckService.setItemNumber.dwr HTTP/1.1" 200 77
180.157.251.97 - - [01/Feb/2022:10:27:33 +0800] "POST /xingrg/dwr/call/plaincall/AjaxCheckService.setItemNumber.dwr HTTP/1.1" 200 77
180.157.251.97 - - [01/Feb/2022:10:27:33 +0800] "POST /xingrg/dwr/call/plaincall/AjaxCheckService.setItemNumber.dwr HTTP/1.1" 200 77
180.157.251.97 - - [01/Feb/2022:10:27:34 +0800] "POST /xingrg/dwr/call/plaincall/AjaxCheckService.setItemNumber.dwr HTTP/1.1" 200 77
222.70.243.96 - - [01/Feb/2022:10:27:34 +0800] "GET /xingrg/all/function/internal_message.html?_=1643682459324&CODE_STATE=getMsg HTTP/1.1" 200 27
180.157.251.97 - - [01/Feb/2022:10:27:34 +0800] "POST /xingrg/dwr/call/plaincall/AjaxCheckService.setItemNumber.dwr HTTP/1.1" 200 77
180.157.251.97 - - [01/Feb/2022:10:27:35 +0800] "POST /xingrg/dwr/call/plaincall/AjaxCheckService.setItemNumber.dwr HTTP/1.1" 200 77
180.157.251.97 - - [01/Feb/2022:10:27:35 +0800] "POST /xingrg/dwr/call/plaincall/AjaxCheckService.setItemNumber.dwr HTTP/1.1" 200 77
180.157.251.97 - - [01/Feb/2022:10:27:38 +0800] "POST /xingrg/dwr/call/plaincall/AjaxCheckService.setItemNumber.dwr HTTP/1.1" 200 77
58.40.7.146 - - [01/Feb/2022:10:27:39 +0800] "GET /xingrg/all/function/internal_message.html?_=1643682458458&CODE_STATE=getMsg HTTP/1.1" 200 27
222.70.176.73 - - [01/Feb/2022:10:27:41 +0800] "GET /xingrg/kc/buy/cgsh_order_operate.html?command=get_materiel&rest_code=00111&code=00101001125&supplier_code=00100199&order_time=2022-02-01 HTTP/1.1" 200 438
180.152.99.39 - - [01/Feb/2022:10:27:42 +0800] "GET /xingrg/all/function/internal_message.html?_=1643682385495&CODE_STATE=getMsg HTTP/1.1" 200 27
180.157.251.97 - - [01/Feb/2022:10:27:49 +0800] "POST /xingrg/dwr/call/plaincall/AjaxCheckService.setItemNumber.dwr HTTP/1.1" 200 77
180.157.251.97 - - [01/Feb/2022:10:27:51 +0800] "POST /xingrg/dwr/call/plaincall/AjaxCheckService.setItemNumber.dwr HTTP/1.1" 200 77
180.157.251.97 - - [01/Feb/2022:10:27:52 +0800] "POST /xingrg/dwr/call/plaincall/AjaxCheckService.setItemNumber.dwr HTTP/1.1" 200 77
180.157.251.97 - - [01/Feb/2022:10:27:52 +0800] "POST /xingrg/dwr/call/plaincall/AjaxCheckService.setItemNumber.dwr HTTP/1.1" 200 77
180.157.251.97 - - [01/Feb/2022:10:27:53 +0800] "POST /xingrg/dwr/call/plaincall/AjaxCheckService.setItemNumber.dwr HTTP/1.1" 200 77
180.157.251.97 - - [01/Feb/2022:10:27:53 +0800] "POST /xingrg/dwr/call/plaincall/AjaxCheckService.setItemNumber.dwr HTTP/1.1" 200 77
180.157.251.97 - - [01/Feb/2022:10:27:54 +0800] "POST /xingrg/dwr/call/plaincall/AjaxCheckService.setItemNumber.dwr HTTP/1.1" 200 77
180.157.251.97 - - [01/Feb/2022:10:27:54 +0800] "POST /xingrg/dwr/call/plaincall/AjaxCheckService.setItemNumber.dwr HTTP/1.1" 200 77
180.157.251.97 - - [01/Feb/2022:10:27:55 +0800] "POST /xingrg/dwr/call/plaincall/AjaxCheckService.setItemNumber.dwr HTTP/1.1" 200 77
180.157.251.97 - - [01/Feb/2022:10:27:55 +0800] "POST /xingrg/dwr/call/plaincall/AjaxCheckService.setItemNumber.dwr HTTP/1.1" 200 77
116.239.131.195 - - [01/Feb/2022:10:27:55 +0800] "GET /xingrg/all/function/internal_message.html?_=1643682494646&CODE_STATE=getMsg HTTP/1.1" 200 27
180.157.251.97 - - [01/Feb/2022:10:27:56 +0800] "POST /xingrg/dwr/call/plaincall/AjaxCheckService.setItemNumber.dwr HTTP/1.1" 200 77
180.157.251.97 - - [01/Feb/2022:10:27:56 +0800] "POST /xingrg/dwr/call/plaincall/AjaxCheckService.setItemNumber.dwr HTTP/1.1" 200 77
61.170.233.189 - - [01/Feb/2022:10:27:57 +0800] "GET /xingrg/all/function/internal_message.html?_=1643682475579&CODE_STATE=getMsg HTTP/1.1" 200 27
180.157.251.97 - - [01/Feb/2022:10:27:57 +0800] "POST /xingrg/dwr/call/plaincall/AjaxCheckService.setItemNumber.dwr HTTP/1.1" 200 77
61.170.233.189 - - [01/Feb/2022:10:27:57 +0800] "GET /xingrg/kc/base/wldb_order_operate.html?command=get_materiel&rest_code=00106&base_code=0010239&code=00101006131 HTTP/1.1" 200 439
222.70.243.96 - - [01/Feb/2022:10:27:57 +0800] "GET /xingrg/kc/base/wldb_order_operate.html?command=get_materiel&rest_code=00146&base_code=0010070&code=00101013003 HTTP/1.1" 200 430
180.157.251.97 - - [01/Feb/2022:10:27:57 +0800] "POST /xingrg/dwr/call/plaincall/AjaxCheckService.setItemNumber.dwr HTTP/1.1" 200 77
180.157.251.97 - - [01/Feb/2022:10:27:58 +0800] "POST /xingrg/dwr/call/plaincall/AjaxCheckService.setItemNumber.dwr HTTP/1.1" 200 77
180.157.251.97 - - [01/Feb/2022:10:27:59 +0800] "POST /xingrg/dwr/call/plaincall/AjaxCheckService.setItemNumber.dwr HTTP/1.1" 200 77
180.157.251.97 - - [01/Feb/2022:10:27:59 +0800] "POST /xingrg/dwr/call/plaincall/AjaxCheckService.setItemNumber.dwr HTTP/1.1" 200 77
222.70.243.96 - - [01/Feb/2022:10:28:02 +0800] "POST /xingrg/kc/base/wldb_order_operate.html HTTP/1.1" 200 1710
222.70.243.96 - - [01/Feb/2022:10:28:03 +0800] "GET /xingrg/all/function/internal_message.html?_=1643682487592&CODE_STATE=getMsg HTTP/1.1" 302 -
180.157.251.97 - - [01/Feb/2022:10:28:03 +0800] "POST /xingrg/dwr/call/plaincall/AjaxCheckService.setItemNumber.dwr HTTP/1.1" 200 77
180.157.251.97 - - [01/Feb/2022:10:28:04 +0800] "POST /xingrg/dwr/call/plaincall/AjaxCheckService.setItemNumber.dwr HTTP/1.1" 200 77
180.157.251.97 - - [01/Feb/2022:10:28:05 +0800] "POST /xingrg/dwr/call/plaincall/AjaxCheckService.setItemNumber.dwr HTTP/1.1" 200 77
180.157.251.97 - - [01/Feb/2022:10:28:05 +0800] "POST /xingrg/dwr/call/plaincall/AjaxCheckService.setItemNumber.dwr HTTP/1.1" 200 77
180.157.251.97 - - [01/Feb/2022:10:28:06 +0800] "POST /xingrg/dwr/call/plaincall/AjaxCheckService.setItemNumber.dwr HTTP/1.1" 200 77
61.170.233.189 - - [01/Feb/2022:10:28:07 +0800] "GET /xingrg/kc/base/wldb_order_operate.html?command=get_materiel&rest_code=00106&base_code=0010239&code=00101006184 HTTP/1.1" 200 431
180.157.251.97 - - [01/Feb/2022:10:28:08 +0800] "POST /xingrg/dwr/call/plaincall/AjaxCheckService.setItemNumber.dwr HTTP/1.1" 200 77
180.157.251.97 - - [01/Feb/2022:10:28:09 +0800] "POST /xingrg/dwr/call/plaincall/AjaxCheckService.setItemNumber.dwr HTTP/1.1" 200 77
222.70.176.73 - - [01/Feb/2022:10:28:09 +0800] "GET /xingrg/all/function/internal_message.html?_=1643682487327&CODE_STATE=getMsg HTTP/1.1" 200 27
180.157.251.97 - - [01/Feb/2022:10:28:09 +0800] "POST /xingrg/dwr/call/plaincall/AjaxCheckService.setItemNumber.dwr HTTP/1.1" 200 77
222.70.176.73 - - [01/Feb/2022:10:28:10 +0800] "GET /xingrg/kc/buy/cgsh_order_operate.html?command=get_materiel&rest_code=00111&code=00101002027&supplier_code=00100199&order_time=2022-02-01 HTTP/1.1" 200 436
180.157.251.97 - - [01/Feb/2022:10:28:10 +0800] "POST /xingrg/dwr/call/plaincall/AjaxCheckService.setItemNumber.dwr HTTP/1.1" 200 77
116.235.92.83 - - [01/Feb/2022:10:28:10 +0800] "GET /xingrg/all/function/internal_message.html?_=1643682633396&CODE_STATE=getMsg HTTP/1.1" 200 27
180.157.251.97 - - [01/Feb/2022:10:28:10 +0800] "POST /xingrg/dwr/call/plaincall/AjaxCheckService.setItemNumber.dwr HTTP/1.1" 200 77
222.70.243.96 - - [01/Feb/2022:10:28:11 +0800] "GET /xingrg/kc/base/wldb_order_operate.html?command=get_materiel&rest_code=00146&base_code=0010070&code=00101013021 HTTP/1.1" 200 433
180.157.251.97 - - [01/Feb/2022:10:28:11 +0800] "POST /xingrg/dwr/call/plaincall/AjaxCheckService.setItemNumber.dwr HTTP/1.1" 200 77
180.157.251.97 - - [01/Feb/2022:10:28:11 +0800] "POST /xingrg/dwr/call/plaincall/AjaxCheckService.setItemNumber.dwr HTTP/1.1" 200 77
180.157.251.97 - - [01/Feb/2022:10:28:12 +0800] "POST /xingrg/dwr/call/plaincall/AjaxCheckService.setItemNumber.dwr HTTP/1.1" 200 77
61.170.233.189 - - [01/Feb/2022:10:28:12 +0800] "GET /xingrg/all/function/internal_message.html?_=1643682492271&CODE_STATE=getMsg HTTP/1.1" 200 27
180.157.251.97 - - [01/Feb/2022:10:28:12 +0800] "POST /xingrg/dwr/call/plaincall/AjaxCheckService.setItemNumber.dwr HTTP/1.1" 200 77
180.157.251.97 - - [01/Feb/2022:10:28:14 +0800] "POST /xingrg/dwr/call/plaincall/AjaxCheckService.setItemNumber.dwr HTTP/1.1" 200 77
180.157.251.97 - - [01/Feb/2022:10:28:14 +0800] "POST /xingrg/dwr/call/plaincall/AjaxCheckService.setItemNumber.dwr HTTP/1.1" 200 77
180.157.251.97 - - [01/Feb/2022:10:28:14 +0800] "POST /xingrg/dwr/call/plaincall/AjaxCheckService.setItemNumber.dwr HTTP/1.1" 200 77
180.157.251.97 - - [01/Feb/2022:10:28:15 +0800] "POST /xingrg/dwr/call/plaincall/AjaxCheckService.setItemNumber.dwr HTTP/1.1" 200 77
180.157.251.97 - - [01/Feb/2022:10:28:16 +0800] "POST /xingrg/dwr/call/plaincall/AjaxCheckService.setItemNumber.dwr HTTP/1.1" 200 77
180.157.251.97 - - [01/Feb/2022:10:28:17 +0800] "POST /xingrg/dwr/call/plaincall/AjaxCheckService.setItemNumber.dwr HTTP/1.1" 200 77
180.157.251.97 - - [01/Feb/2022:10:28:17 +0800] "POST /xingrg/dwr/call/plaincall/AjaxCheckService.setItemNumber.dwr HTTP/1.1" 200 77
180.157.251.97 - - [01/Feb/2022:10:28:18 +0800] "POST /xingrg/dwr/call/plaincall/AjaxCheckService.setItemNumber.dwr HTTP/1.1" 200 77
180.157.251.97 - - [01/Feb/2022:10:28:18 +0800] "POST /xingrg/dwr/call/plaincall/AjaxCheckService.setItemNumber.dwr HTTP/1.1" 200 77
180.157.251.97 - - [01/Feb/2022:10:28:20 +0800] "POST /xingrg/dwr/call/plaincall/AjaxCheckService.setItemNumber.dwr HTTP/1.1" 200 77
180.157.251.97 - - [01/Feb/2022:10:28:20 +0800] "POST /xingrg/dwr/call/plaincall/AjaxCheckService.setItemNumber.dwr HTTP/1.1" 200 77
180.157.251.97 - - [01/Feb/2022:10:28:21 +0800] "POST /xingrg/dwr/call/plaincall/AjaxCheckService.setItemNumber.dwr HTTP/1.1" 200 77
180.157.251.97 - - [01/Feb/2022:10:28:22 +0800] "POST /xingrg/dwr/call/plaincall/AjaxCheckService.setItemNumber.dwr HTTP/1.1" 200 77
180.157.251.97 - - [01/Feb/2022:10:28:22 +0800] "POST /xingrg/dwr/call/plaincall/AjaxCheckService.setItemNumber.dwr HTTP/1.1" 200 77
180.157.251.97 - - [01/Feb/2022:10:28:23 +0800] "POST /xingrg/dwr/call/plaincall/AjaxCheckService.setItemNumber.dwr HTTP/1.1" 200 77
180.157.251.97 - - [01/Feb/2022:10:28:24 +0800] "POST /xingrg/dwr/call/plaincall/AjaxCheckService.setItemNumber.dwr HTTP/1.1" 200 77
180.157.251.97 - - [01/Feb/2022:10:28:25 +0800] "POST /xingrg/dwr/call/plaincall/AjaxCheckService.setItemNumber.dwr HTTP/1.1" 200 77
116.239.131.195 - - [01/Feb/2022:10:28:25 +0800] "GET /xingrg/kc/base/wldb_order_operate.html?command=get_materiel&rest_code=00102&base_code=0010484&code=00101008486 HTTP/1.1" 200 420
180.157.251.97 - - [01/Feb/2022:10:28:25 +0800] "POST /xingrg/dwr/call/plaincall/AjaxCheckService.setItemNumber.dwr HTTP/1.1" 200 77
180.157.251.97 - - [01/Feb/2022:10:28:26 +0800] "POST /xingrg/dwr/call/plaincall/AjaxCheckService.setItemNumber.dwr HTTP/1.1" 200 77
180.157.251.97 - - [01/Feb/2022:10:28:26 +0800] "POST /xingrg/dwr/call/plaincall/AjaxCheckService.setItemNumber.dwr HTTP/1.1" 200 77
180.157.251.97 - - [01/Feb/2022:10:28:27 +0800] "POST /xingrg/dwr/call/plaincall/AjaxCheckService.setItemNumber.dwr HTTP/1.1" 200 77
180.157.251.97 - - [01/Feb/2022:10:28:27 +0800] "POST /xingrg/dwr/call/plaincall/AjaxCheckService.setItemNumber.dwr HTTP/1.1" 200 77
180.157.251.97 - - [01/Feb/2022:10:28:28 +0800] "POST /xingrg/dwr/call/plaincall/AjaxCheckService.setItemNumber.dwr HTTP/1.1" 200 77
222.70.243.96 - - [01/Feb/2022:10:28:28 +0800] "GET /xingrg/check_reg.html?_=1643682513227 HTTP/1.1" 200 22
180.157.251.97 - - [01/Feb/2022:10:28:28 +0800] "POST /xingrg/dwr/call/plaincall/AjaxCheckService.setItemNumber.dwr HTTP/1.1" 200 77
180.157.251.97 - - [01/Feb/2022:10:28:28 +0800] "POST /xingrg/dwr/call/plaincall/AjaxCheckService.setItemNumber.dwr HTTP/1.1" 200 77
180.157.251.97 - - [01/Feb/2022:10:28:29 +0800] "POST /xingrg/dwr/call/plaincall/AjaxCheckService.setItemNumber.dwr HTTP/1.1" 200 77
222.70.176.73 - - [01/Feb/2022:10:28:29 +0800] "GET /xingrg/kc/buy/cgsh_order_operate.html?command=get_materiel&rest_code=00111&code=00101002007&supplier_code=00100199&order_time=2022-02-01 HTTP/1.1" 200 431
180.157.251.97 - - [01/Feb/2022:10:28:29 +0800] "POST /xingrg/dwr/call/plaincall/AjaxCheckService.setItemNumber.dwr HTTP/1.1" 200 77
180.157.251.97 - - [01/Feb/2022:10:28:30 +0800] "POST /xingrg/dwr/call/plaincall/AjaxCheckService.setItemNumber.dwr HTTP/1.1" 200 77
180.157.251.97 - - [01/Feb/2022:10:28:31 +0800] "POST /xingrg/dwr/call/plaincall/AjaxCheckService.setItemNumber.dwr HTTP/1.1" 200 77
180.157.251.97 - - [01/Feb/2022:10:28:31 +0800] "POST /xingrg/dwr/call/plaincall/AjaxCheckService.setItemNumber.dwr HTTP/1.1" 200 77
180.157.251.97 - - [01/Feb/2022:10:28:31 +0800] "POST /xingrg/dwr/call/plaincall/AjaxCheckService.setItemNumber.dwr HTTP/1.1" 200 77
180.157.251.97 - - [01/Feb/2022:10:28:32 +0800] "POST /xingrg/dwr/call/plaincall/AjaxCheckService.setItemNumber.dwr HTTP/1.1" 200 77
61.170.233.189 - - [01/Feb/2022:10:28:33 +0800] "GET /xingrg/kc/base/wldb_order_operate.html?command=get_materiel&rest_code=00106&base_code=0010239&code=00101007074 HTTP/1.1" 200 437
222.70.243.96 - - [01/Feb/2022:10:28:34 +0800] "GET /xingrg/all/function/internal_message.html?_=1643682519324&CODE_STATE=getMsg HTTP/1.1" 200 27
180.157.251.97 - - [01/Feb/2022:10:28:34 +0800] "POST /xingrg/dwr/call/plaincall/AjaxCheckService.setItemNumber.dwr HTTP/1.1" 200 77
222.70.243.96 - - [01/Feb/2022:10:28:35 +0800] "GET /xingrg/kc/base/wldb_order_operate.html?command=get_materiel&rest_code=00146&base_code=0010070&code=00101013044 HTTP/1.1" 200 449
58.40.7.146 - - [01/Feb/2022:10:28:39 +0800] "GET /xingrg/all/function/internal_message.html?_=1643682518444&CODE_STATE=getMsg HTTP/1.1" 200 27
116.239.131.195 - - [01/Feb/2022:10:28:40 +0800] "GET /xingrg/kc/base/wldb_order_operate.html?command=get_materiel&rest_code=00102&base_code=0010484&code=00101008555 HTTP/1.1" 200 432
180.157.251.97 - - [01/Feb/2022:10:28:41 +0800] "POST /xingrg/dwr/call/plaincall/AjaxCheckService.setItemNumber.dwr HTTP/1.1" 200 77
180.157.251.97 - - [01/Feb/2022:10:28:41 +0800] "POST /xingrg/dwr/call/plaincall/AjaxCheckService.setItemNumber.dwr HTTP/1.1" 200 77
180.157.251.97 - - [01/Feb/2022:10:28:41 +0800] "POST /xingrg/dwr/call/plaincall/AjaxCheckService.setItemNumber.dwr HTTP/1.1" 200 77
180.157.251.97 - - [01/Feb/2022:10:28:42 +0800] "POST /xingrg/dwr/call/plaincall/AjaxCheckService.setItemNumber.dwr HTTP/1.1" 200 78
180.152.99.39 - - [01/Feb/2022:10:28:42 +0800] "GET /xingrg/all/function/internal_message.html?_=1643682445534&CODE_STATE=getMsg HTTP/1.1" 200 27
180.157.251.97 - - [01/Feb/2022:10:28:42 +0800] "POST /xingrg/dwr/call/plaincall/AjaxCheckService.setItemNumber.dwr HTTP/1.1" 200 78
180.157.251.97 - - [01/Feb/2022:10:28:43 +0800] "POST /xingrg/dwr/call/plaincall/AjaxCheckService.setItemNumber.dwr HTTP/1.1" 200 78
180.157.251.97 - - [01/Feb/2022:10:28:43 +0800] "POST /xingrg/dwr/call/plaincall/AjaxCheckService.setItemNumber.dwr HTTP/1.1" 200 78
180.157.251.97 - - [01/Feb/2022:10:28:44 +0800] "POST /xingrg/dwr/call/plaincall/AjaxCheckService.setItemNumber.dwr HTTP/1.1" 200 78
180.157.251.97 - - [01/Feb/2022:10:28:44 +0800] "POST /xingrg/dwr/call/plaincall/AjaxCheckService.setItemNumber.dwr HTTP/1.1" 200 78
222.70.243.96 - - [01/Feb/2022:10:28:44 +0800] "GET /xingrg/kc/base/wldb_order_operate.html?command=get_materiel&rest_code=00146&base_code=0010070&code=00101013048 HTTP/1.1" 200 432
180.157.251.97 - - [01/Feb/2022:10:28:45 +0800] "POST /xingrg/dwr/call/plaincall/AjaxCheckService.setItemNumber.dwr HTTP/1.1" 200 78
180.157.251.97 - - [01/Feb/2022:10:28:46 +0800] "POST /xingrg/dwr/call/plaincall/AjaxCheckService.setItemNumber.dwr HTTP/1.1" 200 78
180.157.251.97 - - [01/Feb/2022:10:28:46 +0800] "POST /xingrg/dwr/call/plaincall/AjaxCheckService.setItemNumber.dwr HTTP/1.1" 200 78
180.157.251.97 - - [01/Feb/2022:10:28:46 +0800] "POST /xingrg/dwr/call/plaincall/AjaxCheckService.setItemNumber.dwr HTTP/1.1" 200 78
180.157.251.97 - - [01/Feb/2022:10:28:47 +0800] "POST /xingrg/dwr/call/plaincall/AjaxCheckService.setItemNumber.dwr HTTP/1.1" 200 78
180.157.251.97 - - [01/Feb/2022:10:28:47 +0800] "POST /xingrg/dwr/call/plaincall/AjaxCheckService.setItemNumber.dwr HTTP/1.1" 200 78
180.157.251.97 - - [01/Feb/2022:10:28:48 +0800] "POST /xingrg/dwr/call/plaincall/AjaxCheckService.setItemNumber.dwr HTTP/1.1" 200 78
180.157.251.97 - - [01/Feb/2022:10:28:48 +0800] "POST /xingrg/dwr/call/plaincall/AjaxCheckService.setItemNumber.dwr HTTP/1.1" 200 78
180.157.251.97 - - [01/Feb/2022:10:28:49 +0800] "POST /xingrg/dwr/call/plaincall/AjaxCheckService.setItemNumber.dwr HTTP/1.1" 200 78
180.157.251.97 - - [01/Feb/2022:10:28:50 +0800] "POST /xingrg/dwr/call/plaincall/AjaxCheckService.setItemNumber.dwr HTTP/1.1" 200 78
180.157.251.97 - - [01/Feb/2022:10:28:50 +0800] "POST /xingrg/dwr/call/plaincall/AjaxCheckService.setItemNumber.dwr HTTP/1.1" 200 78
180.157.251.97 - - [01/Feb/2022:10:28:50 +0800] "POST /xingrg/dwr/call/plaincall/AjaxCheckService.setItemNumber.dwr HTTP/1.1" 200 78
180.157.251.97 - - [01/Feb/2022:10:28:51 +0800] "POST /xingrg/dwr/call/plaincall/AjaxCheckService.setItemNumber.dwr HTTP/1.1" 200 78
180.157.251.97 - - [01/Feb/2022:10:28:51 +0800] "POST /xingrg/dwr/call/plaincall/AjaxCheckService.setItemNumber.dwr HTTP/1.1" 200 78
180.157.251.97 - - [01/Feb/2022:10:28:52 +0800] "POST /xingrg/dwr/call/plaincall/AjaxCheckService.setItemNumber.dwr HTTP/1.1" 200 78
180.157.251.97 - - [01/Feb/2022:10:28:53 +0800] "POST /xingrg/dwr/call/plaincall/AjaxCheckService.setItemNumber.dwr HTTP/1.1" 200 78
180.157.251.97 - - [01/Feb/2022:10:28:55 +0800] "POST /xingrg/dwr/call/plaincall/AjaxCheckService.setItemNumber.dwr HTTP/1.1" 200 78
116.239.131.195 - - [01/Feb/2022:10:28:55 +0800] "GET /xingrg/all/function/internal_message.html?_=1643682554658&CODE_STATE=getMsg HTTP/1.1" 200 27
61.170.233.189 - - [01/Feb/2022:10:28:55 +0800] "GET /xingrg/kc/base/wldb_order_operate.html?command=get_materiel&rest_code=00106&base_code=0010239&code=00101007119 HTTP/1.1" 200 445
180.157.251.97 - - [01/Feb/2022:10:28:56 +0800] "POST /xingrg/dwr/call/plaincall/AjaxCheckService.setItemNumber.dwr HTTP/1.1" 200 78
180.157.251.97 - - [01/Feb/2022:10:28:56 +0800] "POST /xingrg/dwr/call/plaincall/AjaxCheckService.setItemNumber.dwr HTTP/1.1" 200 78
61.170.233.189 - - [01/Feb/2022:10:28:57 +0800] "GET /xingrg/all/function/internal_message.html?_=1643682535558&CODE_STATE=getMsg HTTP/1.1" 200 27
180.157.251.97 - - [01/Feb/2022:10:28:57 +0800] "POST /xingrg/dwr/call/plaincall/AjaxCheckService.setItemNumber.dwr HTTP/1.1" 200 78
222.70.243.96 - - [01/Feb/2022:10:28:57 +0800] "GET /xingrg/kc/base/wldb_order_operate.html?command=get_materiel&rest_code=00146&base_code=0010070&code=00101013067 HTTP/1.1" 200 436
180.157.251.97 - - [01/Feb/2022:10:28:57 +0800] "POST /xingrg/dwr/call/plaincall/AjaxCheckService.setItemNumber.dwr HTTP/1.1" 200 78
180.157.251.97 - - [01/Feb/2022:10:28:58 +0800] "POST /xingrg/dwr/call/plaincall/AjaxCheckService.setItemNumber.dwr HTTP/1.1" 200 78
