58.39.168.32 - - [01/Feb/2022:11:44:49 +0800] "POST /xingrg/kc/base/wldb_order_operate.html HTTP/1.1" 200 6806
58.39.168.32 - - [01/Feb/2022:11:44:49 +0800] "GET /xingrg/javascript/easyui/themes/default/validatebox.css HTTP/1.1" 404 1104
222.70.243.96 - - [01/Feb/2022:11:44:49 +0800] "POST /xingrg/kc/base/wldb_order_operate.html HTTP/1.1" 200 1710
58.39.168.32 - - [01/Feb/2022:11:44:50 +0800] "POST /xingrg/login.do HTTP/1.1" 200 2421
58.39.168.32 - - [01/Feb/2022:11:44:50 +0800] "GET /xingrg/css/blue.css HTTP/1.1" 304 -
58.39.168.32 - - [01/Feb/2022:11:44:50 +0800] "GET /xingrg/javascript/myfunction.js HTTP/1.1" 304 -
58.39.168.32 - - [01/Feb/2022:11:44:50 +0800] "GET /xingrg/images/blue/pic_notice.jpg HTTP/1.1" 304 -
58.39.168.32 - - [01/Feb/2022:11:44:50 +0800] "GET /xingrg/images/blue/pic_top.gif HTTP/1.1" 304 -
58.39.168.32 - - [01/Feb/2022:11:44:50 +0800] "GET /xingrg/images/blue/error_buttom.gif HTTP/1.1" 304 -
58.39.168.32 - - [01/Feb/2022:11:44:50 +0800] "GET /xingrg/images/blue/error_top.gif HTTP/1.1" 304 -
58.39.168.32 - - [01/Feb/2022:11:44:50 +0800] "GET /xingrg/images/blue/error_mid.gif HTTP/1.1" 304 -
58.39.168.32 - - [01/Feb/2022:11:44:50 +0800] "GET /favicon.ico HTTP/1.1" 404 -
58.39.168.32 - - [01/Feb/2022:11:44:51 +0800] "GET /xingrg/login.html HTTP/1.1" 200 7641
58.39.168.32 - - [01/Feb/2022:11:44:51 +0800] "GET /favicon.ico HTTP/1.1" 404 -
58.39.168.32 - - [01/Feb/2022:11:44:52 +0800] "POST /xingrg/login.do HTTP/1.1" 302 -
58.39.168.32 - - [01/Feb/2022:11:44:52 +0800] "GET /xingrg/javascript/jquery_easy_ui/themes/default/easyui.css HTTP/1.1" 304 -
58.39.168.32 - - [01/Feb/2022:11:44:52 +0800] "GET /xingrg/css/form.css HTTP/1.1" 304 -
58.39.168.32 - - [01/Feb/2022:11:44:52 +0800] "GET /xingrg/javascript/jquery_easy_ui/themes/icon.css HTTP/1.1" 304 -
58.39.168.32 - - [01/Feb/2022:11:44:52 +0800] "GET /xingrg/index.html?sysBaseUrl=http%3A%2F%2F180.169.147.146%3A18081%2Fxingrg%2F&costTime=44×tamp=1643687092339 HTTP/1.1" 200 17173
58.39.168.32 - - [01/Feb/2022:11:44:52 +0800] "GET /xingrg/javascript/jquery.form.js HTTP/1.1" 304 -
58.39.168.32 - - [01/Feb/2022:11:44:52 +0800] "GET /xingrg/javascript/jquery-1.4.2.min.js HTTP/1.1" 304 -
58.39.168.32 - - [01/Feb/2022:11:44:52 +0800] "GET /xingrg/javascript/jquery.utils.js HTTP/1.1" 304 -
58.39.168.32 - - [01/Feb/2022:11:44:52 +0800] "GET /xingrg/javascript/jquery_easy_ui/jquery.easyui.min.js HTTP/1.1" 304 -
58.39.168.32 - - [01/Feb/2022:11:44:52 +0800] "GET /xingrg/javascript/jquery_easy_ui/easyui-lang-zh_CN.js HTTP/1.1" 304 -
58.39.168.32 - - [01/Feb/2022:11:44:52 +0800] "GET /xingrg/javascript/jquery.timers.js HTTP/1.1" 304 -
58.39.168.32 - - [01/Feb/2022:11:44:52 +0800] "GET /favicon.ico HTTP/1.1" 404 -
58.39.168.32 - - [01/Feb/2022:11:44:52 +0800] "GET /xingrg/javascript/jquery_easy_ui/themes/icons/settle_new.png HTTP/1.1" 304 -
58.39.168.32 - - [01/Feb/2022:11:44:52 +0800] "GET /xingrg/images/blue/navBackgound.jpg HTTP/1.1" 304 -
58.39.168.32 - - [01/Feb/2022:11:44:52 +0800] "POST /xingrg/all/common/load_tree.html?tree=area_rest_tree_json&manage=1 HTTP/1.1" 200 3472
58.39.168.32 - - [01/Feb/2022:11:44:52 +0800] "GET /xingrg/images/blue/pingpu.png HTTP/1.1" 304 -
58.39.168.32 - - [01/Feb/2022:11:44:52 +0800] "GET /xingrg/javascript/jquery_easy_ui/themes/default/images/tabs_leftarrow.png HTTP/1.1" 304 -
58.39.168.32 - - [01/Feb/2022:11:44:52 +0800] "GET /xingrg/javascript/jquery_easy_ui/themes/default/images/panel_tool_collapse.gif HTTP/1.1" 304 -
58.39.168.32 - - [01/Feb/2022:11:44:52 +0800] "GET /xingrg/javascript/jquery_easy_ui/themes/default/images/tabs_rightarrow.png HTTP/1.1" 304 -
58.39.168.32 - - [01/Feb/2022:11:44:52 +0800] "GET /xingrg/all/function/internal_message.html?_=1643687092273&CODE_STATE=count HTTP/1.1" 200 11
58.39.168.32 - - [01/Feb/2022:11:44:52 +0800] "GET /xingrg/javascript/jquery_easy_ui/themes/default/images/tree_arrows.gif HTTP/1.1" 304 -
58.39.168.32 - - [01/Feb/2022:11:44:52 +0800] "GET /xingrg/check_reg.html?_=1643687092273 HTTP/1.1" 200 22
58.39.168.32 - - [01/Feb/2022:11:44:52 +0800] "POST /xingrg/load_menu.html HTTP/1.1" 200 5138
58.39.168.32 - - [01/Feb/2022:11:44:52 +0800] "GET /xingrg/javascript/jquery_easy_ui/themes/default/images/tree_folder_open.gif HTTP/1.1" 304 -
58.39.168.32 - - [01/Feb/2022:11:44:52 +0800] "GET /xingrg/javascript/jquery_easy_ui/themes/icons/search_new.png HTTP/1.1" 304 -
58.39.168.32 - - [01/Feb/2022:11:44:52 +0800] "GET /xingrg/javascript/jquery_easy_ui/themes/default/images/tree_folder.gif HTTP/1.1" 304 -
58.39.168.32 - - [01/Feb/2022:11:44:52 +0800] "GET /xingrg/javascript/jquery_easy_ui/themes/icons/storage_new.png HTTP/1.1" 304 -
58.39.168.32 - - [01/Feb/2022:11:44:52 +0800] "GET /xingrg/javascript/jquery_easy_ui/themes/default/images/tree_file.gif HTTP/1.1" 304 -
58.39.168.32 - - [01/Feb/2022:11:44:52 +0800] "GET /xingrg/javascript/jquery_easy_ui/themes/icons/forms_new.png HTTP/1.1" 304 -
222.70.243.96 - - [01/Feb/2022:11:44:54 +0800] "GET /xingrg/kc/base/wldb_order_operate.html?command=get_materiel&rest_code=00146&base_code=0010070&code=00101016076 HTTP/1.1" 200 475
61.170.233.189 - - [01/Feb/2022:11:44:55 +0800] "GET /xingrg/all/function/internal_message.html?_=1643687093768&CODE_STATE=getMsg HTTP/1.1" 200 27
58.39.168.32 - - [01/Feb/2022:11:44:57 +0800] "GET /xingrg/javascript/jquery_easy_ui/themes/default/images/tabs_close.gif HTTP/1.1" 304 -
58.39.168.32 - - [01/Feb/2022:11:44:57 +0800] "GET /xingrg/css/base.css HTTP/1.1" 304 -
58.39.168.32 - - [01/Feb/2022:11:44:57 +0800] "GET /xingrg/css/site.css HTTP/1.1" 304 -
58.39.168.32 - - [01/Feb/2022:11:44:57 +0800] "GET /xingrg/javascript/easyui/themes/default/easyui.css HTTP/1.1" 304 -
58.39.168.32 - - [01/Feb/2022:11:44:57 +0800] "GET /xingrg/javascript/jquery_tools/datebox.css HTTP/1.1" 304 -
58.39.168.32 - - [01/Feb/2022:11:44:57 +0800] "GET /xingrg/javascript/jquery_tools/fix.css HTTP/1.1" 304 -
58.39.168.32 - - [01/Feb/2022:11:44:57 +0800] "GET /xingrg/javascript/easyui/themes/icon.css HTTP/1.1" 304 -
58.39.168.32 - - [01/Feb/2022:11:44:57 +0800] "GET /xingrg/javascript/auto/jquery.autocomplete.css HTTP/1.1" 304 -
58.39.168.32 - - [01/Feb/2022:11:44:57 +0800] "GET /xingrg/javascript/jquery_tools/table.css HTTP/1.1" 304 -
58.39.168.32 - - [01/Feb/2022:11:44:57 +0800] "GET /xingrg/javascript/jquery_tools/jquery.tools.min.js HTTP/1.1" 304 -
58.39.168.32 - - [01/Feb/2022:11:44:57 +0800] "GET /xingrg/javascript/jquery_tools/jquery.tools.extend.js HTTP/1.1" 304 -
58.39.168.32 - - [01/Feb/2022:11:44:57 +0800] "GET /xingrg/javascript/jquery_tools/jquery.tools.hotkey.js HTTP/1.1" 304 -
58.39.168.32 - - [01/Feb/2022:11:44:57 +0800] "GET /xingrg/javascript/jquery_tools/jquery.tools.table.js HTTP/1.1" 304 -
58.39.168.32 - - [01/Feb/2022:11:44:57 +0800] "GET /xingrg/javascript/jquery.cookie.js HTTP/1.1" 304 -
58.39.168.32 - - [01/Feb/2022:11:44:57 +0800] "GET /xingrg/javascript/easyui/easyloader.js HTTP/1.1" 304 -
58.39.168.32 - - [01/Feb/2022:11:44:57 +0800] "GET /xingrg/javascript/jquery_tools/list_manager.js HTTP/1.1" 304 -
58.39.168.32 - - [01/Feb/2022:11:44:57 +0800] "GET /xingrg/javascript/auto/jquery.autocomplete.js HTTP/1.1" 304 -
58.39.168.32 - - [01/Feb/2022:11:44:57 +0800] "GET /xingrg/javascript/print/LodopFuncs.js HTTP/1.1" 304 -
58.39.168.32 - - [01/Feb/2022:11:44:57 +0800] "GET /xingrg/kc/base/wldb_order_list.html HTTP/1.1" 200 19098
58.39.168.32 - - [01/Feb/2022:11:44:57 +0800] "GET /xingrg/javascript/easyui/plugins/jquery.parser.js HTTP/1.1" 304 -
58.39.168.32 - - [01/Feb/2022:11:44:57 +0800] "GET /xingrg/images/control/ajaxLoader.gif HTTP/1.1" 304 -
58.39.168.32 - - [01/Feb/2022:11:44:57 +0800] "GET /xingrg/javascript/easyui/themes/icons/check_new.png HTTP/1.1" 304 -
58.39.168.32 - - [01/Feb/2022:11:44:57 +0800] "GET /xingrg/javascript/easyui/themes/icons/edit_add_new.png HTTP/1.1" 304 -
58.39.168.32 - - [01/Feb/2022:11:44:57 +0800] "GET /xingrg/javascript/easyui/themes/icons/cance_new.png HTTP/1.1" 304 -
58.39.168.32 - - [01/Feb/2022:11:44:57 +0800] "GET /xingrg/javascript/easyui/themes/icons/field_new.png HTTP/1.1" 304 -
58.39.168.32 - - [01/Feb/2022:11:44:57 +0800] "GET /xingrg/javascript/easyui/themes/icons/import_new.png HTTP/1.1" 304 -
58.39.168.32 - - [01/Feb/2022:11:44:57 +0800] "POST /xingrg/kc/base/wldb_list_operate.html HTTP/1.1" 200 1769
58.39.168.32 - - [01/Feb/2022:11:44:58 +0800] "GET /xingrg/javascript/easyui/themes/default/images/button_plain_hover.png HTTP/1.1" 304 -
58.39.168.32 - - [01/Feb/2022:11:45:00 +0800] "GET /xingrg/kc/base/wldb_order_add.html HTTP/1.1" 200 30312
58.39.168.32 - - [01/Feb/2022:11:45:00 +0800] "GET /xingrg/javascript/pic_change.js HTTP/1.1" 304 -
58.39.168.32 - - [01/Feb/2022:11:45:00 +0800] "GET /xingrg/javascript/json2.js HTTP/1.1" 304 -
58.39.168.32 - - [01/Feb/2022:11:45:00 +0800] "GET /xingrg/javascript/jquery_tools/order_manager.js HTTP/1.1" 304 -
58.39.168.32 - - [01/Feb/2022:11:45:00 +0800] "GET /xingrg/javascript/convert.js HTTP/1.1" 304 -
58.39.168.32 - - [01/Feb/2022:11:45:00 +0800] "GET /xingrg/javascript/print/kc_print.js HTTP/1.1" 304 -
58.39.168.32 - - [01/Feb/2022:11:45:00 +0800] "GET /xingrg/words/20220128115405_words.js HTTP/1.1" 200 885128
58.39.168.32 - - [01/Feb/2022:11:45:00 +0800] "GET /xingrg/javascript/easyui/themes/icons/template_new.png HTTP/1.1" 304 -
58.39.168.32 - - [01/Feb/2022:11:45:00 +0800] "GET /xingrg/javascript/easyui/themes/icons/ok.png HTTP/1.1" 304 -
58.39.168.32 - - [01/Feb/2022:11:45:00 +0800] "GET /xingrg/javascript/easyui/themes/icons/print.png HTTP/1.1" 304 -
58.39.168.32 - - [01/Feb/2022:11:45:00 +0800] "GET /xingrg/javascript/easyui/themes/default/images/menu_downarrow.png HTTP/1.1" 304 -
58.39.168.32 - - [01/Feb/2022:11:45:00 +0800] "GET /xingrg/javascript/easyui/themes/icons/cancel.png HTTP/1.1" 304 -
58.39.168.32 - - [01/Feb/2022:11:45:00 +0800] "GET /xingrg/all/common/auto_word.html?type=base&rest_code=00105 HTTP/1.1" 200 1907
58.39.168.32 - - [01/Feb/2022:11:45:00 +0800] "GET /xingrg/all/common/auto_word.html?type=base&rest_code=00105 HTTP/1.1" 200 1907
58.39.168.32 - - [01/Feb/2022:11:45:01 +0800] "GET /xingrg/javascript/easyui/themes/default/validatebox.css HTTP/1.1" 404 1104
58.39.168.32 - - [01/Feb/2022:11:45:01 +0800] "GET /xingrg/javascript/easyui/plugins/jquery.validatebox.js HTTP/1.1" 304 -
58.39.168.32 - - [01/Feb/2022:11:45:01 +0800] "GET /xingrg/javascript/easyui/plugins/jquery.numberbox.js HTTP/1.1" 304 -
58.39.168.32 - - [01/Feb/2022:11:45:01 +0800] "POST /xingrg/kc/base/wldb_order_operate.html HTTP/1.1" 200 6806
116.239.131.195 - - [01/Feb/2022:11:45:01 +0800] "GET /xingrg/check_reg.html?_=1643687120232 HTTP/1.1" 200 22
58.39.168.32 - - [01/Feb/2022:11:45:01 +0800] "GET /xingrg/javascript/easyui/themes/icons/edit_remove.png HTTP/1.1" 304 -
58.39.168.32 - - [01/Feb/2022:11:45:01 +0800] "GET /xingrg/css/images/panel_loading.gif HTTP/1.1" 304 -
58.39.168.32 - - [01/Feb/2022:11:45:01 +0800] "POST /xingrg/all/common/load_combo.html?type=base HTTP/1.1" 200 3409
58.39.168.32 - - [01/Feb/2022:11:45:04 +0800] "GET /xingrg/javascript/auto/indicator.gif HTTP/1.1" 404 1066
222.70.243.96 - - [01/Feb/2022:11:45:04 +0800] "GET /xingrg/kc/base/wldb_order_operate.html?command=get_materiel&rest_code=00146&base_code=0010070&code=00101016081 HTTP/1.1" 200 469
222.70.243.96 - - [01/Feb/2022:11:45:04 +0800] "GET /xingrg/all/function/internal_message.html?_=1643687109371&CODE_STATE=getMsg HTTP/1.1" 302 -
222.70.176.73 - - [01/Feb/2022:11:45:07 +0800] "GET /xingrg/all/function/internal_message.html?_=1643687105898&CODE_STATE=getMsg HTTP/1.1" 200 27
116.239.131.195 - - [01/Feb/2022:11:45:09 +0800] "GET /xingrg/all/function/internal_message.html?_=1643687128329&CODE_STATE=getMsg HTTP/1.1" 200 27
116.235.92.83 - - [01/Feb/2022:11:45:10 +0800] "GET /xingrg/all/function/internal_message.html?_=1643687253423&CODE_STATE=getMsg HTTP/1.1" 200 27
58.39.168.32 - - [01/Feb/2022:11:45:12 +0800] "GET /xingrg/kc/base/wldb_order_operate.html?command=get_materiel&rest_code=00105&base_code=0010507&code=00101013225 HTTP/1.1" 200 449
61.170.233.189 - - [01/Feb/2022:11:45:18 +0800] "GET /xingrg/check_reg.html?_=1643687117895 HTTP/1.1" 200 22
222.70.243.96 - - [01/Feb/2022:11:45:18 +0800] "GET /xingrg/kc/base/wldb_order_operate.html?command=get_materiel&rest_code=00146&base_code=0010070&code=00101016094 HTTP/1.1" 200 470
101.85.53.167 - - [01/Feb/2022:11:45:19 +0800] "GET /xingrg/all/function/internal_message.html?_=1643687114484&CODE_STATE=getMsg HTTP/1.1" 200 27
58.39.168.32 - - [01/Feb/2022:11:45:19 +0800] "GET /xingrg/kc/base/wldb_order_operate.html?command=get_materiel&rest_code=00105&base_code=0010508&code=00102002082 HTTP/1.1" 200 440
222.70.243.96 - - [01/Feb/2022:11:45:21 +0800] "GET /xingrg/all/function/internal_message.html?_=1643687126269&CODE_STATE=getMsg HTTP/1.1" 200 27
61.170.233.189 - - [01/Feb/2022:11:45:23 +0800] "GET /xingrg/all/function/internal_message.html?_=1643687123780&CODE_STATE=getMsg HTTP/1.1" 200 27
58.39.168.32 - - [01/Feb/2022:11:45:24 +0800] "GET /xingrg/kc/base/wldb_order_operate.html?command=get_materiel&rest_code=00105&base_code=0010507&code=00101011005 HTTP/1.1" 200 431
58.39.168.32 - - [01/Feb/2022:11:45:27 +0800] "GET /xingrg/kc/base/wldb_order_operate.html?command=get_materiel&rest_code=00105&base_code=0010508&code=00102021018 HTTP/1.1" 200 446
58.39.168.32 - - [01/Feb/2022:11:45:31 +0800] "GET /xingrg/all/function/internal_message.html?_=1643687069693&CODE_STATE=getMsg HTTP/1.1" 200 27
58.39.168.32 - - [01/Feb/2022:11:45:32 +0800] "GET /xingrg/kc/base/wldb_order_operate.html?command=get_materiel&rest_code=00105&base_code=0010508&code=00102002041 HTTP/1.1" 200 435
222.70.243.96 - - [01/Feb/2022:11:45:35 +0800] "GET /xingrg/kc/base/wldb_order_operate.html?command=get_materiel&rest_code=00146&base_code=0010070&code=00101016116 HTTP/1.1" 200 416
58.39.168.32 - - [01/Feb/2022:11:45:36 +0800] "GET /xingrg/kc/base/wldb_order_operate.html?command=get_materiel&rest_code=00105&base_code=0010507&code=00101013052 HTTP/1.1" 200 441
180.152.99.73 - - [01/Feb/2022:11:45:36 +0800] "GET /xingrg/check_reg.html?_=1643687135158 HTTP/1.1" 200 22
180.152.99.73 - - [01/Feb/2022:11:45:36 +0800] "GET /xingrg/all/function/internal_message.html?_=1643687135162&CODE_STATE=getMsg HTTP/1.1" 200 27
58.39.168.32 - - [01/Feb/2022:11:45:43 +0800] "GET /xingrg/kc/base/wldb_order_operate.html?command=get_materiel&rest_code=00105&base_code=0010508&code=00102002851 HTTP/1.1" 200 432
58.39.168.32 - - [01/Feb/2022:11:45:43 +0800] "POST /xingrg/kc/base/wldb_order_operate.html HTTP/1.1" 200 37
58.39.168.32 - - [01/Feb/2022:11:45:44 +0800] "POST /xingrg/kc/base/wldb_order_operate.html HTTP/1.1" 200 3143
180.152.99.39 - - [01/Feb/2022:11:45:44 +0800] "GET /xingrg/all/function/internal_message.html?_=1643687067171&CODE_STATE=getMsg HTTP/1.1" 200 27
58.39.168.32 - - [01/Feb/2022:11:45:44 +0800] "GET /xingrg/kc/base/wldb_order_info.html?code=422022020100023 HTTP/1.1" 200 30329
58.39.168.32 - - [01/Feb/2022:11:45:45 +0800] "GET /xingrg/javascript/easyui/themes/default/validatebox.css HTTP/1.1" 404 1104
58.39.168.32 - - [01/Feb/2022:11:45:45 +0800] "POST /xingrg/kc/base/wldb_order_operate.html HTTP/1.1" 200 3143
58.39.168.32 - - [01/Feb/2022:11:45:50 +0800] "GET /xingrg/kc/base/wldb_order_operate.html?command=get_materiel&rest_code=00105&base_code=0010508&code=00102002439 HTTP/1.1" 200 458
222.70.243.96 - - [01/Feb/2022:11:45:51 +0800] "GET /xingrg/kc/base/wldb_order_operate.html?command=get_materiel&rest_code=00146&base_code=0010070&code=00101016122 HTTP/1.1" 200 418
58.39.168.32 - - [01/Feb/2022:11:45:53 +0800] "GET /xingrg/all/function/internal_message.html?_=1643687153477&CODE_STATE=getMsg HTTP/1.1" 200 27
58.39.168.32 - - [01/Feb/2022:11:45:54 +0800] "POST /xingrg/kc/base/wldb_order_operate.html HTTP/1.1" 200 37
58.39.168.32 - - [01/Feb/2022:11:45:54 +0800] "POST /xingrg/kc/base/wldb_order_operate.html HTTP/1.1" 200 4141
58.39.168.32 - - [01/Feb/2022:11:45:54 +0800] "GET /xingrg/kc/base/wldb_order_info.html?code=422022020100024 HTTP/1.1" 200 30326
222.70.243.96 - - [01/Feb/2022:11:45:55 +0800] "POST /xingrg/kc/base/wldb_order_operate.html HTTP/1.1" 200 1710
61.170.233.189 - - [01/Feb/2022:11:45:55 +0800] "GET /xingrg/all/function/internal_message.html?_=1643687153745&CODE_STATE=getMsg HTTP/1.1" 200 27
58.39.168.32 - - [01/Feb/2022:11:45:55 +0800] "GET /xingrg/javascript/easyui/themes/default/validatebox.css HTTP/1.1" 404 1104
58.39.168.32 - - [01/Feb/2022:11:45:55 +0800] "POST /xingrg/kc/base/wldb_order_operate.html HTTP/1.1" 200 4141
222.70.243.96 - - [01/Feb/2022:11:45:59 +0800] "GET /xingrg/kc/base/wldb_order_operate.html?command=get_materiel&rest_code=00146&base_code=0010070&code=00101018007 HTTP/1.1" 200 429
58.39.168.32 - - [01/Feb/2022:11:46:01 +0800] "GET /xingrg/kc/base/wldb_order_add.html HTTP/1.1" 200 30312
58.39.168.32 - - [01/Feb/2022:11:46:01 +0800] "POST /xingrg/kc/base/wldb_order_operate.html HTTP/1.1" 200 6806
58.39.168.32 - - [01/Feb/2022:11:46:01 +0800] "GET /xingrg/javascript/easyui/themes/default/validatebox.css HTTP/1.1" 404 1104
222.70.243.96 - - [01/Feb/2022:11:46:05 +0800] "GET /xingrg/all/function/internal_message.html?_=1643687169384&CODE_STATE=getMsg HTTP/1.1" 302 -
222.70.243.96 - - [01/Feb/2022:11:46:07 +0800] "GET /xingrg/kc/base/wldb_order_operate.html?command=get_materiel&rest_code=00146&base_code=0010070&code=00101018011 HTTP/1.1" 200 435
222.70.176.73 - - [01/Feb/2022:11:46:07 +0800] "GET /xingrg/all/function/internal_message.html?_=1643687165882&CODE_STATE=getMsg HTTP/1.1" 200 27
58.39.168.32 - - [01/Feb/2022:11:46:09 +0800] "GET /xingrg/kc/base/wldb_order_add.html HTTP/1.1" 200 30312
116.239.131.195 - - [01/Feb/2022:11:46:09 +0800] "GET /xingrg/all/function/internal_message.html?_=1643687188341&CODE_STATE=getMsg HTTP/1.1" 200 27
58.39.168.32 - - [01/Feb/2022:11:46:09 +0800] "GET /xingrg/javascript/easyui/themes/default/validatebox.css HTTP/1.1" 404 1104
58.39.168.32 - - [01/Feb/2022:11:46:09 +0800] "POST /xingrg/kc/base/wldb_order_operate.html HTTP/1.1" 200 6806
58.39.168.32 - - [01/Feb/2022:11:46:10 +0800] "POST /xingrg/all/common/load_combo.html?type=base HTTP/1.1" 200 3409
116.235.92.83 - - [01/Feb/2022:11:46:10 +0800] "GET /xingrg/all/function/internal_message.html?_=1643687313421&CODE_STATE=getMsg HTTP/1.1" 200 27
116.235.92.83 - - [01/Feb/2022:11:46:10 +0800] "GET /xingrg/check_reg.html?_=1643687313422 HTTP/1.1" 200 22
222.70.243.96 - - [01/Feb/2022:11:46:17 +0800] "GET /xingrg/kc/base/wldb_order_operate.html?command=get_materiel&rest_code=00146&base_code=0010070&code=00101018019 HTTP/1.1" 200 442
58.39.168.32 - - [01/Feb/2022:11:46:17 +0800] "GET /xingrg/kc/base/wldb_order_operate.html?command=get_materiel&rest_code=00105&base_code=0010508&code=00102002204 HTTP/1.1" 200 434
101.85.53.167 - - [01/Feb/2022:11:46:19 +0800] "GET /xingrg/all/function/internal_message.html?_=1643687174464&CODE_STATE=getMsg HTTP/1.1" 200 27
222.70.243.96 - - [01/Feb/2022:11:46:21 +0800] "GET /xingrg/all/function/internal_message.html?_=1643687186576&CODE_STATE=getMsg HTTP/1.1" 200 27
61.170.233.189 - - [01/Feb/2022:11:46:22 +0800] "GET /xingrg/check_reg.html?_=1643687180496 HTTP/1.1" 200 22
61.170.233.189 - - [01/Feb/2022:11:46:23 +0800] "GET /xingrg/all/function/internal_message.html?_=1643687183765&CODE_STATE=getMsg HTTP/1.1" 200 27
58.39.168.32 - - [01/Feb/2022:11:46:24 +0800] "GET /xingrg/kc/base/wldb_order_operate.html?command=get_materiel&rest_code=00105&base_code=0010508&code=00102002451 HTTP/1.1" 200 418
58.39.168.32 - - [01/Feb/2022:11:46:26 +0800] "GET /xingrg/kc/base/wldb_order_operate.html?command=get_materiel&rest_code=00105&base_code=0010507&code=00101019222 HTTP/1.1" 200 454
58.39.168.32 - - [01/Feb/2022:11:46:31 +0800] "GET /xingrg/all/function/internal_message.html?_=1643687129671&CODE_STATE=getMsg HTTP/1.1" 200 27
58.39.168.32 - - [01/Feb/2022:11:46:32 +0800] "GET /xingrg/kc/base/wldb_order_operate.html?command=get_materiel&rest_code=00105&base_code=0010508&code=00102004026 HTTP/1.1" 200 442
180.152.99.73 - - [01/Feb/2022:11:46:36 +0800] "GET /xingrg/all/function/internal_message.html?_=1643687195162&CODE_STATE=getMsg HTTP/1.1" 200 27
222.70.243.96 - - [01/Feb/2022:11:46:36 +0800] "GET /xingrg/kc/base/wldb_order_operate.html?command=get_materiel&rest_code=00146&base_code=0010070&code=00101019015 HTTP/1.1" 200 437
58.39.168.32 - - [01/Feb/2022:11:46:38 +0800] "GET /xingrg/kc/base/wldb_order_operate.html?command=get_materiel&rest_code=00105&base_code=0010508&code=00102002453 HTTP/1.1" 200 435
58.39.168.32 - - [01/Feb/2022:11:46:38 +0800] "GET /xingrg/kc/base/wldb_order_operate.html?command=get_materiel&rest_code=00105&base_code=0010507&code=00101019127 HTTP/1.1" 200 466
180.152.99.39 - - [01/Feb/2022:11:46:39 +0800] "GET /xingrg/check_reg.html?_=1643687122417 HTTP/1.1" 200 22
58.39.168.32 - - [01/Feb/2022:11:46:42 +0800] "POST /xingrg/kc/base/wldb_order_operate.html HTTP/1.1" 200 37
58.39.168.32 - - [01/Feb/2022:11:46:43 +0800] "POST /xingrg/kc/base/wldb_order_operate.html HTTP/1.1" 200 3625
180.152.99.39 - - [01/Feb/2022:11:46:44 +0800] "GET /xingrg/all/function/internal_message.html?_=1643687127177&CODE_STATE=getMsg HTTP/1.1" 200 27
167.248.133.120 - - [01/Feb/2022:11:46:44 +0800] "GET / HTTP/1.1" 404 -
222.70.243.96 - - [01/Feb/2022:11:46:49 +0800] "GET /xingrg/kc/base/wldb_order_operate.html?command=get_materiel&rest_code=00146&base_code=0010070&code=00101019026 HTTP/1.1" 200 467
58.39.168.32 - - [01/Feb/2022:11:46:52 +0800] "GET /xingrg/kc/base/wldb_order_info.html?code=422022020100025 HTTP/1.1" 200 30327
58.39.168.32 - - [01/Feb/2022:11:46:52 +0800] "GET /xingrg/javascript/easyui/themes/default/validatebox.css HTTP/1.1" 404 1104
222.70.243.96 - - [01/Feb/2022:11:46:52 +0800] "POST /xingrg/kc/base/wldb_order_operate.html HTTP/1.1" 200 1710
58.39.168.32 - - [01/Feb/2022:11:46:52 +0800] "POST /xingrg/kc/base/wldb_order_operate.html HTTP/1.1" 200 3625
58.39.168.32 - - [01/Feb/2022:11:46:53 +0800] "GET /xingrg/kc/base/wldb_order_operate.html?command=get_materiel&rest_code=00105&base_code=0010507&code=00101019258 HTTP/1.1" 200 469
58.39.168.32 - - [01/Feb/2022:11:46:53 +0800] "GET /xingrg/all/function/internal_message.html?_=1643687213451&CODE_STATE=getMsg HTTP/1.1" 200 27
58.39.168.32 - - [01/Feb/2022:11:46:54 +0800] "GET /xingrg/kc/base/wldb_order_add.html HTTP/1.1" 200 30312
58.39.168.32 - - [01/Feb/2022:11:46:55 +0800] "POST /xingrg/kc/base/wldb_order_operate.html HTTP/1.1" 200 6806
58.39.168.32 - - [01/Feb/2022:11:46:55 +0800] "GET /xingrg/javascript/easyui/themes/default/validatebox.css HTTP/1.1" 404 1104
61.170.233.189 - - [01/Feb/2022:11:46:55 +0800] "GET /xingrg/all/function/internal_message.html?_=1643687213744&CODE_STATE=getMsg HTTP/1.1" 200 27
58.39.168.32 - - [01/Feb/2022:11:46:56 +0800] "POST /xingrg/all/common/load_combo.html?type=base HTTP/1.1" 200 3409
222.70.243.96 - - [01/Feb/2022:11:47:02 +0800] "GET /xingrg/kc/base/wldb_order_operate.html?command=get_materiel&rest_code=00146&base_code=0010070&code=00101019027 HTTP/1.1" 200 475
222.70.243.96 - - [01/Feb/2022:11:47:05 +0800] "GET /xingrg/all/function/internal_message.html?_=1643687229416&CODE_STATE=getMsg HTTP/1.1" 302 -
58.39.168.32 - - [01/Feb/2022:11:47:05 +0800] "GET /xingrg/kc/base/wldb_order_operate.html?command=get_materiel&rest_code=00105&base_code=0010507&code=00101019185 HTTP/1.1" 200 453
58.39.168.32 - - [01/Feb/2022:11:47:07 +0800] "GET /xingrg/kc/base/wldb_order_operate.html?command=get_materiel&rest_code=00105&base_code=0010508&code=00102002304 HTTP/1.1" 200 450
222.70.176.73 - - [01/Feb/2022:11:47:07 +0800] "GET /xingrg/all/function/internal_message.html?_=1643687225893&CODE_STATE=getMsg HTTP/1.1" 200 27
116.239.131.195 - - [01/Feb/2022:11:47:09 +0800] "GET /xingrg/all/function/internal_message.html?_=1643687249049&CODE_STATE=getMsg HTTP/1.1" 200 27
116.235.92.83 - - [01/Feb/2022:11:47:10 +0800] "GET /xingrg/all/function/internal_message.html?_=1643687373420&CODE_STATE=getMsg HTTP/1.1" 200 27
58.39.168.32 - - [01/Feb/2022:11:47:18 +0800] "GET /xingrg/kc/base/wldb_order_operate.html?command=get_materiel&rest_code=00105&base_code=0010507&code=00101019071 HTTP/1.1" 200 455
101.85.53.167 - - [01/Feb/2022:11:47:19 +0800] "GET /xingrg/all/function/internal_message.html?_=1643687234456&CODE_STATE=getMsg HTTP/1.1" 200 27
222.70.243.96 - - [01/Feb/2022:11:47:19 +0800] "GET /xingrg/kc/base/wldb_order_operate.html?command=get_materiel&rest_code=00146&base_code=0010070&code=00101019062 HTTP/1.1" 200 451
222.70.243.96 - - [01/Feb/2022:11:47:21 +0800] "GET /xingrg/all/function/internal_message.html?_=1643687246576&CODE_STATE=getMsg HTTP/1.1" 200 27
101.91.60.11 - - [01/Feb/2022:11:47:21 +0800] "GET /xingrg/check_reg.html?_=1643687180496 HTTP/1.1" 302 -
58.39.168.32 - - [01/Feb/2022:11:47:21 +0800] "GET /xingrg/kc/base/wldb_order_operate.html?command=get_materiel&rest_code=00105&base_code=0010508&code=00102002025 HTTP/1.1" 200 453
101.91.60.11 - - [01/Feb/2022:11:47:22 +0800] "GET /xingrg/login.html HTTP/1.1" 200 7641
58.39.168.32 - - [01/Feb/2022:11:47:22 +0800] "POST /xingrg/all/common/load_select.html HTTP/1.1" 200 25
61.170.233.189 - - [01/Feb/2022:11:47:23 +0800] "GET /xingrg/all/function/internal_message.html?_=1643687243750&CODE_STATE=getMsg HTTP/1.1" 200 27
58.39.168.32 - - [01/Feb/2022:11:47:24 +0800] "GET /xingrg/kc/base/wldb_order_operate.html?command=get_materiel_price&rest_code=00105&base_code=0010508&code=00102002025&unit_code=00100351 HTTP/1.1" 200 34
58.39.168.32 - - [01/Feb/2022:11:47:31 +0800] "GET /xingrg/check_reg.html?_=1643687189065 HTTP/1.1" 200 22
58.39.168.32 - - [01/Feb/2022:11:47:31 +0800] "GET /xingrg/kc/base/wldb_order_operate.html?command=get_materiel&rest_code=00105&base_code=0010507&code=00101019405 HTTP/1.1" 200 468
58.39.168.32 - - [01/Feb/2022:11:47:31 +0800] "GET /xingrg/all/function/internal_message.html?_=1643687189646&CODE_STATE=getMsg HTTP/1.1" 200 27
58.39.168.32 - - [01/Feb/2022:11:47:32 +0800] "GET /xingrg/kc/base/wldb_order_operate.html?command=get_materiel&rest_code=00105&base_code=0010508&code=00102002347 HTTP/1.1" 200 443
180.152.99.73 - - [01/Feb/2022:11:47:36 +0800] "GET /xingrg/all/function/internal_message.html?_=1643687255160&CODE_STATE=getMsg HTTP/1.1" 200 27
114.88.155.114 - - [01/Feb/2022:11:47:39 +0800] "GET /xingrg/check_reg.html?_=1643687049484 HTTP/1.1" 302 -
58.39.168.32 - - [01/Feb/2022:11:47:39 +0800] "POST /xingrg/kc/base/wldb_order_operate.html HTTP/1.1" 200 37
58.39.168.32 - - [01/Feb/2022:11:47:40 +0800] "POST /xingrg/kc/base/wldb_order_operate.html HTTP/1.1" 200 3685
116.235.92.83 - - [01/Feb/2022:11:47:41 +0800] "GET /xingrg/kc/base/check_order_list.html?isBack=1 HTTP/1.1" 200 16223
116.235.92.83 - - [01/Feb/2022:11:47:42 +0800] "POST /xingrg/kc/base/check_list_operate.html HTTP/1.1" 200 4272
116.235.92.83 - - [01/Feb/2022:11:47:43 +0800] "GET /xingrg/kc/base/check_order_add.html HTTP/1.1" 200 26515
116.235.92.83 - - [01/Feb/2022:11:47:44 +0800] "GET /xingrg/dwr/interface/AjaxCheckService.js HTTP/1.1" 200 14003
116.235.92.83 - - [01/Feb/2022:11:47:44 +0800] "GET /xingrg/dwr/engine.js HTTP/1.1" 200 43631
116.235.92.83 - - [01/Feb/2022:11:47:44 +0800] "GET /xingrg/dwr/interface/AjaxComOrderService.js HTTP/1.1" 200 18264
180.152.99.39 - - [01/Feb/2022:11:47:44 +0800] "GET /xingrg/all/function/internal_message.html?_=1643687187190&CODE_STATE=getMsg HTTP/1.1" 200 27
222.70.243.96 - - [01/Feb/2022:11:47:45 +0800] "GET /xingrg/kc/base/wldb_order_operate.html?command=get_materiel&rest_code=00146&base_code=0010070&code=00101019063 HTTP/1.1" 200 446
58.39.168.32 - - [01/Feb/2022:11:47:45 +0800] "GET /xingrg/kc/base/wldb_order_operate.html?command=get_materiel&rest_code=00105&base_code=0010507&code=00101019529 HTTP/1.1" 200 476
58.39.168.32 - - [01/Feb/2022:11:47:48 +0800] "GET /xingrg/kc/base/wldb_order_info.html?code=422022020100026 HTTP/1.1" 200 30326
58.39.168.32 - - [01/Feb/2022:11:47:48 +0800] "GET /xingrg/javascript/easyui/themes/default/validatebox.css HTTP/1.1" 404 1104
58.39.168.32 - - [01/Feb/2022:11:47:48 +0800] "POST /xingrg/kc/base/wldb_order_operate.html HTTP/1.1" 200 3685
58.39.168.32 - - [01/Feb/2022:11:47:50 +0800] "GET /xingrg/kc/base/wldb_order_add.html HTTP/1.1" 200 30312
58.39.168.32 - - [01/Feb/2022:11:47:50 +0800] "POST /xingrg/kc/base/wldb_order_operate.html HTTP/1.1" 200 6806
58.39.168.32 - - [01/Feb/2022:11:47:50 +0800] "GET /xingrg/javascript/easyui/themes/default/validatebox.css HTTP/1.1" 404 1104
58.39.168.32 - - [01/Feb/2022:11:47:51 +0800] "POST /xingrg/all/common/load_combo.html?type=base HTTP/1.1" 200 3409
58.39.168.32 - - [01/Feb/2022:11:47:53 +0800] "GET /xingrg/all/function/internal_message.html?_=1643687273422&CODE_STATE=getMsg HTTP/1.1" 200 27
61.170.233.189 - - [01/Feb/2022:11:47:55 +0800] "GET /xingrg/all/function/internal_message.html?_=1643687273689&CODE_STATE=getMsg HTTP/1.1" 200 27
116.235.92.83 - - [01/Feb/2022:11:47:56 +0800] "POST /xingrg/dwr/call/plaincall/AjaxCheckService.saveOrder.dwr HTTP/1.1" 200 78
222.70.243.96 - - [01/Feb/2022:11:47:56 +0800] "GET /xingrg/kc/base/wldb_order_operate.html?command=get_materiel&rest_code=00146&base_code=0010070&code=00101019071 HTTP/1.1" 200 455
116.235.92.83 - - [01/Feb/2022:11:47:57 +0800] "POST /xingrg/dwr/call/plaincall/AjaxCheckService.loadOrderItems.dwr HTTP/1.1" 200 367
58.39.168.32 - - [01/Feb/2022:11:47:59 +0800] "GET /xingrg/kc/base/wldb_order_operate.html?command=get_materiel&rest_code=00105&base_code=0010507&code=00101019438 HTTP/1.1" 200 449
116.235.92.83 - - [01/Feb/2022:11:48:00 +0800] "POST /xingrg/kc/report/common_data.html?type=materiel_category_tree HTTP/1.1" 200 3878
222.70.243.96 - - [01/Feb/2022:11:48:05 +0800] "GET /xingrg/all/function/internal_message.html?_=1643687289426&CODE_STATE=getMsg HTTP/1.1" 302 -
58.39.168.32 - - [01/Feb/2022:11:48:05 +0800] "POST /xingrg/kc/base/wldb_order_operate.html HTTP/1.1" 200 37
58.39.168.32 - - [01/Feb/2022:11:48:06 +0800] "POST /xingrg/kc/base/wldb_order_operate.html HTTP/1.1" 200 5739
116.235.92.83 - - [01/Feb/2022:11:48:06 +0800] "POST /xingrg/dwr/call/plaincall/AjaxCheckService.importOrderItems.dwr HTTP/1.1" 200 78
58.39.168.32 - - [01/Feb/2022:11:48:06 +0800] "GET /xingrg/kc/base/wldb_order_info.html?code=422022020100027 HTTP/1.1" 200 30327
58.39.168.32 - - [01/Feb/2022:11:48:07 +0800] "GET /xingrg/javascript/easyui/themes/default/validatebox.css HTTP/1.1" 404 1104
58.39.168.32 - - [01/Feb/2022:11:48:07 +0800] "POST /xingrg/kc/base/wldb_order_operate.html HTTP/1.1" 200 5739
116.235.92.83 - - [01/Feb/2022:11:48:07 +0800] "POST /xingrg/dwr/call/plaincall/AjaxCheckService.loadOrderItems.dwr HTTP/1.1" 200 5605
222.70.176.73 - - [01/Feb/2022:11:48:07 +0800] "GET /xingrg/all/function/internal_message.html?_=1643687285875&CODE_STATE=getMsg HTTP/1.1" 200 27
58.39.168.32 - - [01/Feb/2022:11:48:08 +0800] "GET /xingrg/kc/base/wldb_order_operate.html?command=get_materiel&rest_code=00105&base_code=0010508&code=00102002603 HTTP/1.1" 200 416
116.239.131.195 - - [01/Feb/2022:11:48:09 +0800] "GET /xingrg/all/function/internal_message.html?_=1643687309055&CODE_STATE=getMsg HTTP/1.1" 200 27
116.235.92.83 - - [01/Feb/2022:11:48:10 +0800] "GET /xingrg/all/function/internal_message.html?_=1643687433448&CODE_STATE=getMsg HTTP/1.1" 200 27
222.70.243.96 - - [01/Feb/2022:11:48:13 +0800] "GET /xingrg/kc/base/wldb_order_operate.html?command=get_materiel&rest_code=00146&base_code=0010070&code=00101019074 HTTP/1.1" 200 456
222.70.243.96 - - [01/Feb/2022:11:48:16 +0800] "POST /xingrg/kc/base/wldb_order_operate.html HTTP/1.1" 200 1710
101.85.53.167 - - [01/Feb/2022:11:48:19 +0800] "GET /xingrg/all/function/internal_message.html?_=1643687294441&CODE_STATE=getMsg HTTP/1.1" 200 27
222.70.243.96 - - [01/Feb/2022:11:48:21 +0800] "GET /xingrg/all/function/internal_message.html?_=1643687306589&CODE_STATE=getMsg HTTP/1.1" 200 27
116.235.92.83 - - [01/Feb/2022:11:48:22 +0800] "GET /xingrg/kc/base/check_order_list.html?isBack=1 HTTP/1.1" 200 16223
116.235.92.83 - - [01/Feb/2022:11:48:22 +0800] "POST /xingrg/kc/base/check_list_operate.html HTTP/1.1" 200 4612
58.39.168.32 - - [01/Feb/2022:11:48:22 +0800] "GET /xingrg/kc/base/wldb_order_operate.html?command=get_materiel&rest_code=00105&base_code=0010508&code=00102002258 HTTP/1.1" 200 434
222.70.243.96 - - [01/Feb/2022:11:48:22 +0800] "GET /xingrg/kc/base/wldb_order_operate.html?command=get_materiel&rest_code=00146&base_code=0010070&code=00101019091 HTTP/1.1" 200 451
61.170.233.189 - - [01/Feb/2022:11:48:23 +0800] "GET /xingrg/all/function/internal_message.html?_=1643687303735&CODE_STATE=getMsg HTTP/1.1" 200 27
116.235.92.83 - - [01/Feb/2022:11:48:25 +0800] "GET /xingrg/kc/base/check_order_add.html HTTP/1.1" 200 26515
116.235.92.83 - - [01/Feb/2022:11:48:25 +0800] "GET /xingrg/dwr/interface/AjaxComOrderService.js HTTP/1.1" 200 18264
116.235.92.83 - - [01/Feb/2022:11:48:25 +0800] "GET /xingrg/dwr/interface/AjaxCheckService.js HTTP/1.1" 200 14003
116.235.92.83 - - [01/Feb/2022:11:48:25 +0800] "GET /xingrg/dwr/engine.js HTTP/1.1" 200 43631
58.39.168.32 - - [01/Feb/2022:11:48:25 +0800] "GET /xingrg/kc/base/wldb_order_add.html HTTP/1.1" 200 30312
58.39.168.32 - - [01/Feb/2022:11:48:26 +0800] "POST /xingrg/kc/base/wldb_order_operate.html HTTP/1.1" 200 6806
58.39.168.32 - - [01/Feb/2022:11:48:26 +0800] "GET /xingrg/javascript/easyui/themes/default/validatebox.css HTTP/1.1" 404 1104
58.39.168.32 - - [01/Feb/2022:11:48:29 +0800] "GET /xingrg/kc/base/wldb_order_operate.html?command=get_materiel&rest_code=00105&base_code=0010508&code=00102002410 HTTP/1.1" 200 440
58.39.168.32 - - [01/Feb/2022:11:48:31 +0800] "GET /xingrg/all/function/internal_message.html?_=1643687249620&CODE_STATE=getMsg HTTP/1.1" 200 27
222.70.243.96 - - [01/Feb/2022:11:48:32 +0800] "GET /xingrg/kc/base/wldb_order_operate.html?command=get_materiel&rest_code=00146&base_code=0010070&code=00101019127 HTTP/1.1" 200 466
58.39.168.32 - - [01/Feb/2022:11:48:36 +0800] "GET /xingrg/kc/base/wldb_order_operate.html?command=get_materiel&rest_code=00105&base_code=0010508&code=00102002150 HTTP/1.1" 200 433
180.152.99.73 - - [01/Feb/2022:11:48:36 +0800] "GET /xingrg/all/function/internal_message.html?_=1643687315168&CODE_STATE=getMsg HTTP/1.1" 200 27
116.235.92.83 - - [01/Feb/2022:11:48:38 +0800] "POST /xingrg/dwr/call/plaincall/AjaxCheckService.saveOrder.dwr HTTP/1.1" 200 78
58.39.168.32 - - [01/Feb/2022:11:48:39 +0800] "POST /xingrg/kc/base/wldb_order_operate.html HTTP/1.1" 200 37
116.235.92.83 - - [01/Feb/2022:11:48:39 +0800] "POST /xingrg/dwr/call/plaincall/AjaxCheckService.loadOrderItems.dwr HTTP/1.1" 200 367
58.39.168.32 - - [01/Feb/2022:11:48:40 +0800] "POST /xingrg/kc/base/wldb_order_operate.html HTTP/1.1" 200 4607
116.235.92.83 - - [01/Feb/2022:11:48:41 +0800] "POST /xingrg/kc/report/common_data.html?type=materiel_category_tree HTTP/1.1" 200 3878
180.152.99.39 - - [01/Feb/2022:11:48:44 +0800] "GET /xingrg/all/function/internal_message.html?_=1643687247228&CODE_STATE=getMsg HTTP/1.1" 200 27
116.235.92.83 - - [01/Feb/2022:11:48:47 +0800] "POST /xingrg/dwr/call/plaincall/AjaxCheckService.importOrderItems.dwr HTTP/1.1" 200 78
222.70.243.96 - - [01/Feb/2022:11:48:48 +0800] "GET /xingrg/kc/base/wldb_order_operate.html?command=get_materiel&rest_code=00146&base_code=0010070&code=00101019128 HTTP/1.1" 200 457
116.235.92.83 - - [01/Feb/2022:11:48:48 +0800] "POST /xingrg/dwr/call/plaincall/AjaxCheckService.loadOrderItems.dwr HTTP/1.1" 200 8609
116.235.92.83 - - [01/Feb/2022:11:48:50 +0800] "GET /xingrg/kc/print/load_config.html?_=1643687473291&kc_code=check HTTP/1.1" 200 2411
116.235.92.83 - - [01/Feb/2022:11:48:50 +0800] "GET /xingrg/kc/print/load_data.html?_=1643687473336&order_code=452022020100008&kc_code=check&condition= HTTP/1.1" 200 2353
58.39.168.32 - - [01/Feb/2022:11:48:51 +0800] "GET /xingrg/kc/base/wldb_order_info.html?code=422022020100028 HTTP/1.1" 200 30327
58.39.168.32 - - [01/Feb/2022:11:48:51 +0800] "GET /xingrg/javascript/easyui/themes/default/validatebox.css HTTP/1.1" 404 1104
61.170.233.189 - - [01/Feb/2022:11:48:51 +0800] "POST /xingrg/services/DataTransmitService HTTP/1.1" 200 524
58.39.168.32 - - [01/Feb/2022:11:48:51 +0800] "POST /xingrg/kc/base/wldb_order_operate.html HTTP/1.1" 200 4607
61.170.233.189 - - [01/Feb/2022:11:48:53 +0800] "POST /xingrg/services/DataTransmitService HTTP/1.1" 200 501
61.170.233.189 - - [01/Feb/2022:11:48:53 +0800] "POST /xingrg/services/DataTransmitService HTTP/1.1" 200 501
61.170.233.189 - - [01/Feb/2022:11:48:53 +0800] "POST /xingrg/services/DataTransmitService HTTP/1.1" 200 501
58.39.168.32 - - [01/Feb/2022:11:48:53 +0800] "GET /xingrg/javascript/jquery_easy_ui/themes/default/images/tabs_active.png HTTP/1.1" 304 -
61.170.233.189 - - [01/Feb/2022:11:48:53 +0800] "POST /xingrg/services/DataTransmitService HTTP/1.1" 200 501
58.39.168.32 - - [01/Feb/2022:11:48:53 +0800] "GET /xingrg/all/function/internal_message.html?_=1643687333428&CODE_STATE=getMsg HTTP/1.1" 200 27
61.170.233.189 - - [01/Feb/2022:11:48:54 +0800] "POST /xingrg/services/DataTransmitService HTTP/1.1" 200 501
61.170.233.189 - - [01/Feb/2022:11:48:54 +0800] "POST /xingrg/services/DataTransmitService HTTP/1.1" 200 501
61.170.233.189 - - [01/Feb/2022:11:48:54 +0800] "POST /xingrg/services/DataTransmitService HTTP/1.1" 200 412
61.170.233.189 - - [01/Feb/2022:11:48:55 +0800] "GET /xingrg/all/function/internal_message.html?_=1643687333662&CODE_STATE=getMsg HTTP/1.1" 200 27
58.39.168.32 - - [01/Feb/2022:11:48:56 +0800] "GET /xingrg/kc/base/wldb_order_list.html HTTP/1.1" 200 19098
58.39.168.32 - - [01/Feb/2022:11:48:57 +0800] "POST /xingrg/kc/base/wldb_list_operate.html HTTP/1.1" 200 4131
116.235.92.83 - - [01/Feb/2022:11:49:00 +0800] "GET /xingrg/kc/base/check_order_list.html?isBack=1 HTTP/1.1" 200 16223
116.235.92.83 - - [01/Feb/2022:11:49:00 +0800] "POST /xingrg/kc/base/check_list_operate.html HTTP/1.1" 200 4802
116.235.92.83 - - [01/Feb/2022:11:49:02 +0800] "GET /xingrg/kc/base/check_order_info.html?code=452022020100007 HTTP/1.1" 200 26557
116.235.92.83 - - [01/Feb/2022:11:49:02 +0800] "GET /xingrg/dwr/interface/AjaxCheckService.js HTTP/1.1" 200 14003
116.235.92.83 - - [01/Feb/2022:11:49:02 +0800] "GET /xingrg/dwr/interface/AjaxComOrderService.js HTTP/1.1" 200 18264
116.235.92.83 - - [01/Feb/2022:11:49:02 +0800] "GET /xingrg/dwr/engine.js HTTP/1.1" 200 43631
116.235.92.83 - - [01/Feb/2022:11:49:03 +0800] "POST /xingrg/dwr/call/plaincall/AjaxCheckService.loadOrderItems.dwr HTTP/1.1" 200 5605
222.70.243.96 - - [01/Feb/2022:11:49:05 +0800] "GET /xingrg/all/function/internal_message.html?_=1643687349458&CODE_STATE=getMsg HTTP/1.1" 302 -
222.70.243.96 - - [01/Feb/2022:11:49:05 +0800] "GET /xingrg/check_reg.html?_=1643687350204 HTTP/1.1" 302 -
116.235.92.83 - - [01/Feb/2022:11:49:05 +0800] "GET /xingrg/kc/print/load_config.html?_=1643687488804&kc_code=check HTTP/1.1" 200 2411
116.235.92.83 - - [01/Feb/2022:11:49:05 +0800] "GET /xingrg/kc/print/load_data.html?_=1643687488846&order_code=452022020100007&kc_code=check&condition= HTTP/1.1" 200 1697
222.70.243.96 - - [01/Feb/2022:11:49:06 +0800] "GET /xingrg/kc/base/wldb_order_operate.html?command=get_materiel&rest_code=00146&base_code=0010070&code=00101019132 HTTP/1.1" 200 473
222.70.176.73 - - [01/Feb/2022:11:49:07 +0800] "GET /xingrg/all/function/internal_message.html?_=1643687345861&CODE_STATE=getMsg HTTP/1.1" 200 27
116.239.131.195 - - [01/Feb/2022:11:49:09 +0800] "GET /xingrg/all/function/internal_message.html?_=1643687369067&CODE_STATE=getMsg HTTP/1.1" 200 27
222.70.243.96 - - [01/Feb/2022:11:49:10 +0800] "GET /xingrg/check_reg.html?_=1643687355524 HTTP/1.1" 200 22
116.235.92.83 - - [01/Feb/2022:11:49:10 +0800] "GET /xingrg/all/function/internal_message.html?_=1643687493451&CODE_STATE=getMsg HTTP/1.1" 200 27
58.39.168.32 - - [01/Feb/2022:11:49:11 +0800] "GET /xingrg/kc/base/wldb_order_operate.html?command=get_materiel&rest_code=00105&base_code=0010507&code=00101016019 HTTP/1.1" 200 449
101.85.53.167 - - [01/Feb/2022:11:49:19 +0800] "GET /xingrg/all/function/internal_message.html?_=1643687354438&CODE_STATE=getMsg HTTP/1.1" 200 27
101.85.53.167 - - [01/Feb/2022:11:49:19 +0800] "GET /xingrg/check_reg.html?_=1643687354580 HTTP/1.1" 200 22
222.70.243.96 - - [01/Feb/2022:11:49:21 +0800] "GET /xingrg/all/function/internal_message.html?_=1643687366603&CODE_STATE=getMsg HTTP/1.1" 200 27
222.70.243.96 - - [01/Feb/2022:11:49:21 +0800] "GET /xingrg/kc/base/wldb_order_operate.html?command=get_materiel&rest_code=00146&base_code=0010070&code=00101019139 HTTP/1.1" 200 440
61.170.233.189 - - [01/Feb/2022:11:49:23 +0800] "GET /xingrg/all/function/internal_message.html?_=1643687363720&CODE_STATE=getMsg HTTP/1.1" 200 27
222.70.243.96 - - [01/Feb/2022:11:49:24 +0800] "POST /xingrg/kc/base/wldb_order_operate.html HTTP/1.1" 200 1710
58.39.168.32 - - [01/Feb/2022:11:49:29 +0800] "GET /xingrg/kc/base/wldb_order_operate.html?command=get_materiel&rest_code=00105&base_code=0010507&code=00101019041 HTTP/1.1" 200 468
222.70.176.73 - - [01/Feb/2022:11:49:30 +0800] "GET /xingrg/check_reg.html?_=1643687368890 HTTP/1.1" 200 22
222.70.243.96 - - [01/Feb/2022:11:49:30 +0800] "GET /xingrg/kc/base/wldb_order_operate.html?command=get_materiel&rest_code=00146&base_code=0010070&code=00101019164 HTTP/1.1" 200 452
58.39.168.32 - - [01/Feb/2022:11:49:31 +0800] "GET /xingrg/all/function/internal_message.html?_=1643687309599&CODE_STATE=getMsg HTTP/1.1" 200 27
180.152.99.73 - - [01/Feb/2022:11:49:36 +0800] "GET /xingrg/all/function/internal_message.html?_=1643687375165&CODE_STATE=getMsg HTTP/1.1" 200 27
222.70.243.96 - - [01/Feb/2022:11:49:38 +0800] "GET /xingrg/kc/base/wldb_order_operate.html?command=get_materiel&rest_code=00146&base_code=0010070&code=00101019174 HTTP/1.1" 200 463
180.152.99.39 - - [01/Feb/2022:11:49:44 +0800] "GET /xingrg/all/function/internal_message.html?_=1643687307233&CODE_STATE=getMsg HTTP/1.1" 200 27
180.157.251.97 - - [01/Feb/2022:11:49:46 +0800] "GET /xingrg/check_reg.html?_=1643687387368 HTTP/1.1" 200 22
58.39.168.32 - - [01/Feb/2022:11:49:47 +0800] "GET /xingrg/kc/base/wldb_order_operate.html?command=get_materiel&rest_code=00105&base_code=0010507&code=00101019315 HTTP/1.1" 200 461
58.39.168.32 - - [01/Feb/2022:11:49:52 +0800] "GET /xingrg/check_reg.html?_=1643687392306 HTTP/1.1" 200 22
58.39.168.32 - - [01/Feb/2022:11:49:53 +0800] "GET /xingrg/all/function/internal_message.html?_=1643687393405&CODE_STATE=getMsg HTTP/1.1" 200 27
61.170.233.189 - - [01/Feb/2022:11:49:55 +0800] "GET /xingrg/all/function/internal_message.html?_=1643687393635&CODE_STATE=getMsg HTTP/1.1" 200 27
58.39.168.32 - - [01/Feb/2022:11:50:00 +0800] "GET /xingrg/kc/base/wldb_order_operate.html?command=get_materiel&rest_code=00105&base_code=0010507&code=00101019133 HTTP/1.1" 200 466
116.239.131.195 - - [01/Feb/2022:11:50:01 +0800] "GET /xingrg/check_reg.html?_=1643687421079 HTTP/1.1" 200 22
222.70.243.96 - - [01/Feb/2022:11:50:05 +0800] "GET /xingrg/all/function/internal_message.html?_=1643687409487&CODE_STATE=getMsg HTTP/1.1" 302 -
222.70.243.96 - - [01/Feb/2022:11:50:06 +0800] "GET /xingrg/kc/base/wldb_order_operate.html?command=get_materiel&rest_code=00146&base_code=0010070&code=00101019392 HTTP/1.1" 200 475
222.70.176.73 - - [01/Feb/2022:11:50:07 +0800] "GET /xingrg/all/function/internal_message.html?_=1643687405833&CODE_STATE=getMsg HTTP/1.1" 200 27
116.239.131.195 - - [01/Feb/2022:11:50:09 +0800] "GET /xingrg/all/function/internal_message.html?_=1643687429081&CODE_STATE=getMsg HTTP/1.1" 200 27
116.235.92.83 - - [01/Feb/2022:11:50:10 +0800] "GET /xingrg/all/function/internal_message.html?_=1643687553444&CODE_STATE=getMsg HTTP/1.1" 200 27
58.39.168.32 - - [01/Feb/2022:11:50:10 +0800] "GET /xingrg/kc/base/wldb_order_operate.html?command=get_materiel&rest_code=00105&base_code=0010507&code=00101019400 HTTP/1.1" 200 451
58.39.168.32 - - [01/Feb/2022:11:50:17 +0800] "POST /xingrg/kc/base/wldb_order_operate.html HTTP/1.1" 200 37
61.170.233.189 - - [01/Feb/2022:11:50:18 +0800] "GET /xingrg/check_reg.html?_=1643687417870 HTTP/1.1" 200 22
58.39.168.32 - - [01/Feb/2022:11:50:18 +0800] "POST /xingrg/kc/base/wldb_order_operate.html HTTP/1.1" 200 4708
58.39.168.32 - - [01/Feb/2022:11:50:18 +0800] "GET /xingrg/kc/base/wldb_order_info.html?code=422022020100029 HTTP/1.1" 200 30327
58.39.168.32 - - [01/Feb/2022:11:50:19 +0800] "GET /xingrg/javascript/easyui/themes/default/validatebox.css HTTP/1.1" 404 1104
101.85.53.167 - - [01/Feb/2022:11:50:19 +0800] "GET /xingrg/all/function/internal_message.html?_=1643687414439&CODE_STATE=getMsg HTTP/1.1" 200 27
58.39.168.32 - - [01/Feb/2022:11:50:19 +0800] "POST /xingrg/kc/base/wldb_order_operate.html HTTP/1.1" 200 4708
222.70.243.96 - - [01/Feb/2022:11:50:21 +0800] "GET /xingrg/all/function/internal_message.html?_=1643687426616&CODE_STATE=getMsg HTTP/1.1" 200 27
61.170.233.189 - - [01/Feb/2022:11:50:23 +0800] "GET /xingrg/all/function/internal_message.html?_=1643687423690&CODE_STATE=getMsg HTTP/1.1" 200 27
222.70.243.96 - - [01/Feb/2022:11:50:26 +0800] "GET /xingrg/kc/base/wldb_order_operate.html?command=get_materiel&rest_code=00146&base_code=0010070&code=00101019184 HTTP/1.1" 200 444
58.39.168.32 - - [01/Feb/2022:11:50:31 +0800] "GET /xingrg/all/function/internal_message.html?_=1643687369578&CODE_STATE=getMsg HTTP/1.1" 200 27
180.152.99.73 - - [01/Feb/2022:11:50:36 +0800] "GET /xingrg/all/function/internal_message.html?_=1643687435180&CODE_STATE=getMsg HTTP/1.1" 200 27
180.152.99.73 - - [01/Feb/2022:11:50:36 +0800] "GET /xingrg/check_reg.html?_=1643687435186 HTTP/1.1" 200 22
222.70.243.96 - - [01/Feb/2022:11:50:38 +0800] "GET /xingrg/kc/base/wldb_order_operate.html?command=get_materiel&rest_code=00146&base_code=0010070&code=00101019187 HTTP/1.1" 200 465
222.70.243.96 - - [01/Feb/2022:11:50:44 +0800] "POST /xingrg/kc/base/wldb_order_operate.html HTTP/1.1" 200 1710
180.152.99.39 - - [01/Feb/2022:11:50:44 +0800] "GET /xingrg/all/function/internal_message.html?_=1643687367273&CODE_STATE=getMsg HTTP/1.1" 200 27
222.70.243.96 - - [01/Feb/2022:11:50:51 +0800] "GET /xingrg/kc/base/wldb_order_operate.html?command=get_materiel&rest_code=00146&base_code=0010070&code=00101019222 HTTP/1.1" 200 454
58.39.168.32 - - [01/Feb/2022:11:50:53 +0800] "GET /xingrg/all/function/internal_message.html?_=1643687453385&CODE_STATE=getMsg HTTP/1.1" 200 27
61.170.233.189 - - [01/Feb/2022:11:50:55 +0800] "GET /xingrg/all/function/internal_message.html?_=1643687453617&CODE_STATE=getMsg HTTP/1.1" 200 27
222.70.243.96 - - [01/Feb/2022:11:51:04 +0800] "GET /xingrg/kc/base/wldb_order_operate.html?command=get_materiel&rest_code=00146&base_code=0010070&code=00101019243 HTTP/1.1" 200 464
222.70.243.96 - - [01/Feb/2022:11:51:05 +0800] "GET /xingrg/all/function/internal_message.html?_=1643687469499&CODE_STATE=getMsg HTTP/1.1" 302 -
222.70.176.73 - - [01/Feb/2022:11:51:07 +0800] "GET /xingrg/all/function/internal_message.html?_=1643687465818&CODE_STATE=getMsg HTTP/1.1" 200 27
116.239.131.195 - - [01/Feb/2022:11:51:09 +0800] "GET /xingrg/all/function/internal_message.html?_=1643687489094&CODE_STATE=getMsg HTTP/1.1" 200 27
116.235.92.83 - - [01/Feb/2022:11:51:10 +0800] "GET /xingrg/check_reg.html?_=1643687613459 HTTP/1.1" 200 22
116.235.92.83 - - [01/Feb/2022:11:51:10 +0800] "GET /xingrg/all/function/internal_message.html?_=1643687613457&CODE_STATE=getMsg HTTP/1.1" 200 27
222.70.243.96 - - [01/Feb/2022:11:51:18 +0800] "GET /xingrg/kc/base/wldb_order_operate.html?command=get_materiel&rest_code=00146&base_code=0010070&code=00101019244 HTTP/1.1" 200 459
101.85.53.167 - - [01/Feb/2022:11:51:19 +0800] "GET /xingrg/all/function/internal_message.html?_=1643687474433&CODE_STATE=getMsg HTTP/1.1" 200 27
222.70.243.96 - - [01/Feb/2022:11:51:21 +0800] "GET /xingrg/all/function/internal_message.html?_=1643687486630&CODE_STATE=getMsg HTTP/1.1" 200 27
61.170.233.189 - - [01/Feb/2022:11:51:21 +0800] "GET /xingrg/check_reg.html?_=1643687480464 HTTP/1.1" 200 22
61.170.233.189 - - [01/Feb/2022:11:51:23 +0800] "GET /xingrg/all/function/internal_message.html?_=1643687483702&CODE_STATE=getMsg HTTP/1.1" 200 27
58.39.168.32 - - [01/Feb/2022:11:51:31 +0800] "GET /xingrg/all/function/internal_message.html?_=1643687429549&CODE_STATE=getMsg HTTP/1.1" 200 27
222.70.243.96 - - [01/Feb/2022:11:51:32 +0800] "GET /xingrg/kc/base/wldb_order_operate.html?command=get_materiel&rest_code=00146&base_code=0010070&code=00101019253 HTTP/1.1" 200 468
180.152.99.73 - - [01/Feb/2022:11:51:36 +0800] "GET /xingrg/all/function/internal_message.html?_=1643687495195&CODE_STATE=getMsg HTTP/1.1" 200 27
180.152.99.39 - - [01/Feb/2022:11:51:39 +0800] "GET /xingrg/check_reg.html?_=1643687422425 HTTP/1.1" 200 22
180.152.99.39 - - [01/Feb/2022:11:51:44 +0800] "GET /xingrg/all/function/internal_message.html?_=1643687427275&CODE_STATE=getMsg HTTP/1.1" 200 27
58.39.168.32 - - [01/Feb/2022:11:51:49 +0800] "GET /xingrg/kc/base/wldb_order_add.html HTTP/1.1" 200 30312
58.39.168.32 - - [01/Feb/2022:11:51:49 +0800] "POST /xingrg/kc/base/wldb_order_operate.html HTTP/1.1" 200 6806
58.39.168.32 - - [01/Feb/2022:11:51:49 +0800] "GET /xingrg/javascript/easyui/themes/default/validatebox.css HTTP/1.1" 404 1104
58.39.168.32 - - [01/Feb/2022:11:51:53 +0800] "GET /xingrg/all/function/internal_message.html?_=1643687513355&CODE_STATE=getMsg HTTP/1.1" 200 27
222.70.243.96 - - [01/Feb/2022:11:51:54 +0800] "GET /xingrg/kc/base/wldb_order_operate.html?command=get_materiel&rest_code=00146&base_code=0010070&code=00101019257 HTTP/1.1" 200 480
61.170.233.189 - - [01/Feb/2022:11:51:55 +0800] "GET /xingrg/all/function/internal_message.html?_=1643687513602&CODE_STATE=getMsg HTTP/1.1" 200 27
222.70.243.96 - - [01/Feb/2022:11:51:58 +0800] "POST /xingrg/kc/base/wldb_order_operate.html HTTP/1.1" 200 1710
222.70.243.96 - - [01/Feb/2022:11:52:05 +0800] "GET /xingrg/all/function/internal_message.html?_=1643687529531&CODE_STATE=getMsg HTTP/1.1" 302 -
222.70.176.73 - - [01/Feb/2022:11:52:07 +0800] "GET /xingrg/all/function/internal_message.html?_=1643687525806&CODE_STATE=getMsg HTTP/1.1" 200 27
