180.169.147.146 - - [30/Jan/2022:10:47:48 +0800] "GET /xingrg/images/yd/bt2.gif HTTP/1.1" 404 1042
101.89.239.238 - - [30/Jan/2022:10:47:50 +0800] "GET /xingrg/login.html HTTP/1.1" 200 7641
222.70.223.103 - - [30/Jan/2022:10:47:51 +0800] "GET /xingrg/all/function/internal_message.html?_=1643510865087&CODE_STATE=getMsg HTTP/1.1" 200 27
101.83.241.237 - - [30/Jan/2022:10:47:51 +0800] "GET /xingrg/all/function/internal_message.html?_=1643510867860&CODE_STATE=getMsg HTTP/1.1" 200 27
180.152.99.39 - - [30/Jan/2022:10:47:51 +0800] "GET /xingrg/all/function/internal_message.html?_=1643510795081&CODE_STATE=getMsg HTTP/1.1" 200 27
180.169.147.146 - - [30/Jan/2022:10:47:52 +0800] "POST /xingrg/dwr/call/plaincall/AjaxYddbService.saveMaterielItem.dwr HTTP/1.1" 200 78
101.83.241.237 - - [30/Jan/2022:10:47:56 +0800] "GET /xingrg/kc/buy/cgsh_order_operate.html?command=get_materiel&rest_code=00149&code=00101008257&supplier_code=00100005&order_time=2022-01-30 HTTP/1.1" 200 416
222.70.243.96 - - [30/Jan/2022:10:47:58 +0800] "GET /xingrg/all/function/internal_message.html?_=1643510878439&CODE_STATE=getMsg HTTP/1.1" 200 27
222.70.179.207 - - [30/Jan/2022:10:48:00 +0800] "GET /xingrg/all/function/internal_message.html?_=1643510878322&CODE_STATE=getMsg HTTP/1.1" 200 27
180.157.251.97 - - [30/Jan/2022:10:48:01 +0800] "GET /xingrg/all/function/internal_message.html?_=1643510880504&CODE_STATE=getMsg HTTP/1.1" 200 27
180.162.112.109 - - [30/Jan/2022:10:48:02 +0800] "GET /xingrg/all/function/internal_message.html?_=1643510276107&CODE_STATE=getMsg HTTP/1.1" 200 27
180.162.112.109 - - [30/Jan/2022:10:48:02 +0800] "GET /xingrg/check_reg.html?_=1643510276110 HTTP/1.1" 200 22
61.170.233.189 - - [30/Jan/2022:10:48:05 +0800] "POST /xingrg/services/DataTransmitService HTTP/1.1" 200 524
61.170.233.189 - - [30/Jan/2022:10:48:07 +0800] "POST /xingrg/services/DataTransmitService HTTP/1.1" 200 412
180.169.147.146 - - [30/Jan/2022:10:48:16 +0800] "GET /xingrg/all/function/internal_message.html?_=1643510895036&CODE_STATE=getMsg HTTP/1.1" 200 27
180.152.99.73 - - [30/Jan/2022:10:48:17 +0800] "GET /xingrg/all/function/internal_message.html?_=1643510895266&CODE_STATE=getMsg HTTP/1.1" 200 27
58.40.7.146 - - [30/Jan/2022:10:48:19 +0800] "GET /xingrg/all/function/internal_message.html?_=1643510897551&CODE_STATE=getMsg HTTP/1.1" 200 27
116.228.172.94 - - [30/Jan/2022:10:48:21 +0800] "GET /xingrg/all/function/internal_message.html?_=1643510805259&CODE_STATE=getMsg HTTP/1.1" 200 27
222.70.243.96 - - [30/Jan/2022:10:48:21 +0800] "GET /xingrg/all/function/internal_message.html?_=1643510901023&CODE_STATE=getMsg HTTP/1.1" 302 -
61.170.233.189 - - [30/Jan/2022:10:48:25 +0800] "GET /xingrg/kc/buy/cgsh_order_operate.html?command=get_materiel&rest_code=00106&code=00101009029&supplier_code=00100022&order_time=2022-01-30 HTTP/1.1" 200 408
61.151.178.249 - - [30/Jan/2022:10:48:25 +0800] "GET /xingrg/all/function/internal_message.html?_=1643510786609&CODE_STATE=getMsg HTTP/1.1" 302 -
61.151.178.249 - - [30/Jan/2022:10:48:26 +0800] "GET /xingrg/login.html HTTP/1.1" 200 7641
101.83.241.237 - - [30/Jan/2022:10:48:30 +0800] "GET /xingrg/kc/buy/cgsh_order_operate.html?command=get_materiel&rest_code=00149&code=00101008049&supplier_code=00100005&order_time=2022-01-30 HTTP/1.1" 200 408
61.170.233.189 - - [30/Jan/2022:10:48:31 +0800] "GET /xingrg/all/function/internal_message.html?_=1643510906576&CODE_STATE=getMsg HTTP/1.1" 200 27
58.39.168.32 - - [30/Jan/2022:10:48:34 +0800] "GET /xingrg/all/function/internal_message.html?_=1643510912821&CODE_STATE=getMsg HTTP/1.1" 200 27
61.170.233.189 - - [30/Jan/2022:10:48:39 +0800] "POST /xingrg/kc/buy/cgsh_order_operate.html HTTP/1.1" 200 37
180.171.135.116 - - [30/Jan/2022:10:48:42 +0800] "POST /xingrg/services/DataTransmitService HTTP/1.1" 200 524
61.170.233.189 - - [30/Jan/2022:10:48:42 +0800] "POST /xingrg/kc/buy/cgsh_order_operate.html HTTP/1.1" 200 12
101.83.241.237 - - [30/Jan/2022:10:48:42 +0800] "GET /xingrg/kc/buy/cgsh_order_operate.html?command=get_materiel&rest_code=00149&code=00101010089&supplier_code=00100005&order_time=2022-01-30 HTTP/1.1" 200 412
101.89.19.197 - - [30/Jan/2022:10:48:43 +0800] "GET /xingrg/kc/buy/cgsh_order_operate.html?command=get_materiel&rest_code=00106&code=00101009039&supplier_code=00100022&order_time=2022-01-30 HTTP/1.1" 302 -
101.89.19.197 - - [30/Jan/2022:10:48:43 +0800] "GET /xingrg/login.html HTTP/1.1" 200 7641
180.171.135.116 - - [30/Jan/2022:10:48:43 +0800] "POST /xingrg/services/DataTransmitService HTTP/1.1" 200 412
61.170.233.189 - - [30/Jan/2022:10:48:43 +0800] "GET /xingrg/kc/buy/cgsh_order_info.html?code=212022013015252 HTTP/1.1" 200 60545
61.170.233.189 - - [30/Jan/2022:10:48:44 +0800] "GET /xingrg/javascript/easyui/themes/default/validatebox.css HTTP/1.1" 404 1104
61.170.233.189 - - [30/Jan/2022:10:48:45 +0800] "POST /xingrg/kc/buy/cgsh_order_operate.html HTTP/1.1" 200 4755
61.170.233.189 - - [30/Jan/2022:10:48:46 +0800] "GET /xingrg/kc/print/load_data.html?order_code=212022013015252&kc_code=cgsh&condition= HTTP/1.1" 200 2322
222.69.132.164 - - [30/Jan/2022:10:48:47 +0800] "GET /xingrg/check_reg.html?_=1643510985001 HTTP/1.1" 200 22
222.69.132.164 - - [30/Jan/2022:10:48:47 +0800] "GET /xingrg/all/function/internal_message.html?_=1643510985003&CODE_STATE=getMsg HTTP/1.1" 200 27
222.70.223.103 - - [30/Jan/2022:10:48:51 +0800] "GET /xingrg/check_reg.html?_=1643510925104 HTTP/1.1" 200 22
222.70.223.103 - - [30/Jan/2022:10:48:51 +0800] "GET /xingrg/all/function/internal_message.html?_=1643510925106&CODE_STATE=getMsg HTTP/1.1" 200 27
101.83.241.237 - - [30/Jan/2022:10:48:51 +0800] "GET /xingrg/all/function/internal_message.html?_=1643510927832&CODE_STATE=getMsg HTTP/1.1" 200 27
58.221.95.50 - - [30/Jan/2022:10:48:51 +0800] "GET /xingrg/check_reg.html?_=1643510929680 HTTP/1.1" 302 -
180.152.99.39 - - [30/Jan/2022:10:48:51 +0800] "GET /xingrg/all/function/internal_message.html?_=1643510855104&CODE_STATE=getMsg HTTP/1.1" 200 27
61.170.233.189 - - [30/Jan/2022:10:48:52 +0800] "GET /xingrg/kc/print/load_data.html?order_code=212022013015252&kc_code=cgsh HTTP/1.1" 200 2322
101.83.241.237 - - [30/Jan/2022:10:48:56 +0800] "GET /xingrg/kc/buy/cgsh_order_operate.html?command=get_materiel&rest_code=00149&code=00101008107&supplier_code=00100005&order_time=2022-01-30 HTTP/1.1" 200 412
222.70.243.96 - - [30/Jan/2022:10:48:58 +0800] "GET /xingrg/all/function/internal_message.html?_=1643510938454&CODE_STATE=getMsg HTTP/1.1" 200 27
222.70.179.207 - - [30/Jan/2022:10:49:00 +0800] "GET /xingrg/all/function/internal_message.html?_=1643510938323&CODE_STATE=getMsg HTTP/1.1" 200 27
180.157.251.97 - - [30/Jan/2022:10:49:01 +0800] "GET /xingrg/all/function/internal_message.html?_=1643510940492&CODE_STATE=getMsg HTTP/1.1" 200 27
180.152.99.73 - - [30/Jan/2022:10:49:02 +0800] "POST /xingrg/kc/buy/cgsh_order_operate.html HTTP/1.1" 200 2065
180.162.112.109 - - [30/Jan/2022:10:49:02 +0800] "GET /xingrg/all/function/internal_message.html?_=1643510336109&CODE_STATE=getMsg HTTP/1.1" 200 27
114.95.98.1 - - [30/Jan/2022:10:49:04 +0800] "GET /xingrg/check_reg.html?_=1643510962579 HTTP/1.1" 200 22
222.70.243.96 - - [30/Jan/2022:10:49:09 +0800] "GET /xingrg/check_reg.html?_=1643510948926 HTTP/1.1" 302 -
101.83.241.237 - - [30/Jan/2022:10:49:12 +0800] "GET /xingrg/kc/buy/cgsh_order_operate.html?command=get_materiel&rest_code=00149&code=00101008354&supplier_code=00100005&order_time=2022-01-30 HTTP/1.1" 200 431
58.40.7.146 - - [30/Jan/2022:10:49:12 +0800] "GET /xingrg/check_reg.html?_=1643510950178 HTTP/1.1" 200 22
180.162.112.109 - - [30/Jan/2022:10:49:15 +0800] "GET /xingrg/javascript/jquery_easy_ui/themes/default/images/tabs_active.png HTTP/1.1" 304 -
180.169.147.146 - - [30/Jan/2022:10:49:16 +0800] "GET /xingrg/all/function/internal_message.html?_=1643510955021&CODE_STATE=getMsg HTTP/1.1" 200 27
180.152.99.73 - - [30/Jan/2022:10:49:17 +0800] "GET /xingrg/all/function/internal_message.html?_=1643510955265&CODE_STATE=getMsg HTTP/1.1" 200 27
180.162.112.109 - - [30/Jan/2022:10:49:18 +0800] "GET /xingrg/kc/report/report_main.html HTTP/1.1" 200 7340
180.162.112.109 - - [30/Jan/2022:10:49:18 +0800] "GET /xingrg/javascript/jquery_easy_ui/themes/icons/back_new.png HTTP/1.1" 304 -
180.162.112.109 - - [30/Jan/2022:10:49:19 +0800] "GET /xingrg/all/report/report_query.html?fileName=kc/buy/gys_amount.xml&rh=99999 HTTP/1.1" 200 52006
180.162.112.109 - - [30/Jan/2022:10:49:19 +0800] "GET /xingrg/javascript/multi_select/jqueryMultiSelect.css HTTP/1.1" 304 -
180.162.112.109 - - [30/Jan/2022:10:49:19 +0800] "GET /xingrg/javascript/bigrid/fix.css HTTP/1.1" 304 -
180.162.112.109 - - [30/Jan/2022:10:49:19 +0800] "GET /xingrg/javascript/calendar/timePicker.css HTTP/1.1" 304 -
180.162.112.109 - - [30/Jan/2022:10:49:19 +0800] "GET /xingrg/dwr/util.js HTTP/1.1" 200 35990
180.162.112.109 - - [30/Jan/2022:10:49:19 +0800] "GET /xingrg/javascript/jqueryMultiSelect.js HTTP/1.1" 304 -
180.162.112.109 - - [30/Jan/2022:10:49:19 +0800] "GET /xingrg/javascript/Calendar.js HTTP/1.1" 304 -
180.162.112.109 - - [30/Jan/2022:10:49:19 +0800] "GET /xingrg/dwr/interface/AjaxReportQueryService.js HTTP/1.1" 200 13203
180.162.112.109 - - [30/Jan/2022:10:49:19 +0800] "GET /xingrg/dwr/engine.js HTTP/1.1" 200 43631
180.162.112.109 - - [30/Jan/2022:10:49:19 +0800] "GET /xingrg/javascript/calendar/jquery.timePicker.min.js HTTP/1.1" 304 -
180.162.112.109 - - [30/Jan/2022:10:49:19 +0800] "GET /xingrg/javascript/bigrid/fix.js HTTP/1.1" 304 -
58.40.7.146 - - [30/Jan/2022:10:49:19 +0800] "GET /xingrg/all/function/internal_message.html?_=1643510957523&CODE_STATE=getMsg HTTP/1.1" 200 27
180.162.112.109 - - [30/Jan/2022:10:49:19 +0800] "GET /xingrg/images/control/loading.gif HTTP/1.1" 304 -
180.162.112.109 - - [30/Jan/2022:10:49:19 +0800] "GET /xingrg/images/blue/button/advanceover.gif HTTP/1.1" 304 -
180.162.112.109 - - [30/Jan/2022:10:49:19 +0800] "GET /xingrg/images/blue/button/advance2over.gif HTTP/1.1" 304 -
180.162.112.109 - - [30/Jan/2022:10:49:19 +0800] "GET /xingrg/images/blue/button/back2over.gif HTTP/1.1" 304 -
180.162.112.109 - - [30/Jan/2022:10:49:19 +0800] "GET /xingrg/images/blue/button/backover.gif HTTP/1.1" 304 -
180.162.112.109 - - [30/Jan/2022:10:49:19 +0800] "GET /xingrg/javascript/jquery_easy_ui/themes/default/images/menu_rightarrow.png HTTP/1.1" 304 -
180.162.112.109 - - [30/Jan/2022:10:49:19 +0800] "GET /xingrg/javascript/jquery_easy_ui/themes/icons/pencil.png HTTP/1.1" 304 -
180.162.112.109 - - [30/Jan/2022:10:49:19 +0800] "GET /xingrg/javascript/jquery_easy_ui/themes/icons/print.png HTTP/1.1" 304 -
180.162.112.109 - - [30/Jan/2022:10:49:19 +0800] "GET /xingrg/javascript/jquery_easy_ui/themes/default/images/menu.gif HTTP/1.1" 304 -
180.162.112.109 - - [30/Jan/2022:10:49:19 +0800] "GET /xingrg/javascript/jquery_easy_ui/themes/default/images/button_a_bg.gif HTTP/1.1" 304 -
180.162.112.109 - - [30/Jan/2022:10:49:19 +0800] "GET /xingrg/javascript/jquery_easy_ui/themes/default/images/menu_downarrow.png HTTP/1.1" 304 -
180.162.112.109 - - [30/Jan/2022:10:49:19 +0800] "POST /xingrg/dwr/call/plaincall/AjaxReportQueryService.getFixDate.dwr HTTP/1.1" 200 111
180.162.112.109 - - [30/Jan/2022:10:49:19 +0800] "GET /xingrg/javascript/jquery_easy_ui/themes/icons/help.png HTTP/1.1" 304 -
180.162.112.109 - - [30/Jan/2022:10:49:19 +0800] "GET /xingrg/javascript/jquery_easy_ui/themes/default/images/combo_arrow_dot.gif HTTP/1.1" 304 -
180.162.112.109 - - [30/Jan/2022:10:49:19 +0800] "POST /xingrg/all/common/load_tree.html?tree=supplier_tree_json&manage=1 HTTP/1.1" 200 63357
180.162.112.109 - - [30/Jan/2022:10:49:19 +0800] "POST /xingrg/all/common/load_tree.html?tree=materiel_sort_tree_json HTTP/1.1" 200 9388
180.162.112.109 - - [30/Jan/2022:10:49:21 +0800] "GET /xingrg/javascript/jquery_easy_ui/themes/default/images/tree_checkbox_0.gif HTTP/1.1" 304 -
180.162.112.109 - - [30/Jan/2022:10:49:21 +0800] "POST /xingrg/dwr/call/plaincall/AjaxReportQueryService.getInitString.dwr HTTP/1.1" 200 411
116.228.172.94 - - [30/Jan/2022:10:49:21 +0800] "GET /xingrg/all/function/internal_message.html?_=1643510865261&CODE_STATE=getMsg HTTP/1.1" 200 27
180.162.112.109 - - [30/Jan/2022:10:49:21 +0800] "GET /xingrg/javascript/multi_select/dropdown.gif HTTP/1.1" 304 -
222.70.243.96 - - [30/Jan/2022:10:49:21 +0800] "GET /xingrg/all/function/internal_message.html?_=1643510961028&CODE_STATE=getMsg HTTP/1.1" 302 -
180.162.112.109 - - [30/Jan/2022:10:49:23 +0800] "POST /xingrg/dwr/call/plaincall/AjaxReportQueryService.refreshCache.dwr HTTP/1.1" 200 78
180.162.112.109 - - [30/Jan/2022:10:49:25 +0800] "POST /xingrg/all/report/load_report_page.html HTTP/1.1" 200 29880
180.162.112.109 - - [30/Jan/2022:10:49:25 +0800] "GET /xingrg/servlets/image?cache=0.18486850055444248&image=px HTTP/1.1" 200 807
61.170.233.189 - - [30/Jan/2022:10:49:31 +0800] "GET /xingrg/all/function/internal_message.html?_=1643510966523&CODE_STATE=getMsg HTTP/1.1" 200 27
58.39.168.32 - - [30/Jan/2022:10:49:34 +0800] "GET /xingrg/all/function/internal_message.html?_=1643510972826&CODE_STATE=getMsg HTTP/1.1" 200 27
101.83.241.237 - - [30/Jan/2022:10:49:42 +0800] "GET /xingrg/check_reg.html?_=1643510979097 HTTP/1.1" 200 22
61.151.178.177 - - [30/Jan/2022:10:49:43 +0800] "GET /xingrg/kc/buy/cgsh_order_info.html?code=212022013015252 HTTP/1.1" 302 -
61.151.178.177 - - [30/Jan/2022:10:49:44 +0800] "GET /xingrg/login.html HTTP/1.1" 200 7641
222.69.132.164 - - [30/Jan/2022:10:49:47 +0800] "GET /xingrg/all/function/internal_message.html?_=1643511045005&CODE_STATE=getMsg HTTP/1.1" 200 27
222.70.223.103 - - [30/Jan/2022:10:49:51 +0800] "GET /xingrg/all/function/internal_message.html?_=1643510985076&CODE_STATE=getMsg HTTP/1.1" 200 27
101.83.241.237 - - [30/Jan/2022:10:49:51 +0800] "GET /xingrg/all/function/internal_message.html?_=1643510987804&CODE_STATE=getMsg HTTP/1.1" 200 27
180.152.99.39 - - [30/Jan/2022:10:49:51 +0800] "GET /xingrg/all/function/internal_message.html?_=1643510915108&CODE_STATE=getMsg HTTP/1.1" 200 27
222.70.243.96 - - [30/Jan/2022:10:49:58 +0800] "GET /xingrg/all/function/internal_message.html?_=1643510998473&CODE_STATE=getMsg HTTP/1.1" 200 27
222.70.179.207 - - [30/Jan/2022:10:50:00 +0800] "GET /xingrg/all/function/internal_message.html?_=1643510998322&CODE_STATE=getMsg HTTP/1.1" 200 27
61.170.233.189 - - [30/Jan/2022:10:50:00 +0800] "GET /xingrg/kc/buy/cgsh_order_add.html HTTP/1.1" 200 65642
180.157.251.97 - - [30/Jan/2022:10:50:01 +0800] "GET /xingrg/all/function/internal_message.html?_=1643511000494&CODE_STATE=getMsg HTTP/1.1" 200 27
61.170.233.189 - - [30/Jan/2022:10:50:01 +0800] "GET /xingrg/javascript/easyui/themes/default/validatebox.css HTTP/1.1" 404 1104
61.170.233.189 - - [30/Jan/2022:10:50:01 +0800] "POST /xingrg/kc/buy/cgsh_order_operate.html HTTP/1.1" 200 8245
180.162.112.109 - - [30/Jan/2022:10:50:02 +0800] "GET /xingrg/all/function/internal_message.html?_=1643510396124&CODE_STATE=getMsg HTTP/1.1" 200 27
61.151.207.141 - - [30/Jan/2022:10:50:08 +0800] "GET /xingrg/kc/buy/cgsh_order_operate.html?command=get_materiel&rest_code=00106&code=00101009062&supplier_code=00100022&order_time=2022-01-30 HTTP/1.1" 302 -
61.170.233.189 - - [30/Jan/2022:10:50:08 +0800] "GET /xingrg/javascript/easyui/themes/default/tree.css HTTP/1.1" 404 1090
61.170.233.189 - - [30/Jan/2022:10:50:08 +0800] "POST /xingrg/all/common/load_tree.html?tree=supplier_tree_json&isDelete=1 HTTP/1.1" 200 62150
61.151.207.141 - - [30/Jan/2022:10:50:09 +0800] "GET /xingrg/login.html HTTP/1.1" 200 7641
180.169.147.146 - - [30/Jan/2022:10:50:16 +0800] "GET /xingrg/all/function/internal_message.html?_=1643511015005&CODE_STATE=getMsg HTTP/1.1" 200 27
180.152.99.73 - - [30/Jan/2022:10:50:17 +0800] "GET /xingrg/all/function/internal_message.html?_=1643511015274&CODE_STATE=getMsg HTTP/1.1" 200 27
58.40.7.146 - - [30/Jan/2022:10:50:19 +0800] "GET /xingrg/all/function/internal_message.html?_=1643511017509&CODE_STATE=getMsg HTTP/1.1" 200 27
116.228.172.94 - - [30/Jan/2022:10:50:21 +0800] "GET /xingrg/all/function/internal_message.html?_=1643510925260&CODE_STATE=getMsg HTTP/1.1" 200 27
61.170.233.189 - - [30/Jan/2022:10:50:21 +0800] "GET /xingrg/kc/buy/cgsh_order_operate.html?command=get_materiel&rest_code=00106&code=00101015052&supplier_code=00100450&order_time=2022-01-30 HTTP/1.1" 200 413
222.70.243.96 - - [30/Jan/2022:10:50:21 +0800] "GET /xingrg/all/function/internal_message.html?_=1643511021049&CODE_STATE=getMsg HTTP/1.1" 302 -
61.170.233.189 - - [30/Jan/2022:10:50:30 +0800] "GET /xingrg/kc/buy/cgsh_order_operate.html?command=get_materiel&rest_code=00106&code=00102014088&supplier_code=00100450&order_time=2022-01-30 HTTP/1.1" 200 412
61.170.233.189 - - [30/Jan/2022:10:50:31 +0800] "GET /xingrg/all/function/internal_message.html?_=1643511026508&CODE_STATE=getMsg HTTP/1.1" 200 27
180.169.147.146 - - [30/Jan/2022:10:50:32 +0800] "GET /xingrg/check_reg.html?_=1643511030966 HTTP/1.1" 200 22
58.39.168.32 - - [30/Jan/2022:10:50:34 +0800] "GET /xingrg/all/function/internal_message.html?_=1643511032814&CODE_STATE=getMsg HTTP/1.1" 200 27
61.170.233.189 - - [30/Jan/2022:10:50:40 +0800] "GET /xingrg/kc/buy/cgsh_order_operate.html?command=get_materiel&rest_code=00106&code=00101015112&supplier_code=00100450&order_time=2022-01-30 HTTP/1.1" 200 403
114.95.98.1 - - [30/Jan/2022:10:50:43 +0800] "POST /xingrg/services/DataTransmitService HTTP/1.1" 200 524
222.69.132.164 - - [30/Jan/2022:10:50:47 +0800] "GET /xingrg/all/function/internal_message.html?_=1643511104999&CODE_STATE=getMsg HTTP/1.1" 200 27
222.70.223.103 - - [30/Jan/2022:10:50:51 +0800] "GET /xingrg/all/function/internal_message.html?_=1643511045084&CODE_STATE=getMsg HTTP/1.1" 200 27
101.83.241.237 - - [30/Jan/2022:10:50:51 +0800] "GET /xingrg/all/function/internal_message.html?_=1643511047785&CODE_STATE=getMsg HTTP/1.1" 200 27
180.152.99.39 - - [30/Jan/2022:10:50:51 +0800] "GET /xingrg/all/function/internal_message.html?_=1643510975132&CODE_STATE=getMsg HTTP/1.1" 200 27
61.170.233.189 - - [30/Jan/2022:10:50:52 +0800] "GET /xingrg/kc/buy/cgsh_order_operate.html?command=get_materiel&rest_code=00106&code=00102014106&supplier_code=00100450&order_time=2022-01-30 HTTP/1.1" 200 399
222.69.132.164 - - [30/Jan/2022:10:50:54 +0800] "GET /xingrg/kc/buy/cgsh_order_operate.html?command=get_materiel&rest_code=00154&code=00101008354&supplier_code=00100417&order_time=2022-01-30 HTTP/1.1" 200 431
222.70.243.96 - - [30/Jan/2022:10:50:55 +0800] "GET /xingrg/check_reg.html?_=1643511055627 HTTP/1.1" 200 22
114.88.155.114 - - [30/Jan/2022:10:50:56 +0800] "POST /xingrg/services/DataTransmitService HTTP/1.1" 401 565
114.88.155.114 - - [30/Jan/2022:10:50:56 +0800] "POST /xingrg/services/DataTransmitService HTTP/1.1" 200 478
114.88.155.114 - - [30/Jan/2022:10:50:56 +0800] "POST /xingrg/services/DataTransmitService HTTP/1.1" 200 1319
114.88.155.114 - - [30/Jan/2022:10:50:56 +0800] "POST /xingrg/services/DataTransmitService HTTP/1.1" 200 478
114.88.155.114 - - [30/Jan/2022:10:50:56 +0800] "POST /xingrg/services/DataTransmitService HTTP/1.1" 200 1319
114.88.155.114 - - [30/Jan/2022:10:50:56 +0800] "POST /xingrg/services/DataTransmitService HTTP/1.1" 200 524
114.88.155.114 - - [30/Jan/2022:10:50:56 +0800] "POST /xingrg/services/DataTransmitService HTTP/1.1" 200 2243
114.88.155.114 - - [30/Jan/2022:10:50:57 +0800] "POST /xingrg/services/DataTransmitService HTTP/1.1" 200 180116
222.70.243.96 - - [30/Jan/2022:10:50:58 +0800] "GET /xingrg/all/function/internal_message.html?_=1643511058480&CODE_STATE=getMsg HTTP/1.1" 200 27
101.83.241.237 - - [30/Jan/2022:10:50:59 +0800] "GET /xingrg/kc/buy/cgsh_order_operate.html?command=get_materiel&rest_code=00149&code=00101008026&supplier_code=00100005&order_time=2022-01-30 HTTP/1.1" 200 409
222.70.179.207 - - [30/Jan/2022:10:51:00 +0800] "GET /xingrg/all/function/internal_message.html?_=1643511058320&CODE_STATE=getMsg HTTP/1.1" 200 27
180.157.251.97 - - [30/Jan/2022:10:51:01 +0800] "GET /xingrg/all/function/internal_message.html?_=1643511060497&CODE_STATE=getMsg HTTP/1.1" 200 27
180.162.112.109 - - [30/Jan/2022:10:51:02 +0800] "GET /xingrg/all/function/internal_message.html?_=1643510456125&CODE_STATE=getMsg HTTP/1.1" 200 27
222.69.132.164 - - [30/Jan/2022:10:51:03 +0800] "GET /xingrg/kc/buy/cgsh_order_operate.html?command=get_materiel&rest_code=00154&code=00101008323&supplier_code=00100417&order_time=2022-01-30 HTTP/1.1" 200 408
114.95.98.1 - - [30/Jan/2022:10:51:09 +0800] "GET /xingrg/javascript/jquery_easy_ui/themes/icons/rest.png HTTP/1.1" 200 695
114.95.98.1 - - [30/Jan/2022:10:51:09 +0800] "GET /xingrg/javascript/jquery_easy_ui/themes/icons/area.png HTTP/1.1" 200 262
222.69.132.164 - - [30/Jan/2022:10:51:15 +0800] "GET /xingrg/kc/buy/cgsh_order_operate.html?command=get_materiel&rest_code=00154&code=00101008353&supplier_code=00100417&order_time=2022-01-30 HTTP/1.1" 200 408
180.169.147.146 - - [30/Jan/2022:10:51:16 +0800] "GET /xingrg/all/function/internal_message.html?_=1643511074984&CODE_STATE=getMsg HTTP/1.1" 200 27
180.152.99.73 - - [30/Jan/2022:10:51:17 +0800] "GET /xingrg/check_reg.html?_=1643511075264 HTTP/1.1" 200 22
180.152.99.73 - - [30/Jan/2022:10:51:17 +0800] "GET /xingrg/all/function/internal_message.html?_=1643511075269&CODE_STATE=getMsg HTTP/1.1" 200 27
58.40.7.146 - - [30/Jan/2022:10:51:19 +0800] "GET /xingrg/all/function/internal_message.html?_=1643511077498&CODE_STATE=getMsg HTTP/1.1" 200 27
116.228.172.94 - - [30/Jan/2022:10:51:21 +0800] "GET /xingrg/all/function/internal_message.html?_=1643510985248&CODE_STATE=getMsg HTTP/1.1" 200 27
222.70.243.96 - - [30/Jan/2022:10:51:21 +0800] "GET /xingrg/all/function/internal_message.html?_=1643511081055&CODE_STATE=getMsg HTTP/1.1" 302 -
61.170.233.189 - - [30/Jan/2022:10:51:25 +0800] "GET /xingrg/kc/buy/cgsh_order_operate.html?command=get_materiel&rest_code=00106&code=00102014008&supplier_code=00100450&order_time=2022-01-30 HTTP/1.1" 200 408
222.69.132.164 - - [30/Jan/2022:10:51:25 +0800] "GET /xingrg/kc/buy/cgsh_order_operate.html?command=get_materiel&rest_code=00154&code=00101008268&supplier_code=00100417&order_time=2022-01-30 HTTP/1.1" 200 408
222.69.132.164 - - [30/Jan/2022:10:51:30 +0800] "POST /xingrg/kc/buy/cgsh_order_operate.html HTTP/1.1" 200 2065
61.170.233.189 - - [30/Jan/2022:10:51:31 +0800] "GET /xingrg/all/function/internal_message.html?_=1643511086484&CODE_STATE=getMsg HTTP/1.1" 200 27
58.39.168.32 - - [30/Jan/2022:10:51:34 +0800] "GET /xingrg/all/function/internal_message.html?_=1643511092829&CODE_STATE=getMsg HTTP/1.1" 200 27
180.152.99.39 - - [30/Jan/2022:10:51:35 +0800] "GET /xingrg/check_reg.html?_=1643511018240 HTTP/1.1" 200 22
61.170.233.189 - - [30/Jan/2022:10:51:37 +0800] "GET /xingrg/kc/buy/cgsh_order_operate.html?command=get_materiel&rest_code=00106&code=00101015120&supplier_code=00100450&order_time=2022-01-30 HTTP/1.1" 200 399
222.69.132.164 - - [30/Jan/2022:10:51:38 +0800] "GET /xingrg/kc/buy/cgsh_order_operate.html?command=get_materiel&rest_code=00154&code=00101008024&supplier_code=00100417&order_time=2022-01-30 HTTP/1.1" 200 408
61.151.178.217 - - [30/Jan/2022:10:51:39 +0800] "GET /xingrg/kc/buy/cgsh_order_operate.html?command=get_materiel&rest_code=00106&code=00101015052&supplier_code=00100450&order_time=2022-01-30 HTTP/1.1" 302 -
61.151.178.217 - - [30/Jan/2022:10:51:41 +0800] "GET /xingrg/login.html HTTP/1.1" 200 7641
101.89.239.120 - - [30/Jan/2022:10:51:44 +0800] "GET /xingrg/kc/base/wldb_order_info.html?code=422022013003987 HTTP/1.1" 302 -
101.89.239.120 - - [30/Jan/2022:10:51:44 +0800] "GET /xingrg/login.html HTTP/1.1" 200 7641
180.162.112.109 - - [30/Jan/2022:10:51:44 +0800] "GET /xingrg/all/report/report_query.html?isQuery=1&fileName=kc/buy/wlcg_cate_hz.xml&queryString=(CONVERT(char(10)%252Ca.order_time%252C%2520120)%253E%253D'2022-01-01')%2520and%2520(CONVERT(char(10)%252Ca.order_time%252C%2520120)%253C%253D'2022-01-31')%2520and%2520(a.supplier_code%253D'00100311')&queryText=%25E3%2580%2590%25E9%2587%2587%25E8%25B4%25AD%25E6%2597%25A5%25E6%259C%259F%253A2022-01-01%2520%25E8%2587%25B3%25202022-01-31%25E3%2580%2591%2520%25E5%25B9%25B6%25E4%25B8%2594%2520%25E3%2580%2590%25E4%25BE%259B%25E5%25BA%2594%25E5%2595%2586%253D%25E9%25B9%258C%25E9%25B9%2591%25E8%259B%258B%25EF%25BC%2588%25E9%25BB%2584%25E4%25B9%2585%25E8%2590%258D%25EF%25BC%2589%25E3%2580%2591 HTTP/1.1" 200 54363
180.162.112.109 - - [30/Jan/2022:10:51:44 +0800] "GET /xingrg/dwr/interface/AjaxReportQueryService.js HTTP/1.1" 200 13203
180.162.112.109 - - [30/Jan/2022:10:51:44 +0800] "GET /xingrg/dwr/engine.js HTTP/1.1" 200 43631
114.88.155.114 - - [30/Jan/2022:10:51:44 +0800] "POST /xingrg/services/DataTransmitService HTTP/1.1" 200 45454
114.88.155.114 - - [30/Jan/2022:10:51:44 +0800] "POST /xingrg/services/DataTransmitService HTTP/1.1" 200 19237
180.162.112.109 - - [30/Jan/2022:10:51:46 +0800] "POST /xingrg/all/report/load_report_page.html HTTP/1.1" 200 8712
180.162.112.109 - - [30/Jan/2022:10:51:46 +0800] "GET /xingrg/servlets/image?cache=0.5587053197819167&image=px HTTP/1.1" 200 807
222.69.132.164 - - [30/Jan/2022:10:51:47 +0800] "GET /xingrg/all/function/internal_message.html?_=1643511165004&CODE_STATE=getMsg HTTP/1.1" 200 27
180.162.112.109 - - [30/Jan/2022:10:51:49 +0800] "POST /xingrg/all/report/load_report_page.html HTTP/1.1" 200 19792
180.162.112.109 - - [30/Jan/2022:10:51:49 +0800] "GET /xingrg/servlets/image?cache=0.5738271539560635&image=px HTTP/1.1" 200 807
101.83.241.237 - - [30/Jan/2022:10:51:51 +0800] "GET /xingrg/all/function/internal_message.html?_=1643511107759&CODE_STATE=getMsg HTTP/1.1" 200 27
222.70.223.103 - - [30/Jan/2022:10:51:51 +0800] "GET /xingrg/all/function/internal_message.html?_=1643511105090&CODE_STATE=getMsg HTTP/1.1" 200 27
101.89.239.245 - - [30/Jan/2022:10:51:51 +0800] "GET /xingrg/kc/buy/cgsh_order_operate.html?command=get_materiel&rest_code=00106&code=00102014106&supplier_code=00100450&order_time=2022-01-30 HTTP/1.1" 302 -
180.152.99.39 - - [30/Jan/2022:10:51:51 +0800] "GET /xingrg/all/function/internal_message.html?_=1643511035136&CODE_STATE=getMsg HTTP/1.1" 200 27
101.89.239.245 - - [30/Jan/2022:10:51:51 +0800] "GET /xingrg/login.html HTTP/1.1" 200 7641
222.69.132.164 - - [30/Jan/2022:10:51:53 +0800] "GET /xingrg/kc/buy/cgsh_order_operate.html?command=get_materiel&rest_code=00154&code=00101008421&supplier_code=00100417&order_time=2022-01-30 HTTP/1.1" 200 395
180.152.99.73 - - [30/Jan/2022:10:51:58 +0800] "POST /xingrg/kc/buy/cgsh_order_operate.html HTTP/1.1" 200 37
222.70.243.96 - - [30/Jan/2022:10:51:58 +0800] "GET /xingrg/all/function/internal_message.html?_=1643511118495&CODE_STATE=getMsg HTTP/1.1" 200 27
180.162.112.109 - - [30/Jan/2022:10:51:59 +0800] "GET /xingrg/javascript/jquery_easy_ui/themes/default/images/button_plain_hover.png HTTP/1.1" 304 -
61.151.178.197 - - [30/Jan/2022:10:52:00 +0800] "GET /xingrg/all/function/internal_message.html?_=1643510906576&CODE_STATE=getMsg HTTP/1.1" 302 -
222.70.179.207 - - [30/Jan/2022:10:52:00 +0800] "GET /xingrg/all/function/internal_message.html?_=1643511118319&CODE_STATE=getMsg HTTP/1.1" 200 27
222.70.179.207 - - [30/Jan/2022:10:52:00 +0800] "GET /xingrg/check_reg.html?_=1643511118325 HTTP/1.1" 200 22
61.151.178.197 - - [30/Jan/2022:10:52:00 +0800] "GET /xingrg/login.html HTTP/1.1" 200 7641
180.152.99.73 - - [30/Jan/2022:10:52:01 +0800] "POST /xingrg/kc/buy/cgsh_order_operate.html HTTP/1.1" 200 12
180.157.251.97 - - [30/Jan/2022:10:52:01 +0800] "GET /xingrg/check_reg.html?_=1643511120506 HTTP/1.1" 200 22
180.157.251.97 - - [30/Jan/2022:10:52:01 +0800] "GET /xingrg/all/function/internal_message.html?_=1643511120500&CODE_STATE=getMsg HTTP/1.1" 200 27
114.95.98.1 - - [30/Jan/2022:10:52:01 +0800] "GET /xingrg/kc/buy/cgsh_order_operate.html?command=get_materiel&rest_code=00102&code=00101006111&supplier_code=00100096&order_time=2022-01-30 HTTP/1.1" 200 409
180.162.112.109 - - [30/Jan/2022:10:52:02 +0800] "POST /xingrg/all/report/report_print.html HTTP/1.1" 200 6144
180.152.99.73 - - [30/Jan/2022:10:52:02 +0800] "GET /xingrg/kc/buy/cgsh_order_info.html?code=212022013015253 HTTP/1.1" 200 60422
61.170.233.189 - - [30/Jan/2022:10:52:02 +0800] "GET /xingrg/kc/buy/cgsh_order_operate.html?command=get_materiel&rest_code=00106&code=00101015061&supplier_code=00100450&order_time=2022-01-30 HTTP/1.1" 200 413
180.152.99.73 - - [30/Jan/2022:10:52:02 +0800] "GET /xingrg/javascript/easyui/themes/default/validatebox.css HTTP/1.1" 404 1104
180.162.112.109 - - [30/Jan/2022:10:52:02 +0800] "GET /xingrg/all/function/internal_message.html?_=1643510516125&CODE_STATE=getMsg HTTP/1.1" 200 27
180.152.99.73 - - [30/Jan/2022:10:52:03 +0800] "POST /xingrg/kc/buy/cgsh_order_operate.html HTTP/1.1" 200 12478
180.152.99.73 - - [30/Jan/2022:10:52:04 +0800] "GET /xingrg/kc/print/load_data.html?order_code=212022013015253&kc_code=cgsh&condition= HTTP/1.1" 200 5212
222.69.132.164 - - [30/Jan/2022:10:52:08 +0800] "GET /xingrg/kc/buy/cgsh_order_operate.html?command=get_materiel&rest_code=00154&code=00101008155&supplier_code=00100417&order_time=2022-01-30 HTTP/1.1" 200 408
61.170.233.189 - - [30/Jan/2022:10:52:14 +0800] "GET /xingrg/kc/buy/cgsh_order_operate.html?command=get_materiel&rest_code=00106&code=00101015044&supplier_code=00100450&order_time=2022-01-30 HTTP/1.1" 200 409
180.169.147.146 - - [30/Jan/2022:10:52:16 +0800] "GET /xingrg/all/function/internal_message.html?_=1643511134969&CODE_STATE=getMsg HTTP/1.1" 200 27
180.152.99.73 - - [30/Jan/2022:10:52:17 +0800] "GET /xingrg/all/function/internal_message.html?_=1643511135284&CODE_STATE=getMsg HTTP/1.1" 200 27
58.40.7.146 - - [30/Jan/2022:10:52:19 +0800] "GET /xingrg/all/function/internal_message.html?_=1643511137483&CODE_STATE=getMsg HTTP/1.1" 200 27
116.228.172.94 - - [30/Jan/2022:10:52:21 +0800] "GET /xingrg/all/function/internal_message.html?_=1643511045262&CODE_STATE=getMsg HTTP/1.1" 200 27
116.228.172.94 - - [30/Jan/2022:10:52:21 +0800] "GET /xingrg/check_reg.html?_=1643511045264 HTTP/1.1" 200 22
222.70.243.96 - - [30/Jan/2022:10:52:21 +0800] "GET /xingrg/all/function/internal_message.html?_=1643511141077&CODE_STATE=getMsg HTTP/1.1" 302 -
222.69.132.164 - - [30/Jan/2022:10:52:25 +0800] "GET /xingrg/kc/buy/cgsh_order_operate.html?command=get_materiel&rest_code=00154&code=00101015062&supplier_code=00100417&order_time=2022-01-30 HTTP/1.1" 200 412
61.170.233.189 - - [30/Jan/2022:10:52:25 +0800] "GET /xingrg/kc/buy/cgsh_order_operate.html?command=get_materiel&rest_code=00106&code=00101015066&supplier_code=00100450&order_time=2022-01-30 HTTP/1.1" 200 413
101.83.241.237 - - [30/Jan/2022:10:52:26 +0800] "GET /xingrg/kc/buy/cgsh_order_operate.html?command=get_materiel&rest_code=00149&code=00101008110&supplier_code=00100005&order_time=2022-01-30 HTTP/1.1" 200 408
61.170.233.189 - - [30/Jan/2022:10:52:31 +0800] "GET /xingrg/all/function/internal_message.html?_=1643511146477&CODE_STATE=getMsg HTTP/1.1" 200 27
61.170.233.189 - - [30/Jan/2022:10:52:32 +0800] "GET /xingrg/check_reg.html?_=1643511147595 HTTP/1.1" 200 22
58.39.168.32 - - [30/Jan/2022:10:52:34 +0800] "GET /xingrg/check_reg.html?_=1643511152827 HTTP/1.1" 200 22
58.39.168.32 - - [30/Jan/2022:10:52:34 +0800] "GET /xingrg/all/function/internal_message.html?_=1643511152830&CODE_STATE=getMsg HTTP/1.1" 200 27
222.69.132.164 - - [30/Jan/2022:10:52:34 +0800] "GET /xingrg/kc/buy/cgsh_order_operate.html?command=get_materiel&rest_code=00154&code=00101008205&supplier_code=00100417&order_time=2022-01-30 HTTP/1.1" 200 412
61.170.233.189 - - [30/Jan/2022:10:52:38 +0800] "GET /xingrg/kc/buy/cgsh_order_operate.html?command=get_materiel&rest_code=00106&code=00101008615&supplier_code=00100450&order_time=2022-01-30 HTTP/1.1" 200 403
222.69.132.164 - - [30/Jan/2022:10:52:39 +0800] "POST /xingrg/kc/buy/cgsh_order_operate.html HTTP/1.1" 200 2065
101.83.241.237 - - [30/Jan/2022:10:52:43 +0800] "GET /xingrg/kc/buy/cgsh_order_operate.html?command=get_materiel&rest_code=00149&code=00101008096&supplier_code=00100005&order_time=2022-01-30 HTTP/1.1" 200 432
222.70.179.207 - - [30/Jan/2022:10:52:43 +0800] "GET /xingrg/kc/buy/buy_main.html HTTP/1.1" 200 12412
222.70.179.207 - - [30/Jan/2022:10:52:43 +0800] "GET /xingrg/css/new_ie.css HTTP/1.1" 404 1036
222.70.179.207 - - [30/Jan/2022:10:52:44 +0800] "GET /xingrg/images/yd/bt.gif HTTP/1.1" 404 1040
222.70.179.207 - - [30/Jan/2022:10:52:45 +0800] "GET /xingrg/kc/buy/cgsh_order_list.html HTTP/1.1" 200 49820
222.69.132.164 - - [30/Jan/2022:10:52:47 +0800] "GET /xingrg/kc/buy/cgsh_order_operate.html?command=get_materiel&rest_code=00154&code=00101008108&supplier_code=00100417&order_time=2022-01-30 HTTP/1.1" 200 412
101.83.241.237 - - [30/Jan/2022:10:52:47 +0800] "POST /xingrg/kc/buy/cgsh_order_operate.html HTTP/1.1" 200 2065
222.69.132.164 - - [30/Jan/2022:10:52:47 +0800] "GET /xingrg/all/function/internal_message.html?_=1643511225006&CODE_STATE=getMsg HTTP/1.1" 200 27
222.70.179.207 - - [30/Jan/2022:10:52:48 +0800] "POST /xingrg/kc/buy/cgsh_list_operate.html HTTP/1.1" 200 2048
101.83.241.237 - - [30/Jan/2022:10:52:51 +0800] "GET /xingrg/all/function/internal_message.html?_=1643511167738&CODE_STATE=getMsg HTTP/1.1" 200 27
222.70.223.103 - - [30/Jan/2022:10:52:51 +0800] "GET /xingrg/all/function/internal_message.html?_=1643511165078&CODE_STATE=getMsg HTTP/1.1" 200 27
180.152.99.39 - - [30/Jan/2022:10:52:51 +0800] "GET /xingrg/all/function/internal_message.html?_=1643511095148&CODE_STATE=getMsg HTTP/1.1" 200 27
180.152.99.73 - - [30/Jan/2022:10:52:57 +0800] "GET /xingrg/kc/buy/cgsh_order_add.html HTTP/1.1" 200 65513
180.152.99.73 - - [30/Jan/2022:10:52:58 +0800] "POST /xingrg/kc/buy/cgsh_order_operate.html HTTP/1.1" 200 8245
180.152.99.73 - - [30/Jan/2022:10:52:58 +0800] "GET /xingrg/javascript/easyui/themes/default/validatebox.css HTTP/1.1" 404 1104
222.70.243.96 - - [30/Jan/2022:10:52:58 +0800] "GET /xingrg/all/function/internal_message.html?_=1643511178508&CODE_STATE=getMsg HTTP/1.1" 200 27
222.70.179.207 - - [30/Jan/2022:10:53:00 +0800] "GET /xingrg/all/function/internal_message.html?_=1643511178346&CODE_STATE=getMsg HTTP/1.1" 200 27
101.91.60.11 - - [30/Jan/2022:10:53:00 +0800] "GET /xingrg/kc/buy/cgsh_order_operate.html?command=get_materiel&rest_code=00106&code=00101015061&supplier_code=00100450&order_time=2022-01-30 HTTP/1.1" 302 -
222.70.179.207 - - [30/Jan/2022:10:53:00 +0800] "POST /xingrg/kc/buy/cgsh_list_operate.html HTTP/1.1" 200 564
180.157.251.97 - - [30/Jan/2022:10:53:01 +0800] "GET /xingrg/all/function/internal_message.html?_=1643511180492&CODE_STATE=getMsg HTTP/1.1" 200 27
101.91.60.11 - - [30/Jan/2022:10:53:01 +0800] "GET /xingrg/login.html HTTP/1.1" 200 7641
222.70.179.207 - - [30/Jan/2022:10:53:01 +0800] "GET /xingrg/kc/buy/cgsh_order_info.html?code=212022013015234 HTTP/1.1" 200 65560
222.70.179.207 - - [30/Jan/2022:10:53:02 +0800] "GET /xingrg/javascript/easyui/themes/default/validatebox.css HTTP/1.1" 404 1104
180.162.112.109 - - [30/Jan/2022:10:53:02 +0800] "GET /xingrg/check_reg.html?_=1643510576116 HTTP/1.1" 200 22
222.70.179.207 - - [30/Jan/2022:10:53:02 +0800] "POST /xingrg/kc/buy/cgsh_order_operate.html HTTP/1.1" 200 16837
180.162.112.109 - - [30/Jan/2022:10:53:02 +0800] "GET /xingrg/all/function/internal_message.html?_=1643510576119&CODE_STATE=getMsg HTTP/1.1" 200 27
101.83.241.237 - - [30/Jan/2022:10:53:09 +0800] "GET /xingrg/kc/buy/cgsh_order_operate.html?command=get_materiel&rest_code=00149&code=00101008038&supplier_code=00100005&order_time=2022-01-30 HTTP/1.1" 200 412
61.151.178.217 - - [30/Jan/2022:10:53:11 +0800] "GET /xingrg/kc/buy/cgsh_order_operate.html?command=get_materiel&rest_code=00106&code=00102014008&supplier_code=00100450&order_time=2022-01-30 HTTP/1.1" 302 -
61.151.178.217 - - [30/Jan/2022:10:53:11 +0800] "GET /xingrg/login.html HTTP/1.1" 200 7641
61.151.178.217 - - [30/Jan/2022:10:53:12 +0800] "GET /xingrg/kc/buy/cgsh_order_operate.html?command=get_materiel&rest_code=00106&code=00101015044&supplier_code=00100450&order_time=2022-01-30 HTTP/1.1" 302 -
61.151.178.217 - - [30/Jan/2022:10:53:14 +0800] "GET /xingrg/login.html HTTP/1.1" 200 7641
180.169.147.146 - - [30/Jan/2022:10:53:16 +0800] "GET /xingrg/all/function/internal_message.html?_=1643511194953&CODE_STATE=getMsg HTTP/1.1" 200 27
180.152.99.73 - - [30/Jan/2022:10:53:17 +0800] "GET /xingrg/all/function/internal_message.html?_=1643511195284&CODE_STATE=getMsg HTTP/1.1" 200 27
180.152.99.73 - - [30/Jan/2022:10:53:18 +0800] "GET /xingrg/kc/buy/cgsh_order_operate.html?command=get_materiel&rest_code=00150&code=00101008323&supplier_code=00100007&order_time=2022-01-30 HTTP/1.1" 200 408
222.70.179.207 - - [30/Jan/2022:10:53:18 +0800] "GET /xingrg/kc/print/load_data.html?order_code=212022013015234&kc_code=cgsh&condition= HTTP/1.1" 200 6058
58.40.7.146 - - [30/Jan/2022:10:53:19 +0800] "GET /xingrg/all/function/internal_message.html?_=1643511197471&CODE_STATE=getMsg HTTP/1.1" 200 27
116.228.172.94 - - [30/Jan/2022:10:53:21 +0800] "GET /xingrg/all/function/internal_message.html?_=1643511105262&CODE_STATE=getMsg HTTP/1.1" 200 27
222.70.243.96 - - [30/Jan/2022:10:53:21 +0800] "GET /xingrg/all/function/internal_message.html?_=1643511201082&CODE_STATE=getMsg HTTP/1.1" 302 -
222.69.132.164 - - [30/Jan/2022:10:53:22 +0800] "POST /xingrg/kc/buy/cgsh_order_operate.html HTTP/1.1" 200 37
222.70.179.207 - - [30/Jan/2022:10:53:26 +0800] "GET /xingrg/kc/buy/cgsh_order_add.html HTTP/1.1" 200 65551
222.70.179.207 - - [30/Jan/2022:10:53:26 +0800] "POST /xingrg/kc/buy/cgsh_order_operate.html HTTP/1.1" 200 8245
222.70.179.207 - - [30/Jan/2022:10:53:26 +0800] "GET /xingrg/javascript/easyui/themes/default/validatebox.css HTTP/1.1" 404 1104
61.151.178.163 - - [30/Jan/2022:10:53:27 +0800] "GET /xingrg/kc/buy/cgsh_order_operate.html?command=get_materiel&rest_code=00106&code=00101015066&supplier_code=00100450&order_time=2022-01-30 HTTP/1.1" 302 -
61.151.178.163 - - [30/Jan/2022:10:53:28 +0800] "GET /xingrg/login.html HTTP/1.1" 200 7641
61.170.233.189 - - [30/Jan/2022:10:53:28 +0800] "GET /xingrg/kc/buy/cgsh_order_operate.html?command=get_materiel&rest_code=00106&code=00101008614&supplier_code=00100450&order_time=2022-01-30 HTTP/1.1" 200 403
180.152.99.73 - - [30/Jan/2022:10:53:28 +0800] "GET /xingrg/kc/buy/cgsh_order_operate.html?command=get_materiel&rest_code=00150&code=00101008091&supplier_code=00100007&order_time=2022-01-30 HTTP/1.1" 200 412
222.69.132.164 - - [30/Jan/2022:10:53:29 +0800] "POST /xingrg/kc/buy/cgsh_order_operate.html HTTP/1.1" 200 12
222.70.179.207 - - [30/Jan/2022:10:53:29 +0800] "GET /xingrg/javascript/jquery_tools/images/next.gif HTTP/1.1" 404 1086
222.70.179.207 - - [30/Jan/2022:10:53:29 +0800] "GET /xingrg/javascript/jquery_tools/images/prev.gif HTTP/1.1" 404 1086
222.69.132.164 - - [30/Jan/2022:10:53:30 +0800] "GET /xingrg/kc/buy/cgsh_order_info.html?code=212022013015254 HTTP/1.1" 200 59669
222.69.132.164 - - [30/Jan/2022:10:53:30 +0800] "GET /xingrg/javascript/easyui/themes/default/validatebox.css HTTP/1.1" 404 1104
61.170.233.189 - - [30/Jan/2022:10:53:31 +0800] "GET /xingrg/all/function/internal_message.html?_=1643511206424&CODE_STATE=getMsg HTTP/1.1" 200 27
222.69.132.164 - - [30/Jan/2022:10:53:31 +0800] "POST /xingrg/kc/buy/cgsh_order_operate.html HTTP/1.1" 200 15349
222.69.132.164 - - [30/Jan/2022:10:53:33 +0800] "GET /xingrg/kc/print/load_data.html?order_code=212022013015254&kc_code=cgsh&condition= HTTP/1.1" 200 6248
114.95.98.1 - - [30/Jan/2022:10:53:33 +0800] "GET /xingrg/kc/buy/cgsh_order_operate.html?command=get_materiel&rest_code=00102&code=00101006144&supplier_code=00100096&order_time=2022-01-30 HTTP/1.1" 200 411
101.83.241.237 - - [30/Jan/2022:10:53:33 +0800] "GET /xingrg/kc/buy/cgsh_order_operate.html?command=get_materiel&rest_code=00149&code=00101008358&supplier_code=00100005&order_time=2022-01-30 HTTP/1.1" 200 412
58.39.168.32 - - [30/Jan/2022:10:53:34 +0800] "GET /xingrg/all/function/internal_message.html?_=1643511212814&CODE_STATE=getMsg HTTP/1.1" 200 27
180.152.99.73 - - [30/Jan/2022:10:53:36 +0800] "GET /xingrg/kc/buy/cgsh_order_operate.html?command=get_materiel&rest_code=00150&code=00101008256&supplier_code=00100007&order_time=2022-01-30 HTTP/1.1" 200 412
101.83.241.237 - - [30/Jan/2022:10:53:37 +0800] "POST /xingrg/kc/buy/cgsh_order_operate.html HTTP/1.1" 200 2065
61.151.178.180 - - [30/Jan/2022:10:53:38 +0800] "GET /xingrg/kc/buy/cgsh_order_operate.html?command=get_materiel&rest_code=00106&code=00101008615&supplier_code=00100450&order_time=2022-01-30 HTTP/1.1" 302 -
61.151.178.180 - - [30/Jan/2022:10:53:39 +0800] "GET /xingrg/login.html HTTP/1.1" 200 7641
101.83.241.237 - - [30/Jan/2022:10:53:43 +0800] "GET /xingrg/kc/buy/cgsh_order_operate.html?command=get_materiel&rest_code=00149&code=00101008051&supplier_code=00100005&order_time=2022-01-30 HTTP/1.1" 200 409
61.170.233.189 - - [30/Jan/2022:10:53:45 +0800] "GET /xingrg/kc/buy/cgsh_order_operate.html?command=get_materiel&rest_code=00106&code=00101008568&supplier_code=00100450&order_time=2022-01-30 HTTP/1.1" 200 399
180.152.99.73 - - [30/Jan/2022:10:53:47 +0800] "GET /xingrg/kc/buy/cgsh_order_operate.html?command=get_materiel&rest_code=00150&code=00101008261&supplier_code=00100007&order_time=2022-01-30 HTTP/1.1" 200 408
222.69.132.164 - - [30/Jan/2022:10:53:47 +0800] "GET /xingrg/check_reg.html?_=1643511284996 HTTP/1.1" 200 22
222.69.132.164 - - [30/Jan/2022:10:53:47 +0800] "GET /xingrg/all/function/internal_message.html?_=1643511284999&CODE_STATE=getMsg HTTP/1.1" 200 27
101.83.241.237 - - [30/Jan/2022:10:53:51 +0800] "GET /xingrg/all/function/internal_message.html?_=1643511227722&CODE_STATE=getMsg HTTP/1.1" 200 27
222.70.223.103 - - [30/Jan/2022:10:53:51 +0800] "GET /xingrg/all/function/internal_message.html?_=1643511225080&CODE_STATE=getMsg HTTP/1.1" 200 27
222.70.223.103 - - [30/Jan/2022:10:53:51 +0800] "GET /xingrg/check_reg.html?_=1643511225082 HTTP/1.1" 200 22
58.221.95.50 - - [30/Jan/2022:10:53:51 +0800] "GET /xingrg/check_reg.html?_=1643511229657 HTTP/1.1" 302 -
180.152.99.39 - - [30/Jan/2022:10:53:51 +0800] "GET /xingrg/all/function/internal_message.html?_=1643511155173&CODE_STATE=getMsg HTTP/1.1" 200 27
101.83.241.237 - - [30/Jan/2022:10:53:53 +0800] "GET /xingrg/kc/buy/cgsh_order_operate.html?command=get_materiel&rest_code=00149&code=00101008224&supplier_code=00100005&order_time=2022-01-30 HTTP/1.1" 200 416
222.70.179.207 - - [30/Jan/2022:10:53:56 +0800] "GET /xingrg/kc/buy/cgsh_order_operate.html?command=get_materiel&rest_code=00111&code=00101008155&supplier_code=00100005&order_time=2022-01-30 HTTP/1.1" 200 408
180.152.99.73 - - [30/Jan/2022:10:53:56 +0800] "GET /xingrg/kc/buy/cgsh_order_operate.html?command=get_materiel&rest_code=00150&code=00101008027&supplier_code=00100007&order_time=2022-01-30 HTTP/1.1" 200 408
222.70.243.96 - - [30/Jan/2022:10:53:58 +0800] "GET /xingrg/all/function/internal_message.html?_=1643511238523&CODE_STATE=getMsg HTTP/1.1" 200 27
222.70.179.207 - - [30/Jan/2022:10:54:00 +0800] "GET /xingrg/all/function/internal_message.html?_=1643511238345&CODE_STATE=getMsg HTTP/1.1" 200 27
180.157.251.97 - - [30/Jan/2022:10:54:01 +0800] "GET /xingrg/all/function/internal_message.html?_=1643511240520&CODE_STATE=getMsg HTTP/1.1" 200 27
61.170.233.189 - - [30/Jan/2022:10:54:01 +0800] "GET /xingrg/kc/buy/cgsh_order_operate.html?command=get_materiel&rest_code=00106&code=00101015046&supplier_code=00100450&order_time=2022-01-30 HTTP/1.1" 200 413
180.162.112.109 - - [30/Jan/2022:10:54:02 +0800] "GET /xingrg/all/function/internal_message.html?_=1643510636119&CODE_STATE=getMsg HTTP/1.1" 200 27
180.152.99.73 - - [30/Jan/2022:10:54:03 +0800] "GET /xingrg/kc/buy/cgsh_order_operate.html?command=get_materiel&rest_code=00150&code=00101008257&supplier_code=00100007&order_time=2022-01-30 HTTP/1.1" 200 416
114.95.98.1 - - [30/Jan/2022:10:54:04 +0800] "GET /xingrg/check_reg.html?_=1643511262583 HTTP/1.1" 200 22
222.69.132.164 - - [30/Jan/2022:10:54:08 +0800] "GET /xingrg/kc/buy/cgsh_order_add.html HTTP/1.1" 200 64758
222.69.132.164 - - [30/Jan/2022:10:54:08 +0800] "POST /xingrg/kc/buy/cgsh_order_operate.html HTTP/1.1" 200 8245
222.69.132.164 - - [30/Jan/2022:10:54:08 +0800] "GET /xingrg/javascript/easyui/themes/default/validatebox.css HTTP/1.1" 404 1104
222.70.243.96 - - [30/Jan/2022:10:54:09 +0800] "GET /xingrg/check_reg.html?_=1643511248937 HTTP/1.1" 302 -
180.152.99.73 - - [30/Jan/2022:10:54:10 +0800] "GET /xingrg/kc/buy/cgsh_order_operate.html?command=get_materiel&rest_code=00150&code=00101008156&supplier_code=00100007&order_time=2022-01-30 HTTP/1.1" 200 414
58.40.7.146 - - [30/Jan/2022:10:54:12 +0800] "GET /xingrg/check_reg.html?_=1643511250175 HTTP/1.1" 200 22
222.70.179.207 - - [30/Jan/2022:10:54:12 +0800] "GET /xingrg/kc/buy/cgsh_order_operate.html?command=get_materiel&rest_code=00111&code=00101008067&supplier_code=00100005&order_time=2022-01-30 HTTP/1.1" 200 416
101.83.241.237 - - [30/Jan/2022:10:54:15 +0800] "POST /xingrg/kc/buy/cgsh_order_operate.html HTTP/1.1" 200 37
180.169.147.146 - - [30/Jan/2022:10:54:16 +0800] "GET /xingrg/all/function/internal_message.html?_=1643511254937&CODE_STATE=getMsg HTTP/1.1" 200 27
101.83.241.237 - - [30/Jan/2022:10:54:17 +0800] "POST /xingrg/kc/buy/cgsh_order_operate.html HTTP/1.1" 200 18067
180.152.99.73 - - [30/Jan/2022:10:54:17 +0800] "GET /xingrg/all/function/internal_message.html?_=1643511255279&CODE_STATE=getMsg HTTP/1.1" 200 27
114.95.98.1 - - [30/Jan/2022:10:54:19 +0800] "GET /xingrg/kc/buy/cgsh_order_operate.html?command=get_materiel&rest_code=00102&code=00101016104&supplier_code=00100096&order_time=2022-01-30 HTTP/1.1" 200 408
58.40.7.146 - - [30/Jan/2022:10:54:19 +0800] "GET /xingrg/all/function/internal_message.html?_=1643511257443&CODE_STATE=getMsg HTTP/1.1" 200 27
61.170.233.189 - - [30/Jan/2022:10:54:20 +0800] "GET /xingrg/kc/buy/cgsh_order_operate.html?command=get_materiel&rest_code=00106&code=00101015121&supplier_code=00100450&order_time=2022-01-30 HTTP/1.1" 200 404
116.228.172.94 - - [30/Jan/2022:10:54:21 +0800] "GET /xingrg/all/function/internal_message.html?_=1643511165259&CODE_STATE=getMsg HTTP/1.1" 200 27
222.70.179.207 - - [30/Jan/2022:10:54:21 +0800] "GET /xingrg/kc/buy/cgsh_order_operate.html?command=get_materiel&rest_code=00111&code=00101008261&supplier_code=00100005&order_time=2022-01-30 HTTP/1.1" 200 408
222.70.243.96 - - [30/Jan/2022:10:54:21 +0800] "GET /xingrg/all/function/internal_message.html?_=1643511261105&CODE_STATE=getMsg HTTP/1.1" 302 -
180.152.99.73 - - [30/Jan/2022:10:54:21 +0800] "GET /xingrg/kc/buy/cgsh_order_operate.html?command=get_materiel&rest_code=00150&code=00101008331&supplier_code=00100007&order_time=2022-01-30 HTTP/1.1" 200 416
61.170.233.189 - - [30/Jan/2022:10:54:30 +0800] "POST /xingrg/kc/buy/cgsh_order_operate.html HTTP/1.1" 200 37
180.152.99.73 - - [30/Jan/2022:10:54:30 +0800] "GET /xingrg/kc/buy/cgsh_order_operate.html?command=get_materiel&rest_code=00150&code=00101008350&supplier_code=00100007&order_time=2022-01-30 HTTP/1.1" 200 429
101.89.19.197 - - [30/Jan/2022:10:54:31 +0800] "GET /xingrg/all/function/internal_message.html?_=1643511206424&CODE_STATE=getMsg HTTP/1.1" 302 -
61.170.233.189 - - [30/Jan/2022:10:54:32 +0800] "POST /xingrg/kc/buy/cgsh_order_operate.html HTTP/1.1" 200 8621
101.89.19.197 - - [30/Jan/2022:10:54:32 +0800] "GET /xingrg/login.html HTTP/1.1" 200 7641
58.39.168.32 - - [30/Jan/2022:10:54:34 +0800] "GET /xingrg/all/function/internal_message.html?_=1643511272815&CODE_STATE=getMsg HTTP/1.1" 200 27
61.170.233.189 - - [30/Jan/2022:10:54:35 +0800] "POST /xingrg/kc/base/wldb_list_operate.html HTTP/1.1" 200 450
61.170.233.189 - - [30/Jan/2022:10:54:35 +0800] "GET /xingrg/kc/base/wldb_order_info.html?code=422022013003986 HTTP/1.1" 200 30330
101.80.226.190 - - [30/Jan/2022:10:54:36 +0800] "POST /xingrg/services/DataTransmitService HTTP/1.1" 200 524
101.80.226.190 - - [30/Jan/2022:10:54:36 +0800] "POST /xingrg/services/DataTransmitService HTTP/1.1" 200 1971
61.170.233.189 - - [30/Jan/2022:10:54:36 +0800] "GET /xingrg/javascript/easyui/themes/default/validatebox.css HTTP/1.1" 404 1104
101.80.226.190 - - [30/Jan/2022:10:54:37 +0800] "POST /xingrg/services/DataTransmitService HTTP/1.1" 200 63300
61.170.233.189 - - [30/Jan/2022:10:54:37 +0800] "POST /xingrg/kc/base/wldb_order_operate.html HTTP/1.1" 200 3667
222.70.179.207 - - [30/Jan/2022:10:54:39 +0800] "GET /xingrg/kc/buy/cgsh_order_operate.html?command=get_materiel&rest_code=00111&code=00101008232&supplier_code=00100005&order_time=2022-01-30 HTTP/1.1" 200 408
222.69.132.164 - - [30/Jan/2022:10:54:42 +0800] "GET /xingrg/kc/buy/cgsh_order_operate.html?command=get_materiel&rest_code=00154&code=00101029002&supplier_code=00100427&order_time=2022-01-30 HTTP/1.1" 200 471
101.83.241.237 - - [30/Jan/2022:10:54:42 +0800] "GET /xingrg/check_reg.html?_=1643511279127 HTTP/1.1" 200 22
101.91.60.88 - - [30/Jan/2022:10:54:43 +0800] "GET /xingrg/kc/buy/cgsh_order_operate.html?command=get_materiel&rest_code=00106&code=00101008568&supplier_code=00100450&order_time=2022-01-30 HTTP/1.1" 302 -
61.170.233.189 - - [30/Jan/2022:10:54:43 +0800] "POST /xingrg/kc/base/wldb_order_operate.html HTTP/1.1" 200 37
101.91.60.88 - - [30/Jan/2022:10:54:43 +0800] "GET /xingrg/login.html HTTP/1.1" 200 7641
61.170.233.189 - - [30/Jan/2022:10:54:43 +0800] "POST /xingrg/kc/base/wldb_order_operate.html HTTP/1.1" 200 3667
61.170.233.189 - - [30/Jan/2022:10:54:44 +0800] "GET /xingrg/kc/base/wldb_order_info.html?code=422022013003986 HTTP/1.1" 200 30331
101.83.241.237 - - [30/Jan/2022:10:54:44 +0800] "GET /xingrg/kc/buy/cgsh_order_operate.html?command=get_materiel&rest_code=00149&code=00101013044&supplier_code=00100005&order_time=2022-01-30 HTTP/1.1" 200 448
61.170.233.189 - - [30/Jan/2022:10:54:45 +0800] "GET /xingrg/javascript/easyui/themes/default/validatebox.css HTTP/1.1" 404 1104
61.170.233.189 - - [30/Jan/2022:10:54:45 +0800] "POST /xingrg/kc/base/wldb_order_operate.html HTTP/1.1" 200 3667
222.69.132.164 - - [30/Jan/2022:10:54:47 +0800] "GET /xingrg/all/function/internal_message.html?_=1643511345007&CODE_STATE=getMsg HTTP/1.1" 200 27
222.69.132.164 - - [30/Jan/2022:10:54:48 +0800] "POST /xingrg/all/common/load_select.html HTTP/1.1" 200 25
