101.85.120.86 - - [30/Jan/2022:11:12:53 +0800] "GET /xingrg/kc/buy/cgsh_order_operate.html?command=get_materiel&rest_code=00142&code=00101008044&supplier_code=00100161&order_time=2022-01-30 HTTP/1.1" 200 408
101.83.241.237 - - [30/Jan/2022:11:12:53 +0800] "POST /xingrg/kc/buy/cgsh_order_operate.html HTTP/1.1" 200 2065
222.70.243.96 - - [30/Jan/2022:11:12:54 +0800] "GET /xingrg/javascript/jquery_tools/images/prev.gif HTTP/1.1" 404 1086
222.70.243.96 - - [30/Jan/2022:11:12:54 +0800] "GET /xingrg/javascript/jquery_tools/images/next.gif HTTP/1.1" 404 1086
222.70.179.207 - - [30/Jan/2022:11:12:55 +0800] "GET /xingrg/kc/buy/cgsh_order_operate.html?command=get_materiel&rest_code=00111&code=00101008360&supplier_code=00100005&order_time=2022-01-30 HTTP/1.1" 200 413
61.170.233.189 - - [30/Jan/2022:11:12:55 +0800] "GET /xingrg/kc/buy/cgsh_order_operate.html?command=get_materiel&rest_code=00106&code=00101008027&supplier_code=00100007&order_time=2022-01-30 HTTP/1.1" 200 408
101.85.120.86 - - [30/Jan/2022:11:12:56 +0800] "POST /xingrg/kc/buy/cgsh_order_operate.html HTTP/1.1" 200 2065
222.70.179.207 - - [30/Jan/2022:11:13:00 +0800] "GET /xingrg/all/function/internal_message.html?_=1643512378378&CODE_STATE=getMsg HTTP/1.1" 200 27
180.157.251.97 - - [30/Jan/2022:11:13:01 +0800] "GET /xingrg/all/function/internal_message.html?_=1643512380553&CODE_STATE=getMsg HTTP/1.1" 200 27
180.162.112.109 - - [30/Jan/2022:11:13:02 +0800] "GET /xingrg/all/function/internal_message.html?_=1643511776145&CODE_STATE=getMsg HTTP/1.1" 200 27
180.162.112.109 - - [30/Jan/2022:11:13:02 +0800] "GET /xingrg/check_reg.html?_=1643511776148 HTTP/1.1" 200 22
222.70.243.96 - - [30/Jan/2022:11:13:03 +0800] "GET /xingrg/kc/buy/cgsh_order_operate.html?command=get_materiel&rest_code=00146&code=00101008072&supplier_code=00100005&order_time=2022-01-30 HTTP/1.1" 200 408
101.85.120.86 - - [30/Jan/2022:11:13:03 +0800] "GET /xingrg/kc/buy/cgsh_order_operate.html?command=get_materiel&rest_code=00142&code=00101008169&supplier_code=00100161&order_time=2022-01-30 HTTP/1.1" 200 412
114.95.98.1 - - [30/Jan/2022:11:13:04 +0800] "GET /xingrg/kc/buy/cgsh_order_operate.html?command=get_materiel&rest_code=00102&code=00101009010&supplier_code=00100424&order_time=2022-01-30 HTTP/1.1" 200 412
61.170.233.189 - - [30/Jan/2022:11:13:04 +0800] "GET /xingrg/check_reg.html?_=1643512379633 HTTP/1.1" 200 22
61.170.233.189 - - [30/Jan/2022:11:13:04 +0800] "GET /xingrg/all/function/internal_message.html?_=1643512379634&CODE_STATE=getMsg HTTP/1.1" 200 27
222.70.179.207 - - [30/Jan/2022:11:13:04 +0800] "GET /xingrg/kc/buy/cgsh_order_operate.html?command=get_materiel&rest_code=00111&code=00101008045&supplier_code=00100005&order_time=2022-01-30 HTTP/1.1" 200 412
61.151.178.217 - - [30/Jan/2022:11:13:06 +0800] "GET /xingrg/all/function/internal_message.html?_=1643512319571&CODE_STATE=getMsg HTTP/1.1" 302 -
101.85.120.86 - - [30/Jan/2022:11:13:07 +0800] "GET /xingrg/all/function/internal_message.html?_=1643512383070&CODE_STATE=getMsg HTTP/1.1" 200 27
120.253.135.82 - - [30/Jan/2022:11:13:08 +0800] "GET /xingrg/all/function/internal_message.html?_=1643512177368&CODE_STATE=getMsg HTTP/1.1" 200 27
61.151.178.217 - - [30/Jan/2022:11:13:08 +0800] "GET /xingrg/login.html HTTP/1.1" 200 7641
222.70.179.207 - - [30/Jan/2022:11:13:09 +0800] "POST /xingrg/kc/buy/cgsh_order_operate.html HTTP/1.1" 200 2065
101.85.120.86 - - [30/Jan/2022:11:13:12 +0800] "GET /xingrg/kc/buy/cgsh_order_operate.html?command=get_materiel&rest_code=00142&code=00101008137&supplier_code=00100161&order_time=2022-01-30 HTTP/1.1" 200 408
114.95.98.1 - - [30/Jan/2022:11:13:15 +0800] "GET /xingrg/kc/buy/cgsh_order_operate.html?command=get_materiel&rest_code=00102&code=00101009011&supplier_code=00100424&order_time=2022-01-30 HTTP/1.1" 200 416
180.169.147.146 - - [30/Jan/2022:11:13:15 +0800] "GET /xingrg/all/function/internal_message.html?_=1643512394614&CODE_STATE=getMsg HTTP/1.1" 200 27
58.40.7.146 - - [30/Jan/2022:11:13:19 +0800] "GET /xingrg/all/function/internal_message.html?_=1643512397076&CODE_STATE=getMsg HTTP/1.1" 200 27
101.85.120.86 - - [30/Jan/2022:11:13:20 +0800] "GET /xingrg/kc/buy/cgsh_order_operate.html?command=get_materiel&rest_code=00142&code=00101008354&supplier_code=00100161&order_time=2022-01-30 HTTP/1.1" 200 431
116.228.172.94 - - [30/Jan/2022:11:13:21 +0800] "GET /xingrg/all/function/internal_message.html?_=1643512305255&CODE_STATE=getMsg HTTP/1.1" 200 27
222.70.243.96 - - [30/Jan/2022:11:13:21 +0800] "GET /xingrg/all/function/internal_message.html?_=1643512401354&CODE_STATE=getMsg HTTP/1.1" 302 -
222.70.179.207 - - [30/Jan/2022:11:13:21 +0800] "GET /xingrg/kc/buy/cgsh_order_operate.html?command=get_materiel&rest_code=00111&code=00101008300&supplier_code=00100005&order_time=2022-01-30 HTTP/1.1" 200 412
101.85.120.86 - - [30/Jan/2022:11:13:28 +0800] "GET /xingrg/kc/buy/cgsh_order_operate.html?command=get_materiel&rest_code=00142&code=00101008352&supplier_code=00100161&order_time=2022-01-30 HTTP/1.1" 200 412
222.70.179.207 - - [30/Jan/2022:11:13:31 +0800] "GET /xingrg/kc/buy/cgsh_order_operate.html?command=get_materiel&rest_code=00111&code=00101008478&supplier_code=00100005&order_time=2022-01-30 HTTP/1.1" 200 399
114.95.98.1 - - [30/Jan/2022:11:13:32 +0800] "GET /xingrg/kc/buy/cgsh_order_operate.html?command=get_materiel&rest_code=00102&code=00101009016&supplier_code=00100424&order_time=2022-01-30 HTTP/1.1" 200 412
101.83.241.237 - - [30/Jan/2022:11:13:33 +0800] "GET /xingrg/kc/buy/cgsh_order_operate.html?command=get_materiel&rest_code=00149&code=00101008092&supplier_code=00100005&order_time=2022-01-30 HTTP/1.1" 200 412
58.39.168.32 - - [30/Jan/2022:11:13:34 +0800] "GET /xingrg/all/function/internal_message.html?_=1643512412880&CODE_STATE=getMsg HTTP/1.1" 200 27
101.85.120.86 - - [30/Jan/2022:11:13:37 +0800] "GET /xingrg/kc/buy/cgsh_order_operate.html?command=get_materiel&rest_code=00142&code=00101008323&supplier_code=00100161&order_time=2022-01-30 HTTP/1.1" 200 408
222.70.243.96 - - [30/Jan/2022:11:13:38 +0800] "GET /xingrg/kc/buy/cgsh_order_operate.html?command=get_materiel&rest_code=00146&code=00101008350&supplier_code=00100005&order_time=2022-01-30 HTTP/1.1" 200 429
101.85.120.86 - - [30/Jan/2022:11:13:41 +0800] "POST /xingrg/kc/buy/cgsh_order_operate.html HTTP/1.1" 200 2065
114.95.98.1 - - [30/Jan/2022:11:13:41 +0800] "GET /xingrg/kc/buy/cgsh_order_operate.html?command=get_materiel&rest_code=00102&code=00101009013&supplier_code=00100424&order_time=2022-01-30 HTTP/1.1" 200 421
180.152.99.73 - - [30/Jan/2022:11:13:42 +0800] "GET /xingrg/all/function/internal_message.html?_=1643512419833&CODE_STATE=getMsg HTTP/1.1" 200 27
222.70.243.96 - - [30/Jan/2022:11:13:42 +0800] "GET /xingrg/all/function/internal_message.html?_=1643512422516&CODE_STATE=getMsg HTTP/1.1" 200 27
101.85.120.86 - - [30/Jan/2022:11:13:47 +0800] "GET /xingrg/kc/buy/cgsh_order_operate.html?command=get_materiel&rest_code=00142&code=00101008459&supplier_code=00100161&order_time=2022-01-30 HTTP/1.1" 200 395
222.69.132.164 - - [30/Jan/2022:11:13:47 +0800] "GET /xingrg/all/function/internal_message.html?_=1643512485014&CODE_STATE=getMsg HTTP/1.1" 200 27
222.69.132.164 - - [30/Jan/2022:11:13:47 +0800] "GET /xingrg/check_reg.html?_=1643512485018 HTTP/1.1" 200 22
222.70.179.207 - - [30/Jan/2022:11:13:48 +0800] "GET /xingrg/kc/buy/cgsh_order_operate.html?command=get_materiel&rest_code=00111&code=00101008091&supplier_code=00100005&order_time=2022-01-30 HTTP/1.1" 200 412
101.83.241.237 - - [30/Jan/2022:11:13:51 +0800] "GET /xingrg/all/function/internal_message.html?_=1643512427569&CODE_STATE=getMsg HTTP/1.1" 200 27
222.70.223.103 - - [30/Jan/2022:11:13:51 +0800] "GET /xingrg/check_reg.html?_=1643512425095 HTTP/1.1" 200 22
222.70.223.103 - - [30/Jan/2022:11:13:51 +0800] "GET /xingrg/all/function/internal_message.html?_=1643512425096&CODE_STATE=getMsg HTTP/1.1" 200 27
180.152.99.39 - - [30/Jan/2022:11:13:52 +0800] "GET /xingrg/all/function/internal_message.html?_=1643512355459&CODE_STATE=getMsg HTTP/1.1" 200 27
101.85.120.86 - - [30/Jan/2022:11:13:56 +0800] "POST /xingrg/kc/buy/cgsh_order_operate.html HTTP/1.1" 200 37
222.70.243.96 - - [30/Jan/2022:11:13:56 +0800] "GET /xingrg/kc/buy/cgsh_order_operate.html?command=get_materiel&rest_code=00146&code=00101008049&supplier_code=00100005&order_time=2022-01-30 HTTP/1.1" 200 408
114.95.98.1 - - [30/Jan/2022:11:13:57 +0800] "GET /xingrg/kc/buy/cgsh_order_operate.html?command=get_materiel&rest_code=00102&code=00101009007&supplier_code=00100424&order_time=2022-01-30 HTTP/1.1" 200 408
101.85.120.86 - - [30/Jan/2022:11:13:58 +0800] "POST /xingrg/kc/buy/cgsh_order_operate.html HTTP/1.1" 200 15611
222.70.179.207 - - [30/Jan/2022:11:14:00 +0800] "GET /xingrg/kc/buy/cgsh_order_operate.html?command=get_materiel&rest_code=00111&code=00101008256&supplier_code=00100005&order_time=2022-01-30 HTTP/1.1" 200 412
222.70.179.207 - - [30/Jan/2022:11:14:00 +0800] "GET /xingrg/all/function/internal_message.html?_=1643512438412&CODE_STATE=getMsg HTTP/1.1" 200 27
180.157.251.97 - - [30/Jan/2022:11:14:01 +0800] "GET /xingrg/all/function/internal_message.html?_=1643512440556&CODE_STATE=getMsg HTTP/1.1" 200 27
101.85.120.86 - - [30/Jan/2022:11:14:02 +0800] "POST /xingrg/kc/buy/cgsh_order_operate.html HTTP/1.1" 200 37
222.70.179.207 - - [30/Jan/2022:11:14:02 +0800] "POST /xingrg/kc/buy/cgsh_order_operate.html HTTP/1.1" 200 2065
180.162.112.109 - - [30/Jan/2022:11:14:02 +0800] "GET /xingrg/all/function/internal_message.html?_=1643511836146&CODE_STATE=getMsg HTTP/1.1" 200 27
101.85.120.86 - - [30/Jan/2022:11:14:03 +0800] "POST /xingrg/kc/buy/cgsh_order_operate.html HTTP/1.1" 200 15611
61.170.233.189 - - [30/Jan/2022:11:14:04 +0800] "GET /xingrg/all/function/internal_message.html?_=1643512439610&CODE_STATE=getMsg HTTP/1.1" 200 27
114.95.98.1 - - [30/Jan/2022:11:14:05 +0800] "GET /xingrg/check_reg.html?_=1643512463538 HTTP/1.1" 200 22
101.89.239.120 - - [30/Jan/2022:11:14:05 +0800] "GET /xingrg/check_reg.html?_=1643512379633 HTTP/1.1" 302 -
101.89.239.120 - - [30/Jan/2022:11:14:06 +0800] "GET /xingrg/login.html HTTP/1.1" 200 7641
101.85.120.86 - - [30/Jan/2022:11:14:07 +0800] "GET /xingrg/all/function/internal_message.html?_=1643512443068&CODE_STATE=getMsg HTTP/1.1" 200 27
120.253.135.82 - - [30/Jan/2022:11:14:08 +0800] "GET /xingrg/all/function/internal_message.html?_=1643512237390&CODE_STATE=getMsg HTTP/1.1" 200 27
101.85.120.86 - - [30/Jan/2022:11:14:08 +0800] "POST /xingrg/kc/buy/cgsh_order_operate.html HTTP/1.1" 200 37
222.70.243.96 - - [30/Jan/2022:11:14:08 +0800] "GET /xingrg/kc/buy/cgsh_order_operate.html?command=get_materiel&rest_code=00146&code=00101008207&supplier_code=00100005&order_time=2022-01-30 HTTP/1.1" 200 427
222.70.243.96 - - [30/Jan/2022:11:14:09 +0800] "GET /xingrg/check_reg.html?_=1643512448965 HTTP/1.1" 302 -
101.85.120.86 - - [30/Jan/2022:11:14:10 +0800] "POST /xingrg/kc/buy/cgsh_order_operate.html HTTP/1.1" 200 15611
101.85.120.86 - - [30/Jan/2022:11:14:10 +0800] "GET /xingrg/javascript/jquery_easy_ui/themes/default/images/tabs_active.png HTTP/1.1" 304 -
58.40.7.146 - - [30/Jan/2022:11:14:12 +0800] "GET /xingrg/check_reg.html?_=1643512450187 HTTP/1.1" 200 22
114.95.98.1 - - [30/Jan/2022:11:14:15 +0800] "GET /xingrg/kc/buy/cgsh_order_operate.html?command=get_materiel&rest_code=00102&code=00101009112&supplier_code=00100424&order_time=2022-01-30 HTTP/1.1" 200 411
180.169.147.146 - - [30/Jan/2022:11:14:15 +0800] "GET /xingrg/all/function/internal_message.html?_=1643512454600&CODE_STATE=getMsg HTTP/1.1" 200 27
101.85.120.86 - - [30/Jan/2022:11:14:17 +0800] "POST /xingrg/kc/buy/cgsh_list_operate.html HTTP/1.1" 200 2792
180.157.251.97 - - [30/Jan/2022:11:14:18 +0800] "GET /xingrg/check_reg.html?_=1643512457006 HTTP/1.1" 200 22
58.40.7.146 - - [30/Jan/2022:11:14:19 +0800] "GET /xingrg/all/function/internal_message.html?_=1643512457048&CODE_STATE=getMsg HTTP/1.1" 200 27
101.83.241.237 - - [30/Jan/2022:11:14:19 +0800] "POST /xingrg/kc/buy/cgsh_order_operate.html HTTP/1.1" 200 37
222.70.243.96 - - [30/Jan/2022:11:14:20 +0800] "GET /xingrg/kc/buy/cgsh_order_operate.html?command=get_materiel&rest_code=00146&code=00101008290&supplier_code=00100005&order_time=2022-01-30 HTTP/1.1" 200 416
116.228.172.94 - - [30/Jan/2022:11:14:21 +0800] "GET /xingrg/all/function/internal_message.html?_=1643512365250&CODE_STATE=getMsg HTTP/1.1" 200 27
222.70.243.96 - - [30/Jan/2022:11:14:21 +0800] "GET /xingrg/all/function/internal_message.html?_=1643512461374&CODE_STATE=getMsg HTTP/1.1" 302 -
101.83.241.237 - - [30/Jan/2022:11:14:24 +0800] "POST /xingrg/kc/buy/cgsh_order_operate.html HTTP/1.1" 200 48274
58.39.168.32 - - [30/Jan/2022:11:14:34 +0800] "GET /xingrg/all/function/internal_message.html?_=1643512472867&CODE_STATE=getMsg HTTP/1.1" 200 27
114.95.98.1 - - [30/Jan/2022:11:14:35 +0800] "GET /xingrg/kc/buy/cgsh_order_operate.html?command=get_materiel&rest_code=00102&code=00101009045&supplier_code=00100424&order_time=2022-01-30 HTTP/1.1" 200 412
222.70.243.96 - - [30/Jan/2022:11:14:36 +0800] "GET /xingrg/kc/buy/cgsh_order_operate.html?command=get_materiel&rest_code=00146&code=00101008084&supplier_code=00100005&order_time=2022-01-30 HTTP/1.1" 200 412
180.152.99.73 - - [30/Jan/2022:11:14:42 +0800] "GET /xingrg/all/function/internal_message.html?_=1643512479836&CODE_STATE=getMsg HTTP/1.1" 200 27
101.83.241.237 - - [30/Jan/2022:11:14:42 +0800] "GET /xingrg/check_reg.html?_=1643512479192 HTTP/1.1" 200 22
222.70.243.96 - - [30/Jan/2022:11:14:42 +0800] "GET /xingrg/all/function/internal_message.html?_=1643512482571&CODE_STATE=getMsg HTTP/1.1" 200 27
222.70.243.96 - - [30/Jan/2022:11:14:46 +0800] "GET /xingrg/kc/buy/cgsh_order_operate.html?command=get_materiel&rest_code=00146&code=00101008003&supplier_code=00100005&order_time=2022-01-30 HTTP/1.1" 200 427
222.69.132.164 - - [30/Jan/2022:11:14:47 +0800] "GET /xingrg/all/function/internal_message.html?_=1643512545006&CODE_STATE=getMsg HTTP/1.1" 200 27
114.95.98.1 - - [30/Jan/2022:11:14:50 +0800] "GET /xingrg/kc/buy/cgsh_order_operate.html?command=get_materiel&rest_code=00102&code=00101009053&supplier_code=00100424&order_time=2022-01-30 HTTP/1.1" 200 408
101.83.241.237 - - [30/Jan/2022:11:14:51 +0800] "GET /xingrg/all/function/internal_message.html?_=1643512487556&CODE_STATE=getMsg HTTP/1.1" 200 27
222.70.223.103 - - [30/Jan/2022:11:14:51 +0800] "GET /xingrg/all/function/internal_message.html?_=1643512485086&CODE_STATE=getMsg HTTP/1.1" 200 27
180.152.99.39 - - [30/Jan/2022:11:14:52 +0800] "GET /xingrg/all/function/internal_message.html?_=1643512415463&CODE_STATE=getMsg HTTP/1.1" 200 27
180.162.112.109 - - [30/Jan/2022:11:14:53 +0800] "GET /xingrg/kc/base/base_main.html HTTP/1.1" 200 12142
180.162.112.109 - - [30/Jan/2022:11:14:53 +0800] "GET /xingrg/images/blue/button/wlsy.gif HTTP/1.1" 304 -
180.162.112.109 - - [30/Jan/2022:11:14:53 +0800] "GET /xingrg/images/blue/button/ckpd.gif HTTP/1.1" 304 -
180.162.112.109 - - [30/Jan/2022:11:14:53 +0800] "GET /xingrg/images/blue/button/left_ah.jpg HTTP/1.1" 304 -
180.162.112.109 - - [30/Jan/2022:11:14:53 +0800] "GET /xingrg/images/blue/button/down.jpg HTTP/1.1" 304 -
180.162.112.109 - - [30/Jan/2022:11:14:53 +0800] "GET /xingrg/images/blue/button/ckdb.gif HTTP/1.1" 304 -
180.162.112.109 - - [30/Jan/2022:11:14:53 +0800] "GET /xingrg/images/blue/button/yddb.gif HTTP/1.1" 304 -
180.162.112.109 - - [30/Jan/2022:11:14:53 +0800] "GET /xingrg/images/blue/button/top_left.jpg HTTP/1.1" 304 -
180.162.112.109 - - [30/Jan/2022:11:14:53 +0800] "GET /xingrg/images/blue/button/top_right.jpg HTTP/1.1" 304 -
180.162.112.109 - - [30/Jan/2022:11:14:53 +0800] "GET /xingrg/images/blue/button/bottom_left.jpg HTTP/1.1" 304 -
180.162.112.109 - - [30/Jan/2022:11:14:53 +0800] "GET /xingrg/images/blue/button/bottom_right.jpg HTTP/1.1" 304 -
222.69.132.164 - - [30/Jan/2022:11:14:53 +0800] "GET /xingrg/kc/base/check_order_list.html HTTP/1.1" 200 16223
222.69.132.164 - - [30/Jan/2022:11:14:54 +0800] "POST /xingrg/kc/base/check_list_operate.html HTTP/1.1" 200 781
180.162.112.109 - - [30/Jan/2022:11:14:54 +0800] "GET /xingrg/kc/base/wldb_order_list.html HTTP/1.1" 200 19104
180.162.112.109 - - [30/Jan/2022:11:14:55 +0800] "POST /xingrg/kc/base/wldb_list_operate.html HTTP/1.1" 200 1787
222.69.132.164 - - [30/Jan/2022:11:14:56 +0800] "GET /xingrg/kc/base/check_order_add.html HTTP/1.1" 200 25534
222.69.132.164 - - [30/Jan/2022:11:14:56 +0800] "GET /xingrg/css/table.css HTTP/1.1" 200 3684
222.69.132.164 - - [30/Jan/2022:11:14:56 +0800] "GET /xingrg/javascript/AjaxInfoList.js HTTP/1.1" 200 3774
222.69.132.164 - - [30/Jan/2022:11:14:56 +0800] "GET /xingrg/css/blue.css HTTP/1.1" 200 15949
222.69.132.164 - - [30/Jan/2022:11:14:56 +0800] "GET /xingrg/dwr/interface/AjaxCheckService.js HTTP/1.1" 200 14003
222.69.132.164 - - [30/Jan/2022:11:14:56 +0800] "GET /xingrg/dwr/engine.js HTTP/1.1" 200 43631
222.69.132.164 - - [30/Jan/2022:11:14:56 +0800] "GET /xingrg/dwr/interface/AjaxComOrderService.js HTTP/1.1" 200 18264
222.69.132.164 - - [30/Jan/2022:11:14:56 +0800] "GET /xingrg/javascript/Calendar.js HTTP/1.1" 200 31561
222.69.132.164 - - [30/Jan/2022:11:14:56 +0800] "GET /xingrg/dwr/util.js HTTP/1.1" 200 35990
222.69.132.164 - - [30/Jan/2022:11:14:56 +0800] "GET /xingrg/javascript/myfunction.js HTTP/1.1" 200 24559
222.70.179.207 - - [30/Jan/2022:11:14:56 +0800] "POST /xingrg/kc/buy/cgsh_order_operate.html HTTP/1.1" 200 2065
222.69.132.164 - - [30/Jan/2022:11:14:56 +0800] "GET /xingrg/javascript/jquery_easy_ui/themes/icons/check_new.png HTTP/1.1" 200 3224
222.69.132.164 - - [30/Jan/2022:11:14:56 +0800] "GET /xingrg/javascript/jquery_easy_ui/themes/icons/cance_new.png HTTP/1.1" 200 3986
222.69.132.164 - - [30/Jan/2022:11:14:56 +0800] "GET /xingrg/javascript/jquery_easy_ui/themes/icons/print.png HTTP/1.1" 200 1057
222.69.132.164 - - [30/Jan/2022:11:14:56 +0800] "GET /xingrg/javascript/jquery_easy_ui/themes/default/images/menu_downarrow.png HTTP/1.1" 200 173
222.69.132.164 - - [30/Jan/2022:11:14:56 +0800] "GET /xingrg/javascript/jquery_easy_ui/themes/icons/back_new.png HTTP/1.1" 200 3414
222.70.243.96 - - [30/Jan/2022:11:14:58 +0800] "GET /xingrg/kc/buy/cgsh_order_operate.html?command=get_materiel&rest_code=00146&code=00101008087&supplier_code=00100005&order_time=2022-01-30 HTTP/1.1" 200 412
180.162.112.109 - - [30/Jan/2022:11:14:59 +0800] "GET /xingrg/kc/base/wldb_order_add.html HTTP/1.1" 200 30322
180.162.112.109 - - [30/Jan/2022:11:14:59 +0800] "POST /xingrg/kc/base/wldb_order_operate.html HTTP/1.1" 200 6806
180.162.112.109 - - [30/Jan/2022:11:14:59 +0800] "GET /xingrg/all/common/auto_word.html?type=base&rest_code=00143 HTTP/1.1" 200 673
180.162.112.109 - - [30/Jan/2022:11:14:59 +0800] "GET /xingrg/all/common/auto_word.html?type=base&rest_code=00143 HTTP/1.1" 200 673
180.162.112.109 - - [30/Jan/2022:11:14:59 +0800] "GET /xingrg/javascript/easyui/themes/default/validatebox.css HTTP/1.1" 404 1104
222.69.132.164 - - [30/Jan/2022:11:14:59 +0800] "GET /xingrg/javascript/jquery_easy_ui/themes/default/images/button_plain_hover.png HTTP/1.1" 200 252
222.70.179.207 - - [30/Jan/2022:11:15:00 +0800] "GET /xingrg/all/function/internal_message.html?_=1643512498381&CODE_STATE=getMsg HTTP/1.1" 200 27
180.162.112.109 - - [30/Jan/2022:11:15:00 +0800] "POST /xingrg/all/common/load_combo.html?type=base HTTP/1.1" 200 1221
180.157.251.97 - - [30/Jan/2022:11:15:01 +0800] "GET /xingrg/all/function/internal_message.html?_=1643512500544&CODE_STATE=getMsg HTTP/1.1" 200 27
222.69.132.164 - - [30/Jan/2022:11:15:02 +0800] "POST /xingrg/dwr/call/plaincall/AjaxCheckService.saveOrder.dwr HTTP/1.1" 200 78
120.253.135.82 - - [30/Jan/2022:11:15:02 +0800] "GET /xingrg/check_reg.html?_=1643512291877 HTTP/1.1" 200 22
180.162.112.109 - - [30/Jan/2022:11:15:02 +0800] "GET /xingrg/all/function/internal_message.html?_=1643511896155&CODE_STATE=getMsg HTTP/1.1" 200 27
101.83.241.237 - - [30/Jan/2022:11:15:03 +0800] "GET /xingrg/kc/buy/cgsh_order_operate.html?command=get_materiel&rest_code=00149&code=00101008353&supplier_code=00100005&order_time=2022-01-30 HTTP/1.1" 200 408
61.170.233.189 - - [30/Jan/2022:11:15:04 +0800] "GET /xingrg/all/function/internal_message.html?_=1643512499587&CODE_STATE=getMsg HTTP/1.1" 200 27
222.69.132.164 - - [30/Jan/2022:11:15:05 +0800] "POST /xingrg/dwr/call/plaincall/AjaxCheckService.loadOrderItems.dwr HTTP/1.1" 200 367
180.162.112.109 - - [30/Jan/2022:11:15:07 +0800] "POST /xingrg/all/common/load_combo.html?type=base HTTP/1.1" 200 1221
101.85.120.86 - - [30/Jan/2022:11:15:07 +0800] "GET /xingrg/all/function/internal_message.html?_=1643512503068&CODE_STATE=getMsg HTTP/1.1" 200 27
120.253.135.82 - - [30/Jan/2022:11:15:08 +0800] "GET /xingrg/all/function/internal_message.html?_=1643512297395&CODE_STATE=getMsg HTTP/1.1" 200 27
61.151.178.217 - - [30/Jan/2022:11:15:10 +0800] "GET /xingrg/all/function/internal_message.html?_=1643511386435&CODE_STATE=getMsg HTTP/1.1" 302 -
61.151.178.217 - - [30/Jan/2022:11:15:11 +0800] "GET /xingrg/login.html HTTP/1.1" 200 7641
61.151.178.180 - - [30/Jan/2022:11:15:12 +0800] "GET /xingrg/all/function/internal_message.html?_=1643512439610&CODE_STATE=getMsg HTTP/1.1" 302 -
61.151.178.180 - - [30/Jan/2022:11:15:13 +0800] "GET /xingrg/login.html HTTP/1.1" 200 7641
222.69.132.164 - - [30/Jan/2022:11:15:14 +0800] "GET /xingrg/login.html HTTP/1.1" 200 7641
222.69.132.164 - - [30/Jan/2022:11:15:14 +0800] "GET /favicon.ico HTTP/1.1" 404 -
222.70.243.96 - - [30/Jan/2022:11:15:14 +0800] "GET /xingrg/kc/buy/cgsh_order_operate.html?command=get_materiel&rest_code=00146&code=00101008355&supplier_code=00100005&order_time=2022-01-30 HTTP/1.1" 200 427
222.70.179.207 - - [30/Jan/2022:11:15:14 +0800] "GET /xingrg/kc/buy/cgsh_order_operate.html?command=get_materiel&rest_code=00111&code=00101008197&supplier_code=00100005&order_time=2022-01-30 HTTP/1.1" 200 416
180.169.147.146 - - [30/Jan/2022:11:15:15 +0800] "GET /xingrg/all/function/internal_message.html?_=1643512514585&CODE_STATE=getMsg HTTP/1.1" 200 27
222.69.132.164 - - [30/Jan/2022:11:15:16 +0800] "POST /xingrg/login.do HTTP/1.1" 302 -
222.69.132.164 - - [30/Jan/2022:11:15:16 +0800] "GET /xingrg/index.html?sysBaseUrl=http%3A%2F%2F180.169.147.146%3A18081%2Fxingrg%2F&costTime=39×tamp=1643512516271 HTTP/1.1" 200 17179
222.69.132.164 - - [30/Jan/2022:11:15:16 +0800] "GET /favicon.ico HTTP/1.1" 404 -
222.69.132.164 - - [30/Jan/2022:11:15:16 +0800] "POST /xingrg/all/common/load_tree.html?tree=area_rest_tree_json&manage=1 HTTP/1.1" 200 351
222.69.132.164 - - [30/Jan/2022:11:15:16 +0800] "GET /xingrg/all/function/internal_message.html?_=1643512573948&CODE_STATE=count HTTP/1.1" 200 11
222.69.132.164 - - [30/Jan/2022:11:15:16 +0800] "GET /xingrg/check_reg.html?_=1643512573948 HTTP/1.1" 200 22
222.69.132.164 - - [30/Jan/2022:11:15:16 +0800] "POST /xingrg/load_menu.html HTTP/1.1" 200 5138
58.40.7.146 - - [30/Jan/2022:11:15:19 +0800] "GET /xingrg/all/function/internal_message.html?_=1643512517033&CODE_STATE=getMsg HTTP/1.1" 200 27
114.95.98.1 - - [30/Jan/2022:11:15:20 +0800] "GET /xingrg/kc/buy/cgsh_order_operate.html?command=get_materiel&rest_code=00102&code=00101009039&supplier_code=00100424&order_time=2022-01-30 HTTP/1.1" 200 408
116.228.172.94 - - [30/Jan/2022:11:15:21 +0800] "GET /xingrg/all/function/internal_message.html?_=1643512425244&CODE_STATE=getMsg HTTP/1.1" 200 27
222.69.132.164 - - [30/Jan/2022:11:15:21 +0800] "GET /xingrg/kc/base/check_order_list.html HTTP/1.1" 200 16223
222.69.132.164 - - [30/Jan/2022:11:15:21 +0800] "POST /xingrg/kc/base/check_list_operate.html HTTP/1.1" 200 1560
222.70.243.96 - - [30/Jan/2022:11:15:21 +0800] "GET /xingrg/all/function/internal_message.html?_=1643512521381&CODE_STATE=getMsg HTTP/1.1" 302 -
222.70.243.96 - - [30/Jan/2022:11:15:25 +0800] "GET /xingrg/kc/buy/cgsh_order_operate.html?command=get_materiel&rest_code=00146&code=00101008067&supplier_code=00100005&order_time=2022-01-30 HTTP/1.1" 200 416
180.169.147.146 - - [30/Jan/2022:11:15:32 +0800] "GET /xingrg/check_reg.html?_=1643512530906 HTTP/1.1" 200 22
222.69.132.164 - - [30/Jan/2022:11:15:32 +0800] "POST /xingrg/kc/base/check_list_operate.html HTTP/1.1" 200 4
222.69.132.164 - - [30/Jan/2022:11:15:34 +0800] "POST /xingrg/kc/base/check_list_operate.html HTTP/1.1" 200 781
58.39.168.32 - - [30/Jan/2022:11:15:34 +0800] "GET /xingrg/all/function/internal_message.html?_=1643512532871&CODE_STATE=getMsg HTTP/1.1" 200 27
180.162.112.109 - - [30/Jan/2022:11:15:35 +0800] "GET /xingrg/javascript/auto/indicator.gif HTTP/1.1" 404 1066
222.69.132.164 - - [30/Jan/2022:11:15:36 +0800] "GET /xingrg/kc/base/check_order_add.html HTTP/1.1" 200 25534
222.69.132.164 - - [30/Jan/2022:11:15:36 +0800] "GET /xingrg/dwr/interface/AjaxCheckService.js HTTP/1.1" 200 14003
222.69.132.164 - - [30/Jan/2022:11:15:36 +0800] "GET /xingrg/dwr/interface/AjaxComOrderService.js HTTP/1.1" 200 18264
222.69.132.164 - - [30/Jan/2022:11:15:36 +0800] "GET /xingrg/dwr/engine.js HTTP/1.1" 200 43631
180.162.112.109 - - [30/Jan/2022:11:15:38 +0800] "GET /xingrg/kc/base/wldb_order_operate.html?command=get_materiel&rest_code=00143&base_code=0010222&code=00102002238 HTTP/1.1" 200 434
180.152.99.73 - - [30/Jan/2022:11:15:42 +0800] "GET /xingrg/all/function/internal_message.html?_=1643512539839&CODE_STATE=getMsg HTTP/1.1" 200 27
222.70.243.96 - - [30/Jan/2022:11:15:42 +0800] "GET /xingrg/all/function/internal_message.html?_=1643512542697&CODE_STATE=getMsg HTTP/1.1" 200 27
222.69.132.164 - - [30/Jan/2022:11:15:43 +0800] "POST /xingrg/dwr/call/plaincall/AjaxCheckService.saveOrder.dwr HTTP/1.1" 200 78
222.69.132.164 - - [30/Jan/2022:11:15:45 +0800] "POST /xingrg/dwr/call/plaincall/AjaxCheckService.loadOrderItems.dwr HTTP/1.1" 200 367
222.70.243.96 - - [30/Jan/2022:11:15:47 +0800] "GET /xingrg/kc/buy/cgsh_order_operate.html?command=get_materiel&rest_code=00146&code=00101008212&supplier_code=00100005&order_time=2022-01-30 HTTP/1.1" 200 412
101.83.241.237 - - [30/Jan/2022:11:15:51 +0800] "GET /xingrg/all/function/internal_message.html?_=1643512547531&CODE_STATE=getMsg HTTP/1.1" 200 27
222.70.223.103 - - [30/Jan/2022:11:15:51 +0800] "GET /xingrg/all/function/internal_message.html?_=1643512545093&CODE_STATE=getMsg HTTP/1.1" 200 27
222.69.132.164 - - [30/Jan/2022:11:15:51 +0800] "GET /xingrg/javascript/jquery_easy_ui/themes/default/images/button_a_bg.gif HTTP/1.1" 200 1194
222.69.132.164 - - [30/Jan/2022:11:15:51 +0800] "GET /xingrg/javascript/jquery_easy_ui/themes/default/images/button_span_bg.gif HTTP/1.1" 200 2061
222.69.132.164 - - [30/Jan/2022:11:15:51 +0800] "GET /xingrg/javascript/jquery_easy_ui/themes/icons/ok.png HTTP/1.1" 200 883
222.69.132.164 - - [30/Jan/2022:11:15:51 +0800] "GET /xingrg/javascript/jquery_easy_ui/themes/icons/pencil.png HTTP/1.1" 200 713
222.69.132.164 - - [30/Jan/2022:11:15:51 +0800] "GET /xingrg/javascript/jquery_easy_ui/themes/default/images/panel_title.png HTTP/1.1" 200 266
222.69.132.164 - - [30/Jan/2022:11:15:51 +0800] "GET /xingrg/javascript/jquery_easy_ui/themes/default/images/panel_tools.gif HTTP/1.1" 200 737
180.152.99.39 - - [30/Jan/2022:11:15:52 +0800] "GET /xingrg/all/function/internal_message.html?_=1643512475487&CODE_STATE=getMsg HTTP/1.1" 200 27
101.83.241.237 - - [30/Jan/2022:11:15:58 +0800] "POST /xingrg/kc/buy/cgsh_order_operate.html HTTP/1.1" 200 2065
222.70.179.207 - - [30/Jan/2022:11:16:00 +0800] "GET /xingrg/all/function/internal_message.html?_=1643512558370&CODE_STATE=getMsg HTTP/1.1" 200 27
222.70.243.96 - - [30/Jan/2022:11:16:00 +0800] "GET /xingrg/kc/buy/cgsh_order_operate.html?command=get_materiel&rest_code=00146&code=00101008251&supplier_code=00100005&order_time=2022-01-30 HTTP/1.1" 200 408
180.157.251.97 - - [30/Jan/2022:11:16:01 +0800] "GET /xingrg/all/function/internal_message.html?_=1643512560547&CODE_STATE=getMsg HTTP/1.1" 200 27
180.162.112.109 - - [30/Jan/2022:11:16:02 +0800] "GET /xingrg/all/function/internal_message.html?_=1643511956157&CODE_STATE=getMsg HTTP/1.1" 200 27
61.170.233.189 - - [30/Jan/2022:11:16:04 +0800] "GET /xingrg/all/function/internal_message.html?_=1643512559572&CODE_STATE=getMsg HTTP/1.1" 200 27
101.85.120.86 - - [30/Jan/2022:11:16:07 +0800] "GET /xingrg/check_reg.html?_=1643512563068 HTTP/1.1" 200 22
101.85.120.86 - - [30/Jan/2022:11:16:07 +0800] "GET /xingrg/all/function/internal_message.html?_=1643512563071&CODE_STATE=getMsg HTTP/1.1" 200 27
120.253.135.82 - - [30/Jan/2022:11:16:08 +0800] "GET /xingrg/all/function/internal_message.html?_=1643512357410&CODE_STATE=getMsg HTTP/1.1" 200 27
222.69.132.164 - - [30/Jan/2022:11:16:09 +0800] "POST /xingrg/dwr/call/plaincall/AjaxCheckService.importOrderItems.dwr HTTP/1.1" 200 78
61.151.178.177 - - [30/Jan/2022:11:16:10 +0800] "GET /xingrg/all/function/internal_message.html?_=1643511566358&CODE_STATE=getMsg HTTP/1.1" 302 -
61.151.178.177 - - [30/Jan/2022:11:16:12 +0800] "GET /xingrg/login.html HTTP/1.1" 200 7641
222.70.243.96 - - [30/Jan/2022:11:16:12 +0800] "GET /xingrg/kc/buy/cgsh_order_operate.html?command=get_materiel&rest_code=00146&code=00101008270&supplier_code=00100005&order_time=2022-01-30 HTTP/1.1" 200 412
222.69.132.164 - - [30/Jan/2022:11:16:13 +0800] "POST /xingrg/dwr/call/plaincall/AjaxCheckService.loadOrderItems.dwr HTTP/1.1" 200 58117
222.69.132.164 - - [30/Jan/2022:11:16:13 +0800] "GET /xingrg/javascript/jquery_easy_ui/themes/icons/no.png HTTP/1.1" 200 922
61.170.233.189 - - [30/Jan/2022:11:16:14 +0800] "GET /xingrg/kc/buy/cgsh_order_operate.html?command=get_materiel&rest_code=00106&code=00101008132&supplier_code=00100007&order_time=2022-01-30 HTTP/1.1" 200 408
180.169.147.146 - - [30/Jan/2022:11:16:15 +0800] "GET /xingrg/all/function/internal_message.html?_=1643512574571&CODE_STATE=getMsg HTTP/1.1" 200 27
222.69.132.164 - - [30/Jan/2022:11:16:16 +0800] "GET /xingrg/all/function/internal_message.html?_=1643512633960&CODE_STATE=getMsg HTTP/1.1" 200 27
180.162.112.109 - - [30/Jan/2022:11:16:16 +0800] "GET /xingrg/kc/base/wldb_order_operate.html?command=get_materiel&rest_code=00143&base_code=0010222&code=00102002362 HTTP/1.1" 200 434
58.40.7.146 - - [30/Jan/2022:11:16:19 +0800] "GET /xingrg/all/function/internal_message.html?_=1643512577021&CODE_STATE=getMsg HTTP/1.1" 200 27
116.228.172.94 - - [30/Jan/2022:11:16:21 +0800] "GET /xingrg/all/function/internal_message.html?_=1643512485256&CODE_STATE=getMsg HTTP/1.1" 200 27
222.70.243.96 - - [30/Jan/2022:11:16:21 +0800] "GET /xingrg/all/function/internal_message.html?_=1643512581403&CODE_STATE=getMsg HTTP/1.1" 302 -
222.69.132.164 - - [30/Jan/2022:11:16:21 +0800] "GET /xingrg/kc/print/load_config.html?_=1643512639356&kc_code=check HTTP/1.1" 200 2411
61.170.233.189 - - [30/Jan/2022:11:16:22 +0800] "GET /xingrg/kc/buy/cgsh_order_operate.html?command=get_materiel&rest_code=00106&code=00101008080&supplier_code=00100007&order_time=2022-01-30 HTTP/1.1" 200 416
222.69.132.164 - - [30/Jan/2022:11:16:22 +0800] "GET /xingrg/kc/print/load_data.html?_=1643512639395&order_code=452022013000070&kc_code=check&condition= HTTP/1.1" 200 15770
222.70.243.96 - - [30/Jan/2022:11:16:22 +0800] "GET /xingrg/kc/buy/cgsh_order_operate.html?command=get_materiel&rest_code=00146&code=00101008005&supplier_code=00100005&order_time=2022-01-30 HTTP/1.1" 200 412
61.170.233.189 - - [30/Jan/2022:11:16:34 +0800] "POST /xingrg/kc/buy/cgsh_order_operate.html HTTP/1.1" 200 37
58.39.168.32 - - [30/Jan/2022:11:16:34 +0800] "GET /xingrg/all/function/internal_message.html?_=1643512592875&CODE_STATE=getMsg HTTP/1.1" 200 27
180.152.99.39 - - [30/Jan/2022:11:16:35 +0800] "GET /xingrg/check_reg.html?_=1643512518268 HTTP/1.1" 200 22
222.70.243.96 - - [30/Jan/2022:11:16:35 +0800] "GET /xingrg/kc/buy/cgsh_order_operate.html?command=get_materiel&rest_code=00146&code=00101008359&supplier_code=00100005&order_time=2022-01-30 HTTP/1.1" 200 408
180.152.99.73 - - [30/Jan/2022:11:16:42 +0800] "GET /xingrg/check_reg.html?_=1643512599839 HTTP/1.1" 200 22
180.152.99.73 - - [30/Jan/2022:11:16:42 +0800] "GET /xingrg/all/function/internal_message.html?_=1643512599841&CODE_STATE=getMsg HTTP/1.1" 200 27
222.70.243.96 - - [30/Jan/2022:11:16:42 +0800] "GET /xingrg/all/function/internal_message.html?_=1643512602703&CODE_STATE=getMsg HTTP/1.1" 200 27
101.83.241.237 - - [30/Jan/2022:11:16:51 +0800] "GET /xingrg/all/function/internal_message.html?_=1643512607506&CODE_STATE=getMsg HTTP/1.1" 200 27
222.70.223.103 - - [30/Jan/2022:11:16:51 +0800] "GET /xingrg/all/function/internal_message.html?_=1643512605084&CODE_STATE=getMsg HTTP/1.1" 200 27
222.70.243.96 - - [30/Jan/2022:11:16:51 +0800] "GET /xingrg/kc/buy/cgsh_order_operate.html?command=get_materiel&rest_code=00146&code=00101008213&supplier_code=00100005&order_time=2022-01-30 HTTP/1.1" 200 412
180.152.99.39 - - [30/Jan/2022:11:16:52 +0800] "GET /xingrg/all/function/internal_message.html?_=1643512535490&CODE_STATE=getMsg HTTP/1.1" 200 27
222.70.179.207 - - [30/Jan/2022:11:17:00 +0800] "GET /xingrg/all/function/internal_message.html?_=1643512618379&CODE_STATE=getMsg HTTP/1.1" 200 27
222.70.179.207 - - [30/Jan/2022:11:17:00 +0800] "GET /xingrg/check_reg.html?_=1643512618382 HTTP/1.1" 200 22
222.70.182.51 - - [30/Jan/2022:11:17:00 +0800] "POST /xingrg/services/DataTransmitService HTTP/1.1" 200 524
180.157.251.97 - - [30/Jan/2022:11:17:01 +0800] "GET /xingrg/all/function/internal_message.html?_=1643512620575&CODE_STATE=getMsg HTTP/1.1" 200 27
180.157.251.97 - - [30/Jan/2022:11:17:01 +0800] "GET /xingrg/check_reg.html?_=1643512620580 HTTP/1.1" 200 22
222.70.182.51 - - [30/Jan/2022:11:17:01 +0800] "POST /xingrg/services/DataTransmitService HTTP/1.1" 200 501
180.162.112.109 - - [30/Jan/2022:11:17:02 +0800] "GET /xingrg/all/function/internal_message.html?_=1643512016162&CODE_STATE=getMsg HTTP/1.1" 200 27
222.69.132.164 - - [30/Jan/2022:11:17:04 +0800] "GET /xingrg/kc/base/wldb_order_list.html HTTP/1.1" 200 19104
222.69.132.164 - - [30/Jan/2022:11:17:04 +0800] "POST /xingrg/kc/base/wldb_list_operate.html HTTP/1.1" 200 928
222.69.132.164 - - [30/Jan/2022:11:17:06 +0800] "GET /xingrg/kc/base/wldb_order_add.html HTTP/1.1" 200 30318
222.69.132.164 - - [30/Jan/2022:11:17:07 +0800] "POST /xingrg/kc/base/wldb_order_operate.html HTTP/1.1" 200 6806
222.69.132.164 - - [30/Jan/2022:11:17:07 +0800] "GET /xingrg/all/common/auto_word.html?type=base&rest_code=00154 HTTP/1.1" 200 781
222.69.132.164 - - [30/Jan/2022:11:17:07 +0800] "GET /xingrg/all/common/auto_word.html?type=base&rest_code=00154 HTTP/1.1" 200 781
101.85.120.86 - - [30/Jan/2022:11:17:07 +0800] "GET /xingrg/all/function/internal_message.html?_=1643512623070&CODE_STATE=getMsg HTTP/1.1" 200 27
222.69.132.164 - - [30/Jan/2022:11:17:07 +0800] "GET /xingrg/javascript/easyui/themes/default/validatebox.css HTTP/1.1" 404 1104
120.253.135.82 - - [30/Jan/2022:11:17:08 +0800] "GET /xingrg/all/function/internal_message.html?_=1643512417431&CODE_STATE=getMsg HTTP/1.1" 200 27
222.69.132.164 - - [30/Jan/2022:11:17:08 +0800] "POST /xingrg/all/common/load_combo.html?type=base HTTP/1.1" 200 1403
222.70.243.96 - - [30/Jan/2022:11:17:12 +0800] "GET /xingrg/kc/buy/cgsh_order_operate.html?command=get_materiel&rest_code=00146&code=00101008239&supplier_code=00100005&order_time=2022-01-30 HTTP/1.1" 200 416
101.83.241.237 - - [30/Jan/2022:11:17:14 +0800] "GET /xingrg/kc/buy/cgsh_order_operate.html?command=get_materiel&rest_code=00149&code=00101008095&supplier_code=00100005&order_time=2022-01-30 HTTP/1.1" 200 412
180.169.147.146 - - [30/Jan/2022:11:17:15 +0800] "GET /xingrg/all/function/internal_message.html?_=1643512634554&CODE_STATE=getMsg HTTP/1.1" 200 27
222.69.132.164 - - [30/Jan/2022:11:17:16 +0800] "GET /xingrg/all/function/internal_message.html?_=1643512693946&CODE_STATE=getMsg HTTP/1.1" 200 27
222.69.132.164 - - [30/Jan/2022:11:17:17 +0800] "GET /xingrg/javascript/auto/indicator.gif HTTP/1.1" 404 1066
58.40.7.146 - - [30/Jan/2022:11:17:19 +0800] "GET /xingrg/all/function/internal_message.html?_=1643512637008&CODE_STATE=getMsg HTTP/1.1" 200 27
61.151.178.165 - - [30/Jan/2022:11:17:19 +0800] "GET /xingrg/kc/buy/cgsh_order_operate.html?command=get_materiel&rest_code=00106&code=00101008080&supplier_code=00100007&order_time=2022-01-30 HTTP/1.1" 302 -
222.70.179.207 - - [30/Jan/2022:11:17:20 +0800] "GET /xingrg/kc/buy/cgsh_order_operate.html?command=get_materiel&rest_code=00111&code=00101008024&supplier_code=00100005&order_time=2022-01-30 HTTP/1.1" 200 408
116.228.172.94 - - [30/Jan/2022:11:17:21 +0800] "GET /xingrg/check_reg.html?_=1643512545248 HTTP/1.1" 200 22
116.228.172.94 - - [30/Jan/2022:11:17:21 +0800] "GET /xingrg/all/function/internal_message.html?_=1643512545251&CODE_STATE=getMsg HTTP/1.1" 200 27
222.70.243.96 - - [30/Jan/2022:11:17:21 +0800] "GET /xingrg/all/function/internal_message.html?_=1643512641408&CODE_STATE=getMsg HTTP/1.1" 302 -
61.151.178.165 - - [30/Jan/2022:11:17:22 +0800] "GET /xingrg/login.html HTTP/1.1" 200 7641
101.83.241.237 - - [30/Jan/2022:11:17:24 +0800] "POST /xingrg/kc/buy/cgsh_order_operate.html HTTP/1.1" 200 2065
222.70.243.96 - - [30/Jan/2022:11:17:24 +0800] "GET /xingrg/kc/buy/cgsh_order_operate.html?command=get_materiel&rest_code=00146&code=00101008243&supplier_code=00100005&order_time=2022-01-30 HTTP/1.1" 200 408
222.69.132.164 - - [30/Jan/2022:11:17:26 +0800] "GET /xingrg/kc/base/wldb_order_operate.html?command=get_materiel&rest_code=00154&base_code=0010724&code=00101008022 HTTP/1.1" 200 453
222.70.179.207 - - [30/Jan/2022:11:17:27 +0800] "POST /xingrg/kc/buy/cgsh_order_operate.html HTTP/1.1" 200 2065
222.69.132.164 - - [30/Jan/2022:11:17:28 +0800] "POST /xingrg/all/common/load_select.html HTTP/1.1" 200 25
222.69.132.164 - - [30/Jan/2022:11:17:31 +0800] "GET /xingrg/kc/base/wldb_order_operate.html?command=get_materiel_price&rest_code=00154&base_code=0010724&code=00101008022&unit_code=00100032 HTTP/1.1" 200 34
222.70.179.207 - - [30/Jan/2022:11:17:33 +0800] "GET /xingrg/kc/buy/cgsh_order_operate.html?command=get_materiel&rest_code=00111&code=00101008149&supplier_code=00100005&order_time=2022-01-30 HTTP/1.1" 200 408
58.39.168.32 - - [30/Jan/2022:11:17:34 +0800] "GET /xingrg/check_reg.html?_=1643512652874 HTTP/1.1" 200 22
58.39.168.32 - - [30/Jan/2022:11:17:34 +0800] "GET /xingrg/all/function/internal_message.html?_=1643512652877&CODE_STATE=getMsg HTTP/1.1" 200 27
222.70.243.96 - - [30/Jan/2022:11:17:35 +0800] "GET /xingrg/kc/buy/cgsh_order_operate.html?command=get_materiel&rest_code=00146&code=00101008502&supplier_code=00100005&order_time=2022-01-30 HTTP/1.1" 200 398
222.70.243.96 - - [30/Jan/2022:11:17:38 +0800] "POST /xingrg/kc/buy/cgsh_order_operate.html HTTP/1.1" 200 2065
180.152.99.73 - - [30/Jan/2022:11:17:42 +0800] "GET /xingrg/all/function/internal_message.html?_=1643512659841&CODE_STATE=getMsg HTTP/1.1" 200 27
222.70.243.96 - - [30/Jan/2022:11:17:42 +0800] "GET /xingrg/check_reg.html?_=1643512662404 HTTP/1.1" 200 22
222.70.243.96 - - [30/Jan/2022:11:17:42 +0800] "GET /xingrg/all/function/internal_message.html?_=1643512662716&CODE_STATE=getMsg HTTP/1.1" 200 27
180.162.112.109 - - [30/Jan/2022:11:17:47 +0800] "GET /xingrg/kc/base/wldb_order_operate.html?command=get_materiel&rest_code=00143&base_code=0010222&code=00102002511 HTTP/1.1" 200 434
222.70.243.96 - - [30/Jan/2022:11:17:50 +0800] "GET /xingrg/kc/buy/cgsh_order_operate.html?command=get_materiel&rest_code=00146&code=00101008354&supplier_code=00100005&order_time=2022-01-30 HTTP/1.1" 200 431
101.83.241.237 - - [30/Jan/2022:11:17:50 +0800] "GET /xingrg/all/function/internal_message.html?_=1643512667480&CODE_STATE=getMsg HTTP/1.1" 200 27
222.70.223.103 - - [30/Jan/2022:11:17:51 +0800] "GET /xingrg/all/function/internal_message.html?_=1643512665095&CODE_STATE=getMsg HTTP/1.1" 200 27
180.152.99.39 - - [30/Jan/2022:11:17:52 +0800] "GET /xingrg/all/function/internal_message.html?_=1643512595503&CODE_STATE=getMsg HTTP/1.1" 200 27
222.70.179.207 - - [30/Jan/2022:11:18:00 +0800] "GET /xingrg/all/function/internal_message.html?_=1643512678421&CODE_STATE=getMsg HTTP/1.1" 200 27
180.157.251.97 - - [30/Jan/2022:11:18:01 +0800] "GET /xingrg/all/function/internal_message.html?_=1643512680581&CODE_STATE=getMsg HTTP/1.1" 200 27
180.162.112.109 - - [30/Jan/2022:11:18:02 +0800] "GET /xingrg/check_reg.html?_=1643512076159 HTTP/1.1" 200 22
180.162.112.109 - - [30/Jan/2022:11:18:02 +0800] "GET /xingrg/all/function/internal_message.html?_=1643512076162&CODE_STATE=getMsg HTTP/1.1" 200 27
222.70.243.96 - - [30/Jan/2022:11:18:04 +0800] "GET /xingrg/kc/buy/cgsh_order_operate.html?command=get_materiel&rest_code=00146&code=00101008246&supplier_code=00100005&order_time=2022-01-30 HTTP/1.1" 200 427
101.85.120.86 - - [30/Jan/2022:11:18:07 +0800] "GET /xingrg/all/function/internal_message.html?_=1643512683070&CODE_STATE=getMsg HTTP/1.1" 200 27
120.253.135.82 - - [30/Jan/2022:11:18:08 +0800] "GET /xingrg/all/function/internal_message.html?_=1643512477436&CODE_STATE=getMsg HTTP/1.1" 200 27
101.83.241.237 - - [30/Jan/2022:11:18:13 +0800] "POST /xingrg/kc/buy/cgsh_order_operate.html HTTP/1.1" 200 37
180.169.147.146 - - [30/Jan/2022:11:18:15 +0800] "GET /xingrg/all/function/internal_message.html?_=1643512694539&CODE_STATE=getMsg HTTP/1.1" 200 27
222.69.132.164 - - [30/Jan/2022:11:18:16 +0800] "GET /xingrg/all/function/internal_message.html?_=1643512753953&CODE_STATE=getMsg HTTP/1.1" 200 27
222.70.243.96 - - [30/Jan/2022:11:18:16 +0800] "GET /xingrg/kc/buy/cgsh_order_operate.html?command=get_materiel&rest_code=00146&code=00101008027&supplier_code=00100005&order_time=2022-01-30 HTTP/1.1" 200 408
58.40.7.146 - - [30/Jan/2022:11:18:19 +0800] "GET /xingrg/all/function/internal_message.html?_=1643512696993&CODE_STATE=getMsg HTTP/1.1" 200 27
101.83.241.237 - - [30/Jan/2022:11:18:20 +0800] "POST /xingrg/kc/buy/cgsh_order_operate.html HTTP/1.1" 200 54775
116.228.172.94 - - [30/Jan/2022:11:18:21 +0800] "GET /xingrg/all/function/internal_message.html?_=1643512605258&CODE_STATE=getMsg HTTP/1.1" 200 27
222.70.243.96 - - [30/Jan/2022:11:18:21 +0800] "GET /xingrg/all/function/internal_message.html?_=1643512701431&CODE_STATE=getMsg HTTP/1.1" 302 -
116.235.92.83 - - [30/Jan/2022:11:18:25 +0800] "POST /xingrg/services/DataTransmitService HTTP/1.1" 200 524
116.235.92.83 - - [30/Jan/2022:11:18:25 +0800] "POST /xingrg/services/DataTransmitService HTTP/1.1" 200 501
58.39.168.32 - - [30/Jan/2022:11:18:34 +0800] "GET /xingrg/all/function/internal_message.html?_=1643512712878&CODE_STATE=getMsg HTTP/1.1" 200 27
114.95.98.1 - - [30/Jan/2022:11:18:39 +0800] "POST /xingrg/kc/buy/cgsh_order_operate.html HTTP/1.1" 200 37
222.70.243.96 - - [30/Jan/2022:11:18:39 +0800] "GET /xingrg/kc/buy/cgsh_order_operate.html?command=get_materiel&rest_code=00146&code=00101008088&supplier_code=00100005&order_time=2022-01-30 HTTP/1.1" 200 408
101.89.239.120 - - [30/Jan/2022:11:18:41 +0800] "GET /xingrg/kc/buy/cgsh_order_operate.html?command=get_materiel&rest_code=00106&code=00101008132&supplier_code=00100007&order_time=2022-01-30 HTTP/1.1" 302 -
180.152.99.73 - - [30/Jan/2022:11:18:42 +0800] "GET /xingrg/all/function/internal_message.html?_=1643512719841&CODE_STATE=getMsg HTTP/1.1" 200 27
222.70.243.96 - - [30/Jan/2022:11:18:42 +0800] "GET /xingrg/all/function/internal_message.html?_=1643512722731&CODE_STATE=getMsg HTTP/1.1" 200 27
180.162.112.109 - - [30/Jan/2022:11:18:43 +0800] "GET /xingrg/kc/base/wldb_order_operate.html?command=get_materiel&rest_code=00143&base_code=0010222&code=00102002150 HTTP/1.1" 200 433
101.89.239.120 - - [30/Jan/2022:11:18:43 +0800] "GET /xingrg/login.html HTTP/1.1" 200 7641
222.70.179.207 - - [30/Jan/2022:11:18:48 +0800] "POST /xingrg/kc/buy/cgsh_order_operate.html HTTP/1.1" 200 2065
114.95.98.1 - - [30/Jan/2022:11:18:50 +0800] "POST /xingrg/kc/buy/cgsh_order_operate.html HTTP/1.1" 200 12
222.70.243.96 - - [30/Jan/2022:11:18:50 +0800] "GET /xingrg/kc/buy/cgsh_order_operate.html?command=get_materiel&rest_code=00146&code=00101008361&supplier_code=00100005&order_time=2022-01-30 HTTP/1.1" 200 410
101.83.241.237 - - [30/Jan/2022:11:18:50 +0800] "GET /xingrg/all/function/internal_message.html?_=1643512727454&CODE_STATE=getMsg HTTP/1.1" 200 27
222.70.223.103 - - [30/Jan/2022:11:18:51 +0800] "GET /xingrg/check_reg.html?_=1643512725093 HTTP/1.1" 200 22
222.70.223.103 - - [30/Jan/2022:11:18:51 +0800] "GET /xingrg/all/function/internal_message.html?_=1643512725095&CODE_STATE=getMsg HTTP/1.1" 200 27
114.95.98.1 - - [30/Jan/2022:11:18:51 +0800] "GET /xingrg/kc/buy/cgsh_order_info.html?code=212022013015267 HTTP/1.1" 200 60496
180.152.99.39 - - [30/Jan/2022:11:18:52 +0800] "GET /xingrg/all/function/internal_message.html?_=1643512655528&CODE_STATE=getMsg HTTP/1.1" 200 27
114.95.98.1 - - [30/Jan/2022:11:18:53 +0800] "GET /xingrg/javascript/easyui/themes/default/validatebox.css HTTP/1.1" 404 1104
114.95.98.1 - - [30/Jan/2022:11:18:54 +0800] "POST /xingrg/kc/buy/cgsh_order_operate.html HTTP/1.1" 200 9536
222.70.243.96 - - [30/Jan/2022:11:18:57 +0800] "POST /xingrg/kc/buy/cgsh_order_operate.html HTTP/1.1" 200 2065
114.95.98.1 - - [30/Jan/2022:11:18:59 +0800] "GET /xingrg/kc/print/load_data.html?order_code=212022013015267&kc_code=cgsh&condition= HTTP/1.1" 200 4092
222.70.179.207 - - [30/Jan/2022:11:19:00 +0800] "GET /xingrg/all/function/internal_message.html?_=1643512738400&CODE_STATE=getMsg HTTP/1.1" 200 27
180.157.251.97 - - [30/Jan/2022:11:19:01 +0800] "GET /xingrg/all/function/internal_message.html?_=1643512740583&CODE_STATE=getMsg HTTP/1.1" 200 27
180.162.112.109 - - [30/Jan/2022:11:19:02 +0800] "GET /xingrg/all/function/internal_message.html?_=1643512136150&CODE_STATE=getMsg HTTP/1.1" 200 27
222.70.243.96 - - [30/Jan/2022:11:19:05 +0800] "GET /xingrg/kc/buy/cgsh_order_operate.html?command=get_materiel&rest_code=00146&code=00101008356&supplier_code=00100005&order_time=2022-01-30 HTTP/1.1" 200 408
114.95.98.1 - - [30/Jan/2022:11:19:05 +0800] "GET /xingrg/check_reg.html?_=1643512763548 HTTP/1.1" 200 22
222.70.179.207 - - [30/Jan/2022:11:19:05 +0800] "GET /xingrg/kc/buy/cgsh_order_operate.html?command=get_materiel&rest_code=00111&code=00101008291&supplier_code=00100005&order_time=2022-01-30 HTTP/1.1" 200 408
101.85.120.86 - - [30/Jan/2022:11:19:07 +0800] "GET /xingrg/all/function/internal_message.html?_=1643512743070&CODE_STATE=getMsg HTTP/1.1" 200 27
120.253.135.82 - - [30/Jan/2022:11:19:08 +0800] "GET /xingrg/all/function/internal_message.html?_=1643512537459&CODE_STATE=getMsg HTTP/1.1" 200 27
180.162.112.109 - - [30/Jan/2022:11:19:08 +0800] "GET /xingrg/kc/base/wldb_order_operate.html?command=get_materiel&rest_code=00143&base_code=0010222&code=00102002204 HTTP/1.1" 200 433
114.95.98.1 - - [30/Jan/2022:11:19:09 +0800] "GET /xingrg/javascript/jquery_easy_ui/themes/default/images/tabs_active.png HTTP/1.1" 200 2894
222.70.243.96 - - [30/Jan/2022:11:19:09 +0800] "GET /xingrg/check_reg.html?_=1643512748976 HTTP/1.1" 302 -
58.40.7.146 - - [30/Jan/2022:11:19:12 +0800] "GET /xingrg/check_reg.html?_=1643512750183 HTTP/1.1" 200 22
114.95.98.1 - - [30/Jan/2022:11:19:14 +0800] "GET /xingrg/kc/base/wldb_order_list.html HTTP/1.1" 200 19098
114.95.98.1 - - [30/Jan/2022:11:19:14 +0800] "GET /xingrg/javascript/jquery_tools/list_manager.js HTTP/1.1" 200 3652
114.95.98.1 - - [30/Jan/2022:11:19:14 +0800] "GET /xingrg/javascript/easyui/themes/icons/cance_new.png HTTP/1.1" 200 3986
114.95.98.1 - - [30/Jan/2022:11:19:14 +0800] "GET /xingrg/javascript/easyui/themes/icons/field_new.png HTTP/1.1" 200 1097
114.95.98.1 - - [30/Jan/2022:11:19:14 +0800] "GET /xingrg/javascript/easyui/themes/icons/check_new.png HTTP/1.1" 200 3224
114.95.98.1 - - [30/Jan/2022:11:19:14 +0800] "GET /xingrg/javascript/easyui/themes/icons/import_new.png HTTP/1.1" 200 1247
114.95.98.1 - - [30/Jan/2022:11:19:14 +0800] "POST /xingrg/kc/base/wldb_list_operate.html HTTP/1.1" 200 928
180.169.147.146 - - [30/Jan/2022:11:19:15 +0800] "GET /xingrg/all/function/internal_message.html?_=1643512754532&CODE_STATE=getMsg HTTP/1.1" 200 27
114.95.98.1 - - [30/Jan/2022:11:19:16 +0800] "GET /xingrg/kc/base/wldb_order_add.html HTTP/1.1" 200 30308
101.83.241.237 - - [30/Jan/2022:11:19:16 +0800] "GET /xingrg/kc/buy/cgsh_order_operate.html?command=get_materiel&rest_code=00149&code=00101008275&supplier_code=00100005&order_time=2022-01-30 HTTP/1.1" 200 417
222.69.132.164 - - [30/Jan/2022:11:19:16 +0800] "GET /xingrg/all/function/internal_message.html?_=1643512813958&CODE_STATE=getMsg HTTP/1.1" 200 27
114.95.98.1 - - [30/Jan/2022:11:19:16 +0800] "POST /xingrg/kc/base/wldb_order_operate.html HTTP/1.1" 200 6806
114.95.98.1 - - [30/Jan/2022:11:19:17 +0800] "GET /xingrg/all/common/auto_word.html?type=base&rest_code=00102 HTTP/1.1" 200 1807
114.95.98.1 - - [30/Jan/2022:11:19:17 +0800] "GET /xingrg/all/common/auto_word.html?type=base&rest_code=00102 HTTP/1.1" 200 1807
114.95.98.1 - - [30/Jan/2022:11:19:17 +0800] "GET /xingrg/javascript/easyui/themes/default/validatebox.css HTTP/1.1" 404 1104
180.157.251.97 - - [30/Jan/2022:11:19:18 +0800] "GET /xingrg/check_reg.html?_=1643512757010 HTTP/1.1" 200 22
58.40.7.146 - - [30/Jan/2022:11:19:18 +0800] "GET /xingrg/all/function/internal_message.html?_=1643512756965&CODE_STATE=getMsg HTTP/1.1" 200 27
114.95.98.1 - - [30/Jan/2022:11:19:19 +0800] "POST /xingrg/all/common/load_combo.html?type=base HTTP/1.1" 200 3233
116.228.172.94 - - [30/Jan/2022:11:19:21 +0800] "GET /xingrg/all/function/internal_message.html?_=1643512665247&CODE_STATE=getMsg HTTP/1.1" 200 27
222.70.243.96 - - [30/Jan/2022:11:19:21 +0800] "GET /xingrg/all/function/internal_message.html?_=1643512761435&CODE_STATE=getMsg HTTP/1.1" 302 -
101.83.241.237 - - [30/Jan/2022:11:19:26 +0800] "GET /xingrg/kc/buy/cgsh_order_operate.html?command=get_materiel&rest_code=00149&code=00101008305&supplier_code=00100005&order_time=2022-01-30 HTTP/1.1" 200 412
222.70.179.207 - - [30/Jan/2022:11:19:27 +0800] "GET /xingrg/kc/buy/cgsh_order_operate.html?command=get_materiel&rest_code=00111&code=00101008362&supplier_code=00100005&order_time=2022-01-30 HTTP/1.1" 200 408
58.39.168.32 - - [30/Jan/2022:11:19:34 +0800] "GET /xingrg/all/function/internal_message.html?_=1643512772867&CODE_STATE=getMsg HTTP/1.1" 200 27
114.95.98.1 - - [30/Jan/2022:11:19:36 +0800] "POST /xingrg/all/common/load_combo.html?type=base HTTP/1.1" 200 3233
