180.152.99.73 - - [30/Jan/2022:11:45:20 +0800] "GET /xingrg/all/common/auto_word.html?type=employee&rest_code=00151 HTTP/1.1" 200 293
116.228.172.94 - - [30/Jan/2022:11:45:21 +0800] "GET /xingrg/all/function/internal_message.html?_=1643514225255&CODE_STATE=getMsg HTTP/1.1" 200 27
222.70.243.96 - - [30/Jan/2022:11:45:22 +0800] "GET /xingrg/all/function/internal_message.html?_=1643514321788&CODE_STATE=getMsg HTTP/1.1" 302 -
114.88.155.114 - - [30/Jan/2022:11:45:24 +0800] "GET /xingrg/kc/buy/cgsh_order_operate.html?command=get_materiel&rest_code=00141&code=00101020154&supplier_code=00100036&order_time=2022-01-30 HTTP/1.1" 200 412
222.70.243.96 - - [30/Jan/2022:11:45:27 +0800] "GET /xingrg/check_reg.html?_=1643514326988 HTTP/1.1" 200 22
222.70.243.96 - - [30/Jan/2022:11:45:27 +0800] "GET /xingrg/all/function/internal_message.html?_=1643514327216&CODE_STATE=getMsg HTTP/1.1" 200 27
58.39.168.32 - - [30/Jan/2022:11:45:28 +0800] "GET /xingrg/kc/buy/cgsh_order_operate.html?command=get_materiel&rest_code=00105&code=00101006122&supplier_code=00100012&order_time=2022-01-30 HTTP/1.1" 200 408
114.88.155.114 - - [30/Jan/2022:11:45:30 +0800] "GET /xingrg/kc/buy/cgsh_order_operate.html?command=get_materiel&rest_code=00141&code=00101012059&supplier_code=00100036&order_time=2022-01-30 HTTP/1.1" 200 413
101.83.241.237 - - [30/Jan/2022:11:45:31 +0800] "GET /xingrg/kc/print/load_data.html?order_code=212022013015280&kc_code=cgsh&condition= HTTP/1.1" 200 929
180.169.147.146 - - [30/Jan/2022:11:45:32 +0800] "GET /xingrg/check_reg.html?_=1643514330835 HTTP/1.1" 200 22
180.152.99.73 - - [30/Jan/2022:11:45:32 +0800] "GET /xingrg/javascript/auto/indicator.gif HTTP/1.1" 404 1066
58.39.168.32 - - [30/Jan/2022:11:45:34 +0800] "POST /xingrg/all/common/load_select.html HTTP/1.1" 200 25
58.39.168.32 - - [30/Jan/2022:11:45:34 +0800] "GET /xingrg/all/function/internal_message.html?_=1643514332997&CODE_STATE=getMsg HTTP/1.1" 200 27
101.83.241.237 - - [30/Jan/2022:11:45:35 +0800] "GET /xingrg/kc/buy/cgsh_order_add.html HTTP/1.1" 200 65689
120.253.135.82 - - [30/Jan/2022:11:45:35 +0800] "GET /xingrg/all/function/internal_message.html?_=1643514465482&CODE_STATE=getMsg HTTP/1.1" 200 27
101.83.241.237 - - [30/Jan/2022:11:45:36 +0800] "POST /xingrg/kc/buy/cgsh_order_operate.html HTTP/1.1" 200 8245
61.170.233.189 - - [30/Jan/2022:11:45:38 +0800] "POST /xingrg/kc/buy/cgsh_order_operate.html HTTP/1.1" 200 37
61.170.233.189 - - [30/Jan/2022:11:45:38 +0800] "GET /xingrg/all/function/internal_message.html?_=1643514334097&CODE_STATE=getMsg HTTP/1.1" 200 27
101.83.241.237 - - [30/Jan/2022:11:45:39 +0800] "GET /xingrg/javascript/easyui/themes/default/validatebox.css HTTP/1.1" 404 1104
114.88.155.114 - - [30/Jan/2022:11:45:39 +0800] "GET /xingrg/kc/buy/cgsh_order_operate.html?command=get_materiel&rest_code=00141&code=00101012051&supplier_code=00100036&order_time=2022-01-30 HTTP/1.1" 200 408
180.152.99.73 - - [30/Jan/2022:11:45:40 +0800] "GET /xingrg/kc/buy/cgsh_order_operate.html?command=get_materiel&rest_code=00151&code=00101009031&supplier_code=00100424&order_time=2022-01-30 HTTP/1.1" 200 428
61.170.233.189 - - [30/Jan/2022:11:45:43 +0800] "POST /xingrg/kc/buy/cgsh_order_operate.html HTTP/1.1" 200 23954
114.88.155.114 - - [30/Jan/2022:11:45:44 +0800] "GET /xingrg/all/function/internal_message.html?_=1643514134656&CODE_STATE=getMsg HTTP/1.1" 200 27
114.88.155.114 - - [30/Jan/2022:11:45:47 +0800] "GET /xingrg/kc/buy/cgsh_order_operate.html?command=get_materiel&rest_code=00141&code=00101012025&supplier_code=00100036&order_time=2022-01-30 HTTP/1.1" 200 412
101.83.241.237 - - [30/Jan/2022:11:45:50 +0800] "GET /xingrg/all/function/internal_message.html?_=1643514346993&CODE_STATE=getMsg HTTP/1.1" 200 27
61.170.233.189 - - [30/Jan/2022:11:45:50 +0800] "GET /xingrg/kc/base/wldb_order_add.html HTTP/1.1" 200 30316
222.70.223.103 - - [30/Jan/2022:11:45:51 +0800] "GET /xingrg/all/function/internal_message.html?_=1643514345079&CODE_STATE=getMsg HTTP/1.1" 200 27
61.170.233.189 - - [30/Jan/2022:11:45:51 +0800] "GET /xingrg/javascript/easyui/themes/default/validatebox.css HTTP/1.1" 404 1104
61.170.233.189 - - [30/Jan/2022:11:45:51 +0800] "POST /xingrg/kc/base/wldb_order_operate.html HTTP/1.1" 200 6806
61.170.233.189 - - [30/Jan/2022:11:45:52 +0800] "POST /xingrg/all/common/load_combo.html?type=base HTTP/1.1" 200 3315
180.152.99.39 - - [30/Jan/2022:11:45:52 +0800] "GET /xingrg/all/function/internal_message.html?_=1643514275924&CODE_STATE=getMsg HTTP/1.1" 200 27
180.152.99.73 - - [30/Jan/2022:11:45:53 +0800] "GET /xingrg/kc/buy/cgsh_order_operate.html?command=get_materiel&rest_code=00151&code=00101009112&supplier_code=00100424&order_time=2022-01-30 HTTP/1.1" 200 411
61.170.233.189 - - [30/Jan/2022:11:45:54 +0800] "POST /xingrg/all/common/load_combo.html?type=base HTTP/1.1" 200 3315
114.88.155.114 - - [30/Jan/2022:11:45:54 +0800] "GET /xingrg/kc/buy/cgsh_order_operate.html?command=get_materiel&rest_code=00141&code=00101016038&supplier_code=00100036&order_time=2022-01-30 HTTP/1.1" 200 408
58.39.168.32 - - [30/Jan/2022:11:45:56 +0800] "GET /xingrg/kc/buy/cgsh_order_operate.html?command=get_materiel&rest_code=00105&code=00101010247&supplier_code=00100012&order_time=2022-01-30 HTTP/1.1" 200 410
180.152.99.73 - - [30/Jan/2022:11:46:00 +0800] "GET /xingrg/kc/buy/cgsh_order_operate.html?command=get_materiel&rest_code=00151&code=00101009051&supplier_code=00100424&order_time=2022-01-30 HTTP/1.1" 200 409
222.70.179.207 - - [30/Jan/2022:11:46:00 +0800] "GET /xingrg/all/function/internal_message.html?_=1643514358580&CODE_STATE=getMsg HTTP/1.1" 200 27
222.70.179.207 - - [30/Jan/2022:11:46:00 +0800] "GET /xingrg/check_reg.html?_=1643514358659 HTTP/1.1" 200 22
61.170.233.189 - - [30/Jan/2022:11:46:01 +0800] "GET /xingrg/kc/base/wldb_order_operate.html?command=get_materiel&rest_code=00106&base_code=0010397&code=00102002379 HTTP/1.1" 200 434
180.157.251.97 - - [30/Jan/2022:11:46:01 +0800] "GET /xingrg/all/function/internal_message.html?_=1643514360625&CODE_STATE=getMsg HTTP/1.1" 200 27
180.162.112.109 - - [30/Jan/2022:11:46:03 +0800] "GET /xingrg/all/function/internal_message.html?_=1643513756181&CODE_STATE=getMsg HTTP/1.1" 200 27
114.88.155.114 - - [30/Jan/2022:11:46:05 +0800] "GET /xingrg/kc/buy/cgsh_order_operate.html?command=get_materiel&rest_code=00141&code=00101012026&supplier_code=00100036&order_time=2022-01-30 HTTP/1.1" 200 408
61.170.233.189 - - [30/Jan/2022:11:46:06 +0800] "POST /xingrg/kc/base/wldb_order_operate.html HTTP/1.1" 200 37
61.170.233.189 - - [30/Jan/2022:11:46:07 +0800] "POST /xingrg/kc/base/wldb_order_operate.html HTTP/1.1" 200 2181
61.170.233.189 - - [30/Jan/2022:11:46:07 +0800] "GET /xingrg/kc/base/wldb_order_info.html?code=422022013003996 HTTP/1.1" 200 30331
101.85.120.86 - - [30/Jan/2022:11:46:07 +0800] "GET /xingrg/check_reg.html?_=1643514363130 HTTP/1.1" 200 22
101.85.120.86 - - [30/Jan/2022:11:46:07 +0800] "GET /xingrg/all/function/internal_message.html?_=1643514363133&CODE_STATE=getMsg HTTP/1.1" 200 27
61.170.233.189 - - [30/Jan/2022:11:46:08 +0800] "GET /xingrg/javascript/easyui/themes/default/validatebox.css HTTP/1.1" 404 1104
180.152.99.73 - - [30/Jan/2022:11:46:08 +0800] "GET /xingrg/kc/buy/cgsh_order_operate.html?command=get_materiel&rest_code=00151&code=00101009078&supplier_code=00100424&order_time=2022-01-30 HTTP/1.1" 200 394
61.170.233.189 - - [30/Jan/2022:11:46:08 +0800] "POST /xingrg/kc/base/wldb_order_operate.html HTTP/1.1" 200 2181
58.39.168.32 - - [30/Jan/2022:11:46:11 +0800] "POST /xingrg/kc/buy/cgsh_order_operate.html HTTP/1.1" 200 37
114.95.98.1 - - [30/Jan/2022:11:46:11 +0800] "POST /xingrg/kc/buy/cgsh_order_operate.html HTTP/1.1" 200 88
61.170.233.189 - - [30/Jan/2022:11:46:11 +0800] "GET /xingrg/kc/base/wldb_order_add.html HTTP/1.1" 200 30316
61.170.233.189 - - [30/Jan/2022:11:46:12 +0800] "GET /xingrg/javascript/easyui/themes/default/validatebox.css HTTP/1.1" 404 1104
61.170.233.189 - - [30/Jan/2022:11:46:13 +0800] "POST /xingrg/kc/base/wldb_order_operate.html HTTP/1.1" 200 6806
58.39.168.32 - - [30/Jan/2022:11:46:14 +0800] "POST /xingrg/kc/buy/cgsh_order_operate.html HTTP/1.1" 200 21126
180.169.147.146 - - [30/Jan/2022:11:46:15 +0800] "GET /xingrg/all/function/internal_message.html?_=1643514374051&CODE_STATE=getMsg HTTP/1.1" 200 27
180.152.99.73 - - [30/Jan/2022:11:46:15 +0800] "GET /xingrg/all/function/internal_message.html?_=1643514373351&CODE_STATE=getMsg HTTP/1.1" 200 27
61.170.233.189 - - [30/Jan/2022:11:46:16 +0800] "GET /xingrg/kc/buy/buy_main.html HTTP/1.1" 200 12412
61.170.233.189 - - [30/Jan/2022:11:46:16 +0800] "GET /xingrg/css/new_ie.css HTTP/1.1" 404 1036
222.69.132.164 - - [30/Jan/2022:11:46:16 +0800] "GET /xingrg/all/function/internal_message.html?_=1643514433962&CODE_STATE=getMsg HTTP/1.1" 200 27
61.170.233.189 - - [30/Jan/2022:11:46:16 +0800] "GET /xingrg/images/yd/bt.gif HTTP/1.1" 404 1040
114.95.98.1 - - [30/Jan/2022:11:46:16 +0800] "POST /xingrg/kc/buy/cgsh_order_operate.html HTTP/1.1" 200 37
61.170.233.189 - - [30/Jan/2022:11:46:16 +0800] "GET /xingrg/kc/buy/cgsh_order_list.html HTTP/1.1" 200 49820
58.39.168.32 - - [30/Jan/2022:11:46:17 +0800] "GET /xingrg/all/function/internal_message.html?_=1643514313573&CODE_STATE=getMsg HTTP/1.1" 200 27
114.88.155.114 - - [30/Jan/2022:11:46:18 +0800] "GET /xingrg/kc/buy/cgsh_order_operate.html?command=get_materiel&rest_code=00141&code=00101012044&supplier_code=00100036&order_time=2022-01-30 HTTP/1.1" 200 409
114.95.98.1 - - [30/Jan/2022:11:46:18 +0800] "POST /xingrg/kc/buy/cgsh_order_operate.html HTTP/1.1" 200 8579
58.40.7.146 - - [30/Jan/2022:11:46:18 +0800] "GET /xingrg/all/function/internal_message.html?_=1643514376441&CODE_STATE=getMsg HTTP/1.1" 200 27
180.152.99.73 - - [30/Jan/2022:11:46:18 +0800] "GET /xingrg/kc/buy/cgsh_order_operate.html?command=get_materiel&rest_code=00151&code=00101009007&supplier_code=00100424&order_time=2022-01-30 HTTP/1.1" 200 408
116.228.172.94 - - [30/Jan/2022:11:46:21 +0800] "GET /xingrg/all/function/internal_message.html?_=1643514285244&CODE_STATE=getMsg HTTP/1.1" 200 27
61.170.233.189 - - [30/Jan/2022:11:46:21 +0800] "POST /xingrg/kc/buy/cgsh_list_operate.html HTTP/1.1" 200 2467
222.70.243.96 - - [30/Jan/2022:11:46:22 +0800] "GET /xingrg/all/function/internal_message.html?_=1643514381811&CODE_STATE=getMsg HTTP/1.1" 302 -
61.170.233.189 - - [30/Jan/2022:11:46:23 +0800] "POST /xingrg/kc/buy/cgsh_list_operate.html HTTP/1.1" 200 566
61.170.233.189 - - [30/Jan/2022:11:46:25 +0800] "POST /xingrg/kc/buy/cgsh_list_operate.html HTTP/1.1" 200 588
180.152.99.73 - - [30/Jan/2022:11:46:25 +0800] "GET /xingrg/kc/buy/cgsh_order_operate.html?command=get_materiel&rest_code=00151&code=00101009122&supplier_code=00100424&order_time=2022-01-30 HTTP/1.1" 200 391
61.170.233.189 - - [30/Jan/2022:11:46:26 +0800] "GET /xingrg/kc/buy/cgsh_order_info.html?code=212022013015256 HTTP/1.1" 200 65663
61.170.233.189 - - [30/Jan/2022:11:46:26 +0800] "GET /xingrg/javascript/easyui/themes/default/validatebox.css HTTP/1.1" 404 1104
222.70.243.96 - - [30/Jan/2022:11:46:27 +0800] "GET /xingrg/all/function/internal_message.html?_=1643514387229&CODE_STATE=getMsg HTTP/1.1" 200 27
61.170.233.189 - - [30/Jan/2022:11:46:27 +0800] "POST /xingrg/kc/buy/cgsh_order_operate.html HTTP/1.1" 200 8621
222.70.243.96 - - [30/Jan/2022:11:46:27 +0800] "GET /xingrg/kc/buy/cgsh_order_operate.html?command=get_materiel&rest_code=00146&code=00101008261&supplier_code=00100005&order_time=2022-01-30 HTTP/1.1" 200 408
114.88.155.114 - - [30/Jan/2022:11:46:33 +0800] "GET /xingrg/kc/buy/cgsh_order_operate.html?command=get_materiel&rest_code=00141&code=00101011007&supplier_code=00100036&order_time=2022-01-30 HTTP/1.1" 200 414
180.152.99.73 - - [30/Jan/2022:11:46:34 +0800] "GET /xingrg/kc/buy/cgsh_order_operate.html?command=get_materiel&rest_code=00151&code=00101009106&supplier_code=00100424&order_time=2022-01-30 HTTP/1.1" 200 392
58.39.168.32 - - [30/Jan/2022:11:46:34 +0800] "GET /xingrg/all/function/internal_message.html?_=1643514392976&CODE_STATE=getMsg HTTP/1.1" 200 27
180.152.99.39 - - [30/Jan/2022:11:46:35 +0800] "GET /xingrg/check_reg.html?_=1643514318303 HTTP/1.1" 200 22
120.253.135.82 - - [30/Jan/2022:11:46:35 +0800] "GET /xingrg/all/function/internal_message.html?_=1643514525510&CODE_STATE=getMsg HTTP/1.1" 200 27
61.170.233.189 - - [30/Jan/2022:11:46:39 +0800] "GET /xingrg/all/function/internal_message.html?_=1643514394228&CODE_STATE=getMsg HTTP/1.1" 200 27
61.151.178.164 - - [30/Jan/2022:11:46:40 +0800] "GET /xingrg/all/function/internal_message.html?_=1643514334097&CODE_STATE=getMsg HTTP/1.1" 302 -
61.151.178.164 - - [30/Jan/2022:11:46:40 +0800] "GET /xingrg/login.html HTTP/1.1" 200 7641
180.152.99.73 - - [30/Jan/2022:11:46:40 +0800] "GET /xingrg/kc/buy/cgsh_order_operate.html?command=get_materiel&rest_code=00151&code=00101009053&supplier_code=00100424&order_time=2022-01-30 HTTP/1.1" 200 408
114.88.155.114 - - [30/Jan/2022:11:46:40 +0800] "GET /xingrg/kc/buy/cgsh_order_operate.html?command=get_materiel&rest_code=00141&code=00101016105&supplier_code=00100036&order_time=2022-01-30 HTTP/1.1" 200 409
114.88.155.114 - - [30/Jan/2022:11:46:44 +0800] "GET /xingrg/all/function/internal_message.html?_=1643514194659&CODE_STATE=getMsg HTTP/1.1" 200 27
222.70.243.96 - - [30/Jan/2022:11:46:45 +0800] "GET /xingrg/kc/buy/cgsh_order_operate.html?command=get_materiel&rest_code=00146&code=00101008072&supplier_code=00100005&order_time=2022-01-30 HTTP/1.1" 200 408
180.152.99.73 - - [30/Jan/2022:11:46:48 +0800] "GET /xingrg/kc/buy/cgsh_order_operate.html?command=get_materiel&rest_code=00151&code=00101009016&supplier_code=00100424&order_time=2022-01-30 HTTP/1.1" 200 412
61.170.233.189 - - [30/Jan/2022:11:46:49 +0800] "POST /xingrg/kc/buy/cgsh_order_operate.html HTTP/1.1" 200 37
101.83.241.237 - - [30/Jan/2022:11:46:50 +0800] "GET /xingrg/all/function/internal_message.html?_=1643514406978&CODE_STATE=getMsg HTTP/1.1" 200 27
222.70.223.103 - - [30/Jan/2022:11:46:51 +0800] "GET /xingrg/all/function/internal_message.html?_=1643514405093&CODE_STATE=getMsg HTTP/1.1" 200 27
180.152.99.39 - - [30/Jan/2022:11:46:52 +0800] "GET /xingrg/all/function/internal_message.html?_=1643514335930&CODE_STATE=getMsg HTTP/1.1" 200 27
58.39.168.32 - - [30/Jan/2022:11:46:53 +0800] "POST /xingrg/kc/buy/cgsh_order_operate.html HTTP/1.1" 200 37
61.170.233.189 - - [30/Jan/2022:11:46:53 +0800] "POST /xingrg/kc/buy/cgsh_order_operate.html HTTP/1.1" 200 12
61.170.233.189 - - [30/Jan/2022:11:46:54 +0800] "GET /xingrg/kc/buy/cgsh_order_info.html?code=212022013015256 HTTP/1.1" 200 60559
61.170.233.189 - - [30/Jan/2022:11:46:55 +0800] "GET /xingrg/javascript/easyui/themes/default/validatebox.css HTTP/1.1" 404 1104
180.152.99.73 - - [30/Jan/2022:11:46:55 +0800] "GET /xingrg/kc/buy/cgsh_order_operate.html?command=get_materiel&rest_code=00151&code=00101009062&supplier_code=00100424&order_time=2022-01-30 HTTP/1.1" 200 412
61.170.233.189 - - [30/Jan/2022:11:46:56 +0800] "POST /xingrg/kc/buy/cgsh_order_operate.html HTTP/1.1" 200 6546
222.70.243.96 - - [30/Jan/2022:11:46:56 +0800] "GET /xingrg/kc/buy/cgsh_order_operate.html?command=get_materiel&rest_code=00146&code=00101008156&supplier_code=00100005&order_time=2022-01-30 HTTP/1.1" 200 414
61.170.233.189 - - [30/Jan/2022:11:46:57 +0800] "GET /xingrg/kc/print/load_config.html?kc_code=cgsh HTTP/1.1" 200 1943
114.88.155.114 - - [30/Jan/2022:11:46:58 +0800] "POST /xingrg/kc/buy/cgsh_order_operate.html HTTP/1.1" 200 37
61.170.233.189 - - [30/Jan/2022:11:46:58 +0800] "GET /xingrg/kc/print/load_data.html?order_code=212022013015256&kc_code=cgsh&condition= HTTP/1.1" 200 2997
222.70.179.207 - - [30/Jan/2022:11:47:00 +0800] "GET /xingrg/all/function/internal_message.html?_=1643514418590&CODE_STATE=getMsg HTTP/1.1" 200 27
101.89.29.78 - - [30/Jan/2022:11:47:01 +0800] "GET /xingrg/kc/base/wldb_order_operate.html?command=get_materiel&rest_code=00106&base_code=0010397&code=00102002379 HTTP/1.1" 302 -
180.157.251.97 - - [30/Jan/2022:11:47:01 +0800] "GET /xingrg/check_reg.html?_=1643514420633 HTTP/1.1" 200 22
180.157.251.97 - - [30/Jan/2022:11:47:01 +0800] "GET /xingrg/all/function/internal_message.html?_=1643514420628&CODE_STATE=getMsg HTTP/1.1" 200 27
114.88.155.114 - - [30/Jan/2022:11:47:01 +0800] "POST /xingrg/kc/buy/cgsh_order_operate.html HTTP/1.1" 200 12
101.89.29.78 - - [30/Jan/2022:11:47:02 +0800] "GET /xingrg/login.html HTTP/1.1" 200 7641
180.162.112.109 - - [30/Jan/2022:11:47:03 +0800] "GET /xingrg/all/function/internal_message.html?_=1643513816195&CODE_STATE=getMsg HTTP/1.1" 200 27
114.88.155.114 - - [30/Jan/2022:11:47:03 +0800] "GET /xingrg/kc/buy/cgsh_order_info.html?code=212022013015284 HTTP/1.1" 200 60547
114.88.155.114 - - [30/Jan/2022:11:47:03 +0800] "GET /xingrg/javascript/easyui/themes/default/validatebox.css HTTP/1.1" 404 1104
114.88.155.114 - - [30/Jan/2022:11:47:04 +0800] "POST /xingrg/kc/buy/cgsh_order_operate.html HTTP/1.1" 200 4737
114.88.155.114 - - [30/Jan/2022:11:47:04 +0800] "GET /xingrg/kc/print/load_data.html?order_code=212022013015284&kc_code=cgsh&condition= HTTP/1.1" 200 2343
180.152.99.73 - - [30/Jan/2022:11:47:04 +0800] "GET /xingrg/kc/buy/cgsh_order_operate.html?command=get_materiel&rest_code=00151&code=00101009039&supplier_code=00100424&order_time=2022-01-30 HTTP/1.1" 200 408
101.85.120.86 - - [30/Jan/2022:11:47:07 +0800] "GET /xingrg/all/function/internal_message.html?_=1643514423117&CODE_STATE=getMsg HTTP/1.1" 200 27
114.88.155.114 - - [30/Jan/2022:11:47:07 +0800] "GET /xingrg/kc/buy/cgsh_order_add.html HTTP/1.1" 200 65642
114.88.155.114 - - [30/Jan/2022:11:47:08 +0800] "POST /xingrg/kc/buy/cgsh_order_operate.html HTTP/1.1" 200 8245
114.88.155.114 - - [30/Jan/2022:11:47:08 +0800] "GET /xingrg/javascript/easyui/themes/default/validatebox.css HTTP/1.1" 404 1104
61.170.233.189 - - [30/Jan/2022:11:47:09 +0800] "GET /xingrg/kc/buy/cgsh_order_add.html HTTP/1.1" 200 65642
61.170.233.189 - - [30/Jan/2022:11:47:10 +0800] "POST /xingrg/kc/buy/cgsh_order_operate.html HTTP/1.1" 200 8245
61.170.233.189 - - [30/Jan/2022:11:47:10 +0800] "GET /xingrg/javascript/easyui/themes/default/validatebox.css HTTP/1.1" 404 1104
58.39.168.32 - - [30/Jan/2022:11:47:11 +0800] "POST /xingrg/kc/buy/cgsh_order_operate.html HTTP/1.1" 200 21126
180.152.99.73 - - [30/Jan/2022:11:47:12 +0800] "GET /xingrg/kc/buy/cgsh_order_operate.html?command=get_materiel&rest_code=00151&code=00101009088&supplier_code=00100424&order_time=2022-01-30 HTTP/1.1" 200 391
61.170.233.189 - - [30/Jan/2022:11:47:12 +0800] "GET /xingrg/javascript/easyui/themes/default/tree.css HTTP/1.1" 404 1090
61.170.233.189 - - [30/Jan/2022:11:47:12 +0800] "POST /xingrg/all/common/load_tree.html?tree=supplier_tree_json&isDelete=1 HTTP/1.1" 200 62150
180.169.147.146 - - [30/Jan/2022:11:47:15 +0800] "GET /xingrg/all/function/internal_message.html?_=1643514434024&CODE_STATE=getMsg HTTP/1.1" 200 27
114.88.155.114 - - [30/Jan/2022:11:47:15 +0800] "GET /xingrg/kc/buy/cgsh_order_operate.html?command=get_materiel&rest_code=00141&code=00101001010&supplier_code=00100040&order_time=2022-01-30 HTTP/1.1" 200 409
180.152.99.73 - - [30/Jan/2022:11:47:15 +0800] "GET /xingrg/all/function/internal_message.html?_=1643514433359&CODE_STATE=getMsg HTTP/1.1" 200 27
61.151.178.163 - - [30/Jan/2022:11:47:16 +0800] "GET /xingrg/kc/buy/cgsh_order_list.html HTTP/1.1" 302 -
222.69.132.164 - - [30/Jan/2022:11:47:16 +0800] "GET /xingrg/all/function/internal_message.html?_=1643514493957&CODE_STATE=getMsg HTTP/1.1" 200 27
58.39.168.32 - - [30/Jan/2022:11:47:17 +0800] "GET /xingrg/all/function/internal_message.html?_=1643514373583&CODE_STATE=getMsg HTTP/1.1" 200 27
114.95.98.1 - - [30/Jan/2022:11:47:18 +0800] "POST /xingrg/kc/buy/cgsh_order_operate.html HTTP/1.1" 200 37
58.40.7.146 - - [30/Jan/2022:11:47:18 +0800] "GET /xingrg/all/function/internal_message.html?_=1643514436427&CODE_STATE=getMsg HTTP/1.1" 200 27
61.151.178.163 - - [30/Jan/2022:11:47:18 +0800] "GET /xingrg/login.html HTTP/1.1" 200 7641
180.152.99.73 - - [30/Jan/2022:11:47:20 +0800] "GET /xingrg/kc/buy/cgsh_order_operate.html?command=get_materiel&rest_code=00151&code=00101009006&supplier_code=00100424&order_time=2022-01-30 HTTP/1.1" 200 408
116.228.172.94 - - [30/Jan/2022:11:47:21 +0800] "GET /xingrg/all/function/internal_message.html?_=1643514345251&CODE_STATE=getMsg HTTP/1.1" 200 27
116.228.172.94 - - [30/Jan/2022:11:47:21 +0800] "GET /xingrg/check_reg.html?_=1643514345254 HTTP/1.1" 200 22
222.70.243.96 - - [30/Jan/2022:11:47:22 +0800] "GET /xingrg/all/function/internal_message.html?_=1643514441816&CODE_STATE=getMsg HTTP/1.1" 302 -
114.95.98.1 - - [30/Jan/2022:11:47:22 +0800] "POST /xingrg/kc/buy/cgsh_order_operate.html HTTP/1.1" 200 12
114.95.98.1 - - [30/Jan/2022:11:47:24 +0800] "GET /xingrg/kc/buy/cgsh_order_info.html?code=212022013015283 HTTP/1.1" 200 60486
114.88.155.114 - - [30/Jan/2022:11:47:26 +0800] "POST /xingrg/kc/buy/cgsh_order_operate.html HTTP/1.1" 200 37
114.95.98.1 - - [30/Jan/2022:11:47:27 +0800] "GET /xingrg/javascript/easyui/themes/default/validatebox.css HTTP/1.1" 404 1104
222.70.243.96 - - [30/Jan/2022:11:47:27 +0800] "GET /xingrg/all/function/internal_message.html?_=1643514447244&CODE_STATE=getMsg HTTP/1.1" 200 27
114.95.98.1 - - [30/Jan/2022:11:47:27 +0800] "POST /xingrg/kc/buy/cgsh_order_operate.html HTTP/1.1" 200 6504
180.152.99.73 - - [30/Jan/2022:11:47:28 +0800] "GET /xingrg/kc/buy/cgsh_order_operate.html?command=get_materiel&rest_code=00151&code=00101008031&supplier_code=00100424&order_time=2022-01-30 HTTP/1.1" 200 413
114.88.155.114 - - [30/Jan/2022:11:47:30 +0800] "POST /xingrg/kc/buy/cgsh_order_operate.html HTTP/1.1" 200 12
114.95.98.1 - - [30/Jan/2022:11:47:30 +0800] "GET /xingrg/kc/print/load_data.html?order_code=212022013015283&kc_code=cgsh&condition= HTTP/1.1" 200 2895
114.88.155.114 - - [30/Jan/2022:11:47:30 +0800] "GET /xingrg/kc/buy/cgsh_order_info.html?code=212022013015285 HTTP/1.1" 200 60545
114.88.155.114 - - [30/Jan/2022:11:47:31 +0800] "GET /xingrg/javascript/easyui/themes/default/validatebox.css HTTP/1.1" 404 1104
114.88.155.114 - - [30/Jan/2022:11:47:31 +0800] "POST /xingrg/kc/buy/cgsh_order_operate.html HTTP/1.1" 200 607
114.88.155.114 - - [30/Jan/2022:11:47:32 +0800] "GET /xingrg/kc/print/load_data.html?order_code=212022013015285&kc_code=cgsh&condition= HTTP/1.1" 200 788
61.170.233.189 - - [30/Jan/2022:11:47:33 +0800] "POST /xingrg/kc/buy/cgsh_list_operate.html HTTP/1.1" 200 2079
58.39.168.32 - - [30/Jan/2022:11:47:34 +0800] "GET /xingrg/check_reg.html?_=1643514453015 HTTP/1.1" 200 22
58.39.168.32 - - [30/Jan/2022:11:47:34 +0800] "GET /xingrg/all/function/internal_message.html?_=1643514453012&CODE_STATE=getMsg HTTP/1.1" 200 27
61.170.233.189 - - [30/Jan/2022:11:47:35 +0800] "POST /xingrg/kc/buy/cgsh_list_operate.html HTTP/1.1" 200 566
180.152.99.73 - - [30/Jan/2022:11:47:35 +0800] "GET /xingrg/kc/buy/cgsh_order_operate.html?command=get_materiel&rest_code=00151&code=00101009049&supplier_code=00100424&order_time=2022-01-30 HTTP/1.1" 200 416
120.253.135.82 - - [30/Jan/2022:11:47:35 +0800] "GET /xingrg/all/function/internal_message.html?_=1643514585525&CODE_STATE=getMsg HTTP/1.1" 200 27
61.170.233.189 - - [30/Jan/2022:11:47:37 +0800] "GET /xingrg/kc/buy/cgsh_order_info.html?code=212022013015262 HTTP/1.1" 200 65655
61.170.233.189 - - [30/Jan/2022:11:47:37 +0800] "GET /xingrg/javascript/easyui/themes/default/validatebox.css HTTP/1.1" 404 1104
61.170.233.189 - - [30/Jan/2022:11:47:38 +0800] "POST /xingrg/kc/buy/cgsh_order_operate.html HTTP/1.1" 200 23954
61.170.233.189 - - [30/Jan/2022:11:47:39 +0800] "GET /xingrg/all/function/internal_message.html?_=1643514454241&CODE_STATE=getMsg HTTP/1.1" 200 27
61.170.233.189 - - [30/Jan/2022:11:47:41 +0800] "POST /xingrg/kc/buy/cgsh_list_operate.html HTTP/1.1" 200 2079
61.170.233.189 - - [30/Jan/2022:11:47:43 +0800] "POST /xingrg/kc/buy/cgsh_list_operate.html HTTP/1.1" 200 203
61.170.233.189 - - [30/Jan/2022:11:47:43 +0800] "GET /xingrg/kc/buy/cgsh_order_info.html?code=212022013015257 HTTP/1.1" 200 65653
61.170.233.189 - - [30/Jan/2022:11:47:44 +0800] "GET /xingrg/javascript/easyui/themes/default/validatebox.css HTTP/1.1" 404 1104
180.152.99.73 - - [30/Jan/2022:11:47:44 +0800] "GET /xingrg/kc/buy/cgsh_order_operate.html?command=get_materiel&rest_code=00151&code=00101009066&supplier_code=00100424&order_time=2022-01-30 HTTP/1.1" 200 416
114.88.155.114 - - [30/Jan/2022:11:47:44 +0800] "GET /xingrg/all/function/internal_message.html?_=1643514254643&CODE_STATE=getMsg HTTP/1.1" 200 27
61.170.233.189 - - [30/Jan/2022:11:47:44 +0800] "POST /xingrg/kc/buy/cgsh_order_operate.html HTTP/1.1" 200 2659
61.170.233.189 - - [30/Jan/2022:11:47:46 +0800] "POST /xingrg/kc/buy/cgsh_list_operate.html HTTP/1.1" 200 2079
101.83.241.237 - - [30/Jan/2022:11:47:50 +0800] "GET /xingrg/all/function/internal_message.html?_=1643514466967&CODE_STATE=getMsg HTTP/1.1" 200 27
222.70.223.103 - - [30/Jan/2022:11:47:51 +0800] "GET /xingrg/all/function/internal_message.html?_=1643514465083&CODE_STATE=getMsg HTTP/1.1" 200 27
180.152.99.39 - - [30/Jan/2022:11:47:52 +0800] "GET /xingrg/all/function/internal_message.html?_=1643514395942&CODE_STATE=getMsg HTTP/1.1" 200 27
101.89.239.120 - - [30/Jan/2022:11:47:57 +0800] "GET /xingrg/kc/print/load_data.html?order_code=212022013015256&kc_code=cgsh&condition= HTTP/1.1" 302 -
101.89.239.120 - - [30/Jan/2022:11:47:58 +0800] "GET /xingrg/login.html HTTP/1.1" 200 7641
222.70.179.207 - - [30/Jan/2022:11:48:00 +0800] "GET /xingrg/all/function/internal_message.html?_=1643514478587&CODE_STATE=getMsg HTTP/1.1" 200 27
180.157.251.97 - - [30/Jan/2022:11:48:01 +0800] "GET /xingrg/all/function/internal_message.html?_=1643514480619&CODE_STATE=getMsg HTTP/1.1" 200 27
180.162.112.109 - - [30/Jan/2022:11:48:03 +0800] "GET /xingrg/check_reg.html?_=1643513876180 HTTP/1.1" 200 22
180.162.112.109 - - [30/Jan/2022:11:48:03 +0800] "GET /xingrg/all/function/internal_message.html?_=1643513876183&CODE_STATE=getMsg HTTP/1.1" 200 27
61.170.233.189 - - [30/Jan/2022:11:48:05 +0800] "POST /xingrg/kc/buy/cgsh_order_operate.html HTTP/1.1" 200 37
101.85.120.86 - - [30/Jan/2022:11:48:07 +0800] "GET /xingrg/all/function/internal_message.html?_=1643514483117&CODE_STATE=getMsg HTTP/1.1" 200 27
61.170.233.189 - - [30/Jan/2022:11:48:07 +0800] "POST /xingrg/kc/buy/cgsh_order_operate.html HTTP/1.1" 200 2659
61.170.233.189 - - [30/Jan/2022:11:48:12 +0800] "POST /xingrg/kc/buy/cgsh_list_operate.html HTTP/1.1" 200 2085
180.169.147.146 - - [30/Jan/2022:11:48:15 +0800] "GET /xingrg/all/function/internal_message.html?_=1643514493995&CODE_STATE=getMsg HTTP/1.1" 200 27
180.152.99.73 - - [30/Jan/2022:11:48:15 +0800] "GET /xingrg/all/function/internal_message.html?_=1643514493357&CODE_STATE=getMsg HTTP/1.1" 200 27
222.69.132.164 - - [30/Jan/2022:11:48:16 +0800] "GET /xingrg/all/function/internal_message.html?_=1643514553955&CODE_STATE=getMsg HTTP/1.1" 200 27
61.170.233.189 - - [30/Jan/2022:11:48:16 +0800] "POST /xingrg/kc/buy/cgsh_list_operate.html HTTP/1.1" 200 566
61.170.233.189 - - [30/Jan/2022:11:48:17 +0800] "GET /xingrg/kc/buy/cgsh_order_info.html?code=212022013015262 HTTP/1.1" 200 65655
58.39.168.32 - - [30/Jan/2022:11:48:17 +0800] "GET /xingrg/all/function/internal_message.html?_=1643514433553&CODE_STATE=getMsg HTTP/1.1" 200 27
61.170.233.189 - - [30/Jan/2022:11:48:18 +0800] "GET /xingrg/javascript/easyui/themes/default/validatebox.css HTTP/1.1" 404 1104
58.40.7.146 - - [30/Jan/2022:11:48:18 +0800] "GET /xingrg/all/function/internal_message.html?_=1643514496398&CODE_STATE=getMsg HTTP/1.1" 200 27
61.170.233.189 - - [30/Jan/2022:11:48:19 +0800] "POST /xingrg/kc/buy/cgsh_order_operate.html HTTP/1.1" 200 23954
116.228.172.94 - - [30/Jan/2022:11:48:21 +0800] "GET /xingrg/all/function/internal_message.html?_=1643514405243&CODE_STATE=getMsg HTTP/1.1" 200 27
222.70.243.96 - - [30/Jan/2022:11:48:22 +0800] "GET /xingrg/all/function/internal_message.html?_=1643514501838&CODE_STATE=getMsg HTTP/1.1" 302 -
222.70.243.96 - - [30/Jan/2022:11:48:27 +0800] "GET /xingrg/all/function/internal_message.html?_=1643514507256&CODE_STATE=getMsg HTTP/1.1" 200 27
61.170.233.189 - - [30/Jan/2022:11:48:32 +0800] "GET /xingrg/kc/buy/cgsh_order_operate.html?command=get_materiel&rest_code=00106&code=00101019891&supplier_code=00100007&order_time=2022-01-30 HTTP/1.1" 200 395
58.39.168.32 - - [30/Jan/2022:11:48:34 +0800] "GET /xingrg/all/function/internal_message.html?_=1643514512921&CODE_STATE=getMsg HTTP/1.1" 200 27
120.253.135.82 - - [30/Jan/2022:11:48:35 +0800] "GET /xingrg/check_reg.html?_=1643514645482 HTTP/1.1" 200 22
120.253.135.82 - - [30/Jan/2022:11:48:35 +0800] "GET /xingrg/all/function/internal_message.html?_=1643514645539&CODE_STATE=getMsg HTTP/1.1" 200 27
61.170.233.189 - - [30/Jan/2022:11:48:39 +0800] "GET /xingrg/check_reg.html?_=1643514514148 HTTP/1.1" 200 22
61.170.233.189 - - [30/Jan/2022:11:48:39 +0800] "GET /xingrg/all/function/internal_message.html?_=1643514514214&CODE_STATE=getMsg HTTP/1.1" 200 27
114.88.155.114 - - [30/Jan/2022:11:48:44 +0800] "GET /xingrg/all/function/internal_message.html?_=1643514314643&CODE_STATE=getMsg HTTP/1.1" 200 27
180.152.99.73 - - [30/Jan/2022:11:48:48 +0800] "POST /xingrg/kc/buy/cgsh_order_operate.html HTTP/1.1" 200 37
61.170.233.189 - - [30/Jan/2022:11:48:50 +0800] "GET /xingrg/kc/buy/cgsh_order_operate.html?command=get_materiel&rest_code=00106&code=00101008038&supplier_code=00100007&order_time=2022-01-30 HTTP/1.1" 200 412
101.83.241.237 - - [30/Jan/2022:11:48:50 +0800] "GET /xingrg/all/function/internal_message.html?_=1643514526951&CODE_STATE=getMsg HTTP/1.1" 200 27
222.70.223.103 - - [30/Jan/2022:11:48:51 +0800] "GET /xingrg/all/function/internal_message.html?_=1643514525101&CODE_STATE=getMsg HTTP/1.1" 200 27
222.70.223.103 - - [30/Jan/2022:11:48:51 +0800] "GET /xingrg/check_reg.html?_=1643514525102 HTTP/1.1" 200 22
180.152.99.73 - - [30/Jan/2022:11:48:52 +0800] "POST /xingrg/kc/buy/cgsh_order_operate.html HTTP/1.1" 200 12
180.152.99.39 - - [30/Jan/2022:11:48:52 +0800] "GET /xingrg/all/function/internal_message.html?_=1643514455965&CODE_STATE=getMsg HTTP/1.1" 200 27
180.152.99.73 - - [30/Jan/2022:11:48:53 +0800] "GET /xingrg/kc/buy/cgsh_order_info.html?code=212022013015286 HTTP/1.1" 200 60102
180.152.99.73 - - [30/Jan/2022:11:48:53 +0800] "GET /xingrg/javascript/easyui/themes/default/validatebox.css HTTP/1.1" 404 1104
180.152.99.73 - - [30/Jan/2022:11:48:54 +0800] "POST /xingrg/kc/buy/cgsh_order_operate.html HTTP/1.1" 200 9609
180.152.99.73 - - [30/Jan/2022:11:48:56 +0800] "GET /xingrg/kc/print/load_data.html?order_code=212022013015286&kc_code=cgsh&condition= HTTP/1.1" 200 4190
61.170.233.189 - - [30/Jan/2022:11:48:58 +0800] "GET /xingrg/kc/buy/cgsh_order_operate.html?command=get_materiel&rest_code=00106&code=00101008051&supplier_code=00100007&order_time=2022-01-30 HTTP/1.1" 200 409
39.144.34.30 - - [30/Jan/2022:11:48:58 +0800] "GET /xingrg HTTP/1.1" 302 -
39.144.34.30 - - [30/Jan/2022:11:48:58 +0800] "GET /xingrg/ HTTP/1.1" 200 292
39.144.34.30 - - [30/Jan/2022:11:48:58 +0800] "GET /xingrg/index.html HTTP/1.1" 302 -
39.144.34.30 - - [30/Jan/2022:11:48:58 +0800] "GET /xingrg/login.html HTTP/1.1" 200 2139
39.144.34.30 - - [30/Jan/2022:11:48:59 +0800] "GET /xingrg/javascript/mobile/jquery-1.8.3.min.js HTTP/1.1" 200 93637
39.144.34.30 - - [30/Jan/2022:11:48:59 +0800] "GET /xingrg/javascript/mobile/jquery.mobile-1.3.2.min.css HTTP/1.1" 200 94670
39.144.34.30 - - [30/Jan/2022:11:48:59 +0800] "GET /xingrg/javascript/mobile/jquery.mobile-1.3.2.min.js HTTP/1.1" 200 145396
39.144.34.30 - - [30/Jan/2022:11:48:59 +0800] "GET /xingrg/javascript/mobile/images/ajax-loader.gif HTTP/1.1" 200 7825
39.144.34.30 - - [30/Jan/2022:11:48:59 +0800] "GET /favicon.ico HTTP/1.1" 404 -
222.70.179.207 - - [30/Jan/2022:11:49:00 +0800] "GET /xingrg/all/function/internal_message.html?_=1643514538592&CODE_STATE=getMsg HTTP/1.1" 200 27
180.152.99.73 - - [30/Jan/2022:11:49:01 +0800] "GET /xingrg/kc/buy/cgsh_order_add.html HTTP/1.1" 200 65193
180.157.251.97 - - [30/Jan/2022:11:49:01 +0800] "GET /xingrg/all/function/internal_message.html?_=1643514540622&CODE_STATE=getMsg HTTP/1.1" 200 27
180.152.99.73 - - [30/Jan/2022:11:49:01 +0800] "GET /xingrg/javascript/easyui/themes/default/validatebox.css HTTP/1.1" 404 1104
180.152.99.73 - - [30/Jan/2022:11:49:01 +0800] "POST /xingrg/kc/buy/cgsh_order_operate.html HTTP/1.1" 200 8245
39.144.34.30 - - [30/Jan/2022:11:49:02 +0800] "POST /xingrg/login.do HTTP/1.1" 302 -
39.144.34.30 - - [30/Jan/2022:11:49:02 +0800] "GET /xingrg/index_mobile.html?sysBaseUrl=http%3A%2F%2F180.169.147.146%3A18081%2Fxingrg%2F&costTime=42×tamp=1643514542031 HTTP/1.1" 200 3182
39.144.34.30 - - [30/Jan/2022:11:49:02 +0800] "GET /xingrg/javascript/mobile/mobile.css HTTP/1.1" 200 347
39.144.34.30 - - [30/Jan/2022:11:49:02 +0800] "GET /xingrg/javascript/convert.js HTTP/1.1" 200 1239
39.144.34.30 - - [30/Jan/2022:11:49:02 +0800] "GET /xingrg/javascript/mobile/mobiscroll/mobiscroll.custom-2.6.2.min.css HTTP/1.1" 200 38004
39.144.34.30 - - [30/Jan/2022:11:49:02 +0800] "GET /xingrg/javascript/mobile/images/album-k.jpg HTTP/1.1" 200 4120
39.144.34.30 - - [30/Jan/2022:11:49:02 +0800] "GET /xingrg/javascript/mobile/mobiscroll/mobiscroll.custom-2.6.2.min.js HTTP/1.1" 200 43737
39.144.34.30 - - [30/Jan/2022:11:49:02 +0800] "GET /xingrg/javascript/mobile/images/icons-36-white.png HTTP/1.1" 200 3861
39.144.34.30 - - [30/Jan/2022:11:49:02 +0800] "GET /favicon.ico HTTP/1.1" 404 -
180.162.112.109 - - [30/Jan/2022:11:49:03 +0800] "GET /xingrg/all/function/internal_message.html?_=1643513936183&CODE_STATE=getMsg HTTP/1.1" 200 27
39.144.34.30 - - [30/Jan/2022:11:49:03 +0800] "GET /xingrg/dma/mobile/column_pie.html?type=yyfx&title=%D3%AA%D2%B5%B7%D6%CE%F6 HTTP/1.1" 200 10245
39.144.34.30 - - [30/Jan/2022:11:49:03 +0800] "GET /xingrg/javascript/mobile/mobile-common.js HTTP/1.1" 200 1484
39.144.34.30 - - [30/Jan/2022:11:49:03 +0800] "GET /xingrg/javascript/mobile/js/highcharts.js HTTP/1.1" 200 134656
39.144.34.30 - - [30/Jan/2022:11:49:03 +0800] "GET /xingrg/javascript/mobile/js/modules/exporting.js HTTP/1.1" 200 7123
39.144.34.30 - - [30/Jan/2022:11:49:04 +0800] "GET /favicon.ico HTTP/1.1" 404 -
39.144.34.30 - - [30/Jan/2022:11:49:04 +0800] "POST /xingrg/dma/mobile/report_query.html HTTP/1.1" 200 150
61.170.233.189 - - [30/Jan/2022:11:49:05 +0800] "GET /xingrg/kc/buy/cgsh_order_operate.html?command=get_materiel&rest_code=00106&code=00101008224&supplier_code=00100007&order_time=2022-01-30 HTTP/1.1" 200 416
114.95.98.1 - - [30/Jan/2022:11:49:06 +0800] "GET /xingrg/check_reg.html?_=1643514565310 HTTP/1.1" 200 22
101.85.120.86 - - [30/Jan/2022:11:49:07 +0800] "GET /xingrg/all/function/internal_message.html?_=1643514543132&CODE_STATE=getMsg HTTP/1.1" 200 27
61.170.233.189 - - [30/Jan/2022:11:49:07 +0800] "POST /xingrg/kc/buy/cgsh_order_operate.html HTTP/1.1" 200 2065
222.70.243.96 - - [30/Jan/2022:11:49:09 +0800] "GET /xingrg/check_reg.html?_=1643514549008 HTTP/1.1" 302 -
39.144.34.30 - - [30/Jan/2022:11:49:10 +0800] "POST /xingrg/dma/mobile/report_query.html HTTP/1.1" 200 559
61.170.233.189 - - [30/Jan/2022:11:49:11 +0800] "GET /xingrg/kc/buy/cgsh_order_operate.html?command=get_materiel&rest_code=00106&code=00101020161&supplier_code=00100007&order_time=2022-01-30 HTTP/1.1" 200 417
58.40.7.146 - - [30/Jan/2022:11:49:12 +0800] "GET /xingrg/check_reg.html?_=1643514550196 HTTP/1.1" 200 22
180.169.147.146 - - [30/Jan/2022:11:49:15 +0800] "GET /xingrg/all/function/internal_message.html?_=1643514553979&CODE_STATE=getMsg HTTP/1.1" 200 27
180.152.99.73 - - [30/Jan/2022:11:49:15 +0800] "GET /xingrg/all/function/internal_message.html?_=1643514553362&CODE_STATE=getMsg HTTP/1.1" 200 27
222.69.132.164 - - [30/Jan/2022:11:49:16 +0800] "GET /xingrg/all/function/internal_message.html?_=1643514613964&CODE_STATE=getMsg HTTP/1.1" 200 27
180.152.99.73 - - [30/Jan/2022:11:49:16 +0800] "GET /xingrg/kc/buy/cgsh_order_operate.html?command=get_materiel&rest_code=00151&code=00101016038&supplier_code=00100007&order_time=2022-01-30 HTTP/1.1" 200 408
58.39.168.32 - - [30/Jan/2022:11:49:17 +0800] "GET /xingrg/check_reg.html?_=1643514492934 HTTP/1.1" 200 22
58.39.168.32 - - [30/Jan/2022:11:49:17 +0800] "GET /xingrg/all/function/internal_message.html?_=1643514493530&CODE_STATE=getMsg HTTP/1.1" 200 27
58.40.7.146 - - [30/Jan/2022:11:49:18 +0800] "GET /xingrg/all/function/internal_message.html?_=1643514556369&CODE_STATE=getMsg HTTP/1.1" 200 27
180.157.251.97 - - [30/Jan/2022:11:49:18 +0800] "GET /xingrg/check_reg.html?_=1643514556923 HTTP/1.1" 200 22
116.228.172.94 - - [30/Jan/2022:11:49:21 +0800] "GET /xingrg/all/function/internal_message.html?_=1643514465251&CODE_STATE=getMsg HTTP/1.1" 200 27
222.70.243.96 - - [30/Jan/2022:11:49:22 +0800] "GET /xingrg/all/function/internal_message.html?_=1643514561843&CODE_STATE=getMsg HTTP/1.1" 302 -
180.152.99.73 - - [30/Jan/2022:11:49:27 +0800] "GET /xingrg/kc/buy/cgsh_order_operate.html?command=get_materiel&rest_code=00151&code=00101008323&supplier_code=00100007&order_time=2022-01-30 HTTP/1.1" 200 408
222.70.243.96 - - [30/Jan/2022:11:49:27 +0800] "GET /xingrg/all/function/internal_message.html?_=1643514567361&CODE_STATE=getMsg HTTP/1.1" 200 27
61.170.233.189 - - [30/Jan/2022:11:49:34 +0800] "GET /xingrg/kc/buy/cgsh_order_operate.html?command=get_materiel&rest_code=00106&code=00101008003&supplier_code=00100007&order_time=2022-01-30 HTTP/1.1" 200 427
58.39.168.32 - - [30/Jan/2022:11:49:34 +0800] "GET /xingrg/all/function/internal_message.html?_=1643514572922&CODE_STATE=getMsg HTTP/1.1" 200 27
180.152.99.73 - - [30/Jan/2022:11:49:35 +0800] "GET /xingrg/kc/buy/cgsh_order_operate.html?command=get_materiel&rest_code=00151&code=00101008352&supplier_code=00100007&order_time=2022-01-30 HTTP/1.1" 200 412
120.253.135.82 - - [30/Jan/2022:11:49:35 +0800] "GET /xingrg/all/function/internal_message.html?_=1643514705552&CODE_STATE=getMsg HTTP/1.1" 200 27
61.170.233.189 - - [30/Jan/2022:11:49:39 +0800] "GET /xingrg/all/function/internal_message.html?_=1643514574224&CODE_STATE=getMsg HTTP/1.1" 200 27
180.152.99.73 - - [30/Jan/2022:11:49:42 +0800] "GET /xingrg/kc/buy/cgsh_order_operate.html?command=get_materiel&rest_code=00151&code=00101008085&supplier_code=00100007&order_time=2022-01-30 HTTP/1.1" 200 412
101.83.241.237 - - [30/Jan/2022:11:49:42 +0800] "GET /xingrg/check_reg.html?_=1643514579305 HTTP/1.1" 200 22
114.88.155.114 - - [30/Jan/2022:11:49:44 +0800] "GET /xingrg/check_reg.html?_=1643514374641 HTTP/1.1" 200 22
114.88.155.114 - - [30/Jan/2022:11:49:44 +0800] "GET /xingrg/all/function/internal_message.html?_=1643514374643&CODE_STATE=getMsg HTTP/1.1" 200 27
101.83.241.237 - - [30/Jan/2022:11:49:50 +0800] "GET /xingrg/all/function/internal_message.html?_=1643514586922&CODE_STATE=getMsg HTTP/1.1" 200 27
180.152.99.73 - - [30/Jan/2022:11:49:50 +0800] "GET /xingrg/kc/buy/cgsh_order_operate.html?command=get_materiel&rest_code=00151&code=00101008234&supplier_code=00100007&order_time=2022-01-30 HTTP/1.1" 200 408
222.70.223.103 - - [30/Jan/2022:11:49:51 +0800] "GET /xingrg/all/function/internal_message.html?_=1643514585088&CODE_STATE=getMsg HTTP/1.1" 200 27
180.152.99.39 - - [30/Jan/2022:11:49:52 +0800] "GET /xingrg/all/function/internal_message.html?_=1643514515969&CODE_STATE=getMsg HTTP/1.1" 200 27
180.152.99.73 - - [30/Jan/2022:11:49:55 +0800] "GET /xingrg/kc/buy/cgsh_order_operate.html?command=get_materiel&rest_code=00151&code=00101008318&supplier_code=00100007&order_time=2022-01-30 HTTP/1.1" 200 408
61.170.233.189 - - [30/Jan/2022:11:49:55 +0800] "GET /xingrg/kc/buy/cgsh_order_operate.html?command=get_materiel&rest_code=00106&code=00101008370&supplier_code=00100007&order_time=2022-01-30 HTTP/1.1" 200 412
222.70.179.207 - - [30/Jan/2022:11:50:00 +0800] "GET /xingrg/all/function/internal_message.html?_=1643514598588&CODE_STATE=getMsg HTTP/1.1" 200 27
180.157.251.97 - - [30/Jan/2022:11:50:01 +0800] "GET /xingrg/all/function/internal_message.html?_=1643514600652&CODE_STATE=getMsg HTTP/1.1" 200 27
180.152.99.73 - - [30/Jan/2022:11:50:02 +0800] "GET /xingrg/kc/buy/cgsh_order_operate.html?command=get_materiel&rest_code=00151&code=00101016051&supplier_code=00100007&order_time=2022-01-30 HTTP/1.1" 200 408
180.162.112.109 - - [30/Jan/2022:11:50:03 +0800] "GET /xingrg/all/function/internal_message.html?_=1643513996184&CODE_STATE=getMsg HTTP/1.1" 200 27
61.170.233.189 - - [30/Jan/2022:11:50:03 +0800] "GET /xingrg/kc/buy/cgsh_order_operate.html?command=get_materiel&rest_code=00106&code=00101008361&supplier_code=00100007&order_time=2022-01-30 HTTP/1.1" 200 408
101.85.120.86 - - [30/Jan/2022:11:50:07 +0800] "GET /xingrg/all/function/internal_message.html?_=1643514603117&CODE_STATE=getMsg HTTP/1.1" 200 27
180.152.99.73 - - [30/Jan/2022:11:50:08 +0800] "GET /xingrg/kc/buy/cgsh_order_operate.html?command=get_materiel&rest_code=00151&code=00101008354&supplier_code=00100007&order_time=2022-01-30 HTTP/1.1" 200 431
180.169.147.146 - - [30/Jan/2022:11:50:15 +0800] "GET /xingrg/all/function/internal_message.html?_=1643514613949&CODE_STATE=getMsg HTTP/1.1" 200 27
180.152.99.73 - - [30/Jan/2022:11:50:15 +0800] "GET /xingrg/kc/buy/cgsh_order_operate.html?command=get_materiel&rest_code=00151&code=00101008370&supplier_code=00100007&order_time=2022-01-30 HTTP/1.1" 200 412
180.152.99.73 - - [30/Jan/2022:11:50:15 +0800] "GET /xingrg/check_reg.html?_=1643514613450 HTTP/1.1" 200 22
180.152.99.73 - - [30/Jan/2022:11:50:15 +0800] "GET /xingrg/all/function/internal_message.html?_=1643514613453&CODE_STATE=getMsg HTTP/1.1" 200 27
222.69.132.164 - - [30/Jan/2022:11:50:16 +0800] "GET /xingrg/check_reg.html?_=1643514673968 HTTP/1.1" 200 22
222.69.132.164 - - [30/Jan/2022:11:50:16 +0800] "GET /xingrg/all/function/internal_message.html?_=1643514673972&CODE_STATE=getMsg HTTP/1.1" 200 27
58.39.168.32 - - [30/Jan/2022:11:50:17 +0800] "GET /xingrg/all/function/internal_message.html?_=1643514553505&CODE_STATE=getMsg HTTP/1.1" 200 27
58.40.7.146 - - [30/Jan/2022:11:50:18 +0800] "GET /xingrg/all/function/internal_message.html?_=1643514616339&CODE_STATE=getMsg HTTP/1.1" 200 27
61.170.233.189 - - [30/Jan/2022:11:50:21 +0800] "POST /xingrg/kc/buy/cgsh_order_operate.html HTTP/1.1" 200 2065
116.228.172.94 - - [30/Jan/2022:11:50:21 +0800] "GET /xingrg/all/function/internal_message.html?_=1643514525259&CODE_STATE=getMsg HTTP/1.1" 200 27
222.70.243.96 - - [30/Jan/2022:11:50:22 +0800] "GET /xingrg/all/function/internal_message.html?_=1643514621865&CODE_STATE=getMsg HTTP/1.1" 302 -
180.152.99.73 - - [30/Jan/2022:11:50:25 +0800] "GET /xingrg/kc/buy/cgsh_order_operate.html?command=get_materiel&rest_code=00151&code=00101008355&supplier_code=00100007&order_time=2022-01-30 HTTP/1.1" 200 427
61.170.233.189 - - [30/Jan/2022:11:50:25 +0800] "GET /xingrg/kc/buy/cgsh_order_operate.html?command=get_materiel&rest_code=00106&code=00101008301&supplier_code=00100007&order_time=2022-01-30 HTTP/1.1" 200 422
222.70.243.96 - - [30/Jan/2022:11:50:27 +0800] "GET /xingrg/check_reg.html?_=1643514626987 HTTP/1.1" 200 22
222.70.243.96 - - [30/Jan/2022:11:50:27 +0800] "GET /xingrg/all/function/internal_message.html?_=1643514627448&CODE_STATE=getMsg HTTP/1.1" 200 27
114.95.98.1 - - [30/Jan/2022:11:50:27 +0800] "POST /xingrg/services/DataTransmitService HTTP/1.1" 200 524
114.95.98.1 - - [30/Jan/2022:11:50:28 +0800] "POST /xingrg/services/DataTransmitService HTTP/1.1" 200 2319
114.95.98.1 - - [30/Jan/2022:11:50:28 +0800] "POST /xingrg/services/DataTransmitService HTTP/1.1" 200 145868
180.152.99.73 - - [30/Jan/2022:11:50:30 +0800] "GET /xingrg/kc/buy/cgsh_order_operate.html?command=get_materiel&rest_code=00151&code=00101008270&supplier_code=00100007&order_time=2022-01-30 HTTP/1.1" 200 412
180.169.147.146 - - [30/Jan/2022:11:50:32 +0800] "GET /xingrg/check_reg.html?_=1643514630817 HTTP/1.1" 200 22
61.170.233.189 - - [30/Jan/2022:11:50:33 +0800] "GET /xingrg/kc/buy/cgsh_order_operate.html?command=get_materiel&rest_code=00106&code=00101008251&supplier_code=00100007&order_time=2022-01-30 HTTP/1.1" 200 408
58.39.168.32 - - [30/Jan/2022:11:50:34 +0800] "GET /xingrg/all/function/internal_message.html?_=1643514632927&CODE_STATE=getMsg HTTP/1.1" 200 27
120.253.135.82 - - [30/Jan/2022:11:50:36 +0800] "GET /xingrg/all/function/internal_message.html?_=1643514765580&CODE_STATE=getMsg HTTP/1.1" 200 27
180.152.99.73 - - [30/Jan/2022:11:50:38 +0800] "GET /xingrg/kc/buy/cgsh_order_operate.html?command=get_materiel&rest_code=00151&code=00101008095&supplier_code=00100007&order_time=2022-01-30 HTTP/1.1" 200 412
61.170.233.189 - - [30/Jan/2022:11:50:39 +0800] "GET /xingrg/all/function/internal_message.html?_=1643514634266&CODE_STATE=getMsg HTTP/1.1" 200 27
61.170.233.189 - - [30/Jan/2022:11:50:42 +0800] "GET /xingrg/kc/buy/cgsh_order_operate.html?command=get_materiel&rest_code=00106&code=00101008103&supplier_code=00100007&order_time=2022-01-30 HTTP/1.1" 200 417
114.88.155.114 - - [30/Jan/2022:11:50:44 +0800] "GET /xingrg/all/function/internal_message.html?_=1643514434642&CODE_STATE=getMsg HTTP/1.1" 200 27
180.152.99.73 - - [30/Jan/2022:11:50:45 +0800] "GET /xingrg/kc/buy/cgsh_order_operate.html?command=get_materiel&rest_code=00151&code=00101008221&supplier_code=00100007&order_time=2022-01-30 HTTP/1.1" 200 412
61.170.233.189 - - [30/Jan/2022:11:50:50 +0800] "GET /xingrg/kc/buy/cgsh_order_operate.html?command=get_materiel&rest_code=00106&code=00101011013&supplier_code=00100007&order_time=2022-01-30 HTTP/1.1" 200 399
101.83.241.237 - - [30/Jan/2022:11:50:50 +0800] "GET /xingrg/all/function/internal_message.html?_=1643514646906&CODE_STATE=getMsg HTTP/1.1" 200 27
222.70.223.103 - - [30/Jan/2022:11:50:51 +0800] "GET /xingrg/all/function/internal_message.html?_=1643514645093&CODE_STATE=getMsg HTTP/1.1" 200 27
180.152.99.39 - - [30/Jan/2022:11:50:52 +0800] "GET /xingrg/all/function/internal_message.html?_=1643514575995&CODE_STATE=getMsg HTTP/1.1" 200 27
180.152.99.73 - - [30/Jan/2022:11:50:53 +0800] "GET /xingrg/kc/buy/cgsh_order_operate.html?command=get_materiel&rest_code=00151&code=00101008223&supplier_code=00100007&order_time=2022-01-30 HTTP/1.1" 200 412
180.152.99.73 - - [30/Jan/2022:11:51:00 +0800] "GET /xingrg/kc/buy/cgsh_order_operate.html?command=get_materiel&rest_code=00151&code=00101008343&supplier_code=00100007&order_time=2022-01-30 HTTP/1.1" 200 412
222.70.179.207 - - [30/Jan/2022:11:51:00 +0800] "GET /xingrg/all/function/internal_message.html?_=1643514658592&CODE_STATE=getMsg HTTP/1.1" 200 27
222.70.179.207 - - [30/Jan/2022:11:51:00 +0800] "GET /xingrg/check_reg.html?_=1643514658641 HTTP/1.1" 200 22
180.157.251.97 - - [30/Jan/2022:11:51:01 +0800] "GET /xingrg/all/function/internal_message.html?_=1643514660655&CODE_STATE=getMsg HTTP/1.1" 200 27
61.170.233.189 - - [30/Jan/2022:11:51:02 +0800] "POST /xingrg/kc/buy/cgsh_order_operate.html HTTP/1.1" 200 2065
180.162.112.109 - - [30/Jan/2022:11:51:03 +0800] "GET /xingrg/all/function/internal_message.html?_=1643514056184&CODE_STATE=getMsg HTTP/1.1" 200 27
101.85.120.86 - - [30/Jan/2022:11:51:07 +0800] "GET /xingrg/all/function/internal_message.html?_=1643514663132&CODE_STATE=getMsg HTTP/1.1" 200 27
101.85.120.86 - - [30/Jan/2022:11:51:07 +0800] "GET /xingrg/check_reg.html?_=1643514663135 HTTP/1.1" 200 22
180.152.99.73 - - [30/Jan/2022:11:51:07 +0800] "GET /xingrg/kc/buy/cgsh_order_operate.html?command=get_materiel&rest_code=00151&code=00101008441&supplier_code=00100007&order_time=2022-01-30 HTTP/1.1" 200 406
180.152.99.73 - - [30/Jan/2022:11:51:12 +0800] "GET /xingrg/kc/buy/cgsh_order_operate.html?command=get_materiel&rest_code=00151&code=00101008150&supplier_code=00100007&order_time=2022-01-30 HTTP/1.1" 200 409
180.169.147.146 - - [30/Jan/2022:11:51:15 +0800] "GET /xingrg/all/function/internal_message.html?_=1643514673922&CODE_STATE=getMsg HTTP/1.1" 200 27
180.152.99.73 - - [30/Jan/2022:11:51:15 +0800] "GET /xingrg/all/function/internal_message.html?_=1643514673442&CODE_STATE=getMsg HTTP/1.1" 200 27
222.69.132.164 - - [30/Jan/2022:11:51:16 +0800] "GET /xingrg/all/function/internal_message.html?_=1643514733964&CODE_STATE=getMsg HTTP/1.1" 200 27
58.39.168.32 - - [30/Jan/2022:11:51:17 +0800] "GET /xingrg/all/function/internal_message.html?_=1643514613475&CODE_STATE=getMsg HTTP/1.1" 200 27
58.40.7.146 - - [30/Jan/2022:11:51:18 +0800] "GET /xingrg/all/function/internal_message.html?_=1643514676325&CODE_STATE=getMsg HTTP/1.1" 200 27
61.170.233.189 - - [30/Jan/2022:11:51:20 +0800] "GET /xingrg/kc/buy/cgsh_order_operate.html?command=get_materiel&rest_code=00106&code=00101008295&supplier_code=00100007&order_time=2022-01-30 HTTP/1.1" 200 412
116.228.172.94 - - [30/Jan/2022:11:51:21 +0800] "GET /xingrg/all/function/internal_message.html?_=1643514585250&CODE_STATE=getMsg HTTP/1.1" 200 27
222.70.243.96 - - [30/Jan/2022:11:51:22 +0800] "GET /xingrg/all/function/internal_message.html?_=1643514681870&CODE_STATE=getMsg HTTP/1.1" 302 -
180.152.99.73 - - [30/Jan/2022:11:51:24 +0800] "GET /xingrg/kc/buy/cgsh_order_operate.html?command=get_materiel&rest_code=00151&code=00101008442&supplier_code=00100007&order_time=2022-01-30 HTTP/1.1" 200 406
222.70.243.96 - - [30/Jan/2022:11:51:27 +0800] "GET /xingrg/all/function/internal_message.html?_=1643514687454&CODE_STATE=getMsg HTTP/1.1" 200 27
180.152.99.73 - - [30/Jan/2022:11:51:31 +0800] "GET /xingrg/kc/buy/cgsh_order_operate.html?command=get_materiel&rest_code=00151&code=00101008350&supplier_code=00100007&order_time=2022-01-30 HTTP/1.1" 200 429
58.39.168.32 - - [30/Jan/2022:11:51:34 +0800] "GET /xingrg/all/function/internal_message.html?_=1643514692928&CODE_STATE=getMsg HTTP/1.1" 200 27
180.152.99.39 - - [30/Jan/2022:11:51:35 +0800] "GET /xingrg/check_reg.html?_=1643514618306 HTTP/1.1" 200 22
120.253.135.82 - - [30/Jan/2022:11:51:36 +0800] "GET /xingrg/all/function/internal_message.html?_=1643514825595&CODE_STATE=getMsg HTTP/1.1" 200 27
61.170.233.189 - - [30/Jan/2022:11:51:36 +0800] "GET /xingrg/kc/buy/cgsh_order_operate.html?command=get_materiel&rest_code=00106&code=00101008213&supplier_code=00100007&order_time=2022-01-30 HTTP/1.1" 200 412
