116.233.74.11 - - [26/Jan/2022:10:28:18 +0800] "GET /xingrg/javascript/easyui/themes/icons/check_new.png HTTP/1.1" 200 3224
116.233.74.11 - - [26/Jan/2022:10:28:18 +0800] "GET /xingrg/javascript/easyui/themes/icons/field_new.png HTTP/1.1" 200 1097
116.233.74.11 - - [26/Jan/2022:10:28:18 +0800] "GET /xingrg/javascript/easyui/themes/icons/import_new.png HTTP/1.1" 200 1247
116.233.74.11 - - [26/Jan/2022:10:28:18 +0800] "GET /xingrg/javascript/easyui/plugins/jquery.parser.js HTTP/1.1" 200 1142
116.233.74.11 - - [26/Jan/2022:10:28:18 +0800] "GET /xingrg/images/control/ajaxLoader.gif HTTP/1.1" 200 4659
116.233.74.11 - - [26/Jan/2022:10:28:19 +0800] "POST /xingrg/kc/buy/cgsh_list_operate.html HTTP/1.1" 200 876
116.233.74.11 - - [26/Jan/2022:10:28:21 +0800] "GET /xingrg/javascript/easyui/themes/default/images/button_plain_hover.png HTTP/1.1" 200 144
116.233.74.11 - - [26/Jan/2022:10:28:21 +0800] "GET /xingrg/javascript/convert.js HTTP/1.1" 200 1239
116.233.74.11 - - [26/Jan/2022:10:28:21 +0800] "GET /xingrg/javascript/jquery_tools/order_manager.js HTTP/1.1" 200 11183
116.233.74.11 - - [26/Jan/2022:10:28:21 +0800] "GET /xingrg/javascript/print/kc_print.js HTTP/1.1" 200 11415
116.233.74.11 - - [26/Jan/2022:10:28:21 +0800] "GET /xingrg/javascript/json2.js HTTP/1.1" 200 11259
116.233.74.11 - - [26/Jan/2022:10:28:21 +0800] "GET /xingrg/words/20220125184438_words.js HTTP/1.1" 200 884943
116.233.74.11 - - [26/Jan/2022:10:28:21 +0800] "GET /xingrg/javascript/easyui/themes/icons/copy_new.png HTTP/1.1" 200 815
116.233.74.11 - - [26/Jan/2022:10:28:21 +0800] "GET /xingrg/javascript/easyui/themes/icons/template_new.png HTTP/1.1" 200 3956
116.233.74.11 - - [26/Jan/2022:10:28:21 +0800] "GET /xingrg/javascript/easyui/themes/icons/print.png HTTP/1.1" 200 1057
116.233.74.11 - - [26/Jan/2022:10:28:21 +0800] "GET /xingrg/javascript/easyui/themes/icons/ok.png HTTP/1.1" 200 883
116.233.74.11 - - [26/Jan/2022:10:28:21 +0800] "GET /xingrg/kc/buy/cgsh_order_add.html HTTP/1.1" 200 65639
116.233.74.11 - - [26/Jan/2022:10:28:21 +0800] "GET /xingrg/javascript/easyui/themes/default/images/menu_downarrow.png HTTP/1.1" 200 173
116.233.74.11 - - [26/Jan/2022:10:28:21 +0800] "GET /xingrg/javascript/easyui/themes/icons/cancel.png HTTP/1.1" 200 1133
116.233.74.11 - - [26/Jan/2022:10:28:22 +0800] "POST /xingrg/kc/buy/cgsh_order_operate.html HTTP/1.1" 200 8245
116.233.74.11 - - [26/Jan/2022:10:28:22 +0800] "GET /xingrg/all/common/auto_word.html?type=employee&rest_code=00109 HTTP/1.1" 200 255
116.233.74.11 - - [26/Jan/2022:10:28:22 +0800] "GET /xingrg/javascript/easyui/themes/default/validatebox.css HTTP/1.1" 404 1104
116.233.74.11 - - [26/Jan/2022:10:28:22 +0800] "GET /xingrg/javascript/easyui/plugins/jquery.validatebox.js HTTP/1.1" 200 6103
116.233.74.11 - - [26/Jan/2022:10:28:22 +0800] "GET /xingrg/javascript/easyui/themes/icons/edit_remove.png HTTP/1.1" 200 625
116.233.74.11 - - [26/Jan/2022:10:28:22 +0800] "GET /xingrg/javascript/easyui/plugins/jquery.numberbox.js HTTP/1.1" 200 5213
116.233.74.11 - - [26/Jan/2022:10:28:22 +0800] "GET /xingrg/all/common/auto_word.html?type=employee&rest_code=00109 HTTP/1.1" 200 255
180.152.99.39 - - [26/Jan/2022:10:28:23 +0800] "GET /xingrg/all/function/internal_message.html?_=1643164032298&CODE_STATE=getMsg HTTP/1.1" 200 27
114.84.146.162 - - [26/Jan/2022:10:28:27 +0800] "GET /xingrg/all/function/internal_message.html?_=1643163910196&CODE_STATE=getMsg HTTP/1.1" 200 27
116.233.74.11 - - [26/Jan/2022:10:28:28 +0800] "GET /xingrg/javascript/jquery_tools/images/prev.gif HTTP/1.1" 404 1086
116.233.74.11 - - [26/Jan/2022:10:28:28 +0800] "GET /xingrg/javascript/jquery_tools/images/next.gif HTTP/1.1" 404 1086
222.70.223.103 - - [26/Jan/2022:10:28:28 +0800] "GET /xingrg/all/function/internal_message.html?_=1643164089146&CODE_STATE=getMsg HTTP/1.1" 200 27
180.152.99.73 - - [26/Jan/2022:10:28:29 +0800] "GET /xingrg/all/function/internal_message.html?_=1643164111768&CODE_STATE=getMsg HTTP/1.1" 200 27
116.233.74.11 - - [26/Jan/2022:10:28:33 +0800] "GET /xingrg/kc/buy/cgsh_order_operate.html?command=get_materiel&rest_code=00109&code=00101011001&supplier_code=00100046&order_time=2022-01-26 HTTP/1.1" 200 423
116.233.74.11 - - [26/Jan/2022:10:28:39 +0800] "GET /xingrg/kc/buy/cgsh_order_operate.html?command=get_materiel&rest_code=00109&code=00101011003&supplier_code=00100046&order_time=2022-01-26 HTTP/1.1" 200 413
180.169.147.146 - - [26/Jan/2022:10:28:41 +0800] "GET /xingrg/all/function/internal_message.html?_=1643164120203&CODE_STATE=getMsg HTTP/1.1" 200 27
58.39.168.32 - - [26/Jan/2022:10:28:44 +0800] "GET /xingrg/all/function/internal_message.html?_=1643164124730&CODE_STATE=getMsg HTTP/1.1" 200 27
101.80.229.199 - - [26/Jan/2022:10:28:45 +0800] "GET /xingrg/all/function/internal_message.html?_=1643164125704&CODE_STATE=getMsg HTTP/1.1" 200 27
114.95.98.1 - - [26/Jan/2022:10:28:55 +0800] "GET /xingrg/all/function/internal_message.html?_=1643164157073&CODE_STATE=getMsg HTTP/1.1" 200 27
114.83.218.93 - - [26/Jan/2022:10:28:55 +0800] "GET /xingrg/all/function/internal_message.html?_=1643164135697&CODE_STATE=getMsg HTTP/1.1" 200 27
116.235.94.49 - - [26/Jan/2022:10:28:55 +0800] "GET /xingrg/all/function/internal_message.html?_=1643164278055&CODE_STATE=getMsg HTTP/1.1" 200 27
116.235.94.49 - - [26/Jan/2022:10:29:03 +0800] "GET /xingrg/all/function/internal_message.html?_=1643164189968&CODE_STATE=getMsg HTTP/1.1" 200 27
222.70.243.96 - - [26/Jan/2022:10:29:06 +0800] "GET /xingrg/all/function/internal_message.html?_=1643164154860&CODE_STATE=getMsg HTTP/1.1" 200 27
116.228.172.94 - - [26/Jan/2022:10:29:11 +0800] "GET /xingrg/all/function/internal_message.html?_=1643164065768&CODE_STATE=getMsg HTTP/1.1" 200 27
222.70.179.207 - - [26/Jan/2022:10:29:12 +0800] "GET /xingrg/all/function/internal_message.html?_=1643164149989&CODE_STATE=getMsg HTTP/1.1" 200 27
116.233.74.11 - - [26/Jan/2022:10:29:12 +0800] "GET /xingrg/all/function/internal_message.html?_=1643164153251&CODE_STATE=getMsg HTTP/1.1" 200 27
180.152.99.39 - - [26/Jan/2022:10:29:23 +0800] "GET /xingrg/all/function/internal_message.html?_=1643164092315&CODE_STATE=getMsg HTTP/1.1" 200 27
114.84.146.162 - - [26/Jan/2022:10:29:27 +0800] "GET /xingrg/all/function/internal_message.html?_=1643163970170&CODE_STATE=getMsg HTTP/1.1" 200 27
222.70.223.103 - - [26/Jan/2022:10:29:28 +0800] "GET /xingrg/all/function/internal_message.html?_=1643164149147&CODE_STATE=getMsg HTTP/1.1" 200 27
180.152.99.73 - - [26/Jan/2022:10:29:29 +0800] "GET /xingrg/all/function/internal_message.html?_=1643164171768&CODE_STATE=getMsg HTTP/1.1" 200 27
116.233.74.11 - - [26/Jan/2022:10:29:39 +0800] "POST /xingrg/kc/buy/cgsh_order_operate.html HTTP/1.1" 200 37
116.233.74.11 - - [26/Jan/2022:10:29:40 +0800] "POST /xingrg/kc/buy/cgsh_order_operate.html HTTP/1.1" 200 3257
180.169.147.146 - - [26/Jan/2022:10:29:41 +0800] "GET /xingrg/all/function/internal_message.html?_=1643164180180&CODE_STATE=getMsg HTTP/1.1" 200 27
116.233.74.11 - - [26/Jan/2022:10:29:41 +0800] "GET /xingrg/kc/print/load_config.html?kc_code=cgsh HTTP/1.1" 200 1943
116.233.74.11 - - [26/Jan/2022:10:29:41 +0800] "GET /xingrg/kc/print/load_data.html?order_code=212022012613382&kc_code=cgsh&condition= HTTP/1.1" 200 902
58.39.168.32 - - [26/Jan/2022:10:29:44 +0800] "GET /xingrg/all/function/internal_message.html?_=1643164184733&CODE_STATE=getMsg HTTP/1.1" 200 27
58.39.168.32 - - [26/Jan/2022:10:29:44 +0800] "GET /xingrg/check_reg.html?_=1643164184737 HTTP/1.1" 200 22
101.80.229.199 - - [26/Jan/2022:10:29:45 +0800] "GET /xingrg/all/function/internal_message.html?_=1643164185706&CODE_STATE=getMsg HTTP/1.1" 200 27
101.80.229.199 - - [26/Jan/2022:10:29:45 +0800] "GET /xingrg/check_reg.html?_=1643164185707 HTTP/1.1" 200 22
116.233.74.11 - - [26/Jan/2022:10:29:48 +0800] "GET /xingrg/kc/buy/cgsh_order_add.html HTTP/1.1" 200 65639
116.233.74.11 - - [26/Jan/2022:10:29:48 +0800] "POST /xingrg/kc/buy/cgsh_order_operate.html HTTP/1.1" 200 8245
116.233.74.11 - - [26/Jan/2022:10:29:48 +0800] "GET /xingrg/all/common/auto_word.html?type=employee&rest_code=00109 HTTP/1.1" 200 255
116.233.74.11 - - [26/Jan/2022:10:29:48 +0800] "GET /xingrg/all/common/auto_word.html?type=employee&rest_code=00109 HTTP/1.1" 200 255
116.233.74.11 - - [26/Jan/2022:10:29:48 +0800] "GET /xingrg/javascript/easyui/themes/default/validatebox.css HTTP/1.1" 404 1104
116.233.74.11 - - [26/Jan/2022:10:29:50 +0800] "GET /xingrg/javascript/jquery_tools/images/next.gif HTTP/1.1" 404 1086
116.233.74.11 - - [26/Jan/2022:10:29:50 +0800] "GET /xingrg/javascript/jquery_tools/images/prev.gif HTTP/1.1" 404 1086
114.95.98.1 - - [26/Jan/2022:10:29:52 +0800] "GET /xingrg/check_reg.html?_=1643164214949 HTTP/1.1" 200 22
114.95.98.1 - - [26/Jan/2022:10:29:55 +0800] "GET /xingrg/all/function/internal_message.html?_=1643164217332&CODE_STATE=getMsg HTTP/1.1" 200 27
114.83.218.93 - - [26/Jan/2022:10:29:55 +0800] "GET /xingrg/all/function/internal_message.html?_=1643164195671&CODE_STATE=getMsg HTTP/1.1" 200 27
116.235.94.49 - - [26/Jan/2022:10:29:55 +0800] "GET /xingrg/check_reg.html?_=1643164338053 HTTP/1.1" 200 22
116.235.94.49 - - [26/Jan/2022:10:29:55 +0800] "GET /xingrg/all/function/internal_message.html?_=1643164338054&CODE_STATE=getMsg HTTP/1.1" 200 27
116.235.94.49 - - [26/Jan/2022:10:30:03 +0800] "GET /xingrg/all/function/internal_message.html?_=1643164250389&CODE_STATE=getMsg HTTP/1.1" 200 27
222.70.243.96 - - [26/Jan/2022:10:30:06 +0800] "GET /xingrg/all/function/internal_message.html?_=1643164214864&CODE_STATE=getMsg HTTP/1.1" 200 27
116.233.74.11 - - [26/Jan/2022:10:30:06 +0800] "GET /xingrg/kc/buy/cgsh_order_operate.html?command=get_materiel&rest_code=00109&code=00101001010&supplier_code=00100454&order_time=2022-01-26 HTTP/1.1" 200 411
116.228.172.94 - - [26/Jan/2022:10:30:11 +0800] "GET /xingrg/all/function/internal_message.html?_=1643164125779&CODE_STATE=getMsg HTTP/1.1" 200 27
222.70.179.207 - - [26/Jan/2022:10:30:12 +0800] "GET /xingrg/check_reg.html?_=1643164209989 HTTP/1.1" 200 22
222.70.179.207 - - [26/Jan/2022:10:30:12 +0800] "GET /xingrg/all/function/internal_message.html?_=1643164209991&CODE_STATE=getMsg HTTP/1.1" 200 27
116.233.74.11 - - [26/Jan/2022:10:30:12 +0800] "GET /xingrg/all/function/internal_message.html?_=1643164213255&CODE_STATE=getMsg HTTP/1.1" 200 27
116.233.74.11 - - [26/Jan/2022:10:30:17 +0800] "GET /xingrg/kc/buy/cgsh_order_operate.html?command=get_materiel&rest_code=00109&code=00101005036&supplier_code=00100454&order_time=2022-01-26 HTTP/1.1" 200 411
116.235.94.49 - - [26/Jan/2022:10:30:22 +0800] "GET /xingrg/check_reg.html?_=1643164268912 HTTP/1.1" 200 22
180.152.99.39 - - [26/Jan/2022:10:30:23 +0800] "GET /xingrg/all/function/internal_message.html?_=1643164152326&CODE_STATE=getMsg HTTP/1.1" 200 27
116.233.74.11 - - [26/Jan/2022:10:30:26 +0800] "GET /xingrg/kc/buy/cgsh_order_operate.html?command=get_materiel&rest_code=00109&code=00101001269&supplier_code=00100454&order_time=2022-01-26 HTTP/1.1" 200 401
114.84.146.162 - - [26/Jan/2022:10:30:27 +0800] "GET /xingrg/all/function/internal_message.html?_=1643164030152&CODE_STATE=getMsg HTTP/1.1" 200 27
222.70.223.103 - - [26/Jan/2022:10:30:28 +0800] "GET /xingrg/all/function/internal_message.html?_=1643164209147&CODE_STATE=getMsg HTTP/1.1" 200 27
180.169.147.146 - - [26/Jan/2022:10:30:29 +0800] "GET /xingrg/check_reg.html?_=1643164235988 HTTP/1.1" 200 22
180.152.99.73 - - [26/Jan/2022:10:30:29 +0800] "GET /xingrg/all/function/internal_message.html?_=1643164231781&CODE_STATE=getMsg HTTP/1.1" 200 27
116.233.74.11 - - [26/Jan/2022:10:30:33 +0800] "GET /xingrg/kc/buy/cgsh_order_operate.html?command=get_materiel&rest_code=00109&code=00101001032&supplier_code=00100454&order_time=2022-01-26 HTTP/1.1" 200 413
180.169.147.146 - - [26/Jan/2022:10:30:40 +0800] "GET /xingrg/all/function/internal_message.html?_=1643164240163&CODE_STATE=getMsg HTTP/1.1" 200 27
58.39.168.32 - - [26/Jan/2022:10:30:44 +0800] "GET /xingrg/all/function/internal_message.html?_=1643164244731&CODE_STATE=getMsg HTTP/1.1" 200 27
101.80.229.199 - - [26/Jan/2022:10:30:45 +0800] "GET /xingrg/all/function/internal_message.html?_=1643164245692&CODE_STATE=getMsg HTTP/1.1" 200 27
116.233.74.11 - - [26/Jan/2022:10:30:46 +0800] "POST /xingrg/kc/buy/cgsh_order_operate.html HTTP/1.1" 200 37
116.233.74.11 - - [26/Jan/2022:10:30:47 +0800] "POST /xingrg/kc/buy/cgsh_order_operate.html HTTP/1.1" 200 4434
116.233.74.11 - - [26/Jan/2022:10:30:49 +0800] "GET /xingrg/kc/print/load_config.html?kc_code=cgsh HTTP/1.1" 200 1943
116.233.74.11 - - [26/Jan/2022:10:30:49 +0800] "GET /xingrg/kc/print/load_data.html?order_code=212022012613383&kc_code=cgsh&condition= HTTP/1.1" 200 1335
116.233.74.11 - - [26/Jan/2022:10:30:53 +0800] "GET /xingrg/kc/buy/cgsh_order_add.html HTTP/1.1" 200 65639
116.233.74.11 - - [26/Jan/2022:10:30:53 +0800] "POST /xingrg/kc/buy/cgsh_order_operate.html HTTP/1.1" 200 8245
116.233.74.11 - - [26/Jan/2022:10:30:53 +0800] "GET /xingrg/all/common/auto_word.html?type=employee&rest_code=00109 HTTP/1.1" 200 255
116.233.74.11 - - [26/Jan/2022:10:30:53 +0800] "GET /xingrg/all/common/auto_word.html?type=employee&rest_code=00109 HTTP/1.1" 200 255
116.233.74.11 - - [26/Jan/2022:10:30:53 +0800] "GET /xingrg/javascript/easyui/themes/default/validatebox.css HTTP/1.1" 404 1104
114.95.98.1 - - [26/Jan/2022:10:30:55 +0800] "GET /xingrg/all/function/internal_message.html?_=1643164277340&CODE_STATE=getMsg HTTP/1.1" 200 27
114.83.218.93 - - [26/Jan/2022:10:30:55 +0800] "GET /xingrg/all/function/internal_message.html?_=1643164255642&CODE_STATE=getMsg HTTP/1.1" 200 27
116.235.94.49 - - [26/Jan/2022:10:30:55 +0800] "GET /xingrg/all/function/internal_message.html?_=1643164398051&CODE_STATE=getMsg HTTP/1.1" 200 27
116.233.74.11 - - [26/Jan/2022:10:30:56 +0800] "GET /xingrg/javascript/jquery_tools/images/prev.gif HTTP/1.1" 404 1086
116.233.74.11 - - [26/Jan/2022:10:30:56 +0800] "GET /xingrg/javascript/jquery_tools/images/next.gif HTTP/1.1" 404 1086
116.233.74.11 - - [26/Jan/2022:10:31:01 +0800] "GET /xingrg/kc/buy/cgsh_order_operate.html?command=get_materiel&rest_code=00109&code=00101012026&supplier_code=00100035&order_time=2022-01-26 HTTP/1.1" 200 408
116.235.94.49 - - [26/Jan/2022:10:31:03 +0800] "GET /xingrg/all/function/internal_message.html?_=1643164310400&CODE_STATE=getMsg HTTP/1.1" 200 27
114.84.146.162 - - [26/Jan/2022:10:31:03 +0800] "GET /xingrg/check_reg.html?_=1643164066523 HTTP/1.1" 200 22
222.70.243.96 - - [26/Jan/2022:10:31:06 +0800] "GET /xingrg/all/function/internal_message.html?_=1643164274971&CODE_STATE=getMsg HTTP/1.1" 200 27
116.233.74.11 - - [26/Jan/2022:10:31:11 +0800] "GET /xingrg/kc/buy/cgsh_order_operate.html?command=get_materiel&rest_code=00109&code=00101016105&supplier_code=00100035&order_time=2022-01-26 HTTP/1.1" 200 409
116.228.172.94 - - [26/Jan/2022:10:31:11 +0800] "GET /xingrg/all/function/internal_message.html?_=1643164185767&CODE_STATE=getMsg HTTP/1.1" 200 27
222.70.179.207 - - [26/Jan/2022:10:31:12 +0800] "GET /xingrg/all/function/internal_message.html?_=1643164269990&CODE_STATE=getMsg HTTP/1.1" 200 27
116.233.74.11 - - [26/Jan/2022:10:31:12 +0800] "GET /xingrg/all/function/internal_message.html?_=1643164273258&CODE_STATE=getMsg HTTP/1.1" 200 27
222.70.243.96 - - [26/Jan/2022:10:31:15 +0800] "GET /xingrg/kc/buy/cgsh_order_operate.html?command=get_materiel&rest_code=00146&code=00101008350&supplier_code=00100005&order_time=2022-01-26 HTTP/1.1" 200 408
116.233.74.11 - - [26/Jan/2022:10:31:18 +0800] "GET /xingrg/kc/buy/cgsh_order_operate.html?command=get_materiel&rest_code=00109&code=00101012010&supplier_code=00100035&order_time=2022-01-26 HTTP/1.1" 200 409
180.152.99.39 - - [26/Jan/2022:10:31:23 +0800] "GET /xingrg/check_reg.html?_=1643164212221 HTTP/1.1" 200 22
180.152.99.39 - - [26/Jan/2022:10:31:23 +0800] "GET /xingrg/all/function/internal_message.html?_=1643164212339&CODE_STATE=getMsg HTTP/1.1" 200 27
114.84.146.162 - - [26/Jan/2022:10:31:27 +0800] "GET /xingrg/all/function/internal_message.html?_=1643164090123&CODE_STATE=getMsg HTTP/1.1" 200 27
222.70.223.103 - - [26/Jan/2022:10:31:28 +0800] "GET /xingrg/all/function/internal_message.html?_=1643164269146&CODE_STATE=getMsg HTTP/1.1" 200 27
180.152.99.73 - - [26/Jan/2022:10:31:29 +0800] "GET /xingrg/all/function/internal_message.html?_=1643164291785&CODE_STATE=getMsg HTTP/1.1" 200 27
116.233.74.11 - - [26/Jan/2022:10:31:32 +0800] "POST /xingrg/kc/buy/cgsh_order_operate.html HTTP/1.1" 200 37
116.233.74.11 - - [26/Jan/2022:10:31:34 +0800] "POST /xingrg/kc/buy/cgsh_order_operate.html HTTP/1.1" 200 3828
116.233.74.11 - - [26/Jan/2022:10:31:35 +0800] "GET /xingrg/kc/print/load_config.html?kc_code=cgsh HTTP/1.1" 200 1943
116.233.74.11 - - [26/Jan/2022:10:31:36 +0800] "GET /xingrg/kc/print/load_data.html?order_code=212022012613384&kc_code=cgsh&condition= HTTP/1.1" 200 1124
222.70.243.96 - - [26/Jan/2022:10:31:36 +0800] "GET /xingrg/check_reg.html?_=1643164304879 HTTP/1.1" 200 22
116.233.74.11 - - [26/Jan/2022:10:31:39 +0800] "GET /xingrg/kc/buy/cgsh_order_add.html HTTP/1.1" 200 65639
116.233.74.11 - - [26/Jan/2022:10:31:40 +0800] "POST /xingrg/kc/buy/cgsh_order_operate.html HTTP/1.1" 200 8245
116.233.74.11 - - [26/Jan/2022:10:31:40 +0800] "GET /xingrg/all/common/auto_word.html?type=employee&rest_code=00109 HTTP/1.1" 200 255
116.233.74.11 - - [26/Jan/2022:10:31:40 +0800] "GET /xingrg/javascript/easyui/themes/default/validatebox.css HTTP/1.1" 404 1104
116.233.74.11 - - [26/Jan/2022:10:31:40 +0800] "GET /xingrg/all/common/auto_word.html?type=employee&rest_code=00109 HTTP/1.1" 200 255
180.169.147.146 - - [26/Jan/2022:10:31:40 +0800] "GET /xingrg/all/function/internal_message.html?_=1643164300140&CODE_STATE=getMsg HTTP/1.1" 200 27
116.233.74.11 - - [26/Jan/2022:10:31:41 +0800] "GET /xingrg/javascript/jquery_tools/images/prev.gif HTTP/1.1" 404 1086
116.233.74.11 - - [26/Jan/2022:10:31:41 +0800] "GET /xingrg/javascript/jquery_tools/images/next.gif HTTP/1.1" 404 1086
180.169.147.146 - - [26/Jan/2022:10:31:41 +0800] "GET /xingrg/check_reg.html?_=1643164300501 HTTP/1.1" 200 22
120.253.135.82 - - [26/Jan/2022:10:31:42 +0800] "GET /xingrg/check_reg.html?_=1643164093038 HTTP/1.1" 200 22
222.70.243.96 - - [26/Jan/2022:10:31:43 +0800] "POST /xingrg/services/DataTransmitService HTTP/1.1" 200 524
222.70.243.96 - - [26/Jan/2022:10:31:44 +0800] "POST /xingrg/services/DataTransmitService HTTP/1.1" 200 2167
58.39.168.32 - - [26/Jan/2022:10:31:44 +0800] "GET /xingrg/all/function/internal_message.html?_=1643164304727&CODE_STATE=getMsg HTTP/1.1" 200 27
101.80.229.199 - - [26/Jan/2022:10:31:45 +0800] "GET /xingrg/all/function/internal_message.html?_=1643164305695&CODE_STATE=getMsg HTTP/1.1" 200 27
116.233.74.11 - - [26/Jan/2022:10:31:46 +0800] "GET /xingrg/kc/buy/cgsh_order_operate.html?command=get_materiel&rest_code=00109&code=00101007075&supplier_code=00100004&order_time=2022-01-26 HTTP/1.1" 200 409
222.70.243.96 - - [26/Jan/2022:10:31:46 +0800] "POST /xingrg/services/DataTransmitService HTTP/1.1" 200 524
222.70.243.96 - - [26/Jan/2022:10:31:46 +0800] "POST /xingrg/services/DataTransmitService HTTP/1.1" 200 2167
222.70.243.96 - - [26/Jan/2022:10:31:48 +0800] "POST /xingrg/services/DataTransmitService HTTP/1.1" 200 524
222.70.243.96 - - [26/Jan/2022:10:31:49 +0800] "POST /xingrg/services/DataTransmitService HTTP/1.1" 200 2167
116.233.74.11 - - [26/Jan/2022:10:31:54 +0800] "GET /xingrg/kc/buy/cgsh_order_operate.html?command=get_materiel&rest_code=00109&code=00101007049&supplier_code=00100004&order_time=2022-01-26 HTTP/1.1" 200 409
114.95.98.1 - - [26/Jan/2022:10:31:55 +0800] "GET /xingrg/all/function/internal_message.html?_=1643164337549&CODE_STATE=getMsg HTTP/1.1" 200 27
114.83.218.93 - - [26/Jan/2022:10:31:55 +0800] "GET /xingrg/all/function/internal_message.html?_=1643164315626&CODE_STATE=getMsg HTTP/1.1" 200 27
116.235.94.49 - - [26/Jan/2022:10:31:55 +0800] "GET /xingrg/all/function/internal_message.html?_=1643164458050&CODE_STATE=getMsg HTTP/1.1" 200 27
114.83.218.93 - - [26/Jan/2022:10:31:56 +0800] "GET /xingrg/check_reg.html?_=1643164316502 HTTP/1.1" 200 22
116.233.74.11 - - [26/Jan/2022:10:32:02 +0800] "GET /xingrg/kc/buy/cgsh_order_operate.html?command=get_materiel&rest_code=00109&code=00101007061&supplier_code=00100004&order_time=2022-01-26 HTTP/1.1" 200 409
116.235.94.49 - - [26/Jan/2022:10:32:03 +0800] "GET /xingrg/all/function/internal_message.html?_=1643164370414&CODE_STATE=getMsg HTTP/1.1" 200 27
101.80.226.190 - - [26/Jan/2022:10:32:03 +0800] "POST /xingrg/services/DataTransmitService HTTP/1.1" 200 524
101.80.226.190 - - [26/Jan/2022:10:32:04 +0800] "POST /xingrg/services/DataTransmitService HTTP/1.1" 200 1971
101.80.226.190 - - [26/Jan/2022:10:32:04 +0800] "POST /xingrg/services/DataTransmitService HTTP/1.1" 200 524
101.80.226.190 - - [26/Jan/2022:10:32:04 +0800] "POST /xingrg/services/DataTransmitService HTTP/1.1" 200 1971
101.80.226.190 - - [26/Jan/2022:10:32:04 +0800] "POST /xingrg/services/DataTransmitService HTTP/1.1" 200 524
101.80.226.190 - - [26/Jan/2022:10:32:05 +0800] "POST /xingrg/services/DataTransmitService HTTP/1.1" 200 1971
101.80.226.190 - - [26/Jan/2022:10:32:05 +0800] "POST /xingrg/services/DataTransmitService HTTP/1.1" 200 524
101.80.226.190 - - [26/Jan/2022:10:32:06 +0800] "POST /xingrg/services/DataTransmitService HTTP/1.1" 200 1971
101.80.226.190 - - [26/Jan/2022:10:32:06 +0800] "POST /xingrg/services/DataTransmitService HTTP/1.1" 200 524
222.70.243.96 - - [26/Jan/2022:10:32:06 +0800] "GET /xingrg/all/function/internal_message.html?_=1643164334985&CODE_STATE=getMsg HTTP/1.1" 200 27
101.80.226.190 - - [26/Jan/2022:10:32:06 +0800] "POST /xingrg/services/DataTransmitService HTTP/1.1" 200 1971
101.80.226.190 - - [26/Jan/2022:10:32:06 +0800] "POST /xingrg/services/DataTransmitService HTTP/1.1" 200 524
101.80.226.190 - - [26/Jan/2022:10:32:07 +0800] "POST /xingrg/services/DataTransmitService HTTP/1.1" 200 1971
101.80.226.190 - - [26/Jan/2022:10:32:07 +0800] "POST /xingrg/services/DataTransmitService HTTP/1.1" 200 524
101.80.226.190 - - [26/Jan/2022:10:32:08 +0800] "POST /xingrg/services/DataTransmitService HTTP/1.1" 200 1971
101.80.226.190 - - [26/Jan/2022:10:32:08 +0800] "POST /xingrg/services/DataTransmitService HTTP/1.1" 200 524
101.80.226.190 - - [26/Jan/2022:10:32:08 +0800] "POST /xingrg/services/DataTransmitService HTTP/1.1" 200 1971
116.233.74.11 - - [26/Jan/2022:10:32:10 +0800] "GET /xingrg/kc/buy/cgsh_order_operate.html?command=get_materiel&rest_code=00109&code=00101007049&supplier_code=00100004&order_time=2022-01-26 HTTP/1.1" 200 409
116.228.172.94 - - [26/Jan/2022:10:32:11 +0800] "GET /xingrg/all/function/internal_message.html?_=1643164245760&CODE_STATE=getMsg HTTP/1.1" 200 27
222.70.179.207 - - [26/Jan/2022:10:32:12 +0800] "GET /xingrg/all/function/internal_message.html?_=1643164329992&CODE_STATE=getMsg HTTP/1.1" 200 27
116.233.74.11 - - [26/Jan/2022:10:32:12 +0800] "GET /xingrg/all/function/internal_message.html?_=1643164333258&CODE_STATE=getMsg HTTP/1.1" 200 27
180.152.99.73 - - [26/Jan/2022:10:32:17 +0800] "GET /xingrg/kc/base/yddb_order_list.html HTTP/1.1" 200 16670
180.152.99.73 - - [26/Jan/2022:10:32:18 +0800] "POST /xingrg/kc/base/yddb_list_operate.html HTTP/1.1" 200 636
180.152.99.73 - - [26/Jan/2022:10:32:22 +0800] "GET /xingrg/javascript/jquery_tools/images/next.gif HTTP/1.1" 404 1086
180.152.99.73 - - [26/Jan/2022:10:32:22 +0800] "GET /xingrg/javascript/jquery_tools/images/prev.gif HTTP/1.1" 404 1086
180.152.99.39 - - [26/Jan/2022:10:32:23 +0800] "GET /xingrg/all/function/internal_message.html?_=1643164272353&CODE_STATE=getMsg HTTP/1.1" 200 27
180.152.99.73 - - [26/Jan/2022:10:32:25 +0800] "POST /xingrg/kc/base/yddb_list_operate.html HTTP/1.1" 200 1626
114.84.146.162 - - [26/Jan/2022:10:32:27 +0800] "GET /xingrg/all/function/internal_message.html?_=1643164150092&CODE_STATE=getMsg HTTP/1.1" 200 27
180.152.99.73 - - [26/Jan/2022:10:32:27 +0800] "POST /xingrg/kc/base/yddb_list_operate.html HTTP/1.1" 200 561
180.152.99.73 - - [26/Jan/2022:10:32:28 +0800] "GET /xingrg/dwr/interface/AjaxComOrderService.js HTTP/1.1" 200 18264
180.152.99.73 - - [26/Jan/2022:10:32:28 +0800] "GET /xingrg/kc/base/yddb_order_info.html?code=482022012600194 HTTP/1.1" 200 31204
180.152.99.73 - - [26/Jan/2022:10:32:28 +0800] "GET /xingrg/dwr/interface/AjaxYddbService.js HTTP/1.1" 200 13201
180.152.99.73 - - [26/Jan/2022:10:32:28 +0800] "GET /xingrg/dwr/engine.js HTTP/1.1" 200 43631
180.152.99.73 - - [26/Jan/2022:10:32:28 +0800] "POST /xingrg/dwr/call/plaincall/AjaxYddbService.loadMaterielItems.dwr HTTP/1.1" 200 1967
222.70.223.103 - - [26/Jan/2022:10:32:28 +0800] "GET /xingrg/check_reg.html?_=1643164329145 HTTP/1.1" 200 22
222.70.223.103 - - [26/Jan/2022:10:32:28 +0800] "GET /xingrg/all/function/internal_message.html?_=1643164329149&CODE_STATE=getMsg HTTP/1.1" 200 27
222.70.243.96 - - [26/Jan/2022:10:32:29 +0800] "GET /xingrg/kc/buy/cgsh_order_operate.html?command=get_materiel&rest_code=00146&code=00101008110&supplier_code=00100005&order_time=2022-01-26 HTTP/1.1" 200 408
180.152.99.73 - - [26/Jan/2022:10:32:29 +0800] "GET /xingrg/check_reg.html?_=1643164351792 HTTP/1.1" 200 22
180.152.99.73 - - [26/Jan/2022:10:32:29 +0800] "GET /xingrg/all/function/internal_message.html?_=1643164351794&CODE_STATE=getMsg HTTP/1.1" 200 27
116.233.74.11 - - [26/Jan/2022:10:32:30 +0800] "GET /xingrg/kc/buy/cgsh_order_operate.html?command=get_materiel&rest_code=00109&code=00101007091&supplier_code=00100004&order_time=2022-01-26 HTTP/1.1" 200 413
180.152.99.73 - - [26/Jan/2022:10:32:31 +0800] "GET /xingrg/kc/base/yddb_order_report.html?fileType=printView.do&code=482022012600194&reportName=ck_order_report&subName=yddb HTTP/1.1" 302 -
180.152.99.73 - - [26/Jan/2022:10:32:31 +0800] "GET /xingrg/printView.do?sysBaseUrl=http%3A%2F%2F180.169.147.146%3A18081%2Fxingrg%2F&costTime=89×tamp=1643164351497 HTTP/1.1" 200 1153
180.152.99.73 - - [26/Jan/2022:10:32:31 +0800] "GET /xingrg/applets HTTP/1.1" 302 -
180.152.99.73 - - [26/Jan/2022:10:32:31 +0800] "GET /xingrg/applets/ HTTP/1.1" 404 992
180.152.99.73 - - [26/Jan/2022:10:32:31 +0800] "GET /favicon.ico HTTP/1.1" 404 -
222.70.182.51 - - [26/Jan/2022:10:32:37 +0800] "POST /xingrg/services/DataTransmitService HTTP/1.1" 200 524
222.70.182.51 - - [26/Jan/2022:10:32:37 +0800] "POST /xingrg/services/DataTransmitService HTTP/1.1" 200 2415
180.169.147.146 - - [26/Jan/2022:10:32:40 +0800] "GET /xingrg/all/function/internal_message.html?_=1643164360118&CODE_STATE=getMsg HTTP/1.1" 200 27
222.70.182.51 - - [26/Jan/2022:10:32:41 +0800] "POST /xingrg/services/DataTransmitService HTTP/1.1" 200 524
222.70.182.51 - - [26/Jan/2022:10:32:42 +0800] "POST /xingrg/services/DataTransmitService HTTP/1.1" 200 2415
222.70.243.96 - - [26/Jan/2022:10:32:44 +0800] "GET /xingrg/kc/buy/cgsh_order_operate.html?command=get_materiel&rest_code=00146&code=00101008096&supplier_code=00100005&order_time=2022-01-26 HTTP/1.1" 200 413
58.39.168.32 - - [26/Jan/2022:10:32:44 +0800] "GET /xingrg/all/function/internal_message.html?_=1643164364730&CODE_STATE=getMsg HTTP/1.1" 200 27
101.80.229.199 - - [26/Jan/2022:10:32:45 +0800] "GET /xingrg/all/function/internal_message.html?_=1643164365697&CODE_STATE=getMsg HTTP/1.1" 200 27
116.233.74.11 - - [26/Jan/2022:10:32:47 +0800] "POST /xingrg/kc/buy/cgsh_order_operate.html HTTP/1.1" 200 37
116.233.74.11 - - [26/Jan/2022:10:32:48 +0800] "POST /xingrg/kc/buy/cgsh_order_operate.html HTTP/1.1" 200 5017
116.233.74.11 - - [26/Jan/2022:10:32:49 +0800] "GET /xingrg/kc/print/load_config.html?kc_code=cgsh HTTP/1.1" 200 1943
116.233.74.11 - - [26/Jan/2022:10:32:49 +0800] "GET /xingrg/kc/print/load_data.html?order_code=212022012613385&kc_code=cgsh&condition= HTTP/1.1" 200 1608
114.95.98.1 - - [26/Jan/2022:10:32:55 +0800] "GET /xingrg/all/function/internal_message.html?_=1643164397556&CODE_STATE=getMsg HTTP/1.1" 200 27
114.83.218.93 - - [26/Jan/2022:10:32:55 +0800] "GET /xingrg/all/function/internal_message.html?_=1643164375596&CODE_STATE=getMsg HTTP/1.1" 200 27
116.235.94.49 - - [26/Jan/2022:10:32:55 +0800] "GET /xingrg/all/function/internal_message.html?_=1643164518040&CODE_STATE=getMsg HTTP/1.1" 200 27
222.70.243.96 - - [26/Jan/2022:10:32:56 +0800] "GET /xingrg/kc/buy/cgsh_order_operate.html?command=get_materiel&rest_code=00146&code=00101008038&supplier_code=00100005&order_time=2022-01-26 HTTP/1.1" 200 412
116.233.74.11 - - [26/Jan/2022:10:32:56 +0800] "GET /xingrg/kc/buy/cgsh_order_add.html HTTP/1.1" 200 65639
116.233.74.11 - - [26/Jan/2022:10:32:57 +0800] "POST /xingrg/kc/buy/cgsh_order_operate.html HTTP/1.1" 200 8245
116.233.74.11 - - [26/Jan/2022:10:32:57 +0800] "GET /xingrg/all/common/auto_word.html?type=employee&rest_code=00109 HTTP/1.1" 200 255
116.233.74.11 - - [26/Jan/2022:10:32:57 +0800] "GET /xingrg/all/common/auto_word.html?type=employee&rest_code=00109 HTTP/1.1" 200 255
116.233.74.11 - - [26/Jan/2022:10:32:57 +0800] "GET /xingrg/javascript/easyui/themes/default/validatebox.css HTTP/1.1" 404 1104
116.233.74.11 - - [26/Jan/2022:10:32:58 +0800] "GET /xingrg/javascript/jquery_tools/images/prev.gif HTTP/1.1" 404 1086
116.233.74.11 - - [26/Jan/2022:10:32:58 +0800] "GET /xingrg/javascript/jquery_tools/images/next.gif HTTP/1.1" 404 1086
222.70.243.96 - - [26/Jan/2022:10:33:00 +0800] "POST /xingrg/kc/buy/cgsh_order_operate.html HTTP/1.1" 200 2065
116.235.94.49 - - [26/Jan/2022:10:33:03 +0800] "GET /xingrg/all/function/internal_message.html?_=1643164430836&CODE_STATE=getMsg HTTP/1.1" 200 27
116.233.74.11 - - [26/Jan/2022:10:33:05 +0800] "GET /xingrg/kc/buy/cgsh_order_operate.html?command=get_materiel&rest_code=00109&code=00101006127&supplier_code=00100015&order_time=2022-01-26 HTTP/1.1" 200 423
222.70.243.96 - - [26/Jan/2022:10:33:06 +0800] "GET /xingrg/all/function/internal_message.html?_=1643164394998&CODE_STATE=getMsg HTTP/1.1" 200 27
180.152.99.73 - - [26/Jan/2022:10:33:08 +0800] "GET /xingrg/kc/base/yddb_order_report.html?fileType=servlets/html&code=482022012600194&reportName=ck_order_report&subName=yddb HTTP/1.1" 302 -
180.152.99.73 - - [26/Jan/2022:10:33:08 +0800] "GET /xingrg/servlets/html?sysBaseUrl=http%3A%2F%2F180.169.147.146%3A18081%2Fxingrg%2F&costTime=90×tamp=1643164388085 HTTP/1.1" 200 25868
180.152.99.73 - - [26/Jan/2022:10:33:08 +0800] "GET /xingrg/servlets/image?image=px HTTP/1.1" 200 807
180.152.99.73 - - [26/Jan/2022:10:33:08 +0800] "GET /favicon.ico HTTP/1.1" 404 -
116.228.172.94 - - [26/Jan/2022:10:33:11 +0800] "GET /xingrg/all/function/internal_message.html?_=1643164305750&CODE_STATE=getMsg HTTP/1.1" 200 27
116.228.172.94 - - [26/Jan/2022:10:33:11 +0800] "GET /xingrg/check_reg.html?_=1643164305754 HTTP/1.1" 200 22
116.233.74.11 - - [26/Jan/2022:10:33:12 +0800] "GET /xingrg/kc/buy/cgsh_order_operate.html?command=get_materiel&rest_code=00109&code=00101006110&supplier_code=00100015&order_time=2022-01-26 HTTP/1.1" 200 408
222.70.179.207 - - [26/Jan/2022:10:33:12 +0800] "GET /xingrg/all/function/internal_message.html?_=1643164389999&CODE_STATE=getMsg HTTP/1.1" 200 27
116.233.74.11 - - [26/Jan/2022:10:33:12 +0800] "GET /xingrg/all/function/internal_message.html?_=1643164393262&CODE_STATE=getMsg HTTP/1.1" 200 27
116.233.74.11 - - [26/Jan/2022:10:33:12 +0800] "GET /xingrg/check_reg.html?_=1643164393264 HTTP/1.1" 200 22
222.70.243.96 - - [26/Jan/2022:10:33:16 +0800] "GET /xingrg/kc/buy/cgsh_order_operate.html?command=get_materiel&rest_code=00146&code=00101008163&supplier_code=00100005&order_time=2022-01-26 HTTP/1.1" 200 409
116.233.74.11 - - [26/Jan/2022:10:33:22 +0800] "GET /xingrg/kc/buy/cgsh_order_operate.html?command=get_materiel&rest_code=00109&code=00101006293&supplier_code=00100015&order_time=2022-01-26 HTTP/1.1" 200 416
180.152.99.39 - - [26/Jan/2022:10:33:23 +0800] "GET /xingrg/all/function/internal_message.html?_=1643164332365&CODE_STATE=getMsg HTTP/1.1" 200 27
114.84.146.162 - - [26/Jan/2022:10:33:27 +0800] "GET /xingrg/all/function/internal_message.html?_=1643164210089&CODE_STATE=getMsg HTTP/1.1" 200 27
116.233.74.11 - - [26/Jan/2022:10:33:28 +0800] "GET /xingrg/kc/buy/cgsh_order_operate.html?command=get_materiel&rest_code=00109&code=00101006062&supplier_code=00100015&order_time=2022-01-26 HTTP/1.1" 200 409
222.70.223.103 - - [26/Jan/2022:10:33:28 +0800] "GET /xingrg/all/function/internal_message.html?_=1643164389148&CODE_STATE=getMsg HTTP/1.1" 200 27
180.152.99.73 - - [26/Jan/2022:10:33:29 +0800] "GET /xingrg/all/function/internal_message.html?_=1643164411791&CODE_STATE=getMsg HTTP/1.1" 200 27
222.70.243.96 - - [26/Jan/2022:10:33:29 +0800] "GET /xingrg/kc/buy/cgsh_order_operate.html?command=get_materiel&rest_code=00146&code=00101008264&supplier_code=00100005&order_time=2022-01-26 HTTP/1.1" 200 412
116.233.74.11 - - [26/Jan/2022:10:33:33 +0800] "GET /xingrg/kc/buy/cgsh_order_operate.html?command=get_materiel&rest_code=00109&code=00101006180&supplier_code=00100015&order_time=2022-01-26 HTTP/1.1" 200 423
180.169.147.146 - - [26/Jan/2022:10:33:40 +0800] "GET /xingrg/all/function/internal_message.html?_=1643164420098&CODE_STATE=getMsg HTTP/1.1" 200 27
58.39.168.32 - - [26/Jan/2022:10:33:44 +0800] "GET /xingrg/all/function/internal_message.html?_=1643164424732&CODE_STATE=getMsg HTTP/1.1" 200 27
101.80.229.199 - - [26/Jan/2022:10:33:45 +0800] "GET /xingrg/all/function/internal_message.html?_=1643164425700&CODE_STATE=getMsg HTTP/1.1" 200 27
114.83.218.93 - - [26/Jan/2022:10:33:55 +0800] "GET /xingrg/all/function/internal_message.html?_=1643164435568&CODE_STATE=getMsg HTTP/1.1" 200 27
114.95.98.1 - - [26/Jan/2022:10:33:55 +0800] "GET /xingrg/all/function/internal_message.html?_=1643164457758&CODE_STATE=getMsg HTTP/1.1" 200 27
116.235.94.49 - - [26/Jan/2022:10:33:55 +0800] "GET /xingrg/all/function/internal_message.html?_=1643164578048&CODE_STATE=getMsg HTTP/1.1" 200 27
222.70.243.96 - - [26/Jan/2022:10:33:56 +0800] "POST /xingrg/kc/buy/cgsh_order_operate.html HTTP/1.1" 200 2065
116.235.94.49 - - [26/Jan/2022:10:34:03 +0800] "GET /xingrg/all/function/internal_message.html?_=1643164490846&CODE_STATE=getMsg HTTP/1.1" 200 27
58.39.168.32 - - [26/Jan/2022:10:34:04 +0800] "POST /xingrg/kc/buy/cgsh_order_operate.html HTTP/1.1" 200 37
222.70.243.96 - - [26/Jan/2022:10:34:04 +0800] "GET /xingrg/kc/buy/cgsh_order_operate.html?command=get_materiel&rest_code=00146&code=00101008069&supplier_code=00100005&order_time=2022-01-26 HTTP/1.1" 200 412
222.70.243.96 - - [26/Jan/2022:10:34:06 +0800] "GET /xingrg/all/function/internal_message.html?_=1643164455011&CODE_STATE=getMsg HTTP/1.1" 200 27
116.228.172.94 - - [26/Jan/2022:10:34:11 +0800] "GET /xingrg/all/function/internal_message.html?_=1643164365773&CODE_STATE=getMsg HTTP/1.1" 200 27
222.70.179.207 - - [26/Jan/2022:10:34:12 +0800] "GET /xingrg/all/function/internal_message.html?_=1643164449985&CODE_STATE=getMsg HTTP/1.1" 200 27
116.233.74.11 - - [26/Jan/2022:10:34:12 +0800] "GET /xingrg/all/function/internal_message.html?_=1643164453261&CODE_STATE=getMsg HTTP/1.1" 200 27
180.171.133.33 - - [26/Jan/2022:10:34:22 +0800] "GET /favicon.ico HTTP/1.1" 404 -
180.152.99.39 - - [26/Jan/2022:10:34:23 +0800] "GET /xingrg/all/function/internal_message.html?_=1643164392382&CODE_STATE=getMsg HTTP/1.1" 200 27
116.233.74.11 - - [26/Jan/2022:10:34:26 +0800] "GET /xingrg/kc/buy/cgsh_order_operate.html?command=get_materiel&rest_code=00109&code=00101006029&supplier_code=00100015&order_time=2022-01-26 HTTP/1.1" 200 409
180.171.133.33 - - [26/Jan/2022:10:34:27 +0800] "POST /xingrg/services/DataTransmitService HTTP/1.1" 200 524
114.84.146.162 - - [26/Jan/2022:10:34:27 +0800] "GET /xingrg/all/function/internal_message.html?_=1643164270065&CODE_STATE=getMsg HTTP/1.1" 200 27
222.70.223.103 - - [26/Jan/2022:10:34:28 +0800] "GET /xingrg/all/function/internal_message.html?_=1643164449148&CODE_STATE=getMsg HTTP/1.1" 200 27
180.152.99.73 - - [26/Jan/2022:10:34:29 +0800] "GET /xingrg/all/function/internal_message.html?_=1643164471792&CODE_STATE=getMsg HTTP/1.1" 200 27
116.233.74.11 - - [26/Jan/2022:10:34:35 +0800] "GET /xingrg/kc/buy/cgsh_order_operate.html?command=get_materiel&rest_code=00109&code=00101008131&supplier_code=00100015&order_time=2022-01-26 HTTP/1.1" 200 408
180.169.147.146 - - [26/Jan/2022:10:34:40 +0800] "GET /xingrg/all/function/internal_message.html?_=1643164480078&CODE_STATE=getMsg HTTP/1.1" 200 27
101.80.229.199 - - [26/Jan/2022:10:34:45 +0800] "GET /xingrg/all/function/internal_message.html?_=1643164485705&CODE_STATE=getMsg HTTP/1.1" 200 27
101.80.229.199 - - [26/Jan/2022:10:34:45 +0800] "GET /xingrg/check_reg.html?_=1643164485707 HTTP/1.1" 200 22
116.233.74.11 - - [26/Jan/2022:10:34:46 +0800] "GET /xingrg/kc/buy/cgsh_order_operate.html?command=get_materiel&rest_code=00109&code=00101006055&supplier_code=00100015&order_time=2022-01-26 HTTP/1.1" 200 409
222.70.243.96 - - [26/Jan/2022:10:34:50 +0800] "GET /xingrg/kc/buy/cgsh_order_operate.html?command=get_materiel&rest_code=00146&code=00101008318&supplier_code=00100005&order_time=2022-01-26 HTTP/1.1" 200 408
114.95.98.1 - - [26/Jan/2022:10:34:52 +0800] "GET /xingrg/check_reg.html?_=1643164514949 HTTP/1.1" 200 22
114.83.218.93 - - [26/Jan/2022:10:34:55 +0800] "GET /xingrg/all/function/internal_message.html?_=1643164495557&CODE_STATE=getMsg HTTP/1.1" 200 27
116.235.94.49 - - [26/Jan/2022:10:34:55 +0800] "GET /xingrg/all/function/internal_message.html?_=1643164638056&CODE_STATE=getMsg HTTP/1.1" 200 27
116.235.94.49 - - [26/Jan/2022:10:34:55 +0800] "GET /xingrg/check_reg.html?_=1643164638057 HTTP/1.1" 200 22
114.95.98.1 - - [26/Jan/2022:10:34:55 +0800] "GET /xingrg/all/function/internal_message.html?_=1643164517963&CODE_STATE=getMsg HTTP/1.1" 200 27
180.157.251.97 - - [26/Jan/2022:10:34:58 +0800] "POST /xingrg/services/DataTransmitService HTTP/1.1" 200 524
116.233.74.11 - - [26/Jan/2022:10:35:01 +0800] "GET /xingrg/kc/buy/cgsh_order_operate.html?command=get_materiel&rest_code=00109&code=00101006240&supplier_code=00100015&order_time=2022-01-26 HTTP/1.1" 200 408
222.70.243.96 - - [26/Jan/2022:10:35:03 +0800] "GET /xingrg/kc/buy/cgsh_order_operate.html?command=get_materiel&rest_code=00146&code=00101008005&supplier_code=00100005&order_time=2022-01-26 HTTP/1.1" 200 412
116.235.94.49 - - [26/Jan/2022:10:35:04 +0800] "GET /xingrg/all/function/internal_message.html?_=1643164551346&CODE_STATE=getMsg HTTP/1.1" 200 27
222.70.243.96 - - [26/Jan/2022:10:35:06 +0800] "GET /xingrg/all/function/internal_message.html?_=1643164515102&CODE_STATE=getMsg HTTP/1.1" 200 27
180.152.99.39 - - [26/Jan/2022:10:35:07 +0800] "POST /xingrg/all/user/operate.html HTTP/1.1" 200 36
180.152.99.39 - - [26/Jan/2022:10:35:07 +0800] "GET /xingrg/javascript/jquery_easy_ui/themes/default/easyui.css HTTP/1.1" 304 -
180.152.99.39 - - [26/Jan/2022:10:35:07 +0800] "GET /xingrg/index.html?sysBaseUrl=http%3A%2F%2F180.169.147.146%3A18081%2Fxingrg%2F&costTime=42×tamp=1643159493399 HTTP/1.1" 200 17179
180.152.99.39 - - [26/Jan/2022:10:35:07 +0800] "GET /xingrg/javascript/jquery_easy_ui/themes/icon.css HTTP/1.1" 304 -
180.152.99.39 - - [26/Jan/2022:10:35:07 +0800] "GET /xingrg/css/form.css HTTP/1.1" 304 -
180.152.99.39 - - [26/Jan/2022:10:35:07 +0800] "GET /xingrg/javascript/jquery-1.4.2.min.js HTTP/1.1" 304 -
180.152.99.39 - - [26/Jan/2022:10:35:07 +0800] "GET /xingrg/javascript/jquery_easy_ui/jquery.easyui.min.js HTTP/1.1" 304 -
180.152.99.39 - - [26/Jan/2022:10:35:07 +0800] "GET /xingrg/javascript/jquery_easy_ui/easyui-lang-zh_CN.js HTTP/1.1" 304 -
180.152.99.39 - - [26/Jan/2022:10:35:07 +0800] "GET /xingrg/javascript/jquery.form.js HTTP/1.1" 304 -
180.152.99.39 - - [26/Jan/2022:10:35:07 +0800] "GET /xingrg/javascript/jquery.utils.js HTTP/1.1" 304 -
180.152.99.39 - - [26/Jan/2022:10:35:07 +0800] "GET /xingrg/javascript/jquery.timers.js HTTP/1.1" 304 -
180.152.99.39 - - [26/Jan/2022:10:35:07 +0800] "GET /xingrg/images/blue/jxLogo.png HTTP/1.1" 304 -
180.152.99.39 - - [26/Jan/2022:10:35:07 +0800] "GET /xingrg/images/blue/navBackgound.jpg HTTP/1.1" 304 -
180.152.99.39 - - [26/Jan/2022:10:35:07 +0800] "GET /xingrg/javascript/jquery_easy_ui/themes/icons/settle_new.png HTTP/1.1" 304 -
180.152.99.39 - - [26/Jan/2022:10:35:07 +0800] "POST /xingrg/all/common/load_tree.html?tree=area_rest_tree_json&manage=1 HTTP/1.1" 200 476
180.152.99.39 - - [26/Jan/2022:10:35:07 +0800] "GET /xingrg/images/blue/pingpu.png HTTP/1.1" 304 -
180.152.99.39 - - [26/Jan/2022:10:35:07 +0800] "GET /xingrg/javascript/jquery_easy_ui/themes/default/images/tabs_leftarrow.png HTTP/1.1" 304 -
180.152.99.39 - - [26/Jan/2022:10:35:07 +0800] "GET /xingrg/javascript/jquery_easy_ui/themes/default/images/tabs_rightarrow.png HTTP/1.1" 304 -
180.152.99.39 - - [26/Jan/2022:10:35:07 +0800] "GET /xingrg/javascript/jquery_easy_ui/themes/default/images/panel_tool_collapse.gif HTTP/1.1" 304 -
180.152.99.39 - - [26/Jan/2022:10:35:07 +0800] "GET /xingrg/all/function/internal_message.html?_=1643164436256&CODE_STATE=count HTTP/1.1" 200 11
180.152.99.39 - - [26/Jan/2022:10:35:07 +0800] "GET /xingrg/check_reg.html?_=1643164436257 HTTP/1.1" 200 22
180.152.99.39 - - [26/Jan/2022:10:35:07 +0800] "POST /xingrg/load_menu.html HTTP/1.1" 200 5138
222.70.243.96 - - [26/Jan/2022:10:35:09 +0800] "POST /xingrg/kc/buy/cgsh_order_operate.html HTTP/1.1" 200 2065
180.152.99.39 - - [26/Jan/2022:10:35:11 +0800] "GET /xingrg/kc/mdqp/qqps_order_list.html HTTP/1.1" 200 9222
180.152.99.39 - - [26/Jan/2022:10:35:11 +0800] "GET /xingrg/dwr/interface/AjaxReportQueryService.js HTTP/1.1" 200 13203
180.152.99.39 - - [26/Jan/2022:10:35:11 +0800] "GET /xingrg/dwr/interface/AjaxQqpsService.js HTTP/1.1" 200 16326
180.152.99.39 - - [26/Jan/2022:10:35:11 +0800] "GET /xingrg/dwr/engine.js HTTP/1.1" 200 43631
180.152.99.39 - - [26/Jan/2022:10:35:11 +0800] "GET /xingrg/javascript/jquery_easy_ui/themes/icons/uncheck_new.png HTTP/1.1" 200 3197
116.233.74.11 - - [26/Jan/2022:10:35:11 +0800] "GET /xingrg/kc/buy/cgsh_order_operate.html?command=get_materiel&rest_code=00109&code=00101006057&supplier_code=00100015&order_time=2022-01-26 HTTP/1.1" 200 413
116.228.172.94 - - [26/Jan/2022:10:35:11 +0800] "GET /xingrg/all/function/internal_message.html?_=1643164425771&CODE_STATE=getMsg HTTP/1.1" 200 27
222.70.179.207 - - [26/Jan/2022:10:35:12 +0800] "GET /xingrg/all/function/internal_message.html?_=1643164509983&CODE_STATE=getMsg HTTP/1.1" 200 27
222.70.179.207 - - [26/Jan/2022:10:35:12 +0800] "GET /xingrg/check_reg.html?_=1643164509983 HTTP/1.1" 200 22
116.233.74.11 - - [26/Jan/2022:10:35:12 +0800] "GET /xingrg/all/function/internal_message.html?_=1643164513253&CODE_STATE=getMsg HTTP/1.1" 200 27
180.152.99.39 - - [26/Jan/2022:10:35:16 +0800] "GET /xingrg/kc/mdqp/qqps_order_list.html?isQuery=1&timeSelect=1&orderTime=day&startTime=2022-01-24&endTime=2022-01-26&state=all&query=%C8%B7++%B6%A8 HTTP/1.1" 200 14328
180.152.99.39 - - [26/Jan/2022:10:35:16 +0800] "GET /xingrg/dwr/interface/AjaxQqpsService.js HTTP/1.1" 200 16326
180.152.99.39 - - [26/Jan/2022:10:35:16 +0800] "GET /xingrg/dwr/interface/AjaxReportQueryService.js HTTP/1.1" 200 13203
180.152.99.39 - - [26/Jan/2022:10:35:16 +0800] "GET /xingrg/dwr/engine.js HTTP/1.1" 200 43631
222.70.243.96 - - [26/Jan/2022:10:35:19 +0800] "GET /xingrg/kc/buy/cgsh_order_operate.html?command=get_materiel&rest_code=00146&code=00101008283&supplier_code=00100005&order_time=2022-01-26 HTTP/1.1" 200 408
180.152.99.39 - - [26/Jan/2022:10:35:19 +0800] "GET /xingrg/kc/mdqp/qqps_order_info.html?code=302022012400607 HTTP/1.1" 200 26409
180.152.99.39 - - [26/Jan/2022:10:35:19 +0800] "GET /xingrg/dwr/interface/AjaxComOrderService.js HTTP/1.1" 200 18264
180.152.99.39 - - [26/Jan/2022:10:35:19 +0800] "GET /xingrg/dwr/interface/AjaxQqpsService.js HTTP/1.1" 200 16326
180.152.99.39 - - [26/Jan/2022:10:35:19 +0800] "GET /xingrg/javascript/tools/jquery.qtip-1.0.0-rc3.min.js HTTP/1.1" 200 38404
180.152.99.39 - - [26/Jan/2022:10:35:20 +0800] "GET /xingrg/dwr/engine.js HTTP/1.1" 200 43631
180.152.99.39 - - [26/Jan/2022:10:35:20 +0800] "GET /xingrg/javascript/jquery_easy_ui/themes/icons/template_new.png HTTP/1.1" 200 3956
180.152.99.39 - - [26/Jan/2022:10:35:20 +0800] "GET /xingrg/javascript/jquery_easy_ui/themes/icons/copy_new.png HTTP/1.1" 200 815
180.152.99.39 - - [26/Jan/2022:10:35:20 +0800] "GET /xingrg/javascript/jquery_easy_ui/themes/default/images/combo_arrow_dot.gif HTTP/1.1" 200 79
180.152.99.39 - - [26/Jan/2022:10:35:20 +0800] "POST /xingrg/dwr/call/plaincall/AjaxQqpsService.loadMaterielItems.dwr HTTP/1.1" 200 20944
116.233.74.11 - - [26/Jan/2022:10:35:21 +0800] "GET /xingrg/kc/buy/cgsh_order_operate.html?command=get_materiel&rest_code=00109&code=00101006221&supplier_code=00100015&order_time=2022-01-26 HTTP/1.1" 200 403
116.235.94.49 - - [26/Jan/2022:10:35:22 +0800] "GET /xingrg/check_reg.html?_=1643164568916 HTTP/1.1" 200 22
114.84.146.162 - - [26/Jan/2022:10:35:27 +0800] "GET /xingrg/all/function/internal_message.html?_=1643164330038&CODE_STATE=getMsg HTTP/1.1" 200 27
222.70.223.103 - - [26/Jan/2022:10:35:28 +0800] "GET /xingrg/all/function/internal_message.html?_=1643164509148&CODE_STATE=getMsg HTTP/1.1" 200 27
180.169.147.146 - - [26/Jan/2022:10:35:29 +0800] "GET /xingrg/check_reg.html?_=1643164535977 HTTP/1.1" 200 22
180.152.99.73 - - [26/Jan/2022:10:35:29 +0800] "GET /xingrg/all/function/internal_message.html?_=1643164531793&CODE_STATE=getMsg HTTP/1.1" 200 27
116.233.74.11 - - [26/Jan/2022:10:35:31 +0800] "GET /xingrg/kc/buy/cgsh_order_operate.html?command=get_materiel&rest_code=00109&code=00101006123&supplier_code=00100015&order_time=2022-01-26 HTTP/1.1" 200 409
222.70.243.96 - - [26/Jan/2022:10:35:31 +0800] "GET /xingrg/kc/buy/cgsh_order_operate.html?command=get_materiel&rest_code=00146&code=00101015004&supplier_code=00100005&order_time=2022-01-26 HTTP/1.1" 200 408
180.169.147.146 - - [26/Jan/2022:10:35:40 +0800] "GET /xingrg/all/function/internal_message.html?_=1643164540063&CODE_STATE=getMsg HTTP/1.1" 200 27
101.80.229.199 - - [26/Jan/2022:10:35:45 +0800] "GET /xingrg/all/function/internal_message.html?_=1643164545707&CODE_STATE=getMsg HTTP/1.1" 200 27
180.152.99.39 - - [26/Jan/2022:10:35:53 +0800] "GET /xingrg/kc/mdqp/qqps_order_add.html HTTP/1.1" 200 28002
180.152.99.39 - - [26/Jan/2022:10:35:53 +0800] "GET /xingrg/dwr/interface/AjaxComOrderService.js HTTP/1.1" 200 18264
180.152.99.39 - - [26/Jan/2022:10:35:53 +0800] "GET /xingrg/dwr/interface/AjaxQqpsService.js HTTP/1.1" 200 16326
180.152.99.39 - - [26/Jan/2022:10:35:53 +0800] "GET /xingrg/dwr/engine.js HTTP/1.1" 200 43631
114.83.218.93 - - [26/Jan/2022:10:35:55 +0800] "GET /xingrg/all/function/internal_message.html?_=1643164555531&CODE_STATE=getMsg HTTP/1.1" 200 27
116.235.94.49 - - [26/Jan/2022:10:35:55 +0800] "GET /xingrg/all/function/internal_message.html?_=1643164698056&CODE_STATE=getMsg HTTP/1.1" 200 27
114.95.98.1 - - [26/Jan/2022:10:35:55 +0800] "GET /xingrg/all/function/internal_message.html?_=1643164577971&CODE_STATE=getMsg HTTP/1.1" 200 27
222.70.243.96 - - [26/Jan/2022:10:35:59 +0800] "GET /xingrg/kc/buy/cgsh_order_operate.html?command=get_materiel&rest_code=00146&code=00101015006&supplier_code=00100005&order_time=2022-01-26 HTTP/1.1" 200 413
180.152.99.39 - - [26/Jan/2022:10:36:02 +0800] "POST /xingrg/dwr/call/plaincall/AjaxQqpsService.saveOrder.dwr HTTP/1.1" 200 78
180.152.99.39 - - [26/Jan/2022:10:36:03 +0800] "GET /xingrg/javascript/auto/indicator.gif HTTP/1.1" 404 1066
114.84.146.162 - - [26/Jan/2022:10:36:03 +0800] "GET /xingrg/check_reg.html?_=1643164366557 HTTP/1.1" 200 22
116.235.94.49 - - [26/Jan/2022:10:36:04 +0800] "GET /xingrg/all/function/internal_message.html?_=1643164611357&CODE_STATE=getMsg HTTP/1.1" 200 27
180.152.99.39 - - [26/Jan/2022:10:36:06 +0800] "POST /xingrg/dwr/call/plaincall/AjaxQqpsService.getMaterielByCode.dwr HTTP/1.1" 200 3680
222.70.243.96 - - [26/Jan/2022:10:36:06 +0800] "GET /xingrg/all/function/internal_message.html?_=1643164575117&CODE_STATE=getMsg HTTP/1.1" 200 27
180.152.99.39 - - [26/Jan/2022:10:36:07 +0800] "GET /xingrg/all/function/internal_message.html?_=1643164496262&CODE_STATE=getMsg HTTP/1.1" 200 27
180.152.99.39 - - [26/Jan/2022:10:36:08 +0800] "POST /xingrg/dwr/call/plaincall/AjaxQqpsService.saveMaterielItem.dwr HTTP/1.1" 200 78
116.228.172.94 - - [26/Jan/2022:10:36:11 +0800] "GET /xingrg/all/function/internal_message.html?_=1643164485762&CODE_STATE=getMsg HTTP/1.1" 200 27
222.70.179.207 - - [26/Jan/2022:10:36:12 +0800] "GET /xingrg/all/function/internal_message.html?_=1643164569982&CODE_STATE=getMsg HTTP/1.1" 200 27
180.152.99.39 - - [26/Jan/2022:10:36:12 +0800] "POST /xingrg/dwr/call/plaincall/AjaxQqpsService.getMaterielByCode.dwr HTTP/1.1" 200 3728
116.233.74.11 - - [26/Jan/2022:10:36:12 +0800] "GET /xingrg/all/function/internal_message.html?_=1643164573264&CODE_STATE=getMsg HTTP/1.1" 200 27
180.152.99.39 - - [26/Jan/2022:10:36:15 +0800] "POST /xingrg/dwr/call/plaincall/AjaxQqpsService.saveMaterielItem.dwr HTTP/1.1" 200 78
58.39.168.32 - - [26/Jan/2022:10:36:17 +0800] "POST /xingrg/kc/buy/cgsh_order_operate.html HTTP/1.1" 200 44623
180.152.99.39 - - [26/Jan/2022:10:36:18 +0800] "POST /xingrg/dwr/call/plaincall/AjaxQqpsService.checkOrder.dwr HTTP/1.1" 200 78
180.152.99.39 - - [26/Jan/2022:10:36:19 +0800] "GET /xingrg/kc/mdqp/qqps_order_info.html?code=302022012600687 HTTP/1.1" 200 26409
180.152.99.39 - - [26/Jan/2022:10:36:19 +0800] "GET /xingrg/dwr/interface/AjaxComOrderService.js HTTP/1.1" 200 18264
180.152.99.39 - - [26/Jan/2022:10:36:19 +0800] "GET /xingrg/dwr/interface/AjaxQqpsService.js HTTP/1.1" 200 16326
180.152.99.39 - - [26/Jan/2022:10:36:19 +0800] "GET /xingrg/dwr/engine.js HTTP/1.1" 200 43631
58.39.168.32 - - [26/Jan/2022:10:36:19 +0800] "GET /xingrg/kc/print/load_data.html?order_code=212022012613334&kc_code=cgsh&condition= HTTP/1.1" 200 16485
180.152.99.39 - - [26/Jan/2022:10:36:20 +0800] "POST /xingrg/dwr/call/plaincall/AjaxQqpsService.loadMaterielItems.dwr HTTP/1.1" 200 615
180.152.99.39 - - [26/Jan/2022:10:36:21 +0800] "GET /xingrg/javascript/jquery_easy_ui/themes/default/images/tabs_active.png HTTP/1.1" 200 2894
180.152.99.39 - - [26/Jan/2022:10:36:23 +0800] "GET /xingrg/kc/mdqp/qqps_order_list.html?isBack=1 HTTP/1.1" 302 -
