222.70.223.103 - - [26/Jan/2022:11:09:28 +0800] "GET /xingrg/all/function/internal_message.html?_=1643166549154&CODE_STATE=getMsg HTTP/1.1" 200 27
180.152.99.73 - - [26/Jan/2022:11:09:30 +0800] "GET /xingrg/all/function/internal_message.html?_=1643166571903&CODE_STATE=getMsg HTTP/1.1" 200 27
180.169.147.146 - - [26/Jan/2022:11:09:34 +0800] "GET /xingrg/all/function/internal_message.html?_=1643166574207&CODE_STATE=getMsg HTTP/1.1" 200 27
180.169.147.146 - - [26/Jan/2022:11:09:34 +0800] "GET /xingrg/check_reg.html?_=1643166574261 HTTP/1.1" 200 22
222.70.179.207 - - [26/Jan/2022:11:09:35 +0800] "POST /xingrg/kc/buy/cgsh_order_operate.html HTTP/1.1" 200 37
101.85.120.86 - - [26/Jan/2022:11:09:37 +0800] "GET /xingrg/kc/buy/cgsh_order_operate.html?command=get_materiel&rest_code=00142&code=00102002107&supplier_code=00100182&order_time=2022-01-26 HTTP/1.1" 200 415
124.78.156.14 - - [26/Jan/2022:11:09:39 +0800] "POST /xingrg/login.do HTTP/1.1" 302 -
124.78.156.14 - - [26/Jan/2022:11:09:39 +0800] "GET /xingrg/index.html?sysBaseUrl=http%3A%2F%2F180.169.147.146%3A18081%2Fxingrg%2F&costTime=88×tamp=1643166579078 HTTP/1.1" 200 17173
58.39.168.32 - - [26/Jan/2022:11:09:39 +0800] "GET /xingrg/kc/base/wldb_order_add.html HTTP/1.1" 200 30274
124.78.156.14 - - [26/Jan/2022:11:09:40 +0800] "GET /favicon.ico HTTP/1.1" 404 -
58.39.168.32 - - [26/Jan/2022:11:09:40 +0800] "POST /xingrg/kc/base/wldb_order_operate.html HTTP/1.1" 200 6806
58.39.168.32 - - [26/Jan/2022:11:09:40 +0800] "GET /xingrg/javascript/easyui/themes/default/validatebox.css HTTP/1.1" 404 1104
124.78.156.14 - - [26/Jan/2022:11:09:40 +0800] "POST /xingrg/all/common/load_tree.html?tree=area_rest_tree_json&manage=1 HTTP/1.1" 200 342
124.78.156.14 - - [26/Jan/2022:11:09:40 +0800] "GET /xingrg/check_reg.html?_=1643166579652 HTTP/1.1" 200 22
124.78.156.14 - - [26/Jan/2022:11:09:40 +0800] "GET /xingrg/all/function/internal_message.html?_=1643166579651&CODE_STATE=count HTTP/1.1" 200 11
180.169.147.146 - - [26/Jan/2022:11:09:40 +0800] "GET /xingrg/all/function/internal_message.html?_=1643166579451&CODE_STATE=getMsg HTTP/1.1" 200 27
124.78.156.14 - - [26/Jan/2022:11:09:40 +0800] "POST /xingrg/load_menu.html HTTP/1.1" 200 5138
58.39.168.32 - - [26/Jan/2022:11:09:43 +0800] "POST /xingrg/all/common/load_combo.html?type=base HTTP/1.1" 200 3409
58.39.168.32 - - [26/Jan/2022:11:09:43 +0800] "GET /xingrg/css/images/panel_loading.gif HTTP/1.1" 304 -
101.80.229.199 - - [26/Jan/2022:11:09:45 +0800] "GET /xingrg/all/function/internal_message.html?_=1643166585705&CODE_STATE=getMsg HTTP/1.1" 200 27
101.80.229.199 - - [26/Jan/2022:11:09:45 +0800] "GET /xingrg/check_reg.html?_=1643166585707 HTTP/1.1" 200 22
101.85.120.86 - - [26/Jan/2022:11:09:47 +0800] "GET /xingrg/kc/buy/cgsh_order_operate.html?command=get_materiel&rest_code=00142&code=00102002170&supplier_code=00100182&order_time=2022-01-26 HTTP/1.1" 200 412
124.78.156.14 - - [26/Jan/2022:11:09:49 +0800] "GET /xingrg/kc/buy/buy_main.html HTTP/1.1" 200 12412
124.78.156.14 - - [26/Jan/2022:11:09:49 +0800] "GET /xingrg/css/new_ie.css HTTP/1.1" 404 1036
124.78.156.14 - - [26/Jan/2022:11:09:50 +0800] "GET /xingrg/images/yd/bt.gif HTTP/1.1" 404 1040
124.78.156.14 - - [26/Jan/2022:11:09:51 +0800] "GET /xingrg/kc/buy/cgsh_order_list.html HTTP/1.1" 200 49782
114.95.98.1 - - [26/Jan/2022:11:09:51 +0800] "GET /xingrg/all/function/internal_message.html?_=1643166593742&CODE_STATE=getMsg HTTP/1.1" 200 27
222.70.179.207 - - [26/Jan/2022:11:09:51 +0800] "POST /xingrg/kc/buy/cgsh_order_operate.html HTTP/1.1" 200 3292
222.70.179.207 - - [26/Jan/2022:11:09:53 +0800] "GET /xingrg/kc/print/load_data.html?order_code=212022012613406&kc_code=cgsh&condition= HTTP/1.1" 200 975
114.83.218.93 - - [26/Jan/2022:11:09:55 +0800] "GET /xingrg/all/function/internal_message.html?_=1643166595063&CODE_STATE=getMsg HTTP/1.1" 200 27
101.85.120.86 - - [26/Jan/2022:11:09:55 +0800] "POST /xingrg/kc/buy/cgsh_order_operate.html HTTP/1.1" 200 37
116.235.94.49 - - [26/Jan/2022:11:09:56 +0800] "GET /xingrg/check_reg.html?_=1643166738074 HTTP/1.1" 200 22
116.235.94.49 - - [26/Jan/2022:11:09:56 +0800] "GET /xingrg/all/function/internal_message.html?_=1643166738075&CODE_STATE=getMsg HTTP/1.1" 200 27
124.78.156.14 - - [26/Jan/2022:11:09:56 +0800] "POST /xingrg/kc/buy/cgsh_list_operate.html HTTP/1.1" 200 876
101.85.120.86 - - [26/Jan/2022:11:09:57 +0800] "POST /xingrg/kc/buy/cgsh_order_operate.html HTTP/1.1" 200 4462
124.78.156.14 - - [26/Jan/2022:11:09:58 +0800] "GET /xingrg/kc/buy/cgsh_order_add.html HTTP/1.1" 200 65598
124.78.156.14 - - [26/Jan/2022:11:09:58 +0800] "GET /xingrg/words/20220125184438_words.js HTTP/1.1" 304 -
124.78.156.14 - - [26/Jan/2022:11:09:59 +0800] "GET /xingrg/all/common/auto_word.html?type=employee&rest_code=00106 HTTP/1.1" 200 205
124.78.156.14 - - [26/Jan/2022:11:09:59 +0800] "GET /xingrg/javascript/easyui/themes/default/validatebox.css HTTP/1.1" 404 1104
124.78.156.14 - - [26/Jan/2022:11:09:59 +0800] "GET /xingrg/all/common/auto_word.html?type=employee&rest_code=00106 HTTP/1.1" 200 205
124.78.156.14 - - [26/Jan/2022:11:10:00 +0800] "POST /xingrg/kc/buy/cgsh_order_operate.html HTTP/1.1" 200 8245
124.78.156.14 - - [26/Jan/2022:11:10:01 +0800] "GET /xingrg/javascript/easyui/themes/default/tree.css HTTP/1.1" 404 1090
124.78.156.14 - - [26/Jan/2022:11:10:01 +0800] "POST /xingrg/all/common/load_tree.html?tree=supplier_tree_json&isDelete=1 HTTP/1.1" 200 62150
58.39.168.32 - - [26/Jan/2022:11:10:06 +0800] "GET /xingrg/kc/base/wldb_order_operate.html?command=get_materiel&rest_code=00105&base_code=0010507&code=00101019133 HTTP/1.1" 200 466
180.152.99.39 - - [26/Jan/2022:11:10:07 +0800] "GET /xingrg/check_reg.html?_=1643166536313 HTTP/1.1" 200 22
180.152.99.39 - - [26/Jan/2022:11:10:08 +0800] "GET /xingrg/all/function/internal_message.html?_=1643166536738&CODE_STATE=getMsg HTTP/1.1" 200 27
124.78.156.14 - - [26/Jan/2022:11:10:09 +0800] "GET /xingrg/javascript/auto/indicator.gif HTTP/1.1" 404 1066
58.39.168.32 - - [26/Jan/2022:11:10:10 +0800] "GET /xingrg/all/function/internal_message.html?_=1643166548211&CODE_STATE=getMsg HTTP/1.1" 200 27
116.228.172.94 - - [26/Jan/2022:11:10:11 +0800] "GET /xingrg/all/function/internal_message.html?_=1643166525764&CODE_STATE=getMsg HTTP/1.1" 200 27
222.70.179.207 - - [26/Jan/2022:11:10:12 +0800] "GET /xingrg/check_reg.html?_=1643166610043 HTTP/1.1" 200 22
222.70.179.207 - - [26/Jan/2022:11:10:12 +0800] "GET /xingrg/all/function/internal_message.html?_=1643166610045&CODE_STATE=getMsg HTTP/1.1" 200 27
116.233.74.11 - - [26/Jan/2022:11:10:12 +0800] "GET /xingrg/all/function/internal_message.html?_=1643166613340&CODE_STATE=getMsg HTTP/1.1" 200 27
222.70.243.96 - - [26/Jan/2022:11:10:13 +0800] "GET /xingrg/all/function/internal_message.html?_=1643166621631&CODE_STATE=getMsg HTTP/1.1" 200 27
124.78.156.14 - - [26/Jan/2022:11:10:13 +0800] "GET /xingrg/kc/buy/cgsh_order_operate.html?command=get_materiel&rest_code=00106&code=00101008146&supplier_code=00100009&order_time=2022-01-26 HTTP/1.1" 200 416
114.83.218.93 - - [26/Jan/2022:11:10:13 +0800] "GET /xingrg/kc/buy/cgsh_order_operate.html?command=get_materiel&rest_code=00149&code=00101006144&supplier_code=00100012&order_time=2022-01-26 HTTP/1.1" 200 409
101.85.120.86 - - [26/Jan/2022:11:10:15 +0800] "GET /xingrg/all/function/internal_message.html?_=1643166614271&CODE_STATE=getMsg HTTP/1.1" 200 27
114.83.218.93 - - [26/Jan/2022:11:10:16 +0800] "GET /xingrg/all/function/internal_message.html?_=1643166612394&CODE_STATE=getMsg HTTP/1.1" 200 27
58.39.168.32 - - [26/Jan/2022:11:10:20 +0800] "GET /xingrg/kc/base/wldb_order_operate.html?command=get_materiel&rest_code=00105&base_code=0010507&code=00101019430 HTTP/1.1" 200 464
58.39.168.32 - - [26/Jan/2022:11:10:21 +0800] "GET /xingrg/all/function/internal_message.html?_=1643166621871&CODE_STATE=getMsg HTTP/1.1" 200 27
124.78.156.14 - - [26/Jan/2022:11:10:21 +0800] "GET /xingrg/kc/buy/cgsh_order_operate.html?command=get_materiel&rest_code=00106&code=00101008147&supplier_code=00100009&order_time=2022-01-26 HTTP/1.1" 200 416
114.83.218.93 - - [26/Jan/2022:11:10:22 +0800] "GET /xingrg/kc/buy/cgsh_order_operate.html?command=get_materiel&rest_code=00149&code=00101006111&supplier_code=00100012&order_time=2022-01-26 HTTP/1.1" 200 409
114.84.146.162 - - [26/Jan/2022:11:10:26 +0800] "GET /xingrg/all/function/internal_message.html?_=1643166429349&CODE_STATE=getMsg HTTP/1.1" 200 27
58.39.168.32 - - [26/Jan/2022:11:10:28 +0800] "POST /xingrg/kc/base/wldb_order_operate.html HTTP/1.1" 200 37
58.39.168.32 - - [26/Jan/2022:11:10:28 +0800] "POST /xingrg/kc/base/wldb_order_operate.html HTTP/1.1" 200 2732
222.70.223.103 - - [26/Jan/2022:11:10:28 +0800] "GET /xingrg/all/function/internal_message.html?_=1643166609150&CODE_STATE=getMsg HTTP/1.1" 200 27
58.39.168.32 - - [26/Jan/2022:11:10:29 +0800] "GET /xingrg/kc/base/wldb_order_info.html?code=422022012603436 HTTP/1.1" 200 30288
58.39.168.32 - - [26/Jan/2022:11:10:29 +0800] "GET /xingrg/javascript/easyui/themes/default/validatebox.css HTTP/1.1" 404 1104
180.169.147.146 - - [26/Jan/2022:11:10:29 +0800] "GET /xingrg/check_reg.html?_=1643166635840 HTTP/1.1" 200 22
58.39.168.32 - - [26/Jan/2022:11:10:29 +0800] "POST /xingrg/kc/base/wldb_order_operate.html HTTP/1.1" 200 2732
180.152.99.73 - - [26/Jan/2022:11:10:30 +0800] "GET /xingrg/all/function/internal_message.html?_=1643166631909&CODE_STATE=getMsg HTTP/1.1" 200 27
114.95.98.1 - - [26/Jan/2022:11:10:31 +0800] "GET /xingrg/login.html HTTP/1.1" 200 7641
114.95.98.1 - - [26/Jan/2022:11:10:32 +0800] "GET /xingrg/images/blue/jxLogo.png HTTP/1.1" 200 6156
114.95.98.1 - - [26/Jan/2022:11:10:32 +0800] "GET /xingrg/images/blue/srbg.png HTTP/1.1" 200 138
114.95.98.1 - - [26/Jan/2022:11:10:32 +0800] "GET /xingrg/images/blue/hj.png HTTP/1.1" 200 1014
114.95.98.1 - - [26/Jan/2022:11:10:32 +0800] "GET /xingrg/images/blue/login_bg.png HTTP/1.1" 200 22101
124.78.156.14 - - [26/Jan/2022:11:10:32 +0800] "POST /xingrg/kc/buy/cgsh_order_operate.html HTTP/1.1" 200 37
114.83.218.93 - - [26/Jan/2022:11:10:32 +0800] "GET /xingrg/kc/buy/cgsh_order_operate.html?command=get_materiel&rest_code=00149&code=00101006109&supplier_code=00100012&order_time=2022-01-26 HTTP/1.1" 200 409
114.95.98.1 - - [26/Jan/2022:11:10:33 +0800] "GET /favicon.ico HTTP/1.1" 404 -
180.169.147.146 - - [26/Jan/2022:11:10:33 +0800] "GET /xingrg/all/function/internal_message.html?_=1643166634196&CODE_STATE=getMsg HTTP/1.1" 200 27
124.78.156.14 - - [26/Jan/2022:11:10:36 +0800] "POST /xingrg/kc/buy/cgsh_order_operate.html HTTP/1.1" 200 12
124.78.156.14 - - [26/Jan/2022:11:10:37 +0800] "GET /xingrg/kc/buy/cgsh_order_info.html?code=212022012613408 HTTP/1.1" 200 60513
114.95.98.1 - - [26/Jan/2022:11:10:38 +0800] "POST /xingrg/login.do HTTP/1.1" 302 -
114.95.98.1 - - [26/Jan/2022:11:10:38 +0800] "GET /xingrg/index.html?sysBaseUrl=http%3A%2F%2F180.169.147.146%3A18081%2Fxingrg%2F&costTime=37×tamp=1643166638045 HTTP/1.1" 200 17173
114.95.98.1 - - [26/Jan/2022:11:10:38 +0800] "GET /xingrg/javascript/jquery_easy_ui/themes/default/easyui.css HTTP/1.1" 304 -
114.95.98.1 - - [26/Jan/2022:11:10:38 +0800] "GET /xingrg/javascript/jquery_easy_ui/themes/icon.css HTTP/1.1" 304 -
114.95.98.1 - - [26/Jan/2022:11:10:38 +0800] "GET /xingrg/javascript/jquery_easy_ui/jquery.easyui.min.js HTTP/1.1" 304 -
114.95.98.1 - - [26/Jan/2022:11:10:38 +0800] "GET /xingrg/javascript/jquery_easy_ui/easyui-lang-zh_CN.js HTTP/1.1" 304 -
114.95.98.1 - - [26/Jan/2022:11:10:38 +0800] "GET /xingrg/css/form.css HTTP/1.1" 304 -
114.95.98.1 - - [26/Jan/2022:11:10:38 +0800] "GET /xingrg/javascript/jquery-1.4.2.min.js HTTP/1.1" 304 -
114.95.98.1 - - [26/Jan/2022:11:10:38 +0800] "GET /xingrg/javascript/jquery.form.js HTTP/1.1" 304 -
114.95.98.1 - - [26/Jan/2022:11:10:38 +0800] "GET /xingrg/javascript/jquery.utils.js HTTP/1.1" 304 -
114.95.98.1 - - [26/Jan/2022:11:10:38 +0800] "GET /xingrg/javascript/jquery.timers.js HTTP/1.1" 304 -
124.78.156.14 - - [26/Jan/2022:11:10:38 +0800] "GET /xingrg/javascript/easyui/themes/default/validatebox.css HTTP/1.1" 404 1104
114.95.98.1 - - [26/Jan/2022:11:10:38 +0800] "GET /xingrg/images/blue/jxLogo.png HTTP/1.1" 200 6156
114.95.98.1 - - [26/Jan/2022:11:10:38 +0800] "GET /xingrg/images/blue/navBackgound.jpg HTTP/1.1" 304 -
114.95.98.1 - - [26/Jan/2022:11:10:38 +0800] "GET /xingrg/javascript/jquery_easy_ui/themes/icons/settle_new.png HTTP/1.1" 304 -
114.95.98.1 - - [26/Jan/2022:11:10:38 +0800] "GET /favicon.ico HTTP/1.1" 404 -
114.95.98.1 - - [26/Jan/2022:11:10:38 +0800] "GET /xingrg/images/blue/pingpu.png HTTP/1.1" 304 -
114.95.98.1 - - [26/Jan/2022:11:10:38 +0800] "GET /xingrg/javascript/jquery_easy_ui/themes/default/images/tabs_rightarrow.png HTTP/1.1" 304 -
114.95.98.1 - - [26/Jan/2022:11:10:38 +0800] "GET /xingrg/javascript/jquery_easy_ui/themes/default/images/tabs_leftarrow.png HTTP/1.1" 304 -
114.95.98.1 - - [26/Jan/2022:11:10:38 +0800] "POST /xingrg/all/common/load_tree.html?tree=area_rest_tree_json&manage=1 HTTP/1.1" 200 342
114.95.98.1 - - [26/Jan/2022:11:10:38 +0800] "GET /xingrg/javascript/jquery_easy_ui/themes/default/images/panel_tool_collapse.gif HTTP/1.1" 304 -
124.78.156.14 - - [26/Jan/2022:11:10:39 +0800] "POST /xingrg/kc/buy/cgsh_order_operate.html HTTP/1.1" 200 1208
114.95.98.1 - - [26/Jan/2022:11:10:39 +0800] "GET /xingrg/check_reg.html?_=1643166661221 HTTP/1.1" 200 22
114.95.98.1 - - [26/Jan/2022:11:10:39 +0800] "GET /xingrg/javascript/jquery_easy_ui/themes/default/images/tree_arrows.gif HTTP/1.1" 304 -
114.95.98.1 - - [26/Jan/2022:11:10:39 +0800] "GET /xingrg/all/function/internal_message.html?_=1643166661220&CODE_STATE=count HTTP/1.1" 200 11
114.95.98.1 - - [26/Jan/2022:11:10:39 +0800] "POST /xingrg/load_menu.html HTTP/1.1" 200 5138
101.85.120.86 - - [26/Jan/2022:11:10:39 +0800] "POST /xingrg/kc/buy/cgsh_order_operate.html HTTP/1.1" 200 37
114.95.98.1 - - [26/Jan/2022:11:10:39 +0800] "GET /xingrg/javascript/jquery_easy_ui/themes/default/images/tree_folder_open.gif HTTP/1.1" 304 -
114.95.98.1 - - [26/Jan/2022:11:10:39 +0800] "GET /xingrg/javascript/jquery_easy_ui/themes/icons/search_new.png HTTP/1.1" 304 -
114.95.98.1 - - [26/Jan/2022:11:10:39 +0800] "GET /xingrg/javascript/jquery_easy_ui/themes/icons/storage_new.png HTTP/1.1" 304 -
114.95.98.1 - - [26/Jan/2022:11:10:39 +0800] "GET /xingrg/javascript/jquery_easy_ui/themes/default/images/tree_folder.gif HTTP/1.1" 304 -
114.95.98.1 - - [26/Jan/2022:11:10:39 +0800] "GET /xingrg/javascript/jquery_easy_ui/themes/icons/forms_new.png HTTP/1.1" 304 -
114.95.98.1 - - [26/Jan/2022:11:10:39 +0800] "GET /xingrg/javascript/jquery_easy_ui/themes/default/images/tree_file.gif HTTP/1.1" 304 -
124.78.156.14 - - [26/Jan/2022:11:10:40 +0800] "GET /xingrg/kc/print/load_config.html?kc_code=cgsh HTTP/1.1" 200 1943
124.78.156.14 - - [26/Jan/2022:11:10:40 +0800] "GET /xingrg/kc/print/load_data.html?order_code=212022012613408&kc_code=cgsh&condition= HTTP/1.1" 200 1011
180.169.147.146 - - [26/Jan/2022:11:10:40 +0800] "GET /xingrg/all/function/internal_message.html?_=1643166639429&CODE_STATE=getMsg HTTP/1.1" 200 27
124.78.156.14 - - [26/Jan/2022:11:10:42 +0800] "GET /xingrg/all/function/internal_message.html?_=1643166641308&CODE_STATE=getMsg HTTP/1.1" 200 27
114.83.218.93 - - [26/Jan/2022:11:10:42 +0800] "GET /xingrg/kc/buy/cgsh_order_operate.html?command=get_materiel&rest_code=00149&code=00101006136&supplier_code=00100012&order_time=2022-01-26 HTTP/1.1" 200 417
114.95.98.1 - - [26/Jan/2022:11:10:44 +0800] "GET /xingrg/javascript/jquery_easy_ui/themes/default/images/tabs_close.gif HTTP/1.1" 304 -
114.95.98.1 - - [26/Jan/2022:11:10:44 +0800] "GET /xingrg/kc/buy/cgsh_order_list.html HTTP/1.1" 200 49782
114.95.98.1 - - [26/Jan/2022:11:10:44 +0800] "GET /xingrg/css/base.css HTTP/1.1" 304 -
114.95.98.1 - - [26/Jan/2022:11:10:44 +0800] "GET /xingrg/css/site.css HTTP/1.1" 304 -
114.95.98.1 - - [26/Jan/2022:11:10:44 +0800] "GET /xingrg/javascript/jquery_tools/datebox.css HTTP/1.1" 304 -
114.95.98.1 - - [26/Jan/2022:11:10:44 +0800] "GET /xingrg/javascript/easyui/themes/default/easyui.css HTTP/1.1" 304 -
114.95.98.1 - - [26/Jan/2022:11:10:44 +0800] "GET /xingrg/javascript/easyui/themes/icon.css HTTP/1.1" 304 -
114.95.98.1 - - [26/Jan/2022:11:10:44 +0800] "GET /xingrg/javascript/auto/jquery.autocomplete.css HTTP/1.1" 304 -
114.95.98.1 - - [26/Jan/2022:11:10:44 +0800] "GET /xingrg/javascript/jquery_tools/fix.css HTTP/1.1" 304 -
114.95.98.1 - - [26/Jan/2022:11:10:44 +0800] "GET /xingrg/javascript/jquery_tools/table.css HTTP/1.1" 304 -
114.95.98.1 - - [26/Jan/2022:11:10:44 +0800] "GET /xingrg/javascript/jquery_tools/list_manager.js HTTP/1.1" 304 -
114.95.98.1 - - [26/Jan/2022:11:10:44 +0800] "GET /xingrg/javascript/jquery_tools/jquery.tools.table.js HTTP/1.1" 304 -
114.95.98.1 - - [26/Jan/2022:11:10:44 +0800] "GET /xingrg/javascript/jquery_tools/jquery.tools.hotkey.js HTTP/1.1" 304 -
114.95.98.1 - - [26/Jan/2022:11:10:44 +0800] "GET /xingrg/javascript/auto/jquery.autocomplete.js HTTP/1.1" 304 -
114.95.98.1 - - [26/Jan/2022:11:10:44 +0800] "GET /xingrg/javascript/easyui/easyloader.js HTTP/1.1" 304 -
114.95.98.1 - - [26/Jan/2022:11:10:44 +0800] "GET /xingrg/javascript/jquery_tools/jquery.tools.extend.js HTTP/1.1" 304 -
114.95.98.1 - - [26/Jan/2022:11:10:44 +0800] "GET /xingrg/javascript/jquery.cookie.js HTTP/1.1" 304 -
114.95.98.1 - - [26/Jan/2022:11:10:44 +0800] "GET /xingrg/javascript/print/LodopFuncs.js HTTP/1.1" 304 -
114.95.98.1 - - [26/Jan/2022:11:10:44 +0800] "GET /xingrg/javascript/jquery_tools/jquery.tools.min.js HTTP/1.1" 304 -
101.85.120.86 - - [26/Jan/2022:11:10:45 +0800] "POST /xingrg/kc/buy/cgsh_order_operate.html HTTP/1.1" 200 12
101.80.229.199 - - [26/Jan/2022:11:10:45 +0800] "GET /xingrg/all/function/internal_message.html?_=1643166645706&CODE_STATE=getMsg HTTP/1.1" 200 27
114.95.98.1 - - [26/Jan/2022:11:10:46 +0800] "GET /xingrg/javascript/easyui/themes/icons/edit_add_new.png HTTP/1.1" 304 -
114.95.98.1 - - [26/Jan/2022:11:10:46 +0800] "GET /xingrg/javascript/easyui/themes/icons/check_new.png HTTP/1.1" 304 -
114.95.98.1 - - [26/Jan/2022:11:10:46 +0800] "GET /xingrg/javascript/easyui/themes/icons/field_new.png HTTP/1.1" 304 -
114.95.98.1 - - [26/Jan/2022:11:10:46 +0800] "GET /xingrg/javascript/easyui/themes/icons/import_new.png HTTP/1.1" 304 -
114.95.98.1 - - [26/Jan/2022:11:10:46 +0800] "GET /xingrg/javascript/easyui/themes/icons/cance_new.png HTTP/1.1" 304 -
114.95.98.1 - - [26/Jan/2022:11:10:46 +0800] "GET /xingrg/javascript/easyui/plugins/jquery.parser.js HTTP/1.1" 304 -
114.95.98.1 - - [26/Jan/2022:11:10:46 +0800] "GET /xingrg/images/control/ajaxLoader.gif HTTP/1.1" 304 -
114.95.98.1 - - [26/Jan/2022:11:10:46 +0800] "GET /xingrg/javascript/jquery_easy_ui/themes/icons/area.png HTTP/1.1" 304 -
114.95.98.1 - - [26/Jan/2022:11:10:46 +0800] "GET /xingrg/javascript/jquery_easy_ui/themes/icons/rest.png HTTP/1.1" 304 -
114.95.98.1 - - [26/Jan/2022:11:10:47 +0800] "POST /xingrg/kc/buy/cgsh_list_operate.html HTTP/1.1" 200 876
101.85.120.86 - - [26/Jan/2022:11:10:47 +0800] "GET /xingrg/kc/buy/cgsh_order_info.html?code=212022012613407 HTTP/1.1" 200 59587
101.85.120.86 - - [26/Jan/2022:11:10:47 +0800] "GET /xingrg/javascript/easyui/themes/default/validatebox.css HTTP/1.1" 404 1104
58.39.168.32 - - [26/Jan/2022:11:10:48 +0800] "GET /xingrg/kc/base/wldb_order_add.html HTTP/1.1" 200 30274
114.95.98.1 - - [26/Jan/2022:11:10:48 +0800] "GET /xingrg/javascript/easyui/themes/default/images/button_plain_hover.png HTTP/1.1" 304 -
101.85.120.86 - - [26/Jan/2022:11:10:48 +0800] "POST /xingrg/kc/buy/cgsh_order_operate.html HTTP/1.1" 200 2412
58.39.168.32 - - [26/Jan/2022:11:10:48 +0800] "POST /xingrg/kc/base/wldb_order_operate.html HTTP/1.1" 200 6806
58.39.168.32 - - [26/Jan/2022:11:10:48 +0800] "GET /xingrg/javascript/easyui/themes/default/validatebox.css HTTP/1.1" 404 1104
114.95.98.1 - - [26/Jan/2022:11:10:48 +0800] "GET /xingrg/javascript/pic_change.js HTTP/1.1" 304 -
114.95.98.1 - - [26/Jan/2022:11:10:48 +0800] "GET /xingrg/javascript/convert.js HTTP/1.1" 304 -
114.95.98.1 - - [26/Jan/2022:11:10:48 +0800] "GET /xingrg/javascript/json2.js HTTP/1.1" 304 -
114.95.98.1 - - [26/Jan/2022:11:10:48 +0800] "GET /xingrg/javascript/print/kc_print.js HTTP/1.1" 304 -
114.95.98.1 - - [26/Jan/2022:11:10:48 +0800] "GET /xingrg/javascript/jquery_tools/order_manager.js HTTP/1.1" 304 -
114.95.98.1 - - [26/Jan/2022:11:10:48 +0800] "GET /xingrg/kc/buy/cgsh_order_add.html HTTP/1.1" 200 65551
114.95.98.1 - - [26/Jan/2022:11:10:49 +0800] "GET /xingrg/words/20220125184438_words.js HTTP/1.1" 304 -
114.95.98.1 - - [26/Jan/2022:11:10:49 +0800] "GET /xingrg/javascript/easyui/themes/icons/copy_new.png HTTP/1.1" 304 -
114.95.98.1 - - [26/Jan/2022:11:10:49 +0800] "GET /xingrg/javascript/easyui/themes/icons/template_new.png HTTP/1.1" 304 -
114.95.98.1 - - [26/Jan/2022:11:10:49 +0800] "GET /xingrg/javascript/easyui/themes/icons/ok.png HTTP/1.1" 304 -
114.95.98.1 - - [26/Jan/2022:11:10:49 +0800] "GET /xingrg/javascript/easyui/themes/icons/print.png HTTP/1.1" 304 -
114.95.98.1 - - [26/Jan/2022:11:10:49 +0800] "GET /xingrg/javascript/easyui/themes/default/images/menu_downarrow.png HTTP/1.1" 304 -
114.95.98.1 - - [26/Jan/2022:11:10:49 +0800] "GET /xingrg/javascript/easyui/themes/icons/cancel.png HTTP/1.1" 304 -
101.85.120.86 - - [26/Jan/2022:11:10:49 +0800] "GET /xingrg/kc/print/load_config.html?kc_code=cgsh HTTP/1.1" 200 1943
101.85.120.86 - - [26/Jan/2022:11:10:49 +0800] "GET /xingrg/kc/print/load_data.html?order_code=212022012613407&kc_code=cgsh&condition= HTTP/1.1" 200 1465
114.95.98.1 - - [26/Jan/2022:11:10:49 +0800] "POST /xingrg/kc/buy/cgsh_order_operate.html HTTP/1.1" 200 8245
114.95.98.1 - - [26/Jan/2022:11:10:50 +0800] "GET /xingrg/javascript/easyui/themes/icons/edit_remove.png HTTP/1.1" 304 -
114.95.98.1 - - [26/Jan/2022:11:10:50 +0800] "GET /xingrg/all/common/auto_word.html?type=employee&rest_code=00102 HTTP/1.1" 200 189
114.95.98.1 - - [26/Jan/2022:11:10:50 +0800] "GET /xingrg/all/common/auto_word.html?type=employee&rest_code=00102 HTTP/1.1" 200 189
58.39.168.32 - - [26/Jan/2022:11:10:50 +0800] "POST /xingrg/all/common/load_combo.html?type=base HTTP/1.1" 200 3409
114.95.98.1 - - [26/Jan/2022:11:10:50 +0800] "GET /xingrg/javascript/easyui/themes/default/validatebox.css HTTP/1.1" 404 1104
114.95.98.1 - - [26/Jan/2022:11:10:50 +0800] "GET /xingrg/javascript/easyui/plugins/jquery.validatebox.js HTTP/1.1" 304 -
114.95.98.1 - - [26/Jan/2022:11:10:50 +0800] "GET /xingrg/javascript/easyui/plugins/jquery.numberbox.js HTTP/1.1" 304 -
114.95.98.1 - - [26/Jan/2022:11:10:51 +0800] "GET /xingrg/javascript/easyui/plugins/jquery.draggable.js HTTP/1.1" 304 -
114.95.98.1 - - [26/Jan/2022:11:10:51 +0800] "GET /xingrg/css/images/panel_loading.gif HTTP/1.1" 304 -
114.95.98.1 - - [26/Jan/2022:11:10:51 +0800] "GET /xingrg/javascript/easyui/plugins/jquery.droppable.js HTTP/1.1" 304 -
114.95.98.1 - - [26/Jan/2022:11:10:51 +0800] "GET /xingrg/javascript/easyui/themes/default/tree.css HTTP/1.1" 404 1090
114.95.98.1 - - [26/Jan/2022:11:10:51 +0800] "GET /xingrg/javascript/easyui/plugins/jquery.tree.js HTTP/1.1" 304 -
114.95.98.1 - - [26/Jan/2022:11:10:51 +0800] "GET /xingrg/all/function/internal_message.html?_=1643166653734&CODE_STATE=getMsg HTTP/1.1" 200 27
114.95.98.1 - - [26/Jan/2022:11:10:51 +0800] "POST /xingrg/all/common/load_tree.html?tree=supplier_tree_json&isDelete=1 HTTP/1.1" 200 62150
124.78.156.14 - - [26/Jan/2022:11:10:52 +0800] "GET /xingrg/kc/print/load_data.html?order_code=212022012613408&kc_code=cgsh HTTP/1.1" 200 1011
101.85.120.86 - - [26/Jan/2022:11:10:54 +0800] "GET /xingrg/javascript/jquery_easy_ui/themes/default/images/tabs_active.png HTTP/1.1" 304 -
114.95.98.1 - - [26/Jan/2022:11:10:54 +0800] "GET /xingrg/javascript/easyui/themes/default/images/tree_arrows.gif HTTP/1.1" 304 -
114.95.98.1 - - [26/Jan/2022:11:10:54 +0800] "GET /xingrg/javascript/easyui/themes/default/images/tree_folder_open.gif HTTP/1.1" 304 -
114.95.98.1 - - [26/Jan/2022:11:10:54 +0800] "GET /xingrg/javascript/easyui/themes/default/images/tree_folder.gif HTTP/1.1" 304 -
114.95.98.1 - - [26/Jan/2022:11:10:54 +0800] "GET /xingrg/javascript/easyui/themes/default/images/tree_file.gif HTTP/1.1" 304 -
114.83.218.93 - - [26/Jan/2022:11:10:55 +0800] "GET /xingrg/all/function/internal_message.html?_=1643166655047&CODE_STATE=getMsg HTTP/1.1" 200 27
116.235.94.49 - - [26/Jan/2022:11:10:56 +0800] "GET /xingrg/all/function/internal_message.html?_=1643166798073&CODE_STATE=getMsg HTTP/1.1" 200 27
101.85.120.86 - - [26/Jan/2022:11:10:56 +0800] "GET /xingrg/kc/buy/cgsh_order_add.html HTTP/1.1" 200 64676
101.85.120.86 - - [26/Jan/2022:11:10:56 +0800] "POST /xingrg/kc/buy/cgsh_order_operate.html HTTP/1.1" 200 8245
101.85.120.86 - - [26/Jan/2022:11:10:56 +0800] "GET /xingrg/javascript/easyui/themes/default/validatebox.css HTTP/1.1" 404 1104
114.95.98.1 - - [26/Jan/2022:11:11:01 +0800] "GET /xingrg/javascript/auto/indicator.gif HTTP/1.1" 404 1066
114.84.146.162 - - [26/Jan/2022:11:11:03 +0800] "GET /xingrg/check_reg.html?_=1643166466647 HTTP/1.1" 200 22
114.95.98.1 - - [26/Jan/2022:11:11:05 +0800] "GET /xingrg/kc/buy/cgsh_order_operate.html?command=get_materiel&rest_code=00102&code=00101009011&supplier_code=00100424&order_time=2022-01-26 HTTP/1.1" 200 416
180.152.99.39 - - [26/Jan/2022:11:11:08 +0800] "GET /xingrg/all/function/internal_message.html?_=1643166596752&CODE_STATE=getMsg HTTP/1.1" 200 27
58.39.168.32 - - [26/Jan/2022:11:11:10 +0800] "GET /xingrg/all/function/internal_message.html?_=1643166608220&CODE_STATE=getMsg HTTP/1.1" 200 27
116.228.172.94 - - [26/Jan/2022:11:11:11 +0800] "GET /xingrg/all/function/internal_message.html?_=1643166585757&CODE_STATE=getMsg HTTP/1.1" 200 27
222.70.179.207 - - [26/Jan/2022:11:11:12 +0800] "GET /xingrg/all/function/internal_message.html?_=1643166670044&CODE_STATE=getMsg HTTP/1.1" 200 27
116.233.74.11 - - [26/Jan/2022:11:11:12 +0800] "GET /xingrg/all/function/internal_message.html?_=1643166673341&CODE_STATE=getMsg HTTP/1.1" 200 27
58.39.168.32 - - [26/Jan/2022:11:11:12 +0800] "GET /xingrg/kc/base/wldb_order_operate.html?command=get_materiel&rest_code=00105&base_code=0010507&code=00101013003 HTTP/1.1" 200 430
222.70.243.96 - - [26/Jan/2022:11:11:13 +0800] "GET /xingrg/all/function/internal_message.html?_=1643166681922&CODE_STATE=getMsg HTTP/1.1" 200 27
101.85.120.86 - - [26/Jan/2022:11:11:14 +0800] "GET /xingrg/kc/buy/cgsh_order_operate.html?command=get_materiel&rest_code=00142&code=00101011001&supplier_code=00100311&order_time=2022-01-26 HTTP/1.1" 200 423
101.85.120.86 - - [26/Jan/2022:11:11:15 +0800] "GET /xingrg/all/function/internal_message.html?_=1643166674246&CODE_STATE=getMsg HTTP/1.1" 200 27
114.83.218.93 - - [26/Jan/2022:11:11:16 +0800] "GET /xingrg/check_reg.html?_=1643166672393 HTTP/1.1" 200 22
114.83.218.93 - - [26/Jan/2022:11:11:16 +0800] "GET /xingrg/all/function/internal_message.html?_=1643166672397&CODE_STATE=getMsg HTTP/1.1" 200 27
114.95.98.1 - - [26/Jan/2022:11:11:19 +0800] "GET /xingrg/kc/buy/cgsh_order_operate.html?command=get_materiel&rest_code=00102&code=00101009013&supplier_code=00100424&order_time=2022-01-26 HTTP/1.1" 200 421
58.39.168.32 - - [26/Jan/2022:11:11:21 +0800] "GET /xingrg/all/function/internal_message.html?_=1643166681872&CODE_STATE=getMsg HTTP/1.1" 200 27
101.85.120.86 - - [26/Jan/2022:11:11:24 +0800] "GET /xingrg/kc/buy/cgsh_order_operate.html?command=get_materiel&rest_code=00142&code=00101011005&supplier_code=00100311&order_time=2022-01-26 HTTP/1.1" 200 429
114.84.146.162 - - [26/Jan/2022:11:11:26 +0800] "GET /xingrg/all/function/internal_message.html?_=1643166489327&CODE_STATE=getMsg HTTP/1.1" 200 27
222.70.223.103 - - [26/Jan/2022:11:11:28 +0800] "GET /xingrg/all/function/internal_message.html?_=1643166669149&CODE_STATE=getMsg HTTP/1.1" 200 27
114.95.98.1 - - [26/Jan/2022:11:11:29 +0800] "GET /xingrg/kc/buy/cgsh_order_operate.html?command=get_materiel&rest_code=00102&code=00101009016&supplier_code=00100424&order_time=2022-01-26 HTTP/1.1" 200 412
180.152.99.73 - - [26/Jan/2022:11:11:30 +0800] "GET /xingrg/all/function/internal_message.html?_=1643166691910&CODE_STATE=getMsg HTTP/1.1" 200 27
58.39.168.32 - - [26/Jan/2022:11:11:31 +0800] "GET /xingrg/kc/base/wldb_order_operate.html?command=get_materiel&rest_code=00105&base_code=0010507&code=00101013188 HTTP/1.1" 200 432
180.169.147.146 - - [26/Jan/2022:11:11:33 +0800] "GET /xingrg/all/function/internal_message.html?_=1643166694171&CODE_STATE=getMsg HTTP/1.1" 200 27
222.70.243.96 - - [26/Jan/2022:11:11:36 +0800] "GET /xingrg/check_reg.html?_=1643166705146 HTTP/1.1" 200 22
114.95.98.1 - - [26/Jan/2022:11:11:36 +0800] "GET /xingrg/kc/buy/cgsh_order_operate.html?command=get_materiel&rest_code=00102&code=00101009007&supplier_code=00100424&order_time=2022-01-26 HTTP/1.1" 200 408
114.95.98.1 - - [26/Jan/2022:11:11:39 +0800] "GET /xingrg/all/function/internal_message.html?_=1643166721282&CODE_STATE=getMsg HTTP/1.1" 200 27
180.169.147.146 - - [26/Jan/2022:11:11:40 +0800] "GET /xingrg/all/function/internal_message.html?_=1643166699396&CODE_STATE=getMsg HTTP/1.1" 200 27
180.169.147.146 - - [26/Jan/2022:11:11:41 +0800] "GET /xingrg/check_reg.html?_=1643166700348 HTTP/1.1" 200 22
124.78.156.14 - - [26/Jan/2022:11:11:42 +0800] "GET /xingrg/all/function/internal_message.html?_=1643166701307&CODE_STATE=getMsg HTTP/1.1" 200 27
101.80.229.199 - - [26/Jan/2022:11:11:45 +0800] "GET /xingrg/all/function/internal_message.html?_=1643166705707&CODE_STATE=getMsg HTTP/1.1" 200 27
114.95.98.1 - - [26/Jan/2022:11:11:51 +0800] "GET /xingrg/all/function/internal_message.html?_=1643166713736&CODE_STATE=getMsg HTTP/1.1" 200 27
58.39.168.32 - - [26/Jan/2022:11:11:54 +0800] "GET /xingrg/kc/base/wldb_order_operate.html?command=get_materiel&rest_code=00105&base_code=0010507&code=00101019542 HTTP/1.1" 200 448
114.83.218.93 - - [26/Jan/2022:11:11:55 +0800] "GET /xingrg/all/function/internal_message.html?_=1643166715031&CODE_STATE=getMsg HTTP/1.1" 200 27
116.235.94.49 - - [26/Jan/2022:11:11:56 +0800] "GET /xingrg/all/function/internal_message.html?_=1643166858072&CODE_STATE=getMsg HTTP/1.1" 200 27
114.83.218.93 - - [26/Jan/2022:11:11:56 +0800] "GET /xingrg/check_reg.html?_=1643166716461 HTTP/1.1" 200 22
58.39.168.32 - - [26/Jan/2022:11:12:02 +0800] "POST /xingrg/kc/base/wldb_order_operate.html HTTP/1.1" 200 37
58.39.168.32 - - [26/Jan/2022:11:12:03 +0800] "POST /xingrg/kc/base/wldb_order_operate.html HTTP/1.1" 200 3639
58.39.168.32 - - [26/Jan/2022:11:12:03 +0800] "GET /xingrg/kc/base/wldb_order_info.html?code=422022012603437 HTTP/1.1" 200 30288
58.39.168.32 - - [26/Jan/2022:11:12:03 +0800] "GET /xingrg/javascript/easyui/themes/default/validatebox.css HTTP/1.1" 404 1104
58.39.168.32 - - [26/Jan/2022:11:12:04 +0800] "POST /xingrg/kc/base/wldb_order_operate.html HTTP/1.1" 200 3639
180.152.99.39 - - [26/Jan/2022:11:12:08 +0800] "GET /xingrg/all/function/internal_message.html?_=1643166656765&CODE_STATE=getMsg HTTP/1.1" 200 27
58.39.168.32 - - [26/Jan/2022:11:12:10 +0800] "GET /xingrg/all/function/internal_message.html?_=1643166668215&CODE_STATE=getMsg HTTP/1.1" 200 27
116.228.172.94 - - [26/Jan/2022:11:12:11 +0800] "GET /xingrg/all/function/internal_message.html?_=1643166645771&CODE_STATE=getMsg HTTP/1.1" 200 27
114.95.98.1 - - [26/Jan/2022:11:12:12 +0800] "GET /xingrg/kc/buy/cgsh_order_operate.html?command=get_materiel&rest_code=00102&code=00101009112&supplier_code=00100424&order_time=2022-01-26 HTTP/1.1" 200 411
222.70.179.207 - - [26/Jan/2022:11:12:12 +0800] "GET /xingrg/all/function/internal_message.html?_=1643166730043&CODE_STATE=getMsg HTTP/1.1" 200 27
116.233.74.11 - - [26/Jan/2022:11:12:12 +0800] "GET /xingrg/all/function/internal_message.html?_=1643166733344&CODE_STATE=getMsg HTTP/1.1" 200 27
222.70.243.96 - - [26/Jan/2022:11:12:13 +0800] "GET /xingrg/all/function/internal_message.html?_=1643166741925&CODE_STATE=getMsg HTTP/1.1" 200 27
101.85.120.86 - - [26/Jan/2022:11:12:15 +0800] "GET /xingrg/all/function/internal_message.html?_=1643166734239&CODE_STATE=getMsg HTTP/1.1" 200 27
114.83.218.93 - - [26/Jan/2022:11:12:16 +0800] "GET /xingrg/all/function/internal_message.html?_=1643166732384&CODE_STATE=getMsg HTTP/1.1" 200 27
58.39.168.32 - - [26/Jan/2022:11:12:20 +0800] "GET /xingrg/kc/base/wldb_order_add.html HTTP/1.1" 200 30274
58.39.168.32 - - [26/Jan/2022:11:12:20 +0800] "POST /xingrg/kc/base/wldb_order_operate.html HTTP/1.1" 200 6806
58.39.168.32 - - [26/Jan/2022:11:12:20 +0800] "GET /xingrg/javascript/easyui/themes/default/validatebox.css HTTP/1.1" 404 1104
58.39.168.32 - - [26/Jan/2022:11:12:21 +0800] "GET /xingrg/check_reg.html?_=1643166741876 HTTP/1.1" 200 22
58.39.168.32 - - [26/Jan/2022:11:12:21 +0800] "GET /xingrg/all/function/internal_message.html?_=1643166741873&CODE_STATE=getMsg HTTP/1.1" 200 27
114.84.146.162 - - [26/Jan/2022:11:12:26 +0800] "GET /xingrg/all/function/internal_message.html?_=1643166549303&CODE_STATE=getMsg HTTP/1.1" 200 27
114.95.98.1 - - [26/Jan/2022:11:12:27 +0800] "GET /xingrg/kc/buy/cgsh_order_operate.html?command=get_materiel&rest_code=00102&code=00101009045&supplier_code=00100424&order_time=2022-01-26 HTTP/1.1" 200 412
222.70.223.103 - - [26/Jan/2022:11:12:28 +0800] "GET /xingrg/check_reg.html?_=1643166729145 HTTP/1.1" 200 22
222.70.223.103 - - [26/Jan/2022:11:12:28 +0800] "GET /xingrg/all/function/internal_message.html?_=1643166729143&CODE_STATE=getMsg HTTP/1.1" 200 27
124.78.156.14 - - [26/Jan/2022:11:12:29 +0800] "GET /xingrg/kc/buy/cgsh_order_add.html HTTP/1.1" 200 65598
180.152.99.73 - - [26/Jan/2022:11:12:30 +0800] "GET /xingrg/check_reg.html?_=1643166751910 HTTP/1.1" 200 22
180.152.99.73 - - [26/Jan/2022:11:12:30 +0800] "GET /xingrg/all/function/internal_message.html?_=1643166751916&CODE_STATE=getMsg HTTP/1.1" 200 27
101.85.120.86 - - [26/Jan/2022:11:12:30 +0800] "POST /xingrg/kc/buy/cgsh_order_operate.html HTTP/1.1" 200 37
58.39.168.32 - - [26/Jan/2022:11:12:30 +0800] "GET /xingrg/javascript/jquery_tools/images/prev.gif HTTP/1.1" 404 1086
58.39.168.32 - - [26/Jan/2022:11:12:30 +0800] "GET /xingrg/javascript/jquery_tools/images/next.gif HTTP/1.1" 404 1086
124.78.156.14 - - [26/Jan/2022:11:12:30 +0800] "POST /xingrg/kc/buy/cgsh_order_operate.html HTTP/1.1" 200 8245
124.78.156.14 - - [26/Jan/2022:11:12:30 +0800] "GET /xingrg/javascript/easyui/themes/default/validatebox.css HTTP/1.1" 404 1104
101.85.120.86 - - [26/Jan/2022:11:12:33 +0800] "POST /xingrg/kc/buy/cgsh_order_operate.html HTTP/1.1" 200 12
180.169.147.146 - - [26/Jan/2022:11:12:33 +0800] "GET /xingrg/all/function/internal_message.html?_=1643166754154&CODE_STATE=getMsg HTTP/1.1" 200 27
101.85.120.86 - - [26/Jan/2022:11:12:35 +0800] "GET /xingrg/kc/buy/cgsh_order_info.html?code=212022012613409 HTTP/1.1" 200 59589
101.85.120.86 - - [26/Jan/2022:11:12:35 +0800] "GET /xingrg/javascript/easyui/themes/default/validatebox.css HTTP/1.1" 404 1104
101.85.120.86 - - [26/Jan/2022:11:12:36 +0800] "POST /xingrg/kc/buy/cgsh_order_operate.html HTTP/1.1" 200 2389
114.95.98.1 - - [26/Jan/2022:11:12:39 +0800] "POST /xingrg/kc/buy/cgsh_order_operate.html HTTP/1.1" 200 37
101.85.120.86 - - [26/Jan/2022:11:12:39 +0800] "GET /xingrg/kc/print/load_data.html?order_code=212022012613409&kc_code=cgsh&condition= HTTP/1.1" 200 1398
180.169.147.146 - - [26/Jan/2022:11:12:40 +0800] "GET /xingrg/all/function/internal_message.html?_=1643166759376&CODE_STATE=getMsg HTTP/1.1" 200 27
124.78.156.14 - - [26/Jan/2022:11:12:42 +0800] "GET /xingrg/all/function/internal_message.html?_=1643166761290&CODE_STATE=getMsg HTTP/1.1" 200 27
114.95.98.1 - - [26/Jan/2022:11:12:44 +0800] "POST /xingrg/kc/buy/cgsh_order_operate.html HTTP/1.1" 200 12
124.78.156.14 - - [26/Jan/2022:11:12:44 +0800] "GET /xingrg/javascript/easyui/themes/default/tree.css HTTP/1.1" 404 1090
124.78.156.14 - - [26/Jan/2022:11:12:44 +0800] "POST /xingrg/all/common/load_tree.html?tree=supplier_tree_json&isDelete=1 HTTP/1.1" 200 62150
101.80.229.199 - - [26/Jan/2022:11:12:45 +0800] "GET /xingrg/all/function/internal_message.html?_=1643166765696&CODE_STATE=getMsg HTTP/1.1" 200 27
114.95.98.1 - - [26/Jan/2022:11:12:46 +0800] "GET /xingrg/kc/buy/cgsh_order_info.html?code=212022012613410 HTTP/1.1" 200 60458
114.95.98.1 - - [26/Jan/2022:11:12:47 +0800] "GET /xingrg/javascript/easyui/themes/default/validatebox.css HTTP/1.1" 404 1104
114.95.98.1 - - [26/Jan/2022:11:12:47 +0800] "GET /xingrg/all/function/internal_message.html?_=1643166789452&CODE_STATE=getMsg HTTP/1.1" 200 27
114.95.98.1 - - [26/Jan/2022:11:12:48 +0800] "POST /xingrg/kc/buy/cgsh_order_operate.html HTTP/1.1" 200 3579
114.95.98.1 - - [26/Jan/2022:11:12:49 +0800] "GET /xingrg/kc/print/load_config.html?kc_code=cgsh HTTP/1.1" 200 1943
114.95.98.1 - - [26/Jan/2022:11:12:50 +0800] "GET /xingrg/kc/print/load_data.html?order_code=212022012613410&kc_code=cgsh&condition= HTTP/1.1" 200 1821
101.85.120.86 - - [26/Jan/2022:11:12:50 +0800] "GET /xingrg/kc/buy/cgsh_order_add.html HTTP/1.1" 200 64676
101.85.120.86 - - [26/Jan/2022:11:12:50 +0800] "POST /xingrg/kc/buy/cgsh_order_operate.html HTTP/1.1" 200 8245
101.85.120.86 - - [26/Jan/2022:11:12:50 +0800] "GET /xingrg/javascript/easyui/themes/default/validatebox.css HTTP/1.1" 404 1104
114.95.98.1 - - [26/Jan/2022:11:12:51 +0800] "GET /xingrg/all/function/internal_message.html?_=1643166773736&CODE_STATE=getMsg HTTP/1.1" 200 27
58.39.168.32 - - [26/Jan/2022:11:12:53 +0800] "GET /xingrg/kc/base/wldb_order_operate.html?command=get_materiel&rest_code=00105&base_code=0010507&code=00101019127 HTTP/1.1" 200 466
114.83.218.93 - - [26/Jan/2022:11:12:55 +0800] "GET /xingrg/all/function/internal_message.html?_=1643166775009&CODE_STATE=getMsg HTTP/1.1" 200 27
116.235.94.49 - - [26/Jan/2022:11:12:56 +0800] "GET /xingrg/all/function/internal_message.html?_=1643166918070&CODE_STATE=getMsg HTTP/1.1" 200 27
124.78.156.14 - - [26/Jan/2022:11:12:56 +0800] "GET /xingrg/kc/buy/cgsh_order_operate.html?command=get_materiel&rest_code=00106&code=00101006124&supplier_code=00100015&order_time=2022-01-26 HTTP/1.1" 200 411
114.95.98.1 - - [26/Jan/2022:11:12:58 +0800] "GET /xingrg/javascript/jquery_easy_ui/themes/default/images/tabs_active.png HTTP/1.1" 304 -
114.83.218.93 - - [26/Jan/2022:11:12:58 +0800] "GET /xingrg/kc/buy/cgsh_order_operate.html?command=get_materiel&rest_code=00149&code=00101006006&supplier_code=00100012&order_time=2022-01-26 HTTP/1.1" 200 409
101.85.120.86 - - [26/Jan/2022:11:13:08 +0800] "GET /xingrg/kc/buy/cgsh_order_operate.html?command=get_materiel&rest_code=00142&code=00101008126&supplier_code=00100161&order_time=2022-01-26 HTTP/1.1" 200 412
180.152.99.39 - - [26/Jan/2022:11:13:08 +0800] "GET /xingrg/all/function/internal_message.html?_=1643166716785&CODE_STATE=getMsg HTTP/1.1" 200 27
114.83.218.93 - - [26/Jan/2022:11:13:09 +0800] "GET /xingrg/kc/buy/cgsh_order_operate.html?command=get_materiel&rest_code=00149&code=00101006130&supplier_code=00100012&order_time=2022-01-26 HTTP/1.1" 200 448
58.39.168.32 - - [26/Jan/2022:11:13:10 +0800] "GET /xingrg/all/function/internal_message.html?_=1643166728220&CODE_STATE=getMsg HTTP/1.1" 200 27
58.39.168.32 - - [26/Jan/2022:11:13:10 +0800] "GET /xingrg/check_reg.html?_=1643166728224 HTTP/1.1" 200 22
116.228.172.94 - - [26/Jan/2022:11:13:11 +0800] "GET /xingrg/check_reg.html?_=1643166705764 HTTP/1.1" 200 22
116.228.172.94 - - [26/Jan/2022:11:13:11 +0800] "GET /xingrg/all/function/internal_message.html?_=1643166705766&CODE_STATE=getMsg HTTP/1.1" 200 27
222.70.179.207 - - [26/Jan/2022:11:13:12 +0800] "GET /xingrg/all/function/internal_message.html?_=1643166790044&CODE_STATE=getMsg HTTP/1.1" 200 27
116.233.74.11 - - [26/Jan/2022:11:13:12 +0800] "GET /xingrg/all/function/internal_message.html?_=1643166793345&CODE_STATE=getMsg HTTP/1.1" 200 27
116.233.74.11 - - [26/Jan/2022:11:13:12 +0800] "GET /xingrg/check_reg.html?_=1643166793347 HTTP/1.1" 200 22
222.70.243.96 - - [26/Jan/2022:11:13:13 +0800] "GET /xingrg/all/function/internal_message.html?_=1643166801937&CODE_STATE=getMsg HTTP/1.1" 200 27
101.85.120.86 - - [26/Jan/2022:11:13:15 +0800] "GET /xingrg/check_reg.html?_=1643166794355 HTTP/1.1" 200 22
101.85.120.86 - - [26/Jan/2022:11:13:15 +0800] "GET /xingrg/all/function/internal_message.html?_=1643166794356&CODE_STATE=getMsg HTTP/1.1" 200 27
114.83.218.93 - - [26/Jan/2022:11:13:16 +0800] "GET /xingrg/all/function/internal_message.html?_=1643166792389&CODE_STATE=getMsg HTTP/1.1" 200 27
124.78.156.14 - - [26/Jan/2022:11:13:18 +0800] "GET /xingrg/kc/buy/cgsh_order_operate.html?command=get_materiel&rest_code=00106&code=00101006184&supplier_code=00100015&order_time=2022-01-26 HTTP/1.1" 200 408
58.39.168.32 - - [26/Jan/2022:11:13:21 +0800] "GET /xingrg/all/function/internal_message.html?_=1643166801875&CODE_STATE=getMsg HTTP/1.1" 200 27
101.85.120.86 - - [26/Jan/2022:11:13:21 +0800] "GET /xingrg/kc/buy/cgsh_order_operate.html?command=get_materiel&rest_code=00142&code=00101008368&supplier_code=00100161&order_time=2022-01-26 HTTP/1.1" 200 408
114.83.218.93 - - [26/Jan/2022:11:13:25 +0800] "POST /xingrg/kc/buy/cgsh_order_operate.html HTTP/1.1" 200 37
114.84.146.162 - - [26/Jan/2022:11:13:26 +0800] "GET /xingrg/all/function/internal_message.html?_=1643166609282&CODE_STATE=getMsg HTTP/1.1" 200 27
124.78.156.14 - - [26/Jan/2022:11:13:27 +0800] "GET /xingrg/kc/buy/cgsh_order_operate.html?command=get_materiel&rest_code=00106&code=00101006065&supplier_code=00100015&order_time=2022-01-26 HTTP/1.1" 200 409
222.70.223.103 - - [26/Jan/2022:11:13:28 +0800] "GET /xingrg/all/function/internal_message.html?_=1643166789140&CODE_STATE=getMsg HTTP/1.1" 200 27
180.152.99.73 - - [26/Jan/2022:11:13:30 +0800] "GET /xingrg/all/function/internal_message.html?_=1643166811917&CODE_STATE=getMsg HTTP/1.1" 200 27
101.85.120.86 - - [26/Jan/2022:11:13:30 +0800] "GET /xingrg/kc/buy/cgsh_order_operate.html?command=get_materiel&rest_code=00142&code=00101008268&supplier_code=00100161&order_time=2022-01-26 HTTP/1.1" 200 408
114.83.218.93 - - [26/Jan/2022:11:13:32 +0800] "POST /xingrg/kc/buy/cgsh_order_operate.html HTTP/1.1" 200 12
180.169.147.146 - - [26/Jan/2022:11:13:33 +0800] "GET /xingrg/all/function/internal_message.html?_=1643166814145&CODE_STATE=getMsg HTTP/1.1" 200 27
124.78.156.14 - - [26/Jan/2022:11:13:38 +0800] "GET /xingrg/kc/buy/cgsh_order_operate.html?command=get_materiel&rest_code=00106&code=00101006240&supplier_code=00100015&order_time=2022-01-26 HTTP/1.1" 200 410
101.85.120.86 - - [26/Jan/2022:11:13:40 +0800] "GET /xingrg/kc/buy/cgsh_order_operate.html?command=get_materiel&rest_code=00142&code=00101008059&supplier_code=00100161&order_time=2022-01-26 HTTP/1.1" 200 408
180.169.147.146 - - [26/Jan/2022:11:13:40 +0800] "GET /xingrg/all/function/internal_message.html?_=1643166819355&CODE_STATE=getMsg HTTP/1.1" 200 27
114.83.218.93 - - [26/Jan/2022:11:13:41 +0800] "GET /xingrg/kc/buy/cgsh_order_info.html?code=212022012613411 HTTP/1.1" 200 60554
114.83.218.93 - - [26/Jan/2022:11:13:41 +0800] "GET /xingrg/javascript/easyui/themes/default/validatebox.css HTTP/1.1" 404 1104
114.83.218.93 - - [26/Jan/2022:11:13:41 +0800] "POST /xingrg/kc/buy/cgsh_order_operate.html HTTP/1.1" 200 3581
124.78.156.14 - - [26/Jan/2022:11:13:42 +0800] "GET /xingrg/all/function/internal_message.html?_=1643166821253&CODE_STATE=getMsg HTTP/1.1" 200 27
58.39.168.32 - - [26/Jan/2022:11:13:43 +0800] "GET /xingrg/kc/base/wldb_order_operate.html?command=get_materiel&rest_code=00105&base_code=0010507&code=00101019536 HTTP/1.1" 200 471
101.80.229.199 - - [26/Jan/2022:11:13:45 +0800] "GET /xingrg/all/function/internal_message.html?_=1643166825709&CODE_STATE=getMsg HTTP/1.1" 200 27
114.95.98.1 - - [26/Jan/2022:11:13:47 +0800] "GET /xingrg/all/function/internal_message.html?_=1643166849750&CODE_STATE=getMsg HTTP/1.1" 200 27
101.85.120.86 - - [26/Jan/2022:11:13:50 +0800] "GET /xingrg/kc/buy/cgsh_order_operate.html?command=get_materiel&rest_code=00142&code=00101008199&supplier_code=00100161&order_time=2022-01-26 HTTP/1.1" 200 408
124.78.156.14 - - [26/Jan/2022:11:13:50 +0800] "GET /xingrg/kc/buy/cgsh_order_operate.html?command=get_materiel&rest_code=00106&code=00101006112&supplier_code=00100015&order_time=2022-01-26 HTTP/1.1" 200 409
114.83.218.93 - - [26/Jan/2022:11:13:51 +0800] "GET /xingrg/kc/print/load_data.html?order_code=212022012613411&kc_code=cgsh&condition= HTTP/1.1" 200 1942
114.95.98.1 - - [26/Jan/2022:11:13:51 +0800] "GET /xingrg/all/function/internal_message.html?_=1643166833739&CODE_STATE=getMsg HTTP/1.1" 200 27
114.95.98.1 - - [26/Jan/2022:11:13:51 +0800] "GET /xingrg/check_reg.html?_=1643166833742 HTTP/1.1" 200 22
114.83.218.93 - - [26/Jan/2022:11:13:55 +0800] "GET /xingrg/all/function/internal_message.html?_=1643166834988&CODE_STATE=getMsg HTTP/1.1" 200 27
116.235.94.49 - - [26/Jan/2022:11:13:56 +0800] "GET /xingrg/all/function/internal_message.html?_=1643166978068&CODE_STATE=getMsg HTTP/1.1" 200 27
101.85.120.86 - - [26/Jan/2022:11:13:58 +0800] "GET /xingrg/kc/buy/cgsh_order_operate.html?command=get_materiel&rest_code=00142&code=00101008361&supplier_code=00100161&order_time=2022-01-26 HTTP/1.1" 200 408
124.78.156.14 - - [26/Jan/2022:11:14:02 +0800] "GET /xingrg/kc/buy/cgsh_order_operate.html?command=get_materiel&rest_code=00106&code=00101006290&supplier_code=00100015&order_time=2022-01-26 HTTP/1.1" 200 400
222.70.223.103 - - [26/Jan/2022:11:14:03 +0800] "GET /xingrg/kc/buy/cgsh_order_list.html HTTP/1.1" 200 49788
222.70.223.103 - - [26/Jan/2022:11:14:03 +0800] "GET /xingrg/kc/buy/cgsh_order_list.html HTTP/1.1" 200 49788
101.85.120.86 - - [26/Jan/2022:11:14:04 +0800] "GET /xingrg/kc/buy/cgsh_order_operate.html?command=get_materiel&rest_code=00142&code=00101008155&supplier_code=00100161&order_time=2022-01-26 HTTP/1.1" 200 408
180.152.99.39 - - [26/Jan/2022:11:14:08 +0800] "GET /xingrg/all/function/internal_message.html?_=1643166776792&CODE_STATE=getMsg HTTP/1.1" 200 27
222.70.223.103 - - [26/Jan/2022:11:14:08 +0800] "POST /xingrg/kc/buy/cgsh_list_operate.html HTTP/1.1" 200 2774
222.70.223.103 - - [26/Jan/2022:11:14:09 +0800] "POST /xingrg/kc/buy/cgsh_list_operate.html HTTP/1.1" 200 2774
58.39.168.32 - - [26/Jan/2022:11:14:10 +0800] "GET /xingrg/all/function/internal_message.html?_=1643166788216&CODE_STATE=getMsg HTTP/1.1" 200 27
116.228.172.94 - - [26/Jan/2022:11:14:11 +0800] "GET /xingrg/all/function/internal_message.html?_=1643166765753&CODE_STATE=getMsg HTTP/1.1" 200 27
58.39.168.32 - - [26/Jan/2022:11:14:12 +0800] "GET /xingrg/kc/base/wldb_order_operate.html?command=get_materiel&rest_code=00105&base_code=0010507&code=00101019405 HTTP/1.1" 200 468
222.70.179.207 - - [26/Jan/2022:11:14:12 +0800] "GET /xingrg/all/function/internal_message.html?_=1643166850044&CODE_STATE=getMsg HTTP/1.1" 200 27
116.233.74.11 - - [26/Jan/2022:11:14:12 +0800] "GET /xingrg/all/function/internal_message.html?_=1643166853348&CODE_STATE=getMsg HTTP/1.1" 200 27
222.70.223.103 - - [26/Jan/2022:11:14:12 +0800] "GET /xingrg/kc/buy/cgsh_order_add.html HTTP/1.1" 200 65519
222.70.223.103 - - [26/Jan/2022:11:14:12 +0800] "GET /xingrg/words/20220125184438_words.js HTTP/1.1" 304 -
222.70.223.103 - - [26/Jan/2022:11:14:13 +0800] "POST /xingrg/kc/buy/cgsh_order_operate.html HTTP/1.1" 200 8245
222.70.223.103 - - [26/Jan/2022:11:14:13 +0800] "GET /xingrg/all/common/auto_word.html?type=employee&rest_code=00155 HTTP/1.1" 200 205
222.70.223.103 - - [26/Jan/2022:11:14:13 +0800] "GET /xingrg/javascript/easyui/themes/default/validatebox.css HTTP/1.1" 404 1104
222.70.223.103 - - [26/Jan/2022:11:14:13 +0800] "GET /xingrg/all/common/auto_word.html?type=employee&rest_code=00155 HTTP/1.1" 200 205
222.70.243.96 - - [26/Jan/2022:11:14:13 +0800] "GET /xingrg/all/function/internal_message.html?_=1643166862186&CODE_STATE=getMsg HTTP/1.1" 200 27
101.85.120.86 - - [26/Jan/2022:11:14:14 +0800] "GET /xingrg/kc/buy/cgsh_order_operate.html?command=get_materiel&rest_code=00142&code=00101008355&supplier_code=00100161&order_time=2022-01-26 HTTP/1.1" 200 408
101.85.120.86 - - [26/Jan/2022:11:14:15 +0800] "GET /xingrg/all/function/internal_message.html?_=1643166854341&CODE_STATE=getMsg HTTP/1.1" 200 27
114.83.218.93 - - [26/Jan/2022:11:14:16 +0800] "GET /xingrg/all/function/internal_message.html?_=1643166852388&CODE_STATE=getMsg HTTP/1.1" 200 27
222.70.223.103 - - [26/Jan/2022:11:14:16 +0800] "GET /xingrg/javascript/auto/indicator.gif HTTP/1.1" 404 1066
222.70.223.103 - - [26/Jan/2022:11:14:17 +0800] "GET /xingrg/javascript/jquery_tools/images/prev.gif HTTP/1.1" 404 1086
222.70.223.103 - - [26/Jan/2022:11:14:17 +0800] "GET /xingrg/javascript/jquery_tools/images/next.gif HTTP/1.1" 404 1086
58.39.168.32 - - [26/Jan/2022:11:14:21 +0800] "GET /xingrg/all/function/internal_message.html?_=1643166861876&CODE_STATE=getMsg HTTP/1.1" 200 27
124.78.156.14 - - [26/Jan/2022:11:14:22 +0800] "GET /xingrg/kc/buy/cgsh_order_operate.html?command=get_materiel&rest_code=00106&code=00101006129&supplier_code=00100015&order_time=2022-01-26 HTTP/1.1" 200 433
101.85.120.86 - - [26/Jan/2022:11:14:23 +0800] "GET /xingrg/kc/buy/cgsh_order_operate.html?command=get_materiel&rest_code=00142&code=00101008372&supplier_code=00100161&order_time=2022-01-26 HTTP/1.1" 200 408
114.84.146.162 - - [26/Jan/2022:11:14:26 +0800] "GET /xingrg/all/function/internal_message.html?_=1643166669255&CODE_STATE=getMsg HTTP/1.1" 200 27
222.70.223.103 - - [26/Jan/2022:11:14:26 +0800] "GET /xingrg/kc/buy/cgsh_order_operate.html?command=get_materiel&rest_code=00155&code=00101008569&supplier_code=00100450&order_time=2022-01-26 HTTP/1.1" 200 403
222.70.223.103 - - [26/Jan/2022:11:14:28 +0800] "GET /xingrg/all/function/internal_message.html?_=1643166849140&CODE_STATE=getMsg HTTP/1.1" 200 27
180.152.99.73 - - [26/Jan/2022:11:14:30 +0800] "GET /xingrg/all/function/internal_message.html?_=1643166871931&CODE_STATE=getMsg HTTP/1.1" 200 27
101.85.120.86 - - [26/Jan/2022:11:14:32 +0800] "GET /xingrg/kc/buy/cgsh_order_operate.html?command=get_materiel&rest_code=00142&code=00101008024&supplier_code=00100161&order_time=2022-01-26 HTTP/1.1" 200 408
180.169.147.146 - - [26/Jan/2022:11:14:33 +0800] "GET /xingrg/all/function/internal_message.html?_=1643166874118&CODE_STATE=getMsg HTTP/1.1" 200 27
