114.95.98.1 - - [26/Jan/2022:10:51:57 +0800] "GET /xingrg/all/function/internal_message.html?_=1643165539068&CODE_STATE=getMsg HTTP/1.1" 200 27
222.70.243.96 - - [26/Jan/2022:10:52:07 +0800] "GET /xingrg/all/function/internal_message.html?_=1643165536224&CODE_STATE=getMsg HTTP/1.1" 200 27
180.152.99.39 - - [26/Jan/2022:10:52:08 +0800] "GET /xingrg/all/function/internal_message.html?_=1643165456493&CODE_STATE=getMsg HTTP/1.1" 200 27
116.228.172.94 - - [26/Jan/2022:10:52:11 +0800] "GET /xingrg/all/function/internal_message.html?_=1643165445766&CODE_STATE=getMsg HTTP/1.1" 200 27
222.70.179.207 - - [26/Jan/2022:10:52:12 +0800] "GET /xingrg/all/function/internal_message.html?_=1643165530007&CODE_STATE=getMsg HTTP/1.1" 200 27
116.233.74.11 - - [26/Jan/2022:10:52:12 +0800] "GET /xingrg/all/function/internal_message.html?_=1643165533299&CODE_STATE=getMsg HTTP/1.1" 200 27
101.85.120.86 - - [26/Jan/2022:10:52:15 +0800] "GET /xingrg/login.html HTTP/1.1" 200 7641
101.85.120.86 - - [26/Jan/2022:10:52:15 +0800] "GET /xingrg/images/blue/jxLogo.png HTTP/1.1" 304 -
101.85.120.86 - - [26/Jan/2022:10:52:15 +0800] "GET /xingrg/images/blue/login_bg.png HTTP/1.1" 304 -
101.85.120.86 - - [26/Jan/2022:10:52:15 +0800] "GET /xingrg/images/blue/hj.png HTTP/1.1" 304 -
101.85.120.86 - - [26/Jan/2022:10:52:15 +0800] "GET /xingrg/images/blue/srbg.png HTTP/1.1" 304 -
101.85.120.86 - - [26/Jan/2022:10:52:15 +0800] "GET /favicon.ico HTTP/1.1" 404 -
114.83.218.93 - - [26/Jan/2022:10:52:16 +0800] "GET /xingrg/all/function/internal_message.html?_=1643165532375&CODE_STATE=getMsg HTTP/1.1" 200 27
58.39.168.32 - - [26/Jan/2022:10:52:21 +0800] "GET /xingrg/check_reg.html?_=1643165541866 HTTP/1.1" 200 22
58.39.168.32 - - [26/Jan/2022:10:52:21 +0800] "GET /xingrg/all/function/internal_message.html?_=1643165541868&CODE_STATE=getMsg HTTP/1.1" 200 27
114.84.146.162 - - [26/Jan/2022:10:52:27 +0800] "GET /xingrg/all/function/internal_message.html?_=1643165349671&CODE_STATE=getMsg HTTP/1.1" 200 27
222.70.223.103 - - [26/Jan/2022:10:52:28 +0800] "GET /xingrg/all/function/internal_message.html?_=1643165529139&CODE_STATE=getMsg HTTP/1.1" 200 27
222.70.223.103 - - [26/Jan/2022:10:52:28 +0800] "GET /xingrg/check_reg.html?_=1643165529141 HTTP/1.1" 200 22
180.152.99.73 - - [26/Jan/2022:10:52:29 +0800] "GET /xingrg/check_reg.html?_=1643165551851 HTTP/1.1" 200 22
180.152.99.73 - - [26/Jan/2022:10:52:29 +0800] "GET /xingrg/all/function/internal_message.html?_=1643165551855&CODE_STATE=getMsg HTTP/1.1" 200 27
180.169.147.146 - - [26/Jan/2022:10:52:40 +0800] "GET /xingrg/all/function/internal_message.html?_=1643165559752&CODE_STATE=getMsg HTTP/1.1" 200 27
101.80.229.199 - - [26/Jan/2022:10:52:45 +0800] "GET /xingrg/all/function/internal_message.html?_=1643165565692&CODE_STATE=getMsg HTTP/1.1" 200 27
114.95.98.1 - - [26/Jan/2022:10:52:51 +0800] "GET /xingrg/all/function/internal_message.html?_=1643165573726&CODE_STATE=getMsg HTTP/1.1" 200 27
114.83.218.93 - - [26/Jan/2022:10:52:55 +0800] "GET /xingrg/all/function/internal_message.html?_=1643165575204&CODE_STATE=getMsg HTTP/1.1" 200 27
116.235.94.49 - - [26/Jan/2022:10:52:55 +0800] "GET /xingrg/all/function/internal_message.html?_=1643165718069&CODE_STATE=getMsg HTTP/1.1" 200 27
114.95.98.1 - - [26/Jan/2022:10:52:57 +0800] "GET /xingrg/all/function/internal_message.html?_=1643165599076&CODE_STATE=getMsg HTTP/1.1" 200 27
58.39.168.32 - - [26/Jan/2022:10:53:07 +0800] "GET /xingrg/kc/buy/cgsh_order_add.html HTTP/1.1" 200 65645
58.39.168.32 - - [26/Jan/2022:10:53:07 +0800] "POST /xingrg/kc/buy/cgsh_order_operate.html HTTP/1.1" 200 8245
58.39.168.32 - - [26/Jan/2022:10:53:07 +0800] "GET /xingrg/javascript/easyui/themes/default/validatebox.css HTTP/1.1" 404 1104
222.70.243.96 - - [26/Jan/2022:10:53:07 +0800] "GET /xingrg/all/function/internal_message.html?_=1643165596445&CODE_STATE=getMsg HTTP/1.1" 200 27
180.152.99.39 - - [26/Jan/2022:10:53:08 +0800] "GET /xingrg/all/function/internal_message.html?_=1643165516514&CODE_STATE=getMsg HTTP/1.1" 200 27
116.228.172.94 - - [26/Jan/2022:10:53:11 +0800] "GET /xingrg/all/function/internal_message.html?_=1643165505766&CODE_STATE=getMsg HTTP/1.1" 200 27
116.228.172.94 - - [26/Jan/2022:10:53:11 +0800] "GET /xingrg/check_reg.html?_=1643165505771 HTTP/1.1" 200 22
222.70.179.207 - - [26/Jan/2022:10:53:12 +0800] "GET /xingrg/all/function/internal_message.html?_=1643165590007&CODE_STATE=getMsg HTTP/1.1" 200 27
116.233.74.11 - - [26/Jan/2022:10:53:12 +0800] "GET /xingrg/all/function/internal_message.html?_=1643165593307&CODE_STATE=getMsg HTTP/1.1" 200 27
116.233.74.11 - - [26/Jan/2022:10:53:12 +0800] "GET /xingrg/check_reg.html?_=1643165593309 HTTP/1.1" 200 22
114.83.218.93 - - [26/Jan/2022:10:53:16 +0800] "GET /xingrg/all/function/internal_message.html?_=1643165592375&CODE_STATE=getMsg HTTP/1.1" 200 27
58.39.168.32 - - [26/Jan/2022:10:53:21 +0800] "GET /xingrg/all/function/internal_message.html?_=1643165601873&CODE_STATE=getMsg HTTP/1.1" 200 27
222.70.223.103 - - [26/Jan/2022:10:53:23 +0800] "POST /xingrg/services/DataTransmitService HTTP/1.1" 200 524
222.70.223.103 - - [26/Jan/2022:10:53:23 +0800] "POST /xingrg/services/DataTransmitService HTTP/1.1" 200 501
114.84.146.162 - - [26/Jan/2022:10:53:26 +0800] "GET /xingrg/all/function/internal_message.html?_=1643165409676&CODE_STATE=getMsg HTTP/1.1" 200 27
222.70.223.103 - - [26/Jan/2022:10:53:28 +0800] "GET /xingrg/all/function/internal_message.html?_=1643165589152&CODE_STATE=getMsg HTTP/1.1" 200 27
180.152.99.73 - - [26/Jan/2022:10:53:29 +0800] "GET /xingrg/all/function/internal_message.html?_=1643165611839&CODE_STATE=getMsg HTTP/1.1" 200 27
58.39.168.32 - - [26/Jan/2022:10:53:37 +0800] "GET /xingrg/kc/buy/cgsh_order_operate.html?command=get_materiel&rest_code=00105&code=00101026182&supplier_code=00100017&order_time=2022-01-26 HTTP/1.1" 200 449
180.169.147.146 - - [26/Jan/2022:10:53:40 +0800] "GET /xingrg/all/function/internal_message.html?_=1643165619735&CODE_STATE=getMsg HTTP/1.1" 200 27
114.95.98.1 - - [26/Jan/2022:10:53:42 +0800] "GET /xingrg/kc/buy/cgsh_order_list.html HTTP/1.1" 200 49782
114.95.98.1 - - [26/Jan/2022:10:53:43 +0800] "POST /xingrg/kc/buy/cgsh_list_operate.html HTTP/1.1" 200 876
101.80.229.199 - - [26/Jan/2022:10:53:45 +0800] "GET /xingrg/all/function/internal_message.html?_=1643165625693&CODE_STATE=getMsg HTTP/1.1" 200 27
114.95.98.1 - - [26/Jan/2022:10:53:51 +0800] "GET /xingrg/all/function/internal_message.html?_=1643165633729&CODE_STATE=getMsg HTTP/1.1" 200 27
114.95.98.1 - - [26/Jan/2022:10:53:51 +0800] "GET /xingrg/check_reg.html?_=1643165633734 HTTP/1.1" 200 22
114.83.218.93 - - [26/Jan/2022:10:53:55 +0800] "GET /xingrg/all/function/internal_message.html?_=1643165635196&CODE_STATE=getMsg HTTP/1.1" 200 27
116.235.94.49 - - [26/Jan/2022:10:53:55 +0800] "GET /xingrg/all/function/internal_message.html?_=1643165778068&CODE_STATE=getMsg HTTP/1.1" 200 27
114.95.98.1 - - [26/Jan/2022:10:53:57 +0800] "GET /xingrg/all/function/internal_message.html?_=1643165659089&CODE_STATE=getMsg HTTP/1.1" 200 27
58.39.168.32 - - [26/Jan/2022:10:54:06 +0800] "GET /xingrg/kc/buy/cgsh_order_operate.html?command=get_materiel&rest_code=00105&code=00101027007&supplier_code=00100017&order_time=2022-01-26 HTTP/1.1" 200 451
222.70.243.96 - - [26/Jan/2022:10:54:07 +0800] "GET /xingrg/all/function/internal_message.html?_=1643165656454&CODE_STATE=getMsg HTTP/1.1" 200 27
180.152.99.39 - - [26/Jan/2022:10:54:08 +0800] "GET /xingrg/all/function/internal_message.html?_=1643165576521&CODE_STATE=getMsg HTTP/1.1" 200 27
116.228.172.94 - - [26/Jan/2022:10:54:11 +0800] "GET /xingrg/all/function/internal_message.html?_=1643165565769&CODE_STATE=getMsg HTTP/1.1" 200 27
222.70.179.207 - - [26/Jan/2022:10:54:12 +0800] "GET /xingrg/all/function/internal_message.html?_=1643165650008&CODE_STATE=getMsg HTTP/1.1" 200 27
116.233.74.11 - - [26/Jan/2022:10:54:12 +0800] "GET /xingrg/all/function/internal_message.html?_=1643165653295&CODE_STATE=getMsg HTTP/1.1" 200 27
58.39.168.32 - - [26/Jan/2022:10:54:16 +0800] "GET /xingrg/kc/buy/cgsh_order_operate.html?command=get_materiel&rest_code=00105&code=00101028012&supplier_code=00100017&order_time=2022-01-26 HTTP/1.1" 200 454
114.83.218.93 - - [26/Jan/2022:10:54:16 +0800] "GET /xingrg/all/function/internal_message.html?_=1643165652373&CODE_STATE=getMsg HTTP/1.1" 200 27
58.39.168.32 - - [26/Jan/2022:10:54:21 +0800] "GET /xingrg/all/function/internal_message.html?_=1643165661897&CODE_STATE=getMsg HTTP/1.1" 200 27
114.84.146.162 - - [26/Jan/2022:10:54:26 +0800] "GET /xingrg/all/function/internal_message.html?_=1643165469644&CODE_STATE=getMsg HTTP/1.1" 200 27
222.70.223.103 - - [26/Jan/2022:10:54:28 +0800] "GET /xingrg/all/function/internal_message.html?_=1643165649139&CODE_STATE=getMsg HTTP/1.1" 200 27
58.39.168.32 - - [26/Jan/2022:10:54:28 +0800] "GET /xingrg/kc/buy/cgsh_order_operate.html?command=get_materiel&rest_code=00105&code=00101029002&supplier_code=00100017&order_time=2022-01-26 HTTP/1.1" 200 450
180.152.99.73 - - [26/Jan/2022:10:54:29 +0800] "GET /xingrg/all/function/internal_message.html?_=1643165671840&CODE_STATE=getMsg HTTP/1.1" 200 27
180.169.147.146 - - [26/Jan/2022:10:54:40 +0800] "GET /xingrg/all/function/internal_message.html?_=1643165679719&CODE_STATE=getMsg HTTP/1.1" 200 27
101.80.229.199 - - [26/Jan/2022:10:54:45 +0800] "GET /xingrg/check_reg.html?_=1643165685695 HTTP/1.1" 200 22
101.80.229.199 - - [26/Jan/2022:10:54:45 +0800] "GET /xingrg/all/function/internal_message.html?_=1643165685697&CODE_STATE=getMsg HTTP/1.1" 200 27
58.39.168.32 - - [26/Jan/2022:10:54:49 +0800] "GET /xingrg/kc/buy/cgsh_order_operate.html?command=get_materiel&rest_code=00105&code=00101029003&supplier_code=00100017&order_time=2022-01-26 HTTP/1.1" 200 454
114.95.98.1 - - [26/Jan/2022:10:54:51 +0800] "GET /xingrg/all/function/internal_message.html?_=1643165693731&CODE_STATE=getMsg HTTP/1.1" 200 27
114.95.98.1 - - [26/Jan/2022:10:54:53 +0800] "GET /xingrg/check_reg.html?_=1643165715423 HTTP/1.1" 200 22
114.83.218.93 - - [26/Jan/2022:10:54:55 +0800] "GET /xingrg/all/function/internal_message.html?_=1643165695165&CODE_STATE=getMsg HTTP/1.1" 200 27
116.235.94.49 - - [26/Jan/2022:10:54:55 +0800] "GET /xingrg/all/function/internal_message.html?_=1643165838067&CODE_STATE=getMsg HTTP/1.1" 200 27
116.235.94.49 - - [26/Jan/2022:10:54:55 +0800] "GET /xingrg/check_reg.html?_=1643165838068 HTTP/1.1" 200 22
114.95.98.1 - - [26/Jan/2022:10:54:57 +0800] "GET /xingrg/all/function/internal_message.html?_=1643165719102&CODE_STATE=getMsg HTTP/1.1" 200 27
180.152.99.39 - - [26/Jan/2022:10:55:07 +0800] "GET /xingrg/check_reg.html?_=1643165636295 HTTP/1.1" 200 22
180.152.99.39 - - [26/Jan/2022:10:55:08 +0800] "GET /xingrg/all/function/internal_message.html?_=1643165636535&CODE_STATE=getMsg HTTP/1.1" 200 27
222.70.243.96 - - [26/Jan/2022:10:55:08 +0800] "GET /xingrg/all/function/internal_message.html?_=1643165716677&CODE_STATE=getMsg HTTP/1.1" 200 27
58.39.168.32 - - [26/Jan/2022:10:55:10 +0800] "GET /xingrg/kc/buy/cgsh_order_operate.html?command=get_materiel&rest_code=00105&code=00101029022&supplier_code=00100017&order_time=2022-01-26 HTTP/1.1" 200 452
116.228.172.94 - - [26/Jan/2022:10:55:11 +0800] "GET /xingrg/all/function/internal_message.html?_=1643165625766&CODE_STATE=getMsg HTTP/1.1" 200 27
222.70.179.207 - - [26/Jan/2022:10:55:12 +0800] "GET /xingrg/all/function/internal_message.html?_=1643165710007&CODE_STATE=getMsg HTTP/1.1" 200 27
222.70.179.207 - - [26/Jan/2022:10:55:12 +0800] "GET /xingrg/check_reg.html?_=1643165710010 HTTP/1.1" 200 22
116.233.74.11 - - [26/Jan/2022:10:55:12 +0800] "GET /xingrg/all/function/internal_message.html?_=1643165713298&CODE_STATE=getMsg HTTP/1.1" 200 27
114.95.98.1 - - [26/Jan/2022:10:55:12 +0800] "POST /xingrg/all/common/load_combo.html?type=base HTTP/1.1" 200 3233
114.83.218.93 - - [26/Jan/2022:10:55:16 +0800] "GET /xingrg/all/function/internal_message.html?_=1643165712373&CODE_STATE=getMsg HTTP/1.1" 200 27
114.95.98.1 - - [26/Jan/2022:10:55:19 +0800] "GET /xingrg/kc/base/wldb_order_operate.html?command=get_materiel&rest_code=00102&base_code=0010479&code=00101036002 HTTP/1.1" 200 440
58.39.168.32 - - [26/Jan/2022:10:55:21 +0800] "GET /xingrg/all/function/internal_message.html?_=1643165721864&CODE_STATE=getMsg HTTP/1.1" 200 27
58.39.168.32 - - [26/Jan/2022:10:55:23 +0800] "GET /xingrg/kc/buy/cgsh_order_operate.html?command=get_materiel&rest_code=00105&code=00101029011&supplier_code=00100017&order_time=2022-01-26 HTTP/1.1" 200 460
114.84.146.162 - - [26/Jan/2022:10:55:26 +0800] "GET /xingrg/all/function/internal_message.html?_=1643165529617&CODE_STATE=getMsg HTTP/1.1" 200 27
114.95.98.1 - - [26/Jan/2022:10:55:27 +0800] "POST /xingrg/kc/base/wldb_order_operate.html HTTP/1.1" 200 37
222.70.223.103 - - [26/Jan/2022:10:55:28 +0800] "GET /xingrg/all/function/internal_message.html?_=1643165709158&CODE_STATE=getMsg HTTP/1.1" 200 27
114.95.98.1 - - [26/Jan/2022:10:55:29 +0800] "POST /xingrg/kc/base/wldb_order_operate.html HTTP/1.1" 200 12
180.169.147.146 - - [26/Jan/2022:10:55:29 +0800] "GET /xingrg/check_reg.html?_=1643165735906 HTTP/1.1" 200 22
114.95.98.1 - - [26/Jan/2022:10:55:29 +0800] "POST /xingrg/kc/base/wldb_order_operate.html HTTP/1.1" 200 2193
180.152.99.73 - - [26/Jan/2022:10:55:29 +0800] "GET /xingrg/all/function/internal_message.html?_=1643165731856&CODE_STATE=getMsg HTTP/1.1" 200 27
114.95.98.1 - - [26/Jan/2022:10:55:33 +0800] "GET /xingrg/kc/base/wldb_order_info.html?code=422022012603427 HTTP/1.1" 200 26147
58.39.168.32 - - [26/Jan/2022:10:55:33 +0800] "POST /xingrg/kc/buy/cgsh_order_operate.html HTTP/1.1" 200 37
58.39.168.32 - - [26/Jan/2022:10:55:34 +0800] "POST /xingrg/kc/buy/cgsh_order_operate.html HTTP/1.1" 200 6471
114.95.98.1 - - [26/Jan/2022:10:55:35 +0800] "POST /xingrg/kc/base/wldb_order_operate.html HTTP/1.1" 200 487
58.39.168.32 - - [26/Jan/2022:10:55:35 +0800] "GET /xingrg/kc/print/load_data.html?order_code=212022012613391&kc_code=cgsh&condition= HTTP/1.1" 200 2347
114.95.98.1 - - [26/Jan/2022:10:55:35 +0800] "GET /xingrg/javascript/easyui/themes/default/validatebox.css HTTP/1.1" 404 1104
114.95.98.1 - - [26/Jan/2022:10:55:37 +0800] "GET /xingrg/kc/base/wldb_order_add.html HTTP/1.1" 200 30270
114.95.98.1 - - [26/Jan/2022:10:55:38 +0800] "POST /xingrg/kc/base/wldb_order_operate.html HTTP/1.1" 200 6806
114.95.98.1 - - [26/Jan/2022:10:55:39 +0800] "GET /xingrg/javascript/easyui/themes/default/validatebox.css HTTP/1.1" 404 1104
114.95.98.1 - - [26/Jan/2022:10:55:40 +0800] "POST /xingrg/all/common/load_combo.html?type=base HTTP/1.1" 200 3233
180.169.147.146 - - [26/Jan/2022:10:55:40 +0800] "GET /xingrg/all/function/internal_message.html?_=1643165739703&CODE_STATE=getMsg HTTP/1.1" 200 27
114.83.218.93 - - [26/Jan/2022:10:55:42 +0800] "GET /xingrg/kc/buy/cgsh_order_operate.html?command=get_materiel&rest_code=00149&code=00101028011&supplier_code=00100019&order_time=2022-01-26 HTTP/1.1" 200 454
101.80.229.199 - - [26/Jan/2022:10:55:45 +0800] "GET /xingrg/all/function/internal_message.html?_=1643165745697&CODE_STATE=getMsg HTTP/1.1" 200 27
58.40.7.146 - - [26/Jan/2022:10:55:47 +0800] "POST /xingrg/services/DataTransmitService HTTP/1.1" 200 524
114.95.98.1 - - [26/Jan/2022:10:55:51 +0800] "POST /xingrg/all/common/load_combo.html?type=base HTTP/1.1" 200 3233
114.95.98.1 - - [26/Jan/2022:10:55:51 +0800] "GET /xingrg/all/function/internal_message.html?_=1643165753734&CODE_STATE=getMsg HTTP/1.1" 200 27
114.83.218.93 - - [26/Jan/2022:10:55:55 +0800] "GET /xingrg/all/function/internal_message.html?_=1643165755161&CODE_STATE=getMsg HTTP/1.1" 200 27
114.83.218.93 - - [26/Jan/2022:10:55:55 +0800] "GET /xingrg/kc/buy/cgsh_order_operate.html?command=get_materiel&rest_code=00149&code=00101029005&supplier_code=00100019&order_time=2022-01-26 HTTP/1.1" 200 436
116.235.94.49 - - [26/Jan/2022:10:55:55 +0800] "GET /xingrg/all/function/internal_message.html?_=1643165898066&CODE_STATE=getMsg HTTP/1.1" 200 27
114.95.98.1 - - [26/Jan/2022:10:55:57 +0800] "GET /xingrg/all/function/internal_message.html?_=1643165779204&CODE_STATE=getMsg HTTP/1.1" 200 27
114.95.98.1 - - [26/Jan/2022:10:55:59 +0800] "GET /xingrg/kc/base/wldb_order_operate.html?command=get_materiel&rest_code=00102&base_code=0010480&code=00101025039 HTTP/1.1" 200 459
114.84.146.162 - - [26/Jan/2022:10:56:03 +0800] "GET /xingrg/check_reg.html?_=1643165566601 HTTP/1.1" 200 22
114.95.98.1 - - [26/Jan/2022:10:56:06 +0800] "GET /xingrg/kc/base/wldb_order_operate.html?command=get_materiel&rest_code=00102&base_code=0010480&code=00101025014 HTTP/1.1" 200 463
180.152.99.39 - - [26/Jan/2022:10:56:08 +0800] "GET /xingrg/all/function/internal_message.html?_=1643165696547&CODE_STATE=getMsg HTTP/1.1" 200 27
222.70.243.96 - - [26/Jan/2022:10:56:08 +0800] "GET /xingrg/all/function/internal_message.html?_=1643165776683&CODE_STATE=getMsg HTTP/1.1" 200 27
114.83.218.93 - - [26/Jan/2022:10:56:10 +0800] "GET /xingrg/kc/buy/cgsh_order_operate.html?command=get_materiel&rest_code=00149&code=00101020079&supplier_code=00100019&order_time=2022-01-26 HTTP/1.1" 200 421
116.228.172.94 - - [26/Jan/2022:10:56:11 +0800] "GET /xingrg/all/function/internal_message.html?_=1643165685764&CODE_STATE=getMsg HTTP/1.1" 200 27
222.70.179.207 - - [26/Jan/2022:10:56:12 +0800] "GET /xingrg/all/function/internal_message.html?_=1643165770007&CODE_STATE=getMsg HTTP/1.1" 200 27
116.233.74.11 - - [26/Jan/2022:10:56:12 +0800] "GET /xingrg/all/function/internal_message.html?_=1643165773297&CODE_STATE=getMsg HTTP/1.1" 200 27
114.95.98.1 - - [26/Jan/2022:10:56:13 +0800] "POST /xingrg/kc/base/wldb_order_operate.html HTTP/1.1" 200 37
116.235.94.49 - - [26/Jan/2022:10:56:13 +0800] "POST /xingrg/services/DataTransmitService HTTP/1.1" 200 524
114.95.98.1 - - [26/Jan/2022:10:56:15 +0800] "POST /xingrg/kc/base/wldb_order_operate.html HTTP/1.1" 200 12
114.95.98.1 - - [26/Jan/2022:10:56:15 +0800] "POST /xingrg/kc/base/wldb_order_operate.html HTTP/1.1" 200 2702
114.83.218.93 - - [26/Jan/2022:10:56:16 +0800] "GET /xingrg/check_reg.html?_=1643165772374 HTTP/1.1" 200 22
114.83.218.93 - - [26/Jan/2022:10:56:16 +0800] "GET /xingrg/all/function/internal_message.html?_=1643165772376&CODE_STATE=getMsg HTTP/1.1" 200 27
114.95.98.1 - - [26/Jan/2022:10:56:18 +0800] "GET /xingrg/kc/base/wldb_order_info.html?code=422022012603428 HTTP/1.1" 200 26147
114.95.98.1 - - [26/Jan/2022:10:56:20 +0800] "POST /xingrg/kc/base/wldb_order_operate.html HTTP/1.1" 200 987
114.95.98.1 - - [26/Jan/2022:10:56:21 +0800] "GET /xingrg/javascript/easyui/themes/default/validatebox.css HTTP/1.1" 404 1104
114.83.218.93 - - [26/Jan/2022:10:56:21 +0800] "POST /xingrg/kc/buy/cgsh_order_operate.html HTTP/1.1" 200 37
58.39.168.32 - - [26/Jan/2022:10:56:21 +0800] "GET /xingrg/all/function/internal_message.html?_=1643165781868&CODE_STATE=getMsg HTTP/1.1" 200 27
114.95.98.1 - - [26/Jan/2022:10:56:22 +0800] "GET /xingrg/kc/base/wldb_order_add.html HTTP/1.1" 200 30270
114.95.98.1 - - [26/Jan/2022:10:56:23 +0800] "POST /xingrg/kc/base/wldb_order_operate.html HTTP/1.1" 200 6806
114.95.98.1 - - [26/Jan/2022:10:56:25 +0800] "GET /xingrg/javascript/easyui/themes/default/validatebox.css HTTP/1.1" 404 1104
114.83.218.93 - - [26/Jan/2022:10:56:25 +0800] "POST /xingrg/kc/buy/cgsh_order_operate.html HTTP/1.1" 200 12
114.84.146.162 - - [26/Jan/2022:10:56:26 +0800] "GET /xingrg/all/function/internal_message.html?_=1643165589594&CODE_STATE=getMsg HTTP/1.1" 200 27
114.83.218.93 - - [26/Jan/2022:10:56:27 +0800] "GET /xingrg/kc/buy/cgsh_order_info.html?code=212022012613392 HTTP/1.1" 200 60552
114.83.218.93 - - [26/Jan/2022:10:56:27 +0800] "GET /xingrg/words/20220125184438_words.js HTTP/1.1" 304 -
114.83.218.93 - - [26/Jan/2022:10:56:27 +0800] "GET /xingrg/javascript/easyui/themes/default/validatebox.css HTTP/1.1" 404 1104
114.83.218.93 - - [26/Jan/2022:10:56:28 +0800] "POST /xingrg/kc/buy/cgsh_order_operate.html HTTP/1.1" 200 1857
222.70.223.103 - - [26/Jan/2022:10:56:28 +0800] "GET /xingrg/all/function/internal_message.html?_=1643165769142&CODE_STATE=getMsg HTTP/1.1" 200 27
114.95.98.1 - - [26/Jan/2022:10:56:29 +0800] "POST /xingrg/all/common/load_combo.html?type=base HTTP/1.1" 200 3233
180.152.99.73 - - [26/Jan/2022:10:56:29 +0800] "GET /xingrg/all/function/internal_message.html?_=1643165791857&CODE_STATE=getMsg HTTP/1.1" 200 27
114.83.218.93 - - [26/Jan/2022:10:56:31 +0800] "GET /xingrg/kc/print/load_data.html?order_code=212022012613392&kc_code=cgsh&condition= HTTP/1.1" 200 1279
114.95.98.1 - - [26/Jan/2022:10:56:32 +0800] "POST /xingrg/all/common/load_combo.html?type=base HTTP/1.1" 200 3233
222.70.243.96 - - [26/Jan/2022:10:56:36 +0800] "GET /xingrg/check_reg.html?_=1643165805131 HTTP/1.1" 200 22
114.95.98.1 - - [26/Jan/2022:10:56:38 +0800] "GET /xingrg/kc/base/wldb_order_operate.html?command=get_materiel&rest_code=00102&base_code=0010476&code=00101013012 HTTP/1.1" 200 430
180.169.147.146 - - [26/Jan/2022:10:56:40 +0800] "GET /xingrg/all/function/internal_message.html?_=1643165799687&CODE_STATE=getMsg HTTP/1.1" 200 27
180.169.147.146 - - [26/Jan/2022:10:56:41 +0800] "GET /xingrg/check_reg.html?_=1643165800406 HTTP/1.1" 200 22
114.95.98.1 - - [26/Jan/2022:10:56:45 +0800] "GET /xingrg/kc/base/wldb_order_operate.html?command=get_materiel&rest_code=00102&base_code=0010476&code=00101013182 HTTP/1.1" 200 429
101.80.229.199 - - [26/Jan/2022:10:56:45 +0800] "GET /xingrg/all/function/internal_message.html?_=1643165805698&CODE_STATE=getMsg HTTP/1.1" 200 27
114.95.98.1 - - [26/Jan/2022:10:56:51 +0800] "GET /xingrg/all/function/internal_message.html?_=1643165813736&CODE_STATE=getMsg HTTP/1.1" 200 27
114.95.98.1 - - [26/Jan/2022:10:56:51 +0800] "GET /xingrg/kc/base/wldb_order_operate.html?command=get_materiel&rest_code=00102&base_code=0010476&code=00101019079 HTTP/1.1" 200 465
114.83.218.93 - - [26/Jan/2022:10:56:55 +0800] "GET /xingrg/all/function/internal_message.html?_=1643165815149&CODE_STATE=getMsg HTTP/1.1" 200 27
116.235.94.49 - - [26/Jan/2022:10:56:55 +0800] "GET /xingrg/all/function/internal_message.html?_=1643165958078&CODE_STATE=getMsg HTTP/1.1" 200 27
114.83.218.93 - - [26/Jan/2022:10:56:56 +0800] "GET /xingrg/check_reg.html?_=1643165816476 HTTP/1.1" 200 22
114.95.98.1 - - [26/Jan/2022:10:56:57 +0800] "GET /xingrg/kc/base/wldb_order_operate.html?command=get_materiel&rest_code=00102&base_code=0010476&code=00101019183 HTTP/1.1" 200 434
114.95.98.1 - - [26/Jan/2022:10:56:57 +0800] "GET /xingrg/all/function/internal_message.html?_=1643165839537&CODE_STATE=getMsg HTTP/1.1" 200 27
114.83.218.93 - - [26/Jan/2022:10:57:01 +0800] "GET /xingrg/kc/buy/cgsh_order_add.html HTTP/1.1" 200 65651
114.83.218.93 - - [26/Jan/2022:10:57:01 +0800] "POST /xingrg/kc/buy/cgsh_order_operate.html HTTP/1.1" 200 8245
114.83.218.93 - - [26/Jan/2022:10:57:01 +0800] "GET /xingrg/javascript/easyui/themes/default/validatebox.css HTTP/1.1" 404 1104
180.152.99.39 - - [26/Jan/2022:10:57:08 +0800] "GET /xingrg/all/function/internal_message.html?_=1643165756561&CODE_STATE=getMsg HTTP/1.1" 200 27
222.70.243.96 - - [26/Jan/2022:10:57:08 +0800] "GET /xingrg/all/function/internal_message.html?_=1643165836697&CODE_STATE=getMsg HTTP/1.1" 200 27
116.228.172.94 - - [26/Jan/2022:10:57:11 +0800] "GET /xingrg/all/function/internal_message.html?_=1643165745764&CODE_STATE=getMsg HTTP/1.1" 200 27
222.70.179.207 - - [26/Jan/2022:10:57:12 +0800] "GET /xingrg/all/function/internal_message.html?_=1643165830009&CODE_STATE=getMsg HTTP/1.1" 200 27
116.233.74.11 - - [26/Jan/2022:10:57:12 +0800] "GET /xingrg/all/function/internal_message.html?_=1643165833316&CODE_STATE=getMsg HTTP/1.1" 200 27
114.83.218.93 - - [26/Jan/2022:10:57:13 +0800] "GET /xingrg/kc/buy/cgsh_order_operate.html?command=get_materiel&rest_code=00149&code=00101009045&supplier_code=00100201&order_time=2022-01-26 HTTP/1.1" 200 412
114.83.218.93 - - [26/Jan/2022:10:57:16 +0800] "GET /xingrg/all/function/internal_message.html?_=1643165832373&CODE_STATE=getMsg HTTP/1.1" 200 27
58.39.168.32 - - [26/Jan/2022:10:57:21 +0800] "GET /xingrg/all/function/internal_message.html?_=1643165841871&CODE_STATE=getMsg HTTP/1.1" 200 27
58.39.168.32 - - [26/Jan/2022:10:57:21 +0800] "GET /xingrg/check_reg.html?_=1643165841875 HTTP/1.1" 200 22
114.84.146.162 - - [26/Jan/2022:10:57:26 +0800] "GET /xingrg/all/function/internal_message.html?_=1643165649572&CODE_STATE=getMsg HTTP/1.1" 200 27
114.83.218.93 - - [26/Jan/2022:10:57:28 +0800] "GET /xingrg/kc/buy/cgsh_order_operate.html?command=get_materiel&rest_code=00149&code=00101009109&supplier_code=00100201&order_time=2022-01-26 HTTP/1.1" 200 399
222.70.223.103 - - [26/Jan/2022:10:57:28 +0800] "GET /xingrg/check_reg.html?_=1643165829144 HTTP/1.1" 200 22
222.70.223.103 - - [26/Jan/2022:10:57:28 +0800] "GET /xingrg/all/function/internal_message.html?_=1643165829150&CODE_STATE=getMsg HTTP/1.1" 200 27
180.152.99.73 - - [26/Jan/2022:10:57:29 +0800] "GET /xingrg/all/function/internal_message.html?_=1643165851858&CODE_STATE=getMsg HTTP/1.1" 200 27
180.152.99.73 - - [26/Jan/2022:10:57:29 +0800] "GET /xingrg/check_reg.html?_=1643165851870 HTTP/1.1" 200 22
114.95.98.1 - - [26/Jan/2022:10:57:34 +0800] "GET /xingrg/kc/base/wldb_order_operate.html?command=get_materiel&rest_code=00102&base_code=0010476&code=00101019529 HTTP/1.1" 200 475
114.95.98.1 - - [26/Jan/2022:10:57:39 +0800] "GET /xingrg/kc/base/wldb_order_operate.html?command=get_materiel&rest_code=00102&base_code=0010476&code=00101019134 HTTP/1.1" 200 466
180.169.147.146 - - [26/Jan/2022:10:57:40 +0800] "GET /xingrg/all/function/internal_message.html?_=1643165859671&CODE_STATE=getMsg HTTP/1.1" 200 27
114.83.218.93 - - [26/Jan/2022:10:57:41 +0800] "POST /xingrg/kc/buy/cgsh_order_operate.html HTTP/1.1" 200 37
114.95.98.1 - - [26/Jan/2022:10:57:44 +0800] "GET /xingrg/kc/base/wldb_order_operate.html?command=get_materiel&rest_code=00102&base_code=0010476&code=00101019066 HTTP/1.1" 200 441
101.80.229.199 - - [26/Jan/2022:10:57:45 +0800] "GET /xingrg/all/function/internal_message.html?_=1643165865700&CODE_STATE=getMsg HTTP/1.1" 200 27
114.83.218.93 - - [26/Jan/2022:10:57:47 +0800] "POST /xingrg/kc/buy/cgsh_order_operate.html HTTP/1.1" 200 12
114.95.98.1 - - [26/Jan/2022:10:57:50 +0800] "GET /xingrg/kc/base/wldb_order_operate.html?command=get_materiel&rest_code=00102&base_code=0010476&code=00101019222 HTTP/1.1" 200 453
114.95.98.1 - - [26/Jan/2022:10:57:51 +0800] "GET /xingrg/all/function/internal_message.html?_=1643165873738&CODE_STATE=getMsg HTTP/1.1" 200 27
116.235.94.49 - - [26/Jan/2022:10:57:55 +0800] "GET /xingrg/all/function/internal_message.html?_=1643166018067&CODE_STATE=getMsg HTTP/1.1" 200 27
114.95.98.1 - - [26/Jan/2022:10:57:56 +0800] "GET /xingrg/kc/base/wldb_order_operate.html?command=get_materiel&rest_code=00102&base_code=0010476&code=00101019142 HTTP/1.1" 200 449
114.95.98.1 - - [26/Jan/2022:10:57:57 +0800] "GET /xingrg/all/function/internal_message.html?_=1643165899548&CODE_STATE=getMsg HTTP/1.1" 200 27
58.39.168.32 - - [26/Jan/2022:10:57:58 +0800] "GET /xingrg/index.html?sysBaseUrl=http%3A%2F%2F180.169.147.146%3A18081%2Fxingrg%2F&costTime=32×tamp=1585224308505 HTTP/1.1" 302 -
58.39.168.32 - - [26/Jan/2022:10:57:58 +0800] "GET /xingrg/login.html HTTP/1.1" 200 7641
58.39.168.32 - - [26/Jan/2022:10:57:59 +0800] "GET /xingrg/images/blue/jxLogo.png HTTP/1.1" 304 -
58.39.168.32 - - [26/Jan/2022:10:57:59 +0800] "GET /xingrg/images/blue/login_bg.png HTTP/1.1" 304 -
58.39.168.32 - - [26/Jan/2022:10:57:59 +0800] "GET /xingrg/images/blue/hj.png HTTP/1.1" 304 -
58.39.168.32 - - [26/Jan/2022:10:57:59 +0800] "GET /xingrg/images/blue/srbg.png HTTP/1.1" 304 -
58.39.168.32 - - [26/Jan/2022:10:58:00 +0800] "GET /favicon.ico HTTP/1.1" 404 -
114.83.218.93 - - [26/Jan/2022:10:58:02 +0800] "GET /xingrg/kc/buy/cgsh_order_info.html?code=212022012613393 HTTP/1.1" 200 60554
114.83.218.93 - - [26/Jan/2022:10:58:02 +0800] "GET /xingrg/javascript/easyui/themes/default/validatebox.css HTTP/1.1" 404 1104
114.83.218.93 - - [26/Jan/2022:10:58:03 +0800] "POST /xingrg/kc/buy/cgsh_order_operate.html HTTP/1.1" 200 1199
114.95.98.1 - - [26/Jan/2022:10:58:07 +0800] "GET /xingrg/kc/base/wldb_order_operate.html?command=get_materiel&rest_code=00102&base_code=0010476&code=00101019258 HTTP/1.1" 200 469
114.83.218.93 - - [26/Jan/2022:10:58:08 +0800] "GET /xingrg/kc/print/load_data.html?order_code=212022012613393&kc_code=cgsh&condition= HTTP/1.1" 200 942
180.152.99.39 - - [26/Jan/2022:10:58:08 +0800] "GET /xingrg/all/function/internal_message.html?_=1643165816581&CODE_STATE=getMsg HTTP/1.1" 200 27
222.70.243.96 - - [26/Jan/2022:10:58:08 +0800] "GET /xingrg/all/function/internal_message.html?_=1643165896916&CODE_STATE=getMsg HTTP/1.1" 200 27
58.39.168.32 - - [26/Jan/2022:10:58:09 +0800] "POST /xingrg/login.do HTTP/1.1" 302 -
58.39.168.32 - - [26/Jan/2022:10:58:09 +0800] "GET /xingrg/index.html?sysBaseUrl=http%3A%2F%2F180.169.147.146%3A18081%2Fxingrg%2F&costTime=38×tamp=1643165889377 HTTP/1.1" 200 17173
58.39.168.32 - - [26/Jan/2022:10:58:09 +0800] "GET /xingrg/javascript/jquery_easy_ui/themes/default/easyui.css HTTP/1.1" 304 -
58.39.168.32 - - [26/Jan/2022:10:58:09 +0800] "GET /xingrg/javascript/jquery_easy_ui/themes/icon.css HTTP/1.1" 304 -
58.39.168.32 - - [26/Jan/2022:10:58:09 +0800] "GET /xingrg/css/form.css HTTP/1.1" 304 -
58.39.168.32 - - [26/Jan/2022:10:58:09 +0800] "GET /xingrg/javascript/jquery-1.4.2.min.js HTTP/1.1" 304 -
58.39.168.32 - - [26/Jan/2022:10:58:09 +0800] "GET /xingrg/javascript/jquery_easy_ui/jquery.easyui.min.js HTTP/1.1" 304 -
58.39.168.32 - - [26/Jan/2022:10:58:09 +0800] "GET /xingrg/javascript/jquery_easy_ui/easyui-lang-zh_CN.js HTTP/1.1" 304 -
58.39.168.32 - - [26/Jan/2022:10:58:09 +0800] "GET /xingrg/javascript/jquery.form.js HTTP/1.1" 304 -
58.39.168.32 - - [26/Jan/2022:10:58:09 +0800] "GET /xingrg/javascript/jquery.utils.js HTTP/1.1" 304 -
58.39.168.32 - - [26/Jan/2022:10:58:09 +0800] "GET /xingrg/javascript/jquery.timers.js HTTP/1.1" 304 -
58.39.168.32 - - [26/Jan/2022:10:58:09 +0800] "GET /favicon.ico HTTP/1.1" 404 -
58.39.168.32 - - [26/Jan/2022:10:58:09 +0800] "GET /xingrg/javascript/jquery_easy_ui/themes/icons/settle_new.png HTTP/1.1" 304 -
58.39.168.32 - - [26/Jan/2022:10:58:09 +0800] "GET /xingrg/images/blue/navBackgound.jpg HTTP/1.1" 304 -
58.39.168.32 - - [26/Jan/2022:10:58:09 +0800] "POST /xingrg/all/common/load_tree.html?tree=area_rest_tree_json&manage=1 HTTP/1.1" 200 342
58.39.168.32 - - [26/Jan/2022:10:58:10 +0800] "GET /xingrg/all/function/internal_message.html?_=1643165828183&CODE_STATE=count HTTP/1.1" 200 11
58.39.168.32 - - [26/Jan/2022:10:58:10 +0800] "GET /xingrg/check_reg.html?_=1643165828187 HTTP/1.1" 200 22
58.39.168.32 - - [26/Jan/2022:10:58:10 +0800] "GET /xingrg/images/blue/pingpu.png HTTP/1.1" 304 -
58.39.168.32 - - [26/Jan/2022:10:58:10 +0800] "GET /xingrg/javascript/jquery_easy_ui/themes/default/images/tabs_leftarrow.png HTTP/1.1" 304 -
58.39.168.32 - - [26/Jan/2022:10:58:10 +0800] "GET /xingrg/javascript/jquery_easy_ui/themes/default/images/tabs_rightarrow.png HTTP/1.1" 304 -
58.39.168.32 - - [26/Jan/2022:10:58:10 +0800] "GET /xingrg/javascript/jquery_easy_ui/themes/default/images/panel_tool_collapse.gif HTTP/1.1" 304 -
58.39.168.32 - - [26/Jan/2022:10:58:10 +0800] "POST /xingrg/load_menu.html HTTP/1.1" 200 5138
58.39.168.32 - - [26/Jan/2022:10:58:10 +0800] "GET /xingrg/javascript/jquery_easy_ui/themes/default/images/tree_arrows.gif HTTP/1.1" 304 -
58.39.168.32 - - [26/Jan/2022:10:58:10 +0800] "GET /xingrg/javascript/jquery_easy_ui/themes/default/images/tree_folder_open.gif HTTP/1.1" 304 -
58.39.168.32 - - [26/Jan/2022:10:58:10 +0800] "GET /xingrg/javascript/jquery_easy_ui/themes/icons/search_new.png HTTP/1.1" 304 -
58.39.168.32 - - [26/Jan/2022:10:58:10 +0800] "GET /xingrg/javascript/jquery_easy_ui/themes/default/images/tree_folder.gif HTTP/1.1" 304 -
58.39.168.32 - - [26/Jan/2022:10:58:10 +0800] "GET /xingrg/javascript/jquery_easy_ui/themes/icons/storage_new.png HTTP/1.1" 304 -
58.39.168.32 - - [26/Jan/2022:10:58:11 +0800] "GET /xingrg/javascript/jquery_easy_ui/themes/icons/forms_new.png HTTP/1.1" 304 -
58.39.168.32 - - [26/Jan/2022:10:58:11 +0800] "GET /xingrg/javascript/jquery_easy_ui/themes/default/images/tree_file.gif HTTP/1.1" 304 -
116.228.172.94 - - [26/Jan/2022:10:58:11 +0800] "GET /xingrg/all/function/internal_message.html?_=1643165805759&CODE_STATE=getMsg HTTP/1.1" 200 27
116.228.172.94 - - [26/Jan/2022:10:58:11 +0800] "GET /xingrg/check_reg.html?_=1643165805763 HTTP/1.1" 200 22
222.70.179.207 - - [26/Jan/2022:10:58:12 +0800] "GET /xingrg/all/function/internal_message.html?_=1643165890011&CODE_STATE=getMsg HTTP/1.1" 200 27
116.233.74.11 - - [26/Jan/2022:10:58:12 +0800] "GET /xingrg/all/function/internal_message.html?_=1643165893300&CODE_STATE=getMsg HTTP/1.1" 200 27
116.233.74.11 - - [26/Jan/2022:10:58:12 +0800] "GET /xingrg/check_reg.html?_=1643165893302 HTTP/1.1" 200 22
114.83.218.93 - - [26/Jan/2022:10:58:12 +0800] "GET /xingrg/kc/buy/cgsh_order_add.html HTTP/1.1" 200 65651
114.83.218.93 - - [26/Jan/2022:10:58:12 +0800] "POST /xingrg/kc/buy/cgsh_order_operate.html HTTP/1.1" 200 8245
114.83.218.93 - - [26/Jan/2022:10:58:13 +0800] "GET /xingrg/javascript/easyui/themes/default/validatebox.css HTTP/1.1" 404 1104
114.83.218.93 - - [26/Jan/2022:10:58:16 +0800] "GET /xingrg/all/function/internal_message.html?_=1643165892372&CODE_STATE=getMsg HTTP/1.1" 200 27
58.39.168.32 - - [26/Jan/2022:10:58:20 +0800] "GET /xingrg/kc/buy/buy_main.html HTTP/1.1" 200 12412
58.39.168.32 - - [26/Jan/2022:10:58:20 +0800] "GET /xingrg/javascript/jquery_easy_ui/themes/default/images/tabs_close.gif HTTP/1.1" 304 -
58.39.168.32 - - [26/Jan/2022:10:58:20 +0800] "GET /xingrg/css/blue.css HTTP/1.1" 304 -
58.39.168.32 - - [26/Jan/2022:10:58:20 +0800] "GET /xingrg/css/new_ie.css HTTP/1.1" 404 1036
58.39.168.32 - - [26/Jan/2022:10:58:20 +0800] "GET /xingrg/javascript/jquery_ui/themes/humanity/humanity.css HTTP/1.1" 304 -
58.39.168.32 - - [26/Jan/2022:10:58:20 +0800] "GET /xingrg/javascript/pic_change.js HTTP/1.1" 304 -
58.39.168.32 - - [26/Jan/2022:10:58:20 +0800] "GET /xingrg/javascript/ToolTips.js HTTP/1.1" 304 -
58.39.168.32 - - [26/Jan/2022:10:58:20 +0800] "GET /xingrg/javascript/myfunction.js HTTP/1.1" 304 -
58.39.168.32 - - [26/Jan/2022:10:58:20 +0800] "GET /xingrg/javascript/jquery_ui/jquery-ui.min.js HTTP/1.1" 304 -
58.39.168.32 - - [26/Jan/2022:10:58:20 +0800] "GET /xingrg/images/blue/button/cgxqd.gif HTTP/1.1" 304 -
58.39.168.32 - - [26/Jan/2022:10:58:20 +0800] "GET /xingrg/images/blue/button/cgydd.gif HTTP/1.1" 304 -
58.39.168.32 - - [26/Jan/2022:10:58:20 +0800] "GET /xingrg/images/blue/button/cgshd.gif HTTP/1.1" 304 -
58.39.168.32 - - [26/Jan/2022:10:58:20 +0800] "GET /xingrg/images/blue/button/cgfkd.gif HTTP/1.1" 304 -
58.39.168.32 - - [26/Jan/2022:10:58:20 +0800] "GET /xingrg/images/blue/button/kc.gif HTTP/1.1" 304 -
58.39.168.32 - - [26/Jan/2022:10:58:20 +0800] "GET /xingrg/images/blue/button/ckthd.gif HTTP/1.1" 304 -
58.39.168.32 - - [26/Jan/2022:10:58:20 +0800] "GET /xingrg/images/blue/pic_form2.gif HTTP/1.1" 304 -
58.39.168.32 - - [26/Jan/2022:10:58:20 +0800] "GET /xingrg/javascript/jquery_ui/themes/humanity/images/ui-bg_inset-soft_100_f4f0ec_1x100.png HTTP/1.1" 304 -
58.39.168.32 - - [26/Jan/2022:10:58:20 +0800] "GET /xingrg/images/blue/bg_dotted.jpg HTTP/1.1" 304 -
58.39.168.32 - - [26/Jan/2022:10:58:20 +0800] "GET /xingrg/images/blue/button/right_ah.jpg HTTP/1.1" 304 -
58.39.168.32 - - [26/Jan/2022:10:58:20 +0800] "GET /xingrg/images/blue/button/down_ah.jpg HTTP/1.1" 304 -
58.39.168.32 - - [26/Jan/2022:10:58:20 +0800] "GET /xingrg/javascript/jquery_ui/themes/humanity/images/ui-iconsnew.jpg HTTP/1.1" 304 -
58.39.168.32 - - [26/Jan/2022:10:58:20 +0800] "GET /xingrg/javascript/jquery_ui/themes/humanity/images/ui-icons_ffffff_256x240.png HTTP/1.1" 304 -
58.39.168.32 - - [26/Jan/2022:10:58:20 +0800] "GET /xingrg/javascript/jquery_ui/themes/humanity/images/ui-icons_c47a23_256x240.png HTTP/1.1" 304 -
58.39.168.32 - - [26/Jan/2022:10:58:20 +0800] "GET /xingrg/javascript/jquery_ui/themes/humanity/images/ui-bg_glass_70_ede4d4_1x400.png HTTP/1.1" 304 -
58.39.168.32 - - [26/Jan/2022:10:58:21 +0800] "GET /xingrg/all/function/internal_message.html?_=1643165901874&CODE_STATE=getMsg HTTP/1.1" 200 27
58.39.168.32 - - [26/Jan/2022:10:58:22 +0800] "GET /xingrg/images/yd/bt.gif HTTP/1.1" 404 1040
58.39.168.32 - - [26/Jan/2022:10:58:22 +0800] "GET /xingrg/kc/buy/cgsh_order_list.html HTTP/1.1" 200 49782
58.39.168.32 - - [26/Jan/2022:10:58:22 +0800] "GET /xingrg/css/base.css HTTP/1.1" 304 -
58.39.168.32 - - [26/Jan/2022:10:58:22 +0800] "GET /xingrg/css/site.css HTTP/1.1" 304 -
58.39.168.32 - - [26/Jan/2022:10:58:22 +0800] "GET /xingrg/javascript/jquery_tools/datebox.css HTTP/1.1" 304 -
58.39.168.32 - - [26/Jan/2022:10:58:22 +0800] "GET /xingrg/javascript/easyui/themes/default/easyui.css HTTP/1.1" 304 -
58.39.168.32 - - [26/Jan/2022:10:58:22 +0800] "GET /xingrg/javascript/easyui/themes/icon.css HTTP/1.1" 304 -
58.39.168.32 - - [26/Jan/2022:10:58:22 +0800] "GET /xingrg/javascript/auto/jquery.autocomplete.css HTTP/1.1" 304 -
58.39.168.32 - - [26/Jan/2022:10:58:22 +0800] "GET /xingrg/javascript/jquery_tools/fix.css HTTP/1.1" 304 -
58.39.168.32 - - [26/Jan/2022:10:58:22 +0800] "GET /xingrg/javascript/jquery_tools/table.css HTTP/1.1" 304 -
58.39.168.32 - - [26/Jan/2022:10:58:22 +0800] "GET /xingrg/javascript/jquery_tools/jquery.tools.min.js HTTP/1.1" 304 -
58.39.168.32 - - [26/Jan/2022:10:58:22 +0800] "GET /xingrg/javascript/jquery_tools/jquery.tools.extend.js HTTP/1.1" 304 -
58.39.168.32 - - [26/Jan/2022:10:58:22 +0800] "GET /xingrg/javascript/jquery_tools/jquery.tools.hotkey.js HTTP/1.1" 304 -
58.39.168.32 - - [26/Jan/2022:10:58:22 +0800] "GET /xingrg/javascript/jquery_tools/jquery.tools.table.js HTTP/1.1" 304 -
58.39.168.32 - - [26/Jan/2022:10:58:22 +0800] "GET /xingrg/javascript/jquery_tools/list_manager.js HTTP/1.1" 304 -
58.39.168.32 - - [26/Jan/2022:10:58:22 +0800] "GET /xingrg/javascript/auto/jquery.autocomplete.js HTTP/1.1" 304 -
58.39.168.32 - - [26/Jan/2022:10:58:22 +0800] "GET /xingrg/javascript/easyui/easyloader.js HTTP/1.1" 304 -
58.39.168.32 - - [26/Jan/2022:10:58:22 +0800] "GET /xingrg/javascript/jquery.cookie.js HTTP/1.1" 304 -
58.39.168.32 - - [26/Jan/2022:10:58:22 +0800] "GET /xingrg/javascript/print/LodopFuncs.js HTTP/1.1" 304 -
58.39.168.32 - - [26/Jan/2022:10:58:23 +0800] "GET /xingrg/kc/buy/cgsh_order_add.html HTTP/1.1" 200 65645
58.39.168.32 - - [26/Jan/2022:10:58:24 +0800] "POST /xingrg/kc/buy/cgsh_order_operate.html HTTP/1.1" 200 8245
58.39.168.32 - - [26/Jan/2022:10:58:24 +0800] "GET /xingrg/javascript/easyui/themes/icons/cance_new.png HTTP/1.1" 304 -
58.39.168.32 - - [26/Jan/2022:10:58:24 +0800] "GET /xingrg/javascript/easyui/themes/icons/check_new.png HTTP/1.1" 304 -
58.39.168.32 - - [26/Jan/2022:10:58:24 +0800] "GET /xingrg/javascript/easyui/themes/default/validatebox.css HTTP/1.1" 404 1104
58.39.168.32 - - [26/Jan/2022:10:58:24 +0800] "GET /xingrg/javascript/easyui/themes/icons/field_new.png HTTP/1.1" 304 -
58.39.168.32 - - [26/Jan/2022:10:58:24 +0800] "GET /xingrg/javascript/easyui/themes/icons/import_new.png HTTP/1.1" 304 -
58.39.168.32 - - [26/Jan/2022:10:58:24 +0800] "GET /xingrg/javascript/easyui/themes/icons/edit_add_new.png HTTP/1.1" 304 -
58.39.168.32 - - [26/Jan/2022:10:58:24 +0800] "GET /xingrg/javascript/easyui/plugins/jquery.parser.js HTTP/1.1" 304 -
58.39.168.32 - - [26/Jan/2022:10:58:24 +0800] "GET /xingrg/images/control/ajaxLoader.gif HTTP/1.1" 304 -
114.84.146.162 - - [26/Jan/2022:10:58:26 +0800] "GET /xingrg/all/function/internal_message.html?_=1643165709540&CODE_STATE=getMsg HTTP/1.1" 200 27
222.70.223.103 - - [26/Jan/2022:10:58:28 +0800] "GET /xingrg/all/function/internal_message.html?_=1643165889145&CODE_STATE=getMsg HTTP/1.1" 200 27
180.152.99.73 - - [26/Jan/2022:10:58:29 +0800] "GET /xingrg/all/function/internal_message.html?_=1643165911871&CODE_STATE=getMsg HTTP/1.1" 200 27
58.39.168.32 - - [26/Jan/2022:10:58:33 +0800] "POST /xingrg/kc/buy/cgsh_list_operate.html HTTP/1.1" 200 4211
180.169.147.146 - - [26/Jan/2022:10:58:40 +0800] "GET /xingrg/all/function/internal_message.html?_=1643165919654&CODE_STATE=getMsg HTTP/1.1" 200 27
101.80.229.199 - - [26/Jan/2022:10:58:45 +0800] "GET /xingrg/all/function/internal_message.html?_=1643165925704&CODE_STATE=getMsg HTTP/1.1" 200 27
58.39.168.32 - - [26/Jan/2022:10:58:48 +0800] "GET /xingrg/kc/buy/cgsh_order_operate.html?command=get_materiel&rest_code=00105&code=00101001062&supplier_code=&order_time=2022-01-26 HTTP/1.1" 200 416
114.95.98.1 - - [26/Jan/2022:10:58:51 +0800] "GET /xingrg/check_reg.html?_=1643165933739 HTTP/1.1" 200 22
114.95.98.1 - - [26/Jan/2022:10:58:51 +0800] "GET /xingrg/all/function/internal_message.html?_=1643165933742&CODE_STATE=getMsg HTTP/1.1" 200 27
58.39.168.32 - - [26/Jan/2022:10:58:52 +0800] "POST /xingrg/kc/buy/cgsh_list_operate.html HTTP/1.1" 200 588
114.83.218.93 - - [26/Jan/2022:10:58:52 +0800] "GET /xingrg/kc/buy/cgsh_order_operate.html?command=get_materiel&rest_code=00149&code=00101004074&supplier_code=00100083&order_time=2022-01-26 HTTP/1.1" 200 407
58.39.168.32 - - [26/Jan/2022:10:58:53 +0800] "GET /xingrg/kc/buy/cgsh_order_info.html?code=212022012613387 HTTP/1.1" 200 65654
58.39.168.32 - - [26/Jan/2022:10:58:53 +0800] "GET /xingrg/javascript/jquery_tools/order_manager.js HTTP/1.1" 304 -
58.39.168.32 - - [26/Jan/2022:10:58:53 +0800] "GET /xingrg/javascript/convert.js HTTP/1.1" 304 -
58.39.168.32 - - [26/Jan/2022:10:58:53 +0800] "GET /xingrg/javascript/json2.js HTTP/1.1" 304 -
58.39.168.32 - - [26/Jan/2022:10:58:53 +0800] "GET /xingrg/javascript/print/kc_print.js HTTP/1.1" 304 -
58.39.168.32 - - [26/Jan/2022:10:58:53 +0800] "GET /xingrg/words/20220125184438_words.js HTTP/1.1" 200 884943
58.39.168.32 - - [26/Jan/2022:10:58:53 +0800] "GET /xingrg/javascript/easyui/themes/icons/template_new.png HTTP/1.1" 304 -
58.39.168.32 - - [26/Jan/2022:10:58:53 +0800] "GET /xingrg/javascript/easyui/themes/icons/ok.png HTTP/1.1" 304 -
58.39.168.32 - - [26/Jan/2022:10:58:53 +0800] "GET /xingrg/javascript/easyui/themes/icons/print.png HTTP/1.1" 304 -
58.39.168.32 - - [26/Jan/2022:10:58:53 +0800] "GET /xingrg/javascript/easyui/themes/icons/copy_new.png HTTP/1.1" 304 -
58.39.168.32 - - [26/Jan/2022:10:58:53 +0800] "GET /xingrg/javascript/easyui/themes/default/images/menu_downarrow.png HTTP/1.1" 304 -
58.39.168.32 - - [26/Jan/2022:10:58:53 +0800] "GET /xingrg/javascript/easyui/themes/icons/cancel.png HTTP/1.1" 304 -
58.39.168.32 - - [26/Jan/2022:10:58:54 +0800] "GET /xingrg/all/common/auto_word.html?type=employee&rest_code=00105 HTTP/1.1" 200 193
58.39.168.32 - - [26/Jan/2022:10:58:54 +0800] "GET /xingrg/javascript/easyui/themes/default/validatebox.css HTTP/1.1" 404 1104
58.39.168.32 - - [26/Jan/2022:10:58:54 +0800] "GET /xingrg/all/common/auto_word.html?type=employee&rest_code=00105 HTTP/1.1" 200 193
58.39.168.32 - - [26/Jan/2022:10:58:54 +0800] "GET /xingrg/javascript/easyui/plugins/jquery.validatebox.js HTTP/1.1" 304 -
58.39.168.32 - - [26/Jan/2022:10:58:54 +0800] "GET /xingrg/javascript/easyui/plugins/jquery.numberbox.js HTTP/1.1" 304 -
58.39.168.32 - - [26/Jan/2022:10:58:54 +0800] "POST /xingrg/kc/buy/cgsh_order_operate.html HTTP/1.1" 200 12226
58.39.168.32 - - [26/Jan/2022:10:58:55 +0800] "GET /xingrg/javascript/easyui/themes/icons/edit_remove.png HTTP/1.1" 304 -
114.83.218.93 - - [26/Jan/2022:10:58:55 +0800] "GET /xingrg/all/function/internal_message.html?_=1643165935175&CODE_STATE=getMsg HTTP/1.1" 200 27
116.235.94.49 - - [26/Jan/2022:10:58:55 +0800] "GET /xingrg/all/function/internal_message.html?_=1643166078067&CODE_STATE=getMsg HTTP/1.1" 200 27
58.39.168.32 - - [26/Jan/2022:10:58:56 +0800] "GET /xingrg/kc/buy/cgsh_order_operate.html?command=get_materiel&rest_code=00105&code=00101001010&supplier_code=&order_time=2022-01-26 HTTP/1.1" 200 409
114.95.98.1 - - [26/Jan/2022:10:58:57 +0800] "GET /xingrg/all/function/internal_message.html?_=1643165959562&CODE_STATE=getMsg HTTP/1.1" 200 27
114.83.218.93 - - [26/Jan/2022:10:59:03 +0800] "GET /xingrg/kc/buy/cgsh_order_operate.html?command=get_materiel&rest_code=00149&code=00101004067&supplier_code=00100083&order_time=2022-01-26 HTTP/1.1" 200 415
180.152.99.39 - - [26/Jan/2022:10:59:08 +0800] "GET /xingrg/all/function/internal_message.html?_=1643165876589&CODE_STATE=getMsg HTTP/1.1" 200 27
222.70.243.96 - - [26/Jan/2022:10:59:08 +0800] "GET /xingrg/all/function/internal_message.html?_=1643165956927&CODE_STATE=getMsg HTTP/1.1" 200 27
58.39.168.32 - - [26/Jan/2022:10:59:09 +0800] "GET /xingrg/kc/buy/cgsh_order_operate.html?command=get_materiel&rest_code=00105&code=00101008027&supplier_code=&order_time=2022-01-26 HTTP/1.1" 200 408
58.39.168.32 - - [26/Jan/2022:10:59:10 +0800] "GET /xingrg/all/function/internal_message.html?_=1643165888192&CODE_STATE=getMsg HTTP/1.1" 200 27
116.228.172.94 - - [26/Jan/2022:10:59:11 +0800] "GET /xingrg/all/function/internal_message.html?_=1643165865755&CODE_STATE=getMsg HTTP/1.1" 200 27
222.70.179.207 - - [26/Jan/2022:10:59:12 +0800] "GET /xingrg/all/function/internal_message.html?_=1643165950011&CODE_STATE=getMsg HTTP/1.1" 200 27
116.233.74.11 - - [26/Jan/2022:10:59:12 +0800] "GET /xingrg/all/function/internal_message.html?_=1643165953314&CODE_STATE=getMsg HTTP/1.1" 200 27
58.39.168.32 - - [26/Jan/2022:10:59:15 +0800] "GET /xingrg/kc/buy/cgsh_order_operate.html?command=get_materiel&rest_code=00105&code=00101008055&supplier_code=&order_time=2022-01-26 HTTP/1.1" 200 409
114.83.218.93 - - [26/Jan/2022:10:59:16 +0800] "GET /xingrg/all/function/internal_message.html?_=1643165952374&CODE_STATE=getMsg HTTP/1.1" 200 27
114.83.218.93 - - [26/Jan/2022:10:59:16 +0800] "GET /xingrg/kc/buy/cgsh_order_operate.html?command=get_materiel&rest_code=00149&code=00101004065&supplier_code=00100083&order_time=2022-01-26 HTTP/1.1" 200 413
222.70.243.96 - - [26/Jan/2022:10:59:17 +0800] "GET /xingrg/kc/buy/cgsh_order_operate.html?command=get_materiel&rest_code=00146&code=00101009018&supplier_code=00100023&order_time=2022-01-26 HTTP/1.1" 200 408
58.39.168.32 - - [26/Jan/2022:10:59:21 +0800] "GET /xingrg/all/function/internal_message.html?_=1643165961880&CODE_STATE=getMsg HTTP/1.1" 200 27
114.83.218.93 - - [26/Jan/2022:10:59:24 +0800] "GET /xingrg/kc/buy/cgsh_order_operate.html?command=get_materiel&rest_code=00149&code=00101004011&supplier_code=00100083&order_time=2022-01-26 HTTP/1.1" 200 415
58.39.168.32 - - [26/Jan/2022:10:59:25 +0800] "GET /xingrg/kc/buy/cgsh_order_operate.html?command=get_materiel&rest_code=00105&code=00101008338&supplier_code=&order_time=2022-01-26 HTTP/1.1" 200 409
114.84.146.162 - - [26/Jan/2022:10:59:26 +0800] "GET /xingrg/all/function/internal_message.html?_=1643165769510&CODE_STATE=getMsg HTTP/1.1" 200 27
222.70.223.103 - - [26/Jan/2022:10:59:28 +0800] "GET /xingrg/all/function/internal_message.html?_=1643165949149&CODE_STATE=getMsg HTTP/1.1" 200 27
180.152.99.73 - - [26/Jan/2022:10:59:29 +0800] "GET /xingrg/all/function/internal_message.html?_=1643165971875&CODE_STATE=getMsg HTTP/1.1" 200 27
58.39.168.32 - - [26/Jan/2022:10:59:32 +0800] "GET /xingrg/kc/buy/cgsh_order_operate.html?command=get_materiel&rest_code=00105&code=00101008003&supplier_code=&order_time=2022-01-26 HTTP/1.1" 200 408
114.83.218.93 - - [26/Jan/2022:10:59:36 +0800] "POST /xingrg/kc/buy/cgsh_order_operate.html HTTP/1.1" 200 37
222.70.243.96 - - [26/Jan/2022:10:59:36 +0800] "GET /xingrg/kc/buy/cgsh_order_operate.html?command=get_materiel&rest_code=00146&code=00101009016&supplier_code=00100023&order_time=2022-01-26 HTTP/1.1" 200 412
180.169.147.146 - - [26/Jan/2022:10:59:40 +0800] "GET /xingrg/all/function/internal_message.html?_=1643165979637&CODE_STATE=getMsg HTTP/1.1" 200 27
114.83.218.93 - - [26/Jan/2022:10:59:45 +0800] "POST /xingrg/kc/buy/cgsh_order_operate.html HTTP/1.1" 200 12
58.39.168.32 - - [26/Jan/2022:10:59:45 +0800] "GET /xingrg/kc/buy/cgsh_order_operate.html?command=get_materiel&rest_code=00105&code=00101008197&supplier_code=&order_time=2022-01-26 HTTP/1.1" 200 416
101.80.229.199 - - [26/Jan/2022:10:59:45 +0800] "GET /xingrg/check_reg.html?_=1643165985692 HTTP/1.1" 200 22
101.80.229.199 - - [26/Jan/2022:10:59:45 +0800] "GET /xingrg/all/function/internal_message.html?_=1643165985693&CODE_STATE=getMsg HTTP/1.1" 200 27
114.84.146.162 - - [26/Jan/2022:10:59:48 +0800] "GET /xingrg/kc/mdqp/qp_main.html HTTP/1.1" 200 10633
114.84.146.162 - - [26/Jan/2022:10:59:48 +0800] "GET /xingrg/images/yd/bt.gif HTTP/1.1" 404 1040
180.169.147.146 - - [26/Jan/2022:10:59:49 +0800] "GET /xingrg/kc/buy/cgsh_order_operate.html?command=get_materiel&rest_code=00147&code=00101001051&supplier_code=00100094&order_time=2022-01-26 HTTP/1.1" 200 424
114.84.146.162 - - [26/Jan/2022:10:59:50 +0800] "GET /xingrg/kc/mdqp/qqps_order_list.html HTTP/1.1" 200 9222
114.84.146.162 - - [26/Jan/2022:10:59:50 +0800] "GET /xingrg/dwr/interface/AjaxReportQueryService.js HTTP/1.1" 200 13203
114.84.146.162 - - [26/Jan/2022:10:59:50 +0800] "GET /xingrg/dwr/interface/AjaxQqpsService.js HTTP/1.1" 200 16326
114.84.146.162 - - [26/Jan/2022:10:59:50 +0800] "GET /xingrg/dwr/engine.js HTTP/1.1" 200 43631
114.84.146.162 - - [26/Jan/2022:10:59:50 +0800] "GET /xingrg/dwr/util.js HTTP/1.1" 200 35990
114.84.146.162 - - [26/Jan/2022:10:59:50 +0800] "GET /xingrg/javascript/jquery_easy_ui/themes/icons/uncheck_new.png HTTP/1.1" 200 3197
114.84.146.162 - - [26/Jan/2022:10:59:51 +0800] "GET /xingrg/kc/mdqp/qqps_order_add.html HTTP/1.1" 200 28312
114.84.146.162 - - [26/Jan/2022:10:59:51 +0800] "GET /xingrg/dwr/interface/AjaxComOrderService.js HTTP/1.1" 200 18264
114.84.146.162 - - [26/Jan/2022:10:59:51 +0800] "GET /xingrg/dwr/interface/AjaxQqpsService.js HTTP/1.1" 200 16326
114.84.146.162 - - [26/Jan/2022:10:59:51 +0800] "GET /xingrg/javascript/tools/jquery.qtip-1.0.0-rc3.min.js HTTP/1.1" 200 38404
114.84.146.162 - - [26/Jan/2022:10:59:51 +0800] "GET /xingrg/dwr/engine.js HTTP/1.1" 200 43631
114.84.146.162 - - [26/Jan/2022:10:59:51 +0800] "GET /xingrg/javascript/jquery_easy_ui/themes/icons/ok.png HTTP/1.1" 200 883
114.84.146.162 - - [26/Jan/2022:10:59:51 +0800] "GET /xingrg/javascript/jquery_easy_ui/themes/icons/copy_new.png HTTP/1.1" 200 815
