114.83.218.93 - - [26/Jan/2022:09:32:27 +0800] "GET /xingrg/kc/buy/cgsh_order_operate.html?command=get_materiel&rest_code=00149&code=00101008242&supplier_code=00100005&order_time=2022-01-26 HTTP/1.1" 200 408
114.84.146.162 - - [26/Jan/2022:09:32:28 +0800] "GET /xingrg/all/function/internal_message.html?_=1643160551387&CODE_STATE=getMsg HTTP/1.1" 200 27
180.152.99.73 - - [26/Jan/2022:09:32:29 +0800] "POST /xingrg/all/user/operate.html HTTP/1.1" 200 36
180.152.99.73 - - [26/Jan/2022:09:32:29 +0800] "GET /xingrg/index.html?sysBaseUrl=http%3A%2F%2F180.169.147.146%3A18081%2Fxingrg%2F&costTime=40×tamp=1643158421585 HTTP/1.1" 200 17177
180.152.99.73 - - [26/Jan/2022:09:32:29 +0800] "GET /xingrg/javascript/jquery_easy_ui/themes/default/easyui.css HTTP/1.1" 304 -
180.152.99.73 - - [26/Jan/2022:09:32:29 +0800] "GET /xingrg/javascript/jquery_easy_ui/themes/icon.css HTTP/1.1" 304 -
180.152.99.73 - - [26/Jan/2022:09:32:29 +0800] "GET /xingrg/css/form.css HTTP/1.1" 304 -
180.152.99.73 - - [26/Jan/2022:09:32:29 +0800] "GET /xingrg/javascript/jquery-1.4.2.min.js HTTP/1.1" 304 -
180.152.99.73 - - [26/Jan/2022:09:32:29 +0800] "GET /xingrg/javascript/jquery_easy_ui/jquery.easyui.min.js HTTP/1.1" 304 -
180.152.99.73 - - [26/Jan/2022:09:32:29 +0800] "GET /xingrg/javascript/jquery_easy_ui/easyui-lang-zh_CN.js HTTP/1.1" 304 -
180.152.99.73 - - [26/Jan/2022:09:32:29 +0800] "GET /xingrg/javascript/jquery.form.js HTTP/1.1" 304 -
180.152.99.73 - - [26/Jan/2022:09:32:29 +0800] "GET /xingrg/javascript/jquery.utils.js HTTP/1.1" 304 -
180.152.99.73 - - [26/Jan/2022:09:32:29 +0800] "GET /xingrg/javascript/jquery.timers.js HTTP/1.1" 304 -
180.152.99.73 - - [26/Jan/2022:09:32:29 +0800] "GET /xingrg/images/blue/jxLogo.png HTTP/1.1" 304 -
180.152.99.73 - - [26/Jan/2022:09:32:29 +0800] "GET /xingrg/images/blue/navBackgound.jpg HTTP/1.1" 304 -
180.152.99.73 - - [26/Jan/2022:09:32:29 +0800] "GET /xingrg/javascript/jquery_easy_ui/themes/icons/settle_new.png HTTP/1.1" 304 -
180.152.99.73 - - [26/Jan/2022:09:32:29 +0800] "POST /xingrg/all/common/load_tree.html?tree=area_rest_tree_json&manage=1 HTTP/1.1" 200 476
180.152.99.73 - - [26/Jan/2022:09:32:29 +0800] "GET /xingrg/all/function/internal_message.html?_=1643160751582&CODE_STATE=count HTTP/1.1" 200 11
180.152.99.73 - - [26/Jan/2022:09:32:29 +0800] "GET /xingrg/check_reg.html?_=1643160751583 HTTP/1.1" 200 22
180.152.99.73 - - [26/Jan/2022:09:32:29 +0800] "GET /xingrg/javascript/jquery_easy_ui/themes/default/images/tabs_leftarrow.png HTTP/1.1" 304 -
180.152.99.73 - - [26/Jan/2022:09:32:29 +0800] "POST /xingrg/load_menu.html HTTP/1.1" 200 5138
180.152.99.73 - - [26/Jan/2022:09:32:29 +0800] "GET /xingrg/javascript/jquery_easy_ui/themes/default/images/tabs_rightarrow.png HTTP/1.1" 304 -
180.152.99.73 - - [26/Jan/2022:09:32:29 +0800] "GET /xingrg/images/blue/pingpu.png HTTP/1.1" 304 -
180.152.99.73 - - [26/Jan/2022:09:32:29 +0800] "GET /xingrg/javascript/jquery_easy_ui/themes/default/images/panel_tool_collapse.gif HTTP/1.1" 304 -
180.152.99.73 - - [26/Jan/2022:09:32:31 +0800] "GET /xingrg/kc/buy/cgsh_order_list.html HTTP/1.1" 200 49786
180.152.99.73 - - [26/Jan/2022:09:32:33 +0800] "POST /xingrg/kc/buy/cgsh_list_operate.html HTTP/1.1" 200 1688
180.152.99.73 - - [26/Jan/2022:09:32:35 +0800] "POST /xingrg/kc/buy/cgsh_list_operate.html HTTP/1.1" 200 562
180.152.99.73 - - [26/Jan/2022:09:32:37 +0800] "GET /xingrg/kc/buy/cgsh_order_info.html?code=212022012613326 HTTP/1.1" 200 65164
180.152.99.73 - - [26/Jan/2022:09:32:38 +0800] "GET /xingrg/javascript/easyui/themes/default/validatebox.css HTTP/1.1" 404 1104
180.152.99.73 - - [26/Jan/2022:09:32:38 +0800] "POST /xingrg/kc/buy/cgsh_order_operate.html HTTP/1.1" 200 15782
116.235.94.49 - - [26/Jan/2022:09:32:43 +0800] "GET /xingrg/kc/buy/cgsh_order_operate.html?command=get_materiel&rest_code=00104&code=00101008169&supplier_code=00100005&order_time=2022-01-26 HTTP/1.1" 200 412
58.39.168.32 - - [26/Jan/2022:09:32:44 +0800] "GET /xingrg/all/function/internal_message.html?_=1643160764658&CODE_STATE=getMsg HTTP/1.1" 200 27
101.80.229.199 - - [26/Jan/2022:09:32:45 +0800] "GET /xingrg/all/function/internal_message.html?_=1643160765695&CODE_STATE=getMsg HTTP/1.1" 200 27
114.95.98.1 - - [26/Jan/2022:09:32:51 +0800] "GET /xingrg/all/function/internal_message.html?_=1643160793542&CODE_STATE=getMsg HTTP/1.1" 200 27
116.235.94.49 - - [26/Jan/2022:09:32:52 +0800] "POST /xingrg/kc/buy/cgsh_order_operate.html HTTP/1.1" 200 37
114.95.98.1 - - [26/Jan/2022:09:32:53 +0800] "GET /xingrg/kc/buy/cgsh_order_operate.html?command=get_materiel&rest_code=00102&code=00101006111&supplier_code=00100096&order_time=2022-01-26 HTTP/1.1" 200 409
116.235.94.49 - - [26/Jan/2022:09:32:54 +0800] "POST /xingrg/kc/buy/cgsh_order_operate.html HTTP/1.1" 200 5627
116.235.94.49 - - [26/Jan/2022:09:32:55 +0800] "GET /xingrg/kc/buy/cgsh_order_add.html HTTP/1.1" 200 65598
116.235.94.49 - - [26/Jan/2022:09:32:55 +0800] "GET /xingrg/javascript/easyui/themes/default/validatebox.css HTTP/1.1" 404 1104
116.235.94.49 - - [26/Jan/2022:09:32:55 +0800] "POST /xingrg/kc/buy/cgsh_order_operate.html HTTP/1.1" 200 8245
116.235.94.49 - - [26/Jan/2022:09:32:55 +0800] "GET /xingrg/all/function/internal_message.html?_=1643160917987&CODE_STATE=getMsg HTTP/1.1" 200 27
114.83.218.93 - - [26/Jan/2022:09:32:56 +0800] "GET /xingrg/all/function/internal_message.html?_=1643160776556&CODE_STATE=getMsg HTTP/1.1" 200 27
116.235.94.49 - - [26/Jan/2022:09:32:56 +0800] "GET /xingrg/javascript/easyui/themes/default/tree.css HTTP/1.1" 404 1090
116.235.94.49 - - [26/Jan/2022:09:32:56 +0800] "POST /xingrg/all/common/load_tree.html?tree=supplier_tree_json&isDelete=1 HTTP/1.1" 200 62150
222.70.243.96 - - [26/Jan/2022:09:33:04 +0800] "GET /xingrg/all/function/internal_message.html?_=1643160793000&CODE_STATE=getMsg HTTP/1.1" 200 27
180.152.99.39 - - [26/Jan/2022:09:33:04 +0800] "GET /xingrg/all/function/internal_message.html?_=1643160713268&CODE_STATE=getMsg HTTP/1.1" 200 27
222.70.223.103 - - [26/Jan/2022:09:33:06 +0800] "GET /xingrg/check_reg.html?_=1643160766652 HTTP/1.1" 200 22
222.70.223.103 - - [26/Jan/2022:09:33:06 +0800] "GET /xingrg/all/function/internal_message.html?_=1643160766660&CODE_STATE=getMsg HTTP/1.1" 200 27
114.83.218.93 - - [26/Jan/2022:09:33:08 +0800] "GET /xingrg/kc/buy/cgsh_order_operate.html?command=get_materiel&rest_code=00149&code=00101008283&supplier_code=00100005&order_time=2022-01-26 HTTP/1.1" 200 408
116.228.172.94 - - [26/Jan/2022:09:33:11 +0800] "GET /xingrg/all/function/internal_message.html?_=1643160705756&CODE_STATE=getMsg HTTP/1.1" 200 27
116.228.172.94 - - [26/Jan/2022:09:33:11 +0800] "GET /xingrg/check_reg.html?_=1643160705759 HTTP/1.1" 200 22
116.235.94.49 - - [26/Jan/2022:09:33:14 +0800] "GET /xingrg/kc/buy/cgsh_order_operate.html?command=get_materiel&rest_code=00104&code=00101008029&supplier_code=00100005&order_time=2022-01-26 HTTP/1.1" 200 416
180.152.99.73 - - [26/Jan/2022:09:33:23 +0800] "GET /xingrg/javascript/auto/indicator.gif HTTP/1.1" 404 1066
114.95.98.1 - - [26/Jan/2022:09:33:25 +0800] "POST /xingrg/kc/buy/cgsh_order_operate.html HTTP/1.1" 200 37
114.84.146.162 - - [26/Jan/2022:09:33:28 +0800] "GET /xingrg/all/function/internal_message.html?_=1643160611355&CODE_STATE=getMsg HTTP/1.1" 200 27
180.152.99.73 - - [26/Jan/2022:09:33:28 +0800] "GET /xingrg/kc/buy/cgsh_order_operate.html?command=get_materiel&rest_code=00151&code=00101020131&supplier_code=00100007&order_time=2022-01-26 HTTP/1.1" 200 437
114.95.98.1 - - [26/Jan/2022:09:33:28 +0800] "POST /xingrg/kc/buy/cgsh_order_operate.html HTTP/1.1" 200 12
180.152.99.73 - - [26/Jan/2022:09:33:29 +0800] "GET /xingrg/all/function/internal_message.html?_=1643160811598&CODE_STATE=getMsg HTTP/1.1" 200 27
114.95.98.1 - - [26/Jan/2022:09:33:29 +0800] "GET /xingrg/kc/buy/cgsh_order_info.html?code=212022012613338 HTTP/1.1" 200 60448
116.235.94.49 - - [26/Jan/2022:09:33:30 +0800] "GET /xingrg/kc/buy/cgsh_order_operate.html?command=get_materiel&rest_code=00104&code=00101008403&supplier_code=00100005&order_time=2022-01-26 HTTP/1.1" 200 412
114.95.98.1 - - [26/Jan/2022:09:33:31 +0800] "GET /xingrg/javascript/easyui/themes/default/validatebox.css HTTP/1.1" 404 1104
114.95.98.1 - - [26/Jan/2022:09:33:31 +0800] "POST /xingrg/kc/buy/cgsh_order_operate.html HTTP/1.1" 200 5943
114.83.218.93 - - [26/Jan/2022:09:33:34 +0800] "POST /xingrg/kc/buy/cgsh_order_operate.html HTTP/1.1" 200 2065
114.95.98.1 - - [26/Jan/2022:09:33:35 +0800] "GET /xingrg/kc/print/load_config.html?kc_code=cgsh HTTP/1.1" 200 1943
114.95.98.1 - - [26/Jan/2022:09:33:35 +0800] "GET /xingrg/kc/print/load_data.html?order_code=212022012613338&kc_code=cgsh&condition= HTTP/1.1" 200 2700
114.95.98.1 - - [26/Jan/2022:09:33:39 +0800] "GET /xingrg/javascript/jquery_easy_ui/themes/default/images/tabs_active.png HTTP/1.1" 200 2894
58.39.168.32 - - [26/Jan/2022:09:33:44 +0800] "GET /xingrg/all/function/internal_message.html?_=1643160824659&CODE_STATE=getMsg HTTP/1.1" 200 27
101.80.229.199 - - [26/Jan/2022:09:33:45 +0800] "GET /xingrg/all/function/internal_message.html?_=1643160825699&CODE_STATE=getMsg HTTP/1.1" 200 27
116.235.94.49 - - [26/Jan/2022:09:33:46 +0800] "GET /xingrg/kc/buy/cgsh_order_operate.html?command=get_materiel&rest_code=00104&code=00101008257&supplier_code=00100005&order_time=2022-01-26 HTTP/1.1" 200 416
114.83.218.93 - - [26/Jan/2022:09:33:46 +0800] "GET /xingrg/kc/buy/cgsh_order_operate.html?command=get_materiel&rest_code=00149&code=00101008125&supplier_code=00100005&order_time=2022-01-26 HTTP/1.1" 200 413
114.95.98.1 - - [26/Jan/2022:09:33:51 +0800] "GET /xingrg/all/function/internal_message.html?_=1643160853557&CODE_STATE=getMsg HTTP/1.1" 200 27
116.235.94.49 - - [26/Jan/2022:09:33:55 +0800] "GET /xingrg/all/function/internal_message.html?_=1643160978006&CODE_STATE=getMsg HTTP/1.1" 200 27
114.83.218.93 - - [26/Jan/2022:09:33:56 +0800] "GET /xingrg/all/function/internal_message.html?_=1643160836529&CODE_STATE=getMsg HTTP/1.1" 200 27
180.152.99.73 - - [26/Jan/2022:09:34:01 +0800] "GET /xingrg/kc/buy/cgsh_order_operate.html?command=get_materiel&rest_code=00151&code=00101008112&supplier_code=00100007&order_time=2022-01-26 HTTP/1.1" 200 412
180.152.99.39 - - [26/Jan/2022:09:34:04 +0800] "GET /xingrg/check_reg.html?_=1643160773133 HTTP/1.1" 200 22
222.70.243.96 - - [26/Jan/2022:09:34:04 +0800] "GET /xingrg/all/function/internal_message.html?_=1643160853063&CODE_STATE=getMsg HTTP/1.1" 200 27
180.152.99.39 - - [26/Jan/2022:09:34:04 +0800] "GET /xingrg/all/function/internal_message.html?_=1643160773313&CODE_STATE=getMsg HTTP/1.1" 200 27
222.70.223.103 - - [26/Jan/2022:09:34:06 +0800] "GET /xingrg/all/function/internal_message.html?_=1643160826648&CODE_STATE=getMsg HTTP/1.1" 200 27
116.228.172.94 - - [26/Jan/2022:09:34:11 +0800] "GET /xingrg/all/function/internal_message.html?_=1643160765764&CODE_STATE=getMsg HTTP/1.1" 200 27
116.235.94.49 - - [26/Jan/2022:09:34:19 +0800] "GET /xingrg/kc/buy/cgsh_order_operate.html?command=get_materiel&rest_code=00104&code=00101008351&supplier_code=00100005&order_time=2022-01-26 HTTP/1.1" 200 408
114.84.146.162 - - [26/Jan/2022:09:34:28 +0800] "GET /xingrg/all/function/internal_message.html?_=1643160671325&CODE_STATE=getMsg HTTP/1.1" 200 27
180.152.99.73 - - [26/Jan/2022:09:34:29 +0800] "GET /xingrg/all/function/internal_message.html?_=1643160871588&CODE_STATE=getMsg HTTP/1.1" 200 27
180.152.99.73 - - [26/Jan/2022:09:34:30 +0800] "GET /xingrg/kc/buy/cgsh_order_operate.html?command=get_materiel&rest_code=00151&code=00101008125&supplier_code=00100007&order_time=2022-01-26 HTTP/1.1" 200 413
116.235.94.49 - - [26/Jan/2022:09:34:34 +0800] "GET /xingrg/kc/buy/cgsh_order_operate.html?command=get_materiel&rest_code=00104&code=00101008096&supplier_code=00100005&order_time=2022-01-26 HTTP/1.1" 200 413
222.70.223.103 - - [26/Jan/2022:09:34:35 +0800] "GET /xingrg/kc/print/load_data.html?order_code=212022012613332&kc_code=cgsh&condition= HTTP/1.1" 200 10378
114.83.218.93 - - [26/Jan/2022:09:34:37 +0800] "GET /xingrg/kc/buy/cgsh_order_operate.html?command=get_materiel&rest_code=00149&code=00101008403&supplier_code=00100005&order_time=2022-01-26 HTTP/1.1" 200 412
58.39.168.32 - - [26/Jan/2022:09:34:44 +0800] "GET /xingrg/all/function/internal_message.html?_=1643160884666&CODE_STATE=getMsg HTTP/1.1" 200 27
58.39.168.32 - - [26/Jan/2022:09:34:44 +0800] "GET /xingrg/check_reg.html?_=1643160884714 HTTP/1.1" 200 22
222.70.179.207 - - [26/Jan/2022:09:34:44 +0800] "GET /favicon.ico HTTP/1.1" 404 -
116.235.94.49 - - [26/Jan/2022:09:34:45 +0800] "GET /xingrg/kc/buy/cgsh_order_operate.html?command=get_materiel&rest_code=00104&code=00101008355&supplier_code=00100005&order_time=2022-01-26 HTTP/1.1" 200 408
101.80.229.199 - - [26/Jan/2022:09:34:45 +0800] "GET /xingrg/all/function/internal_message.html?_=1643160885702&CODE_STATE=getMsg HTTP/1.1" 200 27
101.80.229.199 - - [26/Jan/2022:09:34:45 +0800] "GET /xingrg/check_reg.html?_=1643160885704 HTTP/1.1" 200 22
114.95.98.1 - - [26/Jan/2022:09:34:51 +0800] "GET /xingrg/check_reg.html?_=1643160913737 HTTP/1.1" 200 22
114.95.98.1 - - [26/Jan/2022:09:34:51 +0800] "GET /xingrg/all/function/internal_message.html?_=1643160913740&CODE_STATE=getMsg HTTP/1.1" 200 27
180.169.147.146 - - [26/Jan/2022:09:34:52 +0800] "GET /xingrg/kc/buy/buy_main.html HTTP/1.1" 302 -
180.169.147.146 - - [26/Jan/2022:09:34:53 +0800] "GET /xingrg/login.html HTTP/1.1" 200 7641
180.169.147.146 - - [26/Jan/2022:09:34:53 +0800] "GET /xingrg/login.html HTTP/1.1" 200 7641
180.169.147.146 - - [26/Jan/2022:09:34:55 +0800] "GET /favicon.ico HTTP/1.1" 404 -
116.235.94.49 - - [26/Jan/2022:09:34:55 +0800] "GET /xingrg/check_reg.html?_=1643161038006 HTTP/1.1" 200 22
116.235.94.49 - - [26/Jan/2022:09:34:55 +0800] "GET /xingrg/all/function/internal_message.html?_=1643161038007&CODE_STATE=getMsg HTTP/1.1" 200 27
114.83.218.93 - - [26/Jan/2022:09:34:56 +0800] "GET /xingrg/all/function/internal_message.html?_=1643160896604&CODE_STATE=getMsg HTTP/1.1" 200 27
180.169.147.146 - - [26/Jan/2022:09:34:56 +0800] "POST /xingrg/login.do HTTP/1.1" 302 -
180.169.147.146 - - [26/Jan/2022:09:34:56 +0800] "GET /xingrg/index.html?sysBaseUrl=http%3A%2F%2F180.169.147.146%3A18081%2Fxingrg%2F&costTime=46×tamp=1643160896930 HTTP/1.1" 200 17179
180.169.147.146 - - [26/Jan/2022:09:34:57 +0800] "GET /favicon.ico HTTP/1.1" 404 -
180.169.147.146 - - [26/Jan/2022:09:34:57 +0800] "POST /xingrg/all/common/load_tree.html?tree=area_rest_tree_json&manage=1 HTTP/1.1" 200 351
180.169.147.146 - - [26/Jan/2022:09:34:57 +0800] "GET /xingrg/all/function/internal_message.html?_=1643160896416&CODE_STATE=count HTTP/1.1" 200 11
180.169.147.146 - - [26/Jan/2022:09:34:57 +0800] "GET /xingrg/check_reg.html?_=1643160896448 HTTP/1.1" 200 22
180.169.147.146 - - [26/Jan/2022:09:34:57 +0800] "POST /xingrg/load_menu.html HTTP/1.1" 200 5138
180.169.147.146 - - [26/Jan/2022:09:34:58 +0800] "GET /xingrg/kc/buy/buy_main.html HTTP/1.1" 200 12412
180.169.147.146 - - [26/Jan/2022:09:34:58 +0800] "GET /xingrg/css/new_ie.css HTTP/1.1" 404 1036
180.169.147.146 - - [26/Jan/2022:09:34:59 +0800] "GET /xingrg/images/yd/bt.gif HTTP/1.1" 404 1040
180.169.147.146 - - [26/Jan/2022:09:34:59 +0800] "GET /xingrg/kc/buy/cgsh_order_list.html HTTP/1.1" 200 49788
116.235.94.49 - - [26/Jan/2022:09:35:03 +0800] "GET /xingrg/kc/buy/cgsh_order_operate.html?command=get_materiel&rest_code=00104&code=00101008264&supplier_code=00100005&order_time=2022-01-26 HTTP/1.1" 200 412
222.70.243.96 - - [26/Jan/2022:09:35:04 +0800] "GET /xingrg/all/function/internal_message.html?_=1643160913073&CODE_STATE=getMsg HTTP/1.1" 200 27
180.152.99.39 - - [26/Jan/2022:09:35:04 +0800] "GET /xingrg/all/function/internal_message.html?_=1643160833357&CODE_STATE=getMsg HTTP/1.1" 200 27
222.70.179.207 - - [26/Jan/2022:09:35:05 +0800] "GET /xingrg/login.html HTTP/1.1" 200 7641
222.70.179.207 - - [26/Jan/2022:09:35:06 +0800] "GET /favicon.ico HTTP/1.1" 404 -
222.70.223.103 - - [26/Jan/2022:09:35:06 +0800] "GET /xingrg/all/function/internal_message.html?_=1643160886665&CODE_STATE=getMsg HTTP/1.1" 200 27
180.169.147.146 - - [26/Jan/2022:09:35:06 +0800] "POST /xingrg/kc/buy/cgsh_list_operate.html HTTP/1.1" 200 3125
116.228.172.94 - - [26/Jan/2022:09:35:11 +0800] "GET /xingrg/all/function/internal_message.html?_=1643160825759&CODE_STATE=getMsg HTTP/1.1" 200 27
222.70.179.207 - - [26/Jan/2022:09:35:11 +0800] "POST /xingrg/login.do HTTP/1.1" 302 -
222.70.179.207 - - [26/Jan/2022:09:35:11 +0800] "GET /xingrg/index.html?sysBaseUrl=http%3A%2F%2F180.169.147.146%3A18081%2Fxingrg%2F&costTime=38×tamp=1643160911705 HTTP/1.1" 200 17173
222.70.179.207 - - [26/Jan/2022:09:35:11 +0800] "GET /favicon.ico HTTP/1.1" 404 -
222.70.179.207 - - [26/Jan/2022:09:35:12 +0800] "POST /xingrg/all/common/load_tree.html?tree=area_rest_tree_json&manage=1 HTTP/1.1" 200 342
222.70.179.207 - - [26/Jan/2022:09:35:12 +0800] "GET /xingrg/all/function/internal_message.html?_=1643160909911&CODE_STATE=count HTTP/1.1" 200 11
222.70.179.207 - - [26/Jan/2022:09:35:12 +0800] "GET /xingrg/check_reg.html?_=1643160909913 HTTP/1.1" 200 22
222.70.179.207 - - [26/Jan/2022:09:35:12 +0800] "POST /xingrg/load_menu.html HTTP/1.1" 200 5138
180.169.147.146 - - [26/Jan/2022:09:35:27 +0800] "GET /xingrg/kc/buy/cgsh_order_add.html HTTP/1.1" 200 65560
180.169.147.146 - - [26/Jan/2022:09:35:27 +0800] "GET /xingrg/words/20220125184438_words.js HTTP/1.1" 304 -
180.169.147.146 - - [26/Jan/2022:09:35:27 +0800] "POST /xingrg/kc/buy/cgsh_order_operate.html HTTP/1.1" 200 8245
180.169.147.146 - - [26/Jan/2022:09:35:27 +0800] "GET /xingrg/all/common/auto_word.html?type=employee&rest_code=00147 HTTP/1.1" 200 101
180.169.147.146 - - [26/Jan/2022:09:35:27 +0800] "GET /xingrg/all/common/auto_word.html?type=employee&rest_code=00147 HTTP/1.1" 200 101
180.169.147.146 - - [26/Jan/2022:09:35:27 +0800] "GET /xingrg/javascript/easyui/themes/default/validatebox.css HTTP/1.1" 404 1104
114.84.146.162 - - [26/Jan/2022:09:35:28 +0800] "GET /xingrg/all/function/internal_message.html?_=1643160731332&CODE_STATE=getMsg HTTP/1.1" 200 27
180.152.99.73 - - [26/Jan/2022:09:35:29 +0800] "GET /xingrg/all/function/internal_message.html?_=1643160931605&CODE_STATE=getMsg HTTP/1.1" 200 27
180.169.147.146 - - [26/Jan/2022:09:35:30 +0800] "GET /xingrg/javascript/auto/indicator.gif HTTP/1.1" 404 1066
180.169.147.146 - - [26/Jan/2022:09:35:31 +0800] "GET /xingrg/javascript/jquery_tools/images/prev.gif HTTP/1.1" 404 1086
180.169.147.146 - - [26/Jan/2022:09:35:31 +0800] "GET /xingrg/javascript/jquery_tools/images/next.gif HTTP/1.1" 404 1086
114.83.218.93 - - [26/Jan/2022:09:35:32 +0800] "GET /xingrg/kc/buy/cgsh_order_operate.html?command=get_materiel&rest_code=00149&code=00101008168&supplier_code=00100005&order_time=2022-01-26 HTTP/1.1" 200 413
180.169.147.146 - - [26/Jan/2022:09:35:41 +0800] "GET /xingrg/kc/buy/cgsh_order_operate.html?command=get_materiel&rest_code=00147&code=00101018019&supplier_code=00100330&order_time=2022-01-25 HTTP/1.1" 200 421
58.39.168.32 - - [26/Jan/2022:09:35:44 +0800] "GET /xingrg/all/function/internal_message.html?_=1643160944666&CODE_STATE=getMsg HTTP/1.1" 200 27
101.80.229.199 - - [26/Jan/2022:09:35:45 +0800] "GET /xingrg/all/function/internal_message.html?_=1643160945706&CODE_STATE=getMsg HTTP/1.1" 200 27
180.169.147.146 - - [26/Jan/2022:09:35:47 +0800] "POST /xingrg/kc/buy/cgsh_order_operate.html HTTP/1.1" 200 37
114.83.218.93 - - [26/Jan/2022:09:35:48 +0800] "GET /xingrg/kc/buy/cgsh_order_operate.html?command=get_materiel&rest_code=00149&code=00101008236&supplier_code=00100005&order_time=2022-01-26 HTTP/1.1" 200 417
180.169.147.146 - - [26/Jan/2022:09:35:49 +0800] "POST /xingrg/kc/buy/cgsh_order_operate.html HTTP/1.1" 200 2664
180.169.147.146 - - [26/Jan/2022:09:35:49 +0800] "GET /xingrg/kc/print/load_config.html?kc_code=cgsh HTTP/1.1" 200 1943
180.169.147.146 - - [26/Jan/2022:09:35:49 +0800] "GET /xingrg/kc/print/load_data.html?order_code=212022012613339&kc_code=cgsh&condition= HTTP/1.1" 200 691
114.95.98.1 - - [26/Jan/2022:09:35:51 +0800] "GET /xingrg/all/function/internal_message.html?_=1643160973755&CODE_STATE=getMsg HTTP/1.1" 200 27
180.169.147.146 - - [26/Jan/2022:09:35:52 +0800] "GET /xingrg/kc/buy/cgsh_order_add.html HTTP/1.1" 200 65560
180.169.147.146 - - [26/Jan/2022:09:35:53 +0800] "POST /xingrg/kc/buy/cgsh_order_operate.html HTTP/1.1" 200 8245
180.169.147.146 - - [26/Jan/2022:09:35:53 +0800] "GET /xingrg/javascript/easyui/themes/default/validatebox.css HTTP/1.1" 404 1104
116.235.94.49 - - [26/Jan/2022:09:35:55 +0800] "GET /xingrg/all/function/internal_message.html?_=1643161098002&CODE_STATE=getMsg HTTP/1.1" 200 27
116.235.94.49 - - [26/Jan/2022:09:35:56 +0800] "GET /xingrg/kc/buy/cgsh_order_operate.html?command=get_materiel&rest_code=00104&code=00101008024&supplier_code=00100005&order_time=2022-01-26 HTTP/1.1" 200 408
114.83.218.93 - - [26/Jan/2022:09:35:56 +0800] "GET /xingrg/all/function/internal_message.html?_=1643160956596&CODE_STATE=getMsg HTTP/1.1" 200 27
114.83.218.93 - - [26/Jan/2022:09:35:57 +0800] "GET /xingrg/kc/buy/cgsh_order_operate.html?command=get_materiel&rest_code=00149&code=00101020152&supplier_code=00100005&order_time=2022-01-26 HTTP/1.1" 200 416
180.169.147.146 - - [26/Jan/2022:09:35:57 +0800] "GET /xingrg/all/function/internal_message.html?_=1643160956495&CODE_STATE=getMsg HTTP/1.1" 200 27
114.83.218.93 - - [26/Jan/2022:09:36:01 +0800] "POST /xingrg/kc/buy/cgsh_order_operate.html HTTP/1.1" 200 2065
114.84.146.162 - - [26/Jan/2022:09:36:03 +0800] "GET /xingrg/check_reg.html?_=1643160766415 HTTP/1.1" 200 22
180.169.147.146 - - [26/Jan/2022:09:36:04 +0800] "GET /xingrg/kc/buy/cgsh_order_operate.html?command=get_materiel&rest_code=00147&code=00101008171&supplier_code=00100327&order_time=2022-01-25 HTTP/1.1" 200 421
222.70.243.96 - - [26/Jan/2022:09:36:04 +0800] "GET /xingrg/all/function/internal_message.html?_=1643160973132&CODE_STATE=getMsg HTTP/1.1" 200 27
180.152.99.39 - - [26/Jan/2022:09:36:04 +0800] "GET /xingrg/all/function/internal_message.html?_=1643160893371&CODE_STATE=getMsg HTTP/1.1" 200 27
222.70.223.103 - - [26/Jan/2022:09:36:06 +0800] "GET /xingrg/all/function/internal_message.html?_=1643160946664&CODE_STATE=getMsg HTTP/1.1" 200 27
116.235.94.49 - - [26/Jan/2022:09:36:09 +0800] "GET /xingrg/kc/buy/cgsh_order_operate.html?command=get_materiel&rest_code=00104&code=00101008137&supplier_code=00100005&order_time=2022-01-26 HTTP/1.1" 200 408
116.228.172.94 - - [26/Jan/2022:09:36:11 +0800] "GET /xingrg/all/function/internal_message.html?_=1643160885773&CODE_STATE=getMsg HTTP/1.1" 200 27
222.70.179.207 - - [26/Jan/2022:09:36:12 +0800] "GET /xingrg/all/function/internal_message.html?_=1643160969914&CODE_STATE=getMsg HTTP/1.1" 200 27
180.169.147.146 - - [26/Jan/2022:09:36:13 +0800] "GET /xingrg/kc/buy/cgsh_order_operate.html?command=get_materiel&rest_code=00147&code=00101010691&supplier_code=00100327&order_time=2022-01-25 HTTP/1.1" 200 397
114.83.218.93 - - [26/Jan/2022:09:36:16 +0800] "GET /xingrg/kc/buy/cgsh_order_operate.html?command=get_materiel&rest_code=00149&code=00101015112&supplier_code=00100005&order_time=2022-01-26 HTTP/1.1" 200 403
114.83.218.93 - - [26/Jan/2022:09:36:20 +0800] "POST /xingrg/services/DataTransmitService HTTP/1.1" 401 565
114.83.218.93 - - [26/Jan/2022:09:36:20 +0800] "POST /xingrg/services/DataTransmitService HTTP/1.1" 200 478
114.83.218.93 - - [26/Jan/2022:09:36:20 +0800] "POST /xingrg/services/DataTransmitService HTTP/1.1" 200 1319
114.83.218.93 - - [26/Jan/2022:09:36:20 +0800] "POST /xingrg/services/DataTransmitService HTTP/1.1" 200 478
114.83.218.93 - - [26/Jan/2022:09:36:20 +0800] "POST /xingrg/services/DataTransmitService HTTP/1.1" 200 1319
114.83.218.93 - - [26/Jan/2022:09:36:20 +0800] "POST /xingrg/services/DataTransmitService HTTP/1.1" 200 524
114.83.218.93 - - [26/Jan/2022:09:36:20 +0800] "POST /xingrg/services/DataTransmitService HTTP/1.1" 200 1983
114.83.218.93 - - [26/Jan/2022:09:36:20 +0800] "POST /xingrg/services/DataTransmitService HTTP/1.1" 200 45454
114.83.218.93 - - [26/Jan/2022:09:36:20 +0800] "POST /xingrg/services/DataTransmitService HTTP/1.1" 200 19237
180.169.147.146 - - [26/Jan/2022:09:36:22 +0800] "GET /xingrg/kc/buy/cgsh_order_operate.html?command=get_materiel&rest_code=00147&code=00101010569&supplier_code=00100327&order_time=2022-01-25 HTTP/1.1" 200 397
114.83.218.93 - - [26/Jan/2022:09:36:26 +0800] "POST /xingrg/services/DataTransmitService HTTP/1.1" 200 524
114.83.218.93 - - [26/Jan/2022:09:36:26 +0800] "POST /xingrg/services/DataTransmitService HTTP/1.1" 200 1983
114.84.146.162 - - [26/Jan/2022:09:36:28 +0800] "GET /xingrg/all/function/internal_message.html?_=1643160791314&CODE_STATE=getMsg HTTP/1.1" 200 27
114.83.218.93 - - [26/Jan/2022:09:36:28 +0800] "GET /xingrg/kc/buy/cgsh_order_operate.html?command=get_materiel&rest_code=00149&code=00101015012&supplier_code=00100005&order_time=2022-01-26 HTTP/1.1" 200 412
180.152.99.73 - - [26/Jan/2022:09:36:29 +0800] "GET /xingrg/all/function/internal_message.html?_=1643160991591&CODE_STATE=getMsg HTTP/1.1" 200 27
180.152.99.73 - - [26/Jan/2022:09:36:30 +0800] "POST /xingrg/kc/buy/cgsh_order_operate.html HTTP/1.1" 200 37
180.169.147.146 - - [26/Jan/2022:09:36:33 +0800] "GET /xingrg/kc/buy/cgsh_order_operate.html?command=get_materiel&rest_code=00147&code=00101010628&supplier_code=00100327&order_time=2022-01-25 HTTP/1.1" 200 412
180.152.99.73 - - [26/Jan/2022:09:36:33 +0800] "POST /xingrg/kc/buy/cgsh_order_operate.html HTTP/1.1" 200 12
180.152.99.73 - - [26/Jan/2022:09:36:34 +0800] "GET /xingrg/kc/buy/cgsh_order_info.html?code=212022012613326 HTTP/1.1" 200 60064
180.152.99.73 - - [26/Jan/2022:09:36:35 +0800] "GET /xingrg/javascript/easyui/themes/default/validatebox.css HTTP/1.1" 404 1104
180.152.99.73 - - [26/Jan/2022:09:36:35 +0800] "POST /xingrg/kc/buy/cgsh_order_operate.html HTTP/1.1" 200 14933
222.70.243.96 - - [26/Jan/2022:09:36:36 +0800] "GET /xingrg/check_reg.html?_=1643161004815 HTTP/1.1" 200 22
180.152.99.73 - - [26/Jan/2022:09:36:36 +0800] "GET /xingrg/kc/print/load_data.html?order_code=212022012613326&kc_code=cgsh&condition= HTTP/1.1" 200 6256
180.169.147.146 - - [26/Jan/2022:09:36:44 +0800] "GET /xingrg/kc/buy/cgsh_order_operate.html?command=get_materiel&rest_code=00147&code=00101006005&supplier_code=00100327&order_time=2022-01-25 HTTP/1.1" 200 417
58.39.168.32 - - [26/Jan/2022:09:36:44 +0800] "GET /xingrg/all/function/internal_message.html?_=1643161004666&CODE_STATE=getMsg HTTP/1.1" 200 27
114.83.218.93 - - [26/Jan/2022:09:36:45 +0800] "GET /xingrg/kc/buy/cgsh_order_operate.html?command=get_materiel&rest_code=00149&code=00101015040&supplier_code=00100005&order_time=2022-01-26 HTTP/1.1" 200 408
101.80.229.199 - - [26/Jan/2022:09:36:45 +0800] "GET /xingrg/all/function/internal_message.html?_=1643161005707&CODE_STATE=getMsg HTTP/1.1" 200 27
116.235.94.49 - - [26/Jan/2022:09:36:49 +0800] "GET /xingrg/kc/buy/cgsh_order_operate.html?command=get_materiel&rest_code=00104&code=00101008357&supplier_code=00100005&order_time=2022-01-26 HTTP/1.1" 200 408
120.253.135.82 - - [26/Jan/2022:09:36:51 +0800] "GET /xingrg/kc/pszx/mdps_order_list.html?orderType=0 HTTP/1.1" 200 20925
114.95.98.1 - - [26/Jan/2022:09:36:51 +0800] "GET /xingrg/all/function/internal_message.html?_=1643161033770&CODE_STATE=getMsg HTTP/1.1" 200 27
120.253.135.82 - - [26/Jan/2022:09:36:51 +0800] "GET /xingrg/javascript/easyui/themes/icons/uncheck_new.png HTTP/1.1" 304 -
120.253.135.82 - - [26/Jan/2022:09:36:52 +0800] "POST /xingrg/kc/pszx/mdps_list_operate.html HTTP/1.1" 200 5511
180.169.147.146 - - [26/Jan/2022:09:36:52 +0800] "POST /xingrg/kc/buy/cgsh_order_operate.html HTTP/1.1" 200 37
180.169.147.146 - - [26/Jan/2022:09:36:53 +0800] "POST /xingrg/kc/buy/cgsh_order_operate.html HTTP/1.1" 200 5051
180.169.147.146 - - [26/Jan/2022:09:36:54 +0800] "GET /xingrg/kc/print/load_data.html?order_code=212022012613340&kc_code=cgsh&condition= HTTP/1.1" 200 1611
114.83.218.93 - - [26/Jan/2022:09:36:55 +0800] "GET /xingrg/kc/buy/cgsh_order_operate.html?command=get_materiel&rest_code=00149&code=00101008330&supplier_code=00100005&order_time=2022-01-26 HTTP/1.1" 200 408
116.235.94.49 - - [26/Jan/2022:09:36:55 +0800] "GET /xingrg/all/function/internal_message.html?_=1643161158000&CODE_STATE=getMsg HTTP/1.1" 200 27
114.83.218.93 - - [26/Jan/2022:09:36:56 +0800] "GET /xingrg/all/function/internal_message.html?_=1643161016557&CODE_STATE=getMsg HTTP/1.1" 200 27
114.83.218.93 - - [26/Jan/2022:09:36:56 +0800] "GET /xingrg/check_reg.html?_=1643161016575 HTTP/1.1" 200 22
180.169.147.146 - - [26/Jan/2022:09:36:57 +0800] "GET /xingrg/kc/buy/cgsh_order_add.html HTTP/1.1" 200 65560
180.169.147.146 - - [26/Jan/2022:09:36:57 +0800] "GET /xingrg/all/function/internal_message.html?_=1643161016683&CODE_STATE=getMsg HTTP/1.1" 200 27
180.169.147.146 - - [26/Jan/2022:09:36:57 +0800] "POST /xingrg/kc/buy/cgsh_order_operate.html HTTP/1.1" 200 8245
180.169.147.146 - - [26/Jan/2022:09:36:57 +0800] "GET /xingrg/javascript/easyui/themes/default/validatebox.css HTTP/1.1" 404 1104
116.235.94.49 - - [26/Jan/2022:09:37:03 +0800] "GET /xingrg/kc/buy/cgsh_order_operate.html?command=get_materiel&rest_code=00104&code=00101008069&supplier_code=00100005&order_time=2022-01-26 HTTP/1.1" 200 412
222.70.243.96 - - [26/Jan/2022:09:37:04 +0800] "GET /xingrg/all/function/internal_message.html?_=1643161033145&CODE_STATE=getMsg HTTP/1.1" 200 27
180.152.99.39 - - [26/Jan/2022:09:37:04 +0800] "GET /xingrg/all/function/internal_message.html?_=1643160953400&CODE_STATE=getMsg HTTP/1.1" 200 27
222.70.223.103 - - [26/Jan/2022:09:37:06 +0800] "GET /xingrg/all/function/internal_message.html?_=1643161006663&CODE_STATE=getMsg HTTP/1.1" 200 27
116.228.172.94 - - [26/Jan/2022:09:37:11 +0800] "GET /xingrg/all/function/internal_message.html?_=1643160945777&CODE_STATE=getMsg HTTP/1.1" 200 27
222.70.179.207 - - [26/Jan/2022:09:37:12 +0800] "GET /xingrg/all/function/internal_message.html?_=1643161029928&CODE_STATE=getMsg HTTP/1.1" 200 27
120.253.135.82 - - [26/Jan/2022:09:37:15 +0800] "GET /xingrg/kc/report/report_main.html HTTP/1.1" 200 8599
120.253.135.82 - - [26/Jan/2022:09:37:16 +0800] "GET /xingrg/kc/base/kc_stocks.html HTTP/1.1" 200 16437
120.253.135.82 - - [26/Jan/2022:09:37:16 +0800] "GET /xingrg/javascript/easyui/themes/default/tree.css HTTP/1.1" 404 1090
120.253.135.82 - - [26/Jan/2022:09:37:16 +0800] "POST /xingrg/all/common/load_tree.html?tree=materiel_sort_tree_json HTTP/1.1" 200 9388
120.253.135.82 - - [26/Jan/2022:09:37:17 +0800] "POST /xingrg/all/common/load_combo.html?type=base HTTP/1.1" 200 1075
180.169.147.146 - - [26/Jan/2022:09:37:20 +0800] "GET /xingrg/kc/buy/cgsh_order_operate.html?command=get_materiel&rest_code=00147&code=00101020307&supplier_code=00100326&order_time=2022-01-26 HTTP/1.1" 200 400
116.235.94.49 - - [26/Jan/2022:09:37:21 +0800] "GET /xingrg/kc/buy/cgsh_order_operate.html?command=get_materiel&rest_code=00104&code=00101008286&supplier_code=00100005&order_time=2022-01-26 HTTP/1.1" 200 408
180.169.147.146 - - [26/Jan/2022:09:37:27 +0800] "POST /xingrg/kc/buy/cgsh_order_operate.html HTTP/1.1" 200 37
114.84.146.162 - - [26/Jan/2022:09:37:28 +0800] "GET /xingrg/all/function/internal_message.html?_=1643160851296&CODE_STATE=getMsg HTTP/1.1" 200 27
180.152.99.73 - - [26/Jan/2022:09:37:29 +0800] "GET /xingrg/all/function/internal_message.html?_=1643161051615&CODE_STATE=getMsg HTTP/1.1" 200 27
180.152.99.73 - - [26/Jan/2022:09:37:29 +0800] "GET /xingrg/check_reg.html?_=1643161051618 HTTP/1.1" 200 22
180.169.147.146 - - [26/Jan/2022:09:37:29 +0800] "POST /xingrg/kc/buy/cgsh_order_operate.html HTTP/1.1" 200 2065
114.83.218.93 - - [26/Jan/2022:09:37:29 +0800] "POST /xingrg/kc/buy/cgsh_order_operate.html HTTP/1.1" 200 37
120.253.135.82 - - [26/Jan/2022:09:37:30 +0800] "POST /xingrg/kc/base/stock_operate.html HTTP/1.1" 200 765
180.169.147.146 - - [26/Jan/2022:09:37:31 +0800] "GET /xingrg/kc/print/load_data.html?order_code=212022012613341&kc_code=cgsh&condition= HTTP/1.1" 200 687
180.169.147.146 - - [26/Jan/2022:09:37:34 +0800] "GET /xingrg/kc/buy/cgsh_order_add.html HTTP/1.1" 200 65560
116.235.94.49 - - [26/Jan/2022:09:37:34 +0800] "GET /xingrg/kc/buy/cgsh_order_operate.html?command=get_materiel&rest_code=00104&code=00101008131&supplier_code=00100005&order_time=2022-01-26 HTTP/1.1" 200 408
180.169.147.146 - - [26/Jan/2022:09:37:34 +0800] "POST /xingrg/kc/buy/cgsh_order_operate.html HTTP/1.1" 200 8245
180.169.147.146 - - [26/Jan/2022:09:37:34 +0800] "GET /xingrg/javascript/easyui/themes/default/validatebox.css HTTP/1.1" 404 1104
114.83.218.93 - - [26/Jan/2022:09:37:36 +0800] "POST /xingrg/kc/buy/cgsh_order_operate.html HTTP/1.1" 200 12
120.253.135.82 - - [26/Jan/2022:09:37:40 +0800] "POST /xingrg/kc/base/stock_operate.html HTTP/1.1" 200 765
58.39.168.32 - - [26/Jan/2022:09:37:44 +0800] "GET /xingrg/all/function/internal_message.html?_=1643161064667&CODE_STATE=getMsg HTTP/1.1" 200 27
101.80.229.199 - - [26/Jan/2022:09:37:45 +0800] "GET /xingrg/all/function/internal_message.html?_=1643161065695&CODE_STATE=getMsg HTTP/1.1" 200 27
120.253.135.82 - - [26/Jan/2022:09:37:47 +0800] "POST /xingrg/kc/base/stock_operate.html HTTP/1.1" 200 1468
116.235.94.49 - - [26/Jan/2022:09:37:48 +0800] "GET /xingrg/kc/buy/cgsh_order_operate.html?command=get_materiel&rest_code=00104&code=00101008098&supplier_code=00100005&order_time=2022-01-26 HTTP/1.1" 200 412
120.253.135.82 - - [26/Jan/2022:09:37:51 +0800] "GET /xingrg/kc/base/stock_detail.html?m=00101020001 HTTP/1.1" 200 6351
114.83.218.93 - - [26/Jan/2022:09:37:51 +0800] "GET /xingrg/kc/buy/cgsh_order_info.html?code=212022012613328 HTTP/1.1" 200 60554
114.95.98.1 - - [26/Jan/2022:09:37:52 +0800] "GET /xingrg/all/function/internal_message.html?_=1643161093907&CODE_STATE=getMsg HTTP/1.1" 200 27
114.83.218.93 - - [26/Jan/2022:09:37:52 +0800] "GET /xingrg/javascript/easyui/themes/default/validatebox.css HTTP/1.1" 404 1104
114.83.218.93 - - [26/Jan/2022:09:37:52 +0800] "POST /xingrg/kc/buy/cgsh_order_operate.html HTTP/1.1" 200 38466
180.169.147.146 - - [26/Jan/2022:09:37:55 +0800] "GET /xingrg/kc/buy/cgsh_order_operate.html?command=get_materiel&rest_code=00147&code=00101021032&supplier_code=00100505&order_time=2022-01-25 HTTP/1.1" 200 400
116.235.94.49 - - [26/Jan/2022:09:37:55 +0800] "GET /xingrg/all/function/internal_message.html?_=1643161218026&CODE_STATE=getMsg HTTP/1.1" 200 27
114.83.218.93 - - [26/Jan/2022:09:37:56 +0800] "GET /xingrg/all/function/internal_message.html?_=1643161076538&CODE_STATE=getMsg HTTP/1.1" 200 27
120.253.135.82 - - [26/Jan/2022:09:37:57 +0800] "GET /xingrg/kc/base/stock_operate.html?_=1643160867320&command=get_report_file&start_day=20220101 HTTP/1.1" 200 53
120.253.135.82 - - [26/Jan/2022:09:37:57 +0800] "GET /xingrg/all/report/report_query.html?isQuery=1&onlyBody=1&rh=2000&fileName=kc/base/kc_stock_detail_new.xml&queryString=(1=1)&queryText=&tableQueryString=init_table$sp1$$sp$crk_table$sp1$order_day%20between%2020220101%20and%2020220131&varString=start_day:20220101,materiel_code:00101020001,cost_id:3319,end_date:20210831 HTTP/1.1" 200 48701
120.253.135.82 - - [26/Jan/2022:09:37:57 +0800] "GET /xingrg/dwr/interface/AjaxReportQueryService.js HTTP/1.1" 200 13203
120.253.135.82 - - [26/Jan/2022:09:37:57 +0800] "GET /xingrg/dwr/engine.js HTTP/1.1" 200 43631
180.169.147.146 - - [26/Jan/2022:09:37:57 +0800] "GET /xingrg/all/function/internal_message.html?_=1643161076656&CODE_STATE=getMsg HTTP/1.1" 200 27
120.253.135.82 - - [26/Jan/2022:09:37:57 +0800] "POST /xingrg/all/report/load_report_page.html HTTP/1.1" 200 64277
120.253.135.82 - - [26/Jan/2022:09:37:57 +0800] "GET /xingrg/servlets/image?cache=0.11652810663017554&image=px HTTP/1.1" 200 807
114.83.218.93 - - [26/Jan/2022:09:37:59 +0800] "GET /xingrg/kc/print/load_config.html?kc_code=cgsh HTTP/1.1" 200 1943
114.83.218.93 - - [26/Jan/2022:09:37:59 +0800] "GET /xingrg/kc/print/load_data.html?order_code=212022012613328&kc_code=cgsh&condition= HTTP/1.1" 200 15071
120.253.135.82 - - [26/Jan/2022:09:38:03 +0800] "GET /xingrg/javascript/jquery_easy_ui/themes/default/images/tabs_active.png HTTP/1.1" 304 -
116.235.94.49 - - [26/Jan/2022:09:38:03 +0800] "GET /xingrg/kc/buy/cgsh_order_operate.html?command=get_materiel&rest_code=00104&code=00101008283&supplier_code=00100005&order_time=2022-01-26 HTTP/1.1" 200 408
222.70.243.96 - - [26/Jan/2022:09:38:04 +0800] "GET /xingrg/all/function/internal_message.html?_=1643161093160&CODE_STATE=getMsg HTTP/1.1" 200 27
180.152.99.39 - - [26/Jan/2022:09:38:04 +0800] "GET /xingrg/all/function/internal_message.html?_=1643161013413&CODE_STATE=getMsg HTTP/1.1" 200 27
180.169.147.146 - - [26/Jan/2022:09:38:05 +0800] "GET /xingrg/kc/buy/cgsh_order_operate.html?command=get_materiel&rest_code=00147&code=00101021031&supplier_code=00100505&order_time=2022-01-25 HTTP/1.1" 200 396
222.70.223.103 - - [26/Jan/2022:09:38:06 +0800] "GET /xingrg/check_reg.html?_=1643161066653 HTTP/1.1" 200 22
222.70.223.103 - - [26/Jan/2022:09:38:06 +0800] "GET /xingrg/all/function/internal_message.html?_=1643161066656&CODE_STATE=getMsg HTTP/1.1" 200 27
180.169.147.146 - - [26/Jan/2022:09:38:11 +0800] "POST /xingrg/kc/buy/cgsh_order_operate.html HTTP/1.1" 200 37
116.228.172.94 - - [26/Jan/2022:09:38:11 +0800] "GET /xingrg/check_reg.html?_=1643161005761 HTTP/1.1" 200 22
116.228.172.94 - - [26/Jan/2022:09:38:11 +0800] "GET /xingrg/all/function/internal_message.html?_=1643161005764&CODE_STATE=getMsg HTTP/1.1" 200 27
222.70.179.207 - - [26/Jan/2022:09:38:12 +0800] "GET /xingrg/all/function/internal_message.html?_=1643161089928&CODE_STATE=getMsg HTTP/1.1" 200 27
180.169.147.146 - - [26/Jan/2022:09:38:13 +0800] "POST /xingrg/kc/buy/cgsh_order_operate.html HTTP/1.1" 200 3251
180.169.147.146 - - [26/Jan/2022:09:38:14 +0800] "GET /xingrg/kc/print/load_data.html?order_code=212022012613342&kc_code=cgsh&condition= HTTP/1.1" 200 907
180.169.147.146 - - [26/Jan/2022:09:38:17 +0800] "GET /xingrg/kc/buy/cgsh_order_add.html HTTP/1.1" 200 65560
180.169.147.146 - - [26/Jan/2022:09:38:17 +0800] "POST /xingrg/kc/buy/cgsh_order_operate.html HTTP/1.1" 200 8245
180.169.147.146 - - [26/Jan/2022:09:38:17 +0800] "GET /xingrg/javascript/easyui/themes/default/validatebox.css HTTP/1.1" 404 1104
116.235.94.49 - - [26/Jan/2022:09:38:20 +0800] "GET /xingrg/kc/buy/cgsh_order_operate.html?command=get_materiel&rest_code=00104&code=00101008036&supplier_code=00100005&order_time=2022-01-26 HTTP/1.1" 200 408
120.253.135.82 - - [26/Jan/2022:09:38:26 +0800] "GET /xingrg/kc/base/stock_detail.html?m=00101020001 HTTP/1.1" 200 6351
120.253.135.82 - - [26/Jan/2022:09:38:28 +0800] "GET /xingrg/kc/base/stock_operate.html?_=1643160898459&command=get_report_file&start_day=20220101 HTTP/1.1" 200 53
120.253.135.82 - - [26/Jan/2022:09:38:28 +0800] "GET /xingrg/all/report/report_query.html?isQuery=1&onlyBody=1&rh=2000&fileName=kc/base/kc_stock_detail_new.xml&queryString=(1=1)&queryText=&tableQueryString=init_table$sp1$$sp$crk_table$sp1$order_day%20between%2020220101%20and%2020220131&varString=start_day:20220101,materiel_code:00101020001,cost_id:3319,end_date:20210831 HTTP/1.1" 200 48701
120.253.135.82 - - [26/Jan/2022:09:38:28 +0800] "GET /xingrg/dwr/interface/AjaxReportQueryService.js HTTP/1.1" 200 13203
114.84.146.162 - - [26/Jan/2022:09:38:28 +0800] "GET /xingrg/all/function/internal_message.html?_=1643160911273&CODE_STATE=getMsg HTTP/1.1" 200 27
120.253.135.82 - - [26/Jan/2022:09:38:28 +0800] "GET /xingrg/dwr/engine.js HTTP/1.1" 200 43631
180.169.147.146 - - [26/Jan/2022:09:38:28 +0800] "GET /xingrg/kc/buy/cgsh_order_operate.html?command=get_materiel&rest_code=00147&code=00102002167&supplier_code=00100494&order_time=2022-01-25 HTTP/1.1" 200 409
120.253.135.82 - - [26/Jan/2022:09:38:28 +0800] "POST /xingrg/all/report/load_report_page.html HTTP/1.1" 200 64223
120.253.135.82 - - [26/Jan/2022:09:38:28 +0800] "GET /xingrg/servlets/image?cache=0.4700194929878867&image=px HTTP/1.1" 200 807
180.152.99.73 - - [26/Jan/2022:09:38:29 +0800] "GET /xingrg/all/function/internal_message.html?_=1643161111607&CODE_STATE=getMsg HTTP/1.1" 200 27
180.169.147.146 - - [26/Jan/2022:09:38:34 +0800] "POST /xingrg/kc/buy/cgsh_order_operate.html HTTP/1.1" 200 37
180.169.147.146 - - [26/Jan/2022:09:38:37 +0800] "POST /xingrg/kc/buy/cgsh_order_operate.html HTTP/1.1" 200 2652
180.169.147.146 - - [26/Jan/2022:09:38:39 +0800] "GET /xingrg/kc/print/load_data.html?order_code=212022012613343&kc_code=cgsh&condition= HTTP/1.1" 200 658
116.235.94.49 - - [26/Jan/2022:09:38:41 +0800] "GET /xingrg/kc/buy/cgsh_order_operate.html?command=get_materiel&rest_code=00104&code=00101008350&supplier_code=00100005&order_time=2022-01-26 HTTP/1.1" 200 408
180.169.147.146 - - [26/Jan/2022:09:38:42 +0800] "GET /xingrg/kc/buy/cgsh_order_add.html HTTP/1.1" 200 65560
180.169.147.146 - - [26/Jan/2022:09:38:42 +0800] "POST /xingrg/kc/buy/cgsh_order_operate.html HTTP/1.1" 200 8245
180.169.147.146 - - [26/Jan/2022:09:38:42 +0800] "GET /xingrg/javascript/easyui/themes/default/validatebox.css HTTP/1.1" 404 1104
58.39.168.32 - - [26/Jan/2022:09:38:44 +0800] "GET /xingrg/all/function/internal_message.html?_=1643161124666&CODE_STATE=getMsg HTTP/1.1" 200 27
120.253.135.82 - - [26/Jan/2022:09:38:44 +0800] "GET /xingrg/kc/guide/show_order.html?code=312022012000689&type=31 HTTP/1.1" 302 -
120.253.135.82 - - [26/Jan/2022:09:38:44 +0800] "GET /xingrg/kc/pszx/mdps_order_info.html?code=312022012000689&sysBaseUrl=http%3A%2F%2F180.169.147.146%3A18081%2Fxingrg%2F&costTime=1×tamp=1643161124728 HTTP/1.1" 200 19589
120.253.135.82 - - [26/Jan/2022:09:38:45 +0800] "GET /favicon.ico HTTP/1.1" 404 -
120.253.135.82 - - [26/Jan/2022:09:38:45 +0800] "GET /xingrg/javascript/easyui/themes/default/validatebox.css HTTP/1.1" 404 1104
120.253.135.82 - - [26/Jan/2022:09:38:45 +0800] "GET /xingrg/kc/guide/show_order.html?code=312022012000689&type=31 HTTP/1.1" 302 -
120.253.135.82 - - [26/Jan/2022:09:38:45 +0800] "POST /xingrg/kc/pszx/mdps_order_operate.html HTTP/1.1" 200 2928
120.253.135.82 - - [26/Jan/2022:09:38:45 +0800] "GET /xingrg/kc/pszx/mdps_order_info.html?code=312022012000689&sysBaseUrl=http%3A%2F%2F180.169.147.146%3A18081%2Fxingrg%2F&costTime=1×tamp=1643161125431 HTTP/1.1" 200 19589
101.80.229.199 - - [26/Jan/2022:09:38:45 +0800] "GET /xingrg/all/function/internal_message.html?_=1643161125697&CODE_STATE=getMsg HTTP/1.1" 200 27
120.253.135.82 - - [26/Jan/2022:09:38:45 +0800] "GET /favicon.ico HTTP/1.1" 404 -
120.253.135.82 - - [26/Jan/2022:09:38:46 +0800] "GET /xingrg/javascript/easyui/themes/default/validatebox.css HTTP/1.1" 404 1104
120.253.135.82 - - [26/Jan/2022:09:38:46 +0800] "POST /xingrg/kc/pszx/mdps_order_operate.html HTTP/1.1" 200 2928
114.83.218.93 - - [26/Jan/2022:09:38:48 +0800] "GET /xingrg/kc/buy/cgsh_order_add.html HTTP/1.1" 200 65651
114.83.218.93 - - [26/Jan/2022:09:38:48 +0800] "GET /xingrg/javascript/easyui/themes/default/validatebox.css HTTP/1.1" 404 1104
114.83.218.93 - - [26/Jan/2022:09:38:48 +0800] "POST /xingrg/kc/buy/cgsh_order_operate.html HTTP/1.1" 200 8245
114.95.98.1 - - [26/Jan/2022:09:38:52 +0800] "GET /xingrg/all/function/internal_message.html?_=1643161153920&CODE_STATE=getMsg HTTP/1.1" 200 27
116.235.94.49 - - [26/Jan/2022:09:38:54 +0800] "GET /xingrg/kc/buy/cgsh_order_operate.html?command=get_materiel&rest_code=00104&code=00101009062&supplier_code=00100005&order_time=2022-01-26 HTTP/1.1" 200 412
116.235.94.49 - - [26/Jan/2022:09:38:55 +0800] "GET /xingrg/all/function/internal_message.html?_=1643161277995&CODE_STATE=getMsg HTTP/1.1" 200 27
180.169.147.146 - - [26/Jan/2022:09:38:56 +0800] "GET /xingrg/kc/buy/cgsh_order_operate.html?command=get_materiel&rest_code=00147&code=00101001051&supplier_code=00100491&order_time=2022-01-26 HTTP/1.1" 200 424
114.83.218.93 - - [26/Jan/2022:09:38:56 +0800] "GET /xingrg/all/function/internal_message.html?_=1643161136518&CODE_STATE=getMsg HTTP/1.1" 200 27
180.169.147.146 - - [26/Jan/2022:09:38:57 +0800] "GET /xingrg/all/function/internal_message.html?_=1643161136639&CODE_STATE=getMsg HTTP/1.1" 200 27
180.152.99.39 - - [26/Jan/2022:09:39:04 +0800] "GET /xingrg/check_reg.html?_=1643161073135 HTTP/1.1" 200 22
222.70.243.96 - - [26/Jan/2022:09:39:04 +0800] "GET /xingrg/all/function/internal_message.html?_=1643161153233&CODE_STATE=getMsg HTTP/1.1" 200 27
180.152.99.39 - - [26/Jan/2022:09:39:04 +0800] "GET /xingrg/all/function/internal_message.html?_=1643161073443&CODE_STATE=getMsg HTTP/1.1" 200 27
222.70.179.207 - - [26/Jan/2022:09:39:05 +0800] "GET /xingrg/kc/buy/buy_main.html HTTP/1.1" 200 12412
222.70.179.207 - - [26/Jan/2022:09:39:05 +0800] "GET /xingrg/css/new_ie.css HTTP/1.1" 404 1036
222.70.179.207 - - [26/Jan/2022:09:39:06 +0800] "GET /xingrg/images/yd/bt.gif HTTP/1.1" 404 1040
222.70.223.103 - - [26/Jan/2022:09:39:06 +0800] "GET /xingrg/all/function/internal_message.html?_=1643161126655&CODE_STATE=getMsg HTTP/1.1" 200 27
222.70.179.207 - - [26/Jan/2022:09:39:06 +0800] "GET /xingrg/kc/buy/cgsh_order_list.html HTTP/1.1" 200 49782
180.169.147.146 - - [26/Jan/2022:09:39:09 +0800] "POST /xingrg/kc/buy/cgsh_order_operate.html HTTP/1.1" 200 37
222.70.179.207 - - [26/Jan/2022:09:39:10 +0800] "POST /xingrg/kc/buy/cgsh_list_operate.html HTTP/1.1" 200 876
116.228.172.94 - - [26/Jan/2022:09:39:11 +0800] "GET /xingrg/all/function/internal_message.html?_=1643161065765&CODE_STATE=getMsg HTTP/1.1" 200 27
222.70.179.207 - - [26/Jan/2022:09:39:12 +0800] "GET /xingrg/all/function/internal_message.html?_=1643161149926&CODE_STATE=getMsg HTTP/1.1" 200 27
222.70.179.207 - - [26/Jan/2022:09:39:12 +0800] "GET /xingrg/kc/buy/cgsh_order_add.html HTTP/1.1" 200 65513
222.70.179.207 - - [26/Jan/2022:09:39:12 +0800] "GET /xingrg/words/20220125184438_words.js HTTP/1.1" 304 -
180.169.147.146 - - [26/Jan/2022:09:39:12 +0800] "POST /xingrg/kc/buy/cgsh_order_operate.html HTTP/1.1" 200 2671
222.70.179.207 - - [26/Jan/2022:09:39:12 +0800] "POST /xingrg/kc/buy/cgsh_order_operate.html HTTP/1.1" 200 8245
222.70.179.207 - - [26/Jan/2022:09:39:12 +0800] "GET /xingrg/all/common/auto_word.html?type=employee&rest_code=00111 HTTP/1.1" 200 155
222.70.179.207 - - [26/Jan/2022:09:39:12 +0800] "GET /xingrg/javascript/easyui/themes/default/validatebox.css HTTP/1.1" 404 1104
222.70.179.207 - - [26/Jan/2022:09:39:12 +0800] "GET /xingrg/all/common/auto_word.html?type=employee&rest_code=00111 HTTP/1.1" 200 155
180.169.147.146 - - [26/Jan/2022:09:39:14 +0800] "GET /xingrg/kc/print/load_data.html?order_code=212022012613344&kc_code=cgsh&condition= HTTP/1.1" 200 685
180.169.147.146 - - [26/Jan/2022:09:39:16 +0800] "GET /xingrg/kc/buy/cgsh_order_add.html HTTP/1.1" 200 65560
180.169.147.146 - - [26/Jan/2022:09:39:17 +0800] "POST /xingrg/kc/buy/cgsh_order_operate.html HTTP/1.1" 200 8245
180.169.147.146 - - [26/Jan/2022:09:39:17 +0800] "GET /xingrg/javascript/easyui/themes/default/validatebox.css HTTP/1.1" 404 1104
222.70.179.207 - - [26/Jan/2022:09:39:21 +0800] "GET /xingrg/javascript/auto/indicator.gif HTTP/1.1" 404 1066
222.70.179.207 - - [26/Jan/2022:09:39:23 +0800] "GET /xingrg/javascript/jquery_tools/images/next.gif HTTP/1.1" 404 1086
222.70.179.207 - - [26/Jan/2022:09:39:23 +0800] "GET /xingrg/javascript/jquery_tools/images/prev.gif HTTP/1.1" 404 1086
114.84.146.162 - - [26/Jan/2022:09:39:28 +0800] "GET /xingrg/all/function/internal_message.html?_=1643160971247&CODE_STATE=getMsg HTTP/1.1" 200 27
180.152.99.73 - - [26/Jan/2022:09:39:29 +0800] "GET /xingrg/all/function/internal_message.html?_=1643161171608&CODE_STATE=getMsg HTTP/1.1" 200 27
116.235.94.49 - - [26/Jan/2022:09:39:30 +0800] "POST /xingrg/kc/buy/cgsh_order_operate.html HTTP/1.1" 200 2065
180.169.147.146 - - [26/Jan/2022:09:39:32 +0800] "GET /xingrg/kc/buy/cgsh_order_operate.html?command=get_materiel&rest_code=00147&code=00101006157&supplier_code=00100442&order_time=2022-01-26 HTTP/1.1" 200 417
222.70.179.207 - - [26/Jan/2022:09:39:34 +0800] "GET /xingrg/kc/buy/cgsh_order_operate.html?command=get_materiel&rest_code=00111&code=00101006111&supplier_code=00100012&order_time=2022-01-26 HTTP/1.1" 200 411
116.235.94.49 - - [26/Jan/2022:09:39:38 +0800] "GET /xingrg/kc/buy/cgsh_order_operate.html?command=get_materiel&rest_code=00104&code=00101008230&supplier_code=00100005&order_time=2022-01-26 HTTP/1.1" 200 408
120.253.135.82 - - [26/Jan/2022:09:39:41 +0800] "GET /xingrg/kc/guide/show_order.html?code=312022012000699&type=31 HTTP/1.1" 302 -
120.253.135.82 - - [26/Jan/2022:09:39:42 +0800] "GET /xingrg/kc/pszx/mdps_order_info.html?code=312022012000699&sysBaseUrl=http%3A%2F%2F180.169.147.146%3A18081%2Fxingrg%2F&costTime=1×tamp=1643161181922 HTTP/1.1" 200 19591
120.253.135.82 - - [26/Jan/2022:09:39:42 +0800] "GET /favicon.ico HTTP/1.1" 404 -
120.253.135.82 - - [26/Jan/2022:09:39:42 +0800] "POST /xingrg/kc/pszx/mdps_order_operate.html HTTP/1.1" 200 2929
120.253.135.82 - - [26/Jan/2022:09:39:42 +0800] "GET /xingrg/javascript/easyui/themes/default/validatebox.css HTTP/1.1" 404 1104
58.39.168.32 - - [26/Jan/2022:09:39:44 +0800] "GET /xingrg/all/function/internal_message.html?_=1643161184666&CODE_STATE=getMsg HTTP/1.1" 200 27
58.39.168.32 - - [26/Jan/2022:09:39:44 +0800] "GET /xingrg/check_reg.html?_=1643161184685 HTTP/1.1" 200 22
101.80.229.199 - - [26/Jan/2022:09:39:45 +0800] "GET /xingrg/all/function/internal_message.html?_=1643161185703&CODE_STATE=getMsg HTTP/1.1" 200 27
101.80.229.199 - - [26/Jan/2022:09:39:45 +0800] "GET /xingrg/check_reg.html?_=1643161185707 HTTP/1.1" 200 22
180.169.147.146 - - [26/Jan/2022:09:39:48 +0800] "GET /xingrg/kc/buy/cgsh_order_operate.html?command=get_materiel&rest_code=00147&code=00101006268&supplier_code=00100442&order_time=2022-01-26 HTTP/1.1" 200 397
222.70.179.207 - - [26/Jan/2022:09:39:51 +0800] "GET /xingrg/kc/buy/cgsh_order_operate.html?command=get_materiel&rest_code=00111&code=00101006109&supplier_code=00100012&order_time=2022-01-26 HTTP/1.1" 200 409
114.95.98.1 - - [26/Jan/2022:09:39:51 +0800] "GET /xingrg/check_reg.html?_=1643161213852 HTTP/1.1" 200 22
114.95.98.1 - - [26/Jan/2022:09:39:52 +0800] "GET /xingrg/all/function/internal_message.html?_=1643161213934&CODE_STATE=getMsg HTTP/1.1" 200 27
116.235.94.49 - - [26/Jan/2022:09:39:55 +0800] "GET /xingrg/check_reg.html?_=1643161338000 HTTP/1.1" 200 22
