222.70.243.96 - - [26/Jan/2022:07:13:06 +0800] "GET /xingrg/javascript/jquery_tools/table.css HTTP/1.1" 304 -
222.70.243.96 - - [26/Jan/2022:07:13:06 +0800] "GET /xingrg/javascript/jquery_tools/jquery.tools.hotkey.js HTTP/1.1" 304 -
222.70.243.96 - - [26/Jan/2022:07:13:06 +0800] "GET /xingrg/kc/mdqp/pssh_order_list.html HTTP/1.1" 200 17737
222.70.243.96 - - [26/Jan/2022:07:13:06 +0800] "GET /xingrg/javascript/jquery_tools/jquery.tools.min.js HTTP/1.1" 304 -
222.70.243.96 - - [26/Jan/2022:07:13:06 +0800] "GET /xingrg/javascript/jquery_tools/jquery.tools.table.js HTTP/1.1" 304 -
222.70.243.96 - - [26/Jan/2022:07:13:06 +0800] "GET /xingrg/javascript/jquery.utils.js HTTP/1.1" 304 -
222.70.243.96 - - [26/Jan/2022:07:13:06 +0800] "GET /xingrg/javascript/auto/jquery.autocomplete.js HTTP/1.1" 304 -
222.70.243.96 - - [26/Jan/2022:07:13:06 +0800] "GET /xingrg/javascript/jquery_tools/list_manager.js HTTP/1.1" 304 -
222.70.243.96 - - [26/Jan/2022:07:13:06 +0800] "GET /xingrg/javascript/jquery.cookie.js HTTP/1.1" 304 -
222.70.243.96 - - [26/Jan/2022:07:13:06 +0800] "GET /xingrg/javascript/easyui/easyloader.js HTTP/1.1" 304 -
222.70.243.96 - - [26/Jan/2022:07:13:06 +0800] "GET /xingrg/javascript/easyui/plugins/jquery.parser.js HTTP/1.1" 304 -
222.70.243.96 - - [26/Jan/2022:07:13:06 +0800] "GET /xingrg/images/control/ajaxLoader.gif HTTP/1.1" 304 -
222.70.243.96 - - [26/Jan/2022:07:13:07 +0800] "POST /xingrg/kc/mdqp/pssh_list_operate.html HTTP/1.1" 200 5456
120.253.135.82 - - [26/Jan/2022:07:13:07 +0800] "GET /xingrg/all/function/internal_message.html?_=1643152516975&CODE_STATE=getMsg HTTP/1.1" 200 27
222.70.243.96 - - [26/Jan/2022:07:13:11 +0800] "POST /xingrg/kc/mdqp/pssh_list_operate.html HTTP/1.1" 200 256
222.70.243.96 - - [26/Jan/2022:07:13:17 +0800] "POST /xingrg/kc/mdqp/pssh_list_operate.html HTTP/1.1" 200 271
222.70.243.96 - - [26/Jan/2022:07:13:19 +0800] "GET /xingrg/all/function/internal_message.html?_=1643152407039&CODE_STATE=getMsg HTTP/1.1" 200 27
120.253.135.82 - - [26/Jan/2022:07:13:20 +0800] "GET /xingrg/all/function/internal_message.html?_=1643152190759&CODE_STATE=getMsg HTTP/1.1" 200 27
222.70.223.103 - - [26/Jan/2022:07:13:21 +0800] "GET /xingrg/all/function/internal_message.html?_=1643152382363&CODE_STATE=getMsg HTTP/1.1" 200 27
222.70.223.103 - - [26/Jan/2022:07:13:21 +0800] "GET /xingrg/check_reg.html?_=1643152382370 HTTP/1.1" 200 22
222.70.243.96 - - [26/Jan/2022:07:13:23 +0800] "POST /xingrg/kc/mdqp/pssh_list_operate.html HTTP/1.1" 200 757
180.152.99.73 - - [26/Jan/2022:07:13:29 +0800] "GET /xingrg/all/function/internal_message.html?_=1643152411746&CODE_STATE=getMsg HTTP/1.1" 200 27
180.152.99.73 - - [26/Jan/2022:07:13:29 +0800] "GET /xingrg/check_reg.html?_=1643152411749 HTTP/1.1" 200 22
114.84.146.162 - - [26/Jan/2022:07:13:31 +0800] "GET /xingrg/all/function/internal_message.html?_=1643152214479&CODE_STATE=getMsg HTTP/1.1" 200 27
222.70.179.207 - - [26/Jan/2022:07:13:32 +0800] "GET /xingrg/all/function/internal_message.html?_=1643152410094&CODE_STATE=getMsg HTTP/1.1" 200 27
101.80.229.199 - - [26/Jan/2022:07:13:45 +0800] "GET /xingrg/all/function/internal_message.html?_=1643152425700&CODE_STATE=getMsg HTTP/1.1" 200 27
120.253.135.82 - - [26/Jan/2022:07:14:07 +0800] "GET /xingrg/check_reg.html?_=1643152576757 HTTP/1.1" 200 22
120.253.135.82 - - [26/Jan/2022:07:14:07 +0800] "GET /xingrg/all/function/internal_message.html?_=1643152576989&CODE_STATE=getMsg HTTP/1.1" 200 27
222.70.243.96 - - [26/Jan/2022:07:14:19 +0800] "GET /xingrg/all/function/internal_message.html?_=1643152467093&CODE_STATE=getMsg HTTP/1.1" 200 27
120.253.135.82 - - [26/Jan/2022:07:14:20 +0800] "GET /xingrg/all/function/internal_message.html?_=1643152250769&CODE_STATE=getMsg HTTP/1.1" 200 27
222.70.223.103 - - [26/Jan/2022:07:14:21 +0800] "GET /xingrg/all/function/internal_message.html?_=1643152442372&CODE_STATE=getMsg HTTP/1.1" 200 27
180.152.99.73 - - [26/Jan/2022:07:14:29 +0800] "GET /xingrg/all/function/internal_message.html?_=1643152471750&CODE_STATE=getMsg HTTP/1.1" 200 27
114.84.146.162 - - [26/Jan/2022:07:14:31 +0800] "GET /xingrg/all/function/internal_message.html?_=1643152274460&CODE_STATE=getMsg HTTP/1.1" 200 27
222.70.179.207 - - [26/Jan/2022:07:14:32 +0800] "GET /xingrg/all/function/internal_message.html?_=1643152470095&CODE_STATE=getMsg HTTP/1.1" 200 27
222.70.179.207 - - [26/Jan/2022:07:14:32 +0800] "GET /xingrg/check_reg.html?_=1643152470097 HTTP/1.1" 200 22
101.80.229.199 - - [26/Jan/2022:07:14:45 +0800] "GET /xingrg/all/function/internal_message.html?_=1643152485706&CODE_STATE=getMsg HTTP/1.1" 200 27
101.80.229.199 - - [26/Jan/2022:07:14:45 +0800] "GET /xingrg/check_reg.html?_=1643152485707 HTTP/1.1" 200 22
120.253.135.82 - - [26/Jan/2022:07:15:07 +0800] "GET /xingrg/all/function/internal_message.html?_=1643152637004&CODE_STATE=getMsg HTTP/1.1" 200 27
222.70.243.96 - - [26/Jan/2022:07:15:19 +0800] "GET /xingrg/all/function/internal_message.html?_=1643152527097&CODE_STATE=getMsg HTTP/1.1" 200 27
120.253.135.82 - - [26/Jan/2022:07:15:20 +0800] "GET /xingrg/all/function/internal_message.html?_=1643152310860&CODE_STATE=getMsg HTTP/1.1" 200 27
222.70.223.103 - - [26/Jan/2022:07:15:21 +0800] "GET /xingrg/all/function/internal_message.html?_=1643152502372&CODE_STATE=getMsg HTTP/1.1" 200 27
180.152.99.73 - - [26/Jan/2022:07:15:29 +0800] "GET /xingrg/all/function/internal_message.html?_=1643152531754&CODE_STATE=getMsg HTTP/1.1" 200 27
114.84.146.162 - - [26/Jan/2022:07:15:31 +0800] "GET /xingrg/all/function/internal_message.html?_=1643152334468&CODE_STATE=getMsg HTTP/1.1" 200 27
222.70.179.207 - - [26/Jan/2022:07:15:32 +0800] "GET /xingrg/all/function/internal_message.html?_=1643152530099&CODE_STATE=getMsg HTTP/1.1" 200 27
101.80.229.199 - - [26/Jan/2022:07:15:45 +0800] "GET /xingrg/all/function/internal_message.html?_=1643152545707&CODE_STATE=getMsg HTTP/1.1" 200 27
114.84.146.162 - - [26/Jan/2022:07:16:03 +0800] "GET /xingrg/check_reg.html?_=1643152366056 HTTP/1.1" 200 22
120.253.135.82 - - [26/Jan/2022:07:16:07 +0800] "GET /xingrg/all/function/internal_message.html?_=1643152697018&CODE_STATE=getMsg HTTP/1.1" 200 27
120.253.135.82 - - [26/Jan/2022:07:16:17 +0800] "GET /xingrg/check_reg.html?_=1643152367645 HTTP/1.1" 200 22
222.70.243.96 - - [26/Jan/2022:07:16:19 +0800] "GET /xingrg/all/function/internal_message.html?_=1643152587157&CODE_STATE=getMsg HTTP/1.1" 200 27
120.253.135.82 - - [26/Jan/2022:07:16:20 +0800] "GET /xingrg/all/function/internal_message.html?_=1643152370874&CODE_STATE=getMsg HTTP/1.1" 200 27
222.70.223.103 - - [26/Jan/2022:07:16:21 +0800] "GET /xingrg/all/function/internal_message.html?_=1643152562375&CODE_STATE=getMsg HTTP/1.1" 200 27
180.152.99.73 - - [26/Jan/2022:07:16:29 +0800] "GET /xingrg/all/function/internal_message.html?_=1643152591764&CODE_STATE=getMsg HTTP/1.1" 200 27
114.84.146.162 - - [26/Jan/2022:07:16:31 +0800] "GET /xingrg/all/function/internal_message.html?_=1643152394435&CODE_STATE=getMsg HTTP/1.1" 200 27
222.70.179.207 - - [26/Jan/2022:07:16:32 +0800] "GET /xingrg/all/function/internal_message.html?_=1643152590126&CODE_STATE=getMsg HTTP/1.1" 200 27
222.70.243.96 - - [26/Jan/2022:07:16:36 +0800] "GET /xingrg/check_reg.html?_=1643152604663 HTTP/1.1" 200 22
101.80.229.199 - - [26/Jan/2022:07:16:45 +0800] "GET /xingrg/all/function/internal_message.html?_=1643152605694&CODE_STATE=getMsg HTTP/1.1" 200 27
120.253.135.82 - - [26/Jan/2022:07:17:07 +0800] "GET /xingrg/all/function/internal_message.html?_=1643152757545&CODE_STATE=getMsg HTTP/1.1" 200 27
222.70.243.96 - - [26/Jan/2022:07:17:19 +0800] "GET /xingrg/all/function/internal_message.html?_=1643152647171&CODE_STATE=getMsg HTTP/1.1" 200 27
120.253.135.82 - - [26/Jan/2022:07:17:20 +0800] "GET /xingrg/all/function/internal_message.html?_=1643152430951&CODE_STATE=getMsg HTTP/1.1" 200 27
222.70.223.103 - - [26/Jan/2022:07:17:21 +0800] "GET /xingrg/all/function/internal_message.html?_=1643152622375&CODE_STATE=getMsg HTTP/1.1" 200 27
180.152.99.73 - - [26/Jan/2022:07:17:29 +0800] "GET /xingrg/all/function/internal_message.html?_=1643152651764&CODE_STATE=getMsg HTTP/1.1" 200 27
114.84.146.162 - - [26/Jan/2022:07:17:31 +0800] "GET /xingrg/all/function/internal_message.html?_=1643152454409&CODE_STATE=getMsg HTTP/1.1" 200 27
222.70.179.207 - - [26/Jan/2022:07:17:32 +0800] "GET /xingrg/all/function/internal_message.html?_=1643152650114&CODE_STATE=getMsg HTTP/1.1" 200 27
120.253.135.82 - - [26/Jan/2022:07:17:43 +0800] "GET /xingrg/kc/pszx/mdps_order_operate.html?command=get_materiel&pszx_code=00101&rest_code=00105&base_code=0010246&code=00101019347 HTTP/1.1" 200 439
101.80.229.199 - - [26/Jan/2022:07:17:45 +0800] "GET /xingrg/all/function/internal_message.html?_=1643152665699&CODE_STATE=getMsg HTTP/1.1" 200 27
120.253.135.82 - - [26/Jan/2022:07:17:53 +0800] "POST /xingrg/kc/pszx/mdps_order_operate.html HTTP/1.1" 200 37
120.253.135.82 - - [26/Jan/2022:07:17:54 +0800] "GET /xingrg/kc/pszx/mdps_order_info.html?code=312022012600868 HTTP/1.1" 200 23925
120.253.135.82 - - [26/Jan/2022:07:17:55 +0800] "GET /xingrg/javascript/easyui/themes/default/validatebox.css HTTP/1.1" 404 1104
120.253.135.82 - - [26/Jan/2022:07:17:55 +0800] "POST /xingrg/kc/pszx/mdps_order_operate.html HTTP/1.1" 200 25319
120.253.135.82 - - [26/Jan/2022:07:18:07 +0800] "GET /xingrg/all/function/internal_message.html?_=1643152817559&CODE_STATE=getMsg HTTP/1.1" 200 27
222.70.243.96 - - [26/Jan/2022:07:18:19 +0800] "GET /xingrg/all/function/internal_message.html?_=1643152707185&CODE_STATE=getMsg HTTP/1.1" 200 27
120.253.135.82 - - [26/Jan/2022:07:18:20 +0800] "GET /xingrg/all/function/internal_message.html?_=1643152491041&CODE_STATE=getMsg HTTP/1.1" 200 27
222.70.223.103 - - [26/Jan/2022:07:18:21 +0800] "GET /xingrg/check_reg.html?_=1643152682370 HTTP/1.1" 200 22
222.70.223.103 - - [26/Jan/2022:07:18:21 +0800] "GET /xingrg/all/function/internal_message.html?_=1643152682374&CODE_STATE=getMsg HTTP/1.1" 200 27
180.152.99.73 - - [26/Jan/2022:07:18:29 +0800] "GET /xingrg/check_reg.html?_=1643152711775 HTTP/1.1" 200 22
180.152.99.73 - - [26/Jan/2022:07:18:29 +0800] "GET /xingrg/all/function/internal_message.html?_=1643152711779&CODE_STATE=getMsg HTTP/1.1" 200 27
114.84.146.162 - - [26/Jan/2022:07:18:31 +0800] "GET /xingrg/all/function/internal_message.html?_=1643152514381&CODE_STATE=getMsg HTTP/1.1" 200 27
222.70.179.207 - - [26/Jan/2022:07:18:32 +0800] "GET /xingrg/all/function/internal_message.html?_=1643152710115&CODE_STATE=getMsg HTTP/1.1" 200 27
120.253.135.82 - - [26/Jan/2022:07:18:40 +0800] "POST /xingrg/kc/pszx/mdps_list_operate.html HTTP/1.1" 200 5139
120.253.135.82 - - [26/Jan/2022:07:18:43 +0800] "POST /xingrg/kc/pszx/mdps_list_operate.html HTTP/1.1" 200 601
120.253.135.82 - - [26/Jan/2022:07:18:45 +0800] "POST /xingrg/kc/pszx/mdps_list_operate.html HTTP/1.1" 200 203
101.80.229.199 - - [26/Jan/2022:07:18:45 +0800] "GET /xingrg/all/function/internal_message.html?_=1643152725703&CODE_STATE=getMsg HTTP/1.1" 200 27
120.253.135.82 - - [26/Jan/2022:07:18:47 +0800] "POST /xingrg/kc/pszx/mdps_list_operate.html HTTP/1.1" 200 634
120.253.135.82 - - [26/Jan/2022:07:18:48 +0800] "GET /xingrg/kc/pszx/mdps_order_info.html?code=312022012500830 HTTP/1.1" 200 23925
120.253.135.82 - - [26/Jan/2022:07:18:49 +0800] "GET /xingrg/javascript/easyui/themes/default/validatebox.css HTTP/1.1" 404 1104
120.253.135.82 - - [26/Jan/2022:07:18:49 +0800] "POST /xingrg/kc/pszx/mdps_order_operate.html HTTP/1.1" 200 13998
120.253.135.82 - - [26/Jan/2022:07:19:07 +0800] "GET /xingrg/check_reg.html?_=1643152877269 HTTP/1.1" 200 22
120.253.135.82 - - [26/Jan/2022:07:19:07 +0800] "GET /xingrg/all/function/internal_message.html?_=1643152877572&CODE_STATE=getMsg HTTP/1.1" 200 27
222.70.243.96 - - [26/Jan/2022:07:19:19 +0800] "GET /xingrg/all/function/internal_message.html?_=1643152767244&CODE_STATE=getMsg HTTP/1.1" 200 27
120.253.135.82 - - [26/Jan/2022:07:19:20 +0800] "GET /xingrg/all/function/internal_message.html?_=1643152551056&CODE_STATE=getMsg HTTP/1.1" 200 27
222.70.223.103 - - [26/Jan/2022:07:19:21 +0800] "GET /xingrg/all/function/internal_message.html?_=1643152742363&CODE_STATE=getMsg HTTP/1.1" 200 27
180.152.99.73 - - [26/Jan/2022:07:19:29 +0800] "GET /xingrg/all/function/internal_message.html?_=1643152771764&CODE_STATE=getMsg HTTP/1.1" 200 27
114.84.146.162 - - [26/Jan/2022:07:19:31 +0800] "GET /xingrg/all/function/internal_message.html?_=1643152574352&CODE_STATE=getMsg HTTP/1.1" 200 27
222.70.179.207 - - [26/Jan/2022:07:19:32 +0800] "GET /xingrg/check_reg.html?_=1643152770119 HTTP/1.1" 200 22
222.70.179.207 - - [26/Jan/2022:07:19:32 +0800] "GET /xingrg/all/function/internal_message.html?_=1643152770115&CODE_STATE=getMsg HTTP/1.1" 200 27
101.80.226.190 - - [26/Jan/2022:07:19:36 +0800] "POST /xingrg/services/DataTransmitService HTTP/1.1" 200 524
101.80.229.199 - - [26/Jan/2022:07:19:45 +0800] "GET /xingrg/all/function/internal_message.html?_=1643152785691&CODE_STATE=getMsg HTTP/1.1" 200 27
101.80.229.199 - - [26/Jan/2022:07:19:45 +0800] "GET /xingrg/check_reg.html?_=1643152785693 HTTP/1.1" 200 22
120.253.135.82 - - [26/Jan/2022:07:20:07 +0800] "GET /xingrg/all/function/internal_message.html?_=1643152937586&CODE_STATE=getMsg HTTP/1.1" 200 27
120.253.135.82 - - [26/Jan/2022:07:20:12 +0800] "POST /xingrg/kc/pszx/mdps_list_operate.html HTTP/1.1" 200 5139
222.70.243.96 - - [26/Jan/2022:07:20:19 +0800] "GET /xingrg/all/function/internal_message.html?_=1643152827258&CODE_STATE=getMsg HTTP/1.1" 200 27
120.253.135.82 - - [26/Jan/2022:07:20:20 +0800] "GET /xingrg/all/function/internal_message.html?_=1643152611068&CODE_STATE=getMsg HTTP/1.1" 200 27
222.70.223.103 - - [26/Jan/2022:07:20:21 +0800] "GET /xingrg/all/function/internal_message.html?_=1643152802380&CODE_STATE=getMsg HTTP/1.1" 200 27
120.253.135.82 - - [26/Jan/2022:07:20:22 +0800] "POST /xingrg/kc/pszx/mdps_list_operate.html HTTP/1.1" 200 3862
120.253.135.82 - - [26/Jan/2022:07:20:24 +0800] "POST /xingrg/kc/pszx/mdps_list_operate.html HTTP/1.1" 200 626
120.253.135.82 - - [26/Jan/2022:07:20:25 +0800] "GET /xingrg/kc/pszx/mdps_order_info.html?code=312022012600868 HTTP/1.1" 200 23925
120.253.135.82 - - [26/Jan/2022:07:20:25 +0800] "POST /xingrg/kc/pszx/mdps_order_operate.html HTTP/1.1" 200 25319
120.253.135.82 - - [26/Jan/2022:07:20:26 +0800] "GET /xingrg/javascript/easyui/themes/default/validatebox.css HTTP/1.1" 404 1104
180.152.99.73 - - [26/Jan/2022:07:20:29 +0800] "GET /xingrg/all/function/internal_message.html?_=1643152831762&CODE_STATE=getMsg HTTP/1.1" 200 27
114.84.146.162 - - [26/Jan/2022:07:20:31 +0800] "GET /xingrg/all/function/internal_message.html?_=1643152634321&CODE_STATE=getMsg HTTP/1.1" 200 27
222.70.179.207 - - [26/Jan/2022:07:20:32 +0800] "GET /xingrg/all/function/internal_message.html?_=1643152830119&CODE_STATE=getMsg HTTP/1.1" 200 27
101.80.229.199 - - [26/Jan/2022:07:20:45 +0800] "GET /xingrg/all/function/internal_message.html?_=1643152845695&CODE_STATE=getMsg HTTP/1.1" 200 27
114.84.146.162 - - [26/Jan/2022:07:21:03 +0800] "GET /xingrg/check_reg.html?_=1643152666050 HTTP/1.1" 200 22
114.83.218.93 - - [26/Jan/2022:07:21:04 +0800] "POST /xingrg/services/DataTransmitService HTTP/1.1" 200 524
120.253.135.82 - - [26/Jan/2022:07:21:07 +0800] "GET /xingrg/all/function/internal_message.html?_=1643152997599&CODE_STATE=getMsg HTTP/1.1" 200 27
120.253.135.82 - - [26/Jan/2022:07:21:17 +0800] "GET /xingrg/check_reg.html?_=1643152667731 HTTP/1.1" 200 22
222.70.243.96 - - [26/Jan/2022:07:21:19 +0800] "GET /xingrg/all/function/internal_message.html?_=1643152887315&CODE_STATE=getMsg HTTP/1.1" 200 27
120.253.135.82 - - [26/Jan/2022:07:21:20 +0800] "GET /xingrg/all/function/internal_message.html?_=1643152671083&CODE_STATE=getMsg HTTP/1.1" 200 27
222.70.223.103 - - [26/Jan/2022:07:21:21 +0800] "GET /xingrg/all/function/internal_message.html?_=1643152862374&CODE_STATE=getMsg HTTP/1.1" 200 27
180.152.99.73 - - [26/Jan/2022:07:21:29 +0800] "GET /xingrg/all/function/internal_message.html?_=1643152891763&CODE_STATE=getMsg HTTP/1.1" 200 27
114.84.146.162 - - [26/Jan/2022:07:21:31 +0800] "GET /xingrg/all/function/internal_message.html?_=1643152694297&CODE_STATE=getMsg HTTP/1.1" 200 27
222.70.179.207 - - [26/Jan/2022:07:21:32 +0800] "GET /xingrg/all/function/internal_message.html?_=1643152890118&CODE_STATE=getMsg HTTP/1.1" 200 27
222.70.243.96 - - [26/Jan/2022:07:21:36 +0800] "GET /xingrg/check_reg.html?_=1643152904667 HTTP/1.1" 200 22
101.80.229.199 - - [26/Jan/2022:07:21:45 +0800] "GET /xingrg/all/function/internal_message.html?_=1643152905698&CODE_STATE=getMsg HTTP/1.1" 200 27
120.253.135.82 - - [26/Jan/2022:07:22:08 +0800] "GET /xingrg/all/function/internal_message.html?_=1643153058108&CODE_STATE=getMsg HTTP/1.1" 200 27
222.70.243.96 - - [26/Jan/2022:07:22:19 +0800] "GET /xingrg/all/function/internal_message.html?_=1643152947318&CODE_STATE=getMsg HTTP/1.1" 200 27
120.253.135.82 - - [26/Jan/2022:07:22:20 +0800] "GET /xingrg/all/function/internal_message.html?_=1643152731096&CODE_STATE=getMsg HTTP/1.1" 200 27
222.70.223.103 - - [26/Jan/2022:07:22:21 +0800] "GET /xingrg/all/function/internal_message.html?_=1643152922375&CODE_STATE=getMsg HTTP/1.1" 200 27
120.253.135.82 - - [26/Jan/2022:07:22:22 +0800] "POST /xingrg/kc/pszx/mdps_list_operate.html HTTP/1.1" 200 3862
120.253.135.82 - - [26/Jan/2022:07:22:25 +0800] "POST /xingrg/kc/pszx/mdps_list_operate.html HTTP/1.1" 200 612
120.253.135.82 - - [26/Jan/2022:07:22:26 +0800] "GET /xingrg/kc/pszx/mdps_order_info.html?code=312022012600869 HTTP/1.1" 200 23925
120.253.135.82 - - [26/Jan/2022:07:22:27 +0800] "GET /xingrg/javascript/easyui/themes/default/validatebox.css HTTP/1.1" 404 1104
120.253.135.82 - - [26/Jan/2022:07:22:27 +0800] "POST /xingrg/kc/pszx/mdps_order_operate.html HTTP/1.1" 200 5730
120.253.135.82 - - [26/Jan/2022:07:22:29 +0800] "POST /xingrg/all/common/load_combo.html?type=base HTTP/1.1" 200 1075
180.152.99.73 - - [26/Jan/2022:07:22:29 +0800] "GET /xingrg/all/function/internal_message.html?_=1643152951781&CODE_STATE=getMsg HTTP/1.1" 200 27
114.84.146.162 - - [26/Jan/2022:07:22:31 +0800] "GET /xingrg/all/function/internal_message.html?_=1643152754271&CODE_STATE=getMsg HTTP/1.1" 200 27
222.70.179.207 - - [26/Jan/2022:07:22:32 +0800] "GET /xingrg/all/function/internal_message.html?_=1643152950116&CODE_STATE=getMsg HTTP/1.1" 200 27
120.253.135.82 - - [26/Jan/2022:07:22:33 +0800] "POST /xingrg/kc/pszx/mdps_order_operate.html HTTP/1.1" 200 37
120.253.135.82 - - [26/Jan/2022:07:22:33 +0800] "GET /xingrg/kc/pszx/mdps_order_info.html?code=312022012600869 HTTP/1.1" 200 23925
120.253.135.82 - - [26/Jan/2022:07:22:34 +0800] "POST /xingrg/kc/pszx/mdps_order_operate.html HTTP/1.1" 200 5791
120.253.135.82 - - [26/Jan/2022:07:22:34 +0800] "GET /xingrg/javascript/easyui/themes/default/validatebox.css HTTP/1.1" 404 1104
101.80.229.199 - - [26/Jan/2022:07:22:45 +0800] "GET /xingrg/all/function/internal_message.html?_=1643152965699&CODE_STATE=getMsg HTTP/1.1" 200 27
120.253.135.82 - - [26/Jan/2022:07:23:08 +0800] "GET /xingrg/all/function/internal_message.html?_=1643153118126&CODE_STATE=getMsg HTTP/1.1" 200 27
120.253.135.82 - - [26/Jan/2022:07:23:15 +0800] "POST /xingrg/kc/pszx/mdps_list_operate.html HTTP/1.1" 200 3862
120.253.135.82 - - [26/Jan/2022:07:23:17 +0800] "POST /xingrg/kc/pszx/mdps_list_operate.html HTTP/1.1" 200 432
120.253.135.82 - - [26/Jan/2022:07:23:18 +0800] "GET /xingrg/kc/pszx/mdps_order_info.html?code=312022012600870 HTTP/1.1" 200 23925
120.253.135.82 - - [26/Jan/2022:07:23:18 +0800] "GET /xingrg/javascript/easyui/themes/default/validatebox.css HTTP/1.1" 404 1104
120.253.135.82 - - [26/Jan/2022:07:23:18 +0800] "POST /xingrg/kc/pszx/mdps_order_operate.html HTTP/1.1" 200 3709
222.70.243.96 - - [26/Jan/2022:07:23:19 +0800] "GET /xingrg/all/function/internal_message.html?_=1643153007332&CODE_STATE=getMsg HTTP/1.1" 200 27
120.253.135.82 - - [26/Jan/2022:07:23:21 +0800] "POST /xingrg/kc/pszx/mdps_order_operate.html HTTP/1.1" 200 37
222.70.223.103 - - [26/Jan/2022:07:23:21 +0800] "GET /xingrg/check_reg.html?_=1643152982369 HTTP/1.1" 200 22
222.70.223.103 - - [26/Jan/2022:07:23:21 +0800] "GET /xingrg/all/function/internal_message.html?_=1643152982372&CODE_STATE=getMsg HTTP/1.1" 200 27
120.253.135.82 - - [26/Jan/2022:07:23:22 +0800] "GET /xingrg/kc/pszx/mdps_order_info.html?code=312022012600870 HTTP/1.1" 200 23925
120.253.135.82 - - [26/Jan/2022:07:23:22 +0800] "GET /xingrg/javascript/easyui/themes/default/validatebox.css HTTP/1.1" 404 1104
120.253.135.82 - - [26/Jan/2022:07:23:22 +0800] "POST /xingrg/kc/pszx/mdps_order_operate.html HTTP/1.1" 200 3738
120.253.135.82 - - [26/Jan/2022:07:23:23 +0800] "GET /xingrg/all/function/internal_message.html?_=1643152793262&CODE_STATE=getMsg HTTP/1.1" 200 27
180.152.99.73 - - [26/Jan/2022:07:23:29 +0800] "GET /xingrg/all/function/internal_message.html?_=1643153011782&CODE_STATE=getMsg HTTP/1.1" 200 27
180.152.99.73 - - [26/Jan/2022:07:23:29 +0800] "GET /xingrg/check_reg.html?_=1643153011785 HTTP/1.1" 200 22
120.253.135.82 - - [26/Jan/2022:07:23:30 +0800] "GET /xingrg/kc/pszx/mdps_order_operate.html?command=get_materiel&pszx_code=00101&rest_code=00105&base_code=0010246&code=00101030030 HTTP/1.1" 200 411
114.84.146.162 - - [26/Jan/2022:07:23:31 +0800] "GET /xingrg/all/function/internal_message.html?_=1643152814246&CODE_STATE=getMsg HTTP/1.1" 200 27
222.70.179.207 - - [26/Jan/2022:07:23:32 +0800] "GET /xingrg/all/function/internal_message.html?_=1643153010116&CODE_STATE=getMsg HTTP/1.1" 200 27
120.253.135.82 - - [26/Jan/2022:07:23:35 +0800] "POST /xingrg/kc/pszx/mdps_order_operate.html HTTP/1.1" 200 37
120.253.135.82 - - [26/Jan/2022:07:23:36 +0800] "GET /xingrg/kc/pszx/mdps_order_info.html?code=312022012600870 HTTP/1.1" 200 23925
120.253.135.82 - - [26/Jan/2022:07:23:37 +0800] "GET /xingrg/javascript/easyui/themes/default/validatebox.css HTTP/1.1" 404 1104
120.253.135.82 - - [26/Jan/2022:07:23:37 +0800] "POST /xingrg/kc/pszx/mdps_order_operate.html HTTP/1.1" 200 3744
120.253.135.82 - - [26/Jan/2022:07:23:38 +0800] "POST /xingrg/kc/pszx/mdps_list_operate.html HTTP/1.1" 200 3862
120.253.135.82 - - [26/Jan/2022:07:23:40 +0800] "POST /xingrg/kc/pszx/mdps_list_operate.html HTTP/1.1" 200 233
120.253.135.82 - - [26/Jan/2022:07:23:40 +0800] "GET /xingrg/kc/pszx/mdps_order_info.html?code=312022012600871 HTTP/1.1" 200 23925
120.253.135.82 - - [26/Jan/2022:07:23:41 +0800] "GET /xingrg/javascript/easyui/themes/default/validatebox.css HTTP/1.1" 404 1104
120.253.135.82 - - [26/Jan/2022:07:23:41 +0800] "POST /xingrg/kc/pszx/mdps_order_operate.html HTTP/1.1" 200 2323
120.253.135.82 - - [26/Jan/2022:07:23:43 +0800] "POST /xingrg/kc/pszx/mdps_order_operate.html HTTP/1.1" 200 37
120.253.135.82 - - [26/Jan/2022:07:23:44 +0800] "GET /xingrg/kc/pszx/mdps_order_info.html?code=312022012600871 HTTP/1.1" 200 23925
120.253.135.82 - - [26/Jan/2022:07:23:45 +0800] "GET /xingrg/javascript/easyui/themes/default/validatebox.css HTTP/1.1" 404 1104
120.253.135.82 - - [26/Jan/2022:07:23:45 +0800] "POST /xingrg/kc/pszx/mdps_order_operate.html HTTP/1.1" 200 2332
101.80.229.199 - - [26/Jan/2022:07:23:45 +0800] "GET /xingrg/all/function/internal_message.html?_=1643153025705&CODE_STATE=getMsg HTTP/1.1" 200 27
120.253.135.82 - - [26/Jan/2022:07:23:47 +0800] "POST /xingrg/kc/pszx/mdps_list_operate.html HTTP/1.1" 200 3862
120.253.135.82 - - [26/Jan/2022:07:23:48 +0800] "POST /xingrg/kc/pszx/mdps_list_operate.html HTTP/1.1" 200 220
120.253.135.82 - - [26/Jan/2022:07:23:51 +0800] "GET /xingrg/kc/pszx/mdps_order_info.html?code=312022012600872 HTTP/1.1" 200 23925
120.253.135.82 - - [26/Jan/2022:07:23:51 +0800] "POST /xingrg/kc/pszx/mdps_order_operate.html HTTP/1.1" 200 2295
120.253.135.82 - - [26/Jan/2022:07:23:51 +0800] "GET /xingrg/javascript/easyui/themes/default/validatebox.css HTTP/1.1" 404 1104
120.253.135.82 - - [26/Jan/2022:07:23:54 +0800] "POST /xingrg/kc/pszx/mdps_order_operate.html HTTP/1.1" 200 37
120.253.135.82 - - [26/Jan/2022:07:23:55 +0800] "GET /xingrg/kc/pszx/mdps_order_info.html?code=312022012600872 HTTP/1.1" 200 23925
120.253.135.82 - - [26/Jan/2022:07:23:55 +0800] "GET /xingrg/javascript/easyui/themes/default/validatebox.css HTTP/1.1" 404 1104
120.253.135.82 - - [26/Jan/2022:07:23:55 +0800] "POST /xingrg/kc/pszx/mdps_order_operate.html HTTP/1.1" 200 2302
120.253.135.82 - - [26/Jan/2022:07:24:08 +0800] "GET /xingrg/check_reg.html?_=1643153177782 HTTP/1.1" 200 22
120.253.135.82 - - [26/Jan/2022:07:24:08 +0800] "GET /xingrg/all/function/internal_message.html?_=1643153178139&CODE_STATE=getMsg HTTP/1.1" 200 27
120.253.135.82 - - [26/Jan/2022:07:24:13 +0800] "GET /xingrg/kc/pszx/mdps_order_operate.html?command=get_materiel&pszx_code=00101&rest_code=00105&base_code=0010246&code=00102002922 HTTP/1.1" 200 442
120.253.135.82 - - [26/Jan/2022:07:24:17 +0800] "POST /xingrg/all/common/load_combo.html?type=base HTTP/1.1" 200 1075
222.70.243.96 - - [26/Jan/2022:07:24:19 +0800] "GET /xingrg/all/function/internal_message.html?_=1643153067389&CODE_STATE=getMsg HTTP/1.1" 200 27
120.253.135.82 - - [26/Jan/2022:07:24:21 +0800] "POST /xingrg/kc/pszx/mdps_order_operate.html HTTP/1.1" 200 37
222.70.223.103 - - [26/Jan/2022:07:24:21 +0800] "GET /xingrg/all/function/internal_message.html?_=1643153042371&CODE_STATE=getMsg HTTP/1.1" 200 27
120.253.135.82 - - [26/Jan/2022:07:24:22 +0800] "GET /xingrg/kc/pszx/mdps_order_info.html?code=312022012600872 HTTP/1.1" 200 23925
120.253.135.82 - - [26/Jan/2022:07:24:22 +0800] "GET /xingrg/javascript/easyui/themes/default/validatebox.css HTTP/1.1" 404 1104
120.253.135.82 - - [26/Jan/2022:07:24:22 +0800] "POST /xingrg/kc/pszx/mdps_order_operate.html HTTP/1.1" 200 2296
120.253.135.82 - - [26/Jan/2022:07:24:23 +0800] "GET /xingrg/all/function/internal_message.html?_=1643152853276&CODE_STATE=getMsg HTTP/1.1" 200 27
120.253.135.82 - - [26/Jan/2022:07:24:24 +0800] "POST /xingrg/kc/pszx/mdps_list_operate.html HTTP/1.1" 200 3860
120.253.135.82 - - [26/Jan/2022:07:24:27 +0800] "POST /xingrg/kc/pszx/mdps_list_operate.html HTTP/1.1" 200 176
180.152.99.73 - - [26/Jan/2022:07:24:29 +0800] "GET /xingrg/all/function/internal_message.html?_=1643153071786&CODE_STATE=getMsg HTTP/1.1" 200 27
114.84.146.162 - - [26/Jan/2022:07:24:31 +0800] "GET /xingrg/all/function/internal_message.html?_=1643152874225&CODE_STATE=getMsg HTTP/1.1" 200 27
120.253.135.82 - - [26/Jan/2022:07:24:31 +0800] "GET /xingrg/kc/pszx/mdps_order_info.html?code=312022012600872 HTTP/1.1" 200 23925
120.253.135.82 - - [26/Jan/2022:07:24:32 +0800] "GET /xingrg/javascript/easyui/themes/default/validatebox.css HTTP/1.1" 404 1104
120.253.135.82 - - [26/Jan/2022:07:24:32 +0800] "POST /xingrg/kc/pszx/mdps_order_operate.html HTTP/1.1" 200 2296
222.70.179.207 - - [26/Jan/2022:07:24:32 +0800] "GET /xingrg/all/function/internal_message.html?_=1643153070117&CODE_STATE=getMsg HTTP/1.1" 200 27
222.70.179.207 - - [26/Jan/2022:07:24:32 +0800] "GET /xingrg/check_reg.html?_=1643153070119 HTTP/1.1" 200 22
101.80.229.199 - - [26/Jan/2022:07:24:45 +0800] "GET /xingrg/check_reg.html?_=1643153085692 HTTP/1.1" 200 22
101.80.229.199 - - [26/Jan/2022:07:24:45 +0800] "GET /xingrg/all/function/internal_message.html?_=1643153085693&CODE_STATE=getMsg HTTP/1.1" 200 27
120.253.135.82 - - [26/Jan/2022:07:24:45 +0800] "POST /xingrg/kc/pszx/mdps_list_operate.html HTTP/1.1" 200 3860
120.253.135.82 - - [26/Jan/2022:07:24:49 +0800] "POST /xingrg/kc/pszx/mdps_list_operate.html HTTP/1.1" 200 233
120.253.135.82 - - [26/Jan/2022:07:24:51 +0800] "POST /xingrg/kc/pszx/mdps_list_operate.html HTTP/1.1" 200 176
120.253.135.82 - - [26/Jan/2022:07:24:54 +0800] "POST /xingrg/kc/pszx/mdps_list_operate.html HTTP/1.1" 200 536
120.253.135.82 - - [26/Jan/2022:07:24:58 +0800] "GET /xingrg/kc/pszx/mdps_order_info.html?code=312022012600872 HTTP/1.1" 200 23925
120.253.135.82 - - [26/Jan/2022:07:24:58 +0800] "GET /xingrg/javascript/easyui/themes/default/validatebox.css HTTP/1.1" 404 1104
120.253.135.82 - - [26/Jan/2022:07:24:58 +0800] "POST /xingrg/kc/pszx/mdps_order_operate.html HTTP/1.1" 200 2296
120.253.135.82 - - [26/Jan/2022:07:25:05 +0800] "POST /xingrg/kc/pszx/mdps_list_operate.html HTTP/1.1" 200 3860
120.253.135.82 - - [26/Jan/2022:07:25:07 +0800] "POST /xingrg/kc/pszx/mdps_list_operate.html HTTP/1.1" 200 176
120.253.135.82 - - [26/Jan/2022:07:25:08 +0800] "GET /xingrg/kc/pszx/mdps_order_info.html?code=312022012600872 HTTP/1.1" 200 23925
120.253.135.82 - - [26/Jan/2022:07:25:08 +0800] "GET /xingrg/all/function/internal_message.html?_=1643153238154&CODE_STATE=getMsg HTTP/1.1" 200 27
120.253.135.82 - - [26/Jan/2022:07:25:08 +0800] "GET /xingrg/javascript/easyui/themes/default/validatebox.css HTTP/1.1" 404 1104
120.253.135.82 - - [26/Jan/2022:07:25:08 +0800] "POST /xingrg/kc/pszx/mdps_order_operate.html HTTP/1.1" 200 2296
222.70.243.96 - - [26/Jan/2022:07:25:19 +0800] "GET /xingrg/all/function/internal_message.html?_=1643153127391&CODE_STATE=getMsg HTTP/1.1" 200 27
222.70.223.103 - - [26/Jan/2022:07:25:21 +0800] "GET /xingrg/all/function/internal_message.html?_=1643153102378&CODE_STATE=getMsg HTTP/1.1" 200 27
120.253.135.82 - - [26/Jan/2022:07:25:23 +0800] "GET /xingrg/all/function/internal_message.html?_=1643152913392&CODE_STATE=getMsg HTTP/1.1" 200 27
180.152.99.73 - - [26/Jan/2022:07:25:29 +0800] "GET /xingrg/all/function/internal_message.html?_=1643153131795&CODE_STATE=getMsg HTTP/1.1" 200 27
114.84.146.162 - - [26/Jan/2022:07:25:31 +0800] "GET /xingrg/all/function/internal_message.html?_=1643152934226&CODE_STATE=getMsg HTTP/1.1" 200 27
222.70.179.207 - - [26/Jan/2022:07:25:32 +0800] "GET /xingrg/all/function/internal_message.html?_=1643153130119&CODE_STATE=getMsg HTTP/1.1" 200 27
120.253.135.82 - - [26/Jan/2022:07:25:32 +0800] "POST /xingrg/kc/pszx/mdps_order_operate.html HTTP/1.1" 200 37
120.253.135.82 - - [26/Jan/2022:07:25:33 +0800] "GET /xingrg/kc/pszx/mdps_order_info.html?code=312022012600872 HTTP/1.1" 200 23925
120.253.135.82 - - [26/Jan/2022:07:25:33 +0800] "POST /xingrg/kc/pszx/mdps_order_operate.html HTTP/1.1" 200 2303
120.253.135.82 - - [26/Jan/2022:07:25:33 +0800] "GET /xingrg/javascript/easyui/themes/default/validatebox.css HTTP/1.1" 404 1104
120.253.135.82 - - [26/Jan/2022:07:25:34 +0800] "POST /xingrg/kc/pszx/mdps_list_operate.html HTTP/1.1" 200 3862
120.253.135.82 - - [26/Jan/2022:07:25:37 +0800] "POST /xingrg/kc/pszx/mdps_list_operate.html HTTP/1.1" 200 536
120.253.135.82 - - [26/Jan/2022:07:25:38 +0800] "GET /xingrg/kc/pszx/mdps_order_info.html?code=312022012600873 HTTP/1.1" 200 23925
120.253.135.82 - - [26/Jan/2022:07:25:38 +0800] "POST /xingrg/kc/pszx/mdps_order_operate.html HTTP/1.1" 200 4292
120.253.135.82 - - [26/Jan/2022:07:25:38 +0800] "GET /xingrg/javascript/easyui/themes/default/validatebox.css HTTP/1.1" 404 1104
120.253.135.82 - - [26/Jan/2022:07:25:41 +0800] "POST /xingrg/kc/pszx/mdps_order_operate.html HTTP/1.1" 200 37
120.253.135.82 - - [26/Jan/2022:07:25:42 +0800] "GET /xingrg/kc/pszx/mdps_order_info.html?code=312022012600873 HTTP/1.1" 200 23925
120.253.135.82 - - [26/Jan/2022:07:25:42 +0800] "GET /xingrg/javascript/easyui/themes/default/validatebox.css HTTP/1.1" 404 1104
120.253.135.82 - - [26/Jan/2022:07:25:42 +0800] "POST /xingrg/kc/pszx/mdps_order_operate.html HTTP/1.1" 200 4330
101.80.229.199 - - [26/Jan/2022:07:25:45 +0800] "GET /xingrg/all/function/internal_message.html?_=1643153145694&CODE_STATE=getMsg HTTP/1.1" 200 27
120.253.135.82 - - [26/Jan/2022:07:25:48 +0800] "POST /xingrg/kc/pszx/mdps_list_operate.html HTTP/1.1" 200 3862
120.253.135.82 - - [26/Jan/2022:07:25:51 +0800] "POST /xingrg/kc/pszx/mdps_list_operate.html HTTP/1.1" 200 661
120.253.135.82 - - [26/Jan/2022:07:25:52 +0800] "GET /xingrg/kc/pszx/mdps_order_info.html?code=312022012600874 HTTP/1.1" 200 23925
120.253.135.82 - - [26/Jan/2022:07:25:52 +0800] "GET /xingrg/javascript/easyui/themes/default/validatebox.css HTTP/1.1" 404 1104
120.253.135.82 - - [26/Jan/2022:07:25:52 +0800] "POST /xingrg/kc/pszx/mdps_order_operate.html HTTP/1.1" 200 22474
120.253.135.82 - - [26/Jan/2022:07:25:55 +0800] "POST /xingrg/kc/pszx/mdps_order_operate.html HTTP/1.1" 200 37
120.253.135.82 - - [26/Jan/2022:07:25:56 +0800] "GET /xingrg/kc/pszx/mdps_order_info.html?code=312022012600874 HTTP/1.1" 200 23925
120.253.135.82 - - [26/Jan/2022:07:25:57 +0800] "GET /xingrg/javascript/easyui/themes/default/validatebox.css HTTP/1.1" 404 1104
120.253.135.82 - - [26/Jan/2022:07:25:57 +0800] "POST /xingrg/kc/pszx/mdps_order_operate.html HTTP/1.1" 200 22800
114.84.146.162 - - [26/Jan/2022:07:26:03 +0800] "GET /xingrg/check_reg.html?_=1643152966072 HTTP/1.1" 200 22
120.253.135.82 - - [26/Jan/2022:07:26:08 +0800] "GET /xingrg/all/function/internal_message.html?_=1643153298166&CODE_STATE=getMsg HTTP/1.1" 200 27
120.253.135.82 - - [26/Jan/2022:07:26:17 +0800] "GET /xingrg/check_reg.html?_=1643152967734 HTTP/1.1" 200 22
222.70.243.96 - - [26/Jan/2022:07:26:19 +0800] "GET /xingrg/all/function/internal_message.html?_=1643153187445&CODE_STATE=getMsg HTTP/1.1" 200 27
222.70.223.103 - - [26/Jan/2022:07:26:21 +0800] "GET /xingrg/all/function/internal_message.html?_=1643153162374&CODE_STATE=getMsg HTTP/1.1" 200 27
120.253.135.82 - - [26/Jan/2022:07:26:23 +0800] "GET /xingrg/all/function/internal_message.html?_=1643152973397&CODE_STATE=getMsg HTTP/1.1" 200 27
180.152.99.73 - - [26/Jan/2022:07:26:29 +0800] "GET /xingrg/all/function/internal_message.html?_=1643153191801&CODE_STATE=getMsg HTTP/1.1" 200 27
114.84.146.162 - - [26/Jan/2022:07:26:31 +0800] "GET /xingrg/all/function/internal_message.html?_=1643152994197&CODE_STATE=getMsg HTTP/1.1" 200 27
222.70.179.207 - - [26/Jan/2022:07:26:32 +0800] "GET /xingrg/all/function/internal_message.html?_=1643153190119&CODE_STATE=getMsg HTTP/1.1" 200 27
222.70.243.96 - - [26/Jan/2022:07:26:36 +0800] "GET /xingrg/check_reg.html?_=1643153204677 HTTP/1.1" 200 22
101.80.229.199 - - [26/Jan/2022:07:26:45 +0800] "GET /xingrg/all/function/internal_message.html?_=1643153205695&CODE_STATE=getMsg HTTP/1.1" 200 27
120.253.135.82 - - [26/Jan/2022:07:26:51 +0800] "POST /xingrg/kc/pszx/mdps_order_operate.html HTTP/1.1" 200 37
120.253.135.82 - - [26/Jan/2022:07:26:52 +0800] "GET /xingrg/kc/pszx/mdps_order_info.html?code=312022012600874 HTTP/1.1" 200 23925
120.253.135.82 - - [26/Jan/2022:07:26:52 +0800] "GET /xingrg/javascript/easyui/themes/default/validatebox.css HTTP/1.1" 404 1104
120.253.135.82 - - [26/Jan/2022:07:26:52 +0800] "POST /xingrg/kc/pszx/mdps_order_operate.html HTTP/1.1" 200 22796
120.253.135.82 - - [26/Jan/2022:07:27:09 +0800] "GET /xingrg/all/function/internal_message.html?_=1643153358683&CODE_STATE=getMsg HTTP/1.1" 200 27
222.70.243.96 - - [26/Jan/2022:07:27:19 +0800] "GET /xingrg/all/function/internal_message.html?_=1643153247449&CODE_STATE=getMsg HTTP/1.1" 200 27
222.70.223.103 - - [26/Jan/2022:07:27:21 +0800] "GET /xingrg/all/function/internal_message.html?_=1643153222372&CODE_STATE=getMsg HTTP/1.1" 200 27
120.253.135.82 - - [26/Jan/2022:07:27:23 +0800] "GET /xingrg/all/function/internal_message.html?_=1643153033411&CODE_STATE=getMsg HTTP/1.1" 200 27
180.152.99.73 - - [26/Jan/2022:07:27:29 +0800] "GET /xingrg/all/function/internal_message.html?_=1643153251787&CODE_STATE=getMsg HTTP/1.1" 200 27
114.84.146.162 - - [26/Jan/2022:07:27:31 +0800] "GET /xingrg/all/function/internal_message.html?_=1643153054166&CODE_STATE=getMsg HTTP/1.1" 200 27
222.70.179.207 - - [26/Jan/2022:07:27:32 +0800] "GET /xingrg/all/function/internal_message.html?_=1643153250120&CODE_STATE=getMsg HTTP/1.1" 200 27
101.80.229.199 - - [26/Jan/2022:07:27:45 +0800] "GET /xingrg/all/function/internal_message.html?_=1643153265696&CODE_STATE=getMsg HTTP/1.1" 200 27
120.253.135.82 - - [26/Jan/2022:07:28:06 +0800] "POST /xingrg/kc/pszx/mdps_order_operate.html HTTP/1.1" 200 37
120.253.135.82 - - [26/Jan/2022:07:28:08 +0800] "GET /xingrg/kc/pszx/mdps_order_info.html?code=312022012600874 HTTP/1.1" 200 23925
120.253.135.82 - - [26/Jan/2022:07:28:09 +0800] "GET /xingrg/all/function/internal_message.html?_=1643153418692&CODE_STATE=getMsg HTTP/1.1" 200 27
120.253.135.82 - - [26/Jan/2022:07:28:09 +0800] "GET /xingrg/javascript/easyui/themes/default/validatebox.css HTTP/1.1" 404 1104
120.253.135.82 - - [26/Jan/2022:07:28:09 +0800] "POST /xingrg/kc/pszx/mdps_order_operate.html HTTP/1.1" 200 22796
120.253.135.82 - - [26/Jan/2022:07:28:11 +0800] "POST /xingrg/kc/pszx/mdps_list_operate.html HTTP/1.1" 200 3862
120.253.135.82 - - [26/Jan/2022:07:28:13 +0800] "POST /xingrg/kc/pszx/mdps_list_operate.html HTTP/1.1" 200 536
120.253.135.82 - - [26/Jan/2022:07:28:14 +0800] "POST /xingrg/kc/pszx/mdps_list_operate.html HTTP/1.1" 200 661
120.253.135.82 - - [26/Jan/2022:07:28:16 +0800] "GET /xingrg/kc/pszx/mdps_order_info.html?code=312022012600874 HTTP/1.1" 200 23925
120.253.135.82 - - [26/Jan/2022:07:28:16 +0800] "GET /xingrg/javascript/easyui/themes/default/validatebox.css HTTP/1.1" 404 1104
120.253.135.82 - - [26/Jan/2022:07:28:16 +0800] "POST /xingrg/kc/pszx/mdps_order_operate.html HTTP/1.1" 200 22796
120.253.135.82 - - [26/Jan/2022:07:28:18 +0800] "POST /xingrg/kc/pszx/mdps_list_operate.html HTTP/1.1" 200 3862
222.70.243.96 - - [26/Jan/2022:07:28:19 +0800] "GET /xingrg/all/function/internal_message.html?_=1643153307461&CODE_STATE=getMsg HTTP/1.1" 200 27
222.70.223.103 - - [26/Jan/2022:07:28:21 +0800] "GET /xingrg/check_reg.html?_=1643153282365 HTTP/1.1" 200 22
222.70.223.103 - - [26/Jan/2022:07:28:21 +0800] "GET /xingrg/all/function/internal_message.html?_=1643153282368&CODE_STATE=getMsg HTTP/1.1" 200 27
120.253.135.82 - - [26/Jan/2022:07:28:23 +0800] "GET /xingrg/all/function/internal_message.html?_=1643153093424&CODE_STATE=getMsg HTTP/1.1" 200 27
120.253.135.82 - - [26/Jan/2022:07:28:26 +0800] "GET /xingrg/kc/pszx/mdqp_order_list.html?state=10 HTTP/1.1" 200 16403
120.253.135.82 - - [26/Jan/2022:07:28:27 +0800] "GET /xingrg/dwr/interface/AjaxQqpsService.js HTTP/1.1" 200 16326
120.253.135.82 - - [26/Jan/2022:07:28:27 +0800] "GET /xingrg/dwr/interface/AjaxReportQueryService.js HTTP/1.1" 200 13203
120.253.135.82 - - [26/Jan/2022:07:28:27 +0800] "GET /xingrg/dwr/engine.js HTTP/1.1" 200 43631
180.152.99.73 - - [26/Jan/2022:07:28:29 +0800] "GET /xingrg/all/function/internal_message.html?_=1643153311795&CODE_STATE=getMsg HTTP/1.1" 200 27
180.152.99.73 - - [26/Jan/2022:07:28:29 +0800] "GET /xingrg/check_reg.html?_=1643153311797 HTTP/1.1" 200 22
114.84.146.162 - - [26/Jan/2022:07:28:31 +0800] "GET /xingrg/all/function/internal_message.html?_=1643153114141&CODE_STATE=getMsg HTTP/1.1" 200 27
222.70.179.207 - - [26/Jan/2022:07:28:32 +0800] "GET /xingrg/all/function/internal_message.html?_=1643153310120&CODE_STATE=getMsg HTTP/1.1" 200 27
120.253.135.82 - - [26/Jan/2022:07:28:34 +0800] "GET /xingrg/kc/pszx/jzcl_ps.html HTTP/1.1" 200 7683
120.253.135.82 - - [26/Jan/2022:07:28:34 +0800] "POST /xingrg/all/common/load_tree.html?tree=area_rest_tree_json HTTP/1.1" 200 3472
120.253.135.82 - - [26/Jan/2022:07:28:35 +0800] "POST /xingrg/kc/pszx/jzcl_ps_operate.html HTTP/1.1" 200 9797
120.253.135.82 - - [26/Jan/2022:07:28:35 +0800] "POST /xingrg/kc/pszx/jzcl_ps_operate.html HTTP/1.1" 200 9797
101.80.229.199 - - [26/Jan/2022:07:28:45 +0800] "GET /xingrg/all/function/internal_message.html?_=1643153325698&CODE_STATE=getMsg HTTP/1.1" 200 27
120.253.135.82 - - [26/Jan/2022:07:28:58 +0800] "POST /xingrg/kc/pszx/jzcl_ps_operate.html HTTP/1.1" 200 4
120.253.135.82 - - [26/Jan/2022:07:29:08 +0800] "GET /xingrg/check_reg.html?_=1643153478290 HTTP/1.1" 200 22
120.253.135.82 - - [26/Jan/2022:07:29:09 +0800] "GET /xingrg/all/function/internal_message.html?_=1643153478707&CODE_STATE=getMsg HTTP/1.1" 200 27
120.253.135.82 - - [26/Jan/2022:07:29:11 +0800] "GET /xingrg/kc/pszx/mdps_order_list.html HTTP/1.1" 200 20925
120.253.135.82 - - [26/Jan/2022:07:29:12 +0800] "POST /xingrg/kc/pszx/mdps_list_operate.html HTTP/1.1" 200 5452
222.70.243.96 - - [26/Jan/2022:07:29:19 +0800] "GET /xingrg/all/function/internal_message.html?_=1643153367496&CODE_STATE=getMsg HTTP/1.1" 200 27
222.70.223.103 - - [26/Jan/2022:07:29:21 +0800] "GET /xingrg/all/function/internal_message.html?_=1643153342374&CODE_STATE=getMsg HTTP/1.1" 200 27
120.253.135.82 - - [26/Jan/2022:07:29:23 +0800] "GET /xingrg/all/function/internal_message.html?_=1643153153437&CODE_STATE=getMsg HTTP/1.1" 200 27
120.253.135.82 - - [26/Jan/2022:07:29:27 +0800] "POST /xingrg/kc/pszx/mdps_list_operate.html HTTP/1.1" 200 4585
180.152.99.73 - - [26/Jan/2022:07:29:29 +0800] "GET /xingrg/all/function/internal_message.html?_=1643153371795&CODE_STATE=getMsg HTTP/1.1" 200 27
120.253.135.82 - - [26/Jan/2022:07:29:30 +0800] "POST /xingrg/kc/pszx/mdps_list_operate.html HTTP/1.1" 200 202
114.84.146.162 - - [26/Jan/2022:07:29:31 +0800] "GET /xingrg/all/function/internal_message.html?_=1643153174116&CODE_STATE=getMsg HTTP/1.1" 200 27
222.70.179.207 - - [26/Jan/2022:07:29:32 +0800] "GET /xingrg/check_reg.html?_=1643153370119 HTTP/1.1" 200 22
222.70.179.207 - - [26/Jan/2022:07:29:32 +0800] "GET /xingrg/all/function/internal_message.html?_=1643153370122&CODE_STATE=getMsg HTTP/1.1" 200 27
120.253.135.82 - - [26/Jan/2022:07:29:33 +0800] "POST /xingrg/kc/pszx/mdps_list_operate.html HTTP/1.1" 200 370
120.253.135.82 - - [26/Jan/2022:07:29:34 +0800] "GET /xingrg/kc/pszx/mdps_order_info.html?code=312022012600875 HTTP/1.1" 200 23925
120.253.135.82 - - [26/Jan/2022:07:29:34 +0800] "POST /xingrg/kc/pszx/mdps_order_operate.html HTTP/1.1" 200 3295
120.253.135.82 - - [26/Jan/2022:07:29:34 +0800] "GET /xingrg/javascript/easyui/themes/default/validatebox.css HTTP/1.1" 404 1104
120.253.135.82 - - [26/Jan/2022:07:29:37 +0800] "POST /xingrg/kc/pszx/mdps_order_operate.html HTTP/1.1" 200 37
120.253.135.82 - - [26/Jan/2022:07:29:38 +0800] "GET /xingrg/kc/pszx/mdps_order_info.html?code=312022012600875 HTTP/1.1" 200 23925
120.253.135.82 - - [26/Jan/2022:07:29:39 +0800] "GET /xingrg/javascript/easyui/themes/default/validatebox.css HTTP/1.1" 404 1104
120.253.135.82 - - [26/Jan/2022:07:29:39 +0800] "POST /xingrg/kc/pszx/mdps_order_operate.html HTTP/1.1" 200 3317
101.80.229.199 - - [26/Jan/2022:07:29:45 +0800] "GET /xingrg/check_reg.html?_=1643153385699 HTTP/1.1" 200 22
101.80.229.199 - - [26/Jan/2022:07:29:45 +0800] "GET /xingrg/all/function/internal_message.html?_=1643153385702&CODE_STATE=getMsg HTTP/1.1" 200 27
120.253.135.82 - - [26/Jan/2022:07:30:09 +0800] "GET /xingrg/all/function/internal_message.html?_=1643153538720&CODE_STATE=getMsg HTTP/1.1" 200 27
222.70.243.96 - - [26/Jan/2022:07:30:19 +0800] "GET /xingrg/all/function/internal_message.html?_=1643153427505&CODE_STATE=getMsg HTTP/1.1" 200 27
222.70.223.103 - - [26/Jan/2022:07:30:21 +0800] "GET /xingrg/all/function/internal_message.html?_=1643153402364&CODE_STATE=getMsg HTTP/1.1" 200 27
120.253.135.82 - - [26/Jan/2022:07:30:23 +0800] "GET /xingrg/all/function/internal_message.html?_=1643153213451&CODE_STATE=getMsg HTTP/1.1" 200 27
120.253.135.82 - - [26/Jan/2022:07:30:26 +0800] "GET /xingrg/kc/pszx/mdps_order_info.html?code=312022012600875 HTTP/1.1" 200 23925
120.253.135.82 - - [26/Jan/2022:07:30:26 +0800] "GET /xingrg/javascript/easyui/themes/default/validatebox.css HTTP/1.1" 404 1104
120.253.135.82 - - [26/Jan/2022:07:30:26 +0800] "POST /xingrg/kc/pszx/mdps_order_operate.html HTTP/1.1" 200 3317
120.253.135.82 - - [26/Jan/2022:07:30:29 +0800] "POST /xingrg/kc/pszx/mdps_list_operate.html HTTP/1.1" 200 4585
180.152.99.73 - - [26/Jan/2022:07:30:29 +0800] "GET /xingrg/all/function/internal_message.html?_=1643153431802&CODE_STATE=getMsg HTTP/1.1" 200 27
114.84.146.162 - - [26/Jan/2022:07:30:31 +0800] "GET /xingrg/all/function/internal_message.html?_=1643153234096&CODE_STATE=getMsg HTTP/1.1" 200 27
120.253.135.82 - - [26/Jan/2022:07:30:31 +0800] "POST /xingrg/kc/pszx/mdps_list_operate.html HTTP/1.1" 200 609
222.70.179.207 - - [26/Jan/2022:07:30:32 +0800] "GET /xingrg/all/function/internal_message.html?_=1643153430121&CODE_STATE=getMsg HTTP/1.1" 200 27
120.253.135.82 - - [26/Jan/2022:07:30:32 +0800] "GET /xingrg/kc/pszx/mdps_order_info.html?code=312022012600876 HTTP/1.1" 200 23925
120.253.135.82 - - [26/Jan/2022:07:30:32 +0800] "GET /xingrg/javascript/easyui/themes/default/validatebox.css HTTP/1.1" 404 1104
120.253.135.82 - - [26/Jan/2022:07:30:33 +0800] "POST /xingrg/kc/pszx/mdps_order_operate.html HTTP/1.1" 200 11174
120.253.135.82 - - [26/Jan/2022:07:30:35 +0800] "POST /xingrg/all/common/load_combo.html?type=base HTTP/1.1" 200 1075
120.253.135.82 - - [26/Jan/2022:07:30:40 +0800] "POST /xingrg/kc/pszx/mdps_order_operate.html HTTP/1.1" 200 37
120.253.135.82 - - [26/Jan/2022:07:30:41 +0800] "GET /xingrg/kc/pszx/mdps_order_info.html?code=312022012600876 HTTP/1.1" 200 23925
120.253.135.82 - - [26/Jan/2022:07:30:42 +0800] "GET /xingrg/javascript/easyui/themes/default/validatebox.css HTTP/1.1" 404 1104
120.253.135.82 - - [26/Jan/2022:07:30:42 +0800] "POST /xingrg/kc/pszx/mdps_order_operate.html HTTP/1.1" 200 11331
101.80.229.199 - - [26/Jan/2022:07:30:45 +0800] "GET /xingrg/all/function/internal_message.html?_=1643153445702&CODE_STATE=getMsg HTTP/1.1" 200 27
114.84.146.162 - - [26/Jan/2022:07:31:03 +0800] "GET /xingrg/check_reg.html?_=1643153266075 HTTP/1.1" 200 22
120.253.135.82 - - [26/Jan/2022:07:31:09 +0800] "GET /xingrg/all/function/internal_message.html?_=1643153598734&CODE_STATE=getMsg HTTP/1.1" 200 27
120.253.135.82 - - [26/Jan/2022:07:31:17 +0800] "GET /xingrg/check_reg.html?_=1643153267744 HTTP/1.1" 200 22
222.70.243.96 - - [26/Jan/2022:07:31:19 +0800] "GET /xingrg/all/function/internal_message.html?_=1643153487563&CODE_STATE=getMsg HTTP/1.1" 200 27
222.70.223.103 - - [26/Jan/2022:07:31:21 +0800] "GET /xingrg/all/function/internal_message.html?_=1643153462375&CODE_STATE=getMsg HTTP/1.1" 200 27
120.253.135.82 - - [26/Jan/2022:07:31:23 +0800] "GET /xingrg/all/function/internal_message.html?_=1643153273465&CODE_STATE=getMsg HTTP/1.1" 200 27
180.152.99.73 - - [26/Jan/2022:07:31:29 +0800] "GET /xingrg/all/function/internal_message.html?_=1643153491803&CODE_STATE=getMsg HTTP/1.1" 200 27
114.84.146.162 - - [26/Jan/2022:07:31:31 +0800] "GET /xingrg/all/function/internal_message.html?_=1643153294079&CODE_STATE=getMsg HTTP/1.1" 200 27
222.70.179.207 - - [26/Jan/2022:07:31:32 +0800] "GET /xingrg/all/function/internal_message.html?_=1643153490125&CODE_STATE=getMsg HTTP/1.1" 200 27
120.253.135.82 - - [26/Jan/2022:07:31:34 +0800] "POST /xingrg/kc/pszx/mdps_order_operate.html HTTP/1.1" 200 37
120.253.135.82 - - [26/Jan/2022:07:31:34 +0800] "GET /xingrg/kc/pszx/mdps_order_info.html?code=312022012600876 HTTP/1.1" 200 23925
120.253.135.82 - - [26/Jan/2022:07:31:35 +0800] "GET /xingrg/javascript/easyui/themes/default/validatebox.css HTTP/1.1" 404 1104
120.253.135.82 - - [26/Jan/2022:07:31:35 +0800] "POST /xingrg/kc/pszx/mdps_order_operate.html HTTP/1.1" 200 11332
222.70.243.96 - - [26/Jan/2022:07:31:36 +0800] "GET /xingrg/check_reg.html?_=1643153504678 HTTP/1.1" 200 22
120.253.135.82 - - [26/Jan/2022:07:31:40 +0800] "POST /xingrg/kc/pszx/mdps_list_operate.html HTTP/1.1" 200 4585
120.253.135.82 - - [26/Jan/2022:07:31:42 +0800] "POST /xingrg/kc/pszx/mdps_list_operate.html HTTP/1.1" 200 657
120.253.135.82 - - [26/Jan/2022:07:31:43 +0800] "GET /xingrg/kc/pszx/mdps_order_info.html?code=312022012600877 HTTP/1.1" 200 23925
120.253.135.82 - - [26/Jan/2022:07:31:43 +0800] "GET /xingrg/javascript/easyui/themes/default/validatebox.css HTTP/1.1" 404 1104
120.253.135.82 - - [26/Jan/2022:07:31:43 +0800] "POST /xingrg/kc/pszx/mdps_order_operate.html HTTP/1.1" 200 15586
101.80.229.199 - - [26/Jan/2022:07:31:45 +0800] "GET /xingrg/all/function/internal_message.html?_=1643153505704&CODE_STATE=getMsg HTTP/1.1" 200 27
120.253.135.82 - - [26/Jan/2022:07:31:47 +0800] "POST /xingrg/kc/pszx/mdps_order_operate.html HTTP/1.1" 200 37
120.253.135.82 - - [26/Jan/2022:07:31:48 +0800] "GET /xingrg/kc/pszx/mdps_order_info.html?code=312022012600877 HTTP/1.1" 200 23925
120.253.135.82 - - [26/Jan/2022:07:31:49 +0800] "GET /xingrg/javascript/easyui/themes/default/validatebox.css HTTP/1.1" 404 1104
120.253.135.82 - - [26/Jan/2022:07:31:49 +0800] "POST /xingrg/kc/pszx/mdps_order_operate.html HTTP/1.1" 200 15799
120.253.135.82 - - [26/Jan/2022:07:32:09 +0800] "GET /xingrg/all/function/internal_message.html?_=1643153659258&CODE_STATE=getMsg HTTP/1.1" 200 27
222.70.243.96 - - [26/Jan/2022:07:32:19 +0800] "GET /xingrg/all/function/internal_message.html?_=1643153547578&CODE_STATE=getMsg HTTP/1.1" 200 27
222.70.223.103 - - [26/Jan/2022:07:32:21 +0800] "GET /xingrg/all/function/internal_message.html?_=1643153522370&CODE_STATE=getMsg HTTP/1.1" 200 27
120.253.135.82 - - [26/Jan/2022:07:32:23 +0800] "GET /xingrg/all/function/internal_message.html?_=1643153333478&CODE_STATE=getMsg HTTP/1.1" 200 27
180.152.99.73 - - [26/Jan/2022:07:32:29 +0800] "GET /xingrg/all/function/internal_message.html?_=1643153551811&CODE_STATE=getMsg HTTP/1.1" 200 27
114.84.146.162 - - [26/Jan/2022:07:32:31 +0800] "GET /xingrg/all/function/internal_message.html?_=1643153354060&CODE_STATE=getMsg HTTP/1.1" 200 27
222.70.179.207 - - [26/Jan/2022:07:32:32 +0800] "GET /xingrg/all/function/internal_message.html?_=1643153550124&CODE_STATE=getMsg HTTP/1.1" 200 27
101.80.229.199 - - [26/Jan/2022:07:32:45 +0800] "GET /xingrg/all/function/internal_message.html?_=1643153565704&CODE_STATE=getMsg HTTP/1.1" 200 27
120.253.135.82 - - [26/Jan/2022:07:33:09 +0800] "GET /xingrg/all/function/internal_message.html?_=1643153719260&CODE_STATE=getMsg HTTP/1.1" 200 27
120.253.135.82 - - [26/Jan/2022:07:33:13 +0800] "POST /xingrg/kc/pszx/mdps_list_operate.html HTTP/1.1" 200 4585
120.253.135.82 - - [26/Jan/2022:07:33:15 +0800] "POST /xingrg/kc/pszx/mdps_list_operate.html HTTP/1.1" 200 285
120.253.135.82 - - [26/Jan/2022:07:33:16 +0800] "GET /xingrg/kc/pszx/mdps_order_info.html?code=312022012600878 HTTP/1.1" 200 23925
120.253.135.82 - - [26/Jan/2022:07:33:16 +0800] "POST /xingrg/kc/pszx/mdps_order_operate.html HTTP/1.1" 200 2792
120.253.135.82 - - [26/Jan/2022:07:33:16 +0800] "GET /xingrg/javascript/easyui/themes/default/validatebox.css HTTP/1.1" 404 1104
120.253.135.82 - - [26/Jan/2022:07:33:18 +0800] "POST /xingrg/all/common/load_combo.html?type=base HTTP/1.1" 200 1075
