101.80.229.199 - - [24/Jan/2022:07:51:23 +0800] "GET /xingrg/all/function/internal_message.html?_=1642981883600&CODE_STATE=getMsg HTTP/1.1" 200 27
172.20.0.100 - - [24/Jan/2022:07:51:30 +0800] "GET /xingrg/all/function/internal_message.html?_=1642981889939&CODE_STATE=getMsg HTTP/1.1" 200 27
120.253.135.82 - - [24/Jan/2022:07:51:31 +0800] "GET /xingrg/all/function/internal_message.html?_=1642981680439&CODE_STATE=getMsg HTTP/1.1" 200 27
114.84.146.162 - - [24/Jan/2022:07:51:32 +0800] "GET /xingrg/all/function/internal_message.html?_=1642981691478&CODE_STATE=getMsg HTTP/1.1" 200 27
180.169.147.146 - - [24/Jan/2022:07:51:36 +0800] "GET /xingrg/all/function/internal_message.html?_=1642981898601&CODE_STATE=getMsg HTTP/1.1" 200 27
180.152.99.39 - - [24/Jan/2022:07:51:40 +0800] "GET /xingrg/all/function/internal_message.html?_=1642981830447&CODE_STATE=getMsg HTTP/1.1" 200 27
180.152.99.73 - - [24/Jan/2022:07:51:45 +0800] "GET /xingrg/all/function/internal_message.html?_=1642981906287&CODE_STATE=getMsg HTTP/1.1" 200 27
180.169.147.146 - - [24/Jan/2022:07:51:51 +0800] "GET /xingrg/all/function/internal_message.html?_=1642981910849&CODE_STATE=getMsg HTTP/1.1" 200 27
172.20.0.100 - - [24/Jan/2022:07:51:52 +0800] "GET /xingrg/check_reg.html?_=1642981912082 HTTP/1.1" 200 22
120.253.135.82 - - [24/Jan/2022:07:52:21 +0800] "POST /xingrg/kc/base/stock_operate.html HTTP/1.1" 200 4096
101.80.229.199 - - [24/Jan/2022:07:52:23 +0800] "GET /xingrg/all/function/internal_message.html?_=1642981943605&CODE_STATE=getMsg HTTP/1.1" 200 27
172.20.0.100 - - [24/Jan/2022:07:52:30 +0800] "GET /xingrg/all/function/internal_message.html?_=1642981949917&CODE_STATE=getMsg HTTP/1.1" 200 27
120.253.135.82 - - [24/Jan/2022:07:52:31 +0800] "GET /xingrg/all/function/internal_message.html?_=1642981740453&CODE_STATE=getMsg HTTP/1.1" 200 27
114.84.146.162 - - [24/Jan/2022:07:52:32 +0800] "GET /xingrg/all/function/internal_message.html?_=1642981751448&CODE_STATE=getMsg HTTP/1.1" 200 27
180.169.147.146 - - [24/Jan/2022:07:52:36 +0800] "GET /xingrg/all/function/internal_message.html?_=1642981958604&CODE_STATE=getMsg HTTP/1.1" 200 27
180.152.99.39 - - [24/Jan/2022:07:52:40 +0800] "GET /xingrg/all/function/internal_message.html?_=1642981890530&CODE_STATE=getMsg HTTP/1.1" 200 27
180.152.99.73 - - [24/Jan/2022:07:52:45 +0800] "GET /xingrg/all/function/internal_message.html?_=1642981966297&CODE_STATE=getMsg HTTP/1.1" 200 27
180.152.99.73 - - [24/Jan/2022:07:52:45 +0800] "GET /xingrg/check_reg.html?_=1642981966301 HTTP/1.1" 200 22
180.169.147.146 - - [24/Jan/2022:07:52:51 +0800] "GET /xingrg/all/function/internal_message.html?_=1642981970860&CODE_STATE=getMsg HTTP/1.1" 200 27
180.152.99.39 - - [24/Jan/2022:07:53:01 +0800] "GET /xingrg/check_reg.html?_=1642981911680 HTTP/1.1" 200 22
101.80.229.199 - - [24/Jan/2022:07:53:23 +0800] "GET /xingrg/all/function/internal_message.html?_=1642982003610&CODE_STATE=getMsg HTTP/1.1" 200 27
172.20.0.100 - - [24/Jan/2022:07:53:30 +0800] "GET /xingrg/all/function/internal_message.html?_=1642982009889&CODE_STATE=getMsg HTTP/1.1" 200 27
120.253.135.82 - - [24/Jan/2022:07:53:31 +0800] "GET /xingrg/all/function/internal_message.html?_=1642981800466&CODE_STATE=getMsg HTTP/1.1" 200 27
114.84.146.162 - - [24/Jan/2022:07:53:32 +0800] "GET /xingrg/all/function/internal_message.html?_=1642981811417&CODE_STATE=getMsg HTTP/1.1" 200 27
180.169.147.146 - - [24/Jan/2022:07:53:36 +0800] "GET /xingrg/all/function/internal_message.html?_=1642982018605&CODE_STATE=getMsg HTTP/1.1" 200 27
180.152.99.39 - - [24/Jan/2022:07:53:40 +0800] "GET /xingrg/all/function/internal_message.html?_=1642981950537&CODE_STATE=getMsg HTTP/1.1" 200 27
180.152.99.73 - - [24/Jan/2022:07:53:45 +0800] "GET /xingrg/all/function/internal_message.html?_=1642982026302&CODE_STATE=getMsg HTTP/1.1" 200 27
180.169.147.146 - - [24/Jan/2022:07:53:51 +0800] "GET /xingrg/all/function/internal_message.html?_=1642982030857&CODE_STATE=getMsg HTTP/1.1" 200 27
101.83.241.190 - - [24/Jan/2022:07:53:54 +0800] "POST /xingrg/services/DataTransmitService HTTP/1.1" 200 524
101.80.229.199 - - [24/Jan/2022:07:54:23 +0800] "GET /xingrg/all/function/internal_message.html?_=1642982063614&CODE_STATE=getMsg HTTP/1.1" 200 27
172.20.0.100 - - [24/Jan/2022:07:54:30 +0800] "GET /xingrg/all/function/internal_message.html?_=1642982069861&CODE_STATE=getMsg HTTP/1.1" 200 27
120.253.135.82 - - [24/Jan/2022:07:54:31 +0800] "GET /xingrg/all/function/internal_message.html?_=1642981860599&CODE_STATE=getMsg HTTP/1.1" 200 27
114.84.146.162 - - [24/Jan/2022:07:54:32 +0800] "GET /xingrg/all/function/internal_message.html?_=1642981871388&CODE_STATE=getMsg HTTP/1.1" 200 27
180.169.147.146 - - [24/Jan/2022:07:54:36 +0800] "GET /xingrg/all/function/internal_message.html?_=1642982078606&CODE_STATE=getMsg HTTP/1.1" 200 27
180.152.99.39 - - [24/Jan/2022:07:54:40 +0800] "GET /xingrg/all/function/internal_message.html?_=1642982010549&CODE_STATE=getMsg HTTP/1.1" 200 27
180.152.99.73 - - [24/Jan/2022:07:54:45 +0800] "GET /xingrg/all/function/internal_message.html?_=1642982086304&CODE_STATE=getMsg HTTP/1.1" 200 27
58.39.168.32 - - [24/Jan/2022:07:54:47 +0800] "POST /xingrg/services/DataTransmitService HTTP/1.1" 200 524
180.169.147.146 - - [24/Jan/2022:07:54:51 +0800] "GET /xingrg/all/function/internal_message.html?_=1642982090849&CODE_STATE=getMsg HTTP/1.1" 200 27
180.169.147.146 - - [24/Jan/2022:07:54:51 +0800] "GET /xingrg/check_reg.html?_=1642982090850 HTTP/1.1" 200 22
114.84.146.162 - - [24/Jan/2022:07:54:54 +0800] "GET /xingrg/check_reg.html?_=1642981893308 HTTP/1.1" 200 22
120.253.135.82 - - [24/Jan/2022:07:55:12 +0800] "GET /xingrg/javascript/easyui/themes/sunny/images/ui-bg_gloss-wave_60_fece2f_500x100.png HTTP/1.1" 200 3512
120.253.135.82 - - [24/Jan/2022:07:55:21 +0800] "POST /xingrg/kc/base/stock_operate.html HTTP/1.1" 200 1479
101.80.229.199 - - [24/Jan/2022:07:55:23 +0800] "GET /xingrg/all/function/internal_message.html?_=1642982123606&CODE_STATE=getMsg HTTP/1.1" 200 27
101.80.229.199 - - [24/Jan/2022:07:55:23 +0800] "GET /xingrg/check_reg.html?_=1642982123602 HTTP/1.1" 200 22
120.253.135.82 - - [24/Jan/2022:07:55:27 +0800] "GET /xingrg/check_reg.html?_=1642981916812 HTTP/1.1" 200 22
172.20.0.100 - - [24/Jan/2022:07:55:30 +0800] "GET /xingrg/all/function/internal_message.html?_=1642982129838&CODE_STATE=getMsg HTTP/1.1" 200 27
120.253.135.82 - - [24/Jan/2022:07:55:31 +0800] "GET /xingrg/all/function/internal_message.html?_=1642981920602&CODE_STATE=getMsg HTTP/1.1" 200 27
114.84.146.162 - - [24/Jan/2022:07:55:32 +0800] "GET /xingrg/all/function/internal_message.html?_=1642981931367&CODE_STATE=getMsg HTTP/1.1" 200 27
180.169.147.146 - - [24/Jan/2022:07:55:36 +0800] "GET /xingrg/check_reg.html?_=1642982138605 HTTP/1.1" 200 22
180.169.147.146 - - [24/Jan/2022:07:55:36 +0800] "GET /xingrg/all/function/internal_message.html?_=1642982138606&CODE_STATE=getMsg HTTP/1.1" 200 27
180.152.99.39 - - [24/Jan/2022:07:55:40 +0800] "GET /xingrg/all/function/internal_message.html?_=1642982070640&CODE_STATE=getMsg HTTP/1.1" 200 27
180.152.99.73 - - [24/Jan/2022:07:55:45 +0800] "GET /xingrg/all/function/internal_message.html?_=1642982146315&CODE_STATE=getMsg HTTP/1.1" 200 27
180.169.147.146 - - [24/Jan/2022:07:55:51 +0800] "GET /xingrg/all/function/internal_message.html?_=1642982150854&CODE_STATE=getMsg HTTP/1.1" 200 27
120.253.135.82 - - [24/Jan/2022:07:56:19 +0800] "POST /xingrg/kc/base/stock_operate.html HTTP/1.1" 200 1483
101.80.229.199 - - [24/Jan/2022:07:56:23 +0800] "GET /xingrg/all/function/internal_message.html?_=1642982183608&CODE_STATE=getMsg HTTP/1.1" 200 27
172.20.0.100 - - [24/Jan/2022:07:56:30 +0800] "GET /xingrg/all/function/internal_message.html?_=1642982189812&CODE_STATE=getMsg HTTP/1.1" 200 27
120.253.135.82 - - [24/Jan/2022:07:56:31 +0800] "GET /xingrg/all/function/internal_message.html?_=1642981980616&CODE_STATE=getMsg HTTP/1.1" 200 27
114.84.146.162 - - [24/Jan/2022:07:56:32 +0800] "GET /xingrg/all/function/internal_message.html?_=1642981991360&CODE_STATE=getMsg HTTP/1.1" 200 27
180.169.147.146 - - [24/Jan/2022:07:56:36 +0800] "GET /xingrg/all/function/internal_message.html?_=1642982198620&CODE_STATE=getMsg HTTP/1.1" 200 27
180.152.99.39 - - [24/Jan/2022:07:56:40 +0800] "GET /xingrg/all/function/internal_message.html?_=1642982130656&CODE_STATE=getMsg HTTP/1.1" 200 27
180.152.99.73 - - [24/Jan/2022:07:56:45 +0800] "GET /xingrg/all/function/internal_message.html?_=1642982206318&CODE_STATE=getMsg HTTP/1.1" 200 27
180.169.147.146 - - [24/Jan/2022:07:56:51 +0800] "GET /xingrg/all/function/internal_message.html?_=1642982210864&CODE_STATE=getMsg HTTP/1.1" 200 27
172.20.0.100 - - [24/Jan/2022:07:56:52 +0800] "GET /xingrg/check_reg.html?_=1642982212098 HTTP/1.1" 200 22
101.80.229.199 - - [24/Jan/2022:07:57:23 +0800] "GET /xingrg/all/function/internal_message.html?_=1642982243612&CODE_STATE=getMsg HTTP/1.1" 200 27
172.20.0.100 - - [24/Jan/2022:07:57:30 +0800] "GET /xingrg/all/function/internal_message.html?_=1642982249789&CODE_STATE=getMsg HTTP/1.1" 200 27
120.253.135.82 - - [24/Jan/2022:07:57:31 +0800] "GET /xingrg/all/function/internal_message.html?_=1642982040630&CODE_STATE=getMsg HTTP/1.1" 200 27
114.84.146.162 - - [24/Jan/2022:07:57:32 +0800] "GET /xingrg/all/function/internal_message.html?_=1642982051330&CODE_STATE=getMsg HTTP/1.1" 200 27
180.169.147.146 - - [24/Jan/2022:07:57:36 +0800] "GET /xingrg/all/function/internal_message.html?_=1642982258605&CODE_STATE=getMsg HTTP/1.1" 200 27
180.152.99.39 - - [24/Jan/2022:07:57:40 +0800] "GET /xingrg/all/function/internal_message.html?_=1642982190741&CODE_STATE=getMsg HTTP/1.1" 200 27
180.152.99.73 - - [24/Jan/2022:07:57:45 +0800] "GET /xingrg/check_reg.html?_=1642982266323 HTTP/1.1" 200 22
180.152.99.73 - - [24/Jan/2022:07:57:45 +0800] "GET /xingrg/all/function/internal_message.html?_=1642982266328&CODE_STATE=getMsg HTTP/1.1" 200 27
180.169.147.146 - - [24/Jan/2022:07:57:51 +0800] "GET /xingrg/all/function/internal_message.html?_=1642982270856&CODE_STATE=getMsg HTTP/1.1" 200 27
180.152.99.39 - - [24/Jan/2022:07:58:01 +0800] "GET /xingrg/check_reg.html?_=1642982211681 HTTP/1.1" 200 22
101.80.229.199 - - [24/Jan/2022:07:58:23 +0800] "GET /xingrg/all/function/internal_message.html?_=1642982303601&CODE_STATE=getMsg HTTP/1.1" 200 27
172.20.0.100 - - [24/Jan/2022:07:58:30 +0800] "GET /xingrg/all/function/internal_message.html?_=1642982309763&CODE_STATE=getMsg HTTP/1.1" 200 27
120.253.135.82 - - [24/Jan/2022:07:58:31 +0800] "GET /xingrg/all/function/internal_message.html?_=1642982100779&CODE_STATE=getMsg HTTP/1.1" 200 27
114.84.146.162 - - [24/Jan/2022:07:58:32 +0800] "GET /xingrg/all/function/internal_message.html?_=1642982111306&CODE_STATE=getMsg HTTP/1.1" 200 27
180.169.147.146 - - [24/Jan/2022:07:58:36 +0800] "GET /xingrg/all/function/internal_message.html?_=1642982318620&CODE_STATE=getMsg HTTP/1.1" 200 27
180.152.99.39 - - [24/Jan/2022:07:58:40 +0800] "GET /xingrg/all/function/internal_message.html?_=1642982250744&CODE_STATE=getMsg HTTP/1.1" 200 27
180.152.99.73 - - [24/Jan/2022:07:58:45 +0800] "GET /xingrg/all/function/internal_message.html?_=1642982326329&CODE_STATE=getMsg HTTP/1.1" 200 27
180.169.147.146 - - [24/Jan/2022:07:58:51 +0800] "GET /xingrg/all/function/internal_message.html?_=1642982330874&CODE_STATE=getMsg HTTP/1.1" 200 27
120.253.135.82 - - [24/Jan/2022:07:59:12 +0800] "POST /xingrg/kc/base/stock_operate.html HTTP/1.1" 200 1482
101.80.229.199 - - [24/Jan/2022:07:59:23 +0800] "GET /xingrg/all/function/internal_message.html?_=1642982363605&CODE_STATE=getMsg HTTP/1.1" 200 27
172.20.0.100 - - [24/Jan/2022:07:59:30 +0800] "GET /xingrg/all/function/internal_message.html?_=1642982369735&CODE_STATE=getMsg HTTP/1.1" 200 27
120.253.135.82 - - [24/Jan/2022:07:59:31 +0800] "GET /xingrg/all/function/internal_message.html?_=1642982160782&CODE_STATE=getMsg HTTP/1.1" 200 27
114.84.146.162 - - [24/Jan/2022:07:59:32 +0800] "GET /xingrg/all/function/internal_message.html?_=1642982171284&CODE_STATE=getMsg HTTP/1.1" 200 27
180.169.147.146 - - [24/Jan/2022:07:59:36 +0800] "GET /xingrg/all/function/internal_message.html?_=1642982378609&CODE_STATE=getMsg HTTP/1.1" 200 27
180.152.99.39 - - [24/Jan/2022:07:59:40 +0800] "GET /xingrg/all/function/internal_message.html?_=1642982310757&CODE_STATE=getMsg HTTP/1.1" 200 27
180.152.99.73 - - [24/Jan/2022:07:59:45 +0800] "GET /xingrg/all/function/internal_message.html?_=1642982386334&CODE_STATE=getMsg HTTP/1.1" 200 27
180.169.147.146 - - [24/Jan/2022:07:59:51 +0800] "GET /xingrg/check_reg.html?_=1642982390876 HTTP/1.1" 200 22
180.169.147.146 - - [24/Jan/2022:07:59:51 +0800] "GET /xingrg/all/function/internal_message.html?_=1642982390877&CODE_STATE=getMsg HTTP/1.1" 200 27
114.84.146.162 - - [24/Jan/2022:07:59:54 +0800] "GET /xingrg/check_reg.html?_=1642982193328 HTTP/1.1" 200 22
120.253.135.82 - - [24/Jan/2022:08:00:11 +0800] "POST /xingrg/kc/base/stock_operate.html HTTP/1.1" 200 1470
101.80.229.199 - - [24/Jan/2022:08:00:23 +0800] "GET /xingrg/check_reg.html?_=1642982423606 HTTP/1.1" 200 22
101.80.229.199 - - [24/Jan/2022:08:00:23 +0800] "GET /xingrg/all/function/internal_message.html?_=1642982423610&CODE_STATE=getMsg HTTP/1.1" 200 27
120.253.135.82 - - [24/Jan/2022:08:00:27 +0800] "GET /xingrg/check_reg.html?_=1642982216820 HTTP/1.1" 200 22
172.20.0.100 - - [24/Jan/2022:08:00:30 +0800] "GET /xingrg/all/function/internal_message.html?_=1642982429708&CODE_STATE=getMsg HTTP/1.1" 200 27
120.253.135.82 - - [24/Jan/2022:08:00:31 +0800] "GET /xingrg/all/function/internal_message.html?_=1642982220795&CODE_STATE=getMsg HTTP/1.1" 200 27
114.84.146.162 - - [24/Jan/2022:08:00:32 +0800] "GET /xingrg/all/function/internal_message.html?_=1642982231263&CODE_STATE=getMsg HTTP/1.1" 200 27
180.169.147.146 - - [24/Jan/2022:08:00:36 +0800] "GET /xingrg/check_reg.html?_=1642982438609 HTTP/1.1" 200 22
180.169.147.146 - - [24/Jan/2022:08:00:36 +0800] "GET /xingrg/all/function/internal_message.html?_=1642982438615&CODE_STATE=getMsg HTTP/1.1" 200 27
180.152.99.39 - - [24/Jan/2022:08:00:41 +0800] "GET /xingrg/all/function/internal_message.html?_=1642982370848&CODE_STATE=getMsg HTTP/1.1" 200 27
180.152.99.73 - - [24/Jan/2022:08:00:45 +0800] "GET /xingrg/all/function/internal_message.html?_=1642982446337&CODE_STATE=getMsg HTTP/1.1" 200 27
120.253.135.82 - - [24/Jan/2022:08:00:48 +0800] "POST /xingrg/kc/base/stock_operate.html HTTP/1.1" 200 1475
180.169.147.146 - - [24/Jan/2022:08:00:51 +0800] "GET /xingrg/all/function/internal_message.html?_=1642982450869&CODE_STATE=getMsg HTTP/1.1" 200 27
120.253.135.82 - - [24/Jan/2022:08:01:12 +0800] "POST /xingrg/kc/base/stock_operate.html HTTP/1.1" 200 1486
101.80.229.199 - - [24/Jan/2022:08:01:23 +0800] "GET /xingrg/all/function/internal_message.html?_=1642982483611&CODE_STATE=getMsg HTTP/1.1" 200 27
172.20.0.100 - - [24/Jan/2022:08:01:30 +0800] "GET /xingrg/all/function/internal_message.html?_=1642982489681&CODE_STATE=getMsg HTTP/1.1" 200 27
120.253.135.82 - - [24/Jan/2022:08:01:31 +0800] "GET /xingrg/all/function/internal_message.html?_=1642982280808&CODE_STATE=getMsg HTTP/1.1" 200 27
114.84.146.162 - - [24/Jan/2022:08:01:32 +0800] "GET /xingrg/all/function/internal_message.html?_=1642982291233&CODE_STATE=getMsg HTTP/1.1" 200 27
180.169.147.146 - - [24/Jan/2022:08:01:36 +0800] "GET /xingrg/all/function/internal_message.html?_=1642982498616&CODE_STATE=getMsg HTTP/1.1" 200 27
180.152.99.39 - - [24/Jan/2022:08:01:41 +0800] "GET /xingrg/all/function/internal_message.html?_=1642982430864&CODE_STATE=getMsg HTTP/1.1" 200 27
180.152.99.73 - - [24/Jan/2022:08:01:45 +0800] "GET /xingrg/all/function/internal_message.html?_=1642982506341&CODE_STATE=getMsg HTTP/1.1" 200 27
180.169.147.146 - - [24/Jan/2022:08:01:51 +0800] "GET /xingrg/all/function/internal_message.html?_=1642982510869&CODE_STATE=getMsg HTTP/1.1" 200 27
172.20.0.100 - - [24/Jan/2022:08:01:52 +0800] "GET /xingrg/check_reg.html?_=1642982512094 HTTP/1.1" 200 22
120.253.135.82 - - [24/Jan/2022:08:02:07 +0800] "POST /xingrg/kc/base/stock_operate.html HTTP/1.1" 200 1470
101.80.229.199 - - [24/Jan/2022:08:02:23 +0800] "GET /xingrg/all/function/internal_message.html?_=1642982543616&CODE_STATE=getMsg HTTP/1.1" 200 27
172.20.0.100 - - [24/Jan/2022:08:02:30 +0800] "GET /xingrg/all/function/internal_message.html?_=1642982549660&CODE_STATE=getMsg HTTP/1.1" 200 27
120.253.135.82 - - [24/Jan/2022:08:02:31 +0800] "GET /xingrg/all/function/internal_message.html?_=1642982340822&CODE_STATE=getMsg HTTP/1.1" 200 27
114.84.146.162 - - [24/Jan/2022:08:02:32 +0800] "GET /xingrg/all/function/internal_message.html?_=1642982351209&CODE_STATE=getMsg HTTP/1.1" 200 27
222.70.182.51 - - [24/Jan/2022:08:02:35 +0800] "POST /xingrg/services/DataTransmitService HTTP/1.1" 200 524
180.169.147.146 - - [24/Jan/2022:08:02:36 +0800] "GET /xingrg/all/function/internal_message.html?_=1642982558616&CODE_STATE=getMsg HTTP/1.1" 200 27
180.152.99.39 - - [24/Jan/2022:08:02:41 +0800] "GET /xingrg/all/function/internal_message.html?_=1642982490948&CODE_STATE=getMsg HTTP/1.1" 200 27
180.152.99.73 - - [24/Jan/2022:08:02:45 +0800] "GET /xingrg/check_reg.html?_=1642982566327 HTTP/1.1" 200 22
180.152.99.73 - - [24/Jan/2022:08:02:45 +0800] "GET /xingrg/all/function/internal_message.html?_=1642982566330&CODE_STATE=getMsg HTTP/1.1" 200 27
180.169.147.146 - - [24/Jan/2022:08:02:51 +0800] "GET /xingrg/all/function/internal_message.html?_=1642982570858&CODE_STATE=getMsg HTTP/1.1" 200 27
120.253.135.82 - - [24/Jan/2022:08:02:52 +0800] "POST /xingrg/kc/base/stock_operate.html HTTP/1.1" 200 1489
180.152.99.39 - - [24/Jan/2022:08:03:01 +0800] "GET /xingrg/check_reg.html?_=1642982511692 HTTP/1.1" 200 22
101.80.229.199 - - [24/Jan/2022:08:03:23 +0800] "GET /xingrg/all/function/internal_message.html?_=1642982603604&CODE_STATE=getMsg HTTP/1.1" 200 27
172.20.0.100 - - [24/Jan/2022:08:03:30 +0800] "GET /xingrg/all/function/internal_message.html?_=1642982609632&CODE_STATE=getMsg HTTP/1.1" 200 27
120.253.135.82 - - [24/Jan/2022:08:03:31 +0800] "GET /xingrg/all/function/internal_message.html?_=1642982400836&CODE_STATE=getMsg HTTP/1.1" 200 27
114.84.146.162 - - [24/Jan/2022:08:03:32 +0800] "GET /xingrg/all/function/internal_message.html?_=1642982411182&CODE_STATE=getMsg HTTP/1.1" 200 27
180.169.147.146 - - [24/Jan/2022:08:03:36 +0800] "GET /xingrg/all/function/internal_message.html?_=1642982618620&CODE_STATE=getMsg HTTP/1.1" 200 27
180.152.99.39 - - [24/Jan/2022:08:03:41 +0800] "GET /xingrg/all/function/internal_message.html?_=1642982550952&CODE_STATE=getMsg HTTP/1.1" 200 27
180.152.99.73 - - [24/Jan/2022:08:03:45 +0800] "GET /xingrg/all/function/internal_message.html?_=1642982626330&CODE_STATE=getMsg HTTP/1.1" 200 27
180.169.147.146 - - [24/Jan/2022:08:03:51 +0800] "GET /xingrg/all/function/internal_message.html?_=1642982630865&CODE_STATE=getMsg HTTP/1.1" 200 27
120.253.135.82 - - [24/Jan/2022:08:04:02 +0800] "POST /xingrg/kc/base/stock_operate.html HTTP/1.1" 200 1732
101.80.229.199 - - [24/Jan/2022:08:04:23 +0800] "GET /xingrg/all/function/internal_message.html?_=1642982663606&CODE_STATE=getMsg HTTP/1.1" 200 27
172.20.0.100 - - [24/Jan/2022:08:04:29 +0800] "GET /xingrg/all/function/internal_message.html?_=1642982669605&CODE_STATE=getMsg HTTP/1.1" 200 27
120.253.135.82 - - [24/Jan/2022:08:04:31 +0800] "GET /xingrg/all/function/internal_message.html?_=1642982460850&CODE_STATE=getMsg HTTP/1.1" 200 27
114.84.146.162 - - [24/Jan/2022:08:04:32 +0800] "GET /xingrg/all/function/internal_message.html?_=1642982471160&CODE_STATE=getMsg HTTP/1.1" 200 27
180.169.147.146 - - [24/Jan/2022:08:04:36 +0800] "GET /xingrg/all/function/internal_message.html?_=1642982678623&CODE_STATE=getMsg HTTP/1.1" 200 27
180.152.99.39 - - [24/Jan/2022:08:04:41 +0800] "GET /xingrg/all/function/internal_message.html?_=1642982610966&CODE_STATE=getMsg HTTP/1.1" 200 27
180.152.99.73 - - [24/Jan/2022:08:04:45 +0800] "GET /xingrg/all/function/internal_message.html?_=1642982686341&CODE_STATE=getMsg HTTP/1.1" 200 27
180.169.147.146 - - [24/Jan/2022:08:04:51 +0800] "GET /xingrg/check_reg.html?_=1642982690882 HTTP/1.1" 200 22
180.169.147.146 - - [24/Jan/2022:08:04:51 +0800] "GET /xingrg/all/function/internal_message.html?_=1642982690881&CODE_STATE=getMsg HTTP/1.1" 200 27
114.84.146.162 - - [24/Jan/2022:08:04:54 +0800] "GET /xingrg/check_reg.html?_=1642982493328 HTTP/1.1" 200 22
101.80.229.199 - - [24/Jan/2022:08:05:23 +0800] "GET /xingrg/check_reg.html?_=1642982723611 HTTP/1.1" 200 22
101.80.229.199 - - [24/Jan/2022:08:05:23 +0800] "GET /xingrg/all/function/internal_message.html?_=1642982723614&CODE_STATE=getMsg HTTP/1.1" 200 27
120.253.135.82 - - [24/Jan/2022:08:05:27 +0800] "GET /xingrg/check_reg.html?_=1642982516827 HTTP/1.1" 200 22
172.20.0.100 - - [24/Jan/2022:08:05:29 +0800] "GET /xingrg/all/function/internal_message.html?_=1642982729579&CODE_STATE=getMsg HTTP/1.1" 200 27
120.253.135.82 - - [24/Jan/2022:08:05:31 +0800] "GET /xingrg/all/function/internal_message.html?_=1642982520863&CODE_STATE=getMsg HTTP/1.1" 200 27
114.84.146.162 - - [24/Jan/2022:08:05:32 +0800] "GET /xingrg/all/function/internal_message.html?_=1642982531166&CODE_STATE=getMsg HTTP/1.1" 200 27
180.169.147.146 - - [24/Jan/2022:08:05:36 +0800] "GET /xingrg/check_reg.html?_=1642982738622 HTTP/1.1" 200 22
180.169.147.146 - - [24/Jan/2022:08:05:36 +0800] "GET /xingrg/all/function/internal_message.html?_=1642982738625&CODE_STATE=getMsg HTTP/1.1" 200 27
180.152.99.39 - - [24/Jan/2022:08:05:41 +0800] "GET /xingrg/all/function/internal_message.html?_=1642982671058&CODE_STATE=getMsg HTTP/1.1" 200 27
120.253.135.82 - - [24/Jan/2022:08:05:42 +0800] "POST /xingrg/kc/base/stock_operate.html HTTP/1.1" 200 1484
180.152.99.73 - - [24/Jan/2022:08:05:45 +0800] "GET /xingrg/all/function/internal_message.html?_=1642982746344&CODE_STATE=getMsg HTTP/1.1" 200 27
180.169.147.146 - - [24/Jan/2022:08:05:51 +0800] "GET /xingrg/all/function/internal_message.html?_=1642982750879&CODE_STATE=getMsg HTTP/1.1" 200 27
101.80.229.199 - - [24/Jan/2022:08:06:23 +0800] "GET /xingrg/all/function/internal_message.html?_=1642982783601&CODE_STATE=getMsg HTTP/1.1" 200 27
172.20.0.100 - - [24/Jan/2022:08:06:29 +0800] "GET /xingrg/all/function/internal_message.html?_=1642982789552&CODE_STATE=getMsg HTTP/1.1" 200 27
120.253.135.82 - - [24/Jan/2022:08:06:31 +0800] "GET /xingrg/all/function/internal_message.html?_=1642982580878&CODE_STATE=getMsg HTTP/1.1" 200 27
114.84.146.162 - - [24/Jan/2022:08:06:32 +0800] "GET /xingrg/all/function/internal_message.html?_=1642982591143&CODE_STATE=getMsg HTTP/1.1" 200 27
180.169.147.146 - - [24/Jan/2022:08:06:36 +0800] "GET /xingrg/all/function/internal_message.html?_=1642982798627&CODE_STATE=getMsg HTTP/1.1" 200 27
180.152.99.39 - - [24/Jan/2022:08:06:41 +0800] "GET /xingrg/all/function/internal_message.html?_=1642982731072&CODE_STATE=getMsg HTTP/1.1" 200 27
180.152.99.73 - - [24/Jan/2022:08:06:45 +0800] "GET /xingrg/all/function/internal_message.html?_=1642982806345&CODE_STATE=getMsg HTTP/1.1" 200 27
180.169.147.146 - - [24/Jan/2022:08:06:51 +0800] "GET /xingrg/all/function/internal_message.html?_=1642982810871&CODE_STATE=getMsg HTTP/1.1" 200 27
172.20.0.100 - - [24/Jan/2022:08:06:52 +0800] "GET /xingrg/check_reg.html?_=1642982812088 HTTP/1.1" 200 22
101.80.229.199 - - [24/Jan/2022:08:07:23 +0800] "GET /xingrg/all/function/internal_message.html?_=1642982843605&CODE_STATE=getMsg HTTP/1.1" 200 27
172.20.0.100 - - [24/Jan/2022:08:07:29 +0800] "GET /xingrg/all/function/internal_message.html?_=1642982849533&CODE_STATE=getMsg HTTP/1.1" 200 27
120.253.135.82 - - [24/Jan/2022:08:07:31 +0800] "GET /xingrg/all/function/internal_message.html?_=1642982640890&CODE_STATE=getMsg HTTP/1.1" 200 27
114.84.146.162 - - [24/Jan/2022:08:07:32 +0800] "GET /xingrg/all/function/internal_message.html?_=1642982651125&CODE_STATE=getMsg HTTP/1.1" 200 27
180.169.147.146 - - [24/Jan/2022:08:07:36 +0800] "GET /xingrg/all/function/internal_message.html?_=1642982858626&CODE_STATE=getMsg HTTP/1.1" 200 27
180.152.99.39 - - [24/Jan/2022:08:07:41 +0800] "GET /xingrg/all/function/internal_message.html?_=1642982791157&CODE_STATE=getMsg HTTP/1.1" 200 27
180.152.99.73 - - [24/Jan/2022:08:07:45 +0800] "GET /xingrg/check_reg.html?_=1642982866353 HTTP/1.1" 200 22
180.152.99.73 - - [24/Jan/2022:08:07:45 +0800] "GET /xingrg/all/function/internal_message.html?_=1642982866357&CODE_STATE=getMsg HTTP/1.1" 200 27
180.169.147.146 - - [24/Jan/2022:08:07:51 +0800] "GET /xingrg/all/function/internal_message.html?_=1642982870876&CODE_STATE=getMsg HTTP/1.1" 200 27
180.152.99.39 - - [24/Jan/2022:08:08:01 +0800] "GET /xingrg/check_reg.html?_=1642982811693 HTTP/1.1" 200 22
101.80.229.199 - - [24/Jan/2022:08:08:23 +0800] "GET /xingrg/all/function/internal_message.html?_=1642982903611&CODE_STATE=getMsg HTTP/1.1" 200 27
172.20.0.100 - - [24/Jan/2022:08:08:29 +0800] "GET /xingrg/all/function/internal_message.html?_=1642982909507&CODE_STATE=getMsg HTTP/1.1" 200 27
120.253.135.82 - - [24/Jan/2022:08:08:31 +0800] "GET /xingrg/all/function/internal_message.html?_=1642982701024&CODE_STATE=getMsg HTTP/1.1" 200 27
114.84.146.162 - - [24/Jan/2022:08:08:32 +0800] "GET /xingrg/all/function/internal_message.html?_=1642982711097&CODE_STATE=getMsg HTTP/1.1" 200 27
180.169.147.146 - - [24/Jan/2022:08:08:36 +0800] "GET /xingrg/all/function/internal_message.html?_=1642982918626&CODE_STATE=getMsg HTTP/1.1" 200 27
120.253.135.82 - - [24/Jan/2022:08:08:39 +0800] "GET /xingrg/kc/buy/cgsh_order_list.html HTTP/1.1" 200 49639
180.152.99.39 - - [24/Jan/2022:08:08:41 +0800] "GET /xingrg/all/function/internal_message.html?_=1642982851162&CODE_STATE=getMsg HTTP/1.1" 200 27
120.253.135.82 - - [24/Jan/2022:08:08:41 +0800] "POST /xingrg/kc/buy/cgsh_list_operate.html HTTP/1.1" 200 876
120.253.135.82 - - [24/Jan/2022:08:08:43 +0800] "GET /xingrg/kc/buy/cgsh_order_add.html HTTP/1.1" 200 64431
120.253.135.82 - - [24/Jan/2022:08:08:43 +0800] "POST /xingrg/kc/buy/cgsh_order_operate.html HTTP/1.1" 200 8245
120.253.135.82 - - [24/Jan/2022:08:08:43 +0800] "GET /xingrg/javascript/easyui/themes/default/validatebox.css HTTP/1.1" 404 1104
180.152.99.73 - - [24/Jan/2022:08:08:45 +0800] "GET /xingrg/all/function/internal_message.html?_=1642982926360&CODE_STATE=getMsg HTTP/1.1" 200 27
180.169.147.146 - - [24/Jan/2022:08:08:51 +0800] "GET /xingrg/all/function/internal_message.html?_=1642982930873&CODE_STATE=getMsg HTTP/1.1" 200 27
120.253.135.82 - - [24/Jan/2022:08:08:54 +0800] "POST /xingrg/all/common/load_combo.html?type=employee HTTP/1.1" 200 1661
120.253.135.82 - - [24/Jan/2022:08:09:09 +0800] "GET /xingrg/kc/buy/cgsh_order_operate.html?command=get_materiel&rest_code=00101&code=00101013067&supplier_code=00100231&order_time=2022-01-24 HTTP/1.1" 200 435
101.80.229.199 - - [24/Jan/2022:08:09:23 +0800] "GET /xingrg/all/function/internal_message.html?_=1642982963613&CODE_STATE=getMsg HTTP/1.1" 200 27
120.253.135.82 - - [24/Jan/2022:08:09:26 +0800] "POST /xingrg/kc/buy/cgsh_order_operate.html HTTP/1.1" 200 37
120.253.135.82 - - [24/Jan/2022:08:09:28 +0800] "POST /xingrg/kc/buy/cgsh_order_operate.html HTTP/1.1" 200 2663
116.235.94.49 - - [24/Jan/2022:08:09:29 +0800] "POST /xingrg/services/DataTransmitService HTTP/1.1" 200 524
172.20.0.100 - - [24/Jan/2022:08:09:29 +0800] "GET /xingrg/all/function/internal_message.html?_=1642982969479&CODE_STATE=getMsg HTTP/1.1" 200 27
120.253.135.82 - - [24/Jan/2022:08:09:30 +0800] "GET /xingrg/kc/print/load_data.html?order_code=212022012412125&kc_code=cgsh&condition= HTTP/1.1" 200 683
120.253.135.82 - - [24/Jan/2022:08:09:31 +0800] "GET /xingrg/all/function/internal_message.html?_=1642982761027&CODE_STATE=getMsg HTTP/1.1" 200 27
114.84.146.162 - - [24/Jan/2022:08:09:32 +0800] "GET /xingrg/all/function/internal_message.html?_=1642982771077&CODE_STATE=getMsg HTTP/1.1" 200 27
180.169.147.146 - - [24/Jan/2022:08:09:36 +0800] "GET /xingrg/all/function/internal_message.html?_=1642982978628&CODE_STATE=getMsg HTTP/1.1" 200 27
180.152.99.39 - - [24/Jan/2022:08:09:41 +0800] "GET /xingrg/all/function/internal_message.html?_=1642982911174&CODE_STATE=getMsg HTTP/1.1" 200 27
180.152.99.73 - - [24/Jan/2022:08:09:45 +0800] "GET /xingrg/all/function/internal_message.html?_=1642982986360&CODE_STATE=getMsg HTTP/1.1" 200 27
180.169.147.146 - - [24/Jan/2022:08:09:51 +0800] "GET /xingrg/all/function/internal_message.html?_=1642982990883&CODE_STATE=getMsg HTTP/1.1" 200 27
180.169.147.146 - - [24/Jan/2022:08:09:51 +0800] "GET /xingrg/check_reg.html?_=1642982990884 HTTP/1.1" 200 22
114.84.146.162 - - [24/Jan/2022:08:09:54 +0800] "GET /xingrg/check_reg.html?_=1642982793354 HTTP/1.1" 200 22
101.80.229.199 - - [24/Jan/2022:08:10:23 +0800] "GET /xingrg/check_reg.html?_=1642983023601 HTTP/1.1" 200 22
101.80.229.199 - - [24/Jan/2022:08:10:23 +0800] "GET /xingrg/all/function/internal_message.html?_=1642983023605&CODE_STATE=getMsg HTTP/1.1" 200 27
120.253.135.82 - - [24/Jan/2022:08:10:27 +0800] "GET /xingrg/check_reg.html?_=1642982816830 HTTP/1.1" 200 22
172.20.0.100 - - [24/Jan/2022:08:10:29 +0800] "GET /xingrg/all/function/internal_message.html?_=1642983029453&CODE_STATE=getMsg HTTP/1.1" 200 27
120.253.135.82 - - [24/Jan/2022:08:10:31 +0800] "GET /xingrg/all/function/internal_message.html?_=1642982821040&CODE_STATE=getMsg HTTP/1.1" 200 27
114.84.146.162 - - [24/Jan/2022:08:10:32 +0800] "GET /xingrg/all/function/internal_message.html?_=1642982831051&CODE_STATE=getMsg HTTP/1.1" 200 27
180.169.147.146 - - [24/Jan/2022:08:10:36 +0800] "GET /xingrg/check_reg.html?_=1642983038632 HTTP/1.1" 200 22
180.169.147.146 - - [24/Jan/2022:08:10:36 +0800] "GET /xingrg/all/function/internal_message.html?_=1642983038635&CODE_STATE=getMsg HTTP/1.1" 200 27
180.152.99.39 - - [24/Jan/2022:08:10:41 +0800] "GET /xingrg/all/function/internal_message.html?_=1642982971268&CODE_STATE=getMsg HTTP/1.1" 200 27
180.152.99.73 - - [24/Jan/2022:08:10:45 +0800] "GET /xingrg/all/function/internal_message.html?_=1642983046369&CODE_STATE=getMsg HTTP/1.1" 200 27
120.253.135.82 - - [24/Jan/2022:08:10:49 +0800] "POST /xingrg/kc/buy/cgsh_order_operate.html HTTP/1.1" 200 37
180.169.147.146 - - [24/Jan/2022:08:10:51 +0800] "GET /xingrg/all/function/internal_message.html?_=1642983050875&CODE_STATE=getMsg HTTP/1.1" 200 27
120.253.135.82 - - [24/Jan/2022:08:10:55 +0800] "POST /xingrg/kc/buy/cgsh_order_operate.html HTTP/1.1" 200 12
120.253.135.82 - - [24/Jan/2022:08:11:04 +0800] "GET /xingrg/kc/buy/cgsh_order_info.html?code=212022012412125 HTTP/1.1" 200 59350
120.253.135.82 - - [24/Jan/2022:08:11:05 +0800] "GET /xingrg/javascript/easyui/themes/default/validatebox.css HTTP/1.1" 404 1104
120.253.135.82 - - [24/Jan/2022:08:11:06 +0800] "POST /xingrg/kc/buy/cgsh_order_operate.html HTTP/1.1" 200 613
120.253.135.82 - - [24/Jan/2022:08:11:16 +0800] "GET /xingrg/kc/buy/cgsh_order_add.html HTTP/1.1" 200 64431
120.253.135.82 - - [24/Jan/2022:08:11:17 +0800] "POST /xingrg/kc/buy/cgsh_order_operate.html HTTP/1.1" 200 8245
120.253.135.82 - - [24/Jan/2022:08:11:17 +0800] "GET /xingrg/javascript/easyui/themes/default/validatebox.css HTTP/1.1" 404 1104
101.80.229.199 - - [24/Jan/2022:08:11:23 +0800] "GET /xingrg/all/function/internal_message.html?_=1642983083607&CODE_STATE=getMsg HTTP/1.1" 200 27
120.253.135.82 - - [24/Jan/2022:08:11:26 +0800] "POST /xingrg/all/common/load_combo.html?type=employee HTTP/1.1" 200 1661
172.20.0.100 - - [24/Jan/2022:08:11:29 +0800] "GET /xingrg/all/function/internal_message.html?_=1642983089428&CODE_STATE=getMsg HTTP/1.1" 200 27
120.253.135.82 - - [24/Jan/2022:08:11:31 +0800] "GET /xingrg/all/function/internal_message.html?_=1642982881055&CODE_STATE=getMsg HTTP/1.1" 200 27
114.84.146.162 - - [24/Jan/2022:08:11:32 +0800] "GET /xingrg/all/function/internal_message.html?_=1642982891031&CODE_STATE=getMsg HTTP/1.1" 200 27
180.169.147.146 - - [24/Jan/2022:08:11:36 +0800] "GET /xingrg/all/function/internal_message.html?_=1642983098628&CODE_STATE=getMsg HTTP/1.1" 200 27
120.253.135.82 - - [24/Jan/2022:08:11:40 +0800] "GET /xingrg/kc/buy/cgsh_order_operate.html?command=get_materiel&rest_code=00101&code=00101025014&supplier_code=00100216&order_time=2022-01-24 HTTP/1.1" 200 463
180.152.99.39 - - [24/Jan/2022:08:11:41 +0800] "GET /xingrg/all/function/internal_message.html?_=1642983031280&CODE_STATE=getMsg HTTP/1.1" 200 27
120.253.135.82 - - [24/Jan/2022:08:11:42 +0800] "POST /xingrg/all/common/load_select.html HTTP/1.1" 200 25
58.39.168.32 - - [24/Jan/2022:08:11:43 +0800] "POST /xingrg/services/DataTransmitService HTTP/1.1" 200 524
180.152.99.73 - - [24/Jan/2022:08:11:45 +0800] "GET /xingrg/all/function/internal_message.html?_=1642983106369&CODE_STATE=getMsg HTTP/1.1" 200 27
120.253.135.82 - - [24/Jan/2022:08:11:47 +0800] "GET /xingrg/kc/buy/cgsh_order_operate.html?command=get_materiel_price&rest_code=00101&code=00101025014&unit_code=00100189&supplier_code=00100216&order_time=2022-01-24 HTTP/1.1" 200 30
180.169.147.146 - - [24/Jan/2022:08:11:51 +0800] "GET /xingrg/all/function/internal_message.html?_=1642983110893&CODE_STATE=getMsg HTTP/1.1" 200 27
172.20.0.100 - - [24/Jan/2022:08:11:52 +0800] "GET /xingrg/check_reg.html?_=1642983112103 HTTP/1.1" 200 22
120.253.135.82 - - [24/Jan/2022:08:12:07 +0800] "POST /xingrg/kc/buy/cgsh_order_operate.html HTTP/1.1" 200 37
120.253.135.82 - - [24/Jan/2022:08:12:09 +0800] "POST /xingrg/kc/buy/cgsh_order_operate.html HTTP/1.1" 200 2688
120.253.135.82 - - [24/Jan/2022:08:12:12 +0800] "GET /xingrg/kc/print/load_data.html?order_code=212022012412126&kc_code=cgsh&condition= HTTP/1.1" 200 708
101.80.229.199 - - [24/Jan/2022:08:12:23 +0800] "GET /xingrg/all/function/internal_message.html?_=1642983143611&CODE_STATE=getMsg HTTP/1.1" 200 27
172.20.0.100 - - [24/Jan/2022:08:12:29 +0800] "GET /xingrg/all/function/internal_message.html?_=1642983149401&CODE_STATE=getMsg HTTP/1.1" 200 27
120.253.135.82 - - [24/Jan/2022:08:12:32 +0800] "GET /xingrg/all/function/internal_message.html?_=1642982941195&CODE_STATE=getMsg HTTP/1.1" 200 27
114.84.146.162 - - [24/Jan/2022:08:12:32 +0800] "GET /xingrg/all/function/internal_message.html?_=1642982951001&CODE_STATE=getMsg HTTP/1.1" 200 27
180.169.147.146 - - [24/Jan/2022:08:12:36 +0800] "GET /xingrg/all/function/internal_message.html?_=1642983158631&CODE_STATE=getMsg HTTP/1.1" 200 27
180.152.99.39 - - [24/Jan/2022:08:12:41 +0800] "GET /xingrg/all/function/internal_message.html?_=1642983091367&CODE_STATE=getMsg HTTP/1.1" 200 27
180.152.99.73 - - [24/Jan/2022:08:12:45 +0800] "GET /xingrg/check_reg.html?_=1642983166370 HTTP/1.1" 200 22
180.152.99.73 - - [24/Jan/2022:08:12:45 +0800] "GET /xingrg/all/function/internal_message.html?_=1642983166374&CODE_STATE=getMsg HTTP/1.1" 200 27
180.169.147.146 - - [24/Jan/2022:08:12:51 +0800] "GET /xingrg/all/function/internal_message.html?_=1642983170887&CODE_STATE=getMsg HTTP/1.1" 200 27
180.152.99.39 - - [24/Jan/2022:08:13:01 +0800] "GET /xingrg/check_reg.html?_=1642983111698 HTTP/1.1" 200 22
120.253.135.82 - - [24/Jan/2022:08:13:19 +0800] "POST /xingrg/kc/buy/cgsh_order_operate.html HTTP/1.1" 200 37
101.80.229.199 - - [24/Jan/2022:08:13:23 +0800] "GET /xingrg/all/function/internal_message.html?_=1642983203616&CODE_STATE=getMsg HTTP/1.1" 200 27
120.253.135.82 - - [24/Jan/2022:08:13:25 +0800] "POST /xingrg/kc/buy/cgsh_order_operate.html HTTP/1.1" 200 12
120.253.135.82 - - [24/Jan/2022:08:13:26 +0800] "GET /xingrg/kc/buy/cgsh_order_info.html?code=212022012412126 HTTP/1.1" 200 59344
120.253.135.82 - - [24/Jan/2022:08:13:27 +0800] "GET /xingrg/javascript/easyui/themes/default/validatebox.css HTTP/1.1" 404 1104
120.253.135.82 - - [24/Jan/2022:08:13:28 +0800] "POST /xingrg/kc/buy/cgsh_order_operate.html HTTP/1.1" 200 638
172.20.0.100 - - [24/Jan/2022:08:13:29 +0800] "GET /xingrg/all/function/internal_message.html?_=1642983209378&CODE_STATE=getMsg HTTP/1.1" 200 27
120.253.135.82 - - [24/Jan/2022:08:13:32 +0800] "GET /xingrg/all/function/internal_message.html?_=1642983001207&CODE_STATE=getMsg HTTP/1.1" 200 27
114.84.146.162 - - [24/Jan/2022:08:13:32 +0800] "GET /xingrg/all/function/internal_message.html?_=1642983010971&CODE_STATE=getMsg HTTP/1.1" 200 27
120.253.135.82 - - [24/Jan/2022:08:13:33 +0800] "POST /xingrg/kc/buy/cgsh_list_operate.html HTTP/1.1" 200 876
180.169.147.146 - - [24/Jan/2022:08:13:36 +0800] "GET /xingrg/all/function/internal_message.html?_=1642983218631&CODE_STATE=getMsg HTTP/1.1" 200 27
120.253.135.82 - - [24/Jan/2022:08:13:38 +0800] "POST /xingrg/kc/buy/cgsh_list_operate.html HTTP/1.1" 200 876
120.253.135.82 - - [24/Jan/2022:08:13:38 +0800] "POST /xingrg/kc/buy/cgsh_list_operate.html HTTP/1.1" 200 876
180.152.99.39 - - [24/Jan/2022:08:13:41 +0800] "GET /xingrg/all/function/internal_message.html?_=1642983151369&CODE_STATE=getMsg HTTP/1.1" 200 27
180.152.99.73 - - [24/Jan/2022:08:13:45 +0800] "GET /xingrg/all/function/internal_message.html?_=1642983226360&CODE_STATE=getMsg HTTP/1.1" 200 27
180.169.147.146 - - [24/Jan/2022:08:13:51 +0800] "GET /xingrg/all/function/internal_message.html?_=1642983230879&CODE_STATE=getMsg HTTP/1.1" 200 27
101.80.229.199 - - [24/Jan/2022:08:14:23 +0800] "GET /xingrg/all/function/internal_message.html?_=1642983263604&CODE_STATE=getMsg HTTP/1.1" 200 27
172.20.0.100 - - [24/Jan/2022:08:14:29 +0800] "GET /xingrg/all/function/internal_message.html?_=1642983269360&CODE_STATE=getMsg HTTP/1.1" 200 27
114.84.146.162 - - [24/Jan/2022:08:14:32 +0800] "GET /xingrg/all/function/internal_message.html?_=1642983070948&CODE_STATE=getMsg HTTP/1.1" 200 27
120.253.135.82 - - [24/Jan/2022:08:14:32 +0800] "GET /xingrg/all/function/internal_message.html?_=1642983061345&CODE_STATE=getMsg HTTP/1.1" 200 27
180.169.147.146 - - [24/Jan/2022:08:14:36 +0800] "GET /xingrg/all/function/internal_message.html?_=1642983278630&CODE_STATE=getMsg HTTP/1.1" 200 27
180.152.99.39 - - [24/Jan/2022:08:14:41 +0800] "GET /xingrg/all/function/internal_message.html?_=1642983211383&CODE_STATE=getMsg HTTP/1.1" 200 27
180.152.99.73 - - [24/Jan/2022:08:14:45 +0800] "GET /xingrg/all/function/internal_message.html?_=1642983286373&CODE_STATE=getMsg HTTP/1.1" 200 27
180.169.147.146 - - [24/Jan/2022:08:14:51 +0800] "GET /xingrg/all/function/internal_message.html?_=1642983290888&CODE_STATE=getMsg HTTP/1.1" 200 27
180.169.147.146 - - [24/Jan/2022:08:14:51 +0800] "GET /xingrg/check_reg.html?_=1642983290889 HTTP/1.1" 200 22
114.84.146.162 - - [24/Jan/2022:08:14:54 +0800] "GET /xingrg/check_reg.html?_=1642983093352 HTTP/1.1" 200 22
101.80.229.199 - - [24/Jan/2022:08:15:23 +0800] "GET /xingrg/check_reg.html?_=1642983323609 HTTP/1.1" 200 22
101.80.229.199 - - [24/Jan/2022:08:15:23 +0800] "GET /xingrg/all/function/internal_message.html?_=1642983323613&CODE_STATE=getMsg HTTP/1.1" 200 27
120.253.135.82 - - [24/Jan/2022:08:15:27 +0800] "GET /xingrg/check_reg.html?_=1642983116835 HTTP/1.1" 200 22
172.20.0.100 - - [24/Jan/2022:08:15:29 +0800] "GET /xingrg/all/function/internal_message.html?_=1642983329332&CODE_STATE=getMsg HTTP/1.1" 200 27
114.84.146.162 - - [24/Jan/2022:08:15:32 +0800] "GET /xingrg/all/function/internal_message.html?_=1642983130954&CODE_STATE=getMsg HTTP/1.1" 200 27
120.253.135.82 - - [24/Jan/2022:08:15:32 +0800] "GET /xingrg/all/function/internal_message.html?_=1642983121358&CODE_STATE=getMsg HTTP/1.1" 200 27
180.169.147.146 - - [24/Jan/2022:08:15:36 +0800] "GET /xingrg/check_reg.html?_=1642983338630 HTTP/1.1" 200 22
180.169.147.146 - - [24/Jan/2022:08:15:36 +0800] "GET /xingrg/all/function/internal_message.html?_=1642983338628&CODE_STATE=getMsg HTTP/1.1" 200 27
180.152.99.39 - - [24/Jan/2022:08:15:41 +0800] "GET /xingrg/all/function/internal_message.html?_=1642983271465&CODE_STATE=getMsg HTTP/1.1" 200 27
180.152.99.73 - - [24/Jan/2022:08:15:45 +0800] "GET /xingrg/all/function/internal_message.html?_=1642983346373&CODE_STATE=getMsg HTTP/1.1" 200 27
180.169.147.146 - - [24/Jan/2022:08:15:51 +0800] "GET /xingrg/all/function/internal_message.html?_=1642983350882&CODE_STATE=getMsg HTTP/1.1" 200 27
101.80.229.199 - - [24/Jan/2022:08:16:23 +0800] "GET /xingrg/all/function/internal_message.html?_=1642983383615&CODE_STATE=getMsg HTTP/1.1" 200 27
172.20.0.100 - - [24/Jan/2022:08:16:29 +0800] "GET /xingrg/all/function/internal_message.html?_=1642983389305&CODE_STATE=getMsg HTTP/1.1" 200 27
114.84.146.162 - - [24/Jan/2022:08:16:32 +0800] "GET /xingrg/all/function/internal_message.html?_=1642983190928&CODE_STATE=getMsg HTTP/1.1" 200 27
120.253.135.82 - - [24/Jan/2022:08:16:32 +0800] "GET /xingrg/all/function/internal_message.html?_=1642983181371&CODE_STATE=getMsg HTTP/1.1" 200 27
180.169.147.146 - - [24/Jan/2022:08:16:36 +0800] "GET /xingrg/all/function/internal_message.html?_=1642983398629&CODE_STATE=getMsg HTTP/1.1" 200 27
180.152.99.39 - - [24/Jan/2022:08:16:41 +0800] "GET /xingrg/all/function/internal_message.html?_=1642983331474&CODE_STATE=getMsg HTTP/1.1" 200 27
180.152.99.73 - - [24/Jan/2022:08:16:45 +0800] "GET /xingrg/all/function/internal_message.html?_=1642983406374&CODE_STATE=getMsg HTTP/1.1" 200 27
180.169.147.146 - - [24/Jan/2022:08:16:51 +0800] "GET /xingrg/all/function/internal_message.html?_=1642983410894&CODE_STATE=getMsg HTTP/1.1" 200 27
172.20.0.100 - - [24/Jan/2022:08:16:52 +0800] "GET /xingrg/check_reg.html?_=1642983412106 HTTP/1.1" 200 22
101.80.229.199 - - [24/Jan/2022:08:17:23 +0800] "GET /xingrg/all/function/internal_message.html?_=1642983443603&CODE_STATE=getMsg HTTP/1.1" 200 27
172.20.0.100 - - [24/Jan/2022:08:17:29 +0800] "GET /xingrg/all/function/internal_message.html?_=1642983449279&CODE_STATE=getMsg HTTP/1.1" 200 27
114.84.146.162 - - [24/Jan/2022:08:17:32 +0800] "GET /xingrg/all/function/internal_message.html?_=1642983250897&CODE_STATE=getMsg HTTP/1.1" 200 27
120.253.135.82 - - [24/Jan/2022:08:17:32 +0800] "GET /xingrg/all/function/internal_message.html?_=1642983241507&CODE_STATE=getMsg HTTP/1.1" 200 27
180.169.147.146 - - [24/Jan/2022:08:17:36 +0800] "GET /xingrg/all/function/internal_message.html?_=1642983458629&CODE_STATE=getMsg HTTP/1.1" 200 27
180.152.99.39 - - [24/Jan/2022:08:17:41 +0800] "GET /xingrg/all/function/internal_message.html?_=1642983391558&CODE_STATE=getMsg HTTP/1.1" 200 27
180.152.99.73 - - [24/Jan/2022:08:17:45 +0800] "GET /xingrg/all/function/internal_message.html?_=1642983466386&CODE_STATE=getMsg HTTP/1.1" 200 27
180.152.99.73 - - [24/Jan/2022:08:17:45 +0800] "GET /xingrg/check_reg.html?_=1642983466390 HTTP/1.1" 200 22
180.169.147.146 - - [24/Jan/2022:08:17:51 +0800] "GET /xingrg/all/function/internal_message.html?_=1642983470885&CODE_STATE=getMsg HTTP/1.1" 200 27
120.253.135.82 - - [24/Jan/2022:08:18:00 +0800] "GET /xingrg/kc/buy/cgsh_order_list.html HTTP/1.1" 200 49639
180.152.99.39 - - [24/Jan/2022:08:18:01 +0800] "GET /xingrg/check_reg.html?_=1642983411703 HTTP/1.1" 200 22
120.253.135.82 - - [24/Jan/2022:08:18:02 +0800] "POST /xingrg/kc/buy/cgsh_list_operate.html HTTP/1.1" 200 876
120.253.135.82 - - [24/Jan/2022:08:18:05 +0800] "GET /xingrg/kc/pszx/mdqp_order_list.html?state=10 HTTP/1.1" 200 10217
120.253.135.82 - - [24/Jan/2022:08:18:05 +0800] "GET /xingrg/dwr/interface/AjaxReportQueryService.js HTTP/1.1" 200 13203
120.253.135.82 - - [24/Jan/2022:08:18:05 +0800] "GET /xingrg/dwr/interface/AjaxQqpsService.js HTTP/1.1" 200 16326
120.253.135.82 - - [24/Jan/2022:08:18:05 +0800] "GET /xingrg/dwr/engine.js HTTP/1.1" 200 43631
120.253.135.82 - - [24/Jan/2022:08:18:07 +0800] "GET /xingrg/kc/pszx/mdps_order_list.html?orderType=0 HTTP/1.1" 200 20925
120.253.135.82 - - [24/Jan/2022:08:18:07 +0800] "POST /xingrg/kc/pszx/mdps_list_operate.html HTTP/1.1" 200 5435
120.253.135.82 - - [24/Jan/2022:08:18:09 +0800] "GET /xingrg/kc/pszx/mdps_order_add.html HTTP/1.1" 200 28947
120.253.135.82 - - [24/Jan/2022:08:18:09 +0800] "POST /xingrg/kc/pszx/mdps_order_operate.html HTTP/1.1" 200 7126
120.253.135.82 - - [24/Jan/2022:08:18:09 +0800] "GET /xingrg/javascript/easyui/themes/default/validatebox.css HTTP/1.1" 404 1104
120.253.135.82 - - [24/Jan/2022:08:18:14 +0800] "POST /xingrg/all/common/load_combo.html?type=base HTTP/1.1" 200 1075
120.253.135.82 - - [24/Jan/2022:08:18:23 +0800] "GET /xingrg/kc/pszx/mdps_order_operate.html?command=get_materiel&pszx_code=00101&rest_code=00109&base_code=0010246&code=00101008001 HTTP/1.1" 200 432
101.80.229.199 - - [24/Jan/2022:08:18:23 +0800] "GET /xingrg/all/function/internal_message.html?_=1642983503608&CODE_STATE=getMsg HTTP/1.1" 200 27
114.86.225.150 - - [24/Jan/2022:08:18:24 +0800] "POST /xingrg/services/DataTransmitService HTTP/1.1" 200 524
172.20.0.100 - - [24/Jan/2022:08:18:29 +0800] "GET /xingrg/all/function/internal_message.html?_=1642983509255&CODE_STATE=getMsg HTTP/1.1" 200 27
114.84.146.162 - - [24/Jan/2022:08:18:32 +0800] "GET /xingrg/all/function/internal_message.html?_=1642983310874&CODE_STATE=getMsg HTTP/1.1" 200 27
120.253.135.82 - - [24/Jan/2022:08:18:32 +0800] "GET /xingrg/all/function/internal_message.html?_=1642983301523&CODE_STATE=getMsg HTTP/1.1" 200 27
180.169.147.146 - - [24/Jan/2022:08:18:36 +0800] "GET /xingrg/all/function/internal_message.html?_=1642983518629&CODE_STATE=getMsg HTTP/1.1" 200 27
180.152.99.39 - - [24/Jan/2022:08:18:41 +0800] "GET /xingrg/all/function/internal_message.html?_=1642983451562&CODE_STATE=getMsg HTTP/1.1" 200 27
120.253.135.82 - - [24/Jan/2022:08:18:44 +0800] "POST /xingrg/kc/pszx/mdps_order_operate.html HTTP/1.1" 200 37
180.152.99.73 - - [24/Jan/2022:08:18:45 +0800] "GET /xingrg/all/function/internal_message.html?_=1642983526390&CODE_STATE=getMsg HTTP/1.1" 200 27
120.253.135.82 - - [24/Jan/2022:08:18:46 +0800] "GET /xingrg/kc/pszx/mdps_order_info.html?code=312022012400816 HTTP/1.1" 200 23925
120.253.135.82 - - [24/Jan/2022:08:18:46 +0800] "GET /xingrg/javascript/easyui/themes/default/validatebox.css HTTP/1.1" 404 1104
120.253.135.82 - - [24/Jan/2022:08:18:46 +0800] "POST /xingrg/kc/pszx/mdps_order_operate.html HTTP/1.1" 200 2276
180.169.147.146 - - [24/Jan/2022:08:18:51 +0800] "GET /xingrg/all/function/internal_message.html?_=1642983530902&CODE_STATE=getMsg HTTP/1.1" 200 27
120.253.135.82 - - [24/Jan/2022:08:18:57 +0800] "GET /xingrg/kc/print/load_data.html?order_code=312022012400816&kc_code=mdps&condition= HTTP/1.1" 200 668
101.80.229.199 - - [24/Jan/2022:08:19:23 +0800] "GET /xingrg/all/function/internal_message.html?_=1642983563613&CODE_STATE=getMsg HTTP/1.1" 200 27
172.20.0.100 - - [24/Jan/2022:08:19:29 +0800] "GET /xingrg/all/function/internal_message.html?_=1642983569228&CODE_STATE=getMsg HTTP/1.1" 200 27
114.84.146.162 - - [24/Jan/2022:08:19:32 +0800] "GET /xingrg/all/function/internal_message.html?_=1642983370844&CODE_STATE=getMsg HTTP/1.1" 200 27
120.253.135.82 - - [24/Jan/2022:08:19:32 +0800] "GET /xingrg/all/function/internal_message.html?_=1642983361537&CODE_STATE=getMsg HTTP/1.1" 200 27
180.169.147.146 - - [24/Jan/2022:08:19:36 +0800] "GET /xingrg/all/function/internal_message.html?_=1642983578627&CODE_STATE=getMsg HTTP/1.1" 200 27
180.152.99.39 - - [24/Jan/2022:08:19:41 +0800] "GET /xingrg/all/function/internal_message.html?_=1642983511575&CODE_STATE=getMsg HTTP/1.1" 200 27
180.152.99.73 - - [24/Jan/2022:08:19:45 +0800] "GET /xingrg/all/function/internal_message.html?_=1642983586392&CODE_STATE=getMsg HTTP/1.1" 200 27
180.169.147.146 - - [24/Jan/2022:08:19:51 +0800] "GET /xingrg/check_reg.html?_=1642983590902 HTTP/1.1" 200 22
180.169.147.146 - - [24/Jan/2022:08:19:51 +0800] "GET /xingrg/all/function/internal_message.html?_=1642983590903&CODE_STATE=getMsg HTTP/1.1" 200 27
114.84.146.162 - - [24/Jan/2022:08:19:54 +0800] "GET /xingrg/check_reg.html?_=1642983393371 HTTP/1.1" 200 22
120.253.135.82 - - [24/Jan/2022:08:20:12 +0800] "POST /xingrg/kc/pszx/mdps_list_operate.html HTTP/1.1" 200 3143
120.253.135.82 - - [24/Jan/2022:08:20:15 +0800] "POST /xingrg/kc/pszx/mdps_list_operate.html HTTP/1.1" 200 203
120.253.135.82 - - [24/Jan/2022:08:20:19 +0800] "GET /xingrg/kc/pszx/mdps_order_info.html?code=312022012400816 HTTP/1.1" 200 23925
120.253.135.82 - - [24/Jan/2022:08:20:19 +0800] "GET /xingrg/javascript/easyui/themes/default/validatebox.css HTTP/1.1" 404 1104
120.253.135.82 - - [24/Jan/2022:08:20:19 +0800] "POST /xingrg/kc/pszx/mdps_order_operate.html HTTP/1.1" 200 2276
101.80.229.199 - - [24/Jan/2022:08:20:23 +0800] "GET /xingrg/check_reg.html?_=1642983623602 HTTP/1.1" 200 22
101.80.229.199 - - [24/Jan/2022:08:20:23 +0800] "GET /xingrg/all/function/internal_message.html?_=1642983623606&CODE_STATE=getMsg HTTP/1.1" 200 27
120.253.135.82 - - [24/Jan/2022:08:20:27 +0800] "GET /xingrg/check_reg.html?_=1642983416839 HTTP/1.1" 200 22
172.20.0.100 - - [24/Jan/2022:08:20:29 +0800] "GET /xingrg/all/function/internal_message.html?_=1642983629199&CODE_STATE=getMsg HTTP/1.1" 200 27
114.84.146.162 - - [24/Jan/2022:08:20:32 +0800] "GET /xingrg/all/function/internal_message.html?_=1642983430824&CODE_STATE=getMsg HTTP/1.1" 200 27
120.253.135.82 - - [24/Jan/2022:08:20:32 +0800] "GET /xingrg/all/function/internal_message.html?_=1642983421551&CODE_STATE=getMsg HTTP/1.1" 200 27
180.169.147.146 - - [24/Jan/2022:08:20:36 +0800] "GET /xingrg/all/function/internal_message.html?_=1642983638626&CODE_STATE=getMsg HTTP/1.1" 200 27
180.169.147.146 - - [24/Jan/2022:08:20:36 +0800] "GET /xingrg/check_reg.html?_=1642983638628 HTTP/1.1" 200 22
180.152.99.39 - - [24/Jan/2022:08:20:41 +0800] "GET /xingrg/all/function/internal_message.html?_=1642983571663&CODE_STATE=getMsg HTTP/1.1" 200 27
120.253.135.82 - - [24/Jan/2022:08:20:43 +0800] "POST /xingrg/kc/pszx/mdps_order_operate.html HTTP/1.1" 200 37
120.253.135.82 - - [24/Jan/2022:08:20:44 +0800] "GET /xingrg/kc/pszx/mdps_order_info.html?code=312022012400816 HTTP/1.1" 200 23931
180.152.99.73 - - [24/Jan/2022:08:20:45 +0800] "GET /xingrg/all/function/internal_message.html?_=1642983646402&CODE_STATE=getMsg HTTP/1.1" 200 27
120.253.135.82 - - [24/Jan/2022:08:20:45 +0800] "GET /xingrg/javascript/easyui/themes/default/validatebox.css HTTP/1.1" 404 1104
120.253.135.82 - - [24/Jan/2022:08:20:45 +0800] "POST /xingrg/kc/pszx/mdps_order_operate.html HTTP/1.1" 200 2276
120.253.135.82 - - [24/Jan/2022:08:20:48 +0800] "POST /xingrg/kc/pszx/mdps_list_operate.html HTTP/1.1" 200 3152
120.253.135.82 - - [24/Jan/2022:08:20:50 +0800] "POST /xingrg/kc/pszx/mdps_list_operate.html HTTP/1.1" 200 203
