101.80.229.199 - - [24/Jan/2022:10:23:23 +0800] "GET /xingrg/all/function/internal_message.html?_=1642991003601&CODE_STATE=getMsg HTTP/1.1" 200 27
114.84.146.162 - - [24/Jan/2022:10:23:25 +0800] "GET /xingrg/kc/buy/cgsh_order_operate.html?command=get_materiel&rest_code=00141&code=00101008126&supplier_code=00100007&order_time=2022-01-24 HTTP/1.1" 200 412
116.235.94.49 - - [24/Jan/2022:10:23:25 +0800] "GET /xingrg/all/function/internal_message.html?_=1642991050621&CODE_STATE=getMsg HTTP/1.1" 200 27
172.20.0.100 - - [24/Jan/2022:10:23:26 +0800] "GET /xingrg/all/function/internal_message.html?_=1642991006037&CODE_STATE=getMsg HTTP/1.1" 200 27
180.152.99.39 - - [24/Jan/2022:10:23:26 +0800] "GET /xingrg/all/function/internal_message.html?_=1642990936427&CODE_STATE=getMsg HTTP/1.1" 200 27
114.84.146.162 - - [24/Jan/2022:10:23:27 +0800] "POST /xingrg/kc/buy/cgsh_order_operate.html HTTP/1.1" 200 2065
124.78.156.14 - - [24/Jan/2022:10:23:28 +0800] "GET /xingrg/kc/buy/cgsh_order_operate.html?command=get_materiel&rest_code=00106&code=00101008360&supplier_code=00100007&order_time=2022-01-24 HTTP/1.1" 200 432
114.84.146.162 - - [24/Jan/2022:10:23:29 +0800] "GET /xingrg/all/function/internal_message.html?_=1642990808090&CODE_STATE=getMsg HTTP/1.1" 200 27
124.78.156.14 - - [24/Jan/2022:10:23:29 +0800] "GET /xingrg/check_reg.html?_=1642991008935 HTTP/1.1" 200 22
114.84.146.162 - - [24/Jan/2022:10:23:32 +0800] "GET /xingrg/kc/buy/cgsh_order_operate.html?command=get_materiel&rest_code=00141&code=00101008270&supplier_code=00100007&order_time=2022-01-24 HTTP/1.1" 200 412
222.69.132.164 - - [24/Jan/2022:10:23:34 +0800] "GET /xingrg/check_reg.html?_=1642991069120 HTTP/1.1" 200 22
222.69.132.164 - - [24/Jan/2022:10:23:34 +0800] "GET /xingrg/all/function/internal_message.html?_=1642991069121&CODE_STATE=getMsg HTTP/1.1" 200 27
114.84.146.162 - - [24/Jan/2022:10:23:40 +0800] "GET /xingrg/kc/buy/cgsh_order_operate.html?command=get_materiel&rest_code=00141&code=00101008372&supplier_code=00100007&order_time=2022-01-24 HTTP/1.1" 200 408
124.78.156.14 - - [24/Jan/2022:10:23:41 +0800] "GET /xingrg/kc/buy/cgsh_order_operate.html?command=get_materiel&rest_code=00106&code=00101008439&supplier_code=00100007&order_time=2022-01-24 HTTP/1.1" 200 398
101.89.29.78 - - [24/Jan/2022:10:23:45 +0800] "GET /xingrg/all/function/internal_message.html?_=1642989388930&CODE_STATE=getMsg HTTP/1.1" 302 -
101.89.29.78 - - [24/Jan/2022:10:23:45 +0800] "GET /xingrg/login.html HTTP/1.1" 200 7641
114.95.98.1 - - [24/Jan/2022:10:23:47 +0800] "GET /xingrg/all/function/internal_message.html?_=1642991048574&CODE_STATE=getMsg HTTP/1.1" 200 27
180.152.99.73 - - [24/Jan/2022:10:23:48 +0800] "GET /xingrg/all/function/internal_message.html?_=1642991029846&CODE_STATE=getMsg HTTP/1.1" 200 27
180.152.99.73 - - [24/Jan/2022:10:23:48 +0800] "GET /xingrg/check_reg.html?_=1642991029851 HTTP/1.1" 200 22
114.84.146.162 - - [24/Jan/2022:10:23:50 +0800] "GET /xingrg/kc/buy/cgsh_order_operate.html?command=get_materiel&rest_code=00141&code=00101008087&supplier_code=00100007&order_time=2022-01-24 HTTP/1.1" 200 412
124.78.156.14 - - [24/Jan/2022:10:23:50 +0800] "GET /xingrg/kc/buy/cgsh_order_operate.html?command=get_materiel&rest_code=00106&code=00101008357&supplier_code=00100007&order_time=2022-01-24 HTTP/1.1" 200 408
222.70.217.149 - - [24/Jan/2022:10:23:51 +0800] "GET /xingrg/all/function/internal_message.html?_=1642991015326&CODE_STATE=getMsg HTTP/1.1" 200 27
180.169.147.146 - - [24/Jan/2022:10:23:51 +0800] "GET /xingrg/all/function/internal_message.html?_=1642991034046&CODE_STATE=getMsg HTTP/1.1" 200 27
180.169.147.146 - - [24/Jan/2022:10:23:51 +0800] "GET /xingrg/check_reg.html?_=1642991034048 HTTP/1.1" 200 22
180.152.99.39 - - [24/Jan/2022:10:23:51 +0800] "POST /xingrg/dwr/call/plaincall/AjaxQqpsService.getMaterielByCode.dwr HTTP/1.1" 200 2264
180.152.99.39 - - [24/Jan/2022:10:23:53 +0800] "POST /xingrg/dwr/call/plaincall/AjaxQqpsService.saveMaterielItem.dwr HTTP/1.1" 200 78
124.78.156.14 - - [24/Jan/2022:10:23:58 +0800] "GET /xingrg/kc/buy/cgsh_order_operate.html?command=get_materiel&rest_code=00106&code=00101008069&supplier_code=00100007&order_time=2022-01-24 HTTP/1.1" 200 412
124.78.156.14 - - [24/Jan/2022:10:23:59 +0800] "GET /xingrg/all/function/internal_message.html?_=1642991038969&CODE_STATE=getMsg HTTP/1.1" 200 27
116.235.94.49 - - [24/Jan/2022:10:23:59 +0800] "GET /xingrg/javascript/easyui/themes/default/images/button_plain_hover.png HTTP/1.1" 304 -
58.39.168.32 - - [24/Jan/2022:10:23:59 +0800] "GET /xingrg/all/function/internal_message.html?_=1642991040662&CODE_STATE=getMsg HTTP/1.1" 200 27
114.84.146.162 - - [24/Jan/2022:10:24:00 +0800] "GET /xingrg/kc/buy/cgsh_order_operate.html?command=get_materiel&rest_code=00141&code=00101008349&supplier_code=00100007&order_time=2022-01-24 HTTP/1.1" 200 412
180.152.99.39 - - [24/Jan/2022:10:24:00 +0800] "POST /xingrg/dwr/call/plaincall/AjaxQqpsService.getMaterielByCode.dwr HTTP/1.1" 200 2218
116.235.94.49 - - [24/Jan/2022:10:24:01 +0800] "GET /xingrg/css/images/panel_loading.gif HTTP/1.1" 304 -
116.235.94.49 - - [24/Jan/2022:10:24:01 +0800] "GET /xingrg/javascript/easyui/plugins/jquery.draggable.js HTTP/1.1" 304 -
116.235.94.49 - - [24/Jan/2022:10:24:01 +0800] "GET /xingrg/javascript/easyui/plugins/jquery.droppable.js HTTP/1.1" 304 -
116.235.94.49 - - [24/Jan/2022:10:24:01 +0800] "GET /xingrg/javascript/easyui/themes/default/tree.css HTTP/1.1" 404 1090
116.235.94.49 - - [24/Jan/2022:10:24:01 +0800] "GET /xingrg/javascript/easyui/plugins/jquery.tree.js HTTP/1.1" 304 -
116.235.94.49 - - [24/Jan/2022:10:24:01 +0800] "POST /xingrg/all/common/load_tree.html?tree=supplier_tree_json&isDelete=1 HTTP/1.1" 200 61885
120.253.135.82 - - [24/Jan/2022:10:24:02 +0800] "GET /xingrg/all/function/internal_message.html?_=1642990831552&CODE_STATE=getMsg HTTP/1.1" 200 27
124.78.156.14 - - [24/Jan/2022:10:24:02 +0800] "POST /xingrg/kc/buy/cgsh_order_operate.html HTTP/1.1" 200 2065
116.235.94.49 - - [24/Jan/2022:10:24:04 +0800] "GET /xingrg/javascript/easyui/themes/default/images/tree_folder_open.gif HTTP/1.1" 304 -
116.235.94.49 - - [24/Jan/2022:10:24:04 +0800] "GET /xingrg/javascript/easyui/themes/default/images/tree_folder.gif HTTP/1.1" 304 -
116.235.94.49 - - [24/Jan/2022:10:24:04 +0800] "GET /xingrg/javascript/easyui/themes/default/images/tree_file.gif HTTP/1.1" 304 -
180.152.99.39 - - [24/Jan/2022:10:24:04 +0800] "POST /xingrg/dwr/call/plaincall/AjaxQqpsService.saveMaterielItem.dwr HTTP/1.1" 200 78
124.78.156.14 - - [24/Jan/2022:10:24:08 +0800] "GET /xingrg/kc/buy/cgsh_order_operate.html?command=get_materiel&rest_code=00106&code=00101008286&supplier_code=00100007&order_time=2022-01-24 HTTP/1.1" 200 428
114.84.146.162 - - [24/Jan/2022:10:24:09 +0800] "GET /xingrg/kc/buy/cgsh_order_operate.html?command=get_materiel&rest_code=00141&code=00101013052&supplier_code=00100007&order_time=2022-01-24 HTTP/1.1" 200 441
180.152.99.39 - - [24/Jan/2022:10:24:13 +0800] "POST /xingrg/dwr/call/plaincall/AjaxQqpsService.getMaterielByCode.dwr HTTP/1.1" 200 2291
114.86.225.150 - - [24/Jan/2022:10:24:14 +0800] "GET /xingrg/all/function/internal_message.html?_=1642991054616&CODE_STATE=getMsg HTTP/1.1" 200 27
180.152.99.39 - - [24/Jan/2022:10:24:16 +0800] "POST /xingrg/dwr/call/plaincall/AjaxQqpsService.saveMaterielItem.dwr HTTP/1.1" 200 79
114.84.146.162 - - [24/Jan/2022:10:24:17 +0800] "GET /xingrg/kc/buy/cgsh_order_operate.html?command=get_materiel&rest_code=00141&code=00101008239&supplier_code=00100007&order_time=2022-01-24 HTTP/1.1" 200 416
180.157.251.97 - - [24/Jan/2022:10:24:18 +0800] "GET /xingrg/all/function/internal_message.html?_=1642991059721&CODE_STATE=getMsg HTTP/1.1" 200 27
180.152.99.39 - - [24/Jan/2022:10:24:18 +0800] "POST /xingrg/dwr/call/plaincall/AjaxQqpsService.checkOrder.dwr HTTP/1.1" 200 79
124.78.156.14 - - [24/Jan/2022:10:24:19 +0800] "GET /xingrg/all/function/internal_message.html?_=1642991058550&CODE_STATE=getMsg HTTP/1.1" 200 27
180.152.99.39 - - [24/Jan/2022:10:24:19 +0800] "GET /xingrg/kc/mdqp/qqps_order_info.html?code=302022012400609 HTTP/1.1" 200 25987
180.152.99.39 - - [24/Jan/2022:10:24:19 +0800] "GET /xingrg/dwr/interface/AjaxComOrderService.js HTTP/1.1" 200 18264
180.152.99.39 - - [24/Jan/2022:10:24:19 +0800] "GET /xingrg/dwr/interface/AjaxQqpsService.js HTTP/1.1" 200 16326
180.152.99.39 - - [24/Jan/2022:10:24:19 +0800] "GET /xingrg/dwr/engine.js HTTP/1.1" 200 43631
114.84.146.162 - - [24/Jan/2022:10:24:20 +0800] "POST /xingrg/kc/buy/cgsh_order_operate.html HTTP/1.1" 200 2065
180.152.99.39 - - [24/Jan/2022:10:24:20 +0800] "POST /xingrg/dwr/call/plaincall/AjaxQqpsService.loadMaterielItems.dwr HTTP/1.1" 200 1559
116.235.94.49 - - [24/Jan/2022:10:24:20 +0800] "GET /xingrg/check_reg.html?_=1642991201988 HTTP/1.1" 200 22
116.235.94.49 - - [24/Jan/2022:10:24:20 +0800] "GET /xingrg/all/function/internal_message.html?_=1642991201987&CODE_STATE=getMsg HTTP/1.1" 200 27
180.169.147.146 - - [24/Jan/2022:10:24:20 +0800] "GET /xingrg/all/function/internal_message.html?_=1642991060719&CODE_STATE=getMsg HTTP/1.1" 200 27
124.78.156.14 - - [24/Jan/2022:10:24:22 +0800] "GET /xingrg/kc/buy/cgsh_order_operate.html?command=get_materiel&rest_code=00106&code=00101008131&supplier_code=00100007&order_time=2022-01-24 HTTP/1.1" 200 408
58.39.168.32 - - [24/Jan/2022:10:24:23 +0800] "GET /xingrg/all/function/internal_message.html?_=1642991001494&CODE_STATE=getMsg HTTP/1.1" 200 27
180.152.99.39 - - [24/Jan/2022:10:24:23 +0800] "GET /xingrg/kc/mdqp/qqps_order_add.html HTTP/1.1" 200 27580
180.152.99.39 - - [24/Jan/2022:10:24:23 +0800] "GET /xingrg/dwr/interface/AjaxQqpsService.js HTTP/1.1" 200 16326
180.152.99.39 - - [24/Jan/2022:10:24:23 +0800] "GET /xingrg/dwr/interface/AjaxComOrderService.js HTTP/1.1" 200 18264
180.152.99.39 - - [24/Jan/2022:10:24:23 +0800] "GET /xingrg/dwr/engine.js HTTP/1.1" 200 43631
101.80.229.199 - - [24/Jan/2022:10:24:23 +0800] "GET /xingrg/all/function/internal_message.html?_=1642991063606&CODE_STATE=getMsg HTTP/1.1" 200 27
116.235.94.49 - - [24/Jan/2022:10:24:25 +0800] "GET /xingrg/all/function/internal_message.html?_=1642991110635&CODE_STATE=getMsg HTTP/1.1" 200 27
116.235.94.49 - - [24/Jan/2022:10:24:26 +0800] "GET /xingrg/kc/buy/cgsh_order_operate.html?command=get_materiel&rest_code=00104&code=00101006133&supplier_code=00100012&order_time=2022-01-24 HTTP/1.1" 200 413
172.20.0.100 - - [24/Jan/2022:10:24:26 +0800] "GET /xingrg/all/function/internal_message.html?_=1642991066009&CODE_STATE=getMsg HTTP/1.1" 200 27
180.152.99.39 - - [24/Jan/2022:10:24:26 +0800] "GET /xingrg/all/function/internal_message.html?_=1642990996441&CODE_STATE=getMsg HTTP/1.1" 200 27
114.84.146.162 - - [24/Jan/2022:10:24:27 +0800] "GET /xingrg/kc/buy/cgsh_order_operate.html?command=get_materiel&rest_code=00141&code=00101008351&supplier_code=00100007&order_time=2022-01-24 HTTP/1.1" 200 427
114.84.146.162 - - [24/Jan/2022:10:24:29 +0800] "GET /xingrg/all/function/internal_message.html?_=1642990868064&CODE_STATE=getMsg HTTP/1.1" 200 27
124.78.156.14 - - [24/Jan/2022:10:24:32 +0800] "GET /xingrg/kc/buy/cgsh_order_operate.html?command=get_materiel&rest_code=00106&code=00101008318&supplier_code=00100007&order_time=2022-01-24 HTTP/1.1" 200 408
180.152.99.39 - - [24/Jan/2022:10:24:34 +0800] "POST /xingrg/dwr/call/plaincall/AjaxQqpsService.saveOrder.dwr HTTP/1.1" 200 78
124.78.156.14 - - [24/Jan/2022:10:24:34 +0800] "GET /xingrg/kc/buy/buy_main.html HTTP/1.1" 200 12412
124.78.156.14 - - [24/Jan/2022:10:24:34 +0800] "GET /xingrg/css/new_ie.css HTTP/1.1" 404 1036
222.69.132.164 - - [24/Jan/2022:10:24:34 +0800] "GET /xingrg/all/function/internal_message.html?_=1642991129133&CODE_STATE=getMsg HTTP/1.1" 200 27
124.78.156.14 - - [24/Jan/2022:10:24:34 +0800] "GET /xingrg/images/yd/bt.gif HTTP/1.1" 404 1040
124.78.156.14 - - [24/Jan/2022:10:24:35 +0800] "GET /xingrg/kc/buy/cgsh_order_list.html HTTP/1.1" 200 49639
180.152.99.39 - - [24/Jan/2022:10:24:36 +0800] "GET /xingrg/javascript/auto/indicator.gif HTTP/1.1" 404 1066
124.78.156.14 - - [24/Jan/2022:10:24:37 +0800] "POST /xingrg/kc/buy/cgsh_list_operate.html HTTP/1.1" 200 1697
180.152.99.39 - - [24/Jan/2022:10:24:38 +0800] "POST /xingrg/dwr/call/plaincall/AjaxQqpsService.getMaterielByCode.dwr HTTP/1.1" 200 2250
180.152.99.39 - - [24/Jan/2022:10:24:40 +0800] "POST /xingrg/dwr/call/plaincall/AjaxQqpsService.saveMaterielItem.dwr HTTP/1.1" 200 78
124.78.156.14 - - [24/Jan/2022:10:24:40 +0800] "GET /xingrg/kc/buy/cgsh_order_add.html HTTP/1.1" 200 65449
124.78.156.14 - - [24/Jan/2022:10:24:41 +0800] "POST /xingrg/kc/buy/cgsh_order_operate.html HTTP/1.1" 200 8245
124.78.156.14 - - [24/Jan/2022:10:24:41 +0800] "GET /xingrg/all/common/auto_word.html?type=employee&rest_code=00106 HTTP/1.1" 200 205
124.78.156.14 - - [24/Jan/2022:10:24:41 +0800] "GET /xingrg/javascript/easyui/themes/default/validatebox.css HTTP/1.1" 404 1104
124.78.156.14 - - [24/Jan/2022:10:24:41 +0800] "GET /xingrg/all/common/auto_word.html?type=employee&rest_code=00106 HTTP/1.1" 200 205
124.78.156.14 - - [24/Jan/2022:10:24:42 +0800] "GET /xingrg/javascript/easyui/themes/default/tree.css HTTP/1.1" 404 1090
124.78.156.14 - - [24/Jan/2022:10:24:42 +0800] "POST /xingrg/all/common/load_tree.html?tree=supplier_tree_json&isDelete=1 HTTP/1.1" 200 61885
114.84.146.162 - - [24/Jan/2022:10:24:43 +0800] "GET /xingrg/kc/buy/cgsh_order_operate.html?command=get_materiel&rest_code=00141&code=00101008350&supplier_code=00100007&order_time=2022-01-24 HTTP/1.1" 200 408
124.78.156.14 - - [24/Jan/2022:10:24:44 +0800] "GET /xingrg/kc/buy/cgsh_order_operate.html?command=get_materiel&rest_code=00106&code=00101008352&supplier_code=00100007&order_time=2022-01-24 HTTP/1.1" 200 412
114.95.98.1 - - [24/Jan/2022:10:24:47 +0800] "GET /xingrg/all/function/internal_message.html?_=1642991108587&CODE_STATE=getMsg HTTP/1.1" 200 27
180.152.99.73 - - [24/Jan/2022:10:24:48 +0800] "GET /xingrg/all/function/internal_message.html?_=1642991089852&CODE_STATE=getMsg HTTP/1.1" 200 27
114.84.146.162 - - [24/Jan/2022:10:24:50 +0800] "GET /xingrg/kc/buy/cgsh_order_operate.html?command=get_materiel&rest_code=00141&code=00101008041&supplier_code=00100007&order_time=2022-01-24 HTTP/1.1" 200 408
180.152.99.39 - - [24/Jan/2022:10:24:50 +0800] "POST /xingrg/dwr/call/plaincall/AjaxQqpsService.getMaterielByCode.dwr HTTP/1.1" 200 2283
222.70.217.149 - - [24/Jan/2022:10:24:51 +0800] "GET /xingrg/all/function/internal_message.html?_=1642991075332&CODE_STATE=getMsg HTTP/1.1" 200 27
222.70.217.149 - - [24/Jan/2022:10:24:51 +0800] "GET /xingrg/check_reg.html?_=1642991075334 HTTP/1.1" 200 22
180.169.147.146 - - [24/Jan/2022:10:24:51 +0800] "GET /xingrg/all/function/internal_message.html?_=1642991094052&CODE_STATE=getMsg HTTP/1.1" 200 27
124.78.156.14 - - [24/Jan/2022:10:24:54 +0800] "GET /xingrg/kc/buy/cgsh_order_operate.html?command=get_materiel&rest_code=00106&code=00101008005&supplier_code=00100007&order_time=2022-01-24 HTTP/1.1" 200 412
180.152.99.39 - - [24/Jan/2022:10:24:54 +0800] "POST /xingrg/dwr/call/plaincall/AjaxQqpsService.saveMaterielItem.dwr HTTP/1.1" 200 78
114.84.146.162 - - [24/Jan/2022:10:24:54 +0800] "GET /xingrg/check_reg.html?_=1642990893699 HTTP/1.1" 200 22
124.78.156.14 - - [24/Jan/2022:10:24:56 +0800] "POST /xingrg/kc/buy/cgsh_order_operate.html HTTP/1.1" 200 2065
124.78.156.14 - - [24/Jan/2022:10:24:59 +0800] "GET /xingrg/all/function/internal_message.html?_=1642991098988&CODE_STATE=getMsg HTTP/1.1" 200 27
58.39.168.32 - - [24/Jan/2022:10:24:59 +0800] "GET /xingrg/check_reg.html?_=1642991100661 HTTP/1.1" 200 22
58.39.168.32 - - [24/Jan/2022:10:24:59 +0800] "GET /xingrg/all/function/internal_message.html?_=1642991100664&CODE_STATE=getMsg HTTP/1.1" 200 27
124.78.156.14 - - [24/Jan/2022:10:25:02 +0800] "GET /xingrg/kc/buy/cgsh_order_operate.html?command=get_materiel&rest_code=00106&code=00101008353&supplier_code=00100007&order_time=2022-01-24 HTTP/1.1" 200 408
180.152.99.39 - - [24/Jan/2022:10:25:02 +0800] "POST /xingrg/dwr/call/plaincall/AjaxQqpsService.getMaterielByCode.dwr HTTP/1.1" 200 2226
120.253.135.82 - - [24/Jan/2022:10:25:02 +0800] "GET /xingrg/all/function/internal_message.html?_=1642990891700&CODE_STATE=getMsg HTTP/1.1" 200 27
116.235.94.49 - - [24/Jan/2022:10:25:07 +0800] "GET /xingrg/kc/buy/cgsh_order_operate.html?command=get_materiel&rest_code=00104&code=00101006194&supplier_code=00100012&order_time=2022-01-24 HTTP/1.1" 200 413
180.152.99.39 - - [24/Jan/2022:10:25:08 +0800] "POST /xingrg/dwr/call/plaincall/AjaxQqpsService.saveMaterielItem.dwr HTTP/1.1" 200 78
180.169.147.146 - - [24/Jan/2022:10:25:09 +0800] "GET /xingrg/check_reg.html?_=1642991109220 HTTP/1.1" 200 22
114.86.225.150 - - [24/Jan/2022:10:25:14 +0800] "GET /xingrg/all/function/internal_message.html?_=1642991114618&CODE_STATE=getMsg HTTP/1.1" 200 27
180.152.99.39 - - [24/Jan/2022:10:25:15 +0800] "POST /xingrg/dwr/call/plaincall/AjaxQqpsService.getMaterielByCode.dwr HTTP/1.1" 200 2197
180.157.251.97 - - [24/Jan/2022:10:25:18 +0800] "GET /xingrg/all/function/internal_message.html?_=1642991119722&CODE_STATE=getMsg HTTP/1.1" 200 27
180.152.99.39 - - [24/Jan/2022:10:25:18 +0800] "POST /xingrg/dwr/call/plaincall/AjaxQqpsService.saveMaterielItem.dwr HTTP/1.1" 200 78
124.78.156.14 - - [24/Jan/2022:10:25:19 +0800] "GET /xingrg/all/function/internal_message.html?_=1642991118547&CODE_STATE=getMsg HTTP/1.1" 200 27
124.78.156.14 - - [24/Jan/2022:10:25:19 +0800] "GET /xingrg/kc/buy/cgsh_order_operate.html?command=get_materiel&rest_code=00106&code=00101008125&supplier_code=00100007&order_time=2022-01-24 HTTP/1.1" 200 432
116.235.94.49 - - [24/Jan/2022:10:25:20 +0800] "GET /xingrg/all/function/internal_message.html?_=1642991261986&CODE_STATE=getMsg HTTP/1.1" 200 27
180.169.147.146 - - [24/Jan/2022:10:25:20 +0800] "GET /xingrg/all/function/internal_message.html?_=1642991120703&CODE_STATE=getMsg HTTP/1.1" 200 27
58.39.168.32 - - [24/Jan/2022:10:25:23 +0800] "GET /xingrg/all/function/internal_message.html?_=1642991061494&CODE_STATE=getMsg HTTP/1.1" 200 27
180.152.99.39 - - [24/Jan/2022:10:25:23 +0800] "POST /xingrg/dwr/call/plaincall/AjaxQqpsService.getMaterielByCode.dwr HTTP/1.1" 200 2252
101.80.229.199 - - [24/Jan/2022:10:25:23 +0800] "GET /xingrg/check_reg.html?_=1642991123611 HTTP/1.1" 200 22
101.80.229.199 - - [24/Jan/2022:10:25:23 +0800] "GET /xingrg/all/function/internal_message.html?_=1642991123615&CODE_STATE=getMsg HTTP/1.1" 200 27
116.235.94.49 - - [24/Jan/2022:10:25:25 +0800] "GET /xingrg/all/function/internal_message.html?_=1642991170647&CODE_STATE=getMsg HTTP/1.1" 200 27
172.20.0.100 - - [24/Jan/2022:10:25:26 +0800] "GET /xingrg/all/function/internal_message.html?_=1642991125982&CODE_STATE=getMsg HTTP/1.1" 200 27
180.152.99.39 - - [24/Jan/2022:10:25:26 +0800] "GET /xingrg/all/function/internal_message.html?_=1642991056466&CODE_STATE=getMsg HTTP/1.1" 200 27
116.235.94.49 - - [24/Jan/2022:10:25:26 +0800] "GET /xingrg/kc/buy/cgsh_order_operate.html?command=get_materiel&rest_code=00104&code=00101006065&supplier_code=00100012&order_time=2022-01-24 HTTP/1.1" 200 409
124.78.156.14 - - [24/Jan/2022:10:25:28 +0800] "GET /xingrg/kc/buy/cgsh_order_operate.html?command=get_materiel&rest_code=00106&code=00101015052&supplier_code=00100007&order_time=2022-01-24 HTTP/1.1" 200 413
180.152.99.39 - - [24/Jan/2022:10:25:29 +0800] "POST /xingrg/dwr/call/plaincall/AjaxQqpsService.saveMaterielItem.dwr HTTP/1.1" 200 79
114.84.146.162 - - [24/Jan/2022:10:25:29 +0800] "GET /xingrg/all/function/internal_message.html?_=1642990928118&CODE_STATE=getMsg HTTP/1.1" 200 27
222.69.132.164 - - [24/Jan/2022:10:25:34 +0800] "GET /xingrg/all/function/internal_message.html?_=1642991189121&CODE_STATE=getMsg HTTP/1.1" 200 27
180.152.99.39 - - [24/Jan/2022:10:25:39 +0800] "POST /xingrg/dwr/call/plaincall/AjaxQqpsService.getMaterielByCode.dwr HTTP/1.1" 200 2263
116.235.94.49 - - [24/Jan/2022:10:25:40 +0800] "GET /xingrg/kc/buy/cgsh_order_operate.html?command=get_materiel&rest_code=00104&code=00101006111&supplier_code=00100012&order_time=2022-01-24 HTTP/1.1" 200 411
124.78.156.14 - - [24/Jan/2022:10:25:42 +0800] "GET /xingrg/kc/buy/cgsh_order_operate.html?command=get_materiel&rest_code=00106&code=00101015024&supplier_code=00100007&order_time=2022-01-24 HTTP/1.1" 200 413
114.84.146.162 - - [24/Jan/2022:10:25:42 +0800] "GET /xingrg/kc/buy/cgsh_order_operate.html?command=get_materiel&rest_code=00141&code=00101008323&supplier_code=00100007&order_time=2022-01-24 HTTP/1.1" 200 408
180.152.99.39 - - [24/Jan/2022:10:25:43 +0800] "POST /xingrg/dwr/call/plaincall/AjaxQqpsService.saveMaterielItem.dwr HTTP/1.1" 200 79
114.95.98.1 - - [24/Jan/2022:10:25:48 +0800] "GET /xingrg/all/function/internal_message.html?_=1642991169078&CODE_STATE=getMsg HTTP/1.1" 200 27
180.152.99.73 - - [24/Jan/2022:10:25:48 +0800] "GET /xingrg/all/function/internal_message.html?_=1642991149863&CODE_STATE=getMsg HTTP/1.1" 200 27
222.70.217.149 - - [24/Jan/2022:10:25:51 +0800] "GET /xingrg/all/function/internal_message.html?_=1642991135327&CODE_STATE=getMsg HTTP/1.1" 200 27
180.169.147.146 - - [24/Jan/2022:10:25:51 +0800] "GET /xingrg/all/function/internal_message.html?_=1642991154052&CODE_STATE=getMsg HTTP/1.1" 200 27
180.152.99.39 - - [24/Jan/2022:10:25:53 +0800] "POST /xingrg/dwr/call/plaincall/AjaxQqpsService.getMaterielByCode.dwr HTTP/1.1" 200 2204
124.78.156.14 - - [24/Jan/2022:10:25:54 +0800] "GET /xingrg/kc/buy/cgsh_order_operate.html?command=get_materiel&rest_code=00106&code=00101008114&supplier_code=00100007&order_time=2022-01-24 HTTP/1.1" 200 413
120.253.135.82 - - [24/Jan/2022:10:25:55 +0800] "GET /xingrg/check_reg.html?_=1642990944732 HTTP/1.1" 200 22
180.152.99.39 - - [24/Jan/2022:10:25:58 +0800] "POST /xingrg/dwr/call/plaincall/AjaxQqpsService.saveMaterielItem.dwr HTTP/1.1" 200 79
124.78.156.14 - - [24/Jan/2022:10:25:59 +0800] "GET /xingrg/check_reg.html?_=1642991158982 HTTP/1.1" 200 22
124.78.156.14 - - [24/Jan/2022:10:25:59 +0800] "GET /xingrg/all/function/internal_message.html?_=1642991158985&CODE_STATE=getMsg HTTP/1.1" 200 27
58.39.168.32 - - [24/Jan/2022:10:25:59 +0800] "GET /xingrg/all/function/internal_message.html?_=1642991160663&CODE_STATE=getMsg HTTP/1.1" 200 27
124.78.156.14 - - [24/Jan/2022:10:26:02 +0800] "GET /xingrg/kc/buy/cgsh_order_operate.html?command=get_materiel&rest_code=00106&code=00101008283&supplier_code=00100007&order_time=2022-01-24 HTTP/1.1" 200 408
116.235.94.49 - - [24/Jan/2022:10:26:02 +0800] "GET /xingrg/kc/buy/cgsh_order_operate.html?command=get_materiel&rest_code=00104&code=00101006084&supplier_code=00100012&order_time=2022-01-24 HTTP/1.1" 200 413
120.253.135.82 - - [24/Jan/2022:10:26:02 +0800] "GET /xingrg/all/function/internal_message.html?_=1642990951703&CODE_STATE=getMsg HTTP/1.1" 200 27
180.152.99.39 - - [24/Jan/2022:10:26:02 +0800] "POST /xingrg/dwr/call/plaincall/AjaxQqpsService.getMaterielByCode.dwr HTTP/1.1" 200 2204
114.84.146.162 - - [24/Jan/2022:10:26:03 +0800] "POST /xingrg/kc/buy/cgsh_order_operate.html HTTP/1.1" 200 2065
124.78.156.14 - - [24/Jan/2022:10:26:05 +0800] "POST /xingrg/kc/buy/cgsh_order_operate.html HTTP/1.1" 200 2065
114.84.146.162 - - [24/Jan/2022:10:26:09 +0800] "GET /xingrg/kc/buy/cgsh_order_operate.html?command=get_materiel&rest_code=00141&code=00101008027&supplier_code=00100007&order_time=2022-01-24 HTTP/1.1" 200 408
124.78.156.14 - - [24/Jan/2022:10:26:11 +0800] "GET /xingrg/kc/buy/cgsh_order_operate.html?command=get_materiel&rest_code=00106&code=00101008010&supplier_code=00100007&order_time=2022-01-24 HTTP/1.1" 200 412
180.152.99.39 - - [24/Jan/2022:10:26:12 +0800] "POST /xingrg/dwr/call/plaincall/AjaxQqpsService.saveMaterielItem.dwr HTTP/1.1" 200 79
114.86.225.150 - - [24/Jan/2022:10:26:14 +0800] "GET /xingrg/all/function/internal_message.html?_=1642991174619&CODE_STATE=getMsg HTTP/1.1" 200 27
222.70.217.149 - - [24/Jan/2022:10:26:17 +0800] "POST /xingrg/services/DataTransmitService HTTP/1.1" 401 565
222.70.217.149 - - [24/Jan/2022:10:26:17 +0800] "POST /xingrg/services/DataTransmitService HTTP/1.1" 200 478
222.70.217.149 - - [24/Jan/2022:10:26:17 +0800] "POST /xingrg/services/DataTransmitService HTTP/1.1" 200 1319
222.70.217.149 - - [24/Jan/2022:10:26:17 +0800] "POST /xingrg/services/DataTransmitService HTTP/1.1" 200 478
222.70.217.149 - - [24/Jan/2022:10:26:17 +0800] "POST /xingrg/services/DataTransmitService HTTP/1.1" 200 1319
222.70.217.149 - - [24/Jan/2022:10:26:17 +0800] "POST /xingrg/services/DataTransmitService HTTP/1.1" 200 524
114.84.146.162 - - [24/Jan/2022:10:26:17 +0800] "GET /xingrg/kc/buy/cgsh_order_operate.html?command=get_materiel&rest_code=00141&code=00101008257&supplier_code=00100007&order_time=2022-01-24 HTTP/1.1" 200 416
222.70.217.149 - - [24/Jan/2022:10:26:18 +0800] "POST /xingrg/services/DataTransmitService HTTP/1.1" 200 1979
222.70.217.149 - - [24/Jan/2022:10:26:18 +0800] "POST /xingrg/services/DataTransmitService HTTP/1.1" 200 45454
180.157.251.97 - - [24/Jan/2022:10:26:18 +0800] "GET /xingrg/check_reg.html?_=1642991179722 HTTP/1.1" 200 22
222.70.217.149 - - [24/Jan/2022:10:26:18 +0800] "POST /xingrg/services/DataTransmitService HTTP/1.1" 200 19237
180.157.251.97 - - [24/Jan/2022:10:26:18 +0800] "GET /xingrg/all/function/internal_message.html?_=1642991179725&CODE_STATE=getMsg HTTP/1.1" 200 27
124.78.156.14 - - [24/Jan/2022:10:26:18 +0800] "GET /xingrg/all/function/internal_message.html?_=1642991178446&CODE_STATE=getMsg HTTP/1.1" 200 27
222.70.217.149 - - [24/Jan/2022:10:26:19 +0800] "POST /xingrg/services/DataTransmitService HTTP/1.1" 200 524
222.70.217.149 - - [24/Jan/2022:10:26:20 +0800] "POST /xingrg/services/DataTransmitService HTTP/1.1" 200 1979
116.235.94.49 - - [24/Jan/2022:10:26:20 +0800] "GET /xingrg/all/function/internal_message.html?_=1642991321985&CODE_STATE=getMsg HTTP/1.1" 200 27
222.70.217.149 - - [24/Jan/2022:10:26:20 +0800] "POST /xingrg/services/DataTransmitService HTTP/1.1" 200 524
180.169.147.146 - - [24/Jan/2022:10:26:20 +0800] "GET /xingrg/all/function/internal_message.html?_=1642991180685&CODE_STATE=getMsg HTTP/1.1" 200 27
222.70.217.149 - - [24/Jan/2022:10:26:21 +0800] "POST /xingrg/services/DataTransmitService HTTP/1.1" 200 1979
124.78.156.14 - - [24/Jan/2022:10:26:21 +0800] "POST /xingrg/kc/buy/cgsh_order_operate.html HTTP/1.1" 200 37
58.39.168.32 - - [24/Jan/2022:10:26:23 +0800] "GET /xingrg/all/function/internal_message.html?_=1642991121495&CODE_STATE=getMsg HTTP/1.1" 200 27
101.80.229.199 - - [24/Jan/2022:10:26:23 +0800] "GET /xingrg/all/function/internal_message.html?_=1642991183601&CODE_STATE=getMsg HTTP/1.1" 200 27
116.235.94.49 - - [24/Jan/2022:10:26:25 +0800] "GET /xingrg/kc/buy/cgsh_order_operate.html?command=get_materiel&rest_code=00104&code=00101006175&supplier_code=00100012&order_time=2022-01-24 HTTP/1.1" 200 414
116.235.94.49 - - [24/Jan/2022:10:26:25 +0800] "GET /xingrg/all/function/internal_message.html?_=1642991230660&CODE_STATE=getMsg HTTP/1.1" 200 27
172.20.0.100 - - [24/Jan/2022:10:26:26 +0800] "GET /xingrg/all/function/internal_message.html?_=1642991185955&CODE_STATE=getMsg HTTP/1.1" 200 27
180.152.99.39 - - [24/Jan/2022:10:26:26 +0800] "GET /xingrg/check_reg.html?_=1642991116405 HTTP/1.1" 200 22
180.152.99.39 - - [24/Jan/2022:10:26:26 +0800] "GET /xingrg/all/function/internal_message.html?_=1642991116468&CODE_STATE=getMsg HTTP/1.1" 200 27
114.84.146.162 - - [24/Jan/2022:10:26:29 +0800] "GET /xingrg/all/function/internal_message.html?_=1642990988101&CODE_STATE=getMsg HTTP/1.1" 200 27
124.78.156.14 - - [24/Jan/2022:10:26:29 +0800] "POST /xingrg/kc/buy/cgsh_order_operate.html HTTP/1.1" 200 18016
116.235.94.49 - - [24/Jan/2022:10:26:30 +0800] "GET /xingrg/javascript/easyui/themes/default/images/button_plain_hover.png HTTP/1.1" 304 -
116.235.94.49 - - [24/Jan/2022:10:26:30 +0800] "GET /xingrg/javascript/easyui/themes/default/images/button_plain_hover.png HTTP/1.1" 304 -
180.152.99.39 - - [24/Jan/2022:10:26:33 +0800] "POST /xingrg/dwr/call/plaincall/AjaxQqpsService.checkOrder.dwr HTTP/1.1" 200 79
116.235.94.49 - - [24/Jan/2022:10:26:34 +0800] "POST /xingrg/kc/buy/cgsh_order_operate.html HTTP/1.1" 200 37
180.152.99.39 - - [24/Jan/2022:10:26:34 +0800] "GET /xingrg/kc/mdqp/qqps_order_info.html?code=302022012400610 HTTP/1.1" 200 25987
180.152.99.39 - - [24/Jan/2022:10:26:34 +0800] "GET /xingrg/dwr/interface/AjaxComOrderService.js HTTP/1.1" 200 18264
180.152.99.39 - - [24/Jan/2022:10:26:34 +0800] "GET /xingrg/dwr/interface/AjaxQqpsService.js HTTP/1.1" 200 16326
180.152.99.39 - - [24/Jan/2022:10:26:34 +0800] "GET /xingrg/dwr/engine.js HTTP/1.1" 200 43631
222.69.132.164 - - [24/Jan/2022:10:26:34 +0800] "GET /xingrg/all/function/internal_message.html?_=1642991249127&CODE_STATE=getMsg HTTP/1.1" 200 27
114.84.146.162 - - [24/Jan/2022:10:26:35 +0800] "GET /xingrg/kc/buy/cgsh_order_operate.html?command=get_materiel&rest_code=00141&code=00101008112&supplier_code=00100007&order_time=2022-01-24 HTTP/1.1" 200 412
180.152.99.39 - - [24/Jan/2022:10:26:35 +0800] "POST /xingrg/dwr/call/plaincall/AjaxQqpsService.loadMaterielItems.dwr HTTP/1.1" 200 2297
222.70.217.149 - - [24/Jan/2022:10:26:36 +0800] "POST /xingrg/services/DataTransmitService HTTP/1.1" 200 524
222.70.217.149 - - [24/Jan/2022:10:26:36 +0800] "POST /xingrg/services/DataTransmitService HTTP/1.1" 200 1979
222.70.217.149 - - [24/Jan/2022:10:26:38 +0800] "POST /xingrg/services/DataTransmitService HTTP/1.1" 200 524
222.70.217.149 - - [24/Jan/2022:10:26:39 +0800] "POST /xingrg/services/DataTransmitService HTTP/1.1" 200 1979
180.152.99.39 - - [24/Jan/2022:10:26:39 +0800] "POST /xingrg/all/user/operate.html HTTP/1.1" 200 36
180.152.99.39 - - [24/Jan/2022:10:26:39 +0800] "GET /xingrg/javascript/jquery_easy_ui/themes/default/easyui.css HTTP/1.1" 304 -
180.152.99.39 - - [24/Jan/2022:10:26:39 +0800] "GET /xingrg/index.html?sysBaseUrl=http%3A%2F%2F180.169.147.146%3A18081%2Fxingrg%2F&costTime=39×tamp=1642987400899 HTTP/1.1" 200 17179
180.152.99.39 - - [24/Jan/2022:10:26:39 +0800] "GET /xingrg/javascript/jquery_easy_ui/themes/icon.css HTTP/1.1" 304 -
180.152.99.39 - - [24/Jan/2022:10:26:39 +0800] "GET /xingrg/css/form.css HTTP/1.1" 304 -
180.152.99.39 - - [24/Jan/2022:10:26:39 +0800] "GET /xingrg/javascript/jquery-1.4.2.min.js HTTP/1.1" 304 -
180.152.99.39 - - [24/Jan/2022:10:26:39 +0800] "GET /xingrg/javascript/jquery_easy_ui/jquery.easyui.min.js HTTP/1.1" 304 -
180.152.99.39 - - [24/Jan/2022:10:26:39 +0800] "GET /xingrg/javascript/jquery_easy_ui/easyui-lang-zh_CN.js HTTP/1.1" 304 -
180.152.99.39 - - [24/Jan/2022:10:26:39 +0800] "GET /xingrg/javascript/jquery.form.js HTTP/1.1" 304 -
180.152.99.39 - - [24/Jan/2022:10:26:39 +0800] "GET /xingrg/javascript/jquery.utils.js HTTP/1.1" 304 -
180.152.99.39 - - [24/Jan/2022:10:26:39 +0800] "GET /xingrg/javascript/jquery.timers.js HTTP/1.1" 304 -
180.152.99.39 - - [24/Jan/2022:10:26:39 +0800] "GET /xingrg/images/blue/navBackgound.jpg HTTP/1.1" 304 -
180.152.99.39 - - [24/Jan/2022:10:26:39 +0800] "GET /xingrg/images/blue/jxLogo.png HTTP/1.1" 304 -
180.152.99.39 - - [24/Jan/2022:10:26:39 +0800] "GET /xingrg/javascript/jquery_easy_ui/themes/icons/settle_new.png HTTP/1.1" 304 -
180.152.99.39 - - [24/Jan/2022:10:26:39 +0800] "POST /xingrg/all/common/load_tree.html?tree=area_rest_tree_json&manage=1 HTTP/1.1" 200 476
180.152.99.39 - - [24/Jan/2022:10:26:39 +0800] "GET /xingrg/images/blue/pingpu.png HTTP/1.1" 304 -
180.152.99.39 - - [24/Jan/2022:10:26:39 +0800] "GET /xingrg/javascript/jquery_easy_ui/themes/default/images/tabs_leftarrow.png HTTP/1.1" 304 -
180.152.99.39 - - [24/Jan/2022:10:26:39 +0800] "GET /xingrg/javascript/jquery_easy_ui/themes/default/images/tabs_rightarrow.png HTTP/1.1" 304 -
180.152.99.39 - - [24/Jan/2022:10:26:39 +0800] "GET /xingrg/javascript/jquery_easy_ui/themes/default/images/panel_tool_collapse.gif HTTP/1.1" 304 -
180.152.99.39 - - [24/Jan/2022:10:26:39 +0800] "GET /xingrg/all/function/internal_message.html?_=1642991129472&CODE_STATE=count HTTP/1.1" 200 11
180.152.99.39 - - [24/Jan/2022:10:26:39 +0800] "GET /xingrg/check_reg.html?_=1642991129473 HTTP/1.1" 200 22
180.152.99.39 - - [24/Jan/2022:10:26:39 +0800] "POST /xingrg/load_menu.html HTTP/1.1" 200 5138
222.70.217.149 - - [24/Jan/2022:10:26:42 +0800] "POST /xingrg/services/DataTransmitService HTTP/1.1" 200 524
222.70.217.149 - - [24/Jan/2022:10:26:42 +0800] "POST /xingrg/services/DataTransmitService HTTP/1.1" 200 1979
180.152.99.39 - - [24/Jan/2022:10:26:44 +0800] "GET /xingrg/kc/mdqp/qqps_order_list.html HTTP/1.1" 200 10478
180.152.99.39 - - [24/Jan/2022:10:26:44 +0800] "GET /xingrg/dwr/interface/AjaxReportQueryService.js HTTP/1.1" 200 13203
180.152.99.39 - - [24/Jan/2022:10:26:44 +0800] "GET /xingrg/dwr/interface/AjaxQqpsService.js HTTP/1.1" 200 16326
180.152.99.39 - - [24/Jan/2022:10:26:44 +0800] "GET /xingrg/dwr/engine.js HTTP/1.1" 200 43631
180.157.251.97 - - [24/Jan/2022:10:26:47 +0800] "GET /xingrg/check_reg.html?_=1642991207185 HTTP/1.1" 200 22
180.152.99.39 - - [24/Jan/2022:10:26:48 +0800] "GET /xingrg/kc/mdqp/qqps_order_info.html?code=302022012400607 HTTP/1.1" 200 26409
180.152.99.39 - - [24/Jan/2022:10:26:48 +0800] "GET /xingrg/dwr/interface/AjaxComOrderService.js HTTP/1.1" 200 18264
180.152.99.39 - - [24/Jan/2022:10:26:48 +0800] "GET /xingrg/dwr/interface/AjaxQqpsService.js HTTP/1.1" 200 16326
114.95.98.1 - - [24/Jan/2022:10:26:48 +0800] "GET /xingrg/all/function/internal_message.html?_=1642991229083&CODE_STATE=getMsg HTTP/1.1" 200 27
180.152.99.39 - - [24/Jan/2022:10:26:48 +0800] "GET /xingrg/dwr/engine.js HTTP/1.1" 200 43631
180.152.99.73 - - [24/Jan/2022:10:26:48 +0800] "GET /xingrg/all/function/internal_message.html?_=1642991209864&CODE_STATE=getMsg HTTP/1.1" 200 27
180.152.99.39 - - [24/Jan/2022:10:26:48 +0800] "POST /xingrg/dwr/call/plaincall/AjaxQqpsService.loadMaterielItems.dwr HTTP/1.1" 200 19605
114.84.146.162 - - [24/Jan/2022:10:26:49 +0800] "POST /xingrg/kc/buy/cgsh_order_operate.html HTTP/1.1" 200 2065
222.70.217.149 - - [24/Jan/2022:10:26:51 +0800] "GET /xingrg/all/function/internal_message.html?_=1642991195340&CODE_STATE=getMsg HTTP/1.1" 200 27
180.169.147.146 - - [24/Jan/2022:10:26:51 +0800] "GET /xingrg/all/function/internal_message.html?_=1642991214038&CODE_STATE=getMsg HTTP/1.1" 200 27
58.39.168.32 - - [24/Jan/2022:10:26:52 +0800] "GET /xingrg/kc/buy/cgsh_order_operate.html?command=get_materiel&rest_code=00105&code=00102016356&supplier_code=00100151&order_time=2022-01-24 HTTP/1.1" 200 412
172.20.0.100 - - [24/Jan/2022:10:26:52 +0800] "GET /xingrg/check_reg.html?_=1642991212150 HTTP/1.1" 200 22
124.78.156.14 - - [24/Jan/2022:10:26:59 +0800] "GET /xingrg/all/function/internal_message.html?_=1642991218985&CODE_STATE=getMsg HTTP/1.1" 200 27
58.39.168.32 - - [24/Jan/2022:10:26:59 +0800] "GET /xingrg/all/function/internal_message.html?_=1642991220662&CODE_STATE=getMsg HTTP/1.1" 200 27
124.78.156.14 - - [24/Jan/2022:10:27:00 +0800] "GET /xingrg/kc/buy/cgsh_order_operate.html?command=get_materiel&rest_code=00106&code=00101008067&supplier_code=00100007&order_time=2022-01-24 HTTP/1.1" 200 416
180.169.147.146 - - [24/Jan/2022:10:27:00 +0800] "GET /xingrg/kc/report/report_main.html HTTP/1.1" 200 7340
114.84.146.162 - - [24/Jan/2022:10:27:00 +0800] "GET /xingrg/kc/buy/cgsh_order_operate.html?command=get_materiel&rest_code=00141&code=00101008370&supplier_code=00100007&order_time=2022-01-24 HTTP/1.1" 200 412
120.253.135.82 - - [24/Jan/2022:10:27:02 +0800] "GET /xingrg/all/function/internal_message.html?_=1642991011717&CODE_STATE=getMsg HTTP/1.1" 200 27
180.169.147.146 - - [24/Jan/2022:10:27:03 +0800] "GET /xingrg/all/report/report_query.html?fileName=kc/buy/gys_amount.xml&rh=99999 HTTP/1.1" 200 52006
180.169.147.146 - - [24/Jan/2022:10:27:03 +0800] "GET /xingrg/dwr/interface/AjaxReportQueryService.js HTTP/1.1" 200 13203
180.169.147.146 - - [24/Jan/2022:10:27:03 +0800] "GET /xingrg/dwr/engine.js HTTP/1.1" 200 43631
180.169.147.146 - - [24/Jan/2022:10:27:03 +0800] "POST /xingrg/dwr/call/plaincall/AjaxReportQueryService.getFixDate.dwr HTTP/1.1" 200 111
180.169.147.146 - - [24/Jan/2022:10:27:03 +0800] "POST /xingrg/all/common/load_tree.html?tree=supplier_tree_json&manage=1 HTTP/1.1" 200 63092
180.169.147.146 - - [24/Jan/2022:10:27:05 +0800] "POST /xingrg/all/common/load_tree.html?tree=materiel_sort_tree_json HTTP/1.1" 200 9388
180.169.147.146 - - [24/Jan/2022:10:27:05 +0800] "POST /xingrg/dwr/call/plaincall/AjaxReportQueryService.getInitString.dwr HTTP/1.1" 200 1083
114.84.146.162 - - [24/Jan/2022:10:27:08 +0800] "GET /xingrg/kc/buy/cgsh_order_operate.html?command=get_materiel&rest_code=00141&code=00101008361&supplier_code=00100007&order_time=2022-01-24 HTTP/1.1" 200 408
114.86.225.150 - - [24/Jan/2022:10:27:14 +0800] "GET /xingrg/check_reg.html?_=1642991234644 HTTP/1.1" 200 22
114.86.225.150 - - [24/Jan/2022:10:27:14 +0800] "GET /xingrg/all/function/internal_message.html?_=1642991234646&CODE_STATE=getMsg HTTP/1.1" 200 27
180.157.251.97 - - [24/Jan/2022:10:27:18 +0800] "GET /xingrg/all/function/internal_message.html?_=1642991239752&CODE_STATE=getMsg HTTP/1.1" 200 27
124.78.156.14 - - [24/Jan/2022:10:27:18 +0800] "GET /xingrg/all/function/internal_message.html?_=1642991238421&CODE_STATE=getMsg HTTP/1.1" 200 27
116.235.94.49 - - [24/Jan/2022:10:27:20 +0800] "GET /xingrg/all/function/internal_message.html?_=1642991381983&CODE_STATE=getMsg HTTP/1.1" 200 27
180.169.147.146 - - [24/Jan/2022:10:27:20 +0800] "GET /xingrg/all/function/internal_message.html?_=1642991240679&CODE_STATE=getMsg HTTP/1.1" 200 27
180.169.147.146 - - [24/Jan/2022:10:27:23 +0800] "POST /xingrg/dwr/call/plaincall/AjaxReportQueryService.refreshCache.dwr HTTP/1.1" 200 78
58.39.168.32 - - [24/Jan/2022:10:27:23 +0800] "GET /xingrg/all/function/internal_message.html?_=1642991181495&CODE_STATE=getMsg HTTP/1.1" 200 27
101.80.229.199 - - [24/Jan/2022:10:27:23 +0800] "GET /xingrg/all/function/internal_message.html?_=1642991243609&CODE_STATE=getMsg HTTP/1.1" 200 27
180.169.147.146 - - [24/Jan/2022:10:27:24 +0800] "POST /xingrg/all/report/load_report_page.html HTTP/1.1" 200 8920
180.169.147.146 - - [24/Jan/2022:10:27:24 +0800] "GET /xingrg/servlets/image?cache=0.8857200764409063&image=px HTTP/1.1" 200 807
114.84.146.162 - - [24/Jan/2022:10:27:25 +0800] "GET /xingrg/kc/buy/cgsh_order_operate.html?command=get_materiel&rest_code=00141&code=00101008300&supplier_code=00100007&order_time=2022-01-24 HTTP/1.1" 200 412
172.20.0.100 - - [24/Jan/2022:10:27:26 +0800] "GET /xingrg/all/function/internal_message.html?_=1642991245940&CODE_STATE=getMsg HTTP/1.1" 200 27
114.84.146.162 - - [24/Jan/2022:10:27:28 +0800] "POST /xingrg/kc/buy/cgsh_order_operate.html HTTP/1.1" 200 2065
114.84.146.162 - - [24/Jan/2022:10:27:29 +0800] "GET /xingrg/all/function/internal_message.html?_=1642991048078&CODE_STATE=getMsg HTTP/1.1" 200 27
124.78.156.14 - - [24/Jan/2022:10:27:30 +0800] "GET /xingrg/kc/buy/cgsh_order_operate.html?command=get_materiel&rest_code=00106&code=00101008024&supplier_code=00100007&order_time=2022-01-24 HTTP/1.1" 200 408
114.84.146.162 - - [24/Jan/2022:10:27:34 +0800] "GET /xingrg/kc/buy/cgsh_order_operate.html?command=get_materiel&rest_code=00141&code=00101008251&supplier_code=00100007&order_time=2022-01-24 HTTP/1.1" 200 408
222.69.132.164 - - [24/Jan/2022:10:27:34 +0800] "GET /xingrg/all/function/internal_message.html?_=1642991309122&CODE_STATE=getMsg HTTP/1.1" 200 27
124.78.156.14 - - [24/Jan/2022:10:27:34 +0800] "POST /xingrg/kc/buy/cgsh_order_operate.html HTTP/1.1" 200 2065
180.152.99.39 - - [24/Jan/2022:10:27:35 +0800] "POST /xingrg/dwr/call/plaincall/AjaxQqpsService.uncheckOrder.dwr HTTP/1.1" 200 78
180.152.99.39 - - [24/Jan/2022:10:27:36 +0800] "GET /xingrg/css/blue.css HTTP/1.1" 304 -
180.152.99.39 - - [24/Jan/2022:10:27:36 +0800] "GET /xingrg/javascript/auto/jquery.autocomplete.css HTTP/1.1" 304 -
180.152.99.39 - - [24/Jan/2022:10:27:36 +0800] "GET /xingrg/javascript/jquery_easy_ui/themes/icon.css HTTP/1.1" 304 -
180.152.99.39 - - [24/Jan/2022:10:27:36 +0800] "GET /xingrg/javascript/jquery-1.4.2.min.js HTTP/1.1" 304 -
180.152.99.39 - - [24/Jan/2022:10:27:36 +0800] "GET /xingrg/javascript/jquery_easy_ui/jquery.easyui.min.js HTTP/1.1" 304 -
180.152.99.39 - - [24/Jan/2022:10:27:36 +0800] "GET /xingrg/javascript/jquery_easy_ui/easyui-lang-zh_CN.js HTTP/1.1" 304 -
180.152.99.39 - - [24/Jan/2022:10:27:36 +0800] "GET /xingrg/javascript/tools/jquery.qtip-1.0.0-rc3.min.js HTTP/1.1" 304 -
180.152.99.39 - - [24/Jan/2022:10:27:36 +0800] "GET /xingrg/javascript/jquery.utils.js HTTP/1.1" 304 -
180.152.99.39 - - [24/Jan/2022:10:27:36 +0800] "GET /xingrg/javascript/pic_change.js HTTP/1.1" 304 -
180.152.99.39 - - [24/Jan/2022:10:27:36 +0800] "GET /xingrg/kc/mdqp/qqps_order_info.html?code=302022012400607 HTTP/1.1" 200 28164
180.152.99.39 - - [24/Jan/2022:10:27:36 +0800] "GET /xingrg/javascript/auto/jquery.autocomplete.js HTTP/1.1" 304 -
180.152.99.39 - - [24/Jan/2022:10:27:36 +0800] "GET /xingrg/dwr/util.js HTTP/1.1" 304 -
180.152.99.39 - - [24/Jan/2022:10:27:36 +0800] "GET /xingrg/javascript/AjaxInfoList.js HTTP/1.1" 304 -
180.152.99.39 - - [24/Jan/2022:10:27:36 +0800] "GET /xingrg/javascript/Calendar.js HTTP/1.1" 304 -
180.152.99.39 - - [24/Jan/2022:10:27:36 +0800] "GET /xingrg/javascript/Grid.js HTTP/1.1" 304 -
180.152.99.39 - - [24/Jan/2022:10:27:36 +0800] "GET /xingrg/javascript/myfunction.js HTTP/1.1" 304 -
180.152.99.39 - - [24/Jan/2022:10:27:36 +0800] "GET /xingrg/javascript/ToolTips.js HTTP/1.1" 304 -
180.152.99.39 - - [24/Jan/2022:10:27:36 +0800] "GET /xingrg/javascript/print/kc_print.js HTTP/1.1" 304 -
180.152.99.39 - - [24/Jan/2022:10:27:36 +0800] "GET /xingrg/javascript/print/LodopFuncs.js HTTP/1.1" 304 -
180.152.99.39 - - [24/Jan/2022:10:27:36 +0800] "GET /xingrg/javascript/jquery_easy_ui/themes/default/easyui.css HTTP/1.1" 304 -
180.152.99.39 - - [24/Jan/2022:10:27:36 +0800] "GET /xingrg/javascript/jquery_easy_ui/themes/icon.css HTTP/1.1" 304 -
180.152.99.39 - - [24/Jan/2022:10:27:36 +0800] "GET /xingrg/dwr/interface/AjaxQqpsService.js HTTP/1.1" 200 16326
180.152.99.39 - - [24/Jan/2022:10:27:36 +0800] "GET /xingrg/dwr/interface/AjaxComOrderService.js HTTP/1.1" 200 18264
180.152.99.39 - - [24/Jan/2022:10:27:36 +0800] "GET /xingrg/dwr/engine.js HTTP/1.1" 200 43631
180.152.99.39 - - [24/Jan/2022:10:27:36 +0800] "GET /xingrg/words/20220123141653_words.js HTTP/1.1" 304 -
180.152.99.39 - - [24/Jan/2022:10:27:36 +0800] "GET /xingrg/javascript/jquery_easy_ui/themes/icons/template_new.png HTTP/1.1" 304 -
180.152.99.39 - - [24/Jan/2022:10:27:36 +0800] "GET /xingrg/javascript/jquery_easy_ui/themes/icons/edit_add_new.png HTTP/1.1" 304 -
180.152.99.39 - - [24/Jan/2022:10:27:36 +0800] "GET /xingrg/javascript/jquery_easy_ui/themes/icons/copy_new.png HTTP/1.1" 304 -
180.152.99.39 - - [24/Jan/2022:10:27:36 +0800] "GET /xingrg/javascript/jquery_easy_ui/themes/icons/cance_new.png HTTP/1.1" 304 -
180.152.99.39 - - [24/Jan/2022:10:27:36 +0800] "GET /xingrg/javascript/jquery_easy_ui/themes/icons/ok.png HTTP/1.1" 304 -
180.152.99.39 - - [24/Jan/2022:10:27:36 +0800] "GET /xingrg/javascript/jquery_easy_ui/themes/icons/check_new.png HTTP/1.1" 304 -
180.152.99.39 - - [24/Jan/2022:10:27:36 +0800] "GET /xingrg/javascript/jquery_easy_ui/themes/icons/print.png HTTP/1.1" 304 -
180.152.99.39 - - [24/Jan/2022:10:27:36 +0800] "GET /xingrg/javascript/jquery_easy_ui/themes/icons/back_new.png HTTP/1.1" 304 -
180.152.99.39 - - [24/Jan/2022:10:27:36 +0800] "GET /xingrg/javascript/jquery_easy_ui/themes/default/images/menu_downarrow.png HTTP/1.1" 304 -
180.152.99.39 - - [24/Jan/2022:10:27:36 +0800] "GET /xingrg/javascript/jquery_easy_ui/themes/default/images/combo_arrow_dot.gif HTTP/1.1" 304 -
180.152.99.39 - - [24/Jan/2022:10:27:36 +0800] "GET /xingrg/images/blue/button/kc_tab_edit.gif HTTP/1.1" 304 -
180.152.99.39 - - [24/Jan/2022:10:27:36 +0800] "GET /xingrg/images/blue/button/kc_tab_add.gif HTTP/1.1" 304 -
180.152.99.39 - - [24/Jan/2022:10:27:36 +0800] "GET /xingrg/images/blue/button/kc_tab_del.gif HTTP/1.1" 304 -
180.152.99.39 - - [24/Jan/2022:10:27:36 +0800] "GET /xingrg/images/blue/button/kc_tab_save.gif HTTP/1.1" 304 -
180.152.99.39 - - [24/Jan/2022:10:27:36 +0800] "GET /xingrg/images/blue/kc_tab_left.gif HTTP/1.1" 304 -
180.152.99.39 - - [24/Jan/2022:10:27:36 +0800] "GET /xingrg/images/blue/kc_tab_mid.gif HTTP/1.1" 304 -
180.152.99.39 - - [24/Jan/2022:10:27:36 +0800] "GET /xingrg/images/blue/kc_tab_right.gif HTTP/1.1" 304 -
180.152.99.39 - - [24/Jan/2022:10:27:36 +0800] "GET /xingrg/images/blue/kc_tab2_right.gif HTTP/1.1" 304 -
180.152.99.39 - - [24/Jan/2022:10:27:36 +0800] "GET /xingrg/images/blue/kc_tab2_left.gif HTTP/1.1" 304 -
180.152.99.39 - - [24/Jan/2022:10:27:36 +0800] "GET /xingrg/images/blue/wait.gif HTTP/1.1" 304 -
180.152.99.39 - - [24/Jan/2022:10:27:37 +0800] "POST /xingrg/dwr/call/plaincall/AjaxQqpsService.loadMaterielItems.dwr HTTP/1.1" 200 19605
124.78.156.14 - - [24/Jan/2022:10:27:39 +0800] "GET /xingrg/kc/buy/cgsh_order_operate.html?command=get_materiel&rest_code=00106&code=00101008141&supplier_code=00100007&order_time=2022-01-24 HTTP/1.1" 200 412
180.152.99.39 - - [24/Jan/2022:10:27:39 +0800] "GET /xingrg/all/function/internal_message.html?_=1642991189543&CODE_STATE=getMsg HTTP/1.1" 200 27
114.95.98.1 - - [24/Jan/2022:10:27:45 +0800] "GET /xingrg/check_reg.html?_=1642991286016 HTTP/1.1" 200 22
114.95.98.1 - - [24/Jan/2022:10:27:48 +0800] "GET /xingrg/all/function/internal_message.html?_=1642991289461&CODE_STATE=getMsg HTTP/1.1" 200 27
180.152.99.73 - - [24/Jan/2022:10:27:48 +0800] "GET /xingrg/all/function/internal_message.html?_=1642991269872&CODE_STATE=getMsg HTTP/1.1" 200 27
114.84.146.162 - - [24/Jan/2022:10:27:49 +0800] "GET /xingrg/kc/buy/cgsh_order_operate.html?command=get_materiel&rest_code=00141&code=00101008295&supplier_code=00100007&order_time=2022-01-24 HTTP/1.1" 200 412
222.70.217.149 - - [24/Jan/2022:10:27:51 +0800] "GET /xingrg/all/function/internal_message.html?_=1642991255332&CODE_STATE=getMsg HTTP/1.1" 200 27
180.169.147.146 - - [24/Jan/2022:10:27:51 +0800] "GET /xingrg/all/function/internal_message.html?_=1642991274040&CODE_STATE=getMsg HTTP/1.1" 200 27
124.78.156.14 - - [24/Jan/2022:10:27:59 +0800] "GET /xingrg/all/function/internal_message.html?_=1642991278980&CODE_STATE=getMsg HTTP/1.1" 200 27
58.39.168.32 - - [24/Jan/2022:10:27:59 +0800] "GET /xingrg/all/function/internal_message.html?_=1642991280657&CODE_STATE=getMsg HTTP/1.1" 200 27
124.78.156.14 - - [24/Jan/2022:10:28:01 +0800] "GET /xingrg/kc/base/base_main.html HTTP/1.1" 200 12142
120.253.135.82 - - [24/Jan/2022:10:28:02 +0800] "GET /xingrg/all/function/internal_message.html?_=1642991071877&CODE_STATE=getMsg HTTP/1.1" 200 27
124.78.156.14 - - [24/Jan/2022:10:28:03 +0800] "GET /xingrg/kc/buy/buy_main.html HTTP/1.1" 200 12412
124.78.156.14 - - [24/Jan/2022:10:28:03 +0800] "GET /xingrg/css/new_ie.css HTTP/1.1" 404 1036
114.84.146.162 - - [24/Jan/2022:10:28:04 +0800] "GET /xingrg/kc/buy/cgsh_order_operate.html?command=get_materiel&rest_code=00141&code=00101008213&supplier_code=00100007&order_time=2022-01-24 HTTP/1.1" 200 412
124.78.156.14 - - [24/Jan/2022:10:28:05 +0800] "GET /xingrg/images/yd/bt.gif HTTP/1.1" 404 1040
124.78.156.14 - - [24/Jan/2022:10:28:05 +0800] "GET /xingrg/kc/buy/cgsh_order_list.html HTTP/1.1" 200 49639
114.84.146.162 - - [24/Jan/2022:10:28:06 +0800] "POST /xingrg/kc/buy/cgsh_order_operate.html HTTP/1.1" 200 2065
124.78.156.14 - - [24/Jan/2022:10:28:07 +0800] "GET /xingrg/kc/buy/cgsh_order_operate.html?command=get_materiel&rest_code=00106&code=00101011007&supplier_code=00100007&order_time=2022-01-24 HTTP/1.1" 200 414
124.78.156.14 - - [24/Jan/2022:10:28:08 +0800] "POST /xingrg/kc/buy/cgsh_list_operate.html HTTP/1.1" 200 1699
124.78.156.14 - - [24/Jan/2022:10:28:10 +0800] "GET /xingrg/kc/base/base_main.html HTTP/1.1" 200 12142
124.78.156.14 - - [24/Jan/2022:10:28:13 +0800] "GET /xingrg/kc/base/wldb_order_list.html HTTP/1.1" 200 19060
124.78.156.14 - - [24/Jan/2022:10:28:13 +0800] "POST /xingrg/kc/base/wldb_list_operate.html HTTP/1.1" 200 928
114.86.225.150 - - [24/Jan/2022:10:28:14 +0800] "GET /xingrg/all/function/internal_message.html?_=1642991294632&CODE_STATE=getMsg HTTP/1.1" 200 27
114.84.146.162 - - [24/Jan/2022:10:28:14 +0800] "GET /xingrg/kc/buy/cgsh_order_operate.html?command=get_materiel&rest_code=00141&code=00101008403&supplier_code=00100007&order_time=2022-01-24 HTTP/1.1" 200 412
124.78.156.14 - - [24/Jan/2022:10:28:17 +0800] "GET /xingrg/kc/base/base_main.html HTTP/1.1" 200 12142
180.157.251.97 - - [24/Jan/2022:10:28:18 +0800] "GET /xingrg/all/function/internal_message.html?_=1642991299751&CODE_STATE=getMsg HTTP/1.1" 200 27
124.78.156.14 - - [24/Jan/2022:10:28:18 +0800] "GET /xingrg/kc/base/wldb_order_list.html HTTP/1.1" 200 19060
124.78.156.14 - - [24/Jan/2022:10:28:18 +0800] "GET /xingrg/all/function/internal_message.html?_=1642991298477&CODE_STATE=getMsg HTTP/1.1" 200 27
124.78.156.14 - - [24/Jan/2022:10:28:19 +0800] "POST /xingrg/kc/base/wldb_list_operate.html HTTP/1.1" 200 928
116.235.94.49 - - [24/Jan/2022:10:28:20 +0800] "GET /xingrg/all/function/internal_message.html?_=1642991441981&CODE_STATE=getMsg HTTP/1.1" 200 27
180.169.147.146 - - [24/Jan/2022:10:28:20 +0800] "GET /xingrg/all/function/internal_message.html?_=1642991300657&CODE_STATE=getMsg HTTP/1.1" 200 27
114.84.146.162 - - [24/Jan/2022:10:28:22 +0800] "GET /xingrg/kc/buy/cgsh_order_operate.html?command=get_materiel&rest_code=00141&code=00101008344&supplier_code=00100007&order_time=2022-01-24 HTTP/1.1" 200 412
58.39.168.32 - - [24/Jan/2022:10:28:23 +0800] "GET /xingrg/check_reg.html?_=1642991241520 HTTP/1.1" 200 22
58.39.168.32 - - [24/Jan/2022:10:28:23 +0800] "GET /xingrg/all/function/internal_message.html?_=1642991241523&CODE_STATE=getMsg HTTP/1.1" 200 27
101.80.229.199 - - [24/Jan/2022:10:28:23 +0800] "GET /xingrg/all/function/internal_message.html?_=1642991303614&CODE_STATE=getMsg HTTP/1.1" 200 27
172.20.0.100 - - [24/Jan/2022:10:28:26 +0800] "GET /xingrg/all/function/internal_message.html?_=1642991305913&CODE_STATE=getMsg HTTP/1.1" 200 27
180.152.99.39 - - [24/Jan/2022:10:28:26 +0800] "GET /xingrg/images/yd/bt.gif HTTP/1.1" 404 1040
180.152.99.39 - - [24/Jan/2022:10:28:26 +0800] "GET /xingrg/images/yd/bt2.gif HTTP/1.1" 404 1042
