180.157.251.97 - - [24/Jan/2022:09:03:13 +0800] "GET /xingrg/javascript/auto/jquery.autocomplete.js HTTP/1.1" 304 -
180.157.251.97 - - [24/Jan/2022:09:03:13 +0800] "GET /xingrg/javascript/jquery.cookie.js HTTP/1.1" 304 -
180.157.251.97 - - [24/Jan/2022:09:03:13 +0800] "GET /xingrg/javascript/easyui/themes/icons/field_new.png HTTP/1.1" 304 -
180.157.251.97 - - [24/Jan/2022:09:03:13 +0800] "GET /xingrg/javascript/easyui/plugins/jquery.parser.js HTTP/1.1" 304 -
180.157.251.97 - - [24/Jan/2022:09:03:13 +0800] "GET /xingrg/images/control/ajaxLoader.gif HTTP/1.1" 304 -
180.157.251.97 - - [24/Jan/2022:09:03:13 +0800] "POST /xingrg/kc/mdqp/pssh_list_operate.html HTTP/1.1" 200 5162
180.157.251.97 - - [24/Jan/2022:09:03:14 +0800] "POST /xingrg/kc/mdqp/pssh_list_operate.html HTTP/1.1" 200 757
180.157.251.97 - - [24/Jan/2022:09:03:17 +0800] "POST /xingrg/kc/mdqp/pssh_list_operate.html HTTP/1.1" 200 352
180.157.251.97 - - [24/Jan/2022:09:03:18 +0800] "GET /xingrg/all/function/internal_message.html?_=1642986199674&CODE_STATE=getMsg HTTP/1.1" 200 27
180.157.251.97 - - [24/Jan/2022:09:03:18 +0800] "POST /xingrg/kc/mdqp/pssh_list_operate.html HTTP/1.1" 200 261
180.152.99.39 - - [24/Jan/2022:09:03:20 +0800] "GET /xingrg/kc/buy/cgsh_order_operate.html?command=get_materiel&rest_code=00150&code=00101008051&supplier_code=00100007&order_time=2022-01-24 HTTP/1.1" 200 409
180.152.99.39 - - [24/Jan/2022:09:03:22 +0800] "GET /xingrg/check_reg.html?_=1642986132205 HTTP/1.1" 200 22
180.152.99.39 - - [24/Jan/2022:09:03:22 +0800] "GET /xingrg/all/function/internal_message.html?_=1642986132267&CODE_STATE=getMsg HTTP/1.1" 200 27
101.80.229.199 - - [24/Jan/2022:09:03:23 +0800] "GET /xingrg/all/function/internal_message.html?_=1642986203604&CODE_STATE=getMsg HTTP/1.1" 200 27
180.157.251.97 - - [24/Jan/2022:09:03:25 +0800] "POST /xingrg/kc/mdqp/pssh_list_operate.html HTTP/1.1" 200 774
172.20.0.100 - - [24/Jan/2022:09:03:28 +0800] "GET /xingrg/all/function/internal_message.html?_=1642986208092&CODE_STATE=getMsg HTTP/1.1" 200 27
180.152.99.39 - - [24/Jan/2022:09:03:30 +0800] "GET /xingrg/kc/buy/cgsh_order_operate.html?command=get_materiel&rest_code=00150&code=00101008163&supplier_code=00100007&order_time=2022-01-24 HTTP/1.1" 200 409
114.84.146.162 - - [24/Jan/2022:09:03:31 +0800] "GET /xingrg/all/function/internal_message.html?_=1642986009845&CODE_STATE=getMsg HTTP/1.1" 200 27
180.157.251.97 - - [24/Jan/2022:09:03:31 +0800] "POST /xingrg/kc/mdqp/pssh_list_operate.html HTTP/1.1" 200 260
180.157.251.97 - - [24/Jan/2022:09:03:32 +0800] "POST /xingrg/kc/mdqp/pssh_list_operate.html HTTP/1.1" 200 765
180.157.251.97 - - [24/Jan/2022:09:03:33 +0800] "POST /xingrg/kc/mdqp/pssh_list_operate.html HTTP/1.1" 200 829
180.157.251.97 - - [24/Jan/2022:09:03:36 +0800] "GET /xingrg/javascript/jquery_easy_ui/themes/default/images/tabs_active.png HTTP/1.1" 304 -
180.169.147.146 - - [24/Jan/2022:09:03:36 +0800] "GET /xingrg/all/function/internal_message.html?_=1642986218671&CODE_STATE=getMsg HTTP/1.1" 200 27
180.152.99.39 - - [24/Jan/2022:09:03:39 +0800] "GET /xingrg/kc/buy/cgsh_order_operate.html?command=get_materiel&rest_code=00150&code=00101008224&supplier_code=00100007&order_time=2022-01-24 HTTP/1.1" 200 416
120.253.135.82 - - [24/Jan/2022:09:03:39 +0800] "GET /xingrg/all/function/internal_message.html?_=1642986008906&CODE_STATE=getMsg HTTP/1.1" 200 27
222.70.217.149 - - [24/Jan/2022:09:03:39 +0800] "GET /xingrg/all/function/internal_message.html?_=1642986203608&CODE_STATE=getMsg HTTP/1.1" 200 27
222.70.217.149 - - [24/Jan/2022:09:03:39 +0800] "GET /xingrg/check_reg.html?_=1642986203610 HTTP/1.1" 200 22
180.157.251.97 - - [24/Jan/2022:09:03:40 +0800] "POST /xingrg/kc/mdqp/pssh_list_operate.html HTTP/1.1" 200 553
180.157.251.97 - - [24/Jan/2022:09:03:41 +0800] "GET /xingrg/kc/base/base_main.html HTTP/1.1" 200 12142
180.157.251.97 - - [24/Jan/2022:09:03:41 +0800] "POST /xingrg/kc/mdqp/pssh_list_operate.html HTTP/1.1" 200 549
180.157.251.97 - - [24/Jan/2022:09:03:42 +0800] "GET /xingrg/kc/base/check_order_list.html HTTP/1.1" 200 16185
180.157.251.97 - - [24/Jan/2022:09:03:42 +0800] "POST /xingrg/kc/base/check_list_operate.html HTTP/1.1" 200 1563
180.157.251.97 - - [24/Jan/2022:09:03:43 +0800] "GET /xingrg/kc/mdqp/pssh_order_info.html?code=312022012300805 HTTP/1.1" 200 17250
180.157.251.97 - - [24/Jan/2022:09:03:43 +0800] "GET /xingrg/javascript/print/kc_print.js HTTP/1.1" 304 -
180.157.251.97 - - [24/Jan/2022:09:03:43 +0800] "GET /xingrg/javascript/pic_change.js HTTP/1.1" 304 -
180.157.251.97 - - [24/Jan/2022:09:03:43 +0800] "GET /xingrg/javascript/print/LodopFuncs.js HTTP/1.1" 304 -
180.157.251.97 - - [24/Jan/2022:09:03:43 +0800] "GET /xingrg/javascript/jquery_tools/jquery-1.4.2.min.js HTTP/1.1" 404 1094
180.157.251.97 - - [24/Jan/2022:09:03:43 +0800] "GET /xingrg/javascript/jquery_tools/order_manager.js HTTP/1.1" 304 -
180.157.251.97 - - [24/Jan/2022:09:03:43 +0800] "GET /xingrg/javascript/convert.js HTTP/1.1" 304 -
180.157.251.97 - - [24/Jan/2022:09:03:43 +0800] "GET /xingrg/javascript/json2.js HTTP/1.1" 304 -
180.157.251.97 - - [24/Jan/2022:09:03:43 +0800] "GET /xingrg/words/20220123141653_words.js HTTP/1.1" 200 884692
180.157.251.97 - - [24/Jan/2022:09:03:43 +0800] "GET /xingrg/javascript/easyui/themes/icons/cance_new.png HTTP/1.1" 304 -
180.157.251.97 - - [24/Jan/2022:09:03:43 +0800] "GET /xingrg/javascript/easyui/themes/icons/ok.png HTTP/1.1" 304 -
180.157.251.97 - - [24/Jan/2022:09:03:43 +0800] "GET /xingrg/javascript/easyui/themes/icons/check_new.png HTTP/1.1" 304 -
180.157.251.97 - - [24/Jan/2022:09:03:43 +0800] "GET /xingrg/javascript/easyui/themes/icons/print.png HTTP/1.1" 304 -
180.157.251.97 - - [24/Jan/2022:09:03:43 +0800] "GET /xingrg/javascript/easyui/themes/default/images/menu_downarrow.png HTTP/1.1" 304 -
180.157.251.97 - - [24/Jan/2022:09:03:43 +0800] "GET /xingrg/javascript/easyui/themes/icons/back_new.png HTTP/1.1" 304 -
180.157.251.97 - - [24/Jan/2022:09:03:43 +0800] "POST /xingrg/kc/mdqp/pssh_order_operate.html HTTP/1.1" 200 2066
180.157.251.97 - - [24/Jan/2022:09:03:43 +0800] "GET /xingrg/all/common/auto_word.html?type=base&rest_code=00148&rest_code=00148 HTTP/1.1" 200 1799
180.157.251.97 - - [24/Jan/2022:09:03:43 +0800] "GET /xingrg/javascript/easyui/themes/default/validatebox.css HTTP/1.1" 404 1104
180.157.251.97 - - [24/Jan/2022:09:03:43 +0800] "GET /xingrg/all/common/auto_word.html?type=employee&rest_code=00148 HTTP/1.1" 200 243
180.157.251.97 - - [24/Jan/2022:09:03:43 +0800] "GET /xingrg/javascript/easyui/plugins/jquery.validatebox.js HTTP/1.1" 304 -
180.157.251.97 - - [24/Jan/2022:09:03:43 +0800] "GET /xingrg/javascript/easyui/plugins/jquery.numberbox.js HTTP/1.1" 304 -
180.157.251.97 - - [24/Jan/2022:09:03:44 +0800] "GET /xingrg/kc/base/check_order_info.html?code=452022012300045 HTTP/1.1" 200 26514
180.157.251.97 - - [24/Jan/2022:09:03:44 +0800] "GET /xingrg/dwr/interface/AjaxComOrderService.js HTTP/1.1" 200 18264
180.157.251.97 - - [24/Jan/2022:09:03:44 +0800] "GET /xingrg/dwr/interface/AjaxCheckService.js HTTP/1.1" 200 14003
180.157.251.97 - - [24/Jan/2022:09:03:44 +0800] "GET /xingrg/dwr/engine.js HTTP/1.1" 200 43631
180.157.251.97 - - [24/Jan/2022:09:03:45 +0800] "POST /xingrg/dwr/call/plaincall/AjaxCheckService.loadOrderItems.dwr HTTP/1.1" 200 45468
180.152.99.73 - - [24/Jan/2022:09:03:45 +0800] "GET /xingrg/all/function/internal_message.html?_=1642986226571&CODE_STATE=getMsg HTTP/1.1" 200 27
180.152.99.73 - - [24/Jan/2022:09:03:47 +0800] "POST /xingrg/kc/buy/cgsh_order_operate.html HTTP/1.1" 200 37
180.152.99.39 - - [24/Jan/2022:09:03:47 +0800] "GET /xingrg/kc/buy/cgsh_order_operate.html?command=get_materiel&rest_code=00150&code=00101008370&supplier_code=00100007&order_time=2022-01-24 HTTP/1.1" 200 412
180.152.99.73 - - [24/Jan/2022:09:03:50 +0800] "POST /xingrg/kc/buy/cgsh_order_operate.html HTTP/1.1" 200 12
180.152.99.73 - - [24/Jan/2022:09:03:51 +0800] "GET /xingrg/kc/buy/cgsh_order_info.html?code=212022012412135 HTTP/1.1" 200 60245
180.169.147.146 - - [24/Jan/2022:09:03:51 +0800] "GET /xingrg/all/function/internal_message.html?_=1642986230901&CODE_STATE=getMsg HTTP/1.1" 200 27
180.152.99.73 - - [24/Jan/2022:09:03:51 +0800] "GET /xingrg/javascript/easyui/themes/default/validatebox.css HTTP/1.1" 404 1104
180.152.99.73 - - [24/Jan/2022:09:03:52 +0800] "POST /xingrg/kc/buy/cgsh_order_operate.html HTTP/1.1" 200 1205
180.152.99.73 - - [24/Jan/2022:09:03:53 +0800] "GET /xingrg/kc/print/load_data.html?order_code=212022012412135&kc_code=cgsh&condition= HTTP/1.1" 200 964
180.152.99.39 - - [24/Jan/2022:09:03:56 +0800] "GET /xingrg/kc/buy/cgsh_order_operate.html?command=get_materiel&rest_code=00150&code=00101008361&supplier_code=00100007&order_time=2022-01-24 HTTP/1.1" 200 408
180.152.99.73 - - [24/Jan/2022:09:04:00 +0800] "GET /xingrg/kc/buy/cgsh_order_add.html HTTP/1.1" 200 65332
180.152.99.73 - - [24/Jan/2022:09:04:01 +0800] "POST /xingrg/kc/buy/cgsh_order_operate.html HTTP/1.1" 200 8245
180.152.99.73 - - [24/Jan/2022:09:04:01 +0800] "GET /xingrg/javascript/easyui/themes/default/validatebox.css HTTP/1.1" 404 1104
180.157.251.97 - - [24/Jan/2022:09:04:02 +0800] "GET /xingrg/javascript/easyui/themes/default/images/button_plain_hover.png HTTP/1.1" 304 -
180.157.251.97 - - [24/Jan/2022:09:04:02 +0800] "GET /xingrg/kc/mdqp/pssh_order_list.html?isBack=1 HTTP/1.1" 200 17737
180.157.251.97 - - [24/Jan/2022:09:04:02 +0800] "POST /xingrg/kc/mdqp/pssh_list_operate.html HTTP/1.1" 200 5162
180.157.251.97 - - [24/Jan/2022:09:04:05 +0800] "POST /xingrg/kc/mdqp/pssh_list_operate.html HTTP/1.1" 200 549
180.152.99.39 - - [24/Jan/2022:09:04:05 +0800] "GET /xingrg/kc/buy/cgsh_order_operate.html?command=get_materiel&rest_code=00150&code=00101008355&supplier_code=00100007&order_time=2022-01-24 HTTP/1.1" 200 408
101.83.241.190 - - [24/Jan/2022:09:04:09 +0800] "GET /xingrg/all/function/internal_message.html?_=1642986249845&CODE_STATE=getMsg HTTP/1.1" 200 27
58.39.168.32 - - [24/Jan/2022:09:04:09 +0800] "GET /xingrg/all/function/internal_message.html?_=1642986250317&CODE_STATE=getMsg HTTP/1.1" 200 27
180.152.99.39 - - [24/Jan/2022:09:04:11 +0800] "POST /xingrg/kc/buy/cgsh_order_operate.html HTTP/1.1" 200 37
180.157.251.97 - - [24/Jan/2022:09:04:11 +0800] "GET /xingrg/all/function/internal_message.html?_=1642986253590&CODE_STATE=getMsg HTTP/1.1" 200 27
180.152.99.73 - - [24/Jan/2022:09:04:12 +0800] "GET /xingrg/kc/buy/cgsh_order_operate.html?command=get_materiel&rest_code=00150&code=00101009109&supplier_code=00100424&order_time=2022-01-24 HTTP/1.1" 200 399
180.157.251.97 - - [24/Jan/2022:09:04:13 +0800] "POST /xingrg/kc/mdqp/pssh_list_operate.html HTTP/1.1" 200 829
180.152.99.39 - - [24/Jan/2022:09:04:14 +0800] "POST /xingrg/kc/buy/cgsh_order_operate.html HTTP/1.1" 200 13902
180.157.251.97 - - [24/Jan/2022:09:04:14 +0800] "POST /xingrg/dwr/call/plaincall/AjaxCheckService.setItemNumber.dwr HTTP/1.1" 200 76
180.157.251.97 - - [24/Jan/2022:09:04:16 +0800] "POST /xingrg/dwr/call/plaincall/AjaxCheckService.setItemNumber.dwr HTTP/1.1" 200 76
180.157.251.97 - - [24/Jan/2022:09:04:18 +0800] "GET /xingrg/all/function/internal_message.html?_=1642986259676&CODE_STATE=getMsg HTTP/1.1" 200 27
180.152.99.73 - - [24/Jan/2022:09:04:21 +0800] "GET /xingrg/kc/buy/cgsh_order_operate.html?command=get_materiel&rest_code=00150&code=00101009062&supplier_code=00100424&order_time=2022-01-24 HTTP/1.1" 200 412
180.152.99.39 - - [24/Jan/2022:09:04:22 +0800] "GET /xingrg/all/function/internal_message.html?_=1642986192282&CODE_STATE=getMsg HTTP/1.1" 200 27
180.152.99.39 - - [24/Jan/2022:09:04:23 +0800] "GET /xingrg/kc/buy/cgsh_order_operate.html?command=get_materiel&rest_code=00150&code=00101008209&supplier_code=00100007&order_time=2022-01-24 HTTP/1.1" 200 408
101.80.229.199 - - [24/Jan/2022:09:04:23 +0800] "GET /xingrg/all/function/internal_message.html?_=1642986263608&CODE_STATE=getMsg HTTP/1.1" 200 27
180.152.99.73 - - [24/Jan/2022:09:04:28 +0800] "GET /xingrg/kc/buy/cgsh_order_operate.html?command=get_materiel&rest_code=00150&code=00101009122&supplier_code=00100424&order_time=2022-01-24 HTTP/1.1" 200 391
172.20.0.100 - - [24/Jan/2022:09:04:28 +0800] "GET /xingrg/all/function/internal_message.html?_=1642986268066&CODE_STATE=getMsg HTTP/1.1" 200 27
180.152.99.39 - - [24/Jan/2022:09:04:29 +0800] "GET /xingrg/kc/buy/cgsh_order_operate.html?command=get_materiel&rest_code=00150&code=00101008024&supplier_code=00100007&order_time=2022-01-24 HTTP/1.1" 200 408
114.84.146.162 - - [24/Jan/2022:09:04:30 +0800] "GET /xingrg/all/function/internal_message.html?_=1642986069816&CODE_STATE=getMsg HTTP/1.1" 200 27
180.152.99.39 - - [24/Jan/2022:09:04:35 +0800] "GET /xingrg/kc/buy/cgsh_order_operate.html?command=get_materiel&rest_code=00150&code=00101008356&supplier_code=00100007&order_time=2022-01-24 HTTP/1.1" 200 408
180.152.99.73 - - [24/Jan/2022:09:04:35 +0800] "GET /xingrg/kc/buy/cgsh_order_operate.html?command=get_materiel&rest_code=00150&code=00101009007&supplier_code=00100424&order_time=2022-01-24 HTTP/1.1" 200 408
180.169.147.146 - - [24/Jan/2022:09:04:36 +0800] "GET /xingrg/all/function/internal_message.html?_=1642986278671&CODE_STATE=getMsg HTTP/1.1" 200 27
180.157.251.97 - - [24/Jan/2022:09:04:36 +0800] "POST /xingrg/dwr/call/plaincall/AjaxCheckService.setItemNumber.dwr HTTP/1.1" 200 76
222.70.217.149 - - [24/Jan/2022:09:04:39 +0800] "GET /xingrg/all/function/internal_message.html?_=1642986263608&CODE_STATE=getMsg HTTP/1.1" 200 27
120.253.135.82 - - [24/Jan/2022:09:04:39 +0800] "GET /xingrg/all/function/internal_message.html?_=1642986068918&CODE_STATE=getMsg HTTP/1.1" 200 27
180.152.99.39 - - [24/Jan/2022:09:04:42 +0800] "GET /xingrg/kc/buy/cgsh_order_operate.html?command=get_materiel&rest_code=00150&code=00101008300&supplier_code=00100007&order_time=2022-01-24 HTTP/1.1" 200 412
180.157.251.97 - - [24/Jan/2022:09:04:42 +0800] "POST /xingrg/dwr/call/plaincall/AjaxCheckService.setItemNumber.dwr HTTP/1.1" 200 76
180.152.99.73 - - [24/Jan/2022:09:04:43 +0800] "GET /xingrg/kc/buy/cgsh_order_operate.html?command=get_materiel&rest_code=00150&code=00101009016&supplier_code=00100424&order_time=2022-01-24 HTTP/1.1" 200 412
180.157.251.97 - - [24/Jan/2022:09:04:44 +0800] "POST /xingrg/dwr/call/plaincall/AjaxCheckService.setItemNumber.dwr HTTP/1.1" 200 76
180.152.99.73 - - [24/Jan/2022:09:04:45 +0800] "GET /xingrg/all/function/internal_message.html?_=1642986286567&CODE_STATE=getMsg HTTP/1.1" 200 27
180.152.99.73 - - [24/Jan/2022:09:04:49 +0800] "GET /xingrg/kc/buy/cgsh_order_operate.html?command=get_materiel&rest_code=00150&code=00101009011&supplier_code=00100424&order_time=2022-01-24 HTTP/1.1" 200 416
180.152.99.39 - - [24/Jan/2022:09:04:51 +0800] "GET /xingrg/kc/buy/cgsh_order_operate.html?command=get_materiel&rest_code=00150&code=00101008251&supplier_code=00100007&order_time=2022-01-24 HTTP/1.1" 200 408
180.169.147.146 - - [24/Jan/2022:09:04:51 +0800] "GET /xingrg/all/function/internal_message.html?_=1642986290911&CODE_STATE=getMsg HTTP/1.1" 200 27
180.169.147.146 - - [24/Jan/2022:09:04:51 +0800] "GET /xingrg/check_reg.html?_=1642986290911 HTTP/1.1" 200 22
180.157.251.97 - - [24/Jan/2022:09:04:52 +0800] "POST /xingrg/dwr/call/plaincall/AjaxCheckService.setItemNumber.dwr HTTP/1.1" 200 76
180.157.251.97 - - [24/Jan/2022:09:04:52 +0800] "POST /xingrg/dwr/call/plaincall/AjaxCheckService.setItemNumber.dwr HTTP/1.1" 200 76
180.157.251.97 - - [24/Jan/2022:09:04:54 +0800] "POST /xingrg/dwr/call/plaincall/AjaxCheckService.setItemNumber.dwr HTTP/1.1" 200 76
114.84.146.162 - - [24/Jan/2022:09:04:54 +0800] "GET /xingrg/check_reg.html?_=1642986093508 HTTP/1.1" 200 22
180.157.251.97 - - [24/Jan/2022:09:04:55 +0800] "POST /xingrg/dwr/call/plaincall/AjaxCheckService.setItemNumber.dwr HTTP/1.1" 200 76
180.157.251.97 - - [24/Jan/2022:09:04:56 +0800] "POST /xingrg/dwr/call/plaincall/AjaxCheckService.setItemNumber.dwr HTTP/1.1" 200 77
180.157.251.97 - - [24/Jan/2022:09:04:57 +0800] "POST /xingrg/dwr/call/plaincall/AjaxCheckService.setItemNumber.dwr HTTP/1.1" 200 77
180.157.251.97 - - [24/Jan/2022:09:04:58 +0800] "POST /xingrg/dwr/call/plaincall/AjaxCheckService.setItemNumber.dwr HTTP/1.1" 200 77
180.152.99.39 - - [24/Jan/2022:09:05:01 +0800] "POST /xingrg/kc/buy/cgsh_order_operate.html HTTP/1.1" 200 37
58.39.168.32 - - [24/Jan/2022:09:05:01 +0800] "GET /xingrg/kc/buy/cgsh_order_operate.html?command=get_materiel&rest_code=00105&code=00101008251&supplier_code=00100203&order_time=2022-01-24 HTTP/1.1" 200 23
180.152.99.39 - - [24/Jan/2022:09:05:02 +0800] "POST /xingrg/kc/buy/cgsh_order_operate.html HTTP/1.1" 200 16847
180.157.251.97 - - [24/Jan/2022:09:05:03 +0800] "POST /xingrg/dwr/call/plaincall/AjaxCheckService.setItemNumber.dwr HTTP/1.1" 200 77
180.157.251.97 - - [24/Jan/2022:09:05:03 +0800] "POST /xingrg/dwr/call/plaincall/AjaxCheckService.setItemNumber.dwr HTTP/1.1" 200 77
180.157.251.97 - - [24/Jan/2022:09:05:04 +0800] "POST /xingrg/dwr/call/plaincall/AjaxCheckService.setItemNumber.dwr HTTP/1.1" 200 77
180.157.251.97 - - [24/Jan/2022:09:05:06 +0800] "POST /xingrg/dwr/call/plaincall/AjaxCheckService.setItemNumber.dwr HTTP/1.1" 200 77
180.157.251.97 - - [24/Jan/2022:09:05:07 +0800] "POST /xingrg/dwr/call/plaincall/AjaxCheckService.setItemNumber.dwr HTTP/1.1" 200 77
58.39.168.32 - - [24/Jan/2022:09:05:08 +0800] "POST /xingrg/kc/buy/cgsh_order_operate.html HTTP/1.1" 200 37
101.83.241.190 - - [24/Jan/2022:09:05:09 +0800] "GET /xingrg/all/function/internal_message.html?_=1642986309846&CODE_STATE=getMsg HTTP/1.1" 200 27
180.152.99.39 - - [24/Jan/2022:09:05:10 +0800] "GET /xingrg/kc/buy/cgsh_order_operate.html?command=get_materiel&rest_code=00150&code=00101008270&supplier_code=00100007&order_time=2022-01-24 HTTP/1.1" 200 412
180.157.251.97 - - [24/Jan/2022:09:05:10 +0800] "POST /xingrg/dwr/call/plaincall/AjaxCheckService.setItemNumber.dwr HTTP/1.1" 200 77
180.157.251.97 - - [24/Jan/2022:09:05:11 +0800] "GET /xingrg/all/function/internal_message.html?_=1642986313592&CODE_STATE=getMsg HTTP/1.1" 200 27
58.39.168.32 - - [24/Jan/2022:09:05:11 +0800] "POST /xingrg/kc/buy/cgsh_order_operate.html HTTP/1.1" 200 23322
180.157.251.97 - - [24/Jan/2022:09:05:12 +0800] "POST /xingrg/dwr/call/plaincall/AjaxCheckService.setItemNumber.dwr HTTP/1.1" 200 77
180.157.251.97 - - [24/Jan/2022:09:05:15 +0800] "POST /xingrg/dwr/call/plaincall/AjaxCheckService.setItemNumber.dwr HTTP/1.1" 200 77
180.157.251.97 - - [24/Jan/2022:09:05:16 +0800] "POST /xingrg/dwr/call/plaincall/AjaxCheckService.setItemNumber.dwr HTTP/1.1" 200 77
180.157.251.97 - - [24/Jan/2022:09:05:16 +0800] "POST /xingrg/dwr/call/plaincall/AjaxCheckService.setItemNumber.dwr HTTP/1.1" 200 77
180.157.251.97 - - [24/Jan/2022:09:05:17 +0800] "POST /xingrg/dwr/call/plaincall/AjaxCheckService.setItemNumber.dwr HTTP/1.1" 200 77
180.157.251.97 - - [24/Jan/2022:09:05:18 +0800] "GET /xingrg/all/function/internal_message.html?_=1642986319768&CODE_STATE=getMsg HTTP/1.1" 200 27
180.157.251.97 - - [24/Jan/2022:09:05:18 +0800] "POST /xingrg/dwr/call/plaincall/AjaxCheckService.setItemNumber.dwr HTTP/1.1" 200 77
180.152.99.39 - - [24/Jan/2022:09:05:18 +0800] "GET /xingrg/kc/buy/cgsh_order_operate.html?command=get_materiel&rest_code=00150&code=00101008357&supplier_code=00100007&order_time=2022-01-24 HTTP/1.1" 200 408
180.157.251.97 - - [24/Jan/2022:09:05:19 +0800] "POST /xingrg/dwr/call/plaincall/AjaxCheckService.setItemNumber.dwr HTTP/1.1" 200 77
180.157.251.97 - - [24/Jan/2022:09:05:19 +0800] "POST /xingrg/dwr/call/plaincall/AjaxCheckService.setItemNumber.dwr HTTP/1.1" 200 77
180.152.99.39 - - [24/Jan/2022:09:05:22 +0800] "GET /xingrg/all/function/internal_message.html?_=1642986252295&CODE_STATE=getMsg HTTP/1.1" 200 27
101.80.229.199 - - [24/Jan/2022:09:05:23 +0800] "GET /xingrg/check_reg.html?_=1642986323612 HTTP/1.1" 200 22
101.80.229.199 - - [24/Jan/2022:09:05:23 +0800] "GET /xingrg/all/function/internal_message.html?_=1642986323616&CODE_STATE=getMsg HTTP/1.1" 200 27
58.39.168.32 - - [24/Jan/2022:09:05:25 +0800] "GET /xingrg/index.html?sysBaseUrl=http%3A%2F%2F180.169.147.146%3A18081%2Fxingrg%2F&costTime=36×tamp=1585222720700 HTTP/1.1" 200 17173
58.39.168.32 - - [24/Jan/2022:09:05:26 +0800] "POST /xingrg/all/common/load_tree.html?tree=area_rest_tree_json&manage=1 HTTP/1.1" 200 3472
58.39.168.32 - - [24/Jan/2022:09:05:26 +0800] "GET /favicon.ico HTTP/1.1" 404 -
58.39.168.32 - - [24/Jan/2022:09:05:26 +0800] "GET /xingrg/all/function/internal_message.html?_=1642986327187&CODE_STATE=count HTTP/1.1" 200 11
58.39.168.32 - - [24/Jan/2022:09:05:26 +0800] "GET /xingrg/check_reg.html?_=1642986327187 HTTP/1.1" 200 22
58.39.168.32 - - [24/Jan/2022:09:05:26 +0800] "POST /xingrg/load_menu.html HTTP/1.1" 200 5138
180.157.251.97 - - [24/Jan/2022:09:05:27 +0800] "POST /xingrg/dwr/call/plaincall/AjaxCheckService.setItemNumber.dwr HTTP/1.1" 200 77
180.157.251.97 - - [24/Jan/2022:09:05:27 +0800] "POST /xingrg/dwr/call/plaincall/AjaxCheckService.setItemNumber.dwr HTTP/1.1" 200 77
180.152.99.39 - - [24/Jan/2022:09:05:28 +0800] "GET /xingrg/kc/buy/cgsh_order_operate.html?command=get_materiel&rest_code=00150&code=00101008069&supplier_code=00100007&order_time=2022-01-24 HTTP/1.1" 200 412
172.20.0.100 - - [24/Jan/2022:09:05:28 +0800] "GET /xingrg/all/function/internal_message.html?_=1642986328040&CODE_STATE=getMsg HTTP/1.1" 200 27
180.157.251.97 - - [24/Jan/2022:09:05:29 +0800] "POST /xingrg/dwr/call/plaincall/AjaxCheckService.setItemNumber.dwr HTTP/1.1" 200 77
58.39.168.32 - - [24/Jan/2022:09:05:29 +0800] "GET /xingrg/kc/buy/cgsh_order_list.html HTTP/1.1" 200 49639
180.157.251.97 - - [24/Jan/2022:09:05:30 +0800] "POST /xingrg/dwr/call/plaincall/AjaxCheckService.setItemNumber.dwr HTTP/1.1" 200 77
114.84.146.162 - - [24/Jan/2022:09:05:30 +0800] "GET /xingrg/all/function/internal_message.html?_=1642986129810&CODE_STATE=getMsg HTTP/1.1" 200 27
180.157.251.97 - - [24/Jan/2022:09:05:31 +0800] "POST /xingrg/dwr/call/plaincall/AjaxCheckService.setItemNumber.dwr HTTP/1.1" 200 77
180.157.251.97 - - [24/Jan/2022:09:05:32 +0800] "POST /xingrg/dwr/call/plaincall/AjaxCheckService.setItemNumber.dwr HTTP/1.1" 200 77
180.157.251.97 - - [24/Jan/2022:09:05:32 +0800] "POST /xingrg/dwr/call/plaincall/AjaxCheckService.setItemNumber.dwr HTTP/1.1" 200 77
58.39.168.32 - - [24/Jan/2022:09:05:32 +0800] "POST /xingrg/kc/buy/cgsh_list_operate.html HTTP/1.1" 200 2045
180.157.251.97 - - [24/Jan/2022:09:05:33 +0800] "POST /xingrg/dwr/call/plaincall/AjaxCheckService.setItemNumber.dwr HTTP/1.1" 200 77
180.157.251.97 - - [24/Jan/2022:09:05:33 +0800] "POST /xingrg/dwr/call/plaincall/AjaxCheckService.setItemNumber.dwr HTTP/1.1" 200 77
180.157.251.97 - - [24/Jan/2022:09:05:34 +0800] "POST /xingrg/dwr/call/plaincall/AjaxCheckService.setItemNumber.dwr HTTP/1.1" 200 77
180.152.99.39 - - [24/Jan/2022:09:05:35 +0800] "GET /xingrg/kc/buy/cgsh_order_operate.html?command=get_materiel&rest_code=00150&code=00101008286&supplier_code=00100007&order_time=2022-01-24 HTTP/1.1" 200 428
58.39.168.32 - - [24/Jan/2022:09:05:35 +0800] "POST /xingrg/kc/buy/cgsh_list_operate.html HTTP/1.1" 200 572
180.169.147.146 - - [24/Jan/2022:09:05:36 +0800] "GET /xingrg/all/function/internal_message.html?_=1642986338670&CODE_STATE=getMsg HTTP/1.1" 200 27
180.169.147.146 - - [24/Jan/2022:09:05:36 +0800] "GET /xingrg/check_reg.html?_=1642986338672 HTTP/1.1" 200 22
58.39.168.32 - - [24/Jan/2022:09:05:37 +0800] "GET /xingrg/kc/buy/cgsh_order_info.html?code=212022012412137 HTTP/1.1" 200 65499
180.157.251.97 - - [24/Jan/2022:09:05:37 +0800] "POST /xingrg/dwr/call/plaincall/AjaxCheckService.setItemNumber.dwr HTTP/1.1" 200 77
58.39.168.32 - - [24/Jan/2022:09:05:37 +0800] "GET /xingrg/all/common/auto_word.html?type=employee&rest_code=00105 HTTP/1.1" 200 193
58.39.168.32 - - [24/Jan/2022:09:05:37 +0800] "GET /xingrg/all/common/auto_word.html?type=employee&rest_code=00105 HTTP/1.1" 200 193
58.39.168.32 - - [24/Jan/2022:09:05:37 +0800] "GET /xingrg/javascript/easyui/themes/default/validatebox.css HTTP/1.1" 404 1104
180.157.251.97 - - [24/Jan/2022:09:05:37 +0800] "POST /xingrg/dwr/call/plaincall/AjaxCheckService.setItemNumber.dwr HTTP/1.1" 200 77
58.39.168.32 - - [24/Jan/2022:09:05:37 +0800] "POST /xingrg/kc/buy/cgsh_order_operate.html HTTP/1.1" 200 23322
180.157.251.97 - - [24/Jan/2022:09:05:37 +0800] "POST /xingrg/dwr/call/plaincall/AjaxCheckService.setItemNumber.dwr HTTP/1.1" 200 77
180.157.251.97 - - [24/Jan/2022:09:05:38 +0800] "POST /xingrg/dwr/call/plaincall/AjaxCheckService.setItemNumber.dwr HTTP/1.1" 200 77
180.157.251.97 - - [24/Jan/2022:09:05:39 +0800] "POST /xingrg/dwr/call/plaincall/AjaxCheckService.setItemNumber.dwr HTTP/1.1" 200 77
222.70.217.149 - - [24/Jan/2022:09:05:39 +0800] "GET /xingrg/all/function/internal_message.html?_=1642986323603&CODE_STATE=getMsg HTTP/1.1" 200 27
120.253.135.82 - - [24/Jan/2022:09:05:40 +0800] "GET /xingrg/all/function/internal_message.html?_=1642986129115&CODE_STATE=getMsg HTTP/1.1" 200 27
180.157.251.97 - - [24/Jan/2022:09:05:41 +0800] "POST /xingrg/dwr/call/plaincall/AjaxCheckService.setItemNumber.dwr HTTP/1.1" 200 77
180.152.99.73 - - [24/Jan/2022:09:05:41 +0800] "GET /xingrg/kc/buy/cgsh_order_operate.html?command=get_materiel&rest_code=00150&code=00101009063&supplier_code=00100424&order_time=2022-01-24 HTTP/1.1" 200 410
180.157.251.97 - - [24/Jan/2022:09:05:41 +0800] "POST /xingrg/dwr/call/plaincall/AjaxCheckService.setItemNumber.dwr HTTP/1.1" 200 77
58.39.168.32 - - [24/Jan/2022:09:05:41 +0800] "GET /xingrg/javascript/auto/indicator.gif HTTP/1.1" 404 1066
180.152.99.39 - - [24/Jan/2022:09:05:42 +0800] "GET /xingrg/kc/buy/cgsh_order_operate.html?command=get_materiel&rest_code=00150&code=00101008036&supplier_code=00100007&order_time=2022-01-24 HTTP/1.1" 200 408
180.152.99.73 - - [24/Jan/2022:09:05:45 +0800] "GET /xingrg/all/function/internal_message.html?_=1642986346557&CODE_STATE=getMsg HTTP/1.1" 200 27
180.169.147.146 - - [24/Jan/2022:09:05:51 +0800] "GET /xingrg/all/function/internal_message.html?_=1642986350909&CODE_STATE=getMsg HTTP/1.1" 200 27
58.39.168.32 - - [24/Jan/2022:09:05:53 +0800] "GET /xingrg/kc/buy/cgsh_order_operate.html?command=get_materiel&rest_code=00105&code=00101008251&supplier_code=00100203&order_time=2022-01-24 HTTP/1.1" 200 23
120.253.135.82 - - [24/Jan/2022:09:05:54 +0800] "GET /xingrg/check_reg.html?_=1642986144018 HTTP/1.1" 200 22
180.152.99.39 - - [24/Jan/2022:09:05:58 +0800] "POST /xingrg/kc/buy/cgsh_order_operate.html HTTP/1.1" 200 37
180.152.99.73 - - [24/Jan/2022:09:05:58 +0800] "GET /xingrg/kc/buy/cgsh_order_operate.html?command=get_materiel&rest_code=00150&code=00101009015&supplier_code=00100424&order_time=2022-01-24 HTTP/1.1" 200 23
180.152.99.39 - - [24/Jan/2022:09:06:00 +0800] "POST /xingrg/kc/buy/cgsh_order_operate.html HTTP/1.1" 200 19793
58.39.168.32 - - [24/Jan/2022:09:06:01 +0800] "GET /xingrg/index.html?sysBaseUrl=http%3A%2F%2F180.169.147.146%3A18081%2Fxingrg%2F&costTime=36×tamp=1585222720700 HTTP/1.1" 200 17173
58.39.168.32 - - [24/Jan/2022:09:06:01 +0800] "POST /xingrg/all/common/load_tree.html?tree=area_rest_tree_json&manage=1 HTTP/1.1" 200 3472
58.39.168.32 - - [24/Jan/2022:09:06:01 +0800] "GET /xingrg/all/function/internal_message.html?_=1642986362463&CODE_STATE=count HTTP/1.1" 200 11
58.39.168.32 - - [24/Jan/2022:09:06:01 +0800] "GET /xingrg/check_reg.html?_=1642986362464 HTTP/1.1" 200 22
58.39.168.32 - - [24/Jan/2022:09:06:01 +0800] "POST /xingrg/load_menu.html HTTP/1.1" 200 5138
58.39.168.32 - - [24/Jan/2022:09:06:01 +0800] "GET /favicon.ico HTTP/1.1" 404 -
58.39.168.32 - - [24/Jan/2022:09:06:04 +0800] "GET /xingrg/kc/buy/cgsh_order_list.html HTTP/1.1" 200 49639
180.152.99.73 - - [24/Jan/2022:09:06:04 +0800] "POST /xingrg/kc/buy/cgsh_order_operate.html HTTP/1.1" 200 37
180.152.99.73 - - [24/Jan/2022:09:06:06 +0800] "POST /xingrg/kc/buy/cgsh_order_operate.html HTTP/1.1" 200 8576
58.39.168.32 - - [24/Jan/2022:09:06:07 +0800] "POST /xingrg/kc/buy/cgsh_list_operate.html HTTP/1.1" 200 2045
101.83.241.190 - - [24/Jan/2022:09:06:09 +0800] "GET /xingrg/all/function/internal_message.html?_=1642986369844&CODE_STATE=getMsg HTTP/1.1" 200 27
58.39.168.32 - - [24/Jan/2022:09:06:10 +0800] "POST /xingrg/kc/buy/cgsh_list_operate.html HTTP/1.1" 200 572
180.157.251.97 - - [24/Jan/2022:09:06:11 +0800] "GET /xingrg/all/function/internal_message.html?_=1642986371165&CODE_STATE=getMsg HTTP/1.1" 200 27
58.39.168.32 - - [24/Jan/2022:09:06:11 +0800] "GET /xingrg/kc/buy/cgsh_order_info.html?code=212022012412137 HTTP/1.1" 200 65499
58.39.168.32 - - [24/Jan/2022:09:06:11 +0800] "GET /xingrg/all/common/auto_word.html?type=employee&rest_code=00105 HTTP/1.1" 200 193
58.39.168.32 - - [24/Jan/2022:09:06:11 +0800] "GET /xingrg/all/common/auto_word.html?type=employee&rest_code=00105 HTTP/1.1" 200 193
58.39.168.32 - - [24/Jan/2022:09:06:11 +0800] "GET /xingrg/javascript/easyui/themes/default/validatebox.css HTTP/1.1" 404 1104
58.39.168.32 - - [24/Jan/2022:09:06:12 +0800] "POST /xingrg/kc/buy/cgsh_order_operate.html HTTP/1.1" 200 23322
180.152.99.39 - - [24/Jan/2022:09:06:14 +0800] "GET /xingrg/kc/buy/cgsh_order_operate.html?command=get_materiel&rest_code=00150&code=00101008131&supplier_code=00100007&order_time=2022-01-24 HTTP/1.1" 200 408
58.39.168.32 - - [24/Jan/2022:09:06:15 +0800] "POST /xingrg/kc/buy/cgsh_order_operate.html HTTP/1.1" 200 2065
58.39.168.32 - - [24/Jan/2022:09:06:17 +0800] "POST /xingrg/kc/buy/cgsh_order_operate.html HTTP/1.1" 200 2065
180.157.251.97 - - [24/Jan/2022:09:06:18 +0800] "GET /xingrg/check_reg.html?_=1642986379665 HTTP/1.1" 200 22
180.157.251.97 - - [24/Jan/2022:09:06:18 +0800] "GET /xingrg/all/function/internal_message.html?_=1642986379747&CODE_STATE=getMsg HTTP/1.1" 200 27
180.152.99.73 - - [24/Jan/2022:09:06:18 +0800] "GET /xingrg/login.html HTTP/1.1" 200 7641
180.152.99.73 - - [24/Jan/2022:09:06:19 +0800] "GET /favicon.ico HTTP/1.1" 404 -
58.39.168.32 - - [24/Jan/2022:09:06:20 +0800] "GET /xingrg/javascript/auto/indicator.gif HTTP/1.1" 404 1066
180.152.99.39 - - [24/Jan/2022:09:06:22 +0800] "GET /xingrg/all/function/internal_message.html?_=1642986312308&CODE_STATE=getMsg HTTP/1.1" 200 27
180.152.99.39 - - [24/Jan/2022:09:06:23 +0800] "GET /xingrg/kc/buy/cgsh_order_operate.html?command=get_materiel&rest_code=00150&code=00101008296&supplier_code=00100007&order_time=2022-01-24 HTTP/1.1" 200 416
101.80.229.199 - - [24/Jan/2022:09:06:23 +0800] "GET /xingrg/all/function/internal_message.html?_=1642986383601&CODE_STATE=getMsg HTTP/1.1" 200 27
180.152.99.73 - - [24/Jan/2022:09:06:27 +0800] "POST /xingrg/login.do HTTP/1.1" 302 -
180.152.99.73 - - [24/Jan/2022:09:06:27 +0800] "GET /xingrg/index.html?sysBaseUrl=http%3A%2F%2F180.169.147.146%3A18081%2Fxingrg%2F&costTime=39×tamp=1642986387301 HTTP/1.1" 200 17177
180.152.99.73 - - [24/Jan/2022:09:06:27 +0800] "GET /favicon.ico HTTP/1.1" 404 -
180.152.99.73 - - [24/Jan/2022:09:06:27 +0800] "POST /xingrg/all/common/load_tree.html?tree=area_rest_tree_json&manage=1 HTTP/1.1" 200 476
180.152.99.73 - - [24/Jan/2022:09:06:27 +0800] "GET /xingrg/check_reg.html?_=1642986388770 HTTP/1.1" 200 22
180.152.99.73 - - [24/Jan/2022:09:06:27 +0800] "GET /xingrg/all/function/internal_message.html?_=1642986388769&CODE_STATE=count HTTP/1.1" 200 11
180.152.99.73 - - [24/Jan/2022:09:06:27 +0800] "POST /xingrg/load_menu.html HTTP/1.1" 200 5138
180.157.251.97 - - [24/Jan/2022:09:06:27 +0800] "GET /xingrg/javascript/jquery_easy_ui/themes/default/images/tabs_active.png HTTP/1.1" 304 -
172.20.0.100 - - [24/Jan/2022:09:06:28 +0800] "GET /xingrg/all/function/internal_message.html?_=1642986388012&CODE_STATE=getMsg HTTP/1.1" 200 27
58.39.168.32 - - [24/Jan/2022:09:06:29 +0800] "GET /xingrg/kc/buy/cgsh_order_operate.html?command=get_materiel&rest_code=00105&code=00101008251&supplier_code=00100203&order_time=2022-01-24 HTTP/1.1" 200 408
180.152.99.39 - - [24/Jan/2022:09:06:30 +0800] "GET /xingrg/kc/buy/cgsh_order_operate.html?command=get_materiel&rest_code=00150&code=00101008318&supplier_code=00100007&order_time=2022-01-24 HTTP/1.1" 200 408
114.84.146.162 - - [24/Jan/2022:09:06:30 +0800] "GET /xingrg/all/function/internal_message.html?_=1642986189779&CODE_STATE=getMsg HTTP/1.1" 200 27
180.152.99.73 - - [24/Jan/2022:09:06:31 +0800] "POST /xingrg/all/user/operate.html HTTP/1.1" 200 36
180.152.99.73 - - [24/Jan/2022:09:06:31 +0800] "GET /xingrg/javascript/jquery_easy_ui/themes/default/easyui.css HTTP/1.1" 304 -
180.152.99.73 - - [24/Jan/2022:09:06:31 +0800] "GET /xingrg/index.html?sysBaseUrl=http%3A%2F%2F180.169.147.146%3A18081%2Fxingrg%2F&costTime=39×tamp=1642986387301 HTTP/1.1" 200 17179
180.152.99.73 - - [24/Jan/2022:09:06:31 +0800] "GET /xingrg/javascript/jquery_easy_ui/themes/icon.css HTTP/1.1" 304 -
180.152.99.73 - - [24/Jan/2022:09:06:31 +0800] "GET /xingrg/css/form.css HTTP/1.1" 304 -
180.152.99.73 - - [24/Jan/2022:09:06:31 +0800] "GET /xingrg/javascript/jquery-1.4.2.min.js HTTP/1.1" 304 -
180.152.99.73 - - [24/Jan/2022:09:06:31 +0800] "GET /xingrg/javascript/jquery_easy_ui/jquery.easyui.min.js HTTP/1.1" 304 -
180.152.99.73 - - [24/Jan/2022:09:06:31 +0800] "GET /xingrg/javascript/jquery_easy_ui/easyui-lang-zh_CN.js HTTP/1.1" 304 -
180.152.99.73 - - [24/Jan/2022:09:06:31 +0800] "GET /xingrg/javascript/jquery.form.js HTTP/1.1" 304 -
180.152.99.73 - - [24/Jan/2022:09:06:31 +0800] "GET /xingrg/javascript/jquery.utils.js HTTP/1.1" 304 -
180.152.99.73 - - [24/Jan/2022:09:06:31 +0800] "GET /xingrg/javascript/jquery.timers.js HTTP/1.1" 304 -
180.152.99.73 - - [24/Jan/2022:09:06:31 +0800] "GET /xingrg/images/blue/jxLogo.png HTTP/1.1" 304 -
180.152.99.73 - - [24/Jan/2022:09:06:31 +0800] "GET /xingrg/images/blue/navBackgound.jpg HTTP/1.1" 304 -
180.152.99.73 - - [24/Jan/2022:09:06:31 +0800] "GET /xingrg/javascript/jquery_easy_ui/themes/icons/settle_new.png HTTP/1.1" 304 -
180.152.99.73 - - [24/Jan/2022:09:06:31 +0800] "POST /xingrg/all/common/load_tree.html?tree=area_rest_tree_json&manage=1 HTTP/1.1" 200 476
180.152.99.73 - - [24/Jan/2022:09:06:31 +0800] "GET /xingrg/all/function/internal_message.html?_=1642986392837&CODE_STATE=count HTTP/1.1" 200 11
180.152.99.73 - - [24/Jan/2022:09:06:31 +0800] "GET /xingrg/images/blue/pingpu.png HTTP/1.1" 304 -
180.152.99.73 - - [24/Jan/2022:09:06:31 +0800] "GET /xingrg/check_reg.html?_=1642986392837 HTTP/1.1" 200 22
180.152.99.73 - - [24/Jan/2022:09:06:31 +0800] "GET /xingrg/javascript/jquery_easy_ui/themes/default/images/tabs_leftarrow.png HTTP/1.1" 304 -
180.152.99.73 - - [24/Jan/2022:09:06:31 +0800] "GET /xingrg/javascript/jquery_easy_ui/themes/default/images/tabs_rightarrow.png HTTP/1.1" 304 -
180.152.99.73 - - [24/Jan/2022:09:06:31 +0800] "GET /xingrg/javascript/jquery_easy_ui/themes/default/images/panel_tool_collapse.gif HTTP/1.1" 304 -
180.152.99.73 - - [24/Jan/2022:09:06:31 +0800] "POST /xingrg/load_menu.html HTTP/1.1" 200 5138
180.152.99.73 - - [24/Jan/2022:09:06:33 +0800] "GET /xingrg/kc/buy/cgsh_order_list.html HTTP/1.1" 200 49645
180.157.251.97 - - [24/Jan/2022:09:06:34 +0800] "GET /xingrg/kc/base/kc_stocks.html HTTP/1.1" 200 16443
180.157.251.97 - - [24/Jan/2022:09:06:34 +0800] "GET /xingrg/javascript/easyui/themes/sunny/easyui.css HTTP/1.1" 304 -
180.157.251.97 - - [24/Jan/2022:09:06:34 +0800] "GET /xingrg/javascript/easyui/themes/icons/filter_new.png HTTP/1.1" 304 -
180.157.251.97 - - [24/Jan/2022:09:06:34 +0800] "GET /xingrg/javascript/easyui/themes/icons/print_new.png HTTP/1.1" 304 -
180.157.251.97 - - [24/Jan/2022:09:06:34 +0800] "GET /xingrg/javascript/easyui/themes/icons/import_new.png HTTP/1.1" 304 -
180.157.251.97 - - [24/Jan/2022:09:06:34 +0800] "GET /xingrg/javascript/easyui/themes/icons/refresh_new.png HTTP/1.1" 304 -
180.157.251.97 - - [24/Jan/2022:09:06:34 +0800] "GET /xingrg/javascript/easyui/plugins/jquery.draggable.js HTTP/1.1" 304 -
180.157.251.97 - - [24/Jan/2022:09:06:34 +0800] "GET /xingrg/all/common/auto_word.html?type=base&rest_code=00148 HTTP/1.1" 200 1799
180.157.251.97 - - [24/Jan/2022:09:06:34 +0800] "GET /xingrg/javascript/easyui/plugins/jquery.droppable.js HTTP/1.1" 304 -
180.157.251.97 - - [24/Jan/2022:09:06:34 +0800] "GET /xingrg/javascript/easyui/themes/default/tree.css HTTP/1.1" 404 1090
180.157.251.97 - - [24/Jan/2022:09:06:34 +0800] "GET /xingrg/javascript/easyui/plugins/jquery.tree.js HTTP/1.1" 304 -
180.157.251.97 - - [24/Jan/2022:09:06:34 +0800] "POST /xingrg/all/common/load_tree.html?tree=materiel_sort_tree_json HTTP/1.1" 200 9388
180.157.251.97 - - [24/Jan/2022:09:06:34 +0800] "GET /xingrg/javascript/easyui/themes/sunny/images/tree_arrows.gif HTTP/1.1" 304 -
180.157.251.97 - - [24/Jan/2022:09:06:34 +0800] "GET /xingrg/javascript/easyui/themes/sunny/images/tree_folder_open.gif HTTP/1.1" 304 -
180.157.251.97 - - [24/Jan/2022:09:06:34 +0800] "GET /xingrg/javascript/easyui/themes/sunny/images/tree_folder.gif HTTP/1.1" 304 -
180.157.251.97 - - [24/Jan/2022:09:06:34 +0800] "GET /xingrg/javascript/easyui/themes/sunny/images/tree_file.gif HTTP/1.1" 304 -
180.169.147.146 - - [24/Jan/2022:09:06:36 +0800] "GET /xingrg/all/function/internal_message.html?_=1642986398673&CODE_STATE=getMsg HTTP/1.1" 200 27
180.152.99.73 - - [24/Jan/2022:09:06:36 +0800] "POST /xingrg/kc/buy/cgsh_list_operate.html HTTP/1.1" 200 2069
180.152.99.39 - - [24/Jan/2022:09:06:37 +0800] "GET /xingrg/kc/buy/cgsh_order_operate.html?command=get_materiel&rest_code=00150&code=00101008005&supplier_code=00100007&order_time=2022-01-24 HTTP/1.1" 200 412
180.152.99.73 - - [24/Jan/2022:09:06:38 +0800] "POST /xingrg/kc/buy/cgsh_list_operate.html HTTP/1.1" 200 572
222.70.243.96 - - [24/Jan/2022:09:06:39 +0800] "POST /xingrg/services/DataTransmitService HTTP/1.1" 200 524
180.152.99.73 - - [24/Jan/2022:09:06:39 +0800] "GET /xingrg/kc/buy/cgsh_order_info.html?code=212022012412138 HTTP/1.1" 200 65341
222.70.217.149 - - [24/Jan/2022:09:06:39 +0800] "GET /xingrg/all/function/internal_message.html?_=1642986383595&CODE_STATE=getMsg HTTP/1.1" 200 27
120.253.135.82 - - [24/Jan/2022:09:06:40 +0800] "GET /xingrg/all/function/internal_message.html?_=1642986189117&CODE_STATE=getMsg HTTP/1.1" 200 27
180.152.99.73 - - [24/Jan/2022:09:06:40 +0800] "GET /xingrg/all/common/auto_word.html?type=employee&rest_code=00150 HTTP/1.1" 200 159
180.152.99.73 - - [24/Jan/2022:09:06:40 +0800] "GET /xingrg/javascript/easyui/themes/default/validatebox.css HTTP/1.1" 404 1104
180.152.99.73 - - [24/Jan/2022:09:06:40 +0800] "GET /xingrg/all/common/auto_word.html?type=employee&rest_code=00150 HTTP/1.1" 200 159
180.152.99.73 - - [24/Jan/2022:09:06:40 +0800] "POST /xingrg/kc/buy/cgsh_order_operate.html HTTP/1.1" 200 8576
180.152.99.73 - - [24/Jan/2022:09:06:43 +0800] "GET /xingrg/javascript/auto/indicator.gif HTTP/1.1" 404 1066
222.70.243.96 - - [24/Jan/2022:09:06:43 +0800] "POST /xingrg/services/DataTransmitService HTTP/1.1" 200 501
180.152.99.39 - - [24/Jan/2022:09:06:44 +0800] "POST /xingrg/kc/buy/cgsh_order_operate.html HTTP/1.1" 200 37
222.70.243.96 - - [24/Jan/2022:09:06:45 +0800] "POST /xingrg/services/DataTransmitService HTTP/1.1" 200 524
180.152.99.39 - - [24/Jan/2022:09:06:46 +0800] "POST /xingrg/kc/buy/cgsh_order_operate.html HTTP/1.1" 200 22743
222.70.243.96 - - [24/Jan/2022:09:06:46 +0800] "POST /xingrg/services/DataTransmitService HTTP/1.1" 200 412
180.152.99.73 - - [24/Jan/2022:09:06:47 +0800] "GET /xingrg/kc/buy/cgsh_order_operate.html?command=get_materiel&rest_code=00150&code=00101009015&supplier_code=00100424&order_time=2022-01-24 HTTP/1.1" 200 416
180.157.251.97 - - [24/Jan/2022:09:06:48 +0800] "GET /xingrg/javascript/easyui/themes/sunny/images/ui-bg_gloss-wave_60_fece2f_500x100.png HTTP/1.1" 304 -
180.169.147.146 - - [24/Jan/2022:09:06:51 +0800] "GET /xingrg/all/function/internal_message.html?_=1642986410914&CODE_STATE=getMsg HTTP/1.1" 200 27
172.20.0.100 - - [24/Jan/2022:09:06:52 +0800] "GET /xingrg/check_reg.html?_=1642986412125 HTTP/1.1" 200 22
222.70.243.96 - - [24/Jan/2022:09:06:54 +0800] "POST /xingrg/services/DataTransmitService HTTP/1.1" 200 524
222.70.243.96 - - [24/Jan/2022:09:06:54 +0800] "POST /xingrg/services/DataTransmitService HTTP/1.1" 200 2171
180.152.99.39 - - [24/Jan/2022:09:06:55 +0800] "GET /xingrg/kc/buy/cgsh_order_operate.html?command=get_materiel&rest_code=00150&code=00101008353&supplier_code=00100007&order_time=2022-01-24 HTTP/1.1" 200 408
180.157.251.97 - - [24/Jan/2022:09:06:56 +0800] "POST /xingrg/kc/base/stock_operate.html HTTP/1.1" 200 2693
180.157.251.97 - - [24/Jan/2022:09:06:56 +0800] "GET /xingrg/javascript/jquery_tools/fix_table.js HTTP/1.1" 304 -
58.39.168.32 - - [24/Jan/2022:09:06:56 +0800] "GET /xingrg/kc/buy/cgsh_order_operate.html?command=get_materiel&rest_code=00105&code=00101008357&supplier_code=00100203&order_time=2022-01-24 HTTP/1.1" 200 408
222.70.243.96 - - [24/Jan/2022:09:06:56 +0800] "POST /xingrg/services/DataTransmitService HTTP/1.1" 200 524
180.152.99.73 - - [24/Jan/2022:09:06:56 +0800] "GET /xingrg/kc/buy/cgsh_order_operate.html?command=get_materiel&rest_code=00150&code=00101009013&supplier_code=00100424&order_time=2022-01-24 HTTP/1.1" 200 421
222.70.243.96 - - [24/Jan/2022:09:06:57 +0800] "POST /xingrg/services/DataTransmitService HTTP/1.1" 200 2171
222.70.243.96 - - [24/Jan/2022:09:06:57 +0800] "POST /xingrg/services/DataTransmitService HTTP/1.1" 200 524
222.70.243.96 - - [24/Jan/2022:09:06:57 +0800] "POST /xingrg/services/DataTransmitService HTTP/1.1" 200 2171
180.157.251.97 - - [24/Jan/2022:09:06:58 +0800] "GET /xingrg/kc/base/stock_detail.html?m=00101016040 HTTP/1.1" 200 7359
180.157.251.97 - - [24/Jan/2022:09:06:58 +0800] "GET /xingrg/css/blue.css HTTP/1.1" 304 -
180.157.251.97 - - [24/Jan/2022:09:06:58 +0800] "GET /xingrg/javascript/jquery_easy_ui/themes/default/images/button_a_bg.gif HTTP/1.1" 304 -
180.157.251.97 - - [24/Jan/2022:09:06:58 +0800] "GET /xingrg/javascript/jquery_easy_ui/themes/default/images/button_span_bg.gif HTTP/1.1" 304 -
180.157.251.97 - - [24/Jan/2022:09:06:58 +0800] "GET /xingrg/javascript/jquery_easy_ui/themes/default/images/menu_downarrow.png HTTP/1.1" 304 -
180.157.251.97 - - [24/Jan/2022:09:06:58 +0800] "GET /xingrg/javascript/jquery_easy_ui/themes/icons/search.png HTTP/1.1" 304 -
180.157.251.97 - - [24/Jan/2022:09:06:58 +0800] "GET /xingrg/javascript/jquery_easy_ui/themes/default/images/calendar_prevmonth.gif HTTP/1.1" 304 -
180.157.251.97 - - [24/Jan/2022:09:06:58 +0800] "GET /xingrg/javascript/jquery_easy_ui/themes/default/images/calendar_nextmonth.gif HTTP/1.1" 304 -
180.157.251.97 - - [24/Jan/2022:09:06:58 +0800] "GET /xingrg/javascript/jquery_easy_ui/themes/default/images/calendar_prevyear.gif HTTP/1.1" 304 -
180.157.251.97 - - [24/Jan/2022:09:06:58 +0800] "GET /xingrg/javascript/jquery_easy_ui/themes/default/images/calendar_nextyear.gif HTTP/1.1" 304 -
180.157.251.97 - - [24/Jan/2022:09:06:58 +0800] "GET /xingrg/javascript/jquery_easy_ui/themes/default/images/menu.gif HTTP/1.1" 304 -
180.157.251.97 - - [24/Jan/2022:09:06:58 +0800] "GET /xingrg/javascript/jquery_easy_ui/themes/icons/print.png HTTP/1.1" 304 -
180.157.251.97 - - [24/Jan/2022:09:07:00 +0800] "GET /xingrg/kc/base/stock_operate.html?_=1642986419824&command=get_report_file&start_day=20220101 HTTP/1.1" 200 53
180.157.251.97 - - [24/Jan/2022:09:07:00 +0800] "GET /xingrg/javascript/multi_select/jqueryMultiSelect.css HTTP/1.1" 304 -
180.157.251.97 - - [24/Jan/2022:09:07:00 +0800] "GET /xingrg/javascript/calendar/timePicker.css HTTP/1.1" 304 -
180.157.251.97 - - [24/Jan/2022:09:07:00 +0800] "GET /xingrg/javascript/bigrid/fix.css HTTP/1.1" 304 -
180.157.251.97 - - [24/Jan/2022:09:07:00 +0800] "GET /xingrg/javascript/myfunction.js HTTP/1.1" 304 -
180.157.251.97 - - [24/Jan/2022:09:07:00 +0800] "GET /xingrg/all/report/report_query.html?isQuery=1&onlyBody=1&rh=2000&fileName=kc/base/kc_stock_detail_new.xml&queryString=(1=1)&queryText=&tableQueryString=init_table$sp1$$sp$crk_table$sp1$order_day%20between%2020220101%20and%2020220131&varString=start_day:20220101,materiel_code:00101016040,cost_id:3484,end_date:20211231 HTTP/1.1" 200 48701
180.157.251.97 - - [24/Jan/2022:09:07:00 +0800] "GET /xingrg/dwr/interface/AjaxReportQueryService.js HTTP/1.1" 200 13203
180.157.251.97 - - [24/Jan/2022:09:07:00 +0800] "GET /xingrg/javascript/jqueryMultiSelect.js HTTP/1.1" 304 -
180.157.251.97 - - [24/Jan/2022:09:07:00 +0800] "GET /xingrg/javascript/Calendar.js HTTP/1.1" 304 -
180.157.251.97 - - [24/Jan/2022:09:07:00 +0800] "GET /xingrg/javascript/calendar/jquery.timePicker.min.js HTTP/1.1" 304 -
180.157.251.97 - - [24/Jan/2022:09:07:00 +0800] "GET /xingrg/javascript/bigrid/fix.js HTTP/1.1" 304 -
180.157.251.97 - - [24/Jan/2022:09:07:00 +0800] "GET /xingrg/dwr/util.js HTTP/1.1" 200 35990
180.157.251.97 - - [24/Jan/2022:09:07:00 +0800] "GET /xingrg/dwr/engine.js HTTP/1.1" 200 43631
180.157.251.97 - - [24/Jan/2022:09:07:00 +0800] "GET /xingrg/images/blue/button/advanceover.gif HTTP/1.1" 304 -
180.157.251.97 - - [24/Jan/2022:09:07:00 +0800] "GET /xingrg/images/control/loading.gif HTTP/1.1" 304 -
180.157.251.97 - - [24/Jan/2022:09:07:00 +0800] "GET /xingrg/images/blue/button/back2over.gif HTTP/1.1" 304 -
180.157.251.97 - - [24/Jan/2022:09:07:00 +0800] "GET /xingrg/images/blue/button/advance2over.gif HTTP/1.1" 304 -
180.157.251.97 - - [24/Jan/2022:09:07:00 +0800] "GET /xingrg/images/blue/button/backover.gif HTTP/1.1" 304 -
180.157.251.97 - - [24/Jan/2022:09:07:00 +0800] "GET /xingrg/javascript/jquery_easy_ui/themes/icons/help.png HTTP/1.1" 304 -
180.157.251.97 - - [24/Jan/2022:09:07:00 +0800] "POST /xingrg/all/report/load_report_page.html HTTP/1.1" 200 456011
180.157.251.97 - - [24/Jan/2022:09:07:01 +0800] "GET /xingrg/servlets/image?cache=0.6206443323499401&image=px HTTP/1.1" 200 807
58.39.168.32 - - [24/Jan/2022:09:07:01 +0800] "GET /xingrg/all/function/internal_message.html?_=1642986422475&CODE_STATE=getMsg HTTP/1.1" 200 27
180.152.99.39 - - [24/Jan/2022:09:07:04 +0800] "GET /xingrg/kc/buy/cgsh_order_operate.html?command=get_materiel&rest_code=00150&code=00101008213&supplier_code=00100007&order_time=2022-01-24 HTTP/1.1" 200 412
180.152.99.73 - - [24/Jan/2022:09:07:06 +0800] "POST /xingrg/kc/buy/cgsh_order_operate.html HTTP/1.1" 200 37
124.78.156.14 - - [24/Jan/2022:09:07:06 +0800] "GET /xingrg/check_reg.html?_=1642986426552 HTTP/1.1" 302 -
124.78.156.14 - - [24/Jan/2022:09:07:06 +0800] "GET /xingrg/login.html HTTP/1.1" 200 7641
180.152.99.73 - - [24/Jan/2022:09:07:07 +0800] "POST /xingrg/kc/buy/cgsh_order_operate.html HTTP/1.1" 200 9771
101.83.241.190 - - [24/Jan/2022:09:07:09 +0800] "GET /xingrg/all/function/internal_message.html?_=1642986429855&CODE_STATE=getMsg HTTP/1.1" 200 27
180.152.99.39 - - [24/Jan/2022:09:07:10 +0800] "GET /xingrg/kc/buy/cgsh_order_operate.html?command=get_materiel&rest_code=00150&code=00101008312&supplier_code=00100007&order_time=2022-01-24 HTTP/1.1" 200 412
180.152.99.73 - - [24/Jan/2022:09:07:10 +0800] "POST /xingrg/all/user/operate.html HTTP/1.1" 200 36
180.152.99.73 - - [24/Jan/2022:09:07:10 +0800] "GET /xingrg/index.html?sysBaseUrl=http%3A%2F%2F180.169.147.146%3A18081%2Fxingrg%2F&costTime=39×tamp=1642986387301 HTTP/1.1" 200 17177
180.152.99.73 - - [24/Jan/2022:09:07:10 +0800] "GET /xingrg/javascript/jquery_easy_ui/themes/default/easyui.css HTTP/1.1" 304 -
180.152.99.73 - - [24/Jan/2022:09:07:10 +0800] "GET /xingrg/javascript/jquery_easy_ui/themes/icon.css HTTP/1.1" 304 -
180.152.99.73 - - [24/Jan/2022:09:07:10 +0800] "GET /xingrg/css/form.css HTTP/1.1" 304 -
180.152.99.73 - - [24/Jan/2022:09:07:10 +0800] "GET /xingrg/javascript/jquery-1.4.2.min.js HTTP/1.1" 304 -
180.152.99.73 - - [24/Jan/2022:09:07:11 +0800] "GET /xingrg/javascript/jquery_easy_ui/jquery.easyui.min.js HTTP/1.1" 304 -
180.152.99.73 - - [24/Jan/2022:09:07:11 +0800] "GET /xingrg/javascript/jquery_easy_ui/easyui-lang-zh_CN.js HTTP/1.1" 304 -
180.152.99.73 - - [24/Jan/2022:09:07:11 +0800] "GET /xingrg/javascript/jquery.form.js HTTP/1.1" 304 -
180.152.99.73 - - [24/Jan/2022:09:07:11 +0800] "GET /xingrg/javascript/jquery.utils.js HTTP/1.1" 304 -
180.152.99.73 - - [24/Jan/2022:09:07:11 +0800] "GET /xingrg/javascript/jquery.timers.js HTTP/1.1" 304 -
180.152.99.73 - - [24/Jan/2022:09:07:11 +0800] "GET /xingrg/images/blue/jxLogo.png HTTP/1.1" 304 -
180.152.99.73 - - [24/Jan/2022:09:07:11 +0800] "GET /xingrg/javascript/jquery_easy_ui/themes/icons/settle_new.png HTTP/1.1" 304 -
180.152.99.73 - - [24/Jan/2022:09:07:11 +0800] "GET /xingrg/images/blue/navBackgound.jpg HTTP/1.1" 304 -
180.152.99.73 - - [24/Jan/2022:09:07:11 +0800] "POST /xingrg/all/common/load_tree.html?tree=area_rest_tree_json&manage=1 HTTP/1.1" 200 476
180.152.99.73 - - [24/Jan/2022:09:07:11 +0800] "GET /xingrg/all/function/internal_message.html?_=1642986432331&CODE_STATE=count HTTP/1.1" 200 11
180.152.99.73 - - [24/Jan/2022:09:07:11 +0800] "GET /xingrg/javascript/jquery_easy_ui/themes/default/images/tabs_rightarrow.png HTTP/1.1" 304 -
180.152.99.73 - - [24/Jan/2022:09:07:11 +0800] "GET /xingrg/check_reg.html?_=1642986432334 HTTP/1.1" 200 22
180.152.99.73 - - [24/Jan/2022:09:07:11 +0800] "GET /xingrg/javascript/jquery_easy_ui/themes/default/images/panel_tool_collapse.gif HTTP/1.1" 304 -
180.152.99.73 - - [24/Jan/2022:09:07:11 +0800] "GET /xingrg/images/blue/pingpu.png HTTP/1.1" 304 -
180.152.99.73 - - [24/Jan/2022:09:07:11 +0800] "GET /xingrg/javascript/jquery_easy_ui/themes/default/images/tabs_leftarrow.png HTTP/1.1" 304 -
180.152.99.73 - - [24/Jan/2022:09:07:11 +0800] "POST /xingrg/load_menu.html HTTP/1.1" 200 5138
180.157.251.97 - - [24/Jan/2022:09:07:11 +0800] "GET /xingrg/all/function/internal_message.html?_=1642986431164&CODE_STATE=getMsg HTTP/1.1" 200 27
58.39.168.32 - - [24/Jan/2022:09:07:13 +0800] "GET /xingrg/kc/buy/cgsh_order_operate.html?command=get_materiel&rest_code=00105&code=00101007089&supplier_code=00100203&order_time=2022-01-24 HTTP/1.1" 200 408
222.70.243.96 - - [24/Jan/2022:09:07:13 +0800] "POST /xingrg/services/DataTransmitService HTTP/1.1" 200 524
180.152.99.73 - - [24/Jan/2022:09:07:13 +0800] "GET /xingrg/kc/buy/cgsh_order_list.html HTTP/1.1" 200 49643
180.152.99.73 - - [24/Jan/2022:09:07:14 +0800] "POST /xingrg/kc/buy/cgsh_list_operate.html HTTP/1.1" 200 876
180.157.251.97 - - [24/Jan/2022:09:07:15 +0800] "GET /xingrg/kc/base/check_order_info.html?code=452022012300045 HTTP/1.1" 200 26514
