180.162.112.109 - - [24/Jan/2022:10:34:36 +0800] "GET /xingrg/javascript/easyui/themes/default/images/menu_downarrow.png HTTP/1.1" 304 -
180.162.112.109 - - [24/Jan/2022:10:34:36 +0800] "GET /xingrg/javascript/easyui/themes/icons/cancel.png HTTP/1.1" 304 -
180.162.112.109 - - [24/Jan/2022:10:34:36 +0800] "POST /xingrg/kc/buy/cgsh_order_operate.html HTTP/1.1" 200 8245
180.162.112.109 - - [24/Jan/2022:10:34:36 +0800] "GET /xingrg/javascript/easyui/themes/default/validatebox.css HTTP/1.1" 404 1104
180.162.112.109 - - [24/Jan/2022:10:34:36 +0800] "GET /xingrg/javascript/easyui/plugins/jquery.validatebox.js HTTP/1.1" 304 -
180.162.112.109 - - [24/Jan/2022:10:34:36 +0800] "GET /xingrg/all/common/auto_word.html?type=employee&rest_code=00143 HTTP/1.1" 200 55
180.162.112.109 - - [24/Jan/2022:10:34:36 +0800] "GET /xingrg/all/common/auto_word.html?type=employee&rest_code=00143 HTTP/1.1" 200 55
180.162.112.109 - - [24/Jan/2022:10:34:36 +0800] "GET /xingrg/javascript/easyui/plugins/jquery.numberbox.js HTTP/1.1" 304 -
180.162.112.109 - - [24/Jan/2022:10:34:36 +0800] "GET /xingrg/javascript/easyui/themes/icons/edit_remove.png HTTP/1.1" 304 -
180.152.99.39 - - [24/Jan/2022:10:34:39 +0800] "POST /xingrg/dwr/call/plaincall/AjaxQqpsService.uncheckOrder.dwr HTTP/1.1" 200 78
180.152.99.39 - - [24/Jan/2022:10:34:41 +0800] "GET /xingrg/css/blue.css HTTP/1.1" 304 -
180.152.99.39 - - [24/Jan/2022:10:34:41 +0800] "GET /xingrg/javascript/jquery_easy_ui/easyui-lang-zh_CN.js HTTP/1.1" 304 -
180.152.99.39 - - [24/Jan/2022:10:34:41 +0800] "GET /xingrg/javascript/tools/jquery.qtip-1.0.0-rc3.min.js HTTP/1.1" 304 -
180.152.99.39 - - [24/Jan/2022:10:34:41 +0800] "GET /xingrg/javascript/auto/jquery.autocomplete.js HTTP/1.1" 304 -
180.152.99.39 - - [24/Jan/2022:10:34:41 +0800] "GET /xingrg/javascript/pic_change.js HTTP/1.1" 304 -
180.152.99.39 - - [24/Jan/2022:10:34:41 +0800] "GET /xingrg/dwr/util.js HTTP/1.1" 304 -
180.152.99.39 - - [24/Jan/2022:10:34:41 +0800] "GET /xingrg/javascript/Calendar.js HTTP/1.1" 304 -
180.152.99.39 - - [24/Jan/2022:10:34:41 +0800] "GET /xingrg/javascript/myfunction.js HTTP/1.1" 304 -
180.152.99.39 - - [24/Jan/2022:10:34:41 +0800] "GET /xingrg/dwr/interface/AjaxComOrderService.js HTTP/1.1" 200 18264
180.152.99.39 - - [24/Jan/2022:10:34:41 +0800] "GET /xingrg/dwr/interface/AjaxQqpsService.js HTTP/1.1" 200 16326
180.152.99.39 - - [24/Jan/2022:10:34:41 +0800] "GET /xingrg/javascript/Grid.js HTTP/1.1" 304 -
180.152.99.39 - - [24/Jan/2022:10:34:41 +0800] "GET /xingrg/javascript/print/LodopFuncs.js HTTP/1.1" 304 -
180.152.99.39 - - [24/Jan/2022:10:34:41 +0800] "GET /xingrg/dwr/engine.js HTTP/1.1" 200 43631
180.152.99.39 - - [24/Jan/2022:10:34:41 +0800] "GET /xingrg/javascript/print/kc_print.js HTTP/1.1" 304 -
180.152.99.39 - - [24/Jan/2022:10:34:41 +0800] "GET /xingrg/javascript/jquery_easy_ui/jquery.easyui.min.js HTTP/1.1" 304 -
180.152.99.39 - - [24/Jan/2022:10:34:41 +0800] "GET /xingrg/javascript/jquery-1.4.2.min.js HTTP/1.1" 304 -
180.152.99.39 - - [24/Jan/2022:10:34:41 +0800] "GET /xingrg/javascript/auto/jquery.autocomplete.css HTTP/1.1" 304 -
180.152.99.39 - - [24/Jan/2022:10:34:41 +0800] "GET /xingrg/javascript/jquery_easy_ui/themes/icon.css HTTP/1.1" 304 -
180.152.99.39 - - [24/Jan/2022:10:34:41 +0800] "GET /xingrg/javascript/jquery_easy_ui/themes/icon.css HTTP/1.1" 304 -
180.152.99.39 - - [24/Jan/2022:10:34:41 +0800] "GET /xingrg/javascript/jquery_easy_ui/themes/default/easyui.css HTTP/1.1" 304 -
180.152.99.39 - - [24/Jan/2022:10:34:41 +0800] "GET /xingrg/javascript/AjaxInfoList.js HTTP/1.1" 304 -
180.152.99.39 - - [24/Jan/2022:10:34:41 +0800] "GET /xingrg/javascript/ToolTips.js HTTP/1.1" 304 -
180.152.99.39 - - [24/Jan/2022:10:34:42 +0800] "GET /xingrg/kc/mdqp/qqps_order_info.html?code=302022012400607 HTTP/1.1" 200 28164
180.152.99.39 - - [24/Jan/2022:10:34:42 +0800] "GET /xingrg/all/function/internal_message.html?_=1642991612224&CODE_STATE=getMsg HTTP/1.1" 200 27
180.152.99.39 - - [24/Jan/2022:10:34:44 +0800] "GET /xingrg/javascript/jquery.utils.js HTTP/1.1" 304 -
180.152.99.39 - - [24/Jan/2022:10:34:44 +0800] "GET /xingrg/words/20220123141653_words.js HTTP/1.1" 304 -
180.152.99.39 - - [24/Jan/2022:10:34:44 +0800] "GET /xingrg/javascript/jquery_easy_ui/themes/icons/template_new.png HTTP/1.1" 304 -
180.152.99.39 - - [24/Jan/2022:10:34:44 +0800] "GET /xingrg/javascript/jquery_easy_ui/themes/icons/copy_new.png HTTP/1.1" 304 -
180.152.99.39 - - [24/Jan/2022:10:34:44 +0800] "GET /xingrg/javascript/jquery_easy_ui/themes/icons/edit_add_new.png HTTP/1.1" 304 -
180.152.99.39 - - [24/Jan/2022:10:34:44 +0800] "GET /xingrg/javascript/jquery_easy_ui/themes/icons/ok.png HTTP/1.1" 304 -
180.152.99.39 - - [24/Jan/2022:10:34:44 +0800] "GET /xingrg/javascript/jquery_easy_ui/themes/icons/cance_new.png HTTP/1.1" 304 -
180.152.99.39 - - [24/Jan/2022:10:34:44 +0800] "GET /xingrg/javascript/jquery_easy_ui/themes/icons/check_new.png HTTP/1.1" 304 -
180.152.99.39 - - [24/Jan/2022:10:34:44 +0800] "GET /xingrg/javascript/jquery_easy_ui/themes/icons/print.png HTTP/1.1" 304 -
180.152.99.39 - - [24/Jan/2022:10:34:44 +0800] "GET /xingrg/javascript/jquery_easy_ui/themes/icons/back_new.png HTTP/1.1" 304 -
180.152.99.39 - - [24/Jan/2022:10:34:44 +0800] "GET /xingrg/javascript/jquery_easy_ui/themes/default/images/menu_downarrow.png HTTP/1.1" 304 -
180.152.99.39 - - [24/Jan/2022:10:34:44 +0800] "GET /xingrg/javascript/jquery_easy_ui/themes/default/images/combo_arrow_dot.gif HTTP/1.1" 304 -
180.152.99.39 - - [24/Jan/2022:10:34:45 +0800] "GET /xingrg/images/blue/button/kc_tab_add.gif HTTP/1.1" 304 -
180.152.99.39 - - [24/Jan/2022:10:34:45 +0800] "GET /xingrg/images/blue/button/kc_tab_edit.gif HTTP/1.1" 304 -
180.152.99.39 - - [24/Jan/2022:10:34:45 +0800] "GET /xingrg/images/blue/button/kc_tab_del.gif HTTP/1.1" 304 -
180.152.99.39 - - [24/Jan/2022:10:34:45 +0800] "GET /xingrg/images/blue/button/kc_tab_save.gif HTTP/1.1" 304 -
180.152.99.39 - - [24/Jan/2022:10:34:45 +0800] "GET /xingrg/images/blue/kc_tab_left.gif HTTP/1.1" 304 -
180.152.99.39 - - [24/Jan/2022:10:34:45 +0800] "GET /xingrg/images/blue/kc_tab2_left.gif HTTP/1.1" 304 -
180.152.99.39 - - [24/Jan/2022:10:34:45 +0800] "GET /xingrg/images/blue/kc_tab2_right.gif HTTP/1.1" 304 -
180.152.99.39 - - [24/Jan/2022:10:34:45 +0800] "GET /xingrg/images/blue/kc_tab_mid.gif HTTP/1.1" 304 -
180.152.99.39 - - [24/Jan/2022:10:34:45 +0800] "GET /xingrg/images/blue/kc_tab_right.gif HTTP/1.1" 304 -
180.152.99.39 - - [24/Jan/2022:10:34:45 +0800] "GET /xingrg/images/blue/wait.gif HTTP/1.1" 304 -
180.152.99.39 - - [24/Jan/2022:10:34:45 +0800] "POST /xingrg/dwr/call/plaincall/AjaxQqpsService.loadMaterielItems.dwr HTTP/1.1" 200 19601
180.152.99.39 - - [24/Jan/2022:10:34:45 +0800] "GET /xingrg/images/yd/bt.gif HTTP/1.1" 404 1040
180.152.99.39 - - [24/Jan/2022:10:34:47 +0800] "GET /xingrg/javascript/auto/indicator.gif HTTP/1.1" 404 1066
180.162.112.109 - - [24/Jan/2022:10:34:48 +0800] "GET /xingrg/javascript/easyui/plugins/jquery.draggable.js HTTP/1.1" 304 -
180.162.112.109 - - [24/Jan/2022:10:34:48 +0800] "GET /xingrg/css/images/panel_loading.gif HTTP/1.1" 304 -
180.162.112.109 - - [24/Jan/2022:10:34:48 +0800] "GET /xingrg/javascript/easyui/plugins/jquery.droppable.js HTTP/1.1" 304 -
180.162.112.109 - - [24/Jan/2022:10:34:48 +0800] "GET /xingrg/javascript/easyui/themes/default/tree.css HTTP/1.1" 404 1090
180.162.112.109 - - [24/Jan/2022:10:34:48 +0800] "GET /xingrg/javascript/easyui/plugins/jquery.tree.js HTTP/1.1" 304 -
180.162.112.109 - - [24/Jan/2022:10:34:48 +0800] "POST /xingrg/all/common/load_tree.html?tree=supplier_tree_json&isDelete=1 HTTP/1.1" 200 61885
180.152.99.73 - - [24/Jan/2022:10:34:48 +0800] "GET /xingrg/all/function/internal_message.html?_=1642991689895&CODE_STATE=getMsg HTTP/1.1" 200 27
180.162.112.109 - - [24/Jan/2022:10:34:49 +0800] "GET /xingrg/javascript/easyui/themes/default/images/tree_folder.gif HTTP/1.1" 304 -
180.162.112.109 - - [24/Jan/2022:10:34:49 +0800] "GET /xingrg/javascript/easyui/themes/default/images/tree_folder_open.gif HTTP/1.1" 304 -
180.162.112.109 - - [24/Jan/2022:10:34:49 +0800] "GET /xingrg/javascript/easyui/themes/default/images/tree_arrows.gif HTTP/1.1" 304 -
180.162.112.109 - - [24/Jan/2022:10:34:49 +0800] "GET /xingrg/javascript/easyui/themes/default/images/tree_file.gif HTTP/1.1" 304 -
114.95.98.1 - - [24/Jan/2022:10:34:49 +0800] "GET /xingrg/all/function/internal_message.html?_=1642991710657&CODE_STATE=getMsg HTTP/1.1" 200 27
180.152.99.39 - - [24/Jan/2022:10:34:50 +0800] "POST /xingrg/dwr/call/plaincall/AjaxQqpsService.getMaterielByCode.dwr HTTP/1.1" 200 3746
101.80.229.199 - - [24/Jan/2022:10:34:51 +0800] "GET /xingrg/kc/buy/cgsh_order_operate.html?command=get_materiel&rest_code=00156&code=00101012038&supplier_code=00100012&order_time=2022-01-24 HTTP/1.1" 200 412
222.70.217.149 - - [24/Jan/2022:10:34:51 +0800] "GET /xingrg/all/function/internal_message.html?_=1642991675336&CODE_STATE=getMsg HTTP/1.1" 200 27
222.70.217.149 - - [24/Jan/2022:10:34:51 +0800] "GET /xingrg/check_reg.html?_=1642991675343 HTTP/1.1" 200 22
180.169.147.146 - - [24/Jan/2022:10:34:51 +0800] "GET /xingrg/all/function/internal_message.html?_=1642991694040&CODE_STATE=getMsg HTTP/1.1" 200 27
180.152.99.39 - - [24/Jan/2022:10:34:52 +0800] "POST /xingrg/dwr/call/plaincall/AjaxQqpsService.saveMaterielItem.dwr HTTP/1.1" 200 78
114.84.146.162 - - [24/Jan/2022:10:34:54 +0800] "GET /xingrg/check_reg.html?_=1642991493731 HTTP/1.1" 200 22
180.152.99.39 - - [24/Jan/2022:10:34:55 +0800] "POST /xingrg/dwr/call/plaincall/AjaxQqpsService.getMaterielByCode.dwr HTTP/1.1" 200 3767
180.152.99.39 - - [24/Jan/2022:10:34:58 +0800] "POST /xingrg/dwr/call/plaincall/AjaxQqpsService.saveMaterielItem.dwr HTTP/1.1" 200 78
124.78.156.14 - - [24/Jan/2022:10:34:59 +0800] "GET /xingrg/all/function/internal_message.html?_=1642991698995&CODE_STATE=getMsg HTTP/1.1" 200 27
180.152.99.39 - - [24/Jan/2022:10:35:02 +0800] "POST /xingrg/dwr/call/plaincall/AjaxQqpsService.getMaterielByCode.dwr HTTP/1.1" 200 3775
180.152.99.39 - - [24/Jan/2022:10:35:02 +0800] "GET /xingrg/images/yd/bt2.gif HTTP/1.1" 404 1042
120.253.135.82 - - [24/Jan/2022:10:35:03 +0800] "GET /xingrg/all/function/internal_message.html?_=1642991492442&CODE_STATE=getMsg HTTP/1.1" 200 27
180.152.99.39 - - [24/Jan/2022:10:35:03 +0800] "POST /xingrg/dwr/call/plaincall/AjaxQqpsService.saveMaterielItem.dwr HTTP/1.1" 200 78
180.152.99.39 - - [24/Jan/2022:10:35:06 +0800] "POST /xingrg/dwr/call/plaincall/AjaxQqpsService.checkOrder.dwr HTTP/1.1" 200 78
180.152.99.39 - - [24/Jan/2022:10:35:08 +0800] "GET /xingrg/dwr/interface/AjaxComOrderService.js HTTP/1.1" 200 18264
180.152.99.39 - - [24/Jan/2022:10:35:08 +0800] "GET /xingrg/dwr/interface/AjaxQqpsService.js HTTP/1.1" 200 16326
180.152.99.39 - - [24/Jan/2022:10:35:09 +0800] "GET /xingrg/dwr/engine.js HTTP/1.1" 200 43631
180.152.99.39 - - [24/Jan/2022:10:35:09 +0800] "GET /xingrg/kc/mdqp/qqps_order_info.html?code=302022012400607 HTTP/1.1" 200 26409
180.169.147.146 - - [24/Jan/2022:10:35:09 +0800] "GET /xingrg/check_reg.html?_=1642991709244 HTTP/1.1" 200 22
180.152.99.39 - - [24/Jan/2022:10:35:09 +0800] "POST /xingrg/dwr/call/plaincall/AjaxQqpsService.loadMaterielItems.dwr HTTP/1.1" 200 20604
180.152.99.39 - - [24/Jan/2022:10:35:12 +0800] "POST /xingrg/dwr/call/plaincall/AjaxQqpsService.uncheckOrder.dwr HTTP/1.1" 200 78
58.39.168.32 - - [24/Jan/2022:10:35:12 +0800] "GET /xingrg/all/function/internal_message.html?_=1642991713531&CODE_STATE=getMsg HTTP/1.1" 200 27
180.162.112.109 - - [24/Jan/2022:10:35:13 +0800] "GET /xingrg/javascript/auto/indicator.gif HTTP/1.1" 404 1066
180.162.112.109 - - [24/Jan/2022:10:35:13 +0800] "GET /xingrg/all/function/internal_message.html?_=1642991115519&CODE_STATE=getMsg HTTP/1.1" 200 27
180.152.99.39 - - [24/Jan/2022:10:35:13 +0800] "GET /xingrg/css/blue.css HTTP/1.1" 304 -
180.152.99.39 - - [24/Jan/2022:10:35:13 +0800] "GET /xingrg/javascript/jquery_easy_ui/themes/icon.css HTTP/1.1" 304 -
180.152.99.39 - - [24/Jan/2022:10:35:13 +0800] "GET /xingrg/javascript/auto/jquery.autocomplete.css HTTP/1.1" 304 -
180.152.99.39 - - [24/Jan/2022:10:35:13 +0800] "GET /xingrg/javascript/jquery-1.4.2.min.js HTTP/1.1" 304 -
180.152.99.39 - - [24/Jan/2022:10:35:13 +0800] "GET /xingrg/javascript/jquery_easy_ui/jquery.easyui.min.js HTTP/1.1" 304 -
180.152.99.39 - - [24/Jan/2022:10:35:13 +0800] "GET /xingrg/javascript/jquery_easy_ui/easyui-lang-zh_CN.js HTTP/1.1" 304 -
180.152.99.39 - - [24/Jan/2022:10:35:13 +0800] "GET /xingrg/javascript/auto/jquery.autocomplete.js HTTP/1.1" 304 -
180.152.99.39 - - [24/Jan/2022:10:35:13 +0800] "GET /xingrg/javascript/jquery.utils.js HTTP/1.1" 304 -
180.152.99.39 - - [24/Jan/2022:10:35:13 +0800] "GET /xingrg/javascript/tools/jquery.qtip-1.0.0-rc3.min.js HTTP/1.1" 304 -
180.152.99.39 - - [24/Jan/2022:10:35:13 +0800] "GET /xingrg/javascript/pic_change.js HTTP/1.1" 304 -
180.152.99.39 - - [24/Jan/2022:10:35:13 +0800] "GET /xingrg/kc/mdqp/qqps_order_info.html?code=302022012400607 HTTP/1.1" 200 28164
180.152.99.39 - - [24/Jan/2022:10:35:13 +0800] "GET /xingrg/dwr/util.js HTTP/1.1" 304 -
180.152.99.39 - - [24/Jan/2022:10:35:13 +0800] "GET /xingrg/dwr/interface/AjaxComOrderService.js HTTP/1.1" 200 18264
180.152.99.39 - - [24/Jan/2022:10:35:13 +0800] "GET /xingrg/javascript/ToolTips.js HTTP/1.1" 304 -
180.152.99.39 - - [24/Jan/2022:10:35:13 +0800] "GET /xingrg/javascript/print/LodopFuncs.js HTTP/1.1" 304 -
180.152.99.39 - - [24/Jan/2022:10:35:13 +0800] "GET /xingrg/javascript/AjaxInfoList.js HTTP/1.1" 304 -
180.152.99.39 - - [24/Jan/2022:10:35:13 +0800] "GET /xingrg/javascript/print/kc_print.js HTTP/1.1" 304 -
180.152.99.39 - - [24/Jan/2022:10:35:13 +0800] "GET /xingrg/javascript/Grid.js HTTP/1.1" 304 -
180.152.99.39 - - [24/Jan/2022:10:35:13 +0800] "GET /xingrg/javascript/Calendar.js HTTP/1.1" 304 -
180.152.99.39 - - [24/Jan/2022:10:35:13 +0800] "GET /xingrg/javascript/myfunction.js HTTP/1.1" 304 -
180.152.99.39 - - [24/Jan/2022:10:35:13 +0800] "GET /xingrg/javascript/jquery_easy_ui/themes/default/easyui.css HTTP/1.1" 304 -
180.152.99.39 - - [24/Jan/2022:10:35:13 +0800] "GET /xingrg/javascript/jquery_easy_ui/themes/icon.css HTTP/1.1" 304 -
180.152.99.39 - - [24/Jan/2022:10:35:13 +0800] "GET /xingrg/dwr/engine.js HTTP/1.1" 200 43631
180.152.99.39 - - [24/Jan/2022:10:35:13 +0800] "GET /xingrg/dwr/interface/AjaxQqpsService.js HTTP/1.1" 200 16326
180.152.99.39 - - [24/Jan/2022:10:35:13 +0800] "GET /xingrg/words/20220123141653_words.js HTTP/1.1" 304 -
180.152.99.39 - - [24/Jan/2022:10:35:13 +0800] "GET /xingrg/javascript/jquery_easy_ui/themes/icons/cance_new.png HTTP/1.1" 304 -
180.152.99.39 - - [24/Jan/2022:10:35:13 +0800] "GET /xingrg/javascript/jquery_easy_ui/themes/icons/copy_new.png HTTP/1.1" 304 -
180.152.99.39 - - [24/Jan/2022:10:35:13 +0800] "GET /xingrg/javascript/jquery_easy_ui/themes/icons/edit_add_new.png HTTP/1.1" 304 -
180.152.99.39 - - [24/Jan/2022:10:35:13 +0800] "GET /xingrg/javascript/jquery_easy_ui/themes/icons/template_new.png HTTP/1.1" 304 -
180.152.99.39 - - [24/Jan/2022:10:35:13 +0800] "GET /xingrg/javascript/jquery_easy_ui/themes/icons/ok.png HTTP/1.1" 304 -
180.152.99.39 - - [24/Jan/2022:10:35:13 +0800] "GET /xingrg/javascript/jquery_easy_ui/themes/icons/check_new.png HTTP/1.1" 304 -
180.152.99.39 - - [24/Jan/2022:10:35:13 +0800] "GET /xingrg/javascript/jquery_easy_ui/themes/icons/print.png HTTP/1.1" 304 -
180.152.99.39 - - [24/Jan/2022:10:35:13 +0800] "GET /xingrg/javascript/jquery_easy_ui/themes/default/images/menu_downarrow.png HTTP/1.1" 304 -
180.152.99.39 - - [24/Jan/2022:10:35:13 +0800] "GET /xingrg/javascript/jquery_easy_ui/themes/icons/back_new.png HTTP/1.1" 304 -
180.152.99.39 - - [24/Jan/2022:10:35:13 +0800] "GET /xingrg/javascript/jquery_easy_ui/themes/default/images/combo_arrow_dot.gif HTTP/1.1" 304 -
180.152.99.39 - - [24/Jan/2022:10:35:14 +0800] "GET /xingrg/images/blue/button/kc_tab_add.gif HTTP/1.1" 304 -
180.152.99.39 - - [24/Jan/2022:10:35:14 +0800] "GET /xingrg/images/blue/button/kc_tab_edit.gif HTTP/1.1" 304 -
180.152.99.39 - - [24/Jan/2022:10:35:14 +0800] "GET /xingrg/images/blue/button/kc_tab_save.gif HTTP/1.1" 304 -
180.152.99.39 - - [24/Jan/2022:10:35:14 +0800] "GET /xingrg/images/blue/button/kc_tab_del.gif HTTP/1.1" 304 -
180.152.99.39 - - [24/Jan/2022:10:35:14 +0800] "GET /xingrg/images/blue/kc_tab_mid.gif HTTP/1.1" 304 -
180.152.99.39 - - [24/Jan/2022:10:35:14 +0800] "GET /xingrg/images/blue/kc_tab_left.gif HTTP/1.1" 304 -
180.152.99.39 - - [24/Jan/2022:10:35:14 +0800] "GET /xingrg/images/blue/kc_tab_right.gif HTTP/1.1" 304 -
180.152.99.39 - - [24/Jan/2022:10:35:14 +0800] "GET /xingrg/images/blue/kc_tab2_right.gif HTTP/1.1" 304 -
180.152.99.39 - - [24/Jan/2022:10:35:14 +0800] "GET /xingrg/images/blue/kc_tab2_left.gif HTTP/1.1" 304 -
180.152.99.39 - - [24/Jan/2022:10:35:14 +0800] "GET /xingrg/images/blue/wait.gif HTTP/1.1" 304 -
180.152.99.39 - - [24/Jan/2022:10:35:14 +0800] "POST /xingrg/dwr/call/plaincall/AjaxQqpsService.loadMaterielItems.dwr HTTP/1.1" 200 20604
114.86.225.150 - - [24/Jan/2022:10:35:14 +0800] "GET /xingrg/all/function/internal_message.html?_=1642991714640&CODE_STATE=getMsg HTTP/1.1" 200 27
180.152.99.39 - - [24/Jan/2022:10:35:15 +0800] "GET /xingrg/images/yd/bt.gif HTTP/1.1" 404 1040
180.152.99.39 - - [24/Jan/2022:10:35:16 +0800] "GET /xingrg/images/yd/bt2.gif HTTP/1.1" 404 1042
124.78.156.14 - - [24/Jan/2022:10:35:17 +0800] "POST /xingrg/services/DataTransmitService HTTP/1.1" 200 501
180.152.99.39 - - [24/Jan/2022:10:35:17 +0800] "GET /xingrg/javascript/auto/indicator.gif HTTP/1.1" 404 1066
124.78.156.14 - - [24/Jan/2022:10:35:17 +0800] "POST /xingrg/services/DataTransmitService HTTP/1.1" 200 501
180.157.251.97 - - [24/Jan/2022:10:35:18 +0800] "GET /xingrg/all/function/internal_message.html?_=1642991719752&CODE_STATE=getMsg HTTP/1.1" 200 27
180.162.112.109 - - [24/Jan/2022:10:35:19 +0800] "GET /xingrg/kc/buy/cgsh_order_operate.html?command=get_materiel&rest_code=00143&code=00102002117&supplier_code=00100207&order_time=2022-01-24 HTTP/1.1" 200 433
116.235.94.49 - - [24/Jan/2022:10:35:20 +0800] "GET /xingrg/all/function/internal_message.html?_=1642991861988&CODE_STATE=getMsg HTTP/1.1" 200 27
180.169.147.146 - - [24/Jan/2022:10:35:20 +0800] "GET /xingrg/all/function/internal_message.html?_=1642991720501&CODE_STATE=getMsg HTTP/1.1" 200 27
180.157.251.97 - - [24/Jan/2022:10:35:22 +0800] "GET /favicon.ico HTTP/1.1" 404 -
180.152.99.39 - - [24/Jan/2022:10:35:23 +0800] "POST /xingrg/dwr/call/plaincall/AjaxQqpsService.getMaterielByCode.dwr HTTP/1.1" 200 3766
58.39.168.32 - - [24/Jan/2022:10:35:23 +0800] "GET /xingrg/all/function/internal_message.html?_=1642991661512&CODE_STATE=getMsg HTTP/1.1" 200 27
101.80.229.199 - - [24/Jan/2022:10:35:23 +0800] "GET /xingrg/all/function/internal_message.html?_=1642991723601&CODE_STATE=getMsg HTTP/1.1" 200 27
101.80.229.199 - - [24/Jan/2022:10:35:23 +0800] "GET /xingrg/check_reg.html?_=1642991723605 HTTP/1.1" 200 22
180.152.99.39 - - [24/Jan/2022:10:35:25 +0800] "GET /xingrg/images/yd/bt2.gif HTTP/1.1" 404 1042
172.20.0.100 - - [24/Jan/2022:10:35:26 +0800] "GET /xingrg/all/function/internal_message.html?_=1642991725704&CODE_STATE=getMsg HTTP/1.1" 200 27
124.78.156.14 - - [24/Jan/2022:10:35:27 +0800] "POST /xingrg/services/DataTransmitService HTTP/1.1" 200 501
180.152.99.39 - - [24/Jan/2022:10:35:27 +0800] "POST /xingrg/dwr/call/plaincall/AjaxQqpsService.saveMaterielItem.dwr HTTP/1.1" 200 78
124.78.156.14 - - [24/Jan/2022:10:35:28 +0800] "GET /xingrg/all/function/internal_message.html?_=1642991728164&CODE_STATE=getMsg HTTP/1.1" 200 27
114.84.146.162 - - [24/Jan/2022:10:35:29 +0800] "GET /xingrg/all/function/internal_message.html?_=1642991527966&CODE_STATE=getMsg HTTP/1.1" 200 27
124.78.156.14 - - [24/Jan/2022:10:35:33 +0800] "POST /xingrg/services/DataTransmitService HTTP/1.1" 200 501
180.152.99.39 - - [24/Jan/2022:10:35:34 +0800] "POST /xingrg/dwr/call/plaincall/AjaxQqpsService.checkOrder.dwr HTTP/1.1" 200 78
222.69.132.164 - - [24/Jan/2022:10:35:34 +0800] "GET /xingrg/all/function/internal_message.html?_=1642991789135&CODE_STATE=getMsg HTTP/1.1" 200 27
124.78.156.14 - - [24/Jan/2022:10:35:35 +0800] "POST /xingrg/services/DataTransmitService HTTP/1.1" 200 501
124.78.156.14 - - [24/Jan/2022:10:35:35 +0800] "POST /xingrg/services/DataTransmitService HTTP/1.1" 200 501
180.152.99.39 - - [24/Jan/2022:10:35:37 +0800] "GET /xingrg/kc/mdqp/qqps_order_info.html?code=302022012400607 HTTP/1.1" 200 26409
180.152.99.39 - - [24/Jan/2022:10:35:37 +0800] "GET /xingrg/dwr/interface/AjaxQqpsService.js HTTP/1.1" 200 16326
180.152.99.39 - - [24/Jan/2022:10:35:37 +0800] "GET /xingrg/dwr/interface/AjaxComOrderService.js HTTP/1.1" 200 18264
180.152.99.39 - - [24/Jan/2022:10:35:37 +0800] "GET /xingrg/dwr/engine.js HTTP/1.1" 200 43631
180.152.99.39 - - [24/Jan/2022:10:35:38 +0800] "POST /xingrg/dwr/call/plaincall/AjaxQqpsService.loadMaterielItems.dwr HTTP/1.1" 200 20944
124.78.156.14 - - [24/Jan/2022:10:35:39 +0800] "POST /xingrg/services/DataTransmitService HTTP/1.1" 200 501
124.78.156.14 - - [24/Jan/2022:10:35:40 +0800] "POST /xingrg/services/DataTransmitService HTTP/1.1" 200 501
180.162.112.109 - - [24/Jan/2022:10:35:40 +0800] "GET /xingrg/kc/buy/cgsh_order_operate.html?command=get_materiel&rest_code=00143&code=00102002455&supplier_code=00100207&order_time=2022-01-24 HTTP/1.1" 200 440
124.78.156.14 - - [24/Jan/2022:10:35:41 +0800] "POST /xingrg/services/DataTransmitService HTTP/1.1" 200 501
124.78.156.14 - - [24/Jan/2022:10:35:42 +0800] "POST /xingrg/services/DataTransmitService HTTP/1.1" 200 412
180.152.99.39 - - [24/Jan/2022:10:35:42 +0800] "GET /xingrg/all/function/internal_message.html?_=1642991672238&CODE_STATE=getMsg HTTP/1.1" 200 27
180.152.99.73 - - [24/Jan/2022:10:35:48 +0800] "GET /xingrg/all/function/internal_message.html?_=1642991749895&CODE_STATE=getMsg HTTP/1.1" 200 27
114.95.98.1 - - [24/Jan/2022:10:35:50 +0800] "GET /xingrg/all/function/internal_message.html?_=1642991770671&CODE_STATE=getMsg HTTP/1.1" 200 27
222.70.217.149 - - [24/Jan/2022:10:35:51 +0800] "GET /xingrg/all/function/internal_message.html?_=1642991735337&CODE_STATE=getMsg HTTP/1.1" 200 27
180.169.147.146 - - [24/Jan/2022:10:35:51 +0800] "GET /xingrg/all/function/internal_message.html?_=1642991754042&CODE_STATE=getMsg HTTP/1.1" 200 27
120.253.135.82 - - [24/Jan/2022:10:35:55 +0800] "GET /xingrg/check_reg.html?_=1642991544745 HTTP/1.1" 200 22
124.78.156.14 - - [24/Jan/2022:10:35:59 +0800] "GET /xingrg/all/function/internal_message.html?_=1642991758995&CODE_STATE=getMsg HTTP/1.1" 200 27
124.78.156.14 - - [24/Jan/2022:10:35:59 +0800] "GET /xingrg/check_reg.html?_=1642991758996 HTTP/1.1" 200 22
120.253.135.82 - - [24/Jan/2022:10:36:03 +0800] "GET /xingrg/all/function/internal_message.html?_=1642991552447&CODE_STATE=getMsg HTTP/1.1" 200 27
180.162.112.109 - - [24/Jan/2022:10:36:05 +0800] "GET /xingrg/kc/buy/cgsh_order_operate.html?command=get_materiel&rest_code=00143&code=00102002286&supplier_code=00100207&order_time=2022-01-24 HTTP/1.1" 200 432
58.39.168.32 - - [24/Jan/2022:10:36:12 +0800] "GET /xingrg/all/function/internal_message.html?_=1642991773505&CODE_STATE=getMsg HTTP/1.1" 200 27
180.162.112.109 - - [24/Jan/2022:10:36:13 +0800] "GET /xingrg/all/function/internal_message.html?_=1642991175492&CODE_STATE=getMsg HTTP/1.1" 200 27
114.86.225.150 - - [24/Jan/2022:10:36:14 +0800] "GET /xingrg/all/function/internal_message.html?_=1642991774641&CODE_STATE=getMsg HTTP/1.1" 200 27
180.157.251.97 - - [24/Jan/2022:10:36:18 +0800] "GET /xingrg/check_reg.html?_=1642991779753 HTTP/1.1" 200 22
180.157.251.97 - - [24/Jan/2022:10:36:18 +0800] "GET /xingrg/all/function/internal_message.html?_=1642991779756&CODE_STATE=getMsg HTTP/1.1" 200 27
180.169.147.146 - - [24/Jan/2022:10:36:20 +0800] "GET /xingrg/all/function/internal_message.html?_=1642991780475&CODE_STATE=getMsg HTTP/1.1" 200 27
116.235.94.49 - - [24/Jan/2022:10:36:20 +0800] "GET /xingrg/all/function/internal_message.html?_=1642991921985&CODE_STATE=getMsg HTTP/1.1" 200 27
58.39.168.32 - - [24/Jan/2022:10:36:23 +0800] "GET /xingrg/all/function/internal_message.html?_=1642991721512&CODE_STATE=getMsg HTTP/1.1" 200 27
101.80.229.199 - - [24/Jan/2022:10:36:23 +0800] "GET /xingrg/all/function/internal_message.html?_=1642991783603&CODE_STATE=getMsg HTTP/1.1" 200 27
172.20.0.100 - - [24/Jan/2022:10:36:26 +0800] "GET /xingrg/all/function/internal_message.html?_=1642991785677&CODE_STATE=getMsg HTTP/1.1" 200 27
124.78.156.14 - - [24/Jan/2022:10:36:28 +0800] "GET /xingrg/all/function/internal_message.html?_=1642991788136&CODE_STATE=getMsg HTTP/1.1" 200 27
114.84.146.162 - - [24/Jan/2022:10:36:29 +0800] "GET /xingrg/all/function/internal_message.html?_=1642991587934&CODE_STATE=getMsg HTTP/1.1" 200 27
222.69.132.164 - - [24/Jan/2022:10:36:34 +0800] "GET /xingrg/all/function/internal_message.html?_=1642991849137&CODE_STATE=getMsg HTTP/1.1" 200 27
180.152.99.39 - - [24/Jan/2022:10:36:39 +0800] "GET /xingrg/check_reg.html?_=1642991729478 HTTP/1.1" 200 22
180.152.99.39 - - [24/Jan/2022:10:36:42 +0800] "GET /xingrg/all/function/internal_message.html?_=1642991732252&CODE_STATE=getMsg HTTP/1.1" 200 27
180.162.112.109 - - [24/Jan/2022:10:36:46 +0800] "GET /xingrg/kc/buy/cgsh_order_operate.html?command=get_materiel&rest_code=00143&code=00102002107&supplier_code=00100207&order_time=2022-01-24 HTTP/1.1" 200 435
180.157.251.97 - - [24/Jan/2022:10:36:47 +0800] "GET /xingrg/check_reg.html?_=1642991807132 HTTP/1.1" 200 22
180.152.99.73 - - [24/Jan/2022:10:36:48 +0800] "GET /xingrg/all/function/internal_message.html?_=1642991809896&CODE_STATE=getMsg HTTP/1.1" 200 27
114.95.98.1 - - [24/Jan/2022:10:36:50 +0800] "GET /xingrg/all/function/internal_message.html?_=1642991831028&CODE_STATE=getMsg HTTP/1.1" 200 27
222.70.217.149 - - [24/Jan/2022:10:36:51 +0800] "GET /xingrg/all/function/internal_message.html?_=1642991795332&CODE_STATE=getMsg HTTP/1.1" 200 27
180.169.147.146 - - [24/Jan/2022:10:36:51 +0800] "GET /xingrg/all/function/internal_message.html?_=1642991814042&CODE_STATE=getMsg HTTP/1.1" 200 27
172.20.0.100 - - [24/Jan/2022:10:36:52 +0800] "GET /xingrg/check_reg.html?_=1642991812133 HTTP/1.1" 200 22
124.78.156.14 - - [24/Jan/2022:10:36:59 +0800] "GET /xingrg/all/function/internal_message.html?_=1642991818996&CODE_STATE=getMsg HTTP/1.1" 200 27
180.162.112.109 - - [24/Jan/2022:10:37:02 +0800] "POST /xingrg/kc/buy/cgsh_order_operate.html HTTP/1.1" 200 37
120.253.135.82 - - [24/Jan/2022:10:37:03 +0800] "GET /xingrg/all/function/internal_message.html?_=1642991612461&CODE_STATE=getMsg HTTP/1.1" 200 27
180.162.112.109 - - [24/Jan/2022:10:37:06 +0800] "POST /xingrg/kc/buy/cgsh_order_operate.html HTTP/1.1" 200 12
180.162.112.109 - - [24/Jan/2022:10:37:09 +0800] "GET /xingrg/kc/buy/cgsh_order_info.html?code=212022012412168 HTTP/1.1" 200 59404
180.162.112.109 - - [24/Jan/2022:10:37:10 +0800] "GET /xingrg/javascript/easyui/themes/default/validatebox.css HTTP/1.1" 404 1104
180.162.112.109 - - [24/Jan/2022:10:37:10 +0800] "POST /xingrg/kc/buy/cgsh_order_operate.html HTTP/1.1" 200 2405
58.39.168.32 - - [24/Jan/2022:10:37:12 +0800] "GET /xingrg/all/function/internal_message.html?_=1642991833482&CODE_STATE=getMsg HTTP/1.1" 200 27
180.162.112.109 - - [24/Jan/2022:10:37:13 +0800] "GET /xingrg/kc/print/load_config.html?kc_code=cgsh HTTP/1.1" 200 1943
180.162.112.109 - - [24/Jan/2022:10:37:13 +0800] "GET /xingrg/all/function/internal_message.html?_=1642991235500&CODE_STATE=getMsg HTTP/1.1" 200 27
180.162.112.109 - - [24/Jan/2022:10:37:13 +0800] "GET /xingrg/kc/print/load_data.html?order_code=212022012412168&kc_code=cgsh&condition= HTTP/1.1" 200 1405
114.86.225.150 - - [24/Jan/2022:10:37:14 +0800] "GET /xingrg/check_reg.html?_=1642991834669 HTTP/1.1" 200 22
114.86.225.150 - - [24/Jan/2022:10:37:14 +0800] "GET /xingrg/all/function/internal_message.html?_=1642991834670&CODE_STATE=getMsg HTTP/1.1" 200 27
180.157.251.97 - - [24/Jan/2022:10:37:18 +0800] "GET /xingrg/all/function/internal_message.html?_=1642991839755&CODE_STATE=getMsg HTTP/1.1" 200 27
101.80.229.199 - - [24/Jan/2022:10:37:20 +0800] "POST /xingrg/kc/buy/cgsh_order_operate.html HTTP/1.1" 200 37
180.169.147.146 - - [24/Jan/2022:10:37:20 +0800] "GET /xingrg/all/function/internal_message.html?_=1642991840452&CODE_STATE=getMsg HTTP/1.1" 200 27
116.235.94.49 - - [24/Jan/2022:10:37:20 +0800] "GET /xingrg/all/function/internal_message.html?_=1642991981984&CODE_STATE=getMsg HTTP/1.1" 200 27
101.80.229.199 - - [24/Jan/2022:10:37:22 +0800] "POST /xingrg/kc/buy/cgsh_order_operate.html HTTP/1.1" 200 6811
58.39.168.32 - - [24/Jan/2022:10:37:23 +0800] "GET /xingrg/all/function/internal_message.html?_=1642991781513&CODE_STATE=getMsg HTTP/1.1" 200 27
101.80.229.199 - - [24/Jan/2022:10:37:23 +0800] "GET /xingrg/kc/print/load_config.html?kc_code=cgsh HTTP/1.1" 200 1943
101.80.229.199 - - [24/Jan/2022:10:37:23 +0800] "GET /xingrg/kc/print/load_data.html?order_code=212022012412169&kc_code=cgsh&condition= HTTP/1.1" 200 2351
101.80.229.199 - - [24/Jan/2022:10:37:23 +0800] "GET /xingrg/all/function/internal_message.html?_=1642991843598&CODE_STATE=getMsg HTTP/1.1" 200 27
172.20.0.100 - - [24/Jan/2022:10:37:26 +0800] "GET /xingrg/all/function/internal_message.html?_=1642991845653&CODE_STATE=getMsg HTTP/1.1" 200 27
124.78.156.14 - - [24/Jan/2022:10:37:28 +0800] "GET /xingrg/all/function/internal_message.html?_=1642991848114&CODE_STATE=getMsg HTTP/1.1" 200 27
114.84.146.162 - - [24/Jan/2022:10:37:28 +0800] "GET /xingrg/all/function/internal_message.html?_=1642991647912&CODE_STATE=getMsg HTTP/1.1" 200 27
124.78.156.14 - - [24/Jan/2022:10:37:31 +0800] "GET /xingrg/kc/base/wldb_order_add.html HTTP/1.1" 200 30274
124.78.156.14 - - [24/Jan/2022:10:37:32 +0800] "POST /xingrg/kc/base/wldb_order_operate.html HTTP/1.1" 200 6806
124.78.156.14 - - [24/Jan/2022:10:37:32 +0800] "GET /xingrg/javascript/easyui/themes/default/validatebox.css HTTP/1.1" 404 1104
124.78.156.14 - - [24/Jan/2022:10:37:33 +0800] "POST /xingrg/all/common/load_combo.html?type=base HTTP/1.1" 200 3315
222.69.132.164 - - [24/Jan/2022:10:37:34 +0800] "GET /xingrg/all/function/internal_message.html?_=1642991909127&CODE_STATE=getMsg HTTP/1.1" 200 27
124.78.156.14 - - [24/Jan/2022:10:37:40 +0800] "POST /xingrg/all/common/load_combo.html?type=base HTTP/1.1" 200 3315
180.152.99.39 - - [24/Jan/2022:10:37:42 +0800] "GET /xingrg/all/function/internal_message.html?_=1642991792265&CODE_STATE=getMsg HTTP/1.1" 200 27
101.80.229.199 - - [24/Jan/2022:10:37:43 +0800] "GET /xingrg/kc/buy/cgsh_order_add.html HTTP/1.1" 200 65461
101.80.229.199 - - [24/Jan/2022:10:37:43 +0800] "GET /xingrg/javascript/easyui/themes/default/validatebox.css HTTP/1.1" 404 1104
101.80.229.199 - - [24/Jan/2022:10:37:43 +0800] "POST /xingrg/kc/buy/cgsh_order_operate.html HTTP/1.1" 200 8245
114.95.98.1 - - [24/Jan/2022:10:37:45 +0800] "GET /xingrg/check_reg.html?_=1642991886368 HTTP/1.1" 200 22
180.152.99.73 - - [24/Jan/2022:10:37:48 +0800] "GET /xingrg/all/function/internal_message.html?_=1642991869897&CODE_STATE=getMsg HTTP/1.1" 200 27
114.95.98.1 - - [24/Jan/2022:10:37:50 +0800] "GET /xingrg/all/function/internal_message.html?_=1642991891042&CODE_STATE=getMsg HTTP/1.1" 200 27
222.70.217.149 - - [24/Jan/2022:10:37:51 +0800] "GET /xingrg/all/function/internal_message.html?_=1642991855330&CODE_STATE=getMsg HTTP/1.1" 200 27
180.169.147.146 - - [24/Jan/2022:10:37:51 +0800] "GET /xingrg/all/function/internal_message.html?_=1642991874044&CODE_STATE=getMsg HTTP/1.1" 200 27
124.78.156.14 - - [24/Jan/2022:10:37:53 +0800] "GET /xingrg/javascript/auto/indicator.gif HTTP/1.1" 404 1066
124.78.156.14 - - [24/Jan/2022:10:37:56 +0800] "GET /xingrg/kc/base/wldb_order_operate.html?command=get_materiel&rest_code=00106&base_code=0010396&code=00101019184 HTTP/1.1" 200 445
101.80.229.199 - - [24/Jan/2022:10:37:57 +0800] "GET /xingrg/kc/buy/cgsh_order_operate.html?command=get_materiel&rest_code=00156&code=00101008027&supplier_code=00100006&order_time=2022-01-24 HTTP/1.1" 200 409
124.78.156.14 - - [24/Jan/2022:10:37:59 +0800] "GET /xingrg/all/function/internal_message.html?_=1642991879012&CODE_STATE=getMsg HTTP/1.1" 200 27
120.253.135.82 - - [24/Jan/2022:10:38:03 +0800] "GET /xingrg/all/function/internal_message.html?_=1642991672616&CODE_STATE=getMsg HTTP/1.1" 200 27
58.39.168.32 - - [24/Jan/2022:10:38:12 +0800] "GET /xingrg/check_reg.html?_=1642991893326 HTTP/1.1" 200 22
58.39.168.32 - - [24/Jan/2022:10:38:12 +0800] "GET /xingrg/all/function/internal_message.html?_=1642991893450&CODE_STATE=getMsg HTTP/1.1" 200 27
180.162.112.109 - - [24/Jan/2022:10:38:13 +0800] "GET /xingrg/all/function/internal_message.html?_=1642991295482&CODE_STATE=getMsg HTTP/1.1" 200 27
114.86.225.150 - - [24/Jan/2022:10:38:14 +0800] "GET /xingrg/all/function/internal_message.html?_=1642991894669&CODE_STATE=getMsg HTTP/1.1" 200 27
124.78.156.14 - - [24/Jan/2022:10:38:17 +0800] "GET /xingrg/kc/base/wldb_order_operate.html?command=get_materiel&rest_code=00106&base_code=0010396&code=00101019400 HTTP/1.1" 200 451
180.157.251.97 - - [24/Jan/2022:10:38:18 +0800] "GET /xingrg/all/function/internal_message.html?_=1642991899756&CODE_STATE=getMsg HTTP/1.1" 200 27
180.169.147.146 - - [24/Jan/2022:10:38:20 +0800] "GET /xingrg/all/function/internal_message.html?_=1642991900429&CODE_STATE=getMsg HTTP/1.1" 200 27
116.235.94.49 - - [24/Jan/2022:10:38:20 +0800] "GET /xingrg/all/function/internal_message.html?_=1642992041982&CODE_STATE=getMsg HTTP/1.1" 200 27
58.39.168.32 - - [24/Jan/2022:10:38:23 +0800] "GET /xingrg/all/function/internal_message.html?_=1642991841513&CODE_STATE=getMsg HTTP/1.1" 200 27
58.39.168.32 - - [24/Jan/2022:10:38:23 +0800] "GET /xingrg/check_reg.html?_=1642991841516 HTTP/1.1" 200 22
101.80.229.199 - - [24/Jan/2022:10:38:23 +0800] "GET /xingrg/all/function/internal_message.html?_=1642991903605&CODE_STATE=getMsg HTTP/1.1" 200 27
101.80.229.199 - - [24/Jan/2022:10:38:25 +0800] "GET /xingrg/kc/buy/cgsh_order_operate.html?command=get_materiel&rest_code=00156&code=00101008354&supplier_code=00100006&order_time=2022-01-24 HTTP/1.1" 200 412
172.20.0.100 - - [24/Jan/2022:10:38:26 +0800] "GET /xingrg/all/function/internal_message.html?_=1642991905629&CODE_STATE=getMsg HTTP/1.1" 200 27
124.78.156.14 - - [24/Jan/2022:10:38:26 +0800] "GET /xingrg/kc/base/wldb_order_operate.html?command=get_materiel&rest_code=00106&base_code=0010396&code=00101019257 HTTP/1.1" 200 480
124.78.156.14 - - [24/Jan/2022:10:38:28 +0800] "GET /xingrg/all/function/internal_message.html?_=1642991908089&CODE_STATE=getMsg HTTP/1.1" 200 27
114.84.146.162 - - [24/Jan/2022:10:38:28 +0800] "GET /xingrg/all/function/internal_message.html?_=1642991707892&CODE_STATE=getMsg HTTP/1.1" 200 27
124.78.156.14 - - [24/Jan/2022:10:38:29 +0800] "GET /xingrg/check_reg.html?_=1642991908952 HTTP/1.1" 200 22
222.69.132.164 - - [24/Jan/2022:10:38:34 +0800] "GET /xingrg/check_reg.html?_=1642991969142 HTTP/1.1" 200 22
222.69.132.164 - - [24/Jan/2022:10:38:34 +0800] "GET /xingrg/all/function/internal_message.html?_=1642991969144&CODE_STATE=getMsg HTTP/1.1" 200 27
101.89.19.197 - - [24/Jan/2022:10:38:40 +0800] "GET /xingrg/all/function/internal_message.html?_=1642990528925&CODE_STATE=getMsg HTTP/1.1" 302 -
101.89.19.197 - - [24/Jan/2022:10:38:41 +0800] "GET /xingrg/login.html HTTP/1.1" 200 7641
124.78.156.14 - - [24/Jan/2022:10:38:41 +0800] "GET /xingrg/kc/base/wldb_order_operate.html?command=get_materiel&rest_code=00106&base_code=0010396&code=00101019127 HTTP/1.1" 200 466
180.152.99.39 - - [24/Jan/2022:10:38:42 +0800] "GET /xingrg/all/function/internal_message.html?_=1642991852278&CODE_STATE=getMsg HTTP/1.1" 200 27
101.80.229.199 - - [24/Jan/2022:10:38:43 +0800] "GET /xingrg/kc/buy/cgsh_order_operate.html?command=get_materiel&rest_code=00156&code=00101008010&supplier_code=00100006&order_time=2022-01-24 HTTP/1.1" 200 412
180.152.99.73 - - [24/Jan/2022:10:38:48 +0800] "GET /xingrg/check_reg.html?_=1642991929898 HTTP/1.1" 200 22
180.152.99.73 - - [24/Jan/2022:10:38:48 +0800] "GET /xingrg/all/function/internal_message.html?_=1642991929918&CODE_STATE=getMsg HTTP/1.1" 200 27
114.95.98.1 - - [24/Jan/2022:10:38:50 +0800] "GET /xingrg/all/function/internal_message.html?_=1642991951054&CODE_STATE=getMsg HTTP/1.1" 200 27
222.70.217.149 - - [24/Jan/2022:10:38:51 +0800] "GET /xingrg/all/function/internal_message.html?_=1642991915318&CODE_STATE=getMsg HTTP/1.1" 200 27
180.169.147.146 - - [24/Jan/2022:10:38:51 +0800] "GET /xingrg/check_reg.html?_=1642991934046 HTTP/1.1" 200 22
180.169.147.146 - - [24/Jan/2022:10:38:51 +0800] "GET /xingrg/all/function/internal_message.html?_=1642991934046&CODE_STATE=getMsg HTTP/1.1" 200 27
124.78.156.14 - - [24/Jan/2022:10:38:59 +0800] "GET /xingrg/all/function/internal_message.html?_=1642991939014&CODE_STATE=getMsg HTTP/1.1" 200 27
124.78.156.14 - - [24/Jan/2022:10:38:59 +0800] "GET /xingrg/kc/base/wldb_order_operate.html?command=get_materiel&rest_code=00106&base_code=0010396&code=00101019185 HTTP/1.1" 200 455
101.80.229.199 - - [24/Jan/2022:10:39:03 +0800] "GET /xingrg/kc/buy/cgsh_order_operate.html?command=get_materiel&rest_code=00156&code=00101008403&supplier_code=00100006&order_time=2022-01-24 HTTP/1.1" 200 412
61.151.179.84 - - [24/Jan/2022:10:39:09 +0800] "GET /xingrg/all/function/internal_message.html?_=1642990348939&CODE_STATE=getMsg HTTP/1.1" 302 -
61.151.179.84 - - [24/Jan/2022:10:39:10 +0800] "GET /xingrg/login.html HTTP/1.1" 200 7641
58.39.168.32 - - [24/Jan/2022:10:39:12 +0800] "GET /xingrg/all/function/internal_message.html?_=1642991953430&CODE_STATE=getMsg HTTP/1.1" 200 27
180.162.112.109 - - [24/Jan/2022:10:39:13 +0800] "GET /xingrg/check_reg.html?_=1642991355263 HTTP/1.1" 200 22
180.162.112.109 - - [24/Jan/2022:10:39:13 +0800] "GET /xingrg/all/function/internal_message.html?_=1642991355452&CODE_STATE=getMsg HTTP/1.1" 200 27
124.78.156.14 - - [24/Jan/2022:10:39:13 +0800] "GET /xingrg/kc/base/wldb_order_operate.html?command=get_materiel&rest_code=00106&base_code=0010396&code=00101019492 HTTP/1.1" 200 459
222.70.243.96 - - [24/Jan/2022:10:39:14 +0800] "POST /xingrg/services/DataTransmitService HTTP/1.1" 200 524
114.86.225.150 - - [24/Jan/2022:10:39:14 +0800] "GET /xingrg/all/function/internal_message.html?_=1642991954668&CODE_STATE=getMsg HTTP/1.1" 200 27
116.235.94.49 - - [24/Jan/2022:10:39:15 +0800] "POST /xingrg/kc/buy/cgsh_order_operate.html HTTP/1.1" 200 5618
101.80.229.199 - - [24/Jan/2022:10:39:17 +0800] "GET /xingrg/kc/buy/cgsh_order_operate.html?command=get_materiel&rest_code=00156&code=00101008005&supplier_code=00100006&order_time=2022-01-24 HTTP/1.1" 200 412
180.157.251.97 - - [24/Jan/2022:10:39:18 +0800] "GET /xingrg/all/function/internal_message.html?_=1642991959756&CODE_STATE=getMsg HTTP/1.1" 200 27
116.235.94.49 - - [24/Jan/2022:10:39:18 +0800] "GET /xingrg/javascript/easyui/themes/default/images/button_plain_hover.png HTTP/1.1" 304 -
116.235.94.49 - - [24/Jan/2022:10:39:19 +0800] "GET /xingrg/css/base.css HTTP/1.1" 304 -
116.235.94.49 - - [24/Jan/2022:10:39:19 +0800] "GET /xingrg/javascript/jquery_tools/datebox.css HTTP/1.1" 304 -
116.235.94.49 - - [24/Jan/2022:10:39:19 +0800] "GET /xingrg/css/site.css HTTP/1.1" 304 -
116.235.94.49 - - [24/Jan/2022:10:39:19 +0800] "GET /xingrg/javascript/easyui/themes/default/easyui.css HTTP/1.1" 304 -
116.235.94.49 - - [24/Jan/2022:10:39:19 +0800] "GET /xingrg/javascript/jquery_tools/table.css HTTP/1.1" 304 -
116.235.94.49 - - [24/Jan/2022:10:39:19 +0800] "GET /xingrg/javascript/jquery_tools/fix.css HTTP/1.1" 304 -
116.235.94.49 - - [24/Jan/2022:10:39:19 +0800] "GET /xingrg/javascript/jquery_tools/jquery.tools.min.js HTTP/1.1" 304 -
116.235.94.49 - - [24/Jan/2022:10:39:19 +0800] "GET /xingrg/javascript/pic_change.js HTTP/1.1" 304 -
116.235.94.49 - - [24/Jan/2022:10:39:19 +0800] "GET /xingrg/javascript/easyui/themes/icon.css HTTP/1.1" 304 -
116.235.94.49 - - [24/Jan/2022:10:39:19 +0800] "GET /xingrg/javascript/jquery_tools/jquery.tools.extend.js HTTP/1.1" 304 -
116.235.94.49 - - [24/Jan/2022:10:39:19 +0800] "GET /xingrg/javascript/jquery_tools/jquery.tools.hotkey.js HTTP/1.1" 304 -
116.235.94.49 - - [24/Jan/2022:10:39:19 +0800] "GET /xingrg/javascript/auto/jquery.autocomplete.js HTTP/1.1" 304 -
116.235.94.49 - - [24/Jan/2022:10:39:19 +0800] "GET /xingrg/javascript/easyui/easyloader.js HTTP/1.1" 304 -
116.235.94.49 - - [24/Jan/2022:10:39:19 +0800] "GET /xingrg/javascript/jquery.utils.js HTTP/1.1" 304 -
116.235.94.49 - - [24/Jan/2022:10:39:19 +0800] "GET /xingrg/javascript/auto/jquery.autocomplete.css HTTP/1.1" 304 -
116.235.94.49 - - [24/Jan/2022:10:39:19 +0800] "GET /xingrg/javascript/jquery.cookie.js HTTP/1.1" 304 -
116.235.94.49 - - [24/Jan/2022:10:39:19 +0800] "GET /xingrg/javascript/jquery_tools/order_manager.js HTTP/1.1" 304 -
116.235.94.49 - - [24/Jan/2022:10:39:19 +0800] "GET /xingrg/javascript/convert.js HTTP/1.1" 304 -
116.235.94.49 - - [24/Jan/2022:10:39:19 +0800] "GET /xingrg/javascript/print/LodopFuncs.js HTTP/1.1" 304 -
116.235.94.49 - - [24/Jan/2022:10:39:19 +0800] "GET /xingrg/javascript/print/kc_print.js HTTP/1.1" 304 -
116.235.94.49 - - [24/Jan/2022:10:39:19 +0800] "GET /xingrg/kc/buy/cgsh_order_add.html HTTP/1.1" 200 65449
116.235.94.49 - - [24/Jan/2022:10:39:19 +0800] "GET /xingrg/javascript/json2.js HTTP/1.1" 304 -
116.235.94.49 - - [24/Jan/2022:10:39:19 +0800] "GET /xingrg/javascript/jquery_tools/jquery.tools.table.js HTTP/1.1" 304 -
180.169.147.146 - - [24/Jan/2022:10:39:20 +0800] "GET /xingrg/all/function/internal_message.html?_=1642991960404&CODE_STATE=getMsg HTTP/1.1" 200 27
116.235.94.49 - - [24/Jan/2022:10:39:20 +0800] "GET /xingrg/all/function/internal_message.html?_=1642992102020&CODE_STATE=getMsg HTTP/1.1" 200 27
116.235.94.49 - - [24/Jan/2022:10:39:20 +0800] "GET /xingrg/check_reg.html?_=1642992102022 HTTP/1.1" 200 22
116.235.94.49 - - [24/Jan/2022:10:39:20 +0800] "GET /xingrg/words/20220123141653_words.js HTTP/1.1" 304 -
116.235.94.49 - - [24/Jan/2022:10:39:21 +0800] "GET /xingrg/javascript/easyui/themes/icons/template_new.png HTTP/1.1" 304 -
116.235.94.49 - - [24/Jan/2022:10:39:21 +0800] "GET /xingrg/javascript/easyui/themes/icons/copy_new.png HTTP/1.1" 304 -
116.235.94.49 - - [24/Jan/2022:10:39:21 +0800] "GET /xingrg/javascript/easyui/themes/icons/ok.png HTTP/1.1" 304 -
116.235.94.49 - - [24/Jan/2022:10:39:21 +0800] "GET /xingrg/javascript/easyui/themes/icons/print.png HTTP/1.1" 304 -
116.235.94.49 - - [24/Jan/2022:10:39:21 +0800] "GET /xingrg/javascript/easyui/themes/default/images/menu_downarrow.png HTTP/1.1" 304 -
116.235.94.49 - - [24/Jan/2022:10:39:21 +0800] "GET /xingrg/javascript/easyui/themes/icons/cancel.png HTTP/1.1" 304 -
116.235.94.49 - - [24/Jan/2022:10:39:21 +0800] "GET /xingrg/javascript/easyui/plugins/jquery.parser.js HTTP/1.1" 304 -
116.235.94.49 - - [24/Jan/2022:10:39:21 +0800] "POST /xingrg/kc/buy/cgsh_order_operate.html HTTP/1.1" 200 8245
116.235.94.49 - - [24/Jan/2022:10:39:21 +0800] "GET /xingrg/check_reg.html?_=1642992006393 HTTP/1.1" 200 22
116.235.94.49 - - [24/Jan/2022:10:39:21 +0800] "GET /xingrg/all/function/internal_message.html?_=1642992006396&CODE_STATE=getMsg HTTP/1.1" 200 27
116.235.94.49 - - [24/Jan/2022:10:39:21 +0800] "GET /xingrg/all/common/auto_word.html?type=employee&rest_code=00104 HTTP/1.1" 200 245
116.235.94.49 - - [24/Jan/2022:10:39:21 +0800] "GET /xingrg/all/common/auto_word.html?type=employee&rest_code=00104 HTTP/1.1" 200 245
116.235.94.49 - - [24/Jan/2022:10:39:21 +0800] "GET /xingrg/javascript/easyui/themes/default/validatebox.css HTTP/1.1" 404 1104
116.235.94.49 - - [24/Jan/2022:10:39:21 +0800] "GET /xingrg/javascript/easyui/plugins/jquery.validatebox.js HTTP/1.1" 304 -
116.235.94.49 - - [24/Jan/2022:10:39:21 +0800] "GET /xingrg/javascript/easyui/plugins/jquery.numberbox.js HTTP/1.1" 304 -
116.235.94.49 - - [24/Jan/2022:10:39:22 +0800] "GET /xingrg/javascript/easyui/plugins/jquery.draggable.js HTTP/1.1" 304 -
116.235.94.49 - - [24/Jan/2022:10:39:22 +0800] "GET /xingrg/css/images/panel_loading.gif HTTP/1.1" 304 -
116.235.94.49 - - [24/Jan/2022:10:39:22 +0800] "GET /xingrg/javascript/easyui/plugins/jquery.droppable.js HTTP/1.1" 304 -
116.235.94.49 - - [24/Jan/2022:10:39:22 +0800] "GET /xingrg/javascript/easyui/themes/default/tree.css HTTP/1.1" 404 1090
116.235.94.49 - - [24/Jan/2022:10:39:22 +0800] "GET /xingrg/javascript/easyui/plugins/jquery.tree.js HTTP/1.1" 304 -
116.235.94.49 - - [24/Jan/2022:10:39:22 +0800] "POST /xingrg/all/common/load_tree.html?tree=supplier_tree_json&isDelete=1 HTTP/1.1" 200 61885
58.39.168.32 - - [24/Jan/2022:10:39:23 +0800] "GET /xingrg/all/function/internal_message.html?_=1642991901525&CODE_STATE=getMsg HTTP/1.1" 200 27
101.80.229.199 - - [24/Jan/2022:10:39:23 +0800] "GET /xingrg/all/function/internal_message.html?_=1642991963617&CODE_STATE=getMsg HTTP/1.1" 200 27
116.235.94.49 - - [24/Jan/2022:10:39:24 +0800] "GET /xingrg/javascript/easyui/themes/default/images/tree_folder_open.gif HTTP/1.1" 304 -
116.235.94.49 - - [24/Jan/2022:10:39:24 +0800] "GET /xingrg/javascript/easyui/themes/default/images/tree_folder.gif HTTP/1.1" 304 -
116.235.94.49 - - [24/Jan/2022:10:39:24 +0800] "GET /xingrg/javascript/easyui/themes/default/images/tree_file.gif HTTP/1.1" 304 -
172.20.0.100 - - [24/Jan/2022:10:39:26 +0800] "GET /xingrg/all/function/internal_message.html?_=1642991965604&CODE_STATE=getMsg HTTP/1.1" 200 27
222.70.243.96 - - [24/Jan/2022:10:39:26 +0800] "POST /xingrg/services/DataTransmitService HTTP/1.1" 200 501
124.78.156.14 - - [24/Jan/2022:10:39:26 +0800] "GET /xingrg/kc/base/wldb_order_operate.html?command=get_materiel&rest_code=00106&base_code=0010396&code=00101019476 HTTP/1.1" 200 480
124.78.156.14 - - [24/Jan/2022:10:39:28 +0800] "GET /xingrg/all/function/internal_message.html?_=1642991968144&CODE_STATE=getMsg HTTP/1.1" 200 27
114.84.146.162 - - [24/Jan/2022:10:39:28 +0800] "GET /xingrg/all/function/internal_message.html?_=1642991767869&CODE_STATE=getMsg HTTP/1.1" 200 27
124.78.156.14 - - [24/Jan/2022:10:39:29 +0800] "GET /xingrg/kc/buy/cgsh_order_operate.html?command=get_materiel&rest_code=00106&code=00101008242&supplier_code=00100007&order_time=2022-01-24 HTTP/1.1" 200 408
101.80.229.199 - - [24/Jan/2022:10:39:29 +0800] "GET /xingrg/kc/buy/cgsh_order_operate.html?command=get_materiel&rest_code=00156&code=00101008163&supplier_code=00100006&order_time=2022-01-24 HTTP/1.1" 200 409
222.69.132.164 - - [24/Jan/2022:10:39:34 +0800] "GET /xingrg/all/function/internal_message.html?_=1642992029135&CODE_STATE=getMsg HTTP/1.1" 200 27
124.78.156.14 - - [24/Jan/2022:10:39:39 +0800] "GET /xingrg/kc/buy/cgsh_order_operate.html?command=get_materiel&rest_code=00106&code=00101011001&supplier_code=00100007&order_time=2022-01-24 HTTP/1.1" 200 423
116.235.94.49 - - [24/Jan/2022:10:39:39 +0800] "GET /xingrg/kc/buy/cgsh_order_operate.html?command=get_materiel&rest_code=00104&code=00101010136&supplier_code=00100036&order_time=2022-01-24 HTTP/1.1" 200 408
124.78.156.14 - - [24/Jan/2022:10:39:41 +0800] "GET /xingrg/kc/base/wldb_order_operate.html?command=get_materiel&rest_code=00106&base_code=0010396&code=00101019405 HTTP/1.1" 200 469
180.152.99.39 - - [24/Jan/2022:10:39:42 +0800] "GET /xingrg/all/function/internal_message.html?_=1642991912297&CODE_STATE=getMsg HTTP/1.1" 200 27
180.152.99.73 - - [24/Jan/2022:10:39:48 +0800] "GET /xingrg/all/function/internal_message.html?_=1642991989918&CODE_STATE=getMsg HTTP/1.1" 200 27
114.95.98.1 - - [24/Jan/2022:10:39:50 +0800] "GET /xingrg/all/function/internal_message.html?_=1642992011420&CODE_STATE=getMsg HTTP/1.1" 200 27
222.70.217.149 - - [24/Jan/2022:10:39:51 +0800] "GET /xingrg/all/function/internal_message.html?_=1642991975334&CODE_STATE=getMsg HTTP/1.1" 200 27
222.70.217.149 - - [24/Jan/2022:10:39:51 +0800] "GET /xingrg/check_reg.html?_=1642991975335 HTTP/1.1" 200 22
180.169.147.146 - - [24/Jan/2022:10:39:51 +0800] "GET /xingrg/all/function/internal_message.html?_=1642991994050&CODE_STATE=getMsg HTTP/1.1" 200 27
101.80.229.199 - - [24/Jan/2022:10:39:53 +0800] "GET /xingrg/kc/buy/cgsh_order_operate.html?command=get_materiel&rest_code=00156&code=00101008318&supplier_code=00100006&order_time=2022-01-24 HTTP/1.1" 200 408
114.84.146.162 - - [24/Jan/2022:10:39:54 +0800] "GET /xingrg/check_reg.html?_=1642991793723 HTTP/1.1" 200 22
124.78.156.14 - - [24/Jan/2022:10:39:55 +0800] "GET /xingrg/kc/base/wldb_order_operate.html?command=get_materiel&rest_code=00106&base_code=0010396&code=00101019359 HTTP/1.1" 200 448
116.235.94.49 - - [24/Jan/2022:10:39:55 +0800] "GET /xingrg/kc/buy/cgsh_order_operate.html?command=get_materiel&rest_code=00104&code=00101012025&supplier_code=00100036&order_time=2022-01-24 HTTP/1.1" 200 412
124.78.156.14 - - [24/Jan/2022:10:39:59 +0800] "GET /xingrg/all/function/internal_message.html?_=1642991999021&CODE_STATE=getMsg HTTP/1.1" 200 27
124.78.156.14 - - [24/Jan/2022:10:39:59 +0800] "GET /xingrg/kc/buy/cgsh_order_operate.html?command=get_materiel&rest_code=00106&code=00101015046&supplier_code=00100007&order_time=2022-01-24 HTTP/1.1" 200 413
124.78.156.14 - - [24/Jan/2022:10:40:01 +0800] "POST /xingrg/kc/buy/cgsh_order_operate.html HTTP/1.1" 200 2065
101.80.229.199 - - [24/Jan/2022:10:40:08 +0800] "GET /xingrg/kc/buy/cgsh_order_operate.html?command=get_materiel&rest_code=00156&code=00101008366&supplier_code=00100006&order_time=2022-01-24 HTTP/1.1" 200 408
180.169.147.146 - - [24/Jan/2022:10:40:09 +0800] "GET /xingrg/check_reg.html?_=1642992009249 HTTP/1.1" 200 22
116.235.94.49 - - [24/Jan/2022:10:40:12 +0800] "GET /xingrg/kc/buy/cgsh_order_operate.html?command=get_materiel&rest_code=00104&code=00101011001&supplier_code=00100036&order_time=2022-01-24 HTTP/1.1" 200 423
58.39.168.32 - - [24/Jan/2022:10:40:12 +0800] "GET /xingrg/all/function/internal_message.html?_=1642992013407&CODE_STATE=getMsg HTTP/1.1" 200 27
180.162.112.109 - - [24/Jan/2022:10:40:13 +0800] "GET /xingrg/all/function/internal_message.html?_=1642991415437&CODE_STATE=getMsg HTTP/1.1" 200 27
114.86.225.150 - - [24/Jan/2022:10:40:14 +0800] "GET /xingrg/all/function/internal_message.html?_=1642992014667&CODE_STATE=getMsg HTTP/1.1" 200 27
