101.83.241.190 - - [24/Jan/2022:09:26:09 +0800] "GET /xingrg/all/function/internal_message.html?_=1642987569910&CODE_STATE=getMsg HTTP/1.1" 200 27
180.157.251.97 - - [24/Jan/2022:09:26:11 +0800] "GET /xingrg/all/function/internal_message.html?_=1642987571191&CODE_STATE=getMsg HTTP/1.1" 200 27
180.152.99.39 - - [24/Jan/2022:09:26:12 +0800] "GET /xingrg/kc/buy/cgsh_order_operate.html?command=get_materiel&rest_code=00151&code=00101008137&supplier_code=00100007&order_time=2022-01-24 HTTP/1.1" 200 408
114.86.225.150 - - [24/Jan/2022:09:26:14 +0800] "GET /xingrg/all/function/internal_message.html?_=1642987574481&CODE_STATE=getMsg HTTP/1.1" 200 27
180.152.99.73 - - [24/Jan/2022:09:26:15 +0800] "GET /xingrg/kc/base/wldb_order_operate.html?command=get_materiel&rest_code=00150&base_code=0010446&code=00102002118 HTTP/1.1" 200 452
58.39.168.32 - - [24/Jan/2022:09:26:15 +0800] "POST /xingrg/kc/buy/cgsh_order_operate.html HTTP/1.1" 200 37
180.152.99.73 - - [24/Jan/2022:09:26:17 +0800] "POST /xingrg/all/common/load_select.html HTTP/1.1" 200 38
180.157.251.97 - - [24/Jan/2022:09:26:18 +0800] "GET /xingrg/check_reg.html?_=1642987579676 HTTP/1.1" 200 22
180.157.251.97 - - [24/Jan/2022:09:26:18 +0800] "GET /xingrg/all/function/internal_message.html?_=1642987579679&CODE_STATE=getMsg HTTP/1.1" 200 27
180.152.99.73 - - [24/Jan/2022:09:26:18 +0800] "GET /xingrg/kc/base/wldb_order_operate.html?command=get_materiel_price&rest_code=00150&base_code=0010446&code=00102002118&unit_code=00100339 HTTP/1.1" 200 36
116.235.94.49 - - [24/Jan/2022:09:26:20 +0800] "GET /xingrg/all/function/internal_message.html?_=1642987721946&CODE_STATE=getMsg HTTP/1.1" 200 27
58.39.168.32 - - [24/Jan/2022:09:26:23 +0800] "GET /xingrg/all/function/internal_message.html?_=1642987521396&CODE_STATE=getMsg HTTP/1.1" 200 27
101.80.229.199 - - [24/Jan/2022:09:26:23 +0800] "GET /xingrg/all/function/internal_message.html?_=1642987583608&CODE_STATE=getMsg HTTP/1.1" 200 27
180.152.99.39 - - [24/Jan/2022:09:26:24 +0800] "GET /xingrg/kc/buy/cgsh_order_operate.html?command=get_materiel&rest_code=00151&code=00101008296&supplier_code=00100007&order_time=2022-01-24 HTTP/1.1" 200 416
180.152.99.39 - - [24/Jan/2022:09:26:25 +0800] "GET /xingrg/all/function/internal_message.html?_=1642987514920&CODE_STATE=getMsg HTTP/1.1" 200 27
172.20.0.100 - - [24/Jan/2022:09:26:27 +0800] "GET /xingrg/all/function/internal_message.html?_=1642987587501&CODE_STATE=getMsg HTTP/1.1" 200 27
180.152.99.73 - - [24/Jan/2022:09:26:30 +0800] "GET /xingrg/kc/base/wldb_order_operate.html?command=get_materiel&rest_code=00150&base_code=0010446&code=00102002197 HTTP/1.1" 200 445
114.84.146.162 - - [24/Jan/2022:09:26:30 +0800] "GET /xingrg/all/function/internal_message.html?_=1642987389309&CODE_STATE=getMsg HTTP/1.1" 200 27
180.152.99.39 - - [24/Jan/2022:09:26:33 +0800] "GET /xingrg/kc/buy/cgsh_order_operate.html?command=get_materiel&rest_code=00151&code=00101008131&supplier_code=00100007&order_time=2022-01-24 HTTP/1.1" 200 408
180.169.147.146 - - [24/Jan/2022:09:26:36 +0800] "GET /xingrg/all/function/internal_message.html?_=1642987598689&CODE_STATE=getMsg HTTP/1.1" 200 27
180.152.99.73 - - [24/Jan/2022:09:26:37 +0800] "GET /xingrg/all/function/internal_message.html?_=1642987598283&CODE_STATE=getMsg HTTP/1.1" 200 27
180.152.99.73 - - [24/Jan/2022:09:26:37 +0800] "GET /xingrg/check_reg.html?_=1642987598287 HTTP/1.1" 200 22
114.95.98.1 - - [24/Jan/2022:09:26:39 +0800] "GET /xingrg/all/function/internal_message.html?_=1642987599765&CODE_STATE=getMsg HTTP/1.1" 200 27
114.95.98.1 - - [24/Jan/2022:09:26:39 +0800] "GET /xingrg/check_reg.html?_=1642987599768 HTTP/1.1" 200 22
120.253.135.82 - - [24/Jan/2022:09:26:41 +0800] "GET /xingrg/all/function/internal_message.html?_=1642987390200&CODE_STATE=getMsg HTTP/1.1" 200 27
180.152.99.39 - - [24/Jan/2022:09:26:42 +0800] "GET /xingrg/kc/buy/cgsh_order_operate.html?command=get_materiel&rest_code=00151&code=00101008087&supplier_code=00100007&order_time=2022-01-24 HTTP/1.1" 200 412
180.152.99.73 - - [24/Jan/2022:09:26:44 +0800] "GET /xingrg/kc/base/wldb_order_operate.html?command=get_materiel&rest_code=00150&base_code=0010446&code=00102021018 HTTP/1.1" 200 446
180.169.147.146 - - [24/Jan/2022:09:26:51 +0800] "GET /xingrg/all/function/internal_message.html?_=1642987610922&CODE_STATE=getMsg HTTP/1.1" 200 27
222.70.217.149 - - [24/Jan/2022:09:26:51 +0800] "GET /xingrg/all/function/internal_message.html?_=1642987595330&CODE_STATE=getMsg HTTP/1.1" 200 27
180.152.99.39 - - [24/Jan/2022:09:26:52 +0800] "POST /xingrg/kc/buy/cgsh_order_operate.html HTTP/1.1" 200 37
172.20.0.100 - - [24/Jan/2022:09:26:52 +0800] "GET /xingrg/check_reg.html?_=1642987612130 HTTP/1.1" 200 22
180.152.99.39 - - [24/Jan/2022:09:26:53 +0800] "POST /xingrg/kc/buy/cgsh_order_operate.html HTTP/1.1" 200 11667
180.152.99.39 - - [24/Jan/2022:09:26:55 +0800] "GET /xingrg/kc/buy/cgsh_order_add.html HTTP/1.1" 200 65024
180.152.99.39 - - [24/Jan/2022:09:26:55 +0800] "POST /xingrg/kc/buy/cgsh_order_operate.html HTTP/1.1" 200 8245
180.152.99.39 - - [24/Jan/2022:09:26:55 +0800] "GET /xingrg/javascript/easyui/themes/default/validatebox.css HTTP/1.1" 404 1104
180.152.99.73 - - [24/Jan/2022:09:27:05 +0800] "GET /xingrg/kc/base/wldb_order_operate.html?command=get_materiel&rest_code=00150&base_code=0010446&code=00102002417 HTTP/1.1" 200 435
180.152.99.39 - - [24/Jan/2022:09:27:08 +0800] "GET /xingrg/kc/buy/cgsh_order_operate.html?command=get_materiel&rest_code=00151&code=00101009106&supplier_code=00100424&order_time=2022-01-24 HTTP/1.1" 200 392
101.83.241.190 - - [24/Jan/2022:09:27:09 +0800] "GET /xingrg/all/function/internal_message.html?_=1642987629916&CODE_STATE=getMsg HTTP/1.1" 200 27
180.157.251.97 - - [24/Jan/2022:09:27:11 +0800] "GET /xingrg/all/function/internal_message.html?_=1642987631190&CODE_STATE=getMsg HTTP/1.1" 200 27
114.86.225.150 - - [24/Jan/2022:09:27:14 +0800] "GET /xingrg/check_reg.html?_=1642987634474 HTTP/1.1" 200 22
114.86.225.150 - - [24/Jan/2022:09:27:14 +0800] "GET /xingrg/all/function/internal_message.html?_=1642987634477&CODE_STATE=getMsg HTTP/1.1" 200 27
180.157.251.97 - - [24/Jan/2022:09:27:18 +0800] "GET /xingrg/all/function/internal_message.html?_=1642987639680&CODE_STATE=getMsg HTTP/1.1" 200 27
180.152.99.39 - - [24/Jan/2022:09:27:20 +0800] "GET /xingrg/kc/buy/cgsh_order_operate.html?command=get_materiel&rest_code=00151&code=00101009053&supplier_code=00100424&order_time=2022-01-24 HTTP/1.1" 200 408
116.235.94.49 - - [24/Jan/2022:09:27:20 +0800] "GET /xingrg/all/function/internal_message.html?_=1642987781943&CODE_STATE=getMsg HTTP/1.1" 200 27
58.39.168.32 - - [24/Jan/2022:09:27:23 +0800] "GET /xingrg/all/function/internal_message.html?_=1642987581396&CODE_STATE=getMsg HTTP/1.1" 200 27
101.80.229.199 - - [24/Jan/2022:09:27:23 +0800] "GET /xingrg/all/function/internal_message.html?_=1642987643612&CODE_STATE=getMsg HTTP/1.1" 200 27
180.152.99.39 - - [24/Jan/2022:09:27:25 +0800] "GET /xingrg/all/function/internal_message.html?_=1642987574933&CODE_STATE=getMsg HTTP/1.1" 200 27
180.152.99.73 - - [24/Jan/2022:09:27:27 +0800] "GET /xingrg/kc/base/wldb_order_operate.html?command=get_materiel&rest_code=00150&base_code=0010446&code=00102002439 HTTP/1.1" 200 457
172.20.0.100 - - [24/Jan/2022:09:27:27 +0800] "GET /xingrg/all/function/internal_message.html?_=1642987647478&CODE_STATE=getMsg HTTP/1.1" 200 27
180.152.99.39 - - [24/Jan/2022:09:27:28 +0800] "GET /xingrg/kc/buy/cgsh_order_operate.html?command=get_materiel&rest_code=00151&code=00101009039&supplier_code=00100424&order_time=2022-01-24 HTTP/1.1" 200 408
114.84.146.162 - - [24/Jan/2022:09:27:30 +0800] "GET /xingrg/all/function/internal_message.html?_=1642987449282&CODE_STATE=getMsg HTTP/1.1" 200 27
114.95.98.1 - - [24/Jan/2022:09:27:32 +0800] "GET /favicon.ico HTTP/1.1" 404 -
114.95.98.1 - - [24/Jan/2022:09:27:33 +0800] "GET /favicon.ico HTTP/1.1" 404 -
114.95.98.1 - - [24/Jan/2022:09:27:33 +0800] "GET /favicon.ico HTTP/1.1" 404 -
114.95.98.1 - - [24/Jan/2022:09:27:35 +0800] "GET /xingrg/login.html HTTP/1.1" 200 7641
180.169.147.146 - - [24/Jan/2022:09:27:36 +0800] "GET /xingrg/all/function/internal_message.html?_=1642987658703&CODE_STATE=getMsg HTTP/1.1" 200 27
114.95.98.1 - - [24/Jan/2022:09:27:36 +0800] "GET /xingrg/images/blue/jxLogo.png HTTP/1.1" 200 6156
114.95.98.1 - - [24/Jan/2022:09:27:36 +0800] "GET /xingrg/images/blue/hj.png HTTP/1.1" 200 1014
114.95.98.1 - - [24/Jan/2022:09:27:36 +0800] "GET /xingrg/images/blue/login_bg.png HTTP/1.1" 200 22101
114.95.98.1 - - [24/Jan/2022:09:27:37 +0800] "GET /xingrg/images/blue/srbg.png HTTP/1.1" 200 138
180.152.99.73 - - [24/Jan/2022:09:27:37 +0800] "GET /xingrg/all/function/internal_message.html?_=1642987658297&CODE_STATE=getMsg HTTP/1.1" 200 27
114.95.98.1 - - [24/Jan/2022:09:27:37 +0800] "GET /favicon.ico HTTP/1.1" 404 -
180.152.99.39 - - [24/Jan/2022:09:27:38 +0800] "GET /xingrg/kc/buy/cgsh_order_operate.html?command=get_materiel&rest_code=00151&code=00101009049&supplier_code=00100424&order_time=2022-01-24 HTTP/1.1" 200 416
114.95.98.1 - - [24/Jan/2022:09:27:39 +0800] "GET /xingrg/all/function/internal_message.html?_=1642987659768&CODE_STATE=getMsg HTTP/1.1" 200 27
120.253.135.82 - - [24/Jan/2022:09:27:41 +0800] "GET /xingrg/all/function/internal_message.html?_=1642987450214&CODE_STATE=getMsg HTTP/1.1" 200 27
114.95.98.1 - - [24/Jan/2022:09:27:41 +0800] "POST /xingrg/login.do HTTP/1.1" 302 -
114.95.98.1 - - [24/Jan/2022:09:27:41 +0800] "GET /xingrg/javascript/jquery_easy_ui/themes/icon.css HTTP/1.1" 200 3949
114.95.98.1 - - [24/Jan/2022:09:27:41 +0800] "GET /xingrg/css/form.css HTTP/1.1" 200 893
114.95.98.1 - - [24/Jan/2022:09:27:41 +0800] "GET /xingrg/index.html?sysBaseUrl=http%3A%2F%2F180.169.147.146%3A18081%2Fxingrg%2F&costTime=39×tamp=1642987661551 HTTP/1.1" 200 17173
114.95.98.1 - - [24/Jan/2022:09:27:41 +0800] "GET /xingrg/javascript/jquery_easy_ui/themes/default/easyui.css HTTP/1.1" 200 26500
114.95.98.1 - - [24/Jan/2022:09:27:41 +0800] "GET /xingrg/javascript/jquery-1.4.2.min.js HTTP/1.1" 200 72205
114.95.98.1 - - [24/Jan/2022:09:27:41 +0800] "GET /xingrg/javascript/jquery_easy_ui/jquery.easyui.min.js HTTP/1.1" 200 213662
114.95.98.1 - - [24/Jan/2022:09:27:41 +0800] "GET /xingrg/javascript/jquery_easy_ui/easyui-lang-zh_CN.js HTTP/1.1" 200 1900
114.95.98.1 - - [24/Jan/2022:09:27:41 +0800] "GET /xingrg/javascript/jquery.timers.js HTTP/1.1" 200 3532
114.95.98.1 - - [24/Jan/2022:09:27:41 +0800] "GET /xingrg/javascript/jquery.utils.js HTTP/1.1" 200 11805
114.95.98.1 - - [24/Jan/2022:09:27:41 +0800] "GET /xingrg/javascript/jquery.form.js HTTP/1.1" 200 23110
114.95.98.1 - - [24/Jan/2022:09:27:42 +0800] "GET /xingrg/images/blue/jxLogo.png HTTP/1.1" 200 6156
114.95.98.1 - - [24/Jan/2022:09:27:42 +0800] "GET /xingrg/javascript/jquery_easy_ui/themes/icons/settle_new.png HTTP/1.1" 200 826
114.95.98.1 - - [24/Jan/2022:09:27:42 +0800] "GET /xingrg/images/blue/pingpu.png HTTP/1.1" 200 231
114.95.98.1 - - [24/Jan/2022:09:27:42 +0800] "POST /xingrg/all/common/load_tree.html?tree=area_rest_tree_json&manage=1 HTTP/1.1" 200 342
114.95.98.1 - - [24/Jan/2022:09:27:42 +0800] "GET /xingrg/javascript/jquery_easy_ui/themes/default/images/tabs_leftarrow.png HTTP/1.1" 200 389
114.95.98.1 - - [24/Jan/2022:09:27:42 +0800] "GET /xingrg/javascript/jquery_easy_ui/themes/default/images/tabs_rightarrow.png HTTP/1.1" 200 395
114.95.98.1 - - [24/Jan/2022:09:27:42 +0800] "GET /xingrg/javascript/jquery_easy_ui/themes/default/images/panel_tool_collapse.gif HTTP/1.1" 200 246
114.95.98.1 - - [24/Jan/2022:09:27:42 +0800] "GET /xingrg/images/blue/navBackgound.jpg HTTP/1.1" 200 12378
114.95.98.1 - - [24/Jan/2022:09:27:43 +0800] "GET /xingrg/all/function/internal_message.html?_=1642987683742&CODE_STATE=count HTTP/1.1" 200 11
114.95.98.1 - - [24/Jan/2022:09:27:43 +0800] "GET /xingrg/check_reg.html?_=1642987683745 HTTP/1.1" 200 22
114.95.98.1 - - [24/Jan/2022:09:27:43 +0800] "POST /xingrg/load_menu.html HTTP/1.1" 200 5138
114.95.98.1 - - [24/Jan/2022:09:27:43 +0800] "GET /favicon.ico HTTP/1.1" 404 -
114.95.98.1 - - [24/Jan/2022:09:27:43 +0800] "GET /xingrg/javascript/jquery_easy_ui/themes/default/images/tree_arrows.gif HTTP/1.1" 200 1043
114.95.98.1 - - [24/Jan/2022:09:27:44 +0800] "GET /xingrg/javascript/jquery_easy_ui/themes/default/images/tree_folder_open.gif HTTP/1.1" 200 956
114.95.98.1 - - [24/Jan/2022:09:27:44 +0800] "GET /xingrg/javascript/jquery_easy_ui/themes/icons/search_new.png HTTP/1.1" 200 586
114.95.98.1 - - [24/Jan/2022:09:27:44 +0800] "GET /xingrg/javascript/jquery_easy_ui/themes/default/images/tree_folder.gif HTTP/1.1" 200 952
114.95.98.1 - - [24/Jan/2022:09:27:44 +0800] "GET /xingrg/javascript/jquery_easy_ui/themes/icons/storage_new.png HTTP/1.1" 200 853
114.95.98.1 - - [24/Jan/2022:09:27:44 +0800] "GET /xingrg/javascript/jquery_easy_ui/themes/icons/forms_new.png HTTP/1.1" 200 350
114.95.98.1 - - [24/Jan/2022:09:27:44 +0800] "GET /xingrg/javascript/jquery_easy_ui/themes/default/images/tree_file.gif HTTP/1.1" 200 118
180.152.99.39 - - [24/Jan/2022:09:27:44 +0800] "POST /xingrg/kc/buy/cgsh_order_operate.html HTTP/1.1" 200 37
114.95.98.1 - - [24/Jan/2022:09:27:46 +0800] "GET /xingrg/javascript/jquery_easy_ui/themes/default/images/tabs_close.gif HTTP/1.1" 200 829
114.95.98.1 - - [24/Jan/2022:09:27:46 +0800] "GET /xingrg/css/base.css HTTP/1.1" 200 2811
114.95.98.1 - - [24/Jan/2022:09:27:46 +0800] "GET /xingrg/css/site.css HTTP/1.1" 200 7541
114.95.98.1 - - [24/Jan/2022:09:27:46 +0800] "GET /xingrg/javascript/jquery_tools/datebox.css HTTP/1.1" 200 2597
114.95.98.1 - - [24/Jan/2022:09:27:46 +0800] "GET /xingrg/javascript/jquery_tools/fix.css HTTP/1.1" 200 1702
114.95.98.1 - - [24/Jan/2022:09:27:46 +0800] "GET /xingrg/javascript/auto/jquery.autocomplete.css HTTP/1.1" 200 587
114.95.98.1 - - [24/Jan/2022:09:27:46 +0800] "GET /xingrg/javascript/jquery_tools/table.css HTTP/1.1" 200 1032
114.95.98.1 - - [24/Jan/2022:09:27:46 +0800] "GET /xingrg/javascript/easyui/themes/icon.css HTTP/1.1" 200 4483
114.95.98.1 - - [24/Jan/2022:09:27:46 +0800] "GET /xingrg/javascript/jquery_tools/list_manager.js HTTP/1.1" 200 3652
114.95.98.1 - - [24/Jan/2022:09:27:46 +0800] "GET /xingrg/javascript/jquery_tools/jquery.tools.min.js HTTP/1.1" 200 138801
114.95.98.1 - - [24/Jan/2022:09:27:46 +0800] "GET /xingrg/javascript/jquery_tools/jquery.tools.hotkey.js HTTP/1.1" 200 3242
114.95.98.1 - - [24/Jan/2022:09:27:46 +0800] "GET /xingrg/javascript/easyui/easyloader.js HTTP/1.1" 200 5975
114.95.98.1 - - [24/Jan/2022:09:27:46 +0800] "GET /xingrg/javascript/jquery_tools/jquery.tools.table.js HTTP/1.1" 200 6994
114.95.98.1 - - [24/Jan/2022:09:27:46 +0800] "GET /xingrg/javascript/jquery.cookie.js HTTP/1.1" 200 5513
114.95.98.1 - - [24/Jan/2022:09:27:46 +0800] "GET /xingrg/javascript/print/LodopFuncs.js HTTP/1.1" 200 5121
114.95.98.1 - - [24/Jan/2022:09:27:46 +0800] "GET /xingrg/javascript/auto/jquery.autocomplete.js HTTP/1.1" 200 21624
114.95.98.1 - - [24/Jan/2022:09:27:46 +0800] "GET /xingrg/javascript/jquery_tools/jquery.tools.extend.js HTTP/1.1" 200 15385
114.95.98.1 - - [24/Jan/2022:09:27:46 +0800] "GET /xingrg/kc/buy/cgsh_order_list.html HTTP/1.1" 200 49639
114.95.98.1 - - [24/Jan/2022:09:27:46 +0800] "GET /xingrg/javascript/easyui/themes/default/easyui.css HTTP/1.1" 200 30432
180.152.99.39 - - [24/Jan/2022:09:27:46 +0800] "POST /xingrg/kc/buy/cgsh_order_operate.html HTTP/1.1" 200 4456
114.95.98.1 - - [24/Jan/2022:09:27:48 +0800] "GET /xingrg/javascript/easyui/themes/icons/field_new.png HTTP/1.1" 200 1097
114.95.98.1 - - [24/Jan/2022:09:27:48 +0800] "GET /xingrg/javascript/easyui/themes/icons/check_new.png HTTP/1.1" 200 3224
114.95.98.1 - - [24/Jan/2022:09:27:48 +0800] "GET /xingrg/javascript/easyui/themes/icons/import_new.png HTTP/1.1" 200 1247
114.95.98.1 - - [24/Jan/2022:09:27:48 +0800] "GET /xingrg/javascript/easyui/themes/icons/edit_add_new.png HTTP/1.1" 200 2997
114.95.98.1 - - [24/Jan/2022:09:27:48 +0800] "GET /xingrg/javascript/easyui/themes/icons/cance_new.png HTTP/1.1" 200 3986
114.95.98.1 - - [24/Jan/2022:09:27:48 +0800] "GET /xingrg/javascript/easyui/plugins/jquery.parser.js HTTP/1.1" 200 1142
114.95.98.1 - - [24/Jan/2022:09:27:48 +0800] "GET /xingrg/images/control/ajaxLoader.gif HTTP/1.1" 200 4659
114.95.98.1 - - [24/Jan/2022:09:27:49 +0800] "POST /xingrg/kc/buy/cgsh_list_operate.html HTTP/1.1" 200 876
114.95.98.1 - - [24/Jan/2022:09:27:49 +0800] "GET /xingrg/javascript/easyui/themes/default/images/button_plain_hover.png HTTP/1.1" 200 144
114.95.98.1 - - [24/Jan/2022:09:27:50 +0800] "GET /xingrg/javascript/pic_change.js HTTP/1.1" 200 4739
114.95.98.1 - - [24/Jan/2022:09:27:50 +0800] "GET /xingrg/javascript/convert.js HTTP/1.1" 200 1239
114.95.98.1 - - [24/Jan/2022:09:27:50 +0800] "GET /xingrg/javascript/print/kc_print.js HTTP/1.1" 200 11415
114.95.98.1 - - [24/Jan/2022:09:27:50 +0800] "GET /xingrg/javascript/json2.js HTTP/1.1" 200 11259
114.95.98.1 - - [24/Jan/2022:09:27:50 +0800] "GET /xingrg/javascript/jquery_tools/order_manager.js HTTP/1.1" 200 11183
114.95.98.1 - - [24/Jan/2022:09:27:50 +0800] "GET /xingrg/kc/buy/cgsh_order_add.html HTTP/1.1" 200 65408
114.95.98.1 - - [24/Jan/2022:09:27:50 +0800] "GET /xingrg/words/20220123141653_words.js HTTP/1.1" 200 884692
114.95.98.1 - - [24/Jan/2022:09:27:50 +0800] "GET /xingrg/javascript/easyui/themes/icons/copy_new.png HTTP/1.1" 200 815
114.95.98.1 - - [24/Jan/2022:09:27:50 +0800] "GET /xingrg/javascript/easyui/themes/icons/template_new.png HTTP/1.1" 200 3956
114.95.98.1 - - [24/Jan/2022:09:27:50 +0800] "GET /xingrg/javascript/easyui/themes/icons/ok.png HTTP/1.1" 200 883
114.95.98.1 - - [24/Jan/2022:09:27:50 +0800] "GET /xingrg/javascript/easyui/themes/icons/print.png HTTP/1.1" 200 1057
114.95.98.1 - - [24/Jan/2022:09:27:50 +0800] "GET /xingrg/javascript/easyui/themes/default/images/menu_downarrow.png HTTP/1.1" 200 173
114.95.98.1 - - [24/Jan/2022:09:27:50 +0800] "GET /xingrg/javascript/easyui/themes/icons/cancel.png HTTP/1.1" 200 1133
180.169.147.146 - - [24/Jan/2022:09:27:51 +0800] "GET /xingrg/all/function/internal_message.html?_=1642987670923&CODE_STATE=getMsg HTTP/1.1" 200 27
222.70.217.149 - - [24/Jan/2022:09:27:51 +0800] "GET /xingrg/all/function/internal_message.html?_=1642987655324&CODE_STATE=getMsg HTTP/1.1" 200 27
114.95.98.1 - - [24/Jan/2022:09:27:53 +0800] "POST /xingrg/kc/buy/cgsh_order_operate.html HTTP/1.1" 200 8245
114.95.98.1 - - [24/Jan/2022:09:27:53 +0800] "GET /xingrg/all/common/auto_word.html?type=employee&rest_code=00102 HTTP/1.1" 200 189
114.95.98.1 - - [24/Jan/2022:09:27:53 +0800] "GET /xingrg/all/common/auto_word.html?type=employee&rest_code=00102 HTTP/1.1" 200 189
114.95.98.1 - - [24/Jan/2022:09:27:53 +0800] "GET /xingrg/javascript/easyui/themes/icons/edit_remove.png HTTP/1.1" 200 625
114.95.98.1 - - [24/Jan/2022:09:27:53 +0800] "GET /xingrg/javascript/easyui/themes/default/validatebox.css HTTP/1.1" 404 1104
114.95.98.1 - - [24/Jan/2022:09:27:53 +0800] "GET /xingrg/javascript/easyui/plugins/jquery.validatebox.js HTTP/1.1" 200 6103
114.95.98.1 - - [24/Jan/2022:09:27:53 +0800] "GET /xingrg/javascript/easyui/plugins/jquery.numberbox.js HTTP/1.1" 200 5213
114.95.98.1 - - [24/Jan/2022:09:27:54 +0800] "GET /xingrg/javascript/auto/indicator.gif HTTP/1.1" 404 1066
180.152.99.39 - - [24/Jan/2022:09:27:54 +0800] "POST /xingrg/kc/buy/cgsh_list_operate.html HTTP/1.1" 200 2085
180.152.99.39 - - [24/Jan/2022:09:27:56 +0800] "POST /xingrg/kc/buy/cgsh_list_operate.html HTTP/1.1" 200 569
180.152.99.39 - - [24/Jan/2022:09:27:56 +0800] "GET /xingrg/kc/buy/cgsh_order_info.html?code=212022012412143 HTTP/1.1" 200 65033
180.152.99.39 - - [24/Jan/2022:09:27:57 +0800] "GET /xingrg/javascript/easyui/themes/default/validatebox.css HTTP/1.1" 404 1104
180.152.99.39 - - [24/Jan/2022:09:27:57 +0800] "POST /xingrg/kc/buy/cgsh_order_operate.html HTTP/1.1" 200 11667
101.83.241.190 - - [24/Jan/2022:09:28:09 +0800] "GET /xingrg/all/function/internal_message.html?_=1642987689941&CODE_STATE=getMsg HTTP/1.1" 200 27
101.83.241.190 - - [24/Jan/2022:09:28:09 +0800] "GET /xingrg/check_reg.html?_=1642987689944 HTTP/1.1" 200 22
180.157.251.97 - - [24/Jan/2022:09:28:11 +0800] "GET /xingrg/all/function/internal_message.html?_=1642987691190&CODE_STATE=getMsg HTTP/1.1" 200 27
180.157.251.97 - - [24/Jan/2022:09:28:11 +0800] "GET /xingrg/check_reg.html?_=1642987691192 HTTP/1.1" 200 22
114.86.225.150 - - [24/Jan/2022:09:28:14 +0800] "GET /xingrg/all/function/internal_message.html?_=1642987694479&CODE_STATE=getMsg HTTP/1.1" 200 27
180.152.99.73 - - [24/Jan/2022:09:28:14 +0800] "POST /xingrg/kc/base/wldb_order_operate.html HTTP/1.1" 200 37
180.152.99.73 - - [24/Jan/2022:09:28:15 +0800] "POST /xingrg/kc/base/wldb_order_operate.html HTTP/1.1" 200 5622
180.152.99.73 - - [24/Jan/2022:09:28:15 +0800] "GET /xingrg/kc/base/wldb_order_info.html?code=422022012403152 HTTP/1.1" 200 30297
180.152.99.73 - - [24/Jan/2022:09:28:16 +0800] "GET /xingrg/javascript/easyui/themes/default/validatebox.css HTTP/1.1" 404 1104
180.152.99.73 - - [24/Jan/2022:09:28:16 +0800] "POST /xingrg/kc/base/wldb_order_operate.html HTTP/1.1" 200 5622
180.157.251.97 - - [24/Jan/2022:09:28:18 +0800] "GET /xingrg/all/function/internal_message.html?_=1642987699665&CODE_STATE=getMsg HTTP/1.1" 200 27
116.235.94.49 - - [24/Jan/2022:09:28:20 +0800] "GET /xingrg/all/function/internal_message.html?_=1642987841941&CODE_STATE=getMsg HTTP/1.1" 200 27
58.39.168.32 - - [24/Jan/2022:09:28:23 +0800] "GET /xingrg/check_reg.html?_=1642987641423 HTTP/1.1" 200 22
58.39.168.32 - - [24/Jan/2022:09:28:23 +0800] "GET /xingrg/all/function/internal_message.html?_=1642987641424&CODE_STATE=getMsg HTTP/1.1" 200 27
180.152.99.39 - - [24/Jan/2022:09:28:23 +0800] "GET /xingrg/kc/buy/cgsh_order_operate.html?command=get_materiel&rest_code=00151&code=00101015060&supplier_code=00100007&order_time=2022-01-24 HTTP/1.1" 200 412
101.80.229.199 - - [24/Jan/2022:09:28:23 +0800] "GET /xingrg/all/function/internal_message.html?_=1642987703616&CODE_STATE=getMsg HTTP/1.1" 200 27
180.152.99.39 - - [24/Jan/2022:09:28:25 +0800] "GET /xingrg/check_reg.html?_=1642987634937 HTTP/1.1" 200 22
180.152.99.39 - - [24/Jan/2022:09:28:25 +0800] "GET /xingrg/all/function/internal_message.html?_=1642987634947&CODE_STATE=getMsg HTTP/1.1" 200 27
172.20.0.100 - - [24/Jan/2022:09:28:27 +0800] "GET /xingrg/all/function/internal_message.html?_=1642987707453&CODE_STATE=getMsg HTTP/1.1" 200 27
114.84.146.162 - - [24/Jan/2022:09:28:30 +0800] "GET /xingrg/all/function/internal_message.html?_=1642987509254&CODE_STATE=getMsg HTTP/1.1" 200 27
114.95.98.1 - - [24/Jan/2022:09:28:30 +0800] "GET /xingrg/kc/buy/cgsh_order_operate.html?command=get_materiel&rest_code=00102&code=00101006111&supplier_code=00100096&order_time=2022-01-24 HTTP/1.1" 200 411
180.152.99.39 - - [24/Jan/2022:09:28:31 +0800] "GET /xingrg/kc/buy/cgsh_order_operate.html?command=get_materiel&rest_code=00151&code=00101008351&supplier_code=00100007&order_time=2022-01-24 HTTP/1.1" 200 427
180.152.99.73 - - [24/Jan/2022:09:28:35 +0800] "GET /xingrg/kc/mdqp/qqps_order_list.html HTTP/1.1" 200 9222
180.152.99.73 - - [24/Jan/2022:09:28:35 +0800] "GET /xingrg/dwr/interface/AjaxReportQueryService.js HTTP/1.1" 200 13203
180.152.99.73 - - [24/Jan/2022:09:28:35 +0800] "GET /xingrg/dwr/util.js HTTP/1.1" 304 -
180.152.99.73 - - [24/Jan/2022:09:28:35 +0800] "GET /xingrg/dwr/interface/AjaxQqpsService.js HTTP/1.1" 200 16326
180.152.99.73 - - [24/Jan/2022:09:28:35 +0800] "GET /xingrg/dwr/engine.js HTTP/1.1" 200 43631
180.169.147.146 - - [24/Jan/2022:09:28:36 +0800] "GET /xingrg/all/function/internal_message.html?_=1642987718690&CODE_STATE=getMsg HTTP/1.1" 200 27
180.152.99.73 - - [24/Jan/2022:09:28:37 +0800] "GET /xingrg/kc/mdqp/qqps_order_add.html HTTP/1.1" 200 27998
180.152.99.73 - - [24/Jan/2022:09:28:37 +0800] "GET /xingrg/all/function/internal_message.html?_=1642987718287&CODE_STATE=getMsg HTTP/1.1" 200 27
180.152.99.73 - - [24/Jan/2022:09:28:37 +0800] "GET /xingrg/dwr/interface/AjaxComOrderService.js HTTP/1.1" 200 18264
180.152.99.73 - - [24/Jan/2022:09:28:37 +0800] "GET /xingrg/dwr/interface/AjaxQqpsService.js HTTP/1.1" 200 16326
180.152.99.73 - - [24/Jan/2022:09:28:37 +0800] "GET /xingrg/dwr/engine.js HTTP/1.1" 200 43631
180.152.99.39 - - [24/Jan/2022:09:28:39 +0800] "POST /xingrg/kc/buy/cgsh_order_operate.html HTTP/1.1" 200 37
114.95.98.1 - - [24/Jan/2022:09:28:39 +0800] "GET /xingrg/all/function/internal_message.html?_=1642987719770&CODE_STATE=getMsg HTTP/1.1" 200 27
120.253.135.82 - - [24/Jan/2022:09:28:41 +0800] "GET /xingrg/all/function/internal_message.html?_=1642987510228&CODE_STATE=getMsg HTTP/1.1" 200 27
120.253.135.82 - - [24/Jan/2022:09:28:41 +0800] "POST /xingrg/kc/pszx/mdps_list_operate.html HTTP/1.1" 200 2074
180.152.99.39 - - [24/Jan/2022:09:28:41 +0800] "POST /xingrg/kc/buy/cgsh_order_operate.html HTTP/1.1" 200 14020
114.95.98.1 - - [24/Jan/2022:09:28:43 +0800] "GET /xingrg/all/function/internal_message.html?_=1642987743755&CODE_STATE=getMsg HTTP/1.1" 200 27
114.95.98.1 - - [24/Jan/2022:09:28:44 +0800] "GET /xingrg/kc/buy/cgsh_order_operate.html?command=get_materiel&rest_code=00102&code=00101006112&supplier_code=00100096&order_time=2022-01-24 HTTP/1.1" 200 411
120.253.135.82 - - [24/Jan/2022:09:28:47 +0800] "POST /xingrg/kc/pszx/mdps_list_operate.html HTTP/1.1" 200 442
120.253.135.82 - - [24/Jan/2022:09:28:47 +0800] "GET /xingrg/kc/pszx/mdps_order_info.html?code=312022012000698 HTTP/1.1" 200 23931
120.253.135.82 - - [24/Jan/2022:09:28:48 +0800] "GET /xingrg/javascript/easyui/themes/default/validatebox.css HTTP/1.1" 404 1104
120.253.135.82 - - [24/Jan/2022:09:28:48 +0800] "POST /xingrg/kc/pszx/mdps_order_operate.html HTTP/1.1" 200 3750
180.152.99.73 - - [24/Jan/2022:09:28:50 +0800] "POST /xingrg/dwr/call/plaincall/AjaxQqpsService.saveOrder.dwr HTTP/1.1" 200 78
180.169.147.146 - - [24/Jan/2022:09:28:51 +0800] "GET /xingrg/all/function/internal_message.html?_=1642987730906&CODE_STATE=getMsg HTTP/1.1" 200 27
222.70.217.149 - - [24/Jan/2022:09:28:51 +0800] "GET /xingrg/all/function/internal_message.html?_=1642987715341&CODE_STATE=getMsg HTTP/1.1" 200 27
58.39.168.32 - - [24/Jan/2022:09:28:53 +0800] "GET /xingrg/all/function/internal_message.html?_=1642987734218&CODE_STATE=getMsg HTTP/1.1" 200 27
120.253.135.82 - - [24/Jan/2022:09:28:53 +0800] "POST /xingrg/kc/pszx/mdps_order_operate.html HTTP/1.1" 200 37
180.152.99.73 - - [24/Jan/2022:09:28:53 +0800] "POST /xingrg/dwr/call/plaincall/AjaxQqpsService.getMaterielByCode.dwr HTTP/1.1" 200 3768
58.39.168.32 - - [24/Jan/2022:09:28:54 +0800] "POST /xingrg/kc/buy/cgsh_order_operate.html HTTP/1.1" 200 3849
222.70.217.149 - - [24/Jan/2022:09:28:54 +0800] "GET /xingrg/kc/print/load_data.html?order_code=212022012412141&kc_code=cgsh&condition= HTTP/1.1" 200 10156
120.253.135.82 - - [24/Jan/2022:09:28:54 +0800] "POST /xingrg/kc/pszx/mdps_order_operate.html HTTP/1.1" 200 12
58.39.168.32 - - [24/Jan/2022:09:28:55 +0800] "GET /xingrg/kc/buy/cgsh_order_list.html HTTP/1.1" 200 49639
114.95.98.1 - - [24/Jan/2022:09:28:56 +0800] "GET /xingrg/kc/buy/cgsh_order_operate.html?command=get_materiel&rest_code=00102&code=00101006130&supplier_code=00100096&order_time=2022-01-24 HTTP/1.1" 200 448
120.253.135.82 - - [24/Jan/2022:09:28:58 +0800] "GET /xingrg/kc/pszx/mdps_order_info.html?code=312022012000698 HTTP/1.1" 200 19591
120.253.135.82 - - [24/Jan/2022:09:28:58 +0800] "POST /xingrg/kc/pszx/mdps_order_operate.html HTTP/1.1" 200 1957
120.253.135.82 - - [24/Jan/2022:09:28:58 +0800] "GET /xingrg/javascript/easyui/themes/default/validatebox.css HTTP/1.1" 404 1104
58.39.168.32 - - [24/Jan/2022:09:28:59 +0800] "POST /xingrg/kc/buy/cgsh_list_operate.html HTTP/1.1" 200 2410
120.253.135.82 - - [24/Jan/2022:09:29:00 +0800] "POST /xingrg/kc/pszx/mdps_list_operate.html HTTP/1.1" 200 1701
180.152.99.73 - - [24/Jan/2022:09:29:00 +0800] "POST /xingrg/dwr/call/plaincall/AjaxQqpsService.saveMaterielItem.dwr HTTP/1.1" 200 78
120.253.135.82 - - [24/Jan/2022:09:29:02 +0800] "POST /xingrg/kc/pszx/mdps_list_operate.html HTTP/1.1" 200 203
120.253.135.82 - - [24/Jan/2022:09:29:03 +0800] "GET /xingrg/kc/pszx/mdps_order_info.html?code=312022012400817 HTTP/1.1" 200 23937
120.253.135.82 - - [24/Jan/2022:09:29:03 +0800] "GET /xingrg/javascript/easyui/themes/default/validatebox.css HTTP/1.1" 404 1104
120.253.135.82 - - [24/Jan/2022:09:29:03 +0800] "POST /xingrg/kc/pszx/mdps_order_operate.html HTTP/1.1" 200 2279
180.152.99.73 - - [24/Jan/2022:09:29:03 +0800] "POST /xingrg/dwr/call/plaincall/AjaxQqpsService.getMaterielByCode.dwr HTTP/1.1" 200 3750
180.152.99.73 - - [24/Jan/2022:09:29:05 +0800] "POST /xingrg/dwr/call/plaincall/AjaxQqpsService.saveMaterielItem.dwr HTTP/1.1" 200 78
120.253.135.82 - - [24/Jan/2022:09:29:07 +0800] "POST /xingrg/kc/pszx/mdps_order_operate.html HTTP/1.1" 200 37
120.253.135.82 - - [24/Jan/2022:09:29:08 +0800] "POST /xingrg/kc/pszx/mdps_order_operate.html HTTP/1.1" 200 12
101.83.241.190 - - [24/Jan/2022:09:29:09 +0800] "GET /xingrg/all/function/internal_message.html?_=1642987749930&CODE_STATE=getMsg HTTP/1.1" 200 27
114.86.225.150 - - [24/Jan/2022:09:29:14 +0800] "GET /xingrg/all/function/internal_message.html?_=1642987754479&CODE_STATE=getMsg HTTP/1.1" 200 27
114.95.98.1 - - [24/Jan/2022:09:29:15 +0800] "GET /xingrg/kc/buy/cgsh_order_operate.html?command=get_materiel&rest_code=00102&code=00101006144&supplier_code=00100096&order_time=2022-01-24 HTTP/1.1" 200 409
180.157.251.97 - - [24/Jan/2022:09:29:18 +0800] "GET /xingrg/all/function/internal_message.html?_=1642987759665&CODE_STATE=getMsg HTTP/1.1" 200 27
180.152.99.73 - - [24/Jan/2022:09:29:18 +0800] "POST /xingrg/dwr/call/plaincall/AjaxQqpsService.saveMaterielItem.dwr HTTP/1.1" 200 78
116.235.94.49 - - [24/Jan/2022:09:29:20 +0800] "GET /xingrg/check_reg.html?_=1642987901939 HTTP/1.1" 200 22
116.235.94.49 - - [24/Jan/2022:09:29:20 +0800] "GET /xingrg/all/function/internal_message.html?_=1642987901940&CODE_STATE=getMsg HTTP/1.1" 200 27
58.39.168.32 - - [24/Jan/2022:09:29:23 +0800] "GET /xingrg/all/function/internal_message.html?_=1642987701422&CODE_STATE=getMsg HTTP/1.1" 200 27
101.80.229.199 - - [24/Jan/2022:09:29:23 +0800] "GET /xingrg/all/function/internal_message.html?_=1642987763605&CODE_STATE=getMsg HTTP/1.1" 200 27
180.152.99.39 - - [24/Jan/2022:09:29:25 +0800] "GET /xingrg/all/function/internal_message.html?_=1642987694961&CODE_STATE=getMsg HTTP/1.1" 200 27
172.20.0.100 - - [24/Jan/2022:09:29:27 +0800] "GET /xingrg/all/function/internal_message.html?_=1642987767427&CODE_STATE=getMsg HTTP/1.1" 200 27
114.95.98.1 - - [24/Jan/2022:09:29:29 +0800] "GET /xingrg/kc/buy/cgsh_order_operate.html?command=get_materiel&rest_code=00102&code=00101007076&supplier_code=00100096&order_time=2022-01-24 HTTP/1.1" 200 410
114.84.146.162 - - [24/Jan/2022:09:29:30 +0800] "GET /xingrg/all/function/internal_message.html?_=1642987569227&CODE_STATE=getMsg HTTP/1.1" 200 27
120.253.135.82 - - [24/Jan/2022:09:29:32 +0800] "GET /xingrg/kc/pszx/mdps_order_info.html?code=312022012400817 HTTP/1.1" 200 19597
120.253.135.82 - - [24/Jan/2022:09:29:32 +0800] "POST /xingrg/kc/pszx/mdps_order_operate.html HTTP/1.1" 200 498
120.253.135.82 - - [24/Jan/2022:09:29:32 +0800] "GET /xingrg/javascript/easyui/themes/default/validatebox.css HTTP/1.1" 404 1104
120.253.135.82 - - [24/Jan/2022:09:29:34 +0800] "POST /xingrg/kc/pszx/mdps_list_operate.html HTTP/1.1" 200 868
180.169.147.146 - - [24/Jan/2022:09:29:36 +0800] "GET /xingrg/all/function/internal_message.html?_=1642987778690&CODE_STATE=getMsg HTTP/1.1" 200 27
180.152.99.73 - - [24/Jan/2022:09:29:37 +0800] "GET /xingrg/all/function/internal_message.html?_=1642987778289&CODE_STATE=getMsg HTTP/1.1" 200 27
114.95.98.1 - - [24/Jan/2022:09:29:39 +0800] "GET /xingrg/all/function/internal_message.html?_=1642987779772&CODE_STATE=getMsg HTTP/1.1" 200 27
120.253.135.82 - - [24/Jan/2022:09:29:40 +0800] "POST /xingrg/kc/pszx/mdps_list_operate.html HTTP/1.1" 200 2418
120.253.135.82 - - [24/Jan/2022:09:29:41 +0800] "GET /xingrg/all/function/internal_message.html?_=1642987570242&CODE_STATE=getMsg HTTP/1.1" 200 27
120.253.135.82 - - [24/Jan/2022:09:29:42 +0800] "POST /xingrg/kc/pszx/mdps_list_operate.html HTTP/1.1" 200 599
114.95.98.1 - - [24/Jan/2022:09:29:43 +0800] "GET /xingrg/all/function/internal_message.html?_=1642987803769&CODE_STATE=getMsg HTTP/1.1" 200 27
120.253.135.82 - - [24/Jan/2022:09:29:43 +0800] "GET /xingrg/kc/pszx/mdps_order_info.html?code=312022012000693 HTTP/1.1" 200 23925
120.253.135.82 - - [24/Jan/2022:09:29:43 +0800] "GET /xingrg/javascript/easyui/themes/default/validatebox.css HTTP/1.1" 404 1104
120.253.135.82 - - [24/Jan/2022:09:29:43 +0800] "POST /xingrg/kc/pszx/mdps_order_operate.html HTTP/1.1" 200 4732
120.253.135.82 - - [24/Jan/2022:09:29:47 +0800] "POST /xingrg/kc/pszx/mdps_order_operate.html HTTP/1.1" 200 37
114.95.98.1 - - [24/Jan/2022:09:29:48 +0800] "GET /xingrg/kc/buy/cgsh_order_operate.html?command=get_materiel&rest_code=00102&code=00101007049&supplier_code=00100096&order_time=2022-01-24 HTTP/1.1" 200 409
120.253.135.82 - - [24/Jan/2022:09:29:48 +0800] "POST /xingrg/kc/pszx/mdps_order_operate.html HTTP/1.1" 200 12
120.253.135.82 - - [24/Jan/2022:09:29:50 +0800] "GET /xingrg/kc/pszx/mdps_order_info.html?code=312022012000693 HTTP/1.1" 200 19585
180.169.147.146 - - [24/Jan/2022:09:29:51 +0800] "GET /xingrg/all/function/internal_message.html?_=1642987790902&CODE_STATE=getMsg HTTP/1.1" 200 27
180.169.147.146 - - [24/Jan/2022:09:29:51 +0800] "GET /xingrg/check_reg.html?_=1642987790904 HTTP/1.1" 200 22
120.253.135.82 - - [24/Jan/2022:09:29:51 +0800] "POST /xingrg/kc/pszx/mdps_order_operate.html HTTP/1.1" 200 2929
120.253.135.82 - - [24/Jan/2022:09:29:51 +0800] "GET /xingrg/javascript/easyui/themes/default/validatebox.css HTTP/1.1" 404 1104
222.70.217.149 - - [24/Jan/2022:09:29:51 +0800] "GET /xingrg/check_reg.html?_=1642987775326 HTTP/1.1" 200 22
222.70.217.149 - - [24/Jan/2022:09:29:51 +0800] "GET /xingrg/all/function/internal_message.html?_=1642987775330&CODE_STATE=getMsg HTTP/1.1" 200 27
120.253.135.82 - - [24/Jan/2022:09:29:52 +0800] "POST /xingrg/kc/pszx/mdps_list_operate.html HTTP/1.1" 200 2052
58.39.168.32 - - [24/Jan/2022:09:29:53 +0800] "GET /xingrg/all/function/internal_message.html?_=1642987794211&CODE_STATE=getMsg HTTP/1.1" 200 27
120.253.135.82 - - [24/Jan/2022:09:29:54 +0800] "POST /xingrg/kc/pszx/mdps_list_operate.html HTTP/1.1" 200 203
114.84.146.162 - - [24/Jan/2022:09:29:54 +0800] "GET /xingrg/check_reg.html?_=1642987593549 HTTP/1.1" 200 22
120.253.135.82 - - [24/Jan/2022:09:29:54 +0800] "GET /xingrg/kc/pszx/mdps_order_info.html?code=312022012400819 HTTP/1.1" 200 23931
120.253.135.82 - - [24/Jan/2022:09:29:55 +0800] "GET /xingrg/javascript/easyui/themes/default/validatebox.css HTTP/1.1" 404 1104
120.253.135.82 - - [24/Jan/2022:09:29:55 +0800] "POST /xingrg/kc/pszx/mdps_order_operate.html HTTP/1.1" 200 2279
58.39.168.32 - - [24/Jan/2022:09:30:00 +0800] "GET /xingrg/check_reg.html?_=1642987801319 HTTP/1.1" 200 22
120.253.135.82 - - [24/Jan/2022:09:30:00 +0800] "POST /xingrg/kc/pszx/mdps_order_operate.html HTTP/1.1" 200 37
120.253.135.82 - - [24/Jan/2022:09:30:02 +0800] "POST /xingrg/kc/pszx/mdps_order_operate.html HTTP/1.1" 200 12
114.95.98.1 - - [24/Jan/2022:09:30:03 +0800] "GET /xingrg/kc/buy/cgsh_order_operate.html?command=get_materiel&rest_code=00102&code=00101006133&supplier_code=00100096&order_time=2022-01-24 HTTP/1.1" 200 413
101.83.241.190 - - [24/Jan/2022:09:30:09 +0800] "GET /xingrg/all/function/internal_message.html?_=1642987809934&CODE_STATE=getMsg HTTP/1.1" 200 27
114.86.225.150 - - [24/Jan/2022:09:30:14 +0800] "GET /xingrg/all/function/internal_message.html?_=1642987814479&CODE_STATE=getMsg HTTP/1.1" 200 27
180.157.251.97 - - [24/Jan/2022:09:30:18 +0800] "GET /xingrg/all/function/internal_message.html?_=1642987819681&CODE_STATE=getMsg HTTP/1.1" 200 27
120.253.135.82 - - [24/Jan/2022:09:30:18 +0800] "GET /xingrg/kc/pszx/mdps_order_info.html?code=312022012400819 HTTP/1.1" 200 19591
120.253.135.82 - - [24/Jan/2022:09:30:18 +0800] "POST /xingrg/kc/pszx/mdps_order_operate.html HTTP/1.1" 200 498
120.253.135.82 - - [24/Jan/2022:09:30:18 +0800] "GET /xingrg/javascript/easyui/themes/default/validatebox.css HTTP/1.1" 404 1104
120.253.135.82 - - [24/Jan/2022:09:30:20 +0800] "POST /xingrg/kc/pszx/mdps_list_operate.html HTTP/1.1" 200 1680
116.235.94.49 - - [24/Jan/2022:09:30:20 +0800] "GET /xingrg/all/function/internal_message.html?_=1642987961938&CODE_STATE=getMsg HTTP/1.1" 200 27
114.95.98.1 - - [24/Jan/2022:09:30:21 +0800] "GET /xingrg/kc/buy/cgsh_order_operate.html?command=get_materiel&rest_code=00102&code=00101007077&supplier_code=00100096&order_time=2022-01-24 HTTP/1.1" 200 415
58.39.168.32 - - [24/Jan/2022:09:30:23 +0800] "GET /xingrg/all/function/internal_message.html?_=1642987761420&CODE_STATE=getMsg HTTP/1.1" 200 27
101.80.229.199 - - [24/Jan/2022:09:30:23 +0800] "GET /xingrg/check_reg.html?_=1642987823609 HTTP/1.1" 200 22
101.80.229.199 - - [24/Jan/2022:09:30:23 +0800] "GET /xingrg/all/function/internal_message.html?_=1642987823613&CODE_STATE=getMsg HTTP/1.1" 200 27
180.152.99.39 - - [24/Jan/2022:09:30:25 +0800] "GET /xingrg/all/function/internal_message.html?_=1642987754974&CODE_STATE=getMsg HTTP/1.1" 200 27
172.20.0.100 - - [24/Jan/2022:09:30:27 +0800] "GET /xingrg/all/function/internal_message.html?_=1642987827399&CODE_STATE=getMsg HTTP/1.1" 200 27
114.84.146.162 - - [24/Jan/2022:09:30:30 +0800] "GET /xingrg/all/function/internal_message.html?_=1642987629196&CODE_STATE=getMsg HTTP/1.1" 200 27
120.253.135.82 - - [24/Jan/2022:09:30:30 +0800] "POST /xingrg/kc/pszx/mdps_list_operate.html HTTP/1.1" 200 2048
120.253.135.82 - - [24/Jan/2022:09:30:31 +0800] "POST /xingrg/kc/pszx/mdps_list_operate.html HTTP/1.1" 200 599
120.253.135.82 - - [24/Jan/2022:09:30:32 +0800] "GET /xingrg/kc/pszx/mdps_order_info.html?code=312022012000695 HTTP/1.1" 200 23925
120.253.135.82 - - [24/Jan/2022:09:30:33 +0800] "GET /xingrg/javascript/easyui/themes/default/validatebox.css HTTP/1.1" 404 1104
120.253.135.82 - - [24/Jan/2022:09:30:33 +0800] "POST /xingrg/kc/pszx/mdps_order_operate.html HTTP/1.1" 200 4730
58.39.168.32 - - [24/Jan/2022:09:30:34 +0800] "POST /xingrg/kc/buy/cgsh_list_operate.html HTTP/1.1" 200 572
58.39.168.32 - - [24/Jan/2022:09:30:36 +0800] "GET /xingrg/kc/buy/cgsh_order_info.html?code=212022012412137 HTTP/1.1" 200 65499
58.39.168.32 - - [24/Jan/2022:09:30:36 +0800] "GET /xingrg/javascript/easyui/themes/default/validatebox.css HTTP/1.1" 404 1104
180.169.147.146 - - [24/Jan/2022:09:30:36 +0800] "GET /xingrg/check_reg.html?_=1642987838690 HTTP/1.1" 200 22
180.169.147.146 - - [24/Jan/2022:09:30:36 +0800] "GET /xingrg/all/function/internal_message.html?_=1642987838689&CODE_STATE=getMsg HTTP/1.1" 200 27
120.253.135.82 - - [24/Jan/2022:09:30:36 +0800] "POST /xingrg/kc/pszx/mdps_order_operate.html HTTP/1.1" 200 37
58.39.168.32 - - [24/Jan/2022:09:30:37 +0800] "POST /xingrg/kc/buy/cgsh_order_operate.html HTTP/1.1" 200 55253
180.152.99.73 - - [24/Jan/2022:09:30:37 +0800] "GET /xingrg/all/function/internal_message.html?_=1642987838295&CODE_STATE=getMsg HTTP/1.1" 200 27
120.253.135.82 - - [24/Jan/2022:09:30:38 +0800] "POST /xingrg/kc/pszx/mdps_order_operate.html HTTP/1.1" 200 12
114.95.98.1 - - [24/Jan/2022:09:30:39 +0800] "GET /xingrg/all/function/internal_message.html?_=1642987839772&CODE_STATE=getMsg HTTP/1.1" 200 27
114.95.98.1 - - [24/Jan/2022:09:30:43 +0800] "GET /xingrg/all/function/internal_message.html?_=1642987863782&CODE_STATE=getMsg HTTP/1.1" 200 27
120.253.135.82 - - [24/Jan/2022:09:30:43 +0800] "GET /xingrg/kc/pszx/mdps_order_info.html?code=312022012000695 HTTP/1.1" 200 19585
120.253.135.82 - - [24/Jan/2022:09:30:43 +0800] "POST /xingrg/kc/pszx/mdps_order_operate.html HTTP/1.1" 200 2928
120.253.135.82 - - [24/Jan/2022:09:30:43 +0800] "GET /xingrg/javascript/easyui/themes/default/validatebox.css HTTP/1.1" 404 1104
120.253.135.82 - - [24/Jan/2022:09:30:44 +0800] "GET /xingrg/all/function/internal_message.html?_=1642987633188&CODE_STATE=getMsg HTTP/1.1" 200 27
120.253.135.82 - - [24/Jan/2022:09:30:45 +0800] "POST /xingrg/kc/pszx/mdps_list_operate.html HTTP/1.1" 200 1683
120.253.135.82 - - [24/Jan/2022:09:30:46 +0800] "POST /xingrg/kc/pszx/mdps_list_operate.html HTTP/1.1" 200 212
120.253.135.82 - - [24/Jan/2022:09:30:47 +0800] "GET /xingrg/kc/pszx/mdps_order_info.html?code=312022012100748 HTTP/1.1" 200 23925
120.253.135.82 - - [24/Jan/2022:09:30:47 +0800] "GET /xingrg/javascript/easyui/themes/default/validatebox.css HTTP/1.1" 404 1104
120.253.135.82 - - [24/Jan/2022:09:30:47 +0800] "POST /xingrg/kc/pszx/mdps_order_operate.html HTTP/1.1" 200 2290
180.169.147.146 - - [24/Jan/2022:09:30:51 +0800] "GET /xingrg/all/function/internal_message.html?_=1642987850899&CODE_STATE=getMsg HTTP/1.1" 200 27
222.70.217.149 - - [24/Jan/2022:09:30:51 +0800] "GET /xingrg/all/function/internal_message.html?_=1642987835340&CODE_STATE=getMsg HTTP/1.1" 200 27
58.39.168.32 - - [24/Jan/2022:09:30:53 +0800] "GET /xingrg/all/function/internal_message.html?_=1642987854170&CODE_STATE=getMsg HTTP/1.1" 200 27
120.253.135.82 - - [24/Jan/2022:09:30:55 +0800] "GET /xingrg/check_reg.html?_=1642987644047 HTTP/1.1" 200 22
58.39.168.32 - - [24/Jan/2022:09:30:58 +0800] "POST /xingrg/kc/buy/cgsh_order_operate.html HTTP/1.1" 200 37
58.39.168.32 - - [24/Jan/2022:09:31:00 +0800] "POST /xingrg/kc/buy/cgsh_order_operate.html HTTP/1.1" 200 55255
58.39.168.32 - - [24/Jan/2022:09:31:03 +0800] "GET /xingrg/kc/buy/cgsh_order_add.html HTTP/1.1" 200 65496
58.39.168.32 - - [24/Jan/2022:09:31:03 +0800] "POST /xingrg/kc/buy/cgsh_order_operate.html HTTP/1.1" 200 8245
58.39.168.32 - - [24/Jan/2022:09:31:04 +0800] "GET /xingrg/javascript/easyui/themes/default/validatebox.css HTTP/1.1" 404 1104
101.83.241.190 - - [24/Jan/2022:09:31:09 +0800] "GET /xingrg/all/function/internal_message.html?_=1642987869935&CODE_STATE=getMsg HTTP/1.1" 200 27
114.86.225.150 - - [24/Jan/2022:09:31:14 +0800] "GET /xingrg/all/function/internal_message.html?_=1642987874480&CODE_STATE=getMsg HTTP/1.1" 200 27
180.157.251.97 - - [24/Jan/2022:09:31:18 +0800] "GET /xingrg/check_reg.html?_=1642987879667 HTTP/1.1" 200 22
180.157.251.97 - - [24/Jan/2022:09:31:18 +0800] "GET /xingrg/all/function/internal_message.html?_=1642987879671&CODE_STATE=getMsg HTTP/1.1" 200 27
116.235.94.49 - - [24/Jan/2022:09:31:20 +0800] "GET /xingrg/all/function/internal_message.html?_=1642988021936&CODE_STATE=getMsg HTTP/1.1" 200 27
58.39.168.32 - - [24/Jan/2022:09:31:23 +0800] "GET /xingrg/all/function/internal_message.html?_=1642987821420&CODE_STATE=getMsg HTTP/1.1" 200 27
101.80.229.199 - - [24/Jan/2022:09:31:23 +0800] "GET /xingrg/all/function/internal_message.html?_=1642987883615&CODE_STATE=getMsg HTTP/1.1" 200 27
180.152.99.39 - - [24/Jan/2022:09:31:25 +0800] "GET /xingrg/all/function/internal_message.html?_=1642987814989&CODE_STATE=getMsg HTTP/1.1" 200 27
58.39.168.32 - - [24/Jan/2022:09:31:25 +0800] "GET /xingrg/kc/buy/cgsh_order_operate.html?command=get_materiel&rest_code=00105&code=00101007021&supplier_code=00100002&order_time=2022-01-24 HTTP/1.1" 200 409
172.20.0.100 - - [24/Jan/2022:09:31:27 +0800] "GET /xingrg/all/function/internal_message.html?_=1642987887378&CODE_STATE=getMsg HTTP/1.1" 200 27
114.84.146.162 - - [24/Jan/2022:09:31:30 +0800] "GET /xingrg/all/function/internal_message.html?_=1642987689165&CODE_STATE=getMsg HTTP/1.1" 200 27
120.253.135.82 - - [24/Jan/2022:09:31:31 +0800] "POST /xingrg/kc/pszx/mdps_list_operate.html HTTP/1.1" 200 1683
120.253.135.82 - - [24/Jan/2022:09:31:33 +0800] "POST /xingrg/kc/pszx/mdps_list_operate.html HTTP/1.1" 200 212
120.253.135.82 - - [24/Jan/2022:09:31:33 +0800] "GET /xingrg/kc/pszx/mdps_order_info.html?code=312022012100748 HTTP/1.1" 200 23925
120.253.135.82 - - [24/Jan/2022:09:31:34 +0800] "GET /xingrg/javascript/easyui/themes/default/validatebox.css HTTP/1.1" 404 1104
120.253.135.82 - - [24/Jan/2022:09:31:34 +0800] "POST /xingrg/kc/pszx/mdps_order_operate.html HTTP/1.1" 200 2290
180.169.147.146 - - [24/Jan/2022:09:31:36 +0800] "GET /xingrg/all/function/internal_message.html?_=1642987898689&CODE_STATE=getMsg HTTP/1.1" 200 27
180.152.99.73 - - [24/Jan/2022:09:31:37 +0800] "GET /xingrg/all/function/internal_message.html?_=1642987898295&CODE_STATE=getMsg HTTP/1.1" 200 27
180.152.99.73 - - [24/Jan/2022:09:31:37 +0800] "GET /xingrg/check_reg.html?_=1642987898297 HTTP/1.1" 200 22
114.95.98.1 - - [24/Jan/2022:09:31:39 +0800] "GET /xingrg/check_reg.html?_=1642987899774 HTTP/1.1" 200 22
114.95.98.1 - - [24/Jan/2022:09:31:39 +0800] "GET /xingrg/all/function/internal_message.html?_=1642987899778&CODE_STATE=getMsg HTTP/1.1" 200 27
58.39.168.32 - - [24/Jan/2022:09:31:40 +0800] "GET /xingrg/kc/buy/cgsh_order_operate.html?command=get_materiel&rest_code=00105&code=00101007089&supplier_code=00100002&order_time=2022-01-24 HTTP/1.1" 200 408
114.95.98.1 - - [24/Jan/2022:09:31:41 +0800] "GET /xingrg/kc/buy/cgsh_order_operate.html?command=get_materiel&rest_code=00102&code=00101006129&supplier_code=00100096&order_time=2022-01-24 HTTP/1.1" 200 450
120.253.135.82 - - [24/Jan/2022:09:31:42 +0800] "POST /xingrg/kc/pszx/mdps_order_operate.html HTTP/1.1" 200 37
114.95.98.1 - - [24/Jan/2022:09:31:43 +0800] "GET /xingrg/all/function/internal_message.html?_=1642987923796&CODE_STATE=getMsg HTTP/1.1" 200 27
120.253.135.82 - - [24/Jan/2022:09:31:43 +0800] "POST /xingrg/kc/pszx/mdps_order_operate.html HTTP/1.1" 200 12
120.253.135.82 - - [24/Jan/2022:09:31:44 +0800] "GET /xingrg/kc/pszx/mdps_order_info.html?code=312022012100748 HTTP/1.1" 200 19585
120.253.135.82 - - [24/Jan/2022:09:31:45 +0800] "POST /xingrg/kc/pszx/mdps_order_operate.html HTTP/1.1" 200 512
120.253.135.82 - - [24/Jan/2022:09:31:45 +0800] "GET /xingrg/javascript/easyui/themes/default/validatebox.css HTTP/1.1" 404 1104
120.253.135.82 - - [24/Jan/2022:09:31:45 +0800] "GET /xingrg/all/function/internal_message.html?_=1642987694777&CODE_STATE=getMsg HTTP/1.1" 200 27
120.253.135.82 - - [24/Jan/2022:09:31:46 +0800] "POST /xingrg/kc/pszx/mdps_list_operate.html HTTP/1.1" 200 868
180.169.147.146 - - [24/Jan/2022:09:31:51 +0800] "GET /xingrg/all/function/internal_message.html?_=1642987910916&CODE_STATE=getMsg HTTP/1.1" 200 27
222.70.217.149 - - [24/Jan/2022:09:31:51 +0800] "GET /xingrg/all/function/internal_message.html?_=1642987895326&CODE_STATE=getMsg HTTP/1.1" 200 27
172.20.0.100 - - [24/Jan/2022:09:31:52 +0800] "GET /xingrg/check_reg.html?_=1642987912132 HTTP/1.1" 200 22
58.39.168.32 - - [24/Jan/2022:09:31:53 +0800] "GET /xingrg/all/function/internal_message.html?_=1642987914157&CODE_STATE=getMsg HTTP/1.1" 200 27
58.39.168.32 - - [24/Jan/2022:09:31:53 +0800] "GET /xingrg/kc/buy/cgsh_order_operate.html?command=get_materiel&rest_code=00105&code=00101007061&supplier_code=00100002&order_time=2022-01-24 HTTP/1.1" 200 409
120.253.135.82 - - [24/Jan/2022:09:31:54 +0800] "POST /xingrg/kc/pszx/mdps_list_operate.html HTTP/1.1" 200 2447
120.253.135.82 - - [24/Jan/2022:09:31:56 +0800] "POST /xingrg/kc/pszx/mdps_list_operate.html HTTP/1.1" 200 203
120.253.135.82 - - [24/Jan/2022:09:31:57 +0800] "POST /xingrg/kc/pszx/mdps_list_operate.html HTTP/1.1" 200 601
180.152.99.73 - - [24/Jan/2022:09:32:00 +0800] "POST /xingrg/all/user/operate.html HTTP/1.1" 200 36
180.152.99.73 - - [24/Jan/2022:09:32:00 +0800] "GET /xingrg/index.html?sysBaseUrl=http%3A%2F%2F180.169.147.146%3A18081%2Fxingrg%2F&costTime=39×tamp=1642986387301 HTTP/1.1" 200 17177
180.152.99.73 - - [24/Jan/2022:09:32:00 +0800] "GET /xingrg/javascript/jquery_easy_ui/themes/default/easyui.css HTTP/1.1" 304 -
180.152.99.73 - - [24/Jan/2022:09:32:00 +0800] "GET /xingrg/javascript/jquery_easy_ui/themes/icon.css HTTP/1.1" 304 -
180.152.99.73 - - [24/Jan/2022:09:32:00 +0800] "GET /xingrg/css/form.css HTTP/1.1" 304 -
180.152.99.73 - - [24/Jan/2022:09:32:00 +0800] "GET /xingrg/javascript/jquery-1.4.2.min.js HTTP/1.1" 304 -
180.152.99.73 - - [24/Jan/2022:09:32:00 +0800] "GET /xingrg/javascript/jquery_easy_ui/jquery.easyui.min.js HTTP/1.1" 304 -
180.152.99.73 - - [24/Jan/2022:09:32:00 +0800] "GET /xingrg/javascript/jquery_easy_ui/easyui-lang-zh_CN.js HTTP/1.1" 304 -
180.152.99.73 - - [24/Jan/2022:09:32:00 +0800] "GET /xingrg/javascript/jquery.form.js HTTP/1.1" 304 -
180.152.99.73 - - [24/Jan/2022:09:32:00 +0800] "GET /xingrg/javascript/jquery.utils.js HTTP/1.1" 304 -
180.152.99.73 - - [24/Jan/2022:09:32:00 +0800] "GET /xingrg/javascript/jquery.timers.js HTTP/1.1" 304 -
180.152.99.73 - - [24/Jan/2022:09:32:01 +0800] "GET /xingrg/images/blue/jxLogo.png HTTP/1.1" 304 -
180.152.99.73 - - [24/Jan/2022:09:32:01 +0800] "GET /xingrg/javascript/jquery_easy_ui/themes/icons/settle_new.png HTTP/1.1" 304 -
180.152.99.73 - - [24/Jan/2022:09:32:01 +0800] "GET /xingrg/images/blue/navBackgound.jpg HTTP/1.1" 304 -
180.152.99.73 - - [24/Jan/2022:09:32:01 +0800] "POST /xingrg/all/common/load_tree.html?tree=area_rest_tree_json&manage=1 HTTP/1.1" 200 476
180.152.99.73 - - [24/Jan/2022:09:32:01 +0800] "GET /xingrg/all/function/internal_message.html?_=1642987922249&CODE_STATE=count HTTP/1.1" 200 11
180.152.99.73 - - [24/Jan/2022:09:32:01 +0800] "GET /xingrg/check_reg.html?_=1642987922250 HTTP/1.1" 200 22
180.152.99.73 - - [24/Jan/2022:09:32:01 +0800] "GET /xingrg/images/blue/pingpu.png HTTP/1.1" 304 -
180.152.99.73 - - [24/Jan/2022:09:32:01 +0800] "GET /xingrg/javascript/jquery_easy_ui/themes/default/images/tabs_leftarrow.png HTTP/1.1" 304 -
180.152.99.73 - - [24/Jan/2022:09:32:01 +0800] "GET /xingrg/javascript/jquery_easy_ui/themes/default/images/panel_tool_collapse.gif HTTP/1.1" 304 -
180.152.99.73 - - [24/Jan/2022:09:32:01 +0800] "GET /xingrg/javascript/jquery_easy_ui/themes/default/images/tabs_rightarrow.png HTTP/1.1" 304 -
180.152.99.73 - - [24/Jan/2022:09:32:01 +0800] "POST /xingrg/load_menu.html HTTP/1.1" 200 5138
120.253.135.82 - - [24/Jan/2022:09:32:02 +0800] "GET /xingrg/kc/pszx/mdps_order_info.html?code=312022012200779 HTTP/1.1" 200 23937
120.253.135.82 - - [24/Jan/2022:09:32:02 +0800] "GET /xingrg/javascript/easyui/themes/default/validatebox.css HTTP/1.1" 404 1104
120.253.135.82 - - [24/Jan/2022:09:32:02 +0800] "POST /xingrg/kc/pszx/mdps_order_operate.html HTTP/1.1" 200 2283
