116.235.94.49 - - [24/Jan/2022:10:18:36 +0800] "GET /xingrg/kc/buy/cgsh_order_operate.html?command=get_materiel&rest_code=00104&code=00101008242&supplier_code=00100005&order_time=2022-01-24 HTTP/1.1" 200 408
180.152.99.39 - - [24/Jan/2022:10:18:44 +0800] "GET /xingrg/all/function/internal_message.html?_=1642990654659&CODE_STATE=getMsg HTTP/1.1" 200 27
116.235.94.49 - - [24/Jan/2022:10:18:46 +0800] "GET /xingrg/kc/buy/cgsh_order_operate.html?command=get_materiel&rest_code=00104&code=00101008323&supplier_code=00100005&order_time=2022-01-24 HTTP/1.1" 200 408
114.95.98.1 - - [24/Jan/2022:10:18:46 +0800] "GET /xingrg/all/function/internal_message.html?_=1642990747632&CODE_STATE=getMsg HTTP/1.1" 200 27
114.95.98.1 - - [24/Jan/2022:10:18:48 +0800] "GET /xingrg/all/function/internal_message.html?_=1642990728900&CODE_STATE=getMsg HTTP/1.1" 200 27
180.152.99.73 - - [24/Jan/2022:10:18:48 +0800] "GET /xingrg/check_reg.html?_=1642990729837 HTTP/1.1" 200 22
180.152.99.73 - - [24/Jan/2022:10:18:48 +0800] "GET /xingrg/all/function/internal_message.html?_=1642990729847&CODE_STATE=getMsg HTTP/1.1" 200 27
222.70.217.149 - - [24/Jan/2022:10:18:51 +0800] "GET /xingrg/all/function/internal_message.html?_=1642990715328&CODE_STATE=getMsg HTTP/1.1" 200 27
180.169.147.146 - - [24/Jan/2022:10:18:51 +0800] "GET /xingrg/check_reg.html?_=1642990734054 HTTP/1.1" 200 22
180.169.147.146 - - [24/Jan/2022:10:18:51 +0800] "GET /xingrg/all/function/internal_message.html?_=1642990734054&CODE_STATE=getMsg HTTP/1.1" 200 27
58.39.168.32 - - [24/Jan/2022:10:18:59 +0800] "GET /xingrg/all/function/internal_message.html?_=1642990740666&CODE_STATE=getMsg HTTP/1.1" 200 27
116.235.94.49 - - [24/Jan/2022:10:19:01 +0800] "GET /xingrg/kc/buy/cgsh_order_operate.html?command=get_materiel&rest_code=00104&code=00101008155&supplier_code=00100005&order_time=2022-01-24 HTTP/1.1" 200 408
120.253.135.82 - - [24/Jan/2022:10:19:02 +0800] "GET /xingrg/all/function/internal_message.html?_=1642990531202&CODE_STATE=getMsg HTTP/1.1" 200 27
116.235.94.49 - - [24/Jan/2022:10:19:03 +0800] "POST /xingrg/kc/buy/cgsh_order_operate.html HTTP/1.1" 200 2065
124.78.156.14 - - [24/Jan/2022:10:19:04 +0800] "GET /xingrg/javascript/easyui/themes/default/tree.css HTTP/1.1" 404 1090
124.78.156.14 - - [24/Jan/2022:10:19:05 +0800] "POST /xingrg/all/common/load_tree.html?tree=supplier_tree_json&isDelete=1 HTTP/1.1" 200 61885
116.235.94.49 - - [24/Jan/2022:10:19:13 +0800] "GET /xingrg/kc/buy/cgsh_order_operate.html?command=get_materiel&rest_code=00104&code=00101008350&supplier_code=00100005&order_time=2022-01-24 HTTP/1.1" 200 408
114.86.225.150 - - [24/Jan/2022:10:19:14 +0800] "GET /xingrg/all/function/internal_message.html?_=1642990754612&CODE_STATE=getMsg HTTP/1.1" 200 27
114.84.146.162 - - [24/Jan/2022:10:19:16 +0800] "POST /xingrg/kc/buy/cgsh_order_operate.html HTTP/1.1" 200 37
180.157.251.97 - - [24/Jan/2022:10:19:18 +0800] "GET /xingrg/all/function/internal_message.html?_=1642990759731&CODE_STATE=getMsg HTTP/1.1" 200 27
114.84.146.162 - - [24/Jan/2022:10:19:20 +0800] "POST /xingrg/kc/buy/cgsh_order_operate.html HTTP/1.1" 200 12
116.235.94.49 - - [24/Jan/2022:10:19:20 +0800] "GET /xingrg/check_reg.html?_=1642990901995 HTTP/1.1" 200 22
116.235.94.49 - - [24/Jan/2022:10:19:20 +0800] "GET /xingrg/all/function/internal_message.html?_=1642990901994&CODE_STATE=getMsg HTTP/1.1" 200 27
114.84.146.162 - - [24/Jan/2022:10:19:20 +0800] "GET /xingrg/kc/buy/cgsh_order_info.html?code=212022012412163 HTTP/1.1" 200 60364
114.84.146.162 - - [24/Jan/2022:10:19:20 +0800] "GET /xingrg/javascript/easyui/themes/default/validatebox.css HTTP/1.1" 404 1104
180.169.147.146 - - [24/Jan/2022:10:19:21 +0800] "GET /xingrg/all/function/internal_message.html?_=1642990760802&CODE_STATE=getMsg HTTP/1.1" 200 27
114.84.146.162 - - [24/Jan/2022:10:19:21 +0800] "POST /xingrg/kc/buy/cgsh_order_operate.html HTTP/1.1" 200 4159
114.84.146.162 - - [24/Jan/2022:10:19:22 +0800] "GET /xingrg/kc/print/load_data.html?order_code=212022012412163&kc_code=cgsh&condition= HTTP/1.1" 200 2120
58.39.168.32 - - [24/Jan/2022:10:19:23 +0800] "GET /xingrg/all/function/internal_message.html?_=1642990701490&CODE_STATE=getMsg HTTP/1.1" 200 27
101.80.229.199 - - [24/Jan/2022:10:19:23 +0800] "GET /xingrg/all/function/internal_message.html?_=1642990763616&CODE_STATE=getMsg HTTP/1.1" 200 27
116.235.94.49 - - [24/Jan/2022:10:19:25 +0800] "GET /xingrg/all/function/internal_message.html?_=1642990810330&CODE_STATE=getMsg HTTP/1.1" 200 27
114.84.146.162 - - [24/Jan/2022:10:19:26 +0800] "GET /xingrg/kc/buy/cgsh_order_add.html HTTP/1.1" 200 65455
114.84.146.162 - - [24/Jan/2022:10:19:26 +0800] "POST /xingrg/kc/buy/cgsh_order_operate.html HTTP/1.1" 200 8245
172.20.0.100 - - [24/Jan/2022:10:19:26 +0800] "GET /xingrg/all/function/internal_message.html?_=1642990766140&CODE_STATE=getMsg HTTP/1.1" 200 27
114.84.146.162 - - [24/Jan/2022:10:19:26 +0800] "GET /xingrg/javascript/easyui/themes/default/validatebox.css HTTP/1.1" 404 1104
116.235.94.49 - - [24/Jan/2022:10:19:27 +0800] "GET /xingrg/kc/buy/cgsh_order_operate.html?command=get_materiel&rest_code=00104&code=00101015046&supplier_code=00100005&order_time=2022-01-24 HTTP/1.1" 200 412
124.78.156.14 - - [24/Jan/2022:10:19:28 +0800] "GET /xingrg/kc/buy/cgsh_order_operate.html?command=get_materiel&rest_code=00106&code=00101008256&supplier_code=00100007&order_time=2022-01-24 HTTP/1.1" 200 412
114.84.146.162 - - [24/Jan/2022:10:19:29 +0800] "GET /xingrg/all/function/internal_message.html?_=1642990568193&CODE_STATE=getMsg HTTP/1.1" 200 27
124.78.156.14 - - [24/Jan/2022:10:19:29 +0800] "GET /xingrg/all/function/internal_message.html?_=1642990768978&CODE_STATE=getMsg HTTP/1.1" 200 27
114.95.98.1 - - [24/Jan/2022:10:19:30 +0800] "GET /xingrg/kc/buy/cgsh_order_list.html HTTP/1.1" 200 49639
114.95.98.1 - - [24/Jan/2022:10:19:32 +0800] "POST /xingrg/kc/buy/cgsh_list_operate.html HTTP/1.1" 200 876
222.69.132.164 - - [24/Jan/2022:10:19:34 +0800] "GET /xingrg/all/function/internal_message.html?_=1642990829127&CODE_STATE=getMsg HTTP/1.1" 200 27
114.84.146.162 - - [24/Jan/2022:10:19:37 +0800] "GET /xingrg/kc/buy/cgsh_order_operate.html?command=get_materiel&rest_code=00141&code=00101008155&supplier_code=00100007&order_time=2022-01-24 HTTP/1.1" 200 408
116.235.94.49 - - [24/Jan/2022:10:19:42 +0800] "GET /xingrg/kc/buy/cgsh_order_operate.html?command=get_materiel&rest_code=00104&code=00101008284&supplier_code=00100005&order_time=2022-01-24 HTTP/1.1" 200 412
180.152.99.39 - - [24/Jan/2022:10:19:44 +0800] "GET /xingrg/check_reg.html?_=1642990714241 HTTP/1.1" 200 22
180.152.99.39 - - [24/Jan/2022:10:19:44 +0800] "GET /xingrg/all/function/internal_message.html?_=1642990714673&CODE_STATE=getMsg HTTP/1.1" 200 27
114.84.146.162 - - [24/Jan/2022:10:19:45 +0800] "GET /xingrg/kc/buy/cgsh_order_operate.html?command=get_materiel&rest_code=00141&code=00101008612&supplier_code=00100007&order_time=2022-01-24 HTTP/1.1" 200 406
114.95.98.1 - - [24/Jan/2022:10:19:46 +0800] "GET /xingrg/all/function/internal_message.html?_=1642990807646&CODE_STATE=getMsg HTTP/1.1" 200 27
114.95.98.1 - - [24/Jan/2022:10:19:48 +0800] "GET /xingrg/all/function/internal_message.html?_=1642990788920&CODE_STATE=getMsg HTTP/1.1" 200 27
180.152.99.73 - - [24/Jan/2022:10:19:48 +0800] "GET /xingrg/all/function/internal_message.html?_=1642990789847&CODE_STATE=getMsg HTTP/1.1" 200 27
114.84.146.162 - - [24/Jan/2022:10:19:51 +0800] "GET /xingrg/kc/buy/cgsh_order_operate.html?command=get_materiel&rest_code=00141&code=00101008010&supplier_code=00100007&order_time=2022-01-24 HTTP/1.1" 200 412
222.70.217.149 - - [24/Jan/2022:10:19:51 +0800] "GET /xingrg/check_reg.html?_=1642990775342 HTTP/1.1" 200 22
222.70.217.149 - - [24/Jan/2022:10:19:51 +0800] "GET /xingrg/all/function/internal_message.html?_=1642990775344&CODE_STATE=getMsg HTTP/1.1" 200 27
180.169.147.146 - - [24/Jan/2022:10:19:51 +0800] "GET /xingrg/all/function/internal_message.html?_=1642990794038&CODE_STATE=getMsg HTTP/1.1" 200 27
180.152.99.39 - - [24/Jan/2022:10:19:52 +0800] "GET /xingrg/kc/mdqp/qqps_order_list.html HTTP/1.1" 200 10478
180.152.99.39 - - [24/Jan/2022:10:19:52 +0800] "GET /xingrg/dwr/interface/AjaxReportQueryService.js HTTP/1.1" 200 13203
180.152.99.39 - - [24/Jan/2022:10:19:52 +0800] "GET /xingrg/dwr/interface/AjaxQqpsService.js HTTP/1.1" 200 16326
180.152.99.39 - - [24/Jan/2022:10:19:52 +0800] "GET /xingrg/dwr/engine.js HTTP/1.1" 200 43631
180.152.99.39 - - [24/Jan/2022:10:19:53 +0800] "GET /xingrg/kc/mdqp/qqps_order_info.html?code=302022012400607 HTTP/1.1" 200 26409
180.152.99.39 - - [24/Jan/2022:10:19:53 +0800] "GET /xingrg/dwr/interface/AjaxQqpsService.js HTTP/1.1" 200 16326
180.152.99.39 - - [24/Jan/2022:10:19:53 +0800] "GET /xingrg/dwr/interface/AjaxComOrderService.js HTTP/1.1" 200 18264
180.152.99.39 - - [24/Jan/2022:10:19:53 +0800] "GET /xingrg/dwr/engine.js HTTP/1.1" 200 43631
114.84.146.162 - - [24/Jan/2022:10:19:54 +0800] "GET /xingrg/check_reg.html?_=1642990593710 HTTP/1.1" 200 22
180.152.99.39 - - [24/Jan/2022:10:19:54 +0800] "POST /xingrg/dwr/call/plaincall/AjaxQqpsService.loadMaterielItems.dwr HTTP/1.1" 200 19013
124.78.156.14 - - [24/Jan/2022:10:19:55 +0800] "GET /xingrg/kc/buy/cgsh_order_operate.html?command=get_materiel&rest_code=00106&code=00101008234&supplier_code=00100007&order_time=2022-01-24 HTTP/1.1" 200 408
116.235.94.49 - - [24/Jan/2022:10:19:57 +0800] "GET /xingrg/kc/buy/cgsh_order_operate.html?command=get_materiel&rest_code=00104&code=00101008140&supplier_code=00100005&order_time=2022-01-24 HTTP/1.1" 200 416
114.84.146.162 - - [24/Jan/2022:10:19:59 +0800] "GET /xingrg/kc/buy/cgsh_order_operate.html?command=get_materiel&rest_code=00141&code=00101008096&supplier_code=00100007&order_time=2022-01-24 HTTP/1.1" 200 413
58.39.168.32 - - [24/Jan/2022:10:19:59 +0800] "GET /xingrg/check_reg.html?_=1642990800657 HTTP/1.1" 200 22
58.39.168.32 - - [24/Jan/2022:10:19:59 +0800] "GET /xingrg/all/function/internal_message.html?_=1642990800660&CODE_STATE=getMsg HTTP/1.1" 200 27
120.253.135.82 - - [24/Jan/2022:10:20:02 +0800] "GET /xingrg/all/function/internal_message.html?_=1642990591369&CODE_STATE=getMsg HTTP/1.1" 200 27
124.78.156.14 - - [24/Jan/2022:10:20:04 +0800] "GET /xingrg/kc/buy/cgsh_order_operate.html?command=get_materiel&rest_code=00106&code=00101008155&supplier_code=00100007&order_time=2022-01-24 HTTP/1.1" 200 408
114.84.146.162 - - [24/Jan/2022:10:20:06 +0800] "GET /xingrg/kc/buy/cgsh_order_operate.html?command=get_materiel&rest_code=00141&code=00101008038&supplier_code=00100007&order_time=2022-01-24 HTTP/1.1" 200 412
180.169.147.146 - - [24/Jan/2022:10:20:09 +0800] "GET /xingrg/check_reg.html?_=1642990809225 HTTP/1.1" 200 22
124.78.156.14 - - [24/Jan/2022:10:20:11 +0800] "GET /xingrg/kc/buy/cgsh_order_operate.html?command=get_materiel&rest_code=00106&code=00101008354&supplier_code=00100007&order_time=2022-01-24 HTTP/1.1" 200 412
116.235.94.49 - - [24/Jan/2022:10:20:12 +0800] "GET /xingrg/kc/buy/cgsh_order_operate.html?command=get_materiel&rest_code=00104&code=00101008168&supplier_code=00100005&order_time=2022-01-24 HTTP/1.1" 200 413
114.84.146.162 - - [24/Jan/2022:10:20:13 +0800] "GET /xingrg/kc/buy/cgsh_order_operate.html?command=get_materiel&rest_code=00141&code=00101008396&supplier_code=00100007&order_time=2022-01-24 HTTP/1.1" 200 412
114.86.225.150 - - [24/Jan/2022:10:20:14 +0800] "GET /xingrg/all/function/internal_message.html?_=1642990814612&CODE_STATE=getMsg HTTP/1.1" 200 27
180.152.99.39 - - [24/Jan/2022:10:20:14 +0800] "POST /xingrg/dwr/call/plaincall/AjaxQqpsService.uncheckOrder.dwr HTTP/1.1" 200 78
116.235.94.49 - - [24/Jan/2022:10:20:14 +0800] "POST /xingrg/kc/buy/cgsh_order_operate.html HTTP/1.1" 200 2065
180.152.99.39 - - [24/Jan/2022:10:20:15 +0800] "GET /xingrg/javascript/auto/jquery.autocomplete.css HTTP/1.1" 304 -
180.152.99.39 - - [24/Jan/2022:10:20:15 +0800] "GET /xingrg/javascript/jquery_easy_ui/themes/icon.css HTTP/1.1" 304 -
180.152.99.39 - - [24/Jan/2022:10:20:15 +0800] "GET /xingrg/javascript/jquery-1.4.2.min.js HTTP/1.1" 304 -
180.152.99.39 - - [24/Jan/2022:10:20:15 +0800] "GET /xingrg/css/blue.css HTTP/1.1" 304 -
180.152.99.39 - - [24/Jan/2022:10:20:15 +0800] "GET /xingrg/javascript/auto/jquery.autocomplete.js HTTP/1.1" 304 -
180.152.99.39 - - [24/Jan/2022:10:20:15 +0800] "GET /xingrg/javascript/jquery_easy_ui/easyui-lang-zh_CN.js HTTP/1.1" 304 -
180.152.99.39 - - [24/Jan/2022:10:20:15 +0800] "GET /xingrg/javascript/jquery_easy_ui/jquery.easyui.min.js HTTP/1.1" 304 -
180.152.99.39 - - [24/Jan/2022:10:20:15 +0800] "GET /xingrg/javascript/tools/jquery.qtip-1.0.0-rc3.min.js HTTP/1.1" 304 -
180.152.99.39 - - [24/Jan/2022:10:20:15 +0800] "GET /xingrg/javascript/jquery.utils.js HTTP/1.1" 304 -
180.152.99.39 - - [24/Jan/2022:10:20:15 +0800] "GET /xingrg/kc/mdqp/qqps_order_info.html?code=302022012400607 HTTP/1.1" 200 28164
180.152.99.39 - - [24/Jan/2022:10:20:15 +0800] "GET /xingrg/javascript/pic_change.js HTTP/1.1" 304 -
180.152.99.39 - - [24/Jan/2022:10:20:15 +0800] "GET /xingrg/javascript/AjaxInfoList.js HTTP/1.1" 304 -
180.152.99.39 - - [24/Jan/2022:10:20:15 +0800] "GET /xingrg/javascript/myfunction.js HTTP/1.1" 304 -
180.152.99.39 - - [24/Jan/2022:10:20:15 +0800] "GET /xingrg/javascript/Grid.js HTTP/1.1" 304 -
180.152.99.39 - - [24/Jan/2022:10:20:15 +0800] "GET /xingrg/javascript/ToolTips.js HTTP/1.1" 304 -
180.152.99.39 - - [24/Jan/2022:10:20:15 +0800] "GET /xingrg/dwr/util.js HTTP/1.1" 304 -
180.152.99.39 - - [24/Jan/2022:10:20:15 +0800] "GET /xingrg/javascript/Calendar.js HTTP/1.1" 304 -
180.152.99.39 - - [24/Jan/2022:10:20:15 +0800] "GET /xingrg/javascript/print/LodopFuncs.js HTTP/1.1" 304 -
180.152.99.39 - - [24/Jan/2022:10:20:15 +0800] "GET /xingrg/javascript/print/kc_print.js HTTP/1.1" 304 -
180.152.99.39 - - [24/Jan/2022:10:20:15 +0800] "GET /xingrg/javascript/jquery_easy_ui/themes/default/easyui.css HTTP/1.1" 304 -
180.152.99.39 - - [24/Jan/2022:10:20:15 +0800] "GET /xingrg/javascript/jquery_easy_ui/themes/icon.css HTTP/1.1" 304 -
180.152.99.39 - - [24/Jan/2022:10:20:15 +0800] "GET /xingrg/dwr/interface/AjaxQqpsService.js HTTP/1.1" 200 16326
180.152.99.39 - - [24/Jan/2022:10:20:15 +0800] "GET /xingrg/dwr/interface/AjaxComOrderService.js HTTP/1.1" 200 18264
180.152.99.39 - - [24/Jan/2022:10:20:15 +0800] "GET /xingrg/dwr/engine.js HTTP/1.1" 200 43631
180.152.99.39 - - [24/Jan/2022:10:20:15 +0800] "GET /xingrg/words/20220123141653_words.js HTTP/1.1" 304 -
180.152.99.39 - - [24/Jan/2022:10:20:15 +0800] "GET /xingrg/javascript/jquery_easy_ui/themes/icons/template_new.png HTTP/1.1" 304 -
180.152.99.39 - - [24/Jan/2022:10:20:15 +0800] "GET /xingrg/javascript/jquery_easy_ui/themes/icons/edit_add_new.png HTTP/1.1" 304 -
180.152.99.39 - - [24/Jan/2022:10:20:15 +0800] "GET /xingrg/javascript/jquery_easy_ui/themes/icons/copy_new.png HTTP/1.1" 304 -
180.152.99.39 - - [24/Jan/2022:10:20:15 +0800] "GET /xingrg/javascript/jquery_easy_ui/themes/icons/cance_new.png HTTP/1.1" 304 -
180.152.99.39 - - [24/Jan/2022:10:20:15 +0800] "GET /xingrg/javascript/jquery_easy_ui/themes/icons/ok.png HTTP/1.1" 304 -
180.152.99.39 - - [24/Jan/2022:10:20:15 +0800] "GET /xingrg/javascript/jquery_easy_ui/themes/icons/check_new.png HTTP/1.1" 304 -
180.152.99.39 - - [24/Jan/2022:10:20:15 +0800] "GET /xingrg/javascript/jquery_easy_ui/themes/icons/print.png HTTP/1.1" 304 -
180.152.99.39 - - [24/Jan/2022:10:20:15 +0800] "GET /xingrg/javascript/jquery_easy_ui/themes/default/images/menu_downarrow.png HTTP/1.1" 304 -
180.152.99.39 - - [24/Jan/2022:10:20:15 +0800] "GET /xingrg/javascript/jquery_easy_ui/themes/icons/back_new.png HTTP/1.1" 304 -
180.152.99.39 - - [24/Jan/2022:10:20:15 +0800] "GET /xingrg/javascript/jquery_easy_ui/themes/default/images/combo_arrow_dot.gif HTTP/1.1" 304 -
180.152.99.39 - - [24/Jan/2022:10:20:16 +0800] "GET /xingrg/images/blue/button/kc_tab_add.gif HTTP/1.1" 304 -
180.152.99.39 - - [24/Jan/2022:10:20:16 +0800] "GET /xingrg/images/blue/button/kc_tab_edit.gif HTTP/1.1" 304 -
180.152.99.39 - - [24/Jan/2022:10:20:16 +0800] "GET /xingrg/images/blue/button/kc_tab_save.gif HTTP/1.1" 304 -
180.152.99.39 - - [24/Jan/2022:10:20:16 +0800] "GET /xingrg/images/blue/button/kc_tab_del.gif HTTP/1.1" 304 -
180.152.99.39 - - [24/Jan/2022:10:20:16 +0800] "GET /xingrg/images/blue/kc_tab_left.gif HTTP/1.1" 304 -
180.152.99.39 - - [24/Jan/2022:10:20:16 +0800] "GET /xingrg/images/blue/kc_tab_right.gif HTTP/1.1" 304 -
180.152.99.39 - - [24/Jan/2022:10:20:16 +0800] "GET /xingrg/images/blue/kc_tab_mid.gif HTTP/1.1" 304 -
180.152.99.39 - - [24/Jan/2022:10:20:16 +0800] "GET /xingrg/images/blue/kc_tab2_left.gif HTTP/1.1" 304 -
180.152.99.39 - - [24/Jan/2022:10:20:16 +0800] "GET /xingrg/images/blue/kc_tab2_right.gif HTTP/1.1" 304 -
180.152.99.39 - - [24/Jan/2022:10:20:16 +0800] "GET /xingrg/images/blue/wait.gif HTTP/1.1" 304 -
180.152.99.39 - - [24/Jan/2022:10:20:16 +0800] "POST /xingrg/dwr/call/plaincall/AjaxQqpsService.loadMaterielItems.dwr HTTP/1.1" 200 19013
180.152.99.39 - - [24/Jan/2022:10:20:16 +0800] "GET /xingrg/images/yd/bt.gif HTTP/1.1" 404 1040
180.157.251.97 - - [24/Jan/2022:10:20:18 +0800] "GET /xingrg/all/function/internal_message.html?_=1642990819716&CODE_STATE=getMsg HTTP/1.1" 200 27
180.152.99.39 - - [24/Jan/2022:10:20:19 +0800] "GET /xingrg/javascript/auto/indicator.gif HTTP/1.1" 404 1066
124.78.156.14 - - [24/Jan/2022:10:20:19 +0800] "GET /xingrg/kc/buy/cgsh_order_operate.html?command=get_materiel&rest_code=00106&code=00101008026&supplier_code=00100007&order_time=2022-01-24 HTTP/1.1" 200 409
116.235.94.49 - - [24/Jan/2022:10:20:20 +0800] "GET /xingrg/all/function/internal_message.html?_=1642990961993&CODE_STATE=getMsg HTTP/1.1" 200 27
180.169.147.146 - - [24/Jan/2022:10:20:21 +0800] "GET /xingrg/all/function/internal_message.html?_=1642990820785&CODE_STATE=getMsg HTTP/1.1" 200 27
180.152.99.39 - - [24/Jan/2022:10:20:22 +0800] "POST /xingrg/dwr/call/plaincall/AjaxQqpsService.getMaterielByCode.dwr HTTP/1.1" 200 3749
58.39.168.32 - - [24/Jan/2022:10:20:23 +0800] "GET /xingrg/all/function/internal_message.html?_=1642990761490&CODE_STATE=getMsg HTTP/1.1" 200 27
101.80.229.199 - - [24/Jan/2022:10:20:23 +0800] "GET /xingrg/check_reg.html?_=1642990823606 HTTP/1.1" 200 22
101.80.229.199 - - [24/Jan/2022:10:20:23 +0800] "GET /xingrg/all/function/internal_message.html?_=1642990823610&CODE_STATE=getMsg HTTP/1.1" 200 27
114.84.146.162 - - [24/Jan/2022:10:20:24 +0800] "GET /xingrg/kc/buy/cgsh_order_operate.html?command=get_materiel&rest_code=00141&code=00101008163&supplier_code=00100007&order_time=2022-01-24 HTTP/1.1" 200 409
116.235.94.49 - - [24/Jan/2022:10:20:25 +0800] "GET /xingrg/all/function/internal_message.html?_=1642990870344&CODE_STATE=getMsg HTTP/1.1" 200 27
116.235.94.49 - - [24/Jan/2022:10:20:25 +0800] "GET /xingrg/kc/buy/cgsh_order_operate.html?command=get_materiel&rest_code=00104&code=00101009013&supplier_code=00100005&order_time=2022-01-24 HTTP/1.1" 200 421
172.20.0.100 - - [24/Jan/2022:10:20:26 +0800] "GET /xingrg/all/function/internal_message.html?_=1642990826114&CODE_STATE=getMsg HTTP/1.1" 200 27
180.152.99.39 - - [24/Jan/2022:10:20:27 +0800] "GET /xingrg/images/yd/bt2.gif HTTP/1.1" 404 1042
124.78.156.14 - - [24/Jan/2022:10:20:27 +0800] "GET /xingrg/kc/buy/cgsh_order_operate.html?command=get_materiel&rest_code=00106&code=00101008110&supplier_code=00100007&order_time=2022-01-24 HTTP/1.1" 200 408
180.152.99.39 - - [24/Jan/2022:10:20:28 +0800] "POST /xingrg/dwr/call/plaincall/AjaxQqpsService.saveMaterielItem.dwr HTTP/1.1" 200 78
114.84.146.162 - - [24/Jan/2022:10:20:29 +0800] "GET /xingrg/all/function/internal_message.html?_=1642990628175&CODE_STATE=getMsg HTTP/1.1" 200 27
124.78.156.14 - - [24/Jan/2022:10:20:29 +0800] "GET /xingrg/all/function/internal_message.html?_=1642990828947&CODE_STATE=getMsg HTTP/1.1" 200 27
114.84.146.162 - - [24/Jan/2022:10:20:31 +0800] "GET /xingrg/kc/buy/cgsh_order_operate.html?command=get_materiel&rest_code=00141&code=00101008137&supplier_code=00100007&order_time=2022-01-24 HTTP/1.1" 200 408
124.78.156.14 - - [24/Jan/2022:10:20:34 +0800] "GET /xingrg/kc/buy/cgsh_order_operate.html?command=get_materiel&rest_code=00106&code=00101008038&supplier_code=00100007&order_time=2022-01-24 HTTP/1.1" 200 412
222.69.132.164 - - [24/Jan/2022:10:20:34 +0800] "GET /xingrg/all/function/internal_message.html?_=1642990889129&CODE_STATE=getMsg HTTP/1.1" 200 27
116.235.94.49 - - [24/Jan/2022:10:20:38 +0800] "GET /xingrg/kc/buy/cgsh_order_operate.html?command=get_materiel&rest_code=00104&code=00101009016&supplier_code=00100005&order_time=2022-01-24 HTTP/1.1" 200 412
114.84.146.162 - - [24/Jan/2022:10:20:38 +0800] "GET /xingrg/kc/buy/cgsh_order_operate.html?command=get_materiel&rest_code=00141&code=00101008197&supplier_code=00100007&order_time=2022-01-24 HTTP/1.1" 200 416
180.152.99.39 - - [24/Jan/2022:10:20:43 +0800] "POST /xingrg/dwr/call/plaincall/AjaxQqpsService.getMaterielByCode.dwr HTTP/1.1" 200 3683
114.84.146.162 - - [24/Jan/2022:10:20:44 +0800] "GET /xingrg/kc/buy/cgsh_order_operate.html?command=get_materiel&rest_code=00141&code=00101008196&supplier_code=00100007&order_time=2022-01-24 HTTP/1.1" 200 416
180.152.99.39 - - [24/Jan/2022:10:20:44 +0800] "GET /xingrg/all/function/internal_message.html?_=1642990774686&CODE_STATE=getMsg HTTP/1.1" 200 27
124.78.156.14 - - [24/Jan/2022:10:20:45 +0800] "GET /xingrg/kc/buy/cgsh_order_operate.html?command=get_materiel&rest_code=00106&code=00101008163&supplier_code=00100007&order_time=2022-01-24 HTTP/1.1" 200 409
180.152.99.39 - - [24/Jan/2022:10:20:45 +0800] "POST /xingrg/dwr/call/plaincall/AjaxQqpsService.saveMaterielItem.dwr HTTP/1.1" 200 78
114.95.98.1 - - [24/Jan/2022:10:20:47 +0800] "GET /xingrg/all/function/internal_message.html?_=1642990868024&CODE_STATE=getMsg HTTP/1.1" 200 27
116.235.94.49 - - [24/Jan/2022:10:20:47 +0800] "GET /xingrg/kc/buy/cgsh_order_operate.html?command=get_materiel&rest_code=00104&code=00101009007&supplier_code=00100005&order_time=2022-01-24 HTTP/1.1" 200 408
114.95.98.1 - - [24/Jan/2022:10:20:48 +0800] "GET /xingrg/all/function/internal_message.html?_=1642990848914&CODE_STATE=getMsg HTTP/1.1" 200 27
180.152.99.73 - - [24/Jan/2022:10:20:48 +0800] "GET /xingrg/all/function/internal_message.html?_=1642990849849&CODE_STATE=getMsg HTTP/1.1" 200 27
222.70.217.149 - - [24/Jan/2022:10:20:51 +0800] "GET /xingrg/all/function/internal_message.html?_=1642990835331&CODE_STATE=getMsg HTTP/1.1" 200 27
180.169.147.146 - - [24/Jan/2022:10:20:51 +0800] "GET /xingrg/all/function/internal_message.html?_=1642990854040&CODE_STATE=getMsg HTTP/1.1" 200 27
114.84.146.162 - - [24/Jan/2022:10:20:51 +0800] "GET /xingrg/kc/buy/cgsh_order_operate.html?command=get_materiel&rest_code=00141&code=00101008357&supplier_code=00100007&order_time=2022-01-24 HTTP/1.1" 200 408
124.78.156.14 - - [24/Jan/2022:10:20:52 +0800] "GET /xingrg/kc/buy/cgsh_order_operate.html?command=get_materiel&rest_code=00106&code=00101008190&supplier_code=00100007&order_time=2022-01-24 HTTP/1.1" 200 412
120.253.135.82 - - [24/Jan/2022:10:20:55 +0800] "GET /xingrg/check_reg.html?_=1642990644724 HTTP/1.1" 200 22
61.151.178.197 - - [24/Jan/2022:10:20:56 +0800] "GET /xingrg/all/function/internal_message.html?_=1642989748929&CODE_STATE=getMsg HTTP/1.1" 302 -
61.151.178.197 - - [24/Jan/2022:10:20:57 +0800] "GET /xingrg/login.html HTTP/1.1" 200 7641
124.78.156.14 - - [24/Jan/2022:10:20:57 +0800] "GET /xingrg/login.html?r=1 HTTP/1.1" 200 7641
124.78.156.14 - - [24/Jan/2022:10:20:57 +0800] "GET /favicon.ico HTTP/1.1" 404 -
116.235.94.49 - - [24/Jan/2022:10:20:58 +0800] "GET /xingrg/kc/buy/cgsh_order_operate.html?command=get_materiel&rest_code=00104&code=00101009011&supplier_code=00100005&order_time=2022-01-24 HTTP/1.1" 200 416
124.78.156.14 - - [24/Jan/2022:10:20:58 +0800] "POST /xingrg/login.do HTTP/1.1" 302 -
124.78.156.14 - - [24/Jan/2022:10:20:58 +0800] "GET /xingrg/index.html?sysBaseUrl=http%3A%2F%2F180.169.147.146%3A18081%2Fxingrg%2F&costTime=40×tamp=1642990858833 HTTP/1.1" 200 17173
124.78.156.14 - - [24/Jan/2022:10:20:58 +0800] "GET /favicon.ico HTTP/1.1" 404 -
124.78.156.14 - - [24/Jan/2022:10:20:59 +0800] "POST /xingrg/all/common/load_tree.html?tree=area_rest_tree_json&manage=1 HTTP/1.1" 200 342
124.78.156.14 - - [24/Jan/2022:10:20:59 +0800] "GET /xingrg/all/function/internal_message.html?_=1642990858963&CODE_STATE=count HTTP/1.1" 200 11
124.78.156.14 - - [24/Jan/2022:10:20:59 +0800] "GET /xingrg/check_reg.html?_=1642990858964 HTTP/1.1" 200 22
124.78.156.14 - - [24/Jan/2022:10:20:59 +0800] "POST /xingrg/load_menu.html HTTP/1.1" 200 5138
58.39.168.32 - - [24/Jan/2022:10:20:59 +0800] "GET /xingrg/all/function/internal_message.html?_=1642990860659&CODE_STATE=getMsg HTTP/1.1" 200 27
124.78.156.14 - - [24/Jan/2022:10:21:01 +0800] "GET /xingrg/kc/base/base_main.html HTTP/1.1" 200 12142
124.78.156.14 - - [24/Jan/2022:10:21:01 +0800] "GET /xingrg/kc/buy/cgsh_order_operate.html?command=get_materiel&rest_code=00106&code=00101008355&supplier_code=00100007&order_time=2022-01-24 HTTP/1.1" 200 408
120.253.135.82 - - [24/Jan/2022:10:21:02 +0800] "GET /xingrg/all/function/internal_message.html?_=1642990651370&CODE_STATE=getMsg HTTP/1.1" 200 27
124.78.156.14 - - [24/Jan/2022:10:21:02 +0800] "GET /xingrg/kc/base/wldb_order_list.html HTTP/1.1" 200 19060
124.78.156.14 - - [24/Jan/2022:10:21:03 +0800] "POST /xingrg/kc/base/wldb_list_operate.html HTTP/1.1" 200 928
124.78.156.14 - - [24/Jan/2022:10:21:04 +0800] "GET /xingrg/kc/base/wldb_order_add.html HTTP/1.1" 200 30274
124.78.156.14 - - [24/Jan/2022:10:21:05 +0800] "GET /xingrg/all/common/auto_word.html?type=base&rest_code=00106 HTTP/1.1" 200 1849
124.78.156.14 - - [24/Jan/2022:10:21:05 +0800] "GET /xingrg/all/common/auto_word.html?type=base&rest_code=00106 HTTP/1.1" 200 1849
124.78.156.14 - - [24/Jan/2022:10:21:05 +0800] "GET /xingrg/javascript/easyui/themes/default/validatebox.css HTTP/1.1" 404 1104
124.78.156.14 - - [24/Jan/2022:10:21:05 +0800] "POST /xingrg/kc/base/wldb_order_operate.html HTTP/1.1" 200 6806
124.78.156.14 - - [24/Jan/2022:10:21:06 +0800] "POST /xingrg/all/common/load_combo.html?type=base HTTP/1.1" 200 3315
124.78.156.14 - - [24/Jan/2022:10:21:09 +0800] "GET /xingrg/kc/buy/cgsh_order_operate.html?command=get_materiel&rest_code=00106&code=00101008264&supplier_code=00100007&order_time=2022-01-24 HTTP/1.1" 200 412
116.235.94.49 - - [24/Jan/2022:10:21:14 +0800] "GET /xingrg/kc/buy/cgsh_order_operate.html?command=get_materiel&rest_code=00104&code=00101008223&supplier_code=00100005&order_time=2022-01-24 HTTP/1.1" 200 412
114.86.225.150 - - [24/Jan/2022:10:21:14 +0800] "GET /xingrg/all/function/internal_message.html?_=1642990874613&CODE_STATE=getMsg HTTP/1.1" 200 27
124.78.156.14 - - [24/Jan/2022:10:21:15 +0800] "GET /xingrg/javascript/auto/indicator.gif HTTP/1.1" 404 1066
124.78.156.14 - - [24/Jan/2022:10:21:16 +0800] "GET /xingrg/kc/buy/cgsh_order_operate.html?command=get_materiel&rest_code=00106&code=00101008562&supplier_code=00100007&order_time=2022-01-24 HTTP/1.1" 200 395
116.235.94.49 - - [24/Jan/2022:10:21:16 +0800] "POST /xingrg/kc/buy/cgsh_order_operate.html HTTP/1.1" 200 2065
180.152.99.39 - - [24/Jan/2022:10:21:16 +0800] "POST /xingrg/dwr/call/plaincall/AjaxQqpsService.checkOrder.dwr HTTP/1.1" 200 78
180.157.251.97 - - [24/Jan/2022:10:21:18 +0800] "GET /xingrg/all/function/internal_message.html?_=1642990879717&CODE_STATE=getMsg HTTP/1.1" 200 27
180.157.251.97 - - [24/Jan/2022:10:21:18 +0800] "GET /xingrg/check_reg.html?_=1642990879720 HTTP/1.1" 200 22
124.78.156.14 - - [24/Jan/2022:10:21:18 +0800] "GET /xingrg/kc/base/wldb_order_operate.html?command=get_materiel&rest_code=00106&base_code=0010396&code=00101019503 HTTP/1.1" 200 468
180.152.99.39 - - [24/Jan/2022:10:21:18 +0800] "GET /xingrg/kc/mdqp/qqps_order_info.html?code=302022012400607 HTTP/1.1" 200 26409
180.152.99.39 - - [24/Jan/2022:10:21:18 +0800] "GET /xingrg/dwr/interface/AjaxComOrderService.js HTTP/1.1" 200 18264
180.152.99.39 - - [24/Jan/2022:10:21:18 +0800] "GET /xingrg/dwr/interface/AjaxQqpsService.js HTTP/1.1" 200 16326
180.152.99.39 - - [24/Jan/2022:10:21:18 +0800] "GET /xingrg/dwr/engine.js HTTP/1.1" 200 43631
180.152.99.39 - - [24/Jan/2022:10:21:19 +0800] "POST /xingrg/dwr/call/plaincall/AjaxQqpsService.loadMaterielItems.dwr HTTP/1.1" 200 19605
116.235.94.49 - - [24/Jan/2022:10:21:20 +0800] "GET /xingrg/all/function/internal_message.html?_=1642991021992&CODE_STATE=getMsg HTTP/1.1" 200 27
180.169.147.146 - - [24/Jan/2022:10:21:21 +0800] "GET /xingrg/all/function/internal_message.html?_=1642990880769&CODE_STATE=getMsg HTTP/1.1" 200 27
58.39.168.32 - - [24/Jan/2022:10:21:23 +0800] "GET /xingrg/all/function/internal_message.html?_=1642990821490&CODE_STATE=getMsg HTTP/1.1" 200 27
101.80.229.199 - - [24/Jan/2022:10:21:23 +0800] "GET /xingrg/all/function/internal_message.html?_=1642990883611&CODE_STATE=getMsg HTTP/1.1" 200 27
124.78.156.14 - - [24/Jan/2022:10:21:23 +0800] "POST /xingrg/kc/buy/cgsh_order_operate.html HTTP/1.1" 200 37
116.235.94.49 - - [24/Jan/2022:10:21:25 +0800] "GET /xingrg/all/function/internal_message.html?_=1642990930595&CODE_STATE=getMsg HTTP/1.1" 200 27
180.152.99.39 - - [24/Jan/2022:10:21:26 +0800] "POST /xingrg/all/user/operate.html HTTP/1.1" 200 36
116.235.94.49 - - [24/Jan/2022:10:21:26 +0800] "GET /xingrg/kc/buy/cgsh_order_operate.html?command=get_materiel&rest_code=00104&code=00101008286&supplier_code=00100005&order_time=2022-01-24 HTTP/1.1" 200 428
180.152.99.39 - - [24/Jan/2022:10:21:26 +0800] "GET /xingrg/javascript/jquery_easy_ui/themes/default/easyui.css HTTP/1.1" 304 -
180.152.99.39 - - [24/Jan/2022:10:21:26 +0800] "GET /xingrg/javascript/jquery_easy_ui/themes/icon.css HTTP/1.1" 304 -
180.152.99.39 - - [24/Jan/2022:10:21:26 +0800] "GET /xingrg/css/form.css HTTP/1.1" 304 -
180.152.99.39 - - [24/Jan/2022:10:21:26 +0800] "GET /xingrg/javascript/jquery-1.4.2.min.js HTTP/1.1" 304 -
180.152.99.39 - - [24/Jan/2022:10:21:26 +0800] "GET /xingrg/javascript/jquery_easy_ui/jquery.easyui.min.js HTTP/1.1" 304 -
180.152.99.39 - - [24/Jan/2022:10:21:26 +0800] "GET /xingrg/index.html?sysBaseUrl=http%3A%2F%2F180.169.147.146%3A18081%2Fxingrg%2F&costTime=39×tamp=1642987400899 HTTP/1.1" 200 17177
172.20.0.100 - - [24/Jan/2022:10:21:26 +0800] "GET /xingrg/all/function/internal_message.html?_=1642990886087&CODE_STATE=getMsg HTTP/1.1" 200 27
180.152.99.39 - - [24/Jan/2022:10:21:26 +0800] "GET /xingrg/javascript/jquery_easy_ui/easyui-lang-zh_CN.js HTTP/1.1" 304 -
180.152.99.39 - - [24/Jan/2022:10:21:26 +0800] "GET /xingrg/javascript/jquery.form.js HTTP/1.1" 304 -
180.152.99.39 - - [24/Jan/2022:10:21:26 +0800] "GET /xingrg/javascript/jquery.utils.js HTTP/1.1" 304 -
180.152.99.39 - - [24/Jan/2022:10:21:26 +0800] "GET /xingrg/javascript/jquery.timers.js HTTP/1.1" 304 -
180.152.99.39 - - [24/Jan/2022:10:21:26 +0800] "GET /xingrg/images/blue/jxLogo.png HTTP/1.1" 304 -
180.152.99.39 - - [24/Jan/2022:10:21:26 +0800] "GET /xingrg/images/blue/navBackgound.jpg HTTP/1.1" 304 -
180.152.99.39 - - [24/Jan/2022:10:21:26 +0800] "GET /xingrg/javascript/jquery_easy_ui/themes/icons/settle_new.png HTTP/1.1" 304 -
180.152.99.39 - - [24/Jan/2022:10:21:26 +0800] "GET /xingrg/images/blue/pingpu.png HTTP/1.1" 304 -
180.152.99.39 - - [24/Jan/2022:10:21:26 +0800] "POST /xingrg/all/common/load_tree.html?tree=area_rest_tree_json&manage=1 HTTP/1.1" 200 476
180.152.99.39 - - [24/Jan/2022:10:21:26 +0800] "GET /xingrg/javascript/jquery_easy_ui/themes/default/images/tabs_leftarrow.png HTTP/1.1" 304 -
180.152.99.39 - - [24/Jan/2022:10:21:26 +0800] "GET /xingrg/javascript/jquery_easy_ui/themes/default/images/tabs_rightarrow.png HTTP/1.1" 304 -
180.152.99.39 - - [24/Jan/2022:10:21:26 +0800] "GET /xingrg/javascript/jquery_easy_ui/themes/default/images/panel_tool_collapse.gif HTTP/1.1" 304 -
180.152.99.39 - - [24/Jan/2022:10:21:26 +0800] "GET /xingrg/all/function/internal_message.html?_=1642990816398&CODE_STATE=count HTTP/1.1" 200 11
180.152.99.39 - - [24/Jan/2022:10:21:26 +0800] "GET /xingrg/check_reg.html?_=1642990816399 HTTP/1.1" 200 22
180.152.99.39 - - [24/Jan/2022:10:21:26 +0800] "POST /xingrg/load_menu.html HTTP/1.1" 200 5138
114.84.146.162 - - [24/Jan/2022:10:21:29 +0800] "GET /xingrg/all/function/internal_message.html?_=1642990688143&CODE_STATE=getMsg HTTP/1.1" 200 27
180.152.99.39 - - [24/Jan/2022:10:21:29 +0800] "GET /xingrg/kc/mdqp/qqps_order_list.html HTTP/1.1" 200 9222
180.152.99.39 - - [24/Jan/2022:10:21:29 +0800] "GET /xingrg/dwr/interface/AjaxReportQueryService.js HTTP/1.1" 200 13203
180.152.99.39 - - [24/Jan/2022:10:21:29 +0800] "GET /xingrg/dwr/interface/AjaxQqpsService.js HTTP/1.1" 200 16326
180.152.99.39 - - [24/Jan/2022:10:21:29 +0800] "GET /xingrg/dwr/engine.js HTTP/1.1" 200 43631
180.152.99.39 - - [24/Jan/2022:10:21:31 +0800] "GET /xingrg/kc/mdqp/qqps_order_add.html HTTP/1.1" 200 27580
180.152.99.39 - - [24/Jan/2022:10:21:31 +0800] "GET /xingrg/dwr/interface/AjaxComOrderService.js HTTP/1.1" 200 18264
180.152.99.39 - - [24/Jan/2022:10:21:31 +0800] "GET /xingrg/dwr/interface/AjaxQqpsService.js HTTP/1.1" 200 16326
180.152.99.39 - - [24/Jan/2022:10:21:31 +0800] "GET /xingrg/dwr/engine.js HTTP/1.1" 200 43631
222.69.132.164 - - [24/Jan/2022:10:21:34 +0800] "GET /xingrg/all/function/internal_message.html?_=1642990949123&CODE_STATE=getMsg HTTP/1.1" 200 27
116.235.94.49 - - [24/Jan/2022:10:21:36 +0800] "GET /xingrg/kc/buy/cgsh_order_operate.html?command=get_materiel&rest_code=00104&code=00101008131&supplier_code=00100005&order_time=2022-01-24 HTTP/1.1" 200 408
180.152.99.39 - - [24/Jan/2022:10:21:41 +0800] "POST /xingrg/dwr/call/plaincall/AjaxQqpsService.saveOrder.dwr HTTP/1.1" 200 78
180.152.99.39 - - [24/Jan/2022:10:21:43 +0800] "GET /xingrg/javascript/auto/indicator.gif HTTP/1.1" 404 1066
114.84.146.162 - - [24/Jan/2022:10:21:44 +0800] "GET /xingrg/kc/buy/cgsh_order_operate.html?command=get_materiel&rest_code=00141&code=00101008069&supplier_code=00100007&order_time=2022-01-24 HTTP/1.1" 200 412
180.152.99.39 - - [24/Jan/2022:10:21:45 +0800] "POST /xingrg/dwr/call/plaincall/AjaxQqpsService.getMaterielByCode.dwr HTTP/1.1" 200 2247
116.235.94.49 - - [24/Jan/2022:10:21:46 +0800] "GET /xingrg/kc/buy/cgsh_order_operate.html?command=get_materiel&rest_code=00104&code=00101008114&supplier_code=00100005&order_time=2022-01-24 HTTP/1.1" 200 413
114.95.98.1 - - [24/Jan/2022:10:21:47 +0800] "GET /xingrg/all/function/internal_message.html?_=1642990928032&CODE_STATE=getMsg HTTP/1.1" 200 27
180.157.251.97 - - [24/Jan/2022:10:21:47 +0800] "GET /xingrg/check_reg.html?_=1642990907177 HTTP/1.1" 200 22
114.95.98.1 - - [24/Jan/2022:10:21:48 +0800] "GET /xingrg/check_reg.html?_=1642990908908 HTTP/1.1" 200 22
114.95.98.1 - - [24/Jan/2022:10:21:48 +0800] "GET /xingrg/all/function/internal_message.html?_=1642990908912&CODE_STATE=getMsg HTTP/1.1" 200 27
180.152.99.73 - - [24/Jan/2022:10:21:48 +0800] "GET /xingrg/all/function/internal_message.html?_=1642990909849&CODE_STATE=getMsg HTTP/1.1" 200 27
180.152.99.39 - - [24/Jan/2022:10:21:50 +0800] "POST /xingrg/dwr/call/plaincall/AjaxQqpsService.saveMaterielItem.dwr HTTP/1.1" 200 78
222.70.217.149 - - [24/Jan/2022:10:21:51 +0800] "GET /xingrg/all/function/internal_message.html?_=1642990895320&CODE_STATE=getMsg HTTP/1.1" 200 27
180.169.147.146 - - [24/Jan/2022:10:21:51 +0800] "GET /xingrg/all/function/internal_message.html?_=1642990914042&CODE_STATE=getMsg HTTP/1.1" 200 27
172.20.0.100 - - [24/Jan/2022:10:21:52 +0800] "GET /xingrg/check_reg.html?_=1642990912152 HTTP/1.1" 200 22
114.84.146.162 - - [24/Jan/2022:10:21:52 +0800] "GET /xingrg/kc/buy/cgsh_order_operate.html?command=get_materiel&rest_code=00141&code=00101008286&supplier_code=00100007&order_time=2022-01-24 HTTP/1.1" 200 428
180.152.99.39 - - [24/Jan/2022:10:21:53 +0800] "POST /xingrg/dwr/call/plaincall/AjaxQqpsService.getMaterielByCode.dwr HTTP/1.1" 200 2277
180.152.99.39 - - [24/Jan/2022:10:21:58 +0800] "POST /xingrg/dwr/call/plaincall/AjaxQqpsService.saveMaterielItem.dwr HTTP/1.1" 200 78
124.78.156.14 - - [24/Jan/2022:10:21:59 +0800] "GET /xingrg/all/function/internal_message.html?_=1642990918970&CODE_STATE=getMsg HTTP/1.1" 200 27
58.39.168.32 - - [24/Jan/2022:10:21:59 +0800] "GET /xingrg/all/function/internal_message.html?_=1642990920664&CODE_STATE=getMsg HTTP/1.1" 200 27
116.235.94.49 - - [24/Jan/2022:10:22:00 +0800] "GET /xingrg/kc/buy/cgsh_order_operate.html?command=get_materiel&rest_code=00104&code=00101008105&supplier_code=00100005&order_time=2022-01-24 HTTP/1.1" 200 412
114.84.146.162 - - [24/Jan/2022:10:22:00 +0800] "GET /xingrg/kc/buy/cgsh_order_operate.html?command=get_materiel&rest_code=00141&code=00101008036&supplier_code=00100007&order_time=2022-01-24 HTTP/1.1" 200 408
120.253.135.82 - - [24/Jan/2022:10:22:02 +0800] "GET /xingrg/all/function/internal_message.html?_=1642990711384&CODE_STATE=getMsg HTTP/1.1" 200 27
114.84.146.162 - - [24/Jan/2022:10:22:09 +0800] "GET /xingrg/kc/buy/cgsh_order_operate.html?command=get_materiel&rest_code=00141&code=00101008131&supplier_code=00100007&order_time=2022-01-24 HTTP/1.1" 200 408
114.86.225.150 - - [24/Jan/2022:10:22:14 +0800] "GET /xingrg/check_reg.html?_=1642990934613 HTTP/1.1" 200 22
114.86.225.150 - - [24/Jan/2022:10:22:14 +0800] "GET /xingrg/all/function/internal_message.html?_=1642990934616&CODE_STATE=getMsg HTTP/1.1" 200 27
116.235.94.49 - - [24/Jan/2022:10:22:16 +0800] "GET /xingrg/kc/buy/cgsh_order_operate.html?command=get_materiel&rest_code=00104&code=00101008119&supplier_code=00100005&order_time=2022-01-24 HTTP/1.1" 200 412
114.84.146.162 - - [24/Jan/2022:10:22:16 +0800] "GET /xingrg/kc/buy/cgsh_order_operate.html?command=get_materiel&rest_code=00141&code=00101008318&supplier_code=00100007&order_time=2022-01-24 HTTP/1.1" 200 408
180.157.251.97 - - [24/Jan/2022:10:22:18 +0800] "GET /xingrg/all/function/internal_message.html?_=1642990939720&CODE_STATE=getMsg HTTP/1.1" 200 27
116.235.94.49 - - [24/Jan/2022:10:22:19 +0800] "POST /xingrg/kc/buy/cgsh_order_operate.html HTTP/1.1" 200 2065
116.235.94.49 - - [24/Jan/2022:10:22:20 +0800] "GET /xingrg/javascript/easyui/themes/default/images/button_plain_hover.png HTTP/1.1" 304 -
116.235.94.49 - - [24/Jan/2022:10:22:20 +0800] "GET /xingrg/javascript/easyui/themes/default/images/button_plain_hover.png HTTP/1.1" 304 -
116.235.94.49 - - [24/Jan/2022:10:22:20 +0800] "GET /xingrg/all/function/internal_message.html?_=1642991081990&CODE_STATE=getMsg HTTP/1.1" 200 27
180.169.147.146 - - [24/Jan/2022:10:22:21 +0800] "GET /xingrg/all/function/internal_message.html?_=1642990940752&CODE_STATE=getMsg HTTP/1.1" 200 27
58.39.168.32 - - [24/Jan/2022:10:22:23 +0800] "GET /xingrg/all/function/internal_message.html?_=1642990881491&CODE_STATE=getMsg HTTP/1.1" 200 27
101.80.229.199 - - [24/Jan/2022:10:22:23 +0800] "GET /xingrg/all/function/internal_message.html?_=1642990943616&CODE_STATE=getMsg HTTP/1.1" 200 27
116.235.94.49 - - [24/Jan/2022:10:22:24 +0800] "GET /xingrg/check_reg.html?_=1642990989748 HTTP/1.1" 200 22
116.235.94.49 - - [24/Jan/2022:10:22:25 +0800] "GET /xingrg/all/function/internal_message.html?_=1642990990606&CODE_STATE=getMsg HTTP/1.1" 200 27
172.20.0.100 - - [24/Jan/2022:10:22:26 +0800] "GET /xingrg/all/function/internal_message.html?_=1642990946063&CODE_STATE=getMsg HTTP/1.1" 200 27
180.152.99.39 - - [24/Jan/2022:10:22:26 +0800] "GET /xingrg/all/function/internal_message.html?_=1642990876415&CODE_STATE=getMsg HTTP/1.1" 200 27
114.84.146.162 - - [24/Jan/2022:10:22:29 +0800] "GET /xingrg/all/function/internal_message.html?_=1642990748149&CODE_STATE=getMsg HTTP/1.1" 200 27
114.84.146.162 - - [24/Jan/2022:10:22:30 +0800] "GET /xingrg/kc/buy/cgsh_order_operate.html?command=get_materiel&rest_code=00141&code=00101008098&supplier_code=00100007&order_time=2022-01-24 HTTP/1.1" 200 412
116.235.94.49 - - [24/Jan/2022:10:22:30 +0800] "POST /xingrg/kc/buy/cgsh_order_operate.html HTTP/1.1" 200 37
116.235.94.49 - - [24/Jan/2022:10:22:32 +0800] "POST /xingrg/kc/buy/cgsh_order_operate.html HTTP/1.1" 200 39909
222.69.132.164 - - [24/Jan/2022:10:22:34 +0800] "GET /xingrg/all/function/internal_message.html?_=1642991009127&CODE_STATE=getMsg HTTP/1.1" 200 27
114.84.146.162 - - [24/Jan/2022:10:22:39 +0800] "GET /xingrg/kc/buy/cgsh_order_operate.html?command=get_materiel&rest_code=00141&code=00101008005&supplier_code=00100007&order_time=2022-01-24 HTTP/1.1" 200 412
114.95.98.1 - - [24/Jan/2022:10:22:44 +0800] "GET /xingrg/check_reg.html?_=1642990985627 HTTP/1.1" 200 22
114.95.98.1 - - [24/Jan/2022:10:22:47 +0800] "GET /xingrg/all/function/internal_message.html?_=1642990988045&CODE_STATE=getMsg HTTP/1.1" 200 27
114.84.146.162 - - [24/Jan/2022:10:22:48 +0800] "GET /xingrg/kc/buy/cgsh_order_operate.html?command=get_materiel&rest_code=00141&code=00101008353&supplier_code=00100007&order_time=2022-01-24 HTTP/1.1" 200 408
114.95.98.1 - - [24/Jan/2022:10:22:48 +0800] "GET /xingrg/all/function/internal_message.html?_=1642990968909&CODE_STATE=getMsg HTTP/1.1" 200 27
180.152.99.73 - - [24/Jan/2022:10:22:48 +0800] "GET /xingrg/all/function/internal_message.html?_=1642990969846&CODE_STATE=getMsg HTTP/1.1" 200 27
114.84.146.162 - - [24/Jan/2022:10:22:50 +0800] "POST /xingrg/kc/buy/cgsh_order_operate.html HTTP/1.1" 200 2065
222.70.217.149 - - [24/Jan/2022:10:22:51 +0800] "GET /xingrg/all/function/internal_message.html?_=1642990955334&CODE_STATE=getMsg HTTP/1.1" 200 27
180.169.147.146 - - [24/Jan/2022:10:22:51 +0800] "GET /xingrg/all/function/internal_message.html?_=1642990974044&CODE_STATE=getMsg HTTP/1.1" 200 27
114.84.146.162 - - [24/Jan/2022:10:22:56 +0800] "GET /xingrg/kc/buy/cgsh_order_operate.html?command=get_materiel&rest_code=00141&code=00101008298&supplier_code=00100007&order_time=2022-01-24 HTTP/1.1" 200 413
124.78.156.14 - - [24/Jan/2022:10:22:59 +0800] "GET /xingrg/all/function/internal_message.html?_=1642990978969&CODE_STATE=getMsg HTTP/1.1" 200 27
58.39.168.32 - - [24/Jan/2022:10:22:59 +0800] "GET /xingrg/all/function/internal_message.html?_=1642990980661&CODE_STATE=getMsg HTTP/1.1" 200 27
120.253.135.82 - - [24/Jan/2022:10:23:02 +0800] "GET /xingrg/all/function/internal_message.html?_=1642990771540&CODE_STATE=getMsg HTTP/1.1" 200 27
114.84.146.162 - - [24/Jan/2022:10:23:02 +0800] "GET /xingrg/kc/buy/cgsh_order_operate.html?command=get_materiel&rest_code=00141&code=00101008306&supplier_code=00100007&order_time=2022-01-24 HTTP/1.1" 200 412
101.80.229.199 - - [24/Jan/2022:10:23:07 +0800] "GET /xingrg/javascript/jquery_easy_ui/themes/default/images/tabs_active.png HTTP/1.1" 200 2894
116.235.94.49 - - [24/Jan/2022:10:23:08 +0800] "GET /xingrg/javascript/easyui/themes/default/images/button_plain_hover.png HTTP/1.1" 304 -
116.235.94.49 - - [24/Jan/2022:10:23:08 +0800] "GET /xingrg/javascript/easyui/themes/default/images/button_plain_hover.png HTTP/1.1" 304 -
116.235.94.49 - - [24/Jan/2022:10:23:08 +0800] "GET /xingrg/javascript/easyui/themes/default/images/button_plain_hover.png HTTP/1.1" 304 -
114.84.146.162 - - [24/Jan/2022:10:23:09 +0800] "GET /xingrg/kc/buy/cgsh_order_operate.html?command=get_materiel&rest_code=00141&code=00101008283&supplier_code=00100007&order_time=2022-01-24 HTTP/1.1" 200 408
101.80.229.199 - - [24/Jan/2022:10:23:09 +0800] "GET /xingrg/kc/buy/buy_main.html HTTP/1.1" 200 12412
101.80.229.199 - - [24/Jan/2022:10:23:09 +0800] "GET /xingrg/css/new_ie.css HTTP/1.1" 404 1036
101.80.229.199 - - [24/Jan/2022:10:23:10 +0800] "GET /xingrg/images/yd/bt.gif HTTP/1.1" 404 1040
101.80.229.199 - - [24/Jan/2022:10:23:11 +0800] "GET /xingrg/kc/buy/cgsh_order_list.html HTTP/1.1" 200 49645
116.235.94.49 - - [24/Jan/2022:10:23:13 +0800] "POST /xingrg/kc/buy/cgsh_order_operate.html HTTP/1.1" 200 37
114.86.225.150 - - [24/Jan/2022:10:23:14 +0800] "GET /xingrg/all/function/internal_message.html?_=1642990994617&CODE_STATE=getMsg HTTP/1.1" 200 27
116.235.94.49 - - [24/Jan/2022:10:23:15 +0800] "POST /xingrg/kc/buy/cgsh_order_operate.html HTTP/1.1" 200 39909
101.80.229.199 - - [24/Jan/2022:10:23:16 +0800] "POST /xingrg/kc/buy/cgsh_list_operate.html HTTP/1.1" 200 2464
114.84.146.162 - - [24/Jan/2022:10:23:17 +0800] "GET /xingrg/kc/buy/cgsh_order_operate.html?command=get_materiel&rest_code=00141&code=00101008355&supplier_code=00100007&order_time=2022-01-24 HTTP/1.1" 200 408
116.235.94.49 - - [24/Jan/2022:10:23:17 +0800] "GET /xingrg/javascript/easyui/themes/default/images/button_plain_hover.png HTTP/1.1" 304 -
116.235.94.49 - - [24/Jan/2022:10:23:17 +0800] "GET /xingrg/javascript/easyui/themes/default/images/button_plain_hover.png HTTP/1.1" 304 -
116.235.94.49 - - [24/Jan/2022:10:23:17 +0800] "GET /xingrg/javascript/easyui/themes/default/images/button_plain_hover.png HTTP/1.1" 304 -
180.157.251.97 - - [24/Jan/2022:10:23:18 +0800] "GET /xingrg/all/function/internal_message.html?_=1642990999721&CODE_STATE=getMsg HTTP/1.1" 200 27
116.235.94.49 - - [24/Jan/2022:10:23:18 +0800] "GET /xingrg/kc/buy/cgsh_order_add.html HTTP/1.1" 200 65449
116.235.94.49 - - [24/Jan/2022:10:23:18 +0800] "GET /xingrg/css/base.css HTTP/1.1" 304 -
116.235.94.49 - - [24/Jan/2022:10:23:18 +0800] "GET /xingrg/css/site.css HTTP/1.1" 304 -
116.235.94.49 - - [24/Jan/2022:10:23:18 +0800] "GET /xingrg/javascript/easyui/themes/default/easyui.css HTTP/1.1" 304 -
116.235.94.49 - - [24/Jan/2022:10:23:18 +0800] "GET /xingrg/javascript/jquery_tools/fix.css HTTP/1.1" 304 -
116.235.94.49 - - [24/Jan/2022:10:23:18 +0800] "GET /xingrg/javascript/auto/jquery.autocomplete.css HTTP/1.1" 304 -
116.235.94.49 - - [24/Jan/2022:10:23:18 +0800] "GET /xingrg/javascript/jquery_tools/table.css HTTP/1.1" 304 -
116.235.94.49 - - [24/Jan/2022:10:23:18 +0800] "GET /xingrg/javascript/jquery_tools/datebox.css HTTP/1.1" 304 -
116.235.94.49 - - [24/Jan/2022:10:23:18 +0800] "GET /xingrg/javascript/pic_change.js HTTP/1.1" 304 -
116.235.94.49 - - [24/Jan/2022:10:23:18 +0800] "GET /xingrg/javascript/easyui/themes/icon.css HTTP/1.1" 304 -
116.235.94.49 - - [24/Jan/2022:10:23:18 +0800] "GET /xingrg/javascript/jquery_tools/jquery.tools.hotkey.js HTTP/1.1" 304 -
116.235.94.49 - - [24/Jan/2022:10:23:18 +0800] "GET /xingrg/javascript/jquery_tools/jquery.tools.min.js HTTP/1.1" 304 -
116.235.94.49 - - [24/Jan/2022:10:23:18 +0800] "GET /xingrg/javascript/auto/jquery.autocomplete.js HTTP/1.1" 304 -
116.235.94.49 - - [24/Jan/2022:10:23:18 +0800] "GET /xingrg/javascript/jquery_tools/jquery.tools.table.js HTTP/1.1" 304 -
116.235.94.49 - - [24/Jan/2022:10:23:18 +0800] "GET /xingrg/javascript/jquery.utils.js HTTP/1.1" 304 -
116.235.94.49 - - [24/Jan/2022:10:23:18 +0800] "GET /xingrg/javascript/convert.js HTTP/1.1" 304 -
116.235.94.49 - - [24/Jan/2022:10:23:18 +0800] "GET /xingrg/javascript/jquery.cookie.js HTTP/1.1" 304 -
116.235.94.49 - - [24/Jan/2022:10:23:18 +0800] "GET /xingrg/javascript/easyui/easyloader.js HTTP/1.1" 304 -
116.235.94.49 - - [24/Jan/2022:10:23:18 +0800] "GET /xingrg/javascript/jquery_tools/order_manager.js HTTP/1.1" 304 -
116.235.94.49 - - [24/Jan/2022:10:23:18 +0800] "GET /xingrg/javascript/json2.js HTTP/1.1" 304 -
116.235.94.49 - - [24/Jan/2022:10:23:18 +0800] "GET /xingrg/javascript/print/LodopFuncs.js HTTP/1.1" 304 -
116.235.94.49 - - [24/Jan/2022:10:23:18 +0800] "GET /xingrg/javascript/print/kc_print.js HTTP/1.1" 304 -
116.235.94.49 - - [24/Jan/2022:10:23:18 +0800] "GET /xingrg/javascript/jquery_tools/jquery.tools.extend.js HTTP/1.1" 304 -
124.78.156.14 - - [24/Jan/2022:10:23:18 +0800] "GET /xingrg/all/function/internal_message.html?_=1642990998521&CODE_STATE=getMsg HTTP/1.1" 200 27
124.78.156.14 - - [24/Jan/2022:10:23:19 +0800] "POST /xingrg/kc/buy/cgsh_order_operate.html HTTP/1.1" 200 9154
116.235.94.49 - - [24/Jan/2022:10:23:19 +0800] "GET /xingrg/words/20220123141653_words.js HTTP/1.1" 304 -
116.235.94.49 - - [24/Jan/2022:10:23:20 +0800] "GET /xingrg/javascript/easyui/themes/icons/copy_new.png HTTP/1.1" 304 -
116.235.94.49 - - [24/Jan/2022:10:23:20 +0800] "GET /xingrg/javascript/easyui/themes/icons/template_new.png HTTP/1.1" 304 -
116.235.94.49 - - [24/Jan/2022:10:23:20 +0800] "GET /xingrg/javascript/easyui/themes/icons/ok.png HTTP/1.1" 304 -
116.235.94.49 - - [24/Jan/2022:10:23:20 +0800] "GET /xingrg/javascript/easyui/themes/icons/print.png HTTP/1.1" 304 -
116.235.94.49 - - [24/Jan/2022:10:23:20 +0800] "GET /xingrg/javascript/easyui/themes/default/images/menu_downarrow.png HTTP/1.1" 304 -
116.235.94.49 - - [24/Jan/2022:10:23:20 +0800] "GET /xingrg/javascript/easyui/themes/icons/cancel.png HTTP/1.1" 304 -
116.235.94.49 - - [24/Jan/2022:10:23:20 +0800] "GET /xingrg/javascript/easyui/plugins/jquery.parser.js HTTP/1.1" 304 -
116.235.94.49 - - [24/Jan/2022:10:23:20 +0800] "POST /xingrg/kc/buy/cgsh_order_operate.html HTTP/1.1" 200 8245
116.235.94.49 - - [24/Jan/2022:10:23:20 +0800] "GET /xingrg/javascript/easyui/themes/default/images/button_plain_hover.png HTTP/1.1" 304 -
116.235.94.49 - - [24/Jan/2022:10:23:20 +0800] "GET /xingrg/all/function/internal_message.html?_=1642991141989&CODE_STATE=getMsg HTTP/1.1" 200 27
116.235.94.49 - - [24/Jan/2022:10:23:20 +0800] "GET /xingrg/all/common/auto_word.html?type=employee&rest_code=00104 HTTP/1.1" 200 245
116.235.94.49 - - [24/Jan/2022:10:23:20 +0800] "GET /xingrg/all/common/auto_word.html?type=employee&rest_code=00104 HTTP/1.1" 200 245
180.169.147.146 - - [24/Jan/2022:10:23:20 +0800] "GET /xingrg/all/function/internal_message.html?_=1642991000736&CODE_STATE=getMsg HTTP/1.1" 200 27
116.235.94.49 - - [24/Jan/2022:10:23:21 +0800] "GET /xingrg/javascript/easyui/themes/default/images/button_plain_hover.png HTTP/1.1" 304 -
116.235.94.49 - - [24/Jan/2022:10:23:21 +0800] "GET /xingrg/javascript/easyui/themes/default/validatebox.css HTTP/1.1" 404 1104
116.235.94.49 - - [24/Jan/2022:10:23:21 +0800] "GET /xingrg/javascript/easyui/plugins/jquery.validatebox.js HTTP/1.1" 304 -
116.235.94.49 - - [24/Jan/2022:10:23:21 +0800] "GET /xingrg/javascript/easyui/plugins/jquery.numberbox.js HTTP/1.1" 304 -
58.39.168.32 - - [24/Jan/2022:10:23:23 +0800] "GET /xingrg/check_reg.html?_=1642990941491 HTTP/1.1" 200 22
58.39.168.32 - - [24/Jan/2022:10:23:23 +0800] "GET /xingrg/all/function/internal_message.html?_=1642990941494&CODE_STATE=getMsg HTTP/1.1" 200 27
