180.169.147.146 - - [24/Jan/2022:09:19:51 +0800] "GET /xingrg/all/function/internal_message.html?_=1642987190930&CODE_STATE=getMsg HTTP/1.1" 200 27
180.169.147.146 - - [24/Jan/2022:09:19:51 +0800] "GET /xingrg/check_reg.html?_=1642987190932 HTTP/1.1" 200 22
222.70.217.149 - - [24/Jan/2022:09:19:51 +0800] "GET /xingrg/index.html?sysBaseUrl=http%3A%2F%2F180.169.147.146%3A18081%2Fxingrg%2F&costTime=1277×tamp=1606817596806 HTTP/1.1" 200 17179
222.70.217.149 - - [24/Jan/2022:09:19:51 +0800] "GET /favicon.ico HTTP/1.1" 404 -
222.70.217.149 - - [24/Jan/2022:09:19:51 +0800] "POST /xingrg/all/common/load_tree.html?tree=area_rest_tree_json&manage=1 HTTP/1.1" 200 351
222.70.217.149 - - [24/Jan/2022:09:19:51 +0800] "GET /xingrg/all/function/internal_message.html?_=1642987175314&CODE_STATE=count HTTP/1.1" 200 11
222.70.217.149 - - [24/Jan/2022:09:19:51 +0800] "GET /xingrg/check_reg.html?_=1642987175314 HTTP/1.1" 200 22
222.70.217.149 - - [24/Jan/2022:09:19:51 +0800] "POST /xingrg/load_menu.html HTTP/1.1" 200 5138
120.253.135.82 - - [24/Jan/2022:09:19:52 +0800] "POST /xingrg/kc/pszx/mdps_list_operate.html HTTP/1.1" 200 2048
114.84.146.162 - - [24/Jan/2022:09:19:54 +0800] "GET /xingrg/check_reg.html?_=1642986993530 HTTP/1.1" 200 22
222.70.217.149 - - [24/Jan/2022:09:19:55 +0800] "GET /xingrg/kc/buy/cgsh_order_list.html HTTP/1.1" 200 49645
58.39.168.32 - - [24/Jan/2022:09:19:55 +0800] "POST /xingrg/kc/buy/cgsh_order_operate.html HTTP/1.1" 200 37
58.39.168.32 - - [24/Jan/2022:09:19:56 +0800] "POST /xingrg/kc/buy/cgsh_order_operate.html HTTP/1.1" 200 47530
180.152.99.39 - - [24/Jan/2022:09:19:57 +0800] "GET /xingrg/kc/buy/cgsh_order_operate.html?command=get_materiel&rest_code=00150&code=00101015112&supplier_code=00100007&order_time=2022-01-24 HTTP/1.1" 200 403
120.253.135.82 - - [24/Jan/2022:09:19:58 +0800] "POST /xingrg/kc/pszx/mdps_list_operate.html HTTP/1.1" 200 599
58.39.168.32 - - [24/Jan/2022:09:20:00 +0800] "GET /xingrg/index.html?sysBaseUrl=http%3A%2F%2F180.169.147.146%3A18081%2Fxingrg%2F&costTime=36×tamp=1585222720700 HTTP/1.1" 200 17173
222.70.217.149 - - [24/Jan/2022:09:20:00 +0800] "POST /xingrg/kc/buy/cgsh_list_operate.html HTTP/1.1" 200 2774
58.39.168.32 - - [24/Jan/2022:09:20:00 +0800] "POST /xingrg/all/common/load_tree.html?tree=area_rest_tree_json&manage=1 HTTP/1.1" 200 3472
58.39.168.32 - - [24/Jan/2022:09:20:00 +0800] "GET /xingrg/all/function/internal_message.html?_=1642987201305&CODE_STATE=count HTTP/1.1" 200 11
58.39.168.32 - - [24/Jan/2022:09:20:00 +0800] "GET /xingrg/check_reg.html?_=1642987201305 HTTP/1.1" 200 22
58.39.168.32 - - [24/Jan/2022:09:20:00 +0800] "POST /xingrg/load_menu.html HTTP/1.1" 200 5138
58.39.168.32 - - [24/Jan/2022:09:20:00 +0800] "GET /favicon.ico HTTP/1.1" 404 -
180.152.99.73 - - [24/Jan/2022:09:20:01 +0800] "POST /xingrg/kc/base/wldb_order_operate.html HTTP/1.1" 200 37
222.70.217.149 - - [24/Jan/2022:09:20:01 +0800] "POST /xingrg/kc/buy/cgsh_list_operate.html HTTP/1.1" 200 572
222.70.217.149 - - [24/Jan/2022:09:20:02 +0800] "GET /xingrg/kc/buy/cgsh_order_info.html?code=212022012412141 HTTP/1.1" 200 65385
222.70.217.149 - - [24/Jan/2022:09:20:02 +0800] "GET /xingrg/all/common/auto_word.html?type=employee&rest_code=00155 HTTP/1.1" 200 205
222.70.217.149 - - [24/Jan/2022:09:20:02 +0800] "GET /xingrg/all/common/auto_word.html?type=employee&rest_code=00155 HTTP/1.1" 200 205
222.70.217.149 - - [24/Jan/2022:09:20:02 +0800] "GET /xingrg/javascript/easyui/themes/default/validatebox.css HTTP/1.1" 404 1104
222.70.217.149 - - [24/Jan/2022:09:20:03 +0800] "POST /xingrg/kc/buy/cgsh_order_operate.html HTTP/1.1" 200 19254
180.152.99.73 - - [24/Jan/2022:09:20:03 +0800] "POST /xingrg/kc/base/wldb_order_operate.html HTTP/1.1" 200 12
180.152.99.73 - - [24/Jan/2022:09:20:03 +0800] "POST /xingrg/kc/base/wldb_order_operate.html HTTP/1.1" 200 3131
180.152.99.73 - - [24/Jan/2022:09:20:05 +0800] "GET /xingrg/kc/base/wldb_order_info.html?code=422022012403146 HTTP/1.1" 200 26159
180.152.99.73 - - [24/Jan/2022:09:20:05 +0800] "GET /xingrg/javascript/easyui/themes/default/validatebox.css HTTP/1.1" 404 1104
180.152.99.73 - - [24/Jan/2022:09:20:05 +0800] "POST /xingrg/kc/base/wldb_order_operate.html HTTP/1.1" 200 1403
222.70.217.149 - - [24/Jan/2022:09:20:07 +0800] "GET /xingrg/javascript/auto/indicator.gif HTTP/1.1" 404 1066
180.152.99.73 - - [24/Jan/2022:09:20:08 +0800] "GET /xingrg/kc/base/wldb_order_add.html HTTP/1.1" 200 30280
180.152.99.73 - - [24/Jan/2022:09:20:08 +0800] "POST /xingrg/kc/base/wldb_order_operate.html HTTP/1.1" 200 6806
180.152.99.73 - - [24/Jan/2022:09:20:08 +0800] "GET /xingrg/javascript/easyui/themes/default/validatebox.css HTTP/1.1" 404 1104
101.83.241.190 - - [24/Jan/2022:09:20:09 +0800] "GET /xingrg/all/function/internal_message.html?_=1642987209897&CODE_STATE=getMsg HTTP/1.1" 200 27
180.152.99.39 - - [24/Jan/2022:09:20:09 +0800] "GET /xingrg/kc/buy/cgsh_order_operate.html?command=get_materiel&rest_code=00150&code=00101008041&supplier_code=00100007&order_time=2022-01-24 HTTP/1.1" 200 408
222.70.217.149 - - [24/Jan/2022:09:20:11 +0800] "GET /xingrg/kc/buy/cgsh_order_operate.html?command=get_materiel&rest_code=00155&code=00101008318&supplier_code=00100005&order_time=2022-01-24 HTTP/1.1" 200 408
180.157.251.97 - - [24/Jan/2022:09:20:11 +0800] "GET /xingrg/all/function/internal_message.html?_=1642987211170&CODE_STATE=getMsg HTTP/1.1" 200 27
180.152.99.39 - - [24/Jan/2022:09:20:12 +0800] "GET /xingrg/all/function/internal_message.html?_=1642987142749&CODE_STATE=getMsg HTTP/1.1" 200 27
180.157.251.97 - - [24/Jan/2022:09:20:18 +0800] "GET /xingrg/all/function/internal_message.html?_=1642987219670&CODE_STATE=getMsg HTTP/1.1" 200 27
58.39.168.32 - - [24/Jan/2022:09:20:19 +0800] "GET /xingrg/kc/buy/cgsh_order_list.html HTTP/1.1" 200 49639
116.235.94.49 - - [24/Jan/2022:09:20:20 +0800] "GET /xingrg/all/function/internal_message.html?_=1642987361939&CODE_STATE=getMsg HTTP/1.1" 200 27
222.70.217.149 - - [24/Jan/2022:09:20:21 +0800] "GET /xingrg/kc/buy/cgsh_order_operate.html?command=get_materiel&rest_code=00155&code=00101008371&supplier_code=00100005&order_time=2022-01-24 HTTP/1.1" 200 412
120.253.135.82 - - [24/Jan/2022:09:20:22 +0800] "POST /xingrg/kc/pszx/mdps_list_operate.html HTTP/1.1" 200 212
58.39.168.32 - - [24/Jan/2022:09:20:22 +0800] "POST /xingrg/kc/buy/cgsh_list_operate.html HTTP/1.1" 200 2045
120.253.135.82 - - [24/Jan/2022:09:20:22 +0800] "GET /xingrg/kc/pszx/mdps_order_info.html?code=312022012100748 HTTP/1.1" 200 23925
58.39.168.32 - - [24/Jan/2022:09:20:23 +0800] "GET /xingrg/all/function/internal_message.html?_=1642987161389&CODE_STATE=getMsg HTTP/1.1" 200 27
120.253.135.82 - - [24/Jan/2022:09:20:23 +0800] "GET /xingrg/javascript/easyui/themes/default/validatebox.css HTTP/1.1" 404 1104
120.253.135.82 - - [24/Jan/2022:09:20:23 +0800] "POST /xingrg/kc/pszx/mdps_order_operate.html HTTP/1.1" 200 2290
101.80.229.199 - - [24/Jan/2022:09:20:23 +0800] "GET /xingrg/check_reg.html?_=1642987223609 HTTP/1.1" 200 22
101.80.229.199 - - [24/Jan/2022:09:20:23 +0800] "GET /xingrg/all/function/internal_message.html?_=1642987223613&CODE_STATE=getMsg HTTP/1.1" 200 27
58.39.168.32 - - [24/Jan/2022:09:20:25 +0800] "POST /xingrg/kc/buy/cgsh_list_operate.html HTTP/1.1" 200 572
58.39.168.32 - - [24/Jan/2022:09:20:25 +0800] "GET /xingrg/kc/buy/cgsh_order_info.html?code=212022012412137 HTTP/1.1" 200 65499
58.39.168.32 - - [24/Jan/2022:09:20:25 +0800] "GET /xingrg/all/common/auto_word.html?type=employee&rest_code=00105 HTTP/1.1" 200 193
58.39.168.32 - - [24/Jan/2022:09:20:25 +0800] "GET /xingrg/all/common/auto_word.html?type=employee&rest_code=00105 HTTP/1.1" 200 193
58.39.168.32 - - [24/Jan/2022:09:20:25 +0800] "GET /xingrg/javascript/easyui/themes/default/validatebox.css HTTP/1.1" 404 1104
222.70.217.149 - - [24/Jan/2022:09:20:26 +0800] "GET /xingrg/kc/buy/cgsh_order_operate.html?command=get_materiel&rest_code=00155&code=00101019555&supplier_code=00100005&order_time=2022-01-24 HTTP/1.1" 200 409
58.39.168.32 - - [24/Jan/2022:09:20:26 +0800] "POST /xingrg/kc/buy/cgsh_order_operate.html HTTP/1.1" 200 47530
120.253.135.82 - - [24/Jan/2022:09:20:26 +0800] "GET /xingrg/kc/print/load_data.html?order_code=312022012100748&kc_code=mdps&condition= HTTP/1.1" 200 685
180.152.99.73 - - [24/Jan/2022:09:20:26 +0800] "GET /xingrg/kc/base/wldb_order_operate.html?command=get_materiel&rest_code=00150&base_code=0010446&code=00102002321 HTTP/1.1" 200 448
172.20.0.100 - - [24/Jan/2022:09:20:28 +0800] "GET /xingrg/all/function/internal_message.html?_=1642987227652&CODE_STATE=getMsg HTTP/1.1" 200 27
222.70.217.149 - - [24/Jan/2022:09:20:29 +0800] "GET /xingrg/kc/buy/cgsh_order_operate.html?command=get_materiel&rest_code=00155&code=00101008353&supplier_code=00100005&order_time=2022-01-24 HTTP/1.1" 200 408
114.84.146.162 - - [24/Jan/2022:09:20:30 +0800] "GET /xingrg/all/function/internal_message.html?_=1642987029427&CODE_STATE=getMsg HTTP/1.1" 200 27
180.152.99.73 - - [24/Jan/2022:09:20:33 +0800] "GET /xingrg/kc/base/wldb_order_operate.html?command=get_materiel&rest_code=00150&base_code=0010446&code=00102002022 HTTP/1.1" 200 458
222.70.217.149 - - [24/Jan/2022:09:20:34 +0800] "GET /xingrg/kc/buy/cgsh_order_operate.html?command=get_materiel&rest_code=00155&code=00101008242&supplier_code=00100005&order_time=2022-01-24 HTTP/1.1" 200 408
222.70.217.149 - - [24/Jan/2022:09:20:36 +0800] "POST /xingrg/kc/buy/cgsh_order_operate.html HTTP/1.1" 200 2065
180.169.147.146 - - [24/Jan/2022:09:20:36 +0800] "GET /xingrg/all/function/internal_message.html?_=1642987238692&CODE_STATE=getMsg HTTP/1.1" 200 27
180.169.147.146 - - [24/Jan/2022:09:20:36 +0800] "GET /xingrg/check_reg.html?_=1642987238694 HTTP/1.1" 200 22
180.152.99.73 - - [24/Jan/2022:09:20:37 +0800] "GET /xingrg/all/function/internal_message.html?_=1642987238276&CODE_STATE=getMsg HTTP/1.1" 200 27
114.95.98.1 - - [24/Jan/2022:09:20:39 +0800] "GET /xingrg/all/function/internal_message.html?_=1642987239778&CODE_STATE=getMsg HTTP/1.1" 200 27
120.253.135.82 - - [24/Jan/2022:09:20:40 +0800] "GET /xingrg/all/function/internal_message.html?_=1642987029869&CODE_STATE=getMsg HTTP/1.1" 200 27
58.39.168.32 - - [24/Jan/2022:09:20:40 +0800] "POST /xingrg/kc/buy/cgsh_order_operate.html HTTP/1.1" 200 2065
222.70.217.149 - - [24/Jan/2022:09:20:42 +0800] "GET /xingrg/kc/buy/cgsh_order_operate.html?command=get_materiel&rest_code=00155&code=00101008283&supplier_code=00100005&order_time=2022-01-24 HTTP/1.1" 200 408
222.70.217.149 - - [24/Jan/2022:09:20:46 +0800] "GET /xingrg/kc/buy/cgsh_order_operate.html?command=get_materiel&rest_code=00155&code=00101008223&supplier_code=00100005&order_time=2022-01-24 HTTP/1.1" 200 412
58.39.168.32 - - [24/Jan/2022:09:20:49 +0800] "GET /xingrg/javascript/auto/indicator.gif HTTP/1.1" 404 1066
180.169.147.146 - - [24/Jan/2022:09:20:51 +0800] "GET /xingrg/all/function/internal_message.html?_=1642987250920&CODE_STATE=getMsg HTTP/1.1" 200 27
222.70.217.149 - - [24/Jan/2022:09:20:51 +0800] "GET /xingrg/all/function/internal_message.html?_=1642987235316&CODE_STATE=getMsg HTTP/1.1" 200 27
58.39.168.32 - - [24/Jan/2022:09:20:52 +0800] "GET /xingrg/kc/buy/cgsh_order_operate.html?command=get_materiel&rest_code=00105&code=00101008261&supplier_code=00100203&order_time=2022-01-24 HTTP/1.1" 200 408
222.70.217.149 - - [24/Jan/2022:09:20:54 +0800] "GET /xingrg/kc/buy/cgsh_order_operate.html?command=get_materiel&rest_code=00155&code=00101008270&supplier_code=00100005&order_time=2022-01-24 HTTP/1.1" 200 412
120.253.135.82 - - [24/Jan/2022:09:20:54 +0800] "GET /xingrg/check_reg.html?_=1642987044036 HTTP/1.1" 200 22
180.152.99.73 - - [24/Jan/2022:09:20:56 +0800] "POST /xingrg/kc/base/wldb_order_operate.html HTTP/1.1" 200 37
180.152.99.73 - - [24/Jan/2022:09:20:58 +0800] "POST /xingrg/kc/base/wldb_order_operate.html HTTP/1.1" 200 12
180.152.99.73 - - [24/Jan/2022:09:20:58 +0800] "POST /xingrg/kc/base/wldb_order_operate.html HTTP/1.1" 200 2698
222.70.217.149 - - [24/Jan/2022:09:20:58 +0800] "GET /xingrg/kc/buy/cgsh_order_operate.html?command=get_materiel&rest_code=00155&code=00101008331&supplier_code=00100005&order_time=2022-01-24 HTTP/1.1" 200 416
180.152.99.73 - - [24/Jan/2022:09:21:00 +0800] "GET /xingrg/kc/base/wldb_order_info.html?code=422022012403147 HTTP/1.1" 200 26158
58.39.168.32 - - [24/Jan/2022:09:21:00 +0800] "GET /xingrg/all/function/internal_message.html?_=1642987261312&CODE_STATE=getMsg HTTP/1.1" 200 27
180.152.99.73 - - [24/Jan/2022:09:21:00 +0800] "GET /xingrg/javascript/easyui/themes/default/validatebox.css HTTP/1.1" 404 1104
180.152.99.73 - - [24/Jan/2022:09:21:00 +0800] "POST /xingrg/kc/base/wldb_order_operate.html HTTP/1.1" 200 981
222.70.217.149 - - [24/Jan/2022:09:21:04 +0800] "GET /xingrg/kc/buy/cgsh_order_operate.html?command=get_materiel&rest_code=00155&code=00101008114&supplier_code=00100005&order_time=2022-01-24 HTTP/1.1" 200 413
180.152.99.73 - - [24/Jan/2022:09:21:05 +0800] "GET /xingrg/kc/base/wldb_order_add.html HTTP/1.1" 200 30280
180.152.99.73 - - [24/Jan/2022:09:21:05 +0800] "GET /xingrg/javascript/easyui/themes/default/validatebox.css HTTP/1.1" 404 1104
180.152.99.73 - - [24/Jan/2022:09:21:05 +0800] "POST /xingrg/kc/base/wldb_order_operate.html HTTP/1.1" 200 6806
222.70.217.149 - - [24/Jan/2022:09:21:08 +0800] "POST /xingrg/kc/buy/cgsh_order_operate.html HTTP/1.1" 200 2065
101.83.241.190 - - [24/Jan/2022:09:21:09 +0800] "GET /xingrg/all/function/internal_message.html?_=1642987269908&CODE_STATE=getMsg HTTP/1.1" 200 27
58.39.168.32 - - [24/Jan/2022:09:21:10 +0800] "GET /xingrg/kc/buy/cgsh_order_operate.html?command=get_materiel&rest_code=00105&code=00101008331&supplier_code=00100203&order_time=2022-01-24 HTTP/1.1" 200 416
180.157.251.97 - - [24/Jan/2022:09:21:11 +0800] "GET /xingrg/all/function/internal_message.html?_=1642987271169&CODE_STATE=getMsg HTTP/1.1" 200 27
222.70.217.149 - - [24/Jan/2022:09:21:12 +0800] "GET /xingrg/kc/buy/cgsh_order_operate.html?command=get_materiel&rest_code=00155&code=00101008229&supplier_code=00100005&order_time=2022-01-24 HTTP/1.1" 200 420
180.152.99.39 - - [24/Jan/2022:09:21:12 +0800] "GET /xingrg/check_reg.html?_=1642987202638 HTTP/1.1" 200 22
180.152.99.39 - - [24/Jan/2022:09:21:12 +0800] "GET /xingrg/all/function/internal_message.html?_=1642987202762&CODE_STATE=getMsg HTTP/1.1" 200 27
180.152.99.73 - - [24/Jan/2022:09:21:16 +0800] "GET /xingrg/kc/base/wldb_order_operate.html?command=get_materiel&rest_code=00150&base_code=0010445&code=00101019448 HTTP/1.1" 200 470
222.70.217.149 - - [24/Jan/2022:09:21:18 +0800] "GET /xingrg/kc/buy/cgsh_order_operate.html?command=get_materiel&rest_code=00155&code=00101008196&supplier_code=00100005&order_time=2022-01-24 HTTP/1.1" 200 416
180.152.99.39 - - [24/Jan/2022:09:21:18 +0800] "GET /xingrg/javascript/jquery_easy_ui/themes/default/images/button_a_bg.gif HTTP/1.1" 304 -
180.152.99.39 - - [24/Jan/2022:09:21:18 +0800] "GET /xingrg/javascript/jquery_easy_ui/themes/default/images/button_span_bg.gif HTTP/1.1" 304 -
180.152.99.39 - - [24/Jan/2022:09:21:18 +0800] "GET /xingrg/javascript/jquery_easy_ui/themes/icons/ok.png HTTP/1.1" 304 -
180.152.99.39 - - [24/Jan/2022:09:21:18 +0800] "GET /xingrg/javascript/jquery_easy_ui/themes/default/images/panel_title.png HTTP/1.1" 304 -
180.152.99.39 - - [24/Jan/2022:09:21:18 +0800] "GET /xingrg/javascript/jquery_easy_ui/themes/default/images/panel_tools.gif HTTP/1.1" 304 -
180.157.251.97 - - [24/Jan/2022:09:21:18 +0800] "GET /xingrg/all/function/internal_message.html?_=1642987279671&CODE_STATE=getMsg HTTP/1.1" 200 27
180.157.251.97 - - [24/Jan/2022:09:21:18 +0800] "GET /xingrg/check_reg.html?_=1642987279674 HTTP/1.1" 200 22
58.39.168.32 - - [24/Jan/2022:09:21:18 +0800] "GET /xingrg/kc/buy/cgsh_order_operate.html?command=get_materiel&rest_code=00105&code=00101008358&supplier_code=00100203&order_time=2022-01-24 HTTP/1.1" 200 412
116.235.94.49 - - [24/Jan/2022:09:21:20 +0800] "GET /xingrg/all/function/internal_message.html?_=1642987421937&CODE_STATE=getMsg HTTP/1.1" 200 27
180.152.99.39 - - [24/Jan/2022:09:21:21 +0800] "POST /xingrg/all/user/operate.html HTTP/1.1" 200 36
180.152.99.39 - - [24/Jan/2022:09:21:21 +0800] "GET /xingrg/javascript/jquery_easy_ui/themes/default/easyui.css HTTP/1.1" 304 -
180.152.99.39 - - [24/Jan/2022:09:21:21 +0800] "GET /xingrg/javascript/jquery_easy_ui/themes/icon.css HTTP/1.1" 304 -
180.152.99.39 - - [24/Jan/2022:09:21:21 +0800] "GET /xingrg/index.html?sysBaseUrl=http%3A%2F%2F180.169.147.146%3A18081%2Fxingrg%2F&costTime=40×tamp=1642986972429 HTTP/1.1" 200 17177
180.152.99.39 - - [24/Jan/2022:09:21:21 +0800] "GET /xingrg/css/form.css HTTP/1.1" 304 -
180.152.99.39 - - [24/Jan/2022:09:21:21 +0800] "GET /xingrg/javascript/jquery-1.4.2.min.js HTTP/1.1" 304 -
180.152.99.39 - - [24/Jan/2022:09:21:21 +0800] "GET /xingrg/javascript/jquery_easy_ui/jquery.easyui.min.js HTTP/1.1" 304 -
180.152.99.39 - - [24/Jan/2022:09:21:21 +0800] "GET /xingrg/javascript/jquery_easy_ui/easyui-lang-zh_CN.js HTTP/1.1" 304 -
180.152.99.39 - - [24/Jan/2022:09:21:21 +0800] "GET /xingrg/javascript/jquery.form.js HTTP/1.1" 304 -
180.152.99.39 - - [24/Jan/2022:09:21:21 +0800] "GET /xingrg/javascript/jquery.utils.js HTTP/1.1" 304 -
180.152.99.39 - - [24/Jan/2022:09:21:21 +0800] "GET /xingrg/javascript/jquery.timers.js HTTP/1.1" 304 -
180.152.99.39 - - [24/Jan/2022:09:21:21 +0800] "GET /xingrg/images/blue/jxLogo.png HTTP/1.1" 304 -
180.152.99.39 - - [24/Jan/2022:09:21:21 +0800] "GET /xingrg/images/blue/navBackgound.jpg HTTP/1.1" 304 -
180.152.99.39 - - [24/Jan/2022:09:21:21 +0800] "GET /xingrg/javascript/jquery_easy_ui/themes/icons/settle_new.png HTTP/1.1" 304 -
180.152.99.39 - - [24/Jan/2022:09:21:21 +0800] "POST /xingrg/all/common/load_tree.html?tree=area_rest_tree_json&manage=1 HTTP/1.1" 200 476
180.152.99.39 - - [24/Jan/2022:09:21:21 +0800] "GET /xingrg/images/blue/pingpu.png HTTP/1.1" 304 -
180.152.99.39 - - [24/Jan/2022:09:21:21 +0800] "GET /xingrg/javascript/jquery_easy_ui/themes/default/images/tabs_leftarrow.png HTTP/1.1" 304 -
180.152.99.39 - - [24/Jan/2022:09:21:21 +0800] "GET /xingrg/javascript/jquery_easy_ui/themes/default/images/tabs_rightarrow.png HTTP/1.1" 304 -
180.152.99.39 - - [24/Jan/2022:09:21:21 +0800] "GET /xingrg/javascript/jquery_easy_ui/themes/default/images/panel_tool_collapse.gif HTTP/1.1" 304 -
180.152.99.39 - - [24/Jan/2022:09:21:21 +0800] "GET /xingrg/all/function/internal_message.html?_=1642987211492&CODE_STATE=count HTTP/1.1" 200 11
180.152.99.39 - - [24/Jan/2022:09:21:21 +0800] "GET /xingrg/check_reg.html?_=1642987211493 HTTP/1.1" 200 22
180.152.99.39 - - [24/Jan/2022:09:21:21 +0800] "POST /xingrg/load_menu.html HTTP/1.1" 200 5138
180.152.99.73 - - [24/Jan/2022:09:21:22 +0800] "GET /xingrg/kc/base/wldb_order_operate.html?command=get_materiel&rest_code=00150&base_code=0010445&code=00101019079 HTTP/1.1" 200 465
58.39.168.32 - - [24/Jan/2022:09:21:23 +0800] "GET /xingrg/all/function/internal_message.html?_=1642987221390&CODE_STATE=getMsg HTTP/1.1" 200 27
101.80.229.199 - - [24/Jan/2022:09:21:23 +0800] "GET /xingrg/all/function/internal_message.html?_=1642987283616&CODE_STATE=getMsg HTTP/1.1" 200 27
222.70.217.149 - - [24/Jan/2022:09:21:24 +0800] "GET /xingrg/kc/buy/cgsh_order_operate.html?command=get_materiel&rest_code=00155&code=00101008125&supplier_code=00100005&order_time=2022-01-24 HTTP/1.1" 200 432
180.152.99.39 - - [24/Jan/2022:09:21:25 +0800] "GET /xingrg/kc/buy/cgsh_order_list.html HTTP/1.1" 200 49643
114.86.225.150 - - [24/Jan/2022:09:21:26 +0800] "GET /xingrg/login.html HTTP/1.1" 200 7641
114.86.225.150 - - [24/Jan/2022:09:21:26 +0800] "GET /xingrg/images/blue/jxLogo.png HTTP/1.1" 200 6156
114.86.225.150 - - [24/Jan/2022:09:21:26 +0800] "GET /xingrg/images/blue/hj.png HTTP/1.1" 200 1014
114.86.225.150 - - [24/Jan/2022:09:21:26 +0800] "GET /xingrg/images/blue/srbg.png HTTP/1.1" 200 138
180.152.99.39 - - [24/Jan/2022:09:21:26 +0800] "POST /xingrg/kc/buy/cgsh_list_operate.html HTTP/1.1" 200 876
114.86.225.150 - - [24/Jan/2022:09:21:26 +0800] "GET /xingrg/images/blue/login_bg.png HTTP/1.1" 200 22101
114.86.225.150 - - [24/Jan/2022:09:21:26 +0800] "GET /favicon.ico HTTP/1.1" 404 -
58.39.168.32 - - [24/Jan/2022:09:21:26 +0800] "GET /xingrg/kc/buy/cgsh_order_operate.html?command=get_materiel&rest_code=00105&code=00101010136&supplier_code=00100203&order_time=2022-01-24 HTTP/1.1" 200 408
180.152.99.39 - - [24/Jan/2022:09:21:27 +0800] "GET /xingrg/kc/buy/cgsh_order_add.html HTTP/1.1" 200 65024
180.152.99.73 - - [24/Jan/2022:09:21:27 +0800] "GET /xingrg/kc/base/wldb_order_operate.html?command=get_materiel&rest_code=00150&base_code=0010445&code=00101019430 HTTP/1.1" 200 463
172.20.0.100 - - [24/Jan/2022:09:21:28 +0800] "GET /xingrg/all/function/internal_message.html?_=1642987287627&CODE_STATE=getMsg HTTP/1.1" 200 27
180.152.99.39 - - [24/Jan/2022:09:21:28 +0800] "POST /xingrg/kc/buy/cgsh_order_operate.html HTTP/1.1" 200 8245
180.152.99.39 - - [24/Jan/2022:09:21:28 +0800] "GET /xingrg/all/common/auto_word.html?type=employee&rest_code=00151 HTTP/1.1" 200 293
180.152.99.39 - - [24/Jan/2022:09:21:28 +0800] "GET /xingrg/all/common/auto_word.html?type=employee&rest_code=00151 HTTP/1.1" 200 293
180.152.99.39 - - [24/Jan/2022:09:21:28 +0800] "GET /xingrg/javascript/easyui/themes/default/validatebox.css HTTP/1.1" 404 1104
180.152.99.39 - - [24/Jan/2022:09:21:30 +0800] "GET /xingrg/javascript/auto/indicator.gif HTTP/1.1" 404 1066
114.84.146.162 - - [24/Jan/2022:09:21:30 +0800] "GET /xingrg/all/function/internal_message.html?_=1642987089408&CODE_STATE=getMsg HTTP/1.1" 200 27
114.86.225.150 - - [24/Jan/2022:09:21:31 +0800] "POST /xingrg/login.do HTTP/1.1" 302 -
114.86.225.150 - - [24/Jan/2022:09:21:31 +0800] "GET /xingrg/index.html?sysBaseUrl=http%3A%2F%2F180.169.147.146%3A18081%2Fxingrg%2F&costTime=56×tamp=1642987291376 HTTP/1.1" 200 17173
114.86.225.150 - - [24/Jan/2022:09:21:31 +0800] "GET /xingrg/javascript/jquery_easy_ui/themes/icon.css HTTP/1.1" 200 3949
114.86.225.150 - - [24/Jan/2022:09:21:31 +0800] "GET /xingrg/javascript/jquery-1.4.2.min.js HTTP/1.1" 200 72205
114.86.225.150 - - [24/Jan/2022:09:21:31 +0800] "GET /xingrg/css/form.css HTTP/1.1" 200 893
114.86.225.150 - - [24/Jan/2022:09:21:31 +0800] "GET /xingrg/javascript/jquery_easy_ui/jquery.easyui.min.js HTTP/1.1" 200 213662
114.86.225.150 - - [24/Jan/2022:09:21:31 +0800] "GET /xingrg/javascript/jquery_easy_ui/easyui-lang-zh_CN.js HTTP/1.1" 200 1900
114.86.225.150 - - [24/Jan/2022:09:21:31 +0800] "GET /xingrg/javascript/jquery.timers.js HTTP/1.1" 200 3532
114.86.225.150 - - [24/Jan/2022:09:21:31 +0800] "GET /xingrg/javascript/jquery_easy_ui/themes/default/easyui.css HTTP/1.1" 200 26500
114.86.225.150 - - [24/Jan/2022:09:21:31 +0800] "GET /xingrg/javascript/jquery.utils.js HTTP/1.1" 200 11805
114.86.225.150 - - [24/Jan/2022:09:21:31 +0800] "GET /xingrg/javascript/jquery.form.js HTTP/1.1" 200 23110
114.86.225.150 - - [24/Jan/2022:09:21:31 +0800] "GET /xingrg/javascript/jquery_easy_ui/themes/icons/settle_new.png HTTP/1.1" 200 826
114.86.225.150 - - [24/Jan/2022:09:21:31 +0800] "GET /xingrg/images/blue/navBackgound.jpg HTTP/1.1" 200 12378
114.86.225.150 - - [24/Jan/2022:09:21:31 +0800] "GET /xingrg/images/blue/pingpu.png HTTP/1.1" 200 231
114.86.225.150 - - [24/Jan/2022:09:21:31 +0800] "POST /xingrg/all/common/load_tree.html?tree=area_rest_tree_json&manage=1 HTTP/1.1" 200 342
114.86.225.150 - - [24/Jan/2022:09:21:31 +0800] "GET /xingrg/javascript/jquery_easy_ui/themes/default/images/panel_tool_collapse.gif HTTP/1.1" 200 246
114.86.225.150 - - [24/Jan/2022:09:21:31 +0800] "GET /xingrg/all/function/internal_message.html?_=1642987291545&CODE_STATE=count HTTP/1.1" 200 11
114.86.225.150 - - [24/Jan/2022:09:21:31 +0800] "GET /xingrg/check_reg.html?_=1642987291546 HTTP/1.1" 200 22
114.86.225.150 - - [24/Jan/2022:09:21:31 +0800] "POST /xingrg/load_menu.html HTTP/1.1" 200 5138
114.86.225.150 - - [24/Jan/2022:09:21:31 +0800] "GET /xingrg/javascript/jquery_easy_ui/themes/default/images/tree_folder_open.gif HTTP/1.1" 200 956
114.86.225.150 - - [24/Jan/2022:09:21:31 +0800] "GET /xingrg/javascript/jquery_easy_ui/themes/icons/search_new.png HTTP/1.1" 200 586
114.86.225.150 - - [24/Jan/2022:09:21:31 +0800] "GET /xingrg/javascript/jquery_easy_ui/themes/default/images/tree_arrows.gif HTTP/1.1" 200 1043
114.86.225.150 - - [24/Jan/2022:09:21:31 +0800] "GET /xingrg/javascript/jquery_easy_ui/themes/icons/storage_new.png HTTP/1.1" 200 853
114.86.225.150 - - [24/Jan/2022:09:21:31 +0800] "GET /xingrg/javascript/jquery_easy_ui/themes/default/images/tree_folder.gif HTTP/1.1" 200 952
114.86.225.150 - - [24/Jan/2022:09:21:31 +0800] "GET /xingrg/javascript/jquery_easy_ui/themes/icons/forms_new.png HTTP/1.1" 200 350
222.70.217.149 - - [24/Jan/2022:09:21:32 +0800] "GET /xingrg/kc/buy/cgsh_order_operate.html?command=get_materiel&rest_code=00155&code=00101006011&supplier_code=00100005&order_time=2022-01-24 HTTP/1.1" 200 409
114.86.225.150 - - [24/Jan/2022:09:21:33 +0800] "GET /xingrg/javascript/jquery_easy_ui/themes/default/images/tabs_close.gif HTTP/1.1" 200 829
114.86.225.150 - - [24/Jan/2022:09:21:33 +0800] "GET /xingrg/kc/buy/buy_main.html HTTP/1.1" 200 12412
114.86.225.150 - - [24/Jan/2022:09:21:33 +0800] "GET /xingrg/css/new_ie.css HTTP/1.1" 404 1036
114.86.225.150 - - [24/Jan/2022:09:21:33 +0800] "GET /xingrg/javascript/pic_change.js HTTP/1.1" 200 4739
114.86.225.150 - - [24/Jan/2022:09:21:33 +0800] "GET /xingrg/javascript/ToolTips.js HTTP/1.1" 200 5615
114.86.225.150 - - [24/Jan/2022:09:21:33 +0800] "GET /xingrg/css/blue.css HTTP/1.1" 200 15949
114.86.225.150 - - [24/Jan/2022:09:21:33 +0800] "GET /xingrg/javascript/jquery_ui/jquery-ui.min.js HTTP/1.1" 200 186181
114.86.225.150 - - [24/Jan/2022:09:21:33 +0800] "GET /xingrg/javascript/jquery_ui/themes/humanity/humanity.css HTTP/1.1" 200 27801
114.86.225.150 - - [24/Jan/2022:09:21:33 +0800] "GET /xingrg/javascript/myfunction.js HTTP/1.1" 200 24559
114.86.225.150 - - [24/Jan/2022:09:21:33 +0800] "GET /xingrg/images/blue/button/cgxqd.gif HTTP/1.1" 200 2619
114.86.225.150 - - [24/Jan/2022:09:21:33 +0800] "GET /xingrg/images/blue/button/cgydd.gif HTTP/1.1" 200 2712
114.86.225.150 - - [24/Jan/2022:09:21:33 +0800] "GET /xingrg/images/blue/button/cgshd.gif HTTP/1.1" 200 2618
114.86.225.150 - - [24/Jan/2022:09:21:33 +0800] "GET /xingrg/images/blue/button/cgfkd.gif HTTP/1.1" 200 2075
114.86.225.150 - - [24/Jan/2022:09:21:33 +0800] "GET /xingrg/images/blue/button/kc.gif HTTP/1.1" 200 2160
114.86.225.150 - - [24/Jan/2022:09:21:33 +0800] "GET /xingrg/images/blue/button/ckthd.gif HTTP/1.1" 200 2045
114.86.225.150 - - [24/Jan/2022:09:21:33 +0800] "GET /xingrg/images/blue/pic_form2.gif HTTP/1.1" 200 1853
114.86.225.150 - - [24/Jan/2022:09:21:33 +0800] "GET /xingrg/images/blue/button/down_ah.jpg HTTP/1.1" 200 1732
114.86.225.150 - - [24/Jan/2022:09:21:33 +0800] "GET /xingrg/images/blue/button/right_ah.jpg HTTP/1.1" 200 1744
114.86.225.150 - - [24/Jan/2022:09:21:33 +0800] "GET /xingrg/images/blue/bg_dotted.jpg HTTP/1.1" 200 319
114.86.225.150 - - [24/Jan/2022:09:21:33 +0800] "GET /xingrg/javascript/jquery_ui/themes/humanity/images/ui-bg_inset-soft_100_f4f0ec_1x100.png HTTP/1.1" 200 141
114.86.225.150 - - [24/Jan/2022:09:21:34 +0800] "GET /xingrg/kc/report/report_main.html HTTP/1.1" 200 7340
114.86.225.150 - - [24/Jan/2022:09:21:34 +0800] "GET /xingrg/javascript/json2.js HTTP/1.1" 200 11259
114.86.225.150 - - [24/Jan/2022:09:21:34 +0800] "GET /xingrg/javascript/jquery_easy_ui/themes/icons/back_new.png HTTP/1.1" 200 3414
180.152.99.73 - - [24/Jan/2022:09:21:35 +0800] "GET /xingrg/kc/base/wldb_order_operate.html?command=get_materiel&rest_code=00150&base_code=0010445&code=00101019133 HTTP/1.1" 200 466
180.169.147.146 - - [24/Jan/2022:09:21:36 +0800] "GET /xingrg/all/function/internal_message.html?_=1642987298694&CODE_STATE=getMsg HTTP/1.1" 200 27
222.70.217.149 - - [24/Jan/2022:09:21:36 +0800] "GET /xingrg/kc/buy/cgsh_order_operate.html?command=get_materiel&rest_code=00155&code=00101008036&supplier_code=00100005&order_time=2022-01-24 HTTP/1.1" 200 408
180.152.99.73 - - [24/Jan/2022:09:21:37 +0800] "GET /xingrg/check_reg.html?_=1642987298284 HTTP/1.1" 200 22
180.152.99.73 - - [24/Jan/2022:09:21:37 +0800] "GET /xingrg/all/function/internal_message.html?_=1642987298287&CODE_STATE=getMsg HTTP/1.1" 200 27
180.152.99.39 - - [24/Jan/2022:09:21:37 +0800] "GET /xingrg/kc/buy/cgsh_order_operate.html?command=get_materiel&rest_code=00151&code=00101008085&supplier_code=00100007&order_time=2022-01-24 HTTP/1.1" 200 412
114.95.98.1 - - [24/Jan/2022:09:21:39 +0800] "GET /xingrg/check_reg.html?_=1642987299775 HTTP/1.1" 200 22
114.95.98.1 - - [24/Jan/2022:09:21:39 +0800] "GET /xingrg/all/function/internal_message.html?_=1642987299778&CODE_STATE=getMsg HTTP/1.1" 200 27
58.39.168.32 - - [24/Jan/2022:09:21:39 +0800] "GET /xingrg/kc/buy/cgsh_order_operate.html?command=get_materiel&rest_code=00105&code=00101008361&supplier_code=00100203&order_time=2022-01-24 HTTP/1.1" 200 408
120.253.135.82 - - [24/Jan/2022:09:21:40 +0800] "GET /xingrg/all/function/internal_message.html?_=1642987089884&CODE_STATE=getMsg HTTP/1.1" 200 27
180.152.99.73 - - [24/Jan/2022:09:21:41 +0800] "POST /xingrg/kc/base/wldb_order_operate.html HTTP/1.1" 200 37
222.70.217.149 - - [24/Jan/2022:09:21:42 +0800] "GET /xingrg/kc/buy/cgsh_order_operate.html?command=get_materiel&rest_code=00155&code=00101008350&supplier_code=00100005&order_time=2022-01-24 HTTP/1.1" 200 408
114.86.225.150 - - [24/Jan/2022:09:21:43 +0800] "GET /xingrg/index.html?sysBaseUrl=http%3A%2F%2F180.169.147.146%3A18081%2Fxingrg%2F&costTime=56×tamp=1642987291376 HTTP/1.1" 200 17173
114.86.225.150 - - [24/Jan/2022:09:21:44 +0800] "GET /xingrg/javascript/jquery-1.4.2.min.js HTTP/1.1" 200 72205
114.86.225.150 - - [24/Jan/2022:09:21:44 +0800] "GET /xingrg/css/form.css HTTP/1.1" 200 893
114.86.225.150 - - [24/Jan/2022:09:21:44 +0800] "GET /xingrg/javascript/jquery_easy_ui/themes/icon.css HTTP/1.1" 200 3949
114.86.225.150 - - [24/Jan/2022:09:21:44 +0800] "GET /xingrg/images/blue/jxLogo.png HTTP/1.1" 200 6156
114.86.225.150 - - [24/Jan/2022:09:21:44 +0800] "GET /xingrg/javascript/jquery_easy_ui/easyui-lang-zh_CN.js HTTP/1.1" 200 1900
114.86.225.150 - - [24/Jan/2022:09:21:44 +0800] "GET /xingrg/javascript/jquery_easy_ui/jquery.easyui.min.js HTTP/1.1" 200 213662
114.86.225.150 - - [24/Jan/2022:09:21:44 +0800] "GET /xingrg/javascript/jquery.timers.js HTTP/1.1" 200 3532
114.86.225.150 - - [24/Jan/2022:09:21:44 +0800] "GET /xingrg/javascript/jquery_easy_ui/themes/default/easyui.css HTTP/1.1" 200 26500
114.86.225.150 - - [24/Jan/2022:09:21:44 +0800] "GET /xingrg/javascript/jquery.utils.js HTTP/1.1" 200 11805
114.86.225.150 - - [24/Jan/2022:09:21:44 +0800] "GET /xingrg/javascript/jquery.form.js HTTP/1.1" 200 23110
180.152.99.73 - - [24/Jan/2022:09:21:44 +0800] "POST /xingrg/kc/base/wldb_order_operate.html HTTP/1.1" 200 12
180.152.99.73 - - [24/Jan/2022:09:21:44 +0800] "POST /xingrg/kc/base/wldb_order_operate.html HTTP/1.1" 200 3760
114.86.225.150 - - [24/Jan/2022:09:21:44 +0800] "POST /xingrg/all/common/load_tree.html?tree=area_rest_tree_json&manage=1 HTTP/1.1" 200 342
114.86.225.150 - - [24/Jan/2022:09:21:44 +0800] "GET /xingrg/all/function/internal_message.html?_=1642987304316&CODE_STATE=count HTTP/1.1" 200 11
114.86.225.150 - - [24/Jan/2022:09:21:44 +0800] "GET /xingrg/check_reg.html?_=1642987304316 HTTP/1.1" 200 22
114.86.225.150 - - [24/Jan/2022:09:21:44 +0800] "GET /xingrg/javascript/jquery_easy_ui/themes/icons/settle_new.png HTTP/1.1" 200 826
114.86.225.150 - - [24/Jan/2022:09:21:44 +0800] "GET /xingrg/javascript/jquery_easy_ui/themes/default/images/tabs_leftarrow.png HTTP/1.1" 200 389
114.86.225.150 - - [24/Jan/2022:09:21:44 +0800] "GET /xingrg/javascript/jquery_easy_ui/themes/default/images/tabs_rightarrow.png HTTP/1.1" 200 395
114.86.225.150 - - [24/Jan/2022:09:21:44 +0800] "GET /xingrg/images/blue/pingpu.png HTTP/1.1" 200 231
114.86.225.150 - - [24/Jan/2022:09:21:44 +0800] "GET /xingrg/javascript/jquery_easy_ui/themes/default/images/panel_tool_collapse.gif HTTP/1.1" 200 246
114.86.225.150 - - [24/Jan/2022:09:21:44 +0800] "GET /xingrg/images/blue/navBackgound.jpg HTTP/1.1" 200 12378
114.86.225.150 - - [24/Jan/2022:09:21:44 +0800] "GET /xingrg/javascript/jquery_easy_ui/themes/default/images/tree_folder_open.gif HTTP/1.1" 200 956
114.86.225.150 - - [24/Jan/2022:09:21:44 +0800] "GET /xingrg/javascript/jquery_easy_ui/themes/default/images/tree_arrows.gif HTTP/1.1" 200 1043
114.86.225.150 - - [24/Jan/2022:09:21:44 +0800] "GET /xingrg/javascript/jquery_easy_ui/themes/icons/rest.png HTTP/1.1" 200 695
114.86.225.150 - - [24/Jan/2022:09:21:44 +0800] "GET /xingrg/javascript/jquery_easy_ui/themes/icons/area.png HTTP/1.1" 200 262
114.86.225.150 - - [24/Jan/2022:09:21:44 +0800] "POST /xingrg/load_menu.html HTTP/1.1" 200 5138
114.86.225.150 - - [24/Jan/2022:09:21:44 +0800] "GET /xingrg/javascript/jquery_easy_ui/themes/default/images/tree_folder.gif HTTP/1.1" 200 952
114.86.225.150 - - [24/Jan/2022:09:21:44 +0800] "GET /xingrg/javascript/jquery_easy_ui/themes/icons/search_new.png HTTP/1.1" 200 586
114.86.225.150 - - [24/Jan/2022:09:21:44 +0800] "GET /xingrg/javascript/jquery_easy_ui/themes/icons/forms_new.png HTTP/1.1" 200 350
114.86.225.150 - - [24/Jan/2022:09:21:44 +0800] "GET /xingrg/javascript/jquery_easy_ui/themes/icons/storage_new.png HTTP/1.1" 200 853
114.86.225.150 - - [24/Jan/2022:09:21:44 +0800] "GET /xingrg/javascript/jquery_easy_ui/themes/default/images/tree_file.gif HTTP/1.1" 200 118
222.70.217.149 - - [24/Jan/2022:09:21:45 +0800] "POST /xingrg/kc/buy/cgsh_order_operate.html HTTP/1.1" 200 2065
180.152.99.73 - - [24/Jan/2022:09:21:45 +0800] "GET /xingrg/kc/base/wldb_order_info.html?code=422022012403148 HTTP/1.1" 200 26158
180.152.99.73 - - [24/Jan/2022:09:21:46 +0800] "GET /xingrg/javascript/easyui/themes/default/validatebox.css HTTP/1.1" 404 1104
180.152.99.73 - - [24/Jan/2022:09:21:46 +0800] "POST /xingrg/kc/base/wldb_order_operate.html HTTP/1.1" 200 2022
58.39.168.32 - - [24/Jan/2022:09:21:46 +0800] "GET /xingrg/kc/buy/cgsh_order_operate.html?command=get_materiel&rest_code=00105&code=00101008321&supplier_code=00100203&order_time=2022-01-24 HTTP/1.1" 200 412
180.152.99.39 - - [24/Jan/2022:09:21:47 +0800] "GET /xingrg/kc/buy/cgsh_order_operate.html?command=get_materiel&rest_code=00151&code=00101008318&supplier_code=00100007&order_time=2022-01-24 HTTP/1.1" 200 408
180.169.147.146 - - [24/Jan/2022:09:21:51 +0800] "GET /xingrg/all/function/internal_message.html?_=1642987310935&CODE_STATE=getMsg HTTP/1.1" 200 27
222.70.217.149 - - [24/Jan/2022:09:21:51 +0800] "GET /xingrg/all/function/internal_message.html?_=1642987295316&CODE_STATE=getMsg HTTP/1.1" 200 27
222.70.217.149 - - [24/Jan/2022:09:21:51 +0800] "POST /xingrg/kc/buy/cgsh_order_operate.html HTTP/1.1" 200 37
172.20.0.100 - - [24/Jan/2022:09:21:52 +0800] "GET /xingrg/check_reg.html?_=1642987312131 HTTP/1.1" 200 22
222.70.217.149 - - [24/Jan/2022:09:21:53 +0800] "POST /xingrg/kc/buy/cgsh_order_operate.html HTTP/1.1" 200 27533
180.152.99.73 - - [24/Jan/2022:09:21:54 +0800] "GET /xingrg/kc/base/wldb_order_add.html HTTP/1.1" 200 30280
180.152.99.73 - - [24/Jan/2022:09:21:54 +0800] "POST /xingrg/kc/base/wldb_order_operate.html HTTP/1.1" 200 6806
180.152.99.73 - - [24/Jan/2022:09:21:54 +0800] "GET /xingrg/javascript/easyui/themes/default/validatebox.css HTTP/1.1" 404 1104
222.70.217.149 - - [24/Jan/2022:09:21:56 +0800] "GET /xingrg/kc/print/load_config.html?kc_code=cgsh HTTP/1.1" 200 1943
222.70.217.149 - - [24/Jan/2022:09:21:56 +0800] "GET /xingrg/kc/print/load_data.html?order_code=212022012412141&kc_code=cgsh HTTP/1.1" 200 10156
180.152.99.39 - - [24/Jan/2022:09:21:56 +0800] "GET /xingrg/kc/buy/cgsh_order_operate.html?command=get_materiel&rest_code=00151&code=00101008095&supplier_code=00100007&order_time=2022-01-24 HTTP/1.1" 200 412
58.39.168.32 - - [24/Jan/2022:09:22:00 +0800] "GET /xingrg/all/function/internal_message.html?_=1642987321320&CODE_STATE=getMsg HTTP/1.1" 200 27
58.39.168.32 - - [24/Jan/2022:09:22:01 +0800] "GET /xingrg/kc/buy/cgsh_order_operate.html?command=get_materiel&rest_code=00105&code=00101008212&supplier_code=00100203&order_time=2022-01-24 HTTP/1.1" 200 412
180.152.99.39 - - [24/Jan/2022:09:22:02 +0800] "GET /xingrg/kc/buy/cgsh_order_operate.html?command=get_materiel&rest_code=00151&code=00101008221&supplier_code=00100007&order_time=2022-01-24 HTTP/1.1" 200 412
180.152.99.73 - - [24/Jan/2022:09:22:05 +0800] "GET /xingrg/kc/base/wldb_order_operate.html?command=get_materiel&rest_code=00150&base_code=0010445&code=00101019212 HTTP/1.1" 200 465
180.152.99.39 - - [24/Jan/2022:09:22:08 +0800] "GET /xingrg/kc/buy/cgsh_order_operate.html?command=get_materiel&rest_code=00151&code=00101008115&supplier_code=00100007&order_time=2022-01-24 HTTP/1.1" 200 412
58.39.168.32 - - [24/Jan/2022:09:22:08 +0800] "GET /xingrg/kc/buy/cgsh_order_operate.html?command=get_materiel&rest_code=00105&code=00101008118&supplier_code=00100203&order_time=2022-01-24 HTTP/1.1" 200 418
101.83.241.190 - - [24/Jan/2022:09:22:09 +0800] "GET /xingrg/all/function/internal_message.html?_=1642987329914&CODE_STATE=getMsg HTTP/1.1" 200 27
180.157.251.97 - - [24/Jan/2022:09:22:11 +0800] "GET /xingrg/all/function/internal_message.html?_=1642987331168&CODE_STATE=getMsg HTTP/1.1" 200 27
180.152.99.73 - - [24/Jan/2022:09:22:12 +0800] "GET /xingrg/kc/base/wldb_order_operate.html?command=get_materiel&rest_code=00150&base_code=0010445&code=00101013092 HTTP/1.1" 200 433
114.86.225.150 - - [24/Jan/2022:09:22:14 +0800] "GET /xingrg/index.html?sysBaseUrl=http%3A%2F%2F180.169.147.146%3A18081%2Fxingrg%2F&costTime=56×tamp=1642987291376 HTTP/1.1" 200 17173
114.86.225.150 - - [24/Jan/2022:09:22:14 +0800] "POST /xingrg/all/common/load_tree.html?tree=area_rest_tree_json&manage=1 HTTP/1.1" 200 342
114.86.225.150 - - [24/Jan/2022:09:22:14 +0800] "GET /xingrg/check_reg.html?_=1642987334471 HTTP/1.1" 200 22
114.86.225.150 - - [24/Jan/2022:09:22:14 +0800] "GET /xingrg/all/function/internal_message.html?_=1642987334470&CODE_STATE=count HTTP/1.1" 200 11
114.86.225.150 - - [24/Jan/2022:09:22:14 +0800] "POST /xingrg/load_menu.html HTTP/1.1" 200 5138
114.86.225.150 - - [24/Jan/2022:09:22:15 +0800] "GET /xingrg/kc/report/report_main.html HTTP/1.1" 200 7340
114.86.225.150 - - [24/Jan/2022:09:22:15 +0800] "GET /xingrg/javascript/jquery_easy_ui/themes/default/images/tabs_close.gif HTTP/1.1" 200 829
114.86.225.150 - - [24/Jan/2022:09:22:15 +0800] "GET /xingrg/javascript/pic_change.js HTTP/1.1" 200 4739
114.86.225.150 - - [24/Jan/2022:09:22:15 +0800] "GET /xingrg/css/blue.css HTTP/1.1" 200 15949
114.86.225.150 - - [24/Jan/2022:09:22:15 +0800] "GET /xingrg/javascript/jquery_ui/themes/humanity/humanity.css HTTP/1.1" 200 27801
114.86.225.150 - - [24/Jan/2022:09:22:15 +0800] "GET /xingrg/javascript/json2.js HTTP/1.1" 200 11259
114.86.225.150 - - [24/Jan/2022:09:22:15 +0800] "GET /xingrg/javascript/myfunction.js HTTP/1.1" 200 24559
114.86.225.150 - - [24/Jan/2022:09:22:15 +0800] "GET /xingrg/javascript/jquery_easy_ui/themes/icons/back_new.png HTTP/1.1" 200 3414
58.39.168.32 - - [24/Jan/2022:09:22:15 +0800] "GET /xingrg/kc/buy/cgsh_order_operate.html?command=get_materiel&rest_code=00105&code=00101008059&supplier_code=00100203&order_time=2022-01-24 HTTP/1.1" 200 408
180.152.99.39 - - [24/Jan/2022:09:22:16 +0800] "GET /xingrg/kc/buy/cgsh_order_operate.html?command=get_materiel&rest_code=00151&code=00101008371&supplier_code=00100007&order_time=2022-01-24 HTTP/1.1" 200 412
114.86.225.150 - - [24/Jan/2022:09:22:17 +0800] "GET /xingrg/kc/base/base_main.html HTTP/1.1" 200 12142
114.86.225.150 - - [24/Jan/2022:09:22:17 +0800] "GET /xingrg/images/blue/button/ckpd.gif HTTP/1.1" 200 2051
114.86.225.150 - - [24/Jan/2022:09:22:17 +0800] "GET /xingrg/images/blue/button/wlsy.gif HTTP/1.1" 200 2536
114.86.225.150 - - [24/Jan/2022:09:22:17 +0800] "GET /xingrg/images/blue/button/kc.gif HTTP/1.1" 200 2160
114.86.225.150 - - [24/Jan/2022:09:22:17 +0800] "GET /xingrg/images/blue/button/yddb.gif HTTP/1.1" 200 2040
114.86.225.150 - - [24/Jan/2022:09:22:17 +0800] "GET /xingrg/images/blue/button/ckdb.gif HTTP/1.1" 200 1950
114.86.225.150 - - [24/Jan/2022:09:22:17 +0800] "GET /xingrg/images/blue/pic_form2.gif HTTP/1.1" 200 1853
114.86.225.150 - - [24/Jan/2022:09:22:17 +0800] "GET /xingrg/images/blue/bg_dotted.jpg HTTP/1.1" 200 319
114.86.225.150 - - [24/Jan/2022:09:22:17 +0800] "GET /xingrg/images/blue/button/top_left.jpg HTTP/1.1" 200 1632
114.86.225.150 - - [24/Jan/2022:09:22:17 +0800] "GET /xingrg/images/blue/button/top_right.jpg HTTP/1.1" 200 1708
114.86.225.150 - - [24/Jan/2022:09:22:17 +0800] "GET /xingrg/images/blue/button/down.jpg HTTP/1.1" 200 1560
114.86.225.150 - - [24/Jan/2022:09:22:17 +0800] "GET /xingrg/images/blue/button/left_ah.jpg HTTP/1.1" 200 1643
114.86.225.150 - - [24/Jan/2022:09:22:17 +0800] "GET /xingrg/images/blue/button/right_ah.jpg HTTP/1.1" 200 1744
114.86.225.150 - - [24/Jan/2022:09:22:17 +0800] "GET /xingrg/images/blue/button/bottom_left.jpg HTTP/1.1" 200 1524
114.86.225.150 - - [24/Jan/2022:09:22:17 +0800] "GET /xingrg/images/blue/button/bottom_right.jpg HTTP/1.1" 200 1436
180.157.251.97 - - [24/Jan/2022:09:22:18 +0800] "GET /xingrg/all/function/internal_message.html?_=1642987339673&CODE_STATE=getMsg HTTP/1.1" 200 27
114.86.225.150 - - [24/Jan/2022:09:22:19 +0800] "GET /xingrg/css/base.css HTTP/1.1" 200 2811
114.86.225.150 - - [24/Jan/2022:09:22:19 +0800] "GET /xingrg/kc/base/check_order_list.html HTTP/1.1" 200 16179
114.86.225.150 - - [24/Jan/2022:09:22:19 +0800] "GET /xingrg/css/site.css HTTP/1.1" 200 7541
114.86.225.150 - - [24/Jan/2022:09:22:19 +0800] "GET /xingrg/javascript/jquery_tools/datebox.css HTTP/1.1" 200 2597
114.86.225.150 - - [24/Jan/2022:09:22:19 +0800] "GET /xingrg/javascript/easyui/themes/icon.css HTTP/1.1" 200 4483
114.86.225.150 - - [24/Jan/2022:09:22:19 +0800] "GET /xingrg/javascript/auto/jquery.autocomplete.css HTTP/1.1" 200 587
114.86.225.150 - - [24/Jan/2022:09:22:19 +0800] "GET /xingrg/javascript/jquery_tools/fix.css HTTP/1.1" 200 1702
114.86.225.150 - - [24/Jan/2022:09:22:19 +0800] "GET /xingrg/javascript/jquery_tools/jquery.tools.min.js HTTP/1.1" 200 138801
114.86.225.150 - - [24/Jan/2022:09:22:19 +0800] "GET /xingrg/javascript/jquery_tools/jquery.tools.hotkey.js HTTP/1.1" 200 3242
114.86.225.150 - - [24/Jan/2022:09:22:19 +0800] "GET /xingrg/javascript/jquery_tools/table.css HTTP/1.1" 200 1032
114.86.225.150 - - [24/Jan/2022:09:22:19 +0800] "GET /xingrg/javascript/jquery_tools/jquery.tools.table.js HTTP/1.1" 200 6994
114.86.225.150 - - [24/Jan/2022:09:22:19 +0800] "GET /xingrg/javascript/jquery_tools/list_manager.js HTTP/1.1" 200 3652
114.86.225.150 - - [24/Jan/2022:09:22:19 +0800] "GET /xingrg/javascript/easyui/themes/default/easyui.css HTTP/1.1" 200 30432
114.86.225.150 - - [24/Jan/2022:09:22:19 +0800] "GET /xingrg/javascript/jquery_tools/jquery.tools.extend.js HTTP/1.1" 200 15385
114.86.225.150 - - [24/Jan/2022:09:22:19 +0800] "GET /xingrg/javascript/jquery.cookie.js HTTP/1.1" 200 5513
114.86.225.150 - - [24/Jan/2022:09:22:19 +0800] "GET /xingrg/javascript/easyui/easyloader.js HTTP/1.1" 200 5975
114.86.225.150 - - [24/Jan/2022:09:22:19 +0800] "GET /xingrg/javascript/auto/jquery.autocomplete.js HTTP/1.1" 200 21624
114.86.225.150 - - [24/Jan/2022:09:22:19 +0800] "GET /xingrg/javascript/easyui/themes/icons/field_new.png HTTP/1.1" 200 1097
114.86.225.150 - - [24/Jan/2022:09:22:19 +0800] "GET /xingrg/javascript/easyui/themes/icons/edit_add_new.png HTTP/1.1" 200 2997
114.86.225.150 - - [24/Jan/2022:09:22:19 +0800] "GET /xingrg/javascript/easyui/themes/icons/check_new.png HTTP/1.1" 200 3224
114.86.225.150 - - [24/Jan/2022:09:22:19 +0800] "GET /xingrg/javascript/easyui/themes/icons/cance_new.png HTTP/1.1" 200 3986
114.86.225.150 - - [24/Jan/2022:09:22:19 +0800] "GET /xingrg/javascript/easyui/plugins/jquery.parser.js HTTP/1.1" 200 1142
114.86.225.150 - - [24/Jan/2022:09:22:19 +0800] "GET /xingrg/images/control/ajaxLoader.gif HTTP/1.1" 200 4659
114.86.225.150 - - [24/Jan/2022:09:22:19 +0800] "POST /xingrg/kc/base/check_list_operate.html HTTP/1.1" 200 1554
116.235.94.49 - - [24/Jan/2022:09:22:20 +0800] "GET /xingrg/all/function/internal_message.html?_=1642987481935&CODE_STATE=getMsg HTTP/1.1" 200 27
180.152.99.39 - - [24/Jan/2022:09:22:21 +0800] "GET /xingrg/all/function/internal_message.html?_=1642987271496&CODE_STATE=getMsg HTTP/1.1" 200 27
114.86.225.150 - - [24/Jan/2022:09:22:22 +0800] "GET /xingrg/javascript/easyui/themes/default/images/button_plain_hover.png HTTP/1.1" 200 144
58.39.168.32 - - [24/Jan/2022:09:22:23 +0800] "GET /xingrg/all/function/internal_message.html?_=1642987281391&CODE_STATE=getMsg HTTP/1.1" 200 27
180.152.99.73 - - [24/Jan/2022:09:22:23 +0800] "POST /xingrg/kc/base/wldb_order_operate.html HTTP/1.1" 200 37
101.80.229.199 - - [24/Jan/2022:09:22:23 +0800] "GET /xingrg/all/function/internal_message.html?_=1642987343603&CODE_STATE=getMsg HTTP/1.1" 200 27
58.39.168.32 - - [24/Jan/2022:09:22:23 +0800] "GET /xingrg/kc/buy/cgsh_order_operate.html?command=get_materiel&rest_code=00105&code=00101008357&supplier_code=00100203&order_time=2022-01-24 HTTP/1.1" 200 408
114.86.225.150 - - [24/Jan/2022:09:22:25 +0800] "POST /xingrg/kc/base/check_list_operate.html HTTP/1.1" 200 4
180.152.99.73 - - [24/Jan/2022:09:22:25 +0800] "POST /xingrg/kc/base/wldb_order_operate.html HTTP/1.1" 200 12
114.86.225.150 - - [24/Jan/2022:09:22:25 +0800] "POST /xingrg/kc/base/check_list_operate.html HTTP/1.1" 200 781
180.152.99.73 - - [24/Jan/2022:09:22:25 +0800] "POST /xingrg/kc/base/wldb_order_operate.html HTTP/1.1" 200 2680
120.253.135.82 - - [24/Jan/2022:09:22:25 +0800] "POST /xingrg/kc/pszx/mdps_list_operate.html HTTP/1.1" 200 2048
180.152.99.39 - - [24/Jan/2022:09:22:26 +0800] "GET /xingrg/kc/buy/cgsh_order_operate.html?command=get_materiel&rest_code=00151&code=00101008286&supplier_code=00100007&order_time=2022-01-24 HTTP/1.1" 200 428
58.39.168.32 - - [24/Jan/2022:09:22:27 +0800] "POST /xingrg/kc/buy/cgsh_order_operate.html HTTP/1.1" 200 2065
180.152.99.73 - - [24/Jan/2022:09:22:27 +0800] "GET /xingrg/kc/base/wldb_order_info.html?code=422022012403149 HTTP/1.1" 200 26158
180.152.99.73 - - [24/Jan/2022:09:22:27 +0800] "GET /xingrg/javascript/easyui/themes/default/validatebox.css HTTP/1.1" 404 1104
180.152.99.73 - - [24/Jan/2022:09:22:27 +0800] "POST /xingrg/kc/base/wldb_order_operate.html HTTP/1.1" 200 964
172.20.0.100 - - [24/Jan/2022:09:22:28 +0800] "GET /xingrg/all/function/internal_message.html?_=1642987347606&CODE_STATE=getMsg HTTP/1.1" 200 27
114.86.225.150 - - [24/Jan/2022:09:22:28 +0800] "POST /xingrg/kc/base/check_list_operate.html HTTP/1.1" 200 5358
58.39.168.32 - - [24/Jan/2022:09:22:28 +0800] "POST /xingrg/kc/buy/cgsh_order_operate.html HTTP/1.1" 200 2065
114.84.146.162 - - [24/Jan/2022:09:22:30 +0800] "GET /xingrg/all/function/internal_message.html?_=1642987149389&CODE_STATE=getMsg HTTP/1.1" 200 27
114.86.225.150 - - [24/Jan/2022:09:22:31 +0800] "POST /xingrg/kc/base/check_list_operate.html HTTP/1.1" 200 5486
180.152.99.39 - - [24/Jan/2022:09:22:33 +0800] "GET /xingrg/kc/buy/cgsh_order_operate.html?command=get_materiel&rest_code=00151&code=00101008080&supplier_code=00100007&order_time=2022-01-24 HTTP/1.1" 200 416
120.253.135.82 - - [24/Jan/2022:09:22:33 +0800] "POST /xingrg/kc/pszx/mdps_list_operate.html HTTP/1.1" 200 2418
114.86.225.150 - - [24/Jan/2022:09:22:33 +0800] "GET /xingrg/kc/base/check_order_info.html?code=452021123100388 HTTP/1.1" 200 22862
114.86.225.150 - - [24/Jan/2022:09:22:33 +0800] "GET /xingrg/css/table.css HTTP/1.1" 200 3684
114.86.225.150 - - [24/Jan/2022:09:22:33 +0800] "GET /xingrg/javascript/AjaxInfoList.js HTTP/1.1" 200 3774
114.86.225.150 - - [24/Jan/2022:09:22:33 +0800] "GET /xingrg/dwr/interface/AjaxComOrderService.js HTTP/1.1" 200 18264
114.86.225.150 - - [24/Jan/2022:09:22:33 +0800] "GET /xingrg/dwr/interface/AjaxCheckService.js HTTP/1.1" 200 14003
114.86.225.150 - - [24/Jan/2022:09:22:33 +0800] "GET /xingrg/javascript/convert.js HTTP/1.1" 200 1239
114.86.225.150 - - [24/Jan/2022:09:22:33 +0800] "GET /xingrg/javascript/print/LodopFuncs.js HTTP/1.1" 200 5121
114.86.225.150 - - [24/Jan/2022:09:22:33 +0800] "GET /xingrg/dwr/util.js HTTP/1.1" 200 35990
114.86.225.150 - - [24/Jan/2022:09:22:33 +0800] "GET /xingrg/javascript/Calendar.js HTTP/1.1" 200 31561
114.86.225.150 - - [24/Jan/2022:09:22:33 +0800] "GET /xingrg/javascript/print/kc_print.js HTTP/1.1" 200 11415
114.86.225.150 - - [24/Jan/2022:09:22:33 +0800] "GET /xingrg/dwr/engine.js HTTP/1.1" 200 43631
114.86.225.150 - - [24/Jan/2022:09:22:34 +0800] "GET /xingrg/javascript/jquery_easy_ui/themes/default/images/menu_downarrow.png HTTP/1.1" 200 173
114.86.225.150 - - [24/Jan/2022:09:22:34 +0800] "GET /xingrg/javascript/jquery_easy_ui/themes/icons/print.png HTTP/1.1" 200 1057
114.86.225.150 - - [24/Jan/2022:09:22:34 +0800] "GET /xingrg/javascript/jquery_easy_ui/themes/icons/exam_new.png HTTP/1.1" 200 756
114.86.225.150 - - [24/Jan/2022:09:22:34 +0800] "POST /xingrg/dwr/call/plaincall/AjaxCheckService.loadOrderItems.dwr HTTP/1.1" 200 18196
120.253.135.82 - - [24/Jan/2022:09:22:34 +0800] "POST /xingrg/kc/pszx/mdps_list_operate.html HTTP/1.1" 200 203
120.253.135.82 - - [24/Jan/2022:09:22:35 +0800] "GET /xingrg/kc/pszx/mdps_order_info.html?code=312022012400819 HTTP/1.1" 200 23931
120.253.135.82 - - [24/Jan/2022:09:22:36 +0800] "GET /xingrg/javascript/easyui/themes/default/validatebox.css HTTP/1.1" 404 1104
120.253.135.82 - - [24/Jan/2022:09:22:36 +0800] "POST /xingrg/kc/pszx/mdps_order_operate.html HTTP/1.1" 200 2279
180.169.147.146 - - [24/Jan/2022:09:22:36 +0800] "GET /xingrg/all/function/internal_message.html?_=1642987358685&CODE_STATE=getMsg HTTP/1.1" 200 27
58.39.168.32 - - [24/Jan/2022:09:22:36 +0800] "GET /xingrg/kc/buy/cgsh_order_operate.html?command=get_materiel&rest_code=00105&code=00101008098&supplier_code=00100203&order_time=2022-01-24 HTTP/1.1" 200 412
180.152.99.73 - - [24/Jan/2022:09:22:37 +0800] "GET /xingrg/all/function/internal_message.html?_=1642987358279&CODE_STATE=getMsg HTTP/1.1" 200 27
