114.95.98.1 - - [22/Jan/2022:10:05:07 +0800] "POST /xingrg/kc/buy/cgsh_order_operate.html HTTP/1.1" 200 12
180.169.147.146 - - [22/Jan/2022:10:05:08 +0800] "GET /xingrg/all/function/internal_message.html?_=1642817101211&CODE_STATE=getMsg HTTP/1.1" 200 27
180.152.99.73 - - [22/Jan/2022:10:05:08 +0800] "POST /xingrg/dwr/call/plaincall/AjaxYddbService.getUnitPrice.dwr HTTP/1.1" 200 87
114.95.98.1 - - [22/Jan/2022:10:05:10 +0800] "GET /xingrg/kc/buy/cgsh_order_info.html?code=212022012211013 HTTP/1.1" 200 60315
58.39.168.32 - - [22/Jan/2022:10:05:10 +0800] "GET /xingrg/all/function/internal_message.html?_=1642817044668&CODE_STATE=getMsg HTTP/1.1" 200 27
124.79.247.218 - - [22/Jan/2022:10:05:10 +0800] "GET /xingrg/kc/buy/cgsh_order_operate.html?command=get_materiel&rest_code=00104&code=00101016057&supplier_code=00100036&order_time=2022-01-22 HTTP/1.1" 200 408
114.95.98.1 - - [22/Jan/2022:10:05:11 +0800] "GET /xingrg/javascript/easyui/themes/default/validatebox.css HTTP/1.1" 404 1104
58.39.168.32 - - [22/Jan/2022:10:05:12 +0800] "GET /xingrg/check_reg.html?_=1642817046480 HTTP/1.1" 200 22
114.95.98.1 - - [22/Jan/2022:10:05:12 +0800] "POST /xingrg/kc/buy/cgsh_order_operate.html HTTP/1.1" 200 1805
180.152.99.73 - - [22/Jan/2022:10:05:12 +0800] "POST /xingrg/dwr/call/plaincall/AjaxYddbService.saveMaterielItem.dwr HTTP/1.1" 200 79
222.70.178.207 - - [22/Jan/2022:10:05:12 +0800] "GET /xingrg/all/function/internal_message.html?_=1642817108899&CODE_STATE=getMsg HTTP/1.1" 200 27
114.95.98.1 - - [22/Jan/2022:10:05:13 +0800] "GET /xingrg/kc/print/load_data.html?order_code=212022012211013&kc_code=cgsh&condition= HTTP/1.1" 200 1203
101.85.120.86 - - [22/Jan/2022:10:05:18 +0800] "GET /xingrg/all/function/internal_message.html?_=1642817114707&CODE_STATE=getMsg HTTP/1.1" 200 27
101.85.120.86 - - [22/Jan/2022:10:05:18 +0800] "GET /xingrg/check_reg.html?_=1642817114710 HTTP/1.1" 200 22
58.37.10.95 - - [22/Jan/2022:10:05:18 +0800] "GET /xingrg/all/function/internal_message.html?_=1642816911161&CODE_STATE=getMsg HTTP/1.1" 200 27
180.152.99.73 - - [22/Jan/2022:10:05:18 +0800] "POST /xingrg/dwr/call/plaincall/AjaxYddbService.checkOrder.dwr HTTP/1.1" 200 79
58.37.10.95 - - [22/Jan/2022:10:05:19 +0800] "GET /xingrg/check_reg.html?_=1642816911986 HTTP/1.1" 200 22
101.83.241.107 - - [22/Jan/2022:10:05:22 +0800] "GET /xingrg/all/function/internal_message.html?_=1642817115882&CODE_STATE=getMsg HTTP/1.1" 200 27
180.152.99.73 - - [22/Jan/2022:10:05:22 +0800] "GET /xingrg/kc/base/yddb_order_info.html?code=482022012200158 HTTP/1.1" 200 29505
180.152.99.73 - - [22/Jan/2022:10:05:22 +0800] "GET /xingrg/dwr/interface/AjaxComOrderService.js HTTP/1.1" 200 18264
180.152.99.73 - - [22/Jan/2022:10:05:22 +0800] "GET /xingrg/dwr/interface/AjaxYddbService.js HTTP/1.1" 200 13201
180.152.99.73 - - [22/Jan/2022:10:05:22 +0800] "GET /xingrg/dwr/engine.js HTTP/1.1" 200 43631
180.152.99.73 - - [22/Jan/2022:10:05:23 +0800] "POST /xingrg/dwr/call/plaincall/AjaxYddbService.loadMaterielItems.dwr HTTP/1.1" 200 1567
101.83.241.107 - - [22/Jan/2022:10:05:23 +0800] "GET /xingrg/check_reg.html?_=1642817116774 HTTP/1.1" 200 22
114.95.98.1 - - [22/Jan/2022:10:05:27 +0800] "GET /xingrg/kc/buy/cgsh_order_add.html HTTP/1.1" 200 65408
114.95.98.1 - - [22/Jan/2022:10:05:29 +0800] "POST /xingrg/kc/buy/cgsh_order_operate.html HTTP/1.1" 200 8245
114.95.98.1 - - [22/Jan/2022:10:05:29 +0800] "GET /xingrg/javascript/easyui/themes/default/validatebox.css HTTP/1.1" 404 1104
124.79.247.218 - - [22/Jan/2022:10:05:30 +0800] "GET /xingrg/all/function/internal_message.html?_=1642817267980&CODE_STATE=getMsg HTTP/1.1" 200 27
124.79.247.218 - - [22/Jan/2022:10:05:31 +0800] "GET /xingrg/kc/buy/cgsh_order_operate.html?command=get_materiel&rest_code=00104&code=00101012051&supplier_code=00100036&order_time=2022-01-22 HTTP/1.1" 200 408
222.70.217.149 - - [22/Jan/2022:10:05:31 +0800] "GET /xingrg/all/function/internal_message.html?_=1642817116076&CODE_STATE=getMsg HTTP/1.1" 200 27
114.95.98.1 - - [22/Jan/2022:10:05:36 +0800] "GET /xingrg/all/function/internal_message.html?_=1642817154008&CODE_STATE=getMsg HTTP/1.1" 200 27
180.152.99.73 - - [22/Jan/2022:10:05:37 +0800] "GET /xingrg/dwr/interface/AjaxYddbService.js HTTP/1.1" 200 13201
180.152.99.73 - - [22/Jan/2022:10:05:37 +0800] "GET /xingrg/dwr/interface/AjaxComOrderService.js HTTP/1.1" 200 18264
180.152.99.73 - - [22/Jan/2022:10:05:37 +0800] "GET /xingrg/dwr/engine.js HTTP/1.1" 200 43631
180.152.99.73 - - [22/Jan/2022:10:05:37 +0800] "GET /xingrg/kc/base/yddb_order_add.html HTTP/1.1" 200 29837
180.152.99.73 - - [22/Jan/2022:10:05:39 +0800] "POST /xingrg/dwr/call/plaincall/AjaxYddbService.getRestBases.dwr HTTP/1.1" 200 1562
116.232.50.26 - - [22/Jan/2022:10:05:40 +0800] "GET /xingrg/all/function/internal_message.html?_=1642817137629&CODE_STATE=getMsg HTTP/1.1" 200 27
180.169.147.146 - - [22/Jan/2022:10:05:44 +0800] "GET /xingrg/all/function/internal_message.html?_=1642817142795&CODE_STATE=getMsg HTTP/1.1" 200 27
180.169.147.146 - - [22/Jan/2022:10:05:44 +0800] "POST /xingrg/kc/buy/cgsh_list_operate.html HTTP/1.1" 200 5144
124.79.247.218 - - [22/Jan/2022:10:05:45 +0800] "GET /xingrg/kc/buy/cgsh_order_operate.html?command=get_materiel&rest_code=00104&code=00101016053&supplier_code=00100036&order_time=2022-01-22 HTTP/1.1" 200 408
180.152.99.73 - - [22/Jan/2022:10:05:46 +0800] "POST /xingrg/dwr/call/plaincall/AjaxYddbService.saveOrder.dwr HTTP/1.1" 200 78
58.39.168.32 - - [22/Jan/2022:10:05:48 +0800] "GET /xingrg/all/function/internal_message.html?_=1642817145928&CODE_STATE=getMsg HTTP/1.1" 200 27
180.169.147.146 - - [22/Jan/2022:10:05:48 +0800] "GET /xingrg/all/function/internal_message.html?_=1642817145443&CODE_STATE=getMsg HTTP/1.1" 200 27
180.152.99.73 - - [22/Jan/2022:10:05:50 +0800] "POST /xingrg/dwr/call/plaincall/AjaxComOrderService.getMaterielSearchList.dwr HTTP/1.1" 200 713
180.152.99.73 - - [22/Jan/2022:10:05:50 +0800] "POST /xingrg/dwr/call/plaincall/AjaxComOrderService.getMaterielSearchList.dwr HTTP/1.1" 200 713
180.152.99.73 - - [22/Jan/2022:10:05:51 +0800] "POST /xingrg/dwr/call/plaincall/AjaxYddbService.getMaterielByMap.dwr HTTP/1.1" 200 3857
114.95.98.1 - - [22/Jan/2022:10:05:52 +0800] "GET /xingrg/javascript/easyui/themes/default/tree.css HTTP/1.1" 404 1090
114.95.98.1 - - [22/Jan/2022:10:05:52 +0800] "POST /xingrg/all/common/load_tree.html?tree=supplier_tree_json&isDelete=1 HTTP/1.1" 200 61885
101.80.229.199 - - [22/Jan/2022:10:05:52 +0800] "GET /xingrg/all/function/internal_message.html?_=1642817148844&CODE_STATE=getMsg HTTP/1.1" 200 27
180.152.99.73 - - [22/Jan/2022:10:05:53 +0800] "POST /xingrg/dwr/call/plaincall/AjaxYddbService.getUnitPrice.dwr HTTP/1.1" 200 86
222.70.243.96 - - [22/Jan/2022:10:05:54 +0800] "GET /xingrg/all/function/internal_message.html?_=1642817164161&CODE_STATE=getMsg HTTP/1.1" 200 27
180.152.99.73 - - [22/Jan/2022:10:05:55 +0800] "POST /xingrg/dwr/call/plaincall/AjaxYddbService.saveMaterielItem.dwr HTTP/1.1" 200 78
58.39.168.32 - - [22/Jan/2022:10:05:55 +0800] "GET /xingrg/kc/buy/cgsh_order_add.html HTTP/1.1" 200 65496
58.39.168.32 - - [22/Jan/2022:10:05:56 +0800] "POST /xingrg/kc/buy/cgsh_order_operate.html HTTP/1.1" 200 8245
58.39.168.32 - - [22/Jan/2022:10:05:56 +0800] "GET /xingrg/javascript/easyui/themes/default/validatebox.css HTTP/1.1" 404 1104
180.152.99.39 - - [22/Jan/2022:10:05:57 +0800] "GET /xingrg/all/function/internal_message.html?_=1642817085372&CODE_STATE=getMsg HTTP/1.1" 200 27
120.253.135.82 - - [22/Jan/2022:10:05:57 +0800] "GET /xingrg/all/function/internal_message.html?_=1642816943648&CODE_STATE=getMsg HTTP/1.1" 200 27
180.152.99.73 - - [22/Jan/2022:10:05:58 +0800] "POST /xingrg/dwr/call/plaincall/AjaxComOrderService.getMaterielSearchList.dwr HTTP/1.1" 200 24876
180.152.99.73 - - [22/Jan/2022:10:05:58 +0800] "POST /xingrg/dwr/call/plaincall/AjaxComOrderService.getMaterielSearchList.dwr HTTP/1.1" 200 591
180.152.99.73 - - [22/Jan/2022:10:06:02 +0800] "POST /xingrg/dwr/call/plaincall/AjaxYddbService.getMaterielByMap.dwr HTTP/1.1" 200 3849
222.69.132.164 - - [22/Jan/2022:10:06:02 +0800] "GET /xingrg/all/function/internal_message.html?_=1642817211867&CODE_STATE=getMsg HTTP/1.1" 200 27
180.152.99.73 - - [22/Jan/2022:10:06:03 +0800] "GET /xingrg/all/function/internal_message.html?_=1642817160786&CODE_STATE=getMsg HTTP/1.1" 200 27
124.79.247.218 - - [22/Jan/2022:10:06:04 +0800] "GET /xingrg/kc/buy/cgsh_order_operate.html?command=get_materiel&rest_code=00104&code=00101011001&supplier_code=00100036&order_time=2022-01-22 HTTP/1.1" 200 423
124.79.247.218 - - [22/Jan/2022:10:06:04 +0800] "GET /xingrg/check_reg.html?_=1642817205150 HTTP/1.1" 200 22
124.79.247.218 - - [22/Jan/2022:10:06:05 +0800] "GET /xingrg/all/function/internal_message.html?_=1642817205539&CODE_STATE=getMsg HTTP/1.1" 200 27
180.152.99.73 - - [22/Jan/2022:10:06:06 +0800] "POST /xingrg/dwr/call/plaincall/AjaxYddbService.getUnitPrice.dwr HTTP/1.1" 200 87
180.169.147.146 - - [22/Jan/2022:10:06:08 +0800] "GET /xingrg/check_reg.html?_=1642817161202 HTTP/1.1" 200 22
180.169.147.146 - - [22/Jan/2022:10:06:08 +0800] "GET /xingrg/all/function/internal_message.html?_=1642817161203&CODE_STATE=getMsg HTTP/1.1" 200 27
180.152.99.73 - - [22/Jan/2022:10:06:08 +0800] "POST /xingrg/dwr/call/plaincall/AjaxYddbService.saveMaterielItem.dwr HTTP/1.1" 200 79
58.39.168.32 - - [22/Jan/2022:10:06:10 +0800] "GET /xingrg/all/function/internal_message.html?_=1642817104640&CODE_STATE=getMsg HTTP/1.1" 200 27
114.95.98.1 - - [22/Jan/2022:10:06:10 +0800] "GET /xingrg/kc/buy/cgsh_order_operate.html?command=get_materiel&rest_code=00102&code=00101029085&supplier_code=00100406&order_time=2022-01-22 HTTP/1.1" 200 433
180.152.99.73 - - [22/Jan/2022:10:06:12 +0800] "POST /xingrg/dwr/call/plaincall/AjaxComOrderService.getMaterielSearchList.dwr HTTP/1.1" 200 1110
222.70.178.207 - - [22/Jan/2022:10:06:12 +0800] "GET /xingrg/all/function/internal_message.html?_=1642817168883&CODE_STATE=getMsg HTTP/1.1" 200 27
180.152.99.73 - - [22/Jan/2022:10:06:12 +0800] "POST /xingrg/dwr/call/plaincall/AjaxComOrderService.getMaterielSearchList.dwr HTTP/1.1" 200 1110
58.39.168.32 - - [22/Jan/2022:10:06:12 +0800] "GET /xingrg/kc/buy/cgsh_order_operate.html?command=get_materiel&rest_code=00105&code=00101027001&supplier_code=00100017&order_time=2022-01-22 HTTP/1.1" 200 469
222.70.178.207 - - [22/Jan/2022:10:06:13 +0800] "GET /xingrg/check_reg.html?_=1642817169336 HTTP/1.1" 200 22
124.79.247.218 - - [22/Jan/2022:10:06:16 +0800] "GET /xingrg/kc/buy/cgsh_order_operate.html?command=get_materiel&rest_code=00104&code=00101012025&supplier_code=00100036&order_time=2022-01-22 HTTP/1.1" 200 412
58.37.10.95 - - [22/Jan/2022:10:06:18 +0800] "GET /xingrg/all/function/internal_message.html?_=1642816971131&CODE_STATE=getMsg HTTP/1.1" 200 27
101.85.120.86 - - [22/Jan/2022:10:06:18 +0800] "GET /xingrg/all/function/internal_message.html?_=1642817174709&CODE_STATE=getMsg HTTP/1.1" 200 27
101.83.241.107 - - [22/Jan/2022:10:06:22 +0800] "GET /xingrg/all/function/internal_message.html?_=1642817175867&CODE_STATE=getMsg HTTP/1.1" 200 27
114.95.98.1 - - [22/Jan/2022:10:06:23 +0800] "POST /xingrg/kc/buy/cgsh_order_operate.html HTTP/1.1" 200 37
58.39.168.32 - - [22/Jan/2022:10:06:26 +0800] "GET /xingrg/kc/buy/cgsh_order_operate.html?command=get_materiel&rest_code=00105&code=00101028012&supplier_code=00100017&order_time=2022-01-22 HTTP/1.1" 200 475
114.95.98.1 - - [22/Jan/2022:10:06:29 +0800] "POST /xingrg/kc/buy/cgsh_order_operate.html HTTP/1.1" 200 12
124.79.247.218 - - [22/Jan/2022:10:06:29 +0800] "GET /xingrg/kc/buy/cgsh_order_operate.html?command=get_materiel&rest_code=00104&code=00101010035&supplier_code=00100036&order_time=2022-01-22 HTTP/1.1" 200 413
124.79.247.218 - - [22/Jan/2022:10:06:30 +0800] "GET /xingrg/check_reg.html?_=1642817327978 HTTP/1.1" 200 22
124.79.247.218 - - [22/Jan/2022:10:06:30 +0800] "GET /xingrg/all/function/internal_message.html?_=1642817327979&CODE_STATE=getMsg HTTP/1.1" 200 27
114.95.98.1 - - [22/Jan/2022:10:06:30 +0800] "GET /xingrg/kc/buy/cgsh_order_info.html?code=212022012211014 HTTP/1.1" 200 60321
222.70.217.149 - - [22/Jan/2022:10:06:31 +0800] "GET /xingrg/all/function/internal_message.html?_=1642817176070&CODE_STATE=getMsg HTTP/1.1" 200 27
114.95.98.1 - - [22/Jan/2022:10:06:32 +0800] "GET /xingrg/javascript/easyui/themes/default/validatebox.css HTTP/1.1" 404 1104
114.95.98.1 - - [22/Jan/2022:10:06:33 +0800] "POST /xingrg/kc/buy/cgsh_order_operate.html HTTP/1.1" 200 636
114.95.98.1 - - [22/Jan/2022:10:06:35 +0800] "GET /xingrg/kc/print/load_data.html?order_code=212022012211014&kc_code=cgsh&condition= HTTP/1.1" 200 716
114.95.98.1 - - [22/Jan/2022:10:06:37 +0800] "GET /xingrg/all/function/internal_message.html?_=1642817214574&CODE_STATE=getMsg HTTP/1.1" 200 27
180.152.99.73 - - [22/Jan/2022:10:06:37 +0800] "POST /xingrg/dwr/call/plaincall/AjaxYddbService.getMaterielByMap.dwr HTTP/1.1" 200 3802
180.152.99.73 - - [22/Jan/2022:10:06:39 +0800] "POST /xingrg/dwr/call/plaincall/AjaxYddbService.saveMaterielItem.dwr HTTP/1.1" 200 79
116.232.50.26 - - [22/Jan/2022:10:06:40 +0800] "GET /xingrg/all/function/internal_message.html?_=1642817197631&CODE_STATE=getMsg HTTP/1.1" 200 27
180.152.99.73 - - [22/Jan/2022:10:06:43 +0800] "POST /xingrg/dwr/call/plaincall/AjaxComOrderService.getMaterielSearchList.dwr HTTP/1.1" 200 21787
180.169.147.146 - - [22/Jan/2022:10:06:44 +0800] "GET /xingrg/all/function/internal_message.html?_=1642817202785&CODE_STATE=getMsg HTTP/1.1" 200 27
180.152.99.73 - - [22/Jan/2022:10:06:44 +0800] "POST /xingrg/dwr/call/plaincall/AjaxComOrderService.getMaterielSearchList.dwr HTTP/1.1" 200 963
58.39.168.32 - - [22/Jan/2022:10:06:48 +0800] "GET /xingrg/all/function/internal_message.html?_=1642817205934&CODE_STATE=getMsg HTTP/1.1" 200 27
180.152.99.73 - - [22/Jan/2022:10:06:48 +0800] "POST /xingrg/dwr/call/plaincall/AjaxYddbService.getMaterielByMap.dwr HTTP/1.1" 200 3806
180.169.147.146 - - [22/Jan/2022:10:06:49 +0800] "GET /xingrg/all/function/internal_message.html?_=1642817205458&CODE_STATE=getMsg HTTP/1.1" 200 27
180.152.99.73 - - [22/Jan/2022:10:06:50 +0800] "POST /xingrg/dwr/call/plaincall/AjaxYddbService.saveMaterielItem.dwr HTTP/1.1" 200 79
101.80.229.199 - - [22/Jan/2022:10:06:52 +0800] "GET /xingrg/all/function/internal_message.html?_=1642817208828&CODE_STATE=getMsg HTTP/1.1" 200 27
58.39.168.32 - - [22/Jan/2022:10:06:52 +0800] "GET /xingrg/kc/buy/cgsh_order_operate.html?command=get_materiel&rest_code=00105&code=00101029002&supplier_code=00100017&order_time=2022-01-22 HTTP/1.1" 200 471
180.152.99.73 - - [22/Jan/2022:10:06:54 +0800] "POST /xingrg/dwr/call/plaincall/AjaxComOrderService.getMaterielSearchList.dwr HTTP/1.1" 200 602
222.70.243.96 - - [22/Jan/2022:10:06:54 +0800] "GET /xingrg/all/function/internal_message.html?_=1642817224174&CODE_STATE=getMsg HTTP/1.1" 200 27
180.152.99.73 - - [22/Jan/2022:10:06:55 +0800] "POST /xingrg/dwr/call/plaincall/AjaxComOrderService.getMaterielSearchList.dwr HTTP/1.1" 200 450
124.79.247.218 - - [22/Jan/2022:10:06:55 +0800] "GET /xingrg/javascript/easyui/themes/default/images/button_plain_hover.png HTTP/1.1" 304 -
180.152.99.73 - - [22/Jan/2022:10:06:57 +0800] "POST /xingrg/dwr/call/plaincall/AjaxYddbService.getMaterielByMap.dwr HTTP/1.1" 200 3859
180.152.99.39 - - [22/Jan/2022:10:06:57 +0800] "GET /xingrg/all/function/internal_message.html?_=1642817145386&CODE_STATE=getMsg HTTP/1.1" 200 27
180.152.99.73 - - [22/Jan/2022:10:06:58 +0800] "POST /xingrg/dwr/call/plaincall/AjaxYddbService.getUnitPrice.dwr HTTP/1.1" 200 88
124.79.247.218 - - [22/Jan/2022:10:06:59 +0800] "POST /xingrg/kc/buy/cgsh_order_operate.html HTTP/1.1" 200 37
58.39.168.32 - - [22/Jan/2022:10:07:00 +0800] "GET /xingrg/kc/buy/cgsh_order_operate.html?command=get_materiel&rest_code=00105&code=00101029022&supplier_code=00100017&order_time=2022-01-22 HTTP/1.1" 200 472
180.152.99.73 - - [22/Jan/2022:10:07:02 +0800] "POST /xingrg/dwr/call/plaincall/AjaxYddbService.saveMaterielItem.dwr HTTP/1.1" 200 79
222.69.132.164 - - [22/Jan/2022:10:07:02 +0800] "GET /xingrg/all/function/internal_message.html?_=1642817271861&CODE_STATE=getMsg HTTP/1.1" 200 27
180.152.99.73 - - [22/Jan/2022:10:07:03 +0800] "GET /xingrg/all/function/internal_message.html?_=1642817220795&CODE_STATE=getMsg HTTP/1.1" 200 27
180.152.99.73 - - [22/Jan/2022:10:07:06 +0800] "POST /xingrg/dwr/call/plaincall/AjaxComOrderService.getMaterielSearchList.dwr HTTP/1.1" 200 487319
180.152.99.73 - - [22/Jan/2022:10:07:07 +0800] "POST /xingrg/dwr/call/plaincall/AjaxComOrderService.getMaterielSearchList.dwr HTTP/1.1" 200 896
180.152.99.73 - - [22/Jan/2022:10:07:08 +0800] "POST /xingrg/dwr/call/plaincall/AjaxComOrderService.getMaterielSearchList.dwr HTTP/1.1" 200 896
180.169.147.146 - - [22/Jan/2022:10:07:08 +0800] "GET /xingrg/all/function/internal_message.html?_=1642817221204&CODE_STATE=getMsg HTTP/1.1" 200 27
180.152.99.73 - - [22/Jan/2022:10:07:09 +0800] "POST /xingrg/dwr/call/plaincall/AjaxComOrderService.getMaterielSearchList.dwr HTTP/1.1" 200 587
58.39.168.32 - - [22/Jan/2022:10:07:10 +0800] "GET /xingrg/all/function/internal_message.html?_=1642817164613&CODE_STATE=getMsg HTTP/1.1" 200 27
222.70.178.207 - - [22/Jan/2022:10:07:12 +0800] "GET /xingrg/all/function/internal_message.html?_=1642817228854&CODE_STATE=getMsg HTTP/1.1" 200 27
58.39.168.32 - - [22/Jan/2022:10:07:12 +0800] "GET /xingrg/kc/buy/cgsh_order_operate.html?command=get_materiel&rest_code=00105&code=00101029011&supplier_code=00100017&order_time=2022-01-22 HTTP/1.1" 200 482
180.152.99.73 - - [22/Jan/2022:10:07:16 +0800] "POST /xingrg/dwr/call/plaincall/AjaxYddbService.getMaterielByMap.dwr HTTP/1.1" 200 3848
58.37.10.95 - - [22/Jan/2022:10:07:18 +0800] "GET /xingrg/all/function/internal_message.html?_=1642817031112&CODE_STATE=getMsg HTTP/1.1" 200 27
101.85.120.86 - - [22/Jan/2022:10:07:18 +0800] "GET /xingrg/all/function/internal_message.html?_=1642817234707&CODE_STATE=getMsg HTTP/1.1" 200 27
124.79.247.218 - - [22/Jan/2022:10:07:18 +0800] "POST /xingrg/kc/buy/cgsh_order_operate.html HTTP/1.1" 200 6207
114.95.98.1 - - [22/Jan/2022:10:07:19 +0800] "GET /xingrg/kc/buy/cgsh_order_add.html HTTP/1.1" 200 65408
180.152.99.73 - - [22/Jan/2022:10:07:20 +0800] "POST /xingrg/dwr/call/plaincall/AjaxYddbService.saveMaterielItem.dwr HTTP/1.1" 200 79
114.95.98.1 - - [22/Jan/2022:10:07:20 +0800] "POST /xingrg/kc/buy/cgsh_order_operate.html HTTP/1.1" 200 8245
114.95.98.1 - - [22/Jan/2022:10:07:21 +0800] "GET /xingrg/javascript/easyui/themes/default/validatebox.css HTTP/1.1" 404 1104
101.83.241.107 - - [22/Jan/2022:10:07:22 +0800] "GET /xingrg/all/function/internal_message.html?_=1642817235863&CODE_STATE=getMsg HTTP/1.1" 200 27
120.253.135.82 - - [22/Jan/2022:10:07:22 +0800] "GET /xingrg/kc/pszx/mdqp_order_list.html?state=10 HTTP/1.1" 200 10217
120.253.135.82 - - [22/Jan/2022:10:07:22 +0800] "GET /xingrg/dwr/engine.js HTTP/1.1" 200 43631
120.253.135.82 - - [22/Jan/2022:10:07:22 +0800] "GET /xingrg/dwr/interface/AjaxReportQueryService.js HTTP/1.1" 200 13203
180.169.147.146 - - [22/Jan/2022:10:07:22 +0800] "POST /xingrg/kc/buy/cgsh_list_operate.html HTTP/1.1" 200 4
120.253.135.82 - - [22/Jan/2022:10:07:22 +0800] "GET /xingrg/dwr/interface/AjaxQqpsService.js HTTP/1.1" 200 16326
58.39.168.32 - - [22/Jan/2022:10:07:25 +0800] "GET /xingrg/kc/buy/cgsh_order_operate.html?command=get_materiel&rest_code=00105&code=00101029010&supplier_code=00100017&order_time=2022-01-22 HTTP/1.1" 200 439
180.152.99.73 - - [22/Jan/2022:10:07:28 +0800] "POST /xingrg/dwr/call/plaincall/AjaxComOrderService.getMaterielSearchList.dwr HTTP/1.1" 200 26156
180.152.99.73 - - [22/Jan/2022:10:07:28 +0800] "POST /xingrg/dwr/call/plaincall/AjaxComOrderService.getMaterielSearchList.dwr HTTP/1.1" 200 1115
124.79.247.218 - - [22/Jan/2022:10:07:30 +0800] "GET /xingrg/all/function/internal_message.html?_=1642817387977&CODE_STATE=getMsg HTTP/1.1" 200 27
222.70.217.149 - - [22/Jan/2022:10:07:31 +0800] "GET /xingrg/all/function/internal_message.html?_=1642817236046&CODE_STATE=getMsg HTTP/1.1" 200 27
180.152.99.73 - - [22/Jan/2022:10:07:32 +0800] "POST /xingrg/dwr/call/plaincall/AjaxYddbService.getMaterielByMap.dwr HTTP/1.1" 200 3805
58.39.168.32 - - [22/Jan/2022:10:07:33 +0800] "POST /xingrg/kc/buy/cgsh_order_operate.html HTTP/1.1" 200 37
114.95.98.1 - - [22/Jan/2022:10:07:34 +0800] "GET /xingrg/check_reg.html?_=1642817271627 HTTP/1.1" 200 22
180.152.99.73 - - [22/Jan/2022:10:07:34 +0800] "POST /xingrg/dwr/call/plaincall/AjaxYddbService.saveMaterielItem.dwr HTTP/1.1" 200 79
58.39.168.32 - - [22/Jan/2022:10:07:36 +0800] "POST /xingrg/kc/buy/cgsh_order_operate.html HTTP/1.1" 200 5816
114.95.98.1 - - [22/Jan/2022:10:07:37 +0800] "GET /xingrg/all/function/internal_message.html?_=1642817274649&CODE_STATE=getMsg HTTP/1.1" 200 27
58.39.168.32 - - [22/Jan/2022:10:07:37 +0800] "GET /xingrg/kc/print/load_data.html?order_code=212022012211016&kc_code=cgsh&condition= HTTP/1.1" 200 2059
180.169.147.146 - - [22/Jan/2022:10:07:37 +0800] "POST /xingrg/kc/buy/cgsh_list_operate.html HTTP/1.1" 200 4613
180.152.99.73 - - [22/Jan/2022:10:07:38 +0800] "POST /xingrg/dwr/call/plaincall/AjaxComOrderService.getMaterielSearchList.dwr HTTP/1.1" 200 501385
180.152.99.73 - - [22/Jan/2022:10:07:39 +0800] "POST /xingrg/dwr/call/plaincall/AjaxComOrderService.getMaterielSearchList.dwr HTTP/1.1" 200 2386
180.152.99.73 - - [22/Jan/2022:10:07:40 +0800] "POST /xingrg/dwr/call/plaincall/AjaxYddbService.getMaterielByMap.dwr HTTP/1.1" 200 3852
116.232.50.26 - - [22/Jan/2022:10:07:40 +0800] "GET /xingrg/all/function/internal_message.html?_=1642817257633&CODE_STATE=getMsg HTTP/1.1" 200 27
116.232.50.26 - - [22/Jan/2022:10:07:40 +0800] "GET /xingrg/check_reg.html?_=1642817257633 HTTP/1.1" 200 22
180.152.99.73 - - [22/Jan/2022:10:07:42 +0800] "POST /xingrg/dwr/call/plaincall/AjaxYddbService.saveMaterielItem.dwr HTTP/1.1" 200 79
114.95.98.1 - - [22/Jan/2022:10:07:42 +0800] "GET /xingrg/kc/buy/cgsh_order_operate.html?command=get_materiel&rest_code=00102&code=00101020196&supplier_code=00100097&order_time=2022-01-22 HTTP/1.1" 200 414
180.169.147.146 - - [22/Jan/2022:10:07:44 +0800] "GET /xingrg/all/function/internal_message.html?_=1642817262785&CODE_STATE=getMsg HTTP/1.1" 200 27
180.152.99.73 - - [22/Jan/2022:10:07:45 +0800] "POST /xingrg/dwr/call/plaincall/AjaxComOrderService.getMaterielSearchList.dwr HTTP/1.1" 200 5202
180.152.99.73 - - [22/Jan/2022:10:07:47 +0800] "POST /xingrg/dwr/call/plaincall/AjaxYddbService.getMaterielByMap.dwr HTTP/1.1" 200 3842
58.39.168.32 - - [22/Jan/2022:10:07:48 +0800] "GET /xingrg/all/function/internal_message.html?_=1642817265936&CODE_STATE=getMsg HTTP/1.1" 200 27
180.169.147.146 - - [22/Jan/2022:10:07:48 +0800] "GET /xingrg/all/function/internal_message.html?_=1642817265455&CODE_STATE=getMsg HTTP/1.1" 200 27
180.152.99.73 - - [22/Jan/2022:10:07:49 +0800] "POST /xingrg/dwr/call/plaincall/AjaxYddbService.getUnitPrice.dwr HTTP/1.1" 200 87
180.152.99.73 - - [22/Jan/2022:10:07:51 +0800] "POST /xingrg/dwr/call/plaincall/AjaxYddbService.saveMaterielItem.dwr HTTP/1.1" 200 79
58.37.10.95 - - [22/Jan/2022:10:07:52 +0800] "GET /xingrg/kc/buy/buy_main.html HTTP/1.1" 200 12412
58.37.10.95 - - [22/Jan/2022:10:07:52 +0800] "GET /xingrg/css/new_ie.css HTTP/1.1" 404 1036
101.80.229.199 - - [22/Jan/2022:10:07:52 +0800] "GET /xingrg/all/function/internal_message.html?_=1642817268814&CODE_STATE=getMsg HTTP/1.1" 200 27
58.37.10.95 - - [22/Jan/2022:10:07:52 +0800] "GET /xingrg/images/yd/bt.gif HTTP/1.1" 404 1040
58.37.10.95 - - [22/Jan/2022:10:07:53 +0800] "GET /xingrg/kc/buy/cgsh_order_list.html HTTP/1.1" 200 49645
124.79.247.218 - - [22/Jan/2022:10:07:54 +0800] "GET /xingrg/javascript/easyui/themes/default/images/button_plain_hover.png HTTP/1.1" 304 -
124.79.247.218 - - [22/Jan/2022:10:07:54 +0800] "GET /xingrg/javascript/easyui/themes/default/images/button_plain_hover.png HTTP/1.1" 304 -
222.70.243.96 - - [22/Jan/2022:10:07:54 +0800] "GET /xingrg/all/function/internal_message.html?_=1642817284197&CODE_STATE=getMsg HTTP/1.1" 200 27
180.152.99.73 - - [22/Jan/2022:10:07:55 +0800] "POST /xingrg/dwr/call/plaincall/AjaxComOrderService.getMaterielSearchList.dwr HTTP/1.1" 200 19859
180.152.99.73 - - [22/Jan/2022:10:07:55 +0800] "POST /xingrg/dwr/call/plaincall/AjaxComOrderService.getMaterielSearchList.dwr HTTP/1.1" 200 739
124.79.247.218 - - [22/Jan/2022:10:07:56 +0800] "GET /xingrg/all/function/internal_message.html?_=1642817317251&CODE_STATE=getMsg HTTP/1.1" 200 27
180.152.99.73 - - [22/Jan/2022:10:07:57 +0800] "POST /xingrg/dwr/call/plaincall/AjaxYddbService.getMaterielByMap.dwr HTTP/1.1" 200 3851
180.152.99.39 - - [22/Jan/2022:10:07:57 +0800] "GET /xingrg/all/function/internal_message.html?_=1642817205535&CODE_STATE=getMsg HTTP/1.1" 200 27
124.79.247.218 - - [22/Jan/2022:10:07:58 +0800] "POST /xingrg/kc/buy/cgsh_order_operate.html HTTP/1.1" 200 37
180.152.99.73 - - [22/Jan/2022:10:08:01 +0800] "POST /xingrg/dwr/call/plaincall/AjaxYddbService.saveMaterielItem.dwr HTTP/1.1" 200 79
222.69.132.164 - - [22/Jan/2022:10:08:02 +0800] "GET /xingrg/all/function/internal_message.html?_=1642817331866&CODE_STATE=getMsg HTTP/1.1" 200 27
222.69.132.164 - - [22/Jan/2022:10:08:02 +0800] "GET /xingrg/check_reg.html?_=1642817331867 HTTP/1.1" 200 22
124.79.247.218 - - [22/Jan/2022:10:08:02 +0800] "POST /xingrg/kc/buy/cgsh_order_operate.html HTTP/1.1" 200 6207
180.152.99.73 - - [22/Jan/2022:10:08:03 +0800] "GET /xingrg/all/function/internal_message.html?_=1642817280801&CODE_STATE=getMsg HTTP/1.1" 200 27
180.169.147.146 - - [22/Jan/2022:10:08:04 +0800] "POST /xingrg/kc/buy/cgsh_list_operate.html HTTP/1.1" 200 4
124.79.247.218 - - [22/Jan/2022:10:08:05 +0800] "GET /xingrg/javascript/easyui/themes/default/images/button_plain_hover.png HTTP/1.1" 304 -
124.79.247.218 - - [22/Jan/2022:10:08:05 +0800] "GET /xingrg/javascript/easyui/themes/default/images/button_plain_hover.png HTTP/1.1" 304 -
124.79.247.218 - - [22/Jan/2022:10:08:06 +0800] "GET /xingrg/kc/buy/cgsh_order_add.html HTTP/1.1" 200 65449
124.79.247.218 - - [22/Jan/2022:10:08:06 +0800] "GET /xingrg/css/base.css HTTP/1.1" 304 -
124.79.247.218 - - [22/Jan/2022:10:08:06 +0800] "GET /xingrg/javascript/easyui/themes/icon.css HTTP/1.1" 304 -
124.79.247.218 - - [22/Jan/2022:10:08:06 +0800] "GET /xingrg/css/site.css HTTP/1.1" 304 -
124.79.247.218 - - [22/Jan/2022:10:08:06 +0800] "GET /xingrg/javascript/easyui/themes/default/easyui.css HTTP/1.1" 304 -
124.79.247.218 - - [22/Jan/2022:10:08:06 +0800] "GET /xingrg/javascript/auto/jquery.autocomplete.css HTTP/1.1" 304 -
124.79.247.218 - - [22/Jan/2022:10:08:06 +0800] "GET /xingrg/javascript/jquery_tools/fix.css HTTP/1.1" 304 -
124.79.247.218 - - [22/Jan/2022:10:08:06 +0800] "GET /xingrg/javascript/jquery_tools/table.css HTTP/1.1" 304 -
124.79.247.218 - - [22/Jan/2022:10:08:06 +0800] "GET /xingrg/javascript/jquery_tools/jquery.tools.min.js HTTP/1.1" 304 -
124.79.247.218 - - [22/Jan/2022:10:08:06 +0800] "GET /xingrg/javascript/pic_change.js HTTP/1.1" 304 -
124.79.247.218 - - [22/Jan/2022:10:08:06 +0800] "GET /xingrg/javascript/jquery_tools/jquery.tools.extend.js HTTP/1.1" 304 -
124.79.247.218 - - [22/Jan/2022:10:08:06 +0800] "GET /xingrg/javascript/jquery_tools/jquery.tools.hotkey.js HTTP/1.1" 304 -
124.79.247.218 - - [22/Jan/2022:10:08:06 +0800] "GET /xingrg/javascript/jquery_tools/jquery.tools.table.js HTTP/1.1" 304 -
124.79.247.218 - - [22/Jan/2022:10:08:06 +0800] "GET /xingrg/javascript/auto/jquery.autocomplete.js HTTP/1.1" 304 -
124.79.247.218 - - [22/Jan/2022:10:08:06 +0800] "GET /xingrg/javascript/easyui/easyloader.js HTTP/1.1" 304 -
124.79.247.218 - - [22/Jan/2022:10:08:06 +0800] "GET /xingrg/javascript/jquery.cookie.js HTTP/1.1" 304 -
124.79.247.218 - - [22/Jan/2022:10:08:06 +0800] "GET /xingrg/javascript/json2.js HTTP/1.1" 304 -
124.79.247.218 - - [22/Jan/2022:10:08:06 +0800] "GET /xingrg/javascript/print/kc_print.js HTTP/1.1" 304 -
124.79.247.218 - - [22/Jan/2022:10:08:06 +0800] "GET /xingrg/javascript/print/LodopFuncs.js HTTP/1.1" 304 -
124.79.247.218 - - [22/Jan/2022:10:08:06 +0800] "GET /xingrg/javascript/jquery_tools/datebox.css HTTP/1.1" 304 -
124.79.247.218 - - [22/Jan/2022:10:08:06 +0800] "GET /xingrg/javascript/convert.js HTTP/1.1" 304 -
124.79.247.218 - - [22/Jan/2022:10:08:06 +0800] "GET /xingrg/javascript/jquery_tools/order_manager.js HTTP/1.1" 304 -
124.79.247.218 - - [22/Jan/2022:10:08:06 +0800] "GET /xingrg/javascript/jquery.utils.js HTTP/1.1" 304 -
180.169.147.146 - - [22/Jan/2022:10:08:07 +0800] "POST /xingrg/kc/buy/cgsh_list_operate.html HTTP/1.1" 200 876
58.37.10.95 - - [22/Jan/2022:10:08:07 +0800] "POST /xingrg/kc/buy/cgsh_list_operate.html HTTP/1.1" 200 2427
124.79.247.218 - - [22/Jan/2022:10:08:08 +0800] "GET /xingrg/words/20220120171707_words.js HTTP/1.1" 304 -
180.169.147.146 - - [22/Jan/2022:10:08:08 +0800] "GET /xingrg/all/function/internal_message.html?_=1642817281207&CODE_STATE=getMsg HTTP/1.1" 200 27
101.80.229.199 - - [22/Jan/2022:10:08:08 +0800] "GET /xingrg/check_reg.html?_=1642817285067 HTTP/1.1" 200 22
124.79.247.218 - - [22/Jan/2022:10:08:08 +0800] "GET /xingrg/javascript/easyui/themes/icons/copy_new.png HTTP/1.1" 304 -
124.79.247.218 - - [22/Jan/2022:10:08:08 +0800] "GET /xingrg/javascript/easyui/themes/icons/ok.png HTTP/1.1" 304 -
124.79.247.218 - - [22/Jan/2022:10:08:08 +0800] "GET /xingrg/javascript/easyui/themes/icons/template_new.png HTTP/1.1" 304 -
124.79.247.218 - - [22/Jan/2022:10:08:08 +0800] "GET /xingrg/javascript/easyui/themes/icons/print.png HTTP/1.1" 304 -
124.79.247.218 - - [22/Jan/2022:10:08:08 +0800] "GET /xingrg/javascript/easyui/themes/default/images/menu_downarrow.png HTTP/1.1" 304 -
124.79.247.218 - - [22/Jan/2022:10:08:08 +0800] "GET /xingrg/javascript/easyui/themes/icons/cancel.png HTTP/1.1" 304 -
124.79.247.218 - - [22/Jan/2022:10:08:08 +0800] "GET /xingrg/javascript/easyui/plugins/jquery.parser.js HTTP/1.1" 304 -
124.79.247.218 - - [22/Jan/2022:10:08:08 +0800] "POST /xingrg/kc/buy/cgsh_order_operate.html HTTP/1.1" 200 8245
124.79.247.218 - - [22/Jan/2022:10:08:09 +0800] "GET /xingrg/all/common/auto_word.html?type=employee&rest_code=00104 HTTP/1.1" 200 245
124.79.247.218 - - [22/Jan/2022:10:08:09 +0800] "GET /xingrg/all/common/auto_word.html?type=employee&rest_code=00104 HTTP/1.1" 200 245
124.79.247.218 - - [22/Jan/2022:10:08:09 +0800] "GET /xingrg/javascript/easyui/plugins/jquery.validatebox.js HTTP/1.1" 304 -
124.79.247.218 - - [22/Jan/2022:10:08:09 +0800] "GET /xingrg/javascript/easyui/themes/default/validatebox.css HTTP/1.1" 404 1104
124.79.247.218 - - [22/Jan/2022:10:08:09 +0800] "GET /xingrg/javascript/easyui/plugins/jquery.numberbox.js HTTP/1.1" 304 -
180.152.99.73 - - [22/Jan/2022:10:08:09 +0800] "GET /xingrg/kc/base/wldb_order_list.html HTTP/1.1" 200 19066
180.152.99.73 - - [22/Jan/2022:10:08:10 +0800] "POST /xingrg/kc/base/wldb_list_operate.html HTTP/1.1" 200 928
58.39.168.32 - - [22/Jan/2022:10:08:10 +0800] "GET /xingrg/all/function/internal_message.html?_=1642817224583&CODE_STATE=getMsg HTTP/1.1" 200 27
114.95.98.1 - - [22/Jan/2022:10:08:10 +0800] "POST /xingrg/kc/buy/cgsh_order_operate.html HTTP/1.1" 200 37
180.152.99.73 - - [22/Jan/2022:10:08:10 +0800] "GET /xingrg/kc/base/wldb_order_add.html HTTP/1.1" 200 30280
180.152.99.73 - - [22/Jan/2022:10:08:11 +0800] "POST /xingrg/kc/base/wldb_order_operate.html HTTP/1.1" 200 6806
180.152.99.73 - - [22/Jan/2022:10:08:11 +0800] "GET /xingrg/javascript/easyui/themes/default/validatebox.css HTTP/1.1" 404 1104
222.70.178.207 - - [22/Jan/2022:10:08:12 +0800] "GET /xingrg/all/function/internal_message.html?_=1642817288837&CODE_STATE=getMsg HTTP/1.1" 200 27
114.95.98.1 - - [22/Jan/2022:10:08:13 +0800] "POST /xingrg/kc/buy/cgsh_order_operate.html HTTP/1.1" 200 12
58.37.10.95 - - [22/Jan/2022:10:08:15 +0800] "POST /xingrg/kc/buy/cgsh_list_operate.html HTTP/1.1" 200 576
114.95.98.1 - - [22/Jan/2022:10:08:15 +0800] "GET /xingrg/kc/buy/cgsh_order_info.html?code=212022012211017 HTTP/1.1" 200 60307
58.37.10.95 - - [22/Jan/2022:10:08:16 +0800] "GET /xingrg/kc/buy/cgsh_order_info.html?code=212022012210989 HTTP/1.1" 200 65464
58.37.10.95 - - [22/Jan/2022:10:08:16 +0800] "GET /xingrg/javascript/easyui/themes/default/validatebox.css HTTP/1.1" 404 1104
114.95.98.1 - - [22/Jan/2022:10:08:16 +0800] "GET /xingrg/javascript/easyui/themes/default/validatebox.css HTTP/1.1" 404 1104
58.37.10.95 - - [22/Jan/2022:10:08:17 +0800] "POST /xingrg/kc/buy/cgsh_order_operate.html HTTP/1.1" 200 21597
114.95.98.1 - - [22/Jan/2022:10:08:17 +0800] "POST /xingrg/kc/buy/cgsh_order_operate.html HTTP/1.1" 200 618
58.37.10.95 - - [22/Jan/2022:10:08:18 +0800] "GET /xingrg/all/function/internal_message.html?_=1642817091141&CODE_STATE=getMsg HTTP/1.1" 200 27
101.85.120.86 - - [22/Jan/2022:10:08:18 +0800] "GET /xingrg/all/function/internal_message.html?_=1642817294707&CODE_STATE=getMsg HTTP/1.1" 200 27
114.95.98.1 - - [22/Jan/2022:10:08:18 +0800] "GET /xingrg/kc/print/load_data.html?order_code=212022012211017&kc_code=cgsh&condition= HTTP/1.1" 200 694
180.152.99.73 - - [22/Jan/2022:10:08:18 +0800] "GET /xingrg/kc/base/wldb_order_operate.html?command=get_materiel&rest_code=00150&base_code=0010445&code=00101019280 HTTP/1.1" 200 478
101.83.241.107 - - [22/Jan/2022:10:08:22 +0800] "GET /xingrg/all/function/internal_message.html?_=1642817295851&CODE_STATE=getMsg HTTP/1.1" 200 27
222.70.217.149 - - [22/Jan/2022:10:08:23 +0800] "GET /xingrg/check_reg.html?_=1642817287219 HTTP/1.1" 200 22
180.152.99.73 - - [22/Jan/2022:10:08:23 +0800] "GET /xingrg/kc/base/yddb_order_list.html HTTP/1.1" 200 16672
180.152.99.73 - - [22/Jan/2022:10:08:23 +0800] "POST /xingrg/kc/base/yddb_list_operate.html HTTP/1.1" 200 1347
180.152.99.73 - - [22/Jan/2022:10:08:24 +0800] "POST /xingrg/kc/base/yddb_list_operate.html HTTP/1.1" 200 640
180.152.99.73 - - [22/Jan/2022:10:08:25 +0800] "GET /xingrg/kc/base/yddb_order_info.html?code=482022012200159 HTTP/1.1" 200 31326
180.152.99.73 - - [22/Jan/2022:10:08:25 +0800] "GET /xingrg/dwr/interface/AjaxYddbService.js HTTP/1.1" 200 13201
180.152.99.73 - - [22/Jan/2022:10:08:25 +0800] "GET /xingrg/dwr/interface/AjaxComOrderService.js HTTP/1.1" 200 18264
180.152.99.73 - - [22/Jan/2022:10:08:25 +0800] "GET /xingrg/dwr/engine.js HTTP/1.1" 200 43631
180.152.99.73 - - [22/Jan/2022:10:08:25 +0800] "POST /xingrg/dwr/call/plaincall/AjaxYddbService.loadMaterielItems.dwr HTTP/1.1" 200 3762
124.79.247.218 - - [22/Jan/2022:10:08:26 +0800] "GET /xingrg/javascript/easyui/plugins/jquery.draggable.js HTTP/1.1" 304 -
124.79.247.218 - - [22/Jan/2022:10:08:26 +0800] "GET /xingrg/css/images/panel_loading.gif HTTP/1.1" 304 -
124.79.247.218 - - [22/Jan/2022:10:08:26 +0800] "GET /xingrg/javascript/easyui/plugins/jquery.droppable.js HTTP/1.1" 304 -
124.79.247.218 - - [22/Jan/2022:10:08:26 +0800] "GET /xingrg/javascript/easyui/themes/default/tree.css HTTP/1.1" 404 1090
124.79.247.218 - - [22/Jan/2022:10:08:26 +0800] "GET /xingrg/javascript/easyui/plugins/jquery.tree.js HTTP/1.1" 304 -
124.79.247.218 - - [22/Jan/2022:10:08:26 +0800] "POST /xingrg/all/common/load_tree.html?tree=supplier_tree_json&isDelete=1 HTTP/1.1" 200 61885
124.79.247.218 - - [22/Jan/2022:10:08:29 +0800] "GET /xingrg/javascript/easyui/themes/default/images/tree_folder_open.gif HTTP/1.1" 304 -
124.79.247.218 - - [22/Jan/2022:10:08:29 +0800] "GET /xingrg/javascript/easyui/themes/default/images/tree_folder.gif HTTP/1.1" 304 -
124.79.247.218 - - [22/Jan/2022:10:08:29 +0800] "GET /xingrg/javascript/easyui/themes/default/images/tree_file.gif HTTP/1.1" 304 -
124.79.247.218 - - [22/Jan/2022:10:08:30 +0800] "GET /xingrg/all/function/internal_message.html?_=1642817447976&CODE_STATE=getMsg HTTP/1.1" 200 27
114.95.98.1 - - [22/Jan/2022:10:08:30 +0800] "GET /xingrg/kc/buy/cgsh_order_add.html HTTP/1.1" 200 65408
222.70.217.149 - - [22/Jan/2022:10:08:31 +0800] "GET /xingrg/all/function/internal_message.html?_=1642817296027&CODE_STATE=getMsg HTTP/1.1" 200 27
114.95.98.1 - - [22/Jan/2022:10:08:32 +0800] "POST /xingrg/kc/buy/cgsh_order_operate.html HTTP/1.1" 200 8245
114.95.98.1 - - [22/Jan/2022:10:08:32 +0800] "GET /xingrg/javascript/easyui/themes/default/validatebox.css HTTP/1.1" 404 1104
114.95.98.1 - - [22/Jan/2022:10:08:37 +0800] "GET /xingrg/all/function/internal_message.html?_=1642817334659&CODE_STATE=getMsg HTTP/1.1" 200 27
116.232.50.26 - - [22/Jan/2022:10:08:40 +0800] "GET /xingrg/all/function/internal_message.html?_=1642817317634&CODE_STATE=getMsg HTTP/1.1" 200 27
180.169.147.146 - - [22/Jan/2022:10:08:44 +0800] "GET /xingrg/all/function/internal_message.html?_=1642817322787&CODE_STATE=getMsg HTTP/1.1" 200 27
180.152.99.73 - - [22/Jan/2022:10:08:48 +0800] "POST /xingrg/dwr/call/plaincall/AjaxYddbService.checkOrder.dwr HTTP/1.1" 200 78
58.39.168.32 - - [22/Jan/2022:10:08:48 +0800] "GET /xingrg/all/function/internal_message.html?_=1642817325933&CODE_STATE=getMsg HTTP/1.1" 200 27
180.169.147.146 - - [22/Jan/2022:10:08:48 +0800] "GET /xingrg/all/function/internal_message.html?_=1642817325455&CODE_STATE=getMsg HTTP/1.1" 200 27
180.152.99.73 - - [22/Jan/2022:10:08:49 +0800] "GET /xingrg/kc/base/yddb_order_info.html?code=482022012200159 HTTP/1.1" 200 29505
180.152.99.73 - - [22/Jan/2022:10:08:49 +0800] "GET /xingrg/dwr/interface/AjaxYddbService.js HTTP/1.1" 200 13201
180.152.99.73 - - [22/Jan/2022:10:08:49 +0800] "GET /xingrg/dwr/interface/AjaxComOrderService.js HTTP/1.1" 200 18264
180.152.99.73 - - [22/Jan/2022:10:08:49 +0800] "GET /xingrg/dwr/engine.js HTTP/1.1" 200 43631
180.152.99.73 - - [22/Jan/2022:10:08:49 +0800] "POST /xingrg/dwr/call/plaincall/AjaxYddbService.loadMaterielItems.dwr HTTP/1.1" 200 3762
101.80.229.199 - - [22/Jan/2022:10:08:52 +0800] "GET /xingrg/all/function/internal_message.html?_=1642817328785&CODE_STATE=getMsg HTTP/1.1" 200 27
58.37.10.95 - - [22/Jan/2022:10:08:54 +0800] "POST /xingrg/kc/buy/cgsh_order_operate.html HTTP/1.1" 200 37
222.70.243.96 - - [22/Jan/2022:10:08:54 +0800] "GET /xingrg/all/function/internal_message.html?_=1642817344203&CODE_STATE=getMsg HTTP/1.1" 200 27
124.79.247.218 - - [22/Jan/2022:10:08:57 +0800] "GET /xingrg/all/function/internal_message.html?_=1642817377548&CODE_STATE=getMsg HTTP/1.1" 200 27
180.152.99.39 - - [22/Jan/2022:10:08:57 +0800] "GET /xingrg/all/function/internal_message.html?_=1642817265537&CODE_STATE=getMsg HTTP/1.1" 200 27
124.79.247.218 - - [22/Jan/2022:10:08:57 +0800] "GET /xingrg/kc/buy/cgsh_order_operate.html?command=get_materiel&rest_code=00104&code=00101005037&supplier_code=00100040&order_time=2022-01-22 HTTP/1.1" 200 409
120.253.135.82 - - [22/Jan/2022:10:08:57 +0800] "GET /xingrg/check_reg.html?_=1642817123145 HTTP/1.1" 200 22
58.37.10.95 - - [22/Jan/2022:10:08:58 +0800] "POST /xingrg/kc/buy/cgsh_order_operate.html HTTP/1.1" 200 12
58.37.10.95 - - [22/Jan/2022:10:09:01 +0800] "GET /xingrg/kc/buy/cgsh_order_info.html?code=212022012210989 HTTP/1.1" 200 60364
58.37.10.95 - - [22/Jan/2022:10:09:02 +0800] "GET /xingrg/javascript/easyui/themes/default/validatebox.css HTTP/1.1" 404 1104
222.69.132.164 - - [22/Jan/2022:10:09:02 +0800] "GET /xingrg/all/function/internal_message.html?_=1642817391881&CODE_STATE=getMsg HTTP/1.1" 200 27
58.37.10.95 - - [22/Jan/2022:10:09:02 +0800] "POST /xingrg/kc/buy/cgsh_order_operate.html HTTP/1.1" 200 19532
180.152.99.73 - - [22/Jan/2022:10:09:03 +0800] "GET /xingrg/all/function/internal_message.html?_=1642817340800&CODE_STATE=getMsg HTTP/1.1" 200 27
180.152.99.73 - - [22/Jan/2022:10:09:03 +0800] "GET /xingrg/check_reg.html?_=1642817340845 HTTP/1.1" 200 22
124.79.247.218 - - [22/Jan/2022:10:09:04 +0800] "GET /xingrg/javascript/easyui/themes/default/images/button_plain_hover.png HTTP/1.1" 304 -
124.79.247.218 - - [22/Jan/2022:10:09:04 +0800] "GET /xingrg/javascript/easyui/themes/default/images/button_plain_hover.png HTTP/1.1" 304 -
58.37.10.95 - - [22/Jan/2022:10:09:05 +0800] "GET /xingrg/kc/buy/cgsh_order_add.html HTTP/1.1" 200 65455
180.152.99.73 - - [22/Jan/2022:10:09:05 +0800] "POST /xingrg/all/user/operate.html HTTP/1.1" 200 36
58.37.10.95 - - [22/Jan/2022:10:09:06 +0800] "POST /xingrg/kc/buy/cgsh_order_operate.html HTTP/1.1" 200 8245
58.37.10.95 - - [22/Jan/2022:10:09:06 +0800] "GET /xingrg/javascript/easyui/themes/default/validatebox.css HTTP/1.1" 404 1104
180.152.99.73 - - [22/Jan/2022:10:09:06 +0800] "GET /xingrg/index.html?sysBaseUrl=http%3A%2F%2F180.169.147.146%3A18081%2Fxingrg%2F&costTime=45×tamp=1642814602700 HTTP/1.1" 200 17177
180.152.99.73 - - [22/Jan/2022:10:09:06 +0800] "GET /xingrg/javascript/jquery_easy_ui/themes/default/easyui.css HTTP/1.1" 304 -
180.152.99.73 - - [22/Jan/2022:10:09:06 +0800] "GET /xingrg/javascript/jquery_easy_ui/themes/icon.css HTTP/1.1" 304 -
180.152.99.73 - - [22/Jan/2022:10:09:06 +0800] "GET /xingrg/css/form.css HTTP/1.1" 304 -
180.152.99.73 - - [22/Jan/2022:10:09:06 +0800] "GET /xingrg/javascript/jquery-1.4.2.min.js HTTP/1.1" 304 -
180.152.99.73 - - [22/Jan/2022:10:09:06 +0800] "GET /xingrg/javascript/jquery_easy_ui/jquery.easyui.min.js HTTP/1.1" 304 -
180.152.99.73 - - [22/Jan/2022:10:09:06 +0800] "GET /xingrg/javascript/jquery_easy_ui/easyui-lang-zh_CN.js HTTP/1.1" 304 -
180.152.99.73 - - [22/Jan/2022:10:09:06 +0800] "GET /xingrg/javascript/jquery.form.js HTTP/1.1" 304 -
180.152.99.73 - - [22/Jan/2022:10:09:06 +0800] "GET /xingrg/javascript/jquery.utils.js HTTP/1.1" 304 -
180.152.99.73 - - [22/Jan/2022:10:09:06 +0800] "GET /xingrg/javascript/jquery.timers.js HTTP/1.1" 304 -
180.152.99.73 - - [22/Jan/2022:10:09:06 +0800] "GET /xingrg/images/blue/jxLogo.png HTTP/1.1" 304 -
180.152.99.73 - - [22/Jan/2022:10:09:06 +0800] "GET /xingrg/images/blue/navBackgound.jpg HTTP/1.1" 304 -
180.152.99.73 - - [22/Jan/2022:10:09:06 +0800] "GET /xingrg/javascript/jquery_easy_ui/themes/icons/settle_new.png HTTP/1.1" 304 -
180.152.99.73 - - [22/Jan/2022:10:09:06 +0800] "POST /xingrg/all/common/load_tree.html?tree=area_rest_tree_json&manage=1 HTTP/1.1" 200 476
180.152.99.73 - - [22/Jan/2022:10:09:06 +0800] "GET /xingrg/all/function/internal_message.html?_=1642817344325&CODE_STATE=count HTTP/1.1" 200 11
180.152.99.73 - - [22/Jan/2022:10:09:06 +0800] "GET /xingrg/check_reg.html?_=1642817344326 HTTP/1.1" 200 22
180.152.99.73 - - [22/Jan/2022:10:09:06 +0800] "GET /xingrg/javascript/jquery_easy_ui/themes/default/images/tabs_leftarrow.png HTTP/1.1" 304 -
180.152.99.73 - - [22/Jan/2022:10:09:06 +0800] "GET /xingrg/javascript/jquery_easy_ui/themes/default/images/tabs_rightarrow.png HTTP/1.1" 304 -
180.152.99.73 - - [22/Jan/2022:10:09:06 +0800] "GET /xingrg/javascript/jquery_easy_ui/themes/default/images/panel_tool_collapse.gif HTTP/1.1" 304 -
180.152.99.73 - - [22/Jan/2022:10:09:06 +0800] "GET /xingrg/images/blue/pingpu.png HTTP/1.1" 304 -
180.152.99.73 - - [22/Jan/2022:10:09:06 +0800] "POST /xingrg/load_menu.html HTTP/1.1" 200 5138
180.169.147.146 - - [22/Jan/2022:10:09:08 +0800] "GET /xingrg/all/function/internal_message.html?_=1642817341216&CODE_STATE=getMsg HTTP/1.1" 200 27
180.152.99.73 - - [22/Jan/2022:10:09:08 +0800] "GET /xingrg/kc/buy/cgsh_order_list.html HTTP/1.1" 200 49643
58.39.168.32 - - [22/Jan/2022:10:09:10 +0800] "GET /xingrg/all/function/internal_message.html?_=1642817284567&CODE_STATE=getMsg HTTP/1.1" 200 27
124.79.247.218 - - [22/Jan/2022:10:09:11 +0800] "POST /xingrg/kc/buy/cgsh_order_operate.html HTTP/1.1" 200 37
222.70.178.207 - - [22/Jan/2022:10:09:12 +0800] "GET /xingrg/all/function/internal_message.html?_=1642817348820&CODE_STATE=getMsg HTTP/1.1" 200 27
180.152.99.73 - - [22/Jan/2022:10:09:13 +0800] "POST /xingrg/kc/buy/cgsh_list_operate.html HTTP/1.1" 200 2087
124.79.247.218 - - [22/Jan/2022:10:09:15 +0800] "POST /xingrg/kc/buy/cgsh_order_operate.html HTTP/1.1" 200 2653
180.152.99.73 - - [22/Jan/2022:10:09:16 +0800] "POST /xingrg/kc/buy/cgsh_list_operate.html HTTP/1.1" 200 561
180.152.99.73 - - [22/Jan/2022:10:09:17 +0800] "GET /xingrg/kc/buy/cgsh_order_info.html?code=212022012211005 HTTP/1.1" 200 65033
58.37.10.95 - - [22/Jan/2022:10:09:18 +0800] "GET /xingrg/all/function/internal_message.html?_=1642817151118&CODE_STATE=getMsg HTTP/1.1" 200 27
101.85.120.86 - - [22/Jan/2022:10:09:18 +0800] "GET /xingrg/all/function/internal_message.html?_=1642817354708&CODE_STATE=getMsg HTTP/1.1" 200 27
180.152.99.73 - - [22/Jan/2022:10:09:18 +0800] "GET /xingrg/javascript/easyui/themes/default/validatebox.css HTTP/1.1" 404 1104
180.152.99.73 - - [22/Jan/2022:10:09:18 +0800] "POST /xingrg/kc/buy/cgsh_order_operate.html HTTP/1.1" 200 6858
101.83.241.107 - - [22/Jan/2022:10:09:22 +0800] "GET /xingrg/all/function/internal_message.html?_=1642817355826&CODE_STATE=getMsg HTTP/1.1" 200 27
124.79.247.218 - - [22/Jan/2022:10:09:23 +0800] "GET /xingrg/javascript/easyui/themes/default/images/button_plain_hover.png HTTP/1.1" 304 -
124.79.247.218 - - [22/Jan/2022:10:09:23 +0800] "GET /xingrg/javascript/easyui/themes/default/images/button_plain_hover.png HTTP/1.1" 304 -
124.79.247.218 - - [22/Jan/2022:10:09:23 +0800] "GET /xingrg/javascript/easyui/themes/default/images/button_plain_hover.png HTTP/1.1" 304 -
124.79.247.218 - - [22/Jan/2022:10:09:23 +0800] "GET /xingrg/javascript/easyui/themes/default/images/button_plain_hover.png HTTP/1.1" 304 -
124.79.247.218 - - [22/Jan/2022:10:09:24 +0800] "GET /xingrg/javascript/easyui/themes/default/images/button_plain_hover.png HTTP/1.1" 304 -
124.79.247.218 - - [22/Jan/2022:10:09:24 +0800] "GET /xingrg/javascript/easyui/themes/default/images/button_plain_hover.png HTTP/1.1" 304 -
124.79.247.218 - - [22/Jan/2022:10:09:24 +0800] "GET /xingrg/javascript/easyui/themes/default/images/button_plain_hover.png HTTP/1.1" 304 -
124.79.247.218 - - [22/Jan/2022:10:09:24 +0800] "GET /xingrg/javascript/easyui/themes/default/images/button_plain_hover.png HTTP/1.1" 304 -
124.79.247.218 - - [22/Jan/2022:10:09:24 +0800] "GET /xingrg/javascript/easyui/themes/default/images/button_plain_hover.png HTTP/1.1" 304 -
124.79.247.218 - - [22/Jan/2022:10:09:24 +0800] "GET /xingrg/javascript/easyui/themes/default/images/button_plain_hover.png HTTP/1.1" 304 -
124.79.247.218 - - [22/Jan/2022:10:09:24 +0800] "GET /xingrg/javascript/easyui/themes/default/images/button_plain_hover.png HTTP/1.1" 304 -
222.70.217.149 - - [22/Jan/2022:10:09:26 +0800] "GET /xingrg/kc/print/load_data.html?order_code=212022012211001&kc_code=cgsh&condition= HTTP/1.1" 200 12137
180.152.99.73 - - [22/Jan/2022:10:09:27 +0800] "POST /xingrg/kc/buy/cgsh_order_operate.html HTTP/1.1" 200 37
124.79.247.218 - - [22/Jan/2022:10:09:27 +0800] "POST /xingrg/kc/buy/cgsh_order_operate.html HTTP/1.1" 200 37
124.79.247.218 - - [22/Jan/2022:10:09:29 +0800] "POST /xingrg/kc/buy/cgsh_order_operate.html HTTP/1.1" 200 2653
124.79.247.218 - - [22/Jan/2022:10:09:30 +0800] "GET /xingrg/all/function/internal_message.html?_=1642817507974&CODE_STATE=getMsg HTTP/1.1" 200 27
124.79.247.218 - - [22/Jan/2022:10:09:30 +0800] "GET /xingrg/javascript/easyui/themes/default/images/button_plain_hover.png HTTP/1.1" 304 -
124.79.247.218 - - [22/Jan/2022:10:09:30 +0800] "GET /xingrg/javascript/easyui/themes/default/images/button_plain_hover.png HTTP/1.1" 304 -
124.79.247.218 - - [22/Jan/2022:10:09:30 +0800] "GET /xingrg/css/site.css HTTP/1.1" 304 -
124.79.247.218 - - [22/Jan/2022:10:09:30 +0800] "GET /xingrg/javascript/jquery_tools/datebox.css HTTP/1.1" 304 -
124.79.247.218 - - [22/Jan/2022:10:09:30 +0800] "GET /xingrg/javascript/easyui/themes/icon.css HTTP/1.1" 304 -
124.79.247.218 - - [22/Jan/2022:10:09:30 +0800] "GET /xingrg/javascript/easyui/themes/default/easyui.css HTTP/1.1" 304 -
124.79.247.218 - - [22/Jan/2022:10:09:30 +0800] "GET /xingrg/javascript/auto/jquery.autocomplete.css HTTP/1.1" 304 -
124.79.247.218 - - [22/Jan/2022:10:09:30 +0800] "GET /xingrg/javascript/jquery_tools/fix.css HTTP/1.1" 304 -
124.79.247.218 - - [22/Jan/2022:10:09:30 +0800] "GET /xingrg/javascript/jquery_tools/order_manager.js HTTP/1.1" 304 -
124.79.247.218 - - [22/Jan/2022:10:09:30 +0800] "GET /xingrg/kc/buy/cgsh_order_add.html HTTP/1.1" 200 65449
124.79.247.218 - - [22/Jan/2022:10:09:30 +0800] "GET /xingrg/javascript/convert.js HTTP/1.1" 304 -
124.79.247.218 - - [22/Jan/2022:10:09:30 +0800] "GET /xingrg/javascript/json2.js HTTP/1.1" 304 -
124.79.247.218 - - [22/Jan/2022:10:09:30 +0800] "GET /xingrg/javascript/pic_change.js HTTP/1.1" 304 -
124.79.247.218 - - [22/Jan/2022:10:09:30 +0800] "GET /xingrg/javascript/jquery_tools/jquery.tools.min.js HTTP/1.1" 304 -
124.79.247.218 - - [22/Jan/2022:10:09:30 +0800] "GET /xingrg/javascript/jquery_tools/table.css HTTP/1.1" 304 -
124.79.247.218 - - [22/Jan/2022:10:09:30 +0800] "GET /xingrg/css/base.css HTTP/1.1" 304 -
124.79.247.218 - - [22/Jan/2022:10:09:30 +0800] "GET /xingrg/javascript/jquery_tools/jquery.tools.extend.js HTTP/1.1" 304 -
124.79.247.218 - - [22/Jan/2022:10:09:30 +0800] "GET /xingrg/javascript/jquery_tools/jquery.tools.hotkey.js HTTP/1.1" 304 -
124.79.247.218 - - [22/Jan/2022:10:09:30 +0800] "GET /xingrg/javascript/jquery_tools/jquery.tools.table.js HTTP/1.1" 304 -
124.79.247.218 - - [22/Jan/2022:10:09:30 +0800] "GET /xingrg/javascript/jquery.utils.js HTTP/1.1" 304 -
124.79.247.218 - - [22/Jan/2022:10:09:30 +0800] "GET /xingrg/javascript/auto/jquery.autocomplete.js HTTP/1.1" 304 -
124.79.247.218 - - [22/Jan/2022:10:09:30 +0800] "GET /xingrg/javascript/print/LodopFuncs.js HTTP/1.1" 304 -
124.79.247.218 - - [22/Jan/2022:10:09:30 +0800] "GET /xingrg/javascript/jquery.cookie.js HTTP/1.1" 304 -
124.79.247.218 - - [22/Jan/2022:10:09:30 +0800] "GET /xingrg/javascript/easyui/easyloader.js HTTP/1.1" 304 -
124.79.247.218 - - [22/Jan/2022:10:09:30 +0800] "GET /xingrg/javascript/print/kc_print.js HTTP/1.1" 304 -
180.152.99.73 - - [22/Jan/2022:10:09:31 +0800] "POST /xingrg/kc/buy/cgsh_order_operate.html HTTP/1.1" 200 12
222.70.217.149 - - [22/Jan/2022:10:09:31 +0800] "GET /xingrg/all/function/internal_message.html?_=1642817356006&CODE_STATE=getMsg HTTP/1.1" 200 27
180.152.99.73 - - [22/Jan/2022:10:09:32 +0800] "GET /xingrg/kc/buy/cgsh_order_info.html?code=212022012211005 HTTP/1.1" 200 59933
124.79.247.218 - - [22/Jan/2022:10:09:32 +0800] "GET /xingrg/words/20220120171707_words.js HTTP/1.1" 304 -
180.152.99.73 - - [22/Jan/2022:10:09:32 +0800] "GET /xingrg/javascript/easyui/themes/default/validatebox.css HTTP/1.1" 404 1104
