61.151.207.205 - - [22/Jan/2022:11:07:03 +0800] "GET /xingrg/check_reg.html?_=1642819963075 HTTP/1.1" 302 -
101.91.60.88 - - [22/Jan/2022:11:07:03 +0800] "GET /xingrg/login.html HTTP/1.1" 200 7641
61.151.207.205 - - [22/Jan/2022:11:07:04 +0800] "GET /xingrg/login.html HTTP/1.1" 200 7641
58.39.168.32 - - [22/Jan/2022:11:07:05 +0800] "GET /xingrg/kc/base/wldb_order_operate.html?command=get_materiel&rest_code=00105&base_code=0010507&code=00101019125 HTTP/1.1" 200 482
180.152.99.73 - - [22/Jan/2022:11:07:05 +0800] "GET /xingrg/all/function/internal_message.html?_=1642820823461&CODE_STATE=getMsg HTTP/1.1" 200 27
116.232.50.26 - - [22/Jan/2022:11:07:06 +0800] "GET /xingrg/kc/buy/cgsh_order_operate.html?command=get_materiel&rest_code=00109&code=00102003284&supplier_code=00100075&order_time=2022-01-22 HTTP/1.1" 200 408
58.39.168.32 - - [22/Jan/2022:11:07:09 +0800] "GET /xingrg/all/function/internal_message.html?_=1642820763501&CODE_STATE=getMsg HTTP/1.1" 200 27
222.70.178.207 - - [22/Jan/2022:11:07:11 +0800] "GET /xingrg/all/function/internal_message.html?_=1642820827919&CODE_STATE=getMsg HTTP/1.1" 200 27
222.70.243.96 - - [22/Jan/2022:11:07:13 +0800] "POST /xingrg/kc/buy/cgsh_order_operate.html HTTP/1.1" 200 2065
101.83.241.107 - - [22/Jan/2022:11:07:17 +0800] "GET /xingrg/kc/buy/cgsh_order_operate.html?command=get_materiel&rest_code=00149&code=00101002010&supplier_code=00100039&order_time=2022-01-22 HTTP/1.1" 200 417
101.85.120.86 - - [22/Jan/2022:11:07:18 +0800] "GET /xingrg/all/function/internal_message.html?_=1642820834759&CODE_STATE=getMsg HTTP/1.1" 200 27
101.83.241.107 - - [22/Jan/2022:11:07:21 +0800] "GET /xingrg/all/function/internal_message.html?_=1642820835291&CODE_STATE=getMsg HTTP/1.1" 200 27
222.70.243.96 - - [22/Jan/2022:11:07:24 +0800] "GET /xingrg/kc/buy/cgsh_order_operate.html?command=get_materiel&rest_code=00146&code=00101008323&supplier_code=00100005&order_time=2022-01-22 HTTP/1.1" 200 408
58.39.168.32 - - [22/Jan/2022:11:07:27 +0800] "GET /xingrg/kc/base/wldb_order_operate.html?command=get_materiel&rest_code=00105&base_code=0010507&code=00101019391 HTTP/1.1" 200 471
124.79.247.218 - - [22/Jan/2022:11:07:30 +0800] "GET /xingrg/all/function/internal_message.html?_=1642820988068&CODE_STATE=getMsg HTTP/1.1" 200 27
222.70.217.149 - - [22/Jan/2022:11:07:31 +0800] "GET /xingrg/all/function/internal_message.html?_=1642820835065&CODE_STATE=getMsg HTTP/1.1" 200 27
114.95.98.1 - - [22/Jan/2022:11:07:35 +0800] "GET /xingrg/check_reg.html?_=1642820873031 HTTP/1.1" 200 22
180.157.251.97 - - [22/Jan/2022:11:07:38 +0800] "GET /xingrg/all/function/internal_message.html?_=1642820855497&CODE_STATE=getMsg HTTP/1.1" 200 27
222.70.243.96 - - [22/Jan/2022:11:07:38 +0800] "GET /xingrg/kc/buy/cgsh_order_operate.html?command=get_materiel&rest_code=00146&code=00101008168&supplier_code=00100005&order_time=2022-01-22 HTTP/1.1" 200 413
116.232.50.26 - - [22/Jan/2022:11:07:40 +0800] "GET /xingrg/check_reg.html?_=1642820857758 HTTP/1.1" 200 22
116.232.50.26 - - [22/Jan/2022:11:07:40 +0800] "GET /xingrg/all/function/internal_message.html?_=1642820857758&CODE_STATE=getMsg HTTP/1.1" 200 27
180.169.147.146 - - [22/Jan/2022:11:07:44 +0800] "GET /xingrg/all/function/internal_message.html?_=1642820862789&CODE_STATE=getMsg HTTP/1.1" 200 27
114.95.98.1 - - [22/Jan/2022:11:07:46 +0800] "GET /xingrg/all/function/internal_message.html?_=1642820883978&CODE_STATE=getMsg HTTP/1.1" 200 27
180.157.251.97 - - [22/Jan/2022:11:07:47 +0800] "GET /xingrg/all/function/internal_message.html?_=1642820864630&CODE_STATE=getMsg HTTP/1.1" 200 27
180.157.251.97 - - [22/Jan/2022:11:07:47 +0800] "GET /xingrg/check_reg.html?_=1642820864631 HTTP/1.1" 200 22
58.39.168.32 - - [22/Jan/2022:11:07:48 +0800] "GET /xingrg/all/function/internal_message.html?_=1642820865996&CODE_STATE=getMsg HTTP/1.1" 200 27
116.232.50.26 - - [22/Jan/2022:11:07:48 +0800] "GET /xingrg/kc/buy/cgsh_order_operate.html?command=get_materiel&rest_code=00109&code=00102008081&supplier_code=00100075&order_time=2022-01-22 HTTP/1.1" 200 433
180.169.147.146 - - [22/Jan/2022:11:07:49 +0800] "GET /xingrg/all/function/internal_message.html?_=1642820865468&CODE_STATE=getMsg HTTP/1.1" 200 27
124.78.156.14 - - [22/Jan/2022:11:07:49 +0800] "GET /xingrg/check_reg.html?_=1642820863017 HTTP/1.1" 200 22
124.78.156.14 - - [22/Jan/2022:11:07:49 +0800] "GET /xingrg/all/function/internal_message.html?_=1642820863768&CODE_STATE=getMsg HTTP/1.1" 200 27
222.70.243.96 - - [22/Jan/2022:11:07:50 +0800] "GET /xingrg/kc/buy/cgsh_order_operate.html?command=get_materiel&rest_code=00146&code=00101020152&supplier_code=00100005&order_time=2022-01-22 HTTP/1.1" 200 416
101.80.229.199 - - [22/Jan/2022:11:07:51 +0800] "GET /xingrg/all/function/internal_message.html?_=1642820867688&CODE_STATE=getMsg HTTP/1.1" 200 27
124.78.156.14 - - [22/Jan/2022:11:07:51 +0800] "GET /xingrg/all/function/internal_message.html?_=1642820871751&CODE_STATE=getMsg HTTP/1.1" 200 27
222.70.243.96 - - [22/Jan/2022:11:07:55 +0800] "GET /xingrg/all/function/internal_message.html?_=1642820885284&CODE_STATE=getMsg HTTP/1.1" 200 27
180.152.99.39 - - [22/Jan/2022:11:08:00 +0800] "GET /xingrg/all/function/internal_message.html?_=1642820808288&CODE_STATE=getMsg HTTP/1.1" 200 27
222.70.243.96 - - [22/Jan/2022:11:08:02 +0800] "GET /xingrg/kc/buy/cgsh_order_operate.html?command=get_materiel&rest_code=00146&code=00101008236&supplier_code=00100005&order_time=2022-01-22 HTTP/1.1" 200 417
222.69.132.164 - - [22/Jan/2022:11:08:02 +0800] "GET /xingrg/all/function/internal_message.html?_=1642820931872&CODE_STATE=getMsg HTTP/1.1" 200 27
222.69.132.164 - - [22/Jan/2022:11:08:02 +0800] "GET /xingrg/check_reg.html?_=1642820931878 HTTP/1.1" 200 22
180.152.99.73 - - [22/Jan/2022:11:08:05 +0800] "GET /xingrg/all/function/internal_message.html?_=1642820883461&CODE_STATE=getMsg HTTP/1.1" 200 27
101.80.229.199 - - [22/Jan/2022:11:08:08 +0800] "GET /xingrg/check_reg.html?_=1642820885063 HTTP/1.1" 200 22
58.39.168.32 - - [22/Jan/2022:11:08:09 +0800] "GET /xingrg/all/function/internal_message.html?_=1642820823483&CODE_STATE=getMsg HTTP/1.1" 200 27
222.70.243.96 - - [22/Jan/2022:11:08:10 +0800] "POST /xingrg/services/DataTransmitService HTTP/1.1" 200 501
222.70.178.207 - - [22/Jan/2022:11:08:11 +0800] "GET /xingrg/all/function/internal_message.html?_=1642820887902&CODE_STATE=getMsg HTTP/1.1" 200 27
101.91.60.88 - - [22/Jan/2022:11:08:13 +0800] "GET /xingrg/kc/buy/cgsh_order_operate.html?command=get_materiel&rest_code=00106&code=00101006290&supplier_code=00100015&order_time=2022-01-22 HTTP/1.1" 302 -
101.91.60.88 - - [22/Jan/2022:11:08:14 +0800] "GET /xingrg/login.html HTTP/1.1" 200 7641
58.39.168.32 - - [22/Jan/2022:11:08:15 +0800] "GET /xingrg/kc/base/wldb_order_operate.html?command=get_materiel&rest_code=00105&base_code=0010507&code=00101019536 HTTP/1.1" 200 470
116.232.50.26 - - [22/Jan/2022:11:08:17 +0800] "POST /xingrg/kc/buy/cgsh_order_operate.html HTTP/1.1" 200 37
101.85.120.86 - - [22/Jan/2022:11:08:18 +0800] "GET /xingrg/all/function/internal_message.html?_=1642820894744&CODE_STATE=getMsg HTTP/1.1" 200 27
101.83.241.107 - - [22/Jan/2022:11:08:21 +0800] "GET /xingrg/all/function/internal_message.html?_=1642820895287&CODE_STATE=getMsg HTTP/1.1" 200 27
101.89.239.120 - - [22/Jan/2022:11:08:23 +0800] "GET /xingrg/kc/buy/cgsh_order_operate.html?command=get_materiel&rest_code=00106&code=00101008356&supplier_code=00100007&order_time=2022-01-22 HTTP/1.1" 302 -
222.70.217.149 - - [22/Jan/2022:11:08:23 +0800] "GET /xingrg/check_reg.html?_=1642820887212 HTTP/1.1" 200 22
101.89.239.120 - - [22/Jan/2022:11:08:23 +0800] "GET /xingrg/login.html HTTP/1.1" 200 7641
222.70.243.96 - - [22/Jan/2022:11:08:29 +0800] "GET /xingrg/kc/buy/cgsh_order_operate.html?command=get_materiel&rest_code=00146&code=00101008437&supplier_code=00100005&order_time=2022-01-22 HTTP/1.1" 200 396
124.79.247.218 - - [22/Jan/2022:11:08:30 +0800] "GET /xingrg/all/function/internal_message.html?_=1642821048083&CODE_STATE=getMsg HTTP/1.1" 200 27
222.70.217.149 - - [22/Jan/2022:11:08:31 +0800] "GET /xingrg/all/function/internal_message.html?_=1642820895057&CODE_STATE=getMsg HTTP/1.1" 200 27
116.232.50.26 - - [22/Jan/2022:11:08:32 +0800] "POST /xingrg/kc/buy/cgsh_order_operate.html HTTP/1.1" 200 7416
222.70.243.96 - - [22/Jan/2022:11:08:35 +0800] "POST /xingrg/kc/buy/cgsh_order_operate.html HTTP/1.1" 200 2065
180.157.251.97 - - [22/Jan/2022:11:08:38 +0800] "GET /xingrg/check_reg.html?_=1642820915498 HTTP/1.1" 200 22
180.157.251.97 - - [22/Jan/2022:11:08:38 +0800] "GET /xingrg/all/function/internal_message.html?_=1642820915501&CODE_STATE=getMsg HTTP/1.1" 200 27
116.232.50.26 - - [22/Jan/2022:11:08:40 +0800] "GET /xingrg/all/function/internal_message.html?_=1642820917759&CODE_STATE=getMsg HTTP/1.1" 200 27
58.39.168.32 - - [22/Jan/2022:11:08:41 +0800] "GET /xingrg/kc/base/wldb_order_operate.html?command=get_materiel&rest_code=00105&base_code=0010507&code=00101019127 HTTP/1.1" 200 466
180.169.147.146 - - [22/Jan/2022:11:08:44 +0800] "GET /xingrg/all/function/internal_message.html?_=1642820922791&CODE_STATE=getMsg HTTP/1.1" 200 27
114.95.98.1 - - [22/Jan/2022:11:08:46 +0800] "GET /xingrg/all/function/internal_message.html?_=1642820943992&CODE_STATE=getMsg HTTP/1.1" 200 27
58.39.168.32 - - [22/Jan/2022:11:08:46 +0800] "POST /xingrg/services/DataTransmitService HTTP/1.1" 200 524
58.39.168.32 - - [22/Jan/2022:11:08:47 +0800] "POST /xingrg/services/DataTransmitService HTTP/1.1" 200 501
180.157.251.97 - - [22/Jan/2022:11:08:47 +0800] "GET /xingrg/all/function/internal_message.html?_=1642820924628&CODE_STATE=getMsg HTTP/1.1" 200 27
58.39.168.32 - - [22/Jan/2022:11:08:47 +0800] "POST /xingrg/services/DataTransmitService HTTP/1.1" 200 501
58.39.168.32 - - [22/Jan/2022:11:08:48 +0800] "GET /xingrg/all/function/internal_message.html?_=1642820925997&CODE_STATE=getMsg HTTP/1.1" 200 27
180.169.147.146 - - [22/Jan/2022:11:08:49 +0800] "GET /xingrg/all/function/internal_message.html?_=1642820925478&CODE_STATE=getMsg HTTP/1.1" 200 27
124.78.156.14 - - [22/Jan/2022:11:08:49 +0800] "GET /xingrg/all/function/internal_message.html?_=1642820923745&CODE_STATE=getMsg HTTP/1.1" 200 27
101.80.229.199 - - [22/Jan/2022:11:08:51 +0800] "GET /xingrg/all/function/internal_message.html?_=1642820927658&CODE_STATE=getMsg HTTP/1.1" 200 27
124.78.156.14 - - [22/Jan/2022:11:08:51 +0800] "GET /xingrg/all/function/internal_message.html?_=1642820931752&CODE_STATE=getMsg HTTP/1.1" 200 27
124.78.156.14 - - [22/Jan/2022:11:08:51 +0800] "GET /xingrg/check_reg.html?_=1642820931755 HTTP/1.1" 200 22
58.39.168.32 - - [22/Jan/2022:11:08:53 +0800] "POST /xingrg/services/DataTransmitService HTTP/1.1" 200 412
222.70.243.96 - - [22/Jan/2022:11:08:55 +0800] "GET /xingrg/all/function/internal_message.html?_=1642820945298&CODE_STATE=getMsg HTTP/1.1" 200 27
180.152.99.39 - - [22/Jan/2022:11:09:00 +0800] "GET /xingrg/all/function/internal_message.html?_=1642820868302&CODE_STATE=getMsg HTTP/1.1" 200 27
222.69.132.164 - - [22/Jan/2022:11:09:02 +0800] "GET /xingrg/all/function/internal_message.html?_=1642820991881&CODE_STATE=getMsg HTTP/1.1" 200 27
180.152.99.73 - - [22/Jan/2022:11:09:05 +0800] "GET /xingrg/all/function/internal_message.html?_=1642820943430&CODE_STATE=getMsg HTTP/1.1" 200 27
180.152.99.73 - - [22/Jan/2022:11:09:06 +0800] "GET /xingrg/check_reg.html?_=1642820944541 HTTP/1.1" 200 22
58.39.168.32 - - [22/Jan/2022:11:09:09 +0800] "GET /xingrg/all/function/internal_message.html?_=1642820883455&CODE_STATE=getMsg HTTP/1.1" 200 27
222.70.178.207 - - [22/Jan/2022:11:09:11 +0800] "GET /xingrg/all/function/internal_message.html?_=1642820947886&CODE_STATE=getMsg HTTP/1.1" 200 27
101.85.120.86 - - [22/Jan/2022:11:09:18 +0800] "GET /xingrg/all/function/internal_message.html?_=1642820954745&CODE_STATE=getMsg HTTP/1.1" 200 27
101.89.29.78 - - [22/Jan/2022:11:09:21 +0800] "GET /xingrg/all/function/internal_message.html?_=1642819183896&CODE_STATE=getMsg HTTP/1.1" 302 -
101.83.241.107 - - [22/Jan/2022:11:09:21 +0800] "GET /xingrg/all/function/internal_message.html?_=1642820955267&CODE_STATE=getMsg HTTP/1.1" 200 27
101.89.29.78 - - [22/Jan/2022:11:09:22 +0800] "GET /xingrg/login.html HTTP/1.1" 200 7641
58.39.168.32 - - [22/Jan/2022:11:09:23 +0800] "GET /xingrg/kc/base/wldb_order_operate.html?command=get_materiel&rest_code=00105&base_code=0010507&code=00101019222 HTTP/1.1" 200 454
222.70.243.96 - - [22/Jan/2022:11:09:28 +0800] "GET /xingrg/kc/buy/cgsh_order_operate.html?command=get_materiel&rest_code=00146&code=00101008223&supplier_code=00100005&order_time=2022-01-22 HTTP/1.1" 200 412
124.79.247.218 - - [22/Jan/2022:11:09:30 +0800] "GET /xingrg/all/function/internal_message.html?_=1642821108082&CODE_STATE=getMsg HTTP/1.1" 200 27
222.70.217.149 - - [22/Jan/2022:11:09:31 +0800] "GET /xingrg/all/function/internal_message.html?_=1642820955053&CODE_STATE=getMsg HTTP/1.1" 200 27
222.70.243.96 - - [22/Jan/2022:11:09:33 +0800] "POST /xingrg/kc/buy/cgsh_order_operate.html HTTP/1.1" 200 2065
61.151.178.163 - - [22/Jan/2022:11:09:34 +0800] "GET /xingrg/kc/print/load_data.html?order_code=212022012211028&kc_code=cgsh&condition= HTTP/1.1" 302 -
61.151.178.163 - - [22/Jan/2022:11:09:34 +0800] "GET /xingrg/login.html HTTP/1.1" 200 7641
114.95.98.1 - - [22/Jan/2022:11:09:35 +0800] "GET /xingrg/kc/buy/cgsh_order_list.html HTTP/1.1" 200 49639
114.95.98.1 - - [22/Jan/2022:11:09:37 +0800] "POST /xingrg/kc/buy/cgsh_list_operate.html HTTP/1.1" 200 876
180.157.251.97 - - [22/Jan/2022:11:09:38 +0800] "GET /xingrg/all/function/internal_message.html?_=1642820975502&CODE_STATE=getMsg HTTP/1.1" 200 27
116.232.50.26 - - [22/Jan/2022:11:09:40 +0800] "GET /xingrg/all/function/internal_message.html?_=1642820977761&CODE_STATE=getMsg HTTP/1.1" 200 27
116.232.50.26 - - [22/Jan/2022:11:09:41 +0800] "POST /xingrg/kc/buy/cgsh_order_operate.html HTTP/1.1" 200 37
116.232.50.26 - - [22/Jan/2022:11:09:42 +0800] "POST /xingrg/kc/buy/cgsh_order_operate.html HTTP/1.1" 200 7416
116.232.50.26 - - [22/Jan/2022:11:09:43 +0800] "GET /xingrg/kc/print/load_config.html?kc_code=cgsh HTTP/1.1" 200 1943
116.232.50.26 - - [22/Jan/2022:11:09:43 +0800] "GET /xingrg/kc/print/load_data.html?order_code=212022012211038&kc_code=cgsh&condition= HTTP/1.1" 200 2504
180.169.147.146 - - [22/Jan/2022:11:09:44 +0800] "GET /xingrg/check_reg.html?_=1642820982791 HTTP/1.1" 200 22
180.169.147.146 - - [22/Jan/2022:11:09:44 +0800] "GET /xingrg/all/function/internal_message.html?_=1642820982793&CODE_STATE=getMsg HTTP/1.1" 200 27
124.78.156.14 - - [22/Jan/2022:11:09:46 +0800] "GET /xingrg/kc/buy/cgsh_order_operate.html?command=get_materiel&rest_code=00106&code=00101008318&supplier_code=00100007&order_time=2022-01-22 HTTP/1.1" 200 408
114.95.98.1 - - [22/Jan/2022:11:09:46 +0800] "GET /xingrg/all/function/internal_message.html?_=1642821004005&CODE_STATE=getMsg HTTP/1.1" 200 27
114.95.98.1 - - [22/Jan/2022:11:09:46 +0800] "POST /xingrg/kc/buy/cgsh_list_operate.html HTTP/1.1" 200 5719
180.157.251.97 - - [22/Jan/2022:11:09:47 +0800] "GET /xingrg/all/function/internal_message.html?_=1642820984634&CODE_STATE=getMsg HTTP/1.1" 200 27
58.39.168.32 - - [22/Jan/2022:11:09:48 +0800] "GET /xingrg/check_reg.html?_=1642820985997 HTTP/1.1" 200 22
58.39.168.32 - - [22/Jan/2022:11:09:48 +0800] "GET /xingrg/all/function/internal_message.html?_=1642820986000&CODE_STATE=getMsg HTTP/1.1" 200 27
180.169.147.146 - - [22/Jan/2022:11:09:49 +0800] "GET /xingrg/check_reg.html?_=1642820985469 HTTP/1.1" 200 22
180.169.147.146 - - [22/Jan/2022:11:09:49 +0800] "GET /xingrg/all/function/internal_message.html?_=1642820985471&CODE_STATE=getMsg HTTP/1.1" 200 27
116.232.50.26 - - [22/Jan/2022:11:09:49 +0800] "GET /xingrg/kc/buy/cgsh_order_add.html HTTP/1.1" 200 65490
116.232.50.26 - - [22/Jan/2022:11:09:50 +0800] "GET /xingrg/all/common/auto_word.html?type=employee&rest_code=00109 HTTP/1.1" 200 255
116.232.50.26 - - [22/Jan/2022:11:09:50 +0800] "POST /xingrg/kc/buy/cgsh_order_operate.html HTTP/1.1" 200 8245
124.78.156.14 - - [22/Jan/2022:11:09:50 +0800] "GET /xingrg/all/function/internal_message.html?_=1642820983792&CODE_STATE=getMsg HTTP/1.1" 200 27
116.232.50.26 - - [22/Jan/2022:11:09:50 +0800] "GET /xingrg/javascript/easyui/themes/default/validatebox.css HTTP/1.1" 404 1104
116.232.50.26 - - [22/Jan/2022:11:09:50 +0800] "GET /xingrg/all/common/auto_word.html?type=employee&rest_code=00109 HTTP/1.1" 200 255
101.80.229.199 - - [22/Jan/2022:11:09:51 +0800] "GET /xingrg/all/function/internal_message.html?_=1642820987644&CODE_STATE=getMsg HTTP/1.1" 200 27
124.78.156.14 - - [22/Jan/2022:11:09:51 +0800] "GET /xingrg/all/function/internal_message.html?_=1642820991755&CODE_STATE=getMsg HTTP/1.1" 200 27
222.70.243.96 - - [22/Jan/2022:11:09:52 +0800] "GET /xingrg/kc/buy/cgsh_order_operate.html?command=get_materiel&rest_code=00146&code=00101008095&supplier_code=00100005&order_time=2022-01-22 HTTP/1.1" 200 412
222.70.243.96 - - [22/Jan/2022:11:09:53 +0800] "GET /xingrg/check_reg.html?_=1642821002457 HTTP/1.1" 200 22
101.91.62.89 - - [22/Jan/2022:11:09:55 +0800] "GET /xingrg/kc/buy/cgsh_order_operate.html?command=get_materiel&rest_code=00106&code=00101008155&supplier_code=00100007&order_time=2022-01-22 HTTP/1.1" 302 -
222.70.243.96 - - [22/Jan/2022:11:09:55 +0800] "GET /xingrg/all/function/internal_message.html?_=1642821005311&CODE_STATE=getMsg HTTP/1.1" 200 27
58.39.168.32 - - [22/Jan/2022:11:09:56 +0800] "POST /xingrg/kc/base/wldb_order_operate.html HTTP/1.1" 200 37
58.39.168.32 - - [22/Jan/2022:11:09:56 +0800] "POST /xingrg/kc/base/wldb_order_operate.html HTTP/1.1" 200 7732
58.39.168.32 - - [22/Jan/2022:11:09:57 +0800] "GET /xingrg/kc/base/wldb_order_info.html?code=422022012202903 HTTP/1.1" 200 30289
58.39.168.32 - - [22/Jan/2022:11:09:57 +0800] "GET /xingrg/javascript/easyui/themes/default/validatebox.css HTTP/1.1" 404 1104
114.95.98.1 - - [22/Jan/2022:11:09:58 +0800] "POST /xingrg/kc/buy/cgsh_list_operate.html HTTP/1.1" 200 6043
101.91.62.89 - - [22/Jan/2022:11:09:58 +0800] "GET /xingrg/login.html HTTP/1.1" 200 7641
58.39.168.32 - - [22/Jan/2022:11:09:58 +0800] "POST /xingrg/kc/base/wldb_order_operate.html HTTP/1.1" 200 7732
180.152.99.39 - - [22/Jan/2022:11:09:58 +0800] "GET /xingrg/check_reg.html?_=1642820927041 HTTP/1.1" 200 22
180.152.99.39 - - [22/Jan/2022:11:10:00 +0800] "GET /xingrg/all/function/internal_message.html?_=1642820928316&CODE_STATE=getMsg HTTP/1.1" 200 27
222.69.132.164 - - [22/Jan/2022:11:10:02 +0800] "GET /xingrg/all/function/internal_message.html?_=1642821051881&CODE_STATE=getMsg HTTP/1.1" 200 27
222.70.243.96 - - [22/Jan/2022:11:10:04 +0800] "GET /xingrg/kc/buy/cgsh_order_operate.html?command=get_materiel&rest_code=00146&code=00101015001&supplier_code=00100005&order_time=2022-01-22 HTTP/1.1" 200 413
180.152.99.73 - - [22/Jan/2022:11:10:05 +0800] "GET /xingrg/all/function/internal_message.html?_=1642821003403&CODE_STATE=getMsg HTTP/1.1" 200 27
116.232.50.26 - - [22/Jan/2022:11:10:07 +0800] "GET /xingrg/kc/buy/cgsh_order_operate.html?command=get_materiel&rest_code=00109&code=00101009045&supplier_code=00100022&order_time=2022-01-22 HTTP/1.1" 200 412
124.78.156.14 - - [22/Jan/2022:11:10:08 +0800] "GET /xingrg/kc/buy/cgsh_order_operate.html?command=get_materiel&rest_code=00106&code=00101008352&supplier_code=00100007&order_time=2022-01-22 HTTP/1.1" 200 412
58.39.168.32 - - [22/Jan/2022:11:10:09 +0800] "GET /xingrg/all/function/internal_message.html?_=1642820943433&CODE_STATE=getMsg HTTP/1.1" 200 27
222.70.178.207 - - [22/Jan/2022:11:10:11 +0800] "GET /xingrg/all/function/internal_message.html?_=1642821007872&CODE_STATE=getMsg HTTP/1.1" 200 27
58.39.168.32 - - [22/Jan/2022:11:10:12 +0800] "GET /xingrg/check_reg.html?_=1642820946602 HTTP/1.1" 200 22
114.95.98.1 - - [22/Jan/2022:11:10:15 +0800] "POST /xingrg/kc/buy/cgsh_list_operate.html HTTP/1.1" 200 6060
180.169.147.146 - - [22/Jan/2022:11:10:17 +0800] "GET /xingrg/check_reg.html?_=1642821007635 HTTP/1.1" 200 22
180.169.147.146 - - [22/Jan/2022:11:10:17 +0800] "GET /xingrg/all/function/internal_message.html?_=1642821007629&CODE_STATE=getMsg HTTP/1.1" 200 27
116.232.50.26 - - [22/Jan/2022:11:10:17 +0800] "GET /xingrg/kc/buy/cgsh_order_operate.html?command=get_materiel&rest_code=00109&code=00101009011&supplier_code=00100022&order_time=2022-01-22 HTTP/1.1" 200 416
124.78.156.14 - - [22/Jan/2022:11:10:18 +0800] "GET /xingrg/kc/buy/cgsh_order_operate.html?command=get_materiel&rest_code=00106&code=00101008005&supplier_code=00100007&order_time=2022-01-22 HTTP/1.1" 200 412
101.85.120.86 - - [22/Jan/2022:11:10:18 +0800] "GET /xingrg/all/function/internal_message.html?_=1642821014745&CODE_STATE=getMsg HTTP/1.1" 200 27
101.85.120.86 - - [22/Jan/2022:11:10:18 +0800] "GET /xingrg/check_reg.html?_=1642821014748 HTTP/1.1" 200 22
222.70.243.96 - - [22/Jan/2022:11:10:20 +0800] "GET /xingrg/kc/buy/cgsh_order_operate.html?command=get_materiel&rest_code=00146&code=00101015107&supplier_code=00100005&order_time=2022-01-22 HTTP/1.1" 200 398
180.169.147.146 - - [22/Jan/2022:11:10:21 +0800] "GET /xingrg/kc/buy/cgsh_order_add.html HTTP/1.1" 200 65417
101.83.241.107 - - [22/Jan/2022:11:10:21 +0800] "GET /xingrg/all/function/internal_message.html?_=1642821015247&CODE_STATE=getMsg HTTP/1.1" 200 27
180.169.147.146 - - [22/Jan/2022:11:10:21 +0800] "GET /xingrg/words/20220120171707_words.js HTTP/1.1" 304 -
180.169.147.146 - - [22/Jan/2022:11:10:21 +0800] "POST /xingrg/kc/buy/cgsh_order_operate.html HTTP/1.1" 200 8245
180.169.147.146 - - [22/Jan/2022:11:10:21 +0800] "GET /xingrg/javascript/easyui/themes/default/validatebox.css HTTP/1.1" 404 1104
180.169.147.146 - - [22/Jan/2022:11:10:21 +0800] "GET /xingrg/all/common/auto_word.html?type=employee&rest_code=00147 HTTP/1.1" 200 101
180.169.147.146 - - [22/Jan/2022:11:10:21 +0800] "GET /xingrg/all/common/auto_word.html?type=employee&rest_code=00147 HTTP/1.1" 200 101
101.83.241.107 - - [22/Jan/2022:11:10:23 +0800] "GET /xingrg/check_reg.html?_=1642821016715 HTTP/1.1" 200 22
180.169.147.146 - - [22/Jan/2022:11:10:23 +0800] "GET /xingrg/javascript/auto/indicator.gif HTTP/1.1" 404 1066
116.232.50.26 - - [22/Jan/2022:11:10:25 +0800] "GET /xingrg/kc/buy/cgsh_order_operate.html?command=get_materiel&rest_code=00109&code=00101009062&supplier_code=00100022&order_time=2022-01-22 HTTP/1.1" 200 412
180.169.147.146 - - [22/Jan/2022:11:10:25 +0800] "GET /xingrg/javascript/jquery_tools/images/next.gif HTTP/1.1" 404 1086
180.169.147.146 - - [22/Jan/2022:11:10:25 +0800] "GET /xingrg/javascript/jquery_tools/images/prev.gif HTTP/1.1" 404 1086
114.95.98.1 - - [22/Jan/2022:11:10:26 +0800] "POST /xingrg/kc/buy/cgsh_list_operate.html HTTP/1.1" 200 6031
124.78.156.14 - - [22/Jan/2022:11:10:29 +0800] "GET /xingrg/kc/buy/cgsh_order_operate.html?command=get_materiel&rest_code=00106&code=00101008271&supplier_code=00100007&order_time=2022-01-22 HTTP/1.1" 200 408
222.70.217.149 - - [22/Jan/2022:11:10:29 +0800] "POST /xingrg/services/DataTransmitService HTTP/1.1" 200 524
222.70.217.149 - - [22/Jan/2022:11:10:30 +0800] "POST /xingrg/services/DataTransmitService HTTP/1.1" 200 412
124.79.247.218 - - [22/Jan/2022:11:10:30 +0800] "GET /xingrg/all/function/internal_message.html?_=1642821168080&CODE_STATE=getMsg HTTP/1.1" 200 27
222.70.217.149 - - [22/Jan/2022:11:10:31 +0800] "GET /xingrg/all/function/internal_message.html?_=1642821015044&CODE_STATE=getMsg HTTP/1.1" 200 27
114.95.98.1 - - [22/Jan/2022:11:10:31 +0800] "POST /xingrg/kc/buy/cgsh_list_operate.html HTTP/1.1" 200 278
116.232.50.26 - - [22/Jan/2022:11:10:32 +0800] "GET /xingrg/kc/buy/cgsh_order_operate.html?command=get_materiel&rest_code=00109&code=00101009011&supplier_code=00100022&order_time=2022-01-22 HTTP/1.1" 200 416
114.95.98.1 - - [22/Jan/2022:11:10:32 +0800] "GET /xingrg/kc/buy/cgsh_order_info.html?code=212022012110819 HTTP/1.1" 200 60327
114.95.98.1 - - [22/Jan/2022:11:10:33 +0800] "GET /xingrg/javascript/easyui/themes/default/validatebox.css HTTP/1.1" 404 1104
180.169.147.146 - - [22/Jan/2022:11:10:34 +0800] "GET /xingrg/kc/buy/cgsh_order_operate.html?command=get_materiel&rest_code=00147&code=00101001010&supplier_code=00100454&order_time=2022-01-22 HTTP/1.1" 200 409
124.78.156.14 - - [22/Jan/2022:11:10:34 +0800] "POST /xingrg/kc/buy/cgsh_order_operate.html HTTP/1.1" 200 2065
114.95.98.1 - - [22/Jan/2022:11:10:34 +0800] "POST /xingrg/kc/buy/cgsh_order_operate.html HTTP/1.1" 200 1202
180.157.251.97 - - [22/Jan/2022:11:10:38 +0800] "GET /xingrg/all/function/internal_message.html?_=1642821035501&CODE_STATE=getMsg HTTP/1.1" 200 27
101.83.241.107 - - [22/Jan/2022:11:10:39 +0800] "GET /xingrg/kc/buy/cgsh_order_operate.html?command=get_materiel&rest_code=00149&code=00101003006&supplier_code=00100039&order_time=2022-01-22 HTTP/1.1" 200 434
116.232.50.26 - - [22/Jan/2022:11:10:40 +0800] "GET /xingrg/all/function/internal_message.html?_=1642821037763&CODE_STATE=getMsg HTTP/1.1" 200 27
124.78.156.14 - - [22/Jan/2022:11:10:42 +0800] "GET /xingrg/kc/buy/cgsh_order_operate.html?command=get_materiel&rest_code=00106&code=00101008353&supplier_code=00100007&order_time=2022-01-22 HTTP/1.1" 200 408
180.169.147.146 - - [22/Jan/2022:11:10:44 +0800] "GET /xingrg/all/function/internal_message.html?_=1642821042797&CODE_STATE=getMsg HTTP/1.1" 200 27
180.169.147.146 - - [22/Jan/2022:11:10:44 +0800] "GET /xingrg/kc/buy/cgsh_order_operate.html?command=get_materiel&rest_code=00147&code=00101001160&supplier_code=00100454&order_time=2022-01-22 HTTP/1.1" 200 408
114.95.98.1 - - [22/Jan/2022:11:10:46 +0800] "GET /xingrg/all/function/internal_message.html?_=1642821064019&CODE_STATE=getMsg HTTP/1.1" 200 27
222.70.243.96 - - [22/Jan/2022:11:10:46 +0800] "POST /xingrg/kc/buy/cgsh_order_operate.html HTTP/1.1" 200 2065
180.157.251.97 - - [22/Jan/2022:11:10:47 +0800] "GET /xingrg/all/function/internal_message.html?_=1642821044628&CODE_STATE=getMsg HTTP/1.1" 200 27
58.39.168.32 - - [22/Jan/2022:11:10:48 +0800] "GET /xingrg/all/function/internal_message.html?_=1642821046000&CODE_STATE=getMsg HTTP/1.1" 200 27
114.95.98.1 - - [22/Jan/2022:11:10:49 +0800] "POST /xingrg/kc/buy/cgsh_list_operate.html HTTP/1.1" 200 6031
180.169.147.146 - - [22/Jan/2022:11:10:49 +0800] "GET /xingrg/all/function/internal_message.html?_=1642821045480&CODE_STATE=getMsg HTTP/1.1" 200 27
114.95.98.1 - - [22/Jan/2022:11:10:50 +0800] "POST /xingrg/kc/buy/cgsh_list_operate.html HTTP/1.1" 200 6031
124.78.156.14 - - [22/Jan/2022:11:10:50 +0800] "GET /xingrg/all/function/internal_message.html?_=1642821043793&CODE_STATE=getMsg HTTP/1.1" 200 27
101.80.229.199 - - [22/Jan/2022:11:10:51 +0800] "GET /xingrg/all/function/internal_message.html?_=1642821047613&CODE_STATE=getMsg HTTP/1.1" 200 27
124.78.156.14 - - [22/Jan/2022:11:10:51 +0800] "GET /xingrg/all/function/internal_message.html?_=1642821051756&CODE_STATE=getMsg HTTP/1.1" 200 27
116.232.50.26 - - [22/Jan/2022:11:10:52 +0800] "GET /xingrg/kc/buy/cgsh_order_operate.html?command=get_materiel&rest_code=00109&code=00101009044&supplier_code=00100022&order_time=2022-01-22 HTTP/1.1" 200 414
180.169.147.146 - - [22/Jan/2022:11:10:54 +0800] "GET /xingrg/kc/buy/cgsh_order_operate.html?command=get_materiel&rest_code=00147&code=00101001009&supplier_code=00100454&order_time=2022-01-22 HTTP/1.1" 200 409
114.95.98.1 - - [22/Jan/2022:11:10:54 +0800] "GET /xingrg/kc/base/wldb_order_list.html HTTP/1.1" 200 19060
114.95.98.1 - - [22/Jan/2022:11:10:54 +0800] "POST /xingrg/kc/base/wldb_list_operate.html HTTP/1.1" 200 928
222.70.243.96 - - [22/Jan/2022:11:10:55 +0800] "GET /xingrg/all/function/internal_message.html?_=1642821065374&CODE_STATE=getMsg HTTP/1.1" 200 27
114.95.98.1 - - [22/Jan/2022:11:10:56 +0800] "GET /xingrg/kc/base/wldb_order_add.html HTTP/1.1" 200 30270
114.95.98.1 - - [22/Jan/2022:11:10:56 +0800] "POST /xingrg/kc/base/wldb_order_operate.html HTTP/1.1" 200 6806
114.95.98.1 - - [22/Jan/2022:11:10:57 +0800] "GET /xingrg/javascript/easyui/themes/default/validatebox.css HTTP/1.1" 404 1104
114.95.98.1 - - [22/Jan/2022:11:10:58 +0800] "POST /xingrg/all/common/load_combo.html?type=base HTTP/1.1" 200 3233
180.152.99.39 - - [22/Jan/2022:11:11:00 +0800] "GET /xingrg/all/function/internal_message.html?_=1642820988329&CODE_STATE=getMsg HTTP/1.1" 200 27
114.95.98.1 - - [22/Jan/2022:11:11:01 +0800] "POST /xingrg/all/common/load_combo.html?type=base HTTP/1.1" 200 3233
116.232.50.26 - - [22/Jan/2022:11:11:02 +0800] "POST /xingrg/kc/buy/cgsh_order_operate.html HTTP/1.1" 200 37
124.78.156.14 - - [22/Jan/2022:11:11:02 +0800] "GET /xingrg/kc/buy/cgsh_order_operate.html?command=get_materiel&rest_code=00106&code=00101008437&supplier_code=00100007&order_time=2022-01-22 HTTP/1.1" 200 396
222.69.132.164 - - [22/Jan/2022:11:11:02 +0800] "GET /xingrg/all/function/internal_message.html?_=1642821111870&CODE_STATE=getMsg HTTP/1.1" 200 27
116.232.50.26 - - [22/Jan/2022:11:11:03 +0800] "POST /xingrg/kc/buy/cgsh_order_operate.html HTTP/1.1" 200 5031
116.232.50.26 - - [22/Jan/2022:11:11:04 +0800] "GET /xingrg/kc/print/load_config.html?kc_code=cgsh HTTP/1.1" 200 1943
116.232.50.26 - - [22/Jan/2022:11:11:05 +0800] "GET /xingrg/kc/print/load_data.html?order_code=212022012211039&kc_code=cgsh&condition= HTTP/1.1" 200 1611
180.152.99.73 - - [22/Jan/2022:11:11:05 +0800] "GET /xingrg/all/function/internal_message.html?_=1642821063372&CODE_STATE=getMsg HTTP/1.1" 200 27
114.95.98.1 - - [22/Jan/2022:11:11:08 +0800] "GET /xingrg/kc/base/wldb_order_operate.html?command=get_materiel&rest_code=00102&base_code=0010476&code=00101013011 HTTP/1.1" 200 452
116.232.50.26 - - [22/Jan/2022:11:11:08 +0800] "GET /xingrg/kc/buy/cgsh_order_add.html HTTP/1.1" 200 65490
116.232.50.26 - - [22/Jan/2022:11:11:08 +0800] "POST /xingrg/kc/buy/cgsh_order_operate.html HTTP/1.1" 200 8245
116.232.50.26 - - [22/Jan/2022:11:11:08 +0800] "GET /xingrg/all/common/auto_word.html?type=employee&rest_code=00109 HTTP/1.1" 200 255
116.232.50.26 - - [22/Jan/2022:11:11:08 +0800] "GET /xingrg/all/common/auto_word.html?type=employee&rest_code=00109 HTTP/1.1" 200 255
116.232.50.26 - - [22/Jan/2022:11:11:08 +0800] "GET /xingrg/javascript/easyui/themes/default/validatebox.css HTTP/1.1" 404 1104
58.39.168.32 - - [22/Jan/2022:11:11:09 +0800] "GET /xingrg/all/function/internal_message.html?_=1642821003404&CODE_STATE=getMsg HTTP/1.1" 200 27
222.70.178.207 - - [22/Jan/2022:11:11:11 +0800] "GET /xingrg/all/function/internal_message.html?_=1642821067883&CODE_STATE=getMsg HTTP/1.1" 200 27
222.70.178.207 - - [22/Jan/2022:11:11:13 +0800] "GET /xingrg/check_reg.html?_=1642821069428 HTTP/1.1" 200 22
180.169.147.146 - - [22/Jan/2022:11:11:14 +0800] "GET /xingrg/all/function/internal_message.html?_=1642821067600&CODE_STATE=getMsg HTTP/1.1" 200 27
222.70.243.96 - - [22/Jan/2022:11:11:16 +0800] "GET /xingrg/kc/buy/cgsh_order_operate.html?command=get_materiel&rest_code=00146&code=00101008291&supplier_code=00100005&order_time=2022-01-22 HTTP/1.1" 200 408
116.232.50.26 - - [22/Jan/2022:11:11:16 +0800] "GET /xingrg/kc/buy/cgsh_order_operate.html?command=get_materiel&rest_code=00109&code=00101008261&supplier_code=00100005&order_time=2022-01-22 HTTP/1.1" 200 408
61.151.178.197 - - [22/Jan/2022:11:11:17 +0800] "GET /xingrg/kc/buy/cgsh_order_operate.html?command=get_materiel&rest_code=00106&code=00101008230&supplier_code=00100007&order_time=2022-01-22 HTTP/1.1" 302 -
101.91.60.88 - - [22/Jan/2022:11:11:17 +0800] "GET /xingrg/kc/buy/cgsh_order_operate.html?command=get_materiel&rest_code=00106&code=00101008264&supplier_code=00100007&order_time=2022-01-22 HTTP/1.1" 302 -
101.85.120.86 - - [22/Jan/2022:11:11:18 +0800] "GET /xingrg/all/function/internal_message.html?_=1642821074747&CODE_STATE=getMsg HTTP/1.1" 200 27
101.91.60.88 - - [22/Jan/2022:11:11:18 +0800] "GET /xingrg/login.html HTTP/1.1" 200 7641
61.151.178.197 - - [22/Jan/2022:11:11:18 +0800] "GET /xingrg/login.html HTTP/1.1" 200 7641
101.91.60.11 - - [22/Jan/2022:11:11:20 +0800] "GET /xingrg/all/function/internal_message.html?_=1642819664148&CODE_STATE=getMsg HTTP/1.1" 302 -
180.169.147.146 - - [22/Jan/2022:11:11:21 +0800] "GET /xingrg/kc/buy/cgsh_order_operate.html?command=get_materiel&rest_code=00147&code=00101001060&supplier_code=00100454&order_time=2022-01-22 HTTP/1.1" 200 419
222.70.217.149 - - [22/Jan/2022:11:11:21 +0800] "POST /xingrg/kc/buy/cgsh_order_operate.html HTTP/1.1" 200 37
101.83.241.107 - - [22/Jan/2022:11:11:21 +0800] "GET /xingrg/all/function/internal_message.html?_=1642821075222&CODE_STATE=getMsg HTTP/1.1" 200 27
101.91.60.11 - - [22/Jan/2022:11:11:21 +0800] "GET /xingrg/login.html HTTP/1.1" 200 7641
124.78.156.14 - - [22/Jan/2022:11:11:23 +0800] "GET /xingrg/kc/buy/cgsh_order_operate.html?command=get_materiel&rest_code=00106&code=00101008096&supplier_code=00100007&order_time=2022-01-22 HTTP/1.1" 200 413
222.70.217.149 - - [22/Jan/2022:11:11:24 +0800] "POST /xingrg/kc/buy/cgsh_order_operate.html HTTP/1.1" 200 6814
114.95.98.1 - - [22/Jan/2022:11:11:24 +0800] "GET /xingrg/kc/base/wldb_order_operate.html?command=get_materiel&rest_code=00102&base_code=0010476&code=00101019391 HTTP/1.1" 200 472
116.232.50.26 - - [22/Jan/2022:11:11:25 +0800] "GET /xingrg/kc/buy/cgsh_order_operate.html?command=get_materiel&rest_code=00109&code=00101008049&supplier_code=00100005&order_time=2022-01-22 HTTP/1.1" 200 408
114.95.98.1 - - [22/Jan/2022:11:11:29 +0800] "GET /xingrg/kc/base/wldb_order_operate.html?command=get_materiel&rest_code=00102&base_code=0010476&code=00101019134 HTTP/1.1" 200 466
124.79.247.218 - - [22/Jan/2022:11:11:30 +0800] "GET /xingrg/all/function/internal_message.html?_=1642821228105&CODE_STATE=getMsg HTTP/1.1" 200 27
124.79.247.218 - - [22/Jan/2022:11:11:30 +0800] "GET /xingrg/check_reg.html?_=1642821228104 HTTP/1.1" 200 22
222.70.217.149 - - [22/Jan/2022:11:11:31 +0800] "GET /xingrg/all/function/internal_message.html?_=1642821075016&CODE_STATE=getMsg HTTP/1.1" 200 27
116.232.50.26 - - [22/Jan/2022:11:11:32 +0800] "GET /xingrg/kc/buy/cgsh_order_operate.html?command=get_materiel&rest_code=00109&code=00101008351&supplier_code=00100005&order_time=2022-01-22 HTTP/1.1" 200 427
222.70.243.96 - - [22/Jan/2022:11:11:33 +0800] "GET /xingrg/kc/buy/cgsh_order_operate.html?command=get_materiel&rest_code=00146&code=00101009030&supplier_code=00100005&order_time=2022-01-22 HTTP/1.1" 200 412
114.95.98.1 - - [22/Jan/2022:11:11:36 +0800] "GET /xingrg/kc/base/wldb_order_operate.html?command=get_materiel&rest_code=00102&base_code=0010476&code=00101019496 HTTP/1.1" 200 471
222.70.217.149 - - [22/Jan/2022:11:11:37 +0800] "POST /xingrg/kc/buy/cgsh_list_operate.html HTTP/1.1" 200 3518
180.157.251.97 - - [22/Jan/2022:11:11:38 +0800] "GET /xingrg/all/function/internal_message.html?_=1642821095501&CODE_STATE=getMsg HTTP/1.1" 200 27
116.232.50.26 - - [22/Jan/2022:11:11:39 +0800] "GET /xingrg/kc/buy/cgsh_order_operate.html?command=get_materiel&rest_code=00109&code=00101008126&supplier_code=00100005&order_time=2022-01-22 HTTP/1.1" 200 412
116.232.50.26 - - [22/Jan/2022:11:11:40 +0800] "GET /xingrg/all/function/internal_message.html?_=1642821097765&CODE_STATE=getMsg HTTP/1.1" 200 27
114.95.98.1 - - [22/Jan/2022:11:11:42 +0800] "GET /xingrg/kc/base/wldb_order_operate.html?command=get_materiel&rest_code=00102&base_code=0010476&code=00101016076 HTTP/1.1" 200 475
180.169.147.146 - - [22/Jan/2022:11:11:44 +0800] "GET /xingrg/all/function/internal_message.html?_=1642821102781&CODE_STATE=getMsg HTTP/1.1" 200 27
114.95.98.1 - - [22/Jan/2022:11:11:46 +0800] "GET /xingrg/all/function/internal_message.html?_=1642821124227&CODE_STATE=getMsg HTTP/1.1" 200 27
222.70.243.96 - - [22/Jan/2022:11:11:46 +0800] "GET /xingrg/kc/buy/cgsh_order_operate.html?command=get_materiel&rest_code=00146&code=00101008137&supplier_code=00100005&order_time=2022-01-22 HTTP/1.1" 200 408
116.232.50.26 - - [22/Jan/2022:11:11:46 +0800] "GET /xingrg/kc/buy/cgsh_order_operate.html?command=get_materiel&rest_code=00109&code=00101008087&supplier_code=00100005&order_time=2022-01-22 HTTP/1.1" 200 412
101.83.241.107 - - [22/Jan/2022:11:11:47 +0800] "GET /xingrg/kc/buy/cgsh_order_operate.html?command=get_materiel&rest_code=00149&code=00101001052&supplier_code=00100039&order_time=2022-01-22 HTTP/1.1" 200 411
180.157.251.97 - - [22/Jan/2022:11:11:47 +0800] "GET /xingrg/all/function/internal_message.html?_=1642821104625&CODE_STATE=getMsg HTTP/1.1" 200 27
58.39.168.32 - - [22/Jan/2022:11:11:48 +0800] "GET /xingrg/all/function/internal_message.html?_=1642821106026&CODE_STATE=getMsg HTTP/1.1" 200 27
180.169.147.146 - - [22/Jan/2022:11:11:49 +0800] "GET /xingrg/all/function/internal_message.html?_=1642821105478&CODE_STATE=getMsg HTTP/1.1" 200 27
114.95.98.1 - - [22/Jan/2022:11:11:49 +0800] "GET /xingrg/kc/base/wldb_order_operate.html?command=get_materiel&rest_code=00102&base_code=0010476&code=00101019184 HTTP/1.1" 200 444
124.78.156.14 - - [22/Jan/2022:11:11:49 +0800] "GET /xingrg/all/function/internal_message.html?_=1642821103689&CODE_STATE=getMsg HTTP/1.1" 200 27
61.151.178.197 - - [22/Jan/2022:11:11:50 +0800] "GET /xingrg/kc/buy/cgsh_order_operate.html?command=get_materiel&rest_code=00106&code=00101008036&supplier_code=00100007&order_time=2022-01-22 HTTP/1.1" 302 -
61.151.178.197 - - [22/Jan/2022:11:11:51 +0800] "GET /xingrg/login.html HTTP/1.1" 200 7641
101.80.229.199 - - [22/Jan/2022:11:11:51 +0800] "GET /xingrg/all/function/internal_message.html?_=1642821107599&CODE_STATE=getMsg HTTP/1.1" 200 27
124.78.156.14 - - [22/Jan/2022:11:11:51 +0800] "GET /xingrg/all/function/internal_message.html?_=1642821111756&CODE_STATE=getMsg HTTP/1.1" 200 27
222.70.243.96 - - [22/Jan/2022:11:11:56 +0800] "GET /xingrg/all/function/internal_message.html?_=1642821125440&CODE_STATE=getMsg HTTP/1.1" 200 27
180.169.147.146 - - [22/Jan/2022:11:11:56 +0800] "POST /xingrg/kc/buy/cgsh_order_operate.html HTTP/1.1" 200 37
116.232.50.26 - - [22/Jan/2022:11:11:56 +0800] "GET /xingrg/kc/buy/cgsh_order_operate.html?command=get_materiel&rest_code=00109&code=00101008361&supplier_code=00100005&order_time=2022-01-22 HTTP/1.1" 200 408
114.95.98.1 - - [22/Jan/2022:11:11:56 +0800] "GET /xingrg/kc/base/wldb_order_operate.html?command=get_materiel&rest_code=00102&base_code=0010476&code=00101019529 HTTP/1.1" 200 475
180.169.147.146 - - [22/Jan/2022:11:11:58 +0800] "POST /xingrg/kc/buy/cgsh_order_operate.html HTTP/1.1" 200 4431
124.78.156.14 - - [22/Jan/2022:11:11:59 +0800] "GET /xingrg/kc/buy/cgsh_order_operate.html?command=get_materiel&rest_code=00106&code=00101008283&supplier_code=00100007&order_time=2022-01-22 HTTP/1.1" 200 408
180.169.147.146 - - [22/Jan/2022:11:11:59 +0800] "GET /xingrg/kc/print/load_config.html?kc_code=cgsh HTTP/1.1" 200 1943
180.169.147.146 - - [22/Jan/2022:11:11:59 +0800] "GET /xingrg/kc/print/load_data.html?order_code=212022012211040&kc_code=cgsh&condition= HTTP/1.1" 200 1343
180.152.99.39 - - [22/Jan/2022:11:12:00 +0800] "GET /xingrg/all/function/internal_message.html?_=1642821048343&CODE_STATE=getMsg HTTP/1.1" 200 27
222.69.132.164 - - [22/Jan/2022:11:12:02 +0800] "GET /xingrg/all/function/internal_message.html?_=1642821171862&CODE_STATE=getMsg HTTP/1.1" 200 27
222.70.217.149 - - [22/Jan/2022:11:12:02 +0800] "POST /xingrg/kc/buy/cgsh_list_operate.html HTTP/1.1" 200 876
180.169.147.146 - - [22/Jan/2022:11:12:02 +0800] "GET /xingrg/kc/buy/cgsh_order_add.html HTTP/1.1" 200 65417
222.70.243.96 - - [22/Jan/2022:11:12:02 +0800] "POST /xingrg/kc/buy/cgsh_order_operate.html HTTP/1.1" 200 2065
180.169.147.146 - - [22/Jan/2022:11:12:03 +0800] "POST /xingrg/kc/buy/cgsh_order_operate.html HTTP/1.1" 200 8245
180.169.147.146 - - [22/Jan/2022:11:12:03 +0800] "GET /xingrg/javascript/easyui/themes/default/validatebox.css HTTP/1.1" 404 1104
180.152.99.73 - - [22/Jan/2022:11:12:05 +0800] "GET /xingrg/all/function/internal_message.html?_=1642821123358&CODE_STATE=getMsg HTTP/1.1" 200 27
116.232.50.26 - - [22/Jan/2022:11:12:07 +0800] "GET /xingrg/kc/buy/cgsh_order_operate.html?command=get_materiel&rest_code=00109&code=00101008270&supplier_code=00100005&order_time=2022-01-22 HTTP/1.1" 200 412
58.39.168.32 - - [22/Jan/2022:11:12:09 +0800] "GET /xingrg/all/function/internal_message.html?_=1642821063389&CODE_STATE=getMsg HTTP/1.1" 200 27
222.70.217.149 - - [22/Jan/2022:11:12:10 +0800] "POST /xingrg/kc/buy/cgsh_list_operate.html HTTP/1.1" 200 9438
222.70.178.207 - - [22/Jan/2022:11:12:11 +0800] "GET /xingrg/all/function/internal_message.html?_=1642821127853&CODE_STATE=getMsg HTTP/1.1" 200 27
116.232.50.26 - - [22/Jan/2022:11:12:14 +0800] "GET /xingrg/kc/buy/cgsh_order_operate.html?command=get_materiel&rest_code=00109&code=00101008296&supplier_code=00100005&order_time=2022-01-22 HTTP/1.1" 200 416
180.169.147.146 - - [22/Jan/2022:11:12:14 +0800] "GET /xingrg/all/function/internal_message.html?_=1642821127584&CODE_STATE=getMsg HTTP/1.1" 200 27
114.95.98.1 - - [22/Jan/2022:11:12:17 +0800] "POST /xingrg/kc/base/wldb_order_operate.html HTTP/1.1" 200 37
101.85.120.86 - - [22/Jan/2022:11:12:18 +0800] "GET /xingrg/all/function/internal_message.html?_=1642821134748&CODE_STATE=getMsg HTTP/1.1" 200 27
114.95.98.1 - - [22/Jan/2022:11:12:21 +0800] "POST /xingrg/kc/base/wldb_order_operate.html HTTP/1.1" 200 12
114.95.98.1 - - [22/Jan/2022:11:12:21 +0800] "POST /xingrg/kc/base/wldb_order_operate.html HTTP/1.1" 200 5742
101.83.241.107 - - [22/Jan/2022:11:12:21 +0800] "GET /xingrg/all/function/internal_message.html?_=1642821135210&CODE_STATE=getMsg HTTP/1.1" 200 27
222.70.217.149 - - [22/Jan/2022:11:12:22 +0800] "POST /xingrg/kc/buy/cgsh_list_operate.html HTTP/1.1" 200 593
114.95.98.1 - - [22/Jan/2022:11:12:23 +0800] "GET /xingrg/kc/base/wldb_order_info.html?code=422022012202904 HTTP/1.1" 200 26147
114.95.98.1 - - [22/Jan/2022:11:12:26 +0800] "POST /xingrg/kc/base/wldb_order_operate.html HTTP/1.1" 200 3955
114.95.98.1 - - [22/Jan/2022:11:12:27 +0800] "GET /xingrg/javascript/easyui/themes/default/validatebox.css HTTP/1.1" 404 1104
114.95.98.1 - - [22/Jan/2022:11:12:28 +0800] "GET /xingrg/kc/base/wldb_order_add.html HTTP/1.1" 200 30270
116.232.50.26 - - [22/Jan/2022:11:12:28 +0800] "GET /xingrg/kc/buy/cgsh_order_operate.html?command=get_materiel&rest_code=00109&code=00101008005&supplier_code=00100005&order_time=2022-01-22 HTTP/1.1" 200 412
124.78.156.14 - - [22/Jan/2022:11:12:28 +0800] "POST /xingrg/kc/buy/cgsh_order_operate.html HTTP/1.1" 200 37
124.79.247.218 - - [22/Jan/2022:11:12:30 +0800] "GET /xingrg/all/function/internal_message.html?_=1642821288104&CODE_STATE=getMsg HTTP/1.1" 200 27
222.70.217.149 - - [22/Jan/2022:11:12:31 +0800] "GET /xingrg/all/function/internal_message.html?_=1642821135010&CODE_STATE=getMsg HTTP/1.1" 200 27
114.95.98.1 - - [22/Jan/2022:11:12:31 +0800] "POST /xingrg/kc/base/wldb_order_operate.html HTTP/1.1" 200 6806
61.151.178.249 - - [22/Jan/2022:11:12:31 +0800] "GET /xingrg/kc/buy/cgsh_order_operate.html?command=get_materiel&rest_code=00106&code=00101008110&supplier_code=00100007&order_time=2022-01-22 HTTP/1.1" 302 -
114.95.98.1 - - [22/Jan/2022:11:12:32 +0800] "GET /xingrg/javascript/easyui/themes/default/validatebox.css HTTP/1.1" 404 1104
61.151.178.249 - - [22/Jan/2022:11:12:32 +0800] "GET /xingrg/login.html HTTP/1.1" 200 7641
222.70.217.149 - - [22/Jan/2022:11:12:33 +0800] "POST /xingrg/kc/buy/cgsh_list_operate.html HTTP/1.1" 200 205
114.95.98.1 - - [22/Jan/2022:11:12:34 +0800] "POST /xingrg/all/common/load_combo.html?type=base HTTP/1.1" 200 3233
61.151.178.180 - - [22/Jan/2022:11:12:34 +0800] "GET /xingrg/all/function/internal_message.html?_=1642819724117&CODE_STATE=getMsg HTTP/1.1" 302 -
61.151.178.180 - - [22/Jan/2022:11:12:35 +0800] "GET /xingrg/login.html HTTP/1.1" 200 7641
114.95.98.1 - - [22/Jan/2022:11:12:35 +0800] "GET /xingrg/check_reg.html?_=1642821173594 HTTP/1.1" 200 22
114.95.98.1 - - [22/Jan/2022:11:12:36 +0800] "POST /xingrg/all/common/load_combo.html?type=base HTTP/1.1" 200 3233
116.232.50.26 - - [22/Jan/2022:11:12:37 +0800] "GET /xingrg/kc/buy/cgsh_order_operate.html?command=get_materiel&rest_code=00109&code=00101008312&supplier_code=00100005&order_time=2022-01-22 HTTP/1.1" 200 412
222.70.217.149 - - [22/Jan/2022:11:12:37 +0800] "POST /xingrg/kc/buy/cgsh_list_operate.html HTTP/1.1" 200 201
180.157.251.97 - - [22/Jan/2022:11:12:38 +0800] "GET /xingrg/all/function/internal_message.html?_=1642821155502&CODE_STATE=getMsg HTTP/1.1" 200 27
222.70.217.149 - - [22/Jan/2022:11:12:38 +0800] "POST /xingrg/kc/buy/cgsh_list_operate.html HTTP/1.1" 200 272
180.169.147.146 - - [22/Jan/2022:11:12:40 +0800] "GET /xingrg/kc/buy/cgsh_order_operate.html?command=get_materiel&rest_code=00147&code=00101007072&supplier_code=00100004&order_time=2022-01-22 HTTP/1.1" 200 413
116.232.50.26 - - [22/Jan/2022:11:12:40 +0800] "GET /xingrg/check_reg.html?_=1642821157768 HTTP/1.1" 200 22
116.232.50.26 - - [22/Jan/2022:11:12:40 +0800] "GET /xingrg/all/function/internal_message.html?_=1642821157767&CODE_STATE=getMsg HTTP/1.1" 200 27
222.70.217.149 - - [22/Jan/2022:11:12:41 +0800] "GET /xingrg/kc/buy/cgsh_order_info.html?code=212022010502390 HTTP/1.1" 200 60275
222.70.217.149 - - [22/Jan/2022:11:12:41 +0800] "GET /xingrg/javascript/easyui/themes/default/validatebox.css HTTP/1.1" 404 1104
114.95.98.1 - - [22/Jan/2022:11:12:41 +0800] "GET /xingrg/kc/base/wldb_order_operate.html?command=get_materiel&rest_code=00102&base_code=0010476&code=00101019185 HTTP/1.1" 200 453
222.70.217.149 - - [22/Jan/2022:11:12:42 +0800] "POST /xingrg/kc/buy/cgsh_order_operate.html HTTP/1.1" 200 1199
222.70.217.149 - - [22/Jan/2022:11:12:44 +0800] "GET /xingrg/kc/print/load_data.html?order_code=212022010502390&kc_code=cgsh&condition= HTTP/1.1" 200 909
180.169.147.146 - - [22/Jan/2022:11:12:44 +0800] "GET /xingrg/all/function/internal_message.html?_=1642821162785&CODE_STATE=getMsg HTTP/1.1" 200 27
116.232.50.26 - - [22/Jan/2022:11:12:45 +0800] "GET /xingrg/kc/buy/cgsh_order_operate.html?command=get_materiel&rest_code=00109&code=00101008607&supplier_code=00100005&order_time=2022-01-22 HTTP/1.1" 200 399
114.95.98.1 - - [22/Jan/2022:11:12:46 +0800] "GET /xingrg/all/function/internal_message.html?_=1642821184373&CODE_STATE=getMsg HTTP/1.1" 200 27
180.157.251.97 - - [22/Jan/2022:11:12:47 +0800] "GET /xingrg/all/function/internal_message.html?_=1642821164629&CODE_STATE=getMsg HTTP/1.1" 200 27
180.157.251.97 - - [22/Jan/2022:11:12:47 +0800] "GET /xingrg/check_reg.html?_=1642821164631 HTTP/1.1" 200 22
58.39.168.32 - - [22/Jan/2022:11:12:48 +0800] "GET /xingrg/all/function/internal_message.html?_=1642821166026&CODE_STATE=getMsg HTTP/1.1" 200 27
180.169.147.146 - - [22/Jan/2022:11:12:49 +0800] "GET /xingrg/all/function/internal_message.html?_=1642821165473&CODE_STATE=getMsg HTTP/1.1" 200 27
124.78.156.14 - - [22/Jan/2022:11:12:49 +0800] "POST /xingrg/kc/buy/cgsh_order_operate.html HTTP/1.1" 200 19181
124.78.156.14 - - [22/Jan/2022:11:12:49 +0800] "GET /xingrg/check_reg.html?_=1642821163079 HTTP/1.1" 200 22
124.78.156.14 - - [22/Jan/2022:11:12:49 +0800] "GET /xingrg/all/function/internal_message.html?_=1642821163666&CODE_STATE=getMsg HTTP/1.1" 200 27
101.80.229.199 - - [22/Jan/2022:11:12:51 +0800] "GET /xingrg/all/function/internal_message.html?_=1642821167583&CODE_STATE=getMsg HTTP/1.1" 200 27
124.78.156.14 - - [22/Jan/2022:11:12:51 +0800] "GET /xingrg/all/function/internal_message.html?_=1642821171757&CODE_STATE=getMsg HTTP/1.1" 200 27
116.232.50.26 - - [22/Jan/2022:11:12:52 +0800] "GET /xingrg/kc/buy/cgsh_order_operate.html?command=get_materiel&rest_code=00109&code=00101008354&supplier_code=00100005&order_time=2022-01-22 HTTP/1.1" 200 412
61.151.178.163 - - [22/Jan/2022:11:12:53 +0800] "GET /xingrg/all/function/internal_message.html?_=1642820383963&CODE_STATE=getMsg HTTP/1.1" 302 -
61.151.178.163 - - [22/Jan/2022:11:12:53 +0800] "GET /xingrg/login.html HTTP/1.1" 200 7641
180.169.147.146 - - [22/Jan/2022:11:12:54 +0800] "GET /xingrg/kc/buy/cgsh_order_operate.html?command=get_materiel&rest_code=00147&code=00101007092&supplier_code=00100004&order_time=2022-01-22 HTTP/1.1" 200 409
222.70.217.149 - - [22/Jan/2022:11:12:54 +0800] "POST /xingrg/kc/buy/cgsh_list_operate.html HTTP/1.1" 200 9438
222.70.243.96 - - [22/Jan/2022:11:12:56 +0800] "GET /xingrg/all/function/internal_message.html?_=1642821185445&CODE_STATE=getMsg HTTP/1.1" 200 27
222.70.217.149 - - [22/Jan/2022:11:12:56 +0800] "POST /xingrg/kc/buy/cgsh_list_operate.html HTTP/1.1" 200 209
124.78.156.14 - - [22/Jan/2022:11:12:56 +0800] "GET /xingrg/kc/buy/cgsh_order_operate.html?command=get_materiel&rest_code=00106&code=00101008125&supplier_code=00100007&order_time=2022-01-22 HTTP/1.1" 200 432
114.95.98.1 - - [22/Jan/2022:11:12:57 +0800] "GET /xingrg/kc/base/wldb_order_operate.html?command=get_materiel&rest_code=00102&base_code=0010476&code=00101019405 HTTP/1.1" 200 467
222.70.217.149 - - [22/Jan/2022:11:12:58 +0800] "GET /xingrg/kc/buy/cgsh_order_info.html?code=212022010502389 HTTP/1.1" 200 60275
58.39.168.32 - - [22/Jan/2022:11:12:58 +0800] "GET /xingrg/kc/base/wldb_order_add.html HTTP/1.1" 200 30274
222.70.217.149 - - [22/Jan/2022:11:12:58 +0800] "GET /xingrg/javascript/easyui/themes/default/validatebox.css HTTP/1.1" 404 1104
58.39.168.32 - - [22/Jan/2022:11:12:58 +0800] "POST /xingrg/kc/base/wldb_order_operate.html HTTP/1.1" 200 6806
58.39.168.32 - - [22/Jan/2022:11:12:58 +0800] "GET /xingrg/javascript/easyui/themes/default/validatebox.css HTTP/1.1" 404 1104
222.70.217.149 - - [22/Jan/2022:11:12:59 +0800] "POST /xingrg/kc/buy/cgsh_order_operate.html HTTP/1.1" 200 618
180.152.99.39 - - [22/Jan/2022:11:13:00 +0800] "GET /xingrg/all/function/internal_message.html?_=1642821108494&CODE_STATE=getMsg HTTP/1.1" 200 27
116.232.50.26 - - [22/Jan/2022:11:13:01 +0800] "GET /xingrg/kc/buy/cgsh_order_operate.html?command=get_materiel&rest_code=00109&code=00101008026&supplier_code=00100005&order_time=2022-01-22 HTTP/1.1" 200 409
222.70.217.149 - - [22/Jan/2022:11:13:02 +0800] "GET /xingrg/kc/print/load_data.html?order_code=212022010502389&kc_code=cgsh&condition= HTTP/1.1" 200 696
222.69.132.164 - - [22/Jan/2022:11:13:02 +0800] "GET /xingrg/all/function/internal_message.html?_=1642821231880&CODE_STATE=getMsg HTTP/1.1" 200 27
222.69.132.164 - - [22/Jan/2022:11:13:02 +0800] "GET /xingrg/check_reg.html?_=1642821231884 HTTP/1.1" 200 22
