114.95.98.1 - - [22/Jan/2022:11:19:00 +0800] "GET /xingrg/javascript/jquery_tools/datebox.css HTTP/1.1" 304 -
114.95.98.1 - - [22/Jan/2022:11:19:00 +0800] "GET /xingrg/javascript/easyui/themes/default/easyui.css HTTP/1.1" 304 -
114.95.98.1 - - [22/Jan/2022:11:19:00 +0800] "GET /xingrg/css/site.css HTTP/1.1" 304 -
114.95.98.1 - - [22/Jan/2022:11:19:00 +0800] "GET /xingrg/javascript/jquery_tools/fix.css HTTP/1.1" 304 -
114.95.98.1 - - [22/Jan/2022:11:19:00 +0800] "GET /xingrg/javascript/easyui/themes/icon.css HTTP/1.1" 304 -
114.95.98.1 - - [22/Jan/2022:11:19:00 +0800] "GET /xingrg/javascript/auto/jquery.autocomplete.css HTTP/1.1" 304 -
114.95.98.1 - - [22/Jan/2022:11:19:00 +0800] "GET /xingrg/javascript/jquery_tools/table.css HTTP/1.1" 304 -
114.95.98.1 - - [22/Jan/2022:11:19:00 +0800] "GET /xingrg/javascript/jquery_tools/jquery.tools.min.js HTTP/1.1" 304 -
114.95.98.1 - - [22/Jan/2022:11:19:00 +0800] "GET /xingrg/javascript/jquery_tools/jquery.tools.extend.js HTTP/1.1" 304 -
114.95.98.1 - - [22/Jan/2022:11:19:00 +0800] "GET /xingrg/javascript/jquery_tools/list_manager.js HTTP/1.1" 304 -
114.95.98.1 - - [22/Jan/2022:11:19:00 +0800] "GET /xingrg/javascript/auto/jquery.autocomplete.js HTTP/1.1" 304 -
114.95.98.1 - - [22/Jan/2022:11:19:00 +0800] "GET /xingrg/javascript/jquery_tools/jquery.tools.hotkey.js HTTP/1.1" 304 -
114.95.98.1 - - [22/Jan/2022:11:19:00 +0800] "GET /xingrg/javascript/jquery_tools/jquery.tools.table.js HTTP/1.1" 304 -
114.95.98.1 - - [22/Jan/2022:11:19:00 +0800] "GET /xingrg/javascript/easyui/easyloader.js HTTP/1.1" 304 -
114.95.98.1 - - [22/Jan/2022:11:19:00 +0800] "GET /xingrg/javascript/jquery.cookie.js HTTP/1.1" 304 -
114.95.98.1 - - [22/Jan/2022:11:19:00 +0800] "GET /xingrg/javascript/print/LodopFuncs.js HTTP/1.1" 304 -
114.95.98.1 - - [22/Jan/2022:11:19:01 +0800] "GET /xingrg/javascript/easyui/themes/icons/edit_add_new.png HTTP/1.1" 304 -
114.95.98.1 - - [22/Jan/2022:11:19:01 +0800] "GET /xingrg/javascript/easyui/themes/icons/cance_new.png HTTP/1.1" 304 -
114.95.98.1 - - [22/Jan/2022:11:19:01 +0800] "GET /xingrg/javascript/easyui/themes/icons/check_new.png HTTP/1.1" 304 -
114.95.98.1 - - [22/Jan/2022:11:19:01 +0800] "GET /xingrg/javascript/easyui/themes/icons/field_new.png HTTP/1.1" 304 -
114.95.98.1 - - [22/Jan/2022:11:19:01 +0800] "GET /xingrg/javascript/easyui/themes/icons/import_new.png HTTP/1.1" 304 -
114.95.98.1 - - [22/Jan/2022:11:19:01 +0800] "GET /xingrg/javascript/easyui/plugins/jquery.parser.js HTTP/1.1" 304 -
114.95.98.1 - - [22/Jan/2022:11:19:01 +0800] "GET /xingrg/images/control/ajaxLoader.gif HTTP/1.1" 304 -
114.95.98.1 - - [22/Jan/2022:11:19:01 +0800] "GET /xingrg/javascript/jquery_easy_ui/themes/icons/area.png HTTP/1.1" 304 -
114.95.98.1 - - [22/Jan/2022:11:19:01 +0800] "GET /xingrg/javascript/jquery_easy_ui/themes/icons/rest.png HTTP/1.1" 304 -
114.95.98.1 - - [22/Jan/2022:11:19:02 +0800] "POST /xingrg/kc/base/wldb_list_operate.html HTTP/1.1" 200 928
222.69.132.164 - - [22/Jan/2022:11:19:02 +0800] "GET /xingrg/all/function/internal_message.html?_=1642821591871&CODE_STATE=getMsg HTTP/1.1" 200 27
114.95.98.1 - - [22/Jan/2022:11:19:02 +0800] "GET /xingrg/javascript/easyui/themes/default/images/button_plain_hover.png HTTP/1.1" 304 -
114.95.98.1 - - [22/Jan/2022:11:19:03 +0800] "GET /xingrg/kc/base/wldb_order_add.html HTTP/1.1" 200 30270
114.95.98.1 - - [22/Jan/2022:11:19:03 +0800] "GET /xingrg/javascript/pic_change.js HTTP/1.1" 304 -
114.95.98.1 - - [22/Jan/2022:11:19:03 +0800] "GET /xingrg/javascript/jquery_tools/order_manager.js HTTP/1.1" 304 -
114.95.98.1 - - [22/Jan/2022:11:19:03 +0800] "GET /xingrg/javascript/print/kc_print.js HTTP/1.1" 304 -
114.95.98.1 - - [22/Jan/2022:11:19:03 +0800] "GET /xingrg/javascript/json2.js HTTP/1.1" 304 -
114.95.98.1 - - [22/Jan/2022:11:19:03 +0800] "GET /xingrg/javascript/convert.js HTTP/1.1" 304 -
114.95.98.1 - - [22/Jan/2022:11:19:03 +0800] "GET /xingrg/words/20220120171707_words.js HTTP/1.1" 304 -
114.95.98.1 - - [22/Jan/2022:11:19:03 +0800] "GET /xingrg/javascript/easyui/themes/icons/template_new.png HTTP/1.1" 304 -
114.95.98.1 - - [22/Jan/2022:11:19:03 +0800] "GET /xingrg/javascript/easyui/themes/icons/ok.png HTTP/1.1" 304 -
114.95.98.1 - - [22/Jan/2022:11:19:03 +0800] "GET /xingrg/javascript/easyui/themes/icons/print.png HTTP/1.1" 304 -
114.95.98.1 - - [22/Jan/2022:11:19:03 +0800] "GET /xingrg/javascript/easyui/themes/default/images/menu_downarrow.png HTTP/1.1" 304 -
114.95.98.1 - - [22/Jan/2022:11:19:03 +0800] "GET /xingrg/javascript/easyui/themes/icons/cancel.png HTTP/1.1" 304 -
114.95.98.1 - - [22/Jan/2022:11:19:04 +0800] "POST /xingrg/kc/base/wldb_order_operate.html HTTP/1.1" 200 6806
114.95.98.1 - - [22/Jan/2022:11:19:04 +0800] "GET /xingrg/all/common/auto_word.html?type=base&rest_code=00102 HTTP/1.1" 200 1807
114.95.98.1 - - [22/Jan/2022:11:19:04 +0800] "GET /xingrg/all/common/auto_word.html?type=base&rest_code=00102 HTTP/1.1" 200 1807
114.95.98.1 - - [22/Jan/2022:11:19:04 +0800] "GET /xingrg/javascript/easyui/themes/icons/edit_remove.png HTTP/1.1" 304 -
114.95.98.1 - - [22/Jan/2022:11:19:05 +0800] "GET /xingrg/javascript/easyui/themes/default/validatebox.css HTTP/1.1" 404 1104
114.95.98.1 - - [22/Jan/2022:11:19:05 +0800] "GET /xingrg/javascript/easyui/plugins/jquery.validatebox.js HTTP/1.1" 304 -
114.95.98.1 - - [22/Jan/2022:11:19:05 +0800] "GET /xingrg/javascript/easyui/plugins/jquery.numberbox.js HTTP/1.1" 304 -
180.152.99.73 - - [22/Jan/2022:11:19:05 +0800] "GET /xingrg/all/function/internal_message.html?_=1642821543218&CODE_STATE=getMsg HTTP/1.1" 200 27
114.95.98.1 - - [22/Jan/2022:11:19:06 +0800] "GET /xingrg/css/images/panel_loading.gif HTTP/1.1" 304 -
114.95.98.1 - - [22/Jan/2022:11:19:06 +0800] "POST /xingrg/all/common/load_combo.html?type=base HTTP/1.1" 200 3233
116.232.50.26 - - [22/Jan/2022:11:19:06 +0800] "GET /xingrg/kc/buy/cgsh_order_operate.html?command=get_materiel&rest_code=00109&code=00101008196&supplier_code=00100005&order_time=2022-01-22 HTTP/1.1" 200 416
180.152.99.73 - - [22/Jan/2022:11:19:07 +0800] "GET /xingrg/check_reg.html?_=1642821544583 HTTP/1.1" 200 22
116.232.50.26 - - [22/Jan/2022:11:19:08 +0800] "POST /xingrg/kc/buy/cgsh_order_operate.html HTTP/1.1" 200 2065
58.39.168.32 - - [22/Jan/2022:11:19:08 +0800] "GET /xingrg/all/function/internal_message.html?_=1642821483237&CODE_STATE=getMsg HTTP/1.1" 200 27
114.95.98.1 - - [22/Jan/2022:11:19:09 +0800] "POST /xingrg/all/common/load_combo.html?type=base HTTP/1.1" 200 3233
222.70.178.207 - - [22/Jan/2022:11:19:11 +0800] "GET /xingrg/all/function/internal_message.html?_=1642821547736&CODE_STATE=getMsg HTTP/1.1" 200 27
116.232.50.26 - - [22/Jan/2022:11:19:11 +0800] "GET /xingrg/kc/buy/cgsh_order_operate.html?command=get_materiel&rest_code=00109&code=00101008197&supplier_code=00100005&order_time=2022-01-22 HTTP/1.1" 200 416
101.83.241.107 - - [22/Jan/2022:11:19:12 +0800] "GET /xingrg/kc/buy/cgsh_order_operate.html?command=get_materiel&rest_code=00149&code=00101016030&supplier_code=00100036&order_time=2022-01-22 HTTP/1.1" 200 412
180.169.147.146 - - [22/Jan/2022:11:19:14 +0800] "GET /xingrg/all/function/internal_message.html?_=1642821547473&CODE_STATE=getMsg HTTP/1.1" 200 27
116.232.50.26 - - [22/Jan/2022:11:19:16 +0800] "GET /xingrg/kc/buy/cgsh_order_operate.html?command=get_materiel&rest_code=00109&code=00101008558&supplier_code=00100005&order_time=2022-01-22 HTTP/1.1" 200 395
101.85.120.86 - - [22/Jan/2022:11:19:18 +0800] "GET /xingrg/all/function/internal_message.html?_=1642821554776&CODE_STATE=getMsg HTTP/1.1" 200 27
114.95.98.1 - - [22/Jan/2022:11:19:20 +0800] "GET /xingrg/javascript/auto/indicator.gif HTTP/1.1" 404 1066
101.83.241.107 - - [22/Jan/2022:11:19:21 +0800] "GET /xingrg/all/function/internal_message.html?_=1642821555127&CODE_STATE=getMsg HTTP/1.1" 200 27
101.83.241.107 - - [22/Jan/2022:11:19:22 +0800] "GET /xingrg/kc/buy/cgsh_order_operate.html?command=get_materiel&rest_code=00149&code=00101010092&supplier_code=00100036&order_time=2022-01-22 HTTP/1.1" 200 450
114.95.98.1 - - [22/Jan/2022:11:19:24 +0800] "GET /xingrg/kc/base/wldb_order_operate.html?command=get_materiel&rest_code=00102&base_code=0010476&code=00101013011 HTTP/1.1" 200 451
124.79.247.218 - - [22/Jan/2022:11:19:30 +0800] "GET /xingrg/all/function/internal_message.html?_=1642821708094&CODE_STATE=getMsg HTTP/1.1" 200 27
222.70.217.149 - - [22/Jan/2022:11:19:30 +0800] "GET /xingrg/all/function/internal_message.html?_=1642821554889&CODE_STATE=getMsg HTTP/1.1" 200 27
101.83.241.107 - - [22/Jan/2022:11:19:31 +0800] "GET /xingrg/kc/buy/cgsh_order_operate.html?command=get_materiel&rest_code=00149&code=00101010348&supplier_code=00100036&order_time=2022-01-22 HTTP/1.1" 200 417
180.169.147.146 - - [22/Jan/2022:11:19:32 +0800] "GET /xingrg/kc/buy/cgsh_order_operate.html?command=get_materiel&rest_code=00147&code=00101008190&supplier_code=00100006&order_time=2022-01-22 HTTP/1.1" 200 412
114.95.98.1 - - [22/Jan/2022:11:19:34 +0800] "POST /xingrg/kc/base/wldb_order_operate.html HTTP/1.1" 200 37
116.232.50.26 - - [22/Jan/2022:11:19:36 +0800] "GET /xingrg/kc/buy/cgsh_order_operate.html?command=get_materiel&rest_code=00109&code=00101008079&supplier_code=00100005&order_time=2022-01-22 HTTP/1.1" 200 416
114.95.98.1 - - [22/Jan/2022:11:19:36 +0800] "POST /xingrg/kc/base/wldb_order_operate.html HTTP/1.1" 200 12
114.95.98.1 - - [22/Jan/2022:11:19:37 +0800] "POST /xingrg/kc/base/wldb_order_operate.html HTTP/1.1" 200 2194
114.95.98.1 - - [22/Jan/2022:11:19:37 +0800] "GET /xingrg/kc/base/wldb_order_info.html?code=422022012202909 HTTP/1.1" 200 26148
180.157.251.97 - - [22/Jan/2022:11:19:38 +0800] "GET /xingrg/all/function/internal_message.html?_=1642821575494&CODE_STATE=getMsg HTTP/1.1" 200 27
114.95.98.1 - - [22/Jan/2022:11:19:38 +0800] "POST /xingrg/kc/base/wldb_order_operate.html HTTP/1.1" 200 488
114.95.98.1 - - [22/Jan/2022:11:19:38 +0800] "GET /xingrg/javascript/easyui/themes/default/validatebox.css HTTP/1.1" 404 1104
180.169.147.146 - - [22/Jan/2022:11:19:39 +0800] "GET /xingrg/kc/buy/cgsh_order_operate.html?command=get_materiel&rest_code=00147&code=00101008355&supplier_code=00100006&order_time=2022-01-22 HTTP/1.1" 200 408
116.232.50.26 - - [22/Jan/2022:11:19:40 +0800] "GET /xingrg/all/function/internal_message.html?_=1642821577781&CODE_STATE=getMsg HTTP/1.1" 200 27
114.95.98.1 - - [22/Jan/2022:11:19:42 +0800] "GET /xingrg/kc/base/wldb_order_add.html HTTP/1.1" 200 30270
114.95.98.1 - - [22/Jan/2022:11:19:43 +0800] "POST /xingrg/kc/base/wldb_order_operate.html HTTP/1.1" 200 6806
114.95.98.1 - - [22/Jan/2022:11:19:44 +0800] "GET /xingrg/javascript/easyui/themes/default/validatebox.css HTTP/1.1" 404 1104
180.169.147.146 - - [22/Jan/2022:11:19:44 +0800] "GET /xingrg/all/function/internal_message.html?_=1642821582785&CODE_STATE=getMsg HTTP/1.1" 200 27
180.169.147.146 - - [22/Jan/2022:11:19:44 +0800] "GET /xingrg/check_reg.html?_=1642821582787 HTTP/1.1" 200 22
116.232.50.26 - - [22/Jan/2022:11:19:44 +0800] "GET /xingrg/kc/buy/cgsh_order_operate.html?command=get_materiel&rest_code=00109&code=00101008027&supplier_code=00100005&order_time=2022-01-22 HTTP/1.1" 200 408
101.83.241.107 - - [22/Jan/2022:11:19:45 +0800] "GET /xingrg/kc/buy/cgsh_order_operate.html?command=get_materiel&rest_code=00149&code=00101012026&supplier_code=00100036&order_time=2022-01-22 HTTP/1.1" 200 408
114.95.98.1 - - [22/Jan/2022:11:19:45 +0800] "POST /xingrg/all/common/load_combo.html?type=base HTTP/1.1" 200 3233
180.169.147.146 - - [22/Jan/2022:11:19:46 +0800] "GET /xingrg/kc/buy/cgsh_order_operate.html?command=get_materiel&rest_code=00147&code=00101008356&supplier_code=00100006&order_time=2022-01-22 HTTP/1.1" 200 408
61.151.178.164 - - [22/Jan/2022:11:19:46 +0800] "GET /xingrg/kc/print/load_data.html?order_code=212022012211026&kc_code=cgsh HTTP/1.1" 302 -
180.157.251.97 - - [22/Jan/2022:11:19:47 +0800] "GET /xingrg/all/function/internal_message.html?_=1642821584629&CODE_STATE=getMsg HTTP/1.1" 200 27
61.151.178.164 - - [22/Jan/2022:11:19:48 +0800] "GET /xingrg/login.html HTTP/1.1" 200 7641
58.39.168.32 - - [22/Jan/2022:11:19:48 +0800] "GET /xingrg/all/function/internal_message.html?_=1642821586016&CODE_STATE=getMsg HTTP/1.1" 200 27
58.39.168.32 - - [22/Jan/2022:11:19:48 +0800] "GET /xingrg/check_reg.html?_=1642821586019 HTTP/1.1" 200 22
180.169.147.146 - - [22/Jan/2022:11:19:49 +0800] "GET /xingrg/check_reg.html?_=1642821585483 HTTP/1.1" 200 22
180.169.147.146 - - [22/Jan/2022:11:19:49 +0800] "GET /xingrg/all/function/internal_message.html?_=1642821585484&CODE_STATE=getMsg HTTP/1.1" 200 27
124.78.156.14 - - [22/Jan/2022:11:19:49 +0800] "GET /xingrg/all/function/internal_message.html?_=1642821583505&CODE_STATE=getMsg HTTP/1.1" 200 27
114.95.98.1 - - [22/Jan/2022:11:19:50 +0800] "POST /xingrg/all/common/load_combo.html?type=base HTTP/1.1" 200 3233
101.80.229.199 - - [22/Jan/2022:11:19:51 +0800] "GET /xingrg/all/function/internal_message.html?_=1642821587427&CODE_STATE=getMsg HTTP/1.1" 200 27
116.232.50.26 - - [22/Jan/2022:11:19:51 +0800] "GET /xingrg/kc/buy/cgsh_order_operate.html?command=get_materiel&rest_code=00109&code=00101008257&supplier_code=00100005&order_time=2022-01-22 HTTP/1.1" 200 416
124.78.156.14 - - [22/Jan/2022:11:19:51 +0800] "GET /xingrg/all/function/internal_message.html?_=1642821591774&CODE_STATE=getMsg HTTP/1.1" 200 27
180.169.147.146 - - [22/Jan/2022:11:19:52 +0800] "GET /xingrg/kc/buy/cgsh_order_operate.html?command=get_materiel&rest_code=00147&code=00101008063&supplier_code=00100006&order_time=2022-01-22 HTTP/1.1" 200 412
222.70.243.96 - - [22/Jan/2022:11:19:53 +0800] "GET /xingrg/check_reg.html?_=1642821602720 HTTP/1.1" 200 22
116.232.50.26 - - [22/Jan/2022:11:19:55 +0800] "POST /xingrg/services/DataTransmitService HTTP/1.1" 200 501
114.95.98.1 - - [22/Jan/2022:11:19:55 +0800] "GET /xingrg/kc/base/wldb_order_operate.html?command=get_materiel&rest_code=00102&base_code=0010476&code=00101013139 HTTP/1.1" 200 450
222.70.243.96 - - [22/Jan/2022:11:19:56 +0800] "GET /xingrg/all/function/internal_message.html?_=1642821605977&CODE_STATE=getMsg HTTP/1.1" 200 27
114.95.98.1 - - [22/Jan/2022:11:19:56 +0800] "GET /xingrg/all/function/internal_message.html?_=1642821614505&CODE_STATE=getMsg HTTP/1.1" 200 27
101.83.241.107 - - [22/Jan/2022:11:19:57 +0800] "POST /xingrg/kc/buy/cgsh_order_operate.html HTTP/1.1" 200 37
116.232.50.26 - - [22/Jan/2022:11:19:58 +0800] "GET /xingrg/kc/buy/cgsh_order_operate.html?command=get_materiel&rest_code=00109&code=00101008244&supplier_code=00100005&order_time=2022-01-22 HTTP/1.1" 200 408
180.169.147.146 - - [22/Jan/2022:11:19:58 +0800] "GET /xingrg/kc/buy/cgsh_order_operate.html?command=get_materiel&rest_code=00147&code=00101008251&supplier_code=00100006&order_time=2022-01-22 HTTP/1.1" 200 408
180.152.99.39 - - [22/Jan/2022:11:19:59 +0800] "GET /xingrg/check_reg.html?_=1642821527329 HTTP/1.1" 200 22
180.152.99.39 - - [22/Jan/2022:11:20:00 +0800] "GET /xingrg/all/function/internal_message.html?_=1642821528717&CODE_STATE=getMsg HTTP/1.1" 200 27
222.69.132.164 - - [22/Jan/2022:11:20:02 +0800] "GET /xingrg/all/function/internal_message.html?_=1642821651873&CODE_STATE=getMsg HTTP/1.1" 200 27
180.152.99.73 - - [22/Jan/2022:11:20:05 +0800] "GET /xingrg/all/function/internal_message.html?_=1642821603194&CODE_STATE=getMsg HTTP/1.1" 200 27
58.39.168.32 - - [22/Jan/2022:11:20:08 +0800] "GET /xingrg/all/function/internal_message.html?_=1642821543207&CODE_STATE=getMsg HTTP/1.1" 200 27
180.169.147.146 - - [22/Jan/2022:11:20:09 +0800] "GET /xingrg/kc/buy/cgsh_order_operate.html?command=get_materiel&rest_code=00147&code=00101008137&supplier_code=00100006&order_time=2022-01-22 HTTP/1.1" 200 408
116.232.50.26 - - [22/Jan/2022:11:20:09 +0800] "POST /xingrg/kc/buy/cgsh_order_operate.html HTTP/1.1" 200 2065
101.83.241.107 - - [22/Jan/2022:11:20:10 +0800] "POST /xingrg/kc/buy/cgsh_order_operate.html HTTP/1.1" 200 12
222.70.178.207 - - [22/Jan/2022:11:20:11 +0800] "GET /xingrg/all/function/internal_message.html?_=1642821607720&CODE_STATE=getMsg HTTP/1.1" 200 27
101.83.241.107 - - [22/Jan/2022:11:20:11 +0800] "GET /xingrg/kc/buy/cgsh_order_info.html?code=212022012211046 HTTP/1.1" 200 60413
101.83.241.107 - - [22/Jan/2022:11:20:12 +0800] "GET /xingrg/javascript/easyui/themes/default/validatebox.css HTTP/1.1" 404 1104
58.39.168.32 - - [22/Jan/2022:11:20:12 +0800] "GET /xingrg/check_reg.html?_=1642821546617 HTTP/1.1" 200 22
101.83.241.107 - - [22/Jan/2022:11:20:12 +0800] "POST /xingrg/kc/buy/cgsh_order_operate.html HTTP/1.1" 200 3578
101.83.241.107 - - [22/Jan/2022:11:20:13 +0800] "GET /xingrg/kc/print/load_data.html?order_code=212022012211046&kc_code=cgsh&condition= HTTP/1.1" 200 1917
180.169.147.146 - - [22/Jan/2022:11:20:14 +0800] "GET /xingrg/all/function/internal_message.html?_=1642821607465&CODE_STATE=getMsg HTTP/1.1" 200 27
180.169.147.146 - - [22/Jan/2022:11:20:14 +0800] "GET /xingrg/check_reg.html?_=1642821607595 HTTP/1.1" 200 22
180.169.147.146 - - [22/Jan/2022:11:20:16 +0800] "GET /xingrg/kc/buy/cgsh_order_operate.html?command=get_materiel&rest_code=00147&code=00101008360&supplier_code=00100006&order_time=2022-01-22 HTTP/1.1" 200 432
101.83.241.107 - - [22/Jan/2022:11:20:17 +0800] "GET /xingrg/kc/buy/cgsh_order_add.html HTTP/1.1" 200 65502
101.83.241.107 - - [22/Jan/2022:11:20:18 +0800] "POST /xingrg/kc/buy/cgsh_order_operate.html HTTP/1.1" 200 8245
101.83.241.107 - - [22/Jan/2022:11:20:18 +0800] "GET /xingrg/javascript/easyui/themes/default/validatebox.css HTTP/1.1" 404 1104
101.85.120.86 - - [22/Jan/2022:11:20:18 +0800] "GET /xingrg/check_reg.html?_=1642821614776 HTTP/1.1" 200 22
101.85.120.86 - - [22/Jan/2022:11:20:18 +0800] "GET /xingrg/all/function/internal_message.html?_=1642821614779&CODE_STATE=getMsg HTTP/1.1" 200 27
101.83.241.107 - - [22/Jan/2022:11:20:21 +0800] "GET /xingrg/all/function/internal_message.html?_=1642821615141&CODE_STATE=getMsg HTTP/1.1" 200 27
180.169.147.146 - - [22/Jan/2022:11:20:22 +0800] "GET /xingrg/kc/buy/cgsh_order_operate.html?command=get_materiel&rest_code=00147&code=00101008238&supplier_code=00100006&order_time=2022-01-22 HTTP/1.1" 200 416
101.83.241.107 - - [22/Jan/2022:11:20:23 +0800] "GET /xingrg/check_reg.html?_=1642821616701 HTTP/1.1" 200 22
58.39.168.32 - - [22/Jan/2022:11:20:28 +0800] "GET /xingrg/kc/base/wldb_order_operate.html?command=get_materiel&rest_code=00105&base_code=0010508&code=00102002439 HTTP/1.1" 200 458
222.70.217.149 - - [22/Jan/2022:11:20:30 +0800] "POST /xingrg/services/DataTransmitService HTTP/1.1" 200 524
222.70.217.149 - - [22/Jan/2022:11:20:30 +0800] "POST /xingrg/services/DataTransmitService HTTP/1.1" 200 412
124.79.247.218 - - [22/Jan/2022:11:20:30 +0800] "GET /xingrg/all/function/internal_message.html?_=1642821768094&CODE_STATE=getMsg HTTP/1.1" 200 27
222.70.217.149 - - [22/Jan/2022:11:20:30 +0800] "GET /xingrg/all/function/internal_message.html?_=1642821614871&CODE_STATE=getMsg HTTP/1.1" 200 27
180.169.147.146 - - [22/Jan/2022:11:20:31 +0800] "GET /xingrg/kc/buy/cgsh_order_operate.html?command=get_materiel&rest_code=00147&code=00101008543&supplier_code=00100006&order_time=2022-01-22 HTTP/1.1" 200 395
61.151.178.197 - - [22/Jan/2022:11:20:34 +0800] "GET /xingrg/kc/buy/cgsh_order_operate.html?command=get_materiel&rest_code=00106&code=00101008141&supplier_code=00100007&order_time=2022-01-22 HTTP/1.1" 302 -
61.151.178.197 - - [22/Jan/2022:11:20:35 +0800] "GET /xingrg/login.html HTTP/1.1" 200 7641
180.157.251.97 - - [22/Jan/2022:11:20:38 +0800] "GET /xingrg/all/function/internal_message.html?_=1642821635495&CODE_STATE=getMsg HTTP/1.1" 200 27
116.232.50.26 - - [22/Jan/2022:11:20:38 +0800] "GET /xingrg/kc/buy/cgsh_order_operate.html?command=get_materiel&rest_code=00109&code=00101008354&supplier_code=00100005&order_time=2022-01-22 HTTP/1.1" 200 412
116.232.50.26 - - [22/Jan/2022:11:20:40 +0800] "GET /xingrg/all/function/internal_message.html?_=1642821637783&CODE_STATE=getMsg HTTP/1.1" 200 27
180.169.147.146 - - [22/Jan/2022:11:20:42 +0800] "GET /xingrg/kc/buy/cgsh_order_operate.html?command=get_materiel&rest_code=00147&code=00101008079&supplier_code=00100006&order_time=2022-01-22 HTTP/1.1" 200 416
101.83.241.107 - - [22/Jan/2022:11:20:43 +0800] "GET /xingrg/kc/buy/cgsh_order_operate.html?command=get_materiel&rest_code=00149&code=00101006144&supplier_code=00100012&order_time=2022-01-22 HTTP/1.1" 200 409
180.169.147.146 - - [22/Jan/2022:11:20:44 +0800] "GET /xingrg/all/function/internal_message.html?_=1642821642787&CODE_STATE=getMsg HTTP/1.1" 200 27
180.157.251.97 - - [22/Jan/2022:11:20:47 +0800] "GET /xingrg/all/function/internal_message.html?_=1642821644629&CODE_STATE=getMsg HTTP/1.1" 200 27
58.39.168.32 - - [22/Jan/2022:11:20:48 +0800] "GET /xingrg/all/function/internal_message.html?_=1642821646018&CODE_STATE=getMsg HTTP/1.1" 200 27
180.169.147.146 - - [22/Jan/2022:11:20:49 +0800] "GET /xingrg/all/function/internal_message.html?_=1642821645476&CODE_STATE=getMsg HTTP/1.1" 200 27
124.78.156.14 - - [22/Jan/2022:11:20:49 +0800] "GET /xingrg/all/function/internal_message.html?_=1642821643488&CODE_STATE=getMsg HTTP/1.1" 200 27
180.169.147.146 - - [22/Jan/2022:11:20:50 +0800] "GET /xingrg/kc/buy/cgsh_order_operate.html?command=get_materiel&rest_code=00147&code=00101008069&supplier_code=00100006&order_time=2022-01-22 HTTP/1.1" 200 412
101.80.229.199 - - [22/Jan/2022:11:20:51 +0800] "GET /xingrg/all/function/internal_message.html?_=1642821647412&CODE_STATE=getMsg HTTP/1.1" 200 27
124.78.156.14 - - [22/Jan/2022:11:20:51 +0800] "GET /xingrg/all/function/internal_message.html?_=1642821651775&CODE_STATE=getMsg HTTP/1.1" 200 27
116.232.50.26 - - [22/Jan/2022:11:20:51 +0800] "GET /xingrg/kc/buy/cgsh_order_operate.html?command=get_materiel&rest_code=00109&code=00101008653&supplier_code=00100005&order_time=2022-01-22 HTTP/1.1" 200 402
222.70.243.96 - - [22/Jan/2022:11:20:56 +0800] "GET /xingrg/all/function/internal_message.html?_=1642821665992&CODE_STATE=getMsg HTTP/1.1" 200 27
114.95.98.1 - - [22/Jan/2022:11:20:56 +0800] "GET /xingrg/all/function/internal_message.html?_=1642821674513&CODE_STATE=getMsg HTTP/1.1" 200 27
180.169.147.146 - - [22/Jan/2022:11:21:00 +0800] "GET /xingrg/kc/buy/cgsh_order_operate.html?command=get_materiel&rest_code=00147&code=00101008036&supplier_code=00100006&order_time=2022-01-22 HTTP/1.1" 200 408
180.152.99.39 - - [22/Jan/2022:11:21:00 +0800] "GET /xingrg/all/function/internal_message.html?_=1642821588730&CODE_STATE=getMsg HTTP/1.1" 200 27
222.69.132.164 - - [22/Jan/2022:11:21:02 +0800] "GET /xingrg/all/function/internal_message.html?_=1642821711873&CODE_STATE=getMsg HTTP/1.1" 200 27
114.95.98.1 - - [22/Jan/2022:11:21:05 +0800] "GET /xingrg/kc/base/wldb_order_operate.html?command=get_materiel&rest_code=00102&base_code=0010476&code=00101019084 HTTP/1.1" 200 473
180.152.99.73 - - [22/Jan/2022:11:21:05 +0800] "GET /xingrg/all/function/internal_message.html?_=1642821663164&CODE_STATE=getMsg HTTP/1.1" 200 27
180.169.147.146 - - [22/Jan/2022:11:21:07 +0800] "GET /xingrg/kc/buy/cgsh_order_operate.html?command=get_materiel&rest_code=00147&code=00101008286&supplier_code=00100006&order_time=2022-01-22 HTTP/1.1" 200 427
58.39.168.32 - - [22/Jan/2022:11:21:09 +0800] "GET /xingrg/all/function/internal_message.html?_=1642821603898&CODE_STATE=getMsg HTTP/1.1" 200 27
114.95.98.1 - - [22/Jan/2022:11:21:10 +0800] "GET /xingrg/kc/base/wldb_order_operate.html?command=get_materiel&rest_code=00102&base_code=0010476&code=00101016049 HTTP/1.1" 200 445
222.70.178.207 - - [22/Jan/2022:11:21:11 +0800] "GET /xingrg/all/function/internal_message.html?_=1642821667704&CODE_STATE=getMsg HTTP/1.1" 200 27
222.70.178.207 - - [22/Jan/2022:11:21:13 +0800] "GET /xingrg/check_reg.html?_=1642821669435 HTTP/1.1" 200 22
180.169.147.146 - - [22/Jan/2022:11:21:13 +0800] "GET /xingrg/kc/buy/cgsh_order_operate.html?command=get_materiel&rest_code=00147&code=00101008131&supplier_code=00100006&order_time=2022-01-22 HTTP/1.1" 200 408
180.169.147.146 - - [22/Jan/2022:11:21:14 +0800] "GET /xingrg/all/function/internal_message.html?_=1642821667439&CODE_STATE=getMsg HTTP/1.1" 200 27
180.169.147.146 - - [22/Jan/2022:11:21:15 +0800] "POST /xingrg/kc/buy/cgsh_order_operate.html HTTP/1.1" 200 2065
116.232.50.26 - - [22/Jan/2022:11:21:17 +0800] "GET /xingrg/kc/buy/cgsh_order_operate.html?command=get_materiel&rest_code=00109&code=00101008290&supplier_code=00100005&order_time=2022-01-22 HTTP/1.1" 200 416
114.95.98.1 - - [22/Jan/2022:11:21:17 +0800] "POST /xingrg/kc/base/wldb_order_operate.html HTTP/1.1" 200 37
101.85.120.86 - - [22/Jan/2022:11:21:18 +0800] "GET /xingrg/all/function/internal_message.html?_=1642821674777&CODE_STATE=getMsg HTTP/1.1" 200 27
114.95.98.1 - - [22/Jan/2022:11:21:20 +0800] "POST /xingrg/kc/base/wldb_order_operate.html HTTP/1.1" 200 12
114.95.98.1 - - [22/Jan/2022:11:21:20 +0800] "POST /xingrg/kc/base/wldb_order_operate.html HTTP/1.1" 200 3181
180.169.147.146 - - [22/Jan/2022:11:21:20 +0800] "GET /xingrg/kc/buy/cgsh_order_operate.html?command=get_materiel&rest_code=00147&code=00101008296&supplier_code=00100006&order_time=2022-01-22 HTTP/1.1" 200 416
101.83.241.107 - - [22/Jan/2022:11:21:21 +0800] "GET /xingrg/all/function/internal_message.html?_=1642821675114&CODE_STATE=getMsg HTTP/1.1" 200 27
114.95.98.1 - - [22/Jan/2022:11:21:22 +0800] "GET /xingrg/kc/base/wldb_order_info.html?code=422022012202910 HTTP/1.1" 200 26147
116.232.50.26 - - [22/Jan/2022:11:21:24 +0800] "GET /xingrg/kc/buy/cgsh_order_operate.html?command=get_materiel&rest_code=00109&code=00101008242&supplier_code=00100005&order_time=2022-01-22 HTTP/1.1" 200 408
114.95.98.1 - - [22/Jan/2022:11:21:24 +0800] "POST /xingrg/kc/base/wldb_order_operate.html HTTP/1.1" 200 1455
114.95.98.1 - - [22/Jan/2022:11:21:24 +0800] "GET /xingrg/javascript/easyui/themes/default/validatebox.css HTTP/1.1" 404 1104
114.95.98.1 - - [22/Jan/2022:11:21:27 +0800] "GET /xingrg/kc/base/wldb_order_add.html HTTP/1.1" 200 30270
114.95.98.1 - - [22/Jan/2022:11:21:28 +0800] "POST /xingrg/kc/base/wldb_order_operate.html HTTP/1.1" 200 6806
180.169.147.146 - - [22/Jan/2022:11:21:28 +0800] "GET /xingrg/kc/buy/cgsh_order_operate.html?command=get_materiel&rest_code=00147&code=00101008318&supplier_code=00100006&order_time=2022-01-22 HTTP/1.1" 200 408
114.95.98.1 - - [22/Jan/2022:11:21:29 +0800] "GET /xingrg/javascript/easyui/themes/default/validatebox.css HTTP/1.1" 404 1104
114.95.98.1 - - [22/Jan/2022:11:21:29 +0800] "POST /xingrg/all/common/load_combo.html?type=base HTTP/1.1" 200 3233
124.79.247.218 - - [22/Jan/2022:11:21:30 +0800] "GET /xingrg/check_reg.html?_=1642821828111 HTTP/1.1" 200 22
124.79.247.218 - - [22/Jan/2022:11:21:30 +0800] "GET /xingrg/all/function/internal_message.html?_=1642821828109&CODE_STATE=getMsg HTTP/1.1" 200 27
222.70.217.149 - - [22/Jan/2022:11:21:30 +0800] "GET /xingrg/all/function/internal_message.html?_=1642821674845&CODE_STATE=getMsg HTTP/1.1" 200 27
116.232.50.26 - - [22/Jan/2022:11:21:31 +0800] "GET /xingrg/kc/buy/cgsh_order_operate.html?command=get_materiel&rest_code=00109&code=00101015012&supplier_code=00100005&order_time=2022-01-22 HTTP/1.1" 200 412
114.95.98.1 - - [22/Jan/2022:11:21:32 +0800] "POST /xingrg/all/common/load_combo.html?type=base HTTP/1.1" 200 3233
116.232.50.26 - - [22/Jan/2022:11:21:34 +0800] "POST /xingrg/kc/buy/cgsh_order_operate.html HTTP/1.1" 200 2065
180.169.147.146 - - [22/Jan/2022:11:21:36 +0800] "GET /xingrg/kc/buy/cgsh_order_operate.html?command=get_materiel&rest_code=00147&code=00101008005&supplier_code=00100006&order_time=2022-01-22 HTTP/1.1" 200 412
180.157.251.97 - - [22/Jan/2022:11:21:38 +0800] "GET /xingrg/all/function/internal_message.html?_=1642821695496&CODE_STATE=getMsg HTTP/1.1" 200 27
114.95.98.1 - - [22/Jan/2022:11:21:39 +0800] "GET /xingrg/kc/base/wldb_order_operate.html?command=get_materiel&rest_code=00102&base_code=0010476&code=00101019071 HTTP/1.1" 200 455
116.232.50.26 - - [22/Jan/2022:11:21:42 +0800] "GET /xingrg/kc/buy/cgsh_order_operate.html?command=get_materiel&rest_code=00109&code=00101008283&supplier_code=00100005&order_time=2022-01-22 HTTP/1.1" 200 408
116.232.50.26 - - [22/Jan/2022:11:21:42 +0800] "GET /xingrg/all/function/internal_message.html?_=1642821697785&CODE_STATE=getMsg HTTP/1.1" 200 27
180.169.147.146 - - [22/Jan/2022:11:21:44 +0800] "GET /xingrg/kc/buy/cgsh_order_operate.html?command=get_materiel&rest_code=00147&code=00101008353&supplier_code=00100006&order_time=2022-01-22 HTTP/1.1" 200 408
180.169.147.146 - - [22/Jan/2022:11:21:44 +0800] "GET /xingrg/all/function/internal_message.html?_=1642821702789&CODE_STATE=getMsg HTTP/1.1" 200 27
114.95.98.1 - - [22/Jan/2022:11:21:45 +0800] "POST /xingrg/kc/base/wldb_order_operate.html HTTP/1.1" 200 37
180.157.251.97 - - [22/Jan/2022:11:21:47 +0800] "GET /xingrg/all/function/internal_message.html?_=1642821704664&CODE_STATE=getMsg HTTP/1.1" 200 27
114.95.98.1 - - [22/Jan/2022:11:21:48 +0800] "POST /xingrg/kc/base/wldb_order_operate.html HTTP/1.1" 200 12
114.95.98.1 - - [22/Jan/2022:11:21:48 +0800] "POST /xingrg/kc/base/wldb_order_operate.html HTTP/1.1" 200 2210
58.39.168.32 - - [22/Jan/2022:11:21:48 +0800] "GET /xingrg/all/function/internal_message.html?_=1642821706019&CODE_STATE=getMsg HTTP/1.1" 200 27
180.169.147.146 - - [22/Jan/2022:11:21:49 +0800] "GET /xingrg/all/function/internal_message.html?_=1642821705477&CODE_STATE=getMsg HTTP/1.1" 200 27
116.232.50.26 - - [22/Jan/2022:11:21:49 +0800] "GET /xingrg/kc/buy/cgsh_order_operate.html?command=get_materiel&rest_code=00109&code=00101008225&supplier_code=00100005&order_time=2022-01-22 HTTP/1.1" 200 416
124.78.156.14 - - [22/Jan/2022:11:21:49 +0800] "GET /xingrg/all/function/internal_message.html?_=1642821703463&CODE_STATE=getMsg HTTP/1.1" 200 27
180.169.147.146 - - [22/Jan/2022:11:21:51 +0800] "GET /xingrg/kc/buy/cgsh_order_operate.html?command=get_materiel&rest_code=00147&code=00101015038&supplier_code=00100006&order_time=2022-01-22 HTTP/1.1" 200 418
101.80.229.199 - - [22/Jan/2022:11:21:51 +0800] "GET /xingrg/all/function/internal_message.html?_=1642821707397&CODE_STATE=getMsg HTTP/1.1" 200 27
124.78.156.14 - - [22/Jan/2022:11:21:51 +0800] "GET /xingrg/all/function/internal_message.html?_=1642821711775&CODE_STATE=getMsg HTTP/1.1" 200 27
114.95.98.1 - - [22/Jan/2022:11:21:51 +0800] "GET /xingrg/kc/base/wldb_order_info.html?code=422022012202911 HTTP/1.1" 200 26143
180.169.147.146 - - [22/Jan/2022:11:21:52 +0800] "POST /xingrg/kc/buy/cgsh_order_operate.html HTTP/1.1" 200 2065
114.95.98.1 - - [22/Jan/2022:11:21:53 +0800] "POST /xingrg/kc/base/wldb_order_operate.html HTTP/1.1" 200 504
114.95.98.1 - - [22/Jan/2022:11:21:53 +0800] "GET /xingrg/javascript/easyui/themes/default/validatebox.css HTTP/1.1" 404 1104
222.70.243.96 - - [22/Jan/2022:11:21:56 +0800] "GET /xingrg/all/function/internal_message.html?_=1642821726244&CODE_STATE=getMsg HTTP/1.1" 200 27
114.95.98.1 - - [22/Jan/2022:11:21:56 +0800] "GET /xingrg/all/function/internal_message.html?_=1642821734526&CODE_STATE=getMsg HTTP/1.1" 200 27
116.232.50.26 - - [22/Jan/2022:11:21:56 +0800] "GET /xingrg/kc/buy/cgsh_order_operate.html?command=get_materiel&rest_code=00109&code=00101008003&supplier_code=00100005&order_time=2022-01-22 HTTP/1.1" 200 408
180.169.147.146 - - [22/Jan/2022:11:21:59 +0800] "GET /xingrg/kc/buy/cgsh_order_operate.html?command=get_materiel&rest_code=00147&code=00101008588&supplier_code=00100006&order_time=2022-01-22 HTTP/1.1" 200 392
180.152.99.39 - - [22/Jan/2022:11:22:00 +0800] "GET /xingrg/all/function/internal_message.html?_=1642821648744&CODE_STATE=getMsg HTTP/1.1" 200 27
114.95.98.1 - - [22/Jan/2022:11:22:01 +0800] "GET /xingrg/javascript/jquery_easy_ui/themes/default/images/tabs_active.png HTTP/1.1" 304 -
222.69.132.164 - - [22/Jan/2022:11:22:02 +0800] "GET /xingrg/all/function/internal_message.html?_=1642821771870&CODE_STATE=getMsg HTTP/1.1" 200 27
116.232.50.26 - - [22/Jan/2022:11:22:03 +0800] "GET /xingrg/kc/buy/cgsh_order_operate.html?command=get_materiel&rest_code=00109&code=00101008361&supplier_code=00100005&order_time=2022-01-22 HTTP/1.1" 200 408
180.152.99.73 - - [22/Jan/2022:11:22:05 +0800] "GET /xingrg/all/function/internal_message.html?_=1642821723149&CODE_STATE=getMsg HTTP/1.1" 200 27
180.169.147.146 - - [22/Jan/2022:11:22:06 +0800] "GET /xingrg/kc/buy/cgsh_order_operate.html?command=get_materiel&rest_code=00147&code=00101008096&supplier_code=00100006&order_time=2022-01-22 HTTP/1.1" 200 413
58.39.168.32 - - [22/Jan/2022:11:22:09 +0800] "GET /xingrg/all/function/internal_message.html?_=1642821663877&CODE_STATE=getMsg HTTP/1.1" 200 27
222.70.178.207 - - [22/Jan/2022:11:22:11 +0800] "GET /xingrg/all/function/internal_message.html?_=1642821727686&CODE_STATE=getMsg HTTP/1.1" 200 27
180.169.147.146 - - [22/Jan/2022:11:22:13 +0800] "GET /xingrg/kc/buy/cgsh_order_operate.html?command=get_materiel&rest_code=00147&code=00101008010&supplier_code=00100006&order_time=2022-01-22 HTTP/1.1" 200 412
180.169.147.146 - - [22/Jan/2022:11:22:14 +0800] "GET /xingrg/all/function/internal_message.html?_=1642821727414&CODE_STATE=getMsg HTTP/1.1" 200 27
116.232.50.26 - - [22/Jan/2022:11:22:15 +0800] "GET /xingrg/kc/buy/cgsh_order_operate.html?command=get_materiel&rest_code=00109&code=00101008356&supplier_code=00100005&order_time=2022-01-22 HTTP/1.1" 200 408
116.232.50.26 - - [22/Jan/2022:11:22:17 +0800] "POST /xingrg/kc/buy/cgsh_order_operate.html HTTP/1.1" 200 2065
101.85.120.86 - - [22/Jan/2022:11:22:18 +0800] "GET /xingrg/all/function/internal_message.html?_=1642821734777&CODE_STATE=getMsg HTTP/1.1" 200 27
180.169.147.146 - - [22/Jan/2022:11:22:20 +0800] "GET /xingrg/kc/buy/cgsh_order_operate.html?command=get_materiel&rest_code=00147&code=00101008312&supplier_code=00100006&order_time=2022-01-22 HTTP/1.1" 200 412
101.83.241.107 - - [22/Jan/2022:11:22:21 +0800] "GET /xingrg/all/function/internal_message.html?_=1642821735089&CODE_STATE=getMsg HTTP/1.1" 200 27
116.232.50.26 - - [22/Jan/2022:11:22:23 +0800] "GET /xingrg/kc/buy/cgsh_order_operate.html?command=get_materiel&rest_code=00109&code=00101008251&supplier_code=00100005&order_time=2022-01-22 HTTP/1.1" 200 408
101.83.241.107 - - [22/Jan/2022:11:22:26 +0800] "GET /xingrg/kc/buy/cgsh_order_operate.html?command=get_materiel&rest_code=00149&code=00101006109&supplier_code=00100012&order_time=2022-01-22 HTTP/1.1" 200 409
116.232.50.26 - - [22/Jan/2022:11:22:30 +0800] "GET /xingrg/kc/buy/cgsh_order_operate.html?command=get_materiel&rest_code=00109&code=00101008403&supplier_code=00100005&order_time=2022-01-22 HTTP/1.1" 200 412
180.169.147.146 - - [22/Jan/2022:11:22:30 +0800] "GET /xingrg/kc/buy/cgsh_order_operate.html?command=get_materiel&rest_code=00147&code=00101008242&supplier_code=00100006&order_time=2022-01-22 HTTP/1.1" 200 408
124.79.247.218 - - [22/Jan/2022:11:22:30 +0800] "GET /xingrg/all/function/internal_message.html?_=1642821888108&CODE_STATE=getMsg HTTP/1.1" 200 27
222.70.217.149 - - [22/Jan/2022:11:22:30 +0800] "GET /xingrg/all/function/internal_message.html?_=1642821734819&CODE_STATE=getMsg HTTP/1.1" 200 27
180.169.147.146 - - [22/Jan/2022:11:22:33 +0800] "POST /xingrg/kc/buy/cgsh_order_operate.html HTTP/1.1" 200 2065
101.91.62.89 - - [22/Jan/2022:11:22:36 +0800] "GET /xingrg/kc/buy/cgsh_order_operate.html?command=get_materiel&rest_code=00106&code=00101008190&supplier_code=00100007&order_time=2022-01-22 HTTP/1.1" 302 -
101.91.62.89 - - [22/Jan/2022:11:22:37 +0800] "GET /xingrg/login.html HTTP/1.1" 200 7641
116.232.50.26 - - [22/Jan/2022:11:22:38 +0800] "GET /xingrg/kc/buy/cgsh_order_operate.html?command=get_materiel&rest_code=00109&code=00101008103&supplier_code=00100005&order_time=2022-01-22 HTTP/1.1" 200 417
180.157.251.97 - - [22/Jan/2022:11:22:38 +0800] "GET /xingrg/all/function/internal_message.html?_=1642821755497&CODE_STATE=getMsg HTTP/1.1" 200 27
58.39.168.32 - - [22/Jan/2022:11:22:40 +0800] "GET /xingrg/kc/base/wldb_order_operate.html?command=get_materiel&rest_code=00105&base_code=0010508&code=00102002526 HTTP/1.1" 200 433
101.83.241.107 - - [22/Jan/2022:11:22:40 +0800] "GET /xingrg/kc/buy/cgsh_order_operate.html?command=get_materiel&rest_code=00149&code=00101006112&supplier_code=00100012&order_time=2022-01-22 HTTP/1.1" 200 409
180.169.147.146 - - [22/Jan/2022:11:22:40 +0800] "GET /xingrg/kc/buy/cgsh_order_operate.html?command=get_materiel&rest_code=00147&code=00101008229&supplier_code=00100006&order_time=2022-01-22 HTTP/1.1" 200 420
116.232.50.26 - - [22/Jan/2022:11:22:40 +0800] "GET /xingrg/check_reg.html?_=1642821757793 HTTP/1.1" 200 22
116.232.50.26 - - [22/Jan/2022:11:22:40 +0800] "GET /xingrg/all/function/internal_message.html?_=1642821757790&CODE_STATE=getMsg HTTP/1.1" 200 27
101.89.19.197 - - [22/Jan/2022:11:22:42 +0800] "GET /xingrg/all/function/internal_message.html?_=1642820743812&CODE_STATE=getMsg HTTP/1.1" 302 -
101.89.19.197 - - [22/Jan/2022:11:22:43 +0800] "GET /xingrg/login.html HTTP/1.1" 200 7641
180.169.147.146 - - [22/Jan/2022:11:22:44 +0800] "GET /xingrg/all/function/internal_message.html?_=1642821762789&CODE_STATE=getMsg HTTP/1.1" 200 27
116.232.50.26 - - [22/Jan/2022:11:22:44 +0800] "GET /xingrg/kc/buy/cgsh_order_operate.html?command=get_materiel&rest_code=00109&code=00101008277&supplier_code=00100005&order_time=2022-01-22 HTTP/1.1" 200 412
180.157.251.97 - - [22/Jan/2022:11:22:47 +0800] "GET /xingrg/check_reg.html?_=1642821764652 HTTP/1.1" 200 22
180.157.251.97 - - [22/Jan/2022:11:22:47 +0800] "GET /xingrg/all/function/internal_message.html?_=1642821764654&CODE_STATE=getMsg HTTP/1.1" 200 27
58.39.168.32 - - [22/Jan/2022:11:22:48 +0800] "GET /xingrg/all/function/internal_message.html?_=1642821766018&CODE_STATE=getMsg HTTP/1.1" 200 27
180.169.147.146 - - [22/Jan/2022:11:22:48 +0800] "GET /xingrg/kc/buy/cgsh_order_operate.html?command=get_materiel&rest_code=00147&code=00101008213&supplier_code=00100006&order_time=2022-01-22 HTTP/1.1" 200 412
180.169.147.146 - - [22/Jan/2022:11:22:49 +0800] "GET /xingrg/all/function/internal_message.html?_=1642821765470&CODE_STATE=getMsg HTTP/1.1" 200 27
124.78.156.14 - - [22/Jan/2022:11:22:49 +0800] "GET /xingrg/check_reg.html?_=1642821763029 HTTP/1.1" 200 22
124.78.156.14 - - [22/Jan/2022:11:22:49 +0800] "GET /xingrg/all/function/internal_message.html?_=1642821763433&CODE_STATE=getMsg HTTP/1.1" 200 27
101.80.229.199 - - [22/Jan/2022:11:22:51 +0800] "GET /xingrg/all/function/internal_message.html?_=1642821767367&CODE_STATE=getMsg HTTP/1.1" 200 27
124.78.156.14 - - [22/Jan/2022:11:22:51 +0800] "GET /xingrg/all/function/internal_message.html?_=1642821771776&CODE_STATE=getMsg HTTP/1.1" 200 27
116.232.50.26 - - [22/Jan/2022:11:22:53 +0800] "GET /xingrg/kc/buy/cgsh_order_operate.html?command=get_materiel&rest_code=00109&code=00101008357&supplier_code=00100005&order_time=2022-01-22 HTTP/1.1" 200 408
222.70.243.96 - - [22/Jan/2022:11:22:56 +0800] "GET /xingrg/all/function/internal_message.html?_=1642821786252&CODE_STATE=getMsg HTTP/1.1" 200 27
180.169.147.146 - - [22/Jan/2022:11:22:56 +0800] "GET /xingrg/kc/buy/cgsh_order_operate.html?command=get_materiel&rest_code=00147&code=00101008095&supplier_code=00100006&order_time=2022-01-22 HTTP/1.1" 200 412
116.232.50.26 - - [22/Jan/2022:11:22:57 +0800] "POST /xingrg/kc/buy/cgsh_order_operate.html HTTP/1.1" 200 2065
114.95.98.1 - - [22/Jan/2022:11:22:59 +0800] "GET /xingrg/all/function/internal_message.html?_=1642821794540&CODE_STATE=getMsg HTTP/1.1" 200 27
101.83.241.107 - - [22/Jan/2022:11:22:59 +0800] "GET /xingrg/kc/buy/cgsh_order_operate.html?command=get_materiel&rest_code=00149&code=00101006055&supplier_code=00100012&order_time=2022-01-22 HTTP/1.1" 200 409
180.152.99.39 - - [22/Jan/2022:11:23:00 +0800] "GET /xingrg/all/function/internal_message.html?_=1642821708896&CODE_STATE=getMsg HTTP/1.1" 200 27
116.232.50.26 - - [22/Jan/2022:11:23:01 +0800] "GET /xingrg/kc/buy/cgsh_order_operate.html?command=get_materiel&rest_code=00109&code=00101008069&supplier_code=00100005&order_time=2022-01-22 HTTP/1.1" 200 412
222.69.132.164 - - [22/Jan/2022:11:23:02 +0800] "GET /xingrg/all/function/internal_message.html?_=1642821831880&CODE_STATE=getMsg HTTP/1.1" 200 27
222.69.132.164 - - [22/Jan/2022:11:23:02 +0800] "GET /xingrg/check_reg.html?_=1642821831884 HTTP/1.1" 200 22
180.152.99.73 - - [22/Jan/2022:11:23:05 +0800] "GET /xingrg/all/function/internal_message.html?_=1642821783119&CODE_STATE=getMsg HTTP/1.1" 200 27
180.169.147.146 - - [22/Jan/2022:11:23:05 +0800] "GET /xingrg/kc/buy/cgsh_order_operate.html?command=get_materiel&rest_code=00147&code=00101008478&supplier_code=00100006&order_time=2022-01-22 HTTP/1.1" 200 398
61.151.207.205 - - [22/Jan/2022:11:23:08 +0800] "GET /xingrg/kc/buy/cgsh_order_operate.html?command=get_materiel&rest_code=00106&code=00101008131&supplier_code=00100007&order_time=2022-01-22 HTTP/1.1" 302 -
101.80.229.199 - - [22/Jan/2022:11:23:08 +0800] "GET /xingrg/check_reg.html?_=1642821785056 HTTP/1.1" 200 22
58.39.168.32 - - [22/Jan/2022:11:23:09 +0800] "GET /xingrg/all/function/internal_message.html?_=1642821723849&CODE_STATE=getMsg HTTP/1.1" 200 27
61.151.207.205 - - [22/Jan/2022:11:23:10 +0800] "GET /xingrg/login.html HTTP/1.1" 200 7641
222.70.178.207 - - [22/Jan/2022:11:23:11 +0800] "GET /xingrg/all/function/internal_message.html?_=1642821787670&CODE_STATE=getMsg HTTP/1.1" 200 27
180.169.147.146 - - [22/Jan/2022:11:23:12 +0800] "GET /xingrg/kc/buy/cgsh_order_operate.html?command=get_materiel&rest_code=00147&code=00101008361&supplier_code=00100006&order_time=2022-01-22 HTTP/1.1" 200 408
180.169.147.146 - - [22/Jan/2022:11:23:14 +0800] "GET /xingrg/all/function/internal_message.html?_=1642821787501&CODE_STATE=getMsg HTTP/1.1" 200 27
180.169.147.146 - - [22/Jan/2022:11:23:14 +0800] "POST /xingrg/kc/buy/cgsh_order_operate.html HTTP/1.1" 200 2065
116.232.50.26 - - [22/Jan/2022:11:23:16 +0800] "GET /xingrg/kc/buy/cgsh_order_operate.html?command=get_materiel&rest_code=00109&code=00101008286&supplier_code=00100005&order_time=2022-01-22 HTTP/1.1" 200 427
101.85.120.86 - - [22/Jan/2022:11:23:18 +0800] "GET /xingrg/all/function/internal_message.html?_=1642821794771&CODE_STATE=getMsg HTTP/1.1" 200 27
101.83.241.107 - - [22/Jan/2022:11:23:21 +0800] "GET /xingrg/all/function/internal_message.html?_=1642821795088&CODE_STATE=getMsg HTTP/1.1" 200 27
222.70.217.149 - - [22/Jan/2022:11:23:23 +0800] "GET /xingrg/check_reg.html?_=1642821787202 HTTP/1.1" 200 22
180.169.147.146 - - [22/Jan/2022:11:23:26 +0800] "GET /xingrg/kc/buy/cgsh_order_operate.html?command=get_materiel&rest_code=00147&code=00101008152&supplier_code=00100006&order_time=2022-01-22 HTTP/1.1" 200 408
101.83.241.107 - - [22/Jan/2022:11:23:27 +0800] "GET /xingrg/kc/buy/cgsh_order_operate.html?command=get_materiel&rest_code=00149&code=00101006130&supplier_code=00100012&order_time=2022-01-22 HTTP/1.1" 200 448
116.232.50.26 - - [22/Jan/2022:11:23:28 +0800] "GET /xingrg/kc/buy/cgsh_order_operate.html?command=get_materiel&rest_code=00109&code=00101008131&supplier_code=00100005&order_time=2022-01-22 HTTP/1.1" 200 408
124.79.247.218 - - [22/Jan/2022:11:23:30 +0800] "GET /xingrg/all/function/internal_message.html?_=1642821948106&CODE_STATE=getMsg HTTP/1.1" 200 27
222.70.217.149 - - [22/Jan/2022:11:23:30 +0800] "GET /xingrg/all/function/internal_message.html?_=1642821794806&CODE_STATE=getMsg HTTP/1.1" 200 27
180.169.147.146 - - [22/Jan/2022:11:23:34 +0800] "GET /xingrg/kc/buy/cgsh_order_operate.html?command=get_materiel&rest_code=00147&code=00101008370&supplier_code=00100006&order_time=2022-01-22 HTTP/1.1" 200 412
180.157.251.97 - - [22/Jan/2022:11:23:38 +0800] "GET /xingrg/all/function/internal_message.html?_=1642821815498&CODE_STATE=getMsg HTTP/1.1" 200 27
180.157.251.97 - - [22/Jan/2022:11:23:38 +0800] "GET /xingrg/check_reg.html?_=1642821815501 HTTP/1.1" 200 22
101.91.60.88 - - [22/Jan/2022:11:23:39 +0800] "GET /xingrg/check_reg.html?_=1642820263013 HTTP/1.1" 302 -
101.91.60.88 - - [22/Jan/2022:11:23:39 +0800] "GET /xingrg/login.html HTTP/1.1" 200 7641
101.83.241.107 - - [22/Jan/2022:11:23:41 +0800] "GET /xingrg/kc/buy/cgsh_order_operate.html?command=get_materiel&rest_code=00149&code=00101006229&supplier_code=00100012&order_time=2022-01-22 HTTP/1.1" 200 412
116.232.50.26 - - [22/Jan/2022:11:23:42 +0800] "GET /xingrg/all/function/internal_message.html?_=1642821817789&CODE_STATE=getMsg HTTP/1.1" 200 27
180.169.147.146 - - [22/Jan/2022:11:23:44 +0800] "GET /xingrg/all/function/internal_message.html?_=1642821822791&CODE_STATE=getMsg HTTP/1.1" 200 27
180.169.147.146 - - [22/Jan/2022:11:23:46 +0800] "GET /xingrg/kc/buy/cgsh_order_operate.html?command=get_materiel&rest_code=00147&code=00101008321&supplier_code=00100006&order_time=2022-01-22 HTTP/1.1" 200 412
180.157.251.97 - - [22/Jan/2022:11:23:47 +0800] "GET /xingrg/all/function/internal_message.html?_=1642821824662&CODE_STATE=getMsg HTTP/1.1" 200 27
116.232.50.26 - - [22/Jan/2022:11:23:48 +0800] "GET /xingrg/kc/buy/cgsh_order_operate.html?command=get_materiel&rest_code=00109&code=00101008296&supplier_code=00100005&order_time=2022-01-22 HTTP/1.1" 200 416
58.39.168.32 - - [22/Jan/2022:11:23:48 +0800] "GET /xingrg/all/function/internal_message.html?_=1642821826019&CODE_STATE=getMsg HTTP/1.1" 200 27
180.169.147.146 - - [22/Jan/2022:11:23:49 +0800] "GET /xingrg/all/function/internal_message.html?_=1642821825480&CODE_STATE=getMsg HTTP/1.1" 200 27
124.78.156.14 - - [22/Jan/2022:11:23:49 +0800] "GET /xingrg/all/function/internal_message.html?_=1642821823408&CODE_STATE=getMsg HTTP/1.1" 200 27
101.80.229.199 - - [22/Jan/2022:11:23:51 +0800] "GET /xingrg/all/function/internal_message.html?_=1642821827338&CODE_STATE=getMsg HTTP/1.1" 200 27
124.78.156.14 - - [22/Jan/2022:11:23:51 +0800] "GET /xingrg/all/function/internal_message.html?_=1642821831776&CODE_STATE=getMsg HTTP/1.1" 200 27
124.78.156.14 - - [22/Jan/2022:11:23:51 +0800] "GET /xingrg/check_reg.html?_=1642821831779 HTTP/1.1" 200 22
180.169.147.146 - - [22/Jan/2022:11:23:52 +0800] "GET /xingrg/kc/buy/cgsh_order_operate.html?command=get_materiel&rest_code=00147&code=00101008059&supplier_code=00100006&order_time=2022-01-22 HTTP/1.1" 200 408
180.169.147.146 - - [22/Jan/2022:11:23:54 +0800] "POST /xingrg/kc/buy/cgsh_order_operate.html HTTP/1.1" 200 2065
101.83.241.107 - - [22/Jan/2022:11:23:55 +0800] "GET /xingrg/kc/buy/cgsh_order_operate.html?command=get_materiel&rest_code=00149&code=00101006293&supplier_code=00100012&order_time=2022-01-22 HTTP/1.1" 200 416
114.95.98.1 - - [22/Jan/2022:11:23:56 +0800] "GET /xingrg/check_reg.html?_=1642821854480 HTTP/1.1" 200 22
114.95.98.1 - - [22/Jan/2022:11:23:56 +0800] "GET /xingrg/all/function/internal_message.html?_=1642821854599&CODE_STATE=getMsg HTTP/1.1" 200 27
222.70.243.96 - - [22/Jan/2022:11:23:57 +0800] "GET /xingrg/all/function/internal_message.html?_=1642821846506&CODE_STATE=getMsg HTTP/1.1" 200 27
180.169.147.146 - - [22/Jan/2022:11:23:59 +0800] "GET /xingrg/kc/buy/cgsh_order_operate.html?command=get_materiel&rest_code=00147&code=00101008290&supplier_code=00100006&order_time=2022-01-22 HTTP/1.1" 200 416
180.152.99.39 - - [22/Jan/2022:11:24:00 +0800] "GET /xingrg/all/function/internal_message.html?_=1642821768896&CODE_STATE=getMsg HTTP/1.1" 200 27
116.232.50.26 - - [22/Jan/2022:11:24:00 +0800] "GET /xingrg/kc/buy/cgsh_order_operate.html?command=get_materiel&rest_code=00109&code=00101008644&supplier_code=00100005&order_time=2022-01-22 HTTP/1.1" 200 406
222.69.132.164 - - [22/Jan/2022:11:24:02 +0800] "GET /xingrg/all/function/internal_message.html?_=1642821891869&CODE_STATE=getMsg HTTP/1.1" 200 27
180.152.99.73 - - [22/Jan/2022:11:24:05 +0800] "GET /xingrg/all/function/internal_message.html?_=1642821843119&CODE_STATE=getMsg HTTP/1.1" 200 27
116.232.50.26 - - [22/Jan/2022:11:24:06 +0800] "POST /xingrg/kc/buy/cgsh_order_operate.html HTTP/1.1" 200 2065
180.152.99.73 - - [22/Jan/2022:11:24:07 +0800] "GET /xingrg/check_reg.html?_=1642821844589 HTTP/1.1" 200 22
58.39.168.32 - - [22/Jan/2022:11:24:09 +0800] "GET /xingrg/all/function/internal_message.html?_=1642821783822&CODE_STATE=getMsg HTTP/1.1" 200 27
222.70.178.207 - - [22/Jan/2022:11:24:11 +0800] "GET /xingrg/all/function/internal_message.html?_=1642821847653&CODE_STATE=getMsg HTTP/1.1" 200 27
116.232.50.26 - - [22/Jan/2022:11:24:13 +0800] "GET /xingrg/kc/buy/cgsh_order_operate.html?command=get_materiel&rest_code=00109&code=00101008353&supplier_code=00100005&order_time=2022-01-22 HTTP/1.1" 200 408
114.95.98.1 - - [22/Jan/2022:11:24:13 +0800] "GET /xingrg/kc/buy/cgsh_order_list.html HTTP/1.1" 200 49639
114.95.98.1 - - [22/Jan/2022:11:24:14 +0800] "POST /xingrg/kc/buy/cgsh_list_operate.html HTTP/1.1" 200 876
180.169.147.146 - - [22/Jan/2022:11:24:14 +0800] "GET /xingrg/all/function/internal_message.html?_=1642821847551&CODE_STATE=getMsg HTTP/1.1" 200 27
180.169.147.146 - - [22/Jan/2022:11:24:18 +0800] "GET /xingrg/kc/buy/cgsh_order_operate.html?command=get_materiel&rest_code=00147&code=00101008041&supplier_code=00100006&order_time=2022-01-22 HTTP/1.1" 200 408
101.85.120.86 - - [22/Jan/2022:11:24:18 +0800] "GET /xingrg/all/function/internal_message.html?_=1642821854771&CODE_STATE=getMsg HTTP/1.1" 200 27
114.95.98.1 - - [22/Jan/2022:11:24:19 +0800] "POST /xingrg/kc/buy/cgsh_list_operate.html HTTP/1.1" 200 5719
101.83.241.107 - - [22/Jan/2022:11:24:21 +0800] "GET /xingrg/all/function/internal_message.html?_=1642821855053&CODE_STATE=getMsg HTTP/1.1" 200 27
114.95.98.1 - - [22/Jan/2022:11:24:25 +0800] "POST /xingrg/kc/buy/cgsh_list_operate.html HTTP/1.1" 200 6010
116.232.50.26 - - [22/Jan/2022:11:24:25 +0800] "GET /xingrg/kc/buy/cgsh_order_operate.html?command=get_materiel&rest_code=00109&code=00101008213&supplier_code=00100005&order_time=2022-01-22 HTTP/1.1" 200 412
114.95.98.1 - - [22/Jan/2022:11:24:28 +0800] "POST /xingrg/kc/buy/cgsh_list_operate.html HTTP/1.1" 200 574
124.79.247.218 - - [22/Jan/2022:11:24:30 +0800] "GET /xingrg/all/function/internal_message.html?_=1642822008105&CODE_STATE=getMsg HTTP/1.1" 200 27
222.70.217.149 - - [22/Jan/2022:11:24:30 +0800] "GET /xingrg/all/function/internal_message.html?_=1642821854792&CODE_STATE=getMsg HTTP/1.1" 200 27
114.95.98.1 - - [22/Jan/2022:11:24:31 +0800] "POST /xingrg/kc/buy/cgsh_list_operate.html HTTP/1.1" 200 566
