180.152.99.73 - - [22/Jan/2022:09:23:32 +0800] "GET /xingrg/all/common/auto_word.html?type=employee&rest_code=00150 HTTP/1.1" 200 159
114.95.98.1 - - [22/Jan/2022:09:23:32 +0800] "GET /xingrg/all/function/internal_message.html?_=1642814630382&CODE_STATE=getMsg HTTP/1.1" 200 27
101.83.241.107 - - [22/Jan/2022:09:23:32 +0800] "POST /xingrg/services/DataTransmitService HTTP/1.1" 200 524
101.83.241.107 - - [22/Jan/2022:09:23:33 +0800] "POST /xingrg/services/DataTransmitService HTTP/1.1" 200 1979
222.70.178.207 - - [22/Jan/2022:09:23:33 +0800] "GET /xingrg/kc/buy/cgsh_order_operate.html?command=get_materiel&rest_code=00111&code=00101006057&supplier_code=00100012&order_time=2022-01-22 HTTP/1.1" 200 413
180.152.99.73 - - [22/Jan/2022:09:23:34 +0800] "GET /xingrg/javascript/auto/indicator.gif HTTP/1.1" 404 1066
180.152.99.39 - - [22/Jan/2022:09:23:35 +0800] "GET /xingrg/all/function/internal_message.html?_=1642814543448&CODE_STATE=getMsg HTTP/1.1" 200 27
180.152.99.73 - - [22/Jan/2022:09:23:41 +0800] "GET /xingrg/kc/buy/cgsh_order_operate.html?command=get_materiel&rest_code=00150&code=00101011005&supplier_code=00100047&order_time=2022-01-22 HTTP/1.1" 200 428
222.70.178.207 - - [22/Jan/2022:09:23:42 +0800] "GET /xingrg/kc/buy/cgsh_order_operate.html?command=get_materiel&rest_code=00111&code=00101006111&supplier_code=00100012&order_time=2022-01-22 HTTP/1.1" 200 409
58.39.168.32 - - [22/Jan/2022:09:23:48 +0800] "GET /xingrg/all/function/internal_message.html?_=1642814625859&CODE_STATE=getMsg HTTP/1.1" 200 27
180.169.147.146 - - [22/Jan/2022:09:23:48 +0800] "GET /xingrg/all/function/internal_message.html?_=1642814625437&CODE_STATE=getMsg HTTP/1.1" 200 27
222.70.178.207 - - [22/Jan/2022:09:23:50 +0800] "GET /xingrg/kc/buy/cgsh_order_operate.html?command=get_materiel&rest_code=00111&code=00101006203&supplier_code=00100012&order_time=2022-01-22 HTTP/1.1" 200 410
101.80.229.199 - - [22/Jan/2022:09:23:53 +0800] "GET /xingrg/all/function/internal_message.html?_=1642814629621&CODE_STATE=getMsg HTTP/1.1" 200 27
222.70.243.96 - - [22/Jan/2022:09:23:54 +0800] "GET /xingrg/all/function/internal_message.html?_=1642814643560&CODE_STATE=getMsg HTTP/1.1" 200 27
180.152.99.73 - - [22/Jan/2022:09:23:58 +0800] "GET /xingrg/kc/buy/cgsh_order_operate.html?command=get_materiel&rest_code=00150&code=00101011004&supplier_code=00100047&order_time=2022-01-22 HTTP/1.1" 200 412
58.37.10.95 - - [22/Jan/2022:09:23:58 +0800] "GET /xingrg/kc/buy/cgsh_order_operate.html?command=get_materiel&rest_code=00141&code=00101008225&supplier_code=00100007&order_time=2022-01-22 HTTP/1.1" 200 416
180.152.99.73 - - [22/Jan/2022:09:24:06 +0800] "POST /xingrg/kc/buy/cgsh_order_operate.html HTTP/1.1" 200 37
222.70.178.207 - - [22/Jan/2022:09:24:07 +0800] "GET /xingrg/kc/buy/cgsh_order_operate.html?command=get_materiel&rest_code=00111&code=00101011010&supplier_code=00100012&order_time=2022-01-22 HTTP/1.1" 200 418
58.39.168.32 - - [22/Jan/2022:09:24:11 +0800] "GET /xingrg/all/function/internal_message.html?_=1642814585477&CODE_STATE=getMsg HTTP/1.1" 200 27
222.70.178.207 - - [22/Jan/2022:09:24:13 +0800] "GET /xingrg/all/function/internal_message.html?_=1642814649516&CODE_STATE=getMsg HTTP/1.1" 200 27
180.152.99.73 - - [22/Jan/2022:09:24:14 +0800] "POST /xingrg/kc/buy/cgsh_order_operate.html HTTP/1.1" 200 12
58.37.10.95 - - [22/Jan/2022:09:24:15 +0800] "GET /xingrg/kc/buy/cgsh_order_operate.html?command=get_materiel&rest_code=00141&code=00101008051&supplier_code=00100007&order_time=2022-01-22 HTTP/1.1" 200 409
222.70.178.207 - - [22/Jan/2022:09:24:16 +0800] "GET /xingrg/kc/buy/cgsh_order_operate.html?command=get_materiel&rest_code=00111&code=00101006055&supplier_code=00100012&order_time=2022-01-22 HTTP/1.1" 200 409
180.152.99.73 - - [22/Jan/2022:09:24:17 +0800] "GET /xingrg/kc/buy/cgsh_order_info.html?code=212022012210991 HTTP/1.1" 200 60241
101.85.120.86 - - [22/Jan/2022:09:24:18 +0800] "GET /xingrg/all/function/internal_message.html?_=1642814654661&CODE_STATE=getMsg HTTP/1.1" 200 27
180.152.99.73 - - [22/Jan/2022:09:24:18 +0800] "GET /xingrg/javascript/easyui/themes/default/validatebox.css HTTP/1.1" 404 1104
180.152.99.73 - - [22/Jan/2022:09:24:18 +0800] "POST /xingrg/kc/buy/cgsh_order_operate.html HTTP/1.1" 200 1198
58.37.10.95 - - [22/Jan/2022:09:24:19 +0800] "GET /xingrg/all/function/internal_message.html?_=1642814452075&CODE_STATE=getMsg HTTP/1.1" 200 27
180.152.99.73 - - [22/Jan/2022:09:24:19 +0800] "GET /xingrg/kc/print/load_config.html?kc_code=cgsh HTTP/1.1" 200 1943
180.152.99.73 - - [22/Jan/2022:09:24:20 +0800] "GET /xingrg/kc/print/load_data.html?order_code=212022012210991&kc_code=cgsh&condition= HTTP/1.1" 200 984
114.95.98.1 - - [22/Jan/2022:09:24:20 +0800] "GET /xingrg/javascript/jquery_easy_ui/themes/default/images/tabs_active.png HTTP/1.1" 200 2894
101.83.241.107 - - [22/Jan/2022:09:24:22 +0800] "GET /xingrg/all/function/internal_message.html?_=1642814656568&CODE_STATE=getMsg HTTP/1.1" 200 27
222.70.217.149 - - [22/Jan/2022:09:24:23 +0800] "GET /xingrg/all/function/internal_message.html?_=1642814647201&CODE_STATE=getMsg HTTP/1.1" 200 27
180.152.99.73 - - [22/Jan/2022:09:24:25 +0800] "GET /xingrg/kc/buy/cgsh_order_add.html HTTP/1.1" 200 65332
180.152.99.73 - - [22/Jan/2022:09:24:25 +0800] "GET /xingrg/javascript/easyui/themes/default/validatebox.css HTTP/1.1" 404 1104
180.152.99.73 - - [22/Jan/2022:09:24:25 +0800] "POST /xingrg/kc/buy/cgsh_order_operate.html HTTP/1.1" 200 8245
114.95.98.1 - - [22/Jan/2022:09:24:25 +0800] "GET /xingrg/kc/buy/cgsh_order_list.html HTTP/1.1" 200 49639
222.70.178.207 - - [22/Jan/2022:09:24:25 +0800] "GET /xingrg/kc/buy/cgsh_order_operate.html?command=get_materiel&rest_code=00111&code=00101006006&supplier_code=00100012&order_time=2022-01-22 HTTP/1.1" 200 409
114.95.98.1 - - [22/Jan/2022:09:24:26 +0800] "POST /xingrg/kc/buy/cgsh_list_operate.html HTTP/1.1" 200 876
114.95.98.1 - - [22/Jan/2022:09:24:27 +0800] "GET /xingrg/kc/buy/cgsh_order_add.html HTTP/1.1" 200 65408
114.95.98.1 - - [22/Jan/2022:09:24:27 +0800] "GET /xingrg/javascript/easyui/themes/icons/copy_new.png HTTP/1.1" 200 815
114.95.98.1 - - [22/Jan/2022:09:24:27 +0800] "POST /xingrg/kc/buy/cgsh_order_operate.html HTTP/1.1" 200 8245
180.152.99.73 - - [22/Jan/2022:09:24:27 +0800] "GET /xingrg/all/function/internal_message.html?_=1642814665439&CODE_STATE=getMsg HTTP/1.1" 200 27
114.95.98.1 - - [22/Jan/2022:09:24:28 +0800] "GET /xingrg/all/common/auto_word.html?type=employee&rest_code=00102 HTTP/1.1" 200 189
114.95.98.1 - - [22/Jan/2022:09:24:28 +0800] "GET /xingrg/all/common/auto_word.html?type=employee&rest_code=00102 HTTP/1.1" 200 189
114.95.98.1 - - [22/Jan/2022:09:24:28 +0800] "GET /xingrg/javascript/easyui/themes/default/validatebox.css HTTP/1.1" 404 1104
114.95.98.1 - - [22/Jan/2022:09:24:32 +0800] "GET /xingrg/all/function/internal_message.html?_=1642814690395&CODE_STATE=getMsg HTTP/1.1" 200 27
180.152.99.39 - - [22/Jan/2022:09:24:35 +0800] "GET /xingrg/all/function/internal_message.html?_=1642814603458&CODE_STATE=getMsg HTTP/1.1" 200 27
222.70.243.96 - - [22/Jan/2022:09:24:36 +0800] "POST /xingrg/services/DataTransmitService HTTP/1.1" 200 501
58.37.10.95 - - [22/Jan/2022:09:24:36 +0800] "GET /xingrg/kc/buy/cgsh_order_operate.html?command=get_materiel&rest_code=00141&code=00101008001&supplier_code=00100007&order_time=2022-01-22 HTTP/1.1" 200 432
58.37.10.95 - - [22/Jan/2022:09:24:39 +0800] "POST /xingrg/kc/buy/cgsh_order_operate.html HTTP/1.1" 200 2065
222.70.178.207 - - [22/Jan/2022:09:24:44 +0800] "GET /xingrg/kc/buy/cgsh_order_operate.html?command=get_materiel&rest_code=00111&code=00101006065&supplier_code=00100012&order_time=2022-01-22 HTTP/1.1" 200 409
58.39.168.32 - - [22/Jan/2022:09:24:48 +0800] "GET /xingrg/check_reg.html?_=1642814685867 HTTP/1.1" 200 22
58.39.168.32 - - [22/Jan/2022:09:24:48 +0800] "GET /xingrg/all/function/internal_message.html?_=1642814685865&CODE_STATE=getMsg HTTP/1.1" 200 27
180.169.147.146 - - [22/Jan/2022:09:24:48 +0800] "GET /xingrg/all/function/internal_message.html?_=1642814685429&CODE_STATE=getMsg HTTP/1.1" 200 27
180.169.147.146 - - [22/Jan/2022:09:24:48 +0800] "GET /xingrg/check_reg.html?_=1642814685431 HTTP/1.1" 200 22
180.152.99.73 - - [22/Jan/2022:09:24:49 +0800] "GET /xingrg/kc/buy/cgsh_order_operate.html?command=get_materiel&rest_code=00150&code=00101012039&supplier_code=00100096&order_time=2022-01-22 HTTP/1.1" 200 408
222.70.243.96 - - [22/Jan/2022:09:24:53 +0800] "GET /xingrg/check_reg.html?_=1642814702181 HTTP/1.1" 200 22
101.80.229.199 - - [22/Jan/2022:09:24:53 +0800] "GET /xingrg/all/function/internal_message.html?_=1642814689608&CODE_STATE=getMsg HTTP/1.1" 200 27
114.95.98.1 - - [22/Jan/2022:09:24:54 +0800] "GET /xingrg/kc/buy/cgsh_order_operate.html?command=get_materiel&rest_code=00102&code=00101006111&supplier_code=00100096&order_time=2022-01-22 HTTP/1.1" 200 409
222.70.243.96 - - [22/Jan/2022:09:24:54 +0800] "GET /xingrg/all/function/internal_message.html?_=1642814703573&CODE_STATE=getMsg HTTP/1.1" 200 27
222.70.178.207 - - [22/Jan/2022:09:24:54 +0800] "GET /xingrg/kc/buy/cgsh_order_operate.html?command=get_materiel&rest_code=00111&code=00101006136&supplier_code=00100012&order_time=2022-01-22 HTTP/1.1" 200 417
222.70.178.207 - - [22/Jan/2022:09:25:03 +0800] "GET /xingrg/kc/buy/cgsh_order_operate.html?command=get_materiel&rest_code=00111&code=00101018011&supplier_code=00100012&order_time=2022-01-22 HTTP/1.1" 200 413
58.39.168.32 - - [22/Jan/2022:09:25:11 +0800] "GET /xingrg/all/function/internal_message.html?_=1642814645463&CODE_STATE=getMsg HTTP/1.1" 200 27
222.70.178.207 - - [22/Jan/2022:09:25:11 +0800] "GET /xingrg/kc/buy/cgsh_order_operate.html?command=get_materiel&rest_code=00111&code=00101006038&supplier_code=00100012&order_time=2022-01-22 HTTP/1.1" 200 421
58.39.168.32 - - [22/Jan/2022:09:25:11 +0800] "GET /xingrg/check_reg.html?_=1642814646406 HTTP/1.1" 200 22
114.95.98.1 - - [22/Jan/2022:09:25:13 +0800] "GET /xingrg/kc/buy/cgsh_order_operate.html?command=get_materiel&rest_code=00102&code=00101006129&supplier_code=00100096&order_time=2022-01-22 HTTP/1.1" 200 450
222.70.178.207 - - [22/Jan/2022:09:25:13 +0800] "GET /xingrg/all/function/internal_message.html?_=1642814709499&CODE_STATE=getMsg HTTP/1.1" 200 27
101.85.120.86 - - [22/Jan/2022:09:25:18 +0800] "GET /xingrg/all/function/internal_message.html?_=1642814714661&CODE_STATE=getMsg HTTP/1.1" 200 27
101.85.120.86 - - [22/Jan/2022:09:25:18 +0800] "GET /xingrg/check_reg.html?_=1642814714662 HTTP/1.1" 200 22
58.37.10.95 - - [22/Jan/2022:09:25:19 +0800] "GET /xingrg/all/function/internal_message.html?_=1642814512059&CODE_STATE=getMsg HTTP/1.1" 200 27
58.37.10.95 - - [22/Jan/2022:09:25:19 +0800] "GET /xingrg/check_reg.html?_=1642814512089 HTTP/1.1" 200 22
222.70.178.207 - - [22/Jan/2022:09:25:21 +0800] "POST /xingrg/kc/buy/cgsh_order_operate.html HTTP/1.1" 200 37
101.83.241.107 - - [22/Jan/2022:09:25:22 +0800] "GET /xingrg/all/function/internal_message.html?_=1642814716553&CODE_STATE=getMsg HTTP/1.1" 200 27
222.70.217.149 - - [22/Jan/2022:09:25:23 +0800] "GET /xingrg/all/function/internal_message.html?_=1642814707219&CODE_STATE=getMsg HTTP/1.1" 200 27
101.83.241.107 - - [22/Jan/2022:09:25:23 +0800] "GET /xingrg/check_reg.html?_=1642814716811 HTTP/1.1" 200 22
114.95.98.1 - - [22/Jan/2022:09:25:25 +0800] "GET /xingrg/kc/buy/cgsh_order_operate.html?command=get_materiel&rest_code=00102&code=00101006130&supplier_code=00100096&order_time=2022-01-22 HTTP/1.1" 200 448
222.70.178.207 - - [22/Jan/2022:09:25:25 +0800] "POST /xingrg/kc/buy/cgsh_order_operate.html HTTP/1.1" 200 8007
58.37.10.95 - - [22/Jan/2022:09:25:26 +0800] "GET /xingrg/kc/buy/cgsh_order_operate.html?command=get_materiel&rest_code=00141&code=00101008353&supplier_code=00100007&order_time=2022-01-22 HTTP/1.1" 200 408
222.70.178.207 - - [22/Jan/2022:09:25:27 +0800] "GET /xingrg/kc/print/load_data.html?order_code=212022012210992&kc_code=cgsh&condition= HTTP/1.1" 200 2804
180.152.99.73 - - [22/Jan/2022:09:25:27 +0800] "GET /xingrg/all/function/internal_message.html?_=1642814725437&CODE_STATE=getMsg HTTP/1.1" 200 27
114.95.98.1 - - [22/Jan/2022:09:25:32 +0800] "GET /xingrg/all/function/internal_message.html?_=1642814750425&CODE_STATE=getMsg HTTP/1.1" 200 27
114.95.98.1 - - [22/Jan/2022:09:25:34 +0800] "GET /xingrg/kc/buy/cgsh_order_operate.html?command=get_materiel&rest_code=00102&code=00101006144&supplier_code=00100096&order_time=2022-01-22 HTTP/1.1" 200 411
180.152.99.39 - - [22/Jan/2022:09:25:35 +0800] "GET /xingrg/all/function/internal_message.html?_=1642814663506&CODE_STATE=getMsg HTTP/1.1" 200 27
58.37.10.95 - - [22/Jan/2022:09:25:36 +0800] "GET /xingrg/kc/buy/cgsh_order_operate.html?command=get_materiel&rest_code=00141&code=00101008236&supplier_code=00100007&order_time=2022-01-22 HTTP/1.1" 200 417
58.37.10.95 - - [22/Jan/2022:09:25:41 +0800] "POST /xingrg/kc/buy/cgsh_order_operate.html HTTP/1.1" 200 2065
222.70.178.207 - - [22/Jan/2022:09:25:45 +0800] "GET /xingrg/kc/buy/cgsh_order_add.html HTTP/1.1" 200 65370
222.70.178.207 - - [22/Jan/2022:09:25:46 +0800] "POST /xingrg/kc/buy/cgsh_order_operate.html HTTP/1.1" 200 8245
222.70.178.207 - - [22/Jan/2022:09:25:46 +0800] "GET /xingrg/javascript/easyui/themes/default/validatebox.css HTTP/1.1" 404 1104
114.95.98.1 - - [22/Jan/2022:09:25:48 +0800] "GET /xingrg/kc/buy/cgsh_order_operate.html?command=get_materiel&rest_code=00102&code=00101006084&supplier_code=00100096&order_time=2022-01-22 HTTP/1.1" 200 415
58.39.168.32 - - [22/Jan/2022:09:25:48 +0800] "GET /xingrg/all/function/internal_message.html?_=1642814745869&CODE_STATE=getMsg HTTP/1.1" 200 27
180.169.147.146 - - [22/Jan/2022:09:25:48 +0800] "GET /xingrg/all/function/internal_message.html?_=1642814745437&CODE_STATE=getMsg HTTP/1.1" 200 27
101.80.229.199 - - [22/Jan/2022:09:25:53 +0800] "GET /xingrg/all/function/internal_message.html?_=1642814749594&CODE_STATE=getMsg HTTP/1.1" 200 27
222.70.243.96 - - [22/Jan/2022:09:25:54 +0800] "GET /xingrg/all/function/internal_message.html?_=1642814763586&CODE_STATE=getMsg HTTP/1.1" 200 27
58.37.10.95 - - [22/Jan/2022:09:25:55 +0800] "GET /xingrg/kc/buy/cgsh_order_operate.html?command=get_materiel&rest_code=00141&code=00101008114&supplier_code=00100007&order_time=2022-01-22 HTTP/1.1" 200 413
222.70.178.207 - - [22/Jan/2022:09:25:57 +0800] "GET /xingrg/kc/buy/cgsh_order_operate.html?command=get_materiel&rest_code=00111&code=00101016030&supplier_code=00100037&order_time=2022-01-22 HTTP/1.1" 200 412
114.95.98.1 - - [22/Jan/2022:09:25:58 +0800] "GET /xingrg/kc/buy/cgsh_order_operate.html?command=get_materiel&rest_code=00102&code=00101006025&supplier_code=00100096&order_time=2022-01-22 HTTP/1.1" 200 417
180.152.99.39 - - [22/Jan/2022:09:26:07 +0800] "GET /xingrg/check_reg.html?_=1642814696016 HTTP/1.1" 200 22
222.70.178.207 - - [22/Jan/2022:09:26:10 +0800] "GET /xingrg/kc/buy/cgsh_order_operate.html?command=get_materiel&rest_code=00111&code=00101019599&supplier_code=00100037&order_time=2022-01-22 HTTP/1.1" 200 404
58.39.168.32 - - [22/Jan/2022:09:26:11 +0800] "GET /xingrg/all/function/internal_message.html?_=1642814705439&CODE_STATE=getMsg HTTP/1.1" 200 27
114.95.98.1 - - [22/Jan/2022:09:26:12 +0800] "GET /xingrg/kc/buy/cgsh_order_operate.html?command=get_materiel&rest_code=00102&code=00101006195&supplier_code=00100096&order_time=2022-01-22 HTTP/1.1" 200 411
222.70.178.207 - - [22/Jan/2022:09:26:13 +0800] "GET /xingrg/check_reg.html?_=1642814769296 HTTP/1.1" 200 22
222.70.178.207 - - [22/Jan/2022:09:26:13 +0800] "GET /xingrg/all/function/internal_message.html?_=1642814769484&CODE_STATE=getMsg HTTP/1.1" 200 27
222.70.178.207 - - [22/Jan/2022:09:26:17 +0800] "GET /xingrg/kc/buy/cgsh_order_operate.html?command=get_materiel&rest_code=00111&code=00101012025&supplier_code=00100037&order_time=2022-01-22 HTTP/1.1" 200 412
101.85.120.86 - - [22/Jan/2022:09:26:18 +0800] "GET /xingrg/all/function/internal_message.html?_=1642814774661&CODE_STATE=getMsg HTTP/1.1" 200 27
58.37.10.95 - - [22/Jan/2022:09:26:19 +0800] "GET /xingrg/all/function/internal_message.html?_=1642814572093&CODE_STATE=getMsg HTTP/1.1" 200 27
101.83.241.107 - - [22/Jan/2022:09:26:22 +0800] "GET /xingrg/all/function/internal_message.html?_=1642814776531&CODE_STATE=getMsg HTTP/1.1" 200 27
222.70.217.149 - - [22/Jan/2022:09:26:23 +0800] "GET /xingrg/all/function/internal_message.html?_=1642814767219&CODE_STATE=getMsg HTTP/1.1" 200 27
58.37.10.95 - - [22/Jan/2022:09:26:23 +0800] "GET /xingrg/kc/buy/cgsh_order_operate.html?command=get_materiel&rest_code=00141&code=00101009007&supplier_code=00100007&order_time=2022-01-22 HTTP/1.1" 200 408
222.70.178.207 - - [22/Jan/2022:09:26:25 +0800] "GET /xingrg/kc/buy/cgsh_order_operate.html?command=get_materiel&rest_code=00111&code=00101007109&supplier_code=00100037&order_time=2022-01-22 HTTP/1.1" 200 408
180.152.99.73 - - [22/Jan/2022:09:26:27 +0800] "GET /xingrg/all/function/internal_message.html?_=1642814785444&CODE_STATE=getMsg HTTP/1.1" 200 27
114.95.98.1 - - [22/Jan/2022:09:26:32 +0800] "GET /xingrg/kc/buy/cgsh_order_operate.html?command=get_materiel&rest_code=00102&code=00101020153&supplier_code=00100096&order_time=2022-01-22 HTTP/1.1" 200 408
114.95.98.1 - - [22/Jan/2022:09:26:32 +0800] "GET /xingrg/all/function/internal_message.html?_=1642814810455&CODE_STATE=getMsg HTTP/1.1" 200 27
222.70.178.207 - - [22/Jan/2022:09:26:35 +0800] "GET /xingrg/kc/buy/cgsh_order_operate.html?command=get_materiel&rest_code=00111&code=00101019670&supplier_code=00100037&order_time=2022-01-22 HTTP/1.1" 200 421
180.152.99.39 - - [22/Jan/2022:09:26:35 +0800] "GET /xingrg/all/function/internal_message.html?_=1642814723517&CODE_STATE=getMsg HTTP/1.1" 200 27
58.37.10.95 - - [22/Jan/2022:09:26:37 +0800] "GET /xingrg/kc/buy/cgsh_order_operate.html?command=get_materiel&rest_code=00141&code=00101009016&supplier_code=00100007&order_time=2022-01-22 HTTP/1.1" 200 414
222.70.178.207 - - [22/Jan/2022:09:26:43 +0800] "GET /xingrg/kc/buy/cgsh_order_operate.html?command=get_materiel&rest_code=00111&code=00101016105&supplier_code=00100037&order_time=2022-01-22 HTTP/1.1" 200 409
114.95.98.1 - - [22/Jan/2022:09:26:45 +0800] "GET /xingrg/kc/buy/cgsh_order_operate.html?command=get_materiel&rest_code=00102&code=00101007077&supplier_code=00100096&order_time=2022-01-22 HTTP/1.1" 200 415
58.39.168.32 - - [22/Jan/2022:09:26:48 +0800] "GET /xingrg/all/function/internal_message.html?_=1642814805861&CODE_STATE=getMsg HTTP/1.1" 200 27
180.169.147.146 - - [22/Jan/2022:09:26:48 +0800] "GET /xingrg/all/function/internal_message.html?_=1642814805426&CODE_STATE=getMsg HTTP/1.1" 200 27
222.70.178.207 - - [22/Jan/2022:09:26:52 +0800] "GET /xingrg/kc/buy/cgsh_order_operate.html?command=get_materiel&rest_code=00111&code=00101020138&supplier_code=00100037&order_time=2022-01-22 HTTP/1.1" 200 426
101.80.229.199 - - [22/Jan/2022:09:26:53 +0800] "GET /xingrg/all/function/internal_message.html?_=1642814809582&CODE_STATE=getMsg HTTP/1.1" 200 27
58.37.10.95 - - [22/Jan/2022:09:26:53 +0800] "GET /xingrg/kc/buy/cgsh_order_operate.html?command=get_materiel&rest_code=00141&code=00101008150&supplier_code=00100007&order_time=2022-01-22 HTTP/1.1" 200 409
222.70.243.96 - - [22/Jan/2022:09:26:54 +0800] "GET /xingrg/all/function/internal_message.html?_=1642814823600&CODE_STATE=getMsg HTTP/1.1" 200 27
222.70.243.96 - - [22/Jan/2022:09:26:59 +0800] "POST /xingrg/services/DataTransmitService HTTP/1.1" 200 524
222.70.178.207 - - [22/Jan/2022:09:27:05 +0800] "GET /xingrg/kc/buy/cgsh_order_operate.html?command=get_materiel&rest_code=00111&code=00101009062&supplier_code=00100037&order_time=2022-01-22 HTTP/1.1" 200 412
58.37.10.95 - - [22/Jan/2022:09:27:05 +0800] "GET /xingrg/kc/buy/cgsh_order_operate.html?command=get_materiel&rest_code=00141&code=00101008098&supplier_code=00100007&order_time=2022-01-22 HTTP/1.1" 200 412
58.39.168.32 - - [22/Jan/2022:09:27:11 +0800] "GET /xingrg/all/function/internal_message.html?_=1642814765423&CODE_STATE=getMsg HTTP/1.1" 200 27
222.70.178.207 - - [22/Jan/2022:09:27:13 +0800] "GET /xingrg/all/function/internal_message.html?_=1642814829485&CODE_STATE=getMsg HTTP/1.1" 200 27
58.37.10.95 - - [22/Jan/2022:09:27:13 +0800] "POST /xingrg/kc/buy/cgsh_order_operate.html HTTP/1.1" 200 2065
114.95.98.1 - - [22/Jan/2022:09:27:16 +0800] "GET /xingrg/kc/buy/cgsh_order_operate.html?command=get_materiel&rest_code=00102&code=00101006177&supplier_code=00100096&order_time=2022-01-22 HTTP/1.1" 200 408
101.85.120.86 - - [22/Jan/2022:09:27:18 +0800] "GET /xingrg/all/function/internal_message.html?_=1642814834661&CODE_STATE=getMsg HTTP/1.1" 200 27
58.37.10.95 - - [22/Jan/2022:09:27:19 +0800] "GET /xingrg/all/function/internal_message.html?_=1642814632072&CODE_STATE=getMsg HTTP/1.1" 200 27
101.83.241.107 - - [22/Jan/2022:09:27:22 +0800] "GET /xingrg/all/function/internal_message.html?_=1642814836505&CODE_STATE=getMsg HTTP/1.1" 200 27
222.70.217.149 - - [22/Jan/2022:09:27:23 +0800] "GET /xingrg/all/function/internal_message.html?_=1642814827210&CODE_STATE=getMsg HTTP/1.1" 200 27
222.70.243.96 - - [22/Jan/2022:09:27:23 +0800] "POST /xingrg/services/DataTransmitService HTTP/1.1" 200 524
222.70.243.96 - - [22/Jan/2022:09:27:24 +0800] "POST /xingrg/services/DataTransmitService HTTP/1.1" 200 2171
58.37.10.95 - - [22/Jan/2022:09:27:24 +0800] "GET /xingrg/kc/buy/cgsh_order_operate.html?command=get_materiel&rest_code=00141&code=00101009118&supplier_code=00100007&order_time=2022-01-22 HTTP/1.1" 200 391
222.70.243.96 - - [22/Jan/2022:09:27:25 +0800] "POST /xingrg/services/DataTransmitService HTTP/1.1" 200 524
222.70.243.96 - - [22/Jan/2022:09:27:26 +0800] "POST /xingrg/services/DataTransmitService HTTP/1.1" 200 2171
180.152.99.73 - - [22/Jan/2022:09:27:27 +0800] "GET /xingrg/all/function/internal_message.html?_=1642814845444&CODE_STATE=getMsg HTTP/1.1" 200 27
222.70.243.96 - - [22/Jan/2022:09:27:28 +0800] "POST /xingrg/services/DataTransmitService HTTP/1.1" 200 524
222.70.243.96 - - [22/Jan/2022:09:27:28 +0800] "POST /xingrg/services/DataTransmitService HTTP/1.1" 200 2171
222.70.243.96 - - [22/Jan/2022:09:27:30 +0800] "POST /xingrg/services/DataTransmitService HTTP/1.1" 200 524
222.70.243.96 - - [22/Jan/2022:09:27:30 +0800] "POST /xingrg/services/DataTransmitService HTTP/1.1" 200 2171
114.95.98.1 - - [22/Jan/2022:09:27:32 +0800] "GET /xingrg/check_reg.html?_=1642814870373 HTTP/1.1" 200 22
114.95.98.1 - - [22/Jan/2022:09:27:32 +0800] "GET /xingrg/all/function/internal_message.html?_=1642814870466&CODE_STATE=getMsg HTTP/1.1" 200 27
222.70.178.207 - - [22/Jan/2022:09:27:33 +0800] "GET /xingrg/kc/buy/cgsh_order_operate.html?command=get_materiel&rest_code=00111&code=00101008403&supplier_code=00100037&order_time=2022-01-22 HTTP/1.1" 200 412
180.152.99.39 - - [22/Jan/2022:09:27:35 +0800] "GET /xingrg/all/function/internal_message.html?_=1642814783530&CODE_STATE=getMsg HTTP/1.1" 200 27
114.95.98.1 - - [22/Jan/2022:09:27:46 +0800] "GET /xingrg/kc/buy/cgsh_order_operate.html?command=get_materiel&rest_code=00102&code=00101012040&supplier_code=00100096&order_time=2022-01-22 HTTP/1.1" 200 413
58.39.168.32 - - [22/Jan/2022:09:27:48 +0800] "GET /xingrg/all/function/internal_message.html?_=1642814865857&CODE_STATE=getMsg HTTP/1.1" 200 27
180.169.147.146 - - [22/Jan/2022:09:27:48 +0800] "GET /xingrg/all/function/internal_message.html?_=1642814865440&CODE_STATE=getMsg HTTP/1.1" 200 27
101.80.229.199 - - [22/Jan/2022:09:27:53 +0800] "GET /xingrg/all/function/internal_message.html?_=1642814869566&CODE_STATE=getMsg HTTP/1.1" 200 27
222.70.243.96 - - [22/Jan/2022:09:27:54 +0800] "GET /xingrg/all/function/internal_message.html?_=1642814883623&CODE_STATE=getMsg HTTP/1.1" 200 27
114.95.98.1 - - [22/Jan/2022:09:27:56 +0800] "GET /xingrg/kc/buy/cgsh_order_operate.html?command=get_materiel&rest_code=00102&code=00101012025&supplier_code=00100096&order_time=2022-01-22 HTTP/1.1" 200 412
222.70.178.207 - - [22/Jan/2022:09:27:57 +0800] "GET /xingrg/kc/buy/cgsh_order_operate.html?command=get_materiel&rest_code=00111&code=00101008036&supplier_code=00100037&order_time=2022-01-22 HTTP/1.1" 200 408
222.69.132.164 - - [22/Jan/2022:09:28:02 +0800] "POST /xingrg/login.do HTTP/1.1" 302 -
222.69.132.164 - - [22/Jan/2022:09:28:02 +0800] "GET /xingrg/index.html?sysBaseUrl=http%3A%2F%2F180.169.147.146%3A18081%2Fxingrg%2F&costTime=82×tamp=1642814882115 HTTP/1.1" 200 17179
222.69.132.164 - - [22/Jan/2022:09:28:02 +0800] "GET /favicon.ico HTTP/1.1" 404 -
222.69.132.164 - - [22/Jan/2022:09:28:02 +0800] "POST /xingrg/all/common/load_tree.html?tree=area_rest_tree_json&manage=1 HTTP/1.1" 200 351
222.69.132.164 - - [22/Jan/2022:09:28:02 +0800] "GET /xingrg/all/function/internal_message.html?_=1642814931852&CODE_STATE=count HTTP/1.1" 200 11
222.69.132.164 - - [22/Jan/2022:09:28:02 +0800] "GET /xingrg/check_reg.html?_=1642814931853 HTTP/1.1" 200 22
222.69.132.164 - - [22/Jan/2022:09:28:02 +0800] "POST /xingrg/load_menu.html HTTP/1.1" 200 5138
101.80.229.199 - - [22/Jan/2022:09:28:08 +0800] "GET /xingrg/check_reg.html?_=1642814885054 HTTP/1.1" 200 22
58.39.168.32 - - [22/Jan/2022:09:28:11 +0800] "GET /xingrg/all/function/internal_message.html?_=1642814825408&CODE_STATE=getMsg HTTP/1.1" 200 27
222.70.178.207 - - [22/Jan/2022:09:28:13 +0800] "GET /xingrg/all/function/internal_message.html?_=1642814889455&CODE_STATE=getMsg HTTP/1.1" 200 27
114.95.98.1 - - [22/Jan/2022:09:28:17 +0800] "GET /xingrg/kc/buy/cgsh_order_operate.html?command=get_materiel&rest_code=00102&code=00101016080&supplier_code=00100096&order_time=2022-01-22 HTTP/1.1" 200 408
101.85.120.86 - - [22/Jan/2022:09:28:18 +0800] "GET /xingrg/all/function/internal_message.html?_=1642814894661&CODE_STATE=getMsg HTTP/1.1" 200 27
58.37.10.95 - - [22/Jan/2022:09:28:19 +0800] "GET /xingrg/all/function/internal_message.html?_=1642814691981&CODE_STATE=getMsg HTTP/1.1" 200 27
222.70.217.149 - - [22/Jan/2022:09:28:21 +0800] "GET /xingrg/kc/buy/cgsh_order_add.html HTTP/1.1" 200 65376
222.70.217.149 - - [22/Jan/2022:09:28:21 +0800] "POST /xingrg/kc/buy/cgsh_order_operate.html HTTP/1.1" 200 8245
222.70.217.149 - - [22/Jan/2022:09:28:21 +0800] "GET /xingrg/javascript/easyui/themes/default/validatebox.css HTTP/1.1" 404 1104
101.83.241.107 - - [22/Jan/2022:09:28:22 +0800] "GET /xingrg/all/function/internal_message.html?_=1642814896494&CODE_STATE=getMsg HTTP/1.1" 200 27
222.70.217.149 - - [22/Jan/2022:09:28:23 +0800] "GET /xingrg/all/function/internal_message.html?_=1642814887219&CODE_STATE=getMsg HTTP/1.1" 200 27
222.70.217.149 - - [22/Jan/2022:09:28:23 +0800] "GET /xingrg/check_reg.html?_=1642814887221 HTTP/1.1" 200 22
180.152.99.73 - - [22/Jan/2022:09:28:27 +0800] "GET /xingrg/check_reg.html?_=1642814905436 HTTP/1.1" 200 22
180.152.99.73 - - [22/Jan/2022:09:28:27 +0800] "GET /xingrg/all/function/internal_message.html?_=1642814905439&CODE_STATE=getMsg HTTP/1.1" 200 27
222.70.178.207 - - [22/Jan/2022:09:28:28 +0800] "GET /xingrg/kc/buy/cgsh_order_operate.html?command=get_materiel&rest_code=00111&code=00101020153&supplier_code=00100037&order_time=2022-01-22 HTTP/1.1" 200 408
114.95.98.1 - - [22/Jan/2022:09:28:33 +0800] "GET /xingrg/all/function/internal_message.html?_=1642814930480&CODE_STATE=getMsg HTTP/1.1" 200 27
222.70.217.149 - - [22/Jan/2022:09:28:35 +0800] "GET /xingrg/kc/buy/cgsh_order_operate.html?command=get_materiel&rest_code=00155&code=00101008261&supplier_code=00100005&order_time=2022-01-22 HTTP/1.1" 200 408
180.152.99.39 - - [22/Jan/2022:09:28:35 +0800] "GET /xingrg/all/function/internal_message.html?_=1642814843582&CODE_STATE=getMsg HTTP/1.1" 200 27
222.70.217.149 - - [22/Jan/2022:09:28:45 +0800] "GET /xingrg/kc/buy/cgsh_order_operate.html?command=get_materiel&rest_code=00155&code=00101008350&supplier_code=00100005&order_time=2022-01-22 HTTP/1.1" 200 408
222.70.178.207 - - [22/Jan/2022:09:28:47 +0800] "GET /xingrg/kc/buy/cgsh_order_operate.html?command=get_materiel&rest_code=00111&code=00101012026&supplier_code=00100037&order_time=2022-01-22 HTTP/1.1" 200 408
58.39.168.32 - - [22/Jan/2022:09:28:48 +0800] "GET /xingrg/all/function/internal_message.html?_=1642814925869&CODE_STATE=getMsg HTTP/1.1" 200 27
180.169.147.146 - - [22/Jan/2022:09:28:48 +0800] "GET /xingrg/all/function/internal_message.html?_=1642814925440&CODE_STATE=getMsg HTTP/1.1" 200 27
114.95.98.1 - - [22/Jan/2022:09:28:50 +0800] "POST /xingrg/kc/buy/cgsh_order_operate.html HTTP/1.1" 200 37
222.70.217.149 - - [22/Jan/2022:09:28:52 +0800] "GET /xingrg/kc/buy/cgsh_order_operate.html?command=get_materiel&rest_code=00155&code=00101008290&supplier_code=00100005&order_time=2022-01-22 HTTP/1.1" 200 416
101.80.229.199 - - [22/Jan/2022:09:28:53 +0800] "GET /xingrg/all/function/internal_message.html?_=1642814929538&CODE_STATE=getMsg HTTP/1.1" 200 27
222.70.243.96 - - [22/Jan/2022:09:28:54 +0800] "GET /xingrg/all/function/internal_message.html?_=1642814943628&CODE_STATE=getMsg HTTP/1.1" 200 27
222.70.178.207 - - [22/Jan/2022:09:28:59 +0800] "GET /xingrg/kc/buy/cgsh_order_operate.html?command=get_materiel&rest_code=00111&code=00101008284&supplier_code=00100037&order_time=2022-01-22 HTTP/1.1" 200 412
222.70.217.149 - - [22/Jan/2022:09:28:59 +0800] "GET /xingrg/kc/buy/cgsh_order_operate.html?command=get_materiel&rest_code=00155&code=00101008005&supplier_code=00100005&order_time=2022-01-22 HTTP/1.1" 200 412
222.69.132.164 - - [22/Jan/2022:09:29:00 +0800] "GET /xingrg/kc/buy/cgsh_order_list.html HTTP/1.1" 200 49645
222.69.132.164 - - [22/Jan/2022:09:29:02 +0800] "POST /xingrg/kc/buy/cgsh_list_operate.html HTTP/1.1" 200 1675
222.69.132.164 - - [22/Jan/2022:09:29:02 +0800] "GET /xingrg/all/function/internal_message.html?_=1642814991950&CODE_STATE=getMsg HTTP/1.1" 200 27
222.69.132.164 - - [22/Jan/2022:09:29:04 +0800] "POST /xingrg/kc/buy/cgsh_list_operate.html HTTP/1.1" 200 209
222.69.132.164 - - [22/Jan/2022:09:29:06 +0800] "GET /xingrg/kc/buy/cgsh_order_info.html?code=212022012110970 HTTP/1.1" 200 64576
222.69.132.164 - - [22/Jan/2022:09:29:06 +0800] "GET /xingrg/words/20220120171707_words.js HTTP/1.1" 304 -
222.69.132.164 - - [22/Jan/2022:09:29:06 +0800] "GET /xingrg/all/common/auto_word.html?type=employee&rest_code=00154 HTTP/1.1" 200 101
222.69.132.164 - - [22/Jan/2022:09:29:06 +0800] "GET /xingrg/all/common/auto_word.html?type=employee&rest_code=00154 HTTP/1.1" 200 101
222.69.132.164 - - [22/Jan/2022:09:29:06 +0800] "GET /xingrg/javascript/easyui/themes/default/validatebox.css HTTP/1.1" 404 1104
222.69.132.164 - - [22/Jan/2022:09:29:06 +0800] "POST /xingrg/kc/buy/cgsh_order_operate.html HTTP/1.1" 200 2669
222.70.217.149 - - [22/Jan/2022:09:29:07 +0800] "GET /xingrg/kc/buy/cgsh_order_operate.html?command=get_materiel&rest_code=00155&code=00101008298&supplier_code=00100005&order_time=2022-01-22 HTTP/1.1" 200 413
222.70.178.207 - - [22/Jan/2022:09:29:09 +0800] "GET /xingrg/kc/buy/cgsh_order_operate.html?command=get_materiel&rest_code=00111&code=00101015044&supplier_code=00100037&order_time=2022-01-22 HTTP/1.1" 200 408
58.39.168.32 - - [22/Jan/2022:09:29:10 +0800] "GET /xingrg/all/function/internal_message.html?_=1642814885379&CODE_STATE=getMsg HTTP/1.1" 200 27
114.95.98.1 - - [22/Jan/2022:09:29:11 +0800] "POST /xingrg/kc/buy/cgsh_order_operate.html HTTP/1.1" 200 12
222.70.217.149 - - [22/Jan/2022:09:29:13 +0800] "GET /xingrg/kc/buy/cgsh_order_operate.html?command=get_materiel&rest_code=00155&code=00101008091&supplier_code=00100005&order_time=2022-01-22 HTTP/1.1" 200 412
222.70.178.207 - - [22/Jan/2022:09:29:13 +0800] "GET /xingrg/all/function/internal_message.html?_=1642814949503&CODE_STATE=getMsg HTTP/1.1" 200 27
114.95.98.1 - - [22/Jan/2022:09:29:13 +0800] "GET /xingrg/kc/buy/cgsh_order_info.html?code=212022012210993 HTTP/1.1" 200 60305
114.95.98.1 - - [22/Jan/2022:09:29:14 +0800] "GET /xingrg/javascript/easyui/themes/default/validatebox.css HTTP/1.1" 404 1104
114.95.98.1 - - [22/Jan/2022:09:29:15 +0800] "POST /xingrg/kc/buy/cgsh_order_operate.html HTTP/1.1" 200 8365
222.70.178.207 - - [22/Jan/2022:09:29:17 +0800] "GET /xingrg/kc/buy/cgsh_order_operate.html?command=get_materiel&rest_code=00111&code=00101015038&supplier_code=00100037&order_time=2022-01-22 HTTP/1.1" 200 418
101.85.120.86 - - [22/Jan/2022:09:29:18 +0800] "GET /xingrg/all/function/internal_message.html?_=1642814954661&CODE_STATE=getMsg HTTP/1.1" 200 27
222.69.132.164 - - [22/Jan/2022:09:29:18 +0800] "POST /xingrg/kc/buy/cgsh_order_operate.html HTTP/1.1" 200 37
58.37.10.95 - - [22/Jan/2022:09:29:19 +0800] "GET /xingrg/all/function/internal_message.html?_=1642814751979&CODE_STATE=getMsg HTTP/1.1" 200 27
114.95.98.1 - - [22/Jan/2022:09:29:19 +0800] "GET /xingrg/kc/print/load_config.html?kc_code=cgsh HTTP/1.1" 200 1943
114.95.98.1 - - [22/Jan/2022:09:29:19 +0800] "GET /xingrg/kc/print/load_data.html?order_code=212022012210993&kc_code=cgsh&condition= HTTP/1.1" 200 3626
222.70.217.149 - - [22/Jan/2022:09:29:21 +0800] "GET /xingrg/kc/buy/cgsh_order_operate.html?command=get_materiel&rest_code=00155&code=00101008055&supplier_code=00100005&order_time=2022-01-22 HTTP/1.1" 200 409
101.83.241.107 - - [22/Jan/2022:09:29:22 +0800] "GET /xingrg/all/function/internal_message.html?_=1642814956478&CODE_STATE=getMsg HTTP/1.1" 200 27
222.70.217.149 - - [22/Jan/2022:09:29:23 +0800] "GET /xingrg/all/function/internal_message.html?_=1642814947230&CODE_STATE=getMsg HTTP/1.1" 200 27
180.152.99.73 - - [22/Jan/2022:09:29:24 +0800] "GET /xingrg/kc/buy/cgsh_order_operate.html?command=get_materiel&rest_code=00150&code=00101016025&supplier_code=00100096&order_time=2022-01-22 HTTP/1.1" 200 408
222.69.132.164 - - [22/Jan/2022:09:29:24 +0800] "POST /xingrg/kc/buy/cgsh_order_operate.html HTTP/1.1" 200 12
222.70.178.207 - - [22/Jan/2022:09:29:25 +0800] "GET /xingrg/kc/buy/cgsh_order_operate.html?command=get_materiel&rest_code=00111&code=00101015046&supplier_code=00100037&order_time=2022-01-22 HTTP/1.1" 200 412
222.70.178.207 - - [22/Jan/2022:09:29:27 +0800] "POST /xingrg/kc/buy/cgsh_order_operate.html HTTP/1.1" 200 2065
180.152.99.73 - - [22/Jan/2022:09:29:27 +0800] "GET /xingrg/all/function/internal_message.html?_=1642814965495&CODE_STATE=getMsg HTTP/1.1" 200 27
222.70.217.149 - - [22/Jan/2022:09:29:30 +0800] "GET /xingrg/kc/buy/cgsh_order_operate.html?command=get_materiel&rest_code=00155&code=00101008331&supplier_code=00100005&order_time=2022-01-22 HTTP/1.1" 200 416
180.152.99.39 - - [22/Jan/2022:09:29:32 +0800] "GET /xingrg/javascript/jquery_easy_ui/themes/default/images/button_a_bg.gif HTTP/1.1" 304 -
180.152.99.39 - - [22/Jan/2022:09:29:32 +0800] "GET /xingrg/javascript/jquery_easy_ui/themes/default/images/button_span_bg.gif HTTP/1.1" 304 -
180.152.99.39 - - [22/Jan/2022:09:29:32 +0800] "GET /xingrg/javascript/jquery_easy_ui/themes/icons/ok.png HTTP/1.1" 304 -
180.152.99.39 - - [22/Jan/2022:09:29:32 +0800] "GET /xingrg/javascript/jquery_easy_ui/themes/default/images/panel_tools.gif HTTP/1.1" 304 -
180.152.99.39 - - [22/Jan/2022:09:29:32 +0800] "GET /xingrg/javascript/jquery_easy_ui/themes/default/images/panel_title.png HTTP/1.1" 304 -
114.95.98.1 - - [22/Jan/2022:09:29:33 +0800] "GET /xingrg/all/function/internal_message.html?_=1642814990494&CODE_STATE=getMsg HTTP/1.1" 200 27
222.70.178.207 - - [22/Jan/2022:09:29:33 +0800] "GET /xingrg/kc/buy/cgsh_order_operate.html?command=get_materiel&rest_code=00111&code=00101015006&supplier_code=00100037&order_time=2022-01-22 HTTP/1.1" 200 413
180.152.99.73 - - [22/Jan/2022:09:29:34 +0800] "GET /xingrg/kc/buy/cgsh_order_operate.html?command=get_materiel&rest_code=00150&code=00101012051&supplier_code=00100096&order_time=2022-01-22 HTTP/1.1" 200 408
180.152.99.39 - - [22/Jan/2022:09:29:34 +0800] "POST /xingrg/all/user/operate.html HTTP/1.1" 200 36
180.152.99.39 - - [22/Jan/2022:09:29:35 +0800] "GET /xingrg/javascript/jquery_easy_ui/themes/default/easyui.css HTTP/1.1" 304 -
180.152.99.39 - - [22/Jan/2022:09:29:35 +0800] "GET /xingrg/javascript/jquery_easy_ui/themes/icon.css HTTP/1.1" 304 -
180.152.99.39 - - [22/Jan/2022:09:29:35 +0800] "GET /xingrg/index.html?sysBaseUrl=http%3A%2F%2F180.169.147.146%3A18081%2Fxingrg%2F&costTime=40×tamp=1642727306599 HTTP/1.1" 200 17179
180.152.99.39 - - [22/Jan/2022:09:29:35 +0800] "GET /xingrg/css/form.css HTTP/1.1" 304 -
180.152.99.39 - - [22/Jan/2022:09:29:35 +0800] "GET /xingrg/javascript/jquery-1.4.2.min.js HTTP/1.1" 304 -
180.152.99.39 - - [22/Jan/2022:09:29:35 +0800] "GET /xingrg/javascript/jquery_easy_ui/jquery.easyui.min.js HTTP/1.1" 304 -
180.152.99.39 - - [22/Jan/2022:09:29:35 +0800] "GET /xingrg/javascript/jquery_easy_ui/easyui-lang-zh_CN.js HTTP/1.1" 304 -
180.152.99.39 - - [22/Jan/2022:09:29:35 +0800] "GET /xingrg/javascript/jquery.form.js HTTP/1.1" 304 -
180.152.99.39 - - [22/Jan/2022:09:29:35 +0800] "GET /xingrg/javascript/jquery.utils.js HTTP/1.1" 304 -
180.152.99.39 - - [22/Jan/2022:09:29:35 +0800] "GET /xingrg/javascript/jquery.timers.js HTTP/1.1" 304 -
180.152.99.39 - - [22/Jan/2022:09:29:35 +0800] "GET /xingrg/images/blue/jxLogo.png HTTP/1.1" 304 -
180.152.99.39 - - [22/Jan/2022:09:29:35 +0800] "GET /xingrg/images/blue/navBackgound.jpg HTTP/1.1" 304 -
180.152.99.39 - - [22/Jan/2022:09:29:35 +0800] "GET /xingrg/javascript/jquery_easy_ui/themes/icons/settle_new.png HTTP/1.1" 304 -
180.152.99.39 - - [22/Jan/2022:09:29:35 +0800] "POST /xingrg/all/common/load_tree.html?tree=area_rest_tree_json&manage=1 HTTP/1.1" 200 476
180.152.99.39 - - [22/Jan/2022:09:29:35 +0800] "GET /xingrg/images/blue/pingpu.png HTTP/1.1" 304 -
180.152.99.39 - - [22/Jan/2022:09:29:35 +0800] "GET /xingrg/javascript/jquery_easy_ui/themes/default/images/tabs_leftarrow.png HTTP/1.1" 304 -
180.152.99.39 - - [22/Jan/2022:09:29:35 +0800] "GET /xingrg/javascript/jquery_easy_ui/themes/default/images/tabs_rightarrow.png HTTP/1.1" 304 -
180.152.99.39 - - [22/Jan/2022:09:29:35 +0800] "GET /xingrg/javascript/jquery_easy_ui/themes/default/images/panel_tool_collapse.gif HTTP/1.1" 304 -
180.152.99.39 - - [22/Jan/2022:09:29:35 +0800] "GET /xingrg/all/function/internal_message.html?_=1642814903524&CODE_STATE=count HTTP/1.1" 200 11
180.152.99.39 - - [22/Jan/2022:09:29:35 +0800] "GET /xingrg/check_reg.html?_=1642814903525 HTTP/1.1" 200 22
180.152.99.39 - - [22/Jan/2022:09:29:35 +0800] "GET /xingrg/javascript/jquery_easy_ui/themes/default/images/tree_arrows.gif HTTP/1.1" 304 -
180.152.99.39 - - [22/Jan/2022:09:29:35 +0800] "POST /xingrg/load_menu.html HTTP/1.1" 200 5138
180.152.99.39 - - [22/Jan/2022:09:29:35 +0800] "GET /xingrg/javascript/jquery_easy_ui/themes/default/images/tree_folder_open.gif HTTP/1.1" 304 -
180.152.99.39 - - [22/Jan/2022:09:29:35 +0800] "GET /xingrg/javascript/jquery_easy_ui/themes/icons/search_new.png HTTP/1.1" 304 -
180.152.99.39 - - [22/Jan/2022:09:29:35 +0800] "GET /xingrg/javascript/jquery_easy_ui/themes/default/images/tree_folder.gif HTTP/1.1" 304 -
180.152.99.39 - - [22/Jan/2022:09:29:35 +0800] "GET /xingrg/javascript/jquery_easy_ui/themes/icons/storage_new.png HTTP/1.1" 304 -
180.152.99.39 - - [22/Jan/2022:09:29:35 +0800] "GET /xingrg/javascript/jquery_easy_ui/themes/icons/forms_new.png HTTP/1.1" 304 -
180.152.99.39 - - [22/Jan/2022:09:29:35 +0800] "GET /xingrg/javascript/jquery_easy_ui/themes/default/images/tree_file.gif HTTP/1.1" 304 -
222.69.132.164 - - [22/Jan/2022:09:29:36 +0800] "GET /xingrg/kc/buy/cgsh_order_info.html?code=212022012110970 HTTP/1.1" 200 59476
222.69.132.164 - - [22/Jan/2022:09:29:36 +0800] "GET /xingrg/javascript/easyui/themes/default/validatebox.css HTTP/1.1" 404 1104
222.70.217.149 - - [22/Jan/2022:09:29:36 +0800] "GET /xingrg/kc/buy/cgsh_order_operate.html?command=get_materiel&rest_code=00155&code=00101008010&supplier_code=00100005&order_time=2022-01-22 HTTP/1.1" 200 412
222.69.132.164 - - [22/Jan/2022:09:29:36 +0800] "POST /xingrg/kc/buy/cgsh_order_operate.html HTTP/1.1" 200 619
180.152.99.39 - - [22/Jan/2022:09:29:38 +0800] "GET /xingrg/javascript/jquery_easy_ui/themes/default/images/tabs_close.gif HTTP/1.1" 304 -
180.152.99.39 - - [22/Jan/2022:09:29:38 +0800] "GET /xingrg/css/base.css HTTP/1.1" 304 -
180.152.99.39 - - [22/Jan/2022:09:29:38 +0800] "GET /xingrg/css/site.css HTTP/1.1" 304 -
180.152.99.39 - - [22/Jan/2022:09:29:38 +0800] "GET /xingrg/javascript/easyui/themes/default/easyui.css HTTP/1.1" 304 -
180.152.99.39 - - [22/Jan/2022:09:29:38 +0800] "GET /xingrg/javascript/easyui/themes/icon.css HTTP/1.1" 304 -
180.152.99.39 - - [22/Jan/2022:09:29:38 +0800] "GET /xingrg/javascript/auto/jquery.autocomplete.css HTTP/1.1" 304 -
180.152.99.39 - - [22/Jan/2022:09:29:38 +0800] "GET /xingrg/javascript/jquery_tools/jquery.tools.table.js HTTP/1.1" 304 -
180.152.99.39 - - [22/Jan/2022:09:29:38 +0800] "GET /xingrg/javascript/jquery_tools/list_manager.js HTTP/1.1" 304 -
180.152.99.39 - - [22/Jan/2022:09:29:38 +0800] "GET /xingrg/javascript/jquery_tools/jquery.tools.hotkey.js HTTP/1.1" 304 -
180.152.99.39 - - [22/Jan/2022:09:29:38 +0800] "GET /xingrg/javascript/jquery.cookie.js HTTP/1.1" 304 -
180.152.99.39 - - [22/Jan/2022:09:29:38 +0800] "GET /xingrg/javascript/jquery_tools/fix.css HTTP/1.1" 304 -
180.152.99.39 - - [22/Jan/2022:09:29:38 +0800] "GET /xingrg/javascript/jquery_tools/jquery.tools.extend.js HTTP/1.1" 304 -
180.152.99.39 - - [22/Jan/2022:09:29:38 +0800] "GET /xingrg/javascript/print/LodopFuncs.js HTTP/1.1" 304 -
180.152.99.39 - - [22/Jan/2022:09:29:38 +0800] "GET /xingrg/javascript/jquery_tools/table.css HTTP/1.1" 304 -
180.152.99.39 - - [22/Jan/2022:09:29:38 +0800] "GET /xingrg/javascript/jquery_tools/jquery.tools.min.js HTTP/1.1" 304 -
180.152.99.39 - - [22/Jan/2022:09:29:38 +0800] "GET /xingrg/javascript/auto/jquery.autocomplete.js HTTP/1.1" 304 -
180.152.99.39 - - [22/Jan/2022:09:29:38 +0800] "GET /xingrg/javascript/easyui/easyloader.js HTTP/1.1" 304 -
180.152.99.39 - - [22/Jan/2022:09:29:38 +0800] "GET /xingrg/javascript/jquery_tools/datebox.css HTTP/1.1" 304 -
180.152.99.39 - - [22/Jan/2022:09:29:38 +0800] "GET /xingrg/kc/buy/cgsh_order_list.html HTTP/1.1" 200 49645
180.152.99.39 - - [22/Jan/2022:09:29:38 +0800] "GET /xingrg/javascript/easyui/themes/icons/edit_add_new.png HTTP/1.1" 304 -
180.152.99.39 - - [22/Jan/2022:09:29:38 +0800] "GET /xingrg/javascript/easyui/themes/icons/cance_new.png HTTP/1.1" 304 -
180.152.99.39 - - [22/Jan/2022:09:29:38 +0800] "GET /xingrg/javascript/easyui/themes/icons/field_new.png HTTP/1.1" 304 -
180.152.99.39 - - [22/Jan/2022:09:29:38 +0800] "GET /xingrg/javascript/easyui/themes/icons/import_new.png HTTP/1.1" 304 -
180.152.99.39 - - [22/Jan/2022:09:29:38 +0800] "GET /xingrg/javascript/easyui/themes/icons/check_new.png HTTP/1.1" 304 -
180.152.99.39 - - [22/Jan/2022:09:29:38 +0800] "GET /xingrg/javascript/easyui/plugins/jquery.parser.js HTTP/1.1" 304 -
180.152.99.39 - - [22/Jan/2022:09:29:38 +0800] "GET /xingrg/images/control/ajaxLoader.gif HTTP/1.1" 304 -
180.152.99.39 - - [22/Jan/2022:09:29:39 +0800] "POST /xingrg/kc/buy/cgsh_list_operate.html HTTP/1.1" 200 876
180.152.99.39 - - [22/Jan/2022:09:29:40 +0800] "GET /xingrg/javascript/easyui/themes/default/images/button_plain_hover.png HTTP/1.1" 304 -
222.69.132.164 - - [22/Jan/2022:09:29:40 +0800] "GET /xingrg/kc/print/load_config.html?kc_code=cgsh HTTP/1.1" 200 1943
222.69.132.164 - - [22/Jan/2022:09:29:40 +0800] "GET /xingrg/kc/print/load_data.html?order_code=212022012110970&kc_code=cgsh&condition= HTTP/1.1" 200 703
180.152.99.39 - - [22/Jan/2022:09:29:40 +0800] "GET /xingrg/javascript/pic_change.js HTTP/1.1" 304 -
180.152.99.39 - - [22/Jan/2022:09:29:40 +0800] "GET /xingrg/javascript/jquery_tools/order_manager.js HTTP/1.1" 304 -
180.152.99.39 - - [22/Jan/2022:09:29:40 +0800] "GET /xingrg/javascript/convert.js HTTP/1.1" 304 -
180.152.99.39 - - [22/Jan/2022:09:29:40 +0800] "GET /xingrg/javascript/json2.js HTTP/1.1" 304 -
180.152.99.39 - - [22/Jan/2022:09:29:40 +0800] "GET /xingrg/javascript/print/kc_print.js HTTP/1.1" 304 -
180.152.99.39 - - [22/Jan/2022:09:29:40 +0800] "GET /xingrg/kc/buy/cgsh_order_add.html HTTP/1.1" 200 65344
180.152.99.39 - - [22/Jan/2022:09:29:40 +0800] "GET /xingrg/words/20220120171707_words.js HTTP/1.1" 304 -
180.152.99.39 - - [22/Jan/2022:09:29:40 +0800] "GET /xingrg/javascript/easyui/themes/icons/copy_new.png HTTP/1.1" 304 -
180.152.99.39 - - [22/Jan/2022:09:29:40 +0800] "GET /xingrg/javascript/easyui/themes/icons/ok.png HTTP/1.1" 304 -
180.152.99.39 - - [22/Jan/2022:09:29:40 +0800] "GET /xingrg/javascript/easyui/themes/icons/template_new.png HTTP/1.1" 304 -
180.152.99.39 - - [22/Jan/2022:09:29:40 +0800] "GET /xingrg/javascript/easyui/themes/icons/print.png HTTP/1.1" 304 -
180.152.99.39 - - [22/Jan/2022:09:29:40 +0800] "GET /xingrg/javascript/easyui/themes/default/images/menu_downarrow.png HTTP/1.1" 304 -
180.152.99.39 - - [22/Jan/2022:09:29:40 +0800] "GET /xingrg/javascript/easyui/themes/icons/cancel.png HTTP/1.1" 304 -
180.152.99.39 - - [22/Jan/2022:09:29:40 +0800] "POST /xingrg/kc/buy/cgsh_order_operate.html HTTP/1.1" 200 8245
180.152.99.39 - - [22/Jan/2022:09:29:40 +0800] "GET /xingrg/javascript/easyui/themes/icons/edit_remove.png HTTP/1.1" 304 -
180.152.99.39 - - [22/Jan/2022:09:29:41 +0800] "GET /xingrg/all/common/auto_word.html?type=employee&rest_code=00150 HTTP/1.1" 200 159
180.152.99.39 - - [22/Jan/2022:09:29:41 +0800] "GET /xingrg/all/common/auto_word.html?type=employee&rest_code=00150 HTTP/1.1" 200 159
180.152.99.39 - - [22/Jan/2022:09:29:41 +0800] "GET /xingrg/javascript/easyui/themes/default/validatebox.css HTTP/1.1" 404 1104
180.152.99.39 - - [22/Jan/2022:09:29:41 +0800] "GET /xingrg/javascript/easyui/plugins/jquery.validatebox.js HTTP/1.1" 304 -
180.152.99.39 - - [22/Jan/2022:09:29:41 +0800] "GET /xingrg/javascript/easyui/plugins/jquery.numberbox.js HTTP/1.1" 304 -
180.152.99.39 - - [22/Jan/2022:09:29:41 +0800] "GET /xingrg/javascript/auto/indicator.gif HTTP/1.1" 404 1066
222.70.217.149 - - [22/Jan/2022:09:29:43 +0800] "GET /xingrg/kc/buy/cgsh_order_operate.html?command=get_materiel&rest_code=00155&code=00101008015&supplier_code=00100005&order_time=2022-01-22 HTTP/1.1" 200 414
58.39.168.32 - - [22/Jan/2022:09:29:48 +0800] "GET /xingrg/check_reg.html?_=1642814985856 HTTP/1.1" 200 22
58.39.168.32 - - [22/Jan/2022:09:29:48 +0800] "GET /xingrg/all/function/internal_message.html?_=1642814985859&CODE_STATE=getMsg HTTP/1.1" 200 27
180.169.147.146 - - [22/Jan/2022:09:29:48 +0800] "GET /xingrg/check_reg.html?_=1642814985426 HTTP/1.1" 200 22
180.169.147.146 - - [22/Jan/2022:09:29:48 +0800] "GET /xingrg/all/function/internal_message.html?_=1642814985427&CODE_STATE=getMsg HTTP/1.1" 200 27
222.70.243.96 - - [22/Jan/2022:09:29:53 +0800] "GET /xingrg/check_reg.html?_=1642815002180 HTTP/1.1" 200 22
101.80.229.199 - - [22/Jan/2022:09:29:53 +0800] "GET /xingrg/all/function/internal_message.html?_=1642814989526&CODE_STATE=getMsg HTTP/1.1" 200 27
180.152.99.39 - - [22/Jan/2022:09:29:54 +0800] "GET /xingrg/kc/buy/cgsh_order_operate.html?command=get_materiel&rest_code=00150&code=00101031001&supplier_code=00100064&order_time=2022-01-22 HTTP/1.1" 200 419
222.70.178.207 - - [22/Jan/2022:09:29:54 +0800] "GET /xingrg/kc/buy/cgsh_order_operate.html?command=get_materiel&rest_code=00111&code=00101008200&supplier_code=00100037&order_time=2022-01-22 HTTP/1.1" 200 412
222.70.243.96 - - [22/Jan/2022:09:29:54 +0800] "GET /xingrg/all/function/internal_message.html?_=1642815003642&CODE_STATE=getMsg HTTP/1.1" 200 27
222.70.217.149 - - [22/Jan/2022:09:29:54 +0800] "GET /xingrg/kc/buy/cgsh_order_operate.html?command=get_materiel&rest_code=00155&code=00101008096&supplier_code=00100005&order_time=2022-01-22 HTTP/1.1" 200 413
180.152.99.73 - - [22/Jan/2022:09:29:55 +0800] "GET /xingrg/kc/buy/cgsh_order_operate.html?command=get_materiel&rest_code=00150&code=00101006130&supplier_code=00100096&order_time=2022-01-22 HTTP/1.1" 200 448
114.95.98.1 - - [22/Jan/2022:09:29:59 +0800] "GET /xingrg/kc/buy/cgsh_order_add.html HTTP/1.1" 200 65408
114.95.98.1 - - [22/Jan/2022:09:30:00 +0800] "POST /xingrg/kc/buy/cgsh_order_operate.html HTTP/1.1" 200 8245
114.95.98.1 - - [22/Jan/2022:09:30:01 +0800] "GET /xingrg/javascript/easyui/themes/default/validatebox.css HTTP/1.1" 404 1104
222.70.217.149 - - [22/Jan/2022:09:30:01 +0800] "GET /xingrg/kc/buy/cgsh_order_operate.html?command=get_materiel&rest_code=00155&code=00101008038&supplier_code=00100005&order_time=2022-01-22 HTTP/1.1" 200 412
222.69.132.164 - - [22/Jan/2022:09:30:02 +0800] "GET /xingrg/all/function/internal_message.html?_=1642815051932&CODE_STATE=getMsg HTTP/1.1" 200 27
180.152.99.39 - - [22/Jan/2022:09:30:03 +0800] "POST /xingrg/kc/buy/cgsh_order_operate.html HTTP/1.1" 200 37
114.95.98.1 - - [22/Jan/2022:09:30:05 +0800] "GET /xingrg/javascript/easyui/plugins/jquery.draggable.js HTTP/1.1" 200 6121
114.95.98.1 - - [22/Jan/2022:09:30:05 +0800] "GET /xingrg/javascript/easyui/plugins/jquery.droppable.js HTTP/1.1" 200 1167
114.95.98.1 - - [22/Jan/2022:09:30:05 +0800] "GET /xingrg/javascript/easyui/themes/default/tree.css HTTP/1.1" 404 1090
114.95.98.1 - - [22/Jan/2022:09:30:05 +0800] "GET /xingrg/javascript/easyui/plugins/jquery.tree.js HTTP/1.1" 200 20874
114.95.98.1 - - [22/Jan/2022:09:30:05 +0800] "POST /xingrg/all/common/load_tree.html?tree=supplier_tree_json&isDelete=1 HTTP/1.1" 200 61885
222.70.217.149 - - [22/Jan/2022:09:30:07 +0800] "GET /xingrg/kc/buy/cgsh_order_operate.html?command=get_materiel&rest_code=00155&code=00101008003&supplier_code=00100005&order_time=2022-01-22 HTTP/1.1" 200 408
180.152.99.39 - - [22/Jan/2022:09:30:08 +0800] "POST /xingrg/kc/buy/cgsh_order_operate.html HTTP/1.1" 200 12
114.95.98.1 - - [22/Jan/2022:09:30:08 +0800] "GET /xingrg/javascript/easyui/themes/default/images/tree_arrows.gif HTTP/1.1" 200 617
114.95.98.1 - - [22/Jan/2022:09:30:08 +0800] "GET /xingrg/javascript/easyui/themes/default/images/tree_folder_open.gif HTTP/1.1" 200 956
114.95.98.1 - - [22/Jan/2022:09:30:08 +0800] "GET /xingrg/javascript/easyui/themes/default/images/tree_folder.gif HTTP/1.1" 200 952
114.95.98.1 - - [22/Jan/2022:09:30:08 +0800] "GET /xingrg/javascript/easyui/themes/default/images/tree_file.gif HTTP/1.1" 200 118
180.152.99.39 - - [22/Jan/2022:09:30:09 +0800] "GET /xingrg/kc/buy/cgsh_order_info.html?code=212022012210994 HTTP/1.1" 200 60257
180.152.99.39 - - [22/Jan/2022:09:30:09 +0800] "GET /xingrg/javascript/jquery_easy_ui/themes/icons/area.png HTTP/1.1" 304 -
