124.79.247.218 - - [22/Jan/2022:09:41:06 +0800] "GET /xingrg/css/new_ie.css HTTP/1.1" 404 1036
124.79.247.218 - - [22/Jan/2022:09:41:06 +0800] "GET /xingrg/javascript/jquery_ui/themes/humanity/humanity.css HTTP/1.1" 304 -
124.79.247.218 - - [22/Jan/2022:09:41:06 +0800] "GET /xingrg/javascript/myfunction.js HTTP/1.1" 304 -
124.79.247.218 - - [22/Jan/2022:09:41:06 +0800] "GET /xingrg/javascript/jquery-1.4.2.min.js HTTP/1.1" 304 -
124.79.247.218 - - [22/Jan/2022:09:41:06 +0800] "GET /xingrg/javascript/pic_change.js HTTP/1.1" 304 -
124.79.247.218 - - [22/Jan/2022:09:41:06 +0800] "GET /xingrg/javascript/jquery_easy_ui/themes/icon.css HTTP/1.1" 304 -
124.79.247.218 - - [22/Jan/2022:09:41:06 +0800] "GET /xingrg/javascript/jquery.utils.js HTTP/1.1" 304 -
124.79.247.218 - - [22/Jan/2022:09:41:06 +0800] "GET /xingrg/javascript/jquery_ui/jquery-ui.min.js HTTP/1.1" 304 -
124.79.247.218 - - [22/Jan/2022:09:41:06 +0800] "GET /xingrg/javascript/ToolTips.js HTTP/1.1" 304 -
124.79.247.218 - - [22/Jan/2022:09:41:06 +0800] "GET /xingrg/javascript/jquery_easy_ui/themes/default/easyui.css HTTP/1.1" 304 -
124.79.247.218 - - [22/Jan/2022:09:41:06 +0800] "GET /xingrg/images/blue/button/cgxqd.gif HTTP/1.1" 304 -
124.79.247.218 - - [22/Jan/2022:09:41:06 +0800] "GET /xingrg/images/blue/button/cgydd.gif HTTP/1.1" 304 -
124.79.247.218 - - [22/Jan/2022:09:41:06 +0800] "GET /xingrg/images/blue/button/cgshd.gif HTTP/1.1" 304 -
124.79.247.218 - - [22/Jan/2022:09:41:06 +0800] "GET /xingrg/images/blue/button/ckthd.gif HTTP/1.1" 304 -
124.79.247.218 - - [22/Jan/2022:09:41:06 +0800] "GET /xingrg/images/blue/button/cgfkd.gif HTTP/1.1" 304 -
124.79.247.218 - - [22/Jan/2022:09:41:06 +0800] "GET /xingrg/images/blue/button/kc.gif HTTP/1.1" 304 -
124.79.247.218 - - [22/Jan/2022:09:41:06 +0800] "GET /xingrg/images/blue/pic_form2.gif HTTP/1.1" 304 -
124.79.247.218 - - [22/Jan/2022:09:41:06 +0800] "GET /xingrg/javascript/jquery_ui/themes/humanity/images/ui-bg_inset-soft_100_f4f0ec_1x100.png HTTP/1.1" 304 -
124.79.247.218 - - [22/Jan/2022:09:41:06 +0800] "GET /xingrg/images/blue/bg_dotted.jpg HTTP/1.1" 304 -
124.79.247.218 - - [22/Jan/2022:09:41:06 +0800] "GET /xingrg/images/blue/button/right_ah.jpg HTTP/1.1" 304 -
124.79.247.218 - - [22/Jan/2022:09:41:06 +0800] "GET /xingrg/images/blue/button/down_ah.jpg HTTP/1.1" 304 -
124.79.247.218 - - [22/Jan/2022:09:41:06 +0800] "GET /xingrg/javascript/jquery_ui/themes/humanity/images/ui-iconsnew.jpg HTTP/1.1" 304 -
124.79.247.218 - - [22/Jan/2022:09:41:06 +0800] "GET /xingrg/javascript/jquery_ui/themes/humanity/images/ui-icons_ffffff_256x240.png HTTP/1.1" 304 -
124.79.247.218 - - [22/Jan/2022:09:41:06 +0800] "GET /xingrg/javascript/jquery_ui/themes/humanity/images/ui-icons_c47a23_256x240.png HTTP/1.1" 304 -
124.79.247.218 - - [22/Jan/2022:09:41:06 +0800] "GET /xingrg/javascript/jquery_ui/themes/humanity/images/ui-bg_glass_70_ede4d4_1x400.png HTTP/1.1" 304 -
124.79.247.218 - - [22/Jan/2022:09:41:06 +0800] "GET /xingrg/images/yd/bt.gif HTTP/1.1" 404 1040
124.79.247.218 - - [22/Jan/2022:09:41:07 +0800] "GET /xingrg/login.html HTTP/1.1" 200 7641
124.79.247.218 - - [22/Jan/2022:09:41:07 +0800] "GET /favicon.ico HTTP/1.1" 404 -
124.79.247.218 - - [22/Jan/2022:09:41:07 +0800] "GET /xingrg/kc/buy/cgsh_order_list.html HTTP/1.1" 200 49645
124.79.247.218 - - [22/Jan/2022:09:41:08 +0800] "GET /xingrg/css/base.css HTTP/1.1" 304 -
124.79.247.218 - - [22/Jan/2022:09:41:08 +0800] "GET /xingrg/css/site.css HTTP/1.1" 304 -
124.79.247.218 - - [22/Jan/2022:09:41:08 +0800] "GET /xingrg/javascript/jquery_tools/datebox.css HTTP/1.1" 304 -
124.79.247.218 - - [22/Jan/2022:09:41:08 +0800] "GET /xingrg/javascript/easyui/themes/default/easyui.css HTTP/1.1" 304 -
124.79.247.218 - - [22/Jan/2022:09:41:08 +0800] "GET /xingrg/javascript/easyui/themes/icon.css HTTP/1.1" 304 -
124.79.247.218 - - [22/Jan/2022:09:41:08 +0800] "GET /xingrg/javascript/auto/jquery.autocomplete.css HTTP/1.1" 304 -
124.79.247.218 - - [22/Jan/2022:09:41:08 +0800] "GET /xingrg/javascript/jquery_tools/table.css HTTP/1.1" 304 -
124.79.247.218 - - [22/Jan/2022:09:41:08 +0800] "GET /xingrg/javascript/jquery_tools/jquery.tools.min.js HTTP/1.1" 304 -
124.79.247.218 - - [22/Jan/2022:09:41:08 +0800] "GET /xingrg/javascript/jquery_tools/jquery.tools.extend.js HTTP/1.1" 304 -
124.79.247.218 - - [22/Jan/2022:09:41:08 +0800] "GET /xingrg/javascript/jquery_tools/jquery.tools.table.js HTTP/1.1" 304 -
124.79.247.218 - - [22/Jan/2022:09:41:08 +0800] "GET /xingrg/javascript/jquery.utils.js HTTP/1.1" 304 -
124.79.247.218 - - [22/Jan/2022:09:41:08 +0800] "GET /xingrg/javascript/jquery_tools/jquery.tools.hotkey.js HTTP/1.1" 304 -
124.79.247.218 - - [22/Jan/2022:09:41:08 +0800] "GET /xingrg/javascript/auto/jquery.autocomplete.js HTTP/1.1" 304 -
124.79.247.218 - - [22/Jan/2022:09:41:08 +0800] "GET /xingrg/javascript/easyui/easyloader.js HTTP/1.1" 304 -
124.79.247.218 - - [22/Jan/2022:09:41:08 +0800] "GET /xingrg/javascript/jquery.cookie.js HTTP/1.1" 304 -
124.79.247.218 - - [22/Jan/2022:09:41:08 +0800] "GET /xingrg/javascript/jquery_tools/fix.css HTTP/1.1" 304 -
124.79.247.218 - - [22/Jan/2022:09:41:08 +0800] "GET /xingrg/javascript/print/LodopFuncs.js HTTP/1.1" 304 -
124.79.247.218 - - [22/Jan/2022:09:41:08 +0800] "GET /xingrg/javascript/jquery_tools/list_manager.js HTTP/1.1" 304 -
124.79.247.218 - - [22/Jan/2022:09:41:08 +0800] "GET /xingrg/javascript/easyui/themes/icons/edit_add_new.png HTTP/1.1" 304 -
124.79.247.218 - - [22/Jan/2022:09:41:08 +0800] "GET /xingrg/javascript/easyui/themes/icons/cance_new.png HTTP/1.1" 304 -
124.79.247.218 - - [22/Jan/2022:09:41:08 +0800] "GET /xingrg/javascript/easyui/themes/icons/check_new.png HTTP/1.1" 304 -
124.79.247.218 - - [22/Jan/2022:09:41:08 +0800] "GET /xingrg/javascript/easyui/themes/icons/field_new.png HTTP/1.1" 304 -
124.79.247.218 - - [22/Jan/2022:09:41:08 +0800] "GET /xingrg/javascript/easyui/themes/icons/import_new.png HTTP/1.1" 304 -
124.79.247.218 - - [22/Jan/2022:09:41:08 +0800] "GET /xingrg/javascript/jquery_easy_ui/themes/icons/area.png HTTP/1.1" 304 -
124.79.247.218 - - [22/Jan/2022:09:41:08 +0800] "GET /xingrg/javascript/jquery_easy_ui/themes/icons/rest.png HTTP/1.1" 304 -
124.79.247.218 - - [22/Jan/2022:09:41:08 +0800] "GET /xingrg/javascript/easyui/plugins/jquery.parser.js HTTP/1.1" 304 -
124.79.247.218 - - [22/Jan/2022:09:41:08 +0800] "GET /xingrg/images/control/ajaxLoader.gif HTTP/1.1" 304 -
124.79.247.218 - - [22/Jan/2022:09:41:09 +0800] "POST /xingrg/kc/buy/cgsh_list_operate.html HTTP/1.1" 200 876
124.79.247.218 - - [22/Jan/2022:09:41:10 +0800] "GET /xingrg/javascript/easyui/themes/default/images/button_plain_hover.png HTTP/1.1" 304 -
58.39.168.32 - - [22/Jan/2022:09:41:10 +0800] "GET /xingrg/all/function/internal_message.html?_=1642815605101&CODE_STATE=getMsg HTTP/1.1" 200 27
124.79.247.218 - - [22/Jan/2022:09:41:10 +0800] "GET /xingrg/javascript/easyui/themes/default/images/button_plain_hover.png HTTP/1.1" 304 -
124.79.247.218 - - [22/Jan/2022:09:41:10 +0800] "GET /xingrg/javascript/easyui/themes/default/images/button_plain_hover.png HTTP/1.1" 304 -
124.79.247.218 - - [22/Jan/2022:09:41:12 +0800] "GET /xingrg/css/base.css HTTP/1.1" 304 -
124.79.247.218 - - [22/Jan/2022:09:41:12 +0800] "GET /xingrg/css/site.css HTTP/1.1" 304 -
124.79.247.218 - - [22/Jan/2022:09:41:12 +0800] "GET /xingrg/javascript/jquery_tools/fix.css HTTP/1.1" 304 -
124.79.247.218 - - [22/Jan/2022:09:41:12 +0800] "GET /xingrg/javascript/easyui/themes/default/easyui.css HTTP/1.1" 304 -
124.79.247.218 - - [22/Jan/2022:09:41:12 +0800] "GET /xingrg/javascript/jquery_tools/datebox.css HTTP/1.1" 304 -
124.79.247.218 - - [22/Jan/2022:09:41:12 +0800] "GET /xingrg/javascript/easyui/themes/icon.css HTTP/1.1" 304 -
124.79.247.218 - - [22/Jan/2022:09:41:12 +0800] "GET /xingrg/kc/buy/cgsh_order_add.html HTTP/1.1" 200 65449
124.79.247.218 - - [22/Jan/2022:09:41:12 +0800] "GET /xingrg/javascript/auto/jquery.autocomplete.css HTTP/1.1" 304 -
124.79.247.218 - - [22/Jan/2022:09:41:12 +0800] "GET /xingrg/javascript/jquery_tools/jquery.tools.min.js HTTP/1.1" 304 -
124.79.247.218 - - [22/Jan/2022:09:41:12 +0800] "GET /xingrg/javascript/jquery_tools/table.css HTTP/1.1" 304 -
124.79.247.218 - - [22/Jan/2022:09:41:12 +0800] "GET /xingrg/javascript/pic_change.js HTTP/1.1" 304 -
124.79.247.218 - - [22/Jan/2022:09:41:12 +0800] "GET /xingrg/javascript/jquery_tools/jquery.tools.hotkey.js HTTP/1.1" 304 -
124.79.247.218 - - [22/Jan/2022:09:41:12 +0800] "GET /xingrg/javascript/auto/jquery.autocomplete.js HTTP/1.1" 304 -
124.79.247.218 - - [22/Jan/2022:09:41:12 +0800] "GET /xingrg/javascript/easyui/easyloader.js HTTP/1.1" 304 -
124.79.247.218 - - [22/Jan/2022:09:41:12 +0800] "GET /xingrg/javascript/jquery.cookie.js HTTP/1.1" 304 -
124.79.247.218 - - [22/Jan/2022:09:41:12 +0800] "GET /xingrg/javascript/jquery.utils.js HTTP/1.1" 304 -
124.79.247.218 - - [22/Jan/2022:09:41:12 +0800] "GET /xingrg/javascript/convert.js HTTP/1.1" 304 -
124.79.247.218 - - [22/Jan/2022:09:41:12 +0800] "GET /xingrg/javascript/jquery_tools/jquery.tools.extend.js HTTP/1.1" 304 -
124.79.247.218 - - [22/Jan/2022:09:41:12 +0800] "GET /xingrg/javascript/jquery_tools/order_manager.js HTTP/1.1" 304 -
124.79.247.218 - - [22/Jan/2022:09:41:12 +0800] "GET /xingrg/javascript/json2.js HTTP/1.1" 304 -
124.79.247.218 - - [22/Jan/2022:09:41:12 +0800] "GET /xingrg/javascript/print/kc_print.js HTTP/1.1" 304 -
124.79.247.218 - - [22/Jan/2022:09:41:12 +0800] "GET /xingrg/javascript/print/LodopFuncs.js HTTP/1.1" 304 -
124.79.247.218 - - [22/Jan/2022:09:41:12 +0800] "GET /xingrg/javascript/jquery_tools/jquery.tools.table.js HTTP/1.1" 304 -
124.79.247.218 - - [22/Jan/2022:09:41:12 +0800] "GET /xingrg/words/20220120171707_words.js HTTP/1.1" 304 -
124.79.247.218 - - [22/Jan/2022:09:41:12 +0800] "GET /xingrg/javascript/easyui/themes/icons/template_new.png HTTP/1.1" 304 -
124.79.247.218 - - [22/Jan/2022:09:41:12 +0800] "GET /xingrg/javascript/easyui/themes/icons/copy_new.png HTTP/1.1" 304 -
124.79.247.218 - - [22/Jan/2022:09:41:12 +0800] "GET /xingrg/javascript/easyui/themes/icons/ok.png HTTP/1.1" 304 -
124.79.247.218 - - [22/Jan/2022:09:41:12 +0800] "GET /xingrg/javascript/easyui/themes/icons/print.png HTTP/1.1" 304 -
124.79.247.218 - - [22/Jan/2022:09:41:12 +0800] "GET /xingrg/javascript/easyui/themes/default/images/menu_downarrow.png HTTP/1.1" 304 -
124.79.247.218 - - [22/Jan/2022:09:41:12 +0800] "GET /xingrg/javascript/easyui/themes/icons/cancel.png HTTP/1.1" 304 -
124.79.247.218 - - [22/Jan/2022:09:41:12 +0800] "GET /xingrg/javascript/easyui/plugins/jquery.parser.js HTTP/1.1" 304 -
180.152.99.39 - - [22/Jan/2022:09:41:12 +0800] "GET /xingrg/kc/buy/cgsh_order_operate.html?command=get_materiel&rest_code=00150&code=00101008350&supplier_code=00100007&order_time=2022-01-22 HTTP/1.1" 200 408
124.79.247.218 - - [22/Jan/2022:09:41:12 +0800] "POST /xingrg/kc/buy/cgsh_order_operate.html HTTP/1.1" 200 8245
124.79.247.218 - - [22/Jan/2022:09:41:12 +0800] "GET /xingrg/javascript/easyui/themes/icons/edit_remove.png HTTP/1.1" 304 -
124.79.247.218 - - [22/Jan/2022:09:41:13 +0800] "GET /xingrg/all/common/auto_word.html?type=employee&rest_code=00104 HTTP/1.1" 200 245
124.79.247.218 - - [22/Jan/2022:09:41:13 +0800] "GET /xingrg/all/common/auto_word.html?type=employee&rest_code=00104 HTTP/1.1" 200 245
222.70.178.207 - - [22/Jan/2022:09:41:13 +0800] "GET /xingrg/check_reg.html?_=1642815669303 HTTP/1.1" 200 22
222.70.178.207 - - [22/Jan/2022:09:41:13 +0800] "GET /xingrg/all/function/internal_message.html?_=1642815669304&CODE_STATE=getMsg HTTP/1.1" 200 27
124.79.247.218 - - [22/Jan/2022:09:41:13 +0800] "GET /xingrg/javascript/easyui/themes/default/validatebox.css HTTP/1.1" 404 1104
124.79.247.218 - - [22/Jan/2022:09:41:13 +0800] "GET /xingrg/javascript/easyui/plugins/jquery.validatebox.js HTTP/1.1" 304 -
124.79.247.218 - - [22/Jan/2022:09:41:13 +0800] "GET /xingrg/javascript/easyui/plugins/jquery.numberbox.js HTTP/1.1" 304 -
124.79.247.218 - - [22/Jan/2022:09:41:16 +0800] "GET /xingrg/javascript/easyui/plugins/jquery.draggable.js HTTP/1.1" 304 -
124.79.247.218 - - [22/Jan/2022:09:41:16 +0800] "GET /xingrg/css/images/panel_loading.gif HTTP/1.1" 304 -
124.79.247.218 - - [22/Jan/2022:09:41:17 +0800] "GET /xingrg/javascript/easyui/plugins/jquery.droppable.js HTTP/1.1" 304 -
124.79.247.218 - - [22/Jan/2022:09:41:17 +0800] "GET /xingrg/javascript/easyui/themes/default/tree.css HTTP/1.1" 404 1090
124.79.247.218 - - [22/Jan/2022:09:41:17 +0800] "GET /xingrg/javascript/easyui/plugins/jquery.tree.js HTTP/1.1" 304 -
124.79.247.218 - - [22/Jan/2022:09:41:17 +0800] "POST /xingrg/all/common/load_tree.html?tree=supplier_tree_json&isDelete=1 HTTP/1.1" 200 61885
101.85.120.86 - - [22/Jan/2022:09:41:18 +0800] "GET /xingrg/all/function/internal_message.html?_=1642815674688&CODE_STATE=getMsg HTTP/1.1" 200 27
58.37.10.95 - - [22/Jan/2022:09:41:18 +0800] "GET /xingrg/all/function/internal_message.html?_=1642815471708&CODE_STATE=getMsg HTTP/1.1" 200 27
124.79.247.218 - - [22/Jan/2022:09:41:19 +0800] "GET /xingrg/javascript/easyui/themes/default/images/tree_arrows.gif HTTP/1.1" 304 -
124.79.247.218 - - [22/Jan/2022:09:41:19 +0800] "GET /xingrg/javascript/easyui/themes/default/images/tree_folder_open.gif HTTP/1.1" 304 -
124.79.247.218 - - [22/Jan/2022:09:41:19 +0800] "GET /xingrg/javascript/easyui/themes/default/images/tree_folder.gif HTTP/1.1" 304 -
124.79.247.218 - - [22/Jan/2022:09:41:19 +0800] "GET /xingrg/javascript/easyui/themes/default/images/tree_file.gif HTTP/1.1" 304 -
58.39.168.32 - - [22/Jan/2022:09:41:20 +0800] "POST /xingrg/kc/buy/cgsh_order_operate.html HTTP/1.1" 200 37
180.152.99.39 - - [22/Jan/2022:09:41:21 +0800] "GET /xingrg/kc/buy/cgsh_order_operate.html?command=get_materiel&rest_code=00150&code=00101008224&supplier_code=00100007&order_time=2022-01-22 HTTP/1.1" 200 416
58.39.168.32 - - [22/Jan/2022:09:41:22 +0800] "POST /xingrg/kc/buy/cgsh_order_operate.html HTTP/1.1" 200 4432
101.83.241.107 - - [22/Jan/2022:09:41:22 +0800] "GET /xingrg/all/function/internal_message.html?_=1642815676231&CODE_STATE=getMsg HTTP/1.1" 200 27
222.70.217.149 - - [22/Jan/2022:09:41:23 +0800] "GET /xingrg/all/function/internal_message.html?_=1642815667207&CODE_STATE=getMsg HTTP/1.1" 200 27
180.152.99.39 - - [22/Jan/2022:09:41:28 +0800] "POST /xingrg/kc/buy/cgsh_order_operate.html HTTP/1.1" 200 37
124.79.247.218 - - [22/Jan/2022:09:41:29 +0800] "POST /xingrg/login.do HTTP/1.1" 302 -
124.79.247.218 - - [22/Jan/2022:09:41:29 +0800] "GET /xingrg/index.html?sysBaseUrl=http%3A%2F%2F180.169.147.146%3A18081%2Fxingrg%2F&costTime=42×tamp=1642815689951 HTTP/1.1" 200 17179
124.79.247.218 - - [22/Jan/2022:09:41:30 +0800] "GET /favicon.ico HTTP/1.1" 404 -
180.152.99.39 - - [22/Jan/2022:09:41:30 +0800] "POST /xingrg/kc/buy/cgsh_order_operate.html HTTP/1.1" 200 29858
124.79.247.218 - - [22/Jan/2022:09:41:30 +0800] "POST /xingrg/all/common/load_tree.html?tree=area_rest_tree_json&manage=1 HTTP/1.1" 200 351
124.79.247.218 - - [22/Jan/2022:09:41:30 +0800] "GET /xingrg/all/function/internal_message.html?_=1642815827938&CODE_STATE=count HTTP/1.1" 200 11
124.79.247.218 - - [22/Jan/2022:09:41:30 +0800] "GET /xingrg/check_reg.html?_=1642815827939 HTTP/1.1" 200 22
124.79.247.218 - - [22/Jan/2022:09:41:30 +0800] "POST /xingrg/load_menu.html HTTP/1.1" 200 5138
58.39.168.32 - - [22/Jan/2022:09:41:30 +0800] "GET /xingrg/kc/print/load_data.html?order_code=212022012210981&kc_code=cgsh&condition= HTTP/1.1" 200 1354
124.79.247.218 - - [22/Jan/2022:09:41:31 +0800] "GET /xingrg/javascript/auto/indicator.gif HTTP/1.1" 404 1066
114.95.98.1 - - [22/Jan/2022:09:41:34 +0800] "GET /xingrg/all/function/internal_message.html?_=1642815711583&CODE_STATE=getMsg HTTP/1.1" 200 27
180.152.99.39 - - [22/Jan/2022:09:41:36 +0800] "GET /xingrg/kc/buy/cgsh_order_operate.html?command=get_materiel&rest_code=00150&code=00101008360&supplier_code=00100007&order_time=2022-01-22 HTTP/1.1" 200 432
180.152.99.39 - - [22/Jan/2022:09:41:39 +0800] "GET /xingrg/all/function/internal_message.html?_=1642815627355&CODE_STATE=getMsg HTTP/1.1" 200 27
116.232.50.26 - - [22/Jan/2022:09:41:40 +0800] "GET /xingrg/all/function/internal_message.html?_=1642815697578&CODE_STATE=getMsg HTTP/1.1" 200 27
124.79.247.218 - - [22/Jan/2022:09:41:41 +0800] "GET /xingrg/kc/buy/cgsh_order_operate.html?command=get_materiel&rest_code=00104&code=00101008270&supplier_code=00100005&order_time=2022-01-22 HTTP/1.1" 200 412
180.152.99.39 - - [22/Jan/2022:09:41:48 +0800] "GET /xingrg/kc/buy/cgsh_order_operate.html?command=get_materiel&rest_code=00150&code=00101008278&supplier_code=00100007&order_time=2022-01-22 HTTP/1.1" 200 412
58.39.168.32 - - [22/Jan/2022:09:41:48 +0800] "GET /xingrg/all/function/internal_message.html?_=1642815705900&CODE_STATE=getMsg HTTP/1.1" 200 27
180.169.147.146 - - [22/Jan/2022:09:41:48 +0800] "GET /xingrg/all/function/internal_message.html?_=1642815705427&CODE_STATE=getMsg HTTP/1.1" 200 27
101.80.229.199 - - [22/Jan/2022:09:41:52 +0800] "GET /xingrg/all/function/internal_message.html?_=1642815709305&CODE_STATE=getMsg HTTP/1.1" 200 27
222.70.243.96 - - [22/Jan/2022:09:41:54 +0800] "GET /xingrg/all/function/internal_message.html?_=1642815723828&CODE_STATE=getMsg HTTP/1.1" 200 27
120.253.135.82 - - [22/Jan/2022:09:41:56 +0800] "GET /xingrg/all/function/internal_message.html?_=1642815502752&CODE_STATE=getMsg HTTP/1.1" 200 27
124.79.247.218 - - [22/Jan/2022:09:41:57 +0800] "GET /xingrg/kc/buy/cgsh_order_operate.html?command=get_materiel&rest_code=00104&code=00101008126&supplier_code=00100005&order_time=2022-01-22 HTTP/1.1" 200 412
180.152.99.39 - - [22/Jan/2022:09:41:59 +0800] "GET /xingrg/kc/buy/cgsh_order_operate.html?command=get_materiel&rest_code=00150&code=00101008069&supplier_code=00100007&order_time=2022-01-22 HTTP/1.1" 200 412
180.152.99.73 - - [22/Jan/2022:09:42:02 +0800] "GET /xingrg/check_reg.html?_=1642815719954 HTTP/1.1" 200 22
180.152.99.73 - - [22/Jan/2022:09:42:02 +0800] "GET /xingrg/all/function/internal_message.html?_=1642815719988&CODE_STATE=getMsg HTTP/1.1" 200 27
222.69.132.164 - - [22/Jan/2022:09:42:02 +0800] "GET /xingrg/all/function/internal_message.html?_=1642815771879&CODE_STATE=getMsg HTTP/1.1" 200 27
124.79.247.218 - - [22/Jan/2022:09:42:04 +0800] "GET /xingrg/all/function/internal_message.html?_=1642815765056&CODE_STATE=getMsg HTTP/1.1" 200 27
180.152.99.39 - - [22/Jan/2022:09:42:06 +0800] "GET /xingrg/kc/buy/cgsh_order_operate.html?command=get_materiel&rest_code=00150&code=00101008371&supplier_code=00100007&order_time=2022-01-22 HTTP/1.1" 200 412
58.39.168.32 - - [22/Jan/2022:09:42:10 +0800] "GET /xingrg/all/function/internal_message.html?_=1642815665071&CODE_STATE=getMsg HTTP/1.1" 200 27
222.70.178.207 - - [22/Jan/2022:09:42:13 +0800] "GET /xingrg/all/function/internal_message.html?_=1642815729287&CODE_STATE=getMsg HTTP/1.1" 200 27
101.85.120.86 - - [22/Jan/2022:09:42:18 +0800] "GET /xingrg/all/function/internal_message.html?_=1642815734688&CODE_STATE=getMsg HTTP/1.1" 200 27
58.37.10.95 - - [22/Jan/2022:09:42:18 +0800] "GET /xingrg/all/function/internal_message.html?_=1642815531688&CODE_STATE=getMsg HTTP/1.1" 200 27
101.83.241.107 - - [22/Jan/2022:09:42:22 +0800] "GET /xingrg/all/function/internal_message.html?_=1642815736227&CODE_STATE=getMsg HTTP/1.1" 200 27
222.70.217.149 - - [22/Jan/2022:09:42:23 +0800] "GET /xingrg/all/function/internal_message.html?_=1642815727214&CODE_STATE=getMsg HTTP/1.1" 200 27
124.79.247.218 - - [22/Jan/2022:09:42:23 +0800] "GET /xingrg/kc/buy/cgsh_order_operate.html?command=get_materiel&rest_code=00104&code=00101008083&supplier_code=00100005&order_time=2022-01-22 HTTP/1.1" 200 427
124.79.247.218 - - [22/Jan/2022:09:42:24 +0800] "POST /xingrg/all/common/load_select.html HTTP/1.1" 200 25
180.152.99.39 - - [22/Jan/2022:09:42:26 +0800] "POST /xingrg/kc/buy/cgsh_order_operate.html HTTP/1.1" 200 37
180.152.99.39 - - [22/Jan/2022:09:42:27 +0800] "POST /xingrg/kc/buy/cgsh_order_operate.html HTTP/1.1" 200 32817
124.79.247.218 - - [22/Jan/2022:09:42:28 +0800] "GET /xingrg/kc/buy/cgsh_order_operate.html?command=get_materiel_price&rest_code=00104&code=00101008083&unit_code=00100026&supplier_code=00100005&order_time=2022-01-22 HTTP/1.1" 200 27
124.79.247.218 - - [22/Jan/2022:09:42:30 +0800] "GET /xingrg/all/function/internal_message.html?_=1642815887945&CODE_STATE=getMsg HTTP/1.1" 200 27
114.95.98.1 - - [22/Jan/2022:09:42:33 +0800] "GET /xingrg/check_reg.html?_=1642815770596 HTTP/1.1" 200 22
180.152.99.39 - - [22/Jan/2022:09:42:34 +0800] "GET /xingrg/kc/buy/cgsh_order_operate.html?command=get_materiel&rest_code=00150&code=00101008041&supplier_code=00100007&order_time=2022-01-22 HTTP/1.1" 200 408
114.95.98.1 - - [22/Jan/2022:09:42:34 +0800] "GET /xingrg/all/function/internal_message.html?_=1642815771934&CODE_STATE=getMsg HTTP/1.1" 200 27
124.79.247.218 - - [22/Jan/2022:09:42:38 +0800] "GET /xingrg/kc/buy/cgsh_order_operate.html?command=get_materiel&rest_code=00104&code=00101008261&supplier_code=00100005&order_time=2022-01-22 HTTP/1.1" 200 408
180.152.99.39 - - [22/Jan/2022:09:42:39 +0800] "GET /xingrg/all/function/internal_message.html?_=1642815687370&CODE_STATE=getMsg HTTP/1.1" 200 27
116.232.50.26 - - [22/Jan/2022:09:42:40 +0800] "GET /xingrg/all/function/internal_message.html?_=1642815757581&CODE_STATE=getMsg HTTP/1.1" 200 27
116.232.50.26 - - [22/Jan/2022:09:42:40 +0800] "GET /xingrg/check_reg.html?_=1642815757582 HTTP/1.1" 200 22
180.152.99.73 - - [22/Jan/2022:09:42:42 +0800] "POST /xingrg/kc/buy/cgsh_order_operate.html HTTP/1.1" 200 37
180.152.99.39 - - [22/Jan/2022:09:42:43 +0800] "GET /xingrg/kc/buy/cgsh_order_operate.html?command=get_materiel&rest_code=00150&code=00101008092&supplier_code=00100007&order_time=2022-01-22 HTTP/1.1" 200 412
180.152.99.73 - - [22/Jan/2022:09:42:46 +0800] "POST /xingrg/kc/buy/cgsh_order_operate.html HTTP/1.1" 200 12
180.152.99.73 - - [22/Jan/2022:09:42:47 +0800] "GET /xingrg/kc/buy/cgsh_order_info.html?code=212022012211003 HTTP/1.1" 200 59911
180.152.99.73 - - [22/Jan/2022:09:42:47 +0800] "GET /xingrg/javascript/easyui/themes/default/validatebox.css HTTP/1.1" 404 1104
180.152.99.73 - - [22/Jan/2022:09:42:48 +0800] "POST /xingrg/kc/buy/cgsh_order_operate.html HTTP/1.1" 200 4812
58.39.168.32 - - [22/Jan/2022:09:42:48 +0800] "GET /xingrg/all/function/internal_message.html?_=1642815765906&CODE_STATE=getMsg HTTP/1.1" 200 27
180.169.147.146 - - [22/Jan/2022:09:42:48 +0800] "GET /xingrg/all/function/internal_message.html?_=1642815765444&CODE_STATE=getMsg HTTP/1.1" 200 27
180.152.99.73 - - [22/Jan/2022:09:42:49 +0800] "GET /xingrg/kc/print/load_data.html?order_code=212022012211003&kc_code=cgsh&condition= HTTP/1.1" 200 2317
124.79.247.218 - - [22/Jan/2022:09:42:50 +0800] "GET /xingrg/kc/buy/cgsh_order_operate.html?command=get_materiel&rest_code=00104&code=00101008358&supplier_code=00100005&order_time=2022-01-22 HTTP/1.1" 200 412
101.80.229.199 - - [22/Jan/2022:09:42:52 +0800] "GET /xingrg/all/function/internal_message.html?_=1642815769290&CODE_STATE=getMsg HTTP/1.1" 200 27
180.152.99.39 - - [22/Jan/2022:09:42:53 +0800] "GET /xingrg/kc/buy/cgsh_order_operate.html?command=get_materiel&rest_code=00150&code=00101008277&supplier_code=00100007&order_time=2022-01-22 HTTP/1.1" 200 412
222.70.243.96 - - [22/Jan/2022:09:42:54 +0800] "GET /xingrg/all/function/internal_message.html?_=1642815783834&CODE_STATE=getMsg HTTP/1.1" 200 27
180.152.99.73 - - [22/Jan/2022:09:42:55 +0800] "GET /xingrg/kc/buy/cgsh_order_add.html HTTP/1.1" 200 65012
180.152.99.73 - - [22/Jan/2022:09:42:55 +0800] "GET /xingrg/javascript/easyui/themes/default/validatebox.css HTTP/1.1" 404 1104
180.152.99.73 - - [22/Jan/2022:09:42:55 +0800] "POST /xingrg/kc/buy/cgsh_order_operate.html HTTP/1.1" 200 8245
120.253.135.82 - - [22/Jan/2022:09:42:56 +0800] "GET /xingrg/all/function/internal_message.html?_=1642815562758&CODE_STATE=getMsg HTTP/1.1" 200 27
124.79.247.218 - - [22/Jan/2022:09:43:02 +0800] "GET /xingrg/kc/buy/cgsh_order_operate.html?command=get_materiel&rest_code=00104&code=00101008349&supplier_code=00100005&order_time=2022-01-22 HTTP/1.1" 200 412
180.152.99.73 - - [22/Jan/2022:09:43:02 +0800] "GET /xingrg/all/function/internal_message.html?_=1642815779966&CODE_STATE=getMsg HTTP/1.1" 200 27
222.69.132.164 - - [22/Jan/2022:09:43:02 +0800] "GET /xingrg/check_reg.html?_=1642815831874 HTTP/1.1" 200 22
222.69.132.164 - - [22/Jan/2022:09:43:02 +0800] "GET /xingrg/all/function/internal_message.html?_=1642815831879&CODE_STATE=getMsg HTTP/1.1" 200 27
180.152.99.73 - - [22/Jan/2022:09:43:02 +0800] "GET /xingrg/kc/buy/cgsh_order_operate.html?command=get_materiel&rest_code=00151&code=00101011005&supplier_code=00100047&order_time=2022-01-22 HTTP/1.1" 200 428
180.152.99.39 - - [22/Jan/2022:09:43:04 +0800] "GET /xingrg/kc/buy/cgsh_order_operate.html?command=get_materiel&rest_code=00150&code=00101008090&supplier_code=00100007&order_time=2022-01-22 HTTP/1.1" 200 409
124.79.247.218 - - [22/Jan/2022:09:43:04 +0800] "GET /xingrg/all/function/internal_message.html?_=1642815825070&CODE_STATE=getMsg HTTP/1.1" 200 27
116.232.50.26 - - [22/Jan/2022:09:43:08 +0800] "GET /favicon.ico HTTP/1.1" 404 -
101.80.229.199 - - [22/Jan/2022:09:43:08 +0800] "GET /xingrg/check_reg.html?_=1642815785060 HTTP/1.1" 200 22
58.39.168.32 - - [22/Jan/2022:09:43:10 +0800] "GET /xingrg/all/function/internal_message.html?_=1642815725056&CODE_STATE=getMsg HTTP/1.1" 200 27
58.39.168.32 - - [22/Jan/2022:09:43:11 +0800] "GET /xingrg/kc/buy/cgsh_order_list.html HTTP/1.1" 200 49639
180.152.99.73 - - [22/Jan/2022:09:43:11 +0800] "GET /xingrg/kc/buy/cgsh_order_operate.html?command=get_materiel&rest_code=00151&code=00101011001&supplier_code=00100047&order_time=2022-01-22 HTTP/1.1" 200 423
180.152.99.39 - - [22/Jan/2022:09:43:11 +0800] "GET /xingrg/kc/buy/cgsh_order_operate.html?command=get_materiel&rest_code=00150&code=00101008236&supplier_code=00100007&order_time=2022-01-22 HTTP/1.1" 200 417
124.79.247.218 - - [22/Jan/2022:09:43:12 +0800] "GET /xingrg/kc/buy/cgsh_order_operate.html?command=get_materiel&rest_code=00104&code=00101008091&supplier_code=00100005&order_time=2022-01-22 HTTP/1.1" 200 412
222.70.178.207 - - [22/Jan/2022:09:43:13 +0800] "GET /xingrg/all/function/internal_message.html?_=1642815789270&CODE_STATE=getMsg HTTP/1.1" 200 27
180.152.99.73 - - [22/Jan/2022:09:43:17 +0800] "POST /xingrg/kc/buy/cgsh_order_operate.html HTTP/1.1" 200 37
101.85.120.86 - - [22/Jan/2022:09:43:18 +0800] "GET /xingrg/all/function/internal_message.html?_=1642815794689&CODE_STATE=getMsg HTTP/1.1" 200 27
58.37.10.95 - - [22/Jan/2022:09:43:18 +0800] "GET /xingrg/all/function/internal_message.html?_=1642815591662&CODE_STATE=getMsg HTTP/1.1" 200 27
101.83.241.107 - - [22/Jan/2022:09:43:22 +0800] "GET /xingrg/all/function/internal_message.html?_=1642815796204&CODE_STATE=getMsg HTTP/1.1" 200 27
180.152.99.73 - - [22/Jan/2022:09:43:22 +0800] "POST /xingrg/kc/buy/cgsh_order_operate.html HTTP/1.1" 200 116
180.152.99.39 - - [22/Jan/2022:09:43:22 +0800] "POST /xingrg/kc/buy/cgsh_order_operate.html HTTP/1.1" 200 37
222.70.217.149 - - [22/Jan/2022:09:43:23 +0800] "GET /xingrg/check_reg.html?_=1642815787214 HTTP/1.1" 200 22
222.70.217.149 - - [22/Jan/2022:09:43:23 +0800] "GET /xingrg/all/function/internal_message.html?_=1642815787221&CODE_STATE=getMsg HTTP/1.1" 200 27
58.39.168.32 - - [22/Jan/2022:09:43:23 +0800] "POST /xingrg/kc/buy/cgsh_list_operate.html HTTP/1.1" 200 3129
180.152.99.39 - - [22/Jan/2022:09:43:24 +0800] "POST /xingrg/kc/buy/cgsh_order_operate.html HTTP/1.1" 200 35771
124.79.247.218 - - [22/Jan/2022:09:43:25 +0800] "GET /xingrg/kc/buy/cgsh_order_operate.html?command=get_materiel&rest_code=00104&code=00101008312&supplier_code=00100005&order_time=2022-01-22 HTTP/1.1" 200 412
180.152.99.73 - - [22/Jan/2022:09:43:28 +0800] "POST /xingrg/kc/buy/cgsh_order_operate.html HTTP/1.1" 200 37
180.152.99.73 - - [22/Jan/2022:09:43:29 +0800] "POST /xingrg/kc/buy/cgsh_order_operate.html HTTP/1.1" 200 4479
124.79.247.218 - - [22/Jan/2022:09:43:30 +0800] "GET /xingrg/all/function/internal_message.html?_=1642815947943&CODE_STATE=getMsg HTTP/1.1" 200 27
180.152.99.39 - - [22/Jan/2022:09:43:31 +0800] "GET /xingrg/kc/buy/cgsh_order_operate.html?command=get_materiel&rest_code=00150&code=00101008168&supplier_code=00100007&order_time=2022-01-22 HTTP/1.1" 200 413
58.39.168.32 - - [22/Jan/2022:09:43:32 +0800] "POST /xingrg/kc/buy/cgsh_list_operate.html HTTP/1.1" 200 563
114.95.98.1 - - [22/Jan/2022:09:43:34 +0800] "GET /xingrg/all/function/internal_message.html?_=1642815832166&CODE_STATE=getMsg HTTP/1.1" 200 27
58.39.168.32 - - [22/Jan/2022:09:43:34 +0800] "GET /xingrg/kc/buy/cgsh_order_info.html?code=212022012210980 HTTP/1.1" 200 65499
58.39.168.32 - - [22/Jan/2022:09:43:35 +0800] "GET /xingrg/javascript/easyui/themes/default/validatebox.css HTTP/1.1" 404 1104
124.79.247.218 - - [22/Jan/2022:09:43:35 +0800] "GET /xingrg/kc/buy/cgsh_order_operate.html?command=get_materiel&rest_code=00104&code=00101008033&supplier_code=00100005&order_time=2022-01-22 HTTP/1.1" 200 408
58.39.168.32 - - [22/Jan/2022:09:43:35 +0800] "POST /xingrg/kc/buy/cgsh_order_operate.html HTTP/1.1" 200 54662
180.152.99.39 - - [22/Jan/2022:09:43:39 +0800] "GET /xingrg/all/function/internal_message.html?_=1642815747383&CODE_STATE=getMsg HTTP/1.1" 200 27
116.232.50.26 - - [22/Jan/2022:09:43:40 +0800] "GET /xingrg/all/function/internal_message.html?_=1642815817583&CODE_STATE=getMsg HTTP/1.1" 200 27
180.152.99.73 - - [22/Jan/2022:09:43:40 +0800] "POST /xingrg/kc/buy/cgsh_order_operate.html HTTP/1.1" 200 37
180.152.99.39 - - [22/Jan/2022:09:43:40 +0800] "GET /xingrg/kc/buy/cgsh_order_operate.html?command=get_materiel&rest_code=00150&code=00101008114&supplier_code=00100007&order_time=2022-01-22 HTTP/1.1" 200 413
180.152.99.73 - - [22/Jan/2022:09:43:41 +0800] "POST /xingrg/kc/buy/cgsh_order_operate.html HTTP/1.1" 200 3272
180.152.99.73 - - [22/Jan/2022:09:43:45 +0800] "POST /xingrg/kc/buy/cgsh_order_operate.html HTTP/1.1" 200 37
124.79.247.218 - - [22/Jan/2022:09:43:47 +0800] "GET /xingrg/kc/buy/cgsh_order_operate.html?command=get_materiel&rest_code=00104&code=00101008439&supplier_code=00100005&order_time=2022-01-22 HTTP/1.1" 200 399
58.39.168.32 - - [22/Jan/2022:09:43:48 +0800] "GET /xingrg/all/function/internal_message.html?_=1642815825905&CODE_STATE=getMsg HTTP/1.1" 200 27
180.169.147.146 - - [22/Jan/2022:09:43:48 +0800] "GET /xingrg/all/function/internal_message.html?_=1642815825441&CODE_STATE=getMsg HTTP/1.1" 200 27
180.152.99.73 - - [22/Jan/2022:09:43:49 +0800] "POST /xingrg/kc/buy/cgsh_order_operate.html HTTP/1.1" 200 12
180.152.99.39 - - [22/Jan/2022:09:43:49 +0800] "GET /xingrg/kc/buy/cgsh_order_operate.html?command=get_materiel&rest_code=00150&code=00101008061&supplier_code=00100007&order_time=2022-01-22 HTTP/1.1" 200 422
180.152.99.73 - - [22/Jan/2022:09:43:49 +0800] "GET /xingrg/kc/buy/cgsh_order_info.html?code=212022012211004 HTTP/1.1" 200 59921
180.152.99.73 - - [22/Jan/2022:09:43:50 +0800] "GET /xingrg/javascript/easyui/themes/default/validatebox.css HTTP/1.1" 404 1104
180.152.99.73 - - [22/Jan/2022:09:43:50 +0800] "POST /xingrg/kc/buy/cgsh_order_operate.html HTTP/1.1" 200 1222
101.80.229.199 - - [22/Jan/2022:09:43:52 +0800] "GET /xingrg/all/function/internal_message.html?_=1642815829264&CODE_STATE=getMsg HTTP/1.1" 200 27
222.70.243.96 - - [22/Jan/2022:09:43:54 +0800] "GET /xingrg/all/function/internal_message.html?_=1642815843856&CODE_STATE=getMsg HTTP/1.1" 200 27
180.152.99.73 - - [22/Jan/2022:09:43:55 +0800] "GET /xingrg/kc/print/load_data.html?order_code=212022012211004&kc_code=cgsh&condition= HTTP/1.1" 200 1005
124.79.247.218 - - [22/Jan/2022:09:43:56 +0800] "GET /xingrg/kc/buy/cgsh_order_operate.html?command=get_materiel&rest_code=00104&code=00101009030&supplier_code=00100005&order_time=2022-01-22 HTTP/1.1" 200 412
120.253.135.82 - - [22/Jan/2022:09:43:56 +0800] "GET /xingrg/check_reg.html?_=1642815622767 HTTP/1.1" 200 22
120.253.135.82 - - [22/Jan/2022:09:43:56 +0800] "GET /xingrg/all/function/internal_message.html?_=1642815622772&CODE_STATE=getMsg HTTP/1.1" 200 27
180.152.99.73 - - [22/Jan/2022:09:44:02 +0800] "GET /xingrg/all/function/internal_message.html?_=1642815839962&CODE_STATE=getMsg HTTP/1.1" 200 27
222.69.132.164 - - [22/Jan/2022:09:44:02 +0800] "GET /xingrg/all/function/internal_message.html?_=1642815891874&CODE_STATE=getMsg HTTP/1.1" 200 27
180.152.99.73 - - [22/Jan/2022:09:44:02 +0800] "POST /xingrg/all/user/operate.html HTTP/1.1" 200 36
180.152.99.73 - - [22/Jan/2022:09:44:02 +0800] "GET /xingrg/index.html?sysBaseUrl=http%3A%2F%2F180.169.147.146%3A18081%2Fxingrg%2F&costTime=45×tamp=1642814602700 HTTP/1.1" 200 17179
180.152.99.73 - - [22/Jan/2022:09:44:02 +0800] "GET /xingrg/javascript/jquery_easy_ui/themes/default/easyui.css HTTP/1.1" 304 -
180.152.99.73 - - [22/Jan/2022:09:44:02 +0800] "GET /xingrg/javascript/jquery_easy_ui/themes/icon.css HTTP/1.1" 304 -
180.152.99.73 - - [22/Jan/2022:09:44:02 +0800] "GET /xingrg/css/form.css HTTP/1.1" 304 -
180.152.99.73 - - [22/Jan/2022:09:44:02 +0800] "GET /xingrg/javascript/jquery-1.4.2.min.js HTTP/1.1" 304 -
180.152.99.73 - - [22/Jan/2022:09:44:02 +0800] "GET /xingrg/javascript/jquery_easy_ui/jquery.easyui.min.js HTTP/1.1" 304 -
180.152.99.73 - - [22/Jan/2022:09:44:02 +0800] "GET /xingrg/javascript/jquery_easy_ui/easyui-lang-zh_CN.js HTTP/1.1" 304 -
180.152.99.73 - - [22/Jan/2022:09:44:02 +0800] "GET /xingrg/javascript/jquery.form.js HTTP/1.1" 304 -
180.152.99.73 - - [22/Jan/2022:09:44:02 +0800] "GET /xingrg/javascript/jquery.utils.js HTTP/1.1" 304 -
180.152.99.73 - - [22/Jan/2022:09:44:02 +0800] "GET /xingrg/javascript/jquery.timers.js HTTP/1.1" 304 -
180.152.99.73 - - [22/Jan/2022:09:44:02 +0800] "GET /xingrg/images/blue/jxLogo.png HTTP/1.1" 304 -
180.152.99.73 - - [22/Jan/2022:09:44:02 +0800] "GET /xingrg/javascript/jquery_easy_ui/themes/icons/settle_new.png HTTP/1.1" 304 -
180.152.99.73 - - [22/Jan/2022:09:44:02 +0800] "GET /xingrg/images/blue/navBackgound.jpg HTTP/1.1" 304 -
180.152.99.73 - - [22/Jan/2022:09:44:03 +0800] "POST /xingrg/all/common/load_tree.html?tree=area_rest_tree_json&manage=1 HTTP/1.1" 200 476
180.152.99.73 - - [22/Jan/2022:09:44:03 +0800] "GET /xingrg/all/function/internal_message.html?_=1642815840706&CODE_STATE=count HTTP/1.1" 200 11
180.152.99.73 - - [22/Jan/2022:09:44:03 +0800] "GET /xingrg/check_reg.html?_=1642815840707 HTTP/1.1" 200 22
180.152.99.73 - - [22/Jan/2022:09:44:03 +0800] "GET /xingrg/javascript/jquery_easy_ui/themes/default/images/tabs_leftarrow.png HTTP/1.1" 304 -
180.152.99.73 - - [22/Jan/2022:09:44:03 +0800] "GET /xingrg/javascript/jquery_easy_ui/themes/default/images/tabs_rightarrow.png HTTP/1.1" 304 -
180.152.99.73 - - [22/Jan/2022:09:44:03 +0800] "GET /xingrg/images/blue/pingpu.png HTTP/1.1" 304 -
180.152.99.73 - - [22/Jan/2022:09:44:03 +0800] "GET /xingrg/javascript/jquery_easy_ui/themes/default/images/panel_tool_collapse.gif HTTP/1.1" 304 -
180.152.99.73 - - [22/Jan/2022:09:44:03 +0800] "POST /xingrg/load_menu.html HTTP/1.1" 200 5138
124.79.247.218 - - [22/Jan/2022:09:44:04 +0800] "GET /xingrg/all/function/internal_message.html?_=1642815885083&CODE_STATE=getMsg HTTP/1.1" 200 27
180.152.99.73 - - [22/Jan/2022:09:44:05 +0800] "GET /xingrg/kc/base/wldb_order_list.html HTTP/1.1" 200 19066
180.152.99.73 - - [22/Jan/2022:09:44:06 +0800] "POST /xingrg/kc/base/wldb_list_operate.html HTTP/1.1" 200 928
180.152.99.73 - - [22/Jan/2022:09:44:07 +0800] "GET /xingrg/kc/base/wldb_order_add.html HTTP/1.1" 200 30280
180.152.99.73 - - [22/Jan/2022:09:44:08 +0800] "POST /xingrg/kc/base/wldb_order_operate.html HTTP/1.1" 200 6806
180.152.99.73 - - [22/Jan/2022:09:44:08 +0800] "GET /xingrg/all/common/auto_word.html?type=base&rest_code=00150 HTTP/1.1" 200 1699
180.152.99.73 - - [22/Jan/2022:09:44:08 +0800] "GET /xingrg/all/common/auto_word.html?type=base&rest_code=00150 HTTP/1.1" 200 1699
180.152.99.73 - - [22/Jan/2022:09:44:08 +0800] "GET /xingrg/javascript/easyui/themes/default/validatebox.css HTTP/1.1" 404 1104
58.39.168.32 - - [22/Jan/2022:09:44:10 +0800] "POST /xingrg/kc/buy/cgsh_order_operate.html HTTP/1.1" 200 37
58.39.168.32 - - [22/Jan/2022:09:44:10 +0800] "GET /xingrg/all/function/internal_message.html?_=1642815785042&CODE_STATE=getMsg HTTP/1.1" 200 27
222.70.178.207 - - [22/Jan/2022:09:44:13 +0800] "GET /xingrg/all/function/internal_message.html?_=1642815849254&CODE_STATE=getMsg HTTP/1.1" 200 27
180.152.99.39 - - [22/Jan/2022:09:44:15 +0800] "POST /xingrg/kc/buy/cgsh_order_operate.html HTTP/1.1" 200 37
124.79.247.218 - - [22/Jan/2022:09:44:15 +0800] "GET /xingrg/kc/buy/cgsh_order_operate.html?command=get_materiel&rest_code=00104&code=00101008128&supplier_code=00100005&order_time=2022-01-22 HTTP/1.1" 200 23
180.152.99.39 - - [22/Jan/2022:09:44:16 +0800] "POST /xingrg/kc/buy/cgsh_order_operate.html HTTP/1.1" 200 38737
101.85.120.86 - - [22/Jan/2022:09:44:18 +0800] "GET /xingrg/all/function/internal_message.html?_=1642815854689&CODE_STATE=getMsg HTTP/1.1" 200 27
58.37.10.95 - - [22/Jan/2022:09:44:18 +0800] "GET /xingrg/all/function/internal_message.html?_=1642815651633&CODE_STATE=getMsg HTTP/1.1" 200 27
58.39.168.32 - - [22/Jan/2022:09:44:19 +0800] "POST /xingrg/kc/buy/cgsh_order_operate.html HTTP/1.1" 200 54663
101.83.241.107 - - [22/Jan/2022:09:44:22 +0800] "GET /xingrg/all/function/internal_message.html?_=1642815856177&CODE_STATE=getMsg HTTP/1.1" 200 27
222.70.217.149 - - [22/Jan/2022:09:44:23 +0800] "GET /xingrg/all/function/internal_message.html?_=1642815847226&CODE_STATE=getMsg HTTP/1.1" 200 27
180.152.99.39 - - [22/Jan/2022:09:44:23 +0800] "GET /xingrg/kc/buy/cgsh_order_operate.html?command=get_materiel&rest_code=00150&code=00101008109&supplier_code=00100007&order_time=2022-01-22 HTTP/1.1" 200 413
58.39.168.32 - - [22/Jan/2022:09:44:24 +0800] "GET /xingrg/javascript/auto/indicator.gif HTTP/1.1" 404 1066
124.79.247.218 - - [22/Jan/2022:09:44:25 +0800] "GET /xingrg/kc/buy/cgsh_order_operate.html?command=get_materiel&rest_code=00104&code=00101008313&supplier_code=00100005&order_time=2022-01-22 HTTP/1.1" 200 412
124.79.247.218 - - [22/Jan/2022:09:44:30 +0800] "GET /xingrg/all/function/internal_message.html?_=1642816007942&CODE_STATE=getMsg HTTP/1.1" 200 27
58.39.168.32 - - [22/Jan/2022:09:44:31 +0800] "GET /xingrg/kc/buy/cgsh_order_operate.html?command=get_materiel&rest_code=00105&code=00101002027&supplier_code=00100203&order_time=2022-01-22 HTTP/1.1" 200 434
114.95.98.1 - - [22/Jan/2022:09:44:34 +0800] "GET /xingrg/all/function/internal_message.html?_=1642815892378&CODE_STATE=getMsg HTTP/1.1" 200 27
180.152.99.39 - - [22/Jan/2022:09:44:39 +0800] "GET /xingrg/all/function/internal_message.html?_=1642815807396&CODE_STATE=getMsg HTTP/1.1" 200 27
124.79.247.218 - - [22/Jan/2022:09:44:40 +0800] "GET /xingrg/kc/buy/cgsh_order_operate.html?command=get_materiel&rest_code=00104&code=00101008128&supplier_code=00100005&order_time=2022-01-22 HTTP/1.1" 200 413
116.232.50.26 - - [22/Jan/2022:09:44:40 +0800] "GET /xingrg/all/function/internal_message.html?_=1642815877586&CODE_STATE=getMsg HTTP/1.1" 200 27
180.152.99.39 - - [22/Jan/2022:09:44:46 +0800] "POST /xingrg/kc/buy/cgsh_order_operate.html HTTP/1.1" 200 37
180.152.99.39 - - [22/Jan/2022:09:44:48 +0800] "POST /xingrg/kc/buy/cgsh_order_operate.html HTTP/1.1" 200 39330
58.39.168.32 - - [22/Jan/2022:09:44:48 +0800] "GET /xingrg/all/function/internal_message.html?_=1642815885915&CODE_STATE=getMsg HTTP/1.1" 200 27
58.39.168.32 - - [22/Jan/2022:09:44:48 +0800] "GET /xingrg/check_reg.html?_=1642815885917 HTTP/1.1" 200 22
180.169.147.146 - - [22/Jan/2022:09:44:48 +0800] "GET /xingrg/check_reg.html?_=1642815885439 HTTP/1.1" 200 22
180.169.147.146 - - [22/Jan/2022:09:44:48 +0800] "GET /xingrg/all/function/internal_message.html?_=1642815885441&CODE_STATE=getMsg HTTP/1.1" 200 27
101.80.229.199 - - [22/Jan/2022:09:44:52 +0800] "GET /xingrg/all/function/internal_message.html?_=1642815889251&CODE_STATE=getMsg HTTP/1.1" 200 27
222.70.243.96 - - [22/Jan/2022:09:44:52 +0800] "GET /xingrg/check_reg.html?_=1642815902206 HTTP/1.1" 200 22
180.152.99.39 - - [22/Jan/2022:09:44:53 +0800] "GET /xingrg/javascript/jquery_easy_ui/themes/default/images/button_a_bg.gif HTTP/1.1" 304 -
180.152.99.39 - - [22/Jan/2022:09:44:53 +0800] "GET /xingrg/javascript/jquery_easy_ui/themes/default/images/button_span_bg.gif HTTP/1.1" 304 -
180.152.99.39 - - [22/Jan/2022:09:44:53 +0800] "GET /xingrg/javascript/jquery_easy_ui/themes/icons/ok.png HTTP/1.1" 304 -
180.152.99.39 - - [22/Jan/2022:09:44:53 +0800] "GET /xingrg/javascript/jquery_easy_ui/themes/default/images/panel_tools.gif HTTP/1.1" 304 -
180.152.99.39 - - [22/Jan/2022:09:44:53 +0800] "GET /xingrg/javascript/jquery_easy_ui/themes/default/images/panel_title.png HTTP/1.1" 304 -
222.70.243.96 - - [22/Jan/2022:09:44:54 +0800] "GET /xingrg/all/function/internal_message.html?_=1642815903870&CODE_STATE=getMsg HTTP/1.1" 200 27
180.152.99.39 - - [22/Jan/2022:09:44:55 +0800] "POST /xingrg/all/user/operate.html HTTP/1.1" 200 36
180.152.99.39 - - [22/Jan/2022:09:44:56 +0800] "GET /xingrg/javascript/jquery_easy_ui/themes/default/easyui.css HTTP/1.1" 304 -
180.152.99.39 - - [22/Jan/2022:09:44:56 +0800] "GET /xingrg/javascript/jquery_easy_ui/themes/icon.css HTTP/1.1" 304 -
180.152.99.39 - - [22/Jan/2022:09:44:56 +0800] "GET /xingrg/index.html?sysBaseUrl=http%3A%2F%2F180.169.147.146%3A18081%2Fxingrg%2F&costTime=60×tamp=1642815338266 HTTP/1.1" 200 17177
180.152.99.39 - - [22/Jan/2022:09:44:56 +0800] "GET /xingrg/css/form.css HTTP/1.1" 304 -
180.152.99.39 - - [22/Jan/2022:09:44:56 +0800] "GET /xingrg/javascript/jquery-1.4.2.min.js HTTP/1.1" 304 -
180.152.99.39 - - [22/Jan/2022:09:44:56 +0800] "GET /xingrg/javascript/jquery_easy_ui/jquery.easyui.min.js HTTP/1.1" 304 -
180.152.99.39 - - [22/Jan/2022:09:44:56 +0800] "GET /xingrg/javascript/jquery_easy_ui/easyui-lang-zh_CN.js HTTP/1.1" 304 -
180.152.99.39 - - [22/Jan/2022:09:44:56 +0800] "GET /xingrg/javascript/jquery.form.js HTTP/1.1" 304 -
180.152.99.39 - - [22/Jan/2022:09:44:56 +0800] "GET /xingrg/javascript/jquery.utils.js HTTP/1.1" 304 -
180.152.99.39 - - [22/Jan/2022:09:44:56 +0800] "GET /xingrg/javascript/jquery.timers.js HTTP/1.1" 304 -
180.152.99.39 - - [22/Jan/2022:09:44:56 +0800] "GET /xingrg/images/blue/navBackgound.jpg HTTP/1.1" 304 -
180.152.99.39 - - [22/Jan/2022:09:44:56 +0800] "GET /xingrg/images/blue/jxLogo.png HTTP/1.1" 304 -
180.152.99.39 - - [22/Jan/2022:09:44:56 +0800] "GET /xingrg/javascript/jquery_easy_ui/themes/icons/settle_new.png HTTP/1.1" 304 -
180.152.99.39 - - [22/Jan/2022:09:44:56 +0800] "GET /xingrg/images/blue/pingpu.png HTTP/1.1" 304 -
180.152.99.39 - - [22/Jan/2022:09:44:56 +0800] "GET /xingrg/javascript/jquery_easy_ui/themes/default/images/tabs_leftarrow.png HTTP/1.1" 304 -
180.152.99.39 - - [22/Jan/2022:09:44:56 +0800] "GET /xingrg/javascript/jquery_easy_ui/themes/default/images/tabs_rightarrow.png HTTP/1.1" 304 -
180.152.99.39 - - [22/Jan/2022:09:44:56 +0800] "POST /xingrg/all/common/load_tree.html?tree=area_rest_tree_json&manage=1 HTTP/1.1" 200 476
180.152.99.39 - - [22/Jan/2022:09:44:56 +0800] "GET /xingrg/javascript/jquery_easy_ui/themes/default/images/panel_tool_collapse.gif HTTP/1.1" 304 -
180.152.99.39 - - [22/Jan/2022:09:44:56 +0800] "GET /xingrg/all/function/internal_message.html?_=1642815824924&CODE_STATE=count HTTP/1.1" 200 11
180.152.99.39 - - [22/Jan/2022:09:44:56 +0800] "GET /xingrg/check_reg.html?_=1642815824924 HTTP/1.1" 200 22
180.152.99.39 - - [22/Jan/2022:09:44:56 +0800] "POST /xingrg/load_menu.html HTTP/1.1" 200 5138
120.253.135.82 - - [22/Jan/2022:09:44:56 +0800] "GET /xingrg/all/function/internal_message.html?_=1642815682786&CODE_STATE=getMsg HTTP/1.1" 200 27
124.79.247.218 - - [22/Jan/2022:09:44:58 +0800] "GET /xingrg/kc/buy/cgsh_order_operate.html?command=get_materiel&rest_code=00104&code=00101008028&supplier_code=00100005&order_time=2022-01-22 HTTP/1.1" 200 412
222.69.132.164 - - [22/Jan/2022:09:45:02 +0800] "GET /xingrg/all/function/internal_message.html?_=1642815951878&CODE_STATE=getMsg HTTP/1.1" 200 27
180.152.99.73 - - [22/Jan/2022:09:45:03 +0800] "GET /xingrg/all/function/internal_message.html?_=1642815900716&CODE_STATE=getMsg HTTP/1.1" 200 27
124.79.247.218 - - [22/Jan/2022:09:45:04 +0800] "GET /xingrg/all/function/internal_message.html?_=1642815945099&CODE_STATE=getMsg HTTP/1.1" 200 27
58.39.168.32 - - [22/Jan/2022:09:45:10 +0800] "GET /xingrg/all/function/internal_message.html?_=1642815845012&CODE_STATE=getMsg HTTP/1.1" 200 27
58.39.168.32 - - [22/Jan/2022:09:45:12 +0800] "GET /xingrg/check_reg.html?_=1642815846435 HTTP/1.1" 200 22
222.70.178.207 - - [22/Jan/2022:09:45:13 +0800] "GET /xingrg/all/function/internal_message.html?_=1642815909238&CODE_STATE=getMsg HTTP/1.1" 200 27
180.152.99.39 - - [22/Jan/2022:09:45:13 +0800] "GET /xingrg/kc/buy/cgsh_order_list.html HTTP/1.1" 200 49643
180.152.99.39 - - [22/Jan/2022:09:45:14 +0800] "POST /xingrg/kc/buy/cgsh_list_operate.html HTTP/1.1" 200 876
101.85.120.86 - - [22/Jan/2022:09:45:18 +0800] "GET /xingrg/all/function/internal_message.html?_=1642815914689&CODE_STATE=getMsg HTTP/1.1" 200 27
101.85.120.86 - - [22/Jan/2022:09:45:18 +0800] "GET /xingrg/check_reg.html?_=1642815914690 HTTP/1.1" 200 22
58.37.10.95 - - [22/Jan/2022:09:45:18 +0800] "GET /xingrg/all/function/internal_message.html?_=1642815711609&CODE_STATE=getMsg HTTP/1.1" 200 27
58.37.10.95 - - [22/Jan/2022:09:45:19 +0800] "GET /xingrg/check_reg.html?_=1642815712044 HTTP/1.1" 200 22
180.152.99.39 - - [22/Jan/2022:09:45:20 +0800] "GET /xingrg/kc/buy/cgsh_order_add.html HTTP/1.1" 200 65024
180.152.99.39 - - [22/Jan/2022:09:45:20 +0800] "POST /xingrg/kc/buy/cgsh_order_operate.html HTTP/1.1" 200 8245
180.152.99.39 - - [22/Jan/2022:09:45:20 +0800] "GET /xingrg/all/common/auto_word.html?type=employee&rest_code=00151 HTTP/1.1" 200 293
180.152.99.39 - - [22/Jan/2022:09:45:20 +0800] "GET /xingrg/all/common/auto_word.html?type=employee&rest_code=00151 HTTP/1.1" 200 293
180.152.99.39 - - [22/Jan/2022:09:45:20 +0800] "GET /xingrg/javascript/easyui/themes/default/validatebox.css HTTP/1.1" 404 1104
124.79.247.218 - - [22/Jan/2022:09:45:21 +0800] "GET /xingrg/kc/buy/cgsh_order_operate.html?command=get_materiel&rest_code=00104&code=00101008282&supplier_code=00100005&order_time=2022-01-22 HTTP/1.1" 200 414
101.83.241.107 - - [22/Jan/2022:09:45:22 +0800] "GET /xingrg/all/function/internal_message.html?_=1642815916172&CODE_STATE=getMsg HTTP/1.1" 200 27
222.70.217.149 - - [22/Jan/2022:09:45:23 +0800] "GET /xingrg/all/function/internal_message.html?_=1642815907220&CODE_STATE=getMsg HTTP/1.1" 200 27
101.83.241.107 - - [22/Jan/2022:09:45:23 +0800] "GET /xingrg/check_reg.html?_=1642815916786 HTTP/1.1" 200 22
180.152.99.39 - - [22/Jan/2022:09:45:23 +0800] "GET /xingrg/javascript/auto/indicator.gif HTTP/1.1" 404 1066
124.79.247.218 - - [22/Jan/2022:09:45:30 +0800] "GET /xingrg/all/function/internal_message.html?_=1642816067956&CODE_STATE=getMsg HTTP/1.1" 200 27
114.95.98.1 - - [22/Jan/2022:09:45:34 +0800] "GET /xingrg/all/function/internal_message.html?_=1642815952380&CODE_STATE=getMsg HTTP/1.1" 200 27
180.152.99.39 - - [22/Jan/2022:09:45:37 +0800] "GET /xingrg/kc/buy/cgsh_order_operate.html?command=get_materiel&rest_code=00151&code=00101009010&supplier_code=00100424&order_time=2022-01-22 HTTP/1.1" 200 412
116.232.50.26 - - [22/Jan/2022:09:45:40 +0800] "GET /xingrg/all/function/internal_message.html?_=1642815937588&CODE_STATE=getMsg HTTP/1.1" 200 27
180.152.99.39 - - [22/Jan/2022:09:45:47 +0800] "GET /xingrg/kc/buy/cgsh_order_operate.html?command=get_materiel&rest_code=00151&code=00101009106&supplier_code=00100424&order_time=2022-01-22 HTTP/1.1" 200 392
58.39.168.32 - - [22/Jan/2022:09:45:48 +0800] "GET /xingrg/all/function/internal_message.html?_=1642815945905&CODE_STATE=getMsg HTTP/1.1" 200 27
180.169.147.146 - - [22/Jan/2022:09:45:48 +0800] "GET /xingrg/all/function/internal_message.html?_=1642815945431&CODE_STATE=getMsg HTTP/1.1" 200 27
101.80.229.199 - - [22/Jan/2022:09:45:52 +0800] "GET /xingrg/all/function/internal_message.html?_=1642815949236&CODE_STATE=getMsg HTTP/1.1" 200 27
222.70.243.96 - - [22/Jan/2022:09:45:54 +0800] "GET /xingrg/all/function/internal_message.html?_=1642815963874&CODE_STATE=getMsg HTTP/1.1" 200 27
180.152.99.39 - - [22/Jan/2022:09:45:56 +0800] "GET /xingrg/all/function/internal_message.html?_=1642815884929&CODE_STATE=getMsg HTTP/1.1" 200 27
120.253.135.82 - - [22/Jan/2022:09:45:56 +0800] "GET /xingrg/all/function/internal_message.html?_=1642815742800&CODE_STATE=getMsg HTTP/1.1" 200 27
222.69.132.164 - - [22/Jan/2022:09:46:02 +0800] "GET /xingrg/all/function/internal_message.html?_=1642816011872&CODE_STATE=getMsg HTTP/1.1" 200 27
180.152.99.73 - - [22/Jan/2022:09:46:03 +0800] "GET /xingrg/all/function/internal_message.html?_=1642815960720&CODE_STATE=getMsg HTTP/1.1" 200 27
180.152.99.39 - - [22/Jan/2022:09:46:03 +0800] "GET /xingrg/kc/buy/cgsh_order_operate.html?command=get_materiel&rest_code=00151&code=00101009053&supplier_code=00100424&order_time=2022-01-22 HTTP/1.1" 200 408
124.79.247.218 - - [22/Jan/2022:09:46:04 +0800] "GET /xingrg/check_reg.html?_=1642816005052 HTTP/1.1" 200 22
124.79.247.218 - - [22/Jan/2022:09:46:04 +0800] "GET /xingrg/all/function/internal_message.html?_=1642816005112&CODE_STATE=getMsg HTTP/1.1" 200 27
101.85.120.86 - - [22/Jan/2022:09:46:09 +0800] "GET /xingrg/javascript/easyui/themes/default/images/button_plain_hover.png HTTP/1.1" 304 -
58.39.168.32 - - [22/Jan/2022:09:46:10 +0800] "GET /xingrg/all/function/internal_message.html?_=1642815905009&CODE_STATE=getMsg HTTP/1.1" 200 27
222.70.178.207 - - [22/Jan/2022:09:46:13 +0800] "GET /xingrg/all/function/internal_message.html?_=1642815969221&CODE_STATE=getMsg HTTP/1.1" 200 27
222.70.178.207 - - [22/Jan/2022:09:46:13 +0800] "GET /xingrg/check_reg.html?_=1642815969300 HTTP/1.1" 200 22
101.85.120.86 - - [22/Jan/2022:09:46:18 +0800] "GET /xingrg/all/function/internal_message.html?_=1642815974688&CODE_STATE=getMsg HTTP/1.1" 200 27
58.37.10.95 - - [22/Jan/2022:09:46:18 +0800] "GET /xingrg/all/function/internal_message.html?_=1642815771580&CODE_STATE=getMsg HTTP/1.1" 200 27
