116.232.50.26 - - [22/Jan/2022:10:49:04 +0800] "GET /xingrg/kc/buy/cgsh_order_operate.html?command=get_materiel&rest_code=00109&code=00101011001&supplier_code=00100046&order_time=2022-01-22 HTTP/1.1" 200 423
180.152.99.73 - - [22/Jan/2022:10:49:06 +0800] "GET /xingrg/all/function/internal_message.html?_=1642819743821&CODE_STATE=getMsg HTTP/1.1" 200 27
180.152.99.73 - - [22/Jan/2022:10:49:06 +0800] "GET /xingrg/check_reg.html?_=1642819744481 HTTP/1.1" 200 22
180.169.147.146 - - [22/Jan/2022:10:49:08 +0800] "GET /xingrg/all/function/internal_message.html?_=1642819741229&CODE_STATE=getMsg HTTP/1.1" 200 27
58.39.168.32 - - [22/Jan/2022:10:49:09 +0800] "GET /xingrg/all/function/internal_message.html?_=1642819683874&CODE_STATE=getMsg HTTP/1.1" 200 27
124.78.156.14 - - [22/Jan/2022:10:49:10 +0800] "GET /xingrg/kc/print/load_data.html?order_code=212022012211028&kc_code=cgsh HTTP/1.1" 200 749
222.70.178.207 - - [22/Jan/2022:10:49:12 +0800] "GET /xingrg/all/function/internal_message.html?_=1642819748216&CODE_STATE=getMsg HTTP/1.1" 200 27
124.78.156.14 - - [22/Jan/2022:10:49:13 +0800] "GET /xingrg/kc/base/wldb_order_operate.html?command=get_materiel&rest_code=00106&base_code=0010396&code=00101013052 HTTP/1.1" 200 441
116.232.50.26 - - [22/Jan/2022:10:49:17 +0800] "POST /xingrg/kc/buy/cgsh_order_operate.html HTTP/1.1" 200 37
101.85.120.86 - - [22/Jan/2022:10:49:18 +0800] "GET /xingrg/all/function/internal_message.html?_=1642819754747&CODE_STATE=getMsg HTTP/1.1" 200 27
116.232.50.26 - - [22/Jan/2022:10:49:21 +0800] "POST /xingrg/kc/buy/cgsh_order_operate.html HTTP/1.1" 200 3848
101.83.241.107 - - [22/Jan/2022:10:49:21 +0800] "GET /xingrg/all/function/internal_message.html?_=1642819755494&CODE_STATE=getMsg HTTP/1.1" 200 27
116.232.50.26 - - [22/Jan/2022:10:49:22 +0800] "GET /xingrg/kc/print/load_config.html?kc_code=cgsh HTTP/1.1" 200 1943
116.232.50.26 - - [22/Jan/2022:10:49:22 +0800] "GET /xingrg/kc/print/load_data.html?order_code=212022012211029&kc_code=cgsh&condition= HTTP/1.1" 200 1135
116.232.50.26 - - [22/Jan/2022:10:49:26 +0800] "GET /xingrg/kc/buy/cgsh_order_add.html HTTP/1.1" 200 65490
116.232.50.26 - - [22/Jan/2022:10:49:26 +0800] "GET /xingrg/javascript/easyui/themes/default/validatebox.css HTTP/1.1" 404 1104
116.232.50.26 - - [22/Jan/2022:10:49:26 +0800] "GET /xingrg/all/common/auto_word.html?type=employee&rest_code=00109 HTTP/1.1" 200 255
116.232.50.26 - - [22/Jan/2022:10:49:26 +0800] "POST /xingrg/kc/buy/cgsh_order_operate.html HTTP/1.1" 200 8245
116.232.50.26 - - [22/Jan/2022:10:49:26 +0800] "GET /xingrg/all/common/auto_word.html?type=employee&rest_code=00109 HTTP/1.1" 200 255
124.79.247.218 - - [22/Jan/2022:10:49:30 +0800] "GET /xingrg/all/function/internal_message.html?_=1642819908046&CODE_STATE=getMsg HTTP/1.1" 200 27
222.70.217.149 - - [22/Jan/2022:10:49:31 +0800] "GET /xingrg/all/function/internal_message.html?_=1642819755360&CODE_STATE=getMsg HTTP/1.1" 200 27
116.232.50.26 - - [22/Jan/2022:10:49:37 +0800] "GET /xingrg/kc/buy/cgsh_order_operate.html?command=get_materiel&rest_code=00109&code=00101001269&supplier_code=00100454&order_time=2022-01-22 HTTP/1.1" 200 403
124.78.156.14 - - [22/Jan/2022:10:49:37 +0800] "GET /xingrg/kc/buy/cgsh_order_add.html HTTP/1.1" 200 65455
124.78.156.14 - - [22/Jan/2022:10:49:38 +0800] "GET /xingrg/javascript/easyui/themes/default/validatebox.css HTTP/1.1" 404 1104
124.78.156.14 - - [22/Jan/2022:10:49:38 +0800] "POST /xingrg/kc/buy/cgsh_order_operate.html HTTP/1.1" 200 8245
124.78.156.14 - - [22/Jan/2022:10:49:39 +0800] "GET /xingrg/javascript/easyui/themes/default/tree.css HTTP/1.1" 404 1090
124.78.156.14 - - [22/Jan/2022:10:49:40 +0800] "POST /xingrg/all/common/load_tree.html?tree=supplier_tree_json&isDelete=1 HTTP/1.1" 200 61885
116.232.50.26 - - [22/Jan/2022:10:49:40 +0800] "GET /xingrg/all/function/internal_message.html?_=1642819777720&CODE_STATE=getMsg HTTP/1.1" 200 27
101.80.229.199 - - [22/Jan/2022:10:49:43 +0800] "POST /xingrg/kc/buy/cgsh_list_operate.html HTTP/1.1" 200 876
124.78.156.14 - - [22/Jan/2022:10:49:43 +0800] "GET /xingrg/kc/base/wldb_order_operate.html?command=get_materiel&rest_code=00106&base_code=0010396&code=00101019066 HTTP/1.1" 200 442
114.95.98.1 - - [22/Jan/2022:10:49:43 +0800] "GET /xingrg/all/function/internal_message.html?_=1642819801232&CODE_STATE=getMsg HTTP/1.1" 200 27
180.169.147.146 - - [22/Jan/2022:10:49:44 +0800] "GET /xingrg/check_reg.html?_=1642819782783 HTTP/1.1" 200 22
180.169.147.146 - - [22/Jan/2022:10:49:44 +0800] "GET /xingrg/all/function/internal_message.html?_=1642819782783&CODE_STATE=getMsg HTTP/1.1" 200 27
114.84.146.162 - - [22/Jan/2022:10:49:46 +0800] "POST /xingrg/services/DataTransmitService HTTP/1.1" 401 565
114.84.146.162 - - [22/Jan/2022:10:49:46 +0800] "POST /xingrg/services/DataTransmitService HTTP/1.1" 200 478
114.84.146.162 - - [22/Jan/2022:10:49:46 +0800] "POST /xingrg/services/DataTransmitService HTTP/1.1" 200 1319
114.84.146.162 - - [22/Jan/2022:10:49:46 +0800] "POST /xingrg/services/DataTransmitService HTTP/1.1" 200 478
114.84.146.162 - - [22/Jan/2022:10:49:47 +0800] "POST /xingrg/services/DataTransmitService HTTP/1.1" 200 1319
114.84.146.162 - - [22/Jan/2022:10:49:47 +0800] "POST /xingrg/services/DataTransmitService HTTP/1.1" 200 524
114.84.146.162 - - [22/Jan/2022:10:49:47 +0800] "POST /xingrg/services/DataTransmitService HTTP/1.1" 200 2243
114.84.146.162 - - [22/Jan/2022:10:49:48 +0800] "POST /xingrg/services/DataTransmitService HTTP/1.1" 200 177324
58.39.168.32 - - [22/Jan/2022:10:49:48 +0800] "GET /xingrg/check_reg.html?_=1642819785971 HTTP/1.1" 200 22
58.39.168.32 - - [22/Jan/2022:10:49:48 +0800] "GET /xingrg/all/function/internal_message.html?_=1642819785973&CODE_STATE=getMsg HTTP/1.1" 200 27
180.169.147.146 - - [22/Jan/2022:10:49:49 +0800] "GET /xingrg/all/function/internal_message.html?_=1642819785481&CODE_STATE=getMsg HTTP/1.1" 200 27
180.169.147.146 - - [22/Jan/2022:10:49:49 +0800] "GET /xingrg/check_reg.html?_=1642819785483 HTTP/1.1" 200 22
124.78.156.14 - - [22/Jan/2022:10:49:50 +0800] "GET /xingrg/all/function/internal_message.html?_=1642819784098&CODE_STATE=getMsg HTTP/1.1" 200 27
124.78.156.14 - - [22/Jan/2022:10:49:51 +0800] "GET /xingrg/all/function/internal_message.html?_=1642819791703&CODE_STATE=getMsg HTTP/1.1" 200 27
101.80.229.199 - - [22/Jan/2022:10:49:51 +0800] "GET /xingrg/all/function/internal_message.html?_=1642819788034&CODE_STATE=getMsg HTTP/1.1" 200 27
116.232.50.26 - - [22/Jan/2022:10:49:52 +0800] "GET /xingrg/kc/buy/cgsh_order_operate.html?command=get_materiel&rest_code=00109&code=00101002027&supplier_code=00100454&order_time=2022-01-22 HTTP/1.1" 200 434
222.70.243.96 - - [22/Jan/2022:10:49:53 +0800] "GET /xingrg/check_reg.html?_=1642819802446 HTTP/1.1" 200 22
222.70.243.96 - - [22/Jan/2022:10:49:55 +0800] "GET /xingrg/all/function/internal_message.html?_=1642819804838&CODE_STATE=getMsg HTTP/1.1" 200 27
180.152.99.39 - - [22/Jan/2022:10:49:58 +0800] "GET /xingrg/check_reg.html?_=1642819726472 HTTP/1.1" 200 22
124.78.156.14 - - [22/Jan/2022:10:49:58 +0800] "GET /xingrg/kc/buy/cgsh_order_operate.html?command=get_materiel&rest_code=00106&code=00101008256&supplier_code=00100007&order_time=2022-01-22 HTTP/1.1" 200 412
180.152.99.39 - - [22/Jan/2022:10:49:59 +0800] "GET /xingrg/all/function/internal_message.html?_=1642819727436&CODE_STATE=getMsg HTTP/1.1" 200 27
116.232.50.26 - - [22/Jan/2022:10:50:00 +0800] "GET /xingrg/kc/buy/cgsh_order_operate.html?command=get_materiel&rest_code=00109&code=00101005036&supplier_code=00100454&order_time=2022-01-22 HTTP/1.1" 200 409
222.69.132.164 - - [22/Jan/2022:10:50:02 +0800] "GET /xingrg/all/function/internal_message.html?_=1642819851870&CODE_STATE=getMsg HTTP/1.1" 200 27
124.78.156.14 - - [22/Jan/2022:10:50:02 +0800] "GET /xingrg/kc/base/wldb_order_operate.html?command=get_materiel&rest_code=00106&base_code=0010396&code=00101019133 HTTP/1.1" 200 466
180.152.99.73 - - [22/Jan/2022:10:50:06 +0800] "GET /xingrg/all/function/internal_message.html?_=1642819803796&CODE_STATE=getMsg HTTP/1.1" 200 27
116.232.50.26 - - [22/Jan/2022:10:50:08 +0800] "GET /xingrg/kc/buy/cgsh_order_operate.html?command=get_materiel&rest_code=00109&code=00101005037&supplier_code=00100454&order_time=2022-01-22 HTTP/1.1" 200 411
180.169.147.146 - - [22/Jan/2022:10:50:08 +0800] "GET /xingrg/all/function/internal_message.html?_=1642819801229&CODE_STATE=getMsg HTTP/1.1" 200 27
124.78.156.14 - - [22/Jan/2022:10:50:09 +0800] "GET /xingrg/kc/buy/cgsh_order_operate.html?command=get_materiel&rest_code=00106&code=00101008234&supplier_code=00100007&order_time=2022-01-22 HTTP/1.1" 200 408
58.39.168.32 - - [22/Jan/2022:10:50:09 +0800] "GET /xingrg/all/function/internal_message.html?_=1642819743859&CODE_STATE=getMsg HTTP/1.1" 200 27
222.70.178.207 - - [22/Jan/2022:10:50:12 +0800] "GET /xingrg/all/function/internal_message.html?_=1642819808199&CODE_STATE=getMsg HTTP/1.1" 200 27
58.39.168.32 - - [22/Jan/2022:10:50:12 +0800] "GET /xingrg/check_reg.html?_=1642819746560 HTTP/1.1" 200 22
124.78.156.14 - - [22/Jan/2022:10:50:16 +0800] "GET /xingrg/kc/buy/cgsh_order_operate.html?command=get_materiel&rest_code=00106&code=00101008155&supplier_code=00100007&order_time=2022-01-22 HTTP/1.1" 200 408
101.85.120.86 - - [22/Jan/2022:10:50:18 +0800] "GET /xingrg/all/function/internal_message.html?_=1642819814747&CODE_STATE=getMsg HTTP/1.1" 200 27
101.85.120.86 - - [22/Jan/2022:10:50:18 +0800] "GET /xingrg/check_reg.html?_=1642819814750 HTTP/1.1" 200 22
61.151.178.177 - - [22/Jan/2022:10:50:19 +0800] "GET /xingrg/kc/buy/cgsh_order_operate.html?command=get_materiel&rest_code=00106&code=00101006111&supplier_code=00100015&order_time=2022-01-22 HTTP/1.1" 302 -
61.151.178.177 - - [22/Jan/2022:10:50:20 +0800] "GET /xingrg/login.html HTTP/1.1" 200 7641
101.83.241.107 - - [22/Jan/2022:10:50:21 +0800] "GET /xingrg/all/function/internal_message.html?_=1642819815491&CODE_STATE=getMsg HTTP/1.1" 200 27
101.83.241.107 - - [22/Jan/2022:10:50:23 +0800] "GET /xingrg/check_reg.html?_=1642819816734 HTTP/1.1" 200 22
116.232.50.26 - - [22/Jan/2022:10:50:23 +0800] "GET /xingrg/kc/buy/cgsh_order_operate.html?command=get_materiel&rest_code=00109&code=00101002027&supplier_code=00100454&order_time=2022-01-22 HTTP/1.1" 200 434
124.78.156.14 - - [22/Jan/2022:10:50:24 +0800] "GET /xingrg/kc/buy/cgsh_order_operate.html?command=get_materiel&rest_code=00106&code=00101008354&supplier_code=00100007&order_time=2022-01-22 HTTP/1.1" 200 412
124.78.156.14 - - [22/Jan/2022:10:50:24 +0800] "GET /xingrg/kc/base/wldb_order_operate.html?command=get_materiel&rest_code=00106&base_code=0010396&code=00101019430 HTTP/1.1" 200 464
222.70.217.149 - - [22/Jan/2022:10:50:28 +0800] "POST /xingrg/services/DataTransmitService HTTP/1.1" 200 524
222.70.217.149 - - [22/Jan/2022:10:50:29 +0800] "POST /xingrg/services/DataTransmitService HTTP/1.1" 200 412
124.79.247.218 - - [22/Jan/2022:10:50:30 +0800] "GET /xingrg/all/function/internal_message.html?_=1642819968044&CODE_STATE=getMsg HTTP/1.1" 200 27
222.70.217.149 - - [22/Jan/2022:10:50:31 +0800] "GET /xingrg/all/function/internal_message.html?_=1642819815349&CODE_STATE=getMsg HTTP/1.1" 200 27
114.84.146.162 - - [22/Jan/2022:10:50:32 +0800] "POST /xingrg/services/DataTransmitService HTTP/1.1" 200 45454
114.84.146.162 - - [22/Jan/2022:10:50:32 +0800] "POST /xingrg/services/DataTransmitService HTTP/1.1" 200 19237
116.232.50.26 - - [22/Jan/2022:10:50:33 +0800] "GET /xingrg/kc/buy/cgsh_order_operate.html?command=get_materiel&rest_code=00109&code=00101001084&supplier_code=00100454&order_time=2022-01-22 HTTP/1.1" 200 415
124.78.156.14 - - [22/Jan/2022:10:50:33 +0800] "GET /xingrg/kc/buy/cgsh_order_operate.html?command=get_materiel&rest_code=00106&code=00101008110&supplier_code=00100007&order_time=2022-01-22 HTTP/1.1" 200 408
101.83.241.107 - - [22/Jan/2022:10:50:34 +0800] "GET /xingrg/kc/buy/cgsh_order_add.html HTTP/1.1" 200 65502
101.83.241.107 - - [22/Jan/2022:10:50:34 +0800] "POST /xingrg/kc/buy/cgsh_order_operate.html HTTP/1.1" 200 8245
101.83.241.107 - - [22/Jan/2022:10:50:34 +0800] "GET /xingrg/javascript/easyui/themes/default/validatebox.css HTTP/1.1" 404 1104
116.232.50.26 - - [22/Jan/2022:10:50:40 +0800] "GET /xingrg/all/function/internal_message.html?_=1642819837723&CODE_STATE=getMsg HTTP/1.1" 200 27
124.78.156.14 - - [22/Jan/2022:10:50:42 +0800] "GET /xingrg/kc/base/wldb_order_operate.html?command=get_materiel&rest_code=00106&base_code=0010396&code=00101013221 HTTP/1.1" 200 434
124.78.156.14 - - [22/Jan/2022:10:50:43 +0800] "GET /xingrg/kc/buy/cgsh_order_operate.html?command=get_materiel&rest_code=00106&code=00101008038&supplier_code=00100007&order_time=2022-01-22 HTTP/1.1" 200 412
114.95.98.1 - - [22/Jan/2022:10:50:43 +0800] "GET /xingrg/all/function/internal_message.html?_=1642819861236&CODE_STATE=getMsg HTTP/1.1" 200 27
116.232.50.26 - - [22/Jan/2022:10:50:44 +0800] "GET /xingrg/kc/buy/cgsh_order_operate.html?command=get_materiel&rest_code=00109&code=00101001010&supplier_code=00100454&order_time=2022-01-22 HTTP/1.1" 200 409
180.169.147.146 - - [22/Jan/2022:10:50:44 +0800] "GET /xingrg/all/function/internal_message.html?_=1642819842785&CODE_STATE=getMsg HTTP/1.1" 200 27
58.39.168.32 - - [22/Jan/2022:10:50:48 +0800] "GET /xingrg/all/function/internal_message.html?_=1642819845974&CODE_STATE=getMsg HTTP/1.1" 200 27
180.169.147.146 - - [22/Jan/2022:10:50:49 +0800] "GET /xingrg/all/function/internal_message.html?_=1642819845464&CODE_STATE=getMsg HTTP/1.1" 200 27
124.78.156.14 - - [22/Jan/2022:10:50:50 +0800] "GET /xingrg/all/function/internal_message.html?_=1642819844094&CODE_STATE=getMsg HTTP/1.1" 200 27
101.80.229.199 - - [22/Jan/2022:10:50:51 +0800] "GET /xingrg/all/function/internal_message.html?_=1642819848020&CODE_STATE=getMsg HTTP/1.1" 200 27
124.78.156.14 - - [22/Jan/2022:10:50:51 +0800] "GET /xingrg/all/function/internal_message.html?_=1642819851702&CODE_STATE=getMsg HTTP/1.1" 200 27
124.78.156.14 - - [22/Jan/2022:10:50:52 +0800] "GET /xingrg/kc/buy/cgsh_order_operate.html?command=get_materiel&rest_code=00106&code=00101008163&supplier_code=00100007&order_time=2022-01-22 HTTP/1.1" 200 409
101.83.241.107 - - [22/Jan/2022:10:50:52 +0800] "GET /xingrg/kc/buy/cgsh_order_operate.html?command=get_materiel&rest_code=00149&code=00101009045&supplier_code=00100201&order_time=2022-01-22 HTTP/1.1" 200 414
222.70.243.96 - - [22/Jan/2022:10:50:55 +0800] "GET /xingrg/all/function/internal_message.html?_=1642819864851&CODE_STATE=getMsg HTTP/1.1" 200 27
180.152.99.39 - - [22/Jan/2022:10:50:59 +0800] "GET /xingrg/all/function/internal_message.html?_=1642819787449&CODE_STATE=getMsg HTTP/1.1" 200 27
124.78.156.14 - - [22/Jan/2022:10:50:59 +0800] "GET /xingrg/kc/buy/cgsh_order_operate.html?command=get_materiel&rest_code=00106&code=00101008190&supplier_code=00100007&order_time=2022-01-22 HTTP/1.1" 200 412
222.69.132.164 - - [22/Jan/2022:10:51:02 +0800] "GET /xingrg/all/function/internal_message.html?_=1642819911872&CODE_STATE=getMsg HTTP/1.1" 200 27
124.78.156.14 - - [22/Jan/2022:10:51:02 +0800] "POST /xingrg/kc/base/wldb_order_operate.html HTTP/1.1" 200 37
124.78.156.14 - - [22/Jan/2022:10:51:03 +0800] "POST /xingrg/kc/base/wldb_order_operate.html HTTP/1.1" 200 6196
124.78.156.14 - - [22/Jan/2022:10:51:03 +0800] "GET /xingrg/kc/base/wldb_order_info.html?code=422022012202895 HTTP/1.1" 200 30289
124.78.156.14 - - [22/Jan/2022:10:51:03 +0800] "GET /xingrg/javascript/easyui/themes/default/validatebox.css HTTP/1.1" 404 1104
124.78.156.14 - - [22/Jan/2022:10:51:04 +0800] "POST /xingrg/kc/base/wldb_order_operate.html HTTP/1.1" 200 6196
180.152.99.73 - - [22/Jan/2022:10:51:06 +0800] "GET /xingrg/all/function/internal_message.html?_=1642819863769&CODE_STATE=getMsg HTTP/1.1" 200 27
124.78.156.14 - - [22/Jan/2022:10:51:07 +0800] "GET /xingrg/kc/base/wldb_order_add.html HTTP/1.1" 200 30274
124.78.156.14 - - [22/Jan/2022:10:51:07 +0800] "POST /xingrg/kc/base/wldb_order_operate.html HTTP/1.1" 200 6806
124.78.156.14 - - [22/Jan/2022:10:51:07 +0800] "GET /xingrg/javascript/easyui/themes/default/validatebox.css HTTP/1.1" 404 1104
124.78.156.14 - - [22/Jan/2022:10:51:07 +0800] "POST /xingrg/kc/buy/cgsh_order_operate.html HTTP/1.1" 200 37
180.169.147.146 - - [22/Jan/2022:10:51:08 +0800] "GET /xingrg/check_reg.html?_=1642819861228 HTTP/1.1" 200 22
180.169.147.146 - - [22/Jan/2022:10:51:08 +0800] "GET /xingrg/all/function/internal_message.html?_=1642819861227&CODE_STATE=getMsg HTTP/1.1" 200 27
124.78.156.14 - - [22/Jan/2022:10:51:08 +0800] "POST /xingrg/all/common/load_combo.html?type=base HTTP/1.1" 200 3315
58.39.168.32 - - [22/Jan/2022:10:51:09 +0800] "GET /xingrg/all/function/internal_message.html?_=1642819803829&CODE_STATE=getMsg HTTP/1.1" 200 27
124.78.156.14 - - [22/Jan/2022:10:51:12 +0800] "POST /xingrg/all/common/load_combo.html?type=base HTTP/1.1" 200 3315
222.70.178.207 - - [22/Jan/2022:10:51:12 +0800] "GET /xingrg/all/function/internal_message.html?_=1642819868208&CODE_STATE=getMsg HTTP/1.1" 200 27
116.232.50.26 - - [22/Jan/2022:10:51:12 +0800] "POST /xingrg/kc/buy/cgsh_order_operate.html HTTP/1.1" 200 37
222.70.178.207 - - [22/Jan/2022:10:51:13 +0800] "GET /xingrg/check_reg.html?_=1642819869410 HTTP/1.1" 200 22
116.232.50.26 - - [22/Jan/2022:10:51:15 +0800] "POST /xingrg/kc/buy/cgsh_order_operate.html HTTP/1.1" 200 6218
116.232.50.26 - - [22/Jan/2022:10:51:16 +0800] "GET /xingrg/kc/print/load_config.html?kc_code=cgsh HTTP/1.1" 200 1943
116.232.50.26 - - [22/Jan/2022:10:51:16 +0800] "GET /xingrg/kc/print/load_data.html?order_code=212022012211031&kc_code=cgsh&condition= HTTP/1.1" 200 2007
101.85.120.86 - - [22/Jan/2022:10:51:18 +0800] "GET /xingrg/all/function/internal_message.html?_=1642819874749&CODE_STATE=getMsg HTTP/1.1" 200 27
116.232.50.26 - - [22/Jan/2022:10:51:20 +0800] "GET /xingrg/kc/buy/cgsh_order_add.html HTTP/1.1" 200 65490
116.232.50.26 - - [22/Jan/2022:10:51:20 +0800] "POST /xingrg/kc/buy/cgsh_order_operate.html HTTP/1.1" 200 8245
116.232.50.26 - - [22/Jan/2022:10:51:20 +0800] "GET /xingrg/javascript/easyui/themes/default/validatebox.css HTTP/1.1" 404 1104
116.232.50.26 - - [22/Jan/2022:10:51:20 +0800] "GET /xingrg/all/common/auto_word.html?type=employee&rest_code=00109 HTTP/1.1" 200 255
116.232.50.26 - - [22/Jan/2022:10:51:20 +0800] "GET /xingrg/all/common/auto_word.html?type=employee&rest_code=00109 HTTP/1.1" 200 255
101.83.241.107 - - [22/Jan/2022:10:51:21 +0800] "GET /xingrg/all/function/internal_message.html?_=1642819875494&CODE_STATE=getMsg HTTP/1.1" 200 27
101.83.241.107 - - [22/Jan/2022:10:51:23 +0800] "GET /xingrg/kc/buy/cgsh_order_operate.html?command=get_materiel&rest_code=00149&code=00101009109&supplier_code=00100201&order_time=2022-01-22 HTTP/1.1" 200 399
116.232.50.26 - - [22/Jan/2022:10:51:29 +0800] "GET /xingrg/kc/buy/cgsh_order_operate.html?command=get_materiel&rest_code=00109&code=00101007048&supplier_code=00100004&order_time=2022-01-22 HTTP/1.1" 200 408
124.79.247.218 - - [22/Jan/2022:10:51:30 +0800] "GET /xingrg/all/function/internal_message.html?_=1642820028048&CODE_STATE=getMsg HTTP/1.1" 200 27
124.79.247.218 - - [22/Jan/2022:10:51:30 +0800] "GET /xingrg/check_reg.html?_=1642820028050 HTTP/1.1" 200 22
222.70.217.149 - - [22/Jan/2022:10:51:31 +0800] "GET /xingrg/all/function/internal_message.html?_=1642819875337&CODE_STATE=getMsg HTTP/1.1" 200 27
222.70.243.96 - - [22/Jan/2022:10:51:33 +0800] "GET /xingrg/kc/buy/cgsh_order_operate.html?command=get_materiel&rest_code=00146&code=00101008175&supplier_code=00100005&order_time=2022-01-22 HTTP/1.1" 200 412
124.78.156.14 - - [22/Jan/2022:10:51:35 +0800] "GET /xingrg/kc/base/wldb_order_operate.html?command=get_materiel&rest_code=00106&base_code=0010232&code=00101025014 HTTP/1.1" 200 464
116.232.50.26 - - [22/Jan/2022:10:51:40 +0800] "GET /xingrg/all/function/internal_message.html?_=1642819897724&CODE_STATE=getMsg HTTP/1.1" 200 27
116.232.50.26 - - [22/Jan/2022:10:51:40 +0800] "POST /xingrg/kc/buy/cgsh_order_operate.html HTTP/1.1" 200 37
116.232.50.26 - - [22/Jan/2022:10:51:42 +0800] "POST /xingrg/kc/buy/cgsh_order_operate.html HTTP/1.1" 200 2653
116.232.50.26 - - [22/Jan/2022:10:51:43 +0800] "GET /xingrg/kc/print/load_config.html?kc_code=cgsh HTTP/1.1" 200 1943
116.232.50.26 - - [22/Jan/2022:10:51:44 +0800] "GET /xingrg/kc/print/load_data.html?order_code=212022012211032&kc_code=cgsh&condition= HTTP/1.1" 200 708
114.95.98.1 - - [22/Jan/2022:10:51:44 +0800] "GET /xingrg/all/function/internal_message.html?_=1642819921718&CODE_STATE=getMsg HTTP/1.1" 200 27
180.169.147.146 - - [22/Jan/2022:10:51:44 +0800] "GET /xingrg/all/function/internal_message.html?_=1642819902791&CODE_STATE=getMsg HTTP/1.1" 200 27
124.78.156.14 - - [22/Jan/2022:10:51:45 +0800] "POST /xingrg/kc/base/wldb_order_operate.html HTTP/1.1" 200 37
124.78.156.14 - - [22/Jan/2022:10:51:46 +0800] "POST /xingrg/kc/base/wldb_order_operate.html HTTP/1.1" 200 2210
124.78.156.14 - - [22/Jan/2022:10:51:46 +0800] "GET /xingrg/kc/base/wldb_order_info.html?code=422022012202896 HTTP/1.1" 200 30289
124.78.156.14 - - [22/Jan/2022:10:51:47 +0800] "GET /xingrg/javascript/easyui/themes/default/validatebox.css HTTP/1.1" 404 1104
222.70.243.96 - - [22/Jan/2022:10:51:47 +0800] "GET /xingrg/kc/buy/cgsh_order_operate.html?command=get_materiel&rest_code=00146&code=00101008219&supplier_code=00100005&order_time=2022-01-22 HTTP/1.1" 200 412
124.78.156.14 - - [22/Jan/2022:10:51:47 +0800] "POST /xingrg/kc/base/wldb_order_operate.html HTTP/1.1" 200 2210
116.232.50.26 - - [22/Jan/2022:10:51:47 +0800] "GET /xingrg/kc/buy/cgsh_order_add.html HTTP/1.1" 200 65490
116.232.50.26 - - [22/Jan/2022:10:51:47 +0800] "POST /xingrg/kc/buy/cgsh_order_operate.html HTTP/1.1" 200 8245
116.232.50.26 - - [22/Jan/2022:10:51:47 +0800] "GET /xingrg/javascript/easyui/themes/default/validatebox.css HTTP/1.1" 404 1104
116.232.50.26 - - [22/Jan/2022:10:51:47 +0800] "GET /xingrg/all/common/auto_word.html?type=employee&rest_code=00109 HTTP/1.1" 200 255
116.232.50.26 - - [22/Jan/2022:10:51:48 +0800] "GET /xingrg/all/common/auto_word.html?type=employee&rest_code=00109 HTTP/1.1" 200 255
58.39.168.32 - - [22/Jan/2022:10:51:48 +0800] "GET /xingrg/all/function/internal_message.html?_=1642819905974&CODE_STATE=getMsg HTTP/1.1" 200 27
180.169.147.146 - - [22/Jan/2022:10:51:49 +0800] "GET /xingrg/all/function/internal_message.html?_=1642819905457&CODE_STATE=getMsg HTTP/1.1" 200 27
124.78.156.14 - - [22/Jan/2022:10:51:50 +0800] "GET /xingrg/kc/base/base_main.html HTTP/1.1" 200 12142
101.80.229.199 - - [22/Jan/2022:10:51:51 +0800] "GET /xingrg/all/function/internal_message.html?_=1642819908005&CODE_STATE=getMsg HTTP/1.1" 200 27
124.78.156.14 - - [22/Jan/2022:10:51:51 +0800] "GET /xingrg/all/function/internal_message.html?_=1642819911713&CODE_STATE=getMsg HTTP/1.1" 200 27
124.78.156.14 - - [22/Jan/2022:10:51:51 +0800] "GET /xingrg/kc/base/wldb_order_list.html HTTP/1.1" 200 19060
124.78.156.14 - - [22/Jan/2022:10:51:52 +0800] "POST /xingrg/kc/base/wldb_list_operate.html HTTP/1.1" 200 2950
222.70.243.96 - - [22/Jan/2022:10:51:55 +0800] "GET /xingrg/all/function/internal_message.html?_=1642819924865&CODE_STATE=getMsg HTTP/1.1" 200 27
116.232.50.26 - - [22/Jan/2022:10:51:56 +0800] "GET /xingrg/kc/buy/cgsh_order_operate.html?command=get_materiel&rest_code=00109&code=00101006110&supplier_code=00100015&order_time=2022-01-22 HTTP/1.1" 200 408
222.70.243.96 - - [22/Jan/2022:10:51:58 +0800] "GET /xingrg/kc/buy/cgsh_order_operate.html?command=get_materiel&rest_code=00146&code=00101008027&supplier_code=00100005&order_time=2022-01-22 HTTP/1.1" 200 408
180.152.99.39 - - [22/Jan/2022:10:51:59 +0800] "GET /xingrg/all/function/internal_message.html?_=1642819847463&CODE_STATE=getMsg HTTP/1.1" 200 27
124.78.156.14 - - [22/Jan/2022:10:52:00 +0800] "POST /xingrg/kc/buy/cgsh_order_operate.html HTTP/1.1" 200 6776
222.69.132.164 - - [22/Jan/2022:10:52:02 +0800] "GET /xingrg/all/function/internal_message.html?_=1642819971874&CODE_STATE=getMsg HTTP/1.1" 200 27
116.232.50.26 - - [22/Jan/2022:10:52:03 +0800] "GET /xingrg/kc/buy/cgsh_order_operate.html?command=get_materiel&rest_code=00109&code=00101006056&supplier_code=00100015&order_time=2022-01-22 HTTP/1.1" 200 413
101.89.239.245 - - [22/Jan/2022:10:52:05 +0800] "GET /xingrg/kc/print/load_data.html?order_code=212022012211023&kc_code=cgsh HTTP/1.1" 302 -
180.152.99.73 - - [22/Jan/2022:10:52:06 +0800] "GET /xingrg/all/function/internal_message.html?_=1642819923758&CODE_STATE=getMsg HTTP/1.1" 200 27
101.89.239.245 - - [22/Jan/2022:10:52:06 +0800] "GET /xingrg/login.html HTTP/1.1" 200 7641
180.169.147.146 - - [22/Jan/2022:10:52:08 +0800] "GET /xingrg/all/function/internal_message.html?_=1642819921268&CODE_STATE=getMsg HTTP/1.1" 200 27
58.39.168.32 - - [22/Jan/2022:10:52:09 +0800] "GET /xingrg/all/function/internal_message.html?_=1642819863815&CODE_STATE=getMsg HTTP/1.1" 200 27
116.232.50.26 - - [22/Jan/2022:10:52:09 +0800] "GET /xingrg/kc/buy/cgsh_order_operate.html?command=get_materiel&rest_code=00109&code=00101006109&supplier_code=00100015&order_time=2022-01-22 HTTP/1.1" 200 409
114.95.98.1 - - [22/Jan/2022:10:52:10 +0800] "GET /xingrg/javascript/easyui/themes/default/tree.css HTTP/1.1" 404 1090
222.70.243.96 - - [22/Jan/2022:10:52:10 +0800] "GET /xingrg/kc/buy/cgsh_order_operate.html?command=get_materiel&rest_code=00146&code=00101008257&supplier_code=00100005&order_time=2022-01-22 HTTP/1.1" 200 416
114.95.98.1 - - [22/Jan/2022:10:52:11 +0800] "POST /xingrg/all/common/load_tree.html?tree=supplier_tree_json&isDelete=1 HTTP/1.1" 200 61885
222.70.178.207 - - [22/Jan/2022:10:52:12 +0800] "GET /xingrg/all/function/internal_message.html?_=1642819928191&CODE_STATE=getMsg HTTP/1.1" 200 27
101.85.120.86 - - [22/Jan/2022:10:52:18 +0800] "GET /xingrg/all/function/internal_message.html?_=1642819934749&CODE_STATE=getMsg HTTP/1.1" 200 27
101.83.241.107 - - [22/Jan/2022:10:52:21 +0800] "GET /xingrg/all/function/internal_message.html?_=1642819935503&CODE_STATE=getMsg HTTP/1.1" 200 27
124.78.156.14 - - [22/Jan/2022:10:52:24 +0800] "GET /xingrg/kc/buy/cgsh_order_operate.html?command=get_materiel&rest_code=00106&code=00101008141&supplier_code=00100007&order_time=2022-01-22 HTTP/1.1" 200 412
222.70.243.96 - - [22/Jan/2022:10:52:25 +0800] "GET /xingrg/kc/buy/cgsh_order_operate.html?command=get_materiel&rest_code=00146&code=00101008244&supplier_code=00100005&order_time=2022-01-22 HTTP/1.1" 200 408
116.232.50.26 - - [22/Jan/2022:10:52:25 +0800] "GET /xingrg/kc/buy/cgsh_order_operate.html?command=get_materiel&rest_code=00109&code=00101006293&supplier_code=00100015&order_time=2022-01-22 HTTP/1.1" 200 416
124.78.156.14 - - [22/Jan/2022:10:52:27 +0800] "GET /xingrg/kc/base/base_main.html HTTP/1.1" 200 12142
124.78.156.14 - - [22/Jan/2022:10:52:28 +0800] "GET /xingrg/kc/base/wldb_order_list.html HTTP/1.1" 200 19060
124.78.156.14 - - [22/Jan/2022:10:52:29 +0800] "POST /xingrg/kc/base/wldb_list_operate.html HTTP/1.1" 200 2950
124.79.247.218 - - [22/Jan/2022:10:52:30 +0800] "GET /xingrg/all/function/internal_message.html?_=1642820088047&CODE_STATE=getMsg HTTP/1.1" 200 27
222.70.217.149 - - [22/Jan/2022:10:52:31 +0800] "GET /xingrg/all/function/internal_message.html?_=1642819935316&CODE_STATE=getMsg HTTP/1.1" 200 27
124.78.156.14 - - [22/Jan/2022:10:52:31 +0800] "GET /xingrg/kc/buy/buy_main.html HTTP/1.1" 200 12412
124.78.156.14 - - [22/Jan/2022:10:52:31 +0800] "GET /xingrg/css/new_ie.css HTTP/1.1" 404 1036
124.78.156.14 - - [22/Jan/2022:10:52:32 +0800] "GET /xingrg/images/yd/bt.gif HTTP/1.1" 404 1040
124.78.156.14 - - [22/Jan/2022:10:52:33 +0800] "GET /xingrg/kc/buy/cgsh_order_list.html HTTP/1.1" 200 49639
114.95.98.1 - - [22/Jan/2022:10:52:34 +0800] "GET /xingrg/check_reg.html?_=1642819972408 HTTP/1.1" 200 22
124.78.156.14 - - [22/Jan/2022:10:52:36 +0800] "POST /xingrg/kc/buy/cgsh_list_operate.html HTTP/1.1" 200 1697
124.78.156.14 - - [22/Jan/2022:10:52:37 +0800] "GET /xingrg/kc/buy/cgsh_order_operate.html?command=get_materiel&rest_code=00106&code=00101008355&supplier_code=00100007&order_time=2022-01-22 HTTP/1.1" 200 408
180.157.251.97 - - [22/Jan/2022:10:52:38 +0800] "GET /xingrg/index.html?sysBaseUrl=http%3A%2F%2F180.169.147.146%3A18081%2Fxingrg%2F&costTime=44×tamp=1622098168715 HTTP/1.1" 302 -
180.157.251.97 - - [22/Jan/2022:10:52:38 +0800] "GET /xingrg/login.html HTTP/1.1" 200 7641
180.157.251.97 - - [22/Jan/2022:10:52:38 +0800] "GET /favicon.ico HTTP/1.1" 404 -
114.95.98.1 - - [22/Jan/2022:10:52:38 +0800] "GET /xingrg/kc/buy/cgsh_order_operate.html?command=get_materiel&rest_code=00102&code=00101009011&supplier_code=00100424&order_time=2022-01-22 HTTP/1.1" 200 416
124.78.156.14 - - [22/Jan/2022:10:52:39 +0800] "GET /xingrg/kc/mdqp/qp_main.html HTTP/1.1" 200 10633
124.78.156.14 - - [22/Jan/2022:10:52:40 +0800] "GET /xingrg/images/yd/bt.gif HTTP/1.1" 404 1040
116.232.50.26 - - [22/Jan/2022:10:52:40 +0800] "GET /xingrg/check_reg.html?_=1642819957728 HTTP/1.1" 200 22
116.232.50.26 - - [22/Jan/2022:10:52:40 +0800] "GET /xingrg/all/function/internal_message.html?_=1642819957726&CODE_STATE=getMsg HTTP/1.1" 200 27
124.78.156.14 - - [22/Jan/2022:10:52:41 +0800] "GET /xingrg/kc/mdqp/pssh_order_list.html HTTP/1.1" 200 17777
124.78.156.14 - - [22/Jan/2022:10:52:41 +0800] "POST /xingrg/kc/mdqp/pssh_list_operate.html HTTP/1.1" 200 5108
114.95.98.1 - - [22/Jan/2022:10:52:44 +0800] "GET /xingrg/all/function/internal_message.html?_=1642819981730&CODE_STATE=getMsg HTTP/1.1" 200 27
180.169.147.146 - - [22/Jan/2022:10:52:44 +0800] "GET /xingrg/all/function/internal_message.html?_=1642819962791&CODE_STATE=getMsg HTTP/1.1" 200 27
124.78.156.14 - - [22/Jan/2022:10:52:44 +0800] "GET /xingrg/kc/buy/buy_main.html HTTP/1.1" 200 12412
124.78.156.14 - - [22/Jan/2022:10:52:44 +0800] "GET /xingrg/css/new_ie.css HTTP/1.1" 404 1036
222.70.243.96 - - [22/Jan/2022:10:52:44 +0800] "GET /xingrg/kc/buy/cgsh_order_operate.html?command=get_materiel&rest_code=00146&code=00101008354&supplier_code=00100005&order_time=2022-01-22 HTTP/1.1" 200 412
180.157.251.97 - - [22/Jan/2022:10:52:45 +0800] "GET /xingrg/index.html?sysBaseUrl=http%3A%2F%2F180.169.147.146%3A18081%2Fxingrg%2F&costTime=44×tamp=1622098168715 HTTP/1.1" 302 -
180.157.251.97 - - [22/Jan/2022:10:52:45 +0800] "GET /xingrg/login.html HTTP/1.1" 200 7641
180.157.251.97 - - [22/Jan/2022:10:52:45 +0800] "GET /favicon.ico HTTP/1.1" 404 -
61.151.178.163 - - [22/Jan/2022:10:52:46 +0800] "GET /xingrg/kc/buy/cgsh_order_operate.html?command=get_materiel&rest_code=00106&code=00101008147&supplier_code=00100009&order_time=2022-01-22 HTTP/1.1" 302 -
124.78.156.14 - - [22/Jan/2022:10:52:46 +0800] "GET /xingrg/images/yd/bt.gif HTTP/1.1" 404 1040
124.78.156.14 - - [22/Jan/2022:10:52:46 +0800] "GET /xingrg/kc/buy/cgsh_order_list.html HTTP/1.1" 200 49639
180.157.251.97 - - [22/Jan/2022:10:52:47 +0800] "POST /xingrg/login.do HTTP/1.1" 302 -
180.157.251.97 - - [22/Jan/2022:10:52:47 +0800] "GET /xingrg/index.html?sysBaseUrl=http%3A%2F%2F180.169.147.146%3A18081%2Fxingrg%2F&costTime=115×tamp=1642819967420 HTTP/1.1" 200 17179
180.157.251.97 - - [22/Jan/2022:10:52:47 +0800] "GET /favicon.ico HTTP/1.1" 404 -
180.157.251.97 - - [22/Jan/2022:10:52:47 +0800] "POST /xingrg/all/common/load_tree.html?tree=area_rest_tree_json&manage=1 HTTP/1.1" 200 351
180.157.251.97 - - [22/Jan/2022:10:52:47 +0800] "GET /xingrg/all/function/internal_message.html?_=1642819964597&CODE_STATE=count HTTP/1.1" 200 11
180.157.251.97 - - [22/Jan/2022:10:52:47 +0800] "GET /xingrg/check_reg.html?_=1642819964598 HTTP/1.1" 200 22
180.157.251.97 - - [22/Jan/2022:10:52:47 +0800] "POST /xingrg/load_menu.html HTTP/1.1" 200 5138
61.151.178.163 - - [22/Jan/2022:10:52:48 +0800] "GET /xingrg/login.html HTTP/1.1" 200 7641
58.39.168.32 - - [22/Jan/2022:10:52:48 +0800] "GET /xingrg/all/function/internal_message.html?_=1642819965974&CODE_STATE=getMsg HTTP/1.1" 200 27
180.169.147.146 - - [22/Jan/2022:10:52:49 +0800] "GET /xingrg/all/function/internal_message.html?_=1642819965475&CODE_STATE=getMsg HTTP/1.1" 200 27
124.78.156.14 - - [22/Jan/2022:10:52:49 +0800] "GET /xingrg/check_reg.html?_=1642819963075 HTTP/1.1" 200 22
124.78.156.14 - - [22/Jan/2022:10:52:50 +0800] "GET /xingrg/all/function/internal_message.html?_=1642819964091&CODE_STATE=getMsg HTTP/1.1" 200 27
124.78.156.14 - - [22/Jan/2022:10:52:50 +0800] "POST /xingrg/kc/buy/cgsh_list_operate.html HTTP/1.1" 200 1697
101.80.229.199 - - [22/Jan/2022:10:52:51 +0800] "GET /xingrg/all/function/internal_message.html?_=1642819967989&CODE_STATE=getMsg HTTP/1.1" 200 27
124.78.156.14 - - [22/Jan/2022:10:52:51 +0800] "GET /xingrg/all/function/internal_message.html?_=1642819971721&CODE_STATE=getMsg HTTP/1.1" 200 27
180.157.251.97 - - [22/Jan/2022:10:52:51 +0800] "GET /xingrg/kc/report/report_main.html HTTP/1.1" 200 7340
180.157.251.97 - - [22/Jan/2022:10:52:51 +0800] "GET /xingrg/javascript/jquery_ui/themes/humanity/humanity.css HTTP/1.1" 304 -
124.78.156.14 - - [22/Jan/2022:10:52:53 +0800] "GET /xingrg/kc/base/base_main.html HTTP/1.1" 200 12142
114.95.98.1 - - [22/Jan/2022:10:52:53 +0800] "GET /xingrg/kc/buy/cgsh_order_operate.html?command=get_materiel&rest_code=00102&code=00101009016&supplier_code=00100424&order_time=2022-01-22 HTTP/1.1" 200 412
180.157.251.97 - - [22/Jan/2022:10:52:53 +0800] "GET /xingrg/kc/base/wldb_order_list.html HTTP/1.1" 200 19066
116.232.50.26 - - [22/Jan/2022:10:52:53 +0800] "GET /xingrg/kc/buy/cgsh_order_operate.html?command=get_materiel&rest_code=00109&code=00101006029&supplier_code=00100015&order_time=2022-01-22 HTTP/1.1" 200 409
180.157.251.97 - - [22/Jan/2022:10:52:54 +0800] "POST /xingrg/kc/base/wldb_list_operate.html HTTP/1.1" 200 928
222.70.243.96 - - [22/Jan/2022:10:52:55 +0800] "GET /xingrg/all/function/internal_message.html?_=1642819984877&CODE_STATE=getMsg HTTP/1.1" 200 27
222.70.243.96 - - [22/Jan/2022:10:52:57 +0800] "GET /xingrg/kc/buy/cgsh_order_operate.html?command=get_materiel&rest_code=00146&code=00101008096&supplier_code=00100005&order_time=2022-01-22 HTTP/1.1" 200 413
61.151.178.165 - - [22/Jan/2022:10:52:57 +0800] "GET /xingrg/kc/buy/cgsh_order_operate.html?command=get_materiel&rest_code=00106&code=00101006221&supplier_code=00100015&order_time=2022-01-22 HTTP/1.1" 302 -
61.151.178.165 - - [22/Jan/2022:10:52:58 +0800] "GET /xingrg/login.html HTTP/1.1" 200 7641
180.152.99.39 - - [22/Jan/2022:10:52:59 +0800] "GET /xingrg/all/function/internal_message.html?_=1642819907626&CODE_STATE=getMsg HTTP/1.1" 200 27
222.69.132.164 - - [22/Jan/2022:10:53:02 +0800] "GET /xingrg/check_reg.html?_=1642820031877 HTTP/1.1" 200 22
222.69.132.164 - - [22/Jan/2022:10:53:02 +0800] "GET /xingrg/all/function/internal_message.html?_=1642820031879&CODE_STATE=getMsg HTTP/1.1" 200 27
180.157.251.97 - - [22/Jan/2022:10:53:03 +0800] "GET /xingrg/kc/base/wlsy_order_list.html?syType=0 HTTP/1.1" 200 17186
180.157.251.97 - - [22/Jan/2022:10:53:04 +0800] "GET /favicon.ico HTTP/1.1" 404 -
180.157.251.97 - - [22/Jan/2022:10:53:04 +0800] "GET /xingrg/javascript/easyui/themes/icons/uncheck_new.png HTTP/1.1" 304 -
180.157.251.97 - - [22/Jan/2022:10:53:04 +0800] "POST /xingrg/kc/base/wlsy_list_operate.html?syType=0 HTTP/1.1" 200 862
180.157.251.97 - - [22/Jan/2022:10:53:05 +0800] "GET /xingrg/kc/base/kc_stocks.html HTTP/1.1" 200 16443
101.89.239.120 - - [22/Jan/2022:10:53:05 +0800] "GET /xingrg/all/function/internal_message.html?_=1642819303850&CODE_STATE=getMsg HTTP/1.1" 302 -
180.157.251.97 - - [22/Jan/2022:10:53:05 +0800] "GET /xingrg/javascript/easyui/themes/default/tree.css HTTP/1.1" 404 1090
180.157.251.97 - - [22/Jan/2022:10:53:05 +0800] "GET /xingrg/all/common/auto_word.html?type=base&rest_code=00148 HTTP/1.1" 200 1799
180.157.251.97 - - [22/Jan/2022:10:53:05 +0800] "POST /xingrg/all/common/load_tree.html?tree=materiel_sort_tree_json HTTP/1.1" 200 9388
180.152.99.73 - - [22/Jan/2022:10:53:06 +0800] "GET /xingrg/all/function/internal_message.html?_=1642819983731&CODE_STATE=getMsg HTTP/1.1" 200 27
101.89.239.120 - - [22/Jan/2022:10:53:06 +0800] "GET /xingrg/login.html HTTP/1.1" 200 7641
180.169.147.146 - - [22/Jan/2022:10:53:08 +0800] "GET /xingrg/all/function/internal_message.html?_=1642819981266&CODE_STATE=getMsg HTTP/1.1" 200 27
101.80.229.199 - - [22/Jan/2022:10:53:08 +0800] "GET /xingrg/check_reg.html?_=1642819985053 HTTP/1.1" 200 22
222.70.243.96 - - [22/Jan/2022:10:53:09 +0800] "GET /xingrg/kc/buy/cgsh_order_operate.html?command=get_materiel&rest_code=00146&code=00101008088&supplier_code=00100005&order_time=2022-01-22 HTTP/1.1" 200 408
58.39.168.32 - - [22/Jan/2022:10:53:09 +0800] "GET /xingrg/all/function/internal_message.html?_=1642819923785&CODE_STATE=getMsg HTTP/1.1" 200 27
101.83.241.107 - - [22/Jan/2022:10:53:09 +0800] "GET /xingrg/kc/buy/cgsh_order_operate.html?command=get_materiel&rest_code=00149&code=00101009122&supplier_code=00100201&order_time=2022-01-22 HTTP/1.1" 200 391
124.78.156.14 - - [22/Jan/2022:10:53:10 +0800] "GET /xingrg/kc/buy/cgsh_order_operate.html?command=get_materiel&rest_code=00106&code=00101008264&supplier_code=00100007&order_time=2022-01-22 HTTP/1.1" 200 412
180.157.251.97 - - [22/Jan/2022:10:53:11 +0800] "POST /xingrg/kc/base/stock_operate.html HTTP/1.1" 200 4232
222.70.178.207 - - [22/Jan/2022:10:53:12 +0800] "GET /xingrg/all/function/internal_message.html?_=1642819988174&CODE_STATE=getMsg HTTP/1.1" 200 27
116.232.50.26 - - [22/Jan/2022:10:53:13 +0800] "GET /xingrg/kc/buy/cgsh_order_operate.html?command=get_materiel&rest_code=00109&code=00101006144&supplier_code=00100015&order_time=2022-01-22 HTTP/1.1" 200 409
180.157.251.97 - - [22/Jan/2022:10:53:14 +0800] "POST /xingrg/kc/base/stock_operate.html HTTP/1.1" 200 4448
114.95.98.1 - - [22/Jan/2022:10:53:15 +0800] "GET /xingrg/kc/buy/cgsh_order_operate.html?command=get_materiel&rest_code=00102&code=00101009013&supplier_code=00100424&order_time=2022-01-22 HTTP/1.1" 200 421
180.157.251.97 - - [22/Jan/2022:10:53:17 +0800] "POST /xingrg/kc/base/stock_operate.html HTTP/1.1" 200 4371
101.85.120.86 - - [22/Jan/2022:10:53:18 +0800] "GET /xingrg/all/function/internal_message.html?_=1642819994749&CODE_STATE=getMsg HTTP/1.1" 200 27
180.157.251.97 - - [22/Jan/2022:10:53:18 +0800] "POST /xingrg/kc/base/stock_operate.html HTTP/1.1" 200 4508
180.157.251.97 - - [22/Jan/2022:10:53:19 +0800] "GET /favicon.ico HTTP/1.1" 404 -
180.157.251.97 - - [22/Jan/2022:10:53:20 +0800] "POST /xingrg/kc/base/stock_operate.html HTTP/1.1" 200 4404
101.83.241.107 - - [22/Jan/2022:10:53:21 +0800] "GET /xingrg/kc/buy/cgsh_order_operate.html?command=get_materiel&rest_code=00149&code=00101009062&supplier_code=00100201&order_time=2022-01-22 HTTP/1.1" 200 412
101.83.241.107 - - [22/Jan/2022:10:53:21 +0800] "GET /xingrg/all/function/internal_message.html?_=1642819995496&CODE_STATE=getMsg HTTP/1.1" 200 27
222.70.243.96 - - [22/Jan/2022:10:53:22 +0800] "GET /xingrg/kc/buy/cgsh_order_operate.html?command=get_materiel&rest_code=00146&code=00101008051&supplier_code=00100005&order_time=2022-01-22 HTTP/1.1" 200 409
222.70.217.149 - - [22/Jan/2022:10:53:23 +0800] "GET /xingrg/check_reg.html?_=1642819987220 HTTP/1.1" 200 22
180.157.251.97 - - [22/Jan/2022:10:53:23 +0800] "POST /xingrg/kc/base/stock_operate.html HTTP/1.1" 200 4528
180.157.251.97 - - [22/Jan/2022:10:53:25 +0800] "POST /xingrg/kc/base/stock_operate.html HTTP/1.1" 200 4350
114.95.98.1 - - [22/Jan/2022:10:53:26 +0800] "GET /xingrg/kc/buy/cgsh_order_operate.html?command=get_materiel&rest_code=00102&code=00101009045&supplier_code=00100424&order_time=2022-01-22 HTTP/1.1" 200 412
180.157.251.97 - - [22/Jan/2022:10:53:27 +0800] "POST /xingrg/kc/base/stock_operate.html HTTP/1.1" 200 4371
101.83.241.107 - - [22/Jan/2022:10:53:28 +0800] "POST /xingrg/services/DataTransmitService HTTP/1.1" 200 524
101.83.241.107 - - [22/Jan/2022:10:53:28 +0800] "POST /xingrg/services/DataTransmitService HTTP/1.1" 200 501
116.232.50.26 - - [22/Jan/2022:10:53:29 +0800] "GET /xingrg/kc/buy/cgsh_order_operate.html?command=get_materiel&rest_code=00109&code=00101006006&supplier_code=00100015&order_time=2022-01-22 HTTP/1.1" 200 409
124.79.247.218 - - [22/Jan/2022:10:53:30 +0800] "GET /xingrg/all/function/internal_message.html?_=1642820148045&CODE_STATE=getMsg HTTP/1.1" 200 27
222.70.217.149 - - [22/Jan/2022:10:53:31 +0800] "GET /xingrg/all/function/internal_message.html?_=1642819995312&CODE_STATE=getMsg HTTP/1.1" 200 27
180.157.251.97 - - [22/Jan/2022:10:53:31 +0800] "GET /xingrg/login.html HTTP/1.1" 200 7641
180.157.251.97 - - [22/Jan/2022:10:53:31 +0800] "GET /xingrg/images/blue/jxLogo.png HTTP/1.1" 304 -
180.157.251.97 - - [22/Jan/2022:10:53:31 +0800] "GET /xingrg/images/blue/login_bg.png HTTP/1.1" 304 -
180.157.251.97 - - [22/Jan/2022:10:53:31 +0800] "GET /xingrg/images/blue/hj.png HTTP/1.1" 304 -
180.157.251.97 - - [22/Jan/2022:10:53:31 +0800] "GET /xingrg/images/blue/srbg.png HTTP/1.1" 304 -
180.157.251.97 - - [22/Jan/2022:10:53:32 +0800] "POST /xingrg/kc/base/stock_operate.html HTTP/1.1" 200 4424
180.157.251.97 - - [22/Jan/2022:10:53:32 +0800] "GET /favicon.ico HTTP/1.1" 404 -
180.157.251.97 - - [22/Jan/2022:10:53:35 +0800] "GET /xingrg/javascript/easyui/themes/sunny/images/ui-bg_gloss-wave_60_fece2f_500x100.png HTTP/1.1" 304 -
180.157.251.97 - - [22/Jan/2022:10:53:36 +0800] "POST /xingrg/login.do HTTP/1.1" 302 -
180.157.251.97 - - [22/Jan/2022:10:53:36 +0800] "GET /xingrg/index.html?sysBaseUrl=http%3A%2F%2F180.169.147.146%3A18081%2Fxingrg%2F&costTime=142×tamp=1642820016780 HTTP/1.1" 200 17179
180.157.251.97 - - [22/Jan/2022:10:53:36 +0800] "GET /xingrg/javascript/jquery_easy_ui/themes/default/easyui.css HTTP/1.1" 304 -
180.157.251.97 - - [22/Jan/2022:10:53:36 +0800] "GET /xingrg/javascript/jquery_easy_ui/themes/icon.css HTTP/1.1" 304 -
180.157.251.97 - - [22/Jan/2022:10:53:36 +0800] "GET /xingrg/css/form.css HTTP/1.1" 304 -
180.157.251.97 - - [22/Jan/2022:10:53:36 +0800] "GET /xingrg/javascript/jquery-1.4.2.min.js HTTP/1.1" 304 -
180.157.251.97 - - [22/Jan/2022:10:53:36 +0800] "GET /xingrg/javascript/jquery_easy_ui/jquery.easyui.min.js HTTP/1.1" 304 -
180.157.251.97 - - [22/Jan/2022:10:53:36 +0800] "GET /xingrg/javascript/jquery_easy_ui/easyui-lang-zh_CN.js HTTP/1.1" 304 -
180.157.251.97 - - [22/Jan/2022:10:53:36 +0800] "GET /xingrg/javascript/jquery.timers.js HTTP/1.1" 304 -
180.157.251.97 - - [22/Jan/2022:10:53:36 +0800] "GET /xingrg/javascript/jquery.form.js HTTP/1.1" 304 -
180.157.251.97 - - [22/Jan/2022:10:53:36 +0800] "GET /xingrg/javascript/jquery.utils.js HTTP/1.1" 304 -
180.157.251.97 - - [22/Jan/2022:10:53:37 +0800] "GET /favicon.ico HTTP/1.1" 404 -
180.157.251.97 - - [22/Jan/2022:10:53:37 +0800] "GET /xingrg/javascript/jquery_easy_ui/themes/icons/settle_new.png HTTP/1.1" 304 -
180.157.251.97 - - [22/Jan/2022:10:53:37 +0800] "GET /xingrg/images/blue/navBackgound.jpg HTTP/1.1" 304 -
180.157.251.97 - - [22/Jan/2022:10:53:37 +0800] "POST /xingrg/all/common/load_tree.html?tree=area_rest_tree_json&manage=1 HTTP/1.1" 200 470
180.157.251.97 - - [22/Jan/2022:10:53:38 +0800] "GET /xingrg/kc/report/report_main.html HTTP/1.1" 200 7340
180.157.251.97 - - [22/Jan/2022:10:53:38 +0800] "GET /xingrg/check_reg.html?_=1642820015490 HTTP/1.1" 200 22
180.157.251.97 - - [22/Jan/2022:10:53:38 +0800] "GET /xingrg/all/function/internal_message.html?_=1642820015487&CODE_STATE=count HTTP/1.1" 200 11
180.157.251.97 - - [22/Jan/2022:10:53:38 +0800] "GET /xingrg/images/blue/pingpu.png HTTP/1.1" 304 -
180.157.251.97 - - [22/Jan/2022:10:53:38 +0800] "GET /xingrg/javascript/jquery_easy_ui/themes/default/images/tabs_leftarrow.png HTTP/1.1" 304 -
180.157.251.97 - - [22/Jan/2022:10:53:38 +0800] "GET /xingrg/javascript/jquery_easy_ui/themes/default/images/tabs_rightarrow.png HTTP/1.1" 304 -
180.157.251.97 - - [22/Jan/2022:10:53:38 +0800] "GET /xingrg/javascript/jquery_easy_ui/themes/default/images/panel_tool_collapse.gif HTTP/1.1" 304 -
180.157.251.97 - - [22/Jan/2022:10:53:38 +0800] "POST /xingrg/load_menu.html HTTP/1.1" 200 5138
180.157.251.97 - - [22/Jan/2022:10:53:38 +0800] "GET /xingrg/javascript/jquery_easy_ui/themes/default/images/tree_arrows.gif HTTP/1.1" 304 -
180.157.251.97 - - [22/Jan/2022:10:53:38 +0800] "GET /xingrg/javascript/jquery_easy_ui/themes/default/images/tree_folder_open.gif HTTP/1.1" 304 -
180.157.251.97 - - [22/Jan/2022:10:53:38 +0800] "GET /xingrg/javascript/jquery_easy_ui/themes/icons/search_new.png HTTP/1.1" 304 -
180.157.251.97 - - [22/Jan/2022:10:53:38 +0800] "GET /xingrg/javascript/jquery_easy_ui/themes/default/images/tree_folder.gif HTTP/1.1" 304 -
180.157.251.97 - - [22/Jan/2022:10:53:38 +0800] "GET /xingrg/javascript/jquery_easy_ui/themes/icons/storage_new.png HTTP/1.1" 304 -
180.157.251.97 - - [22/Jan/2022:10:53:38 +0800] "GET /xingrg/javascript/jquery_easy_ui/themes/icons/forms_new.png HTTP/1.1" 304 -
180.157.251.97 - - [22/Jan/2022:10:53:38 +0800] "GET /xingrg/javascript/jquery_easy_ui/themes/default/images/tree_file.gif HTTP/1.1" 304 -
222.70.243.96 - - [22/Jan/2022:10:53:38 +0800] "POST /xingrg/kc/buy/cgsh_order_operate.html HTTP/1.1" 200 2065
180.157.251.97 - - [22/Jan/2022:10:53:39 +0800] "GET /xingrg/kc/buy/buy_main.html HTTP/1.1" 200 12412
180.157.251.97 - - [22/Jan/2022:10:53:39 +0800] "GET /xingrg/javascript/jquery_easy_ui/themes/default/images/tabs_close.gif HTTP/1.1" 304 -
180.157.251.97 - - [22/Jan/2022:10:53:39 +0800] "GET /xingrg/css/new_ie.css HTTP/1.1" 404 1036
180.157.251.97 - - [22/Jan/2022:10:53:39 +0800] "GET /xingrg/javascript/ToolTips.js HTTP/1.1" 200 5615
180.157.251.97 - - [22/Jan/2022:10:53:39 +0800] "GET /xingrg/javascript/pic_change.js HTTP/1.1" 304 -
180.157.251.97 - - [22/Jan/2022:10:53:39 +0800] "GET /xingrg/javascript/jquery_ui/jquery-ui.min.js HTTP/1.1" 200 186181
180.157.251.97 - - [22/Jan/2022:10:53:39 +0800] "GET /xingrg/css/blue.css HTTP/1.1" 200 15949
180.157.251.97 - - [22/Jan/2022:10:53:39 +0800] "GET /xingrg/images/blue/button/cgxqd.gif HTTP/1.1" 200 2619
180.157.251.97 - - [22/Jan/2022:10:53:39 +0800] "GET /xingrg/images/blue/button/cgydd.gif HTTP/1.1" 200 2712
180.157.251.97 - - [22/Jan/2022:10:53:39 +0800] "GET /xingrg/images/blue/button/cgfkd.gif HTTP/1.1" 200 2075
180.157.251.97 - - [22/Jan/2022:10:53:39 +0800] "GET /xingrg/images/blue/button/cgshd.gif HTTP/1.1" 200 2618
180.157.251.97 - - [22/Jan/2022:10:53:39 +0800] "GET /xingrg/images/blue/button/ckthd.gif HTTP/1.1" 200 2045
180.157.251.97 - - [22/Jan/2022:10:53:39 +0800] "GET /xingrg/images/blue/button/kc.gif HTTP/1.1" 200 2160
180.157.251.97 - - [22/Jan/2022:10:53:39 +0800] "GET /xingrg/javascript/myfunction.js HTTP/1.1" 200 24559
180.157.251.97 - - [22/Jan/2022:10:53:39 +0800] "GET /xingrg/javascript/jquery_ui/themes/humanity/humanity.css HTTP/1.1" 200 27801
180.157.251.97 - - [22/Jan/2022:10:53:39 +0800] "GET /xingrg/images/blue/pic_form2.gif HTTP/1.1" 200 1853
180.157.251.97 - - [22/Jan/2022:10:53:39 +0800] "GET /xingrg/images/blue/bg_dotted.jpg HTTP/1.1" 200 319
180.157.251.97 - - [22/Jan/2022:10:53:39 +0800] "GET /xingrg/javascript/jquery_ui/themes/humanity/images/ui-bg_inset-soft_100_f4f0ec_1x100.png HTTP/1.1" 200 141
180.157.251.97 - - [22/Jan/2022:10:53:39 +0800] "GET /xingrg/images/blue/button/right_ah.jpg HTTP/1.1" 200 1744
180.157.251.97 - - [22/Jan/2022:10:53:39 +0800] "GET /xingrg/images/blue/button/down_ah.jpg HTTP/1.1" 200 1732
180.157.251.97 - - [22/Jan/2022:10:53:39 +0800] "GET /xingrg/javascript/jquery_ui/themes/humanity/images/ui-iconsnew.jpg HTTP/1.1" 200 337
180.157.251.97 - - [22/Jan/2022:10:53:39 +0800] "GET /xingrg/javascript/jquery_ui/themes/humanity/images/ui-icons_ffffff_256x240.png HTTP/1.1" 200 4369
180.157.251.97 - - [22/Jan/2022:10:53:39 +0800] "GET /xingrg/javascript/jquery_ui/themes/humanity/images/ui-icons_c47a23_256x240.png HTTP/1.1" 200 5355
180.157.251.97 - - [22/Jan/2022:10:53:39 +0800] "GET /xingrg/javascript/jquery_ui/themes/humanity/images/ui-bg_glass_70_ede4d4_1x400.png HTTP/1.1" 200 161
180.157.251.97 - - [22/Jan/2022:10:53:40 +0800] "GET /xingrg/images/yd/bt.gif HTTP/1.1" 404 1040
180.157.251.97 - - [22/Jan/2022:10:53:40 +0800] "GET /xingrg/dwr/interface/AjaxReportQueryService.js HTTP/1.1" 200 13203
180.157.251.97 - - [22/Jan/2022:10:53:40 +0800] "GET /xingrg/all/report/report_query.html?fileName=kc/buy/gys_amount.xml&rh=99999 HTTP/1.1" 200 52006
180.157.251.97 - - [22/Jan/2022:10:53:40 +0800] "GET /xingrg/dwr/engine.js HTTP/1.1" 200 43631
180.157.251.97 - - [22/Jan/2022:10:53:40 +0800] "GET /xingrg/javascript/jquery_easy_ui/themes/default/images/menu_rightarrow.png HTTP/1.1" 304 -
180.157.251.97 - - [22/Jan/2022:10:53:40 +0800] "GET /xingrg/javascript/jquery_easy_ui/themes/icons/pencil.png HTTP/1.1" 304 -
180.157.251.97 - - [22/Jan/2022:10:53:40 +0800] "POST /xingrg/dwr/call/plaincall/AjaxReportQueryService.getFixDate.dwr HTTP/1.1" 200 111
180.157.251.97 - - [22/Jan/2022:10:53:40 +0800] "POST /xingrg/all/common/load_tree.html?tree=materiel_sort_tree_json HTTP/1.1" 200 9388
180.157.251.97 - - [22/Jan/2022:10:53:40 +0800] "POST /xingrg/all/common/load_tree.html?tree=supplier_tree_json&manage=1 HTTP/1.1" 200 63092
180.157.251.97 - - [22/Jan/2022:10:53:40 +0800] "GET /xingrg/javascript/jquery_easy_ui/themes/default/images/tree_checkbox_0.gif HTTP/1.1" 304 -
180.157.251.97 - - [22/Jan/2022:10:53:40 +0800] "GET /xingrg/css/base.css HTTP/1.1" 304 -
180.157.251.97 - - [22/Jan/2022:10:53:40 +0800] "GET /xingrg/css/site.css HTTP/1.1" 304 -
116.232.50.26 - - [22/Jan/2022:10:53:40 +0800] "GET /xingrg/all/function/internal_message.html?_=1642820017729&CODE_STATE=getMsg HTTP/1.1" 200 27
180.157.251.97 - - [22/Jan/2022:10:53:40 +0800] "GET /xingrg/javascript/jquery_tools/datebox.css HTTP/1.1" 304 -
180.157.251.97 - - [22/Jan/2022:10:53:40 +0800] "GET /xingrg/javascript/easyui/themes/default/easyui.css HTTP/1.1" 304 -
180.157.251.97 - - [22/Jan/2022:10:53:40 +0800] "GET /xingrg/javascript/easyui/themes/icon.css HTTP/1.1" 304 -
180.157.251.97 - - [22/Jan/2022:10:53:40 +0800] "GET /xingrg/javascript/auto/jquery.autocomplete.css HTTP/1.1" 304 -
180.157.251.97 - - [22/Jan/2022:10:53:40 +0800] "GET /xingrg/kc/buy/cgsh_order_list.html HTTP/1.1" 200 49645
180.157.251.97 - - [22/Jan/2022:10:53:40 +0800] "GET /xingrg/javascript/jquery_tools/fix.css HTTP/1.1" 304 -
180.157.251.97 - - [22/Jan/2022:10:53:41 +0800] "GET /xingrg/javascript/jquery_tools/table.css HTTP/1.1" 304 -
