180.169.147.146 - - [21/Jan/2022:10:52:03 +0800] "GET /xingrg/javascript/bigrid/fix.js HTTP/1.1" 200 6439
180.169.147.146 - - [21/Jan/2022:10:52:04 +0800] "GET /xingrg/images/control/loading.gif HTTP/1.1" 200 13463
180.169.147.146 - - [21/Jan/2022:10:52:04 +0800] "GET /xingrg/images/blue/button/advanceover.gif HTTP/1.1" 200 1347
180.169.147.146 - - [21/Jan/2022:10:52:04 +0800] "GET /xingrg/images/blue/button/advance2over.gif HTTP/1.1" 200 1336
180.169.147.146 - - [21/Jan/2022:10:52:04 +0800] "GET /xingrg/images/blue/button/back2over.gif HTTP/1.1" 200 1335
180.169.147.146 - - [21/Jan/2022:10:52:04 +0800] "GET /xingrg/images/blue/button/backover.gif HTTP/1.1" 200 1348
180.169.147.146 - - [21/Jan/2022:10:52:04 +0800] "GET /xingrg/javascript/jquery_easy_ui/themes/icons/help.png HTTP/1.1" 200 1187
180.169.147.146 - - [21/Jan/2022:10:52:04 +0800] "POST /xingrg/dwr/call/plaincall/AjaxReportQueryService.getFixDate.dwr HTTP/1.1" 200 111
180.169.147.146 - - [21/Jan/2022:10:52:04 +0800] "GET /xingrg/javascript/jquery_easy_ui/themes/default/images/menu_downarrow.png HTTP/1.1" 200 173
180.169.147.146 - - [21/Jan/2022:10:52:04 +0800] "GET /xingrg/javascript/jquery_easy_ui/themes/default/images/button_a_bg.gif HTTP/1.1" 200 1194
180.169.147.146 - - [21/Jan/2022:10:52:04 +0800] "GET /xingrg/javascript/jquery_easy_ui/themes/default/images/menu.gif HTTP/1.1" 200 834
180.169.147.146 - - [21/Jan/2022:10:52:04 +0800] "GET /xingrg/javascript/jquery_easy_ui/themes/icons/print.png HTTP/1.1" 200 1057
180.169.147.146 - - [21/Jan/2022:10:52:04 +0800] "GET /xingrg/javascript/jquery_easy_ui/themes/icons/pencil.png HTTP/1.1" 200 713
180.169.147.146 - - [21/Jan/2022:10:52:04 +0800] "GET /xingrg/javascript/jquery_easy_ui/themes/default/images/menu_rightarrow.png HTTP/1.1" 200 3617
180.169.147.146 - - [21/Jan/2022:10:52:04 +0800] "POST /xingrg/all/common/load_tree.html?tree=area_rest_tree_json&manage=1 HTTP/1.1" 200 3472
180.169.147.146 - - [21/Jan/2022:10:52:04 +0800] "GET /xingrg/javascript/jquery_easy_ui/themes/default/images/combo_arrow_dot.gif HTTP/1.1" 200 79
180.169.147.146 - - [21/Jan/2022:10:52:04 +0800] "GET /xingrg/javascript/jquery_easy_ui/themes/icons/rest.png HTTP/1.1" 200 695
180.169.147.146 - - [21/Jan/2022:10:52:04 +0800] "GET /xingrg/javascript/jquery_easy_ui/themes/default/images/tree_checkbox_0.gif HTTP/1.1" 200 168
180.169.147.146 - - [21/Jan/2022:10:52:04 +0800] "POST /xingrg/all/common/load_tree.html?tree=supplier_tree_json&manage=1 HTTP/1.1" 200 63092
58.37.10.95 - - [21/Jan/2022:10:52:05 +0800] "GET /xingrg/all/function/internal_message.html?_=1642733319711&CODE_STATE=getMsg HTTP/1.1" 200 27
180.169.147.146 - - [21/Jan/2022:10:52:05 +0800] "GET /xingrg/javascript/jquery_easy_ui/themes/icons/area.png HTTP/1.1" 200 262
180.169.147.146 - - [21/Jan/2022:10:52:05 +0800] "GET /xingrg/javascript/jquery_easy_ui/themes/icons/manage.png HTTP/1.1" 200 696
124.78.156.14 - - [21/Jan/2022:10:52:09 +0800] "GET /xingrg/all/function/internal_message.html?_=1642733528686&CODE_STATE=getMsg HTTP/1.1" 200 27
180.169.147.146 - - [21/Jan/2022:10:52:11 +0800] "POST /xingrg/dwr/call/plaincall/AjaxReportQueryService.refreshCache.dwr HTTP/1.1" 200 78
180.169.147.146 - - [21/Jan/2022:10:52:12 +0800] "GET /xingrg/javascript/jquery_easy_ui/themes/default/images/button_plain_hover.png HTTP/1.1" 200 252
114.95.98.1 - - [21/Jan/2022:10:52:13 +0800] "GET /xingrg/check_reg.html?_=1642733551598 HTTP/1.1" 200 22
180.169.147.146 - - [21/Jan/2022:10:52:14 +0800] "POST /xingrg/all/report/load_report_page.html HTTP/1.1" 200 374249
180.169.147.146 - - [21/Jan/2022:10:52:14 +0800] "GET /xingrg/images/blue/button/back2.gif HTTP/1.1" 200 1339
180.169.147.146 - - [21/Jan/2022:10:52:14 +0800] "GET /xingrg/images/blue/button/back.gif HTTP/1.1" 200 1352
180.169.147.146 - - [21/Jan/2022:10:52:14 +0800] "GET /xingrg/servlets/image?cache=0.6513912078447712&image=px HTTP/1.1" 200 807
114.95.98.1 - - [21/Jan/2022:10:52:17 +0800] "GET /xingrg/all/function/internal_message.html?_=1642733555366&CODE_STATE=getMsg HTTP/1.1" 200 27
101.83.241.107 - - [21/Jan/2022:10:52:20 +0800] "GET /xingrg/all/function/internal_message.html?_=1642733535845&CODE_STATE=getMsg HTTP/1.1" 200 27
58.37.10.95 - - [21/Jan/2022:10:52:23 +0800] "GET /xingrg/kc/buy/cgsh_order_operate.html?command=get_materiel&rest_code=00141&code=00101006111&supplier_code=00100012&order_time=2022-01-21 HTTP/1.1" 200 409
180.169.147.146 - - [21/Jan/2022:10:52:25 +0800] "GET /xingrg/javascript/jquery_easy_ui/themes/default/images/tree_checkbox_1.gif HTTP/1.1" 200 174
180.169.147.146 - - [21/Jan/2022:10:52:25 +0800] "GET /xingrg/javascript/jquery_easy_ui/themes/default/images/tree_checkbox_2.gif HTTP/1.1" 200 181
222.70.243.96 - - [21/Jan/2022:10:52:25 +0800] "GET /xingrg/all/function/internal_message.html?_=1642733551744&CODE_STATE=getMsg HTTP/1.1" 200 27
180.169.147.146 - - [21/Jan/2022:10:52:26 +0800] "POST /xingrg/dwr/call/plaincall/AjaxReportQueryService.refreshCache.dwr HTTP/1.1" 200 78
180.169.147.146 - - [21/Jan/2022:10:52:27 +0800] "POST /xingrg/all/report/load_report_page.html HTTP/1.1" 200 49587
180.169.147.146 - - [21/Jan/2022:10:52:27 +0800] "GET /xingrg/servlets/image?cache=0.43640395667566556&image=px HTTP/1.1" 200 807
124.78.156.14 - - [21/Jan/2022:10:52:29 +0800] "POST /xingrg/kc/buy/cgsh_order_operate.html HTTP/1.1" 200 37
222.69.132.164 - - [21/Jan/2022:10:52:30 +0800] "GET /xingrg/all/function/internal_message.html?_=1642733599653&CODE_STATE=getMsg HTTP/1.1" 200 27
101.91.60.11 - - [21/Jan/2022:10:52:30 +0800] "GET /xingrg/kc/buy/cgsh_order_list.html HTTP/1.1" 302 -
180.169.147.146 - - [21/Jan/2022:10:52:30 +0800] "POST /xingrg/all/report/report_print.html HTTP/1.1" 200 7168
180.152.99.39 - - [21/Jan/2022:10:52:31 +0800] "GET /xingrg/all/function/internal_message.html?_=1642733480661&CODE_STATE=getMsg HTTP/1.1" 200 27
101.91.60.11 - - [21/Jan/2022:10:52:32 +0800] "GET /xingrg/login.html HTTP/1.1" 200 7641
58.39.168.32 - - [21/Jan/2022:10:52:33 +0800] "GET /xingrg/all/function/internal_message.html?_=1642733550740&CODE_STATE=getMsg HTTP/1.1" 200 27
124.78.156.14 - - [21/Jan/2022:10:52:33 +0800] "POST /xingrg/kc/buy/cgsh_order_operate.html HTTP/1.1" 200 12
222.70.217.149 - - [21/Jan/2022:10:52:34 +0800] "GET /xingrg/all/function/internal_message.html?_=1642733532241&CODE_STATE=getMsg HTTP/1.1" 200 27
124.78.156.14 - - [21/Jan/2022:10:52:36 +0800] "GET /xingrg/kc/buy/cgsh_order_info.html?code=212022012110372 HTTP/1.1" 200 60366
124.78.156.14 - - [21/Jan/2022:10:52:41 +0800] "GET /xingrg/javascript/easyui/themes/default/validatebox.css HTTP/1.1" 404 1104
124.78.156.14 - - [21/Jan/2022:10:52:41 +0800] "POST /xingrg/kc/buy/cgsh_order_operate.html HTTP/1.1" 200 7769
124.78.156.14 - - [21/Jan/2022:10:52:43 +0800] "GET /xingrg/kc/print/load_data.html?order_code=212022012110372&kc_code=cgsh&condition= HTTP/1.1" 200 3551
180.169.147.146 - - [21/Jan/2022:10:52:43 +0800] "POST /xingrg/dwr/call/plaincall/AjaxReportQueryService.refreshCache.dwr HTTP/1.1" 200 78
180.169.147.146 - - [21/Jan/2022:10:52:44 +0800] "POST /xingrg/all/report/load_report_page.html HTTP/1.1" 200 49656
180.169.147.146 - - [21/Jan/2022:10:52:44 +0800] "GET /xingrg/servlets/image?cache=0.9570516204997332&image=px HTTP/1.1" 200 807
180.169.147.146 - - [21/Jan/2022:10:52:46 +0800] "POST /xingrg/all/report/report_print.html HTTP/1.1" 200 7168
58.39.168.32 - - [21/Jan/2022:10:52:47 +0800] "GET /xingrg/all/function/internal_message.html?_=1642733564548&CODE_STATE=getMsg HTTP/1.1" 200 27
180.152.99.73 - - [21/Jan/2022:10:52:48 +0800] "GET /xingrg/all/function/internal_message.html?_=1642733567369&CODE_STATE=getMsg HTTP/1.1" 200 27
114.95.98.1 - - [21/Jan/2022:10:52:49 +0800] "GET /xingrg/all/function/internal_message.html?_=1642733570089&CODE_STATE=getMsg HTTP/1.1" 200 27
124.78.156.14 - - [21/Jan/2022:10:52:50 +0800] "GET /xingrg/kc/buy/buy_main.html HTTP/1.1" 200 12412
124.78.156.14 - - [21/Jan/2022:10:52:50 +0800] "GET /xingrg/css/new_ie.css HTTP/1.1" 404 1036
180.169.147.146 - - [21/Jan/2022:10:52:51 +0800] "GET /xingrg/all/function/internal_message.html?_=1642733568448&CODE_STATE=getMsg HTTP/1.1" 200 27
124.78.156.14 - - [21/Jan/2022:10:52:51 +0800] "GET /xingrg/images/yd/bt.gif HTTP/1.1" 404 1040
124.78.156.14 - - [21/Jan/2022:10:52:53 +0800] "GET /xingrg/kc/buy/cgsh_order_list.html HTTP/1.1" 200 49639
124.79.247.218 - - [21/Jan/2022:10:52:54 +0800] "GET /xingrg/check_reg.html?_=1642733615889 HTTP/1.1" 200 22
124.78.156.14 - - [21/Jan/2022:10:52:55 +0800] "POST /xingrg/kc/buy/cgsh_list_operate.html HTTP/1.1" 200 1687
124.79.247.218 - - [21/Jan/2022:10:52:55 +0800] "GET /xingrg/all/function/internal_message.html?_=1642733616819&CODE_STATE=getMsg HTTP/1.1" 200 27
101.85.120.86 - - [21/Jan/2022:10:52:56 +0800] "GET /xingrg/all/function/internal_message.html?_=1642733571493&CODE_STATE=getMsg HTTP/1.1" 200 27
124.78.156.14 - - [21/Jan/2022:10:52:57 +0800] "GET /xingrg/kc/base/base_main.html HTTP/1.1" 200 12142
124.78.156.14 - - [21/Jan/2022:10:52:58 +0800] "GET /xingrg/all/function/internal_message.html?_=1642733573731&CODE_STATE=getMsg HTTP/1.1" 200 27
124.79.247.218 - - [21/Jan/2022:10:52:58 +0800] "GET /xingrg/all/function/internal_message.html?_=1642733716090&CODE_STATE=getMsg HTTP/1.1" 200 27
124.79.247.218 - - [21/Jan/2022:10:52:58 +0800] "GET /xingrg/check_reg.html?_=1642733716091 HTTP/1.1" 200 22
124.78.156.14 - - [21/Jan/2022:10:52:59 +0800] "GET /xingrg/kc/base/base_main.html HTTP/1.1" 200 12142
180.169.147.146 - - [21/Jan/2022:10:53:01 +0800] "GET /xingrg/all/function/internal_message.html?_=1642733578375&CODE_STATE=getMsg HTTP/1.1" 200 27
124.78.156.14 - - [21/Jan/2022:10:53:01 +0800] "GET /xingrg/kc/base/wldb_order_list.html HTTP/1.1" 200 19060
124.78.156.14 - - [21/Jan/2022:10:53:02 +0800] "POST /xingrg/kc/base/wldb_list_operate.html HTTP/1.1" 200 2560
116.233.73.218 - - [21/Jan/2022:10:53:02 +0800] "GET /xingrg/all/function/internal_message.html?_=1642733581334&CODE_STATE=getMsg HTTP/1.1" 200 27
116.233.73.218 - - [21/Jan/2022:10:53:02 +0800] "GET /xingrg/check_reg.html?_=1642733581335 HTTP/1.1" 200 22
58.37.10.95 - - [21/Jan/2022:10:53:04 +0800] "GET /xingrg/kc/buy/cgsh_order_operate.html?command=get_materiel&rest_code=00141&code=00101006087&supplier_code=00100012&order_time=2022-01-21 HTTP/1.1" 200 409
58.37.10.95 - - [21/Jan/2022:10:53:05 +0800] "GET /xingrg/all/function/internal_message.html?_=1642733379717&CODE_STATE=getMsg HTTP/1.1" 200 27
124.78.156.14 - - [21/Jan/2022:10:53:06 +0800] "GET /xingrg/kc/buy/buy_main.html HTTP/1.1" 200 12412
124.78.156.14 - - [21/Jan/2022:10:53:06 +0800] "GET /xingrg/css/new_ie.css HTTP/1.1" 404 1036
61.151.207.141 - - [21/Jan/2022:10:53:07 +0800] "GET /xingrg/kc/buy/cgsh_order_operate.html?command=get_materiel&rest_code=00106&code=00102013017&supplier_code=00100075&order_time=2022-01-21 HTTP/1.1" 302 -
61.151.207.141 - - [21/Jan/2022:10:53:08 +0800] "GET /xingrg/login.html HTTP/1.1" 200 7641
124.78.156.14 - - [21/Jan/2022:10:53:08 +0800] "GET /xingrg/check_reg.html?_=1642733588315 HTTP/1.1" 200 22
124.78.156.14 - - [21/Jan/2022:10:53:09 +0800] "GET /xingrg/kc/base/base_main.html HTTP/1.1" 200 12142
124.78.156.14 - - [21/Jan/2022:10:53:09 +0800] "GET /xingrg/all/function/internal_message.html?_=1642733588667&CODE_STATE=getMsg HTTP/1.1" 200 27
124.78.156.14 - - [21/Jan/2022:10:53:11 +0800] "GET /xingrg/kc/base/wldb_order_list.html HTTP/1.1" 200 19060
124.78.156.14 - - [21/Jan/2022:10:53:11 +0800] "POST /xingrg/kc/base/wldb_list_operate.html HTTP/1.1" 200 2560
124.78.156.14 - - [21/Jan/2022:10:53:14 +0800] "GET /xingrg/kc/mdqp/qp_main.html HTTP/1.1" 200 10633
58.37.10.95 - - [21/Jan/2022:10:53:15 +0800] "GET /xingrg/kc/buy/cgsh_order_operate.html?command=get_materiel&rest_code=00141&code=00101006168&supplier_code=00100012&order_time=2022-01-21 HTTP/1.1" 200 421
124.78.156.14 - - [21/Jan/2022:10:53:15 +0800] "GET /xingrg/kc/print/load_data.html?order_code=212022012110372&kc_code=cgsh HTTP/1.1" 200 3551
114.95.98.1 - - [21/Jan/2022:10:53:17 +0800] "GET /xingrg/all/function/internal_message.html?_=1642733615380&CODE_STATE=getMsg HTTP/1.1" 200 27
124.78.156.14 - - [21/Jan/2022:10:53:20 +0800] "GET /xingrg/images/yd/bt.gif HTTP/1.1" 404 1040
124.78.156.14 - - [21/Jan/2022:10:53:20 +0800] "GET /xingrg/kc/mdqp/pssh_order_list.html HTTP/1.1" 200 17777
101.83.241.107 - - [21/Jan/2022:10:53:20 +0800] "GET /xingrg/all/function/internal_message.html?_=1642733595896&CODE_STATE=getMsg HTTP/1.1" 200 27
124.78.156.14 - - [21/Jan/2022:10:53:21 +0800] "POST /xingrg/kc/mdqp/pssh_list_operate.html HTTP/1.1" 200 5113
101.83.241.107 - - [21/Jan/2022:10:53:21 +0800] "GET /xingrg/check_reg.html?_=1642733596806 HTTP/1.1" 200 22
222.70.243.96 - - [21/Jan/2022:10:53:24 +0800] "GET /xingrg/check_reg.html?_=1642733610333 HTTP/1.1" 200 22
124.78.156.14 - - [21/Jan/2022:10:53:25 +0800] "GET /xingrg/kc/buy/buy_main.html HTTP/1.1" 200 12412
124.78.156.14 - - [21/Jan/2022:10:53:25 +0800] "GET /xingrg/css/new_ie.css HTTP/1.1" 404 1036
222.70.243.96 - - [21/Jan/2022:10:53:25 +0800] "GET /xingrg/all/function/internal_message.html?_=1642733611757&CODE_STATE=getMsg HTTP/1.1" 200 27
124.78.156.14 - - [21/Jan/2022:10:53:26 +0800] "GET /xingrg/images/yd/bt.gif HTTP/1.1" 404 1040
124.78.156.14 - - [21/Jan/2022:10:53:27 +0800] "GET /xingrg/kc/buy/cgsh_order_list.html HTTP/1.1" 200 49639
222.69.132.164 - - [21/Jan/2022:10:53:30 +0800] "GET /xingrg/all/function/internal_message.html?_=1642733659666&CODE_STATE=getMsg HTTP/1.1" 200 27
58.37.10.95 - - [21/Jan/2022:10:53:30 +0800] "POST /xingrg/kc/buy/cgsh_order_operate.html HTTP/1.1" 200 37
124.78.156.14 - - [21/Jan/2022:10:53:30 +0800] "POST /xingrg/kc/buy/cgsh_list_operate.html HTTP/1.1" 200 1687
180.152.99.39 - - [21/Jan/2022:10:53:31 +0800] "GET /xingrg/all/function/internal_message.html?_=1642733540674&CODE_STATE=getMsg HTTP/1.1" 200 27
124.78.156.14 - - [21/Jan/2022:10:53:32 +0800] "GET /xingrg/kc/buy/buy_main.html HTTP/1.1" 200 12412
124.78.156.14 - - [21/Jan/2022:10:53:32 +0800] "GET /xingrg/css/new_ie.css HTTP/1.1" 404 1036
58.39.168.32 - - [21/Jan/2022:10:53:33 +0800] "GET /xingrg/all/function/internal_message.html?_=1642733610707&CODE_STATE=getMsg HTTP/1.1" 200 27
222.70.217.149 - - [21/Jan/2022:10:53:34 +0800] "GET /xingrg/all/function/internal_message.html?_=1642733592254&CODE_STATE=getMsg HTTP/1.1" 200 27
101.80.226.190 - - [21/Jan/2022:10:53:34 +0800] "POST /xingrg/services/DataTransmitService HTTP/1.1" 200 524
124.78.156.14 - - [21/Jan/2022:10:53:34 +0800] "GET /xingrg/kc/base/base_main.html HTTP/1.1" 200 12142
58.37.10.95 - - [21/Jan/2022:10:53:35 +0800] "POST /xingrg/kc/buy/cgsh_order_operate.html HTTP/1.1" 200 12
124.78.156.14 - - [21/Jan/2022:10:53:37 +0800] "GET /xingrg/kc/base/wldb_order_list.html HTTP/1.1" 200 19060
58.37.10.95 - - [21/Jan/2022:10:53:37 +0800] "GET /xingrg/kc/buy/cgsh_order_info.html?code=212022012110374 HTTP/1.1" 200 60364
124.78.156.14 - - [21/Jan/2022:10:53:37 +0800] "POST /xingrg/kc/base/wldb_list_operate.html HTTP/1.1" 200 2560
58.37.10.95 - - [21/Jan/2022:10:53:37 +0800] "GET /xingrg/javascript/easyui/themes/default/validatebox.css HTTP/1.1" 404 1104
58.37.10.95 - - [21/Jan/2022:10:53:38 +0800] "POST /xingrg/kc/buy/cgsh_order_operate.html HTTP/1.1" 200 5364
101.80.226.190 - - [21/Jan/2022:10:53:38 +0800] "POST /xingrg/services/DataTransmitService HTTP/1.1" 200 501
58.37.10.95 - - [21/Jan/2022:10:53:39 +0800] "GET /xingrg/kc/print/load_data.html?order_code=212022012110374&kc_code=cgsh&condition= HTTP/1.1" 200 2621
101.80.226.190 - - [21/Jan/2022:10:53:39 +0800] "POST /xingrg/services/DataTransmitService HTTP/1.1" 200 501
101.80.226.190 - - [21/Jan/2022:10:53:40 +0800] "POST /xingrg/services/DataTransmitService HTTP/1.1" 200 501
124.78.156.14 - - [21/Jan/2022:10:53:40 +0800] "GET /xingrg/kc/base/base_main.html HTTP/1.1" 200 12142
101.80.226.190 - - [21/Jan/2022:10:53:41 +0800] "POST /xingrg/services/DataTransmitService HTTP/1.1" 200 501
101.80.226.190 - - [21/Jan/2022:10:53:41 +0800] "POST /xingrg/services/DataTransmitService HTTP/1.1" 200 501
101.80.226.190 - - [21/Jan/2022:10:53:41 +0800] "POST /xingrg/services/DataTransmitService HTTP/1.1" 200 501
124.78.156.14 - - [21/Jan/2022:10:53:41 +0800] "GET /xingrg/kc/base/wldb_order_list.html HTTP/1.1" 200 19060
101.80.226.190 - - [21/Jan/2022:10:53:42 +0800] "POST /xingrg/services/DataTransmitService HTTP/1.1" 200 501
124.78.156.14 - - [21/Jan/2022:10:53:42 +0800] "POST /xingrg/kc/base/wldb_list_operate.html HTTP/1.1" 200 2560
101.80.226.190 - - [21/Jan/2022:10:53:42 +0800] "POST /xingrg/services/DataTransmitService HTTP/1.1" 200 501
101.80.226.190 - - [21/Jan/2022:10:53:42 +0800] "POST /xingrg/services/DataTransmitService HTTP/1.1" 200 501
58.37.10.95 - - [21/Jan/2022:10:53:42 +0800] "GET /xingrg/kc/buy/cgsh_order_add.html HTTP/1.1" 200 65455
58.37.10.95 - - [21/Jan/2022:10:53:43 +0800] "POST /xingrg/kc/buy/cgsh_order_operate.html HTTP/1.1" 200 8245
58.37.10.95 - - [21/Jan/2022:10:53:43 +0800] "GET /xingrg/javascript/easyui/themes/default/validatebox.css HTTP/1.1" 404 1104
101.80.226.190 - - [21/Jan/2022:10:53:44 +0800] "POST /xingrg/services/DataTransmitService HTTP/1.1" 200 412
124.78.156.14 - - [21/Jan/2022:10:53:44 +0800] "GET /xingrg/kc/mdqp/qp_main.html HTTP/1.1" 200 10633
124.78.156.14 - - [21/Jan/2022:10:53:46 +0800] "GET /xingrg/images/yd/bt.gif HTTP/1.1" 404 1040
58.39.168.32 - - [21/Jan/2022:10:53:47 +0800] "GET /xingrg/all/function/internal_message.html?_=1642733624548&CODE_STATE=getMsg HTTP/1.1" 200 27
124.78.156.14 - - [21/Jan/2022:10:53:47 +0800] "GET /xingrg/kc/mdqp/pssh_order_list.html HTTP/1.1" 200 17777
124.78.156.14 - - [21/Jan/2022:10:53:47 +0800] "POST /xingrg/kc/mdqp/pssh_list_operate.html HTTP/1.1" 200 5113
180.152.99.73 - - [21/Jan/2022:10:53:48 +0800] "GET /xingrg/all/function/internal_message.html?_=1642733627373&CODE_STATE=getMsg HTTP/1.1" 200 27
114.95.98.1 - - [21/Jan/2022:10:53:49 +0800] "GET /xingrg/check_reg.html?_=1642733630082 HTTP/1.1" 200 22
114.95.98.1 - - [21/Jan/2022:10:53:49 +0800] "GET /xingrg/all/function/internal_message.html?_=1642733630086&CODE_STATE=getMsg HTTP/1.1" 200 27
124.78.156.14 - - [21/Jan/2022:10:53:49 +0800] "GET /xingrg/kc/buy/buy_main.html HTTP/1.1" 200 12412
124.78.156.14 - - [21/Jan/2022:10:53:50 +0800] "GET /xingrg/css/new_ie.css HTTP/1.1" 404 1036
180.169.147.146 - - [21/Jan/2022:10:53:51 +0800] "GET /xingrg/all/function/internal_message.html?_=1642733628456&CODE_STATE=getMsg HTTP/1.1" 200 27
124.78.156.14 - - [21/Jan/2022:10:53:51 +0800] "GET /xingrg/images/yd/bt.gif HTTP/1.1" 404 1040
124.78.156.14 - - [21/Jan/2022:10:53:52 +0800] "GET /xingrg/kc/buy/cgsh_order_list.html HTTP/1.1" 200 49639
124.78.156.14 - - [21/Jan/2022:10:53:54 +0800] "POST /xingrg/kc/buy/cgsh_list_operate.html HTTP/1.1" 200 1687
124.79.247.218 - - [21/Jan/2022:10:53:55 +0800] "GET /xingrg/all/function/internal_message.html?_=1642733676832&CODE_STATE=getMsg HTTP/1.1" 200 27
101.85.120.86 - - [21/Jan/2022:10:53:55 +0800] "POST /xingrg/kc/buy/cgsh_list_operate.html HTTP/1.1" 200 564
101.85.120.86 - - [21/Jan/2022:10:53:56 +0800] "GET /xingrg/all/function/internal_message.html?_=1642733631505&CODE_STATE=getMsg HTTP/1.1" 200 27
58.37.10.95 - - [21/Jan/2022:10:53:56 +0800] "GET /xingrg/kc/buy/cgsh_order_operate.html?command=get_materiel&rest_code=00141&code=00101011005&supplier_code=00100036&order_time=2022-01-21 HTTP/1.1" 200 428
101.85.120.86 - - [21/Jan/2022:10:53:57 +0800] "GET /xingrg/kc/buy/cgsh_order_info.html?code=212022012009899 HTTP/1.1" 200 64538
124.78.156.14 - - [21/Jan/2022:10:53:57 +0800] "GET /xingrg/kc/buy/buy_main.html HTTP/1.1" 200 12412
124.78.156.14 - - [21/Jan/2022:10:53:57 +0800] "GET /xingrg/css/new_ie.css HTTP/1.1" 404 1036
101.85.120.86 - - [21/Jan/2022:10:53:57 +0800] "GET /xingrg/javascript/easyui/themes/default/validatebox.css HTTP/1.1" 404 1104
101.85.120.86 - - [21/Jan/2022:10:53:58 +0800] "POST /xingrg/kc/buy/cgsh_order_operate.html HTTP/1.1" 200 16197
124.78.156.14 - - [21/Jan/2022:10:53:58 +0800] "GET /xingrg/images/yd/bt.gif HTTP/1.1" 404 1040
124.78.156.14 - - [21/Jan/2022:10:53:58 +0800] "GET /xingrg/all/function/internal_message.html?_=1642733633713&CODE_STATE=getMsg HTTP/1.1" 200 27
124.79.247.218 - - [21/Jan/2022:10:53:58 +0800] "GET /xingrg/all/function/internal_message.html?_=1642733776090&CODE_STATE=getMsg HTTP/1.1" 200 27
124.78.156.14 - - [21/Jan/2022:10:53:59 +0800] "GET /xingrg/kc/buy/cgsh_order_list.html HTTP/1.1" 200 49639
124.78.156.14 - - [21/Jan/2022:10:54:01 +0800] "POST /xingrg/kc/buy/cgsh_list_operate.html HTTP/1.1" 200 1687
180.169.147.146 - - [21/Jan/2022:10:54:01 +0800] "GET /xingrg/all/function/internal_message.html?_=1642733638387&CODE_STATE=getMsg HTTP/1.1" 200 27
116.233.73.218 - - [21/Jan/2022:10:54:02 +0800] "GET /xingrg/all/function/internal_message.html?_=1642733641340&CODE_STATE=getMsg HTTP/1.1" 200 27
124.78.156.14 - - [21/Jan/2022:10:54:05 +0800] "GET /xingrg/kc/mdqp/qp_main.html HTTP/1.1" 200 10633
58.37.10.95 - - [21/Jan/2022:10:54:05 +0800] "GET /xingrg/check_reg.html?_=1642733439728 HTTP/1.1" 200 22
58.37.10.95 - - [21/Jan/2022:10:54:05 +0800] "GET /xingrg/all/function/internal_message.html?_=1642733439730&CODE_STATE=getMsg HTTP/1.1" 200 27
124.78.156.14 - - [21/Jan/2022:10:54:06 +0800] "GET /xingrg/images/yd/bt.gif HTTP/1.1" 404 1040
124.78.156.14 - - [21/Jan/2022:10:54:06 +0800] "GET /xingrg/kc/mdqp/pssh_order_list.html HTTP/1.1" 200 17777
124.78.156.14 - - [21/Jan/2022:10:54:06 +0800] "POST /xingrg/kc/mdqp/pssh_list_operate.html HTTP/1.1" 200 5113
58.37.10.95 - - [21/Jan/2022:10:54:07 +0800] "GET /xingrg/kc/buy/cgsh_order_operate.html?command=get_materiel&rest_code=00141&code=00101016025&supplier_code=00100036&order_time=2022-01-21 HTTP/1.1" 200 408
124.78.156.14 - - [21/Jan/2022:10:54:09 +0800] "GET /xingrg/all/function/internal_message.html?_=1642733648648&CODE_STATE=getMsg HTTP/1.1" 200 27
124.78.156.14 - - [21/Jan/2022:10:54:10 +0800] "GET /xingrg/kc/buy/buy_main.html HTTP/1.1" 200 12412
124.78.156.14 - - [21/Jan/2022:10:54:10 +0800] "GET /xingrg/css/new_ie.css HTTP/1.1" 404 1036
124.78.156.14 - - [21/Jan/2022:10:54:11 +0800] "GET /xingrg/images/yd/bt.gif HTTP/1.1" 404 1040
124.78.156.14 - - [21/Jan/2022:10:54:12 +0800] "GET /xingrg/kc/buy/cgsh_order_list.html HTTP/1.1" 200 49639
124.78.156.14 - - [21/Jan/2022:10:54:14 +0800] "POST /xingrg/kc/buy/cgsh_list_operate.html HTTP/1.1" 200 1687
114.95.98.1 - - [21/Jan/2022:10:54:17 +0800] "GET /xingrg/all/function/internal_message.html?_=1642733675758&CODE_STATE=getMsg HTTP/1.1" 200 27
124.78.156.14 - - [21/Jan/2022:10:54:18 +0800] "GET /xingrg/kc/base/base_main.html HTTP/1.1" 200 12142
101.83.241.107 - - [21/Jan/2022:10:54:20 +0800] "GET /xingrg/all/function/internal_message.html?_=1642733655878&CODE_STATE=getMsg HTTP/1.1" 200 27
58.39.168.32 - - [21/Jan/2022:10:54:21 +0800] "POST /xingrg/kc/buy/cgsh_list_operate.html HTTP/1.1" 200 3133
58.37.10.95 - - [21/Jan/2022:10:54:21 +0800] "GET /xingrg/kc/buy/cgsh_order_operate.html?command=get_materiel&rest_code=00141&code=00101011004&supplier_code=00100036&order_time=2022-01-21 HTTP/1.1" 200 412
58.39.168.32 - - [21/Jan/2022:10:54:22 +0800] "GET /xingrg/kc/buy/cgsh_order_add.html HTTP/1.1" 200 65496
58.39.168.32 - - [21/Jan/2022:10:54:23 +0800] "GET /xingrg/javascript/easyui/themes/default/validatebox.css HTTP/1.1" 404 1104
58.39.168.32 - - [21/Jan/2022:10:54:23 +0800] "POST /xingrg/kc/buy/cgsh_order_operate.html HTTP/1.1" 200 8245
222.70.243.96 - - [21/Jan/2022:10:54:25 +0800] "GET /xingrg/all/function/internal_message.html?_=1642733671771&CODE_STATE=getMsg HTTP/1.1" 200 27
58.37.10.95 - - [21/Jan/2022:10:54:28 +0800] "GET /xingrg/kc/buy/cgsh_order_operate.html?command=get_materiel&rest_code=00141&code=00101012038&supplier_code=00100036&order_time=2022-01-21 HTTP/1.1" 200 412
222.69.132.164 - - [21/Jan/2022:10:54:30 +0800] "GET /xingrg/all/function/internal_message.html?_=1642733719656&CODE_STATE=getMsg HTTP/1.1" 200 27
180.152.99.39 - - [21/Jan/2022:10:54:31 +0800] "GET /xingrg/all/function/internal_message.html?_=1642733600698&CODE_STATE=getMsg HTTP/1.1" 200 27
58.39.168.32 - - [21/Jan/2022:10:54:33 +0800] "GET /xingrg/all/function/internal_message.html?_=1642733670703&CODE_STATE=getMsg HTTP/1.1" 200 27
222.70.217.149 - - [21/Jan/2022:10:54:34 +0800] "GET /xingrg/all/function/internal_message.html?_=1642733652246&CODE_STATE=getMsg HTTP/1.1" 200 27
58.37.10.95 - - [21/Jan/2022:10:54:36 +0800] "GET /xingrg/kc/buy/cgsh_order_operate.html?command=get_materiel&rest_code=00141&code=00101011001&supplier_code=00100036&order_time=2022-01-21 HTTP/1.1" 200 423
180.157.251.97 - - [21/Jan/2022:10:54:37 +0800] "GET /xingrg/check_reg.html?_=1642733675810 HTTP/1.1" 302 -
58.39.168.32 - - [21/Jan/2022:10:54:40 +0800] "GET /xingrg/kc/buy/cgsh_order_operate.html?command=get_materiel&rest_code=00105&code=00101009109&supplier_code=00100024&order_time=2022-01-21 HTTP/1.1" 200 399
58.37.10.95 - - [21/Jan/2022:10:54:46 +0800] "GET /xingrg/kc/buy/cgsh_order_operate.html?command=get_materiel&rest_code=00141&code=00101012051&supplier_code=00100036&order_time=2022-01-21 HTTP/1.1" 200 408
58.39.168.32 - - [21/Jan/2022:10:54:47 +0800] "GET /xingrg/check_reg.html?_=1642733684548 HTTP/1.1" 200 22
58.39.168.32 - - [21/Jan/2022:10:54:47 +0800] "GET /xingrg/all/function/internal_message.html?_=1642733684551&CODE_STATE=getMsg HTTP/1.1" 200 27
180.152.99.73 - - [21/Jan/2022:10:54:48 +0800] "GET /xingrg/all/function/internal_message.html?_=1642733687377&CODE_STATE=getMsg HTTP/1.1" 200 27
114.95.98.1 - - [21/Jan/2022:10:54:49 +0800] "GET /xingrg/all/function/internal_message.html?_=1642733690079&CODE_STATE=getMsg HTTP/1.1" 200 27
180.169.147.146 - - [21/Jan/2022:10:54:51 +0800] "GET /xingrg/all/function/internal_message.html?_=1642733688453&CODE_STATE=getMsg HTTP/1.1" 200 27
101.83.241.107 - - [21/Jan/2022:10:54:54 +0800] "POST /xingrg/kc/buy/cgsh_order_operate.html HTTP/1.1" 200 37
58.39.168.32 - - [21/Jan/2022:10:54:54 +0800] "GET /xingrg/kc/buy/cgsh_order_operate.html?command=get_materiel&rest_code=00105&code=00101009062&supplier_code=00100024&order_time=2022-01-21 HTTP/1.1" 200 412
58.37.10.95 - - [21/Jan/2022:10:54:54 +0800] "GET /xingrg/kc/buy/cgsh_order_operate.html?command=get_materiel&rest_code=00141&code=00101016038&supplier_code=00100036&order_time=2022-01-21 HTTP/1.1" 200 408
124.78.156.14 - - [21/Jan/2022:10:54:54 +0800] "GET /xingrg/check_reg.html?_=1642733689759 HTTP/1.1" 200 22
101.83.241.107 - - [21/Jan/2022:10:54:55 +0800] "POST /xingrg/kc/buy/cgsh_order_operate.html HTTP/1.1" 200 46440
124.79.247.218 - - [21/Jan/2022:10:54:55 +0800] "GET /xingrg/all/function/internal_message.html?_=1642733736846&CODE_STATE=getMsg HTTP/1.1" 200 27
101.85.120.86 - - [21/Jan/2022:10:54:56 +0800] "GET /xingrg/all/function/internal_message.html?_=1642733691516&CODE_STATE=getMsg HTTP/1.1" 200 27
101.83.241.107 - - [21/Jan/2022:10:54:57 +0800] "GET /xingrg/kc/print/load_data.html?order_code=212022012110346&kc_code=cgsh&condition= HTTP/1.1" 200 17282
124.78.156.14 - - [21/Jan/2022:10:54:58 +0800] "GET /xingrg/all/function/internal_message.html?_=1642733693704&CODE_STATE=getMsg HTTP/1.1" 200 27
124.79.247.218 - - [21/Jan/2022:10:54:58 +0800] "GET /xingrg/all/function/internal_message.html?_=1642733836090&CODE_STATE=getMsg HTTP/1.1" 200 27
180.169.147.146 - - [21/Jan/2022:10:55:01 +0800] "GET /xingrg/all/function/internal_message.html?_=1642733698378&CODE_STATE=getMsg HTTP/1.1" 200 27
116.233.73.218 - - [21/Jan/2022:10:55:02 +0800] "GET /xingrg/all/function/internal_message.html?_=1642733701344&CODE_STATE=getMsg HTTP/1.1" 200 27
58.39.168.32 - - [21/Jan/2022:10:55:03 +0800] "GET /xingrg/kc/buy/cgsh_order_operate.html?command=get_materiel&rest_code=00105&code=00101009010&supplier_code=00100024&order_time=2022-01-21 HTTP/1.1" 200 412
58.37.10.95 - - [21/Jan/2022:10:55:04 +0800] "GET /xingrg/kc/buy/cgsh_order_operate.html?command=get_materiel&rest_code=00141&code=00101012044&supplier_code=00100036&order_time=2022-01-21 HTTP/1.1" 200 409
58.37.10.95 - - [21/Jan/2022:10:55:05 +0800] "GET /xingrg/all/function/internal_message.html?_=1642733499725&CODE_STATE=getMsg HTTP/1.1" 200 27
101.83.241.107 - - [21/Jan/2022:10:55:08 +0800] "POST /xingrg/kc/buy/cgsh_order_operate.html HTTP/1.1" 200 37
124.78.156.14 - - [21/Jan/2022:10:55:09 +0800] "GET /xingrg/all/function/internal_message.html?_=1642733708628&CODE_STATE=getMsg HTTP/1.1" 200 27
58.37.10.95 - - [21/Jan/2022:10:55:15 +0800] "POST /xingrg/kc/buy/cgsh_order_operate.html HTTP/1.1" 200 37
101.83.241.107 - - [21/Jan/2022:10:55:15 +0800] "POST /xingrg/kc/buy/cgsh_order_operate.html HTTP/1.1" 200 12
58.39.168.32 - - [21/Jan/2022:10:55:16 +0800] "GET /xingrg/kc/buy/cgsh_order_operate.html?command=get_materiel&rest_code=00105&code=00101009016&supplier_code=00100024&order_time=2022-01-21 HTTP/1.1" 200 412
114.95.98.1 - - [21/Jan/2022:10:55:17 +0800] "GET /xingrg/all/function/internal_message.html?_=1642733735767&CODE_STATE=getMsg HTTP/1.1" 200 27
58.37.10.95 - - [21/Jan/2022:10:55:19 +0800] "POST /xingrg/kc/buy/cgsh_order_operate.html HTTP/1.1" 200 12
101.83.241.107 - - [21/Jan/2022:10:55:19 +0800] "GET /xingrg/kc/buy/cgsh_order_info.html?code=212022012110346 HTTP/1.1" 200 60411
58.37.10.95 - - [21/Jan/2022:10:55:20 +0800] "GET /xingrg/kc/buy/cgsh_order_info.html?code=212022012110375 HTTP/1.1" 200 60366
101.83.241.107 - - [21/Jan/2022:10:55:20 +0800] "GET /xingrg/words/20220120171707_words.js HTTP/1.1" 304 -
101.83.241.107 - - [21/Jan/2022:10:55:20 +0800] "GET /xingrg/javascript/easyui/themes/default/validatebox.css HTTP/1.1" 404 1104
58.37.10.95 - - [21/Jan/2022:10:55:20 +0800] "GET /xingrg/javascript/easyui/themes/default/validatebox.css HTTP/1.1" 404 1104
101.83.241.107 - - [21/Jan/2022:10:55:20 +0800] "POST /xingrg/kc/buy/cgsh_order_operate.html HTTP/1.1" 200 44384
58.37.10.95 - - [21/Jan/2022:10:55:20 +0800] "POST /xingrg/kc/buy/cgsh_order_operate.html HTTP/1.1" 200 5325
101.83.241.107 - - [21/Jan/2022:10:55:21 +0800] "GET /xingrg/all/function/internal_message.html?_=1642733716084&CODE_STATE=getMsg HTTP/1.1" 200 27
58.37.10.95 - - [21/Jan/2022:10:55:21 +0800] "GET /xingrg/kc/print/load_data.html?order_code=212022012110375&kc_code=cgsh&condition= HTTP/1.1" 200 2567
58.37.10.95 - - [21/Jan/2022:10:55:24 +0800] "GET /xingrg/kc/buy/cgsh_order_add.html HTTP/1.1" 200 65455
58.37.10.95 - - [21/Jan/2022:10:55:25 +0800] "POST /xingrg/kc/buy/cgsh_order_operate.html HTTP/1.1" 200 8245
58.37.10.95 - - [21/Jan/2022:10:55:25 +0800] "GET /xingrg/javascript/easyui/themes/default/validatebox.css HTTP/1.1" 404 1104
222.70.243.96 - - [21/Jan/2022:10:55:25 +0800] "GET /xingrg/all/function/internal_message.html?_=1642733731785&CODE_STATE=getMsg HTTP/1.1" 200 27
180.152.99.73 - - [21/Jan/2022:10:55:28 +0800] "POST /xingrg/all/user/operate.html HTTP/1.1" 200 36
180.152.99.73 - - [21/Jan/2022:10:55:28 +0800] "GET /xingrg/javascript/jquery_easy_ui/themes/default/easyui.css HTTP/1.1" 304 -
180.152.99.73 - - [21/Jan/2022:10:55:28 +0800] "GET /xingrg/index.html?sysBaseUrl=http%3A%2F%2F180.169.147.146%3A18081%2Fxingrg%2F&costTime=40×tamp=1642727209259 HTTP/1.1" 200 17179
180.152.99.73 - - [21/Jan/2022:10:55:28 +0800] "GET /xingrg/javascript/jquery_easy_ui/themes/icon.css HTTP/1.1" 304 -
180.152.99.73 - - [21/Jan/2022:10:55:28 +0800] "GET /xingrg/css/form.css HTTP/1.1" 304 -
180.152.99.73 - - [21/Jan/2022:10:55:28 +0800] "GET /xingrg/javascript/jquery-1.4.2.min.js HTTP/1.1" 304 -
180.152.99.73 - - [21/Jan/2022:10:55:28 +0800] "GET /xingrg/javascript/jquery_easy_ui/jquery.easyui.min.js HTTP/1.1" 304 -
180.152.99.73 - - [21/Jan/2022:10:55:28 +0800] "GET /xingrg/javascript/jquery_easy_ui/easyui-lang-zh_CN.js HTTP/1.1" 304 -
180.152.99.73 - - [21/Jan/2022:10:55:28 +0800] "GET /xingrg/javascript/jquery.form.js HTTP/1.1" 304 -
180.152.99.73 - - [21/Jan/2022:10:55:28 +0800] "GET /xingrg/javascript/jquery.utils.js HTTP/1.1" 304 -
180.152.99.73 - - [21/Jan/2022:10:55:28 +0800] "GET /xingrg/javascript/jquery.timers.js HTTP/1.1" 304 -
180.152.99.73 - - [21/Jan/2022:10:55:28 +0800] "GET /xingrg/images/blue/jxLogo.png HTTP/1.1" 304 -
180.152.99.73 - - [21/Jan/2022:10:55:28 +0800] "GET /xingrg/javascript/jquery_easy_ui/themes/icons/settle_new.png HTTP/1.1" 304 -
180.152.99.73 - - [21/Jan/2022:10:55:28 +0800] "GET /xingrg/images/blue/navBackgound.jpg HTTP/1.1" 304 -
180.152.99.73 - - [21/Jan/2022:10:55:28 +0800] "POST /xingrg/all/common/load_tree.html?tree=area_rest_tree_json&manage=1 HTTP/1.1" 200 476
180.152.99.73 - - [21/Jan/2022:10:55:28 +0800] "GET /xingrg/all/function/internal_message.html?_=1642733727877&CODE_STATE=count HTTP/1.1" 200 11
180.152.99.73 - - [21/Jan/2022:10:55:28 +0800] "GET /xingrg/javascript/jquery_easy_ui/themes/default/images/panel_tool_collapse.gif HTTP/1.1" 304 -
180.152.99.73 - - [21/Jan/2022:10:55:28 +0800] "GET /xingrg/check_reg.html?_=1642733727878 HTTP/1.1" 200 22
180.152.99.73 - - [21/Jan/2022:10:55:28 +0800] "GET /xingrg/javascript/jquery_easy_ui/themes/default/images/tabs_rightarrow.png HTTP/1.1" 304 -
180.152.99.73 - - [21/Jan/2022:10:55:28 +0800] "GET /xingrg/images/blue/pingpu.png HTTP/1.1" 304 -
180.152.99.73 - - [21/Jan/2022:10:55:28 +0800] "GET /xingrg/javascript/jquery_easy_ui/themes/default/images/tabs_leftarrow.png HTTP/1.1" 304 -
180.152.99.73 - - [21/Jan/2022:10:55:28 +0800] "POST /xingrg/load_menu.html HTTP/1.1" 200 5138
222.69.132.164 - - [21/Jan/2022:10:55:30 +0800] "GET /xingrg/all/function/internal_message.html?_=1642733779642&CODE_STATE=getMsg HTTP/1.1" 200 27
180.152.99.73 - - [21/Jan/2022:10:55:30 +0800] "GET /xingrg/kc/buy/cgsh_order_list.html HTTP/1.1" 200 49645
180.152.99.39 - - [21/Jan/2022:10:55:31 +0800] "GET /xingrg/all/function/internal_message.html?_=1642733660702&CODE_STATE=getMsg HTTP/1.1" 200 27
180.152.99.73 - - [21/Jan/2022:10:55:31 +0800] "POST /xingrg/kc/buy/cgsh_list_operate.html HTTP/1.1" 200 876
180.152.99.73 - - [21/Jan/2022:10:55:33 +0800] "GET /xingrg/kc/buy/cgsh_order_add.html HTTP/1.1" 200 65332
180.152.99.73 - - [21/Jan/2022:10:55:33 +0800] "GET /xingrg/words/20220120171707_words.js HTTP/1.1" 304 -
180.152.99.73 - - [21/Jan/2022:10:55:33 +0800] "POST /xingrg/kc/buy/cgsh_order_operate.html HTTP/1.1" 200 8245
180.152.99.73 - - [21/Jan/2022:10:55:33 +0800] "GET /xingrg/javascript/easyui/themes/default/validatebox.css HTTP/1.1" 404 1104
58.39.168.32 - - [21/Jan/2022:10:55:33 +0800] "GET /xingrg/all/function/internal_message.html?_=1642733730710&CODE_STATE=getMsg HTTP/1.1" 200 27
58.37.10.95 - - [21/Jan/2022:10:55:33 +0800] "GET /xingrg/kc/buy/cgsh_order_operate.html?command=get_materiel&rest_code=00141&code=00101001010&supplier_code=00100040&order_time=2022-01-21 HTTP/1.1" 200 409
222.70.217.149 - - [21/Jan/2022:10:55:34 +0800] "GET /xingrg/all/function/internal_message.html?_=1642733712265&CODE_STATE=getMsg HTTP/1.1" 200 27
222.70.217.149 - - [21/Jan/2022:10:55:34 +0800] "GET /xingrg/check_reg.html?_=1642733712267 HTTP/1.1" 200 22
180.152.99.73 - - [21/Jan/2022:10:55:35 +0800] "GET /xingrg/javascript/auto/indicator.gif HTTP/1.1" 404 1066
58.39.168.32 - - [21/Jan/2022:10:55:35 +0800] "GET /xingrg/check_reg.html?_=1642733732496 HTTP/1.1" 200 22
101.85.120.86 - - [21/Jan/2022:10:55:40 +0800] "POST /xingrg/kc/buy/cgsh_order_operate.html HTTP/1.1" 200 37
58.39.168.32 - - [21/Jan/2022:10:55:42 +0800] "POST /xingrg/kc/buy/cgsh_order_operate.html HTTP/1.1" 200 37
58.37.10.95 - - [21/Jan/2022:10:55:42 +0800] "GET /xingrg/kc/buy/cgsh_order_operate.html?command=get_materiel&rest_code=00141&code=00101005037&supplier_code=00100040&order_time=2022-01-21 HTTP/1.1" 200 409
58.39.168.32 - - [21/Jan/2022:10:55:43 +0800] "POST /xingrg/kc/buy/cgsh_order_operate.html HTTP/1.1" 200 5026
180.152.99.73 - - [21/Jan/2022:10:55:43 +0800] "GET /xingrg/kc/buy/cgsh_order_operate.html?command=get_materiel&rest_code=00150&code=00101029085&supplier_code=00100406&order_time=2022-01-21 HTTP/1.1" 200 433
101.85.120.86 - - [21/Jan/2022:10:55:44 +0800] "POST /xingrg/kc/buy/cgsh_order_operate.html HTTP/1.1" 200 12
101.85.120.86 - - [21/Jan/2022:10:55:45 +0800] "GET /xingrg/kc/buy/cgsh_order_info.html?code=212022012009899 HTTP/1.1" 200 59440
101.85.120.86 - - [21/Jan/2022:10:55:45 +0800] "GET /xingrg/javascript/easyui/themes/default/validatebox.css HTTP/1.1" 404 1104
101.85.120.86 - - [21/Jan/2022:10:55:46 +0800] "POST /xingrg/kc/buy/cgsh_order_operate.html HTTP/1.1" 200 14154
58.39.168.32 - - [21/Jan/2022:10:55:47 +0800] "GET /xingrg/all/function/internal_message.html?_=1642733744551&CODE_STATE=getMsg HTTP/1.1" 200 27
58.40.7.146 - - [21/Jan/2022:10:55:47 +0800] "POST /xingrg/services/DataTransmitService HTTP/1.1" 200 524
101.85.120.86 - - [21/Jan/2022:10:55:48 +0800] "GET /xingrg/kc/print/load_data.html?order_code=212022012009899&kc_code=cgsh&condition= HTTP/1.1" 200 5836
114.95.98.1 - - [21/Jan/2022:10:55:49 +0800] "GET /xingrg/all/function/internal_message.html?_=1642733750086&CODE_STATE=getMsg HTTP/1.1" 200 27
180.169.147.146 - - [21/Jan/2022:10:55:51 +0800] "GET /xingrg/check_reg.html?_=1642733748461 HTTP/1.1" 200 22
180.169.147.146 - - [21/Jan/2022:10:55:51 +0800] "GET /xingrg/all/function/internal_message.html?_=1642733748459&CODE_STATE=getMsg HTTP/1.1" 200 27
58.37.10.95 - - [21/Jan/2022:10:55:52 +0800] "POST /xingrg/kc/buy/cgsh_order_operate.html HTTP/1.1" 200 37
58.39.168.32 - - [21/Jan/2022:10:55:52 +0800] "GET /xingrg/kc/print/load_data.html?order_code=212022012110376&kc_code=cgsh&condition= HTTP/1.1" 200 1593
180.152.99.73 - - [21/Jan/2022:10:55:55 +0800] "POST /xingrg/kc/buy/cgsh_order_operate.html HTTP/1.1" 200 37
101.85.120.86 - - [21/Jan/2022:10:55:56 +0800] "GET /xingrg/check_reg.html?_=1642733751530 HTTP/1.1" 200 22
101.85.120.86 - - [21/Jan/2022:10:55:56 +0800] "GET /xingrg/all/function/internal_message.html?_=1642733751532&CODE_STATE=getMsg HTTP/1.1" 200 27
124.79.247.218 - - [21/Jan/2022:10:55:56 +0800] "GET /xingrg/all/function/internal_message.html?_=1642733797751&CODE_STATE=getMsg HTTP/1.1" 200 27
58.37.10.95 - - [21/Jan/2022:10:55:57 +0800] "POST /xingrg/kc/buy/cgsh_order_operate.html HTTP/1.1" 200 12
124.78.156.14 - - [21/Jan/2022:10:55:58 +0800] "GET /xingrg/all/function/internal_message.html?_=1642733753675&CODE_STATE=getMsg HTTP/1.1" 200 27
124.79.247.218 - - [21/Jan/2022:10:55:58 +0800] "GET /xingrg/all/function/internal_message.html?_=1642733896089&CODE_STATE=getMsg HTTP/1.1" 200 27
180.152.99.73 - - [21/Jan/2022:10:55:59 +0800] "POST /xingrg/kc/buy/cgsh_order_operate.html HTTP/1.1" 200 12
58.37.10.95 - - [21/Jan/2022:10:55:59 +0800] "GET /xingrg/kc/buy/cgsh_order_info.html?code=212022012110377 HTTP/1.1" 200 60364
58.37.10.95 - - [21/Jan/2022:10:55:59 +0800] "GET /xingrg/javascript/easyui/themes/default/validatebox.css HTTP/1.1" 404 1104
101.85.120.86 - - [21/Jan/2022:10:55:59 +0800] "POST /xingrg/kc/buy/cgsh_list_operate.html HTTP/1.1" 200 876
180.152.99.73 - - [21/Jan/2022:10:55:59 +0800] "GET /xingrg/kc/buy/cgsh_order_info.html?code=212022012110378 HTTP/1.1" 200 60247
58.37.10.95 - - [21/Jan/2022:10:56:00 +0800] "POST /xingrg/kc/buy/cgsh_order_operate.html HTTP/1.1" 200 1193
180.152.99.73 - - [21/Jan/2022:10:56:00 +0800] "GET /xingrg/javascript/easyui/themes/default/validatebox.css HTTP/1.1" 404 1104
180.152.99.73 - - [21/Jan/2022:10:56:00 +0800] "POST /xingrg/kc/buy/cgsh_order_operate.html HTTP/1.1" 200 636
58.37.10.95 - - [21/Jan/2022:10:56:01 +0800] "GET /xingrg/kc/print/load_data.html?order_code=212022012110377&kc_code=cgsh&condition= HTTP/1.1" 200 1008
180.169.147.146 - - [21/Jan/2022:10:56:01 +0800] "GET /xingrg/all/function/internal_message.html?_=1642733758393&CODE_STATE=getMsg HTTP/1.1" 200 27
180.152.99.73 - - [21/Jan/2022:10:56:02 +0800] "GET /xingrg/kc/print/load_data.html?order_code=212022012110378&kc_code=cgsh&condition= HTTP/1.1" 200 737
116.233.73.218 - - [21/Jan/2022:10:56:02 +0800] "GET /xingrg/all/function/internal_message.html?_=1642733761344&CODE_STATE=getMsg HTTP/1.1" 200 27
101.85.120.86 - - [21/Jan/2022:10:56:05 +0800] "GET /xingrg/kc/buy/cgsh_order_add.html HTTP/1.1" 200 64533
58.37.10.95 - - [21/Jan/2022:10:56:05 +0800] "GET /xingrg/all/function/internal_message.html?_=1642733559726&CODE_STATE=getMsg HTTP/1.1" 200 27
101.85.120.86 - - [21/Jan/2022:10:56:05 +0800] "POST /xingrg/kc/buy/cgsh_order_operate.html HTTP/1.1" 200 8245
101.85.120.86 - - [21/Jan/2022:10:56:05 +0800] "GET /xingrg/javascript/easyui/themes/default/validatebox.css HTTP/1.1" 404 1104
101.85.120.86 - - [21/Jan/2022:10:56:08 +0800] "GET /xingrg/javascript/auto/indicator.gif HTTP/1.1" 404 1066
124.78.156.14 - - [21/Jan/2022:10:56:09 +0800] "GET /xingrg/all/function/internal_message.html?_=1642733768614&CODE_STATE=getMsg HTTP/1.1" 200 27
101.83.241.107 - - [21/Jan/2022:10:56:16 +0800] "GET /xingrg/kc/buy/cgsh_order_add.html HTTP/1.1" 200 65502
101.83.241.107 - - [21/Jan/2022:10:56:16 +0800] "POST /xingrg/kc/buy/cgsh_order_operate.html HTTP/1.1" 200 8245
101.83.241.107 - - [21/Jan/2022:10:56:16 +0800] "GET /xingrg/javascript/easyui/themes/default/validatebox.css HTTP/1.1" 404 1104
114.95.98.1 - - [21/Jan/2022:10:56:18 +0800] "GET /xingrg/all/function/internal_message.html?_=1642733796149&CODE_STATE=getMsg HTTP/1.1" 200 27
101.83.241.107 - - [21/Jan/2022:10:56:21 +0800] "GET /xingrg/all/function/internal_message.html?_=1642733776069&CODE_STATE=getMsg HTTP/1.1" 200 27
101.85.120.86 - - [21/Jan/2022:10:56:21 +0800] "GET /xingrg/kc/buy/cgsh_order_operate.html?command=get_materiel&rest_code=00142&code=00101008126&supplier_code=00100161&order_time=2022-01-21 HTTP/1.1" 200 412
222.70.217.149 - - [21/Jan/2022:10:56:22 +0800] "GET /xingrg/kc/buy/cgsh_order_add.html HTTP/1.1" 200 65376
222.70.217.149 - - [21/Jan/2022:10:56:22 +0800] "GET /xingrg/words/20220120171707_words.js HTTP/1.1" 304 -
222.70.217.149 - - [21/Jan/2022:10:56:22 +0800] "POST /xingrg/kc/buy/cgsh_order_operate.html HTTP/1.1" 200 8245
222.70.217.149 - - [21/Jan/2022:10:56:22 +0800] "GET /xingrg/javascript/easyui/themes/default/validatebox.css HTTP/1.1" 404 1104
222.70.243.96 - - [21/Jan/2022:10:56:25 +0800] "GET /xingrg/all/function/internal_message.html?_=1642733791886&CODE_STATE=getMsg HTTP/1.1" 200 27
180.152.99.73 - - [21/Jan/2022:10:56:28 +0800] "GET /xingrg/all/function/internal_message.html?_=1642733787882&CODE_STATE=getMsg HTTP/1.1" 200 27
222.69.132.164 - - [21/Jan/2022:10:56:30 +0800] "GET /xingrg/all/function/internal_message.html?_=1642733839645&CODE_STATE=getMsg HTTP/1.1" 200 27
222.69.132.164 - - [21/Jan/2022:10:56:30 +0800] "GET /xingrg/check_reg.html?_=1642733839648 HTTP/1.1" 200 22
180.152.99.39 - - [21/Jan/2022:10:56:30 +0800] "GET /xingrg/check_reg.html?_=1642733719852 HTTP/1.1" 200 22
222.70.217.149 - - [21/Jan/2022:10:56:30 +0800] "GET /xingrg/kc/buy/cgsh_order_operate.html?command=get_materiel&rest_code=00155&code=00101028011&supplier_code=00100017&order_time=2022-01-21 HTTP/1.1" 200 477
180.152.99.39 - - [21/Jan/2022:10:56:31 +0800] "GET /xingrg/all/function/internal_message.html?_=1642733720715&CODE_STATE=getMsg HTTP/1.1" 200 27
101.85.120.86 - - [21/Jan/2022:10:56:32 +0800] "GET /xingrg/kc/buy/cgsh_order_operate.html?command=get_materiel&rest_code=00142&code=00101008108&supplier_code=00100161&order_time=2022-01-21 HTTP/1.1" 200 412
58.39.168.32 - - [21/Jan/2022:10:56:33 +0800] "GET /xingrg/all/function/internal_message.html?_=1642733790684&CODE_STATE=getMsg HTTP/1.1" 200 27
222.70.217.149 - - [21/Jan/2022:10:56:34 +0800] "GET /xingrg/all/function/internal_message.html?_=1642733772253&CODE_STATE=getMsg HTTP/1.1" 200 27
101.85.120.86 - - [21/Jan/2022:10:56:40 +0800] "GET /xingrg/kc/buy/cgsh_order_operate.html?command=get_materiel&rest_code=00142&code=00101008368&supplier_code=00100161&order_time=2022-01-21 HTTP/1.1" 200 408
58.39.168.32 - - [21/Jan/2022:10:56:47 +0800] "GET /xingrg/all/function/internal_message.html?_=1642733804551&CODE_STATE=getMsg HTTP/1.1" 200 27
114.95.98.1 - - [21/Jan/2022:10:56:49 +0800] "GET /xingrg/all/function/internal_message.html?_=1642733810078&CODE_STATE=getMsg HTTP/1.1" 200 27
222.70.217.149 - - [21/Jan/2022:10:56:50 +0800] "GET /xingrg/kc/buy/cgsh_order_operate.html?command=get_materiel&rest_code=00155&code=00101028016&supplier_code=00100017&order_time=2022-01-21 HTTP/1.1" 200 467
180.169.147.146 - - [21/Jan/2022:10:56:51 +0800] "GET /xingrg/all/function/internal_message.html?_=1642733808450&CODE_STATE=getMsg HTTP/1.1" 200 27
101.85.120.86 - - [21/Jan/2022:10:56:56 +0800] "GET /xingrg/all/function/internal_message.html?_=1642733811530&CODE_STATE=getMsg HTTP/1.1" 200 27
124.79.247.218 - - [21/Jan/2022:10:56:56 +0800] "GET /xingrg/all/function/internal_message.html?_=1642733857761&CODE_STATE=getMsg HTTP/1.1" 200 27
124.78.156.14 - - [21/Jan/2022:10:56:58 +0800] "GET /xingrg/all/function/internal_message.html?_=1642733813652&CODE_STATE=getMsg HTTP/1.1" 200 27
124.79.247.218 - - [21/Jan/2022:10:56:58 +0800] "GET /xingrg/all/function/internal_message.html?_=1642733956103&CODE_STATE=getMsg HTTP/1.1" 200 27
180.169.147.146 - - [21/Jan/2022:10:57:01 +0800] "GET /xingrg/check_reg.html?_=1642733818394 HTTP/1.1" 200 22
180.169.147.146 - - [21/Jan/2022:10:57:01 +0800] "GET /xingrg/all/function/internal_message.html?_=1642733818395&CODE_STATE=getMsg HTTP/1.1" 200 27
101.85.120.86 - - [21/Jan/2022:10:57:01 +0800] "GET /xingrg/kc/buy/cgsh_order_operate.html?command=get_materiel&rest_code=00142&code=00101008005&supplier_code=00100161&order_time=2022-01-21 HTTP/1.1" 200 412
116.233.73.218 - - [21/Jan/2022:10:57:02 +0800] "GET /xingrg/all/function/internal_message.html?_=1642733821348&CODE_STATE=getMsg HTTP/1.1" 200 27
58.37.10.95 - - [21/Jan/2022:10:57:05 +0800] "GET /xingrg/all/function/internal_message.html?_=1642733619725&CODE_STATE=getMsg HTTP/1.1" 200 27
222.70.217.149 - - [21/Jan/2022:10:57:08 +0800] "GET /xingrg/kc/buy/cgsh_order_operate.html?command=get_materiel&rest_code=00155&code=00101027009&supplier_code=00100017&order_time=2022-01-21 HTTP/1.1" 200 459
124.78.156.14 - - [21/Jan/2022:10:57:09 +0800] "GET /xingrg/all/function/internal_message.html?_=1642733828599&CODE_STATE=getMsg HTTP/1.1" 200 27
114.95.98.1 - - [21/Jan/2022:10:57:13 +0800] "GET /xingrg/check_reg.html?_=1642733851596 HTTP/1.1" 200 22
101.85.120.86 - - [21/Jan/2022:10:57:13 +0800] "GET /xingrg/kc/buy/cgsh_order_operate.html?command=get_materiel&rest_code=00142&code=00101008261&supplier_code=00100161&order_time=2022-01-21 HTTP/1.1" 200 408
58.39.168.32 - - [21/Jan/2022:10:57:13 +0800] "GET /xingrg/kc/mdqp/qqps_order_list.html HTTP/1.1" 200 9222
58.39.168.32 - - [21/Jan/2022:10:57:13 +0800] "GET /xingrg/dwr/interface/AjaxQqpsService.js HTTP/1.1" 200 16326
58.39.168.32 - - [21/Jan/2022:10:57:13 +0800] "GET /xingrg/javascript/Calendar.js HTTP/1.1" 304 -
58.39.168.32 - - [21/Jan/2022:10:57:13 +0800] "GET /xingrg/javascript/ToolTips.js HTTP/1.1" 304 -
58.39.168.32 - - [21/Jan/2022:10:57:13 +0800] "GET /xingrg/dwr/interface/AjaxReportQueryService.js HTTP/1.1" 200 13203
58.39.168.32 - - [21/Jan/2022:10:57:13 +0800] "GET /xingrg/dwr/util.js HTTP/1.1" 200 35990
58.39.168.32 - - [21/Jan/2022:10:57:13 +0800] "GET /xingrg/dwr/engine.js HTTP/1.1" 200 43631
58.39.168.32 - - [21/Jan/2022:10:57:13 +0800] "GET /xingrg/javascript/jquery_easy_ui/themes/icons/edit_add_new.png HTTP/1.1" 304 -
58.39.168.32 - - [21/Jan/2022:10:57:13 +0800] "GET /xingrg/javascript/jquery_easy_ui/themes/icons/check_new.png HTTP/1.1" 304 -
58.39.168.32 - - [21/Jan/2022:10:57:13 +0800] "GET /xingrg/javascript/jquery_easy_ui/themes/icons/uncheck_new.png HTTP/1.1" 304 -
58.39.168.32 - - [21/Jan/2022:10:57:13 +0800] "GET /xingrg/javascript/jquery_easy_ui/themes/icons/cance_new.png HTTP/1.1" 304 -
58.39.168.32 - - [21/Jan/2022:10:57:15 +0800] "GET /xingrg/javascript/jquery_easy_ui/themes/default/images/button_plain_hover.png HTTP/1.1" 304 -
58.39.168.32 - - [21/Jan/2022:10:57:16 +0800] "GET /xingrg/kc/mdqp/qqps_order_add.html HTTP/1.1" 200 28393
58.39.168.32 - - [21/Jan/2022:10:57:16 +0800] "GET /xingrg/javascript/tools/jquery.qtip-1.0.0-rc3.min.js HTTP/1.1" 304 -
58.39.168.32 - - [21/Jan/2022:10:57:16 +0800] "GET /xingrg/javascript/AjaxInfoList.js HTTP/1.1" 304 -
58.39.168.32 - - [21/Jan/2022:10:57:16 +0800] "GET /xingrg/javascript/Grid.js HTTP/1.1" 304 -
58.39.168.32 - - [21/Jan/2022:10:57:16 +0800] "GET /xingrg/dwr/interface/AjaxComOrderService.js HTTP/1.1" 200 18264
58.39.168.32 - - [21/Jan/2022:10:57:16 +0800] "GET /xingrg/dwr/interface/AjaxQqpsService.js HTTP/1.1" 200 16326
58.39.168.32 - - [21/Jan/2022:10:57:16 +0800] "GET /xingrg/dwr/engine.js HTTP/1.1" 200 43631
58.39.168.32 - - [21/Jan/2022:10:57:16 +0800] "GET /xingrg/images/blue/button/kc_tab_add.gif HTTP/1.1" 304 -
58.39.168.32 - - [21/Jan/2022:10:57:16 +0800] "GET /xingrg/images/blue/button/kc_tab_edit.gif HTTP/1.1" 304 -
58.39.168.32 - - [21/Jan/2022:10:57:16 +0800] "GET /xingrg/images/blue/button/kc_tab_save.gif HTTP/1.1" 304 -
58.39.168.32 - - [21/Jan/2022:10:57:16 +0800] "GET /xingrg/images/blue/button/kc_tab_del.gif HTTP/1.1" 304 -
58.39.168.32 - - [21/Jan/2022:10:57:16 +0800] "GET /xingrg/javascript/jquery_easy_ui/themes/icons/template_new.png HTTP/1.1" 304 -
58.39.168.32 - - [21/Jan/2022:10:57:16 +0800] "GET /xingrg/javascript/jquery_easy_ui/themes/icons/copy_new.png HTTP/1.1" 304 -
58.39.168.32 - - [21/Jan/2022:10:57:16 +0800] "GET /xingrg/javascript/jquery_easy_ui/themes/icons/ok.png HTTP/1.1" 304 -
58.39.168.32 - - [21/Jan/2022:10:57:16 +0800] "GET /xingrg/javascript/jquery_easy_ui/themes/default/images/menu_downarrow.png HTTP/1.1" 304 -
58.39.168.32 - - [21/Jan/2022:10:57:16 +0800] "GET /xingrg/javascript/jquery_easy_ui/themes/icons/print.png HTTP/1.1" 304 -
58.39.168.32 - - [21/Jan/2022:10:57:16 +0800] "GET /xingrg/javascript/jquery_easy_ui/themes/icons/back_new.png HTTP/1.1" 304 -
58.39.168.32 - - [21/Jan/2022:10:57:16 +0800] "GET /xingrg/javascript/jquery_easy_ui/themes/default/images/combo_arrow_dot.gif HTTP/1.1" 304 -
58.39.168.32 - - [21/Jan/2022:10:57:16 +0800] "GET /xingrg/images/blue/kc_tab_mid.gif HTTP/1.1" 304 -
58.39.168.32 - - [21/Jan/2022:10:57:16 +0800] "GET /xingrg/images/blue/kc_tab2_right.gif HTTP/1.1" 304 -
