222.69.132.164 - - [21/Jan/2022:09:40:57 +0800] "GET /xingrg/images/blue/button/kc_tab_add.gif HTTP/1.1" 304 -
222.69.132.164 - - [21/Jan/2022:09:40:57 +0800] "GET /xingrg/images/blue/button/kc_tab_edit.gif HTTP/1.1" 304 -
222.69.132.164 - - [21/Jan/2022:09:40:57 +0800] "GET /xingrg/images/blue/button/kc_tab_save.gif HTTP/1.1" 304 -
222.69.132.164 - - [21/Jan/2022:09:40:57 +0800] "GET /xingrg/images/blue/button/kc_tab_del.gif HTTP/1.1" 304 -
222.69.132.164 - - [21/Jan/2022:09:40:57 +0800] "GET /xingrg/images/blue/wait.gif HTTP/1.1" 304 -
222.69.132.164 - - [21/Jan/2022:09:40:57 +0800] "POST /xingrg/dwr/call/plaincall/AjaxQqpsService.loadMaterielItems.dwr HTTP/1.1" 200 5886
180.152.99.73 - - [21/Jan/2022:09:40:58 +0800] "GET /xingrg/check_reg.html?_=1642729257247 HTTP/1.1" 200 22
180.152.99.73 - - [21/Jan/2022:09:40:58 +0800] "GET /xingrg/all/function/internal_message.html?_=1642729257252&CODE_STATE=getMsg HTTP/1.1" 200 27
222.69.132.164 - - [21/Jan/2022:09:41:00 +0800] "GET /xingrg/images/yd/bt.gif HTTP/1.1" 404 1040
222.69.132.164 - - [21/Jan/2022:09:41:01 +0800] "GET /xingrg/images/yd/bt2.gif HTTP/1.1" 404 1042
116.233.73.218 - - [21/Jan/2022:09:41:02 +0800] "GET /xingrg/all/function/internal_message.html?_=1642729261195&CODE_STATE=getMsg HTTP/1.1" 200 27
101.83.241.107 - - [21/Jan/2022:09:41:07 +0800] "POST /xingrg/kc/buy/cgsh_order_operate.html HTTP/1.1" 200 37
222.70.178.207 - - [21/Jan/2022:09:41:07 +0800] "GET /xingrg/kc/buy/cgsh_order_operate.html?command=get_materiel&rest_code=00111&code=00101015038&supplier_code=00100037&order_time=2022-01-21 HTTP/1.1" 200 418
114.95.98.1 - - [21/Jan/2022:09:41:10 +0800] "GET /xingrg/all/function/internal_message.html?_=1642729288551&CODE_STATE=getMsg HTTP/1.1" 200 27
101.83.241.107 - - [21/Jan/2022:09:41:11 +0800] "POST /xingrg/kc/buy/cgsh_order_operate.html HTTP/1.1" 200 28110
222.69.132.164 - - [21/Jan/2022:09:41:12 +0800] "GET /xingrg/javascript/auto/indicator.gif HTTP/1.1" 404 1066
222.70.178.207 - - [21/Jan/2022:09:41:15 +0800] "GET /xingrg/kc/buy/cgsh_order_operate.html?command=get_materiel&rest_code=00111&code=00101008509&supplier_code=00100037&order_time=2022-01-21 HTTP/1.1" 200 395
222.70.178.207 - - [21/Jan/2022:09:41:16 +0800] "POST /xingrg/kc/buy/cgsh_order_operate.html HTTP/1.1" 200 2065
222.69.132.164 - - [21/Jan/2022:09:41:19 +0800] "GET /xingrg/all/function/internal_message.html?_=1642729329395&CODE_STATE=getMsg HTTP/1.1" 200 27
101.83.241.107 - - [21/Jan/2022:09:41:21 +0800] "GET /xingrg/all/function/internal_message.html?_=1642729276544&CODE_STATE=getMsg HTTP/1.1" 200 27
222.70.178.207 - - [21/Jan/2022:09:41:22 +0800] "GET /xingrg/all/function/internal_message.html?_=1642729279378&CODE_STATE=getMsg HTTP/1.1" 200 27
222.70.178.207 - - [21/Jan/2022:09:41:22 +0800] "GET /xingrg/kc/buy/cgsh_order_operate.html?command=get_materiel&rest_code=00111&code=00101013039&supplier_code=00100037&order_time=2022-01-21 HTTP/1.1" 200 432
222.70.243.96 - - [21/Jan/2022:09:41:23 +0800] "GET /xingrg/all/function/internal_message.html?_=1642729289593&CODE_STATE=getMsg HTTP/1.1" 200 27
222.69.132.164 - - [21/Jan/2022:09:41:27 +0800] "POST /xingrg/dwr/call/plaincall/AjaxQqpsService.getMaterielByCode.dwr HTTP/1.1" 200 1636
222.70.178.207 - - [21/Jan/2022:09:41:30 +0800] "GET /xingrg/kc/buy/cgsh_order_operate.html?command=get_materiel&rest_code=00111&code=00101020131&supplier_code=00100037&order_time=2022-01-21 HTTP/1.1" 200 438
222.70.217.149 - - [21/Jan/2022:09:41:34 +0800] "GET /xingrg/all/function/internal_message.html?_=1642729272245&CODE_STATE=getMsg HTTP/1.1" 200 27
58.39.168.32 - - [21/Jan/2022:09:41:35 +0800] "GET /xingrg/all/function/internal_message.html?_=1642729292269&CODE_STATE=getMsg HTTP/1.1" 200 27
180.152.99.39 - - [21/Jan/2022:09:41:36 +0800] "GET /xingrg/all/function/internal_message.html?_=1642729225781&CODE_STATE=getMsg HTTP/1.1" 200 27
222.70.178.207 - - [21/Jan/2022:09:41:38 +0800] "GET /xingrg/kc/buy/cgsh_order_operate.html?command=get_materiel&rest_code=00111&code=00101009016&supplier_code=00100037&order_time=2022-01-21 HTTP/1.1" 200 414
222.69.132.164 - - [21/Jan/2022:09:41:42 +0800] "POST /xingrg/dwr/call/plaincall/AjaxQqpsService.getMaterielByCode.dwr HTTP/1.1" 200 1622
222.69.132.164 - - [21/Jan/2022:09:41:46 +0800] "POST /xingrg/dwr/call/plaincall/AjaxQqpsService.saveMaterielItem.dwr HTTP/1.1" 200 78
58.39.168.32 - - [21/Jan/2022:09:41:47 +0800] "GET /xingrg/all/function/internal_message.html?_=1642729304449&CODE_STATE=getMsg HTTP/1.1" 200 27
114.95.98.1 - - [21/Jan/2022:09:41:49 +0800] "GET /xingrg/all/function/internal_message.html?_=1642729310023&CODE_STATE=getMsg HTTP/1.1" 200 27
222.70.178.207 - - [21/Jan/2022:09:41:51 +0800] "GET /xingrg/kc/buy/cgsh_order_operate.html?command=get_materiel&rest_code=00111&code=00101009013&supplier_code=00100037&order_time=2022-01-21 HTTP/1.1" 200 421
180.152.99.73 - - [21/Jan/2022:09:41:58 +0800] "GET /xingrg/all/function/internal_message.html?_=1642729317237&CODE_STATE=getMsg HTTP/1.1" 200 27
222.70.178.207 - - [21/Jan/2022:09:42:00 +0800] "GET /xingrg/kc/buy/cgsh_order_operate.html?command=get_materiel&rest_code=00111&code=00101009007&supplier_code=00100037&order_time=2022-01-21 HTTP/1.1" 200 408
116.233.73.218 - - [21/Jan/2022:09:42:02 +0800] "GET /xingrg/all/function/internal_message.html?_=1642729321196&CODE_STATE=getMsg HTTP/1.1" 200 27
222.70.178.207 - - [21/Jan/2022:09:42:06 +0800] "POST /xingrg/kc/buy/cgsh_order_operate.html HTTP/1.1" 200 2065
114.95.98.1 - - [21/Jan/2022:09:42:10 +0800] "GET /xingrg/check_reg.html?_=1642729348487 HTTP/1.1" 200 22
114.95.98.1 - - [21/Jan/2022:09:42:10 +0800] "GET /xingrg/all/function/internal_message.html?_=1642729348566&CODE_STATE=getMsg HTTP/1.1" 200 27
222.70.178.207 - - [21/Jan/2022:09:42:11 +0800] "GET /xingrg/kc/buy/cgsh_order_operate.html?command=get_materiel&rest_code=00111&code=00101007025&supplier_code=00100037&order_time=2022-01-21 HTTP/1.1" 200 409
222.69.132.164 - - [21/Jan/2022:09:42:19 +0800] "GET /xingrg/all/function/internal_message.html?_=1642729389386&CODE_STATE=getMsg HTTP/1.1" 200 27
101.83.241.107 - - [21/Jan/2022:09:42:21 +0800] "GET /xingrg/all/function/internal_message.html?_=1642729336533&CODE_STATE=getMsg HTTP/1.1" 200 27
222.70.178.207 - - [21/Jan/2022:09:42:22 +0800] "GET /xingrg/all/function/internal_message.html?_=1642729339371&CODE_STATE=getMsg HTTP/1.1" 200 27
58.37.10.95 - - [21/Jan/2022:09:42:22 +0800] "GET /xingrg/check_reg.html?_=1642729136473 HTTP/1.1" 302 -
222.70.243.96 - - [21/Jan/2022:09:42:23 +0800] "GET /xingrg/all/function/internal_message.html?_=1642729349608&CODE_STATE=getMsg HTTP/1.1" 200 27
114.95.98.1 - - [21/Jan/2022:09:42:26 +0800] "GET /xingrg/javascript/jquery_easy_ui/themes/default/images/tabs_close.gif HTTP/1.1" 304 -
114.95.98.1 - - [21/Jan/2022:09:42:26 +0800] "GET /xingrg/css/base.css HTTP/1.1" 304 -
114.95.98.1 - - [21/Jan/2022:09:42:26 +0800] "GET /xingrg/javascript/easyui/themes/icon.css HTTP/1.1" 304 -
114.95.98.1 - - [21/Jan/2022:09:42:26 +0800] "GET /xingrg/css/site.css HTTP/1.1" 304 -
114.95.98.1 - - [21/Jan/2022:09:42:26 +0800] "GET /xingrg/javascript/jquery_tools/datebox.css HTTP/1.1" 304 -
114.95.98.1 - - [21/Jan/2022:09:42:26 +0800] "GET /xingrg/javascript/easyui/themes/default/easyui.css HTTP/1.1" 304 -
114.95.98.1 - - [21/Jan/2022:09:42:26 +0800] "GET /xingrg/javascript/auto/jquery.autocomplete.css HTTP/1.1" 304 -
114.95.98.1 - - [21/Jan/2022:09:42:26 +0800] "GET /xingrg/javascript/jquery_tools/jquery.tools.hotkey.js HTTP/1.1" 304 -
114.95.98.1 - - [21/Jan/2022:09:42:26 +0800] "GET /xingrg/javascript/jquery_tools/fix.css HTTP/1.1" 304 -
114.95.98.1 - - [21/Jan/2022:09:42:26 +0800] "GET /xingrg/javascript/jquery_tools/table.css HTTP/1.1" 304 -
114.95.98.1 - - [21/Jan/2022:09:42:26 +0800] "GET /xingrg/javascript/jquery_tools/jquery.tools.min.js HTTP/1.1" 304 -
114.95.98.1 - - [21/Jan/2022:09:42:26 +0800] "GET /xingrg/javascript/jquery_tools/jquery.tools.extend.js HTTP/1.1" 304 -
114.95.98.1 - - [21/Jan/2022:09:42:26 +0800] "GET /xingrg/javascript/jquery_tools/jquery.tools.table.js HTTP/1.1" 304 -
114.95.98.1 - - [21/Jan/2022:09:42:26 +0800] "GET /xingrg/kc/buy/cgsh_order_list.html HTTP/1.1" 200 49639
114.95.98.1 - - [21/Jan/2022:09:42:26 +0800] "GET /xingrg/javascript/jquery_tools/list_manager.js HTTP/1.1" 304 -
114.95.98.1 - - [21/Jan/2022:09:42:26 +0800] "GET /xingrg/javascript/auto/jquery.autocomplete.js HTTP/1.1" 304 -
114.95.98.1 - - [21/Jan/2022:09:42:26 +0800] "GET /xingrg/javascript/easyui/easyloader.js HTTP/1.1" 304 -
114.95.98.1 - - [21/Jan/2022:09:42:26 +0800] "GET /xingrg/javascript/jquery.cookie.js HTTP/1.1" 304 -
114.95.98.1 - - [21/Jan/2022:09:42:26 +0800] "GET /xingrg/javascript/print/LodopFuncs.js HTTP/1.1" 304 -
114.95.98.1 - - [21/Jan/2022:09:42:27 +0800] "GET /xingrg/javascript/easyui/themes/icons/edit_add_new.png HTTP/1.1" 304 -
114.95.98.1 - - [21/Jan/2022:09:42:27 +0800] "GET /xingrg/javascript/easyui/themes/icons/cance_new.png HTTP/1.1" 304 -
114.95.98.1 - - [21/Jan/2022:09:42:27 +0800] "GET /xingrg/javascript/easyui/themes/icons/check_new.png HTTP/1.1" 304 -
114.95.98.1 - - [21/Jan/2022:09:42:27 +0800] "GET /xingrg/javascript/easyui/themes/icons/field_new.png HTTP/1.1" 304 -
114.95.98.1 - - [21/Jan/2022:09:42:27 +0800] "GET /xingrg/javascript/easyui/themes/icons/import_new.png HTTP/1.1" 304 -
222.70.178.207 - - [21/Jan/2022:09:42:27 +0800] "GET /xingrg/kc/buy/cgsh_order_operate.html?command=get_materiel&rest_code=00111&code=00101009112&supplier_code=00100037&order_time=2022-01-21 HTTP/1.1" 200 411
114.95.98.1 - - [21/Jan/2022:09:42:27 +0800] "GET /xingrg/javascript/easyui/plugins/jquery.parser.js HTTP/1.1" 304 -
114.95.98.1 - - [21/Jan/2022:09:42:27 +0800] "GET /xingrg/images/control/ajaxLoader.gif HTTP/1.1" 304 -
114.95.98.1 - - [21/Jan/2022:09:42:28 +0800] "POST /xingrg/kc/buy/cgsh_list_operate.html HTTP/1.1" 200 876
222.70.217.149 - - [21/Jan/2022:09:42:34 +0800] "GET /xingrg/all/function/internal_message.html?_=1642729332264&CODE_STATE=getMsg HTTP/1.1" 200 27
58.39.168.32 - - [21/Jan/2022:09:42:35 +0800] "GET /xingrg/all/function/internal_message.html?_=1642729352247&CODE_STATE=getMsg HTTP/1.1" 200 27
180.152.99.39 - - [21/Jan/2022:09:42:36 +0800] "GET /xingrg/all/function/internal_message.html?_=1642729285917&CODE_STATE=getMsg HTTP/1.1" 200 27
222.69.132.164 - - [21/Jan/2022:09:42:45 +0800] "POST /xingrg/dwr/call/plaincall/AjaxQqpsService.getMaterielByCode.dwr HTTP/1.1" 200 1560
58.39.168.32 - - [21/Jan/2022:09:42:47 +0800] "GET /xingrg/all/function/internal_message.html?_=1642729364449&CODE_STATE=getMsg HTTP/1.1" 200 27
222.70.178.207 - - [21/Jan/2022:09:42:48 +0800] "GET /xingrg/kc/buy/cgsh_order_operate.html?command=get_materiel&rest_code=00111&code=00101012033&supplier_code=00100037&order_time=2022-01-21 HTTP/1.1" 200 426
114.95.98.1 - - [21/Jan/2022:09:42:49 +0800] "GET /xingrg/all/function/internal_message.html?_=1642729370019&CODE_STATE=getMsg HTTP/1.1" 200 27
58.39.168.32 - - [21/Jan/2022:09:42:55 +0800] "POST /xingrg/kc/buy/cgsh_order_operate.html HTTP/1.1" 200 37
222.69.132.164 - - [21/Jan/2022:09:42:56 +0800] "POST /xingrg/dwr/call/plaincall/AjaxQqpsService.saveMaterielItem.dwr HTTP/1.1" 200 78
58.39.168.32 - - [21/Jan/2022:09:42:57 +0800] "POST /xingrg/kc/buy/cgsh_order_operate.html HTTP/1.1" 200 51749
58.39.168.32 - - [21/Jan/2022:09:42:58 +0800] "GET /xingrg/kc/buy/cgsh_order_list.html HTTP/1.1" 200 49639
101.83.241.107 - - [21/Jan/2022:09:42:58 +0800] "GET /xingrg/kc/buy/cgsh_order_operate.html?command=get_materiel&rest_code=00149&code=00101008312&supplier_code=00100005&order_time=2022-01-20 HTTP/1.1" 200 412
180.152.99.73 - - [21/Jan/2022:09:42:58 +0800] "GET /xingrg/all/function/internal_message.html?_=1642729377238&CODE_STATE=getMsg HTTP/1.1" 200 27
222.69.132.164 - - [21/Jan/2022:09:42:59 +0800] "POST /xingrg/dwr/call/plaincall/AjaxQqpsService.checkOrder.dwr HTTP/1.1" 200 78
222.69.132.164 - - [21/Jan/2022:09:43:00 +0800] "GET /xingrg/kc/mdqp/qqps_order_info.html?code=302022011800474 HTTP/1.1" 200 24792
222.69.132.164 - - [21/Jan/2022:09:43:00 +0800] "GET /xingrg/dwr/interface/AjaxComOrderService.js HTTP/1.1" 200 18264
222.69.132.164 - - [21/Jan/2022:09:43:00 +0800] "GET /xingrg/dwr/interface/AjaxQqpsService.js HTTP/1.1" 200 16326
222.69.132.164 - - [21/Jan/2022:09:43:00 +0800] "GET /xingrg/dwr/engine.js HTTP/1.1" 200 43631
222.70.178.207 - - [21/Jan/2022:09:43:01 +0800] "POST /xingrg/kc/buy/cgsh_order_operate.html HTTP/1.1" 200 2065
222.69.132.164 - - [21/Jan/2022:09:43:01 +0800] "POST /xingrg/dwr/call/plaincall/AjaxQqpsService.loadMaterielItems.dwr HTTP/1.1" 200 6444
116.233.73.218 - - [21/Jan/2022:09:43:03 +0800] "GET /xingrg/all/function/internal_message.html?_=1642729382010&CODE_STATE=getMsg HTTP/1.1" 200 27
116.233.73.218 - - [21/Jan/2022:09:43:03 +0800] "GET /xingrg/check_reg.html?_=1642729382011 HTTP/1.1" 200 22
58.39.168.32 - - [21/Jan/2022:09:43:03 +0800] "POST /xingrg/kc/buy/cgsh_list_operate.html HTTP/1.1" 200 2771
114.95.98.1 - - [21/Jan/2022:09:43:10 +0800] "GET /xingrg/all/function/internal_message.html?_=1642729408582&CODE_STATE=getMsg HTTP/1.1" 200 27
58.39.168.32 - - [21/Jan/2022:09:43:15 +0800] "POST /xingrg/kc/buy/cgsh_list_operate.html HTTP/1.1" 200 428
58.39.168.32 - - [21/Jan/2022:09:43:15 +0800] "GET /xingrg/kc/buy/cgsh_order_info.html?code=212022012110334 HTTP/1.1" 200 65507
58.39.168.32 - - [21/Jan/2022:09:43:15 +0800] "GET /xingrg/words/20220120171707_words.js HTTP/1.1" 304 -
58.39.168.32 - - [21/Jan/2022:09:43:15 +0800] "GET /xingrg/javascript/easyui/themes/default/validatebox.css HTTP/1.1" 404 1104
58.39.168.32 - - [21/Jan/2022:09:43:16 +0800] "POST /xingrg/kc/buy/cgsh_order_operate.html HTTP/1.1" 200 4440
58.39.168.32 - - [21/Jan/2022:09:43:17 +0800] "GET /xingrg/kc/print/load_data.html?order_code=212022012110334&kc_code=cgsh&condition= HTTP/1.1" 200 1359
180.169.147.146 - - [21/Jan/2022:09:43:19 +0800] "GET /xingrg/index.html?sysBaseUrl=http%3A%2F%2F180.169.147.146%3A18081%2Fxingrg%2F&costTime=39×tamp=1592034574635 HTTP/1.1" 302 -
180.169.147.146 - - [21/Jan/2022:09:43:19 +0800] "GET /xingrg/login.html HTTP/1.1" 200 7641
222.69.132.164 - - [21/Jan/2022:09:43:19 +0800] "GET /xingrg/all/function/internal_message.html?_=1642729449401&CODE_STATE=getMsg HTTP/1.1" 200 27
180.169.147.146 - - [21/Jan/2022:09:43:20 +0800] "GET /favicon.ico HTTP/1.1" 404 -
180.169.147.146 - - [21/Jan/2022:09:43:21 +0800] "POST /xingrg/login.do HTTP/1.1" 302 -
180.169.147.146 - - [21/Jan/2022:09:43:21 +0800] "GET /xingrg/index.html?sysBaseUrl=http%3A%2F%2F180.169.147.146%3A18081%2Fxingrg%2F&costTime=43×tamp=1642729401184 HTTP/1.1" 200 17503
180.169.147.146 - - [21/Jan/2022:09:43:21 +0800] "GET /favicon.ico HTTP/1.1" 404 -
180.169.147.146 - - [21/Jan/2022:09:43:21 +0800] "POST /xingrg/all/common/load_tree.html?tree=area_rest_tree_json&manage=1 HTTP/1.1" 200 3472
180.169.147.146 - - [21/Jan/2022:09:43:21 +0800] "GET /xingrg/all/function/internal_message.html?_=1642729398539&CODE_STATE=count HTTP/1.1" 200 11
180.169.147.146 - - [21/Jan/2022:09:43:21 +0800] "GET /xingrg/check_reg.html?_=1642729398540 HTTP/1.1" 200 22
180.169.147.146 - - [21/Jan/2022:09:43:21 +0800] "POST /xingrg/load_menu.html HTTP/1.1" 200 11564
101.83.241.107 - - [21/Jan/2022:09:43:21 +0800] "GET /xingrg/all/function/internal_message.html?_=1642729396538&CODE_STATE=getMsg HTTP/1.1" 200 27
101.83.241.107 - - [21/Jan/2022:09:43:21 +0800] "GET /xingrg/check_reg.html?_=1642729396567 HTTP/1.1" 200 22
222.70.178.207 - - [21/Jan/2022:09:43:22 +0800] "GET /xingrg/check_reg.html?_=1642729399374 HTTP/1.1" 200 22
222.70.178.207 - - [21/Jan/2022:09:43:22 +0800] "GET /xingrg/all/function/internal_message.html?_=1642729399376&CODE_STATE=getMsg HTTP/1.1" 200 27
222.70.178.207 - - [21/Jan/2022:09:43:22 +0800] "GET /xingrg/kc/buy/cgsh_order_operate.html?command=get_materiel&rest_code=00111&code=00101019380&supplier_code=00100037&order_time=2022-01-21 HTTP/1.1" 200 476
222.70.243.96 - - [21/Jan/2022:09:43:23 +0800] "GET /xingrg/check_reg.html?_=1642729409289 HTTP/1.1" 200 22
222.70.243.96 - - [21/Jan/2022:09:43:23 +0800] "GET /xingrg/all/function/internal_message.html?_=1642729409620&CODE_STATE=getMsg HTTP/1.1" 200 27
101.83.241.107 - - [21/Jan/2022:09:43:25 +0800] "GET /xingrg/kc/buy/cgsh_order_operate.html?command=get_materiel&rest_code=00149&code=00101008357&supplier_code=00100005&order_time=2022-01-20 HTTP/1.1" 200 408
116.233.73.218 - - [21/Jan/2022:09:43:26 +0800] "GET /xingrg/kc/buy/cgsh_order_add.html HTTP/1.1" 200 65490
116.233.73.218 - - [21/Jan/2022:09:43:26 +0800] "POST /xingrg/kc/buy/cgsh_order_operate.html HTTP/1.1" 200 8245
116.233.73.218 - - [21/Jan/2022:09:43:26 +0800] "GET /xingrg/all/common/auto_word.html?type=employee&rest_code=00109 HTTP/1.1" 200 255
116.233.73.218 - - [21/Jan/2022:09:43:26 +0800] "GET /xingrg/all/common/auto_word.html?type=employee&rest_code=00109 HTTP/1.1" 200 255
116.233.73.218 - - [21/Jan/2022:09:43:26 +0800] "GET /xingrg/javascript/easyui/themes/default/validatebox.css HTTP/1.1" 404 1104
114.95.98.1 - - [21/Jan/2022:09:43:30 +0800] "GET /xingrg/javascript/easyui/themes/default/images/button_plain_hover.png HTTP/1.1" 304 -
114.95.98.1 - - [21/Jan/2022:09:43:31 +0800] "GET /xingrg/javascript/convert.js HTTP/1.1" 304 -
114.95.98.1 - - [21/Jan/2022:09:43:31 +0800] "GET /xingrg/javascript/pic_change.js HTTP/1.1" 304 -
114.95.98.1 - - [21/Jan/2022:09:43:31 +0800] "GET /xingrg/javascript/jquery_tools/order_manager.js HTTP/1.1" 304 -
114.95.98.1 - - [21/Jan/2022:09:43:31 +0800] "GET /xingrg/kc/buy/cgsh_order_add.html HTTP/1.1" 200 65408
114.95.98.1 - - [21/Jan/2022:09:43:31 +0800] "GET /xingrg/javascript/json2.js HTTP/1.1" 304 -
114.95.98.1 - - [21/Jan/2022:09:43:31 +0800] "GET /xingrg/javascript/print/kc_print.js HTTP/1.1" 304 -
114.95.98.1 - - [21/Jan/2022:09:43:31 +0800] "GET /xingrg/words/20220120171707_words.js HTTP/1.1" 200 884302
114.95.98.1 - - [21/Jan/2022:09:43:31 +0800] "GET /xingrg/javascript/easyui/themes/icons/copy_new.png HTTP/1.1" 200 815
114.95.98.1 - - [21/Jan/2022:09:43:31 +0800] "GET /xingrg/javascript/easyui/themes/icons/template_new.png HTTP/1.1" 304 -
114.95.98.1 - - [21/Jan/2022:09:43:31 +0800] "GET /xingrg/javascript/easyui/themes/icons/ok.png HTTP/1.1" 304 -
114.95.98.1 - - [21/Jan/2022:09:43:31 +0800] "GET /xingrg/javascript/easyui/themes/icons/print.png HTTP/1.1" 304 -
114.95.98.1 - - [21/Jan/2022:09:43:31 +0800] "GET /xingrg/javascript/easyui/themes/default/images/menu_downarrow.png HTTP/1.1" 304 -
114.95.98.1 - - [21/Jan/2022:09:43:31 +0800] "GET /xingrg/javascript/easyui/themes/icons/cancel.png HTTP/1.1" 304 -
180.169.147.146 - - [21/Jan/2022:09:43:32 +0800] "POST /xingrg/all/user/operate.html HTTP/1.1" 200 36
180.169.147.146 - - [21/Jan/2022:09:43:32 +0800] "GET /xingrg/index.html?sysBaseUrl=http%3A%2F%2F180.169.147.146%3A18081%2Fxingrg%2F&costTime=43×tamp=1642729401184 HTTP/1.1" 200 17509
180.169.147.146 - - [21/Jan/2022:09:43:32 +0800] "GET /xingrg/javascript/jquery_easy_ui/themes/default/easyui.css HTTP/1.1" 304 -
180.169.147.146 - - [21/Jan/2022:09:43:32 +0800] "GET /xingrg/javascript/jquery_easy_ui/themes/icon.css HTTP/1.1" 304 -
180.169.147.146 - - [21/Jan/2022:09:43:32 +0800] "GET /xingrg/css/form.css HTTP/1.1" 304 -
180.169.147.146 - - [21/Jan/2022:09:43:32 +0800] "GET /xingrg/javascript/jquery-1.4.2.min.js HTTP/1.1" 304 -
180.169.147.146 - - [21/Jan/2022:09:43:32 +0800] "GET /xingrg/javascript/jquery_easy_ui/jquery.easyui.min.js HTTP/1.1" 304 -
180.169.147.146 - - [21/Jan/2022:09:43:32 +0800] "GET /xingrg/javascript/jquery_easy_ui/easyui-lang-zh_CN.js HTTP/1.1" 304 -
180.169.147.146 - - [21/Jan/2022:09:43:32 +0800] "GET /xingrg/javascript/jquery.form.js HTTP/1.1" 304 -
180.169.147.146 - - [21/Jan/2022:09:43:32 +0800] "GET /xingrg/javascript/jquery.utils.js HTTP/1.1" 304 -
180.169.147.146 - - [21/Jan/2022:09:43:32 +0800] "GET /xingrg/javascript/jquery.timers.js HTTP/1.1" 304 -
180.169.147.146 - - [21/Jan/2022:09:43:32 +0800] "GET /xingrg/images/blue/jxLogo.png HTTP/1.1" 304 -
180.169.147.146 - - [21/Jan/2022:09:43:32 +0800] "GET /xingrg/javascript/jquery_easy_ui/themes/icons/settle_new.png HTTP/1.1" 304 -
180.169.147.146 - - [21/Jan/2022:09:43:32 +0800] "GET /xingrg/images/blue/navBackgound.jpg HTTP/1.1" 304 -
180.169.147.146 - - [21/Jan/2022:09:43:32 +0800] "POST /xingrg/all/common/load_tree.html?tree=area_rest_tree_json&manage=1 HTTP/1.1" 200 3472
180.169.147.146 - - [21/Jan/2022:09:43:32 +0800] "GET /xingrg/all/function/internal_message.html?_=1642729409735&CODE_STATE=count HTTP/1.1" 200 11
180.169.147.146 - - [21/Jan/2022:09:43:32 +0800] "GET /xingrg/javascript/jquery_easy_ui/themes/default/images/tabs_rightarrow.png HTTP/1.1" 304 -
180.169.147.146 - - [21/Jan/2022:09:43:32 +0800] "GET /xingrg/check_reg.html?_=1642729409737 HTTP/1.1" 200 22
180.169.147.146 - - [21/Jan/2022:09:43:32 +0800] "GET /xingrg/javascript/jquery_easy_ui/themes/default/images/panel_tool_collapse.gif HTTP/1.1" 304 -
180.169.147.146 - - [21/Jan/2022:09:43:32 +0800] "GET /xingrg/javascript/jquery_easy_ui/themes/default/images/panel_tool_expand.gif HTTP/1.1" 304 -
180.169.147.146 - - [21/Jan/2022:09:43:32 +0800] "GET /xingrg/javascript/jquery_easy_ui/themes/default/images/tabs_leftarrow.png HTTP/1.1" 304 -
180.169.147.146 - - [21/Jan/2022:09:43:32 +0800] "GET /xingrg/images/blue/pingpu.png HTTP/1.1" 304 -
180.169.147.146 - - [21/Jan/2022:09:43:32 +0800] "POST /xingrg/load_menu.html HTTP/1.1" 200 9959
114.95.98.1 - - [21/Jan/2022:09:43:33 +0800] "POST /xingrg/kc/buy/cgsh_order_operate.html HTTP/1.1" 200 8245
114.95.98.1 - - [21/Jan/2022:09:43:33 +0800] "GET /xingrg/javascript/easyui/themes/icons/edit_remove.png HTTP/1.1" 304 -
114.95.98.1 - - [21/Jan/2022:09:43:33 +0800] "GET /xingrg/all/common/auto_word.html?type=employee&rest_code=00102 HTTP/1.1" 200 189
114.95.98.1 - - [21/Jan/2022:09:43:33 +0800] "GET /xingrg/all/common/auto_word.html?type=employee&rest_code=00102 HTTP/1.1" 200 189
114.95.98.1 - - [21/Jan/2022:09:43:33 +0800] "GET /xingrg/javascript/easyui/themes/default/validatebox.css HTTP/1.1" 404 1104
114.95.98.1 - - [21/Jan/2022:09:43:33 +0800] "GET /xingrg/javascript/easyui/plugins/jquery.validatebox.js HTTP/1.1" 304 -
114.95.98.1 - - [21/Jan/2022:09:43:33 +0800] "GET /xingrg/javascript/easyui/plugins/jquery.numberbox.js HTTP/1.1" 304 -
222.70.217.149 - - [21/Jan/2022:09:43:34 +0800] "GET /xingrg/all/function/internal_message.html?_=1642729392256&CODE_STATE=getMsg HTTP/1.1" 200 27
114.95.98.1 - - [21/Jan/2022:09:43:34 +0800] "GET /xingrg/javascript/auto/indicator.gif HTTP/1.1" 404 1066
180.169.147.146 - - [21/Jan/2022:09:43:34 +0800] "GET /xingrg/kc/buy/cgsh_order_list.html HTTP/1.1" 200 49900
58.39.168.32 - - [21/Jan/2022:09:43:34 +0800] "GET /xingrg/all/function/internal_message.html?_=1642729412235&CODE_STATE=getMsg HTTP/1.1" 200 27
180.169.147.146 - - [21/Jan/2022:09:43:35 +0800] "POST /xingrg/kc/buy/cgsh_list_operate.html HTTP/1.1" 200 876
180.152.99.39 - - [21/Jan/2022:09:43:36 +0800] "GET /xingrg/all/function/internal_message.html?_=1642729345932&CODE_STATE=getMsg HTTP/1.1" 200 27
180.169.147.146 - - [21/Jan/2022:09:43:40 +0800] "GET /xingrg/javascript/jquery_tools/images/next.gif HTTP/1.1" 404 1086
180.169.147.146 - - [21/Jan/2022:09:43:40 +0800] "GET /xingrg/javascript/jquery_tools/images/prev.gif HTTP/1.1" 404 1086
222.70.178.207 - - [21/Jan/2022:09:43:45 +0800] "POST /xingrg/kc/buy/cgsh_order_operate.html HTTP/1.1" 200 37
222.70.178.207 - - [21/Jan/2022:09:43:46 +0800] "POST /xingrg/kc/buy/cgsh_order_operate.html HTTP/1.1" 200 18691
58.39.168.32 - - [21/Jan/2022:09:43:47 +0800] "GET /xingrg/all/function/internal_message.html?_=1642729424449&CODE_STATE=getMsg HTTP/1.1" 200 27
180.169.147.146 - - [21/Jan/2022:09:43:47 +0800] "POST /xingrg/kc/buy/cgsh_list_operate.html HTTP/1.1" 200 2839
222.70.178.207 - - [21/Jan/2022:09:43:48 +0800] "GET /xingrg/kc/print/load_config.html?kc_code=cgsh HTTP/1.1" 200 1943
222.70.178.207 - - [21/Jan/2022:09:43:48 +0800] "GET /xingrg/kc/print/load_data.html?order_code=212022012110353&kc_code=cgsh&condition= HTTP/1.1" 200 6807
101.83.241.107 - - [21/Jan/2022:09:43:49 +0800] "GET /xingrg/kc/buy/cgsh_order_operate.html?command=get_materiel&rest_code=00149&code=00101008069&supplier_code=00100005&order_time=2022-01-20 HTTP/1.1" 200 412
114.95.98.1 - - [21/Jan/2022:09:43:49 +0800] "GET /xingrg/all/function/internal_message.html?_=1642729430021&CODE_STATE=getMsg HTTP/1.1" 200 27
114.95.98.1 - - [21/Jan/2022:09:43:49 +0800] "GET /xingrg/check_reg.html?_=1642729430025 HTTP/1.1" 200 22
101.83.241.107 - - [21/Jan/2022:09:43:56 +0800] "POST /xingrg/kc/buy/cgsh_order_operate.html HTTP/1.1" 200 2065
180.152.99.73 - - [21/Jan/2022:09:43:58 +0800] "GET /xingrg/all/function/internal_message.html?_=1642729437239&CODE_STATE=getMsg HTTP/1.1" 200 27
180.169.147.146 - - [21/Jan/2022:09:43:59 +0800] "POST /xingrg/kc/buy/cgsh_list_operate.html HTTP/1.1" 200 282
180.169.147.146 - - [21/Jan/2022:09:44:00 +0800] "GET /xingrg/kc/buy/cgsh_order_info.html?code=212022011909721 HTTP/1.1" 200 59733
180.169.147.146 - - [21/Jan/2022:09:44:00 +0800] "GET /xingrg/words/20220120171707_words.js HTTP/1.1" 200 884302
180.169.147.146 - - [21/Jan/2022:09:44:00 +0800] "GET /xingrg/javascript/easyui/themes/default/validatebox.css HTTP/1.1" 404 1104
180.169.147.146 - - [21/Jan/2022:09:44:01 +0800] "POST /xingrg/kc/buy/cgsh_order_operate.html HTTP/1.1" 200 1209
114.95.98.1 - - [21/Jan/2022:09:44:01 +0800] "GET /xingrg/kc/mdqp/pssh_order_list.html HTTP/1.1" 200 17741
114.95.98.1 - - [21/Jan/2022:09:44:01 +0800] "POST /xingrg/kc/mdqp/pssh_list_operate.html HTTP/1.1" 200 5139
58.39.168.32 - - [21/Jan/2022:09:44:02 +0800] "GET /xingrg/kc/buy/cgsh_order_list.html HTTP/1.1" 200 49639
116.233.73.218 - - [21/Jan/2022:09:44:02 +0800] "GET /xingrg/all/function/internal_message.html?_=1642729441199&CODE_STATE=getMsg HTTP/1.1" 200 27
101.83.241.107 - - [21/Jan/2022:09:44:02 +0800] "GET /xingrg/kc/buy/cgsh_order_operate.html?command=get_materiel&rest_code=00149&code=00101008286&supplier_code=00100005&order_time=2022-01-20 HTTP/1.1" 200 427
58.37.10.95 - - [21/Jan/2022:09:44:04 +0800] "GET /xingrg/kc/buy/buy_main.html HTTP/1.1" 302 -
58.37.10.95 - - [21/Jan/2022:09:44:04 +0800] "GET /xingrg/login.html HTTP/1.1" 200 7641
58.37.10.95 - - [21/Jan/2022:09:44:04 +0800] "GET /xingrg/login.html HTTP/1.1" 200 7641
58.37.10.95 - - [21/Jan/2022:09:44:04 +0800] "GET /favicon.ico HTTP/1.1" 404 -
180.169.147.146 - - [21/Jan/2022:09:44:04 +0800] "POST /xingrg/kc/buy/cgsh_order_operate.html HTTP/1.1" 200 12
58.37.10.95 - - [21/Jan/2022:09:44:05 +0800] "POST /xingrg/login.do HTTP/1.1" 302 -
58.37.10.95 - - [21/Jan/2022:09:44:05 +0800] "GET /xingrg/index.html?sysBaseUrl=http%3A%2F%2F180.169.147.146%3A18081%2Fxingrg%2F&costTime=39×tamp=1642729445258 HTTP/1.1" 200 17179
58.37.10.95 - - [21/Jan/2022:09:44:05 +0800] "GET /favicon.ico HTTP/1.1" 404 -
58.37.10.95 - - [21/Jan/2022:09:44:05 +0800] "POST /xingrg/all/common/load_tree.html?tree=area_rest_tree_json&manage=1 HTTP/1.1" 200 351
58.37.10.95 - - [21/Jan/2022:09:44:05 +0800] "GET /xingrg/check_reg.html?_=1642729239552 HTTP/1.1" 200 22
58.37.10.95 - - [21/Jan/2022:09:44:05 +0800] "GET /xingrg/all/function/internal_message.html?_=1642729239551&CODE_STATE=count HTTP/1.1" 200 11
58.37.10.95 - - [21/Jan/2022:09:44:05 +0800] "POST /xingrg/load_menu.html HTTP/1.1" 200 5138
180.169.147.146 - - [21/Jan/2022:09:44:05 +0800] "GET /xingrg/kc/buy/cgsh_order_info.html?code=212022011909721 HTTP/1.1" 200 64576
180.169.147.146 - - [21/Jan/2022:09:44:05 +0800] "GET /xingrg/all/common/auto_word.html?type=employee&rest_code=00154 HTTP/1.1" 200 101
180.169.147.146 - - [21/Jan/2022:09:44:05 +0800] "GET /xingrg/javascript/easyui/themes/default/validatebox.css HTTP/1.1" 404 1104
180.169.147.146 - - [21/Jan/2022:09:44:05 +0800] "GET /xingrg/all/common/auto_word.html?type=employee&rest_code=00154 HTTP/1.1" 200 101
180.169.147.146 - - [21/Jan/2022:09:44:06 +0800] "POST /xingrg/kc/buy/cgsh_order_operate.html HTTP/1.1" 200 3259
58.39.168.32 - - [21/Jan/2022:09:44:07 +0800] "POST /xingrg/kc/buy/cgsh_list_operate.html HTTP/1.1" 200 2771
58.39.168.32 - - [21/Jan/2022:09:44:10 +0800] "POST /xingrg/kc/buy/cgsh_list_operate.html HTTP/1.1" 200 573
114.95.98.1 - - [21/Jan/2022:09:44:10 +0800] "GET /xingrg/all/function/internal_message.html?_=1642729468612&CODE_STATE=getMsg HTTP/1.1" 200 27
58.39.168.32 - - [21/Jan/2022:09:44:11 +0800] "GET /xingrg/kc/buy/cgsh_order_info.html?code=212022012110331 HTTP/1.1" 200 65499
58.39.168.32 - - [21/Jan/2022:09:44:11 +0800] "GET /xingrg/javascript/easyui/themes/default/validatebox.css HTTP/1.1" 404 1104
58.39.168.32 - - [21/Jan/2022:09:44:12 +0800] "POST /xingrg/kc/buy/cgsh_order_operate.html HTTP/1.1" 200 51749
101.83.241.107 - - [21/Jan/2022:09:44:13 +0800] "GET /xingrg/kc/buy/cgsh_order_operate.html?command=get_materiel&rest_code=00149&code=00101008036&supplier_code=00100005&order_time=2022-01-20 HTTP/1.1" 200 408
58.37.10.95 - - [21/Jan/2022:09:44:18 +0800] "GET /xingrg/kc/buy/buy_main.html HTTP/1.1" 200 12412
58.37.10.95 - - [21/Jan/2022:09:44:18 +0800] "GET /xingrg/css/new_ie.css HTTP/1.1" 404 1036
58.37.10.95 - - [21/Jan/2022:09:44:19 +0800] "GET /xingrg/images/yd/bt.gif HTTP/1.1" 404 1040
222.69.132.164 - - [21/Jan/2022:09:44:19 +0800] "GET /xingrg/all/function/internal_message.html?_=1642729509393&CODE_STATE=getMsg HTTP/1.1" 200 27
58.37.10.95 - - [21/Jan/2022:09:44:20 +0800] "GET /xingrg/kc/buy/cgsh_order_list.html HTTP/1.1" 200 49645
58.37.10.95 - - [21/Jan/2022:09:44:21 +0800] "POST /xingrg/kc/buy/cgsh_list_operate.html HTTP/1.1" 200 876
101.83.241.107 - - [21/Jan/2022:09:44:21 +0800] "GET /xingrg/all/function/internal_message.html?_=1642729456585&CODE_STATE=getMsg HTTP/1.1" 200 27
58.37.10.95 - - [21/Jan/2022:09:44:22 +0800] "GET /xingrg/kc/buy/cgsh_order_add.html HTTP/1.1" 200 65455
222.70.178.207 - - [21/Jan/2022:09:44:22 +0800] "GET /xingrg/all/function/internal_message.html?_=1642729459381&CODE_STATE=getMsg HTTP/1.1" 200 27
58.37.10.95 - - [21/Jan/2022:09:44:22 +0800] "GET /xingrg/words/20220120171707_words.js HTTP/1.1" 304 -
58.37.10.95 - - [21/Jan/2022:09:44:22 +0800] "POST /xingrg/kc/buy/cgsh_order_operate.html HTTP/1.1" 200 8245
58.37.10.95 - - [21/Jan/2022:09:44:22 +0800] "GET /xingrg/all/common/auto_word.html?type=employee&rest_code=00141 HTTP/1.1" 200 201
58.37.10.95 - - [21/Jan/2022:09:44:22 +0800] "GET /xingrg/javascript/easyui/themes/default/validatebox.css HTTP/1.1" 404 1104
58.37.10.95 - - [21/Jan/2022:09:44:22 +0800] "GET /xingrg/all/common/auto_word.html?type=employee&rest_code=00141 HTTP/1.1" 200 201
222.70.243.96 - - [21/Jan/2022:09:44:23 +0800] "GET /xingrg/all/function/internal_message.html?_=1642729469634&CODE_STATE=getMsg HTTP/1.1" 200 27
180.152.99.39 - - [21/Jan/2022:09:44:28 +0800] "POST /xingrg/kc/buy/cgsh_order_operate.html HTTP/1.1" 200 37
180.152.99.39 - - [21/Jan/2022:09:44:32 +0800] "POST /xingrg/kc/buy/cgsh_order_operate.html HTTP/1.1" 200 12
180.169.147.146 - - [21/Jan/2022:09:44:32 +0800] "GET /xingrg/all/function/internal_message.html?_=1642729469744&CODE_STATE=getMsg HTTP/1.1" 200 27
222.70.217.149 - - [21/Jan/2022:09:44:34 +0800] "GET /xingrg/all/function/internal_message.html?_=1642729452253&CODE_STATE=getMsg HTTP/1.1" 200 27
58.39.168.32 - - [21/Jan/2022:09:44:34 +0800] "GET /xingrg/all/function/internal_message.html?_=1642729472226&CODE_STATE=getMsg HTTP/1.1" 200 27
180.157.251.97 - - [21/Jan/2022:09:44:37 +0800] "GET /xingrg/check_reg.html?_=1642729475889 HTTP/1.1" 302 -
180.152.99.39 - - [21/Jan/2022:09:44:37 +0800] "GET /xingrg/kc/buy/cgsh_order_info.html?code=212022012110337 HTTP/1.1" 200 60257
180.152.99.39 - - [21/Jan/2022:09:44:37 +0800] "GET /xingrg/javascript/easyui/themes/default/validatebox.css HTTP/1.1" 404 1104
180.152.99.39 - - [21/Jan/2022:09:44:38 +0800] "GET /xingrg/check_reg.html?_=1642729408114 HTTP/1.1" 200 22
180.152.99.39 - - [21/Jan/2022:09:44:38 +0800] "GET /xingrg/all/function/internal_message.html?_=1642729408117&CODE_STATE=getMsg HTTP/1.1" 200 27
180.152.99.39 - - [21/Jan/2022:09:44:38 +0800] "POST /xingrg/kc/buy/cgsh_order_operate.html HTTP/1.1" 200 31959
58.37.10.95 - - [21/Jan/2022:09:44:45 +0800] "GET /xingrg/javascript/auto/indicator.gif HTTP/1.1" 404 1066
58.39.168.32 - - [21/Jan/2022:09:44:47 +0800] "GET /xingrg/check_reg.html?_=1642729484450 HTTP/1.1" 200 22
58.39.168.32 - - [21/Jan/2022:09:44:47 +0800] "GET /xingrg/all/function/internal_message.html?_=1642729484453&CODE_STATE=getMsg HTTP/1.1" 200 27
114.95.98.1 - - [21/Jan/2022:09:44:47 +0800] "GET /xingrg/kc/buy/cgsh_order_operate.html?command=get_materiel&rest_code=00102&code=00101007077&supplier_code=00100096&order_time=2022-01-21 HTTP/1.1" 200 415
180.152.99.39 - - [21/Jan/2022:09:44:48 +0800] "GET /xingrg/kc/print/load_config.html?kc_code=cgsh HTTP/1.1" 200 1943
180.152.99.39 - - [21/Jan/2022:09:44:49 +0800] "GET /xingrg/kc/print/load_data.html?order_code=212022012110337&kc_code=cgsh&condition= HTTP/1.1" 200 12645
58.37.10.95 - - [21/Jan/2022:09:44:49 +0800] "GET /xingrg/javascript/jquery_tools/images/prev.gif HTTP/1.1" 404 1086
58.37.10.95 - - [21/Jan/2022:09:44:49 +0800] "GET /xingrg/javascript/jquery_tools/images/next.gif HTTP/1.1" 404 1086
114.95.98.1 - - [21/Jan/2022:09:44:49 +0800] "GET /xingrg/all/function/internal_message.html?_=1642729490034&CODE_STATE=getMsg HTTP/1.1" 200 27
101.83.241.107 - - [21/Jan/2022:09:44:53 +0800] "GET /xingrg/kc/buy/cgsh_order_operate.html?command=get_materiel&rest_code=00149&code=00101008131&supplier_code=00100005&order_time=2022-01-20 HTTP/1.1" 200 408
180.152.99.73 - - [21/Jan/2022:09:44:58 +0800] "GET /xingrg/all/function/internal_message.html?_=1642729497250&CODE_STATE=getMsg HTTP/1.1" 200 27
180.152.99.39 - - [21/Jan/2022:09:44:59 +0800] "POST /xingrg/kc/buy/cgsh_list_operate.html HTTP/1.1" 200 1691
114.95.98.1 - - [21/Jan/2022:09:45:00 +0800] "GET /xingrg/kc/buy/cgsh_order_operate.html?command=get_materiel&rest_code=00102&code=00101007001&supplier_code=00100096&order_time=2022-01-21 HTTP/1.1" 200 409
116.233.73.218 - - [21/Jan/2022:09:45:02 +0800] "GET /xingrg/all/function/internal_message.html?_=1642729501200&CODE_STATE=getMsg HTTP/1.1" 200 27
101.83.241.107 - - [21/Jan/2022:09:45:03 +0800] "GET /xingrg/kc/buy/cgsh_order_operate.html?command=get_materiel&rest_code=00149&code=00101008296&supplier_code=00100005&order_time=2022-01-20 HTTP/1.1" 200 416
180.152.99.39 - - [21/Jan/2022:09:45:03 +0800] "POST /xingrg/kc/buy/cgsh_list_operate.html HTTP/1.1" 200 575
180.152.99.39 - - [21/Jan/2022:09:45:04 +0800] "GET /xingrg/kc/buy/cgsh_order_info.html?code=212022012110349 HTTP/1.1" 200 65341
180.152.99.39 - - [21/Jan/2022:09:45:04 +0800] "GET /xingrg/javascript/easyui/themes/default/validatebox.css HTTP/1.1" 404 1104
180.152.99.39 - - [21/Jan/2022:09:45:05 +0800] "POST /xingrg/kc/buy/cgsh_order_operate.html HTTP/1.1" 200 6802
58.37.10.95 - - [21/Jan/2022:09:45:05 +0800] "GET /xingrg/all/function/internal_message.html?_=1642729299562&CODE_STATE=getMsg HTTP/1.1" 200 27
101.83.241.107 - - [21/Jan/2022:09:45:07 +0800] "POST /xingrg/kc/buy/cgsh_order_operate.html HTTP/1.1" 200 2065
114.95.98.1 - - [21/Jan/2022:09:45:10 +0800] "GET /xingrg/all/function/internal_message.html?_=1642729528621&CODE_STATE=getMsg HTTP/1.1" 200 27
180.152.99.39 - - [21/Jan/2022:09:45:10 +0800] "POST /xingrg/kc/buy/cgsh_order_operate.html HTTP/1.1" 200 37
180.152.99.39 - - [21/Jan/2022:09:45:14 +0800] "POST /xingrg/kc/buy/cgsh_order_operate.html HTTP/1.1" 200 12
180.152.99.39 - - [21/Jan/2022:09:45:15 +0800] "GET /xingrg/kc/buy/cgsh_order_info.html?code=212022012110349 HTTP/1.1" 200 60245
180.152.99.39 - - [21/Jan/2022:09:45:15 +0800] "GET /xingrg/javascript/easyui/themes/default/validatebox.css HTTP/1.1" 404 1104
222.69.132.164 - - [21/Jan/2022:09:45:19 +0800] "GET /xingrg/check_reg.html?_=1642729569385 HTTP/1.1" 200 22
222.69.132.164 - - [21/Jan/2022:09:45:19 +0800] "GET /xingrg/all/function/internal_message.html?_=1642729569387&CODE_STATE=getMsg HTTP/1.1" 200 27
101.83.241.107 - - [21/Jan/2022:09:45:20 +0800] "POST /xingrg/kc/buy/cgsh_order_operate.html HTTP/1.1" 200 37
180.152.99.39 - - [21/Jan/2022:09:45:21 +0800] "POST /xingrg/kc/buy/cgsh_order_operate.html HTTP/1.1" 200 9508
222.70.178.207 - - [21/Jan/2022:09:45:22 +0800] "GET /xingrg/all/function/internal_message.html?_=1642729519373&CODE_STATE=getMsg HTTP/1.1" 200 27
114.95.98.1 - - [21/Jan/2022:09:45:23 +0800] "GET /xingrg/kc/buy/cgsh_order_operate.html?command=get_materiel&rest_code=00102&code=00101006129&supplier_code=00100096&order_time=2022-01-21 HTTP/1.1" 200 450
222.70.243.96 - - [21/Jan/2022:09:45:23 +0800] "GET /xingrg/all/function/internal_message.html?_=1642729529648&CODE_STATE=getMsg HTTP/1.1" 200 27
101.83.241.107 - - [21/Jan/2022:09:45:26 +0800] "POST /xingrg/kc/buy/cgsh_order_operate.html HTTP/1.1" 200 33435
180.152.99.39 - - [21/Jan/2022:09:45:31 +0800] "POST /xingrg/kc/buy/cgsh_order_operate.html HTTP/1.1" 200 12
180.152.99.39 - - [21/Jan/2022:09:45:32 +0800] "GET /xingrg/kc/buy/cgsh_order_info.html?code=212022012110349 HTTP/1.1" 200 65341
180.152.99.39 - - [21/Jan/2022:09:45:32 +0800] "GET /xingrg/javascript/easyui/themes/default/validatebox.css HTTP/1.1" 404 1104
180.169.147.146 - - [21/Jan/2022:09:45:32 +0800] "GET /xingrg/all/function/internal_message.html?_=1642729529760&CODE_STATE=getMsg HTTP/1.1" 200 27
180.152.99.39 - - [21/Jan/2022:09:45:33 +0800] "POST /xingrg/kc/buy/cgsh_order_operate.html HTTP/1.1" 200 6802
222.70.217.149 - - [21/Jan/2022:09:45:34 +0800] "GET /xingrg/check_reg.html?_=1642729512242 HTTP/1.1" 200 22
222.70.217.149 - - [21/Jan/2022:09:45:34 +0800] "GET /xingrg/all/function/internal_message.html?_=1642729512248&CODE_STATE=getMsg HTTP/1.1" 200 27
58.39.168.32 - - [21/Jan/2022:09:45:34 +0800] "GET /xingrg/all/function/internal_message.html?_=1642729532197&CODE_STATE=getMsg HTTP/1.1" 200 27
58.39.168.32 - - [21/Jan/2022:09:45:35 +0800] "GET /xingrg/check_reg.html?_=1642729532730 HTTP/1.1" 200 22
180.152.99.39 - - [21/Jan/2022:09:45:38 +0800] "GET /xingrg/all/function/internal_message.html?_=1642729468128&CODE_STATE=getMsg HTTP/1.1" 200 27
58.39.168.32 - - [21/Jan/2022:09:45:47 +0800] "GET /xingrg/all/function/internal_message.html?_=1642729544452&CODE_STATE=getMsg HTTP/1.1" 200 27
114.95.98.1 - - [21/Jan/2022:09:45:49 +0800] "GET /xingrg/all/function/internal_message.html?_=1642729550025&CODE_STATE=getMsg HTTP/1.1" 200 27
180.152.99.39 - - [21/Jan/2022:09:45:54 +0800] "POST /xingrg/kc/buy/cgsh_order_operate.html HTTP/1.1" 200 37
180.152.99.73 - - [21/Jan/2022:09:45:58 +0800] "GET /xingrg/all/function/internal_message.html?_=1642729557251&CODE_STATE=getMsg HTTP/1.1" 200 27
180.152.99.73 - - [21/Jan/2022:09:45:58 +0800] "GET /xingrg/check_reg.html?_=1642729557253 HTTP/1.1" 200 22
180.152.99.39 - - [21/Jan/2022:09:45:58 +0800] "POST /xingrg/kc/buy/cgsh_order_operate.html HTTP/1.1" 200 12
180.152.99.39 - - [21/Jan/2022:09:45:59 +0800] "GET /xingrg/kc/buy/cgsh_order_info.html?code=212022012110349 HTTP/1.1" 200 60245
180.152.99.39 - - [21/Jan/2022:09:45:59 +0800] "GET /xingrg/javascript/easyui/themes/default/validatebox.css HTTP/1.1" 404 1104
222.70.178.207 - - [21/Jan/2022:09:46:00 +0800] "GET /xingrg/kc/buy/cgsh_order_operate.html?command=get_materiel&rest_code=00111&code=00101007073&supplier_code=00100037&order_time=2022-01-21 HTTP/1.1" 200 419
180.152.99.39 - - [21/Jan/2022:09:46:00 +0800] "POST /xingrg/kc/buy/cgsh_order_operate.html HTTP/1.1" 200 4748
116.233.73.218 - - [21/Jan/2022:09:46:02 +0800] "GET /xingrg/all/function/internal_message.html?_=1642729561203&CODE_STATE=getMsg HTTP/1.1" 200 27
58.37.10.95 - - [21/Jan/2022:09:46:05 +0800] "GET /xingrg/all/function/internal_message.html?_=1642729359557&CODE_STATE=getMsg HTTP/1.1" 200 27
180.169.147.146 - - [21/Jan/2022:09:46:10 +0800] "GET /xingrg/kc/mdqp/qqps_order_info.html?code=302022012000542 HTTP/1.1" 302 -
180.169.147.146 - - [21/Jan/2022:09:46:10 +0800] "GET /xingrg/login.html HTTP/1.1" 200 7641
180.169.147.146 - - [21/Jan/2022:09:46:10 +0800] "GET /xingrg/login.html HTTP/1.1" 200 7641
114.95.98.1 - - [21/Jan/2022:09:46:10 +0800] "GET /xingrg/all/function/internal_message.html?_=1642729588636&CODE_STATE=getMsg HTTP/1.1" 200 27
180.169.147.146 - - [21/Jan/2022:09:46:10 +0800] "GET /favicon.ico HTTP/1.1" 404 -
180.169.147.146 - - [21/Jan/2022:09:46:12 +0800] "POST /xingrg/login.do HTTP/1.1" 302 -
180.169.147.146 - - [21/Jan/2022:09:46:12 +0800] "GET /xingrg/index.html?sysBaseUrl=http%3A%2F%2F180.169.147.146%3A18081%2Fxingrg%2F&costTime=44×tamp=1642729572017 HTTP/1.1" 200 17179
180.169.147.146 - - [21/Jan/2022:09:46:12 +0800] "POST /xingrg/all/common/load_tree.html?tree=area_rest_tree_json&manage=1 HTTP/1.1" 200 351
180.169.147.146 - - [21/Jan/2022:09:46:12 +0800] "GET /xingrg/check_reg.html?_=1642729566496 HTTP/1.1" 200 22
180.169.147.146 - - [21/Jan/2022:09:46:12 +0800] "GET /xingrg/all/function/internal_message.html?_=1642729566477&CODE_STATE=count HTTP/1.1" 200 11
180.169.147.146 - - [21/Jan/2022:09:46:12 +0800] "GET /favicon.ico HTTP/1.1" 404 -
180.169.147.146 - - [21/Jan/2022:09:46:12 +0800] "POST /xingrg/load_menu.html HTTP/1.1" 200 5138
180.152.99.39 - - [21/Jan/2022:09:46:13 +0800] "GET /xingrg/kc/print/load_data.html?order_code=212022012110349&kc_code=cgsh&condition= HTTP/1.1" 200 2295
222.69.132.164 - - [21/Jan/2022:09:46:19 +0800] "GET /xingrg/all/function/internal_message.html?_=1642729629396&CODE_STATE=getMsg HTTP/1.1" 200 27
222.70.178.207 - - [21/Jan/2022:09:46:20 +0800] "GET /xingrg/kc/buy/cgsh_order_operate.html?command=get_materiel&rest_code=00111&code=00101006065&supplier_code=00100037&order_time=2022-01-21 HTTP/1.1" 200 409
101.83.241.107 - - [21/Jan/2022:09:46:21 +0800] "GET /xingrg/all/function/internal_message.html?_=1642729576596&CODE_STATE=getMsg HTTP/1.1" 200 27
222.70.178.207 - - [21/Jan/2022:09:46:22 +0800] "GET /xingrg/all/function/internal_message.html?_=1642729579370&CODE_STATE=getMsg HTTP/1.1" 200 27
222.70.243.96 - - [21/Jan/2022:09:46:24 +0800] "GET /xingrg/all/function/internal_message.html?_=1642729589747&CODE_STATE=getMsg HTTP/1.1" 200 27
180.152.99.39 - - [21/Jan/2022:09:46:24 +0800] "GET /xingrg/kc/buy/cgsh_order_add.html HTTP/1.1" 200 65344
180.152.99.39 - - [21/Jan/2022:09:46:25 +0800] "POST /xingrg/kc/buy/cgsh_order_operate.html HTTP/1.1" 200 8245
180.152.99.39 - - [21/Jan/2022:09:46:25 +0800] "GET /xingrg/javascript/easyui/themes/default/validatebox.css HTTP/1.1" 404 1104
180.152.99.39 - - [21/Jan/2022:09:46:29 +0800] "POST /xingrg/all/user/operate.html HTTP/1.1" 200 36
180.152.99.39 - - [21/Jan/2022:09:46:29 +0800] "GET /xingrg/javascript/jquery_easy_ui/themes/default/easyui.css HTTP/1.1" 304 -
180.152.99.39 - - [21/Jan/2022:09:46:29 +0800] "GET /xingrg/index.html?sysBaseUrl=http%3A%2F%2F180.169.147.146%3A18081%2Fxingrg%2F&costTime=40×tamp=1642727306599 HTTP/1.1" 200 17177
180.152.99.39 - - [21/Jan/2022:09:46:29 +0800] "GET /xingrg/javascript/jquery_easy_ui/themes/icon.css HTTP/1.1" 304 -
180.152.99.39 - - [21/Jan/2022:09:46:29 +0800] "GET /xingrg/css/form.css HTTP/1.1" 304 -
180.152.99.39 - - [21/Jan/2022:09:46:29 +0800] "GET /xingrg/javascript/jquery-1.4.2.min.js HTTP/1.1" 304 -
180.152.99.39 - - [21/Jan/2022:09:46:29 +0800] "GET /xingrg/javascript/jquery_easy_ui/jquery.easyui.min.js HTTP/1.1" 304 -
180.152.99.39 - - [21/Jan/2022:09:46:30 +0800] "GET /xingrg/javascript/jquery_easy_ui/easyui-lang-zh_CN.js HTTP/1.1" 304 -
180.152.99.39 - - [21/Jan/2022:09:46:30 +0800] "GET /xingrg/javascript/jquery.form.js HTTP/1.1" 304 -
180.152.99.39 - - [21/Jan/2022:09:46:30 +0800] "GET /xingrg/javascript/jquery.utils.js HTTP/1.1" 304 -
180.152.99.39 - - [21/Jan/2022:09:46:30 +0800] "GET /xingrg/javascript/jquery.timers.js HTTP/1.1" 304 -
180.152.99.39 - - [21/Jan/2022:09:46:30 +0800] "GET /xingrg/images/blue/navBackgound.jpg HTTP/1.1" 304 -
180.152.99.39 - - [21/Jan/2022:09:46:30 +0800] "GET /xingrg/images/blue/jxLogo.png HTTP/1.1" 304 -
180.152.99.39 - - [21/Jan/2022:09:46:30 +0800] "GET /xingrg/javascript/jquery_easy_ui/themes/icons/settle_new.png HTTP/1.1" 304 -
180.152.99.39 - - [21/Jan/2022:09:46:30 +0800] "POST /xingrg/all/common/load_tree.html?tree=area_rest_tree_json&manage=1 HTTP/1.1" 200 476
180.152.99.39 - - [21/Jan/2022:09:46:30 +0800] "GET /xingrg/images/blue/pingpu.png HTTP/1.1" 304 -
180.152.99.39 - - [21/Jan/2022:09:46:30 +0800] "GET /xingrg/javascript/jquery_easy_ui/themes/default/images/tabs_leftarrow.png HTTP/1.1" 304 -
180.152.99.39 - - [21/Jan/2022:09:46:30 +0800] "GET /xingrg/javascript/jquery_easy_ui/themes/default/images/tabs_rightarrow.png HTTP/1.1" 304 -
180.152.99.39 - - [21/Jan/2022:09:46:30 +0800] "GET /xingrg/javascript/jquery_easy_ui/themes/default/images/panel_tool_collapse.gif HTTP/1.1" 304 -
180.152.99.39 - - [21/Jan/2022:09:46:30 +0800] "GET /xingrg/all/function/internal_message.html?_=1642729519744&CODE_STATE=count HTTP/1.1" 200 11
180.152.99.39 - - [21/Jan/2022:09:46:30 +0800] "GET /xingrg/check_reg.html?_=1642729519745 HTTP/1.1" 200 22
180.152.99.39 - - [21/Jan/2022:09:46:30 +0800] "POST /xingrg/load_menu.html HTTP/1.1" 200 5138
180.169.147.146 - - [21/Jan/2022:09:46:32 +0800] "GET /xingrg/all/function/internal_message.html?_=1642729589763&CODE_STATE=getMsg HTTP/1.1" 200 27
180.152.99.39 - - [21/Jan/2022:09:46:33 +0800] "GET /xingrg/kc/buy/cgsh_order_list.html HTTP/1.1" 200 49643
222.70.217.149 - - [21/Jan/2022:09:46:34 +0800] "GET /xingrg/all/function/internal_message.html?_=1642729572252&CODE_STATE=getMsg HTTP/1.1" 200 27
180.169.147.146 - - [21/Jan/2022:09:46:34 +0800] "GET /xingrg/kc/buy/buy_main.html HTTP/1.1" 200 12412
180.169.147.146 - - [21/Jan/2022:09:46:34 +0800] "GET /xingrg/css/new_ie.css HTTP/1.1" 404 1036
58.39.168.32 - - [21/Jan/2022:09:46:34 +0800] "GET /xingrg/all/function/internal_message.html?_=1642729592172&CODE_STATE=getMsg HTTP/1.1" 200 27
180.152.99.39 - - [21/Jan/2022:09:46:35 +0800] "POST /xingrg/kc/buy/cgsh_list_operate.html HTTP/1.1" 200 2086
180.169.147.146 - - [21/Jan/2022:09:46:36 +0800] "GET /xingrg/images/yd/bt.gif HTTP/1.1" 404 1040
180.152.99.39 - - [21/Jan/2022:09:46:39 +0800] "POST /xingrg/kc/buy/cgsh_list_operate.html HTTP/1.1" 200 565
180.169.147.146 - - [21/Jan/2022:09:46:40 +0800] "GET /xingrg/kc/buy/cgsh_order_list.html HTTP/1.1" 200 49645
180.152.99.39 - - [21/Jan/2022:09:46:40 +0800] "GET /xingrg/kc/buy/cgsh_order_info.html?code=212022012110343 HTTP/1.1" 200 65033
180.152.99.39 - - [21/Jan/2022:09:46:41 +0800] "GET /xingrg/javascript/easyui/themes/default/validatebox.css HTTP/1.1" 404 1104
180.152.99.39 - - [21/Jan/2022:09:46:41 +0800] "POST /xingrg/kc/buy/cgsh_order_operate.html HTTP/1.1" 200 6849
222.70.178.207 - - [21/Jan/2022:09:46:44 +0800] "GET /xingrg/kc/buy/cgsh_order_operate.html?command=get_materiel&rest_code=00111&code=00101006185&supplier_code=00100037&order_time=2022-01-21 HTTP/1.1" 200 419
180.152.99.39 - - [21/Jan/2022:09:46:45 +0800] "POST /xingrg/kc/buy/cgsh_order_operate.html HTTP/1.1" 200 37
58.39.168.32 - - [21/Jan/2022:09:46:47 +0800] "GET /xingrg/all/function/internal_message.html?_=1642729604453&CODE_STATE=getMsg HTTP/1.1" 200 27
180.152.99.39 - - [21/Jan/2022:09:46:49 +0800] "POST /xingrg/kc/buy/cgsh_order_operate.html HTTP/1.1" 200 12
114.95.98.1 - - [21/Jan/2022:09:46:49 +0800] "GET /xingrg/all/function/internal_message.html?_=1642729610034&CODE_STATE=getMsg HTTP/1.1" 200 27
180.152.99.39 - - [21/Jan/2022:09:46:51 +0800] "GET /xingrg/kc/buy/cgsh_order_info.html?code=212022012110343 HTTP/1.1" 200 59937
180.152.99.39 - - [21/Jan/2022:09:46:51 +0800] "GET /xingrg/javascript/easyui/themes/default/validatebox.css HTTP/1.1" 404 1104
180.152.99.39 - - [21/Jan/2022:09:46:51 +0800] "POST /xingrg/kc/buy/cgsh_order_operate.html HTTP/1.1" 200 4795
180.152.99.39 - - [21/Jan/2022:09:46:53 +0800] "GET /xingrg/kc/print/load_data.html?order_code=212022012110343&kc_code=cgsh&condition= HTTP/1.1" 200 2346
180.152.99.73 - - [21/Jan/2022:09:46:58 +0800] "GET /xingrg/all/function/internal_message.html?_=1642729617262&CODE_STATE=getMsg HTTP/1.1" 200 27
116.233.73.218 - - [21/Jan/2022:09:47:02 +0800] "GET /xingrg/all/function/internal_message.html?_=1642729621206&CODE_STATE=getMsg HTTP/1.1" 200 27
180.152.99.39 - - [21/Jan/2022:09:47:03 +0800] "POST /xingrg/kc/buy/cgsh_list_operate.html HTTP/1.1" 200 569
58.37.10.95 - - [21/Jan/2022:09:47:05 +0800] "GET /xingrg/all/function/internal_message.html?_=1642729419568&CODE_STATE=getMsg HTTP/1.1" 200 27
180.152.99.39 - - [21/Jan/2022:09:47:05 +0800] "GET /xingrg/kc/buy/cgsh_order_info.html?code=212022012110341 HTTP/1.1" 200 65033
180.152.99.39 - - [21/Jan/2022:09:47:05 +0800] "GET /xingrg/javascript/easyui/themes/default/validatebox.css HTTP/1.1" 404 1104
180.152.99.39 - - [21/Jan/2022:09:47:06 +0800] "POST /xingrg/kc/buy/cgsh_order_operate.html HTTP/1.1" 200 16453
114.95.98.1 - - [21/Jan/2022:09:47:10 +0800] "GET /xingrg/check_reg.html?_=1642729648495 HTTP/1.1" 200 22
114.95.98.1 - - [21/Jan/2022:09:47:10 +0800] "GET /xingrg/all/function/internal_message.html?_=1642729648649&CODE_STATE=getMsg HTTP/1.1" 200 27
222.70.178.207 - - [21/Jan/2022:09:47:11 +0800] "GET /xingrg/kc/buy/cgsh_order_operate.html?command=get_materiel&rest_code=00111&code=00101006038&supplier_code=00100037&order_time=2022-01-21 HTTP/1.1" 200 421
180.169.147.146 - - [21/Jan/2022:09:47:12 +0800] "GET /xingrg/all/function/internal_message.html?_=1642729626512&CODE_STATE=getMsg HTTP/1.1" 200 27
222.69.132.164 - - [21/Jan/2022:09:47:19 +0800] "GET /xingrg/all/function/internal_message.html?_=1642729689394&CODE_STATE=getMsg HTTP/1.1" 200 27
101.83.241.107 - - [21/Jan/2022:09:47:21 +0800] "GET /xingrg/all/function/internal_message.html?_=1642729636588&CODE_STATE=getMsg HTTP/1.1" 200 27
222.70.178.207 - - [21/Jan/2022:09:47:22 +0800] "GET /xingrg/all/function/internal_message.html?_=1642729639383&CODE_STATE=getMsg HTTP/1.1" 200 27
222.70.243.96 - - [21/Jan/2022:09:47:24 +0800] "GET /xingrg/all/function/internal_message.html?_=1642729649753&CODE_STATE=getMsg HTTP/1.1" 200 27
180.152.99.39 - - [21/Jan/2022:09:47:30 +0800] "GET /xingrg/all/function/internal_message.html?_=1642729579747&CODE_STATE=getMsg HTTP/1.1" 200 27
