222.70.178.207 - - [21/Jan/2022:09:20:50 +0800] "GET /xingrg/kc/buy/cgsh_order_operate.html?command=get_materiel&rest_code=00111&code=00101008213&supplier_code=00100005&order_time=2022-01-21 HTTP/1.1" 200 412
222.70.243.96 - - [21/Jan/2022:09:20:52 +0800] "GET /xingrg/kc/buy/cgsh_order_operate.html?command=get_materiel&rest_code=00146&code=00101008353&supplier_code=00100005&order_time=2022-01-21 HTTP/1.1" 200 408
222.70.178.207 - - [21/Jan/2022:09:20:59 +0800] "GET /xingrg/kc/buy/cgsh_order_operate.html?command=get_materiel&rest_code=00111&code=00101008291&supplier_code=00100005&order_time=2022-01-21 HTTP/1.1" 200 408
116.233.73.218 - - [21/Jan/2022:09:21:02 +0800] "GET /xingrg/all/function/internal_message.html?_=1642728061154&CODE_STATE=getMsg HTTP/1.1" 200 27
222.70.243.96 - - [21/Jan/2022:09:21:02 +0800] "GET /xingrg/kc/buy/cgsh_order_operate.html?command=get_materiel&rest_code=00146&code=00101015068&supplier_code=00100005&order_time=2022-01-21 HTTP/1.1" 200 412
222.70.178.207 - - [21/Jan/2022:09:21:04 +0800] "GET /xingrg/all/function/internal_message.html?_=1642728061739&CODE_STATE=getMsg HTTP/1.1" 200 27
222.70.178.207 - - [21/Jan/2022:09:21:08 +0800] "GET /xingrg/kc/buy/cgsh_order_operate.html?command=get_materiel&rest_code=00111&code=00101008312&supplier_code=00100005&order_time=2022-01-21 HTTP/1.1" 200 412
180.152.99.39 - - [21/Jan/2022:09:21:08 +0800] "GET /xingrg/javascript/jquery_easy_ui/themes/icons/ok.png HTTP/1.1" 304 -
180.152.99.39 - - [21/Jan/2022:09:21:08 +0800] "GET /xingrg/javascript/jquery_easy_ui/themes/default/images/panel_tools.gif HTTP/1.1" 304 -
180.152.99.39 - - [21/Jan/2022:09:21:08 +0800] "GET /xingrg/javascript/jquery_easy_ui/themes/default/images/panel_title.png HTTP/1.1" 304 -
180.152.99.39 - - [21/Jan/2022:09:21:10 +0800] "POST /xingrg/all/user/operate.html HTTP/1.1" 200 36
180.152.99.39 - - [21/Jan/2022:09:21:11 +0800] "GET /xingrg/javascript/jquery_easy_ui/themes/default/easyui.css HTTP/1.1" 304 -
180.152.99.39 - - [21/Jan/2022:09:21:11 +0800] "GET /xingrg/index.html?sysBaseUrl=http%3A%2F%2F180.169.147.146%3A18081%2Fxingrg%2F&costTime=40×tamp=1642727306599 HTTP/1.1" 200 17177
180.152.99.39 - - [21/Jan/2022:09:21:11 +0800] "GET /xingrg/javascript/jquery_easy_ui/themes/icon.css HTTP/1.1" 304 -
180.152.99.39 - - [21/Jan/2022:09:21:11 +0800] "GET /xingrg/css/form.css HTTP/1.1" 304 -
180.152.99.39 - - [21/Jan/2022:09:21:11 +0800] "GET /xingrg/javascript/jquery-1.4.2.min.js HTTP/1.1" 304 -
180.152.99.39 - - [21/Jan/2022:09:21:11 +0800] "GET /xingrg/javascript/jquery_easy_ui/jquery.easyui.min.js HTTP/1.1" 304 -
180.152.99.39 - - [21/Jan/2022:09:21:11 +0800] "GET /xingrg/javascript/jquery_easy_ui/easyui-lang-zh_CN.js HTTP/1.1" 304 -
180.152.99.39 - - [21/Jan/2022:09:21:11 +0800] "GET /xingrg/javascript/jquery.form.js HTTP/1.1" 304 -
180.152.99.39 - - [21/Jan/2022:09:21:11 +0800] "GET /xingrg/javascript/jquery.utils.js HTTP/1.1" 304 -
180.152.99.39 - - [21/Jan/2022:09:21:11 +0800] "GET /xingrg/javascript/jquery.timers.js HTTP/1.1" 304 -
180.152.99.39 - - [21/Jan/2022:09:21:11 +0800] "GET /xingrg/images/blue/jxLogo.png HTTP/1.1" 304 -
180.152.99.39 - - [21/Jan/2022:09:21:11 +0800] "GET /xingrg/images/blue/navBackgound.jpg HTTP/1.1" 304 -
180.152.99.39 - - [21/Jan/2022:09:21:11 +0800] "GET /xingrg/javascript/jquery_easy_ui/themes/icons/settle_new.png HTTP/1.1" 304 -
180.152.99.39 - - [21/Jan/2022:09:21:11 +0800] "POST /xingrg/all/common/load_tree.html?tree=area_rest_tree_json&manage=1 HTTP/1.1" 200 476
180.152.99.39 - - [21/Jan/2022:09:21:11 +0800] "GET /xingrg/images/blue/pingpu.png HTTP/1.1" 304 -
180.152.99.39 - - [21/Jan/2022:09:21:11 +0800] "GET /xingrg/javascript/jquery_easy_ui/themes/default/images/tabs_leftarrow.png HTTP/1.1" 304 -
180.152.99.39 - - [21/Jan/2022:09:21:11 +0800] "GET /xingrg/javascript/jquery_easy_ui/themes/default/images/tabs_rightarrow.png HTTP/1.1" 304 -
180.152.99.39 - - [21/Jan/2022:09:21:11 +0800] "GET /xingrg/javascript/jquery_easy_ui/themes/default/images/panel_tool_collapse.gif HTTP/1.1" 304 -
180.152.99.39 - - [21/Jan/2022:09:21:11 +0800] "GET /xingrg/all/function/internal_message.html?_=1642728001301&CODE_STATE=count HTTP/1.1" 200 11
180.152.99.39 - - [21/Jan/2022:09:21:11 +0800] "GET /xingrg/check_reg.html?_=1642728001301 HTTP/1.1" 200 22
180.152.99.39 - - [21/Jan/2022:09:21:11 +0800] "POST /xingrg/load_menu.html HTTP/1.1" 200 5138
180.152.99.39 - - [21/Jan/2022:09:21:13 +0800] "GET /xingrg/kc/buy/cgsh_order_list.html HTTP/1.1" 200 49643
180.152.99.39 - - [21/Jan/2022:09:21:14 +0800] "POST /xingrg/kc/buy/cgsh_list_operate.html HTTP/1.1" 200 876
180.152.99.39 - - [21/Jan/2022:09:21:16 +0800] "GET /xingrg/kc/buy/cgsh_order_add.html HTTP/1.1" 200 65024
180.152.99.73 - - [21/Jan/2022:09:21:16 +0800] "GET /xingrg/all/function/internal_message.html?_=1642728075158&CODE_STATE=getMsg HTTP/1.1" 200 27
180.152.99.39 - - [21/Jan/2022:09:21:16 +0800] "POST /xingrg/kc/buy/cgsh_order_operate.html HTTP/1.1" 200 8245
180.152.99.39 - - [21/Jan/2022:09:21:16 +0800] "GET /xingrg/all/common/auto_word.html?type=employee&rest_code=00151 HTTP/1.1" 200 293
180.152.99.39 - - [21/Jan/2022:09:21:16 +0800] "GET /xingrg/all/common/auto_word.html?type=employee&rest_code=00151 HTTP/1.1" 200 293
180.152.99.39 - - [21/Jan/2022:09:21:16 +0800] "GET /xingrg/javascript/easyui/themes/default/validatebox.css HTTP/1.1" 404 1104
120.253.135.82 - - [21/Jan/2022:09:21:16 +0800] "GET /xingrg/all/function/internal_message.html?_=1642727862475&CODE_STATE=getMsg HTTP/1.1" 200 27
222.70.178.207 - - [21/Jan/2022:09:21:17 +0800] "GET /xingrg/kc/buy/cgsh_order_operate.html?command=get_materiel&rest_code=00111&code=00101008110&supplier_code=00100005&order_time=2022-01-21 HTTP/1.1" 200 408
180.152.99.39 - - [21/Jan/2022:09:21:18 +0800] "GET /xingrg/javascript/auto/indicator.gif HTTP/1.1" 404 1066
222.70.243.96 - - [21/Jan/2022:09:21:20 +0800] "GET /xingrg/kc/buy/cgsh_order_operate.html?command=get_materiel&rest_code=00146&code=00101008323&supplier_code=00100005&order_time=2022-01-21 HTTP/1.1" 200 408
101.83.241.107 - - [21/Jan/2022:09:21:21 +0800] "GET /xingrg/all/function/internal_message.html?_=1642728076464&CODE_STATE=getMsg HTTP/1.1" 200 27
222.70.243.96 - - [21/Jan/2022:09:21:23 +0800] "GET /xingrg/all/function/internal_message.html?_=1642728088948&CODE_STATE=getMsg HTTP/1.1" 200 27
222.70.178.207 - - [21/Jan/2022:09:21:25 +0800] "GET /xingrg/kc/buy/cgsh_order_operate.html?command=get_materiel&rest_code=00111&code=00101008361&supplier_code=00100005&order_time=2022-01-21 HTTP/1.1" 200 408
180.152.99.39 - - [21/Jan/2022:09:21:27 +0800] "GET /xingrg/kc/buy/cgsh_order_operate.html?command=get_materiel&rest_code=00151&code=00101008318&supplier_code=00100007&order_time=2022-01-21 HTTP/1.1" 200 408
222.70.178.207 - - [21/Jan/2022:09:21:27 +0800] "POST /xingrg/kc/buy/cgsh_order_operate.html HTTP/1.1" 200 2065
222.70.217.149 - - [21/Jan/2022:09:21:34 +0800] "GET /xingrg/all/function/internal_message.html?_=1642728072250&CODE_STATE=getMsg HTTP/1.1" 200 27
222.70.178.207 - - [21/Jan/2022:09:21:34 +0800] "GET /xingrg/kc/buy/cgsh_order_operate.html?command=get_materiel&rest_code=00111&code=00101008283&supplier_code=00100005&order_time=2022-01-21 HTTP/1.1" 200 408
58.39.168.32 - - [21/Jan/2022:09:21:35 +0800] "GET /xingrg/all/function/internal_message.html?_=1642728092594&CODE_STATE=getMsg HTTP/1.1" 200 27
222.70.243.96 - - [21/Jan/2022:09:21:35 +0800] "GET /xingrg/kc/buy/cgsh_order_operate.html?command=get_materiel&rest_code=00146&code=00101030024&supplier_code=00100005&order_time=2022-01-21 HTTP/1.1" 200 399
180.152.99.39 - - [21/Jan/2022:09:21:36 +0800] "GET /xingrg/kc/buy/cgsh_order_operate.html?command=get_materiel&rest_code=00151&code=00101008095&supplier_code=00100007&order_time=2022-01-21 HTTP/1.1" 200 412
180.152.99.39 - - [21/Jan/2022:09:21:45 +0800] "GET /xingrg/kc/buy/cgsh_order_operate.html?command=get_materiel&rest_code=00151&code=00101008221&supplier_code=00100007&order_time=2022-01-21 HTTP/1.1" 200 412
58.39.168.32 - - [21/Jan/2022:09:21:47 +0800] "GET /xingrg/all/function/internal_message.html?_=1642728104422&CODE_STATE=getMsg HTTP/1.1" 200 27
222.70.178.207 - - [21/Jan/2022:09:21:48 +0800] "GET /xingrg/kc/buy/cgsh_order_operate.html?command=get_materiel&rest_code=00111&code=00101008298&supplier_code=00100005&order_time=2022-01-21 HTTP/1.1" 200 413
180.169.147.146 - - [21/Jan/2022:09:21:49 +0800] "GET /xingrg/all/function/internal_message.html?_=1642728106615&CODE_STATE=getMsg HTTP/1.1" 200 27
222.70.243.96 - - [21/Jan/2022:09:21:49 +0800] "GET /xingrg/kc/buy/cgsh_order_operate.html?command=get_materiel&rest_code=00146&code=00101008509&supplier_code=00100005&order_time=2022-01-21 HTTP/1.1" 200 395
114.95.98.1 - - [21/Jan/2022:09:21:49 +0800] "GET /xingrg/all/function/internal_message.html?_=1642728110006&CODE_STATE=getMsg HTTP/1.1" 200 27
222.70.243.96 - - [21/Jan/2022:09:21:52 +0800] "POST /xingrg/kc/buy/cgsh_order_operate.html HTTP/1.1" 200 2065
180.152.99.39 - - [21/Jan/2022:09:21:54 +0800] "GET /xingrg/kc/buy/cgsh_order_operate.html?command=get_materiel&rest_code=00151&code=00101008264&supplier_code=00100007&order_time=2022-01-21 HTTP/1.1" 200 412
222.70.178.207 - - [21/Jan/2022:09:21:57 +0800] "GET /xingrg/kc/buy/cgsh_order_operate.html?command=get_materiel&rest_code=00111&code=00101008257&supplier_code=00100005&order_time=2022-01-21 HTTP/1.1" 200 416
222.70.243.96 - - [21/Jan/2022:09:22:02 +0800] "GET /xingrg/kc/buy/cgsh_order_operate.html?command=get_materiel&rest_code=00146&code=00101015066&supplier_code=00100005&order_time=2022-01-21 HTTP/1.1" 200 413
116.233.73.218 - - [21/Jan/2022:09:22:02 +0800] "GET /xingrg/all/function/internal_message.html?_=1642728121157&CODE_STATE=getMsg HTTP/1.1" 200 27
222.70.178.207 - - [21/Jan/2022:09:22:04 +0800] "GET /xingrg/all/function/internal_message.html?_=1642728121740&CODE_STATE=getMsg HTTP/1.1" 200 27
180.152.99.39 - - [21/Jan/2022:09:22:05 +0800] "GET /xingrg/kc/buy/cgsh_order_operate.html?command=get_materiel&rest_code=00151&code=00101008344&supplier_code=00100007&order_time=2022-01-21 HTTP/1.1" 200 412
180.152.99.39 - - [21/Jan/2022:09:22:11 +0800] "GET /xingrg/all/function/internal_message.html?_=1642728061361&CODE_STATE=getMsg HTTP/1.1" 200 27
116.233.73.218 - - [21/Jan/2022:09:22:12 +0800] "GET /xingrg/kc/buy/cgsh_order_operate.html?command=get_materiel&rest_code=00109&code=00101008197&supplier_code=00100005&order_time=2022-01-21 HTTP/1.1" 200 416
222.70.243.96 - - [21/Jan/2022:09:22:13 +0800] "GET /xingrg/kc/buy/cgsh_order_operate.html?command=get_materiel&rest_code=00146&code=00101015006&supplier_code=00100005&order_time=2022-01-21 HTTP/1.1" 200 413
180.152.99.73 - - [21/Jan/2022:09:22:16 +0800] "GET /xingrg/check_reg.html?_=1642728135137 HTTP/1.1" 200 22
180.152.99.73 - - [21/Jan/2022:09:22:16 +0800] "GET /xingrg/all/function/internal_message.html?_=1642728135141&CODE_STATE=getMsg HTTP/1.1" 200 27
180.152.99.39 - - [21/Jan/2022:09:22:16 +0800] "GET /xingrg/kc/buy/cgsh_order_operate.html?command=get_materiel&rest_code=00151&code=00101008371&supplier_code=00100007&order_time=2022-01-21 HTTP/1.1" 200 412
120.253.135.82 - - [21/Jan/2022:09:22:17 +0800] "GET /xingrg/all/function/internal_message.html?_=1642727922678&CODE_STATE=getMsg HTTP/1.1" 200 27
116.233.73.218 - - [21/Jan/2022:09:22:21 +0800] "GET /xingrg/kc/buy/cgsh_order_operate.html?command=get_materiel&rest_code=00109&code=00101008125&supplier_code=00100005&order_time=2022-01-21 HTTP/1.1" 200 432
101.83.241.107 - - [21/Jan/2022:09:22:21 +0800] "GET /xingrg/all/function/internal_message.html?_=1642728136462&CODE_STATE=getMsg HTTP/1.1" 200 27
116.233.73.218 - - [21/Jan/2022:09:22:22 +0800] "POST /xingrg/kc/buy/cgsh_order_operate.html HTTP/1.1" 200 2065
222.70.243.96 - - [21/Jan/2022:09:22:23 +0800] "GET /xingrg/all/function/internal_message.html?_=1642728148961&CODE_STATE=getMsg HTTP/1.1" 200 27
180.152.99.39 - - [21/Jan/2022:09:22:25 +0800] "GET /xingrg/kc/buy/cgsh_order_operate.html?command=get_materiel&rest_code=00151&code=00101008357&supplier_code=00100007&order_time=2022-01-21 HTTP/1.1" 200 408
116.233.73.218 - - [21/Jan/2022:09:22:26 +0800] "GET /xingrg/kc/buy/cgsh_order_operate.html?command=get_materiel&rest_code=00109&code=00101008085&supplier_code=00100005&order_time=2022-01-21 HTTP/1.1" 200 412
222.70.243.96 - - [21/Jan/2022:09:22:27 +0800] "GET /xingrg/kc/buy/cgsh_order_operate.html?command=get_materiel&rest_code=00146&code=00101008350&supplier_code=00100005&order_time=2022-01-21 HTTP/1.1" 200 408
222.70.178.207 - - [21/Jan/2022:09:22:29 +0800] "GET /xingrg/kc/buy/cgsh_order_operate.html?command=get_materiel&rest_code=00111&code=00101008356&supplier_code=00100005&order_time=2022-01-21 HTTP/1.1" 200 408
116.233.73.218 - - [21/Jan/2022:09:22:32 +0800] "GET /xingrg/kc/buy/cgsh_order_operate.html?command=get_materiel&rest_code=00109&code=00101008027&supplier_code=00100005&order_time=2022-01-21 HTTP/1.1" 200 408
222.70.217.149 - - [21/Jan/2022:09:22:34 +0800] "GET /xingrg/all/function/internal_message.html?_=1642728132249&CODE_STATE=getMsg HTTP/1.1" 200 27
180.152.99.39 - - [21/Jan/2022:09:22:34 +0800] "GET /xingrg/kc/buy/cgsh_order_operate.html?command=get_materiel&rest_code=00151&code=00101008300&supplier_code=00100007&order_time=2022-01-21 HTTP/1.1" 200 412
58.39.168.32 - - [21/Jan/2022:09:22:35 +0800] "GET /xingrg/all/function/internal_message.html?_=1642728152574&CODE_STATE=getMsg HTTP/1.1" 200 27
116.233.73.218 - - [21/Jan/2022:09:22:39 +0800] "GET /xingrg/kc/buy/cgsh_order_operate.html?command=get_materiel&rest_code=00109&code=00101008244&supplier_code=00100005&order_time=2022-01-21 HTTP/1.1" 200 408
222.70.178.207 - - [21/Jan/2022:09:22:41 +0800] "POST /xingrg/kc/buy/cgsh_order_operate.html HTTP/1.1" 200 2065
180.152.99.39 - - [21/Jan/2022:09:22:42 +0800] "GET /xingrg/kc/buy/cgsh_order_operate.html?command=get_materiel&rest_code=00151&code=00101008286&supplier_code=00100007&order_time=2022-01-21 HTTP/1.1" 200 427
101.83.241.107 - - [21/Jan/2022:09:22:43 +0800] "GET /xingrg/kc/buy/cgsh_order_operate.html?command=get_materiel&rest_code=00149&code=00101008323&supplier_code=00100005&order_time=2022-01-20 HTTP/1.1" 200 408
222.70.243.96 - - [21/Jan/2022:09:22:44 +0800] "GET /xingrg/kc/buy/cgsh_order_operate.html?command=get_materiel&rest_code=00146&code=00101008354&supplier_code=00100005&order_time=2022-01-21 HTTP/1.1" 200 412
116.233.73.218 - - [21/Jan/2022:09:22:45 +0800] "GET /xingrg/kc/buy/cgsh_order_operate.html?command=get_materiel&rest_code=00109&code=00101008354&supplier_code=00100005&order_time=2022-01-21 HTTP/1.1" 200 412
58.39.168.32 - - [21/Jan/2022:09:22:47 +0800] "GET /xingrg/all/function/internal_message.html?_=1642728164422&CODE_STATE=getMsg HTTP/1.1" 200 27
222.70.178.207 - - [21/Jan/2022:09:22:48 +0800] "GET /xingrg/kc/buy/cgsh_order_operate.html?command=get_materiel&rest_code=00111&code=00101008036&supplier_code=00100005&order_time=2022-01-21 HTTP/1.1" 200 408
180.169.147.146 - - [21/Jan/2022:09:22:49 +0800] "GET /xingrg/check_reg.html?_=1642728166603 HTTP/1.1" 200 22
180.169.147.146 - - [21/Jan/2022:09:22:49 +0800] "GET /xingrg/all/function/internal_message.html?_=1642728166605&CODE_STATE=getMsg HTTP/1.1" 200 27
114.95.98.1 - - [21/Jan/2022:09:22:49 +0800] "GET /xingrg/all/function/internal_message.html?_=1642728170008&CODE_STATE=getMsg HTTP/1.1" 200 27
180.152.99.39 - - [21/Jan/2022:09:22:50 +0800] "GET /xingrg/kc/buy/cgsh_order_operate.html?command=get_materiel&rest_code=00151&code=00101008224&supplier_code=00100007&order_time=2022-01-21 HTTP/1.1" 200 416
116.233.73.218 - - [21/Jan/2022:09:22:53 +0800] "GET /xingrg/kc/buy/cgsh_order_operate.html?command=get_materiel&rest_code=00109&code=00101008351&supplier_code=00100005&order_time=2022-01-21 HTTP/1.1" 200 427
116.233.73.218 - - [21/Jan/2022:09:22:54 +0800] "POST /xingrg/kc/buy/cgsh_order_operate.html HTTP/1.1" 200 2065
180.152.99.39 - - [21/Jan/2022:09:22:57 +0800] "GET /xingrg/kc/buy/cgsh_order_operate.html?command=get_materiel&rest_code=00151&code=00101008080&supplier_code=00100007&order_time=2022-01-21 HTTP/1.1" 200 416
180.157.251.97 - - [21/Jan/2022:09:22:58 +0800] "GET /favicon.ico HTTP/1.1" 404 -
116.233.73.218 - - [21/Jan/2022:09:22:59 +0800] "GET /xingrg/kc/buy/cgsh_order_operate.html?command=get_materiel&rest_code=00109&code=00101008038&supplier_code=00100005&order_time=2022-01-21 HTTP/1.1" 200 412
120.253.135.82 - - [21/Jan/2022:09:23:00 +0800] "GET /xingrg/check_reg.html?_=1642727965889 HTTP/1.1" 200 22
116.233.73.218 - - [21/Jan/2022:09:23:02 +0800] "GET /xingrg/all/function/internal_message.html?_=1642728181161&CODE_STATE=getMsg HTTP/1.1" 200 27
116.233.73.218 - - [21/Jan/2022:09:23:02 +0800] "GET /xingrg/check_reg.html?_=1642728181163 HTTP/1.1" 200 22
101.83.241.107 - - [21/Jan/2022:09:23:03 +0800] "GET /xingrg/kc/buy/cgsh_order_operate.html?command=get_materiel&rest_code=00149&code=00101008091&supplier_code=00100005&order_time=2022-01-20 HTTP/1.1" 200 412
222.70.178.207 - - [21/Jan/2022:09:23:04 +0800] "GET /xingrg/all/function/internal_message.html?_=1642728181747&CODE_STATE=getMsg HTTP/1.1" 200 27
180.152.99.39 - - [21/Jan/2022:09:23:04 +0800] "GET /xingrg/kc/buy/cgsh_order_operate.html?command=get_materiel&rest_code=00151&code=00101008251&supplier_code=00100007&order_time=2022-01-21 HTTP/1.1" 200 408
222.70.243.96 - - [21/Jan/2022:09:23:06 +0800] "GET /xingrg/kc/buy/cgsh_order_operate.html?command=get_materiel&rest_code=00146&code=00101008095&supplier_code=00100005&order_time=2022-01-21 HTTP/1.1" 200 412
116.233.73.218 - - [21/Jan/2022:09:23:08 +0800] "GET /xingrg/kc/buy/cgsh_order_operate.html?command=get_materiel&rest_code=00109&code=00101008358&supplier_code=00100005&order_time=2022-01-21 HTTP/1.1" 200 412
222.70.243.96 - - [21/Jan/2022:09:23:11 +0800] "POST /xingrg/kc/buy/cgsh_order_operate.html HTTP/1.1" 200 2065
114.95.98.1 - - [21/Jan/2022:09:23:11 +0800] "GET /xingrg/kc/base/wldb_order_list.html HTTP/1.1" 200 19060
180.152.99.39 - - [21/Jan/2022:09:23:11 +0800] "GET /xingrg/all/function/internal_message.html?_=1642728121371&CODE_STATE=getMsg HTTP/1.1" 200 27
114.95.98.1 - - [21/Jan/2022:09:23:11 +0800] "POST /xingrg/kc/base/wldb_list_operate.html HTTP/1.1" 200 928
114.95.98.1 - - [21/Jan/2022:09:23:12 +0800] "GET /xingrg/kc/base/wldb_order_add.html HTTP/1.1" 200 30274
114.95.98.1 - - [21/Jan/2022:09:23:12 +0800] "GET /xingrg/words/20220120171707_words.js HTTP/1.1" 304 -
114.95.98.1 - - [21/Jan/2022:09:23:12 +0800] "POST /xingrg/kc/base/wldb_order_operate.html HTTP/1.1" 200 6806
114.95.98.1 - - [21/Jan/2022:09:23:13 +0800] "GET /xingrg/all/common/auto_word.html?type=base&rest_code=00102 HTTP/1.1" 200 1807
114.95.98.1 - - [21/Jan/2022:09:23:13 +0800] "GET /xingrg/all/common/auto_word.html?type=base&rest_code=00102 HTTP/1.1" 200 1807
114.95.98.1 - - [21/Jan/2022:09:23:13 +0800] "GET /xingrg/javascript/easyui/themes/default/validatebox.css HTTP/1.1" 404 1104
180.152.99.39 - - [21/Jan/2022:09:23:13 +0800] "GET /xingrg/kc/buy/cgsh_order_operate.html?command=get_materiel&rest_code=00151&code=00101016025&supplier_code=00100007&order_time=2022-01-21 HTTP/1.1" 200 408
116.233.73.218 - - [21/Jan/2022:09:23:13 +0800] "GET /xingrg/kc/buy/cgsh_order_operate.html?command=get_materiel&rest_code=00109&code=00101008290&supplier_code=00100005&order_time=2022-01-21 HTTP/1.1" 200 416
180.152.99.73 - - [21/Jan/2022:09:23:16 +0800] "GET /xingrg/all/function/internal_message.html?_=1642728195167&CODE_STATE=getMsg HTTP/1.1" 200 27
120.253.135.82 - - [21/Jan/2022:09:23:17 +0800] "GET /xingrg/all/function/internal_message.html?_=1642727982689&CODE_STATE=getMsg HTTP/1.1" 200 27
222.70.243.96 - - [21/Jan/2022:09:23:18 +0800] "GET /xingrg/kc/buy/cgsh_order_operate.html?command=get_materiel&rest_code=00146&code=00101008110&supplier_code=00100005&order_time=2022-01-21 HTTP/1.1" 200 408
116.233.73.218 - - [21/Jan/2022:09:23:18 +0800] "GET /xingrg/kc/buy/cgsh_order_operate.html?command=get_materiel&rest_code=00109&code=00101008003&supplier_code=00100005&order_time=2022-01-21 HTTP/1.1" 200 408
101.83.241.107 - - [21/Jan/2022:09:23:21 +0800] "GET /xingrg/check_reg.html?_=1642728196474 HTTP/1.1" 200 22
101.83.241.107 - - [21/Jan/2022:09:23:21 +0800] "GET /xingrg/all/function/internal_message.html?_=1642728196476&CODE_STATE=getMsg HTTP/1.1" 200 27
180.152.99.39 - - [21/Jan/2022:09:23:22 +0800] "GET /xingrg/kc/buy/cgsh_order_operate.html?command=get_materiel&rest_code=00151&code=00101008353&supplier_code=00100007&order_time=2022-01-21 HTTP/1.1" 200 408
222.70.243.96 - - [21/Jan/2022:09:23:23 +0800] "GET /xingrg/check_reg.html?_=1642728208912 HTTP/1.1" 200 22
222.70.243.96 - - [21/Jan/2022:09:23:23 +0800] "GET /xingrg/all/function/internal_message.html?_=1642728208974&CODE_STATE=getMsg HTTP/1.1" 200 27
116.233.73.218 - - [21/Jan/2022:09:23:24 +0800] "GET /xingrg/kc/buy/cgsh_order_operate.html?command=get_materiel&rest_code=00109&code=00101008209&supplier_code=00100005&order_time=2022-01-21 HTTP/1.1" 200 408
116.233.73.218 - - [21/Jan/2022:09:23:26 +0800] "POST /xingrg/kc/buy/cgsh_order_operate.html HTTP/1.1" 200 2065
222.70.178.207 - - [21/Jan/2022:09:23:28 +0800] "GET /xingrg/kc/buy/cgsh_order_operate.html?command=get_materiel&rest_code=00111&code=00101014064&supplier_code=00100005&order_time=2022-01-21 HTTP/1.1" 200 413
180.152.99.39 - - [21/Jan/2022:09:23:29 +0800] "GET /xingrg/kc/buy/cgsh_order_operate.html?command=get_materiel&rest_code=00151&code=00101008362&supplier_code=00100007&order_time=2022-01-21 HTTP/1.1" 200 408
116.233.73.218 - - [21/Jan/2022:09:23:30 +0800] "GET /xingrg/kc/buy/cgsh_order_operate.html?command=get_materiel&rest_code=00109&code=00101008251&supplier_code=00100005&order_time=2022-01-21 HTTP/1.1" 200 408
222.70.217.149 - - [21/Jan/2022:09:23:34 +0800] "GET /xingrg/all/function/internal_message.html?_=1642728192247&CODE_STATE=getMsg HTTP/1.1" 200 27
101.80.226.190 - - [21/Jan/2022:09:23:34 +0800] "POST /xingrg/services/DataTransmitService HTTP/1.1" 200 524
58.39.168.32 - - [21/Jan/2022:09:23:35 +0800] "GET /xingrg/all/function/internal_message.html?_=1642728212542&CODE_STATE=getMsg HTTP/1.1" 200 27
222.70.178.207 - - [21/Jan/2022:09:23:35 +0800] "POST /xingrg/kc/buy/cgsh_order_operate.html HTTP/1.1" 200 2065
180.152.99.39 - - [21/Jan/2022:09:23:36 +0800] "GET /xingrg/kc/buy/cgsh_order_operate.html?command=get_materiel&rest_code=00151&code=00101008017&supplier_code=00100007&order_time=2022-01-21 HTTP/1.1" 200 416
116.233.73.218 - - [21/Jan/2022:09:23:38 +0800] "GET /xingrg/kc/buy/cgsh_order_operate.html?command=get_materiel&rest_code=00109&code=00101008137&supplier_code=00100005&order_time=2022-01-21 HTTP/1.1" 200 408
222.70.243.96 - - [21/Jan/2022:09:23:42 +0800] "GET /xingrg/kc/buy/cgsh_order_operate.html?command=get_materiel&rest_code=00146&code=00101008036&supplier_code=00100005&order_time=2022-01-21 HTTP/1.1" 200 408
116.233.73.218 - - [21/Jan/2022:09:23:43 +0800] "GET /xingrg/kc/buy/cgsh_order_operate.html?command=get_materiel&rest_code=00109&code=00101008069&supplier_code=00100005&order_time=2022-01-21 HTTP/1.1" 200 412
222.70.178.207 - - [21/Jan/2022:09:23:43 +0800] "GET /xingrg/kc/buy/cgsh_order_operate.html?command=get_materiel&rest_code=00111&code=00101008323&supplier_code=00100005&order_time=2022-01-21 HTTP/1.1" 200 408
180.152.99.39 - - [21/Jan/2022:09:23:43 +0800] "GET /xingrg/kc/buy/cgsh_order_operate.html?command=get_materiel&rest_code=00151&code=00101008137&supplier_code=00100007&order_time=2022-01-21 HTTP/1.1" 200 408
101.83.241.107 - - [21/Jan/2022:09:23:45 +0800] "GET /xingrg/kc/buy/cgsh_order_operate.html?command=get_materiel&rest_code=00149&code=00101008027&supplier_code=00100005&order_time=2022-01-20 HTTP/1.1" 200 408
58.39.168.32 - - [21/Jan/2022:09:23:47 +0800] "GET /xingrg/all/function/internal_message.html?_=1642728224423&CODE_STATE=getMsg HTTP/1.1" 200 27
116.233.73.218 - - [21/Jan/2022:09:23:49 +0800] "GET /xingrg/kc/buy/cgsh_order_operate.html?command=get_materiel&rest_code=00109&code=00101008286&supplier_code=00100005&order_time=2022-01-21 HTTP/1.1" 200 427
180.169.147.146 - - [21/Jan/2022:09:23:49 +0800] "GET /xingrg/all/function/internal_message.html?_=1642728226612&CODE_STATE=getMsg HTTP/1.1" 200 27
114.95.98.1 - - [21/Jan/2022:09:23:49 +0800] "GET /xingrg/check_reg.html?_=1642728230008 HTTP/1.1" 200 22
114.95.98.1 - - [21/Jan/2022:09:23:49 +0800] "GET /xingrg/all/function/internal_message.html?_=1642728230013&CODE_STATE=getMsg HTTP/1.1" 200 27
180.152.99.39 - - [21/Jan/2022:09:23:52 +0800] "GET /xingrg/kc/buy/cgsh_order_operate.html?command=get_materiel&rest_code=00151&code=00101008005&supplier_code=00100007&order_time=2022-01-21 HTTP/1.1" 200 412
116.233.73.218 - - [21/Jan/2022:09:23:55 +0800] "GET /xingrg/kc/buy/cgsh_order_operate.html?command=get_materiel&rest_code=00109&code=00101008296&supplier_code=00100005&order_time=2022-01-21 HTTP/1.1" 200 416
116.233.73.218 - - [21/Jan/2022:09:23:56 +0800] "POST /xingrg/kc/buy/cgsh_order_operate.html HTTP/1.1" 200 2065
116.233.73.218 - - [21/Jan/2022:09:24:00 +0800] "GET /xingrg/kc/buy/cgsh_order_operate.html?command=get_materiel&rest_code=00109&code=00101008644&supplier_code=00100005&order_time=2022-01-21 HTTP/1.1" 200 406
180.152.99.39 - - [21/Jan/2022:09:24:01 +0800] "GET /xingrg/kc/buy/cgsh_order_operate.html?command=get_materiel&rest_code=00151&code=00101008131&supplier_code=00100007&order_time=2022-01-21 HTTP/1.1" 200 408
116.233.73.218 - - [21/Jan/2022:09:24:02 +0800] "GET /xingrg/all/function/internal_message.html?_=1642728241161&CODE_STATE=getMsg HTTP/1.1" 200 27
222.70.178.207 - - [21/Jan/2022:09:24:03 +0800] "GET /xingrg/kc/buy/cgsh_order_operate.html?command=get_materiel&rest_code=00111&code=00101008350&supplier_code=00100005&order_time=2022-01-21 HTTP/1.1" 200 408
222.70.178.207 - - [21/Jan/2022:09:24:04 +0800] "GET /xingrg/check_reg.html?_=1642728241746 HTTP/1.1" 200 22
222.70.178.207 - - [21/Jan/2022:09:24:04 +0800] "GET /xingrg/all/function/internal_message.html?_=1642728241747&CODE_STATE=getMsg HTTP/1.1" 200 27
116.233.73.218 - - [21/Jan/2022:09:24:05 +0800] "GET /xingrg/kc/buy/cgsh_order_operate.html?command=get_materiel&rest_code=00109&code=00101008353&supplier_code=00100005&order_time=2022-01-21 HTTP/1.1" 200 408
222.70.243.96 - - [21/Jan/2022:09:24:08 +0800] "POST /xingrg/kc/buy/cgsh_order_operate.html HTTP/1.1" 200 2065
116.233.73.218 - - [21/Jan/2022:09:24:10 +0800] "GET /xingrg/kc/buy/cgsh_order_operate.html?command=get_materiel&rest_code=00109&code=00101008213&supplier_code=00100005&order_time=2022-01-21 HTTP/1.1" 200 412
180.152.99.39 - - [21/Jan/2022:09:24:11 +0800] "GET /xingrg/kc/buy/cgsh_order_operate.html?command=get_materiel&rest_code=00151&code=00101008051&supplier_code=00100007&order_time=2022-01-21 HTTP/1.1" 200 409
180.152.99.39 - - [21/Jan/2022:09:24:11 +0800] "GET /xingrg/all/function/internal_message.html?_=1642728181385&CODE_STATE=getMsg HTTP/1.1" 200 27
101.83.241.107 - - [21/Jan/2022:09:24:13 +0800] "GET /xingrg/kc/buy/cgsh_order_operate.html?command=get_materiel&rest_code=00149&code=00101008055&supplier_code=00100005&order_time=2022-01-20 HTTP/1.1" 200 409
180.152.99.73 - - [21/Jan/2022:09:24:16 +0800] "GET /xingrg/all/function/internal_message.html?_=1642728255155&CODE_STATE=getMsg HTTP/1.1" 200 27
180.152.99.39 - - [21/Jan/2022:09:24:16 +0800] "POST /xingrg/kc/buy/cgsh_order_operate.html HTTP/1.1" 200 37
222.70.243.96 - - [21/Jan/2022:09:24:16 +0800] "GET /xingrg/kc/buy/cgsh_order_operate.html?command=get_materiel&rest_code=00146&code=00101008041&supplier_code=00100005&order_time=2022-01-21 HTTP/1.1" 200 408
222.70.178.207 - - [21/Jan/2022:09:24:17 +0800] "GET /xingrg/kc/buy/cgsh_order_operate.html?command=get_materiel&rest_code=00111&code=00101008096&supplier_code=00100005&order_time=2022-01-21 HTTP/1.1" 200 413
116.233.73.218 - - [21/Jan/2022:09:24:17 +0800] "GET /xingrg/kc/buy/cgsh_order_operate.html?command=get_materiel&rest_code=00109&code=00101008225&supplier_code=00100005&order_time=2022-01-21 HTTP/1.1" 200 416
180.152.99.39 - - [21/Jan/2022:09:24:19 +0800] "POST /xingrg/kc/buy/cgsh_order_operate.html HTTP/1.1" 200 14059
101.83.241.107 - - [21/Jan/2022:09:24:21 +0800] "GET /xingrg/all/function/internal_message.html?_=1642728256488&CODE_STATE=getMsg HTTP/1.1" 200 27
116.233.73.218 - - [21/Jan/2022:09:24:23 +0800] "GET /xingrg/kc/buy/cgsh_order_operate.html?command=get_materiel&rest_code=00109&code=00101008242&supplier_code=00100005&order_time=2022-01-21 HTTP/1.1" 200 408
222.70.243.96 - - [21/Jan/2022:09:24:23 +0800] "GET /xingrg/all/function/internal_message.html?_=1642728268988&CODE_STATE=getMsg HTTP/1.1" 200 27
116.233.73.218 - - [21/Jan/2022:09:24:25 +0800] "POST /xingrg/kc/buy/cgsh_order_operate.html HTTP/1.1" 200 2065
180.152.99.39 - - [21/Jan/2022:09:24:25 +0800] "GET /xingrg/kc/buy/cgsh_order_operate.html?command=get_materiel&rest_code=00151&code=00101008069&supplier_code=00100007&order_time=2022-01-21 HTTP/1.1" 200 412
222.70.178.207 - - [21/Jan/2022:09:24:26 +0800] "GET /xingrg/kc/buy/cgsh_order_operate.html?command=get_materiel&rest_code=00111&code=00101008168&supplier_code=00100005&order_time=2022-01-21 HTTP/1.1" 200 413
116.233.73.218 - - [21/Jan/2022:09:24:29 +0800] "GET /xingrg/kc/buy/cgsh_order_operate.html?command=get_materiel&rest_code=00109&code=00101013021&supplier_code=00100005&order_time=2022-01-21 HTTP/1.1" 200 412
101.83.241.107 - - [21/Jan/2022:09:24:30 +0800] "GET /xingrg/kc/buy/cgsh_order_operate.html?command=get_materiel&rest_code=00149&code=00101008257&supplier_code=00100005&order_time=2022-01-20 HTTP/1.1" 200 416
180.152.99.39 - - [21/Jan/2022:09:24:32 +0800] "GET /xingrg/kc/buy/cgsh_order_operate.html?command=get_materiel&rest_code=00151&code=00101008312&supplier_code=00100007&order_time=2022-01-21 HTTP/1.1" 200 412
222.70.243.96 - - [21/Jan/2022:09:24:34 +0800] "GET /xingrg/kc/buy/cgsh_order_operate.html?command=get_materiel&rest_code=00146&code=00101015061&supplier_code=00100005&order_time=2022-01-21 HTTP/1.1" 200 431
222.70.217.149 - - [21/Jan/2022:09:24:34 +0800] "GET /xingrg/all/function/internal_message.html?_=1642728252264&CODE_STATE=getMsg HTTP/1.1" 200 27
222.70.178.207 - - [21/Jan/2022:09:24:34 +0800] "GET /xingrg/kc/buy/cgsh_order_operate.html?command=get_materiel&rest_code=00111&code=00101008633&supplier_code=00100005&order_time=2022-01-21 HTTP/1.1" 200 400
116.233.73.218 - - [21/Jan/2022:09:24:34 +0800] "GET /xingrg/kc/buy/cgsh_order_operate.html?command=get_materiel&rest_code=00109&code=00101008103&supplier_code=00100005&order_time=2022-01-21 HTTP/1.1" 200 417
58.39.168.32 - - [21/Jan/2022:09:24:35 +0800] "GET /xingrg/all/function/internal_message.html?_=1642728272523&CODE_STATE=getMsg HTTP/1.1" 200 27
222.70.178.207 - - [21/Jan/2022:09:24:37 +0800] "POST /xingrg/kc/buy/cgsh_order_operate.html HTTP/1.1" 200 2065
180.157.251.97 - - [21/Jan/2022:09:24:37 +0800] "GET /xingrg/check_reg.html?_=1642728275917 HTTP/1.1" 302 -
180.152.99.39 - - [21/Jan/2022:09:24:38 +0800] "GET /xingrg/kc/buy/cgsh_order_operate.html?command=get_materiel&rest_code=00151&code=00101008087&supplier_code=00100007&order_time=2022-01-21 HTTP/1.1" 200 412
116.233.73.218 - - [21/Jan/2022:09:24:42 +0800] "GET /xingrg/kc/buy/cgsh_order_operate.html?command=get_materiel&rest_code=00109&code=00101008323&supplier_code=00100005&order_time=2022-01-21 HTTP/1.1" 200 408
222.70.178.207 - - [21/Jan/2022:09:24:42 +0800] "GET /xingrg/kc/buy/cgsh_order_operate.html?command=get_materiel&rest_code=00111&code=00101008558&supplier_code=00100005&order_time=2022-01-21 HTTP/1.1" 200 395
58.39.168.32 - - [21/Jan/2022:09:24:47 +0800] "GET /xingrg/check_reg.html?_=1642728284424 HTTP/1.1" 200 22
58.39.168.32 - - [21/Jan/2022:09:24:47 +0800] "GET /xingrg/all/function/internal_message.html?_=1642728284427&CODE_STATE=getMsg HTTP/1.1" 200 27
180.169.147.146 - - [21/Jan/2022:09:24:49 +0800] "GET /xingrg/all/function/internal_message.html?_=1642728286607&CODE_STATE=getMsg HTTP/1.1" 200 27
114.95.98.1 - - [21/Jan/2022:09:24:49 +0800] "GET /xingrg/all/function/internal_message.html?_=1642728290008&CODE_STATE=getMsg HTTP/1.1" 200 27
116.233.73.218 - - [21/Jan/2022:09:24:50 +0800] "GET /xingrg/kc/buy/cgsh_order_operate.html?command=get_materiel&rest_code=00109&code=00101008350&supplier_code=00100005&order_time=2022-01-21 HTTP/1.1" 200 408
222.70.243.96 - - [21/Jan/2022:09:24:51 +0800] "GET /xingrg/kc/buy/cgsh_order_operate.html?command=get_materiel&rest_code=00146&code=00101015062&supplier_code=00100005&order_time=2022-01-21 HTTP/1.1" 200 412
180.152.99.39 - - [21/Jan/2022:09:24:54 +0800] "POST /xingrg/kc/buy/cgsh_order_operate.html HTTP/1.1" 200 37
116.233.73.218 - - [21/Jan/2022:09:24:56 +0800] "GET /xingrg/kc/buy/cgsh_order_operate.html?command=get_materiel&rest_code=00109&code=00101015060&supplier_code=00100005&order_time=2022-01-21 HTTP/1.1" 200 412
222.70.178.207 - - [21/Jan/2022:09:24:56 +0800] "GET /xingrg/kc/buy/cgsh_order_operate.html?command=get_materiel&rest_code=00111&code=00101008171&supplier_code=00100005&order_time=2022-01-21 HTTP/1.1" 200 421
101.83.241.107 - - [21/Jan/2022:09:24:57 +0800] "GET /xingrg/kc/buy/cgsh_order_operate.html?command=get_materiel&rest_code=00149&code=00101008156&supplier_code=00100005&order_time=2022-01-20 HTTP/1.1" 200 414
116.233.73.218 - - [21/Jan/2022:09:24:57 +0800] "POST /xingrg/kc/buy/cgsh_order_operate.html HTTP/1.1" 200 2065
116.233.73.218 - - [21/Jan/2022:09:25:00 +0800] "GET /xingrg/kc/buy/cgsh_order_operate.html?command=get_materiel&rest_code=00109&code=00101008223&supplier_code=00100005&order_time=2022-01-21 HTTP/1.1" 200 412
116.233.73.218 - - [21/Jan/2022:09:25:02 +0800] "GET /xingrg/all/function/internal_message.html?_=1642728301166&CODE_STATE=getMsg HTTP/1.1" 200 27
222.70.178.207 - - [21/Jan/2022:09:25:04 +0800] "GET /xingrg/all/function/internal_message.html?_=1642728301750&CODE_STATE=getMsg HTTP/1.1" 200 27
180.152.99.39 - - [21/Jan/2022:09:25:04 +0800] "POST /xingrg/kc/buy/cgsh_order_operate.html HTTP/1.1" 200 16453
222.70.243.96 - - [21/Jan/2022:09:25:05 +0800] "GET /xingrg/kc/buy/cgsh_order_operate.html?command=get_materiel&rest_code=00146&code=00101015017&supplier_code=00100005&order_time=2022-01-21 HTTP/1.1" 200 412
116.233.73.218 - - [21/Jan/2022:09:25:07 +0800] "GET /xingrg/kc/buy/cgsh_order_operate.html?command=get_materiel&rest_code=00109&code=00101008286&supplier_code=00100005&order_time=2022-01-21 HTTP/1.1" 200 427
180.152.99.39 - - [21/Jan/2022:09:25:07 +0800] "GET /xingrg/kc/buy/cgsh_order_add.html HTTP/1.1" 200 65024
180.152.99.39 - - [21/Jan/2022:09:25:08 +0800] "POST /xingrg/kc/buy/cgsh_order_operate.html HTTP/1.1" 200 8245
180.152.99.39 - - [21/Jan/2022:09:25:08 +0800] "GET /xingrg/javascript/easyui/themes/default/validatebox.css HTTP/1.1" 404 1104
101.83.241.107 - - [21/Jan/2022:09:25:08 +0800] "GET /xingrg/kc/buy/cgsh_order_operate.html?command=get_materiel&rest_code=00149&code=00101008349&supplier_code=00100005&order_time=2022-01-20 HTTP/1.1" 200 412
180.152.99.39 - - [21/Jan/2022:09:25:11 +0800] "GET /xingrg/all/function/internal_message.html?_=1642728241398&CODE_STATE=getMsg HTTP/1.1" 200 27
116.233.73.218 - - [21/Jan/2022:09:25:12 +0800] "GET /xingrg/kc/buy/cgsh_order_operate.html?command=get_materiel&rest_code=00109&code=00101008353&supplier_code=00100005&order_time=2022-01-21 HTTP/1.1" 200 408
222.70.178.207 - - [21/Jan/2022:09:25:14 +0800] "GET /xingrg/kc/buy/cgsh_order_operate.html?command=get_materiel&rest_code=00111&code=00101008223&supplier_code=00100005&order_time=2022-01-21 HTTP/1.1" 200 412
180.152.99.73 - - [21/Jan/2022:09:25:16 +0800] "GET /xingrg/all/function/internal_message.html?_=1642728315173&CODE_STATE=getMsg HTTP/1.1" 200 27
180.152.99.39 - - [21/Jan/2022:09:25:18 +0800] "GET /xingrg/kc/buy/cgsh_order_operate.html?command=get_materiel&rest_code=00151&code=00101009078&supplier_code=00100424&order_time=2022-01-21 HTTP/1.1" 200 394
116.233.73.218 - - [21/Jan/2022:09:25:19 +0800] "GET /xingrg/kc/buy/cgsh_order_operate.html?command=get_materiel&rest_code=00109&code=00101008095&supplier_code=00100005&order_time=2022-01-21 HTTP/1.1" 200 412
222.70.217.149 - - [21/Jan/2022:09:25:19 +0800] "GET /xingrg/kc/buy/cgsh_order_add.html HTTP/1.1" 200 65376
222.70.217.149 - - [21/Jan/2022:09:25:20 +0800] "POST /xingrg/kc/buy/cgsh_order_operate.html HTTP/1.1" 200 8245
222.70.217.149 - - [21/Jan/2022:09:25:20 +0800] "GET /xingrg/javascript/easyui/themes/default/validatebox.css HTTP/1.1" 404 1104
101.83.241.107 - - [21/Jan/2022:09:25:21 +0800] "GET /xingrg/all/function/internal_message.html?_=1642728316475&CODE_STATE=getMsg HTTP/1.1" 200 27
222.70.217.149 - - [21/Jan/2022:09:25:21 +0800] "GET /xingrg/javascript/auto/indicator.gif HTTP/1.1" 404 1066
101.83.241.107 - - [21/Jan/2022:09:25:22 +0800] "GET /xingrg/kc/buy/cgsh_order_operate.html?command=get_materiel&rest_code=00149&code=00101008350&supplier_code=00100005&order_time=2022-01-20 HTTP/1.1" 200 408
222.70.217.149 - - [21/Jan/2022:09:25:23 +0800] "GET /xingrg/javascript/jquery_tools/images/prev.gif HTTP/1.1" 404 1086
222.70.217.149 - - [21/Jan/2022:09:25:23 +0800] "GET /xingrg/javascript/jquery_tools/images/next.gif HTTP/1.1" 404 1086
222.70.243.96 - - [21/Jan/2022:09:25:23 +0800] "GET /xingrg/all/function/internal_message.html?_=1642728329002&CODE_STATE=getMsg HTTP/1.1" 200 27
180.152.99.73 - - [21/Jan/2022:09:25:25 +0800] "POST /xingrg/kc/buy/cgsh_order_operate.html HTTP/1.1" 200 37
116.233.73.218 - - [21/Jan/2022:09:25:25 +0800] "GET /xingrg/kc/buy/cgsh_order_operate.html?command=get_materiel&rest_code=00109&code=00101008236&supplier_code=00100005&order_time=2022-01-21 HTTP/1.1" 200 417
116.233.73.218 - - [21/Jan/2022:09:25:28 +0800] "POST /xingrg/kc/buy/cgsh_order_operate.html HTTP/1.1" 200 2065
180.152.99.73 - - [21/Jan/2022:09:25:28 +0800] "POST /xingrg/kc/buy/cgsh_order_operate.html HTTP/1.1" 200 12
222.70.178.207 - - [21/Jan/2022:09:25:28 +0800] "POST /xingrg/kc/buy/cgsh_order_operate.html HTTP/1.1" 200 2065
222.70.217.149 - - [21/Jan/2022:09:25:28 +0800] "GET /xingrg/kc/buy/cgsh_order_operate.html?command=get_materiel&rest_code=00155&code=00101008049&supplier_code=00100005&order_time=2022-01-21 HTTP/1.1" 200 408
180.152.99.73 - - [21/Jan/2022:09:25:31 +0800] "GET /xingrg/kc/buy/cgsh_order_info.html?code=212022012110342 HTTP/1.1" 200 60231
180.152.99.39 - - [21/Jan/2022:09:25:31 +0800] "GET /xingrg/kc/buy/cgsh_order_operate.html?command=get_materiel&rest_code=00151&code=00101009007&supplier_code=00100424&order_time=2022-01-21 HTTP/1.1" 200 408
116.233.73.218 - - [21/Jan/2022:09:25:31 +0800] "GET /xingrg/kc/buy/cgsh_order_operate.html?command=get_materiel&rest_code=00109&code=00101008168&supplier_code=00100005&order_time=2022-01-21 HTTP/1.1" 200 413
180.152.99.73 - - [21/Jan/2022:09:25:31 +0800] "GET /xingrg/javascript/easyui/themes/default/validatebox.css HTTP/1.1" 404 1104
180.152.99.73 - - [21/Jan/2022:09:25:32 +0800] "POST /xingrg/kc/buy/cgsh_order_operate.html HTTP/1.1" 200 8375
222.70.217.149 - - [21/Jan/2022:09:25:34 +0800] "GET /xingrg/check_reg.html?_=1642728312241 HTTP/1.1" 200 22
222.70.217.149 - - [21/Jan/2022:09:25:34 +0800] "GET /xingrg/all/function/internal_message.html?_=1642728312243&CODE_STATE=getMsg HTTP/1.1" 200 27
58.39.168.32 - - [21/Jan/2022:09:25:35 +0800] "GET /xingrg/all/function/internal_message.html?_=1642728332505&CODE_STATE=getMsg HTTP/1.1" 200 27
58.39.168.32 - - [21/Jan/2022:09:25:35 +0800] "GET /xingrg/check_reg.html?_=1642728332805 HTTP/1.1" 200 22
222.70.243.96 - - [21/Jan/2022:09:25:35 +0800] "POST /xingrg/kc/buy/cgsh_order_operate.html HTTP/1.1" 200 37
180.152.99.73 - - [21/Jan/2022:09:25:35 +0800] "GET /xingrg/kc/print/load_data.html?order_code=212022012110342&kc_code=cgsh&condition= HTTP/1.1" 200 3652
222.70.217.149 - - [21/Jan/2022:09:25:37 +0800] "GET /xingrg/kc/buy/cgsh_order_operate.html?command=get_materiel&rest_code=00155&code=00101008149&supplier_code=00100005&order_time=2022-01-21 HTTP/1.1" 200 408
116.233.73.218 - - [21/Jan/2022:09:25:37 +0800] "GET /xingrg/kc/buy/cgsh_order_operate.html?command=get_materiel&rest_code=00109&code=00101008114&supplier_code=00100005&order_time=2022-01-21 HTTP/1.1" 200 413
180.152.99.39 - - [21/Jan/2022:09:25:39 +0800] "GET /xingrg/kc/buy/cgsh_order_operate.html?command=get_materiel&rest_code=00151&code=00101009106&supplier_code=00100424&order_time=2022-01-21 HTTP/1.1" 200 392
222.70.243.96 - - [21/Jan/2022:09:25:40 +0800] "POST /xingrg/kc/buy/cgsh_order_operate.html HTTP/1.1" 200 48780
222.70.178.207 - - [21/Jan/2022:09:25:43 +0800] "GET /xingrg/kc/buy/cgsh_order_operate.html?command=get_materiel&rest_code=00111&code=00101008098&supplier_code=00100005&order_time=2022-01-21 HTTP/1.1" 200 412
116.233.73.218 - - [21/Jan/2022:09:25:43 +0800] "GET /xingrg/kc/buy/cgsh_order_operate.html?command=get_materiel&rest_code=00109&code=00101015066&supplier_code=00100005&order_time=2022-01-21 HTTP/1.1" 200 413
222.70.243.96 - - [21/Jan/2022:09:25:45 +0800] "GET /xingrg/kc/print/load_config.html?kc_code=cgsh HTTP/1.1" 200 1943
222.70.243.96 - - [21/Jan/2022:09:25:45 +0800] "GET /xingrg/kc/print/load_data.html?order_code=212022012110339&kc_code=cgsh&condition= HTTP/1.1" 200 18141
222.70.217.149 - - [21/Jan/2022:09:25:46 +0800] "GET /xingrg/kc/buy/cgsh_order_operate.html?command=get_materiel&rest_code=00155&code=00101008005&supplier_code=00100005&order_time=2022-01-21 HTTP/1.1" 200 412
58.39.168.32 - - [21/Jan/2022:09:25:47 +0800] "GET /xingrg/all/function/internal_message.html?_=1642728344427&CODE_STATE=getMsg HTTP/1.1" 200 27
180.152.99.39 - - [21/Jan/2022:09:25:48 +0800] "GET /xingrg/kc/buy/cgsh_order_operate.html?command=get_materiel&rest_code=00151&code=00101009053&supplier_code=00100424&order_time=2022-01-21 HTTP/1.1" 200 408
116.233.73.218 - - [21/Jan/2022:09:25:49 +0800] "GET /xingrg/kc/buy/cgsh_order_operate.html?command=get_materiel&rest_code=00109&code=00101008284&supplier_code=00100005&order_time=2022-01-21 HTTP/1.1" 200 412
180.169.147.146 - - [21/Jan/2022:09:25:49 +0800] "GET /xingrg/all/function/internal_message.html?_=1642728346616&CODE_STATE=getMsg HTTP/1.1" 200 27
114.95.98.1 - - [21/Jan/2022:09:25:49 +0800] "GET /xingrg/all/function/internal_message.html?_=1642728350008&CODE_STATE=getMsg HTTP/1.1" 200 27
222.70.178.207 - - [21/Jan/2022:09:25:50 +0800] "GET /xingrg/kc/buy/cgsh_order_operate.html?command=get_materiel&rest_code=00111&code=00101008114&supplier_code=00100005&order_time=2022-01-21 HTTP/1.1" 200 413
222.70.217.149 - - [21/Jan/2022:09:25:51 +0800] "GET /xingrg/kc/buy/cgsh_order_operate.html?command=get_materiel&rest_code=00155&code=00101008361&supplier_code=00100005&order_time=2022-01-21 HTTP/1.1" 200 408
116.233.73.218 - - [21/Jan/2022:09:25:55 +0800] "GET /xingrg/kc/buy/cgsh_order_operate.html?command=get_materiel&rest_code=00109&code=00101015038&supplier_code=00100005&order_time=2022-01-21 HTTP/1.1" 200 418
116.233.73.218 - - [21/Jan/2022:09:25:56 +0800] "POST /xingrg/kc/buy/cgsh_order_operate.html HTTP/1.1" 200 2065
222.70.217.149 - - [21/Jan/2022:09:25:56 +0800] "GET /xingrg/kc/buy/cgsh_order_operate.html?command=get_materiel&rest_code=00155&code=00101008091&supplier_code=00100005&order_time=2022-01-21 HTTP/1.1" 200 412
116.233.73.218 - - [21/Jan/2022:09:26:00 +0800] "GET /xingrg/kc/buy/cgsh_order_operate.html?command=get_materiel&rest_code=00109&code=00101015046&supplier_code=00100005&order_time=2022-01-21 HTTP/1.1" 200 412
116.233.73.218 - - [21/Jan/2022:09:26:02 +0800] "GET /xingrg/all/function/internal_message.html?_=1642728361169&CODE_STATE=getMsg HTTP/1.1" 200 27
222.70.217.149 - - [21/Jan/2022:09:26:03 +0800] "GET /xingrg/kc/buy/cgsh_order_operate.html?command=get_materiel&rest_code=00155&code=00101008055&supplier_code=00100005&order_time=2022-01-21 HTTP/1.1" 200 409
222.70.178.207 - - [21/Jan/2022:09:26:04 +0800] "GET /xingrg/all/function/internal_message.html?_=1642728361750&CODE_STATE=getMsg HTTP/1.1" 200 27
116.233.73.218 - - [21/Jan/2022:09:26:08 +0800] "GET /xingrg/kc/buy/cgsh_order_operate.html?command=get_materiel&rest_code=00109&code=00101008286&supplier_code=00100005&order_time=2022-01-21 HTTP/1.1" 200 427
222.70.217.149 - - [21/Jan/2022:09:26:08 +0800] "GET /xingrg/kc/buy/cgsh_order_operate.html?command=get_materiel&rest_code=00155&code=00101008331&supplier_code=00100005&order_time=2022-01-21 HTTP/1.1" 200 416
222.70.178.207 - - [21/Jan/2022:09:26:10 +0800] "GET /xingrg/kc/buy/cgsh_order_operate.html?command=get_materiel&rest_code=00111&code=00101008095&supplier_code=00100005&order_time=2022-01-21 HTTP/1.1" 200 412
180.152.99.39 - - [21/Jan/2022:09:26:11 +0800] "GET /xingrg/check_reg.html?_=1642728301395 HTTP/1.1" 200 22
180.152.99.39 - - [21/Jan/2022:09:26:11 +0800] "GET /xingrg/all/function/internal_message.html?_=1642728301412&CODE_STATE=getMsg HTTP/1.1" 200 27
222.70.178.207 - - [21/Jan/2022:09:26:12 +0800] "POST /xingrg/kc/buy/cgsh_order_operate.html HTTP/1.1" 200 2065
222.70.217.149 - - [21/Jan/2022:09:26:13 +0800] "GET /xingrg/kc/buy/cgsh_order_operate.html?command=get_materiel&rest_code=00155&code=00101008010&supplier_code=00100005&order_time=2022-01-21 HTTP/1.1" 200 412
180.152.99.73 - - [21/Jan/2022:09:26:16 +0800] "GET /xingrg/all/function/internal_message.html?_=1642728375165&CODE_STATE=getMsg HTTP/1.1" 200 27
116.233.73.218 - - [21/Jan/2022:09:26:16 +0800] "GET /xingrg/kc/buy/cgsh_order_operate.html?command=get_materiel&rest_code=00109&code=00101008323&supplier_code=00100005&order_time=2022-01-21 HTTP/1.1" 200 408
180.152.99.39 - - [21/Jan/2022:09:26:17 +0800] "GET /xingrg/kc/buy/cgsh_order_operate.html?command=get_materiel&rest_code=00151&code=00101009062&supplier_code=00100424&order_time=2022-01-21 HTTP/1.1" 200 412
222.70.217.149 - - [21/Jan/2022:09:26:19 +0800] "GET /xingrg/kc/buy/cgsh_order_operate.html?command=get_materiel&rest_code=00155&code=00101008646&supplier_code=00100005&order_time=2022-01-21 HTTP/1.1" 200 399
101.83.241.107 - - [21/Jan/2022:09:26:21 +0800] "GET /xingrg/all/function/internal_message.html?_=1642728376486&CODE_STATE=getMsg HTTP/1.1" 200 27
222.70.243.96 - - [21/Jan/2022:09:26:23 +0800] "GET /xingrg/all/function/internal_message.html?_=1642728389099&CODE_STATE=getMsg HTTP/1.1" 200 27
116.233.73.218 - - [21/Jan/2022:09:26:24 +0800] "GET /xingrg/kc/buy/cgsh_order_operate.html?command=get_materiel&rest_code=00109&code=00101008156&supplier_code=00100005&order_time=2022-01-21 HTTP/1.1" 200 414
222.70.217.149 - - [21/Jan/2022:09:26:27 +0800] "GET /xingrg/kc/buy/cgsh_order_operate.html?command=get_materiel&rest_code=00155&code=00101008096&supplier_code=00100005&order_time=2022-01-21 HTTP/1.1" 200 413
222.70.217.149 - - [21/Jan/2022:09:26:31 +0800] "GET /xingrg/kc/buy/cgsh_order_operate.html?command=get_materiel&rest_code=00155&code=00101008290&supplier_code=00100005&order_time=2022-01-21 HTTP/1.1" 200 416
180.152.99.39 - - [21/Jan/2022:09:26:32 +0800] "GET /xingrg/kc/buy/cgsh_order_operate.html?command=get_materiel&rest_code=00151&code=00101009049&supplier_code=00100424&order_time=2022-01-21 HTTP/1.1" 200 416
116.233.73.218 - - [21/Jan/2022:09:26:32 +0800] "GET /xingrg/kc/buy/cgsh_order_operate.html?command=get_materiel&rest_code=00109&code=00101008350&supplier_code=00100005&order_time=2022-01-21 HTTP/1.1" 200 408
222.70.217.149 - - [21/Jan/2022:09:26:34 +0800] "GET /xingrg/all/function/internal_message.html?_=1642728372235&CODE_STATE=getMsg HTTP/1.1" 200 27
116.233.73.218 - - [21/Jan/2022:09:26:35 +0800] "POST /xingrg/kc/buy/cgsh_order_operate.html HTTP/1.1" 200 2065
58.39.168.32 - - [21/Jan/2022:09:26:35 +0800] "GET /xingrg/all/function/internal_message.html?_=1642728392478&CODE_STATE=getMsg HTTP/1.1" 200 27
116.233.73.218 - - [21/Jan/2022:09:26:38 +0800] "GET /xingrg/kc/buy/cgsh_order_operate.html?command=get_materiel&rest_code=00109&code=00101008036&supplier_code=00100005&order_time=2022-01-21 HTTP/1.1" 200 408
101.83.241.107 - - [21/Jan/2022:09:26:42 +0800] "GET /xingrg/kc/buy/cgsh_order_operate.html?command=get_materiel&rest_code=00149&code=00101008107&supplier_code=00100005&order_time=2022-01-20 HTTP/1.1" 200 412
222.70.217.149 - - [21/Jan/2022:09:26:42 +0800] "GET /xingrg/kc/buy/cgsh_order_operate.html?command=get_materiel&rest_code=00155&code=00101008300&supplier_code=00100005&order_time=2022-01-21 HTTP/1.1" 200 412
58.39.168.32 - - [21/Jan/2022:09:26:47 +0800] "GET /xingrg/all/function/internal_message.html?_=1642728404428&CODE_STATE=getMsg HTTP/1.1" 200 27
180.152.99.39 - - [21/Jan/2022:09:26:47 +0800] "GET /xingrg/kc/buy/cgsh_order_operate.html?command=get_materiel&rest_code=00151&code=00101009031&supplier_code=00100424&order_time=2022-01-21 HTTP/1.1" 200 409
222.70.217.149 - - [21/Jan/2022:09:26:47 +0800] "GET /xingrg/kc/buy/cgsh_order_operate.html?command=get_materiel&rest_code=00155&code=00101008148&supplier_code=00100005&order_time=2022-01-21 HTTP/1.1" 200 416
116.233.73.218 - - [21/Jan/2022:09:26:47 +0800] "GET /xingrg/kc/buy/cgsh_order_operate.html?command=get_materiel&rest_code=00109&code=00101008350&supplier_code=00100005&order_time=2022-01-21 HTTP/1.1" 200 408
180.152.99.73 - - [21/Jan/2022:09:26:48 +0800] "GET /xingrg/kc/buy/cgsh_order_add.html HTTP/1.1" 200 65332
180.152.99.73 - - [21/Jan/2022:09:26:48 +0800] "GET /xingrg/javascript/easyui/themes/default/validatebox.css HTTP/1.1" 404 1104
180.152.99.73 - - [21/Jan/2022:09:26:48 +0800] "POST /xingrg/kc/buy/cgsh_order_operate.html HTTP/1.1" 200 8245
180.169.147.146 - - [21/Jan/2022:09:26:49 +0800] "GET /xingrg/all/function/internal_message.html?_=1642728406611&CODE_STATE=getMsg HTTP/1.1" 200 27
114.95.98.1 - - [21/Jan/2022:09:26:49 +0800] "GET /xingrg/all/function/internal_message.html?_=1642728410012&CODE_STATE=getMsg HTTP/1.1" 200 27
222.70.217.149 - - [21/Jan/2022:09:26:52 +0800] "GET /xingrg/kc/buy/cgsh_order_operate.html?command=get_materiel&rest_code=00155&code=00101008264&supplier_code=00100005&order_time=2022-01-21 HTTP/1.1" 200 412
101.83.241.107 - - [21/Jan/2022:09:26:56 +0800] "GET /xingrg/kc/buy/cgsh_order_operate.html?command=get_materiel&rest_code=00149&code=00101008354&supplier_code=00100005&order_time=2022-01-20 HTTP/1.1" 200 412
