116.233.73.218 - - [21/Jan/2022:09:26:56 +0800] "GET /xingrg/kc/buy/cgsh_order_operate.html?command=get_materiel&rest_code=00109&code=00101008148&supplier_code=00100005&order_time=2022-01-21 HTTP/1.1" 200 416
180.152.99.73 - - [21/Jan/2022:09:26:56 +0800] "GET /xingrg/kc/buy/cgsh_order_operate.html?command=get_materiel&rest_code=00150&code=00101011005&supplier_code=00100047&order_time=2022-01-21 HTTP/1.1" 200 428
222.70.178.207 - - [21/Jan/2022:09:27:01 +0800] "POST /xingrg/kc/buy/cgsh_order_operate.html HTTP/1.1" 200 37
222.70.217.149 - - [21/Jan/2022:09:27:02 +0800] "GET /xingrg/kc/buy/cgsh_order_operate.html?command=get_materiel&rest_code=00155&code=00101008001&supplier_code=00100005&order_time=2022-01-21 HTTP/1.1" 200 432
116.233.73.218 - - [21/Jan/2022:09:27:02 +0800] "GET /xingrg/all/function/internal_message.html?_=1642728421175&CODE_STATE=getMsg HTTP/1.1" 200 27
180.152.99.39 - - [21/Jan/2022:09:27:02 +0800] "GET /xingrg/kc/buy/cgsh_order_operate.html?command=get_materiel&rest_code=00151&code=00101009112&supplier_code=00100424&order_time=2022-01-21 HTTP/1.1" 200 411
116.233.73.218 - - [21/Jan/2022:09:27:02 +0800] "GET /xingrg/kc/buy/cgsh_order_operate.html?command=get_materiel&rest_code=00109&code=00101008357&supplier_code=00100005&order_time=2022-01-21 HTTP/1.1" 200 408
222.70.178.207 - - [21/Jan/2022:09:27:05 +0800] "GET /xingrg/all/function/internal_message.html?_=1642728422407&CODE_STATE=getMsg HTTP/1.1" 200 27
222.70.178.207 - - [21/Jan/2022:09:27:05 +0800] "POST /xingrg/kc/buy/cgsh_order_operate.html HTTP/1.1" 200 49381
101.83.241.107 - - [21/Jan/2022:09:27:07 +0800] "GET /xingrg/kc/buy/cgsh_order_operate.html?command=get_materiel&rest_code=00149&code=00101008028&supplier_code=00100005&order_time=2022-01-20 HTTP/1.1" 200 412
180.152.99.39 - - [21/Jan/2022:09:27:10 +0800] "POST /xingrg/kc/buy/cgsh_order_operate.html HTTP/1.1" 200 37
222.70.217.149 - - [21/Jan/2022:09:27:10 +0800] "GET /xingrg/kc/buy/cgsh_order_operate.html?command=get_materiel&rest_code=00155&code=00101008251&supplier_code=00100005&order_time=2022-01-21 HTTP/1.1" 200 408
180.152.99.73 - - [21/Jan/2022:09:27:10 +0800] "GET /xingrg/kc/buy/cgsh_order_operate.html?command=get_materiel&rest_code=00150&code=00101011004&supplier_code=00100047&order_time=2022-01-21 HTTP/1.1" 200 412
116.233.73.218 - - [21/Jan/2022:09:27:10 +0800] "GET /xingrg/kc/buy/cgsh_order_operate.html?command=get_materiel&rest_code=00109&code=00101008230&supplier_code=00100005&order_time=2022-01-21 HTTP/1.1" 200 408
180.152.99.39 - - [21/Jan/2022:09:27:12 +0800] "POST /xingrg/kc/buy/cgsh_order_operate.html HTTP/1.1" 200 6849
116.233.73.218 - - [21/Jan/2022:09:27:13 +0800] "POST /xingrg/kc/buy/cgsh_order_operate.html HTTP/1.1" 200 2065
222.70.178.207 - - [21/Jan/2022:09:27:14 +0800] "GET /xingrg/kc/print/load_config.html?kc_code=cgsh HTTP/1.1" 200 1943
222.70.178.207 - - [21/Jan/2022:09:27:14 +0800] "GET /xingrg/kc/print/load_data.html?order_code=212022012110338&kc_code=cgsh&condition= HTTP/1.1" 200 18366
222.70.217.149 - - [21/Jan/2022:09:27:16 +0800] "GET /xingrg/kc/buy/cgsh_order_operate.html?command=get_materiel&rest_code=00155&code=00101008137&supplier_code=00100005&order_time=2022-01-21 HTTP/1.1" 200 408
180.152.99.73 - - [21/Jan/2022:09:27:18 +0800] "POST /xingrg/kc/buy/cgsh_order_operate.html HTTP/1.1" 200 37
116.233.73.218 - - [21/Jan/2022:09:27:19 +0800] "GET /xingrg/kc/buy/cgsh_order_operate.html?command=get_materiel&rest_code=00109&code=00101008286&supplier_code=00100005&order_time=2022-01-21 HTTP/1.1" 200 427
101.83.241.107 - - [21/Jan/2022:09:27:20 +0800] "GET /xingrg/kc/buy/cgsh_order_operate.html?command=get_materiel&rest_code=00149&code=00101008351&supplier_code=00100005&order_time=2022-01-20 HTTP/1.1" 200 427
222.70.217.149 - - [21/Jan/2022:09:27:21 +0800] "GET /xingrg/kc/buy/cgsh_order_operate.html?command=get_materiel&rest_code=00155&code=00101008360&supplier_code=00100005&order_time=2022-01-21 HTTP/1.1" 200 432
101.83.241.107 - - [21/Jan/2022:09:27:21 +0800] "GET /xingrg/all/function/internal_message.html?_=1642728436525&CODE_STATE=getMsg HTTP/1.1" 200 27
180.152.99.73 - - [21/Jan/2022:09:27:22 +0800] "POST /xingrg/kc/buy/cgsh_order_operate.html HTTP/1.1" 200 12
222.70.243.96 - - [21/Jan/2022:09:27:23 +0800] "GET /xingrg/all/function/internal_message.html?_=1642728449107&CODE_STATE=getMsg HTTP/1.1" 200 27
180.152.99.73 - - [21/Jan/2022:09:27:23 +0800] "GET /xingrg/kc/buy/cgsh_order_info.html?code=212022012110344 HTTP/1.1" 200 60241
180.152.99.73 - - [21/Jan/2022:09:27:24 +0800] "GET /xingrg/javascript/easyui/themes/default/validatebox.css HTTP/1.1" 404 1104
180.152.99.73 - - [21/Jan/2022:09:27:24 +0800] "POST /xingrg/kc/buy/cgsh_order_operate.html HTTP/1.1" 200 1198
116.233.73.218 - - [21/Jan/2022:09:27:25 +0800] "GET /xingrg/kc/buy/cgsh_order_operate.html?command=get_materiel&rest_code=00109&code=00101008041&supplier_code=00100005&order_time=2022-01-21 HTTP/1.1" 200 408
180.152.99.73 - - [21/Jan/2022:09:27:25 +0800] "GET /xingrg/kc/print/load_data.html?order_code=212022012110344&kc_code=cgsh&condition= HTTP/1.1" 200 984
222.70.217.149 - - [21/Jan/2022:09:27:26 +0800] "GET /xingrg/kc/buy/cgsh_order_operate.html?command=get_materiel&rest_code=00155&code=00101008270&supplier_code=00100005&order_time=2022-01-21 HTTP/1.1" 200 412
222.70.217.149 - - [21/Jan/2022:09:27:28 +0800] "POST /xingrg/kc/buy/cgsh_order_operate.html HTTP/1.1" 200 2065
222.70.178.207 - - [21/Jan/2022:09:27:30 +0800] "GET /xingrg/kc/buy/cgsh_order_add.html HTTP/1.1" 200 65370
222.70.178.207 - - [21/Jan/2022:09:27:30 +0800] "GET /xingrg/javascript/easyui/themes/default/validatebox.css HTTP/1.1" 404 1104
222.70.178.207 - - [21/Jan/2022:09:27:30 +0800] "POST /xingrg/kc/buy/cgsh_order_operate.html HTTP/1.1" 200 8245
222.70.217.149 - - [21/Jan/2022:09:27:31 +0800] "GET /xingrg/kc/buy/cgsh_order_operate.html?command=get_materiel&rest_code=00155&code=00101008197&supplier_code=00100005&order_time=2022-01-21 HTTP/1.1" 200 416
101.83.241.107 - - [21/Jan/2022:09:27:33 +0800] "GET /xingrg/kc/buy/cgsh_order_operate.html?command=get_materiel&rest_code=00149&code=00101008026&supplier_code=00100005&order_time=2022-01-20 HTTP/1.1" 200 409
222.70.217.149 - - [21/Jan/2022:09:27:34 +0800] "GET /xingrg/all/function/internal_message.html?_=1642728432241&CODE_STATE=getMsg HTTP/1.1" 200 27
222.70.178.207 - - [21/Jan/2022:09:27:34 +0800] "GET /xingrg/javascript/jquery_tools/images/prev.gif HTTP/1.1" 404 1086
222.70.178.207 - - [21/Jan/2022:09:27:34 +0800] "GET /xingrg/javascript/jquery_tools/images/next.gif HTTP/1.1" 404 1086
58.39.168.32 - - [21/Jan/2022:09:27:35 +0800] "GET /xingrg/all/function/internal_message.html?_=1642728452460&CODE_STATE=getMsg HTTP/1.1" 200 27
180.152.99.73 - - [21/Jan/2022:09:27:36 +0800] "GET /xingrg/kc/base/yddb_order_list.html HTTP/1.1" 200 16672
180.152.99.73 - - [21/Jan/2022:09:27:37 +0800] "POST /xingrg/kc/base/yddb_list_operate.html HTTP/1.1" 200 1344
222.70.217.149 - - [21/Jan/2022:09:27:37 +0800] "GET /xingrg/kc/buy/cgsh_order_operate.html?command=get_materiel&rest_code=00155&code=00101008584&supplier_code=00100005&order_time=2022-01-21 HTTP/1.1" 200 396
180.152.99.73 - - [21/Jan/2022:09:27:39 +0800] "POST /xingrg/kc/base/yddb_list_operate.html HTTP/1.1" 200 211
116.233.73.218 - - [21/Jan/2022:09:27:40 +0800] "POST /xingrg/kc/buy/cgsh_order_operate.html HTTP/1.1" 200 37
180.152.99.73 - - [21/Jan/2022:09:27:41 +0800] "GET /xingrg/kc/base/yddb_order_info.html?code=482022011600107 HTTP/1.1" 200 31329
180.152.99.73 - - [21/Jan/2022:09:27:41 +0800] "GET /xingrg/dwr/util.js HTTP/1.1" 304 -
116.233.73.218 - - [21/Jan/2022:09:27:41 +0800] "POST /xingrg/kc/buy/cgsh_order_operate.html HTTP/1.1" 200 49427
180.152.99.73 - - [21/Jan/2022:09:27:41 +0800] "GET /xingrg/dwr/interface/AjaxYddbService.js HTTP/1.1" 200 13201
180.152.99.73 - - [21/Jan/2022:09:27:41 +0800] "GET /xingrg/dwr/interface/AjaxComOrderService.js HTTP/1.1" 200 18264
180.152.99.73 - - [21/Jan/2022:09:27:41 +0800] "GET /xingrg/dwr/engine.js HTTP/1.1" 200 43631
180.152.99.73 - - [21/Jan/2022:09:27:42 +0800] "POST /xingrg/dwr/call/plaincall/AjaxYddbService.loadMaterielItems.dwr HTTP/1.1" 200 448
222.70.178.207 - - [21/Jan/2022:09:27:42 +0800] "GET /xingrg/kc/buy/cgsh_order_operate.html?command=get_materiel&rest_code=00111&code=00101002027&supplier_code=00100199&order_time=2022-01-21 HTTP/1.1" 200 436
222.70.217.149 - - [21/Jan/2022:09:27:42 +0800] "GET /xingrg/kc/buy/cgsh_order_operate.html?command=get_materiel&rest_code=00155&code=00101008069&supplier_code=00100005&order_time=2022-01-21 HTTP/1.1" 200 412
58.39.168.32 - - [21/Jan/2022:09:27:47 +0800] "GET /xingrg/all/function/internal_message.html?_=1642728464428&CODE_STATE=getMsg HTTP/1.1" 200 27
222.70.217.149 - - [21/Jan/2022:09:27:47 +0800] "GET /xingrg/kc/buy/cgsh_order_operate.html?command=get_materiel&rest_code=00155&code=00101008006&supplier_code=00100005&order_time=2022-01-21 HTTP/1.1" 200 416
180.169.147.146 - - [21/Jan/2022:09:27:49 +0800] "GET /xingrg/check_reg.html?_=1642728466608 HTTP/1.1" 200 22
180.169.147.146 - - [21/Jan/2022:09:27:49 +0800] "GET /xingrg/all/function/internal_message.html?_=1642728466612&CODE_STATE=getMsg HTTP/1.1" 200 27
101.83.241.107 - - [21/Jan/2022:09:27:49 +0800] "GET /xingrg/kc/buy/cgsh_order_operate.html?command=get_materiel&rest_code=00149&code=00101008110&supplier_code=00100005&order_time=2022-01-20 HTTP/1.1" 200 408
114.95.98.1 - - [21/Jan/2022:09:27:49 +0800] "GET /xingrg/all/function/internal_message.html?_=1642728470016&CODE_STATE=getMsg HTTP/1.1" 200 27
222.70.217.149 - - [21/Jan/2022:09:27:53 +0800] "GET /xingrg/kc/buy/cgsh_order_operate.html?command=get_materiel&rest_code=00155&code=00101008131&supplier_code=00100005&order_time=2022-01-21 HTTP/1.1" 200 408
222.70.217.149 - - [21/Jan/2022:09:27:56 +0800] "POST /xingrg/kc/buy/cgsh_order_operate.html HTTP/1.1" 200 2065
101.83.241.107 - - [21/Jan/2022:09:27:58 +0800] "GET /xingrg/kc/buy/cgsh_order_operate.html?command=get_materiel&rest_code=00149&code=00101008096&supplier_code=00100005&order_time=2022-01-20 HTTP/1.1" 200 413
222.70.178.207 - - [21/Jan/2022:09:27:59 +0800] "GET /xingrg/kc/buy/cgsh_order_operate.html?command=get_materiel&rest_code=00111&code=00101002007&supplier_code=00100199&order_time=2022-01-21 HTTP/1.1" 200 411
222.70.217.149 - - [21/Jan/2022:09:28:01 +0800] "GET /xingrg/kc/buy/cgsh_order_operate.html?command=get_materiel&rest_code=00155&code=00101008108&supplier_code=00100005&order_time=2022-01-21 HTTP/1.1" 200 412
116.233.73.218 - - [21/Jan/2022:09:28:02 +0800] "GET /xingrg/all/function/internal_message.html?_=1642728481169&CODE_STATE=getMsg HTTP/1.1" 200 27
116.233.73.218 - - [21/Jan/2022:09:28:02 +0800] "GET /xingrg/check_reg.html?_=1642728481171 HTTP/1.1" 200 22
180.152.99.73 - - [21/Jan/2022:09:28:03 +0800] "POST /xingrg/dwr/call/plaincall/AjaxYddbService.deleteOrder.dwr HTTP/1.1" 200 78
222.70.178.207 - - [21/Jan/2022:09:28:05 +0800] "GET /xingrg/all/function/internal_message.html?_=1642728482403&CODE_STATE=getMsg HTTP/1.1" 200 27
222.70.217.149 - - [21/Jan/2022:09:28:06 +0800] "GET /xingrg/kc/buy/cgsh_order_operate.html?command=get_materiel&rest_code=00155&code=00101008352&supplier_code=00100005&order_time=2022-01-21 HTTP/1.1" 200 412
180.152.99.73 - - [21/Jan/2022:09:28:10 +0800] "GET /xingrg/kc/base/yddb_order_list.html HTTP/1.1" 200 16672
180.152.99.73 - - [21/Jan/2022:09:28:10 +0800] "POST /xingrg/kc/base/yddb_list_operate.html HTTP/1.1" 200 636
101.83.241.107 - - [21/Jan/2022:09:28:11 +0800] "GET /xingrg/kc/buy/cgsh_order_operate.html?command=get_materiel&rest_code=00149&code=00101008038&supplier_code=00100005&order_time=2022-01-20 HTTP/1.1" 200 412
180.152.99.39 - - [21/Jan/2022:09:28:11 +0800] "GET /xingrg/all/function/internal_message.html?_=1642728421439&CODE_STATE=getMsg HTTP/1.1" 200 27
180.152.99.73 - - [21/Jan/2022:09:28:11 +0800] "GET /xingrg/kc/base/yddb_order_add.html HTTP/1.1" 200 29837
180.152.99.73 - - [21/Jan/2022:09:28:12 +0800] "GET /xingrg/dwr/interface/AjaxYddbService.js HTTP/1.1" 200 13201
180.152.99.73 - - [21/Jan/2022:09:28:12 +0800] "GET /xingrg/dwr/interface/AjaxComOrderService.js HTTP/1.1" 200 18264
180.152.99.73 - - [21/Jan/2022:09:28:12 +0800] "GET /xingrg/dwr/engine.js HTTP/1.1" 200 43631
222.70.178.207 - - [21/Jan/2022:09:28:12 +0800] "GET /xingrg/kc/buy/cgsh_order_operate.html?command=get_materiel&rest_code=00111&code=00101002006&supplier_code=00100199&order_time=2022-01-21 HTTP/1.1" 200 414
222.70.217.149 - - [21/Jan/2022:09:28:12 +0800] "GET /xingrg/kc/buy/cgsh_order_operate.html?command=get_materiel&rest_code=00155&code=00101008353&supplier_code=00100005&order_time=2022-01-21 HTTP/1.1" 200 408
180.152.99.73 - - [21/Jan/2022:09:28:14 +0800] "POST /xingrg/dwr/call/plaincall/AjaxYddbService.getRestBases.dwr HTTP/1.1" 200 1562
180.152.99.73 - - [21/Jan/2022:09:28:16 +0800] "GET /xingrg/all/function/internal_message.html?_=1642728495183&CODE_STATE=getMsg HTTP/1.1" 200 27
222.70.217.149 - - [21/Jan/2022:09:28:18 +0800] "GET /xingrg/kc/buy/cgsh_order_operate.html?command=get_materiel&rest_code=00155&code=00101008095&supplier_code=00100005&order_time=2022-01-21 HTTP/1.1" 200 412
116.233.73.218 - - [21/Jan/2022:09:28:18 +0800] "GET /xingrg/kc/buy/cgsh_order_operate.html?command=get_materiel&rest_code=00109&code=00101008362&supplier_code=00100005&order_time=2022-01-21 HTTP/1.1" 200 408
101.83.241.107 - - [21/Jan/2022:09:28:21 +0800] "POST /xingrg/kc/buy/cgsh_order_operate.html HTTP/1.1" 200 2065
101.83.241.107 - - [21/Jan/2022:09:28:21 +0800] "GET /xingrg/check_reg.html?_=1642728496488 HTTP/1.1" 200 22
101.83.241.107 - - [21/Jan/2022:09:28:21 +0800] "GET /xingrg/all/function/internal_message.html?_=1642728496507&CODE_STATE=getMsg HTTP/1.1" 200 27
222.70.178.207 - - [21/Jan/2022:09:28:21 +0800] "POST /xingrg/kc/buy/cgsh_order_operate.html HTTP/1.1" 200 37
222.70.243.96 - - [21/Jan/2022:09:28:23 +0800] "GET /xingrg/check_reg.html?_=1642728509005 HTTP/1.1" 200 22
222.70.243.96 - - [21/Jan/2022:09:28:23 +0800] "GET /xingrg/all/function/internal_message.html?_=1642728509120&CODE_STATE=getMsg HTTP/1.1" 200 27
222.70.178.207 - - [21/Jan/2022:09:28:23 +0800] "POST /xingrg/kc/buy/cgsh_order_operate.html HTTP/1.1" 200 3852
222.70.217.149 - - [21/Jan/2022:09:28:24 +0800] "GET /xingrg/kc/buy/cgsh_order_operate.html?command=get_materiel&rest_code=00155&code=00101008110&supplier_code=00100005&order_time=2022-01-21 HTTP/1.1" 200 408
180.152.99.73 - - [21/Jan/2022:09:28:24 +0800] "POST /xingrg/dwr/call/plaincall/AjaxYddbService.saveOrder.dwr HTTP/1.1" 200 78
222.70.178.207 - - [21/Jan/2022:09:28:25 +0800] "GET /xingrg/kc/print/load_data.html?order_code=212022012110345&kc_code=cgsh&condition= HTTP/1.1" 200 1128
222.70.217.149 - - [21/Jan/2022:09:28:25 +0800] "POST /xingrg/kc/buy/cgsh_order_operate.html HTTP/1.1" 200 2065
180.152.99.73 - - [21/Jan/2022:09:28:26 +0800] "POST /xingrg/dwr/call/plaincall/AjaxComOrderService.getMaterielSearchList.dwr HTTP/1.1" 200 1936
180.152.99.73 - - [21/Jan/2022:09:28:27 +0800] "POST /xingrg/dwr/call/plaincall/AjaxComOrderService.getMaterielSearchList.dwr HTTP/1.1" 200 957
101.83.241.107 - - [21/Jan/2022:09:28:28 +0800] "GET /xingrg/kc/buy/cgsh_order_operate.html?command=get_materiel&rest_code=00149&code=00101008163&supplier_code=00100005&order_time=2022-01-20 HTTP/1.1" 200 409
180.152.99.73 - - [21/Jan/2022:09:28:28 +0800] "POST /xingrg/dwr/call/plaincall/AjaxYddbService.getMaterielByMap.dwr HTTP/1.1" 200 3767
222.70.178.207 - - [21/Jan/2022:09:28:29 +0800] "GET /xingrg/kc/buy/cgsh_order_add.html HTTP/1.1" 200 65370
222.70.178.207 - - [21/Jan/2022:09:28:29 +0800] "POST /xingrg/kc/buy/cgsh_order_operate.html HTTP/1.1" 200 8245
222.70.178.207 - - [21/Jan/2022:09:28:29 +0800] "GET /xingrg/javascript/easyui/themes/default/validatebox.css HTTP/1.1" 404 1104
180.152.99.73 - - [21/Jan/2022:09:28:32 +0800] "POST /xingrg/dwr/call/plaincall/AjaxYddbService.saveMaterielItem.dwr HTTP/1.1" 200 78
222.70.217.149 - - [21/Jan/2022:09:28:33 +0800] "GET /xingrg/kc/buy/cgsh_order_operate.html?command=get_materiel&rest_code=00155&code=00101008242&supplier_code=00100005&order_time=2022-01-21 HTTP/1.1" 200 408
222.70.217.149 - - [21/Jan/2022:09:28:34 +0800] "GET /xingrg/all/function/internal_message.html?_=1642728492241&CODE_STATE=getMsg HTTP/1.1" 200 27
58.39.168.32 - - [21/Jan/2022:09:28:35 +0800] "GET /xingrg/all/function/internal_message.html?_=1642728512429&CODE_STATE=getMsg HTTP/1.1" 200 27
180.152.99.73 - - [21/Jan/2022:09:28:37 +0800] "POST /xingrg/dwr/call/plaincall/AjaxYddbService.checkOrder.dwr HTTP/1.1" 200 78
180.152.99.73 - - [21/Jan/2022:09:28:38 +0800] "GET /xingrg/kc/base/yddb_order_info.html?code=482022012100146 HTTP/1.1" 200 29506
180.152.99.73 - - [21/Jan/2022:09:28:38 +0800] "GET /xingrg/dwr/interface/AjaxYddbService.js HTTP/1.1" 200 13201
180.152.99.73 - - [21/Jan/2022:09:28:38 +0800] "GET /xingrg/dwr/interface/AjaxComOrderService.js HTTP/1.1" 200 18264
180.152.99.73 - - [21/Jan/2022:09:28:38 +0800] "GET /xingrg/dwr/engine.js HTTP/1.1" 200 43631
180.152.99.73 - - [21/Jan/2022:09:28:38 +0800] "POST /xingrg/dwr/call/plaincall/AjaxYddbService.loadMaterielItems.dwr HTTP/1.1" 200 403
222.70.217.149 - - [21/Jan/2022:09:28:39 +0800] "POST /xingrg/services/DataTransmitService HTTP/1.1" 200 524
180.152.99.73 - - [21/Jan/2022:09:28:40 +0800] "GET /xingrg/kc/base/yddb_order_report.html?fileType=servlets/html&code=482022012100146&reportName=ck_order_report&subName=yddb HTTP/1.1" 302 -
180.152.99.73 - - [21/Jan/2022:09:28:40 +0800] "GET /xingrg/servlets/html?sysBaseUrl=http%3A%2F%2F180.169.147.146%3A18081%2Fxingrg%2F&costTime=83×tamp=1642728520708 HTTP/1.1" 200 14764
180.152.99.73 - - [21/Jan/2022:09:28:40 +0800] "GET /xingrg/servlets/image?image=px HTTP/1.1" 200 807
180.152.99.73 - - [21/Jan/2022:09:28:40 +0800] "GET /favicon.ico HTTP/1.1" 404 -
222.70.217.149 - - [21/Jan/2022:09:28:40 +0800] "GET /xingrg/kc/buy/cgsh_order_operate.html?command=get_materiel&rest_code=00155&code=00101008283&supplier_code=00100005&order_time=2022-01-21 HTTP/1.1" 200 408
101.83.241.107 - - [21/Jan/2022:09:28:42 +0800] "GET /xingrg/kc/buy/cgsh_order_operate.html?command=get_materiel&rest_code=00149&code=00101008224&supplier_code=00100005&order_time=2022-01-20 HTTP/1.1" 200 416
222.70.217.149 - - [21/Jan/2022:09:28:46 +0800] "GET /xingrg/kc/buy/cgsh_order_operate.html?command=get_materiel&rest_code=00155&code=00101008041&supplier_code=00100005&order_time=2022-01-21 HTTP/1.1" 200 408
58.39.168.32 - - [21/Jan/2022:09:28:47 +0800] "GET /xingrg/all/function/internal_message.html?_=1642728524414&CODE_STATE=getMsg HTTP/1.1" 200 27
222.70.178.207 - - [21/Jan/2022:09:28:48 +0800] "GET /xingrg/kc/buy/cgsh_order_operate.html?command=get_materiel&rest_code=00111&code=00101006058&supplier_code=00100012&order_time=2022-01-21 HTTP/1.1" 200 413
180.169.147.146 - - [21/Jan/2022:09:28:49 +0800] "GET /xingrg/all/function/internal_message.html?_=1642728526604&CODE_STATE=getMsg HTTP/1.1" 200 27
114.95.98.1 - - [21/Jan/2022:09:28:49 +0800] "GET /xingrg/check_reg.html?_=1642728530009 HTTP/1.1" 200 22
114.95.98.1 - - [21/Jan/2022:09:28:49 +0800] "GET /xingrg/all/function/internal_message.html?_=1642728530013&CODE_STATE=getMsg HTTP/1.1" 200 27
222.70.217.149 - - [21/Jan/2022:09:28:53 +0800] "GET /xingrg/kc/buy/cgsh_order_operate.html?command=get_materiel&rest_code=00155&code=00101008350&supplier_code=00100005&order_time=2022-01-21 HTTP/1.1" 200 408
222.70.217.149 - - [21/Jan/2022:09:28:59 +0800] "GET /xingrg/kc/buy/cgsh_order_operate.html?command=get_materiel&rest_code=00155&code=00101008223&supplier_code=00100005&order_time=2022-01-21 HTTP/1.1" 200 412
222.70.178.207 - - [21/Jan/2022:09:29:00 +0800] "GET /xingrg/kc/buy/cgsh_order_operate.html?command=get_materiel&rest_code=00111&code=00101006109&supplier_code=00100012&order_time=2022-01-21 HTTP/1.1" 200 409
180.152.99.73 - - [21/Jan/2022:09:29:01 +0800] "POST /xingrg/all/user/operate.html HTTP/1.1" 200 36
180.152.99.73 - - [21/Jan/2022:09:29:01 +0800] "GET /xingrg/javascript/jquery_easy_ui/themes/default/easyui.css HTTP/1.1" 304 -
180.152.99.73 - - [21/Jan/2022:09:29:01 +0800] "GET /xingrg/index.html?sysBaseUrl=http%3A%2F%2F180.169.147.146%3A18081%2Fxingrg%2F&costTime=40×tamp=1642727209259 HTTP/1.1" 200 17177
180.152.99.73 - - [21/Jan/2022:09:29:01 +0800] "GET /xingrg/javascript/jquery_easy_ui/themes/icon.css HTTP/1.1" 304 -
180.152.99.73 - - [21/Jan/2022:09:29:01 +0800] "GET /xingrg/css/form.css HTTP/1.1" 304 -
180.152.99.73 - - [21/Jan/2022:09:29:01 +0800] "GET /xingrg/javascript/jquery-1.4.2.min.js HTTP/1.1" 304 -
180.152.99.73 - - [21/Jan/2022:09:29:01 +0800] "GET /xingrg/javascript/jquery_easy_ui/jquery.easyui.min.js HTTP/1.1" 304 -
180.152.99.73 - - [21/Jan/2022:09:29:01 +0800] "GET /xingrg/javascript/jquery_easy_ui/easyui-lang-zh_CN.js HTTP/1.1" 304 -
180.152.99.73 - - [21/Jan/2022:09:29:01 +0800] "GET /xingrg/javascript/jquery.form.js HTTP/1.1" 304 -
180.152.99.73 - - [21/Jan/2022:09:29:01 +0800] "GET /xingrg/javascript/jquery.utils.js HTTP/1.1" 304 -
180.152.99.73 - - [21/Jan/2022:09:29:01 +0800] "GET /xingrg/javascript/jquery.timers.js HTTP/1.1" 304 -
180.152.99.73 - - [21/Jan/2022:09:29:01 +0800] "GET /xingrg/images/blue/jxLogo.png HTTP/1.1" 304 -
180.152.99.73 - - [21/Jan/2022:09:29:01 +0800] "GET /xingrg/javascript/jquery_easy_ui/themes/icons/settle_new.png HTTP/1.1" 304 -
180.152.99.73 - - [21/Jan/2022:09:29:01 +0800] "GET /xingrg/images/blue/navBackgound.jpg HTTP/1.1" 304 -
180.152.99.73 - - [21/Jan/2022:09:29:02 +0800] "POST /xingrg/all/common/load_tree.html?tree=area_rest_tree_json&manage=1 HTTP/1.1" 200 476
180.152.99.73 - - [21/Jan/2022:09:29:02 +0800] "GET /xingrg/all/function/internal_message.html?_=1642728541071&CODE_STATE=count HTTP/1.1" 200 11
180.152.99.73 - - [21/Jan/2022:09:29:02 +0800] "GET /xingrg/check_reg.html?_=1642728541072 HTTP/1.1" 200 22
180.152.99.73 - - [21/Jan/2022:09:29:02 +0800] "GET /xingrg/javascript/jquery_easy_ui/themes/default/images/panel_tool_collapse.gif HTTP/1.1" 304 -
180.152.99.73 - - [21/Jan/2022:09:29:02 +0800] "GET /xingrg/images/blue/pingpu.png HTTP/1.1" 304 -
180.152.99.73 - - [21/Jan/2022:09:29:02 +0800] "GET /xingrg/javascript/jquery_easy_ui/themes/default/images/tabs_leftarrow.png HTTP/1.1" 304 -
180.152.99.73 - - [21/Jan/2022:09:29:02 +0800] "GET /xingrg/javascript/jquery_easy_ui/themes/default/images/tabs_rightarrow.png HTTP/1.1" 304 -
180.152.99.73 - - [21/Jan/2022:09:29:02 +0800] "POST /xingrg/load_menu.html HTTP/1.1" 200 5138
116.233.73.218 - - [21/Jan/2022:09:29:02 +0800] "GET /xingrg/all/function/internal_message.html?_=1642728541172&CODE_STATE=getMsg HTTP/1.1" 200 27
180.152.99.73 - - [21/Jan/2022:09:29:04 +0800] "GET /xingrg/kc/base/yddb_order_list.html HTTP/1.1" 200 16670
222.70.178.207 - - [21/Jan/2022:09:29:04 +0800] "GET /xingrg/check_reg.html?_=1642728541755 HTTP/1.1" 200 22
180.152.99.73 - - [21/Jan/2022:09:29:04 +0800] "POST /xingrg/kc/base/yddb_list_operate.html HTTP/1.1" 200 636
222.70.178.207 - - [21/Jan/2022:09:29:05 +0800] "GET /xingrg/all/function/internal_message.html?_=1642728542377&CODE_STATE=getMsg HTTP/1.1" 200 27
180.152.99.73 - - [21/Jan/2022:09:29:06 +0800] "POST /xingrg/kc/base/yddb_list_operate.html HTTP/1.1" 200 1342
222.70.217.149 - - [21/Jan/2022:09:29:07 +0800] "POST /xingrg/kc/buy/cgsh_order_operate.html HTTP/1.1" 200 2065
180.152.99.73 - - [21/Jan/2022:09:29:07 +0800] "POST /xingrg/kc/base/yddb_list_operate.html HTTP/1.1" 200 205
180.152.99.73 - - [21/Jan/2022:09:29:08 +0800] "GET /xingrg/kc/base/yddb_order_info.html?code=482022012100146 HTTP/1.1" 200 31071
180.152.99.73 - - [21/Jan/2022:09:29:08 +0800] "GET /xingrg/dwr/interface/AjaxComOrderService.js HTTP/1.1" 200 18264
180.152.99.73 - - [21/Jan/2022:09:29:08 +0800] "GET /xingrg/dwr/interface/AjaxYddbService.js HTTP/1.1" 200 13201
180.152.99.73 - - [21/Jan/2022:09:29:08 +0800] "GET /xingrg/dwr/engine.js HTTP/1.1" 200 43631
180.152.99.73 - - [21/Jan/2022:09:29:08 +0800] "POST /xingrg/dwr/call/plaincall/AjaxYddbService.loadMaterielItems.dwr HTTP/1.1" 200 403
222.70.178.207 - - [21/Jan/2022:09:29:08 +0800] "GET /xingrg/kc/buy/cgsh_order_operate.html?command=get_materiel&rest_code=00111&code=00101006144&supplier_code=00100012&order_time=2022-01-21 HTTP/1.1" 200 409
180.152.99.73 - - [21/Jan/2022:09:29:10 +0800] "POST /xingrg/dwr/call/plaincall/AjaxYddbService.saveOrder.dwr HTTP/1.1" 200 78
180.152.99.39 - - [21/Jan/2022:09:29:11 +0800] "GET /xingrg/all/function/internal_message.html?_=1642728481547&CODE_STATE=getMsg HTTP/1.1" 200 27
222.70.217.149 - - [21/Jan/2022:09:29:12 +0800] "GET /xingrg/kc/buy/cgsh_order_operate.html?command=get_materiel&rest_code=00155&code=00101008633&supplier_code=00100005&order_time=2022-01-21 HTTP/1.1" 200 400
180.152.99.73 - - [21/Jan/2022:09:29:13 +0800] "POST /xingrg/dwr/call/plaincall/AjaxYddbService.objCheckOrder.dwr HTTP/1.1" 200 78
180.152.99.73 - - [21/Jan/2022:09:29:14 +0800] "GET /xingrg/kc/base/yddb_order_info.html?code=482022012100146 HTTP/1.1" 200 31192
180.152.99.73 - - [21/Jan/2022:09:29:14 +0800] "GET /xingrg/dwr/interface/AjaxYddbService.js HTTP/1.1" 200 13201
180.152.99.73 - - [21/Jan/2022:09:29:14 +0800] "GET /xingrg/dwr/interface/AjaxComOrderService.js HTTP/1.1" 200 18264
180.152.99.73 - - [21/Jan/2022:09:29:14 +0800] "GET /xingrg/dwr/engine.js HTTP/1.1" 200 43631
180.152.99.73 - - [21/Jan/2022:09:29:14 +0800] "POST /xingrg/dwr/call/plaincall/AjaxYddbService.loadMaterielItems.dwr HTTP/1.1" 200 403
180.152.99.73 - - [21/Jan/2022:09:29:16 +0800] "GET /xingrg/kc/buy/cgsh_order_list.html HTTP/1.1" 200 49643
222.70.178.207 - - [21/Jan/2022:09:29:18 +0800] "GET /xingrg/kc/buy/cgsh_order_operate.html?command=get_materiel&rest_code=00111&code=00101006057&supplier_code=00100012&order_time=2022-01-21 HTTP/1.1" 200 413
180.152.99.73 - - [21/Jan/2022:09:29:19 +0800] "POST /xingrg/kc/buy/cgsh_list_operate.html HTTP/1.1" 200 2086
180.152.99.73 - - [21/Jan/2022:09:29:21 +0800] "GET /xingrg/kc/buy/cgsh_order_add.html HTTP/1.1" 200 65012
180.152.99.73 - - [21/Jan/2022:09:29:21 +0800] "POST /xingrg/kc/buy/cgsh_order_operate.html HTTP/1.1" 200 8245
101.83.241.107 - - [21/Jan/2022:09:29:21 +0800] "GET /xingrg/all/function/internal_message.html?_=1642728556496&CODE_STATE=getMsg HTTP/1.1" 200 27
180.152.99.73 - - [21/Jan/2022:09:29:21 +0800] "GET /xingrg/javascript/easyui/themes/default/validatebox.css HTTP/1.1" 404 1104
222.70.217.149 - - [21/Jan/2022:09:29:22 +0800] "GET /xingrg/kc/buy/cgsh_order_operate.html?command=get_materiel&rest_code=00155&code=00101008016&supplier_code=00100005&order_time=2022-01-21 HTTP/1.1" 200 416
180.152.99.73 - - [21/Jan/2022:09:29:23 +0800] "GET /xingrg/javascript/auto/indicator.gif HTTP/1.1" 404 1066
222.70.243.96 - - [21/Jan/2022:09:29:23 +0800] "GET /xingrg/all/function/internal_message.html?_=1642728569135&CODE_STATE=getMsg HTTP/1.1" 200 27
180.152.99.73 - - [21/Jan/2022:09:29:31 +0800] "GET /xingrg/kc/buy/cgsh_order_operate.html?command=get_materiel&rest_code=00151&code=00101011005&supplier_code=00100047&order_time=2022-01-21 HTTP/1.1" 200 428
101.83.241.107 - - [21/Jan/2022:09:29:34 +0800] "POST /xingrg/kc/buy/cgsh_order_operate.html HTTP/1.1" 200 37
222.70.178.207 - - [21/Jan/2022:09:29:34 +0800] "GET /xingrg/kc/buy/cgsh_order_operate.html?command=get_materiel&rest_code=00111&code=00101006112&supplier_code=00100012&order_time=2022-01-21 HTTP/1.1" 200 409
222.70.217.149 - - [21/Jan/2022:09:29:34 +0800] "GET /xingrg/all/function/internal_message.html?_=1642728552241&CODE_STATE=getMsg HTTP/1.1" 200 27
58.39.168.32 - - [21/Jan/2022:09:29:35 +0800] "GET /xingrg/all/function/internal_message.html?_=1642728572404&CODE_STATE=getMsg HTTP/1.1" 200 27
222.70.217.149 - - [21/Jan/2022:09:29:35 +0800] "GET /xingrg/kc/buy/cgsh_order_operate.html?command=get_materiel&rest_code=00155&code=00101008196&supplier_code=00100005&order_time=2022-01-21 HTTP/1.1" 200 416
180.157.251.97 - - [21/Jan/2022:09:29:37 +0800] "GET /xingrg/check_reg.html?_=1642728575894 HTTP/1.1" 302 -
222.70.217.149 - - [21/Jan/2022:09:29:37 +0800] "POST /xingrg/kc/buy/cgsh_order_operate.html HTTP/1.1" 200 2065
180.152.99.73 - - [21/Jan/2022:09:29:38 +0800] "GET /xingrg/kc/buy/cgsh_order_operate.html?command=get_materiel&rest_code=00151&code=00101011001&supplier_code=00100047&order_time=2022-01-21 HTTP/1.1" 200 423
180.152.99.73 - - [21/Jan/2022:09:29:43 +0800] "POST /xingrg/kc/buy/cgsh_order_operate.html HTTP/1.1" 200 37
222.70.217.149 - - [21/Jan/2022:09:29:45 +0800] "GET /xingrg/kc/buy/cgsh_order_operate.html?command=get_materiel&rest_code=00155&code=00101008036&supplier_code=00100005&order_time=2022-01-21 HTTP/1.1" 200 408
58.39.168.32 - - [21/Jan/2022:09:29:47 +0800] "GET /xingrg/all/function/internal_message.html?_=1642728584414&CODE_STATE=getMsg HTTP/1.1" 200 27
58.39.168.32 - - [21/Jan/2022:09:29:47 +0800] "GET /xingrg/check_reg.html?_=1642728584417 HTTP/1.1" 200 22
180.152.99.73 - - [21/Jan/2022:09:29:47 +0800] "POST /xingrg/kc/buy/cgsh_order_operate.html HTTP/1.1" 200 12
180.152.99.73 - - [21/Jan/2022:09:29:48 +0800] "GET /xingrg/kc/buy/cgsh_order_info.html?code=212022012110347 HTTP/1.1" 200 59921
180.152.99.73 - - [21/Jan/2022:09:29:48 +0800] "GET /xingrg/javascript/easyui/themes/default/validatebox.css HTTP/1.1" 404 1104
180.169.147.146 - - [21/Jan/2022:09:29:49 +0800] "GET /xingrg/all/function/internal_message.html?_=1642728586616&CODE_STATE=getMsg HTTP/1.1" 200 27
180.152.99.73 - - [21/Jan/2022:09:29:49 +0800] "POST /xingrg/kc/buy/cgsh_order_operate.html HTTP/1.1" 200 1222
114.95.98.1 - - [21/Jan/2022:09:29:49 +0800] "GET /xingrg/all/function/internal_message.html?_=1642728590002&CODE_STATE=getMsg HTTP/1.1" 200 27
101.83.241.107 - - [21/Jan/2022:09:29:50 +0800] "POST /xingrg/kc/buy/cgsh_order_operate.html HTTP/1.1" 200 15080
180.152.99.73 - - [21/Jan/2022:09:29:50 +0800] "GET /xingrg/kc/print/load_data.html?order_code=212022012110347&kc_code=cgsh&condition= HTTP/1.1" 200 1005
180.152.99.73 - - [21/Jan/2022:09:30:02 +0800] "GET /xingrg/all/function/internal_message.html?_=1642728601079&CODE_STATE=getMsg HTTP/1.1" 200 27
116.233.73.218 - - [21/Jan/2022:09:30:02 +0800] "GET /xingrg/all/function/internal_message.html?_=1642728601174&CODE_STATE=getMsg HTTP/1.1" 200 27
222.70.178.207 - - [21/Jan/2022:09:30:05 +0800] "GET /xingrg/all/function/internal_message.html?_=1642728602356&CODE_STATE=getMsg HTTP/1.1" 200 27
222.70.217.149 - - [21/Jan/2022:09:30:11 +0800] "POST /xingrg/kc/buy/cgsh_order_operate.html HTTP/1.1" 200 2065
180.152.99.39 - - [21/Jan/2022:09:30:11 +0800] "GET /xingrg/all/function/internal_message.html?_=1642728541560&CODE_STATE=getMsg HTTP/1.1" 200 27
222.70.217.149 - - [21/Jan/2022:09:30:16 +0800] "GET /xingrg/kc/buy/cgsh_order_operate.html?command=get_materiel&rest_code=00155&code=00101008279&supplier_code=00100005&order_time=2022-01-21 HTTP/1.1" 200 412
101.83.241.107 - - [21/Jan/2022:09:30:21 +0800] "GET /xingrg/all/function/internal_message.html?_=1642728616499&CODE_STATE=getMsg HTTP/1.1" 200 27
222.70.217.149 - - [21/Jan/2022:09:30:22 +0800] "GET /xingrg/kc/buy/cgsh_order_operate.html?command=get_materiel&rest_code=00155&code=00101008209&supplier_code=00100005&order_time=2022-01-21 HTTP/1.1" 200 408
222.70.243.96 - - [21/Jan/2022:09:30:23 +0800] "GET /xingrg/all/function/internal_message.html?_=1642728629148&CODE_STATE=getMsg HTTP/1.1" 200 27
222.70.217.149 - - [21/Jan/2022:09:30:34 +0800] "GET /xingrg/check_reg.html?_=1642728612241 HTTP/1.1" 200 22
222.70.217.149 - - [21/Jan/2022:09:30:34 +0800] "GET /xingrg/all/function/internal_message.html?_=1642728612243&CODE_STATE=getMsg HTTP/1.1" 200 27
58.39.168.32 - - [21/Jan/2022:09:30:35 +0800] "GET /xingrg/all/function/internal_message.html?_=1642728632386&CODE_STATE=getMsg HTTP/1.1" 200 27
58.39.168.32 - - [21/Jan/2022:09:30:35 +0800] "GET /xingrg/check_reg.html?_=1642728632776 HTTP/1.1" 200 22
222.70.178.207 - - [21/Jan/2022:09:30:35 +0800] "GET /xingrg/kc/buy/cgsh_order_operate.html?command=get_materiel&rest_code=00111&code=00101006133&supplier_code=00100012&order_time=2022-01-21 HTTP/1.1" 200 413
222.70.217.149 - - [21/Jan/2022:09:30:41 +0800] "POST /xingrg/kc/buy/cgsh_order_operate.html HTTP/1.1" 200 37
222.70.217.149 - - [21/Jan/2022:09:30:42 +0800] "POST /xingrg/kc/buy/cgsh_order_operate.html HTTP/1.1" 200 30460
222.70.217.149 - - [21/Jan/2022:09:30:43 +0800] "GET /xingrg/kc/print/load_data.html?order_code=212022012110348&kc_code=cgsh HTTP/1.1" 200 11244
58.39.168.32 - - [21/Jan/2022:09:30:47 +0800] "GET /xingrg/all/function/internal_message.html?_=1642728644416&CODE_STATE=getMsg HTTP/1.1" 200 27
180.169.147.146 - - [21/Jan/2022:09:30:49 +0800] "GET /xingrg/all/function/internal_message.html?_=1642728646606&CODE_STATE=getMsg HTTP/1.1" 200 27
114.95.98.1 - - [21/Jan/2022:09:30:49 +0800] "GET /xingrg/all/function/internal_message.html?_=1642728650006&CODE_STATE=getMsg HTTP/1.1" 200 27
180.152.99.73 - - [21/Jan/2022:09:30:57 +0800] "POST /xingrg/all/user/operate.html HTTP/1.1" 200 36
180.152.99.73 - - [21/Jan/2022:09:30:57 +0800] "GET /xingrg/index.html?sysBaseUrl=http%3A%2F%2F180.169.147.146%3A18081%2Fxingrg%2F&costTime=40×tamp=1642727209259 HTTP/1.1" 200 17179
180.152.99.73 - - [21/Jan/2022:09:30:57 +0800] "GET /xingrg/javascript/jquery_easy_ui/themes/default/easyui.css HTTP/1.1" 304 -
180.152.99.73 - - [21/Jan/2022:09:30:57 +0800] "GET /xingrg/javascript/jquery_easy_ui/themes/icon.css HTTP/1.1" 304 -
180.152.99.73 - - [21/Jan/2022:09:30:57 +0800] "GET /xingrg/css/form.css HTTP/1.1" 304 -
180.152.99.73 - - [21/Jan/2022:09:30:57 +0800] "GET /xingrg/javascript/jquery-1.4.2.min.js HTTP/1.1" 304 -
180.152.99.73 - - [21/Jan/2022:09:30:58 +0800] "GET /xingrg/javascript/jquery_easy_ui/jquery.easyui.min.js HTTP/1.1" 304 -
180.152.99.73 - - [21/Jan/2022:09:30:58 +0800] "GET /xingrg/javascript/jquery_easy_ui/easyui-lang-zh_CN.js HTTP/1.1" 304 -
180.152.99.73 - - [21/Jan/2022:09:30:58 +0800] "GET /xingrg/javascript/jquery.form.js HTTP/1.1" 304 -
180.152.99.73 - - [21/Jan/2022:09:30:58 +0800] "GET /xingrg/javascript/jquery.utils.js HTTP/1.1" 304 -
180.152.99.73 - - [21/Jan/2022:09:30:58 +0800] "GET /xingrg/javascript/jquery.timers.js HTTP/1.1" 304 -
180.152.99.73 - - [21/Jan/2022:09:30:58 +0800] "GET /xingrg/images/blue/jxLogo.png HTTP/1.1" 304 -
180.152.99.73 - - [21/Jan/2022:09:30:58 +0800] "GET /xingrg/images/blue/navBackgound.jpg HTTP/1.1" 304 -
180.152.99.73 - - [21/Jan/2022:09:30:58 +0800] "GET /xingrg/javascript/jquery_easy_ui/themes/icons/settle_new.png HTTP/1.1" 304 -
180.152.99.73 - - [21/Jan/2022:09:30:58 +0800] "POST /xingrg/all/common/load_tree.html?tree=area_rest_tree_json&manage=1 HTTP/1.1" 200 476
180.152.99.73 - - [21/Jan/2022:09:30:58 +0800] "GET /xingrg/all/function/internal_message.html?_=1642728657201&CODE_STATE=count HTTP/1.1" 200 11
180.152.99.73 - - [21/Jan/2022:09:30:58 +0800] "GET /xingrg/check_reg.html?_=1642728657201 HTTP/1.1" 200 22
180.152.99.73 - - [21/Jan/2022:09:30:58 +0800] "GET /xingrg/javascript/jquery_easy_ui/themes/default/images/panel_tool_collapse.gif HTTP/1.1" 304 -
180.152.99.73 - - [21/Jan/2022:09:30:58 +0800] "GET /xingrg/javascript/jquery_easy_ui/themes/default/images/tabs_leftarrow.png HTTP/1.1" 304 -
180.152.99.73 - - [21/Jan/2022:09:30:58 +0800] "GET /xingrg/images/blue/pingpu.png HTTP/1.1" 304 -
180.152.99.73 - - [21/Jan/2022:09:30:58 +0800] "GET /xingrg/javascript/jquery_easy_ui/themes/default/images/tabs_rightarrow.png HTTP/1.1" 304 -
180.152.99.73 - - [21/Jan/2022:09:30:58 +0800] "POST /xingrg/load_menu.html HTTP/1.1" 200 5138
180.152.99.73 - - [21/Jan/2022:09:31:00 +0800] "GET /xingrg/kc/buy/cgsh_order_list.html HTTP/1.1" 200 49645
116.233.73.218 - - [21/Jan/2022:09:31:02 +0800] "GET /xingrg/all/function/internal_message.html?_=1642728661175&CODE_STATE=getMsg HTTP/1.1" 200 27
222.70.178.207 - - [21/Jan/2022:09:31:02 +0800] "GET /xingrg/kc/buy/cgsh_order_operate.html?command=get_materiel&rest_code=00111&code=00101006055&supplier_code=00100012&order_time=2022-01-21 HTTP/1.1" 200 409
180.152.99.73 - - [21/Jan/2022:09:31:02 +0800] "POST /xingrg/kc/buy/cgsh_list_operate.html HTTP/1.1" 200 1708
180.152.99.73 - - [21/Jan/2022:09:31:04 +0800] "GET /xingrg/kc/buy/cgsh_order_add.html HTTP/1.1" 200 65332
180.152.99.73 - - [21/Jan/2022:09:31:04 +0800] "POST /xingrg/kc/buy/cgsh_order_operate.html HTTP/1.1" 200 8245
180.152.99.73 - - [21/Jan/2022:09:31:04 +0800] "GET /xingrg/javascript/easyui/themes/default/validatebox.css HTTP/1.1" 404 1104
222.70.178.207 - - [21/Jan/2022:09:31:05 +0800] "GET /xingrg/all/function/internal_message.html?_=1642728662333&CODE_STATE=getMsg HTTP/1.1" 200 27
180.152.99.73 - - [21/Jan/2022:09:31:05 +0800] "GET /xingrg/javascript/auto/indicator.gif HTTP/1.1" 404 1066
180.152.99.39 - - [21/Jan/2022:09:31:11 +0800] "GET /xingrg/check_reg.html?_=1642728601509 HTTP/1.1" 200 22
180.152.99.39 - - [21/Jan/2022:09:31:11 +0800] "GET /xingrg/all/function/internal_message.html?_=1642728601573&CODE_STATE=getMsg HTTP/1.1" 200 27
222.70.178.207 - - [21/Jan/2022:09:31:12 +0800] "GET /xingrg/kc/buy/cgsh_order_operate.html?command=get_materiel&rest_code=00111&code=00101007060&supplier_code=00100012&order_time=2022-01-21 HTTP/1.1" 200 409
114.95.98.1 - - [21/Jan/2022:09:31:13 +0800] "GET /xingrg/javascript/auto/indicator.gif HTTP/1.1" 404 1066
114.95.98.1 - - [21/Jan/2022:09:31:15 +0800] "GET /xingrg/javascript/jquery_tools/images/prev.gif HTTP/1.1" 404 1086
114.95.98.1 - - [21/Jan/2022:09:31:15 +0800] "GET /xingrg/javascript/jquery_tools/images/next.gif HTTP/1.1" 404 1086
222.70.178.207 - - [21/Jan/2022:09:31:18 +0800] "GET /xingrg/kc/buy/cgsh_order_operate.html?command=get_materiel&rest_code=00111&code=00101006065&supplier_code=00100012&order_time=2022-01-21 HTTP/1.1" 200 409
180.152.99.73 - - [21/Jan/2022:09:31:19 +0800] "GET /xingrg/kc/buy/cgsh_order_operate.html?command=get_materiel&rest_code=00150&code=00101009109&supplier_code=00100007&order_time=2022-01-21 HTTP/1.1" 200 399
114.95.98.1 - - [21/Jan/2022:09:31:20 +0800] "GET /xingrg/kc/base/wldb_order_operate.html?command=get_materiel&rest_code=00102&base_code=0010477&code=00102001097 HTTP/1.1" 200 433
101.83.241.107 - - [21/Jan/2022:09:31:21 +0800] "GET /xingrg/all/function/internal_message.html?_=1642728676497&CODE_STATE=getMsg HTTP/1.1" 200 27
222.70.243.96 - - [21/Jan/2022:09:31:23 +0800] "GET /xingrg/all/function/internal_message.html?_=1642728689257&CODE_STATE=getMsg HTTP/1.1" 200 27
114.95.98.1 - - [21/Jan/2022:09:31:25 +0800] "POST /xingrg/kc/base/wldb_order_operate.html HTTP/1.1" 200 37
114.95.98.1 - - [21/Jan/2022:09:31:27 +0800] "POST /xingrg/kc/base/wldb_order_operate.html HTTP/1.1" 200 12
114.95.98.1 - - [21/Jan/2022:09:31:27 +0800] "POST /xingrg/kc/base/wldb_order_operate.html HTTP/1.1" 200 2180
114.95.98.1 - - [21/Jan/2022:09:31:28 +0800] "GET /xingrg/kc/base/wldb_order_info.html?code=422022012102731 HTTP/1.1" 200 26148
114.95.98.1 - - [21/Jan/2022:09:31:29 +0800] "GET /xingrg/javascript/easyui/themes/default/validatebox.css HTTP/1.1" 404 1104
114.95.98.1 - - [21/Jan/2022:09:31:29 +0800] "POST /xingrg/kc/base/wldb_order_operate.html HTTP/1.1" 200 473
114.95.98.1 - - [21/Jan/2022:09:31:31 +0800] "GET /xingrg/kc/base/wldb_order_add.html HTTP/1.1" 200 30274
114.95.98.1 - - [21/Jan/2022:09:31:31 +0800] "POST /xingrg/kc/base/wldb_order_operate.html HTTP/1.1" 200 6806
114.95.98.1 - - [21/Jan/2022:09:31:31 +0800] "GET /xingrg/javascript/easyui/themes/default/validatebox.css HTTP/1.1" 404 1104
222.70.217.149 - - [21/Jan/2022:09:31:34 +0800] "GET /xingrg/all/function/internal_message.html?_=1642728672254&CODE_STATE=getMsg HTTP/1.1" 200 27
58.39.168.32 - - [21/Jan/2022:09:31:35 +0800] "GET /xingrg/all/function/internal_message.html?_=1642728692365&CODE_STATE=getMsg HTTP/1.1" 200 27
180.152.99.73 - - [21/Jan/2022:09:31:43 +0800] "GET /xingrg/kc/buy/cgsh_order_operate.html?command=get_materiel&rest_code=00150&code=00101009011&supplier_code=00100007&order_time=2022-01-21 HTTP/1.1" 200 416
114.95.98.1 - - [21/Jan/2022:09:31:45 +0800] "POST /xingrg/kc/base/wldb_list_operate.html HTTP/1.1" 200 1784
58.39.168.32 - - [21/Jan/2022:09:31:47 +0800] "GET /xingrg/all/function/internal_message.html?_=1642728704416&CODE_STATE=getMsg HTTP/1.1" 200 27
114.95.98.1 - - [21/Jan/2022:09:31:48 +0800] "POST /xingrg/kc/base/wldb_list_operate.html HTTP/1.1" 200 200
180.169.147.146 - - [21/Jan/2022:09:31:49 +0800] "GET /xingrg/all/function/internal_message.html?_=1642728706611&CODE_STATE=getMsg HTTP/1.1" 200 27
114.95.98.1 - - [21/Jan/2022:09:31:49 +0800] "GET /xingrg/all/function/internal_message.html?_=1642728710023&CODE_STATE=getMsg HTTP/1.1" 200 27
180.152.99.73 - - [21/Jan/2022:09:31:53 +0800] "GET /xingrg/kc/buy/cgsh_order_operate.html?command=get_materiel&rest_code=00150&code=00101009122&supplier_code=00100007&order_time=2022-01-21 HTTP/1.1" 200 391
180.152.99.73 - - [21/Jan/2022:09:31:58 +0800] "GET /xingrg/all/function/internal_message.html?_=1642728717220&CODE_STATE=getMsg HTTP/1.1" 200 27
180.152.99.73 - - [21/Jan/2022:09:32:00 +0800] "GET /xingrg/kc/buy/cgsh_order_operate.html?command=get_materiel&rest_code=00150&code=00101009016&supplier_code=00100007&order_time=2022-01-21 HTTP/1.1" 200 412
116.233.73.218 - - [21/Jan/2022:09:32:02 +0800] "GET /xingrg/all/function/internal_message.html?_=1642728721177&CODE_STATE=getMsg HTTP/1.1" 200 27
222.70.178.207 - - [21/Jan/2022:09:32:04 +0800] "GET /xingrg/all/function/internal_message.html?_=1642728722312&CODE_STATE=getMsg HTTP/1.1" 200 27
180.152.99.73 - - [21/Jan/2022:09:32:08 +0800] "GET /xingrg/kc/buy/cgsh_order_operate.html?command=get_materiel&rest_code=00150&code=00101009062&supplier_code=00100007&order_time=2022-01-21 HTTP/1.1" 200 412
180.152.99.39 - - [21/Jan/2022:09:32:11 +0800] "GET /xingrg/all/function/internal_message.html?_=1642728661589&CODE_STATE=getMsg HTTP/1.1" 200 27
114.95.98.1 - - [21/Jan/2022:09:32:19 +0800] "POST /xingrg/kc/base/wldb_list_operate.html HTTP/1.1" 200 1784
114.95.98.1 - - [21/Jan/2022:09:32:21 +0800] "GET /xingrg/kc/base/wldb_order_list.html HTTP/1.1" 200 19060
101.83.241.107 - - [21/Jan/2022:09:32:21 +0800] "GET /xingrg/all/function/internal_message.html?_=1642728736499&CODE_STATE=getMsg HTTP/1.1" 200 27
114.95.98.1 - - [21/Jan/2022:09:32:21 +0800] "POST /xingrg/kc/base/wldb_list_operate.html HTTP/1.1" 200 928
114.95.98.1 - - [21/Jan/2022:09:32:22 +0800] "GET /xingrg/kc/base/wldb_order_add.html HTTP/1.1" 200 30274
114.95.98.1 - - [21/Jan/2022:09:32:22 +0800] "POST /xingrg/kc/base/wldb_order_operate.html HTTP/1.1" 200 6806
114.95.98.1 - - [21/Jan/2022:09:32:23 +0800] "GET /xingrg/javascript/easyui/themes/default/validatebox.css HTTP/1.1" 404 1104
222.70.243.96 - - [21/Jan/2022:09:32:23 +0800] "GET /xingrg/all/function/internal_message.html?_=1642728749269&CODE_STATE=getMsg HTTP/1.1" 200 27
180.152.99.73 - - [21/Jan/2022:09:32:25 +0800] "GET /xingrg/kc/buy/cgsh_order_operate.html?command=get_materiel&rest_code=00150&code=00101009007&supplier_code=00100007&order_time=2022-01-21 HTTP/1.1" 200 408
116.233.73.218 - - [21/Jan/2022:09:32:28 +0800] "POST /xingrg/kc/buy/cgsh_order_operate.html HTTP/1.1" 200 37
114.95.98.1 - - [21/Jan/2022:09:32:29 +0800] "GET /xingrg/kc/base/wldb_order_operate.html?command=get_materiel&rest_code=00102&base_code=0010477&code=00102002204 HTTP/1.1" 200 433
114.95.98.1 - - [21/Jan/2022:09:32:32 +0800] "GET /xingrg/kc/base/wldb_order_operate.html?command=get_materiel&rest_code=00102&base_code=0010477&code=00102002610 HTTP/1.1" 200 430
116.233.73.218 - - [21/Jan/2022:09:32:32 +0800] "POST /xingrg/kc/buy/cgsh_order_operate.html HTTP/1.1" 200 50015
222.70.217.149 - - [21/Jan/2022:09:32:34 +0800] "GET /xingrg/all/function/internal_message.html?_=1642728732263&CODE_STATE=getMsg HTTP/1.1" 200 27
58.39.168.32 - - [21/Jan/2022:09:32:35 +0800] "GET /xingrg/all/function/internal_message.html?_=1642728752339&CODE_STATE=getMsg HTTP/1.1" 200 27
114.95.98.1 - - [21/Jan/2022:09:32:36 +0800] "POST /xingrg/kc/base/wldb_order_operate.html HTTP/1.1" 200 37
116.233.73.218 - - [21/Jan/2022:09:32:37 +0800] "GET /xingrg/kc/print/load_config.html?kc_code=cgsh HTTP/1.1" 200 1943
116.233.73.218 - - [21/Jan/2022:09:32:37 +0800] "GET /xingrg/kc/print/load_data.html?order_code=212022012110340&kc_code=cgsh&condition= HTTP/1.1" 200 18621
114.95.98.1 - - [21/Jan/2022:09:32:38 +0800] "POST /xingrg/kc/base/wldb_order_operate.html HTTP/1.1" 200 12
114.95.98.1 - - [21/Jan/2022:09:32:38 +0800] "POST /xingrg/kc/base/wldb_order_operate.html HTTP/1.1" 200 2676
114.95.98.1 - - [21/Jan/2022:09:32:39 +0800] "GET /xingrg/kc/base/wldb_order_info.html?code=422022012102732 HTTP/1.1" 200 26152
114.95.98.1 - - [21/Jan/2022:09:32:39 +0800] "GET /xingrg/javascript/easyui/themes/default/validatebox.css HTTP/1.1" 404 1104
114.95.98.1 - - [21/Jan/2022:09:32:39 +0800] "POST /xingrg/kc/base/wldb_order_operate.html HTTP/1.1" 200 959
180.152.99.73 - - [21/Jan/2022:09:32:43 +0800] "GET /xingrg/kc/buy/cgsh_order_operate.html?command=get_materiel&rest_code=00150&code=00101009013&supplier_code=00100007&order_time=2022-01-21 HTTP/1.1" 200 421
114.95.98.1 - - [21/Jan/2022:09:32:45 +0800] "GET /xingrg/kc/base/wldb_order_add.html HTTP/1.1" 200 30274
114.95.98.1 - - [21/Jan/2022:09:32:46 +0800] "POST /xingrg/kc/base/wldb_order_operate.html HTTP/1.1" 200 6806
114.95.98.1 - - [21/Jan/2022:09:32:46 +0800] "GET /xingrg/javascript/easyui/themes/default/validatebox.css HTTP/1.1" 404 1104
116.233.73.218 - - [21/Jan/2022:09:32:47 +0800] "GET /xingrg/kc/buy/cgsh_order_add.html HTTP/1.1" 200 65490
58.39.168.32 - - [21/Jan/2022:09:32:47 +0800] "GET /xingrg/all/function/internal_message.html?_=1642728764417&CODE_STATE=getMsg HTTP/1.1" 200 27
116.233.73.218 - - [21/Jan/2022:09:32:47 +0800] "GET /xingrg/javascript/easyui/themes/default/validatebox.css HTTP/1.1" 404 1104
116.233.73.218 - - [21/Jan/2022:09:32:47 +0800] "POST /xingrg/kc/buy/cgsh_order_operate.html HTTP/1.1" 200 8245
116.233.73.218 - - [21/Jan/2022:09:32:47 +0800] "GET /xingrg/all/common/auto_word.html?type=employee&rest_code=00109 HTTP/1.1" 200 255
116.233.73.218 - - [21/Jan/2022:09:32:47 +0800] "GET /xingrg/all/common/auto_word.html?type=employee&rest_code=00109 HTTP/1.1" 200 255
180.169.147.146 - - [21/Jan/2022:09:32:49 +0800] "GET /xingrg/check_reg.html?_=1642728766607 HTTP/1.1" 200 22
180.169.147.146 - - [21/Jan/2022:09:32:49 +0800] "GET /xingrg/all/function/internal_message.html?_=1642728766609&CODE_STATE=getMsg HTTP/1.1" 200 27
114.95.98.1 - - [21/Jan/2022:09:32:50 +0800] "GET /xingrg/all/function/internal_message.html?_=1642728770083&CODE_STATE=getMsg HTTP/1.1" 200 27
180.152.99.73 - - [21/Jan/2022:09:32:51 +0800] "POST /xingrg/kc/buy/cgsh_order_operate.html HTTP/1.1" 200 37
180.152.99.73 - - [21/Jan/2022:09:32:52 +0800] "POST /xingrg/kc/buy/cgsh_order_operate.html HTTP/1.1" 200 6802
114.95.98.1 - - [21/Jan/2022:09:32:53 +0800] "GET /xingrg/kc/base/wldb_order_operate.html?command=get_materiel&rest_code=00102&base_code=0010477&code=00102002015 HTTP/1.1" 200 435
180.152.99.73 - - [21/Jan/2022:09:32:58 +0800] "GET /xingrg/all/function/internal_message.html?_=1642728777211&CODE_STATE=getMsg HTTP/1.1" 200 27
114.95.98.1 - - [21/Jan/2022:09:33:01 +0800] "GET /xingrg/kc/base/wldb_order_operate.html?command=get_materiel&rest_code=00102&base_code=0010477&code=00102002035 HTTP/1.1" 200 426
116.233.73.218 - - [21/Jan/2022:09:33:02 +0800] "GET /xingrg/all/function/internal_message.html?_=1642728781178&CODE_STATE=getMsg HTTP/1.1" 200 27
116.233.73.218 - - [21/Jan/2022:09:33:02 +0800] "GET /xingrg/check_reg.html?_=1642728781180 HTTP/1.1" 200 22
222.70.178.207 - - [21/Jan/2022:09:33:04 +0800] "GET /xingrg/all/function/internal_message.html?_=1642728782297&CODE_STATE=getMsg HTTP/1.1" 200 27
114.95.98.1 - - [21/Jan/2022:09:33:05 +0800] "GET /xingrg/kc/base/wldb_order_operate.html?command=get_materiel&rest_code=00102&base_code=0010477&code=00102002448 HTTP/1.1" 200 426
222.70.178.207 - - [21/Jan/2022:09:33:06 +0800] "GET /xingrg/kc/buy/cgsh_order_operate.html?command=get_materiel&rest_code=00111&code=00101006038&supplier_code=00100012&order_time=2022-01-21 HTTP/1.1" 200 421
114.95.98.1 - - [21/Jan/2022:09:33:10 +0800] "GET /xingrg/kc/base/wldb_order_operate.html?command=get_materiel&rest_code=00102&base_code=0010477&code=00102002347 HTTP/1.1" 200 443
180.152.99.39 - - [21/Jan/2022:09:33:11 +0800] "GET /xingrg/all/function/internal_message.html?_=1642728721602&CODE_STATE=getMsg HTTP/1.1" 200 27
114.95.98.1 - - [21/Jan/2022:09:33:13 +0800] "GET /xingrg/kc/base/wldb_order_operate.html?command=get_materiel&rest_code=00102&base_code=0010477&code=00102002022 HTTP/1.1" 200 459
114.95.98.1 - - [21/Jan/2022:09:33:19 +0800] "POST /xingrg/kc/base/wldb_order_operate.html HTTP/1.1" 200 37
222.70.178.207 - - [21/Jan/2022:09:33:21 +0800] "GET /xingrg/kc/buy/cgsh_order_operate.html?command=get_materiel&rest_code=00111&code=00101006025&supplier_code=00100012&order_time=2022-01-21 HTTP/1.1" 200 417
114.95.98.1 - - [21/Jan/2022:09:33:21 +0800] "POST /xingrg/kc/base/wldb_order_operate.html HTTP/1.1" 200 12
101.83.241.107 - - [21/Jan/2022:09:33:21 +0800] "GET /xingrg/check_reg.html?_=1642728796500 HTTP/1.1" 200 22
101.83.241.107 - - [21/Jan/2022:09:33:21 +0800] "GET /xingrg/all/function/internal_message.html?_=1642728796505&CODE_STATE=getMsg HTTP/1.1" 200 27
114.95.98.1 - - [21/Jan/2022:09:33:21 +0800] "POST /xingrg/kc/base/wldb_order_operate.html HTTP/1.1" 200 4155
114.95.98.1 - - [21/Jan/2022:09:33:22 +0800] "GET /xingrg/kc/base/wldb_order_info.html?code=422022012102733 HTTP/1.1" 200 26153
114.95.98.1 - - [21/Jan/2022:09:33:23 +0800] "GET /xingrg/javascript/easyui/themes/default/validatebox.css HTTP/1.1" 404 1104
222.70.243.96 - - [21/Jan/2022:09:33:23 +0800] "GET /xingrg/check_reg.html?_=1642728809105 HTTP/1.1" 200 22
114.95.98.1 - - [21/Jan/2022:09:33:23 +0800] "POST /xingrg/kc/base/wldb_order_operate.html HTTP/1.1" 200 2404
222.70.243.96 - - [21/Jan/2022:09:33:23 +0800] "GET /xingrg/all/function/internal_message.html?_=1642728809282&CODE_STATE=getMsg HTTP/1.1" 200 27
114.95.98.1 - - [21/Jan/2022:09:33:25 +0800] "GET /xingrg/kc/base/wldb_order_add.html HTTP/1.1" 200 30274
