58.39.168.32 - - [20/Jan/2022:08:37:46 +0800] "GET /xingrg/all/common/auto_word.html?type=employee&rest_code=00105 HTTP/1.1" 200 193
58.39.168.32 - - [20/Jan/2022:08:37:46 +0800] "GET /xingrg/all/common/auto_word.html?type=employee&rest_code=00105 HTTP/1.1" 200 193
58.39.168.32 - - [20/Jan/2022:08:37:46 +0800] "GET /xingrg/javascript/easyui/themes/icons/edit_remove.png HTTP/1.1" 304 -
58.39.168.32 - - [20/Jan/2022:08:37:46 +0800] "GET /xingrg/javascript/easyui/plugins/jquery.numberbox.js HTTP/1.1" 304 -
124.78.156.14 - - [20/Jan/2022:08:37:47 +0800] "GET /xingrg/all/function/internal_message.html?_=1642639063208&CODE_STATE=getMsg HTTP/1.1" 200 27
120.253.135.82 - - [20/Jan/2022:08:37:49 +0800] "GET /xingrg/all/function/internal_message.html?_=1642638856432&CODE_STATE=getMsg HTTP/1.1" 200 27
222.70.243.96 - - [20/Jan/2022:08:37:58 +0800] "GET /xingrg/all/function/internal_message.html?_=1642639080174&CODE_STATE=getMsg HTTP/1.1" 200 27
58.39.168.32 - - [20/Jan/2022:08:38:26 +0800] "GET /xingrg/javascript/auto/indicator.gif HTTP/1.1" 404 1066
58.39.168.32 - - [20/Jan/2022:08:38:37 +0800] "GET /xingrg/all/function/internal_message.html?_=1642639116641&CODE_STATE=getMsg HTTP/1.1" 200 27
124.78.156.14 - - [20/Jan/2022:08:38:47 +0800] "GET /xingrg/all/function/internal_message.html?_=1642639123206&CODE_STATE=getMsg HTTP/1.1" 200 27
120.253.135.82 - - [20/Jan/2022:08:38:49 +0800] "GET /xingrg/all/function/internal_message.html?_=1642638916446&CODE_STATE=getMsg HTTP/1.1" 200 27
222.70.243.96 - - [20/Jan/2022:08:38:58 +0800] "GET /xingrg/all/function/internal_message.html?_=1642639140248&CODE_STATE=getMsg HTTP/1.1" 200 27
124.78.156.14 - - [20/Jan/2022:08:39:14 +0800] "POST /xingrg/services/DataTransmitService HTTP/1.1" 200 524
58.39.168.32 - - [20/Jan/2022:08:39:37 +0800] "GET /xingrg/all/function/internal_message.html?_=1642639176636&CODE_STATE=getMsg HTTP/1.1" 200 27
124.78.156.14 - - [20/Jan/2022:08:39:47 +0800] "GET /xingrg/all/function/internal_message.html?_=1642639183205&CODE_STATE=getMsg HTTP/1.1" 200 27
101.89.239.120 - - [20/Jan/2022:08:39:49 +0800] "GET /xingrg/all/function/internal_message.html?_=1642639123206&CODE_STATE=getMsg HTTP/1.1" 302 -
120.253.135.82 - - [20/Jan/2022:08:39:50 +0800] "GET /xingrg/all/function/internal_message.html?_=1642638976658&CODE_STATE=getMsg HTTP/1.1" 200 27
101.89.239.120 - - [20/Jan/2022:08:39:52 +0800] "GET /xingrg/login.html HTTP/1.1" 200 7641
222.70.243.96 - - [20/Jan/2022:08:39:58 +0800] "GET /xingrg/all/function/internal_message.html?_=1642639200264&CODE_STATE=getMsg HTTP/1.1" 200 27
58.39.168.32 - - [20/Jan/2022:08:40:16 +0800] "GET /xingrg/kc/buy/cgsh_order_operate.html?command=get_materiel&rest_code=00105&code=00102016392&supplier_code=00100151&order_time=2022-01-20 HTTP/1.1" 200 408
58.39.168.32 - - [20/Jan/2022:08:40:32 +0800] "POST /xingrg/kc/buy/cgsh_order_operate.html HTTP/1.1" 200 37
58.39.168.32 - - [20/Jan/2022:08:40:38 +0800] "GET /xingrg/all/function/internal_message.html?_=1642639237856&CODE_STATE=getMsg HTTP/1.1" 200 27
58.39.168.32 - - [20/Jan/2022:08:40:39 +0800] "POST /xingrg/kc/buy/cgsh_order_operate.html HTTP/1.1" 200 2652
58.39.168.32 - - [20/Jan/2022:08:40:43 +0800] "GET /xingrg/kc/print/load_config.html?kc_code=cgsh HTTP/1.1" 200 1943
58.39.168.32 - - [20/Jan/2022:08:40:43 +0800] "GET /xingrg/kc/print/load_data.html?order_code=212022012009810&kc_code=cgsh&condition= HTTP/1.1" 200 637
124.78.156.14 - - [20/Jan/2022:08:40:47 +0800] "GET /xingrg/all/function/internal_message.html?_=1642639243209&CODE_STATE=getMsg HTTP/1.1" 200 27
120.253.135.82 - - [20/Jan/2022:08:40:50 +0800] "GET /xingrg/all/function/internal_message.html?_=1642639036722&CODE_STATE=getMsg HTTP/1.1" 200 27
222.70.243.96 - - [20/Jan/2022:08:40:56 +0800] "GET /xingrg/check_reg.html?_=1642639258947 HTTP/1.1" 200 22
222.70.243.96 - - [20/Jan/2022:08:40:58 +0800] "GET /xingrg/all/function/internal_message.html?_=1642639260278&CODE_STATE=getMsg HTTP/1.1" 200 27
58.39.168.32 - - [20/Jan/2022:08:41:38 +0800] "GET /xingrg/all/function/internal_message.html?_=1642639297858&CODE_STATE=getMsg HTTP/1.1" 200 27
124.78.156.14 - - [20/Jan/2022:08:41:47 +0800] "GET /xingrg/check_reg.html?_=1642639303209 HTTP/1.1" 200 22
124.78.156.14 - - [20/Jan/2022:08:41:47 +0800] "GET /xingrg/all/function/internal_message.html?_=1642639303208&CODE_STATE=getMsg HTTP/1.1" 200 27
120.253.135.82 - - [20/Jan/2022:08:41:50 +0800] "GET /xingrg/all/function/internal_message.html?_=1642639096961&CODE_STATE=getMsg HTTP/1.1" 200 27
222.70.243.96 - - [20/Jan/2022:08:41:58 +0800] "GET /xingrg/all/function/internal_message.html?_=1642639320291&CODE_STATE=getMsg HTTP/1.1" 200 27
120.253.135.82 - - [20/Jan/2022:08:42:07 +0800] "GET /xingrg/kc/report/report_main.html HTTP/1.1" 200 8599
120.253.135.82 - - [20/Jan/2022:08:42:10 +0800] "GET /xingrg/kc/base/kc_stocks.html HTTP/1.1" 200 16437
120.253.135.82 - - [20/Jan/2022:08:42:10 +0800] "GET /xingrg/javascript/easyui/themes/default/tree.css HTTP/1.1" 404 1090
120.253.135.82 - - [20/Jan/2022:08:42:10 +0800] "POST /xingrg/all/common/load_tree.html?tree=materiel_sort_tree_json HTTP/1.1" 200 9388
120.253.135.82 - - [20/Jan/2022:08:42:12 +0800] "POST /xingrg/all/common/load_combo.html?type=base HTTP/1.1" 200 1075
120.253.135.82 - - [20/Jan/2022:08:42:26 +0800] "POST /xingrg/kc/base/stock_operate.html HTTP/1.1" 200 1479
222.70.178.207 - - [20/Jan/2022:08:42:29 +0800] "GET /xingrg/login.html HTTP/1.1" 200 7641
222.70.178.207 - - [20/Jan/2022:08:42:29 +0800] "GET /favicon.ico HTTP/1.1" 404 -
120.253.135.82 - - [20/Jan/2022:08:42:35 +0800] "GET /xingrg/check_reg.html?_=1642639141991 HTTP/1.1" 200 22
222.70.178.207 - - [20/Jan/2022:08:42:36 +0800] "POST /xingrg/login.do HTTP/1.1" 302 -
222.70.178.207 - - [20/Jan/2022:08:42:36 +0800] "GET /xingrg/index.html?sysBaseUrl=http%3A%2F%2F180.169.147.146%3A18081%2Fxingrg%2F&costTime=42×tamp=1642639356068 HTTP/1.1" 200 17173
222.70.178.207 - - [20/Jan/2022:08:42:36 +0800] "GET /favicon.ico HTTP/1.1" 404 -
222.70.178.207 - - [20/Jan/2022:08:42:36 +0800] "POST /xingrg/all/common/load_tree.html?tree=area_rest_tree_json&manage=1 HTTP/1.1" 200 342
222.70.178.207 - - [20/Jan/2022:08:42:36 +0800] "GET /xingrg/all/function/internal_message.html?_=1642639355013&CODE_STATE=count HTTP/1.1" 200 11
222.70.178.207 - - [20/Jan/2022:08:42:36 +0800] "GET /xingrg/check_reg.html?_=1642639355014 HTTP/1.1" 200 22
222.70.178.207 - - [20/Jan/2022:08:42:36 +0800] "POST /xingrg/load_menu.html HTTP/1.1" 200 5138
58.39.168.32 - - [20/Jan/2022:08:42:37 +0800] "GET /xingrg/check_reg.html?_=1642639356642 HTTP/1.1" 200 22
222.70.178.207 - - [20/Jan/2022:08:42:38 +0800] "GET /xingrg/kc/buy/buy_main.html HTTP/1.1" 200 12412
222.70.178.207 - - [20/Jan/2022:08:42:38 +0800] "GET /xingrg/css/new_ie.css HTTP/1.1" 404 1036
58.39.168.32 - - [20/Jan/2022:08:42:38 +0800] "GET /xingrg/all/function/internal_message.html?_=1642639357814&CODE_STATE=getMsg HTTP/1.1" 200 27
222.70.178.207 - - [20/Jan/2022:08:42:38 +0800] "GET /xingrg/images/yd/bt.gif HTTP/1.1" 404 1040
222.70.178.207 - - [20/Jan/2022:08:42:39 +0800] "GET /xingrg/kc/buy/cgsh_order_list.html HTTP/1.1" 200 49588
222.70.178.207 - - [20/Jan/2022:08:42:40 +0800] "POST /xingrg/kc/buy/cgsh_list_operate.html HTTP/1.1" 200 876
58.40.7.146 - - [20/Jan/2022:08:42:41 +0800] "POST /xingrg/services/DataTransmitService HTTP/1.1" 200 524
101.89.29.78 - - [20/Jan/2022:08:42:42 +0800] "GET /xingrg/all/function/internal_message.html?_=1642639003208&CODE_STATE=getMsg HTTP/1.1" 302 -
101.89.29.78 - - [20/Jan/2022:08:42:42 +0800] "GET /xingrg/login.html HTTP/1.1" 200 7641
124.78.156.14 - - [20/Jan/2022:08:42:47 +0800] "GET /xingrg/all/function/internal_message.html?_=1642639363208&CODE_STATE=getMsg HTTP/1.1" 200 27
61.151.178.165 - - [20/Jan/2022:08:42:47 +0800] "GET /xingrg/all/function/internal_message.html?_=1642639303208&CODE_STATE=getMsg HTTP/1.1" 302 -
61.151.178.165 - - [20/Jan/2022:08:42:48 +0800] "GET /xingrg/login.html HTTP/1.1" 200 7641
120.253.135.82 - - [20/Jan/2022:08:42:50 +0800] "GET /xingrg/all/function/internal_message.html?_=1642639156968&CODE_STATE=getMsg HTTP/1.1" 200 27
58.39.168.32 - - [20/Jan/2022:08:42:57 +0800] "GET /xingrg/kc/buy/cgsh_order_add.html HTTP/1.1" 200 65445
58.39.168.32 - - [20/Jan/2022:08:42:57 +0800] "GET /xingrg/javascript/easyui/themes/default/validatebox.css HTTP/1.1" 404 1104
58.39.168.32 - - [20/Jan/2022:08:42:57 +0800] "POST /xingrg/kc/buy/cgsh_order_operate.html HTTP/1.1" 200 8245
222.70.243.96 - - [20/Jan/2022:08:42:58 +0800] "GET /xingrg/all/function/internal_message.html?_=1642639380304&CODE_STATE=getMsg HTTP/1.1" 200 27
222.70.178.207 - - [20/Jan/2022:08:42:59 +0800] "GET /xingrg/kc/buy/cgsh_order_add.html HTTP/1.1" 200 65319
222.70.178.207 - - [20/Jan/2022:08:42:59 +0800] "GET /xingrg/words/20220115171631_words.js HTTP/1.1" 304 -
222.70.178.207 - - [20/Jan/2022:08:42:59 +0800] "POST /xingrg/kc/buy/cgsh_order_operate.html HTTP/1.1" 200 8245
222.70.178.207 - - [20/Jan/2022:08:42:59 +0800] "GET /xingrg/all/common/auto_word.html?type=employee&rest_code=00111 HTTP/1.1" 200 155
222.70.178.207 - - [20/Jan/2022:08:42:59 +0800] "GET /xingrg/javascript/easyui/themes/default/validatebox.css HTTP/1.1" 404 1104
222.70.178.207 - - [20/Jan/2022:08:42:59 +0800] "GET /xingrg/all/common/auto_word.html?type=employee&rest_code=00111 HTTP/1.1" 200 155
222.70.178.207 - - [20/Jan/2022:08:43:04 +0800] "GET /xingrg/javascript/auto/indicator.gif HTTP/1.1" 404 1066
222.70.178.207 - - [20/Jan/2022:08:43:06 +0800] "GET /xingrg/javascript/jquery_tools/images/prev.gif HTTP/1.1" 404 1086
222.70.178.207 - - [20/Jan/2022:08:43:06 +0800] "GET /xingrg/javascript/jquery_tools/images/next.gif HTTP/1.1" 404 1086
222.70.178.207 - - [20/Jan/2022:08:43:16 +0800] "GET /xingrg/kc/buy/cgsh_order_operate.html?command=get_materiel&rest_code=00111&code=00101008096&supplier_code=00100005&order_time=2022-01-20 HTTP/1.1" 200 413
58.39.168.32 - - [20/Jan/2022:08:43:24 +0800] "GET /xingrg/kc/buy/cgsh_order_operate.html?command=get_materiel&rest_code=00105&code=00101008256&supplier_code=00100203&order_time=2022-01-20 HTTP/1.1" 200 412
222.70.178.207 - - [20/Jan/2022:08:43:26 +0800] "GET /xingrg/kc/buy/cgsh_order_operate.html?command=get_materiel&rest_code=00111&code=00101008087&supplier_code=00100005&order_time=2022-01-20 HTTP/1.1" 200 412
222.70.178.207 - - [20/Jan/2022:08:43:34 +0800] "GET /xingrg/kc/buy/cgsh_order_operate.html?command=get_materiel&rest_code=00111&code=00101008270&supplier_code=00100005&order_time=2022-01-20 HTTP/1.1" 200 412
222.70.178.207 - - [20/Jan/2022:08:43:36 +0800] "GET /xingrg/all/function/internal_message.html?_=1642639415028&CODE_STATE=getMsg HTTP/1.1" 200 27
120.253.135.82 - - [20/Jan/2022:08:43:36 +0800] "GET /xingrg/kc/pszx/mdps_order_list.html?orderType=0 HTTP/1.1" 200 20925
120.253.135.82 - - [20/Jan/2022:08:43:37 +0800] "POST /xingrg/kc/pszx/mdps_list_operate.html HTTP/1.1" 200 5316
58.39.168.32 - - [20/Jan/2022:08:43:38 +0800] "GET /xingrg/all/function/internal_message.html?_=1642639417810&CODE_STATE=getMsg HTTP/1.1" 200 27
222.70.178.207 - - [20/Jan/2022:08:43:42 +0800] "GET /xingrg/kc/buy/cgsh_order_operate.html?command=get_materiel&rest_code=00111&code=00101008169&supplier_code=00100005&order_time=2022-01-20 HTTP/1.1" 200 412
120.253.135.82 - - [20/Jan/2022:08:43:43 +0800] "POST /xingrg/kc/pszx/mdps_list_operate.html HTTP/1.1" 200 4587
120.253.135.82 - - [20/Jan/2022:08:43:46 +0800] "POST /xingrg/kc/pszx/mdps_list_operate.html HTTP/1.1" 200 204
124.78.156.14 - - [20/Jan/2022:08:43:47 +0800] "GET /xingrg/all/function/internal_message.html?_=1642639423207&CODE_STATE=getMsg HTTP/1.1" 200 27
120.253.135.82 - - [20/Jan/2022:08:43:48 +0800] "POST /xingrg/kc/pszx/mdps_list_operate.html HTTP/1.1" 200 279
120.253.135.82 - - [20/Jan/2022:08:43:49 +0800] "POST /xingrg/kc/pszx/mdps_list_operate.html HTTP/1.1" 200 205
120.253.135.82 - - [20/Jan/2022:08:43:50 +0800] "GET /xingrg/all/function/internal_message.html?_=1642639216982&CODE_STATE=getMsg HTTP/1.1" 200 27
120.253.135.82 - - [20/Jan/2022:08:43:50 +0800] "POST /xingrg/kc/pszx/mdps_list_operate.html HTTP/1.1" 200 615
222.70.178.207 - - [20/Jan/2022:08:43:51 +0800] "GET /xingrg/kc/buy/cgsh_order_operate.html?command=get_materiel&rest_code=00111&code=00101008403&supplier_code=00100005&order_time=2022-01-20 HTTP/1.1" 200 412
120.253.135.82 - - [20/Jan/2022:08:43:51 +0800] "GET /xingrg/kc/pszx/mdps_order_info.html?code=312022012000668 HTTP/1.1" 200 23925
120.253.135.82 - - [20/Jan/2022:08:43:52 +0800] "GET /xingrg/javascript/easyui/themes/default/validatebox.css HTTP/1.1" 404 1104
120.253.135.82 - - [20/Jan/2022:08:43:52 +0800] "POST /xingrg/kc/pszx/mdps_order_operate.html HTTP/1.1" 200 8878
222.70.243.96 - - [20/Jan/2022:08:43:58 +0800] "GET /xingrg/all/function/internal_message.html?_=1642639440367&CODE_STATE=getMsg HTTP/1.1" 200 27
58.39.168.32 - - [20/Jan/2022:08:43:58 +0800] "GET /xingrg/kc/buy/cgsh_order_operate.html?command=get_materiel&rest_code=00105&code=00101008045&supplier_code=00100203&order_time=2022-01-20 HTTP/1.1" 200 412
58.39.168.32 - - [20/Jan/2022:08:44:17 +0800] "GET /xingrg/javascript/jquery_easy_ui/themes/default/images/tabs_active.png HTTP/1.1" 304 -
120.253.135.82 - - [20/Jan/2022:08:44:20 +0800] "GET /xingrg/check_reg.html?_=1642639457528 HTTP/1.1" 302 -
120.253.135.82 - - [20/Jan/2022:08:44:20 +0800] "GET /xingrg/login.html HTTP/1.1" 200 7641
222.70.178.207 - - [20/Jan/2022:08:44:36 +0800] "GET /xingrg/all/function/internal_message.html?_=1642639475018&CODE_STATE=getMsg HTTP/1.1" 200 27
58.39.168.32 - - [20/Jan/2022:08:44:38 +0800] "GET /xingrg/all/function/internal_message.html?_=1642639477788&CODE_STATE=getMsg HTTP/1.1" 200 27
222.70.178.207 - - [20/Jan/2022:08:44:38 +0800] "GET /xingrg/kc/buy/cgsh_order_operate.html?command=get_materiel&rest_code=00111&code=00101008283&supplier_code=00100005&order_time=2022-01-20 HTTP/1.1" 200 408
124.78.156.14 - - [20/Jan/2022:08:44:47 +0800] "GET /xingrg/all/function/internal_message.html?_=1642639483205&CODE_STATE=getMsg HTTP/1.1" 200 27
222.70.178.207 - - [20/Jan/2022:08:44:47 +0800] "GET /xingrg/kc/buy/cgsh_order_operate.html?command=get_materiel&rest_code=00111&code=00101008238&supplier_code=00100005&order_time=2022-01-20 HTTP/1.1" 200 416
120.253.135.82 - - [20/Jan/2022:08:44:50 +0800] "GET /xingrg/all/function/internal_message.html?_=1642639276995&CODE_STATE=getMsg HTTP/1.1" 200 27
58.39.168.32 - - [20/Jan/2022:08:44:55 +0800] "GET /xingrg/kc/buy/cgsh_order_operate.html?command=get_materiel&rest_code=00105&code=00101008028&supplier_code=00100203&order_time=2022-01-20 HTTP/1.1" 200 412
222.70.178.207 - - [20/Jan/2022:08:44:56 +0800] "GET /xingrg/kc/buy/cgsh_order_operate.html?command=get_materiel&rest_code=00111&code=00101008027&supplier_code=00100005&order_time=2022-01-20 HTTP/1.1" 200 408
222.70.217.149 - - [20/Jan/2022:08:44:57 +0800] "POST /xingrg/login.do HTTP/1.1" 302 -
222.70.217.149 - - [20/Jan/2022:08:44:57 +0800] "GET /xingrg/index.html?sysBaseUrl=http%3A%2F%2F180.169.147.146%3A18081%2Fxingrg%2F&costTime=40×tamp=1642639497663 HTTP/1.1" 200 17179
222.70.217.149 - - [20/Jan/2022:08:44:57 +0800] "GET /favicon.ico HTTP/1.1" 404 -
222.70.243.96 - - [20/Jan/2022:08:44:58 +0800] "GET /xingrg/all/function/internal_message.html?_=1642639500378&CODE_STATE=getMsg HTTP/1.1" 200 27
222.70.217.149 - - [20/Jan/2022:08:44:58 +0800] "POST /xingrg/all/common/load_tree.html?tree=area_rest_tree_json&manage=1 HTTP/1.1" 200 351
222.70.217.149 - - [20/Jan/2022:08:44:58 +0800] "GET /xingrg/all/function/internal_message.html?_=1642639479110&CODE_STATE=count HTTP/1.1" 200 11
222.70.217.149 - - [20/Jan/2022:08:44:58 +0800] "GET /xingrg/check_reg.html?_=1642639479112 HTTP/1.1" 200 22
222.70.217.149 - - [20/Jan/2022:08:44:58 +0800] "POST /xingrg/load_menu.html HTTP/1.1" 200 5138
222.70.217.149 - - [20/Jan/2022:08:45:00 +0800] "GET /xingrg/kc/buy/cgsh_order_list.html HTTP/1.1" 200 49594
222.70.217.149 - - [20/Jan/2022:08:45:02 +0800] "POST /xingrg/kc/buy/cgsh_list_operate.html HTTP/1.1" 200 876
222.70.217.149 - - [20/Jan/2022:08:45:04 +0800] "GET /xingrg/kc/buy/cgsh_order_add.html HTTP/1.1" 200 65325
222.70.178.207 - - [20/Jan/2022:08:45:04 +0800] "GET /xingrg/kc/buy/cgsh_order_operate.html?command=get_materiel&rest_code=00111&code=00101008354&supplier_code=00100005&order_time=2022-01-20 HTTP/1.1" 200 412
222.70.217.149 - - [20/Jan/2022:08:45:04 +0800] "GET /xingrg/words/20220115171631_words.js HTTP/1.1" 304 -
222.70.217.149 - - [20/Jan/2022:08:45:04 +0800] "POST /xingrg/kc/buy/cgsh_order_operate.html HTTP/1.1" 200 8245
222.70.217.149 - - [20/Jan/2022:08:45:04 +0800] "GET /xingrg/all/common/auto_word.html?type=employee&rest_code=00155 HTTP/1.1" 200 205
222.70.217.149 - - [20/Jan/2022:08:45:04 +0800] "GET /xingrg/all/common/auto_word.html?type=employee&rest_code=00155 HTTP/1.1" 200 205
222.70.217.149 - - [20/Jan/2022:08:45:04 +0800] "GET /xingrg/javascript/easyui/themes/default/validatebox.css HTTP/1.1" 404 1104
58.39.168.32 - - [20/Jan/2022:08:45:05 +0800] "GET /xingrg/kc/buy/cgsh_order_operate.html?command=get_materiel&rest_code=00105&code=00101019891&supplier_code=00100203&order_time=2022-01-20 HTTP/1.1" 200 396
222.70.217.149 - - [20/Jan/2022:08:45:08 +0800] "GET /xingrg/javascript/auto/indicator.gif HTTP/1.1" 404 1066
222.70.217.149 - - [20/Jan/2022:08:45:09 +0800] "GET /xingrg/javascript/jquery_tools/images/prev.gif HTTP/1.1" 404 1086
222.70.217.149 - - [20/Jan/2022:08:45:09 +0800] "GET /xingrg/javascript/jquery_tools/images/next.gif HTTP/1.1" 404 1086
222.70.178.207 - - [20/Jan/2022:08:45:11 +0800] "GET /xingrg/kc/buy/cgsh_order_operate.html?command=get_materiel&rest_code=00111&code=00101008038&supplier_code=00100005&order_time=2022-01-20 HTTP/1.1" 200 412
222.70.217.149 - - [20/Jan/2022:08:45:15 +0800] "GET /xingrg/kc/buy/cgsh_order_operate.html?command=get_materiel&rest_code=00155&code=00101007061&supplier_code=00100002&order_time=2022-01-20 HTTP/1.1" 200 409
222.70.178.207 - - [20/Jan/2022:08:45:22 +0800] "GET /xingrg/kc/buy/cgsh_order_operate.html?command=get_materiel&rest_code=00111&code=00101008338&supplier_code=00100005&order_time=2022-01-20 HTTP/1.1" 200 409
222.70.217.149 - - [20/Jan/2022:08:45:23 +0800] "GET /xingrg/kc/buy/cgsh_order_operate.html?command=get_materiel&rest_code=00155&code=00101007125&supplier_code=00100002&order_time=2022-01-20 HTTP/1.1" 200 406
58.39.168.32 - - [20/Jan/2022:08:45:23 +0800] "GET /xingrg/kc/buy/cgsh_order_operate.html?command=get_materiel&rest_code=00105&code=00101008211&supplier_code=00100203&order_time=2022-01-20 HTTP/1.1" 200 412
222.70.217.149 - - [20/Jan/2022:08:45:29 +0800] "GET /xingrg/kc/buy/cgsh_order_operate.html?command=get_materiel&rest_code=00155&code=00101007048&supplier_code=00100002&order_time=2022-01-20 HTTP/1.1" 200 408
222.70.178.207 - - [20/Jan/2022:08:45:30 +0800] "GET /xingrg/kc/buy/cgsh_order_operate.html?command=get_materiel&rest_code=00111&code=00101008290&supplier_code=00100005&order_time=2022-01-20 HTTP/1.1" 200 416
58.39.168.32 - - [20/Jan/2022:08:45:31 +0800] "GET /xingrg/kc/buy/cgsh_order_operate.html?command=get_materiel&rest_code=00105&code=00101008355&supplier_code=00100203&order_time=2022-01-20 HTTP/1.1" 200 408
222.70.217.149 - - [20/Jan/2022:08:45:34 +0800] "GET /xingrg/kc/buy/cgsh_order_operate.html?command=get_materiel&rest_code=00155&code=00101007072&supplier_code=00100002&order_time=2022-01-20 HTTP/1.1" 200 413
222.70.178.207 - - [20/Jan/2022:08:45:36 +0800] "GET /xingrg/all/function/internal_message.html?_=1642639535016&CODE_STATE=getMsg HTTP/1.1" 200 27
58.39.168.32 - - [20/Jan/2022:08:45:38 +0800] "GET /xingrg/all/function/internal_message.html?_=1642639537740&CODE_STATE=getMsg HTTP/1.1" 200 27
222.70.178.207 - - [20/Jan/2022:08:45:38 +0800] "GET /xingrg/kc/buy/cgsh_order_operate.html?command=get_materiel&rest_code=00111&code=00101008286&supplier_code=00100005&order_time=2022-01-20 HTTP/1.1" 200 427
222.70.217.149 - - [20/Jan/2022:08:45:40 +0800] "GET /xingrg/kc/buy/cgsh_order_operate.html?command=get_materiel&rest_code=00155&code=00101007032&supplier_code=00100002&order_time=2022-01-20 HTTP/1.1" 200 413
58.39.168.32 - - [20/Jan/2022:08:45:40 +0800] "GET /xingrg/kc/buy/cgsh_order_operate.html?command=get_materiel&rest_code=00105&code=00101008264&supplier_code=00100203&order_time=2022-01-20 HTTP/1.1" 200 412
222.70.217.149 - - [20/Jan/2022:08:45:45 +0800] "GET /xingrg/kc/buy/cgsh_order_operate.html?command=get_materiel&rest_code=00155&code=00101007077&supplier_code=00100002&order_time=2022-01-20 HTTP/1.1" 200 415
124.78.156.14 - - [20/Jan/2022:08:45:47 +0800] "GET /xingrg/all/function/internal_message.html?_=1642639543230&CODE_STATE=getMsg HTTP/1.1" 200 27
58.39.168.32 - - [20/Jan/2022:08:45:49 +0800] "GET /xingrg/kc/buy/cgsh_order_operate.html?command=get_materiel&rest_code=00105&code=00101008356&supplier_code=00100203&order_time=2022-01-20 HTTP/1.1" 200 408
120.253.135.82 - - [20/Jan/2022:08:45:50 +0800] "GET /xingrg/all/function/internal_message.html?_=1642639337009&CODE_STATE=getMsg HTTP/1.1" 200 27
222.70.217.149 - - [20/Jan/2022:08:45:51 +0800] "GET /xingrg/kc/buy/cgsh_order_operate.html?command=get_materiel&rest_code=00155&code=00101007071&supplier_code=00100002&order_time=2022-01-20 HTTP/1.1" 200 417
222.70.243.96 - - [20/Jan/2022:08:45:56 +0800] "GET /xingrg/check_reg.html?_=1642639558994 HTTP/1.1" 200 22
222.70.243.96 - - [20/Jan/2022:08:45:58 +0800] "GET /xingrg/all/function/internal_message.html?_=1642639560393&CODE_STATE=getMsg HTTP/1.1" 200 27
222.70.217.149 - - [20/Jan/2022:08:45:58 +0800] "GET /xingrg/all/function/internal_message.html?_=1642639539117&CODE_STATE=getMsg HTTP/1.1" 200 27
222.70.217.149 - - [20/Jan/2022:08:45:58 +0800] "POST /xingrg/kc/buy/cgsh_order_operate.html HTTP/1.1" 200 37
58.39.168.32 - - [20/Jan/2022:08:45:59 +0800] "GET /xingrg/kc/buy/cgsh_order_operate.html?command=get_materiel&rest_code=00105&code=00101008136&supplier_code=00100203&order_time=2022-01-20 HTTP/1.1" 200 413
222.70.217.149 - - [20/Jan/2022:08:45:59 +0800] "POST /xingrg/kc/buy/cgsh_order_operate.html HTTP/1.1" 200 6208
222.70.178.207 - - [20/Jan/2022:08:46:00 +0800] "GET /xingrg/kc/buy/cgsh_order_operate.html?command=get_materiel&rest_code=00111&code=00101008251&supplier_code=00100005&order_time=2022-01-20 HTTP/1.1" 200 408
222.70.217.149 - - [20/Jan/2022:08:46:00 +0800] "GET /xingrg/kc/print/load_config.html?kc_code=cgsh HTTP/1.1" 200 1943
222.70.217.149 - - [20/Jan/2022:08:46:00 +0800] "GET /xingrg/kc/print/load_data.html?order_code=212022012009811&kc_code=cgsh&condition= HTTP/1.1" 200 2108
222.70.217.149 - - [20/Jan/2022:08:46:04 +0800] "GET /xingrg/kc/print/load_data.html?order_code=212022012009811&kc_code=cgsh HTTP/1.1" 200 2108
58.39.168.32 - - [20/Jan/2022:08:46:09 +0800] "GET /xingrg/kc/buy/cgsh_order_operate.html?command=get_materiel&rest_code=00105&code=00101008197&supplier_code=00100203&order_time=2022-01-20 HTTP/1.1" 200 416
222.70.217.149 - - [20/Jan/2022:08:46:15 +0800] "GET /xingrg/kc/buy/cgsh_order_add.html HTTP/1.1" 200 65325
222.70.217.149 - - [20/Jan/2022:08:46:15 +0800] "POST /xingrg/kc/buy/cgsh_order_operate.html HTTP/1.1" 200 8245
222.70.217.149 - - [20/Jan/2022:08:46:15 +0800] "GET /xingrg/javascript/easyui/themes/default/validatebox.css HTTP/1.1" 404 1104
222.70.178.207 - - [20/Jan/2022:08:46:16 +0800] "GET /xingrg/kc/buy/cgsh_order_operate.html?command=get_materiel&rest_code=00111&code=00101008296&supplier_code=00100005&order_time=2022-01-20 HTTP/1.1" 200 416
58.39.168.32 - - [20/Jan/2022:08:46:18 +0800] "GET /xingrg/kc/buy/cgsh_order_operate.html?command=get_materiel&rest_code=00105&code=00101008558&supplier_code=00100203&order_time=2022-01-20 HTTP/1.1" 200 395
222.70.217.149 - - [20/Jan/2022:08:46:22 +0800] "GET /xingrg/kc/buy/cgsh_order_operate.html?command=get_materiel&rest_code=00155&code=00101006056&supplier_code=00100012&order_time=2022-01-20 HTTP/1.1" 200 413
222.70.178.207 - - [20/Jan/2022:08:46:26 +0800] "GET /xingrg/kc/buy/cgsh_order_operate.html?command=get_materiel&rest_code=00111&code=00101008353&supplier_code=00100005&order_time=2022-01-20 HTTP/1.1" 200 408
58.39.168.32 - - [20/Jan/2022:08:46:27 +0800] "GET /xingrg/kc/buy/cgsh_order_operate.html?command=get_materiel&rest_code=00105&code=00101008069&supplier_code=00100203&order_time=2022-01-20 HTTP/1.1" 200 412
222.70.217.149 - - [20/Jan/2022:08:46:28 +0800] "GET /xingrg/kc/buy/cgsh_order_operate.html?command=get_materiel&rest_code=00155&code=00101006109&supplier_code=00100012&order_time=2022-01-20 HTTP/1.1" 200 409
222.70.178.207 - - [20/Jan/2022:08:46:33 +0800] "GET /xingrg/kc/buy/cgsh_order_operate.html?command=get_materiel&rest_code=00111&code=00101008213&supplier_code=00100005&order_time=2022-01-20 HTTP/1.1" 200 412
222.70.217.149 - - [20/Jan/2022:08:46:35 +0800] "GET /xingrg/kc/buy/cgsh_order_operate.html?command=get_materiel&rest_code=00155&code=00101006124&supplier_code=00100012&order_time=2022-01-20 HTTP/1.1" 200 409
222.70.178.207 - - [20/Jan/2022:08:46:36 +0800] "GET /xingrg/all/function/internal_message.html?_=1642639595031&CODE_STATE=getMsg HTTP/1.1" 200 27
58.39.168.32 - - [20/Jan/2022:08:46:38 +0800] "GET /xingrg/all/function/internal_message.html?_=1642639597780&CODE_STATE=getMsg HTTP/1.1" 200 27
58.39.168.32 - - [20/Jan/2022:08:46:38 +0800] "GET /xingrg/index.html?sysBaseUrl=http%3A%2F%2F180.169.147.146%3A18081%2Fxingrg%2F&costTime=32×tamp=1585224308505 HTTP/1.1" 302 -
58.39.168.32 - - [20/Jan/2022:08:46:39 +0800] "GET /xingrg/login.html HTTP/1.1" 200 7641
58.39.168.32 - - [20/Jan/2022:08:46:40 +0800] "GET /xingrg/images/blue/jxLogo.png HTTP/1.1" 304 -
222.70.217.149 - - [20/Jan/2022:08:46:41 +0800] "GET /xingrg/kc/buy/cgsh_order_operate.html?command=get_materiel&rest_code=00155&code=00101006065&supplier_code=00100012&order_time=2022-01-20 HTTP/1.1" 200 409
222.70.178.207 - - [20/Jan/2022:08:46:42 +0800] "GET /xingrg/kc/buy/cgsh_order_operate.html?command=get_materiel&rest_code=00111&code=00101008010&supplier_code=00100005&order_time=2022-01-20 HTTP/1.1" 200 412
58.39.168.32 - - [20/Jan/2022:08:46:43 +0800] "GET /xingrg/kc/buy/cgsh_order_operate.html?command=get_materiel&rest_code=00105&code=00101008286&supplier_code=00100203&order_time=2022-01-20 HTTP/1.1" 200 427
222.70.178.207 - - [20/Jan/2022:08:46:44 +0800] "POST /xingrg/kc/buy/cgsh_order_operate.html HTTP/1.1" 200 2065
124.78.156.14 - - [20/Jan/2022:08:46:47 +0800] "GET /xingrg/all/function/internal_message.html?_=1642639603229&CODE_STATE=getMsg HTTP/1.1" 200 27
124.78.156.14 - - [20/Jan/2022:08:46:47 +0800] "GET /xingrg/check_reg.html?_=1642639603232 HTTP/1.1" 200 22
222.70.217.149 - - [20/Jan/2022:08:46:49 +0800] "GET /xingrg/kc/buy/cgsh_order_operate.html?command=get_materiel&rest_code=00155&code=00101006055&supplier_code=00100012&order_time=2022-01-20 HTTP/1.1" 200 409
58.39.168.32 - - [20/Jan/2022:08:46:50 +0800] "GET /xingrg/images/blue/login_bg.png HTTP/1.1" 304 -
58.39.168.32 - - [20/Jan/2022:08:46:50 +0800] "GET /xingrg/images/blue/hj.png HTTP/1.1" 304 -
58.39.168.32 - - [20/Jan/2022:08:46:50 +0800] "GET /xingrg/images/blue/srbg.png HTTP/1.1" 304 -
222.70.178.207 - - [20/Jan/2022:08:46:50 +0800] "GET /xingrg/kc/buy/cgsh_order_operate.html?command=get_materiel&rest_code=00111&code=00101008306&supplier_code=00100005&order_time=2022-01-20 HTTP/1.1" 200 412
120.253.135.82 - - [20/Jan/2022:08:46:50 +0800] "GET /xingrg/all/function/internal_message.html?_=1642639397261&CODE_STATE=getMsg HTTP/1.1" 200 27
58.39.168.32 - - [20/Jan/2022:08:46:54 +0800] "GET /xingrg/kc/buy/cgsh_order_operate.html?command=get_materiel&rest_code=00105&code=00101008131&supplier_code=00100203&order_time=2022-01-20 HTTP/1.1" 200 408
58.39.168.32 - - [20/Jan/2022:08:46:54 +0800] "GET /favicon.ico HTTP/1.1" 404 -
222.70.178.207 - - [20/Jan/2022:08:46:57 +0800] "GET /xingrg/kc/buy/cgsh_order_operate.html?command=get_materiel&rest_code=00111&code=00101008219&supplier_code=00100005&order_time=2022-01-20 HTTP/1.1" 200 412
222.70.243.96 - - [20/Jan/2022:08:46:58 +0800] "GET /xingrg/all/function/internal_message.html?_=1642639620407&CODE_STATE=getMsg HTTP/1.1" 200 27
222.70.217.149 - - [20/Jan/2022:08:46:58 +0800] "GET /xingrg/all/function/internal_message.html?_=1642639599118&CODE_STATE=getMsg HTTP/1.1" 200 27
222.70.217.149 - - [20/Jan/2022:08:47:01 +0800] "GET /xingrg/kc/buy/cgsh_order_operate.html?command=get_materiel&rest_code=00155&code=00101006129&supplier_code=00100012&order_time=2022-01-20 HTTP/1.1" 200 450
58.39.168.32 - - [20/Jan/2022:08:47:06 +0800] "POST /xingrg/kc/buy/cgsh_order_operate.html HTTP/1.1" 200 2065
58.39.168.32 - - [20/Jan/2022:08:47:10 +0800] "POST /xingrg/kc/buy/cgsh_order_operate.html HTTP/1.1" 200 2065
222.70.217.149 - - [20/Jan/2022:08:47:10 +0800] "GET /xingrg/kc/buy/cgsh_order_operate.html?command=get_materiel&rest_code=00155&code=00101006027&supplier_code=00100012&order_time=2022-01-20 HTTP/1.1" 200 409
222.70.178.207 - - [20/Jan/2022:08:47:11 +0800] "GET /xingrg/kc/buy/cgsh_order_operate.html?command=get_materiel&rest_code=00111&code=00101008175&supplier_code=00100005&order_time=2022-01-20 HTTP/1.1" 200 412
222.70.217.149 - - [20/Jan/2022:08:47:13 +0800] "POST /xingrg/services/DataTransmitService HTTP/1.1" 200 524
222.70.217.149 - - [20/Jan/2022:08:47:22 +0800] "POST /xingrg/kc/buy/cgsh_order_operate.html HTTP/1.1" 200 37
222.70.217.149 - - [20/Jan/2022:08:47:24 +0800] "POST /xingrg/kc/buy/cgsh_order_operate.html HTTP/1.1" 200 6802
58.39.168.32 - - [20/Jan/2022:08:47:26 +0800] "GET /xingrg/kc/buy/cgsh_order_operate.html?command=get_materiel&rest_code=00105&code=00101008352&supplier_code=00100203&order_time=2022-01-20 HTTP/1.1" 200 412
222.70.217.149 - - [20/Jan/2022:08:47:27 +0800] "GET /xingrg/kc/print/report_design.html?orderType=cgsh HTTP/1.1" 200 8625
222.70.217.149 - - [20/Jan/2022:08:47:27 +0800] "GET /xingrg/kc/print/design_operate.html?_=1642639628392&command=load_config&code=cgsh HTTP/1.1" 200 2853
222.70.217.149 - - [20/Jan/2022:08:47:27 +0800] "GET /favicon.ico HTTP/1.1" 404 -
222.70.217.149 - - [20/Jan/2022:08:47:29 +0800] "GET /xingrg/kc/print/load_data.html?order_code=212022012009812&kc_code=cgsh&condition= HTTP/1.1" 200 2349
58.39.168.32 - - [20/Jan/2022:08:47:29 +0800] "POST /xingrg/login.do HTTP/1.1" 302 -
58.39.168.32 - - [20/Jan/2022:08:47:29 +0800] "GET /xingrg/index.html?sysBaseUrl=http%3A%2F%2F180.169.147.146%3A18081%2Fxingrg%2F&costTime=41×tamp=1642639649530 HTTP/1.1" 200 17173
58.39.168.32 - - [20/Jan/2022:08:47:29 +0800] "GET /xingrg/javascript/jquery_easy_ui/themes/default/easyui.css HTTP/1.1" 304 -
58.39.168.32 - - [20/Jan/2022:08:47:29 +0800] "GET /xingrg/javascript/jquery_easy_ui/themes/icon.css HTTP/1.1" 304 -
58.39.168.32 - - [20/Jan/2022:08:47:29 +0800] "GET /xingrg/css/form.css HTTP/1.1" 304 -
58.39.168.32 - - [20/Jan/2022:08:47:29 +0800] "GET /xingrg/javascript/jquery-1.4.2.min.js HTTP/1.1" 304 -
58.39.168.32 - - [20/Jan/2022:08:47:29 +0800] "GET /xingrg/javascript/jquery_easy_ui/jquery.easyui.min.js HTTP/1.1" 304 -
58.39.168.32 - - [20/Jan/2022:08:47:29 +0800] "GET /xingrg/javascript/jquery_easy_ui/easyui-lang-zh_CN.js HTTP/1.1" 304 -
58.39.168.32 - - [20/Jan/2022:08:47:29 +0800] "GET /xingrg/javascript/jquery.form.js HTTP/1.1" 304 -
58.39.168.32 - - [20/Jan/2022:08:47:29 +0800] "GET /xingrg/javascript/jquery.utils.js HTTP/1.1" 304 -
58.39.168.32 - - [20/Jan/2022:08:47:29 +0800] "GET /xingrg/javascript/jquery.timers.js HTTP/1.1" 304 -
58.39.168.32 - - [20/Jan/2022:08:47:29 +0800] "GET /favicon.ico HTTP/1.1" 404 -
58.39.168.32 - - [20/Jan/2022:08:47:30 +0800] "GET /xingrg/javascript/jquery_easy_ui/themes/icons/settle_new.png HTTP/1.1" 304 -
58.39.168.32 - - [20/Jan/2022:08:47:30 +0800] "GET /xingrg/images/blue/navBackgound.jpg HTTP/1.1" 304 -
58.39.168.32 - - [20/Jan/2022:08:47:30 +0800] "POST /xingrg/all/common/load_tree.html?tree=area_rest_tree_json&manage=1 HTTP/1.1" 200 342
58.39.168.32 - - [20/Jan/2022:08:47:30 +0800] "GET /xingrg/check_reg.html?_=1642639586421 HTTP/1.1" 200 22
58.39.168.32 - - [20/Jan/2022:08:47:30 +0800] "GET /xingrg/all/function/internal_message.html?_=1642639586420&CODE_STATE=count HTTP/1.1" 200 11
58.39.168.32 - - [20/Jan/2022:08:47:30 +0800] "GET /xingrg/javascript/jquery_easy_ui/themes/default/images/tabs_leftarrow.png HTTP/1.1" 304 -
58.39.168.32 - - [20/Jan/2022:08:47:30 +0800] "GET /xingrg/images/blue/pingpu.png HTTP/1.1" 304 -
58.39.168.32 - - [20/Jan/2022:08:47:30 +0800] "GET /xingrg/javascript/jquery_easy_ui/themes/default/images/tabs_rightarrow.png HTTP/1.1" 304 -
58.39.168.32 - - [20/Jan/2022:08:47:30 +0800] "GET /xingrg/javascript/jquery_easy_ui/themes/default/images/panel_tool_collapse.gif HTTP/1.1" 304 -
58.39.168.32 - - [20/Jan/2022:08:47:30 +0800] "POST /xingrg/load_menu.html HTTP/1.1" 200 5138
58.39.168.32 - - [20/Jan/2022:08:47:30 +0800] "GET /xingrg/javascript/jquery_easy_ui/themes/default/images/tree_arrows.gif HTTP/1.1" 304 -
58.39.168.32 - - [20/Jan/2022:08:47:30 +0800] "GET /xingrg/javascript/jquery_easy_ui/themes/default/images/tree_folder_open.gif HTTP/1.1" 304 -
58.39.168.32 - - [20/Jan/2022:08:47:30 +0800] "GET /xingrg/javascript/jquery_easy_ui/themes/icons/search_new.png HTTP/1.1" 304 -
58.39.168.32 - - [20/Jan/2022:08:47:30 +0800] "GET /xingrg/javascript/jquery_easy_ui/themes/default/images/tree_folder.gif HTTP/1.1" 304 -
58.39.168.32 - - [20/Jan/2022:08:47:30 +0800] "GET /xingrg/javascript/jquery_easy_ui/themes/icons/storage_new.png HTTP/1.1" 304 -
58.39.168.32 - - [20/Jan/2022:08:47:30 +0800] "GET /xingrg/javascript/jquery_easy_ui/themes/icons/forms_new.png HTTP/1.1" 304 -
58.39.168.32 - - [20/Jan/2022:08:47:30 +0800] "GET /xingrg/javascript/jquery_easy_ui/themes/default/images/tree_file.gif HTTP/1.1" 304 -
222.70.217.149 - - [20/Jan/2022:08:47:32 +0800] "GET /xingrg/kc/print/load_data.html?order_code=212022012009812&kc_code=cgsh HTTP/1.1" 200 2349
120.253.135.82 - - [20/Jan/2022:08:47:35 +0800] "GET /xingrg/check_reg.html?_=1642639442218 HTTP/1.1" 200 22
222.70.178.207 - - [20/Jan/2022:08:47:36 +0800] "GET /xingrg/check_reg.html?_=1642639655028 HTTP/1.1" 200 22
222.70.178.207 - - [20/Jan/2022:08:47:36 +0800] "GET /xingrg/all/function/internal_message.html?_=1642639655031&CODE_STATE=getMsg HTTP/1.1" 200 27
58.39.168.32 - - [20/Jan/2022:08:47:37 +0800] "GET /xingrg/check_reg.html?_=1642639656703 HTTP/1.1" 200 22
58.39.168.32 - - [20/Jan/2022:08:47:38 +0800] "GET /xingrg/all/function/internal_message.html?_=1642639657752&CODE_STATE=getMsg HTTP/1.1" 200 27
124.78.156.14 - - [20/Jan/2022:08:47:47 +0800] "GET /xingrg/all/function/internal_message.html?_=1642639663231&CODE_STATE=getMsg HTTP/1.1" 200 27
120.253.135.82 - - [20/Jan/2022:08:47:47 +0800] "GET /favicon.ico HTTP/1.1" 404 -
101.91.60.88 - - [20/Jan/2022:08:47:50 +0800] "GET /xingrg/check_reg.html?_=1642639303209 HTTP/1.1" 302 -
120.253.135.82 - - [20/Jan/2022:08:47:50 +0800] "GET /xingrg/all/function/internal_message.html?_=1642639457269&CODE_STATE=getMsg HTTP/1.1" 200 27
101.91.60.88 - - [20/Jan/2022:08:47:50 +0800] "GET /xingrg/login.html HTTP/1.1" 200 7641
61.151.178.197 - - [20/Jan/2022:08:47:58 +0800] "GET /xingrg/check_reg.html?_=1642639603232 HTTP/1.1" 302 -
61.151.178.197 - - [20/Jan/2022:08:47:58 +0800] "GET /xingrg/login.html HTTP/1.1" 200 7641
222.70.243.96 - - [20/Jan/2022:08:47:58 +0800] "GET /xingrg/all/function/internal_message.html?_=1642639680420&CODE_STATE=getMsg HTTP/1.1" 200 27
222.70.217.149 - - [20/Jan/2022:08:47:58 +0800] "GET /xingrg/all/function/internal_message.html?_=1642639659138&CODE_STATE=getMsg HTTP/1.1" 200 27
61.151.207.205 - - [20/Jan/2022:08:48:11 +0800] "GET /xingrg/all/function/internal_message.html?_=1642639603229&CODE_STATE=getMsg HTTP/1.1" 302 -
61.151.207.205 - - [20/Jan/2022:08:48:13 +0800] "GET /xingrg/login.html HTTP/1.1" 200 7641
58.39.168.32 - - [20/Jan/2022:08:48:30 +0800] "GET /xingrg/all/function/internal_message.html?_=1642639646435&CODE_STATE=getMsg HTTP/1.1" 200 27
180.157.251.97 - - [20/Jan/2022:08:48:32 +0800] "GET /xingrg/check_reg.html?_=1642639711478 HTTP/1.1" 302 -
180.157.251.97 - - [20/Jan/2022:08:48:32 +0800] "GET /xingrg/login.html HTTP/1.1" 200 7641
222.70.178.207 - - [20/Jan/2022:08:48:36 +0800] "GET /xingrg/all/function/internal_message.html?_=1642639715022&CODE_STATE=getMsg HTTP/1.1" 200 27
58.39.168.32 - - [20/Jan/2022:08:48:38 +0800] "GET /xingrg/all/function/internal_message.html?_=1642639717735&CODE_STATE=getMsg HTTP/1.1" 200 27
124.78.156.14 - - [20/Jan/2022:08:48:47 +0800] "GET /xingrg/all/function/internal_message.html?_=1642639723229&CODE_STATE=getMsg HTTP/1.1" 200 27
120.253.135.82 - - [20/Jan/2022:08:48:50 +0800] "GET /xingrg/all/function/internal_message.html?_=1642639517284&CODE_STATE=getMsg HTTP/1.1" 200 27
222.70.243.96 - - [20/Jan/2022:08:48:58 +0800] "GET /xingrg/all/function/internal_message.html?_=1642639740433&CODE_STATE=getMsg HTTP/1.1" 200 27
222.70.217.149 - - [20/Jan/2022:08:48:58 +0800] "GET /xingrg/all/function/internal_message.html?_=1642639719140&CODE_STATE=getMsg HTTP/1.1" 200 27
101.89.19.197 - - [20/Jan/2022:08:49:09 +0800] "GET /xingrg/all/function/internal_message.html?_=1642639543230&CODE_STATE=getMsg HTTP/1.1" 302 -
101.89.19.197 - - [20/Jan/2022:08:49:12 +0800] "GET /xingrg/login.html HTTP/1.1" 200 7641
222.70.178.207 - - [20/Jan/2022:08:49:17 +0800] "GET /xingrg/kc/buy/cgsh_order_operate.html?command=get_materiel&rest_code=00111&code=00101008091&supplier_code=00100005&order_time=2022-01-20 HTTP/1.1" 200 412
222.70.178.207 - - [20/Jan/2022:08:49:20 +0800] "POST /xingrg/kc/buy/cgsh_order_operate.html HTTP/1.1" 200 2065
120.253.135.82 - - [20/Jan/2022:08:49:20 +0800] "GET /xingrg/check_reg.html?_=1642639757506 HTTP/1.1" 302 -
222.70.243.96 - - [20/Jan/2022:08:49:27 +0800] "GET /xingrg/kc/buy/cgsh_order_list.html HTTP/1.1" 200 49594
222.70.243.96 - - [20/Jan/2022:08:49:28 +0800] "POST /xingrg/kc/buy/cgsh_list_operate.html HTTP/1.1" 200 876
58.39.168.32 - - [20/Jan/2022:08:49:30 +0800] "GET /xingrg/all/function/internal_message.html?_=1642639706435&CODE_STATE=getMsg HTTP/1.1" 200 27
222.70.243.96 - - [20/Jan/2022:08:49:30 +0800] "GET /xingrg/kc/buy/cgsh_order_add.html HTTP/1.1" 200 65363
222.70.243.96 - - [20/Jan/2022:08:49:31 +0800] "POST /xingrg/kc/buy/cgsh_order_operate.html HTTP/1.1" 200 8245
222.70.243.96 - - [20/Jan/2022:08:49:31 +0800] "GET /xingrg/javascript/easyui/themes/default/validatebox.css HTTP/1.1" 404 1104
120.253.135.82 - - [20/Jan/2022:08:49:33 +0800] "POST /xingrg/kc/pszx/mdps_list_operate.html HTTP/1.1" 200 3551
222.70.178.207 - - [20/Jan/2022:08:49:34 +0800] "GET /xingrg/kc/buy/cgsh_order_operate.html?command=get_materiel&rest_code=00111&code=00101008125&supplier_code=00100005&order_time=2022-01-20 HTTP/1.1" 200 432
120.253.135.82 - - [20/Jan/2022:08:49:35 +0800] "POST /xingrg/kc/pszx/mdps_list_operate.html HTTP/1.1" 200 624
222.70.178.207 - - [20/Jan/2022:08:49:36 +0800] "GET /xingrg/all/function/internal_message.html?_=1642639775024&CODE_STATE=getMsg HTTP/1.1" 200 27
120.253.135.82 - - [20/Jan/2022:08:49:36 +0800] "GET /xingrg/kc/pszx/mdps_order_info.html?code=312022012000686 HTTP/1.1" 200 23931
120.253.135.82 - - [20/Jan/2022:08:49:37 +0800] "GET /xingrg/javascript/easyui/themes/default/validatebox.css HTTP/1.1" 404 1104
120.253.135.82 - - [20/Jan/2022:08:49:37 +0800] "POST /xingrg/kc/pszx/mdps_order_operate.html HTTP/1.1" 200 22708
58.39.168.32 - - [20/Jan/2022:08:49:38 +0800] "GET /xingrg/all/function/internal_message.html?_=1642639777714&CODE_STATE=getMsg HTTP/1.1" 200 27
222.70.178.207 - - [20/Jan/2022:08:49:42 +0800] "GET /xingrg/kc/buy/cgsh_order_operate.html?command=get_materiel&rest_code=00111&code=00101008148&supplier_code=00100005&order_time=2022-01-20 HTTP/1.1" 200 416
124.78.156.14 - - [20/Jan/2022:08:49:47 +0800] "GET /xingrg/all/function/internal_message.html?_=1642639783228&CODE_STATE=getMsg HTTP/1.1" 200 27
120.253.135.82 - - [20/Jan/2022:08:49:48 +0800] "GET /xingrg/kc/pszx/mdps_order_operate.html?command=get_materiel&pszx_code=00101&rest_code=00150&base_code=0010246&code=00101019066 HTTP/1.1" 200 442
120.253.135.82 - - [20/Jan/2022:08:49:50 +0800] "GET /xingrg/all/function/internal_message.html?_=1642639577297&CODE_STATE=getMsg HTTP/1.1" 200 27
222.70.243.96 - - [20/Jan/2022:08:49:51 +0800] "GET /xingrg/kc/buy/cgsh_order_operate.html?command=get_materiel&rest_code=00146&code=00102015041&supplier_code=00100151&order_time=2022-01-20 HTTP/1.1" 200 413
120.253.135.82 - - [20/Jan/2022:08:49:51 +0800] "POST /xingrg/all/common/load_select.html HTTP/1.1" 200 25
120.253.135.82 - - [20/Jan/2022:08:49:53 +0800] "GET /xingrg/kc/pszx/mdps_order_operate.html?command=get_materiel_price&pszx_code=00101&rest_code=00150&base_code=0010246&code=00101019066&unit_code=00100299&order_time=2022-01-21 HTTP/1.1" 200 34
101.89.19.197 - - [20/Jan/2022:08:49:56 +0800] "GET /xingrg/all/function/internal_message.html?_=1642639663231&CODE_STATE=getMsg HTTP/1.1" 302 -
101.89.19.197 - - [20/Jan/2022:08:49:56 +0800] "GET /xingrg/login.html HTTP/1.1" 200 7641
222.70.243.96 - - [20/Jan/2022:08:49:58 +0800] "GET /xingrg/all/function/internal_message.html?_=1642639800446&CODE_STATE=getMsg HTTP/1.1" 200 27
222.70.217.149 - - [20/Jan/2022:08:49:58 +0800] "GET /xingrg/check_reg.html?_=1642639779143 HTTP/1.1" 200 22
222.70.217.149 - - [20/Jan/2022:08:49:58 +0800] "GET /xingrg/all/function/internal_message.html?_=1642639779146&CODE_STATE=getMsg HTTP/1.1" 200 27
120.253.135.82 - - [20/Jan/2022:08:49:59 +0800] "POST /xingrg/kc/pszx/mdps_order_operate.html HTTP/1.1" 200 37
120.253.135.82 - - [20/Jan/2022:08:50:00 +0800] "GET /xingrg/kc/pszx/mdps_order_info.html?code=312022012000686 HTTP/1.1" 200 23931
120.253.135.82 - - [20/Jan/2022:08:50:01 +0800] "GET /xingrg/javascript/easyui/themes/default/validatebox.css HTTP/1.1" 404 1104
120.253.135.82 - - [20/Jan/2022:08:50:01 +0800] "POST /xingrg/kc/pszx/mdps_order_operate.html HTTP/1.1" 200 22716
120.253.135.82 - - [20/Jan/2022:08:50:05 +0800] "POST /xingrg/kc/pszx/mdps_list_operate.html HTTP/1.1" 200 3551
180.152.99.73 - - [20/Jan/2022:08:50:07 +0800] "GET /xingrg/check_reg.html?_=1642639806503 HTTP/1.1" 302 -
180.152.99.73 - - [20/Jan/2022:08:50:07 +0800] "GET /xingrg/login.html HTTP/1.1" 200 7641
222.70.178.207 - - [20/Jan/2022:08:50:08 +0800] "GET /xingrg/kc/buy/cgsh_order_operate.html?command=get_materiel&rest_code=00111&code=00101008264&supplier_code=00100005&order_time=2022-01-20 HTTP/1.1" 200 412
222.70.178.207 - - [20/Jan/2022:08:50:12 +0800] "POST /xingrg/kc/buy/cgsh_order_operate.html HTTP/1.1" 200 2065
222.70.178.207 - - [20/Jan/2022:08:50:16 +0800] "GET /xingrg/kc/buy/cgsh_order_operate.html?command=get_materiel&rest_code=00111&code=00101008024&supplier_code=00100005&order_time=2022-01-20 HTTP/1.1" 200 408
222.70.243.96 - - [20/Jan/2022:08:50:16 +0800] "GET /xingrg/kc/buy/cgsh_order_operate.html?command=get_materiel&rest_code=00146&code=00102015025&supplier_code=00100151&order_time=2022-01-20 HTTP/1.1" 200 415
101.89.19.197 - - [20/Jan/2022:08:50:21 +0800] "GET /xingrg/all/function/internal_message.html?_=1642639723229&CODE_STATE=getMsg HTTP/1.1" 302 -
101.89.19.197 - - [20/Jan/2022:08:50:23 +0800] "GET /xingrg/login.html HTTP/1.1" 200 7641
222.70.178.207 - - [20/Jan/2022:08:50:24 +0800] "GET /xingrg/kc/buy/cgsh_order_operate.html?command=get_materiel&rest_code=00111&code=00101008360&supplier_code=00100005&order_time=2022-01-20 HTTP/1.1" 200 432
58.39.168.32 - - [20/Jan/2022:08:50:30 +0800] "GET /xingrg/all/function/internal_message.html?_=1642639766427&CODE_STATE=getMsg HTTP/1.1" 200 27
58.39.168.32 - - [20/Jan/2022:08:50:31 +0800] "GET /xingrg/kc/buy/cgsh_order_operate.html?command=get_materiel&rest_code=00105&code=00101008005&supplier_code=00100203&order_time=2022-01-20 HTTP/1.1" 200 412
222.70.178.207 - - [20/Jan/2022:08:50:36 +0800] "GET /xingrg/all/function/internal_message.html?_=1642639835029&CODE_STATE=getMsg HTTP/1.1" 200 27
222.70.178.207 - - [20/Jan/2022:08:50:37 +0800] "GET /xingrg/kc/buy/cgsh_order_operate.html?command=get_materiel&rest_code=00111&code=00101008196&supplier_code=00100005&order_time=2022-01-20 HTTP/1.1" 200 416
58.39.168.32 - - [20/Jan/2022:08:50:38 +0800] "GET /xingrg/all/function/internal_message.html?_=1642639837681&CODE_STATE=getMsg HTTP/1.1" 200 27
58.39.168.32 - - [20/Jan/2022:08:50:40 +0800] "GET /xingrg/kc/buy/cgsh_order_operate.html?command=get_materiel&rest_code=00105&code=00101008271&supplier_code=00100203&order_time=2022-01-20 HTTP/1.1" 200 408
222.70.243.96 - - [20/Jan/2022:08:50:45 +0800] "GET /xingrg/kc/buy/cgsh_order_operate.html?command=get_materiel&rest_code=00146&code=00102002143&supplier_code=00100151&order_time=2022-01-20 HTTP/1.1" 200 420
222.70.178.207 - - [20/Jan/2022:08:50:46 +0800] "GET /xingrg/kc/buy/cgsh_order_operate.html?command=get_materiel&rest_code=00111&code=00101008197&supplier_code=00100005&order_time=2022-01-20 HTTP/1.1" 200 416
124.78.156.14 - - [20/Jan/2022:08:50:47 +0800] "GET /xingrg/all/function/internal_message.html?_=1642639843228&CODE_STATE=getMsg HTTP/1.1" 200 27
58.39.168.32 - - [20/Jan/2022:08:50:49 +0800] "GET /xingrg/kc/buy/cgsh_order_operate.html?command=get_materiel&rest_code=00105&code=00101008353&supplier_code=00100203&order_time=2022-01-20 HTTP/1.1" 200 408
120.253.135.82 - - [20/Jan/2022:08:50:50 +0800] "GET /xingrg/all/function/internal_message.html?_=1642639637504&CODE_STATE=getMsg HTTP/1.1" 200 27
222.70.178.207 - - [20/Jan/2022:08:50:55 +0800] "GET /xingrg/kc/buy/cgsh_order_operate.html?command=get_materiel&rest_code=00111&code=00101008650&supplier_code=00100005&order_time=2022-01-20 HTTP/1.1" 200 399
222.70.243.96 - - [20/Jan/2022:08:50:56 +0800] "GET /xingrg/check_reg.html?_=1642639858997 HTTP/1.1" 200 22
58.39.168.32 - - [20/Jan/2022:08:50:57 +0800] "GET /xingrg/kc/buy/cgsh_order_operate.html?command=get_materiel&rest_code=00105&code=00101008105&supplier_code=00100203&order_time=2022-01-20 HTTP/1.1" 200 412
222.70.243.96 - - [20/Jan/2022:08:50:58 +0800] "GET /xingrg/all/function/internal_message.html?_=1642639860460&CODE_STATE=getMsg HTTP/1.1" 200 27
222.70.217.149 - - [20/Jan/2022:08:50:58 +0800] "GET /xingrg/all/function/internal_message.html?_=1642639839124&CODE_STATE=getMsg HTTP/1.1" 200 27
58.39.168.32 - - [20/Jan/2022:08:51:08 +0800] "GET /xingrg/kc/buy/cgsh_order_operate.html?command=get_materiel&rest_code=00105&code=00101008119&supplier_code=00100203&order_time=2022-01-20 HTTP/1.1" 200 412
58.39.168.32 - - [20/Jan/2022:08:51:14 +0800] "GET /xingrg/kc/buy/cgsh_order_operate.html?command=get_materiel&rest_code=00105&code=00101008405&supplier_code=00100203&order_time=2022-01-20 HTTP/1.1" 200 413
222.70.243.96 - - [20/Jan/2022:08:51:20 +0800] "POST /xingrg/kc/buy/cgsh_order_operate.html HTTP/1.1" 200 37
120.253.135.82 - - [20/Jan/2022:08:51:21 +0800] "GET /xingrg/kc/base/wldb_order_list.html HTTP/1.1" 200 19060
120.253.135.82 - - [20/Jan/2022:08:51:21 +0800] "POST /xingrg/kc/pszx/mdps_list_operate.html HTTP/1.1" 200 3551
120.253.135.82 - - [20/Jan/2022:08:51:21 +0800] "POST /xingrg/kc/base/wldb_list_operate.html HTTP/1.1" 200 928
222.70.217.149 - - [20/Jan/2022:08:51:23 +0800] "GET /xingrg/kc/buy/cgsh_order_add.html HTTP/1.1" 200 65325
222.70.217.149 - - [20/Jan/2022:08:51:23 +0800] "POST /xingrg/kc/buy/cgsh_order_operate.html HTTP/1.1" 200 8245
222.70.217.149 - - [20/Jan/2022:08:51:23 +0800] "GET /xingrg/javascript/easyui/themes/default/validatebox.css HTTP/1.1" 404 1104
120.253.135.82 - - [20/Jan/2022:08:51:23 +0800] "GET /xingrg/kc/base/wldb_order_add.html HTTP/1.1" 200 30274
120.253.135.82 - - [20/Jan/2022:08:51:23 +0800] "POST /xingrg/kc/base/wldb_order_operate.html HTTP/1.1" 200 6806
222.70.243.96 - - [20/Jan/2022:08:51:24 +0800] "POST /xingrg/kc/buy/cgsh_order_operate.html HTTP/1.1" 200 12
120.253.135.82 - - [20/Jan/2022:08:51:24 +0800] "GET /xingrg/javascript/easyui/themes/default/validatebox.css HTTP/1.1" 404 1104
222.70.243.96 - - [20/Jan/2022:08:51:25 +0800] "GET /xingrg/kc/buy/cgsh_order_info.html?code=212022012009813 HTTP/1.1" 200 60262
222.70.243.96 - - [20/Jan/2022:08:51:25 +0800] "GET /xingrg/javascript/easyui/themes/default/validatebox.css HTTP/1.1" 404 1104
222.70.243.96 - - [20/Jan/2022:08:51:26 +0800] "POST /xingrg/kc/buy/cgsh_order_operate.html HTTP/1.1" 200 1801
120.253.135.82 - - [20/Jan/2022:08:51:28 +0800] "POST /xingrg/all/common/load_combo.html?type=base HTTP/1.1" 200 1075
222.70.243.96 - - [20/Jan/2022:08:51:28 +0800] "GET /xingrg/kc/print/load_config.html?kc_code=cgsh HTTP/1.1" 200 1943
222.70.243.96 - - [20/Jan/2022:08:51:28 +0800] "GET /xingrg/kc/print/load_data.html?order_code=212022012009813&kc_code=cgsh&condition= HTTP/1.1" 200 1144
58.39.168.32 - - [20/Jan/2022:08:51:29 +0800] "GET /xingrg/kc/buy/cgsh_order_operate.html?command=get_materiel&rest_code=00105&code=00101008312&supplier_code=00100203&order_time=2022-01-20 HTTP/1.1" 200 412
58.39.168.32 - - [20/Jan/2022:08:51:30 +0800] "GET /xingrg/all/function/internal_message.html?_=1642639826427&CODE_STATE=getMsg HTTP/1.1" 200 27
120.253.135.82 - - [20/Jan/2022:08:51:33 +0800] "POST /xingrg/all/common/load_combo.html?type=base HTTP/1.1" 200 1075
222.70.178.207 - - [20/Jan/2022:08:51:36 +0800] "GET /xingrg/all/function/internal_message.html?_=1642639895028&CODE_STATE=getMsg HTTP/1.1" 200 27
58.39.168.32 - - [20/Jan/2022:08:51:38 +0800] "GET /xingrg/all/function/internal_message.html?_=1642639897650&CODE_STATE=getMsg HTTP/1.1" 200 27
222.70.178.207 - - [20/Jan/2022:08:51:45 +0800] "POST /xingrg/kc/buy/cgsh_order_operate.html HTTP/1.1" 200 2065
124.78.156.14 - - [20/Jan/2022:08:51:47 +0800] "GET /xingrg/check_reg.html?_=1642639903230 HTTP/1.1" 200 22
124.78.156.14 - - [20/Jan/2022:08:51:47 +0800] "GET /xingrg/all/function/internal_message.html?_=1642639903228&CODE_STATE=getMsg HTTP/1.1" 200 27
120.253.135.82 - - [20/Jan/2022:08:51:47 +0800] "GET /xingrg/kc/base/wldb_order_operate.html?command=get_materiel&rest_code=00101&base_code=0010250&code=00102002610 HTTP/1.1" 200 431
120.253.135.82 - - [20/Jan/2022:08:51:50 +0800] "GET /xingrg/all/function/internal_message.html?_=1642639697513&CODE_STATE=getMsg HTTP/1.1" 200 27
