124.79.247.218 - - [20/Jan/2022:10:31:40 +0800] "GET /xingrg/javascript/jquery_tools/datebox.css HTTP/1.1" 304 -
124.79.247.218 - - [20/Jan/2022:10:31:40 +0800] "GET /xingrg/javascript/easyui/themes/default/easyui.css HTTP/1.1" 304 -
124.79.247.218 - - [20/Jan/2022:10:31:40 +0800] "GET /xingrg/javascript/easyui/themes/icon.css HTTP/1.1" 304 -
124.79.247.218 - - [20/Jan/2022:10:31:40 +0800] "GET /xingrg/javascript/auto/jquery.autocomplete.css HTTP/1.1" 304 -
124.79.247.218 - - [20/Jan/2022:10:31:40 +0800] "GET /xingrg/javascript/jquery_tools/table.css HTTP/1.1" 304 -
124.79.247.218 - - [20/Jan/2022:10:31:40 +0800] "GET /xingrg/javascript/jquery_tools/fix.css HTTP/1.1" 304 -
124.79.247.218 - - [20/Jan/2022:10:31:40 +0800] "GET /xingrg/javascript/jquery_tools/jquery.tools.extend.js HTTP/1.1" 304 -
124.79.247.218 - - [20/Jan/2022:10:31:40 +0800] "GET /xingrg/javascript/jquery_tools/jquery.tools.min.js HTTP/1.1" 304 -
124.79.247.218 - - [20/Jan/2022:10:31:40 +0800] "GET /xingrg/javascript/jquery_tools/jquery.tools.hotkey.js HTTP/1.1" 304 -
124.79.247.218 - - [20/Jan/2022:10:31:40 +0800] "GET /xingrg/javascript/jquery_tools/jquery.tools.table.js HTTP/1.1" 304 -
124.79.247.218 - - [20/Jan/2022:10:31:40 +0800] "GET /xingrg/javascript/jquery_tools/list_manager.js HTTP/1.1" 304 -
124.79.247.218 - - [20/Jan/2022:10:31:40 +0800] "GET /xingrg/javascript/auto/jquery.autocomplete.js HTTP/1.1" 304 -
124.79.247.218 - - [20/Jan/2022:10:31:40 +0800] "GET /xingrg/javascript/jquery.utils.js HTTP/1.1" 304 -
124.79.247.218 - - [20/Jan/2022:10:31:40 +0800] "GET /xingrg/kc/buy/cgsh_order_list.html HTTP/1.1" 200 49594
124.79.247.218 - - [20/Jan/2022:10:31:40 +0800] "GET /xingrg/javascript/easyui/easyloader.js HTTP/1.1" 304 -
124.79.247.218 - - [20/Jan/2022:10:31:40 +0800] "GET /xingrg/javascript/jquery.cookie.js HTTP/1.1" 304 -
124.79.247.218 - - [20/Jan/2022:10:31:40 +0800] "GET /xingrg/javascript/print/LodopFuncs.js HTTP/1.1" 304 -
222.70.178.207 - - [20/Jan/2022:10:31:40 +0800] "POST /xingrg/kc/base/stock_operate.html HTTP/1.1" 200 4228
222.70.178.207 - - [20/Jan/2022:10:31:40 +0800] "GET /xingrg/javascript/jquery_tools/fix_table.js HTTP/1.1" 200 6528
124.79.247.218 - - [20/Jan/2022:10:31:40 +0800] "GET /xingrg/javascript/easyui/themes/icons/cance_new.png HTTP/1.1" 304 -
124.79.247.218 - - [20/Jan/2022:10:31:40 +0800] "GET /xingrg/javascript/easyui/themes/icons/edit_add_new.png HTTP/1.1" 304 -
124.79.247.218 - - [20/Jan/2022:10:31:40 +0800] "GET /xingrg/javascript/easyui/themes/icons/check_new.png HTTP/1.1" 304 -
124.79.247.218 - - [20/Jan/2022:10:31:40 +0800] "GET /xingrg/javascript/easyui/themes/icons/field_new.png HTTP/1.1" 304 -
124.79.247.218 - - [20/Jan/2022:10:31:40 +0800] "GET /xingrg/javascript/easyui/themes/icons/import_new.png HTTP/1.1" 304 -
124.79.247.218 - - [20/Jan/2022:10:31:40 +0800] "GET /xingrg/javascript/easyui/plugins/jquery.parser.js HTTP/1.1" 304 -
124.79.247.218 - - [20/Jan/2022:10:31:40 +0800] "GET /xingrg/images/control/ajaxLoader.gif HTTP/1.1" 304 -
124.79.247.218 - - [20/Jan/2022:10:31:44 +0800] "POST /xingrg/kc/buy/cgsh_list_operate.html HTTP/1.1" 200 1681
124.79.247.218 - - [20/Jan/2022:10:31:47 +0800] "POST /xingrg/kc/buy/cgsh_list_operate.html HTTP/1.1" 200 567
124.79.247.218 - - [20/Jan/2022:10:31:47 +0800] "GET /xingrg/javascript/jquery_tools/datebox.css HTTP/1.1" 304 -
124.79.247.218 - - [20/Jan/2022:10:31:47 +0800] "GET /xingrg/css/base.css HTTP/1.1" 304 -
124.79.247.218 - - [20/Jan/2022:10:31:47 +0800] "GET /xingrg/css/site.css HTTP/1.1" 304 -
124.79.247.218 - - [20/Jan/2022:10:31:47 +0800] "GET /xingrg/javascript/easyui/themes/default/easyui.css HTTP/1.1" 304 -
124.79.247.218 - - [20/Jan/2022:10:31:47 +0800] "GET /xingrg/javascript/easyui/themes/icon.css HTTP/1.1" 304 -
124.79.247.218 - - [20/Jan/2022:10:31:47 +0800] "GET /xingrg/javascript/auto/jquery.autocomplete.css HTTP/1.1" 304 -
124.79.247.218 - - [20/Jan/2022:10:31:47 +0800] "GET /xingrg/javascript/jquery_tools/fix.css HTTP/1.1" 304 -
124.79.247.218 - - [20/Jan/2022:10:31:47 +0800] "GET /xingrg/javascript/jquery_tools/jquery.tools.extend.js HTTP/1.1" 304 -
124.79.247.218 - - [20/Jan/2022:10:31:47 +0800] "GET /xingrg/javascript/auto/jquery.autocomplete.js HTTP/1.1" 304 -
124.79.247.218 - - [20/Jan/2022:10:31:47 +0800] "GET /xingrg/javascript/jquery_tools/jquery.tools.hotkey.js HTTP/1.1" 304 -
124.79.247.218 - - [20/Jan/2022:10:31:47 +0800] "GET /xingrg/javascript/print/kc_print.js HTTP/1.1" 304 -
124.79.247.218 - - [20/Jan/2022:10:31:47 +0800] "GET /xingrg/javascript/pic_change.js HTTP/1.1" 304 -
124.79.247.218 - - [20/Jan/2022:10:31:47 +0800] "GET /xingrg/javascript/jquery_tools/jquery.tools.table.js HTTP/1.1" 304 -
124.79.247.218 - - [20/Jan/2022:10:31:47 +0800] "GET /xingrg/javascript/jquery_tools/table.css HTTP/1.1" 304 -
124.79.247.218 - - [20/Jan/2022:10:31:47 +0800] "GET /xingrg/javascript/jquery.utils.js HTTP/1.1" 304 -
124.79.247.218 - - [20/Jan/2022:10:31:47 +0800] "GET /xingrg/javascript/jquery_tools/jquery.tools.min.js HTTP/1.1" 304 -
124.79.247.218 - - [20/Jan/2022:10:31:47 +0800] "GET /xingrg/javascript/jquery_tools/order_manager.js HTTP/1.1" 304 -
124.79.247.218 - - [20/Jan/2022:10:31:47 +0800] "GET /xingrg/javascript/json2.js HTTP/1.1" 304 -
124.79.247.218 - - [20/Jan/2022:10:31:47 +0800] "GET /xingrg/javascript/easyui/easyloader.js HTTP/1.1" 304 -
124.79.247.218 - - [20/Jan/2022:10:31:47 +0800] "GET /xingrg/javascript/print/LodopFuncs.js HTTP/1.1" 304 -
124.79.247.218 - - [20/Jan/2022:10:31:47 +0800] "GET /xingrg/javascript/jquery.cookie.js HTTP/1.1" 304 -
124.79.247.218 - - [20/Jan/2022:10:31:47 +0800] "GET /xingrg/javascript/convert.js HTTP/1.1" 304 -
124.79.247.218 - - [20/Jan/2022:10:31:47 +0800] "GET /xingrg/kc/buy/cgsh_order_info.html?code=212022012009860 HTTP/1.1" 200 65407
124.79.247.218 - - [20/Jan/2022:10:31:47 +0800] "GET /xingrg/words/20220120091010_words.js HTTP/1.1" 304 -
124.79.247.218 - - [20/Jan/2022:10:31:48 +0800] "GET /xingrg/javascript/easyui/themes/icons/template_new.png HTTP/1.1" 304 -
124.79.247.218 - - [20/Jan/2022:10:31:48 +0800] "GET /xingrg/javascript/easyui/themes/icons/copy_new.png HTTP/1.1" 304 -
124.79.247.218 - - [20/Jan/2022:10:31:48 +0800] "GET /xingrg/javascript/easyui/themes/icons/print.png HTTP/1.1" 304 -
124.79.247.218 - - [20/Jan/2022:10:31:48 +0800] "GET /xingrg/javascript/easyui/themes/icons/ok.png HTTP/1.1" 304 -
124.79.247.218 - - [20/Jan/2022:10:31:48 +0800] "GET /xingrg/javascript/easyui/themes/icons/cancel.png HTTP/1.1" 304 -
124.79.247.218 - - [20/Jan/2022:10:31:48 +0800] "GET /xingrg/javascript/easyui/themes/default/images/menu_downarrow.png HTTP/1.1" 304 -
124.79.247.218 - - [20/Jan/2022:10:31:48 +0800] "GET /xingrg/javascript/easyui/plugins/jquery.parser.js HTTP/1.1" 304 -
124.79.247.218 - - [20/Jan/2022:10:31:48 +0800] "GET /xingrg/all/common/auto_word.html?type=employee&rest_code=00104 HTTP/1.1" 200 245
124.79.247.218 - - [20/Jan/2022:10:31:48 +0800] "GET /xingrg/all/common/auto_word.html?type=employee&rest_code=00104 HTTP/1.1" 200 245
124.79.247.218 - - [20/Jan/2022:10:31:48 +0800] "GET /xingrg/javascript/easyui/themes/default/validatebox.css HTTP/1.1" 404 1104
124.79.247.218 - - [20/Jan/2022:10:31:48 +0800] "GET /xingrg/javascript/easyui/plugins/jquery.validatebox.js HTTP/1.1" 304 -
124.79.247.218 - - [20/Jan/2022:10:31:48 +0800] "GET /xingrg/javascript/easyui/plugins/jquery.numberbox.js HTTP/1.1" 304 -
180.157.251.97 - - [20/Jan/2022:10:31:49 +0800] "GET /favicon.ico HTTP/1.1" 404 -
124.79.247.218 - - [20/Jan/2022:10:31:49 +0800] "POST /xingrg/kc/buy/cgsh_order_operate.html HTTP/1.1" 200 25708
124.79.247.218 - - [20/Jan/2022:10:31:49 +0800] "GET /xingrg/javascript/easyui/themes/icons/edit_remove.png HTTP/1.1" 304 -
222.70.178.207 - - [20/Jan/2022:10:31:52 +0800] "GET /xingrg/all/function/internal_message.html?_=1642645910909&CODE_STATE=getMsg HTTP/1.1" 200 27
222.70.217.149 - - [20/Jan/2022:10:31:53 +0800] "GET /xingrg/all/function/internal_message.html?_=1642645894143&CODE_STATE=getMsg HTTP/1.1" 200 27
222.70.178.207 - - [20/Jan/2022:10:31:54 +0800] "POST /xingrg/kc/base/stock_operate.html HTTP/1.1" 200 3062
120.253.135.82 - - [20/Jan/2022:10:31:58 +0800] "POST /xingrg/kc/buy/cgsh_order_operate.html HTTP/1.1" 200 37
180.169.147.146 - - [20/Jan/2022:10:31:58 +0800] "GET /xingrg/all/function/internal_message.html?_=1642645913577&CODE_STATE=getMsg HTTP/1.1" 200 27
124.78.156.14 - - [20/Jan/2022:10:32:00 +0800] "GET /xingrg/all/function/internal_message.html?_=1642645916584&CODE_STATE=getMsg HTTP/1.1" 200 27
120.253.135.82 - - [20/Jan/2022:10:32:03 +0800] "POST /xingrg/kc/buy/cgsh_order_operate.html HTTP/1.1" 200 12
114.95.98.1 - - [20/Jan/2022:10:32:04 +0800] "GET /xingrg/kc/buy/cgsh_order_operate.html?command=get_materiel&rest_code=00102&code=00101009112&supplier_code=00100424&order_time=2022-01-20 HTTP/1.1" 200 411
124.78.156.14 - - [20/Jan/2022:10:32:04 +0800] "GET /xingrg/check_reg.html?_=1642645925098 HTTP/1.1" 200 22
124.78.156.14 - - [20/Jan/2022:10:32:04 +0800] "GET /xingrg/all/function/internal_message.html?_=1642645925102&CODE_STATE=getMsg HTTP/1.1" 200 27
124.79.247.218 - - [20/Jan/2022:10:32:04 +0800] "GET /xingrg/javascript/auto/indicator.gif HTTP/1.1" 404 1066
180.152.99.73 - - [20/Jan/2022:10:32:05 +0800] "GET /xingrg/all/function/internal_message.html?_=1642645925016&CODE_STATE=getMsg HTTP/1.1" 200 27
120.253.135.82 - - [20/Jan/2022:10:32:06 +0800] "GET /xingrg/kc/buy/cgsh_order_info.html?code=212022012009859 HTTP/1.1" 200 59283
120.253.135.82 - - [20/Jan/2022:10:32:07 +0800] "GET /xingrg/javascript/easyui/themes/default/validatebox.css HTTP/1.1" 404 1104
120.253.135.82 - - [20/Jan/2022:10:32:08 +0800] "POST /xingrg/kc/buy/cgsh_order_operate.html HTTP/1.1" 200 1225
114.95.98.1 - - [20/Jan/2022:10:32:09 +0800] "GET /xingrg/check_reg.html?_=1642645947790 HTTP/1.1" 200 22
124.79.247.218 - - [20/Jan/2022:10:32:09 +0800] "GET /xingrg/kc/buy/cgsh_order_operate.html?command=get_materiel&rest_code=00104&code=00101008295&supplier_code=00100005&order_time=2022-01-20 HTTP/1.1" 200 412
222.70.243.96 - - [20/Jan/2022:10:32:10 +0800] "GET /xingrg/all/function/internal_message.html?_=1642645933220&CODE_STATE=getMsg HTTP/1.1" 200 27
120.253.135.82 - - [20/Jan/2022:10:32:11 +0800] "POST /xingrg/kc/buy/cgsh_list_operate.html HTTP/1.1" 200 876
180.152.99.39 - - [20/Jan/2022:10:32:14 +0800] "GET /xingrg/all/function/internal_message.html?_=1642645865381&CODE_STATE=getMsg HTTP/1.1" 200 27
222.70.178.207 - - [20/Jan/2022:10:32:14 +0800] "POST /xingrg/kc/base/stock_operate.html HTTP/1.1" 200 3062
114.95.98.1 - - [20/Jan/2022:10:32:15 +0800] "GET /xingrg/all/function/internal_message.html?_=1642645953354&CODE_STATE=getMsg HTTP/1.1" 200 27
180.169.147.146 - - [20/Jan/2022:10:32:16 +0800] "GET /xingrg/all/function/internal_message.html?_=1642645936868&CODE_STATE=getMsg HTTP/1.1" 200 27
180.169.147.146 - - [20/Jan/2022:10:32:17 +0800] "GET /xingrg/check_reg.html?_=1642645937448 HTTP/1.1" 200 22
120.253.135.82 - - [20/Jan/2022:10:32:20 +0800] "GET /xingrg/kc/pszx/mdps_order_list.html?orderType=0 HTTP/1.1" 200 20925
120.253.135.82 - - [20/Jan/2022:10:32:21 +0800] "POST /xingrg/kc/pszx/mdps_list_operate.html HTTP/1.1" 200 5316
120.253.135.82 - - [20/Jan/2022:10:32:24 +0800] "GET /xingrg/check_reg.html?_=1642645730741 HTTP/1.1" 200 22
120.253.135.82 - - [20/Jan/2022:10:32:24 +0800] "GET /xingrg/all/function/internal_message.html?_=1642645731427&CODE_STATE=getMsg HTTP/1.1" 200 27
58.37.10.95 - - [20/Jan/2022:10:32:25 +0800] "GET /xingrg/all/function/internal_message.html?_=1642645741066&CODE_STATE=getMsg HTTP/1.1" 200 27
222.70.178.207 - - [20/Jan/2022:10:32:27 +0800] "POST /xingrg/kc/base/stock_operate.html HTTP/1.1" 200 765
114.95.98.1 - - [20/Jan/2022:10:32:27 +0800] "GET /xingrg/kc/buy/cgsh_order_operate.html?command=get_materiel&rest_code=00102&code=00101009010&supplier_code=00100424&order_time=2022-01-20 HTTP/1.1" 200 412
101.89.29.78 - - [20/Jan/2022:10:32:29 +0800] "GET /xingrg/kc/buy/cgsh_order_operate.html?command=get_materiel&rest_code=00106&code=00101008275&supplier_code=00100007&order_time=2022-01-20 HTTP/1.1" 302 -
222.70.178.207 - - [20/Jan/2022:10:32:29 +0800] "POST /xingrg/kc/base/stock_operate.html HTTP/1.1" 200 765
124.79.247.218 - - [20/Jan/2022:10:32:29 +0800] "GET /xingrg/kc/buy/cgsh_order_operate.html?command=get_materiel&rest_code=00104&code=00101008005&supplier_code=00100005&order_time=2022-01-20 HTTP/1.1" 200 412
101.89.29.78 - - [20/Jan/2022:10:32:30 +0800] "GET /xingrg/login.html HTTP/1.1" 200 7641
58.39.168.32 - - [20/Jan/2022:10:32:30 +0800] "GET /xingrg/all/function/internal_message.html?_=1642645886506&CODE_STATE=getMsg HTTP/1.1" 200 27
58.39.168.32 - - [20/Jan/2022:10:32:30 +0800] "GET /xingrg/check_reg.html?_=1642645886509 HTTP/1.1" 200 22
120.253.135.82 - - [20/Jan/2022:10:32:30 +0800] "POST /xingrg/kc/pszx/mdps_list_operate.html HTTP/1.1" 200 2470
120.253.135.82 - - [20/Jan/2022:10:32:32 +0800] "POST /xingrg/kc/pszx/mdps_list_operate.html HTTP/1.1" 200 621
120.253.135.82 - - [20/Jan/2022:10:32:33 +0800] "GET /xingrg/kc/pszx/mdps_order_info.html?code=312022012000666 HTTP/1.1" 200 23939
120.253.135.82 - - [20/Jan/2022:10:32:33 +0800] "GET /xingrg/javascript/easyui/themes/default/validatebox.css HTTP/1.1" 404 1104
120.253.135.82 - - [20/Jan/2022:10:32:33 +0800] "POST /xingrg/kc/pszx/mdps_order_operate.html HTTP/1.1" 200 14953
114.86.224.130 - - [20/Jan/2022:10:32:34 +0800] "GET /xingrg/check_reg.html?_=1642645952978 HTTP/1.1" 200 22
114.86.224.130 - - [20/Jan/2022:10:32:34 +0800] "GET /xingrg/all/function/internal_message.html?_=1642645952979&CODE_STATE=getMsg HTTP/1.1" 200 27
124.79.247.218 - - [20/Jan/2022:10:32:35 +0800] "GET /xingrg/all/function/internal_message.html?_=1642645996048&CODE_STATE=getMsg HTTP/1.1" 200 27
58.39.168.32 - - [20/Jan/2022:10:32:37 +0800] "GET /xingrg/all/function/internal_message.html?_=1642645956773&CODE_STATE=getMsg HTTP/1.1" 200 27
58.39.168.32 - - [20/Jan/2022:10:32:37 +0800] "GET /xingrg/check_reg.html?_=1642645956774 HTTP/1.1" 200 22
222.70.178.207 - - [20/Jan/2022:10:32:46 +0800] "POST /xingrg/kc/base/stock_operate.html HTTP/1.1" 200 3062
124.79.247.218 - - [20/Jan/2022:10:32:46 +0800] "GET /xingrg/kc/buy/cgsh_order_operate.html?command=get_materiel&rest_code=00104&code=00101008285&supplier_code=00100005&order_time=2022-01-20 HTTP/1.1" 200 413
120.253.135.82 - - [20/Jan/2022:10:32:48 +0800] "POST /xingrg/kc/pszx/mdps_order_operate.html HTTP/1.1" 200 37
120.253.135.82 - - [20/Jan/2022:10:32:48 +0800] "GET /xingrg/kc/pszx/mdps_order_info.html?code=312022012000666 HTTP/1.1" 200 23939
114.95.98.1 - - [20/Jan/2022:10:32:49 +0800] "GET /xingrg/kc/buy/cgsh_order_operate.html?command=get_materiel&rest_code=00102&code=00101009109&supplier_code=00100424&order_time=2022-01-20 HTTP/1.1" 200 399
120.253.135.82 - - [20/Jan/2022:10:32:49 +0800] "GET /xingrg/javascript/easyui/themes/default/validatebox.css HTTP/1.1" 404 1104
120.253.135.82 - - [20/Jan/2022:10:32:49 +0800] "POST /xingrg/kc/pszx/mdps_order_operate.html HTTP/1.1" 200 14457
222.70.178.207 - - [20/Jan/2022:10:32:52 +0800] "GET /xingrg/all/function/internal_message.html?_=1642645970880&CODE_STATE=getMsg HTTP/1.1" 200 27
222.70.217.149 - - [20/Jan/2022:10:32:53 +0800] "GET /xingrg/all/function/internal_message.html?_=1642645954139&CODE_STATE=getMsg HTTP/1.1" 200 27
124.79.247.218 - - [20/Jan/2022:10:32:57 +0800] "GET /xingrg/kc/buy/cgsh_order_operate.html?command=get_materiel&rest_code=00104&code=00101008242&supplier_code=00100005&order_time=2022-01-20 HTTP/1.1" 200 408
180.169.147.146 - - [20/Jan/2022:10:32:58 +0800] "GET /xingrg/all/function/internal_message.html?_=1642645973592&CODE_STATE=getMsg HTTP/1.1" 200 27
124.79.247.218 - - [20/Jan/2022:10:33:00 +0800] "POST /xingrg/kc/buy/cgsh_order_operate.html HTTP/1.1" 200 2065
222.70.178.207 - - [20/Jan/2022:10:33:00 +0800] "POST /xingrg/kc/base/stock_operate.html HTTP/1.1" 200 3062
124.78.156.14 - - [20/Jan/2022:10:33:00 +0800] "GET /xingrg/all/function/internal_message.html?_=1642645976553&CODE_STATE=getMsg HTTP/1.1" 200 27
114.95.98.1 - - [20/Jan/2022:10:33:02 +0800] "POST /xingrg/kc/buy/cgsh_order_operate.html HTTP/1.1" 200 37
124.78.156.14 - - [20/Jan/2022:10:33:04 +0800] "GET /xingrg/all/function/internal_message.html?_=1642645985101&CODE_STATE=getMsg HTTP/1.1" 200 27
180.152.99.73 - - [20/Jan/2022:10:33:05 +0800] "GET /xingrg/check_reg.html?_=1642645985003 HTTP/1.1" 200 22
180.152.99.73 - - [20/Jan/2022:10:33:05 +0800] "GET /xingrg/all/function/internal_message.html?_=1642645985006&CODE_STATE=getMsg HTTP/1.1" 200 27
222.70.243.96 - - [20/Jan/2022:10:33:10 +0800] "GET /xingrg/all/function/internal_message.html?_=1642645993324&CODE_STATE=getMsg HTTP/1.1" 200 27
124.79.247.218 - - [20/Jan/2022:10:33:11 +0800] "GET /xingrg/kc/buy/cgsh_order_operate.html?command=get_materiel&rest_code=00104&code=00101008041&supplier_code=00100005&order_time=2022-01-20 HTTP/1.1" 200 408
180.152.99.39 - - [20/Jan/2022:10:33:14 +0800] "GET /xingrg/all/function/internal_message.html?_=1642645925397&CODE_STATE=getMsg HTTP/1.1" 200 27
180.169.147.146 - - [20/Jan/2022:10:33:16 +0800] "GET /xingrg/all/function/internal_message.html?_=1642645996841&CODE_STATE=getMsg HTTP/1.1" 200 27
222.70.178.207 - - [20/Jan/2022:10:33:20 +0800] "POST /xingrg/kc/base/stock_operate.html HTTP/1.1" 200 4166
58.37.10.95 - - [20/Jan/2022:10:33:25 +0800] "GET /xingrg/all/function/internal_message.html?_=1642645801065&CODE_STATE=getMsg HTTP/1.1" 200 27
222.70.178.207 - - [20/Jan/2022:10:33:26 +0800] "POST /xingrg/kc/base/stock_operate.html HTTP/1.1" 200 4284
58.39.168.32 - - [20/Jan/2022:10:33:30 +0800] "GET /xingrg/all/function/internal_message.html?_=1642645946508&CODE_STATE=getMsg HTTP/1.1" 200 27
114.95.98.1 - - [20/Jan/2022:10:33:31 +0800] "POST /xingrg/kc/buy/cgsh_order_operate.html HTTP/1.1" 200 12
180.157.251.97 - - [20/Jan/2022:10:33:32 +0800] "GET /xingrg/check_reg.html?_=1642646011352 HTTP/1.1" 302 -
114.95.98.1 - - [20/Jan/2022:10:33:33 +0800] "GET /xingrg/kc/buy/cgsh_order_info.html?code=212022012009861 HTTP/1.1" 200 60264
114.86.224.130 - - [20/Jan/2022:10:33:34 +0800] "GET /xingrg/all/function/internal_message.html?_=1642646012961&CODE_STATE=getMsg HTTP/1.1" 200 27
114.95.98.1 - - [20/Jan/2022:10:33:35 +0800] "GET /xingrg/all/function/internal_message.html?_=1642646033550&CODE_STATE=getMsg HTTP/1.1" 200 27
114.95.98.1 - - [20/Jan/2022:10:33:35 +0800] "GET /xingrg/javascript/easyui/themes/default/validatebox.css HTTP/1.1" 404 1104
124.79.247.218 - - [20/Jan/2022:10:33:35 +0800] "GET /xingrg/all/function/internal_message.html?_=1642646056063&CODE_STATE=getMsg HTTP/1.1" 200 27
114.95.98.1 - - [20/Jan/2022:10:33:36 +0800] "POST /xingrg/kc/buy/cgsh_order_operate.html HTTP/1.1" 200 4770
58.39.168.32 - - [20/Jan/2022:10:33:37 +0800] "GET /xingrg/all/function/internal_message.html?_=1642646016772&CODE_STATE=getMsg HTTP/1.1" 200 27
222.70.178.207 - - [20/Jan/2022:10:33:38 +0800] "POST /xingrg/kc/base/stock_operate.html HTTP/1.1" 200 4166
124.78.156.14 - - [20/Jan/2022:10:33:39 +0800] "GET /xingrg/check_reg.html?_=1642646015137 HTTP/1.1" 200 22
180.171.132.81 - - [20/Jan/2022:10:33:39 +0800] "GET /favicon.ico HTTP/1.1" 404 -
124.79.247.218 - - [20/Jan/2022:10:33:41 +0800] "GET /xingrg/kc/buy/cgsh_order_operate.html?command=get_materiel&rest_code=00104&code=00101009066&supplier_code=00100005&order_time=2022-01-20 HTTP/1.1" 200 416
222.70.178.207 - - [20/Jan/2022:10:33:42 +0800] "POST /xingrg/kc/base/stock_operate.html HTTP/1.1" 200 4284
114.95.98.1 - - [20/Jan/2022:10:33:45 +0800] "GET /xingrg/kc/print/load_data.html?order_code=212022012009861&kc_code=cgsh&condition= HTTP/1.1" 200 2285
222.70.178.207 - - [20/Jan/2022:10:33:47 +0800] "POST /xingrg/kc/base/stock_operate.html HTTP/1.1" 200 4281
120.253.135.82 - - [20/Jan/2022:10:33:48 +0800] "GET /xingrg/login.html HTTP/1.1" 200 7641
120.253.135.82 - - [20/Jan/2022:10:33:48 +0800] "GET /xingrg/images/blue/jxLogo.png HTTP/1.1" 304 -
120.253.135.82 - - [20/Jan/2022:10:33:48 +0800] "GET /xingrg/images/blue/login_bg.png HTTP/1.1" 304 -
120.253.135.82 - - [20/Jan/2022:10:33:48 +0800] "GET /xingrg/images/blue/hj.png HTTP/1.1" 304 -
120.253.135.82 - - [20/Jan/2022:10:33:48 +0800] "GET /xingrg/images/blue/srbg.png HTTP/1.1" 304 -
120.253.135.82 - - [20/Jan/2022:10:33:48 +0800] "GET /favicon.ico HTTP/1.1" 404 -
61.151.178.163 - - [20/Jan/2022:10:33:49 +0800] "GET /xingrg/kc/buy/cgsh_order_operate.html?command=get_materiel&rest_code=00106&code=00101008096&supplier_code=00100007&order_time=2022-01-20 HTTP/1.1" 302 -
61.151.178.163 - - [20/Jan/2022:10:33:49 +0800] "GET /xingrg/login.html HTTP/1.1" 200 7641
120.253.135.82 - - [20/Jan/2022:10:33:51 +0800] "POST /xingrg/login.do HTTP/1.1" 302 -
120.253.135.82 - - [20/Jan/2022:10:33:51 +0800] "GET /xingrg/index.html?sysBaseUrl=http%3A%2F%2F180.169.147.146%3A18081%2Fxingrg%2F&costTime=91×tamp=1642646031640 HTTP/1.1" 200 17173
120.253.135.82 - - [20/Jan/2022:10:33:51 +0800] "GET /xingrg/javascript/jquery_easy_ui/themes/default/easyui.css HTTP/1.1" 304 -
120.253.135.82 - - [20/Jan/2022:10:33:51 +0800] "GET /xingrg/javascript/jquery_easy_ui/themes/icon.css HTTP/1.1" 304 -
120.253.135.82 - - [20/Jan/2022:10:33:51 +0800] "GET /xingrg/css/form.css HTTP/1.1" 304 -
120.253.135.82 - - [20/Jan/2022:10:33:51 +0800] "GET /xingrg/javascript/jquery.utils.js HTTP/1.1" 304 -
120.253.135.82 - - [20/Jan/2022:10:33:51 +0800] "GET /xingrg/javascript/jquery-1.4.2.min.js HTTP/1.1" 304 -
120.253.135.82 - - [20/Jan/2022:10:33:51 +0800] "GET /xingrg/javascript/jquery.form.js HTTP/1.1" 304 -
120.253.135.82 - - [20/Jan/2022:10:33:51 +0800] "GET /xingrg/javascript/jquery_easy_ui/jquery.easyui.min.js HTTP/1.1" 304 -
120.253.135.82 - - [20/Jan/2022:10:33:51 +0800] "GET /xingrg/javascript/jquery_easy_ui/easyui-lang-zh_CN.js HTTP/1.1" 304 -
120.253.135.82 - - [20/Jan/2022:10:33:51 +0800] "GET /xingrg/javascript/jquery.timers.js HTTP/1.1" 304 -
120.253.135.82 - - [20/Jan/2022:10:33:51 +0800] "GET /xingrg/images/blue/navBackgound.jpg HTTP/1.1" 304 -
120.253.135.82 - - [20/Jan/2022:10:33:51 +0800] "GET /xingrg/javascript/jquery_easy_ui/themes/icons/settle_new.png HTTP/1.1" 304 -
120.253.135.82 - - [20/Jan/2022:10:33:51 +0800] "GET /xingrg/images/blue/pingpu.png HTTP/1.1" 304 -
120.253.135.82 - - [20/Jan/2022:10:33:51 +0800] "POST /xingrg/all/common/load_tree.html?tree=area_rest_tree_json&manage=1 HTTP/1.1" 200 344
120.253.135.82 - - [20/Jan/2022:10:33:51 +0800] "GET /xingrg/javascript/jquery_easy_ui/themes/default/images/tabs_rightarrow.png HTTP/1.1" 304 -
120.253.135.82 - - [20/Jan/2022:10:33:51 +0800] "GET /xingrg/javascript/jquery_easy_ui/themes/default/images/tabs_leftarrow.png HTTP/1.1" 304 -
120.253.135.82 - - [20/Jan/2022:10:33:51 +0800] "GET /xingrg/javascript/jquery_easy_ui/themes/default/images/panel_tool_collapse.gif HTTP/1.1" 304 -
120.253.135.82 - - [20/Jan/2022:10:33:51 +0800] "GET /xingrg/all/function/internal_message.html?_=1642645818450&CODE_STATE=count HTTP/1.1" 200 11
120.253.135.82 - - [20/Jan/2022:10:33:51 +0800] "GET /xingrg/check_reg.html?_=1642645818451 HTTP/1.1" 200 22
120.253.135.82 - - [20/Jan/2022:10:33:51 +0800] "GET /favicon.ico HTTP/1.1" 404 -
120.253.135.82 - - [20/Jan/2022:10:33:51 +0800] "GET /xingrg/javascript/jquery_easy_ui/themes/default/images/tree_arrows.gif HTTP/1.1" 304 -
120.253.135.82 - - [20/Jan/2022:10:33:52 +0800] "POST /xingrg/load_menu.html HTTP/1.1" 200 6743
120.253.135.82 - - [20/Jan/2022:10:33:52 +0800] "GET /xingrg/javascript/jquery_easy_ui/themes/icons/search_new.png HTTP/1.1" 304 -
120.253.135.82 - - [20/Jan/2022:10:33:52 +0800] "GET /xingrg/javascript/jquery_easy_ui/themes/default/images/tree_folder_open.gif HTTP/1.1" 304 -
120.253.135.82 - - [20/Jan/2022:10:33:52 +0800] "GET /xingrg/javascript/jquery_easy_ui/themes/icons/delivery_new.png HTTP/1.1" 304 -
120.253.135.82 - - [20/Jan/2022:10:33:52 +0800] "GET /xingrg/javascript/jquery_easy_ui/themes/default/images/tree_folder.gif HTTP/1.1" 304 -
120.253.135.82 - - [20/Jan/2022:10:33:52 +0800] "GET /xingrg/javascript/jquery_easy_ui/themes/default/images/tree_file.gif HTTP/1.1" 304 -
120.253.135.82 - - [20/Jan/2022:10:33:52 +0800] "GET /xingrg/javascript/jquery_easy_ui/themes/icons/storage_new.png HTTP/1.1" 304 -
120.253.135.82 - - [20/Jan/2022:10:33:52 +0800] "GET /xingrg/javascript/jquery_easy_ui/themes/icons/forms_new.png HTTP/1.1" 304 -
222.70.178.207 - - [20/Jan/2022:10:33:52 +0800] "GET /xingrg/all/function/internal_message.html?_=1642646030860&CODE_STATE=getMsg HTTP/1.1" 200 27
222.70.178.207 - - [20/Jan/2022:10:33:52 +0800] "POST /xingrg/kc/base/stock_operate.html HTTP/1.1" 200 4301
222.70.217.149 - - [20/Jan/2022:10:33:53 +0800] "GET /xingrg/all/function/internal_message.html?_=1642646014139&CODE_STATE=getMsg HTTP/1.1" 200 27
222.70.178.207 - - [20/Jan/2022:10:33:53 +0800] "GET /xingrg/check_reg.html?_=1642646032389 HTTP/1.1" 200 22
120.253.135.82 - - [20/Jan/2022:10:33:56 +0800] "GET /xingrg/javascript/jquery_easy_ui/themes/default/images/tabs_close.gif HTTP/1.1" 304 -
120.253.135.82 - - [20/Jan/2022:10:33:56 +0800] "GET /xingrg/kc/pszx/mdps_order_list.html?orderType=0 HTTP/1.1" 200 20925
120.253.135.82 - - [20/Jan/2022:10:33:56 +0800] "GET /xingrg/css/base.css HTTP/1.1" 304 -
120.253.135.82 - - [20/Jan/2022:10:33:56 +0800] "GET /xingrg/css/site.css HTTP/1.1" 304 -
120.253.135.82 - - [20/Jan/2022:10:33:56 +0800] "GET /xingrg/javascript/auto/jquery.autocomplete.css HTTP/1.1" 304 -
120.253.135.82 - - [20/Jan/2022:10:33:56 +0800] "GET /xingrg/javascript/easyui/themes/icon.css HTTP/1.1" 304 -
120.253.135.82 - - [20/Jan/2022:10:33:56 +0800] "GET /xingrg/javascript/easyui/themes/default/easyui.css HTTP/1.1" 304 -
120.253.135.82 - - [20/Jan/2022:10:33:56 +0800] "GET /xingrg/javascript/jquery_tools/table.css HTTP/1.1" 304 -
120.253.135.82 - - [20/Jan/2022:10:33:56 +0800] "GET /xingrg/javascript/jquery_tools/fix.css HTTP/1.1" 304 -
120.253.135.82 - - [20/Jan/2022:10:33:56 +0800] "GET /xingrg/javascript/jquery_tools/datebox.css HTTP/1.1" 304 -
120.253.135.82 - - [20/Jan/2022:10:33:56 +0800] "GET /xingrg/javascript/jquery_tools/jquery.tools.hotkey.js HTTP/1.1" 304 -
120.253.135.82 - - [20/Jan/2022:10:33:56 +0800] "GET /xingrg/javascript/jquery_tools/jquery.tools.table.js HTTP/1.1" 304 -
120.253.135.82 - - [20/Jan/2022:10:33:56 +0800] "GET /xingrg/javascript/jquery_tools/jquery.tools.extend.js HTTP/1.1" 304 -
120.253.135.82 - - [20/Jan/2022:10:33:56 +0800] "GET /xingrg/javascript/jquery_tools/jquery.tools.min.js HTTP/1.1" 304 -
120.253.135.82 - - [20/Jan/2022:10:33:56 +0800] "GET /xingrg/javascript/easyui/easyloader.js HTTP/1.1" 304 -
120.253.135.82 - - [20/Jan/2022:10:33:56 +0800] "GET /xingrg/javascript/auto/jquery.autocomplete.js HTTP/1.1" 304 -
120.253.135.82 - - [20/Jan/2022:10:33:56 +0800] "GET /xingrg/javascript/jquery.cookie.js HTTP/1.1" 304 -
120.253.135.82 - - [20/Jan/2022:10:33:56 +0800] "GET /xingrg/javascript/print/LodopFuncs.js HTTP/1.1" 304 -
120.253.135.82 - - [20/Jan/2022:10:33:56 +0800] "GET /xingrg/javascript/jquery_tools/list_manager.js HTTP/1.1" 304 -
120.253.135.82 - - [20/Jan/2022:10:33:56 +0800] "GET /xingrg/javascript/easyui/themes/icons/uncheck_new.png HTTP/1.1" 304 -
120.253.135.82 - - [20/Jan/2022:10:33:56 +0800] "GET /xingrg/javascript/easyui/themes/icons/edit_add_new.png HTTP/1.1" 304 -
120.253.135.82 - - [20/Jan/2022:10:33:56 +0800] "GET /xingrg/javascript/easyui/themes/icons/cance_new.png HTTP/1.1" 304 -
120.253.135.82 - - [20/Jan/2022:10:33:56 +0800] "GET /xingrg/javascript/easyui/themes/icons/import_new.png HTTP/1.1" 304 -
120.253.135.82 - - [20/Jan/2022:10:33:56 +0800] "GET /xingrg/javascript/easyui/themes/icons/check_new.png HTTP/1.1" 304 -
120.253.135.82 - - [20/Jan/2022:10:33:56 +0800] "GET /xingrg/javascript/easyui/themes/icons/field_new.png HTTP/1.1" 304 -
120.253.135.82 - - [20/Jan/2022:10:33:56 +0800] "GET /xingrg/images/control/ajaxLoader.gif HTTP/1.1" 304 -
120.253.135.82 - - [20/Jan/2022:10:33:56 +0800] "GET /xingrg/javascript/easyui/plugins/jquery.parser.js HTTP/1.1" 304 -
120.253.135.82 - - [20/Jan/2022:10:33:56 +0800] "GET /xingrg/javascript/jquery_easy_ui/themes/icons/manage.png HTTP/1.1" 304 -
120.253.135.82 - - [20/Jan/2022:10:33:56 +0800] "GET /xingrg/javascript/jquery_easy_ui/themes/icons/area.png HTTP/1.1" 304 -
120.253.135.82 - - [20/Jan/2022:10:33:56 +0800] "POST /xingrg/kc/pszx/mdps_list_operate.html HTTP/1.1" 200 5316
124.79.247.218 - - [20/Jan/2022:10:33:57 +0800] "GET /xingrg/kc/buy/cgsh_order_operate.html?command=get_materiel&rest_code=00104&code=00101008350&supplier_code=00100005&order_time=2022-01-20 HTTP/1.1" 200 408
180.169.147.146 - - [20/Jan/2022:10:33:58 +0800] "GET /xingrg/all/function/internal_message.html?_=1642646033590&CODE_STATE=getMsg HTTP/1.1" 200 27
120.253.135.82 - - [20/Jan/2022:10:33:59 +0800] "GET /xingrg/javascript/auto/indicator.gif HTTP/1.1" 404 1066
124.78.156.14 - - [20/Jan/2022:10:34:00 +0800] "GET /xingrg/kc/base/base_main.html HTTP/1.1" 200 12142
222.70.178.207 - - [20/Jan/2022:10:34:00 +0800] "POST /xingrg/kc/base/stock_operate.html HTTP/1.1" 200 4265
124.78.156.14 - - [20/Jan/2022:10:34:00 +0800] "GET /xingrg/all/function/internal_message.html?_=1642646036522&CODE_STATE=getMsg HTTP/1.1" 200 27
124.78.156.14 - - [20/Jan/2022:10:34:04 +0800] "GET /xingrg/all/function/internal_message.html?_=1642646045115&CODE_STATE=getMsg HTTP/1.1" 200 27
180.152.99.73 - - [20/Jan/2022:10:34:05 +0800] "GET /xingrg/all/function/internal_message.html?_=1642646045006&CODE_STATE=getMsg HTTP/1.1" 200 27
120.253.135.82 - - [20/Jan/2022:10:34:06 +0800] "POST /xingrg/kc/pszx/mdps_list_operate.html HTTP/1.1" 200 2470
222.70.243.96 - - [20/Jan/2022:10:34:10 +0800] "GET /xingrg/all/function/internal_message.html?_=1642646053325&CODE_STATE=getMsg HTTP/1.1" 200 27
180.152.99.39 - - [20/Jan/2022:10:34:13 +0800] "GET /xingrg/check_reg.html?_=1642645984806 HTTP/1.1" 200 22
180.152.99.39 - - [20/Jan/2022:10:34:14 +0800] "GET /xingrg/all/function/internal_message.html?_=1642645985410&CODE_STATE=getMsg HTTP/1.1" 200 27
120.253.135.82 - - [20/Jan/2022:10:34:14 +0800] "POST /xingrg/kc/pszx/mdps_list_operate.html HTTP/1.1" 200 621
120.253.135.82 - - [20/Jan/2022:10:34:15 +0800] "GET /xingrg/kc/pszx/mdps_order_info.html?code=312022012000666 HTTP/1.1" 200 23939
120.253.135.82 - - [20/Jan/2022:10:34:15 +0800] "GET /xingrg/javascript/convert.js HTTP/1.1" 304 -
120.253.135.82 - - [20/Jan/2022:10:34:15 +0800] "GET /xingrg/javascript/jquery_tools/order_manager.js HTTP/1.1" 304 -
120.253.135.82 - - [20/Jan/2022:10:34:15 +0800] "GET /xingrg/javascript/json2.js HTTP/1.1" 304 -
120.253.135.82 - - [20/Jan/2022:10:34:15 +0800] "GET /xingrg/javascript/pic_change.js HTTP/1.1" 304 -
120.253.135.82 - - [20/Jan/2022:10:34:15 +0800] "GET /xingrg/javascript/print/kc_print.js HTTP/1.1" 304 -
120.253.135.82 - - [20/Jan/2022:10:34:15 +0800] "GET /xingrg/javascript/myfunction.js HTTP/1.1" 304 -
120.253.135.82 - - [20/Jan/2022:10:34:15 +0800] "GET /xingrg/words/20220120091010_words.js HTTP/1.1" 304 -
120.253.135.82 - - [20/Jan/2022:10:34:15 +0800] "GET /xingrg/javascript/easyui/themes/default/images/menu_downarrow.png HTTP/1.1" 304 -
120.253.135.82 - - [20/Jan/2022:10:34:15 +0800] "GET /xingrg/javascript/easyui/themes/icons/cancel.png HTTP/1.1" 304 -
120.253.135.82 - - [20/Jan/2022:10:34:15 +0800] "GET /xingrg/javascript/easyui/themes/icons/copy_new.png HTTP/1.1" 304 -
120.253.135.82 - - [20/Jan/2022:10:34:15 +0800] "GET /xingrg/javascript/easyui/themes/icons/ok.png HTTP/1.1" 304 -
120.253.135.82 - - [20/Jan/2022:10:34:15 +0800] "GET /xingrg/javascript/easyui/themes/icons/print.png HTTP/1.1" 304 -
120.253.135.82 - - [20/Jan/2022:10:34:16 +0800] "GET /xingrg/all/common/auto_word.html?type=base&rest_code=00101 HTTP/1.1" 200 613
120.253.135.82 - - [20/Jan/2022:10:34:16 +0800] "GET /xingrg/javascript/easyui/themes/default/validatebox.css HTTP/1.1" 404 1104
120.253.135.82 - - [20/Jan/2022:10:34:16 +0800] "GET /xingrg/javascript/easyui/plugins/jquery.validatebox.js HTTP/1.1" 304 -
120.253.135.82 - - [20/Jan/2022:10:34:16 +0800] "GET /xingrg/javascript/easyui/plugins/jquery.numberbox.js HTTP/1.1" 304 -
120.253.135.82 - - [20/Jan/2022:10:34:16 +0800] "POST /xingrg/kc/pszx/mdps_order_operate.html HTTP/1.1" 200 14457
120.253.135.82 - - [20/Jan/2022:10:34:16 +0800] "GET /xingrg/javascript/easyui/themes/icons/edit_remove.png HTTP/1.1" 304 -
180.169.147.146 - - [20/Jan/2022:10:34:16 +0800] "GET /xingrg/all/function/internal_message.html?_=1642646056826&CODE_STATE=getMsg HTTP/1.1" 200 27
124.79.247.218 - - [20/Jan/2022:10:34:17 +0800] "GET /xingrg/kc/buy/cgsh_order_operate.html?command=get_materiel&rest_code=00104&code=00101009062&supplier_code=00100005&order_time=2022-01-20 HTTP/1.1" 200 412
222.70.178.207 - - [20/Jan/2022:10:34:20 +0800] "POST /xingrg/kc/base/stock_operate.html HTTP/1.1" 200 1678
120.253.135.82 - - [20/Jan/2022:10:34:23 +0800] "GET /xingrg/javascript/easyui/themes/default/images/button_plain_hover.png HTTP/1.1" 304 -
222.70.178.207 - - [20/Jan/2022:10:34:23 +0800] "GET /xingrg/kc/base/stock_detail.html?m=00101008640 HTTP/1.1" 200 7319
222.70.178.207 - - [20/Jan/2022:10:34:24 +0800] "GET /xingrg/javascript/jquery_easy_ui/themes/default/images/button_a_bg.gif HTTP/1.1" 200 1194
222.70.178.207 - - [20/Jan/2022:10:34:24 +0800] "GET /xingrg/javascript/jquery_easy_ui/themes/default/images/button_span_bg.gif HTTP/1.1" 200 2061
222.70.178.207 - - [20/Jan/2022:10:34:24 +0800] "GET /xingrg/javascript/jquery_easy_ui/themes/icons/search.png HTTP/1.1" 200 813
222.70.178.207 - - [20/Jan/2022:10:34:24 +0800] "GET /xingrg/javascript/jquery_easy_ui/themes/default/images/menu.gif HTTP/1.1" 200 834
222.70.178.207 - - [20/Jan/2022:10:34:24 +0800] "GET /xingrg/javascript/jquery_easy_ui/themes/default/images/calendar_nextmonth.gif HTTP/1.1" 200 64
222.70.178.207 - - [20/Jan/2022:10:34:24 +0800] "GET /xingrg/javascript/jquery_easy_ui/themes/default/images/calendar_prevyear.gif HTTP/1.1" 200 76
222.70.178.207 - - [20/Jan/2022:10:34:24 +0800] "GET /xingrg/javascript/jquery_easy_ui/themes/default/images/calendar_nextyear.gif HTTP/1.1" 200 75
222.70.178.207 - - [20/Jan/2022:10:34:24 +0800] "GET /xingrg/javascript/jquery_easy_ui/themes/default/images/calendar_prevmonth.gif HTTP/1.1" 200 66
120.253.135.82 - - [20/Jan/2022:10:34:24 +0800] "GET /xingrg/kc/print/load_config.html?kc_code=mdps HTTP/1.1" 200 2390
120.253.135.82 - - [20/Jan/2022:10:34:24 +0800] "GET /xingrg/kc/print/load_data.html?order_code=312022012000666&kc_code=mdps&condition= HTTP/1.1" 200 6357
58.37.10.95 - - [20/Jan/2022:10:34:25 +0800] "GET /xingrg/all/function/internal_message.html?_=1642645861064&CODE_STATE=getMsg HTTP/1.1" 200 27
222.70.178.207 - - [20/Jan/2022:10:34:26 +0800] "GET /xingrg/kc/base/stock_operate.html?_=1642646064979&command=get_report_file&start_day=20220101 HTTP/1.1" 200 53
222.70.178.207 - - [20/Jan/2022:10:34:26 +0800] "GET /xingrg/javascript/multi_select/jqueryMultiSelect.css HTTP/1.1" 200 951
222.70.178.207 - - [20/Jan/2022:10:34:26 +0800] "GET /xingrg/javascript/bigrid/fix.css HTTP/1.1" 200 1702
222.70.178.207 - - [20/Jan/2022:10:34:26 +0800] "GET /xingrg/javascript/calendar/timePicker.css HTTP/1.1" 200 523
222.70.178.207 - - [20/Jan/2022:10:34:26 +0800] "GET /xingrg/all/report/report_query.html?isQuery=1&onlyBody=1&rh=2000&fileName=kc/base/kc_stock_detail_new.xml&queryString=(1=1)&queryText=&tableQueryString=init_table$sp1$$sp$crk_table$sp1$order_day%20between%2020220101%20and%2020220131&varString=start_day:20220101,materiel_code:00101008640,cost_id:3483,end_date:20211231 HTTP/1.1" 200 48701
222.70.178.207 - - [20/Jan/2022:10:34:26 +0800] "GET /xingrg/dwr/interface/AjaxReportQueryService.js HTTP/1.1" 200 13203
222.70.178.207 - - [20/Jan/2022:10:34:26 +0800] "GET /xingrg/javascript/calendar/jquery.timePicker.min.js HTTP/1.1" 200 2997
222.70.178.207 - - [20/Jan/2022:10:34:26 +0800] "GET /xingrg/javascript/bigrid/fix.js HTTP/1.1" 200 6439
222.70.178.207 - - [20/Jan/2022:10:34:26 +0800] "GET /xingrg/javascript/jqueryMultiSelect.js HTTP/1.1" 200 11866
222.70.178.207 - - [20/Jan/2022:10:34:26 +0800] "GET /xingrg/dwr/engine.js HTTP/1.1" 200 43631
222.70.178.207 - - [20/Jan/2022:10:34:26 +0800] "GET /xingrg/images/blue/button/back2over.gif HTTP/1.1" 200 1335
222.70.178.207 - - [20/Jan/2022:10:34:26 +0800] "GET /xingrg/images/blue/button/backover.gif HTTP/1.1" 200 1348
222.70.178.207 - - [20/Jan/2022:10:34:26 +0800] "GET /xingrg/images/blue/button/advance2over.gif HTTP/1.1" 200 1336
222.70.178.207 - - [20/Jan/2022:10:34:26 +0800] "GET /xingrg/images/blue/button/advanceover.gif HTTP/1.1" 200 1347
222.70.178.207 - - [20/Jan/2022:10:34:26 +0800] "GET /xingrg/images/control/loading.gif HTTP/1.1" 200 13463
222.70.178.207 - - [20/Jan/2022:10:34:26 +0800] "GET /xingrg/javascript/jquery_easy_ui/themes/icons/help.png HTTP/1.1" 200 1187
222.70.178.207 - - [20/Jan/2022:10:34:27 +0800] "POST /xingrg/all/report/load_report_page.html HTTP/1.1" 200 89
58.39.168.32 - - [20/Jan/2022:10:34:30 +0800] "GET /xingrg/all/function/internal_message.html?_=1642646006505&CODE_STATE=getMsg HTTP/1.1" 200 27
114.86.224.130 - - [20/Jan/2022:10:34:34 +0800] "GET /xingrg/all/function/internal_message.html?_=1642646072961&CODE_STATE=getMsg HTTP/1.1" 200 27
124.79.247.218 - - [20/Jan/2022:10:34:35 +0800] "GET /xingrg/all/function/internal_message.html?_=1642646116076&CODE_STATE=getMsg HTTP/1.1" 200 27
114.95.98.1 - - [20/Jan/2022:10:34:35 +0800] "GET /xingrg/all/function/internal_message.html?_=1642646094006&CODE_STATE=getMsg HTTP/1.1" 200 27
222.70.178.207 - - [20/Jan/2022:10:34:36 +0800] "GET /xingrg/kc/base/stock_operate.html?_=1642646075280&command=get_report_file&start_day=20210101 HTTP/1.1" 200 53
222.70.178.207 - - [20/Jan/2022:10:34:36 +0800] "GET /xingrg/all/report/report_query.html?isQuery=1&onlyBody=1&rh=2000&fileName=kc/base/kc_stock_detail_new.xml&queryString=(1=1)&queryText=&tableQueryString=init_table$sp1$$sp$crk_table$sp1$order_day%20between%2020210101%20and%2020220131&varString=start_day:20210101,materiel_code:00101008640,cost_id:2963,end_date:20201231 HTTP/1.1" 200 48701
222.70.178.207 - - [20/Jan/2022:10:34:36 +0800] "GET /xingrg/dwr/interface/AjaxReportQueryService.js HTTP/1.1" 200 13203
222.70.178.207 - - [20/Jan/2022:10:34:36 +0800] "GET /xingrg/dwr/engine.js HTTP/1.1" 200 43631
58.39.168.32 - - [20/Jan/2022:10:34:37 +0800] "GET /xingrg/all/function/internal_message.html?_=1642646076771&CODE_STATE=getMsg HTTP/1.1" 200 27
124.79.247.218 - - [20/Jan/2022:10:34:37 +0800] "GET /xingrg/kc/buy/cgsh_order_operate.html?command=get_materiel&rest_code=00104&code=00101008286&supplier_code=00100005&order_time=2022-01-20 HTTP/1.1" 200 427
222.70.178.207 - - [20/Jan/2022:10:34:37 +0800] "POST /xingrg/all/report/load_report_page.html HTTP/1.1" 200 89
222.70.178.207 - - [20/Jan/2022:10:34:39 +0800] "GET /xingrg/kc/base/stock_operate.html?_=1642646078243&command=get_report_file&start_day=20210101 HTTP/1.1" 200 53
222.70.178.207 - - [20/Jan/2022:10:34:39 +0800] "GET /xingrg/all/report/report_query.html?isQuery=1&onlyBody=1&rh=2000&fileName=kc/base/kc_stock_detail_new.xml&queryString=(1=1)&queryText=&tableQueryString=init_table$sp1$$sp$crk_table$sp1$order_day%20between%2020210101%20and%2020220131&varString=start_day:20210101,materiel_code:00101008640,cost_id:2963,end_date:20201231 HTTP/1.1" 200 48701
222.70.178.207 - - [20/Jan/2022:10:34:39 +0800] "GET /xingrg/dwr/interface/AjaxReportQueryService.js HTTP/1.1" 200 13203
222.70.178.207 - - [20/Jan/2022:10:34:39 +0800] "GET /xingrg/dwr/engine.js HTTP/1.1" 200 43631
222.70.178.207 - - [20/Jan/2022:10:34:40 +0800] "POST /xingrg/all/report/load_report_page.html HTTP/1.1" 200 89
124.79.247.218 - - [20/Jan/2022:10:34:50 +0800] "POST /xingrg/kc/buy/cgsh_order_operate.html HTTP/1.1" 200 2065
120.253.135.82 - - [20/Jan/2022:10:34:51 +0800] "GET /xingrg/all/function/internal_message.html?_=1642645878458&CODE_STATE=getMsg HTTP/1.1" 200 27
222.70.178.207 - - [20/Jan/2022:10:34:52 +0800] "GET /xingrg/all/function/internal_message.html?_=1642646090843&CODE_STATE=getMsg HTTP/1.1" 200 27
222.70.217.149 - - [20/Jan/2022:10:34:53 +0800] "GET /xingrg/check_reg.html?_=1642646074135 HTTP/1.1" 200 22
222.70.217.149 - - [20/Jan/2022:10:34:53 +0800] "GET /xingrg/all/function/internal_message.html?_=1642646074137&CODE_STATE=getMsg HTTP/1.1" 200 27
124.78.156.14 - - [20/Jan/2022:10:34:56 +0800] "POST /xingrg/kc/buy/cgsh_order_operate.html HTTP/1.1" 200 37
222.70.178.207 - - [20/Jan/2022:10:34:57 +0800] "GET /xingrg/javascript/easyui/themes/sunny/images/ui-bg_gloss-wave_60_fece2f_500x100.png HTTP/1.1" 200 3512
180.169.147.146 - - [20/Jan/2022:10:34:58 +0800] "GET /xingrg/check_reg.html?_=1642646093589 HTTP/1.1" 200 22
180.169.147.146 - - [20/Jan/2022:10:34:58 +0800] "GET /xingrg/all/function/internal_message.html?_=1642646093590&CODE_STATE=getMsg HTTP/1.1" 200 27
222.70.178.207 - - [20/Jan/2022:10:35:03 +0800] "GET /xingrg/kc/base/kc_stocks.html HTTP/1.1" 200 16437
222.70.178.207 - - [20/Jan/2022:10:35:03 +0800] "GET /xingrg/javascript/easyui/themes/default/tree.css HTTP/1.1" 404 1090
222.70.178.207 - - [20/Jan/2022:10:35:03 +0800] "POST /xingrg/all/common/load_tree.html?tree=materiel_sort_tree_json HTTP/1.1" 200 9388
124.78.156.14 - - [20/Jan/2022:10:35:04 +0800] "GET /xingrg/all/function/internal_message.html?_=1642646105114&CODE_STATE=getMsg HTTP/1.1" 200 27
180.152.99.73 - - [20/Jan/2022:10:35:05 +0800] "GET /xingrg/all/function/internal_message.html?_=1642646105007&CODE_STATE=getMsg HTTP/1.1" 200 27
222.70.243.96 - - [20/Jan/2022:10:35:11 +0800] "GET /xingrg/all/function/internal_message.html?_=1642646113437&CODE_STATE=getMsg HTTP/1.1" 200 27
180.152.99.39 - - [20/Jan/2022:10:35:14 +0800] "GET /xingrg/all/function/internal_message.html?_=1642646045424&CODE_STATE=getMsg HTTP/1.1" 200 27
61.151.178.177 - - [20/Jan/2022:10:35:16 +0800] "GET /xingrg/kc/buy/cgsh_order_operate.html?command=get_materiel&rest_code=00106&code=00101008109&supplier_code=00100007&order_time=2022-01-20 HTTP/1.1" 302 -
61.151.178.177 - - [20/Jan/2022:10:35:16 +0800] "GET /xingrg/login.html HTTP/1.1" 200 7641
180.169.147.146 - - [20/Jan/2022:10:35:16 +0800] "GET /xingrg/all/function/internal_message.html?_=1642646116797&CODE_STATE=getMsg HTTP/1.1" 200 27
61.151.178.197 - - [20/Jan/2022:10:35:21 +0800] "GET /xingrg/kc/buy/cgsh_order_operate.html?command=get_materiel&rest_code=00106&code=00101008332&supplier_code=00100007&order_time=2022-01-20 HTTP/1.1" 302 -
61.151.178.197 - - [20/Jan/2022:10:35:22 +0800] "GET /xingrg/login.html HTTP/1.1" 200 7641
222.70.178.207 - - [20/Jan/2022:10:35:23 +0800] "POST /xingrg/kc/base/stock_operate.html HTTP/1.1" 200 4166
58.37.10.95 - - [20/Jan/2022:10:35:25 +0800] "GET /xingrg/all/function/internal_message.html?_=1642645921063&CODE_STATE=getMsg HTTP/1.1" 200 27
58.37.10.95 - - [20/Jan/2022:10:35:25 +0800] "GET /xingrg/check_reg.html?_=1642645921065 HTTP/1.1" 200 22
58.39.168.32 - - [20/Jan/2022:10:35:30 +0800] "GET /xingrg/all/function/internal_message.html?_=1642646066505&CODE_STATE=getMsg HTTP/1.1" 200 27
124.79.247.218 - - [20/Jan/2022:10:35:34 +0800] "GET /xingrg/kc/buy/cgsh_order_operate.html?command=get_materiel&rest_code=00104&code=00101008036&supplier_code=00100005&order_time=2022-01-20 HTTP/1.1" 200 408
114.86.224.130 - - [20/Jan/2022:10:35:34 +0800] "GET /xingrg/all/function/internal_message.html?_=1642646132961&CODE_STATE=getMsg HTTP/1.1" 200 27
124.79.247.218 - - [20/Jan/2022:10:35:35 +0800] "GET /xingrg/all/function/internal_message.html?_=1642646176089&CODE_STATE=getMsg HTTP/1.1" 200 27
114.95.98.1 - - [20/Jan/2022:10:35:35 +0800] "GET /xingrg/all/function/internal_message.html?_=1642646154012&CODE_STATE=getMsg HTTP/1.1" 200 27
58.39.168.32 - - [20/Jan/2022:10:35:37 +0800] "GET /xingrg/all/function/internal_message.html?_=1642646136771&CODE_STATE=getMsg HTTP/1.1" 200 27
180.157.251.97 - - [20/Jan/2022:10:35:48 +0800] "POST /xingrg/services/DataTransmitService HTTP/1.1" 200 524
180.157.251.97 - - [20/Jan/2022:10:35:49 +0800] "POST /xingrg/services/DataTransmitService HTTP/1.1" 200 412
120.253.135.82 - - [20/Jan/2022:10:35:51 +0800] "GET /xingrg/all/function/internal_message.html?_=1642645938472&CODE_STATE=getMsg HTTP/1.1" 200 27
222.70.178.207 - - [20/Jan/2022:10:35:52 +0800] "GET /xingrg/all/function/internal_message.html?_=1642646150825&CODE_STATE=getMsg HTTP/1.1" 200 27
222.70.217.149 - - [20/Jan/2022:10:35:53 +0800] "GET /xingrg/all/function/internal_message.html?_=1642646134135&CODE_STATE=getMsg HTTP/1.1" 200 27
222.70.243.96 - - [20/Jan/2022:10:35:56 +0800] "GET /xingrg/check_reg.html?_=1642646159349 HTTP/1.1" 200 22
180.169.147.146 - - [20/Jan/2022:10:35:58 +0800] "GET /xingrg/all/function/internal_message.html?_=1642646153614&CODE_STATE=getMsg HTTP/1.1" 200 27
124.78.156.14 - - [20/Jan/2022:10:36:04 +0800] "GET /xingrg/all/function/internal_message.html?_=1642646165115&CODE_STATE=getMsg HTTP/1.1" 200 27
124.79.247.218 - - [20/Jan/2022:10:36:05 +0800] "GET /xingrg/kc/buy/cgsh_order_operate.html?command=get_materiel&rest_code=00104&code=00101008230&supplier_code=00100005&order_time=2022-01-20 HTTP/1.1" 200 408
180.152.99.73 - - [20/Jan/2022:10:36:05 +0800] "GET /xingrg/all/function/internal_message.html?_=1642646165027&CODE_STATE=getMsg HTTP/1.1" 200 27
222.70.243.96 - - [20/Jan/2022:10:36:11 +0800] "GET /xingrg/all/function/internal_message.html?_=1642646173447&CODE_STATE=getMsg HTTP/1.1" 200 27
180.152.99.39 - - [20/Jan/2022:10:36:14 +0800] "GET /xingrg/all/function/internal_message.html?_=1642646105437&CODE_STATE=getMsg HTTP/1.1" 200 27
180.169.147.146 - - [20/Jan/2022:10:36:16 +0800] "GET /xingrg/all/function/internal_message.html?_=1642646176769&CODE_STATE=getMsg HTTP/1.1" 200 27
120.253.135.82 - - [20/Jan/2022:10:36:17 +0800] "GET /xingrg/kc/pszx/mdps_order_info.html?code=312022012000666 HTTP/1.1" 200 23939
120.253.135.82 - - [20/Jan/2022:10:36:18 +0800] "GET /xingrg/javascript/easyui/themes/default/validatebox.css HTTP/1.1" 404 1104
120.253.135.82 - - [20/Jan/2022:10:36:18 +0800] "POST /xingrg/kc/pszx/mdps_order_operate.html HTTP/1.1" 200 14457
120.253.135.82 - - [20/Jan/2022:10:36:19 +0800] "POST /xingrg/kc/pszx/mdps_list_operate.html HTTP/1.1" 200 2470
120.253.135.82 - - [20/Jan/2022:10:36:21 +0800] "GET /xingrg/javascript/jquery_easy_ui/themes/default/images/tabs_active.png HTTP/1.1" 304 -
124.79.247.218 - - [20/Jan/2022:10:36:22 +0800] "GET /xingrg/kc/buy/cgsh_order_operate.html?command=get_materiel&rest_code=00104&code=00101008323&supplier_code=00100005&order_time=2022-01-20 HTTP/1.1" 200 408
58.37.10.95 - - [20/Jan/2022:10:36:25 +0800] "GET /xingrg/all/function/internal_message.html?_=1642645981064&CODE_STATE=getMsg HTTP/1.1" 200 27
120.253.135.82 - - [20/Jan/2022:10:36:25 +0800] "GET /xingrg/kc/pszx/mdps_order_list.html?orderType=0 HTTP/1.1" 200 20925
114.95.98.1 - - [20/Jan/2022:10:36:25 +0800] "POST /xingrg/services/DataTransmitService HTTP/1.1" 200 524
120.253.135.82 - - [20/Jan/2022:10:36:25 +0800] "POST /xingrg/kc/pszx/mdps_list_operate.html HTTP/1.1" 200 5316
114.95.98.1 - - [20/Jan/2022:10:36:25 +0800] "POST /xingrg/services/DataTransmitService HTTP/1.1" 200 501
58.39.168.32 - - [20/Jan/2022:10:36:30 +0800] "GET /xingrg/all/function/internal_message.html?_=1642646126502&CODE_STATE=getMsg HTTP/1.1" 200 27
120.253.135.82 - - [20/Jan/2022:10:36:32 +0800] "POST /xingrg/kc/pszx/mdps_list_operate.html HTTP/1.1" 200 868
114.86.224.130 - - [20/Jan/2022:10:36:34 +0800] "GET /xingrg/all/function/internal_message.html?_=1642646192987&CODE_STATE=getMsg HTTP/1.1" 200 27
124.79.247.218 - - [20/Jan/2022:10:36:35 +0800] "GET /xingrg/check_reg.html?_=1642646236047 HTTP/1.1" 200 22
124.79.247.218 - - [20/Jan/2022:10:36:35 +0800] "GET /xingrg/all/function/internal_message.html?_=1642646236102&CODE_STATE=getMsg HTTP/1.1" 200 27
120.253.135.82 - - [20/Jan/2022:10:36:35 +0800] "GET /xingrg/kc/pszx/mdps_order_add.html HTTP/1.1" 200 28947
120.253.135.82 - - [20/Jan/2022:10:36:36 +0800] "POST /xingrg/kc/pszx/mdps_order_operate.html HTTP/1.1" 200 7126
114.95.98.1 - - [20/Jan/2022:10:36:36 +0800] "GET /xingrg/all/function/internal_message.html?_=1642646214502&CODE_STATE=getMsg HTTP/1.1" 200 27
120.253.135.82 - - [20/Jan/2022:10:36:36 +0800] "GET /xingrg/javascript/easyui/themes/default/validatebox.css HTTP/1.1" 404 1104
58.39.168.32 - - [20/Jan/2022:10:36:37 +0800] "GET /xingrg/all/function/internal_message.html?_=1642646196798&CODE_STATE=getMsg HTTP/1.1" 200 27
124.79.247.218 - - [20/Jan/2022:10:36:40 +0800] "GET /xingrg/kc/buy/cgsh_order_operate.html?command=get_materiel&rest_code=00104&code=00101008155&supplier_code=00100005&order_time=2022-01-20 HTTP/1.1" 200 408
120.253.135.82 - - [20/Jan/2022:10:36:41 +0800] "GET /xingrg/css/images/panel_loading.gif HTTP/1.1" 304 -
120.253.135.82 - - [20/Jan/2022:10:36:41 +0800] "POST /xingrg/all/common/load_combo.html?type=base HTTP/1.1" 200 1075
101.80.226.190 - - [20/Jan/2022:10:36:50 +0800] "POST /xingrg/services/DataTransmitService HTTP/1.1" 200 524
101.80.226.190 - - [20/Jan/2022:10:36:50 +0800] "POST /xingrg/services/DataTransmitService HTTP/1.1" 200 1971
101.80.226.190 - - [20/Jan/2022:10:36:50 +0800] "POST /xingrg/services/DataTransmitService HTTP/1.1" 200 524
101.80.226.190 - - [20/Jan/2022:10:36:51 +0800] "POST /xingrg/services/DataTransmitService HTTP/1.1" 200 1971
101.80.226.190 - - [20/Jan/2022:10:36:51 +0800] "POST /xingrg/services/DataTransmitService HTTP/1.1" 200 524
120.253.135.82 - - [20/Jan/2022:10:36:51 +0800] "GET /xingrg/all/function/internal_message.html?_=1642645998486&CODE_STATE=getMsg HTTP/1.1" 200 27
101.80.226.190 - - [20/Jan/2022:10:36:52 +0800] "POST /xingrg/services/DataTransmitService HTTP/1.1" 200 1971
101.80.226.190 - - [20/Jan/2022:10:36:52 +0800] "POST /xingrg/services/DataTransmitService HTTP/1.1" 200 524
222.70.178.207 - - [20/Jan/2022:10:36:52 +0800] "GET /xingrg/all/function/internal_message.html?_=1642646210796&CODE_STATE=getMsg HTTP/1.1" 200 27
101.80.226.190 - - [20/Jan/2022:10:36:52 +0800] "POST /xingrg/services/DataTransmitService HTTP/1.1" 200 1971
101.80.226.190 - - [20/Jan/2022:10:36:52 +0800] "POST /xingrg/services/DataTransmitService HTTP/1.1" 200 524
