114.86.224.130 - - [20/Jan/2022:10:44:49 +0800] "GET /xingrg/javascript/easyui/themes/default/images/button_plain_hover.png HTTP/1.1" 200 144
114.86.224.130 - - [20/Jan/2022:10:44:49 +0800] "GET /xingrg/javascript/convert.js HTTP/1.1" 200 1239
114.86.224.130 - - [20/Jan/2022:10:44:49 +0800] "GET /xingrg/javascript/jquery_tools/order_manager.js HTTP/1.1" 200 11183
114.86.224.130 - - [20/Jan/2022:10:44:49 +0800] "GET /xingrg/kc/buy/cgsh_order_add.html HTTP/1.1" 200 65439
114.86.224.130 - - [20/Jan/2022:10:44:49 +0800] "GET /xingrg/javascript/json2.js HTTP/1.1" 200 11259
114.86.224.130 - - [20/Jan/2022:10:44:49 +0800] "GET /xingrg/javascript/print/kc_print.js HTTP/1.1" 200 11415
114.86.224.130 - - [20/Jan/2022:10:44:49 +0800] "GET /xingrg/words/20220120091010_words.js HTTP/1.1" 200 884239
114.86.224.130 - - [20/Jan/2022:10:44:49 +0800] "GET /xingrg/javascript/easyui/themes/icons/template_new.png HTTP/1.1" 200 3956
114.86.224.130 - - [20/Jan/2022:10:44:49 +0800] "GET /xingrg/javascript/easyui/themes/icons/copy_new.png HTTP/1.1" 200 815
114.86.224.130 - - [20/Jan/2022:10:44:49 +0800] "GET /xingrg/javascript/easyui/themes/icons/print.png HTTP/1.1" 200 1057
114.86.224.130 - - [20/Jan/2022:10:44:49 +0800] "GET /xingrg/javascript/easyui/themes/icons/ok.png HTTP/1.1" 200 883
114.86.224.130 - - [20/Jan/2022:10:44:49 +0800] "GET /xingrg/javascript/easyui/themes/default/images/menu_downarrow.png HTTP/1.1" 200 173
114.86.224.130 - - [20/Jan/2022:10:44:49 +0800] "GET /xingrg/javascript/easyui/themes/icons/cancel.png HTTP/1.1" 200 1133
114.86.224.130 - - [20/Jan/2022:10:44:50 +0800] "POST /xingrg/kc/buy/cgsh_order_operate.html HTTP/1.1" 200 8245
114.86.224.130 - - [20/Jan/2022:10:44:50 +0800] "GET /xingrg/all/common/auto_word.html?type=employee&rest_code=00109 HTTP/1.1" 200 255
114.86.224.130 - - [20/Jan/2022:10:44:50 +0800] "GET /xingrg/javascript/easyui/themes/default/validatebox.css HTTP/1.1" 404 1104
114.86.224.130 - - [20/Jan/2022:10:44:50 +0800] "GET /xingrg/javascript/easyui/plugins/jquery.validatebox.js HTTP/1.1" 200 6103
114.86.224.130 - - [20/Jan/2022:10:44:50 +0800] "GET /xingrg/all/common/auto_word.html?type=employee&rest_code=00109 HTTP/1.1" 200 255
114.86.224.130 - - [20/Jan/2022:10:44:50 +0800] "GET /xingrg/javascript/easyui/plugins/jquery.numberbox.js HTTP/1.1" 200 5213
114.86.224.130 - - [20/Jan/2022:10:44:50 +0800] "GET /xingrg/javascript/easyui/themes/icons/edit_remove.png HTTP/1.1" 200 625
114.86.224.130 - - [20/Jan/2022:10:44:50 +0800] "GET /xingrg/javascript/auto/indicator.gif HTTP/1.1" 404 1066
120.253.135.82 - - [20/Jan/2022:10:44:52 +0800] "GET /xingrg/all/function/internal_message.html?_=1642646478704&CODE_STATE=getMsg HTTP/1.1" 200 27
222.70.178.207 - - [20/Jan/2022:10:44:52 +0800] "GET /xingrg/all/function/internal_message.html?_=1642646690688&CODE_STATE=getMsg HTTP/1.1" 200 27
222.70.217.149 - - [20/Jan/2022:10:44:53 +0800] "GET /xingrg/all/function/internal_message.html?_=1642646674136&CODE_STATE=getMsg HTTP/1.1" 200 27
222.70.217.149 - - [20/Jan/2022:10:44:53 +0800] "GET /xingrg/check_reg.html?_=1642646674146 HTTP/1.1" 200 22
114.86.224.130 - - [20/Jan/2022:10:44:53 +0800] "POST /xingrg/all/common/load_tree.html?tree=area_rest_tree_json&manage=1 HTTP/1.1" 200 342
114.86.224.130 - - [20/Jan/2022:10:44:53 +0800] "GET /xingrg/all/function/internal_message.html?_=1642646692128&CODE_STATE=count HTTP/1.1" 200 11
114.86.224.130 - - [20/Jan/2022:10:44:53 +0800] "GET /xingrg/check_reg.html?_=1642646692128 HTTP/1.1" 200 22
114.86.224.130 - - [20/Jan/2022:10:44:53 +0800] "POST /xingrg/load_menu.html HTTP/1.1" 200 5138
114.86.224.130 - - [20/Jan/2022:10:44:55 +0800] "GET /xingrg/kc/buy/buy_main.html HTTP/1.1" 200 12412
114.86.224.130 - - [20/Jan/2022:10:44:55 +0800] "GET /xingrg/css/new_ie.css HTTP/1.1" 404 1036
114.86.224.130 - - [20/Jan/2022:10:44:56 +0800] "GET /xingrg/kc/buy/cgsh_order_list.html HTTP/1.1" 200 49588
114.86.224.130 - - [20/Jan/2022:10:44:58 +0800] "POST /xingrg/kc/buy/cgsh_list_operate.html HTTP/1.1" 200 1676
180.169.147.146 - - [20/Jan/2022:10:44:58 +0800] "GET /xingrg/all/function/internal_message.html?_=1642646693617&CODE_STATE=getMsg HTTP/1.1" 200 27
180.169.147.146 - - [20/Jan/2022:10:44:58 +0800] "GET /xingrg/check_reg.html?_=1642646693619 HTTP/1.1" 200 22
114.86.224.130 - - [20/Jan/2022:10:44:59 +0800] "GET /xingrg/words/20220120091010_words.js HTTP/1.1" 304 -
114.86.224.130 - - [20/Jan/2022:10:44:59 +0800] "GET /xingrg/kc/buy/cgsh_order_add.html HTTP/1.1" 200 65439
114.86.224.130 - - [20/Jan/2022:10:44:59 +0800] "POST /xingrg/kc/buy/cgsh_order_operate.html HTTP/1.1" 200 8245
114.86.224.130 - - [20/Jan/2022:10:44:59 +0800] "GET /xingrg/all/common/auto_word.html?type=employee&rest_code=00109 HTTP/1.1" 200 255
114.86.224.130 - - [20/Jan/2022:10:44:59 +0800] "GET /xingrg/all/common/auto_word.html?type=employee&rest_code=00109 HTTP/1.1" 200 255
114.86.224.130 - - [20/Jan/2022:10:44:59 +0800] "GET /xingrg/javascript/easyui/themes/default/validatebox.css HTTP/1.1" 404 1104
120.253.135.82 - - [20/Jan/2022:10:45:00 +0800] "GET /xingrg/kc/pszx/mdps_order_operate.html?command=get_materiel&pszx_code=00101&rest_code=00102&base_code=0010250&code=00102008024 HTTP/1.1" 200 435
114.86.224.130 - - [20/Jan/2022:10:45:01 +0800] "GET /xingrg/javascript/jquery_tools/images/prev.gif HTTP/1.1" 404 1086
114.86.224.130 - - [20/Jan/2022:10:45:01 +0800] "GET /xingrg/javascript/jquery_tools/images/next.gif HTTP/1.1" 404 1086
124.78.156.14 - - [20/Jan/2022:10:45:03 +0800] "GET /xingrg/all/function/internal_message.html?_=1642646699245&CODE_STATE=getMsg HTTP/1.1" 200 27
124.78.156.14 - - [20/Jan/2022:10:45:04 +0800] "GET /xingrg/all/function/internal_message.html?_=1642646705134&CODE_STATE=getMsg HTTP/1.1" 200 27
114.86.224.130 - - [20/Jan/2022:10:45:09 +0800] "GET /xingrg/kc/buy/cgsh_order_operate.html?command=get_materiel&rest_code=00109&code=00101008049&supplier_code=00100005&order_time=2022-01-20 HTTP/1.1" 200 408
180.152.99.73 - - [20/Jan/2022:10:45:11 +0800] "GET /xingrg/all/function/internal_message.html?_=1642646710502&CODE_STATE=getMsg HTTP/1.1" 200 27
222.70.243.96 - - [20/Jan/2022:10:45:11 +0800] "GET /xingrg/all/function/internal_message.html?_=1642646713885&CODE_STATE=getMsg HTTP/1.1" 200 27
180.152.99.39 - - [20/Jan/2022:10:45:14 +0800] "GET /xingrg/all/function/internal_message.html?_=1642646645590&CODE_STATE=getMsg HTTP/1.1" 200 27
180.169.147.146 - - [20/Jan/2022:10:45:16 +0800] "GET /xingrg/all/function/internal_message.html?_=1642646716567&CODE_STATE=getMsg HTTP/1.1" 200 27
114.86.224.130 - - [20/Jan/2022:10:45:17 +0800] "GET /xingrg/kc/buy/cgsh_order_operate.html?command=get_materiel&rest_code=00109&code=00101008351&supplier_code=00100005&order_time=2022-01-20 HTTP/1.1" 200 427
114.86.224.130 - - [20/Jan/2022:10:45:23 +0800] "GET /xingrg/kc/buy/cgsh_order_operate.html?command=get_materiel&rest_code=00109&code=00101008358&supplier_code=00100005&order_time=2022-01-20 HTTP/1.1" 200 412
120.253.135.82 - - [20/Jan/2022:10:45:23 +0800] "GET /xingrg/kc/pszx/mdps_order_operate.html?command=get_materiel&pszx_code=00101&rest_code=00102&base_code=0010250&code=00102012010 HTTP/1.1" 200 439
58.37.10.95 - - [20/Jan/2022:10:45:25 +0800] "GET /xingrg/all/function/internal_message.html?_=1642646521095&CODE_STATE=getMsg HTTP/1.1" 200 27
58.37.10.95 - - [20/Jan/2022:10:45:25 +0800] "GET /xingrg/check_reg.html?_=1642646521097 HTTP/1.1" 200 22
114.86.224.130 - - [20/Jan/2022:10:45:28 +0800] "GET /xingrg/kc/buy/cgsh_order_operate.html?command=get_materiel&rest_code=00109&code=00101008141&supplier_code=00100005&order_time=2022-01-20 HTTP/1.1" 200 412
58.39.168.32 - - [20/Jan/2022:10:45:30 +0800] "GET /xingrg/all/function/internal_message.html?_=1642646666501&CODE_STATE=getMsg HTTP/1.1" 200 27
114.86.224.130 - - [20/Jan/2022:10:45:33 +0800] "GET /xingrg/kc/buy/cgsh_order_operate.html?command=get_materiel&rest_code=00109&code=00101008126&supplier_code=00100005&order_time=2022-01-20 HTTP/1.1" 200 412
124.79.247.218 - - [20/Jan/2022:10:45:35 +0800] "GET /xingrg/all/function/internal_message.html?_=1642646776413&CODE_STATE=getMsg HTTP/1.1" 200 27
114.95.98.1 - - [20/Jan/2022:10:45:37 +0800] "GET /xingrg/all/function/internal_message.html?_=1642646755521&CODE_STATE=getMsg HTTP/1.1" 200 27
58.39.168.32 - - [20/Jan/2022:10:45:37 +0800] "GET /xingrg/all/function/internal_message.html?_=1642646736802&CODE_STATE=getMsg HTTP/1.1" 200 27
222.70.243.96 - - [20/Jan/2022:10:45:38 +0800] "GET /xingrg/kc/buy/cgsh_order_operate.html?command=get_materiel&rest_code=00146&code=00101008353&supplier_code=00100005&order_time=2022-01-20 HTTP/1.1" 200 408
120.253.135.82 - - [20/Jan/2022:10:45:52 +0800] "GET /xingrg/all/function/internal_message.html?_=1642646538716&CODE_STATE=getMsg HTTP/1.1" 200 27
222.70.178.207 - - [20/Jan/2022:10:45:52 +0800] "GET /xingrg/all/function/internal_message.html?_=1642646750669&CODE_STATE=getMsg HTTP/1.1" 200 27
222.70.217.149 - - [20/Jan/2022:10:45:53 +0800] "GET /xingrg/all/function/internal_message.html?_=1642646734148&CODE_STATE=getMsg HTTP/1.1" 200 27
114.86.224.130 - - [20/Jan/2022:10:45:53 +0800] "GET /xingrg/all/function/internal_message.html?_=1642646752139&CODE_STATE=getMsg HTTP/1.1" 200 27
114.86.224.130 - - [20/Jan/2022:10:45:55 +0800] "GET /xingrg/kc/buy/cgsh_order_operate.html?command=get_materiel&rest_code=00109&code=00101008169&supplier_code=00100005&order_time=2022-01-20 HTTP/1.1" 200 412
222.70.243.96 - - [20/Jan/2022:10:45:55 +0800] "POST /xingrg/kc/buy/cgsh_order_operate.html HTTP/1.1" 200 2065
222.70.243.96 - - [20/Jan/2022:10:45:56 +0800] "GET /xingrg/check_reg.html?_=1642646759362 HTTP/1.1" 200 22
114.86.224.130 - - [20/Jan/2022:10:46:00 +0800] "GET /xingrg/kc/buy/cgsh_order_operate.html?command=get_materiel&rest_code=00109&code=00101008332&supplier_code=00100005&order_time=2022-01-20 HTTP/1.1" 200 412
124.78.156.14 - - [20/Jan/2022:10:46:03 +0800] "GET /xingrg/all/function/internal_message.html?_=1642646759219&CODE_STATE=getMsg HTTP/1.1" 200 27
124.78.156.14 - - [20/Jan/2022:10:46:04 +0800] "GET /xingrg/all/function/internal_message.html?_=1642646765135&CODE_STATE=getMsg HTTP/1.1" 200 27
114.86.224.130 - - [20/Jan/2022:10:46:06 +0800] "GET /xingrg/kc/buy/cgsh_order_operate.html?command=get_materiel&rest_code=00109&code=00101008257&supplier_code=00100005&order_time=2022-01-20 HTTP/1.1" 200 416
180.152.99.73 - - [20/Jan/2022:10:46:11 +0800] "GET /xingrg/all/function/internal_message.html?_=1642646770503&CODE_STATE=getMsg HTTP/1.1" 200 27
222.70.243.96 - - [20/Jan/2022:10:46:11 +0800] "GET /xingrg/all/function/internal_message.html?_=1642646773894&CODE_STATE=getMsg HTTP/1.1" 200 27
180.152.99.39 - - [20/Jan/2022:10:46:14 +0800] "GET /xingrg/all/function/internal_message.html?_=1642646705604&CODE_STATE=getMsg HTTP/1.1" 200 27
114.86.224.130 - - [20/Jan/2022:10:46:14 +0800] "GET /xingrg/kc/buy/cgsh_order_operate.html?command=get_materiel&rest_code=00109&code=00101008354&supplier_code=00100005&order_time=2022-01-20 HTTP/1.1" 200 412
222.70.243.96 - - [20/Jan/2022:10:46:14 +0800] "GET /xingrg/kc/buy/cgsh_order_operate.html?command=get_materiel&rest_code=00146&code=00101008305&supplier_code=00100005&order_time=2022-01-20 HTTP/1.1" 200 412
180.169.147.146 - - [20/Jan/2022:10:46:16 +0800] "GET /xingrg/all/function/internal_message.html?_=1642646776553&CODE_STATE=getMsg HTTP/1.1" 200 27
114.86.224.130 - - [20/Jan/2022:10:46:20 +0800] "GET /xingrg/kc/buy/cgsh_order_operate.html?command=get_materiel&rest_code=00109&code=00101008148&supplier_code=00100005&order_time=2022-01-20 HTTP/1.1" 200 416
58.37.10.95 - - [20/Jan/2022:10:46:25 +0800] "GET /xingrg/all/function/internal_message.html?_=1642646581095&CODE_STATE=getMsg HTTP/1.1" 200 27
222.70.243.96 - - [20/Jan/2022:10:46:27 +0800] "GET /xingrg/kc/buy/cgsh_order_operate.html?command=get_materiel&rest_code=00146&code=00101008285&supplier_code=00100005&order_time=2022-01-20 HTTP/1.1" 200 413
114.86.224.130 - - [20/Jan/2022:10:46:27 +0800] "GET /xingrg/kc/buy/cgsh_order_operate.html?command=get_materiel&rest_code=00109&code=00101008264&supplier_code=00100005&order_time=2022-01-20 HTTP/1.1" 200 412
58.39.168.32 - - [20/Jan/2022:10:46:30 +0800] "GET /xingrg/all/function/internal_message.html?_=1642646726500&CODE_STATE=getMsg HTTP/1.1" 200 27
114.86.224.130 - - [20/Jan/2022:10:46:34 +0800] "GET /xingrg/kc/buy/cgsh_order_operate.html?command=get_materiel&rest_code=00109&code=00101008439&supplier_code=00100005&order_time=2022-01-20 HTTP/1.1" 200 398
222.70.243.96 - - [20/Jan/2022:10:46:35 +0800] "GET /xingrg/kc/buy/cgsh_order_operate.html?command=get_materiel&rest_code=00146&code=00101008242&supplier_code=00100005&order_time=2022-01-20 HTTP/1.1" 200 408
124.79.247.218 - - [20/Jan/2022:10:46:35 +0800] "GET /xingrg/check_reg.html?_=1642646836252 HTTP/1.1" 200 22
124.79.247.218 - - [20/Jan/2022:10:46:35 +0800] "GET /xingrg/all/function/internal_message.html?_=1642646836426&CODE_STATE=getMsg HTTP/1.1" 200 27
58.39.168.32 - - [20/Jan/2022:10:46:37 +0800] "GET /xingrg/all/function/internal_message.html?_=1642646796802&CODE_STATE=getMsg HTTP/1.1" 200 27
114.95.98.1 - - [20/Jan/2022:10:46:37 +0800] "GET /xingrg/all/function/internal_message.html?_=1642646815981&CODE_STATE=getMsg HTTP/1.1" 200 27
114.86.224.130 - - [20/Jan/2022:10:46:39 +0800] "GET /xingrg/kc/buy/cgsh_order_operate.html?command=get_materiel&rest_code=00109&code=00101008069&supplier_code=00100005&order_time=2022-01-20 HTTP/1.1" 200 412
222.70.243.96 - - [20/Jan/2022:10:46:48 +0800] "GET /xingrg/kc/buy/cgsh_order_operate.html?command=get_materiel&rest_code=00146&code=00101008125&supplier_code=00100005&order_time=2022-01-20 HTTP/1.1" 200 432
114.86.224.130 - - [20/Jan/2022:10:46:49 +0800] "GET /xingrg/kc/buy/cgsh_order_operate.html?command=get_materiel&rest_code=00109&code=00101008286&supplier_code=00100005&order_time=2022-01-20 HTTP/1.1" 200 427
114.86.224.130 - - [20/Jan/2022:10:46:49 +0800] "GET /xingrg/javascript/jquery_easy_ui/themes/default/images/tabs_active.png HTTP/1.1" 304 -
222.70.243.96 - - [20/Jan/2022:10:46:51 +0800] "POST /xingrg/kc/buy/cgsh_order_operate.html HTTP/1.1" 200 2065
222.70.178.207 - - [20/Jan/2022:10:46:52 +0800] "GET /xingrg/all/function/internal_message.html?_=1642646810640&CODE_STATE=getMsg HTTP/1.1" 200 27
120.253.135.82 - - [20/Jan/2022:10:46:52 +0800] "GET /xingrg/all/function/internal_message.html?_=1642646598731&CODE_STATE=getMsg HTTP/1.1" 200 27
222.70.217.149 - - [20/Jan/2022:10:46:53 +0800] "GET /xingrg/all/function/internal_message.html?_=1642646794133&CODE_STATE=getMsg HTTP/1.1" 200 27
114.86.224.130 - - [20/Jan/2022:10:46:53 +0800] "GET /xingrg/all/function/internal_message.html?_=1642646812140&CODE_STATE=getMsg HTTP/1.1" 200 27
222.70.243.96 - - [20/Jan/2022:10:46:59 +0800] "GET /xingrg/kc/buy/cgsh_order_operate.html?command=get_materiel&rest_code=00146&code=00101008225&supplier_code=00100005&order_time=2022-01-20 HTTP/1.1" 200 416
124.78.156.14 - - [20/Jan/2022:10:47:03 +0800] "GET /xingrg/all/function/internal_message.html?_=1642646819199&CODE_STATE=getMsg HTTP/1.1" 200 27
124.78.156.14 - - [20/Jan/2022:10:47:04 +0800] "GET /xingrg/all/function/internal_message.html?_=1642646825135&CODE_STATE=getMsg HTTP/1.1" 200 27
124.78.156.14 - - [20/Jan/2022:10:47:04 +0800] "GET /xingrg/check_reg.html?_=1642646825138 HTTP/1.1" 200 22
222.70.243.96 - - [20/Jan/2022:10:47:08 +0800] "GET /xingrg/kc/buy/cgsh_order_operate.html?command=get_materiel&rest_code=00146&code=00101008298&supplier_code=00100005&order_time=2022-01-20 HTTP/1.1" 200 413
114.95.98.1 - - [20/Jan/2022:10:47:09 +0800] "GET /xingrg/check_reg.html?_=1642646847800 HTTP/1.1" 200 22
114.95.98.1 - - [20/Jan/2022:10:47:09 +0800] "POST /xingrg/kc/buy/cgsh_list_operate.html HTTP/1.1" 200 876
180.152.99.73 - - [20/Jan/2022:10:47:11 +0800] "GET /xingrg/all/function/internal_message.html?_=1642646830511&CODE_STATE=getMsg HTTP/1.1" 200 27
222.70.243.96 - - [20/Jan/2022:10:47:11 +0800] "GET /xingrg/all/function/internal_message.html?_=1642646834042&CODE_STATE=getMsg HTTP/1.1" 200 27
222.70.217.149 - - [20/Jan/2022:10:47:14 +0800] "POST /xingrg/services/DataTransmitService HTTP/1.1" 200 524
222.70.217.149 - - [20/Jan/2022:10:47:14 +0800] "POST /xingrg/services/DataTransmitService HTTP/1.1" 200 501
114.86.224.130 - - [20/Jan/2022:10:47:14 +0800] "GET /xingrg/kc/buy/cgsh_order_operate.html?command=get_materiel&rest_code=00109&code=00101008036&supplier_code=00100005&order_time=2022-01-20 HTTP/1.1" 200 408
114.95.98.1 - - [20/Jan/2022:10:47:14 +0800] "GET /xingrg/kc/base/wldb_order_list.html HTTP/1.1" 200 19060
180.152.99.39 - - [20/Jan/2022:10:47:14 +0800] "GET /xingrg/all/function/internal_message.html?_=1642646765631&CODE_STATE=getMsg HTTP/1.1" 200 27
114.95.98.1 - - [20/Jan/2022:10:47:15 +0800] "POST /xingrg/kc/base/wldb_list_operate.html HTTP/1.1" 200 928
114.95.98.1 - - [20/Jan/2022:10:47:16 +0800] "GET /xingrg/kc/base/wldb_order_add.html HTTP/1.1" 200 30270
180.169.147.146 - - [20/Jan/2022:10:47:16 +0800] "GET /xingrg/all/function/internal_message.html?_=1642646836525&CODE_STATE=getMsg HTTP/1.1" 200 27
114.95.98.1 - - [20/Jan/2022:10:47:16 +0800] "POST /xingrg/kc/base/wldb_order_operate.html HTTP/1.1" 200 6806
114.95.98.1 - - [20/Jan/2022:10:47:17 +0800] "GET /xingrg/all/common/auto_word.html?type=base&rest_code=00102 HTTP/1.1" 200 1807
114.95.98.1 - - [20/Jan/2022:10:47:17 +0800] "GET /xingrg/all/common/auto_word.html?type=base&rest_code=00102 HTTP/1.1" 200 1807
180.169.147.146 - - [20/Jan/2022:10:47:17 +0800] "GET /xingrg/check_reg.html?_=1642646837386 HTTP/1.1" 200 22
114.95.98.1 - - [20/Jan/2022:10:47:18 +0800] "GET /xingrg/javascript/easyui/themes/default/validatebox.css HTTP/1.1" 404 1104
114.95.98.1 - - [20/Jan/2022:10:47:19 +0800] "POST /xingrg/all/common/load_combo.html?type=base HTTP/1.1" 200 3233
114.86.224.130 - - [20/Jan/2022:10:47:21 +0800] "GET /xingrg/kc/buy/cgsh_order_operate.html?command=get_materiel&rest_code=00109&code=00101008131&supplier_code=00100005&order_time=2022-01-20 HTTP/1.1" 200 408
120.253.135.82 - - [20/Jan/2022:10:47:21 +0800] "GET /xingrg/kc/pszx/mdps_order_operate.html?command=get_materiel&pszx_code=00101&rest_code=00102&base_code=0010250&code=00101020001 HTTP/1.1" 200 446
58.37.10.95 - - [20/Jan/2022:10:47:25 +0800] "GET /xingrg/all/function/internal_message.html?_=1642646641094&CODE_STATE=getMsg HTTP/1.1" 200 27
114.95.98.1 - - [20/Jan/2022:10:47:26 +0800] "GET /xingrg/kc/base/wldb_order_operate.html?command=get_materiel&rest_code=00102&base_code=0010476&code=00101019241 HTTP/1.1" 200 459
58.39.168.32 - - [20/Jan/2022:10:47:30 +0800] "GET /xingrg/all/function/internal_message.html?_=1642646786498&CODE_STATE=getMsg HTTP/1.1" 200 27
58.39.168.32 - - [20/Jan/2022:10:47:30 +0800] "GET /xingrg/check_reg.html?_=1642646786499 HTTP/1.1" 200 22
124.79.247.218 - - [20/Jan/2022:10:47:35 +0800] "GET /xingrg/all/function/internal_message.html?_=1642646896440&CODE_STATE=getMsg HTTP/1.1" 200 27
58.39.168.32 - - [20/Jan/2022:10:47:37 +0800] "GET /xingrg/check_reg.html?_=1642646856802 HTTP/1.1" 200 22
58.39.168.32 - - [20/Jan/2022:10:47:37 +0800] "GET /xingrg/all/function/internal_message.html?_=1642646856805&CODE_STATE=getMsg HTTP/1.1" 200 27
114.95.98.1 - - [20/Jan/2022:10:47:37 +0800] "GET /xingrg/all/function/internal_message.html?_=1642646875985&CODE_STATE=getMsg HTTP/1.1" 200 27
222.70.178.207 - - [20/Jan/2022:10:47:52 +0800] "GET /xingrg/all/function/internal_message.html?_=1642646870617&CODE_STATE=getMsg HTTP/1.1" 200 27
120.253.135.82 - - [20/Jan/2022:10:47:52 +0800] "GET /xingrg/all/function/internal_message.html?_=1642646658744&CODE_STATE=getMsg HTTP/1.1" 200 27
222.70.217.149 - - [20/Jan/2022:10:47:53 +0800] "GET /xingrg/all/function/internal_message.html?_=1642646854132&CODE_STATE=getMsg HTTP/1.1" 200 27
114.86.224.130 - - [20/Jan/2022:10:47:53 +0800] "GET /xingrg/all/function/internal_message.html?_=1642646872135&CODE_STATE=getMsg HTTP/1.1" 200 27
120.253.135.82 - - [20/Jan/2022:10:47:58 +0800] "GET /xingrg/kc/pszx/mdps_order_operate.html?command=get_materiel&pszx_code=00101&rest_code=00102&base_code=0010250&code=00101034136 HTTP/1.1" 200 420
124.78.156.14 - - [20/Jan/2022:10:48:03 +0800] "GET /xingrg/all/function/internal_message.html?_=1642646879179&CODE_STATE=getMsg HTTP/1.1" 200 27
124.78.156.14 - - [20/Jan/2022:10:48:04 +0800] "GET /xingrg/all/function/internal_message.html?_=1642646885139&CODE_STATE=getMsg HTTP/1.1" 200 27
180.152.99.73 - - [20/Jan/2022:10:48:11 +0800] "GET /xingrg/check_reg.html?_=1642646890516 HTTP/1.1" 200 22
180.152.99.73 - - [20/Jan/2022:10:48:11 +0800] "GET /xingrg/all/function/internal_message.html?_=1642646890522&CODE_STATE=getMsg HTTP/1.1" 200 27
222.70.243.96 - - [20/Jan/2022:10:48:11 +0800] "GET /xingrg/all/function/internal_message.html?_=1642646894046&CODE_STATE=getMsg HTTP/1.1" 200 27
180.152.99.39 - - [20/Jan/2022:10:48:14 +0800] "GET /xingrg/all/function/internal_message.html?_=1642646825646&CODE_STATE=getMsg HTTP/1.1" 200 27
180.169.147.146 - - [20/Jan/2022:10:48:16 +0800] "GET /xingrg/all/function/internal_message.html?_=1642646894240&CODE_STATE=getMsg HTTP/1.1" 200 27
114.86.224.130 - - [20/Jan/2022:10:48:20 +0800] "GET /xingrg/kc/buy/cgsh_order_operate.html?command=get_materiel&rest_code=00109&code=00101008644&supplier_code=00100005&order_time=2022-01-20 HTTP/1.1" 200 406
120.253.135.82 - - [20/Jan/2022:10:48:20 +0800] "GET /xingrg/kc/pszx/mdps_order_operate.html?command=get_materiel&pszx_code=00101&rest_code=00102&base_code=0010250&code=00101034024 HTTP/1.1" 200 437
58.37.10.95 - - [20/Jan/2022:10:48:25 +0800] "GET /xingrg/all/function/internal_message.html?_=1642646701093&CODE_STATE=getMsg HTTP/1.1" 200 27
114.86.224.130 - - [20/Jan/2022:10:48:25 +0800] "GET /xingrg/kc/buy/cgsh_order_operate.html?command=get_materiel&rest_code=00109&code=00101008353&supplier_code=00100005&order_time=2022-01-20 HTTP/1.1" 200 408
58.39.168.32 - - [20/Jan/2022:10:48:30 +0800] "GET /xingrg/all/function/internal_message.html?_=1642646846513&CODE_STATE=getMsg HTTP/1.1" 200 27
114.86.224.130 - - [20/Jan/2022:10:48:32 +0800] "GET /xingrg/kc/buy/cgsh_order_operate.html?command=get_materiel&rest_code=00109&code=00101008291&supplier_code=00100005&order_time=2022-01-20 HTTP/1.1" 200 408
180.157.251.97 - - [20/Jan/2022:10:48:32 +0800] "GET /xingrg/check_reg.html?_=1642646911354 HTTP/1.1" 302 -
114.86.224.130 - - [20/Jan/2022:10:48:33 +0800] "POST /xingrg/kc/buy/cgsh_order_operate.html HTTP/1.1" 200 2065
124.79.247.218 - - [20/Jan/2022:10:48:35 +0800] "GET /xingrg/all/function/internal_message.html?_=1642646956452&CODE_STATE=getMsg HTTP/1.1" 200 27
58.39.168.32 - - [20/Jan/2022:10:48:37 +0800] "GET /xingrg/all/function/internal_message.html?_=1642646916790&CODE_STATE=getMsg HTTP/1.1" 200 27
114.95.98.1 - - [20/Jan/2022:10:48:38 +0800] "GET /xingrg/all/function/internal_message.html?_=1642646935998&CODE_STATE=getMsg HTTP/1.1" 200 27
120.253.135.82 - - [20/Jan/2022:10:48:38 +0800] "POST /xingrg/kc/pszx/mdps_order_operate.html HTTP/1.1" 200 37
114.86.224.130 - - [20/Jan/2022:10:48:38 +0800] "GET /xingrg/kc/buy/cgsh_order_operate.html?command=get_materiel&rest_code=00109&code=00101008312&supplier_code=00100005&order_time=2022-01-20 HTTP/1.1" 200 412
124.78.156.14 - - [20/Jan/2022:10:48:39 +0800] "GET /xingrg/check_reg.html?_=1642646915096 HTTP/1.1" 200 22
120.253.135.82 - - [20/Jan/2022:10:48:40 +0800] "GET /xingrg/kc/pszx/mdps_order_info.html?code=312022012000690 HTTP/1.1" 200 23925
120.253.135.82 - - [20/Jan/2022:10:48:40 +0800] "GET /xingrg/javascript/easyui/themes/default/validatebox.css HTTP/1.1" 404 1104
120.253.135.82 - - [20/Jan/2022:10:48:40 +0800] "POST /xingrg/kc/pszx/mdps_order_operate.html HTTP/1.1" 200 4737
120.253.135.82 - - [20/Jan/2022:10:48:44 +0800] "POST /xingrg/kc/pszx/mdps_order_operate.html HTTP/1.1" 200 37
120.253.135.82 - - [20/Jan/2022:10:48:45 +0800] "GET /xingrg/kc/pszx/mdps_order_info.html?code=312022012000690 HTTP/1.1" 200 23925
120.253.135.82 - - [20/Jan/2022:10:48:45 +0800] "GET /xingrg/javascript/easyui/themes/default/validatebox.css HTTP/1.1" 404 1104
120.253.135.82 - - [20/Jan/2022:10:48:46 +0800] "POST /xingrg/kc/pszx/mdps_order_operate.html HTTP/1.1" 200 4737
114.86.224.130 - - [20/Jan/2022:10:48:46 +0800] "GET /xingrg/kc/buy/cgsh_order_operate.html?command=get_materiel&rest_code=00109&code=00101008196&supplier_code=00100005&order_time=2022-01-20 HTTP/1.1" 200 416
114.86.224.130 - - [20/Jan/2022:10:48:51 +0800] "GET /xingrg/kc/buy/cgsh_order_operate.html?command=get_materiel&rest_code=00109&code=00101008197&supplier_code=00100005&order_time=2022-01-20 HTTP/1.1" 200 416
120.253.135.82 - - [20/Jan/2022:10:48:51 +0800] "GET /xingrg/check_reg.html?_=1642646718462 HTTP/1.1" 200 22
222.70.178.207 - - [20/Jan/2022:10:48:52 +0800] "GET /xingrg/all/function/internal_message.html?_=1642646930593&CODE_STATE=getMsg HTTP/1.1" 200 27
120.253.135.82 - - [20/Jan/2022:10:48:52 +0800] "GET /xingrg/all/function/internal_message.html?_=1642646718758&CODE_STATE=getMsg HTTP/1.1" 200 27
222.70.217.149 - - [20/Jan/2022:10:48:53 +0800] "GET /xingrg/all/function/internal_message.html?_=1642646914129&CODE_STATE=getMsg HTTP/1.1" 200 27
114.86.224.130 - - [20/Jan/2022:10:48:53 +0800] "GET /xingrg/all/function/internal_message.html?_=1642646932138&CODE_STATE=getMsg HTTP/1.1" 200 27
222.70.178.207 - - [20/Jan/2022:10:48:53 +0800] "GET /xingrg/check_reg.html?_=1642646932342 HTTP/1.1" 200 22
114.86.224.130 - - [20/Jan/2022:10:48:58 +0800] "GET /xingrg/kc/buy/cgsh_order_operate.html?command=get_materiel&rest_code=00109&code=00101008650&supplier_code=00100005&order_time=2022-01-20 HTTP/1.1" 200 399
120.253.135.82 - - [20/Jan/2022:10:49:01 +0800] "POST /xingrg/kc/pszx/mdps_order_operate.html HTTP/1.1" 200 37
120.253.135.82 - - [20/Jan/2022:10:49:02 +0800] "GET /xingrg/kc/pszx/mdps_order_info.html?code=312022012000690 HTTP/1.1" 200 23925
120.253.135.82 - - [20/Jan/2022:10:49:02 +0800] "GET /xingrg/javascript/easyui/themes/default/validatebox.css HTTP/1.1" 404 1104
120.253.135.82 - - [20/Jan/2022:10:49:03 +0800] "POST /xingrg/kc/pszx/mdps_order_operate.html HTTP/1.1" 200 4737
124.78.156.14 - - [20/Jan/2022:10:49:03 +0800] "GET /xingrg/all/function/internal_message.html?_=1642646939179&CODE_STATE=getMsg HTTP/1.1" 200 27
124.78.156.14 - - [20/Jan/2022:10:49:04 +0800] "GET /xingrg/all/function/internal_message.html?_=1642646945139&CODE_STATE=getMsg HTTP/1.1" 200 27
114.86.224.130 - - [20/Jan/2022:10:49:05 +0800] "GET /xingrg/kc/buy/cgsh_order_operate.html?command=get_materiel&rest_code=00109&code=00101008125&supplier_code=00100005&order_time=2022-01-20 HTTP/1.1" 200 432
120.253.135.82 - - [20/Jan/2022:10:49:06 +0800] "POST /xingrg/kc/pszx/mdps_list_operate.html HTTP/1.1" 200 4952
114.86.224.130 - - [20/Jan/2022:10:49:07 +0800] "POST /xingrg/kc/buy/cgsh_order_operate.html HTTP/1.1" 200 2065
180.152.99.73 - - [20/Jan/2022:10:49:11 +0800] "GET /xingrg/all/function/internal_message.html?_=1642646950507&CODE_STATE=getMsg HTTP/1.1" 200 27
120.253.135.82 - - [20/Jan/2022:10:49:11 +0800] "GET /xingrg/kc/pszx/mdps_order_add.html HTTP/1.1" 200 28947
222.70.243.96 - - [20/Jan/2022:10:49:11 +0800] "GET /xingrg/all/function/internal_message.html?_=1642646954059&CODE_STATE=getMsg HTTP/1.1" 200 27
120.253.135.82 - - [20/Jan/2022:10:49:12 +0800] "POST /xingrg/kc/pszx/mdps_order_operate.html HTTP/1.1" 200 7126
120.253.135.82 - - [20/Jan/2022:10:49:12 +0800] "GET /xingrg/javascript/easyui/themes/default/validatebox.css HTTP/1.1" 404 1104
114.86.224.130 - - [20/Jan/2022:10:49:13 +0800] "GET /xingrg/kc/buy/cgsh_order_operate.html?command=get_materiel&rest_code=00109&code=00101008085&supplier_code=00100005&order_time=2022-01-20 HTTP/1.1" 200 412
180.152.99.39 - - [20/Jan/2022:10:49:13 +0800] "GET /xingrg/check_reg.html?_=1642646884868 HTTP/1.1" 200 22
180.152.99.39 - - [20/Jan/2022:10:49:14 +0800] "GET /xingrg/all/function/internal_message.html?_=1642646885660&CODE_STATE=getMsg HTTP/1.1" 200 27
180.169.147.146 - - [20/Jan/2022:10:49:16 +0800] "GET /xingrg/all/function/internal_message.html?_=1642646954225&CODE_STATE=getMsg HTTP/1.1" 200 27
114.86.224.130 - - [20/Jan/2022:10:49:19 +0800] "GET /xingrg/kc/buy/cgsh_order_operate.html?command=get_materiel&rest_code=00109&code=00101008010&supplier_code=00100005&order_time=2022-01-20 HTTP/1.1" 200 412
61.151.178.197 - - [20/Jan/2022:10:49:23 +0800] "GET /xingrg/all/function/internal_message.html?_=1642644163264&CODE_STATE=getMsg HTTP/1.1" 302 -
58.37.10.95 - - [20/Jan/2022:10:49:25 +0800] "GET /xingrg/all/function/internal_message.html?_=1642646761092&CODE_STATE=getMsg HTTP/1.1" 200 27
114.86.224.130 - - [20/Jan/2022:10:49:25 +0800] "GET /xingrg/kc/buy/cgsh_order_operate.html?command=get_materiel&rest_code=00109&code=00101008360&supplier_code=00100005&order_time=2022-01-20 HTTP/1.1" 200 432
61.151.178.197 - - [20/Jan/2022:10:49:25 +0800] "GET /xingrg/login.html HTTP/1.1" 200 7641
120.253.135.82 - - [20/Jan/2022:10:49:26 +0800] "POST /xingrg/all/common/load_combo.html?type=base HTTP/1.1" 200 1075
58.39.168.32 - - [20/Jan/2022:10:49:30 +0800] "GET /xingrg/all/function/internal_message.html?_=1642646906512&CODE_STATE=getMsg HTTP/1.1" 200 27
114.86.224.130 - - [20/Jan/2022:10:49:34 +0800] "GET /xingrg/kc/buy/cgsh_order_operate.html?command=get_materiel&rest_code=00109&code=00101008027&supplier_code=00100005&order_time=2022-01-20 HTTP/1.1" 200 408
120.253.135.82 - - [20/Jan/2022:10:49:35 +0800] "GET /xingrg/kc/pszx/mdps_order_operate.html?command=get_materiel&pszx_code=00101&rest_code=00150&base_code=0010250&code=00102003629 HTTP/1.1" 200 424
124.79.247.218 - - [20/Jan/2022:10:49:36 +0800] "GET /xingrg/all/function/internal_message.html?_=1642647016661&CODE_STATE=getMsg HTTP/1.1" 200 27
58.39.168.32 - - [20/Jan/2022:10:49:37 +0800] "GET /xingrg/all/function/internal_message.html?_=1642646976790&CODE_STATE=getMsg HTTP/1.1" 200 27
114.95.98.1 - - [20/Jan/2022:10:49:38 +0800] "GET /xingrg/all/function/internal_message.html?_=1642646996589&CODE_STATE=getMsg HTTP/1.1" 200 27
114.86.224.130 - - [20/Jan/2022:10:49:48 +0800] "GET /xingrg/kc/buy/cgsh_order_operate.html?command=get_materiel&rest_code=00109&code=00101008351&supplier_code=00100005&order_time=2022-01-20 HTTP/1.1" 200 427
114.86.224.130 - - [20/Jan/2022:10:49:49 +0800] "POST /xingrg/kc/buy/cgsh_order_operate.html HTTP/1.1" 200 2065
222.70.178.207 - - [20/Jan/2022:10:49:52 +0800] "GET /xingrg/all/function/internal_message.html?_=1642646990572&CODE_STATE=getMsg HTTP/1.1" 200 27
120.253.135.82 - - [20/Jan/2022:10:49:52 +0800] "GET /xingrg/all/function/internal_message.html?_=1642646778772&CODE_STATE=getMsg HTTP/1.1" 200 27
222.70.217.149 - - [20/Jan/2022:10:49:53 +0800] "GET /xingrg/all/function/internal_message.html?_=1642646974141&CODE_STATE=getMsg HTTP/1.1" 200 27
222.70.217.149 - - [20/Jan/2022:10:49:53 +0800] "GET /xingrg/check_reg.html?_=1642646974148 HTTP/1.1" 200 22
114.86.224.130 - - [20/Jan/2022:10:49:53 +0800] "GET /xingrg/kc/buy/cgsh_order_operate.html?command=get_materiel&rest_code=00109&code=00101008290&supplier_code=00100005&order_time=2022-01-20 HTTP/1.1" 200 416
114.86.224.130 - - [20/Jan/2022:10:49:53 +0800] "GET /xingrg/all/function/internal_message.html?_=1642646992142&CODE_STATE=getMsg HTTP/1.1" 200 27
114.86.224.130 - - [20/Jan/2022:10:49:53 +0800] "GET /xingrg/check_reg.html?_=1642646992143 HTTP/1.1" 200 22
114.86.224.130 - - [20/Jan/2022:10:49:59 +0800] "GET /xingrg/kc/buy/cgsh_order_operate.html?command=get_materiel&rest_code=00109&code=00101008148&supplier_code=00100005&order_time=2022-01-20 HTTP/1.1" 200 416
124.78.156.14 - - [20/Jan/2022:10:50:03 +0800] "GET /xingrg/all/function/internal_message.html?_=1642646999156&CODE_STATE=getMsg HTTP/1.1" 200 27
124.78.156.14 - - [20/Jan/2022:10:50:04 +0800] "GET /xingrg/all/function/internal_message.html?_=1642647005140&CODE_STATE=getMsg HTTP/1.1" 200 27
120.253.135.82 - - [20/Jan/2022:10:50:05 +0800] "GET /xingrg/kc/pszx/mdps_order_operate.html?command=get_materiel&pszx_code=00101&rest_code=00150&base_code=0010250&code=00102008024 HTTP/1.1" 200 435
114.86.224.130 - - [20/Jan/2022:10:50:06 +0800] "GET /xingrg/kc/buy/cgsh_order_operate.html?command=get_materiel&rest_code=00109&code=00101008356&supplier_code=00100005&order_time=2022-01-20 HTTP/1.1" 200 408
180.152.99.73 - - [20/Jan/2022:10:50:11 +0800] "GET /xingrg/all/function/internal_message.html?_=1642647010508&CODE_STATE=getMsg HTTP/1.1" 200 27
222.70.243.96 - - [20/Jan/2022:10:50:11 +0800] "GET /xingrg/all/function/internal_message.html?_=1642647014250&CODE_STATE=getMsg HTTP/1.1" 200 27
180.152.99.39 - - [20/Jan/2022:10:50:14 +0800] "GET /xingrg/all/function/internal_message.html?_=1642646945673&CODE_STATE=getMsg HTTP/1.1" 200 27
114.86.224.130 - - [20/Jan/2022:10:50:15 +0800] "GET /xingrg/kc/buy/cgsh_order_operate.html?command=get_materiel&rest_code=00109&code=00101008251&supplier_code=00100005&order_time=2022-01-20 HTTP/1.1" 200 408
180.169.147.146 - - [20/Jan/2022:10:50:16 +0800] "GET /xingrg/all/function/internal_message.html?_=1642647014197&CODE_STATE=getMsg HTTP/1.1" 200 27
114.86.224.130 - - [20/Jan/2022:10:50:22 +0800] "GET /xingrg/kc/buy/cgsh_order_operate.html?command=get_materiel&rest_code=00109&code=00101008357&supplier_code=00100005&order_time=2022-01-20 HTTP/1.1" 200 408
114.86.224.130 - - [20/Jan/2022:10:50:24 +0800] "POST /xingrg/kc/buy/cgsh_order_operate.html HTTP/1.1" 200 2065
58.37.10.95 - - [20/Jan/2022:10:50:25 +0800] "GET /xingrg/check_reg.html?_=1642646821092 HTTP/1.1" 200 22
58.37.10.95 - - [20/Jan/2022:10:50:25 +0800] "GET /xingrg/all/function/internal_message.html?_=1642646821091&CODE_STATE=getMsg HTTP/1.1" 200 27
120.253.135.82 - - [20/Jan/2022:10:50:27 +0800] "GET /xingrg/kc/pszx/mdps_order_operate.html?command=get_materiel&pszx_code=00101&rest_code=00150&base_code=0010250&code=00102012010 HTTP/1.1" 200 439
114.86.224.130 - - [20/Jan/2022:10:50:27 +0800] "GET /xingrg/kc/buy/cgsh_order_operate.html?command=get_materiel&rest_code=00109&code=00101008069&supplier_code=00100005&order_time=2022-01-20 HTTP/1.1" 200 412
58.39.168.32 - - [20/Jan/2022:10:50:30 +0800] "GET /xingrg/all/function/internal_message.html?_=1642646966511&CODE_STATE=getMsg HTTP/1.1" 200 27
114.86.224.130 - - [20/Jan/2022:10:50:34 +0800] "GET /xingrg/kc/buy/cgsh_order_operate.html?command=get_materiel&rest_code=00109&code=00101008286&supplier_code=00100005&order_time=2022-01-20 HTTP/1.1" 200 427
124.79.247.218 - - [20/Jan/2022:10:50:36 +0800] "GET /xingrg/all/function/internal_message.html?_=1642647076667&CODE_STATE=getMsg HTTP/1.1" 200 27
58.39.168.32 - - [20/Jan/2022:10:50:37 +0800] "GET /xingrg/all/function/internal_message.html?_=1642647036792&CODE_STATE=getMsg HTTP/1.1" 200 27
114.95.98.1 - - [20/Jan/2022:10:50:38 +0800] "GET /xingrg/all/function/internal_message.html?_=1642647057002&CODE_STATE=getMsg HTTP/1.1" 200 27
114.86.224.130 - - [20/Jan/2022:10:50:39 +0800] "GET /xingrg/kc/buy/cgsh_order_operate.html?command=get_materiel&rest_code=00109&code=00101008131&supplier_code=00100005&order_time=2022-01-20 HTTP/1.1" 200 408
114.86.224.130 - - [20/Jan/2022:10:50:45 +0800] "GET /xingrg/kc/buy/cgsh_order_operate.html?command=get_materiel&rest_code=00109&code=00101008296&supplier_code=00100005&order_time=2022-01-20 HTTP/1.1" 200 416
120.253.135.82 - - [20/Jan/2022:10:50:49 +0800] "GET /xingrg/kc/pszx/mdps_order_operate.html?command=get_materiel&pszx_code=00101&rest_code=00150&base_code=0010250&code=00101020001 HTTP/1.1" 200 446
114.95.98.1 - - [20/Jan/2022:10:50:49 +0800] "POST /xingrg/all/common/load_combo.html?type=base HTTP/1.1" 200 3233
114.86.224.130 - - [20/Jan/2022:10:50:51 +0800] "GET /xingrg/kc/buy/cgsh_order_operate.html?command=get_materiel&rest_code=00109&code=00101008644&supplier_code=00100005&order_time=2022-01-20 HTTP/1.1" 200 406
222.70.178.207 - - [20/Jan/2022:10:50:52 +0800] "GET /xingrg/all/function/internal_message.html?_=1642647050547&CODE_STATE=getMsg HTTP/1.1" 200 27
120.253.135.82 - - [20/Jan/2022:10:50:52 +0800] "GET /xingrg/all/function/internal_message.html?_=1642646838785&CODE_STATE=getMsg HTTP/1.1" 200 27
114.86.224.130 - - [20/Jan/2022:10:50:52 +0800] "POST /xingrg/kc/buy/cgsh_order_operate.html HTTP/1.1" 200 2065
222.70.217.149 - - [20/Jan/2022:10:50:53 +0800] "GET /xingrg/all/function/internal_message.html?_=1642647034128&CODE_STATE=getMsg HTTP/1.1" 200 27
114.86.224.130 - - [20/Jan/2022:10:50:53 +0800] "GET /xingrg/all/function/internal_message.html?_=1642647052147&CODE_STATE=getMsg HTTP/1.1" 200 27
114.95.98.1 - - [20/Jan/2022:10:50:56 +0800] "GET /xingrg/kc/base/wldb_order_operate.html?command=get_materiel&rest_code=00102&base_code=0010476&code=00101019185 HTTP/1.1" 200 453
222.70.243.96 - - [20/Jan/2022:10:50:56 +0800] "GET /xingrg/check_reg.html?_=1642647059361 HTTP/1.1" 200 22
114.86.224.130 - - [20/Jan/2022:10:50:57 +0800] "GET /xingrg/kc/buy/cgsh_order_operate.html?command=get_materiel&rest_code=00109&code=00101008353&supplier_code=00100005&order_time=2022-01-20 HTTP/1.1" 200 408
124.78.156.14 - - [20/Jan/2022:10:51:03 +0800] "GET /xingrg/all/function/internal_message.html?_=1642647059138&CODE_STATE=getMsg HTTP/1.1" 200 27
114.95.98.1 - - [20/Jan/2022:10:51:03 +0800] "GET /xingrg/kc/base/wldb_order_operate.html?command=get_materiel&rest_code=00102&base_code=0010476&code=00101019391 HTTP/1.1" 200 470
114.86.224.130 - - [20/Jan/2022:10:51:03 +0800] "GET /xingrg/kc/buy/cgsh_order_operate.html?command=get_materiel&rest_code=00109&code=00101008213&supplier_code=00100005&order_time=2022-01-20 HTTP/1.1" 200 412
124.78.156.14 - - [20/Jan/2022:10:51:04 +0800] "GET /xingrg/all/function/internal_message.html?_=1642647065140&CODE_STATE=getMsg HTTP/1.1" 200 27
114.86.224.130 - - [20/Jan/2022:10:51:08 +0800] "GET /xingrg/kc/buy/cgsh_order_operate.html?command=get_materiel&rest_code=00109&code=00101008242&supplier_code=00100005&order_time=2022-01-20 HTTP/1.1" 200 408
180.152.99.73 - - [20/Jan/2022:10:51:11 +0800] "GET /xingrg/all/function/internal_message.html?_=1642647070514&CODE_STATE=getMsg HTTP/1.1" 200 27
120.253.135.82 - - [20/Jan/2022:10:51:11 +0800] "GET /xingrg/kc/pszx/mdps_order_operate.html?command=get_materiel&pszx_code=00101&rest_code=00150&base_code=0010250&code=00101034136 HTTP/1.1" 200 420
222.70.243.96 - - [20/Jan/2022:10:51:11 +0800] "GET /xingrg/all/function/internal_message.html?_=1642647074259&CODE_STATE=getMsg HTTP/1.1" 200 27
180.152.99.39 - - [20/Jan/2022:10:51:14 +0800] "GET /xingrg/all/function/internal_message.html?_=1642647005687&CODE_STATE=getMsg HTTP/1.1" 200 27
180.169.147.146 - - [20/Jan/2022:10:51:16 +0800] "GET /xingrg/all/function/internal_message.html?_=1642647074166&CODE_STATE=getMsg HTTP/1.1" 200 27
114.86.224.130 - - [20/Jan/2022:10:51:18 +0800] "GET /xingrg/kc/buy/cgsh_order_operate.html?command=get_materiel&rest_code=00109&code=00101008283&supplier_code=00100005&order_time=2022-01-20 HTTP/1.1" 200 408
114.95.98.1 - - [20/Jan/2022:10:51:20 +0800] "GET /xingrg/kc/base/wldb_order_operate.html?command=get_materiel&rest_code=00102&base_code=0010476&code=00101019018 HTTP/1.1" 200 451
114.86.224.130 - - [20/Jan/2022:10:51:24 +0800] "GET /xingrg/kc/buy/cgsh_order_operate.html?command=get_materiel&rest_code=00109&code=00101008125&supplier_code=00100005&order_time=2022-01-20 HTTP/1.1" 200 432
58.37.10.95 - - [20/Jan/2022:10:51:25 +0800] "GET /xingrg/all/function/internal_message.html?_=1642646881091&CODE_STATE=getMsg HTTP/1.1" 200 27
114.86.224.130 - - [20/Jan/2022:10:51:25 +0800] "POST /xingrg/kc/buy/cgsh_order_operate.html HTTP/1.1" 200 2065
120.253.135.82 - - [20/Jan/2022:10:51:28 +0800] "GET /xingrg/kc/pszx/mdps_order_operate.html?command=get_materiel&pszx_code=00101&rest_code=00150&base_code=0010250&code=00101034024 HTTP/1.1" 200 437
114.95.98.1 - - [20/Jan/2022:10:51:29 +0800] "GET /xingrg/kc/base/wldb_order_operate.html?command=get_materiel&rest_code=00102&base_code=0010476&code=00101019063 HTTP/1.1" 200 448
114.86.224.130 - - [20/Jan/2022:10:51:30 +0800] "GET /xingrg/kc/buy/cgsh_order_operate.html?command=get_materiel&rest_code=00109&code=00101008350&supplier_code=00100005&order_time=2022-01-20 HTTP/1.1" 200 408
58.39.168.32 - - [20/Jan/2022:10:51:30 +0800] "GET /xingrg/all/function/internal_message.html?_=1642647026509&CODE_STATE=getMsg HTTP/1.1" 200 27
114.95.98.1 - - [20/Jan/2022:10:51:35 +0800] "GET /xingrg/kc/base/wldb_order_operate.html?command=get_materiel&rest_code=00102&base_code=0010476&code=00101019183 HTTP/1.1" 200 435
124.79.247.218 - - [20/Jan/2022:10:51:35 +0800] "GET /xingrg/check_reg.html?_=1642647136445 HTTP/1.1" 200 22
124.79.247.218 - - [20/Jan/2022:10:51:36 +0800] "GET /xingrg/all/function/internal_message.html?_=1642647136681&CODE_STATE=getMsg HTTP/1.1" 200 27
58.39.168.32 - - [20/Jan/2022:10:51:37 +0800] "GET /xingrg/all/function/internal_message.html?_=1642647096792&CODE_STATE=getMsg HTTP/1.1" 200 27
114.86.224.130 - - [20/Jan/2022:10:51:37 +0800] "GET /xingrg/kc/buy/cgsh_order_operate.html?command=get_materiel&rest_code=00109&code=00101008110&supplier_code=00100005&order_time=2022-01-20 HTTP/1.1" 200 408
120.253.135.82 - - [20/Jan/2022:10:51:37 +0800] "POST /xingrg/kc/pszx/mdps_order_operate.html HTTP/1.1" 200 37
114.95.98.1 - - [20/Jan/2022:10:51:38 +0800] "GET /xingrg/all/function/internal_message.html?_=1642647117006&CODE_STATE=getMsg HTTP/1.1" 200 27
120.253.135.82 - - [20/Jan/2022:10:51:39 +0800] "GET /xingrg/kc/pszx/mdps_order_info.html?code=312022012000691 HTTP/1.1" 200 23931
120.253.135.82 - - [20/Jan/2022:10:51:39 +0800] "GET /xingrg/javascript/easyui/themes/default/validatebox.css HTTP/1.1" 404 1104
120.253.135.82 - - [20/Jan/2022:10:51:39 +0800] "POST /xingrg/kc/pszx/mdps_order_operate.html HTTP/1.1" 200 4737
114.86.224.130 - - [20/Jan/2022:10:51:43 +0800] "GET /xingrg/kc/buy/cgsh_order_operate.html?command=get_materiel&rest_code=00109&code=00101008356&supplier_code=00100005&order_time=2022-01-20 HTTP/1.1" 200 408
114.95.98.1 - - [20/Jan/2022:10:51:44 +0800] "GET /xingrg/kc/base/wldb_order_operate.html?command=get_materiel&rest_code=00102&base_code=0010476&code=00101019400 HTTP/1.1" 200 450
120.253.135.82 - - [20/Jan/2022:10:51:44 +0800] "POST /xingrg/kc/pszx/mdps_list_operate.html HTTP/1.1" 200 4952
114.86.224.130 - - [20/Jan/2022:10:51:48 +0800] "GET /xingrg/kc/buy/cgsh_order_operate.html?command=get_materiel&rest_code=00109&code=00101008223&supplier_code=00100005&order_time=2022-01-20 HTTP/1.1" 200 412
120.253.135.82 - - [20/Jan/2022:10:51:49 +0800] "POST /xingrg/kc/pszx/mdps_list_operate.html HTTP/1.1" 200 601
114.95.98.1 - - [20/Jan/2022:10:51:50 +0800] "GET /xingrg/kc/base/wldb_order_operate.html?command=get_materiel&rest_code=00102&base_code=0010476&code=00101019258 HTTP/1.1" 200 469
120.253.135.82 - - [20/Jan/2022:10:51:51 +0800] "GET /xingrg/kc/pszx/mdps_order_info.html?code=312022012000690 HTTP/1.1" 200 23925
120.253.135.82 - - [20/Jan/2022:10:51:51 +0800] "GET /xingrg/javascript/easyui/themes/default/validatebox.css HTTP/1.1" 404 1104
120.253.135.82 - - [20/Jan/2022:10:51:51 +0800] "POST /xingrg/kc/pszx/mdps_order_operate.html HTTP/1.1" 200 4737
222.70.178.207 - - [20/Jan/2022:10:51:52 +0800] "GET /xingrg/all/function/internal_message.html?_=1642647110529&CODE_STATE=getMsg HTTP/1.1" 200 27
120.253.135.82 - - [20/Jan/2022:10:51:52 +0800] "GET /xingrg/all/function/internal_message.html?_=1642646898799&CODE_STATE=getMsg HTTP/1.1" 200 27
222.70.217.149 - - [20/Jan/2022:10:51:53 +0800] "GET /xingrg/all/function/internal_message.html?_=1642647094147&CODE_STATE=getMsg HTTP/1.1" 200 27
114.86.224.130 - - [20/Jan/2022:10:51:53 +0800] "GET /xingrg/all/function/internal_message.html?_=1642647112160&CODE_STATE=getMsg HTTP/1.1" 200 27
114.86.224.130 - - [20/Jan/2022:10:51:54 +0800] "GET /xingrg/kc/buy/cgsh_order_operate.html?command=get_materiel&rest_code=00109&code=00101008005&supplier_code=00100005&order_time=2022-01-20 HTTP/1.1" 200 412
114.86.224.130 - - [20/Jan/2022:10:51:56 +0800] "POST /xingrg/kc/buy/cgsh_order_operate.html HTTP/1.1" 200 2065
114.95.98.1 - - [20/Jan/2022:10:51:59 +0800] "GET /xingrg/kc/base/wldb_order_operate.html?command=get_materiel&rest_code=00102&base_code=0010476&code=00101019134 HTTP/1.1" 200 466
114.86.224.130 - - [20/Jan/2022:10:52:00 +0800] "GET /xingrg/kc/buy/cgsh_order_operate.html?command=get_materiel&rest_code=00109&code=00101008353&supplier_code=00100005&order_time=2022-01-20 HTTP/1.1" 200 408
124.78.156.14 - - [20/Jan/2022:10:52:03 +0800] "GET /xingrg/all/function/internal_message.html?_=1642647119112&CODE_STATE=getMsg HTTP/1.1" 200 27
120.253.135.82 - - [20/Jan/2022:10:52:03 +0800] "POST /xingrg/kc/pszx/mdps_list_operate.html HTTP/1.1" 200 4952
180.152.99.73 - - [20/Jan/2022:10:52:04 +0800] "GET /xingrg/kc/base/wldb_order_list.html HTTP/1.1" 200 19066
124.78.156.14 - - [20/Jan/2022:10:52:04 +0800] "GET /xingrg/check_reg.html?_=1642647125140 HTTP/1.1" 200 22
124.78.156.14 - - [20/Jan/2022:10:52:04 +0800] "GET /xingrg/all/function/internal_message.html?_=1642647125143&CODE_STATE=getMsg HTTP/1.1" 200 27
180.152.99.73 - - [20/Jan/2022:10:52:05 +0800] "POST /xingrg/kc/base/wldb_list_operate.html HTTP/1.1" 200 928
180.152.99.73 - - [20/Jan/2022:10:52:06 +0800] "GET /xingrg/kc/base/wldb_order_add.html HTTP/1.1" 200 30280
180.152.99.73 - - [20/Jan/2022:10:52:06 +0800] "GET /xingrg/words/20220120091010_words.js HTTP/1.1" 304 -
180.152.99.73 - - [20/Jan/2022:10:52:06 +0800] "POST /xingrg/kc/base/wldb_order_operate.html HTTP/1.1" 200 6806
180.152.99.73 - - [20/Jan/2022:10:52:06 +0800] "GET /xingrg/javascript/easyui/themes/default/validatebox.css HTTP/1.1" 404 1104
114.86.224.130 - - [20/Jan/2022:10:52:06 +0800] "GET /xingrg/kc/buy/cgsh_order_operate.html?command=get_materiel&rest_code=00109&code=00101008095&supplier_code=00100005&order_time=2022-01-20 HTTP/1.1" 200 412
114.95.98.1 - - [20/Jan/2022:10:52:08 +0800] "GET /xingrg/kc/base/wldb_order_operate.html?command=get_materiel&rest_code=00102&base_code=0010476&code=00101019133 HTTP/1.1" 200 465
120.253.135.82 - - [20/Jan/2022:10:52:09 +0800] "POST /xingrg/kc/pszx/mdps_list_operate.html HTTP/1.1" 200 1691
114.95.98.1 - - [20/Jan/2022:10:52:09 +0800] "GET /xingrg/check_reg.html?_=1642647147802 HTTP/1.1" 200 22
180.152.99.73 - - [20/Jan/2022:10:52:10 +0800] "GET /xingrg/javascript/auto/indicator.gif HTTP/1.1" 404 1066
120.253.135.82 - - [20/Jan/2022:10:52:10 +0800] "POST /xingrg/kc/pszx/mdps_list_operate.html HTTP/1.1" 200 599
180.152.99.73 - - [20/Jan/2022:10:52:11 +0800] "GET /xingrg/all/function/internal_message.html?_=1642647130521&CODE_STATE=getMsg HTTP/1.1" 200 27
120.253.135.82 - - [20/Jan/2022:10:52:11 +0800] "GET /xingrg/kc/pszx/mdps_order_info.html?code=312022012000689 HTTP/1.1" 200 23929
120.253.135.82 - - [20/Jan/2022:10:52:11 +0800] "GET /xingrg/javascript/easyui/themes/default/validatebox.css HTTP/1.1" 404 1104
120.253.135.82 - - [20/Jan/2022:10:52:11 +0800] "POST /xingrg/kc/pszx/mdps_order_operate.html HTTP/1.1" 200 4735
222.70.243.96 - - [20/Jan/2022:10:52:11 +0800] "GET /xingrg/all/function/internal_message.html?_=1642647134273&CODE_STATE=getMsg HTTP/1.1" 200 27
114.86.224.130 - - [20/Jan/2022:10:52:13 +0800] "GET /xingrg/kc/buy/cgsh_order_operate.html?command=get_materiel&rest_code=00109&code=00101008096&supplier_code=00100005&order_time=2022-01-20 HTTP/1.1" 200 413
180.152.99.39 - - [20/Jan/2022:10:52:14 +0800] "GET /xingrg/all/function/internal_message.html?_=1642647065715&CODE_STATE=getMsg HTTP/1.1" 200 27
180.169.147.146 - - [20/Jan/2022:10:52:16 +0800] "GET /xingrg/all/function/internal_message.html?_=1642647134137&CODE_STATE=getMsg HTTP/1.1" 200 27
180.169.147.146 - - [20/Jan/2022:10:52:17 +0800] "GET /xingrg/check_reg.html?_=1642647135106 HTTP/1.1" 200 22
114.95.98.1 - - [20/Jan/2022:10:52:17 +0800] "GET /xingrg/kc/base/wldb_order_operate.html?command=get_materiel&rest_code=00102&base_code=0010476&code=00101019127 HTTP/1.1" 200 464
120.253.135.82 - - [20/Jan/2022:10:52:19 +0800] "POST /xingrg/kc/pszx/mdps_list_operate.html HTTP/1.1" 200 1691
114.86.224.130 - - [20/Jan/2022:10:52:19 +0800] "GET /xingrg/kc/buy/cgsh_order_operate.html?command=get_materiel&rest_code=00109&code=00101008283&supplier_code=00100005&order_time=2022-01-20 HTTP/1.1" 200 408
180.152.99.73 - - [20/Jan/2022:10:52:21 +0800] "GET /xingrg/kc/base/wldb_order_operate.html?command=get_materiel&rest_code=00150&base_code=0010446&code=00102002304 HTTP/1.1" 200 449
58.37.10.95 - - [20/Jan/2022:10:52:25 +0800] "GET /xingrg/all/function/internal_message.html?_=1642646941090&CODE_STATE=getMsg HTTP/1.1" 200 27
114.86.224.130 - - [20/Jan/2022:10:52:26 +0800] "GET /xingrg/kc/buy/cgsh_order_operate.html?command=get_materiel&rest_code=00109&code=00101008114&supplier_code=00100005&order_time=2022-01-20 HTTP/1.1" 200 413
61.151.207.205 - - [20/Jan/2022:10:52:27 +0800] "GET /xingrg/check_reg.html?_=1642645115218 HTTP/1.1" 302 -
114.86.224.130 - - [20/Jan/2022:10:52:27 +0800] "POST /xingrg/kc/buy/cgsh_order_operate.html HTTP/1.1" 200 2065
120.253.135.82 - - [20/Jan/2022:10:52:28 +0800] "POST /xingrg/kc/pszx/mdps_list_operate.html HTTP/1.1" 200 3924
61.151.207.205 - - [20/Jan/2022:10:52:29 +0800] "GET /xingrg/login.html HTTP/1.1" 200 7641
114.95.98.1 - - [20/Jan/2022:10:52:29 +0800] "GET /xingrg/kc/base/wldb_order_operate.html?command=get_materiel&rest_code=00102&base_code=0010476&code=00101019187 HTTP/1.1" 200 463
120.253.135.82 - - [20/Jan/2022:10:52:29 +0800] "POST /xingrg/kc/pszx/mdps_list_operate.html HTTP/1.1" 200 601
120.253.135.82 - - [20/Jan/2022:10:52:30 +0800] "GET /xingrg/kc/pszx/mdps_order_info.html?code=312022012000691 HTTP/1.1" 200 23931
58.39.168.32 - - [20/Jan/2022:10:52:30 +0800] "GET /xingrg/check_reg.html?_=1642647086510 HTTP/1.1" 200 22
58.39.168.32 - - [20/Jan/2022:10:52:30 +0800] "GET /xingrg/all/function/internal_message.html?_=1642647086512&CODE_STATE=getMsg HTTP/1.1" 200 27
120.253.135.82 - - [20/Jan/2022:10:52:30 +0800] "GET /xingrg/javascript/easyui/themes/default/validatebox.css HTTP/1.1" 404 1104
120.253.135.82 - - [20/Jan/2022:10:52:30 +0800] "POST /xingrg/kc/pszx/mdps_order_operate.html HTTP/1.1" 200 4737
