180.152.99.39 - - [20/Jan/2022:09:43:10 +0800] "GET /xingrg/javascript/jquery_easy_ui/easyui-lang-zh_CN.js HTTP/1.1" 304 -
180.152.99.39 - - [20/Jan/2022:09:43:10 +0800] "GET /xingrg/javascript/jquery.form.js HTTP/1.1" 304 -
180.152.99.39 - - [20/Jan/2022:09:43:10 +0800] "GET /xingrg/javascript/jquery.utils.js HTTP/1.1" 304 -
180.152.99.39 - - [20/Jan/2022:09:43:10 +0800] "GET /xingrg/javascript/jquery.timers.js HTTP/1.1" 304 -
180.152.99.39 - - [20/Jan/2022:09:43:10 +0800] "GET /xingrg/javascript/jquery_easy_ui/jquery.easyui.min.js HTTP/1.1" 304 -
180.152.99.39 - - [20/Jan/2022:09:43:11 +0800] "GET /favicon.ico HTTP/1.1" 404 -
180.152.99.39 - - [20/Jan/2022:09:43:11 +0800] "POST /xingrg/all/common/load_tree.html?tree=area_rest_tree_json&manage=1 HTTP/1.1" 200 476
180.152.99.39 - - [20/Jan/2022:09:43:11 +0800] "GET /xingrg/all/function/internal_message.html?_=1642642922214&CODE_STATE=count HTTP/1.1" 200 11
180.152.99.39 - - [20/Jan/2022:09:43:11 +0800] "GET /xingrg/check_reg.html?_=1642642922215 HTTP/1.1" 200 22
180.152.99.39 - - [20/Jan/2022:09:43:11 +0800] "POST /xingrg/load_menu.html HTTP/1.1" 200 5138
114.86.224.130 - - [20/Jan/2022:09:43:14 +0800] "GET /xingrg/all/function/internal_message.html?_=1642642992459&CODE_STATE=getMsg HTTP/1.1" 200 27
180.152.99.73 - - [20/Jan/2022:09:43:14 +0800] "GET /xingrg/all/function/internal_message.html?_=1642642994387&CODE_STATE=getMsg HTTP/1.1" 200 27
180.152.99.73 - - [20/Jan/2022:09:43:14 +0800] "GET /xingrg/check_reg.html?_=1642642994408 HTTP/1.1" 200 22
58.37.10.95 - - [20/Jan/2022:09:43:21 +0800] "GET /xingrg/kc/print/load_config.html?kc_code=cgsh HTTP/1.1" 200 1943
58.37.10.95 - - [20/Jan/2022:09:43:22 +0800] "GET /xingrg/kc/print/load_data.html?order_code=212022012009845&kc_code=cgsh&condition= HTTP/1.1" 200 1028
61.151.207.205 - - [20/Jan/2022:09:43:24 +0800] "GET /xingrg/all/function/internal_message.html?_=1642641643225&CODE_STATE=getMsg HTTP/1.1" 302 -
58.37.10.95 - - [20/Jan/2022:09:43:25 +0800] "GET /xingrg/all/function/internal_message.html?_=1642642800966&CODE_STATE=getMsg HTTP/1.1" 200 27
61.151.207.205 - - [20/Jan/2022:09:43:26 +0800] "GET /xingrg/login.html HTTP/1.1" 200 7641
58.39.168.32 - - [20/Jan/2022:09:43:30 +0800] "GET /xingrg/all/function/internal_message.html?_=1642642946458&CODE_STATE=getMsg HTTP/1.1" 200 27
180.157.251.97 - - [20/Jan/2022:09:43:32 +0800] "GET /xingrg/check_reg.html?_=1642643011407 HTTP/1.1" 302 -
58.39.168.32 - - [20/Jan/2022:09:43:37 +0800] "GET /xingrg/all/function/internal_message.html?_=1642643016726&CODE_STATE=getMsg HTTP/1.1" 200 27
58.37.10.95 - - [20/Jan/2022:09:43:40 +0800] "GET /xingrg/kc/buy/cgsh_order_add.html HTTP/1.1" 200 65404
58.37.10.95 - - [20/Jan/2022:09:43:40 +0800] "POST /xingrg/kc/buy/cgsh_order_operate.html HTTP/1.1" 200 8245
58.37.10.95 - - [20/Jan/2022:09:43:40 +0800] "GET /xingrg/javascript/easyui/themes/default/validatebox.css HTTP/1.1" 404 1104
180.152.99.39 - - [20/Jan/2022:09:43:41 +0800] "GET /xingrg/javascript/easyui/themes/icon.css HTTP/1.1" 304 -
180.152.99.39 - - [20/Jan/2022:09:43:41 +0800] "GET /xingrg/javascript/jquery_tools/datebox.css HTTP/1.1" 304 -
180.152.99.39 - - [20/Jan/2022:09:43:41 +0800] "GET /xingrg/css/site.css HTTP/1.1" 304 -
180.152.99.39 - - [20/Jan/2022:09:43:41 +0800] "GET /xingrg/css/base.css HTTP/1.1" 304 -
180.152.99.39 - - [20/Jan/2022:09:43:41 +0800] "GET /xingrg/javascript/easyui/themes/default/easyui.css HTTP/1.1" 304 -
180.152.99.39 - - [20/Jan/2022:09:43:41 +0800] "GET /xingrg/javascript/auto/jquery.autocomplete.css HTTP/1.1" 304 -
180.152.99.39 - - [20/Jan/2022:09:43:41 +0800] "GET /xingrg/javascript/jquery_tools/fix.css HTTP/1.1" 304 -
180.152.99.39 - - [20/Jan/2022:09:43:41 +0800] "GET /xingrg/javascript/jquery_tools/table.css HTTP/1.1" 304 -
180.152.99.39 - - [20/Jan/2022:09:43:41 +0800] "GET /xingrg/javascript/jquery_tools/jquery.tools.min.js HTTP/1.1" 304 -
180.152.99.39 - - [20/Jan/2022:09:43:41 +0800] "GET /xingrg/javascript/jquery_tools/jquery.tools.extend.js HTTP/1.1" 304 -
180.152.99.39 - - [20/Jan/2022:09:43:41 +0800] "GET /xingrg/javascript/jquery_tools/jquery.tools.table.js HTTP/1.1" 304 -
180.152.99.39 - - [20/Jan/2022:09:43:41 +0800] "GET /xingrg/javascript/jquery_tools/jquery.tools.hotkey.js HTTP/1.1" 304 -
180.152.99.39 - - [20/Jan/2022:09:43:41 +0800] "GET /xingrg/javascript/auto/jquery.autocomplete.js HTTP/1.1" 304 -
180.152.99.39 - - [20/Jan/2022:09:43:41 +0800] "GET /xingrg/javascript/jquery_tools/list_manager.js HTTP/1.1" 304 -
180.152.99.39 - - [20/Jan/2022:09:43:41 +0800] "GET /xingrg/javascript/easyui/easyloader.js HTTP/1.1" 304 -
180.152.99.39 - - [20/Jan/2022:09:43:41 +0800] "GET /xingrg/javascript/jquery.cookie.js HTTP/1.1" 304 -
180.152.99.39 - - [20/Jan/2022:09:43:41 +0800] "GET /xingrg/javascript/print/LodopFuncs.js HTTP/1.1" 304 -
180.152.99.39 - - [20/Jan/2022:09:43:41 +0800] "GET /xingrg/kc/buy/cgsh_order_list.html HTTP/1.1" 200 49594
180.152.99.39 - - [20/Jan/2022:09:43:41 +0800] "GET /xingrg/javascript/easyui/plugins/jquery.parser.js HTTP/1.1" 304 -
180.169.147.146 - - [20/Jan/2022:09:43:42 +0800] "GET /xingrg/all/function/internal_message.html?_=1642643019860&CODE_STATE=getMsg HTTP/1.1" 200 27
180.152.99.39 - - [20/Jan/2022:09:43:43 +0800] "GET /xingrg/all/function/internal_message.html?_=1642642954613&CODE_STATE=getMsg HTTP/1.1" 200 27
180.152.99.39 - - [20/Jan/2022:09:43:46 +0800] "POST /xingrg/kc/buy/cgsh_list_operate.html HTTP/1.1" 200 2052
124.78.156.14 - - [20/Jan/2022:09:43:47 +0800] "GET /xingrg/all/function/internal_message.html?_=1642643023256&CODE_STATE=getMsg HTTP/1.1" 200 27
58.39.168.32 - - [20/Jan/2022:09:43:47 +0800] "GET /xingrg/kc/buy/cgsh_order_list.html HTTP/1.1" 200 49588
180.152.99.39 - - [20/Jan/2022:09:43:50 +0800] "GET /xingrg/javascript/pic_change.js HTTP/1.1" 304 -
180.152.99.39 - - [20/Jan/2022:09:43:50 +0800] "GET /xingrg/javascript/jquery_tools/order_manager.js HTTP/1.1" 304 -
180.152.99.39 - - [20/Jan/2022:09:43:50 +0800] "GET /xingrg/javascript/convert.js HTTP/1.1" 304 -
180.152.99.39 - - [20/Jan/2022:09:43:50 +0800] "GET /xingrg/javascript/print/kc_print.js HTTP/1.1" 304 -
180.152.99.39 - - [20/Jan/2022:09:43:50 +0800] "GET /xingrg/javascript/json2.js HTTP/1.1" 304 -
180.152.99.39 - - [20/Jan/2022:09:43:50 +0800] "GET /xingrg/kc/buy/cgsh_order_add.html HTTP/1.1" 200 65293
180.152.99.39 - - [20/Jan/2022:09:43:50 +0800] "GET /xingrg/words/20220120091010_words.js HTTP/1.1" 304 -
180.152.99.39 - - [20/Jan/2022:09:43:50 +0800] "GET /xingrg/all/common/auto_word.html?type=employee&rest_code=00150 HTTP/1.1" 200 159
180.152.99.39 - - [20/Jan/2022:09:43:50 +0800] "POST /xingrg/kc/buy/cgsh_order_operate.html HTTP/1.1" 200 8245
180.152.99.39 - - [20/Jan/2022:09:43:50 +0800] "GET /xingrg/all/common/auto_word.html?type=employee&rest_code=00150 HTTP/1.1" 200 159
180.152.99.39 - - [20/Jan/2022:09:43:50 +0800] "GET /xingrg/javascript/easyui/themes/default/validatebox.css HTTP/1.1" 404 1104
180.152.99.39 - - [20/Jan/2022:09:43:50 +0800] "GET /xingrg/javascript/easyui/plugins/jquery.validatebox.js HTTP/1.1" 304 -
180.152.99.39 - - [20/Jan/2022:09:43:50 +0800] "GET /xingrg/javascript/easyui/plugins/jquery.numberbox.js HTTP/1.1" 304 -
222.70.178.207 - - [20/Jan/2022:09:43:53 +0800] "GET /xingrg/all/function/internal_message.html?_=1642643031709&CODE_STATE=getMsg HTTP/1.1" 200 27
222.70.178.207 - - [20/Jan/2022:09:43:53 +0800] "GET /xingrg/check_reg.html?_=1642643032258 HTTP/1.1" 200 22
180.152.99.39 - - [20/Jan/2022:09:43:55 +0800] "GET /xingrg/javascript/auto/indicator.gif HTTP/1.1" 404 1066
120.253.135.82 - - [20/Jan/2022:09:43:55 +0800] "GET /xingrg/all/function/internal_message.html?_=1642642822524&CODE_STATE=getMsg HTTP/1.1" 200 27
58.39.168.32 - - [20/Jan/2022:09:43:57 +0800] "POST /xingrg/kc/buy/cgsh_list_operate.html HTTP/1.1" 200 2752
222.70.217.149 - - [20/Jan/2022:09:43:58 +0800] "GET /xingrg/all/function/internal_message.html?_=1642643019134&CODE_STATE=getMsg HTTP/1.1" 200 27
58.39.168.32 - - [20/Jan/2022:09:44:04 +0800] "GET /xingrg/kc/buy/cgsh_order_add.html HTTP/1.1" 200 65445
58.39.168.32 - - [20/Jan/2022:09:44:05 +0800] "GET /xingrg/javascript/easyui/themes/default/validatebox.css HTTP/1.1" 404 1104
58.39.168.32 - - [20/Jan/2022:09:44:05 +0800] "POST /xingrg/kc/buy/cgsh_order_operate.html HTTP/1.1" 200 8245
114.95.98.1 - - [20/Jan/2022:09:44:05 +0800] "GET /xingrg/all/function/internal_message.html?_=1642643063307&CODE_STATE=getMsg HTTP/1.1" 200 27
180.152.99.39 - - [20/Jan/2022:09:44:05 +0800] "GET /xingrg/kc/buy/cgsh_order_operate.html?command=get_materiel&rest_code=00150&code=00101015062&supplier_code=00100054&order_time=2022-01-20 HTTP/1.1" 200 412
180.169.147.146 - - [20/Jan/2022:09:44:07 +0800] "GET /xingrg/all/function/internal_message.html?_=1642643047329&CODE_STATE=getMsg HTTP/1.1" 200 27
180.169.147.146 - - [20/Jan/2022:09:44:07 +0800] "GET /xingrg/check_reg.html?_=1642643047330 HTTP/1.1" 200 22
222.70.243.96 - - [20/Jan/2022:09:44:09 +0800] "GET /xingrg/all/function/internal_message.html?_=1642643051305&CODE_STATE=getMsg HTTP/1.1" 200 27
180.152.99.39 - - [20/Jan/2022:09:44:11 +0800] "GET /xingrg/all/function/internal_message.html?_=1642642982219&CODE_STATE=getMsg HTTP/1.1" 200 27
58.37.10.95 - - [20/Jan/2022:09:44:13 +0800] "GET /xingrg/kc/buy/cgsh_order_operate.html?command=get_materiel&rest_code=00141&code=00101007061&supplier_code=00100004&order_time=2022-01-20 HTTP/1.1" 200 409
114.86.224.130 - - [20/Jan/2022:09:44:14 +0800] "GET /xingrg/all/function/internal_message.html?_=1642643052462&CODE_STATE=getMsg HTTP/1.1" 200 27
114.86.224.130 - - [20/Jan/2022:09:44:14 +0800] "GET /xingrg/check_reg.html?_=1642643052463 HTTP/1.1" 200 22
180.152.99.73 - - [20/Jan/2022:09:44:14 +0800] "GET /xingrg/all/function/internal_message.html?_=1642643054362&CODE_STATE=getMsg HTTP/1.1" 200 27
58.37.10.95 - - [20/Jan/2022:09:44:24 +0800] "GET /xingrg/kc/buy/cgsh_order_operate.html?command=get_materiel&rest_code=00141&code=00101007049&supplier_code=00100004&order_time=2022-01-20 HTTP/1.1" 200 409
58.37.10.95 - - [20/Jan/2022:09:44:25 +0800] "GET /xingrg/all/function/internal_message.html?_=1642642860957&CODE_STATE=getMsg HTTP/1.1" 200 27
58.39.168.32 - - [20/Jan/2022:09:44:30 +0800] "GET /xingrg/all/function/internal_message.html?_=1642643006458&CODE_STATE=getMsg HTTP/1.1" 200 27
58.39.168.32 - - [20/Jan/2022:09:44:37 +0800] "GET /xingrg/all/function/internal_message.html?_=1642643076729&CODE_STATE=getMsg HTTP/1.1" 200 27
180.152.99.39 - - [20/Jan/2022:09:44:39 +0800] "GET /xingrg/kc/buy/cgsh_order_operate.html?command=get_materiel&rest_code=00150&code=00101015026&supplier_code=00100054&order_time=2022-01-20 HTTP/1.1" 200 412
61.151.178.163 - - [20/Jan/2022:09:44:41 +0800] "GET /xingrg/all/function/internal_message.html?_=1642642363253&CODE_STATE=getMsg HTTP/1.1" 302 -
61.151.178.163 - - [20/Jan/2022:09:44:41 +0800] "GET /xingrg/login.html HTTP/1.1" 200 7641
180.169.147.146 - - [20/Jan/2022:09:44:42 +0800] "GET /xingrg/all/function/internal_message.html?_=1642643079876&CODE_STATE=getMsg HTTP/1.1" 200 27
180.169.147.146 - - [20/Jan/2022:09:44:42 +0800] "GET /xingrg/check_reg.html?_=1642643079880 HTTP/1.1" 200 22
180.152.99.39 - - [20/Jan/2022:09:44:43 +0800] "GET /xingrg/all/function/internal_message.html?_=1642643014620&CODE_STATE=getMsg HTTP/1.1" 200 27
124.78.156.14 - - [20/Jan/2022:09:44:47 +0800] "GET /xingrg/all/function/internal_message.html?_=1642643083254&CODE_STATE=getMsg HTTP/1.1" 200 27
180.152.99.39 - - [20/Jan/2022:09:44:51 +0800] "GET /xingrg/kc/buy/cgsh_order_operate.html?command=get_materiel&rest_code=00150&code=00101015021&supplier_code=00100054&order_time=2022-01-20 HTTP/1.1" 200 408
222.70.178.207 - - [20/Jan/2022:09:44:53 +0800] "GET /xingrg/all/function/internal_message.html?_=1642643091681&CODE_STATE=getMsg HTTP/1.1" 200 27
120.253.135.82 - - [20/Jan/2022:09:44:56 +0800] "GET /xingrg/all/function/internal_message.html?_=1642642882811&CODE_STATE=getMsg HTTP/1.1" 200 27
222.70.217.149 - - [20/Jan/2022:09:44:58 +0800] "GET /xingrg/check_reg.html?_=1642643079130 HTTP/1.1" 200 22
222.70.217.149 - - [20/Jan/2022:09:44:58 +0800] "GET /xingrg/all/function/internal_message.html?_=1642643079132&CODE_STATE=getMsg HTTP/1.1" 200 27
58.39.168.32 - - [20/Jan/2022:09:44:59 +0800] "GET /xingrg/kc/buy/cgsh_order_operate.html?command=get_materiel&rest_code=00105&code=00101002027&supplier_code=00100397&order_time=2022-01-20 HTTP/1.1" 200 434
114.95.98.1 - - [20/Jan/2022:09:45:05 +0800] "GET /xingrg/all/function/internal_message.html?_=1642643123606&CODE_STATE=getMsg HTTP/1.1" 200 27
180.169.147.146 - - [20/Jan/2022:09:45:07 +0800] "GET /xingrg/all/function/internal_message.html?_=1642643107332&CODE_STATE=getMsg HTTP/1.1" 200 27
222.70.243.96 - - [20/Jan/2022:09:45:09 +0800] "GET /xingrg/all/function/internal_message.html?_=1642643111402&CODE_STATE=getMsg HTTP/1.1" 200 27
180.152.99.39 - - [20/Jan/2022:09:45:11 +0800] "GET /xingrg/all/function/internal_message.html?_=1642643042232&CODE_STATE=getMsg HTTP/1.1" 200 27
180.152.99.39 - - [20/Jan/2022:09:45:12 +0800] "POST /xingrg/kc/buy/cgsh_order_operate.html HTTP/1.1" 200 37
114.86.224.130 - - [20/Jan/2022:09:45:14 +0800] "GET /xingrg/all/function/internal_message.html?_=1642643112465&CODE_STATE=getMsg HTTP/1.1" 200 27
180.152.99.73 - - [20/Jan/2022:09:45:14 +0800] "GET /xingrg/all/function/internal_message.html?_=1642643114350&CODE_STATE=getMsg HTTP/1.1" 200 27
180.152.99.39 - - [20/Jan/2022:09:45:18 +0800] "POST /xingrg/kc/buy/cgsh_order_operate.html HTTP/1.1" 200 12
180.152.99.39 - - [20/Jan/2022:09:45:20 +0800] "GET /xingrg/kc/buy/cgsh_order_info.html?code=212022012009846 HTTP/1.1" 200 60204
180.152.99.39 - - [20/Jan/2022:09:45:20 +0800] "GET /xingrg/javascript/easyui/themes/default/validatebox.css HTTP/1.1" 404 1104
58.37.10.95 - - [20/Jan/2022:09:45:21 +0800] "GET /xingrg/kc/buy/cgsh_order_operate.html?command=get_materiel&rest_code=00141&code=00101007038&supplier_code=00100004&order_time=2022-01-20 HTTP/1.1" 200 443
180.152.99.39 - - [20/Jan/2022:09:45:21 +0800] "POST /xingrg/kc/buy/cgsh_order_operate.html HTTP/1.1" 200 1784
180.152.99.39 - - [20/Jan/2022:09:45:23 +0800] "GET /xingrg/kc/print/load_config.html?kc_code=cgsh HTTP/1.1" 200 1943
180.152.99.39 - - [20/Jan/2022:09:45:23 +0800] "GET /xingrg/kc/print/load_data.html?order_code=212022012009846&kc_code=cgsh&condition= HTTP/1.1" 200 1168
58.37.10.95 - - [20/Jan/2022:09:45:25 +0800] "GET /xingrg/check_reg.html?_=1642642920967 HTTP/1.1" 200 22
58.37.10.95 - - [20/Jan/2022:09:45:25 +0800] "GET /xingrg/all/function/internal_message.html?_=1642642920968&CODE_STATE=getMsg HTTP/1.1" 200 27
58.39.168.32 - - [20/Jan/2022:09:45:30 +0800] "GET /xingrg/all/function/internal_message.html?_=1642643066457&CODE_STATE=getMsg HTTP/1.1" 200 27
58.39.168.32 - - [20/Jan/2022:09:45:37 +0800] "GET /xingrg/all/function/internal_message.html?_=1642643136729&CODE_STATE=getMsg HTTP/1.1" 200 27
180.152.99.39 - - [20/Jan/2022:09:45:41 +0800] "GET /xingrg/kc/buy/cgsh_order_add.html HTTP/1.1" 200 65293
180.152.99.39 - - [20/Jan/2022:09:45:41 +0800] "POST /xingrg/kc/buy/cgsh_order_operate.html HTTP/1.1" 200 8245
180.152.99.39 - - [20/Jan/2022:09:45:41 +0800] "GET /xingrg/javascript/easyui/themes/default/validatebox.css HTTP/1.1" 404 1104
180.169.147.146 - - [20/Jan/2022:09:45:42 +0800] "GET /xingrg/all/function/internal_message.html?_=1642643139885&CODE_STATE=getMsg HTTP/1.1" 200 27
180.152.99.39 - - [20/Jan/2022:09:45:42 +0800] "GET /xingrg/check_reg.html?_=1642643073943 HTTP/1.1" 200 22
180.152.99.39 - - [20/Jan/2022:09:45:43 +0800] "GET /xingrg/all/function/internal_message.html?_=1642643074634&CODE_STATE=getMsg HTTP/1.1" 200 27
58.37.10.95 - - [20/Jan/2022:09:45:44 +0800] "GET /xingrg/kc/buy/cgsh_order_operate.html?command=get_materiel&rest_code=00141&code=00101007016&supplier_code=00100004&order_time=2022-01-20 HTTP/1.1" 200 409
124.78.156.14 - - [20/Jan/2022:09:45:47 +0800] "GET /xingrg/all/function/internal_message.html?_=1642643143254&CODE_STATE=getMsg HTTP/1.1" 200 27
180.152.99.39 - - [20/Jan/2022:09:45:53 +0800] "GET /xingrg/kc/buy/cgsh_order_operate.html?command=get_materiel&rest_code=00150&code=00101031012&supplier_code=00100054&order_time=2022-01-20 HTTP/1.1" 200 417
222.70.178.207 - - [20/Jan/2022:09:45:53 +0800] "GET /xingrg/all/function/internal_message.html?_=1642643151666&CODE_STATE=getMsg HTTP/1.1" 200 27
120.253.135.82 - - [20/Jan/2022:09:45:56 +0800] "GET /xingrg/all/function/internal_message.html?_=1642642942816&CODE_STATE=getMsg HTTP/1.1" 200 27
222.70.243.96 - - [20/Jan/2022:09:45:56 +0800] "GET /xingrg/check_reg.html?_=1642643159197 HTTP/1.1" 200 22
222.70.217.149 - - [20/Jan/2022:09:45:58 +0800] "GET /xingrg/all/function/internal_message.html?_=1642643139130&CODE_STATE=getMsg HTTP/1.1" 200 27
114.95.98.1 - - [20/Jan/2022:09:46:05 +0800] "GET /xingrg/all/function/internal_message.html?_=1642643183613&CODE_STATE=getMsg HTTP/1.1" 200 27
180.169.147.146 - - [20/Jan/2022:09:46:07 +0800] "GET /xingrg/all/function/internal_message.html?_=1642643167318&CODE_STATE=getMsg HTTP/1.1" 200 27
180.152.99.39 - - [20/Jan/2022:09:46:07 +0800] "POST /xingrg/kc/buy/cgsh_order_operate.html HTTP/1.1" 200 37
222.70.243.96 - - [20/Jan/2022:09:46:09 +0800] "GET /xingrg/all/function/internal_message.html?_=1642643171410&CODE_STATE=getMsg HTTP/1.1" 200 27
180.152.99.39 - - [20/Jan/2022:09:46:11 +0800] "GET /xingrg/all/function/internal_message.html?_=1642643102246&CODE_STATE=getMsg HTTP/1.1" 200 27
114.86.224.130 - - [20/Jan/2022:09:46:14 +0800] "GET /xingrg/all/function/internal_message.html?_=1642643172467&CODE_STATE=getMsg HTTP/1.1" 200 27
58.37.10.95 - - [20/Jan/2022:09:46:14 +0800] "GET /xingrg/kc/buy/cgsh_order_operate.html?command=get_materiel&rest_code=00141&code=00101007085&supplier_code=00100004&order_time=2022-01-20 HTTP/1.1" 200 413
180.152.99.73 - - [20/Jan/2022:09:46:14 +0800] "GET /xingrg/all/function/internal_message.html?_=1642643174339&CODE_STATE=getMsg HTTP/1.1" 200 27
180.152.99.39 - - [20/Jan/2022:09:46:15 +0800] "POST /xingrg/kc/buy/cgsh_order_operate.html HTTP/1.1" 200 12
58.37.10.95 - - [20/Jan/2022:09:46:25 +0800] "GET /xingrg/all/function/internal_message.html?_=1642642980957&CODE_STATE=getMsg HTTP/1.1" 200 27
58.39.168.32 - - [20/Jan/2022:09:46:30 +0800] "GET /xingrg/all/function/internal_message.html?_=1642643126459&CODE_STATE=getMsg HTTP/1.1" 200 27
58.37.10.95 - - [20/Jan/2022:09:46:34 +0800] "POST /xingrg/kc/buy/cgsh_order_operate.html HTTP/1.1" 200 37
58.39.168.32 - - [20/Jan/2022:09:46:37 +0800] "GET /xingrg/all/function/internal_message.html?_=1642643196732&CODE_STATE=getMsg HTTP/1.1" 200 27
58.37.10.95 - - [20/Jan/2022:09:46:38 +0800] "POST /xingrg/kc/buy/cgsh_order_operate.html HTTP/1.1" 200 12
180.169.147.146 - - [20/Jan/2022:09:46:42 +0800] "GET /xingrg/all/function/internal_message.html?_=1642643199886&CODE_STATE=getMsg HTTP/1.1" 200 27
180.152.99.39 - - [20/Jan/2022:09:46:43 +0800] "GET /xingrg/all/function/internal_message.html?_=1642643134648&CODE_STATE=getMsg HTTP/1.1" 200 27
124.78.156.14 - - [20/Jan/2022:09:46:47 +0800] "GET /xingrg/check_reg.html?_=1642643203255 HTTP/1.1" 200 22
124.78.156.14 - - [20/Jan/2022:09:46:47 +0800] "GET /xingrg/all/function/internal_message.html?_=1642643203258&CODE_STATE=getMsg HTTP/1.1" 200 27
222.70.178.207 - - [20/Jan/2022:09:46:53 +0800] "GET /xingrg/all/function/internal_message.html?_=1642643211651&CODE_STATE=getMsg HTTP/1.1" 200 27
120.253.135.82 - - [20/Jan/2022:09:46:56 +0800] "GET /xingrg/all/function/internal_message.html?_=1642643003103&CODE_STATE=getMsg HTTP/1.1" 200 27
222.70.217.149 - - [20/Jan/2022:09:46:58 +0800] "GET /xingrg/all/function/internal_message.html?_=1642643199128&CODE_STATE=getMsg HTTP/1.1" 200 27
58.37.10.95 - - [20/Jan/2022:09:46:59 +0800] "GET /xingrg/kc/buy/cgsh_order_info.html?code=212022012009848 HTTP/1.1" 200 60313
58.37.10.95 - - [20/Jan/2022:09:46:59 +0800] "GET /xingrg/javascript/easyui/themes/default/validatebox.css HTTP/1.1" 404 1104
58.37.10.95 - - [20/Jan/2022:09:47:00 +0800] "POST /xingrg/kc/buy/cgsh_order_operate.html HTTP/1.1" 200 2971
114.86.224.130 - - [20/Jan/2022:09:47:00 +0800] "GET /xingrg/kc/base/base_main.html HTTP/1.1" 200 12142
114.86.224.130 - - [20/Jan/2022:09:47:00 +0800] "GET /xingrg/images/blue/button/ckpd.gif HTTP/1.1" 200 2051
114.86.224.130 - - [20/Jan/2022:09:47:00 +0800] "GET /xingrg/images/blue/button/wlsy.gif HTTP/1.1" 200 2536
114.86.224.130 - - [20/Jan/2022:09:47:00 +0800] "GET /xingrg/images/blue/button/ckdb.gif HTTP/1.1" 200 1950
114.86.224.130 - - [20/Jan/2022:09:47:00 +0800] "GET /xingrg/images/blue/button/yddb.gif HTTP/1.1" 200 2040
114.86.224.130 - - [20/Jan/2022:09:47:00 +0800] "GET /xingrg/images/blue/button/top_left.jpg HTTP/1.1" 200 1632
114.86.224.130 - - [20/Jan/2022:09:47:00 +0800] "GET /xingrg/images/blue/button/down.jpg HTTP/1.1" 200 1560
114.86.224.130 - - [20/Jan/2022:09:47:00 +0800] "GET /xingrg/images/blue/button/bottom_left.jpg HTTP/1.1" 200 1524
114.86.224.130 - - [20/Jan/2022:09:47:00 +0800] "GET /xingrg/images/blue/button/bottom_right.jpg HTTP/1.1" 200 1436
114.86.224.130 - - [20/Jan/2022:09:47:00 +0800] "GET /xingrg/images/blue/button/left_ah.jpg HTTP/1.1" 200 1643
114.86.224.130 - - [20/Jan/2022:09:47:00 +0800] "GET /xingrg/images/blue/button/top_right.jpg HTTP/1.1" 200 1708
114.95.98.1 - - [20/Jan/2022:09:47:04 +0800] "GET /xingrg/check_reg.html?_=1642643242772 HTTP/1.1" 200 22
114.95.98.1 - - [20/Jan/2022:09:47:06 +0800] "GET /xingrg/all/function/internal_message.html?_=1642643243907&CODE_STATE=getMsg HTTP/1.1" 200 27
58.37.10.95 - - [20/Jan/2022:09:47:06 +0800] "GET /xingrg/kc/print/load_data.html?order_code=212022012009848&kc_code=cgsh&condition= HTTP/1.1" 200 1664
180.169.147.146 - - [20/Jan/2022:09:47:07 +0800] "GET /xingrg/all/function/internal_message.html?_=1642643227320&CODE_STATE=getMsg HTTP/1.1" 200 27
222.70.243.96 - - [20/Jan/2022:09:47:09 +0800] "GET /xingrg/all/function/internal_message.html?_=1642643231423&CODE_STATE=getMsg HTTP/1.1" 200 27
222.70.243.96 - - [20/Jan/2022:09:47:12 +0800] "GET /favicon.ico HTTP/1.1" 404 -
114.86.224.130 - - [20/Jan/2022:09:47:13 +0800] "GET /xingrg/index.html?sysBaseUrl=http%3A%2F%2F180.169.147.146%3A18081%2Fxingrg%2F&costTime=60×tamp=1642642454146 HTTP/1.1" 200 17173
114.86.224.130 - - [20/Jan/2022:09:47:13 +0800] "GET /xingrg/javascript/jquery-1.4.2.min.js HTTP/1.1" 200 72205
114.86.224.130 - - [20/Jan/2022:09:47:13 +0800] "GET /xingrg/javascript/jquery_easy_ui/themes/icon.css HTTP/1.1" 200 3949
114.86.224.130 - - [20/Jan/2022:09:47:13 +0800] "GET /xingrg/javascript/jquery_easy_ui/jquery.easyui.min.js HTTP/1.1" 200 213662
114.86.224.130 - - [20/Jan/2022:09:47:13 +0800] "GET /xingrg/css/form.css HTTP/1.1" 200 893
114.86.224.130 - - [20/Jan/2022:09:47:13 +0800] "GET /xingrg/images/blue/jxLogo.png HTTP/1.1" 200 6156
114.86.224.130 - - [20/Jan/2022:09:47:13 +0800] "GET /xingrg/javascript/jquery_easy_ui/easyui-lang-zh_CN.js HTTP/1.1" 200 1900
114.86.224.130 - - [20/Jan/2022:09:47:13 +0800] "GET /xingrg/javascript/jquery.timers.js HTTP/1.1" 200 3532
114.86.224.130 - - [20/Jan/2022:09:47:13 +0800] "GET /xingrg/javascript/jquery.utils.js HTTP/1.1" 200 11805
114.86.224.130 - - [20/Jan/2022:09:47:13 +0800] "GET /xingrg/javascript/jquery.form.js HTTP/1.1" 200 23110
114.86.224.130 - - [20/Jan/2022:09:47:13 +0800] "GET /xingrg/javascript/jquery_easy_ui/themes/default/easyui.css HTTP/1.1" 200 26500
222.70.217.149 - - [20/Jan/2022:09:47:13 +0800] "POST /xingrg/services/DataTransmitService HTTP/1.1" 200 524
114.86.224.130 - - [20/Jan/2022:09:47:14 +0800] "POST /xingrg/all/common/load_tree.html?tree=area_rest_tree_json&manage=1 HTTP/1.1" 200 342
114.86.224.130 - - [20/Jan/2022:09:47:14 +0800] "GET /xingrg/images/blue/pingpu.png HTTP/1.1" 200 231
114.86.224.130 - - [20/Jan/2022:09:47:14 +0800] "GET /xingrg/javascript/jquery_easy_ui/themes/icons/settle_new.png HTTP/1.1" 200 826
114.86.224.130 - - [20/Jan/2022:09:47:14 +0800] "GET /xingrg/javascript/jquery_easy_ui/themes/default/images/tabs_leftarrow.png HTTP/1.1" 200 389
114.86.224.130 - - [20/Jan/2022:09:47:14 +0800] "GET /xingrg/javascript/jquery_easy_ui/themes/default/images/tabs_rightarrow.png HTTP/1.1" 200 395
114.86.224.130 - - [20/Jan/2022:09:47:14 +0800] "GET /xingrg/check_reg.html?_=1642643232696 HTTP/1.1" 200 22
114.86.224.130 - - [20/Jan/2022:09:47:14 +0800] "GET /xingrg/all/function/internal_message.html?_=1642643232696&CODE_STATE=count HTTP/1.1" 200 11
114.86.224.130 - - [20/Jan/2022:09:47:14 +0800] "GET /xingrg/javascript/jquery_easy_ui/themes/default/images/panel_tool_collapse.gif HTTP/1.1" 200 246
114.86.224.130 - - [20/Jan/2022:09:47:14 +0800] "GET /xingrg/images/blue/navBackgound.jpg HTTP/1.1" 200 12378
114.86.224.130 - - [20/Jan/2022:09:47:14 +0800] "POST /xingrg/load_menu.html HTTP/1.1" 200 5138
114.86.224.130 - - [20/Jan/2022:09:47:14 +0800] "GET /xingrg/javascript/jquery_easy_ui/themes/default/images/tree_folder_open.gif HTTP/1.1" 200 956
114.86.224.130 - - [20/Jan/2022:09:47:14 +0800] "GET /xingrg/javascript/jquery_easy_ui/themes/default/images/tree_arrows.gif HTTP/1.1" 200 1043
114.86.224.130 - - [20/Jan/2022:09:47:14 +0800] "GET /xingrg/javascript/jquery_easy_ui/themes/icons/area.png HTTP/1.1" 200 262
114.86.224.130 - - [20/Jan/2022:09:47:14 +0800] "GET /xingrg/javascript/jquery_easy_ui/themes/icons/rest.png HTTP/1.1" 200 695
114.86.224.130 - - [20/Jan/2022:09:47:14 +0800] "GET /xingrg/javascript/jquery_easy_ui/themes/default/images/tree_folder.gif HTTP/1.1" 200 952
114.86.224.130 - - [20/Jan/2022:09:47:14 +0800] "GET /xingrg/javascript/jquery_easy_ui/themes/icons/search_new.png HTTP/1.1" 200 586
114.86.224.130 - - [20/Jan/2022:09:47:14 +0800] "GET /xingrg/javascript/jquery_easy_ui/themes/icons/storage_new.png HTTP/1.1" 200 853
114.86.224.130 - - [20/Jan/2022:09:47:14 +0800] "GET /xingrg/javascript/jquery_easy_ui/themes/icons/forms_new.png HTTP/1.1" 200 350
114.86.224.130 - - [20/Jan/2022:09:47:14 +0800] "GET /xingrg/javascript/jquery_easy_ui/themes/default/images/tree_file.gif HTTP/1.1" 200 118
180.152.99.73 - - [20/Jan/2022:09:47:14 +0800] "GET /xingrg/all/function/internal_message.html?_=1642643234310&CODE_STATE=getMsg HTTP/1.1" 200 27
180.152.99.39 - - [20/Jan/2022:09:47:20 +0800] "GET /xingrg/kc/buy/cgsh_order_info.html?code=212022012009847 HTTP/1.1" 200 60204
180.152.99.39 - - [20/Jan/2022:09:47:20 +0800] "GET /xingrg/javascript/easyui/themes/default/validatebox.css HTTP/1.1" 404 1104
180.152.99.39 - - [20/Jan/2022:09:47:21 +0800] "GET /xingrg/all/function/internal_message.html?_=1642643172290&CODE_STATE=getMsg HTTP/1.1" 200 27
180.152.99.39 - - [20/Jan/2022:09:47:21 +0800] "POST /xingrg/kc/buy/cgsh_order_operate.html HTTP/1.1" 200 613
180.152.99.39 - - [20/Jan/2022:09:47:24 +0800] "GET /xingrg/kc/print/load_data.html?order_code=212022012009847&kc_code=cgsh&condition= HTTP/1.1" 200 728
58.37.10.95 - - [20/Jan/2022:09:47:24 +0800] "GET /xingrg/kc/buy/cgsh_order_add.html HTTP/1.1" 200 65404
58.37.10.95 - - [20/Jan/2022:09:47:24 +0800] "POST /xingrg/kc/buy/cgsh_order_operate.html HTTP/1.1" 200 8245
58.37.10.95 - - [20/Jan/2022:09:47:24 +0800] "GET /xingrg/javascript/easyui/themes/default/validatebox.css HTTP/1.1" 404 1104
58.37.10.95 - - [20/Jan/2022:09:47:25 +0800] "GET /xingrg/all/function/internal_message.html?_=1642643040958&CODE_STATE=getMsg HTTP/1.1" 200 27
58.39.168.32 - - [20/Jan/2022:09:47:30 +0800] "GET /xingrg/all/function/internal_message.html?_=1642643186458&CODE_STATE=getMsg HTTP/1.1" 200 27
58.39.168.32 - - [20/Jan/2022:09:47:30 +0800] "GET /xingrg/check_reg.html?_=1642643186459 HTTP/1.1" 200 22
114.86.224.130 - - [20/Jan/2022:09:47:34 +0800] "GET /xingrg/index.html?sysBaseUrl=http%3A%2F%2F180.169.147.146%3A18081%2Fxingrg%2F&costTime=60×tamp=1642642454146 HTTP/1.1" 200 17173
114.86.224.130 - - [20/Jan/2022:09:47:34 +0800] "POST /xingrg/all/common/load_tree.html?tree=area_rest_tree_json&manage=1 HTTP/1.1" 200 342
114.86.224.130 - - [20/Jan/2022:09:47:34 +0800] "GET /xingrg/check_reg.html?_=1642643252855 HTTP/1.1" 200 22
114.86.224.130 - - [20/Jan/2022:09:47:34 +0800] "GET /xingrg/all/function/internal_message.html?_=1642643252854&CODE_STATE=count HTTP/1.1" 200 11
114.86.224.130 - - [20/Jan/2022:09:47:34 +0800] "POST /xingrg/load_menu.html HTTP/1.1" 200 5138
120.253.135.82 - - [20/Jan/2022:09:47:36 +0800] "GET /xingrg/check_reg.html?_=1642643042563 HTTP/1.1" 200 22
114.86.224.130 - - [20/Jan/2022:09:47:36 +0800] "GET /xingrg/kc/base/base_main.html HTTP/1.1" 200 12142
114.86.224.130 - - [20/Jan/2022:09:47:36 +0800] "GET /xingrg/javascript/jquery_easy_ui/themes/default/images/tabs_close.gif HTTP/1.1" 200 829
114.86.224.130 - - [20/Jan/2022:09:47:36 +0800] "GET /xingrg/javascript/pic_change.js HTTP/1.1" 200 4739
114.86.224.130 - - [20/Jan/2022:09:47:36 +0800] "GET /xingrg/css/blue.css HTTP/1.1" 200 15949
114.86.224.130 - - [20/Jan/2022:09:47:36 +0800] "GET /xingrg/images/blue/button/wlsy.gif HTTP/1.1" 200 2536
114.86.224.130 - - [20/Jan/2022:09:47:36 +0800] "GET /xingrg/images/blue/button/ckpd.gif HTTP/1.1" 200 2051
114.86.224.130 - - [20/Jan/2022:09:47:36 +0800] "GET /xingrg/images/blue/button/kc.gif HTTP/1.1" 200 2160
114.86.224.130 - - [20/Jan/2022:09:47:36 +0800] "GET /xingrg/images/blue/button/ckdb.gif HTTP/1.1" 200 1950
114.86.224.130 - - [20/Jan/2022:09:47:36 +0800] "GET /xingrg/images/blue/button/yddb.gif HTTP/1.1" 200 2040
114.86.224.130 - - [20/Jan/2022:09:47:36 +0800] "GET /xingrg/images/blue/pic_form2.gif HTTP/1.1" 200 1853
114.86.224.130 - - [20/Jan/2022:09:47:36 +0800] "GET /xingrg/javascript/myfunction.js HTTP/1.1" 200 24559
114.86.224.130 - - [20/Jan/2022:09:47:36 +0800] "GET /xingrg/images/blue/bg_dotted.jpg HTTP/1.1" 200 319
114.86.224.130 - - [20/Jan/2022:09:47:36 +0800] "GET /xingrg/images/blue/button/top_left.jpg HTTP/1.1" 200 1632
114.86.224.130 - - [20/Jan/2022:09:47:36 +0800] "GET /xingrg/images/blue/button/top_right.jpg HTTP/1.1" 200 1708
114.86.224.130 - - [20/Jan/2022:09:47:36 +0800] "GET /xingrg/images/blue/button/down.jpg HTTP/1.1" 200 1560
114.86.224.130 - - [20/Jan/2022:09:47:36 +0800] "GET /xingrg/images/blue/button/right_ah.jpg HTTP/1.1" 200 1744
114.86.224.130 - - [20/Jan/2022:09:47:36 +0800] "GET /xingrg/images/blue/button/left_ah.jpg HTTP/1.1" 200 1643
114.86.224.130 - - [20/Jan/2022:09:47:36 +0800] "GET /xingrg/images/blue/button/bottom_left.jpg HTTP/1.1" 200 1524
114.86.224.130 - - [20/Jan/2022:09:47:36 +0800] "GET /xingrg/images/blue/button/bottom_right.jpg HTTP/1.1" 200 1436
114.86.224.130 - - [20/Jan/2022:09:47:37 +0800] "GET /xingrg/css/base.css HTTP/1.1" 200 2811
114.86.224.130 - - [20/Jan/2022:09:47:37 +0800] "GET /xingrg/css/site.css HTTP/1.1" 200 7541
114.86.224.130 - - [20/Jan/2022:09:47:37 +0800] "GET /xingrg/javascript/jquery_tools/datebox.css HTTP/1.1" 200 2597
114.86.224.130 - - [20/Jan/2022:09:47:37 +0800] "GET /xingrg/javascript/easyui/themes/icon.css HTTP/1.1" 200 4483
114.86.224.130 - - [20/Jan/2022:09:47:37 +0800] "GET /xingrg/javascript/jquery_tools/fix.css HTTP/1.1" 200 1702
114.86.224.130 - - [20/Jan/2022:09:47:37 +0800] "GET /xingrg/javascript/auto/jquery.autocomplete.css HTTP/1.1" 200 587
114.86.224.130 - - [20/Jan/2022:09:47:37 +0800] "GET /xingrg/kc/base/yddb_order_list.html HTTP/1.1" 200 16665
114.86.224.130 - - [20/Jan/2022:09:47:37 +0800] "GET /xingrg/javascript/jquery_tools/jquery.tools.hotkey.js HTTP/1.1" 200 3242
114.86.224.130 - - [20/Jan/2022:09:47:37 +0800] "GET /xingrg/javascript/jquery_tools/jquery.tools.table.js HTTP/1.1" 200 6994
114.86.224.130 - - [20/Jan/2022:09:47:37 +0800] "GET /xingrg/javascript/jquery_tools/list_manager.js HTTP/1.1" 200 3652
114.86.224.130 - - [20/Jan/2022:09:47:37 +0800] "GET /xingrg/javascript/jquery_tools/table.css HTTP/1.1" 200 1032
114.86.224.130 - - [20/Jan/2022:09:47:37 +0800] "GET /xingrg/javascript/jquery_tools/jquery.tools.min.js HTTP/1.1" 200 138801
114.86.224.130 - - [20/Jan/2022:09:47:37 +0800] "GET /xingrg/javascript/easyui/easyloader.js HTTP/1.1" 200 5975
114.86.224.130 - - [20/Jan/2022:09:47:37 +0800] "GET /xingrg/javascript/jquery.cookie.js HTTP/1.1" 200 5513
114.86.224.130 - - [20/Jan/2022:09:47:37 +0800] "GET /xingrg/javascript/print/LodopFuncs.js HTTP/1.1" 200 5121
114.86.224.130 - - [20/Jan/2022:09:47:37 +0800] "GET /xingrg/javascript/jquery_tools/jquery.tools.extend.js HTTP/1.1" 200 15385
114.86.224.130 - - [20/Jan/2022:09:47:37 +0800] "GET /xingrg/javascript/easyui/themes/default/easyui.css HTTP/1.1" 200 30432
114.86.224.130 - - [20/Jan/2022:09:47:37 +0800] "GET /xingrg/javascript/auto/jquery.autocomplete.js HTTP/1.1" 200 21624
58.39.168.32 - - [20/Jan/2022:09:47:37 +0800] "GET /xingrg/all/function/internal_message.html?_=1642643256718&CODE_STATE=getMsg HTTP/1.1" 200 27
58.39.168.32 - - [20/Jan/2022:09:47:37 +0800] "GET /xingrg/check_reg.html?_=1642643256721 HTTP/1.1" 200 22
114.86.224.130 - - [20/Jan/2022:09:47:37 +0800] "GET /xingrg/javascript/easyui/themes/icons/edit_add_new.png HTTP/1.1" 200 2997
114.86.224.130 - - [20/Jan/2022:09:47:37 +0800] "GET /xingrg/javascript/easyui/themes/icons/field_new.png HTTP/1.1" 200 1097
114.86.224.130 - - [20/Jan/2022:09:47:37 +0800] "GET /xingrg/javascript/easyui/themes/icons/import_new.png HTTP/1.1" 200 1247
114.86.224.130 - - [20/Jan/2022:09:47:37 +0800] "GET /xingrg/javascript/easyui/plugins/jquery.parser.js HTTP/1.1" 200 1142
114.86.224.130 - - [20/Jan/2022:09:47:37 +0800] "GET /xingrg/images/control/ajaxLoader.gif HTTP/1.1" 200 4659
114.86.224.130 - - [20/Jan/2022:09:47:37 +0800] "POST /xingrg/kc/base/yddb_list_operate.html HTTP/1.1" 200 636
58.37.10.95 - - [20/Jan/2022:09:47:39 +0800] "GET /xingrg/kc/buy/cgsh_order_operate.html?command=get_materiel&rest_code=00141&code=00101008091&supplier_code=00100007&order_time=2022-01-20 HTTP/1.1" 200 412
114.86.224.130 - - [20/Jan/2022:09:47:41 +0800] "POST /xingrg/kc/base/yddb_list_operate.html HTTP/1.1" 200 4328
180.169.147.146 - - [20/Jan/2022:09:47:42 +0800] "GET /xingrg/all/function/internal_message.html?_=1642643259879&CODE_STATE=getMsg HTTP/1.1" 200 27
114.86.224.130 - - [20/Jan/2022:09:47:42 +0800] "POST /xingrg/kc/base/yddb_list_operate.html HTTP/1.1" 200 208
114.86.224.130 - - [20/Jan/2022:09:47:43 +0800] "GET /xingrg/kc/base/yddb_order_info.html?code=482022012000142 HTTP/1.1" 200 31561
114.86.224.130 - - [20/Jan/2022:09:47:43 +0800] "GET /xingrg/javascript/AjaxInfoList.js HTTP/1.1" 200 3774
114.86.224.130 - - [20/Jan/2022:09:47:43 +0800] "GET /xingrg/javascript/Grid.js HTTP/1.1" 200 58908
114.86.224.130 - - [20/Jan/2022:09:47:43 +0800] "GET /xingrg/dwr/interface/AjaxComOrderService.js HTTP/1.1" 200 18264
114.86.224.130 - - [20/Jan/2022:09:47:43 +0800] "GET /xingrg/javascript/ToolTips.js HTTP/1.1" 200 5615
114.86.224.130 - - [20/Jan/2022:09:47:43 +0800] "GET /xingrg/dwr/interface/AjaxYddbService.js HTTP/1.1" 200 13201
114.86.224.130 - - [20/Jan/2022:09:47:43 +0800] "GET /xingrg/javascript/checkform.js HTTP/1.1" 200 18351
114.86.224.130 - - [20/Jan/2022:09:47:43 +0800] "GET /xingrg/dwr/util.js HTTP/1.1" 200 35990
114.86.224.130 - - [20/Jan/2022:09:47:43 +0800] "GET /xingrg/javascript/Calendar.js HTTP/1.1" 200 31561
114.86.224.130 - - [20/Jan/2022:09:47:43 +0800] "GET /xingrg/dwr/engine.js HTTP/1.1" 200 43631
114.86.224.130 - - [20/Jan/2022:09:47:43 +0800] "GET /xingrg/javascript/jquery_easy_ui/themes/default/images/menu_downarrow.png HTTP/1.1" 200 173
114.86.224.130 - - [20/Jan/2022:09:47:43 +0800] "GET /xingrg/javascript/jquery_easy_ui/themes/icons/edit_add_new.png HTTP/1.1" 200 2997
114.86.224.130 - - [20/Jan/2022:09:47:43 +0800] "GET /xingrg/javascript/jquery_easy_ui/themes/icons/check_new.png HTTP/1.1" 200 3224
114.86.224.130 - - [20/Jan/2022:09:47:43 +0800] "GET /xingrg/javascript/jquery_easy_ui/themes/icons/print.png HTTP/1.1" 200 1057
114.86.224.130 - - [20/Jan/2022:09:47:43 +0800] "GET /xingrg/javascript/jquery_easy_ui/themes/icons/back_new.png HTTP/1.1" 200 3414
114.86.224.130 - - [20/Jan/2022:09:47:43 +0800] "GET /xingrg/images/blue/wait.gif HTTP/1.1" 200 1100
114.86.224.130 - - [20/Jan/2022:09:47:43 +0800] "GET /xingrg/images/blue/kc_tab_left.gif HTTP/1.1" 200 188
114.86.224.130 - - [20/Jan/2022:09:47:43 +0800] "GET /xingrg/images/blue/kc_tab_mid.gif HTTP/1.1" 200 44
114.86.224.130 - - [20/Jan/2022:09:47:43 +0800] "GET /xingrg/images/blue/kc_tab_right.gif HTTP/1.1" 200 643
180.152.99.39 - - [20/Jan/2022:09:47:43 +0800] "GET /xingrg/all/function/internal_message.html?_=1642643194661&CODE_STATE=getMsg HTTP/1.1" 200 27
114.86.224.130 - - [20/Jan/2022:09:47:43 +0800] "POST /xingrg/dwr/call/plaincall/AjaxYddbService.loadMaterielItems.dwr HTTP/1.1" 200 403
124.78.156.14 - - [20/Jan/2022:09:47:47 +0800] "GET /xingrg/all/function/internal_message.html?_=1642643263258&CODE_STATE=getMsg HTTP/1.1" 200 27
58.37.10.95 - - [20/Jan/2022:09:47:47 +0800] "GET /xingrg/kc/buy/cgsh_order_operate.html?command=get_materiel&rest_code=00141&code=00101008612&supplier_code=00100007&order_time=2022-01-20 HTTP/1.1" 200 406
114.86.224.130 - - [20/Jan/2022:09:47:48 +0800] "GET /xingrg/javascript/jquery_easy_ui/themes/default/images/button_plain_hover.png HTTP/1.1" 200 252
222.70.243.96 - - [20/Jan/2022:09:47:52 +0800] "POST /xingrg/services/DataTransmitService HTTP/1.1" 200 524
222.70.243.96 - - [20/Jan/2022:09:47:52 +0800] "POST /xingrg/services/DataTransmitService HTTP/1.1" 200 2171
114.86.224.130 - - [20/Jan/2022:09:47:52 +0800] "POST /xingrg/dwr/call/plaincall/AjaxYddbService.saveOrder.dwr HTTP/1.1" 200 78
222.70.178.207 - - [20/Jan/2022:09:47:53 +0800] "GET /xingrg/all/function/internal_message.html?_=1642643271635&CODE_STATE=getMsg HTTP/1.1" 200 27
222.70.243.96 - - [20/Jan/2022:09:47:54 +0800] "POST /xingrg/services/DataTransmitService HTTP/1.1" 200 524
222.70.243.96 - - [20/Jan/2022:09:47:54 +0800] "POST /xingrg/services/DataTransmitService HTTP/1.1" 200 2171
58.37.10.95 - - [20/Jan/2022:09:47:55 +0800] "GET /xingrg/kc/buy/cgsh_order_operate.html?command=get_materiel&rest_code=00141&code=00101008351&supplier_code=00100007&order_time=2022-01-20 HTTP/1.1" 200 427
114.86.224.130 - - [20/Jan/2022:09:47:55 +0800] "POST /xingrg/dwr/call/plaincall/AjaxYddbService.objCheckOrder.dwr HTTP/1.1" 200 78
222.70.243.96 - - [20/Jan/2022:09:47:56 +0800] "POST /xingrg/services/DataTransmitService HTTP/1.1" 200 524
120.253.135.82 - - [20/Jan/2022:09:47:56 +0800] "GET /xingrg/all/function/internal_message.html?_=1642643063109&CODE_STATE=getMsg HTTP/1.1" 200 27
222.70.243.96 - - [20/Jan/2022:09:47:56 +0800] "POST /xingrg/services/DataTransmitService HTTP/1.1" 200 2171
114.86.224.130 - - [20/Jan/2022:09:47:56 +0800] "GET /xingrg/kc/base/yddb_order_info.html?code=482022012000142 HTTP/1.1" 200 31680
114.86.224.130 - - [20/Jan/2022:09:47:56 +0800] "GET /xingrg/dwr/interface/AjaxYddbService.js HTTP/1.1" 200 13201
114.86.224.130 - - [20/Jan/2022:09:47:56 +0800] "GET /xingrg/dwr/interface/AjaxComOrderService.js HTTP/1.1" 200 18264
114.86.224.130 - - [20/Jan/2022:09:47:56 +0800] "GET /xingrg/dwr/engine.js HTTP/1.1" 200 43631
114.86.224.130 - - [20/Jan/2022:09:47:57 +0800] "POST /xingrg/dwr/call/plaincall/AjaxYddbService.loadMaterielItems.dwr HTTP/1.1" 200 403
222.70.243.96 - - [20/Jan/2022:09:47:57 +0800] "POST /xingrg/services/DataTransmitService HTTP/1.1" 200 524
222.70.243.96 - - [20/Jan/2022:09:47:57 +0800] "POST /xingrg/services/DataTransmitService HTTP/1.1" 200 2171
222.70.217.149 - - [20/Jan/2022:09:47:58 +0800] "GET /xingrg/all/function/internal_message.html?_=1642643259121&CODE_STATE=getMsg HTTP/1.1" 200 27
58.37.10.95 - - [20/Jan/2022:09:48:02 +0800] "GET /xingrg/kc/buy/cgsh_order_operate.html?command=get_materiel&rest_code=00141&code=00101008038&supplier_code=00100007&order_time=2022-01-20 HTTP/1.1" 200 412
222.70.243.96 - - [20/Jan/2022:09:48:04 +0800] "POST /xingrg/services/DataTransmitService HTTP/1.1" 200 524
222.70.243.96 - - [20/Jan/2022:09:48:04 +0800] "POST /xingrg/services/DataTransmitService HTTP/1.1" 200 2171
114.95.98.1 - - [20/Jan/2022:09:48:06 +0800] "GET /xingrg/all/function/internal_message.html?_=1642643304201&CODE_STATE=getMsg HTTP/1.1" 200 27
180.169.147.146 - - [20/Jan/2022:09:48:07 +0800] "GET /xingrg/all/function/internal_message.html?_=1642643287321&CODE_STATE=getMsg HTTP/1.1" 200 27
58.37.10.95 - - [20/Jan/2022:09:48:08 +0800] "GET /xingrg/kc/buy/cgsh_order_operate.html?command=get_materiel&rest_code=00141&code=00101008396&supplier_code=00100007&order_time=2022-01-20 HTTP/1.1" 200 412
222.70.243.96 - - [20/Jan/2022:09:48:09 +0800] "GET /xingrg/all/function/internal_message.html?_=1642643291518&CODE_STATE=getMsg HTTP/1.1" 200 27
222.70.243.96 - - [20/Jan/2022:09:48:12 +0800] "POST /xingrg/services/DataTransmitService HTTP/1.1" 200 524
222.70.243.96 - - [20/Jan/2022:09:48:13 +0800] "POST /xingrg/services/DataTransmitService HTTP/1.1" 200 2171
222.70.243.96 - - [20/Jan/2022:09:48:14 +0800] "POST /xingrg/services/DataTransmitService HTTP/1.1" 200 524
180.152.99.73 - - [20/Jan/2022:09:48:14 +0800] "GET /xingrg/all/function/internal_message.html?_=1642643294301&CODE_STATE=getMsg HTTP/1.1" 200 27
180.152.99.73 - - [20/Jan/2022:09:48:14 +0800] "GET /xingrg/check_reg.html?_=1642643294431 HTTP/1.1" 200 22
222.70.243.96 - - [20/Jan/2022:09:48:15 +0800] "POST /xingrg/services/DataTransmitService HTTP/1.1" 200 2171
58.39.168.32 - - [20/Jan/2022:09:48:15 +0800] "GET /xingrg/kc/buy/cgsh_order_operate.html?command=get_materiel&rest_code=00105&code=00101003025&supplier_code=00100397&order_time=2022-01-20 HTTP/1.1" 200 409
58.37.10.95 - - [20/Jan/2022:09:48:15 +0800] "GET /xingrg/kc/buy/cgsh_order_operate.html?command=get_materiel&rest_code=00141&code=00101008264&supplier_code=00100007&order_time=2022-01-20 HTTP/1.1" 200 412
222.70.243.96 - - [20/Jan/2022:09:48:16 +0800] "POST /xingrg/services/DataTransmitService HTTP/1.1" 200 524
222.70.243.96 - - [20/Jan/2022:09:48:16 +0800] "POST /xingrg/services/DataTransmitService HTTP/1.1" 200 2171
222.70.243.96 - - [20/Jan/2022:09:48:20 +0800] "POST /xingrg/services/DataTransmitService HTTP/1.1" 200 524
222.70.243.96 - - [20/Jan/2022:09:48:20 +0800] "POST /xingrg/services/DataTransmitService HTTP/1.1" 200 2171
222.70.243.96 - - [20/Jan/2022:09:48:21 +0800] "POST /xingrg/services/DataTransmitService HTTP/1.1" 200 524
58.39.168.32 - - [20/Jan/2022:09:48:21 +0800] "GET /xingrg/kc/buy/cgsh_order_operate.html?command=get_materiel&rest_code=00105&code=00101005037&supplier_code=00100397&order_time=2022-01-20 HTTP/1.1" 200 409
222.70.243.96 - - [20/Jan/2022:09:48:21 +0800] "POST /xingrg/services/DataTransmitService HTTP/1.1" 200 2171
222.70.243.96 - - [20/Jan/2022:09:48:22 +0800] "POST /xingrg/services/DataTransmitService HTTP/1.1" 200 524
58.37.10.95 - - [20/Jan/2022:09:48:22 +0800] "GET /xingrg/kc/buy/cgsh_order_operate.html?command=get_materiel&rest_code=00141&code=00101015060&supplier_code=00100007&order_time=2022-01-20 HTTP/1.1" 200 412
222.70.243.96 - - [20/Jan/2022:09:48:23 +0800] "POST /xingrg/services/DataTransmitService HTTP/1.1" 200 2171
222.70.243.96 - - [20/Jan/2022:09:48:24 +0800] "POST /xingrg/services/DataTransmitService HTTP/1.1" 200 524
222.70.243.96 - - [20/Jan/2022:09:48:24 +0800] "POST /xingrg/services/DataTransmitService HTTP/1.1" 200 2171
58.37.10.95 - - [20/Jan/2022:09:48:25 +0800] "GET /xingrg/all/function/internal_message.html?_=1642643100994&CODE_STATE=getMsg HTTP/1.1" 200 27
222.70.243.96 - - [20/Jan/2022:09:48:27 +0800] "POST /xingrg/services/DataTransmitService HTTP/1.1" 200 524
222.70.243.96 - - [20/Jan/2022:09:48:28 +0800] "POST /xingrg/services/DataTransmitService HTTP/1.1" 200 2171
222.70.243.96 - - [20/Jan/2022:09:48:29 +0800] "POST /xingrg/services/DataTransmitService HTTP/1.1" 200 524
222.70.243.96 - - [20/Jan/2022:09:48:29 +0800] "POST /xingrg/services/DataTransmitService HTTP/1.1" 200 2171
58.37.10.95 - - [20/Jan/2022:09:48:30 +0800] "GET /xingrg/kc/buy/cgsh_order_operate.html?command=get_materiel&rest_code=00141&code=00101008137&supplier_code=00100007&order_time=2022-01-20 HTTP/1.1" 200 408
58.39.168.32 - - [20/Jan/2022:09:48:30 +0800] "GET /xingrg/all/function/internal_message.html?_=1642643246456&CODE_STATE=getMsg HTTP/1.1" 200 27
180.157.251.97 - - [20/Jan/2022:09:48:32 +0800] "GET /xingrg/check_reg.html?_=1642643311418 HTTP/1.1" 302 -
114.86.224.130 - - [20/Jan/2022:09:48:34 +0800] "GET /xingrg/all/function/internal_message.html?_=1642643312868&CODE_STATE=getMsg HTTP/1.1" 200 27
222.70.243.96 - - [20/Jan/2022:09:48:34 +0800] "POST /xingrg/services/DataTransmitService HTTP/1.1" 200 524
222.70.243.96 - - [20/Jan/2022:09:48:35 +0800] "POST /xingrg/services/DataTransmitService HTTP/1.1" 200 2171
58.39.168.32 - - [20/Jan/2022:09:48:37 +0800] "GET /xingrg/all/function/internal_message.html?_=1642643316719&CODE_STATE=getMsg HTTP/1.1" 200 27
222.70.243.96 - - [20/Jan/2022:09:48:37 +0800] "POST /xingrg/services/DataTransmitService HTTP/1.1" 200 524
58.37.10.95 - - [20/Jan/2022:09:48:37 +0800] "GET /xingrg/kc/buy/cgsh_order_operate.html?command=get_materiel&rest_code=00141&code=00101008059&supplier_code=00100007&order_time=2022-01-20 HTTP/1.1" 200 408
222.70.243.96 - - [20/Jan/2022:09:48:38 +0800] "POST /xingrg/services/DataTransmitService HTTP/1.1" 200 412
61.151.178.165 - - [20/Jan/2022:09:48:39 +0800] "GET /xingrg/check_reg.html?_=1642642303252 HTTP/1.1" 302 -
222.70.243.96 - - [20/Jan/2022:09:48:39 +0800] "POST /xingrg/services/DataTransmitService HTTP/1.1" 200 524
61.151.178.165 - - [20/Jan/2022:09:48:40 +0800] "GET /xingrg/login.html HTTP/1.1" 200 7641
222.70.243.96 - - [20/Jan/2022:09:48:40 +0800] "POST /xingrg/services/DataTransmitService HTTP/1.1" 200 412
180.169.147.146 - - [20/Jan/2022:09:48:42 +0800] "GET /xingrg/all/function/internal_message.html?_=1642643319871&CODE_STATE=getMsg HTTP/1.1" 200 27
58.39.168.32 - - [20/Jan/2022:09:48:42 +0800] "GET /xingrg/kc/buy/cgsh_order_operate.html?command=get_materiel&rest_code=00105&code=00101001023&supplier_code=00100397&order_time=2022-01-20 HTTP/1.1" 200 413
180.152.99.39 - - [20/Jan/2022:09:48:43 +0800] "GET /xingrg/all/function/internal_message.html?_=1642643254779&CODE_STATE=getMsg HTTP/1.1" 200 27
222.70.243.96 - - [20/Jan/2022:09:48:44 +0800] "POST /xingrg/services/DataTransmitService HTTP/1.1" 200 524
222.70.243.96 - - [20/Jan/2022:09:48:45 +0800] "POST /xingrg/services/DataTransmitService HTTP/1.1" 200 412
58.37.10.95 - - [20/Jan/2022:09:48:47 +0800] "GET /xingrg/kc/buy/cgsh_order_operate.html?command=get_materiel&rest_code=00141&code=00101008197&supplier_code=00100007&order_time=2022-01-20 HTTP/1.1" 200 416
124.78.156.14 - - [20/Jan/2022:09:48:47 +0800] "GET /xingrg/all/function/internal_message.html?_=1642643323257&CODE_STATE=getMsg HTTP/1.1" 200 27
222.70.243.96 - - [20/Jan/2022:09:48:49 +0800] "POST /xingrg/services/DataTransmitService HTTP/1.1" 200 524
222.70.243.96 - - [20/Jan/2022:09:48:50 +0800] "POST /xingrg/services/DataTransmitService HTTP/1.1" 200 2171
58.39.168.32 - - [20/Jan/2022:09:48:52 +0800] "POST /xingrg/kc/buy/cgsh_order_operate.html HTTP/1.1" 200 37
222.70.178.207 - - [20/Jan/2022:09:48:53 +0800] "GET /xingrg/all/function/internal_message.html?_=1642643331621&CODE_STATE=getMsg HTTP/1.1" 200 27
222.70.178.207 - - [20/Jan/2022:09:48:53 +0800] "GET /xingrg/check_reg.html?_=1642643332261 HTTP/1.1" 200 22
58.37.10.95 - - [20/Jan/2022:09:48:55 +0800] "GET /xingrg/kc/buy/cgsh_order_operate.html?command=get_materiel&rest_code=00141&code=00101008196&supplier_code=00100007&order_time=2022-01-20 HTTP/1.1" 200 416
58.39.168.32 - - [20/Jan/2022:09:48:55 +0800] "POST /xingrg/kc/buy/cgsh_order_operate.html HTTP/1.1" 200 5026
58.39.168.32 - - [20/Jan/2022:09:48:56 +0800] "GET /xingrg/kc/print/load_data.html?order_code=212022012009849&kc_code=cgsh&condition= HTTP/1.1" 200 1580
120.253.135.82 - - [20/Jan/2022:09:48:56 +0800] "GET /xingrg/all/function/internal_message.html?_=1642643123122&CODE_STATE=getMsg HTTP/1.1" 200 27
222.70.217.149 - - [20/Jan/2022:09:48:58 +0800] "GET /xingrg/all/function/internal_message.html?_=1642643319129&CODE_STATE=getMsg HTTP/1.1" 200 27
222.70.243.96 - - [20/Jan/2022:09:48:59 +0800] "POST /xingrg/services/DataTransmitService HTTP/1.1" 200 524
222.70.243.96 - - [20/Jan/2022:09:49:00 +0800] "POST /xingrg/services/DataTransmitService HTTP/1.1" 200 412
222.70.243.96 - - [20/Jan/2022:09:49:02 +0800] "POST /xingrg/services/DataTransmitService HTTP/1.1" 200 524
222.70.243.96 - - [20/Jan/2022:09:49:03 +0800] "POST /xingrg/services/DataTransmitService HTTP/1.1" 200 412
58.37.10.95 - - [20/Jan/2022:09:49:03 +0800] "GET /xingrg/kc/buy/cgsh_order_operate.html?command=get_materiel&rest_code=00141&code=00101008357&supplier_code=00100007&order_time=2022-01-20 HTTP/1.1" 200 408
222.70.243.96 - - [20/Jan/2022:09:49:05 +0800] "POST /xingrg/services/DataTransmitService HTTP/1.1" 200 524
114.95.98.1 - - [20/Jan/2022:09:49:06 +0800] "GET /xingrg/all/function/internal_message.html?_=1642643364215&CODE_STATE=getMsg HTTP/1.1" 200 27
222.70.243.96 - - [20/Jan/2022:09:49:06 +0800] "POST /xingrg/services/DataTransmitService HTTP/1.1" 200 412
180.169.147.146 - - [20/Jan/2022:09:49:07 +0800] "GET /xingrg/all/function/internal_message.html?_=1642643347324&CODE_STATE=getMsg HTTP/1.1" 200 27
180.169.147.146 - - [20/Jan/2022:09:49:07 +0800] "GET /xingrg/check_reg.html?_=1642643347325 HTTP/1.1" 200 22
222.70.243.96 - - [20/Jan/2022:09:49:08 +0800] "POST /xingrg/services/DataTransmitService HTTP/1.1" 200 524
58.39.168.32 - - [20/Jan/2022:09:49:08 +0800] "POST /xingrg/kc/buy/cgsh_list_operate.html HTTP/1.1" 200 3117
222.70.243.96 - - [20/Jan/2022:09:49:09 +0800] "POST /xingrg/services/DataTransmitService HTTP/1.1" 200 412
222.70.243.96 - - [20/Jan/2022:09:49:09 +0800] "GET /xingrg/all/function/internal_message.html?_=1642643351529&CODE_STATE=getMsg HTTP/1.1" 200 27
58.39.168.32 - - [20/Jan/2022:09:49:10 +0800] "POST /xingrg/kc/buy/cgsh_list_operate.html HTTP/1.1" 200 572
58.37.10.95 - - [20/Jan/2022:09:49:10 +0800] "GET /xingrg/kc/buy/cgsh_order_operate.html?command=get_materiel&rest_code=00141&code=00101008069&supplier_code=00100007&order_time=2022-01-20 HTTP/1.1" 200 412
58.39.168.32 - - [20/Jan/2022:09:49:10 +0800] "GET /xingrg/kc/buy/cgsh_order_info.html?code=212022012009826 HTTP/1.1" 200 65448
