180.169.147.146 - - [20/Jan/2022:09:33:07 +0800] "GET /xingrg/all/function/internal_message.html?_=1642642387319&CODE_STATE=getMsg HTTP/1.1" 200 27
222.70.243.96 - - [20/Jan/2022:09:33:08 +0800] "GET /xingrg/all/function/internal_message.html?_=1642642390879&CODE_STATE=getMsg HTTP/1.1" 200 27
180.152.99.73 - - [20/Jan/2022:09:33:14 +0800] "POST /xingrg/all/user/operate.html HTTP/1.1" 200 36
180.152.99.73 - - [20/Jan/2022:09:33:14 +0800] "GET /xingrg/javascript/jquery_easy_ui/themes/default/easyui.css HTTP/1.1" 304 -
180.152.99.73 - - [20/Jan/2022:09:33:14 +0800] "GET /xingrg/index.html?sysBaseUrl=http%3A%2F%2F180.169.147.146%3A18081%2Fxingrg%2F&costTime=39×tamp=1642641012653 HTTP/1.1" 200 17179
180.152.99.73 - - [20/Jan/2022:09:33:14 +0800] "GET /xingrg/javascript/jquery_easy_ui/themes/icon.css HTTP/1.1" 304 -
180.152.99.73 - - [20/Jan/2022:09:33:14 +0800] "GET /xingrg/css/form.css HTTP/1.1" 304 -
180.152.99.73 - - [20/Jan/2022:09:33:14 +0800] "GET /xingrg/javascript/jquery-1.4.2.min.js HTTP/1.1" 304 -
180.152.99.73 - - [20/Jan/2022:09:33:14 +0800] "GET /xingrg/javascript/jquery_easy_ui/jquery.easyui.min.js HTTP/1.1" 304 -
180.152.99.73 - - [20/Jan/2022:09:33:14 +0800] "GET /xingrg/javascript/jquery_easy_ui/easyui-lang-zh_CN.js HTTP/1.1" 304 -
180.152.99.73 - - [20/Jan/2022:09:33:14 +0800] "GET /xingrg/javascript/jquery.form.js HTTP/1.1" 304 -
180.152.99.73 - - [20/Jan/2022:09:33:14 +0800] "GET /xingrg/javascript/jquery.utils.js HTTP/1.1" 304 -
180.152.99.73 - - [20/Jan/2022:09:33:14 +0800] "GET /xingrg/javascript/jquery.timers.js HTTP/1.1" 304 -
180.152.99.73 - - [20/Jan/2022:09:33:14 +0800] "GET /xingrg/images/blue/jxLogo.png HTTP/1.1" 304 -
180.152.99.73 - - [20/Jan/2022:09:33:14 +0800] "GET /xingrg/images/blue/navBackgound.jpg HTTP/1.1" 304 -
180.152.99.73 - - [20/Jan/2022:09:33:14 +0800] "GET /xingrg/javascript/jquery_easy_ui/themes/icons/settle_new.png HTTP/1.1" 304 -
180.152.99.73 - - [20/Jan/2022:09:33:14 +0800] "POST /xingrg/all/common/load_tree.html?tree=area_rest_tree_json&manage=1 HTTP/1.1" 200 476
180.152.99.73 - - [20/Jan/2022:09:33:14 +0800] "GET /xingrg/images/blue/pingpu.png HTTP/1.1" 304 -
180.152.99.73 - - [20/Jan/2022:09:33:14 +0800] "GET /xingrg/check_reg.html?_=1642642394367 HTTP/1.1" 200 22
180.152.99.73 - - [20/Jan/2022:09:33:14 +0800] "GET /xingrg/all/function/internal_message.html?_=1642642394366&CODE_STATE=count HTTP/1.1" 200 11
180.152.99.73 - - [20/Jan/2022:09:33:14 +0800] "GET /xingrg/javascript/jquery_easy_ui/themes/default/images/panel_tool_collapse.gif HTTP/1.1" 304 -
180.152.99.73 - - [20/Jan/2022:09:33:14 +0800] "GET /xingrg/javascript/jquery_easy_ui/themes/default/images/tabs_rightarrow.png HTTP/1.1" 304 -
180.152.99.73 - - [20/Jan/2022:09:33:14 +0800] "GET /xingrg/javascript/jquery_easy_ui/themes/default/images/tabs_leftarrow.png HTTP/1.1" 304 -
180.152.99.73 - - [20/Jan/2022:09:33:14 +0800] "POST /xingrg/load_menu.html HTTP/1.1" 200 5138
120.253.135.82 - - [20/Jan/2022:09:33:17 +0800] "GET /xingrg/kc/buy/cgsh_order_operate.html?command=get_materiel&rest_code=00101&code=00101019130&supplier_code=00100365&order_time=2022-01-20 HTTP/1.1" 200 471
180.152.99.73 - - [20/Jan/2022:09:33:19 +0800] "GET /xingrg/kc/base/yddb_order_list.html HTTP/1.1" 200 16672
180.152.99.73 - - [20/Jan/2022:09:33:19 +0800] "POST /xingrg/kc/base/yddb_list_operate.html HTTP/1.1" 200 636
120.253.135.82 - - [20/Jan/2022:09:33:20 +0800] "POST /xingrg/all/common/load_select.html HTTP/1.1" 200 25
180.152.99.73 - - [20/Jan/2022:09:33:20 +0800] "GET /xingrg/dwr/interface/AjaxYddbService.js HTTP/1.1" 200 13201
180.152.99.73 - - [20/Jan/2022:09:33:20 +0800] "GET /xingrg/kc/base/yddb_order_add.html HTTP/1.1" 200 29837
180.152.99.73 - - [20/Jan/2022:09:33:21 +0800] "GET /xingrg/dwr/interface/AjaxComOrderService.js HTTP/1.1" 200 18264
180.152.99.73 - - [20/Jan/2022:09:33:21 +0800] "GET /xingrg/dwr/engine.js HTTP/1.1" 200 43631
180.152.99.73 - - [20/Jan/2022:09:33:23 +0800] "POST /xingrg/dwr/call/plaincall/AjaxYddbService.getRestBases.dwr HTTP/1.1" 200 1562
120.253.135.82 - - [20/Jan/2022:09:33:25 +0800] "GET /xingrg/kc/buy/cgsh_order_operate.html?command=get_materiel_price&rest_code=00101&code=00101019130&unit_code=00100157&supplier_code=00100365&order_time=2022-01-20 HTTP/1.1" 200 29
58.39.168.32 - - [20/Jan/2022:09:33:30 +0800] "GET /xingrg/all/function/internal_message.html?_=1642642346452&CODE_STATE=getMsg HTTP/1.1" 200 27
180.157.251.97 - - [20/Jan/2022:09:33:32 +0800] "GET /xingrg/check_reg.html?_=1642642411420 HTTP/1.1" 302 -
180.152.99.73 - - [20/Jan/2022:09:33:34 +0800] "POST /xingrg/dwr/call/plaincall/AjaxYddbService.saveOrder.dwr HTTP/1.1" 200 78
114.95.98.1 - - [20/Jan/2022:09:33:36 +0800] "POST /xingrg/kc/buy/cgsh_order_operate.html HTTP/1.1" 200 37
58.39.168.32 - - [20/Jan/2022:09:33:37 +0800] "GET /xingrg/all/function/internal_message.html?_=1642642416959&CODE_STATE=getMsg HTTP/1.1" 200 27
180.152.99.73 - - [20/Jan/2022:09:33:38 +0800] "POST /xingrg/dwr/call/plaincall/AjaxComOrderService.getMaterielSearchList.dwr HTTP/1.1" 200 252415
114.95.98.1 - - [20/Jan/2022:09:33:38 +0800] "POST /xingrg/kc/buy/cgsh_order_operate.html HTTP/1.1" 200 13368
180.152.99.73 - - [20/Jan/2022:09:33:39 +0800] "POST /xingrg/dwr/call/plaincall/AjaxComOrderService.getMaterielSearchList.dwr HTTP/1.1" 200 9855
180.152.99.73 - - [20/Jan/2022:09:33:39 +0800] "POST /xingrg/dwr/call/plaincall/AjaxComOrderService.getMaterielSearchList.dwr HTTP/1.1" 200 1393
180.152.99.73 - - [20/Jan/2022:09:33:41 +0800] "POST /xingrg/dwr/call/plaincall/AjaxYddbService.getMaterielByMap.dwr HTTP/1.1" 200 3771
180.169.147.146 - - [20/Jan/2022:09:33:42 +0800] "GET /xingrg/all/function/internal_message.html?_=1642642419824&CODE_STATE=getMsg HTTP/1.1" 200 27
180.152.99.39 - - [20/Jan/2022:09:33:43 +0800] "GET /xingrg/all/function/internal_message.html?_=1642642354297&CODE_STATE=getMsg HTTP/1.1" 200 27
180.152.99.73 - - [20/Jan/2022:09:33:45 +0800] "POST /xingrg/dwr/call/plaincall/AjaxYddbService.saveMaterielItem.dwr HTTP/1.1" 200 78
180.152.99.73 - - [20/Jan/2022:09:33:45 +0800] "GET /xingrg/images/yd/bt.gif HTTP/1.1" 404 1040
124.78.156.14 - - [20/Jan/2022:09:33:47 +0800] "GET /xingrg/all/function/internal_message.html?_=1642642423252&CODE_STATE=getMsg HTTP/1.1" 200 27
120.253.135.82 - - [20/Jan/2022:09:33:49 +0800] "GET /xingrg/kc/buy/cgsh_order_operate.html?command=get_materiel&rest_code=00101&code=00101019134&supplier_code=00100365&order_time=2022-01-20 HTTP/1.1" 200 464
124.78.156.14 - - [20/Jan/2022:09:33:50 +0800] "GET /xingrg/check_reg.html?_=1642642430296 HTTP/1.1" 200 22
124.78.156.14 - - [20/Jan/2022:09:33:50 +0800] "GET /xingrg/all/function/internal_message.html?_=1642642430299&CODE_STATE=getMsg HTTP/1.1" 200 27
180.152.99.73 - - [20/Jan/2022:09:33:51 +0800] "POST /xingrg/dwr/call/plaincall/AjaxYddbService.checkOrder.dwr HTTP/1.1" 200 78
120.253.135.82 - - [20/Jan/2022:09:33:51 +0800] "POST /xingrg/all/common/load_select.html HTTP/1.1" 200 25
180.152.99.73 - - [20/Jan/2022:09:33:52 +0800] "GET /xingrg/kc/base/yddb_order_info.html?code=482022012000142 HTTP/1.1" 200 29505
180.152.99.73 - - [20/Jan/2022:09:33:52 +0800] "GET /xingrg/dwr/interface/AjaxYddbService.js HTTP/1.1" 200 13201
180.152.99.73 - - [20/Jan/2022:09:33:52 +0800] "GET /xingrg/dwr/interface/AjaxComOrderService.js HTTP/1.1" 200 18264
180.152.99.73 - - [20/Jan/2022:09:33:52 +0800] "GET /xingrg/dwr/engine.js HTTP/1.1" 200 43631
180.152.99.73 - - [20/Jan/2022:09:33:52 +0800] "POST /xingrg/dwr/call/plaincall/AjaxYddbService.loadMaterielItems.dwr HTTP/1.1" 200 403
222.70.178.207 - - [20/Jan/2022:09:33:53 +0800] "GET /xingrg/all/function/internal_message.html?_=1642642431864&CODE_STATE=getMsg HTTP/1.1" 200 27
222.70.178.207 - - [20/Jan/2022:09:33:53 +0800] "GET /xingrg/check_reg.html?_=1642642432241 HTTP/1.1" 200 22
120.253.135.82 - - [20/Jan/2022:09:33:54 +0800] "GET /xingrg/all/function/internal_message.html?_=1642642221234&CODE_STATE=getMsg HTTP/1.1" 200 27
114.86.224.130 - - [20/Jan/2022:09:33:55 +0800] "GET /favicon.ico HTTP/1.1" 404 -
180.152.99.73 - - [20/Jan/2022:09:33:55 +0800] "GET /xingrg/kc/base/yddb_order_report.html?fileType=servlets/html&code=482022012000142&reportName=ck_order_report&subName=yddb HTTP/1.1" 302 -
180.152.99.73 - - [20/Jan/2022:09:33:55 +0800] "GET /xingrg/servlets/html?sysBaseUrl=http%3A%2F%2F180.169.147.146%3A18081%2Fxingrg%2F&costTime=193×tamp=1642642435656 HTTP/1.1" 200 14760
180.152.99.73 - - [20/Jan/2022:09:33:55 +0800] "GET /xingrg/servlets/image?image=px HTTP/1.1" 200 807
180.152.99.73 - - [20/Jan/2022:09:33:55 +0800] "GET /favicon.ico HTTP/1.1" 404 -
114.86.224.130 - - [20/Jan/2022:09:33:56 +0800] "GET /xingrg/login.html HTTP/1.1" 200 7641
114.86.224.130 - - [20/Jan/2022:09:33:56 +0800] "GET /xingrg/images/blue/jxLogo.png HTTP/1.1" 304 -
114.86.224.130 - - [20/Jan/2022:09:33:56 +0800] "GET /xingrg/images/blue/login_bg.png HTTP/1.1" 304 -
114.86.224.130 - - [20/Jan/2022:09:33:56 +0800] "GET /xingrg/images/blue/hj.png HTTP/1.1" 304 -
114.86.224.130 - - [20/Jan/2022:09:33:56 +0800] "GET /xingrg/images/blue/srbg.png HTTP/1.1" 304 -
114.86.224.130 - - [20/Jan/2022:09:33:56 +0800] "GET /favicon.ico HTTP/1.1" 404 -
120.253.135.82 - - [20/Jan/2022:09:33:57 +0800] "GET /xingrg/kc/buy/cgsh_order_operate.html?command=get_materiel_price&rest_code=00101&code=00101019134&unit_code=00100189&supplier_code=00100365&order_time=2022-01-20 HTTP/1.1" 200 28
222.70.217.149 - - [20/Jan/2022:09:33:58 +0800] "GET /xingrg/all/function/internal_message.html?_=1642642419131&CODE_STATE=getMsg HTTP/1.1" 200 27
114.95.98.1 - - [20/Jan/2022:09:34:04 +0800] "GET /xingrg/all/function/internal_message.html?_=1642642462670&CODE_STATE=getMsg HTTP/1.1" 200 27
114.86.224.130 - - [20/Jan/2022:09:34:06 +0800] "POST /xingrg/login.do HTTP/1.1" 200 2421
114.86.224.130 - - [20/Jan/2022:09:34:06 +0800] "GET /xingrg/javascript/myfunction.js HTTP/1.1" 304 -
114.86.224.130 - - [20/Jan/2022:09:34:06 +0800] "GET /xingrg/css/blue.css HTTP/1.1" 304 -
114.86.224.130 - - [20/Jan/2022:09:34:06 +0800] "GET /xingrg/images/blue/pic_notice.jpg HTTP/1.1" 304 -
114.86.224.130 - - [20/Jan/2022:09:34:06 +0800] "GET /xingrg/images/blue/pic_top.gif HTTP/1.1" 304 -
114.86.224.130 - - [20/Jan/2022:09:34:06 +0800] "GET /xingrg/images/blue/error_top.gif HTTP/1.1" 304 -
114.86.224.130 - - [20/Jan/2022:09:34:06 +0800] "GET /xingrg/images/blue/error_mid.gif HTTP/1.1" 304 -
114.86.224.130 - - [20/Jan/2022:09:34:06 +0800] "GET /xingrg/images/blue/error_buttom.gif HTTP/1.1" 304 -
180.169.147.146 - - [20/Jan/2022:09:34:07 +0800] "GET /xingrg/all/function/internal_message.html?_=1642642447320&CODE_STATE=getMsg HTTP/1.1" 200 27
180.169.147.146 - - [20/Jan/2022:09:34:07 +0800] "GET /xingrg/check_reg.html?_=1642642447322 HTTP/1.1" 200 22
114.86.224.130 - - [20/Jan/2022:09:34:08 +0800] "GET /xingrg/login.html HTTP/1.1" 200 7641
222.70.243.96 - - [20/Jan/2022:09:34:08 +0800] "GET /xingrg/all/function/internal_message.html?_=1642642450889&CODE_STATE=getMsg HTTP/1.1" 200 27
114.86.224.130 - - [20/Jan/2022:09:34:14 +0800] "POST /xingrg/login.do HTTP/1.1" 302 -
114.86.224.130 - - [20/Jan/2022:09:34:14 +0800] "POST /xingrg/login.do HTTP/1.1" 302 -
114.86.224.130 - - [20/Jan/2022:09:34:14 +0800] "GET /xingrg/index.html?sysBaseUrl=http%3A%2F%2F180.169.147.146%3A18081%2Fxingrg%2F&costTime=60×tamp=1642642454146 HTTP/1.1" 200 17173
114.86.224.130 - - [20/Jan/2022:09:34:14 +0800] "GET /xingrg/javascript/jquery_easy_ui/themes/default/easyui.css HTTP/1.1" 304 -
114.86.224.130 - - [20/Jan/2022:09:34:14 +0800] "GET /xingrg/javascript/jquery_easy_ui/themes/icon.css HTTP/1.1" 304 -
114.86.224.130 - - [20/Jan/2022:09:34:14 +0800] "GET /xingrg/javascript/jquery-1.4.2.min.js HTTP/1.1" 304 -
114.86.224.130 - - [20/Jan/2022:09:34:14 +0800] "GET /xingrg/css/form.css HTTP/1.1" 304 -
114.86.224.130 - - [20/Jan/2022:09:34:14 +0800] "GET /xingrg/javascript/jquery_easy_ui/jquery.easyui.min.js HTTP/1.1" 304 -
114.86.224.130 - - [20/Jan/2022:09:34:14 +0800] "GET /xingrg/javascript/jquery.form.js HTTP/1.1" 304 -
114.86.224.130 - - [20/Jan/2022:09:34:14 +0800] "GET /xingrg/javascript/jquery_easy_ui/easyui-lang-zh_CN.js HTTP/1.1" 304 -
114.86.224.130 - - [20/Jan/2022:09:34:14 +0800] "GET /xingrg/javascript/jquery.utils.js HTTP/1.1" 304 -
114.86.224.130 - - [20/Jan/2022:09:34:14 +0800] "GET /xingrg/javascript/jquery.timers.js HTTP/1.1" 304 -
114.86.224.130 - - [20/Jan/2022:09:34:14 +0800] "GET /xingrg/images/blue/navBackgound.jpg HTTP/1.1" 304 -
114.86.224.130 - - [20/Jan/2022:09:34:14 +0800] "GET /xingrg/javascript/jquery_easy_ui/themes/icons/settle_new.png HTTP/1.1" 304 -
114.86.224.130 - - [20/Jan/2022:09:34:14 +0800] "GET /xingrg/images/blue/pingpu.png HTTP/1.1" 304 -
114.86.224.130 - - [20/Jan/2022:09:34:14 +0800] "POST /xingrg/all/common/load_tree.html?tree=area_rest_tree_json&manage=1 HTTP/1.1" 200 342
114.86.224.130 - - [20/Jan/2022:09:34:14 +0800] "GET /xingrg/javascript/jquery_easy_ui/themes/default/images/panel_tool_collapse.gif HTTP/1.1" 304 -
114.86.224.130 - - [20/Jan/2022:09:34:14 +0800] "GET /xingrg/all/function/internal_message.html?_=1642642452442&CODE_STATE=count HTTP/1.1" 200 11
114.86.224.130 - - [20/Jan/2022:09:34:14 +0800] "GET /xingrg/check_reg.html?_=1642642452443 HTTP/1.1" 200 22
114.86.224.130 - - [20/Jan/2022:09:34:14 +0800] "POST /xingrg/load_menu.html HTTP/1.1" 200 5138
114.86.224.130 - - [20/Jan/2022:09:34:14 +0800] "GET /xingrg/javascript/jquery_easy_ui/themes/default/images/tree_arrows.gif HTTP/1.1" 304 -
114.86.224.130 - - [20/Jan/2022:09:34:14 +0800] "GET /xingrg/javascript/jquery_easy_ui/themes/default/images/tree_folder_open.gif HTTP/1.1" 304 -
114.86.224.130 - - [20/Jan/2022:09:34:14 +0800] "GET /xingrg/javascript/jquery_easy_ui/themes/icons/search_new.png HTTP/1.1" 304 -
114.86.224.130 - - [20/Jan/2022:09:34:14 +0800] "GET /xingrg/javascript/jquery_easy_ui/themes/default/images/tree_folder.gif HTTP/1.1" 304 -
114.86.224.130 - - [20/Jan/2022:09:34:14 +0800] "GET /xingrg/javascript/jquery_easy_ui/themes/icons/storage_new.png HTTP/1.1" 304 -
114.86.224.130 - - [20/Jan/2022:09:34:14 +0800] "GET /xingrg/javascript/jquery_easy_ui/themes/icons/forms_new.png HTTP/1.1" 304 -
180.152.99.73 - - [20/Jan/2022:09:34:14 +0800] "GET /xingrg/all/function/internal_message.html?_=1642642454377&CODE_STATE=getMsg HTTP/1.1" 200 27
114.86.224.130 - - [20/Jan/2022:09:34:17 +0800] "GET /xingrg/javascript/jquery_easy_ui/themes/default/images/tabs_close.gif HTTP/1.1" 304 -
114.86.224.130 - - [20/Jan/2022:09:34:17 +0800] "GET /xingrg/kc/buy/buy_main.html HTTP/1.1" 200 12412
114.86.224.130 - - [20/Jan/2022:09:34:17 +0800] "GET /xingrg/css/new_ie.css HTTP/1.1" 404 1036
114.86.224.130 - - [20/Jan/2022:09:34:17 +0800] "GET /xingrg/javascript/jquery_ui/themes/humanity/humanity.css HTTP/1.1" 304 -
114.86.224.130 - - [20/Jan/2022:09:34:17 +0800] "GET /xingrg/javascript/pic_change.js HTTP/1.1" 304 -
114.86.224.130 - - [20/Jan/2022:09:34:17 +0800] "GET /xingrg/javascript/ToolTips.js HTTP/1.1" 304 -
114.86.224.130 - - [20/Jan/2022:09:34:17 +0800] "GET /xingrg/javascript/jquery_ui/jquery-ui.min.js HTTP/1.1" 304 -
114.86.224.130 - - [20/Jan/2022:09:34:17 +0800] "GET /xingrg/images/blue/button/cgxqd.gif HTTP/1.1" 304 -
114.86.224.130 - - [20/Jan/2022:09:34:17 +0800] "GET /xingrg/images/blue/button/cgydd.gif HTTP/1.1" 304 -
114.86.224.130 - - [20/Jan/2022:09:34:17 +0800] "GET /xingrg/images/blue/button/cgshd.gif HTTP/1.1" 304 -
114.86.224.130 - - [20/Jan/2022:09:34:17 +0800] "GET /xingrg/images/blue/button/cgfkd.gif HTTP/1.1" 304 -
114.86.224.130 - - [20/Jan/2022:09:34:17 +0800] "GET /xingrg/images/blue/pic_form2.gif HTTP/1.1" 304 -
114.86.224.130 - - [20/Jan/2022:09:34:17 +0800] "GET /xingrg/images/blue/button/kc.gif HTTP/1.1" 304 -
114.86.224.130 - - [20/Jan/2022:09:34:17 +0800] "GET /xingrg/images/blue/button/ckthd.gif HTTP/1.1" 304 -
114.86.224.130 - - [20/Jan/2022:09:34:17 +0800] "GET /xingrg/images/blue/button/right_ah.jpg HTTP/1.1" 304 -
114.86.224.130 - - [20/Jan/2022:09:34:17 +0800] "GET /xingrg/images/blue/button/down_ah.jpg HTTP/1.1" 304 -
114.86.224.130 - - [20/Jan/2022:09:34:17 +0800] "GET /xingrg/images/blue/bg_dotted.jpg HTTP/1.1" 304 -
114.86.224.130 - - [20/Jan/2022:09:34:17 +0800] "GET /xingrg/javascript/jquery_ui/themes/humanity/images/ui-bg_inset-soft_100_f4f0ec_1x100.png HTTP/1.1" 304 -
114.86.224.130 - - [20/Jan/2022:09:34:18 +0800] "GET /xingrg/kc/buy/cgsh_order_list.html HTTP/1.1" 200 49588
114.86.224.130 - - [20/Jan/2022:09:34:18 +0800] "GET /xingrg/css/base.css HTTP/1.1" 304 -
114.86.224.130 - - [20/Jan/2022:09:34:18 +0800] "GET /xingrg/css/site.css HTTP/1.1" 304 -
114.86.224.130 - - [20/Jan/2022:09:34:18 +0800] "GET /xingrg/javascript/easyui/themes/default/easyui.css HTTP/1.1" 304 -
114.86.224.130 - - [20/Jan/2022:09:34:18 +0800] "GET /xingrg/javascript/jquery_tools/datebox.css HTTP/1.1" 304 -
114.86.224.130 - - [20/Jan/2022:09:34:18 +0800] "GET /xingrg/javascript/easyui/themes/icon.css HTTP/1.1" 304 -
114.86.224.130 - - [20/Jan/2022:09:34:18 +0800] "GET /xingrg/javascript/auto/jquery.autocomplete.css HTTP/1.1" 304 -
114.86.224.130 - - [20/Jan/2022:09:34:18 +0800] "GET /xingrg/javascript/jquery_tools/fix.css HTTP/1.1" 304 -
114.86.224.130 - - [20/Jan/2022:09:34:18 +0800] "GET /xingrg/javascript/jquery_tools/table.css HTTP/1.1" 304 -
114.86.224.130 - - [20/Jan/2022:09:34:18 +0800] "GET /xingrg/javascript/jquery_tools/jquery.tools.min.js HTTP/1.1" 304 -
114.86.224.130 - - [20/Jan/2022:09:34:18 +0800] "GET /xingrg/javascript/jquery_tools/jquery.tools.extend.js HTTP/1.1" 304 -
114.86.224.130 - - [20/Jan/2022:09:34:18 +0800] "GET /xingrg/javascript/jquery_tools/jquery.tools.hotkey.js HTTP/1.1" 304 -
114.86.224.130 - - [20/Jan/2022:09:34:18 +0800] "GET /xingrg/javascript/jquery_tools/list_manager.js HTTP/1.1" 304 -
114.86.224.130 - - [20/Jan/2022:09:34:18 +0800] "GET /xingrg/javascript/auto/jquery.autocomplete.js HTTP/1.1" 304 -
114.86.224.130 - - [20/Jan/2022:09:34:18 +0800] "GET /xingrg/javascript/jquery.cookie.js HTTP/1.1" 304 -
114.86.224.130 - - [20/Jan/2022:09:34:18 +0800] "GET /xingrg/javascript/easyui/easyloader.js HTTP/1.1" 304 -
114.86.224.130 - - [20/Jan/2022:09:34:18 +0800] "GET /xingrg/javascript/print/LodopFuncs.js HTTP/1.1" 304 -
114.86.224.130 - - [20/Jan/2022:09:34:18 +0800] "GET /xingrg/javascript/jquery_tools/jquery.tools.table.js HTTP/1.1" 304 -
114.86.224.130 - - [20/Jan/2022:09:34:18 +0800] "GET /xingrg/javascript/easyui/themes/icons/field_new.png HTTP/1.1" 304 -
114.86.224.130 - - [20/Jan/2022:09:34:18 +0800] "GET /xingrg/javascript/easyui/themes/icons/cance_new.png HTTP/1.1" 304 -
114.86.224.130 - - [20/Jan/2022:09:34:18 +0800] "GET /xingrg/javascript/easyui/themes/icons/edit_add_new.png HTTP/1.1" 304 -
114.86.224.130 - - [20/Jan/2022:09:34:18 +0800] "GET /xingrg/javascript/easyui/themes/icons/check_new.png HTTP/1.1" 304 -
114.86.224.130 - - [20/Jan/2022:09:34:18 +0800] "GET /xingrg/javascript/easyui/themes/icons/import_new.png HTTP/1.1" 304 -
114.86.224.130 - - [20/Jan/2022:09:34:18 +0800] "GET /xingrg/javascript/easyui/plugins/jquery.parser.js HTTP/1.1" 304 -
114.86.224.130 - - [20/Jan/2022:09:34:18 +0800] "GET /xingrg/images/control/ajaxLoader.gif HTTP/1.1" 304 -
120.253.135.82 - - [20/Jan/2022:09:34:20 +0800] "GET /xingrg/kc/buy/cgsh_order_operate.html?command=get_materiel&rest_code=00101&code=00101019133&supplier_code=00100365&order_time=2022-01-20 HTTP/1.1" 200 466
114.86.224.130 - - [20/Jan/2022:09:34:20 +0800] "POST /xingrg/kc/buy/cgsh_list_operate.html HTTP/1.1" 200 876
120.253.135.82 - - [20/Jan/2022:09:34:21 +0800] "POST /xingrg/all/common/load_select.html HTTP/1.1" 200 25
120.253.135.82 - - [20/Jan/2022:09:34:27 +0800] "GET /xingrg/kc/buy/cgsh_order_operate.html?command=get_materiel_price&rest_code=00101&code=00101019133&unit_code=00100189&supplier_code=00100365&order_time=2022-01-20 HTTP/1.1" 200 29
114.86.224.130 - - [20/Jan/2022:09:34:28 +0800] "GET /xingrg/kc/mdqp/qp_main.html HTTP/1.1" 200 10633
114.86.224.130 - - [20/Jan/2022:09:34:28 +0800] "GET /xingrg/images/blue/button/qqpsd.gif HTTP/1.1" 200 2548
114.86.224.130 - - [20/Jan/2022:09:34:28 +0800] "GET /xingrg/images/blue/button/pszx.gif HTTP/1.1" 200 2648
114.86.224.130 - - [20/Jan/2022:09:34:28 +0800] "GET /xingrg/images/blue/button/psshd.gif HTTP/1.1" 200 2692
114.86.224.130 - - [20/Jan/2022:09:34:29 +0800] "GET /xingrg/kc/mdqp/pssh_order_list.html HTTP/1.1" 200 17821
114.86.224.130 - - [20/Jan/2022:09:34:30 +0800] "POST /xingrg/kc/mdqp/pssh_list_operate.html HTTP/1.1" 200 5226
58.39.168.32 - - [20/Jan/2022:09:34:30 +0800] "GET /xingrg/all/function/internal_message.html?_=1642642406450&CODE_STATE=getMsg HTTP/1.1" 200 27
124.78.156.14 - - [20/Jan/2022:09:34:31 +0800] "GET /xingrg/kc/buy/cgsh_order_add.html HTTP/1.1" 200 65398
124.78.156.14 - - [20/Jan/2022:09:34:31 +0800] "GET /xingrg/words/20220120091010_words.js HTTP/1.1" 304 -
124.78.156.14 - - [20/Jan/2022:09:34:31 +0800] "GET /xingrg/javascript/easyui/themes/default/validatebox.css HTTP/1.1" 404 1104
124.78.156.14 - - [20/Jan/2022:09:34:31 +0800] "POST /xingrg/kc/buy/cgsh_order_operate.html HTTP/1.1" 200 8245
114.86.224.130 - - [20/Jan/2022:09:34:32 +0800] "POST /xingrg/kc/mdqp/pssh_list_operate.html HTTP/1.1" 200 354
101.91.60.88 - - [20/Jan/2022:09:34:33 +0800] "GET /xingrg/all/function/internal_message.html?_=1642642003251&CODE_STATE=getMsg HTTP/1.1" 302 -
101.91.60.88 - - [20/Jan/2022:09:34:33 +0800] "GET /xingrg/login.html HTTP/1.1" 200 7641
124.78.156.14 - - [20/Jan/2022:09:34:34 +0800] "GET /xingrg/javascript/easyui/themes/default/tree.css HTTP/1.1" 404 1090
124.78.156.14 - - [20/Jan/2022:09:34:34 +0800] "POST /xingrg/all/common/load_tree.html?tree=supplier_tree_json&isDelete=1 HTTP/1.1" 200 61772
114.86.224.130 - - [20/Jan/2022:09:34:34 +0800] "GET /xingrg/kc/mdqp/pssh_order_info.html?code=312022011800652 HTTP/1.1" 200 17266
114.86.224.130 - - [20/Jan/2022:09:34:34 +0800] "GET /xingrg/words/20220120091010_words.js HTTP/1.1" 200 884239
114.86.224.130 - - [20/Jan/2022:09:34:34 +0800] "GET /xingrg/javascript/jquery_tools/order_manager.js HTTP/1.1" 304 -
114.86.224.130 - - [20/Jan/2022:09:34:34 +0800] "GET /xingrg/javascript/jquery_tools/jquery-1.4.2.min.js HTTP/1.1" 404 1094
114.86.224.130 - - [20/Jan/2022:09:34:34 +0800] "GET /xingrg/javascript/print/kc_print.js HTTP/1.1" 304 -
114.86.224.130 - - [20/Jan/2022:09:34:34 +0800] "GET /xingrg/javascript/convert.js HTTP/1.1" 304 -
114.86.224.130 - - [20/Jan/2022:09:34:34 +0800] "GET /xingrg/javascript/json2.js HTTP/1.1" 304 -
114.86.224.130 - - [20/Jan/2022:09:34:34 +0800] "GET /xingrg/javascript/easyui/themes/icons/ok.png HTTP/1.1" 304 -
114.86.224.130 - - [20/Jan/2022:09:34:34 +0800] "GET /xingrg/javascript/easyui/themes/icons/back_new.png HTTP/1.1" 304 -
114.86.224.130 - - [20/Jan/2022:09:34:34 +0800] "GET /xingrg/javascript/easyui/themes/default/images/menu_downarrow.png HTTP/1.1" 304 -
114.86.224.130 - - [20/Jan/2022:09:34:34 +0800] "GET /xingrg/javascript/easyui/themes/icons/print.png HTTP/1.1" 304 -
114.86.224.130 - - [20/Jan/2022:09:34:35 +0800] "GET /xingrg/javascript/easyui/plugins/jquery.validatebox.js HTTP/1.1" 304 -
114.86.224.130 - - [20/Jan/2022:09:34:35 +0800] "GET /xingrg/javascript/easyui/themes/default/validatebox.css HTTP/1.1" 404 1104
114.86.224.130 - - [20/Jan/2022:09:34:35 +0800] "GET /xingrg/javascript/easyui/plugins/jquery.numberbox.js HTTP/1.1" 304 -
114.86.224.130 - - [20/Jan/2022:09:34:35 +0800] "GET /xingrg/all/common/auto_word.html?type=base&rest_code=00109&rest_code=00109 HTTP/1.1" 200 1907
114.86.224.130 - - [20/Jan/2022:09:34:35 +0800] "GET /xingrg/all/common/auto_word.html?type=employee&rest_code=00109 HTTP/1.1" 200 255
114.86.224.130 - - [20/Jan/2022:09:34:35 +0800] "POST /xingrg/kc/mdqp/pssh_order_operate.html HTTP/1.1" 200 1038
114.86.224.130 - - [20/Jan/2022:09:34:37 +0800] "GET /xingrg/javascript/jquery_tools/images/prev.gif HTTP/1.1" 404 1086
114.86.224.130 - - [20/Jan/2022:09:34:37 +0800] "GET /xingrg/javascript/jquery_tools/images/next.gif HTTP/1.1" 404 1086
58.39.168.32 - - [20/Jan/2022:09:34:37 +0800] "GET /xingrg/all/function/internal_message.html?_=1642642476935&CODE_STATE=getMsg HTTP/1.1" 200 27
114.86.224.130 - - [20/Jan/2022:09:34:39 +0800] "GET /xingrg/javascript/easyui/themes/default/images/button_plain_hover.png HTTP/1.1" 304 -
101.91.60.88 - - [20/Jan/2022:09:34:41 +0800] "GET /xingrg/all/function/internal_message.html?_=1642641763238&CODE_STATE=getMsg HTTP/1.1" 302 -
180.169.147.146 - - [20/Jan/2022:09:34:42 +0800] "GET /xingrg/check_reg.html?_=1642642479845 HTTP/1.1" 200 22
180.169.147.146 - - [20/Jan/2022:09:34:42 +0800] "GET /xingrg/all/function/internal_message.html?_=1642642479843&CODE_STATE=getMsg HTTP/1.1" 200 27
114.86.224.130 - - [20/Jan/2022:09:34:42 +0800] "POST /xingrg/kc/mdqp/pssh_order_operate.html HTTP/1.1" 200 37
180.152.99.39 - - [20/Jan/2022:09:34:43 +0800] "GET /xingrg/all/function/internal_message.html?_=1642642414297&CODE_STATE=getMsg HTTP/1.1" 200 27
101.91.60.88 - - [20/Jan/2022:09:34:43 +0800] "GET /xingrg/login.html HTTP/1.1" 200 7641
120.253.135.82 - - [20/Jan/2022:09:34:44 +0800] "POST /xingrg/kc/buy/cgsh_order_operate.html HTTP/1.1" 200 37
114.86.224.130 - - [20/Jan/2022:09:34:44 +0800] "POST /xingrg/kc/mdqp/pssh_order_operate.html HTTP/1.1" 200 12
114.86.224.130 - - [20/Jan/2022:09:34:45 +0800] "GET /xingrg/kc/mdqp/pssh_order_info.html?code=312022011800652 HTTP/1.1" 200 14378
114.86.224.130 - - [20/Jan/2022:09:34:45 +0800] "GET /xingrg/javascript/jquery_tools/jquery-1.4.2.min.js HTTP/1.1" 404 1094
114.86.224.130 - - [20/Jan/2022:09:34:45 +0800] "GET /xingrg/javascript/easyui/themes/icons/uncheck_new.png HTTP/1.1" 304 -
114.86.224.130 - - [20/Jan/2022:09:34:45 +0800] "POST /xingrg/kc/mdqp/pssh_order_operate.html HTTP/1.1" 200 1038
114.86.224.130 - - [20/Jan/2022:09:34:45 +0800] "GET /xingrg/javascript/easyui/themes/default/validatebox.css HTTP/1.1" 404 1104
124.78.156.14 - - [20/Jan/2022:09:34:47 +0800] "GET /xingrg/all/function/internal_message.html?_=1642642483251&CODE_STATE=getMsg HTTP/1.1" 200 27
114.86.224.130 - - [20/Jan/2022:09:34:47 +0800] "GET /xingrg/kc/print/load_config.html?kc_code=pssh HTTP/1.1" 200 2291
114.86.224.130 - - [20/Jan/2022:09:34:47 +0800] "GET /xingrg/kc/print/load_data.html?order_code=312022011800652&kc_code=pssh&condition= HTTP/1.1" 200 812
120.253.135.82 - - [20/Jan/2022:09:34:47 +0800] "POST /xingrg/kc/buy/cgsh_order_operate.html HTTP/1.1" 200 5256
124.78.156.14 - - [20/Jan/2022:09:34:50 +0800] "GET /xingrg/all/function/internal_message.html?_=1642642490292&CODE_STATE=getMsg HTTP/1.1" 200 27
120.253.135.82 - - [20/Jan/2022:09:34:50 +0800] "GET /xingrg/kc/print/load_config.html?kc_code=cgsh HTTP/1.1" 200 1943
120.253.135.82 - - [20/Jan/2022:09:34:50 +0800] "GET /xingrg/kc/print/load_data.html?order_code=212022012009839&kc_code=cgsh&condition= HTTP/1.1" 200 1818
58.39.168.32 - - [20/Jan/2022:09:34:52 +0800] "GET /favicon.ico HTTP/1.1" 404 -
114.86.224.130 - - [20/Jan/2022:09:34:52 +0800] "GET /xingrg/kc/mdqp/pssh_order_list.html?isBack=1 HTTP/1.1" 200 17821
114.86.224.130 - - [20/Jan/2022:09:34:53 +0800] "POST /xingrg/kc/mdqp/pssh_list_operate.html HTTP/1.1" 200 5254
222.70.178.207 - - [20/Jan/2022:09:34:53 +0800] "GET /xingrg/all/function/internal_message.html?_=1642642491838&CODE_STATE=getMsg HTTP/1.1" 200 27
114.86.224.130 - - [20/Jan/2022:09:34:54 +0800] "POST /xingrg/kc/mdqp/pssh_list_operate.html HTTP/1.1" 200 259
120.253.135.82 - - [20/Jan/2022:09:34:54 +0800] "GET /xingrg/all/function/internal_message.html?_=1642642281291&CODE_STATE=getMsg HTTP/1.1" 200 27
114.86.224.130 - - [20/Jan/2022:09:34:55 +0800] "GET /xingrg/kc/mdqp/pssh_order_info.html?code=312022011700602 HTTP/1.1" 200 17272
114.86.224.130 - - [20/Jan/2022:09:34:55 +0800] "GET /xingrg/javascript/jquery_tools/jquery-1.4.2.min.js HTTP/1.1" 404 1094
114.86.224.130 - - [20/Jan/2022:09:34:55 +0800] "POST /xingrg/kc/mdqp/pssh_order_operate.html HTTP/1.1" 200 529
114.86.224.130 - - [20/Jan/2022:09:34:55 +0800] "GET /xingrg/all/common/auto_word.html?type=base&rest_code=00109&rest_code=00109 HTTP/1.1" 200 1907
114.86.224.130 - - [20/Jan/2022:09:34:55 +0800] "GET /xingrg/all/common/auto_word.html?type=employee&rest_code=00109 HTTP/1.1" 200 255
114.86.224.130 - - [20/Jan/2022:09:34:55 +0800] "GET /xingrg/javascript/easyui/themes/default/validatebox.css HTTP/1.1" 404 1104
101.91.60.11 - - [20/Jan/2022:09:34:56 +0800] "GET /xingrg/all/function/internal_message.html?_=1642642063251&CODE_STATE=getMsg HTTP/1.1" 302 -
101.91.60.11 - - [20/Jan/2022:09:34:57 +0800] "GET /xingrg/login.html HTTP/1.1" 200 7641
222.70.217.149 - - [20/Jan/2022:09:34:58 +0800] "GET /xingrg/check_reg.html?_=1642642479132 HTTP/1.1" 200 22
222.70.217.149 - - [20/Jan/2022:09:34:58 +0800] "GET /xingrg/all/function/internal_message.html?_=1642642479141&CODE_STATE=getMsg HTTP/1.1" 200 27
124.78.156.14 - - [20/Jan/2022:09:35:00 +0800] "GET /xingrg/kc/buy/cgsh_order_operate.html?command=get_materiel&rest_code=00106&code=00101029017&supplier_code=00100017&order_time=2022-01-20 HTTP/1.1" 200 467
114.86.224.130 - - [20/Jan/2022:09:35:04 +0800] "POST /xingrg/kc/mdqp/pssh_order_operate.html HTTP/1.1" 200 37
114.95.98.1 - - [20/Jan/2022:09:35:04 +0800] "GET /xingrg/all/function/internal_message.html?_=1642642522973&CODE_STATE=getMsg HTTP/1.1" 200 27
114.86.224.130 - - [20/Jan/2022:09:35:05 +0800] "POST /xingrg/kc/mdqp/pssh_order_operate.html HTTP/1.1" 200 12
114.86.224.130 - - [20/Jan/2022:09:35:06 +0800] "GET /xingrg/kc/mdqp/pssh_order_info.html?code=312022011700602 HTTP/1.1" 200 14384
114.86.224.130 - - [20/Jan/2022:09:35:06 +0800] "GET /xingrg/javascript/jquery_tools/jquery-1.4.2.min.js HTTP/1.1" 404 1094
114.86.224.130 - - [20/Jan/2022:09:35:06 +0800] "GET /xingrg/javascript/easyui/themes/default/validatebox.css HTTP/1.1" 404 1104
114.86.224.130 - - [20/Jan/2022:09:35:06 +0800] "POST /xingrg/kc/mdqp/pssh_order_operate.html HTTP/1.1" 200 529
180.169.147.146 - - [20/Jan/2022:09:35:07 +0800] "GET /xingrg/all/function/internal_message.html?_=1642642507323&CODE_STATE=getMsg HTTP/1.1" 200 27
114.86.224.130 - - [20/Jan/2022:09:35:07 +0800] "GET /xingrg/kc/print/load_config.html?kc_code=pssh HTTP/1.1" 200 2291
114.86.224.130 - - [20/Jan/2022:09:35:07 +0800] "GET /xingrg/kc/print/load_data.html?order_code=312022011700602&kc_code=pssh&condition= HTTP/1.1" 200 658
222.70.243.96 - - [20/Jan/2022:09:35:08 +0800] "GET /xingrg/all/function/internal_message.html?_=1642642510990&CODE_STATE=getMsg HTTP/1.1" 200 27
114.86.224.130 - - [20/Jan/2022:09:35:12 +0800] "GET /xingrg/kc/mdqp/pssh_order_list.html?isBack=1 HTTP/1.1" 200 17821
114.86.224.130 - - [20/Jan/2022:09:35:12 +0800] "POST /xingrg/kc/mdqp/pssh_list_operate.html HTTP/1.1" 200 5282
114.95.98.1 - - [20/Jan/2022:09:35:13 +0800] "POST /xingrg/kc/buy/cgsh_order_operate.html HTTP/1.1" 200 37
114.86.224.130 - - [20/Jan/2022:09:35:13 +0800] "POST /xingrg/kc/mdqp/pssh_list_operate.html HTTP/1.1" 200 377
114.86.224.130 - - [20/Jan/2022:09:35:14 +0800] "GET /xingrg/all/function/internal_message.html?_=1642642512448&CODE_STATE=getMsg HTTP/1.1" 200 27
180.152.99.73 - - [20/Jan/2022:09:35:14 +0800] "GET /xingrg/all/function/internal_message.html?_=1642642514381&CODE_STATE=getMsg HTTP/1.1" 200 27
114.86.224.130 - - [20/Jan/2022:09:35:15 +0800] "POST /xingrg/kc/mdqp/pssh_list_operate.html HTTP/1.1" 200 1576
114.86.224.130 - - [20/Jan/2022:09:35:15 +0800] "GET /xingrg/kc/mdqp/pssh_order_info.html?code=312022011800653 HTTP/1.1" 200 17266
114.86.224.130 - - [20/Jan/2022:09:35:15 +0800] "GET /xingrg/javascript/jquery_tools/jquery-1.4.2.min.js HTTP/1.1" 404 1094
114.86.224.130 - - [20/Jan/2022:09:35:15 +0800] "GET /xingrg/javascript/easyui/themes/default/validatebox.css HTTP/1.1" 404 1104
114.86.224.130 - - [20/Jan/2022:09:35:15 +0800] "GET /xingrg/all/common/auto_word.html?type=employee&rest_code=00109 HTTP/1.1" 200 255
114.86.224.130 - - [20/Jan/2022:09:35:15 +0800] "GET /xingrg/all/common/auto_word.html?type=base&rest_code=00109&rest_code=00109 HTTP/1.1" 200 1907
114.86.224.130 - - [20/Jan/2022:09:35:15 +0800] "POST /xingrg/kc/mdqp/pssh_order_operate.html HTTP/1.1" 200 1084
114.95.98.1 - - [20/Jan/2022:09:35:19 +0800] "POST /xingrg/kc/buy/cgsh_order_operate.html HTTP/1.1" 200 12
114.95.98.1 - - [20/Jan/2022:09:35:21 +0800] "GET /xingrg/kc/buy/cgsh_order_info.html?code=212022012009838 HTTP/1.1" 200 60254
114.95.98.1 - - [20/Jan/2022:09:35:22 +0800] "GET /xingrg/javascript/easyui/themes/default/validatebox.css HTTP/1.1" 404 1104
114.95.98.1 - - [20/Jan/2022:09:35:23 +0800] "POST /xingrg/kc/buy/cgsh_order_operate.html HTTP/1.1" 200 11312
180.157.251.97 - - [20/Jan/2022:09:35:24 +0800] "GET /xingrg/check_reg.html?_=1642642522806 HTTP/1.1" 302 -
114.86.224.130 - - [20/Jan/2022:09:35:25 +0800] "POST /xingrg/kc/mdqp/pssh_order_operate.html HTTP/1.1" 200 37
114.86.224.130 - - [20/Jan/2022:09:35:26 +0800] "POST /xingrg/kc/mdqp/pssh_order_operate.html HTTP/1.1" 200 12
124.78.156.14 - - [20/Jan/2022:09:35:27 +0800] "GET /xingrg/kc/buy/cgsh_order_operate.html?command=get_materiel&rest_code=00106&code=00101029011&supplier_code=00100017&order_time=2022-01-20 HTTP/1.1" 200 482
114.95.98.1 - - [20/Jan/2022:09:35:27 +0800] "GET /xingrg/kc/print/load_config.html?kc_code=cgsh HTTP/1.1" 200 1943
114.95.98.1 - - [20/Jan/2022:09:35:27 +0800] "GET /xingrg/kc/print/load_data.html?order_code=212022012009838&kc_code=cgsh&condition= HTTP/1.1" 200 4733
114.86.224.130 - - [20/Jan/2022:09:35:28 +0800] "GET /xingrg/kc/mdqp/pssh_order_info.html?code=312022011800653 HTTP/1.1" 200 14380
114.86.224.130 - - [20/Jan/2022:09:35:28 +0800] "GET /xingrg/javascript/jquery_tools/jquery-1.4.2.min.js HTTP/1.1" 404 1094
114.86.224.130 - - [20/Jan/2022:09:35:28 +0800] "POST /xingrg/kc/mdqp/pssh_order_operate.html HTTP/1.1" 200 1084
114.86.224.130 - - [20/Jan/2022:09:35:28 +0800] "GET /xingrg/javascript/easyui/themes/default/validatebox.css HTTP/1.1" 404 1104
114.86.224.130 - - [20/Jan/2022:09:35:29 +0800] "GET /xingrg/kc/print/load_config.html?kc_code=pssh HTTP/1.1" 200 2291
114.86.224.130 - - [20/Jan/2022:09:35:29 +0800] "GET /xingrg/kc/print/load_data.html?order_code=312022011800653&kc_code=pssh&condition= HTTP/1.1" 200 875
58.39.168.32 - - [20/Jan/2022:09:35:30 +0800] "GET /xingrg/all/function/internal_message.html?_=1642642466449&CODE_STATE=getMsg HTTP/1.1" 200 27
114.86.224.130 - - [20/Jan/2022:09:35:33 +0800] "GET /xingrg/kc/mdqp/pssh_order_list.html?isBack=1 HTTP/1.1" 200 17821
114.86.224.130 - - [20/Jan/2022:09:35:34 +0800] "POST /xingrg/kc/mdqp/pssh_list_operate.html HTTP/1.1" 200 5313
114.86.224.130 - - [20/Jan/2022:09:35:35 +0800] "POST /xingrg/kc/mdqp/pssh_list_operate.html HTTP/1.1" 200 783
114.86.224.130 - - [20/Jan/2022:09:35:36 +0800] "POST /xingrg/kc/mdqp/pssh_list_operate.html HTTP/1.1" 200 1576
114.86.224.130 - - [20/Jan/2022:09:35:36 +0800] "GET /xingrg/kc/mdqp/pssh_order_info.html?code=312022011800625 HTTP/1.1" 200 17297
114.86.224.130 - - [20/Jan/2022:09:35:36 +0800] "GET /xingrg/javascript/jquery_tools/jquery-1.4.2.min.js HTTP/1.1" 404 1094
114.86.224.130 - - [20/Jan/2022:09:35:36 +0800] "GET /xingrg/all/common/auto_word.html?type=base&rest_code=00109&rest_code=00109 HTTP/1.1" 200 1907
114.86.224.130 - - [20/Jan/2022:09:35:36 +0800] "GET /xingrg/javascript/easyui/themes/default/validatebox.css HTTP/1.1" 404 1104
114.86.224.130 - - [20/Jan/2022:09:35:36 +0800] "GET /xingrg/all/common/auto_word.html?type=employee&rest_code=00109 HTTP/1.1" 200 255
114.86.224.130 - - [20/Jan/2022:09:35:36 +0800] "POST /xingrg/kc/mdqp/pssh_order_operate.html HTTP/1.1" 200 50069
58.39.168.32 - - [20/Jan/2022:09:35:37 +0800] "GET /xingrg/all/function/internal_message.html?_=1642642536912&CODE_STATE=getMsg HTTP/1.1" 200 27
180.169.147.146 - - [20/Jan/2022:09:35:42 +0800] "GET /xingrg/all/function/internal_message.html?_=1642642539837&CODE_STATE=getMsg HTTP/1.1" 200 27
114.86.224.130 - - [20/Jan/2022:09:35:42 +0800] "POST /xingrg/kc/mdqp/pssh_order_operate.html HTTP/1.1" 200 37
180.152.99.39 - - [20/Jan/2022:09:35:42 +0800] "GET /xingrg/check_reg.html?_=1642642473754 HTTP/1.1" 200 22
180.152.99.39 - - [20/Jan/2022:09:35:43 +0800] "GET /xingrg/all/function/internal_message.html?_=1642642474311&CODE_STATE=getMsg HTTP/1.1" 200 27
114.95.98.1 - - [20/Jan/2022:09:35:43 +0800] "GET /xingrg/kc/buy/cgsh_order_add.html HTTP/1.1" 200 65357
58.37.10.95 - - [20/Jan/2022:09:35:43 +0800] "GET /xingrg/check_reg.html?_=1642642339476 HTTP/1.1" 302 -
114.86.224.130 - - [20/Jan/2022:09:35:44 +0800] "POST /xingrg/kc/mdqp/pssh_order_operate.html HTTP/1.1" 200 12
114.95.98.1 - - [20/Jan/2022:09:35:44 +0800] "POST /xingrg/kc/buy/cgsh_order_operate.html HTTP/1.1" 200 8245
114.86.224.130 - - [20/Jan/2022:09:35:45 +0800] "GET /xingrg/kc/mdqp/pssh_order_info.html?code=312022011800625 HTTP/1.1" 200 14382
114.86.224.130 - - [20/Jan/2022:09:35:45 +0800] "GET /xingrg/javascript/jquery_tools/jquery-1.4.2.min.js HTTP/1.1" 404 1094
114.86.224.130 - - [20/Jan/2022:09:35:45 +0800] "GET /xingrg/javascript/easyui/themes/default/validatebox.css HTTP/1.1" 404 1104
114.86.224.130 - - [20/Jan/2022:09:35:45 +0800] "POST /xingrg/kc/mdqp/pssh_order_operate.html HTTP/1.1" 200 50069
114.95.98.1 - - [20/Jan/2022:09:35:45 +0800] "GET /xingrg/javascript/easyui/themes/default/validatebox.css HTTP/1.1" 404 1104
124.78.156.14 - - [20/Jan/2022:09:35:46 +0800] "GET /xingrg/kc/buy/cgsh_order_operate.html?command=get_materiel&rest_code=00106&code=00101029002&supplier_code=00100017&order_time=2022-01-20 HTTP/1.1" 200 471
114.86.224.130 - - [20/Jan/2022:09:35:47 +0800] "GET /xingrg/kc/print/load_config.html?kc_code=pssh HTTP/1.1" 200 2291
114.86.224.130 - - [20/Jan/2022:09:35:47 +0800] "GET /xingrg/kc/print/load_data.html?order_code=312022011800625&kc_code=pssh&condition= HTTP/1.1" 200 17968
124.78.156.14 - - [20/Jan/2022:09:35:47 +0800] "GET /xingrg/all/function/internal_message.html?_=1642642543266&CODE_STATE=getMsg HTTP/1.1" 200 27
114.95.98.1 - - [20/Jan/2022:09:35:47 +0800] "GET /xingrg/javascript/easyui/plugins/jquery.draggable.js HTTP/1.1" 304 -
114.95.98.1 - - [20/Jan/2022:09:35:47 +0800] "GET /xingrg/css/images/panel_loading.gif HTTP/1.1" 304 -
114.95.98.1 - - [20/Jan/2022:09:35:47 +0800] "GET /xingrg/javascript/easyui/plugins/jquery.droppable.js HTTP/1.1" 304 -
114.95.98.1 - - [20/Jan/2022:09:35:47 +0800] "GET /xingrg/javascript/easyui/themes/default/tree.css HTTP/1.1" 404 1090
114.95.98.1 - - [20/Jan/2022:09:35:47 +0800] "GET /xingrg/javascript/easyui/plugins/jquery.tree.js HTTP/1.1" 304 -
114.95.98.1 - - [20/Jan/2022:09:35:48 +0800] "POST /xingrg/all/common/load_tree.html?tree=supplier_tree_json&isDelete=1 HTTP/1.1" 200 61772
124.78.156.14 - - [20/Jan/2022:09:35:50 +0800] "GET /xingrg/all/function/internal_message.html?_=1642642550297&CODE_STATE=getMsg HTTP/1.1" 200 27
114.95.98.1 - - [20/Jan/2022:09:35:50 +0800] "GET /xingrg/javascript/easyui/themes/default/images/tree_arrows.gif HTTP/1.1" 304 -
114.95.98.1 - - [20/Jan/2022:09:35:51 +0800] "GET /xingrg/javascript/easyui/themes/default/images/tree_folder_open.gif HTTP/1.1" 304 -
114.95.98.1 - - [20/Jan/2022:09:35:51 +0800] "GET /xingrg/javascript/easyui/themes/default/images/tree_folder.gif HTTP/1.1" 304 -
114.95.98.1 - - [20/Jan/2022:09:35:51 +0800] "GET /xingrg/javascript/easyui/themes/default/images/tree_file.gif HTTP/1.1" 304 -
222.70.178.207 - - [20/Jan/2022:09:35:53 +0800] "GET /xingrg/all/function/internal_message.html?_=1642642551821&CODE_STATE=getMsg HTTP/1.1" 200 27
114.86.224.130 - - [20/Jan/2022:09:35:53 +0800] "POST /xingrg/services/DataTransmitService HTTP/1.1" 200 524
120.253.135.82 - - [20/Jan/2022:09:35:55 +0800] "GET /xingrg/all/function/internal_message.html?_=1642642341542&CODE_STATE=getMsg HTTP/1.1" 200 27
101.83.241.190 - - [20/Jan/2022:09:35:56 +0800] "POST /xingrg/services/DataTransmitService HTTP/1.1" 401 565
101.83.241.190 - - [20/Jan/2022:09:35:56 +0800] "POST /xingrg/services/DataTransmitService HTTP/1.1" 200 478
101.83.241.190 - - [20/Jan/2022:09:35:56 +0800] "POST /xingrg/services/DataTransmitService HTTP/1.1" 200 1319
101.83.241.190 - - [20/Jan/2022:09:35:56 +0800] "POST /xingrg/services/DataTransmitService HTTP/1.1" 200 478
101.83.241.190 - - [20/Jan/2022:09:35:56 +0800] "POST /xingrg/services/DataTransmitService HTTP/1.1" 200 1319
101.83.241.190 - - [20/Jan/2022:09:35:56 +0800] "POST /xingrg/services/DataTransmitService HTTP/1.1" 200 524
101.83.241.190 - - [20/Jan/2022:09:35:56 +0800] "POST /xingrg/services/DataTransmitService HTTP/1.1" 200 1983
222.70.243.96 - - [20/Jan/2022:09:35:56 +0800] "GET /xingrg/check_reg.html?_=1642642559191 HTTP/1.1" 200 22
101.83.241.190 - - [20/Jan/2022:09:35:57 +0800] "POST /xingrg/services/DataTransmitService HTTP/1.1" 200 45454
101.83.241.190 - - [20/Jan/2022:09:35:57 +0800] "POST /xingrg/services/DataTransmitService HTTP/1.1" 200 19237
222.70.217.149 - - [20/Jan/2022:09:35:58 +0800] "GET /xingrg/all/function/internal_message.html?_=1642642539136&CODE_STATE=getMsg HTTP/1.1" 200 27
101.83.241.190 - - [20/Jan/2022:09:36:01 +0800] "POST /xingrg/services/DataTransmitService HTTP/1.1" 200 524
101.83.241.190 - - [20/Jan/2022:09:36:01 +0800] "POST /xingrg/services/DataTransmitService HTTP/1.1" 200 1983
114.95.98.1 - - [20/Jan/2022:09:36:04 +0800] "GET /xingrg/all/function/internal_message.html?_=1642642582977&CODE_STATE=getMsg HTTP/1.1" 200 27
114.86.224.130 - - [20/Jan/2022:09:36:06 +0800] "GET /xingrg/kc/mdqp/pssh_order_list.html?isBack=1 HTTP/1.1" 200 17821
114.86.224.130 - - [20/Jan/2022:09:36:06 +0800] "POST /xingrg/kc/mdqp/pssh_list_operate.html HTTP/1.1" 200 5335
180.169.147.146 - - [20/Jan/2022:09:36:07 +0800] "GET /xingrg/all/function/internal_message.html?_=1642642567325&CODE_STATE=getMsg HTTP/1.1" 200 27
114.86.224.130 - - [20/Jan/2022:09:36:07 +0800] "POST /xingrg/kc/mdqp/pssh_list_operate.html HTTP/1.1" 200 594
222.70.243.96 - - [20/Jan/2022:09:36:08 +0800] "GET /xingrg/all/function/internal_message.html?_=1642642570994&CODE_STATE=getMsg HTTP/1.1" 200 27
120.253.135.82 - - [20/Jan/2022:09:36:08 +0800] "POST /xingrg/kc/buy/cgsh_order_operate.html HTTP/1.1" 200 37
114.86.224.130 - - [20/Jan/2022:09:36:09 +0800] "POST /xingrg/kc/mdqp/pssh_list_operate.html HTTP/1.1" 200 1576
114.86.224.130 - - [20/Jan/2022:09:36:09 +0800] "GET /xingrg/kc/mdqp/pssh_order_info.html?code=312022011700605 HTTP/1.1" 200 17272
114.86.224.130 - - [20/Jan/2022:09:36:09 +0800] "GET /xingrg/javascript/jquery_tools/jquery-1.4.2.min.js HTTP/1.1" 404 1094
114.86.224.130 - - [20/Jan/2022:09:36:09 +0800] "POST /xingrg/kc/mdqp/pssh_order_operate.html HTTP/1.1" 200 2134
114.86.224.130 - - [20/Jan/2022:09:36:09 +0800] "GET /xingrg/all/common/auto_word.html?type=base&rest_code=00109&rest_code=00109 HTTP/1.1" 200 1907
114.86.224.130 - - [20/Jan/2022:09:36:09 +0800] "GET /xingrg/javascript/easyui/themes/default/validatebox.css HTTP/1.1" 404 1104
114.86.224.130 - - [20/Jan/2022:09:36:09 +0800] "GET /xingrg/all/common/auto_word.html?type=employee&rest_code=00109 HTTP/1.1" 200 255
180.152.99.73 - - [20/Jan/2022:09:36:12 +0800] "GET /xingrg/kc/buy/cgsh_order_list.html HTTP/1.1" 200 49594
120.253.135.82 - - [20/Jan/2022:09:36:12 +0800] "POST /xingrg/kc/buy/cgsh_order_operate.html HTTP/1.1" 200 12
114.86.224.130 - - [20/Jan/2022:09:36:14 +0800] "GET /xingrg/all/function/internal_message.html?_=1642642572458&CODE_STATE=getMsg HTTP/1.1" 200 27
180.152.99.73 - - [20/Jan/2022:09:36:14 +0800] "GET /xingrg/all/function/internal_message.html?_=1642642574386&CODE_STATE=getMsg HTTP/1.1" 200 27
120.253.135.82 - - [20/Jan/2022:09:36:14 +0800] "GET /xingrg/kc/buy/cgsh_order_info.html?code=212022012009839 HTTP/1.1" 200 59281
180.152.99.73 - - [20/Jan/2022:09:36:15 +0800] "POST /xingrg/kc/buy/cgsh_list_operate.html HTTP/1.1" 200 2052
124.78.156.14 - - [20/Jan/2022:09:36:15 +0800] "GET /xingrg/kc/buy/cgsh_order_operate.html?command=get_materiel&rest_code=00106&code=00101029025&supplier_code=00100017&order_time=2022-01-20 HTTP/1.1" 200 464
180.152.99.73 - - [20/Jan/2022:09:36:16 +0800] "GET /xingrg/kc/buy/cgsh_order_add.html HTTP/1.1" 200 65281
180.152.99.73 - - [20/Jan/2022:09:36:16 +0800] "GET /xingrg/words/20220120091010_words.js HTTP/1.1" 304 -
120.253.135.82 - - [20/Jan/2022:09:36:16 +0800] "GET /xingrg/javascript/easyui/themes/default/validatebox.css HTTP/1.1" 404 1104
180.152.99.73 - - [20/Jan/2022:09:36:16 +0800] "POST /xingrg/kc/buy/cgsh_order_operate.html HTTP/1.1" 200 8245
180.152.99.73 - - [20/Jan/2022:09:36:16 +0800] "GET /xingrg/javascript/easyui/themes/default/validatebox.css HTTP/1.1" 404 1104
120.253.135.82 - - [20/Jan/2022:09:36:17 +0800] "POST /xingrg/kc/buy/cgsh_order_operate.html HTTP/1.1" 200 3205
180.152.99.73 - - [20/Jan/2022:09:36:18 +0800] "GET /xingrg/javascript/auto/indicator.gif HTTP/1.1" 404 1066
58.39.168.32 - - [20/Jan/2022:09:36:23 +0800] "POST /xingrg/services/DataTransmitService HTTP/1.1" 200 524
58.39.168.32 - - [20/Jan/2022:09:36:24 +0800] "POST /xingrg/services/DataTransmitService HTTP/1.1" 200 412
180.152.99.73 - - [20/Jan/2022:09:36:25 +0800] "GET /xingrg/kc/buy/cgsh_order_operate.html?command=get_materiel&rest_code=00150&code=00101005037&supplier_code=00100400&order_time=2022-01-20 HTTP/1.1" 200 409
58.39.168.32 - - [20/Jan/2022:09:36:30 +0800] "GET /xingrg/all/function/internal_message.html?_=1642642526449&CODE_STATE=getMsg HTTP/1.1" 200 27
180.152.99.73 - - [20/Jan/2022:09:36:33 +0800] "GET /xingrg/kc/buy/cgsh_order_operate.html?command=get_materiel&rest_code=00150&code=00101002022&supplier_code=00100400&order_time=2022-01-20 HTTP/1.1" 200 409
58.39.168.32 - - [20/Jan/2022:09:36:37 +0800] "GET /xingrg/all/function/internal_message.html?_=1642642596889&CODE_STATE=getMsg HTTP/1.1" 200 27
180.169.147.146 - - [20/Jan/2022:09:36:42 +0800] "GET /xingrg/all/function/internal_message.html?_=1642642599842&CODE_STATE=getMsg HTTP/1.1" 200 27
180.152.99.73 - - [20/Jan/2022:09:36:43 +0800] "GET /xingrg/kc/buy/cgsh_order_operate.html?command=get_materiel&rest_code=00150&code=00101004010&supplier_code=00100400&order_time=2022-01-20 HTTP/1.1" 200 409
180.152.99.39 - - [20/Jan/2022:09:36:43 +0800] "GET /xingrg/all/function/internal_message.html?_=1642642534325&CODE_STATE=getMsg HTTP/1.1" 200 27
124.78.156.14 - - [20/Jan/2022:09:36:47 +0800] "GET /xingrg/all/function/internal_message.html?_=1642642603258&CODE_STATE=getMsg HTTP/1.1" 200 27
124.78.156.14 - - [20/Jan/2022:09:36:47 +0800] "GET /xingrg/check_reg.html?_=1642642603254 HTTP/1.1" 200 22
124.78.156.14 - - [20/Jan/2022:09:36:50 +0800] "GET /xingrg/all/function/internal_message.html?_=1642642610302&CODE_STATE=getMsg HTTP/1.1" 200 27
180.152.99.73 - - [20/Jan/2022:09:36:52 +0800] "POST /xingrg/kc/buy/cgsh_order_operate.html HTTP/1.1" 200 37
180.157.251.97 - - [20/Jan/2022:09:36:52 +0800] "GET /xingrg/kc/buy/cgsh_order_list.html HTTP/1.1" 302 -
180.157.251.97 - - [20/Jan/2022:09:36:52 +0800] "GET /xingrg/login.html HTTP/1.1" 200 7641
180.157.251.97 - - [20/Jan/2022:09:36:52 +0800] "GET /xingrg/login.html HTTP/1.1" 200 7641
180.157.251.97 - - [20/Jan/2022:09:36:52 +0800] "GET /favicon.ico HTTP/1.1" 404 -
222.70.178.207 - - [20/Jan/2022:09:36:53 +0800] "GET /xingrg/all/function/internal_message.html?_=1642642611804&CODE_STATE=getMsg HTTP/1.1" 200 27
114.95.98.1 - - [20/Jan/2022:09:36:53 +0800] "GET /xingrg/kc/buy/cgsh_order_operate.html?command=get_materiel&rest_code=00102&code=00101005037&supplier_code=00100400&order_time=2022-01-20 HTTP/1.1" 200 409
120.253.135.82 - - [20/Jan/2022:09:36:55 +0800] "GET /xingrg/all/function/internal_message.html?_=1642642401818&CODE_STATE=getMsg HTTP/1.1" 200 27
180.152.99.73 - - [20/Jan/2022:09:36:55 +0800] "POST /xingrg/kc/buy/cgsh_order_operate.html HTTP/1.1" 200 12
180.152.99.73 - - [20/Jan/2022:09:36:56 +0800] "GET /xingrg/kc/buy/cgsh_order_info.html?code=212022012009840 HTTP/1.1" 200 60188
180.152.99.73 - - [20/Jan/2022:09:36:56 +0800] "GET /xingrg/javascript/easyui/themes/default/validatebox.css HTTP/1.1" 404 1104
180.152.99.73 - - [20/Jan/2022:09:36:57 +0800] "POST /xingrg/kc/buy/cgsh_order_operate.html HTTP/1.1" 200 1784
222.70.217.149 - - [20/Jan/2022:09:36:58 +0800] "GET /xingrg/all/function/internal_message.html?_=1642642599132&CODE_STATE=getMsg HTTP/1.1" 200 27
114.86.224.130 - - [20/Jan/2022:09:36:58 +0800] "POST /xingrg/kc/mdqp/pssh_order_operate.html HTTP/1.1" 200 37
114.86.224.130 - - [20/Jan/2022:09:36:59 +0800] "POST /xingrg/kc/mdqp/pssh_order_operate.html HTTP/1.1" 200 12
124.78.156.14 - - [20/Jan/2022:09:37:00 +0800] "POST /xingrg/kc/buy/cgsh_order_operate.html HTTP/1.1" 200 37
180.152.99.73 - - [20/Jan/2022:09:37:00 +0800] "GET /xingrg/kc/print/load_data.html?order_code=212022012009840&kc_code=cgsh&condition= HTTP/1.1" 200 1149
114.86.224.130 - - [20/Jan/2022:09:37:00 +0800] "GET /xingrg/kc/mdqp/pssh_order_info.html?code=312022011700605 HTTP/1.1" 200 14388
114.86.224.130 - - [20/Jan/2022:09:37:00 +0800] "GET /xingrg/javascript/jquery_tools/jquery-1.4.2.min.js HTTP/1.1" 404 1094
114.86.224.130 - - [20/Jan/2022:09:37:00 +0800] "POST /xingrg/kc/mdqp/pssh_order_operate.html HTTP/1.1" 200 2134
114.86.224.130 - - [20/Jan/2022:09:37:00 +0800] "GET /xingrg/javascript/easyui/themes/default/validatebox.css HTTP/1.1" 404 1104
114.95.98.1 - - [20/Jan/2022:09:37:02 +0800] "GET /xingrg/kc/buy/cgsh_order_operate.html?command=get_materiel&rest_code=00102&code=00101002027&supplier_code=00100400&order_time=2022-01-20 HTTP/1.1" 200 434
114.86.224.130 - - [20/Jan/2022:09:37:02 +0800] "GET /xingrg/kc/print/load_config.html?kc_code=pssh HTTP/1.1" 200 2291
114.86.224.130 - - [20/Jan/2022:09:37:02 +0800] "GET /xingrg/kc/print/load_data.html?order_code=312022011700605&kc_code=pssh&condition= HTTP/1.1" 200 1255
124.78.156.14 - - [20/Jan/2022:09:37:03 +0800] "POST /xingrg/kc/buy/cgsh_order_operate.html HTTP/1.1" 200 12
124.78.156.14 - - [20/Jan/2022:09:37:04 +0800] "GET /xingrg/kc/buy/cgsh_order_info.html?code=212022012009841 HTTP/1.1" 200 60305
124.78.156.14 - - [20/Jan/2022:09:37:04 +0800] "GET /xingrg/words/20220120091010_words.js HTTP/1.1" 304 -
124.78.156.14 - - [20/Jan/2022:09:37:04 +0800] "GET /xingrg/javascript/easyui/themes/default/validatebox.css HTTP/1.1" 404 1104
