222.70.178.207 - - [20/Jan/2022:08:51:52 +0800] "GET /xingrg/kc/buy/cgsh_order_operate.html?command=get_materiel&rest_code=00111&code=00101008357&supplier_code=00100005&order_time=2022-01-20 HTTP/1.1" 200 408
120.253.135.82 - - [20/Jan/2022:08:51:56 +0800] "POST /xingrg/kc/base/wldb_order_operate.html HTTP/1.1" 200 37
120.253.135.82 - - [20/Jan/2022:08:51:57 +0800] "POST /xingrg/kc/base/wldb_order_operate.html HTTP/1.1" 200 2194
120.253.135.82 - - [20/Jan/2022:08:51:57 +0800] "GET /xingrg/kc/base/wldb_order_info.html?code=422022012002594 HTTP/1.1" 200 30288
222.70.243.96 - - [20/Jan/2022:08:51:58 +0800] "GET /xingrg/all/function/internal_message.html?_=1642639920473&CODE_STATE=getMsg HTTP/1.1" 200 27
222.70.217.149 - - [20/Jan/2022:08:51:58 +0800] "GET /xingrg/all/function/internal_message.html?_=1642639899124&CODE_STATE=getMsg HTTP/1.1" 200 27
120.253.135.82 - - [20/Jan/2022:08:51:58 +0800] "GET /xingrg/javascript/easyui/themes/default/validatebox.css HTTP/1.1" 404 1104
120.253.135.82 - - [20/Jan/2022:08:51:59 +0800] "POST /xingrg/kc/base/wldb_order_operate.html HTTP/1.1" 200 2194
58.39.168.32 - - [20/Jan/2022:08:51:59 +0800] "GET /xingrg/kc/buy/cgsh_order_operate.html?command=get_materiel&rest_code=00105&code=00101008186&supplier_code=00100203&order_time=2022-01-20 HTTP/1.1" 200 408
222.70.178.207 - - [20/Jan/2022:08:52:01 +0800] "GET /xingrg/kc/buy/cgsh_order_operate.html?command=get_materiel&rest_code=00111&code=00101008069&supplier_code=00100005&order_time=2022-01-20 HTTP/1.1" 200 412
120.253.135.82 - - [20/Jan/2022:08:52:01 +0800] "GET /xingrg/kc/print/load_config.html?kc_code=wldb HTTP/1.1" 200 2173
120.253.135.82 - - [20/Jan/2022:08:52:01 +0800] "GET /xingrg/kc/print/load_data.html?order_code=422022012002594&kc_code=wldb&condition= HTTP/1.1" 200 532
222.70.178.207 - - [20/Jan/2022:08:52:17 +0800] "GET /xingrg/kc/buy/cgsh_order_operate.html?command=get_materiel&rest_code=00111&code=00101008131&supplier_code=00100005&order_time=2022-01-20 HTTP/1.1" 200 408
58.39.168.32 - - [20/Jan/2022:08:52:30 +0800] "GET /xingrg/check_reg.html?_=1642639886428 HTTP/1.1" 200 22
58.39.168.32 - - [20/Jan/2022:08:52:30 +0800] "GET /xingrg/all/function/internal_message.html?_=1642639886431&CODE_STATE=getMsg HTTP/1.1" 200 27
58.39.168.32 - - [20/Jan/2022:08:52:32 +0800] "GET /xingrg/kc/buy/cgsh_order_operate.html?command=get_materiel&rest_code=00105&code=00101008275&supplier_code=00100203&order_time=2022-01-20 HTTP/1.1" 200 417
120.253.135.82 - - [20/Jan/2022:08:52:35 +0800] "GET /xingrg/check_reg.html?_=1642639742221 HTTP/1.1" 200 22
222.70.178.207 - - [20/Jan/2022:08:52:36 +0800] "GET /xingrg/all/function/internal_message.html?_=1642639955031&CODE_STATE=getMsg HTTP/1.1" 200 27
222.70.178.207 - - [20/Jan/2022:08:52:36 +0800] "GET /xingrg/check_reg.html?_=1642639955034 HTTP/1.1" 200 22
58.39.168.32 - - [20/Jan/2022:08:52:37 +0800] "GET /xingrg/check_reg.html?_=1642639956649 HTTP/1.1" 200 22
58.39.168.32 - - [20/Jan/2022:08:52:38 +0800] "GET /xingrg/all/function/internal_message.html?_=1642639957620&CODE_STATE=getMsg HTTP/1.1" 200 27
58.39.168.32 - - [20/Jan/2022:08:52:38 +0800] "GET /xingrg/kc/buy/cgsh_order_operate.html?command=get_materiel&rest_code=00105&code=00101014064&supplier_code=00100203&order_time=2022-01-20 HTTP/1.1" 200 412
222.70.178.207 - - [20/Jan/2022:08:52:46 +0800] "GET /xingrg/kc/buy/cgsh_order_operate.html?command=get_materiel&rest_code=00111&code=00101008005&supplier_code=00100005&order_time=2022-01-20 HTTP/1.1" 200 412
124.78.156.14 - - [20/Jan/2022:08:52:47 +0800] "GET /xingrg/all/function/internal_message.html?_=1642639963233&CODE_STATE=getMsg HTTP/1.1" 200 27
222.70.217.149 - - [20/Jan/2022:08:52:47 +0800] "GET /xingrg/kc/buy/cgsh_order_operate.html?command=get_materiel&rest_code=00155&code=00101001111&supplier_code=00100199&order_time=2022-01-20 HTTP/1.1" 200 409
61.151.179.84 - - [20/Jan/2022:08:52:49 +0800] "GET /xingrg/check_reg.html?_=1642639903230 HTTP/1.1" 302 -
61.151.179.84 - - [20/Jan/2022:08:52:49 +0800] "GET /xingrg/login.html HTTP/1.1" 200 7641
120.253.135.82 - - [20/Jan/2022:08:52:50 +0800] "GET /xingrg/all/function/internal_message.html?_=1642639757525&CODE_STATE=getMsg HTTP/1.1" 200 27
222.70.178.207 - - [20/Jan/2022:08:52:51 +0800] "POST /xingrg/kc/buy/cgsh_order_operate.html HTTP/1.1" 200 2065
222.70.243.96 - - [20/Jan/2022:08:52:53 +0800] "GET /xingrg/kc/buy/cgsh_order_add.html HTTP/1.1" 200 65363
222.70.243.96 - - [20/Jan/2022:08:52:53 +0800] "POST /xingrg/kc/buy/cgsh_order_operate.html HTTP/1.1" 200 8245
222.70.243.96 - - [20/Jan/2022:08:52:54 +0800] "GET /xingrg/javascript/easyui/themes/default/validatebox.css HTTP/1.1" 404 1104
222.70.243.96 - - [20/Jan/2022:08:52:58 +0800] "GET /xingrg/all/function/internal_message.html?_=1642639980487&CODE_STATE=getMsg HTTP/1.1" 200 27
222.70.217.149 - - [20/Jan/2022:08:52:58 +0800] "GET /xingrg/all/function/internal_message.html?_=1642639959144&CODE_STATE=getMsg HTTP/1.1" 200 27
222.70.243.96 - - [20/Jan/2022:08:53:10 +0800] "GET /xingrg/kc/buy/cgsh_order_operate.html?command=get_materiel&rest_code=00146&code=00101030010&supplier_code=00100151&order_time=2022-01-20 HTTP/1.1" 200 432
222.70.178.207 - - [20/Jan/2022:08:53:24 +0800] "GET /xingrg/kc/buy/cgsh_order_operate.html?command=get_materiel&rest_code=00111&code=00101008291&supplier_code=00100005&order_time=2022-01-20 HTTP/1.1" 200 408
222.70.243.96 - - [20/Jan/2022:08:53:27 +0800] "GET /xingrg/kc/buy/cgsh_order_operate.html?command=get_materiel&rest_code=00146&code=00101030013&supplier_code=00100151&order_time=2022-01-20 HTTP/1.1" 200 432
222.70.217.149 - - [20/Jan/2022:08:53:30 +0800] "GET /xingrg/kc/buy/cgsh_order_operate.html?command=get_materiel&rest_code=00155&code=00101001075&supplier_code=00100199&order_time=2022-01-20 HTTP/1.1" 200 409
58.39.168.32 - - [20/Jan/2022:08:53:30 +0800] "GET /xingrg/all/function/internal_message.html?_=1642639946431&CODE_STATE=getMsg HTTP/1.1" 200 27
180.157.251.97 - - [20/Jan/2022:08:53:32 +0800] "GET /xingrg/check_reg.html?_=1642640011457 HTTP/1.1" 302 -
222.70.178.207 - - [20/Jan/2022:08:53:34 +0800] "GET /xingrg/kc/buy/cgsh_order_operate.html?command=get_materiel&rest_code=00111&code=00101008312&supplier_code=00100005&order_time=2022-01-20 HTTP/1.1" 200 412
222.70.178.207 - - [20/Jan/2022:08:53:36 +0800] "GET /xingrg/all/function/internal_message.html?_=1642640015028&CODE_STATE=getMsg HTTP/1.1" 200 27
58.39.168.32 - - [20/Jan/2022:08:53:38 +0800] "GET /xingrg/all/function/internal_message.html?_=1642640017609&CODE_STATE=getMsg HTTP/1.1" 200 27
222.70.243.96 - - [20/Jan/2022:08:53:41 +0800] "GET /xingrg/kc/buy/cgsh_order_operate.html?command=get_materiel&rest_code=00146&code=00101030003&supplier_code=00100151&order_time=2022-01-20 HTTP/1.1" 200 412
222.70.178.207 - - [20/Jan/2022:08:53:44 +0800] "GET /xingrg/kc/buy/cgsh_order_operate.html?command=get_materiel&rest_code=00111&code=00101008633&supplier_code=00100005&order_time=2022-01-20 HTTP/1.1" 200 400
222.70.217.149 - - [20/Jan/2022:08:53:46 +0800] "GET /xingrg/kc/buy/cgsh_order_operate.html?command=get_materiel&rest_code=00155&code=00101010161&supplier_code=00100199&order_time=2022-01-20 HTTP/1.1" 200 411
222.70.178.207 - - [20/Jan/2022:08:53:46 +0800] "POST /xingrg/kc/buy/cgsh_order_operate.html HTTP/1.1" 200 2065
124.78.156.14 - - [20/Jan/2022:08:53:47 +0800] "GET /xingrg/all/function/internal_message.html?_=1642640023232&CODE_STATE=getMsg HTTP/1.1" 200 27
120.253.135.82 - - [20/Jan/2022:08:53:50 +0800] "GET /xingrg/all/function/internal_message.html?_=1642639817539&CODE_STATE=getMsg HTTP/1.1" 200 27
222.70.217.149 - - [20/Jan/2022:08:53:54 +0800] "GET /xingrg/kc/buy/cgsh_order_operate.html?command=get_materiel&rest_code=00155&code=00101002027&supplier_code=00100199&order_time=2022-01-20 HTTP/1.1" 200 434
180.169.147.146 - - [20/Jan/2022:08:53:56 +0800] "GET /xingrg/login.html HTTP/1.1" 200 7641
180.169.147.146 - - [20/Jan/2022:08:53:57 +0800] "GET /favicon.ico HTTP/1.1" 404 -
114.95.98.1 - - [20/Jan/2022:08:53:57 +0800] "GET /favicon.ico HTTP/1.1" 404 -
114.95.98.1 - - [20/Jan/2022:08:53:57 +0800] "GET /favicon.ico HTTP/1.1" 404 -
114.95.98.1 - - [20/Jan/2022:08:53:58 +0800] "GET /favicon.ico HTTP/1.1" 404 -
222.70.217.149 - - [20/Jan/2022:08:53:58 +0800] "GET /xingrg/all/function/internal_message.html?_=1642640019117&CODE_STATE=getMsg HTTP/1.1" 200 27
222.70.217.149 - - [20/Jan/2022:08:53:59 +0800] "GET /xingrg/kc/buy/cgsh_order_operate.html?command=get_materiel&rest_code=00155&code=00101008220&supplier_code=00100199&order_time=2022-01-20 HTTP/1.1" 200 412
222.70.243.96 - - [20/Jan/2022:08:54:01 +0800] "POST /xingrg/kc/buy/cgsh_order_operate.html HTTP/1.1" 200 37
180.169.147.146 - - [20/Jan/2022:08:54:01 +0800] "POST /xingrg/login.do HTTP/1.1" 302 -
180.169.147.146 - - [20/Jan/2022:08:54:01 +0800] "GET /xingrg/index.html?sysBaseUrl=http%3A%2F%2F180.169.147.146%3A18081%2Fxingrg%2F&costTime=45×tamp=1642640041795 HTTP/1.1" 200 17503
180.169.147.146 - - [20/Jan/2022:08:54:01 +0800] "GET /favicon.ico HTTP/1.1" 404 -
180.169.147.146 - - [20/Jan/2022:08:54:02 +0800] "POST /xingrg/all/common/load_tree.html?tree=area_rest_tree_json&manage=1 HTTP/1.1" 200 3472
180.169.147.146 - - [20/Jan/2022:08:54:02 +0800] "GET /xingrg/check_reg.html?_=1642640042456 HTTP/1.1" 200 22
180.169.147.146 - - [20/Jan/2022:08:54:02 +0800] "GET /xingrg/all/function/internal_message.html?_=1642640042454&CODE_STATE=count HTTP/1.1" 200 11
180.169.147.146 - - [20/Jan/2022:08:54:02 +0800] "POST /xingrg/load_menu.html HTTP/1.1" 200 11443
222.70.178.207 - - [20/Jan/2022:08:54:03 +0800] "GET /xingrg/kc/buy/cgsh_order_operate.html?command=get_materiel&rest_code=00111&code=00101008350&supplier_code=00100005&order_time=2022-01-20 HTTP/1.1" 200 408
222.70.217.149 - - [20/Jan/2022:08:54:03 +0800] "GET /xingrg/kc/buy/cgsh_order_operate.html?command=get_materiel&rest_code=00155&code=00101003035&supplier_code=00100199&order_time=2022-01-20 HTTP/1.1" 200 411
222.70.243.96 - - [20/Jan/2022:08:54:05 +0800] "POST /xingrg/kc/buy/cgsh_order_operate.html HTTP/1.1" 200 12
222.70.243.96 - - [20/Jan/2022:08:54:06 +0800] "GET /xingrg/kc/buy/cgsh_order_info.html?code=212022012009814 HTTP/1.1" 200 60262
180.169.147.146 - - [20/Jan/2022:08:54:06 +0800] "POST /xingrg/all/user/operate.html HTTP/1.1" 200 36
222.70.243.96 - - [20/Jan/2022:08:54:06 +0800] "GET /xingrg/javascript/easyui/themes/default/validatebox.css HTTP/1.1" 404 1104
180.169.147.146 - - [20/Jan/2022:08:54:06 +0800] "GET /xingrg/index.html?sysBaseUrl=http%3A%2F%2F180.169.147.146%3A18081%2Fxingrg%2F&costTime=45×tamp=1642640041795 HTTP/1.1" 200 17509
180.169.147.146 - - [20/Jan/2022:08:54:06 +0800] "GET /xingrg/javascript/jquery_easy_ui/themes/default/easyui.css HTTP/1.1" 304 -
180.169.147.146 - - [20/Jan/2022:08:54:06 +0800] "GET /xingrg/javascript/jquery_easy_ui/themes/icon.css HTTP/1.1" 304 -
180.169.147.146 - - [20/Jan/2022:08:54:06 +0800] "GET /xingrg/css/form.css HTTP/1.1" 304 -
180.169.147.146 - - [20/Jan/2022:08:54:06 +0800] "GET /xingrg/javascript/jquery-1.4.2.min.js HTTP/1.1" 304 -
180.169.147.146 - - [20/Jan/2022:08:54:06 +0800] "GET /xingrg/javascript/jquery_easy_ui/jquery.easyui.min.js HTTP/1.1" 304 -
180.169.147.146 - - [20/Jan/2022:08:54:06 +0800] "GET /xingrg/javascript/jquery_easy_ui/easyui-lang-zh_CN.js HTTP/1.1" 304 -
180.169.147.146 - - [20/Jan/2022:08:54:06 +0800] "GET /xingrg/javascript/jquery.form.js HTTP/1.1" 304 -
180.169.147.146 - - [20/Jan/2022:08:54:06 +0800] "GET /xingrg/javascript/jquery.utils.js HTTP/1.1" 304 -
180.169.147.146 - - [20/Jan/2022:08:54:06 +0800] "GET /xingrg/javascript/jquery.timers.js HTTP/1.1" 304 -
180.169.147.146 - - [20/Jan/2022:08:54:06 +0800] "GET /xingrg/images/blue/jxLogo.png HTTP/1.1" 304 -
180.169.147.146 - - [20/Jan/2022:08:54:06 +0800] "GET /xingrg/images/blue/navBackgound.jpg HTTP/1.1" 304 -
180.169.147.146 - - [20/Jan/2022:08:54:06 +0800] "GET /xingrg/javascript/jquery_easy_ui/themes/icons/settle_new.png HTTP/1.1" 304 -
180.169.147.146 - - [20/Jan/2022:08:54:06 +0800] "POST /xingrg/all/common/load_tree.html?tree=area_rest_tree_json&manage=1 HTTP/1.1" 200 3472
180.169.147.146 - - [20/Jan/2022:08:54:06 +0800] "GET /xingrg/check_reg.html?_=1642640047317 HTTP/1.1" 200 22
180.169.147.146 - - [20/Jan/2022:08:54:06 +0800] "GET /xingrg/all/function/internal_message.html?_=1642640047316&CODE_STATE=count HTTP/1.1" 200 11
180.169.147.146 - - [20/Jan/2022:08:54:06 +0800] "GET /xingrg/javascript/jquery_easy_ui/themes/default/images/tabs_rightarrow.png HTTP/1.1" 304 -
180.169.147.146 - - [20/Jan/2022:08:54:06 +0800] "GET /xingrg/javascript/jquery_easy_ui/themes/default/images/panel_tool_expand.gif HTTP/1.1" 304 -
180.169.147.146 - - [20/Jan/2022:08:54:06 +0800] "GET /xingrg/javascript/jquery_easy_ui/themes/default/images/panel_tool_collapse.gif HTTP/1.1" 304 -
180.169.147.146 - - [20/Jan/2022:08:54:06 +0800] "GET /xingrg/images/blue/pingpu.png HTTP/1.1" 304 -
180.169.147.146 - - [20/Jan/2022:08:54:06 +0800] "GET /xingrg/javascript/jquery_easy_ui/themes/default/images/tabs_leftarrow.png HTTP/1.1" 304 -
180.169.147.146 - - [20/Jan/2022:08:54:06 +0800] "POST /xingrg/load_menu.html HTTP/1.1" 200 9959
222.70.243.96 - - [20/Jan/2022:08:54:07 +0800] "GET /xingrg/all/function/internal_message.html?_=1642640049361&CODE_STATE=getMsg HTTP/1.1" 200 27
222.70.243.96 - - [20/Jan/2022:08:54:07 +0800] "POST /xingrg/kc/buy/cgsh_order_operate.html HTTP/1.1" 200 1790
180.169.147.146 - - [20/Jan/2022:08:54:09 +0800] "GET /xingrg/kc/buy/cgsh_order_list.html HTTP/1.1" 200 49849
222.70.243.96 - - [20/Jan/2022:08:54:09 +0800] "GET /xingrg/kc/print/load_data.html?order_code=212022012009814&kc_code=cgsh&condition= HTTP/1.1" 200 1133
180.169.147.146 - - [20/Jan/2022:08:54:10 +0800] "POST /xingrg/kc/buy/cgsh_list_operate.html HTTP/1.1" 200 876
222.70.217.149 - - [20/Jan/2022:08:54:12 +0800] "GET /xingrg/kc/buy/cgsh_order_operate.html?command=get_materiel&rest_code=00155&code=00101002041&supplier_code=00100199&order_time=2022-01-20 HTTP/1.1" 200 409
222.70.178.207 - - [20/Jan/2022:08:54:14 +0800] "GET /xingrg/kc/buy/cgsh_order_operate.html?command=get_materiel&rest_code=00111&code=00101008036&supplier_code=00100005&order_time=2022-01-20 HTTP/1.1" 200 408
180.169.147.146 - - [20/Jan/2022:08:54:17 +0800] "GET /xingrg/javascript/auto/indicator.gif HTTP/1.1" 404 1066
222.70.217.149 - - [20/Jan/2022:08:54:18 +0800] "GET /xingrg/kc/buy/cgsh_order_operate.html?command=get_materiel&rest_code=00155&code=00101002007&supplier_code=00100199&order_time=2022-01-20 HTTP/1.1" 200 409
120.253.135.82 - - [20/Jan/2022:08:54:20 +0800] "GET /xingrg/check_reg.html?_=1642640057477 HTTP/1.1" 302 -
222.70.178.207 - - [20/Jan/2022:08:54:21 +0800] "GET /xingrg/kc/buy/cgsh_order_operate.html?command=get_materiel&rest_code=00111&code=00101009030&supplier_code=00100005&order_time=2022-01-20 HTTP/1.1" 200 412
180.169.147.146 - - [20/Jan/2022:08:54:24 +0800] "POST /xingrg/kc/buy/cgsh_list_operate.html HTTP/1.1" 200 2083
222.70.217.149 - - [20/Jan/2022:08:54:24 +0800] "GET /xingrg/kc/buy/cgsh_order_operate.html?command=get_materiel&rest_code=00155&code=00101002006&supplier_code=00100199&order_time=2022-01-20 HTTP/1.1" 200 414
180.169.147.146 - - [20/Jan/2022:08:54:27 +0800] "POST /xingrg/kc/buy/cgsh_list_operate.html HTTP/1.1" 200 202
180.169.147.146 - - [20/Jan/2022:08:54:29 +0800] "POST /xingrg/kc/buy/cgsh_list_operate.html HTTP/1.1" 200 637
222.70.217.149 - - [20/Jan/2022:08:54:29 +0800] "POST /xingrg/kc/buy/cgsh_order_operate.html HTTP/1.1" 200 37
58.39.168.32 - - [20/Jan/2022:08:54:30 +0800] "GET /xingrg/all/function/internal_message.html?_=1642640006431&CODE_STATE=getMsg HTTP/1.1" 200 27
180.169.147.146 - - [20/Jan/2022:08:54:33 +0800] "POST /xingrg/kc/buy/cgsh_list_operate.html HTTP/1.1" 200 4
222.70.217.149 - - [20/Jan/2022:08:54:34 +0800] "POST /xingrg/kc/buy/cgsh_order_operate.html HTTP/1.1" 200 6799
222.70.217.149 - - [20/Jan/2022:08:54:35 +0800] "GET /xingrg/kc/print/load_data.html?order_code=212022012009815&kc_code=cgsh&condition= HTTP/1.1" 200 2255
222.70.178.207 - - [20/Jan/2022:08:54:36 +0800] "GET /xingrg/kc/buy/cgsh_order_operate.html?command=get_materiel&rest_code=00111&code=00101008356&supplier_code=00100005&order_time=2022-01-20 HTTP/1.1" 200 408
222.70.178.207 - - [20/Jan/2022:08:54:36 +0800] "GET /xingrg/all/function/internal_message.html?_=1642640075119&CODE_STATE=getMsg HTTP/1.1" 200 27
180.169.147.146 - - [20/Jan/2022:08:54:36 +0800] "POST /xingrg/kc/buy/cgsh_list_operate.html HTTP/1.1" 200 1706
58.39.168.32 - - [20/Jan/2022:08:54:38 +0800] "GET /xingrg/all/function/internal_message.html?_=1642640077572&CODE_STATE=getMsg HTTP/1.1" 200 27
124.78.156.14 - - [20/Jan/2022:08:54:47 +0800] "GET /xingrg/all/function/internal_message.html?_=1642640083231&CODE_STATE=getMsg HTTP/1.1" 200 27
222.70.178.207 - - [20/Jan/2022:08:54:50 +0800] "POST /xingrg/kc/buy/cgsh_order_operate.html HTTP/1.1" 200 2065
120.253.135.82 - - [20/Jan/2022:08:54:51 +0800] "GET /xingrg/all/function/internal_message.html?_=1642639877779&CODE_STATE=getMsg HTTP/1.1" 200 27
222.70.217.149 - - [20/Jan/2022:08:54:58 +0800] "GET /xingrg/all/function/internal_message.html?_=1642640079139&CODE_STATE=getMsg HTTP/1.1" 200 27
222.70.217.149 - - [20/Jan/2022:08:54:58 +0800] "GET /xingrg/check_reg.html?_=1642640079140 HTTP/1.1" 200 22
222.70.178.207 - - [20/Jan/2022:08:54:58 +0800] "GET /xingrg/kc/buy/cgsh_order_operate.html?command=get_materiel&rest_code=00111&code=00101008137&supplier_code=00100005&order_time=2022-01-20 HTTP/1.1" 200 408
180.169.147.146 - - [20/Jan/2022:08:55:06 +0800] "GET /xingrg/all/function/internal_message.html?_=1642640107327&CODE_STATE=getMsg HTTP/1.1" 200 27
180.152.99.73 - - [20/Jan/2022:08:55:07 +0800] "GET /xingrg/check_reg.html?_=1642640106505 HTTP/1.1" 302 -
222.70.243.96 - - [20/Jan/2022:08:55:07 +0800] "GET /xingrg/all/function/internal_message.html?_=1642640109375&CODE_STATE=getMsg HTTP/1.1" 200 27
222.70.178.207 - - [20/Jan/2022:08:55:15 +0800] "GET /xingrg/kc/buy/cgsh_order_operate.html?command=get_materiel&rest_code=00111&code=00101008323&supplier_code=00100005&order_time=2022-01-20 HTTP/1.1" 200 408
58.39.168.32 - - [20/Jan/2022:08:55:30 +0800] "GET /xingrg/all/function/internal_message.html?_=1642640066432&CODE_STATE=getMsg HTTP/1.1" 200 27
222.70.178.207 - - [20/Jan/2022:08:55:36 +0800] "GET /xingrg/all/function/internal_message.html?_=1642640135132&CODE_STATE=getMsg HTTP/1.1" 200 27
58.39.168.32 - - [20/Jan/2022:08:55:38 +0800] "GET /xingrg/all/function/internal_message.html?_=1642640137549&CODE_STATE=getMsg HTTP/1.1" 200 27
222.70.178.207 - - [20/Jan/2022:08:55:42 +0800] "POST /xingrg/kc/buy/cgsh_order_operate.html HTTP/1.1" 200 2065
124.78.156.14 - - [20/Jan/2022:08:55:47 +0800] "GET /xingrg/all/function/internal_message.html?_=1642640143229&CODE_STATE=getMsg HTTP/1.1" 200 27
222.70.178.207 - - [20/Jan/2022:08:55:47 +0800] "GET /xingrg/kc/buy/cgsh_order_operate.html?command=get_materiel&rest_code=00111&code=00101013165&supplier_code=00100005&order_time=2022-01-20 HTTP/1.1" 200 409
120.253.135.82 - - [20/Jan/2022:08:55:51 +0800] "GET /xingrg/all/function/internal_message.html?_=1642639937785&CODE_STATE=getMsg HTTP/1.1" 200 27
222.70.243.96 - - [20/Jan/2022:08:55:56 +0800] "GET /xingrg/check_reg.html?_=1642640159071 HTTP/1.1" 200 22
222.70.217.149 - - [20/Jan/2022:08:55:58 +0800] "GET /xingrg/all/function/internal_message.html?_=1642640139127&CODE_STATE=getMsg HTTP/1.1" 200 27
222.70.178.207 - - [20/Jan/2022:08:56:00 +0800] "GET /xingrg/kc/buy/cgsh_order_operate.html?command=get_materiel&rest_code=00111&code=00101020152&supplier_code=00100005&order_time=2022-01-20 HTTP/1.1" 200 416
180.169.147.146 - - [20/Jan/2022:08:56:06 +0800] "GET /xingrg/all/function/internal_message.html?_=1642640167331&CODE_STATE=getMsg HTTP/1.1" 200 27
222.70.243.96 - - [20/Jan/2022:08:56:07 +0800] "GET /xingrg/all/function/internal_message.html?_=1642640169390&CODE_STATE=getMsg HTTP/1.1" 200 27
222.70.178.207 - - [20/Jan/2022:08:56:08 +0800] "GET /xingrg/kc/buy/cgsh_order_operate.html?command=get_materiel&rest_code=00111&code=00101008236&supplier_code=00100005&order_time=2022-01-20 HTTP/1.1" 200 417
222.70.178.207 - - [20/Jan/2022:08:56:16 +0800] "GET /xingrg/kc/buy/cgsh_order_operate.html?command=get_materiel&rest_code=00111&code=00101008168&supplier_code=00100005&order_time=2022-01-20 HTTP/1.1" 200 413
58.39.168.32 - - [20/Jan/2022:08:56:30 +0800] "GET /xingrg/all/function/internal_message.html?_=1642640126432&CODE_STATE=getMsg HTTP/1.1" 200 27
222.70.178.207 - - [20/Jan/2022:08:56:31 +0800] "GET /xingrg/kc/buy/cgsh_order_operate.html?command=get_materiel&rest_code=00111&code=00101008171&supplier_code=00100005&order_time=2022-01-20 HTTP/1.1" 200 421
222.70.178.207 - - [20/Jan/2022:08:56:35 +0800] "POST /xingrg/kc/buy/cgsh_order_operate.html HTTP/1.1" 200 2065
222.70.178.207 - - [20/Jan/2022:08:56:36 +0800] "GET /xingrg/all/function/internal_message.html?_=1642640195103&CODE_STATE=getMsg HTTP/1.1" 200 27
58.39.168.32 - - [20/Jan/2022:08:56:38 +0800] "GET /xingrg/all/function/internal_message.html?_=1642640197530&CODE_STATE=getMsg HTTP/1.1" 200 27
124.78.156.14 - - [20/Jan/2022:08:56:47 +0800] "GET /xingrg/all/function/internal_message.html?_=1642640203230&CODE_STATE=getMsg HTTP/1.1" 200 27
124.78.156.14 - - [20/Jan/2022:08:56:47 +0800] "GET /xingrg/check_reg.html?_=1642640203231 HTTP/1.1" 200 22
222.70.178.207 - - [20/Jan/2022:08:56:48 +0800] "GET /xingrg/kc/buy/cgsh_order_operate.html?command=get_materiel&rest_code=00111&code=00101015004&supplier_code=00100005&order_time=2022-01-20 HTTP/1.1" 200 408
120.253.135.82 - - [20/Jan/2022:08:56:51 +0800] "GET /xingrg/all/function/internal_message.html?_=1642639997797&CODE_STATE=getMsg HTTP/1.1" 200 27
222.70.217.149 - - [20/Jan/2022:08:56:58 +0800] "GET /xingrg/all/function/internal_message.html?_=1642640199128&CODE_STATE=getMsg HTTP/1.1" 200 27
222.70.178.207 - - [20/Jan/2022:08:56:59 +0800] "GET /xingrg/kc/buy/cgsh_order_operate.html?command=get_materiel&rest_code=00111&code=00101008223&supplier_code=00100005&order_time=2022-01-20 HTTP/1.1" 200 412
180.169.147.146 - - [20/Jan/2022:08:57:06 +0800] "GET /xingrg/all/function/internal_message.html?_=1642640227318&CODE_STATE=getMsg HTTP/1.1" 200 27
222.70.243.96 - - [20/Jan/2022:08:57:07 +0800] "GET /xingrg/all/function/internal_message.html?_=1642640229403&CODE_STATE=getMsg HTTP/1.1" 200 27
222.70.243.96 - - [20/Jan/2022:08:57:09 +0800] "POST /xingrg/services/DataTransmitService HTTP/1.1" 200 524
222.70.243.96 - - [20/Jan/2022:08:57:10 +0800] "POST /xingrg/services/DataTransmitService HTTP/1.1" 200 412
222.70.217.149 - - [20/Jan/2022:08:57:13 +0800] "POST /xingrg/services/DataTransmitService HTTP/1.1" 200 524
120.253.135.82 - - [20/Jan/2022:08:57:18 +0800] "POST /xingrg/kc/base/wldb_order_operate.html HTTP/1.1" 200 37
120.253.135.82 - - [20/Jan/2022:08:57:20 +0800] "POST /xingrg/kc/base/wldb_order_operate.html HTTP/1.1" 200 12
120.253.135.82 - - [20/Jan/2022:08:57:20 +0800] "POST /xingrg/kc/base/wldb_order_operate.html HTTP/1.1" 200 2194
222.70.178.207 - - [20/Jan/2022:08:57:20 +0800] "POST /xingrg/kc/buy/cgsh_order_operate.html HTTP/1.1" 200 2065
120.253.135.82 - - [20/Jan/2022:08:57:24 +0800] "GET /xingrg/kc/base/wldb_order_info.html?code=422022012002594 HTTP/1.1" 200 26152
120.253.135.82 - - [20/Jan/2022:08:57:26 +0800] "GET /xingrg/javascript/easyui/themes/default/validatebox.css HTTP/1.1" 404 1104
120.253.135.82 - - [20/Jan/2022:08:57:26 +0800] "POST /xingrg/kc/base/wldb_order_operate.html HTTP/1.1" 200 487
222.70.178.207 - - [20/Jan/2022:08:57:27 +0800] "GET /xingrg/kc/buy/cgsh_order_operate.html?command=get_materiel&rest_code=00111&code=00101008095&supplier_code=00100005&order_time=2022-01-20 HTTP/1.1" 200 412
58.39.168.32 - - [20/Jan/2022:08:57:30 +0800] "GET /xingrg/check_reg.html?_=1642640186432 HTTP/1.1" 200 22
58.39.168.32 - - [20/Jan/2022:08:57:30 +0800] "GET /xingrg/all/function/internal_message.html?_=1642640186435&CODE_STATE=getMsg HTTP/1.1" 200 27
120.253.135.82 - - [20/Jan/2022:08:57:31 +0800] "POST /xingrg/kc/base/wldb_list_operate.html HTTP/1.1" 200 928
120.253.135.82 - - [20/Jan/2022:08:57:35 +0800] "GET /xingrg/check_reg.html?_=1642640042227 HTTP/1.1" 200 22
222.70.178.207 - - [20/Jan/2022:08:57:36 +0800] "GET /xingrg/check_reg.html?_=1642640255017 HTTP/1.1" 200 22
222.70.178.207 - - [20/Jan/2022:08:57:36 +0800] "GET /xingrg/all/function/internal_message.html?_=1642640255083&CODE_STATE=getMsg HTTP/1.1" 200 27
222.70.178.207 - - [20/Jan/2022:08:57:36 +0800] "GET /xingrg/kc/buy/cgsh_order_operate.html?command=get_materiel&rest_code=00111&code=00101008110&supplier_code=00100005&order_time=2022-01-20 HTTP/1.1" 200 408
58.39.168.32 - - [20/Jan/2022:08:57:37 +0800] "GET /xingrg/check_reg.html?_=1642640256643 HTTP/1.1" 200 22
58.39.168.32 - - [20/Jan/2022:08:57:38 +0800] "GET /xingrg/all/function/internal_message.html?_=1642640257500&CODE_STATE=getMsg HTTP/1.1" 200 27
222.70.178.207 - - [20/Jan/2022:08:57:45 +0800] "GET /xingrg/kc/buy/cgsh_order_operate.html?command=get_materiel&rest_code=00111&code=00101008114&supplier_code=00100005&order_time=2022-01-20 HTTP/1.1" 200 413
120.253.135.82 - - [20/Jan/2022:08:57:45 +0800] "GET /xingrg/kc/report/report_main.html HTTP/1.1" 200 8599
124.78.156.14 - - [20/Jan/2022:08:57:47 +0800] "GET /xingrg/all/function/internal_message.html?_=1642640263229&CODE_STATE=getMsg HTTP/1.1" 200 27
120.253.135.82 - - [20/Jan/2022:08:57:47 +0800] "GET /xingrg/kc/base/kc_stocks.html HTTP/1.1" 200 16437
120.253.135.82 - - [20/Jan/2022:08:57:47 +0800] "GET /xingrg/javascript/easyui/themes/default/tree.css HTTP/1.1" 404 1090
120.253.135.82 - - [20/Jan/2022:08:57:47 +0800] "POST /xingrg/all/common/load_tree.html?tree=materiel_sort_tree_json HTTP/1.1" 200 9388
120.253.135.82 - - [20/Jan/2022:08:57:51 +0800] "GET /xingrg/all/function/internal_message.html?_=1642640057812&CODE_STATE=getMsg HTTP/1.1" 200 27
222.70.217.149 - - [20/Jan/2022:08:57:58 +0800] "GET /xingrg/all/function/internal_message.html?_=1642640259124&CODE_STATE=getMsg HTTP/1.1" 200 27
120.253.135.82 - - [20/Jan/2022:08:57:58 +0800] "POST /xingrg/kc/base/stock_operate.html HTTP/1.1" 200 1715
101.91.60.88 - - [20/Jan/2022:08:58:03 +0800] "GET /xingrg/all/function/internal_message.html?_=1642640083231&CODE_STATE=getMsg HTTP/1.1" 302 -
222.70.178.207 - - [20/Jan/2022:08:58:04 +0800] "POST /xingrg/kc/buy/cgsh_order_operate.html HTTP/1.1" 200 37
101.91.60.88 - - [20/Jan/2022:08:58:06 +0800] "GET /xingrg/login.html HTTP/1.1" 200 7641
180.169.147.146 - - [20/Jan/2022:08:58:06 +0800] "GET /xingrg/all/function/internal_message.html?_=1642640287320&CODE_STATE=getMsg HTTP/1.1" 200 27
222.70.243.96 - - [20/Jan/2022:08:58:07 +0800] "GET /xingrg/all/function/internal_message.html?_=1642640289486&CODE_STATE=getMsg HTTP/1.1" 200 27
222.70.178.207 - - [20/Jan/2022:08:58:08 +0800] "POST /xingrg/kc/buy/cgsh_order_operate.html HTTP/1.1" 200 42265
222.70.178.207 - - [20/Jan/2022:08:58:10 +0800] "GET /xingrg/kc/print/load_config.html?kc_code=cgsh HTTP/1.1" 200 1943
222.70.178.207 - - [20/Jan/2022:08:58:10 +0800] "GET /xingrg/kc/print/load_data.html?order_code=212022012009816&kc_code=cgsh&condition= HTTP/1.1" 200 15661
58.39.168.32 - - [20/Jan/2022:08:58:30 +0800] "GET /xingrg/all/function/internal_message.html?_=1642640246436&CODE_STATE=getMsg HTTP/1.1" 200 27
180.157.251.97 - - [20/Jan/2022:08:58:32 +0800] "GET /xingrg/check_reg.html?_=1642640311469 HTTP/1.1" 302 -
101.80.226.190 - - [20/Jan/2022:08:58:33 +0800] "POST /xingrg/services/DataTransmitService HTTP/1.1" 200 524
222.70.178.207 - - [20/Jan/2022:08:58:36 +0800] "GET /xingrg/all/function/internal_message.html?_=1642640315079&CODE_STATE=getMsg HTTP/1.1" 200 27
58.39.168.32 - - [20/Jan/2022:08:58:38 +0800] "GET /xingrg/all/function/internal_message.html?_=1642640317488&CODE_STATE=getMsg HTTP/1.1" 200 27
222.70.178.207 - - [20/Jan/2022:08:58:45 +0800] "GET /xingrg/css/new_ie.css HTTP/1.1" 404 1036
222.70.178.207 - - [20/Jan/2022:08:58:45 +0800] "GET /favicon.ico HTTP/1.1" 404 -
124.78.156.14 - - [20/Jan/2022:08:58:47 +0800] "GET /xingrg/all/function/internal_message.html?_=1642640323227&CODE_STATE=getMsg HTTP/1.1" 200 27
120.253.135.82 - - [20/Jan/2022:08:58:51 +0800] "GET /xingrg/all/function/internal_message.html?_=1642640117826&CODE_STATE=getMsg HTTP/1.1" 200 27
222.70.178.207 - - [20/Jan/2022:08:58:53 +0800] "POST /xingrg/login.do HTTP/1.1" 302 -
222.70.178.207 - - [20/Jan/2022:08:58:53 +0800] "GET /xingrg/index.html?sysBaseUrl=http%3A%2F%2F180.169.147.146%3A18081%2Fxingrg%2F&costTime=41×tamp=1642640333186 HTTP/1.1" 200 17173
222.70.178.207 - - [20/Jan/2022:08:58:53 +0800] "GET /favicon.ico HTTP/1.1" 404 -
222.70.178.207 - - [20/Jan/2022:08:58:53 +0800] "POST /xingrg/all/common/load_tree.html?tree=area_rest_tree_json&manage=1 HTTP/1.1" 200 342
222.70.178.207 - - [20/Jan/2022:08:58:53 +0800] "GET /xingrg/check_reg.html?_=1642640332192 HTTP/1.1" 200 22
222.70.178.207 - - [20/Jan/2022:08:58:53 +0800] "GET /xingrg/all/function/internal_message.html?_=1642640332191&CODE_STATE=count HTTP/1.1" 200 11
222.70.178.207 - - [20/Jan/2022:08:58:53 +0800] "POST /xingrg/load_menu.html HTTP/1.1" 200 5138
222.70.178.207 - - [20/Jan/2022:08:58:56 +0800] "GET /xingrg/kc/buy/buy_main.html HTTP/1.1" 200 12412
222.70.178.207 - - [20/Jan/2022:08:58:56 +0800] "GET /xingrg/css/new_ie.css HTTP/1.1" 404 1036
58.39.168.32 - - [20/Jan/2022:08:58:56 +0800] "GET /xingrg/kc/buy/cgsh_order_operate.html?command=get_materiel&rest_code=00105&code=00101008230&supplier_code=00100203&order_time=2022-01-20 HTTP/1.1" 200 408
222.70.178.207 - - [20/Jan/2022:08:58:56 +0800] "GET /xingrg/images/yd/bt.gif HTTP/1.1" 404 1040
222.70.178.207 - - [20/Jan/2022:08:58:57 +0800] "GET /xingrg/kc/buy/cgsh_order_list.html HTTP/1.1" 200 49588
222.70.217.149 - - [20/Jan/2022:08:58:58 +0800] "GET /xingrg/all/function/internal_message.html?_=1642640319126&CODE_STATE=getMsg HTTP/1.1" 200 27
222.70.178.207 - - [20/Jan/2022:08:58:59 +0800] "POST /xingrg/kc/buy/cgsh_list_operate.html HTTP/1.1" 200 1690
222.70.178.207 - - [20/Jan/2022:08:59:01 +0800] "GET /xingrg/kc/buy/cgsh_order_add.html HTTP/1.1" 200 65319
222.70.178.207 - - [20/Jan/2022:08:59:01 +0800] "POST /xingrg/kc/buy/cgsh_order_operate.html HTTP/1.1" 200 8245
222.70.178.207 - - [20/Jan/2022:08:59:01 +0800] "GET /xingrg/javascript/easyui/themes/default/validatebox.css HTTP/1.1" 404 1104
222.70.178.207 - - [20/Jan/2022:08:59:03 +0800] "GET /xingrg/javascript/auto/indicator.gif HTTP/1.1" 404 1066
222.70.178.207 - - [20/Jan/2022:08:59:04 +0800] "GET /xingrg/javascript/jquery_tools/images/prev.gif HTTP/1.1" 404 1086
222.70.178.207 - - [20/Jan/2022:08:59:04 +0800] "GET /xingrg/javascript/jquery_tools/images/next.gif HTTP/1.1" 404 1086
58.39.168.32 - - [20/Jan/2022:08:59:06 +0800] "GET /xingrg/kc/buy/cgsh_order_operate.html?command=get_materiel&rest_code=00105&code=00101008036&supplier_code=00100203&order_time=2022-01-20 HTTP/1.1" 200 408
180.169.147.146 - - [20/Jan/2022:08:59:06 +0800] "GET /xingrg/check_reg.html?_=1642640347322 HTTP/1.1" 200 22
180.169.147.146 - - [20/Jan/2022:08:59:06 +0800] "GET /xingrg/all/function/internal_message.html?_=1642640347323&CODE_STATE=getMsg HTTP/1.1" 200 27
222.70.243.96 - - [20/Jan/2022:08:59:07 +0800] "GET /xingrg/all/function/internal_message.html?_=1642640349492&CODE_STATE=getMsg HTTP/1.1" 200 27
222.70.178.207 - - [20/Jan/2022:08:59:15 +0800] "GET /xingrg/kc/buy/cgsh_order_operate.html?command=get_materiel&rest_code=00111&code=00101003003&supplier_code=00100467&order_time=2022-01-20 HTTP/1.1" 200 416
61.151.207.205 - - [20/Jan/2022:08:59:18 +0800] "GET /xingrg/all/function/internal_message.html?_=1642634083151&CODE_STATE=getMsg HTTP/1.1" 302 -
120.253.135.82 - - [20/Jan/2022:08:59:20 +0800] "GET /xingrg/check_reg.html?_=1642640357454 HTTP/1.1" 302 -
61.151.207.205 - - [20/Jan/2022:08:59:22 +0800] "GET /xingrg/login.html HTTP/1.1" 200 7641
222.70.178.207 - - [20/Jan/2022:08:59:27 +0800] "GET /xingrg/kc/buy/cgsh_order_operate.html?command=get_materiel&rest_code=00111&code=00102026001&supplier_code=00100467&order_time=2022-01-20 HTTP/1.1" 200 409
58.39.168.32 - - [20/Jan/2022:08:59:30 +0800] "GET /xingrg/kc/buy/cgsh_order_operate.html?command=get_materiel&rest_code=00105&code=00101016122&supplier_code=00100203&order_time=2022-01-20 HTTP/1.1" 200 395
58.39.168.32 - - [20/Jan/2022:08:59:30 +0800] "GET /xingrg/all/function/internal_message.html?_=1642640306436&CODE_STATE=getMsg HTTP/1.1" 200 27
222.70.178.207 - - [20/Jan/2022:08:59:36 +0800] "POST /xingrg/kc/buy/cgsh_order_operate.html HTTP/1.1" 200 37
222.70.178.207 - - [20/Jan/2022:08:59:37 +0800] "POST /xingrg/kc/buy/cgsh_order_operate.html HTTP/1.1" 200 3257
58.39.168.32 - - [20/Jan/2022:08:59:38 +0800] "GET /xingrg/all/function/internal_message.html?_=1642640377553&CODE_STATE=getMsg HTTP/1.1" 200 27
222.70.178.207 - - [20/Jan/2022:08:59:39 +0800] "GET /xingrg/kc/print/load_data.html?order_code=212022012009817&kc_code=cgsh&condition= HTTP/1.1" 200 895
58.39.168.32 - - [20/Jan/2022:08:59:41 +0800] "GET /xingrg/kc/buy/cgsh_order_operate.html?command=get_materiel&rest_code=00105&code=00101008176&supplier_code=00100203&order_time=2022-01-20 HTTP/1.1" 200 413
58.39.168.32 - - [20/Jan/2022:08:59:44 +0800] "POST /xingrg/kc/buy/cgsh_order_operate.html HTTP/1.1" 200 2065
58.39.168.32 - - [20/Jan/2022:08:59:47 +0800] "POST /xingrg/kc/buy/cgsh_order_operate.html HTTP/1.1" 200 2065
124.78.156.14 - - [20/Jan/2022:08:59:47 +0800] "GET /xingrg/all/function/internal_message.html?_=1642640383226&CODE_STATE=getMsg HTTP/1.1" 200 27
58.39.168.32 - - [20/Jan/2022:08:59:48 +0800] "POST /xingrg/kc/buy/cgsh_order_operate.html HTTP/1.1" 200 2065
120.253.135.82 - - [20/Jan/2022:08:59:51 +0800] "GET /xingrg/all/function/internal_message.html?_=1642640177839&CODE_STATE=getMsg HTTP/1.1" 200 27
222.70.178.207 - - [20/Jan/2022:08:59:53 +0800] "GET /xingrg/all/function/internal_message.html?_=1642640392203&CODE_STATE=getMsg HTTP/1.1" 200 27
58.39.168.32 - - [20/Jan/2022:08:59:56 +0800] "GET /xingrg/kc/buy/cgsh_order_operate.html?command=get_materiel&rest_code=00105&code=00101008027&supplier_code=00100203&order_time=2022-01-20 HTTP/1.1" 200 408
222.70.217.149 - - [20/Jan/2022:08:59:58 +0800] "GET /xingrg/all/function/internal_message.html?_=1642640379132&CODE_STATE=getMsg HTTP/1.1" 200 27
222.70.217.149 - - [20/Jan/2022:08:59:58 +0800] "GET /xingrg/check_reg.html?_=1642640379144 HTTP/1.1" 200 22
58.39.168.32 - - [20/Jan/2022:09:00:04 +0800] "GET /xingrg/kc/buy/cgsh_order_operate.html?command=get_materiel&rest_code=00105&code=00101008055&supplier_code=00100203&order_time=2022-01-20 HTTP/1.1" 200 409
120.253.135.82 - - [20/Jan/2022:09:00:06 +0800] "POST /xingrg/kc/base/stock_operate.html HTTP/1.1" 200 765
180.169.147.146 - - [20/Jan/2022:09:00:06 +0800] "GET /xingrg/all/function/internal_message.html?_=1642640407323&CODE_STATE=getMsg HTTP/1.1" 200 27
180.152.99.73 - - [20/Jan/2022:09:00:07 +0800] "GET /xingrg/check_reg.html?_=1642640406501 HTTP/1.1" 302 -
222.70.243.96 - - [20/Jan/2022:09:00:07 +0800] "GET /xingrg/all/function/internal_message.html?_=1642640409577&CODE_STATE=getMsg HTTP/1.1" 200 27
101.89.239.238 - - [20/Jan/2022:09:00:09 +0800] "GET /xingrg/check_reg.html?_=1642640203231 HTTP/1.1" 302 -
101.89.239.245 - - [20/Jan/2022:09:00:10 +0800] "GET /xingrg/all/function/internal_message.html?_=1642640203230&CODE_STATE=getMsg HTTP/1.1" 302 -
101.89.239.238 - - [20/Jan/2022:09:00:10 +0800] "GET /xingrg/login.html HTTP/1.1" 200 7641
101.89.239.245 - - [20/Jan/2022:09:00:10 +0800] "GET /xingrg/login.html HTTP/1.1" 200 7641
58.39.168.32 - - [20/Jan/2022:09:00:15 +0800] "GET /xingrg/kc/buy/cgsh_order_operate.html?command=get_materiel&rest_code=00105&code=00101008080&supplier_code=00100203&order_time=2022-01-20 HTTP/1.1" 200 416
120.253.135.82 - - [20/Jan/2022:09:00:17 +0800] "POST /xingrg/kc/base/stock_operate.html HTTP/1.1" 200 765
58.39.168.32 - - [20/Jan/2022:09:00:24 +0800] "GET /xingrg/kc/buy/cgsh_order_operate.html?command=get_materiel&rest_code=00105&code=00101008350&supplier_code=00100203&order_time=2022-01-20 HTTP/1.1" 200 408
120.253.135.82 - - [20/Jan/2022:09:00:24 +0800] "POST /xingrg/kc/base/stock_operate.html HTTP/1.1" 200 1441
180.157.251.97 - - [20/Jan/2022:09:00:24 +0800] "GET /xingrg/check_reg.html?_=1642640422927 HTTP/1.1" 302 -
180.157.251.97 - - [20/Jan/2022:09:00:24 +0800] "GET /xingrg/login.html HTTP/1.1" 200 7641
58.39.168.32 - - [20/Jan/2022:09:00:30 +0800] "GET /xingrg/all/function/internal_message.html?_=1642640366436&CODE_STATE=getMsg HTTP/1.1" 200 27
58.39.168.32 - - [20/Jan/2022:09:00:38 +0800] "GET /xingrg/all/function/internal_message.html?_=1642640437525&CODE_STATE=getMsg HTTP/1.1" 200 27
124.78.156.14 - - [20/Jan/2022:09:00:47 +0800] "GET /xingrg/all/function/internal_message.html?_=1642640443225&CODE_STATE=getMsg HTTP/1.1" 200 27
120.253.135.82 - - [20/Jan/2022:09:00:51 +0800] "GET /xingrg/all/function/internal_message.html?_=1642640237852&CODE_STATE=getMsg HTTP/1.1" 200 27
222.70.178.207 - - [20/Jan/2022:09:00:53 +0800] "GET /xingrg/all/function/internal_message.html?_=1642640452203&CODE_STATE=getMsg HTTP/1.1" 200 27
222.70.243.96 - - [20/Jan/2022:09:00:56 +0800] "GET /xingrg/check_reg.html?_=1642640459067 HTTP/1.1" 200 22
58.39.168.32 - - [20/Jan/2022:09:00:58 +0800] "GET /xingrg/kc/buy/cgsh_order_operate.html?command=get_materiel&rest_code=00105&code=00101008244&supplier_code=00100203&order_time=2022-01-20 HTTP/1.1" 200 408
222.70.217.149 - - [20/Jan/2022:09:00:58 +0800] "GET /xingrg/all/function/internal_message.html?_=1642640439129&CODE_STATE=getMsg HTTP/1.1" 200 27
180.169.147.146 - - [20/Jan/2022:09:01:06 +0800] "GET /xingrg/all/function/internal_message.html?_=1642640467326&CODE_STATE=getMsg HTTP/1.1" 200 27
222.70.243.96 - - [20/Jan/2022:09:01:07 +0800] "GET /xingrg/all/function/internal_message.html?_=1642640469581&CODE_STATE=getMsg HTTP/1.1" 200 27
58.39.168.32 - - [20/Jan/2022:09:01:07 +0800] "GET /xingrg/kc/buy/cgsh_order_operate.html?command=get_materiel&rest_code=00105&code=00101008112&supplier_code=00100203&order_time=2022-01-20 HTTP/1.1" 200 412
58.39.168.32 - - [20/Jan/2022:09:01:30 +0800] "GET /xingrg/all/function/internal_message.html?_=1642640426437&CODE_STATE=getMsg HTTP/1.1" 200 27
58.39.168.32 - - [20/Jan/2022:09:01:38 +0800] "GET /xingrg/all/function/internal_message.html?_=1642640497520&CODE_STATE=getMsg HTTP/1.1" 200 27
58.39.168.32 - - [20/Jan/2022:09:01:44 +0800] "GET /xingrg/kc/buy/cgsh_order_operate.html?command=get_materiel&rest_code=00105&code=00101008096&supplier_code=00100203&order_time=2022-01-20 HTTP/1.1" 200 413
222.70.178.207 - - [20/Jan/2022:09:01:45 +0800] "GET /xingrg/kc/buy/cgsh_order_add.html HTTP/1.1" 200 65319
222.70.178.207 - - [20/Jan/2022:09:01:45 +0800] "POST /xingrg/kc/buy/cgsh_order_operate.html HTTP/1.1" 200 8245
222.70.178.207 - - [20/Jan/2022:09:01:45 +0800] "GET /xingrg/javascript/easyui/themes/default/validatebox.css HTTP/1.1" 404 1104
124.78.156.14 - - [20/Jan/2022:09:01:47 +0800] "GET /xingrg/check_reg.html?_=1642640503228 HTTP/1.1" 200 22
124.78.156.14 - - [20/Jan/2022:09:01:47 +0800] "GET /xingrg/all/function/internal_message.html?_=1642640503226&CODE_STATE=getMsg HTTP/1.1" 200 27
120.253.135.82 - - [20/Jan/2022:09:01:51 +0800] "GET /xingrg/all/function/internal_message.html?_=1642640298064&CODE_STATE=getMsg HTTP/1.1" 200 27
222.70.178.207 - - [20/Jan/2022:09:01:53 +0800] "GET /xingrg/all/function/internal_message.html?_=1642640512210&CODE_STATE=getMsg HTTP/1.1" 200 27
222.70.178.207 - - [20/Jan/2022:09:01:57 +0800] "GET /xingrg/kc/buy/cgsh_order_operate.html?command=get_materiel&rest_code=00111&code=00101006057&supplier_code=00100012&order_time=2022-01-20 HTTP/1.1" 200 413
222.70.217.149 - - [20/Jan/2022:09:01:58 +0800] "GET /xingrg/all/function/internal_message.html?_=1642640499122&CODE_STATE=getMsg HTTP/1.1" 200 27
58.39.168.32 - - [20/Jan/2022:09:02:00 +0800] "GET /xingrg/kc/buy/cgsh_order_operate.html?command=get_materiel&rest_code=00105&code=00101008038&supplier_code=00100203&order_time=2022-01-20 HTTP/1.1" 200 412
180.169.147.146 - - [20/Jan/2022:09:02:06 +0800] "GET /xingrg/all/function/internal_message.html?_=1642640527330&CODE_STATE=getMsg HTTP/1.1" 200 27
222.70.243.96 - - [20/Jan/2022:09:02:07 +0800] "GET /xingrg/all/function/internal_message.html?_=1642640529596&CODE_STATE=getMsg HTTP/1.1" 200 27
222.70.178.207 - - [20/Jan/2022:09:02:07 +0800] "GET /xingrg/kc/buy/cgsh_order_operate.html?command=get_materiel&rest_code=00111&code=00101006058&supplier_code=00100012&order_time=2022-01-20 HTTP/1.1" 200 413
58.39.168.32 - - [20/Jan/2022:09:02:08 +0800] "GET /xingrg/kc/buy/cgsh_order_operate.html?command=get_materiel&rest_code=00105&code=00101008088&supplier_code=00100203&order_time=2022-01-20 HTTP/1.1" 200 408
58.39.168.32 - - [20/Jan/2022:09:02:20 +0800] "GET /xingrg/kc/buy/cgsh_order_operate.html?command=get_materiel&rest_code=00105&code=00101008224&supplier_code=00100203&order_time=2022-01-20 HTTP/1.1" 200 416
58.39.168.32 - - [20/Jan/2022:09:02:23 +0800] "POST /xingrg/kc/buy/cgsh_order_operate.html HTTP/1.1" 200 2065
58.39.168.32 - - [20/Jan/2022:09:02:27 +0800] "POST /xingrg/kc/buy/cgsh_order_operate.html HTTP/1.1" 200 2065
58.39.168.32 - - [20/Jan/2022:09:02:30 +0800] "GET /xingrg/check_reg.html?_=1642640486423 HTTP/1.1" 200 22
58.39.168.32 - - [20/Jan/2022:09:02:30 +0800] "GET /xingrg/all/function/internal_message.html?_=1642640486426&CODE_STATE=getMsg HTTP/1.1" 200 27
120.253.135.82 - - [20/Jan/2022:09:02:35 +0800] "GET /xingrg/check_reg.html?_=1642640342232 HTTP/1.1" 200 22
58.39.168.32 - - [20/Jan/2022:09:02:37 +0800] "GET /xingrg/check_reg.html?_=1642640556780 HTTP/1.1" 200 22
58.39.168.32 - - [20/Jan/2022:09:02:37 +0800] "GET /xingrg/kc/buy/cgsh_order_operate.html?command=get_materiel&rest_code=00105&code=00101013021&supplier_code=00100203&order_time=2022-01-20 HTTP/1.1" 200 412
58.39.168.32 - - [20/Jan/2022:09:02:37 +0800] "GET /xingrg/all/function/internal_message.html?_=1642640557488&CODE_STATE=getMsg HTTP/1.1" 200 27
124.78.156.14 - - [20/Jan/2022:09:02:47 +0800] "GET /xingrg/all/function/internal_message.html?_=1642640563227&CODE_STATE=getMsg HTTP/1.1" 200 27
58.39.168.32 - - [20/Jan/2022:09:02:48 +0800] "GET /xingrg/kc/buy/cgsh_order_operate.html?command=get_materiel&rest_code=00105&code=00101008003&supplier_code=00100203&order_time=2022-01-20 HTTP/1.1" 200 408
120.253.135.82 - - [20/Jan/2022:09:02:51 +0800] "GET /xingrg/all/function/internal_message.html?_=1642640358067&CODE_STATE=getMsg HTTP/1.1" 200 27
222.70.178.207 - - [20/Jan/2022:09:02:53 +0800] "GET /xingrg/all/function/internal_message.html?_=1642640572202&CODE_STATE=getMsg HTTP/1.1" 200 27
222.70.217.149 - - [20/Jan/2022:09:02:58 +0800] "GET /xingrg/all/function/internal_message.html?_=1642640559138&CODE_STATE=getMsg HTTP/1.1" 200 27
222.70.178.207 - - [20/Jan/2022:09:02:58 +0800] "GET /xingrg/kc/buy/cgsh_order_operate.html?command=get_materiel&rest_code=00111&code=00101006087&supplier_code=00100012&order_time=2022-01-20 HTTP/1.1" 200 409
58.39.168.32 - - [20/Jan/2022:09:03:06 +0800] "GET /xingrg/kc/buy/cgsh_order_operate.html?command=get_materiel&rest_code=00105&code=00101008212&supplier_code=00100203&order_time=2022-01-20 HTTP/1.1" 200 412
180.169.147.146 - - [20/Jan/2022:09:03:06 +0800] "GET /xingrg/all/function/internal_message.html?_=1642640587335&CODE_STATE=getMsg HTTP/1.1" 200 27
222.70.178.207 - - [20/Jan/2022:09:03:07 +0800] "GET /xingrg/kc/buy/cgsh_order_operate.html?command=get_materiel&rest_code=00111&code=00101006084&supplier_code=00100012&order_time=2022-01-20 HTTP/1.1" 200 413
222.70.243.96 - - [20/Jan/2022:09:03:07 +0800] "GET /xingrg/all/function/internal_message.html?_=1642640589689&CODE_STATE=getMsg HTTP/1.1" 200 27
58.39.168.32 - - [20/Jan/2022:09:03:13 +0800] "GET /xingrg/kc/buy/cgsh_order_operate.html?command=get_materiel&rest_code=00105&code=00101008251&supplier_code=00100203&order_time=2022-01-20 HTTP/1.1" 200 408
222.70.178.207 - - [20/Jan/2022:09:03:20 +0800] "GET /xingrg/kc/buy/cgsh_order_operate.html?command=get_materiel&rest_code=00111&code=00101006038&supplier_code=00100012&order_time=2022-01-20 HTTP/1.1" 200 421
58.39.168.32 - - [20/Jan/2022:09:03:21 +0800] "GET /xingrg/kc/buy/cgsh_order_operate.html?command=get_materiel&rest_code=00105&code=00101008357&supplier_code=00100203&order_time=2022-01-20 HTTP/1.1" 200 408
58.39.168.32 - - [20/Jan/2022:09:03:30 +0800] "GET /xingrg/all/function/internal_message.html?_=1642640546426&CODE_STATE=getMsg HTTP/1.1" 200 27
222.70.178.207 - - [20/Jan/2022:09:03:30 +0800] "GET /xingrg/kc/buy/cgsh_order_operate.html?command=get_materiel&rest_code=00111&code=00101018011&supplier_code=00100012&order_time=2022-01-20 HTTP/1.1" 200 413
180.157.251.97 - - [20/Jan/2022:09:03:32 +0800] "GET /xingrg/check_reg.html?_=1642640611449 HTTP/1.1" 302 -
58.39.168.32 - - [20/Jan/2022:09:03:38 +0800] "GET /xingrg/all/function/internal_message.html?_=1642640617582&CODE_STATE=getMsg HTTP/1.1" 200 27
222.70.178.207 - - [20/Jan/2022:09:03:42 +0800] "POST /xingrg/kc/buy/cgsh_order_operate.html HTTP/1.1" 200 37
222.70.178.207 - - [20/Jan/2022:09:03:44 +0800] "POST /xingrg/kc/buy/cgsh_order_operate.html HTTP/1.1" 200 5631
222.70.178.207 - - [20/Jan/2022:09:03:46 +0800] "GET /xingrg/kc/print/load_data.html?order_code=212022012009818&kc_code=cgsh&condition= HTTP/1.1" 200 1908
124.78.156.14 - - [20/Jan/2022:09:03:47 +0800] "GET /xingrg/all/function/internal_message.html?_=1642640623226&CODE_STATE=getMsg HTTP/1.1" 200 27
120.253.135.82 - - [20/Jan/2022:09:03:51 +0800] "GET /xingrg/all/function/internal_message.html?_=1642640418080&CODE_STATE=getMsg HTTP/1.1" 200 27
222.70.178.207 - - [20/Jan/2022:09:03:53 +0800] "GET /xingrg/check_reg.html?_=1642640632208 HTTP/1.1" 200 22
222.70.178.207 - - [20/Jan/2022:09:03:53 +0800] "GET /xingrg/all/function/internal_message.html?_=1642640632210&CODE_STATE=getMsg HTTP/1.1" 200 27
58.39.168.32 - - [20/Jan/2022:09:03:54 +0800] "POST /xingrg/kc/buy/cgsh_order_operate.html HTTP/1.1" 200 2065
58.39.168.32 - - [20/Jan/2022:09:03:55 +0800] "POST /xingrg/kc/buy/cgsh_order_operate.html HTTP/1.1" 200 2065
222.70.217.149 - - [20/Jan/2022:09:03:58 +0800] "GET /xingrg/all/function/internal_message.html?_=1642640619139&CODE_STATE=getMsg HTTP/1.1" 200 27
58.39.168.32 - - [20/Jan/2022:09:04:05 +0800] "GET /xingrg/kc/buy/cgsh_order_operate.html?command=get_materiel&rest_code=00105&code=00101008108&supplier_code=00100203&order_time=2022-01-20 HTTP/1.1" 200 412
180.169.147.146 - - [20/Jan/2022:09:04:06 +0800] "GET /xingrg/check_reg.html?_=1642640647321 HTTP/1.1" 200 22
180.169.147.146 - - [20/Jan/2022:09:04:06 +0800] "GET /xingrg/all/function/internal_message.html?_=1642640647323&CODE_STATE=getMsg HTTP/1.1" 200 27
222.70.243.96 - - [20/Jan/2022:09:04:07 +0800] "GET /xingrg/all/function/internal_message.html?_=1642640649701&CODE_STATE=getMsg HTTP/1.1" 200 27
222.70.178.207 - - [20/Jan/2022:09:04:13 +0800] "GET /xingrg/kc/buy/cgsh_order_add.html HTTP/1.1" 200 65319
222.70.178.207 - - [20/Jan/2022:09:04:13 +0800] "POST /xingrg/kc/buy/cgsh_order_operate.html HTTP/1.1" 200 8245
222.70.178.207 - - [20/Jan/2022:09:04:13 +0800] "GET /xingrg/javascript/easyui/themes/default/validatebox.css HTTP/1.1" 404 1104
120.253.135.82 - - [20/Jan/2022:09:04:20 +0800] "GET /xingrg/check_reg.html?_=1642640657432 HTTP/1.1" 302 -
58.39.168.32 - - [20/Jan/2022:09:04:25 +0800] "GET /xingrg/kc/buy/cgsh_order_operate.html?command=get_materiel&rest_code=00105&code=00101008098&supplier_code=00100203&order_time=2022-01-20 HTTP/1.1" 200 412
222.70.178.207 - - [20/Jan/2022:09:04:29 +0800] "GET /xingrg/kc/buy/cgsh_order_operate.html?command=get_materiel&rest_code=00111&code=00101006185&supplier_code=00100004&order_time=2022-01-20 HTTP/1.1" 200 419
58.39.168.32 - - [20/Jan/2022:09:04:30 +0800] "GET /xingrg/all/function/internal_message.html?_=1642640606425&CODE_STATE=getMsg HTTP/1.1" 200 27
58.39.168.32 - - [20/Jan/2022:09:04:37 +0800] "GET /xingrg/all/function/internal_message.html?_=1642640677428&CODE_STATE=getMsg HTTP/1.1" 200 27
124.78.156.14 - - [20/Jan/2022:09:04:47 +0800] "GET /xingrg/all/function/internal_message.html?_=1642640683225&CODE_STATE=getMsg HTTP/1.1" 200 27
120.253.135.82 - - [20/Jan/2022:09:04:51 +0800] "GET /xingrg/all/function/internal_message.html?_=1642640478308&CODE_STATE=getMsg HTTP/1.1" 200 27
222.70.178.207 - - [20/Jan/2022:09:04:53 +0800] "GET /xingrg/all/function/internal_message.html?_=1642640692210&CODE_STATE=getMsg HTTP/1.1" 200 27
222.70.217.149 - - [20/Jan/2022:09:04:58 +0800] "GET /xingrg/all/function/internal_message.html?_=1642640679135&CODE_STATE=getMsg HTTP/1.1" 200 27
222.70.217.149 - - [20/Jan/2022:09:04:58 +0800] "GET /xingrg/check_reg.html?_=1642640679138 HTTP/1.1" 200 22
180.169.147.146 - - [20/Jan/2022:09:05:06 +0800] "GET /xingrg/all/function/internal_message.html?_=1642640707324&CODE_STATE=getMsg HTTP/1.1" 200 27
180.152.99.73 - - [20/Jan/2022:09:05:07 +0800] "GET /xingrg/check_reg.html?_=1642640706519 HTTP/1.1" 302 -
222.70.243.96 - - [20/Jan/2022:09:05:07 +0800] "GET /xingrg/all/function/internal_message.html?_=1642640709786&CODE_STATE=getMsg HTTP/1.1" 200 27
58.39.168.32 - - [20/Jan/2022:09:05:10 +0800] "GET /xingrg/kc/buy/cgsh_order_operate.html?command=get_materiel&rest_code=00105&code=00101008213&supplier_code=00100203&order_time=2022-01-20 HTTP/1.1" 200 412
58.39.168.32 - - [20/Jan/2022:09:05:20 +0800] "GET /xingrg/kc/buy/cgsh_order_operate.html?command=get_materiel&rest_code=00105&code=00101008305&supplier_code=00100203&order_time=2022-01-20 HTTP/1.1" 200 412
180.152.99.39 - - [20/Jan/2022:09:05:20 +0800] "GET /favicon.ico HTTP/1.1" 404 -
180.157.251.97 - - [20/Jan/2022:09:05:24 +0800] "GET /xingrg/check_reg.html?_=1642640722906 HTTP/1.1" 302 -
180.152.99.39 - - [20/Jan/2022:09:05:25 +0800] "GET /xingrg/login.html HTTP/1.1" 200 7641
180.152.99.39 - - [20/Jan/2022:09:05:26 +0800] "GET /favicon.ico HTTP/1.1" 404 -
180.152.99.39 - - [20/Jan/2022:09:05:27 +0800] "POST /xingrg/login.do HTTP/1.1" 302 -
