58.39.168.32 - - [20/Jan/2022:09:17:48 +0800] "POST /xingrg/kc/buy/cgsh_order_operate.html HTTP/1.1" 200 37
58.39.168.32 - - [20/Jan/2022:09:17:49 +0800] "POST /xingrg/kc/buy/cgsh_order_operate.html HTTP/1.1" 200 57665
124.78.156.14 - - [20/Jan/2022:09:17:50 +0800] "GET /xingrg/all/function/internal_message.html?_=1642641470244&CODE_STATE=getMsg HTTP/1.1" 200 27
180.152.99.39 - - [20/Jan/2022:09:17:50 +0800] "GET /xingrg/kc/buy/cgsh_order_operate.html?command=get_materiel&rest_code=00151&code=00101016038&supplier_code=00100007&order_time=2022-01-20 HTTP/1.1" 200 408
180.152.99.73 - - [20/Jan/2022:09:17:53 +0800] "GET /xingrg/kc/buy/cgsh_order_operate.html?command=get_materiel&rest_code=00150&code=00101008110&supplier_code=00100007&order_time=2022-01-20 HTTP/1.1" 200 408
120.253.135.82 - - [20/Jan/2022:09:17:53 +0800] "GET /xingrg/all/function/internal_message.html?_=1642641259846&CODE_STATE=getMsg HTTP/1.1" 200 27
222.70.178.207 - - [20/Jan/2022:09:17:53 +0800] "GET /xingrg/all/function/internal_message.html?_=1642641472103&CODE_STATE=getMsg HTTP/1.1" 200 27
222.70.217.149 - - [20/Jan/2022:09:17:58 +0800] "GET /xingrg/all/function/internal_message.html?_=1642641459132&CODE_STATE=getMsg HTTP/1.1" 200 27
180.152.99.73 - - [20/Jan/2022:09:17:59 +0800] "GET /xingrg/kc/buy/cgsh_order_operate.html?command=get_materiel&rest_code=00150&code=00101008283&supplier_code=00100007&order_time=2022-01-20 HTTP/1.1" 200 408
180.152.99.39 - - [20/Jan/2022:09:18:03 +0800] "GET /xingrg/kc/buy/cgsh_order_operate.html?command=get_materiel&rest_code=00151&code=00101008352&supplier_code=00100007&order_time=2022-01-20 HTTP/1.1" 200 412
180.152.99.39 - - [20/Jan/2022:09:18:06 +0800] "GET /xingrg/system/info/materiel_import.html?isSelect=1&singleSelect=false HTTP/1.1" 200 5600
180.152.99.39 - - [20/Jan/2022:09:18:06 +0800] "GET /xingrg/css/blue.css HTTP/1.1" 304 -
180.152.99.39 - - [20/Jan/2022:09:18:06 +0800] "GET /xingrg/css/xtree.css HTTP/1.1" 304 -
180.152.99.39 - - [20/Jan/2022:09:18:06 +0800] "GET /xingrg/javascript/jquery_ui/themes/base/base.css HTTP/1.1" 304 -
180.152.99.39 - - [20/Jan/2022:09:18:06 +0800] "GET /xingrg/javascript/jquery_easy_ui/themes/icons/search.png HTTP/1.1" 304 -
180.152.99.39 - - [20/Jan/2022:09:18:06 +0800] "GET /xingrg/javascript/jquery_easy_ui/themes/icons/edit_add.png HTTP/1.1" 304 -
180.152.99.39 - - [20/Jan/2022:09:18:06 +0800] "GET /xingrg/javascript/jquery_easy_ui/themes/default/images/datagrid_header_bg.gif HTTP/1.1" 304 -
180.152.99.73 - - [20/Jan/2022:09:18:06 +0800] "GET /xingrg/kc/buy/cgsh_order_operate.html?command=get_materiel&rest_code=00150&code=00101008199&supplier_code=00100007&order_time=2022-01-20 HTTP/1.1" 200 408
180.152.99.39 - - [20/Jan/2022:09:18:06 +0800] "GET /xingrg/javascript/jquery_easy_ui/themes/default/images/pagination_first.gif HTTP/1.1" 304 -
180.152.99.39 - - [20/Jan/2022:09:18:06 +0800] "GET /xingrg/javascript/jquery_easy_ui/themes/default/images/pagination_prev.gif HTTP/1.1" 304 -
180.152.99.39 - - [20/Jan/2022:09:18:06 +0800] "GET /xingrg/javascript/jquery_easy_ui/themes/default/images/pagination_next.gif HTTP/1.1" 304 -
180.152.99.39 - - [20/Jan/2022:09:18:06 +0800] "GET /xingrg/javascript/jquery_easy_ui/themes/default/images/pagination_last.gif HTTP/1.1" 304 -
180.152.99.39 - - [20/Jan/2022:09:18:06 +0800] "GET /xingrg/javascript/jquery_easy_ui/themes/default/images/pagination_load.png HTTP/1.1" 304 -
180.152.99.39 - - [20/Jan/2022:09:18:06 +0800] "GET /favicon.ico HTTP/1.1" 404 -
180.152.99.39 - - [20/Jan/2022:09:18:06 +0800] "POST /xingrg/all/common/load_tree.html?tree=materiel_sort_tree_json HTTP/1.1" 200 9388
180.169.147.146 - - [20/Jan/2022:09:18:06 +0800] "GET /xingrg/all/function/internal_message.html?_=1642641487320&CODE_STATE=getMsg HTTP/1.1" 200 27
222.70.243.96 - - [20/Jan/2022:09:18:08 +0800] "GET /xingrg/all/function/internal_message.html?_=1642641490325&CODE_STATE=getMsg HTTP/1.1" 200 27
180.152.99.39 - - [20/Jan/2022:09:18:14 +0800] "GET /xingrg/kc/buy/cgsh_order_operate.html?command=get_materiel&rest_code=00151&code=00101008318&supplier_code=00100007&order_time=2022-01-20 HTTP/1.1" 200 408
180.152.99.73 - - [20/Jan/2022:09:18:16 +0800] "GET /xingrg/kc/buy/cgsh_order_operate.html?command=get_materiel&rest_code=00150&code=00101008049&supplier_code=00100007&order_time=2022-01-20 HTTP/1.1" 200 408
180.152.99.39 - - [20/Jan/2022:09:18:21 +0800] "GET /xingrg/kc/buy/cgsh_order_operate.html?command=get_materiel&rest_code=00151&code=00101016051&supplier_code=00100007&order_time=2022-01-20 HTTP/1.1" 200 408
180.152.99.73 - - [20/Jan/2022:09:18:23 +0800] "GET /xingrg/kc/buy/cgsh_order_operate.html?command=get_materiel&rest_code=00150&code=00101008072&supplier_code=00100007&order_time=2022-01-20 HTTP/1.1" 200 408
180.152.99.73 - - [20/Jan/2022:09:18:23 +0800] "GET /xingrg/all/function/internal_message.html?_=1642641503151&CODE_STATE=getMsg HTTP/1.1" 200 27
180.152.99.73 - - [20/Jan/2022:09:18:25 +0800] "POST /xingrg/kc/buy/cgsh_order_operate.html HTTP/1.1" 200 2065
180.152.99.39 - - [20/Jan/2022:09:18:27 +0800] "GET /xingrg/kc/buy/cgsh_order_operate.html?command=get_materiel&rest_code=00151&code=00101008148&supplier_code=00100007&order_time=2022-01-20 HTTP/1.1" 200 416
58.39.168.32 - - [20/Jan/2022:09:18:30 +0800] "GET /xingrg/all/function/internal_message.html?_=1642641446425&CODE_STATE=getMsg HTTP/1.1" 200 27
180.157.251.97 - - [20/Jan/2022:09:18:32 +0800] "GET /xingrg/check_reg.html?_=1642641511452 HTTP/1.1" 302 -
180.152.99.73 - - [20/Jan/2022:09:18:35 +0800] "POST /xingrg/kc/buy/cgsh_order_operate.html HTTP/1.1" 200 37
180.152.99.73 - - [20/Jan/2022:09:18:36 +0800] "POST /xingrg/kc/buy/cgsh_order_operate.html HTTP/1.1" 200 32216
180.152.99.39 - - [20/Jan/2022:09:18:37 +0800] "GET /xingrg/kc/buy/cgsh_order_operate.html?command=get_materiel&rest_code=00151&code=00101008095&supplier_code=00100007&order_time=2022-01-20 HTTP/1.1" 200 412
58.39.168.32 - - [20/Jan/2022:09:18:38 +0800] "GET /xingrg/all/function/internal_message.html?_=1642641517494&CODE_STATE=getMsg HTTP/1.1" 200 27
180.169.147.146 - - [20/Jan/2022:09:18:42 +0800] "GET /xingrg/all/function/internal_message.html?_=1642641519779&CODE_STATE=getMsg HTTP/1.1" 200 27
180.152.99.39 - - [20/Jan/2022:09:18:42 +0800] "GET /xingrg/all/function/internal_message.html?_=1642641453612&CODE_STATE=getMsg HTTP/1.1" 200 27
180.152.99.39 - - [20/Jan/2022:09:18:43 +0800] "GET /xingrg/kc/buy/cgsh_order_operate.html?command=get_materiel&rest_code=00151&code=00101008221&supplier_code=00100007&order_time=2022-01-20 HTTP/1.1" 200 412
124.78.156.14 - - [20/Jan/2022:09:18:47 +0800] "GET /xingrg/all/function/internal_message.html?_=1642641523240&CODE_STATE=getMsg HTTP/1.1" 200 27
180.152.99.39 - - [20/Jan/2022:09:18:49 +0800] "GET /xingrg/kc/buy/cgsh_order_operate.html?command=get_materiel&rest_code=00151&code=00101008264&supplier_code=00100007&order_time=2022-01-20 HTTP/1.1" 200 412
124.78.156.14 - - [20/Jan/2022:09:18:50 +0800] "GET /xingrg/check_reg.html?_=1642641530244 HTTP/1.1" 200 22
124.78.156.14 - - [20/Jan/2022:09:18:50 +0800] "GET /xingrg/all/function/internal_message.html?_=1642641530248&CODE_STATE=getMsg HTTP/1.1" 200 27
120.253.135.82 - - [20/Jan/2022:09:18:53 +0800] "GET /xingrg/all/function/internal_message.html?_=1642641319860&CODE_STATE=getMsg HTTP/1.1" 200 27
222.70.178.207 - - [20/Jan/2022:09:18:53 +0800] "GET /xingrg/all/function/internal_message.html?_=1642641532088&CODE_STATE=getMsg HTTP/1.1" 200 27
222.70.178.207 - - [20/Jan/2022:09:18:53 +0800] "GET /xingrg/check_reg.html?_=1642641532216 HTTP/1.1" 200 22
180.152.99.39 - - [20/Jan/2022:09:18:57 +0800] "GET /xingrg/kc/buy/cgsh_order_operate.html?command=get_materiel&rest_code=00151&code=00101008261&supplier_code=00100007&order_time=2022-01-20 HTTP/1.1" 200 408
222.70.217.149 - - [20/Jan/2022:09:18:58 +0800] "GET /xingrg/all/function/internal_message.html?_=1642641519127&CODE_STATE=getMsg HTTP/1.1" 200 27
180.152.99.39 - - [20/Jan/2022:09:19:03 +0800] "GET /xingrg/kc/buy/cgsh_order_operate.html?command=get_materiel&rest_code=00151&code=00101008361&supplier_code=00100007&order_time=2022-01-20 HTTP/1.1" 200 408
180.169.147.146 - - [20/Jan/2022:09:19:06 +0800] "GET /xingrg/all/function/internal_message.html?_=1642641547321&CODE_STATE=getMsg HTTP/1.1" 200 27
180.169.147.146 - - [20/Jan/2022:09:19:06 +0800] "GET /xingrg/check_reg.html?_=1642641547323 HTTP/1.1" 200 22
222.70.243.96 - - [20/Jan/2022:09:19:08 +0800] "GET /xingrg/all/function/internal_message.html?_=1642641550384&CODE_STATE=getMsg HTTP/1.1" 200 27
58.39.168.32 - - [20/Jan/2022:09:19:11 +0800] "GET /xingrg/kc/buy/cgsh_order_add.html HTTP/1.1" 200 65445
58.39.168.32 - - [20/Jan/2022:09:19:11 +0800] "GET /xingrg/words/20220120091010_words.js HTTP/1.1" 200 884239
58.39.168.32 - - [20/Jan/2022:09:19:12 +0800] "POST /xingrg/kc/buy/cgsh_order_operate.html HTTP/1.1" 200 8245
58.39.168.32 - - [20/Jan/2022:09:19:12 +0800] "GET /xingrg/javascript/easyui/themes/default/validatebox.css HTTP/1.1" 404 1104
180.152.99.39 - - [20/Jan/2022:09:19:15 +0800] "GET /xingrg/kc/buy/cgsh_order_operate.html?command=get_materiel&rest_code=00151&code=00101008357&supplier_code=00100007&order_time=2022-01-20 HTTP/1.1" 200 408
120.253.135.82 - - [20/Jan/2022:09:19:20 +0800] "GET /xingrg/check_reg.html?_=1642641557389 HTTP/1.1" 302 -
180.152.99.39 - - [20/Jan/2022:09:19:22 +0800] "GET /xingrg/kc/buy/cgsh_order_operate.html?command=get_materiel&rest_code=00151&code=00101008300&supplier_code=00100007&order_time=2022-01-20 HTTP/1.1" 200 412
180.152.99.73 - - [20/Jan/2022:09:19:23 +0800] "GET /xingrg/all/function/internal_message.html?_=1642641563140&CODE_STATE=getMsg HTTP/1.1" 200 27
180.152.99.39 - - [20/Jan/2022:09:19:30 +0800] "GET /xingrg/kc/buy/cgsh_order_operate.html?command=get_materiel&rest_code=00151&code=00101008286&supplier_code=00100007&order_time=2022-01-20 HTTP/1.1" 200 427
58.39.168.32 - - [20/Jan/2022:09:19:30 +0800] "GET /xingrg/all/function/internal_message.html?_=1642641506450&CODE_STATE=getMsg HTTP/1.1" 200 27
58.39.168.32 - - [20/Jan/2022:09:19:32 +0800] "GET /xingrg/kc/buy/cgsh_order_operate.html?command=get_materiel&rest_code=00105&code=00101020153&supplier_code=00100034&order_time=2022-01-20 HTTP/1.1" 200 408
180.152.99.39 - - [20/Jan/2022:09:19:36 +0800] "GET /xingrg/kc/buy/cgsh_order_operate.html?command=get_materiel&rest_code=00151&code=00101008080&supplier_code=00100007&order_time=2022-01-20 HTTP/1.1" 200 416
58.39.168.32 - - [20/Jan/2022:09:19:37 +0800] "GET /xingrg/all/function/internal_message.html?_=1642641577298&CODE_STATE=getMsg HTTP/1.1" 200 27
180.169.147.146 - - [20/Jan/2022:09:19:42 +0800] "GET /xingrg/check_reg.html?_=1642641579782 HTTP/1.1" 200 22
180.169.147.146 - - [20/Jan/2022:09:19:42 +0800] "GET /xingrg/all/function/internal_message.html?_=1642641579783&CODE_STATE=getMsg HTTP/1.1" 200 27
180.152.99.39 - - [20/Jan/2022:09:19:42 +0800] "GET /xingrg/all/function/internal_message.html?_=1642641513626&CODE_STATE=getMsg HTTP/1.1" 200 27
180.152.99.39 - - [20/Jan/2022:09:19:43 +0800] "GET /xingrg/kc/buy/cgsh_order_operate.html?command=get_materiel&rest_code=00151&code=00101012039&supplier_code=00100007&order_time=2022-01-20 HTTP/1.1" 200 408
58.39.168.32 - - [20/Jan/2022:09:19:45 +0800] "GET /xingrg/kc/buy/cgsh_order_operate.html?command=get_materiel&rest_code=00105&code=00101012033&supplier_code=00100034&order_time=2022-01-20 HTTP/1.1" 200 426
124.78.156.14 - - [20/Jan/2022:09:19:47 +0800] "GET /xingrg/all/function/internal_message.html?_=1642641583240&CODE_STATE=getMsg HTTP/1.1" 200 27
124.78.156.14 - - [20/Jan/2022:09:19:50 +0800] "GET /xingrg/all/function/internal_message.html?_=1642641590248&CODE_STATE=getMsg HTTP/1.1" 200 27
180.152.99.39 - - [20/Jan/2022:09:19:50 +0800] "GET /xingrg/kc/buy/cgsh_order_operate.html?command=get_materiel&rest_code=00151&code=00101008251&supplier_code=00100007&order_time=2022-01-20 HTTP/1.1" 200 408
222.70.178.207 - - [20/Jan/2022:09:19:53 +0800] "GET /xingrg/all/function/internal_message.html?_=1642641592072&CODE_STATE=getMsg HTTP/1.1" 200 27
120.253.135.82 - - [20/Jan/2022:09:19:53 +0800] "GET /xingrg/all/function/internal_message.html?_=1642641380116&CODE_STATE=getMsg HTTP/1.1" 200 27
222.70.217.149 - - [20/Jan/2022:09:19:58 +0800] "GET /xingrg/check_reg.html?_=1642641579132 HTTP/1.1" 200 22
222.70.217.149 - - [20/Jan/2022:09:19:58 +0800] "GET /xingrg/all/function/internal_message.html?_=1642641579134&CODE_STATE=getMsg HTTP/1.1" 200 27
58.39.168.32 - - [20/Jan/2022:09:20:04 +0800] "GET /xingrg/kc/buy/cgsh_order_operate.html?command=get_materiel&rest_code=00105&code=00101012025&supplier_code=00100034&order_time=2022-01-20 HTTP/1.1" 200 412
180.169.147.146 - - [20/Jan/2022:09:20:06 +0800] "GET /xingrg/all/function/internal_message.html?_=1642641607324&CODE_STATE=getMsg HTTP/1.1" 200 27
222.70.243.96 - - [20/Jan/2022:09:20:08 +0800] "GET /xingrg/all/function/internal_message.html?_=1642641610386&CODE_STATE=getMsg HTTP/1.1" 200 27
222.70.178.207 - - [20/Jan/2022:09:20:09 +0800] "POST /xingrg/kc/buy/cgsh_order_operate.html HTTP/1.1" 200 37
180.152.99.39 - - [20/Jan/2022:09:20:09 +0800] "GET /xingrg/kc/buy/cgsh_order_operate.html?command=get_materiel&rest_code=00151&code=00101012051&supplier_code=00100007&order_time=2022-01-20 HTTP/1.1" 200 408
222.70.178.207 - - [20/Jan/2022:09:20:11 +0800] "POST /xingrg/kc/buy/cgsh_order_operate.html HTTP/1.1" 200 18105
222.70.178.207 - - [20/Jan/2022:09:20:13 +0800] "GET /xingrg/kc/print/load_data.html?order_code=212022012009828&kc_code=cgsh&condition= HTTP/1.1" 200 6589
180.152.99.39 - - [20/Jan/2022:09:20:17 +0800] "GET /xingrg/kc/buy/cgsh_order_operate.html?command=get_materiel&rest_code=00151&code=00101016025&supplier_code=00100007&order_time=2022-01-20 HTTP/1.1" 200 408
58.39.168.32 - - [20/Jan/2022:09:20:17 +0800] "GET /xingrg/kc/buy/cgsh_order_operate.html?command=get_materiel&rest_code=00105&code=00101016071&supplier_code=00100034&order_time=2022-01-20 HTTP/1.1" 200 416
180.152.99.73 - - [20/Jan/2022:09:20:23 +0800] "GET /xingrg/check_reg.html?_=1642641623124 HTTP/1.1" 200 22
180.152.99.73 - - [20/Jan/2022:09:20:23 +0800] "GET /xingrg/all/function/internal_message.html?_=1642641623126&CODE_STATE=getMsg HTTP/1.1" 200 27
58.39.168.32 - - [20/Jan/2022:09:20:24 +0800] "GET /xingrg/kc/buy/cgsh_order_operate.html?command=get_materiel&rest_code=00105&code=00101012003&supplier_code=00100034&order_time=2022-01-20 HTTP/1.1" 200 413
180.152.99.39 - - [20/Jan/2022:09:20:24 +0800] "GET /xingrg/kc/buy/cgsh_order_operate.html?command=get_materiel&rest_code=00151&code=00101008362&supplier_code=00100007&order_time=2022-01-20 HTTP/1.1" 200 408
180.157.251.97 - - [20/Jan/2022:09:20:24 +0800] "GET /xingrg/check_reg.html?_=1642641622857 HTTP/1.1" 302 -
58.39.168.32 - - [20/Jan/2022:09:20:30 +0800] "GET /xingrg/all/function/internal_message.html?_=1642641566447&CODE_STATE=getMsg HTTP/1.1" 200 27
58.39.168.32 - - [20/Jan/2022:09:20:31 +0800] "GET /xingrg/kc/buy/cgsh_order_operate.html?command=get_materiel&rest_code=00105&code=00101012030&supplier_code=00100034&order_time=2022-01-20 HTTP/1.1" 200 417
180.152.99.39 - - [20/Jan/2022:09:20:32 +0800] "GET /xingrg/kc/buy/cgsh_order_operate.html?command=get_materiel&rest_code=00151&code=00101008017&supplier_code=00100007&order_time=2022-01-20 HTTP/1.1" 200 416
58.39.168.32 - - [20/Jan/2022:09:20:37 +0800] "GET /xingrg/all/function/internal_message.html?_=1642641637272&CODE_STATE=getMsg HTTP/1.1" 200 27
180.152.99.39 - - [20/Jan/2022:09:20:37 +0800] "POST /xingrg/kc/buy/cgsh_order_operate.html HTTP/1.1" 200 37
58.39.168.32 - - [20/Jan/2022:09:20:40 +0800] "POST /xingrg/kc/buy/cgsh_order_operate.html HTTP/1.1" 200 37
180.152.99.39 - - [20/Jan/2022:09:20:41 +0800] "POST /xingrg/kc/buy/cgsh_order_operate.html HTTP/1.1" 200 14046
180.169.147.146 - - [20/Jan/2022:09:20:42 +0800] "GET /xingrg/all/function/internal_message.html?_=1642641639783&CODE_STATE=getMsg HTTP/1.1" 200 27
180.152.99.39 - - [20/Jan/2022:09:20:42 +0800] "GET /xingrg/check_reg.html?_=1642641573641 HTTP/1.1" 200 22
180.152.99.39 - - [20/Jan/2022:09:20:42 +0800] "GET /xingrg/all/function/internal_message.html?_=1642641573642&CODE_STATE=getMsg HTTP/1.1" 200 27
58.39.168.32 - - [20/Jan/2022:09:20:45 +0800] "POST /xingrg/kc/buy/cgsh_order_operate.html HTTP/1.1" 200 5624
58.39.168.32 - - [20/Jan/2022:09:20:47 +0800] "GET /xingrg/kc/print/load_data.html?order_code=212022012009830&kc_code=cgsh&condition= HTTP/1.1" 200 1846
124.78.156.14 - - [20/Jan/2022:09:20:47 +0800] "GET /xingrg/all/function/internal_message.html?_=1642641643225&CODE_STATE=getMsg HTTP/1.1" 200 27
180.152.99.39 - - [20/Jan/2022:09:20:48 +0800] "GET /xingrg/kc/buy/cgsh_order_operate.html?command=get_materiel&rest_code=00151&code=00101008137&supplier_code=00100007&order_time=2022-01-20 HTTP/1.1" 200 408
58.37.10.95 - - [20/Jan/2022:09:20:48 +0800] "GET /xingrg/check_reg.html?_=1642641439519 HTTP/1.1" 302 -
58.37.10.95 - - [20/Jan/2022:09:20:48 +0800] "GET /xingrg/login.html HTTP/1.1" 200 7641
124.78.156.14 - - [20/Jan/2022:09:20:50 +0800] "GET /xingrg/all/function/internal_message.html?_=1642641650249&CODE_STATE=getMsg HTTP/1.1" 200 27
222.70.178.207 - - [20/Jan/2022:09:20:53 +0800] "GET /xingrg/all/function/internal_message.html?_=1642641652067&CODE_STATE=getMsg HTTP/1.1" 200 27
120.253.135.82 - - [20/Jan/2022:09:20:53 +0800] "GET /xingrg/all/function/internal_message.html?_=1642641440122&CODE_STATE=getMsg HTTP/1.1" 200 27
180.152.99.39 - - [20/Jan/2022:09:20:54 +0800] "GET /xingrg/kc/buy/cgsh_order_operate.html?command=get_materiel&rest_code=00151&code=00101008005&supplier_code=00100007&order_time=2022-01-20 HTTP/1.1" 200 412
222.70.243.96 - - [20/Jan/2022:09:20:56 +0800] "GET /xingrg/check_reg.html?_=1642641659167 HTTP/1.1" 200 22
222.70.217.149 - - [20/Jan/2022:09:20:58 +0800] "GET /xingrg/all/function/internal_message.html?_=1642641639122&CODE_STATE=getMsg HTTP/1.1" 200 27
58.39.168.32 - - [20/Jan/2022:09:21:00 +0800] "GET /xingrg/kc/buy/cgsh_order_add.html HTTP/1.1" 200 65445
58.39.168.32 - - [20/Jan/2022:09:21:01 +0800] "GET /xingrg/javascript/easyui/themes/default/validatebox.css HTTP/1.1" 404 1104
58.39.168.32 - - [20/Jan/2022:09:21:01 +0800] "POST /xingrg/kc/buy/cgsh_order_operate.html HTTP/1.1" 200 8245
180.152.99.39 - - [20/Jan/2022:09:21:05 +0800] "GET /xingrg/kc/buy/cgsh_order_operate.html?command=get_materiel&rest_code=00151&code=00101008370&supplier_code=00100007&order_time=2022-01-20 HTTP/1.1" 200 412
180.169.147.146 - - [20/Jan/2022:09:21:07 +0800] "GET /xingrg/all/function/internal_message.html?_=1642641667332&CODE_STATE=getMsg HTTP/1.1" 200 27
222.70.243.96 - - [20/Jan/2022:09:21:08 +0800] "GET /xingrg/all/function/internal_message.html?_=1642641670399&CODE_STATE=getMsg HTTP/1.1" 200 27
58.39.168.32 - - [20/Jan/2022:09:21:11 +0800] "GET /xingrg/kc/buy/cgsh_order_operate.html?command=get_materiel&rest_code=00105&code=00101007061&supplier_code=00100002&order_time=2022-01-20 HTTP/1.1" 200 411
180.152.99.39 - - [20/Jan/2022:09:21:15 +0800] "GET /xingrg/kc/buy/cgsh_order_operate.html?command=get_materiel&rest_code=00151&code=00101008131&supplier_code=00100007&order_time=2022-01-20 HTTP/1.1" 200 408
101.83.241.190 - - [20/Jan/2022:09:21:19 +0800] "POST /xingrg/services/DataTransmitService HTTP/1.1" 200 524
180.152.99.73 - - [20/Jan/2022:09:21:23 +0800] "GET /xingrg/all/function/internal_message.html?_=1642641683128&CODE_STATE=getMsg HTTP/1.1" 200 27
180.152.99.39 - - [20/Jan/2022:09:21:26 +0800] "GET /xingrg/kc/buy/cgsh_order_operate.html?command=get_materiel&rest_code=00151&code=00101008051&supplier_code=00100007&order_time=2022-01-20 HTTP/1.1" 200 409
58.39.168.32 - - [20/Jan/2022:09:21:30 +0800] "GET /xingrg/all/function/internal_message.html?_=1642641626462&CODE_STATE=getMsg HTTP/1.1" 200 27
180.152.99.39 - - [20/Jan/2022:09:21:32 +0800] "POST /xingrg/kc/buy/cgsh_order_operate.html HTTP/1.1" 200 37
180.152.99.39 - - [20/Jan/2022:09:21:33 +0800] "POST /xingrg/kc/buy/cgsh_order_operate.html HTTP/1.1" 200 17042
58.39.168.32 - - [20/Jan/2022:09:21:37 +0800] "GET /xingrg/all/function/internal_message.html?_=1642641697259&CODE_STATE=getMsg HTTP/1.1" 200 27
180.152.99.39 - - [20/Jan/2022:09:21:39 +0800] "GET /xingrg/kc/buy/cgsh_order_operate.html?command=get_materiel&rest_code=00151&code=00101008102&supplier_code=00100007&order_time=2022-01-20 HTTP/1.1" 200 413
180.169.147.146 - - [20/Jan/2022:09:21:42 +0800] "GET /xingrg/all/function/internal_message.html?_=1642641699781&CODE_STATE=getMsg HTTP/1.1" 200 27
180.152.99.39 - - [20/Jan/2022:09:21:42 +0800] "GET /xingrg/all/function/internal_message.html?_=1642641633652&CODE_STATE=getMsg HTTP/1.1" 200 27
180.152.99.39 - - [20/Jan/2022:09:21:46 +0800] "GET /xingrg/kc/buy/cgsh_order_operate.html?command=get_materiel&rest_code=00151&code=00101016033&supplier_code=00100007&order_time=2022-01-20 HTTP/1.1" 200 412
124.78.156.14 - - [20/Jan/2022:09:21:47 +0800] "GET /xingrg/check_reg.html?_=1642641703241 HTTP/1.1" 200 22
124.78.156.14 - - [20/Jan/2022:09:21:47 +0800] "GET /xingrg/all/function/internal_message.html?_=1642641703240&CODE_STATE=getMsg HTTP/1.1" 200 27
61.151.178.165 - - [20/Jan/2022:09:21:48 +0800] "GET /xingrg/all/function/internal_message.html?_=1642640803240&CODE_STATE=getMsg HTTP/1.1" 302 -
61.151.178.165 - - [20/Jan/2022:09:21:49 +0800] "GET /xingrg/login.html HTTP/1.1" 200 7641
124.78.156.14 - - [20/Jan/2022:09:21:50 +0800] "GET /xingrg/all/function/internal_message.html?_=1642641710249&CODE_STATE=getMsg HTTP/1.1" 200 27
222.70.178.207 - - [20/Jan/2022:09:21:53 +0800] "GET /xingrg/all/function/internal_message.html?_=1642641712051&CODE_STATE=getMsg HTTP/1.1" 200 27
180.152.99.39 - - [20/Jan/2022:09:21:53 +0800] "GET /xingrg/kc/buy/cgsh_order_operate.html?command=get_materiel&rest_code=00151&code=00101008234&supplier_code=00100007&order_time=2022-01-20 HTTP/1.1" 200 408
120.253.135.82 - - [20/Jan/2022:09:21:53 +0800] "GET /xingrg/all/function/internal_message.html?_=1642641500366&CODE_STATE=getMsg HTTP/1.1" 200 27
222.70.217.149 - - [20/Jan/2022:09:21:58 +0800] "GET /xingrg/all/function/internal_message.html?_=1642641699140&CODE_STATE=getMsg HTTP/1.1" 200 27
61.151.178.177 - - [20/Jan/2022:09:22:03 +0800] "GET /xingrg/all/function/internal_message.html?_=1642635103185&CODE_STATE=getMsg HTTP/1.1" 302 -
61.151.178.177 - - [20/Jan/2022:09:22:04 +0800] "GET /xingrg/login.html HTTP/1.1" 200 7641
180.169.147.146 - - [20/Jan/2022:09:22:06 +0800] "GET /xingrg/all/function/internal_message.html?_=1642641727318&CODE_STATE=getMsg HTTP/1.1" 200 27
222.70.243.96 - - [20/Jan/2022:09:22:08 +0800] "GET /xingrg/all/function/internal_message.html?_=1642641730414&CODE_STATE=getMsg HTTP/1.1" 200 27
61.151.178.165 - - [20/Jan/2022:09:22:09 +0800] "GET /xingrg/all/function/internal_message.html?_=1642634023150&CODE_STATE=getMsg HTTP/1.1" 302 -
61.151.178.165 - - [20/Jan/2022:09:22:10 +0800] "GET /xingrg/login.html HTTP/1.1" 200 7641
180.152.99.39 - - [20/Jan/2022:09:22:12 +0800] "POST /xingrg/kc/buy/cgsh_order_operate.html HTTP/1.1" 200 37
180.152.99.39 - - [20/Jan/2022:09:22:20 +0800] "POST /xingrg/kc/buy/cgsh_order_operate.html HTTP/1.1" 200 19438
180.152.99.73 - - [20/Jan/2022:09:22:23 +0800] "GET /xingrg/all/function/internal_message.html?_=1642641743137&CODE_STATE=getMsg HTTP/1.1" 200 27
58.39.168.32 - - [20/Jan/2022:09:22:30 +0800] "GET /xingrg/check_reg.html?_=1642641686459 HTTP/1.1" 200 22
58.39.168.32 - - [20/Jan/2022:09:22:30 +0800] "GET /xingrg/all/function/internal_message.html?_=1642641686460&CODE_STATE=getMsg HTTP/1.1" 200 27
120.253.135.82 - - [20/Jan/2022:09:22:35 +0800] "GET /xingrg/check_reg.html?_=1642641542522 HTTP/1.1" 200 22
58.39.168.32 - - [20/Jan/2022:09:22:37 +0800] "GET /xingrg/check_reg.html?_=1642641756691 HTTP/1.1" 200 22
58.39.168.32 - - [20/Jan/2022:09:22:37 +0800] "GET /xingrg/all/function/internal_message.html?_=1642641757219&CODE_STATE=getMsg HTTP/1.1" 200 27
180.169.147.146 - - [20/Jan/2022:09:22:42 +0800] "GET /xingrg/all/function/internal_message.html?_=1642641759778&CODE_STATE=getMsg HTTP/1.1" 200 27
180.152.99.39 - - [20/Jan/2022:09:22:42 +0800] "GET /xingrg/all/function/internal_message.html?_=1642641693666&CODE_STATE=getMsg HTTP/1.1" 200 27
124.78.156.14 - - [20/Jan/2022:09:22:47 +0800] "GET /xingrg/all/function/internal_message.html?_=1642641763238&CODE_STATE=getMsg HTTP/1.1" 200 27
124.78.156.14 - - [20/Jan/2022:09:22:50 +0800] "GET /xingrg/all/function/internal_message.html?_=1642641770275&CODE_STATE=getMsg HTTP/1.1" 200 27
222.70.178.207 - - [20/Jan/2022:09:22:53 +0800] "GET /xingrg/all/function/internal_message.html?_=1642641772035&CODE_STATE=getMsg HTTP/1.1" 200 27
120.253.135.82 - - [20/Jan/2022:09:22:53 +0800] "GET /xingrg/all/function/internal_message.html?_=1642641560367&CODE_STATE=getMsg HTTP/1.1" 200 27
222.70.217.149 - - [20/Jan/2022:09:22:58 +0800] "GET /xingrg/all/function/internal_message.html?_=1642641759115&CODE_STATE=getMsg HTTP/1.1" 200 27
180.169.147.146 - - [20/Jan/2022:09:23:06 +0800] "GET /xingrg/all/function/internal_message.html?_=1642641787321&CODE_STATE=getMsg HTTP/1.1" 200 27
222.70.243.96 - - [20/Jan/2022:09:23:08 +0800] "GET /xingrg/all/function/internal_message.html?_=1642641790504&CODE_STATE=getMsg HTTP/1.1" 200 27
101.80.226.190 - - [20/Jan/2022:09:23:19 +0800] "POST /xingrg/services/DataTransmitService HTTP/1.1" 200 524
180.152.99.73 - - [20/Jan/2022:09:23:23 +0800] "GET /xingrg/all/function/internal_message.html?_=1642641803143&CODE_STATE=getMsg HTTP/1.1" 200 27
58.39.168.32 - - [20/Jan/2022:09:23:30 +0800] "GET /xingrg/all/function/internal_message.html?_=1642641746459&CODE_STATE=getMsg HTTP/1.1" 200 27
180.157.251.97 - - [20/Jan/2022:09:23:32 +0800] "GET /xingrg/check_reg.html?_=1642641811432 HTTP/1.1" 302 -
101.89.29.78 - - [20/Jan/2022:09:23:34 +0800] "GET /xingrg/check_reg.html?_=1642641403229 HTTP/1.1" 302 -
101.89.29.78 - - [20/Jan/2022:09:23:34 +0800] "GET /xingrg/login.html HTTP/1.1" 200 7641
58.39.168.32 - - [20/Jan/2022:09:23:37 +0800] "GET /xingrg/all/function/internal_message.html?_=1642641817200&CODE_STATE=getMsg HTTP/1.1" 200 27
222.70.243.96 - - [20/Jan/2022:09:23:41 +0800] "GET /xingrg/kc/buy/cgsh_order_add.html HTTP/1.1" 200 65363
222.70.243.96 - - [20/Jan/2022:09:23:41 +0800] "GET /xingrg/words/20220120091010_words.js HTTP/1.1" 200 884239
180.169.147.146 - - [20/Jan/2022:09:23:42 +0800] "GET /xingrg/all/function/internal_message.html?_=1642641819786&CODE_STATE=getMsg HTTP/1.1" 200 27
222.70.243.96 - - [20/Jan/2022:09:23:42 +0800] "POST /xingrg/kc/buy/cgsh_order_operate.html HTTP/1.1" 200 8245
222.70.243.96 - - [20/Jan/2022:09:23:42 +0800] "GET /xingrg/javascript/easyui/themes/default/validatebox.css HTTP/1.1" 404 1104
180.152.99.39 - - [20/Jan/2022:09:23:42 +0800] "GET /xingrg/all/function/internal_message.html?_=1642641753680&CODE_STATE=getMsg HTTP/1.1" 200 27
124.78.156.14 - - [20/Jan/2022:09:23:47 +0800] "GET /xingrg/all/function/internal_message.html?_=1642641823237&CODE_STATE=getMsg HTTP/1.1" 200 27
124.78.156.14 - - [20/Jan/2022:09:23:50 +0800] "GET /xingrg/check_reg.html?_=1642641830275 HTTP/1.1" 200 22
124.78.156.14 - - [20/Jan/2022:09:23:50 +0800] "GET /xingrg/all/function/internal_message.html?_=1642641830278&CODE_STATE=getMsg HTTP/1.1" 200 27
222.70.178.207 - - [20/Jan/2022:09:23:53 +0800] "GET /xingrg/all/function/internal_message.html?_=1642641832019&CODE_STATE=getMsg HTTP/1.1" 200 27
222.70.178.207 - - [20/Jan/2022:09:23:53 +0800] "GET /xingrg/check_reg.html?_=1642641832224 HTTP/1.1" 200 22
120.253.135.82 - - [20/Jan/2022:09:23:53 +0800] "GET /xingrg/all/function/internal_message.html?_=1642641620380&CODE_STATE=getMsg HTTP/1.1" 200 27
222.70.217.149 - - [20/Jan/2022:09:23:58 +0800] "GET /xingrg/all/function/internal_message.html?_=1642641819121&CODE_STATE=getMsg HTTP/1.1" 200 27
180.169.147.146 - - [20/Jan/2022:09:24:06 +0800] "GET /xingrg/all/function/internal_message.html?_=1642641847322&CODE_STATE=getMsg HTTP/1.1" 200 27
180.169.147.146 - - [20/Jan/2022:09:24:06 +0800] "GET /xingrg/check_reg.html?_=1642641847324 HTTP/1.1" 200 22
222.70.243.96 - - [20/Jan/2022:09:24:08 +0800] "GET /xingrg/all/function/internal_message.html?_=1642641850518&CODE_STATE=getMsg HTTP/1.1" 200 27
222.70.243.96 - - [20/Jan/2022:09:24:12 +0800] "GET /xingrg/kc/buy/cgsh_order_operate.html?command=get_materiel&rest_code=00146&code=00102010140&supplier_code=00100212&order_time=2022-01-20 HTTP/1.1" 200 416
222.70.243.96 - - [20/Jan/2022:09:24:14 +0800] "POST /xingrg/services/DataTransmitService HTTP/1.1" 200 524
222.70.243.96 - - [20/Jan/2022:09:24:15 +0800] "POST /xingrg/services/DataTransmitService HTTP/1.1" 200 2171
222.70.243.96 - - [20/Jan/2022:09:24:16 +0800] "POST /xingrg/services/DataTransmitService HTTP/1.1" 200 169372
120.253.135.82 - - [20/Jan/2022:09:24:20 +0800] "GET /xingrg/check_reg.html?_=1642641857371 HTTP/1.1" 302 -
180.152.99.73 - - [20/Jan/2022:09:24:23 +0800] "GET /xingrg/all/function/internal_message.html?_=1642641863145&CODE_STATE=getMsg HTTP/1.1" 200 27
58.39.168.32 - - [20/Jan/2022:09:24:30 +0800] "GET /xingrg/all/function/internal_message.html?_=1642641806448&CODE_STATE=getMsg HTTP/1.1" 200 27
58.39.168.32 - - [20/Jan/2022:09:24:37 +0800] "GET /xingrg/all/function/internal_message.html?_=1642641877171&CODE_STATE=getMsg HTTP/1.1" 200 27
101.89.239.238 - - [20/Jan/2022:09:24:39 +0800] "GET /xingrg/all/function/internal_message.html?_=1642641343228&CODE_STATE=getMsg HTTP/1.1" 302 -
101.89.239.238 - - [20/Jan/2022:09:24:41 +0800] "GET /xingrg/login.html HTTP/1.1" 200 7641
180.169.147.146 - - [20/Jan/2022:09:24:42 +0800] "GET /xingrg/check_reg.html?_=1642641879803 HTTP/1.1" 200 22
180.169.147.146 - - [20/Jan/2022:09:24:42 +0800] "GET /xingrg/all/function/internal_message.html?_=1642641879802&CODE_STATE=getMsg HTTP/1.1" 200 27
180.152.99.39 - - [20/Jan/2022:09:24:42 +0800] "GET /xingrg/all/function/internal_message.html?_=1642641813798&CODE_STATE=getMsg HTTP/1.1" 200 27
222.70.178.207 - - [20/Jan/2022:09:24:43 +0800] "GET /xingrg/kc/buy/cgsh_order_add.html HTTP/1.1" 200 65319
222.70.178.207 - - [20/Jan/2022:09:24:43 +0800] "POST /xingrg/kc/buy/cgsh_order_operate.html HTTP/1.1" 200 8245
222.70.178.207 - - [20/Jan/2022:09:24:43 +0800] "GET /xingrg/javascript/easyui/themes/default/validatebox.css HTTP/1.1" 404 1104
124.78.156.14 - - [20/Jan/2022:09:24:47 +0800] "GET /xingrg/all/function/internal_message.html?_=1642641883238&CODE_STATE=getMsg HTTP/1.1" 200 27
124.78.156.14 - - [20/Jan/2022:09:24:50 +0800] "GET /xingrg/all/function/internal_message.html?_=1642641890263&CODE_STATE=getMsg HTTP/1.1" 200 27
222.70.178.207 - - [20/Jan/2022:09:24:53 +0800] "GET /xingrg/all/function/internal_message.html?_=1642641891998&CODE_STATE=getMsg HTTP/1.1" 200 27
120.253.135.82 - - [20/Jan/2022:09:24:54 +0800] "GET /xingrg/all/function/internal_message.html?_=1642641680639&CODE_STATE=getMsg HTTP/1.1" 200 27
222.70.217.149 - - [20/Jan/2022:09:24:58 +0800] "GET /xingrg/all/function/internal_message.html?_=1642641879135&CODE_STATE=getMsg HTTP/1.1" 200 27
222.70.217.149 - - [20/Jan/2022:09:24:58 +0800] "GET /xingrg/check_reg.html?_=1642641879139 HTTP/1.1" 200 22
222.70.178.207 - - [20/Jan/2022:09:25:01 +0800] "GET /xingrg/kc/buy/cgsh_order_operate.html?command=get_materiel&rest_code=00111&code=00101002027&supplier_code=00100199&order_time=2022-01-20 HTTP/1.1" 200 436
180.169.147.146 - - [20/Jan/2022:09:25:07 +0800] "GET /xingrg/all/function/internal_message.html?_=1642641907325&CODE_STATE=getMsg HTTP/1.1" 200 27
222.70.243.96 - - [20/Jan/2022:09:25:08 +0800] "GET /xingrg/all/function/internal_message.html?_=1642641910532&CODE_STATE=getMsg HTTP/1.1" 200 27
222.70.178.207 - - [20/Jan/2022:09:25:15 +0800] "GET /xingrg/kc/buy/cgsh_order_operate.html?command=get_materiel&rest_code=00111&code=00101002007&supplier_code=00100199&order_time=2022-01-20 HTTP/1.1" 200 411
180.152.99.73 - - [20/Jan/2022:09:25:23 +0800] "GET /xingrg/check_reg.html?_=1642641923149 HTTP/1.1" 200 22
180.152.99.73 - - [20/Jan/2022:09:25:23 +0800] "GET /xingrg/all/function/internal_message.html?_=1642641923152&CODE_STATE=getMsg HTTP/1.1" 200 27
180.157.251.97 - - [20/Jan/2022:09:25:24 +0800] "GET /xingrg/check_reg.html?_=1642641922831 HTTP/1.1" 302 -
222.70.178.207 - - [20/Jan/2022:09:25:28 +0800] "GET /xingrg/kc/buy/cgsh_order_operate.html?command=get_materiel&rest_code=00111&code=00101002006&supplier_code=00100199&order_time=2022-01-20 HTTP/1.1" 200 416
58.39.168.32 - - [20/Jan/2022:09:25:30 +0800] "GET /xingrg/all/function/internal_message.html?_=1642641866461&CODE_STATE=getMsg HTTP/1.1" 200 27
58.39.168.32 - - [20/Jan/2022:09:25:37 +0800] "GET /xingrg/all/function/internal_message.html?_=1642641937151&CODE_STATE=getMsg HTTP/1.1" 200 27
222.70.243.96 - - [20/Jan/2022:09:25:41 +0800] "POST /xingrg/kc/buy/cgsh_order_operate.html HTTP/1.1" 200 37
222.70.178.207 - - [20/Jan/2022:09:25:41 +0800] "POST /xingrg/kc/buy/cgsh_order_operate.html HTTP/1.1" 200 88
180.169.147.146 - - [20/Jan/2022:09:25:42 +0800] "GET /xingrg/all/function/internal_message.html?_=1642641939795&CODE_STATE=getMsg HTTP/1.1" 200 27
180.152.99.39 - - [20/Jan/2022:09:25:42 +0800] "GET /xingrg/check_reg.html?_=1642641873649 HTTP/1.1" 200 22
180.152.99.39 - - [20/Jan/2022:09:25:42 +0800] "GET /xingrg/all/function/internal_message.html?_=1642641873907&CODE_STATE=getMsg HTTP/1.1" 200 27
58.37.10.95 - - [20/Jan/2022:09:25:43 +0800] "GET /xingrg/check_reg.html?_=1642641739486 HTTP/1.1" 302 -
222.70.243.96 - - [20/Jan/2022:09:25:45 +0800] "POST /xingrg/kc/buy/cgsh_order_operate.html HTTP/1.1" 200 12
222.70.243.96 - - [20/Jan/2022:09:25:46 +0800] "GET /xingrg/kc/buy/cgsh_order_info.html?code=212022012009831 HTTP/1.1" 200 60264
222.70.243.96 - - [20/Jan/2022:09:25:46 +0800] "GET /xingrg/javascript/easyui/themes/default/validatebox.css HTTP/1.1" 404 1104
124.78.156.14 - - [20/Jan/2022:09:25:47 +0800] "GET /xingrg/all/function/internal_message.html?_=1642641943239&CODE_STATE=getMsg HTTP/1.1" 200 27
222.70.243.96 - - [20/Jan/2022:09:25:47 +0800] "POST /xingrg/kc/buy/cgsh_order_operate.html HTTP/1.1" 200 617
222.70.178.207 - - [20/Jan/2022:09:25:49 +0800] "POST /xingrg/kc/buy/cgsh_order_operate.html HTTP/1.1" 200 37
222.70.243.96 - - [20/Jan/2022:09:25:49 +0800] "GET /xingrg/kc/print/load_data.html?order_code=212022012009831&kc_code=cgsh&condition= HTTP/1.1" 200 695
124.78.156.14 - - [20/Jan/2022:09:25:50 +0800] "GET /xingrg/all/function/internal_message.html?_=1642641950263&CODE_STATE=getMsg HTTP/1.1" 200 27
120.253.135.82 - - [20/Jan/2022:09:25:54 +0800] "GET /xingrg/all/function/internal_message.html?_=1642641740641&CODE_STATE=getMsg HTTP/1.1" 200 27
222.70.178.207 - - [20/Jan/2022:09:25:55 +0800] "POST /xingrg/kc/buy/cgsh_order_operate.html HTTP/1.1" 200 3851
222.70.243.96 - - [20/Jan/2022:09:25:56 +0800] "GET /xingrg/check_reg.html?_=1642641959180 HTTP/1.1" 200 22
101.91.60.11 - - [20/Jan/2022:09:25:57 +0800] "GET /xingrg/all/function/internal_message.html?_=1642641043225&CODE_STATE=getMsg HTTP/1.1" 302 -
101.91.60.11 - - [20/Jan/2022:09:25:58 +0800] "GET /xingrg/login.html HTTP/1.1" 200 7641
222.70.217.149 - - [20/Jan/2022:09:25:58 +0800] "GET /xingrg/all/function/internal_message.html?_=1642641939140&CODE_STATE=getMsg HTTP/1.1" 200 27
222.70.178.207 - - [20/Jan/2022:09:26:00 +0800] "GET /xingrg/kc/print/load_data.html?order_code=212022012009833&kc_code=cgsh&condition= HTTP/1.1" 200 1130
180.169.147.146 - - [20/Jan/2022:09:26:06 +0800] "GET /xingrg/all/function/internal_message.html?_=1642641967322&CODE_STATE=getMsg HTTP/1.1" 200 27
222.70.243.96 - - [20/Jan/2022:09:26:08 +0800] "GET /xingrg/all/function/internal_message.html?_=1642641970546&CODE_STATE=getMsg HTTP/1.1" 200 27
180.152.99.73 - - [20/Jan/2022:09:26:23 +0800] "GET /xingrg/all/function/internal_message.html?_=1642641983155&CODE_STATE=getMsg HTTP/1.1" 200 27
58.39.168.32 - - [20/Jan/2022:09:26:30 +0800] "GET /xingrg/all/function/internal_message.html?_=1642641926460&CODE_STATE=getMsg HTTP/1.1" 200 27
180.152.99.73 - - [20/Jan/2022:09:26:36 +0800] "GET /xingrg/kc/buy/cgsh_order_operate.html?command=get_materiel&rest_code=00150&code=00101008126&supplier_code=00100007&order_time=2022-01-20 HTTP/1.1" 200 412
58.39.168.32 - - [20/Jan/2022:09:26:37 +0800] "GET /xingrg/all/function/internal_message.html?_=1642641997122&CODE_STATE=getMsg HTTP/1.1" 200 27
101.224.216.151 - - [20/Jan/2022:09:26:39 +0800] "GET /favicon.ico HTTP/1.1" 404 -
180.169.147.146 - - [20/Jan/2022:09:26:42 +0800] "GET /xingrg/all/function/internal_message.html?_=1642641999796&CODE_STATE=getMsg HTTP/1.1" 200 27
180.152.99.39 - - [20/Jan/2022:09:26:42 +0800] "GET /xingrg/all/function/internal_message.html?_=1642641933907&CODE_STATE=getMsg HTTP/1.1" 200 27
124.78.156.14 - - [20/Jan/2022:09:26:47 +0800] "GET /xingrg/all/function/internal_message.html?_=1642642003251&CODE_STATE=getMsg HTTP/1.1" 200 27
124.78.156.14 - - [20/Jan/2022:09:26:47 +0800] "GET /xingrg/check_reg.html?_=1642642003252 HTTP/1.1" 200 22
222.70.243.96 - - [20/Jan/2022:09:26:48 +0800] "POST /xingrg/services/DataTransmitService HTTP/1.1" 200 524
101.83.241.190 - - [20/Jan/2022:09:26:48 +0800] "POST /xingrg/services/DataTransmitService HTTP/1.1" 200 524
222.70.243.96 - - [20/Jan/2022:09:26:48 +0800] "POST /xingrg/services/DataTransmitService HTTP/1.1" 200 2171
101.83.241.190 - - [20/Jan/2022:09:26:49 +0800] "POST /xingrg/services/DataTransmitService HTTP/1.1" 200 1983
101.83.241.190 - - [20/Jan/2022:09:26:49 +0800] "POST /xingrg/services/DataTransmitService HTTP/1.1" 200 135788
124.78.156.14 - - [20/Jan/2022:09:26:50 +0800] "GET /xingrg/all/function/internal_message.html?_=1642642010262&CODE_STATE=getMsg HTTP/1.1" 200 27
222.70.243.96 - - [20/Jan/2022:09:26:51 +0800] "POST /xingrg/services/DataTransmitService HTTP/1.1" 200 524
222.70.243.96 - - [20/Jan/2022:09:26:51 +0800] "POST /xingrg/services/DataTransmitService HTTP/1.1" 200 2171
114.95.98.1 - - [20/Jan/2022:09:26:51 +0800] "GET /favicon.ico HTTP/1.1" 404 -
114.95.98.1 - - [20/Jan/2022:09:26:52 +0800] "GET /favicon.ico HTTP/1.1" 404 -
222.70.243.96 - - [20/Jan/2022:09:26:52 +0800] "POST /xingrg/services/DataTransmitService HTTP/1.1" 200 524
114.95.98.1 - - [20/Jan/2022:09:26:53 +0800] "GET /favicon.ico HTTP/1.1" 404 -
222.70.243.96 - - [20/Jan/2022:09:26:53 +0800] "POST /xingrg/services/DataTransmitService HTTP/1.1" 200 2171
222.70.178.207 - - [20/Jan/2022:09:26:53 +0800] "GET /xingrg/all/function/internal_message.html?_=1642642012001&CODE_STATE=getMsg HTTP/1.1" 200 27
114.95.98.1 - - [20/Jan/2022:09:26:54 +0800] "GET /xingrg/login.html HTTP/1.1" 200 7641
120.253.135.82 - - [20/Jan/2022:09:26:54 +0800] "GET /xingrg/all/function/internal_message.html?_=1642641800886&CODE_STATE=getMsg HTTP/1.1" 200 27
114.95.98.1 - - [20/Jan/2022:09:26:54 +0800] "GET /xingrg/images/blue/jxLogo.png HTTP/1.1" 200 6156
114.95.98.1 - - [20/Jan/2022:09:26:54 +0800] "GET /xingrg/images/blue/login_bg.png HTTP/1.1" 200 22101
114.95.98.1 - - [20/Jan/2022:09:26:54 +0800] "GET /xingrg/images/blue/hj.png HTTP/1.1" 200 1014
114.95.98.1 - - [20/Jan/2022:09:26:54 +0800] "GET /xingrg/images/blue/srbg.png HTTP/1.1" 200 138
114.95.98.1 - - [20/Jan/2022:09:26:55 +0800] "GET /favicon.ico HTTP/1.1" 404 -
222.70.217.149 - - [20/Jan/2022:09:26:58 +0800] "GET /xingrg/all/function/internal_message.html?_=1642641999133&CODE_STATE=getMsg HTTP/1.1" 200 27
180.152.99.73 - - [20/Jan/2022:09:27:02 +0800] "GET /xingrg/kc/buy/cgsh_order_operate.html?command=get_materiel&rest_code=00150&code=00101008223&supplier_code=00100007&order_time=2022-01-20 HTTP/1.1" 200 412
58.39.168.32 - - [20/Jan/2022:09:27:03 +0800] "POST /xingrg/services/DataTransmitService HTTP/1.1" 200 524
114.95.98.1 - - [20/Jan/2022:09:27:03 +0800] "POST /xingrg/login.do HTTP/1.1" 302 -
114.95.98.1 - - [20/Jan/2022:09:27:03 +0800] "GET /xingrg/index.html?sysBaseUrl=http%3A%2F%2F180.169.147.146%3A18081%2Fxingrg%2F&costTime=41×tamp=1642642023509 HTTP/1.1" 200 17173
114.95.98.1 - - [20/Jan/2022:09:27:03 +0800] "GET /xingrg/javascript/jquery_easy_ui/themes/icon.css HTTP/1.1" 304 -
114.95.98.1 - - [20/Jan/2022:09:27:03 +0800] "GET /xingrg/css/form.css HTTP/1.1" 304 -
114.95.98.1 - - [20/Jan/2022:09:27:03 +0800] "GET /xingrg/javascript/jquery_easy_ui/themes/default/easyui.css HTTP/1.1" 304 -
114.95.98.1 - - [20/Jan/2022:09:27:03 +0800] "GET /xingrg/javascript/jquery_easy_ui/easyui-lang-zh_CN.js HTTP/1.1" 304 -
114.95.98.1 - - [20/Jan/2022:09:27:03 +0800] "GET /xingrg/javascript/jquery_easy_ui/jquery.easyui.min.js HTTP/1.1" 304 -
114.95.98.1 - - [20/Jan/2022:09:27:03 +0800] "GET /xingrg/javascript/jquery-1.4.2.min.js HTTP/1.1" 304 -
114.95.98.1 - - [20/Jan/2022:09:27:03 +0800] "GET /xingrg/javascript/jquery.form.js HTTP/1.1" 304 -
114.95.98.1 - - [20/Jan/2022:09:27:03 +0800] "GET /xingrg/javascript/jquery.utils.js HTTP/1.1" 304 -
114.95.98.1 - - [20/Jan/2022:09:27:03 +0800] "GET /xingrg/javascript/jquery.timers.js HTTP/1.1" 304 -
114.95.98.1 - - [20/Jan/2022:09:27:03 +0800] "GET /xingrg/images/blue/jxLogo.png HTTP/1.1" 200 6156
114.95.98.1 - - [20/Jan/2022:09:27:03 +0800] "GET /xingrg/images/blue/navBackgound.jpg HTTP/1.1" 304 -
58.39.168.32 - - [20/Jan/2022:09:27:03 +0800] "POST /xingrg/services/DataTransmitService HTTP/1.1" 200 2235
114.95.98.1 - - [20/Jan/2022:09:27:03 +0800] "GET /xingrg/javascript/jquery_easy_ui/themes/icons/settle_new.png HTTP/1.1" 304 -
114.95.98.1 - - [20/Jan/2022:09:27:04 +0800] "POST /xingrg/all/common/load_tree.html?tree=area_rest_tree_json&manage=1 HTTP/1.1" 200 342
114.95.98.1 - - [20/Jan/2022:09:27:04 +0800] "GET /xingrg/images/blue/pingpu.png HTTP/1.1" 304 -
222.70.243.96 - - [20/Jan/2022:09:27:04 +0800] "POST /xingrg/services/DataTransmitService HTTP/1.1" 200 524
114.95.98.1 - - [20/Jan/2022:09:27:04 +0800] "GET /xingrg/javascript/jquery_easy_ui/themes/default/images/tabs_leftarrow.png HTTP/1.1" 304 -
114.95.98.1 - - [20/Jan/2022:09:27:04 +0800] "GET /xingrg/javascript/jquery_easy_ui/themes/default/images/tabs_rightarrow.png HTTP/1.1" 304 -
114.95.98.1 - - [20/Jan/2022:09:27:04 +0800] "GET /xingrg/javascript/jquery_easy_ui/themes/default/images/panel_tool_collapse.gif HTTP/1.1" 304 -
114.95.98.1 - - [20/Jan/2022:09:27:04 +0800] "GET /favicon.ico HTTP/1.1" 404 -
114.95.98.1 - - [20/Jan/2022:09:27:04 +0800] "GET /xingrg/all/function/internal_message.html?_=1642642042510&CODE_STATE=count HTTP/1.1" 200 11
58.39.168.32 - - [20/Jan/2022:09:27:04 +0800] "POST /xingrg/services/DataTransmitService HTTP/1.1" 200 148323
114.95.98.1 - - [20/Jan/2022:09:27:04 +0800] "GET /xingrg/check_reg.html?_=1642642042512 HTTP/1.1" 200 22
114.95.98.1 - - [20/Jan/2022:09:27:04 +0800] "GET /xingrg/javascript/jquery_easy_ui/themes/default/images/tree_arrows.gif HTTP/1.1" 304 -
114.95.98.1 - - [20/Jan/2022:09:27:04 +0800] "POST /xingrg/load_menu.html HTTP/1.1" 200 5138
222.70.243.96 - - [20/Jan/2022:09:27:04 +0800] "POST /xingrg/services/DataTransmitService HTTP/1.1" 200 2171
114.95.98.1 - - [20/Jan/2022:09:27:04 +0800] "GET /xingrg/javascript/jquery_easy_ui/themes/default/images/tree_folder_open.gif HTTP/1.1" 304 -
114.95.98.1 - - [20/Jan/2022:09:27:04 +0800] "GET /xingrg/javascript/jquery_easy_ui/themes/icons/search_new.png HTTP/1.1" 304 -
114.95.98.1 - - [20/Jan/2022:09:27:04 +0800] "GET /xingrg/javascript/jquery_easy_ui/themes/default/images/tree_folder.gif HTTP/1.1" 304 -
114.95.98.1 - - [20/Jan/2022:09:27:04 +0800] "GET /xingrg/javascript/jquery_easy_ui/themes/icons/storage_new.png HTTP/1.1" 304 -
114.95.98.1 - - [20/Jan/2022:09:27:04 +0800] "GET /xingrg/javascript/jquery_easy_ui/themes/icons/forms_new.png HTTP/1.1" 304 -
114.95.98.1 - - [20/Jan/2022:09:27:04 +0800] "GET /xingrg/javascript/jquery_easy_ui/themes/default/images/tree_file.gif HTTP/1.1" 304 -
180.169.147.146 - - [20/Jan/2022:09:27:06 +0800] "GET /xingrg/all/function/internal_message.html?_=1642642027320&CODE_STATE=getMsg HTTP/1.1" 200 27
222.70.243.96 - - [20/Jan/2022:09:27:07 +0800] "POST /xingrg/services/DataTransmitService HTTP/1.1" 200 524
222.70.243.96 - - [20/Jan/2022:09:27:08 +0800] "GET /xingrg/all/function/internal_message.html?_=1642642030560&CODE_STATE=getMsg HTTP/1.1" 200 27
222.70.243.96 - - [20/Jan/2022:09:27:08 +0800] "POST /xingrg/services/DataTransmitService HTTP/1.1" 200 2171
114.95.98.1 - - [20/Jan/2022:09:27:08 +0800] "GET /xingrg/javascript/jquery_easy_ui/themes/default/images/tabs_close.gif HTTP/1.1" 304 -
114.95.98.1 - - [20/Jan/2022:09:27:09 +0800] "GET /xingrg/javascript/jquery_tools/datebox.css HTTP/1.1" 304 -
114.95.98.1 - - [20/Jan/2022:09:27:09 +0800] "GET /xingrg/javascript/easyui/themes/default/easyui.css HTTP/1.1" 304 -
114.95.98.1 - - [20/Jan/2022:09:27:09 +0800] "GET /xingrg/css/base.css HTTP/1.1" 304 -
114.95.98.1 - - [20/Jan/2022:09:27:09 +0800] "GET /xingrg/css/site.css HTTP/1.1" 304 -
114.95.98.1 - - [20/Jan/2022:09:27:09 +0800] "GET /xingrg/javascript/auto/jquery.autocomplete.css HTTP/1.1" 304 -
114.95.98.1 - - [20/Jan/2022:09:27:09 +0800] "GET /xingrg/javascript/easyui/themes/icon.css HTTP/1.1" 304 -
114.95.98.1 - - [20/Jan/2022:09:27:09 +0800] "GET /xingrg/javascript/jquery_tools/fix.css HTTP/1.1" 304 -
114.95.98.1 - - [20/Jan/2022:09:27:09 +0800] "GET /xingrg/javascript/jquery_tools/table.css HTTP/1.1" 304 -
114.95.98.1 - - [20/Jan/2022:09:27:09 +0800] "GET /xingrg/javascript/jquery_tools/jquery.tools.min.js HTTP/1.1" 304 -
114.95.98.1 - - [20/Jan/2022:09:27:09 +0800] "GET /xingrg/javascript/jquery_tools/jquery.tools.extend.js HTTP/1.1" 304 -
114.95.98.1 - - [20/Jan/2022:09:27:09 +0800] "GET /xingrg/javascript/jquery_tools/jquery.tools.hotkey.js HTTP/1.1" 304 -
114.95.98.1 - - [20/Jan/2022:09:27:09 +0800] "GET /xingrg/javascript/jquery_tools/jquery.tools.table.js HTTP/1.1" 304 -
114.95.98.1 - - [20/Jan/2022:09:27:09 +0800] "GET /xingrg/javascript/jquery_tools/list_manager.js HTTP/1.1" 304 -
114.95.98.1 - - [20/Jan/2022:09:27:09 +0800] "GET /xingrg/javascript/auto/jquery.autocomplete.js HTTP/1.1" 304 -
114.95.98.1 - - [20/Jan/2022:09:27:09 +0800] "GET /xingrg/javascript/easyui/easyloader.js HTTP/1.1" 304 -
114.95.98.1 - - [20/Jan/2022:09:27:09 +0800] "GET /xingrg/javascript/jquery.cookie.js HTTP/1.1" 304 -
114.95.98.1 - - [20/Jan/2022:09:27:09 +0800] "GET /xingrg/javascript/print/LodopFuncs.js HTTP/1.1" 304 -
114.95.98.1 - - [20/Jan/2022:09:27:09 +0800] "GET /xingrg/kc/buy/cgsh_order_list.html HTTP/1.1" 200 49588
114.95.98.1 - - [20/Jan/2022:09:27:09 +0800] "GET /xingrg/javascript/easyui/themes/icons/edit_add_new.png HTTP/1.1" 304 -
114.95.98.1 - - [20/Jan/2022:09:27:09 +0800] "GET /xingrg/javascript/easyui/themes/icons/cance_new.png HTTP/1.1" 304 -
114.95.98.1 - - [20/Jan/2022:09:27:09 +0800] "GET /xingrg/javascript/easyui/themes/icons/check_new.png HTTP/1.1" 304 -
114.95.98.1 - - [20/Jan/2022:09:27:09 +0800] "GET /xingrg/javascript/easyui/themes/icons/field_new.png HTTP/1.1" 304 -
114.95.98.1 - - [20/Jan/2022:09:27:09 +0800] "GET /xingrg/javascript/easyui/themes/icons/import_new.png HTTP/1.1" 304 -
114.95.98.1 - - [20/Jan/2022:09:27:09 +0800] "GET /xingrg/javascript/jquery_easy_ui/themes/icons/area.png HTTP/1.1" 304 -
114.95.98.1 - - [20/Jan/2022:09:27:09 +0800] "GET /xingrg/javascript/jquery_easy_ui/themes/icons/rest.png HTTP/1.1" 304 -
114.95.98.1 - - [20/Jan/2022:09:27:09 +0800] "GET /xingrg/javascript/easyui/plugins/jquery.parser.js HTTP/1.1" 304 -
114.95.98.1 - - [20/Jan/2022:09:27:09 +0800] "GET /xingrg/images/control/ajaxLoader.gif HTTP/1.1" 304 -
222.70.243.96 - - [20/Jan/2022:09:27:09 +0800] "POST /xingrg/services/DataTransmitService HTTP/1.1" 200 524
114.95.98.1 - - [20/Jan/2022:09:27:10 +0800] "POST /xingrg/kc/buy/cgsh_list_operate.html HTTP/1.1" 200 876
222.70.243.96 - - [20/Jan/2022:09:27:10 +0800] "POST /xingrg/services/DataTransmitService HTTP/1.1" 200 2171
114.95.98.1 - - [20/Jan/2022:09:27:11 +0800] "GET /xingrg/javascript/easyui/themes/default/images/button_plain_hover.png HTTP/1.1" 304 -
114.95.98.1 - - [20/Jan/2022:09:27:11 +0800] "GET /xingrg/javascript/easyui/themes/default/images/button_plain_hover.png HTTP/1.1" 304 -
114.95.98.1 - - [20/Jan/2022:09:27:12 +0800] "GET /xingrg/javascript/pic_change.js HTTP/1.1" 304 -
114.95.98.1 - - [20/Jan/2022:09:27:12 +0800] "GET /xingrg/javascript/convert.js HTTP/1.1" 304 -
114.95.98.1 - - [20/Jan/2022:09:27:12 +0800] "GET /xingrg/javascript/jquery_tools/order_manager.js HTTP/1.1" 304 -
114.95.98.1 - - [20/Jan/2022:09:27:12 +0800] "GET /xingrg/javascript/print/kc_print.js HTTP/1.1" 304 -
114.95.98.1 - - [20/Jan/2022:09:27:12 +0800] "GET /xingrg/javascript/json2.js HTTP/1.1" 304 -
180.152.99.73 - - [20/Jan/2022:09:27:12 +0800] "POST /xingrg/kc/buy/cgsh_order_operate.html HTTP/1.1" 200 2065
114.95.98.1 - - [20/Jan/2022:09:27:12 +0800] "GET /xingrg/kc/buy/cgsh_order_add.html HTTP/1.1" 200 65357
114.95.98.1 - - [20/Jan/2022:09:27:12 +0800] "GET /xingrg/words/20220120091010_words.js HTTP/1.1" 200 884239
114.95.98.1 - - [20/Jan/2022:09:27:12 +0800] "GET /xingrg/javascript/easyui/themes/icons/copy_new.png HTTP/1.1" 304 -
114.95.98.1 - - [20/Jan/2022:09:27:12 +0800] "GET /xingrg/javascript/easyui/themes/icons/template_new.png HTTP/1.1" 304 -
114.95.98.1 - - [20/Jan/2022:09:27:12 +0800] "GET /xingrg/javascript/easyui/themes/icons/ok.png HTTP/1.1" 304 -
114.95.98.1 - - [20/Jan/2022:09:27:12 +0800] "GET /xingrg/javascript/easyui/themes/icons/print.png HTTP/1.1" 304 -
114.95.98.1 - - [20/Jan/2022:09:27:12 +0800] "GET /xingrg/javascript/easyui/themes/default/images/menu_downarrow.png HTTP/1.1" 304 -
114.95.98.1 - - [20/Jan/2022:09:27:12 +0800] "GET /xingrg/javascript/easyui/themes/icons/cancel.png HTTP/1.1" 304 -
222.70.243.96 - - [20/Jan/2022:09:27:13 +0800] "POST /xingrg/services/DataTransmitService HTTP/1.1" 200 524
222.70.243.96 - - [20/Jan/2022:09:27:13 +0800] "POST /xingrg/services/DataTransmitService HTTP/1.1" 200 2171
222.70.217.149 - - [20/Jan/2022:09:27:13 +0800] "POST /xingrg/services/DataTransmitService HTTP/1.1" 200 524
114.95.98.1 - - [20/Jan/2022:09:27:13 +0800] "POST /xingrg/kc/buy/cgsh_order_operate.html HTTP/1.1" 200 8245
114.95.98.1 - - [20/Jan/2022:09:27:14 +0800] "GET /xingrg/javascript/easyui/themes/icons/edit_remove.png HTTP/1.1" 304 -
