114.86.224.130 - - [20/Jan/2022:11:04:53 +0800] "GET /xingrg/all/function/internal_message.html?_=1642647892186&CODE_STATE=getMsg HTTP/1.1" 200 27
114.86.224.130 - - [20/Jan/2022:11:04:53 +0800] "GET /xingrg/check_reg.html?_=1642647892187 HTTP/1.1" 200 22
120.253.135.82 - - [20/Jan/2022:11:04:54 +0800] "GET /xingrg/all/function/internal_message.html?_=1642647681316&CODE_STATE=getMsg HTTP/1.1" 200 27
120.253.135.82 - - [20/Jan/2022:11:04:55 +0800] "POST /xingrg/kc/pszx/mdps_list_operate.html HTTP/1.1" 200 2048
222.70.178.207 - - [20/Jan/2022:11:04:56 +0800] "GET /xingrg/kc/buy/cgsh_order_operate.html?command=get_materiel&rest_code=00111&code=00101001111&supplier_code=00100042&order_time=2022-01-20 HTTP/1.1" 200 409
114.86.224.130 - - [20/Jan/2022:11:04:58 +0800] "GET /xingrg/kc/buy/cgsh_order_operate.html?command=get_materiel&rest_code=00109&code=00101006109&supplier_code=00100015&order_time=2022-01-20 HTTP/1.1" 200 409
124.78.156.14 - - [20/Jan/2022:11:05:04 +0800] "GET /xingrg/all/function/internal_message.html?_=1642647900716&CODE_STATE=getMsg HTTP/1.1" 200 27
114.86.224.130 - - [20/Jan/2022:11:05:06 +0800] "GET /xingrg/kc/buy/cgsh_order_operate.html?command=get_materiel&rest_code=00109&code=00101006013&supplier_code=00100015&order_time=2022-01-20 HTTP/1.1" 200 409
120.253.135.82 - - [20/Jan/2022:11:05:08 +0800] "POST /xingrg/kc/pszx/mdps_list_operate.html HTTP/1.1" 200 2438
180.152.99.73 - - [20/Jan/2022:11:05:11 +0800] "GET /xingrg/all/function/internal_message.html?_=1642647910577&CODE_STATE=getMsg HTTP/1.1" 200 27
222.70.243.96 - - [20/Jan/2022:11:05:12 +0800] "GET /xingrg/all/function/internal_message.html?_=1642647914987&CODE_STATE=getMsg HTTP/1.1" 200 27
180.152.99.39 - - [20/Jan/2022:11:05:15 +0800] "GET /xingrg/all/function/internal_message.html?_=1642647845925&CODE_STATE=getMsg HTTP/1.1" 200 27
180.169.147.146 - - [20/Jan/2022:11:05:16 +0800] "GET /xingrg/all/function/internal_message.html?_=1642647913843&CODE_STATE=getMsg HTTP/1.1" 200 27
124.78.156.14 - - [20/Jan/2022:11:05:17 +0800] "POST /xingrg/dwr/call/plaincall/AjaxQqpsService.saveOrder.dwr HTTP/1.1" 200 79
222.70.178.207 - - [20/Jan/2022:11:05:19 +0800] "GET /xingrg/kc/buy/cgsh_order_operate.html?command=get_materiel&rest_code=00111&code=00101010161&supplier_code=00100042&order_time=2022-01-20 HTTP/1.1" 200 409
58.37.10.95 - - [20/Jan/2022:11:05:25 +0800] "GET /xingrg/all/function/internal_message.html?_=1642647721142&CODE_STATE=getMsg HTTP/1.1" 200 27
58.37.10.95 - - [20/Jan/2022:11:05:25 +0800] "GET /xingrg/check_reg.html?_=1642647721143 HTTP/1.1" 200 22
58.39.168.32 - - [20/Jan/2022:11:05:30 +0800] "GET /xingrg/all/function/internal_message.html?_=1642647866523&CODE_STATE=getMsg HTTP/1.1" 200 27
114.86.224.130 - - [20/Jan/2022:11:05:31 +0800] "POST /xingrg/kc/buy/cgsh_order_operate.html HTTP/1.1" 200 37
222.70.178.207 - - [20/Jan/2022:11:05:32 +0800] "GET /xingrg/kc/buy/cgsh_order_operate.html?command=get_materiel&rest_code=00111&code=00101005037&supplier_code=00100042&order_time=2022-01-20 HTTP/1.1" 200 409
114.86.224.130 - - [20/Jan/2022:11:05:34 +0800] "POST /xingrg/kc/buy/cgsh_order_operate.html HTTP/1.1" 200 9778
114.86.224.130 - - [20/Jan/2022:11:05:36 +0800] "GET /xingrg/kc/print/load_config.html?kc_code=cgsh HTTP/1.1" 200 1943
114.86.224.130 - - [20/Jan/2022:11:05:36 +0800] "GET /xingrg/kc/print/load_data.html?order_code=212022012009868&kc_code=cgsh&condition= HTTP/1.1" 200 3444
124.79.247.218 - - [20/Jan/2022:11:05:36 +0800] "GET /xingrg/all/function/internal_message.html?_=1642647977480&CODE_STATE=getMsg HTTP/1.1" 200 27
58.39.168.32 - - [20/Jan/2022:11:05:37 +0800] "GET /xingrg/all/function/internal_message.html?_=1642647936828&CODE_STATE=getMsg HTTP/1.1" 200 27
114.86.224.130 - - [20/Jan/2022:11:05:42 +0800] "GET /xingrg/kc/buy/cgsh_order_add.html HTTP/1.1" 200 65439
114.86.224.130 - - [20/Jan/2022:11:05:42 +0800] "POST /xingrg/kc/buy/cgsh_order_operate.html HTTP/1.1" 200 8245
114.86.224.130 - - [20/Jan/2022:11:05:42 +0800] "GET /xingrg/all/common/auto_word.html?type=employee&rest_code=00109 HTTP/1.1" 200 255
114.86.224.130 - - [20/Jan/2022:11:05:42 +0800] "GET /xingrg/javascript/easyui/themes/default/validatebox.css HTTP/1.1" 404 1104
114.86.224.130 - - [20/Jan/2022:11:05:42 +0800] "GET /xingrg/all/common/auto_word.html?type=employee&rest_code=00109 HTTP/1.1" 200 255
222.70.178.207 - - [20/Jan/2022:11:05:42 +0800] "GET /xingrg/kc/buy/cgsh_order_operate.html?command=get_materiel&rest_code=00111&code=00101018007&supplier_code=00100042&order_time=2022-01-20 HTTP/1.1" 200 409
114.95.98.1 - - [20/Jan/2022:11:05:44 +0800] "GET /xingrg/all/function/internal_message.html?_=1642647962716&CODE_STATE=getMsg HTTP/1.1" 200 27
222.70.243.96 - - [20/Jan/2022:11:05:46 +0800] "GET /xingrg/kc/buy/cgsh_order_add.html HTTP/1.1" 200 65363
120.253.135.82 - - [20/Jan/2022:11:05:47 +0800] "POST /xingrg/kc/pszx/mdps_list_operate.html HTTP/1.1" 200 2065
222.70.243.96 - - [20/Jan/2022:11:05:47 +0800] "POST /xingrg/kc/buy/cgsh_order_operate.html HTTP/1.1" 200 8245
222.70.243.96 - - [20/Jan/2022:11:05:47 +0800] "GET /xingrg/javascript/easyui/themes/default/validatebox.css HTTP/1.1" 404 1104
120.253.135.82 - - [20/Jan/2022:11:05:49 +0800] "POST /xingrg/kc/pszx/mdps_list_operate.html HTTP/1.1" 200 393
114.86.224.130 - - [20/Jan/2022:11:05:49 +0800] "GET /xingrg/kc/buy/cgsh_order_operate.html?command=get_materiel&rest_code=00109&code=00101007061&supplier_code=00100004&order_time=2022-01-20 HTTP/1.1" 200 409
120.253.135.82 - - [20/Jan/2022:11:05:50 +0800] "POST /xingrg/kc/pszx/mdps_list_operate.html HTTP/1.1" 200 223
222.70.178.207 - - [20/Jan/2022:11:05:51 +0800] "GET /xingrg/all/function/internal_message.html?_=1642647950297&CODE_STATE=getMsg HTTP/1.1" 200 27
114.86.224.130 - - [20/Jan/2022:11:05:53 +0800] "POST /xingrg/services/DataTransmitService HTTP/1.1" 200 524
120.253.135.82 - - [20/Jan/2022:11:05:53 +0800] "GET /xingrg/kc/pszx/mdps_order_info.html?code=312022011800622 HTTP/1.1" 200 23931
222.70.217.149 - - [20/Jan/2022:11:05:53 +0800] "GET /xingrg/all/function/internal_message.html?_=1642647934125&CODE_STATE=getMsg HTTP/1.1" 200 27
114.86.224.130 - - [20/Jan/2022:11:05:53 +0800] "GET /xingrg/all/function/internal_message.html?_=1642647952188&CODE_STATE=getMsg HTTP/1.1" 200 27
120.253.135.82 - - [20/Jan/2022:11:05:53 +0800] "GET /xingrg/javascript/easyui/themes/default/validatebox.css HTTP/1.1" 404 1104
120.253.135.82 - - [20/Jan/2022:11:05:54 +0800] "POST /xingrg/kc/pszx/mdps_order_operate.html HTTP/1.1" 200 2318
120.253.135.82 - - [20/Jan/2022:11:05:54 +0800] "GET /xingrg/all/function/internal_message.html?_=1642647741329&CODE_STATE=getMsg HTTP/1.1" 200 27
222.70.178.207 - - [20/Jan/2022:11:05:55 +0800] "GET /xingrg/kc/buy/cgsh_order_operate.html?command=get_materiel&rest_code=00111&code=00101006067&supplier_code=00100042&order_time=2022-01-20 HTTP/1.1" 200 409
120.253.135.82 - - [20/Jan/2022:11:05:56 +0800] "POST /xingrg/kc/pszx/mdps_list_operate.html HTTP/1.1" 200 2065
222.70.243.96 - - [20/Jan/2022:11:05:56 +0800] "GET /xingrg/check_reg.html?_=1642647959380 HTTP/1.1" 200 22
114.86.224.130 - - [20/Jan/2022:11:05:57 +0800] "GET /xingrg/kc/buy/cgsh_order_operate.html?command=get_materiel&rest_code=00109&code=00101007061&supplier_code=00100004&order_time=2022-01-20 HTTP/1.1" 200 409
101.83.241.190 - - [20/Jan/2022:11:05:57 +0800] "POST /xingrg/services/DataTransmitService HTTP/1.1" 200 524
114.86.224.130 - - [20/Jan/2022:11:05:57 +0800] "POST /xingrg/services/DataTransmitService HTTP/1.1" 200 501
101.83.241.190 - - [20/Jan/2022:11:05:57 +0800] "POST /xingrg/services/DataTransmitService HTTP/1.1" 200 501
120.253.135.82 - - [20/Jan/2022:11:05:59 +0800] "GET /xingrg/kc/pszx/mdps_order_add.html HTTP/1.1" 200 28947
120.253.135.82 - - [20/Jan/2022:11:05:59 +0800] "POST /xingrg/kc/pszx/mdps_order_operate.html HTTP/1.1" 200 7126
120.253.135.82 - - [20/Jan/2022:11:05:59 +0800] "GET /xingrg/javascript/easyui/themes/default/validatebox.css HTTP/1.1" 404 1104
124.78.156.14 - - [20/Jan/2022:11:06:04 +0800] "GET /xingrg/all/function/internal_message.html?_=1642647960684&CODE_STATE=getMsg HTTP/1.1" 200 27
222.70.178.207 - - [20/Jan/2022:11:06:05 +0800] "POST /xingrg/kc/buy/cgsh_order_operate.html HTTP/1.1" 200 37
114.86.224.130 - - [20/Jan/2022:11:06:06 +0800] "GET /xingrg/kc/buy/cgsh_order_operate.html?command=get_materiel&rest_code=00109&code=00101007049&supplier_code=00100004&order_time=2022-01-20 HTTP/1.1" 200 409
222.70.178.207 - - [20/Jan/2022:11:06:06 +0800] "POST /xingrg/kc/buy/cgsh_order_operate.html HTTP/1.1" 200 5007
222.70.178.207 - - [20/Jan/2022:11:06:08 +0800] "GET /xingrg/kc/print/load_data.html?order_code=212022012009869&kc_code=cgsh&condition= HTTP/1.1" 200 1594
120.253.135.82 - - [20/Jan/2022:11:06:10 +0800] "POST /xingrg/all/common/load_combo.html?type=base HTTP/1.1" 200 1075
180.152.99.73 - - [20/Jan/2022:11:06:11 +0800] "GET /xingrg/all/function/internal_message.html?_=1642647970563&CODE_STATE=getMsg HTTP/1.1" 200 27
222.70.243.96 - - [20/Jan/2022:11:06:12 +0800] "GET /xingrg/all/function/internal_message.html?_=1642647974993&CODE_STATE=getMsg HTTP/1.1" 200 27
180.152.99.39 - - [20/Jan/2022:11:06:15 +0800] "GET /xingrg/all/function/internal_message.html?_=1642647905938&CODE_STATE=getMsg HTTP/1.1" 200 27
114.86.224.130 - - [20/Jan/2022:11:06:15 +0800] "POST /xingrg/kc/buy/cgsh_order_operate.html HTTP/1.1" 200 37
180.169.147.146 - - [20/Jan/2022:11:06:15 +0800] "GET /xingrg/all/function/internal_message.html?_=1642647973813&CODE_STATE=getMsg HTTP/1.1" 200 27
114.86.224.130 - - [20/Jan/2022:11:06:17 +0800] "POST /xingrg/kc/buy/cgsh_order_operate.html HTTP/1.1" 200 3829
114.86.224.130 - - [20/Jan/2022:11:06:18 +0800] "GET /xingrg/kc/print/load_config.html?kc_code=cgsh HTTP/1.1" 200 1943
114.86.224.130 - - [20/Jan/2022:11:06:18 +0800] "GET /xingrg/kc/print/load_data.html?order_code=212022012009870&kc_code=cgsh&condition= HTTP/1.1" 200 1156
120.253.135.82 - - [20/Jan/2022:11:06:21 +0800] "GET /xingrg/kc/pszx/mdps_order_operate.html?command=get_materiel&pszx_code=00101&rest_code=00147&base_code=0010250&code=00102003629 HTTP/1.1" 200 424
124.78.156.14 - - [20/Jan/2022:11:06:23 +0800] "GET /xingrg/kc/buy/cgsh_order_add.html HTTP/1.1" 200 65404
124.78.156.14 - - [20/Jan/2022:11:06:24 +0800] "GET /xingrg/javascript/easyui/themes/default/validatebox.css HTTP/1.1" 404 1104
124.78.156.14 - - [20/Jan/2022:11:06:24 +0800] "POST /xingrg/kc/buy/cgsh_order_operate.html HTTP/1.1" 200 8245
58.39.168.32 - - [20/Jan/2022:11:06:25 +0800] "POST /xingrg/services/DataTransmitService HTTP/1.1" 200 524
58.37.10.95 - - [20/Jan/2022:11:06:25 +0800] "GET /xingrg/all/function/internal_message.html?_=1642647781142&CODE_STATE=getMsg HTTP/1.1" 200 27
58.39.168.32 - - [20/Jan/2022:11:06:29 +0800] "POST /xingrg/services/DataTransmitService HTTP/1.1" 200 501
58.39.168.32 - - [20/Jan/2022:11:06:30 +0800] "GET /xingrg/all/function/internal_message.html?_=1642647926524&CODE_STATE=getMsg HTTP/1.1" 200 27
124.78.156.14 - - [20/Jan/2022:11:06:31 +0800] "GET /xingrg/javascript/easyui/themes/default/tree.css HTTP/1.1" 404 1090
124.78.156.14 - - [20/Jan/2022:11:06:31 +0800] "POST /xingrg/all/common/load_tree.html?tree=supplier_tree_json&isDelete=1 HTTP/1.1" 200 61772
124.79.247.218 - - [20/Jan/2022:11:06:36 +0800] "GET /xingrg/check_reg.html?_=1642648036872 HTTP/1.1" 200 22
124.79.247.218 - - [20/Jan/2022:11:06:36 +0800] "GET /xingrg/all/function/internal_message.html?_=1642648037493&CODE_STATE=getMsg HTTP/1.1" 200 27
58.39.168.32 - - [20/Jan/2022:11:06:37 +0800] "GET /xingrg/all/function/internal_message.html?_=1642647996828&CODE_STATE=getMsg HTTP/1.1" 200 27
120.253.135.82 - - [20/Jan/2022:11:06:42 +0800] "GET /xingrg/kc/pszx/mdps_order_operate.html?command=get_materiel&pszx_code=00101&rest_code=00147&base_code=0010250&code=00102008024 HTTP/1.1" 200 435
114.95.98.1 - - [20/Jan/2022:11:06:44 +0800] "GET /xingrg/all/function/internal_message.html?_=1642648022717&CODE_STATE=getMsg HTTP/1.1" 200 27
124.78.156.14 - - [20/Jan/2022:11:06:48 +0800] "GET /xingrg/kc/buy/cgsh_order_operate.html?command=get_materiel&rest_code=00106&code=00102002453&supplier_code=00100071&order_time=2022-01-20 HTTP/1.1" 200 433
222.70.178.207 - - [20/Jan/2022:11:06:51 +0800] "GET /xingrg/all/function/internal_message.html?_=1642648010281&CODE_STATE=getMsg HTTP/1.1" 200 27
222.70.217.149 - - [20/Jan/2022:11:06:53 +0800] "GET /xingrg/all/function/internal_message.html?_=1642647994134&CODE_STATE=getMsg HTTP/1.1" 200 27
114.86.224.130 - - [20/Jan/2022:11:06:53 +0800] "GET /xingrg/all/function/internal_message.html?_=1642648012190&CODE_STATE=getMsg HTTP/1.1" 200 27
120.253.135.82 - - [20/Jan/2022:11:06:54 +0800] "GET /xingrg/all/function/internal_message.html?_=1642647801343&CODE_STATE=getMsg HTTP/1.1" 200 27
172.20.0.100 - - [20/Jan/2022:11:06:56 +0800] "GET /favicon.ico HTTP/1.1" 404 -
124.78.156.14 - - [20/Jan/2022:11:06:58 +0800] "GET /xingrg/kc/buy/cgsh_order_operate.html?command=get_materiel&rest_code=00106&code=00102002586&supplier_code=00100071&order_time=2022-01-20 HTTP/1.1" 200 439
120.253.135.82 - - [20/Jan/2022:11:07:04 +0800] "GET /xingrg/kc/pszx/mdps_order_operate.html?command=get_materiel&pszx_code=00101&rest_code=00147&base_code=0010250&code=00102012010 HTTP/1.1" 200 439
124.78.156.14 - - [20/Jan/2022:11:07:04 +0800] "GET /xingrg/all/function/internal_message.html?_=1642648020661&CODE_STATE=getMsg HTTP/1.1" 200 27
124.78.156.14 - - [20/Jan/2022:11:07:08 +0800] "POST /xingrg/kc/buy/cgsh_order_operate.html HTTP/1.1" 200 37
114.95.98.1 - - [20/Jan/2022:11:07:10 +0800] "GET /xingrg/check_reg.html?_=1642648048689 HTTP/1.1" 200 22
180.152.99.73 - - [20/Jan/2022:11:07:11 +0800] "GET /xingrg/all/function/internal_message.html?_=1642648030564&CODE_STATE=getMsg HTTP/1.1" 200 27
222.70.243.96 - - [20/Jan/2022:11:07:12 +0800] "GET /xingrg/all/function/internal_message.html?_=1642648035006&CODE_STATE=getMsg HTTP/1.1" 200 27
124.78.156.14 - - [20/Jan/2022:11:07:13 +0800] "POST /xingrg/kc/buy/cgsh_order_operate.html HTTP/1.1" 200 12
222.70.217.149 - - [20/Jan/2022:11:07:14 +0800] "POST /xingrg/services/DataTransmitService HTTP/1.1" 200 524
180.152.99.39 - - [20/Jan/2022:11:07:15 +0800] "GET /xingrg/all/function/internal_message.html?_=1642647965967&CODE_STATE=getMsg HTTP/1.1" 200 27
222.70.217.149 - - [20/Jan/2022:11:07:15 +0800] "POST /xingrg/services/DataTransmitService HTTP/1.1" 200 412
180.169.147.146 - - [20/Jan/2022:11:07:15 +0800] "GET /xingrg/all/function/internal_message.html?_=1642648033800&CODE_STATE=getMsg HTTP/1.1" 200 27
124.78.156.14 - - [20/Jan/2022:11:07:15 +0800] "GET /xingrg/kc/buy/cgsh_order_info.html?code=212022012009871 HTTP/1.1" 200 60317
124.78.156.14 - - [20/Jan/2022:11:07:17 +0800] "GET /xingrg/javascript/easyui/themes/default/validatebox.css HTTP/1.1" 404 1104
180.169.147.146 - - [20/Jan/2022:11:07:17 +0800] "GET /xingrg/check_reg.html?_=1642648035036 HTTP/1.1" 200 22
124.78.156.14 - - [20/Jan/2022:11:07:17 +0800] "POST /xingrg/kc/buy/cgsh_order_operate.html HTTP/1.1" 200 1219
124.78.156.14 - - [20/Jan/2022:11:07:19 +0800] "GET /xingrg/kc/print/load_config.html?kc_code=cgsh HTTP/1.1" 200 1943
124.78.156.14 - - [20/Jan/2022:11:07:19 +0800] "GET /xingrg/kc/print/load_data.html?order_code=212022012009871&kc_code=cgsh&condition= HTTP/1.1" 200 1003
124.79.247.218 - - [20/Jan/2022:11:07:21 +0800] "POST /xingrg/login.do HTTP/1.1" 302 -
124.79.247.218 - - [20/Jan/2022:11:07:21 +0800] "GET /xingrg/css/form.css HTTP/1.1" 200 893
124.79.247.218 - - [20/Jan/2022:11:07:21 +0800] "GET /xingrg/javascript/jquery_easy_ui/themes/icon.css HTTP/1.1" 200 3949
124.79.247.218 - - [20/Jan/2022:11:07:21 +0800] "GET /xingrg/index.html?sysBaseUrl=http%3A%2F%2F180.169.147.146%3A18081%2Fxingrg%2F&costTime=42×tamp=1642648041479 HTTP/1.1" 200 17179
124.79.247.218 - - [20/Jan/2022:11:07:21 +0800] "GET /xingrg/javascript/jquery_easy_ui/easyui-lang-zh_CN.js HTTP/1.1" 200 1900
124.79.247.218 - - [20/Jan/2022:11:07:21 +0800] "GET /xingrg/javascript/jquery.timers.js HTTP/1.1" 200 3532
124.79.247.218 - - [20/Jan/2022:11:07:21 +0800] "GET /xingrg/javascript/jquery-1.4.2.min.js HTTP/1.1" 200 72205
124.79.247.218 - - [20/Jan/2022:11:07:21 +0800] "GET /xingrg/javascript/jquery_easy_ui/jquery.easyui.min.js HTTP/1.1" 200 213662
124.79.247.218 - - [20/Jan/2022:11:07:21 +0800] "GET /xingrg/javascript/jquery_easy_ui/themes/default/easyui.css HTTP/1.1" 200 26500
124.79.247.218 - - [20/Jan/2022:11:07:21 +0800] "GET /xingrg/javascript/jquery.utils.js HTTP/1.1" 200 11805
124.79.247.218 - - [20/Jan/2022:11:07:21 +0800] "GET /xingrg/javascript/jquery.form.js HTTP/1.1" 200 23110
124.79.247.218 - - [20/Jan/2022:11:07:21 +0800] "GET /xingrg/javascript/jquery_easy_ui/themes/icons/settle_new.png HTTP/1.1" 200 826
124.79.247.218 - - [20/Jan/2022:11:07:21 +0800] "GET /xingrg/images/blue/navBackgound.jpg HTTP/1.1" 200 12378
124.79.247.218 - - [20/Jan/2022:11:07:21 +0800] "GET /favicon.ico HTTP/1.1" 404 -
124.79.247.218 - - [20/Jan/2022:11:07:21 +0800] "POST /xingrg/all/common/load_tree.html?tree=area_rest_tree_json&manage=1 HTTP/1.1" 200 351
124.79.247.218 - - [20/Jan/2022:11:07:22 +0800] "GET /xingrg/all/function/internal_message.html?_=1642648179396&CODE_STATE=count HTTP/1.1" 200 11
124.79.247.218 - - [20/Jan/2022:11:07:22 +0800] "GET /xingrg/check_reg.html?_=1642648179397 HTTP/1.1" 200 22
124.79.247.218 - - [20/Jan/2022:11:07:22 +0800] "GET /xingrg/images/blue/pingpu.png HTTP/1.1" 200 231
124.79.247.218 - - [20/Jan/2022:11:07:22 +0800] "GET /xingrg/javascript/jquery_easy_ui/themes/default/images/tabs_leftarrow.png HTTP/1.1" 200 389
124.79.247.218 - - [20/Jan/2022:11:07:22 +0800] "GET /xingrg/javascript/jquery_easy_ui/themes/default/images/panel_tool_collapse.gif HTTP/1.1" 200 246
124.79.247.218 - - [20/Jan/2022:11:07:22 +0800] "GET /xingrg/javascript/jquery_easy_ui/themes/default/images/tabs_rightarrow.png HTTP/1.1" 200 395
124.79.247.218 - - [20/Jan/2022:11:07:22 +0800] "POST /xingrg/load_menu.html HTTP/1.1" 200 5138
124.79.247.218 - - [20/Jan/2022:11:07:22 +0800] "GET /xingrg/javascript/jquery_easy_ui/themes/default/images/tree_arrows.gif HTTP/1.1" 200 1043
124.79.247.218 - - [20/Jan/2022:11:07:22 +0800] "GET /xingrg/javascript/jquery_easy_ui/themes/default/images/tree_folder.gif HTTP/1.1" 200 952
124.79.247.218 - - [20/Jan/2022:11:07:22 +0800] "GET /xingrg/javascript/jquery_easy_ui/themes/icons/search_new.png HTTP/1.1" 200 586
124.79.247.218 - - [20/Jan/2022:11:07:22 +0800] "GET /xingrg/javascript/jquery_easy_ui/themes/icons/storage_new.png HTTP/1.1" 200 853
124.79.247.218 - - [20/Jan/2022:11:07:22 +0800] "GET /xingrg/javascript/jquery_easy_ui/themes/icons/forms_new.png HTTP/1.1" 200 350
124.79.247.218 - - [20/Jan/2022:11:07:22 +0800] "GET /xingrg/javascript/jquery_easy_ui/themes/default/images/tree_file.gif HTTP/1.1" 200 118
124.79.247.218 - - [20/Jan/2022:11:07:22 +0800] "GET /xingrg/javascript/jquery_easy_ui/themes/default/images/tree_folder_open.gif HTTP/1.1" 200 956
58.37.10.95 - - [20/Jan/2022:11:07:25 +0800] "GET /xingrg/all/function/internal_message.html?_=1642647841140&CODE_STATE=getMsg HTTP/1.1" 200 27
58.39.168.32 - - [20/Jan/2022:11:07:30 +0800] "GET /xingrg/all/function/internal_message.html?_=1642647986524&CODE_STATE=getMsg HTTP/1.1" 200 27
58.39.168.32 - - [20/Jan/2022:11:07:30 +0800] "GET /xingrg/check_reg.html?_=1642647986528 HTTP/1.1" 200 22
124.79.247.218 - - [20/Jan/2022:11:07:36 +0800] "GET /xingrg/all/function/internal_message.html?_=1642648097508&CODE_STATE=getMsg HTTP/1.1" 200 27
58.39.168.32 - - [20/Jan/2022:11:07:37 +0800] "GET /xingrg/check_reg.html?_=1642648056829 HTTP/1.1" 200 22
58.39.168.32 - - [20/Jan/2022:11:07:37 +0800] "GET /xingrg/all/function/internal_message.html?_=1642648056833&CODE_STATE=getMsg HTTP/1.1" 200 27
114.95.98.1 - - [20/Jan/2022:11:07:44 +0800] "GET /xingrg/all/function/internal_message.html?_=1642648082731&CODE_STATE=getMsg HTTP/1.1" 200 27
101.85.120.86 - - [20/Jan/2022:11:07:45 +0800] "GET /xingrg/login.html HTTP/1.1" 200 7641
101.85.120.86 - - [20/Jan/2022:11:07:46 +0800] "GET /xingrg/images/blue/jxLogo.png HTTP/1.1" 304 -
101.85.120.86 - - [20/Jan/2022:11:07:46 +0800] "GET /xingrg/images/blue/login_bg.png HTTP/1.1" 304 -
101.85.120.86 - - [20/Jan/2022:11:07:46 +0800] "GET /xingrg/images/blue/hj.png HTTP/1.1" 304 -
101.85.120.86 - - [20/Jan/2022:11:07:46 +0800] "GET /xingrg/images/blue/srbg.png HTTP/1.1" 304 -
101.85.120.86 - - [20/Jan/2022:11:07:46 +0800] "GET /favicon.ico HTTP/1.1" 404 -
222.70.178.207 - - [20/Jan/2022:11:07:51 +0800] "GET /xingrg/all/function/internal_message.html?_=1642648070265&CODE_STATE=getMsg HTTP/1.1" 200 27
222.70.217.149 - - [20/Jan/2022:11:07:53 +0800] "GET /xingrg/all/function/internal_message.html?_=1642648054134&CODE_STATE=getMsg HTTP/1.1" 200 27
114.86.224.130 - - [20/Jan/2022:11:07:53 +0800] "GET /xingrg/all/function/internal_message.html?_=1642648072193&CODE_STATE=getMsg HTTP/1.1" 200 27
120.253.135.82 - - [20/Jan/2022:11:07:54 +0800] "GET /xingrg/all/function/internal_message.html?_=1642647861356&CODE_STATE=getMsg HTTP/1.1" 200 27
124.78.156.14 - - [20/Jan/2022:11:07:56 +0800] "GET /xingrg/kc/buy/cgsh_order_add.html HTTP/1.1" 200 65404
124.78.156.14 - - [20/Jan/2022:11:07:58 +0800] "GET /xingrg/javascript/easyui/themes/default/validatebox.css HTTP/1.1" 404 1104
124.78.156.14 - - [20/Jan/2022:11:07:58 +0800] "POST /xingrg/kc/buy/cgsh_order_operate.html HTTP/1.1" 200 8245
124.78.156.14 - - [20/Jan/2022:11:08:00 +0800] "GET /xingrg/javascript/easyui/themes/default/tree.css HTTP/1.1" 404 1090
124.78.156.14 - - [20/Jan/2022:11:08:01 +0800] "POST /xingrg/all/common/load_tree.html?tree=supplier_tree_json&isDelete=1 HTTP/1.1" 200 61772
120.253.135.82 - - [20/Jan/2022:11:08:01 +0800] "GET /xingrg/kc/pszx/mdps_order_operate.html?command=get_materiel&pszx_code=00101&rest_code=00147&base_code=0010250&code=00101034024 HTTP/1.1" 200 437
58.37.10.95 - - [20/Jan/2022:11:08:02 +0800] "GET /xingrg/kc/buy/cgsh_order_add.html HTTP/1.1" 200 65404
58.37.10.95 - - [20/Jan/2022:11:08:03 +0800] "POST /xingrg/kc/buy/cgsh_order_operate.html HTTP/1.1" 200 8245
58.37.10.95 - - [20/Jan/2022:11:08:03 +0800] "GET /xingrg/javascript/easyui/themes/default/validatebox.css HTTP/1.1" 404 1104
124.78.156.14 - - [20/Jan/2022:11:08:04 +0800] "GET /xingrg/all/function/internal_message.html?_=1642648080805&CODE_STATE=getMsg HTTP/1.1" 200 27
120.253.135.82 - - [20/Jan/2022:11:08:10 +0800] "POST /xingrg/kc/pszx/mdps_order_operate.html HTTP/1.1" 200 37
180.152.99.73 - - [20/Jan/2022:11:08:11 +0800] "GET /xingrg/all/function/internal_message.html?_=1642648090565&CODE_STATE=getMsg HTTP/1.1" 200 27
180.152.99.73 - - [20/Jan/2022:11:08:11 +0800] "GET /xingrg/check_reg.html?_=1642648090581 HTTP/1.1" 200 22
120.253.135.82 - - [20/Jan/2022:11:08:11 +0800] "GET /xingrg/kc/pszx/mdps_order_info.html?code=312022012000696 HTTP/1.1" 200 23931
222.70.243.96 - - [20/Jan/2022:11:08:12 +0800] "GET /xingrg/all/function/internal_message.html?_=1642648095019&CODE_STATE=getMsg HTTP/1.1" 200 27
120.253.135.82 - - [20/Jan/2022:11:08:13 +0800] "POST /xingrg/kc/pszx/mdps_order_operate.html HTTP/1.1" 200 3750
120.253.135.82 - - [20/Jan/2022:11:08:13 +0800] "GET /xingrg/javascript/easyui/themes/default/validatebox.css HTTP/1.1" 404 1104
120.253.135.82 - - [20/Jan/2022:11:08:14 +0800] "POST /xingrg/kc/pszx/mdps_list_operate.html HTTP/1.1" 200 2437
180.152.99.39 - - [20/Jan/2022:11:08:15 +0800] "GET /xingrg/all/function/internal_message.html?_=1642648025981&CODE_STATE=getMsg HTTP/1.1" 200 27
180.169.147.146 - - [20/Jan/2022:11:08:15 +0800] "GET /xingrg/all/function/internal_message.html?_=1642648093773&CODE_STATE=getMsg HTTP/1.1" 200 27
58.37.10.95 - - [20/Jan/2022:11:08:16 +0800] "GET /xingrg/kc/buy/cgsh_order_operate.html?command=get_materiel&rest_code=00141&code=00101001010&supplier_code=00100040&order_time=2022-01-20 HTTP/1.1" 200 409
124.78.156.14 - - [20/Jan/2022:11:08:16 +0800] "GET /xingrg/kc/buy/cgsh_order_operate.html?command=get_materiel&rest_code=00106&code=00101008146&supplier_code=00100009&order_time=2022-01-20 HTTP/1.1" 200 417
124.79.247.218 - - [20/Jan/2022:11:08:22 +0800] "GET /xingrg/all/function/internal_message.html?_=1642648239405&CODE_STATE=getMsg HTTP/1.1" 200 27
58.37.10.95 - - [20/Jan/2022:11:08:25 +0800] "GET /xingrg/all/function/internal_message.html?_=1642647901150&CODE_STATE=getMsg HTTP/1.1" 200 27
58.37.10.95 - - [20/Jan/2022:11:08:26 +0800] "POST /xingrg/kc/buy/cgsh_order_operate.html HTTP/1.1" 200 37
124.78.156.14 - - [20/Jan/2022:11:08:30 +0800] "GET /xingrg/kc/buy/cgsh_order_operate.html?command=get_materiel&rest_code=00106&code=00101008147&supplier_code=00100009&order_time=2022-01-20 HTTP/1.1" 200 416
58.37.10.95 - - [20/Jan/2022:11:08:30 +0800] "POST /xingrg/kc/buy/cgsh_order_operate.html HTTP/1.1" 200 12
58.39.168.32 - - [20/Jan/2022:11:08:30 +0800] "GET /xingrg/all/function/internal_message.html?_=1642648046528&CODE_STATE=getMsg HTTP/1.1" 200 27
180.157.251.97 - - [20/Jan/2022:11:08:32 +0800] "GET /xingrg/check_reg.html?_=1642648111330 HTTP/1.1" 302 -
58.37.10.95 - - [20/Jan/2022:11:08:33 +0800] "GET /xingrg/kc/buy/cgsh_order_info.html?code=212022012009872 HTTP/1.1" 200 60313
58.37.10.95 - - [20/Jan/2022:11:08:33 +0800] "GET /xingrg/javascript/easyui/themes/default/validatebox.css HTTP/1.1" 404 1104
58.37.10.95 - - [20/Jan/2022:11:08:34 +0800] "POST /xingrg/kc/buy/cgsh_order_operate.html HTTP/1.1" 200 604
58.37.10.95 - - [20/Jan/2022:11:08:35 +0800] "GET /xingrg/kc/print/load_data.html?order_code=212022012009872&kc_code=cgsh&condition= HTTP/1.1" 200 785
124.79.247.218 - - [20/Jan/2022:11:08:36 +0800] "GET /xingrg/javascript/jquery_easy_ui/themes/default/images/tabs_close.gif HTTP/1.1" 200 829
124.79.247.218 - - [20/Jan/2022:11:08:36 +0800] "GET /xingrg/css/base.css HTTP/1.1" 200 2811
124.79.247.218 - - [20/Jan/2022:11:08:36 +0800] "GET /xingrg/css/site.css HTTP/1.1" 200 7541
124.79.247.218 - - [20/Jan/2022:11:08:36 +0800] "GET /xingrg/javascript/auto/jquery.autocomplete.css HTTP/1.1" 200 587
124.79.247.218 - - [20/Jan/2022:11:08:36 +0800] "GET /xingrg/javascript/jquery_tools/fix.css HTTP/1.1" 200 1702
124.79.247.218 - - [20/Jan/2022:11:08:36 +0800] "GET /xingrg/javascript/jquery_tools/table.css HTTP/1.1" 200 1032
124.79.247.218 - - [20/Jan/2022:11:08:36 +0800] "GET /xingrg/javascript/easyui/themes/icon.css HTTP/1.1" 200 4483
124.79.247.218 - - [20/Jan/2022:11:08:36 +0800] "GET /xingrg/javascript/jquery_tools/jquery.tools.min.js HTTP/1.1" 200 138801
124.79.247.218 - - [20/Jan/2022:11:08:36 +0800] "GET /xingrg/javascript/jquery_tools/jquery.tools.hotkey.js HTTP/1.1" 200 3242
124.79.247.218 - - [20/Jan/2022:11:08:36 +0800] "GET /xingrg/kc/buy/cgsh_order_list.html HTTP/1.1" 200 49594
124.79.247.218 - - [20/Jan/2022:11:08:36 +0800] "GET /xingrg/javascript/jquery_tools/jquery.tools.table.js HTTP/1.1" 200 6994
124.79.247.218 - - [20/Jan/2022:11:08:36 +0800] "GET /xingrg/javascript/jquery_tools/jquery.tools.extend.js HTTP/1.1" 200 15385
124.79.247.218 - - [20/Jan/2022:11:08:36 +0800] "GET /xingrg/javascript/jquery_tools/list_manager.js HTTP/1.1" 200 3652
124.79.247.218 - - [20/Jan/2022:11:08:36 +0800] "GET /xingrg/javascript/jquery_tools/datebox.css HTTP/1.1" 200 2597
124.79.247.218 - - [20/Jan/2022:11:08:36 +0800] "GET /xingrg/javascript/jquery.cookie.js HTTP/1.1" 200 5513
124.79.247.218 - - [20/Jan/2022:11:08:36 +0800] "GET /xingrg/javascript/print/LodopFuncs.js HTTP/1.1" 200 5121
124.79.247.218 - - [20/Jan/2022:11:08:36 +0800] "GET /xingrg/javascript/easyui/easyloader.js HTTP/1.1" 200 5975
124.79.247.218 - - [20/Jan/2022:11:08:36 +0800] "GET /xingrg/javascript/easyui/themes/default/easyui.css HTTP/1.1" 200 30432
124.79.247.218 - - [20/Jan/2022:11:08:36 +0800] "GET /xingrg/javascript/auto/jquery.autocomplete.js HTTP/1.1" 200 21624
124.79.247.218 - - [20/Jan/2022:11:08:36 +0800] "GET /xingrg/javascript/easyui/themes/icons/edit_add_new.png HTTP/1.1" 200 2997
124.79.247.218 - - [20/Jan/2022:11:08:36 +0800] "GET /xingrg/javascript/easyui/themes/icons/cance_new.png HTTP/1.1" 200 3986
124.79.247.218 - - [20/Jan/2022:11:08:36 +0800] "GET /xingrg/javascript/easyui/themes/icons/field_new.png HTTP/1.1" 200 1097
124.79.247.218 - - [20/Jan/2022:11:08:36 +0800] "GET /xingrg/javascript/easyui/themes/icons/check_new.png HTTP/1.1" 200 3224
124.79.247.218 - - [20/Jan/2022:11:08:36 +0800] "GET /xingrg/javascript/easyui/themes/icons/import_new.png HTTP/1.1" 200 1247
124.79.247.218 - - [20/Jan/2022:11:08:36 +0800] "GET /xingrg/javascript/easyui/plugins/jquery.parser.js HTTP/1.1" 200 1142
124.79.247.218 - - [20/Jan/2022:11:08:36 +0800] "GET /xingrg/images/control/ajaxLoader.gif HTTP/1.1" 200 4659
124.79.247.218 - - [20/Jan/2022:11:08:37 +0800] "GET /xingrg/all/function/internal_message.html?_=1642648157520&CODE_STATE=getMsg HTTP/1.1" 200 27
58.39.168.32 - - [20/Jan/2022:11:08:37 +0800] "GET /xingrg/all/function/internal_message.html?_=1642648116817&CODE_STATE=getMsg HTTP/1.1" 200 27
124.78.156.14 - - [20/Jan/2022:11:08:37 +0800] "GET /xingrg/kc/buy/cgsh_order_operate.html?command=get_materiel&rest_code=00106&code=00101008530&supplier_code=00100009&order_time=2022-01-20 HTTP/1.1" 200 422
124.79.247.218 - - [20/Jan/2022:11:08:39 +0800] "POST /xingrg/kc/buy/cgsh_list_operate.html HTTP/1.1" 200 1681
124.78.156.14 - - [20/Jan/2022:11:08:39 +0800] "GET /xingrg/check_reg.html?_=1642648115076 HTTP/1.1" 200 22
58.37.10.95 - - [20/Jan/2022:11:08:39 +0800] "GET /xingrg/kc/buy/cgsh_order_add.html HTTP/1.1" 200 65404
58.37.10.95 - - [20/Jan/2022:11:08:40 +0800] "POST /xingrg/kc/buy/cgsh_order_operate.html HTTP/1.1" 200 8245
58.37.10.95 - - [20/Jan/2022:11:08:40 +0800] "GET /xingrg/javascript/easyui/themes/default/validatebox.css HTTP/1.1" 404 1104
114.95.98.1 - - [20/Jan/2022:11:08:44 +0800] "GET /xingrg/all/function/internal_message.html?_=1642648142743&CODE_STATE=getMsg HTTP/1.1" 200 27
124.78.156.14 - - [20/Jan/2022:11:08:47 +0800] "POST /xingrg/kc/buy/cgsh_order_operate.html HTTP/1.1" 200 37
124.79.247.218 - - [20/Jan/2022:11:08:48 +0800] "POST /xingrg/kc/buy/cgsh_list_operate.html HTTP/1.1" 200 1681
58.37.10.95 - - [20/Jan/2022:11:08:50 +0800] "GET /xingrg/kc/buy/cgsh_order_operate.html?command=get_materiel&rest_code=00141&code=00101011005&supplier_code=00100036&order_time=2022-01-20 HTTP/1.1" 200 428
222.70.178.207 - - [20/Jan/2022:11:08:51 +0800] "GET /xingrg/all/function/internal_message.html?_=1642648130250&CODE_STATE=getMsg HTTP/1.1" 200 27
120.253.135.82 - - [20/Jan/2022:11:08:52 +0800] "GET /xingrg/check_reg.html?_=1642647918744 HTTP/1.1" 200 22
124.78.156.14 - - [20/Jan/2022:11:08:52 +0800] "POST /xingrg/kc/buy/cgsh_order_operate.html HTTP/1.1" 200 12
124.78.156.14 - - [20/Jan/2022:11:08:53 +0800] "GET /xingrg/kc/buy/cgsh_order_info.html?code=212022012009873 HTTP/1.1" 200 60319
222.70.217.149 - - [20/Jan/2022:11:08:53 +0800] "GET /xingrg/all/function/internal_message.html?_=1642648114135&CODE_STATE=getMsg HTTP/1.1" 200 27
114.86.224.130 - - [20/Jan/2022:11:08:53 +0800] "GET /xingrg/all/function/internal_message.html?_=1642648132184&CODE_STATE=getMsg HTTP/1.1" 200 27
222.70.178.207 - - [20/Jan/2022:11:08:53 +0800] "GET /xingrg/check_reg.html?_=1642648132371 HTTP/1.1" 200 22
124.78.156.14 - - [20/Jan/2022:11:08:54 +0800] "GET /xingrg/javascript/easyui/themes/default/validatebox.css HTTP/1.1" 404 1104
120.253.135.82 - - [20/Jan/2022:11:08:54 +0800] "GET /xingrg/all/function/internal_message.html?_=1642647921371&CODE_STATE=getMsg HTTP/1.1" 200 27
222.70.243.96 - - [20/Jan/2022:11:08:55 +0800] "GET /xingrg/kc/buy/cgsh_order_operate.html?command=get_materiel&rest_code=00146&code=00101009062&supplier_code=00100023&order_time=2022-01-20 HTTP/1.1" 200 412
124.78.156.14 - - [20/Jan/2022:11:08:55 +0800] "POST /xingrg/kc/buy/cgsh_order_operate.html HTTP/1.1" 200 1815
124.78.156.14 - - [20/Jan/2022:11:08:56 +0800] "GET /xingrg/kc/print/load_data.html?order_code=212022012009873&kc_code=cgsh&condition= HTTP/1.1" 200 1250
58.37.10.95 - - [20/Jan/2022:11:09:02 +0800] "GET /xingrg/kc/buy/cgsh_order_operate.html?command=get_materiel&rest_code=00141&code=00101016025&supplier_code=00100036&order_time=2022-01-20 HTTP/1.1" 200 408
124.78.156.14 - - [20/Jan/2022:11:09:03 +0800] "GET /xingrg/kc/print/load_data.html?order_code=212022012009873&kc_code=cgsh HTTP/1.1" 200 1250
124.78.156.14 - - [20/Jan/2022:11:09:04 +0800] "GET /xingrg/all/function/internal_message.html?_=1642648140820&CODE_STATE=getMsg HTTP/1.1" 200 27
61.151.178.249 - - [20/Jan/2022:11:09:06 +0800] "GET /xingrg/kc/buy/cgsh_order_operate.html?command=get_materiel&rest_code=00106&code=00101015052&supplier_code=00100007&order_time=2022-01-20 HTTP/1.1" 302 -
61.151.178.249 - - [20/Jan/2022:11:09:07 +0800] "GET /xingrg/login.html HTTP/1.1" 200 7641
58.37.10.95 - - [20/Jan/2022:11:09:10 +0800] "GET /xingrg/kc/buy/cgsh_order_operate.html?command=get_materiel&rest_code=00141&code=00101012025&supplier_code=00100036&order_time=2022-01-20 HTTP/1.1" 200 412
180.152.99.73 - - [20/Jan/2022:11:09:11 +0800] "GET /xingrg/all/function/internal_message.html?_=1642648150582&CODE_STATE=getMsg HTTP/1.1" 200 27
222.70.243.96 - - [20/Jan/2022:11:09:12 +0800] "GET /xingrg/all/function/internal_message.html?_=1642648155077&CODE_STATE=getMsg HTTP/1.1" 200 27
180.152.99.39 - - [20/Jan/2022:11:09:14 +0800] "GET /xingrg/check_reg.html?_=1642648084949 HTTP/1.1" 200 22
180.152.99.39 - - [20/Jan/2022:11:09:15 +0800] "GET /xingrg/all/function/internal_message.html?_=1642648085994&CODE_STATE=getMsg HTTP/1.1" 200 27
180.169.147.146 - - [20/Jan/2022:11:09:15 +0800] "GET /xingrg/all/function/internal_message.html?_=1642648153758&CODE_STATE=getMsg HTTP/1.1" 200 27
58.37.10.95 - - [20/Jan/2022:11:09:18 +0800] "GET /xingrg/kc/buy/cgsh_order_operate.html?command=get_materiel&rest_code=00141&code=00101016082&supplier_code=00100036&order_time=2022-01-20 HTTP/1.1" 200 428
222.70.243.96 - - [20/Jan/2022:11:09:18 +0800] "GET /xingrg/kc/buy/cgsh_order_operate.html?command=get_materiel&rest_code=00146&code=00101009018&supplier_code=00100023&order_time=2022-01-20 HTTP/1.1" 200 408
124.79.247.218 - - [20/Jan/2022:11:09:22 +0800] "GET /xingrg/all/function/internal_message.html?_=1642648299412&CODE_STATE=getMsg HTTP/1.1" 200 27
58.37.10.95 - - [20/Jan/2022:11:09:25 +0800] "GET /xingrg/all/function/internal_message.html?_=1642647961163&CODE_STATE=getMsg HTTP/1.1" 200 27
58.37.10.95 - - [20/Jan/2022:11:09:26 +0800] "GET /xingrg/kc/buy/cgsh_order_operate.html?command=get_materiel&rest_code=00141&code=00101012002&supplier_code=00100036&order_time=2022-01-20 HTTP/1.1" 200 419
222.70.243.96 - - [20/Jan/2022:11:09:30 +0800] "GET /xingrg/kc/buy/cgsh_order_operate.html?command=get_materiel&rest_code=00146&code=00101009016&supplier_code=00100023&order_time=2022-01-20 HTTP/1.1" 200 412
58.39.168.32 - - [20/Jan/2022:11:09:30 +0800] "GET /xingrg/all/function/internal_message.html?_=1642648106529&CODE_STATE=getMsg HTTP/1.1" 200 27
124.79.247.218 - - [20/Jan/2022:11:09:37 +0800] "GET /xingrg/all/function/internal_message.html?_=1642648217755&CODE_STATE=getMsg HTTP/1.1" 200 27
58.39.168.32 - - [20/Jan/2022:11:09:37 +0800] "GET /xingrg/all/function/internal_message.html?_=1642648176817&CODE_STATE=getMsg HTTP/1.1" 200 27
58.37.10.95 - - [20/Jan/2022:11:09:43 +0800] "GET /xingrg/kc/buy/cgsh_order_operate.html?command=get_materiel&rest_code=00141&code=00101010092&supplier_code=00100036&order_time=2022-01-20 HTTP/1.1" 200 450
114.95.98.1 - - [20/Jan/2022:11:09:45 +0800] "GET /xingrg/all/function/internal_message.html?_=1642648203634&CODE_STATE=getMsg HTTP/1.1" 200 27
222.70.243.96 - - [20/Jan/2022:11:09:49 +0800] "GET /xingrg/kc/buy/cgsh_order_operate.html?command=get_materiel&rest_code=00146&code=00101009013&supplier_code=00100023&order_time=2022-01-20 HTTP/1.1" 200 421
124.78.156.14 - - [20/Jan/2022:11:09:50 +0800] "GET /xingrg/kc/buy/cgsh_order_add.html HTTP/1.1" 200 65404
222.70.178.207 - - [20/Jan/2022:11:09:51 +0800] "GET /xingrg/all/function/internal_message.html?_=1642648190232&CODE_STATE=getMsg HTTP/1.1" 200 27
124.78.156.14 - - [20/Jan/2022:11:09:52 +0800] "GET /xingrg/javascript/easyui/themes/default/validatebox.css HTTP/1.1" 404 1104
124.78.156.14 - - [20/Jan/2022:11:09:52 +0800] "POST /xingrg/kc/buy/cgsh_order_operate.html HTTP/1.1" 200 8245
58.37.10.95 - - [20/Jan/2022:11:09:52 +0800] "GET /xingrg/kc/buy/cgsh_order_operate.html?command=get_materiel&rest_code=00141&code=00101012040&supplier_code=00100036&order_time=2022-01-20 HTTP/1.1" 200 413
222.70.217.149 - - [20/Jan/2022:11:09:53 +0800] "GET /xingrg/all/function/internal_message.html?_=1642648174136&CODE_STATE=getMsg HTTP/1.1" 200 27
222.70.217.149 - - [20/Jan/2022:11:09:53 +0800] "GET /xingrg/check_reg.html?_=1642648174138 HTTP/1.1" 200 22
114.86.224.130 - - [20/Jan/2022:11:09:53 +0800] "GET /xingrg/all/function/internal_message.html?_=1642648192193&CODE_STATE=getMsg HTTP/1.1" 200 27
114.86.224.130 - - [20/Jan/2022:11:09:53 +0800] "GET /xingrg/check_reg.html?_=1642648192200 HTTP/1.1" 200 22
120.253.135.82 - - [20/Jan/2022:11:09:55 +0800] "GET /xingrg/all/function/internal_message.html?_=1642647981384&CODE_STATE=getMsg HTTP/1.1" 200 27
58.37.10.95 - - [20/Jan/2022:11:09:58 +0800] "GET /xingrg/kc/buy/cgsh_order_operate.html?command=get_materiel&rest_code=00141&code=00101016038&supplier_code=00100036&order_time=2022-01-20 HTTP/1.1" 200 408
222.70.243.96 - - [20/Jan/2022:11:10:01 +0800] "GET /xingrg/kc/buy/cgsh_order_operate.html?command=get_materiel&rest_code=00146&code=00101009007&supplier_code=00100023&order_time=2022-01-20 HTTP/1.1" 200 408
124.78.156.14 - - [20/Jan/2022:11:10:02 +0800] "GET /xingrg/javascript/easyui/themes/default/tree.css HTTP/1.1" 404 1090
124.78.156.14 - - [20/Jan/2022:11:10:02 +0800] "POST /xingrg/all/common/load_tree.html?tree=supplier_tree_json&isDelete=1 HTTP/1.1" 200 61772
124.78.156.14 - - [20/Jan/2022:11:10:04 +0800] "GET /xingrg/all/function/internal_message.html?_=1642648200832&CODE_STATE=getMsg HTTP/1.1" 200 27
58.37.10.95 - - [20/Jan/2022:11:10:06 +0800] "GET /xingrg/kc/buy/cgsh_order_operate.html?command=get_materiel&rest_code=00141&code=00101011001&supplier_code=00100036&order_time=2022-01-20 HTTP/1.1" 200 423
180.152.99.73 - - [20/Jan/2022:11:10:11 +0800] "GET /xingrg/all/function/internal_message.html?_=1642648210583&CODE_STATE=getMsg HTTP/1.1" 200 27
222.70.243.96 - - [20/Jan/2022:11:10:12 +0800] "GET /xingrg/all/function/internal_message.html?_=1642648215078&CODE_STATE=getMsg HTTP/1.1" 200 27
120.253.135.82 - - [20/Jan/2022:11:10:13 +0800] "POST /xingrg/kc/pszx/mdps_list_operate.html HTTP/1.1" 200 442
120.253.135.82 - - [20/Jan/2022:11:10:14 +0800] "GET /xingrg/kc/pszx/mdps_order_info.html?code=312022012000696 HTTP/1.1" 200 23931
120.253.135.82 - - [20/Jan/2022:11:10:14 +0800] "GET /xingrg/javascript/easyui/themes/default/validatebox.css HTTP/1.1" 404 1104
120.253.135.82 - - [20/Jan/2022:11:10:14 +0800] "POST /xingrg/kc/pszx/mdps_order_operate.html HTTP/1.1" 200 3750
124.78.156.14 - - [20/Jan/2022:11:10:14 +0800] "GET /xingrg/kc/buy/cgsh_order_operate.html?command=get_materiel&rest_code=00106&code=00101006195&supplier_code=00100015&order_time=2022-01-20 HTTP/1.1" 200 411
180.152.99.39 - - [20/Jan/2022:11:10:15 +0800] "GET /xingrg/all/function/internal_message.html?_=1642648146008&CODE_STATE=getMsg HTTP/1.1" 200 27
58.37.10.95 - - [20/Jan/2022:11:10:15 +0800] "GET /xingrg/kc/buy/cgsh_order_operate.html?command=get_materiel&rest_code=00141&code=00101016105&supplier_code=00100036&order_time=2022-01-20 HTTP/1.1" 200 409
180.169.147.146 - - [20/Jan/2022:11:10:15 +0800] "GET /xingrg/all/function/internal_message.html?_=1642648213732&CODE_STATE=getMsg HTTP/1.1" 200 27
120.253.135.82 - - [20/Jan/2022:11:10:21 +0800] "POST /xingrg/kc/pszx/mdps_list_operate.html HTTP/1.1" 200 2437
124.79.247.218 - - [20/Jan/2022:11:10:22 +0800] "GET /xingrg/all/function/internal_message.html?_=1642648359411&CODE_STATE=getMsg HTTP/1.1" 200 27
120.253.135.82 - - [20/Jan/2022:11:10:23 +0800] "GET /xingrg/kc/report/report_main.html HTTP/1.1" 200 8599
222.70.243.96 - - [20/Jan/2022:11:10:23 +0800] "GET /xingrg/kc/buy/cgsh_order_operate.html?command=get_materiel&rest_code=00146&code=00101009118&supplier_code=00100023&order_time=2022-01-20 HTTP/1.1" 200 391
120.253.135.82 - - [20/Jan/2022:11:10:23 +0800] "POST /xingrg/kc/pszx/mdps_list_operate.html HTTP/1.1" 200 2437
120.253.135.82 - - [20/Jan/2022:11:10:24 +0800] "GET /xingrg/kc/base/kc_stocks.html HTTP/1.1" 200 16437
120.253.135.82 - - [20/Jan/2022:11:10:24 +0800] "GET /xingrg/javascript/easyui/themes/default/tree.css HTTP/1.1" 404 1090
120.253.135.82 - - [20/Jan/2022:11:10:24 +0800] "POST /xingrg/all/common/load_tree.html?tree=materiel_sort_tree_json HTTP/1.1" 200 9388
58.37.10.95 - - [20/Jan/2022:11:10:25 +0800] "GET /xingrg/check_reg.html?_=1642648021156 HTTP/1.1" 200 22
58.37.10.95 - - [20/Jan/2022:11:10:25 +0800] "GET /xingrg/all/function/internal_message.html?_=1642648021157&CODE_STATE=getMsg HTTP/1.1" 200 27
120.253.135.82 - - [20/Jan/2022:11:10:25 +0800] "POST /xingrg/all/common/load_combo.html?type=base HTTP/1.1" 200 1075
58.37.10.95 - - [20/Jan/2022:11:10:27 +0800] "POST /xingrg/kc/buy/cgsh_order_operate.html HTTP/1.1" 200 37
58.39.168.32 - - [20/Jan/2022:11:10:30 +0800] "GET /xingrg/all/function/internal_message.html?_=1642648166528&CODE_STATE=getMsg HTTP/1.1" 200 27
58.37.10.95 - - [20/Jan/2022:11:10:32 +0800] "POST /xingrg/kc/buy/cgsh_order_operate.html HTTP/1.1" 200 12
120.253.135.82 - - [20/Jan/2022:11:10:33 +0800] "POST /xingrg/kc/base/stock_operate.html HTTP/1.1" 200 2526
58.37.10.95 - - [20/Jan/2022:11:10:34 +0800] "GET /xingrg/kc/buy/cgsh_order_info.html?code=212022012009874 HTTP/1.1" 200 60315
58.37.10.95 - - [20/Jan/2022:11:10:34 +0800] "GET /xingrg/javascript/easyui/themes/default/validatebox.css HTTP/1.1" 404 1104
58.37.10.95 - - [20/Jan/2022:11:10:35 +0800] "POST /xingrg/kc/buy/cgsh_order_operate.html HTTP/1.1" 200 5934
58.37.10.95 - - [20/Jan/2022:11:10:36 +0800] "GET /xingrg/kc/print/load_data.html?order_code=212022012009874&kc_code=cgsh&condition= HTTP/1.1" 200 2814
124.79.247.218 - - [20/Jan/2022:11:10:37 +0800] "GET /xingrg/all/function/internal_message.html?_=1642648277766&CODE_STATE=getMsg HTTP/1.1" 200 27
58.39.168.32 - - [20/Jan/2022:11:10:37 +0800] "GET /xingrg/all/function/internal_message.html?_=1642648236817&CODE_STATE=getMsg HTTP/1.1" 200 27
58.37.10.95 - - [20/Jan/2022:11:10:41 +0800] "GET /xingrg/kc/buy/cgsh_order_add.html HTTP/1.1" 200 65404
58.37.10.95 - - [20/Jan/2022:11:10:42 +0800] "POST /xingrg/kc/buy/cgsh_order_operate.html HTTP/1.1" 200 8245
58.37.10.95 - - [20/Jan/2022:11:10:42 +0800] "GET /xingrg/javascript/easyui/themes/default/validatebox.css HTTP/1.1" 404 1104
114.95.98.1 - - [20/Jan/2022:11:10:45 +0800] "GET /xingrg/all/function/internal_message.html?_=1642648263644&CODE_STATE=getMsg HTTP/1.1" 200 27
222.70.178.207 - - [20/Jan/2022:11:10:51 +0800] "GET /xingrg/all/function/internal_message.html?_=1642648250215&CODE_STATE=getMsg HTTP/1.1" 200 27
222.70.217.149 - - [20/Jan/2022:11:10:53 +0800] "GET /xingrg/all/function/internal_message.html?_=1642648234130&CODE_STATE=getMsg HTTP/1.1" 200 27
114.86.224.130 - - [20/Jan/2022:11:10:53 +0800] "GET /xingrg/all/function/internal_message.html?_=1642648252205&CODE_STATE=getMsg HTTP/1.1" 200 27
120.253.135.82 - - [20/Jan/2022:11:10:54 +0800] "GET /xingrg/all/function/internal_message.html?_=1642648041474&CODE_STATE=getMsg HTTP/1.1" 200 27
58.37.10.95 - - [20/Jan/2022:11:10:55 +0800] "GET /xingrg/kc/buy/cgsh_order_operate.html?command=get_materiel&rest_code=00141&code=00101006111&supplier_code=00100012&order_time=2022-01-20 HTTP/1.1" 200 409
222.70.243.96 - - [20/Jan/2022:11:10:56 +0800] "GET /xingrg/check_reg.html?_=1642648259382 HTTP/1.1" 200 22
222.70.243.96 - - [20/Jan/2022:11:10:57 +0800] "GET /xingrg/kc/buy/cgsh_order_operate.html?command=get_materiel&rest_code=00146&code=00101009107&supplier_code=00100023&order_time=2022-01-20 HTTP/1.1" 200 398
124.78.156.14 - - [20/Jan/2022:11:11:05 +0800] "GET /xingrg/all/function/internal_message.html?_=1642648260902&CODE_STATE=getMsg HTTP/1.1" 200 27
58.37.10.95 - - [20/Jan/2022:11:11:05 +0800] "GET /xingrg/kc/buy/cgsh_order_operate.html?command=get_materiel&rest_code=00141&code=00101006109&supplier_code=00100012&order_time=2022-01-20 HTTP/1.1" 200 409
180.152.99.73 - - [20/Jan/2022:11:11:11 +0800] "GET /xingrg/all/function/internal_message.html?_=1642648270591&CODE_STATE=getMsg HTTP/1.1" 200 27
58.37.10.95 - - [20/Jan/2022:11:11:12 +0800] "GET /xingrg/kc/buy/cgsh_order_operate.html?command=get_materiel&rest_code=00141&code=00101007055&supplier_code=00100012&order_time=2022-01-20 HTTP/1.1" 200 409
222.70.243.96 - - [20/Jan/2022:11:11:12 +0800] "GET /xingrg/all/function/internal_message.html?_=1642648275180&CODE_STATE=getMsg HTTP/1.1" 200 27
222.70.243.96 - - [20/Jan/2022:11:11:13 +0800] "GET /xingrg/kc/buy/cgsh_order_operate.html?command=get_materiel&rest_code=00146&code=00101009124&supplier_code=00100023&order_time=2022-01-20 HTTP/1.1" 200 402
180.152.99.39 - - [20/Jan/2022:11:11:15 +0800] "GET /xingrg/all/function/internal_message.html?_=1642648206021&CODE_STATE=getMsg HTTP/1.1" 200 27
180.169.147.146 - - [20/Jan/2022:11:11:15 +0800] "GET /xingrg/all/function/internal_message.html?_=1642648273702&CODE_STATE=getMsg HTTP/1.1" 200 27
58.37.10.95 - - [20/Jan/2022:11:11:21 +0800] "GET /xingrg/kc/buy/cgsh_order_operate.html?command=get_materiel&rest_code=00141&code=00101006055&supplier_code=00100012&order_time=2022-01-20 HTTP/1.1" 200 409
124.79.247.218 - - [20/Jan/2022:11:11:22 +0800] "GET /xingrg/all/function/internal_message.html?_=1642648419409&CODE_STATE=getMsg HTTP/1.1" 200 27
58.37.10.95 - - [20/Jan/2022:11:11:25 +0800] "GET /xingrg/all/function/internal_message.html?_=1642648081199&CODE_STATE=getMsg HTTP/1.1" 200 27
61.151.179.84 - - [20/Jan/2022:11:11:30 +0800] "GET /xingrg/all/function/internal_message.html?_=1642646519320&CODE_STATE=getMsg HTTP/1.1" 302 -
58.39.168.32 - - [20/Jan/2022:11:11:30 +0800] "GET /xingrg/all/function/internal_message.html?_=1642648226527&CODE_STATE=getMsg HTTP/1.1" 200 27
222.70.243.96 - - [20/Jan/2022:11:11:30 +0800] "GET /xingrg/kc/buy/cgsh_order_operate.html?command=get_materiel&rest_code=00146&code=00101009044&supplier_code=00100023&order_time=2022-01-20 HTTP/1.1" 200 412
61.151.179.84 - - [20/Jan/2022:11:11:31 +0800] "GET /xingrg/login.html HTTP/1.1" 200 7641
114.95.98.1 - - [20/Jan/2022:11:11:31 +0800] "GET /xingrg/kc/base/wldb_order_list.html HTTP/1.1" 200 19060
114.95.98.1 - - [20/Jan/2022:11:11:32 +0800] "POST /xingrg/kc/base/wldb_list_operate.html HTTP/1.1" 200 928
114.95.98.1 - - [20/Jan/2022:11:11:33 +0800] "GET /xingrg/kc/base/wldb_order_add.html HTTP/1.1" 200 30270
114.95.98.1 - - [20/Jan/2022:11:11:34 +0800] "POST /xingrg/kc/base/wldb_order_operate.html HTTP/1.1" 200 6806
114.95.98.1 - - [20/Jan/2022:11:11:34 +0800] "GET /xingrg/javascript/easyui/themes/default/validatebox.css HTTP/1.1" 404 1104
114.95.98.1 - - [20/Jan/2022:11:11:36 +0800] "POST /xingrg/all/common/load_combo.html?type=base HTTP/1.1" 200 3233
124.79.247.218 - - [20/Jan/2022:11:11:36 +0800] "GET /xingrg/check_reg.html?_=1642648337061 HTTP/1.1" 200 22
124.79.247.218 - - [20/Jan/2022:11:11:37 +0800] "GET /xingrg/all/function/internal_message.html?_=1642648337779&CODE_STATE=getMsg HTTP/1.1" 200 27
58.39.168.32 - - [20/Jan/2022:11:11:37 +0800] "GET /xingrg/all/function/internal_message.html?_=1642648296817&CODE_STATE=getMsg HTTP/1.1" 200 27
114.95.98.1 - - [20/Jan/2022:11:11:38 +0800] "POST /xingrg/all/common/load_combo.html?type=base HTTP/1.1" 200 3233
58.37.10.95 - - [20/Jan/2022:11:11:44 +0800] "POST /xingrg/kc/buy/cgsh_order_operate.html HTTP/1.1" 200 37
114.95.98.1 - - [20/Jan/2022:11:11:45 +0800] "GET /xingrg/kc/base/wldb_order_operate.html?command=get_materiel&rest_code=00102&base_code=0010476&code=00101013225 HTTP/1.1" 200 449
114.95.98.1 - - [20/Jan/2022:11:11:45 +0800] "GET /xingrg/all/function/internal_message.html?_=1642648323712&CODE_STATE=getMsg HTTP/1.1" 200 27
58.37.10.95 - - [20/Jan/2022:11:11:48 +0800] "POST /xingrg/kc/buy/cgsh_order_operate.html HTTP/1.1" 200 12
58.37.10.95 - - [20/Jan/2022:11:11:49 +0800] "GET /xingrg/kc/buy/cgsh_order_info.html?code=212022012009875 HTTP/1.1" 200 60313
58.37.10.95 - - [20/Jan/2022:11:11:49 +0800] "GET /xingrg/javascript/easyui/themes/default/validatebox.css HTTP/1.1" 404 1104
58.37.10.95 - - [20/Jan/2022:11:11:50 +0800] "POST /xingrg/kc/buy/cgsh_order_operate.html HTTP/1.1" 200 2966
58.37.10.95 - - [20/Jan/2022:11:11:51 +0800] "GET /xingrg/kc/print/load_data.html?order_code=212022012009875&kc_code=cgsh&condition= HTTP/1.1" 200 1693
222.70.178.207 - - [20/Jan/2022:11:11:51 +0800] "GET /xingrg/all/function/internal_message.html?_=1642648310198&CODE_STATE=getMsg HTTP/1.1" 200 27
114.95.98.1 - - [20/Jan/2022:11:11:52 +0800] "POST /xingrg/kc/base/wldb_order_operate.html HTTP/1.1" 200 37
222.70.217.149 - - [20/Jan/2022:11:11:53 +0800] "GET /xingrg/all/function/internal_message.html?_=1642648294120&CODE_STATE=getMsg HTTP/1.1" 200 27
114.86.224.130 - - [20/Jan/2022:11:11:53 +0800] "GET /xingrg/all/function/internal_message.html?_=1642648312202&CODE_STATE=getMsg HTTP/1.1" 200 27
120.253.135.82 - - [20/Jan/2022:11:11:55 +0800] "GET /xingrg/all/function/internal_message.html?_=1642648101488&CODE_STATE=getMsg HTTP/1.1" 200 27
114.95.98.1 - - [20/Jan/2022:11:11:55 +0800] "POST /xingrg/kc/base/wldb_order_operate.html HTTP/1.1" 200 12
114.95.98.1 - - [20/Jan/2022:11:11:55 +0800] "POST /xingrg/kc/base/wldb_order_operate.html HTTP/1.1" 200 2191
114.95.98.1 - - [20/Jan/2022:11:11:56 +0800] "GET /xingrg/kc/base/wldb_order_info.html?code=422022012002607 HTTP/1.1" 200 26148
114.95.98.1 - - [20/Jan/2022:11:11:59 +0800] "POST /xingrg/kc/base/wldb_order_operate.html HTTP/1.1" 200 485
114.95.98.1 - - [20/Jan/2022:11:12:00 +0800] "GET /xingrg/javascript/easyui/themes/default/validatebox.css HTTP/1.1" 404 1104
114.95.98.1 - - [20/Jan/2022:11:12:02 +0800] "GET /xingrg/kc/base/wldb_order_add.html HTTP/1.1" 200 30270
124.78.156.14 - - [20/Jan/2022:11:12:04 +0800] "GET /xingrg/all/function/internal_message.html?_=1642648320869&CODE_STATE=getMsg HTTP/1.1" 200 27
