114.95.98.1 - - [20/Jan/2022:11:12:05 +0800] "POST /xingrg/kc/base/wldb_order_operate.html HTTP/1.1" 200 6806
114.95.98.1 - - [20/Jan/2022:11:12:06 +0800] "GET /xingrg/javascript/easyui/themes/default/validatebox.css HTTP/1.1" 404 1104
222.70.243.96 - - [20/Jan/2022:11:12:07 +0800] "POST /xingrg/kc/buy/cgsh_order_operate.html HTTP/1.1" 200 37
114.95.98.1 - - [20/Jan/2022:11:12:07 +0800] "POST /xingrg/all/common/load_combo.html?type=base HTTP/1.1" 200 3233
222.70.243.96 - - [20/Jan/2022:11:12:09 +0800] "POST /xingrg/kc/buy/cgsh_order_operate.html HTTP/1.1" 200 7973
114.95.98.1 - - [20/Jan/2022:11:12:10 +0800] "POST /xingrg/all/common/load_combo.html?type=base HTTP/1.1" 200 3233
114.95.98.1 - - [20/Jan/2022:11:12:11 +0800] "GET /xingrg/check_reg.html?_=1642648349345 HTTP/1.1" 200 22
180.152.99.73 - - [20/Jan/2022:11:12:11 +0800] "GET /xingrg/all/function/internal_message.html?_=1642648330595&CODE_STATE=getMsg HTTP/1.1" 200 27
124.78.156.14 - - [20/Jan/2022:11:12:11 +0800] "GET /xingrg/kc/buy/cgsh_order_operate.html?command=get_materiel&rest_code=00106&code=00101006088&supplier_code=00100015&order_time=2022-01-20 HTTP/1.1" 200 409
222.70.243.96 - - [20/Jan/2022:11:12:12 +0800] "GET /xingrg/kc/print/load_data.html?order_code=212022012009876&kc_code=cgsh&condition= HTTP/1.1" 200 2703
222.70.243.96 - - [20/Jan/2022:11:12:13 +0800] "GET /xingrg/all/function/internal_message.html?_=1642648336356&CODE_STATE=getMsg HTTP/1.1" 200 27
180.152.99.39 - - [20/Jan/2022:11:12:15 +0800] "GET /xingrg/all/function/internal_message.html?_=1642648266049&CODE_STATE=getMsg HTTP/1.1" 200 27
180.169.147.146 - - [20/Jan/2022:11:12:15 +0800] "GET /xingrg/all/function/internal_message.html?_=1642648333672&CODE_STATE=getMsg HTTP/1.1" 200 27
180.169.147.146 - - [20/Jan/2022:11:12:17 +0800] "GET /xingrg/check_reg.html?_=1642648335017 HTTP/1.1" 200 22
124.79.247.218 - - [20/Jan/2022:11:12:22 +0800] "GET /xingrg/check_reg.html?_=1642648479407 HTTP/1.1" 200 22
124.79.247.218 - - [20/Jan/2022:11:12:22 +0800] "GET /xingrg/all/function/internal_message.html?_=1642648479409&CODE_STATE=getMsg HTTP/1.1" 200 27
124.78.156.14 - - [20/Jan/2022:11:12:22 +0800] "GET /xingrg/kc/buy/cgsh_order_operate.html?command=get_materiel&rest_code=00106&code=00101006290&supplier_code=00100015&order_time=2022-01-20 HTTP/1.1" 200 402
58.37.10.95 - - [20/Jan/2022:11:12:25 +0800] "GET /xingrg/all/function/internal_message.html?_=1642648141178&CODE_STATE=getMsg HTTP/1.1" 200 27
58.39.168.32 - - [20/Jan/2022:11:12:30 +0800] "GET /xingrg/all/function/internal_message.html?_=1642648286528&CODE_STATE=getMsg HTTP/1.1" 200 27
58.39.168.32 - - [20/Jan/2022:11:12:30 +0800] "GET /xingrg/check_reg.html?_=1642648286531 HTTP/1.1" 200 22
58.39.168.32 - - [20/Jan/2022:11:12:37 +0800] "GET /xingrg/all/function/internal_message.html?_=1642648356817&CODE_STATE=getMsg HTTP/1.1" 200 27
58.39.168.32 - - [20/Jan/2022:11:12:37 +0800] "GET /xingrg/check_reg.html?_=1642648356820 HTTP/1.1" 200 22
124.78.156.14 - - [20/Jan/2022:11:12:37 +0800] "GET /xingrg/kc/buy/cgsh_order_operate.html?command=get_materiel&rest_code=00106&code=00101006129&supplier_code=00100015&order_time=2022-01-20 HTTP/1.1" 200 452
120.253.135.82 - - [20/Jan/2022:11:12:39 +0800] "GET /xingrg/kc/pszx/mdps_order_list.html?orderType=0 HTTP/1.1" 200 20925
120.253.135.82 - - [20/Jan/2022:11:12:39 +0800] "POST /xingrg/kc/pszx/mdps_list_operate.html HTTP/1.1" 200 5376
222.70.243.96 - - [20/Jan/2022:11:12:41 +0800] "GET /xingrg/kc/buy/cgsh_order_add.html HTTP/1.1" 200 65363
222.70.243.96 - - [20/Jan/2022:11:12:42 +0800] "POST /xingrg/kc/buy/cgsh_order_operate.html HTTP/1.1" 200 8245
222.70.243.96 - - [20/Jan/2022:11:12:42 +0800] "GET /xingrg/javascript/easyui/themes/default/validatebox.css HTTP/1.1" 404 1104
120.253.135.82 - - [20/Jan/2022:11:12:45 +0800] "POST /xingrg/kc/pszx/mdps_list_operate.html HTTP/1.1" 200 2437
114.95.98.1 - - [20/Jan/2022:11:12:45 +0800] "GET /xingrg/all/function/internal_message.html?_=1642648383718&CODE_STATE=getMsg HTTP/1.1" 200 27
120.253.135.82 - - [20/Jan/2022:11:12:46 +0800] "POST /xingrg/kc/pszx/mdps_list_operate.html HTTP/1.1" 200 442
222.70.178.207 - - [20/Jan/2022:11:12:51 +0800] "GET /xingrg/all/function/internal_message.html?_=1642648370181&CODE_STATE=getMsg HTTP/1.1" 200 27
222.70.217.149 - - [20/Jan/2022:11:12:53 +0800] "GET /xingrg/all/function/internal_message.html?_=1642648354127&CODE_STATE=getMsg HTTP/1.1" 200 27
114.86.224.130 - - [20/Jan/2022:11:12:53 +0800] "GET /xingrg/all/function/internal_message.html?_=1642648372202&CODE_STATE=getMsg HTTP/1.1" 200 27
120.253.135.82 - - [20/Jan/2022:11:12:55 +0800] "GET /xingrg/all/function/internal_message.html?_=1642648161502&CODE_STATE=getMsg HTTP/1.1" 200 27
120.253.135.82 - - [20/Jan/2022:11:12:59 +0800] "POST /xingrg/kc/pszx/mdps_list_operate.html HTTP/1.1" 200 2063
120.253.135.82 - - [20/Jan/2022:11:13:01 +0800] "POST /xingrg/kc/pszx/mdps_list_operate.html HTTP/1.1" 200 205
124.78.156.14 - - [20/Jan/2022:11:13:02 +0800] "GET /xingrg/kc/buy/cgsh_order_operate.html?command=get_materiel&rest_code=00106&code=00101006111&supplier_code=00100015&order_time=2022-01-20 HTTP/1.1" 200 409
120.253.135.82 - - [20/Jan/2022:11:13:02 +0800] "POST /xingrg/kc/pszx/mdps_list_operate.html HTTP/1.1" 200 280
222.70.243.96 - - [20/Jan/2022:11:13:03 +0800] "GET /xingrg/kc/buy/cgsh_order_operate.html?command=get_materiel&rest_code=00146&code=00101006229&supplier_code=00100012&order_time=2022-01-20 HTTP/1.1" 200 412
124.78.156.14 - - [20/Jan/2022:11:13:04 +0800] "GET /xingrg/all/function/internal_message.html?_=1642648380776&CODE_STATE=getMsg HTTP/1.1" 200 27
120.253.135.82 - - [20/Jan/2022:11:13:05 +0800] "GET /xingrg/kc/pszx/mdps_order_add.html HTTP/1.1" 200 28947
120.253.135.82 - - [20/Jan/2022:11:13:05 +0800] "POST /xingrg/kc/pszx/mdps_order_operate.html HTTP/1.1" 200 7126
120.253.135.82 - - [20/Jan/2022:11:13:05 +0800] "GET /xingrg/javascript/easyui/themes/default/validatebox.css HTTP/1.1" 404 1104
180.152.99.73 - - [20/Jan/2022:11:13:11 +0800] "GET /xingrg/check_reg.html?_=1642648390596 HTTP/1.1" 200 22
180.152.99.73 - - [20/Jan/2022:11:13:11 +0800] "GET /xingrg/all/function/internal_message.html?_=1642648390597&CODE_STATE=getMsg HTTP/1.1" 200 27
120.253.135.82 - - [20/Jan/2022:11:13:13 +0800] "POST /xingrg/all/common/load_combo.html?type=base HTTP/1.1" 200 1075
222.70.243.96 - - [20/Jan/2022:11:13:13 +0800] "GET /xingrg/all/function/internal_message.html?_=1642648396368&CODE_STATE=getMsg HTTP/1.1" 200 27
222.70.178.207 - - [20/Jan/2022:11:13:14 +0800] "GET /xingrg/kc/mdqp/qqps_order_list.html HTTP/1.1" 200 9668
222.70.178.207 - - [20/Jan/2022:11:13:14 +0800] "GET /xingrg/dwr/interface/AjaxQqpsService.js HTTP/1.1" 200 16326
222.70.178.207 - - [20/Jan/2022:11:13:14 +0800] "GET /xingrg/dwr/interface/AjaxReportQueryService.js HTTP/1.1" 200 13203
222.70.178.207 - - [20/Jan/2022:11:13:14 +0800] "GET /xingrg/dwr/engine.js HTTP/1.1" 200 43631
124.78.156.14 - - [20/Jan/2022:11:13:15 +0800] "GET /xingrg/kc/buy/cgsh_order_operate.html?command=get_materiel&rest_code=00106&code=00101006109&supplier_code=00100015&order_time=2022-01-20 HTTP/1.1" 200 409
180.152.99.39 - - [20/Jan/2022:11:13:15 +0800] "GET /xingrg/all/function/internal_message.html?_=1642648326065&CODE_STATE=getMsg HTTP/1.1" 200 27
180.169.147.146 - - [20/Jan/2022:11:13:15 +0800] "GET /xingrg/all/function/internal_message.html?_=1642648393643&CODE_STATE=getMsg HTTP/1.1" 200 27
222.70.178.207 - - [20/Jan/2022:11:13:16 +0800] "GET /xingrg/kc/mdqp/qqps_order_info.html?code=302022012000511 HTTP/1.1" 200 26482
222.70.178.207 - - [20/Jan/2022:11:13:16 +0800] "GET /xingrg/dwr/interface/AjaxComOrderService.js HTTP/1.1" 200 18264
222.70.178.207 - - [20/Jan/2022:11:13:16 +0800] "GET /xingrg/dwr/interface/AjaxQqpsService.js HTTP/1.1" 200 16326
222.70.178.207 - - [20/Jan/2022:11:13:16 +0800] "GET /xingrg/dwr/engine.js HTTP/1.1" 200 43631
222.70.178.207 - - [20/Jan/2022:11:13:17 +0800] "POST /xingrg/dwr/call/plaincall/AjaxQqpsService.loadMaterielItems.dwr HTTP/1.1" 200 714
222.70.178.207 - - [20/Jan/2022:11:13:19 +0800] "POST /xingrg/dwr/call/plaincall/AjaxQqpsService.uncheckOrder.dwr HTTP/1.1" 200 78
222.70.178.207 - - [20/Jan/2022:11:13:20 +0800] "GET /xingrg/css/blue.css HTTP/1.1" 304 -
222.70.178.207 - - [20/Jan/2022:11:13:20 +0800] "GET /xingrg/javascript/jquery_easy_ui/themes/icon.css HTTP/1.1" 304 -
222.70.178.207 - - [20/Jan/2022:11:13:20 +0800] "GET /xingrg/javascript/jquery.utils.js HTTP/1.1" 304 -
222.70.178.207 - - [20/Jan/2022:11:13:20 +0800] "GET /xingrg/kc/mdqp/qqps_order_info.html?code=302022012000511 HTTP/1.1" 200 28241
222.70.178.207 - - [20/Jan/2022:11:13:20 +0800] "GET /xingrg/javascript/auto/jquery.autocomplete.js HTTP/1.1" 304 -
222.70.178.207 - - [20/Jan/2022:11:13:20 +0800] "GET /xingrg/javascript/tools/jquery.qtip-1.0.0-rc3.min.js HTTP/1.1" 304 -
222.70.178.207 - - [20/Jan/2022:11:13:20 +0800] "GET /xingrg/javascript/jquery_easy_ui/jquery.easyui.min.js HTTP/1.1" 304 -
222.70.178.207 - - [20/Jan/2022:11:13:20 +0800] "GET /xingrg/javascript/auto/jquery.autocomplete.css HTTP/1.1" 304 -
222.70.178.207 - - [20/Jan/2022:11:13:20 +0800] "GET /xingrg/javascript/jquery-1.4.2.min.js HTTP/1.1" 304 -
222.70.178.207 - - [20/Jan/2022:11:13:20 +0800] "GET /xingrg/javascript/jquery_easy_ui/easyui-lang-zh_CN.js HTTP/1.1" 304 -
222.70.178.207 - - [20/Jan/2022:11:13:20 +0800] "GET /xingrg/javascript/pic_change.js HTTP/1.1" 304 -
222.70.178.207 - - [20/Jan/2022:11:13:20 +0800] "GET /xingrg/dwr/interface/AjaxQqpsService.js HTTP/1.1" 200 16326
222.70.178.207 - - [20/Jan/2022:11:13:20 +0800] "GET /xingrg/dwr/interface/AjaxComOrderService.js HTTP/1.1" 200 18264
222.70.178.207 - - [20/Jan/2022:11:13:20 +0800] "GET /xingrg/dwr/util.js HTTP/1.1" 304 -
222.70.178.207 - - [20/Jan/2022:11:13:20 +0800] "GET /xingrg/javascript/Calendar.js HTTP/1.1" 304 -
222.70.178.207 - - [20/Jan/2022:11:13:20 +0800] "GET /xingrg/javascript/myfunction.js HTTP/1.1" 304 -
222.70.178.207 - - [20/Jan/2022:11:13:20 +0800] "GET /xingrg/javascript/AjaxInfoList.js HTTP/1.1" 304 -
222.70.178.207 - - [20/Jan/2022:11:13:20 +0800] "GET /xingrg/javascript/Grid.js HTTP/1.1" 304 -
222.70.178.207 - - [20/Jan/2022:11:13:20 +0800] "GET /xingrg/javascript/ToolTips.js HTTP/1.1" 304 -
222.70.178.207 - - [20/Jan/2022:11:13:20 +0800] "GET /xingrg/javascript/print/kc_print.js HTTP/1.1" 304 -
222.70.178.207 - - [20/Jan/2022:11:13:20 +0800] "GET /xingrg/javascript/print/LodopFuncs.js HTTP/1.1" 304 -
222.70.178.207 - - [20/Jan/2022:11:13:20 +0800] "GET /xingrg/javascript/jquery_easy_ui/themes/icon.css HTTP/1.1" 304 -
222.70.178.207 - - [20/Jan/2022:11:13:20 +0800] "GET /xingrg/javascript/jquery_easy_ui/themes/default/easyui.css HTTP/1.1" 304 -
222.70.178.207 - - [20/Jan/2022:11:13:20 +0800] "GET /xingrg/dwr/engine.js HTTP/1.1" 200 43631
222.70.178.207 - - [20/Jan/2022:11:13:20 +0800] "GET /xingrg/words/20220120091010_words.js HTTP/1.1" 304 -
222.70.178.207 - - [20/Jan/2022:11:13:20 +0800] "GET /xingrg/images/blue/button/kc_tab_add.gif HTTP/1.1" 304 -
222.70.178.207 - - [20/Jan/2022:11:13:20 +0800] "GET /xingrg/images/blue/button/kc_tab_edit.gif HTTP/1.1" 304 -
222.70.178.207 - - [20/Jan/2022:11:13:20 +0800] "GET /xingrg/images/blue/button/kc_tab_save.gif HTTP/1.1" 304 -
222.70.178.207 - - [20/Jan/2022:11:13:20 +0800] "GET /xingrg/images/blue/button/kc_tab_del.gif HTTP/1.1" 304 -
222.70.178.207 - - [20/Jan/2022:11:13:20 +0800] "GET /xingrg/images/blue/wait.gif HTTP/1.1" 304 -
222.70.178.207 - - [20/Jan/2022:11:13:20 +0800] "POST /xingrg/dwr/call/plaincall/AjaxQqpsService.loadMaterielItems.dwr HTTP/1.1" 200 714
124.79.247.218 - - [20/Jan/2022:11:13:22 +0800] "GET /xingrg/all/function/internal_message.html?_=1642648539408&CODE_STATE=getMsg HTTP/1.1" 200 27
222.70.243.96 - - [20/Jan/2022:11:13:25 +0800] "GET /xingrg/kc/buy/cgsh_order_operate.html?command=get_materiel&rest_code=00146&code=00101006130&supplier_code=00100012&order_time=2022-01-20 HTTP/1.1" 200 448
58.37.10.95 - - [20/Jan/2022:11:13:25 +0800] "GET /xingrg/all/function/internal_message.html?_=1642648201158&CODE_STATE=getMsg HTTP/1.1" 200 27
120.253.135.82 - - [20/Jan/2022:11:13:27 +0800] "GET /xingrg/kc/pszx/mdps_order_operate.html?command=get_materiel&pszx_code=00101&rest_code=00104&base_code=0010250&code=00102003629 HTTP/1.1" 200 424
222.70.178.207 - - [20/Jan/2022:11:13:29 +0800] "POST /xingrg/dwr/call/plaincall/AjaxQqpsService.getMaterielByCode.dwr HTTP/1.1" 200 2703
58.39.168.32 - - [20/Jan/2022:11:13:30 +0800] "GET /xingrg/all/function/internal_message.html?_=1642648346533&CODE_STATE=getMsg HTTP/1.1" 200 27
180.157.251.97 - - [20/Jan/2022:11:13:32 +0800] "GET /xingrg/check_reg.html?_=1642648411308 HTTP/1.1" 302 -
58.39.168.32 - - [20/Jan/2022:11:13:37 +0800] "GET /xingrg/all/function/internal_message.html?_=1642648416820&CODE_STATE=getMsg HTTP/1.1" 200 27
124.78.156.14 - - [20/Jan/2022:11:13:39 +0800] "GET /xingrg/check_reg.html?_=1642648414994 HTTP/1.1" 200 22
222.70.178.207 - - [20/Jan/2022:11:13:39 +0800] "POST /xingrg/dwr/call/plaincall/AjaxQqpsService.saveMaterielItem.dwr HTTP/1.1" 200 78
222.70.178.207 - - [20/Jan/2022:11:13:42 +0800] "POST /xingrg/dwr/call/plaincall/AjaxQqpsService.getMaterielByCode.dwr HTTP/1.1" 200 2682
222.70.243.96 - - [20/Jan/2022:11:13:42 +0800] "GET /xingrg/kc/buy/cgsh_order_operate.html?command=get_materiel&rest_code=00146&code=00101006133&supplier_code=00100012&order_time=2022-01-20 HTTP/1.1" 200 413
120.253.135.82 - - [20/Jan/2022:11:13:44 +0800] "GET /xingrg/kc/pszx/mdps_order_operate.html?command=get_materiel&pszx_code=00101&rest_code=00104&base_code=0010250&code=00102008024 HTTP/1.1" 200 435
114.95.98.1 - - [20/Jan/2022:11:13:45 +0800] "GET /xingrg/all/function/internal_message.html?_=1642648443733&CODE_STATE=getMsg HTTP/1.1" 200 27
222.70.178.207 - - [20/Jan/2022:11:13:47 +0800] "POST /xingrg/dwr/call/plaincall/AjaxQqpsService.saveMaterielItem.dwr HTTP/1.1" 200 78
124.78.156.14 - - [20/Jan/2022:11:13:50 +0800] "POST /xingrg/kc/buy/cgsh_order_operate.html HTTP/1.1" 200 37
222.70.178.207 - - [20/Jan/2022:11:13:51 +0800] "POST /xingrg/dwr/call/plaincall/AjaxQqpsService.saveOrder.dwr HTTP/1.1" 200 78
120.253.135.82 - - [20/Jan/2022:11:13:52 +0800] "GET /xingrg/check_reg.html?_=1642648218741 HTTP/1.1" 200 22
222.70.217.149 - - [20/Jan/2022:11:13:53 +0800] "GET /xingrg/all/function/internal_message.html?_=1642648414137&CODE_STATE=getMsg HTTP/1.1" 200 27
114.86.224.130 - - [20/Jan/2022:11:13:53 +0800] "GET /xingrg/all/function/internal_message.html?_=1642648432213&CODE_STATE=getMsg HTTP/1.1" 200 27
222.70.178.207 - - [20/Jan/2022:11:13:53 +0800] "GET /xingrg/check_reg.html?_=1642648432382 HTTP/1.1" 200 22
124.78.156.14 - - [20/Jan/2022:11:13:54 +0800] "POST /xingrg/kc/buy/cgsh_order_operate.html HTTP/1.1" 200 12
120.253.135.82 - - [20/Jan/2022:11:13:55 +0800] "GET /xingrg/all/function/internal_message.html?_=1642648221516&CODE_STATE=getMsg HTTP/1.1" 200 27
124.78.156.14 - - [20/Jan/2022:11:13:57 +0800] "GET /xingrg/kc/buy/cgsh_order_info.html?code=212022012009877 HTTP/1.1" 200 60315
120.253.135.82 - - [20/Jan/2022:11:13:58 +0800] "GET /xingrg/kc/pszx/mdps_order_operate.html?command=get_materiel&pszx_code=00101&rest_code=00104&base_code=0010250&code=00102012010 HTTP/1.1" 200 439
124.78.156.14 - - [20/Jan/2022:11:13:59 +0800] "GET /xingrg/javascript/easyui/themes/default/validatebox.css HTTP/1.1" 404 1104
124.78.156.14 - - [20/Jan/2022:11:13:59 +0800] "POST /xingrg/kc/buy/cgsh_order_operate.html HTTP/1.1" 200 3578
222.70.178.207 - - [20/Jan/2022:11:14:01 +0800] "POST /xingrg/dwr/call/plaincall/AjaxQqpsService.checkOrder.dwr HTTP/1.1" 200 78
222.70.178.207 - - [20/Jan/2022:11:14:02 +0800] "GET /xingrg/kc/mdqp/qqps_order_info.html?code=302022012000511 HTTP/1.1" 200 26482
222.70.178.207 - - [20/Jan/2022:11:14:02 +0800] "GET /xingrg/dwr/interface/AjaxComOrderService.js HTTP/1.1" 200 18264
222.70.178.207 - - [20/Jan/2022:11:14:02 +0800] "GET /xingrg/dwr/interface/AjaxQqpsService.js HTTP/1.1" 200 16326
222.70.178.207 - - [20/Jan/2022:11:14:02 +0800] "GET /xingrg/dwr/engine.js HTTP/1.1" 200 43631
222.70.178.207 - - [20/Jan/2022:11:14:02 +0800] "POST /xingrg/dwr/call/plaincall/AjaxQqpsService.loadMaterielItems.dwr HTTP/1.1" 200 1328
124.78.156.14 - - [20/Jan/2022:11:14:04 +0800] "GET /xingrg/all/function/internal_message.html?_=1642648440765&CODE_STATE=getMsg HTTP/1.1" 200 27
124.78.156.14 - - [20/Jan/2022:11:14:04 +0800] "GET /xingrg/kc/print/load_data.html?order_code=212022012009877&kc_code=cgsh&condition= HTTP/1.1" 200 1940
222.70.243.96 - - [20/Jan/2022:11:14:05 +0800] "GET /xingrg/kc/buy/cgsh_order_operate.html?command=get_materiel&rest_code=00146&code=00101006025&supplier_code=00100012&order_time=2022-01-20 HTTP/1.1" 200 417
180.152.99.73 - - [20/Jan/2022:11:14:11 +0800] "GET /xingrg/all/function/internal_message.html?_=1642648450598&CODE_STATE=getMsg HTTP/1.1" 200 27
124.78.156.14 - - [20/Jan/2022:11:14:11 +0800] "GET /xingrg/kc/print/load_data.html?order_code=212022012009877&kc_code=cgsh HTTP/1.1" 200 1940
222.70.243.96 - - [20/Jan/2022:11:14:13 +0800] "GET /xingrg/all/function/internal_message.html?_=1642648456380&CODE_STATE=getMsg HTTP/1.1" 200 27
180.152.99.39 - - [20/Jan/2022:11:14:14 +0800] "GET /xingrg/check_reg.html?_=1642648384975 HTTP/1.1" 200 22
120.253.135.82 - - [20/Jan/2022:11:14:15 +0800] "GET /xingrg/kc/pszx/mdps_order_operate.html?command=get_materiel&pszx_code=00101&rest_code=00104&base_code=0010250&code=00101020001 HTTP/1.1" 200 446
180.152.99.39 - - [20/Jan/2022:11:14:15 +0800] "GET /xingrg/all/function/internal_message.html?_=1642648386078&CODE_STATE=getMsg HTTP/1.1" 200 27
180.169.147.146 - - [20/Jan/2022:11:14:15 +0800] "GET /xingrg/all/function/internal_message.html?_=1642648453628&CODE_STATE=getMsg HTTP/1.1" 200 27
222.70.243.96 - - [20/Jan/2022:11:14:18 +0800] "GET /xingrg/kc/buy/cgsh_order_operate.html?command=get_materiel&rest_code=00146&code=00101006177&supplier_code=00100012&order_time=2022-01-20 HTTP/1.1" 200 411
124.79.247.218 - - [20/Jan/2022:11:14:22 +0800] "GET /xingrg/all/function/internal_message.html?_=1642648599407&CODE_STATE=getMsg HTTP/1.1" 200 27
58.37.10.95 - - [20/Jan/2022:11:14:25 +0800] "GET /xingrg/all/function/internal_message.html?_=1642648261158&CODE_STATE=getMsg HTTP/1.1" 200 27
58.39.168.32 - - [20/Jan/2022:11:14:30 +0800] "GET /xingrg/all/function/internal_message.html?_=1642648406532&CODE_STATE=getMsg HTTP/1.1" 200 27
120.253.135.82 - - [20/Jan/2022:11:14:30 +0800] "GET /xingrg/kc/pszx/mdps_order_operate.html?command=get_materiel&pszx_code=00101&rest_code=00104&base_code=0010250&code=00101034136 HTTP/1.1" 200 420
222.70.243.96 - - [20/Jan/2022:11:14:33 +0800] "GET /xingrg/kc/buy/cgsh_order_operate.html?command=get_materiel&rest_code=00146&code=00101006174&supplier_code=00100012&order_time=2022-01-20 HTTP/1.1" 200 414
58.39.168.32 - - [20/Jan/2022:11:14:37 +0800] "GET /xingrg/all/function/internal_message.html?_=1642648476845&CODE_STATE=getMsg HTTP/1.1" 200 27
120.253.135.82 - - [20/Jan/2022:11:14:41 +0800] "GET /xingrg/kc/pszx/mdps_order_operate.html?command=get_materiel&pszx_code=00101&rest_code=00104&base_code=0010250&code=00101034024 HTTP/1.1" 200 437
124.78.156.14 - - [20/Jan/2022:11:14:42 +0800] "GET /xingrg/kc/buy/cgsh_order_add.html HTTP/1.1" 200 65404
124.78.156.14 - - [20/Jan/2022:11:14:43 +0800] "GET /xingrg/javascript/easyui/themes/default/validatebox.css HTTP/1.1" 404 1104
124.78.156.14 - - [20/Jan/2022:11:14:43 +0800] "POST /xingrg/kc/buy/cgsh_order_operate.html HTTP/1.1" 200 8245
124.78.156.14 - - [20/Jan/2022:11:14:44 +0800] "GET /xingrg/javascript/easyui/themes/default/tree.css HTTP/1.1" 404 1090
124.78.156.14 - - [20/Jan/2022:11:14:44 +0800] "POST /xingrg/all/common/load_tree.html?tree=supplier_tree_json&isDelete=1 HTTP/1.1" 200 61772
222.70.243.96 - - [20/Jan/2022:11:14:44 +0800] "GET /xingrg/kc/buy/cgsh_order_operate.html?command=get_materiel&rest_code=00146&code=00101006127&supplier_code=00100012&order_time=2022-01-20 HTTP/1.1" 200 423
114.95.98.1 - - [20/Jan/2022:11:14:46 +0800] "GET /xingrg/all/function/internal_message.html?_=1642648504667&CODE_STATE=getMsg HTTP/1.1" 200 27
222.70.178.207 - - [20/Jan/2022:11:14:51 +0800] "GET /xingrg/all/function/internal_message.html?_=1642648490202&CODE_STATE=getMsg HTTP/1.1" 200 27
120.253.135.82 - - [20/Jan/2022:11:14:52 +0800] "POST /xingrg/kc/pszx/mdps_order_operate.html HTTP/1.1" 200 37
222.70.217.149 - - [20/Jan/2022:11:14:53 +0800] "GET /xingrg/all/function/internal_message.html?_=1642648474129&CODE_STATE=getMsg HTTP/1.1" 200 27
222.70.217.149 - - [20/Jan/2022:11:14:53 +0800] "GET /xingrg/check_reg.html?_=1642648474131 HTTP/1.1" 200 22
120.253.135.82 - - [20/Jan/2022:11:14:53 +0800] "GET /xingrg/kc/pszx/mdps_order_info.html?code=312022012000697 HTTP/1.1" 200 23931
114.86.224.130 - - [20/Jan/2022:11:14:53 +0800] "GET /xingrg/all/function/internal_message.html?_=1642648492220&CODE_STATE=getMsg HTTP/1.1" 200 27
114.86.224.130 - - [20/Jan/2022:11:14:53 +0800] "GET /xingrg/check_reg.html?_=1642648492221 HTTP/1.1" 200 22
120.253.135.82 - - [20/Jan/2022:11:14:54 +0800] "POST /xingrg/kc/pszx/mdps_order_operate.html HTTP/1.1" 200 4735
120.253.135.82 - - [20/Jan/2022:11:14:55 +0800] "GET /xingrg/javascript/easyui/themes/default/validatebox.css HTTP/1.1" 404 1104
120.253.135.82 - - [20/Jan/2022:11:14:55 +0800] "GET /xingrg/all/function/internal_message.html?_=1642648281689&CODE_STATE=getMsg HTTP/1.1" 200 27
124.78.156.14 - - [20/Jan/2022:11:14:59 +0800] "GET /xingrg/kc/buy/cgsh_order_operate.html?command=get_materiel&rest_code=00106&code=00101007061&supplier_code=00100002&order_time=2022-01-20 HTTP/1.1" 200 411
222.70.243.96 - - [20/Jan/2022:11:14:59 +0800] "GET /xingrg/kc/buy/cgsh_order_operate.html?command=get_materiel&rest_code=00146&code=00101006144&supplier_code=00100012&order_time=2022-01-20 HTTP/1.1" 200 409
124.78.156.14 - - [20/Jan/2022:11:15:04 +0800] "GET /xingrg/all/function/internal_message.html?_=1642648500741&CODE_STATE=getMsg HTTP/1.1" 200 27
180.152.99.73 - - [20/Jan/2022:11:15:11 +0800] "GET /xingrg/all/function/internal_message.html?_=1642648510608&CODE_STATE=getMsg HTTP/1.1" 200 27
222.70.243.96 - - [20/Jan/2022:11:15:13 +0800] "GET /xingrg/all/function/internal_message.html?_=1642648516394&CODE_STATE=getMsg HTTP/1.1" 200 27
222.70.243.96 - - [20/Jan/2022:11:15:14 +0800] "GET /xingrg/kc/buy/cgsh_order_operate.html?command=get_materiel&rest_code=00146&code=00101006111&supplier_code=00100012&order_time=2022-01-20 HTTP/1.1" 200 409
180.152.99.39 - - [20/Jan/2022:11:15:15 +0800] "GET /xingrg/all/function/internal_message.html?_=1642648446091&CODE_STATE=getMsg HTTP/1.1" 200 27
180.169.147.146 - - [20/Jan/2022:11:15:15 +0800] "GET /xingrg/all/function/internal_message.html?_=1642648513613&CODE_STATE=getMsg HTTP/1.1" 200 27
61.151.178.163 - - [20/Jan/2022:11:15:16 +0800] "GET /xingrg/kc/buy/cgsh_order_operate.html?command=get_materiel&rest_code=00106&code=00101008137&supplier_code=00100007&order_time=2022-01-20 HTTP/1.1" 302 -
61.151.178.163 - - [20/Jan/2022:11:15:16 +0800] "GET /xingrg/login.html HTTP/1.1" 200 7641
124.78.156.14 - - [20/Jan/2022:11:15:17 +0800] "GET /xingrg/kc/buy/cgsh_order_operate.html?command=get_materiel&rest_code=00106&code=00101007091&supplier_code=00100002&order_time=2022-01-20 HTTP/1.1" 200 415
124.79.247.218 - - [20/Jan/2022:11:15:22 +0800] "GET /xingrg/all/function/internal_message.html?_=1642648659406&CODE_STATE=getMsg HTTP/1.1" 200 27
58.37.10.95 - - [20/Jan/2022:11:15:25 +0800] "GET /xingrg/all/function/internal_message.html?_=1642648321164&CODE_STATE=getMsg HTTP/1.1" 200 27
58.37.10.95 - - [20/Jan/2022:11:15:25 +0800] "GET /xingrg/check_reg.html?_=1642648321166 HTTP/1.1" 200 22
222.70.243.96 - - [20/Jan/2022:11:15:26 +0800] "GET /xingrg/kc/buy/cgsh_order_operate.html?command=get_materiel&rest_code=00146&code=00101006184&supplier_code=00100012&order_time=2022-01-20 HTTP/1.1" 200 408
124.78.156.14 - - [20/Jan/2022:11:15:28 +0800] "GET /xingrg/kc/buy/cgsh_order_operate.html?command=get_materiel&rest_code=00106&code=00101007081&supplier_code=00100002&order_time=2022-01-20 HTTP/1.1" 200 415
58.39.168.32 - - [20/Jan/2022:11:15:30 +0800] "GET /xingrg/all/function/internal_message.html?_=1642648466533&CODE_STATE=getMsg HTTP/1.1" 200 27
58.39.168.32 - - [20/Jan/2022:11:15:37 +0800] "GET /xingrg/all/function/internal_message.html?_=1642648536845&CODE_STATE=getMsg HTTP/1.1" 200 27
124.78.156.14 - - [20/Jan/2022:11:15:38 +0800] "GET /xingrg/kc/buy/cgsh_order_operate.html?command=get_materiel&rest_code=00106&code=00101007077&supplier_code=00100002&order_time=2022-01-20 HTTP/1.1" 200 415
222.70.243.96 - - [20/Jan/2022:11:15:39 +0800] "GET /xingrg/kc/buy/cgsh_order_operate.html?command=get_materiel&rest_code=00146&code=00101006065&supplier_code=00100012&order_time=2022-01-20 HTTP/1.1" 200 409
114.95.98.1 - - [20/Jan/2022:11:15:46 +0800] "GET /xingrg/all/function/internal_message.html?_=1642648564679&CODE_STATE=getMsg HTTP/1.1" 200 27
124.78.156.14 - - [20/Jan/2022:11:15:49 +0800] "GET /xingrg/kc/buy/cgsh_order_operate.html?command=get_materiel&rest_code=00106&code=00101007063&supplier_code=00100002&order_time=2022-01-20 HTTP/1.1" 200 409
222.70.178.207 - - [20/Jan/2022:11:15:51 +0800] "GET /xingrg/all/function/internal_message.html?_=1642648550200&CODE_STATE=getMsg HTTP/1.1" 200 27
222.70.217.149 - - [20/Jan/2022:11:15:53 +0800] "GET /xingrg/all/function/internal_message.html?_=1642648534128&CODE_STATE=getMsg HTTP/1.1" 200 27
114.86.224.130 - - [20/Jan/2022:11:15:53 +0800] "GET /xingrg/all/function/internal_message.html?_=1642648552204&CODE_STATE=getMsg HTTP/1.1" 200 27
120.253.135.82 - - [20/Jan/2022:11:15:55 +0800] "GET /xingrg/all/function/internal_message.html?_=1642648341699&CODE_STATE=getMsg HTTP/1.1" 200 27
222.70.243.96 - - [20/Jan/2022:11:15:56 +0800] "GET /xingrg/kc/buy/cgsh_order_operate.html?command=get_materiel&rest_code=00146&code=00101006109&supplier_code=00100012&order_time=2022-01-20 HTTP/1.1" 200 409
222.70.243.96 - - [20/Jan/2022:11:15:56 +0800] "GET /xingrg/check_reg.html?_=1642648559390 HTTP/1.1" 200 22
124.78.156.14 - - [20/Jan/2022:11:16:02 +0800] "GET /xingrg/kc/buy/cgsh_order_operate.html?command=get_materiel&rest_code=00106&code=00101007059&supplier_code=00100002&order_time=2022-01-20 HTTP/1.1" 200 409
124.78.156.14 - - [20/Jan/2022:11:16:04 +0800] "GET /xingrg/all/function/internal_message.html?_=1642648560784&CODE_STATE=getMsg HTTP/1.1" 200 27
180.152.99.73 - - [20/Jan/2022:11:16:11 +0800] "GET /xingrg/all/function/internal_message.html?_=1642648570612&CODE_STATE=getMsg HTTP/1.1" 200 27
222.70.243.96 - - [20/Jan/2022:11:16:13 +0800] "GET /xingrg/all/function/internal_message.html?_=1642648576407&CODE_STATE=getMsg HTTP/1.1" 200 27
61.151.178.177 - - [20/Jan/2022:11:16:14 +0800] "GET /xingrg/all/function/internal_message.html?_=1642646399364&CODE_STATE=getMsg HTTP/1.1" 302 -
61.151.178.177 - - [20/Jan/2022:11:16:15 +0800] "GET /xingrg/login.html HTTP/1.1" 200 7641
180.152.99.39 - - [20/Jan/2022:11:16:15 +0800] "GET /xingrg/all/function/internal_message.html?_=1642648506104&CODE_STATE=getMsg HTTP/1.1" 200 27
180.169.147.146 - - [20/Jan/2022:11:16:15 +0800] "GET /xingrg/all/function/internal_message.html?_=1642648573600&CODE_STATE=getMsg HTTP/1.1" 200 27
61.151.178.177 - - [20/Jan/2022:11:16:17 +0800] "GET /xingrg/all/function/internal_message.html?_=1642639963233&CODE_STATE=getMsg HTTP/1.1" 302 -
124.78.156.14 - - [20/Jan/2022:11:16:18 +0800] "POST /xingrg/kc/buy/cgsh_order_operate.html HTTP/1.1" 200 37
61.151.178.177 - - [20/Jan/2022:11:16:19 +0800] "GET /xingrg/login.html HTTP/1.1" 200 7641
222.70.243.96 - - [20/Jan/2022:11:16:21 +0800] "GET /xingrg/kc/buy/cgsh_order_operate.html?command=get_materiel&rest_code=00146&code=00101006056&supplier_code=00100012&order_time=2022-01-20 HTTP/1.1" 200 413
124.79.247.218 - - [20/Jan/2022:11:16:22 +0800] "GET /xingrg/all/function/internal_message.html?_=1642648719404&CODE_STATE=getMsg HTTP/1.1" 200 27
124.78.156.14 - - [20/Jan/2022:11:16:24 +0800] "POST /xingrg/kc/buy/cgsh_order_operate.html HTTP/1.1" 200 12
58.37.10.95 - - [20/Jan/2022:11:16:25 +0800] "GET /xingrg/all/function/internal_message.html?_=1642648381160&CODE_STATE=getMsg HTTP/1.1" 200 27
58.39.168.32 - - [20/Jan/2022:11:16:30 +0800] "GET /xingrg/all/function/internal_message.html?_=1642648526526&CODE_STATE=getMsg HTTP/1.1" 200 27
124.78.156.14 - - [20/Jan/2022:11:16:36 +0800] "GET /xingrg/kc/buy/cgsh_order_info.html?code=212022012009878 HTTP/1.1" 200 60315
58.39.168.32 - - [20/Jan/2022:11:16:37 +0800] "GET /xingrg/all/function/internal_message.html?_=1642648596845&CODE_STATE=getMsg HTTP/1.1" 200 27
124.78.156.14 - - [20/Jan/2022:11:16:37 +0800] "GET /xingrg/javascript/easyui/themes/default/validatebox.css HTTP/1.1" 404 1104
124.78.156.14 - - [20/Jan/2022:11:16:38 +0800] "POST /xingrg/kc/buy/cgsh_order_operate.html HTTP/1.1" 200 3564
124.78.156.14 - - [20/Jan/2022:11:16:40 +0800] "GET /xingrg/login.html?r=1 HTTP/1.1" 200 7641
124.78.156.14 - - [20/Jan/2022:11:16:40 +0800] "GET /favicon.ico HTTP/1.1" 404 -
124.78.156.14 - - [20/Jan/2022:11:16:42 +0800] "GET /xingrg/kc/print/load_data.html?order_code=212022012009878&kc_code=cgsh&condition= HTTP/1.1" 200 1906
124.78.156.14 - - [20/Jan/2022:11:16:42 +0800] "POST /xingrg/login.do HTTP/1.1" 302 -
124.78.156.14 - - [20/Jan/2022:11:16:42 +0800] "GET /xingrg/index.html?sysBaseUrl=http%3A%2F%2F180.169.147.146%3A18081%2Fxingrg%2F&costTime=40×tamp=1642648602774 HTTP/1.1" 200 17173
124.78.156.14 - - [20/Jan/2022:11:16:42 +0800] "GET /favicon.ico HTTP/1.1" 404 -
124.78.156.14 - - [20/Jan/2022:11:16:42 +0800] "POST /xingrg/all/common/load_tree.html?tree=area_rest_tree_json&manage=1 HTTP/1.1" 200 342
124.78.156.14 - - [20/Jan/2022:11:16:43 +0800] "GET /xingrg/all/function/internal_message.html?_=1642648602725&CODE_STATE=count HTTP/1.1" 200 11
124.78.156.14 - - [20/Jan/2022:11:16:43 +0800] "GET /xingrg/check_reg.html?_=1642648602726 HTTP/1.1" 200 22
124.78.156.14 - - [20/Jan/2022:11:16:43 +0800] "POST /xingrg/load_menu.html HTTP/1.1" 200 5138
124.78.156.14 - - [20/Jan/2022:11:16:44 +0800] "GET /xingrg/kc/base/base_main.html HTTP/1.1" 200 12142
124.78.156.14 - - [20/Jan/2022:11:16:46 +0800] "GET /xingrg/kc/base/wldb_order_list.html HTTP/1.1" 200 19060
124.78.156.14 - - [20/Jan/2022:11:16:46 +0800] "POST /xingrg/kc/base/wldb_list_operate.html HTTP/1.1" 200 2167
114.95.98.1 - - [20/Jan/2022:11:16:47 +0800] "GET /xingrg/all/function/internal_message.html?_=1642648625621&CODE_STATE=getMsg HTTP/1.1" 200 27
222.70.243.96 - - [20/Jan/2022:11:16:49 +0800] "POST /xingrg/kc/buy/cgsh_order_operate.html HTTP/1.1" 200 37
124.78.156.14 - - [20/Jan/2022:11:16:50 +0800] "GET /xingrg/kc/print/load_data.html?order_code=212022012009878&kc_code=cgsh HTTP/1.1" 200 1906
222.70.243.96 - - [20/Jan/2022:11:16:50 +0800] "POST /xingrg/kc/buy/cgsh_order_operate.html HTTP/1.1" 200 11008
124.78.156.14 - - [20/Jan/2022:11:16:51 +0800] "POST /xingrg/kc/base/wldb_list_operate.html HTTP/1.1" 200 631
124.78.156.14 - - [20/Jan/2022:11:16:51 +0800] "GET /xingrg/kc/base/wldb_order_info.html?code=422022012002600 HTTP/1.1" 200 30289
124.78.156.14 - - [20/Jan/2022:11:16:51 +0800] "GET /xingrg/words/20220120091010_words.js HTTP/1.1" 304 -
222.70.178.207 - - [20/Jan/2022:11:16:51 +0800] "GET /xingrg/all/function/internal_message.html?_=1642648610194&CODE_STATE=getMsg HTTP/1.1" 200 27
124.78.156.14 - - [20/Jan/2022:11:16:51 +0800] "GET /xingrg/all/common/auto_word.html?type=base&rest_code=00106 HTTP/1.1" 200 1849
124.78.156.14 - - [20/Jan/2022:11:16:51 +0800] "GET /xingrg/all/common/auto_word.html?type=base&rest_code=00106 HTTP/1.1" 200 1849
124.78.156.14 - - [20/Jan/2022:11:16:51 +0800] "GET /xingrg/javascript/easyui/themes/default/validatebox.css HTTP/1.1" 404 1104
124.78.156.14 - - [20/Jan/2022:11:16:52 +0800] "POST /xingrg/kc/base/wldb_order_operate.html HTTP/1.1" 200 4705
222.70.243.96 - - [20/Jan/2022:11:16:53 +0800] "GET /xingrg/kc/print/load_data.html?order_code=212022012009879&kc_code=cgsh&condition= HTTP/1.1" 200 3960
222.70.217.149 - - [20/Jan/2022:11:16:53 +0800] "GET /xingrg/all/function/internal_message.html?_=1642648594139&CODE_STATE=getMsg HTTP/1.1" 200 27
114.86.224.130 - - [20/Jan/2022:11:16:53 +0800] "GET /xingrg/all/function/internal_message.html?_=1642648612211&CODE_STATE=getMsg HTTP/1.1" 200 27
120.253.135.82 - - [20/Jan/2022:11:16:55 +0800] "GET /xingrg/all/function/internal_message.html?_=1642648401712&CODE_STATE=getMsg HTTP/1.1" 200 27
120.253.135.82 - - [20/Jan/2022:11:16:56 +0800] "POST /xingrg/kc/pszx/mdps_order_operate.html HTTP/1.1" 200 37
120.253.135.82 - - [20/Jan/2022:11:16:57 +0800] "GET /xingrg/kc/pszx/mdps_order_info.html?code=312022012000697 HTTP/1.1" 200 23931
120.253.135.82 - - [20/Jan/2022:11:16:58 +0800] "GET /xingrg/javascript/easyui/themes/default/validatebox.css HTTP/1.1" 404 1104
120.253.135.82 - - [20/Jan/2022:11:16:58 +0800] "POST /xingrg/kc/pszx/mdps_order_operate.html HTTP/1.1" 200 4735
120.253.135.82 - - [20/Jan/2022:11:17:05 +0800] "POST /xingrg/kc/pszx/mdps_list_operate.html HTTP/1.1" 200 2437
124.78.156.14 - - [20/Jan/2022:11:17:06 +0800] "GET /xingrg/all/function/internal_message.html?_=1642648622260&CODE_STATE=getMsg HTTP/1.1" 200 27
120.253.135.82 - - [20/Jan/2022:11:17:09 +0800] "GET /xingrg/kc/pszx/mdps_order_add.html HTTP/1.1" 200 28947
120.253.135.82 - - [20/Jan/2022:11:17:09 +0800] "POST /xingrg/kc/pszx/mdps_order_operate.html HTTP/1.1" 200 7126
120.253.135.82 - - [20/Jan/2022:11:17:09 +0800] "GET /xingrg/javascript/easyui/themes/default/validatebox.css HTTP/1.1" 404 1104
114.95.98.1 - - [20/Jan/2022:11:17:11 +0800] "GET /xingrg/check_reg.html?_=1642648649346 HTTP/1.1" 200 22
180.152.99.73 - - [20/Jan/2022:11:17:11 +0800] "GET /xingrg/all/function/internal_message.html?_=1642648630597&CODE_STATE=getMsg HTTP/1.1" 200 27
120.253.135.82 - - [20/Jan/2022:11:17:13 +0800] "POST /xingrg/kc/pszx/mdps_list_operate.html HTTP/1.1" 200 2437
222.70.243.96 - - [20/Jan/2022:11:17:14 +0800] "GET /xingrg/all/function/internal_message.html?_=1642648636699&CODE_STATE=getMsg HTTP/1.1" 200 27
222.70.217.149 - - [20/Jan/2022:11:17:15 +0800] "POST /xingrg/services/DataTransmitService HTTP/1.1" 200 524
180.152.99.39 - - [20/Jan/2022:11:17:15 +0800] "GET /xingrg/all/function/internal_message.html?_=1642648566133&CODE_STATE=getMsg HTTP/1.1" 200 27
222.70.217.149 - - [20/Jan/2022:11:17:15 +0800] "POST /xingrg/services/DataTransmitService HTTP/1.1" 200 412
180.169.147.146 - - [20/Jan/2022:11:17:15 +0800] "GET /xingrg/all/function/internal_message.html?_=1642648633584&CODE_STATE=getMsg HTTP/1.1" 200 27
124.78.156.14 - - [20/Jan/2022:11:17:17 +0800] "GET /xingrg/javascript/auto/indicator.gif HTTP/1.1" 404 1066
180.169.147.146 - - [20/Jan/2022:11:17:17 +0800] "GET /xingrg/check_reg.html?_=1642648634993 HTTP/1.1" 200 22
124.78.156.14 - - [20/Jan/2022:11:17:19 +0800] "POST /xingrg/all/common/load_combo.html?type=base HTTP/1.1" 200 3315
124.79.247.218 - - [20/Jan/2022:11:17:22 +0800] "GET /xingrg/all/function/internal_message.html?_=1642648779401&CODE_STATE=getMsg HTTP/1.1" 200 27
124.79.247.218 - - [20/Jan/2022:11:17:22 +0800] "GET /xingrg/check_reg.html?_=1642648779403 HTTP/1.1" 200 22
58.37.10.95 - - [20/Jan/2022:11:17:25 +0800] "GET /xingrg/all/function/internal_message.html?_=1642648441170&CODE_STATE=getMsg HTTP/1.1" 200 27
120.253.135.82 - - [20/Jan/2022:11:17:25 +0800] "POST /xingrg/kc/pszx/mdps_list_operate.html HTTP/1.1" 200 2064
120.253.135.82 - - [20/Jan/2022:11:17:27 +0800] "POST /xingrg/kc/pszx/mdps_list_operate.html HTTP/1.1" 200 281
120.253.135.82 - - [20/Jan/2022:11:17:28 +0800] "POST /xingrg/kc/pszx/mdps_list_operate.html HTTP/1.1" 200 481
58.39.168.32 - - [20/Jan/2022:11:17:30 +0800] "GET /xingrg/all/function/internal_message.html?_=1642648586526&CODE_STATE=getMsg HTTP/1.1" 200 27
58.39.168.32 - - [20/Jan/2022:11:17:30 +0800] "GET /xingrg/check_reg.html?_=1642648586532 HTTP/1.1" 200 22
120.253.135.82 - - [20/Jan/2022:11:17:31 +0800] "GET /xingrg/kc/pszx/mdps_order_add.html HTTP/1.1" 200 28947
120.253.135.82 - - [20/Jan/2022:11:17:31 +0800] "POST /xingrg/kc/pszx/mdps_order_operate.html HTTP/1.1" 200 7126
120.253.135.82 - - [20/Jan/2022:11:17:31 +0800] "GET /xingrg/javascript/easyui/themes/default/validatebox.css HTTP/1.1" 404 1104
58.39.168.32 - - [20/Jan/2022:11:17:37 +0800] "GET /xingrg/check_reg.html?_=1642648656845 HTTP/1.1" 200 22
58.39.168.32 - - [20/Jan/2022:11:17:37 +0800] "GET /xingrg/all/function/internal_message.html?_=1642648656848&CODE_STATE=getMsg HTTP/1.1" 200 27
120.253.135.82 - - [20/Jan/2022:11:17:40 +0800] "POST /xingrg/all/common/load_combo.html?type=base HTTP/1.1" 200 1075
124.78.156.14 - - [20/Jan/2022:11:17:42 +0800] "GET /xingrg/kc/base/wldb_order_operate.html?command=get_materiel&rest_code=00106&base_code=0010396&code=00101019127 HTTP/1.1" 200 466
124.78.156.14 - - [20/Jan/2022:11:17:43 +0800] "GET /xingrg/all/function/internal_message.html?_=1642648662744&CODE_STATE=getMsg HTTP/1.1" 200 27
114.95.98.1 - - [20/Jan/2022:11:17:48 +0800] "GET /xingrg/all/function/internal_message.html?_=1642648687060&CODE_STATE=getMsg HTTP/1.1" 200 27
222.70.178.207 - - [20/Jan/2022:11:17:51 +0800] "GET /xingrg/all/function/internal_message.html?_=1642648670172&CODE_STATE=getMsg HTTP/1.1" 200 27
120.253.135.82 - - [20/Jan/2022:11:17:52 +0800] "GET /xingrg/kc/pszx/mdps_order_operate.html?command=get_materiel&pszx_code=00101&rest_code=00149&base_code=0010250&code=00102003629 HTTP/1.1" 200 424
222.70.217.149 - - [20/Jan/2022:11:17:53 +0800] "GET /xingrg/all/function/internal_message.html?_=1642648654133&CODE_STATE=getMsg HTTP/1.1" 200 27
114.86.224.130 - - [20/Jan/2022:11:17:53 +0800] "GET /xingrg/all/function/internal_message.html?_=1642648672214&CODE_STATE=getMsg HTTP/1.1" 200 27
120.253.135.82 - - [20/Jan/2022:11:17:55 +0800] "GET /xingrg/all/function/internal_message.html?_=1642648461725&CODE_STATE=getMsg HTTP/1.1" 200 27
124.78.156.14 - - [20/Jan/2022:11:17:57 +0800] "GET /xingrg/kc/base/wldb_order_operate.html?command=get_materiel&rest_code=00106&base_code=0010396&code=00101016083 HTTP/1.1" 200 451
222.70.243.96 - - [20/Jan/2022:11:18:01 +0800] "GET /xingrg/kc/buy/cgsh_order_add.html HTTP/1.1" 200 65363
120.253.135.82 - - [20/Jan/2022:11:18:01 +0800] "GET /xingrg/kc/pszx/mdps_order_operate.html?command=get_materiel&pszx_code=00101&rest_code=00149&base_code=0010250&code=00102008024 HTTP/1.1" 200 435
222.70.243.96 - - [20/Jan/2022:11:18:02 +0800] "POST /xingrg/kc/buy/cgsh_order_operate.html HTTP/1.1" 200 8245
222.70.243.96 - - [20/Jan/2022:11:18:02 +0800] "GET /xingrg/javascript/easyui/themes/default/validatebox.css HTTP/1.1" 404 1104
124.78.156.14 - - [20/Jan/2022:11:18:06 +0800] "GET /xingrg/all/function/internal_message.html?_=1642648682240&CODE_STATE=getMsg HTTP/1.1" 200 27
180.152.99.73 - - [20/Jan/2022:11:18:11 +0800] "GET /xingrg/all/function/internal_message.html?_=1642648690597&CODE_STATE=getMsg HTTP/1.1" 200 27
180.152.99.73 - - [20/Jan/2022:11:18:11 +0800] "GET /xingrg/check_reg.html?_=1642648690602 HTTP/1.1" 200 22
120.253.135.82 - - [20/Jan/2022:11:18:14 +0800] "GET /xingrg/kc/pszx/mdps_order_operate.html?command=get_materiel&pszx_code=00101&rest_code=00149&base_code=0010250&code=00102012010 HTTP/1.1" 200 439
222.70.243.96 - - [20/Jan/2022:11:18:14 +0800] "GET /xingrg/all/function/internal_message.html?_=1642648696913&CODE_STATE=getMsg HTTP/1.1" 200 27
124.78.156.14 - - [20/Jan/2022:11:18:14 +0800] "GET /xingrg/kc/base/wldb_order_operate.html?command=get_materiel&rest_code=00106&base_code=0010396&code=00101019185 HTTP/1.1" 200 455
180.152.99.39 - - [20/Jan/2022:11:18:15 +0800] "GET /xingrg/all/function/internal_message.html?_=1642648626148&CODE_STATE=getMsg HTTP/1.1" 200 27
180.169.147.146 - - [20/Jan/2022:11:18:15 +0800] "GET /xingrg/all/function/internal_message.html?_=1642648693560&CODE_STATE=getMsg HTTP/1.1" 200 27
222.70.243.96 - - [20/Jan/2022:11:18:16 +0800] "GET /xingrg/kc/buy/cgsh_order_operate.html?command=get_materiel&rest_code=00146&code=00101010161&supplier_code=00100041&order_time=2022-01-20 HTTP/1.1" 200 409
124.79.247.218 - - [20/Jan/2022:11:18:22 +0800] "GET /xingrg/all/function/internal_message.html?_=1642648839400&CODE_STATE=getMsg HTTP/1.1" 200 27
124.78.156.14 - - [20/Jan/2022:11:18:24 +0800] "GET /xingrg/kc/base/wldb_order_operate.html?command=get_materiel&rest_code=00106&base_code=0010396&code=00101019391 HTTP/1.1" 200 472
58.37.10.95 - - [20/Jan/2022:11:18:25 +0800] "GET /xingrg/all/function/internal_message.html?_=1642648501169&CODE_STATE=getMsg HTTP/1.1" 200 27
124.78.156.14 - - [20/Jan/2022:11:18:26 +0800] "GET /xingrg/kc/buy/cgsh_order_add.html HTTP/1.1" 200 65404
124.78.156.14 - - [20/Jan/2022:11:18:27 +0800] "POST /xingrg/kc/base/wldb_order_operate.html HTTP/1.1" 200 1710
124.78.156.14 - - [20/Jan/2022:11:18:27 +0800] "GET /xingrg/javascript/easyui/themes/default/validatebox.css HTTP/1.1" 404 1104
124.78.156.14 - - [20/Jan/2022:11:18:28 +0800] "POST /xingrg/kc/buy/cgsh_order_operate.html HTTP/1.1" 200 8245
124.78.156.14 - - [20/Jan/2022:11:18:30 +0800] "GET /xingrg/javascript/easyui/themes/default/tree.css HTTP/1.1" 404 1090
124.78.156.14 - - [20/Jan/2022:11:18:30 +0800] "POST /xingrg/all/common/load_tree.html?tree=supplier_tree_json&isDelete=1 HTTP/1.1" 200 61772
58.39.168.32 - - [20/Jan/2022:11:18:30 +0800] "GET /xingrg/all/function/internal_message.html?_=1642648646534&CODE_STATE=getMsg HTTP/1.1" 200 27
180.157.251.97 - - [20/Jan/2022:11:18:32 +0800] "GET /xingrg/check_reg.html?_=1642648711321 HTTP/1.1" 302 -
222.70.243.96 - - [20/Jan/2022:11:18:34 +0800] "GET /xingrg/kc/buy/cgsh_order_operate.html?command=get_materiel&rest_code=00146&code=00101001032&supplier_code=00100041&order_time=2022-01-20 HTTP/1.1" 200 413
120.253.135.82 - - [20/Jan/2022:11:18:36 +0800] "GET /xingrg/kc/pszx/mdps_order_operate.html?command=get_materiel&pszx_code=00101&rest_code=00149&base_code=0010250&code=00101034024 HTTP/1.1" 200 437
58.39.168.32 - - [20/Jan/2022:11:18:37 +0800] "GET /xingrg/all/function/internal_message.html?_=1642648716848&CODE_STATE=getMsg HTTP/1.1" 200 27
124.78.156.14 - - [20/Jan/2022:11:18:39 +0800] "GET /xingrg/check_reg.html?_=1642648715044 HTTP/1.1" 200 22
124.78.156.14 - - [20/Jan/2022:11:18:42 +0800] "GET /xingrg/kc/base/wldb_order_operate.html?command=get_materiel&rest_code=00106&base_code=0010396&code=00101016094 HTTP/1.1" 200 470
124.78.156.14 - - [20/Jan/2022:11:18:43 +0800] "GET /xingrg/all/function/internal_message.html?_=1642648722739&CODE_STATE=getMsg HTTP/1.1" 200 27
120.253.135.82 - - [20/Jan/2022:11:18:45 +0800] "POST /xingrg/kc/pszx/mdps_order_operate.html HTTP/1.1" 200 37
222.70.243.96 - - [20/Jan/2022:11:18:45 +0800] "GET /xingrg/kc/buy/cgsh_order_operate.html?command=get_materiel&rest_code=00146&code=00101005037&supplier_code=00100041&order_time=2022-01-20 HTTP/1.1" 200 409
120.253.135.82 - - [20/Jan/2022:11:18:46 +0800] "GET /xingrg/kc/pszx/mdps_order_info.html?code=312022012000698 HTTP/1.1" 200 23931
120.253.135.82 - - [20/Jan/2022:11:18:48 +0800] "GET /xingrg/javascript/easyui/themes/default/validatebox.css HTTP/1.1" 404 1104
120.253.135.82 - - [20/Jan/2022:11:18:48 +0800] "POST /xingrg/kc/pszx/mdps_order_operate.html HTTP/1.1" 200 3750
114.95.98.1 - - [20/Jan/2022:11:18:48 +0800] "GET /xingrg/all/function/internal_message.html?_=1642648747076&CODE_STATE=getMsg HTTP/1.1" 200 27
120.253.135.82 - - [20/Jan/2022:11:18:50 +0800] "POST /xingrg/kc/pszx/mdps_list_operate.html HTTP/1.1" 200 2437
222.70.178.207 - - [20/Jan/2022:11:18:51 +0800] "GET /xingrg/all/function/internal_message.html?_=1642648730152&CODE_STATE=getMsg HTTP/1.1" 200 27
120.253.135.82 - - [20/Jan/2022:11:18:52 +0800] "GET /xingrg/check_reg.html?_=1642648518744 HTTP/1.1" 200 22
124.78.156.14 - - [20/Jan/2022:11:18:52 +0800] "GET /xingrg/kc/buy/cgsh_order_operate.html?command=get_materiel&rest_code=00106&code=00101006161&supplier_code=00100032&order_time=2022-01-20 HTTP/1.1" 200 411
120.253.135.82 - - [20/Jan/2022:11:18:53 +0800] "POST /xingrg/kc/pszx/mdps_list_operate.html HTTP/1.1" 200 442
124.78.156.14 - - [20/Jan/2022:11:18:53 +0800] "GET /xingrg/kc/base/wldb_order_operate.html?command=get_materiel&rest_code=00106&base_code=0010396&code=00101016020 HTTP/1.1" 200 446
222.70.217.149 - - [20/Jan/2022:11:18:53 +0800] "GET /xingrg/all/function/internal_message.html?_=1642648714136&CODE_STATE=getMsg HTTP/1.1" 200 27
114.86.224.130 - - [20/Jan/2022:11:18:53 +0800] "GET /xingrg/all/function/internal_message.html?_=1642648732217&CODE_STATE=getMsg HTTP/1.1" 200 27
222.70.178.207 - - [20/Jan/2022:11:18:53 +0800] "GET /xingrg/check_reg.html?_=1642648732383 HTTP/1.1" 200 22
222.70.243.96 - - [20/Jan/2022:11:18:54 +0800] "GET /xingrg/kc/buy/cgsh_order_operate.html?command=get_materiel&rest_code=00146&code=00101006067&supplier_code=00100041&order_time=2022-01-20 HTTP/1.1" 200 409
120.253.135.82 - - [20/Jan/2022:11:18:55 +0800] "GET /xingrg/all/function/internal_message.html?_=1642648521740&CODE_STATE=getMsg HTTP/1.1" 200 27
124.78.156.14 - - [20/Jan/2022:11:19:03 +0800] "GET /xingrg/kc/buy/cgsh_order_operate.html?command=get_materiel&rest_code=00106&code=00101016025&supplier_code=00100032&order_time=2022-01-20 HTTP/1.1" 200 408
222.70.243.96 - - [20/Jan/2022:11:19:04 +0800] "GET /xingrg/kc/buy/cgsh_order_operate.html?command=get_materiel&rest_code=00146&code=00101018019&supplier_code=00100041&order_time=2022-01-20 HTTP/1.1" 200 421
124.78.156.14 - - [20/Jan/2022:11:19:06 +0800] "GET /xingrg/all/function/internal_message.html?_=1642648742220&CODE_STATE=getMsg HTTP/1.1" 200 27
124.78.156.14 - - [20/Jan/2022:11:19:10 +0800] "GET /xingrg/kc/base/wldb_order_operate.html?command=get_materiel&rest_code=00106&base_code=0010396&code=00101016044 HTTP/1.1" 200 467
180.152.99.73 - - [20/Jan/2022:11:19:11 +0800] "GET /xingrg/all/function/internal_message.html?_=1642648750615&CODE_STATE=getMsg HTTP/1.1" 200 27
61.151.207.205 - - [20/Jan/2022:11:19:13 +0800] "GET /xingrg/all/function/internal_message.html?_=1642640323227&CODE_STATE=getMsg HTTP/1.1" 302 -
124.78.156.14 - - [20/Jan/2022:11:19:13 +0800] "GET /xingrg/kc/buy/cgsh_order_operate.html?command=get_materiel&rest_code=00106&code=00101016071&supplier_code=00100032&order_time=2022-01-20 HTTP/1.1" 200 416
61.151.207.205 - - [20/Jan/2022:11:19:13 +0800] "GET /xingrg/login.html HTTP/1.1" 200 7641
180.152.99.39 - - [20/Jan/2022:11:19:14 +0800] "GET /xingrg/check_reg.html?_=1642648684995 HTTP/1.1" 200 22
222.70.243.96 - - [20/Jan/2022:11:19:14 +0800] "GET /xingrg/all/function/internal_message.html?_=1642648756916&CODE_STATE=getMsg HTTP/1.1" 200 27
180.152.99.39 - - [20/Jan/2022:11:19:15 +0800] "GET /xingrg/all/function/internal_message.html?_=1642648686161&CODE_STATE=getMsg HTTP/1.1" 200 27
222.70.243.96 - - [20/Jan/2022:11:19:15 +0800] "GET /xingrg/kc/buy/cgsh_order_operate.html?command=get_materiel&rest_code=00146&code=00101001075&supplier_code=00100041&order_time=2022-01-20 HTTP/1.1" 200 409
180.169.147.146 - - [20/Jan/2022:11:19:15 +0800] "GET /xingrg/all/function/internal_message.html?_=1642648753547&CODE_STATE=getMsg HTTP/1.1" 200 27
120.253.135.82 - - [20/Jan/2022:11:19:18 +0800] "POST /xingrg/kc/pszx/mdps_list_operate.html HTTP/1.1" 200 2437
124.78.156.14 - - [20/Jan/2022:11:19:21 +0800] "GET /xingrg/kc/base/wldb_order_operate.html?command=get_materiel&rest_code=00106&base_code=0010396&code=00101019183 HTTP/1.1" 200 435
124.79.247.218 - - [20/Jan/2022:11:19:22 +0800] "GET /xingrg/all/function/internal_message.html?_=1642648899399&CODE_STATE=getMsg HTTP/1.1" 200 27
58.37.10.95 - - [20/Jan/2022:11:19:25 +0800] "GET /xingrg/all/function/internal_message.html?_=1642648561167&CODE_STATE=getMsg HTTP/1.1" 200 27
124.78.156.14 - - [20/Jan/2022:11:19:25 +0800] "GET /xingrg/kc/buy/cgsh_order_operate.html?command=get_materiel&rest_code=00106&code=00101001111&supplier_code=00100032&order_time=2022-01-20 HTTP/1.1" 200 409
222.70.243.96 - - [20/Jan/2022:11:19:26 +0800] "GET /xingrg/kc/buy/cgsh_order_operate.html?command=get_materiel&rest_code=00146&code=00101004020&supplier_code=00100041&order_time=2022-01-20 HTTP/1.1" 200 409
120.253.135.82 - - [20/Jan/2022:11:19:27 +0800] "POST /xingrg/kc/pszx/mdps_list_operate.html HTTP/1.1" 200 1690
120.253.135.82 - - [20/Jan/2022:11:19:28 +0800] "POST /xingrg/kc/pszx/mdps_list_operate.html HTTP/1.1" 200 205
58.39.168.32 - - [20/Jan/2022:11:19:30 +0800] "GET /xingrg/all/function/internal_message.html?_=1642648706533&CODE_STATE=getMsg HTTP/1.1" 200 27
120.253.135.82 - - [20/Jan/2022:11:19:31 +0800] "GET /xingrg/kc/pszx/mdps_order_add.html HTTP/1.1" 200 28947
120.253.135.82 - - [20/Jan/2022:11:19:31 +0800] "POST /xingrg/kc/pszx/mdps_order_operate.html HTTP/1.1" 200 7126
120.253.135.82 - - [20/Jan/2022:11:19:31 +0800] "GET /xingrg/javascript/easyui/themes/default/validatebox.css HTTP/1.1" 404 1104
124.78.156.14 - - [20/Jan/2022:11:19:34 +0800] "GET /xingrg/kc/base/wldb_order_operate.html?command=get_materiel&rest_code=00106&base_code=0010396&code=00101019400 HTTP/1.1" 200 451
124.78.156.14 - - [20/Jan/2022:11:19:36 +0800] "POST /xingrg/kc/base/wldb_order_operate.html HTTP/1.1" 200 1710
58.39.168.32 - - [20/Jan/2022:11:19:37 +0800] "GET /xingrg/all/function/internal_message.html?_=1642648776849&CODE_STATE=getMsg HTTP/1.1" 200 27
120.253.135.82 - - [20/Jan/2022:11:19:38 +0800] "POST /xingrg/all/common/load_combo.html?type=base HTTP/1.1" 200 1075
222.70.243.96 - - [20/Jan/2022:11:19:40 +0800] "POST /xingrg/kc/buy/cgsh_order_operate.html HTTP/1.1" 200 37
124.78.156.14 - - [20/Jan/2022:11:19:41 +0800] "GET /xingrg/kc/buy/cgsh_order_operate.html?command=get_materiel&rest_code=00106&code=00101010136&supplier_code=00100032&order_time=2022-01-20 HTTP/1.1" 200 408
222.70.243.96 - - [20/Jan/2022:11:19:42 +0800] "POST /xingrg/kc/buy/cgsh_order_operate.html HTTP/1.1" 200 6202
124.78.156.14 - - [20/Jan/2022:11:19:43 +0800] "GET /xingrg/all/function/internal_message.html?_=1642648782734&CODE_STATE=getMsg HTTP/1.1" 200 27
222.70.243.96 - - [20/Jan/2022:11:19:44 +0800] "GET /xingrg/kc/print/load_data.html?order_code=212022012009880&kc_code=cgsh&condition= HTTP/1.1" 200 2043
