58.39.168.32 - - [20/Jan/2022:09:10:37 +0800] "GET /xingrg/kc/buy/cgsh_order_operate.html?command=get_materiel&rest_code=00105&code=00101008351&supplier_code=00100203&order_time=2022-01-20 HTTP/1.1" 200 427
58.39.168.32 - - [20/Jan/2022:09:10:37 +0800] "GET /xingrg/all/function/internal_message.html?_=1642641037349&CODE_STATE=getMsg HTTP/1.1" 200 27
222.70.178.207 - - [20/Jan/2022:09:10:38 +0800] "GET /xingrg/kc/buy/cgsh_order_operate.html?command=get_materiel&rest_code=00111&code=00101011001&supplier_code=00100037&order_time=2022-01-20 HTTP/1.1" 200 423
180.152.99.39 - - [20/Jan/2022:09:10:39 +0800] "GET /xingrg/kc/buy/cgsh_order_add.html HTTP/1.1" 200 64973
180.152.99.39 - - [20/Jan/2022:09:10:39 +0800] "POST /xingrg/kc/buy/cgsh_order_operate.html HTTP/1.1" 200 8245
180.152.99.39 - - [20/Jan/2022:09:10:39 +0800] "GET /xingrg/javascript/easyui/themes/default/validatebox.css HTTP/1.1" 404 1104
180.152.99.39 - - [20/Jan/2022:09:10:41 +0800] "GET /xingrg/check_reg.html?_=1642640972226 HTTP/1.1" 200 22
180.152.99.73 - - [20/Jan/2022:09:10:41 +0800] "GET /xingrg/kc/buy/cgsh_order_operate.html?command=get_materiel&rest_code=00150&code=00101008323&supplier_code=00100007&order_time=2022-01-20 HTTP/1.1" 200 408
180.169.147.146 - - [20/Jan/2022:09:10:42 +0800] "GET /xingrg/all/function/internal_message.html?_=1642641039748&CODE_STATE=getMsg HTTP/1.1" 200 27
58.39.168.32 - - [20/Jan/2022:09:10:42 +0800] "POST /xingrg/kc/buy/cgsh_order_operate.html HTTP/1.1" 200 2065
124.78.156.14 - - [20/Jan/2022:09:10:47 +0800] "GET /xingrg/all/function/internal_message.html?_=1642641043225&CODE_STATE=getMsg HTTP/1.1" 200 27
180.152.99.39 - - [20/Jan/2022:09:10:47 +0800] "POST /xingrg/all/user/operate.html HTTP/1.1" 200 36
124.78.156.14 - - [20/Jan/2022:09:10:47 +0800] "GET /xingrg/kc/buy/cgsh_order_operate.html?command=get_materiel&rest_code=00106&code=00101016037&supplier_code=00100028&order_time=2022-01-20 HTTP/1.1" 200 451
180.152.99.39 - - [20/Jan/2022:09:10:47 +0800] "GET /xingrg/javascript/jquery_easy_ui/themes/default/easyui.css HTTP/1.1" 304 -
180.152.99.39 - - [20/Jan/2022:09:10:47 +0800] "GET /xingrg/index.html?sysBaseUrl=http%3A%2F%2F180.169.147.146%3A18081%2Fxingrg%2F&costTime=43×tamp=1642640727891 HTTP/1.1" 200 17179
180.152.99.39 - - [20/Jan/2022:09:10:47 +0800] "GET /xingrg/javascript/jquery_easy_ui/themes/icon.css HTTP/1.1" 304 -
180.152.99.39 - - [20/Jan/2022:09:10:47 +0800] "GET /xingrg/css/form.css HTTP/1.1" 304 -
180.152.99.39 - - [20/Jan/2022:09:10:47 +0800] "GET /xingrg/javascript/jquery-1.4.2.min.js HTTP/1.1" 304 -
180.152.99.39 - - [20/Jan/2022:09:10:47 +0800] "GET /xingrg/javascript/jquery_easy_ui/jquery.easyui.min.js HTTP/1.1" 304 -
180.152.99.39 - - [20/Jan/2022:09:10:47 +0800] "GET /xingrg/javascript/jquery_easy_ui/easyui-lang-zh_CN.js HTTP/1.1" 304 -
180.152.99.39 - - [20/Jan/2022:09:10:47 +0800] "GET /xingrg/javascript/jquery.form.js HTTP/1.1" 304 -
180.152.99.39 - - [20/Jan/2022:09:10:47 +0800] "GET /xingrg/javascript/jquery.utils.js HTTP/1.1" 304 -
180.152.99.39 - - [20/Jan/2022:09:10:47 +0800] "GET /xingrg/javascript/jquery.timers.js HTTP/1.1" 304 -
180.152.99.39 - - [20/Jan/2022:09:10:47 +0800] "GET /xingrg/images/blue/jxLogo.png HTTP/1.1" 304 -
180.152.99.39 - - [20/Jan/2022:09:10:47 +0800] "GET /xingrg/images/blue/navBackgound.jpg HTTP/1.1" 304 -
180.152.99.39 - - [20/Jan/2022:09:10:47 +0800] "GET /xingrg/javascript/jquery_easy_ui/themes/icons/settle_new.png HTTP/1.1" 304 -
180.152.99.39 - - [20/Jan/2022:09:10:47 +0800] "GET /xingrg/images/blue/pingpu.png HTTP/1.1" 304 -
180.152.99.39 - - [20/Jan/2022:09:10:47 +0800] "POST /xingrg/all/common/load_tree.html?tree=area_rest_tree_json&manage=1 HTTP/1.1" 200 476
180.152.99.39 - - [20/Jan/2022:09:10:47 +0800] "GET /xingrg/javascript/jquery_easy_ui/themes/default/images/tabs_leftarrow.png HTTP/1.1" 304 -
180.152.99.39 - - [20/Jan/2022:09:10:47 +0800] "GET /xingrg/javascript/jquery_easy_ui/themes/default/images/tabs_rightarrow.png HTTP/1.1" 304 -
180.152.99.39 - - [20/Jan/2022:09:10:47 +0800] "GET /xingrg/javascript/jquery_easy_ui/themes/default/images/panel_tool_collapse.gif HTTP/1.1" 304 -
180.152.99.39 - - [20/Jan/2022:09:10:47 +0800] "GET /xingrg/all/function/internal_message.html?_=1642640978982&CODE_STATE=count HTTP/1.1" 200 11
180.152.99.39 - - [20/Jan/2022:09:10:47 +0800] "GET /xingrg/check_reg.html?_=1642640978983 HTTP/1.1" 200 22
180.152.99.39 - - [20/Jan/2022:09:10:47 +0800] "POST /xingrg/load_menu.html HTTP/1.1" 200 5138
124.78.156.14 - - [20/Jan/2022:09:10:50 +0800] "GET /xingrg/all/function/internal_message.html?_=1642641050258&CODE_STATE=getMsg HTTP/1.1" 200 27
124.78.156.14 - - [20/Jan/2022:09:10:50 +0800] "POST /xingrg/all/common/load_select.html HTTP/1.1" 200 25
180.152.99.39 - - [20/Jan/2022:09:10:50 +0800] "GET /xingrg/kc/buy/cgsh_order_list.html HTTP/1.1" 200 49594
180.152.99.39 - - [20/Jan/2022:09:10:51 +0800] "POST /xingrg/kc/buy/cgsh_list_operate.html HTTP/1.1" 200 876
222.70.178.207 - - [20/Jan/2022:09:10:51 +0800] "GET /xingrg/kc/buy/cgsh_order_operate.html?command=get_materiel&rest_code=00111&code=00101019238&supplier_code=00100037&order_time=2022-01-20 HTTP/1.1" 200 467
180.152.99.73 - - [20/Jan/2022:09:10:51 +0800] "GET /xingrg/kc/buy/cgsh_order_operate.html?command=get_materiel&rest_code=00150&code=00101008091&supplier_code=00100007&order_time=2022-01-20 HTTP/1.1" 200 412
120.253.135.82 - - [20/Jan/2022:09:10:52 +0800] "GET /xingrg/all/function/internal_message.html?_=1642640839287&CODE_STATE=getMsg HTTP/1.1" 200 27
180.152.99.39 - - [20/Jan/2022:09:10:53 +0800] "GET /xingrg/kc/buy/cgsh_order_add.html HTTP/1.1" 200 65293
180.152.99.39 - - [20/Jan/2022:09:10:53 +0800] "POST /xingrg/kc/buy/cgsh_order_operate.html HTTP/1.1" 200 8245
180.152.99.39 - - [20/Jan/2022:09:10:53 +0800] "GET /xingrg/all/common/auto_word.html?type=employee&rest_code=00150 HTTP/1.1" 200 159
180.152.99.39 - - [20/Jan/2022:09:10:53 +0800] "GET /xingrg/all/common/auto_word.html?type=employee&rest_code=00150 HTTP/1.1" 200 159
180.152.99.39 - - [20/Jan/2022:09:10:53 +0800] "GET /xingrg/javascript/easyui/themes/default/validatebox.css HTTP/1.1" 404 1104
222.70.178.207 - - [20/Jan/2022:09:10:53 +0800] "GET /xingrg/all/function/internal_message.html?_=1642641052220&CODE_STATE=getMsg HTTP/1.1" 200 27
180.152.99.39 - - [20/Jan/2022:09:10:55 +0800] "GET /xingrg/javascript/auto/indicator.gif HTTP/1.1" 404 1066
124.78.156.14 - - [20/Jan/2022:09:10:56 +0800] "GET /xingrg/kc/buy/cgsh_order_operate.html?command=get_materiel_price&rest_code=00106&code=00101016037&unit_code=00100098&supplier_code=00100028&order_time=2022-01-20 HTTP/1.1" 200 30
222.70.243.96 - - [20/Jan/2022:09:10:56 +0800] "GET /xingrg/check_reg.html?_=1642641059078 HTTP/1.1" 200 22
180.152.99.73 - - [20/Jan/2022:09:10:58 +0800] "GET /xingrg/kc/buy/cgsh_order_operate.html?command=get_materiel&rest_code=00150&code=00101008257&supplier_code=00100007&order_time=2022-01-20 HTTP/1.1" 200 416
222.70.217.149 - - [20/Jan/2022:09:10:58 +0800] "GET /xingrg/all/function/internal_message.html?_=1642641039121&CODE_STATE=getMsg HTTP/1.1" 200 27
222.70.178.207 - - [20/Jan/2022:09:10:59 +0800] "GET /xingrg/kc/buy/cgsh_order_operate.html?command=get_materiel&rest_code=00111&code=00101007109&supplier_code=00100037&order_time=2022-01-20 HTTP/1.1" 200 408
180.152.99.73 - - [20/Jan/2022:09:11:04 +0800] "GET /xingrg/kc/buy/cgsh_order_operate.html?command=get_materiel&rest_code=00150&code=00101008156&supplier_code=00100007&order_time=2022-01-20 HTTP/1.1" 200 414
180.152.99.39 - - [20/Jan/2022:09:11:04 +0800] "GET /xingrg/kc/buy/cgsh_order_operate.html?command=get_materiel&rest_code=00150&code=00101001084&supplier_code=00100096&order_time=2022-01-20 HTTP/1.1" 200 415
180.169.147.146 - - [20/Jan/2022:09:11:06 +0800] "GET /xingrg/all/function/internal_message.html?_=1642641067319&CODE_STATE=getMsg HTTP/1.1" 200 27
222.70.243.96 - - [20/Jan/2022:09:11:07 +0800] "GET /xingrg/all/function/internal_message.html?_=1642641070014&CODE_STATE=getMsg HTTP/1.1" 200 27
222.70.178.207 - - [20/Jan/2022:09:11:08 +0800] "GET /xingrg/kc/buy/cgsh_order_operate.html?command=get_materiel&rest_code=00111&code=00101020138&supplier_code=00100037&order_time=2022-01-20 HTTP/1.1" 200 426
180.152.99.73 - - [20/Jan/2022:09:11:10 +0800] "GET /xingrg/kc/buy/cgsh_order_operate.html?command=get_materiel&rest_code=00150&code=00101008331&supplier_code=00100007&order_time=2022-01-20 HTTP/1.1" 200 416
101.89.19.197 - - [20/Jan/2022:09:11:14 +0800] "GET /xingrg/all/function/internal_message.html?_=1642640263229&CODE_STATE=getMsg HTTP/1.1" 302 -
101.89.19.197 - - [20/Jan/2022:09:11:14 +0800] "GET /xingrg/login.html HTTP/1.1" 200 7641
180.152.99.73 - - [20/Jan/2022:09:11:17 +0800] "GET /xingrg/kc/buy/cgsh_order_operate.html?command=get_materiel&rest_code=00150&code=00101008350&supplier_code=00100007&order_time=2022-01-20 HTTP/1.1" 200 408
222.70.178.207 - - [20/Jan/2022:09:11:20 +0800] "GET /xingrg/kc/buy/cgsh_order_operate.html?command=get_materiel&rest_code=00111&code=00101016105&supplier_code=00100037&order_time=2022-01-20 HTTP/1.1" 200 409
180.152.99.39 - - [20/Jan/2022:09:11:22 +0800] "GET /xingrg/kc/buy/cgsh_order_operate.html?command=get_materiel&rest_code=00150&code=00101012039&supplier_code=00100096&order_time=2022-01-20 HTTP/1.1" 200 408
180.152.99.73 - - [20/Jan/2022:09:11:23 +0800] "GET /xingrg/all/function/internal_message.html?_=1642641083112&CODE_STATE=getMsg HTTP/1.1" 200 27
61.151.178.249 - - [20/Jan/2022:09:11:24 +0800] "GET /xingrg/all/function/internal_message.html?_=1642640863226&CODE_STATE=getMsg HTTP/1.1" 302 -
180.152.99.73 - - [20/Jan/2022:09:11:25 +0800] "GET /xingrg/kc/buy/cgsh_order_operate.html?command=get_materiel&rest_code=00150&code=00101008010&supplier_code=00100007&order_time=2022-01-20 HTTP/1.1" 200 412
61.151.178.249 - - [20/Jan/2022:09:11:25 +0800] "GET /xingrg/login.html HTTP/1.1" 200 7641
222.70.178.207 - - [20/Jan/2022:09:11:28 +0800] "GET /xingrg/kc/buy/cgsh_order_operate.html?command=get_materiel&rest_code=00111&code=00101023022&supplier_code=00100037&order_time=2022-01-20 HTTP/1.1" 200 392
58.39.168.32 - - [20/Jan/2022:09:11:30 +0800] "GET /xingrg/all/function/internal_message.html?_=1642641026430&CODE_STATE=getMsg HTTP/1.1" 200 27
180.152.99.39 - - [20/Jan/2022:09:11:31 +0800] "GET /xingrg/kc/buy/cgsh_order_operate.html?command=get_materiel&rest_code=00150&code=00101012025&supplier_code=00100096&order_time=2022-01-20 HTTP/1.1" 200 412
180.152.99.73 - - [20/Jan/2022:09:11:32 +0800] "GET /xingrg/kc/buy/cgsh_order_operate.html?command=get_materiel&rest_code=00150&code=00101008354&supplier_code=00100007&order_time=2022-01-20 HTTP/1.1" 200 412
124.78.156.14 - - [20/Jan/2022:09:11:37 +0800] "POST /xingrg/kc/buy/cgsh_order_operate.html HTTP/1.1" 200 37
58.39.168.32 - - [20/Jan/2022:09:11:37 +0800] "GET /xingrg/all/function/internal_message.html?_=1642641097466&CODE_STATE=getMsg HTTP/1.1" 200 27
222.70.178.207 - - [20/Jan/2022:09:11:38 +0800] "GET /xingrg/kc/buy/cgsh_order_operate.html?command=get_materiel&rest_code=00111&code=00101008403&supplier_code=00100037&order_time=2022-01-20 HTTP/1.1" 200 412
180.152.99.39 - - [20/Jan/2022:09:11:39 +0800] "GET /xingrg/kc/buy/cgsh_order_operate.html?command=get_materiel&rest_code=00150&code=00101012029&supplier_code=00100096&order_time=2022-01-20 HTTP/1.1" 200 414
180.152.99.73 - - [20/Jan/2022:09:11:39 +0800] "GET /xingrg/kc/buy/cgsh_order_operate.html?command=get_materiel&rest_code=00150&code=00101008308&supplier_code=00100007&order_time=2022-01-20 HTTP/1.1" 200 420
124.78.156.14 - - [20/Jan/2022:09:11:41 +0800] "POST /xingrg/kc/buy/cgsh_order_operate.html HTTP/1.1" 200 12
180.169.147.146 - - [20/Jan/2022:09:11:42 +0800] "GET /xingrg/all/function/internal_message.html?_=1642641099729&CODE_STATE=getMsg HTTP/1.1" 200 27
124.78.156.14 - - [20/Jan/2022:09:11:42 +0800] "GET /xingrg/kc/buy/cgsh_order_info.html?code=212022012009823 HTTP/1.1" 200 60307
124.78.156.14 - - [20/Jan/2022:09:11:42 +0800] "GET /xingrg/words/20220120091010_words.js HTTP/1.1" 200 884239
124.78.156.14 - - [20/Jan/2022:09:11:43 +0800] "GET /xingrg/javascript/easyui/themes/default/validatebox.css HTTP/1.1" 404 1104
124.78.156.14 - - [20/Jan/2022:09:11:43 +0800] "POST /xingrg/kc/buy/cgsh_order_operate.html HTTP/1.1" 200 1877
180.152.99.73 - - [20/Jan/2022:09:11:46 +0800] "GET /xingrg/kc/buy/cgsh_order_operate.html?command=get_materiel&rest_code=00150&code=00101008186&supplier_code=00100007&order_time=2022-01-20 HTTP/1.1" 200 408
124.78.156.14 - - [20/Jan/2022:09:11:47 +0800] "GET /xingrg/all/function/internal_message.html?_=1642641103227&CODE_STATE=getMsg HTTP/1.1" 200 27
124.78.156.14 - - [20/Jan/2022:09:11:47 +0800] "GET /xingrg/check_reg.html?_=1642641103230 HTTP/1.1" 200 22
180.152.99.39 - - [20/Jan/2022:09:11:47 +0800] "GET /xingrg/all/function/internal_message.html?_=1642641038992&CODE_STATE=getMsg HTTP/1.1" 200 27
124.78.156.14 - - [20/Jan/2022:09:11:48 +0800] "GET /xingrg/kc/print/load_config.html?kc_code=cgsh HTTP/1.1" 200 1943
124.78.156.14 - - [20/Jan/2022:09:11:48 +0800] "GET /xingrg/kc/print/load_data.html?order_code=212022012009823&kc_code=cgsh&condition= HTTP/1.1" 200 1309
124.78.156.14 - - [20/Jan/2022:09:11:50 +0800] "GET /xingrg/all/function/internal_message.html?_=1642641110270&CODE_STATE=getMsg HTTP/1.1" 200 27
120.253.135.82 - - [20/Jan/2022:09:11:52 +0800] "GET /xingrg/all/function/internal_message.html?_=1642640899296&CODE_STATE=getMsg HTTP/1.1" 200 27
222.70.178.207 - - [20/Jan/2022:09:11:53 +0800] "GET /xingrg/all/function/internal_message.html?_=1642641112236&CODE_STATE=getMsg HTTP/1.1" 200 27
222.70.217.149 - - [20/Jan/2022:09:11:58 +0800] "GET /xingrg/all/function/internal_message.html?_=1642641099136&CODE_STATE=getMsg HTTP/1.1" 200 27
58.39.168.32 - - [20/Jan/2022:09:12:00 +0800] "GET /xingrg/kc/buy/cgsh_order_operate.html?command=get_materiel&rest_code=00105&code=00101008223&supplier_code=00100203&order_time=2022-01-20 HTTP/1.1" 200 412
222.70.178.207 - - [20/Jan/2022:09:12:01 +0800] "GET /xingrg/kc/buy/cgsh_order_operate.html?command=get_materiel&rest_code=00111&code=00101020153&supplier_code=00100037&order_time=2022-01-20 HTTP/1.1" 200 408
180.152.99.73 - - [20/Jan/2022:09:12:03 +0800] "GET /xingrg/kc/buy/cgsh_order_operate.html?command=get_materiel&rest_code=00150&code=00101008026&supplier_code=00100007&order_time=2022-01-20 HTTP/1.1" 200 409
180.169.147.146 - - [20/Jan/2022:09:12:06 +0800] "GET /xingrg/all/function/internal_message.html?_=1642641127321&CODE_STATE=getMsg HTTP/1.1" 200 27
222.70.243.96 - - [20/Jan/2022:09:12:07 +0800] "GET /xingrg/all/function/internal_message.html?_=1642641130027&CODE_STATE=getMsg HTTP/1.1" 200 27
222.70.178.207 - - [20/Jan/2022:09:12:10 +0800] "GET /xingrg/kc/buy/cgsh_order_operate.html?command=get_materiel&rest_code=00111&code=00101015038&supplier_code=00100037&order_time=2022-01-20 HTTP/1.1" 200 418
180.152.99.73 - - [20/Jan/2022:09:12:13 +0800] "GET /xingrg/kc/buy/cgsh_order_operate.html?command=get_materiel&rest_code=00150&code=00101008096&supplier_code=00100007&order_time=2022-01-20 HTTP/1.1" 200 413
180.152.99.39 - - [20/Jan/2022:09:12:14 +0800] "GET /xingrg/kc/buy/cgsh_order_operate.html?command=get_materiel&rest_code=00150&code=00101006130&supplier_code=00100096&order_time=2022-01-20 HTTP/1.1" 200 448
58.37.10.95 - - [20/Jan/2022:09:12:16 +0800] "POST /xingrg/services/DataTransmitService HTTP/1.1" 200 524
222.70.178.207 - - [20/Jan/2022:09:12:19 +0800] "GET /xingrg/kc/buy/cgsh_order_operate.html?command=get_materiel&rest_code=00111&code=00101013170&supplier_code=00100037&order_time=2022-01-20 HTTP/1.1" 200 428
180.152.99.73 - - [20/Jan/2022:09:12:23 +0800] "GET /xingrg/all/function/internal_message.html?_=1642641143115&CODE_STATE=getMsg HTTP/1.1" 200 27
180.152.99.39 - - [20/Jan/2022:09:12:30 +0800] "GET /xingrg/kc/buy/cgsh_order_operate.html?command=get_materiel&rest_code=00150&code=00101006129&supplier_code=00100096&order_time=2022-01-20 HTTP/1.1" 200 450
58.39.168.32 - - [20/Jan/2022:09:12:30 +0800] "GET /xingrg/check_reg.html?_=1642641086431 HTTP/1.1" 200 22
58.39.168.32 - - [20/Jan/2022:09:12:30 +0800] "GET /xingrg/all/function/internal_message.html?_=1642641086434&CODE_STATE=getMsg HTTP/1.1" 200 27
180.152.99.73 - - [20/Jan/2022:09:12:31 +0800] "GET /xingrg/kc/buy/cgsh_order_operate.html?command=get_materiel&rest_code=00150&code=00101008038&supplier_code=00100007&order_time=2022-01-20 HTTP/1.1" 200 412
58.39.168.32 - - [20/Jan/2022:09:12:34 +0800] "GET /xingrg/kc/buy/cgsh_order_operate.html?command=get_materiel&rest_code=00105&code=00101013119&supplier_code=00100203&order_time=2022-01-20 HTTP/1.1" 200 440
120.253.135.82 - - [20/Jan/2022:09:12:35 +0800] "GET /xingrg/check_reg.html?_=1642640942245 HTTP/1.1" 200 22
58.39.168.32 - - [20/Jan/2022:09:12:37 +0800] "GET /xingrg/check_reg.html?_=1642641156662 HTTP/1.1" 200 22
58.39.168.32 - - [20/Jan/2022:09:12:37 +0800] "GET /xingrg/all/function/internal_message.html?_=1642641157442&CODE_STATE=getMsg HTTP/1.1" 200 27
180.152.99.39 - - [20/Jan/2022:09:12:38 +0800] "GET /xingrg/kc/buy/cgsh_order_operate.html?command=get_materiel&rest_code=00150&code=00101006065&supplier_code=00100096&order_time=2022-01-20 HTTP/1.1" 200 411
180.169.147.146 - - [20/Jan/2022:09:12:42 +0800] "GET /xingrg/all/function/internal_message.html?_=1642641159739&CODE_STATE=getMsg HTTP/1.1" 200 27
124.78.156.14 - - [20/Jan/2022:09:12:47 +0800] "GET /xingrg/all/function/internal_message.html?_=1642641163229&CODE_STATE=getMsg HTTP/1.1" 200 27
180.152.99.39 - - [20/Jan/2022:09:12:47 +0800] "GET /xingrg/all/function/internal_message.html?_=1642641099006&CODE_STATE=getMsg HTTP/1.1" 200 27
58.39.168.32 - - [20/Jan/2022:09:12:48 +0800] "GET /xingrg/kc/buy/cgsh_order_operate.html?command=get_materiel&rest_code=00105&code=00101013103&supplier_code=00100203&order_time=2022-01-20 HTTP/1.1" 200 432
124.78.156.14 - - [20/Jan/2022:09:12:50 +0800] "GET /xingrg/all/function/internal_message.html?_=1642641170251&CODE_STATE=getMsg HTTP/1.1" 200 27
120.253.135.82 - - [20/Jan/2022:09:12:52 +0800] "GET /xingrg/all/function/internal_message.html?_=1642640959309&CODE_STATE=getMsg HTTP/1.1" 200 27
222.70.178.207 - - [20/Jan/2022:09:12:53 +0800] "GET /xingrg/all/function/internal_message.html?_=1642641172229&CODE_STATE=getMsg HTTP/1.1" 200 27
222.70.178.207 - - [20/Jan/2022:09:12:54 +0800] "GET /xingrg/kc/buy/cgsh_order_operate.html?command=get_materiel&rest_code=00111&code=00101015044&supplier_code=00100037&order_time=2022-01-20 HTTP/1.1" 200 408
222.70.217.149 - - [20/Jan/2022:09:12:58 +0800] "GET /xingrg/all/function/internal_message.html?_=1642641159137&CODE_STATE=getMsg HTTP/1.1" 200 27
180.152.99.39 - - [20/Jan/2022:09:13:01 +0800] "GET /xingrg/kc/buy/cgsh_order_operate.html?command=get_materiel&rest_code=00150&code=00101006184&supplier_code=00100096&order_time=2022-01-20 HTTP/1.1" 200 410
222.70.178.207 - - [20/Jan/2022:09:13:05 +0800] "GET /xingrg/kc/buy/cgsh_order_operate.html?command=get_materiel&rest_code=00111&code=00101015046&supplier_code=00100037&order_time=2022-01-20 HTTP/1.1" 200 412
180.169.147.146 - - [20/Jan/2022:09:13:06 +0800] "GET /xingrg/all/function/internal_message.html?_=1642641187322&CODE_STATE=getMsg HTTP/1.1" 200 27
222.70.243.96 - - [20/Jan/2022:09:13:07 +0800] "GET /xingrg/all/function/internal_message.html?_=1642641190115&CODE_STATE=getMsg HTTP/1.1" 200 27
180.152.99.73 - - [20/Jan/2022:09:13:09 +0800] "GET /xingrg/kc/buy/cgsh_order_operate.html?command=get_materiel&rest_code=00150&code=00101008403&supplier_code=00100007&order_time=2022-01-20 HTTP/1.1" 200 412
180.152.99.39 - - [20/Jan/2022:09:13:12 +0800] "GET /xingrg/kc/buy/cgsh_order_operate.html?command=get_materiel&rest_code=00150&code=00101006055&supplier_code=00100096&order_time=2022-01-20 HTTP/1.1" 200 411
222.70.178.207 - - [20/Jan/2022:09:13:12 +0800] "GET /xingrg/kc/buy/cgsh_order_operate.html?command=get_materiel&rest_code=00111&code=00101008123&supplier_code=00100037&order_time=2022-01-20 HTTP/1.1" 200 412
180.152.99.73 - - [20/Jan/2022:09:13:15 +0800] "GET /xingrg/kc/buy/cgsh_order_operate.html?command=get_materiel&rest_code=00150&code=00101008051&supplier_code=00100007&order_time=2022-01-20 HTTP/1.1" 200 409
222.70.178.207 - - [20/Jan/2022:09:13:20 +0800] "GET /xingrg/kc/buy/cgsh_order_operate.html?command=get_materiel&rest_code=00111&code=00101008284&supplier_code=00100037&order_time=2022-01-20 HTTP/1.1" 200 412
180.152.99.73 - - [20/Jan/2022:09:13:22 +0800] "GET /xingrg/kc/buy/cgsh_order_operate.html?command=get_materiel&rest_code=00150&code=00101008163&supplier_code=00100007&order_time=2022-01-20 HTTP/1.1" 200 409
180.152.99.39 - - [20/Jan/2022:09:13:22 +0800] "GET /xingrg/kc/buy/cgsh_order_operate.html?command=get_materiel&rest_code=00150&code=00101006109&supplier_code=00100096&order_time=2022-01-20 HTTP/1.1" 200 411
180.152.99.73 - - [20/Jan/2022:09:13:23 +0800] "GET /xingrg/all/function/internal_message.html?_=1642641203134&CODE_STATE=getMsg HTTP/1.1" 200 27
222.70.178.207 - - [20/Jan/2022:09:13:30 +0800] "GET /xingrg/kc/buy/cgsh_order_operate.html?command=get_materiel&rest_code=00111&code=00101015066&supplier_code=00100037&order_time=2022-01-20 HTTP/1.1" 200 413
58.39.168.32 - - [20/Jan/2022:09:13:30 +0800] "GET /xingrg/all/function/internal_message.html?_=1642641146430&CODE_STATE=getMsg HTTP/1.1" 200 27
180.152.99.73 - - [20/Jan/2022:09:13:31 +0800] "GET /xingrg/kc/buy/cgsh_order_operate.html?command=get_materiel&rest_code=00150&code=00101008370&supplier_code=00100007&order_time=2022-01-20 HTTP/1.1" 200 412
180.157.251.97 - - [20/Jan/2022:09:13:32 +0800] "GET /xingrg/check_reg.html?_=1642641211441 HTTP/1.1" 302 -
58.39.168.32 - - [20/Jan/2022:09:13:37 +0800] "GET /xingrg/all/function/internal_message.html?_=1642641217426&CODE_STATE=getMsg HTTP/1.1" 200 27
180.152.99.39 - - [20/Jan/2022:09:13:38 +0800] "GET /xingrg/kc/buy/cgsh_order_operate.html?command=get_materiel&rest_code=00150&code=00101006111&supplier_code=00100096&order_time=2022-01-20 HTTP/1.1" 200 411
222.70.178.207 - - [20/Jan/2022:09:13:38 +0800] "GET /xingrg/kc/buy/cgsh_order_operate.html?command=get_materiel&rest_code=00111&code=00101008418&supplier_code=00100037&order_time=2022-01-20 HTTP/1.1" 200 399
180.152.99.73 - - [20/Jan/2022:09:13:39 +0800] "GET /xingrg/kc/buy/cgsh_order_operate.html?command=get_materiel&rest_code=00150&code=00101008087&supplier_code=00100007&order_time=2022-01-20 HTTP/1.1" 200 412
180.169.147.146 - - [20/Jan/2022:09:13:42 +0800] "GET /xingrg/all/function/internal_message.html?_=1642641219752&CODE_STATE=getMsg HTTP/1.1" 200 27
222.70.178.207 - - [20/Jan/2022:09:13:46 +0800] "GET /xingrg/kc/buy/cgsh_order_operate.html?command=get_materiel&rest_code=00111&code=00101008041&supplier_code=00100037&order_time=2022-01-20 HTTP/1.1" 200 408
124.78.156.14 - - [20/Jan/2022:09:13:47 +0800] "GET /xingrg/all/function/internal_message.html?_=1642641223229&CODE_STATE=getMsg HTTP/1.1" 200 27
180.152.99.73 - - [20/Jan/2022:09:13:47 +0800] "GET /xingrg/kc/buy/cgsh_order_operate.html?command=get_materiel&rest_code=00150&code=00101008361&supplier_code=00100007&order_time=2022-01-20 HTTP/1.1" 200 408
180.152.99.39 - - [20/Jan/2022:09:13:47 +0800] "GET /xingrg/all/function/internal_message.html?_=1642641159020&CODE_STATE=getMsg HTTP/1.1" 200 27
222.70.178.207 - - [20/Jan/2022:09:13:49 +0800] "POST /xingrg/kc/buy/cgsh_order_operate.html HTTP/1.1" 200 2065
124.78.156.14 - - [20/Jan/2022:09:13:50 +0800] "GET /xingrg/check_reg.html?_=1642641230239 HTTP/1.1" 200 22
124.78.156.14 - - [20/Jan/2022:09:13:50 +0800] "GET /xingrg/all/function/internal_message.html?_=1642641230242&CODE_STATE=getMsg HTTP/1.1" 200 27
180.152.99.39 - - [20/Jan/2022:09:13:52 +0800] "GET /xingrg/kc/buy/cgsh_order_operate.html?command=get_materiel&rest_code=00150&code=00101010711&supplier_code=00100096&order_time=2022-01-20 HTTP/1.1" 200 392
120.253.135.82 - - [20/Jan/2022:09:13:53 +0800] "GET /xingrg/all/function/internal_message.html?_=1642641019325&CODE_STATE=getMsg HTTP/1.1" 200 27
222.70.178.207 - - [20/Jan/2022:09:13:53 +0800] "GET /xingrg/check_reg.html?_=1642641232209 HTTP/1.1" 200 22
222.70.178.207 - - [20/Jan/2022:09:13:53 +0800] "GET /xingrg/all/function/internal_message.html?_=1642641232212&CODE_STATE=getMsg HTTP/1.1" 200 27
222.70.178.207 - - [20/Jan/2022:09:13:55 +0800] "GET /xingrg/kc/buy/cgsh_order_operate.html?command=get_materiel&rest_code=00111&code=00101010540&supplier_code=00100037&order_time=2022-01-20 HTTP/1.1" 200 399
180.152.99.73 - - [20/Jan/2022:09:13:55 +0800] "GET /xingrg/kc/buy/cgsh_order_operate.html?command=get_materiel&rest_code=00150&code=00101008148&supplier_code=00100007&order_time=2022-01-20 HTTP/1.1" 200 416
222.70.217.149 - - [20/Jan/2022:09:13:58 +0800] "GET /xingrg/all/function/internal_message.html?_=1642641219133&CODE_STATE=getMsg HTTP/1.1" 200 27
180.152.99.73 - - [20/Jan/2022:09:13:58 +0800] "POST /xingrg/kc/buy/cgsh_order_operate.html HTTP/1.1" 200 2065
180.152.99.39 - - [20/Jan/2022:09:14:04 +0800] "GET /xingrg/kc/buy/cgsh_order_operate.html?command=get_materiel&rest_code=00150&code=00101006177&supplier_code=00100096&order_time=2022-01-20 HTTP/1.1" 200 408
222.70.178.207 - - [20/Jan/2022:09:14:06 +0800] "GET /xingrg/kc/buy/cgsh_order_operate.html?command=get_materiel&rest_code=00111&code=00101012033&supplier_code=00100037&order_time=2022-01-20 HTTP/1.1" 200 426
180.152.99.73 - - [20/Jan/2022:09:14:06 +0800] "GET /xingrg/kc/buy/cgsh_order_operate.html?command=get_materiel&rest_code=00150&code=00101008264&supplier_code=00100007&order_time=2022-01-20 HTTP/1.1" 200 412
180.169.147.146 - - [20/Jan/2022:09:14:06 +0800] "GET /xingrg/all/function/internal_message.html?_=1642641247326&CODE_STATE=getMsg HTTP/1.1" 200 27
180.169.147.146 - - [20/Jan/2022:09:14:06 +0800] "GET /xingrg/check_reg.html?_=1642641247327 HTTP/1.1" 200 22
222.70.243.96 - - [20/Jan/2022:09:14:08 +0800] "GET /xingrg/all/function/internal_message.html?_=1642641250117&CODE_STATE=getMsg HTTP/1.1" 200 27
58.39.168.32 - - [20/Jan/2022:09:14:12 +0800] "GET /xingrg/kc/buy/cgsh_order_operate.html?command=get_materiel&rest_code=00105&code=00101008114&supplier_code=00100203&order_time=2022-01-20 HTTP/1.1" 200 413
180.152.99.73 - - [20/Jan/2022:09:14:14 +0800] "GET /xingrg/kc/buy/cgsh_order_operate.html?command=get_materiel&rest_code=00150&code=00101008209&supplier_code=00100007&order_time=2022-01-20 HTTP/1.1" 200 408
222.70.178.207 - - [20/Jan/2022:09:14:15 +0800] "GET /xingrg/kc/buy/cgsh_order_operate.html?command=get_materiel&rest_code=00111&code=00101010136&supplier_code=00100037&order_time=2022-01-20 HTTP/1.1" 200 408
180.152.99.39 - - [20/Jan/2022:09:14:17 +0800] "GET /xingrg/kc/buy/cgsh_order_operate.html?command=get_materiel&rest_code=00150&code=00101007061&supplier_code=00100096&order_time=2022-01-20 HTTP/1.1" 200 411
180.152.99.73 - - [20/Jan/2022:09:14:19 +0800] "GET /xingrg/kc/buy/cgsh_order_operate.html?command=get_materiel&rest_code=00150&code=00101008024&supplier_code=00100007&order_time=2022-01-20 HTTP/1.1" 200 408
124.79.247.218 - - [20/Jan/2022:09:14:20 +0800] "POST /xingrg/services/DataTransmitService HTTP/1.1" 200 524
120.253.135.82 - - [20/Jan/2022:09:14:20 +0800] "GET /xingrg/check_reg.html?_=1642641257409 HTTP/1.1" 302 -
58.39.168.32 - - [20/Jan/2022:09:14:22 +0800] "GET /xingrg/kc/buy/cgsh_order_operate.html?command=get_materiel&rest_code=00105&code=00101008168&supplier_code=00100203&order_time=2022-01-20 HTTP/1.1" 200 413
180.152.99.73 - - [20/Jan/2022:09:14:23 +0800] "GET /xingrg/all/function/internal_message.html?_=1642641263108&CODE_STATE=getMsg HTTP/1.1" 200 27
180.152.99.73 - - [20/Jan/2022:09:14:24 +0800] "GET /xingrg/kc/buy/cgsh_order_operate.html?command=get_materiel&rest_code=00150&code=00101008356&supplier_code=00100007&order_time=2022-01-20 HTTP/1.1" 200 408
58.39.168.32 - - [20/Jan/2022:09:14:27 +0800] "POST /xingrg/kc/buy/cgsh_order_operate.html HTTP/1.1" 200 2065
58.39.168.32 - - [20/Jan/2022:09:14:30 +0800] "POST /xingrg/kc/buy/cgsh_order_operate.html HTTP/1.1" 200 2065
58.39.168.32 - - [20/Jan/2022:09:14:30 +0800] "GET /xingrg/all/function/internal_message.html?_=1642641206428&CODE_STATE=getMsg HTTP/1.1" 200 27
61.151.207.205 - - [20/Jan/2022:09:14:32 +0800] "GET /xingrg/all/function/internal_message.html?_=1642640983226&CODE_STATE=getMsg HTTP/1.1" 302 -
180.152.99.73 - - [20/Jan/2022:09:14:32 +0800] "GET /xingrg/kc/buy/cgsh_order_operate.html?command=get_materiel&rest_code=00150&code=00101008300&supplier_code=00100007&order_time=2022-01-20 HTTP/1.1" 200 412
61.151.207.205 - - [20/Jan/2022:09:14:32 +0800] "GET /xingrg/login.html HTTP/1.1" 200 7641
58.39.168.32 - - [20/Jan/2022:09:14:33 +0800] "POST /xingrg/kc/buy/cgsh_order_operate.html HTTP/1.1" 200 2065
180.152.99.39 - - [20/Jan/2022:09:14:36 +0800] "GET /xingrg/kc/buy/cgsh_order_operate.html?command=get_materiel&rest_code=00150&code=00101007049&supplier_code=00100096&order_time=2022-01-20 HTTP/1.1" 200 409
180.152.99.73 - - [20/Jan/2022:09:14:37 +0800] "POST /xingrg/kc/buy/cgsh_order_operate.html HTTP/1.1" 200 2065
58.39.168.32 - - [20/Jan/2022:09:14:37 +0800] "GET /xingrg/all/function/internal_message.html?_=1642641277397&CODE_STATE=getMsg HTTP/1.1" 200 27
222.70.178.207 - - [20/Jan/2022:09:14:41 +0800] "GET /xingrg/kc/buy/cgsh_order_operate.html?command=get_materiel&rest_code=00111&code=00101008450&supplier_code=00100037&order_time=2022-01-20 HTTP/1.1" 200 391
180.169.147.146 - - [20/Jan/2022:09:14:42 +0800] "GET /xingrg/check_reg.html?_=1642641279754 HTTP/1.1" 200 22
180.169.147.146 - - [20/Jan/2022:09:14:42 +0800] "GET /xingrg/all/function/internal_message.html?_=1642641279757&CODE_STATE=getMsg HTTP/1.1" 200 27
58.39.168.32 - - [20/Jan/2022:09:14:42 +0800] "GET /xingrg/kc/buy/cgsh_order_operate.html?command=get_materiel&rest_code=00105&code=00101020152&supplier_code=00100203&order_time=2022-01-20 HTTP/1.1" 200 416
180.152.99.73 - - [20/Jan/2022:09:14:42 +0800] "GET /xingrg/kc/buy/cgsh_order_operate.html?command=get_materiel&rest_code=00150&code=00101008251&supplier_code=00100007&order_time=2022-01-20 HTTP/1.1" 200 408
180.152.99.39 - - [20/Jan/2022:09:14:44 +0800] "GET /xingrg/kc/buy/cgsh_order_operate.html?command=get_materiel&rest_code=00150&code=00101007091&supplier_code=00100096&order_time=2022-01-20 HTTP/1.1" 200 415
124.78.156.14 - - [20/Jan/2022:09:14:47 +0800] "GET /xingrg/all/function/internal_message.html?_=1642641283229&CODE_STATE=getMsg HTTP/1.1" 200 27
180.152.99.39 - - [20/Jan/2022:09:14:47 +0800] "GET /xingrg/all/function/internal_message.html?_=1642641219033&CODE_STATE=getMsg HTTP/1.1" 200 27
124.78.156.14 - - [20/Jan/2022:09:14:50 +0800] "GET /xingrg/all/function/internal_message.html?_=1642641290243&CODE_STATE=getMsg HTTP/1.1" 200 27
58.39.168.32 - - [20/Jan/2022:09:14:50 +0800] "GET /xingrg/kc/buy/cgsh_order_operate.html?command=get_materiel&rest_code=00105&code=00101008061&supplier_code=00100203&order_time=2022-01-20 HTTP/1.1" 200 423
180.152.99.73 - - [20/Jan/2022:09:14:51 +0800] "GET /xingrg/kc/buy/cgsh_order_operate.html?command=get_materiel&rest_code=00150&code=00101008125&supplier_code=00100007&order_time=2022-01-20 HTTP/1.1" 200 432
120.253.135.82 - - [20/Jan/2022:09:14:53 +0800] "GET /xingrg/all/function/internal_message.html?_=1642641079571&CODE_STATE=getMsg HTTP/1.1" 200 27
222.70.178.207 - - [20/Jan/2022:09:14:53 +0800] "GET /xingrg/all/function/internal_message.html?_=1642641292184&CODE_STATE=getMsg HTTP/1.1" 200 27
180.152.99.39 - - [20/Jan/2022:09:14:57 +0800] "GET /xingrg/kc/buy/cgsh_order_operate.html?command=get_materiel&rest_code=00150&code=00101007077&supplier_code=00100096&order_time=2022-01-20 HTTP/1.1" 200 415
58.39.168.32 - - [20/Jan/2022:09:14:57 +0800] "GET /xingrg/kc/buy/cgsh_order_operate.html?command=get_materiel&rest_code=00105&code=00101008509&supplier_code=00100203&order_time=2022-01-20 HTTP/1.1" 200 395
180.152.99.73 - - [20/Jan/2022:09:14:58 +0800] "GET /xingrg/kc/buy/cgsh_order_operate.html?command=get_materiel&rest_code=00150&code=00101008357&supplier_code=00100007&order_time=2022-01-20 HTTP/1.1" 200 408
222.70.217.149 - - [20/Jan/2022:09:14:58 +0800] "GET /xingrg/check_reg.html?_=1642641279128 HTTP/1.1" 200 22
222.70.217.149 - - [20/Jan/2022:09:14:58 +0800] "GET /xingrg/all/function/internal_message.html?_=1642641279133&CODE_STATE=getMsg HTTP/1.1" 200 27
222.70.178.207 - - [20/Jan/2022:09:15:04 +0800] "GET /xingrg/kc/buy/cgsh_order_operate.html?command=get_materiel&rest_code=00111&code=00101009016&supplier_code=00100037&order_time=2022-01-20 HTTP/1.1" 200 412
180.152.99.73 - - [20/Jan/2022:09:15:05 +0800] "GET /xingrg/kc/buy/cgsh_order_operate.html?command=get_materiel&rest_code=00150&code=00101008069&supplier_code=00100007&order_time=2022-01-20 HTTP/1.1" 200 412
180.169.147.146 - - [20/Jan/2022:09:15:06 +0800] "GET /xingrg/all/function/internal_message.html?_=1642641307329&CODE_STATE=getMsg HTTP/1.1" 200 27
222.70.243.96 - - [20/Jan/2022:09:15:08 +0800] "GET /xingrg/all/function/internal_message.html?_=1642641310208&CODE_STATE=getMsg HTTP/1.1" 200 27
58.39.168.32 - - [20/Jan/2022:09:15:08 +0800] "GET /xingrg/kc/buy/cgsh_order_operate.html?command=get_materiel&rest_code=00105&code=00101008049&supplier_code=00100203&order_time=2022-01-20 HTTP/1.1" 200 408
180.152.99.73 - - [20/Jan/2022:09:15:11 +0800] "GET /xingrg/kc/buy/cgsh_order_operate.html?command=get_materiel&rest_code=00150&code=00101008286&supplier_code=00100007&order_time=2022-01-20 HTTP/1.1" 200 427
222.70.178.207 - - [20/Jan/2022:09:15:12 +0800] "POST /xingrg/kc/buy/cgsh_order_operate.html HTTP/1.1" 200 2065
180.152.99.73 - - [20/Jan/2022:09:15:12 +0800] "POST /xingrg/kc/buy/cgsh_order_operate.html HTTP/1.1" 200 2065
180.152.99.73 - - [20/Jan/2022:09:15:18 +0800] "GET /xingrg/kc/buy/cgsh_order_operate.html?command=get_materiel&rest_code=00150&code=00101008036&supplier_code=00100007&order_time=2022-01-20 HTTP/1.1" 200 408
222.70.178.207 - - [20/Jan/2022:09:15:18 +0800] "GET /xingrg/kc/buy/cgsh_order_operate.html?command=get_materiel&rest_code=00111&code=00101009013&supplier_code=00100037&order_time=2022-01-20 HTTP/1.1" 200 421
58.39.168.32 - - [20/Jan/2022:09:15:23 +0800] "GET /xingrg/kc/buy/cgsh_order_operate.html?command=get_materiel&rest_code=00105&code=00101008354&supplier_code=00100203&order_time=2022-01-20 HTTP/1.1" 200 412
180.152.99.73 - - [20/Jan/2022:09:15:23 +0800] "GET /xingrg/check_reg.html?_=1642641323115 HTTP/1.1" 200 22
180.152.99.73 - - [20/Jan/2022:09:15:23 +0800] "GET /xingrg/all/function/internal_message.html?_=1642641323118&CODE_STATE=getMsg HTTP/1.1" 200 27
180.157.251.97 - - [20/Jan/2022:09:15:24 +0800] "GET /xingrg/check_reg.html?_=1642641322883 HTTP/1.1" 302 -
180.152.99.39 - - [20/Jan/2022:09:15:25 +0800] "POST /xingrg/kc/buy/cgsh_order_operate.html HTTP/1.1" 200 37
180.152.99.39 - - [20/Jan/2022:09:15:29 +0800] "POST /xingrg/kc/buy/cgsh_order_operate.html HTTP/1.1" 200 12
114.84.0.162 - - [20/Jan/2022:09:15:29 +0800] "POST /xingrg/services/DataTransmitService HTTP/1.1" 200 524
180.152.99.39 - - [20/Jan/2022:09:15:30 +0800] "GET /xingrg/kc/buy/cgsh_order_info.html?code=212022012009824 HTTP/1.1" 200 60196
58.39.168.32 - - [20/Jan/2022:09:15:30 +0800] "GET /xingrg/all/function/internal_message.html?_=1642641266429&CODE_STATE=getMsg HTTP/1.1" 200 27
180.152.99.39 - - [20/Jan/2022:09:15:30 +0800] "GET /xingrg/javascript/easyui/themes/default/validatebox.css HTTP/1.1" 404 1104
180.152.99.39 - - [20/Jan/2022:09:15:31 +0800] "POST /xingrg/kc/buy/cgsh_order_operate.html HTTP/1.1" 200 9531
180.152.99.39 - - [20/Jan/2022:09:15:32 +0800] "GET /xingrg/kc/print/load_data.html?order_code=212022012009824&kc_code=cgsh&condition= HTTP/1.1" 200 4098
58.39.168.32 - - [20/Jan/2022:09:15:34 +0800] "GET /xingrg/kc/buy/cgsh_order_operate.html?command=get_materiel&rest_code=00105&code=00101008199&supplier_code=00100203&order_time=2022-01-20 HTTP/1.1" 200 408
58.39.168.32 - - [20/Jan/2022:09:15:37 +0800] "GET /xingrg/all/function/internal_message.html?_=1642641337377&CODE_STATE=getMsg HTTP/1.1" 200 27
180.152.99.39 - - [20/Jan/2022:09:15:41 +0800] "POST /xingrg/all/user/operate.html HTTP/1.1" 200 36
180.152.99.73 - - [20/Jan/2022:09:15:42 +0800] "GET /xingrg/kc/buy/cgsh_order_operate.html?command=get_materiel&rest_code=00150&code=00101008131&supplier_code=00100007&order_time=2022-01-20 HTTP/1.1" 200 408
180.169.147.146 - - [20/Jan/2022:09:15:42 +0800] "GET /xingrg/all/function/internal_message.html?_=1642641339751&CODE_STATE=getMsg HTTP/1.1" 200 27
180.152.99.39 - - [20/Jan/2022:09:15:42 +0800] "GET /xingrg/javascript/jquery_easy_ui/themes/default/easyui.css HTTP/1.1" 304 -
180.152.99.39 - - [20/Jan/2022:09:15:42 +0800] "GET /xingrg/index.html?sysBaseUrl=http%3A%2F%2F180.169.147.146%3A18081%2Fxingrg%2F&costTime=43×tamp=1642640727891 HTTP/1.1" 200 17177
180.152.99.39 - - [20/Jan/2022:09:15:42 +0800] "GET /xingrg/javascript/jquery_easy_ui/themes/icon.css HTTP/1.1" 304 -
180.152.99.39 - - [20/Jan/2022:09:15:42 +0800] "GET /xingrg/css/form.css HTTP/1.1" 304 -
180.152.99.39 - - [20/Jan/2022:09:15:42 +0800] "GET /xingrg/javascript/jquery-1.4.2.min.js HTTP/1.1" 304 -
180.152.99.39 - - [20/Jan/2022:09:15:42 +0800] "GET /xingrg/javascript/jquery_easy_ui/jquery.easyui.min.js HTTP/1.1" 304 -
180.152.99.39 - - [20/Jan/2022:09:15:42 +0800] "GET /xingrg/javascript/jquery_easy_ui/easyui-lang-zh_CN.js HTTP/1.1" 304 -
180.152.99.39 - - [20/Jan/2022:09:15:42 +0800] "GET /xingrg/javascript/jquery.form.js HTTP/1.1" 304 -
180.152.99.39 - - [20/Jan/2022:09:15:42 +0800] "GET /xingrg/javascript/jquery.utils.js HTTP/1.1" 304 -
180.152.99.39 - - [20/Jan/2022:09:15:42 +0800] "GET /xingrg/javascript/jquery.timers.js HTTP/1.1" 304 -
180.152.99.39 - - [20/Jan/2022:09:15:42 +0800] "GET /xingrg/images/blue/navBackgound.jpg HTTP/1.1" 304 -
180.152.99.39 - - [20/Jan/2022:09:15:42 +0800] "GET /xingrg/images/blue/jxLogo.png HTTP/1.1" 304 -
180.152.99.39 - - [20/Jan/2022:09:15:42 +0800] "GET /xingrg/javascript/jquery_easy_ui/themes/icons/settle_new.png HTTP/1.1" 304 -
180.152.99.39 - - [20/Jan/2022:09:15:42 +0800] "GET /xingrg/images/blue/pingpu.png HTTP/1.1" 304 -
180.152.99.39 - - [20/Jan/2022:09:15:42 +0800] "POST /xingrg/all/common/load_tree.html?tree=area_rest_tree_json&manage=1 HTTP/1.1" 200 476
180.152.99.39 - - [20/Jan/2022:09:15:42 +0800] "GET /xingrg/javascript/jquery_easy_ui/themes/default/images/tabs_leftarrow.png HTTP/1.1" 304 -
180.152.99.39 - - [20/Jan/2022:09:15:42 +0800] "GET /xingrg/javascript/jquery_easy_ui/themes/default/images/tabs_rightarrow.png HTTP/1.1" 304 -
180.152.99.39 - - [20/Jan/2022:09:15:42 +0800] "GET /xingrg/javascript/jquery_easy_ui/themes/default/images/panel_tool_collapse.gif HTTP/1.1" 304 -
180.152.99.39 - - [20/Jan/2022:09:15:42 +0800] "GET /xingrg/all/function/internal_message.html?_=1642641273578&CODE_STATE=count HTTP/1.1" 200 11
180.152.99.39 - - [20/Jan/2022:09:15:42 +0800] "GET /xingrg/check_reg.html?_=1642641273579 HTTP/1.1" 200 22
180.152.99.39 - - [20/Jan/2022:09:15:42 +0800] "POST /xingrg/load_menu.html HTTP/1.1" 200 5138
180.152.99.39 - - [20/Jan/2022:09:15:44 +0800] "GET /xingrg/kc/buy/cgsh_order_list.html HTTP/1.1" 200 49592
180.152.99.39 - - [20/Jan/2022:09:15:45 +0800] "POST /xingrg/kc/buy/cgsh_list_operate.html HTTP/1.1" 200 876
124.78.156.14 - - [20/Jan/2022:09:15:47 +0800] "GET /xingrg/all/function/internal_message.html?_=1642641343228&CODE_STATE=getMsg HTTP/1.1" 200 27
180.152.99.39 - - [20/Jan/2022:09:15:47 +0800] "GET /xingrg/kc/buy/cgsh_order_add.html HTTP/1.1" 200 64973
180.152.99.39 - - [20/Jan/2022:09:15:47 +0800] "GET /xingrg/javascript/easyui/themes/default/validatebox.css HTTP/1.1" 404 1104
180.152.99.39 - - [20/Jan/2022:09:15:47 +0800] "POST /xingrg/kc/buy/cgsh_order_operate.html HTTP/1.1" 200 8245
58.39.168.32 - - [20/Jan/2022:09:15:49 +0800] "GET /xingrg/kc/buy/cgsh_order_operate.html?command=get_materiel&rest_code=00105&code=00101010136&supplier_code=00100203&order_time=2022-01-20 HTTP/1.1" 200 408
180.152.99.39 - - [20/Jan/2022:09:15:49 +0800] "GET /xingrg/javascript/auto/indicator.gif HTTP/1.1" 404 1066
180.152.99.73 - - [20/Jan/2022:09:15:49 +0800] "GET /xingrg/kc/buy/cgsh_order_operate.html?command=get_materiel&rest_code=00150&code=00101008296&supplier_code=00100007&order_time=2022-01-20 HTTP/1.1" 200 416
124.78.156.14 - - [20/Jan/2022:09:15:50 +0800] "GET /xingrg/all/function/internal_message.html?_=1642641350243&CODE_STATE=getMsg HTTP/1.1" 200 27
120.253.135.82 - - [20/Jan/2022:09:15:53 +0800] "GET /xingrg/all/function/internal_message.html?_=1642641139585&CODE_STATE=getMsg HTTP/1.1" 200 27
222.70.178.207 - - [20/Jan/2022:09:15:53 +0800] "GET /xingrg/all/function/internal_message.html?_=1642641352155&CODE_STATE=getMsg HTTP/1.1" 200 27
180.152.99.73 - - [20/Jan/2022:09:15:55 +0800] "GET /xingrg/kc/buy/cgsh_order_operate.html?command=get_materiel&rest_code=00150&code=00101008318&supplier_code=00100007&order_time=2022-01-20 HTTP/1.1" 200 408
222.70.243.96 - - [20/Jan/2022:09:15:56 +0800] "GET /xingrg/check_reg.html?_=1642641359083 HTTP/1.1" 200 22
222.70.178.207 - - [20/Jan/2022:09:15:58 +0800] "GET /xingrg/kc/buy/cgsh_order_operate.html?command=get_materiel&rest_code=00111&code=00101031001&supplier_code=00100037&order_time=2022-01-20 HTTP/1.1" 200 418
222.70.217.149 - - [20/Jan/2022:09:15:58 +0800] "GET /xingrg/all/function/internal_message.html?_=1642641339124&CODE_STATE=getMsg HTTP/1.1" 200 27
180.152.99.73 - - [20/Jan/2022:09:15:58 +0800] "POST /xingrg/kc/buy/cgsh_order_operate.html HTTP/1.1" 200 2065
180.152.99.39 - - [20/Jan/2022:09:15:58 +0800] "GET /xingrg/kc/buy/cgsh_order_operate.html?command=get_materiel&rest_code=00151&code=00101009010&supplier_code=00100424&order_time=2022-01-20 HTTP/1.1" 200 412
180.169.147.146 - - [20/Jan/2022:09:16:06 +0800] "GET /xingrg/all/function/internal_message.html?_=1642641367332&CODE_STATE=getMsg HTTP/1.1" 200 27
180.152.99.73 - - [20/Jan/2022:09:16:07 +0800] "GET /xingrg/kc/buy/cgsh_order_operate.html?command=get_materiel&rest_code=00150&code=00101008352&supplier_code=00100007&order_time=2022-01-20 HTTP/1.1" 200 412
180.152.99.39 - - [20/Jan/2022:09:16:08 +0800] "GET /xingrg/kc/buy/cgsh_order_operate.html?command=get_materiel&rest_code=00151&code=00101009106&supplier_code=00100424&order_time=2022-01-20 HTTP/1.1" 200 392
222.70.243.96 - - [20/Jan/2022:09:16:08 +0800] "GET /xingrg/all/function/internal_message.html?_=1642641370223&CODE_STATE=getMsg HTTP/1.1" 200 27
180.152.99.39 - - [20/Jan/2022:09:16:15 +0800] "GET /xingrg/kc/buy/cgsh_order_operate.html?command=get_materiel&rest_code=00151&code=00101009053&supplier_code=00100424&order_time=2022-01-20 HTTP/1.1" 200 408
58.39.168.32 - - [20/Jan/2022:09:16:20 +0800] "GET /xingrg/kc/buy/cgsh_order_operate.html?command=get_materiel&rest_code=00105&code=00101008087&supplier_code=00100203&order_time=2022-01-20 HTTP/1.1" 200 412
222.70.178.207 - - [20/Jan/2022:09:16:20 +0800] "GET /xingrg/kc/buy/cgsh_order_operate.html?command=get_materiel&rest_code=00111&code=00101031012&supplier_code=00100037&order_time=2022-01-20 HTTP/1.1" 200 418
180.152.99.39 - - [20/Jan/2022:09:16:22 +0800] "GET /xingrg/kc/buy/cgsh_order_operate.html?command=get_materiel&rest_code=00151&code=00101009088&supplier_code=00100424&order_time=2022-01-20 HTTP/1.1" 200 391
180.152.99.73 - - [20/Jan/2022:09:16:23 +0800] "GET /xingrg/all/function/internal_message.html?_=1642641383116&CODE_STATE=getMsg HTTP/1.1" 200 27
180.152.99.73 - - [20/Jan/2022:09:16:23 +0800] "GET /xingrg/kc/buy/cgsh_order_operate.html?command=get_materiel&rest_code=00150&code=00101008098&supplier_code=00100007&order_time=2022-01-20 HTTP/1.1" 200 412
180.152.99.39 - - [20/Jan/2022:09:16:30 +0800] "GET /xingrg/kc/buy/cgsh_order_operate.html?command=get_materiel&rest_code=00151&code=00101008031&supplier_code=00100424&order_time=2022-01-20 HTTP/1.1" 200 413
58.39.168.32 - - [20/Jan/2022:09:16:30 +0800] "GET /xingrg/all/function/internal_message.html?_=1642641326428&CODE_STATE=getMsg HTTP/1.1" 200 27
180.152.99.73 - - [20/Jan/2022:09:16:33 +0800] "GET /xingrg/kc/buy/cgsh_order_operate.html?command=get_materiel&rest_code=00150&code=00101008005&supplier_code=00100007&order_time=2022-01-20 HTTP/1.1" 200 412
58.39.168.32 - - [20/Jan/2022:09:16:37 +0800] "GET /xingrg/all/function/internal_message.html?_=1642641397351&CODE_STATE=getMsg HTTP/1.1" 200 27
180.152.99.39 - - [20/Jan/2022:09:16:38 +0800] "GET /xingrg/kc/buy/cgsh_order_operate.html?command=get_materiel&rest_code=00151&code=00101009011&supplier_code=00100424&order_time=2022-01-20 HTTP/1.1" 200 416
58.39.168.32 - - [20/Jan/2022:09:16:39 +0800] "GET /xingrg/kc/buy/cgsh_order_operate.html?command=get_materiel&rest_code=00105&code=00101008118&supplier_code=00100203&order_time=2022-01-20 HTTP/1.1" 200 418
180.169.147.146 - - [20/Jan/2022:09:16:42 +0800] "GET /xingrg/all/function/internal_message.html?_=1642641399761&CODE_STATE=getMsg HTTP/1.1" 200 27
180.152.99.39 - - [20/Jan/2022:09:16:42 +0800] "GET /xingrg/all/function/internal_message.html?_=1642641333585&CODE_STATE=getMsg HTTP/1.1" 200 27
180.152.99.73 - - [20/Jan/2022:09:16:42 +0800] "GET /xingrg/kc/buy/cgsh_order_operate.html?command=get_materiel&rest_code=00150&code=00101008271&supplier_code=00100007&order_time=2022-01-20 HTTP/1.1" 200 408
124.78.156.14 - - [20/Jan/2022:09:16:47 +0800] "GET /xingrg/check_reg.html?_=1642641403229 HTTP/1.1" 200 22
124.78.156.14 - - [20/Jan/2022:09:16:47 +0800] "GET /xingrg/all/function/internal_message.html?_=1642641403228&CODE_STATE=getMsg HTTP/1.1" 200 27
180.152.99.39 - - [20/Jan/2022:09:16:48 +0800] "POST /xingrg/kc/buy/cgsh_order_operate.html HTTP/1.1" 200 37
180.152.99.73 - - [20/Jan/2022:09:16:49 +0800] "GET /xingrg/kc/buy/cgsh_order_operate.html?command=get_materiel&rest_code=00150&code=00101008353&supplier_code=00100007&order_time=2022-01-20 HTTP/1.1" 200 408
124.78.156.14 - - [20/Jan/2022:09:16:50 +0800] "GET /xingrg/all/function/internal_message.html?_=1642641410244&CODE_STATE=getMsg HTTP/1.1" 200 27
180.152.99.39 - - [20/Jan/2022:09:16:50 +0800] "POST /xingrg/kc/buy/cgsh_order_operate.html HTTP/1.1" 200 5650
180.152.99.39 - - [20/Jan/2022:09:16:52 +0800] "GET /xingrg/kc/buy/cgsh_order_add.html HTTP/1.1" 200 64973
180.152.99.39 - - [20/Jan/2022:09:16:52 +0800] "POST /xingrg/kc/buy/cgsh_order_operate.html HTTP/1.1" 200 8245
180.152.99.73 - - [20/Jan/2022:09:16:52 +0800] "POST /xingrg/kc/buy/cgsh_order_operate.html HTTP/1.1" 200 2065
180.152.99.39 - - [20/Jan/2022:09:16:53 +0800] "GET /xingrg/javascript/easyui/themes/default/validatebox.css HTTP/1.1" 404 1104
120.253.135.82 - - [20/Jan/2022:09:16:53 +0800] "GET /xingrg/all/function/internal_message.html?_=1642641199833&CODE_STATE=getMsg HTTP/1.1" 200 27
222.70.178.207 - - [20/Jan/2022:09:16:53 +0800] "GET /xingrg/all/function/internal_message.html?_=1642641412130&CODE_STATE=getMsg HTTP/1.1" 200 27
58.39.168.32 - - [20/Jan/2022:09:16:55 +0800] "GET /xingrg/kc/buy/cgsh_order_operate.html?command=get_materiel&rest_code=00105&code=00101008059&supplier_code=00100203&order_time=2022-01-20 HTTP/1.1" 200 408
222.70.217.149 - - [20/Jan/2022:09:16:58 +0800] "GET /xingrg/all/function/internal_message.html?_=1642641399131&CODE_STATE=getMsg HTTP/1.1" 200 27
180.152.99.73 - - [20/Jan/2022:09:16:58 +0800] "GET /xingrg/kc/buy/cgsh_order_operate.html?command=get_materiel&rest_code=00150&code=00101008213&supplier_code=00100007&order_time=2022-01-20 HTTP/1.1" 200 412
180.169.147.146 - - [20/Jan/2022:09:17:06 +0800] "GET /xingrg/all/function/internal_message.html?_=1642641427318&CODE_STATE=getMsg HTTP/1.1" 200 27
222.70.243.96 - - [20/Jan/2022:09:17:08 +0800] "GET /xingrg/all/function/internal_message.html?_=1642641430236&CODE_STATE=getMsg HTTP/1.1" 200 27
180.152.99.73 - - [20/Jan/2022:09:17:13 +0800] "GET /xingrg/kc/buy/cgsh_order_operate.html?command=get_materiel&rest_code=00150&code=00101008312&supplier_code=00100007&order_time=2022-01-20 HTTP/1.1" 200 412
222.70.217.149 - - [20/Jan/2022:09:17:13 +0800] "POST /xingrg/services/DataTransmitService HTTP/1.1" 200 524
58.39.168.32 - - [20/Jan/2022:09:17:17 +0800] "POST /xingrg/kc/buy/cgsh_order_operate.html HTTP/1.1" 200 37
58.39.168.32 - - [20/Jan/2022:09:17:18 +0800] "POST /xingrg/kc/buy/cgsh_order_operate.html HTTP/1.1" 200 57665
180.152.99.73 - - [20/Jan/2022:09:17:23 +0800] "GET /xingrg/all/function/internal_message.html?_=1642641443167&CODE_STATE=getMsg HTTP/1.1" 200 27
58.39.168.32 - - [20/Jan/2022:09:17:30 +0800] "GET /xingrg/all/function/internal_message.html?_=1642641386426&CODE_STATE=getMsg HTTP/1.1" 200 27
58.39.168.32 - - [20/Jan/2022:09:17:30 +0800] "GET /xingrg/check_reg.html?_=1642641386427 HTTP/1.1" 200 22
180.152.99.73 - - [20/Jan/2022:09:17:31 +0800] "GET /xingrg/kc/buy/cgsh_order_operate.html?command=get_materiel&rest_code=00150&code=00101008344&supplier_code=00100007&order_time=2022-01-20 HTTP/1.1" 200 412
120.253.135.82 - - [20/Jan/2022:09:17:35 +0800] "GET /xingrg/check_reg.html?_=1642641242517 HTTP/1.1" 200 22
58.39.168.32 - - [20/Jan/2022:09:17:37 +0800] "GET /xingrg/check_reg.html?_=1642641456669 HTTP/1.1" 200 22
58.39.168.32 - - [20/Jan/2022:09:17:37 +0800] "GET /xingrg/all/function/internal_message.html?_=1642641457322&CODE_STATE=getMsg HTTP/1.1" 200 27
180.152.99.73 - - [20/Jan/2022:09:17:38 +0800] "GET /xingrg/kc/buy/cgsh_order_operate.html?command=get_materiel&rest_code=00150&code=00101008297&supplier_code=00100007&order_time=2022-01-20 HTTP/1.1" 200 412
180.152.99.73 - - [20/Jan/2022:09:17:39 +0800] "POST /xingrg/kc/buy/cgsh_order_operate.html HTTP/1.1" 200 2065
180.169.147.146 - - [20/Jan/2022:09:17:42 +0800] "GET /xingrg/all/function/internal_message.html?_=1642641459759&CODE_STATE=getMsg HTTP/1.1" 200 27
180.152.99.39 - - [20/Jan/2022:09:17:42 +0800] "GET /xingrg/all/function/internal_message.html?_=1642641393598&CODE_STATE=getMsg HTTP/1.1" 200 27
180.152.99.73 - - [20/Jan/2022:09:17:45 +0800] "GET /xingrg/kc/buy/cgsh_order_operate.html?command=get_materiel&rest_code=00150&code=00101008095&supplier_code=00100007&order_time=2022-01-20 HTTP/1.1" 200 412
124.78.156.14 - - [20/Jan/2022:09:17:47 +0800] "GET /xingrg/all/function/internal_message.html?_=1642641463226&CODE_STATE=getMsg HTTP/1.1" 200 27
