114.86.224.130 - - [20/Jan/2022:10:59:22 +0800] "GET /xingrg/kc/buy/cgsh_order_operate.html?command=get_materiel&rest_code=00109&code=00101012029&supplier_code=00100035&order_time=2022-01-20 HTTP/1.1" 200 412
114.95.98.1 - - [20/Jan/2022:10:59:23 +0800] "GET /xingrg/kc/base/wldb_order_operate.html?command=get_materiel&rest_code=00102&base_code=0010476&code=00101019066 HTTP/1.1" 200 441
58.37.10.95 - - [20/Jan/2022:10:59:25 +0800] "GET /xingrg/all/function/internal_message.html?_=1642647361127&CODE_STATE=getMsg HTTP/1.1" 200 27
120.253.135.82 - - [20/Jan/2022:10:59:28 +0800] "POST /xingrg/all/common/load_combo.html?type=base HTTP/1.1" 200 1075
114.95.98.1 - - [20/Jan/2022:10:59:30 +0800] "GET /xingrg/kc/base/wldb_order_operate.html?command=get_materiel&rest_code=00102&base_code=0010476&code=00101019079 HTTP/1.1" 200 464
114.86.224.130 - - [20/Jan/2022:10:59:30 +0800] "GET /xingrg/kc/buy/cgsh_order_operate.html?command=get_materiel&rest_code=00109&code=00101012010&supplier_code=00100035&order_time=2022-01-20 HTTP/1.1" 200 409
58.39.168.32 - - [20/Jan/2022:10:59:30 +0800] "GET /xingrg/all/function/internal_message.html?_=1642647506527&CODE_STATE=getMsg HTTP/1.1" 200 27
222.70.243.96 - - [20/Jan/2022:10:59:35 +0800] "GET /xingrg/kc/buy/cgsh_order_operate.html?command=get_materiel&rest_code=00146&code=00101008005&supplier_code=00100005&order_time=2022-01-20 HTTP/1.1" 200 412
114.95.98.1 - - [20/Jan/2022:10:59:36 +0800] "GET /xingrg/kc/base/wldb_order_operate.html?command=get_materiel&rest_code=00102&base_code=0010476&code=00101019439 HTTP/1.1" 200 457
114.86.224.130 - - [20/Jan/2022:10:59:36 +0800] "GET /xingrg/kc/buy/cgsh_order_operate.html?command=get_materiel&rest_code=00109&code=00101016105&supplier_code=00100035&order_time=2022-01-20 HTTP/1.1" 200 409
124.79.247.218 - - [20/Jan/2022:10:59:36 +0800] "GET /xingrg/all/function/internal_message.html?_=1642647617197&CODE_STATE=getMsg HTTP/1.1" 200 27
58.39.168.32 - - [20/Jan/2022:10:59:37 +0800] "GET /xingrg/all/function/internal_message.html?_=1642647576824&CODE_STATE=getMsg HTTP/1.1" 200 27
124.79.247.218 - - [20/Jan/2022:10:59:38 +0800] "GET /xingrg/login.html HTTP/1.1" 200 7641
124.79.247.218 - - [20/Jan/2022:10:59:38 +0800] "GET /xingrg/images/blue/jxLogo.png HTTP/1.1" 200 6156
124.79.247.218 - - [20/Jan/2022:10:59:39 +0800] "GET /xingrg/images/blue/srbg.png HTTP/1.1" 200 138
124.79.247.218 - - [20/Jan/2022:10:59:39 +0800] "GET /xingrg/images/blue/hj.png HTTP/1.1" 200 1014
124.79.247.218 - - [20/Jan/2022:10:59:39 +0800] "GET /xingrg/images/blue/login_bg.png HTTP/1.1" 200 22101
124.79.247.218 - - [20/Jan/2022:10:59:39 +0800] "GET /favicon.ico HTTP/1.1" 404 -
114.95.98.1 - - [20/Jan/2022:10:59:40 +0800] "GET /xingrg/all/function/internal_message.html?_=1642647598972&CODE_STATE=getMsg HTTP/1.1" 200 27
120.253.135.82 - - [20/Jan/2022:10:59:42 +0800] "GET /xingrg/kc/pszx/mdps_order_operate.html?command=get_materiel&pszx_code=00101&rest_code=00146&base_code=0010250&code=00102003629 HTTP/1.1" 200 424
114.86.224.130 - - [20/Jan/2022:10:59:45 +0800] "POST /xingrg/kc/buy/cgsh_order_operate.html HTTP/1.1" 200 37
114.86.224.130 - - [20/Jan/2022:10:59:48 +0800] "POST /xingrg/kc/buy/cgsh_order_operate.html HTTP/1.1" 200 4422
114.86.224.130 - - [20/Jan/2022:10:59:50 +0800] "GET /xingrg/kc/print/load_config.html?kc_code=cgsh HTTP/1.1" 200 1943
114.86.224.130 - - [20/Jan/2022:10:59:50 +0800] "GET /xingrg/kc/print/load_data.html?order_code=212022012009865&kc_code=cgsh&condition= HTTP/1.1" 200 1351
222.70.243.96 - - [20/Jan/2022:10:59:51 +0800] "POST /xingrg/kc/buy/cgsh_order_operate.html HTTP/1.1" 200 2065
222.70.178.207 - - [20/Jan/2022:10:59:51 +0800] "GET /xingrg/all/function/internal_message.html?_=1642647590402&CODE_STATE=getMsg HTTP/1.1" 200 27
222.70.217.149 - - [20/Jan/2022:10:59:53 +0800] "GET /xingrg/all/function/internal_message.html?_=1642647574135&CODE_STATE=getMsg HTTP/1.1" 200 27
222.70.217.149 - - [20/Jan/2022:10:59:53 +0800] "GET /xingrg/check_reg.html?_=1642647574138 HTTP/1.1" 200 22
114.86.224.130 - - [20/Jan/2022:10:59:54 +0800] "GET /xingrg/all/function/internal_message.html?_=1642647592591&CODE_STATE=getMsg HTTP/1.1" 200 27
114.86.224.130 - - [20/Jan/2022:10:59:54 +0800] "GET /xingrg/check_reg.html?_=1642647592593 HTTP/1.1" 200 22
120.253.135.82 - - [20/Jan/2022:10:59:54 +0800] "GET /xingrg/all/function/internal_message.html?_=1642647381247&CODE_STATE=getMsg HTTP/1.1" 200 27
114.86.224.130 - - [20/Jan/2022:10:59:55 +0800] "GET /xingrg/kc/buy/cgsh_order_add.html HTTP/1.1" 200 65439
114.86.224.130 - - [20/Jan/2022:10:59:55 +0800] "POST /xingrg/kc/buy/cgsh_order_operate.html HTTP/1.1" 200 8245
114.86.224.130 - - [20/Jan/2022:10:59:55 +0800] "GET /xingrg/all/common/auto_word.html?type=employee&rest_code=00109 HTTP/1.1" 200 255
114.86.224.130 - - [20/Jan/2022:10:59:55 +0800] "GET /xingrg/all/common/auto_word.html?type=employee&rest_code=00109 HTTP/1.1" 200 255
114.86.224.130 - - [20/Jan/2022:10:59:55 +0800] "GET /xingrg/javascript/easyui/themes/default/validatebox.css HTTP/1.1" 404 1104
120.253.135.82 - - [20/Jan/2022:10:59:57 +0800] "GET /xingrg/kc/pszx/mdps_order_operate.html?command=get_materiel&pszx_code=00101&rest_code=00146&base_code=0010250&code=00102008024 HTTP/1.1" 200 435
124.78.156.14 - - [20/Jan/2022:11:00:03 +0800] "GET /xingrg/all/function/internal_message.html?_=1642647598917&CODE_STATE=getMsg HTTP/1.1" 200 27
114.86.224.130 - - [20/Jan/2022:11:00:03 +0800] "GET /xingrg/kc/buy/cgsh_order_operate.html?command=get_materiel&rest_code=00109&code=00101009122&supplier_code=00100022&order_time=2022-01-20 HTTP/1.1" 200 391
124.78.156.14 - - [20/Jan/2022:11:00:04 +0800] "GET /xingrg/all/function/internal_message.html?_=1642647605159&CODE_STATE=getMsg HTTP/1.1" 200 27
222.70.243.96 - - [20/Jan/2022:11:00:06 +0800] "GET /xingrg/kc/buy/cgsh_order_operate.html?command=get_materiel&rest_code=00146&code=00101008312&supplier_code=00100005&order_time=2022-01-20 HTTP/1.1" 200 412
120.253.135.82 - - [20/Jan/2022:11:00:08 +0800] "POST /xingrg/kc/pszx/mdps_order_operate.html HTTP/1.1" 200 37
120.253.135.82 - - [20/Jan/2022:11:00:09 +0800] "GET /xingrg/kc/pszx/mdps_order_info.html?code=312022012000694 HTTP/1.1" 200 23931
120.253.135.82 - - [20/Jan/2022:11:00:10 +0800] "POST /xingrg/kc/pszx/mdps_order_operate.html HTTP/1.1" 200 2766
120.253.135.82 - - [20/Jan/2022:11:00:10 +0800] "GET /xingrg/javascript/easyui/themes/default/validatebox.css HTTP/1.1" 404 1104
180.152.99.73 - - [20/Jan/2022:11:00:11 +0800] "GET /xingrg/all/function/internal_message.html?_=1642647610550&CODE_STATE=getMsg HTTP/1.1" 200 27
114.86.224.130 - - [20/Jan/2022:11:00:11 +0800] "GET /xingrg/kc/buy/cgsh_order_operate.html?command=get_materiel&rest_code=00109&code=00101009011&supplier_code=00100022&order_time=2022-01-20 HTTP/1.1" 200 416
222.70.243.96 - - [20/Jan/2022:11:00:12 +0800] "GET /xingrg/all/function/internal_message.html?_=1642647614552&CODE_STATE=getMsg HTTP/1.1" 200 27
120.253.135.82 - - [20/Jan/2022:11:00:13 +0800] "POST /xingrg/kc/pszx/mdps_list_operate.html HTTP/1.1" 200 2437
180.152.99.39 - - [20/Jan/2022:11:00:14 +0800] "GET /xingrg/all/function/internal_message.html?_=1642647545840&CODE_STATE=getMsg HTTP/1.1" 200 27
180.169.147.146 - - [20/Jan/2022:11:00:16 +0800] "GET /xingrg/all/function/internal_message.html?_=1642647613934&CODE_STATE=getMsg HTTP/1.1" 200 27
120.253.135.82 - - [20/Jan/2022:11:00:17 +0800] "GET /xingrg/kc/report/report_main.html HTTP/1.1" 200 8599
120.253.135.82 - - [20/Jan/2022:11:00:17 +0800] "GET /xingrg/css/blue.css HTTP/1.1" 304 -
120.253.135.82 - - [20/Jan/2022:11:00:17 +0800] "GET /xingrg/javascript/jquery_ui/themes/humanity/humanity.css HTTP/1.1" 304 -
120.253.135.82 - - [20/Jan/2022:11:00:17 +0800] "GET /xingrg/javascript/jquery_easy_ui/themes/icons/back_new.png HTTP/1.1" 304 -
222.70.243.96 - - [20/Jan/2022:11:00:17 +0800] "GET /xingrg/kc/buy/cgsh_order_operate.html?command=get_materiel&rest_code=00146&code=00101008283&supplier_code=00100005&order_time=2022-01-20 HTTP/1.1" 200 408
120.253.135.82 - - [20/Jan/2022:11:00:19 +0800] "GET /xingrg/kc/base/kc_stocks.html HTTP/1.1" 200 16437
120.253.135.82 - - [20/Jan/2022:11:00:19 +0800] "GET /xingrg/javascript/easyui/themes/sunny/easyui.css HTTP/1.1" 304 -
120.253.135.82 - - [20/Jan/2022:11:00:19 +0800] "GET /xingrg/javascript/easyui/themes/icons/print_new.png HTTP/1.1" 304 -
120.253.135.82 - - [20/Jan/2022:11:00:19 +0800] "GET /xingrg/javascript/easyui/themes/icons/filter_new.png HTTP/1.1" 304 -
120.253.135.82 - - [20/Jan/2022:11:00:19 +0800] "GET /xingrg/javascript/easyui/themes/icons/refresh_new.png HTTP/1.1" 304 -
120.253.135.82 - - [20/Jan/2022:11:00:19 +0800] "GET /xingrg/javascript/easyui/plugins/jquery.draggable.js HTTP/1.1" 304 -
120.253.135.82 - - [20/Jan/2022:11:00:19 +0800] "GET /xingrg/javascript/easyui/plugins/jquery.droppable.js HTTP/1.1" 304 -
124.78.156.14 - - [20/Jan/2022:11:00:19 +0800] "GET /xingrg/kc/mdqp/qp_main.html HTTP/1.1" 200 10633
120.253.135.82 - - [20/Jan/2022:11:00:19 +0800] "GET /xingrg/javascript/easyui/themes/default/tree.css HTTP/1.1" 404 1090
120.253.135.82 - - [20/Jan/2022:11:00:19 +0800] "GET /xingrg/javascript/easyui/plugins/jquery.tree.js HTTP/1.1" 304 -
120.253.135.82 - - [20/Jan/2022:11:00:19 +0800] "POST /xingrg/all/common/load_tree.html?tree=materiel_sort_tree_json HTTP/1.1" 200 9388
120.253.135.82 - - [20/Jan/2022:11:00:19 +0800] "GET /xingrg/javascript/easyui/themes/sunny/images/tree_arrows.gif HTTP/1.1" 304 -
120.253.135.82 - - [20/Jan/2022:11:00:19 +0800] "GET /xingrg/javascript/easyui/themes/sunny/images/tree_folder_open.gif HTTP/1.1" 304 -
120.253.135.82 - - [20/Jan/2022:11:00:19 +0800] "GET /xingrg/javascript/easyui/themes/sunny/images/tree_folder.gif HTTP/1.1" 304 -
120.253.135.82 - - [20/Jan/2022:11:00:19 +0800] "GET /xingrg/javascript/easyui/themes/sunny/images/tree_file.gif HTTP/1.1" 304 -
114.86.224.130 - - [20/Jan/2022:11:00:20 +0800] "GET /xingrg/kc/buy/cgsh_order_operate.html?command=get_materiel&rest_code=00109&code=00101009113&supplier_code=00100022&order_time=2022-01-20 HTTP/1.1" 200 399
124.78.156.14 - - [20/Jan/2022:11:00:20 +0800] "GET /xingrg/images/yd/bt.gif HTTP/1.1" 404 1040
124.78.156.14 - - [20/Jan/2022:11:00:20 +0800] "GET /xingrg/kc/mdqp/qqps_order_list.html HTTP/1.1" 200 9222
124.78.156.14 - - [20/Jan/2022:11:00:20 +0800] "GET /xingrg/dwr/interface/AjaxReportQueryService.js HTTP/1.1" 200 13203
124.78.156.14 - - [20/Jan/2022:11:00:20 +0800] "GET /xingrg/dwr/interface/AjaxQqpsService.js HTTP/1.1" 200 16326
124.78.156.14 - - [20/Jan/2022:11:00:20 +0800] "GET /xingrg/dwr/engine.js HTTP/1.1" 200 43631
120.253.135.82 - - [20/Jan/2022:11:00:20 +0800] "POST /xingrg/all/common/load_combo.html?type=base HTTP/1.1" 200 1075
124.78.156.14 - - [20/Jan/2022:11:00:23 +0800] "GET /xingrg/kc/mdqp/qqps_order_add.html HTTP/1.1" 200 28319
124.78.156.14 - - [20/Jan/2022:11:00:23 +0800] "GET /xingrg/dwr/interface/AjaxComOrderService.js HTTP/1.1" 200 18264
124.78.156.14 - - [20/Jan/2022:11:00:23 +0800] "GET /xingrg/dwr/engine.js HTTP/1.1" 200 43631
124.78.156.14 - - [20/Jan/2022:11:00:23 +0800] "GET /xingrg/dwr/interface/AjaxQqpsService.js HTTP/1.1" 200 16326
58.37.10.95 - - [20/Jan/2022:11:00:25 +0800] "GET /xingrg/check_reg.html?_=1642647421126 HTTP/1.1" 200 22
58.37.10.95 - - [20/Jan/2022:11:00:25 +0800] "GET /xingrg/all/function/internal_message.html?_=1642647421127&CODE_STATE=getMsg HTTP/1.1" 200 27
114.86.224.130 - - [20/Jan/2022:11:00:27 +0800] "GET /xingrg/kc/buy/cgsh_order_operate.html?command=get_materiel&rest_code=00109&code=00101009118&supplier_code=00100022&order_time=2022-01-20 HTTP/1.1" 200 391
120.253.135.82 - - [20/Jan/2022:11:00:30 +0800] "POST /xingrg/kc/base/stock_operate.html HTTP/1.1" 200 2245
120.253.135.82 - - [20/Jan/2022:11:00:30 +0800] "GET /xingrg/javascript/jquery_tools/fix_table.js HTTP/1.1" 304 -
58.39.168.32 - - [20/Jan/2022:11:00:30 +0800] "GET /xingrg/all/function/internal_message.html?_=1642647566526&CODE_STATE=getMsg HTTP/1.1" 200 27
124.79.247.218 - - [20/Jan/2022:11:00:36 +0800] "GET /xingrg/all/function/internal_message.html?_=1642647677210&CODE_STATE=getMsg HTTP/1.1" 200 27
58.39.168.32 - - [20/Jan/2022:11:00:37 +0800] "GET /xingrg/all/function/internal_message.html?_=1642647636824&CODE_STATE=getMsg HTTP/1.1" 200 27
124.78.156.14 - - [20/Jan/2022:11:00:38 +0800] "POST /xingrg/dwr/call/plaincall/AjaxQqpsService.saveOrder.dwr HTTP/1.1" 200 78
114.95.98.1 - - [20/Jan/2022:11:00:41 +0800] "GET /xingrg/all/function/internal_message.html?_=1642647659697&CODE_STATE=getMsg HTTP/1.1" 200 27
120.253.135.82 - - [20/Jan/2022:11:00:42 +0800] "GET /xingrg/kc/pszx/mdps_order_list.html?orderType=0 HTTP/1.1" 200 20925
120.253.135.82 - - [20/Jan/2022:11:00:42 +0800] "POST /xingrg/kc/pszx/mdps_list_operate.html HTTP/1.1" 200 5376
222.70.243.96 - - [20/Jan/2022:11:00:45 +0800] "POST /xingrg/kc/buy/cgsh_order_operate.html HTTP/1.1" 200 2065
124.78.156.14 - - [20/Jan/2022:11:00:45 +0800] "POST /xingrg/dwr/call/plaincall/AjaxQqpsService.getMaterielByCode.dwr HTTP/1.1" 200 2709
124.78.156.14 - - [20/Jan/2022:11:00:47 +0800] "POST /xingrg/dwr/call/plaincall/AjaxQqpsService.saveMaterielItem.dwr HTTP/1.1" 200 78
222.70.178.207 - - [20/Jan/2022:11:00:51 +0800] "GET /xingrg/all/function/internal_message.html?_=1642647650386&CODE_STATE=getMsg HTTP/1.1" 200 27
124.78.156.14 - - [20/Jan/2022:11:00:53 +0800] "POST /xingrg/dwr/call/plaincall/AjaxQqpsService.getMaterielByCode.dwr HTTP/1.1" 200 2666
222.70.217.149 - - [20/Jan/2022:11:00:53 +0800] "GET /xingrg/all/function/internal_message.html?_=1642647634127&CODE_STATE=getMsg HTTP/1.1" 200 27
120.253.135.82 - - [20/Jan/2022:11:00:53 +0800] "POST /xingrg/kc/pszx/mdps_list_operate.html HTTP/1.1" 200 2437
114.86.224.130 - - [20/Jan/2022:11:00:53 +0800] "GET /xingrg/all/function/internal_message.html?_=1642647652184&CODE_STATE=getMsg HTTP/1.1" 200 27
120.253.135.82 - - [20/Jan/2022:11:00:54 +0800] "GET /xingrg/all/function/internal_message.html?_=1642647441261&CODE_STATE=getMsg HTTP/1.1" 200 27
124.78.156.14 - - [20/Jan/2022:11:00:55 +0800] "POST /xingrg/dwr/call/plaincall/AjaxQqpsService.saveMaterielItem.dwr HTTP/1.1" 200 78
222.70.243.96 - - [20/Jan/2022:11:00:56 +0800] "GET /xingrg/check_reg.html?_=1642647659377 HTTP/1.1" 200 22
120.253.135.82 - - [20/Jan/2022:11:00:57 +0800] "POST /xingrg/kc/pszx/mdps_list_operate.html HTTP/1.1" 200 282
120.253.135.82 - - [20/Jan/2022:11:00:58 +0800] "GET /xingrg/kc/pszx/mdps_order_info.html?code=312022012000694 HTTP/1.1" 200 23931
120.253.135.82 - - [20/Jan/2022:11:00:58 +0800] "GET /xingrg/javascript/easyui/themes/default/validatebox.css HTTP/1.1" 404 1104
120.253.135.82 - - [20/Jan/2022:11:00:58 +0800] "POST /xingrg/kc/pszx/mdps_order_operate.html HTTP/1.1" 200 2766
124.78.156.14 - - [20/Jan/2022:11:01:00 +0800] "POST /xingrg/dwr/call/plaincall/AjaxQqpsService.getMaterielByCode.dwr HTTP/1.1" 200 2764
124.78.156.14 - - [20/Jan/2022:11:01:03 +0800] "GET /xingrg/all/function/internal_message.html?_=1642647659052&CODE_STATE=getMsg HTTP/1.1" 200 27
114.86.224.130 - - [20/Jan/2022:11:01:03 +0800] "POST /xingrg/kc/buy/cgsh_order_operate.html HTTP/1.1" 200 37
114.95.98.1 - - [20/Jan/2022:11:01:04 +0800] "POST /xingrg/kc/base/wldb_order_operate.html HTTP/1.1" 200 37
222.70.243.96 - - [20/Jan/2022:11:01:04 +0800] "GET /xingrg/kc/buy/cgsh_order_operate.html?command=get_materiel&rest_code=00146&code=00101008168&supplier_code=00100005&order_time=2022-01-20 HTTP/1.1" 200 413
124.78.156.14 - - [20/Jan/2022:11:01:04 +0800] "GET /xingrg/all/function/internal_message.html?_=1642647665160&CODE_STATE=getMsg HTTP/1.1" 200 27
114.95.98.1 - - [20/Jan/2022:11:01:06 +0800] "POST /xingrg/kc/base/wldb_order_operate.html HTTP/1.1" 200 12
114.95.98.1 - - [20/Jan/2022:11:01:06 +0800] "POST /xingrg/kc/base/wldb_order_operate.html HTTP/1.1" 200 7742
114.95.98.1 - - [20/Jan/2022:11:01:08 +0800] "GET /xingrg/kc/base/wldb_order_info.html?code=422022012002604 HTTP/1.1" 200 26147
120.253.135.82 - - [20/Jan/2022:11:01:08 +0800] "GET /xingrg/kc/pszx/mdps_order_operate.html?command=get_materiel&pszx_code=00101&rest_code=00146&base_code=0010250&code=00102012010 HTTP/1.1" 200 439
114.95.98.1 - - [20/Jan/2022:11:01:10 +0800] "POST /xingrg/kc/base/wldb_order_operate.html HTTP/1.1" 200 5917
124.78.156.14 - - [20/Jan/2022:11:01:10 +0800] "POST /xingrg/dwr/call/plaincall/AjaxQqpsService.saveMaterielItem.dwr HTTP/1.1" 200 78
114.95.98.1 - - [20/Jan/2022:11:01:10 +0800] "GET /xingrg/javascript/easyui/themes/default/validatebox.css HTTP/1.1" 404 1104
180.152.99.73 - - [20/Jan/2022:11:01:11 +0800] "GET /xingrg/all/function/internal_message.html?_=1642647670566&CODE_STATE=getMsg HTTP/1.1" 200 27
222.70.243.96 - - [20/Jan/2022:11:01:12 +0800] "GET /xingrg/all/function/internal_message.html?_=1642647674716&CODE_STATE=getMsg HTTP/1.1" 200 27
101.89.29.78 - - [20/Jan/2022:11:01:13 +0800] "GET /xingrg/all/function/internal_message.html?_=1642639483205&CODE_STATE=getMsg HTTP/1.1" 302 -
180.152.99.39 - - [20/Jan/2022:11:01:14 +0800] "GET /xingrg/all/function/internal_message.html?_=1642647605854&CODE_STATE=getMsg HTTP/1.1" 200 27
101.89.29.78 - - [20/Jan/2022:11:01:15 +0800] "GET /xingrg/login.html HTTP/1.1" 200 7641
180.169.147.146 - - [20/Jan/2022:11:01:16 +0800] "GET /xingrg/all/function/internal_message.html?_=1642647673916&CODE_STATE=getMsg HTTP/1.1" 200 27
114.86.224.130 - - [20/Jan/2022:11:01:16 +0800] "POST /xingrg/kc/buy/cgsh_order_operate.html HTTP/1.1" 200 4421
222.70.243.96 - - [20/Jan/2022:11:01:18 +0800] "GET /xingrg/kc/buy/cgsh_order_operate.html?command=get_materiel&rest_code=00146&code=00101013165&supplier_code=00100005&order_time=2022-01-20 HTTP/1.1" 200 409
124.78.156.14 - - [20/Jan/2022:11:01:18 +0800] "POST /xingrg/dwr/call/plaincall/AjaxQqpsService.getMaterielByCode.dwr HTTP/1.1" 200 2679
124.78.156.14 - - [20/Jan/2022:11:01:21 +0800] "POST /xingrg/dwr/call/plaincall/AjaxQqpsService.saveMaterielItem.dwr HTTP/1.1" 200 78
124.78.156.14 - - [20/Jan/2022:11:01:24 +0800] "POST /xingrg/dwr/call/plaincall/AjaxQqpsService.getMaterielByCode.dwr HTTP/1.1" 200 2687
58.37.10.95 - - [20/Jan/2022:11:01:25 +0800] "GET /xingrg/all/function/internal_message.html?_=1642647481124&CODE_STATE=getMsg HTTP/1.1" 200 27
120.253.135.82 - - [20/Jan/2022:11:01:25 +0800] "GET /xingrg/kc/pszx/mdps_order_operate.html?command=get_materiel&pszx_code=00101&rest_code=00146&base_code=0010250&code=00101020001 HTTP/1.1" 200 446
124.78.156.14 - - [20/Jan/2022:11:01:26 +0800] "POST /xingrg/dwr/call/plaincall/AjaxQqpsService.saveMaterielItem.dwr HTTP/1.1" 200 79
222.70.243.96 - - [20/Jan/2022:11:01:27 +0800] "GET /xingrg/kc/buy/cgsh_order_operate.html?command=get_materiel&rest_code=00146&code=00101013114&supplier_code=00100005&order_time=2022-01-20 HTTP/1.1" 200 409
124.78.156.14 - - [20/Jan/2022:11:01:29 +0800] "POST /xingrg/dwr/call/plaincall/AjaxQqpsService.getMaterielByCode.dwr HTTP/1.1" 200 2707
124.78.156.14 - - [20/Jan/2022:11:01:30 +0800] "POST /xingrg/dwr/call/plaincall/AjaxQqpsService.saveMaterielItem.dwr HTTP/1.1" 200 79
58.39.168.32 - - [20/Jan/2022:11:01:30 +0800] "GET /xingrg/all/function/internal_message.html?_=1642647626526&CODE_STATE=getMsg HTTP/1.1" 200 27
114.86.224.130 - - [20/Jan/2022:11:01:32 +0800] "GET /xingrg/kc/print/load_config.html?kc_code=cgsh HTTP/1.1" 200 1943
114.86.224.130 - - [20/Jan/2022:11:01:32 +0800] "GET /xingrg/kc/print/load_data.html?order_code=212022012009866&kc_code=cgsh&condition= HTTP/1.1" 200 1364
101.89.239.120 - - [20/Jan/2022:11:01:33 +0800] "GET /xingrg/kc/buy/cgsh_order_operate.html?command=get_materiel&rest_code=00106&code=00101008036&supplier_code=00100007&order_time=2022-01-20 HTTP/1.1" 302 -
101.89.239.120 - - [20/Jan/2022:11:01:34 +0800] "GET /xingrg/login.html HTTP/1.1" 200 7641
124.78.156.14 - - [20/Jan/2022:11:01:34 +0800] "POST /xingrg/dwr/call/plaincall/AjaxQqpsService.getMaterielByCode.dwr HTTP/1.1" 200 2667
180.152.99.73 - - [20/Jan/2022:11:01:36 +0800] "GET /xingrg/kc/base/wldb_order_operate.html?command=get_materiel&rest_code=00150&base_code=0010445&code=00101019018 HTTP/1.1" 200 451
124.79.247.218 - - [20/Jan/2022:11:01:36 +0800] "GET /xingrg/check_reg.html?_=1642647736677 HTTP/1.1" 200 22
124.79.247.218 - - [20/Jan/2022:11:01:36 +0800] "GET /xingrg/all/function/internal_message.html?_=1642647737222&CODE_STATE=getMsg HTTP/1.1" 200 27
58.39.168.32 - - [20/Jan/2022:11:01:37 +0800] "GET /xingrg/all/function/internal_message.html?_=1642647696825&CODE_STATE=getMsg HTTP/1.1" 200 27
124.78.156.14 - - [20/Jan/2022:11:01:37 +0800] "POST /xingrg/dwr/call/plaincall/AjaxQqpsService.saveMaterielItem.dwr HTTP/1.1" 200 79
120.253.135.82 - - [20/Jan/2022:11:01:38 +0800] "GET /xingrg/kc/pszx/mdps_order_operate.html?command=get_materiel&pszx_code=00101&rest_code=00146&base_code=0010250&code=00101034136 HTTP/1.1" 200 420
114.95.98.1 - - [20/Jan/2022:11:01:39 +0800] "GET /xingrg/kc/base/wldb_order_add.html HTTP/1.1" 200 30270
124.78.156.14 - - [20/Jan/2022:11:01:41 +0800] "POST /xingrg/dwr/call/plaincall/AjaxQqpsService.getMaterielByCode.dwr HTTP/1.1" 200 2667
114.95.98.1 - - [20/Jan/2022:11:01:41 +0800] "POST /xingrg/kc/base/wldb_order_operate.html HTTP/1.1" 200 6806
114.95.98.1 - - [20/Jan/2022:11:01:42 +0800] "GET /xingrg/all/function/internal_message.html?_=1642647720388&CODE_STATE=getMsg HTTP/1.1" 200 27
114.95.98.1 - - [20/Jan/2022:11:01:42 +0800] "GET /xingrg/javascript/easyui/themes/default/validatebox.css HTTP/1.1" 404 1104
124.78.156.14 - - [20/Jan/2022:11:01:43 +0800] "POST /xingrg/dwr/call/plaincall/AjaxQqpsService.saveMaterielItem.dwr HTTP/1.1" 200 79
114.95.98.1 - - [20/Jan/2022:11:01:44 +0800] "POST /xingrg/all/common/load_combo.html?type=base HTTP/1.1" 200 3233
180.152.99.73 - - [20/Jan/2022:11:01:44 +0800] "GET /xingrg/kc/base/wldb_order_operate.html?command=get_materiel&rest_code=00150&base_code=0010445&code=00101019185 HTTP/1.1" 200 453
114.95.98.1 - - [20/Jan/2022:11:01:47 +0800] "POST /xingrg/all/common/load_combo.html?type=base HTTP/1.1" 200 3233
120.253.135.82 - - [20/Jan/2022:11:01:48 +0800] "GET /xingrg/kc/pszx/mdps_order_operate.html?command=get_materiel&pszx_code=00101&rest_code=00146&base_code=0010250&code=00101034024 HTTP/1.1" 200 437
222.70.178.207 - - [20/Jan/2022:11:01:51 +0800] "GET /xingrg/all/function/internal_message.html?_=1642647710369&CODE_STATE=getMsg HTTP/1.1" 200 27
124.78.156.14 - - [20/Jan/2022:11:01:52 +0800] "POST /xingrg/dwr/call/plaincall/AjaxQqpsService.getMaterielByCode.dwr HTTP/1.1" 200 2676
180.152.99.73 - - [20/Jan/2022:11:01:53 +0800] "GET /xingrg/kc/base/wldb_order_operate.html?command=get_materiel&rest_code=00150&base_code=0010445&code=00101019391 HTTP/1.1" 200 471
222.70.217.149 - - [20/Jan/2022:11:01:53 +0800] "GET /xingrg/all/function/internal_message.html?_=1642647694145&CODE_STATE=getMsg HTTP/1.1" 200 27
114.95.98.1 - - [20/Jan/2022:11:01:54 +0800] "GET /xingrg/kc/base/wldb_order_operate.html?command=get_materiel&rest_code=00102&base_code=0010476&code=00101019529 HTTP/1.1" 200 475
120.253.135.82 - - [20/Jan/2022:11:01:54 +0800] "GET /xingrg/all/function/internal_message.html?_=1642647501275&CODE_STATE=getMsg HTTP/1.1" 200 27
222.70.243.96 - - [20/Jan/2022:11:01:57 +0800] "POST /xingrg/kc/buy/cgsh_order_operate.html HTTP/1.1" 200 2065
180.152.99.73 - - [20/Jan/2022:11:01:58 +0800] "GET /xingrg/kc/base/wldb_order_operate.html?command=get_materiel&rest_code=00150&base_code=0010445&code=00101016076 HTTP/1.1" 200 477
124.78.156.14 - - [20/Jan/2022:11:01:59 +0800] "POST /xingrg/dwr/call/plaincall/AjaxQqpsService.saveMaterielItem.dwr HTTP/1.1" 200 79
124.78.156.14 - - [20/Jan/2022:11:02:02 +0800] "GET /xingrg/all/function/internal_message.html?_=1642647718871&CODE_STATE=getMsg HTTP/1.1" 200 27
180.152.99.73 - - [20/Jan/2022:11:02:04 +0800] "GET /xingrg/kc/base/wldb_order_operate.html?command=get_materiel&rest_code=00150&base_code=0010445&code=00101013221 HTTP/1.1" 200 434
124.78.156.14 - - [20/Jan/2022:11:02:04 +0800] "POST /xingrg/dwr/call/plaincall/AjaxQqpsService.getMaterielByCode.dwr HTTP/1.1" 200 2709
124.78.156.14 - - [20/Jan/2022:11:02:04 +0800] "GET /xingrg/all/function/internal_message.html?_=1642647725161&CODE_STATE=getMsg HTTP/1.1" 200 27
124.78.156.14 - - [20/Jan/2022:11:02:04 +0800] "GET /xingrg/check_reg.html?_=1642647725164 HTTP/1.1" 200 22
124.78.156.14 - - [20/Jan/2022:11:02:07 +0800] "POST /xingrg/dwr/call/plaincall/AjaxQqpsService.saveMaterielItem.dwr HTTP/1.1" 200 79
114.95.98.1 - - [20/Jan/2022:11:02:09 +0800] "GET /xingrg/check_reg.html?_=1642647747818 HTTP/1.1" 200 22
180.152.99.73 - - [20/Jan/2022:11:02:11 +0800] "GET /xingrg/all/function/internal_message.html?_=1642647730586&CODE_STATE=getMsg HTTP/1.1" 200 27
180.152.99.73 - - [20/Jan/2022:11:02:11 +0800] "GET /xingrg/kc/base/wldb_order_operate.html?command=get_materiel&rest_code=00150&base_code=0010445&code=00101016044 HTTP/1.1" 200 464
120.253.135.82 - - [20/Jan/2022:11:02:12 +0800] "POST /xingrg/kc/pszx/mdps_order_operate.html HTTP/1.1" 200 37
222.70.243.96 - - [20/Jan/2022:11:02:12 +0800] "GET /xingrg/all/function/internal_message.html?_=1642647734720&CODE_STATE=getMsg HTTP/1.1" 200 27
120.253.135.82 - - [20/Jan/2022:11:02:12 +0800] "GET /xingrg/kc/pszx/mdps_order_info.html?code=312022012000694 HTTP/1.1" 200 23931
120.253.135.82 - - [20/Jan/2022:11:02:13 +0800] "GET /xingrg/javascript/easyui/themes/default/validatebox.css HTTP/1.1" 404 1104
120.253.135.82 - - [20/Jan/2022:11:02:13 +0800] "POST /xingrg/kc/pszx/mdps_order_operate.html HTTP/1.1" 200 4735
222.70.243.96 - - [20/Jan/2022:11:02:13 +0800] "GET /xingrg/kc/buy/cgsh_order_operate.html?command=get_materiel&rest_code=00146&code=00101008223&supplier_code=00100005&order_time=2022-01-20 HTTP/1.1" 200 412
180.152.99.39 - - [20/Jan/2022:11:02:14 +0800] "GET /xingrg/all/function/internal_message.html?_=1642647665884&CODE_STATE=getMsg HTTP/1.1" 200 27
180.169.147.146 - - [20/Jan/2022:11:02:16 +0800] "GET /xingrg/all/function/internal_message.html?_=1642647733887&CODE_STATE=getMsg HTTP/1.1" 200 27
124.78.156.14 - - [20/Jan/2022:11:02:16 +0800] "POST /xingrg/dwr/call/plaincall/AjaxQqpsService.getMaterielByCode.dwr HTTP/1.1" 200 2725
180.169.147.146 - - [20/Jan/2022:11:02:17 +0800] "GET /xingrg/check_reg.html?_=1642647735060 HTTP/1.1" 200 22
120.253.135.82 - - [20/Jan/2022:11:02:17 +0800] "GET /xingrg/kc/pszx/mdps_order_info.html?code=312022012000694 HTTP/1.1" 200 23931
120.253.135.82 - - [20/Jan/2022:11:02:17 +0800] "GET /xingrg/javascript/easyui/themes/default/validatebox.css HTTP/1.1" 404 1104
120.253.135.82 - - [20/Jan/2022:11:02:17 +0800] "POST /xingrg/kc/pszx/mdps_order_operate.html HTTP/1.1" 200 4735
180.152.99.73 - - [20/Jan/2022:11:02:19 +0800] "GET /xingrg/kc/base/wldb_order_operate.html?command=get_materiel&rest_code=00150&base_code=0010445&code=00101019110 HTTP/1.1" 200 477
120.253.135.82 - - [20/Jan/2022:11:02:20 +0800] "POST /xingrg/kc/pszx/mdps_list_operate.html HTTP/1.1" 200 2438
120.253.135.82 - - [20/Jan/2022:11:02:22 +0800] "POST /xingrg/kc/pszx/mdps_list_operate.html HTTP/1.1" 200 599
124.78.156.14 - - [20/Jan/2022:11:02:23 +0800] "POST /xingrg/dwr/call/plaincall/AjaxQqpsService.saveMaterielItem.dwr HTTP/1.1" 200 79
114.95.98.1 - - [20/Jan/2022:11:02:23 +0800] "GET /xingrg/kc/base/wldb_order_operate.html?command=get_materiel&rest_code=00102&base_code=0010476&code=00101019310 HTTP/1.1" 200 463
58.37.10.95 - - [20/Jan/2022:11:02:25 +0800] "GET /xingrg/all/function/internal_message.html?_=1642647541122&CODE_STATE=getMsg HTTP/1.1" 200 27
114.86.224.130 - - [20/Jan/2022:11:02:26 +0800] "GET /xingrg/all/function/internal_message.html?_=1642647744803&CODE_STATE=getMsg HTTP/1.1" 200 27
124.78.156.14 - - [20/Jan/2022:11:02:27 +0800] "POST /xingrg/dwr/call/plaincall/AjaxQqpsService.getMaterielByCode.dwr HTTP/1.1" 200 2730
114.95.98.1 - - [20/Jan/2022:11:02:28 +0800] "GET /xingrg/kc/base/wldb_order_operate.html?command=get_materiel&rest_code=00102&base_code=0010476&code=00101019438 HTTP/1.1" 200 448
180.152.99.73 - - [20/Jan/2022:11:02:28 +0800] "GET /xingrg/kc/base/wldb_order_operate.html?command=get_materiel&rest_code=00150&base_code=0010445&code=00101016020 HTTP/1.1" 200 447
124.78.156.14 - - [20/Jan/2022:11:02:28 +0800] "POST /xingrg/dwr/call/plaincall/AjaxQqpsService.saveMaterielItem.dwr HTTP/1.1" 200 79
58.39.168.32 - - [20/Jan/2022:11:02:30 +0800] "GET /xingrg/all/function/internal_message.html?_=1642647686525&CODE_STATE=getMsg HTTP/1.1" 200 27
58.39.168.32 - - [20/Jan/2022:11:02:30 +0800] "GET /xingrg/check_reg.html?_=1642647686526 HTTP/1.1" 200 22
124.78.156.14 - - [20/Jan/2022:11:02:32 +0800] "POST /xingrg/dwr/call/plaincall/AjaxQqpsService.getMaterielByCode.dwr HTTP/1.1" 200 2710
114.95.98.1 - - [20/Jan/2022:11:02:34 +0800] "GET /xingrg/kc/base/wldb_order_operate.html?command=get_materiel&rest_code=00102&base_code=0010476&code=00101019184 HTTP/1.1" 200 443
124.78.156.14 - - [20/Jan/2022:11:02:34 +0800] "POST /xingrg/dwr/call/plaincall/AjaxQqpsService.saveMaterielItem.dwr HTTP/1.1" 200 79
124.79.247.218 - - [20/Jan/2022:11:02:36 +0800] "GET /xingrg/all/function/internal_message.html?_=1642647797237&CODE_STATE=getMsg HTTP/1.1" 200 27
58.39.168.32 - - [20/Jan/2022:11:02:37 +0800] "GET /xingrg/check_reg.html?_=1642647756825 HTTP/1.1" 200 22
58.39.168.32 - - [20/Jan/2022:11:02:37 +0800] "GET /xingrg/all/function/internal_message.html?_=1642647756828&CODE_STATE=getMsg HTTP/1.1" 200 27
124.78.156.14 - - [20/Jan/2022:11:02:39 +0800] "POST /xingrg/dwr/call/plaincall/AjaxQqpsService.getMaterielByCode.dwr HTTP/1.1" 200 2695
114.95.98.1 - - [20/Jan/2022:11:02:42 +0800] "GET /xingrg/all/function/internal_message.html?_=1642647780400&CODE_STATE=getMsg HTTP/1.1" 200 27
124.78.156.14 - - [20/Jan/2022:11:02:43 +0800] "POST /xingrg/dwr/call/plaincall/AjaxQqpsService.saveMaterielItem.dwr HTTP/1.1" 200 79
124.78.156.14 - - [20/Jan/2022:11:02:48 +0800] "POST /xingrg/dwr/call/plaincall/AjaxQqpsService.getMaterielByCode.dwr HTTP/1.1" 200 2737
180.152.99.73 - - [20/Jan/2022:11:02:49 +0800] "GET /xingrg/kc/base/wldb_order_operate.html?command=get_materiel&rest_code=00150&base_code=0010445&code=00101019306 HTTP/1.1" 200 462
222.70.178.207 - - [20/Jan/2022:11:02:51 +0800] "GET /xingrg/all/function/internal_message.html?_=1642647770353&CODE_STATE=getMsg HTTP/1.1" 200 27
114.95.98.1 - - [20/Jan/2022:11:02:52 +0800] "GET /xingrg/kc/base/wldb_order_operate.html?command=get_materiel&rest_code=00102&base_code=0010476&code=00101019510 HTTP/1.1" 200 468
124.78.156.14 - - [20/Jan/2022:11:02:52 +0800] "POST /xingrg/dwr/call/plaincall/AjaxQqpsService.saveMaterielItem.dwr HTTP/1.1" 200 79
222.70.217.149 - - [20/Jan/2022:11:02:53 +0800] "GET /xingrg/all/function/internal_message.html?_=1642647754123&CODE_STATE=getMsg HTTP/1.1" 200 27
114.86.224.130 - - [20/Jan/2022:11:02:53 +0800] "GET /xingrg/all/function/internal_message.html?_=1642647772170&CODE_STATE=getMsg HTTP/1.1" 200 27
120.253.135.82 - - [20/Jan/2022:11:02:54 +0800] "GET /xingrg/all/function/internal_message.html?_=1642647561288&CODE_STATE=getMsg HTTP/1.1" 200 27
222.70.243.96 - - [20/Jan/2022:11:02:55 +0800] "GET /xingrg/kc/buy/cgsh_order_operate.html?command=get_materiel&rest_code=00146&code=00101008069&supplier_code=00100005&order_time=2022-01-20 HTTP/1.1" 200 412
124.78.156.14 - - [20/Jan/2022:11:02:56 +0800] "POST /xingrg/dwr/call/plaincall/AjaxQqpsService.getMaterielByCode.dwr HTTP/1.1" 200 2724
120.253.135.82 - - [20/Jan/2022:11:02:56 +0800] "POST /xingrg/kc/pszx/mdps_list_operate.html HTTP/1.1" 200 1683
124.78.156.14 - - [20/Jan/2022:11:02:57 +0800] "POST /xingrg/dwr/call/plaincall/AjaxQqpsService.saveMaterielItem.dwr HTTP/1.1" 200 79
114.86.224.130 - - [20/Jan/2022:11:02:57 +0800] "GET /xingrg/kc/buy/cgsh_order_add.html HTTP/1.1" 200 65439
120.253.135.82 - - [20/Jan/2022:11:02:57 +0800] "POST /xingrg/kc/pszx/mdps_list_operate.html HTTP/1.1" 200 203
114.86.224.130 - - [20/Jan/2022:11:02:57 +0800] "POST /xingrg/kc/buy/cgsh_order_operate.html HTTP/1.1" 200 8245
114.86.224.130 - - [20/Jan/2022:11:02:57 +0800] "GET /xingrg/all/common/auto_word.html?type=employee&rest_code=00109 HTTP/1.1" 200 255
114.86.224.130 - - [20/Jan/2022:11:02:57 +0800] "GET /xingrg/all/common/auto_word.html?type=employee&rest_code=00109 HTTP/1.1" 200 255
114.86.224.130 - - [20/Jan/2022:11:02:57 +0800] "GET /xingrg/javascript/easyui/themes/default/validatebox.css HTTP/1.1" 404 1104
120.253.135.82 - - [20/Jan/2022:11:02:59 +0800] "GET /xingrg/kc/pszx/mdps_order_info.html?code=312022011700606 HTTP/1.1" 200 23925
120.253.135.82 - - [20/Jan/2022:11:03:00 +0800] "POST /xingrg/kc/pszx/mdps_order_operate.html HTTP/1.1" 200 2276
120.253.135.82 - - [20/Jan/2022:11:03:00 +0800] "GET /xingrg/javascript/easyui/themes/default/validatebox.css HTTP/1.1" 404 1104
222.70.243.96 - - [20/Jan/2022:11:03:03 +0800] "POST /xingrg/kc/buy/cgsh_order_operate.html HTTP/1.1" 200 2065
120.253.135.82 - - [20/Jan/2022:11:03:03 +0800] "POST /xingrg/kc/pszx/mdps_list_operate.html HTTP/1.1" 200 1683
114.95.98.1 - - [20/Jan/2022:11:03:03 +0800] "GET /xingrg/kc/base/wldb_order_operate.html?command=get_materiel&rest_code=00102&base_code=0010476&code=00101019238 HTTP/1.1" 200 467
120.253.135.82 - - [20/Jan/2022:11:03:04 +0800] "GET /xingrg/kc/pszx/mdps_order_add.html HTTP/1.1" 200 28947
124.78.156.14 - - [20/Jan/2022:11:03:04 +0800] "GET /xingrg/all/function/internal_message.html?_=1642647785165&CODE_STATE=getMsg HTTP/1.1" 200 27
124.78.156.14 - - [20/Jan/2022:11:03:04 +0800] "GET /xingrg/all/function/internal_message.html?_=1642647780759&CODE_STATE=getMsg HTTP/1.1" 200 27
120.253.135.82 - - [20/Jan/2022:11:03:05 +0800] "POST /xingrg/kc/pszx/mdps_order_operate.html HTTP/1.1" 200 7126
120.253.135.82 - - [20/Jan/2022:11:03:05 +0800] "GET /xingrg/javascript/easyui/themes/default/validatebox.css HTTP/1.1" 404 1104
124.78.156.14 - - [20/Jan/2022:11:03:06 +0800] "POST /xingrg/dwr/call/plaincall/AjaxQqpsService.getMaterielByCode.dwr HTTP/1.1" 200 2724
124.78.156.14 - - [20/Jan/2022:11:03:08 +0800] "POST /xingrg/dwr/call/plaincall/AjaxQqpsService.saveMaterielItem.dwr HTTP/1.1" 200 79
180.152.99.73 - - [20/Jan/2022:11:03:09 +0800] "POST /xingrg/kc/base/wldb_order_operate.html HTTP/1.1" 200 37
180.152.99.73 - - [20/Jan/2022:11:03:11 +0800] "GET /xingrg/check_reg.html?_=1642647790558 HTTP/1.1" 200 22
180.152.99.73 - - [20/Jan/2022:11:03:11 +0800] "GET /xingrg/all/function/internal_message.html?_=1642647790563&CODE_STATE=getMsg HTTP/1.1" 200 27
222.70.243.96 - - [20/Jan/2022:11:03:11 +0800] "GET /xingrg/kc/buy/cgsh_order_operate.html?command=get_materiel&rest_code=00146&code=00101008233&supplier_code=00100005&order_time=2022-01-20 HTTP/1.1" 200 408
120.253.135.82 - - [20/Jan/2022:11:03:11 +0800] "POST /xingrg/all/common/load_combo.html?type=base HTTP/1.1" 200 1075
180.152.99.73 - - [20/Jan/2022:11:03:11 +0800] "POST /xingrg/kc/base/wldb_order_operate.html HTTP/1.1" 200 12
180.152.99.73 - - [20/Jan/2022:11:03:11 +0800] "POST /xingrg/kc/base/wldb_order_operate.html HTTP/1.1" 200 9743
222.70.243.96 - - [20/Jan/2022:11:03:12 +0800] "GET /xingrg/all/function/internal_message.html?_=1642647794733&CODE_STATE=getMsg HTTP/1.1" 200 27
180.152.99.39 - - [20/Jan/2022:11:03:14 +0800] "GET /xingrg/all/function/internal_message.html?_=1642647725897&CODE_STATE=getMsg HTTP/1.1" 200 27
180.169.147.146 - - [20/Jan/2022:11:03:16 +0800] "GET /xingrg/all/function/internal_message.html?_=1642647793872&CODE_STATE=getMsg HTTP/1.1" 200 27
114.86.224.130 - - [20/Jan/2022:11:03:16 +0800] "GET /xingrg/kc/buy/cgsh_order_operate.html?command=get_materiel&rest_code=00109&code=00101006110&supplier_code=00100015&order_time=2022-01-20 HTTP/1.1" 200 408
124.78.156.14 - - [20/Jan/2022:11:03:16 +0800] "POST /xingrg/dwr/call/plaincall/AjaxQqpsService.getMaterielByCode.dwr HTTP/1.1" 200 2730
114.95.98.1 - - [20/Jan/2022:11:03:17 +0800] "GET /xingrg/kc/base/wldb_order_operate.html?command=get_materiel&rest_code=00102&base_code=0010476&code=00101019108 HTTP/1.1" 200 463
180.152.99.73 - - [20/Jan/2022:11:03:19 +0800] "GET /xingrg/kc/base/wldb_order_info.html?code=422022012002605 HTTP/1.1" 200 26161
124.78.156.14 - - [20/Jan/2022:11:03:19 +0800] "POST /xingrg/dwr/call/plaincall/AjaxQqpsService.saveMaterielItem.dwr HTTP/1.1" 200 79
180.152.99.73 - - [20/Jan/2022:11:03:19 +0800] "GET /xingrg/words/20220120091010_words.js HTTP/1.1" 304 -
180.152.99.73 - - [20/Jan/2022:11:03:19 +0800] "GET /xingrg/javascript/easyui/themes/default/validatebox.css HTTP/1.1" 404 1104
180.152.99.73 - - [20/Jan/2022:11:03:19 +0800] "POST /xingrg/kc/base/wldb_order_operate.html HTTP/1.1" 200 7854
114.86.224.130 - - [20/Jan/2022:11:03:22 +0800] "GET /xingrg/kc/buy/cgsh_order_operate.html?command=get_materiel&rest_code=00109&code=00101006056&supplier_code=00100015&order_time=2022-01-20 HTTP/1.1" 200 413
124.78.156.14 - - [20/Jan/2022:11:03:23 +0800] "POST /xingrg/dwr/call/plaincall/AjaxQqpsService.getMaterielByCode.dwr HTTP/1.1" 200 2679
61.151.178.177 - - [20/Jan/2022:11:03:24 +0800] "GET /xingrg/kc/buy/cgsh_order_operate.html?command=get_materiel&rest_code=00106&code=00101008352&supplier_code=00100007&order_time=2022-01-20 HTTP/1.1" 302 -
61.151.178.177 - - [20/Jan/2022:11:03:25 +0800] "GET /xingrg/login.html HTTP/1.1" 200 7641
120.253.135.82 - - [20/Jan/2022:11:03:25 +0800] "GET /xingrg/kc/pszx/mdps_order_operate.html?command=get_materiel&pszx_code=00101&rest_code=00105&base_code=0010250&code=00102003629 HTTP/1.1" 200 424
124.78.156.14 - - [20/Jan/2022:11:03:25 +0800] "POST /xingrg/dwr/call/plaincall/AjaxQqpsService.saveMaterielItem.dwr HTTP/1.1" 200 79
58.37.10.95 - - [20/Jan/2022:11:03:25 +0800] "GET /xingrg/all/function/internal_message.html?_=1642647601120&CODE_STATE=getMsg HTTP/1.1" 200 27
58.39.168.32 - - [20/Jan/2022:11:03:30 +0800] "GET /xingrg/all/function/internal_message.html?_=1642647746524&CODE_STATE=getMsg HTTP/1.1" 200 27
114.86.224.130 - - [20/Jan/2022:11:03:32 +0800] "GET /xingrg/kc/buy/cgsh_order_operate.html?command=get_materiel&rest_code=00109&code=00101006109&supplier_code=00100015&order_time=2022-01-20 HTTP/1.1" 200 409
180.157.251.97 - - [20/Jan/2022:11:03:32 +0800] "GET /xingrg/check_reg.html?_=1642647811318 HTTP/1.1" 302 -
124.78.156.14 - - [20/Jan/2022:11:03:33 +0800] "POST /xingrg/dwr/call/plaincall/AjaxQqpsService.getMaterielByCode.dwr HTTP/1.1" 200 2715
120.253.135.82 - - [20/Jan/2022:11:03:35 +0800] "GET /xingrg/kc/pszx/mdps_order_operate.html?command=get_materiel&pszx_code=00101&rest_code=00105&base_code=0010250&code=00102008024 HTTP/1.1" 200 435
124.78.156.14 - - [20/Jan/2022:11:03:35 +0800] "POST /xingrg/dwr/call/plaincall/AjaxQqpsService.saveMaterielItem.dwr HTTP/1.1" 200 79
124.79.247.218 - - [20/Jan/2022:11:03:36 +0800] "GET /xingrg/all/function/internal_message.html?_=1642647857250&CODE_STATE=getMsg HTTP/1.1" 200 27
58.39.168.32 - - [20/Jan/2022:11:03:37 +0800] "GET /xingrg/all/function/internal_message.html?_=1642647816827&CODE_STATE=getMsg HTTP/1.1" 200 27
114.86.224.130 - - [20/Jan/2022:11:03:37 +0800] "GET /xingrg/kc/buy/cgsh_order_operate.html?command=get_materiel&rest_code=00109&code=00101006056&supplier_code=00100015&order_time=2022-01-20 HTTP/1.1" 200 413
124.78.156.14 - - [20/Jan/2022:11:03:39 +0800] "GET /xingrg/check_reg.html?_=1642647815041 HTTP/1.1" 200 22
61.151.178.163 - - [20/Jan/2022:11:03:39 +0800] "GET /xingrg/all/function/internal_message.html?_=1642644995162&CODE_STATE=getMsg HTTP/1.1" 302 -
61.151.178.163 - - [20/Jan/2022:11:03:41 +0800] "GET /xingrg/login.html HTTP/1.1" 200 7641
114.95.98.1 - - [20/Jan/2022:11:03:42 +0800] "GET /xingrg/all/function/internal_message.html?_=1642647840415&CODE_STATE=getMsg HTTP/1.1" 200 27
124.78.156.14 - - [20/Jan/2022:11:03:44 +0800] "POST /xingrg/dwr/call/plaincall/AjaxQqpsService.getMaterielByCode.dwr HTTP/1.1" 200 2717
124.78.156.14 - - [20/Jan/2022:11:03:47 +0800] "POST /xingrg/dwr/call/plaincall/AjaxQqpsService.saveMaterielItem.dwr HTTP/1.1" 200 79
222.70.178.207 - - [20/Jan/2022:11:03:47 +0800] "POST /xingrg/dwr/call/plaincall/AjaxQqpsService.checkOrder.dwr HTTP/1.1" 200 78
222.70.178.207 - - [20/Jan/2022:11:03:48 +0800] "GET /xingrg/kc/mdqp/qqps_order_info.html?code=302022012000511 HTTP/1.1" 200 26482
222.70.178.207 - - [20/Jan/2022:11:03:48 +0800] "GET /xingrg/dwr/interface/AjaxQqpsService.js HTTP/1.1" 200 16326
222.70.178.207 - - [20/Jan/2022:11:03:48 +0800] "GET /xingrg/dwr/interface/AjaxComOrderService.js HTTP/1.1" 200 18264
222.70.178.207 - - [20/Jan/2022:11:03:48 +0800] "GET /xingrg/dwr/engine.js HTTP/1.1" 200 43631
222.70.178.207 - - [20/Jan/2022:11:03:49 +0800] "POST /xingrg/dwr/call/plaincall/AjaxQqpsService.loadMaterielItems.dwr HTTP/1.1" 200 714
120.253.135.82 - - [20/Jan/2022:11:03:51 +0800] "GET /xingrg/kc/pszx/mdps_order_operate.html?command=get_materiel&pszx_code=00101&rest_code=00105&base_code=0010250&code=00102012010 HTTP/1.1" 200 439
222.70.178.207 - - [20/Jan/2022:11:03:51 +0800] "GET /xingrg/all/function/internal_message.html?_=1642647830338&CODE_STATE=getMsg HTTP/1.1" 200 27
120.253.135.82 - - [20/Jan/2022:11:03:51 +0800] "GET /xingrg/check_reg.html?_=1642647618477 HTTP/1.1" 200 22
124.78.156.14 - - [20/Jan/2022:11:03:52 +0800] "POST /xingrg/dwr/call/plaincall/AjaxQqpsService.getMaterielByCode.dwr HTTP/1.1" 200 2755
61.151.178.163 - - [20/Jan/2022:11:03:53 +0800] "GET /xingrg/kc/buy/cgsh_order_operate.html?command=get_materiel&rest_code=00106&code=00101008264&supplier_code=00100007&order_time=2022-01-20 HTTP/1.1" 302 -
114.86.224.130 - - [20/Jan/2022:11:03:53 +0800] "GET /xingrg/kc/buy/cgsh_order_operate.html?command=get_materiel&rest_code=00109&code=00101006127&supplier_code=00100015&order_time=2022-01-20 HTTP/1.1" 200 423
222.70.217.149 - - [20/Jan/2022:11:03:53 +0800] "GET /xingrg/all/function/internal_message.html?_=1642647814134&CODE_STATE=getMsg HTTP/1.1" 200 27
114.86.224.130 - - [20/Jan/2022:11:03:53 +0800] "GET /xingrg/all/function/internal_message.html?_=1642647832178&CODE_STATE=getMsg HTTP/1.1" 200 27
222.70.178.207 - - [20/Jan/2022:11:03:53 +0800] "GET /xingrg/check_reg.html?_=1642647832367 HTTP/1.1" 200 22
61.151.178.163 - - [20/Jan/2022:11:03:54 +0800] "GET /xingrg/login.html HTTP/1.1" 200 7641
120.253.135.82 - - [20/Jan/2022:11:03:54 +0800] "GET /xingrg/all/function/internal_message.html?_=1642647621301&CODE_STATE=getMsg HTTP/1.1" 200 27
124.78.156.14 - - [20/Jan/2022:11:03:55 +0800] "POST /xingrg/dwr/call/plaincall/AjaxQqpsService.saveMaterielItem.dwr HTTP/1.1" 200 79
114.95.98.1 - - [20/Jan/2022:11:03:57 +0800] "POST /xingrg/kc/base/wldb_order_operate.html HTTP/1.1" 200 37
114.95.98.1 - - [20/Jan/2022:11:03:59 +0800] "POST /xingrg/kc/base/wldb_order_operate.html HTTP/1.1" 200 12
114.95.98.1 - - [20/Jan/2022:11:03:59 +0800] "POST /xingrg/kc/base/wldb_order_operate.html HTTP/1.1" 200 7215
124.78.156.14 - - [20/Jan/2022:11:04:02 +0800] "POST /xingrg/dwr/call/plaincall/AjaxQqpsService.getMaterielByCode.dwr HTTP/1.1" 200 2716
114.86.224.130 - - [20/Jan/2022:11:04:03 +0800] "GET /xingrg/kc/buy/cgsh_order_operate.html?command=get_materiel&rest_code=00109&code=00101006110&supplier_code=00100015&order_time=2022-01-20 HTTP/1.1" 200 408
124.78.156.14 - - [20/Jan/2022:11:04:04 +0800] "POST /xingrg/dwr/call/plaincall/AjaxQqpsService.saveMaterielItem.dwr HTTP/1.1" 200 79
124.78.156.14 - - [20/Jan/2022:11:04:04 +0800] "GET /xingrg/all/function/internal_message.html?_=1642647845165&CODE_STATE=getMsg HTTP/1.1" 200 27
124.78.156.14 - - [20/Jan/2022:11:04:05 +0800] "GET /xingrg/all/function/internal_message.html?_=1642647840972&CODE_STATE=getMsg HTTP/1.1" 200 27
114.86.224.130 - - [20/Jan/2022:11:04:09 +0800] "GET /xingrg/kc/buy/cgsh_order_operate.html?command=get_materiel&rest_code=00109&code=00101006062&supplier_code=00100015&order_time=2022-01-20 HTTP/1.1" 200 409
120.253.135.82 - - [20/Jan/2022:11:04:10 +0800] "GET /xingrg/kc/pszx/mdps_order_operate.html?command=get_materiel&pszx_code=00101&rest_code=00105&base_code=0010250&code=00101020001 HTTP/1.1" 200 446
180.152.99.73 - - [20/Jan/2022:11:04:11 +0800] "GET /xingrg/all/function/internal_message.html?_=1642647850569&CODE_STATE=getMsg HTTP/1.1" 200 27
124.78.156.14 - - [20/Jan/2022:11:04:11 +0800] "POST /xingrg/dwr/call/plaincall/AjaxQqpsService.getMaterielByCode.dwr HTTP/1.1" 200 2683
222.70.243.96 - - [20/Jan/2022:11:04:12 +0800] "GET /xingrg/all/function/internal_message.html?_=1642647854748&CODE_STATE=getMsg HTTP/1.1" 200 27
124.78.156.14 - - [20/Jan/2022:11:04:13 +0800] "POST /xingrg/dwr/call/plaincall/AjaxQqpsService.saveMaterielItem.dwr HTTP/1.1" 200 79
180.152.99.39 - - [20/Jan/2022:11:04:14 +0800] "GET /xingrg/check_reg.html?_=1642647784928 HTTP/1.1" 200 22
180.152.99.39 - - [20/Jan/2022:11:04:14 +0800] "GET /xingrg/all/function/internal_message.html?_=1642647785911&CODE_STATE=getMsg HTTP/1.1" 200 27
114.86.224.130 - - [20/Jan/2022:11:04:15 +0800] "GET /xingrg/kc/buy/cgsh_order_operate.html?command=get_materiel&rest_code=00109&code=00101006180&supplier_code=00100015&order_time=2022-01-20 HTTP/1.1" 200 423
180.169.147.146 - - [20/Jan/2022:11:04:16 +0800] "GET /xingrg/all/function/internal_message.html?_=1642647853858&CODE_STATE=getMsg HTTP/1.1" 200 27
222.70.178.207 - - [20/Jan/2022:11:04:17 +0800] "GET /xingrg/kc/buy/buy_main.html HTTP/1.1" 200 12412
222.70.178.207 - - [20/Jan/2022:11:04:17 +0800] "GET /xingrg/css/new_ie.css HTTP/1.1" 404 1036
124.78.156.14 - - [20/Jan/2022:11:04:17 +0800] "POST /xingrg/dwr/call/plaincall/AjaxQqpsService.getMaterielByCode.dwr HTTP/1.1" 200 2724
222.70.178.207 - - [20/Jan/2022:11:04:17 +0800] "GET /xingrg/images/yd/bt.gif HTTP/1.1" 404 1040
222.70.178.207 - - [20/Jan/2022:11:04:18 +0800] "GET /xingrg/kc/buy/cgsh_order_list.html HTTP/1.1" 200 49588
114.95.98.1 - - [20/Jan/2022:11:04:19 +0800] "GET /xingrg/kc/base/wldb_order_info.html?code=422022012002606 HTTP/1.1" 200 26147
124.78.156.14 - - [20/Jan/2022:11:04:20 +0800] "POST /xingrg/dwr/call/plaincall/AjaxQqpsService.saveMaterielItem.dwr HTTP/1.1" 200 79
120.253.135.82 - - [20/Jan/2022:11:04:22 +0800] "GET /xingrg/kc/pszx/mdps_order_operate.html?command=get_materiel&pszx_code=00101&rest_code=00105&base_code=0010250&code=00101034136 HTTP/1.1" 200 420
114.95.98.1 - - [20/Jan/2022:11:04:22 +0800] "POST /xingrg/kc/base/wldb_order_operate.html HTTP/1.1" 200 5399
114.95.98.1 - - [20/Jan/2022:11:04:22 +0800] "GET /xingrg/javascript/easyui/themes/default/validatebox.css HTTP/1.1" 404 1104
222.70.243.96 - - [20/Jan/2022:11:04:22 +0800] "POST /xingrg/kc/buy/cgsh_order_operate.html HTTP/1.1" 200 37
114.86.224.130 - - [20/Jan/2022:11:04:23 +0800] "GET /xingrg/kc/buy/cgsh_order_operate.html?command=get_materiel&rest_code=00109&code=00101006029&supplier_code=00100015&order_time=2022-01-20 HTTP/1.1" 200 409
222.70.243.96 - - [20/Jan/2022:11:04:25 +0800] "POST /xingrg/kc/buy/cgsh_order_operate.html HTTP/1.1" 200 51702
58.37.10.95 - - [20/Jan/2022:11:04:25 +0800] "GET /xingrg/all/function/internal_message.html?_=1642647661144&CODE_STATE=getMsg HTTP/1.1" 200 27
222.70.243.96 - - [20/Jan/2022:11:04:28 +0800] "GET /xingrg/kc/print/load_data.html?order_code=212022012009867&kc_code=cgsh&condition= HTTP/1.1" 200 19221
222.70.178.207 - - [20/Jan/2022:11:04:29 +0800] "POST /xingrg/kc/buy/cgsh_list_operate.html HTTP/1.1" 200 3495
61.151.207.141 - - [20/Jan/2022:11:04:30 +0800] "GET /xingrg/kc/buy/cgsh_order_operate.html?command=get_materiel&rest_code=00106&code=00101008223&supplier_code=00100007&order_time=2022-01-20 HTTP/1.1" 302 -
114.86.224.130 - - [20/Jan/2022:11:04:30 +0800] "GET /xingrg/kc/buy/cgsh_order_operate.html?command=get_materiel&rest_code=00109&code=00101006055&supplier_code=00100015&order_time=2022-01-20 HTTP/1.1" 200 409
58.39.168.32 - - [20/Jan/2022:11:04:30 +0800] "GET /xingrg/all/function/internal_message.html?_=1642647806524&CODE_STATE=getMsg HTTP/1.1" 200 27
61.151.207.141 - - [20/Jan/2022:11:04:31 +0800] "GET /xingrg/login.html HTTP/1.1" 200 7641
222.70.178.207 - - [20/Jan/2022:11:04:33 +0800] "GET /xingrg/kc/buy/cgsh_order_add.html HTTP/1.1" 200 65319
222.70.178.207 - - [20/Jan/2022:11:04:33 +0800] "POST /xingrg/kc/buy/cgsh_order_operate.html HTTP/1.1" 200 8245
222.70.178.207 - - [20/Jan/2022:11:04:33 +0800] "GET /xingrg/javascript/easyui/themes/default/validatebox.css HTTP/1.1" 404 1104
120.253.135.82 - - [20/Jan/2022:11:04:34 +0800] "GET /xingrg/kc/pszx/mdps_order_operate.html?command=get_materiel&pszx_code=00101&rest_code=00105&base_code=0010250&code=00101034024 HTTP/1.1" 200 437
124.79.247.218 - - [20/Jan/2022:11:04:36 +0800] "GET /xingrg/all/function/internal_message.html?_=1642647917479&CODE_STATE=getMsg HTTP/1.1" 200 27
58.39.168.32 - - [20/Jan/2022:11:04:37 +0800] "GET /xingrg/all/function/internal_message.html?_=1642647876827&CODE_STATE=getMsg HTTP/1.1" 200 27
114.95.98.1 - - [20/Jan/2022:11:04:42 +0800] "GET /xingrg/all/function/internal_message.html?_=1642647900427&CODE_STATE=getMsg HTTP/1.1" 200 27
120.253.135.82 - - [20/Jan/2022:11:04:42 +0800] "POST /xingrg/kc/pszx/mdps_order_operate.html HTTP/1.1" 200 37
124.78.156.14 - - [20/Jan/2022:11:04:42 +0800] "POST /xingrg/dwr/call/plaincall/AjaxQqpsService.saveOrder.dwr HTTP/1.1" 200 79
124.78.156.14 - - [20/Jan/2022:11:04:47 +0800] "POST /xingrg/dwr/call/plaincall/AjaxQqpsService.saveOrder.dwr HTTP/1.1" 200 79
120.253.135.82 - - [20/Jan/2022:11:04:48 +0800] "GET /xingrg/kc/pszx/mdps_order_info.html?code=312022012000695 HTTP/1.1" 200 23925
120.253.135.82 - - [20/Jan/2022:11:04:49 +0800] "GET /xingrg/javascript/easyui/themes/default/validatebox.css HTTP/1.1" 404 1104
120.253.135.82 - - [20/Jan/2022:11:04:49 +0800] "POST /xingrg/kc/pszx/mdps_order_operate.html HTTP/1.1" 200 4735
222.70.178.207 - - [20/Jan/2022:11:04:51 +0800] "GET /xingrg/all/function/internal_message.html?_=1642647890318&CODE_STATE=getMsg HTTP/1.1" 200 27
114.86.224.130 - - [20/Jan/2022:11:04:52 +0800] "GET /xingrg/kc/buy/cgsh_order_operate.html?command=get_materiel&rest_code=00109&code=00101006144&supplier_code=00100015&order_time=2022-01-20 HTTP/1.1" 200 409
222.70.217.149 - - [20/Jan/2022:11:04:53 +0800] "GET /xingrg/check_reg.html?_=1642647874138 HTTP/1.1" 200 22
222.70.217.149 - - [20/Jan/2022:11:04:53 +0800] "GET /xingrg/all/function/internal_message.html?_=1642647874135&CODE_STATE=getMsg HTTP/1.1" 200 27
