58.37.10.95 - - [17/Jan/2022:10:43:41 +0800] "POST /xingrg/kc/buy/cgsh_list_operate.html HTTP/1.1" 200 343
58.37.10.95 - - [17/Jan/2022:10:43:42 +0800] "GET /xingrg/kc/buy/cgsh_order_info.html?code=212022011708109 HTTP/1.1" 200 60313
58.37.10.95 - - [17/Jan/2022:10:43:42 +0800] "GET /xingrg/javascript/easyui/themes/default/validatebox.css HTTP/1.1" 404 1104
58.37.10.95 - - [17/Jan/2022:10:43:43 +0800] "POST /xingrg/kc/buy/cgsh_order_operate.html HTTP/1.1" 200 1780
58.37.10.95 - - [17/Jan/2022:10:43:45 +0800] "GET /xingrg/kc/print/load_config.html?kc_code=cgsh HTTP/1.1" 200 1943
58.37.10.95 - - [17/Jan/2022:10:43:45 +0800] "GET /xingrg/kc/print/load_data.html?order_code=212022011708109&kc_code=cgsh&condition= HTTP/1.1" 200 1224
124.78.156.14 - - [17/Jan/2022:10:43:49 +0800] "GET /xingrg/kc/base/wldb_order_operate.html?command=get_materiel&rest_code=00106&base_code=0010396&code=00101016044 HTTP/1.1" 200 466
124.78.156.14 - - [17/Jan/2022:10:43:50 +0800] "GET /xingrg/kc/buy/cgsh_order_operate.html?command=get_materiel&rest_code=00106&code=00101008298&supplier_code=00100007&order_time=2022-01-17 HTTP/1.1" 200 413
58.37.10.95 - - [17/Jan/2022:10:43:52 +0800] "GET /xingrg/kc/buy/cgsh_order_add.html HTTP/1.1" 200 65404
116.232.54.78 - - [17/Jan/2022:10:43:52 +0800] "GET /xingrg/all/function/internal_message.html?_=1642387432665&CODE_STATE=getMsg HTTP/1.1" 200 27
58.37.10.95 - - [17/Jan/2022:10:43:52 +0800] "POST /xingrg/kc/buy/cgsh_order_operate.html HTTP/1.1" 200 8245
58.37.10.95 - - [17/Jan/2022:10:43:52 +0800] "GET /xingrg/all/common/auto_word.html?type=employee&rest_code=00141 HTTP/1.1" 200 201
58.37.10.95 - - [17/Jan/2022:10:43:52 +0800] "GET /xingrg/javascript/easyui/themes/default/validatebox.css HTTP/1.1" 404 1104
58.37.10.95 - - [17/Jan/2022:10:43:52 +0800] "GET /xingrg/all/common/auto_word.html?type=employee&rest_code=00141 HTTP/1.1" 200 201
58.37.10.95 - - [17/Jan/2022:10:43:57 +0800] "GET /xingrg/javascript/auto/indicator.gif HTTP/1.1" 404 1066
124.78.156.14 - - [17/Jan/2022:10:43:58 +0800] "GET /xingrg/kc/base/wldb_order_operate.html?command=get_materiel&rest_code=00106&base_code=0010396&code=00101019315 HTTP/1.1" 200 461
101.80.229.199 - - [17/Jan/2022:10:44:03 +0800] "GET /xingrg/all/function/internal_message.html?_=1642387443474&CODE_STATE=getMsg HTTP/1.1" 200 27
124.78.156.14 - - [17/Jan/2022:10:44:06 +0800] "GET /xingrg/check_reg.html?_=1642387445603 HTTP/1.1" 200 22
124.78.156.14 - - [17/Jan/2022:10:44:06 +0800] "GET /xingrg/all/function/internal_message.html?_=1642387445680&CODE_STATE=getMsg HTTP/1.1" 200 27
222.70.243.96 - - [17/Jan/2022:10:44:06 +0800] "GET /xingrg/check_reg.html?_=1642387438991 HTTP/1.1" 200 22
124.78.156.14 - - [17/Jan/2022:10:44:07 +0800] "GET /xingrg/check_reg.html?_=1642387446821 HTTP/1.1" 200 22
124.78.156.14 - - [17/Jan/2022:10:44:07 +0800] "GET /xingrg/all/function/internal_message.html?_=1642387446826&CODE_STATE=getMsg HTTP/1.1" 200 27
114.83.222.182 - - [17/Jan/2022:10:44:08 +0800] "GET /xingrg/all/function/internal_message.html?_=1642387447631&CODE_STATE=getMsg HTTP/1.1" 200 27
114.83.222.182 - - [17/Jan/2022:10:44:08 +0800] "GET /xingrg/check_reg.html?_=1642387447633 HTTP/1.1" 200 22
222.70.243.96 - - [17/Jan/2022:10:44:09 +0800] "GET /xingrg/all/function/internal_message.html?_=1642387441185&CODE_STATE=getMsg HTTP/1.1" 200 27
101.85.55.123 - - [17/Jan/2022:10:44:09 +0800] "GET /xingrg/all/function/internal_message.html?_=1642387447275&CODE_STATE=getMsg HTTP/1.1" 200 27
58.37.10.95 - - [17/Jan/2022:10:44:10 +0800] "GET /xingrg/kc/buy/cgsh_order_operate.html?command=get_materiel&rest_code=00141&code=00101011005&supplier_code=00100036&order_time=2022-01-17 HTTP/1.1" 200 428
222.70.178.207 - - [17/Jan/2022:10:44:13 +0800] "GET /xingrg/all/function/internal_message.html?_=1642387453297&CODE_STATE=getMsg HTTP/1.1" 200 27
124.78.156.14 - - [17/Jan/2022:10:44:13 +0800] "GET /xingrg/kc/buy/cgsh_order_operate.html?command=get_materiel&rest_code=00106&code=00101008242&supplier_code=00100007&order_time=2022-01-17 HTTP/1.1" 200 408
222.70.243.96 - - [17/Jan/2022:10:44:14 +0800] "GET /xingrg/kc/buy/cgsh_order_operate.html?command=get_materiel&rest_code=00146&code=00101007032&supplier_code=00100002&order_time=2022-01-17 HTTP/1.1" 200 413
124.78.156.14 - - [17/Jan/2022:10:44:15 +0800] "GET /xingrg/kc/base/wldb_order_operate.html?command=get_materiel&rest_code=00106&base_code=0010396&code=00101019195 HTTP/1.1" 200 461
222.70.178.207 - - [17/Jan/2022:10:44:21 +0800] "GET /xingrg/kc/buy/cgsh_order_operate.html?command=get_materiel&rest_code=00111&code=00101008261&supplier_code=00100005&order_time=2022-01-17 HTTP/1.1" 200 408
58.37.10.95 - - [17/Jan/2022:10:44:21 +0800] "GET /xingrg/kc/buy/cgsh_order_operate.html?command=get_materiel&rest_code=00141&code=00101016025&supplier_code=00100036&order_time=2022-01-17 HTTP/1.1" 200 408
58.37.10.95 - - [17/Jan/2022:10:44:21 +0800] "GET /xingrg/all/function/internal_message.html?_=1642387259723&CODE_STATE=getMsg HTTP/1.1" 200 27
124.78.156.14 - - [17/Jan/2022:10:44:21 +0800] "GET /xingrg/kc/buy/cgsh_order_operate.html?command=get_materiel&rest_code=00106&code=00101011001&supplier_code=00100007&order_time=2022-01-17 HTTP/1.1" 200 423
58.39.168.32 - - [17/Jan/2022:10:44:21 +0800] "GET /xingrg/all/function/internal_message.html?_=1642387462195&CODE_STATE=getMsg HTTP/1.1" 200 27
58.39.168.32 - - [17/Jan/2022:10:44:21 +0800] "GET /xingrg/check_reg.html?_=1642387462194 HTTP/1.1" 200 22
124.78.156.14 - - [17/Jan/2022:10:44:24 +0800] "POST /xingrg/kc/buy/cgsh_order_operate.html HTTP/1.1" 200 2065
58.37.10.95 - - [17/Jan/2022:10:44:30 +0800] "GET /xingrg/kc/buy/cgsh_order_operate.html?command=get_materiel&rest_code=00141&code=00101012025&supplier_code=00100036&order_time=2022-01-17 HTTP/1.1" 200 412
180.169.147.146 - - [17/Jan/2022:10:44:33 +0800] "GET /xingrg/all/function/internal_message.html?_=1642387472901&CODE_STATE=getMsg HTTP/1.1" 200 27
222.70.217.149 - - [17/Jan/2022:10:44:35 +0800] "GET /xingrg/all/function/internal_message.html?_=1642387463617&CODE_STATE=getMsg HTTP/1.1" 200 27
222.70.217.149 - - [17/Jan/2022:10:44:35 +0800] "GET /xingrg/check_reg.html?_=1642387463621 HTTP/1.1" 200 22
114.95.98.1 - - [17/Jan/2022:10:44:35 +0800] "GET /xingrg/all/function/internal_message.html?_=1642387496157&CODE_STATE=getMsg HTTP/1.1" 200 27
222.70.178.207 - - [17/Jan/2022:10:44:41 +0800] "GET /xingrg/kc/buy/cgsh_order_operate.html?command=get_materiel&rest_code=00111&code=00101008270&supplier_code=00100005&order_time=2022-01-17 HTTP/1.1" 200 412
124.78.156.14 - - [17/Jan/2022:10:44:44 +0800] "GET /xingrg/kc/buy/cgsh_order_operate.html?command=get_materiel&rest_code=00106&code=00101008323&supplier_code=00100007&order_time=2022-01-17 HTTP/1.1" 200 408
222.70.243.96 - - [17/Jan/2022:10:44:46 +0800] "GET /xingrg/kc/buy/cgsh_order_operate.html?command=get_materiel&rest_code=00146&code=00101007090&supplier_code=00100002&order_time=2022-01-17 HTTP/1.1" 200 413
222.70.178.207 - - [17/Jan/2022:10:44:52 +0800] "GET /xingrg/kc/buy/cgsh_order_operate.html?command=get_materiel&rest_code=00111&code=00101008098&supplier_code=00100005&order_time=2022-01-17 HTTP/1.1" 200 412
116.232.54.78 - - [17/Jan/2022:10:44:52 +0800] "GET /xingrg/all/function/internal_message.html?_=1642387492670&CODE_STATE=getMsg HTTP/1.1" 200 27
101.93.221.215 - - [17/Jan/2022:10:45:01 +0800] "GET /favicon.ico HTTP/1.1" 404 -
101.80.229.199 - - [17/Jan/2022:10:45:03 +0800] "GET /xingrg/all/function/internal_message.html?_=1642387503475&CODE_STATE=getMsg HTTP/1.1" 200 27
124.78.156.14 - - [17/Jan/2022:10:45:06 +0800] "GET /xingrg/kc/base/wldb_order_operate.html?command=get_materiel&rest_code=00106&base_code=0010396&code=00101019247 HTTP/1.1" 200 442
222.70.243.96 - - [17/Jan/2022:10:45:06 +0800] "POST /xingrg/kc/buy/cgsh_order_operate.html HTTP/1.1" 200 37
124.78.156.14 - - [17/Jan/2022:10:45:06 +0800] "GET /xingrg/all/function/internal_message.html?_=1642387505661&CODE_STATE=getMsg HTTP/1.1" 200 27
124.78.156.14 - - [17/Jan/2022:10:45:07 +0800] "GET /xingrg/all/function/internal_message.html?_=1642387506808&CODE_STATE=getMsg HTTP/1.1" 200 27
222.70.243.96 - - [17/Jan/2022:10:45:08 +0800] "POST /xingrg/kc/buy/cgsh_order_operate.html HTTP/1.1" 200 5610
114.83.222.182 - - [17/Jan/2022:10:45:08 +0800] "GET /xingrg/all/function/internal_message.html?_=1642387507642&CODE_STATE=getMsg HTTP/1.1" 200 27
222.70.243.96 - - [17/Jan/2022:10:45:09 +0800] "GET /xingrg/all/function/internal_message.html?_=1642387501200&CODE_STATE=getMsg HTTP/1.1" 200 27
101.85.55.123 - - [17/Jan/2022:10:45:09 +0800] "GET /xingrg/all/function/internal_message.html?_=1642387507264&CODE_STATE=getMsg HTTP/1.1" 200 27
124.78.156.14 - - [17/Jan/2022:10:45:10 +0800] "POST /xingrg/kc/buy/cgsh_order_operate.html HTTP/1.1" 200 2065
222.70.243.96 - - [17/Jan/2022:10:45:10 +0800] "GET /xingrg/kc/print/load_data.html?order_code=212022011708110&kc_code=cgsh&condition= HTTP/1.1" 200 1876
222.70.178.207 - - [17/Jan/2022:10:45:13 +0800] "GET /xingrg/check_reg.html?_=1642387513296 HTTP/1.1" 200 22
222.70.178.207 - - [17/Jan/2022:10:45:13 +0800] "GET /xingrg/all/function/internal_message.html?_=1642387513301&CODE_STATE=getMsg HTTP/1.1" 200 27
124.78.156.14 - - [17/Jan/2022:10:45:18 +0800] "GET /xingrg/kc/buy/cgsh_order_operate.html?command=get_materiel&rest_code=00106&code=00101008168&supplier_code=00100007&order_time=2022-01-17 HTTP/1.1" 200 413
58.37.10.95 - - [17/Jan/2022:10:45:21 +0800] "GET /xingrg/all/function/internal_message.html?_=1642387319710&CODE_STATE=getMsg HTTP/1.1" 200 27
58.39.168.32 - - [17/Jan/2022:10:45:21 +0800] "GET /xingrg/all/function/internal_message.html?_=1642387522177&CODE_STATE=getMsg HTTP/1.1" 200 27
58.39.168.32 - - [17/Jan/2022:10:45:24 +0800] "POST /xingrg/kc/buy/cgsh_order_operate.html HTTP/1.1" 200 37
222.70.243.96 - - [17/Jan/2022:10:45:26 +0800] "GET /xingrg/kc/buy/cgsh_order_add.html HTTP/1.1" 200 65363
58.39.168.32 - - [17/Jan/2022:10:45:26 +0800] "POST /xingrg/kc/buy/cgsh_order_operate.html HTTP/1.1" 200 9834
222.70.243.96 - - [17/Jan/2022:10:45:27 +0800] "POST /xingrg/kc/buy/cgsh_order_operate.html HTTP/1.1" 200 8245
222.70.243.96 - - [17/Jan/2022:10:45:27 +0800] "GET /xingrg/javascript/easyui/themes/default/validatebox.css HTTP/1.1" 404 1104
114.95.98.1 - - [17/Jan/2022:10:45:29 +0800] "GET /xingrg/check_reg.html?_=1642387550346 HTTP/1.1" 200 22
124.78.156.14 - - [17/Jan/2022:10:45:31 +0800] "GET /xingrg/kc/buy/cgsh_order_operate.html?command=get_materiel&rest_code=00106&code=00101008114&supplier_code=00100007&order_time=2022-01-17 HTTP/1.1" 200 413
124.78.156.14 - - [17/Jan/2022:10:45:32 +0800] "GET /xingrg/kc/base/wldb_order_operate.html?command=get_materiel&rest_code=00106&base_code=0010396&code=00101019306 HTTP/1.1" 200 463
180.169.147.146 - - [17/Jan/2022:10:45:33 +0800] "GET /xingrg/all/function/internal_message.html?_=1642387532884&CODE_STATE=getMsg HTTP/1.1" 200 27
222.70.217.149 - - [17/Jan/2022:10:45:35 +0800] "GET /xingrg/all/function/internal_message.html?_=1642387523614&CODE_STATE=getMsg HTTP/1.1" 200 27
114.95.98.1 - - [17/Jan/2022:10:45:35 +0800] "GET /xingrg/all/function/internal_message.html?_=1642387556162&CODE_STATE=getMsg HTTP/1.1" 200 27
124.78.156.14 - - [17/Jan/2022:10:45:45 +0800] "GET /xingrg/kc/base/wldb_order_operate.html?command=get_materiel&rest_code=00106&base_code=0010396&code=00101013221 HTTP/1.1" 200 434
58.39.168.32 - - [17/Jan/2022:10:45:45 +0800] "POST /xingrg/kc/buy/cgsh_order_operate.html HTTP/1.1" 200 37
58.39.168.32 - - [17/Jan/2022:10:45:47 +0800] "POST /xingrg/kc/buy/cgsh_order_operate.html HTTP/1.1" 200 9834
58.39.168.32 - - [17/Jan/2022:10:45:48 +0800] "GET /xingrg/kc/print/load_config.html?kc_code=cgsh HTTP/1.1" 200 1943
116.232.54.78 - - [17/Jan/2022:10:45:52 +0800] "GET /xingrg/all/function/internal_message.html?_=1642387552673&CODE_STATE=getMsg HTTP/1.1" 200 27
116.232.54.78 - - [17/Jan/2022:10:45:52 +0800] "GET /xingrg/check_reg.html?_=1642387552673 HTTP/1.1" 200 22
58.39.168.32 - - [17/Jan/2022:10:45:55 +0800] "GET /xingrg/kc/print/load_data.html?order_code=212022011708105&kc_code=cgsh&condition= HTTP/1.1" 200 2278
124.78.156.14 - - [17/Jan/2022:10:45:55 +0800] "POST /xingrg/kc/buy/cgsh_order_operate.html HTTP/1.1" 200 37
124.78.156.14 - - [17/Jan/2022:10:45:57 +0800] "GET /xingrg/kc/base/wldb_order_operate.html?command=get_materiel&rest_code=00106&base_code=0010396&code=00101019079 HTTP/1.1" 200 465
180.157.251.97 - - [17/Jan/2022:10:46:00 +0800] "GET /favicon.ico HTTP/1.1" 404 -
58.39.168.32 - - [17/Jan/2022:10:46:02 +0800] "POST /xingrg/services/DataTransmitService HTTP/1.1" 200 524
58.39.168.32 - - [17/Jan/2022:10:46:02 +0800] "POST /xingrg/kc/buy/cgsh_order_operate.html HTTP/1.1" 200 37
101.80.229.199 - - [17/Jan/2022:10:46:03 +0800] "GET /xingrg/all/function/internal_message.html?_=1642387563478&CODE_STATE=getMsg HTTP/1.1" 200 27
124.78.156.14 - - [17/Jan/2022:10:46:07 +0800] "GET /xingrg/all/function/internal_message.html?_=1642387566817&CODE_STATE=getMsg HTTP/1.1" 200 27
58.39.168.32 - - [17/Jan/2022:10:46:07 +0800] "POST /xingrg/kc/buy/cgsh_order_operate.html HTTP/1.1" 200 9834
114.83.222.182 - - [17/Jan/2022:10:46:08 +0800] "GET /xingrg/all/function/internal_message.html?_=1642387567644&CODE_STATE=getMsg HTTP/1.1" 200 27
222.70.243.96 - - [17/Jan/2022:10:46:09 +0800] "GET /xingrg/all/function/internal_message.html?_=1642387561213&CODE_STATE=getMsg HTTP/1.1" 200 27
101.85.55.123 - - [17/Jan/2022:10:46:09 +0800] "GET /xingrg/all/function/internal_message.html?_=1642387567252&CODE_STATE=getMsg HTTP/1.1" 200 27
58.39.168.32 - - [17/Jan/2022:10:46:12 +0800] "POST /xingrg/services/DataTransmitService HTTP/1.1" 200 501
222.70.178.207 - - [17/Jan/2022:10:46:13 +0800] "GET /xingrg/all/function/internal_message.html?_=1642387573289&CODE_STATE=getMsg HTTP/1.1" 200 27
101.85.55.123 - - [17/Jan/2022:10:46:17 +0800] "GET /xingrg/check_reg.html?_=1642387575120 HTTP/1.1" 200 22
58.39.168.32 - - [17/Jan/2022:10:46:18 +0800] "POST /xingrg/kc/buy/cgsh_order_operate.html HTTP/1.1" 200 37
222.70.243.96 - - [17/Jan/2022:10:46:18 +0800] "GET /xingrg/kc/buy/cgsh_order_operate.html?command=get_materiel&rest_code=00146&code=00101028020&supplier_code=00100017&order_time=2022-01-17 HTTP/1.1" 200 451
58.39.168.32 - - [17/Jan/2022:10:46:19 +0800] "POST /xingrg/kc/buy/cgsh_order_operate.html HTTP/1.1" 200 9834
124.78.156.14 - - [17/Jan/2022:10:46:20 +0800] "GET /xingrg/kc/base/wldb_order_operate.html?command=get_materiel&rest_code=00106&base_code=0010396&code=00101016094 HTTP/1.1" 200 470
58.37.10.95 - - [17/Jan/2022:10:46:21 +0800] "GET /xingrg/all/function/internal_message.html?_=1642387379673&CODE_STATE=getMsg HTTP/1.1" 200 27
58.39.168.32 - - [17/Jan/2022:10:46:22 +0800] "GET /xingrg/all/function/internal_message.html?_=1642387582529&CODE_STATE=getMsg HTTP/1.1" 200 27
58.39.168.32 - - [17/Jan/2022:10:46:25 +0800] "GET /xingrg/index.html?sysBaseUrl=http%3A%2F%2F180.169.147.146%3A18081%2Fxingrg%2F&costTime=36×tamp=1585223203754 HTTP/1.1" 302 -
58.39.168.32 - - [17/Jan/2022:10:46:25 +0800] "GET /xingrg/login.html HTTP/1.1" 200 7641
58.39.168.32 - - [17/Jan/2022:10:46:25 +0800] "GET /favicon.ico HTTP/1.1" 404 -
58.39.168.32 - - [17/Jan/2022:10:46:26 +0800] "POST /xingrg/login.do HTTP/1.1" 200 2421
58.39.168.32 - - [17/Jan/2022:10:46:27 +0800] "GET /favicon.ico HTTP/1.1" 404 -
58.39.168.32 - - [17/Jan/2022:10:46:27 +0800] "GET /xingrg/login.html HTTP/1.1" 200 7641
58.39.168.32 - - [17/Jan/2022:10:46:27 +0800] "GET /favicon.ico HTTP/1.1" 404 -
58.39.168.32 - - [17/Jan/2022:10:46:28 +0800] "POST /xingrg/login.do HTTP/1.1" 302 -
58.39.168.32 - - [17/Jan/2022:10:46:28 +0800] "GET /xingrg/index.html?sysBaseUrl=http%3A%2F%2F180.169.147.146%3A18081%2Fxingrg%2F&costTime=51×tamp=1642387588614 HTTP/1.1" 200 17173
58.39.168.32 - - [17/Jan/2022:10:46:28 +0800] "GET /favicon.ico HTTP/1.1" 404 -
58.39.168.32 - - [17/Jan/2022:10:46:28 +0800] "POST /xingrg/all/common/load_tree.html?tree=area_rest_tree_json&manage=1 HTTP/1.1" 200 3472
58.39.168.32 - - [17/Jan/2022:10:46:28 +0800] "GET /xingrg/all/function/internal_message.html?_=1642387589008&CODE_STATE=count HTTP/1.1" 200 11
58.39.168.32 - - [17/Jan/2022:10:46:28 +0800] "GET /xingrg/check_reg.html?_=1642387589009 HTTP/1.1" 200 22
58.39.168.32 - - [17/Jan/2022:10:46:28 +0800] "POST /xingrg/load_menu.html HTTP/1.1" 200 5138
124.78.156.14 - - [17/Jan/2022:10:46:30 +0800] "GET /xingrg/kc/base/wldb_order_operate.html?command=get_materiel&rest_code=00106&base_code=0010396&code=00101016020 HTTP/1.1" 200 447
180.169.147.146 - - [17/Jan/2022:10:46:33 +0800] "GET /xingrg/all/function/internal_message.html?_=1642387592867&CODE_STATE=getMsg HTTP/1.1" 200 27
222.70.217.149 - - [17/Jan/2022:10:46:35 +0800] "GET /xingrg/all/function/internal_message.html?_=1642387583629&CODE_STATE=getMsg HTTP/1.1" 200 27
114.95.98.1 - - [17/Jan/2022:10:46:35 +0800] "GET /xingrg/all/function/internal_message.html?_=1642387616175&CODE_STATE=getMsg HTTP/1.1" 200 27
58.39.168.32 - - [17/Jan/2022:10:46:39 +0800] "GET /xingrg/kc/buy/cgsh_order_list.html HTTP/1.1" 200 49588
222.70.243.96 - - [17/Jan/2022:10:46:39 +0800] "POST /xingrg/kc/buy/cgsh_order_operate.html HTTP/1.1" 200 37
222.70.243.96 - - [17/Jan/2022:10:46:43 +0800] "POST /xingrg/kc/buy/cgsh_order_operate.html HTTP/1.1" 200 2691
222.70.243.96 - - [17/Jan/2022:10:46:47 +0800] "GET /xingrg/kc/print/load_data.html?order_code=212022011708111&kc_code=cgsh&condition= HTTP/1.1" 200 769
58.39.168.32 - - [17/Jan/2022:10:46:52 +0800] "POST /xingrg/kc/buy/cgsh_list_operate.html HTTP/1.1" 200 3854
116.232.54.78 - - [17/Jan/2022:10:46:52 +0800] "GET /xingrg/all/function/internal_message.html?_=1642387612672&CODE_STATE=getMsg HTTP/1.1" 200 27
124.78.156.14 - - [17/Jan/2022:10:46:55 +0800] "GET /xingrg/kc/base/wldb_order_operate.html?command=get_materiel&rest_code=00106&base_code=0010396&code=00101019492 HTTP/1.1" 200 459
58.39.168.32 - - [17/Jan/2022:10:46:58 +0800] "POST /xingrg/kc/buy/cgsh_list_operate.html HTTP/1.1" 200 594
58.39.168.32 - - [17/Jan/2022:10:46:58 +0800] "GET /xingrg/kc/buy/cgsh_order_info.html?code=212022011708105 HTTP/1.1" 200 65454
58.39.168.32 - - [17/Jan/2022:10:46:58 +0800] "GET /xingrg/all/common/auto_word.html?type=employee&rest_code=00105 HTTP/1.1" 200 193
58.39.168.32 - - [17/Jan/2022:10:46:58 +0800] "GET /xingrg/javascript/easyui/themes/default/validatebox.css HTTP/1.1" 404 1104
58.39.168.32 - - [17/Jan/2022:10:46:58 +0800] "GET /xingrg/all/common/auto_word.html?type=employee&rest_code=00105 HTTP/1.1" 200 193
58.39.168.32 - - [17/Jan/2022:10:47:00 +0800] "POST /xingrg/kc/buy/cgsh_order_operate.html HTTP/1.1" 200 9834
222.70.243.96 - - [17/Jan/2022:10:47:01 +0800] "GET /favicon.ico HTTP/1.1" 404 -
58.39.168.32 - - [17/Jan/2022:10:47:01 +0800] "GET /xingrg/kc/print/load_config.html?kc_code=cgsh HTTP/1.1" 200 1943
58.39.168.32 - - [17/Jan/2022:10:47:01 +0800] "GET /xingrg/kc/print/load_data.html?order_code=212022011708105&kc_code=cgsh&condition= HTTP/1.1" 200 3507
222.70.243.96 - - [17/Jan/2022:10:47:02 +0800] "GET /xingrg/kc/buy/cgsh_order_add.html HTTP/1.1" 200 65363
101.80.229.199 - - [17/Jan/2022:10:47:03 +0800] "GET /xingrg/all/function/internal_message.html?_=1642387623479&CODE_STATE=getMsg HTTP/1.1" 200 27
222.70.243.96 - - [17/Jan/2022:10:47:03 +0800] "POST /xingrg/kc/buy/cgsh_order_operate.html HTTP/1.1" 200 8245
222.70.243.96 - - [17/Jan/2022:10:47:03 +0800] "GET /xingrg/javascript/easyui/themes/default/validatebox.css HTTP/1.1" 404 1104
124.78.156.14 - - [17/Jan/2022:10:47:07 +0800] "GET /xingrg/all/function/internal_message.html?_=1642387626807&CODE_STATE=getMsg HTTP/1.1" 200 27
114.83.222.182 - - [17/Jan/2022:10:47:08 +0800] "GET /xingrg/all/function/internal_message.html?_=1642387627643&CODE_STATE=getMsg HTTP/1.1" 200 27
222.70.243.96 - - [17/Jan/2022:10:47:09 +0800] "GET /xingrg/all/function/internal_message.html?_=1642387621227&CODE_STATE=getMsg HTTP/1.1" 200 27
101.85.55.123 - - [17/Jan/2022:10:47:09 +0800] "GET /xingrg/all/function/internal_message.html?_=1642387627231&CODE_STATE=getMsg HTTP/1.1" 200 27
124.78.156.14 - - [17/Jan/2022:10:47:10 +0800] "GET /xingrg/kc/base/wldb_order_operate.html?command=get_materiel&rest_code=00106&base_code=0010396&code=00101016083 HTTP/1.1" 200 451
222.70.178.207 - - [17/Jan/2022:10:47:13 +0800] "GET /xingrg/all/function/internal_message.html?_=1642387633332&CODE_STATE=getMsg HTTP/1.1" 200 27
222.70.178.207 - - [17/Jan/2022:10:47:18 +0800] "GET /xingrg/kc/buy/cgsh_order_operate.html?command=get_materiel&rest_code=00111&code=00101008027&supplier_code=00100005&order_time=2022-01-17 HTTP/1.1" 200 408
58.37.10.95 - - [17/Jan/2022:10:47:21 +0800] "GET /xingrg/all/function/internal_message.html?_=1642387439644&CODE_STATE=getMsg HTTP/1.1" 200 27
124.78.156.14 - - [17/Jan/2022:10:47:21 +0800] "GET /xingrg/kc/base/wldb_order_operate.html?command=get_materiel&rest_code=00106&base_code=0010396&code=00101019282 HTTP/1.1" 200 458
222.70.243.96 - - [17/Jan/2022:10:47:26 +0800] "GET /xingrg/kc/buy/cgsh_order_operate.html?command=get_materiel&rest_code=00146&code=00101009062&supplier_code=00100023&order_time=2022-01-17 HTTP/1.1" 200 412
58.39.168.32 - - [17/Jan/2022:10:47:28 +0800] "GET /xingrg/all/function/internal_message.html?_=1642387649034&CODE_STATE=getMsg HTTP/1.1" 200 27
180.169.147.146 - - [17/Jan/2022:10:47:33 +0800] "GET /xingrg/all/function/internal_message.html?_=1642387652851&CODE_STATE=getMsg HTTP/1.1" 200 27
222.70.217.149 - - [17/Jan/2022:10:47:35 +0800] "GET /xingrg/all/function/internal_message.html?_=1642387643628&CODE_STATE=getMsg HTTP/1.1" 200 27
114.95.98.1 - - [17/Jan/2022:10:47:35 +0800] "GET /xingrg/all/function/internal_message.html?_=1642387676466&CODE_STATE=getMsg HTTP/1.1" 200 27
222.70.243.96 - - [17/Jan/2022:10:47:44 +0800] "GET /xingrg/kc/buy/cgsh_order_operate.html?command=get_materiel&rest_code=00146&code=00101009018&supplier_code=00100023&order_time=2022-01-17 HTTP/1.1" 200 408
222.70.178.207 - - [17/Jan/2022:10:47:45 +0800] "GET /xingrg/kc/buy/cgsh_order_operate.html?command=get_materiel&rest_code=00111&code=00101008003&supplier_code=00100005&order_time=2022-01-17 HTTP/1.1" 200 408
124.78.156.14 - - [17/Jan/2022:10:47:46 +0800] "GET /xingrg/all/function/internal_message.html?_=1642387665113&CODE_STATE=getMsg HTTP/1.1" 200 27
124.78.156.14 - - [17/Jan/2022:10:47:46 +0800] "POST /xingrg/kc/buy/cgsh_order_operate.html HTTP/1.1" 200 36353
124.78.156.14 - - [17/Jan/2022:10:47:48 +0800] "GET /xingrg/kc/base/wldb_order_operate.html?command=get_materiel&rest_code=00106&base_code=0010396&code=00101019390 HTTP/1.1" 200 455
116.232.54.78 - - [17/Jan/2022:10:47:52 +0800] "GET /xingrg/all/function/internal_message.html?_=1642387672674&CODE_STATE=getMsg HTTP/1.1" 200 27
124.78.156.14 - - [17/Jan/2022:10:47:55 +0800] "GET /xingrg/kc/buy/cgsh_order_operate.html?command=get_materiel&rest_code=00106&code=00102014106&supplier_code=00100007&order_time=2022-01-17 HTTP/1.1" 200 399
222.70.178.207 - - [17/Jan/2022:10:47:57 +0800] "GET /xingrg/kc/buy/cgsh_order_operate.html?command=get_materiel&rest_code=00111&code=00101008356&supplier_code=00100005&order_time=2022-01-17 HTTP/1.1" 200 408
58.37.10.95 - - [17/Jan/2022:10:47:59 +0800] "GET /xingrg/kc/buy/cgsh_order_operate.html?command=get_materiel&rest_code=00141&code=00101016108&supplier_code=00100036&order_time=2022-01-17 HTTP/1.1" 200 412
222.70.243.96 - - [17/Jan/2022:10:48:01 +0800] "GET /xingrg/kc/buy/cgsh_order_operate.html?command=get_materiel&rest_code=00146&code=00101009031&supplier_code=00100023&order_time=2022-01-17 HTTP/1.1" 200 409
172.20.0.100 - - [17/Jan/2022:10:48:03 +0800] "GET /xingrg/check_reg.html?_=1642387682678 HTTP/1.1" 200 22
101.80.229.199 - - [17/Jan/2022:10:48:03 +0800] "GET /xingrg/all/function/internal_message.html?_=1642387683481&CODE_STATE=getMsg HTTP/1.1" 200 27
101.80.229.199 - - [17/Jan/2022:10:48:03 +0800] "GET /xingrg/check_reg.html?_=1642387683483 HTTP/1.1" 200 22
124.78.156.14 - - [17/Jan/2022:10:48:07 +0800] "GET /xingrg/all/function/internal_message.html?_=1642387686810&CODE_STATE=getMsg HTTP/1.1" 200 27
124.78.156.14 - - [17/Jan/2022:10:48:08 +0800] "GET /xingrg/kc/buy/cgsh_order_operate.html?command=get_materiel&rest_code=00106&code=00101015044&supplier_code=00100007&order_time=2022-01-17 HTTP/1.1" 200 409
114.83.222.182 - - [17/Jan/2022:10:48:08 +0800] "GET /xingrg/all/function/internal_message.html?_=1642387687648&CODE_STATE=getMsg HTTP/1.1" 200 27
222.70.243.96 - - [17/Jan/2022:10:48:09 +0800] "GET /xingrg/all/function/internal_message.html?_=1642387681241&CODE_STATE=getMsg HTTP/1.1" 200 27
101.85.55.123 - - [17/Jan/2022:10:48:09 +0800] "GET /xingrg/all/function/internal_message.html?_=1642387687228&CODE_STATE=getMsg HTTP/1.1" 200 27
222.70.178.207 - - [17/Jan/2022:10:48:12 +0800] "GET /xingrg/kc/buy/cgsh_order_operate.html?command=get_materiel&rest_code=00111&code=00101008251&supplier_code=00100005&order_time=2022-01-17 HTTP/1.1" 200 408
58.37.10.95 - - [17/Jan/2022:10:48:13 +0800] "GET /xingrg/kc/buy/cgsh_order_operate.html?command=get_materiel&rest_code=00141&code=00101016013&supplier_code=00100036&order_time=2022-01-17 HTTP/1.1" 200 431
222.70.178.207 - - [17/Jan/2022:10:48:13 +0800] "GET /xingrg/all/function/internal_message.html?_=1642387693302&CODE_STATE=getMsg HTTP/1.1" 200 27
58.37.10.95 - - [17/Jan/2022:10:48:21 +0800] "GET /xingrg/all/function/internal_message.html?_=1642387499680&CODE_STATE=getMsg HTTP/1.1" 200 27
58.37.10.95 - - [17/Jan/2022:10:48:21 +0800] "GET /xingrg/check_reg.html?_=1642387499679 HTTP/1.1" 200 22
222.70.178.207 - - [17/Jan/2022:10:48:22 +0800] "GET /xingrg/kc/buy/cgsh_order_operate.html?command=get_materiel&rest_code=00111&code=00101008196&supplier_code=00100005&order_time=2022-01-17 HTTP/1.1" 200 416
58.37.10.95 - - [17/Jan/2022:10:48:25 +0800] "GET /xingrg/kc/buy/cgsh_order_operate.html?command=get_materiel&rest_code=00141&code=00101012026&supplier_code=00100036&order_time=2022-01-17 HTTP/1.1" 200 408
58.39.168.32 - - [17/Jan/2022:10:48:28 +0800] "GET /xingrg/all/function/internal_message.html?_=1642387709011&CODE_STATE=getMsg HTTP/1.1" 200 27
222.70.178.207 - - [17/Jan/2022:10:48:30 +0800] "GET /xingrg/kc/buy/cgsh_order_operate.html?command=get_materiel&rest_code=00111&code=00101008069&supplier_code=00100005&order_time=2022-01-17 HTTP/1.1" 200 412
124.78.156.14 - - [17/Jan/2022:10:48:31 +0800] "GET /xingrg/kc/base/wldb_order_operate.html?command=get_materiel&rest_code=00106&base_code=0010396&code=00101019071 HTTP/1.1" 200 456
180.169.147.146 - - [17/Jan/2022:10:48:33 +0800] "GET /xingrg/all/function/internal_message.html?_=1642387712834&CODE_STATE=getMsg HTTP/1.1" 200 27
180.169.147.146 - - [17/Jan/2022:10:48:33 +0800] "GET /xingrg/check_reg.html?_=1642387713350 HTTP/1.1" 200 22
222.70.217.149 - - [17/Jan/2022:10:48:35 +0800] "GET /xingrg/all/function/internal_message.html?_=1642387703621&CODE_STATE=getMsg HTTP/1.1" 200 27
114.95.98.1 - - [17/Jan/2022:10:48:35 +0800] "GET /xingrg/all/function/internal_message.html?_=1642387736484&CODE_STATE=getMsg HTTP/1.1" 200 27
58.37.10.95 - - [17/Jan/2022:10:48:40 +0800] "GET /xingrg/kc/buy/cgsh_order_operate.html?command=get_materiel&rest_code=00141&code=00101012040&supplier_code=00100036&order_time=2022-01-17 HTTP/1.1" 200 413
124.78.156.14 - - [17/Jan/2022:10:48:46 +0800] "GET /xingrg/all/function/internal_message.html?_=1642387725178&CODE_STATE=getMsg HTTP/1.1" 200 27
124.78.156.14 - - [17/Jan/2022:10:48:47 +0800] "GET /xingrg/kc/base/wldb_order_operate.html?command=get_materiel&rest_code=00106&base_code=0010396&code=00101019543 HTTP/1.1" 200 470
58.37.10.95 - - [17/Jan/2022:10:48:50 +0800] "GET /xingrg/kc/buy/cgsh_order_operate.html?command=get_materiel&rest_code=00141&code=00101011001&supplier_code=00100036&order_time=2022-01-17 HTTP/1.1" 200 423
222.70.178.207 - - [17/Jan/2022:10:48:52 +0800] "GET /xingrg/kc/buy/cgsh_order_operate.html?command=get_materiel&rest_code=00111&code=00101008286&supplier_code=00100005&order_time=2022-01-17 HTTP/1.1" 200 427
116.232.54.78 - - [17/Jan/2022:10:48:52 +0800] "GET /xingrg/all/function/internal_message.html?_=1642387732677&CODE_STATE=getMsg HTTP/1.1" 200 27
222.70.178.207 - - [17/Jan/2022:10:48:53 +0800] "POST /xingrg/kc/buy/cgsh_order_operate.html HTTP/1.1" 200 2065
124.78.156.14 - - [17/Jan/2022:10:48:58 +0800] "GET /xingrg/kc/buy/cgsh_order_operate.html?command=get_materiel&rest_code=00106&code=00101015039&supplier_code=00100007&order_time=2022-01-17 HTTP/1.1" 200 412
222.70.178.207 - - [17/Jan/2022:10:49:00 +0800] "GET /xingrg/kc/buy/cgsh_order_operate.html?command=get_materiel&rest_code=00111&code=00101008131&supplier_code=00100005&order_time=2022-01-17 HTTP/1.1" 200 408
124.78.156.14 - - [17/Jan/2022:10:49:01 +0800] "GET /xingrg/kc/base/wldb_order_operate.html?command=get_materiel&rest_code=00106&base_code=0010396&code=00101019297 HTTP/1.1" 200 464
124.78.156.14 - - [17/Jan/2022:10:49:01 +0800] "POST /xingrg/kc/buy/cgsh_order_operate.html HTTP/1.1" 200 2065
101.80.229.199 - - [17/Jan/2022:10:49:03 +0800] "GET /xingrg/all/function/internal_message.html?_=1642387743498&CODE_STATE=getMsg HTTP/1.1" 200 27
124.78.156.14 - - [17/Jan/2022:10:49:06 +0800] "GET /xingrg/check_reg.html?_=1642387745564 HTTP/1.1" 200 22
222.70.243.96 - - [17/Jan/2022:10:49:06 +0800] "GET /xingrg/check_reg.html?_=1642387738991 HTTP/1.1" 200 22
124.78.156.14 - - [17/Jan/2022:10:49:07 +0800] "GET /xingrg/all/function/internal_message.html?_=1642387746815&CODE_STATE=getMsg HTTP/1.1" 200 27
124.78.156.14 - - [17/Jan/2022:10:49:07 +0800] "GET /xingrg/check_reg.html?_=1642387746820 HTTP/1.1" 200 22
114.83.222.182 - - [17/Jan/2022:10:49:08 +0800] "GET /xingrg/check_reg.html?_=1642387747651 HTTP/1.1" 200 22
114.83.222.182 - - [17/Jan/2022:10:49:08 +0800] "GET /xingrg/all/function/internal_message.html?_=1642387747656&CODE_STATE=getMsg HTTP/1.1" 200 27
222.70.178.207 - - [17/Jan/2022:10:49:09 +0800] "GET /xingrg/kc/buy/cgsh_order_operate.html?command=get_materiel&rest_code=00111&code=00101008296&supplier_code=00100005&order_time=2022-01-17 HTTP/1.1" 200 416
222.70.243.96 - - [17/Jan/2022:10:49:09 +0800] "GET /xingrg/all/function/internal_message.html?_=1642387741253&CODE_STATE=getMsg HTTP/1.1" 200 27
101.85.55.123 - - [17/Jan/2022:10:49:09 +0800] "GET /xingrg/all/function/internal_message.html?_=1642387747230&CODE_STATE=getMsg HTTP/1.1" 200 27
124.78.156.14 - - [17/Jan/2022:10:49:09 +0800] "GET /xingrg/kc/buy/cgsh_order_operate.html?command=get_materiel&rest_code=00106&code=00101008041&supplier_code=00100007&order_time=2022-01-17 HTTP/1.1" 200 408
222.70.178.207 - - [17/Jan/2022:10:49:13 +0800] "GET /xingrg/all/function/internal_message.html?_=1642387753295&CODE_STATE=getMsg HTTP/1.1" 200 27
124.78.156.14 - - [17/Jan/2022:10:49:16 +0800] "GET /xingrg/kc/base/wldb_order_operate.html?command=get_materiel&rest_code=00106&base_code=0010396&code=00101019551 HTTP/1.1" 200 463
58.37.10.95 - - [17/Jan/2022:10:49:17 +0800] "POST /xingrg/kc/buy/cgsh_order_operate.html HTTP/1.1" 200 37
58.37.10.95 - - [17/Jan/2022:10:49:21 +0800] "GET /xingrg/all/function/internal_message.html?_=1642387559648&CODE_STATE=getMsg HTTP/1.1" 200 27
222.70.178.207 - - [17/Jan/2022:10:49:22 +0800] "GET /xingrg/kc/buy/cgsh_order_operate.html?command=get_materiel&rest_code=00111&code=00101008353&supplier_code=00100005&order_time=2022-01-17 HTTP/1.1" 200 408
124.78.156.14 - - [17/Jan/2022:10:49:22 +0800] "GET /xingrg/kc/buy/cgsh_order_operate.html?command=get_materiel&rest_code=00106&code=00101009030&supplier_code=00100007&order_time=2022-01-17 HTTP/1.1" 200 412
58.37.10.95 - - [17/Jan/2022:10:49:22 +0800] "POST /xingrg/kc/buy/cgsh_order_operate.html HTTP/1.1" 200 12
58.37.10.95 - - [17/Jan/2022:10:49:23 +0800] "GET /xingrg/kc/buy/cgsh_order_info.html?code=212022011708112 HTTP/1.1" 200 60315
58.37.10.95 - - [17/Jan/2022:10:49:23 +0800] "GET /xingrg/javascript/easyui/themes/default/validatebox.css HTTP/1.1" 404 1104
58.37.10.95 - - [17/Jan/2022:10:49:24 +0800] "POST /xingrg/kc/buy/cgsh_order_operate.html HTTP/1.1" 200 4744
58.37.10.95 - - [17/Jan/2022:10:49:25 +0800] "GET /xingrg/kc/print/load_data.html?order_code=212022011708112&kc_code=cgsh&condition= HTTP/1.1" 200 2359
58.39.168.32 - - [17/Jan/2022:10:49:28 +0800] "GET /xingrg/all/function/internal_message.html?_=1642387769011&CODE_STATE=getMsg HTTP/1.1" 200 27
58.37.10.95 - - [17/Jan/2022:10:49:29 +0800] "GET /xingrg/kc/buy/cgsh_order_add.html HTTP/1.1" 200 65404
58.37.10.95 - - [17/Jan/2022:10:49:30 +0800] "POST /xingrg/kc/buy/cgsh_order_operate.html HTTP/1.1" 200 8245
58.37.10.95 - - [17/Jan/2022:10:49:30 +0800] "GET /xingrg/javascript/easyui/themes/default/validatebox.css HTTP/1.1" 404 1104
222.70.178.207 - - [17/Jan/2022:10:49:31 +0800] "GET /xingrg/kc/buy/cgsh_order_operate.html?command=get_materiel&rest_code=00111&code=00101008213&supplier_code=00100005&order_time=2022-01-17 HTTP/1.1" 200 412
124.78.156.14 - - [17/Jan/2022:10:49:31 +0800] "GET /xingrg/kc/base/wldb_order_operate.html?command=get_materiel&rest_code=00106&base_code=0010396&code=00101019056 HTTP/1.1" 200 477
180.169.147.146 - - [17/Jan/2022:10:49:33 +0800] "GET /xingrg/all/function/internal_message.html?_=1642387772819&CODE_STATE=getMsg HTTP/1.1" 200 27
124.78.156.14 - - [17/Jan/2022:10:49:34 +0800] "POST /xingrg/kc/base/wldb_order_operate.html HTTP/1.1" 200 1710
222.70.217.149 - - [17/Jan/2022:10:49:35 +0800] "GET /xingrg/check_reg.html?_=1642387763611 HTTP/1.1" 200 22
222.70.217.149 - - [17/Jan/2022:10:49:35 +0800] "GET /xingrg/all/function/internal_message.html?_=1642387763614&CODE_STATE=getMsg HTTP/1.1" 200 27
114.95.98.1 - - [17/Jan/2022:10:49:36 +0800] "GET /xingrg/all/function/internal_message.html?_=1642387796774&CODE_STATE=getMsg HTTP/1.1" 200 27
124.78.156.14 - - [17/Jan/2022:10:49:39 +0800] "GET /xingrg/kc/buy/cgsh_order_operate.html?command=get_materiel&rest_code=00106&code=00101008137&supplier_code=00100007&order_time=2022-01-17 HTTP/1.1" 200 408
222.70.178.207 - - [17/Jan/2022:10:49:40 +0800] "GET /xingrg/kc/buy/cgsh_order_operate.html?command=get_materiel&rest_code=00111&code=00101008225&supplier_code=00100005&order_time=2022-01-17 HTTP/1.1" 200 416
222.70.178.207 - - [17/Jan/2022:10:49:42 +0800] "POST /xingrg/kc/buy/cgsh_order_operate.html HTTP/1.1" 200 2065
124.78.156.14 - - [17/Jan/2022:10:49:43 +0800] "GET /xingrg/kc/base/wldb_order_operate.html?command=get_materiel&rest_code=00106&base_code=0010396&code=00101016001 HTTP/1.1" 200 458
124.78.156.14 - - [17/Jan/2022:10:49:46 +0800] "GET /xingrg/all/function/internal_message.html?_=1642387785301&CODE_STATE=getMsg HTTP/1.1" 200 27
222.70.178.207 - - [17/Jan/2022:10:49:51 +0800] "GET /xingrg/kc/buy/cgsh_order_operate.html?command=get_materiel&rest_code=00111&code=00101008219&supplier_code=00100005&order_time=2022-01-17 HTTP/1.1" 200 412
116.232.54.78 - - [17/Jan/2022:10:49:52 +0800] "GET /xingrg/all/function/internal_message.html?_=1642387792682&CODE_STATE=getMsg HTTP/1.1" 200 27
58.37.10.95 - - [17/Jan/2022:10:49:59 +0800] "GET /xingrg/kc/buy/cgsh_order_operate.html?command=get_materiel&rest_code=00141&code=00101009045&supplier_code=00100022&order_time=2022-01-17 HTTP/1.1" 200 412
101.80.229.199 - - [17/Jan/2022:10:50:03 +0800] "GET /xingrg/all/function/internal_message.html?_=1642387803482&CODE_STATE=getMsg HTTP/1.1" 200 27
124.78.156.14 - - [17/Jan/2022:10:50:07 +0800] "GET /xingrg/all/function/internal_message.html?_=1642387806819&CODE_STATE=getMsg HTTP/1.1" 200 27
124.78.156.14 - - [17/Jan/2022:10:50:08 +0800] "POST /xingrg/kc/buy/cgsh_order_operate.html HTTP/1.1" 200 37
114.83.222.182 - - [17/Jan/2022:10:50:08 +0800] "GET /xingrg/all/function/internal_message.html?_=1642387807654&CODE_STATE=getMsg HTTP/1.1" 200 27
222.70.243.96 - - [17/Jan/2022:10:50:09 +0800] "GET /xingrg/all/function/internal_message.html?_=1642387801422&CODE_STATE=getMsg HTTP/1.1" 200 27
101.85.55.123 - - [17/Jan/2022:10:50:09 +0800] "GET /xingrg/all/function/internal_message.html?_=1642387807224&CODE_STATE=getMsg HTTP/1.1" 200 27
222.70.178.207 - - [17/Jan/2022:10:50:13 +0800] "GET /xingrg/check_reg.html?_=1642387813299 HTTP/1.1" 200 22
222.70.178.207 - - [17/Jan/2022:10:50:13 +0800] "GET /xingrg/all/function/internal_message.html?_=1642387813296&CODE_STATE=getMsg HTTP/1.1" 200 27
222.70.243.96 - - [17/Jan/2022:10:50:14 +0800] "GET /xingrg/kc/buy/cgsh_order_operate.html?command=get_materiel&rest_code=00146&code=00101009014&supplier_code=00100023&order_time=2022-01-17 HTTP/1.1" 200 413
124.78.156.14 - - [17/Jan/2022:10:50:16 +0800] "POST /xingrg/kc/buy/cgsh_order_operate.html HTTP/1.1" 200 12
58.37.10.95 - - [17/Jan/2022:10:50:17 +0800] "GET /xingrg/kc/buy/cgsh_order_operate.html?command=get_materiel&rest_code=00141&code=00101008418&supplier_code=00100022&order_time=2022-01-17 HTTP/1.1" 200 398
124.78.156.14 - - [17/Jan/2022:10:50:18 +0800] "GET /xingrg/kc/buy/cgsh_order_info.html?code=212022011708103 HTTP/1.1" 200 60315
124.78.156.14 - - [17/Jan/2022:10:50:19 +0800] "GET /xingrg/javascript/easyui/themes/default/validatebox.css HTTP/1.1" 404 1104
124.78.156.14 - - [17/Jan/2022:10:50:20 +0800] "POST /xingrg/kc/buy/cgsh_order_operate.html HTTP/1.1" 200 38423
222.70.178.207 - - [17/Jan/2022:10:50:21 +0800] "GET /xingrg/kc/buy/cgsh_order_operate.html?command=get_materiel&rest_code=00111&code=00101008091&supplier_code=00100005&order_time=2022-01-17 HTTP/1.1" 200 413
58.37.10.95 - - [17/Jan/2022:10:50:21 +0800] "GET /xingrg/all/function/internal_message.html?_=1642387619662&CODE_STATE=getMsg HTTP/1.1" 200 27
124.78.156.14 - - [17/Jan/2022:10:50:21 +0800] "GET /xingrg/kc/print/load_config.html?kc_code=cgsh HTTP/1.1" 200 1943
124.78.156.14 - - [17/Jan/2022:10:50:22 +0800] "GET /xingrg/kc/print/load_data.html?order_code=212022011708103&kc_code=cgsh&condition= HTTP/1.1" 200 15028
58.39.168.32 - - [17/Jan/2022:10:50:28 +0800] "GET /xingrg/all/function/internal_message.html?_=1642387829012&CODE_STATE=getMsg HTTP/1.1" 200 27
114.95.98.1 - - [17/Jan/2022:10:50:29 +0800] "GET /xingrg/check_reg.html?_=1642387850348 HTTP/1.1" 200 22
180.169.147.146 - - [17/Jan/2022:10:50:33 +0800] "GET /xingrg/all/function/internal_message.html?_=1642387832802&CODE_STATE=getMsg HTTP/1.1" 200 27
124.78.156.14 - - [17/Jan/2022:10:50:34 +0800] "GET /xingrg/kc/print/load_data.html?order_code=212022011708103&kc_code=cgsh HTTP/1.1" 200 15028
222.70.217.149 - - [17/Jan/2022:10:50:35 +0800] "GET /xingrg/all/function/internal_message.html?_=1642387823630&CODE_STATE=getMsg HTTP/1.1" 200 27
114.95.98.1 - - [17/Jan/2022:10:50:36 +0800] "GET /xingrg/all/function/internal_message.html?_=1642387856792&CODE_STATE=getMsg HTTP/1.1" 200 27
58.37.10.95 - - [17/Jan/2022:10:50:39 +0800] "POST /xingrg/kc/buy/cgsh_order_operate.html HTTP/1.1" 200 37
222.70.178.207 - - [17/Jan/2022:10:50:41 +0800] "GET /xingrg/kc/buy/cgsh_order_operate.html?command=get_materiel&rest_code=00111&code=00101008337&supplier_code=00100005&order_time=2022-01-17 HTTP/1.1" 200 408
58.37.10.95 - - [17/Jan/2022:10:50:44 +0800] "POST /xingrg/kc/buy/cgsh_order_operate.html HTTP/1.1" 200 12
58.37.10.95 - - [17/Jan/2022:10:50:46 +0800] "GET /xingrg/kc/buy/cgsh_order_info.html?code=212022011708113 HTTP/1.1" 200 60311
58.37.10.95 - - [17/Jan/2022:10:50:46 +0800] "GET /xingrg/javascript/easyui/themes/default/validatebox.css HTTP/1.1" 404 1104
58.37.10.95 - - [17/Jan/2022:10:50:47 +0800] "POST /xingrg/kc/buy/cgsh_order_operate.html HTTP/1.1" 200 1201
58.37.10.95 - - [17/Jan/2022:10:50:48 +0800] "GET /xingrg/kc/print/load_data.html?order_code=212022011708113&kc_code=cgsh&condition= HTTP/1.1" 200 971
116.232.54.78 - - [17/Jan/2022:10:50:52 +0800] "GET /xingrg/all/function/internal_message.html?_=1642387852685&CODE_STATE=getMsg HTTP/1.1" 200 27
116.232.54.78 - - [17/Jan/2022:10:50:52 +0800] "GET /xingrg/check_reg.html?_=1642387852686 HTTP/1.1" 200 22
58.37.10.95 - - [17/Jan/2022:10:50:53 +0800] "GET /xingrg/kc/buy/cgsh_order_add.html HTTP/1.1" 200 65404
58.37.10.95 - - [17/Jan/2022:10:50:54 +0800] "POST /xingrg/kc/buy/cgsh_order_operate.html HTTP/1.1" 200 8245
58.37.10.95 - - [17/Jan/2022:10:50:54 +0800] "GET /xingrg/javascript/easyui/themes/default/validatebox.css HTTP/1.1" 404 1104
222.70.178.207 - - [17/Jan/2022:10:50:56 +0800] "GET /xingrg/kc/buy/cgsh_order_operate.html?command=get_materiel&rest_code=00111&code=00101008085&supplier_code=00100005&order_time=2022-01-17 HTTP/1.1" 200 412
222.70.243.96 - - [17/Jan/2022:10:50:58 +0800] "GET /xingrg/kc/buy/cgsh_order_operate.html?command=get_materiel&rest_code=00146&code=00101009118&supplier_code=00100023&order_time=2022-01-17 HTTP/1.1" 200 391
222.70.178.207 - - [17/Jan/2022:10:50:59 +0800] "POST /xingrg/kc/buy/cgsh_order_operate.html HTTP/1.1" 200 2065
101.80.229.199 - - [17/Jan/2022:10:51:03 +0800] "GET /xingrg/all/function/internal_message.html?_=1642387863485&CODE_STATE=getMsg HTTP/1.1" 200 27
180.162.114.48 - - [17/Jan/2022:10:51:03 +0800] "GET /xingrg HTTP/1.1" 302 -
180.162.114.48 - - [17/Jan/2022:10:51:04 +0800] "GET /xingrg/ HTTP/1.1" 304 -
58.37.10.95 - - [17/Jan/2022:10:51:05 +0800] "GET /xingrg/kc/buy/cgsh_order_operate.html?command=get_materiel&rest_code=00141&code=00101008010&supplier_code=00100007&order_time=2022-01-17 HTTP/1.1" 200 412
124.78.156.14 - - [17/Jan/2022:10:51:07 +0800] "GET /xingrg/all/function/internal_message.html?_=1642387866813&CODE_STATE=getMsg HTTP/1.1" 200 27
114.83.222.182 - - [17/Jan/2022:10:51:08 +0800] "GET /xingrg/all/function/internal_message.html?_=1642387867653&CODE_STATE=getMsg HTTP/1.1" 200 27
222.70.243.96 - - [17/Jan/2022:10:51:09 +0800] "GET /xingrg/all/function/internal_message.html?_=1642387861438&CODE_STATE=getMsg HTTP/1.1" 200 27
101.85.55.123 - - [17/Jan/2022:10:51:09 +0800] "GET /xingrg/all/function/internal_message.html?_=1642387867213&CODE_STATE=getMsg HTTP/1.1" 200 27
61.151.207.158 - - [17/Jan/2022:10:51:12 +0800] "GET /xingrg/kc/buy/cgsh_order_list.html HTTP/1.1" 302 -
61.151.207.158 - - [17/Jan/2022:10:51:12 +0800] "GET /xingrg/login.html HTTP/1.1" 200 7641
58.37.10.95 - - [17/Jan/2022:10:51:13 +0800] "GET /xingrg/kc/buy/cgsh_order_operate.html?command=get_materiel&rest_code=00141&code=00101008096&supplier_code=00100007&order_time=2022-01-17 HTTP/1.1" 200 413
222.70.178.207 - - [17/Jan/2022:10:51:13 +0800] "GET /xingrg/all/function/internal_message.html?_=1642387873291&CODE_STATE=getMsg HTTP/1.1" 200 27
222.70.178.207 - - [17/Jan/2022:10:51:13 +0800] "GET /xingrg/kc/buy/cgsh_order_operate.html?command=get_materiel&rest_code=00111&code=00101008351&supplier_code=00100005&order_time=2022-01-17 HTTP/1.1" 200 427
101.85.55.123 - - [17/Jan/2022:10:51:17 +0800] "GET /xingrg/check_reg.html?_=1642387875086 HTTP/1.1" 200 22
180.162.114.48 - - [17/Jan/2022:10:51:19 +0800] "GET /xingrg/index.html HTTP/1.1" 302 -
180.162.114.48 - - [17/Jan/2022:10:51:19 +0800] "GET /favicon.ico HTTP/1.1" 404 -
180.162.114.48 - - [17/Jan/2022:10:51:20 +0800] "GET /xingrg/login.html HTTP/1.1" 200 7641
180.162.114.48 - - [17/Jan/2022:10:51:20 +0800] "GET /xingrg/images/blue/jxLogo.png HTTP/1.1" 304 -
180.162.114.48 - - [17/Jan/2022:10:51:20 +0800] "GET /favicon.ico HTTP/1.1" 404 -
180.162.114.48 - - [17/Jan/2022:10:51:20 +0800] "GET /xingrg/images/blue/login_bg.png HTTP/1.1" 304 -
180.162.114.48 - - [17/Jan/2022:10:51:21 +0800] "GET /xingrg/images/blue/hj.png HTTP/1.1" 304 -
58.37.10.95 - - [17/Jan/2022:10:51:21 +0800] "GET /xingrg/all/function/internal_message.html?_=1642387679667&CODE_STATE=getMsg HTTP/1.1" 200 27
180.162.114.48 - - [17/Jan/2022:10:51:24 +0800] "GET /xingrg/images/blue/srbg.png HTTP/1.1" 304 -
58.37.10.95 - - [17/Jan/2022:10:51:25 +0800] "GET /xingrg/kc/buy/cgsh_order_operate.html?command=get_materiel&rest_code=00141&code=00101008038&supplier_code=00100007&order_time=2022-01-17 HTTP/1.1" 200 412
180.162.114.48 - - [17/Jan/2022:10:51:28 +0800] "POST /xingrg/login.do HTTP/1.1" 302 -
124.78.156.14 - - [17/Jan/2022:10:51:28 +0800] "GET /xingrg/all/function/internal_message.html?_=1642387887325&CODE_STATE=getMsg HTTP/1.1" 200 27
180.162.114.48 - - [17/Jan/2022:10:51:28 +0800] "GET /xingrg/index.html?sysBaseUrl=http%3A%2F%2F180.169.147.146%3A18081%2Fxingrg%2F&costTime=208×tamp=1642387888208 HTTP/1.1" 200 17179
58.39.168.32 - - [17/Jan/2022:10:51:28 +0800] "GET /xingrg/check_reg.html?_=1642387889012 HTTP/1.1" 200 22
58.39.168.32 - - [17/Jan/2022:10:51:28 +0800] "GET /xingrg/all/function/internal_message.html?_=1642387889015&CODE_STATE=getMsg HTTP/1.1" 200 27
180.162.114.48 - - [17/Jan/2022:10:51:28 +0800] "GET /xingrg/javascript/jquery_easy_ui/themes/icon.css HTTP/1.1" 304 -
180.162.114.48 - - [17/Jan/2022:10:51:28 +0800] "GET /xingrg/javascript/jquery_easy_ui/themes/default/easyui.css HTTP/1.1" 304 -
180.162.114.48 - - [17/Jan/2022:10:51:28 +0800] "GET /xingrg/css/form.css HTTP/1.1" 304 -
180.162.114.48 - - [17/Jan/2022:10:51:29 +0800] "GET /xingrg/javascript/jquery-1.4.2.min.js HTTP/1.1" 304 -
180.162.114.48 - - [17/Jan/2022:10:51:29 +0800] "GET /xingrg/javascript/jquery_easy_ui/jquery.easyui.min.js HTTP/1.1" 304 -
180.162.114.48 - - [17/Jan/2022:10:51:29 +0800] "GET /xingrg/javascript/jquery.form.js HTTP/1.1" 304 -
180.162.114.48 - - [17/Jan/2022:10:51:29 +0800] "GET /xingrg/javascript/jquery.timers.js HTTP/1.1" 304 -
180.162.114.48 - - [17/Jan/2022:10:51:29 +0800] "GET /xingrg/javascript/jquery_easy_ui/easyui-lang-zh_CN.js HTTP/1.1" 304 -
180.162.114.48 - - [17/Jan/2022:10:51:29 +0800] "GET /xingrg/javascript/jquery.utils.js HTTP/1.1" 304 -
180.162.114.48 - - [17/Jan/2022:10:51:29 +0800] "GET /favicon.ico HTTP/1.1" 404 -
180.162.114.48 - - [17/Jan/2022:10:51:29 +0800] "GET /xingrg/javascript/jquery_easy_ui/themes/icons/settle_new.png HTTP/1.1" 304 -
180.162.114.48 - - [17/Jan/2022:10:51:30 +0800] "GET /xingrg/images/blue/navBackgound.jpg HTTP/1.1" 304 -
180.162.114.48 - - [17/Jan/2022:10:51:31 +0800] "POST /xingrg/all/common/load_tree.html?tree=area_rest_tree_json&manage=1 HTTP/1.1" 200 351
180.162.114.48 - - [17/Jan/2022:10:51:31 +0800] "GET /xingrg/check_reg.html?_=1642387301400 HTTP/1.1" 200 22
180.162.114.48 - - [17/Jan/2022:10:51:31 +0800] "GET /xingrg/all/function/internal_message.html?_=1642387301398&CODE_STATE=count HTTP/1.1" 200 11
180.162.114.48 - - [17/Jan/2022:10:51:31 +0800] "GET /xingrg/images/blue/pingpu.png HTTP/1.1" 304 -
180.162.114.48 - - [17/Jan/2022:10:51:31 +0800] "GET /xingrg/javascript/jquery_easy_ui/themes/default/images/tabs_leftarrow.png HTTP/1.1" 304 -
180.162.114.48 - - [17/Jan/2022:10:51:32 +0800] "GET /xingrg/javascript/jquery_easy_ui/themes/default/images/tabs_rightarrow.png HTTP/1.1" 304 -
180.162.114.48 - - [17/Jan/2022:10:51:32 +0800] "GET /xingrg/javascript/jquery_easy_ui/themes/default/images/panel_tool_collapse.gif HTTP/1.1" 304 -
180.162.114.48 - - [17/Jan/2022:10:51:32 +0800] "POST /xingrg/load_menu.html HTTP/1.1" 200 5138
180.162.114.48 - - [17/Jan/2022:10:51:32 +0800] "GET /xingrg/javascript/jquery_easy_ui/themes/default/images/tree_arrows.gif HTTP/1.1" 304 -
180.162.114.48 - - [17/Jan/2022:10:51:32 +0800] "GET /xingrg/javascript/jquery_easy_ui/themes/default/images/tree_folder_open.gif HTTP/1.1" 304 -
180.162.114.48 - - [17/Jan/2022:10:51:32 +0800] "GET /xingrg/javascript/jquery_easy_ui/themes/icons/search_new.png HTTP/1.1" 304 -
180.162.114.48 - - [17/Jan/2022:10:51:32 +0800] "GET /xingrg/javascript/jquery_easy_ui/themes/default/images/tree_folder.gif HTTP/1.1" 304 -
180.162.114.48 - - [17/Jan/2022:10:51:32 +0800] "GET /xingrg/javascript/jquery_easy_ui/themes/icons/storage_new.png HTTP/1.1" 304 -
180.162.114.48 - - [17/Jan/2022:10:51:32 +0800] "GET /xingrg/javascript/jquery_easy_ui/themes/default/images/tree_file.gif HTTP/1.1" 304 -
180.162.114.48 - - [17/Jan/2022:10:51:32 +0800] "GET /xingrg/javascript/jquery_easy_ui/themes/icons/forms_new.png HTTP/1.1" 304 -
180.169.147.146 - - [17/Jan/2022:10:51:33 +0800] "GET /xingrg/all/function/internal_message.html?_=1642387892786&CODE_STATE=getMsg HTTP/1.1" 200 27
222.70.243.96 - - [17/Jan/2022:10:51:33 +0800] "POST /xingrg/kc/buy/cgsh_order_operate.html HTTP/1.1" 200 37
222.70.243.96 - - [17/Jan/2022:10:51:35 +0800] "POST /xingrg/kc/buy/cgsh_order_operate.html HTTP/1.1" 200 5599
58.37.10.95 - - [17/Jan/2022:10:51:35 +0800] "GET /xingrg/kc/buy/cgsh_order_operate.html?command=get_materiel&rest_code=00141&code=00101008396&supplier_code=00100007&order_time=2022-01-17 HTTP/1.1" 200 412
222.70.217.149 - - [17/Jan/2022:10:51:35 +0800] "GET /xingrg/all/function/internal_message.html?_=1642387883629&CODE_STATE=getMsg HTTP/1.1" 200 27
180.162.114.48 - - [17/Jan/2022:10:51:35 +0800] "GET /xingrg/javascript/jquery_easy_ui/themes/default/images/tabs_close.gif HTTP/1.1" 304 -
180.162.114.48 - - [17/Jan/2022:10:51:35 +0800] "GET /xingrg/kc/buy/buy_main.html HTTP/1.1" 200 12412
180.162.114.48 - - [17/Jan/2022:10:51:35 +0800] "GET /xingrg/css/new_ie.css HTTP/1.1" 404 1036
180.162.114.48 - - [17/Jan/2022:10:51:35 +0800] "GET /xingrg/css/blue.css HTTP/1.1" 304 -
180.162.114.48 - - [17/Jan/2022:10:51:35 +0800] "GET /xingrg/javascript/jquery_ui/themes/humanity/humanity.css HTTP/1.1" 304 -
180.162.114.48 - - [17/Jan/2022:10:51:36 +0800] "GET /xingrg/javascript/pic_change.js HTTP/1.1" 304 -
180.162.114.48 - - [17/Jan/2022:10:51:36 +0800] "GET /xingrg/javascript/ToolTips.js HTTP/1.1" 304 -
180.162.114.48 - - [17/Jan/2022:10:51:36 +0800] "GET /xingrg/javascript/myfunction.js HTTP/1.1" 304 -
180.162.114.48 - - [17/Jan/2022:10:51:36 +0800] "GET /xingrg/javascript/jquery_ui/jquery-ui.min.js HTTP/1.1" 304 -
180.162.114.48 - - [17/Jan/2022:10:51:36 +0800] "GET /xingrg/images/blue/button/cgxqd.gif HTTP/1.1" 304 -
180.162.114.48 - - [17/Jan/2022:10:51:36 +0800] "GET /xingrg/images/blue/button/cgydd.gif HTTP/1.1" 304 -
114.95.98.1 - - [17/Jan/2022:10:51:36 +0800] "GET /xingrg/all/function/internal_message.html?_=1642387916805&CODE_STATE=getMsg HTTP/1.1" 200 27
180.162.114.48 - - [17/Jan/2022:10:51:36 +0800] "GET /xingrg/images/blue/button/cgshd.gif HTTP/1.1" 304 -
180.162.114.48 - - [17/Jan/2022:10:51:36 +0800] "GET /xingrg/images/blue/button/kc.gif HTTP/1.1" 304 -
180.162.114.48 - - [17/Jan/2022:10:51:36 +0800] "GET /xingrg/images/blue/button/cgfkd.gif HTTP/1.1" 304 -
