222.70.178.207 - - [17/Jan/2022:11:15:42 +0800] "GET /xingrg/kc/buy/cgsh_order_operate.html?command=get_materiel&rest_code=00111&code=00101009013&supplier_code=00100037&order_time=2022-01-17 HTTP/1.1" 200 421
101.85.55.123 - - [17/Jan/2022:11:15:43 +0800] "GET /xingrg/kc/base/base_main.html HTTP/1.1" 200 12142
180.169.147.146 - - [17/Jan/2022:11:15:43 +0800] "POST /xingrg/kc/buy/cgsh_order_operate.html HTTP/1.1" 200 4419
101.85.55.123 - - [17/Jan/2022:11:15:44 +0800] "GET /xingrg/kc/base/wldb_order_list.html HTTP/1.1" 200 19066
101.85.55.123 - - [17/Jan/2022:11:15:45 +0800] "POST /xingrg/kc/base/wldb_list_operate.html HTTP/1.1" 200 928
180.169.147.146 - - [17/Jan/2022:11:15:47 +0800] "GET /xingrg/kc/print/load_data.html?order_code=212022011708141&kc_code=cgsh&condition= HTTP/1.1" 200 1328
101.85.55.123 - - [17/Jan/2022:11:15:48 +0800] "GET /xingrg/kc/base/base_main.html HTTP/1.1" 200 12142
101.85.55.123 - - [17/Jan/2022:11:15:49 +0800] "GET /xingrg/kc/base/yddb_order_list.html HTTP/1.1" 200 16672
101.85.55.123 - - [17/Jan/2022:11:15:50 +0800] "POST /xingrg/kc/base/yddb_list_operate.html HTTP/1.1" 200 636
101.85.55.123 - - [17/Jan/2022:11:15:51 +0800] "GET /xingrg/kc/base/yddb_order_add.html HTTP/1.1" 200 29837
101.85.55.123 - - [17/Jan/2022:11:15:51 +0800] "GET /xingrg/dwr/interface/AjaxComOrderService.js HTTP/1.1" 200 18264
101.85.55.123 - - [17/Jan/2022:11:15:51 +0800] "GET /xingrg/dwr/util.js HTTP/1.1" 304 -
101.85.55.123 - - [17/Jan/2022:11:15:51 +0800] "GET /xingrg/dwr/interface/AjaxYddbService.js HTTP/1.1" 200 13201
101.85.55.123 - - [17/Jan/2022:11:15:51 +0800] "GET /xingrg/dwr/engine.js HTTP/1.1" 200 43631
116.232.54.78 - - [17/Jan/2022:11:15:52 +0800] "GET /xingrg/all/function/internal_message.html?_=1642389352202&CODE_STATE=getMsg HTTP/1.1" 200 27
116.232.54.78 - - [17/Jan/2022:11:15:52 +0800] "GET /xingrg/check_reg.html?_=1642389352203 HTTP/1.1" 200 22
116.232.54.78 - - [17/Jan/2022:11:15:57 +0800] "GET /xingrg/kc/buy/cgsh_order_operate.html?command=get_materiel&rest_code=00109&code=00101016030&supplier_code=00100035&order_time=2022-01-17 HTTP/1.1" 200 412
101.85.55.123 - - [17/Jan/2022:11:15:58 +0800] "POST /xingrg/dwr/call/plaincall/AjaxYddbService.getRestBases.dwr HTTP/1.1" 200 518
101.80.229.199 - - [17/Jan/2022:11:16:03 +0800] "GET /xingrg/all/function/internal_message.html?_=1642389363481&CODE_STATE=getMsg HTTP/1.1" 200 27
124.78.156.14 - - [17/Jan/2022:11:16:07 +0800] "GET /xingrg/all/function/internal_message.html?_=1642389366879&CODE_STATE=getMsg HTTP/1.1" 200 27
101.85.55.123 - - [17/Jan/2022:11:16:08 +0800] "POST /xingrg/dwr/call/plaincall/AjaxYddbService.saveOrder.dwr HTTP/1.1" 200 78
114.83.222.182 - - [17/Jan/2022:11:16:08 +0800] "GET /xingrg/all/function/internal_message.html?_=1642389367741&CODE_STATE=getMsg HTTP/1.1" 200 27
222.70.243.96 - - [17/Jan/2022:11:16:11 +0800] "GET /xingrg/all/function/internal_message.html?_=1642389363336&CODE_STATE=getMsg HTTP/1.1" 302 -
101.85.55.123 - - [17/Jan/2022:11:16:12 +0800] "POST /xingrg/dwr/call/plaincall/AjaxComOrderService.getMaterielSearchList.dwr HTTP/1.1" 200 36122
222.70.178.207 - - [17/Jan/2022:11:16:13 +0800] "GET /xingrg/all/function/internal_message.html?_=1642389373313&CODE_STATE=getMsg HTTP/1.1" 200 27
101.85.55.123 - - [17/Jan/2022:11:16:13 +0800] "POST /xingrg/dwr/call/plaincall/AjaxComOrderService.getMaterielSearchList.dwr HTTP/1.1" 200 287
114.83.222.182 - - [17/Jan/2022:11:16:14 +0800] "POST /xingrg/kc/buy/cgsh_order_operate.html HTTP/1.1" 200 37
101.85.55.123 - - [17/Jan/2022:11:16:14 +0800] "POST /xingrg/dwr/call/plaincall/AjaxYddbService.getMaterielByMap.dwr HTTP/1.1" 200 1681
101.85.55.123 - - [17/Jan/2022:11:16:17 +0800] "GET /xingrg/check_reg.html?_=1642389375152 HTTP/1.1" 200 22
101.85.55.123 - - [17/Jan/2022:11:16:18 +0800] "POST /xingrg/dwr/call/plaincall/AjaxYddbService.saveMaterielItem.dwr HTTP/1.1" 200 78
58.37.10.95 - - [17/Jan/2022:11:16:21 +0800] "GET /xingrg/all/function/internal_message.html?_=1642389179435&CODE_STATE=getMsg HTTP/1.1" 200 27
116.232.54.78 - - [17/Jan/2022:11:16:23 +0800] "POST /xingrg/kc/buy/cgsh_order_operate.html HTTP/1.1" 200 37
114.83.222.182 - - [17/Jan/2022:11:16:23 +0800] "POST /xingrg/kc/buy/cgsh_order_operate.html HTTP/1.1" 200 12
101.85.55.123 - - [17/Jan/2022:11:16:24 +0800] "POST /xingrg/dwr/call/plaincall/AjaxYddbService.checkOrder.dwr HTTP/1.1" 200 78
116.232.54.78 - - [17/Jan/2022:11:16:24 +0800] "POST /xingrg/kc/buy/cgsh_order_operate.html HTTP/1.1" 200 6191
180.169.147.146 - - [17/Jan/2022:11:16:25 +0800] "GET /xingrg/kc/buy/cgsh_order_operate.html?command=get_materiel&rest_code=00147&code=00101013205&supplier_code=00100242&order_time=2022-01-17 HTTP/1.1" 200 440
101.85.55.123 - - [17/Jan/2022:11:16:25 +0800] "GET /xingrg/kc/base/yddb_order_info.html?code=482022011700115 HTTP/1.1" 200 28795
101.85.55.123 - - [17/Jan/2022:11:16:25 +0800] "GET /xingrg/dwr/interface/AjaxComOrderService.js HTTP/1.1" 200 18264
101.85.55.123 - - [17/Jan/2022:11:16:25 +0800] "GET /xingrg/dwr/interface/AjaxYddbService.js HTTP/1.1" 200 13201
222.70.178.207 - - [17/Jan/2022:11:16:25 +0800] "GET /xingrg/kc/buy/cgsh_order_operate.html?command=get_materiel&rest_code=00111&code=00101009016&supplier_code=00100037&order_time=2022-01-17 HTTP/1.1" 200 412
101.85.55.123 - - [17/Jan/2022:11:16:25 +0800] "GET /xingrg/dwr/engine.js HTTP/1.1" 200 43631
101.85.55.123 - - [17/Jan/2022:11:16:25 +0800] "POST /xingrg/dwr/call/plaincall/AjaxYddbService.loadMaterielItems.dwr HTTP/1.1" 200 403
116.232.54.78 - - [17/Jan/2022:11:16:26 +0800] "GET /xingrg/kc/print/load_config.html?kc_code=cgsh HTTP/1.1" 200 1943
116.232.54.78 - - [17/Jan/2022:11:16:26 +0800] "GET /xingrg/kc/print/load_data.html?order_code=212022011708143&kc_code=cgsh&condition= HTTP/1.1" 200 2016
114.83.222.182 - - [17/Jan/2022:11:16:27 +0800] "GET /xingrg/kc/buy/cgsh_order_info.html?code=212022011708142 HTTP/1.1" 200 60360
101.85.55.123 - - [17/Jan/2022:11:16:27 +0800] "GET /xingrg/kc/base/yddb_order_add.html HTTP/1.1" 200 29837
101.85.55.123 - - [17/Jan/2022:11:16:27 +0800] "GET /xingrg/dwr/interface/AjaxYddbService.js HTTP/1.1" 200 13201
101.85.55.123 - - [17/Jan/2022:11:16:27 +0800] "GET /xingrg/dwr/interface/AjaxComOrderService.js HTTP/1.1" 200 18264
101.85.55.123 - - [17/Jan/2022:11:16:27 +0800] "GET /xingrg/dwr/engine.js HTTP/1.1" 200 43631
114.83.222.182 - - [17/Jan/2022:11:16:27 +0800] "GET /xingrg/javascript/easyui/themes/default/validatebox.css HTTP/1.1" 404 1104
114.83.222.182 - - [17/Jan/2022:11:16:28 +0800] "POST /xingrg/kc/buy/cgsh_order_operate.html HTTP/1.1" 200 4217
222.70.243.96 - - [17/Jan/2022:11:16:28 +0800] "GET /xingrg/all/function/internal_message.html?_=1642389415212&CODE_STATE=getMsg HTTP/1.1" 200 27
58.39.168.32 - - [17/Jan/2022:11:16:28 +0800] "GET /xingrg/check_reg.html?_=1642389389044 HTTP/1.1" 200 22
58.39.168.32 - - [17/Jan/2022:11:16:28 +0800] "GET /xingrg/all/function/internal_message.html?_=1642389389047&CODE_STATE=getMsg HTTP/1.1" 200 27
124.78.156.14 - - [17/Jan/2022:11:16:29 +0800] "GET /xingrg/all/function/internal_message.html?_=1642389388855&CODE_STATE=getMsg HTTP/1.1" 200 27
101.85.55.123 - - [17/Jan/2022:11:16:29 +0800] "POST /xingrg/dwr/call/plaincall/AjaxYddbService.getRestBases.dwr HTTP/1.1" 200 518
180.162.114.48 - - [17/Jan/2022:11:16:31 +0800] "GET /xingrg/check_reg.html?_=1642388801412 HTTP/1.1" 200 22
180.162.114.48 - - [17/Jan/2022:11:16:31 +0800] "GET /xingrg/all/function/internal_message.html?_=1642388801409&CODE_STATE=getMsg HTTP/1.1" 200 27
222.70.243.96 - - [17/Jan/2022:11:16:32 +0800] "GET /xingrg/javascript/jquery_easy_ui/themes/icons/area.png HTTP/1.1" 304 -
222.70.243.96 - - [17/Jan/2022:11:16:32 +0800] "GET /xingrg/javascript/jquery_easy_ui/themes/icons/rest.png HTTP/1.1" 304 -
180.169.147.146 - - [17/Jan/2022:11:16:33 +0800] "POST /xingrg/kc/buy/cgsh_order_operate.html HTTP/1.1" 200 37
101.85.55.123 - - [17/Jan/2022:11:16:34 +0800] "POST /xingrg/dwr/call/plaincall/AjaxYddbService.saveOrder.dwr HTTP/1.1" 200 78
116.232.54.78 - - [17/Jan/2022:11:16:35 +0800] "GET /xingrg/kc/buy/cgsh_order_add.html HTTP/1.1" 200 65439
114.83.222.182 - - [17/Jan/2022:11:16:35 +0800] "GET /xingrg/kc/print/load_data.html?order_code=212022011708142&kc_code=cgsh&condition= HTTP/1.1" 200 2219
116.232.54.78 - - [17/Jan/2022:11:16:35 +0800] "POST /xingrg/kc/buy/cgsh_order_operate.html HTTP/1.1" 200 8245
116.232.54.78 - - [17/Jan/2022:11:16:35 +0800] "GET /xingrg/all/common/auto_word.html?type=employee&rest_code=00109 HTTP/1.1" 200 255
116.232.54.78 - - [17/Jan/2022:11:16:35 +0800] "GET /xingrg/all/common/auto_word.html?type=employee&rest_code=00109 HTTP/1.1" 200 255
116.232.54.78 - - [17/Jan/2022:11:16:35 +0800] "GET /xingrg/javascript/easyui/themes/default/validatebox.css HTTP/1.1" 404 1104
222.70.217.149 - - [17/Jan/2022:11:16:35 +0800] "GET /xingrg/all/function/internal_message.html?_=1642389383626&CODE_STATE=getMsg HTTP/1.1" 200 27
222.69.132.164 - - [17/Jan/2022:11:16:37 +0800] "GET /xingrg/check_reg.html?_=1642389445773 HTTP/1.1" 200 22
222.69.132.164 - - [17/Jan/2022:11:16:37 +0800] "GET /xingrg/all/function/internal_message.html?_=1642389445774&CODE_STATE=getMsg HTTP/1.1" 200 27
180.169.147.146 - - [17/Jan/2022:11:16:38 +0800] "POST /xingrg/kc/buy/cgsh_order_operate.html HTTP/1.1" 200 5014
101.85.55.123 - - [17/Jan/2022:11:16:38 +0800] "POST /xingrg/dwr/call/plaincall/AjaxComOrderService.getMaterielSearchList.dwr HTTP/1.1" 200 36122
116.232.54.78 - - [17/Jan/2022:11:16:38 +0800] "GET /xingrg/javascript/jquery_tools/images/prev.gif HTTP/1.1" 404 1086
116.232.54.78 - - [17/Jan/2022:11:16:38 +0800] "GET /xingrg/javascript/jquery_tools/images/next.gif HTTP/1.1" 404 1086
222.70.243.96 - - [17/Jan/2022:11:16:39 +0800] "POST /xingrg/kc/buy/cgsh_list_operate.html HTTP/1.1" 200 5654
101.85.55.123 - - [17/Jan/2022:11:16:39 +0800] "POST /xingrg/dwr/call/plaincall/AjaxComOrderService.getMaterielSearchList.dwr HTTP/1.1" 200 287
101.85.55.123 - - [17/Jan/2022:11:16:39 +0800] "POST /xingrg/dwr/call/plaincall/AjaxYddbService.getMaterielByMap.dwr HTTP/1.1" 200 1681
61.151.207.141 - - [17/Jan/2022:11:16:40 +0800] "GET /xingrg/all/function/internal_message.html?_=1642386665590&CODE_STATE=getMsg HTTP/1.1" 302 -
114.95.98.1 - - [17/Jan/2022:11:16:40 +0800] "GET /xingrg/all/function/internal_message.html?_=1642389420297&CODE_STATE=getMsg HTTP/1.1" 200 27
61.151.207.141 - - [17/Jan/2022:11:16:40 +0800] "GET /xingrg/login.html HTTP/1.1" 200 7641
180.169.147.146 - - [17/Jan/2022:11:16:41 +0800] "GET /xingrg/kc/buy/cgsh_order_add.html HTTP/1.1" 200 65366
101.85.55.123 - - [17/Jan/2022:11:16:41 +0800] "POST /xingrg/dwr/call/plaincall/AjaxYddbService.saveMaterielItem.dwr HTTP/1.1" 200 78
180.169.147.146 - - [17/Jan/2022:11:16:41 +0800] "GET /xingrg/javascript/easyui/themes/default/validatebox.css HTTP/1.1" 404 1104
180.169.147.146 - - [17/Jan/2022:11:16:41 +0800] "POST /xingrg/kc/buy/cgsh_order_operate.html HTTP/1.1" 200 8245
222.70.243.96 - - [17/Jan/2022:11:16:42 +0800] "POST /xingrg/kc/buy/cgsh_list_operate.html HTTP/1.1" 200 595
222.70.178.207 - - [17/Jan/2022:11:16:42 +0800] "GET /xingrg/kc/buy/cgsh_order_operate.html?command=get_materiel&rest_code=00111&code=00101009051&supplier_code=00100037&order_time=2022-01-17 HTTP/1.1" 200 409
114.83.222.182 - - [17/Jan/2022:11:16:42 +0800] "GET /xingrg/kc/buy/cgsh_order_add.html HTTP/1.1" 200 65451
114.83.222.182 - - [17/Jan/2022:11:16:43 +0800] "POST /xingrg/kc/buy/cgsh_order_operate.html HTTP/1.1" 200 8245
114.83.222.182 - - [17/Jan/2022:11:16:43 +0800] "GET /xingrg/javascript/easyui/themes/default/validatebox.css HTTP/1.1" 404 1104
222.70.243.96 - - [17/Jan/2022:11:16:43 +0800] "GET /xingrg/kc/buy/cgsh_order_info.html?code=212022011205459 HTTP/1.1" 200 60272
222.70.243.96 - - [17/Jan/2022:11:16:43 +0800] "GET /xingrg/javascript/easyui/themes/default/validatebox.css HTTP/1.1" 404 1104
101.85.55.123 - - [17/Jan/2022:11:16:44 +0800] "POST /xingrg/dwr/call/plaincall/AjaxYddbService.checkOrder.dwr HTTP/1.1" 200 78
222.70.243.96 - - [17/Jan/2022:11:16:44 +0800] "POST /xingrg/kc/buy/cgsh_order_operate.html HTTP/1.1" 200 6558
101.85.55.123 - - [17/Jan/2022:11:16:45 +0800] "GET /xingrg/kc/base/yddb_order_info.html?code=482022011700116 HTTP/1.1" 200 28795
101.85.55.123 - - [17/Jan/2022:11:16:45 +0800] "GET /xingrg/dwr/interface/AjaxYddbService.js HTTP/1.1" 200 13201
101.85.55.123 - - [17/Jan/2022:11:16:45 +0800] "GET /xingrg/dwr/interface/AjaxComOrderService.js HTTP/1.1" 200 18264
101.85.55.123 - - [17/Jan/2022:11:16:45 +0800] "GET /xingrg/dwr/engine.js HTTP/1.1" 200 43631
101.85.55.123 - - [17/Jan/2022:11:16:45 +0800] "POST /xingrg/dwr/call/plaincall/AjaxYddbService.loadMaterielItems.dwr HTTP/1.1" 200 403
222.70.178.207 - - [17/Jan/2022:11:16:45 +0800] "POST /xingrg/kc/buy/cgsh_order_operate.html HTTP/1.1" 200 2065
116.232.54.78 - - [17/Jan/2022:11:16:46 +0800] "GET /xingrg/kc/buy/cgsh_order_operate.html?command=get_materiel&rest_code=00109&code=00101008248&supplier_code=00100005&order_time=2022-01-17 HTTP/1.1" 200 412
222.70.243.96 - - [17/Jan/2022:11:16:46 +0800] "GET /xingrg/kc/print/load_data.html?order_code=212022011205459&kc_code=cgsh HTTP/1.1" 200 3080
101.85.55.123 - - [17/Jan/2022:11:16:47 +0800] "GET /xingrg/kc/base/yddb_order_add.html HTTP/1.1" 200 29837
101.85.55.123 - - [17/Jan/2022:11:16:47 +0800] "GET /xingrg/dwr/interface/AjaxComOrderService.js HTTP/1.1" 200 18264
101.85.55.123 - - [17/Jan/2022:11:16:47 +0800] "GET /xingrg/dwr/interface/AjaxYddbService.js HTTP/1.1" 200 13201
101.85.55.123 - - [17/Jan/2022:11:16:47 +0800] "GET /xingrg/dwr/engine.js HTTP/1.1" 200 43631
116.232.54.78 - - [17/Jan/2022:11:16:52 +0800] "GET /xingrg/all/function/internal_message.html?_=1642389412198&CODE_STATE=getMsg HTTP/1.1" 200 27
101.85.55.123 - - [17/Jan/2022:11:16:52 +0800] "POST /xingrg/dwr/call/plaincall/AjaxYddbService.getRestBases.dwr HTTP/1.1" 200 518
222.70.178.207 - - [17/Jan/2022:11:16:57 +0800] "GET /xingrg/kc/buy/cgsh_order_operate.html?command=get_materiel&rest_code=00111&code=00101012026&supplier_code=00100037&order_time=2022-01-17 HTTP/1.1" 200 410
116.232.54.78 - - [17/Jan/2022:11:16:57 +0800] "GET /xingrg/kc/buy/cgsh_order_operate.html?command=get_materiel&rest_code=00109&code=00101008261&supplier_code=00100005&order_time=2022-01-17 HTTP/1.1" 200 408
101.85.55.123 - - [17/Jan/2022:11:16:59 +0800] "POST /xingrg/dwr/call/plaincall/AjaxYddbService.saveOrder.dwr HTTP/1.1" 200 78
101.80.229.199 - - [17/Jan/2022:11:17:03 +0800] "GET /xingrg/all/function/internal_message.html?_=1642389423483&CODE_STATE=getMsg HTTP/1.1" 200 27
180.169.147.146 - - [17/Jan/2022:11:17:03 +0800] "GET /xingrg/kc/buy/cgsh_order_operate.html?command=get_materiel&rest_code=00147&code=00101009044&supplier_code=00100022&order_time=2022-01-17 HTTP/1.1" 200 412
101.85.55.123 - - [17/Jan/2022:11:17:05 +0800] "POST /xingrg/dwr/call/plaincall/AjaxComOrderService.getMaterielSearchList.dwr HTTP/1.1" 200 462320
101.85.55.123 - - [17/Jan/2022:11:17:05 +0800] "POST /xingrg/dwr/call/plaincall/AjaxComOrderService.getMaterielSearchList.dwr HTTP/1.1" 200 287
101.85.55.123 - - [17/Jan/2022:11:17:05 +0800] "POST /xingrg/dwr/call/plaincall/AjaxComOrderService.getMaterielSearchList.dwr HTTP/1.1" 200 287
101.85.55.123 - - [17/Jan/2022:11:17:06 +0800] "POST /xingrg/dwr/call/plaincall/AjaxYddbService.getMaterielByMap.dwr HTTP/1.1" 200 1681
124.78.156.14 - - [17/Jan/2022:11:17:07 +0800] "GET /xingrg/all/function/internal_message.html?_=1642389426880&CODE_STATE=getMsg HTTP/1.1" 200 27
114.83.222.182 - - [17/Jan/2022:11:17:07 +0800] "GET /xingrg/kc/buy/cgsh_order_operate.html?command=get_materiel&rest_code=00149&code=00101012067&supplier_code=00100036&order_time=2022-01-17 HTTP/1.1" 200 405
101.85.55.123 - - [17/Jan/2022:11:17:08 +0800] "POST /xingrg/dwr/call/plaincall/AjaxYddbService.saveMaterielItem.dwr HTTP/1.1" 200 78
101.85.55.123 - - [17/Jan/2022:11:17:08 +0800] "GET /xingrg/images/yd/bt.gif HTTP/1.1" 404 1040
114.83.222.182 - - [17/Jan/2022:11:17:08 +0800] "GET /xingrg/all/function/internal_message.html?_=1642389427759&CODE_STATE=getMsg HTTP/1.1" 200 27
101.85.55.123 - - [17/Jan/2022:11:17:09 +0800] "GET /xingrg/all/function/internal_message.html?_=1642389426843&CODE_STATE=getMsg HTTP/1.1" 200 27
222.70.243.96 - - [17/Jan/2022:11:17:11 +0800] "GET /xingrg/all/function/internal_message.html?_=1642389423680&CODE_STATE=getMsg HTTP/1.1" 302 -
101.85.55.123 - - [17/Jan/2022:11:17:12 +0800] "POST /xingrg/dwr/call/plaincall/AjaxYddbService.checkOrder.dwr HTTP/1.1" 200 78
101.85.55.123 - - [17/Jan/2022:11:17:12 +0800] "GET /xingrg/kc/base/yddb_order_info.html?code=482022011700117 HTTP/1.1" 200 28795
101.85.55.123 - - [17/Jan/2022:11:17:12 +0800] "GET /xingrg/dwr/interface/AjaxComOrderService.js HTTP/1.1" 200 18264
101.85.55.123 - - [17/Jan/2022:11:17:12 +0800] "GET /xingrg/dwr/interface/AjaxYddbService.js HTTP/1.1" 200 13201
101.85.55.123 - - [17/Jan/2022:11:17:12 +0800] "GET /xingrg/dwr/engine.js HTTP/1.1" 200 43631
180.169.147.146 - - [17/Jan/2022:11:17:12 +0800] "GET /xingrg/kc/buy/cgsh_order_operate.html?command=get_materiel&rest_code=00147&code=00101009062&supplier_code=00100022&order_time=2022-01-17 HTTP/1.1" 200 412
101.85.55.123 - - [17/Jan/2022:11:17:12 +0800] "POST /xingrg/dwr/call/plaincall/AjaxYddbService.loadMaterielItems.dwr HTTP/1.1" 200 403
222.70.178.207 - - [17/Jan/2022:11:17:13 +0800] "GET /xingrg/all/function/internal_message.html?_=1642389433324&CODE_STATE=getMsg HTTP/1.1" 200 27
116.232.54.78 - - [17/Jan/2022:11:17:14 +0800] "GET /xingrg/kc/buy/cgsh_order_operate.html?command=get_materiel&rest_code=00109&code=00101008234&supplier_code=00100005&order_time=2022-01-17 HTTP/1.1" 200 408
101.85.55.123 - - [17/Jan/2022:11:17:15 +0800] "GET /xingrg/kc/base/yddb_order_add.html HTTP/1.1" 200 29837
101.85.55.123 - - [17/Jan/2022:11:17:15 +0800] "GET /xingrg/dwr/interface/AjaxYddbService.js HTTP/1.1" 200 13201
101.85.55.123 - - [17/Jan/2022:11:17:15 +0800] "GET /xingrg/dwr/interface/AjaxComOrderService.js HTTP/1.1" 200 18264
101.85.55.123 - - [17/Jan/2022:11:17:15 +0800] "GET /xingrg/dwr/engine.js HTTP/1.1" 200 43631
222.70.178.207 - - [17/Jan/2022:11:17:15 +0800] "GET /xingrg/kc/buy/cgsh_order_operate.html?command=get_materiel&rest_code=00111&code=00101010540&supplier_code=00100037&order_time=2022-01-17 HTTP/1.1" 200 399
101.85.55.123 - - [17/Jan/2022:11:17:17 +0800] "POST /xingrg/dwr/call/plaincall/AjaxYddbService.getRestBases.dwr HTTP/1.1" 200 518
116.232.54.78 - - [17/Jan/2022:11:17:21 +0800] "GET /xingrg/kc/buy/cgsh_order_operate.html?command=get_materiel&rest_code=00109&code=00101008155&supplier_code=00100005&order_time=2022-01-17 HTTP/1.1" 200 408
58.37.10.95 - - [17/Jan/2022:11:17:21 +0800] "GET /xingrg/all/function/internal_message.html?_=1642389239403&CODE_STATE=getMsg HTTP/1.1" 200 27
180.169.147.146 - - [17/Jan/2022:11:17:22 +0800] "GET /xingrg/kc/buy/cgsh_order_operate.html?command=get_materiel&rest_code=00147&code=00101008418&supplier_code=00100022&order_time=2022-01-17 HTTP/1.1" 200 398
101.85.55.123 - - [17/Jan/2022:11:17:27 +0800] "POST /xingrg/dwr/call/plaincall/AjaxYddbService.saveOrder.dwr HTTP/1.1" 200 78
222.70.243.96 - - [17/Jan/2022:11:17:28 +0800] "GET /xingrg/check_reg.html?_=1642389475165 HTTP/1.1" 200 22
222.70.243.96 - - [17/Jan/2022:11:17:28 +0800] "GET /xingrg/all/function/internal_message.html?_=1642389475230&CODE_STATE=getMsg HTTP/1.1" 200 27
180.169.147.146 - - [17/Jan/2022:11:17:28 +0800] "POST /xingrg/kc/buy/cgsh_order_operate.html HTTP/1.1" 200 37
58.39.168.32 - - [17/Jan/2022:11:17:28 +0800] "GET /xingrg/all/function/internal_message.html?_=1642389449046&CODE_STATE=getMsg HTTP/1.1" 200 27
58.221.95.50 - - [17/Jan/2022:11:17:29 +0800] "GET /xingrg/check_reg.html?_=1642389447570 HTTP/1.1" 302 -
124.78.156.14 - - [17/Jan/2022:11:17:29 +0800] "GET /xingrg/all/function/internal_message.html?_=1642389448840&CODE_STATE=getMsg HTTP/1.1" 200 27
180.169.147.146 - - [17/Jan/2022:11:17:29 +0800] "POST /xingrg/kc/buy/cgsh_order_operate.html HTTP/1.1" 200 3837
116.232.54.78 - - [17/Jan/2022:11:17:30 +0800] "GET /xingrg/kc/buy/cgsh_order_operate.html?command=get_materiel&rest_code=00109&code=00101008349&supplier_code=00100005&order_time=2022-01-17 HTTP/1.1" 200 412
180.169.147.146 - - [17/Jan/2022:11:17:30 +0800] "GET /xingrg/kc/print/load_data.html?order_code=212022011708144&kc_code=cgsh&condition= HTTP/1.1" 200 1163
101.85.55.123 - - [17/Jan/2022:11:17:31 +0800] "POST /xingrg/dwr/call/plaincall/AjaxComOrderService.getMaterielSearchList.dwr HTTP/1.1" 200 16068
180.162.114.48 - - [17/Jan/2022:11:17:31 +0800] "GET /xingrg/all/function/internal_message.html?_=1642388861411&CODE_STATE=getMsg HTTP/1.1" 200 27
101.85.55.123 - - [17/Jan/2022:11:17:32 +0800] "POST /xingrg/dwr/call/plaincall/AjaxComOrderService.getMaterielSearchList.dwr HTTP/1.1" 200 287
101.85.55.123 - - [17/Jan/2022:11:17:32 +0800] "POST /xingrg/dwr/call/plaincall/AjaxYddbService.getMaterielByMap.dwr HTTP/1.1" 200 1681
180.169.147.146 - - [17/Jan/2022:11:17:33 +0800] "GET /xingrg/kc/buy/cgsh_order_add.html HTTP/1.1" 200 65366
180.169.147.146 - - [17/Jan/2022:11:17:33 +0800] "GET /xingrg/javascript/easyui/themes/default/validatebox.css HTTP/1.1" 404 1104
180.169.147.146 - - [17/Jan/2022:11:17:33 +0800] "POST /xingrg/kc/buy/cgsh_order_operate.html HTTP/1.1" 200 8245
222.70.178.207 - - [17/Jan/2022:11:17:34 +0800] "GET /xingrg/kc/buy/cgsh_order_operate.html?command=get_materiel&rest_code=00111&code=00101011005&supplier_code=00100037&order_time=2022-01-17 HTTP/1.1" 200 428
114.83.222.182 - - [17/Jan/2022:11:17:34 +0800] "GET /xingrg/kc/buy/cgsh_order_operate.html?command=get_materiel&rest_code=00149&code=00101016025&supplier_code=00100036&order_time=2022-01-17 HTTP/1.1" 200 408
101.85.55.123 - - [17/Jan/2022:11:17:34 +0800] "POST /xingrg/dwr/call/plaincall/AjaxYddbService.saveMaterielItem.dwr HTTP/1.1" 200 78
222.70.217.149 - - [17/Jan/2022:11:17:35 +0800] "GET /xingrg/all/function/internal_message.html?_=1642389443619&CODE_STATE=getMsg HTTP/1.1" 200 27
101.85.55.123 - - [17/Jan/2022:11:17:37 +0800] "POST /xingrg/dwr/call/plaincall/AjaxYddbService.saveMaterielItem.dwr HTTP/1.1" 200 78
116.232.54.78 - - [17/Jan/2022:11:17:37 +0800] "GET /xingrg/kc/buy/cgsh_order_operate.html?command=get_materiel&rest_code=00109&code=00101008112&supplier_code=00100005&order_time=2022-01-17 HTTP/1.1" 200 412
222.69.132.164 - - [17/Jan/2022:11:17:37 +0800] "GET /xingrg/all/function/internal_message.html?_=1642389505765&CODE_STATE=getMsg HTTP/1.1" 200 27
114.95.98.1 - - [17/Jan/2022:11:17:40 +0800] "GET /xingrg/all/function/internal_message.html?_=1642389480885&CODE_STATE=getMsg HTTP/1.1" 200 27
101.85.55.123 - - [17/Jan/2022:11:17:42 +0800] "POST /xingrg/dwr/call/plaincall/AjaxYddbService.checkOrder.dwr HTTP/1.1" 200 78
101.85.55.123 - - [17/Jan/2022:11:17:42 +0800] "GET /xingrg/kc/base/yddb_order_info.html?code=482022011700118 HTTP/1.1" 200 28795
101.85.55.123 - - [17/Jan/2022:11:17:42 +0800] "GET /xingrg/dwr/interface/AjaxYddbService.js HTTP/1.1" 200 13201
101.85.55.123 - - [17/Jan/2022:11:17:42 +0800] "GET /xingrg/dwr/interface/AjaxComOrderService.js HTTP/1.1" 200 18264
101.85.55.123 - - [17/Jan/2022:11:17:42 +0800] "GET /xingrg/dwr/engine.js HTTP/1.1" 200 43631
101.85.55.123 - - [17/Jan/2022:11:17:42 +0800] "POST /xingrg/dwr/call/plaincall/AjaxYddbService.loadMaterielItems.dwr HTTP/1.1" 200 403
114.83.222.182 - - [17/Jan/2022:11:17:43 +0800] "GET /xingrg/kc/buy/cgsh_order_operate.html?command=get_materiel&rest_code=00149&code=00101012025&supplier_code=00100036&order_time=2022-01-17 HTTP/1.1" 200 412
101.85.55.123 - - [17/Jan/2022:11:17:45 +0800] "GET /xingrg/kc/base/yddb_order_add.html HTTP/1.1" 200 29837
101.85.55.123 - - [17/Jan/2022:11:17:45 +0800] "GET /xingrg/dwr/interface/AjaxComOrderService.js HTTP/1.1" 200 18264
101.85.55.123 - - [17/Jan/2022:11:17:45 +0800] "GET /xingrg/dwr/interface/AjaxYddbService.js HTTP/1.1" 200 13201
101.85.55.123 - - [17/Jan/2022:11:17:45 +0800] "GET /xingrg/dwr/engine.js HTTP/1.1" 200 43631
116.232.54.78 - - [17/Jan/2022:11:17:45 +0800] "GET /xingrg/kc/buy/cgsh_order_operate.html?command=get_materiel&rest_code=00109&code=00101008290&supplier_code=00100005&order_time=2022-01-17 HTTP/1.1" 200 416
101.85.55.123 - - [17/Jan/2022:11:17:49 +0800] "POST /xingrg/dwr/call/plaincall/AjaxYddbService.getRestBases.dwr HTTP/1.1" 200 518
116.232.54.78 - - [17/Jan/2022:11:17:52 +0800] "GET /xingrg/all/function/internal_message.html?_=1642389472200&CODE_STATE=getMsg HTTP/1.1" 200 27
180.169.147.146 - - [17/Jan/2022:11:17:56 +0800] "GET /xingrg/kc/buy/cgsh_order_operate.html?command=get_materiel&rest_code=00147&code=00102013013&supplier_code=00100073&order_time=2022-01-17 HTTP/1.1" 200 409
114.83.222.182 - - [17/Jan/2022:11:17:59 +0800] "GET /xingrg/kc/buy/cgsh_order_operate.html?command=get_materiel&rest_code=00149&code=00101012059&supplier_code=00100036&order_time=2022-01-17 HTTP/1.1" 200 413
101.85.55.123 - - [17/Jan/2022:11:18:00 +0800] "POST /xingrg/dwr/call/plaincall/AjaxYddbService.saveOrder.dwr HTTP/1.1" 200 78
116.232.54.78 - - [17/Jan/2022:11:18:02 +0800] "GET /xingrg/kc/buy/cgsh_order_operate.html?command=get_materiel&rest_code=00109&code=00101008141&supplier_code=00100005&order_time=2022-01-17 HTTP/1.1" 200 412
172.20.0.100 - - [17/Jan/2022:11:18:03 +0800] "GET /xingrg/check_reg.html?_=1642389482539 HTTP/1.1" 200 22
101.80.229.199 - - [17/Jan/2022:11:18:03 +0800] "GET /xingrg/check_reg.html?_=1642389483485 HTTP/1.1" 200 22
101.80.229.199 - - [17/Jan/2022:11:18:03 +0800] "GET /xingrg/all/function/internal_message.html?_=1642389483486&CODE_STATE=getMsg HTTP/1.1" 200 27
101.85.55.123 - - [17/Jan/2022:11:18:05 +0800] "POST /xingrg/dwr/call/plaincall/AjaxComOrderService.getMaterielSearchList.dwr HTTP/1.1" 200 76
101.85.55.123 - - [17/Jan/2022:11:18:06 +0800] "POST /xingrg/dwr/call/plaincall/AjaxComOrderService.getMaterielSearchList.dwr HTTP/1.1" 200 76
101.85.55.123 - - [17/Jan/2022:11:18:07 +0800] "POST /xingrg/dwr/call/plaincall/AjaxComOrderService.getMaterielSearchList.dwr HTTP/1.1" 200 76
124.78.156.14 - - [17/Jan/2022:11:18:07 +0800] "GET /xingrg/all/function/internal_message.html?_=1642389486906&CODE_STATE=getMsg HTTP/1.1" 200 27
101.85.55.123 - - [17/Jan/2022:11:18:07 +0800] "POST /xingrg/dwr/call/plaincall/AjaxComOrderService.getMaterielSearchList.dwr HTTP/1.1" 200 76
101.85.55.123 - - [17/Jan/2022:11:18:08 +0800] "POST /xingrg/dwr/call/plaincall/AjaxComOrderService.getMaterielSearchList.dwr HTTP/1.1" 200 76
114.83.222.182 - - [17/Jan/2022:11:18:08 +0800] "GET /xingrg/all/function/internal_message.html?_=1642389487756&CODE_STATE=getMsg HTTP/1.1" 200 27
101.85.55.123 - - [17/Jan/2022:11:18:09 +0800] "GET /xingrg/all/function/internal_message.html?_=1642389486824&CODE_STATE=getMsg HTTP/1.1" 200 27
101.85.55.123 - - [17/Jan/2022:11:18:09 +0800] "POST /xingrg/dwr/call/plaincall/AjaxComOrderService.getMaterielSearchList.dwr HTTP/1.1" 200 546
101.85.55.123 - - [17/Jan/2022:11:18:10 +0800] "POST /xingrg/dwr/call/plaincall/AjaxYddbService.getMaterielByMap.dwr HTTP/1.1" 200 1679
222.70.243.96 - - [17/Jan/2022:11:18:11 +0800] "GET /xingrg/all/function/internal_message.html?_=1642389483691&CODE_STATE=getMsg HTTP/1.1" 302 -
101.85.55.123 - - [17/Jan/2022:11:18:13 +0800] "POST /xingrg/dwr/call/plaincall/AjaxYddbService.saveMaterielItem.dwr HTTP/1.1" 200 78
222.70.178.207 - - [17/Jan/2022:11:18:13 +0800] "GET /xingrg/all/function/internal_message.html?_=1642389493320&CODE_STATE=getMsg HTTP/1.1" 200 27
101.85.55.123 - - [17/Jan/2022:11:18:16 +0800] "POST /xingrg/dwr/call/plaincall/AjaxYddbService.checkOrder.dwr HTTP/1.1" 200 79
180.169.147.146 - - [17/Jan/2022:11:18:16 +0800] "POST /xingrg/kc/buy/cgsh_order_operate.html HTTP/1.1" 200 37
101.85.55.123 - - [17/Jan/2022:11:18:17 +0800] "GET /xingrg/kc/base/yddb_order_info.html?code=482022011700119 HTTP/1.1" 200 28795
101.85.55.123 - - [17/Jan/2022:11:18:17 +0800] "GET /xingrg/dwr/interface/AjaxComOrderService.js HTTP/1.1" 200 18264
101.85.55.123 - - [17/Jan/2022:11:18:17 +0800] "GET /xingrg/dwr/interface/AjaxYddbService.js HTTP/1.1" 200 13201
101.85.55.123 - - [17/Jan/2022:11:18:17 +0800] "GET /xingrg/dwr/engine.js HTTP/1.1" 200 43631
101.85.55.123 - - [17/Jan/2022:11:18:17 +0800] "POST /xingrg/dwr/call/plaincall/AjaxYddbService.loadMaterielItems.dwr HTTP/1.1" 200 401
180.169.147.146 - - [17/Jan/2022:11:18:17 +0800] "POST /xingrg/kc/buy/cgsh_order_operate.html HTTP/1.1" 200 2655
116.232.54.78 - - [17/Jan/2022:11:18:18 +0800] "GET /xingrg/kc/buy/cgsh_order_operate.html?command=get_materiel&rest_code=00109&code=00101008087&supplier_code=00100005&order_time=2022-01-17 HTTP/1.1" 200 412
180.169.147.146 - - [17/Jan/2022:11:18:18 +0800] "GET /xingrg/kc/print/load_data.html?order_code=212022011708145&kc_code=cgsh&condition= HTTP/1.1" 200 719
58.37.10.95 - - [17/Jan/2022:11:18:21 +0800] "GET /xingrg/all/function/internal_message.html?_=1642389299383&CODE_STATE=getMsg HTTP/1.1" 200 27
58.37.10.95 - - [17/Jan/2022:11:18:21 +0800] "GET /xingrg/check_reg.html?_=1642389299668 HTTP/1.1" 200 22
180.169.147.146 - - [17/Jan/2022:11:18:25 +0800] "GET /xingrg/kc/buy/cgsh_order_add.html HTTP/1.1" 200 65366
180.169.147.146 - - [17/Jan/2022:11:18:25 +0800] "POST /xingrg/kc/buy/cgsh_order_operate.html HTTP/1.1" 200 8245
180.169.147.146 - - [17/Jan/2022:11:18:25 +0800] "GET /xingrg/javascript/easyui/themes/default/validatebox.css HTTP/1.1" 404 1104
61.151.178.164 - - [17/Jan/2022:11:18:27 +0800] "GET /xingrg/check_reg.html?_=1642385945588 HTTP/1.1" 302 -
61.151.178.164 - - [17/Jan/2022:11:18:28 +0800] "GET /xingrg/login.html HTTP/1.1" 200 7641
222.70.243.96 - - [17/Jan/2022:11:18:28 +0800] "GET /xingrg/all/function/internal_message.html?_=1642389535240&CODE_STATE=getMsg HTTP/1.1" 200 27
58.39.168.32 - - [17/Jan/2022:11:18:28 +0800] "GET /xingrg/all/function/internal_message.html?_=1642389509047&CODE_STATE=getMsg HTTP/1.1" 200 27
124.78.156.14 - - [17/Jan/2022:11:18:29 +0800] "GET /xingrg/all/function/internal_message.html?_=1642389508811&CODE_STATE=getMsg HTTP/1.1" 200 27
180.162.114.48 - - [17/Jan/2022:11:18:31 +0800] "GET /xingrg/all/function/internal_message.html?_=1642388921411&CODE_STATE=getMsg HTTP/1.1" 200 27
222.70.217.149 - - [17/Jan/2022:11:18:35 +0800] "GET /xingrg/all/function/internal_message.html?_=1642389503610&CODE_STATE=getMsg HTTP/1.1" 200 27
180.169.147.146 - - [17/Jan/2022:11:18:36 +0800] "GET /xingrg/kc/buy/cgsh_order_operate.html?command=get_materiel&rest_code=00147&code=00101028011&supplier_code=00100017&order_time=2022-01-17 HTTP/1.1" 200 454
222.69.132.164 - - [17/Jan/2022:11:18:37 +0800] "GET /xingrg/all/function/internal_message.html?_=1642389565780&CODE_STATE=getMsg HTTP/1.1" 200 27
180.169.147.146 - - [17/Jan/2022:11:18:39 +0800] "POST /xingrg/all/common/load_select.html HTTP/1.1" 200 25
114.95.98.1 - - [17/Jan/2022:11:18:41 +0800] "GET /xingrg/all/function/internal_message.html?_=1642389541424&CODE_STATE=getMsg HTTP/1.1" 200 27
180.169.147.146 - - [17/Jan/2022:11:18:43 +0800] "GET /xingrg/kc/buy/cgsh_order_operate.html?command=get_materiel_price&rest_code=00147&code=00101028011&unit_code=00100157&supplier_code=00100017&order_time=2022-01-17 HTTP/1.1" 200 29
114.83.222.182 - - [17/Jan/2022:11:18:45 +0800] "GET /xingrg/kc/buy/cgsh_order_operate.html?command=get_materiel&rest_code=00149&code=00101012051&supplier_code=00100036&order_time=2022-01-17 HTTP/1.1" 200 408
116.232.54.78 - - [17/Jan/2022:11:18:52 +0800] "GET /xingrg/all/function/internal_message.html?_=1642389532203&CODE_STATE=getMsg HTTP/1.1" 200 27
114.83.222.182 - - [17/Jan/2022:11:18:53 +0800] "GET /xingrg/kc/buy/cgsh_order_operate.html?command=get_materiel&rest_code=00149&code=00101012026&supplier_code=00100036&order_time=2022-01-17 HTTP/1.1" 200 408
180.169.147.146 - - [17/Jan/2022:11:18:54 +0800] "GET /xingrg/kc/buy/cgsh_order_operate.html?command=get_materiel&rest_code=00147&code=00101029025&supplier_code=00100017&order_time=2022-01-17 HTTP/1.1" 200 463
180.169.147.146 - - [17/Jan/2022:11:18:54 +0800] "POST /xingrg/all/common/load_select.html HTTP/1.1" 200 25
180.169.147.146 - - [17/Jan/2022:11:18:57 +0800] "GET /xingrg/kc/buy/cgsh_order_operate.html?command=get_materiel_price&rest_code=00147&code=00101029025&unit_code=00100159&supplier_code=00100017&order_time=2022-01-17 HTTP/1.1" 200 30
101.80.229.199 - - [17/Jan/2022:11:19:03 +0800] "GET /xingrg/all/function/internal_message.html?_=1642389543489&CODE_STATE=getMsg HTTP/1.1" 200 27
222.70.178.207 - - [17/Jan/2022:11:19:04 +0800] "POST /xingrg/kc/buy/cgsh_order_operate.html HTTP/1.1" 200 37
124.78.156.14 - - [17/Jan/2022:11:19:06 +0800] "GET /xingrg/check_reg.html?_=1642389545651 HTTP/1.1" 200 22
124.78.156.14 - - [17/Jan/2022:11:19:07 +0800] "GET /xingrg/check_reg.html?_=1642389546905 HTTP/1.1" 200 22
124.78.156.14 - - [17/Jan/2022:11:19:07 +0800] "GET /xingrg/all/function/internal_message.html?_=1642389546908&CODE_STATE=getMsg HTTP/1.1" 200 27
180.169.147.146 - - [17/Jan/2022:11:19:08 +0800] "GET /xingrg/kc/buy/cgsh_order_operate.html?command=get_materiel&rest_code=00147&code=00101029011&supplier_code=00100017&order_time=2022-01-17 HTTP/1.1" 200 479
222.70.243.96 - - [17/Jan/2022:11:19:08 +0800] "GET /xingrg/check_reg.html?_=1642389540304 HTTP/1.1" 302 -
101.85.55.123 - - [17/Jan/2022:11:19:09 +0800] "GET /xingrg/all/function/internal_message.html?_=1642389546823&CODE_STATE=getMsg HTTP/1.1" 200 27
180.169.147.146 - - [17/Jan/2022:11:19:09 +0800] "POST /xingrg/all/common/load_select.html HTTP/1.1" 200 25
222.70.243.96 - - [17/Jan/2022:11:19:11 +0800] "GET /xingrg/all/function/internal_message.html?_=1642389543704&CODE_STATE=getMsg HTTP/1.1" 302 -
114.83.222.182 - - [17/Jan/2022:11:19:12 +0800] "POST /xingrg/kc/buy/cgsh_order_operate.html HTTP/1.1" 200 37
180.169.147.146 - - [17/Jan/2022:11:19:13 +0800] "GET /xingrg/kc/buy/cgsh_order_operate.html?command=get_materiel_price&rest_code=00147&code=00101029011&unit_code=00100157&supplier_code=00100017&order_time=2022-01-17 HTTP/1.1" 200 29
114.83.222.182 - - [17/Jan/2022:11:19:18 +0800] "POST /xingrg/kc/buy/cgsh_order_operate.html HTTP/1.1" 200 12
114.83.222.182 - - [17/Jan/2022:11:19:20 +0800] "GET /xingrg/kc/buy/cgsh_order_info.html?code=212022011708147 HTTP/1.1" 200 60362
114.83.222.182 - - [17/Jan/2022:11:19:20 +0800] "GET /xingrg/javascript/easyui/themes/default/validatebox.css HTTP/1.1" 404 1104
114.95.98.1 - - [17/Jan/2022:11:19:20 +0800] "POST /xingrg/kc/base/wldb_order_operate.html HTTP/1.1" 200 37
58.37.10.95 - - [17/Jan/2022:11:19:21 +0800] "GET /xingrg/all/function/internal_message.html?_=1642389359353&CODE_STATE=getMsg HTTP/1.1" 200 27
114.83.222.182 - - [17/Jan/2022:11:19:21 +0800] "POST /xingrg/kc/buy/cgsh_order_operate.html HTTP/1.1" 200 4140
114.95.98.1 - - [17/Jan/2022:11:19:23 +0800] "POST /xingrg/kc/base/wldb_order_operate.html HTTP/1.1" 200 12
114.95.98.1 - - [17/Jan/2022:11:19:24 +0800] "POST /xingrg/kc/base/wldb_order_operate.html HTTP/1.1" 200 2208
114.83.222.182 - - [17/Jan/2022:11:19:24 +0800] "GET /xingrg/kc/print/load_data.html?order_code=212022011708147&kc_code=cgsh&condition= HTTP/1.1" 200 2116
114.95.98.1 - - [17/Jan/2022:11:19:28 +0800] "GET /xingrg/kc/base/wldb_order_info.html?code=422022011702207 HTTP/1.1" 200 26143
222.70.243.96 - - [17/Jan/2022:11:19:28 +0800] "GET /xingrg/all/function/internal_message.html?_=1642389595253&CODE_STATE=getMsg HTTP/1.1" 200 27
58.39.168.32 - - [17/Jan/2022:11:19:28 +0800] "GET /xingrg/all/function/internal_message.html?_=1642389569034&CODE_STATE=getMsg HTTP/1.1" 200 27
114.95.98.1 - - [17/Jan/2022:11:19:29 +0800] "POST /xingrg/kc/base/wldb_order_operate.html HTTP/1.1" 200 502
114.95.98.1 - - [17/Jan/2022:11:19:29 +0800] "GET /xingrg/javascript/easyui/themes/default/validatebox.css HTTP/1.1" 404 1104
124.78.156.14 - - [17/Jan/2022:11:19:29 +0800] "GET /xingrg/all/function/internal_message.html?_=1642389568783&CODE_STATE=getMsg HTTP/1.1" 200 27
180.169.147.146 - - [17/Jan/2022:11:19:29 +0800] "GET /xingrg/kc/buy/cgsh_order_operate.html?command=get_materiel&rest_code=00147&code=00101028008&supplier_code=00100017&order_time=2022-01-17 HTTP/1.1" 200 449
180.169.147.146 - - [17/Jan/2022:11:19:30 +0800] "POST /xingrg/all/common/load_select.html HTTP/1.1" 200 25
180.162.114.48 - - [17/Jan/2022:11:19:31 +0800] "GET /xingrg/all/function/internal_message.html?_=1642388981411&CODE_STATE=getMsg HTTP/1.1" 200 27
180.169.147.146 - - [17/Jan/2022:11:19:33 +0800] "GET /xingrg/kc/buy/cgsh_order_operate.html?command=get_materiel_price&rest_code=00147&code=00101028008&unit_code=00100157&supplier_code=00100017&order_time=2022-01-17 HTTP/1.1" 200 30
222.70.217.149 - - [17/Jan/2022:11:19:35 +0800] "GET /xingrg/all/function/internal_message.html?_=1642389563617&CODE_STATE=getMsg HTTP/1.1" 200 27
222.70.217.149 - - [17/Jan/2022:11:19:35 +0800] "GET /xingrg/check_reg.html?_=1642389563620 HTTP/1.1" 200 22
222.69.132.164 - - [17/Jan/2022:11:19:37 +0800] "GET /xingrg/all/function/internal_message.html?_=1642389625773&CODE_STATE=getMsg HTTP/1.1" 200 27
114.95.98.1 - - [17/Jan/2022:11:19:39 +0800] "GET /xingrg/kc/base/wldb_order_add.html HTTP/1.1" 200 30270
116.232.54.78 - - [17/Jan/2022:11:19:39 +0800] "GET /xingrg/kc/buy/cgsh_order_operate.html?command=get_materiel&rest_code=00109&code=00101008148&supplier_code=00100005&order_time=2022-01-17 HTTP/1.1" 200 416
114.95.98.1 - - [17/Jan/2022:11:19:41 +0800] "GET /xingrg/check_reg.html?_=1642389601491 HTTP/1.1" 200 22
114.95.98.1 - - [17/Jan/2022:11:19:41 +0800] "POST /xingrg/kc/base/wldb_order_operate.html HTTP/1.1" 200 6806
114.95.98.1 - - [17/Jan/2022:11:19:41 +0800] "GET /xingrg/javascript/easyui/themes/default/validatebox.css HTTP/1.1" 404 1104
114.95.98.1 - - [17/Jan/2022:11:19:41 +0800] "GET /xingrg/all/function/internal_message.html?_=1642389602071&CODE_STATE=getMsg HTTP/1.1" 200 27
180.169.147.146 - - [17/Jan/2022:11:19:43 +0800] "GET /xingrg/kc/buy/cgsh_order_operate.html?command=get_materiel&rest_code=00147&code=00101029017&supplier_code=00100017&order_time=2022-01-17 HTTP/1.1" 200 467
114.95.98.1 - - [17/Jan/2022:11:19:43 +0800] "POST /xingrg/all/common/load_combo.html?type=base HTTP/1.1" 200 3233
180.169.147.146 - - [17/Jan/2022:11:19:44 +0800] "POST /xingrg/all/common/load_select.html HTTP/1.1" 200 25
180.169.147.146 - - [17/Jan/2022:11:19:44 +0800] "GET /xingrg/check_reg.html?_=1642389584532 HTTP/1.1" 200 22
114.95.98.1 - - [17/Jan/2022:11:19:46 +0800] "POST /xingrg/all/common/load_combo.html?type=base HTTP/1.1" 200 3233
116.232.54.78 - - [17/Jan/2022:11:19:46 +0800] "GET /xingrg/kc/buy/cgsh_order_operate.html?command=get_materiel&rest_code=00109&code=00101008067&supplier_code=00100005&order_time=2022-01-17 HTTP/1.1" 200 416
180.169.147.146 - - [17/Jan/2022:11:19:47 +0800] "GET /xingrg/kc/buy/cgsh_order_operate.html?command=get_materiel_price&rest_code=00147&code=00101029017&unit_code=00100179&supplier_code=00100017&order_time=2022-01-17 HTTP/1.1" 200 29
114.95.98.1 - - [17/Jan/2022:11:19:51 +0800] "GET /xingrg/kc/base/wldb_order_operate.html?command=get_materiel&rest_code=00102&base_code=0010476&code=00101019400 HTTP/1.1" 200 451
116.232.54.78 - - [17/Jan/2022:11:19:52 +0800] "GET /xingrg/all/function/internal_message.html?_=1642389592203&CODE_STATE=getMsg HTTP/1.1" 200 27
116.232.54.78 - - [17/Jan/2022:11:19:53 +0800] "GET /xingrg/kc/buy/cgsh_order_operate.html?command=get_materiel&rest_code=00109&code=00101008298&supplier_code=00100005&order_time=2022-01-17 HTTP/1.1" 200 413
222.69.132.164 - - [17/Jan/2022:11:19:53 +0800] "GET /xingrg/kc/buy/cgsh_order_add.html HTTP/1.1" 200 64526
222.69.132.164 - - [17/Jan/2022:11:19:53 +0800] "POST /xingrg/kc/buy/cgsh_order_operate.html HTTP/1.1" 200 8245
222.69.132.164 - - [17/Jan/2022:11:19:53 +0800] "GET /xingrg/javascript/easyui/themes/default/validatebox.css HTTP/1.1" 404 1104
222.70.243.96 - - [17/Jan/2022:11:19:55 +0800] "POST /xingrg/kc/buy/cgsh_list_operate.html HTTP/1.1" 200 5654
114.95.98.1 - - [17/Jan/2022:11:19:56 +0800] "GET /xingrg/kc/base/wldb_order_operate.html?command=get_materiel&rest_code=00102&base_code=0010476&code=00101019184 HTTP/1.1" 200 444
180.169.147.146 - - [17/Jan/2022:11:19:57 +0800] "GET /xingrg/kc/buy/cgsh_order_operate.html?command=get_materiel&rest_code=00147&code=00101029010&supplier_code=00100017&order_time=2022-01-17 HTTP/1.1" 200 439
116.232.54.78 - - [17/Jan/2022:11:19:58 +0800] "GET /xingrg/javascript/auto/indicator.gif HTTP/1.1" 404 1066
101.80.226.190 - - [17/Jan/2022:11:19:58 +0800] "POST /xingrg/services/DataTransmitService HTTP/1.1" 200 524
101.80.226.190 - - [17/Jan/2022:11:19:58 +0800] "POST /xingrg/services/DataTransmitService HTTP/1.1" 200 501
180.169.147.146 - - [17/Jan/2022:11:19:59 +0800] "POST /xingrg/all/common/load_select.html HTTP/1.1" 200 25
180.169.147.146 - - [17/Jan/2022:11:20:02 +0800] "GET /xingrg/kc/buy/cgsh_order_operate.html?command=get_materiel_price&rest_code=00147&code=00101029010&unit_code=00100201&supplier_code=00100017&order_time=2022-01-17 HTTP/1.1" 200 30
114.95.98.1 - - [17/Jan/2022:11:20:02 +0800] "GET /xingrg/kc/base/wldb_order_operate.html?command=get_materiel&rest_code=00102&base_code=0010476&code=00101019015 HTTP/1.1" 200 437
101.80.229.199 - - [17/Jan/2022:11:20:03 +0800] "GET /xingrg/all/function/internal_message.html?_=1642389603490&CODE_STATE=getMsg HTTP/1.1" 200 27
116.232.54.78 - - [17/Jan/2022:11:20:05 +0800] "GET /xingrg/kc/buy/cgsh_order_operate.html?command=get_materiel&rest_code=00109&code=00101008257&supplier_code=00100005&order_time=2022-01-17 HTTP/1.1" 200 416
124.78.156.14 - - [17/Jan/2022:11:20:07 +0800] "GET /xingrg/all/function/internal_message.html?_=1642389606900&CODE_STATE=getMsg HTTP/1.1" 200 27
61.151.178.163 - - [17/Jan/2022:11:20:07 +0800] "GET /xingrg/all/function/internal_message.html?_=1642386725589&CODE_STATE=getMsg HTTP/1.1" 302 -
180.169.147.146 - - [17/Jan/2022:11:20:08 +0800] "POST /xingrg/kc/buy/cgsh_order_operate.html HTTP/1.1" 200 37
114.83.222.182 - - [17/Jan/2022:11:20:09 +0800] "GET /xingrg/all/function/internal_message.html?_=1642389607771&CODE_STATE=getMsg HTTP/1.1" 200 27
61.151.178.163 - - [17/Jan/2022:11:20:09 +0800] "GET /xingrg/login.html HTTP/1.1" 200 7641
101.85.55.123 - - [17/Jan/2022:11:20:09 +0800] "GET /xingrg/all/function/internal_message.html?_=1642389606815&CODE_STATE=getMsg HTTP/1.1" 200 27
180.169.147.146 - - [17/Jan/2022:11:20:09 +0800] "POST /xingrg/kc/buy/cgsh_order_operate.html HTTP/1.1" 200 5796
180.169.147.146 - - [17/Jan/2022:11:20:11 +0800] "GET /xingrg/kc/print/load_data.html?order_code=212022011708148&kc_code=cgsh&condition= HTTP/1.1" 200 2061
222.70.243.96 - - [17/Jan/2022:11:20:11 +0800] "GET /xingrg/all/function/internal_message.html?_=1642389604021&CODE_STATE=getMsg HTTP/1.1" 302 -
222.70.243.96 - - [17/Jan/2022:11:20:12 +0800] "POST /xingrg/kc/buy/cgsh_list_operate.html HTTP/1.1" 200 5436
180.169.147.146 - - [17/Jan/2022:11:20:15 +0800] "GET /xingrg/kc/buy/cgsh_order_add.html HTTP/1.1" 200 65366
180.169.147.146 - - [17/Jan/2022:11:20:15 +0800] "POST /xingrg/kc/buy/cgsh_order_operate.html HTTP/1.1" 200 8245
180.169.147.146 - - [17/Jan/2022:11:20:15 +0800] "GET /xingrg/javascript/easyui/themes/default/validatebox.css HTTP/1.1" 404 1104
116.232.54.78 - - [17/Jan/2022:11:20:19 +0800] "GET /xingrg/kc/buy/cgsh_order_operate.html?command=get_materiel&rest_code=00109&code=00101008350&supplier_code=00100005&order_time=2022-01-17 HTTP/1.1" 200 408
222.70.178.207 - - [17/Jan/2022:11:20:19 +0800] "POST /xingrg/kc/buy/cgsh_order_operate.html HTTP/1.1" 200 15091
222.70.243.96 - - [17/Jan/2022:11:20:19 +0800] "POST /xingrg/kc/buy/cgsh_list_operate.html HTTP/1.1" 200 563
114.95.98.1 - - [17/Jan/2022:11:20:20 +0800] "GET /xingrg/kc/base/wldb_order_operate.html?command=get_materiel&rest_code=00102&base_code=0010476&code=00101019063 HTTP/1.1" 200 448
222.70.243.96 - - [17/Jan/2022:11:20:20 +0800] "GET /xingrg/kc/buy/cgsh_order_info.html?code=212022011205420 HTTP/1.1" 200 60272
222.70.243.96 - - [17/Jan/2022:11:20:21 +0800] "GET /xingrg/javascript/easyui/themes/default/validatebox.css HTTP/1.1" 404 1104
58.37.10.95 - - [17/Jan/2022:11:20:21 +0800] "GET /xingrg/all/function/internal_message.html?_=1642389419328&CODE_STATE=getMsg HTTP/1.1" 200 27
222.70.243.96 - - [17/Jan/2022:11:20:21 +0800] "POST /xingrg/kc/buy/cgsh_order_operate.html HTTP/1.1" 200 46064
222.70.243.96 - - [17/Jan/2022:11:20:24 +0800] "GET /xingrg/kc/print/load_data.html?order_code=212022011205420&kc_code=cgsh HTTP/1.1" 200 17884
116.232.54.78 - - [17/Jan/2022:11:20:25 +0800] "GET /xingrg/kc/buy/cgsh_order_operate.html?command=get_materiel&rest_code=00109&code=00101008354&supplier_code=00100005&order_time=2022-01-17 HTTP/1.1" 200 412
114.95.98.1 - - [17/Jan/2022:11:20:28 +0800] "GET /xingrg/kc/base/wldb_order_operate.html?command=get_materiel&rest_code=00102&base_code=0010476&code=00101013081 HTTP/1.1" 200 430
58.39.168.32 - - [17/Jan/2022:11:20:28 +0800] "GET /xingrg/all/function/internal_message.html?_=1642389629034&CODE_STATE=getMsg HTTP/1.1" 200 27
124.78.156.14 - - [17/Jan/2022:11:20:29 +0800] "GET /xingrg/all/function/internal_message.html?_=1642389628757&CODE_STATE=getMsg HTTP/1.1" 200 27
180.162.114.48 - - [17/Jan/2022:11:20:31 +0800] "GET /xingrg/all/function/internal_message.html?_=1642389041411&CODE_STATE=getMsg HTTP/1.1" 200 27
114.95.98.1 - - [17/Jan/2022:11:20:33 +0800] "GET /xingrg/kc/base/wldb_order_operate.html?command=get_materiel&rest_code=00102&base_code=0010476&code=00101019391 HTTP/1.1" 200 471
222.70.243.96 - - [17/Jan/2022:11:20:33 +0800] "GET /xingrg/all/function/internal_message.html?_=1642389660152&CODE_STATE=getMsg HTTP/1.1" 200 27
116.232.54.78 - - [17/Jan/2022:11:20:33 +0800] "GET /xingrg/kc/buy/cgsh_order_operate.html?command=get_materiel&rest_code=00109&code=00101008351&supplier_code=00100005&order_time=2022-01-17 HTTP/1.1" 200 427
180.169.147.146 - - [17/Jan/2022:11:20:35 +0800] "GET /xingrg/kc/buy/cgsh_order_operate.html?command=get_materiel&rest_code=00147&code=00101008027&supplier_code=00100022&order_time=2022-01-17 HTTP/1.1" 200 408
222.70.217.149 - - [17/Jan/2022:11:20:35 +0800] "GET /xingrg/all/function/internal_message.html?_=1642389623613&CODE_STATE=getMsg HTTP/1.1" 200 27
222.69.132.164 - - [17/Jan/2022:11:20:37 +0800] "GET /xingrg/all/function/internal_message.html?_=1642389685774&CODE_STATE=getMsg HTTP/1.1" 200 27
114.95.98.1 - - [17/Jan/2022:11:20:41 +0800] "GET /xingrg/all/function/internal_message.html?_=1642389662083&CODE_STATE=getMsg HTTP/1.1" 200 27
116.232.54.78 - - [17/Jan/2022:11:20:42 +0800] "GET /xingrg/kc/buy/cgsh_order_operate.html?command=get_materiel&rest_code=00109&code=00101008096&supplier_code=00100005&order_time=2022-01-17 HTTP/1.1" 200 413
114.95.98.1 - - [17/Jan/2022:11:20:42 +0800] "GET /xingrg/kc/base/wldb_order_operate.html?command=get_materiel&rest_code=00102&base_code=0010476&code=00101019405 HTTP/1.1" 200 468
114.83.222.182 - - [17/Jan/2022:11:20:45 +0800] "GET /xingrg/kc/buy/cgsh_order_add.html HTTP/1.1" 200 65451
114.83.222.182 - - [17/Jan/2022:11:20:45 +0800] "POST /xingrg/kc/buy/cgsh_order_operate.html HTTP/1.1" 200 8245
114.83.222.182 - - [17/Jan/2022:11:20:45 +0800] "GET /xingrg/javascript/easyui/themes/default/validatebox.css HTTP/1.1" 404 1104
114.95.98.1 - - [17/Jan/2022:11:20:51 +0800] "GET /xingrg/kc/base/wldb_order_operate.html?command=get_materiel&rest_code=00102&base_code=0010476&code=00101019297 HTTP/1.1" 200 464
116.232.54.78 - - [17/Jan/2022:11:20:52 +0800] "GET /xingrg/all/function/internal_message.html?_=1642389652210&CODE_STATE=getMsg HTTP/1.1" 200 27
116.232.54.78 - - [17/Jan/2022:11:20:52 +0800] "GET /xingrg/check_reg.html?_=1642389652212 HTTP/1.1" 200 22
180.169.147.146 - - [17/Jan/2022:11:20:54 +0800] "GET /xingrg/kc/buy/cgsh_order_operate.html?command=get_materiel&rest_code=00147&code=00101008028&supplier_code=00100006&order_time=2022-01-17 HTTP/1.1" 200 412
116.232.54.78 - - [17/Jan/2022:11:20:57 +0800] "GET /xingrg/kc/buy/cgsh_order_operate.html?command=get_materiel&rest_code=00109&code=00101008038&supplier_code=00100005&order_time=2022-01-17 HTTP/1.1" 200 412
114.83.222.182 - - [17/Jan/2022:11:20:59 +0800] "GET /xingrg/kc/buy/cgsh_order_operate.html?command=get_materiel&rest_code=00149&code=00101011005&supplier_code=00100051&order_time=2022-01-17 HTTP/1.1" 200 428
180.169.147.146 - - [17/Jan/2022:11:21:01 +0800] "GET /xingrg/kc/buy/cgsh_order_operate.html?command=get_materiel&rest_code=00147&code=00101008110&supplier_code=00100006&order_time=2022-01-17 HTTP/1.1" 200 408
114.95.98.1 - - [17/Jan/2022:11:21:01 +0800] "GET /xingrg/kc/base/wldb_order_operate.html?command=get_materiel&rest_code=00102&base_code=0010476&code=00101019133 HTTP/1.1" 200 465
101.85.55.123 - - [17/Jan/2022:11:21:01 +0800] "POST /xingrg/kc/base/yddb_list_operate.html HTTP/1.1" 200 636
101.80.229.199 - - [17/Jan/2022:11:21:03 +0800] "GET /xingrg/all/function/internal_message.html?_=1642389663475&CODE_STATE=getMsg HTTP/1.1" 200 27
101.85.55.123 - - [17/Jan/2022:11:21:04 +0800] "POST /xingrg/kc/base/yddb_list_operate.html HTTP/1.1" 200 4363
101.85.55.123 - - [17/Jan/2022:11:21:05 +0800] "POST /xingrg/kc/base/yddb_list_operate.html HTTP/1.1" 200 207
101.85.55.123 - - [17/Jan/2022:11:21:06 +0800] "POST /xingrg/kc/base/yddb_list_operate.html HTTP/1.1" 200 208
124.78.156.14 - - [17/Jan/2022:11:21:07 +0800] "GET /xingrg/all/function/internal_message.html?_=1642389666903&CODE_STATE=getMsg HTTP/1.1" 200 27
180.169.147.146 - - [17/Jan/2022:11:21:08 +0800] "GET /xingrg/kc/buy/cgsh_order_operate.html?command=get_materiel&rest_code=00147&code=00101008038&supplier_code=00100006&order_time=2022-01-17 HTTP/1.1" 200 412
114.83.222.182 - - [17/Jan/2022:11:21:08 +0800] "GET /xingrg/all/function/internal_message.html?_=1642389667756&CODE_STATE=getMsg HTTP/1.1" 200 27
101.85.55.123 - - [17/Jan/2022:11:21:09 +0800] "GET /xingrg/all/function/internal_message.html?_=1642389666778&CODE_STATE=getMsg HTTP/1.1" 200 27
101.85.55.123 - - [17/Jan/2022:11:21:09 +0800] "POST /xingrg/kc/base/yddb_list_operate.html HTTP/1.1" 200 208
101.85.55.123 - - [17/Jan/2022:11:21:10 +0800] "POST /xingrg/kc/base/yddb_list_operate.html HTTP/1.1" 200 208
