114.95.98.1 - - [17/Jan/2022:11:03:33 +0800] "GET /xingrg/dwr/interface/AjaxComOrderService.js HTTP/1.1" 200 18264
114.95.98.1 - - [17/Jan/2022:11:03:33 +0800] "GET /xingrg/dwr/interface/AjaxQqpsService.js HTTP/1.1" 200 16326
114.95.98.1 - - [17/Jan/2022:11:03:33 +0800] "GET /xingrg/dwr/engine.js HTTP/1.1" 200 43631
114.95.98.1 - - [17/Jan/2022:11:03:33 +0800] "POST /xingrg/dwr/call/plaincall/AjaxQqpsService.loadMaterielItems.dwr HTTP/1.1" 200 4175
58.39.168.32 - - [17/Jan/2022:11:03:33 +0800] "POST /xingrg/kc/base/wldb_order_operate.html HTTP/1.1" 200 37
58.39.168.32 - - [17/Jan/2022:11:03:34 +0800] "POST /xingrg/kc/base/wldb_order_operate.html HTTP/1.1" 200 3154
222.70.217.149 - - [17/Jan/2022:11:03:35 +0800] "GET /xingrg/all/function/internal_message.html?_=1642388603625&CODE_STATE=getMsg HTTP/1.1" 200 27
58.39.168.32 - - [17/Jan/2022:11:03:39 +0800] "GET /xingrg/kc/base/wldb_order_info.html?code=422022011702205 HTTP/1.1" 200 30287
58.39.168.32 - - [17/Jan/2022:11:03:39 +0800] "GET /xingrg/javascript/easyui/themes/default/validatebox.css HTTP/1.1" 404 1104
58.39.168.32 - - [17/Jan/2022:11:03:39 +0800] "POST /xingrg/kc/base/wldb_order_operate.html HTTP/1.1" 200 3154
58.39.168.32 - - [17/Jan/2022:11:03:41 +0800] "GET /xingrg/kc/base/wldb_order_add.html HTTP/1.1" 200 30274
58.39.168.32 - - [17/Jan/2022:11:03:41 +0800] "GET /xingrg/javascript/easyui/themes/default/validatebox.css HTTP/1.1" 404 1104
58.39.168.32 - - [17/Jan/2022:11:03:41 +0800] "POST /xingrg/kc/base/wldb_order_operate.html HTTP/1.1" 200 6806
58.39.168.32 - - [17/Jan/2022:11:03:43 +0800] "POST /xingrg/all/common/load_combo.html?type=base HTTP/1.1" 200 3409
124.78.156.14 - - [17/Jan/2022:11:03:44 +0800] "GET /xingrg/kc/buy/cgsh_order_operate.html?command=get_materiel&rest_code=00106&code=00101006195&supplier_code=00100015&order_time=2022-01-17 HTTP/1.1" 200 409
58.39.168.32 - - [17/Jan/2022:11:03:51 +0800] "GET /xingrg/kc/base/wldb_order_operate.html?command=get_materiel&rest_code=00105&base_code=0010508&code=00102002035 HTTP/1.1" 200 426
116.232.54.78 - - [17/Jan/2022:11:03:52 +0800] "GET /xingrg/all/function/internal_message.html?_=1642388632717&CODE_STATE=getMsg HTTP/1.1" 200 27
124.78.156.14 - - [17/Jan/2022:11:03:54 +0800] "GET /xingrg/kc/buy/cgsh_order_operate.html?command=get_materiel&rest_code=00106&code=00101006130&supplier_code=00100015&order_time=2022-01-17 HTTP/1.1" 200 450
58.39.168.32 - - [17/Jan/2022:11:03:56 +0800] "POST /xingrg/kc/base/wldb_order_operate.html HTTP/1.1" 200 37
58.39.168.32 - - [17/Jan/2022:11:03:56 +0800] "POST /xingrg/kc/base/wldb_order_operate.html HTTP/1.1" 200 2189
58.39.168.32 - - [17/Jan/2022:11:03:57 +0800] "GET /xingrg/kc/base/wldb_order_info.html?code=422022011702206 HTTP/1.1" 200 30284
58.39.168.32 - - [17/Jan/2022:11:03:58 +0800] "GET /xingrg/javascript/easyui/themes/default/validatebox.css HTTP/1.1" 404 1104
58.39.168.32 - - [17/Jan/2022:11:03:58 +0800] "POST /xingrg/kc/base/wldb_order_operate.html HTTP/1.1" 200 2189
101.80.229.199 - - [17/Jan/2022:11:04:03 +0800] "GET /xingrg/all/function/internal_message.html?_=1642388643481&CODE_STATE=getMsg HTTP/1.1" 200 27
124.78.156.14 - - [17/Jan/2022:11:04:06 +0800] "GET /xingrg/check_reg.html?_=1642388645505 HTTP/1.1" 200 22
124.78.156.14 - - [17/Jan/2022:11:04:07 +0800] "GET /xingrg/check_reg.html?_=1642388646854 HTTP/1.1" 200 22
124.78.156.14 - - [17/Jan/2022:11:04:07 +0800] "GET /xingrg/all/function/internal_message.html?_=1642388646857&CODE_STATE=getMsg HTTP/1.1" 200 27
222.70.243.96 - - [17/Jan/2022:11:04:07 +0800] "GET /xingrg/check_reg.html?_=1642388639950 HTTP/1.1" 200 22
114.83.222.182 - - [17/Jan/2022:11:04:08 +0800] "GET /xingrg/check_reg.html?_=1642388647701 HTTP/1.1" 200 22
114.83.222.182 - - [17/Jan/2022:11:04:08 +0800] "GET /xingrg/all/function/internal_message.html?_=1642388647704&CODE_STATE=getMsg HTTP/1.1" 200 27
101.85.55.123 - - [17/Jan/2022:11:04:09 +0800] "GET /xingrg/all/function/internal_message.html?_=1642388647029&CODE_STATE=getMsg HTTP/1.1" 200 27
124.78.156.14 - - [17/Jan/2022:11:04:10 +0800] "GET /xingrg/kc/buy/cgsh_order_operate.html?command=get_materiel&rest_code=00106&code=00101006065&supplier_code=00100015&order_time=2022-01-17 HTTP/1.1" 200 411
222.70.243.96 - - [17/Jan/2022:11:04:10 +0800] "GET /xingrg/all/function/internal_message.html?_=1642388642519&CODE_STATE=getMsg HTTP/1.1" 200 27
222.70.178.207 - - [17/Jan/2022:11:04:13 +0800] "GET /xingrg/all/function/internal_message.html?_=1642388653355&CODE_STATE=getMsg HTTP/1.1" 200 27
124.78.156.14 - - [17/Jan/2022:11:04:21 +0800] "GET /xingrg/kc/buy/cgsh_order_operate.html?command=get_materiel&rest_code=00106&code=00101006129&supplier_code=00100015&order_time=2022-01-17 HTTP/1.1" 200 450
58.37.10.95 - - [17/Jan/2022:11:04:21 +0800] "GET /xingrg/all/function/internal_message.html?_=1642388459704&CODE_STATE=getMsg HTTP/1.1" 200 27
124.78.156.14 - - [17/Jan/2022:11:04:27 +0800] "GET /xingrg/all/function/internal_message.html?_=1642388667030&CODE_STATE=getMsg HTTP/1.1" 200 27
58.39.168.32 - - [17/Jan/2022:11:04:28 +0800] "GET /xingrg/all/function/internal_message.html?_=1642388669038&CODE_STATE=getMsg HTTP/1.1" 200 27
180.162.114.48 - - [17/Jan/2022:11:04:31 +0800] "GET /xingrg/all/function/internal_message.html?_=1642388081409&CODE_STATE=getMsg HTTP/1.1" 200 27
222.70.217.149 - - [17/Jan/2022:11:04:35 +0800] "GET /xingrg/check_reg.html?_=1642388663617 HTTP/1.1" 200 22
222.70.217.149 - - [17/Jan/2022:11:04:35 +0800] "GET /xingrg/all/function/internal_message.html?_=1642388663619&CODE_STATE=getMsg HTTP/1.1" 200 27
116.232.54.78 - - [17/Jan/2022:11:04:43 +0800] "GET /xingrg/javascript/auto/indicator.gif HTTP/1.1" 404 1066
116.232.54.78 - - [17/Jan/2022:11:04:45 +0800] "GET /xingrg/javascript/jquery_tools/images/prev.gif HTTP/1.1" 404 1086
116.232.54.78 - - [17/Jan/2022:11:04:45 +0800] "GET /xingrg/javascript/jquery_tools/images/next.gif HTTP/1.1" 404 1086
114.95.98.1 - - [17/Jan/2022:11:04:47 +0800] "GET /xingrg/check_reg.html?_=1642388698956 HTTP/1.1" 200 22
114.95.98.1 - - [17/Jan/2022:11:04:47 +0800] "GET /xingrg/all/function/internal_message.html?_=1642388698582&CODE_STATE=getMsg HTTP/1.1" 200 27
114.95.98.1 - - [17/Jan/2022:11:04:47 +0800] "GET /xingrg/login.html HTTP/1.1" 200 7641
114.95.98.1 - - [17/Jan/2022:11:04:47 +0800] "GET /favicon.ico HTTP/1.1" 404 -
116.232.54.78 - - [17/Jan/2022:11:04:52 +0800] "GET /xingrg/all/function/internal_message.html?_=1642388692168&CODE_STATE=getMsg HTTP/1.1" 200 27
116.232.54.78 - - [17/Jan/2022:11:04:52 +0800] "GET /xingrg/kc/buy/cgsh_order_operate.html?command=get_materiel&rest_code=00109&code=00101001010&supplier_code=00100454&order_time=2022-01-17 HTTP/1.1" 200 411
222.70.178.207 - - [17/Jan/2022:11:04:52 +0800] "GET /xingrg/kc/base/base_main.html HTTP/1.1" 200 12142
222.70.178.207 - - [17/Jan/2022:11:04:52 +0800] "GET /xingrg/images/blue/button/wlsy.gif HTTP/1.1" 200 2536
222.70.178.207 - - [17/Jan/2022:11:04:52 +0800] "GET /xingrg/images/blue/button/ckpd.gif HTTP/1.1" 200 2051
222.70.178.207 - - [17/Jan/2022:11:04:52 +0800] "GET /xingrg/images/blue/button/ckdb.gif HTTP/1.1" 200 1950
222.70.178.207 - - [17/Jan/2022:11:04:52 +0800] "GET /xingrg/images/blue/button/yddb.gif HTTP/1.1" 200 2040
222.70.178.207 - - [17/Jan/2022:11:04:52 +0800] "GET /xingrg/images/blue/button/top_left.jpg HTTP/1.1" 200 1632
222.70.178.207 - - [17/Jan/2022:11:04:52 +0800] "GET /xingrg/images/blue/button/down.jpg HTTP/1.1" 200 1560
222.70.178.207 - - [17/Jan/2022:11:04:52 +0800] "GET /xingrg/images/blue/button/top_right.jpg HTTP/1.1" 200 1708
222.70.178.207 - - [17/Jan/2022:11:04:52 +0800] "GET /xingrg/images/blue/button/left_ah.jpg HTTP/1.1" 200 1643
222.70.178.207 - - [17/Jan/2022:11:04:52 +0800] "GET /xingrg/images/blue/button/bottom_right.jpg HTTP/1.1" 200 1436
222.70.178.207 - - [17/Jan/2022:11:04:52 +0800] "GET /xingrg/images/blue/button/bottom_left.jpg HTTP/1.1" 200 1524
114.95.98.1 - - [17/Jan/2022:11:04:55 +0800] "POST /xingrg/login.do HTTP/1.1" 302 -
114.95.98.1 - - [17/Jan/2022:11:04:55 +0800] "GET /xingrg/index.html?sysBaseUrl=http%3A%2F%2F180.169.147.146%3A18081%2Fxingrg%2F&costTime=200×tamp=1642388695200 HTTP/1.1" 200 17173
114.95.98.1 - - [17/Jan/2022:11:04:55 +0800] "POST /xingrg/all/common/load_tree.html?tree=area_rest_tree_json&manage=1 HTTP/1.1" 200 342
114.95.98.1 - - [17/Jan/2022:11:04:55 +0800] "GET /xingrg/check_reg.html?_=1642388695901 HTTP/1.1" 200 22
114.95.98.1 - - [17/Jan/2022:11:04:55 +0800] "GET /xingrg/all/function/internal_message.html?_=1642388695899&CODE_STATE=count HTTP/1.1" 200 11
114.95.98.1 - - [17/Jan/2022:11:04:55 +0800] "GET /favicon.ico HTTP/1.1" 404 -
114.95.98.1 - - [17/Jan/2022:11:04:55 +0800] "POST /xingrg/load_menu.html HTTP/1.1" 200 5138
114.95.98.1 - - [17/Jan/2022:11:04:57 +0800] "GET /xingrg/kc/mdqp/qqps_order_list.html HTTP/1.1" 200 9222
114.95.98.1 - - [17/Jan/2022:11:04:57 +0800] "GET /xingrg/dwr/interface/AjaxQqpsService.js HTTP/1.1" 200 16326
114.95.98.1 - - [17/Jan/2022:11:04:57 +0800] "GET /xingrg/dwr/interface/AjaxReportQueryService.js HTTP/1.1" 200 13203
114.95.98.1 - - [17/Jan/2022:11:04:57 +0800] "GET /xingrg/dwr/engine.js HTTP/1.1" 200 43631
222.70.178.207 - - [17/Jan/2022:11:04:58 +0800] "GET /xingrg/kc/base/wldb_order_list.html HTTP/1.1" 200 19060
222.70.178.207 - - [17/Jan/2022:11:04:59 +0800] "POST /xingrg/kc/base/wldb_list_operate.html HTTP/1.1" 200 928
101.80.229.199 - - [17/Jan/2022:11:05:03 +0800] "GET /xingrg/all/function/internal_message.html?_=1642388703484&CODE_STATE=getMsg HTTP/1.1" 200 27
222.70.178.207 - - [17/Jan/2022:11:05:05 +0800] "GET /xingrg/kc/base/wldb_order_add.html HTTP/1.1" 200 30274
116.232.54.78 - - [17/Jan/2022:11:05:06 +0800] "GET /xingrg/kc/buy/cgsh_order_operate.html?command=get_materiel&rest_code=00109&code=00101005037&supplier_code=00100454&order_time=2022-01-17 HTTP/1.1" 200 411
222.70.178.207 - - [17/Jan/2022:11:05:06 +0800] "POST /xingrg/kc/base/wldb_order_operate.html HTTP/1.1" 200 6806
222.70.178.207 - - [17/Jan/2022:11:05:06 +0800] "GET /xingrg/all/common/auto_word.html?type=base&rest_code=00111 HTTP/1.1" 200 1753
222.70.178.207 - - [17/Jan/2022:11:05:06 +0800] "GET /xingrg/all/common/auto_word.html?type=base&rest_code=00111 HTTP/1.1" 200 1753
222.70.178.207 - - [17/Jan/2022:11:05:06 +0800] "GET /xingrg/javascript/easyui/themes/default/validatebox.css HTTP/1.1" 404 1104
114.95.98.1 - - [17/Jan/2022:11:05:06 +0800] "GET /xingrg/kc/mdqp/qqps_order_list.html?isQuery=1&timeSelect=1&orderTime=day&startTime=2021-11-01&endTime=2021-11-30&state=all&query=%C8%B7++%B6%A8 HTTP/1.1" 200 15819
114.95.98.1 - - [17/Jan/2022:11:05:06 +0800] "GET /xingrg/dwr/interface/AjaxReportQueryService.js HTTP/1.1" 200 13203
114.95.98.1 - - [17/Jan/2022:11:05:06 +0800] "GET /xingrg/dwr/interface/AjaxQqpsService.js HTTP/1.1" 200 16326
114.95.98.1 - - [17/Jan/2022:11:05:06 +0800] "GET /xingrg/dwr/engine.js HTTP/1.1" 200 43631
124.78.156.14 - - [17/Jan/2022:11:05:07 +0800] "GET /xingrg/all/function/internal_message.html?_=1642388706843&CODE_STATE=getMsg HTTP/1.1" 200 27
114.95.98.1 - - [17/Jan/2022:11:05:07 +0800] "GET /xingrg/kc/mdqp/qqps_order_info.html?code=302021113000641 HTTP/1.1" 200 26629
114.95.98.1 - - [17/Jan/2022:11:05:07 +0800] "GET /xingrg/dwr/interface/AjaxQqpsService.js HTTP/1.1" 200 16326
114.95.98.1 - - [17/Jan/2022:11:05:07 +0800] "GET /xingrg/dwr/interface/AjaxComOrderService.js HTTP/1.1" 200 18264
114.95.98.1 - - [17/Jan/2022:11:05:07 +0800] "GET /xingrg/dwr/engine.js HTTP/1.1" 200 43631
114.95.98.1 - - [17/Jan/2022:11:05:08 +0800] "POST /xingrg/dwr/call/plaincall/AjaxQqpsService.loadMaterielItems.dwr HTTP/1.1" 200 4175
114.83.222.182 - - [17/Jan/2022:11:05:08 +0800] "GET /xingrg/all/function/internal_message.html?_=1642388707704&CODE_STATE=getMsg HTTP/1.1" 200 27
101.85.55.123 - - [17/Jan/2022:11:05:09 +0800] "GET /xingrg/all/function/internal_message.html?_=1642388707024&CODE_STATE=getMsg HTTP/1.1" 200 27
222.70.178.207 - - [17/Jan/2022:11:05:09 +0800] "POST /xingrg/all/common/load_combo.html?type=base HTTP/1.1" 200 3142
222.70.243.96 - - [17/Jan/2022:11:05:10 +0800] "GET /xingrg/all/function/internal_message.html?_=1642388702532&CODE_STATE=getMsg HTTP/1.1" 200 27
114.95.98.1 - - [17/Jan/2022:11:05:11 +0800] "GET /xingrg/kc/mdqp/pssh_order_list.html HTTP/1.1" 200 17741
114.95.98.1 - - [17/Jan/2022:11:05:12 +0800] "POST /xingrg/kc/mdqp/pssh_list_operate.html HTTP/1.1" 200 5418
114.95.98.1 - - [17/Jan/2022:11:05:13 +0800] "GET /xingrg/kc/base/wldb_order_list.html HTTP/1.1" 200 19060
222.70.178.207 - - [17/Jan/2022:11:05:13 +0800] "GET /xingrg/check_reg.html?_=1642388713322 HTTP/1.1" 200 22
222.70.178.207 - - [17/Jan/2022:11:05:13 +0800] "GET /xingrg/all/function/internal_message.html?_=1642388713325&CODE_STATE=getMsg HTTP/1.1" 200 27
222.70.178.207 - - [17/Jan/2022:11:05:13 +0800] "POST /xingrg/all/common/load_combo.html?type=base HTTP/1.1" 200 3142
114.95.98.1 - - [17/Jan/2022:11:05:14 +0800] "POST /xingrg/kc/base/wldb_list_operate.html HTTP/1.1" 200 928
114.95.98.1 - - [17/Jan/2022:11:05:14 +0800] "POST /xingrg/kc/mdqp/pssh_list_operate.html HTTP/1.1" 200 5418
114.95.98.1 - - [17/Jan/2022:11:05:15 +0800] "GET /xingrg/kc/base/wldb_order_add.html HTTP/1.1" 200 30270
114.95.98.1 - - [17/Jan/2022:11:05:15 +0800] "POST /xingrg/kc/mdqp/pssh_list_operate.html HTTP/1.1" 200 5621
114.95.98.1 - - [17/Jan/2022:11:05:16 +0800] "POST /xingrg/kc/base/wldb_order_operate.html HTTP/1.1" 200 6806
114.95.98.1 - - [17/Jan/2022:11:05:17 +0800] "GET /xingrg/all/common/auto_word.html?type=base&rest_code=00102 HTTP/1.1" 200 1807
114.95.98.1 - - [17/Jan/2022:11:05:17 +0800] "GET /xingrg/all/common/auto_word.html?type=base&rest_code=00102 HTTP/1.1" 200 1807
114.95.98.1 - - [17/Jan/2022:11:05:17 +0800] "POST /xingrg/kc/mdqp/pssh_list_operate.html HTTP/1.1" 200 5557
114.95.98.1 - - [17/Jan/2022:11:05:17 +0800] "GET /xingrg/javascript/easyui/themes/default/validatebox.css HTTP/1.1" 404 1104
124.78.156.14 - - [17/Jan/2022:11:05:17 +0800] "GET /xingrg/kc/buy/cgsh_order_operate.html?command=get_materiel&rest_code=00106&code=00101006111&supplier_code=00100015&order_time=2022-01-17 HTTP/1.1" 200 409
114.95.98.1 - - [17/Jan/2022:11:05:18 +0800] "POST /xingrg/kc/mdqp/pssh_list_operate.html HTTP/1.1" 200 5588
114.95.98.1 - - [17/Jan/2022:11:05:21 +0800] "POST /xingrg/kc/mdqp/pssh_list_operate.html HTTP/1.1" 200 5591
58.37.10.95 - - [17/Jan/2022:11:05:21 +0800] "GET /xingrg/all/function/internal_message.html?_=1642388519674&CODE_STATE=getMsg HTTP/1.1" 200 27
114.95.98.1 - - [17/Jan/2022:11:05:22 +0800] "POST /xingrg/kc/mdqp/pssh_list_operate.html HTTP/1.1" 200 5627
114.95.98.1 - - [17/Jan/2022:11:05:24 +0800] "POST /xingrg/kc/mdqp/pssh_list_operate.html HTTP/1.1" 200 257
114.95.98.1 - - [17/Jan/2022:11:05:25 +0800] "POST /xingrg/kc/mdqp/pssh_list_operate.html HTTP/1.1" 200 785
114.95.98.1 - - [17/Jan/2022:11:05:25 +0800] "POST /xingrg/kc/mdqp/pssh_list_operate.html HTTP/1.1" 200 270
116.232.54.78 - - [17/Jan/2022:11:05:26 +0800] "GET /xingrg/kc/buy/cgsh_order_operate.html?command=get_materiel&rest_code=00109&code=00101001269&supplier_code=00100454&order_time=2022-01-17 HTTP/1.1" 200 401
124.78.156.14 - - [17/Jan/2022:11:05:27 +0800] "GET /xingrg/all/function/internal_message.html?_=1642388727000&CODE_STATE=getMsg HTTP/1.1" 200 27
114.95.98.1 - - [17/Jan/2022:11:05:27 +0800] "GET /xingrg/kc/mdqp/pssh_order_info.html?code=312021120100001 HTTP/1.1" 200 14386
114.95.98.1 - - [17/Jan/2022:11:05:28 +0800] "GET /xingrg/javascript/jquery_tools/jquery-1.4.2.min.js HTTP/1.1" 404 1094
114.95.98.1 - - [17/Jan/2022:11:05:28 +0800] "GET /xingrg/javascript/easyui/themes/default/validatebox.css HTTP/1.1" 404 1104
114.95.98.1 - - [17/Jan/2022:11:05:28 +0800] "POST /xingrg/kc/mdqp/pssh_order_operate.html HTTP/1.1" 200 6867
58.39.168.32 - - [17/Jan/2022:11:05:28 +0800] "GET /xingrg/all/function/internal_message.html?_=1642388729038&CODE_STATE=getMsg HTTP/1.1" 200 27
114.95.98.1 - - [17/Jan/2022:11:05:30 +0800] "GET /xingrg/kc/mdqp/pssh_order_list.html?isBack=1 HTTP/1.1" 200 17741
222.70.178.207 - - [17/Jan/2022:11:05:31 +0800] "GET /xingrg/kc/buy/cgsh_order_add.html HTTP/1.1" 200 65319
114.95.98.1 - - [17/Jan/2022:11:05:31 +0800] "POST /xingrg/kc/mdqp/pssh_list_operate.html HTTP/1.1" 200 5418
222.70.178.207 - - [17/Jan/2022:11:05:31 +0800] "POST /xingrg/kc/buy/cgsh_order_operate.html HTTP/1.1" 200 8245
222.70.178.207 - - [17/Jan/2022:11:05:31 +0800] "GET /xingrg/javascript/easyui/themes/default/validatebox.css HTTP/1.1" 404 1104
180.162.114.48 - - [17/Jan/2022:11:05:31 +0800] "GET /xingrg/all/function/internal_message.html?_=1642388141421&CODE_STATE=getMsg HTTP/1.1" 200 27
114.95.98.1 - - [17/Jan/2022:11:05:31 +0800] "POST /xingrg/kc/mdqp/pssh_list_operate.html HTTP/1.1" 200 788
114.95.98.1 - - [17/Jan/2022:11:05:33 +0800] "POST /xingrg/kc/mdqp/pssh_list_operate.html HTTP/1.1" 200 259
222.70.217.149 - - [17/Jan/2022:11:05:35 +0800] "GET /xingrg/all/function/internal_message.html?_=1642388723622&CODE_STATE=getMsg HTTP/1.1" 200 27
124.78.156.14 - - [17/Jan/2022:11:05:36 +0800] "GET /xingrg/kc/buy/cgsh_order_operate.html?command=get_materiel&rest_code=00106&code=00101006062&supplier_code=00100015&order_time=2022-01-17 HTTP/1.1" 200 409
114.95.98.1 - - [17/Jan/2022:11:05:36 +0800] "GET /xingrg/javascript/jquery_tools/images/prev.gif HTTP/1.1" 404 1086
114.95.98.1 - - [17/Jan/2022:11:05:36 +0800] "GET /xingrg/javascript/jquery_tools/images/next.gif HTTP/1.1" 404 1086
114.95.98.1 - - [17/Jan/2022:11:05:38 +0800] "GET /xingrg/all/function/internal_message.html?_=1642388758603&CODE_STATE=getMsg HTTP/1.1" 200 27
116.232.54.78 - - [17/Jan/2022:11:05:40 +0800] "GET /xingrg/kc/buy/cgsh_order_operate.html?command=get_materiel&rest_code=00109&code=00101001032&supplier_code=00100454&order_time=2022-01-17 HTTP/1.1" 200 415
222.69.132.164 - - [17/Jan/2022:11:05:41 +0800] "GET /xingrg/login.html HTTP/1.1" 200 7641
222.69.132.164 - - [17/Jan/2022:11:05:41 +0800] "GET /favicon.ico HTTP/1.1" 404 -
222.69.132.164 - - [17/Jan/2022:11:05:43 +0800] "POST /xingrg/login.do HTTP/1.1" 302 -
222.69.132.164 - - [17/Jan/2022:11:05:43 +0800] "GET /xingrg/index.html?sysBaseUrl=http%3A%2F%2F180.169.147.146%3A18081%2Fxingrg%2F&costTime=40×tamp=1642388743861 HTTP/1.1" 200 17179
114.95.98.1 - - [17/Jan/2022:11:05:43 +0800] "POST /xingrg/kc/mdqp/pssh_list_operate.html HTTP/1.1" 200 5300
222.69.132.164 - - [17/Jan/2022:11:05:43 +0800] "GET /favicon.ico HTTP/1.1" 404 -
222.69.132.164 - - [17/Jan/2022:11:05:44 +0800] "POST /xingrg/all/common/load_tree.html?tree=area_rest_tree_json&manage=1 HTTP/1.1" 200 351
222.69.132.164 - - [17/Jan/2022:11:05:44 +0800] "GET /xingrg/all/function/internal_message.html?_=1642388792463&CODE_STATE=count HTTP/1.1" 200 11
222.69.132.164 - - [17/Jan/2022:11:05:44 +0800] "GET /xingrg/check_reg.html?_=1642388792464 HTTP/1.1" 200 22
222.69.132.164 - - [17/Jan/2022:11:05:44 +0800] "POST /xingrg/load_menu.html HTTP/1.1" 200 5138
114.95.98.1 - - [17/Jan/2022:11:05:47 +0800] "POST /xingrg/kc/mdqp/pssh_list_operate.html HTTP/1.1" 200 4087
114.95.98.1 - - [17/Jan/2022:11:05:48 +0800] "POST /xingrg/kc/mdqp/pssh_list_operate.html HTTP/1.1" 200 770
222.69.132.164 - - [17/Jan/2022:11:05:48 +0800] "GET /xingrg/kc/buy/cgsh_order_list.html HTTP/1.1" 200 49594
116.232.54.78 - - [17/Jan/2022:11:05:49 +0800] "GET /xingrg/kc/buy/cgsh_order_operate.html?command=get_materiel&rest_code=00109&code=00101002027&supplier_code=00100454&order_time=2022-01-17 HTTP/1.1" 200 436
114.95.98.1 - - [17/Jan/2022:11:05:49 +0800] "POST /xingrg/kc/mdqp/pssh_list_operate.html HTTP/1.1" 200 288
222.69.132.164 - - [17/Jan/2022:11:05:49 +0800] "POST /xingrg/kc/buy/cgsh_list_operate.html HTTP/1.1" 200 876
124.78.156.14 - - [17/Jan/2022:11:05:50 +0800] "GET /xingrg/kc/buy/cgsh_order_operate.html?command=get_materiel&rest_code=00106&code=00101006029&supplier_code=00100015&order_time=2022-01-17 HTTP/1.1" 200 410
114.95.98.1 - - [17/Jan/2022:11:05:50 +0800] "POST /xingrg/kc/mdqp/pssh_list_operate.html HTTP/1.1" 200 261
116.232.54.78 - - [17/Jan/2022:11:05:52 +0800] "GET /xingrg/all/function/internal_message.html?_=1642388752170&CODE_STATE=getMsg HTTP/1.1" 200 27
116.232.54.78 - - [17/Jan/2022:11:05:52 +0800] "GET /xingrg/check_reg.html?_=1642388752172 HTTP/1.1" 200 22
114.95.98.1 - - [17/Jan/2022:11:05:52 +0800] "GET /xingrg/kc/mdqp/pssh_order_info.html?code=312021120100004 HTTP/1.1" 200 14382
114.95.98.1 - - [17/Jan/2022:11:05:52 +0800] "GET /xingrg/javascript/jquery_tools/jquery-1.4.2.min.js HTTP/1.1" 404 1094
114.95.98.1 - - [17/Jan/2022:11:05:52 +0800] "GET /xingrg/javascript/easyui/themes/default/validatebox.css HTTP/1.1" 404 1104
114.95.98.1 - - [17/Jan/2022:11:05:52 +0800] "POST /xingrg/kc/mdqp/pssh_order_operate.html HTTP/1.1" 200 531
222.69.132.164 - - [17/Jan/2022:11:05:52 +0800] "GET /xingrg/kc/buy/cgsh_order_add.html HTTP/1.1" 200 64526
222.69.132.164 - - [17/Jan/2022:11:05:52 +0800] "GET /xingrg/words/20220115171631_words.js HTTP/1.1" 304 -
222.69.132.164 - - [17/Jan/2022:11:05:52 +0800] "POST /xingrg/kc/buy/cgsh_order_operate.html HTTP/1.1" 200 8245
222.69.132.164 - - [17/Jan/2022:11:05:52 +0800] "GET /xingrg/javascript/easyui/themes/default/validatebox.css HTTP/1.1" 404 1104
222.69.132.164 - - [17/Jan/2022:11:05:52 +0800] "GET /xingrg/all/common/auto_word.html?type=employee&rest_code=00154 HTTP/1.1" 200 101
222.69.132.164 - - [17/Jan/2022:11:05:52 +0800] "GET /xingrg/all/common/auto_word.html?type=employee&rest_code=00154 HTTP/1.1" 200 101
222.69.132.164 - - [17/Jan/2022:11:05:55 +0800] "GET /xingrg/javascript/auto/indicator.gif HTTP/1.1" 404 1066
114.95.98.1 - - [17/Jan/2022:11:05:55 +0800] "GET /xingrg/all/function/internal_message.html?_=1642388755914&CODE_STATE=getMsg HTTP/1.1" 200 27
114.95.98.1 - - [17/Jan/2022:11:06:00 +0800] "GET /xingrg/kc/mdqp/qqps_order_list.html HTTP/1.1" 200 9222
114.95.98.1 - - [17/Jan/2022:11:06:00 +0800] "GET /xingrg/dwr/interface/AjaxReportQueryService.js HTTP/1.1" 200 13203
114.95.98.1 - - [17/Jan/2022:11:06:00 +0800] "GET /xingrg/dwr/interface/AjaxQqpsService.js HTTP/1.1" 200 16326
114.95.98.1 - - [17/Jan/2022:11:06:00 +0800] "GET /xingrg/dwr/engine.js HTTP/1.1" 200 43631
101.80.229.199 - - [17/Jan/2022:11:06:03 +0800] "GET /xingrg/all/function/internal_message.html?_=1642388763487&CODE_STATE=getMsg HTTP/1.1" 200 27
124.78.156.14 - - [17/Jan/2022:11:06:07 +0800] "GET /xingrg/all/function/internal_message.html?_=1642388766844&CODE_STATE=getMsg HTTP/1.1" 200 27
114.83.222.182 - - [17/Jan/2022:11:06:08 +0800] "GET /xingrg/all/function/internal_message.html?_=1642388767705&CODE_STATE=getMsg HTTP/1.1" 200 27
101.85.55.123 - - [17/Jan/2022:11:06:09 +0800] "GET /xingrg/all/function/internal_message.html?_=1642388767011&CODE_STATE=getMsg HTTP/1.1" 200 27
222.70.243.96 - - [17/Jan/2022:11:06:10 +0800] "GET /xingrg/all/function/internal_message.html?_=1642388762545&CODE_STATE=getMsg HTTP/1.1" 200 27
222.69.132.164 - - [17/Jan/2022:11:06:10 +0800] "GET /xingrg/kc/buy/cgsh_order_operate.html?command=get_materiel&rest_code=00154&code=00101006252&supplier_code=00100501&order_time=2022-01-17 HTTP/1.1" 200 395
114.95.98.1 - - [17/Jan/2022:11:06:12 +0800] "GET /xingrg/kc/mdqp/qqps_order_add.html HTTP/1.1" 200 28226
114.95.98.1 - - [17/Jan/2022:11:06:12 +0800] "GET /xingrg/dwr/interface/AjaxComOrderService.js HTTP/1.1" 200 18264
114.95.98.1 - - [17/Jan/2022:11:06:12 +0800] "GET /xingrg/dwr/interface/AjaxQqpsService.js HTTP/1.1" 200 16326
114.95.98.1 - - [17/Jan/2022:11:06:12 +0800] "GET /xingrg/dwr/engine.js HTTP/1.1" 200 43631
222.70.178.207 - - [17/Jan/2022:11:06:13 +0800] "GET /xingrg/all/function/internal_message.html?_=1642388773318&CODE_STATE=getMsg HTTP/1.1" 200 27
101.85.55.123 - - [17/Jan/2022:11:06:17 +0800] "GET /xingrg/check_reg.html?_=1642388775132 HTTP/1.1" 200 22
58.37.10.95 - - [17/Jan/2022:11:06:21 +0800] "GET /xingrg/all/function/internal_message.html?_=1642388579646&CODE_STATE=getMsg HTTP/1.1" 200 27
114.95.98.1 - - [17/Jan/2022:11:06:22 +0800] "POST /xingrg/dwr/call/plaincall/AjaxQqpsService.saveOrder.dwr HTTP/1.1" 200 78
114.95.98.1 - - [17/Jan/2022:11:06:23 +0800] "GET /xingrg/javascript/auto/indicator.gif HTTP/1.1" 404 1066
116.232.54.78 - - [17/Jan/2022:11:06:25 +0800] "POST /xingrg/kc/buy/cgsh_order_operate.html HTTP/1.1" 200 37
124.78.156.14 - - [17/Jan/2022:11:06:26 +0800] "POST /xingrg/kc/buy/cgsh_order_operate.html HTTP/1.1" 200 88
114.95.98.1 - - [17/Jan/2022:11:06:26 +0800] "POST /xingrg/dwr/call/plaincall/AjaxQqpsService.getMaterielByCode.dwr HTTP/1.1" 200 2645
124.78.156.14 - - [17/Jan/2022:11:06:27 +0800] "GET /xingrg/all/function/internal_message.html?_=1642388787004&CODE_STATE=getMsg HTTP/1.1" 200 27
222.70.178.207 - - [17/Jan/2022:11:06:28 +0800] "GET /xingrg/javascript/jquery_tools/images/next.gif HTTP/1.1" 404 1086
222.70.178.207 - - [17/Jan/2022:11:06:28 +0800] "GET /xingrg/javascript/jquery_tools/images/prev.gif HTTP/1.1" 404 1086
116.232.54.78 - - [17/Jan/2022:11:06:28 +0800] "POST /xingrg/kc/buy/cgsh_order_operate.html HTTP/1.1" 200 5031
114.95.98.1 - - [17/Jan/2022:11:06:28 +0800] "POST /xingrg/dwr/call/plaincall/AjaxQqpsService.saveMaterielItem.dwr HTTP/1.1" 200 78
58.39.168.32 - - [17/Jan/2022:11:06:28 +0800] "GET /xingrg/all/function/internal_message.html?_=1642388789038&CODE_STATE=getMsg HTTP/1.1" 200 27
58.39.168.32 - - [17/Jan/2022:11:06:28 +0800] "GET /xingrg/check_reg.html?_=1642388789042 HTTP/1.1" 200 22
114.95.98.1 - - [17/Jan/2022:11:06:29 +0800] "POST /xingrg/dwr/call/plaincall/AjaxQqpsService.checkOrder.dwr HTTP/1.1" 200 78
116.232.54.78 - - [17/Jan/2022:11:06:29 +0800] "GET /xingrg/kc/print/load_config.html?kc_code=cgsh HTTP/1.1" 200 1943
116.232.54.78 - - [17/Jan/2022:11:06:29 +0800] "GET /xingrg/kc/print/load_data.html?order_code=212022011708122&kc_code=cgsh&condition= HTTP/1.1" 200 1559
114.95.98.1 - - [17/Jan/2022:11:06:29 +0800] "GET /xingrg/kc/mdqp/qqps_order_info.html?code=302022011700438 HTTP/1.1" 200 26629
114.95.98.1 - - [17/Jan/2022:11:06:29 +0800] "GET /xingrg/dwr/interface/AjaxComOrderService.js HTTP/1.1" 200 18264
114.95.98.1 - - [17/Jan/2022:11:06:29 +0800] "GET /xingrg/dwr/interface/AjaxQqpsService.js HTTP/1.1" 200 16326
114.95.98.1 - - [17/Jan/2022:11:06:30 +0800] "GET /xingrg/dwr/engine.js HTTP/1.1" 200 43631
114.95.98.1 - - [17/Jan/2022:11:06:30 +0800] "POST /xingrg/dwr/call/plaincall/AjaxQqpsService.loadMaterielItems.dwr HTTP/1.1" 200 340
180.162.114.48 - - [17/Jan/2022:11:06:31 +0800] "GET /xingrg/check_reg.html?_=1642388201420 HTTP/1.1" 200 22
180.162.114.48 - - [17/Jan/2022:11:06:31 +0800] "GET /xingrg/all/function/internal_message.html?_=1642388201423&CODE_STATE=getMsg HTTP/1.1" 200 27
114.95.98.1 - - [17/Jan/2022:11:06:32 +0800] "GET /xingrg/kc/mdqp/qqps_order_list.html HTTP/1.1" 200 9668
114.95.98.1 - - [17/Jan/2022:11:06:32 +0800] "GET /xingrg/dwr/interface/AjaxQqpsService.js HTTP/1.1" 200 16326
114.95.98.1 - - [17/Jan/2022:11:06:32 +0800] "GET /xingrg/dwr/interface/AjaxReportQueryService.js HTTP/1.1" 200 13203
114.95.98.1 - - [17/Jan/2022:11:06:32 +0800] "GET /xingrg/dwr/engine.js HTTP/1.1" 200 43631
124.78.156.14 - - [17/Jan/2022:11:06:33 +0800] "POST /xingrg/kc/buy/cgsh_order_operate.html HTTP/1.1" 200 37
222.69.132.164 - - [17/Jan/2022:11:06:33 +0800] "GET /xingrg/kc/buy/cgsh_order_operate.html?command=get_materiel&rest_code=00154&code=00101006198&supplier_code=00100501&order_time=2022-01-17 HTTP/1.1" 200 412
114.95.98.1 - - [17/Jan/2022:11:06:33 +0800] "GET /xingrg/kc/mdqp/qqps_order_info.html?code=302022011700438 HTTP/1.1" 200 26629
116.232.54.78 - - [17/Jan/2022:11:06:33 +0800] "GET /xingrg/kc/buy/cgsh_order_add.html HTTP/1.1" 200 65439
114.95.98.1 - - [17/Jan/2022:11:06:33 +0800] "GET /xingrg/dwr/interface/AjaxQqpsService.js HTTP/1.1" 200 16326
114.95.98.1 - - [17/Jan/2022:11:06:33 +0800] "GET /xingrg/dwr/interface/AjaxComOrderService.js HTTP/1.1" 200 18264
114.95.98.1 - - [17/Jan/2022:11:06:33 +0800] "GET /xingrg/dwr/engine.js HTTP/1.1" 200 43631
116.232.54.78 - - [17/Jan/2022:11:06:34 +0800] "POST /xingrg/kc/buy/cgsh_order_operate.html HTTP/1.1" 200 8245
116.232.54.78 - - [17/Jan/2022:11:06:34 +0800] "GET /xingrg/all/common/auto_word.html?type=employee&rest_code=00109 HTTP/1.1" 200 255
116.232.54.78 - - [17/Jan/2022:11:06:34 +0800] "GET /xingrg/javascript/easyui/themes/default/validatebox.css HTTP/1.1" 404 1104
116.232.54.78 - - [17/Jan/2022:11:06:34 +0800] "GET /xingrg/all/common/auto_word.html?type=employee&rest_code=00109 HTTP/1.1" 200 255
114.95.98.1 - - [17/Jan/2022:11:06:34 +0800] "POST /xingrg/dwr/call/plaincall/AjaxQqpsService.loadMaterielItems.dwr HTTP/1.1" 200 340
222.70.217.149 - - [17/Jan/2022:11:06:35 +0800] "GET /xingrg/all/function/internal_message.html?_=1642388783620&CODE_STATE=getMsg HTTP/1.1" 200 27
116.232.54.78 - - [17/Jan/2022:11:06:37 +0800] "GET /xingrg/javascript/jquery_tools/images/next.gif HTTP/1.1" 404 1086
116.232.54.78 - - [17/Jan/2022:11:06:37 +0800] "GET /xingrg/javascript/jquery_tools/images/prev.gif HTTP/1.1" 404 1086
114.95.98.1 - - [17/Jan/2022:11:06:38 +0800] "GET /xingrg/all/function/internal_message.html?_=1642388818615&CODE_STATE=getMsg HTTP/1.1" 200 27
222.70.178.207 - - [17/Jan/2022:11:06:41 +0800] "GET /xingrg/kc/buy/cgsh_order_operate.html?command=get_materiel&rest_code=00111&code=00101016030&supplier_code=00100037&order_time=2022-01-17 HTTP/1.1" 200 412
124.78.156.14 - - [17/Jan/2022:11:06:42 +0800] "POST /xingrg/kc/buy/cgsh_order_operate.html HTTP/1.1" 200 11025
222.69.132.164 - - [17/Jan/2022:11:06:44 +0800] "GET /xingrg/all/function/internal_message.html?_=1642388852491&CODE_STATE=getMsg HTTP/1.1" 200 27
116.232.54.78 - - [17/Jan/2022:11:06:44 +0800] "GET /xingrg/kc/buy/cgsh_order_operate.html?command=get_materiel&rest_code=00109&code=00101011005&supplier_code=00100046&order_time=2022-01-17 HTTP/1.1" 200 428
124.78.156.14 - - [17/Jan/2022:11:06:50 +0800] "POST /xingrg/kc/buy/cgsh_order_operate.html HTTP/1.1" 200 37
116.232.54.78 - - [17/Jan/2022:11:06:52 +0800] "GET /xingrg/all/function/internal_message.html?_=1642388812173&CODE_STATE=getMsg HTTP/1.1" 200 27
124.78.156.14 - - [17/Jan/2022:11:06:54 +0800] "POST /xingrg/kc/buy/cgsh_order_operate.html HTTP/1.1" 200 12
222.70.178.207 - - [17/Jan/2022:11:06:55 +0800] "GET /xingrg/kc/buy/cgsh_order_operate.html?command=get_materiel&rest_code=00111&code=00101016071&supplier_code=00100037&order_time=2022-01-17 HTTP/1.1" 200 416
116.232.54.78 - - [17/Jan/2022:11:06:55 +0800] "GET /xingrg/kc/buy/cgsh_order_operate.html?command=get_materiel&rest_code=00109&code=00101011003&supplier_code=00100046&order_time=2022-01-17 HTTP/1.1" 200 413
124.78.156.14 - - [17/Jan/2022:11:06:57 +0800] "GET /xingrg/kc/buy/cgsh_order_info.html?code=212022011708124 HTTP/1.1" 200 60315
124.78.156.14 - - [17/Jan/2022:11:06:58 +0800] "GET /xingrg/javascript/easyui/themes/default/validatebox.css HTTP/1.1" 404 1104
124.78.156.14 - - [17/Jan/2022:11:06:59 +0800] "POST /xingrg/kc/buy/cgsh_order_operate.html HTTP/1.1" 200 8970
124.78.156.14 - - [17/Jan/2022:11:07:01 +0800] "GET /xingrg/kc/print/load_data.html?order_code=212022011708124&kc_code=cgsh&condition= HTTP/1.1" 200 3993
101.80.229.199 - - [17/Jan/2022:11:07:03 +0800] "GET /xingrg/all/function/internal_message.html?_=1642388823474&CODE_STATE=getMsg HTTP/1.1" 200 27
222.69.132.164 - - [17/Jan/2022:11:07:05 +0800] "POST /xingrg/kc/buy/cgsh_order_operate.html HTTP/1.1" 200 37
124.78.156.14 - - [17/Jan/2022:11:07:07 +0800] "GET /xingrg/all/function/internal_message.html?_=1642388826855&CODE_STATE=getMsg HTTP/1.1" 200 27
222.70.178.207 - - [17/Jan/2022:11:07:07 +0800] "GET /xingrg/kc/buy/cgsh_order_operate.html?command=get_materiel&rest_code=00111&code=00101012009&supplier_code=00100037&order_time=2022-01-17 HTTP/1.1" 200 417
114.83.222.182 - - [17/Jan/2022:11:07:08 +0800] "GET /xingrg/all/function/internal_message.html?_=1642388827705&CODE_STATE=getMsg HTTP/1.1" 200 27
101.85.55.123 - - [17/Jan/2022:11:07:09 +0800] "GET /xingrg/all/function/internal_message.html?_=1642388826989&CODE_STATE=getMsg HTTP/1.1" 200 27
222.69.132.164 - - [17/Jan/2022:11:07:09 +0800] "POST /xingrg/kc/buy/cgsh_order_operate.html HTTP/1.1" 200 12
222.70.243.96 - - [17/Jan/2022:11:07:10 +0800] "GET /xingrg/all/function/internal_message.html?_=1642388822560&CODE_STATE=getMsg HTTP/1.1" 200 27
124.78.156.14 - - [17/Jan/2022:11:07:10 +0800] "GET /xingrg/kc/print/load_data.html?order_code=212022011708124&kc_code=cgsh HTTP/1.1" 200 3993
222.69.132.164 - - [17/Jan/2022:11:07:11 +0800] "GET /xingrg/kc/buy/cgsh_order_info.html?code=212022011708125 HTTP/1.1" 200 59439
222.69.132.164 - - [17/Jan/2022:11:07:12 +0800] "GET /xingrg/javascript/easyui/themes/default/validatebox.css HTTP/1.1" 404 1104
222.69.132.164 - - [17/Jan/2022:11:07:12 +0800] "POST /xingrg/kc/buy/cgsh_order_operate.html HTTP/1.1" 200 1194
222.70.178.207 - - [17/Jan/2022:11:07:13 +0800] "GET /xingrg/all/function/internal_message.html?_=1642388833450&CODE_STATE=getMsg HTTP/1.1" 200 27
222.69.132.164 - - [17/Jan/2022:11:07:15 +0800] "GET /xingrg/kc/print/load_config.html?kc_code=cgsh HTTP/1.1" 200 1943
222.69.132.164 - - [17/Jan/2022:11:07:15 +0800] "GET /xingrg/kc/print/load_data.html?order_code=212022011708125&kc_code=cgsh&condition= HTTP/1.1" 200 926
58.37.10.95 - - [17/Jan/2022:11:07:21 +0800] "GET /xingrg/all/function/internal_message.html?_=1642388639616&CODE_STATE=getMsg HTTP/1.1" 200 27
222.70.178.207 - - [17/Jan/2022:11:07:22 +0800] "GET /xingrg/kc/buy/cgsh_order_operate.html?command=get_materiel&rest_code=00111&code=00101016080&supplier_code=00100037&order_time=2022-01-17 HTTP/1.1" 200 408
124.78.156.14 - - [17/Jan/2022:11:07:27 +0800] "GET /xingrg/all/function/internal_message.html?_=1642388846979&CODE_STATE=getMsg HTTP/1.1" 200 27
58.39.168.32 - - [17/Jan/2022:11:07:28 +0800] "GET /xingrg/all/function/internal_message.html?_=1642388849041&CODE_STATE=getMsg HTTP/1.1" 200 27
58.221.95.50 - - [17/Jan/2022:11:07:29 +0800] "GET /xingrg/check_reg.html?_=1642388847589 HTTP/1.1" 302 -
116.232.54.78 - - [17/Jan/2022:11:07:31 +0800] "GET /xingrg/kc/buy/cgsh_order_operate.html?command=get_materiel&rest_code=00109&code=00101011001&supplier_code=00100046&order_time=2022-01-17 HTTP/1.1" 200 423
180.162.114.48 - - [17/Jan/2022:11:07:31 +0800] "GET /xingrg/all/function/internal_message.html?_=1642388261407&CODE_STATE=getMsg HTTP/1.1" 200 27
222.70.217.149 - - [17/Jan/2022:11:07:35 +0800] "GET /xingrg/all/function/internal_message.html?_=1642388843608&CODE_STATE=getMsg HTTP/1.1" 200 27
114.95.98.1 - - [17/Jan/2022:11:07:38 +0800] "GET /xingrg/all/function/internal_message.html?_=1642388878956&CODE_STATE=getMsg HTTP/1.1" 200 27
116.232.54.78 - - [17/Jan/2022:11:07:40 +0800] "POST /xingrg/kc/buy/cgsh_order_operate.html HTTP/1.1" 200 37
124.78.156.14 - - [17/Jan/2022:11:07:40 +0800] "GET /xingrg/kc/buy/cgsh_order_add.html HTTP/1.1" 200 65404
124.78.156.14 - - [17/Jan/2022:11:07:41 +0800] "POST /xingrg/kc/buy/cgsh_order_operate.html HTTP/1.1" 200 8245
124.78.156.14 - - [17/Jan/2022:11:07:41 +0800] "GET /xingrg/javascript/easyui/themes/default/validatebox.css HTTP/1.1" 404 1104
116.232.54.78 - - [17/Jan/2022:11:07:42 +0800] "POST /xingrg/kc/buy/cgsh_order_operate.html HTTP/1.1" 200 3848
116.232.54.78 - - [17/Jan/2022:11:07:43 +0800] "GET /xingrg/kc/print/load_config.html?kc_code=cgsh HTTP/1.1" 200 1943
114.95.98.1 - - [17/Jan/2022:11:07:43 +0800] "POST /xingrg/all/common/load_combo.html?type=base HTTP/1.1" 200 3233
116.232.54.78 - - [17/Jan/2022:11:07:43 +0800] "GET /xingrg/kc/print/load_data.html?order_code=212022011708126&kc_code=cgsh&condition= HTTP/1.1" 200 1135
222.69.132.164 - - [17/Jan/2022:11:07:44 +0800] "GET /xingrg/all/function/internal_message.html?_=1642388912491&CODE_STATE=getMsg HTTP/1.1" 200 27
124.78.156.14 - - [17/Jan/2022:11:07:44 +0800] "GET /xingrg/javascript/easyui/themes/default/tree.css HTTP/1.1" 404 1090
124.78.156.14 - - [17/Jan/2022:11:07:45 +0800] "POST /xingrg/all/common/load_tree.html?tree=supplier_tree_json&isDelete=1 HTTP/1.1" 200 61772
114.95.98.1 - - [17/Jan/2022:11:07:46 +0800] "POST /xingrg/all/common/load_combo.html?type=base HTTP/1.1" 200 3233
116.232.54.78 - - [17/Jan/2022:11:07:46 +0800] "GET /xingrg/kc/buy/cgsh_order_add.html HTTP/1.1" 200 65439
116.232.54.78 - - [17/Jan/2022:11:07:47 +0800] "POST /xingrg/kc/buy/cgsh_order_operate.html HTTP/1.1" 200 8245
116.232.54.78 - - [17/Jan/2022:11:07:47 +0800] "GET /xingrg/all/common/auto_word.html?type=employee&rest_code=00109 HTTP/1.1" 200 255
116.232.54.78 - - [17/Jan/2022:11:07:47 +0800] "GET /xingrg/all/common/auto_word.html?type=employee&rest_code=00109 HTTP/1.1" 200 255
116.232.54.78 - - [17/Jan/2022:11:07:47 +0800] "GET /xingrg/javascript/easyui/themes/default/validatebox.css HTTP/1.1" 404 1104
116.232.54.78 - - [17/Jan/2022:11:07:52 +0800] "GET /xingrg/all/function/internal_message.html?_=1642388872175&CODE_STATE=getMsg HTTP/1.1" 200 27
116.232.54.78 - - [17/Jan/2022:11:07:52 +0800] "GET /xingrg/javascript/jquery_tools/images/next.gif HTTP/1.1" 404 1086
116.232.54.78 - - [17/Jan/2022:11:07:52 +0800] "GET /xingrg/javascript/jquery_tools/images/prev.gif HTTP/1.1" 404 1086
222.70.178.207 - - [17/Jan/2022:11:07:54 +0800] "GET /xingrg/kc/buy/cgsh_order_operate.html?command=get_materiel&rest_code=00111&code=00101015038&supplier_code=00100037&order_time=2022-01-17 HTTP/1.1" 200 418
116.232.54.78 - - [17/Jan/2022:11:07:55 +0800] "GET /xingrg/javascript/auto/indicator.gif HTTP/1.1" 404 1066
116.232.54.78 - - [17/Jan/2022:11:08:02 +0800] "GET /xingrg/kc/buy/cgsh_order_operate.html?command=get_materiel&rest_code=00109&code=00101006007&supplier_code=00100015&order_time=2022-01-17 HTTP/1.1" 200 417
124.78.156.14 - - [17/Jan/2022:11:08:02 +0800] "GET /xingrg/kc/buy/cgsh_order_operate.html?command=get_materiel&rest_code=00106&code=00101007061&supplier_code=00100002&order_time=2022-01-17 HTTP/1.1" 200 410
172.20.0.100 - - [17/Jan/2022:11:08:03 +0800] "GET /xingrg/check_reg.html?_=1642388882588 HTTP/1.1" 200 22
101.80.229.199 - - [17/Jan/2022:11:08:03 +0800] "GET /xingrg/all/function/internal_message.html?_=1642388883477&CODE_STATE=getMsg HTTP/1.1" 200 27
101.80.229.199 - - [17/Jan/2022:11:08:03 +0800] "GET /xingrg/check_reg.html?_=1642388883478 HTTP/1.1" 200 22
114.95.98.1 - - [17/Jan/2022:11:08:05 +0800] "GET /xingrg/kc/base/wldb_order_operate.html?command=get_materiel&rest_code=00102&base_code=0010476&code=00101019373 HTTP/1.1" 200 452
124.78.156.14 - - [17/Jan/2022:11:08:07 +0800] "GET /xingrg/all/function/internal_message.html?_=1642388886882&CODE_STATE=getMsg HTTP/1.1" 200 27
114.83.222.182 - - [17/Jan/2022:11:08:08 +0800] "GET /xingrg/all/function/internal_message.html?_=1642388887705&CODE_STATE=getMsg HTTP/1.1" 200 27
101.85.55.123 - - [17/Jan/2022:11:08:09 +0800] "GET /xingrg/all/function/internal_message.html?_=1642388886974&CODE_STATE=getMsg HTTP/1.1" 200 27
222.70.243.96 - - [17/Jan/2022:11:08:10 +0800] "GET /xingrg/all/function/internal_message.html?_=1642388882572&CODE_STATE=getMsg HTTP/1.1" 200 27
222.70.178.207 - - [17/Jan/2022:11:08:13 +0800] "GET /xingrg/all/function/internal_message.html?_=1642388893325&CODE_STATE=getMsg HTTP/1.1" 200 27
124.78.156.14 - - [17/Jan/2022:11:08:16 +0800] "GET /xingrg/kc/buy/cgsh_order_operate.html?command=get_materiel&rest_code=00106&code=00101007076&supplier_code=00100002&order_time=2022-01-17 HTTP/1.1" 200 408
116.232.54.78 - - [17/Jan/2022:11:08:18 +0800] "GET /xingrg/kc/buy/cgsh_order_operate.html?command=get_materiel&rest_code=00109&code=00101006058&supplier_code=00100015&order_time=2022-01-17 HTTP/1.1" 200 413
222.70.178.207 - - [17/Jan/2022:11:08:19 +0800] "GET /xingrg/kc/buy/cgsh_order_operate.html?command=get_materiel&rest_code=00111&code=00101016025&supplier_code=00100037&order_time=2022-01-17 HTTP/1.1" 200 408
58.37.10.95 - - [17/Jan/2022:11:08:21 +0800] "GET /xingrg/all/function/internal_message.html?_=1642388699598&CODE_STATE=getMsg HTTP/1.1" 200 27
58.37.10.95 - - [17/Jan/2022:11:08:21 +0800] "GET /xingrg/check_reg.html?_=1642388699692 HTTP/1.1" 200 22
116.232.54.78 - - [17/Jan/2022:11:08:26 +0800] "GET /xingrg/kc/buy/cgsh_order_operate.html?command=get_materiel&rest_code=00109&code=00101006109&supplier_code=00100015&order_time=2022-01-17 HTTP/1.1" 200 409
124.78.156.14 - - [17/Jan/2022:11:08:27 +0800] "GET /xingrg/all/function/internal_message.html?_=1642388906970&CODE_STATE=getMsg HTTP/1.1" 200 27
58.39.168.32 - - [17/Jan/2022:11:08:28 +0800] "GET /xingrg/all/function/internal_message.html?_=1642388909041&CODE_STATE=getMsg HTTP/1.1" 200 27
124.78.156.14 - - [17/Jan/2022:11:08:28 +0800] "GET /xingrg/kc/buy/cgsh_order_operate.html?command=get_materiel&rest_code=00106&code=00101007081&supplier_code=00100002&order_time=2022-01-17 HTTP/1.1" 200 415
180.162.114.48 - - [17/Jan/2022:11:08:31 +0800] "GET /xingrg/all/function/internal_message.html?_=1642388321408&CODE_STATE=getMsg HTTP/1.1" 200 27
116.232.54.78 - - [17/Jan/2022:11:08:33 +0800] "GET /xingrg/kc/buy/cgsh_order_operate.html?command=get_materiel&rest_code=00109&code=00101006221&supplier_code=00100015&order_time=2022-01-17 HTTP/1.1" 200 403
222.70.217.149 - - [17/Jan/2022:11:08:35 +0800] "GET /xingrg/all/function/internal_message.html?_=1642388903621&CODE_STATE=getMsg HTTP/1.1" 200 27
114.95.98.1 - - [17/Jan/2022:11:08:38 +0800] "GET /xingrg/all/function/internal_message.html?_=1642388938970&CODE_STATE=getMsg HTTP/1.1" 200 27
124.78.156.14 - - [17/Jan/2022:11:08:39 +0800] "GET /xingrg/kc/buy/cgsh_order_operate.html?command=get_materiel&rest_code=00106&code=00101007049&supplier_code=00100002&order_time=2022-01-17 HTTP/1.1" 200 411
116.232.54.78 - - [17/Jan/2022:11:08:42 +0800] "GET /xingrg/kc/buy/cgsh_order_operate.html?command=get_materiel&rest_code=00109&code=00101006057&supplier_code=00100015&order_time=2022-01-17 HTTP/1.1" 200 413
222.69.132.164 - - [17/Jan/2022:11:08:44 +0800] "GET /xingrg/all/function/internal_message.html?_=1642388972468&CODE_STATE=getMsg HTTP/1.1" 200 27
114.83.222.182 - - [17/Jan/2022:11:08:47 +0800] "GET /xingrg/kc/buy/cgsh_order_list.html HTTP/1.1" 200 49594
114.83.222.182 - - [17/Jan/2022:11:08:49 +0800] "POST /xingrg/kc/buy/cgsh_list_operate.html HTTP/1.1" 200 876
116.232.54.78 - - [17/Jan/2022:11:08:49 +0800] "GET /xingrg/kc/buy/cgsh_order_operate.html?command=get_materiel&rest_code=00109&code=00101006109&supplier_code=00100015&order_time=2022-01-17 HTTP/1.1" 200 409
124.78.156.14 - - [17/Jan/2022:11:08:50 +0800] "GET /xingrg/kc/buy/cgsh_order_operate.html?command=get_materiel&rest_code=00106&code=00101007048&supplier_code=00100002&order_time=2022-01-17 HTTP/1.1" 200 410
116.232.54.78 - - [17/Jan/2022:11:08:52 +0800] "GET /xingrg/all/function/internal_message.html?_=1642388932176&CODE_STATE=getMsg HTTP/1.1" 200 27
116.232.54.78 - - [17/Jan/2022:11:08:57 +0800] "GET /xingrg/kc/buy/cgsh_order_operate.html?command=get_materiel&rest_code=00109&code=00101006058&supplier_code=00100015&order_time=2022-01-17 HTTP/1.1" 200 413
124.78.156.14 - - [17/Jan/2022:11:09:01 +0800] "GET /xingrg/kc/buy/cgsh_order_operate.html?command=get_materiel&rest_code=00106&code=00101007033&supplier_code=00100002&order_time=2022-01-17 HTTP/1.1" 200 417
101.80.229.199 - - [17/Jan/2022:11:09:03 +0800] "GET /xingrg/all/function/internal_message.html?_=1642388943480&CODE_STATE=getMsg HTTP/1.1" 200 27
116.232.54.78 - - [17/Jan/2022:11:09:05 +0800] "GET /xingrg/kc/buy/cgsh_order_operate.html?command=get_materiel&rest_code=00109&code=00101006240&supplier_code=00100015&order_time=2022-01-17 HTTP/1.1" 200 408
124.78.156.14 - - [17/Jan/2022:11:09:06 +0800] "GET /xingrg/check_reg.html?_=1642388945508 HTTP/1.1" 200 22
124.78.156.14 - - [17/Jan/2022:11:09:07 +0800] "GET /xingrg/check_reg.html?_=1642388946882 HTTP/1.1" 200 22
124.78.156.14 - - [17/Jan/2022:11:09:07 +0800] "GET /xingrg/all/function/internal_message.html?_=1642388946885&CODE_STATE=getMsg HTTP/1.1" 200 27
222.70.243.96 - - [17/Jan/2022:11:09:07 +0800] "GET /xingrg/check_reg.html?_=1642388939952 HTTP/1.1" 200 22
222.70.178.207 - - [17/Jan/2022:11:09:08 +0800] "GET /xingrg/kc/buy/cgsh_order_operate.html?command=get_materiel&rest_code=00111&code=00101013027&supplier_code=00100037&order_time=2022-01-17 HTTP/1.1" 200 428
114.83.222.182 - - [17/Jan/2022:11:09:08 +0800] "GET /xingrg/check_reg.html?_=1642388947729 HTTP/1.1" 200 22
114.83.222.182 - - [17/Jan/2022:11:09:08 +0800] "GET /xingrg/all/function/internal_message.html?_=1642388947731&CODE_STATE=getMsg HTTP/1.1" 200 27
101.85.55.123 - - [17/Jan/2022:11:09:09 +0800] "GET /xingrg/all/function/internal_message.html?_=1642388946959&CODE_STATE=getMsg HTTP/1.1" 200 27
222.70.243.96 - - [17/Jan/2022:11:09:10 +0800] "GET /xingrg/all/function/internal_message.html?_=1642388942586&CODE_STATE=getMsg HTTP/1.1" 200 27
114.83.222.182 - - [17/Jan/2022:11:09:10 +0800] "GET /xingrg/kc/buy/cgsh_order_add.html HTTP/1.1" 200 65451
114.83.222.182 - - [17/Jan/2022:11:09:11 +0800] "POST /xingrg/kc/buy/cgsh_order_operate.html HTTP/1.1" 200 8245
114.83.222.182 - - [17/Jan/2022:11:09:11 +0800] "GET /xingrg/javascript/easyui/themes/default/validatebox.css HTTP/1.1" 404 1104
124.78.156.14 - - [17/Jan/2022:11:09:13 +0800] "GET /xingrg/kc/buy/cgsh_order_operate.html?command=get_materiel&rest_code=00106&code=00101007082&supplier_code=00100002&order_time=2022-01-17 HTTP/1.1" 200 429
222.70.178.207 - - [17/Jan/2022:11:09:13 +0800] "GET /xingrg/all/function/internal_message.html?_=1642388953318&CODE_STATE=getMsg HTTP/1.1" 200 27
116.232.54.78 - - [17/Jan/2022:11:09:14 +0800] "GET /xingrg/kc/buy/cgsh_order_operate.html?command=get_materiel&rest_code=00109&code=00101006240&supplier_code=00100015&order_time=2022-01-17 HTTP/1.1" 200 408
114.83.222.182 - - [17/Jan/2022:11:09:18 +0800] "POST /xingrg/services/DataTransmitService HTTP/1.1" 200 524
114.83.222.182 - - [17/Jan/2022:11:09:18 +0800] "POST /xingrg/services/DataTransmitService HTTP/1.1" 200 501
58.37.10.95 - - [17/Jan/2022:11:09:21 +0800] "GET /xingrg/all/function/internal_message.html?_=1642388759579&CODE_STATE=getMsg HTTP/1.1" 200 27
116.232.54.78 - - [17/Jan/2022:11:09:26 +0800] "POST /xingrg/kc/buy/cgsh_order_operate.html HTTP/1.1" 200 37
124.78.156.14 - - [17/Jan/2022:11:09:27 +0800] "GET /xingrg/kc/buy/cgsh_order_operate.html?command=get_materiel&rest_code=00106&code=00101007077&supplier_code=00100002&order_time=2022-01-17 HTTP/1.1" 200 415
124.78.156.14 - - [17/Jan/2022:11:09:27 +0800] "GET /xingrg/all/function/internal_message.html?_=1642388966943&CODE_STATE=getMsg HTTP/1.1" 200 27
116.232.54.78 - - [17/Jan/2022:11:09:28 +0800] "POST /xingrg/kc/buy/cgsh_order_operate.html HTTP/1.1" 200 7430
58.39.168.32 - - [17/Jan/2022:11:09:28 +0800] "GET /xingrg/all/function/internal_message.html?_=1642388969043&CODE_STATE=getMsg HTTP/1.1" 200 27
116.232.54.78 - - [17/Jan/2022:11:09:28 +0800] "GET /xingrg/kc/print/load_config.html?kc_code=cgsh HTTP/1.1" 200 1943
116.232.54.78 - - [17/Jan/2022:11:09:29 +0800] "GET /xingrg/kc/print/load_data.html?order_code=212022011708127&kc_code=cgsh&condition= HTTP/1.1" 200 2585
114.83.222.182 - - [17/Jan/2022:11:09:30 +0800] "GET /xingrg/kc/buy/cgsh_order_operate.html?command=get_materiel&rest_code=00149&code=00101009045&supplier_code=00100201&order_time=2022-01-17 HTTP/1.1" 200 412
180.162.114.48 - - [17/Jan/2022:11:09:31 +0800] "GET /xingrg/all/function/internal_message.html?_=1642388381408&CODE_STATE=getMsg HTTP/1.1" 200 27
116.232.54.78 - - [17/Jan/2022:11:09:34 +0800] "GET /xingrg/kc/buy/cgsh_order_add.html HTTP/1.1" 200 65439
116.232.54.78 - - [17/Jan/2022:11:09:34 +0800] "GET /xingrg/javascript/easyui/themes/default/validatebox.css HTTP/1.1" 404 1104
116.232.54.78 - - [17/Jan/2022:11:09:34 +0800] "GET /xingrg/all/common/auto_word.html?type=employee&rest_code=00109 HTTP/1.1" 200 255
116.232.54.78 - - [17/Jan/2022:11:09:34 +0800] "POST /xingrg/kc/buy/cgsh_order_operate.html HTTP/1.1" 200 8245
116.232.54.78 - - [17/Jan/2022:11:09:34 +0800] "GET /xingrg/all/common/auto_word.html?type=employee&rest_code=00109 HTTP/1.1" 200 255
116.232.54.78 - - [17/Jan/2022:11:09:35 +0800] "GET /xingrg/javascript/jquery_tools/images/next.gif HTTP/1.1" 404 1086
116.232.54.78 - - [17/Jan/2022:11:09:35 +0800] "GET /xingrg/javascript/jquery_tools/images/prev.gif HTTP/1.1" 404 1086
222.70.217.149 - - [17/Jan/2022:11:09:35 +0800] "GET /xingrg/check_reg.html?_=1642388963621 HTTP/1.1" 200 22
222.70.217.149 - - [17/Jan/2022:11:09:35 +0800] "GET /xingrg/all/function/internal_message.html?_=1642388963623&CODE_STATE=getMsg HTTP/1.1" 200 27
114.95.98.1 - - [17/Jan/2022:11:09:38 +0800] "GET /xingrg/check_reg.html?_=1642388998970 HTTP/1.1" 200 22
114.95.98.1 - - [17/Jan/2022:11:09:39 +0800] "GET /xingrg/all/function/internal_message.html?_=1642388999300&CODE_STATE=getMsg HTTP/1.1" 200 27
222.70.178.207 - - [17/Jan/2022:11:09:40 +0800] "GET /xingrg/kc/buy/cgsh_order_operate.html?command=get_materiel&rest_code=00111&code=00101020153&supplier_code=00100037&order_time=2022-01-17 HTTP/1.1" 200 408
116.232.54.78 - - [17/Jan/2022:11:09:41 +0800] "GET /xingrg/kc/buy/cgsh_order_operate.html?command=get_materiel&rest_code=00109&code=00101007075&supplier_code=00100004&order_time=2022-01-17 HTTP/1.1" 200 408
222.69.132.164 - - [17/Jan/2022:11:09:44 +0800] "GET /xingrg/all/function/internal_message.html?_=1642389032471&CODE_STATE=getMsg HTTP/1.1" 200 27
124.78.156.14 - - [17/Jan/2022:11:09:46 +0800] "POST /xingrg/kc/buy/cgsh_order_operate.html HTTP/1.1" 200 37
222.69.132.164 - - [17/Jan/2022:11:09:47 +0800] "GET /xingrg/kc/buy/cgsh_order_add.html HTTP/1.1" 200 64526
222.69.132.164 - - [17/Jan/2022:11:09:47 +0800] "POST /xingrg/kc/buy/cgsh_order_operate.html HTTP/1.1" 200 8245
222.69.132.164 - - [17/Jan/2022:11:09:47 +0800] "GET /xingrg/javascript/easyui/themes/default/validatebox.css HTTP/1.1" 404 1104
116.232.54.78 - - [17/Jan/2022:11:09:52 +0800] "GET /xingrg/all/function/internal_message.html?_=1642388992183&CODE_STATE=getMsg HTTP/1.1" 200 27
180.169.147.146 - - [17/Jan/2022:11:09:52 +0800] "GET /xingrg/kc/buy/cgsh_order_add.html HTTP/1.1" 200 65366
124.78.156.14 - - [17/Jan/2022:11:09:52 +0800] "POST /xingrg/kc/buy/cgsh_order_operate.html HTTP/1.1" 200 12
