101.80.229.199 - - [17/Jan/2022:10:20:03 +0800] "GET /xingrg/all/function/internal_message.html?_=1642386003486&CODE_STATE=getMsg HTTP/1.1" 200 27
124.78.156.14 - - [17/Jan/2022:10:20:06 +0800] "GET /xingrg/all/function/internal_message.html?_=1642386005590&CODE_STATE=getMsg HTTP/1.1" 200 27
222.70.243.96 - - [17/Jan/2022:10:20:07 +0800] "GET /xingrg/all/function/internal_message.html?_=1642385999887&CODE_STATE=getMsg HTTP/1.1" 200 27
114.83.222.182 - - [17/Jan/2022:10:20:08 +0800] "GET /xingrg/all/function/internal_message.html?_=1642386007539&CODE_STATE=getMsg HTTP/1.1" 200 27
222.70.243.96 - - [17/Jan/2022:10:20:23 +0800] "GET /xingrg/kc/buy/cgsh_order_add.html HTTP/1.1" 200 65363
222.70.243.96 - - [17/Jan/2022:10:20:24 +0800] "POST /xingrg/kc/buy/cgsh_order_operate.html HTTP/1.1" 200 8245
222.70.243.96 - - [17/Jan/2022:10:20:24 +0800] "GET /xingrg/javascript/easyui/themes/default/validatebox.css HTTP/1.1" 404 1104
180.152.99.39 - - [17/Jan/2022:10:20:27 +0800] "GET /xingrg/kc/base/wldb_order_add.html HTTP/1.1" 200 30288
180.152.99.39 - - [17/Jan/2022:10:20:27 +0800] "POST /xingrg/kc/base/wldb_order_operate.html HTTP/1.1" 200 6806
180.152.99.39 - - [17/Jan/2022:10:20:27 +0800] "GET /xingrg/javascript/easyui/themes/default/validatebox.css HTTP/1.1" 404 1104
58.37.10.95 - - [17/Jan/2022:10:20:28 +0800] "GET /xingrg/all/function/internal_message.html?_=1642385826378&CODE_STATE=getMsg HTTP/1.1" 200 27
180.152.99.39 - - [17/Jan/2022:10:20:28 +0800] "POST /xingrg/all/common/load_combo.html?type=base HTTP/1.1" 200 3051
114.95.98.1 - - [17/Jan/2022:10:20:29 +0800] "GET /xingrg/check_reg.html?_=1642386050049 HTTP/1.1" 200 22
114.95.98.1 - - [17/Jan/2022:10:20:32 +0800] "GET /xingrg/all/function/internal_message.html?_=1642386052737&CODE_STATE=getMsg HTTP/1.1" 200 27
180.169.147.146 - - [17/Jan/2022:10:20:33 +0800] "GET /xingrg/all/function/internal_message.html?_=1642386033283&CODE_STATE=getMsg HTTP/1.1" 200 27
180.152.99.39 - - [17/Jan/2022:10:20:33 +0800] "GET /xingrg/all/function/internal_message.html?_=1642385968840&CODE_STATE=getMsg HTTP/1.1" 200 27
222.70.217.149 - - [17/Jan/2022:10:20:35 +0800] "GET /xingrg/all/function/internal_message.html?_=1642386023608&CODE_STATE=getMsg HTTP/1.1" 200 27
222.70.243.96 - - [17/Jan/2022:10:20:44 +0800] "GET /xingrg/kc/buy/cgsh_order_operate.html?command=get_materiel&rest_code=00146&code=00101006184&supplier_code=00100012&order_time=2022-01-17 HTTP/1.1" 200 408
116.232.54.78 - - [17/Jan/2022:10:20:52 +0800] "GET /xingrg/all/function/internal_message.html?_=1642386052607&CODE_STATE=getMsg HTTP/1.1" 200 27
116.232.54.78 - - [17/Jan/2022:10:20:52 +0800] "GET /xingrg/check_reg.html?_=1642386052612 HTTP/1.1" 200 22
180.152.99.39 - - [17/Jan/2022:10:20:55 +0800] "GET /xingrg/kc/base/wldb_order_operate.html?command=get_materiel&rest_code=00150&base_code=0010445&code=00101008316 HTTP/1.1" 200 435
58.39.168.32 - - [17/Jan/2022:10:20:59 +0800] "GET /xingrg/all/function/internal_message.html?_=1642386059473&CODE_STATE=getMsg HTTP/1.1" 200 27
180.152.99.39 - - [17/Jan/2022:10:21:01 +0800] "GET /xingrg/kc/base/wldb_order_operate.html?command=get_materiel&rest_code=00150&base_code=0010445&code=00101013027 HTTP/1.1" 200 430
101.80.229.199 - - [17/Jan/2022:10:21:03 +0800] "GET /xingrg/all/function/internal_message.html?_=1642386063488&CODE_STATE=getMsg HTTP/1.1" 200 27
124.78.156.14 - - [17/Jan/2022:10:21:06 +0800] "GET /xingrg/all/function/internal_message.html?_=1642386065589&CODE_STATE=getMsg HTTP/1.1" 200 27
222.70.243.96 - - [17/Jan/2022:10:21:07 +0800] "GET /xingrg/all/function/internal_message.html?_=1642386059890&CODE_STATE=getMsg HTTP/1.1" 200 27
114.83.222.182 - - [17/Jan/2022:10:21:08 +0800] "GET /xingrg/all/function/internal_message.html?_=1642386067537&CODE_STATE=getMsg HTTP/1.1" 200 27
180.152.99.39 - - [17/Jan/2022:10:21:09 +0800] "GET /xingrg/kc/base/wldb_order_operate.html?command=get_materiel&rest_code=00150&base_code=0010445&code=00101019212 HTTP/1.1" 200 465
222.70.243.96 - - [17/Jan/2022:10:21:21 +0800] "GET /xingrg/kc/buy/cgsh_order_operate.html?command=get_materiel&rest_code=00146&code=00101006065&supplier_code=00100012&order_time=2022-01-17 HTTP/1.1" 200 409
222.70.178.207 - - [17/Jan/2022:10:21:24 +0800] "GET /xingrg/login.html HTTP/1.1" 200 7641
222.70.178.207 - - [17/Jan/2022:10:21:25 +0800] "GET /favicon.ico HTTP/1.1" 404 -
58.37.10.95 - - [17/Jan/2022:10:21:28 +0800] "GET /xingrg/all/function/internal_message.html?_=1642385886350&CODE_STATE=getMsg HTTP/1.1" 200 27
114.95.98.1 - - [17/Jan/2022:10:21:32 +0800] "GET /xingrg/all/function/internal_message.html?_=1642386112748&CODE_STATE=getMsg HTTP/1.1" 200 27
180.169.147.146 - - [17/Jan/2022:10:21:33 +0800] "GET /xingrg/all/function/internal_message.html?_=1642386093266&CODE_STATE=getMsg HTTP/1.1" 200 27
180.152.99.39 - - [17/Jan/2022:10:21:33 +0800] "GET /xingrg/all/function/internal_message.html?_=1642386029003&CODE_STATE=getMsg HTTP/1.1" 200 27
222.70.217.149 - - [17/Jan/2022:10:21:35 +0800] "GET /xingrg/all/function/internal_message.html?_=1642386083618&CODE_STATE=getMsg HTTP/1.1" 200 27
222.70.178.207 - - [17/Jan/2022:10:21:40 +0800] "GET /xingrg/login.html HTTP/1.1" 200 7641
222.70.178.207 - - [17/Jan/2022:10:21:41 +0800] "GET /favicon.ico HTTP/1.1" 404 -
114.95.98.1 - - [17/Jan/2022:10:21:52 +0800] "POST /xingrg/kc/buy/cgsh_order_operate.html HTTP/1.1" 200 37
116.232.54.78 - - [17/Jan/2022:10:21:52 +0800] "GET /xingrg/all/function/internal_message.html?_=1642386112610&CODE_STATE=getMsg HTTP/1.1" 200 27
58.39.168.32 - - [17/Jan/2022:10:21:59 +0800] "GET /xingrg/all/function/internal_message.html?_=1642386119443&CODE_STATE=getMsg HTTP/1.1" 200 27
101.80.229.199 - - [17/Jan/2022:10:22:03 +0800] "GET /xingrg/all/function/internal_message.html?_=1642386123474&CODE_STATE=getMsg HTTP/1.1" 200 27
180.152.99.39 - - [17/Jan/2022:10:22:06 +0800] "GET /xingrg/kc/base/wldb_order_operate.html?command=get_materiel&rest_code=00150&base_code=0010445&code=00101019185 HTTP/1.1" 200 453
124.78.156.14 - - [17/Jan/2022:10:22:06 +0800] "GET /xingrg/all/function/internal_message.html?_=1642386125587&CODE_STATE=getMsg HTTP/1.1" 200 27
114.95.98.1 - - [17/Jan/2022:10:22:07 +0800] "POST /xingrg/kc/buy/cgsh_order_operate.html HTTP/1.1" 200 12
222.70.243.96 - - [17/Jan/2022:10:22:07 +0800] "GET /xingrg/all/function/internal_message.html?_=1642386119904&CODE_STATE=getMsg HTTP/1.1" 200 27
114.83.222.182 - - [17/Jan/2022:10:22:08 +0800] "GET /xingrg/all/function/internal_message.html?_=1642386127536&CODE_STATE=getMsg HTTP/1.1" 200 27
114.95.98.1 - - [17/Jan/2022:10:22:09 +0800] "GET /xingrg/kc/buy/cgsh_order_info.html?code=212022011708094 HTTP/1.1" 200 60264
114.95.98.1 - - [17/Jan/2022:10:22:10 +0800] "GET /xingrg/javascript/easyui/themes/default/validatebox.css HTTP/1.1" 404 1104
114.95.98.1 - - [17/Jan/2022:10:22:11 +0800] "POST /xingrg/kc/buy/cgsh_order_operate.html HTTP/1.1" 200 3580
114.95.98.1 - - [17/Jan/2022:10:22:13 +0800] "GET /xingrg/kc/print/load_data.html?order_code=212022011708094&kc_code=cgsh&condition= HTTP/1.1" 200 1825
58.37.10.95 - - [17/Jan/2022:10:22:28 +0800] "GET /xingrg/all/function/internal_message.html?_=1642385946324&CODE_STATE=getMsg HTTP/1.1" 200 27
114.95.98.1 - - [17/Jan/2022:10:22:32 +0800] "GET /xingrg/all/function/internal_message.html?_=1642386173042&CODE_STATE=getMsg HTTP/1.1" 200 27
180.169.147.146 - - [17/Jan/2022:10:22:33 +0800] "GET /xingrg/all/function/internal_message.html?_=1642386153249&CODE_STATE=getMsg HTTP/1.1" 200 27
180.152.99.39 - - [17/Jan/2022:10:22:33 +0800] "GET /xingrg/all/function/internal_message.html?_=1642386089008&CODE_STATE=getMsg HTTP/1.1" 200 27
222.70.217.149 - - [17/Jan/2022:10:22:35 +0800] "GET /xingrg/all/function/internal_message.html?_=1642386143612&CODE_STATE=getMsg HTTP/1.1" 200 27
222.70.243.96 - - [17/Jan/2022:10:22:47 +0800] "GET /xingrg/kc/buy/cgsh_order_operate.html?command=get_materiel&rest_code=00146&code=00101006130&supplier_code=00100012&order_time=2022-01-17 HTTP/1.1" 200 448
222.70.217.149 - - [17/Jan/2022:10:22:52 +0800] "POST /xingrg/services/DataTransmitService HTTP/1.1" 200 524
116.232.54.78 - - [17/Jan/2022:10:22:52 +0800] "GET /xingrg/all/function/internal_message.html?_=1642386172613&CODE_STATE=getMsg HTTP/1.1" 200 27
222.70.217.149 - - [17/Jan/2022:10:22:52 +0800] "POST /xingrg/services/DataTransmitService HTTP/1.1" 200 412
58.39.168.32 - - [17/Jan/2022:10:22:59 +0800] "GET /xingrg/all/function/internal_message.html?_=1642386179421&CODE_STATE=getMsg HTTP/1.1" 200 27
172.20.0.100 - - [17/Jan/2022:10:23:03 +0800] "GET /xingrg/check_reg.html?_=1642386182808 HTTP/1.1" 200 22
101.80.229.199 - - [17/Jan/2022:10:23:03 +0800] "GET /xingrg/all/function/internal_message.html?_=1642386183476&CODE_STATE=getMsg HTTP/1.1" 200 27
101.80.229.199 - - [17/Jan/2022:10:23:03 +0800] "GET /xingrg/check_reg.html?_=1642386183477 HTTP/1.1" 200 22
124.78.156.14 - - [17/Jan/2022:10:23:06 +0800] "GET /xingrg/all/function/internal_message.html?_=1642386185585&CODE_STATE=getMsg HTTP/1.1" 200 27
222.70.243.96 - - [17/Jan/2022:10:23:07 +0800] "GET /xingrg/all/function/internal_message.html?_=1642386179918&CODE_STATE=getMsg HTTP/1.1" 200 27
114.83.222.182 - - [17/Jan/2022:10:23:08 +0800] "GET /xingrg/all/function/internal_message.html?_=1642386187536&CODE_STATE=getMsg HTTP/1.1" 200 27
222.70.243.96 - - [17/Jan/2022:10:23:14 +0800] "GET /xingrg/kc/buy/cgsh_order_operate.html?command=get_materiel&rest_code=00146&code=00101006025&supplier_code=00100012&order_time=2022-01-17 HTTP/1.1" 200 417
180.152.99.39 - - [17/Jan/2022:10:23:25 +0800] "GET /xingrg/check_reg.html?_=1642386140833 HTTP/1.1" 200 22
58.37.10.95 - - [17/Jan/2022:10:23:28 +0800] "GET /xingrg/all/function/internal_message.html?_=1642386006301&CODE_STATE=getMsg HTTP/1.1" 200 27
222.70.243.96 - - [17/Jan/2022:10:23:29 +0800] "GET /xingrg/kc/buy/cgsh_order_operate.html?command=get_materiel&rest_code=00146&code=00101006124&supplier_code=00100012&order_time=2022-01-17 HTTP/1.1" 200 409
114.95.98.1 - - [17/Jan/2022:10:23:32 +0800] "GET /xingrg/all/function/internal_message.html?_=1642386233056&CODE_STATE=getMsg HTTP/1.1" 200 27
180.169.147.146 - - [17/Jan/2022:10:23:33 +0800] "GET /xingrg/all/function/internal_message.html?_=1642386213232&CODE_STATE=getMsg HTTP/1.1" 200 27
180.169.147.146 - - [17/Jan/2022:10:23:33 +0800] "GET /xingrg/check_reg.html?_=1642386213420 HTTP/1.1" 200 22
180.152.99.39 - - [17/Jan/2022:10:23:33 +0800] "GET /xingrg/all/function/internal_message.html?_=1642386149021&CODE_STATE=getMsg HTTP/1.1" 200 27
222.70.217.149 - - [17/Jan/2022:10:23:35 +0800] "GET /xingrg/all/function/internal_message.html?_=1642386203614&CODE_STATE=getMsg HTTP/1.1" 200 27
180.152.99.39 - - [17/Jan/2022:10:23:38 +0800] "GET /xingrg/kc/base/wldb_order_operate.html?command=get_materiel&rest_code=00150&base_code=0010445&code=00101019222 HTTP/1.1" 200 452
116.232.54.78 - - [17/Jan/2022:10:23:52 +0800] "GET /xingrg/all/function/internal_message.html?_=1642386232615&CODE_STATE=getMsg HTTP/1.1" 200 27
58.39.168.32 - - [17/Jan/2022:10:23:59 +0800] "GET /xingrg/all/function/internal_message.html?_=1642386239399&CODE_STATE=getMsg HTTP/1.1" 200 27
101.80.229.199 - - [17/Jan/2022:10:24:03 +0800] "GET /xingrg/all/function/internal_message.html?_=1642386243478&CODE_STATE=getMsg HTTP/1.1" 200 27
124.78.156.14 - - [17/Jan/2022:10:24:06 +0800] "GET /xingrg/check_reg.html?_=1642386245585 HTTP/1.1" 200 22
124.78.156.14 - - [17/Jan/2022:10:24:06 +0800] "GET /xingrg/all/function/internal_message.html?_=1642386245584&CODE_STATE=getMsg HTTP/1.1" 200 27
222.70.243.96 - - [17/Jan/2022:10:24:06 +0800] "GET /xingrg/check_reg.html?_=1642386238434 HTTP/1.1" 200 22
222.70.243.96 - - [17/Jan/2022:10:24:07 +0800] "GET /xingrg/all/function/internal_message.html?_=1642386239931&CODE_STATE=getMsg HTTP/1.1" 200 27
114.83.222.182 - - [17/Jan/2022:10:24:08 +0800] "GET /xingrg/all/function/internal_message.html?_=1642386247536&CODE_STATE=getMsg HTTP/1.1" 200 27
114.83.222.182 - - [17/Jan/2022:10:24:08 +0800] "GET /xingrg/check_reg.html?_=1642386247542 HTTP/1.1" 200 22
222.70.243.96 - - [17/Jan/2022:10:24:17 +0800] "GET /xingrg/kc/buy/cgsh_order_operate.html?command=get_materiel&rest_code=00146&code=00101006133&supplier_code=00100012&order_time=2022-01-17 HTTP/1.1" 200 413
58.37.10.95 - - [17/Jan/2022:10:24:24 +0800] "GET /xingrg/check_reg.html?_=1642386062228 HTTP/1.1" 200 22
58.37.10.95 - - [17/Jan/2022:10:24:28 +0800] "GET /xingrg/all/function/internal_message.html?_=1642386066278&CODE_STATE=getMsg HTTP/1.1" 200 27
114.95.98.1 - - [17/Jan/2022:10:24:32 +0800] "GET /xingrg/all/function/internal_message.html?_=1642386293359&CODE_STATE=getMsg HTTP/1.1" 200 27
180.169.147.146 - - [17/Jan/2022:10:24:33 +0800] "GET /xingrg/all/function/internal_message.html?_=1642386273216&CODE_STATE=getMsg HTTP/1.1" 200 27
180.152.99.39 - - [17/Jan/2022:10:24:33 +0800] "GET /xingrg/all/function/internal_message.html?_=1642386209191&CODE_STATE=getMsg HTTP/1.1" 200 27
222.70.217.149 - - [17/Jan/2022:10:24:35 +0800] "GET /xingrg/check_reg.html?_=1642386263620 HTTP/1.1" 200 22
222.70.217.149 - - [17/Jan/2022:10:24:35 +0800] "GET /xingrg/all/function/internal_message.html?_=1642386263622&CODE_STATE=getMsg HTTP/1.1" 200 27
222.70.243.96 - - [17/Jan/2022:10:24:45 +0800] "GET /xingrg/kc/buy/cgsh_order_operate.html?command=get_materiel&rest_code=00146&code=00101006174&supplier_code=00100012&order_time=2022-01-17 HTTP/1.1" 200 414
116.232.54.78 - - [17/Jan/2022:10:24:52 +0800] "GET /xingrg/all/function/internal_message.html?_=1642386292618&CODE_STATE=getMsg HTTP/1.1" 200 27
58.39.168.32 - - [17/Jan/2022:10:24:59 +0800] "GET /xingrg/all/function/internal_message.html?_=1642386299376&CODE_STATE=getMsg HTTP/1.1" 200 27
58.39.168.32 - - [17/Jan/2022:10:24:59 +0800] "GET /xingrg/check_reg.html?_=1642386299481 HTTP/1.1" 200 22
222.70.243.96 - - [17/Jan/2022:10:25:02 +0800] "GET /xingrg/kc/buy/cgsh_order_operate.html?command=get_materiel&rest_code=00146&code=00101006127&supplier_code=00100012&order_time=2022-01-17 HTTP/1.1" 200 423
101.80.229.199 - - [17/Jan/2022:10:25:03 +0800] "GET /xingrg/all/function/internal_message.html?_=1642386303480&CODE_STATE=getMsg HTTP/1.1" 200 27
124.78.156.14 - - [17/Jan/2022:10:25:06 +0800] "GET /xingrg/all/function/internal_message.html?_=1642386305584&CODE_STATE=getMsg HTTP/1.1" 200 27
222.70.243.96 - - [17/Jan/2022:10:25:07 +0800] "GET /xingrg/all/function/internal_message.html?_=1642386299945&CODE_STATE=getMsg HTTP/1.1" 200 27
114.83.222.182 - - [17/Jan/2022:10:25:08 +0800] "GET /xingrg/all/function/internal_message.html?_=1642386307541&CODE_STATE=getMsg HTTP/1.1" 200 27
222.70.178.207 - - [17/Jan/2022:10:25:13 +0800] "POST /xingrg/login.do HTTP/1.1" 302 -
222.70.178.207 - - [17/Jan/2022:10:25:13 +0800] "GET /xingrg/index.html?sysBaseUrl=http%3A%2F%2F180.169.147.146%3A18081%2Fxingrg%2F&costTime=40×tamp=1642386313344 HTTP/1.1" 200 17173
222.70.178.207 - - [17/Jan/2022:10:25:13 +0800] "GET /favicon.ico HTTP/1.1" 404 -
222.70.178.207 - - [17/Jan/2022:10:25:13 +0800] "POST /xingrg/all/common/load_tree.html?tree=area_rest_tree_json&manage=1 HTTP/1.1" 200 342
222.70.178.207 - - [17/Jan/2022:10:25:13 +0800] "GET /xingrg/check_reg.html?_=1642386313277 HTTP/1.1" 200 22
222.70.178.207 - - [17/Jan/2022:10:25:13 +0800] "GET /xingrg/all/function/internal_message.html?_=1642386313276&CODE_STATE=count HTTP/1.1" 200 11
222.70.178.207 - - [17/Jan/2022:10:25:13 +0800] "POST /xingrg/load_menu.html HTTP/1.1" 200 5138
222.70.243.96 - - [17/Jan/2022:10:25:14 +0800] "GET /xingrg/kc/buy/cgsh_order_operate.html?command=get_materiel&rest_code=00146&code=00101006006&supplier_code=00100012&order_time=2022-01-17 HTTP/1.1" 200 409
222.70.178.207 - - [17/Jan/2022:10:25:16 +0800] "GET /xingrg/kc/buy/buy_main.html HTTP/1.1" 200 12412
222.70.178.207 - - [17/Jan/2022:10:25:16 +0800] "GET /xingrg/css/new_ie.css HTTP/1.1" 404 1036
222.70.178.207 - - [17/Jan/2022:10:25:21 +0800] "GET /xingrg/kc/buy/cgsh_order_list.html HTTP/1.1" 200 49588
222.70.178.207 - - [17/Jan/2022:10:25:22 +0800] "POST /xingrg/kc/buy/cgsh_list_operate.html HTTP/1.1" 200 876
222.70.178.207 - - [17/Jan/2022:10:25:24 +0800] "GET /xingrg/kc/buy/cgsh_order_add.html HTTP/1.1" 200 65319
222.70.178.207 - - [17/Jan/2022:10:25:24 +0800] "POST /xingrg/kc/buy/cgsh_order_operate.html HTTP/1.1" 200 8245
222.70.178.207 - - [17/Jan/2022:10:25:24 +0800] "GET /xingrg/all/common/auto_word.html?type=employee&rest_code=00111 HTTP/1.1" 200 155
222.70.178.207 - - [17/Jan/2022:10:25:24 +0800] "GET /xingrg/javascript/easyui/themes/default/validatebox.css HTTP/1.1" 404 1104
222.70.178.207 - - [17/Jan/2022:10:25:24 +0800] "GET /xingrg/all/common/auto_word.html?type=employee&rest_code=00111 HTTP/1.1" 200 155
58.37.10.95 - - [17/Jan/2022:10:25:28 +0800] "GET /xingrg/all/function/internal_message.html?_=1642386126255&CODE_STATE=getMsg HTTP/1.1" 200 27
114.95.98.1 - - [17/Jan/2022:10:25:29 +0800] "GET /xingrg/check_reg.html?_=1642386350056 HTTP/1.1" 200 22
222.70.178.207 - - [17/Jan/2022:10:25:32 +0800] "GET /xingrg/javascript/auto/indicator.gif HTTP/1.1" 404 1066
114.95.98.1 - - [17/Jan/2022:10:25:32 +0800] "GET /xingrg/all/function/internal_message.html?_=1642386353389&CODE_STATE=getMsg HTTP/1.1" 200 27
180.169.147.146 - - [17/Jan/2022:10:25:33 +0800] "GET /xingrg/all/function/internal_message.html?_=1642386333199&CODE_STATE=getMsg HTTP/1.1" 200 27
222.70.243.96 - - [17/Jan/2022:10:25:33 +0800] "GET /xingrg/kc/buy/cgsh_order_operate.html?command=get_materiel&rest_code=00146&code=00101006110&supplier_code=00100012&order_time=2022-01-17 HTTP/1.1" 200 409
180.152.99.39 - - [17/Jan/2022:10:25:33 +0800] "GET /xingrg/all/function/internal_message.html?_=1642386269203&CODE_STATE=getMsg HTTP/1.1" 200 27
222.70.217.149 - - [17/Jan/2022:10:25:35 +0800] "GET /xingrg/all/function/internal_message.html?_=1642386323607&CODE_STATE=getMsg HTTP/1.1" 200 27
222.70.178.207 - - [17/Jan/2022:10:25:42 +0800] "GET /xingrg/javascript/jquery_tools/images/prev.gif HTTP/1.1" 404 1086
222.70.178.207 - - [17/Jan/2022:10:25:42 +0800] "GET /xingrg/javascript/jquery_tools/images/next.gif HTTP/1.1" 404 1086
222.70.178.207 - - [17/Jan/2022:10:25:49 +0800] "GET /xingrg/kc/buy/cgsh_order_operate.html?command=get_materiel&rest_code=00111&code=00101002027&supplier_code=00100199&order_time=2022-01-17 HTTP/1.1" 200 436
116.232.54.78 - - [17/Jan/2022:10:25:52 +0800] "GET /xingrg/all/function/internal_message.html?_=1642386352623&CODE_STATE=getMsg HTTP/1.1" 200 27
116.232.54.78 - - [17/Jan/2022:10:25:52 +0800] "GET /xingrg/check_reg.html?_=1642386352624 HTTP/1.1" 200 22
180.152.99.39 - - [17/Jan/2022:10:25:55 +0800] "GET /xingrg/kc/base/wldb_order_operate.html?command=get_materiel&rest_code=00150&base_code=0010445&code=00101019169 HTTP/1.1" 200 477
222.70.243.96 - - [17/Jan/2022:10:25:57 +0800] "GET /xingrg/kc/buy/cgsh_order_operate.html?command=get_materiel&rest_code=00146&code=00101006229&supplier_code=00100012&order_time=2022-01-17 HTTP/1.1" 200 412
58.39.168.32 - - [17/Jan/2022:10:25:59 +0800] "GET /xingrg/all/function/internal_message.html?_=1642386359349&CODE_STATE=getMsg HTTP/1.1" 200 27
222.70.178.207 - - [17/Jan/2022:10:26:03 +0800] "GET /xingrg/kc/buy/cgsh_order_operate.html?command=get_materiel&rest_code=00111&code=00101002007&supplier_code=00100199&order_time=2022-01-17 HTTP/1.1" 200 411
101.80.229.199 - - [17/Jan/2022:10:26:03 +0800] "GET /xingrg/all/function/internal_message.html?_=1642386363482&CODE_STATE=getMsg HTTP/1.1" 200 27
124.78.156.14 - - [17/Jan/2022:10:26:06 +0800] "GET /xingrg/all/function/internal_message.html?_=1642386365587&CODE_STATE=getMsg HTTP/1.1" 200 27
222.70.243.96 - - [17/Jan/2022:10:26:07 +0800] "GET /xingrg/all/function/internal_message.html?_=1642386359959&CODE_STATE=getMsg HTTP/1.1" 200 27
114.83.222.182 - - [17/Jan/2022:10:26:08 +0800] "GET /xingrg/all/function/internal_message.html?_=1642386367564&CODE_STATE=getMsg HTTP/1.1" 200 27
222.70.178.207 - - [17/Jan/2022:10:26:13 +0800] "GET /xingrg/all/function/internal_message.html?_=1642386373279&CODE_STATE=getMsg HTTP/1.1" 200 27
222.70.178.207 - - [17/Jan/2022:10:26:14 +0800] "GET /xingrg/kc/buy/cgsh_order_operate.html?command=get_materiel&rest_code=00111&code=00101002006&supplier_code=00100199&order_time=2022-01-17 HTTP/1.1" 200 414
58.37.10.95 - - [17/Jan/2022:10:26:28 +0800] "GET /xingrg/all/function/internal_message.html?_=1642386186259&CODE_STATE=getMsg HTTP/1.1" 200 27
180.152.99.39 - - [17/Jan/2022:10:26:28 +0800] "POST /xingrg/kc/base/wldb_order_operate.html HTTP/1.1" 200 37
180.152.99.39 - - [17/Jan/2022:10:26:30 +0800] "POST /xingrg/kc/base/wldb_order_operate.html HTTP/1.1" 200 12
180.152.99.39 - - [17/Jan/2022:10:26:30 +0800] "POST /xingrg/kc/base/wldb_order_operate.html HTTP/1.1" 200 7666
114.95.98.1 - - [17/Jan/2022:10:26:32 +0800] "GET /xingrg/all/function/internal_message.html?_=1642386413392&CODE_STATE=getMsg HTTP/1.1" 200 27
180.169.147.146 - - [17/Jan/2022:10:26:33 +0800] "GET /xingrg/all/function/internal_message.html?_=1642386393183&CODE_STATE=getMsg HTTP/1.1" 200 27
222.70.217.149 - - [17/Jan/2022:10:26:35 +0800] "GET /xingrg/all/function/internal_message.html?_=1642386383616&CODE_STATE=getMsg HTTP/1.1" 200 27
180.152.99.39 - - [17/Jan/2022:10:26:39 +0800] "GET /xingrg/kc/base/wldb_order_info.html?code=422022011702199 HTTP/1.1" 200 26173
180.152.99.39 - - [17/Jan/2022:10:26:39 +0800] "GET /xingrg/javascript/easyui/themes/default/validatebox.css HTTP/1.1" 404 1104
180.152.99.39 - - [17/Jan/2022:10:26:39 +0800] "POST /xingrg/kc/base/wldb_order_operate.html HTTP/1.1" 200 5835
180.152.99.39 - - [17/Jan/2022:10:26:40 +0800] "GET /xingrg/all/function/internal_message.html?_=1642386335270&CODE_STATE=getMsg HTTP/1.1" 200 27
222.70.243.96 - - [17/Jan/2022:10:26:42 +0800] "GET /xingrg/kc/buy/cgsh_order_operate.html?command=get_materiel&rest_code=00146&code=00101006055&supplier_code=00100012&order_time=2022-01-17 HTTP/1.1" 200 409
222.70.178.207 - - [17/Jan/2022:10:26:49 +0800] "POST /xingrg/kc/buy/cgsh_order_operate.html HTTP/1.1" 200 37
222.70.178.207 - - [17/Jan/2022:10:26:51 +0800] "POST /xingrg/kc/buy/cgsh_order_operate.html HTTP/1.1" 200 3850
116.232.54.78 - - [17/Jan/2022:10:26:52 +0800] "GET /xingrg/all/function/internal_message.html?_=1642386412626&CODE_STATE=getMsg HTTP/1.1" 200 27
180.152.99.39 - - [17/Jan/2022:10:26:52 +0800] "GET /xingrg/kc/base/yddb_order_list.html HTTP/1.1" 200 16672
222.70.178.207 - - [17/Jan/2022:10:26:53 +0800] "GET /xingrg/kc/print/load_config.html?kc_code=cgsh HTTP/1.1" 200 1943
180.152.99.39 - - [17/Jan/2022:10:26:53 +0800] "POST /xingrg/kc/base/yddb_list_operate.html HTTP/1.1" 200 1346
222.70.178.207 - - [17/Jan/2022:10:26:53 +0800] "GET /xingrg/kc/print/load_data.html?order_code=212022011708095&kc_code=cgsh&condition= HTTP/1.1" 200 1134
180.152.99.39 - - [17/Jan/2022:10:26:55 +0800] "POST /xingrg/kc/base/yddb_list_operate.html HTTP/1.1" 200 287
58.39.168.32 - - [17/Jan/2022:10:26:59 +0800] "GET /xingrg/all/function/internal_message.html?_=1642386419324&CODE_STATE=getMsg HTTP/1.1" 200 27
180.152.99.39 - - [17/Jan/2022:10:26:59 +0800] "GET /xingrg/kc/base/yddb_order_info.html?code=482022011600102 HTTP/1.1" 200 31330
180.152.99.39 - - [17/Jan/2022:10:26:59 +0800] "GET /xingrg/dwr/util.js HTTP/1.1" 304 -
180.152.99.39 - - [17/Jan/2022:10:26:59 +0800] "GET /xingrg/dwr/interface/AjaxYddbService.js HTTP/1.1" 200 13201
180.152.99.39 - - [17/Jan/2022:10:26:59 +0800] "GET /xingrg/javascript/myfunction.js HTTP/1.1" 304 -
180.152.99.39 - - [17/Jan/2022:10:26:59 +0800] "GET /xingrg/javascript/Calendar.js HTTP/1.1" 304 -
180.152.99.39 - - [17/Jan/2022:10:26:59 +0800] "GET /xingrg/dwr/interface/AjaxComOrderService.js HTTP/1.1" 200 18264
180.152.99.39 - - [17/Jan/2022:10:26:59 +0800] "GET /xingrg/javascript/AjaxInfoList.js HTTP/1.1" 304 -
180.152.99.39 - - [17/Jan/2022:10:26:59 +0800] "GET /xingrg/javascript/checkform.js HTTP/1.1" 304 -
180.152.99.39 - - [17/Jan/2022:10:26:59 +0800] "GET /xingrg/javascript/Grid.js HTTP/1.1" 304 -
180.152.99.39 - - [17/Jan/2022:10:26:59 +0800] "GET /xingrg/javascript/ToolTips.js HTTP/1.1" 304 -
180.152.99.39 - - [17/Jan/2022:10:26:59 +0800] "GET /xingrg/dwr/engine.js HTTP/1.1" 200 43631
180.152.99.39 - - [17/Jan/2022:10:26:59 +0800] "GET /xingrg/javascript/jquery_easy_ui/themes/icons/edit_add_new.png HTTP/1.1" 304 -
180.152.99.39 - - [17/Jan/2022:10:26:59 +0800] "GET /xingrg/javascript/jquery_easy_ui/themes/icons/print.png HTTP/1.1" 304 -
180.152.99.39 - - [17/Jan/2022:10:26:59 +0800] "GET /xingrg/javascript/jquery_easy_ui/themes/default/images/menu_downarrow.png HTTP/1.1" 304 -
180.152.99.39 - - [17/Jan/2022:10:26:59 +0800] "GET /xingrg/javascript/jquery_easy_ui/themes/icons/cance_new.png HTTP/1.1" 304 -
180.152.99.39 - - [17/Jan/2022:10:26:59 +0800] "GET /xingrg/javascript/jquery_easy_ui/themes/icons/back_new.png HTTP/1.1" 304 -
180.152.99.39 - - [17/Jan/2022:10:26:59 +0800] "GET /xingrg/images/blue/button/kc_tab_save.gif HTTP/1.1" 304 -
180.152.99.39 - - [17/Jan/2022:10:26:59 +0800] "GET /xingrg/images/blue/button/kc_tab_edit.gif HTTP/1.1" 304 -
180.152.99.39 - - [17/Jan/2022:10:26:59 +0800] "GET /xingrg/images/blue/button/kc_tab_add.gif HTTP/1.1" 304 -
180.152.99.39 - - [17/Jan/2022:10:26:59 +0800] "GET /xingrg/images/blue/button/kc_tab_del.gif HTTP/1.1" 304 -
180.152.99.39 - - [17/Jan/2022:10:26:59 +0800] "GET /xingrg/images/blue/kc_tab_mid.gif HTTP/1.1" 304 -
180.152.99.39 - - [17/Jan/2022:10:26:59 +0800] "GET /xingrg/images/blue/kc_tab_left.gif HTTP/1.1" 304 -
180.152.99.39 - - [17/Jan/2022:10:26:59 +0800] "GET /xingrg/images/blue/kc_tab_right.gif HTTP/1.1" 304 -
180.152.99.39 - - [17/Jan/2022:10:26:59 +0800] "GET /xingrg/images/blue/kc_tab2_right.gif HTTP/1.1" 304 -
180.152.99.39 - - [17/Jan/2022:10:26:59 +0800] "GET /xingrg/images/blue/kc_tab2_left.gif HTTP/1.1" 304 -
180.152.99.39 - - [17/Jan/2022:10:26:59 +0800] "GET /xingrg/images/blue/wait.gif HTTP/1.1" 304 -
180.152.99.39 - - [17/Jan/2022:10:26:59 +0800] "POST /xingrg/dwr/call/plaincall/AjaxYddbService.loadMaterielItems.dwr HTTP/1.1" 200 758
222.70.178.207 - - [17/Jan/2022:10:27:00 +0800] "GET /xingrg/kc/buy/cgsh_order_add.html HTTP/1.1" 200 65319
222.70.178.207 - - [17/Jan/2022:10:27:00 +0800] "POST /xingrg/kc/buy/cgsh_order_operate.html HTTP/1.1" 200 8245
222.70.178.207 - - [17/Jan/2022:10:27:00 +0800] "GET /xingrg/javascript/easyui/themes/default/validatebox.css HTTP/1.1" 404 1104
101.80.229.199 - - [17/Jan/2022:10:27:03 +0800] "GET /xingrg/all/function/internal_message.html?_=1642386423486&CODE_STATE=getMsg HTTP/1.1" 200 27
124.78.156.14 - - [17/Jan/2022:10:27:06 +0800] "GET /xingrg/all/function/internal_message.html?_=1642386425586&CODE_STATE=getMsg HTTP/1.1" 200 27
222.70.243.96 - - [17/Jan/2022:10:27:07 +0800] "GET /xingrg/all/function/internal_message.html?_=1642386419973&CODE_STATE=getMsg HTTP/1.1" 200 27
180.152.99.39 - - [17/Jan/2022:10:27:08 +0800] "POST /xingrg/dwr/call/plaincall/AjaxYddbService.checkOrder.dwr HTTP/1.1" 200 78
114.83.222.182 - - [17/Jan/2022:10:27:08 +0800] "GET /xingrg/all/function/internal_message.html?_=1642386427567&CODE_STATE=getMsg HTTP/1.1" 200 27
180.152.99.39 - - [17/Jan/2022:10:27:09 +0800] "GET /xingrg/kc/base/yddb_order_info.html?code=482022011600102 HTTP/1.1" 200 29513
180.152.99.39 - - [17/Jan/2022:10:27:09 +0800] "GET /xingrg/dwr/interface/AjaxComOrderService.js HTTP/1.1" 200 18264
180.152.99.39 - - [17/Jan/2022:10:27:09 +0800] "GET /xingrg/dwr/interface/AjaxYddbService.js HTTP/1.1" 200 13201
180.152.99.39 - - [17/Jan/2022:10:27:09 +0800] "GET /xingrg/dwr/engine.js HTTP/1.1" 200 43631
180.152.99.39 - - [17/Jan/2022:10:27:10 +0800] "POST /xingrg/dwr/call/plaincall/AjaxYddbService.loadMaterielItems.dwr HTTP/1.1" 200 758
222.70.178.207 - - [17/Jan/2022:10:27:13 +0800] "GET /xingrg/all/function/internal_message.html?_=1642386433294&CODE_STATE=getMsg HTTP/1.1" 200 27
222.70.243.96 - - [17/Jan/2022:10:27:13 +0800] "POST /xingrg/kc/buy/cgsh_order_operate.html HTTP/1.1" 200 37
180.152.99.39 - - [17/Jan/2022:10:27:14 +0800] "GET /xingrg/kc/base/yddb_order_add.html HTTP/1.1" 200 29841
180.152.99.39 - - [17/Jan/2022:10:27:14 +0800] "GET /xingrg/dwr/interface/AjaxYddbService.js HTTP/1.1" 200 13201
180.152.99.39 - - [17/Jan/2022:10:27:14 +0800] "GET /xingrg/dwr/interface/AjaxComOrderService.js HTTP/1.1" 200 18264
180.152.99.39 - - [17/Jan/2022:10:27:14 +0800] "GET /xingrg/dwr/engine.js HTTP/1.1" 200 43631
222.70.243.96 - - [17/Jan/2022:10:27:15 +0800] "POST /xingrg/kc/buy/cgsh_order_operate.html HTTP/1.1" 200 9804
222.70.178.207 - - [17/Jan/2022:10:27:17 +0800] "GET /xingrg/kc/buy/cgsh_order_operate.html?command=get_materiel&rest_code=00111&code=00101010161&supplier_code=00100042&order_time=2022-01-17 HTTP/1.1" 200 409
180.152.99.39 - - [17/Jan/2022:10:27:18 +0800] "POST /xingrg/dwr/call/plaincall/AjaxYddbService.getRestBases.dwr HTTP/1.1" 200 1562
180.152.99.39 - - [17/Jan/2022:10:27:26 +0800] "POST /xingrg/dwr/call/plaincall/AjaxYddbService.saveOrder.dwr HTTP/1.1" 200 78
58.37.10.95 - - [17/Jan/2022:10:27:28 +0800] "GET /xingrg/all/function/internal_message.html?_=1642386246229&CODE_STATE=getMsg HTTP/1.1" 200 27
180.152.99.39 - - [17/Jan/2022:10:27:29 +0800] "GET /xingrg/images/yd/bt.gif HTTP/1.1" 404 1040
180.152.99.39 - - [17/Jan/2022:10:27:30 +0800] "POST /xingrg/dwr/call/plaincall/AjaxComOrderService.getMaterielSearchList.dwr HTTP/1.1" 200 890
180.152.99.39 - - [17/Jan/2022:10:27:30 +0800] "POST /xingrg/dwr/call/plaincall/AjaxComOrderService.getMaterielSearchList.dwr HTTP/1.1" 200 890
180.152.99.39 - - [17/Jan/2022:10:27:31 +0800] "POST /xingrg/dwr/call/plaincall/AjaxYddbService.getMaterielByMap.dwr HTTP/1.1" 200 3848
114.95.98.1 - - [17/Jan/2022:10:27:33 +0800] "GET /xingrg/all/function/internal_message.html?_=1642386473702&CODE_STATE=getMsg HTTP/1.1" 200 27
180.169.147.146 - - [17/Jan/2022:10:27:33 +0800] "GET /xingrg/all/function/internal_message.html?_=1642386453191&CODE_STATE=getMsg HTTP/1.1" 200 27
180.152.99.39 - - [17/Jan/2022:10:27:35 +0800] "POST /xingrg/dwr/call/plaincall/AjaxYddbService.removeMaterielItem.dwr HTTP/1.1" 200 78
222.70.217.149 - - [17/Jan/2022:10:27:35 +0800] "GET /xingrg/all/function/internal_message.html?_=1642386443611&CODE_STATE=getMsg HTTP/1.1" 200 27
180.152.99.39 - - [17/Jan/2022:10:27:37 +0800] "POST /xingrg/dwr/call/plaincall/AjaxComOrderService.getMaterielSearchList.dwr HTTP/1.1" 200 890
180.152.99.39 - - [17/Jan/2022:10:27:38 +0800] "POST /xingrg/dwr/call/plaincall/AjaxComOrderService.getMaterielSearchList.dwr HTTP/1.1" 200 890
180.152.99.39 - - [17/Jan/2022:10:27:39 +0800] "POST /xingrg/dwr/call/plaincall/AjaxYddbService.getMaterielByMap.dwr HTTP/1.1" 200 3847
180.152.99.39 - - [17/Jan/2022:10:27:40 +0800] "GET /xingrg/all/function/internal_message.html?_=1642386395284&CODE_STATE=getMsg HTTP/1.1" 200 27
222.70.243.96 - - [17/Jan/2022:10:27:41 +0800] "GET /xingrg/kc/print/load_data.html?order_code=212022011708096&kc_code=cgsh&condition= HTTP/1.1" 200 3492
180.152.99.39 - - [17/Jan/2022:10:27:43 +0800] "POST /xingrg/dwr/call/plaincall/AjaxYddbService.getUnitPrice.dwr HTTP/1.1" 200 86
180.152.99.39 - - [17/Jan/2022:10:27:44 +0800] "GET /xingrg/images/yd/bt.gif HTTP/1.1" 404 1040
180.152.99.39 - - [17/Jan/2022:10:27:47 +0800] "POST /xingrg/dwr/call/plaincall/AjaxYddbService.saveMaterielItem.dwr HTTP/1.1" 200 79
180.152.99.39 - - [17/Jan/2022:10:27:50 +0800] "POST /xingrg/dwr/call/plaincall/AjaxComOrderService.getMaterielSearchList.dwr HTTP/1.1" 200 896
180.152.99.39 - - [17/Jan/2022:10:27:51 +0800] "POST /xingrg/dwr/call/plaincall/AjaxComOrderService.getMaterielSearchList.dwr HTTP/1.1" 200 896
180.152.99.39 - - [17/Jan/2022:10:27:51 +0800] "POST /xingrg/dwr/call/plaincall/AjaxYddbService.getMaterielByMap.dwr HTTP/1.1" 200 3850
116.232.54.78 - - [17/Jan/2022:10:27:52 +0800] "GET /xingrg/all/function/internal_message.html?_=1642386472625&CODE_STATE=getMsg HTTP/1.1" 200 27
180.152.99.39 - - [17/Jan/2022:10:27:53 +0800] "POST /xingrg/dwr/call/plaincall/AjaxYddbService.saveMaterielItem.dwr HTTP/1.1" 200 79
180.152.99.39 - - [17/Jan/2022:10:27:54 +0800] "POST /xingrg/dwr/call/plaincall/AjaxComOrderService.getMaterielSearchList.dwr HTTP/1.1" 200 77
180.152.99.39 - - [17/Jan/2022:10:27:56 +0800] "POST /xingrg/dwr/call/plaincall/AjaxComOrderService.getMaterielSearchList.dwr HTTP/1.1" 200 28175
180.152.99.39 - - [17/Jan/2022:10:27:57 +0800] "POST /xingrg/dwr/call/plaincall/AjaxComOrderService.getMaterielSearchList.dwr HTTP/1.1" 200 1504
180.152.99.39 - - [17/Jan/2022:10:27:58 +0800] "POST /xingrg/dwr/call/plaincall/AjaxYddbService.getMaterielByMap.dwr HTTP/1.1" 200 3849
58.39.168.32 - - [17/Jan/2022:10:27:59 +0800] "GET /xingrg/all/function/internal_message.html?_=1642386479303&CODE_STATE=getMsg HTTP/1.1" 200 27
180.152.99.39 - - [17/Jan/2022:10:28:01 +0800] "POST /xingrg/dwr/call/plaincall/AjaxYddbService.getUnitPrice.dwr HTTP/1.1" 200 87
172.20.0.100 - - [17/Jan/2022:10:28:03 +0800] "GET /xingrg/check_reg.html?_=1642386482785 HTTP/1.1" 200 22
101.80.229.199 - - [17/Jan/2022:10:28:03 +0800] "GET /xingrg/check_reg.html?_=1642386483488 HTTP/1.1" 200 22
101.80.229.199 - - [17/Jan/2022:10:28:03 +0800] "GET /xingrg/all/function/internal_message.html?_=1642386483491&CODE_STATE=getMsg HTTP/1.1" 200 27
180.152.99.39 - - [17/Jan/2022:10:28:05 +0800] "POST /xingrg/dwr/call/plaincall/AjaxYddbService.saveMaterielItem.dwr HTTP/1.1" 200 79
180.152.99.39 - - [17/Jan/2022:10:28:05 +0800] "POST /xingrg/dwr/call/plaincall/AjaxComOrderService.getMaterielSearchList.dwr HTTP/1.1" 200 77
124.78.156.14 - - [17/Jan/2022:10:28:06 +0800] "GET /xingrg/all/function/internal_message.html?_=1642386485585&CODE_STATE=getMsg HTTP/1.1" 200 27
180.152.99.39 - - [17/Jan/2022:10:28:07 +0800] "POST /xingrg/dwr/call/plaincall/AjaxComOrderService.getMaterielSearchList.dwr HTTP/1.1" 200 554600
180.152.99.39 - - [17/Jan/2022:10:28:07 +0800] "POST /xingrg/dwr/call/plaincall/AjaxComOrderService.getMaterielSearchList.dwr HTTP/1.1" 200 1947
222.70.243.96 - - [17/Jan/2022:10:28:08 +0800] "GET /xingrg/all/function/internal_message.html?_=1642386480217&CODE_STATE=getMsg HTTP/1.1" 200 27
114.83.222.182 - - [17/Jan/2022:10:28:08 +0800] "GET /xingrg/all/function/internal_message.html?_=1642386487568&CODE_STATE=getMsg HTTP/1.1" 200 27
180.152.99.39 - - [17/Jan/2022:10:28:09 +0800] "POST /xingrg/dwr/call/plaincall/AjaxYddbService.getMaterielByMap.dwr HTTP/1.1" 200 3831
222.70.243.96 - - [17/Jan/2022:10:28:11 +0800] "GET /xingrg/kc/buy/cgsh_order_add.html HTTP/1.1" 200 65363
222.70.243.96 - - [17/Jan/2022:10:28:12 +0800] "POST /xingrg/kc/buy/cgsh_order_operate.html HTTP/1.1" 200 8245
222.70.243.96 - - [17/Jan/2022:10:28:12 +0800] "GET /xingrg/javascript/easyui/themes/default/validatebox.css HTTP/1.1" 404 1104
222.70.178.207 - - [17/Jan/2022:10:28:13 +0800] "GET /xingrg/kc/buy/cgsh_order_operate.html?command=get_materiel&rest_code=00111&code=00101005036&supplier_code=00100042&order_time=2022-01-17 HTTP/1.1" 200 409
222.70.178.207 - - [17/Jan/2022:10:28:13 +0800] "GET /xingrg/all/function/internal_message.html?_=1642386493289&CODE_STATE=getMsg HTTP/1.1" 200 27
180.152.99.39 - - [17/Jan/2022:10:28:13 +0800] "POST /xingrg/dwr/call/plaincall/AjaxYddbService.saveMaterielItem.dwr HTTP/1.1" 200 79
180.152.99.39 - - [17/Jan/2022:10:28:15 +0800] "POST /xingrg/dwr/call/plaincall/AjaxComOrderService.getMaterielSearchList.dwr HTTP/1.1" 200 29452
180.152.99.39 - - [17/Jan/2022:10:28:25 +0800] "GET /xingrg/check_reg.html?_=1642386440839 HTTP/1.1" 200 22
222.70.178.207 - - [17/Jan/2022:10:28:26 +0800] "GET /xingrg/kc/buy/cgsh_order_operate.html?command=get_materiel&rest_code=00111&code=00101003025&supplier_code=00100042&order_time=2022-01-17 HTTP/1.1" 200 409
58.37.10.95 - - [17/Jan/2022:10:28:27 +0800] "GET /xingrg/all/function/internal_message.html?_=1642386306207&CODE_STATE=getMsg HTTP/1.1" 200 27
180.152.99.39 - - [17/Jan/2022:10:28:31 +0800] "POST /xingrg/dwr/call/plaincall/AjaxYddbService.getMaterielByMap.dwr HTTP/1.1" 200 3750
114.95.98.1 - - [17/Jan/2022:10:28:33 +0800] "GET /xingrg/all/function/internal_message.html?_=1642386533716&CODE_STATE=getMsg HTTP/1.1" 200 27
180.169.147.146 - - [17/Jan/2022:10:28:33 +0800] "GET /xingrg/all/function/internal_message.html?_=1642386513174&CODE_STATE=getMsg HTTP/1.1" 200 27
180.169.147.146 - - [17/Jan/2022:10:28:33 +0800] "GET /xingrg/check_reg.html?_=1642386513425 HTTP/1.1" 200 22
180.152.99.39 - - [17/Jan/2022:10:28:33 +0800] "POST /xingrg/dwr/call/plaincall/AjaxYddbService.saveMaterielItem.dwr HTTP/1.1" 200 79
222.70.217.149 - - [17/Jan/2022:10:28:35 +0800] "GET /xingrg/all/function/internal_message.html?_=1642386503626&CODE_STATE=getMsg HTTP/1.1" 200 27
180.152.99.39 - - [17/Jan/2022:10:28:38 +0800] "POST /xingrg/dwr/call/plaincall/AjaxYddbService.checkOrder.dwr HTTP/1.1" 200 79
180.152.99.39 - - [17/Jan/2022:10:28:39 +0800] "GET /xingrg/kc/base/yddb_order_info.html?code=482022011700112 HTTP/1.1" 200 29513
180.152.99.39 - - [17/Jan/2022:10:28:39 +0800] "GET /xingrg/dwr/interface/AjaxYddbService.js HTTP/1.1" 200 13201
180.152.99.39 - - [17/Jan/2022:10:28:39 +0800] "GET /xingrg/dwr/interface/AjaxComOrderService.js HTTP/1.1" 200 18264
180.152.99.39 - - [17/Jan/2022:10:28:39 +0800] "GET /xingrg/dwr/engine.js HTTP/1.1" 200 43631
180.152.99.39 - - [17/Jan/2022:10:28:40 +0800] "GET /xingrg/all/function/internal_message.html?_=1642386455334&CODE_STATE=getMsg HTTP/1.1" 200 27
180.152.99.39 - - [17/Jan/2022:10:28:40 +0800] "POST /xingrg/dwr/call/plaincall/AjaxYddbService.loadMaterielItems.dwr HTTP/1.1" 200 1892
222.70.178.207 - - [17/Jan/2022:10:28:42 +0800] "POST /xingrg/kc/buy/cgsh_order_operate.html HTTP/1.1" 200 37
222.70.243.96 - - [17/Jan/2022:10:28:44 +0800] "GET /xingrg/kc/buy/cgsh_order_operate.html?command=get_materiel&rest_code=00146&code=00101002027&supplier_code=00100199&order_time=2022-01-17 HTTP/1.1" 200 436
222.70.178.207 - - [17/Jan/2022:10:28:44 +0800] "POST /xingrg/kc/buy/cgsh_order_operate.html HTTP/1.1" 200 3831
222.70.178.207 - - [17/Jan/2022:10:28:46 +0800] "GET /xingrg/kc/print/load_data.html?order_code=212022011708097&kc_code=cgsh&condition= HTTP/1.1" 200 1140
116.232.54.78 - - [17/Jan/2022:10:28:52 +0800] "GET /xingrg/all/function/internal_message.html?_=1642386532628&CODE_STATE=getMsg HTTP/1.1" 200 27
222.70.178.207 - - [17/Jan/2022:10:28:55 +0800] "GET /xingrg/kc/buy/cgsh_order_add.html HTTP/1.1" 200 65319
222.70.178.207 - - [17/Jan/2022:10:28:55 +0800] "POST /xingrg/kc/buy/cgsh_order_operate.html HTTP/1.1" 200 8245
222.70.178.207 - - [17/Jan/2022:10:28:55 +0800] "GET /xingrg/javascript/easyui/themes/default/validatebox.css HTTP/1.1" 404 1104
58.39.168.32 - - [17/Jan/2022:10:28:59 +0800] "GET /xingrg/all/function/internal_message.html?_=1642386539282&CODE_STATE=getMsg HTTP/1.1" 200 27
101.80.226.190 - - [17/Jan/2022:10:29:00 +0800] "POST /xingrg/services/DataTransmitService HTTP/1.1" 200 524
101.80.226.190 - - [17/Jan/2022:10:29:01 +0800] "POST /xingrg/services/DataTransmitService HTTP/1.1" 200 1971
101.80.226.190 - - [17/Jan/2022:10:29:01 +0800] "POST /xingrg/services/DataTransmitService HTTP/1.1" 200 524
101.80.226.190 - - [17/Jan/2022:10:29:01 +0800] "POST /xingrg/services/DataTransmitService HTTP/1.1" 200 1971
101.80.226.190 - - [17/Jan/2022:10:29:02 +0800] "POST /xingrg/services/DataTransmitService HTTP/1.1" 200 524
101.80.226.190 - - [17/Jan/2022:10:29:02 +0800] "POST /xingrg/services/DataTransmitService HTTP/1.1" 200 1971
101.85.55.123 - - [17/Jan/2022:10:29:02 +0800] "POST /xingrg/login.do HTTP/1.1" 302 -
101.85.55.123 - - [17/Jan/2022:10:29:02 +0800] "GET /xingrg/index.html?sysBaseUrl=http%3A%2F%2F180.169.147.146%3A18081%2Fxingrg%2F&costTime=43×tamp=1642386542675 HTTP/1.1" 200 17179
101.80.226.190 - - [17/Jan/2022:10:29:02 +0800] "POST /xingrg/services/DataTransmitService HTTP/1.1" 200 524
101.80.226.190 - - [17/Jan/2022:10:29:03 +0800] "POST /xingrg/services/DataTransmitService HTTP/1.1" 200 1971
101.80.226.190 - - [17/Jan/2022:10:29:03 +0800] "POST /xingrg/services/DataTransmitService HTTP/1.1" 200 524
101.80.229.199 - - [17/Jan/2022:10:29:03 +0800] "GET /xingrg/all/function/internal_message.html?_=1642386543478&CODE_STATE=getMsg HTTP/1.1" 200 27
101.85.55.123 - - [17/Jan/2022:10:29:03 +0800] "GET /favicon.ico HTTP/1.1" 404 -
101.85.55.123 - - [17/Jan/2022:10:29:03 +0800] "POST /xingrg/all/common/load_tree.html?tree=area_rest_tree_json&manage=1 HTTP/1.1" 200 351
101.80.226.190 - - [17/Jan/2022:10:29:03 +0800] "POST /xingrg/services/DataTransmitService HTTP/1.1" 200 1971
101.85.55.123 - - [17/Jan/2022:10:29:03 +0800] "GET /xingrg/all/function/internal_message.html?_=1642386541649&CODE_STATE=count HTTP/1.1" 200 11
101.85.55.123 - - [17/Jan/2022:10:29:03 +0800] "GET /xingrg/check_reg.html?_=1642386541652 HTTP/1.1" 200 22
101.80.226.190 - - [17/Jan/2022:10:29:03 +0800] "POST /xingrg/services/DataTransmitService HTTP/1.1" 200 524
101.85.55.123 - - [17/Jan/2022:10:29:03 +0800] "POST /xingrg/load_menu.html HTTP/1.1" 200 5138
101.80.226.190 - - [17/Jan/2022:10:29:04 +0800] "POST /xingrg/services/DataTransmitService HTTP/1.1" 200 1971
101.80.226.190 - - [17/Jan/2022:10:29:04 +0800] "POST /xingrg/services/DataTransmitService HTTP/1.1" 200 524
101.80.226.190 - - [17/Jan/2022:10:29:04 +0800] "POST /xingrg/services/DataTransmitService HTTP/1.1" 200 1971
101.80.226.190 - - [17/Jan/2022:10:29:05 +0800] "POST /xingrg/services/DataTransmitService HTTP/1.1" 200 524
101.80.226.190 - - [17/Jan/2022:10:29:05 +0800] "POST /xingrg/services/DataTransmitService HTTP/1.1" 200 1971
222.70.243.96 - - [17/Jan/2022:10:29:05 +0800] "GET /xingrg/kc/buy/cgsh_order_operate.html?command=get_materiel&rest_code=00146&code=00101002007&supplier_code=00100199&order_time=2022-01-17 HTTP/1.1" 200 409
101.80.226.190 - - [17/Jan/2022:10:29:05 +0800] "POST /xingrg/services/DataTransmitService HTTP/1.1" 200 524
101.80.226.190 - - [17/Jan/2022:10:29:06 +0800] "POST /xingrg/services/DataTransmitService HTTP/1.1" 200 1971
101.80.226.190 - - [17/Jan/2022:10:29:06 +0800] "POST /xingrg/services/DataTransmitService HTTP/1.1" 200 524
222.70.243.96 - - [17/Jan/2022:10:29:06 +0800] "GET /xingrg/check_reg.html?_=1642386538445 HTTP/1.1" 200 22
124.78.156.14 - - [17/Jan/2022:10:29:06 +0800] "GET /xingrg/all/function/internal_message.html?_=1642386545589&CODE_STATE=getMsg HTTP/1.1" 200 27
124.78.156.14 - - [17/Jan/2022:10:29:06 +0800] "GET /xingrg/check_reg.html?_=1642386545586 HTTP/1.1" 200 22
101.80.226.190 - - [17/Jan/2022:10:29:06 +0800] "POST /xingrg/services/DataTransmitService HTTP/1.1" 200 1971
101.80.226.190 - - [17/Jan/2022:10:29:06 +0800] "POST /xingrg/services/DataTransmitService HTTP/1.1" 200 524
101.80.226.190 - - [17/Jan/2022:10:29:07 +0800] "POST /xingrg/services/DataTransmitService HTTP/1.1" 200 1971
222.70.243.96 - - [17/Jan/2022:10:29:08 +0800] "GET /xingrg/all/function/internal_message.html?_=1642386540217&CODE_STATE=getMsg HTTP/1.1" 200 27
101.85.55.123 - - [17/Jan/2022:10:29:08 +0800] "GET /xingrg/kc/buy/buy_main.html HTTP/1.1" 200 12412
101.85.55.123 - - [17/Jan/2022:10:29:08 +0800] "GET /xingrg/css/new_ie.css HTTP/1.1" 404 1036
114.83.222.182 - - [17/Jan/2022:10:29:08 +0800] "GET /xingrg/check_reg.html?_=1642386547567 HTTP/1.1" 200 22
114.83.222.182 - - [17/Jan/2022:10:29:08 +0800] "GET /xingrg/all/function/internal_message.html?_=1642386547568&CODE_STATE=getMsg HTTP/1.1" 200 27
180.152.99.39 - - [17/Jan/2022:10:29:09 +0800] "GET /xingrg/kc/base/yddb_order_add.html HTTP/1.1" 200 29841
180.152.99.39 - - [17/Jan/2022:10:29:09 +0800] "GET /xingrg/dwr/interface/AjaxYddbService.js HTTP/1.1" 200 13201
180.152.99.39 - - [17/Jan/2022:10:29:09 +0800] "GET /xingrg/dwr/interface/AjaxComOrderService.js HTTP/1.1" 200 18264
180.152.99.39 - - [17/Jan/2022:10:29:09 +0800] "GET /xingrg/dwr/engine.js HTTP/1.1" 200 43631
101.85.55.123 - - [17/Jan/2022:10:29:09 +0800] "GET /xingrg/images/yd/bt.gif HTTP/1.1" 404 1040
101.85.55.123 - - [17/Jan/2022:10:29:09 +0800] "GET /xingrg/kc/buy/cgsh_order_list.html HTTP/1.1" 200 49594
101.85.55.123 - - [17/Jan/2022:10:29:12 +0800] "POST /xingrg/kc/buy/cgsh_list_operate.html HTTP/1.1" 200 876
180.152.99.39 - - [17/Jan/2022:10:29:13 +0800] "POST /xingrg/dwr/call/plaincall/AjaxYddbService.getRestBases.dwr HTTP/1.1" 200 1562
222.70.178.207 - - [17/Jan/2022:10:29:13 +0800] "GET /xingrg/all/function/internal_message.html?_=1642386553295&CODE_STATE=getMsg HTTP/1.1" 200 27
101.85.55.123 - - [17/Jan/2022:10:29:14 +0800] "GET /xingrg/kc/buy/cgsh_order_add.html HTTP/1.1" 200 64558
101.85.55.123 - - [17/Jan/2022:10:29:14 +0800] "GET /xingrg/words/20220115171631_words.js HTTP/1.1" 304 -
101.85.55.123 - - [17/Jan/2022:10:29:14 +0800] "GET /xingrg/all/common/auto_word.html?type=employee&rest_code=00145 HTTP/1.1" 200 155
101.85.55.123 - - [17/Jan/2022:10:29:14 +0800] "GET /xingrg/all/common/auto_word.html?type=employee&rest_code=00145 HTTP/1.1" 200 155
101.85.55.123 - - [17/Jan/2022:10:29:14 +0800] "GET /xingrg/javascript/easyui/themes/default/validatebox.css HTTP/1.1" 404 1104
101.85.55.123 - - [17/Jan/2022:10:29:14 +0800] "POST /xingrg/kc/buy/cgsh_order_operate.html HTTP/1.1" 200 8245
101.85.55.123 - - [17/Jan/2022:10:29:15 +0800] "GET /xingrg/javascript/auto/indicator.gif HTTP/1.1" 404 1066
101.85.55.123 - - [17/Jan/2022:10:29:16 +0800] "GET /xingrg/javascript/jquery_tools/images/prev.gif HTTP/1.1" 404 1086
101.85.55.123 - - [17/Jan/2022:10:29:16 +0800] "GET /xingrg/javascript/jquery_tools/images/next.gif HTTP/1.1" 404 1086
180.152.99.39 - - [17/Jan/2022:10:29:20 +0800] "POST /xingrg/dwr/call/plaincall/AjaxYddbService.saveOrder.dwr HTTP/1.1" 200 78
222.70.243.96 - - [17/Jan/2022:10:29:23 +0800] "GET /xingrg/kc/buy/cgsh_order_operate.html?command=get_materiel&rest_code=00146&code=00101002006&supplier_code=00100199&order_time=2022-01-17 HTTP/1.1" 200 414
180.152.99.39 - - [17/Jan/2022:10:29:23 +0800] "GET /xingrg/images/yd/bt.gif HTTP/1.1" 404 1040
58.37.10.95 - - [17/Jan/2022:10:29:24 +0800] "GET /xingrg/check_reg.html?_=1642386362259 HTTP/1.1" 200 22
180.152.99.39 - - [17/Jan/2022:10:29:24 +0800] "POST /xingrg/dwr/call/plaincall/AjaxComOrderService.getMaterielSearchList.dwr HTTP/1.1" 200 34290
180.152.99.39 - - [17/Jan/2022:10:29:25 +0800] "POST /xingrg/dwr/call/plaincall/AjaxComOrderService.getMaterielSearchList.dwr HTTP/1.1" 200 439
101.85.55.123 - - [17/Jan/2022:10:29:26 +0800] "GET /xingrg/kc/buy/cgsh_order_operate.html?command=get_materiel&rest_code=00145&code=00102026001&supplier_code=00100207&order_time=2022-01-17 HTTP/1.1" 200 409
180.152.99.39 - - [17/Jan/2022:10:29:27 +0800] "POST /xingrg/dwr/call/plaincall/AjaxYddbService.getMaterielByMap.dwr HTTP/1.1" 200 3837
58.37.10.95 - - [17/Jan/2022:10:29:27 +0800] "GET /xingrg/all/function/internal_message.html?_=1642386366186&CODE_STATE=getMsg HTTP/1.1" 200 27
180.152.99.39 - - [17/Jan/2022:10:29:29 +0800] "POST /xingrg/dwr/call/plaincall/AjaxYddbService.getUnitPrice.dwr HTTP/1.1" 200 86
180.152.99.39 - - [17/Jan/2022:10:29:32 +0800] "POST /xingrg/dwr/call/plaincall/AjaxYddbService.saveMaterielItem.dwr HTTP/1.1" 200 78
180.169.147.146 - - [17/Jan/2022:10:29:33 +0800] "GET /xingrg/all/function/internal_message.html?_=1642386573158&CODE_STATE=getMsg HTTP/1.1" 200 27
114.95.98.1 - - [17/Jan/2022:10:29:33 +0800] "GET /xingrg/all/function/internal_message.html?_=1642386594138&CODE_STATE=getMsg HTTP/1.1" 200 27
222.70.217.149 - - [17/Jan/2022:10:29:35 +0800] "GET /xingrg/check_reg.html?_=1642386563617 HTTP/1.1" 200 22
222.70.217.149 - - [17/Jan/2022:10:29:35 +0800] "GET /xingrg/all/function/internal_message.html?_=1642386563618&CODE_STATE=getMsg HTTP/1.1" 200 27
180.152.99.39 - - [17/Jan/2022:10:29:35 +0800] "POST /xingrg/dwr/call/plaincall/AjaxComOrderService.getMaterielSearchList.dwr HTTP/1.1" 200 5456
180.152.99.39 - - [17/Jan/2022:10:29:35 +0800] "POST /xingrg/dwr/call/plaincall/AjaxComOrderService.getMaterielSearchList.dwr HTTP/1.1" 200 1129
222.70.243.96 - - [17/Jan/2022:10:29:36 +0800] "GET /xingrg/kc/buy/cgsh_order_operate.html?command=get_materiel&rest_code=00146&code=00101001069&supplier_code=00100199&order_time=2022-01-17 HTTP/1.1" 200 410
180.152.99.39 - - [17/Jan/2022:10:29:37 +0800] "POST /xingrg/dwr/call/plaincall/AjaxYddbService.getMaterielByMap.dwr HTTP/1.1" 200 3837
180.152.99.39 - - [17/Jan/2022:10:29:40 +0800] "POST /xingrg/dwr/call/plaincall/AjaxYddbService.getUnitPrice.dwr HTTP/1.1" 200 87
222.70.178.207 - - [17/Jan/2022:10:29:40 +0800] "GET /xingrg/kc/buy/cgsh_order_operate.html?command=get_materiel&rest_code=00111&code=00101006101&supplier_code=00100509&order_time=2022-01-17 HTTP/1.1" 200 421
180.152.99.39 - - [17/Jan/2022:10:29:40 +0800] "GET /xingrg/all/function/internal_message.html?_=1642386515464&CODE_STATE=getMsg HTTP/1.1" 200 27
58.39.168.32 - - [17/Jan/2022:10:29:41 +0800] "GET /xingrg/javascript/auto/indicator.gif HTTP/1.1" 404 1066
180.152.99.39 - - [17/Jan/2022:10:29:42 +0800] "POST /xingrg/dwr/call/plaincall/AjaxYddbService.saveMaterielItem.dwr HTTP/1.1" 200 79
101.85.55.123 - - [17/Jan/2022:10:29:43 +0800] "GET /xingrg/kc/buy/cgsh_order_operate.html?command=get_materiel&rest_code=00145&code=00102002235&supplier_code=00100207&order_time=2022-01-17 HTTP/1.1" 200 429
180.152.99.39 - - [17/Jan/2022:10:29:44 +0800] "POST /xingrg/dwr/call/plaincall/AjaxComOrderService.getMaterielSearchList.dwr HTTP/1.1" 200 28175
180.152.99.39 - - [17/Jan/2022:10:29:45 +0800] "POST /xingrg/dwr/call/plaincall/AjaxComOrderService.getMaterielSearchList.dwr HTTP/1.1" 200 1504
180.152.99.39 - - [17/Jan/2022:10:29:46 +0800] "POST /xingrg/dwr/call/plaincall/AjaxYddbService.getMaterielByMap.dwr HTTP/1.1" 200 3857
180.152.99.39 - - [17/Jan/2022:10:29:49 +0800] "POST /xingrg/dwr/call/plaincall/AjaxYddbService.saveMaterielItem.dwr HTTP/1.1" 200 79
116.232.54.78 - - [17/Jan/2022:10:29:52 +0800] "GET /xingrg/all/function/internal_message.html?_=1642386592633&CODE_STATE=getMsg HTTP/1.1" 200 27
180.152.99.39 - - [17/Jan/2022:10:29:53 +0800] "POST /xingrg/dwr/call/plaincall/AjaxComOrderService.getMaterielSearchList.dwr HTTP/1.1" 200 8698
