58.39.168.32 - - [16/Jan/2022:08:57:52 +0800] "GET /xingrg/kc/base/wldb_order_list.html HTTP/1.1" 200 19060
58.39.168.32 - - [16/Jan/2022:08:57:52 +0800] "GET /xingrg/css/base.css HTTP/1.1" 304 -
58.39.168.32 - - [16/Jan/2022:08:57:52 +0800] "GET /xingrg/css/site.css HTTP/1.1" 304 -
58.39.168.32 - - [16/Jan/2022:08:57:52 +0800] "GET /xingrg/javascript/jquery_tools/datebox.css HTTP/1.1" 304 -
58.39.168.32 - - [16/Jan/2022:08:57:52 +0800] "GET /xingrg/javascript/easyui/themes/default/easyui.css HTTP/1.1" 304 -
58.39.168.32 - - [16/Jan/2022:08:57:52 +0800] "GET /xingrg/javascript/easyui/themes/icon.css HTTP/1.1" 304 -
58.39.168.32 - - [16/Jan/2022:08:57:52 +0800] "GET /xingrg/javascript/auto/jquery.autocomplete.css HTTP/1.1" 304 -
58.39.168.32 - - [16/Jan/2022:08:57:52 +0800] "GET /xingrg/javascript/jquery_tools/fix.css HTTP/1.1" 304 -
58.39.168.32 - - [16/Jan/2022:08:57:52 +0800] "GET /xingrg/javascript/jquery_tools/table.css HTTP/1.1" 304 -
58.39.168.32 - - [16/Jan/2022:08:57:52 +0800] "GET /xingrg/javascript/jquery_tools/jquery.tools.min.js HTTP/1.1" 304 -
58.39.168.32 - - [16/Jan/2022:08:57:52 +0800] "GET /xingrg/javascript/jquery_tools/jquery.tools.extend.js HTTP/1.1" 304 -
58.39.168.32 - - [16/Jan/2022:08:57:52 +0800] "GET /xingrg/javascript/jquery_tools/jquery.tools.table.js HTTP/1.1" 304 -
58.39.168.32 - - [16/Jan/2022:08:57:52 +0800] "GET /xingrg/javascript/jquery_tools/jquery.tools.hotkey.js HTTP/1.1" 304 -
58.39.168.32 - - [16/Jan/2022:08:57:52 +0800] "GET /xingrg/javascript/auto/jquery.autocomplete.js HTTP/1.1" 304 -
58.39.168.32 - - [16/Jan/2022:08:57:52 +0800] "GET /xingrg/javascript/jquery_tools/list_manager.js HTTP/1.1" 304 -
58.39.168.32 - - [16/Jan/2022:08:57:52 +0800] "GET /xingrg/javascript/easyui/easyloader.js HTTP/1.1" 304 -
58.39.168.32 - - [16/Jan/2022:08:57:52 +0800] "GET /xingrg/javascript/jquery.cookie.js HTTP/1.1" 304 -
58.39.168.32 - - [16/Jan/2022:08:57:52 +0800] "GET /xingrg/javascript/print/LodopFuncs.js HTTP/1.1" 304 -
58.39.168.32 - - [16/Jan/2022:08:57:52 +0800] "GET /xingrg/kc/buy/cgsh_order_operate.html?command=get_materiel&rest_code=00105&code=00101013175&supplier_code=00100203&order_time=2022-01-16 HTTP/1.1" 200 431
58.39.168.32 - - [16/Jan/2022:08:57:53 +0800] "GET /xingrg/javascript/easyui/themes/icons/edit_add_new.png HTTP/1.1" 304 -
58.39.168.32 - - [16/Jan/2022:08:57:53 +0800] "GET /xingrg/javascript/easyui/themes/icons/field_new.png HTTP/1.1" 304 -
58.39.168.32 - - [16/Jan/2022:08:57:53 +0800] "GET /xingrg/javascript/easyui/themes/icons/import_new.png HTTP/1.1" 304 -
58.39.168.32 - - [16/Jan/2022:08:57:53 +0800] "GET /xingrg/javascript/easyui/themes/icons/check_new.png HTTP/1.1" 304 -
58.39.168.32 - - [16/Jan/2022:08:57:53 +0800] "GET /xingrg/javascript/easyui/themes/icons/cance_new.png HTTP/1.1" 304 -
58.39.168.32 - - [16/Jan/2022:08:57:53 +0800] "GET /xingrg/javascript/easyui/plugins/jquery.parser.js HTTP/1.1" 304 -
58.39.168.32 - - [16/Jan/2022:08:57:53 +0800] "GET /xingrg/images/control/ajaxLoader.gif HTTP/1.1" 304 -
222.70.243.96 - - [16/Jan/2022:08:57:53 +0800] "GET /xingrg/check_reg.html?_=1642294692174 HTTP/1.1" 302 -
58.39.168.32 - - [16/Jan/2022:08:57:53 +0800] "POST /xingrg/kc/base/wldb_list_operate.html HTTP/1.1" 200 928
114.84.144.24 - - [16/Jan/2022:08:57:54 +0800] "GET /xingrg/all/function/internal_message.html?_=1642294492013&CODE_STATE=getMsg HTTP/1.1" 200 27
114.95.98.1 - - [16/Jan/2022:08:58:01 +0800] "GET /favicon.ico HTTP/1.1" 404 -
114.95.98.1 - - [16/Jan/2022:08:58:02 +0800] "GET /favicon.ico HTTP/1.1" 404 -
58.39.168.32 - - [16/Jan/2022:08:58:02 +0800] "GET /xingrg/javascript/easyui/themes/default/images/button_plain_hover.png HTTP/1.1" 304 -
114.95.98.1 - - [16/Jan/2022:08:58:02 +0800] "GET /favicon.ico HTTP/1.1" 404 -
114.95.98.1 - - [16/Jan/2022:08:58:03 +0800] "GET /favicon.ico HTTP/1.1" 404 -
58.39.168.32 - - [16/Jan/2022:08:58:03 +0800] "GET /xingrg/kc/base/wldb_order_add.html HTTP/1.1" 200 30274
58.39.168.32 - - [16/Jan/2022:08:58:03 +0800] "GET /xingrg/javascript/jquery_tools/order_manager.js HTTP/1.1" 304 -
58.39.168.32 - - [16/Jan/2022:08:58:03 +0800] "GET /xingrg/javascript/convert.js HTTP/1.1" 304 -
58.39.168.32 - - [16/Jan/2022:08:58:03 +0800] "GET /xingrg/javascript/json2.js HTTP/1.1" 304 -
58.39.168.32 - - [16/Jan/2022:08:58:03 +0800] "GET /xingrg/javascript/print/kc_print.js HTTP/1.1" 304 -
58.39.168.32 - - [16/Jan/2022:08:58:03 +0800] "GET /xingrg/words/20220115171631_words.js HTTP/1.1" 200 884185
58.39.168.32 - - [16/Jan/2022:08:58:03 +0800] "GET /xingrg/javascript/easyui/themes/icons/ok.png HTTP/1.1" 304 -
58.39.168.32 - - [16/Jan/2022:08:58:03 +0800] "GET /xingrg/javascript/easyui/themes/icons/template_new.png HTTP/1.1" 304 -
58.39.168.32 - - [16/Jan/2022:08:58:03 +0800] "GET /xingrg/javascript/easyui/themes/icons/print.png HTTP/1.1" 304 -
58.39.168.32 - - [16/Jan/2022:08:58:03 +0800] "GET /xingrg/javascript/easyui/themes/default/images/menu_downarrow.png HTTP/1.1" 304 -
58.39.168.32 - - [16/Jan/2022:08:58:03 +0800] "GET /xingrg/javascript/easyui/themes/icons/cancel.png HTTP/1.1" 304 -
58.39.168.32 - - [16/Jan/2022:08:58:04 +0800] "POST /xingrg/kc/base/wldb_order_operate.html HTTP/1.1" 200 6806
58.39.168.32 - - [16/Jan/2022:08:58:04 +0800] "GET /xingrg/all/common/auto_word.html?type=base&rest_code=00105 HTTP/1.1" 200 1907
58.39.168.32 - - [16/Jan/2022:08:58:04 +0800] "GET /xingrg/all/common/auto_word.html?type=base&rest_code=00105 HTTP/1.1" 200 1907
58.39.168.32 - - [16/Jan/2022:08:58:04 +0800] "GET /xingrg/javascript/easyui/themes/default/validatebox.css HTTP/1.1" 404 1104
58.39.168.32 - - [16/Jan/2022:08:58:04 +0800] "GET /xingrg/javascript/easyui/plugins/jquery.validatebox.js HTTP/1.1" 304 -
58.39.168.32 - - [16/Jan/2022:08:58:04 +0800] "GET /xingrg/javascript/easyui/themes/icons/edit_remove.png HTTP/1.1" 304 -
58.39.168.32 - - [16/Jan/2022:08:58:04 +0800] "GET /xingrg/javascript/easyui/plugins/jquery.numberbox.js HTTP/1.1" 304 -
58.39.168.32 - - [16/Jan/2022:08:58:05 +0800] "GET /xingrg/kc/buy/cgsh_order_operate.html?command=get_materiel&rest_code=00105&code=00101008114&supplier_code=00100203&order_time=2022-01-16 HTTP/1.1" 200 412
58.39.168.32 - - [16/Jan/2022:08:58:05 +0800] "POST /xingrg/all/common/load_combo.html?type=base HTTP/1.1" 200 3409
58.39.168.32 - - [16/Jan/2022:08:58:05 +0800] "GET /xingrg/css/images/panel_loading.gif HTTP/1.1" 304 -
222.70.243.96 - - [16/Jan/2022:08:58:08 +0800] "GET /xingrg/all/function/internal_message.html?_=1642294707427&CODE_STATE=getMsg HTTP/1.1" 302 -
58.39.168.32 - - [16/Jan/2022:08:58:08 +0800] "GET /xingrg/all/function/internal_message.html?_=1642294684284&CODE_STATE=getMsg HTTP/1.1" 200 27
58.39.168.32 - - [16/Jan/2022:08:58:10 +0800] "GET /xingrg/javascript/auto/indicator.gif HTTP/1.1" 404 1066
222.70.243.96 - - [16/Jan/2022:08:58:13 +0800] "GET /xingrg/check_reg.html?_=1642294714888 HTTP/1.1" 200 22
58.39.168.32 - - [16/Jan/2022:08:58:14 +0800] "GET /xingrg/kc/buy/cgsh_order_operate.html?command=get_materiel&rest_code=00105&code=00101008277&supplier_code=00100203&order_time=2022-01-16 HTTP/1.1" 200 412
222.70.243.96 - - [16/Jan/2022:08:58:14 +0800] "GET /xingrg/all/function/internal_message.html?_=1642294715902&CODE_STATE=getMsg HTTP/1.1" 200 27
114.84.144.24 - - [16/Jan/2022:08:58:16 +0800] "GET /xingrg/check_reg.html?_=1642294513579 HTTP/1.1" 200 22
222.70.217.149 - - [16/Jan/2022:08:58:19 +0800] "GET /xingrg/all/function/internal_message.html?_=1642294685527&CODE_STATE=getMsg HTTP/1.1" 200 27
58.39.168.32 - - [16/Jan/2022:08:58:21 +0800] "GET /xingrg/kc/base/wldb_order_operate.html?command=get_materiel&rest_code=00105&base_code=0010507&code=00101019430 HTTP/1.1" 200 464
58.39.168.32 - - [16/Jan/2022:08:58:24 +0800] "GET /xingrg/kc/buy/cgsh_order_operate.html?command=get_materiel&rest_code=00105&code=00101016122&supplier_code=00100203&order_time=2022-01-16 HTTP/1.1" 200 395
180.152.99.39 - - [16/Jan/2022:08:58:27 +0800] "GET /xingrg/all/function/internal_message.html?_=1642294639458&CODE_STATE=getMsg HTTP/1.1" 200 27
58.39.168.32 - - [16/Jan/2022:08:58:31 +0800] "GET /xingrg/kc/base/wldb_order_operate.html?command=get_materiel&rest_code=00105&base_code=0010507&code=00101019542 HTTP/1.1" 200 448
180.169.147.146 - - [16/Jan/2022:08:58:35 +0800] "GET /xingrg/check_reg.html?_=1642294710809 HTTP/1.1" 200 22
180.169.147.146 - - [16/Jan/2022:08:58:35 +0800] "GET /xingrg/all/function/internal_message.html?_=1642294710811&CODE_STATE=getMsg HTTP/1.1" 200 27
58.39.168.32 - - [16/Jan/2022:08:58:41 +0800] "POST /xingrg/kc/buy/cgsh_order_operate.html HTTP/1.1" 200 2065
58.39.168.32 - - [16/Jan/2022:08:58:46 +0800] "GET /xingrg/kc/base/wldb_order_operate.html?command=get_materiel&rest_code=00105&base_code=0010507&code=00101019015 HTTP/1.1" 200 437
222.69.128.164 - - [16/Jan/2022:08:58:46 +0800] "GET /xingrg/kc/base/yddb_order_list.html HTTP/1.1" 200 16672
222.69.128.164 - - [16/Jan/2022:08:58:47 +0800] "POST /xingrg/kc/base/yddb_list_operate.html HTTP/1.1" 200 636
120.253.135.82 - - [16/Jan/2022:08:58:47 +0800] "GET /xingrg/all/function/internal_message.html?_=1642294510424&CODE_STATE=getMsg HTTP/1.1" 200 27
58.39.168.32 - - [16/Jan/2022:08:58:47 +0800] "GET /xingrg/all/function/internal_message.html?_=1642294660643&CODE_STATE=getMsg HTTP/1.1" 200 27
222.69.128.164 - - [16/Jan/2022:08:58:48 +0800] "GET /xingrg/kc/base/yddb_order_add.html HTTP/1.1" 200 29837
222.69.128.164 - - [16/Jan/2022:08:58:48 +0800] "GET /xingrg/dwr/util.js HTTP/1.1" 304 -
222.69.128.164 - - [16/Jan/2022:08:58:48 +0800] "GET /xingrg/dwr/interface/AjaxComOrderService.js HTTP/1.1" 200 18264
222.69.128.164 - - [16/Jan/2022:08:58:48 +0800] "GET /xingrg/dwr/interface/AjaxYddbService.js HTTP/1.1" 200 13201
222.69.128.164 - - [16/Jan/2022:08:58:48 +0800] "GET /xingrg/javascript/checkform.js HTTP/1.1" 200 18351
222.69.128.164 - - [16/Jan/2022:08:58:48 +0800] "GET /xingrg/dwr/engine.js HTTP/1.1" 200 43631
222.69.128.164 - - [16/Jan/2022:08:58:48 +0800] "GET /xingrg/all/function/internal_message.html?_=1642294723946&CODE_STATE=getMsg HTTP/1.1" 200 27
58.39.168.32 - - [16/Jan/2022:08:58:52 +0800] "POST /xingrg/kc/buy/cgsh_order_operate.html HTTP/1.1" 200 2065
222.69.128.164 - - [16/Jan/2022:08:58:53 +0800] "POST /xingrg/dwr/call/plaincall/AjaxYddbService.getRestBases.dwr HTTP/1.1" 200 1094
114.84.144.24 - - [16/Jan/2022:08:58:54 +0800] "GET /xingrg/all/function/internal_message.html?_=1642294551981&CODE_STATE=getMsg HTTP/1.1" 200 27
222.69.128.164 - - [16/Jan/2022:08:58:59 +0800] "POST /xingrg/dwr/call/plaincall/AjaxYddbService.saveOrder.dwr HTTP/1.1" 200 78
222.70.243.96 - - [16/Jan/2022:08:59:00 +0800] "GET /xingrg/kc/buy/cgsh_order_list.html HTTP/1.1" 200 49594
58.39.168.32 - - [16/Jan/2022:08:59:01 +0800] "GET /xingrg/kc/buy/cgsh_order_operate.html?command=get_materiel&rest_code=00105&code=00101008261&supplier_code=00100203&order_time=2022-01-16 HTTP/1.1" 200 408
222.70.243.96 - - [16/Jan/2022:08:59:01 +0800] "POST /xingrg/kc/buy/cgsh_list_operate.html HTTP/1.1" 200 876
222.69.128.164 - - [16/Jan/2022:08:59:01 +0800] "POST /xingrg/dwr/call/plaincall/AjaxComOrderService.getMaterielSearchList.dwr HTTP/1.1" 200 1321
222.69.128.164 - - [16/Jan/2022:08:59:02 +0800] "POST /xingrg/dwr/call/plaincall/AjaxComOrderService.getMaterielSearchList.dwr HTTP/1.1" 200 277
222.69.128.164 - - [16/Jan/2022:08:59:03 +0800] "POST /xingrg/dwr/call/plaincall/AjaxYddbService.getMaterielByMap.dwr HTTP/1.1" 200 2823
222.70.243.96 - - [16/Jan/2022:08:59:04 +0800] "GET /xingrg/kc/buy/cgsh_order_add.html HTTP/1.1" 200 65363
222.70.243.96 - - [16/Jan/2022:08:59:04 +0800] "POST /xingrg/kc/buy/cgsh_order_operate.html HTTP/1.1" 200 8245
222.70.243.96 - - [16/Jan/2022:08:59:04 +0800] "GET /xingrg/all/common/auto_word.html?type=employee&rest_code=00146 HTTP/1.1" 200 101
222.70.243.96 - - [16/Jan/2022:08:59:04 +0800] "GET /xingrg/all/common/auto_word.html?type=employee&rest_code=00146 HTTP/1.1" 200 101
222.70.243.96 - - [16/Jan/2022:08:59:04 +0800] "GET /xingrg/javascript/easyui/themes/default/validatebox.css HTTP/1.1" 404 1104
222.69.128.164 - - [16/Jan/2022:08:59:07 +0800] "POST /xingrg/dwr/call/plaincall/AjaxYddbService.saveMaterielItem.dwr HTTP/1.1" 200 78
222.70.243.96 - - [16/Jan/2022:08:59:08 +0800] "GET /xingrg/all/function/internal_message.html?_=1642294767450&CODE_STATE=getMsg HTTP/1.1" 302 -
58.39.168.32 - - [16/Jan/2022:08:59:08 +0800] "GET /xingrg/all/function/internal_message.html?_=1642294744267&CODE_STATE=getMsg HTTP/1.1" 200 27
222.70.243.96 - - [16/Jan/2022:08:59:14 +0800] "GET /xingrg/all/function/internal_message.html?_=1642294775916&CODE_STATE=getMsg HTTP/1.1" 200 27
222.70.217.149 - - [16/Jan/2022:08:59:19 +0800] "GET /xingrg/all/function/internal_message.html?_=1642294745538&CODE_STATE=getMsg HTTP/1.1" 200 27
222.69.128.164 - - [16/Jan/2022:08:59:28 +0800] "GET /xingrg/images/yd/bt.gif HTTP/1.1" 404 1040
180.152.99.39 - - [16/Jan/2022:08:59:28 +0800] "GET /xingrg/all/function/internal_message.html?_=1642294699753&CODE_STATE=getMsg HTTP/1.1" 200 27
58.39.168.32 - - [16/Jan/2022:08:59:32 +0800] "GET /xingrg/kc/base/wldb_order_operate.html?command=get_materiel&rest_code=00105&base_code=0010507&code=00101013052 HTTP/1.1" 200 441
222.69.128.164 - - [16/Jan/2022:08:59:32 +0800] "POST /xingrg/dwr/call/plaincall/AjaxYddbService.checkOrder.dwr HTTP/1.1" 200 78
222.69.128.164 - - [16/Jan/2022:08:59:33 +0800] "GET /xingrg/kc/base/yddb_order_info.html?code=482022011600101 HTTP/1.1" 200 29669
222.69.128.164 - - [16/Jan/2022:08:59:33 +0800] "GET /xingrg/dwr/interface/AjaxYddbService.js HTTP/1.1" 200 13201
222.69.128.164 - - [16/Jan/2022:08:59:33 +0800] "GET /xingrg/dwr/interface/AjaxComOrderService.js HTTP/1.1" 200 18264
222.69.128.164 - - [16/Jan/2022:08:59:33 +0800] "GET /xingrg/dwr/engine.js HTTP/1.1" 200 43631
222.69.128.164 - - [16/Jan/2022:08:59:33 +0800] "POST /xingrg/dwr/call/plaincall/AjaxYddbService.loadMaterielItems.dwr HTTP/1.1" 200 390
180.169.147.146 - - [16/Jan/2022:08:59:35 +0800] "GET /xingrg/all/function/internal_message.html?_=1642294770809&CODE_STATE=getMsg HTTP/1.1" 200 27
222.69.128.164 - - [16/Jan/2022:08:59:36 +0800] "GET /xingrg/kc/base/yddb_order_list.html?isBack=1 HTTP/1.1" 200 16672
222.69.128.164 - - [16/Jan/2022:08:59:36 +0800] "POST /xingrg/kc/base/yddb_list_operate.html HTTP/1.1" 200 636
222.69.128.164 - - [16/Jan/2022:08:59:44 +0800] "POST /xingrg/kc/base/yddb_list_operate.html HTTP/1.1" 200 1334
58.39.168.32 - - [16/Jan/2022:08:59:45 +0800] "GET /xingrg/kc/base/wldb_order_operate.html?command=get_materiel&rest_code=00105&base_code=0010507&code=00101019384 HTTP/1.1" 200 457
120.253.135.82 - - [16/Jan/2022:08:59:47 +0800] "GET /xingrg/all/function/internal_message.html?_=1642294570580&CODE_STATE=getMsg HTTP/1.1" 200 27
58.39.168.32 - - [16/Jan/2022:08:59:47 +0800] "GET /xingrg/all/function/internal_message.html?_=1642294720642&CODE_STATE=getMsg HTTP/1.1" 200 27
222.69.128.164 - - [16/Jan/2022:08:59:48 +0800] "GET /xingrg/all/function/internal_message.html?_=1642294783941&CODE_STATE=getMsg HTTP/1.1" 200 27
114.84.144.24 - - [16/Jan/2022:08:59:54 +0800] "GET /xingrg/all/function/internal_message.html?_=1642294611961&CODE_STATE=getMsg HTTP/1.1" 200 27
222.69.128.164 - - [16/Jan/2022:08:59:56 +0800] "POST /xingrg/kc/base/yddb_list_operate.html HTTP/1.1" 200 1340
58.39.168.32 - - [16/Jan/2022:09:00:01 +0800] "GET /xingrg/kc/base/wldb_order_operate.html?command=get_materiel&rest_code=00105&base_code=0010507&code=00101019391 HTTP/1.1" 200 471
222.69.128.164 - - [16/Jan/2022:09:00:04 +0800] "GET /xingrg/kc/buy/cgsh_order_list.html HTTP/1.1" 200 49594
222.69.128.164 - - [16/Jan/2022:09:00:05 +0800] "POST /xingrg/kc/buy/cgsh_list_operate.html HTTP/1.1" 200 876
222.69.128.164 - - [16/Jan/2022:09:00:07 +0800] "GET /xingrg/kc/buy/cgsh_order_add.html HTTP/1.1" 200 65451
222.69.128.164 - - [16/Jan/2022:09:00:07 +0800] "GET /xingrg/words/20220115171631_words.js HTTP/1.1" 200 884185
222.69.128.164 - - [16/Jan/2022:09:00:08 +0800] "POST /xingrg/kc/buy/cgsh_order_operate.html HTTP/1.1" 200 8245
222.69.128.164 - - [16/Jan/2022:09:00:08 +0800] "GET /xingrg/all/common/auto_word.html?type=employee&rest_code=00149 HTTP/1.1" 200 197
222.69.128.164 - - [16/Jan/2022:09:00:08 +0800] "GET /xingrg/javascript/easyui/themes/default/validatebox.css HTTP/1.1" 404 1104
222.69.128.164 - - [16/Jan/2022:09:00:08 +0800] "GET /xingrg/all/common/auto_word.html?type=employee&rest_code=00149 HTTP/1.1" 200 197
222.70.243.96 - - [16/Jan/2022:09:00:08 +0800] "GET /xingrg/all/function/internal_message.html?_=1642294827454&CODE_STATE=getMsg HTTP/1.1" 302 -
58.39.168.32 - - [16/Jan/2022:09:00:08 +0800] "GET /xingrg/all/function/internal_message.html?_=1642294804235&CODE_STATE=getMsg HTTP/1.1" 200 27
180.152.99.39 - - [16/Jan/2022:09:00:09 +0800] "GET /xingrg/check_reg.html?_=1642294741342 HTTP/1.1" 200 22
222.70.243.96 - - [16/Jan/2022:09:00:14 +0800] "GET /xingrg/all/function/internal_message.html?_=1642294835929&CODE_STATE=getMsg HTTP/1.1" 200 27
222.70.217.149 - - [16/Jan/2022:09:00:19 +0800] "GET /xingrg/all/function/internal_message.html?_=1642294805548&CODE_STATE=getMsg HTTP/1.1" 200 27
58.39.168.32 - - [16/Jan/2022:09:00:20 +0800] "GET /xingrg/kc/base/wldb_order_operate.html?command=get_materiel&rest_code=00105&base_code=0010507&code=00101019187 HTTP/1.1" 200 465
180.152.99.39 - - [16/Jan/2022:09:00:28 +0800] "GET /xingrg/all/function/internal_message.html?_=1642294759767&CODE_STATE=getMsg HTTP/1.1" 200 27
222.70.243.96 - - [16/Jan/2022:09:00:33 +0800] "GET /xingrg/kc/buy/cgsh_order_operate.html?command=get_materiel&rest_code=00146&code=00101008072&supplier_code=00100002&order_time=2022-01-16 HTTP/1.1" 200 408
180.169.147.146 - - [16/Jan/2022:09:00:35 +0800] "GET /xingrg/all/function/internal_message.html?_=1642294830818&CODE_STATE=getMsg HTTP/1.1" 200 27
58.39.168.32 - - [16/Jan/2022:09:00:41 +0800] "GET /xingrg/kc/base/wldb_order_operate.html?command=get_materiel&rest_code=00105&base_code=0010507&code=00101019270 HTTP/1.1" 200 463
120.253.135.82 - - [16/Jan/2022:09:00:47 +0800] "GET /xingrg/all/function/internal_message.html?_=1642294630593&CODE_STATE=getMsg HTTP/1.1" 200 27
58.39.168.32 - - [16/Jan/2022:09:00:47 +0800] "GET /xingrg/all/function/internal_message.html?_=1642294780643&CODE_STATE=getMsg HTTP/1.1" 200 27
222.69.128.164 - - [16/Jan/2022:09:00:48 +0800] "GET /xingrg/all/function/internal_message.html?_=1642294843947&CODE_STATE=getMsg HTTP/1.1" 200 27
114.84.144.24 - - [16/Jan/2022:09:00:54 +0800] "GET /xingrg/all/function/internal_message.html?_=1642294671943&CODE_STATE=getMsg HTTP/1.1" 200 27
58.39.168.32 - - [16/Jan/2022:09:01:03 +0800] "GET /xingrg/kc/base/wldb_order_operate.html?command=get_materiel&rest_code=00105&base_code=0010507&code=00101019297 HTTP/1.1" 200 464
222.70.243.96 - - [16/Jan/2022:09:01:07 +0800] "GET /xingrg/kc/buy/cgsh_order_operate.html?command=get_materiel&rest_code=00146&code=00101008087&supplier_code=00100002&order_time=2022-01-16 HTTP/1.1" 200 412
58.39.168.32 - - [16/Jan/2022:09:01:08 +0800] "GET /xingrg/check_reg.html?_=1642294864253 HTTP/1.1" 200 22
58.39.168.32 - - [16/Jan/2022:09:01:08 +0800] "GET /xingrg/all/function/internal_message.html?_=1642294864254&CODE_STATE=getMsg HTTP/1.1" 200 27
222.70.243.96 - - [16/Jan/2022:09:01:08 +0800] "GET /xingrg/all/function/internal_message.html?_=1642294887478&CODE_STATE=getMsg HTTP/1.1" 302 -
222.70.243.96 - - [16/Jan/2022:09:01:14 +0800] "GET /xingrg/all/function/internal_message.html?_=1642294896132&CODE_STATE=getMsg HTTP/1.1" 200 27
58.39.168.32 - - [16/Jan/2022:09:01:17 +0800] "GET /xingrg/kc/base/wldb_order_operate.html?command=get_materiel&rest_code=00105&base_code=0010507&code=00101019079 HTTP/1.1" 200 465
222.70.217.149 - - [16/Jan/2022:09:01:19 +0800] "GET /xingrg/check_reg.html?_=1642294865544 HTTP/1.1" 200 22
222.70.217.149 - - [16/Jan/2022:09:01:19 +0800] "GET /xingrg/all/function/internal_message.html?_=1642294865545&CODE_STATE=getMsg HTTP/1.1" 200 27
180.152.99.39 - - [16/Jan/2022:09:01:28 +0800] "GET /xingrg/all/function/internal_message.html?_=1642294819780&CODE_STATE=getMsg HTTP/1.1" 200 27
58.39.168.32 - - [16/Jan/2022:09:01:29 +0800] "POST /xingrg/kc/base/wldb_order_operate.html HTTP/1.1" 200 37
58.39.168.32 - - [16/Jan/2022:09:01:30 +0800] "POST /xingrg/kc/base/wldb_order_operate.html HTTP/1.1" 200 6729
58.39.168.32 - - [16/Jan/2022:09:01:30 +0800] "POST /xingrg/services/DataTransmitService HTTP/1.1" 200 524
58.39.168.32 - - [16/Jan/2022:09:01:30 +0800] "POST /xingrg/services/DataTransmitService HTTP/1.1" 200 2239
58.39.168.32 - - [16/Jan/2022:09:01:30 +0800] "GET /xingrg/kc/base/wldb_order_info.html?code=422022011602074 HTTP/1.1" 200 30289
222.70.243.96 - - [16/Jan/2022:09:01:30 +0800] "GET /xingrg/kc/buy/cgsh_order_operate.html?command=get_materiel&rest_code=00146&code=00101008361&supplier_code=00100002&order_time=2022-01-16 HTTP/1.1" 200 408
58.39.168.32 - - [16/Jan/2022:09:01:31 +0800] "GET /xingrg/javascript/easyui/themes/default/validatebox.css HTTP/1.1" 404 1104
58.39.168.32 - - [16/Jan/2022:09:01:31 +0800] "POST /xingrg/kc/base/wldb_order_operate.html HTTP/1.1" 200 6729
180.169.147.146 - - [16/Jan/2022:09:01:35 +0800] "GET /xingrg/all/function/internal_message.html?_=1642294890804&CODE_STATE=getMsg HTTP/1.1" 200 27
58.39.168.32 - - [16/Jan/2022:09:01:41 +0800] "GET /xingrg/kc/buy/cgsh_order_operate.html?command=get_materiel&rest_code=00105&code=00101010136&supplier_code=00100203&order_time=2022-01-16 HTTP/1.1" 200 408
222.70.217.149 - - [16/Jan/2022:09:01:46 +0800] "POST /xingrg/services/DataTransmitService HTTP/1.1" 200 524
222.70.243.96 - - [16/Jan/2022:09:01:46 +0800] "GET /xingrg/kc/buy/cgsh_order_operate.html?command=get_materiel&rest_code=00146&code=00101008321&supplier_code=00100002&order_time=2022-01-16 HTTP/1.1" 200 412
58.39.168.32 - - [16/Jan/2022:09:01:47 +0800] "GET /xingrg/all/function/internal_message.html?_=1642294840647&CODE_STATE=getMsg HTTP/1.1" 200 27
120.253.135.82 - - [16/Jan/2022:09:01:47 +0800] "GET /xingrg/all/function/internal_message.html?_=1642294690737&CODE_STATE=getMsg HTTP/1.1" 200 27
222.69.128.164 - - [16/Jan/2022:09:01:48 +0800] "GET /xingrg/all/function/internal_message.html?_=1642294903944&CODE_STATE=getMsg HTTP/1.1" 200 27
222.69.128.164 - - [16/Jan/2022:09:01:50 +0800] "GET /xingrg/javascript/auto/indicator.gif HTTP/1.1" 404 1066
222.69.128.164 - - [16/Jan/2022:09:01:51 +0800] "GET /xingrg/javascript/jquery_tools/images/prev.gif HTTP/1.1" 404 1086
222.69.128.164 - - [16/Jan/2022:09:01:51 +0800] "GET /xingrg/javascript/jquery_tools/images/next.gif HTTP/1.1" 404 1086
114.84.144.24 - - [16/Jan/2022:09:01:54 +0800] "GET /xingrg/all/function/internal_message.html?_=1642294731920&CODE_STATE=getMsg HTTP/1.1" 200 27
58.39.168.32 - - [16/Jan/2022:09:01:59 +0800] "GET /xingrg/kc/buy/cgsh_order_operate.html?command=get_materiel&rest_code=00105&code=00101008355&supplier_code=00100203&order_time=2022-01-16 HTTP/1.1" 200 408
222.69.128.164 - - [16/Jan/2022:09:02:01 +0800] "GET /xingrg/kc/buy/cgsh_order_operate.html?command=get_materiel&rest_code=00149&code=00101008323&supplier_code=00100005&order_time=2022-01-16 HTTP/1.1" 200 408
222.70.243.96 - - [16/Jan/2022:09:02:05 +0800] "GET /xingrg/kc/buy/cgsh_order_operate.html?command=get_materiel&rest_code=00146&code=00101008212&supplier_code=00100002&order_time=2022-01-16 HTTP/1.1" 200 412
222.70.243.96 - - [16/Jan/2022:09:02:08 +0800] "GET /xingrg/all/function/internal_message.html?_=1642294947481&CODE_STATE=getMsg HTTP/1.1" 302 -
58.39.168.32 - - [16/Jan/2022:09:02:09 +0800] "GET /xingrg/all/function/internal_message.html?_=1642294924347&CODE_STATE=getMsg HTTP/1.1" 200 27
222.70.243.96 - - [16/Jan/2022:09:02:14 +0800] "GET /xingrg/all/function/internal_message.html?_=1642294956219&CODE_STATE=getMsg HTTP/1.1" 200 27
222.69.128.164 - - [16/Jan/2022:09:02:14 +0800] "GET /xingrg/kc/buy/cgsh_order_operate.html?command=get_materiel&rest_code=00149&code=00101008091&supplier_code=00100005&order_time=2022-01-16 HTTP/1.1" 200 413
222.70.243.96 - - [16/Jan/2022:09:02:18 +0800] "GET /xingrg/kc/buy/cgsh_order_operate.html?command=get_materiel&rest_code=00146&code=00101008300&supplier_code=00100002&order_time=2022-01-16 HTTP/1.1" 200 412
222.70.217.149 - - [16/Jan/2022:09:02:19 +0800] "GET /xingrg/all/function/internal_message.html?_=1642294925542&CODE_STATE=getMsg HTTP/1.1" 200 27
180.152.99.39 - - [16/Jan/2022:09:02:28 +0800] "GET /xingrg/all/function/internal_message.html?_=1642294880076&CODE_STATE=getMsg HTTP/1.1" 200 27
114.95.98.1 - - [16/Jan/2022:09:02:30 +0800] "POST /xingrg/services/DataTransmitService HTTP/1.1" 200 524
120.253.135.82 - - [16/Jan/2022:09:02:32 +0800] "GET /xingrg/check_reg.html?_=1642294735349 HTTP/1.1" 200 22
58.39.168.32 - - [16/Jan/2022:09:02:35 +0800] "GET /xingrg/javascript/jquery_easy_ui/themes/default/images/tabs_active.png HTTP/1.1" 304 -
180.169.147.146 - - [16/Jan/2022:09:02:35 +0800] "GET /xingrg/all/function/internal_message.html?_=1642294950820&CODE_STATE=getMsg HTTP/1.1" 200 27
222.70.243.96 - - [16/Jan/2022:09:02:35 +0800] "GET /xingrg/kc/buy/cgsh_order_operate.html?command=get_materiel&rest_code=00146&code=00101008270&supplier_code=00100002&order_time=2022-01-16 HTTP/1.1" 200 412
58.39.168.32 - - [16/Jan/2022:09:02:45 +0800] "GET /xingrg/kc/buy/cgsh_order_operate.html?command=get_materiel&rest_code=00105&code=00101008212&supplier_code=00100203&order_time=2022-01-16 HTTP/1.1" 200 412
58.39.168.32 - - [16/Jan/2022:09:02:47 +0800] "GET /xingrg/check_reg.html?_=1642294900652 HTTP/1.1" 200 22
58.39.168.32 - - [16/Jan/2022:09:02:47 +0800] "GET /xingrg/all/function/internal_message.html?_=1642294900656&CODE_STATE=getMsg HTTP/1.1" 200 27
120.253.135.82 - - [16/Jan/2022:09:02:47 +0800] "GET /xingrg/all/function/internal_message.html?_=1642294750744&CODE_STATE=getMsg HTTP/1.1" 200 27
222.69.128.164 - - [16/Jan/2022:09:02:48 +0800] "GET /xingrg/check_reg.html?_=1642294963949 HTTP/1.1" 200 22
222.69.128.164 - - [16/Jan/2022:09:02:48 +0800] "GET /xingrg/all/function/internal_message.html?_=1642294963953&CODE_STATE=getMsg HTTP/1.1" 200 27
222.69.128.164 - - [16/Jan/2022:09:02:50 +0800] "GET /xingrg/kc/buy/cgsh_order_operate.html?command=get_materiel&rest_code=00149&code=00101008027&supplier_code=00100005&order_time=2022-01-16 HTTP/1.1" 200 408
222.70.243.96 - - [16/Jan/2022:09:02:52 +0800] "GET /xingrg/kc/buy/cgsh_order_operate.html?command=get_materiel&rest_code=00146&code=00101008005&supplier_code=00100002&order_time=2022-01-16 HTTP/1.1" 200 412
222.70.243.96 - - [16/Jan/2022:09:02:53 +0800] "GET /xingrg/check_reg.html?_=1642294992185 HTTP/1.1" 302 -
114.84.144.24 - - [16/Jan/2022:09:02:54 +0800] "GET /xingrg/all/function/internal_message.html?_=1642294791889&CODE_STATE=getMsg HTTP/1.1" 200 27
222.70.243.96 - - [16/Jan/2022:09:03:08 +0800] "GET /xingrg/all/function/internal_message.html?_=1642295007504&CODE_STATE=getMsg HTTP/1.1" 302 -
58.39.168.32 - - [16/Jan/2022:09:03:09 +0800] "GET /xingrg/all/function/internal_message.html?_=1642294984332&CODE_STATE=getMsg HTTP/1.1" 200 27
58.39.168.32 - - [16/Jan/2022:09:03:10 +0800] "GET /xingrg/kc/buy/cgsh_order_operate.html?command=get_materiel&rest_code=00105&code=00101008059&supplier_code=00100203&order_time=2022-01-16 HTTP/1.1" 200 408
222.70.243.96 - - [16/Jan/2022:09:03:11 +0800] "GET /xingrg/kc/buy/cgsh_order_operate.html?command=get_materiel&rest_code=00146&code=00101008502&supplier_code=00100002&order_time=2022-01-16 HTTP/1.1" 200 398
222.69.128.164 - - [16/Jan/2022:09:03:12 +0800] "GET /xingrg/kc/buy/cgsh_order_operate.html?command=get_materiel&rest_code=00149&code=00101008055&supplier_code=00100005&order_time=2022-01-16 HTTP/1.1" 200 409
222.70.243.96 - - [16/Jan/2022:09:03:13 +0800] "GET /xingrg/check_reg.html?_=1642295014903 HTTP/1.1" 200 22
222.70.243.96 - - [16/Jan/2022:09:03:14 +0800] "GET /xingrg/all/function/internal_message.html?_=1642295016221&CODE_STATE=getMsg HTTP/1.1" 200 27
114.84.144.24 - - [16/Jan/2022:09:03:16 +0800] "GET /xingrg/check_reg.html?_=1642294813548 HTTP/1.1" 200 22
222.70.217.149 - - [16/Jan/2022:09:03:19 +0800] "GET /xingrg/all/function/internal_message.html?_=1642294985533&CODE_STATE=getMsg HTTP/1.1" 200 27
222.69.128.164 - - [16/Jan/2022:09:03:22 +0800] "GET /xingrg/kc/buy/cgsh_order_operate.html?command=get_materiel&rest_code=00149&code=00101008257&supplier_code=00100005&order_time=2022-01-16 HTTP/1.1" 200 416
180.152.99.39 - - [16/Jan/2022:09:03:28 +0800] "GET /xingrg/all/function/internal_message.html?_=1642294940088&CODE_STATE=getMsg HTTP/1.1" 200 27
180.169.147.146 - - [16/Jan/2022:09:03:35 +0800] "GET /xingrg/check_reg.html?_=1642295010821 HTTP/1.1" 200 22
180.169.147.146 - - [16/Jan/2022:09:03:35 +0800] "GET /xingrg/all/function/internal_message.html?_=1642295010822&CODE_STATE=getMsg HTTP/1.1" 200 27
222.70.243.96 - - [16/Jan/2022:09:03:36 +0800] "GET /xingrg/kc/buy/cgsh_order_operate.html?command=get_materiel&rest_code=00146&code=00101008243&supplier_code=00100002&order_time=2022-01-16 HTTP/1.1" 200 409
58.39.168.32 - - [16/Jan/2022:09:03:45 +0800] "POST /xingrg/kc/buy/cgsh_order_operate.html HTTP/1.1" 200 37
58.39.168.32 - - [16/Jan/2022:09:03:47 +0800] "GET /xingrg/all/function/internal_message.html?_=1642294960641&CODE_STATE=getMsg HTTP/1.1" 200 27
120.253.135.82 - - [16/Jan/2022:09:03:47 +0800] "GET /xingrg/all/function/internal_message.html?_=1642294810758&CODE_STATE=getMsg HTTP/1.1" 200 27
222.69.128.164 - - [16/Jan/2022:09:03:48 +0800] "GET /xingrg/all/function/internal_message.html?_=1642295023969&CODE_STATE=getMsg HTTP/1.1" 200 27
222.69.128.164 - - [16/Jan/2022:09:03:53 +0800] "GET /xingrg/kc/buy/cgsh_order_operate.html?command=get_materiel&rest_code=00149&code=00101008156&supplier_code=00100005&order_time=2022-01-16 HTTP/1.1" 200 414
114.84.144.24 - - [16/Jan/2022:09:03:54 +0800] "GET /xingrg/all/function/internal_message.html?_=1642294851871&CODE_STATE=getMsg HTTP/1.1" 200 27
222.70.243.96 - - [16/Jan/2022:09:04:07 +0800] "GET /xingrg/kc/buy/cgsh_order_operate.html?command=get_materiel&rest_code=00146&code=00101010442&supplier_code=00100002&order_time=2022-01-16 HTTP/1.1" 200 395
222.70.243.96 - - [16/Jan/2022:09:04:08 +0800] "GET /xingrg/all/function/internal_message.html?_=1642295067508&CODE_STATE=getMsg HTTP/1.1" 302 -
222.70.243.96 - - [16/Jan/2022:09:04:14 +0800] "GET /xingrg/all/function/internal_message.html?_=1642295076234&CODE_STATE=getMsg HTTP/1.1" 200 27
222.70.217.149 - - [16/Jan/2022:09:04:19 +0800] "GET /xingrg/all/function/internal_message.html?_=1642295045547&CODE_STATE=getMsg HTTP/1.1" 200 27
58.39.168.32 - - [16/Jan/2022:09:04:23 +0800] "GET /xingrg/all/function/internal_message.html?_=1642295058707&CODE_STATE=getMsg HTTP/1.1" 200 27
58.39.168.32 - - [16/Jan/2022:09:04:24 +0800] "POST /xingrg/kc/buy/cgsh_order_operate.html HTTP/1.1" 200 48132
222.70.243.96 - - [16/Jan/2022:09:04:24 +0800] "GET /xingrg/kc/buy/cgsh_order_operate.html?command=get_materiel&rest_code=00146&code=00101008175&supplier_code=00100002&order_time=2022-01-16 HTTP/1.1" 200 412
180.152.99.39 - - [16/Jan/2022:09:04:28 +0800] "GET /xingrg/all/function/internal_message.html?_=1642295000378&CODE_STATE=getMsg HTTP/1.1" 200 27
180.169.147.146 - - [16/Jan/2022:09:04:35 +0800] "GET /xingrg/all/function/internal_message.html?_=1642295070814&CODE_STATE=getMsg HTTP/1.1" 200 27
58.39.168.32 - - [16/Jan/2022:09:04:47 +0800] "GET /xingrg/all/function/internal_message.html?_=1642295020643&CODE_STATE=getMsg HTTP/1.1" 200 27
222.70.243.96 - - [16/Jan/2022:09:04:47 +0800] "GET /xingrg/kc/buy/cgsh_order_operate.html?command=get_materiel&rest_code=00146&code=00101008027&supplier_code=00100002&order_time=2022-01-16 HTTP/1.1" 200 408
120.253.135.82 - - [16/Jan/2022:09:04:48 +0800] "GET /xingrg/all/function/internal_message.html?_=1642294870910&CODE_STATE=getMsg HTTP/1.1" 200 27
222.69.128.164 - - [16/Jan/2022:09:04:48 +0800] "GET /xingrg/all/function/internal_message.html?_=1642295083962&CODE_STATE=getMsg HTTP/1.1" 200 27
222.69.128.164 - - [16/Jan/2022:09:04:52 +0800] "GET /xingrg/kc/buy/cgsh_order_operate.html?command=get_materiel&rest_code=00149&code=00101008349&supplier_code=00100005&order_time=2022-01-16 HTTP/1.1" 200 414
114.84.144.24 - - [16/Jan/2022:09:04:54 +0800] "GET /xingrg/all/function/internal_message.html?_=1642294911848&CODE_STATE=getMsg HTTP/1.1" 200 27
222.70.243.96 - - [16/Jan/2022:09:05:08 +0800] "GET /xingrg/all/function/internal_message.html?_=1642295127533&CODE_STATE=getMsg HTTP/1.1" 302 -
180.152.99.39 - - [16/Jan/2022:09:05:09 +0800] "GET /xingrg/check_reg.html?_=1642295041348 HTTP/1.1" 200 22
222.70.243.96 - - [16/Jan/2022:09:05:14 +0800] "GET /xingrg/all/function/internal_message.html?_=1642295136247&CODE_STATE=getMsg HTTP/1.1" 200 27
222.70.243.96 - - [16/Jan/2022:09:05:16 +0800] "GET /xingrg/kc/buy/cgsh_order_operate.html?command=get_materiel&rest_code=00146&code=00101008257&supplier_code=00100002&order_time=2022-01-16 HTTP/1.1" 200 416
222.70.217.149 - - [16/Jan/2022:09:05:19 +0800] "GET /xingrg/all/function/internal_message.html?_=1642295105544&CODE_STATE=getMsg HTTP/1.1" 200 27
58.39.168.32 - - [16/Jan/2022:09:05:23 +0800] "GET /xingrg/all/function/internal_message.html?_=1642295118786&CODE_STATE=getMsg HTTP/1.1" 200 27
222.69.128.164 - - [16/Jan/2022:09:05:25 +0800] "GET /xingrg/kc/buy/cgsh_order_operate.html?command=get_materiel&rest_code=00149&code=00101008350&supplier_code=00100005&order_time=2022-01-16 HTTP/1.1" 200 408
180.152.99.39 - - [16/Jan/2022:09:05:28 +0800] "GET /xingrg/all/function/internal_message.html?_=1642295060380&CODE_STATE=getMsg HTTP/1.1" 200 27
222.70.243.96 - - [16/Jan/2022:09:05:31 +0800] "GET /xingrg/kc/buy/cgsh_order_operate.html?command=get_materiel&rest_code=00146&code=00101008244&supplier_code=00100002&order_time=2022-01-16 HTTP/1.1" 200 408
180.169.147.146 - - [16/Jan/2022:09:05:35 +0800] "GET /xingrg/all/function/internal_message.html?_=1642295130808&CODE_STATE=getMsg HTTP/1.1" 200 27
58.39.168.32 - - [16/Jan/2022:09:05:47 +0800] "GET /xingrg/all/function/internal_message.html?_=1642295080642&CODE_STATE=getMsg HTTP/1.1" 200 27
120.253.135.82 - - [16/Jan/2022:09:05:48 +0800] "GET /xingrg/all/function/internal_message.html?_=1642294930924&CODE_STATE=getMsg HTTP/1.1" 200 27
222.69.128.164 - - [16/Jan/2022:09:05:48 +0800] "GET /xingrg/all/function/internal_message.html?_=1642295143972&CODE_STATE=getMsg HTTP/1.1" 200 27
222.70.243.96 - - [16/Jan/2022:09:05:50 +0800] "POST /xingrg/kc/buy/cgsh_order_operate.html HTTP/1.1" 200 37
222.70.243.96 - - [16/Jan/2022:09:05:51 +0800] "POST /xingrg/kc/buy/cgsh_order_operate.html HTTP/1.1" 200 9785
114.84.144.24 - - [16/Jan/2022:09:05:54 +0800] "GET /xingrg/all/function/internal_message.html?_=1642294971822&CODE_STATE=getMsg HTTP/1.1" 200 27
58.39.168.32 - - [16/Jan/2022:09:06:08 +0800] "GET /xingrg/check_reg.html?_=1642295164250 HTTP/1.1" 200 22
222.70.243.96 - - [16/Jan/2022:09:06:08 +0800] "GET /xingrg/all/function/internal_message.html?_=1642295187535&CODE_STATE=getMsg HTTP/1.1" 302 -
222.70.243.96 - - [16/Jan/2022:09:06:14 +0800] "GET /xingrg/kc/buy/cgsh_order_operate.html?command=get_materiel&rest_code=00146&code=00101008112&supplier_code=00100002&order_time=2022-01-16 HTTP/1.1" 200 414
222.70.243.96 - - [16/Jan/2022:09:06:14 +0800] "GET /xingrg/all/function/internal_message.html?_=1642295196260&CODE_STATE=getMsg HTTP/1.1" 200 27
222.69.128.164 - - [16/Jan/2022:09:06:17 +0800] "POST /xingrg/kc/buy/cgsh_order_operate.html HTTP/1.1" 200 37
222.70.217.149 - - [16/Jan/2022:09:06:19 +0800] "GET /xingrg/check_reg.html?_=1642295165547 HTTP/1.1" 200 22
222.70.217.149 - - [16/Jan/2022:09:06:19 +0800] "GET /xingrg/all/function/internal_message.html?_=1642295165556&CODE_STATE=getMsg HTTP/1.1" 200 27
222.69.128.164 - - [16/Jan/2022:09:06:20 +0800] "POST /xingrg/kc/buy/cgsh_order_operate.html HTTP/1.1" 200 9769
58.39.168.32 - - [16/Jan/2022:09:06:23 +0800] "GET /xingrg/all/function/internal_message.html?_=1642295178652&CODE_STATE=getMsg HTTP/1.1" 200 27
180.152.99.39 - - [16/Jan/2022:09:06:28 +0800] "GET /xingrg/all/function/internal_message.html?_=1642295120394&CODE_STATE=getMsg HTTP/1.1" 200 27
222.70.243.96 - - [16/Jan/2022:09:06:29 +0800] "GET /xingrg/kc/buy/cgsh_order_operate.html?command=get_materiel&rest_code=00146&code=00101008354&supplier_code=00100002&order_time=2022-01-16 HTTP/1.1" 200 412
180.169.147.146 - - [16/Jan/2022:09:06:35 +0800] "GET /xingrg/all/function/internal_message.html?_=1642295190820&CODE_STATE=getMsg HTTP/1.1" 200 27
222.70.243.96 - - [16/Jan/2022:09:06:43 +0800] "GET /xingrg/kc/buy/cgsh_order_operate.html?command=get_materiel&rest_code=00146&code=00101008088&supplier_code=00100002&order_time=2022-01-16 HTTP/1.1" 200 408
58.39.168.32 - - [16/Jan/2022:09:06:47 +0800] "GET /xingrg/all/function/internal_message.html?_=1642295140642&CODE_STATE=getMsg HTTP/1.1" 200 27
120.253.135.82 - - [16/Jan/2022:09:06:48 +0800] "GET /xingrg/all/function/internal_message.html?_=1642294991070&CODE_STATE=getMsg HTTP/1.1" 200 27
222.69.128.164 - - [16/Jan/2022:09:06:48 +0800] "GET /xingrg/all/function/internal_message.html?_=1642295203974&CODE_STATE=getMsg HTTP/1.1" 200 27
114.84.144.24 - - [16/Jan/2022:09:06:54 +0800] "GET /xingrg/all/function/internal_message.html?_=1642295031796&CODE_STATE=getMsg HTTP/1.1" 200 27
222.70.243.96 - - [16/Jan/2022:09:07:03 +0800] "GET /xingrg/kc/buy/cgsh_order_operate.html?command=get_materiel&rest_code=00146&code=00101008370&supplier_code=00100002&order_time=2022-01-16 HTTP/1.1" 200 412
222.70.243.96 - - [16/Jan/2022:09:07:09 +0800] "GET /xingrg/all/function/internal_message.html?_=1642295247560&CODE_STATE=getMsg HTTP/1.1" 302 -
222.70.243.96 - - [16/Jan/2022:09:07:11 +0800] "POST /xingrg/kc/buy/cgsh_order_operate.html HTTP/1.1" 200 2065
222.70.243.96 - - [16/Jan/2022:09:07:14 +0800] "GET /xingrg/all/function/internal_message.html?_=1642295256275&CODE_STATE=getMsg HTTP/1.1" 200 27
222.70.217.149 - - [16/Jan/2022:09:07:19 +0800] "GET /xingrg/all/function/internal_message.html?_=1642295225527&CODE_STATE=getMsg HTTP/1.1" 200 27
58.39.168.32 - - [16/Jan/2022:09:07:23 +0800] "GET /xingrg/all/function/internal_message.html?_=1642295238629&CODE_STATE=getMsg HTTP/1.1" 200 27
180.152.99.39 - - [16/Jan/2022:09:07:29 +0800] "GET /xingrg/all/function/internal_message.html?_=1642295180684&CODE_STATE=getMsg HTTP/1.1" 200 27
120.253.135.82 - - [16/Jan/2022:09:07:32 +0800] "GET /xingrg/check_reg.html?_=1642295035352 HTTP/1.1" 200 22
222.70.243.96 - - [16/Jan/2022:09:07:32 +0800] "GET /xingrg/kc/buy/cgsh_order_operate.html?command=get_materiel&rest_code=00146&code=00101008372&supplier_code=00100002&order_time=2022-01-16 HTTP/1.1" 200 408
222.70.243.96 - - [16/Jan/2022:09:07:33 +0800] "POST /xingrg/services/DataTransmitService HTTP/1.1" 200 524
222.70.243.96 - - [16/Jan/2022:09:07:34 +0800] "POST /xingrg/services/DataTransmitService HTTP/1.1" 200 2171
180.169.147.146 - - [16/Jan/2022:09:07:35 +0800] "GET /xingrg/all/function/internal_message.html?_=1642295250810&CODE_STATE=getMsg HTTP/1.1" 200 27
222.70.243.96 - - [16/Jan/2022:09:07:36 +0800] "POST /xingrg/services/DataTransmitService HTTP/1.1" 200 524
222.70.243.96 - - [16/Jan/2022:09:07:37 +0800] "POST /xingrg/services/DataTransmitService HTTP/1.1" 200 2171
222.70.243.96 - - [16/Jan/2022:09:07:39 +0800] "POST /xingrg/services/DataTransmitService HTTP/1.1" 200 524
222.70.243.96 - - [16/Jan/2022:09:07:40 +0800] "POST /xingrg/services/DataTransmitService HTTP/1.1" 200 2171
58.39.168.32 - - [16/Jan/2022:09:07:47 +0800] "GET /xingrg/all/function/internal_message.html?_=1642295200640&CODE_STATE=getMsg HTTP/1.1" 200 27
58.39.168.32 - - [16/Jan/2022:09:07:47 +0800] "GET /xingrg/check_reg.html?_=1642295200642 HTTP/1.1" 200 22
222.70.243.96 - - [16/Jan/2022:09:07:48 +0800] "POST /xingrg/services/DataTransmitService HTTP/1.1" 200 524
120.253.135.82 - - [16/Jan/2022:09:07:48 +0800] "GET /xingrg/all/function/internal_message.html?_=1642295051077&CODE_STATE=getMsg HTTP/1.1" 200 27
222.70.243.96 - - [16/Jan/2022:09:07:48 +0800] "GET /xingrg/kc/buy/cgsh_order_operate.html?command=get_materiel&rest_code=00146&code=00101008067&supplier_code=00100002&order_time=2022-01-16 HTTP/1.1" 200 416
222.70.243.96 - - [16/Jan/2022:09:07:48 +0800] "POST /xingrg/services/DataTransmitService HTTP/1.1" 200 2171
222.69.128.164 - - [16/Jan/2022:09:07:48 +0800] "GET /xingrg/check_reg.html?_=1642295263979 HTTP/1.1" 200 22
222.69.128.164 - - [16/Jan/2022:09:07:48 +0800] "GET /xingrg/all/function/internal_message.html?_=1642295263983&CODE_STATE=getMsg HTTP/1.1" 200 27
222.70.243.96 - - [16/Jan/2022:09:07:50 +0800] "POST /xingrg/services/DataTransmitService HTTP/1.1" 200 524
222.70.243.96 - - [16/Jan/2022:09:07:50 +0800] "POST /xingrg/services/DataTransmitService HTTP/1.1" 200 2171
222.70.243.96 - - [16/Jan/2022:09:07:52 +0800] "POST /xingrg/services/DataTransmitService HTTP/1.1" 200 524
222.70.243.96 - - [16/Jan/2022:09:07:53 +0800] "POST /xingrg/services/DataTransmitService HTTP/1.1" 200 2171
222.70.243.96 - - [16/Jan/2022:09:07:53 +0800] "GET /xingrg/check_reg.html?_=1642295292185 HTTP/1.1" 302 -
222.70.243.96 - - [16/Jan/2022:09:07:54 +0800] "POST /xingrg/services/DataTransmitService HTTP/1.1" 200 524
114.84.144.24 - - [16/Jan/2022:09:07:54 +0800] "GET /xingrg/all/function/internal_message.html?_=1642295091773&CODE_STATE=getMsg HTTP/1.1" 200 27
222.70.243.96 - - [16/Jan/2022:09:07:55 +0800] "POST /xingrg/services/DataTransmitService HTTP/1.1" 200 2171
222.70.243.96 - - [16/Jan/2022:09:08:04 +0800] "POST /xingrg/services/DataTransmitService HTTP/1.1" 200 524
222.70.243.96 - - [16/Jan/2022:09:08:08 +0800] "GET /xingrg/kc/buy/cgsh_order_operate.html?command=get_materiel&rest_code=00146&code=00101008264&supplier_code=00100002&order_time=2022-01-16 HTTP/1.1" 200 412
222.70.243.96 - - [16/Jan/2022:09:08:09 +0800] "GET /xingrg/all/function/internal_message.html?_=1642295307563&CODE_STATE=getMsg HTTP/1.1" 302 -
222.70.243.96 - - [16/Jan/2022:09:08:13 +0800] "GET /xingrg/check_reg.html?_=1642295314899 HTTP/1.1" 200 22
222.70.243.96 - - [16/Jan/2022:09:08:14 +0800] "GET /xingrg/all/function/internal_message.html?_=1642295316288&CODE_STATE=getMsg HTTP/1.1" 200 27
114.84.144.24 - - [16/Jan/2022:09:08:16 +0800] "GET /xingrg/check_reg.html?_=1642295113555 HTTP/1.1" 200 22
222.70.217.149 - - [16/Jan/2022:09:08:19 +0800] "GET /xingrg/all/function/internal_message.html?_=1642295285546&CODE_STATE=getMsg HTTP/1.1" 200 27
58.39.168.32 - - [16/Jan/2022:09:08:23 +0800] "GET /xingrg/all/function/internal_message.html?_=1642295298611&CODE_STATE=getMsg HTTP/1.1" 200 27
222.70.243.96 - - [16/Jan/2022:09:08:27 +0800] "GET /xingrg/kc/buy/cgsh_order_operate.html?command=get_materiel&rest_code=00146&code=00101008356&supplier_code=00100002&order_time=2022-01-16 HTTP/1.1" 200 408
180.152.99.39 - - [16/Jan/2022:09:08:29 +0800] "GET /xingrg/all/function/internal_message.html?_=1642295240686&CODE_STATE=getMsg HTTP/1.1" 200 27
180.169.147.146 - - [16/Jan/2022:09:08:35 +0800] "GET /xingrg/all/function/internal_message.html?_=1642295310807&CODE_STATE=getMsg HTTP/1.1" 200 27
180.169.147.146 - - [16/Jan/2022:09:08:35 +0800] "GET /xingrg/check_reg.html?_=1642295310808 HTTP/1.1" 200 22
58.39.168.32 - - [16/Jan/2022:09:08:47 +0800] "GET /xingrg/all/function/internal_message.html?_=1642295260640&CODE_STATE=getMsg HTTP/1.1" 200 27
120.253.135.82 - - [16/Jan/2022:09:08:48 +0800] "GET /xingrg/all/function/internal_message.html?_=1642295111091&CODE_STATE=getMsg HTTP/1.1" 200 27
222.69.128.164 - - [16/Jan/2022:09:08:48 +0800] "GET /xingrg/all/function/internal_message.html?_=1642295323973&CODE_STATE=getMsg HTTP/1.1" 200 27
114.84.144.24 - - [16/Jan/2022:09:08:54 +0800] "GET /xingrg/all/function/internal_message.html?_=1642295151789&CODE_STATE=getMsg HTTP/1.1" 200 27
222.70.243.96 - - [16/Jan/2022:09:08:54 +0800] "POST /xingrg/kc/buy/cgsh_order_operate.html HTTP/1.1" 200 2065
222.70.243.96 - - [16/Jan/2022:09:09:04 +0800] "GET /xingrg/kc/buy/cgsh_order_operate.html?command=get_materiel&rest_code=00146&code=00101008251&supplier_code=00100002&order_time=2022-01-16 HTTP/1.1" 200 408
222.70.243.96 - - [16/Jan/2022:09:09:06 +0800] "POST /xingrg/services/DataTransmitService HTTP/1.1" 200 501
222.70.243.96 - - [16/Jan/2022:09:09:07 +0800] "POST /xingrg/services/DataTransmitService HTTP/1.1" 200 501
222.70.243.96 - - [16/Jan/2022:09:09:09 +0800] "GET /xingrg/all/function/internal_message.html?_=1642295367586&CODE_STATE=getMsg HTTP/1.1" 302 -
222.70.243.96 - - [16/Jan/2022:09:09:10 +0800] "POST /xingrg/services/DataTransmitService HTTP/1.1" 200 501
222.70.243.96 - - [16/Jan/2022:09:09:14 +0800] "POST /xingrg/services/DataTransmitService HTTP/1.1" 200 501
222.70.243.96 - - [16/Jan/2022:09:09:14 +0800] "GET /xingrg/all/function/internal_message.html?_=1642295376302&CODE_STATE=getMsg HTTP/1.1" 200 27
222.70.243.96 - - [16/Jan/2022:09:09:15 +0800] "POST /xingrg/services/DataTransmitService HTTP/1.1" 200 501
222.70.243.96 - - [16/Jan/2022:09:09:15 +0800] "POST /xingrg/services/DataTransmitService HTTP/1.1" 200 501
222.70.243.96 - - [16/Jan/2022:09:09:16 +0800] "POST /xingrg/services/DataTransmitService HTTP/1.1" 200 501
222.70.243.96 - - [16/Jan/2022:09:09:16 +0800] "POST /xingrg/services/DataTransmitService HTTP/1.1" 200 501
222.70.243.96 - - [16/Jan/2022:09:09:17 +0800] "POST /xingrg/services/DataTransmitService HTTP/1.1" 200 501
222.70.243.96 - - [16/Jan/2022:09:09:17 +0800] "POST /xingrg/services/DataTransmitService HTTP/1.1" 200 412
222.70.217.149 - - [16/Jan/2022:09:09:19 +0800] "GET /xingrg/all/function/internal_message.html?_=1642295345550&CODE_STATE=getMsg HTTP/1.1" 200 27
58.39.168.32 - - [16/Jan/2022:09:09:23 +0800] "GET /xingrg/all/function/internal_message.html?_=1642295358581&CODE_STATE=getMsg HTTP/1.1" 200 27
180.152.99.39 - - [16/Jan/2022:09:09:29 +0800] "GET /xingrg/all/function/internal_message.html?_=1642295300983&CODE_STATE=getMsg HTTP/1.1" 200 27
180.169.147.146 - - [16/Jan/2022:09:09:35 +0800] "GET /xingrg/all/function/internal_message.html?_=1642295370816&CODE_STATE=getMsg HTTP/1.1" 200 27
222.70.243.96 - - [16/Jan/2022:09:09:40 +0800] "GET /xingrg/kc/buy/cgsh_order_operate.html?command=get_materiel&rest_code=00146&code=00101008196&supplier_code=00100002&order_time=2022-01-16 HTTP/1.1" 200 416
58.39.168.32 - - [16/Jan/2022:09:09:47 +0800] "GET /xingrg/all/function/internal_message.html?_=1642295320656&CODE_STATE=getMsg HTTP/1.1" 200 27
120.253.135.82 - - [16/Jan/2022:09:09:48 +0800] "GET /xingrg/all/function/internal_message.html?_=1642295171241&CODE_STATE=getMsg HTTP/1.1" 200 27
222.69.128.164 - - [16/Jan/2022:09:09:48 +0800] "GET /xingrg/all/function/internal_message.html?_=1642295383978&CODE_STATE=getMsg HTTP/1.1" 200 27
114.84.144.24 - - [16/Jan/2022:09:09:54 +0800] "GET /xingrg/all/function/internal_message.html?_=1642295211756&CODE_STATE=getMsg HTTP/1.1" 200 27
222.70.243.96 - - [16/Jan/2022:09:09:59 +0800] "GET /xingrg/kc/buy/cgsh_order_operate.html?command=get_materiel&rest_code=00146&code=00101008357&supplier_code=00100002&order_time=2022-01-16 HTTP/1.1" 200 408
222.70.243.96 - - [16/Jan/2022:09:10:09 +0800] "GET /xingrg/all/function/internal_message.html?_=1642295427590&CODE_STATE=getMsg HTTP/1.1" 302 -
180.152.99.39 - - [16/Jan/2022:09:10:09 +0800] "GET /xingrg/check_reg.html?_=1642295341357 HTTP/1.1" 200 22
222.70.243.96 - - [16/Jan/2022:09:10:14 +0800] "GET /xingrg/all/function/internal_message.html?_=1642295436315&CODE_STATE=getMsg HTTP/1.1" 200 27
222.70.243.96 - - [16/Jan/2022:09:10:15 +0800] "GET /xingrg/kc/buy/cgsh_order_operate.html?command=get_materiel&rest_code=00146&code=00101008036&supplier_code=00100002&order_time=2022-01-16 HTTP/1.1" 200 408
222.70.217.149 - - [16/Jan/2022:09:10:19 +0800] "GET /xingrg/all/function/internal_message.html?_=1642295405541&CODE_STATE=getMsg HTTP/1.1" 200 27
58.39.168.32 - - [16/Jan/2022:09:10:23 +0800] "GET /xingrg/all/function/internal_message.html?_=1642295418558&CODE_STATE=getMsg HTTP/1.1" 200 27
222.70.243.96 - - [16/Jan/2022:09:10:27 +0800] "POST /xingrg/kc/buy/cgsh_order_operate.html HTTP/1.1" 200 2065
180.152.99.39 - - [16/Jan/2022:09:10:29 +0800] "GET /xingrg/all/function/internal_message.html?_=1642295360994&CODE_STATE=getMsg HTTP/1.1" 200 27
180.169.147.146 - - [16/Jan/2022:09:10:35 +0800] "GET /xingrg/all/function/internal_message.html?_=1642295430806&CODE_STATE=getMsg HTTP/1.1" 200 27
222.70.243.96 - - [16/Jan/2022:09:10:36 +0800] "GET /xingrg/kc/buy/cgsh_order_operate.html?command=get_materiel&rest_code=00146&code=00101008286&supplier_code=00100002&order_time=2022-01-16 HTTP/1.1" 200 427
58.39.168.32 - - [16/Jan/2022:09:10:47 +0800] "GET /xingrg/all/function/internal_message.html?_=1642295380654&CODE_STATE=getMsg HTTP/1.1" 200 27
120.253.135.82 - - [16/Jan/2022:09:10:48 +0800] "GET /xingrg/all/function/internal_message.html?_=1642295231243&CODE_STATE=getMsg HTTP/1.1" 200 27
222.69.128.164 - - [16/Jan/2022:09:10:48 +0800] "GET /xingrg/all/function/internal_message.html?_=1642295443981&CODE_STATE=getMsg HTTP/1.1" 200 27
114.84.144.24 - - [16/Jan/2022:09:10:54 +0800] "GET /xingrg/all/function/internal_message.html?_=1642295271733&CODE_STATE=getMsg HTTP/1.1" 200 27
58.39.168.32 - - [16/Jan/2022:09:11:08 +0800] "GET /xingrg/check_reg.html?_=1642295464260 HTTP/1.1" 200 22
222.70.243.96 - - [16/Jan/2022:09:11:09 +0800] "GET /xingrg/all/function/internal_message.html?_=1642295487613&CODE_STATE=getMsg HTTP/1.1" 302 -
222.70.243.96 - - [16/Jan/2022:09:11:11 +0800] "POST /xingrg/kc/buy/cgsh_order_operate.html HTTP/1.1" 200 37
222.70.243.96 - - [16/Jan/2022:09:11:12 +0800] "POST /xingrg/kc/buy/cgsh_order_operate.html HTTP/1.1" 200 18640
222.70.243.96 - - [16/Jan/2022:09:11:14 +0800] "GET /xingrg/all/function/internal_message.html?_=1642295496329&CODE_STATE=getMsg HTTP/1.1" 200 27
124.79.247.218 - - [16/Jan/2022:09:11:16 +0800] "POST /xingrg/services/DataTransmitService HTTP/1.1" 200 524
222.70.217.149 - - [16/Jan/2022:09:11:19 +0800] "GET /xingrg/all/function/internal_message.html?_=1642295465546&CODE_STATE=getMsg HTTP/1.1" 200 27
222.70.217.149 - - [16/Jan/2022:09:11:19 +0800] "GET /xingrg/check_reg.html?_=1642295465550 HTTP/1.1" 200 22
