120.253.135.82 - - [16/Jan/2022:06:49:39 +0800] "GET /xingrg/all/function/internal_message.html?_=1642286975961&CODE_STATE=getMsg HTTP/1.1" 200 27
114.84.144.24 - - [16/Jan/2022:06:49:57 +0800] "GET /xingrg/all/function/internal_message.html?_=1642286814946&CODE_STATE=getMsg HTTP/1.1" 200 27
120.253.135.82 - - [16/Jan/2022:06:49:58 +0800] "GET /xingrg/check_reg.html?_=1642286781433 HTTP/1.1" 200 22
120.253.135.82 - - [16/Jan/2022:06:49:59 +0800] "POST /xingrg/kc/pszx/mdps_list_operate.html HTTP/1.1" 200 3317
120.253.135.82 - - [16/Jan/2022:06:50:01 +0800] "POST /xingrg/kc/pszx/mdps_list_operate.html HTTP/1.1" 200 643
120.253.135.82 - - [16/Jan/2022:06:50:01 +0800] "GET /xingrg/kc/pszx/mdps_order_info.html?code=312022011500521 HTTP/1.1" 200 23923
120.253.135.82 - - [16/Jan/2022:06:50:02 +0800] "GET /xingrg/javascript/easyui/themes/default/validatebox.css HTTP/1.1" 404 1104
120.253.135.82 - - [16/Jan/2022:06:50:02 +0800] "POST /xingrg/kc/pszx/mdps_order_operate.html HTTP/1.1" 200 4888
222.70.243.96 - - [16/Jan/2022:06:50:07 +0800] "GET /xingrg/all/function/internal_message.html?_=1642287025688&CODE_STATE=getMsg HTTP/1.1" 302 -
222.70.243.96 - - [16/Jan/2022:06:50:07 +0800] "GET /xingrg/all/function/internal_message.html?_=1642287029102&CODE_STATE=getMsg HTTP/1.1" 200 27
120.253.135.82 - - [16/Jan/2022:06:50:08 +0800] "GET /xingrg/all/function/internal_message.html?_=1642286791807&CODE_STATE=getMsg HTTP/1.1" 200 27
180.152.99.39 - - [16/Jan/2022:06:50:09 +0800] "GET /xingrg/check_reg.html?_=1642286940862 HTTP/1.1" 200 22
120.253.135.82 - - [16/Jan/2022:06:50:10 +0800] "GET /xingrg/kc/pszx/mdps_order_operate.html?command=get_materiel&pszx_code=00101&rest_code=00102&base_code=0010246&code=00101019372 HTTP/1.1" 200 466
120.253.135.82 - - [16/Jan/2022:06:50:12 +0800] "POST /xingrg/all/common/load_select.html HTTP/1.1" 200 25
120.253.135.82 - - [16/Jan/2022:06:50:13 +0800] "GET /xingrg/kc/pszx/mdps_order_operate.html?command=get_materiel_price&pszx_code=00101&rest_code=00102&base_code=0010246&code=00101019372&unit_code=00100189&order_time=2022-01-16 HTTP/1.1" 200 34
120.253.135.82 - - [16/Jan/2022:06:50:19 +0800] "POST /xingrg/kc/pszx/mdps_order_operate.html HTTP/1.1" 200 37
120.253.135.82 - - [16/Jan/2022:06:50:20 +0800] "GET /xingrg/kc/pszx/mdps_order_info.html?code=312022011500521 HTTP/1.1" 200 23923
222.70.217.149 - - [16/Jan/2022:06:50:20 +0800] "GET /xingrg/all/function/internal_message.html?_=1642287007046&CODE_STATE=getMsg HTTP/1.1" 200 27
120.253.135.82 - - [16/Jan/2022:06:50:21 +0800] "GET /xingrg/javascript/easyui/themes/default/validatebox.css HTTP/1.1" 404 1104
120.253.135.82 - - [16/Jan/2022:06:50:21 +0800] "POST /xingrg/kc/pszx/mdps_order_operate.html HTTP/1.1" 200 5415
120.253.135.82 - - [16/Jan/2022:06:50:22 +0800] "POST /xingrg/kc/pszx/mdps_list_operate.html HTTP/1.1" 200 3317
180.152.99.39 - - [16/Jan/2022:06:50:22 +0800] "GET /xingrg/all/function/internal_message.html?_=1642286954694&CODE_STATE=getMsg HTTP/1.1" 200 27
120.253.135.82 - - [16/Jan/2022:06:50:23 +0800] "POST /xingrg/kc/pszx/mdps_list_operate.html HTTP/1.1" 200 305
120.253.135.82 - - [16/Jan/2022:06:50:25 +0800] "GET /xingrg/kc/pszx/mdps_order_info.html?code=312022011600530 HTTP/1.1" 200 23925
120.253.135.82 - - [16/Jan/2022:06:50:25 +0800] "GET /xingrg/javascript/easyui/themes/default/validatebox.css HTTP/1.1" 404 1104
120.253.135.82 - - [16/Jan/2022:06:50:25 +0800] "POST /xingrg/kc/pszx/mdps_order_operate.html HTTP/1.1" 200 2836
120.253.135.82 - - [16/Jan/2022:06:50:27 +0800] "POST /xingrg/kc/pszx/mdps_list_operate.html HTTP/1.1" 200 3317
120.253.135.82 - - [16/Jan/2022:06:50:29 +0800] "POST /xingrg/kc/pszx/mdps_list_operate.html HTTP/1.1" 200 304
120.253.135.82 - - [16/Jan/2022:06:50:30 +0800] "GET /xingrg/kc/pszx/mdps_order_info.html?code=312022011600529 HTTP/1.1" 200 23925
120.253.135.82 - - [16/Jan/2022:06:50:30 +0800] "GET /xingrg/javascript/easyui/themes/default/validatebox.css HTTP/1.1" 404 1104
120.253.135.82 - - [16/Jan/2022:06:50:30 +0800] "POST /xingrg/kc/pszx/mdps_order_operate.html HTTP/1.1" 200 2797
180.169.147.146 - - [16/Jan/2022:06:50:35 +0800] "GET /xingrg/all/function/internal_message.html?_=1642287030792&CODE_STATE=getMsg HTTP/1.1" 200 27
120.253.135.82 - - [16/Jan/2022:06:50:37 +0800] "GET /xingrg/kc/pszx/mdps_order_operate.html?command=get_materiel&pszx_code=00101&rest_code=00102&base_code=0010246&code=00101019510 HTTP/1.1" 200 454
120.253.135.82 - - [16/Jan/2022:06:50:39 +0800] "GET /xingrg/all/function/internal_message.html?_=1642287035974&CODE_STATE=getMsg HTTP/1.1" 200 27
120.253.135.82 - - [16/Jan/2022:06:50:43 +0800] "POST /xingrg/kc/pszx/mdps_order_operate.html HTTP/1.1" 200 37
120.253.135.82 - - [16/Jan/2022:06:50:44 +0800] "GET /xingrg/kc/pszx/mdps_order_info.html?code=312022011600529 HTTP/1.1" 200 23925
120.253.135.82 - - [16/Jan/2022:06:50:44 +0800] "GET /xingrg/javascript/easyui/themes/default/validatebox.css HTTP/1.1" 404 1104
120.253.135.82 - - [16/Jan/2022:06:50:44 +0800] "POST /xingrg/kc/pszx/mdps_order_operate.html HTTP/1.1" 200 3310
120.253.135.82 - - [16/Jan/2022:06:50:45 +0800] "POST /xingrg/kc/pszx/mdps_list_operate.html HTTP/1.1" 200 3317
120.253.135.82 - - [16/Jan/2022:06:50:47 +0800] "POST /xingrg/kc/pszx/mdps_list_operate.html HTTP/1.1" 200 305
120.253.135.82 - - [16/Jan/2022:06:50:47 +0800] "GET /xingrg/kc/pszx/mdps_order_info.html?code=312022011600530 HTTP/1.1" 200 23925
120.253.135.82 - - [16/Jan/2022:06:50:48 +0800] "GET /xingrg/javascript/easyui/themes/default/validatebox.css HTTP/1.1" 404 1104
120.253.135.82 - - [16/Jan/2022:06:50:48 +0800] "POST /xingrg/kc/pszx/mdps_order_operate.html HTTP/1.1" 200 2836
120.253.135.82 - - [16/Jan/2022:06:50:50 +0800] "POST /xingrg/kc/pszx/mdps_order_operate.html HTTP/1.1" 200 12
120.253.135.82 - - [16/Jan/2022:06:50:51 +0800] "POST /xingrg/kc/pszx/mdps_list_operate.html HTTP/1.1" 200 2955
120.253.135.82 - - [16/Jan/2022:06:50:53 +0800] "POST /xingrg/kc/pszx/mdps_list_operate.html HTTP/1.1" 200 390
120.253.135.82 - - [16/Jan/2022:06:50:54 +0800] "POST /xingrg/kc/pszx/mdps_list_operate.html HTTP/1.1" 200 204
114.84.144.24 - - [16/Jan/2022:06:50:57 +0800] "GET /xingrg/all/function/internal_message.html?_=1642286874925&CODE_STATE=getMsg HTTP/1.1" 200 27
120.253.135.82 - - [16/Jan/2022:06:50:58 +0800] "POST /xingrg/kc/pszx/mdps_list_operate.html HTTP/1.1" 200 630
120.253.135.82 - - [16/Jan/2022:06:51:00 +0800] "POST /xingrg/kc/pszx/mdps_list_operate.html HTTP/1.1" 200 643
120.253.135.82 - - [16/Jan/2022:06:51:03 +0800] "GET /xingrg/kc/pszx/mdps_order_info.html?code=312022011500521 HTTP/1.1" 200 23923
120.253.135.82 - - [16/Jan/2022:06:51:03 +0800] "GET /xingrg/javascript/easyui/themes/default/validatebox.css HTTP/1.1" 404 1104
120.253.135.82 - - [16/Jan/2022:06:51:03 +0800] "POST /xingrg/kc/pszx/mdps_order_operate.html HTTP/1.1" 200 5415
222.70.243.96 - - [16/Jan/2022:06:51:07 +0800] "GET /xingrg/all/function/internal_message.html?_=1642287085711&CODE_STATE=getMsg HTTP/1.1" 302 -
222.70.243.96 - - [16/Jan/2022:06:51:07 +0800] "GET /xingrg/all/function/internal_message.html?_=1642287089107&CODE_STATE=getMsg HTTP/1.1" 200 27
120.253.135.82 - - [16/Jan/2022:06:51:08 +0800] "GET /xingrg/kc/print/load_data.html?order_code=312022011500521&kc_code=mdps&condition= HTTP/1.1" 200 2186
120.253.135.82 - - [16/Jan/2022:06:51:08 +0800] "GET /xingrg/all/function/internal_message.html?_=1642286851860&CODE_STATE=getMsg HTTP/1.1" 200 27
222.70.217.149 - - [16/Jan/2022:06:51:20 +0800] "GET /xingrg/all/function/internal_message.html?_=1642287067034&CODE_STATE=getMsg HTTP/1.1" 200 27
180.152.99.39 - - [16/Jan/2022:06:51:22 +0800] "GET /xingrg/all/function/internal_message.html?_=1642287014707&CODE_STATE=getMsg HTTP/1.1" 200 27
120.253.135.82 - - [16/Jan/2022:06:51:31 +0800] "POST /xingrg/kc/pszx/mdps_list_operate.html HTTP/1.1" 200 2955
120.253.135.82 - - [16/Jan/2022:06:51:32 +0800] "POST /xingrg/kc/pszx/mdps_list_operate.html HTTP/1.1" 200 390
120.253.135.82 - - [16/Jan/2022:06:51:33 +0800] "GET /xingrg/kc/pszx/mdps_order_info.html?code=312022011600529 HTTP/1.1" 200 23925
120.253.135.82 - - [16/Jan/2022:06:51:33 +0800] "GET /xingrg/javascript/easyui/themes/default/validatebox.css HTTP/1.1" 404 1104
120.253.135.82 - - [16/Jan/2022:06:51:33 +0800] "POST /xingrg/kc/pszx/mdps_order_operate.html HTTP/1.1" 200 3310
180.169.147.146 - - [16/Jan/2022:06:51:35 +0800] "GET /xingrg/all/function/internal_message.html?_=1642287090801&CODE_STATE=getMsg HTTP/1.1" 200 27
120.253.135.82 - - [16/Jan/2022:06:51:36 +0800] "GET /xingrg/kc/print/load_data.html?order_code=312022011600529&kc_code=mdps&condition= HTTP/1.1" 200 1183
120.253.135.82 - - [16/Jan/2022:06:51:39 +0800] "GET /xingrg/all/function/internal_message.html?_=1642287096007&CODE_STATE=getMsg HTTP/1.1" 200 27
120.253.135.82 - - [16/Jan/2022:06:51:41 +0800] "POST /xingrg/kc/pszx/mdps_list_operate.html HTTP/1.1" 200 2955
120.253.135.82 - - [16/Jan/2022:06:51:42 +0800] "POST /xingrg/kc/pszx/mdps_list_operate.html HTTP/1.1" 200 630
120.253.135.82 - - [16/Jan/2022:06:51:43 +0800] "GET /xingrg/kc/pszx/mdps_order_info.html?code=312022011600528 HTTP/1.1" 200 23925
120.253.135.82 - - [16/Jan/2022:06:51:43 +0800] "GET /xingrg/javascript/easyui/themes/default/validatebox.css HTTP/1.1" 404 1104
120.253.135.82 - - [16/Jan/2022:06:51:43 +0800] "POST /xingrg/kc/pszx/mdps_order_operate.html HTTP/1.1" 200 16369
222.70.217.149 - - [16/Jan/2022:06:51:46 +0800] "POST /xingrg/services/DataTransmitService HTTP/1.1" 200 524
114.84.144.24 - - [16/Jan/2022:06:51:57 +0800] "GET /xingrg/all/function/internal_message.html?_=1642286934906&CODE_STATE=getMsg HTTP/1.1" 200 27
222.70.243.96 - - [16/Jan/2022:06:52:07 +0800] "GET /xingrg/all/function/internal_message.html?_=1642287145715&CODE_STATE=getMsg HTTP/1.1" 302 -
222.70.243.96 - - [16/Jan/2022:06:52:08 +0800] "GET /xingrg/all/function/internal_message.html?_=1642287149128&CODE_STATE=getMsg HTTP/1.1" 200 27
120.253.135.82 - - [16/Jan/2022:06:52:09 +0800] "GET /xingrg/all/function/internal_message.html?_=1642286911987&CODE_STATE=getMsg HTTP/1.1" 200 27
222.70.217.149 - - [16/Jan/2022:06:52:20 +0800] "GET /xingrg/all/function/internal_message.html?_=1642287127045&CODE_STATE=getMsg HTTP/1.1" 200 27
222.70.217.149 - - [16/Jan/2022:06:52:20 +0800] "GET /xingrg/check_reg.html?_=1642287127046 HTTP/1.1" 200 22
120.253.135.82 - - [16/Jan/2022:06:52:21 +0800] "GET /xingrg/check_reg.html?_=1642287138559 HTTP/1.1" 200 22
180.152.99.39 - - [16/Jan/2022:06:52:23 +0800] "GET /xingrg/all/function/internal_message.html?_=1642287074754&CODE_STATE=getMsg HTTP/1.1" 200 27
180.169.147.146 - - [16/Jan/2022:06:52:35 +0800] "GET /xingrg/all/function/internal_message.html?_=1642287150801&CODE_STATE=getMsg HTTP/1.1" 200 27
120.253.135.82 - - [16/Jan/2022:06:52:39 +0800] "GET /xingrg/all/function/internal_message.html?_=1642287156016&CODE_STATE=getMsg HTTP/1.1" 200 27
222.70.243.96 - - [16/Jan/2022:06:52:53 +0800] "GET /xingrg/check_reg.html?_=1642287192017 HTTP/1.1" 302 -
114.84.144.24 - - [16/Jan/2022:06:52:57 +0800] "GET /xingrg/all/function/internal_message.html?_=1642286994876&CODE_STATE=getMsg HTTP/1.1" 200 27
120.253.135.82 - - [16/Jan/2022:06:52:59 +0800] "GET /xingrg/kc/print/load_data.html?order_code=312022011600528&kc_code=mdps&condition= HTTP/1.1" 200 7154
222.70.243.96 - - [16/Jan/2022:06:53:00 +0800] "GET /xingrg/check_reg.html?_=1642287201662 HTTP/1.1" 200 22
222.70.243.96 - - [16/Jan/2022:06:53:07 +0800] "GET /xingrg/all/function/internal_message.html?_=1642287205737&CODE_STATE=getMsg HTTP/1.1" 302 -
222.70.243.96 - - [16/Jan/2022:06:53:08 +0800] "GET /xingrg/all/function/internal_message.html?_=1642287209134&CODE_STATE=getMsg HTTP/1.1" 200 27
120.253.135.82 - - [16/Jan/2022:06:53:09 +0800] "GET /xingrg/all/function/internal_message.html?_=1642286971988&CODE_STATE=getMsg HTTP/1.1" 200 27
114.84.144.24 - - [16/Jan/2022:06:53:16 +0800] "GET /xingrg/check_reg.html?_=1642287014018 HTTP/1.1" 200 22
222.70.217.149 - - [16/Jan/2022:06:53:20 +0800] "GET /xingrg/all/function/internal_message.html?_=1642287187044&CODE_STATE=getMsg HTTP/1.1" 200 27
180.152.99.39 - - [16/Jan/2022:06:53:23 +0800] "GET /xingrg/all/function/internal_message.html?_=1642287134764&CODE_STATE=getMsg HTTP/1.1" 200 27
180.169.147.146 - - [16/Jan/2022:06:53:35 +0800] "GET /xingrg/check_reg.html?_=1642287210803 HTTP/1.1" 200 22
180.169.147.146 - - [16/Jan/2022:06:53:35 +0800] "GET /xingrg/all/function/internal_message.html?_=1642287210806&CODE_STATE=getMsg HTTP/1.1" 200 27
120.253.135.82 - - [16/Jan/2022:06:53:39 +0800] "GET /xingrg/all/function/internal_message.html?_=1642287216029&CODE_STATE=getMsg HTTP/1.1" 200 27
114.84.144.24 - - [16/Jan/2022:06:53:57 +0800] "GET /xingrg/all/function/internal_message.html?_=1642287054852&CODE_STATE=getMsg HTTP/1.1" 200 27
222.70.243.96 - - [16/Jan/2022:06:54:07 +0800] "GET /xingrg/all/function/internal_message.html?_=1642287265742&CODE_STATE=getMsg HTTP/1.1" 302 -
222.70.243.96 - - [16/Jan/2022:06:54:08 +0800] "GET /xingrg/all/function/internal_message.html?_=1642287269149&CODE_STATE=getMsg HTTP/1.1" 200 27
120.253.135.82 - - [16/Jan/2022:06:54:09 +0800] "GET /xingrg/all/function/internal_message.html?_=1642287032149&CODE_STATE=getMsg HTTP/1.1" 200 27
222.70.217.149 - - [16/Jan/2022:06:54:20 +0800] "GET /xingrg/all/function/internal_message.html?_=1642287247034&CODE_STATE=getMsg HTTP/1.1" 200 27
180.152.99.39 - - [16/Jan/2022:06:54:23 +0800] "GET /xingrg/all/function/internal_message.html?_=1642287194813&CODE_STATE=getMsg HTTP/1.1" 200 27
180.169.147.146 - - [16/Jan/2022:06:54:35 +0800] "GET /xingrg/all/function/internal_message.html?_=1642287270803&CODE_STATE=getMsg HTTP/1.1" 200 27
120.253.135.82 - - [16/Jan/2022:06:54:39 +0800] "GET /xingrg/all/function/internal_message.html?_=1642287276064&CODE_STATE=getMsg HTTP/1.1" 200 27
114.84.144.24 - - [16/Jan/2022:06:54:57 +0800] "GET /xingrg/all/function/internal_message.html?_=1642287114847&CODE_STATE=getMsg HTTP/1.1" 200 27
120.253.135.82 - - [16/Jan/2022:06:54:58 +0800] "GET /xingrg/check_reg.html?_=1642287081438 HTTP/1.1" 200 22
222.70.243.96 - - [16/Jan/2022:06:55:07 +0800] "GET /xingrg/all/function/internal_message.html?_=1642287325766&CODE_STATE=getMsg HTTP/1.1" 302 -
222.70.243.96 - - [16/Jan/2022:06:55:08 +0800] "GET /xingrg/all/function/internal_message.html?_=1642287329170&CODE_STATE=getMsg HTTP/1.1" 200 27
180.152.99.39 - - [16/Jan/2022:06:55:09 +0800] "GET /xingrg/check_reg.html?_=1642287240862 HTTP/1.1" 200 22
120.253.135.82 - - [16/Jan/2022:06:55:09 +0800] "GET /xingrg/all/function/internal_message.html?_=1642287092156&CODE_STATE=getMsg HTTP/1.1" 200 27
222.70.217.149 - - [16/Jan/2022:06:55:20 +0800] "GET /xingrg/all/function/internal_message.html?_=1642287307039&CODE_STATE=getMsg HTTP/1.1" 200 27
180.152.99.39 - - [16/Jan/2022:06:55:23 +0800] "GET /xingrg/all/function/internal_message.html?_=1642287254824&CODE_STATE=getMsg HTTP/1.1" 200 27
120.253.135.82 - - [16/Jan/2022:06:55:23 +0800] "POST /xingrg/kc/pszx/mdps_list_operate.html HTTP/1.1" 200 2955
120.253.135.82 - - [16/Jan/2022:06:55:29 +0800] "POST /xingrg/kc/pszx/mdps_list_operate.html HTTP/1.1" 200 204
120.253.135.82 - - [16/Jan/2022:06:55:32 +0800] "POST /xingrg/kc/pszx/mdps_list_operate.html HTTP/1.1" 200 5146
120.253.135.82 - - [16/Jan/2022:06:55:35 +0800] "POST /xingrg/kc/pszx/mdps_list_operate.html HTTP/1.1" 200 280
180.169.147.146 - - [16/Jan/2022:06:55:35 +0800] "GET /xingrg/all/function/internal_message.html?_=1642287330793&CODE_STATE=getMsg HTTP/1.1" 200 27
120.253.135.82 - - [16/Jan/2022:06:55:39 +0800] "GET /xingrg/all/function/internal_message.html?_=1642287336073&CODE_STATE=getMsg HTTP/1.1" 200 27
58.40.7.146 - - [16/Jan/2022:06:55:46 +0800] "POST /xingrg/services/DataTransmitService HTTP/1.1" 200 524
114.84.144.24 - - [16/Jan/2022:06:55:57 +0800] "GET /xingrg/all/function/internal_message.html?_=1642287174820&CODE_STATE=getMsg HTTP/1.1" 200 27
222.70.243.96 - - [16/Jan/2022:06:56:07 +0800] "GET /xingrg/all/function/internal_message.html?_=1642287385769&CODE_STATE=getMsg HTTP/1.1" 302 -
222.70.243.96 - - [16/Jan/2022:06:56:08 +0800] "GET /xingrg/all/function/internal_message.html?_=1642287389176&CODE_STATE=getMsg HTTP/1.1" 200 27
120.253.135.82 - - [16/Jan/2022:06:56:09 +0800] "GET /xingrg/all/function/internal_message.html?_=1642287152170&CODE_STATE=getMsg HTTP/1.1" 200 27
222.70.217.149 - - [16/Jan/2022:06:56:20 +0800] "GET /xingrg/all/function/internal_message.html?_=1642287367035&CODE_STATE=getMsg HTTP/1.1" 200 27
180.152.99.39 - - [16/Jan/2022:06:56:23 +0800] "GET /xingrg/all/function/internal_message.html?_=1642287314836&CODE_STATE=getMsg HTTP/1.1" 200 27
180.169.147.146 - - [16/Jan/2022:06:56:35 +0800] "GET /xingrg/all/function/internal_message.html?_=1642287390808&CODE_STATE=getMsg HTTP/1.1" 200 27
120.253.135.82 - - [16/Jan/2022:06:56:39 +0800] "GET /xingrg/all/function/internal_message.html?_=1642287396108&CODE_STATE=getMsg HTTP/1.1" 200 27
120.253.135.82 - - [16/Jan/2022:06:56:45 +0800] "GET /xingrg/kc/pszx/mdqp_order_list.html?state=10 HTTP/1.1" 200 16393
120.253.135.82 - - [16/Jan/2022:06:56:46 +0800] "POST /xingrg/kc/pszx/mdps_list_operate.html HTTP/1.1" 200 5146
120.253.135.82 - - [16/Jan/2022:06:56:46 +0800] "GET /xingrg/dwr/interface/AjaxReportQueryService.js HTTP/1.1" 200 13203
120.253.135.82 - - [16/Jan/2022:06:56:46 +0800] "GET /xingrg/dwr/interface/AjaxQqpsService.js HTTP/1.1" 200 16326
120.253.135.82 - - [16/Jan/2022:06:56:46 +0800] "GET /xingrg/dwr/engine.js HTTP/1.1" 200 43631
120.253.135.82 - - [16/Jan/2022:06:56:51 +0800] "GET /xingrg/kc/pszx/mdqp_order_info.html?code=302022011500381 HTTP/1.1" 200 13338
120.253.135.82 - - [16/Jan/2022:06:56:51 +0800] "GET /xingrg/javascript/jquery-1.4.2.min.js HTTP/1.1" 200 72205
120.253.135.82 - - [16/Jan/2022:06:56:51 +0800] "GET /xingrg/javascript/jquery_easy_ui/easyui-lang-zh_CN.js HTTP/1.1" 200 1900
120.253.135.82 - - [16/Jan/2022:06:56:51 +0800] "GET /xingrg/javascript/ToolTips.js HTTP/1.1" 200 5615
120.253.135.82 - - [16/Jan/2022:06:56:51 +0800] "GET /xingrg/dwr/interface/AjaxComOrderService.js HTTP/1.1" 200 18264
120.253.135.82 - - [16/Jan/2022:06:56:51 +0800] "GET /xingrg/javascript/Grid.js HTTP/1.1" 200 58908
120.253.135.82 - - [16/Jan/2022:06:56:51 +0800] "GET /xingrg/javascript/AjaxInfoList.js HTTP/1.1" 200 3774
120.253.135.82 - - [16/Jan/2022:06:56:51 +0800] "GET /xingrg/javascript/tools/jquery.qtip-1.0.0-rc3.min.js HTTP/1.1" 200 38404
120.253.135.82 - - [16/Jan/2022:06:56:51 +0800] "GET /xingrg/dwr/interface/AjaxQqpsService.js HTTP/1.1" 200 16326
120.253.135.82 - - [16/Jan/2022:06:56:51 +0800] "GET /xingrg/javascript/checkform.js HTTP/1.1" 200 18351
120.253.135.82 - - [16/Jan/2022:06:56:51 +0800] "GET /xingrg/dwr/engine.js HTTP/1.1" 200 43631
120.253.135.82 - - [16/Jan/2022:06:56:51 +0800] "POST /xingrg/dwr/call/plaincall/AjaxQqpsService.loadMaterielItems.dwr HTTP/1.1" 200 363
120.253.135.82 - - [16/Jan/2022:06:56:53 +0800] "GET /xingrg/kc/pszx/mdqp_order_list.html?isBack=1 HTTP/1.1" 302 -
120.253.135.82 - - [16/Jan/2022:06:56:53 +0800] "GET /xingrg/kc/pszx/mdqp_order_list.html?state=10 HTTP/1.1" 200 16393
120.253.135.82 - - [16/Jan/2022:06:56:53 +0800] "GET /xingrg/dwr/interface/AjaxQqpsService.js HTTP/1.1" 200 16326
120.253.135.82 - - [16/Jan/2022:06:56:53 +0800] "GET /xingrg/dwr/interface/AjaxReportQueryService.js HTTP/1.1" 200 13203
120.253.135.82 - - [16/Jan/2022:06:56:53 +0800] "GET /xingrg/dwr/engine.js HTTP/1.1" 200 43631
120.253.135.82 - - [16/Jan/2022:06:56:56 +0800] "GET /xingrg/kc/pszx/mdqp_order_info.html?code=302022011500380 HTTP/1.1" 200 13338
120.253.135.82 - - [16/Jan/2022:06:56:56 +0800] "GET /xingrg/dwr/interface/AjaxComOrderService.js HTTP/1.1" 200 18264
120.253.135.82 - - [16/Jan/2022:06:56:56 +0800] "GET /xingrg/dwr/interface/AjaxQqpsService.js HTTP/1.1" 200 16326
120.253.135.82 - - [16/Jan/2022:06:56:56 +0800] "GET /xingrg/dwr/engine.js HTTP/1.1" 200 43631
120.253.135.82 - - [16/Jan/2022:06:56:57 +0800] "POST /xingrg/dwr/call/plaincall/AjaxQqpsService.loadMaterielItems.dwr HTTP/1.1" 200 13897
114.84.144.24 - - [16/Jan/2022:06:56:57 +0800] "GET /xingrg/all/function/internal_message.html?_=1642287234802&CODE_STATE=getMsg HTTP/1.1" 200 27
120.253.135.82 - - [16/Jan/2022:06:56:58 +0800] "GET /xingrg/images/yd/bt.gif HTTP/1.1" 404 1040
120.253.135.82 - - [16/Jan/2022:06:56:58 +0800] "GET /xingrg/images/yd/bt2.gif HTTP/1.1" 404 1042
222.70.243.96 - - [16/Jan/2022:06:57:07 +0800] "GET /xingrg/all/function/internal_message.html?_=1642287445793&CODE_STATE=getMsg HTTP/1.1" 302 -
222.70.243.96 - - [16/Jan/2022:06:57:08 +0800] "GET /xingrg/all/function/internal_message.html?_=1642287449198&CODE_STATE=getMsg HTTP/1.1" 200 27
120.253.135.82 - - [16/Jan/2022:06:57:09 +0800] "GET /xingrg/all/function/internal_message.html?_=1642287212183&CODE_STATE=getMsg HTTP/1.1" 200 27
120.253.135.82 - - [16/Jan/2022:06:57:14 +0800] "GET /xingrg/kc/pszx/mdqp_order_list.html?isBack=1 HTTP/1.1" 302 -
120.253.135.82 - - [16/Jan/2022:06:57:14 +0800] "GET /xingrg/kc/pszx/mdqp_order_list.html?state=10 HTTP/1.1" 200 16393
120.253.135.82 - - [16/Jan/2022:06:57:14 +0800] "GET /xingrg/dwr/interface/AjaxReportQueryService.js HTTP/1.1" 200 13203
120.253.135.82 - - [16/Jan/2022:06:57:14 +0800] "GET /xingrg/dwr/interface/AjaxQqpsService.js HTTP/1.1" 200 16326
120.253.135.82 - - [16/Jan/2022:06:57:14 +0800] "GET /xingrg/dwr/engine.js HTTP/1.1" 200 43631
120.253.135.82 - - [16/Jan/2022:06:57:17 +0800] "GET /xingrg/kc/pszx/mdqp_order_info.html?code=302022011500392 HTTP/1.1" 200 13338
120.253.135.82 - - [16/Jan/2022:06:57:17 +0800] "GET /xingrg/dwr/interface/AjaxComOrderService.js HTTP/1.1" 200 18264
120.253.135.82 - - [16/Jan/2022:06:57:17 +0800] "GET /xingrg/dwr/interface/AjaxQqpsService.js HTTP/1.1" 200 16326
120.253.135.82 - - [16/Jan/2022:06:57:17 +0800] "GET /xingrg/dwr/engine.js HTTP/1.1" 200 43631
120.253.135.82 - - [16/Jan/2022:06:57:17 +0800] "POST /xingrg/dwr/call/plaincall/AjaxQqpsService.loadMaterielItems.dwr HTTP/1.1" 200 7870
120.253.135.82 - - [16/Jan/2022:06:57:20 +0800] "GET /xingrg/images/yd/bt.gif HTTP/1.1" 404 1040
120.253.135.82 - - [16/Jan/2022:06:57:20 +0800] "GET /xingrg/images/yd/bt2.gif HTTP/1.1" 404 1042
222.70.217.149 - - [16/Jan/2022:06:57:20 +0800] "GET /xingrg/all/function/internal_message.html?_=1642287427041&CODE_STATE=getMsg HTTP/1.1" 200 27
222.70.217.149 - - [16/Jan/2022:06:57:20 +0800] "GET /xingrg/check_reg.html?_=1642287427044 HTTP/1.1" 200 22
120.253.135.82 - - [16/Jan/2022:06:57:21 +0800] "GET /xingrg/check_reg.html?_=1642287438565 HTTP/1.1" 200 22
180.152.99.39 - - [16/Jan/2022:06:57:23 +0800] "GET /xingrg/all/function/internal_message.html?_=1642287374881&CODE_STATE=getMsg HTTP/1.1" 200 27
180.169.147.146 - - [16/Jan/2022:06:57:35 +0800] "GET /xingrg/all/function/internal_message.html?_=1642287450802&CODE_STATE=getMsg HTTP/1.1" 200 27
120.253.135.82 - - [16/Jan/2022:06:57:39 +0800] "GET /xingrg/all/function/internal_message.html?_=1642287456115&CODE_STATE=getMsg HTTP/1.1" 200 27
120.253.135.82 - - [16/Jan/2022:06:57:50 +0800] "GET /xingrg/kc/pszx/mdqp_order_list.html?isBack=1 HTTP/1.1" 302 -
120.253.135.82 - - [16/Jan/2022:06:57:50 +0800] "GET /xingrg/kc/pszx/mdqp_order_list.html?state=10 HTTP/1.1" 200 16393
120.253.135.82 - - [16/Jan/2022:06:57:50 +0800] "GET /xingrg/dwr/interface/AjaxQqpsService.js HTTP/1.1" 200 16326
120.253.135.82 - - [16/Jan/2022:06:57:50 +0800] "GET /xingrg/dwr/interface/AjaxReportQueryService.js HTTP/1.1" 200 13203
120.253.135.82 - - [16/Jan/2022:06:57:50 +0800] "GET /xingrg/dwr/engine.js HTTP/1.1" 200 43631
222.70.243.96 - - [16/Jan/2022:06:57:53 +0800] "GET /xingrg/check_reg.html?_=1642287492026 HTTP/1.1" 302 -
120.253.135.82 - - [16/Jan/2022:06:57:55 +0800] "GET /xingrg/kc/pszx/mdqp_order_info.html?code=302022011500392 HTTP/1.1" 200 13338
120.253.135.82 - - [16/Jan/2022:06:57:55 +0800] "GET /xingrg/dwr/interface/AjaxQqpsService.js HTTP/1.1" 200 16326
120.253.135.82 - - [16/Jan/2022:06:57:55 +0800] "GET /xingrg/dwr/interface/AjaxComOrderService.js HTTP/1.1" 200 18264
120.253.135.82 - - [16/Jan/2022:06:57:55 +0800] "GET /xingrg/dwr/engine.js HTTP/1.1" 200 43631
120.253.135.82 - - [16/Jan/2022:06:57:56 +0800] "POST /xingrg/dwr/call/plaincall/AjaxQqpsService.loadMaterielItems.dwr HTTP/1.1" 200 7870
114.84.144.24 - - [16/Jan/2022:06:57:57 +0800] "GET /xingrg/all/function/internal_message.html?_=1642287294780&CODE_STATE=getMsg HTTP/1.1" 200 27
120.253.135.82 - - [16/Jan/2022:06:57:59 +0800] "GET /xingrg/kc/pszx/mdqp_order_list.html?isBack=1 HTTP/1.1" 302 -
120.253.135.82 - - [16/Jan/2022:06:57:59 +0800] "GET /xingrg/kc/pszx/mdqp_order_list.html?state=10 HTTP/1.1" 200 16393
120.253.135.82 - - [16/Jan/2022:06:57:59 +0800] "GET /xingrg/dwr/interface/AjaxQqpsService.js HTTP/1.1" 200 16326
120.253.135.82 - - [16/Jan/2022:06:57:59 +0800] "GET /xingrg/dwr/interface/AjaxReportQueryService.js HTTP/1.1" 200 13203
120.253.135.82 - - [16/Jan/2022:06:57:59 +0800] "GET /xingrg/dwr/engine.js HTTP/1.1" 200 43631
222.70.243.96 - - [16/Jan/2022:06:58:00 +0800] "GET /xingrg/check_reg.html?_=1642287501668 HTTP/1.1" 200 22
120.253.135.82 - - [16/Jan/2022:06:58:04 +0800] "GET /xingrg/kc/pszx/mdqp_order_info.html?code=302022011500388 HTTP/1.1" 200 13338
120.253.135.82 - - [16/Jan/2022:06:58:04 +0800] "GET /xingrg/dwr/interface/AjaxComOrderService.js HTTP/1.1" 200 18264
120.253.135.82 - - [16/Jan/2022:06:58:04 +0800] "GET /xingrg/dwr/interface/AjaxQqpsService.js HTTP/1.1" 200 16326
120.253.135.82 - - [16/Jan/2022:06:58:04 +0800] "GET /xingrg/dwr/engine.js HTTP/1.1" 200 43631
120.253.135.82 - - [16/Jan/2022:06:58:05 +0800] "POST /xingrg/dwr/call/plaincall/AjaxQqpsService.loadMaterielItems.dwr HTTP/1.1" 200 1540
222.70.243.96 - - [16/Jan/2022:06:58:07 +0800] "GET /xingrg/all/function/internal_message.html?_=1642287505797&CODE_STATE=getMsg HTTP/1.1" 302 -
222.70.243.96 - - [16/Jan/2022:06:58:08 +0800] "GET /xingrg/all/function/internal_message.html?_=1642287509202&CODE_STATE=getMsg HTTP/1.1" 200 27
120.253.135.82 - - [16/Jan/2022:06:58:09 +0800] "GET /xingrg/all/function/internal_message.html?_=1642287272196&CODE_STATE=getMsg HTTP/1.1" 200 27
120.253.135.82 - - [16/Jan/2022:06:58:12 +0800] "GET /xingrg/kc/pszx/mdqp_order_list.html?isBack=1 HTTP/1.1" 302 -
120.253.135.82 - - [16/Jan/2022:06:58:12 +0800] "GET /xingrg/kc/pszx/mdqp_order_list.html?state=10 HTTP/1.1" 200 16393
120.253.135.82 - - [16/Jan/2022:06:58:12 +0800] "GET /xingrg/dwr/interface/AjaxReportQueryService.js HTTP/1.1" 200 13203
120.253.135.82 - - [16/Jan/2022:06:58:12 +0800] "GET /xingrg/dwr/interface/AjaxQqpsService.js HTTP/1.1" 200 16326
120.253.135.82 - - [16/Jan/2022:06:58:12 +0800] "GET /xingrg/dwr/engine.js HTTP/1.1" 200 43631
114.84.144.24 - - [16/Jan/2022:06:58:16 +0800] "GET /xingrg/check_reg.html?_=1642287314023 HTTP/1.1" 200 22
120.253.135.82 - - [16/Jan/2022:06:58:17 +0800] "GET /xingrg/kc/pszx/mdqp_order_info.html?code=302022011500387 HTTP/1.1" 200 13338
120.253.135.82 - - [16/Jan/2022:06:58:17 +0800] "GET /xingrg/dwr/interface/AjaxComOrderService.js HTTP/1.1" 200 18264
120.253.135.82 - - [16/Jan/2022:06:58:17 +0800] "GET /xingrg/dwr/interface/AjaxQqpsService.js HTTP/1.1" 200 16326
120.253.135.82 - - [16/Jan/2022:06:58:17 +0800] "GET /xingrg/dwr/engine.js HTTP/1.1" 200 43631
120.253.135.82 - - [16/Jan/2022:06:58:17 +0800] "POST /xingrg/dwr/call/plaincall/AjaxQqpsService.loadMaterielItems.dwr HTTP/1.1" 200 439
120.253.135.82 - - [16/Jan/2022:06:58:20 +0800] "GET /xingrg/kc/pszx/mdqp_order_list.html?isBack=1 HTTP/1.1" 302 -
120.253.135.82 - - [16/Jan/2022:06:58:20 +0800] "GET /xingrg/kc/pszx/mdqp_order_list.html?state=10 HTTP/1.1" 200 16393
120.253.135.82 - - [16/Jan/2022:06:58:20 +0800] "GET /xingrg/dwr/interface/AjaxReportQueryService.js HTTP/1.1" 200 13203
120.253.135.82 - - [16/Jan/2022:06:58:20 +0800] "GET /xingrg/dwr/interface/AjaxQqpsService.js HTTP/1.1" 200 16326
120.253.135.82 - - [16/Jan/2022:06:58:20 +0800] "GET /xingrg/dwr/engine.js HTTP/1.1" 200 43631
222.70.217.149 - - [16/Jan/2022:06:58:20 +0800] "GET /xingrg/all/function/internal_message.html?_=1642287487034&CODE_STATE=getMsg HTTP/1.1" 200 27
180.171.135.84 - - [16/Jan/2022:06:58:21 +0800] "POST /xingrg/services/DataTransmitService HTTP/1.1" 200 524
180.152.99.39 - - [16/Jan/2022:06:58:23 +0800] "GET /xingrg/all/function/internal_message.html?_=1642287434896&CODE_STATE=getMsg HTTP/1.1" 200 27
120.253.135.82 - - [16/Jan/2022:06:58:25 +0800] "GET /xingrg/kc/pszx/mdqp_order_info.html?code=302022011500386 HTTP/1.1" 200 13338
120.253.135.82 - - [16/Jan/2022:06:58:25 +0800] "GET /xingrg/dwr/interface/AjaxComOrderService.js HTTP/1.1" 200 18264
120.253.135.82 - - [16/Jan/2022:06:58:25 +0800] "GET /xingrg/dwr/interface/AjaxQqpsService.js HTTP/1.1" 200 16326
120.253.135.82 - - [16/Jan/2022:06:58:25 +0800] "GET /xingrg/dwr/engine.js HTTP/1.1" 200 43631
120.253.135.82 - - [16/Jan/2022:06:58:25 +0800] "POST /xingrg/dwr/call/plaincall/AjaxQqpsService.loadMaterielItems.dwr HTTP/1.1" 200 329
120.253.135.82 - - [16/Jan/2022:06:58:28 +0800] "GET /xingrg/kc/pszx/mdqp_order_list.html?isBack=1 HTTP/1.1" 302 -
120.253.135.82 - - [16/Jan/2022:06:58:28 +0800] "GET /xingrg/kc/pszx/mdqp_order_list.html?state=10 HTTP/1.1" 200 16393
120.253.135.82 - - [16/Jan/2022:06:58:28 +0800] "GET /xingrg/dwr/interface/AjaxReportQueryService.js HTTP/1.1" 200 13203
120.253.135.82 - - [16/Jan/2022:06:58:28 +0800] "GET /xingrg/dwr/interface/AjaxQqpsService.js HTTP/1.1" 200 16326
120.253.135.82 - - [16/Jan/2022:06:58:28 +0800] "GET /xingrg/dwr/engine.js HTTP/1.1" 200 43631
180.171.135.84 - - [16/Jan/2022:06:58:31 +0800] "POST /xingrg/services/DataTransmitService HTTP/1.1" 200 501
180.171.135.84 - - [16/Jan/2022:06:58:31 +0800] "POST /xingrg/services/DataTransmitService HTTP/1.1" 200 501
180.171.135.84 - - [16/Jan/2022:06:58:32 +0800] "POST /xingrg/services/DataTransmitService HTTP/1.1" 200 501
180.171.135.84 - - [16/Jan/2022:06:58:32 +0800] "POST /xingrg/services/DataTransmitService HTTP/1.1" 500 1621
120.253.135.82 - - [16/Jan/2022:06:58:34 +0800] "GET /xingrg/kc/pszx/mdqp_order_info.html?code=302022011500371 HTTP/1.1" 200 13338
120.253.135.82 - - [16/Jan/2022:06:58:34 +0800] "GET /xingrg/dwr/interface/AjaxComOrderService.js HTTP/1.1" 200 18264
120.253.135.82 - - [16/Jan/2022:06:58:34 +0800] "GET /xingrg/dwr/interface/AjaxQqpsService.js HTTP/1.1" 200 16326
120.253.135.82 - - [16/Jan/2022:06:58:34 +0800] "GET /xingrg/dwr/engine.js HTTP/1.1" 200 43631
120.253.135.82 - - [16/Jan/2022:06:58:35 +0800] "POST /xingrg/dwr/call/plaincall/AjaxQqpsService.loadMaterielItems.dwr HTTP/1.1" 200 6896
180.169.147.146 - - [16/Jan/2022:06:58:35 +0800] "GET /xingrg/all/function/internal_message.html?_=1642287510799&CODE_STATE=getMsg HTTP/1.1" 200 27
180.169.147.146 - - [16/Jan/2022:06:58:35 +0800] "GET /xingrg/check_reg.html?_=1642287510801 HTTP/1.1" 200 22
120.253.135.82 - - [16/Jan/2022:06:58:39 +0800] "GET /xingrg/all/function/internal_message.html?_=1642287516129&CODE_STATE=getMsg HTTP/1.1" 200 27
114.84.144.24 - - [16/Jan/2022:06:58:57 +0800] "GET /xingrg/all/function/internal_message.html?_=1642287354760&CODE_STATE=getMsg HTTP/1.1" 200 27
120.253.135.82 - - [16/Jan/2022:06:59:07 +0800] "GET /xingrg/kc/pszx/mdqp_order_list.html?isBack=1 HTTP/1.1" 302 -
120.253.135.82 - - [16/Jan/2022:06:59:07 +0800] "GET /xingrg/kc/pszx/mdqp_order_list.html?state=10 HTTP/1.1" 200 16393
222.70.243.96 - - [16/Jan/2022:06:59:07 +0800] "GET /xingrg/all/function/internal_message.html?_=1642287565819&CODE_STATE=getMsg HTTP/1.1" 302 -
120.253.135.82 - - [16/Jan/2022:06:59:07 +0800] "GET /xingrg/dwr/interface/AjaxReportQueryService.js HTTP/1.1" 200 13203
120.253.135.82 - - [16/Jan/2022:06:59:07 +0800] "GET /xingrg/dwr/interface/AjaxQqpsService.js HTTP/1.1" 200 16326
120.253.135.82 - - [16/Jan/2022:06:59:07 +0800] "GET /xingrg/dwr/engine.js HTTP/1.1" 200 43631
222.70.243.96 - - [16/Jan/2022:06:59:08 +0800] "GET /xingrg/all/function/internal_message.html?_=1642287569216&CODE_STATE=getMsg HTTP/1.1" 200 27
120.253.135.82 - - [16/Jan/2022:06:59:09 +0800] "GET /xingrg/all/function/internal_message.html?_=1642287332210&CODE_STATE=getMsg HTTP/1.1" 200 27
120.253.135.82 - - [16/Jan/2022:06:59:11 +0800] "GET /xingrg/kc/pszx/jzcl_ps.html HTTP/1.1" 200 7683
120.253.135.82 - - [16/Jan/2022:06:59:11 +0800] "GET /xingrg/javascript/step/step.css HTTP/1.1" 200 999
120.253.135.82 - - [16/Jan/2022:06:59:11 +0800] "GET /xingrg/css/table.css HTTP/1.1" 200 3684
120.253.135.82 - - [16/Jan/2022:06:59:11 +0800] "POST /xingrg/all/common/load_tree.html?tree=area_rest_tree_json HTTP/1.1" 200 3472
120.253.135.82 - - [16/Jan/2022:06:59:11 +0800] "POST /xingrg/kc/pszx/jzcl_ps_operate.html HTTP/1.1" 200 11990
120.253.135.82 - - [16/Jan/2022:06:59:11 +0800] "POST /xingrg/kc/pszx/jzcl_ps_operate.html HTTP/1.1" 200 11990
222.70.217.149 - - [16/Jan/2022:06:59:20 +0800] "GET /xingrg/all/function/internal_message.html?_=1642287547042&CODE_STATE=getMsg HTTP/1.1" 200 27
180.152.99.39 - - [16/Jan/2022:06:59:23 +0800] "GET /xingrg/all/function/internal_message.html?_=1642287494943&CODE_STATE=getMsg HTTP/1.1" 200 27
120.253.135.82 - - [16/Jan/2022:06:59:34 +0800] "POST /xingrg/kc/pszx/jzcl_ps_operate.html HTTP/1.1" 200 4
120.253.135.82 - - [16/Jan/2022:06:59:35 +0800] "GET /xingrg/javascript/step/images/navBtn.gif HTTP/1.1" 200 361
180.169.147.146 - - [16/Jan/2022:06:59:35 +0800] "GET /xingrg/all/function/internal_message.html?_=1642287570798&CODE_STATE=getMsg HTTP/1.1" 200 27
120.253.135.82 - - [16/Jan/2022:06:59:39 +0800] "GET /xingrg/all/function/internal_message.html?_=1642287576159&CODE_STATE=getMsg HTTP/1.1" 200 27
114.84.144.24 - - [16/Jan/2022:06:59:57 +0800] "GET /xingrg/all/function/internal_message.html?_=1642287414733&CODE_STATE=getMsg HTTP/1.1" 200 27
120.253.135.82 - - [16/Jan/2022:06:59:58 +0800] "GET /xingrg/kc/pszx/mdps_order_list.html HTTP/1.1" 200 20925
120.253.135.82 - - [16/Jan/2022:06:59:59 +0800] "GET /xingrg/javascript/easyui/themes/icons/import_new.png HTTP/1.1" 200 1247
120.253.135.82 - - [16/Jan/2022:06:59:59 +0800] "POST /xingrg/kc/pszx/mdps_list_operate.html HTTP/1.1" 200 5380
120.253.135.82 - - [16/Jan/2022:06:59:59 +0800] "GET /xingrg/check_reg.html?_=1642287382750 HTTP/1.1" 200 22
120.253.135.82 - - [16/Jan/2022:07:00:05 +0800] "GET /xingrg/kc/pszx/mdqp_order_list.html?state=10 HTTP/1.1" 200 16405
120.253.135.82 - - [16/Jan/2022:07:00:05 +0800] "GET /xingrg/dwr/interface/AjaxReportQueryService.js HTTP/1.1" 200 13203
120.253.135.82 - - [16/Jan/2022:07:00:05 +0800] "GET /xingrg/dwr/interface/AjaxQqpsService.js HTTP/1.1" 200 16326
120.253.135.82 - - [16/Jan/2022:07:00:05 +0800] "GET /xingrg/dwr/engine.js HTTP/1.1" 200 43631
180.152.99.39 - - [16/Jan/2022:07:00:09 +0800] "GET /xingrg/check_reg.html?_=1642287540871 HTTP/1.1" 200 22
120.253.135.82 - - [16/Jan/2022:07:00:09 +0800] "GET /xingrg/all/function/internal_message.html?_=1642287392225&CODE_STATE=getMsg HTTP/1.1" 200 27
120.253.135.82 - - [16/Jan/2022:07:00:10 +0800] "GET /xingrg/kc/pszx/mdps_order_list.html?orderType=0 HTTP/1.1" 200 20925
120.253.135.82 - - [16/Jan/2022:07:00:11 +0800] "POST /xingrg/kc/pszx/mdps_list_operate.html HTTP/1.1" 200 5380
120.253.135.82 - - [16/Jan/2022:07:00:16 +0800] "POST /xingrg/kc/pszx/mdps_list_operate.html HTTP/1.1" 200 4221
222.70.217.149 - - [16/Jan/2022:07:00:20 +0800] "GET /xingrg/all/function/internal_message.html?_=1642287607031&CODE_STATE=getMsg HTTP/1.1" 200 27
120.253.135.82 - - [16/Jan/2022:07:00:21 +0800] "POST /xingrg/kc/pszx/mdps_list_operate.html HTTP/1.1" 200 380
180.152.99.39 - - [16/Jan/2022:07:00:23 +0800] "GET /xingrg/all/function/internal_message.html?_=1642287554954&CODE_STATE=getMsg HTTP/1.1" 200 27
120.253.135.82 - - [16/Jan/2022:07:00:23 +0800] "GET /xingrg/kc/pszx/mdps_order_info.html?code=312022011200455 HTTP/1.1" 200 23925
120.253.135.82 - - [16/Jan/2022:07:00:23 +0800] "GET /xingrg/javascript/easyui/themes/default/validatebox.css HTTP/1.1" 404 1104
120.253.135.82 - - [16/Jan/2022:07:00:23 +0800] "POST /xingrg/kc/pszx/mdps_order_operate.html HTTP/1.1" 200 3313
120.253.135.82 - - [16/Jan/2022:07:00:32 +0800] "GET /xingrg/kc/pszx/mdps_order_info.html?code=312022011200455 HTTP/1.1" 200 23925
120.253.135.82 - - [16/Jan/2022:07:00:33 +0800] "GET /xingrg/javascript/easyui/themes/default/validatebox.css HTTP/1.1" 404 1104
120.253.135.82 - - [16/Jan/2022:07:00:33 +0800] "POST /xingrg/kc/pszx/mdps_order_operate.html HTTP/1.1" 200 3313
180.169.147.146 - - [16/Jan/2022:07:00:35 +0800] "GET /xingrg/all/function/internal_message.html?_=1642287630813&CODE_STATE=getMsg HTTP/1.1" 200 27
120.253.135.82 - - [16/Jan/2022:07:00:39 +0800] "GET /xingrg/all/function/internal_message.html?_=1642287636171&CODE_STATE=getMsg HTTP/1.1" 200 27
120.253.135.82 - - [16/Jan/2022:07:00:40 +0800] "POST /xingrg/kc/pszx/mdps_order_operate.html HTTP/1.1" 200 37
120.253.135.82 - - [16/Jan/2022:07:00:41 +0800] "GET /xingrg/kc/pszx/mdps_order_info.html?code=312022011200455 HTTP/1.1" 200 23925
120.253.135.82 - - [16/Jan/2022:07:00:42 +0800] "GET /xingrg/javascript/easyui/themes/default/validatebox.css HTTP/1.1" 404 1104
120.253.135.82 - - [16/Jan/2022:07:00:42 +0800] "POST /xingrg/kc/pszx/mdps_order_operate.html HTTP/1.1" 200 3313
120.253.135.82 - - [16/Jan/2022:07:00:45 +0800] "POST /xingrg/kc/pszx/mdps_list_operate.html HTTP/1.1" 200 4221
218.81.223.227 - - [16/Jan/2022:07:00:47 +0800] "GET /xingrg/all/function/internal_message.html?_=1642287625824&CODE_STATE=getMsg HTTP/1.1" 302 -
116.237.73.232 - - [16/Jan/2022:07:00:56 +0800] "POST /xingrg/services/DataTransmitService HTTP/1.1" 200 524
114.84.144.24 - - [16/Jan/2022:07:00:57 +0800] "GET /xingrg/all/function/internal_message.html?_=1642287474706&CODE_STATE=getMsg HTTP/1.1" 200 27
222.70.243.96 - - [16/Jan/2022:07:00:59 +0800] "GET /xingrg/all/function/internal_message.html?_=1642287629239&CODE_STATE=getMsg HTTP/1.1" 200 27
180.152.99.39 - - [16/Jan/2022:07:01:05 +0800] "POST /xingrg/services/DataTransmitService HTTP/1.1" 200 524
218.81.223.227 - - [16/Jan/2022:07:01:07 +0800] "GET /xingrg/all/function/internal_message.html?_=1642287685847&CODE_STATE=getMsg HTTP/1.1" 302 -
222.70.243.96 - - [16/Jan/2022:07:01:08 +0800] "GET /xingrg/all/function/internal_message.html?_=1642287689243&CODE_STATE=getMsg HTTP/1.1" 200 27
120.253.135.82 - - [16/Jan/2022:07:01:09 +0800] "GET /xingrg/all/function/internal_message.html?_=1642287452377&CODE_STATE=getMsg HTTP/1.1" 200 27
222.70.217.149 - - [16/Jan/2022:07:01:20 +0800] "GET /xingrg/all/function/internal_message.html?_=1642287667046&CODE_STATE=getMsg HTTP/1.1" 200 27
180.152.99.39 - - [16/Jan/2022:07:01:23 +0800] "GET /xingrg/all/function/internal_message.html?_=1642287614967&CODE_STATE=getMsg HTTP/1.1" 200 27
180.169.147.146 - - [16/Jan/2022:07:01:35 +0800] "GET /xingrg/all/function/internal_message.html?_=1642287690802&CODE_STATE=getMsg HTTP/1.1" 200 27
120.253.135.82 - - [16/Jan/2022:07:01:39 +0800] "GET /xingrg/all/function/internal_message.html?_=1642287696205&CODE_STATE=getMsg HTTP/1.1" 200 27
222.70.217.149 - - [16/Jan/2022:07:01:46 +0800] "POST /xingrg/services/DataTransmitService HTTP/1.1" 200 524
114.84.144.24 - - [16/Jan/2022:07:01:57 +0800] "GET /xingrg/all/function/internal_message.html?_=1642287534687&CODE_STATE=getMsg HTTP/1.1" 200 27
222.70.182.25 - - [16/Jan/2022:07:02:05 +0800] "POST /xingrg/services/DataTransmitService HTTP/1.1" 200 524
218.81.223.227 - - [16/Jan/2022:07:02:07 +0800] "GET /xingrg/all/function/internal_message.html?_=1642287745851&CODE_STATE=getMsg HTTP/1.1" 302 -
222.70.243.96 - - [16/Jan/2022:07:02:08 +0800] "GET /xingrg/all/function/internal_message.html?_=1642287749266&CODE_STATE=getMsg HTTP/1.1" 200 27
120.253.135.82 - - [16/Jan/2022:07:02:09 +0800] "GET /xingrg/all/function/internal_message.html?_=1642287512391&CODE_STATE=getMsg HTTP/1.1" 200 27
120.253.135.82 - - [16/Jan/2022:07:02:16 +0800] "POST /xingrg/kc/pszx/mdps_list_operate.html HTTP/1.1" 200 380
120.253.135.82 - - [16/Jan/2022:07:02:18 +0800] "GET /xingrg/kc/pszx/mdps_order_info.html?code=312022011200455 HTTP/1.1" 200 23925
120.253.135.82 - - [16/Jan/2022:07:02:18 +0800] "GET /xingrg/javascript/easyui/themes/default/validatebox.css HTTP/1.1" 404 1104
120.253.135.82 - - [16/Jan/2022:07:02:18 +0800] "POST /xingrg/kc/pszx/mdps_order_operate.html HTTP/1.1" 200 3313
222.70.217.149 - - [16/Jan/2022:07:02:20 +0800] "GET /xingrg/check_reg.html?_=1642287727047 HTTP/1.1" 200 22
222.70.217.149 - - [16/Jan/2022:07:02:20 +0800] "GET /xingrg/all/function/internal_message.html?_=1642287727051&CODE_STATE=getMsg HTTP/1.1" 200 27
120.253.135.82 - - [16/Jan/2022:07:02:21 +0800] "POST /xingrg/kc/pszx/mdps_list_operate.html HTTP/1.1" 200 4221
120.253.135.82 - - [16/Jan/2022:07:02:22 +0800] "GET /xingrg/check_reg.html?_=1642287738571 HTTP/1.1" 200 22
120.253.135.82 - - [16/Jan/2022:07:02:22 +0800] "POST /xingrg/kc/pszx/mdps_list_operate.html HTTP/1.1" 200 668
120.253.135.82 - - [16/Jan/2022:07:02:22 +0800] "GET /xingrg/kc/pszx/mdps_order_info.html?code=312022011600533 HTTP/1.1" 200 23925
180.152.99.39 - - [16/Jan/2022:07:02:23 +0800] "GET /xingrg/all/function/internal_message.html?_=1642287675011&CODE_STATE=getMsg HTTP/1.1" 200 27
120.253.135.82 - - [16/Jan/2022:07:02:23 +0800] "GET /xingrg/javascript/easyui/themes/default/validatebox.css HTTP/1.1" 404 1104
120.253.135.82 - - [16/Jan/2022:07:02:23 +0800] "POST /xingrg/kc/pszx/mdps_order_operate.html HTTP/1.1" 200 23945
120.253.135.82 - - [16/Jan/2022:07:02:26 +0800] "POST /xingrg/kc/pszx/mdps_order_operate.html HTTP/1.1" 200 37
120.253.135.82 - - [16/Jan/2022:07:02:27 +0800] "GET /xingrg/kc/pszx/mdps_order_info.html?code=312022011600533 HTTP/1.1" 200 23925
120.253.135.82 - - [16/Jan/2022:07:02:28 +0800] "GET /xingrg/javascript/easyui/themes/default/validatebox.css HTTP/1.1" 404 1104
120.253.135.82 - - [16/Jan/2022:07:02:28 +0800] "POST /xingrg/kc/pszx/mdps_order_operate.html HTTP/1.1" 200 24300
120.253.135.82 - - [16/Jan/2022:07:02:35 +0800] "GET /xingrg/kc/buy/buy_main.html HTTP/1.1" 200 12341
120.253.135.82 - - [16/Jan/2022:07:02:35 +0800] "GET /xingrg/javascript/jquery_ui/jquery-ui.min.js HTTP/1.1" 200 186181
120.253.135.82 - - [16/Jan/2022:07:02:35 +0800] "GET /xingrg/css/new_ie.css HTTP/1.1" 404 1036
120.253.135.82 - - [16/Jan/2022:07:02:35 +0800] "POST /xingrg/kc/pszx/mdps_list_operate.html HTTP/1.1" 200 4221
120.253.135.82 - - [16/Jan/2022:07:02:35 +0800] "GET /xingrg/javascript/jquery_ui/themes/humanity/humanity.css HTTP/1.1" 200 27801
120.253.135.82 - - [16/Jan/2022:07:02:35 +0800] "GET /xingrg/images/blue/button/cgshd.gif HTTP/1.1" 200 2618
120.253.135.82 - - [16/Jan/2022:07:02:35 +0800] "GET /xingrg/images/blue/button/cgxqd.gif HTTP/1.1" 200 2619
120.253.135.82 - - [16/Jan/2022:07:02:35 +0800] "GET /xingrg/images/blue/button/cgydd.gif HTTP/1.1" 200 2712
120.253.135.82 - - [16/Jan/2022:07:02:35 +0800] "GET /xingrg/images/blue/button/cgfkd.gif HTTP/1.1" 200 2075
120.253.135.82 - - [16/Jan/2022:07:02:35 +0800] "GET /xingrg/javascript/jquery_ui/themes/humanity/images/ui-bg_inset-soft_100_f4f0ec_1x100.png HTTP/1.1" 200 141
120.253.135.82 - - [16/Jan/2022:07:02:35 +0800] "GET /xingrg/images/blue/button/ckthd.gif HTTP/1.1" 200 2045
120.253.135.82 - - [16/Jan/2022:07:02:35 +0800] "GET /xingrg/images/blue/button/kc.gif HTTP/1.1" 200 2160
120.253.135.82 - - [16/Jan/2022:07:02:35 +0800] "GET /xingrg/images/blue/pic_form2.gif HTTP/1.1" 200 1853
120.253.135.82 - - [16/Jan/2022:07:02:35 +0800] "GET /xingrg/images/blue/bg_dotted.jpg HTTP/1.1" 200 319
120.253.135.82 - - [16/Jan/2022:07:02:35 +0800] "GET /xingrg/images/blue/button/right_ah.jpg HTTP/1.1" 200 1744
120.253.135.82 - - [16/Jan/2022:07:02:35 +0800] "GET /xingrg/images/blue/button/down_ah.jpg HTTP/1.1" 200 1732
120.253.135.82 - - [16/Jan/2022:07:02:35 +0800] "GET /xingrg/javascript/jquery_ui/themes/humanity/images/ui-icons_ffffff_256x240.png HTTP/1.1" 200 4369
120.253.135.82 - - [16/Jan/2022:07:02:35 +0800] "GET /xingrg/javascript/jquery_ui/themes/humanity/images/ui-iconsnew.jpg HTTP/1.1" 200 337
120.253.135.82 - - [16/Jan/2022:07:02:35 +0800] "GET /xingrg/javascript/jquery_ui/themes/humanity/images/ui-icons_c47a23_256x240.png HTTP/1.1" 200 5355
120.253.135.82 - - [16/Jan/2022:07:02:35 +0800] "GET /xingrg/javascript/jquery_ui/themes/humanity/images/ui-bg_glass_70_ede4d4_1x400.png HTTP/1.1" 200 161
180.169.147.146 - - [16/Jan/2022:07:02:35 +0800] "GET /xingrg/all/function/internal_message.html?_=1642287750800&CODE_STATE=getMsg HTTP/1.1" 200 27
120.253.135.82 - - [16/Jan/2022:07:02:36 +0800] "GET /xingrg/images/yd/bt.gif HTTP/1.1" 404 1040
120.253.135.82 - - [16/Jan/2022:07:02:37 +0800] "GET /xingrg/kc/buy/cgsh_order_list.html HTTP/1.1" 200 49588
120.253.135.82 - - [16/Jan/2022:07:02:38 +0800] "POST /xingrg/kc/buy/cgsh_list_operate.html HTTP/1.1" 200 876
120.253.135.82 - - [16/Jan/2022:07:02:39 +0800] "GET /xingrg/kc/buy/cgsh_order_add.html HTTP/1.1" 200 64380
120.253.135.82 - - [16/Jan/2022:07:02:39 +0800] "GET /xingrg/all/function/internal_message.html?_=1642287756214&CODE_STATE=getMsg HTTP/1.1" 200 27
120.253.135.82 - - [16/Jan/2022:07:02:39 +0800] "GET /xingrg/javascript/easyui/themes/icons/template_new.png HTTP/1.1" 200 3956
120.253.135.82 - - [16/Jan/2022:07:02:39 +0800] "POST /xingrg/kc/buy/cgsh_order_operate.html HTTP/1.1" 200 8245
120.253.135.82 - - [16/Jan/2022:07:02:40 +0800] "GET /xingrg/all/common/auto_word.html?type=employee&rest_code=00101 HTTP/1.1" 200 923
120.253.135.82 - - [16/Jan/2022:07:02:40 +0800] "GET /xingrg/all/common/auto_word.html?type=employee&rest_code=00101 HTTP/1.1" 200 923
120.253.135.82 - - [16/Jan/2022:07:02:40 +0800] "GET /xingrg/javascript/easyui/themes/default/validatebox.css HTTP/1.1" 404 1104
218.81.223.227 - - [16/Jan/2022:07:02:53 +0800] "GET /xingrg/check_reg.html?_=1642287792037 HTTP/1.1" 302 -
114.84.144.24 - - [16/Jan/2022:07:02:57 +0800] "GET /xingrg/all/function/internal_message.html?_=1642287594669&CODE_STATE=getMsg HTTP/1.1" 200 27
120.253.135.82 - - [16/Jan/2022:07:02:59 +0800] "GET /xingrg/kc/buy/cgsh_order_operate.html?command=get_materiel&rest_code=00101&code=00101019127&supplier_code=&order_time=2022-01-16 HTTP/1.1" 200 465
222.70.243.96 - - [16/Jan/2022:07:03:00 +0800] "GET /xingrg/check_reg.html?_=1642287801674 HTTP/1.1" 200 22
120.253.135.82 - - [16/Jan/2022:07:03:01 +0800] "POST /xingrg/all/common/load_select.html HTTP/1.1" 200 25
120.253.135.82 - - [16/Jan/2022:07:03:05 +0800] "GET /xingrg/kc/buy/cgsh_order_operate.html?command=get_materiel_price&rest_code=00101&code=00101019127&unit_code=00100189&supplier_code=&order_time=2022-01-16 HTTP/1.1" 200 29
218.81.223.227 - - [16/Jan/2022:07:03:07 +0800] "GET /xingrg/all/function/internal_message.html?_=1642287805872&CODE_STATE=getMsg HTTP/1.1" 302 -
222.70.243.96 - - [16/Jan/2022:07:03:08 +0800] "GET /xingrg/all/function/internal_message.html?_=1642287809271&CODE_STATE=getMsg HTTP/1.1" 200 27
120.253.135.82 - - [16/Jan/2022:07:03:09 +0800] "GET /xingrg/all/function/internal_message.html?_=1642287572405&CODE_STATE=getMsg HTTP/1.1" 200 27
120.253.135.82 - - [16/Jan/2022:07:03:12 +0800] "GET /xingrg/kc/pszx/mdps_order_list.html?orderType=0 HTTP/1.1" 200 20925
120.253.135.82 - - [16/Jan/2022:07:03:13 +0800] "POST /xingrg/kc/pszx/mdps_list_operate.html HTTP/1.1" 200 5379
120.253.135.82 - - [16/Jan/2022:07:03:13 +0800] "POST /xingrg/kc/buy/cgsh_list_operate.html HTTP/1.1" 200 876
114.84.144.24 - - [16/Jan/2022:07:03:16 +0800] "GET /xingrg/check_reg.html?_=1642287613996 HTTP/1.1" 200 22
120.253.135.82 - - [16/Jan/2022:07:03:19 +0800] "POST /xingrg/kc/pszx/mdps_list_operate.html HTTP/1.1" 200 4221
222.70.217.149 - - [16/Jan/2022:07:03:20 +0800] "GET /xingrg/all/function/internal_message.html?_=1642287787048&CODE_STATE=getMsg HTTP/1.1" 200 27
120.253.135.82 - - [16/Jan/2022:07:03:21 +0800] "POST /xingrg/kc/pszx/mdps_list_operate.html HTTP/1.1" 200 668
120.253.135.82 - - [16/Jan/2022:07:03:21 +0800] "GET /xingrg/kc/pszx/mdps_order_info.html?code=312022011600533 HTTP/1.1" 200 23925
120.253.135.82 - - [16/Jan/2022:07:03:22 +0800] "GET /xingrg/javascript/easyui/themes/default/validatebox.css HTTP/1.1" 404 1104
120.253.135.82 - - [16/Jan/2022:07:03:22 +0800] "POST /xingrg/kc/pszx/mdps_order_operate.html HTTP/1.1" 200 24300
180.152.99.39 - - [16/Jan/2022:07:03:23 +0800] "GET /xingrg/all/function/internal_message.html?_=1642287735026&CODE_STATE=getMsg HTTP/1.1" 200 27
180.169.147.146 - - [16/Jan/2022:07:03:35 +0800] "GET /xingrg/all/function/internal_message.html?_=1642287810815&CODE_STATE=getMsg HTTP/1.1" 200 27
180.169.147.146 - - [16/Jan/2022:07:03:35 +0800] "GET /xingrg/check_reg.html?_=1642287810817 HTTP/1.1" 200 22
120.253.135.82 - - [16/Jan/2022:07:03:39 +0800] "GET /xingrg/all/function/internal_message.html?_=1642287816228&CODE_STATE=getMsg HTTP/1.1" 200 27
114.84.144.24 - - [16/Jan/2022:07:03:57 +0800] "GET /xingrg/all/function/internal_message.html?_=1642287654644&CODE_STATE=getMsg HTTP/1.1" 200 27
218.81.223.227 - - [16/Jan/2022:07:04:07 +0800] "GET /xingrg/all/function/internal_message.html?_=1642287865878&CODE_STATE=getMsg HTTP/1.1" 302 -
222.70.243.96 - - [16/Jan/2022:07:04:08 +0800] "GET /xingrg/all/function/internal_message.html?_=1642287869284&CODE_STATE=getMsg HTTP/1.1" 200 27
120.253.135.82 - - [16/Jan/2022:07:04:09 +0800] "GET /xingrg/all/function/internal_message.html?_=1642287632609&CODE_STATE=getMsg HTTP/1.1" 200 27
120.253.135.82 - - [16/Jan/2022:07:04:16 +0800] "POST /xingrg/kc/pszx/mdps_order_operate.html HTTP/1.1" 200 37
120.253.135.82 - - [16/Jan/2022:07:04:17 +0800] "GET /xingrg/kc/pszx/mdps_order_info.html?code=312022011600533 HTTP/1.1" 200 23925
120.253.135.82 - - [16/Jan/2022:07:04:17 +0800] "GET /xingrg/javascript/easyui/themes/default/validatebox.css HTTP/1.1" 404 1104
120.253.135.82 - - [16/Jan/2022:07:04:17 +0800] "POST /xingrg/kc/pszx/mdps_order_operate.html HTTP/1.1" 200 24300
222.70.217.149 - - [16/Jan/2022:07:04:20 +0800] "GET /xingrg/all/function/internal_message.html?_=1642287847040&CODE_STATE=getMsg HTTP/1.1" 200 27
180.152.99.39 - - [16/Jan/2022:07:04:23 +0800] "GET /xingrg/all/function/internal_message.html?_=1642287795069&CODE_STATE=getMsg HTTP/1.1" 200 27
