58.39.168.32 - - [16/Jan/2022:10:11:22 +0800] "GET /xingrg/all/function/internal_message.html?_=1642299077339&CODE_STATE=getMsg HTTP/1.1" 200 27
101.85.120.86 - - [16/Jan/2022:10:11:22 +0800] "GET /favicon.ico HTTP/1.1" 404 -
101.85.120.86 - - [16/Jan/2022:10:11:23 +0800] "GET /xingrg/login.html HTTP/1.1" 200 7641
114.86.225.110 - - [16/Jan/2022:10:11:23 +0800] "GET /xingrg/kc/buy/cgsh_order_operate.html?command=get_materiel&rest_code=00109&code=00101006110&supplier_code=00100015&order_time=2022-01-16 HTTP/1.1" 200 408
101.85.120.86 - - [16/Jan/2022:10:11:23 +0800] "GET /xingrg/images/blue/jxLogo.png HTTP/1.1" 304 -
101.85.120.86 - - [16/Jan/2022:10:11:23 +0800] "GET /xingrg/images/blue/login_bg.png HTTP/1.1" 304 -
101.85.120.86 - - [16/Jan/2022:10:11:23 +0800] "GET /xingrg/images/blue/hj.png HTTP/1.1" 304 -
101.85.120.86 - - [16/Jan/2022:10:11:23 +0800] "GET /xingrg/images/blue/srbg.png HTTP/1.1" 304 -
101.85.120.86 - - [16/Jan/2022:10:11:24 +0800] "GET /favicon.ico HTTP/1.1" 404 -
222.70.177.227 - - [16/Jan/2022:10:11:24 +0800] "GET /xingrg/kc/buy/cgsh_order_operate.html?command=get_materiel&rest_code=00111&code=00101008270&supplier_code=00100005&order_time=2022-01-16 HTTP/1.1" 200 412
180.152.99.39 - - [16/Jan/2022:10:11:28 +0800] "GET /xingrg/kc/base/wldb_order_operate.html?command=get_materiel&rest_code=00150&base_code=0010445&code=00101019258 HTTP/1.1" 200 469
101.85.120.86 - - [16/Jan/2022:10:11:28 +0800] "POST /xingrg/login.do HTTP/1.1" 302 -
101.85.120.86 - - [16/Jan/2022:10:11:29 +0800] "GET /xingrg/index.html?sysBaseUrl=http%3A%2F%2F180.169.147.146%3A18081%2Fxingrg%2F&costTime=58×tamp=1642299088941 HTTP/1.1" 200 17179
101.85.120.86 - - [16/Jan/2022:10:11:29 +0800] "GET /xingrg/javascript/jquery_easy_ui/themes/default/easyui.css HTTP/1.1" 304 -
101.85.120.86 - - [16/Jan/2022:10:11:29 +0800] "GET /xingrg/css/form.css HTTP/1.1" 304 -
101.85.120.86 - - [16/Jan/2022:10:11:29 +0800] "GET /xingrg/javascript/jquery_easy_ui/themes/icon.css HTTP/1.1" 304 -
101.85.120.86 - - [16/Jan/2022:10:11:29 +0800] "GET /xingrg/javascript/jquery.utils.js HTTP/1.1" 304 -
101.85.120.86 - - [16/Jan/2022:10:11:29 +0800] "GET /xingrg/javascript/jquery.form.js HTTP/1.1" 304 -
101.85.120.86 - - [16/Jan/2022:10:11:29 +0800] "GET /xingrg/javascript/jquery_easy_ui/jquery.easyui.min.js HTTP/1.1" 304 -
101.85.120.86 - - [16/Jan/2022:10:11:29 +0800] "GET /xingrg/javascript/jquery-1.4.2.min.js HTTP/1.1" 304 -
101.85.120.86 - - [16/Jan/2022:10:11:29 +0800] "GET /xingrg/javascript/jquery.timers.js HTTP/1.1" 304 -
101.85.120.86 - - [16/Jan/2022:10:11:29 +0800] "GET /xingrg/javascript/jquery_easy_ui/easyui-lang-zh_CN.js HTTP/1.1" 304 -
101.85.120.86 - - [16/Jan/2022:10:11:29 +0800] "GET /favicon.ico HTTP/1.1" 404 -
101.85.120.86 - - [16/Jan/2022:10:11:29 +0800] "GET /xingrg/javascript/jquery_easy_ui/themes/icons/settle_new.png HTTP/1.1" 304 -
101.85.120.86 - - [16/Jan/2022:10:11:29 +0800] "GET /xingrg/images/blue/navBackgound.jpg HTTP/1.1" 304 -
101.85.120.86 - - [16/Jan/2022:10:11:29 +0800] "POST /xingrg/all/common/load_tree.html?tree=area_rest_tree_json&manage=1 HTTP/1.1" 200 351
101.85.120.86 - - [16/Jan/2022:10:11:29 +0800] "GET /xingrg/images/blue/pingpu.png HTTP/1.1" 304 -
101.85.120.86 - - [16/Jan/2022:10:11:29 +0800] "GET /xingrg/javascript/jquery_easy_ui/themes/default/images/tabs_leftarrow.png HTTP/1.1" 304 -
101.85.120.86 - - [16/Jan/2022:10:11:29 +0800] "GET /xingrg/javascript/jquery_easy_ui/themes/default/images/panel_tool_collapse.gif HTTP/1.1" 304 -
101.85.120.86 - - [16/Jan/2022:10:11:29 +0800] "GET /xingrg/javascript/jquery_easy_ui/themes/default/images/tabs_rightarrow.png HTTP/1.1" 304 -
101.85.120.86 - - [16/Jan/2022:10:11:29 +0800] "GET /xingrg/check_reg.html?_=1642299082889 HTTP/1.1" 200 22
101.85.120.86 - - [16/Jan/2022:10:11:29 +0800] "GET /xingrg/all/function/internal_message.html?_=1642299082888&CODE_STATE=count HTTP/1.1" 200 11
101.85.120.86 - - [16/Jan/2022:10:11:29 +0800] "POST /xingrg/load_menu.html HTTP/1.1" 200 5138
114.86.225.110 - - [16/Jan/2022:10:11:29 +0800] "GET /xingrg/all/function/internal_message.html?_=1642299085233&CODE_STATE=getMsg HTTP/1.1" 200 27
101.85.120.86 - - [16/Jan/2022:10:11:29 +0800] "GET /xingrg/javascript/jquery_easy_ui/themes/default/images/tree_arrows.gif HTTP/1.1" 304 -
101.85.120.86 - - [16/Jan/2022:10:11:29 +0800] "GET /xingrg/javascript/jquery_easy_ui/themes/default/images/tree_folder_open.gif HTTP/1.1" 304 -
101.85.120.86 - - [16/Jan/2022:10:11:29 +0800] "GET /xingrg/javascript/jquery_easy_ui/themes/icons/forms_new.png HTTP/1.1" 304 -
101.85.120.86 - - [16/Jan/2022:10:11:29 +0800] "GET /xingrg/javascript/jquery_easy_ui/themes/icons/storage_new.png HTTP/1.1" 304 -
101.85.120.86 - - [16/Jan/2022:10:11:29 +0800] "GET /xingrg/javascript/jquery_easy_ui/themes/icons/search_new.png HTTP/1.1" 304 -
101.85.120.86 - - [16/Jan/2022:10:11:29 +0800] "GET /xingrg/javascript/jquery_easy_ui/themes/default/images/tree_folder.gif HTTP/1.1" 304 -
101.85.120.86 - - [16/Jan/2022:10:11:29 +0800] "GET /xingrg/javascript/jquery_easy_ui/themes/default/images/tree_file.gif HTTP/1.1" 304 -
114.86.225.110 - - [16/Jan/2022:10:11:32 +0800] "GET /xingrg/kc/buy/cgsh_order_operate.html?command=get_materiel&rest_code=00109&code=00101006062&supplier_code=00100015&order_time=2022-01-16 HTTP/1.1" 200 409
180.152.99.39 - - [16/Jan/2022:10:11:35 +0800] "GET /xingrg/kc/base/wldb_order_operate.html?command=get_materiel&rest_code=00150&base_code=0010445&code=00101019185 HTTP/1.1" 200 453
180.169.147.146 - - [16/Jan/2022:10:11:35 +0800] "GET /xingrg/all/function/internal_message.html?_=1642299090815&CODE_STATE=getMsg HTTP/1.1" 200 27
101.85.120.86 - - [16/Jan/2022:10:11:35 +0800] "GET /xingrg/javascript/jquery_easy_ui/themes/icons/area.png HTTP/1.1" 304 -
101.85.120.86 - - [16/Jan/2022:10:11:35 +0800] "GET /xingrg/javascript/jquery_easy_ui/themes/icons/rest.png HTTP/1.1" 304 -
180.157.251.97 - - [16/Jan/2022:10:11:36 +0800] "GET /xingrg/all/function/internal_message.html?_=1642299093731&CODE_STATE=getMsg HTTP/1.1" 200 27
114.95.98.1 - - [16/Jan/2022:10:11:37 +0800] "GET /xingrg/login.html HTTP/1.1" 200 7641
222.70.177.227 - - [16/Jan/2022:10:11:37 +0800] "GET /xingrg/kc/buy/cgsh_order_operate.html?command=get_materiel&rest_code=00111&code=00101008108&supplier_code=00100005&order_time=2022-01-16 HTTP/1.1" 200 412
120.253.135.82 - - [16/Jan/2022:10:11:39 +0800] "GET /xingrg/all/function/internal_message.html?_=1642298882671&CODE_STATE=getMsg HTTP/1.1" 200 27
101.85.120.86 - - [16/Jan/2022:10:11:41 +0800] "GET /xingrg/javascript/jquery_easy_ui/themes/default/images/tabs_close.gif HTTP/1.1" 304 -
101.85.120.86 - - [16/Jan/2022:10:11:41 +0800] "GET /xingrg/css/site.css HTTP/1.1" 304 -
101.85.120.86 - - [16/Jan/2022:10:11:41 +0800] "GET /xingrg/javascript/easyui/themes/icon.css HTTP/1.1" 304 -
101.85.120.86 - - [16/Jan/2022:10:11:41 +0800] "GET /xingrg/javascript/easyui/themes/default/easyui.css HTTP/1.1" 304 -
101.85.120.86 - - [16/Jan/2022:10:11:41 +0800] "GET /xingrg/css/base.css HTTP/1.1" 304 -
101.85.120.86 - - [16/Jan/2022:10:11:41 +0800] "GET /xingrg/javascript/auto/jquery.autocomplete.css HTTP/1.1" 304 -
101.85.120.86 - - [16/Jan/2022:10:11:41 +0800] "GET /xingrg/javascript/jquery_tools/fix.css HTTP/1.1" 304 -
101.85.120.86 - - [16/Jan/2022:10:11:41 +0800] "GET /xingrg/javascript/jquery_tools/table.css HTTP/1.1" 304 -
101.85.120.86 - - [16/Jan/2022:10:11:41 +0800] "GET /xingrg/javascript/jquery_tools/datebox.css HTTP/1.1" 304 -
101.85.120.86 - - [16/Jan/2022:10:11:41 +0800] "GET /xingrg/javascript/jquery_tools/jquery.tools.min.js HTTP/1.1" 304 -
101.85.120.86 - - [16/Jan/2022:10:11:41 +0800] "GET /xingrg/javascript/jquery_tools/jquery.tools.extend.js HTTP/1.1" 304 -
101.85.120.86 - - [16/Jan/2022:10:11:41 +0800] "GET /xingrg/kc/buy/cgsh_order_list.html HTTP/1.1" 200 49594
101.85.120.86 - - [16/Jan/2022:10:11:41 +0800] "GET /xingrg/javascript/jquery_tools/jquery.tools.hotkey.js HTTP/1.1" 304 -
101.85.120.86 - - [16/Jan/2022:10:11:41 +0800] "GET /xingrg/javascript/jquery_tools/jquery.tools.table.js HTTP/1.1" 304 -
101.85.120.86 - - [16/Jan/2022:10:11:41 +0800] "GET /xingrg/javascript/jquery_tools/list_manager.js HTTP/1.1" 304 -
101.85.120.86 - - [16/Jan/2022:10:11:41 +0800] "GET /xingrg/javascript/auto/jquery.autocomplete.js HTTP/1.1" 304 -
101.85.120.86 - - [16/Jan/2022:10:11:41 +0800] "GET /xingrg/javascript/easyui/easyloader.js HTTP/1.1" 304 -
101.85.120.86 - - [16/Jan/2022:10:11:41 +0800] "GET /xingrg/javascript/jquery.cookie.js HTTP/1.1" 304 -
101.85.120.86 - - [16/Jan/2022:10:11:41 +0800] "GET /xingrg/javascript/print/LodopFuncs.js HTTP/1.1" 304 -
101.85.120.86 - - [16/Jan/2022:10:11:41 +0800] "GET /xingrg/javascript/easyui/themes/icons/edit_add_new.png HTTP/1.1" 304 -
101.85.120.86 - - [16/Jan/2022:10:11:41 +0800] "GET /xingrg/javascript/easyui/themes/icons/cance_new.png HTTP/1.1" 304 -
101.85.120.86 - - [16/Jan/2022:10:11:41 +0800] "GET /xingrg/javascript/easyui/themes/icons/check_new.png HTTP/1.1" 304 -
101.85.120.86 - - [16/Jan/2022:10:11:41 +0800] "GET /xingrg/javascript/easyui/themes/icons/field_new.png HTTP/1.1" 304 -
101.85.120.86 - - [16/Jan/2022:10:11:41 +0800] "GET /xingrg/javascript/easyui/themes/icons/import_new.png HTTP/1.1" 304 -
101.85.120.86 - - [16/Jan/2022:10:11:41 +0800] "GET /xingrg/javascript/easyui/plugins/jquery.parser.js HTTP/1.1" 304 -
101.85.120.86 - - [16/Jan/2022:10:11:41 +0800] "GET /xingrg/images/control/ajaxLoader.gif HTTP/1.1" 304 -
114.95.98.1 - - [16/Jan/2022:10:11:42 +0800] "GET /favicon.ico HTTP/1.1" 404 -
101.85.120.86 - - [16/Jan/2022:10:11:42 +0800] "POST /xingrg/kc/buy/cgsh_list_operate.html HTTP/1.1" 200 876
180.152.99.39 - - [16/Jan/2022:10:11:43 +0800] "GET /xingrg/kc/base/wldb_order_operate.html?command=get_materiel&rest_code=00150&base_code=0010445&code=00101019110 HTTP/1.1" 200 477
114.86.225.110 - - [16/Jan/2022:10:11:44 +0800] "GET /xingrg/kc/buy/cgsh_order_operate.html?command=get_materiel&rest_code=00109&code=00101006195&supplier_code=00100015&order_time=2022-01-16 HTTP/1.1" 200 409
222.70.177.227 - - [16/Jan/2022:10:11:45 +0800] "GET /xingrg/kc/buy/cgsh_order_operate.html?command=get_materiel&rest_code=00111&code=00101008403&supplier_code=00100005&order_time=2022-01-16 HTTP/1.1" 200 412
222.70.217.149 - - [16/Jan/2022:10:11:47 +0800] "POST /xingrg/services/DataTransmitService HTTP/1.1" 200 524
58.39.168.32 - - [16/Jan/2022:10:11:47 +0800] "GET /xingrg/all/function/internal_message.html?_=1642299040692&CODE_STATE=getMsg HTTP/1.1" 200 27
114.95.98.1 - - [16/Jan/2022:10:11:48 +0800] "POST /xingrg/login.do HTTP/1.1" 302 -
114.95.98.1 - - [16/Jan/2022:10:11:48 +0800] "GET /xingrg/index.html?sysBaseUrl=http%3A%2F%2F180.169.147.146%3A18081%2Fxingrg%2F&costTime=41×tamp=1642299108910 HTTP/1.1" 200 17413
222.69.128.164 - - [16/Jan/2022:10:11:49 +0800] "GET /xingrg/all/function/internal_message.html?_=1642299104197&CODE_STATE=getMsg HTTP/1.1" 200 27
114.95.98.1 - - [16/Jan/2022:10:11:49 +0800] "POST /xingrg/all/common/load_tree.html?tree=area_rest_tree_json&manage=1 HTTP/1.1" 200 342
114.95.98.1 - - [16/Jan/2022:10:11:50 +0800] "GET /xingrg/all/function/internal_message.html?_=1642299104754&CODE_STATE=count HTTP/1.1" 200 11
114.95.98.1 - - [16/Jan/2022:10:11:50 +0800] "GET /xingrg/check_reg.html?_=1642299104756 HTTP/1.1" 200 22
222.69.132.164 - - [16/Jan/2022:10:11:50 +0800] "GET /xingrg/all/function/internal_message.html?_=1642299153484&CODE_STATE=getMsg HTTP/1.1" 200 27
114.95.98.1 - - [16/Jan/2022:10:11:50 +0800] "GET /favicon.ico HTTP/1.1" 404 -
114.95.98.1 - - [16/Jan/2022:10:11:50 +0800] "GET /favicon.ico HTTP/1.1" 404 -
114.95.98.1 - - [16/Jan/2022:10:11:50 +0800] "POST /xingrg/load_menu.html HTTP/1.1" 200 9959
222.70.177.227 - - [16/Jan/2022:10:11:54 +0800] "GET /xingrg/kc/buy/cgsh_order_operate.html?command=get_materiel&rest_code=00111&code=00101008027&supplier_code=00100005&order_time=2022-01-16 HTTP/1.1" 200 408
180.152.99.39 - - [16/Jan/2022:10:11:56 +0800] "GET /xingrg/all/function/internal_message.html?_=1642299047906&CODE_STATE=getMsg HTTP/1.1" 200 27
114.95.98.1 - - [16/Jan/2022:10:11:59 +0800] "POST /xingrg/load_menu.html HTTP/1.1" 200 9242
114.95.98.1 - - [16/Jan/2022:10:12:01 +0800] "GET /xingrg/all/report/report_query.html?fileName=dma/new_5.0/menu/menu_category_hz.xml HTTP/1.1" 200 53064
114.95.98.1 - - [16/Jan/2022:10:12:01 +0800] "GET /xingrg/dwr/interface/AjaxReportQueryService.js HTTP/1.1" 200 13203
114.95.98.1 - - [16/Jan/2022:10:12:01 +0800] "GET /xingrg/dwr/util.js HTTP/1.1" 304 -
114.95.98.1 - - [16/Jan/2022:10:12:01 +0800] "GET /xingrg/dwr/engine.js HTTP/1.1" 200 43631
114.95.98.1 - - [16/Jan/2022:10:12:02 +0800] "POST /xingrg/dwr/call/plaincall/AjaxReportQueryService.getFixDate.dwr HTTP/1.1" 200 111
114.95.98.1 - - [16/Jan/2022:10:12:02 +0800] "POST /xingrg/all/common/load_tree.html?tree=area_station_tree_json&manage=1 HTTP/1.1" 200 336
222.70.177.227 - - [16/Jan/2022:10:12:05 +0800] "GET /xingrg/all/function/internal_message.html?_=1642299117465&CODE_STATE=getMsg HTTP/1.1" 200 27
114.95.98.1 - - [16/Jan/2022:10:12:06 +0800] "GET /xingrg/all/report/report_query.html?fileName=dma/new_5.0/menu/menu_hz.xml HTTP/1.1" 200 53697
114.95.98.1 - - [16/Jan/2022:10:12:06 +0800] "GET /xingrg/dwr/interface/AjaxReportQueryService.js HTTP/1.1" 200 13203
114.95.98.1 - - [16/Jan/2022:10:12:06 +0800] "GET /xingrg/dwr/engine.js HTTP/1.1" 200 43631
114.95.98.1 - - [16/Jan/2022:10:12:06 +0800] "POST /xingrg/dwr/call/plaincall/AjaxReportQueryService.getFixDate.dwr HTTP/1.1" 200 111
114.95.98.1 - - [16/Jan/2022:10:12:06 +0800] "POST /xingrg/all/common/load_tree.html?tree=area_station_tree_json&manage=1 HTTP/1.1" 200 336
180.157.251.97 - - [16/Jan/2022:10:12:07 +0800] "GET /xingrg/all/function/internal_message.html?_=1642299123120&CODE_STATE=getMsg HTTP/1.1" 200 27
180.152.99.39 - - [16/Jan/2022:10:12:09 +0800] "GET /xingrg/kc/base/wldb_order_operate.html?command=get_materiel&rest_code=00150&base_code=0010445&code=00101019391 HTTP/1.1" 200 471
222.70.243.96 - - [16/Jan/2022:10:12:09 +0800] "GET /xingrg/all/function/internal_message.html?_=1642299148432&CODE_STATE=getMsg HTTP/1.1" 302 -
222.70.217.149 - - [16/Jan/2022:10:12:10 +0800] "GET /xingrg/all/function/internal_message.html?_=1642299116413&CODE_STATE=getMsg HTTP/1.1" 200 27
222.70.177.227 - - [16/Jan/2022:10:12:12 +0800] "GET /xingrg/kc/buy/cgsh_order_operate.html?command=get_materiel&rest_code=00111&code=00101008349&supplier_code=00100005&order_time=2022-01-16 HTTP/1.1" 200 412
114.95.98.1 - - [16/Jan/2022:10:12:12 +0800] "GET /xingrg/all/function/internal_message.html?_=1642299147606&CODE_STATE=getMsg HTTP/1.1" 200 27
222.70.243.96 - - [16/Jan/2022:10:12:17 +0800] "GET /xingrg/all/function/internal_message.html?_=1642299158717&CODE_STATE=getMsg HTTP/1.1" 200 27
58.39.168.32 - - [16/Jan/2022:10:12:22 +0800] "GET /xingrg/all/function/internal_message.html?_=1642299137319&CODE_STATE=getMsg HTTP/1.1" 200 27
114.95.98.1 - - [16/Jan/2022:10:12:26 +0800] "POST /xingrg/dwr/call/plaincall/AjaxReportQueryService.refreshCache.dwr HTTP/1.1" 200 78
180.152.99.39 - - [16/Jan/2022:10:12:26 +0800] "GET /xingrg/kc/base/wldb_order_operate.html?command=get_materiel&rest_code=00150&base_code=0010445&code=00101019450 HTTP/1.1" 200 468
222.70.177.227 - - [16/Jan/2022:10:12:28 +0800] "GET /xingrg/kc/buy/cgsh_order_operate.html?command=get_materiel&rest_code=00111&code=00101008351&supplier_code=00100005&order_time=2022-01-16 HTTP/1.1" 200 408
114.95.98.1 - - [16/Jan/2022:10:12:28 +0800] "POST /xingrg/all/report/load_report_page.html HTTP/1.1" 200 26960
114.95.98.1 - - [16/Jan/2022:10:12:28 +0800] "GET /xingrg/servlets/image?cache=0.1190635314104378&image=px HTTP/1.1" 200 807
101.85.120.86 - - [16/Jan/2022:10:12:29 +0800] "GET /xingrg/all/function/internal_message.html?_=1642299142902&CODE_STATE=getMsg HTTP/1.1" 200 27
114.86.225.110 - - [16/Jan/2022:10:12:29 +0800] "GET /xingrg/all/function/internal_message.html?_=1642299145235&CODE_STATE=getMsg HTTP/1.1" 200 27
114.86.225.110 - - [16/Jan/2022:10:12:29 +0800] "GET /xingrg/check_reg.html?_=1642299145237 HTTP/1.1" 200 22
114.86.225.110 - - [16/Jan/2022:10:12:31 +0800] "GET /xingrg/kc/buy/cgsh_order_operate.html?command=get_materiel&rest_code=00109&code=00101006055&supplier_code=00100015&order_time=2022-01-16 HTTP/1.1" 200 409
180.152.99.39 - - [16/Jan/2022:10:12:32 +0800] "GET /xingrg/kc/base/wldb_order_operate.html?command=get_materiel&rest_code=00150&base_code=0010445&code=00101019164 HTTP/1.1" 200 452
180.169.147.146 - - [16/Jan/2022:10:12:35 +0800] "GET /xingrg/all/function/internal_message.html?_=1642299150809&CODE_STATE=getMsg HTTP/1.1" 200 27
180.157.251.97 - - [16/Jan/2022:10:12:36 +0800] "GET /xingrg/all/function/internal_message.html?_=1642299153715&CODE_STATE=getMsg HTTP/1.1" 200 27
180.152.99.39 - - [16/Jan/2022:10:12:37 +0800] "GET /xingrg/kc/base/wldb_order_operate.html?command=get_materiel&rest_code=00150&base_code=0010445&code=00101019529 HTTP/1.1" 200 476
120.253.135.82 - - [16/Jan/2022:10:12:39 +0800] "GET /xingrg/all/function/internal_message.html?_=1642298942677&CODE_STATE=getMsg HTTP/1.1" 200 27
222.70.177.227 - - [16/Jan/2022:10:12:39 +0800] "GET /xingrg/kc/buy/cgsh_order_operate.html?command=get_materiel&rest_code=00111&code=00101008038&supplier_code=00100005&order_time=2022-01-16 HTTP/1.1" 200 412
180.152.99.39 - - [16/Jan/2022:10:12:43 +0800] "GET /xingrg/kc/base/wldb_order_operate.html?command=get_materiel&rest_code=00150&base_code=0010445&code=00101019400 HTTP/1.1" 200 451
114.95.98.1 - - [16/Jan/2022:10:12:47 +0800] "GET /xingrg/check_reg.html?_=1642299182334 HTTP/1.1" 200 22
58.39.168.32 - - [16/Jan/2022:10:12:47 +0800] "GET /xingrg/all/function/internal_message.html?_=1642299100694&CODE_STATE=getMsg HTTP/1.1" 200 27
58.39.168.32 - - [16/Jan/2022:10:12:47 +0800] "GET /xingrg/check_reg.html?_=1642299100698 HTTP/1.1" 200 22
114.86.225.110 - - [16/Jan/2022:10:12:48 +0800] "GET /xingrg/kc/buy/cgsh_order_operate.html?command=get_materiel&rest_code=00109&code=00101006240&supplier_code=00100015&order_time=2022-01-16 HTTP/1.1" 200 408
222.69.128.164 - - [16/Jan/2022:10:12:49 +0800] "GET /xingrg/check_reg.html?_=1642299164203 HTTP/1.1" 200 22
180.152.99.39 - - [16/Jan/2022:10:12:49 +0800] "GET /xingrg/kc/base/wldb_order_operate.html?command=get_materiel&rest_code=00150&base_code=0010445&code=00101019183 HTTP/1.1" 200 434
222.69.128.164 - - [16/Jan/2022:10:12:49 +0800] "GET /xingrg/all/function/internal_message.html?_=1642299164203&CODE_STATE=getMsg HTTP/1.1" 200 27
114.95.98.1 - - [16/Jan/2022:10:12:50 +0800] "GET /xingrg/all/function/internal_message.html?_=1642299164761&CODE_STATE=getMsg HTTP/1.1" 200 27
222.69.132.164 - - [16/Jan/2022:10:12:50 +0800] "GET /xingrg/all/function/internal_message.html?_=1642299213485&CODE_STATE=getMsg HTTP/1.1" 200 27
222.70.243.96 - - [16/Jan/2022:10:12:53 +0800] "GET /xingrg/check_reg.html?_=1642299192278 HTTP/1.1" 302 -
180.152.99.39 - - [16/Jan/2022:10:12:56 +0800] "GET /xingrg/all/function/internal_message.html?_=1642299107919&CODE_STATE=getMsg HTTP/1.1" 200 27
222.70.177.227 - - [16/Jan/2022:10:12:58 +0800] "GET /xingrg/kc/buy/cgsh_order_operate.html?command=get_materiel&rest_code=00111&code=00101008338&supplier_code=00100005&order_time=2022-01-16 HTTP/1.1" 200 409
180.152.99.39 - - [16/Jan/2022:10:13:00 +0800] "GET /xingrg/kc/base/wldb_order_operate.html?command=get_materiel&rest_code=00150&base_code=0010445&code=00101016086 HTTP/1.1" 200 468
114.86.225.110 - - [16/Jan/2022:10:13:02 +0800] "GET /xingrg/kc/buy/cgsh_order_operate.html?command=get_materiel&rest_code=00109&code=00101006122&supplier_code=00100015&order_time=2022-01-16 HTTP/1.1" 200 427
114.86.225.110 - - [16/Jan/2022:10:13:04 +0800] "POST /xingrg/kc/buy/cgsh_order_operate.html HTTP/1.1" 200 2065
222.70.177.227 - - [16/Jan/2022:10:13:05 +0800] "GET /xingrg/all/function/internal_message.html?_=1642299177483&CODE_STATE=getMsg HTTP/1.1" 200 27
180.157.251.97 - - [16/Jan/2022:10:13:07 +0800] "GET /xingrg/all/function/internal_message.html?_=1642299183121&CODE_STATE=getMsg HTTP/1.1" 200 27
124.79.247.218 - - [16/Jan/2022:10:13:08 +0800] "GET /xingrg/login.html HTTP/1.1" 200 7641
222.70.177.227 - - [16/Jan/2022:10:13:09 +0800] "GET /xingrg/kc/buy/cgsh_order_operate.html?command=get_materiel&rest_code=00111&code=00101008003&supplier_code=00100005&order_time=2022-01-16 HTTP/1.1" 200 408
180.152.99.39 - - [16/Jan/2022:10:13:09 +0800] "GET /xingrg/kc/base/wldb_order_operate.html?command=get_materiel&rest_code=00150&base_code=0010445&code=00101019212 HTTP/1.1" 200 465
222.70.243.96 - - [16/Jan/2022:10:13:09 +0800] "GET /xingrg/all/function/internal_message.html?_=1642299208456&CODE_STATE=getMsg HTTP/1.1" 302 -
124.79.247.218 - - [16/Jan/2022:10:13:09 +0800] "GET /favicon.ico HTTP/1.1" 404 -
222.70.217.149 - - [16/Jan/2022:10:13:10 +0800] "GET /xingrg/all/function/internal_message.html?_=1642299176408&CODE_STATE=getMsg HTTP/1.1" 200 27
222.70.243.96 - - [16/Jan/2022:10:13:11 +0800] "POST /xingrg/kc/buy/cgsh_order_operate.html HTTP/1.1" 200 37
114.86.225.110 - - [16/Jan/2022:10:13:11 +0800] "GET /xingrg/kc/buy/cgsh_order_operate.html?command=get_materiel&rest_code=00109&code=00101006058&supplier_code=00100015&order_time=2022-01-16 HTTP/1.1" 200 413
114.95.98.1 - - [16/Jan/2022:10:13:12 +0800] "GET /xingrg/all/function/internal_message.html?_=1642299207618&CODE_STATE=getMsg HTTP/1.1" 200 27
222.70.243.96 - - [16/Jan/2022:10:13:14 +0800] "POST /xingrg/kc/buy/cgsh_order_operate.html HTTP/1.1" 200 51157
222.70.243.96 - - [16/Jan/2022:10:13:14 +0800] "GET /xingrg/check_reg.html?_=1642299216263 HTTP/1.1" 200 22
222.70.243.96 - - [16/Jan/2022:10:13:17 +0800] "GET /xingrg/all/function/internal_message.html?_=1642299218731&CODE_STATE=getMsg HTTP/1.1" 200 27
222.70.177.227 - - [16/Jan/2022:10:13:19 +0800] "GET /xingrg/kc/buy/cgsh_order_operate.html?command=get_materiel&rest_code=00111&code=00101008361&supplier_code=00100005&order_time=2022-01-16 HTTP/1.1" 200 408
58.39.168.32 - - [16/Jan/2022:10:13:21 +0800] "GET /xingrg/all/function/internal_message.html?_=1642299197299&CODE_STATE=getMsg HTTP/1.1" 200 27
114.86.225.110 - - [16/Jan/2022:10:13:23 +0800] "GET /xingrg/kc/buy/cgsh_order_operate.html?command=get_materiel&rest_code=00109&code=00101006056&supplier_code=00100015&order_time=2022-01-16 HTTP/1.1" 200 413
180.152.99.39 - - [16/Jan/2022:10:13:25 +0800] "GET /xingrg/kc/base/wldb_order_operate.html?command=get_materiel&rest_code=00150&base_code=0010445&code=00101010092 HTTP/1.1" 200 450
101.85.120.86 - - [16/Jan/2022:10:13:29 +0800] "GET /xingrg/all/function/internal_message.html?_=1642299202902&CODE_STATE=getMsg HTTP/1.1" 200 27
114.86.225.110 - - [16/Jan/2022:10:13:29 +0800] "GET /xingrg/all/function/internal_message.html?_=1642299205236&CODE_STATE=getMsg HTTP/1.1" 200 27
180.169.147.146 - - [16/Jan/2022:10:13:35 +0800] "GET /xingrg/check_reg.html?_=1642299210800 HTTP/1.1" 200 22
180.169.147.146 - - [16/Jan/2022:10:13:35 +0800] "GET /xingrg/all/function/internal_message.html?_=1642299210801&CODE_STATE=getMsg HTTP/1.1" 200 27
180.157.251.97 - - [16/Jan/2022:10:13:36 +0800] "GET /xingrg/all/function/internal_message.html?_=1642299213699&CODE_STATE=getMsg HTTP/1.1" 200 27
120.253.135.82 - - [16/Jan/2022:10:13:38 +0800] "GET /xingrg/check_reg.html?_=1642299001825 HTTP/1.1" 200 22
120.253.135.82 - - [16/Jan/2022:10:13:39 +0800] "GET /xingrg/all/function/internal_message.html?_=1642299002691&CODE_STATE=getMsg HTTP/1.1" 200 27
58.39.168.32 - - [16/Jan/2022:10:13:47 +0800] "GET /xingrg/all/function/internal_message.html?_=1642299160697&CODE_STATE=getMsg HTTP/1.1" 200 27
222.69.128.164 - - [16/Jan/2022:10:13:49 +0800] "GET /xingrg/all/function/internal_message.html?_=1642299224201&CODE_STATE=getMsg HTTP/1.1" 200 27
222.69.132.164 - - [16/Jan/2022:10:13:50 +0800] "GET /xingrg/check_reg.html?_=1642299273489 HTTP/1.1" 200 22
222.69.132.164 - - [16/Jan/2022:10:13:50 +0800] "GET /xingrg/all/function/internal_message.html?_=1642299273492&CODE_STATE=getMsg HTTP/1.1" 200 27
180.152.99.39 - - [16/Jan/2022:10:13:51 +0800] "GET /xingrg/kc/base/wldb_order_operate.html?command=get_materiel&rest_code=00150&base_code=0010445&code=00101019111 HTTP/1.1" 200 453
114.86.225.110 - - [16/Jan/2022:10:13:52 +0800] "GET /xingrg/kc/buy/cgsh_order_operate.html?command=get_materiel&rest_code=00109&code=00101006128&supplier_code=00100015&order_time=2022-01-16 HTTP/1.1" 200 427
180.152.99.39 - - [16/Jan/2022:10:13:56 +0800] "GET /xingrg/all/function/internal_message.html?_=1642299167934&CODE_STATE=getMsg HTTP/1.1" 200 27
180.152.99.39 - - [16/Jan/2022:10:13:58 +0800] "GET /xingrg/kc/base/wldb_order_operate.html?command=get_materiel&rest_code=00150&base_code=0010445&code=00101019243 HTTP/1.1" 200 464
222.70.177.227 - - [16/Jan/2022:10:14:04 +0800] "GET /xingrg/kc/buy/cgsh_order_operate.html?command=get_materiel&rest_code=00111&code=00101008372&supplier_code=00100005&order_time=2022-01-16 HTTP/1.1" 200 408
180.152.99.39 - - [16/Jan/2022:10:14:04 +0800] "GET /xingrg/kc/base/wldb_order_operate.html?command=get_materiel&rest_code=00150&base_code=0010445&code=00101016019 HTTP/1.1" 200 449
222.70.177.227 - - [16/Jan/2022:10:14:05 +0800] "GET /xingrg/all/function/internal_message.html?_=1642299237465&CODE_STATE=getMsg HTTP/1.1" 200 27
180.157.251.97 - - [16/Jan/2022:10:14:07 +0800] "GET /xingrg/all/function/internal_message.html?_=1642299243122&CODE_STATE=getMsg HTTP/1.1" 200 27
222.70.243.96 - - [16/Jan/2022:10:14:09 +0800] "GET /xingrg/all/function/internal_message.html?_=1642299268459&CODE_STATE=getMsg HTTP/1.1" 302 -
222.70.217.149 - - [16/Jan/2022:10:14:10 +0800] "GET /xingrg/all/function/internal_message.html?_=1642299236395&CODE_STATE=getMsg HTTP/1.1" 200 27
114.86.225.110 - - [16/Jan/2022:10:14:11 +0800] "GET /xingrg/kc/buy/cgsh_order_operate.html?command=get_materiel&rest_code=00109&code=00101006129&supplier_code=00100015&order_time=2022-01-16 HTTP/1.1" 200 450
114.95.98.1 - - [16/Jan/2022:10:14:12 +0800] "GET /xingrg/all/function/internal_message.html?_=1642299267630&CODE_STATE=getMsg HTTP/1.1" 200 27
222.70.243.96 - - [16/Jan/2022:10:14:17 +0800] "GET /xingrg/all/function/internal_message.html?_=1642299278745&CODE_STATE=getMsg HTTP/1.1" 200 27
180.152.99.39 - - [16/Jan/2022:10:14:17 +0800] "POST /xingrg/kc/base/wldb_order_operate.html HTTP/1.1" 200 37
58.39.168.32 - - [16/Jan/2022:10:14:21 +0800] "GET /xingrg/all/function/internal_message.html?_=1642299257281&CODE_STATE=getMsg HTTP/1.1" 200 27
222.70.177.227 - - [16/Jan/2022:10:14:22 +0800] "GET /xingrg/kc/buy/cgsh_order_operate.html?command=get_materiel&rest_code=00111&code=00101008356&supplier_code=00100005&order_time=2022-01-16 HTTP/1.1" 200 408
180.152.99.39 - - [16/Jan/2022:10:14:22 +0800] "POST /xingrg/kc/base/wldb_order_operate.html HTTP/1.1" 200 12
180.152.99.39 - - [16/Jan/2022:10:14:22 +0800] "POST /xingrg/kc/base/wldb_order_operate.html HTTP/1.1" 200 9735
180.152.99.39 - - [16/Jan/2022:10:14:24 +0800] "GET /xingrg/kc/base/wldb_order_info.html?code=422022011602077 HTTP/1.1" 200 26173
180.152.99.39 - - [16/Jan/2022:10:14:25 +0800] "GET /xingrg/javascript/easyui/themes/default/validatebox.css HTTP/1.1" 404 1104
180.152.99.39 - - [16/Jan/2022:10:14:25 +0800] "POST /xingrg/kc/base/wldb_order_operate.html HTTP/1.1" 200 7841
222.70.243.96 - - [16/Jan/2022:10:14:28 +0800] "POST /xingrg/kc/buy/cgsh_order_operate.html HTTP/1.1" 200 37
180.152.99.39 - - [16/Jan/2022:10:14:29 +0800] "GET /xingrg/kc/base/wldb_order_add.html HTTP/1.1" 200 30288
101.85.120.86 - - [16/Jan/2022:10:14:29 +0800] "GET /xingrg/all/function/internal_message.html?_=1642299262903&CODE_STATE=getMsg HTTP/1.1" 200 27
114.86.225.110 - - [16/Jan/2022:10:14:29 +0800] "GET /xingrg/all/function/internal_message.html?_=1642299265238&CODE_STATE=getMsg HTTP/1.1" 200 27
180.152.99.39 - - [16/Jan/2022:10:14:29 +0800] "POST /xingrg/kc/base/wldb_order_operate.html HTTP/1.1" 200 6806
180.152.99.39 - - [16/Jan/2022:10:14:29 +0800] "GET /xingrg/javascript/easyui/themes/default/validatebox.css HTTP/1.1" 404 1104
180.152.99.39 - - [16/Jan/2022:10:14:30 +0800] "POST /xingrg/all/common/load_combo.html?type=base HTTP/1.1" 200 3051
114.86.225.110 - - [16/Jan/2022:10:14:30 +0800] "GET /xingrg/kc/buy/cgsh_order_operate.html?command=get_materiel&rest_code=00109&code=00101006129&supplier_code=00100015&order_time=2022-01-16 HTTP/1.1" 200 450
222.70.243.96 - - [16/Jan/2022:10:14:31 +0800] "POST /xingrg/kc/buy/cgsh_order_operate.html HTTP/1.1" 200 51157
180.169.147.146 - - [16/Jan/2022:10:14:35 +0800] "GET /xingrg/all/function/internal_message.html?_=1642299270807&CODE_STATE=getMsg HTTP/1.1" 200 27
180.157.251.97 - - [16/Jan/2022:10:14:36 +0800] "GET /xingrg/all/function/internal_message.html?_=1642299273683&CODE_STATE=getMsg HTTP/1.1" 200 27
180.152.99.39 - - [16/Jan/2022:10:14:38 +0800] "GET /xingrg/kc/base/wldb_order_operate.html?command=get_materiel&rest_code=00150&base_code=0010445&code=00101016044 HTTP/1.1" 200 464
120.253.135.82 - - [16/Jan/2022:10:14:39 +0800] "GET /xingrg/all/function/internal_message.html?_=1642299062705&CODE_STATE=getMsg HTTP/1.1" 200 27
222.70.177.227 - - [16/Jan/2022:10:14:39 +0800] "GET /xingrg/kc/buy/cgsh_order_operate.html?command=get_materiel&rest_code=00111&code=00101008251&supplier_code=00100005&order_time=2022-01-16 HTTP/1.1" 200 408
180.152.99.39 - - [16/Jan/2022:10:14:44 +0800] "GET /xingrg/kc/base/wldb_order_operate.html?command=get_materiel&rest_code=00150&base_code=0010445&code=00101013193 HTTP/1.1" 200 446
58.39.168.32 - - [16/Jan/2022:10:14:47 +0800] "GET /xingrg/all/function/internal_message.html?_=1642299220698&CODE_STATE=getMsg HTTP/1.1" 200 27
222.69.128.164 - - [16/Jan/2022:10:14:49 +0800] "GET /xingrg/all/function/internal_message.html?_=1642299284207&CODE_STATE=getMsg HTTP/1.1" 200 27
114.86.225.110 - - [16/Jan/2022:10:14:49 +0800] "GET /xingrg/kc/buy/cgsh_order_operate.html?command=get_materiel&rest_code=00109&code=00101006240&supplier_code=00100015&order_time=2022-01-16 HTTP/1.1" 200 408
222.69.132.164 - - [16/Jan/2022:10:14:50 +0800] "GET /xingrg/all/function/internal_message.html?_=1642299333488&CODE_STATE=getMsg HTTP/1.1" 200 27
180.152.99.39 - - [16/Jan/2022:10:14:55 +0800] "POST /xingrg/kc/base/wldb_order_operate.html HTTP/1.1" 200 37
180.152.99.39 - - [16/Jan/2022:10:14:56 +0800] "GET /xingrg/check_reg.html?_=1642299227748 HTTP/1.1" 200 22
180.152.99.39 - - [16/Jan/2022:10:14:56 +0800] "GET /xingrg/all/function/internal_message.html?_=1642299227947&CODE_STATE=getMsg HTTP/1.1" 200 27
222.70.177.227 - - [16/Jan/2022:10:14:58 +0800] "GET /xingrg/kc/buy/cgsh_order_operate.html?command=get_materiel&rest_code=00111&code=00101008357&supplier_code=00100005&order_time=2022-01-16 HTTP/1.1" 200 408
180.152.99.39 - - [16/Jan/2022:10:14:59 +0800] "POST /xingrg/kc/base/wldb_order_operate.html HTTP/1.1" 200 12
180.152.99.39 - - [16/Jan/2022:10:14:59 +0800] "POST /xingrg/kc/base/wldb_order_operate.html HTTP/1.1" 200 2685
180.152.99.39 - - [16/Jan/2022:10:15:00 +0800] "GET /xingrg/kc/base/wldb_order_info.html?code=422022011602078 HTTP/1.1" 200 26171
180.152.99.39 - - [16/Jan/2022:10:15:01 +0800] "GET /xingrg/javascript/easyui/themes/default/validatebox.css HTTP/1.1" 404 1104
180.152.99.39 - - [16/Jan/2022:10:15:01 +0800] "POST /xingrg/kc/base/wldb_order_operate.html HTTP/1.1" 200 969
222.70.177.227 - - [16/Jan/2022:10:15:05 +0800] "GET /xingrg/check_reg.html?_=1642299297456 HTTP/1.1" 200 22
222.70.177.227 - - [16/Jan/2022:10:15:05 +0800] "GET /xingrg/all/function/internal_message.html?_=1642299297459&CODE_STATE=getMsg HTTP/1.1" 200 27
180.152.99.39 - - [16/Jan/2022:10:15:06 +0800] "GET /xingrg/kc/base/wldb_order_add.html HTTP/1.1" 200 30288
180.152.99.39 - - [16/Jan/2022:10:15:06 +0800] "POST /xingrg/kc/base/wldb_order_operate.html HTTP/1.1" 200 6806
180.152.99.39 - - [16/Jan/2022:10:15:06 +0800] "GET /xingrg/javascript/easyui/themes/default/validatebox.css HTTP/1.1" 404 1104
180.157.251.97 - - [16/Jan/2022:10:15:07 +0800] "GET /xingrg/all/function/internal_message.html?_=1642299303123&CODE_STATE=getMsg HTTP/1.1" 200 27
180.152.99.39 - - [16/Jan/2022:10:15:07 +0800] "POST /xingrg/all/common/load_combo.html?type=base HTTP/1.1" 200 3051
222.70.243.96 - - [16/Jan/2022:10:15:09 +0800] "GET /xingrg/all/function/internal_message.html?_=1642299328484&CODE_STATE=getMsg HTTP/1.1" 302 -
222.70.217.149 - - [16/Jan/2022:10:15:10 +0800] "GET /xingrg/check_reg.html?_=1642299296409 HTTP/1.1" 200 22
222.70.217.149 - - [16/Jan/2022:10:15:10 +0800] "GET /xingrg/all/function/internal_message.html?_=1642299296408&CODE_STATE=getMsg HTTP/1.1" 200 27
114.95.98.1 - - [16/Jan/2022:10:15:12 +0800] "GET /xingrg/all/function/internal_message.html?_=1642299328118&CODE_STATE=getMsg HTTP/1.1" 200 27
222.70.243.96 - - [16/Jan/2022:10:15:17 +0800] "GET /xingrg/all/function/internal_message.html?_=1642299338759&CODE_STATE=getMsg HTTP/1.1" 200 27
114.86.225.110 - - [16/Jan/2022:10:15:18 +0800] "POST /xingrg/kc/buy/cgsh_order_operate.html HTTP/1.1" 200 37
222.70.177.227 - - [16/Jan/2022:10:15:21 +0800] "GET /xingrg/kc/buy/cgsh_order_operate.html?command=get_materiel&rest_code=00111&code=00101008286&supplier_code=00100005&order_time=2022-01-16 HTTP/1.1" 200 427
114.86.225.110 - - [16/Jan/2022:10:15:21 +0800] "POST /xingrg/kc/buy/cgsh_order_operate.html HTTP/1.1" 200 15763
58.39.168.32 - - [16/Jan/2022:10:15:21 +0800] "GET /xingrg/all/function/internal_message.html?_=1642299317251&CODE_STATE=getMsg HTTP/1.1" 200 27
114.86.225.110 - - [16/Jan/2022:10:15:23 +0800] "GET /xingrg/kc/print/load_config.html?kc_code=cgsh HTTP/1.1" 200 1943
114.86.225.110 - - [16/Jan/2022:10:15:23 +0800] "GET /xingrg/kc/print/load_data.html?order_code=212022011607548&kc_code=cgsh&condition= HTTP/1.1" 200 5752
101.85.120.86 - - [16/Jan/2022:10:15:29 +0800] "GET /xingrg/all/function/internal_message.html?_=1642299322903&CODE_STATE=getMsg HTTP/1.1" 200 27
114.86.225.110 - - [16/Jan/2022:10:15:29 +0800] "GET /xingrg/all/function/internal_message.html?_=1642299325231&CODE_STATE=getMsg HTTP/1.1" 200 27
180.152.99.39 - - [16/Jan/2022:10:15:29 +0800] "GET /xingrg/kc/base/wldb_order_operate.html?command=get_materiel&rest_code=00150&base_code=0010445&code=00101019175 HTTP/1.1" 200 439
180.152.99.39 - - [16/Jan/2022:10:15:31 +0800] "GET /favicon.ico HTTP/1.1" 404 -
222.70.177.227 - - [16/Jan/2022:10:15:35 +0800] "GET /xingrg/kc/buy/cgsh_order_operate.html?command=get_materiel&rest_code=00111&code=00101008036&supplier_code=00100005&order_time=2022-01-16 HTTP/1.1" 200 408
180.169.147.146 - - [16/Jan/2022:10:15:35 +0800] "GET /xingrg/all/function/internal_message.html?_=1642299330815&CODE_STATE=getMsg HTTP/1.1" 200 27
180.157.251.97 - - [16/Jan/2022:10:15:36 +0800] "GET /xingrg/all/function/internal_message.html?_=1642299333667&CODE_STATE=getMsg HTTP/1.1" 200 27
180.152.99.39 - - [16/Jan/2022:10:15:36 +0800] "GET /xingrg/kc/base/wldb_order_operate.html?command=get_materiel&rest_code=00150&base_code=0010445&code=00101019306 HTTP/1.1" 200 463
180.157.251.97 - - [16/Jan/2022:10:15:37 +0800] "GET /xingrg/check_reg.html?_=1642299334573 HTTP/1.1" 200 22
120.253.135.82 - - [16/Jan/2022:10:15:39 +0800] "GET /xingrg/all/function/internal_message.html?_=1642299122719&CODE_STATE=getMsg HTTP/1.1" 200 27
222.70.177.227 - - [16/Jan/2022:10:15:40 +0800] "POST /xingrg/kc/buy/cgsh_order_operate.html HTTP/1.1" 200 2065
180.152.99.39 - - [16/Jan/2022:10:15:43 +0800] "GET /xingrg/kc/base/wldb_order_operate.html?command=get_materiel&rest_code=00150&base_code=0010445&code=00101019267 HTTP/1.1" 200 482
58.39.168.32 - - [16/Jan/2022:10:15:47 +0800] "GET /xingrg/all/function/internal_message.html?_=1642299280696&CODE_STATE=getMsg HTTP/1.1" 200 27
222.69.128.164 - - [16/Jan/2022:10:15:49 +0800] "GET /xingrg/all/function/internal_message.html?_=1642299344208&CODE_STATE=getMsg HTTP/1.1" 200 27
222.70.177.227 - - [16/Jan/2022:10:15:50 +0800] "GET /xingrg/kc/buy/cgsh_order_operate.html?command=get_materiel&rest_code=00111&code=00101008131&supplier_code=00100005&order_time=2022-01-16 HTTP/1.1" 200 408
180.152.99.39 - - [16/Jan/2022:10:15:50 +0800] "GET /xingrg/kc/base/wldb_order_operate.html?command=get_materiel&rest_code=00150&base_code=0010445&code=00101016076 HTTP/1.1" 200 477
222.69.132.164 - - [16/Jan/2022:10:15:50 +0800] "GET /xingrg/all/function/internal_message.html?_=1642299393482&CODE_STATE=getMsg HTTP/1.1" 200 27
222.70.243.96 - - [16/Jan/2022:10:15:55 +0800] "GET /xingrg/javascript/easyui/plugins/jquery.draggable.js HTTP/1.1" 200 6121
222.70.243.96 - - [16/Jan/2022:10:15:56 +0800] "GET /xingrg/css/images/panel_loading.gif HTTP/1.1" 304 -
222.70.243.96 - - [16/Jan/2022:10:15:56 +0800] "GET /xingrg/javascript/easyui/plugins/jquery.droppable.js HTTP/1.1" 200 1167
222.70.243.96 - - [16/Jan/2022:10:15:56 +0800] "GET /xingrg/javascript/easyui/themes/default/tree.css HTTP/1.1" 404 1090
222.70.243.96 - - [16/Jan/2022:10:15:56 +0800] "GET /xingrg/javascript/easyui/plugins/jquery.tree.js HTTP/1.1" 200 20874
222.70.243.96 - - [16/Jan/2022:10:15:56 +0800] "POST /xingrg/all/common/load_tree.html?tree=supplier_tree_json&isDelete=1 HTTP/1.1" 200 61772
180.152.99.39 - - [16/Jan/2022:10:15:56 +0800] "GET /xingrg/all/function/internal_message.html?_=1642299287994&CODE_STATE=getMsg HTTP/1.1" 200 27
180.152.99.39 - - [16/Jan/2022:10:15:56 +0800] "GET /xingrg/kc/base/wldb_order_operate.html?command=get_materiel&rest_code=00150&base_code=0010445&code=00101019253 HTTP/1.1" 200 468
222.70.243.96 - - [16/Jan/2022:10:15:57 +0800] "GET /xingrg/javascript/easyui/themes/default/images/tree_arrows.gif HTTP/1.1" 200 617
222.70.243.96 - - [16/Jan/2022:10:15:57 +0800] "GET /xingrg/javascript/easyui/themes/default/images/tree_folder_open.gif HTTP/1.1" 200 956
222.70.243.96 - - [16/Jan/2022:10:15:57 +0800] "GET /xingrg/javascript/easyui/themes/default/images/tree_folder.gif HTTP/1.1" 200 952
222.70.243.96 - - [16/Jan/2022:10:15:57 +0800] "GET /xingrg/javascript/easyui/themes/default/images/tree_file.gif HTTP/1.1" 200 118
180.152.99.39 - - [16/Jan/2022:10:16:02 +0800] "GET /xingrg/kc/base/wldb_order_operate.html?command=get_materiel&rest_code=00150&base_code=0010445&code=00101019187 HTTP/1.1" 200 465
222.70.177.227 - - [16/Jan/2022:10:16:03 +0800] "GET /xingrg/kc/buy/cgsh_order_operate.html?command=get_materiel&rest_code=00111&code=00101008296&supplier_code=00100005&order_time=2022-01-16 HTTP/1.1" 200 416
222.70.177.227 - - [16/Jan/2022:10:16:05 +0800] "GET /xingrg/all/function/internal_message.html?_=1642299357458&CODE_STATE=getMsg HTTP/1.1" 200 27
180.157.251.97 - - [16/Jan/2022:10:16:07 +0800] "GET /xingrg/check_reg.html?_=1642299363124 HTTP/1.1" 200 22
180.157.251.97 - - [16/Jan/2022:10:16:07 +0800] "GET /xingrg/all/function/internal_message.html?_=1642299363127&CODE_STATE=getMsg HTTP/1.1" 200 27
58.39.168.32 - - [16/Jan/2022:10:16:09 +0800] "GET /xingrg/check_reg.html?_=1642299364333 HTTP/1.1" 200 22
222.70.243.96 - - [16/Jan/2022:10:16:09 +0800] "GET /xingrg/all/function/internal_message.html?_=1642299388486&CODE_STATE=getMsg HTTP/1.1" 302 -
222.70.217.149 - - [16/Jan/2022:10:16:10 +0800] "GET /xingrg/all/function/internal_message.html?_=1642299356405&CODE_STATE=getMsg HTTP/1.1" 200 27
114.95.98.1 - - [16/Jan/2022:10:16:12 +0800] "GET /xingrg/all/function/internal_message.html?_=1642299388126&CODE_STATE=getMsg HTTP/1.1" 200 27
222.70.243.96 - - [16/Jan/2022:10:16:17 +0800] "GET /xingrg/all/function/internal_message.html?_=1642299398772&CODE_STATE=getMsg HTTP/1.1" 200 27
58.39.168.32 - - [16/Jan/2022:10:16:21 +0800] "GET /xingrg/all/function/internal_message.html?_=1642299377234&CODE_STATE=getMsg HTTP/1.1" 200 27
222.70.177.227 - - [16/Jan/2022:10:16:23 +0800] "GET /xingrg/kc/buy/cgsh_order_operate.html?command=get_materiel&rest_code=00111&code=00101008353&supplier_code=00100005&order_time=2022-01-16 HTTP/1.1" 200 408
180.152.99.39 - - [16/Jan/2022:10:16:28 +0800] "GET /favicon.ico HTTP/1.1" 404 -
180.152.99.39 - - [16/Jan/2022:10:16:28 +0800] "POST /xingrg/all/common/load_tree.html?tree=materiel_sort_tree_json HTTP/1.1" 200 9388
101.85.120.86 - - [16/Jan/2022:10:16:29 +0800] "GET /xingrg/check_reg.html?_=1642299382903 HTTP/1.1" 200 22
101.85.120.86 - - [16/Jan/2022:10:16:29 +0800] "GET /xingrg/all/function/internal_message.html?_=1642299382905&CODE_STATE=getMsg HTTP/1.1" 200 27
114.86.225.110 - - [16/Jan/2022:10:16:29 +0800] "GET /xingrg/all/function/internal_message.html?_=1642299385369&CODE_STATE=getMsg HTTP/1.1" 200 27
180.169.147.146 - - [16/Jan/2022:10:16:35 +0800] "GET /xingrg/all/function/internal_message.html?_=1642299390805&CODE_STATE=getMsg HTTP/1.1" 200 27
222.70.177.227 - - [16/Jan/2022:10:16:36 +0800] "GET /xingrg/kc/buy/cgsh_order_operate.html?command=get_materiel&rest_code=00111&code=00101008213&supplier_code=00100005&order_time=2022-01-16 HTTP/1.1" 200 412
180.157.251.97 - - [16/Jan/2022:10:16:36 +0800] "GET /xingrg/all/function/internal_message.html?_=1642299393678&CODE_STATE=getMsg HTTP/1.1" 200 27
180.152.99.39 - - [16/Jan/2022:10:16:36 +0800] "GET /favicon.ico HTTP/1.1" 404 -
180.152.99.39 - - [16/Jan/2022:10:16:36 +0800] "POST /xingrg/all/common/load_tree.html?tree=materiel_sort_tree_json HTTP/1.1" 200 9388
222.70.243.96 - - [16/Jan/2022:10:16:38 +0800] "GET /xingrg/kc/buy/cgsh_order_add.html HTTP/1.1" 200 65363
222.70.243.96 - - [16/Jan/2022:10:16:39 +0800] "GET /xingrg/javascript/easyui/themes/default/validatebox.css HTTP/1.1" 404 1104
222.70.243.96 - - [16/Jan/2022:10:16:39 +0800] "POST /xingrg/kc/buy/cgsh_order_operate.html HTTP/1.1" 200 8245
120.253.135.82 - - [16/Jan/2022:10:16:39 +0800] "GET /xingrg/all/function/internal_message.html?_=1642299182875&CODE_STATE=getMsg HTTP/1.1" 200 27
180.152.99.39 - - [16/Jan/2022:10:16:40 +0800] "GET /xingrg/kc/base/wldb_order_operate.html?command=get_materiel&rest_code=00150&base_code=0010445&code=00101019184 HTTP/1.1" 200 443
58.39.168.32 - - [16/Jan/2022:10:16:47 +0800] "GET /xingrg/all/function/internal_message.html?_=1642299340696&CODE_STATE=getMsg HTTP/1.1" 200 27
180.152.99.39 - - [16/Jan/2022:10:16:48 +0800] "GET /xingrg/kc/base/wldb_order_operate.html?command=get_materiel&rest_code=00150&base_code=0010445&code=00101019063 HTTP/1.1" 200 446
222.69.128.164 - - [16/Jan/2022:10:16:49 +0800] "GET /xingrg/all/function/internal_message.html?_=1642299404227&CODE_STATE=getMsg HTTP/1.1" 200 27
222.69.132.164 - - [16/Jan/2022:10:16:50 +0800] "GET /xingrg/all/function/internal_message.html?_=1642299453485&CODE_STATE=getMsg HTTP/1.1" 200 27
222.70.177.227 - - [16/Jan/2022:10:16:50 +0800] "GET /xingrg/kc/buy/cgsh_order_operate.html?command=get_materiel&rest_code=00111&code=00101013179&supplier_code=00100005&order_time=2022-01-16 HTTP/1.1" 200 412
222.70.177.227 - - [16/Jan/2022:10:16:55 +0800] "POST /xingrg/kc/buy/cgsh_order_operate.html HTTP/1.1" 200 2065
180.152.99.39 - - [16/Jan/2022:10:16:56 +0800] "GET /xingrg/all/function/internal_message.html?_=1642299348006&CODE_STATE=getMsg HTTP/1.1" 200 27
222.70.243.96 - - [16/Jan/2022:10:17:00 +0800] "GET /xingrg/kc/buy/cgsh_order_list.html HTTP/1.1" 200 49594
222.70.243.96 - - [16/Jan/2022:10:17:02 +0800] "POST /xingrg/kc/buy/cgsh_list_operate.html HTTP/1.1" 200 1690
222.70.177.227 - - [16/Jan/2022:10:17:02 +0800] "GET /xingrg/kc/buy/cgsh_order_operate.html?command=get_materiel&rest_code=00111&code=00101008125&supplier_code=00100005&order_time=2022-01-16 HTTP/1.1" 200 432
222.70.177.227 - - [16/Jan/2022:10:17:05 +0800] "GET /xingrg/all/function/internal_message.html?_=1642299417457&CODE_STATE=getMsg HTTP/1.1" 200 27
180.157.251.97 - - [16/Jan/2022:10:17:07 +0800] "GET /xingrg/all/function/internal_message.html?_=1642299423153&CODE_STATE=getMsg HTTP/1.1" 200 27
222.70.243.96 - - [16/Jan/2022:10:17:08 +0800] "POST /xingrg/kc/buy/cgsh_list_operate.html HTTP/1.1" 200 569
222.70.243.96 - - [16/Jan/2022:10:17:09 +0800] "GET /xingrg/all/function/internal_message.html?_=1642299448511&CODE_STATE=getMsg HTTP/1.1" 302 -
180.152.99.39 - - [16/Jan/2022:10:17:10 +0800] "POST /xingrg/kc/base/wldb_order_operate.html HTTP/1.1" 200 37
222.70.217.149 - - [16/Jan/2022:10:17:10 +0800] "GET /xingrg/all/function/internal_message.html?_=1642299416415&CODE_STATE=getMsg HTTP/1.1" 200 27
180.152.99.39 - - [16/Jan/2022:10:17:12 +0800] "POST /xingrg/kc/base/wldb_order_operate.html HTTP/1.1" 200 12
180.152.99.39 - - [16/Jan/2022:10:17:12 +0800] "POST /xingrg/kc/base/wldb_order_operate.html HTTP/1.1" 200 7711
222.70.243.96 - - [16/Jan/2022:10:17:12 +0800] "GET /xingrg/kc/buy/cgsh_order_info.html?code=212022011607521 HTTP/1.1" 200 65372
222.70.243.96 - - [16/Jan/2022:10:17:12 +0800] "GET /xingrg/javascript/easyui/themes/default/validatebox.css HTTP/1.1" 404 1104
222.70.243.96 - - [16/Jan/2022:10:17:13 +0800] "POST /xingrg/kc/buy/cgsh_order_operate.html HTTP/1.1" 200 51157
114.95.98.1 - - [16/Jan/2022:10:17:13 +0800] "GET /xingrg/all/function/internal_message.html?_=1642299448618&CODE_STATE=getMsg HTTP/1.1" 200 27
180.152.99.39 - - [16/Jan/2022:10:17:14 +0800] "GET /xingrg/kc/base/wldb_order_info.html?code=422022011602079 HTTP/1.1" 200 26173
180.152.99.39 - - [16/Jan/2022:10:17:15 +0800] "GET /xingrg/javascript/easyui/themes/default/validatebox.css HTTP/1.1" 404 1104
180.152.99.39 - - [16/Jan/2022:10:17:15 +0800] "POST /xingrg/kc/base/wldb_order_operate.html HTTP/1.1" 200 5882
222.70.243.96 - - [16/Jan/2022:10:17:17 +0800] "GET /xingrg/all/function/internal_message.html?_=1642299459031&CODE_STATE=getMsg HTTP/1.1" 200 27
180.152.99.39 - - [16/Jan/2022:10:17:17 +0800] "GET /xingrg/kc/base/wldb_order_add.html HTTP/1.1" 200 30288
180.152.99.39 - - [16/Jan/2022:10:17:18 +0800] "POST /xingrg/kc/base/wldb_order_operate.html HTTP/1.1" 200 6806
180.152.99.39 - - [16/Jan/2022:10:17:18 +0800] "GET /xingrg/javascript/easyui/themes/default/validatebox.css HTTP/1.1" 404 1104
180.152.99.39 - - [16/Jan/2022:10:17:19 +0800] "POST /xingrg/all/common/load_combo.html?type=base HTTP/1.1" 200 3051
222.70.177.227 - - [16/Jan/2022:10:17:20 +0800] "GET /xingrg/kc/buy/cgsh_order_operate.html?command=get_materiel&rest_code=00111&code=00101016081&supplier_code=00100005&order_time=2022-01-16 HTTP/1.1" 200 468
114.84.144.24 - - [16/Jan/2022:10:17:21 +0800] "GET /favicon.ico HTTP/1.1" 404 -
58.39.168.32 - - [16/Jan/2022:10:17:21 +0800] "GET /xingrg/all/function/internal_message.html?_=1642299437202&CODE_STATE=getMsg HTTP/1.1" 200 27
114.84.144.24 - - [16/Jan/2022:10:17:24 +0800] "GET /xingrg/login.html HTTP/1.1" 200 7641
114.84.144.24 - - [16/Jan/2022:10:17:24 +0800] "GET /xingrg/images/blue/jxLogo.png HTTP/1.1" 200 6156
114.84.144.24 - - [16/Jan/2022:10:17:24 +0800] "GET /xingrg/images/blue/hj.png HTTP/1.1" 200 1014
114.84.144.24 - - [16/Jan/2022:10:17:24 +0800] "GET /xingrg/images/blue/srbg.png HTTP/1.1" 200 138
114.84.144.24 - - [16/Jan/2022:10:17:24 +0800] "GET /xingrg/images/blue/login_bg.png HTTP/1.1" 200 22101
114.84.144.24 - - [16/Jan/2022:10:17:24 +0800] "GET /favicon.ico HTTP/1.1" 404 -
180.152.99.39 - - [16/Jan/2022:10:17:26 +0800] "GET /xingrg/kc/base/wldb_order_operate.html?command=get_materiel&rest_code=00150&base_code=0010445&code=00101016097 HTTP/1.1" 200 470
180.152.99.39 - - [16/Jan/2022:10:17:28 +0800] "POST /xingrg/all/common/load_select.html HTTP/1.1" 200 25
101.85.120.86 - - [16/Jan/2022:10:17:29 +0800] "GET /xingrg/all/function/internal_message.html?_=1642299442890&CODE_STATE=getMsg HTTP/1.1" 200 27
180.152.99.39 - - [16/Jan/2022:10:17:29 +0800] "GET /xingrg/kc/base/wldb_order_operate.html?command=get_materiel_price&rest_code=00150&base_code=0010445&code=00101016097&unit_code=00100163 HTTP/1.1" 200 34
114.86.225.110 - - [16/Jan/2022:10:17:29 +0800] "GET /xingrg/all/function/internal_message.html?_=1642299445372&CODE_STATE=getMsg HTTP/1.1" 200 27
114.86.225.110 - - [16/Jan/2022:10:17:29 +0800] "GET /xingrg/check_reg.html?_=1642299445374 HTTP/1.1" 200 22
114.84.144.24 - - [16/Jan/2022:10:17:30 +0800] "POST /xingrg/login.do HTTP/1.1" 200 2421
114.84.144.24 - - [16/Jan/2022:10:17:30 +0800] "GET /xingrg/images/blue/pic_top.gif HTTP/1.1" 200 3656
114.84.144.24 - - [16/Jan/2022:10:17:30 +0800] "GET /xingrg/images/blue/pic_notice.jpg HTTP/1.1" 200 3583
114.84.144.24 - - [16/Jan/2022:10:17:30 +0800] "GET /xingrg/css/blue.css HTTP/1.1" 200 15949
114.84.144.24 - - [16/Jan/2022:10:17:30 +0800] "GET /xingrg/javascript/myfunction.js HTTP/1.1" 200 24559
114.84.144.24 - - [16/Jan/2022:10:17:31 +0800] "GET /xingrg/images/blue/error_mid.gif HTTP/1.1" 200 215
114.84.144.24 - - [16/Jan/2022:10:17:31 +0800] "GET /xingrg/images/blue/error_top.gif HTTP/1.1" 200 1790
114.84.144.24 - - [16/Jan/2022:10:17:31 +0800] "GET /xingrg/images/blue/error_buttom.gif HTTP/1.1" 200 1750
114.84.144.24 - - [16/Jan/2022:10:17:31 +0800] "GET /favicon.ico HTTP/1.1" 404 -
222.70.177.227 - - [16/Jan/2022:10:17:32 +0800] "GET /xingrg/kc/buy/cgsh_order_operate.html?command=get_materiel&rest_code=00111&code=00101008010&supplier_code=00100005&order_time=2022-01-16 HTTP/1.1" 200 412
114.84.144.24 - - [16/Jan/2022:10:17:32 +0800] "GET /xingrg/login.html HTTP/1.1" 200 7641
114.84.144.24 - - [16/Jan/2022:10:17:33 +0800] "GET /favicon.ico HTTP/1.1" 404 -
180.169.147.146 - - [16/Jan/2022:10:17:35 +0800] "GET /xingrg/all/function/internal_message.html?_=1642299450823&CODE_STATE=getMsg HTTP/1.1" 200 27
180.157.251.97 - - [16/Jan/2022:10:17:36 +0800] "GET /xingrg/all/function/internal_message.html?_=1642299453662&CODE_STATE=getMsg HTTP/1.1" 200 27
114.84.144.24 - - [16/Jan/2022:10:17:36 +0800] "POST /xingrg/login.do HTTP/1.1" 302 -
114.84.144.24 - - [16/Jan/2022:10:17:36 +0800] "GET /xingrg/index.html?sysBaseUrl=http%3A%2F%2F180.169.147.146%3A18081%2Fxingrg%2F&costTime=44×tamp=1642299456318 HTTP/1.1" 200 17179
114.84.144.24 - - [16/Jan/2022:10:17:36 +0800] "GET /xingrg/css/form.css HTTP/1.1" 200 893
114.84.144.24 - - [16/Jan/2022:10:17:36 +0800] "GET /xingrg/javascript/jquery_easy_ui/jquery.easyui.min.js HTTP/1.1" 200 213662
114.84.144.24 - - [16/Jan/2022:10:17:36 +0800] "GET /xingrg/javascript/jquery_easy_ui/themes/icon.css HTTP/1.1" 200 3949
114.84.144.24 - - [16/Jan/2022:10:17:36 +0800] "GET /xingrg/javascript/jquery_easy_ui/easyui-lang-zh_CN.js HTTP/1.1" 200 1900
