114.95.98.1 - - [16/Jan/2022:11:06:21 +0800] "GET /xingrg/all/function/internal_message.html?_=1642302396838&CODE_STATE=getMsg HTTP/1.1" 200 27
222.70.243.96 - - [16/Jan/2022:11:06:21 +0800] "GET /xingrg/all/function/internal_message.html?_=1642302403664&CODE_STATE=getMsg HTTP/1.1" 200 27
101.89.239.238 - - [16/Jan/2022:11:06:23 +0800] "GET /xingrg/all/function/internal_message.html?_=1642301285070&CODE_STATE=getMsg HTTP/1.1" 302 -
101.89.239.238 - - [16/Jan/2022:11:06:24 +0800] "GET /xingrg/login.html HTTP/1.1" 200 7641
101.85.120.86 - - [16/Jan/2022:11:06:27 +0800] "GET /xingrg/kc/buy/cgsh_order_operate.html?command=get_materiel&rest_code=00142&code=00101008261&supplier_code=00100161&order_time=2022-01-16 HTTP/1.1" 200 408
101.85.120.86 - - [16/Jan/2022:11:06:29 +0800] "GET /xingrg/check_reg.html?_=1642302382974 HTTP/1.1" 200 22
101.85.120.86 - - [16/Jan/2022:11:06:29 +0800] "GET /xingrg/all/function/internal_message.html?_=1642302382973&CODE_STATE=getMsg HTTP/1.1" 200 27
114.86.225.110 - - [16/Jan/2022:11:06:29 +0800] "GET /xingrg/all/function/internal_message.html?_=1642302385362&CODE_STATE=getMsg HTTP/1.1" 200 27
58.39.168.32 - - [16/Jan/2022:11:06:32 +0800] "GET /xingrg/kc/base/wldb_order_operate.html?command=get_materiel&rest_code=00105&base_code=0010507&code=00101019046 HTTP/1.1" 200 463
180.162.114.48 - - [16/Jan/2022:11:06:34 +0800] "GET /xingrg/all/function/internal_message.html?_=1642301801642&CODE_STATE=getMsg HTTP/1.1" 200 27
180.157.251.97 - - [16/Jan/2022:11:06:35 +0800] "GET /xingrg/all/function/internal_message.html?_=1642302392925&CODE_STATE=getMsg HTTP/1.1" 200 27
180.169.147.146 - - [16/Jan/2022:11:06:35 +0800] "GET /xingrg/all/function/internal_message.html?_=1642302390812&CODE_STATE=getMsg HTTP/1.1" 200 27
114.84.144.24 - - [16/Jan/2022:11:06:36 +0800] "GET /xingrg/all/function/internal_message.html?_=1642302191656&CODE_STATE=getMsg HTTP/1.1" 200 27
114.95.98.1 - - [16/Jan/2022:11:06:37 +0800] "GET /xingrg/all/function/internal_message.html?_=1642302392827&CODE_STATE=getMsg HTTP/1.1" 200 27
101.80.229.199 - - [16/Jan/2022:11:06:37 +0800] "GET /xingrg/all/function/internal_message.html?_=1642302393199&CODE_STATE=getMsg HTTP/1.1" 200 27
101.85.120.86 - - [16/Jan/2022:11:06:37 +0800] "GET /xingrg/kc/buy/cgsh_order_operate.html?command=get_materiel&rest_code=00142&code=00101008268&supplier_code=00100161&order_time=2022-01-16 HTTP/1.1" 200 408
222.70.243.96 - - [16/Jan/2022:11:06:41 +0800] "GET /xingrg/kc/buy/cgsh_order_operate.html?command=get_materiel&rest_code=00146&code=00101006111&supplier_code=00100012&order_time=2022-01-16 HTTP/1.1" 200 409
114.95.98.1 - - [16/Jan/2022:11:06:45 +0800] "GET /xingrg/kc/buy/cgsh_order_operate.html?command=get_materiel&rest_code=00102&code=00101010136&supplier_code=00100151&order_time=2022-01-16 HTTP/1.1" 200 408
58.39.168.32 - - [16/Jan/2022:11:06:47 +0800] "GET /xingrg/all/function/internal_message.html?_=1642302340744&CODE_STATE=getMsg HTTP/1.1" 200 27
101.85.120.86 - - [16/Jan/2022:11:06:49 +0800] "GET /xingrg/kc/buy/cgsh_order_operate.html?command=get_materiel&rest_code=00142&code=00101008370&supplier_code=00100161&order_time=2022-01-16 HTTP/1.1" 200 412
222.69.132.164 - - [16/Jan/2022:11:06:50 +0800] "GET /xingrg/all/function/internal_message.html?_=1642302453485&CODE_STATE=getMsg HTTP/1.1" 200 27
61.151.178.165 - - [16/Jan/2022:11:06:55 +0800] "GET /xingrg/all/common/auto_word.html?type=employee&rest_code=00106 HTTP/1.1" 302 -
61.151.178.165 - - [16/Jan/2022:11:06:56 +0800] "GET /xingrg/login.html HTTP/1.1" 200 7641
222.69.128.164 - - [16/Jan/2022:11:06:56 +0800] "GET /xingrg/all/function/internal_message.html?_=1642302411662&CODE_STATE=getMsg HTTP/1.1" 200 27
58.39.168.32 - - [16/Jan/2022:11:06:57 +0800] "GET /xingrg/kc/base/wldb_order_operate.html?command=get_materiel&rest_code=00105&base_code=0010507&code=00101019142 HTTP/1.1" 200 449
116.237.73.232 - - [16/Jan/2022:11:06:57 +0800] "GET /xingrg/all/function/internal_message.html?_=1642302415125&CODE_STATE=getMsg HTTP/1.1" 200 27
101.85.120.86 - - [16/Jan/2022:11:06:59 +0800] "GET /xingrg/kc/buy/cgsh_order_operate.html?command=get_materiel&rest_code=00142&code=00101008199&supplier_code=00100161&order_time=2022-01-16 HTTP/1.1" 200 408
114.95.98.1 - - [16/Jan/2022:11:07:01 +0800] "GET /xingrg/kc/buy/cgsh_order_operate.html?command=get_materiel&rest_code=00102&code=00101023022&supplier_code=00100151&order_time=2022-01-16 HTTP/1.1" 200 392
180.152.99.39 - - [16/Jan/2022:11:07:03 +0800] "GET /xingrg/all/function/internal_message.html?_=1642302354816&CODE_STATE=getMsg HTTP/1.1" 200 27
222.70.177.227 - - [16/Jan/2022:11:07:05 +0800] "GET /xingrg/all/function/internal_message.html?_=1642302416876&CODE_STATE=getMsg HTTP/1.1" 200 27
180.157.251.97 - - [16/Jan/2022:11:07:06 +0800] "GET /xingrg/all/function/internal_message.html?_=1642302422401&CODE_STATE=getMsg HTTP/1.1" 200 27
180.157.251.97 - - [16/Jan/2022:11:07:07 +0800] "GET /xingrg/all/function/internal_message.html?_=1642302423282&CODE_STATE=getMsg HTTP/1.1" 200 27
101.85.120.86 - - [16/Jan/2022:11:07:09 +0800] "GET /xingrg/kc/buy/cgsh_order_operate.html?command=get_materiel&rest_code=00142&code=00101008361&supplier_code=00100161&order_time=2022-01-16 HTTP/1.1" 200 408
222.70.243.96 - - [16/Jan/2022:11:07:10 +0800] "GET /xingrg/all/function/internal_message.html?_=1642302449190&CODE_STATE=getMsg HTTP/1.1" 302 -
222.70.217.149 - - [16/Jan/2022:11:07:10 +0800] "GET /xingrg/all/function/internal_message.html?_=1642302416402&CODE_STATE=getMsg HTTP/1.1" 200 27
180.169.147.146 - - [16/Jan/2022:11:07:10 +0800] "GET /xingrg/all/function/internal_message.html?_=1642302426076&CODE_STATE=getMsg HTTP/1.1" 200 27
114.95.98.1 - - [16/Jan/2022:11:07:12 +0800] "GET /xingrg/all/function/internal_message.html?_=1642302426510&CODE_STATE=getMsg HTTP/1.1" 200 27
222.70.243.96 - - [16/Jan/2022:11:07:12 +0800] "GET /xingrg/kc/buy/cgsh_order_operate.html?command=get_materiel&rest_code=00146&code=00101006025&supplier_code=00100012&order_time=2022-01-16 HTTP/1.1" 200 417
180.162.114.48 - - [16/Jan/2022:11:07:15 +0800] "GET /xingrg/kc/base/wldb_order_operate.html?command=get_materiel&rest_code=00143&base_code=0010222&code=00102002149 HTTP/1.1" 200 435
101.85.120.86 - - [16/Jan/2022:11:07:18 +0800] "GET /xingrg/kc/buy/cgsh_order_operate.html?command=get_materiel&rest_code=00142&code=00101008155&supplier_code=00100161&order_time=2022-01-16 HTTP/1.1" 200 408
58.39.168.32 - - [16/Jan/2022:11:07:20 +0800] "GET /xingrg/all/function/internal_message.html?_=1642302436150&CODE_STATE=getMsg HTTP/1.1" 200 27
124.79.247.218 - - [16/Jan/2022:11:07:20 +0800] "GET /xingrg/all/function/internal_message.html?_=1642302573926&CODE_STATE=getMsg HTTP/1.1" 200 27
114.95.98.1 - - [16/Jan/2022:11:07:21 +0800] "GET /xingrg/all/function/internal_message.html?_=1642302456853&CODE_STATE=getMsg HTTP/1.1" 200 27
222.70.243.96 - - [16/Jan/2022:11:07:21 +0800] "GET /xingrg/all/function/internal_message.html?_=1642302463676&CODE_STATE=getMsg HTTP/1.1" 200 27
101.85.120.86 - - [16/Jan/2022:11:07:29 +0800] "GET /xingrg/all/function/internal_message.html?_=1642302442971&CODE_STATE=getMsg HTTP/1.1" 200 27
114.86.225.110 - - [16/Jan/2022:11:07:30 +0800] "GET /xingrg/all/function/internal_message.html?_=1642302445356&CODE_STATE=getMsg HTTP/1.1" 200 27
114.86.225.110 - - [16/Jan/2022:11:07:30 +0800] "GET /xingrg/check_reg.html?_=1642302445357 HTTP/1.1" 200 22
101.85.120.86 - - [16/Jan/2022:11:07:30 +0800] "GET /xingrg/kc/buy/cgsh_order_operate.html?command=get_materiel&rest_code=00142&code=00101008097&supplier_code=00100161&order_time=2022-01-16 HTTP/1.1" 200 408
180.162.114.48 - - [16/Jan/2022:11:07:34 +0800] "GET /xingrg/all/function/internal_message.html?_=1642301861638&CODE_STATE=getMsg HTTP/1.1" 200 27
114.95.98.1 - - [16/Jan/2022:11:07:35 +0800] "POST /xingrg/kc/buy/cgsh_order_operate.html HTTP/1.1" 200 37
180.157.251.97 - - [16/Jan/2022:11:07:35 +0800] "GET /xingrg/all/function/internal_message.html?_=1642302452909&CODE_STATE=getMsg HTTP/1.1" 200 27
180.169.147.146 - - [16/Jan/2022:11:07:35 +0800] "GET /xingrg/all/function/internal_message.html?_=1642302450807&CODE_STATE=getMsg HTTP/1.1" 200 27
114.84.144.24 - - [16/Jan/2022:11:07:36 +0800] "GET /xingrg/all/function/internal_message.html?_=1642302251649&CODE_STATE=getMsg HTTP/1.1" 200 27
114.84.144.24 - - [16/Jan/2022:11:07:36 +0800] "GET /xingrg/check_reg.html?_=1642302251651 HTTP/1.1" 200 22
114.95.98.1 - - [16/Jan/2022:11:07:37 +0800] "GET /xingrg/all/function/internal_message.html?_=1642302452814&CODE_STATE=getMsg HTTP/1.1" 200 27
101.80.229.199 - - [16/Jan/2022:11:07:37 +0800] "GET /xingrg/all/function/internal_message.html?_=1642302453201&CODE_STATE=getMsg HTTP/1.1" 200 27
58.39.168.32 - - [16/Jan/2022:11:07:41 +0800] "GET /xingrg/kc/base/wldb_order_operate.html?command=get_materiel&rest_code=00105&base_code=0010507&code=00101019183 HTTP/1.1" 200 435
180.152.99.39 - - [16/Jan/2022:11:07:41 +0800] "POST /xingrg/all/user/operate.html HTTP/1.1" 200 36
180.152.99.39 - - [16/Jan/2022:11:07:41 +0800] "GET /xingrg/javascript/jquery_easy_ui/themes/default/easyui.css HTTP/1.1" 304 -
180.152.99.39 - - [16/Jan/2022:11:07:41 +0800] "GET /xingrg/index.html?sysBaseUrl=http%3A%2F%2F180.169.147.146%3A18081%2Fxingrg%2F&costTime=42×tamp=1642160036415 HTTP/1.1" 200 17179
180.152.99.39 - - [16/Jan/2022:11:07:41 +0800] "GET /xingrg/javascript/jquery_easy_ui/themes/icon.css HTTP/1.1" 304 -
180.152.99.39 - - [16/Jan/2022:11:07:41 +0800] "GET /xingrg/css/form.css HTTP/1.1" 304 -
180.152.99.39 - - [16/Jan/2022:11:07:41 +0800] "GET /xingrg/javascript/jquery-1.4.2.min.js HTTP/1.1" 304 -
180.152.99.39 - - [16/Jan/2022:11:07:41 +0800] "GET /xingrg/javascript/jquery_easy_ui/jquery.easyui.min.js HTTP/1.1" 304 -
180.152.99.39 - - [16/Jan/2022:11:07:41 +0800] "GET /xingrg/javascript/jquery_easy_ui/easyui-lang-zh_CN.js HTTP/1.1" 304 -
180.152.99.39 - - [16/Jan/2022:11:07:41 +0800] "GET /xingrg/javascript/jquery.form.js HTTP/1.1" 304 -
180.152.99.39 - - [16/Jan/2022:11:07:41 +0800] "GET /xingrg/javascript/jquery.utils.js HTTP/1.1" 304 -
180.152.99.39 - - [16/Jan/2022:11:07:41 +0800] "GET /xingrg/javascript/jquery.timers.js HTTP/1.1" 304 -
180.152.99.39 - - [16/Jan/2022:11:07:41 +0800] "GET /xingrg/images/blue/navBackgound.jpg HTTP/1.1" 304 -
180.152.99.39 - - [16/Jan/2022:11:07:41 +0800] "GET /xingrg/images/blue/jxLogo.png HTTP/1.1" 304 -
180.152.99.39 - - [16/Jan/2022:11:07:41 +0800] "GET /xingrg/javascript/jquery_easy_ui/themes/icons/settle_new.png HTTP/1.1" 304 -
180.152.99.39 - - [16/Jan/2022:11:07:41 +0800] "GET /xingrg/images/blue/pingpu.png HTTP/1.1" 304 -
180.152.99.39 - - [16/Jan/2022:11:07:41 +0800] "GET /xingrg/javascript/jquery_easy_ui/themes/default/images/tabs_leftarrow.png HTTP/1.1" 304 -
180.152.99.39 - - [16/Jan/2022:11:07:42 +0800] "GET /xingrg/javascript/jquery_easy_ui/themes/default/images/tabs_rightarrow.png HTTP/1.1" 304 -
180.152.99.39 - - [16/Jan/2022:11:07:42 +0800] "GET /xingrg/javascript/jquery_easy_ui/themes/default/images/panel_tool_collapse.gif HTTP/1.1" 304 -
180.152.99.39 - - [16/Jan/2022:11:07:42 +0800] "POST /xingrg/all/common/load_tree.html?tree=area_rest_tree_json&manage=1 HTTP/1.1" 200 476
180.152.99.39 - - [16/Jan/2022:11:07:42 +0800] "GET /xingrg/all/function/internal_message.html?_=1642302393546&CODE_STATE=count HTTP/1.1" 200 11
180.152.99.39 - - [16/Jan/2022:11:07:42 +0800] "GET /xingrg/check_reg.html?_=1642302393547 HTTP/1.1" 200 22
180.152.99.39 - - [16/Jan/2022:11:07:42 +0800] "POST /xingrg/load_menu.html HTTP/1.1" 200 5138
101.85.120.86 - - [16/Jan/2022:11:07:43 +0800] "GET /xingrg/kc/buy/cgsh_order_operate.html?command=get_materiel&rest_code=00142&code=00101008371&supplier_code=00100161&order_time=2022-01-16 HTTP/1.1" 200 412
58.39.168.32 - - [16/Jan/2022:11:07:47 +0800] "GET /xingrg/check_reg.html?_=1642302400748 HTTP/1.1" 200 22
58.39.168.32 - - [16/Jan/2022:11:07:47 +0800] "GET /xingrg/all/function/internal_message.html?_=1642302400744&CODE_STATE=getMsg HTTP/1.1" 200 27
180.162.114.48 - - [16/Jan/2022:11:07:48 +0800] "GET /xingrg/kc/base/wldb_order_operate.html?command=get_materiel&rest_code=00143&base_code=0010222&code=00102002286 HTTP/1.1" 200 432
222.69.132.164 - - [16/Jan/2022:11:07:50 +0800] "GET /xingrg/all/function/internal_message.html?_=1642302513481&CODE_STATE=getMsg HTTP/1.1" 200 27
222.70.243.96 - - [16/Jan/2022:11:07:53 +0800] "GET /xingrg/check_reg.html?_=1642302492329 HTTP/1.1" 302 -
222.70.243.96 - - [16/Jan/2022:11:07:55 +0800] "GET /xingrg/kc/buy/cgsh_order_operate.html?command=get_materiel&rest_code=00146&code=00101006175&supplier_code=00100012&order_time=2022-01-16 HTTP/1.1" 200 414
101.85.120.86 - - [16/Jan/2022:11:07:56 +0800] "GET /xingrg/kc/buy/cgsh_order_operate.html?command=get_materiel&rest_code=00142&code=00101008355&supplier_code=00100161&order_time=2022-01-16 HTTP/1.1" 200 408
222.69.128.164 - - [16/Jan/2022:11:07:56 +0800] "GET /xingrg/all/function/internal_message.html?_=1642302471637&CODE_STATE=getMsg HTTP/1.1" 200 27
222.69.128.164 - - [16/Jan/2022:11:07:56 +0800] "GET /xingrg/check_reg.html?_=1642302471995 HTTP/1.1" 200 22
101.89.239.245 - - [16/Jan/2022:11:07:57 +0800] "GET /xingrg/all/function/internal_message.html?_=1642301765071&CODE_STATE=getMsg HTTP/1.1" 302 -
116.237.73.232 - - [16/Jan/2022:11:07:57 +0800] "GET /xingrg/check_reg.html?_=1642302475061 HTTP/1.1" 200 22
116.237.73.232 - - [16/Jan/2022:11:07:57 +0800] "GET /xingrg/all/function/internal_message.html?_=1642302475102&CODE_STATE=getMsg HTTP/1.1" 200 27
101.89.239.245 - - [16/Jan/2022:11:07:59 +0800] "GET /xingrg/login.html HTTP/1.1" 200 7641
180.152.99.39 - - [16/Jan/2022:11:08:02 +0800] "GET /xingrg/kc/buy/cgsh_order_list.html HTTP/1.1" 200 49594
180.152.99.39 - - [16/Jan/2022:11:08:03 +0800] "POST /xingrg/kc/buy/cgsh_list_operate.html HTTP/1.1" 200 876
222.70.177.227 - - [16/Jan/2022:11:08:05 +0800] "GET /xingrg/all/function/internal_message.html?_=1642302476861&CODE_STATE=getMsg HTTP/1.1" 200 27
180.152.99.39 - - [16/Jan/2022:11:08:06 +0800] "GET /xingrg/kc/buy/cgsh_order_add.html HTTP/1.1" 200 65293
180.157.251.97 - - [16/Jan/2022:11:08:06 +0800] "GET /xingrg/all/function/internal_message.html?_=1642302482404&CODE_STATE=getMsg HTTP/1.1" 200 27
180.152.99.39 - - [16/Jan/2022:11:08:06 +0800] "POST /xingrg/kc/buy/cgsh_order_operate.html HTTP/1.1" 200 8245
180.152.99.39 - - [16/Jan/2022:11:08:06 +0800] "GET /xingrg/javascript/easyui/themes/default/validatebox.css HTTP/1.1" 404 1104
180.157.251.97 - - [16/Jan/2022:11:08:07 +0800] "GET /xingrg/all/function/internal_message.html?_=1642302483282&CODE_STATE=getMsg HTTP/1.1" 200 27
101.85.120.86 - - [16/Jan/2022:11:08:07 +0800] "GET /xingrg/kc/buy/cgsh_order_operate.html?command=get_materiel&rest_code=00142&code=00101008024&supplier_code=00100161&order_time=2022-01-16 HTTP/1.1" 200 408
101.89.239.238 - - [16/Jan/2022:11:08:07 +0800] "GET /xingrg/kc/print/load_data.html?order_code=212022011607564&kc_code=cgsh HTTP/1.1" 302 -
101.89.239.238 - - [16/Jan/2022:11:08:08 +0800] "GET /xingrg/login.html HTTP/1.1" 200 7641
180.152.99.39 - - [16/Jan/2022:11:08:08 +0800] "GET /xingrg/javascript/auto/indicator.gif HTTP/1.1" 404 1066
222.70.243.96 - - [16/Jan/2022:11:08:10 +0800] "GET /xingrg/all/function/internal_message.html?_=1642302509193&CODE_STATE=getMsg HTTP/1.1" 302 -
222.70.217.149 - - [16/Jan/2022:11:08:10 +0800] "GET /xingrg/all/function/internal_message.html?_=1642302476411&CODE_STATE=getMsg HTTP/1.1" 200 27
180.169.147.146 - - [16/Jan/2022:11:08:10 +0800] "GET /xingrg/all/function/internal_message.html?_=1642302486078&CODE_STATE=getMsg HTTP/1.1" 200 27
114.95.98.1 - - [16/Jan/2022:11:08:12 +0800] "GET /xingrg/all/function/internal_message.html?_=1642302486525&CODE_STATE=getMsg HTTP/1.1" 200 27
114.95.98.1 - - [16/Jan/2022:11:08:12 +0800] "GET /xingrg/check_reg.html?_=1642302486661 HTTP/1.1" 200 22
222.70.243.96 - - [16/Jan/2022:11:08:14 +0800] "GET /xingrg/check_reg.html?_=1642302516548 HTTP/1.1" 200 22
114.95.98.1 - - [16/Jan/2022:11:08:15 +0800] "POST /xingrg/kc/buy/cgsh_order_operate.html HTTP/1.1" 200 9166
101.89.19.197 - - [16/Jan/2022:11:08:19 +0800] "GET /xingrg/kc/buy/cgsh_order_info.html?code=212022011607572 HTTP/1.1" 302 -
101.89.19.197 - - [16/Jan/2022:11:08:19 +0800] "GET /xingrg/login.html HTTP/1.1" 200 7641
222.70.243.96 - - [16/Jan/2022:11:08:19 +0800] "GET /xingrg/kc/buy/cgsh_order_operate.html?command=get_materiel&rest_code=00146&code=00101006174&supplier_code=00100012&order_time=2022-01-16 HTTP/1.1" 200 414
58.39.168.32 - - [16/Jan/2022:11:08:20 +0800] "GET /xingrg/all/function/internal_message.html?_=1642302496124&CODE_STATE=getMsg HTTP/1.1" 200 27
180.152.99.39 - - [16/Jan/2022:11:08:20 +0800] "GET /xingrg/kc/buy/cgsh_order_operate.html?command=get_materiel&rest_code=00150&code=00101015026&supplier_code=00100054&order_time=2022-01-16 HTTP/1.1" 200 412
124.79.247.218 - - [16/Jan/2022:11:08:20 +0800] "GET /xingrg/all/function/internal_message.html?_=1642302633950&CODE_STATE=getMsg HTTP/1.1" 200 27
114.95.98.1 - - [16/Jan/2022:11:08:21 +0800] "GET /xingrg/check_reg.html?_=1642302516866 HTTP/1.1" 200 22
114.95.98.1 - - [16/Jan/2022:11:08:21 +0800] "GET /xingrg/all/function/internal_message.html?_=1642302516869&CODE_STATE=getMsg HTTP/1.1" 200 27
101.85.120.86 - - [16/Jan/2022:11:08:21 +0800] "GET /xingrg/kc/buy/cgsh_order_operate.html?command=get_materiel&rest_code=00142&code=00101008286&supplier_code=00100161&order_time=2022-01-16 HTTP/1.1" 200 427
222.70.243.96 - - [16/Jan/2022:11:08:21 +0800] "GET /xingrg/all/function/internal_message.html?_=1642302523690&CODE_STATE=getMsg HTTP/1.1" 200 27
61.151.207.141 - - [16/Jan/2022:11:08:26 +0800] "GET /xingrg/kc/buy/cgsh_order_operate.html?command=get_materiel&rest_code=00106&code=00101006111&supplier_code=00100015&order_time=2022-01-16 HTTP/1.1" 302 -
101.85.120.86 - - [16/Jan/2022:11:08:29 +0800] "GET /xingrg/all/function/internal_message.html?_=1642302502964&CODE_STATE=getMsg HTTP/1.1" 200 27
114.86.225.110 - - [16/Jan/2022:11:08:29 +0800] "GET /xingrg/all/function/internal_message.html?_=1642302505358&CODE_STATE=getMsg HTTP/1.1" 200 27
61.151.207.141 - - [16/Jan/2022:11:08:29 +0800] "GET /xingrg/login.html HTTP/1.1" 200 7641
101.85.120.86 - - [16/Jan/2022:11:08:31 +0800] "GET /xingrg/kc/buy/cgsh_order_operate.html?command=get_materiel&rest_code=00142&code=00101008353&supplier_code=00100161&order_time=2022-01-16 HTTP/1.1" 200 408
180.162.114.48 - - [16/Jan/2022:11:08:34 +0800] "GET /xingrg/all/function/internal_message.html?_=1642301921647&CODE_STATE=getMsg HTTP/1.1" 200 27
180.157.251.97 - - [16/Jan/2022:11:08:35 +0800] "GET /xingrg/all/function/internal_message.html?_=1642302512919&CODE_STATE=getMsg HTTP/1.1" 200 27
180.169.147.146 - - [16/Jan/2022:11:08:35 +0800] "GET /xingrg/all/function/internal_message.html?_=1642302510811&CODE_STATE=getMsg HTTP/1.1" 200 27
180.169.147.146 - - [16/Jan/2022:11:08:35 +0800] "GET /xingrg/check_reg.html?_=1642302510813 HTTP/1.1" 200 22
114.84.144.24 - - [16/Jan/2022:11:08:36 +0800] "GET /xingrg/all/function/internal_message.html?_=1642302311657&CODE_STATE=getMsg HTTP/1.1" 200 27
114.95.98.1 - - [16/Jan/2022:11:08:37 +0800] "GET /xingrg/all/function/internal_message.html?_=1642302512815&CODE_STATE=getMsg HTTP/1.1" 200 27
114.95.98.1 - - [16/Jan/2022:11:08:37 +0800] "GET /xingrg/check_reg.html?_=1642302512820 HTTP/1.1" 200 22
101.80.229.199 - - [16/Jan/2022:11:08:37 +0800] "GET /xingrg/all/function/internal_message.html?_=1642302513202&CODE_STATE=getMsg HTTP/1.1" 200 27
101.80.229.199 - - [16/Jan/2022:11:08:37 +0800] "GET /xingrg/check_reg.html?_=1642302513203 HTTP/1.1" 200 22
180.152.99.39 - - [16/Jan/2022:11:08:42 +0800] "GET /xingrg/all/function/internal_message.html?_=1642302453563&CODE_STATE=getMsg HTTP/1.1" 200 27
61.151.178.163 - - [16/Jan/2022:11:08:43 +0800] "GET /xingrg/all/function/internal_message.html?_=1642301405114&CODE_STATE=getMsg HTTP/1.1" 302 -
61.151.178.163 - - [16/Jan/2022:11:08:43 +0800] "GET /xingrg/login.html HTTP/1.1" 200 7641
101.85.120.86 - - [16/Jan/2022:11:08:45 +0800] "GET /xingrg/kc/buy/cgsh_order_operate.html?command=get_materiel&rest_code=00142&code=00101008351&supplier_code=00100161&order_time=2022-01-16 HTTP/1.1" 200 408
58.39.168.32 - - [16/Jan/2022:11:08:47 +0800] "GET /xingrg/all/function/internal_message.html?_=1642302460746&CODE_STATE=getMsg HTTP/1.1" 200 27
222.69.132.164 - - [16/Jan/2022:11:08:50 +0800] "GET /xingrg/all/function/internal_message.html?_=1642302573486&CODE_STATE=getMsg HTTP/1.1" 200 27
222.69.132.164 - - [16/Jan/2022:11:08:50 +0800] "GET /xingrg/check_reg.html?_=1642302573491 HTTP/1.1" 200 22
222.69.128.164 - - [16/Jan/2022:11:08:56 +0800] "GET /xingrg/all/function/internal_message.html?_=1642302531618&CODE_STATE=getMsg HTTP/1.1" 200 27
101.85.120.86 - - [16/Jan/2022:11:08:56 +0800] "GET /xingrg/kc/buy/cgsh_order_operate.html?command=get_materiel&rest_code=00142&code=00101008350&supplier_code=00100161&order_time=2022-01-16 HTTP/1.1" 200 408
180.162.114.48 - - [16/Jan/2022:11:08:57 +0800] "GET /xingrg/kc/base/wldb_order_operate.html?command=get_materiel&rest_code=00143&base_code=0010222&code=00102002237 HTTP/1.1" 200 430
114.95.98.1 - - [16/Jan/2022:11:08:57 +0800] "POST /xingrg/kc/buy/cgsh_order_operate.html HTTP/1.1" 200 37
116.237.73.232 - - [16/Jan/2022:11:08:57 +0800] "GET /xingrg/all/function/internal_message.html?_=1642302535086&CODE_STATE=getMsg HTTP/1.1" 200 27
58.39.168.32 - - [16/Jan/2022:11:08:58 +0800] "GET /xingrg/kc/base/wldb_order_operate.html?command=get_materiel&rest_code=00105&base_code=0010507&code=00101019175 HTTP/1.1" 200 439
101.85.120.86 - - [16/Jan/2022:11:09:00 +0800] "POST /xingrg/kc/buy/cgsh_order_operate.html HTTP/1.1" 200 2065
116.237.73.232 - - [16/Jan/2022:11:09:01 +0800] "GET /xingrg/kc/base/base_main.html HTTP/1.1" 200 12142
114.95.98.1 - - [16/Jan/2022:11:09:02 +0800] "POST /xingrg/kc/buy/cgsh_order_operate.html HTTP/1.1" 200 12
114.95.98.1 - - [16/Jan/2022:11:09:05 +0800] "GET /xingrg/kc/buy/cgsh_order_info.html?code=212022011607580 HTTP/1.1" 200 60254
222.70.177.227 - - [16/Jan/2022:11:09:05 +0800] "GET /xingrg/all/function/internal_message.html?_=1642302536846&CODE_STATE=getMsg HTTP/1.1" 200 27
180.157.251.97 - - [16/Jan/2022:11:09:06 +0800] "GET /xingrg/check_reg.html?_=1642302542390 HTTP/1.1" 200 22
180.157.251.97 - - [16/Jan/2022:11:09:06 +0800] "GET /xingrg/all/function/internal_message.html?_=1642302542393&CODE_STATE=getMsg HTTP/1.1" 200 27
114.95.98.1 - - [16/Jan/2022:11:09:07 +0800] "GET /xingrg/javascript/easyui/themes/default/validatebox.css HTTP/1.1" 404 1104
180.157.251.97 - - [16/Jan/2022:11:09:07 +0800] "GET /xingrg/all/function/internal_message.html?_=1642302543283&CODE_STATE=getMsg HTTP/1.1" 200 27
101.85.120.86 - - [16/Jan/2022:11:09:07 +0800] "GET /xingrg/kc/buy/cgsh_order_operate.html?command=get_materiel&rest_code=00142&code=00101008312&supplier_code=00100161&order_time=2022-01-16 HTTP/1.1" 200 412
114.95.98.1 - - [16/Jan/2022:11:09:08 +0800] "POST /xingrg/kc/buy/cgsh_order_operate.html HTTP/1.1" 200 7091
114.95.98.1 - - [16/Jan/2022:11:09:09 +0800] "GET /xingrg/kc/print/load_data.html?order_code=212022011607580&kc_code=cgsh&condition= HTTP/1.1" 200 3113
58.39.168.32 - - [16/Jan/2022:11:09:10 +0800] "GET /xingrg/kc/base/wldb_order_operate.html?command=get_materiel&rest_code=00105&base_code=0010507&code=00101019258 HTTP/1.1" 200 469
222.70.243.96 - - [16/Jan/2022:11:09:10 +0800] "GET /xingrg/all/function/internal_message.html?_=1642302569216&CODE_STATE=getMsg HTTP/1.1" 302 -
222.70.217.149 - - [16/Jan/2022:11:09:10 +0800] "GET /xingrg/all/function/internal_message.html?_=1642302536417&CODE_STATE=getMsg HTTP/1.1" 200 27
180.169.147.146 - - [16/Jan/2022:11:09:10 +0800] "GET /xingrg/all/function/internal_message.html?_=1642302546079&CODE_STATE=getMsg HTTP/1.1" 200 27
180.169.147.146 - - [16/Jan/2022:11:09:10 +0800] "GET /xingrg/check_reg.html?_=1642302546081 HTTP/1.1" 200 22
180.152.99.39 - - [16/Jan/2022:11:09:11 +0800] "GET /xingrg/kc/buy/cgsh_order_operate.html?command=get_materiel&rest_code=00150&code=00101015021&supplier_code=00100054&order_time=2022-01-16 HTTP/1.1" 200 408
114.95.98.1 - - [16/Jan/2022:11:09:12 +0800] "GET /xingrg/all/function/internal_message.html?_=1642302546537&CODE_STATE=getMsg HTTP/1.1" 200 27
116.237.73.232 - - [16/Jan/2022:11:09:14 +0800] "GET /xingrg/kc/base/wldb_order_list.html HTTP/1.1" 200 19060
116.237.73.232 - - [16/Jan/2022:11:09:15 +0800] "POST /xingrg/kc/base/wldb_list_operate.html HTTP/1.1" 200 2956
101.85.120.86 - - [16/Jan/2022:11:09:16 +0800] "GET /xingrg/kc/buy/cgsh_order_operate.html?command=get_materiel&rest_code=00142&code=00101008264&supplier_code=00100161&order_time=2022-01-16 HTTP/1.1" 200 412
180.162.114.48 - - [16/Jan/2022:11:09:17 +0800] "GET /xingrg/kc/base/wldb_order_operate.html?command=get_materiel&rest_code=00143&base_code=0010222&code=00102002455 HTTP/1.1" 200 441
116.237.73.232 - - [16/Jan/2022:11:09:17 +0800] "GET /xingrg/kc/base/wldb_order_add.html HTTP/1.1" 200 30274
116.237.73.232 - - [16/Jan/2022:11:09:18 +0800] "POST /xingrg/kc/base/wldb_order_operate.html HTTP/1.1" 200 6806
116.237.73.232 - - [16/Jan/2022:11:09:18 +0800] "GET /xingrg/javascript/easyui/themes/default/validatebox.css HTTP/1.1" 404 1104
116.237.73.232 - - [16/Jan/2022:11:09:20 +0800] "POST /xingrg/all/common/load_combo.html?type=base HTTP/1.1" 200 3315
58.39.168.32 - - [16/Jan/2022:11:09:20 +0800] "GET /xingrg/all/function/internal_message.html?_=1642302556099&CODE_STATE=getMsg HTTP/1.1" 200 27
124.79.247.218 - - [16/Jan/2022:11:09:20 +0800] "GET /xingrg/all/function/internal_message.html?_=1642302693964&CODE_STATE=getMsg HTTP/1.1" 200 27
114.95.98.1 - - [16/Jan/2022:11:09:21 +0800] "GET /xingrg/all/function/internal_message.html?_=1642302576879&CODE_STATE=getMsg HTTP/1.1" 200 27
222.70.243.96 - - [16/Jan/2022:11:09:21 +0800] "GET /xingrg/all/function/internal_message.html?_=1642302583704&CODE_STATE=getMsg HTTP/1.1" 200 27
180.152.99.39 - - [16/Jan/2022:11:09:22 +0800] "GET /xingrg/kc/buy/cgsh_order_operate.html?command=get_materiel&rest_code=00150&code=00101015062&supplier_code=00100054&order_time=2022-01-16 HTTP/1.1" 200 412
116.237.73.232 - - [16/Jan/2022:11:09:25 +0800] "POST /xingrg/all/common/load_combo.html?type=base HTTP/1.1" 200 3315
101.89.19.197 - - [16/Jan/2022:11:09:25 +0800] "GET /xingrg/kc/buy/cgsh_order_operate.html?command=get_materiel&rest_code=00106&code=00101008256&supplier_code=00100007&order_time=2022-01-16 HTTP/1.1" 302 -
101.89.19.197 - - [16/Jan/2022:11:09:25 +0800] "GET /xingrg/login.html HTTP/1.1" 200 7641
101.85.120.86 - - [16/Jan/2022:11:09:29 +0800] "GET /xingrg/kc/buy/cgsh_order_operate.html?command=get_materiel&rest_code=00142&code=00101008044&supplier_code=00100161&order_time=2022-01-16 HTTP/1.1" 200 408
101.85.120.86 - - [16/Jan/2022:11:09:29 +0800] "GET /xingrg/all/function/internal_message.html?_=1642302562964&CODE_STATE=getMsg HTTP/1.1" 200 27
114.86.225.110 - - [16/Jan/2022:11:09:29 +0800] "GET /xingrg/all/function/internal_message.html?_=1642302565360&CODE_STATE=getMsg HTTP/1.1" 200 27
61.151.207.205 - - [16/Jan/2022:11:09:29 +0800] "GET /xingrg/kc/print/load_data.html?order_code=212022011607572&kc_code=cgsh HTTP/1.1" 302 -
61.151.207.205 - - [16/Jan/2022:11:09:30 +0800] "GET /xingrg/login.html HTTP/1.1" 200 7641
180.152.99.39 - - [16/Jan/2022:11:09:32 +0800] "GET /xingrg/kc/buy/cgsh_order_operate.html?command=get_materiel&rest_code=00150&code=00101015001&supplier_code=00100054&order_time=2022-01-16 HTTP/1.1" 200 412
180.162.114.48 - - [16/Jan/2022:11:09:34 +0800] "GET /xingrg/all/function/internal_message.html?_=1642301981637&CODE_STATE=getMsg HTTP/1.1" 200 27
180.157.251.97 - - [16/Jan/2022:11:09:35 +0800] "GET /xingrg/all/function/internal_message.html?_=1642302572902&CODE_STATE=getMsg HTTP/1.1" 200 27
180.169.147.146 - - [16/Jan/2022:11:09:35 +0800] "GET /xingrg/all/function/internal_message.html?_=1642302570804&CODE_STATE=getMsg HTTP/1.1" 200 27
114.84.144.24 - - [16/Jan/2022:11:09:36 +0800] "GET /xingrg/all/function/internal_message.html?_=1642302371679&CODE_STATE=getMsg HTTP/1.1" 200 27
114.95.98.1 - - [16/Jan/2022:11:09:37 +0800] "GET /xingrg/all/function/internal_message.html?_=1642302572820&CODE_STATE=getMsg HTTP/1.1" 200 27
101.80.229.199 - - [16/Jan/2022:11:09:37 +0800] "GET /xingrg/all/function/internal_message.html?_=1642302573203&CODE_STATE=getMsg HTTP/1.1" 200 27
180.152.99.39 - - [16/Jan/2022:11:09:39 +0800] "GET /xingrg/kc/buy/cgsh_order_operate.html?command=get_materiel&rest_code=00150&code=00101015040&supplier_code=00100054&order_time=2022-01-16 HTTP/1.1" 200 408
101.85.120.86 - - [16/Jan/2022:11:09:40 +0800] "GET /xingrg/kc/buy/cgsh_order_operate.html?command=get_materiel&rest_code=00142&code=00101008169&supplier_code=00100161&order_time=2022-01-16 HTTP/1.1" 200 412
180.152.99.39 - - [16/Jan/2022:11:09:42 +0800] "GET /xingrg/all/function/internal_message.html?_=1642302513578&CODE_STATE=getMsg HTTP/1.1" 200 27
58.39.168.32 - - [16/Jan/2022:11:09:45 +0800] "GET /xingrg/kc/base/wldb_order_operate.html?command=get_materiel&rest_code=00105&base_code=0010507&code=00101019018 HTTP/1.1" 200 451
180.152.99.39 - - [16/Jan/2022:11:09:47 +0800] "GET /xingrg/kc/buy/cgsh_order_operate.html?command=get_materiel&rest_code=00150&code=00101015022&supplier_code=00100054&order_time=2022-01-16 HTTP/1.1" 200 408
116.237.73.232 - - [16/Jan/2022:11:09:47 +0800] "GET /xingrg/javascript/auto/indicator.gif HTTP/1.1" 404 1066
58.39.168.32 - - [16/Jan/2022:11:09:47 +0800] "GET /xingrg/all/function/internal_message.html?_=1642302520746&CODE_STATE=getMsg HTTP/1.1" 200 27
222.69.132.164 - - [16/Jan/2022:11:09:50 +0800] "GET /xingrg/all/function/internal_message.html?_=1642302633489&CODE_STATE=getMsg HTTP/1.1" 200 27
101.85.120.86 - - [16/Jan/2022:11:09:52 +0800] "GET /xingrg/kc/buy/cgsh_order_operate.html?command=get_materiel&rest_code=00142&code=00101008137&supplier_code=00100161&order_time=2022-01-16 HTTP/1.1" 200 408
222.70.243.96 - - [16/Jan/2022:11:09:53 +0800] "GET /xingrg/kc/buy/cgsh_order_operate.html?command=get_materiel&rest_code=00146&code=00101006184&supplier_code=00100012&order_time=2022-01-16 HTTP/1.1" 200 408
58.39.168.32 - - [16/Jan/2022:11:09:55 +0800] "POST /xingrg/kc/base/wldb_order_operate.html HTTP/1.1" 200 37
58.39.168.32 - - [16/Jan/2022:11:09:56 +0800] "POST /xingrg/kc/base/wldb_order_operate.html HTTP/1.1" 200 7145
58.39.168.32 - - [16/Jan/2022:11:09:56 +0800] "GET /xingrg/kc/base/wldb_order_info.html?code=422022011602094 HTTP/1.1" 200 30289
222.69.128.164 - - [16/Jan/2022:11:09:56 +0800] "GET /xingrg/all/function/internal_message.html?_=1642302591592&CODE_STATE=getMsg HTTP/1.1" 200 27
101.85.120.86 - - [16/Jan/2022:11:09:56 +0800] "POST /xingrg/kc/buy/cgsh_order_operate.html HTTP/1.1" 200 2065
58.39.168.32 - - [16/Jan/2022:11:09:56 +0800] "GET /xingrg/javascript/easyui/themes/default/validatebox.css HTTP/1.1" 404 1104
58.39.168.32 - - [16/Jan/2022:11:09:57 +0800] "POST /xingrg/kc/base/wldb_order_operate.html HTTP/1.1" 200 7145
116.237.73.232 - - [16/Jan/2022:11:09:57 +0800] "GET /xingrg/all/function/internal_message.html?_=1642302595079&CODE_STATE=getMsg HTTP/1.1" 200 27
180.152.99.39 - - [16/Jan/2022:11:09:58 +0800] "POST /xingrg/kc/buy/cgsh_order_operate.html HTTP/1.1" 200 37
180.152.99.39 - - [16/Jan/2022:11:10:02 +0800] "POST /xingrg/kc/buy/cgsh_order_operate.html HTTP/1.1" 200 12
180.152.99.39 - - [16/Jan/2022:11:10:04 +0800] "GET /xingrg/kc/buy/cgsh_order_info.html?code=212022011607581 HTTP/1.1" 200 60204
180.152.99.39 - - [16/Jan/2022:11:10:04 +0800] "GET /xingrg/javascript/easyui/themes/default/validatebox.css HTTP/1.1" 404 1104
222.70.177.227 - - [16/Jan/2022:11:10:05 +0800] "GET /xingrg/all/function/internal_message.html?_=1642302596831&CODE_STATE=getMsg HTTP/1.1" 200 27
101.85.120.86 - - [16/Jan/2022:11:10:05 +0800] "GET /xingrg/kc/buy/cgsh_order_operate.html?command=get_materiel&rest_code=00142&code=00101008283&supplier_code=00100161&order_time=2022-01-16 HTTP/1.1" 200 408
180.152.99.39 - - [16/Jan/2022:11:10:05 +0800] "POST /xingrg/kc/buy/cgsh_order_operate.html HTTP/1.1" 200 3546
222.70.177.227 - - [16/Jan/2022:11:10:05 +0800] "GET /xingrg/check_reg.html?_=1642302597489 HTTP/1.1" 200 22
180.157.251.97 - - [16/Jan/2022:11:10:06 +0800] "GET /xingrg/all/function/internal_message.html?_=1642302602393&CODE_STATE=getMsg HTTP/1.1" 200 27
61.151.207.158 - - [16/Jan/2022:11:10:06 +0800] "GET /xingrg/kc/buy/cgsh_order_operate.html?command=get_materiel&rest_code=00106&code=00101008110&supplier_code=00100007&order_time=2022-01-16 HTTP/1.1" 302 -
180.157.251.97 - - [16/Jan/2022:11:10:07 +0800] "GET /xingrg/all/function/internal_message.html?_=1642302603284&CODE_STATE=getMsg HTTP/1.1" 200 27
180.152.99.39 - - [16/Jan/2022:11:10:07 +0800] "GET /xingrg/kc/print/load_data.html?order_code=212022011607581&kc_code=cgsh&condition= HTTP/1.1" 200 1827
116.237.73.232 - - [16/Jan/2022:11:10:07 +0800] "GET /xingrg/kc/base/wldb_order_operate.html?command=get_materiel&rest_code=00106&base_code=0010396&code=00101019056 HTTP/1.1" 200 477
61.151.207.158 - - [16/Jan/2022:11:10:08 +0800] "GET /xingrg/login.html HTTP/1.1" 200 7641
222.70.243.96 - - [16/Jan/2022:11:10:10 +0800] "GET /xingrg/all/function/internal_message.html?_=1642302629219&CODE_STATE=getMsg HTTP/1.1" 302 -
222.70.217.149 - - [16/Jan/2022:11:10:10 +0800] "GET /xingrg/check_reg.html?_=1642302596410 HTTP/1.1" 200 22
222.70.217.149 - - [16/Jan/2022:11:10:10 +0800] "GET /xingrg/all/function/internal_message.html?_=1642302596413&CODE_STATE=getMsg HTTP/1.1" 200 27
180.169.147.146 - - [16/Jan/2022:11:10:10 +0800] "GET /xingrg/all/function/internal_message.html?_=1642302606083&CODE_STATE=getMsg HTTP/1.1" 200 27
114.95.98.1 - - [16/Jan/2022:11:10:12 +0800] "GET /xingrg/all/function/internal_message.html?_=1642302606537&CODE_STATE=getMsg HTTP/1.1" 200 27
58.39.168.32 - - [16/Jan/2022:11:10:13 +0800] "GET /xingrg/javascript/jquery_easy_ui/themes/icons/rest.png HTTP/1.1" 304 -
58.39.168.32 - - [16/Jan/2022:11:10:13 +0800] "GET /xingrg/javascript/jquery_easy_ui/themes/icons/area.png HTTP/1.1" 304 -
101.85.120.86 - - [16/Jan/2022:11:10:14 +0800] "GET /xingrg/kc/buy/cgsh_order_operate.html?command=get_materiel&rest_code=00142&code=00101008298&supplier_code=00100161&order_time=2022-01-16 HTTP/1.1" 200 412
58.39.168.32 - - [16/Jan/2022:11:10:16 +0800] "GET /xingrg/kc/base/wldb_order_add.html HTTP/1.1" 200 30274
222.70.243.96 - - [16/Jan/2022:11:10:16 +0800] "GET /xingrg/kc/buy/cgsh_order_operate.html?command=get_materiel&rest_code=00146&code=00101006065&supplier_code=00100012&order_time=2022-01-16 HTTP/1.1" 200 409
58.39.168.32 - - [16/Jan/2022:11:10:16 +0800] "POST /xingrg/kc/base/wldb_order_operate.html HTTP/1.1" 200 6806
58.39.168.32 - - [16/Jan/2022:11:10:17 +0800] "GET /xingrg/javascript/easyui/themes/default/validatebox.css HTTP/1.1" 404 1104
58.39.168.32 - - [16/Jan/2022:11:10:20 +0800] "GET /xingrg/all/function/internal_message.html?_=1642302616077&CODE_STATE=getMsg HTTP/1.1" 200 27
124.79.247.218 - - [16/Jan/2022:11:10:20 +0800] "GET /xingrg/check_reg.html?_=1642302753962 HTTP/1.1" 200 22
124.79.247.218 - - [16/Jan/2022:11:10:20 +0800] "GET /xingrg/all/function/internal_message.html?_=1642302753963&CODE_STATE=getMsg HTTP/1.1" 200 27
222.70.243.96 - - [16/Jan/2022:11:10:21 +0800] "GET /xingrg/all/function/internal_message.html?_=1642302643717&CODE_STATE=getMsg HTTP/1.1" 200 27
114.95.98.1 - - [16/Jan/2022:11:10:22 +0800] "GET /xingrg/all/function/internal_message.html?_=1642302637578&CODE_STATE=getMsg HTTP/1.1" 200 27
180.162.114.48 - - [16/Jan/2022:11:10:22 +0800] "GET /xingrg/kc/base/wldb_order_operate.html?command=get_materiel&rest_code=00143&base_code=0010222&code=00102002500 HTTP/1.1" 200 455
114.95.98.1 - - [16/Jan/2022:11:10:22 +0800] "GET /xingrg/kc/base/wldb_order_list.html HTTP/1.1" 200 19060
114.95.98.1 - - [16/Jan/2022:11:10:23 +0800] "POST /xingrg/kc/base/wldb_list_operate.html HTTP/1.1" 200 928
101.85.120.86 - - [16/Jan/2022:11:10:24 +0800] "GET /xingrg/kc/buy/cgsh_order_operate.html?command=get_materiel&rest_code=00142&code=00101008354&supplier_code=00100161&order_time=2022-01-16 HTTP/1.1" 200 412
114.95.98.1 - - [16/Jan/2022:11:10:25 +0800] "GET /xingrg/kc/base/wldb_order_add.html HTTP/1.1" 200 30274
114.95.98.1 - - [16/Jan/2022:11:10:25 +0800] "GET /xingrg/words/20220115171631_words.js HTTP/1.1" 304 -
114.95.98.1 - - [16/Jan/2022:11:10:25 +0800] "POST /xingrg/kc/base/wldb_order_operate.html HTTP/1.1" 200 6806
114.95.98.1 - - [16/Jan/2022:11:10:25 +0800] "GET /xingrg/all/common/auto_word.html?type=base&rest_code=00102 HTTP/1.1" 200 1807
114.95.98.1 - - [16/Jan/2022:11:10:26 +0800] "GET /xingrg/all/common/auto_word.html?type=base&rest_code=00102 HTTP/1.1" 200 1807
114.95.98.1 - - [16/Jan/2022:11:10:26 +0800] "GET /xingrg/javascript/easyui/themes/default/validatebox.css HTTP/1.1" 404 1104
114.95.98.1 - - [16/Jan/2022:11:10:27 +0800] "GET /xingrg/javascript/auto/indicator.gif HTTP/1.1" 404 1066
58.39.168.32 - - [16/Jan/2022:11:10:28 +0800] "GET /xingrg/javascript/jquery_tools/images/prev.gif HTTP/1.1" 404 1086
58.39.168.32 - - [16/Jan/2022:11:10:28 +0800] "GET /xingrg/javascript/jquery_tools/images/next.gif HTTP/1.1" 404 1086
114.86.225.110 - - [16/Jan/2022:11:10:29 +0800] "GET /xingrg/all/function/internal_message.html?_=1642302625363&CODE_STATE=getMsg HTTP/1.1" 200 27
101.85.120.86 - - [16/Jan/2022:11:10:29 +0800] "GET /xingrg/all/function/internal_message.html?_=1642302622975&CODE_STATE=getMsg HTTP/1.1" 200 27
114.95.98.1 - - [16/Jan/2022:11:10:30 +0800] "GET /xingrg/kc/base/wldb_order_operate.html?command=get_materiel&rest_code=00102&base_code=0010477&code=00102002435 HTTP/1.1" 200 457
116.237.73.232 - - [16/Jan/2022:11:10:30 +0800] "POST /xingrg/kc/base/wldb_order_operate.html HTTP/1.1" 200 37
116.237.73.232 - - [16/Jan/2022:11:10:30 +0800] "POST /xingrg/kc/base/wldb_order_operate.html HTTP/1.1" 200 2728
116.237.73.232 - - [16/Jan/2022:11:10:31 +0800] "GET /xingrg/kc/base/wldb_order_info.html?code=422022011602095 HTTP/1.1" 200 30288
116.237.73.232 - - [16/Jan/2022:11:10:31 +0800] "GET /xingrg/javascript/easyui/themes/default/validatebox.css HTTP/1.1" 404 1104
116.237.73.232 - - [16/Jan/2022:11:10:32 +0800] "POST /xingrg/kc/base/wldb_order_operate.html HTTP/1.1" 200 2728
101.85.120.86 - - [16/Jan/2022:11:10:32 +0800] "GET /xingrg/kc/buy/cgsh_order_operate.html?command=get_materiel&rest_code=00142&code=00101008352&supplier_code=00100161&order_time=2022-01-16 HTTP/1.1" 200 412
180.162.114.48 - - [16/Jan/2022:11:10:34 +0800] "GET /xingrg/all/function/internal_message.html?_=1642302041640&CODE_STATE=getMsg HTTP/1.1" 200 27
180.162.114.48 - - [16/Jan/2022:11:10:34 +0800] "GET /xingrg/check_reg.html?_=1642302041643 HTTP/1.1" 200 22
114.95.98.1 - - [16/Jan/2022:11:10:34 +0800] "GET /xingrg/kc/base/wldb_order_list.html HTTP/1.1" 200 19060
114.95.98.1 - - [16/Jan/2022:11:10:35 +0800] "POST /xingrg/kc/base/wldb_list_operate.html HTTP/1.1" 200 928
180.157.251.97 - - [16/Jan/2022:11:10:35 +0800] "GET /xingrg/all/function/internal_message.html?_=1642302632886&CODE_STATE=getMsg HTTP/1.1" 200 27
180.169.147.146 - - [16/Jan/2022:11:10:35 +0800] "GET /xingrg/all/function/internal_message.html?_=1642302630816&CODE_STATE=getMsg HTTP/1.1" 200 27
114.84.144.24 - - [16/Jan/2022:11:10:36 +0800] "GET /xingrg/all/function/internal_message.html?_=1642302431671&CODE_STATE=getMsg HTTP/1.1" 200 27
116.237.73.232 - - [16/Jan/2022:11:10:37 +0800] "POST /xingrg/kc/base/wldb_list_operate.html HTTP/1.1" 200 463
114.95.98.1 - - [16/Jan/2022:11:10:37 +0800] "GET /xingrg/all/function/internal_message.html?_=1642302632843&CODE_STATE=getMsg HTTP/1.1" 200 27
180.157.251.97 - - [16/Jan/2022:11:10:37 +0800] "GET /xingrg/check_reg.html?_=1642302634697 HTTP/1.1" 200 22
101.80.229.199 - - [16/Jan/2022:11:10:37 +0800] "GET /xingrg/all/function/internal_message.html?_=1642302633205&CODE_STATE=getMsg HTTP/1.1" 200 27
58.39.168.32 - - [16/Jan/2022:11:10:37 +0800] "GET /xingrg/kc/base/wldb_order_operate.html?command=get_materiel&rest_code=00105&base_code=0010507&code=00101011005 HTTP/1.1" 200 430
116.237.73.232 - - [16/Jan/2022:11:10:38 +0800] "GET /xingrg/kc/base/wldb_order_info.html?code=422022011602084 HTTP/1.1" 200 30289
116.237.73.232 - - [16/Jan/2022:11:10:38 +0800] "GET /xingrg/javascript/easyui/themes/default/validatebox.css HTTP/1.1" 404 1104
116.237.73.232 - - [16/Jan/2022:11:10:39 +0800] "POST /xingrg/kc/base/wldb_order_operate.html HTTP/1.1" 200 3701
180.152.99.39 - - [16/Jan/2022:11:10:42 +0800] "GET /xingrg/all/function/internal_message.html?_=1642302573593&CODE_STATE=getMsg HTTP/1.1" 200 27
101.91.60.11 - - [16/Jan/2022:11:10:43 +0800] "GET /xingrg/all/function/internal_message.html?_=1642301045086&CODE_STATE=getMsg HTTP/1.1" 302 -
101.85.120.86 - - [16/Jan/2022:11:10:44 +0800] "GET /xingrg/kc/buy/cgsh_order_operate.html?command=get_materiel&rest_code=00142&code=00101008323&supplier_code=00100161&order_time=2022-01-16 HTTP/1.1" 200 408
101.91.60.11 - - [16/Jan/2022:11:10:44 +0800] "GET /xingrg/login.html HTTP/1.1" 200 7641
101.85.120.86 - - [16/Jan/2022:11:10:47 +0800] "POST /xingrg/kc/buy/cgsh_order_operate.html HTTP/1.1" 200 2065
58.39.168.32 - - [16/Jan/2022:11:10:47 +0800] "GET /xingrg/all/function/internal_message.html?_=1642302580755&CODE_STATE=getMsg HTTP/1.1" 200 27
116.237.73.232 - - [16/Jan/2022:11:10:48 +0800] "GET /xingrg/system/info/materiel_import.html?isSelect=1&singleSelect=false HTTP/1.1" 200 5600
116.237.73.232 - - [16/Jan/2022:11:10:48 +0800] "GET /xingrg/css/xtree.css HTTP/1.1" 200 880
116.237.73.232 - - [16/Jan/2022:11:10:48 +0800] "GET /xingrg/javascript/jquery_ui/themes/base/base.css HTTP/1.1" 200 28568
116.237.73.232 - - [16/Jan/2022:11:10:48 +0800] "GET /xingrg/javascript/jquery_easy_ui/themes/icons/search.png HTTP/1.1" 200 813
116.237.73.232 - - [16/Jan/2022:11:10:48 +0800] "POST /xingrg/all/common/load_tree.html?tree=materiel_sort_tree_json HTTP/1.1" 200 9388
116.237.73.232 - - [16/Jan/2022:11:10:48 +0800] "GET /xingrg/javascript/jquery_easy_ui/themes/icons/edit_add.png HTTP/1.1" 200 1088
116.237.73.232 - - [16/Jan/2022:11:10:48 +0800] "GET /xingrg/javascript/jquery_easy_ui/themes/default/images/pagination_first.gif HTTP/1.1" 200 925
116.237.73.232 - - [16/Jan/2022:11:10:48 +0800] "GET /xingrg/javascript/jquery_easy_ui/themes/default/images/pagination_last.gif HTTP/1.1" 200 923
116.237.73.232 - - [16/Jan/2022:11:10:48 +0800] "GET /xingrg/javascript/jquery_easy_ui/themes/default/images/datagrid_header_bg.gif HTTP/1.1" 200 97
116.237.73.232 - - [16/Jan/2022:11:10:48 +0800] "GET /xingrg/javascript/jquery_easy_ui/themes/default/images/pagination_load.png HTTP/1.1" 200 827
116.237.73.232 - - [16/Jan/2022:11:10:48 +0800] "GET /xingrg/javascript/jquery_easy_ui/themes/default/images/pagination_prev.gif HTTP/1.1" 200 879
116.237.73.232 - - [16/Jan/2022:11:10:48 +0800] "GET /xingrg/javascript/jquery_easy_ui/themes/default/images/pagination_next.gif HTTP/1.1" 200 875
116.237.73.232 - - [16/Jan/2022:11:10:48 +0800] "GET /favicon.ico HTTP/1.1" 404 -
222.69.132.164 - - [16/Jan/2022:11:10:50 +0800] "GET /xingrg/all/function/internal_message.html?_=1642302693482&CODE_STATE=getMsg HTTP/1.1" 200 27
101.85.120.86 - - [16/Jan/2022:11:10:54 +0800] "GET /xingrg/kc/buy/cgsh_order_operate.html?command=get_materiel&rest_code=00142&code=00101008459&supplier_code=00100161&order_time=2022-01-16 HTTP/1.1" 200 395
61.151.178.217 - - [16/Jan/2022:11:10:54 +0800] "GET /xingrg/kc/buy/cgsh_order_operate.html?command=get_materiel&rest_code=00106&code=00101008038&supplier_code=00100007&order_time=2022-01-16 HTTP/1.1" 302 -
61.151.178.217 - - [16/Jan/2022:11:10:55 +0800] "GET /xingrg/login.html HTTP/1.1" 200 7641
222.69.128.164 - - [16/Jan/2022:11:10:56 +0800] "GET /xingrg/all/function/internal_message.html?_=1642302651570&CODE_STATE=getMsg HTTP/1.1" 200 27
114.95.98.1 - - [16/Jan/2022:11:10:59 +0800] "GET /xingrg/kc/mdqp/qqps_order_list.html HTTP/1.1" 200 9222
114.95.98.1 - - [16/Jan/2022:11:10:59 +0800] "GET /xingrg/dwr/interface/AjaxQqpsService.js HTTP/1.1" 200 16326
114.95.98.1 - - [16/Jan/2022:11:10:59 +0800] "GET /xingrg/dwr/util.js HTTP/1.1" 304 -
114.95.98.1 - - [16/Jan/2022:11:10:59 +0800] "GET /xingrg/dwr/interface/AjaxReportQueryService.js HTTP/1.1" 200 13203
114.95.98.1 - - [16/Jan/2022:11:10:59 +0800] "GET /xingrg/dwr/engine.js HTTP/1.1" 200 43631
116.237.73.232 - - [16/Jan/2022:11:11:04 +0800] "GET /xingrg/login.html?r=1 HTTP/1.1" 200 7641
116.237.73.232 - - [16/Jan/2022:11:11:04 +0800] "GET /favicon.ico HTTP/1.1" 404 -
222.70.177.227 - - [16/Jan/2022:11:11:05 +0800] "GET /xingrg/all/function/internal_message.html?_=1642302656816&CODE_STATE=getMsg HTTP/1.1" 200 27
58.39.168.32 - - [16/Jan/2022:11:11:05 +0800] "POST /xingrg/kc/base/wldb_order_operate.html HTTP/1.1" 200 37
101.85.120.86 - - [16/Jan/2022:11:11:05 +0800] "GET /xingrg/kc/buy/cgsh_order_operate.html?command=get_materiel&rest_code=00142&code=00101012065&supplier_code=00100161&order_time=2022-01-16 HTTP/1.1" 200 418
58.39.168.32 - - [16/Jan/2022:11:11:06 +0800] "GET /xingrg/kc/base/wldb_order_info.html?code=422022011602096 HTTP/1.1" 200 30291
58.39.168.32 - - [16/Jan/2022:11:11:06 +0800] "POST /xingrg/kc/base/wldb_order_operate.html HTTP/1.1" 200 2181
180.157.251.97 - - [16/Jan/2022:11:11:06 +0800] "GET /xingrg/all/function/internal_message.html?_=1642302662394&CODE_STATE=getMsg HTTP/1.1" 200 27
116.237.73.232 - - [16/Jan/2022:11:11:06 +0800] "POST /xingrg/login.do HTTP/1.1" 302 -
116.237.73.232 - - [16/Jan/2022:11:11:06 +0800] "GET /xingrg/index.html?sysBaseUrl=http%3A%2F%2F180.169.147.146%3A18081%2Fxingrg%2F&costTime=191×tamp=1642302666493 HTTP/1.1" 200 17173
116.237.73.232 - - [16/Jan/2022:11:11:06 +0800] "GET /favicon.ico HTTP/1.1" 404 -
116.237.73.232 - - [16/Jan/2022:11:11:06 +0800] "POST /xingrg/all/common/load_tree.html?tree=area_rest_tree_json&manage=1 HTTP/1.1" 200 342
58.39.168.32 - - [16/Jan/2022:11:11:06 +0800] "GET /xingrg/javascript/easyui/themes/default/validatebox.css HTTP/1.1" 404 1104
116.237.73.232 - - [16/Jan/2022:11:11:06 +0800] "GET /xingrg/check_reg.html?_=1642302663981 HTTP/1.1" 200 22
116.237.73.232 - - [16/Jan/2022:11:11:06 +0800] "GET /xingrg/all/function/internal_message.html?_=1642302663980&CODE_STATE=count HTTP/1.1" 200 11
116.237.73.232 - - [16/Jan/2022:11:11:06 +0800] "POST /xingrg/load_menu.html HTTP/1.1" 200 5138
58.39.168.32 - - [16/Jan/2022:11:11:07 +0800] "POST /xingrg/kc/base/wldb_order_operate.html HTTP/1.1" 200 2181
180.157.251.97 - - [16/Jan/2022:11:11:07 +0800] "GET /xingrg/check_reg.html?_=1642302663284 HTTP/1.1" 200 22
180.157.251.97 - - [16/Jan/2022:11:11:07 +0800] "GET /xingrg/all/function/internal_message.html?_=1642302663286&CODE_STATE=getMsg HTTP/1.1" 200 27
116.237.73.232 - - [16/Jan/2022:11:11:08 +0800] "GET /xingrg/kc/base/base_main.html HTTP/1.1" 200 12142
58.39.168.32 - - [16/Jan/2022:11:11:09 +0800] "GET /xingrg/check_reg.html?_=1642302664419 HTTP/1.1" 200 22
116.237.73.232 - - [16/Jan/2022:11:11:09 +0800] "GET /xingrg/kc/base/wldb_order_list.html HTTP/1.1" 200 19060
116.237.73.232 - - [16/Jan/2022:11:11:10 +0800] "POST /xingrg/kc/base/wldb_list_operate.html HTTP/1.1" 200 3348
222.70.243.96 - - [16/Jan/2022:11:11:10 +0800] "GET /xingrg/all/function/internal_message.html?_=1642302689244&CODE_STATE=getMsg HTTP/1.1" 302 -
222.70.217.149 - - [16/Jan/2022:11:11:10 +0800] "GET /xingrg/all/function/internal_message.html?_=1642302656411&CODE_STATE=getMsg HTTP/1.1" 200 27
180.169.147.146 - - [16/Jan/2022:11:11:10 +0800] "GET /xingrg/all/function/internal_message.html?_=1642302666086&CODE_STATE=getMsg HTTP/1.1" 200 27
114.95.98.1 - - [16/Jan/2022:11:11:12 +0800] "GET /xingrg/all/function/internal_message.html?_=1642302666524&CODE_STATE=getMsg HTTP/1.1" 200 27
116.237.73.232 - - [16/Jan/2022:11:11:12 +0800] "POST /xingrg/kc/base/wldb_list_operate.html HTTP/1.1" 200 463
116.237.73.232 - - [16/Jan/2022:11:11:13 +0800] "GET /xingrg/kc/base/wldb_order_info.html?code=422022011602084 HTTP/1.1" 200 30289
116.237.73.232 - - [16/Jan/2022:11:11:13 +0800] "GET /xingrg/all/common/auto_word.html?type=base&rest_code=00106 HTTP/1.1" 200 1849
116.237.73.232 - - [16/Jan/2022:11:11:13 +0800] "GET /xingrg/all/common/auto_word.html?type=base&rest_code=00106 HTTP/1.1" 200 1849
116.237.73.232 - - [16/Jan/2022:11:11:13 +0800] "GET /xingrg/javascript/easyui/themes/default/validatebox.css HTTP/1.1" 404 1104
116.237.73.232 - - [16/Jan/2022:11:11:14 +0800] "POST /xingrg/kc/base/wldb_order_operate.html HTTP/1.1" 200 3701
101.85.120.86 - - [16/Jan/2022:11:11:15 +0800] "GET /xingrg/kc/buy/cgsh_order_operate.html?command=get_materiel&rest_code=00142&code=00101012024&supplier_code=00100161&order_time=2022-01-16 HTTP/1.1" 200 408
116.237.73.232 - - [16/Jan/2022:11:11:19 +0800] "GET /xingrg/javascript/auto/indicator.gif HTTP/1.1" 404 1066
58.39.168.32 - - [16/Jan/2022:11:11:20 +0800] "GET /xingrg/all/function/internal_message.html?_=1642302676059&CODE_STATE=getMsg HTTP/1.1" 200 27
124.79.247.218 - - [16/Jan/2022:11:11:20 +0800] "GET /xingrg/all/function/internal_message.html?_=1642302813961&CODE_STATE=getMsg HTTP/1.1" 200 27
222.70.243.96 - - [16/Jan/2022:11:11:21 +0800] "GET /xingrg/all/function/internal_message.html?_=1642302703731&CODE_STATE=getMsg HTTP/1.1" 200 27
114.95.98.1 - - [16/Jan/2022:11:11:22 +0800] "GET /xingrg/all/function/internal_message.html?_=1642302697593&CODE_STATE=getMsg HTTP/1.1" 200 27
101.85.120.86 - - [16/Jan/2022:11:11:24 +0800] "GET /xingrg/kc/buy/cgsh_order_operate.html?command=get_materiel&rest_code=00142&code=00101012059&supplier_code=00100161&order_time=2022-01-16 HTTP/1.1" 200 412
101.85.120.86 - - [16/Jan/2022:11:11:29 +0800] "GET /xingrg/all/function/internal_message.html?_=1642302682966&CODE_STATE=getMsg HTTP/1.1" 200 27
101.85.120.86 - - [16/Jan/2022:11:11:29 +0800] "GET /xingrg/check_reg.html?_=1642302682970 HTTP/1.1" 200 22
114.86.225.110 - - [16/Jan/2022:11:11:29 +0800] "GET /xingrg/all/function/internal_message.html?_=1642302685365&CODE_STATE=getMsg HTTP/1.1" 200 27
