116.237.73.232 - - [15/Jan/2022:09:46:51 +0800] "GET /xingrg/all/function/internal_message.html?_=1642211209183&CODE_STATE=getMsg HTTP/1.1" 200 27
124.79.247.218 - - [15/Jan/2022:09:46:51 +0800] "GET /xingrg/javascript/easyui/themes/default/images/button_plain_hover.png HTTP/1.1" 304 -
124.79.247.218 - - [15/Jan/2022:09:46:51 +0800] "GET /xingrg/javascript/easyui/themes/default/images/button_plain_hover.png HTTP/1.1" 304 -
124.79.247.218 - - [15/Jan/2022:09:46:51 +0800] "GET /xingrg/javascript/easyui/themes/default/images/button_plain_hover.png HTTP/1.1" 304 -
124.79.247.218 - - [15/Jan/2022:09:46:51 +0800] "GET /xingrg/javascript/easyui/themes/default/images/button_plain_hover.png HTTP/1.1" 304 -
124.79.247.218 - - [15/Jan/2022:09:46:51 +0800] "GET /xingrg/javascript/easyui/themes/default/images/button_plain_hover.png HTTP/1.1" 304 -
180.152.99.39 - - [15/Jan/2022:09:46:52 +0800] "POST /xingrg/kc/base/wldb_order_operate.html HTTP/1.1" 200 12
124.79.247.218 - - [15/Jan/2022:09:46:52 +0800] "GET /xingrg/javascript/easyui/themes/default/images/button_plain_hover.png HTTP/1.1" 304 -
180.152.99.39 - - [15/Jan/2022:09:46:52 +0800] "POST /xingrg/kc/base/wldb_order_operate.html HTTP/1.1" 200 2692
58.39.168.32 - - [15/Jan/2022:09:46:53 +0800] "GET /xingrg/all/function/internal_message.html?_=1642211147591&CODE_STATE=getMsg HTTP/1.1" 200 27
222.70.243.96 - - [15/Jan/2022:09:46:54 +0800] "GET /xingrg/all/function/internal_message.html?_=1642211233058&CODE_STATE=getMsg HTTP/1.1" 200 27
180.152.99.39 - - [15/Jan/2022:09:46:55 +0800] "GET /xingrg/kc/base/wldb_order_info.html?code=422022011501926 HTTP/1.1" 200 26171
124.79.247.218 - - [15/Jan/2022:09:46:55 +0800] "POST /xingrg/kc/buy/cgsh_order_operate.html HTTP/1.1" 200 37
180.152.99.39 - - [15/Jan/2022:09:46:55 +0800] "GET /xingrg/javascript/easyui/themes/default/validatebox.css HTTP/1.1" 404 1104
180.152.99.39 - - [15/Jan/2022:09:46:55 +0800] "POST /xingrg/kc/base/wldb_order_operate.html HTTP/1.1" 200 975
114.95.98.1 - - [15/Jan/2022:09:46:57 +0800] "GET /xingrg/all/function/internal_message.html?_=1642211231976&CODE_STATE=getMsg HTTP/1.1" 200 27
124.79.247.218 - - [15/Jan/2022:09:46:57 +0800] "POST /xingrg/kc/buy/cgsh_order_operate.html HTTP/1.1" 200 6840
124.79.247.218 - - [15/Jan/2022:09:46:59 +0800] "GET /xingrg/javascript/easyui/themes/default/images/button_plain_hover.png HTTP/1.1" 304 -
124.79.247.218 - - [15/Jan/2022:09:47:03 +0800] "GET /xingrg/css/base.css HTTP/1.1" 304 -
124.79.247.218 - - [15/Jan/2022:09:47:03 +0800] "GET /xingrg/css/site.css HTTP/1.1" 304 -
124.79.247.218 - - [15/Jan/2022:09:47:03 +0800] "GET /xingrg/kc/buy/cgsh_order_add.html HTTP/1.1" 200 65398
124.79.247.218 - - [15/Jan/2022:09:47:03 +0800] "GET /xingrg/javascript/pic_change.js HTTP/1.1" 304 -
124.79.247.218 - - [15/Jan/2022:09:47:03 +0800] "GET /xingrg/javascript/jquery_tools/jquery.tools.min.js HTTP/1.1" 304 -
124.79.247.218 - - [15/Jan/2022:09:47:03 +0800] "GET /xingrg/javascript/jquery_tools/datebox.css HTTP/1.1" 304 -
124.79.247.218 - - [15/Jan/2022:09:47:03 +0800] "GET /xingrg/javascript/easyui/themes/icon.css HTTP/1.1" 304 -
124.79.247.218 - - [15/Jan/2022:09:47:03 +0800] "GET /xingrg/javascript/easyui/themes/default/easyui.css HTTP/1.1" 304 -
124.79.247.218 - - [15/Jan/2022:09:47:03 +0800] "GET /xingrg/javascript/auto/jquery.autocomplete.css HTTP/1.1" 304 -
124.79.247.218 - - [15/Jan/2022:09:47:03 +0800] "GET /xingrg/javascript/jquery_tools/fix.css HTTP/1.1" 304 -
124.79.247.218 - - [15/Jan/2022:09:47:03 +0800] "GET /xingrg/javascript/jquery_tools/table.css HTTP/1.1" 304 -
124.79.247.218 - - [15/Jan/2022:09:47:03 +0800] "GET /xingrg/javascript/jquery_tools/jquery.tools.hotkey.js HTTP/1.1" 304 -
124.79.247.218 - - [15/Jan/2022:09:47:03 +0800] "GET /xingrg/javascript/jquery_tools/jquery.tools.extend.js HTTP/1.1" 304 -
124.79.247.218 - - [15/Jan/2022:09:47:03 +0800] "GET /xingrg/javascript/jquery_tools/jquery.tools.table.js HTTP/1.1" 304 -
124.79.247.218 - - [15/Jan/2022:09:47:03 +0800] "GET /xingrg/javascript/auto/jquery.autocomplete.js HTTP/1.1" 304 -
124.79.247.218 - - [15/Jan/2022:09:47:03 +0800] "GET /xingrg/javascript/easyui/easyloader.js HTTP/1.1" 304 -
124.79.247.218 - - [15/Jan/2022:09:47:03 +0800] "GET /xingrg/javascript/jquery.utils.js HTTP/1.1" 304 -
124.79.247.218 - - [15/Jan/2022:09:47:03 +0800] "GET /xingrg/javascript/jquery_tools/order_manager.js HTTP/1.1" 304 -
124.79.247.218 - - [15/Jan/2022:09:47:03 +0800] "GET /xingrg/javascript/convert.js HTTP/1.1" 304 -
124.79.247.218 - - [15/Jan/2022:09:47:03 +0800] "GET /xingrg/javascript/json2.js HTTP/1.1" 304 -
124.79.247.218 - - [15/Jan/2022:09:47:03 +0800] "GET /xingrg/javascript/jquery.cookie.js HTTP/1.1" 304 -
124.79.247.218 - - [15/Jan/2022:09:47:03 +0800] "GET /xingrg/javascript/print/LodopFuncs.js HTTP/1.1" 304 -
124.79.247.218 - - [15/Jan/2022:09:47:03 +0800] "GET /xingrg/javascript/print/kc_print.js HTTP/1.1" 304 -
180.152.99.39 - - [15/Jan/2022:09:47:04 +0800] "GET /xingrg/javascript/jquery_easy_ui/themes/default/images/tabs_active.png HTTP/1.1" 304 -
180.152.99.39 - - [15/Jan/2022:09:47:04 +0800] "GET /xingrg/javascript/jquery_easy_ui/themes/default/images/tabs_active.png HTTP/1.1" 304 -
180.152.99.39 - - [15/Jan/2022:09:47:06 +0800] "GET /xingrg/kc/buy/cgsh_order_list.html HTTP/1.1" 200 49594
124.79.247.218 - - [15/Jan/2022:09:47:06 +0800] "GET /xingrg/words/20220114135933_words.js HTTP/1.1" 304 -
124.79.247.218 - - [15/Jan/2022:09:47:06 +0800] "GET /xingrg/javascript/easyui/themes/icons/copy_new.png HTTP/1.1" 304 -
124.79.247.218 - - [15/Jan/2022:09:47:06 +0800] "GET /xingrg/javascript/easyui/themes/icons/template_new.png HTTP/1.1" 304 -
124.79.247.218 - - [15/Jan/2022:09:47:06 +0800] "GET /xingrg/javascript/easyui/themes/icons/ok.png HTTP/1.1" 304 -
124.79.247.218 - - [15/Jan/2022:09:47:06 +0800] "GET /xingrg/javascript/easyui/themes/icons/print.png HTTP/1.1" 304 -
124.79.247.218 - - [15/Jan/2022:09:47:06 +0800] "GET /xingrg/javascript/easyui/themes/default/images/menu_downarrow.png HTTP/1.1" 304 -
124.79.247.218 - - [15/Jan/2022:09:47:06 +0800] "GET /xingrg/javascript/easyui/themes/icons/cancel.png HTTP/1.1" 304 -
124.79.247.218 - - [15/Jan/2022:09:47:06 +0800] "GET /xingrg/javascript/easyui/plugins/jquery.parser.js HTTP/1.1" 304 -
124.79.247.218 - - [15/Jan/2022:09:47:06 +0800] "POST /xingrg/kc/buy/cgsh_order_operate.html HTTP/1.1" 200 8245
124.79.247.218 - - [15/Jan/2022:09:47:07 +0800] "GET /xingrg/check_reg.html?_=1642211263224 HTTP/1.1" 200 22
124.79.247.218 - - [15/Jan/2022:09:47:07 +0800] "GET /xingrg/all/common/auto_word.html?type=employee&rest_code=00104 HTTP/1.1" 200 245
124.79.247.218 - - [15/Jan/2022:09:47:07 +0800] "GET /xingrg/all/common/auto_word.html?type=employee&rest_code=00104 HTTP/1.1" 200 245
124.79.247.218 - - [15/Jan/2022:09:47:07 +0800] "GET /xingrg/javascript/easyui/themes/default/validatebox.css HTTP/1.1" 404 1104
124.79.247.218 - - [15/Jan/2022:09:47:07 +0800] "GET /xingrg/javascript/easyui/plugins/jquery.validatebox.js HTTP/1.1" 304 -
124.79.247.218 - - [15/Jan/2022:09:47:07 +0800] "GET /xingrg/javascript/easyui/plugins/jquery.numberbox.js HTTP/1.1" 304 -
120.253.135.82 - - [15/Jan/2022:09:47:07 +0800] "GET /xingrg/all/function/internal_message.html?_=1642211345843&CODE_STATE=getMsg HTTP/1.1" 200 27
124.79.247.218 - - [15/Jan/2022:09:47:08 +0800] "GET /xingrg/all/function/internal_message.html?_=1642211264339&CODE_STATE=getMsg HTTP/1.1" 200 27
124.79.247.218 - - [15/Jan/2022:09:47:08 +0800] "GET /xingrg/javascript/easyui/plugins/jquery.draggable.js HTTP/1.1" 304 -
124.79.247.218 - - [15/Jan/2022:09:47:08 +0800] "GET /xingrg/css/images/panel_loading.gif HTTP/1.1" 304 -
124.79.247.218 - - [15/Jan/2022:09:47:08 +0800] "GET /xingrg/javascript/easyui/plugins/jquery.droppable.js HTTP/1.1" 304 -
124.79.247.218 - - [15/Jan/2022:09:47:08 +0800] "GET /xingrg/javascript/easyui/themes/default/tree.css HTTP/1.1" 404 1090
124.79.247.218 - - [15/Jan/2022:09:47:08 +0800] "GET /xingrg/javascript/easyui/plugins/jquery.tree.js HTTP/1.1" 304 -
124.79.247.218 - - [15/Jan/2022:09:47:08 +0800] "POST /xingrg/all/common/load_tree.html?tree=supplier_tree_json&isDelete=1 HTTP/1.1" 200 61772
124.79.247.218 - - [15/Jan/2022:09:47:09 +0800] "GET /xingrg/all/function/internal_message.html?_=1642211363226&CODE_STATE=getMsg HTTP/1.1" 200 27
180.152.99.39 - - [15/Jan/2022:09:47:09 +0800] "POST /xingrg/kc/buy/cgsh_list_operate.html HTTP/1.1" 200 2088
114.84.144.24 - - [15/Jan/2022:09:47:10 +0800] "GET /xingrg/all/function/internal_message.html?_=1642211046688&CODE_STATE=getMsg HTTP/1.1" 200 27
124.79.247.218 - - [15/Jan/2022:09:47:11 +0800] "GET /xingrg/javascript/easyui/themes/default/images/tree_folder_open.gif HTTP/1.1" 304 -
124.79.247.218 - - [15/Jan/2022:09:47:11 +0800] "GET /xingrg/javascript/easyui/themes/default/images/tree_folder.gif HTTP/1.1" 304 -
124.79.247.218 - - [15/Jan/2022:09:47:11 +0800] "GET /xingrg/javascript/easyui/themes/default/images/tree_file.gif HTTP/1.1" 304 -
114.84.144.24 - - [15/Jan/2022:09:47:11 +0800] "POST /xingrg/kc/buy/cgsh_order_operate.html HTTP/1.1" 200 37
180.152.99.39 - - [15/Jan/2022:09:47:11 +0800] "POST /xingrg/kc/buy/cgsh_list_operate.html HTTP/1.1" 200 569
180.152.99.39 - - [15/Jan/2022:09:47:12 +0800] "GET /xingrg/kc/buy/cgsh_order_info.html?code=212022011507001 HTTP/1.1" 200 65302
180.152.99.39 - - [15/Jan/2022:09:47:12 +0800] "GET /xingrg/javascript/easyui/themes/default/validatebox.css HTTP/1.1" 404 1104
180.152.99.39 - - [15/Jan/2022:09:47:12 +0800] "POST /xingrg/kc/buy/cgsh_order_operate.html HTTP/1.1" 200 40527
114.84.144.24 - - [15/Jan/2022:09:47:14 +0800] "POST /xingrg/kc/buy/cgsh_order_operate.html HTTP/1.1" 200 12
58.39.168.32 - - [15/Jan/2022:09:47:18 +0800] "GET /xingrg/all/function/internal_message.html?_=1642211235421&CODE_STATE=getMsg HTTP/1.1" 200 27
114.84.144.24 - - [15/Jan/2022:09:47:20 +0800] "GET /xingrg/kc/buy/cgsh_order_info.html?code=212022011507031 HTTP/1.1" 200 60313
114.84.144.24 - - [15/Jan/2022:09:47:20 +0800] "GET /xingrg/javascript/easyui/themes/default/validatebox.css HTTP/1.1" 404 1104
114.84.144.24 - - [15/Jan/2022:09:47:21 +0800] "POST /xingrg/kc/buy/cgsh_order_operate.html HTTP/1.1" 200 1788
114.84.144.24 - - [15/Jan/2022:09:47:23 +0800] "GET /xingrg/kc/print/load_config.html?kc_code=cgsh HTTP/1.1" 200 1943
114.84.144.24 - - [15/Jan/2022:09:47:23 +0800] "GET /xingrg/kc/print/load_data.html?order_code=212022011507031&kc_code=cgsh&condition= HTTP/1.1" 200 1219
222.69.132.164 - - [15/Jan/2022:09:47:25 +0800] "GET /xingrg/all/function/internal_message.html?_=1642211288520&CODE_STATE=getMsg HTTP/1.1" 200 27
124.79.247.218 - - [15/Jan/2022:09:47:26 +0800] "GET /xingrg/kc/buy/cgsh_order_operate.html?command=get_materiel&rest_code=00104&code=00101010136&supplier_code=00100036&order_time=2022-01-15 HTTP/1.1" 200 408
114.84.144.24 - - [15/Jan/2022:09:47:28 +0800] "GET /xingrg/kc/buy/cgsh_order_add.html HTTP/1.1" 200 65404
114.84.144.24 - - [15/Jan/2022:09:47:28 +0800] "POST /xingrg/kc/buy/cgsh_order_operate.html HTTP/1.1" 200 8245
114.84.144.24 - - [15/Jan/2022:09:47:28 +0800] "GET /xingrg/javascript/easyui/themes/default/validatebox.css HTTP/1.1" 404 1104
222.70.177.227 - - [15/Jan/2022:09:47:31 +0800] "GET /xingrg/all/function/internal_message.html?_=1642211244375&CODE_STATE=getMsg HTTP/1.1" 200 27
222.70.217.149 - - [15/Jan/2022:09:47:35 +0800] "GET /xingrg/check_reg.html?_=1642211243720 HTTP/1.1" 200 22
222.70.217.149 - - [15/Jan/2022:09:47:35 +0800] "GET /xingrg/all/function/internal_message.html?_=1642211243722&CODE_STATE=getMsg HTTP/1.1" 200 27
222.69.129.191 - - [15/Jan/2022:09:47:35 +0800] "GET /xingrg/all/function/internal_message.html?_=1642211252066&CODE_STATE=getMsg HTTP/1.1" 200 27
180.152.99.39 - - [15/Jan/2022:09:47:39 +0800] "GET /xingrg/all/function/internal_message.html?_=1642211192839&CODE_STATE=getMsg HTTP/1.1" 200 27
114.84.144.24 - - [15/Jan/2022:09:47:45 +0800] "GET /xingrg/check_reg.html?_=1642211081688 HTTP/1.1" 200 22
116.237.73.232 - - [15/Jan/2022:09:47:51 +0800] "GET /xingrg/all/function/internal_message.html?_=1642211269184&CODE_STATE=getMsg HTTP/1.1" 200 27
58.39.168.32 - - [15/Jan/2022:09:47:53 +0800] "GET /xingrg/check_reg.html?_=1642211207591 HTTP/1.1" 200 22
58.39.168.32 - - [15/Jan/2022:09:47:53 +0800] "GET /xingrg/all/function/internal_message.html?_=1642211207595&CODE_STATE=getMsg HTTP/1.1" 200 27
124.79.247.218 - - [15/Jan/2022:09:47:53 +0800] "GET /xingrg/kc/buy/cgsh_order_operate.html?command=get_materiel&rest_code=00104&code=00101012029&supplier_code=00100036&order_time=2022-01-15 HTTP/1.1" 200 412
222.70.243.96 - - [15/Jan/2022:09:47:55 +0800] "GET /xingrg/all/function/internal_message.html?_=1642211293075&CODE_STATE=getMsg HTTP/1.1" 200 27
114.84.144.24 - - [15/Jan/2022:09:47:56 +0800] "GET /xingrg/kc/buy/cgsh_order_operate.html?command=get_materiel&rest_code=00141&code=00101006168&supplier_code=00100012&order_time=2022-01-15 HTTP/1.1" 200 421
114.95.98.1 - - [15/Jan/2022:09:47:57 +0800] "GET /xingrg/all/function/internal_message.html?_=1642211291990&CODE_STATE=getMsg HTTP/1.1" 200 27
124.79.247.218 - - [15/Jan/2022:09:48:05 +0800] "GET /xingrg/kc/buy/cgsh_order_operate.html?command=get_materiel&rest_code=00104&code=00101012026&supplier_code=00100036&order_time=2022-01-15 HTTP/1.1" 200 408
58.39.168.32 - - [15/Jan/2022:09:48:07 +0800] "GET /xingrg/kc/buy/cgsh_order_list.html HTTP/1.1" 200 49588
120.253.135.82 - - [15/Jan/2022:09:48:07 +0800] "GET /xingrg/all/function/internal_message.html?_=1642211405965&CODE_STATE=getMsg HTTP/1.1" 200 27
124.79.247.218 - - [15/Jan/2022:09:48:08 +0800] "GET /xingrg/all/function/internal_message.html?_=1642211324354&CODE_STATE=getMsg HTTP/1.1" 200 27
124.79.247.218 - - [15/Jan/2022:09:48:09 +0800] "GET /xingrg/all/function/internal_message.html?_=1642211423236&CODE_STATE=getMsg HTTP/1.1" 200 27
114.84.144.24 - - [15/Jan/2022:09:48:10 +0800] "GET /xingrg/all/function/internal_message.html?_=1642211106664&CODE_STATE=getMsg HTTP/1.1" 200 27
58.39.168.32 - - [15/Jan/2022:09:48:13 +0800] "POST /xingrg/kc/buy/cgsh_list_operate.html HTTP/1.1" 200 3129
58.39.168.32 - - [15/Jan/2022:09:48:18 +0800] "GET /xingrg/all/function/internal_message.html?_=1642211295431&CODE_STATE=getMsg HTTP/1.1" 200 27
58.39.168.32 - - [15/Jan/2022:09:48:19 +0800] "POST /xingrg/kc/buy/cgsh_list_operate.html HTTP/1.1" 200 572
120.253.135.82 - - [15/Jan/2022:09:48:19 +0800] "GET /xingrg/check_reg.html?_=1642211418040 HTTP/1.1" 200 22
58.39.168.32 - - [15/Jan/2022:09:48:19 +0800] "GET /xingrg/kc/buy/cgsh_order_info.html?code=212022011507010 HTTP/1.1" 200 65448
58.39.168.32 - - [15/Jan/2022:09:48:19 +0800] "GET /xingrg/javascript/easyui/themes/default/validatebox.css HTTP/1.1" 404 1104
58.39.168.32 - - [15/Jan/2022:09:48:20 +0800] "POST /xingrg/kc/buy/cgsh_order_operate.html HTTP/1.1" 200 60617
114.84.144.24 - - [15/Jan/2022:09:48:23 +0800] "GET /xingrg/kc/buy/cgsh_order_operate.html?command=get_materiel&rest_code=00141&code=00101006109&supplier_code=00100012&order_time=2022-01-15 HTTP/1.1" 200 409
124.79.247.218 - - [15/Jan/2022:09:48:25 +0800] "GET /xingrg/kc/buy/cgsh_order_operate.html?command=get_materiel&rest_code=00104&code=00101011001&supplier_code=00100036&order_time=2022-01-15 HTTP/1.1" 200 423
222.69.132.164 - - [15/Jan/2022:09:48:25 +0800] "GET /xingrg/all/function/internal_message.html?_=1642211348504&CODE_STATE=getMsg HTTP/1.1" 200 27
222.70.177.227 - - [15/Jan/2022:09:48:27 +0800] "GET /xingrg/check_reg.html?_=1642211300180 HTTP/1.1" 200 22
222.70.177.227 - - [15/Jan/2022:09:48:31 +0800] "GET /xingrg/all/function/internal_message.html?_=1642211304347&CODE_STATE=getMsg HTTP/1.1" 200 27
114.84.144.24 - - [15/Jan/2022:09:48:33 +0800] "GET /xingrg/kc/buy/cgsh_order_operate.html?command=get_materiel&rest_code=00141&code=00101006055&supplier_code=00100012&order_time=2022-01-15 HTTP/1.1" 200 409
222.70.217.149 - - [15/Jan/2022:09:48:35 +0800] "GET /xingrg/all/function/internal_message.html?_=1642211303713&CODE_STATE=getMsg HTTP/1.1" 200 27
222.69.129.191 - - [15/Jan/2022:09:48:35 +0800] "GET /xingrg/all/function/internal_message.html?_=1642211312051&CODE_STATE=getMsg HTTP/1.1" 200 27
180.152.99.39 - - [15/Jan/2022:09:48:39 +0800] "GET /xingrg/all/function/internal_message.html?_=1642211252927&CODE_STATE=getMsg HTTP/1.1" 200 27
116.237.73.232 - - [15/Jan/2022:09:48:51 +0800] "GET /xingrg/all/function/internal_message.html?_=1642211329185&CODE_STATE=getMsg HTTP/1.1" 200 27
58.39.168.32 - - [15/Jan/2022:09:48:53 +0800] "GET /xingrg/all/function/internal_message.html?_=1642211267595&CODE_STATE=getMsg HTTP/1.1" 200 27
222.70.243.96 - - [15/Jan/2022:09:48:55 +0800] "GET /xingrg/all/function/internal_message.html?_=1642211353095&CODE_STATE=getMsg HTTP/1.1" 200 27
114.95.98.1 - - [15/Jan/2022:09:48:57 +0800] "GET /xingrg/all/function/internal_message.html?_=1642211352004&CODE_STATE=getMsg HTTP/1.1" 200 27
114.84.144.24 - - [15/Jan/2022:09:48:58 +0800] "GET /xingrg/kc/buy/cgsh_order_operate.html?command=get_materiel&rest_code=00141&code=00101006128&supplier_code=00100012&order_time=2022-01-15 HTTP/1.1" 200 427
222.70.243.96 - - [15/Jan/2022:09:49:07 +0800] "GET /xingrg/check_reg.html?_=1642211365339 HTTP/1.1" 200 22
120.253.135.82 - - [15/Jan/2022:09:49:07 +0800] "GET /xingrg/all/function/internal_message.html?_=1642211465981&CODE_STATE=getMsg HTTP/1.1" 200 27
124.79.247.218 - - [15/Jan/2022:09:49:08 +0800] "GET /xingrg/all/function/internal_message.html?_=1642211384366&CODE_STATE=getMsg HTTP/1.1" 200 27
124.79.247.218 - - [15/Jan/2022:09:49:08 +0800] "GET /xingrg/kc/buy/cgsh_order_operate.html?command=get_materiel&rest_code=00104&code=00101012025&supplier_code=00100036&order_time=2022-01-15 HTTP/1.1" 200 412
124.79.247.218 - - [15/Jan/2022:09:49:09 +0800] "GET /xingrg/all/function/internal_message.html?_=1642211483234&CODE_STATE=getMsg HTTP/1.1" 200 27
114.84.144.24 - - [15/Jan/2022:09:49:10 +0800] "GET /xingrg/kc/buy/cgsh_order_operate.html?command=get_materiel&rest_code=00141&code=00101006130&supplier_code=00100012&order_time=2022-01-15 HTTP/1.1" 200 447
114.84.144.24 - - [15/Jan/2022:09:49:10 +0800] "GET /xingrg/all/function/internal_message.html?_=1642211166634&CODE_STATE=getMsg HTTP/1.1" 200 27
124.79.247.218 - - [15/Jan/2022:09:49:17 +0800] "GET /xingrg/kc/buy/cgsh_order_operate.html?command=get_materiel&rest_code=00104&code=00101016057&supplier_code=00100036&order_time=2022-01-15 HTTP/1.1" 200 408
58.39.168.32 - - [15/Jan/2022:09:49:18 +0800] "GET /xingrg/all/function/internal_message.html?_=1642211355434&CODE_STATE=getMsg HTTP/1.1" 200 27
124.79.247.218 - - [15/Jan/2022:09:49:23 +0800] "GET /xingrg/kc/base/wldb_order_add.html HTTP/1.1" 200 30280
124.79.247.218 - - [15/Jan/2022:09:49:23 +0800] "GET /xingrg/javascript/pic_change.js HTTP/1.1" 200 4739
124.79.247.218 - - [15/Jan/2022:09:49:23 +0800] "GET /xingrg/javascript/convert.js HTTP/1.1" 200 1239
124.79.247.218 - - [15/Jan/2022:09:49:23 +0800] "GET /xingrg/javascript/jquery_tools/order_manager.js HTTP/1.1" 200 11183
124.79.247.218 - - [15/Jan/2022:09:49:23 +0800] "GET /xingrg/javascript/json2.js HTTP/1.1" 200 11259
124.79.247.218 - - [15/Jan/2022:09:49:23 +0800] "GET /xingrg/javascript/print/kc_print.js HTTP/1.1" 200 11415
124.79.247.218 - - [15/Jan/2022:09:49:23 +0800] "GET /xingrg/words/20220114135933_words.js HTTP/1.1" 200 883993
124.79.247.218 - - [15/Jan/2022:09:49:23 +0800] "GET /xingrg/javascript/easyui/themes/icons/ok.png HTTP/1.1" 200 883
124.79.247.218 - - [15/Jan/2022:09:49:23 +0800] "GET /xingrg/javascript/easyui/themes/icons/print.png HTTP/1.1" 200 1057
124.79.247.218 - - [15/Jan/2022:09:49:23 +0800] "GET /xingrg/javascript/easyui/themes/icons/template_new.png HTTP/1.1" 200 3956
124.79.247.218 - - [15/Jan/2022:09:49:23 +0800] "GET /xingrg/javascript/easyui/themes/icons/cancel.png HTTP/1.1" 200 1133
124.79.247.218 - - [15/Jan/2022:09:49:23 +0800] "GET /xingrg/javascript/easyui/themes/default/images/menu_downarrow.png HTTP/1.1" 200 173
124.79.247.218 - - [15/Jan/2022:09:49:23 +0800] "POST /xingrg/kc/base/wldb_order_operate.html HTTP/1.1" 200 6806
124.79.247.218 - - [15/Jan/2022:09:49:23 +0800] "GET /xingrg/all/common/auto_word.html?type=base&rest_code=00104 HTTP/1.1" 200 1849
124.79.247.218 - - [15/Jan/2022:09:49:24 +0800] "GET /xingrg/all/common/auto_word.html?type=base&rest_code=00104 HTTP/1.1" 200 1849
124.79.247.218 - - [15/Jan/2022:09:49:24 +0800] "GET /xingrg/javascript/easyui/themes/default/validatebox.css HTTP/1.1" 404 1104
124.79.247.218 - - [15/Jan/2022:09:49:24 +0800] "GET /xingrg/javascript/easyui/plugins/jquery.validatebox.js HTTP/1.1" 200 6103
124.79.247.218 - - [15/Jan/2022:09:49:24 +0800] "GET /xingrg/javascript/easyui/themes/icons/edit_remove.png HTTP/1.1" 200 625
124.79.247.218 - - [15/Jan/2022:09:49:24 +0800] "GET /xingrg/javascript/easyui/plugins/jquery.numberbox.js HTTP/1.1" 200 5213
124.79.247.218 - - [15/Jan/2022:09:49:24 +0800] "GET /xingrg/css/images/panel_loading.gif HTTP/1.1" 200 1737
124.79.247.218 - - [15/Jan/2022:09:49:24 +0800] "POST /xingrg/all/common/load_combo.html?type=base HTTP/1.1" 200 3315
222.69.132.164 - - [15/Jan/2022:09:49:25 +0800] "GET /xingrg/all/function/internal_message.html?_=1642211408495&CODE_STATE=getMsg HTTP/1.1" 200 27
222.69.132.164 - - [15/Jan/2022:09:49:25 +0800] "GET /xingrg/check_reg.html?_=1642211408498 HTTP/1.1" 200 22
124.79.247.218 - - [15/Jan/2022:09:49:27 +0800] "POST /xingrg/all/common/load_combo.html?type=base HTTP/1.1" 200 3315
114.84.144.24 - - [15/Jan/2022:09:49:29 +0800] "GET /xingrg/kc/buy/cgsh_order_operate.html?command=get_materiel&rest_code=00141&code=00101006006&supplier_code=00100012&order_time=2022-01-15 HTTP/1.1" 200 409
124.79.247.218 - - [15/Jan/2022:09:49:30 +0800] "GET /xingrg/kc/buy/cgsh_order_operate.html?command=get_materiel&rest_code=00104&code=00101010035&supplier_code=00100036&order_time=2022-01-15 HTTP/1.1" 200 413
222.70.177.227 - - [15/Jan/2022:09:49:31 +0800] "GET /xingrg/all/function/internal_message.html?_=1642211364332&CODE_STATE=getMsg HTTP/1.1" 200 27
222.70.217.149 - - [15/Jan/2022:09:49:35 +0800] "GET /xingrg/all/function/internal_message.html?_=1642211363719&CODE_STATE=getMsg HTTP/1.1" 200 27
222.69.129.191 - - [15/Jan/2022:09:49:35 +0800] "GET /xingrg/all/function/internal_message.html?_=1642211372035&CODE_STATE=getMsg HTTP/1.1" 200 27
180.152.99.39 - - [15/Jan/2022:09:49:39 +0800] "GET /xingrg/all/function/internal_message.html?_=1642211312928&CODE_STATE=getMsg HTTP/1.1" 200 27
124.79.247.218 - - [15/Jan/2022:09:49:44 +0800] "GET /xingrg/javascript/auto/indicator.gif HTTP/1.1" 404 1066
124.79.247.218 - - [15/Jan/2022:09:49:50 +0800] "GET /xingrg/kc/base/wldb_order_operate.html?command=get_materiel&rest_code=00104&base_code=0010033&code=00102002254 HTTP/1.1" 200 434
124.79.247.218 - - [15/Jan/2022:09:49:50 +0800] "GET /xingrg/javascript/easyui/themes/default/images/button_plain_hover.png HTTP/1.1" 304 -
116.237.73.232 - - [15/Jan/2022:09:49:51 +0800] "GET /xingrg/check_reg.html?_=1642211389210 HTTP/1.1" 200 22
116.237.73.232 - - [15/Jan/2022:09:49:51 +0800] "GET /xingrg/all/function/internal_message.html?_=1642211389213&CODE_STATE=getMsg HTTP/1.1" 200 27
124.79.247.218 - - [15/Jan/2022:09:49:53 +0800] "GET /xingrg/javascript/easyui/themes/default/images/button_plain_hover.png HTTP/1.1" 304 -
124.79.247.218 - - [15/Jan/2022:09:49:53 +0800] "GET /xingrg/javascript/easyui/themes/default/images/button_plain_hover.png HTTP/1.1" 304 -
124.79.247.218 - - [15/Jan/2022:09:49:53 +0800] "GET /xingrg/javascript/easyui/themes/default/images/button_plain_hover.png HTTP/1.1" 304 -
58.39.168.32 - - [15/Jan/2022:09:49:53 +0800] "GET /xingrg/all/function/internal_message.html?_=1642211327596&CODE_STATE=getMsg HTTP/1.1" 200 27
222.70.243.96 - - [15/Jan/2022:09:49:55 +0800] "GET /xingrg/all/function/internal_message.html?_=1642211413101&CODE_STATE=getMsg HTTP/1.1" 200 27
124.79.247.218 - - [15/Jan/2022:09:49:56 +0800] "POST /xingrg/kc/buy/cgsh_order_operate.html HTTP/1.1" 200 37
114.95.98.1 - - [15/Jan/2022:09:49:57 +0800] "GET /xingrg/all/function/internal_message.html?_=1642211412017&CODE_STATE=getMsg HTTP/1.1" 200 27
124.79.247.218 - - [15/Jan/2022:09:49:58 +0800] "POST /xingrg/kc/buy/cgsh_order_operate.html HTTP/1.1" 200 6208
124.79.247.218 - - [15/Jan/2022:09:49:59 +0800] "GET /xingrg/javascript/easyui/themes/default/images/button_plain_hover.png HTTP/1.1" 304 -
124.79.247.218 - - [15/Jan/2022:09:49:59 +0800] "GET /xingrg/javascript/easyui/themes/default/images/button_plain_hover.png HTTP/1.1" 304 -
124.79.247.218 - - [15/Jan/2022:09:49:59 +0800] "GET /xingrg/javascript/easyui/themes/default/images/button_plain_hover.png HTTP/1.1" 304 -
124.79.247.218 - - [15/Jan/2022:09:50:00 +0800] "GET /xingrg/javascript/easyui/themes/default/images/button_plain_hover.png HTTP/1.1" 304 -
124.79.247.218 - - [15/Jan/2022:09:50:08 +0800] "GET /xingrg/all/function/internal_message.html?_=1642211444381&CODE_STATE=getMsg HTTP/1.1" 200 27
120.253.135.82 - - [15/Jan/2022:09:50:08 +0800] "GET /xingrg/all/function/internal_message.html?_=1642211525994&CODE_STATE=getMsg HTTP/1.1" 200 27
124.79.247.218 - - [15/Jan/2022:09:50:09 +0800] "GET /xingrg/all/function/internal_message.html?_=1642211543229&CODE_STATE=getMsg HTTP/1.1" 200 27
114.84.144.24 - - [15/Jan/2022:09:50:10 +0800] "GET /xingrg/all/function/internal_message.html?_=1642211226635&CODE_STATE=getMsg HTTP/1.1" 200 27
58.39.168.32 - - [15/Jan/2022:09:50:18 +0800] "GET /xingrg/all/function/internal_message.html?_=1642211415434&CODE_STATE=getMsg HTTP/1.1" 200 27
124.79.247.218 - - [15/Jan/2022:09:50:19 +0800] "POST /xingrg/kc/base/wldb_order_operate.html HTTP/1.1" 200 37
124.79.247.218 - - [15/Jan/2022:09:50:19 +0800] "POST /xingrg/kc/base/wldb_order_operate.html HTTP/1.1" 200 2193
124.79.247.218 - - [15/Jan/2022:09:50:23 +0800] "GET /xingrg/kc/base/wldb_order_info.html?code=422022011501927 HTTP/1.1" 200 30294
124.79.247.218 - - [15/Jan/2022:09:50:23 +0800] "GET /xingrg/javascript/easyui/themes/default/validatebox.css HTTP/1.1" 404 1104
124.79.247.218 - - [15/Jan/2022:09:50:23 +0800] "POST /xingrg/kc/base/wldb_order_operate.html HTTP/1.1" 200 2193
124.79.247.218 - - [15/Jan/2022:09:50:25 +0800] "GET /xingrg/kc/base/wldb_order_add.html HTTP/1.1" 200 30280
222.69.132.164 - - [15/Jan/2022:09:50:25 +0800] "GET /xingrg/all/function/internal_message.html?_=1642211468513&CODE_STATE=getMsg HTTP/1.1" 200 27
124.79.247.218 - - [15/Jan/2022:09:50:25 +0800] "POST /xingrg/kc/base/wldb_order_operate.html HTTP/1.1" 200 6806
124.79.247.218 - - [15/Jan/2022:09:50:26 +0800] "GET /xingrg/javascript/easyui/themes/default/validatebox.css HTTP/1.1" 404 1104
124.79.247.218 - - [15/Jan/2022:09:50:27 +0800] "POST /xingrg/all/common/load_combo.html?type=base HTTP/1.1" 200 3315
222.70.217.149 - - [15/Jan/2022:09:50:27 +0800] "POST /xingrg/services/DataTransmitService HTTP/1.1" 200 524
124.79.247.218 - - [15/Jan/2022:09:50:29 +0800] "POST /xingrg/all/common/load_combo.html?type=base HTTP/1.1" 200 3315
222.70.177.227 - - [15/Jan/2022:09:50:31 +0800] "GET /xingrg/all/function/internal_message.html?_=1642211424305&CODE_STATE=getMsg HTTP/1.1" 200 27
222.70.177.227 - - [15/Jan/2022:09:50:33 +0800] "GET /xingrg/dwr/util.js HTTP/1.1" 304 -
222.70.177.227 - - [15/Jan/2022:09:50:33 +0800] "GET /xingrg/kc/mdqp/qqps_order_list.html HTTP/1.1" 200 9222
222.70.177.227 - - [15/Jan/2022:09:50:33 +0800] "GET /xingrg/dwr/interface/AjaxQqpsService.js HTTP/1.1" 200 16326
222.70.177.227 - - [15/Jan/2022:09:50:33 +0800] "GET /xingrg/dwr/interface/AjaxReportQueryService.js HTTP/1.1" 200 13203
222.70.177.227 - - [15/Jan/2022:09:50:34 +0800] "GET /xingrg/dwr/engine.js HTTP/1.1" 200 43631
222.70.217.149 - - [15/Jan/2022:09:50:35 +0800] "GET /xingrg/all/function/internal_message.html?_=1642211423718&CODE_STATE=getMsg HTTP/1.1" 200 27
222.69.129.191 - - [15/Jan/2022:09:50:35 +0800] "GET /xingrg/all/function/internal_message.html?_=1642211432029&CODE_STATE=getMsg HTTP/1.1" 200 27
222.69.129.191 - - [15/Jan/2022:09:50:35 +0800] "GET /xingrg/check_reg.html?_=1642211432310 HTTP/1.1" 200 22
180.152.99.39 - - [15/Jan/2022:09:50:39 +0800] "GET /xingrg/all/function/internal_message.html?_=1642211372941&CODE_STATE=getMsg HTTP/1.1" 200 27
222.70.177.227 - - [15/Jan/2022:09:50:43 +0800] "GET /xingrg/kc/mdqp/qqps_order_list.html?isQuery=1&timeSelect=1&orderTime=day&startTime=2022-01-14&endTime=2022-01-14&state=all&query=%C8%B7++%B6%A8 HTTP/1.1" 200 13460
222.70.177.227 - - [15/Jan/2022:09:50:43 +0800] "GET /xingrg/dwr/interface/AjaxReportQueryService.js HTTP/1.1" 200 13203
222.70.177.227 - - [15/Jan/2022:09:50:43 +0800] "GET /xingrg/dwr/interface/AjaxQqpsService.js HTTP/1.1" 200 16326
222.70.177.227 - - [15/Jan/2022:09:50:45 +0800] "GET /xingrg/dwr/engine.js HTTP/1.1" 200 43631
124.79.247.218 - - [15/Jan/2022:09:50:47 +0800] "GET /xingrg/kc/base/wldb_order_operate.html?command=get_materiel&rest_code=00104&base_code=0010033&code=00102001008 HTTP/1.1" 200 426
222.70.177.227 - - [15/Jan/2022:09:50:48 +0800] "GET /xingrg/dwr/interface/AjaxComOrderService.js HTTP/1.1" 200 18264
222.70.177.227 - - [15/Jan/2022:09:50:48 +0800] "GET /xingrg/dwr/interface/AjaxQqpsService.js HTTP/1.1" 200 16326
222.70.177.227 - - [15/Jan/2022:09:50:48 +0800] "GET /xingrg/kc/mdqp/qqps_order_info.html?code=302022011400339 HTTP/1.1" 200 26482
222.70.177.227 - - [15/Jan/2022:09:50:49 +0800] "GET /xingrg/dwr/engine.js HTTP/1.1" 200 43631
222.70.177.227 - - [15/Jan/2022:09:50:50 +0800] "POST /xingrg/dwr/call/plaincall/AjaxQqpsService.loadMaterielItems.dwr HTTP/1.1" 200 15639
116.237.73.232 - - [15/Jan/2022:09:50:51 +0800] "GET /xingrg/all/function/internal_message.html?_=1642211449198&CODE_STATE=getMsg HTTP/1.1" 200 27
58.39.168.32 - - [15/Jan/2022:09:50:53 +0800] "GET /xingrg/all/function/internal_message.html?_=1642211387596&CODE_STATE=getMsg HTTP/1.1" 200 27
222.70.243.96 - - [15/Jan/2022:09:50:55 +0800] "GET /xingrg/all/function/internal_message.html?_=1642211473114&CODE_STATE=getMsg HTTP/1.1" 200 27
124.79.247.218 - - [15/Jan/2022:09:50:55 +0800] "POST /xingrg/kc/base/wldb_order_operate.html HTTP/1.1" 200 37
124.79.247.218 - - [15/Jan/2022:09:50:55 +0800] "POST /xingrg/kc/base/wldb_order_operate.html HTTP/1.1" 200 2184
124.79.247.218 - - [15/Jan/2022:09:50:55 +0800] "GET /xingrg/kc/base/wldb_order_info.html?code=422022011501928 HTTP/1.1" 200 30294
124.79.247.218 - - [15/Jan/2022:09:50:56 +0800] "GET /xingrg/javascript/easyui/themes/default/validatebox.css HTTP/1.1" 404 1104
124.79.247.218 - - [15/Jan/2022:09:50:56 +0800] "POST /xingrg/kc/base/wldb_order_operate.html HTTP/1.1" 200 2184
114.95.98.1 - - [15/Jan/2022:09:50:57 +0800] "GET /xingrg/check_reg.html?_=1642211471912 HTTP/1.1" 200 22
114.95.98.1 - - [15/Jan/2022:09:50:57 +0800] "GET /xingrg/all/function/internal_message.html?_=1642211472030&CODE_STATE=getMsg HTTP/1.1" 200 27
222.70.177.227 - - [15/Jan/2022:09:51:00 +0800] "GET /xingrg/kc/mdqp/qqps_order_add.html HTTP/1.1" 200 28079
222.70.177.227 - - [15/Jan/2022:09:51:00 +0800] "GET /xingrg/dwr/interface/AjaxQqpsService.js HTTP/1.1" 200 16326
222.70.177.227 - - [15/Jan/2022:09:51:00 +0800] "GET /xingrg/dwr/interface/AjaxComOrderService.js HTTP/1.1" 200 18264
222.70.177.227 - - [15/Jan/2022:09:51:01 +0800] "GET /xingrg/dwr/engine.js HTTP/1.1" 200 43631
124.79.247.218 - - [15/Jan/2022:09:51:07 +0800] "GET /xingrg/kc/base/wldb_order_add.html HTTP/1.1" 200 30280
120.253.135.82 - - [15/Jan/2022:09:51:07 +0800] "GET /xingrg/all/function/internal_message.html?_=1642211586115&CODE_STATE=getMsg HTTP/1.1" 200 27
124.79.247.218 - - [15/Jan/2022:09:51:07 +0800] "GET /xingrg/javascript/easyui/themes/default/validatebox.css HTTP/1.1" 404 1104
124.79.247.218 - - [15/Jan/2022:09:51:07 +0800] "POST /xingrg/kc/base/wldb_order_operate.html HTTP/1.1" 200 6806
124.79.247.218 - - [15/Jan/2022:09:51:08 +0800] "GET /xingrg/all/function/internal_message.html?_=1642211504393&CODE_STATE=getMsg HTTP/1.1" 200 27
124.79.247.218 - - [15/Jan/2022:09:51:09 +0800] "GET /xingrg/all/function/internal_message.html?_=1642211603231&CODE_STATE=getMsg HTTP/1.1" 200 27
124.79.247.218 - - [15/Jan/2022:09:51:09 +0800] "GET /xingrg/check_reg.html?_=1642211603232 HTTP/1.1" 200 22
124.79.247.218 - - [15/Jan/2022:09:51:10 +0800] "POST /xingrg/all/common/load_combo.html?type=base HTTP/1.1" 200 3315
124.79.247.218 - - [15/Jan/2022:09:51:12 +0800] "POST /xingrg/all/common/load_combo.html?type=base HTTP/1.1" 200 3315
114.84.144.24 - - [15/Jan/2022:09:51:14 +0800] "POST /xingrg/kc/buy/cgsh_order_operate.html HTTP/1.1" 200 37
222.70.177.227 - - [15/Jan/2022:09:51:16 +0800] "POST /xingrg/dwr/call/plaincall/AjaxQqpsService.saveOrder.dwr HTTP/1.1" 200 78
58.39.168.32 - - [15/Jan/2022:09:51:18 +0800] "GET /xingrg/check_reg.html?_=1642211475469 HTTP/1.1" 200 22
58.39.168.32 - - [15/Jan/2022:09:51:18 +0800] "GET /xingrg/all/function/internal_message.html?_=1642211475470&CODE_STATE=getMsg HTTP/1.1" 200 27
114.84.144.24 - - [15/Jan/2022:09:51:19 +0800] "POST /xingrg/kc/buy/cgsh_order_operate.html HTTP/1.1" 200 12
222.70.177.227 - - [15/Jan/2022:09:51:21 +0800] "POST /xingrg/dwr/call/plaincall/AjaxQqpsService.getMaterielByCode.dwr HTTP/1.1" 200 2687
114.84.144.24 - - [15/Jan/2022:09:51:21 +0800] "GET /xingrg/kc/buy/cgsh_order_info.html?code=212022011507033 HTTP/1.1" 200 60313
114.84.144.24 - - [15/Jan/2022:09:51:21 +0800] "GET /xingrg/javascript/easyui/themes/default/validatebox.css HTTP/1.1" 404 1104
114.84.144.24 - - [15/Jan/2022:09:51:22 +0800] "POST /xingrg/kc/buy/cgsh_order_operate.html HTTP/1.1" 200 5381
180.152.99.39 - - [15/Jan/2022:09:51:23 +0800] "GET /xingrg/check_reg.html?_=1642211416474 HTTP/1.1" 200 22
114.84.144.24 - - [15/Jan/2022:09:51:24 +0800] "GET /xingrg/kc/print/load_data.html?order_code=212022011507033&kc_code=cgsh&condition= HTTP/1.1" 200 2642
222.69.132.164 - - [15/Jan/2022:09:51:25 +0800] "GET /xingrg/all/function/internal_message.html?_=1642211528504&CODE_STATE=getMsg HTTP/1.1" 200 27
222.70.177.227 - - [15/Jan/2022:09:51:27 +0800] "POST /xingrg/dwr/call/plaincall/AjaxQqpsService.saveMaterielItem.dwr HTTP/1.1" 200 78
114.84.144.24 - - [15/Jan/2022:09:51:28 +0800] "GET /xingrg/kc/buy/cgsh_order_add.html HTTP/1.1" 200 65404
114.84.144.24 - - [15/Jan/2022:09:51:28 +0800] "POST /xingrg/kc/buy/cgsh_order_operate.html HTTP/1.1" 200 8245
114.84.144.24 - - [15/Jan/2022:09:51:28 +0800] "GET /xingrg/javascript/easyui/themes/default/validatebox.css HTTP/1.1" 404 1104
222.70.177.227 - - [15/Jan/2022:09:51:31 +0800] "POST /xingrg/dwr/call/plaincall/AjaxQqpsService.getMaterielByCode.dwr HTTP/1.1" 200 2675
222.70.177.227 - - [15/Jan/2022:09:51:31 +0800] "GET /xingrg/all/function/internal_message.html?_=1642211484296&CODE_STATE=getMsg HTTP/1.1" 200 27
124.79.247.218 - - [15/Jan/2022:09:51:32 +0800] "GET /xingrg/kc/base/wldb_order_operate.html?command=get_materiel&rest_code=00104&base_code=0010033&code=00102002028 HTTP/1.1" 200 467
180.152.99.39 - - [15/Jan/2022:09:51:33 +0800] "POST /xingrg/kc/buy/cgsh_order_operate.html HTTP/1.1" 200 37
222.70.217.149 - - [15/Jan/2022:09:51:35 +0800] "GET /xingrg/all/function/internal_message.html?_=1642211483716&CODE_STATE=getMsg HTTP/1.1" 200 27
180.152.99.39 - - [15/Jan/2022:09:51:35 +0800] "POST /xingrg/kc/buy/cgsh_order_operate.html HTTP/1.1" 200 39937
222.69.129.191 - - [15/Jan/2022:09:51:35 +0800] "GET /xingrg/all/function/internal_message.html?_=1642211492017&CODE_STATE=getMsg HTTP/1.1" 200 27
222.70.177.227 - - [15/Jan/2022:09:51:36 +0800] "POST /xingrg/dwr/call/plaincall/AjaxQqpsService.saveMaterielItem.dwr HTTP/1.1" 200 78
222.70.177.227 - - [15/Jan/2022:09:51:36 +0800] "POST /xingrg/dwr/call/plaincall/AjaxQqpsService.saveOrder.dwr HTTP/1.1" 200 78
222.70.177.227 - - [15/Jan/2022:09:51:39 +0800] "POST /xingrg/dwr/call/plaincall/AjaxQqpsService.checkOrder.dwr HTTP/1.1" 200 78
114.84.144.24 - - [15/Jan/2022:09:51:39 +0800] "GET /xingrg/kc/buy/cgsh_order_operate.html?command=get_materiel&rest_code=00141&code=00101001010&supplier_code=00100040&order_time=2022-01-15 HTTP/1.1" 200 409
180.152.99.39 - - [15/Jan/2022:09:51:39 +0800] "GET /xingrg/all/function/internal_message.html?_=1642211432956&CODE_STATE=getMsg HTTP/1.1" 200 27
222.70.177.227 - - [15/Jan/2022:09:51:40 +0800] "GET /xingrg/kc/mdqp/qqps_order_info.html?code=302022011500362 HTTP/1.1" 200 26482
222.70.177.227 - - [15/Jan/2022:09:51:40 +0800] "GET /xingrg/dwr/interface/AjaxComOrderService.js HTTP/1.1" 200 18264
222.70.177.227 - - [15/Jan/2022:09:51:40 +0800] "GET /xingrg/dwr/interface/AjaxQqpsService.js HTTP/1.1" 200 16326
222.70.177.227 - - [15/Jan/2022:09:51:40 +0800] "GET /xingrg/dwr/engine.js HTTP/1.1" 200 43631
222.70.177.227 - - [15/Jan/2022:09:51:40 +0800] "POST /xingrg/dwr/call/plaincall/AjaxQqpsService.loadMaterielItems.dwr HTTP/1.1" 200 667
180.152.99.39 - - [15/Jan/2022:09:51:44 +0800] "GET /xingrg/css/base.css HTTP/1.1" 304 -
180.152.99.39 - - [15/Jan/2022:09:51:44 +0800] "GET /xingrg/javascript/easyui/themes/default/easyui.css HTTP/1.1" 304 -
180.152.99.39 - - [15/Jan/2022:09:51:44 +0800] "GET /xingrg/javascript/jquery_tools/table.css HTTP/1.1" 304 -
180.152.99.39 - - [15/Jan/2022:09:51:44 +0800] "GET /xingrg/javascript/auto/jquery.autocomplete.css HTTP/1.1" 304 -
180.152.99.39 - - [15/Jan/2022:09:51:44 +0800] "GET /xingrg/javascript/jquery_tools/datebox.css HTTP/1.1" 304 -
180.152.99.39 - - [15/Jan/2022:09:51:44 +0800] "GET /xingrg/javascript/easyui/themes/icon.css HTTP/1.1" 304 -
180.152.99.39 - - [15/Jan/2022:09:51:44 +0800] "GET /xingrg/javascript/jquery_tools/fix.css HTTP/1.1" 304 -
180.152.99.39 - - [15/Jan/2022:09:51:44 +0800] "GET /xingrg/css/site.css HTTP/1.1" 304 -
180.152.99.39 - - [15/Jan/2022:09:51:44 +0800] "GET /xingrg/javascript/jquery_tools/jquery.tools.min.js HTTP/1.1" 304 -
180.152.99.39 - - [15/Jan/2022:09:51:44 +0800] "GET /xingrg/javascript/jquery.utils.js HTTP/1.1" 304 -
180.152.99.39 - - [15/Jan/2022:09:51:44 +0800] "GET /xingrg/javascript/auto/jquery.autocomplete.js HTTP/1.1" 304 -
180.152.99.39 - - [15/Jan/2022:09:51:44 +0800] "GET /xingrg/javascript/jquery.cookie.js HTTP/1.1" 304 -
180.152.99.39 - - [15/Jan/2022:09:51:44 +0800] "GET /xingrg/javascript/easyui/easyloader.js HTTP/1.1" 304 -
180.152.99.39 - - [15/Jan/2022:09:51:44 +0800] "GET /xingrg/javascript/print/LodopFuncs.js HTTP/1.1" 304 -
180.152.99.39 - - [15/Jan/2022:09:51:44 +0800] "GET /xingrg/javascript/jquery_tools/jquery.tools.extend.js HTTP/1.1" 304 -
180.152.99.39 - - [15/Jan/2022:09:51:44 +0800] "GET /xingrg/javascript/jquery_tools/jquery.tools.table.js HTTP/1.1" 304 -
180.152.99.39 - - [15/Jan/2022:09:51:44 +0800] "GET /xingrg/javascript/jquery_tools/list_manager.js HTTP/1.1" 304 -
180.152.99.39 - - [15/Jan/2022:09:51:44 +0800] "GET /xingrg/javascript/jquery_tools/jquery.tools.hotkey.js HTTP/1.1" 304 -
180.152.99.39 - - [15/Jan/2022:09:51:44 +0800] "GET /xingrg/kc/buy/cgsh_order_list.html HTTP/1.1" 200 49594
180.152.99.39 - - [15/Jan/2022:09:51:44 +0800] "GET /xingrg/javascript/easyui/themes/icons/edit_add_new.png HTTP/1.1" 304 -
180.152.99.39 - - [15/Jan/2022:09:51:44 +0800] "GET /xingrg/javascript/easyui/themes/icons/check_new.png HTTP/1.1" 304 -
180.152.99.39 - - [15/Jan/2022:09:51:44 +0800] "GET /xingrg/javascript/easyui/themes/icons/cance_new.png HTTP/1.1" 304 -
180.152.99.39 - - [15/Jan/2022:09:51:44 +0800] "GET /xingrg/javascript/easyui/themes/icons/field_new.png HTTP/1.1" 304 -
180.152.99.39 - - [15/Jan/2022:09:51:44 +0800] "GET /xingrg/javascript/easyui/themes/icons/import_new.png HTTP/1.1" 304 -
180.152.99.39 - - [15/Jan/2022:09:51:44 +0800] "GET /xingrg/javascript/easyui/plugins/jquery.parser.js HTTP/1.1" 304 -
180.152.99.39 - - [15/Jan/2022:09:51:44 +0800] "GET /xingrg/images/control/ajaxLoader.gif HTTP/1.1" 304 -
180.152.99.39 - - [15/Jan/2022:09:51:47 +0800] "POST /xingrg/kc/buy/cgsh_list_operate.html HTTP/1.1" 200 2088
114.84.144.24 - - [15/Jan/2022:09:51:49 +0800] "GET /xingrg/kc/buy/cgsh_order_operate.html?command=get_materiel&rest_code=00141&code=00101005037&supplier_code=00100040&order_time=2022-01-15 HTTP/1.1" 200 409
180.152.99.39 - - [15/Jan/2022:09:51:51 +0800] "POST /xingrg/kc/buy/cgsh_list_operate.html HTTP/1.1" 200 569
116.237.73.232 - - [15/Jan/2022:09:51:51 +0800] "GET /xingrg/all/function/internal_message.html?_=1642211509198&CODE_STATE=getMsg HTTP/1.1" 200 27
124.79.247.218 - - [15/Jan/2022:09:51:53 +0800] "GET /xingrg/kc/base/wldb_order_operate.html?command=get_materiel&rest_code=00104&base_code=0010033&code=00101017003 HTTP/1.1" 200 448
180.152.99.39 - - [15/Jan/2022:09:51:53 +0800] "GET /xingrg/kc/buy/cgsh_order_info.html?code=212022011507001 HTTP/1.1" 200 65302
180.152.99.39 - - [15/Jan/2022:09:51:53 +0800] "GET /xingrg/javascript/easyui/themes/default/validatebox.css HTTP/1.1" 404 1104
58.39.168.32 - - [15/Jan/2022:09:51:53 +0800] "GET /xingrg/all/function/internal_message.html?_=1642211447596&CODE_STATE=getMsg HTTP/1.1" 200 27
180.152.99.39 - - [15/Jan/2022:09:51:53 +0800] "POST /xingrg/kc/buy/cgsh_order_operate.html HTTP/1.1" 200 39937
222.70.243.96 - - [15/Jan/2022:09:51:55 +0800] "GET /xingrg/all/function/internal_message.html?_=1642211533142&CODE_STATE=getMsg HTTP/1.1" 200 27
114.95.98.1 - - [15/Jan/2022:09:51:57 +0800] "GET /xingrg/all/function/internal_message.html?_=1642211532043&CODE_STATE=getMsg HTTP/1.1" 200 27
114.84.144.24 - - [15/Jan/2022:09:52:00 +0800] "GET /xingrg/kc/buy/cgsh_order_operate.html?command=get_materiel&rest_code=00141&code=00101005036&supplier_code=00100040&order_time=2022-01-15 HTTP/1.1" 200 409
180.152.99.39 - - [15/Jan/2022:09:52:01 +0800] "POST /xingrg/kc/buy/cgsh_order_operate.html HTTP/1.1" 200 37
180.152.99.39 - - [15/Jan/2022:09:52:05 +0800] "POST /xingrg/kc/buy/cgsh_order_operate.html HTTP/1.1" 200 12
180.152.99.39 - - [15/Jan/2022:09:52:06 +0800] "GET /xingrg/kc/buy/cgsh_order_info.html?code=212022011507001 HTTP/1.1" 200 60206
180.152.99.39 - - [15/Jan/2022:09:52:06 +0800] "GET /xingrg/javascript/easyui/themes/default/validatebox.css HTTP/1.1" 404 1104
180.152.99.39 - - [15/Jan/2022:09:52:07 +0800] "POST /xingrg/kc/buy/cgsh_order_operate.html HTTP/1.1" 200 37882
120.253.135.82 - - [15/Jan/2022:09:52:07 +0800] "GET /xingrg/all/function/internal_message.html?_=1642211646130&CODE_STATE=getMsg HTTP/1.1" 200 27
124.79.247.218 - - [15/Jan/2022:09:52:07 +0800] "GET /xingrg/check_reg.html?_=1642211564018 HTTP/1.1" 200 22
124.79.247.218 - - [15/Jan/2022:09:52:08 +0800] "GET /xingrg/all/function/internal_message.html?_=1642211564407&CODE_STATE=getMsg HTTP/1.1" 200 27
124.79.247.218 - - [15/Jan/2022:09:52:09 +0800] "GET /xingrg/all/function/internal_message.html?_=1642211663240&CODE_STATE=getMsg HTTP/1.1" 200 27
114.84.144.24 - - [15/Jan/2022:09:52:10 +0800] "GET /xingrg/all/function/internal_message.html?_=1642211346612&CODE_STATE=getMsg HTTP/1.1" 200 27
180.152.99.39 - - [15/Jan/2022:09:52:17 +0800] "GET /xingrg/kc/print/load_data.html?order_code=212022011507001&kc_code=cgsh&condition= HTTP/1.1" 200 14876
124.79.247.218 - - [15/Jan/2022:09:52:18 +0800] "POST /xingrg/kc/base/wldb_order_operate.html HTTP/1.1" 200 37
58.39.168.32 - - [15/Jan/2022:09:52:18 +0800] "GET /xingrg/all/function/internal_message.html?_=1642211535443&CODE_STATE=getMsg HTTP/1.1" 200 27
124.79.247.218 - - [15/Jan/2022:09:52:18 +0800] "POST /xingrg/kc/base/wldb_order_operate.html HTTP/1.1" 200 2708
114.84.144.24 - - [15/Jan/2022:09:52:20 +0800] "POST /xingrg/kc/buy/cgsh_order_operate.html HTTP/1.1" 200 37
114.84.144.24 - - [15/Jan/2022:09:52:25 +0800] "POST /xingrg/kc/buy/cgsh_order_operate.html HTTP/1.1" 200 12
222.69.132.164 - - [15/Jan/2022:09:52:25 +0800] "GET /xingrg/all/function/internal_message.html?_=1642211588504&CODE_STATE=getMsg HTTP/1.1" 200 27
114.84.144.24 - - [15/Jan/2022:09:52:26 +0800] "GET /xingrg/kc/buy/cgsh_order_info.html?code=212022011507034 HTTP/1.1" 200 60313
114.84.144.24 - - [15/Jan/2022:09:52:26 +0800] "GET /xingrg/javascript/easyui/themes/default/validatebox.css HTTP/1.1" 404 1104
114.84.144.24 - - [15/Jan/2022:09:52:27 +0800] "POST /xingrg/kc/buy/cgsh_order_operate.html HTTP/1.1" 200 1780
114.84.144.24 - - [15/Jan/2022:09:52:28 +0800] "GET /xingrg/kc/print/load_data.html?order_code=212022011507034&kc_code=cgsh&condition= HTTP/1.1" 200 1228
222.70.177.227 - - [15/Jan/2022:09:52:31 +0800] "GET /xingrg/all/function/internal_message.html?_=1642211544270&CODE_STATE=getMsg HTTP/1.1" 200 27
222.70.217.149 - - [15/Jan/2022:09:52:35 +0800] "GET /xingrg/all/function/internal_message.html?_=1642211543720&CODE_STATE=getMsg HTTP/1.1" 200 27
222.70.217.149 - - [15/Jan/2022:09:52:35 +0800] "GET /xingrg/check_reg.html?_=1642211543723 HTTP/1.1" 200 22
114.84.144.24 - - [15/Jan/2022:09:52:35 +0800] "GET /xingrg/kc/buy/cgsh_order_add.html HTTP/1.1" 200 65404
222.69.129.191 - - [15/Jan/2022:09:52:35 +0800] "GET /xingrg/all/function/internal_message.html?_=1642211552004&CODE_STATE=getMsg HTTP/1.1" 200 27
114.84.144.24 - - [15/Jan/2022:09:52:35 +0800] "POST /xingrg/kc/buy/cgsh_order_operate.html HTTP/1.1" 200 8245
114.84.144.24 - - [15/Jan/2022:09:52:35 +0800] "GET /xingrg/javascript/easyui/themes/default/validatebox.css HTTP/1.1" 404 1104
180.152.99.39 - - [15/Jan/2022:09:52:40 +0800] "GET /xingrg/all/function/internal_message.html?_=1642211492969&CODE_STATE=getMsg HTTP/1.1" 200 27
114.84.144.24 - - [15/Jan/2022:09:52:45 +0800] "GET /xingrg/check_reg.html?_=1642211381695 HTTP/1.1" 200 22
114.84.144.24 - - [15/Jan/2022:09:52:47 +0800] "GET /xingrg/kc/buy/cgsh_order_operate.html?command=get_materiel&rest_code=00141&code=00101016053&supplier_code=00100036&order_time=2022-01-15 HTTP/1.1" 200 408
124.79.247.218 - - [15/Jan/2022:09:52:49 +0800] "GET /xingrg/kc/base/wldb_order_info.html?code=422022011501929 HTTP/1.1" 200 30296
124.79.247.218 - - [15/Jan/2022:09:52:50 +0800] "GET /xingrg/javascript/easyui/themes/default/validatebox.css HTTP/1.1" 404 1104
124.79.247.218 - - [15/Jan/2022:09:52:50 +0800] "POST /xingrg/kc/base/wldb_order_operate.html HTTP/1.1" 200 2708
116.237.73.232 - - [15/Jan/2022:09:52:51 +0800] "GET /xingrg/all/function/internal_message.html?_=1642211569199&CODE_STATE=getMsg HTTP/1.1" 200 27
58.39.168.32 - - [15/Jan/2022:09:52:53 +0800] "GET /xingrg/check_reg.html?_=1642211507596 HTTP/1.1" 200 22
58.39.168.32 - - [15/Jan/2022:09:52:53 +0800] "GET /xingrg/all/function/internal_message.html?_=1642211507600&CODE_STATE=getMsg HTTP/1.1" 200 27
180.152.99.39 - - [15/Jan/2022:09:52:54 +0800] "POST /xingrg/kc/buy/cgsh_list_operate.html HTTP/1.1" 200 570
222.70.243.96 - - [15/Jan/2022:09:52:55 +0800] "GET /xingrg/all/function/internal_message.html?_=1642211593157&CODE_STATE=getMsg HTTP/1.1" 200 27
180.152.99.39 - - [15/Jan/2022:09:52:55 +0800] "GET /xingrg/kc/buy/cgsh_order_info.html?code=212022011507014 HTTP/1.1" 200 65302
180.152.99.39 - - [15/Jan/2022:09:52:55 +0800] "GET /xingrg/javascript/easyui/themes/default/validatebox.css HTTP/1.1" 404 1104
180.152.99.39 - - [15/Jan/2022:09:52:56 +0800] "POST /xingrg/kc/buy/cgsh_order_operate.html HTTP/1.1" 200 9179
114.95.98.1 - - [15/Jan/2022:09:52:57 +0800] "GET /xingrg/all/function/internal_message.html?_=1642211592057&CODE_STATE=getMsg HTTP/1.1" 200 27
114.84.144.24 - - [15/Jan/2022:09:52:59 +0800] "GET /xingrg/kc/buy/cgsh_order_operate.html?command=get_materiel&rest_code=00141&code=00101011005&supplier_code=00100036&order_time=2022-01-15 HTTP/1.1" 200 428
180.152.99.39 - - [15/Jan/2022:09:53:01 +0800] "POST /xingrg/kc/buy/cgsh_order_operate.html HTTP/1.1" 200 37
180.152.99.39 - - [15/Jan/2022:09:53:04 +0800] "POST /xingrg/kc/buy/cgsh_order_operate.html HTTP/1.1" 200 12
180.152.99.39 - - [15/Jan/2022:09:53:06 +0800] "GET /xingrg/kc/buy/cgsh_order_info.html?code=212022011507014 HTTP/1.1" 200 60206
180.152.99.39 - - [15/Jan/2022:09:53:06 +0800] "GET /xingrg/javascript/easyui/themes/default/validatebox.css HTTP/1.1" 404 1104
180.152.99.39 - - [15/Jan/2022:09:53:07 +0800] "POST /xingrg/kc/buy/cgsh_order_operate.html HTTP/1.1" 200 7104
120.253.135.82 - - [15/Jan/2022:09:53:07 +0800] "GET /xingrg/all/function/internal_message.html?_=1642211706245&CODE_STATE=getMsg HTTP/1.1" 200 27
124.79.247.218 - - [15/Jan/2022:09:53:08 +0800] "GET /xingrg/all/function/internal_message.html?_=1642211624421&CODE_STATE=getMsg HTTP/1.1" 200 27
124.79.247.218 - - [15/Jan/2022:09:53:09 +0800] "GET /xingrg/all/function/internal_message.html?_=1642211723244&CODE_STATE=getMsg HTTP/1.1" 200 27
180.152.99.39 - - [15/Jan/2022:09:53:09 +0800] "GET /xingrg/kc/print/load_data.html?order_code=212022011507014&kc_code=cgsh&condition= HTTP/1.1" 200 3191
114.84.144.24 - - [15/Jan/2022:09:53:10 +0800] "GET /xingrg/all/function/internal_message.html?_=1642211406597&CODE_STATE=getMsg HTTP/1.1" 200 27
124.79.247.218 - - [15/Jan/2022:09:53:13 +0800] "POST /xingrg/kc/base/wldb_order_operate.html HTTP/1.1" 200 37
124.79.247.218 - - [15/Jan/2022:09:53:14 +0800] "POST /xingrg/kc/base/wldb_order_operate.html HTTP/1.1" 200 2708
124.79.247.218 - - [15/Jan/2022:09:53:14 +0800] "GET /xingrg/kc/base/wldb_order_info.html?code=422022011501929 HTTP/1.1" 200 30296
114.84.144.24 - - [15/Jan/2022:09:53:14 +0800] "GET /xingrg/kc/buy/cgsh_order_operate.html?command=get_materiel&rest_code=00141&code=00101016025&supplier_code=00100036&order_time=2022-01-15 HTTP/1.1" 200 408
124.79.247.218 - - [15/Jan/2022:09:53:14 +0800] "GET /xingrg/javascript/easyui/themes/default/validatebox.css HTTP/1.1" 404 1104
124.79.247.218 - - [15/Jan/2022:09:53:15 +0800] "POST /xingrg/kc/base/wldb_order_operate.html HTTP/1.1" 200 2708
180.152.99.39 - - [15/Jan/2022:09:53:17 +0800] "GET /xingrg/kc/base/wldb_order_list.html HTTP/1.1" 200 19066
180.152.99.39 - - [15/Jan/2022:09:53:17 +0800] "POST /xingrg/kc/base/wldb_list_operate.html HTTP/1.1" 200 928
180.152.99.39 - - [15/Jan/2022:09:53:17 +0800] "POST /xingrg/kc/buy/cgsh_list_operate.html HTTP/1.1" 200 876
58.39.168.32 - - [15/Jan/2022:09:53:18 +0800] "GET /xingrg/all/function/internal_message.html?_=1642211595425&CODE_STATE=getMsg HTTP/1.1" 200 27
120.253.135.82 - - [15/Jan/2022:09:53:19 +0800] "GET /xingrg/check_reg.html?_=1642211718047 HTTP/1.1" 200 22
222.69.132.164 - - [15/Jan/2022:09:53:25 +0800] "GET /xingrg/all/function/internal_message.html?_=1642211648507&CODE_STATE=getMsg HTTP/1.1" 200 27
