58.39.168.32 - - [15/Jan/2022:08:57:54 +0800] "GET /xingrg/kc/buy/cgsh_order_operate.html?command=get_materiel&rest_code=00105&code=00101008038&supplier_code=00100203&order_time=2022-01-15 HTTP/1.1" 200 412
222.70.243.96 - - [15/Jan/2022:08:57:54 +0800] "GET /xingrg/all/function/internal_message.html?_=1642208292222&CODE_STATE=getMsg HTTP/1.1" 200 27
222.70.177.227 - - [15/Jan/2022:08:57:56 +0800] "GET /xingrg/all/function/internal_message.html?_=1642208269758&CODE_STATE=getMsg HTTP/1.1" 200 27
222.69.129.191 - - [15/Jan/2022:08:57:57 +0800] "POST /xingrg/kc/buy/cgsh_order_operate.html HTTP/1.1" 200 2065
58.39.168.32 - - [15/Jan/2022:08:58:01 +0800] "GET /xingrg/kc/buy/cgsh_order_operate.html?command=get_materiel&rest_code=00105&code=00101008088&supplier_code=00100203&order_time=2022-01-15 HTTP/1.1" 200 408
120.253.135.82 - - [15/Jan/2022:08:58:04 +0800] "GET /xingrg/all/function/internal_message.html?_=1642208403407&CODE_STATE=getMsg HTTP/1.1" 200 27
222.69.129.191 - - [15/Jan/2022:08:58:06 +0800] "GET /xingrg/kc/buy/cgsh_order_operate.html?command=get_materiel&rest_code=00149&code=00101008041&supplier_code=00100005&order_time=2022-01-15 HTTP/1.1" 200 408
58.39.168.32 - - [15/Jan/2022:08:58:10 +0800] "GET /xingrg/kc/buy/cgsh_order_operate.html?command=get_materiel&rest_code=00105&code=00101008224&supplier_code=00100203&order_time=2022-01-15 HTTP/1.1" 200 416
222.69.129.191 - - [15/Jan/2022:08:58:10 +0800] "GET /xingrg/all/function/internal_message.html?_=1642208286536&CODE_STATE=getMsg HTTP/1.1" 200 27
114.84.144.24 - - [15/Jan/2022:08:58:11 +0800] "GET /xingrg/all/function/internal_message.html?_=1642208107887&CODE_STATE=getMsg HTTP/1.1" 200 27
180.152.99.39 - - [15/Jan/2022:08:58:13 +0800] "GET /xingrg/all/function/internal_message.html?_=1642208226150&CODE_STATE=getMsg HTTP/1.1" 200 27
222.70.177.227 - - [15/Jan/2022:08:58:13 +0800] "GET /xingrg/kc/buy/cgsh_order_operate.html?command=get_materiel&rest_code=00111&code=00101008027&supplier_code=00100005&order_time=2022-01-15 HTTP/1.1" 200 408
58.39.168.32 - - [15/Jan/2022:08:58:19 +0800] "GET /xingrg/kc/buy/cgsh_order_operate.html?command=get_materiel&rest_code=00105&code=00101008003&supplier_code=00100203&order_time=2022-01-15 HTTP/1.1" 200 408
120.253.135.82 - - [15/Jan/2022:08:58:19 +0800] "GET /xingrg/check_reg.html?_=1642208417802 HTTP/1.1" 200 22
222.69.129.191 - - [15/Jan/2022:08:58:20 +0800] "GET /xingrg/kc/buy/cgsh_order_operate.html?command=get_materiel&rest_code=00149&code=00101008275&supplier_code=00100005&order_time=2022-01-15 HTTP/1.1" 200 417
222.70.177.227 - - [15/Jan/2022:08:58:24 +0800] "GET /xingrg/kc/buy/cgsh_order_operate.html?command=get_materiel&rest_code=00111&code=00101008257&supplier_code=00100005&order_time=2022-01-15 HTTP/1.1" 200 416
58.39.168.32 - - [15/Jan/2022:08:58:26 +0800] "GET /xingrg/kc/buy/cgsh_order_operate.html?command=get_materiel&rest_code=00105&code=00101008361&supplier_code=00100203&order_time=2022-01-15 HTTP/1.1" 200 408
58.39.168.32 - - [15/Jan/2022:08:58:33 +0800] "GET /xingrg/all/function/internal_message.html?_=1642208310127&CODE_STATE=getMsg HTTP/1.1" 200 27
222.69.129.191 - - [15/Jan/2022:08:58:33 +0800] "GET /xingrg/kc/buy/cgsh_order_operate.html?command=get_materiel&rest_code=00149&code=00101008305&supplier_code=00100005&order_time=2022-01-15 HTTP/1.1" 200 412
58.39.168.32 - - [15/Jan/2022:08:58:34 +0800] "GET /xingrg/kc/buy/cgsh_order_operate.html?command=get_materiel&rest_code=00105&code=00101008355&supplier_code=00100203&order_time=2022-01-15 HTTP/1.1" 200 408
222.70.217.149 - - [15/Jan/2022:08:58:35 +0800] "GET /xingrg/all/function/internal_message.html?_=1642208303873&CODE_STATE=getMsg HTTP/1.1" 200 27
222.70.177.227 - - [15/Jan/2022:08:58:42 +0800] "GET /xingrg/kc/buy/cgsh_order_operate.html?command=get_materiel&rest_code=00111&code=00101008244&supplier_code=00100005&order_time=2022-01-15 HTTP/1.1" 200 408
58.39.168.32 - - [15/Jan/2022:08:58:42 +0800] "GET /xingrg/kc/buy/cgsh_order_operate.html?command=get_materiel&rest_code=00105&code=00101008356&supplier_code=00100203&order_time=2022-01-15 HTTP/1.1" 200 408
222.69.129.191 - - [15/Jan/2022:08:58:45 +0800] "GET /xingrg/kc/buy/cgsh_order_operate.html?command=get_materiel&rest_code=00149&code=00101015006&supplier_code=00100005&order_time=2022-01-15 HTTP/1.1" 200 413
58.39.168.32 - - [15/Jan/2022:08:58:48 +0800] "GET /xingrg/kc/buy/cgsh_order_operate.html?command=get_materiel&rest_code=00105&code=00101008212&supplier_code=00100203&order_time=2022-01-15 HTTP/1.1" 200 412
222.70.177.227 - - [15/Jan/2022:08:58:51 +0800] "GET /xingrg/kc/buy/cgsh_order_operate.html?command=get_materiel&rest_code=00111&code=00101008219&supplier_code=00100005&order_time=2022-01-15 HTTP/1.1" 200 412
58.39.168.32 - - [15/Jan/2022:08:58:52 +0800] "POST /xingrg/kc/buy/cgsh_order_operate.html HTTP/1.1" 200 2065
114.95.98.1 - - [15/Jan/2022:08:58:53 +0800] "GET /xingrg/all/function/internal_message.html?_=1642208347971&CODE_STATE=getMsg HTTP/1.1" 200 27
58.39.168.32 - - [15/Jan/2022:08:58:54 +0800] "POST /xingrg/kc/buy/cgsh_order_operate.html HTTP/1.1" 200 2065
222.70.243.96 - - [15/Jan/2022:08:58:54 +0800] "GET /xingrg/all/function/internal_message.html?_=1642208352247&CODE_STATE=getMsg HTTP/1.1" 200 27
222.70.177.227 - - [15/Jan/2022:08:58:56 +0800] "GET /xingrg/all/function/internal_message.html?_=1642208329756&CODE_STATE=getMsg HTTP/1.1" 200 27
222.70.243.96 - - [15/Jan/2022:08:58:57 +0800] "GET /favicon.ico HTTP/1.1" 404 -
222.70.177.227 - - [15/Jan/2022:08:58:59 +0800] "GET /xingrg/kc/buy/cgsh_order_operate.html?command=get_materiel&rest_code=00111&code=00101008354&supplier_code=00100005&order_time=2022-01-15 HTTP/1.1" 200 412
222.70.243.96 - - [15/Jan/2022:08:59:02 +0800] "POST /xingrg/services/DataTransmitService HTTP/1.1" 200 524
222.70.243.96 - - [15/Jan/2022:08:59:03 +0800] "POST /xingrg/services/DataTransmitService HTTP/1.1" 200 412
222.69.129.191 - - [15/Jan/2022:08:59:03 +0800] "GET /xingrg/kc/buy/cgsh_order_operate.html?command=get_materiel&rest_code=00149&code=00101008114&supplier_code=00100005&order_time=2022-01-15 HTTP/1.1" 200 412
120.253.135.82 - - [15/Jan/2022:08:59:04 +0800] "GET /xingrg/all/function/internal_message.html?_=1642208463413&CODE_STATE=getMsg HTTP/1.1" 200 27
58.39.168.32 - - [15/Jan/2022:08:59:05 +0800] "GET /xingrg/kc/buy/cgsh_order_operate.html?command=get_materiel&rest_code=00105&code=00101008063&supplier_code=00100203&order_time=2022-01-15 HTTP/1.1" 200 412
222.70.243.96 - - [15/Jan/2022:08:59:07 +0800] "GET /xingrg/check_reg.html?_=1642208365280 HTTP/1.1" 200 22
222.69.129.191 - - [15/Jan/2022:08:59:10 +0800] "GET /xingrg/all/function/internal_message.html?_=1642208346550&CODE_STATE=getMsg HTTP/1.1" 200 27
222.69.129.191 - - [15/Jan/2022:08:59:10 +0800] "GET /xingrg/check_reg.html?_=1642208346555 HTTP/1.1" 200 22
114.84.144.24 - - [15/Jan/2022:08:59:11 +0800] "GET /xingrg/all/function/internal_message.html?_=1642208167860&CODE_STATE=getMsg HTTP/1.1" 200 27
180.152.99.39 - - [15/Jan/2022:08:59:13 +0800] "GET /xingrg/all/function/internal_message.html?_=1642208286165&CODE_STATE=getMsg HTTP/1.1" 200 27
58.39.168.32 - - [15/Jan/2022:08:59:15 +0800] "GET /xingrg/kc/buy/cgsh_order_operate.html?command=get_materiel&rest_code=00105&code=00101008251&supplier_code=00100203&order_time=2022-01-15 HTTP/1.1" 200 408
222.70.177.227 - - [15/Jan/2022:08:59:17 +0800] "GET /xingrg/kc/buy/cgsh_order_operate.html?command=get_materiel&rest_code=00111&code=00101008001&supplier_code=00100005&order_time=2022-01-15 HTTP/1.1" 200 413
222.69.129.191 - - [15/Jan/2022:08:59:19 +0800] "POST /xingrg/kc/buy/cgsh_order_operate.html HTTP/1.1" 200 2065
222.69.129.191 - - [15/Jan/2022:08:59:25 +0800] "GET /xingrg/kc/buy/cgsh_order_operate.html?command=get_materiel&rest_code=00149&code=00101008242&supplier_code=00100005&order_time=2022-01-15 HTTP/1.1" 200 408
222.70.177.227 - - [15/Jan/2022:08:59:30 +0800] "POST /xingrg/kc/buy/cgsh_order_operate.html HTTP/1.1" 200 2065
58.39.168.32 - - [15/Jan/2022:08:59:30 +0800] "GET /xingrg/kc/buy/cgsh_order_operate.html?command=get_materiel&rest_code=00105&code=00101008118&supplier_code=00100203&order_time=2022-01-15 HTTP/1.1" 200 418
58.39.168.32 - - [15/Jan/2022:08:59:33 +0800] "GET /xingrg/all/function/internal_message.html?_=1642208370239&CODE_STATE=getMsg HTTP/1.1" 200 27
222.70.217.149 - - [15/Jan/2022:08:59:35 +0800] "GET /xingrg/all/function/internal_message.html?_=1642208363861&CODE_STATE=getMsg HTTP/1.1" 200 27
58.39.168.32 - - [15/Jan/2022:08:59:36 +0800] "GET /xingrg/kc/buy/cgsh_order_operate.html?command=get_materiel&rest_code=00105&code=00101008137&supplier_code=00100203&order_time=2022-01-15 HTTP/1.1" 200 408
222.69.129.191 - - [15/Jan/2022:08:59:37 +0800] "GET /xingrg/kc/buy/cgsh_order_operate.html?command=get_materiel&rest_code=00149&code=00101008283&supplier_code=00100005&order_time=2022-01-15 HTTP/1.1" 200 408
222.70.177.227 - - [15/Jan/2022:08:59:39 +0800] "GET /xingrg/kc/buy/cgsh_order_operate.html?command=get_materiel&rest_code=00111&code=00101008067&supplier_code=00100005&order_time=2022-01-15 HTTP/1.1" 200 416
58.39.168.32 - - [15/Jan/2022:08:59:46 +0800] "GET /xingrg/kc/buy/cgsh_order_operate.html?command=get_materiel&rest_code=00105&code=00101008357&supplier_code=00100203&order_time=2022-01-15 HTTP/1.1" 200 408
222.70.177.227 - - [15/Jan/2022:08:59:49 +0800] "GET /xingrg/kc/buy/cgsh_order_operate.html?command=get_materiel&rest_code=00111&code=00101008356&supplier_code=00100005&order_time=2022-01-15 HTTP/1.1" 200 408
114.95.98.1 - - [15/Jan/2022:08:59:53 +0800] "GET /xingrg/all/function/internal_message.html?_=1642208407989&CODE_STATE=getMsg HTTP/1.1" 200 27
222.70.243.96 - - [15/Jan/2022:08:59:54 +0800] "GET /xingrg/all/function/internal_message.html?_=1642208412250&CODE_STATE=getMsg HTTP/1.1" 200 27
222.70.177.227 - - [15/Jan/2022:08:59:56 +0800] "GET /xingrg/check_reg.html?_=1642208389744 HTTP/1.1" 200 22
222.70.177.227 - - [15/Jan/2022:08:59:56 +0800] "GET /xingrg/all/function/internal_message.html?_=1642208389747&CODE_STATE=getMsg HTTP/1.1" 200 27
222.70.177.227 - - [15/Jan/2022:08:59:57 +0800] "GET /xingrg/kc/buy/cgsh_order_operate.html?command=get_materiel&rest_code=00111&code=00101008251&supplier_code=00100005&order_time=2022-01-15 HTTP/1.1" 200 408
114.95.98.1 - - [15/Jan/2022:09:00:02 +0800] "GET /favicon.ico HTTP/1.1" 404 -
114.95.98.1 - - [15/Jan/2022:09:00:03 +0800] "GET /favicon.ico HTTP/1.1" 404 -
114.95.98.1 - - [15/Jan/2022:09:00:03 +0800] "GET /favicon.ico HTTP/1.1" 404 -
120.253.135.82 - - [15/Jan/2022:09:00:04 +0800] "GET /xingrg/all/function/internal_message.html?_=1642208523427&CODE_STATE=getMsg HTTP/1.1" 200 27
222.69.129.191 - - [15/Jan/2022:09:00:05 +0800] "GET /xingrg/kc/buy/cgsh_order_operate.html?command=get_materiel&rest_code=00149&code=00101008125&supplier_code=00100005&order_time=2022-01-15 HTTP/1.1" 200 413
222.70.177.227 - - [15/Jan/2022:09:00:07 +0800] "GET /xingrg/kc/buy/cgsh_order_operate.html?command=get_materiel&rest_code=00111&code=00101008196&supplier_code=00100005&order_time=2022-01-15 HTTP/1.1" 200 416
58.39.168.32 - - [15/Jan/2022:09:00:08 +0800] "GET /xingrg/kc/buy/cgsh_order_operate.html?command=get_materiel&rest_code=00105&code=00101008108&supplier_code=00100203&order_time=2022-01-15 HTTP/1.1" 200 412
222.69.129.191 - - [15/Jan/2022:09:00:10 +0800] "GET /xingrg/all/function/internal_message.html?_=1642208406539&CODE_STATE=getMsg HTTP/1.1" 200 27
114.84.144.24 - - [15/Jan/2022:09:00:11 +0800] "GET /xingrg/all/function/internal_message.html?_=1642208227837&CODE_STATE=getMsg HTTP/1.1" 200 27
180.152.99.39 - - [15/Jan/2022:09:00:12 +0800] "GET /xingrg/check_reg.html?_=1642208345168 HTTP/1.1" 200 22
180.152.99.39 - - [15/Jan/2022:09:00:13 +0800] "GET /xingrg/all/function/internal_message.html?_=1642208346179&CODE_STATE=getMsg HTTP/1.1" 200 27
222.70.177.227 - - [15/Jan/2022:09:00:15 +0800] "GET /xingrg/kc/buy/cgsh_order_operate.html?command=get_materiel&rest_code=00111&code=00101008357&supplier_code=00100005&order_time=2022-01-15 HTTP/1.1" 200 408
222.70.177.227 - - [15/Jan/2022:09:00:20 +0800] "POST /xingrg/kc/buy/cgsh_order_operate.html HTTP/1.1" 200 2065
58.39.168.32 - - [15/Jan/2022:09:00:21 +0800] "GET /xingrg/kc/buy/cgsh_order_operate.html?command=get_materiel&rest_code=00105&code=00101008213&supplier_code=00100203&order_time=2022-01-15 HTTP/1.1" 200 412
222.70.177.227 - - [15/Jan/2022:09:00:27 +0800] "GET /xingrg/kc/buy/cgsh_order_operate.html?command=get_materiel&rest_code=00111&code=00101008286&supplier_code=00100005&order_time=2022-01-15 HTTP/1.1" 200 408
222.70.217.149 - - [15/Jan/2022:09:00:27 +0800] "POST /xingrg/services/DataTransmitService HTTP/1.1" 200 524
222.69.129.191 - - [15/Jan/2022:09:00:30 +0800] "GET /xingrg/kc/buy/cgsh_order_operate.html?command=get_materiel&rest_code=00149&code=00101008306&supplier_code=00100005&order_time=2022-01-15 HTTP/1.1" 200 412
58.39.168.32 - - [15/Jan/2022:09:00:30 +0800] "GET /xingrg/kc/buy/cgsh_order_operate.html?command=get_materiel&rest_code=00105&code=00101008305&supplier_code=00100203&order_time=2022-01-15 HTTP/1.1" 200 412
58.39.168.32 - - [15/Jan/2022:09:00:33 +0800] "GET /xingrg/check_reg.html?_=1642208430260 HTTP/1.1" 200 22
58.39.168.32 - - [15/Jan/2022:09:00:33 +0800] "GET /xingrg/all/function/internal_message.html?_=1642208430260&CODE_STATE=getMsg HTTP/1.1" 200 27
222.70.217.149 - - [15/Jan/2022:09:00:35 +0800] "GET /xingrg/all/function/internal_message.html?_=1642208423834&CODE_STATE=getMsg HTTP/1.1" 200 27
58.39.168.32 - - [15/Jan/2022:09:00:38 +0800] "GET /xingrg/kc/buy/cgsh_order_operate.html?command=get_materiel&rest_code=00105&code=00101008297&supplier_code=00100203&order_time=2022-01-15 HTTP/1.1" 200 412
222.69.129.191 - - [15/Jan/2022:09:00:41 +0800] "GET /xingrg/kc/buy/cgsh_order_operate.html?command=get_materiel&rest_code=00149&code=00101008010&supplier_code=00100005&order_time=2022-01-15 HTTP/1.1" 200 412
58.39.168.32 - - [15/Jan/2022:09:00:41 +0800] "POST /xingrg/kc/buy/cgsh_order_operate.html HTTP/1.1" 200 2065
222.70.177.227 - - [15/Jan/2022:09:00:41 +0800] "GET /xingrg/kc/buy/cgsh_order_operate.html?command=get_materiel&rest_code=00111&code=00101008131&supplier_code=00100005&order_time=2022-01-15 HTTP/1.1" 200 408
58.39.168.32 - - [15/Jan/2022:09:00:42 +0800] "POST /xingrg/kc/buy/cgsh_order_operate.html HTTP/1.1" 200 2065
222.69.129.191 - - [15/Jan/2022:09:00:43 +0800] "POST /xingrg/kc/buy/cgsh_order_operate.html HTTP/1.1" 200 2065
58.39.168.32 - - [15/Jan/2022:09:00:45 +0800] "POST /xingrg/kc/buy/cgsh_order_operate.html HTTP/1.1" 200 2065
222.70.177.227 - - [15/Jan/2022:09:00:49 +0800] "GET /xingrg/kc/buy/cgsh_order_operate.html?command=get_materiel&rest_code=00111&code=00101008296&supplier_code=00100005&order_time=2022-01-15 HTTP/1.1" 200 416
58.39.168.32 - - [15/Jan/2022:09:00:52 +0800] "GET /xingrg/kc/buy/cgsh_order_operate.html?command=get_materiel&rest_code=00105&code=00101008488&supplier_code=00100203&order_time=2022-01-15 HTTP/1.1" 200 406
222.70.243.96 - - [15/Jan/2022:09:00:54 +0800] "GET /xingrg/all/function/internal_message.html?_=1642208472263&CODE_STATE=getMsg HTTP/1.1" 200 27
222.69.129.191 - - [15/Jan/2022:09:00:54 +0800] "GET /xingrg/kc/buy/cgsh_order_operate.html?command=get_materiel&rest_code=00149&code=00101008403&supplier_code=00100005&order_time=2022-01-15 HTTP/1.1" 200 412
222.70.177.227 - - [15/Jan/2022:09:00:56 +0800] "GET /xingrg/kc/buy/cgsh_order_operate.html?command=get_materiel&rest_code=00111&code=00101008353&supplier_code=00100005&order_time=2022-01-15 HTTP/1.1" 200 408
222.70.177.227 - - [15/Jan/2022:09:00:56 +0800] "GET /xingrg/all/function/internal_message.html?_=1642208449769&CODE_STATE=getMsg HTTP/1.1" 200 27
58.39.168.32 - - [15/Jan/2022:09:00:59 +0800] "GET /xingrg/kc/buy/cgsh_order_operate.html?command=get_materiel&rest_code=00105&code=00101008103&supplier_code=00100203&order_time=2022-01-15 HTTP/1.1" 200 417
120.253.135.82 - - [15/Jan/2022:09:01:04 +0800] "GET /xingrg/all/function/internal_message.html?_=1642208583539&CODE_STATE=getMsg HTTP/1.1" 200 27
222.70.177.227 - - [15/Jan/2022:09:01:05 +0800] "GET /xingrg/kc/buy/cgsh_order_operate.html?command=get_materiel&rest_code=00111&code=00101008213&supplier_code=00100005&order_time=2022-01-15 HTTP/1.1" 200 412
222.70.177.227 - - [15/Jan/2022:09:01:07 +0800] "POST /xingrg/kc/buy/cgsh_order_operate.html HTTP/1.1" 200 2065
222.69.129.191 - - [15/Jan/2022:09:01:09 +0800] "GET /xingrg/kc/buy/cgsh_order_operate.html?command=get_materiel&rest_code=00149&code=00101010237&supplier_code=00100005&order_time=2022-01-15 HTTP/1.1" 200 412
222.69.129.191 - - [15/Jan/2022:09:01:10 +0800] "GET /xingrg/all/function/internal_message.html?_=1642208466549&CODE_STATE=getMsg HTTP/1.1" 200 27
114.84.144.24 - - [15/Jan/2022:09:01:11 +0800] "GET /xingrg/all/function/internal_message.html?_=1642208287814&CODE_STATE=getMsg HTTP/1.1" 200 27
180.152.99.39 - - [15/Jan/2022:09:01:13 +0800] "GET /xingrg/all/function/internal_message.html?_=1642208406192&CODE_STATE=getMsg HTTP/1.1" 200 27
58.39.168.32 - - [15/Jan/2022:09:01:17 +0800] "GET /xingrg/kc/buy/cgsh_order_operate.html?command=get_materiel&rest_code=00105&code=00101008036&supplier_code=00100203&order_time=2022-01-15 HTTP/1.1" 200 408
222.70.177.227 - - [15/Jan/2022:09:01:18 +0800] "GET /xingrg/kc/buy/cgsh_order_operate.html?command=get_materiel&rest_code=00111&code=00101008304&supplier_code=00100005&order_time=2022-01-15 HTTP/1.1" 200 412
114.95.98.1 - - [15/Jan/2022:09:01:27 +0800] "POST /xingrg/services/DataTransmitService HTTP/1.1" 200 524
222.70.177.227 - - [15/Jan/2022:09:01:31 +0800] "GET /xingrg/kc/buy/cgsh_order_operate.html?command=get_materiel&rest_code=00111&code=00101016081&supplier_code=00100005&order_time=2022-01-15 HTTP/1.1" 200 468
58.39.168.32 - - [15/Jan/2022:09:01:33 +0800] "GET /xingrg/all/function/internal_message.html?_=1642208490270&CODE_STATE=getMsg HTTP/1.1" 200 27
222.70.217.149 - - [15/Jan/2022:09:01:35 +0800] "GET /xingrg/all/function/internal_message.html?_=1642208483822&CODE_STATE=getMsg HTTP/1.1" 200 27
222.70.177.227 - - [15/Jan/2022:09:01:40 +0800] "GET /xingrg/kc/buy/cgsh_order_operate.html?command=get_materiel&rest_code=00111&code=00101008125&supplier_code=00100005&order_time=2022-01-15 HTTP/1.1" 200 413
222.69.129.191 - - [15/Jan/2022:09:01:44 +0800] "GET /xingrg/kc/buy/cgsh_order_operate.html?command=get_materiel&rest_code=00149&code=00101019224&supplier_code=00100005&order_time=2022-01-15 HTTP/1.1" 200 408
222.70.243.96 - - [15/Jan/2022:09:01:54 +0800] "GET /xingrg/all/function/internal_message.html?_=1642208532288&CODE_STATE=getMsg HTTP/1.1" 200 27
222.69.129.191 - - [15/Jan/2022:09:01:56 +0800] "POST /xingrg/kc/buy/cgsh_order_operate.html HTTP/1.1" 200 37
222.70.177.227 - - [15/Jan/2022:09:01:56 +0800] "GET /xingrg/all/function/internal_message.html?_=1642208509794&CODE_STATE=getMsg HTTP/1.1" 200 27
222.69.129.191 - - [15/Jan/2022:09:02:03 +0800] "POST /xingrg/kc/buy/cgsh_order_operate.html HTTP/1.1" 200 47603
120.253.135.82 - - [15/Jan/2022:09:02:05 +0800] "GET /xingrg/all/function/internal_message.html?_=1642208643654&CODE_STATE=getMsg HTTP/1.1" 200 27
222.70.177.227 - - [15/Jan/2022:09:02:07 +0800] "GET /xingrg/kc/buy/cgsh_order_operate.html?command=get_materiel&rest_code=00111&code=00101008264&supplier_code=00100005&order_time=2022-01-15 HTTP/1.1" 200 412
222.69.129.191 - - [15/Jan/2022:09:02:10 +0800] "GET /xingrg/all/function/internal_message.html?_=1642208526560&CODE_STATE=getMsg HTTP/1.1" 200 27
222.70.177.227 - - [15/Jan/2022:09:02:11 +0800] "POST /xingrg/kc/buy/cgsh_order_operate.html HTTP/1.1" 200 2065
114.84.144.24 - - [15/Jan/2022:09:02:11 +0800] "GET /xingrg/all/function/internal_message.html?_=1642208347794&CODE_STATE=getMsg HTTP/1.1" 200 27
180.152.99.39 - - [15/Jan/2022:09:02:13 +0800] "GET /xingrg/all/function/internal_message.html?_=1642208466207&CODE_STATE=getMsg HTTP/1.1" 200 27
222.70.177.227 - - [15/Jan/2022:09:02:17 +0800] "GET /xingrg/kc/buy/cgsh_order_operate.html?command=get_materiel&rest_code=00111&code=00101008024&supplier_code=00100005&order_time=2022-01-15 HTTP/1.1" 200 408
222.70.177.227 - - [15/Jan/2022:09:02:26 +0800] "GET /xingrg/kc/buy/cgsh_order_operate.html?command=get_materiel&rest_code=00111&code=00101008360&supplier_code=00100005&order_time=2022-01-15 HTTP/1.1" 200 413
58.39.168.32 - - [15/Jan/2022:09:02:33 +0800] "GET /xingrg/all/function/internal_message.html?_=1642208550251&CODE_STATE=getMsg HTTP/1.1" 200 27
222.70.217.149 - - [15/Jan/2022:09:02:35 +0800] "GET /xingrg/check_reg.html?_=1642208543716 HTTP/1.1" 200 22
222.70.217.149 - - [15/Jan/2022:09:02:35 +0800] "GET /xingrg/all/function/internal_message.html?_=1642208543806&CODE_STATE=getMsg HTTP/1.1" 200 27
120.253.135.82 - - [15/Jan/2022:09:02:39 +0800] "GET /xingrg/kc/pszx/mdqp_order_list.html?state=10 HTTP/1.1" 200 11082
120.253.135.82 - - [15/Jan/2022:09:02:39 +0800] "GET /xingrg/dwr/interface/AjaxReportQueryService.js HTTP/1.1" 200 13203
120.253.135.82 - - [15/Jan/2022:09:02:39 +0800] "GET /xingrg/dwr/interface/AjaxQqpsService.js HTTP/1.1" 200 16326
120.253.135.82 - - [15/Jan/2022:09:02:39 +0800] "GET /xingrg/dwr/engine.js HTTP/1.1" 200 43631
114.84.144.24 - - [15/Jan/2022:09:02:45 +0800] "GET /xingrg/check_reg.html?_=1642208381596 HTTP/1.1" 200 22
120.253.135.82 - - [15/Jan/2022:09:02:45 +0800] "GET /xingrg/kc/pszx/mdps_order_list.html?orderType=0 HTTP/1.1" 200 20925
120.253.135.82 - - [15/Jan/2022:09:02:45 +0800] "POST /xingrg/kc/pszx/mdps_list_operate.html HTTP/1.1" 200 5336
222.70.177.227 - - [15/Jan/2022:09:02:46 +0800] "GET /xingrg/kc/buy/cgsh_order_operate.html?command=get_materiel&rest_code=00111&code=00101008650&supplier_code=00100005&order_time=2022-01-15 HTTP/1.1" 200 399
222.70.243.96 - - [15/Jan/2022:09:02:54 +0800] "GET /xingrg/all/function/internal_message.html?_=1642208592305&CODE_STATE=getMsg HTTP/1.1" 200 27
222.70.177.227 - - [15/Jan/2022:09:02:56 +0800] "GET /xingrg/all/function/internal_message.html?_=1642208569768&CODE_STATE=getMsg HTTP/1.1" 200 27
222.70.177.227 - - [15/Jan/2022:09:02:59 +0800] "POST /xingrg/kc/buy/cgsh_order_operate.html HTTP/1.1" 200 2065
120.253.135.82 - - [15/Jan/2022:09:03:01 +0800] "POST /xingrg/kc/pszx/mdps_list_operate.html HTTP/1.1" 200 654
120.253.135.82 - - [15/Jan/2022:09:03:01 +0800] "GET /xingrg/kc/pszx/mdps_order_info.html?code=312022011500503 HTTP/1.1" 200 23925
120.253.135.82 - - [15/Jan/2022:09:03:02 +0800] "GET /xingrg/javascript/easyui/themes/default/validatebox.css HTTP/1.1" 404 1104
120.253.135.82 - - [15/Jan/2022:09:03:02 +0800] "POST /xingrg/kc/pszx/mdps_order_operate.html HTTP/1.1" 200 18714
222.70.177.227 - - [15/Jan/2022:09:03:04 +0800] "GET /xingrg/kc/buy/cgsh_order_operate.html?command=get_materiel&rest_code=00111&code=00101008069&supplier_code=00100005&order_time=2022-01-15 HTTP/1.1" 200 412
120.253.135.82 - - [15/Jan/2022:09:03:05 +0800] "GET /xingrg/all/function/internal_message.html?_=1642208703670&CODE_STATE=getMsg HTTP/1.1" 200 27
222.69.129.191 - - [15/Jan/2022:09:03:10 +0800] "GET /xingrg/all/function/internal_message.html?_=1642208586546&CODE_STATE=getMsg HTTP/1.1" 200 27
114.84.144.24 - - [15/Jan/2022:09:03:11 +0800] "GET /xingrg/all/function/internal_message.html?_=1642208407789&CODE_STATE=getMsg HTTP/1.1" 200 27
180.152.99.39 - - [15/Jan/2022:09:03:13 +0800] "GET /xingrg/all/function/internal_message.html?_=1642208526386&CODE_STATE=getMsg HTTP/1.1" 200 27
222.69.129.191 - - [15/Jan/2022:09:03:17 +0800] "POST /xingrg/kc/buy/cgsh_order_operate.html HTTP/1.1" 200 37
58.39.168.32 - - [15/Jan/2022:09:03:17 +0800] "GET /xingrg/kc/buy/cgsh_order_operate.html?command=get_materiel&rest_code=00105&code=00101008098&supplier_code=00100203&order_time=2022-01-15 HTTP/1.1" 200 23
120.253.135.82 - - [15/Jan/2022:09:03:19 +0800] "GET /xingrg/check_reg.html?_=1642208717905 HTTP/1.1" 200 22
222.70.177.227 - - [15/Jan/2022:09:03:20 +0800] "GET /xingrg/kc/buy/cgsh_order_operate.html?command=get_materiel&rest_code=00111&code=00101008318&supplier_code=00100005&order_time=2022-01-15 HTTP/1.1" 200 408
58.39.168.32 - - [15/Jan/2022:09:03:24 +0800] "POST /xingrg/kc/buy/cgsh_order_operate.html HTTP/1.1" 200 37
58.39.168.32 - - [15/Jan/2022:09:03:26 +0800] "POST /xingrg/kc/buy/cgsh_order_operate.html HTTP/1.1" 200 41082
58.39.168.32 - - [15/Jan/2022:09:03:26 +0800] "GET /xingrg/javascript/jquery_easy_ui/themes/default/images/tabs_active.png HTTP/1.1" 304 -
58.39.168.32 - - [15/Jan/2022:09:03:27 +0800] "GET /xingrg/index.html?sysBaseUrl=http%3A%2F%2F180.169.147.146%3A18081%2Fxingrg%2F&costTime=36×tamp=1585222720700 HTTP/1.1" 200 17173
58.39.168.32 - - [15/Jan/2022:09:03:27 +0800] "POST /xingrg/all/common/load_tree.html?tree=area_rest_tree_json&manage=1 HTTP/1.1" 200 3472
58.39.168.32 - - [15/Jan/2022:09:03:27 +0800] "GET /xingrg/all/function/internal_message.html?_=1642208604634&CODE_STATE=count HTTP/1.1" 200 11
58.39.168.32 - - [15/Jan/2022:09:03:27 +0800] "GET /xingrg/check_reg.html?_=1642208604635 HTTP/1.1" 200 22
58.39.168.32 - - [15/Jan/2022:09:03:27 +0800] "POST /xingrg/load_menu.html HTTP/1.1" 200 5138
58.39.168.32 - - [15/Jan/2022:09:03:27 +0800] "GET /favicon.ico HTTP/1.1" 404 -
222.70.177.227 - - [15/Jan/2022:09:03:28 +0800] "GET /xingrg/kc/buy/cgsh_order_operate.html?command=get_materiel&rest_code=00111&code=00101008352&supplier_code=00100005&order_time=2022-01-15 HTTP/1.1" 200 412
58.39.168.32 - - [15/Jan/2022:09:03:32 +0800] "GET /xingrg/kc/buy/cgsh_order_list.html HTTP/1.1" 200 49588
222.70.217.149 - - [15/Jan/2022:09:03:35 +0800] "GET /xingrg/all/function/internal_message.html?_=1642208603781&CODE_STATE=getMsg HTTP/1.1" 200 27
58.39.168.32 - - [15/Jan/2022:09:03:35 +0800] "POST /xingrg/kc/buy/cgsh_list_operate.html HTTP/1.1" 200 2042
222.70.177.227 - - [15/Jan/2022:09:03:37 +0800] "GET /xingrg/kc/buy/cgsh_order_operate.html?command=get_materiel&rest_code=00111&code=00101008005&supplier_code=00100005&order_time=2022-01-15 HTTP/1.1" 200 412
58.39.168.32 - - [15/Jan/2022:09:03:37 +0800] "GET /xingrg/kc/buy/cgsh_order_add.html HTTP/1.1" 200 65445
58.39.168.32 - - [15/Jan/2022:09:03:37 +0800] "POST /xingrg/kc/buy/cgsh_order_operate.html HTTP/1.1" 200 8245
58.39.168.32 - - [15/Jan/2022:09:03:37 +0800] "GET /xingrg/all/common/auto_word.html?type=employee&rest_code=00105 HTTP/1.1" 200 193
58.39.168.32 - - [15/Jan/2022:09:03:37 +0800] "GET /xingrg/all/common/auto_word.html?type=employee&rest_code=00105 HTTP/1.1" 200 193
58.39.168.32 - - [15/Jan/2022:09:03:37 +0800] "GET /xingrg/javascript/easyui/themes/default/validatebox.css HTTP/1.1" 404 1104
222.70.177.227 - - [15/Jan/2022:09:03:39 +0800] "POST /xingrg/kc/buy/cgsh_order_operate.html HTTP/1.1" 200 2065
58.39.168.32 - - [15/Jan/2022:09:03:40 +0800] "POST /xingrg/kc/buy/cgsh_list_operate.html HTTP/1.1" 200 572
58.39.168.32 - - [15/Jan/2022:09:03:41 +0800] "GET /xingrg/kc/buy/cgsh_order_info.html?code=212022011507010 HTTP/1.1" 200 65448
58.39.168.32 - - [15/Jan/2022:09:03:41 +0800] "GET /xingrg/javascript/easyui/themes/default/validatebox.css HTTP/1.1" 404 1104
58.39.168.32 - - [15/Jan/2022:09:03:42 +0800] "POST /xingrg/kc/buy/cgsh_order_operate.html HTTP/1.1" 200 41082
58.39.168.32 - - [15/Jan/2022:09:03:46 +0800] "POST /xingrg/kc/buy/cgsh_order_operate.html HTTP/1.1" 200 2065
58.39.168.32 - - [15/Jan/2022:09:03:48 +0800] "POST /xingrg/kc/buy/cgsh_order_operate.html HTTP/1.1" 200 2065
58.39.168.32 - - [15/Jan/2022:09:03:50 +0800] "GET /xingrg/javascript/auto/indicator.gif HTTP/1.1" 404 1066
222.70.243.96 - - [15/Jan/2022:09:03:54 +0800] "GET /xingrg/all/function/internal_message.html?_=1642208652331&CODE_STATE=getMsg HTTP/1.1" 200 27
222.70.177.227 - - [15/Jan/2022:09:03:56 +0800] "GET /xingrg/kc/buy/cgsh_order_operate.html?command=get_materiel&rest_code=00111&code=00101008291&supplier_code=00100005&order_time=2022-01-15 HTTP/1.1" 200 408
222.70.177.227 - - [15/Jan/2022:09:03:56 +0800] "GET /xingrg/all/function/internal_message.html?_=1642208629758&CODE_STATE=getMsg HTTP/1.1" 200 27
58.39.168.32 - - [15/Jan/2022:09:03:57 +0800] "GET /xingrg/kc/buy/cgsh_order_operate.html?command=get_materiel&rest_code=00105&code=00101008098&supplier_code=00100203&order_time=2022-01-15 HTTP/1.1" 200 412
58.39.168.32 - - [15/Jan/2022:09:04:04 +0800] "GET /xingrg/kc/buy/cgsh_order_operate.html?command=get_materiel&rest_code=00105&code=00101008307&supplier_code=00100203&order_time=2022-01-15 HTTP/1.1" 200 420
120.253.135.82 - - [15/Jan/2022:09:04:05 +0800] "GET /xingrg/all/function/internal_message.html?_=1642208763684&CODE_STATE=getMsg HTTP/1.1" 200 27
222.70.177.227 - - [15/Jan/2022:09:04:06 +0800] "GET /xingrg/kc/buy/cgsh_order_operate.html?command=get_materiel&rest_code=00111&code=00101008110&supplier_code=00100005&order_time=2022-01-15 HTTP/1.1" 200 408
222.70.243.96 - - [15/Jan/2022:09:04:07 +0800] "GET /xingrg/check_reg.html?_=1642208665289 HTTP/1.1" 200 22
114.84.144.24 - - [15/Jan/2022:09:04:12 +0800] "GET /xingrg/all/function/internal_message.html?_=1642208467757&CODE_STATE=getMsg HTTP/1.1" 200 27
180.152.99.39 - - [15/Jan/2022:09:04:13 +0800] "GET /xingrg/all/function/internal_message.html?_=1642208586390&CODE_STATE=getMsg HTTP/1.1" 200 27
58.39.168.32 - - [15/Jan/2022:09:04:22 +0800] "GET /xingrg/kc/buy/cgsh_order_operate.html?command=get_materiel&rest_code=00105&code=00101008041&supplier_code=00100203&order_time=2022-01-15 HTTP/1.1" 200 408
58.39.168.32 - - [15/Jan/2022:09:04:27 +0800] "GET /xingrg/all/function/internal_message.html?_=1642208664676&CODE_STATE=getMsg HTTP/1.1" 200 27
58.39.168.32 - - [15/Jan/2022:09:04:30 +0800] "GET /xingrg/kc/buy/cgsh_order_operate.html?command=get_materiel&rest_code=00105&code=00101016122&supplier_code=00100203&order_time=2022-01-15 HTTP/1.1" 200 395
222.70.177.227 - - [15/Jan/2022:09:04:34 +0800] "GET /xingrg/kc/buy/cgsh_order_operate.html?command=get_materiel&rest_code=00111&code=00101008038&supplier_code=00100005&order_time=2022-01-15 HTTP/1.1" 200 412
222.70.217.149 - - [15/Jan/2022:09:04:35 +0800] "GET /xingrg/all/function/internal_message.html?_=1642208663768&CODE_STATE=getMsg HTTP/1.1" 200 27
222.70.177.227 - - [15/Jan/2022:09:04:38 +0800] "POST /xingrg/kc/buy/cgsh_order_operate.html HTTP/1.1" 200 2065
58.39.168.32 - - [15/Jan/2022:09:04:43 +0800] "GET /xingrg/kc/buy/cgsh_order_operate.html?command=get_materiel&rest_code=00105&code=00101008350&supplier_code=00100203&order_time=2022-01-15 HTTP/1.1" 200 408
58.39.168.32 - - [15/Jan/2022:09:04:50 +0800] "GET /xingrg/kc/buy/cgsh_order_operate.html?command=get_materiel&rest_code=00105&code=00101008351&supplier_code=00100203&order_time=2022-01-15 HTTP/1.1" 200 408
222.70.243.96 - - [15/Jan/2022:09:04:54 +0800] "GET /xingrg/all/function/internal_message.html?_=1642208712348&CODE_STATE=getMsg HTTP/1.1" 200 27
222.70.177.227 - - [15/Jan/2022:09:04:56 +0800] "GET /xingrg/check_reg.html?_=1642208689798 HTTP/1.1" 200 22
222.70.177.227 - - [15/Jan/2022:09:04:56 +0800] "GET /xingrg/all/function/internal_message.html?_=1642208689800&CODE_STATE=getMsg HTTP/1.1" 200 27
58.39.168.32 - - [15/Jan/2022:09:05:01 +0800] "GET /xingrg/kc/buy/cgsh_order_operate.html?command=get_materiel&rest_code=00105&code=00101008096&supplier_code=00100203&order_time=2022-01-15 HTTP/1.1" 200 413
120.253.135.82 - - [15/Jan/2022:09:05:05 +0800] "GET /xingrg/all/function/internal_message.html?_=1642208823791&CODE_STATE=getMsg HTTP/1.1" 200 27
58.39.168.32 - - [15/Jan/2022:09:05:07 +0800] "GET /xingrg/kc/buy/cgsh_order_operate.html?command=get_materiel&rest_code=00105&code=00101008088&supplier_code=00100203&order_time=2022-01-15 HTTP/1.1" 200 408
114.84.144.24 - - [15/Jan/2022:09:05:11 +0800] "GET /xingrg/all/function/internal_message.html?_=1642208527728&CODE_STATE=getMsg HTTP/1.1" 200 27
180.152.99.39 - - [15/Jan/2022:09:05:12 +0800] "GET /xingrg/check_reg.html?_=1642208645359 HTTP/1.1" 200 22
180.152.99.39 - - [15/Jan/2022:09:05:13 +0800] "GET /xingrg/all/function/internal_message.html?_=1642208646403&CODE_STATE=getMsg HTTP/1.1" 200 27
58.39.168.32 - - [15/Jan/2022:09:05:14 +0800] "GET /xingrg/kc/buy/cgsh_order_operate.html?command=get_materiel&rest_code=00105&code=00101015038&supplier_code=00100203&order_time=2022-01-15 HTTP/1.1" 200 418
222.70.177.227 - - [15/Jan/2022:09:05:23 +0800] "GET /xingrg/kc/buy/cgsh_order_operate.html?command=get_materiel&rest_code=00111&code=00101009030&supplier_code=00100005&order_time=2022-01-15 HTTP/1.1" 200 412
58.39.168.32 - - [15/Jan/2022:09:05:23 +0800] "GET /xingrg/kc/buy/cgsh_order_operate.html?command=get_materiel&rest_code=00105&code=00101008223&supplier_code=00100203&order_time=2022-01-15 HTTP/1.1" 200 412
58.39.168.32 - - [15/Jan/2022:09:05:27 +0800] "GET /xingrg/all/function/internal_message.html?_=1642208724693&CODE_STATE=getMsg HTTP/1.1" 200 27
222.70.177.227 - - [15/Jan/2022:09:05:32 +0800] "GET /xingrg/kc/buy/cgsh_order_operate.html?command=get_materiel&rest_code=00111&code=00101008137&supplier_code=00100005&order_time=2022-01-15 HTTP/1.1" 200 408
58.39.168.32 - - [15/Jan/2022:09:05:32 +0800] "GET /xingrg/kc/buy/cgsh_order_operate.html?command=get_materiel&rest_code=00105&code=00101008286&supplier_code=00100203&order_time=2022-01-15 HTTP/1.1" 200 408
58.39.168.32 - - [15/Jan/2022:09:05:34 +0800] "POST /xingrg/kc/buy/cgsh_order_operate.html HTTP/1.1" 200 2065
222.70.217.149 - - [15/Jan/2022:09:05:35 +0800] "GET /xingrg/all/function/internal_message.html?_=1642208723771&CODE_STATE=getMsg HTTP/1.1" 200 27
58.39.168.32 - - [15/Jan/2022:09:05:36 +0800] "POST /xingrg/kc/buy/cgsh_order_operate.html HTTP/1.1" 200 2065
58.39.168.32 - - [15/Jan/2022:09:05:44 +0800] "GET /xingrg/kc/buy/cgsh_order_operate.html?command=get_materiel&rest_code=00105&code=00101008353&supplier_code=00100203&order_time=2022-01-15 HTTP/1.1" 200 408
222.70.177.227 - - [15/Jan/2022:09:05:45 +0800] "POST /xingrg/kc/buy/cgsh_order_operate.html HTTP/1.1" 200 2065
222.70.177.227 - - [15/Jan/2022:09:05:50 +0800] "GET /xingrg/kc/buy/cgsh_order_operate.html?command=get_materiel&rest_code=00111&code=00101008350&supplier_code=00100005&order_time=2022-01-15 HTTP/1.1" 200 408
58.39.168.32 - - [15/Jan/2022:09:05:51 +0800] "GET /xingrg/kc/buy/cgsh_order_operate.html?command=get_materiel&rest_code=00105&code=00101008105&supplier_code=00100203&order_time=2022-01-15 HTTP/1.1" 200 412
222.70.243.96 - - [15/Jan/2022:09:05:54 +0800] "GET /xingrg/all/function/internal_message.html?_=1642208772363&CODE_STATE=getMsg HTTP/1.1" 200 27
222.70.177.227 - - [15/Jan/2022:09:05:56 +0800] "GET /xingrg/all/function/internal_message.html?_=1642208749792&CODE_STATE=getMsg HTTP/1.1" 200 27
58.39.168.32 - - [15/Jan/2022:09:05:57 +0800] "GET /xingrg/kc/buy/cgsh_order_operate.html?command=get_materiel&rest_code=00105&code=00101008119&supplier_code=00100203&order_time=2022-01-15 HTTP/1.1" 200 412
120.253.135.82 - - [15/Jan/2022:09:06:05 +0800] "GET /xingrg/all/function/internal_message.html?_=1642208883804&CODE_STATE=getMsg HTTP/1.1" 200 27
222.70.177.227 - - [15/Jan/2022:09:06:08 +0800] "GET /xingrg/kc/buy/cgsh_order_operate.html?command=get_materiel&rest_code=00111&code=00101020152&supplier_code=00100005&order_time=2022-01-15 HTTP/1.1" 200 416
114.84.144.24 - - [15/Jan/2022:09:06:11 +0800] "GET /xingrg/all/function/internal_message.html?_=1642208587698&CODE_STATE=getMsg HTTP/1.1" 200 27
180.152.99.39 - - [15/Jan/2022:09:06:13 +0800] "GET /xingrg/all/function/internal_message.html?_=1642208706417&CODE_STATE=getMsg HTTP/1.1" 200 27
222.70.177.227 - - [15/Jan/2022:09:06:16 +0800] "GET /xingrg/kc/buy/cgsh_order_operate.html?command=get_materiel&rest_code=00111&code=00101013165&supplier_code=00100005&order_time=2022-01-15 HTTP/1.1" 200 409
58.39.168.32 - - [15/Jan/2022:09:06:20 +0800] "GET /xingrg/kc/buy/cgsh_order_operate.html?command=get_materiel&rest_code=00105&code=00101008168&supplier_code=00100203&order_time=2022-01-15 HTTP/1.1" 200 413
222.70.177.227 - - [15/Jan/2022:09:06:25 +0800] "GET /xingrg/kc/buy/cgsh_order_operate.html?command=get_materiel&rest_code=00111&code=00101008168&supplier_code=00100005&order_time=2022-01-15 HTTP/1.1" 200 413
58.39.168.32 - - [15/Jan/2022:09:06:26 +0800] "GET /xingrg/kc/buy/cgsh_order_operate.html?command=get_materiel&rest_code=00105&code=00101020152&supplier_code=00100203&order_time=2022-01-15 HTTP/1.1" 200 416
58.39.168.32 - - [15/Jan/2022:09:06:27 +0800] "GET /xingrg/all/function/internal_message.html?_=1642208784639&CODE_STATE=getMsg HTTP/1.1" 200 27
222.70.177.227 - - [15/Jan/2022:09:06:28 +0800] "POST /xingrg/kc/buy/cgsh_order_operate.html HTTP/1.1" 200 2065
222.70.177.227 - - [15/Jan/2022:09:06:34 +0800] "GET /xingrg/kc/buy/cgsh_order_operate.html?command=get_materiel&rest_code=00111&code=00101008236&supplier_code=00100005&order_time=2022-01-15 HTTP/1.1" 200 417
58.39.168.32 - - [15/Jan/2022:09:06:35 +0800] "GET /xingrg/kc/buy/cgsh_order_operate.html?command=get_materiel&rest_code=00105&code=00101008236&supplier_code=00100203&order_time=2022-01-15 HTTP/1.1" 200 417
222.70.217.149 - - [15/Jan/2022:09:06:35 +0800] "GET /xingrg/all/function/internal_message.html?_=1642208783753&CODE_STATE=getMsg HTTP/1.1" 200 27
222.70.177.227 - - [15/Jan/2022:09:06:43 +0800] "GET /xingrg/kc/buy/cgsh_order_operate.html?command=get_materiel&rest_code=00111&code=00101008223&supplier_code=00100005&order_time=2022-01-15 HTTP/1.1" 200 412
58.39.168.32 - - [15/Jan/2022:09:06:44 +0800] "GET /xingrg/kc/buy/cgsh_order_operate.html?command=get_materiel&rest_code=00105&code=00101008114&supplier_code=00100203&order_time=2022-01-15 HTTP/1.1" 200 412
58.39.168.32 - - [15/Jan/2022:09:06:51 +0800] "GET /xingrg/kc/buy/cgsh_order_operate.html?command=get_materiel&rest_code=00105&code=00101008405&supplier_code=00100203&order_time=2022-01-15 HTTP/1.1" 200 413
222.70.243.96 - - [15/Jan/2022:09:06:54 +0800] "GET /xingrg/all/function/internal_message.html?_=1642208832387&CODE_STATE=getMsg HTTP/1.1" 200 27
222.70.177.227 - - [15/Jan/2022:09:06:56 +0800] "GET /xingrg/all/function/internal_message.html?_=1642208809775&CODE_STATE=getMsg HTTP/1.1" 200 27
58.39.168.32 - - [15/Jan/2022:09:07:01 +0800] "GET /xingrg/kc/buy/cgsh_order_operate.html?command=get_materiel&rest_code=00105&code=00101008155&supplier_code=00100203&order_time=2022-01-15 HTTP/1.1" 200 408
120.253.135.82 - - [15/Jan/2022:09:07:05 +0800] "GET /xingrg/all/function/internal_message.html?_=1642208943912&CODE_STATE=getMsg HTTP/1.1" 200 27
222.70.243.96 - - [15/Jan/2022:09:07:10 +0800] "POST /xingrg/services/DataTransmitService HTTP/1.1" 200 524
222.70.243.96 - - [15/Jan/2022:09:07:11 +0800] "POST /xingrg/services/DataTransmitService HTTP/1.1" 200 2171
114.84.144.24 - - [15/Jan/2022:09:07:11 +0800] "GET /xingrg/all/function/internal_message.html?_=1642208647670&CODE_STATE=getMsg HTTP/1.1" 200 27
222.70.243.96 - - [15/Jan/2022:09:07:12 +0800] "POST /xingrg/services/DataTransmitService HTTP/1.1" 200 169328
222.70.177.227 - - [15/Jan/2022:09:07:12 +0800] "POST /xingrg/kc/buy/cgsh_order_operate.html HTTP/1.1" 200 2065
180.152.99.39 - - [15/Jan/2022:09:07:13 +0800] "GET /xingrg/all/function/internal_message.html?_=1642208766430&CODE_STATE=getMsg HTTP/1.1" 200 27
58.39.168.32 - - [15/Jan/2022:09:07:15 +0800] "GET /xingrg/kc/buy/cgsh_order_operate.html?command=get_materiel&rest_code=00105&code=00101008049&supplier_code=00100203&order_time=2022-01-15 HTTP/1.1" 200 408
222.70.177.227 - - [15/Jan/2022:09:07:26 +0800] "GET /xingrg/kc/buy/cgsh_order_operate.html?command=get_materiel&rest_code=00111&code=00101008114&supplier_code=00100005&order_time=2022-01-15 HTTP/1.1" 200 412
58.39.168.32 - - [15/Jan/2022:09:07:27 +0800] "GET /xingrg/all/function/internal_message.html?_=1642208844635&CODE_STATE=getMsg HTTP/1.1" 200 27
58.39.168.32 - - [15/Jan/2022:09:07:29 +0800] "GET /xingrg/kc/buy/cgsh_order_operate.html?command=get_materiel&rest_code=00105&code=00101008038&supplier_code=00100203&order_time=2022-01-15 HTTP/1.1" 200 412
222.70.243.96 - - [15/Jan/2022:09:07:33 +0800] "POST /xingrg/services/DataTransmitService HTTP/1.1" 200 524
222.70.243.96 - - [15/Jan/2022:09:07:34 +0800] "POST /xingrg/services/DataTransmitService HTTP/1.1" 200 497
222.70.177.227 - - [15/Jan/2022:09:07:34 +0800] "GET /xingrg/kc/buy/cgsh_order_operate.html?command=get_materiel&rest_code=00111&code=00101008095&supplier_code=00100005&order_time=2022-01-15 HTTP/1.1" 200 412
222.70.217.149 - - [15/Jan/2022:09:07:35 +0800] "GET /xingrg/check_reg.html?_=1642208843716 HTTP/1.1" 200 22
222.70.217.149 - - [15/Jan/2022:09:07:35 +0800] "GET /xingrg/all/function/internal_message.html?_=1642208843723&CODE_STATE=getMsg HTTP/1.1" 200 27
58.39.168.32 - - [15/Jan/2022:09:07:35 +0800] "GET /xingrg/kc/buy/cgsh_order_operate.html?command=get_materiel&rest_code=00105&code=00101008358&supplier_code=00100203&order_time=2022-01-15 HTTP/1.1" 200 412
222.70.243.96 - - [15/Jan/2022:09:07:35 +0800] "POST /xingrg/services/DataTransmitService HTTP/1.1" 200 524
222.70.243.96 - - [15/Jan/2022:09:07:37 +0800] "POST /xingrg/services/DataTransmitService HTTP/1.1" 200 412
222.70.243.96 - - [15/Jan/2022:09:07:37 +0800] "POST /xingrg/services/DataTransmitService HTTP/1.1" 200 524
222.70.243.96 - - [15/Jan/2022:09:07:38 +0800] "POST /xingrg/services/DataTransmitService HTTP/1.1" 200 412
222.70.243.96 - - [15/Jan/2022:09:07:41 +0800] "POST /xingrg/services/DataTransmitService HTTP/1.1" 200 524
222.70.243.96 - - [15/Jan/2022:09:07:41 +0800] "POST /xingrg/services/DataTransmitService HTTP/1.1" 200 412
58.39.168.32 - - [15/Jan/2022:09:07:42 +0800] "GET /xingrg/kc/buy/cgsh_order_operate.html?command=get_materiel&rest_code=00105&code=00101008246&supplier_code=00100203&order_time=2022-01-15 HTTP/1.1" 200 408
114.84.144.24 - - [15/Jan/2022:09:07:45 +0800] "GET /xingrg/check_reg.html?_=1642208681628 HTTP/1.1" 200 22
58.39.168.32 - - [15/Jan/2022:09:07:45 +0800] "POST /xingrg/kc/buy/cgsh_order_operate.html HTTP/1.1" 200 2065
58.39.168.32 - - [15/Jan/2022:09:07:47 +0800] "POST /xingrg/kc/buy/cgsh_order_operate.html HTTP/1.1" 200 2065
222.70.177.227 - - [15/Jan/2022:09:07:53 +0800] "POST /xingrg/kc/buy/cgsh_order_operate.html HTTP/1.1" 200 2065
222.70.243.96 - - [15/Jan/2022:09:07:54 +0800] "GET /xingrg/all/function/internal_message.html?_=1642208892391&CODE_STATE=getMsg HTTP/1.1" 200 27
58.39.168.32 - - [15/Jan/2022:09:07:55 +0800] "GET /xingrg/kc/buy/cgsh_order_operate.html?command=get_materiel&rest_code=00105&code=00101008211&supplier_code=00100203&order_time=2022-01-15 HTTP/1.1" 200 412
222.70.177.227 - - [15/Jan/2022:09:07:56 +0800] "GET /xingrg/all/function/internal_message.html?_=1642208869754&CODE_STATE=getMsg HTTP/1.1" 200 27
222.70.243.96 - - [15/Jan/2022:09:07:59 +0800] "POST /xingrg/services/DataTransmitService HTTP/1.1" 200 524
58.39.168.32 - - [15/Jan/2022:09:08:01 +0800] "GET /xingrg/kc/buy/cgsh_order_operate.html?command=get_materiel&rest_code=00105&code=00101010136&supplier_code=00100203&order_time=2022-01-15 HTTP/1.1" 200 408
222.70.243.96 - - [15/Jan/2022:09:08:02 +0800] "POST /xingrg/services/DataTransmitService HTTP/1.1" 200 501
222.70.243.96 - - [15/Jan/2022:09:08:04 +0800] "POST /xingrg/services/DataTransmitService HTTP/1.1" 200 524
120.253.135.82 - - [15/Jan/2022:09:08:05 +0800] "GET /xingrg/all/function/internal_message.html?_=1642209003925&CODE_STATE=getMsg HTTP/1.1" 200 27
222.70.243.96 - - [15/Jan/2022:09:08:05 +0800] "POST /xingrg/services/DataTransmitService HTTP/1.1" 200 412
222.70.243.96 - - [15/Jan/2022:09:08:05 +0800] "POST /xingrg/services/DataTransmitService HTTP/1.1" 200 524
222.70.243.96 - - [15/Jan/2022:09:08:06 +0800] "POST /xingrg/services/DataTransmitService HTTP/1.1" 200 501
222.70.243.96 - - [15/Jan/2022:09:08:07 +0800] "POST /xingrg/services/DataTransmitService HTTP/1.1" 200 524
222.70.243.96 - - [15/Jan/2022:09:08:07 +0800] "POST /xingrg/services/DataTransmitService HTTP/1.1" 200 412
222.70.243.96 - - [15/Jan/2022:09:08:08 +0800] "POST /xingrg/services/DataTransmitService HTTP/1.1" 200 524
58.39.168.32 - - [15/Jan/2022:09:08:08 +0800] "GET /xingrg/kc/buy/cgsh_order_operate.html?command=get_materiel&rest_code=00105&code=00101008361&supplier_code=00100203&order_time=2022-01-15 HTTP/1.1" 200 408
222.70.243.96 - - [15/Jan/2022:09:08:08 +0800] "POST /xingrg/services/DataTransmitService HTTP/1.1" 200 412
114.84.144.24 - - [15/Jan/2022:09:08:11 +0800] "GET /xingrg/all/function/internal_message.html?_=1642208707643&CODE_STATE=getMsg HTTP/1.1" 200 27
222.70.177.227 - - [15/Jan/2022:09:08:11 +0800] "POST /xingrg/kc/buy/cgsh_order_operate.html HTTP/1.1" 200 37
222.70.243.96 - - [15/Jan/2022:09:08:12 +0800] "POST /xingrg/services/DataTransmitService HTTP/1.1" 200 524
180.152.99.39 - - [15/Jan/2022:09:08:13 +0800] "GET /xingrg/all/function/internal_message.html?_=1642208826444&CODE_STATE=getMsg HTTP/1.1" 200 27
222.70.177.227 - - [15/Jan/2022:09:08:13 +0800] "POST /xingrg/kc/buy/cgsh_order_operate.html HTTP/1.1" 200 42898
222.70.177.227 - - [15/Jan/2022:09:08:15 +0800] "GET /xingrg/kc/print/load_data.html?order_code=212022011507011&kc_code=cgsh&condition= HTTP/1.1" 200 15925
58.39.168.32 - - [15/Jan/2022:09:08:15 +0800] "GET /xingrg/kc/buy/cgsh_order_operate.html?command=get_materiel&rest_code=00105&code=00101008356&supplier_code=00100203&order_time=2022-01-15 HTTP/1.1" 200 408
222.70.243.96 - - [15/Jan/2022:09:08:17 +0800] "POST /xingrg/services/DataTransmitService HTTP/1.1" 200 501
120.253.135.82 - - [15/Jan/2022:09:08:19 +0800] "GET /xingrg/check_reg.html?_=1642209017910 HTTP/1.1" 200 22
222.70.243.96 - - [15/Jan/2022:09:08:21 +0800] "POST /xingrg/services/DataTransmitService HTTP/1.1" 200 524
58.39.168.32 - - [15/Jan/2022:09:08:21 +0800] "GET /xingrg/kc/buy/cgsh_order_operate.html?command=get_materiel&rest_code=00105&code=00101008059&supplier_code=00100203&order_time=2022-01-15 HTTP/1.1" 200 408
222.70.243.96 - - [15/Jan/2022:09:08:22 +0800] "POST /xingrg/services/DataTransmitService HTTP/1.1" 200 501
58.39.168.32 - - [15/Jan/2022:09:08:27 +0800] "GET /xingrg/check_reg.html?_=1642208904736 HTTP/1.1" 200 22
58.39.168.32 - - [15/Jan/2022:09:08:27 +0800] "GET /xingrg/all/function/internal_message.html?_=1642208904735&CODE_STATE=getMsg HTTP/1.1" 200 27
222.70.243.96 - - [15/Jan/2022:09:08:30 +0800] "POST /xingrg/services/DataTransmitService HTTP/1.1" 200 524
222.70.217.149 - - [15/Jan/2022:09:08:35 +0800] "GET /xingrg/all/function/internal_message.html?_=1642208903720&CODE_STATE=getMsg HTTP/1.1" 200 27
58.39.168.32 - - [15/Jan/2022:09:08:46 +0800] "GET /xingrg/kc/buy/cgsh_order_operate.html?command=get_materiel&rest_code=00105&code=00101008213&supplier_code=00100203&order_time=2022-01-15 HTTP/1.1" 200 412
222.69.132.164 - - [15/Jan/2022:09:08:51 +0800] "GET /xingrg/login.html HTTP/1.1" 200 7641
222.69.132.164 - - [15/Jan/2022:09:08:52 +0800] "GET /favicon.ico HTTP/1.1" 404 -
58.39.168.32 - - [15/Jan/2022:09:08:52 +0800] "GET /xingrg/kc/buy/cgsh_order_operate.html?command=get_materiel&rest_code=00105&code=00101001166&supplier_code=00100203&order_time=2022-01-15 HTTP/1.1" 200 408
222.70.243.96 - - [15/Jan/2022:09:08:54 +0800] "GET /xingrg/all/function/internal_message.html?_=1642208952413&CODE_STATE=getMsg HTTP/1.1" 200 27
58.39.168.32 - - [15/Jan/2022:09:08:54 +0800] "POST /xingrg/all/common/load_select.html HTTP/1.1" 200 12
222.70.177.227 - - [15/Jan/2022:09:08:56 +0800] "GET /xingrg/all/function/internal_message.html?_=1642208929759&CODE_STATE=getMsg HTTP/1.1" 200 27
58.39.168.32 - - [15/Jan/2022:09:09:02 +0800] "GET /xingrg/kc/buy/cgsh_order_operate.html?command=get_materiel_price&rest_code=00105&code=00101008361&unit_code=00100001&supplier_code=00100203&order_time=2022-01-15 HTTP/1.1" 200 27
120.253.135.82 - - [15/Jan/2022:09:09:05 +0800] "GET /xingrg/all/function/internal_message.html?_=1642209064040&CODE_STATE=getMsg HTTP/1.1" 200 27
222.70.243.96 - - [15/Jan/2022:09:09:07 +0800] "GET /xingrg/check_reg.html?_=1642208965294 HTTP/1.1" 200 22
58.39.168.32 - - [15/Jan/2022:09:09:10 +0800] "POST /xingrg/kc/buy/cgsh_order_operate.html HTTP/1.1" 200 37
114.84.144.24 - - [15/Jan/2022:09:09:11 +0800] "GET /xingrg/all/function/internal_message.html?_=1642208767617&CODE_STATE=getMsg HTTP/1.1" 200 27
58.39.168.32 - - [15/Jan/2022:09:09:13 +0800] "POST /xingrg/kc/buy/cgsh_order_operate.html HTTP/1.1" 200 60617
180.152.99.39 - - [15/Jan/2022:09:09:13 +0800] "GET /xingrg/all/function/internal_message.html?_=1642208886457&CODE_STATE=getMsg HTTP/1.1" 200 27
222.69.132.164 - - [15/Jan/2022:09:09:22 +0800] "POST /xingrg/login.do HTTP/1.1" 302 -
222.69.132.164 - - [15/Jan/2022:09:09:23 +0800] "GET /xingrg/index.html?sysBaseUrl=http%3A%2F%2F180.169.147.146%3A18081%2Fxingrg%2F&costTime=39×tamp=1642208962466 HTTP/1.1" 200 17179
222.69.132.164 - - [15/Jan/2022:09:09:25 +0800] "GET /favicon.ico HTTP/1.1" 404 -
222.69.132.164 - - [15/Jan/2022:09:09:25 +0800] "POST /xingrg/all/common/load_tree.html?tree=area_rest_tree_json&manage=1 HTTP/1.1" 200 351
222.69.132.164 - - [15/Jan/2022:09:09:25 +0800] "GET /xingrg/all/function/internal_message.html?_=1642209008488&CODE_STATE=count HTTP/1.1" 200 11
222.69.132.164 - - [15/Jan/2022:09:09:25 +0800] "GET /xingrg/check_reg.html?_=1642209008489 HTTP/1.1" 200 22
222.69.132.164 - - [15/Jan/2022:09:09:25 +0800] "POST /xingrg/load_menu.html HTTP/1.1" 200 5138
58.39.168.32 - - [15/Jan/2022:09:09:27 +0800] "GET /xingrg/all/function/internal_message.html?_=1642208964734&CODE_STATE=getMsg HTTP/1.1" 200 27
222.69.132.164 - - [15/Jan/2022:09:09:29 +0800] "GET /xingrg/kc/mdqp/qqps_order_list.html HTTP/1.1" 200 9222
222.69.132.164 - - [15/Jan/2022:09:09:29 +0800] "GET /xingrg/dwr/util.js HTTP/1.1" 304 -
222.69.132.164 - - [15/Jan/2022:09:09:29 +0800] "GET /xingrg/dwr/interface/AjaxQqpsService.js HTTP/1.1" 200 16326
222.69.132.164 - - [15/Jan/2022:09:09:29 +0800] "GET /xingrg/dwr/interface/AjaxReportQueryService.js HTTP/1.1" 200 13203
222.69.132.164 - - [15/Jan/2022:09:09:29 +0800] "GET /xingrg/dwr/engine.js HTTP/1.1" 200 43631
222.69.132.164 - - [15/Jan/2022:09:09:35 +0800] "GET /xingrg/kc/mdqp/pssh_order_list.html HTTP/1.1" 200 16913
222.70.217.149 - - [15/Jan/2022:09:09:35 +0800] "GET /xingrg/all/function/internal_message.html?_=1642208963726&CODE_STATE=getMsg HTTP/1.1" 200 27
