114.95.98.1 - - [15/Jan/2022:08:33:14 +0800] "GET /xingrg/javascript/easyui/themes/icons/field_new.png HTTP/1.1" 304 -
114.95.98.1 - - [15/Jan/2022:08:33:14 +0800] "GET /xingrg/javascript/easyui/themes/icons/import_new.png HTTP/1.1" 304 -
114.95.98.1 - - [15/Jan/2022:08:33:14 +0800] "GET /xingrg/javascript/jquery_easy_ui/themes/icons/area.png HTTP/1.1" 304 -
114.95.98.1 - - [15/Jan/2022:08:33:14 +0800] "GET /xingrg/javascript/jquery_easy_ui/themes/icons/rest.png HTTP/1.1" 304 -
114.95.98.1 - - [15/Jan/2022:08:33:14 +0800] "GET /xingrg/javascript/easyui/plugins/jquery.parser.js HTTP/1.1" 304 -
114.95.98.1 - - [15/Jan/2022:08:33:14 +0800] "GET /xingrg/images/control/ajaxLoader.gif HTTP/1.1" 304 -
114.95.98.1 - - [15/Jan/2022:08:33:15 +0800] "POST /xingrg/kc/buy/cgsh_list_operate.html HTTP/1.1" 200 876
120.253.135.82 - - [15/Jan/2022:08:33:19 +0800] "GET /xingrg/check_reg.html?_=1642206917770 HTTP/1.1" 200 22
114.95.98.1 - - [15/Jan/2022:08:33:27 +0800] "POST /xingrg/kc/buy/cgsh_list_operate.html HTTP/1.1" 200 5911
222.70.217.149 - - [15/Jan/2022:08:33:35 +0800] "GET /xingrg/all/function/internal_message.html?_=1642206803718&CODE_STATE=getMsg HTTP/1.1" 200 27
114.95.98.1 - - [15/Jan/2022:08:33:44 +0800] "POST /xingrg/kc/buy/cgsh_list_operate.html HTTP/1.1" 200 6039
114.95.98.1 - - [15/Jan/2022:08:33:52 +0800] "GET /xingrg/all/function/internal_message.html?_=1642206847583&CODE_STATE=getMsg HTTP/1.1" 200 27
222.70.243.96 - - [15/Jan/2022:08:33:53 +0800] "GET /xingrg/all/function/internal_message.html?_=1642206851862&CODE_STATE=getMsg HTTP/1.1" 200 27
114.95.98.1 - - [15/Jan/2022:08:33:54 +0800] "POST /xingrg/kc/buy/cgsh_list_operate.html HTTP/1.1" 200 6027
114.95.98.1 - - [15/Jan/2022:08:33:58 +0800] "POST /xingrg/kc/buy/cgsh_list_operate.html HTTP/1.1" 200 281
120.253.135.82 - - [15/Jan/2022:08:34:03 +0800] "GET /xingrg/all/function/internal_message.html?_=1642206962388&CODE_STATE=getMsg HTTP/1.1" 200 27
222.70.243.96 - - [15/Jan/2022:08:34:07 +0800] "GET /xingrg/check_reg.html?_=1642206865249 HTTP/1.1" 200 22
114.95.98.1 - - [15/Jan/2022:08:34:10 +0800] "POST /xingrg/kc/buy/cgsh_list_operate.html HTTP/1.1" 200 208
180.152.99.39 - - [15/Jan/2022:08:34:11 +0800] "GET /xingrg/all/function/internal_message.html?_=1642206785015&CODE_STATE=getMsg HTTP/1.1" 200 27
114.84.144.24 - - [15/Jan/2022:08:34:12 +0800] "GET /xingrg/all/function/internal_message.html?_=1642206668454&CODE_STATE=getMsg HTTP/1.1" 200 27
114.95.98.1 - - [15/Jan/2022:08:34:22 +0800] "POST /xingrg/kc/buy/cgsh_list_operate.html HTTP/1.1" 200 573
222.70.217.149 - - [15/Jan/2022:08:34:35 +0800] "GET /xingrg/all/function/internal_message.html?_=1642206863710&CODE_STATE=getMsg HTTP/1.1" 200 27
114.95.98.1 - - [15/Jan/2022:08:34:52 +0800] "GET /xingrg/all/function/internal_message.html?_=1642206907603&CODE_STATE=getMsg HTTP/1.1" 200 27
222.70.243.96 - - [15/Jan/2022:08:34:53 +0800] "GET /xingrg/all/function/internal_message.html?_=1642206911878&CODE_STATE=getMsg HTTP/1.1" 200 27
120.253.135.82 - - [15/Jan/2022:08:35:03 +0800] "GET /xingrg/all/function/internal_message.html?_=1642207022400&CODE_STATE=getMsg HTTP/1.1" 200 27
180.152.99.39 - - [15/Jan/2022:08:35:11 +0800] "GET /xingrg/check_reg.html?_=1642206844325 HTTP/1.1" 200 22
180.152.99.39 - - [15/Jan/2022:08:35:11 +0800] "GET /xingrg/all/function/internal_message.html?_=1642206845028&CODE_STATE=getMsg HTTP/1.1" 200 27
114.84.144.24 - - [15/Jan/2022:08:35:12 +0800] "GET /xingrg/all/function/internal_message.html?_=1642206728422&CODE_STATE=getMsg HTTP/1.1" 200 27
114.95.98.1 - - [15/Jan/2022:08:35:20 +0800] "POST /xingrg/kc/buy/cgsh_list_operate.html HTTP/1.1" 200 5908
114.95.98.1 - - [15/Jan/2022:08:35:23 +0800] "POST /xingrg/kc/buy/cgsh_list_operate.html HTTP/1.1" 200 569
114.95.98.1 - - [15/Jan/2022:08:35:25 +0800] "GET /xingrg/javascript/pic_change.js HTTP/1.1" 304 -
114.95.98.1 - - [15/Jan/2022:08:35:25 +0800] "GET /xingrg/javascript/json2.js HTTP/1.1" 304 -
114.95.98.1 - - [15/Jan/2022:08:35:25 +0800] "GET /xingrg/javascript/jquery_tools/order_manager.js HTTP/1.1" 304 -
114.95.98.1 - - [15/Jan/2022:08:35:25 +0800] "GET /xingrg/javascript/convert.js HTTP/1.1" 304 -
114.95.98.1 - - [15/Jan/2022:08:35:25 +0800] "GET /xingrg/javascript/print/kc_print.js HTTP/1.1" 304 -
114.95.98.1 - - [15/Jan/2022:08:35:25 +0800] "GET /xingrg/kc/buy/cgsh_order_info.html?code=212022011406999 HTTP/1.1" 200 60272
114.95.98.1 - - [15/Jan/2022:08:35:25 +0800] "GET /xingrg/words/20220114135933_words.js HTTP/1.1" 304 -
114.95.98.1 - - [15/Jan/2022:08:35:26 +0800] "GET /xingrg/javascript/easyui/themes/icons/print.png HTTP/1.1" 304 -
114.95.98.1 - - [15/Jan/2022:08:35:26 +0800] "GET /xingrg/javascript/easyui/themes/icons/copy_new.png HTTP/1.1" 304 -
114.95.98.1 - - [15/Jan/2022:08:35:26 +0800] "GET /xingrg/javascript/easyui/themes/default/images/menu_downarrow.png HTTP/1.1" 304 -
114.95.98.1 - - [15/Jan/2022:08:35:26 +0800] "GET /xingrg/javascript/easyui/themes/icons/cancel.png HTTP/1.1" 304 -
114.95.98.1 - - [15/Jan/2022:08:35:26 +0800] "GET /xingrg/javascript/easyui/themes/default/validatebox.css HTTP/1.1" 404 1104
114.95.98.1 - - [15/Jan/2022:08:35:26 +0800] "GET /xingrg/javascript/easyui/plugins/jquery.validatebox.js HTTP/1.1" 304 -
114.95.98.1 - - [15/Jan/2022:08:35:26 +0800] "GET /xingrg/javascript/easyui/plugins/jquery.numberbox.js HTTP/1.1" 304 -
114.95.98.1 - - [15/Jan/2022:08:35:27 +0800] "POST /xingrg/kc/buy/cgsh_order_operate.html HTTP/1.1" 200 14199
114.95.98.1 - - [15/Jan/2022:08:35:27 +0800] "GET /xingrg/javascript/easyui/themes/icons/edit_remove.png HTTP/1.1" 304 -
222.70.217.149 - - [15/Jan/2022:08:35:35 +0800] "GET /xingrg/all/function/internal_message.html?_=1642206923722&CODE_STATE=getMsg HTTP/1.1" 200 27
114.95.98.1 - - [15/Jan/2022:08:35:52 +0800] "GET /xingrg/all/function/internal_message.html?_=1642206967610&CODE_STATE=getMsg HTTP/1.1" 200 27
222.70.243.96 - - [15/Jan/2022:08:35:54 +0800] "GET /xingrg/all/function/internal_message.html?_=1642206971893&CODE_STATE=getMsg HTTP/1.1" 200 27
120.253.135.82 - - [15/Jan/2022:08:36:03 +0800] "GET /xingrg/all/function/internal_message.html?_=1642207082510&CODE_STATE=getMsg HTTP/1.1" 200 27
180.152.99.39 - - [15/Jan/2022:08:36:11 +0800] "GET /xingrg/all/function/internal_message.html?_=1642206905042&CODE_STATE=getMsg HTTP/1.1" 200 27
114.84.144.24 - - [15/Jan/2022:08:36:12 +0800] "GET /xingrg/all/function/internal_message.html?_=1642206788399&CODE_STATE=getMsg HTTP/1.1" 200 27
222.70.217.149 - - [15/Jan/2022:08:36:35 +0800] "GET /xingrg/all/function/internal_message.html?_=1642206983716&CODE_STATE=getMsg HTTP/1.1" 200 27
114.95.98.1 - - [15/Jan/2022:08:36:52 +0800] "GET /xingrg/all/function/internal_message.html?_=1642207027624&CODE_STATE=getMsg HTTP/1.1" 200 27
222.70.243.96 - - [15/Jan/2022:08:36:54 +0800] "GET /xingrg/all/function/internal_message.html?_=1642207031914&CODE_STATE=getMsg HTTP/1.1" 200 27
120.253.135.82 - - [15/Jan/2022:08:37:03 +0800] "GET /xingrg/all/function/internal_message.html?_=1642207142522&CODE_STATE=getMsg HTTP/1.1" 200 27
180.152.99.39 - - [15/Jan/2022:08:37:11 +0800] "GET /xingrg/all/function/internal_message.html?_=1642206965056&CODE_STATE=getMsg HTTP/1.1" 200 27
114.84.144.24 - - [15/Jan/2022:08:37:12 +0800] "GET /xingrg/all/function/internal_message.html?_=1642206848368&CODE_STATE=getMsg HTTP/1.1" 200 27
222.70.217.149 - - [15/Jan/2022:08:37:22 +0800] "GET /xingrg/kc/buy/cgsh_order_add.html HTTP/1.1" 200 65325
222.70.217.149 - - [15/Jan/2022:08:37:23 +0800] "POST /xingrg/kc/buy/cgsh_order_operate.html HTTP/1.1" 200 8245
222.70.217.149 - - [15/Jan/2022:08:37:23 +0800] "GET /xingrg/javascript/easyui/themes/default/validatebox.css HTTP/1.1" 404 1104
222.70.217.149 - - [15/Jan/2022:08:37:35 +0800] "GET /xingrg/check_reg.html?_=1642207043731 HTTP/1.1" 200 22
222.70.217.149 - - [15/Jan/2022:08:37:35 +0800] "GET /xingrg/all/function/internal_message.html?_=1642207043733&CODE_STATE=getMsg HTTP/1.1" 200 27
222.70.217.149 - - [15/Jan/2022:08:37:38 +0800] "GET /xingrg/kc/buy/cgsh_order_operate.html?command=get_materiel&rest_code=00155&code=00101006025&supplier_code=00100012&order_time=2022-01-15 HTTP/1.1" 200 417
114.84.144.24 - - [15/Jan/2022:08:37:45 +0800] "GET /xingrg/check_reg.html?_=1642206881572 HTTP/1.1" 200 22
222.70.217.149 - - [15/Jan/2022:08:37:48 +0800] "GET /xingrg/kc/buy/cgsh_order_operate.html?command=get_materiel&rest_code=00155&code=00101006229&supplier_code=00100012&order_time=2022-01-15 HTTP/1.1" 200 412
114.95.98.1 - - [15/Jan/2022:08:37:52 +0800] "GET /xingrg/check_reg.html?_=1642207087605 HTTP/1.1" 200 22
114.95.98.1 - - [15/Jan/2022:08:37:52 +0800] "GET /xingrg/all/function/internal_message.html?_=1642207087639&CODE_STATE=getMsg HTTP/1.1" 200 27
222.70.243.96 - - [15/Jan/2022:08:37:54 +0800] "GET /xingrg/all/function/internal_message.html?_=1642207091919&CODE_STATE=getMsg HTTP/1.1" 200 27
222.70.217.149 - - [15/Jan/2022:08:38:00 +0800] "GET /xingrg/kc/buy/cgsh_order_operate.html?command=get_materiel&rest_code=00155&code=00101006056&supplier_code=00100012&order_time=2022-01-15 HTTP/1.1" 200 413
120.253.135.82 - - [15/Jan/2022:08:38:04 +0800] "GET /xingrg/all/function/internal_message.html?_=1642207202619&CODE_STATE=getMsg HTTP/1.1" 200 27
222.70.217.149 - - [15/Jan/2022:08:38:08 +0800] "GET /xingrg/kc/buy/cgsh_order_operate.html?command=get_materiel&rest_code=00155&code=00101006109&supplier_code=00100012&order_time=2022-01-15 HTTP/1.1" 200 409
180.152.99.39 - - [15/Jan/2022:08:38:12 +0800] "GET /xingrg/all/function/internal_message.html?_=1642207025242&CODE_STATE=getMsg HTTP/1.1" 200 27
114.84.144.24 - - [15/Jan/2022:08:38:12 +0800] "GET /xingrg/all/function/internal_message.html?_=1642206908345&CODE_STATE=getMsg HTTP/1.1" 200 27
114.95.98.1 - - [15/Jan/2022:08:38:13 +0800] "GET /xingrg/javascript/jquery_easy_ui/themes/default/images/tabs_active.png HTTP/1.1" 304 -
222.70.217.149 - - [15/Jan/2022:08:38:14 +0800] "GET /xingrg/kc/buy/cgsh_order_operate.html?command=get_materiel&rest_code=00155&code=00101006124&supplier_code=00100012&order_time=2022-01-15 HTTP/1.1" 200 409
120.253.135.82 - - [15/Jan/2022:08:38:19 +0800] "GET /xingrg/check_reg.html?_=1642207217782 HTTP/1.1" 200 22
114.95.98.1 - - [15/Jan/2022:08:38:20 +0800] "GET /xingrg/kc/mdqp/pssh_order_list.html HTTP/1.1" 200 17741
114.95.98.1 - - [15/Jan/2022:08:38:20 +0800] "POST /xingrg/kc/mdqp/pssh_list_operate.html HTTP/1.1" 200 5146
222.70.217.149 - - [15/Jan/2022:08:38:22 +0800] "GET /xingrg/kc/buy/cgsh_order_operate.html?command=get_materiel&rest_code=00155&code=00101006055&supplier_code=00100012&order_time=2022-01-15 HTTP/1.1" 200 409
114.95.98.1 - - [15/Jan/2022:08:38:24 +0800] "POST /xingrg/kc/mdqp/pssh_list_operate.html HTTP/1.1" 200 5146
222.70.217.149 - - [15/Jan/2022:08:38:31 +0800] "GET /xingrg/kc/buy/cgsh_order_operate.html?command=get_materiel&rest_code=00155&code=00101006065&supplier_code=00100012&order_time=2022-01-15 HTTP/1.1" 200 409
222.70.217.149 - - [15/Jan/2022:08:38:35 +0800] "GET /xingrg/all/function/internal_message.html?_=1642207103706&CODE_STATE=getMsg HTTP/1.1" 200 27
114.95.98.1 - - [15/Jan/2022:08:38:45 +0800] "POST /xingrg/kc/mdqp/pssh_list_operate.html HTTP/1.1" 200 5146
114.95.98.1 - - [15/Jan/2022:08:38:46 +0800] "POST /xingrg/kc/mdqp/pssh_list_operate.html HTTP/1.1" 200 266
114.95.98.1 - - [15/Jan/2022:08:38:50 +0800] "POST /xingrg/kc/mdqp/pssh_list_operate.html HTTP/1.1" 200 260
222.70.217.149 - - [15/Jan/2022:08:38:52 +0800] "POST /xingrg/kc/buy/cgsh_order_operate.html HTTP/1.1" 200 37
114.95.98.1 - - [15/Jan/2022:08:38:52 +0800] "GET /xingrg/all/function/internal_message.html?_=1642207147682&CODE_STATE=getMsg HTTP/1.1" 200 27
222.70.243.96 - - [15/Jan/2022:08:38:54 +0800] "GET /xingrg/all/function/internal_message.html?_=1642207151942&CODE_STATE=getMsg HTTP/1.1" 200 27
222.70.217.149 - - [15/Jan/2022:08:38:54 +0800] "POST /xingrg/kc/buy/cgsh_order_operate.html HTTP/1.1" 200 6210
222.70.217.149 - - [15/Jan/2022:08:38:54 +0800] "GET /xingrg/kc/print/load_data.html?order_code=212022011507004&kc_code=cgsh&condition= HTTP/1.1" 200 2128
222.70.217.149 - - [15/Jan/2022:08:38:58 +0800] "GET /xingrg/kc/print/load_data.html?order_code=212022011507004&kc_code=cgsh HTTP/1.1" 200 2128
120.253.135.82 - - [15/Jan/2022:08:39:04 +0800] "GET /xingrg/all/function/internal_message.html?_=1642207262626&CODE_STATE=getMsg HTTP/1.1" 200 27
222.70.243.96 - - [15/Jan/2022:08:39:07 +0800] "GET /xingrg/check_reg.html?_=1642207165256 HTTP/1.1" 200 22
114.95.98.1 - - [15/Jan/2022:08:39:07 +0800] "GET /xingrg/kc/mdqp/qqps_order_list.html HTTP/1.1" 200 9222
114.95.98.1 - - [15/Jan/2022:08:39:07 +0800] "GET /xingrg/css/blue.css HTTP/1.1" 304 -
114.95.98.1 - - [15/Jan/2022:08:39:07 +0800] "GET /xingrg/dwr/util.js HTTP/1.1" 304 -
114.95.98.1 - - [15/Jan/2022:08:39:07 +0800] "GET /xingrg/javascript/Calendar.js HTTP/1.1" 304 -
114.95.98.1 - - [15/Jan/2022:08:39:07 +0800] "GET /xingrg/javascript/ToolTips.js HTTP/1.1" 304 -
114.95.98.1 - - [15/Jan/2022:08:39:07 +0800] "GET /xingrg/javascript/myfunction.js HTTP/1.1" 304 -
114.95.98.1 - - [15/Jan/2022:08:39:07 +0800] "GET /xingrg/dwr/interface/AjaxReportQueryService.js HTTP/1.1" 200 13203
114.95.98.1 - - [15/Jan/2022:08:39:07 +0800] "GET /xingrg/dwr/interface/AjaxQqpsService.js HTTP/1.1" 200 16326
114.95.98.1 - - [15/Jan/2022:08:39:07 +0800] "GET /xingrg/dwr/engine.js HTTP/1.1" 200 43631
222.69.129.191 - - [15/Jan/2022:08:39:07 +0800] "GET /xingrg/login.html?sysBaseUrl=http%3A%2F%2F180.169.147.146%3A18081%2Fxingrg%2F&costTime=31×tamp=1615347190560 HTTP/1.1" 200 7641
114.95.98.1 - - [15/Jan/2022:08:39:07 +0800] "GET /xingrg/javascript/jquery_easy_ui/themes/icons/edit_add_new.png HTTP/1.1" 304 -
114.95.98.1 - - [15/Jan/2022:08:39:07 +0800] "GET /xingrg/javascript/jquery_easy_ui/themes/icons/check_new.png HTTP/1.1" 304 -
114.95.98.1 - - [15/Jan/2022:08:39:08 +0800] "GET /xingrg/javascript/jquery_easy_ui/themes/icons/cance_new.png HTTP/1.1" 304 -
114.95.98.1 - - [15/Jan/2022:08:39:08 +0800] "GET /xingrg/javascript/jquery_easy_ui/themes/icons/uncheck_new.png HTTP/1.1" 304 -
222.69.129.191 - - [15/Jan/2022:08:39:08 +0800] "GET /favicon.ico HTTP/1.1" 404 -
114.95.98.1 - - [15/Jan/2022:08:39:08 +0800] "GET /xingrg/javascript/jquery_easy_ui/themes/default/images/button_plain_hover.png HTTP/1.1" 304 -
114.95.98.1 - - [15/Jan/2022:08:39:09 +0800] "GET /xingrg/javascript/tools/jquery.qtip-1.0.0-rc3.min.js HTTP/1.1" 304 -
114.95.98.1 - - [15/Jan/2022:08:39:09 +0800] "GET /xingrg/dwr/interface/AjaxComOrderService.js HTTP/1.1" 200 18264
114.95.98.1 - - [15/Jan/2022:08:39:09 +0800] "GET /xingrg/javascript/AjaxInfoList.js HTTP/1.1" 304 -
114.95.98.1 - - [15/Jan/2022:08:39:09 +0800] "GET /xingrg/javascript/Grid.js HTTP/1.1" 304 -
114.95.98.1 - - [15/Jan/2022:08:39:09 +0800] "GET /xingrg/dwr/interface/AjaxQqpsService.js HTTP/1.1" 200 16326
114.95.98.1 - - [15/Jan/2022:08:39:09 +0800] "GET /xingrg/dwr/engine.js HTTP/1.1" 200 43631
114.95.98.1 - - [15/Jan/2022:08:39:09 +0800] "GET /xingrg/kc/mdqp/qqps_order_add.html HTTP/1.1" 200 28224
222.69.129.191 - - [15/Jan/2022:08:39:09 +0800] "POST /xingrg/login.do HTTP/1.1" 302 -
222.69.129.191 - - [15/Jan/2022:08:39:09 +0800] "GET /xingrg/index.html?sysBaseUrl=http%3A%2F%2F180.169.147.146%3A18081%2Fxingrg%2F&costTime=72×tamp=1642207149567 HTTP/1.1" 200 17179
222.69.129.191 - - [15/Jan/2022:08:39:09 +0800] "GET /favicon.ico HTTP/1.1" 404 -
222.69.129.191 - - [15/Jan/2022:08:39:09 +0800] "POST /xingrg/all/common/load_tree.html?tree=area_rest_tree_json&manage=1 HTTP/1.1" 200 351
222.69.129.191 - - [15/Jan/2022:08:39:10 +0800] "GET /xingrg/all/function/internal_message.html?_=1642207146456&CODE_STATE=count HTTP/1.1" 200 11
222.69.129.191 - - [15/Jan/2022:08:39:10 +0800] "GET /xingrg/check_reg.html?_=1642207146459 HTTP/1.1" 200 22
222.69.129.191 - - [15/Jan/2022:08:39:10 +0800] "POST /xingrg/load_menu.html HTTP/1.1" 200 5138
114.95.98.1 - - [15/Jan/2022:08:39:10 +0800] "GET /xingrg/javascript/jquery_easy_ui/themes/icons/template_new.png HTTP/1.1" 304 -
114.95.98.1 - - [15/Jan/2022:08:39:10 +0800] "GET /xingrg/javascript/jquery_easy_ui/themes/icons/ok.png HTTP/1.1" 304 -
114.95.98.1 - - [15/Jan/2022:08:39:10 +0800] "GET /xingrg/javascript/jquery_easy_ui/themes/icons/copy_new.png HTTP/1.1" 304 -
114.95.98.1 - - [15/Jan/2022:08:39:10 +0800] "GET /xingrg/javascript/jquery_easy_ui/themes/default/images/menu_downarrow.png HTTP/1.1" 304 -
114.95.98.1 - - [15/Jan/2022:08:39:10 +0800] "GET /xingrg/javascript/jquery_easy_ui/themes/icons/back_new.png HTTP/1.1" 304 -
114.95.98.1 - - [15/Jan/2022:08:39:10 +0800] "GET /xingrg/javascript/jquery_easy_ui/themes/icons/print.png HTTP/1.1" 304 -
114.95.98.1 - - [15/Jan/2022:08:39:10 +0800] "GET /xingrg/javascript/jquery_easy_ui/themes/default/images/combo_arrow_dot.gif HTTP/1.1" 304 -
114.95.98.1 - - [15/Jan/2022:08:39:10 +0800] "GET /xingrg/images/blue/button/kc_tab_edit.gif HTTP/1.1" 304 -
114.95.98.1 - - [15/Jan/2022:08:39:10 +0800] "GET /xingrg/images/blue/button/kc_tab_add.gif HTTP/1.1" 304 -
114.95.98.1 - - [15/Jan/2022:08:39:10 +0800] "GET /xingrg/images/blue/button/kc_tab_save.gif HTTP/1.1" 304 -
114.95.98.1 - - [15/Jan/2022:08:39:10 +0800] "GET /xingrg/images/blue/kc_tab_mid.gif HTTP/1.1" 304 -
114.95.98.1 - - [15/Jan/2022:08:39:10 +0800] "GET /xingrg/images/blue/kc_tab_left.gif HTTP/1.1" 304 -
114.95.98.1 - - [15/Jan/2022:08:39:10 +0800] "GET /xingrg/images/blue/kc_tab_right.gif HTTP/1.1" 304 -
114.95.98.1 - - [15/Jan/2022:08:39:10 +0800] "GET /xingrg/images/blue/kc_tab2_left.gif HTTP/1.1" 304 -
114.95.98.1 - - [15/Jan/2022:08:39:10 +0800] "GET /xingrg/images/blue/kc_tab2_right.gif HTTP/1.1" 304 -
114.95.98.1 - - [15/Jan/2022:08:39:10 +0800] "GET /xingrg/images/blue/button/kc_tab_del.gif HTTP/1.1" 304 -
180.152.99.39 - - [15/Jan/2022:08:39:12 +0800] "GET /xingrg/all/function/internal_message.html?_=1642207085254&CODE_STATE=getMsg HTTP/1.1" 200 27
114.84.144.24 - - [15/Jan/2022:08:39:12 +0800] "GET /xingrg/all/function/internal_message.html?_=1642206968323&CODE_STATE=getMsg HTTP/1.1" 200 27
222.69.129.191 - - [15/Jan/2022:08:39:13 +0800] "GET /xingrg/kc/buy/cgsh_order_list.html HTTP/1.1" 200 49594
222.69.129.191 - - [15/Jan/2022:08:39:14 +0800] "POST /xingrg/kc/buy/cgsh_list_operate.html HTTP/1.1" 200 876
222.69.129.191 - - [15/Jan/2022:08:39:16 +0800] "GET /xingrg/kc/buy/cgsh_order_add.html HTTP/1.1" 200 65451
222.69.129.191 - - [15/Jan/2022:08:39:16 +0800] "GET /xingrg/words/20220114135933_words.js HTTP/1.1" 304 -
222.69.129.191 - - [15/Jan/2022:08:39:17 +0800] "POST /xingrg/kc/buy/cgsh_order_operate.html HTTP/1.1" 200 8245
222.69.129.191 - - [15/Jan/2022:08:39:17 +0800] "GET /xingrg/all/common/auto_word.html?type=employee&rest_code=00149 HTTP/1.1" 200 197
222.69.129.191 - - [15/Jan/2022:08:39:17 +0800] "GET /xingrg/all/common/auto_word.html?type=employee&rest_code=00149 HTTP/1.1" 200 197
222.69.129.191 - - [15/Jan/2022:08:39:17 +0800] "GET /xingrg/javascript/easyui/themes/default/validatebox.css HTTP/1.1" 404 1104
222.69.129.191 - - [15/Jan/2022:08:39:18 +0800] "GET /xingrg/javascript/auto/indicator.gif HTTP/1.1" 404 1066
222.69.129.191 - - [15/Jan/2022:08:39:19 +0800] "GET /xingrg/javascript/jquery_tools/images/prev.gif HTTP/1.1" 404 1086
222.69.129.191 - - [15/Jan/2022:08:39:19 +0800] "GET /xingrg/javascript/jquery_tools/images/next.gif HTTP/1.1" 404 1086
114.95.98.1 - - [15/Jan/2022:08:39:22 +0800] "GET /xingrg/images/blue/wait.gif HTTP/1.1" 304 -
114.95.98.1 - - [15/Jan/2022:08:39:22 +0800] "POST /xingrg/dwr/call/plaincall/AjaxQqpsService.saveOrder.dwr HTTP/1.1" 200 78
114.95.98.1 - - [15/Jan/2022:08:39:23 +0800] "GET /xingrg/javascript/auto/indicator.gif HTTP/1.1" 404 1066
222.69.129.191 - - [15/Jan/2022:08:39:27 +0800] "GET /xingrg/kc/buy/cgsh_order_operate.html?command=get_materiel&rest_code=00149&code=00101008323&supplier_code=00100005&order_time=2022-01-15 HTTP/1.1" 200 408
114.95.98.1 - - [15/Jan/2022:08:39:28 +0800] "POST /xingrg/dwr/call/plaincall/AjaxQqpsService.getMaterielByCode.dwr HTTP/1.1" 200 2634
114.95.98.1 - - [15/Jan/2022:08:39:32 +0800] "POST /xingrg/dwr/call/plaincall/AjaxQqpsService.saveMaterielItem.dwr HTTP/1.1" 200 78
114.95.98.1 - - [15/Jan/2022:08:39:34 +0800] "POST /xingrg/dwr/call/plaincall/AjaxQqpsService.getMaterielByCode.dwr HTTP/1.1" 200 2636
222.70.217.149 - - [15/Jan/2022:08:39:35 +0800] "GET /xingrg/all/function/internal_message.html?_=1642207163715&CODE_STATE=getMsg HTTP/1.1" 200 27
114.95.98.1 - - [15/Jan/2022:08:39:38 +0800] "POST /xingrg/dwr/call/plaincall/AjaxQqpsService.saveMaterielItem.dwr HTTP/1.1" 200 78
114.95.98.1 - - [15/Jan/2022:08:39:41 +0800] "POST /xingrg/dwr/call/plaincall/AjaxQqpsService.checkOrder.dwr HTTP/1.1" 200 78
114.95.98.1 - - [15/Jan/2022:08:39:42 +0800] "GET /xingrg/kc/mdqp/qqps_order_info.html?code=302022011500361 HTTP/1.1" 200 26625
114.95.98.1 - - [15/Jan/2022:08:39:42 +0800] "GET /xingrg/dwr/interface/AjaxComOrderService.js HTTP/1.1" 200 18264
114.95.98.1 - - [15/Jan/2022:08:39:42 +0800] "GET /xingrg/dwr/interface/AjaxQqpsService.js HTTP/1.1" 200 16326
114.95.98.1 - - [15/Jan/2022:08:39:42 +0800] "GET /xingrg/dwr/engine.js HTTP/1.1" 200 43631
222.69.129.191 - - [15/Jan/2022:08:39:43 +0800] "GET /xingrg/kc/buy/cgsh_order_operate.html?command=get_materiel&rest_code=00149&code=00101008091&supplier_code=00100005&order_time=2022-01-15 HTTP/1.1" 200 413
114.95.98.1 - - [15/Jan/2022:08:39:44 +0800] "POST /xingrg/dwr/call/plaincall/AjaxQqpsService.loadMaterielItems.dwr HTTP/1.1" 200 591
114.95.98.1 - - [15/Jan/2022:08:39:52 +0800] "GET /xingrg/all/function/internal_message.html?_=1642207207697&CODE_STATE=getMsg HTTP/1.1" 200 27
222.69.129.191 - - [15/Jan/2022:08:39:53 +0800] "GET /xingrg/kc/buy/cgsh_order_operate.html?command=get_materiel&rest_code=00149&code=00101008027&supplier_code=00100005&order_time=2022-01-15 HTTP/1.1" 200 408
222.70.243.96 - - [15/Jan/2022:08:39:54 +0800] "GET /xingrg/all/function/internal_message.html?_=1642207211947&CODE_STATE=getMsg HTTP/1.1" 200 27
222.69.129.191 - - [15/Jan/2022:08:40:03 +0800] "GET /xingrg/kc/buy/cgsh_order_operate.html?command=get_materiel&rest_code=00149&code=00101008055&supplier_code=00100005&order_time=2022-01-15 HTTP/1.1" 200 409
120.253.135.82 - - [15/Jan/2022:08:40:04 +0800] "GET /xingrg/all/function/internal_message.html?_=1642207322647&CODE_STATE=getMsg HTTP/1.1" 200 27
222.69.129.191 - - [15/Jan/2022:08:40:10 +0800] "GET /xingrg/all/function/internal_message.html?_=1642207206501&CODE_STATE=getMsg HTTP/1.1" 200 27
180.152.99.39 - - [15/Jan/2022:08:40:11 +0800] "GET /xingrg/check_reg.html?_=1642207144498 HTTP/1.1" 200 22
222.69.129.191 - - [15/Jan/2022:08:40:11 +0800] "GET /xingrg/kc/buy/cgsh_order_operate.html?command=get_materiel&rest_code=00149&code=00101008257&supplier_code=00100005&order_time=2022-01-15 HTTP/1.1" 200 416
180.152.99.39 - - [15/Jan/2022:08:40:12 +0800] "GET /xingrg/all/function/internal_message.html?_=1642207145267&CODE_STATE=getMsg HTTP/1.1" 200 27
114.84.144.24 - - [15/Jan/2022:08:40:12 +0800] "GET /xingrg/all/function/internal_message.html?_=1642207028298&CODE_STATE=getMsg HTTP/1.1" 200 27
222.69.129.191 - - [15/Jan/2022:08:40:19 +0800] "GET /xingrg/kc/buy/cgsh_order_operate.html?command=get_materiel&rest_code=00149&code=00101008156&supplier_code=00100005&order_time=2022-01-15 HTTP/1.1" 200 414
222.70.217.149 - - [15/Jan/2022:08:40:27 +0800] "POST /xingrg/services/DataTransmitService HTTP/1.1" 200 524
222.69.129.191 - - [15/Jan/2022:08:40:31 +0800] "GET /xingrg/kc/buy/cgsh_order_operate.html?command=get_materiel&rest_code=00149&code=00101008349&supplier_code=00100005&order_time=2022-01-15 HTTP/1.1" 200 412
222.70.217.149 - - [15/Jan/2022:08:40:35 +0800] "GET /xingrg/all/function/internal_message.html?_=1642207223724&CODE_STATE=getMsg HTTP/1.1" 200 27
114.95.98.1 - - [15/Jan/2022:08:40:52 +0800] "GET /xingrg/all/function/internal_message.html?_=1642207267724&CODE_STATE=getMsg HTTP/1.1" 200 27
222.69.129.191 - - [15/Jan/2022:08:40:53 +0800] "GET /xingrg/kc/buy/cgsh_order_operate.html?command=get_materiel&rest_code=00149&code=00101008350&supplier_code=00100005&order_time=2022-01-15 HTTP/1.1" 200 408
222.70.243.96 - - [15/Jan/2022:08:40:54 +0800] "GET /xingrg/all/function/internal_message.html?_=1642207271960&CODE_STATE=getMsg HTTP/1.1" 200 27
120.253.135.82 - - [15/Jan/2022:08:41:04 +0800] "GET /xingrg/all/function/internal_message.html?_=1642207382743&CODE_STATE=getMsg HTTP/1.1" 200 27
222.69.129.191 - - [15/Jan/2022:08:41:10 +0800] "GET /xingrg/all/function/internal_message.html?_=1642207266483&CODE_STATE=getMsg HTTP/1.1" 200 27
180.152.99.39 - - [15/Jan/2022:08:41:12 +0800] "GET /xingrg/all/function/internal_message.html?_=1642207205281&CODE_STATE=getMsg HTTP/1.1" 200 27
114.84.144.24 - - [15/Jan/2022:08:41:12 +0800] "GET /xingrg/all/function/internal_message.html?_=1642207088279&CODE_STATE=getMsg HTTP/1.1" 200 27
222.69.129.191 - - [15/Jan/2022:08:41:26 +0800] "GET /xingrg/kc/buy/cgsh_order_operate.html?command=get_materiel&rest_code=00149&code=00101008107&supplier_code=00100005&order_time=2022-01-15 HTTP/1.1" 200 412
222.70.217.149 - - [15/Jan/2022:08:41:35 +0800] "GET /xingrg/all/function/internal_message.html?_=1642207283728&CODE_STATE=getMsg HTTP/1.1" 200 27
222.69.129.191 - - [15/Jan/2022:08:41:36 +0800] "GET /xingrg/kc/buy/cgsh_order_operate.html?command=get_materiel&rest_code=00149&code=00101008354&supplier_code=00100005&order_time=2022-01-15 HTTP/1.1" 200 412
222.69.129.191 - - [15/Jan/2022:08:41:45 +0800] "GET /xingrg/kc/buy/cgsh_order_operate.html?command=get_materiel&rest_code=00149&code=00101008028&supplier_code=00100005&order_time=2022-01-15 HTTP/1.1" 200 412
114.95.98.1 - - [15/Jan/2022:08:41:52 +0800] "GET /xingrg/all/function/internal_message.html?_=1642207327738&CODE_STATE=getMsg HTTP/1.1" 200 27
222.70.243.96 - - [15/Jan/2022:08:41:54 +0800] "GET /xingrg/all/function/internal_message.html?_=1642207331983&CODE_STATE=getMsg HTTP/1.1" 200 27
222.69.129.191 - - [15/Jan/2022:08:41:57 +0800] "GET /xingrg/kc/buy/cgsh_order_operate.html?command=get_materiel&rest_code=00149&code=00101008351&supplier_code=00100005&order_time=2022-01-15 HTTP/1.1" 200 408
120.253.135.82 - - [15/Jan/2022:08:42:04 +0800] "GET /xingrg/all/function/internal_message.html?_=1642207442746&CODE_STATE=getMsg HTTP/1.1" 200 27
58.40.7.146 - - [15/Jan/2022:08:42:05 +0800] "POST /xingrg/services/DataTransmitService HTTP/1.1" 200 524
222.69.129.191 - - [15/Jan/2022:08:42:10 +0800] "GET /xingrg/all/function/internal_message.html?_=1642207326478&CODE_STATE=getMsg HTTP/1.1" 200 27
180.152.99.39 - - [15/Jan/2022:08:42:12 +0800] "GET /xingrg/all/function/internal_message.html?_=1642207265295&CODE_STATE=getMsg HTTP/1.1" 200 27
114.84.144.24 - - [15/Jan/2022:08:42:12 +0800] "GET /xingrg/all/function/internal_message.html?_=1642207148253&CODE_STATE=getMsg HTTP/1.1" 200 27
222.69.129.191 - - [15/Jan/2022:08:42:15 +0800] "POST /xingrg/kc/buy/cgsh_order_operate.html HTTP/1.1" 200 37
58.39.168.32 - - [15/Jan/2022:08:42:24 +0800] "GET /favicon.ico HTTP/1.1" 404 -
222.69.129.191 - - [15/Jan/2022:08:42:32 +0800] "POST /xingrg/kc/buy/cgsh_order_operate.html HTTP/1.1" 200 10947
222.70.217.149 - - [15/Jan/2022:08:42:35 +0800] "GET /xingrg/all/function/internal_message.html?_=1642207343727&CODE_STATE=getMsg HTTP/1.1" 200 27
222.70.217.149 - - [15/Jan/2022:08:42:35 +0800] "GET /xingrg/check_reg.html?_=1642207343729 HTTP/1.1" 200 22
114.84.144.24 - - [15/Jan/2022:08:42:45 +0800] "GET /xingrg/check_reg.html?_=1642207181570 HTTP/1.1" 200 22
114.95.98.1 - - [15/Jan/2022:08:42:49 +0800] "GET /xingrg/images/yd/bt.gif HTTP/1.1" 404 1040
114.95.98.1 - - [15/Jan/2022:08:42:49 +0800] "GET /xingrg/images/yd/bt2.gif HTTP/1.1" 404 1042
114.95.98.1 - - [15/Jan/2022:08:42:50 +0800] "GET /xingrg/kc/mdqp/qqps_order_list.html?isBack=1 HTTP/1.1" 200 9673
114.95.98.1 - - [15/Jan/2022:08:42:51 +0800] "GET /xingrg/dwr/interface/AjaxQqpsService.js HTTP/1.1" 200 16326
114.95.98.1 - - [15/Jan/2022:08:42:51 +0800] "GET /xingrg/dwr/interface/AjaxReportQueryService.js HTTP/1.1" 200 13203
114.95.98.1 - - [15/Jan/2022:08:42:51 +0800] "GET /xingrg/dwr/engine.js HTTP/1.1" 200 43631
114.95.98.1 - - [15/Jan/2022:08:42:52 +0800] "GET /xingrg/check_reg.html?_=1642207387613 HTTP/1.1" 200 22
114.95.98.1 - - [15/Jan/2022:08:42:52 +0800] "GET /xingrg/all/function/internal_message.html?_=1642207387752&CODE_STATE=getMsg HTTP/1.1" 200 27
222.70.243.96 - - [15/Jan/2022:08:42:54 +0800] "GET /xingrg/all/function/internal_message.html?_=1642207391988&CODE_STATE=getMsg HTTP/1.1" 200 27
114.95.98.1 - - [15/Jan/2022:08:42:56 +0800] "GET /xingrg/kc/mdqp/qqps_order_list.html?isQuery=1&timeSelect=1&orderTime=day&startTime=2022-01-14&endTime=2022-01-14&state=all&query=%C8%B7++%B6%A8 HTTP/1.1" 200 12203
114.95.98.1 - - [15/Jan/2022:08:42:56 +0800] "GET /xingrg/dwr/interface/AjaxQqpsService.js HTTP/1.1" 200 16326
114.95.98.1 - - [15/Jan/2022:08:42:56 +0800] "GET /xingrg/dwr/interface/AjaxReportQueryService.js HTTP/1.1" 200 13203
114.95.98.1 - - [15/Jan/2022:08:42:56 +0800] "GET /xingrg/dwr/engine.js HTTP/1.1" 200 43631
114.95.98.1 - - [15/Jan/2022:08:42:59 +0800] "GET /xingrg/kc/mdqp/qqps_order_info.html?code=302022011400355 HTTP/1.1" 200 26629
114.95.98.1 - - [15/Jan/2022:08:42:59 +0800] "GET /xingrg/dwr/interface/AjaxComOrderService.js HTTP/1.1" 200 18264
114.95.98.1 - - [15/Jan/2022:08:42:59 +0800] "GET /xingrg/dwr/engine.js HTTP/1.1" 200 43631
114.95.98.1 - - [15/Jan/2022:08:42:59 +0800] "GET /xingrg/dwr/interface/AjaxQqpsService.js HTTP/1.1" 200 16326
114.95.98.1 - - [15/Jan/2022:08:43:00 +0800] "POST /xingrg/dwr/call/plaincall/AjaxQqpsService.loadMaterielItems.dwr HTTP/1.1" 200 5314
120.253.135.82 - - [15/Jan/2022:08:43:04 +0800] "GET /xingrg/all/function/internal_message.html?_=1642207502849&CODE_STATE=getMsg HTTP/1.1" 200 27
222.69.129.191 - - [15/Jan/2022:08:43:10 +0800] "GET /xingrg/all/function/internal_message.html?_=1642207386488&CODE_STATE=getMsg HTTP/1.1" 200 27
114.84.144.24 - - [15/Jan/2022:08:43:12 +0800] "GET /xingrg/all/function/internal_message.html?_=1642207208231&CODE_STATE=getMsg HTTP/1.1" 200 27
180.152.99.39 - - [15/Jan/2022:08:43:12 +0800] "GET /xingrg/all/function/internal_message.html?_=1642207325475&CODE_STATE=getMsg HTTP/1.1" 200 27
114.95.98.1 - - [15/Jan/2022:08:43:14 +0800] "GET /xingrg/kc/mdqp/qqps_order_list.html?isBack=1 HTTP/1.1" 302 -
114.95.98.1 - - [15/Jan/2022:08:43:14 +0800] "GET /xingrg/kc/mdqp/qqps_order_list.html?isQuery=1&timeSelect=1&orderTime=day&startTime=2022-01-14&endTime=2022-01-14&state=all&query=%C8%B7++%B6%A8 HTTP/1.1" 200 12203
114.95.98.1 - - [15/Jan/2022:08:43:15 +0800] "GET /xingrg/dwr/interface/AjaxReportQueryService.js HTTP/1.1" 200 13203
114.95.98.1 - - [15/Jan/2022:08:43:15 +0800] "GET /xingrg/dwr/interface/AjaxQqpsService.js HTTP/1.1" 200 16326
114.95.98.1 - - [15/Jan/2022:08:43:15 +0800] "GET /xingrg/dwr/engine.js HTTP/1.1" 200 43631
120.253.135.82 - - [15/Jan/2022:08:43:19 +0800] "GET /xingrg/check_reg.html?_=1642207517786 HTTP/1.1" 200 22
222.70.217.149 - - [15/Jan/2022:08:43:35 +0800] "GET /xingrg/all/function/internal_message.html?_=1642207403720&CODE_STATE=getMsg HTTP/1.1" 200 27
114.95.98.1 - - [15/Jan/2022:08:43:52 +0800] "GET /xingrg/all/function/internal_message.html?_=1642207447766&CODE_STATE=getMsg HTTP/1.1" 200 27
222.70.243.96 - - [15/Jan/2022:08:43:54 +0800] "GET /xingrg/all/function/internal_message.html?_=1642207452011&CODE_STATE=getMsg HTTP/1.1" 200 27
120.253.135.82 - - [15/Jan/2022:08:44:04 +0800] "GET /xingrg/all/function/internal_message.html?_=1642207562851&CODE_STATE=getMsg HTTP/1.1" 200 27
222.70.243.96 - - [15/Jan/2022:08:44:07 +0800] "GET /xingrg/check_reg.html?_=1642207465260 HTTP/1.1" 200 22
222.69.129.191 - - [15/Jan/2022:08:44:10 +0800] "GET /xingrg/check_reg.html?_=1642207446478 HTTP/1.1" 200 22
222.69.129.191 - - [15/Jan/2022:08:44:10 +0800] "GET /xingrg/all/function/internal_message.html?_=1642207446481&CODE_STATE=getMsg HTTP/1.1" 200 27
114.84.144.24 - - [15/Jan/2022:08:44:12 +0800] "GET /xingrg/all/function/internal_message.html?_=1642207268199&CODE_STATE=getMsg HTTP/1.1" 200 27
180.152.99.39 - - [15/Jan/2022:08:44:12 +0800] "GET /xingrg/all/function/internal_message.html?_=1642207385478&CODE_STATE=getMsg HTTP/1.1" 200 27
222.70.217.149 - - [15/Jan/2022:08:44:35 +0800] "GET /xingrg/all/function/internal_message.html?_=1642207463721&CODE_STATE=getMsg HTTP/1.1" 200 27
114.95.98.1 - - [15/Jan/2022:08:44:52 +0800] "GET /xingrg/all/function/internal_message.html?_=1642207507779&CODE_STATE=getMsg HTTP/1.1" 200 27
222.70.243.96 - - [15/Jan/2022:08:44:54 +0800] "GET /xingrg/all/function/internal_message.html?_=1642207512014&CODE_STATE=getMsg HTTP/1.1" 200 27
120.253.135.82 - - [15/Jan/2022:08:45:04 +0800] "GET /xingrg/all/function/internal_message.html?_=1642207622864&CODE_STATE=getMsg HTTP/1.1" 200 27
222.69.129.191 - - [15/Jan/2022:08:45:10 +0800] "GET /xingrg/all/function/internal_message.html?_=1642207506486&CODE_STATE=getMsg HTTP/1.1" 200 27
180.152.99.39 - - [15/Jan/2022:08:45:11 +0800] "GET /xingrg/check_reg.html?_=1642207444658 HTTP/1.1" 200 22
114.84.144.24 - - [15/Jan/2022:08:45:12 +0800] "GET /xingrg/all/function/internal_message.html?_=1642207328193&CODE_STATE=getMsg HTTP/1.1" 200 27
180.152.99.39 - - [15/Jan/2022:08:45:12 +0800] "GET /xingrg/all/function/internal_message.html?_=1642207445491&CODE_STATE=getMsg HTTP/1.1" 200 27
120.253.135.82 - - [15/Jan/2022:08:45:28 +0800] "POST /xingrg/kc/pszx/mdps_list_operate.html HTTP/1.1" 200 5440
58.39.168.32 - - [15/Jan/2022:08:45:30 +0800] "GET /xingrg/index.html?sysBaseUrl=http%3A%2F%2F180.169.147.146%3A18081%2Fxingrg%2F&costTime=36×tamp=1585223203754 HTTP/1.1" 302 -
58.39.168.32 - - [15/Jan/2022:08:45:30 +0800] "GET /xingrg/login.html HTTP/1.1" 200 7641
58.39.168.32 - - [15/Jan/2022:08:45:30 +0800] "GET /xingrg/images/blue/jxLogo.png HTTP/1.1" 304 -
58.39.168.32 - - [15/Jan/2022:08:45:30 +0800] "GET /xingrg/images/blue/login_bg.png HTTP/1.1" 304 -
58.39.168.32 - - [15/Jan/2022:08:45:30 +0800] "GET /favicon.ico HTTP/1.1" 404 -
58.39.168.32 - - [15/Jan/2022:08:45:30 +0800] "GET /xingrg/images/blue/hj.png HTTP/1.1" 304 -
58.39.168.32 - - [15/Jan/2022:08:45:30 +0800] "GET /xingrg/images/blue/srbg.png HTTP/1.1" 304 -
58.39.168.32 - - [15/Jan/2022:08:45:31 +0800] "POST /xingrg/login.do HTTP/1.1" 200 2421
58.39.168.32 - - [15/Jan/2022:08:45:31 +0800] "GET /xingrg/css/blue.css HTTP/1.1" 304 -
58.39.168.32 - - [15/Jan/2022:08:45:31 +0800] "GET /xingrg/javascript/myfunction.js HTTP/1.1" 304 -
58.39.168.32 - - [15/Jan/2022:08:45:31 +0800] "GET /xingrg/images/blue/pic_notice.jpg HTTP/1.1" 304 -
58.39.168.32 - - [15/Jan/2022:08:45:31 +0800] "GET /xingrg/images/blue/pic_top.gif HTTP/1.1" 304 -
58.39.168.32 - - [15/Jan/2022:08:45:31 +0800] "GET /xingrg/images/blue/error_buttom.gif HTTP/1.1" 304 -
58.39.168.32 - - [15/Jan/2022:08:45:31 +0800] "GET /xingrg/images/blue/error_mid.gif HTTP/1.1" 304 -
58.39.168.32 - - [15/Jan/2022:08:45:31 +0800] "GET /xingrg/images/blue/error_top.gif HTTP/1.1" 304 -
58.39.168.32 - - [15/Jan/2022:08:45:31 +0800] "GET /favicon.ico HTTP/1.1" 404 -
58.39.168.32 - - [15/Jan/2022:08:45:32 +0800] "GET /xingrg/login.html HTTP/1.1" 200 7641
58.39.168.32 - - [15/Jan/2022:08:45:32 +0800] "GET /favicon.ico HTTP/1.1" 404 -
58.39.168.32 - - [15/Jan/2022:08:45:32 +0800] "POST /xingrg/login.do HTTP/1.1" 302 -
58.39.168.32 - - [15/Jan/2022:08:45:32 +0800] "GET /xingrg/javascript/jquery_easy_ui/themes/default/easyui.css HTTP/1.1" 304 -
58.39.168.32 - - [15/Jan/2022:08:45:32 +0800] "GET /xingrg/javascript/jquery_easy_ui/themes/icon.css HTTP/1.1" 304 -
58.39.168.32 - - [15/Jan/2022:08:45:32 +0800] "GET /xingrg/css/form.css HTTP/1.1" 304 -
58.39.168.32 - - [15/Jan/2022:08:45:32 +0800] "GET /xingrg/index.html?sysBaseUrl=http%3A%2F%2F180.169.147.146%3A18081%2Fxingrg%2F&costTime=44×tamp=1642207532853 HTTP/1.1" 200 17173
58.39.168.32 - - [15/Jan/2022:08:45:32 +0800] "GET /xingrg/javascript/jquery-1.4.2.min.js HTTP/1.1" 304 -
58.39.168.32 - - [15/Jan/2022:08:45:32 +0800] "GET /xingrg/javascript/jquery.form.js HTTP/1.1" 304 -
58.39.168.32 - - [15/Jan/2022:08:45:32 +0800] "GET /xingrg/javascript/jquery.timers.js HTTP/1.1" 304 -
58.39.168.32 - - [15/Jan/2022:08:45:32 +0800] "GET /xingrg/javascript/jquery_easy_ui/easyui-lang-zh_CN.js HTTP/1.1" 304 -
58.39.168.32 - - [15/Jan/2022:08:45:32 +0800] "GET /xingrg/javascript/jquery_easy_ui/jquery.easyui.min.js HTTP/1.1" 304 -
58.39.168.32 - - [15/Jan/2022:08:45:32 +0800] "GET /xingrg/javascript/jquery.utils.js HTTP/1.1" 304 -
58.39.168.32 - - [15/Jan/2022:08:45:32 +0800] "GET /favicon.ico HTTP/1.1" 404 -
58.39.168.32 - - [15/Jan/2022:08:45:32 +0800] "GET /xingrg/javascript/jquery_easy_ui/themes/icons/settle_new.png HTTP/1.1" 304 -
58.39.168.32 - - [15/Jan/2022:08:45:32 +0800] "GET /xingrg/images/blue/navBackgound.jpg HTTP/1.1" 304 -
58.39.168.32 - - [15/Jan/2022:08:45:33 +0800] "POST /xingrg/all/common/load_tree.html?tree=area_rest_tree_json&manage=1 HTTP/1.1" 200 3472
58.39.168.32 - - [15/Jan/2022:08:45:33 +0800] "GET /xingrg/all/function/internal_message.html?_=1642207530102&CODE_STATE=count HTTP/1.1" 200 11
58.39.168.32 - - [15/Jan/2022:08:45:33 +0800] "GET /xingrg/images/blue/pingpu.png HTTP/1.1" 304 -
58.39.168.32 - - [15/Jan/2022:08:45:33 +0800] "GET /xingrg/check_reg.html?_=1642207530103 HTTP/1.1" 200 22
58.39.168.32 - - [15/Jan/2022:08:45:33 +0800] "GET /xingrg/javascript/jquery_easy_ui/themes/default/images/tabs_leftarrow.png HTTP/1.1" 304 -
58.39.168.32 - - [15/Jan/2022:08:45:33 +0800] "GET /xingrg/javascript/jquery_easy_ui/themes/default/images/panel_tool_collapse.gif HTTP/1.1" 304 -
58.39.168.32 - - [15/Jan/2022:08:45:33 +0800] "GET /xingrg/javascript/jquery_easy_ui/themes/default/images/tabs_rightarrow.png HTTP/1.1" 304 -
58.39.168.32 - - [15/Jan/2022:08:45:33 +0800] "POST /xingrg/load_menu.html HTTP/1.1" 200 5138
58.39.168.32 - - [15/Jan/2022:08:45:33 +0800] "GET /xingrg/javascript/jquery_easy_ui/themes/default/images/tree_arrows.gif HTTP/1.1" 304 -
58.39.168.32 - - [15/Jan/2022:08:45:33 +0800] "GET /xingrg/javascript/jquery_easy_ui/themes/icons/search_new.png HTTP/1.1" 304 -
58.39.168.32 - - [15/Jan/2022:08:45:33 +0800] "GET /xingrg/javascript/jquery_easy_ui/themes/default/images/tree_folder_open.gif HTTP/1.1" 304 -
58.39.168.32 - - [15/Jan/2022:08:45:33 +0800] "GET /xingrg/javascript/jquery_easy_ui/themes/default/images/tree_folder.gif HTTP/1.1" 304 -
58.39.168.32 - - [15/Jan/2022:08:45:33 +0800] "GET /xingrg/javascript/jquery_easy_ui/themes/icons/storage_new.png HTTP/1.1" 304 -
58.39.168.32 - - [15/Jan/2022:08:45:33 +0800] "GET /xingrg/javascript/jquery_easy_ui/themes/icons/forms_new.png HTTP/1.1" 304 -
58.39.168.32 - - [15/Jan/2022:08:45:33 +0800] "GET /xingrg/javascript/jquery_easy_ui/themes/default/images/tree_file.gif HTTP/1.1" 304 -
222.70.217.149 - - [15/Jan/2022:08:45:35 +0800] "GET /xingrg/all/function/internal_message.html?_=1642207523722&CODE_STATE=getMsg HTTP/1.1" 200 27
58.39.168.32 - - [15/Jan/2022:08:45:36 +0800] "GET /xingrg/javascript/jquery_easy_ui/themes/default/images/tabs_close.gif HTTP/1.1" 304 -
58.39.168.32 - - [15/Jan/2022:08:45:36 +0800] "GET /xingrg/css/base.css HTTP/1.1" 304 -
58.39.168.32 - - [15/Jan/2022:08:45:36 +0800] "GET /xingrg/css/site.css HTTP/1.1" 304 -
58.39.168.32 - - [15/Jan/2022:08:45:36 +0800] "GET /xingrg/javascript/jquery_tools/datebox.css HTTP/1.1" 304 -
58.39.168.32 - - [15/Jan/2022:08:45:36 +0800] "GET /xingrg/javascript/easyui/themes/default/easyui.css HTTP/1.1" 304 -
58.39.168.32 - - [15/Jan/2022:08:45:36 +0800] "GET /xingrg/javascript/easyui/themes/icon.css HTTP/1.1" 304 -
58.39.168.32 - - [15/Jan/2022:08:45:36 +0800] "GET /xingrg/javascript/auto/jquery.autocomplete.css HTTP/1.1" 304 -
58.39.168.32 - - [15/Jan/2022:08:45:36 +0800] "GET /xingrg/javascript/jquery_tools/fix.css HTTP/1.1" 304 -
58.39.168.32 - - [15/Jan/2022:08:45:36 +0800] "GET /xingrg/javascript/jquery_tools/table.css HTTP/1.1" 304 -
58.39.168.32 - - [15/Jan/2022:08:45:36 +0800] "GET /xingrg/javascript/jquery_tools/jquery.tools.min.js HTTP/1.1" 304 -
58.39.168.32 - - [15/Jan/2022:08:45:36 +0800] "GET /xingrg/javascript/jquery_tools/jquery.tools.extend.js HTTP/1.1" 304 -
58.39.168.32 - - [15/Jan/2022:08:45:36 +0800] "GET /xingrg/javascript/jquery_tools/jquery.tools.table.js HTTP/1.1" 304 -
58.39.168.32 - - [15/Jan/2022:08:45:36 +0800] "GET /xingrg/javascript/jquery_tools/jquery.tools.hotkey.js HTTP/1.1" 304 -
58.39.168.32 - - [15/Jan/2022:08:45:36 +0800] "GET /xingrg/javascript/jquery.cookie.js HTTP/1.1" 304 -
58.39.168.32 - - [15/Jan/2022:08:45:36 +0800] "GET /xingrg/javascript/jquery_tools/list_manager.js HTTP/1.1" 304 -
58.39.168.32 - - [15/Jan/2022:08:45:36 +0800] "GET /xingrg/javascript/auto/jquery.autocomplete.js HTTP/1.1" 304 -
58.39.168.32 - - [15/Jan/2022:08:45:36 +0800] "GET /xingrg/javascript/print/LodopFuncs.js HTTP/1.1" 304 -
58.39.168.32 - - [15/Jan/2022:08:45:36 +0800] "GET /xingrg/javascript/easyui/easyloader.js HTTP/1.1" 304 -
58.39.168.32 - - [15/Jan/2022:08:45:36 +0800] "GET /xingrg/kc/buy/cgsh_order_list.html HTTP/1.1" 200 49588
58.39.168.32 - - [15/Jan/2022:08:45:36 +0800] "GET /xingrg/javascript/easyui/themes/icons/edit_add_new.png HTTP/1.1" 304 -
58.39.168.32 - - [15/Jan/2022:08:45:36 +0800] "GET /xingrg/javascript/easyui/themes/icons/cance_new.png HTTP/1.1" 304 -
58.39.168.32 - - [15/Jan/2022:08:45:36 +0800] "GET /xingrg/javascript/easyui/themes/icons/check_new.png HTTP/1.1" 304 -
58.39.168.32 - - [15/Jan/2022:08:45:36 +0800] "GET /xingrg/javascript/easyui/themes/icons/field_new.png HTTP/1.1" 304 -
58.39.168.32 - - [15/Jan/2022:08:45:36 +0800] "GET /xingrg/javascript/easyui/themes/icons/import_new.png HTTP/1.1" 304 -
58.39.168.32 - - [15/Jan/2022:08:45:36 +0800] "GET /xingrg/javascript/easyui/plugins/jquery.parser.js HTTP/1.1" 304 -
58.39.168.32 - - [15/Jan/2022:08:45:36 +0800] "GET /xingrg/images/control/ajaxLoader.gif HTTP/1.1" 304 -
58.39.168.32 - - [15/Jan/2022:08:45:37 +0800] "POST /xingrg/kc/buy/cgsh_list_operate.html HTTP/1.1" 200 876
58.39.168.32 - - [15/Jan/2022:08:45:37 +0800] "GET /xingrg/javascript/easyui/themes/default/images/button_plain_hover.png HTTP/1.1" 304 -
58.39.168.32 - - [15/Jan/2022:08:45:38 +0800] "GET /xingrg/javascript/pic_change.js HTTP/1.1" 304 -
58.39.168.32 - - [15/Jan/2022:08:45:38 +0800] "GET /xingrg/javascript/json2.js HTTP/1.1" 304 -
58.39.168.32 - - [15/Jan/2022:08:45:38 +0800] "GET /xingrg/javascript/convert.js HTTP/1.1" 304 -
58.39.168.32 - - [15/Jan/2022:08:45:38 +0800] "GET /xingrg/javascript/jquery_tools/order_manager.js HTTP/1.1" 304 -
58.39.168.32 - - [15/Jan/2022:08:45:38 +0800] "GET /xingrg/javascript/print/kc_print.js HTTP/1.1" 304 -
58.39.168.32 - - [15/Jan/2022:08:45:38 +0800] "GET /xingrg/kc/buy/cgsh_order_add.html HTTP/1.1" 200 65445
58.39.168.32 - - [15/Jan/2022:08:45:38 +0800] "GET /xingrg/words/20220114135933_words.js HTTP/1.1" 200 883993
58.39.168.32 - - [15/Jan/2022:08:45:38 +0800] "GET /xingrg/javascript/easyui/themes/icons/template_new.png HTTP/1.1" 304 -
58.39.168.32 - - [15/Jan/2022:08:45:38 +0800] "GET /xingrg/javascript/easyui/themes/icons/ok.png HTTP/1.1" 304 -
58.39.168.32 - - [15/Jan/2022:08:45:38 +0800] "GET /xingrg/javascript/easyui/themes/icons/copy_new.png HTTP/1.1" 304 -
58.39.168.32 - - [15/Jan/2022:08:45:38 +0800] "GET /xingrg/javascript/easyui/themes/default/images/menu_downarrow.png HTTP/1.1" 304 -
58.39.168.32 - - [15/Jan/2022:08:45:38 +0800] "GET /xingrg/javascript/easyui/themes/icons/cancel.png HTTP/1.1" 304 -
58.39.168.32 - - [15/Jan/2022:08:45:38 +0800] "GET /xingrg/javascript/easyui/themes/icons/print.png HTTP/1.1" 304 -
58.39.168.32 - - [15/Jan/2022:08:45:39 +0800] "POST /xingrg/kc/buy/cgsh_order_operate.html HTTP/1.1" 200 8245
58.39.168.32 - - [15/Jan/2022:08:45:39 +0800] "GET /xingrg/all/common/auto_word.html?type=employee&rest_code=00105 HTTP/1.1" 200 193
58.39.168.32 - - [15/Jan/2022:08:45:39 +0800] "GET /xingrg/all/common/auto_word.html?type=employee&rest_code=00105 HTTP/1.1" 200 193
58.39.168.32 - - [15/Jan/2022:08:45:39 +0800] "GET /xingrg/javascript/easyui/themes/default/validatebox.css HTTP/1.1" 404 1104
58.39.168.32 - - [15/Jan/2022:08:45:39 +0800] "GET /xingrg/javascript/easyui/plugins/jquery.validatebox.js HTTP/1.1" 304 -
58.39.168.32 - - [15/Jan/2022:08:45:39 +0800] "GET /xingrg/javascript/easyui/themes/icons/edit_remove.png HTTP/1.1" 304 -
58.39.168.32 - - [15/Jan/2022:08:45:39 +0800] "GET /xingrg/javascript/easyui/plugins/jquery.numberbox.js HTTP/1.1" 304 -
222.69.129.191 - - [15/Jan/2022:08:45:39 +0800] "GET /xingrg/kc/buy/cgsh_order_operate.html?command=get_materiel&rest_code=00149&code=00101008186&supplier_code=00100005&order_time=2022-01-15 HTTP/1.1" 200 408
58.39.168.32 - - [15/Jan/2022:08:45:40 +0800] "GET /xingrg/javascript/auto/indicator.gif HTTP/1.1" 404 1066
222.69.129.191 - - [15/Jan/2022:08:45:48 +0800] "GET /xingrg/kc/buy/cgsh_order_operate.html?command=get_materiel&rest_code=00149&code=00101008026&supplier_code=00100005&order_time=2022-01-15 HTTP/1.1" 200 409
114.95.98.1 - - [15/Jan/2022:08:45:52 +0800] "GET /xingrg/all/function/internal_message.html?_=1642207567799&CODE_STATE=getMsg HTTP/1.1" 200 27
222.70.243.96 - - [15/Jan/2022:08:45:54 +0800] "GET /xingrg/all/function/internal_message.html?_=1642207572027&CODE_STATE=getMsg HTTP/1.1" 200 27
222.69.129.191 - - [15/Jan/2022:08:45:55 +0800] "GET /xingrg/kc/buy/cgsh_order_operate.html?command=get_materiel&rest_code=00149&code=00101008096&supplier_code=00100005&order_time=2022-01-15 HTTP/1.1" 200 413
120.253.135.82 - - [15/Jan/2022:08:45:56 +0800] "POST /xingrg/kc/pszx/mdps_list_operate.html HTTP/1.1" 200 5336
120.253.135.82 - - [15/Jan/2022:08:46:00 +0800] "POST /xingrg/kc/pszx/mdps_list_operate.html HTTP/1.1" 200 213
120.253.135.82 - - [15/Jan/2022:08:46:00 +0800] "GET /xingrg/kc/pszx/mdps_order_info.html?code=312022011400488 HTTP/1.1" 200 23931
120.253.135.82 - - [15/Jan/2022:08:46:00 +0800] "GET /xingrg/javascript/easyui/themes/default/validatebox.css HTTP/1.1" 404 1104
120.253.135.82 - - [15/Jan/2022:08:46:00 +0800] "POST /xingrg/kc/pszx/mdps_order_operate.html HTTP/1.1" 200 2294
120.253.135.82 - - [15/Jan/2022:08:46:02 +0800] "POST /xingrg/kc/pszx/mdps_list_operate.html HTTP/1.1" 200 5336
120.253.135.82 - - [15/Jan/2022:08:46:04 +0800] "GET /xingrg/all/function/internal_message.html?_=1642207682877&CODE_STATE=getMsg HTTP/1.1" 200 27
222.69.129.191 - - [15/Jan/2022:08:46:04 +0800] "GET /xingrg/kc/buy/cgsh_order_operate.html?command=get_materiel&rest_code=00149&code=00101008038&supplier_code=00100005&order_time=2022-01-15 HTTP/1.1" 200 412
222.69.129.191 - - [15/Jan/2022:08:46:06 +0800] "POST /xingrg/kc/buy/cgsh_order_operate.html HTTP/1.1" 200 2065
58.39.168.32 - - [15/Jan/2022:08:46:07 +0800] "GET /xingrg/kc/buy/cgsh_order_operate.html?command=get_materiel&rest_code=00105&code=00101007021&supplier_code=00100002&order_time=2022-01-15 HTTP/1.1" 200 409
120.253.135.82 - - [15/Jan/2022:08:46:08 +0800] "POST /xingrg/kc/pszx/mdps_list_operate.html HTTP/1.1" 200 5440
222.69.129.191 - - [15/Jan/2022:08:46:10 +0800] "GET /xingrg/all/function/internal_message.html?_=1642207566493&CODE_STATE=getMsg HTTP/1.1" 200 27
114.84.144.24 - - [15/Jan/2022:08:46:12 +0800] "GET /xingrg/all/function/internal_message.html?_=1642207388173&CODE_STATE=getMsg HTTP/1.1" 200 27
180.152.99.39 - - [15/Jan/2022:08:46:12 +0800] "GET /xingrg/all/function/internal_message.html?_=1642207505505&CODE_STATE=getMsg HTTP/1.1" 200 27
222.69.129.191 - - [15/Jan/2022:08:46:18 +0800] "GET /xingrg/kc/buy/cgsh_order_operate.html?command=get_materiel&rest_code=00149&code=00101008051&supplier_code=00100005&order_time=2022-01-15 HTTP/1.1" 200 409
120.253.135.82 - - [15/Jan/2022:08:46:21 +0800] "POST /xingrg/kc/pszx/mdps_list_operate.html HTTP/1.1" 200 633
120.253.135.82 - - [15/Jan/2022:08:46:21 +0800] "GET /xingrg/kc/pszx/mdps_order_info.html?code=312022011500513 HTTP/1.1" 200 23925
120.253.135.82 - - [15/Jan/2022:08:46:22 +0800] "GET /xingrg/javascript/easyui/themes/default/validatebox.css HTTP/1.1" 404 1104
120.253.135.82 - - [15/Jan/2022:08:46:22 +0800] "POST /xingrg/kc/pszx/mdps_order_operate.html HTTP/1.1" 200 20373
58.39.168.32 - - [15/Jan/2022:08:46:22 +0800] "GET /xingrg/kc/buy/cgsh_order_operate.html?command=get_materiel&rest_code=00105&code=00101007061&supplier_code=00100002&order_time=2022-01-15 HTTP/1.1" 200 411
120.253.135.82 - - [15/Jan/2022:08:46:28 +0800] "POST /xingrg/kc/pszx/mdps_list_operate.html HTTP/1.1" 200 5440
120.253.135.82 - - [15/Jan/2022:08:46:31 +0800] "POST /xingrg/kc/pszx/mdps_list_operate.html HTTP/1.1" 200 5497
222.69.129.191 - - [15/Jan/2022:08:46:32 +0800] "GET /xingrg/kc/buy/cgsh_order_operate.html?command=get_materiel&rest_code=00149&code=00101008163&supplier_code=00100005&order_time=2022-01-15 HTTP/1.1" 200 409
58.39.168.32 - - [15/Jan/2022:08:46:33 +0800] "GET /xingrg/all/function/internal_message.html?_=1642207590137&CODE_STATE=getMsg HTTP/1.1" 200 27
222.70.217.149 - - [15/Jan/2022:08:46:35 +0800] "GET /xingrg/all/function/internal_message.html?_=1642207583728&CODE_STATE=getMsg HTTP/1.1" 200 27
120.253.135.82 - - [15/Jan/2022:08:46:38 +0800] "POST /xingrg/kc/pszx/mdps_list_operate.html HTTP/1.1" 200 202
222.69.129.191 - - [15/Jan/2022:08:46:42 +0800] "GET /xingrg/kc/buy/cgsh_order_operate.html?command=get_materiel&rest_code=00149&code=00101008224&supplier_code=00100005&order_time=2022-01-15 HTTP/1.1" 200 416
120.253.135.82 - - [15/Jan/2022:08:46:47 +0800] "POST /xingrg/kc/pszx/mdps_list_operate.html HTTP/1.1" 200 626
120.253.135.82 - - [15/Jan/2022:08:46:47 +0800] "GET /xingrg/kc/pszx/mdps_order_info.html?code=312022011500516 HTTP/1.1" 200 23931
120.253.135.82 - - [15/Jan/2022:08:46:47 +0800] "GET /xingrg/javascript/easyui/themes/default/validatebox.css HTTP/1.1" 404 1104
120.253.135.82 - - [15/Jan/2022:08:46:47 +0800] "POST /xingrg/kc/pszx/mdps_order_operate.html HTTP/1.1" 200 23305
58.39.168.32 - - [15/Jan/2022:08:46:49 +0800] "GET /xingrg/kc/buy/cgsh_order_operate.html?command=get_materiel&rest_code=00105&code=00101007081&supplier_code=00100002&order_time=2022-01-15 HTTP/1.1" 200 413
