222.69.128.102 - - [14/Jan/2022:08:50:30 +0800] "GET /xingrg/kc/buy/cgsh_order_operate.html?command=get_materiel&rest_code=00149&code=00101008251&supplier_code=00100005&order_time=2022-01-14 HTTP/1.1" 200 408
222.69.128.102 - - [14/Jan/2022:08:50:30 +0800] "GET /xingrg/all/function/internal_message.html?_=1642121427939&CODE_STATE=getMsg HTTP/1.1" 200 27
180.152.99.39 - - [14/Jan/2022:08:50:35 +0800] "POST /xingrg/kc/buy/cgsh_order_operate.html HTTP/1.1" 200 12
58.39.168.32 - - [14/Jan/2022:08:50:37 +0800] "GET /xingrg/all/function/internal_message.html?_=1642121371564&CODE_STATE=getMsg HTTP/1.1" 200 27
58.39.168.32 - - [14/Jan/2022:08:50:37 +0800] "GET /xingrg/check_reg.html?_=1642121371567 HTTP/1.1" 200 22
222.70.243.96 - - [14/Jan/2022:08:50:37 +0800] "POST /xingrg/services/DataTransmitService HTTP/1.1" 200 524
222.70.217.149 - - [14/Jan/2022:08:50:39 +0800] "GET /xingrg/all/function/internal_message.html?_=1642121430314&CODE_STATE=getMsg HTTP/1.1" 200 27
222.70.177.227 - - [14/Jan/2022:08:50:39 +0800] "GET /xingrg/all/function/internal_message.html?_=1642121433402&CODE_STATE=getMsg HTTP/1.1" 200 27
222.69.128.102 - - [14/Jan/2022:08:50:39 +0800] "GET /xingrg/kc/buy/cgsh_order_operate.html?command=get_materiel&rest_code=00149&code=00101008360&supplier_code=00100005&order_time=2022-01-14 HTTP/1.1" 200 413
120.253.135.82 - - [14/Jan/2022:08:50:39 +0800] "GET /xingrg/all/function/internal_message.html?_=1642121223731&CODE_STATE=getMsg HTTP/1.1" 200 27
180.152.99.39 - - [14/Jan/2022:08:50:43 +0800] "GET /xingrg/kc/buy/cgsh_order_info.html?code=212022011406448 HTTP/1.1" 200 59876
180.152.99.39 - - [14/Jan/2022:08:50:43 +0800] "POST /xingrg/kc/buy/cgsh_order_operate.html HTTP/1.1" 200 -
180.152.99.39 - - [14/Jan/2022:08:50:44 +0800] "GET /xingrg/javascript/easyui/themes/default/validatebox.css HTTP/1.1" 404 1104
114.84.144.24 - - [14/Jan/2022:08:50:44 +0800] "GET /xingrg/all/function/internal_message.html?_=1642121259682&CODE_STATE=getMsg HTTP/1.1" 200 27
180.152.99.39 - - [14/Jan/2022:08:50:45 +0800] "POST /xingrg/kc/buy/cgsh_order_operate.html HTTP/1.1" 200 8404
180.152.99.39 - - [14/Jan/2022:08:50:47 +0800] "GET /xingrg/kc/print/load_data.html?order_code=212022011406448&kc_code=cgsh&condition= HTTP/1.1" 200 3709
222.69.128.102 - - [14/Jan/2022:08:50:47 +0800] "GET /xingrg/kc/buy/cgsh_order_operate.html?command=get_materiel&rest_code=00149&code=00101008077&supplier_code=00100005&order_time=2022-01-14 HTTP/1.1" 200 416
180.152.99.39 - - [14/Jan/2022:08:50:48 +0800] "GET /xingrg/all/function/internal_message.html?_=1642121382503&CODE_STATE=getMsg HTTP/1.1" 200 27
120.253.135.82 - - [14/Jan/2022:08:50:50 +0800] "GET /xingrg/check_reg.html?_=1642121234259 HTTP/1.1" 200 22
180.152.99.39 - - [14/Jan/2022:08:50:56 +0800] "GET /xingrg/kc/buy/cgsh_order_add.html HTTP/1.1" 200 64973
58.39.168.32 - - [14/Jan/2022:08:50:56 +0800] "GET /xingrg/all/function/internal_message.html?_=1642121452791&CODE_STATE=getMsg HTTP/1.1" 200 27
180.152.99.39 - - [14/Jan/2022:08:50:56 +0800] "POST /xingrg/kc/buy/cgsh_order_operate.html HTTP/1.1" 200 8245
180.152.99.39 - - [14/Jan/2022:08:50:56 +0800] "GET /xingrg/javascript/easyui/themes/default/validatebox.css HTTP/1.1" 404 1104
222.70.243.96 - - [14/Jan/2022:08:50:57 +0800] "GET /xingrg/all/function/internal_message.html?_=1642121469798&CODE_STATE=getMsg HTTP/1.1" 302 -
58.39.168.32 - - [14/Jan/2022:08:50:58 +0800] "GET /xingrg/kc/buy/cgsh_order_operate.html?command=get_materiel&rest_code=00105&code=00101020041&supplier_code=00100203&order_time=2022-01-14 HTTP/1.1" 200 413
180.152.99.39 - - [14/Jan/2022:08:51:05 +0800] "GET /xingrg/kc/buy/cgsh_order_operate.html?command=get_materiel&rest_code=00151&code=00101009078&supplier_code=00100424&order_time=2022-01-14 HTTP/1.1" 200 394
222.70.243.96 - - [14/Jan/2022:08:51:07 +0800] "POST /xingrg/services/DataTransmitService HTTP/1.1" 200 501
222.70.243.96 - - [14/Jan/2022:08:51:16 +0800] "POST /xingrg/services/DataTransmitService HTTP/1.1" 200 524
180.152.99.39 - - [14/Jan/2022:08:51:17 +0800] "GET /xingrg/kc/buy/cgsh_order_operate.html?command=get_materiel&rest_code=00151&code=00101009106&supplier_code=00100424&order_time=2022-01-14 HTTP/1.1" 200 392
222.70.243.96 - - [14/Jan/2022:08:51:17 +0800] "POST /xingrg/services/DataTransmitService HTTP/1.1" 200 412
222.70.243.96 - - [14/Jan/2022:08:51:19 +0800] "POST /xingrg/services/DataTransmitService HTTP/1.1" 200 524
222.70.243.96 - - [14/Jan/2022:08:51:20 +0800] "POST /xingrg/services/DataTransmitService HTTP/1.1" 200 2167
222.70.243.96 - - [14/Jan/2022:08:51:22 +0800] "POST /xingrg/services/DataTransmitService HTTP/1.1" 200 524
222.70.243.96 - - [14/Jan/2022:08:51:23 +0800] "POST /xingrg/services/DataTransmitService HTTP/1.1" 200 2167
222.69.128.102 - - [14/Jan/2022:08:51:24 +0800] "POST /xingrg/kc/buy/cgsh_order_operate.html HTTP/1.1" 200 2065
222.70.243.96 - - [14/Jan/2022:08:51:26 +0800] "GET /xingrg/all/function/internal_message.html?_=1642121500597&CODE_STATE=getMsg HTTP/1.1" 200 27
222.70.243.96 - - [14/Jan/2022:08:51:26 +0800] "POST /xingrg/services/DataTransmitService HTTP/1.1" 200 524
222.70.243.96 - - [14/Jan/2022:08:51:27 +0800] "POST /xingrg/services/DataTransmitService HTTP/1.1" 200 2167
180.152.99.39 - - [14/Jan/2022:08:51:29 +0800] "GET /xingrg/kc/buy/cgsh_order_operate.html?command=get_materiel&rest_code=00151&code=00101009053&supplier_code=00100424&order_time=2022-01-14 HTTP/1.1" 200 408
222.69.128.102 - - [14/Jan/2022:08:51:31 +0800] "GET /xingrg/check_reg.html?_=1642121487932 HTTP/1.1" 200 22
222.69.128.102 - - [14/Jan/2022:08:51:31 +0800] "GET /xingrg/all/function/internal_message.html?_=1642121487935&CODE_STATE=getMsg HTTP/1.1" 200 27
180.152.99.39 - - [14/Jan/2022:08:51:34 +0800] "GET /xingrg/javascript/jquery_easy_ui/themes/default/images/tabs_active.png HTTP/1.1" 304 -
58.39.168.32 - - [14/Jan/2022:08:51:37 +0800] "GET /xingrg/all/function/internal_message.html?_=1642121431568&CODE_STATE=getMsg HTTP/1.1" 200 27
222.70.177.227 - - [14/Jan/2022:08:51:38 +0800] "POST /xingrg/kc/buy/cgsh_list_operate.html HTTP/1.1" 200 4
222.70.217.149 - - [14/Jan/2022:08:51:39 +0800] "GET /xingrg/all/function/internal_message.html?_=1642121490308&CODE_STATE=getMsg HTTP/1.1" 200 27
222.70.177.227 - - [14/Jan/2022:08:51:39 +0800] "GET /xingrg/all/function/internal_message.html?_=1642121493372&CODE_STATE=getMsg HTTP/1.1" 200 27
120.253.135.82 - - [14/Jan/2022:08:51:39 +0800] "GET /xingrg/all/function/internal_message.html?_=1642121283738&CODE_STATE=getMsg HTTP/1.1" 200 27
180.152.99.39 - - [14/Jan/2022:08:51:39 +0800] "GET /xingrg/kc/buy/cgsh_order_operate.html?command=get_materiel&rest_code=00151&code=00101009039&supplier_code=00100424&order_time=2022-01-14 HTTP/1.1" 200 408
222.70.243.96 - - [14/Jan/2022:08:51:40 +0800] "POST /xingrg/services/DataTransmitService HTTP/1.1" 200 524
114.84.144.24 - - [14/Jan/2022:08:51:44 +0800] "GET /xingrg/all/function/internal_message.html?_=1642121319677&CODE_STATE=getMsg HTTP/1.1" 200 27
180.152.99.39 - - [14/Jan/2022:08:51:48 +0800] "GET /xingrg/all/function/internal_message.html?_=1642121442514&CODE_STATE=getMsg HTTP/1.1" 200 27
222.69.128.102 - - [14/Jan/2022:08:51:49 +0800] "POST /xingrg/kc/buy/cgsh_order_operate.html HTTP/1.1" 200 37
180.152.99.39 - - [14/Jan/2022:08:51:50 +0800] "GET /xingrg/kc/buy/cgsh_order_operate.html?command=get_materiel&rest_code=00151&code=00101009011&supplier_code=00100424&order_time=2022-01-14 HTTP/1.1" 200 416
222.69.128.102 - - [14/Jan/2022:08:51:55 +0800] "POST /xingrg/kc/buy/cgsh_order_operate.html HTTP/1.1" 200 28094
58.39.168.32 - - [14/Jan/2022:08:51:56 +0800] "GET /xingrg/all/function/internal_message.html?_=1642121512782&CODE_STATE=getMsg HTTP/1.1" 200 27
180.152.99.39 - - [14/Jan/2022:08:51:56 +0800] "GET /xingrg/kc/buy/cgsh_order_operate.html?command=get_materiel&rest_code=00151&code=00101009031&supplier_code=00100424&order_time=2022-01-14 HTTP/1.1" 200 409
58.39.168.32 - - [14/Jan/2022:08:51:56 +0800] "GET /xingrg/check_reg.html?_=1642121512956 HTTP/1.1" 200 22
222.70.243.96 - - [14/Jan/2022:08:51:57 +0800] "GET /xingrg/all/function/internal_message.html?_=1642121529824&CODE_STATE=getMsg HTTP/1.1" 302 -
222.70.177.227 - - [14/Jan/2022:08:51:57 +0800] "POST /xingrg/kc/buy/cgsh_list_operate.html HTTP/1.1" 200 4253
180.152.99.39 - - [14/Jan/2022:08:52:08 +0800] "POST /xingrg/kc/buy/cgsh_order_operate.html HTTP/1.1" 200 37
222.69.128.102 - - [14/Jan/2022:08:52:08 +0800] "GET /xingrg/kc/buy/cgsh_order_operate.html?command=get_materiel&rest_code=00149&code=00101008223&supplier_code=00100005&order_time=2022-01-14 HTTP/1.1" 200 412
180.152.99.39 - - [14/Jan/2022:08:52:09 +0800] "POST /xingrg/kc/buy/cgsh_order_operate.html HTTP/1.1" 200 5639
180.152.99.39 - - [14/Jan/2022:08:52:13 +0800] "GET /xingrg/kc/buy/cgsh_order_add.html HTTP/1.1" 200 64973
180.152.99.39 - - [14/Jan/2022:08:52:14 +0800] "POST /xingrg/kc/buy/cgsh_order_operate.html HTTP/1.1" 200 8245
180.152.99.39 - - [14/Jan/2022:08:52:14 +0800] "GET /xingrg/javascript/easyui/themes/default/validatebox.css HTTP/1.1" 404 1104
222.69.128.102 - - [14/Jan/2022:08:52:22 +0800] "GET /xingrg/kc/buy/cgsh_order_operate.html?command=get_materiel&rest_code=00149&code=00101008558&supplier_code=00100005&order_time=2022-01-14 HTTP/1.1" 200 395
222.70.243.96 - - [14/Jan/2022:08:52:26 +0800] "GET /xingrg/all/function/internal_message.html?_=1642121560611&CODE_STATE=getMsg HTTP/1.1" 200 27
222.69.128.102 - - [14/Jan/2022:08:52:30 +0800] "GET /xingrg/all/function/internal_message.html?_=1642121547946&CODE_STATE=getMsg HTTP/1.1" 200 27
222.69.128.102 - - [14/Jan/2022:08:52:36 +0800] "POST /xingrg/all/common/load_select.html HTTP/1.1" 200 12
58.39.168.32 - - [14/Jan/2022:08:52:37 +0800] "GET /xingrg/all/function/internal_message.html?_=1642121491569&CODE_STATE=getMsg HTTP/1.1" 200 27
222.70.217.149 - - [14/Jan/2022:08:52:39 +0800] "GET /xingrg/all/function/internal_message.html?_=1642121550324&CODE_STATE=getMsg HTTP/1.1" 200 27
222.70.217.149 - - [14/Jan/2022:08:52:39 +0800] "GET /xingrg/check_reg.html?_=1642121550327 HTTP/1.1" 200 22
222.70.177.227 - - [14/Jan/2022:08:52:39 +0800] "GET /xingrg/all/function/internal_message.html?_=1642121553365&CODE_STATE=getMsg HTTP/1.1" 200 27
120.253.135.82 - - [14/Jan/2022:08:52:39 +0800] "GET /xingrg/all/function/internal_message.html?_=1642121343752&CODE_STATE=getMsg HTTP/1.1" 200 27
222.69.128.102 - - [14/Jan/2022:08:52:40 +0800] "GET /xingrg/kc/buy/cgsh_order_operate.html?command=get_materiel_price&rest_code=00149&code=00101008205&unit_code=00100001&supplier_code=00100005&order_time=2022-01-14 HTTP/1.1" 200 27
114.84.144.24 - - [14/Jan/2022:08:52:44 +0800] "GET /xingrg/check_reg.html?_=1642121379680 HTTP/1.1" 200 22
114.84.144.24 - - [14/Jan/2022:08:52:44 +0800] "GET /xingrg/all/function/internal_message.html?_=1642121379682&CODE_STATE=getMsg HTTP/1.1" 200 27
222.69.128.102 - - [14/Jan/2022:08:52:47 +0800] "GET /xingrg/kc/buy/cgsh_order_operate.html?command=get_materiel&rest_code=00149&code=00101008336&supplier_code=00100005&order_time=2022-01-14 HTTP/1.1" 200 412
180.152.99.39 - - [14/Jan/2022:08:52:48 +0800] "GET /xingrg/all/function/internal_message.html?_=1642121502529&CODE_STATE=getMsg HTTP/1.1" 200 27
114.95.98.1 - - [14/Jan/2022:08:52:49 +0800] "GET /favicon.ico HTTP/1.1" 404 -
222.70.177.227 - - [14/Jan/2022:08:52:49 +0800] "POST /xingrg/kc/buy/cgsh_list_operate.html HTTP/1.1" 200 4
114.95.98.1 - - [14/Jan/2022:08:52:49 +0800] "GET /favicon.ico HTTP/1.1" 404 -
114.95.98.1 - - [14/Jan/2022:08:52:50 +0800] "GET /favicon.ico HTTP/1.1" 404 -
58.39.168.32 - - [14/Jan/2022:08:52:56 +0800] "GET /xingrg/all/function/internal_message.html?_=1642121572727&CODE_STATE=getMsg HTTP/1.1" 200 27
222.70.243.96 - - [14/Jan/2022:08:52:57 +0800] "GET /xingrg/all/function/internal_message.html?_=1642121589826&CODE_STATE=getMsg HTTP/1.1" 302 -
222.69.128.102 - - [14/Jan/2022:08:53:02 +0800] "GET /xingrg/kc/buy/cgsh_order_operate.html?command=get_materiel&rest_code=00149&code=00101008238&supplier_code=00100005&order_time=2022-01-14 HTTP/1.1" 200 416
222.69.128.102 - - [14/Jan/2022:08:53:04 +0800] "POST /xingrg/kc/buy/cgsh_order_operate.html HTTP/1.1" 200 2065
120.253.135.82 - - [14/Jan/2022:08:53:13 +0800] "GET /xingrg/javascript/easyui/themes/sunny/images/ui-bg_gloss-wave_70_ffdd57_500x100.png HTTP/1.1" 200 3830
120.253.135.82 - - [14/Jan/2022:08:53:13 +0800] "GET /xingrg/javascript/easyui/themes/sunny/images/ui-bg_gloss-wave_70_ffdd57_500x100.png HTTP/1.1" 200 3830
222.70.177.227 - - [14/Jan/2022:08:53:21 +0800] "POST /xingrg/kc/buy/cgsh_list_operate.html HTTP/1.1" 200 876
222.69.128.102 - - [14/Jan/2022:08:53:24 +0800] "GET /xingrg/kc/buy/cgsh_order_operate.html?command=get_materiel&rest_code=00149&code=00101008357&supplier_code=00100005&order_time=2022-01-14 HTTP/1.1" 200 408
222.70.243.96 - - [14/Jan/2022:08:53:26 +0800] "GET /xingrg/all/function/internal_message.html?_=1642121620630&CODE_STATE=getMsg HTTP/1.1" 200 27
222.70.177.227 - - [14/Jan/2022:08:53:30 +0800] "GET /xingrg/kc/base/wldb_order_list.html HTTP/1.1" 200 19060
222.69.128.102 - - [14/Jan/2022:08:53:31 +0800] "GET /xingrg/all/function/internal_message.html?_=1642121607947&CODE_STATE=getMsg HTTP/1.1" 200 27
222.70.177.227 - - [14/Jan/2022:08:53:32 +0800] "POST /xingrg/kc/base/wldb_list_operate.html HTTP/1.1" 200 5494
222.69.128.102 - - [14/Jan/2022:08:53:33 +0800] "GET /xingrg/kc/buy/cgsh_order_operate.html?command=get_materiel&rest_code=00149&code=00101008069&supplier_code=00100005&order_time=2022-01-14 HTTP/1.1" 200 412
58.39.168.32 - - [14/Jan/2022:08:53:37 +0800] "GET /xingrg/all/function/internal_message.html?_=1642121551569&CODE_STATE=getMsg HTTP/1.1" 200 27
222.70.217.149 - - [14/Jan/2022:08:53:39 +0800] "GET /xingrg/all/function/internal_message.html?_=1642121610299&CODE_STATE=getMsg HTTP/1.1" 200 27
222.70.177.227 - - [14/Jan/2022:08:53:39 +0800] "GET /xingrg/all/function/internal_message.html?_=1642121613365&CODE_STATE=getMsg HTTP/1.1" 200 27
120.253.135.82 - - [14/Jan/2022:08:53:39 +0800] "GET /xingrg/all/function/internal_message.html?_=1642121403765&CODE_STATE=getMsg HTTP/1.1" 200 27
222.69.128.102 - - [14/Jan/2022:08:53:43 +0800] "GET /xingrg/kc/buy/cgsh_order_operate.html?command=get_materiel&rest_code=00149&code=00101008286&supplier_code=00100005&order_time=2022-01-14 HTTP/1.1" 200 408
114.84.144.24 - - [14/Jan/2022:08:53:44 +0800] "GET /xingrg/all/function/internal_message.html?_=1642121439686&CODE_STATE=getMsg HTTP/1.1" 200 27
180.152.99.39 - - [14/Jan/2022:08:53:48 +0800] "GET /xingrg/all/function/internal_message.html?_=1642121562542&CODE_STATE=getMsg HTTP/1.1" 200 27
222.70.243.96 - - [14/Jan/2022:08:53:50 +0800] "POST /xingrg/services/DataTransmitService HTTP/1.1" 200 501
222.69.128.102 - - [14/Jan/2022:08:53:54 +0800] "GET /xingrg/kc/buy/cgsh_order_operate.html?command=get_materiel&rest_code=00149&code=00101008036&supplier_code=00100005&order_time=2022-01-14 HTTP/1.1" 200 408
222.70.243.96 - - [14/Jan/2022:08:53:55 +0800] "POST /xingrg/services/DataTransmitService HTTP/1.1" 200 501
58.39.168.32 - - [14/Jan/2022:08:53:56 +0800] "GET /xingrg/all/function/internal_message.html?_=1642121632705&CODE_STATE=getMsg HTTP/1.1" 200 27
222.70.243.96 - - [14/Jan/2022:08:53:57 +0800] "GET /xingrg/all/function/internal_message.html?_=1642121649850&CODE_STATE=getMsg HTTP/1.1" 302 -
120.253.135.82 - - [14/Jan/2022:08:53:59 +0800] "GET /xingrg/kc/pszx/mdps_order_list.html?orderType=0 HTTP/1.1" 200 20925
120.253.135.82 - - [14/Jan/2022:08:54:00 +0800] "POST /xingrg/kc/pszx/mdps_list_operate.html HTTP/1.1" 200 5373
120.253.135.82 - - [14/Jan/2022:08:54:11 +0800] "POST /xingrg/kc/pszx/mdps_list_operate.html HTTP/1.1" 200 3548
120.253.135.82 - - [14/Jan/2022:08:54:13 +0800] "POST /xingrg/kc/pszx/mdps_list_operate.html HTTP/1.1" 200 213
120.253.135.82 - - [14/Jan/2022:08:54:15 +0800] "GET /xingrg/kc/pszx/mdps_order_info.html?code=312022010800301 HTTP/1.1" 200 23931
120.253.135.82 - - [14/Jan/2022:08:54:15 +0800] "GET /xingrg/javascript/easyui/themes/default/validatebox.css HTTP/1.1" 404 1104
120.253.135.82 - - [14/Jan/2022:08:54:16 +0800] "POST /xingrg/kc/pszx/mdps_order_operate.html HTTP/1.1" 200 2296
222.70.243.96 - - [14/Jan/2022:08:54:26 +0800] "GET /xingrg/all/function/internal_message.html?_=1642121680639&CODE_STATE=getMsg HTTP/1.1" 200 27
222.69.128.102 - - [14/Jan/2022:08:54:27 +0800] "POST /xingrg/kc/buy/cgsh_order_operate.html HTTP/1.1" 200 2065
222.70.243.96 - - [14/Jan/2022:08:54:28 +0800] "GET /xingrg/check_reg.html?_=1642121680591 HTTP/1.1" 302 -
222.69.128.102 - - [14/Jan/2022:08:54:31 +0800] "GET /xingrg/all/function/internal_message.html?_=1642121667947&CODE_STATE=getMsg HTTP/1.1" 200 27
222.69.128.102 - - [14/Jan/2022:08:54:36 +0800] "GET /xingrg/kc/buy/cgsh_order_operate.html?command=get_materiel&rest_code=00149&code=00101008131&supplier_code=00100005&order_time=2022-01-14 HTTP/1.1" 200 408
58.39.168.32 - - [14/Jan/2022:08:54:37 +0800] "GET /xingrg/all/function/internal_message.html?_=1642121611569&CODE_STATE=getMsg HTTP/1.1" 200 27
222.70.217.149 - - [14/Jan/2022:08:54:39 +0800] "GET /xingrg/all/function/internal_message.html?_=1642121670315&CODE_STATE=getMsg HTTP/1.1" 200 27
222.70.177.227 - - [14/Jan/2022:08:54:39 +0800] "GET /xingrg/all/function/internal_message.html?_=1642121673337&CODE_STATE=getMsg HTTP/1.1" 200 27
120.253.135.82 - - [14/Jan/2022:08:54:39 +0800] "GET /xingrg/all/function/internal_message.html?_=1642121463779&CODE_STATE=getMsg HTTP/1.1" 200 27
222.70.177.227 - - [14/Jan/2022:08:54:40 +0800] "GET /xingrg/check_reg.html?_=1642121673412 HTTP/1.1" 200 22
114.84.144.24 - - [14/Jan/2022:08:54:44 +0800] "GET /xingrg/all/function/internal_message.html?_=1642121499674&CODE_STATE=getMsg HTTP/1.1" 200 27
120.253.135.82 - - [14/Jan/2022:08:54:46 +0800] "POST /xingrg/kc/pszx/mdps_list_operate.html HTTP/1.1" 200 4329
180.152.99.39 - - [14/Jan/2022:08:54:47 +0800] "GET /xingrg/check_reg.html?_=1642121622448 HTTP/1.1" 200 22
180.152.99.39 - - [14/Jan/2022:08:54:48 +0800] "GET /xingrg/all/function/internal_message.html?_=1642121622555&CODE_STATE=getMsg HTTP/1.1" 200 27
58.221.95.50 - - [14/Jan/2022:08:54:48 +0800] "GET /xingrg/check_reg.html?_=1642121685505 HTTP/1.1" 302 -
58.221.95.50 - - [14/Jan/2022:08:54:48 +0800] "GET /xingrg/login.html HTTP/1.1" 200 7641
120.253.135.82 - - [14/Jan/2022:08:54:49 +0800] "POST /xingrg/kc/pszx/mdps_list_operate.html HTTP/1.1" 200 363
120.253.135.82 - - [14/Jan/2022:08:54:51 +0800] "GET /xingrg/kc/pszx/mdps_order_info.html?code=312022011300469 HTTP/1.1" 200 23937
120.253.135.82 - - [14/Jan/2022:08:54:51 +0800] "GET /xingrg/javascript/easyui/themes/default/validatebox.css HTTP/1.1" 404 1104
120.253.135.82 - - [14/Jan/2022:08:54:52 +0800] "POST /xingrg/kc/pszx/mdps_order_operate.html HTTP/1.1" 200 3272
222.69.128.102 - - [14/Jan/2022:08:54:55 +0800] "GET /xingrg/kc/buy/cgsh_order_operate.html?command=get_materiel&rest_code=00149&code=00101008296&supplier_code=00100005&order_time=2022-01-14 HTTP/1.1" 200 416
58.39.168.32 - - [14/Jan/2022:08:54:56 +0800] "GET /xingrg/all/function/internal_message.html?_=1642121692705&CODE_STATE=getMsg HTTP/1.1" 200 27
222.70.177.227 - - [14/Jan/2022:08:54:57 +0800] "POST /xingrg/kc/base/wldb_list_operate.html HTTP/1.1" 200 4
222.70.243.96 - - [14/Jan/2022:08:54:57 +0800] "GET /xingrg/all/function/internal_message.html?_=1642121709852&CODE_STATE=getMsg HTTP/1.1" 302 -
222.70.177.227 - - [14/Jan/2022:08:55:01 +0800] "POST /xingrg/kc/base/wldb_list_operate.html HTTP/1.1" 200 2169
120.253.135.82 - - [14/Jan/2022:08:55:06 +0800] "POST /xingrg/kc/pszx/mdps_order_operate.html HTTP/1.1" 200 37
222.69.128.102 - - [14/Jan/2022:08:55:06 +0800] "GET /xingrg/kc/buy/cgsh_order_operate.html?command=get_materiel&rest_code=00149&code=00101008318&supplier_code=00100005&order_time=2022-01-14 HTTP/1.1" 200 408
120.253.135.82 - - [14/Jan/2022:08:55:08 +0800] "GET /xingrg/kc/pszx/mdps_order_info.html?code=312022011300469 HTTP/1.1" 200 23937
120.253.135.82 - - [14/Jan/2022:08:55:08 +0800] "GET /xingrg/javascript/easyui/themes/default/validatebox.css HTTP/1.1" 404 1104
120.253.135.82 - - [14/Jan/2022:08:55:09 +0800] "POST /xingrg/kc/pszx/mdps_order_operate.html HTTP/1.1" 200 3272
120.253.135.82 - - [14/Jan/2022:08:55:11 +0800] "POST /xingrg/kc/pszx/mdps_list_operate.html HTTP/1.1" 200 4329
120.253.135.82 - - [14/Jan/2022:08:55:14 +0800] "POST /xingrg/kc/pszx/mdps_list_operate.html HTTP/1.1" 200 363
222.69.128.102 - - [14/Jan/2022:08:55:15 +0800] "GET /xingrg/kc/buy/cgsh_order_operate.html?command=get_materiel&rest_code=00149&code=00101008352&supplier_code=00100005&order_time=2022-01-14 HTTP/1.1" 200 412
222.70.243.96 - - [14/Jan/2022:08:55:15 +0800] "POST /xingrg/services/DataTransmitService HTTP/1.1" 200 501
120.253.135.82 - - [14/Jan/2022:08:55:15 +0800] "GET /xingrg/kc/pszx/mdps_order_info.html?code=312022011300469 HTTP/1.1" 200 23937
120.253.135.82 - - [14/Jan/2022:08:55:16 +0800] "GET /xingrg/javascript/easyui/themes/default/validatebox.css HTTP/1.1" 404 1104
120.253.135.82 - - [14/Jan/2022:08:55:17 +0800] "POST /xingrg/kc/pszx/mdps_order_operate.html HTTP/1.1" 200 3272
222.69.128.102 - - [14/Jan/2022:08:55:19 +0800] "POST /xingrg/kc/buy/cgsh_order_operate.html HTTP/1.1" 200 2065
120.253.135.82 - - [14/Jan/2022:08:55:21 +0800] "GET /xingrg/kc/print/load_config.html?kc_code=mdps HTTP/1.1" 200 2390
120.253.135.82 - - [14/Jan/2022:08:55:22 +0800] "GET /xingrg/kc/print/load_data.html?order_code=312022011300469&kc_code=mdps&condition= HTTP/1.1" 200 1173
222.69.128.102 - - [14/Jan/2022:08:55:24 +0800] "GET /xingrg/kc/buy/cgsh_order_operate.html?command=get_materiel&rest_code=00149&code=00101008098&supplier_code=00100005&order_time=2022-01-14 HTTP/1.1" 200 412
222.70.243.96 - - [14/Jan/2022:08:55:24 +0800] "GET /xingrg/check_reg.html?_=1642121739286 HTTP/1.1" 200 22
222.70.177.227 - - [14/Jan/2022:08:55:25 +0800] "POST /xingrg/kc/base/wldb_list_operate.html HTTP/1.1" 200 4
222.70.243.96 - - [14/Jan/2022:08:55:26 +0800] "GET /xingrg/all/function/internal_message.html?_=1642121740652&CODE_STATE=getMsg HTTP/1.1" 200 27
222.69.128.102 - - [14/Jan/2022:08:55:31 +0800] "GET /xingrg/all/function/internal_message.html?_=1642121727954&CODE_STATE=getMsg HTTP/1.1" 200 27
222.69.128.102 - - [14/Jan/2022:08:55:34 +0800] "GET /xingrg/kc/buy/cgsh_order_operate.html?command=get_materiel&rest_code=00149&code=00101008005&supplier_code=00100005&order_time=2022-01-14 HTTP/1.1" 200 412
58.39.168.32 - - [14/Jan/2022:08:55:37 +0800] "GET /xingrg/check_reg.html?_=1642121671570 HTTP/1.1" 200 22
58.39.168.32 - - [14/Jan/2022:08:55:37 +0800] "GET /xingrg/all/function/internal_message.html?_=1642121671573&CODE_STATE=getMsg HTTP/1.1" 200 27
222.70.217.149 - - [14/Jan/2022:08:55:39 +0800] "GET /xingrg/all/function/internal_message.html?_=1642121730314&CODE_STATE=getMsg HTTP/1.1" 200 27
120.253.135.82 - - [14/Jan/2022:08:55:39 +0800] "GET /xingrg/all/function/internal_message.html?_=1642121523844&CODE_STATE=getMsg HTTP/1.1" 200 27
114.84.144.24 - - [14/Jan/2022:08:55:44 +0800] "GET /xingrg/all/function/internal_message.html?_=1642121559704&CODE_STATE=getMsg HTTP/1.1" 200 27
222.69.128.102 - - [14/Jan/2022:08:55:45 +0800] "GET /xingrg/kc/buy/cgsh_order_operate.html?command=get_materiel&rest_code=00149&code=00101008307&supplier_code=00100005&order_time=2022-01-14 HTTP/1.1" 200 420
180.152.99.39 - - [14/Jan/2022:08:55:48 +0800] "GET /xingrg/all/function/internal_message.html?_=1642121682569&CODE_STATE=getMsg HTTP/1.1" 200 27
120.253.135.82 - - [14/Jan/2022:08:55:50 +0800] "GET /xingrg/check_reg.html?_=1642121534260 HTTP/1.1" 200 22
222.70.177.227 - - [14/Jan/2022:08:55:51 +0800] "POST /xingrg/kc/base/wldb_list_operate.html HTTP/1.1" 200 928
222.70.177.227 - - [14/Jan/2022:08:55:51 +0800] "GET /xingrg/all/function/internal_message.html?_=1642121744857&CODE_STATE=getMsg HTTP/1.1" 200 27
120.253.135.82 - - [14/Jan/2022:08:55:54 +0800] "POST /xingrg/kc/pszx/mdps_list_operate.html HTTP/1.1" 200 4329
58.39.168.32 - - [14/Jan/2022:08:55:56 +0800] "GET /xingrg/all/function/internal_message.html?_=1642121752669&CODE_STATE=getMsg HTTP/1.1" 200 27
222.70.243.96 - - [14/Jan/2022:08:55:57 +0800] "GET /xingrg/all/function/internal_message.html?_=1642121769877&CODE_STATE=getMsg HTTP/1.1" 302 -
222.69.128.102 - - [14/Jan/2022:08:55:59 +0800] "GET /xingrg/kc/buy/cgsh_order_operate.html?command=get_materiel&rest_code=00149&code=00101008353&supplier_code=00100005&order_time=2022-01-14 HTTP/1.1" 200 408
222.70.243.96 - - [14/Jan/2022:08:56:00 +0800] "POST /xingrg/services/DataTransmitService HTTP/1.1" 200 501
58.39.168.32 - - [14/Jan/2022:08:56:02 +0800] "GET /xingrg/kc/buy/cgsh_order_operate.html?command=get_materiel&rest_code=00105&code=00101008155&supplier_code=00100203&order_time=2022-01-14 HTTP/1.1" 200 408
222.70.243.96 - - [14/Jan/2022:08:56:04 +0800] "POST /xingrg/services/DataTransmitService HTTP/1.1" 200 501
222.70.243.96 - - [14/Jan/2022:08:56:04 +0800] "POST /xingrg/services/DataTransmitService HTTP/1.1" 200 501
222.70.243.96 - - [14/Jan/2022:08:56:07 +0800] "POST /xingrg/services/DataTransmitService HTTP/1.1" 200 501
222.70.243.96 - - [14/Jan/2022:08:56:10 +0800] "POST /xingrg/services/DataTransmitService HTTP/1.1" 200 501
120.253.135.82 - - [14/Jan/2022:08:56:12 +0800] "POST /xingrg/kc/pszx/mdps_list_operate.html HTTP/1.1" 200 3548
222.70.243.96 - - [14/Jan/2022:08:56:13 +0800] "POST /xingrg/services/DataTransmitService HTTP/1.1" 200 501
58.39.168.32 - - [14/Jan/2022:08:56:13 +0800] "GET /xingrg/kc/buy/cgsh_order_operate.html?command=get_materiel&rest_code=00105&code=00101008028&supplier_code=00100203&order_time=2022-01-14 HTTP/1.1" 200 412
120.253.135.82 - - [14/Jan/2022:08:56:13 +0800] "POST /xingrg/kc/pszx/mdps_list_operate.html HTTP/1.1" 200 213
120.253.135.82 - - [14/Jan/2022:08:56:14 +0800] "GET /xingrg/kc/pszx/mdps_order_info.html?code=312022010800301 HTTP/1.1" 200 23931
222.70.243.96 - - [14/Jan/2022:08:56:15 +0800] "POST /xingrg/services/DataTransmitService HTTP/1.1" 200 412
120.253.135.82 - - [14/Jan/2022:08:56:15 +0800] "GET /xingrg/javascript/easyui/themes/default/validatebox.css HTTP/1.1" 404 1104
120.253.135.82 - - [14/Jan/2022:08:56:15 +0800] "POST /xingrg/kc/pszx/mdps_order_operate.html HTTP/1.1" 200 2296
222.69.128.102 - - [14/Jan/2022:08:56:18 +0800] "POST /xingrg/kc/buy/cgsh_order_operate.html HTTP/1.1" 200 2065
58.39.168.32 - - [14/Jan/2022:08:56:22 +0800] "GET /xingrg/kc/buy/cgsh_order_operate.html?command=get_materiel&rest_code=00105&code=00101008163&supplier_code=00100203&order_time=2022-01-14 HTTP/1.1" 200 409
120.253.135.82 - - [14/Jan/2022:08:56:26 +0800] "POST /xingrg/kc/pszx/mdps_order_operate.html HTTP/1.1" 200 37
222.70.243.96 - - [14/Jan/2022:08:56:26 +0800] "GET /xingrg/all/function/internal_message.html?_=1642121800666&CODE_STATE=getMsg HTTP/1.1" 200 27
120.253.135.82 - - [14/Jan/2022:08:56:28 +0800] "GET /xingrg/kc/pszx/mdps_order_info.html?code=312022010800301 HTTP/1.1" 200 23931
120.253.135.82 - - [14/Jan/2022:08:56:29 +0800] "GET /xingrg/javascript/easyui/themes/default/validatebox.css HTTP/1.1" 404 1104
120.253.135.82 - - [14/Jan/2022:08:56:29 +0800] "POST /xingrg/kc/pszx/mdps_order_operate.html HTTP/1.1" 200 2296
222.69.128.102 - - [14/Jan/2022:08:56:31 +0800] "GET /xingrg/check_reg.html?_=1642121787977 HTTP/1.1" 200 22
222.69.128.102 - - [14/Jan/2022:08:56:31 +0800] "GET /xingrg/all/function/internal_message.html?_=1642121787982&CODE_STATE=getMsg HTTP/1.1" 200 27
120.253.135.82 - - [14/Jan/2022:08:56:33 +0800] "POST /xingrg/kc/pszx/mdps_list_operate.html HTTP/1.1" 200 3548
120.253.135.82 - - [14/Jan/2022:08:56:35 +0800] "POST /xingrg/kc/pszx/mdps_list_operate.html HTTP/1.1" 200 213
120.253.135.82 - - [14/Jan/2022:08:56:36 +0800] "GET /xingrg/kc/pszx/mdps_order_info.html?code=312022010800301 HTTP/1.1" 200 23931
222.69.128.102 - - [14/Jan/2022:08:56:36 +0800] "GET /xingrg/kc/buy/cgsh_order_operate.html?command=get_materiel&rest_code=00149&code=00101008213&supplier_code=00100005&order_time=2022-01-14 HTTP/1.1" 200 412
120.253.135.82 - - [14/Jan/2022:08:56:37 +0800] "GET /xingrg/javascript/easyui/themes/default/validatebox.css HTTP/1.1" 404 1104
58.39.168.32 - - [14/Jan/2022:08:56:37 +0800] "GET /xingrg/all/function/internal_message.html?_=1642121731559&CODE_STATE=getMsg HTTP/1.1" 200 27
120.253.135.82 - - [14/Jan/2022:08:56:37 +0800] "POST /xingrg/kc/pszx/mdps_order_operate.html HTTP/1.1" 200 2296
222.70.217.149 - - [14/Jan/2022:08:56:39 +0800] "GET /xingrg/all/function/internal_message.html?_=1642121790308&CODE_STATE=getMsg HTTP/1.1" 200 27
120.253.135.82 - - [14/Jan/2022:08:56:39 +0800] "GET /xingrg/kc/print/load_data.html?order_code=312022010800301&kc_code=mdps&condition= HTTP/1.1" 200 700
120.253.135.82 - - [14/Jan/2022:08:56:40 +0800] "GET /xingrg/all/function/internal_message.html?_=1642121584082&CODE_STATE=getMsg HTTP/1.1" 200 27
58.39.168.32 - - [14/Jan/2022:08:56:41 +0800] "GET /xingrg/kc/buy/cgsh_order_operate.html?command=get_materiel&rest_code=00105&code=00101015038&supplier_code=00100203&order_time=2022-01-14 HTTP/1.1" 200 418
114.84.144.24 - - [14/Jan/2022:08:56:44 +0800] "GET /xingrg/all/function/internal_message.html?_=1642121619702&CODE_STATE=getMsg HTTP/1.1" 200 27
180.152.99.39 - - [14/Jan/2022:08:56:48 +0800] "GET /xingrg/all/function/internal_message.html?_=1642121742583&CODE_STATE=getMsg HTTP/1.1" 200 27
58.39.168.32 - - [14/Jan/2022:08:56:55 +0800] "GET /xingrg/kc/buy/cgsh_order_operate.html?command=get_materiel&rest_code=00105&code=00101008256&supplier_code=00100203&order_time=2022-01-14 HTTP/1.1" 200 413
58.39.168.32 - - [14/Jan/2022:08:56:56 +0800] "GET /xingrg/all/function/internal_message.html?_=1642121812632&CODE_STATE=getMsg HTTP/1.1" 200 27
58.39.168.32 - - [14/Jan/2022:08:56:56 +0800] "GET /xingrg/check_reg.html?_=1642121812961 HTTP/1.1" 200 22
222.70.243.96 - - [14/Jan/2022:08:56:57 +0800] "GET /xingrg/all/function/internal_message.html?_=1642121829879&CODE_STATE=getMsg HTTP/1.1" 302 -
222.69.128.102 - - [14/Jan/2022:08:57:00 +0800] "GET /xingrg/kc/buy/cgsh_order_operate.html?command=get_materiel&rest_code=00149&code=00101008304&supplier_code=00100005&order_time=2022-01-14 HTTP/1.1" 200 412
222.69.128.102 - - [14/Jan/2022:08:57:16 +0800] "GET /xingrg/kc/buy/cgsh_order_operate.html?command=get_materiel&rest_code=00149&code=00101008095&supplier_code=00100005&order_time=2022-01-14 HTTP/1.1" 200 412
222.70.243.96 - - [14/Jan/2022:08:57:26 +0800] "GET /xingrg/all/function/internal_message.html?_=1642121860680&CODE_STATE=getMsg HTTP/1.1" 200 27
222.69.128.102 - - [14/Jan/2022:08:57:31 +0800] "GET /xingrg/all/function/internal_message.html?_=1642121847968&CODE_STATE=getMsg HTTP/1.1" 200 27
58.39.168.32 - - [14/Jan/2022:08:57:37 +0800] "GET /xingrg/all/function/internal_message.html?_=1642121791560&CODE_STATE=getMsg HTTP/1.1" 200 27
222.70.217.149 - - [14/Jan/2022:08:57:39 +0800] "GET /xingrg/all/function/internal_message.html?_=1642121850299&CODE_STATE=getMsg HTTP/1.1" 200 27
222.70.217.149 - - [14/Jan/2022:08:57:39 +0800] "GET /xingrg/check_reg.html?_=1642121850304 HTTP/1.1" 200 22
120.253.135.82 - - [14/Jan/2022:08:57:40 +0800] "GET /xingrg/all/function/internal_message.html?_=1642121644084&CODE_STATE=getMsg HTTP/1.1" 200 27
222.69.128.102 - - [14/Jan/2022:08:57:42 +0800] "POST /xingrg/kc/buy/cgsh_order_operate.html HTTP/1.1" 200 2065
114.84.144.24 - - [14/Jan/2022:08:57:44 +0800] "GET /xingrg/all/function/internal_message.html?_=1642121679698&CODE_STATE=getMsg HTTP/1.1" 200 27
114.84.144.24 - - [14/Jan/2022:08:57:44 +0800] "GET /xingrg/check_reg.html?_=1642121679700 HTTP/1.1" 200 22
180.152.99.39 - - [14/Jan/2022:08:57:48 +0800] "GET /xingrg/all/function/internal_message.html?_=1642121802662&CODE_STATE=getMsg HTTP/1.1" 200 27
222.69.128.102 - - [14/Jan/2022:08:57:50 +0800] "GET /xingrg/kc/buy/cgsh_order_operate.html?command=get_materiel&rest_code=00149&code=00101008041&supplier_code=00100005&order_time=2022-01-14 HTTP/1.1" 200 408
101.80.226.190 - - [14/Jan/2022:08:57:56 +0800] "POST /xingrg/services/DataTransmitService HTTP/1.1" 200 524
58.39.168.32 - - [14/Jan/2022:08:57:56 +0800] "GET /xingrg/all/function/internal_message.html?_=1642121872644&CODE_STATE=getMsg HTTP/1.1" 200 27
222.70.243.96 - - [14/Jan/2022:08:57:57 +0800] "GET /xingrg/all/function/internal_message.html?_=1642121889905&CODE_STATE=getMsg HTTP/1.1" 302 -
222.69.128.102 - - [14/Jan/2022:08:58:00 +0800] "GET /xingrg/kc/buy/cgsh_order_operate.html?command=get_materiel&rest_code=00149&code=00101008275&supplier_code=00100005&order_time=2022-01-14 HTTP/1.1" 200 417
222.70.217.149 - - [14/Jan/2022:08:58:11 +0800] "POST /xingrg/services/DataTransmitService HTTP/1.1" 200 524
222.69.128.102 - - [14/Jan/2022:08:58:11 +0800] "GET /xingrg/kc/buy/cgsh_order_operate.html?command=get_materiel&rest_code=00149&code=00101008305&supplier_code=00100005&order_time=2022-01-14 HTTP/1.1" 200 412
180.169.147.146 - - [14/Jan/2022:08:58:21 +0800] "GET /xingrg/login.html HTTP/1.1" 200 7641
180.169.147.146 - - [14/Jan/2022:08:58:21 +0800] "GET /favicon.ico HTTP/1.1" 404 -
222.70.243.96 - - [14/Jan/2022:08:58:26 +0800] "GET /xingrg/all/function/internal_message.html?_=1642121920698&CODE_STATE=getMsg HTTP/1.1" 200 27
180.169.147.146 - - [14/Jan/2022:08:58:27 +0800] "POST /xingrg/login.do HTTP/1.1" 302 -
180.169.147.146 - - [14/Jan/2022:08:58:27 +0800] "GET /xingrg/index.html?sysBaseUrl=http%3A%2F%2F180.169.147.146%3A18081%2Fxingrg%2F&costTime=1291×tamp=1642121907708 HTTP/1.1" 200 17503
180.169.147.146 - - [14/Jan/2022:08:58:27 +0800] "GET /favicon.ico HTTP/1.1" 404 -
180.169.147.146 - - [14/Jan/2022:08:58:28 +0800] "GET /xingrg/check_reg.html?_=1642121907346 HTTP/1.1" 200 22
180.169.147.146 - - [14/Jan/2022:08:58:28 +0800] "GET /xingrg/all/function/internal_message.html?_=1642121907344&CODE_STATE=count HTTP/1.1" 200 11
222.69.128.102 - - [14/Jan/2022:08:58:28 +0800] "GET /xingrg/kc/buy/cgsh_order_operate.html?command=get_materiel&rest_code=00149&code=00101008285&supplier_code=00100005&order_time=2022-01-14 HTTP/1.1" 200 413
180.169.147.146 - - [14/Jan/2022:08:58:28 +0800] "POST /xingrg/all/common/load_tree.html?tree=area_rest_tree_json&manage=1 HTTP/1.1" 200 3472
180.169.147.146 - - [14/Jan/2022:08:58:28 +0800] "POST /xingrg/load_menu.html HTTP/1.1" 200 11443
222.69.128.102 - - [14/Jan/2022:08:58:31 +0800] "GET /xingrg/all/function/internal_message.html?_=1642121907962&CODE_STATE=getMsg HTTP/1.1" 200 27
180.169.147.146 - - [14/Jan/2022:08:58:31 +0800] "POST /xingrg/all/user/operate.html HTTP/1.1" 200 36
180.169.147.146 - - [14/Jan/2022:08:58:31 +0800] "GET /xingrg/index.html?sysBaseUrl=http%3A%2F%2F180.169.147.146%3A18081%2Fxingrg%2F&costTime=1291×tamp=1642121907708 HTTP/1.1" 200 17509
180.169.147.146 - - [14/Jan/2022:08:58:31 +0800] "GET /xingrg/javascript/jquery_easy_ui/themes/default/easyui.css HTTP/1.1" 304 -
180.169.147.146 - - [14/Jan/2022:08:58:31 +0800] "GET /xingrg/javascript/jquery_easy_ui/themes/icon.css HTTP/1.1" 304 -
180.169.147.146 - - [14/Jan/2022:08:58:31 +0800] "GET /xingrg/css/form.css HTTP/1.1" 304 -
180.169.147.146 - - [14/Jan/2022:08:58:31 +0800] "GET /xingrg/javascript/jquery-1.4.2.min.js HTTP/1.1" 304 -
180.169.147.146 - - [14/Jan/2022:08:58:31 +0800] "GET /xingrg/javascript/jquery_easy_ui/jquery.easyui.min.js HTTP/1.1" 304 -
180.169.147.146 - - [14/Jan/2022:08:58:31 +0800] "GET /xingrg/javascript/jquery_easy_ui/easyui-lang-zh_CN.js HTTP/1.1" 304 -
180.169.147.146 - - [14/Jan/2022:08:58:31 +0800] "GET /xingrg/javascript/jquery.form.js HTTP/1.1" 304 -
180.169.147.146 - - [14/Jan/2022:08:58:31 +0800] "GET /xingrg/javascript/jquery.utils.js HTTP/1.1" 304 -
180.169.147.146 - - [14/Jan/2022:08:58:31 +0800] "GET /xingrg/javascript/jquery.timers.js HTTP/1.1" 304 -
180.169.147.146 - - [14/Jan/2022:08:58:31 +0800] "GET /xingrg/images/blue/jxLogo.png HTTP/1.1" 304 -
180.169.147.146 - - [14/Jan/2022:08:58:31 +0800] "GET /xingrg/images/blue/navBackgound.jpg HTTP/1.1" 304 -
180.169.147.146 - - [14/Jan/2022:08:58:31 +0800] "GET /xingrg/javascript/jquery_easy_ui/themes/icons/settle_new.png HTTP/1.1" 304 -
180.169.147.146 - - [14/Jan/2022:08:58:32 +0800] "GET /xingrg/check_reg.html?_=1642121911279 HTTP/1.1" 200 22
180.169.147.146 - - [14/Jan/2022:08:58:32 +0800] "GET /xingrg/all/function/internal_message.html?_=1642121911279&CODE_STATE=count HTTP/1.1" 200 11
180.169.147.146 - - [14/Jan/2022:08:58:32 +0800] "GET /xingrg/javascript/jquery_easy_ui/themes/default/images/tabs_leftarrow.png HTTP/1.1" 304 -
180.169.147.146 - - [14/Jan/2022:08:58:32 +0800] "GET /xingrg/javascript/jquery_easy_ui/themes/default/images/panel_tool_collapse.gif HTTP/1.1" 304 -
180.169.147.146 - - [14/Jan/2022:08:58:32 +0800] "GET /xingrg/images/blue/pingpu.png HTTP/1.1" 304 -
180.169.147.146 - - [14/Jan/2022:08:58:32 +0800] "GET /xingrg/javascript/jquery_easy_ui/themes/default/images/tabs_rightarrow.png HTTP/1.1" 304 -
180.169.147.146 - - [14/Jan/2022:08:58:32 +0800] "GET /xingrg/javascript/jquery_easy_ui/themes/default/images/panel_tool_expand.gif HTTP/1.1" 304 -
180.169.147.146 - - [14/Jan/2022:08:58:32 +0800] "POST /xingrg/all/common/load_tree.html?tree=area_rest_tree_json&manage=1 HTTP/1.1" 200 3472
180.169.147.146 - - [14/Jan/2022:08:58:32 +0800] "POST /xingrg/load_menu.html HTTP/1.1" 200 9959
180.169.147.146 - - [14/Jan/2022:08:58:34 +0800] "GET /xingrg/kc/buy/cgsh_order_list.html HTTP/1.1" 200 49849
58.39.168.32 - - [14/Jan/2022:08:58:37 +0800] "GET /xingrg/all/function/internal_message.html?_=1642121851561&CODE_STATE=getMsg HTTP/1.1" 200 27
180.169.147.146 - - [14/Jan/2022:08:58:38 +0800] "POST /xingrg/kc/buy/cgsh_list_operate.html HTTP/1.1" 200 876
222.69.128.102 - - [14/Jan/2022:08:58:38 +0800] "GET /xingrg/kc/buy/cgsh_order_operate.html?command=get_materiel&rest_code=00149&code=00101015006&supplier_code=00100005&order_time=2022-01-14 HTTP/1.1" 200 413
222.70.217.149 - - [14/Jan/2022:08:58:39 +0800] "GET /xingrg/all/function/internal_message.html?_=1642121910313&CODE_STATE=getMsg HTTP/1.1" 200 27
120.253.135.82 - - [14/Jan/2022:08:58:40 +0800] "GET /xingrg/all/function/internal_message.html?_=1642121704099&CODE_STATE=getMsg HTTP/1.1" 200 27
180.169.147.146 - - [14/Jan/2022:08:58:44 +0800] "GET /xingrg/javascript/auto/indicator.gif HTTP/1.1" 404 1066
114.84.144.24 - - [14/Jan/2022:08:58:44 +0800] "GET /xingrg/all/function/internal_message.html?_=1642121739697&CODE_STATE=getMsg HTTP/1.1" 200 27
180.152.99.39 - - [14/Jan/2022:08:58:48 +0800] "GET /xingrg/all/function/internal_message.html?_=1642121862672&CODE_STATE=getMsg HTTP/1.1" 200 27
180.169.147.146 - - [14/Jan/2022:08:58:52 +0800] "POST /xingrg/kc/buy/cgsh_list_operate.html HTTP/1.1" 200 2886
58.39.168.32 - - [14/Jan/2022:08:58:56 +0800] "GET /xingrg/all/function/internal_message.html?_=1642121932589&CODE_STATE=getMsg HTTP/1.1" 200 27
222.70.243.96 - - [14/Jan/2022:08:58:57 +0800] "GET /xingrg/all/function/internal_message.html?_=1642121949907&CODE_STATE=getMsg HTTP/1.1" 302 -
222.69.128.102 - - [14/Jan/2022:08:58:58 +0800] "GET /xingrg/kc/buy/cgsh_order_operate.html?command=get_materiel&rest_code=00149&code=00101008114&supplier_code=00100005&order_time=2022-01-14 HTTP/1.1" 200 412
222.69.128.102 - - [14/Jan/2022:08:59:06 +0800] "POST /xingrg/kc/buy/cgsh_order_operate.html HTTP/1.1" 200 2065
180.169.147.146 - - [14/Jan/2022:08:59:06 +0800] "POST /xingrg/kc/buy/cgsh_list_operate.html HTTP/1.1" 200 199
180.169.147.146 - - [14/Jan/2022:08:59:13 +0800] "POST /xingrg/kc/buy/cgsh_list_operate.html HTTP/1.1" 200 4
222.69.128.102 - - [14/Jan/2022:08:59:16 +0800] "GET /xingrg/kc/buy/cgsh_order_operate.html?command=get_materiel&rest_code=00149&code=00101008242&supplier_code=00100005&order_time=2022-01-14 HTTP/1.1" 200 408
180.169.147.146 - - [14/Jan/2022:08:59:19 +0800] "POST /xingrg/kc/buy/cgsh_list_operate.html HTTP/1.1" 200 2496
222.70.243.96 - - [14/Jan/2022:08:59:26 +0800] "GET /xingrg/all/function/internal_message.html?_=1642121980707&CODE_STATE=getMsg HTTP/1.1" 200 27
222.69.128.102 - - [14/Jan/2022:08:59:27 +0800] "GET /xingrg/kc/buy/cgsh_order_operate.html?command=get_materiel&rest_code=00149&code=00101008298&supplier_code=00100005&order_time=2022-01-14 HTTP/1.1" 200 413
222.70.243.96 - - [14/Jan/2022:08:59:28 +0800] "GET /xingrg/check_reg.html?_=1642121980604 HTTP/1.1" 302 -
222.69.128.102 - - [14/Jan/2022:08:59:31 +0800] "GET /xingrg/all/function/internal_message.html?_=1642121967962&CODE_STATE=getMsg HTTP/1.1" 200 27
180.169.147.146 - - [14/Jan/2022:08:59:32 +0800] "GET /xingrg/all/function/internal_message.html?_=1642121971283&CODE_STATE=getMsg HTTP/1.1" 200 27
180.169.147.146 - - [14/Jan/2022:08:59:34 +0800] "POST /xingrg/kc/buy/cgsh_list_operate.html HTTP/1.1" 200 1693
58.39.168.32 - - [14/Jan/2022:08:59:37 +0800] "GET /xingrg/all/function/internal_message.html?_=1642121911562&CODE_STATE=getMsg HTTP/1.1" 200 27
180.169.147.146 - - [14/Jan/2022:08:59:38 +0800] "POST /xingrg/kc/buy/cgsh_list_operate.html HTTP/1.1" 200 199
222.70.217.149 - - [14/Jan/2022:08:59:39 +0800] "GET /xingrg/all/function/internal_message.html?_=1642121970297&CODE_STATE=getMsg HTTP/1.1" 200 27
222.69.128.102 - - [14/Jan/2022:08:59:40 +0800] "GET /xingrg/kc/buy/cgsh_order_operate.html?command=get_materiel&rest_code=00149&code=00101008236&supplier_code=00100005&order_time=2022-01-14 HTTP/1.1" 200 417
120.253.135.82 - - [14/Jan/2022:08:59:40 +0800] "GET /xingrg/all/function/internal_message.html?_=1642121764112&CODE_STATE=getMsg HTTP/1.1" 200 27
180.169.147.146 - - [14/Jan/2022:08:59:43 +0800] "POST /xingrg/kc/buy/cgsh_list_operate.html HTTP/1.1" 200 4
114.84.144.24 - - [14/Jan/2022:08:59:44 +0800] "GET /xingrg/all/function/internal_message.html?_=1642121799705&CODE_STATE=getMsg HTTP/1.1" 200 27
58.221.95.50 - - [14/Jan/2022:08:59:48 +0800] "GET /xingrg/check_reg.html?_=1642121985514 HTTP/1.1" 302 -
180.152.99.39 - - [14/Jan/2022:08:59:48 +0800] "GET /xingrg/check_reg.html?_=1642121922521 HTTP/1.1" 200 22
180.152.99.39 - - [14/Jan/2022:08:59:48 +0800] "GET /xingrg/all/function/internal_message.html?_=1642121922685&CODE_STATE=getMsg HTTP/1.1" 200 27
222.69.128.102 - - [14/Jan/2022:08:59:50 +0800] "GET /xingrg/kc/buy/cgsh_order_operate.html?command=get_materiel&rest_code=00149&code=00101013179&supplier_code=00100005&order_time=2022-01-14 HTTP/1.1" 200 412
180.169.147.146 - - [14/Jan/2022:08:59:52 +0800] "POST /xingrg/kc/buy/cgsh_list_operate.html HTTP/1.1" 200 876
58.39.168.32 - - [14/Jan/2022:08:59:56 +0800] "GET /xingrg/all/function/internal_message.html?_=1642121992557&CODE_STATE=getMsg HTTP/1.1" 200 27
222.70.243.96 - - [14/Jan/2022:08:59:57 +0800] "GET /xingrg/all/function/internal_message.html?_=1642122009931&CODE_STATE=getMsg HTTP/1.1" 302 -
222.69.128.102 - - [14/Jan/2022:09:00:17 +0800] "POST /xingrg/kc/buy/cgsh_order_operate.html HTTP/1.1" 200 2065
222.69.128.102 - - [14/Jan/2022:09:00:24 +0800] "GET /xingrg/kc/buy/cgsh_order_operate.html?command=get_materiel&rest_code=00149&code=00101010237&supplier_code=00100005&order_time=2022-01-14 HTTP/1.1" 200 412
222.70.243.96 - - [14/Jan/2022:09:00:24 +0800] "GET /xingrg/check_reg.html?_=1642122039289 HTTP/1.1" 200 22
222.70.243.96 - - [14/Jan/2022:09:00:26 +0800] "GET /xingrg/all/function/internal_message.html?_=1642122040720&CODE_STATE=getMsg HTTP/1.1" 200 27
222.69.128.102 - - [14/Jan/2022:09:00:31 +0800] "GET /xingrg/all/function/internal_message.html?_=1642122027968&CODE_STATE=getMsg HTTP/1.1" 200 27
180.169.147.146 - - [14/Jan/2022:09:00:32 +0800] "GET /xingrg/all/function/internal_message.html?_=1642122031291&CODE_STATE=getMsg HTTP/1.1" 200 27
58.39.168.32 - - [14/Jan/2022:09:00:37 +0800] "GET /xingrg/all/function/internal_message.html?_=1642121971563&CODE_STATE=getMsg HTTP/1.1" 200 27
58.39.168.32 - - [14/Jan/2022:09:00:37 +0800] "GET /xingrg/check_reg.html?_=1642121971566 HTTP/1.1" 200 22
222.69.128.102 - - [14/Jan/2022:09:00:38 +0800] "POST /xingrg/kc/buy/cgsh_order_operate.html HTTP/1.1" 200 75
114.95.98.1 - - [14/Jan/2022:09:00:38 +0800] "POST /xingrg/services/DataTransmitService HTTP/1.1" 200 524
222.70.217.149 - - [14/Jan/2022:09:00:39 +0800] "GET /xingrg/all/function/internal_message.html?_=1642122030306&CODE_STATE=getMsg HTTP/1.1" 200 27
120.253.135.82 - - [14/Jan/2022:09:00:40 +0800] "GET /xingrg/all/function/internal_message.html?_=1642121824171&CODE_STATE=getMsg HTTP/1.1" 200 27
114.84.144.24 - - [14/Jan/2022:09:00:44 +0800] "GET /xingrg/all/function/internal_message.html?_=1642121859703&CODE_STATE=getMsg HTTP/1.1" 200 27
180.152.99.39 - - [14/Jan/2022:09:00:48 +0800] "GET /xingrg/all/function/internal_message.html?_=1642121982700&CODE_STATE=getMsg HTTP/1.1" 200 27
120.253.135.82 - - [14/Jan/2022:09:00:50 +0800] "GET /xingrg/check_reg.html?_=1642121834265 HTTP/1.1" 200 22
58.39.168.32 - - [14/Jan/2022:09:00:56 +0800] "GET /xingrg/all/function/internal_message.html?_=1642122052599&CODE_STATE=getMsg HTTP/1.1" 200 27
222.70.243.96 - - [14/Jan/2022:09:00:57 +0800] "GET /xingrg/all/function/internal_message.html?_=1642122069934&CODE_STATE=getMsg HTTP/1.1" 302 -
58.39.168.32 - - [14/Jan/2022:09:01:06 +0800] "GET /xingrg/kc/buy/cgsh_order_operate.html?command=get_materiel&rest_code=00105&code=00101015136&supplier_code=00100203&order_time=2022-01-14 HTTP/1.1" 200 399
222.69.128.102 - - [14/Jan/2022:09:01:10 +0800] "POST /xingrg/kc/buy/cgsh_order_operate.html HTTP/1.1" 200 75
58.39.168.32 - - [14/Jan/2022:09:01:17 +0800] "GET /xingrg/kc/buy/cgsh_order_operate.html?command=get_materiel&rest_code=00105&code=00101008405&supplier_code=00100203&order_time=2022-01-14 HTTP/1.1" 200 413
222.70.243.96 - - [14/Jan/2022:09:01:26 +0800] "GET /xingrg/all/function/internal_message.html?_=1642122100733&CODE_STATE=getMsg HTTP/1.1" 200 27
222.69.128.102 - - [14/Jan/2022:09:01:31 +0800] "GET /xingrg/all/function/internal_message.html?_=1642122088026&CODE_STATE=getMsg HTTP/1.1" 200 27
222.69.128.102 - - [14/Jan/2022:09:01:31 +0800] "GET /xingrg/check_reg.html?_=1642122088028 HTTP/1.1" 200 22
58.39.168.32 - - [14/Jan/2022:09:01:32 +0800] "GET /xingrg/kc/buy/cgsh_order_operate.html?command=get_materiel&rest_code=00105&code=00101020147&supplier_code=00100203&order_time=2022-01-14 HTTP/1.1" 200 408
180.169.147.146 - - [14/Jan/2022:09:01:32 +0800] "GET /xingrg/all/function/internal_message.html?_=1642122091293&CODE_STATE=getMsg HTTP/1.1" 200 27
58.39.168.32 - - [14/Jan/2022:09:01:37 +0800] "GET /xingrg/all/function/internal_message.html?_=1642122031567&CODE_STATE=getMsg HTTP/1.1" 200 27
222.70.217.149 - - [14/Jan/2022:09:01:39 +0800] "GET /xingrg/all/function/internal_message.html?_=1642122090317&CODE_STATE=getMsg HTTP/1.1" 200 27
120.253.135.82 - - [14/Jan/2022:09:01:40 +0800] "GET /xingrg/all/function/internal_message.html?_=1642121884170&CODE_STATE=getMsg HTTP/1.1" 200 27
58.39.168.32 - - [14/Jan/2022:09:01:44 +0800] "GET /xingrg/kc/buy/cgsh_order_operate.html?command=get_materiel&rest_code=00105&code=00101016082&supplier_code=00100203&order_time=2022-01-14 HTTP/1.1" 200 408
114.84.144.24 - - [14/Jan/2022:09:01:44 +0800] "GET /xingrg/all/function/internal_message.html?_=1642121919700&CODE_STATE=getMsg HTTP/1.1" 200 27
180.152.99.39 - - [14/Jan/2022:09:01:48 +0800] "GET /xingrg/all/function/internal_message.html?_=1642122042714&CODE_STATE=getMsg HTTP/1.1" 200 27
222.69.128.102 - - [14/Jan/2022:09:01:50 +0800] "POST /xingrg/kc/buy/cgsh_order_operate.html HTTP/1.1" 200 75
58.39.168.32 - - [14/Jan/2022:09:01:55 +0800] "GET /xingrg/kc/buy/cgsh_order_operate.html?command=get_materiel&rest_code=00105&code=00101008211&supplier_code=00100203&order_time=2022-01-14 HTTP/1.1" 200 412
58.39.168.32 - - [14/Jan/2022:09:01:56 +0800] "GET /xingrg/all/function/internal_message.html?_=1642122112607&CODE_STATE=getMsg HTTP/1.1" 200 27
58.39.168.32 - - [14/Jan/2022:09:01:56 +0800] "GET /xingrg/check_reg.html?_=1642122112985 HTTP/1.1" 200 22
222.70.243.96 - - [14/Jan/2022:09:01:57 +0800] "GET /xingrg/all/function/internal_message.html?_=1642122129960&CODE_STATE=getMsg HTTP/1.1" 302 -
58.39.168.32 - - [14/Jan/2022:09:02:19 +0800] "GET /xingrg/kc/buy/cgsh_order_operate.html?command=get_materiel&rest_code=00105&code=00101008355&supplier_code=00100203&order_time=2022-01-14 HTTP/1.1" 200 408
222.70.243.96 - - [14/Jan/2022:09:02:26 +0800] "GET /xingrg/all/function/internal_message.html?_=1642122160748&CODE_STATE=getMsg HTTP/1.1" 200 27
222.69.128.102 - - [14/Jan/2022:09:02:28 +0800] "POST /xingrg/kc/buy/cgsh_order_operate.html HTTP/1.1" 200 37
58.39.168.32 - - [14/Jan/2022:09:02:31 +0800] "GET /xingrg/kc/buy/cgsh_order_operate.html?command=get_materiel&rest_code=00105&code=00101008264&supplier_code=00100203&order_time=2022-01-14 HTTP/1.1" 200 412
222.69.128.102 - - [14/Jan/2022:09:02:31 +0800] "GET /xingrg/all/function/internal_message.html?_=1642122148677&CODE_STATE=getMsg HTTP/1.1" 200 27
180.169.147.146 - - [14/Jan/2022:09:02:32 +0800] "GET /xingrg/all/function/internal_message.html?_=1642122151293&CODE_STATE=getMsg HTTP/1.1" 200 27
222.69.128.102 - - [14/Jan/2022:09:02:32 +0800] "POST /xingrg/kc/buy/cgsh_order_operate.html HTTP/1.1" 200 48786
58.39.168.32 - - [14/Jan/2022:09:02:34 +0800] "POST /xingrg/kc/buy/cgsh_order_operate.html HTTP/1.1" 200 2065
58.39.168.32 - - [14/Jan/2022:09:02:35 +0800] "POST /xingrg/kc/buy/cgsh_order_operate.html HTTP/1.1" 200 2065
58.39.168.32 - - [14/Jan/2022:09:02:37 +0800] "GET /xingrg/all/function/internal_message.html?_=1642122091568&CODE_STATE=getMsg HTTP/1.1" 200 27
222.70.217.149 - - [14/Jan/2022:09:02:39 +0800] "GET /xingrg/check_reg.html?_=1642122150307 HTTP/1.1" 200 22
222.70.217.149 - - [14/Jan/2022:09:02:39 +0800] "GET /xingrg/all/function/internal_message.html?_=1642122150311&CODE_STATE=getMsg HTTP/1.1" 200 27
120.253.135.82 - - [14/Jan/2022:09:02:40 +0800] "GET /xingrg/all/function/internal_message.html?_=1642121944184&CODE_STATE=getMsg HTTP/1.1" 200 27
58.39.168.32 - - [14/Jan/2022:09:02:41 +0800] "GET /xingrg/kc/buy/cgsh_order_operate.html?command=get_materiel&rest_code=00105&code=00101008024&supplier_code=00100203&order_time=2022-01-14 HTTP/1.1" 200 408
114.84.144.24 - - [14/Jan/2022:09:02:44 +0800] "GET /xingrg/check_reg.html?_=1642121979704 HTTP/1.1" 200 22
