114.86.227.80 - - [14/Jan/2022:11:30:48 +0800] "GET /xingrg/all/function/internal_message.html?_=1642131045251&CODE_STATE=getMsg HTTP/1.1" 200 27
114.84.144.24 - - [14/Jan/2022:11:30:50 +0800] "POST /xingrg/kc/mdqp/pssh_list_operate.html HTTP/1.1" 200 360
180.162.114.48 - - [14/Jan/2022:11:30:50 +0800] "GET /xingrg/check_reg.html?_=1642130460610 HTTP/1.1" 200 22
180.162.114.48 - - [14/Jan/2022:11:30:50 +0800] "GET /xingrg/all/function/internal_message.html?_=1642130460629&CODE_STATE=getMsg HTTP/1.1" 200 27
180.169.147.146 - - [14/Jan/2022:11:30:50 +0800] "GET /xingrg/check_reg.html?_=1642131047253 HTTP/1.1" 200 22
180.169.147.146 - - [14/Jan/2022:11:30:50 +0800] "GET /xingrg/all/function/internal_message.html?_=1642131047255&CODE_STATE=getMsg HTTP/1.1" 200 27
114.84.144.24 - - [14/Jan/2022:11:30:52 +0800] "POST /xingrg/kc/mdqp/pssh_list_operate.html HTTP/1.1" 200 489
58.39.168.32 - - [14/Jan/2022:11:30:53 +0800] "GET /xingrg/all/function/internal_message.html?_=1642131049756&CODE_STATE=getMsg HTTP/1.1" 200 27
114.84.144.24 - - [14/Jan/2022:11:30:53 +0800] "GET /xingrg/kc/mdqp/pssh_order_info.html?code=312022011200441 HTTP/1.1" 200 17299
114.84.144.24 - - [14/Jan/2022:11:30:53 +0800] "GET /xingrg/javascript/jquery_tools/jquery-1.4.2.min.js HTTP/1.1" 404 1094
114.84.144.24 - - [14/Jan/2022:11:30:53 +0800] "POST /xingrg/kc/mdqp/pssh_order_operate.html HTTP/1.1" 200 1618
114.84.144.24 - - [14/Jan/2022:11:30:54 +0800] "GET /xingrg/all/common/auto_word.html?type=base&rest_code=00141&rest_code=00141 HTTP/1.1" 200 1849
114.84.144.24 - - [14/Jan/2022:11:30:54 +0800] "GET /xingrg/javascript/easyui/themes/default/validatebox.css HTTP/1.1" 404 1104
222.70.243.96 - - [14/Jan/2022:11:30:57 +0800] "GET /xingrg/kc/buy/cgsh_order_operate.html?command=get_materiel&rest_code=00146&code=00101007049&supplier_code=00100002&order_time=2022-01-14 HTTP/1.1" 200 409
222.70.243.96 - - [14/Jan/2022:11:30:59 +0800] "GET /xingrg/all/function/internal_message.html?_=1642131072112&CODE_STATE=getMsg HTTP/1.1" 302 -
114.84.144.24 - - [14/Jan/2022:11:30:59 +0800] "POST /xingrg/all/common/load_combo.html?type=employee HTTP/1.1" 200 362
114.84.144.24 - - [14/Jan/2022:11:31:02 +0800] "POST /xingrg/kc/mdqp/pssh_order_operate.html HTTP/1.1" 200 37
114.84.144.24 - - [14/Jan/2022:11:31:03 +0800] "POST /xingrg/kc/mdqp/pssh_order_operate.html HTTP/1.1" 200 12
101.85.120.86 - - [14/Jan/2022:11:31:03 +0800] "GET /xingrg/all/function/internal_message.html?_=1642131060110&CODE_STATE=getMsg HTTP/1.1" 200 27
222.70.217.149 - - [14/Jan/2022:11:31:04 +0800] "GET /xingrg/all/function/internal_message.html?_=1642131055745&CODE_STATE=getMsg HTTP/1.1" 200 27
114.84.144.24 - - [14/Jan/2022:11:31:07 +0800] "GET /xingrg/kc/mdqp/pssh_order_info.html?code=312022011200441 HTTP/1.1" 200 14388
114.84.144.24 - - [14/Jan/2022:11:31:07 +0800] "GET /xingrg/javascript/jquery_tools/jquery-1.4.2.min.js HTTP/1.1" 404 1094
114.84.144.24 - - [14/Jan/2022:11:31:07 +0800] "POST /xingrg/kc/mdqp/pssh_order_operate.html HTTP/1.1" 200 1618
114.84.144.24 - - [14/Jan/2022:11:31:07 +0800] "GET /xingrg/javascript/easyui/themes/default/validatebox.css HTTP/1.1" 404 1104
222.70.243.96 - - [14/Jan/2022:11:31:09 +0800] "GET /xingrg/all/function/internal_message.html?_=1642131084036&CODE_STATE=getMsg HTTP/1.1" 200 27
114.84.144.24 - - [14/Jan/2022:11:31:09 +0800] "GET /xingrg/kc/print/load_config.html?kc_code=pssh HTTP/1.1" 200 2291
114.84.144.24 - - [14/Jan/2022:11:31:09 +0800] "GET /xingrg/kc/print/load_data.html?order_code=312022011200441&kc_code=pssh&condition= HTTP/1.1" 200 1068
222.70.243.96 - - [14/Jan/2022:11:31:13 +0800] "GET /xingrg/kc/buy/cgsh_order_operate.html?command=get_materiel&rest_code=00146&code=00101007085&supplier_code=00100002&order_time=2022-01-14 HTTP/1.1" 200 413
180.152.99.39 - - [14/Jan/2022:11:31:15 +0800] "GET /xingrg/all/function/internal_message.html?_=1642131010253&CODE_STATE=getMsg HTTP/1.1" 200 27
114.84.144.24 - - [14/Jan/2022:11:31:17 +0800] "POST /xingrg/kc/mdqp/pssh_list_operate.html HTTP/1.1" 200 269
114.84.144.24 - - [14/Jan/2022:11:31:18 +0800] "GET /xingrg/kc/mdqp/pssh_order_info.html?code=312022011200442 HTTP/1.1" 200 17301
114.84.144.24 - - [14/Jan/2022:11:31:18 +0800] "GET /xingrg/javascript/jquery_tools/jquery-1.4.2.min.js HTTP/1.1" 404 1094
114.84.144.24 - - [14/Jan/2022:11:31:18 +0800] "POST /xingrg/kc/mdqp/pssh_order_operate.html HTTP/1.1" 200 558
114.84.144.24 - - [14/Jan/2022:11:31:18 +0800] "GET /xingrg/javascript/easyui/themes/default/validatebox.css HTTP/1.1" 404 1104
114.84.144.24 - - [14/Jan/2022:11:31:21 +0800] "POST /xingrg/all/common/load_combo.html?type=employee HTTP/1.1" 200 362
180.162.114.48 - - [14/Jan/2022:11:31:24 +0800] "POST /xingrg/kc/buy/cgsh_list_operate.html HTTP/1.1" 200 876
222.70.243.96 - - [14/Jan/2022:11:31:24 +0800] "GET /xingrg/kc/buy/cgsh_order_operate.html?command=get_materiel&rest_code=00146&code=00101007032&supplier_code=00100002&order_time=2022-01-14 HTTP/1.1" 200 413
114.84.144.24 - - [14/Jan/2022:11:31:27 +0800] "POST /xingrg/kc/mdqp/pssh_order_operate.html HTTP/1.1" 200 37
116.237.73.232 - - [14/Jan/2022:11:31:27 +0800] "GET /xingrg/all/function/internal_message.html?_=1642131080537&CODE_STATE=getMsg HTTP/1.1" 200 27
114.84.144.24 - - [14/Jan/2022:11:31:28 +0800] "POST /xingrg/kc/mdqp/pssh_order_operate.html HTTP/1.1" 200 12
114.84.144.24 - - [14/Jan/2022:11:31:31 +0800] "GET /xingrg/kc/mdqp/pssh_order_info.html?code=312022011200442 HTTP/1.1" 200 14390
114.84.144.24 - - [14/Jan/2022:11:31:31 +0800] "GET /xingrg/javascript/jquery_tools/jquery-1.4.2.min.js HTTP/1.1" 404 1094
114.84.144.24 - - [14/Jan/2022:11:31:31 +0800] "GET /xingrg/javascript/easyui/themes/default/validatebox.css HTTP/1.1" 404 1104
114.84.144.24 - - [14/Jan/2022:11:31:31 +0800] "POST /xingrg/kc/mdqp/pssh_order_operate.html HTTP/1.1" 200 558
222.69.128.102 - - [14/Jan/2022:11:31:31 +0800] "GET /xingrg/all/function/internal_message.html?_=1642131088527&CODE_STATE=getMsg HTTP/1.1" 200 27
222.69.128.102 - - [14/Jan/2022:11:31:31 +0800] "GET /xingrg/check_reg.html?_=1642131088529 HTTP/1.1" 200 22
180.169.147.146 - - [14/Jan/2022:11:31:32 +0800] "GET /xingrg/all/function/internal_message.html?_=1642131091295&CODE_STATE=getMsg HTTP/1.1" 200 27
114.84.144.24 - - [14/Jan/2022:11:31:33 +0800] "GET /xingrg/kc/print/load_data.html?order_code=312022011200442&kc_code=pssh&condition= HTTP/1.1" 200 702
58.39.168.32 - - [14/Jan/2022:11:31:34 +0800] "GET /xingrg/all/function/internal_message.html?_=1642131029302&CODE_STATE=getMsg HTTP/1.1" 200 27
222.70.177.227 - - [14/Jan/2022:11:31:35 +0800] "GET /xingrg/all/function/internal_message.html?_=1642131089858&CODE_STATE=getMsg HTTP/1.1" 200 27
222.70.243.96 - - [14/Jan/2022:11:31:39 +0800] "POST /xingrg/kc/buy/cgsh_order_operate.html HTTP/1.1" 200 37
222.70.243.96 - - [14/Jan/2022:11:31:41 +0800] "POST /xingrg/kc/buy/cgsh_order_operate.html HTTP/1.1" 200 5020
114.95.98.1 - - [14/Jan/2022:11:31:42 +0800] "GET /xingrg/all/function/internal_message.html?_=1642131117304&CODE_STATE=getMsg HTTP/1.1" 200 27
114.84.144.24 - - [14/Jan/2022:11:31:42 +0800] "GET /xingrg/all/function/internal_message.html?_=1642130917935&CODE_STATE=getMsg HTTP/1.1" 200 27
222.70.243.96 - - [14/Jan/2022:11:31:43 +0800] "GET /xingrg/kc/print/load_data.html?order_code=212022011406516&kc_code=cgsh&condition= HTTP/1.1" 200 1652
124.79.247.218 - - [14/Jan/2022:11:31:44 +0800] "GET /xingrg/all/function/internal_message.html?_=1642131238333&CODE_STATE=getMsg HTTP/1.1" 200 27
116.237.73.232 - - [14/Jan/2022:11:31:46 +0800] "GET /xingrg/all/function/internal_message.html?_=1642131104410&CODE_STATE=getMsg HTTP/1.1" 200 27
114.86.227.80 - - [14/Jan/2022:11:31:48 +0800] "GET /xingrg/all/function/internal_message.html?_=1642131105266&CODE_STATE=getMsg HTTP/1.1" 200 27
180.162.114.48 - - [14/Jan/2022:11:31:50 +0800] "GET /xingrg/all/function/internal_message.html?_=1642130520607&CODE_STATE=getMsg HTTP/1.1" 200 27
180.169.147.146 - - [14/Jan/2022:11:31:50 +0800] "GET /xingrg/all/function/internal_message.html?_=1642131107254&CODE_STATE=getMsg HTTP/1.1" 200 27
58.39.168.32 - - [14/Jan/2022:11:31:53 +0800] "GET /xingrg/all/function/internal_message.html?_=1642131109734&CODE_STATE=getMsg HTTP/1.1" 200 27
58.39.168.32 - - [14/Jan/2022:11:31:56 +0800] "GET /xingrg/check_reg.html?_=1642131113210 HTTP/1.1" 200 22
222.70.243.96 - - [14/Jan/2022:11:31:59 +0800] "GET /xingrg/all/function/internal_message.html?_=1642131132138&CODE_STATE=getMsg HTTP/1.1" 302 -
101.85.120.86 - - [14/Jan/2022:11:32:03 +0800] "GET /xingrg/check_reg.html?_=1642131120111 HTTP/1.1" 200 22
101.85.120.86 - - [14/Jan/2022:11:32:03 +0800] "GET /xingrg/all/function/internal_message.html?_=1642131120113&CODE_STATE=getMsg HTTP/1.1" 200 27
180.169.147.146 - - [14/Jan/2022:11:32:04 +0800] "GET /xingrg/check_reg.html?_=1642131120526 HTTP/1.1" 200 22
222.70.217.149 - - [14/Jan/2022:11:32:04 +0800] "GET /xingrg/all/function/internal_message.html?_=1642131115758&CODE_STATE=getMsg HTTP/1.1" 200 27
222.70.217.149 - - [14/Jan/2022:11:32:04 +0800] "GET /xingrg/check_reg.html?_=1642131115760 HTTP/1.1" 200 22
222.70.182.25 - - [14/Jan/2022:11:32:05 +0800] "POST /xingrg/services/DataTransmitService HTTP/1.1" 200 524
222.70.182.25 - - [14/Jan/2022:11:32:06 +0800] "POST /xingrg/services/DataTransmitService HTTP/1.1" 200 412
114.84.144.24 - - [14/Jan/2022:11:32:06 +0800] "POST /xingrg/kc/mdqp/pssh_list_operate.html HTTP/1.1" 200 814
114.84.144.24 - - [14/Jan/2022:11:32:07 +0800] "POST /xingrg/kc/mdqp/pssh_list_operate.html HTTP/1.1" 200 814
114.84.144.24 - - [14/Jan/2022:11:32:08 +0800] "POST /xingrg/kc/mdqp/pssh_list_operate.html HTTP/1.1" 200 814
222.70.243.96 - - [14/Jan/2022:11:32:09 +0800] "GET /xingrg/all/function/internal_message.html?_=1642131144204&CODE_STATE=getMsg HTTP/1.1" 200 27
114.84.144.24 - - [14/Jan/2022:11:32:09 +0800] "GET /xingrg/kc/mdqp/qp_main.html HTTP/1.1" 200 10633
114.84.144.24 - - [14/Jan/2022:11:32:09 +0800] "GET /xingrg/images/yd/bt.gif HTTP/1.1" 404 1040
114.84.144.24 - - [14/Jan/2022:11:32:10 +0800] "GET /xingrg/kc/mdqp/pssh_order_list.html HTTP/1.1" 200 17777
114.84.144.24 - - [14/Jan/2022:11:32:10 +0800] "POST /xingrg/kc/mdqp/pssh_list_operate.html HTTP/1.1" 200 5269
180.152.99.39 - - [14/Jan/2022:11:32:15 +0800] "GET /xingrg/all/function/internal_message.html?_=1642131070257&CODE_STATE=getMsg HTTP/1.1" 200 27
114.84.144.24 - - [14/Jan/2022:11:32:16 +0800] "POST /xingrg/kc/mdqp/pssh_list_operate.html HTTP/1.1" 200 464
114.84.144.24 - - [14/Jan/2022:11:32:18 +0800] "GET /xingrg/kc/mdqp/pssh_order_info.html?code=312022011200443 HTTP/1.1" 200 17301
114.84.144.24 - - [14/Jan/2022:11:32:18 +0800] "GET /xingrg/javascript/jquery_tools/jquery-1.4.2.min.js HTTP/1.1" 404 1094
114.84.144.24 - - [14/Jan/2022:11:32:18 +0800] "GET /xingrg/javascript/easyui/themes/default/validatebox.css HTTP/1.1" 404 1104
114.84.144.24 - - [14/Jan/2022:11:32:18 +0800] "POST /xingrg/kc/mdqp/pssh_order_operate.html HTTP/1.1" 200 1591
114.84.144.24 - - [14/Jan/2022:11:32:23 +0800] "POST /xingrg/all/common/load_combo.html?type=employee HTTP/1.1" 200 362
114.84.144.24 - - [14/Jan/2022:11:32:27 +0800] "POST /xingrg/kc/mdqp/pssh_order_operate.html HTTP/1.1" 200 37
116.237.73.232 - - [14/Jan/2022:11:32:27 +0800] "GET /xingrg/all/function/internal_message.html?_=1642131140505&CODE_STATE=getMsg HTTP/1.1" 200 27
114.84.144.24 - - [14/Jan/2022:11:32:28 +0800] "POST /xingrg/kc/mdqp/pssh_order_operate.html HTTP/1.1" 200 12
114.84.144.24 - - [14/Jan/2022:11:32:30 +0800] "GET /xingrg/kc/mdqp/pssh_order_info.html?code=312022011200443 HTTP/1.1" 200 14390
114.84.144.24 - - [14/Jan/2022:11:32:30 +0800] "GET /xingrg/javascript/jquery_tools/jquery-1.4.2.min.js HTTP/1.1" 404 1094
114.84.144.24 - - [14/Jan/2022:11:32:31 +0800] "POST /xingrg/kc/mdqp/pssh_order_operate.html HTTP/1.1" 200 1591
114.84.144.24 - - [14/Jan/2022:11:32:31 +0800] "GET /xingrg/javascript/easyui/themes/default/validatebox.css HTTP/1.1" 404 1104
222.69.128.102 - - [14/Jan/2022:11:32:31 +0800] "GET /xingrg/all/function/internal_message.html?_=1642131148527&CODE_STATE=getMsg HTTP/1.1" 200 27
180.169.147.146 - - [14/Jan/2022:11:32:32 +0800] "GET /xingrg/all/function/internal_message.html?_=1642131151281&CODE_STATE=getMsg HTTP/1.1" 200 27
58.39.168.32 - - [14/Jan/2022:11:32:34 +0800] "GET /xingrg/all/function/internal_message.html?_=1642131089272&CODE_STATE=getMsg HTTP/1.1" 200 27
114.84.144.24 - - [14/Jan/2022:11:32:35 +0800] "GET /xingrg/kc/print/load_data.html?order_code=312022011200443&kc_code=pssh&condition= HTTP/1.1" 200 1040
222.70.177.227 - - [14/Jan/2022:11:32:35 +0800] "GET /xingrg/all/function/internal_message.html?_=1642131149843&CODE_STATE=getMsg HTTP/1.1" 200 27
114.95.98.1 - - [14/Jan/2022:11:32:42 +0800] "GET /xingrg/check_reg.html?_=1642131176918 HTTP/1.1" 200 22
114.84.144.24 - - [14/Jan/2022:11:32:42 +0800] "POST /xingrg/kc/mdqp/pssh_list_operate.html HTTP/1.1" 200 356
114.95.98.1 - - [14/Jan/2022:11:32:42 +0800] "GET /xingrg/all/function/internal_message.html?_=1642131177317&CODE_STATE=getMsg HTTP/1.1" 200 27
114.84.144.24 - - [14/Jan/2022:11:32:42 +0800] "GET /xingrg/all/function/internal_message.html?_=1642130977944&CODE_STATE=getMsg HTTP/1.1" 200 27
114.84.144.24 - - [14/Jan/2022:11:32:43 +0800] "GET /xingrg/kc/mdqp/pssh_order_info.html?code=312022011200440 HTTP/1.1" 200 17301
114.84.144.24 - - [14/Jan/2022:11:32:43 +0800] "GET /xingrg/javascript/jquery_tools/jquery-1.4.2.min.js HTTP/1.1" 404 1094
114.84.144.24 - - [14/Jan/2022:11:32:43 +0800] "POST /xingrg/kc/mdqp/pssh_order_operate.html HTTP/1.1" 200 1064
114.84.144.24 - - [14/Jan/2022:11:32:43 +0800] "GET /xingrg/javascript/easyui/themes/default/validatebox.css HTTP/1.1" 404 1104
124.79.247.218 - - [14/Jan/2022:11:32:44 +0800] "GET /xingrg/all/function/internal_message.html?_=1642131298332&CODE_STATE=getMsg HTTP/1.1" 200 27
114.84.144.24 - - [14/Jan/2022:11:32:44 +0800] "GET /xingrg/check_reg.html?_=1642130979915 HTTP/1.1" 200 22
114.84.144.24 - - [14/Jan/2022:11:32:45 +0800] "POST /xingrg/all/common/load_combo.html?type=employee HTTP/1.1" 200 362
116.237.73.232 - - [14/Jan/2022:11:32:46 +0800] "GET /xingrg/all/function/internal_message.html?_=1642131164394&CODE_STATE=getMsg HTTP/1.1" 200 27
114.86.227.80 - - [14/Jan/2022:11:32:48 +0800] "GET /xingrg/all/function/internal_message.html?_=1642131165268&CODE_STATE=getMsg HTTP/1.1" 200 27
114.86.227.80 - - [14/Jan/2022:11:32:48 +0800] "GET /xingrg/check_reg.html?_=1642131165268 HTTP/1.1" 200 22
114.84.144.24 - - [14/Jan/2022:11:32:48 +0800] "POST /xingrg/kc/mdqp/pssh_order_operate.html HTTP/1.1" 200 37
114.84.144.24 - - [14/Jan/2022:11:32:49 +0800] "POST /xingrg/kc/mdqp/pssh_order_operate.html HTTP/1.1" 200 12
180.162.114.48 - - [14/Jan/2022:11:32:50 +0800] "GET /xingrg/all/function/internal_message.html?_=1642130580593&CODE_STATE=getMsg HTTP/1.1" 200 27
180.169.147.146 - - [14/Jan/2022:11:32:50 +0800] "GET /xingrg/all/function/internal_message.html?_=1642131167243&CODE_STATE=getMsg HTTP/1.1" 200 27
61.151.207.205 - - [14/Jan/2022:11:32:51 +0800] "GET /xingrg/check_reg.html?_=1642126498991 HTTP/1.1" 302 -
114.84.144.24 - - [14/Jan/2022:11:32:52 +0800] "GET /xingrg/kc/mdqp/pssh_order_info.html?code=312022011200440 HTTP/1.1" 200 14390
114.84.144.24 - - [14/Jan/2022:11:32:52 +0800] "GET /xingrg/javascript/jquery_tools/jquery-1.4.2.min.js HTTP/1.1" 404 1094
114.84.144.24 - - [14/Jan/2022:11:32:52 +0800] "POST /xingrg/kc/mdqp/pssh_order_operate.html HTTP/1.1" 200 1064
114.84.144.24 - - [14/Jan/2022:11:32:52 +0800] "GET /xingrg/javascript/easyui/themes/default/validatebox.css HTTP/1.1" 404 1104
58.39.168.32 - - [14/Jan/2022:11:32:53 +0800] "GET /xingrg/all/function/internal_message.html?_=1642131169712&CODE_STATE=getMsg HTTP/1.1" 200 27
61.151.207.205 - - [14/Jan/2022:11:32:54 +0800] "GET /xingrg/login.html HTTP/1.1" 200 7641
114.84.144.24 - - [14/Jan/2022:11:32:54 +0800] "GET /xingrg/kc/print/load_data.html?order_code=312022011200440&kc_code=pssh&condition= HTTP/1.1" 200 853
222.70.243.96 - - [14/Jan/2022:11:32:59 +0800] "GET /xingrg/all/function/internal_message.html?_=1642131192140&CODE_STATE=getMsg HTTP/1.1" 302 -
114.84.144.24 - - [14/Jan/2022:11:33:01 +0800] "POST /xingrg/kc/mdqp/pssh_list_operate.html HTTP/1.1" 200 814
101.85.120.86 - - [14/Jan/2022:11:33:03 +0800] "GET /xingrg/all/function/internal_message.html?_=1642131180112&CODE_STATE=getMsg HTTP/1.1" 200 27
222.70.217.149 - - [14/Jan/2022:11:33:04 +0800] "GET /xingrg/all/function/internal_message.html?_=1642131175752&CODE_STATE=getMsg HTTP/1.1" 200 27
222.70.243.96 - - [14/Jan/2022:11:33:09 +0800] "GET /xingrg/all/function/internal_message.html?_=1642131204219&CODE_STATE=getMsg HTTP/1.1" 200 27
114.84.144.24 - - [14/Jan/2022:11:33:13 +0800] "GET /xingrg/kc/mdqp/qp_main.html HTTP/1.1" 200 10633
114.84.144.24 - - [14/Jan/2022:11:33:13 +0800] "GET /xingrg/images/yd/bt.gif HTTP/1.1" 404 1040
114.84.144.24 - - [14/Jan/2022:11:33:14 +0800] "GET /xingrg/kc/mdqp/pssh_order_list.html HTTP/1.1" 200 17777
114.84.144.24 - - [14/Jan/2022:11:33:14 +0800] "POST /xingrg/kc/mdqp/pssh_list_operate.html HTTP/1.1" 200 5319
180.152.99.39 - - [14/Jan/2022:11:33:14 +0800] "GET /xingrg/check_reg.html?_=1642131129306 HTTP/1.1" 200 22
180.152.99.39 - - [14/Jan/2022:11:33:15 +0800] "GET /xingrg/all/function/internal_message.html?_=1642131130271&CODE_STATE=getMsg HTTP/1.1" 200 27
114.84.144.24 - - [14/Jan/2022:11:33:16 +0800] "POST /xingrg/kc/mdqp/pssh_list_operate.html HTTP/1.1" 200 775
114.84.144.24 - - [14/Jan/2022:11:33:16 +0800] "GET /xingrg/kc/mdqp/pssh_order_info.html?code=312022011200439 HTTP/1.1" 200 17303
114.84.144.24 - - [14/Jan/2022:11:33:16 +0800] "GET /xingrg/javascript/jquery_tools/jquery-1.4.2.min.js HTTP/1.1" 404 1094
114.84.144.24 - - [14/Jan/2022:11:33:16 +0800] "GET /xingrg/javascript/easyui/themes/default/validatebox.css HTTP/1.1" 404 1104
114.84.144.24 - - [14/Jan/2022:11:33:16 +0800] "POST /xingrg/kc/mdqp/pssh_order_operate.html HTTP/1.1" 200 20916
114.84.144.24 - - [14/Jan/2022:11:33:18 +0800] "POST /xingrg/all/common/load_combo.html?type=employee HTTP/1.1" 200 362
114.84.144.24 - - [14/Jan/2022:11:33:21 +0800] "POST /xingrg/kc/mdqp/pssh_order_operate.html HTTP/1.1" 200 37
114.84.144.24 - - [14/Jan/2022:11:33:22 +0800] "POST /xingrg/kc/mdqp/pssh_order_operate.html HTTP/1.1" 200 12
101.91.60.11 - - [14/Jan/2022:11:33:23 +0800] "GET /xingrg/all/function/internal_message.html?_=1642128501436&CODE_STATE=getMsg HTTP/1.1" 302 -
101.91.60.11 - - [14/Jan/2022:11:33:23 +0800] "GET /xingrg/login.html HTTP/1.1" 200 7641
116.237.73.232 - - [14/Jan/2022:11:33:27 +0800] "GET /xingrg/all/function/internal_message.html?_=1642131200482&CODE_STATE=getMsg HTTP/1.1" 200 27
114.84.144.24 - - [14/Jan/2022:11:33:28 +0800] "GET /xingrg/kc/mdqp/pssh_order_info.html?code=312022011200439 HTTP/1.1" 200 14392
114.84.144.24 - - [14/Jan/2022:11:33:28 +0800] "GET /xingrg/javascript/jquery_tools/jquery-1.4.2.min.js HTTP/1.1" 404 1094
114.84.144.24 - - [14/Jan/2022:11:33:28 +0800] "POST /xingrg/kc/mdqp/pssh_order_operate.html HTTP/1.1" 200 20916
114.84.144.24 - - [14/Jan/2022:11:33:28 +0800] "GET /xingrg/javascript/easyui/themes/default/validatebox.css HTTP/1.1" 404 1104
114.84.144.24 - - [14/Jan/2022:11:33:31 +0800] "GET /xingrg/kc/print/load_data.html?order_code=312022011200439&kc_code=pssh&condition= HTTP/1.1" 200 7894
222.69.128.102 - - [14/Jan/2022:11:33:31 +0800] "GET /xingrg/all/function/internal_message.html?_=1642131208538&CODE_STATE=getMsg HTTP/1.1" 200 27
180.169.147.146 - - [14/Jan/2022:11:33:32 +0800] "GET /xingrg/check_reg.html?_=1642131211287 HTTP/1.1" 200 22
180.169.147.146 - - [14/Jan/2022:11:33:32 +0800] "GET /xingrg/all/function/internal_message.html?_=1642131211283&CODE_STATE=getMsg HTTP/1.1" 200 27
58.39.168.32 - - [14/Jan/2022:11:33:34 +0800] "GET /xingrg/all/function/internal_message.html?_=1642131149243&CODE_STATE=getMsg HTTP/1.1" 200 27
222.70.177.227 - - [14/Jan/2022:11:33:35 +0800] "GET /xingrg/all/function/internal_message.html?_=1642131209828&CODE_STATE=getMsg HTTP/1.1" 200 27
114.84.144.24 - - [14/Jan/2022:11:33:40 +0800] "POST /xingrg/kc/mdqp/pssh_list_operate.html HTTP/1.1" 200 750
114.86.227.80 - - [14/Jan/2022:11:33:41 +0800] "GET /xingrg/javascript/jquery_easy_ui/themes/default/images/tabs_active.png HTTP/1.1" 304 -
114.84.144.24 - - [14/Jan/2022:11:33:41 +0800] "GET /xingrg/kc/mdqp/pssh_order_info.html?code=312022011200438 HTTP/1.1" 200 17303
114.84.144.24 - - [14/Jan/2022:11:33:41 +0800] "GET /xingrg/javascript/jquery_tools/jquery-1.4.2.min.js HTTP/1.1" 404 1094
114.84.144.24 - - [14/Jan/2022:11:33:42 +0800] "POST /xingrg/kc/mdqp/pssh_order_operate.html HTTP/1.1" 200 10477
114.84.144.24 - - [14/Jan/2022:11:33:42 +0800] "GET /xingrg/javascript/easyui/themes/default/validatebox.css HTTP/1.1" 404 1104
114.86.227.80 - - [14/Jan/2022:11:33:42 +0800] "GET /xingrg/kc/buy/buy_main.html HTTP/1.1" 200 12412
114.86.227.80 - - [14/Jan/2022:11:33:42 +0800] "GET /xingrg/css/new_ie.css HTTP/1.1" 404 1036
114.84.144.24 - - [14/Jan/2022:11:33:42 +0800] "GET /xingrg/all/function/internal_message.html?_=1642131037880&CODE_STATE=getMsg HTTP/1.1" 200 27
114.95.98.1 - - [14/Jan/2022:11:33:42 +0800] "GET /xingrg/all/function/internal_message.html?_=1642131237333&CODE_STATE=getMsg HTTP/1.1" 200 27
114.86.227.80 - - [14/Jan/2022:11:33:43 +0800] "GET /xingrg/kc/buy/cgsh_order_list.html HTTP/1.1" 200 49588
124.79.247.218 - - [14/Jan/2022:11:33:44 +0800] "GET /xingrg/check_reg.html?_=1642131358344 HTTP/1.1" 200 22
124.79.247.218 - - [14/Jan/2022:11:33:44 +0800] "GET /xingrg/all/function/internal_message.html?_=1642131358345&CODE_STATE=getMsg HTTP/1.1" 200 27
116.237.73.232 - - [14/Jan/2022:11:33:46 +0800] "GET /xingrg/all/function/internal_message.html?_=1642131224380&CODE_STATE=getMsg HTTP/1.1" 200 27
114.86.227.80 - - [14/Jan/2022:11:33:48 +0800] "GET /xingrg/all/function/internal_message.html?_=1642131225258&CODE_STATE=getMsg HTTP/1.1" 200 27
180.162.114.48 - - [14/Jan/2022:11:33:50 +0800] "GET /xingrg/all/function/internal_message.html?_=1642130640575&CODE_STATE=getMsg HTTP/1.1" 200 27
180.169.147.146 - - [14/Jan/2022:11:33:50 +0800] "GET /xingrg/all/function/internal_message.html?_=1642131227238&CODE_STATE=getMsg HTTP/1.1" 200 27
114.86.227.80 - - [14/Jan/2022:11:33:52 +0800] "POST /xingrg/kc/buy/cgsh_list_operate.html HTTP/1.1" 200 4123
58.39.168.32 - - [14/Jan/2022:11:33:53 +0800] "GET /xingrg/all/function/internal_message.html?_=1642131229681&CODE_STATE=getMsg HTTP/1.1" 200 27
114.84.144.24 - - [14/Jan/2022:11:33:54 +0800] "POST /xingrg/all/common/load_combo.html?type=employee HTTP/1.1" 200 362
114.84.144.24 - - [14/Jan/2022:11:33:57 +0800] "POST /xingrg/kc/mdqp/pssh_order_operate.html HTTP/1.1" 200 37
114.84.144.24 - - [14/Jan/2022:11:33:58 +0800] "POST /xingrg/kc/mdqp/pssh_order_operate.html HTTP/1.1" 200 12
222.70.243.96 - - [14/Jan/2022:11:33:59 +0800] "GET /xingrg/all/function/internal_message.html?_=1642131252165&CODE_STATE=getMsg HTTP/1.1" 302 -
114.84.144.24 - - [14/Jan/2022:11:34:00 +0800] "GET /xingrg/kc/mdqp/pssh_order_info.html?code=312022011200438 HTTP/1.1" 200 14392
114.84.144.24 - - [14/Jan/2022:11:34:00 +0800] "GET /xingrg/javascript/jquery_tools/jquery-1.4.2.min.js HTTP/1.1" 404 1094
114.84.144.24 - - [14/Jan/2022:11:34:00 +0800] "POST /xingrg/kc/mdqp/pssh_order_operate.html HTTP/1.1" 200 10477
114.84.144.24 - - [14/Jan/2022:11:34:00 +0800] "GET /xingrg/javascript/easyui/themes/default/validatebox.css HTTP/1.1" 404 1104
61.151.178.163 - - [14/Jan/2022:11:34:02 +0800] "GET /xingrg/all/function/internal_message.html?_=1642127692870&CODE_STATE=getMsg HTTP/1.1" 302 -
61.151.178.163 - - [14/Jan/2022:11:34:03 +0800] "GET /xingrg/login.html HTTP/1.1" 200 7641
101.85.120.86 - - [14/Jan/2022:11:34:03 +0800] "GET /xingrg/all/function/internal_message.html?_=1642131240112&CODE_STATE=getMsg HTTP/1.1" 200 27
114.84.144.24 - - [14/Jan/2022:11:34:04 +0800] "GET /xingrg/kc/print/load_data.html?order_code=312022011200438&kc_code=pssh&condition= HTTP/1.1" 200 3980
222.70.217.149 - - [14/Jan/2022:11:34:04 +0800] "GET /xingrg/all/function/internal_message.html?_=1642131235743&CODE_STATE=getMsg HTTP/1.1" 200 27
222.70.243.96 - - [14/Jan/2022:11:34:08 +0800] "GET /xingrg/check_reg.html?_=1642131263338 HTTP/1.1" 200 22
222.70.243.96 - - [14/Jan/2022:11:34:09 +0800] "GET /xingrg/all/function/internal_message.html?_=1642131264232&CODE_STATE=getMsg HTTP/1.1" 200 27
114.84.144.24 - - [14/Jan/2022:11:34:09 +0800] "POST /xingrg/kc/mdqp/pssh_list_operate.html HTTP/1.1" 200 814
114.86.227.80 - - [14/Jan/2022:11:34:10 +0800] "POST /xingrg/kc/buy/cgsh_list_operate.html HTTP/1.1" 200 5110
114.84.144.24 - - [14/Jan/2022:11:34:10 +0800] "GET /xingrg/kc/mdqp/qp_main.html HTTP/1.1" 200 10633
114.86.227.80 - - [14/Jan/2022:11:34:12 +0800] "POST /xingrg/kc/buy/cgsh_list_operate.html HTTP/1.1" 200 213
114.84.144.24 - - [14/Jan/2022:11:34:12 +0800] "GET /xingrg/images/yd/bt.gif HTTP/1.1" 404 1040
114.84.144.24 - - [14/Jan/2022:11:34:13 +0800] "GET /xingrg/kc/mdqp/pssh_order_list.html HTTP/1.1" 200 17777
114.84.144.24 - - [14/Jan/2022:11:34:13 +0800] "POST /xingrg/kc/mdqp/pssh_list_operate.html HTTP/1.1" 200 5369
114.86.227.80 - - [14/Jan/2022:11:34:15 +0800] "POST /xingrg/kc/buy/cgsh_list_operate.html HTTP/1.1" 200 208
180.152.99.39 - - [14/Jan/2022:11:34:15 +0800] "GET /xingrg/all/function/internal_message.html?_=1642131190285&CODE_STATE=getMsg HTTP/1.1" 200 27
114.86.227.80 - - [14/Jan/2022:11:34:21 +0800] "POST /xingrg/kc/buy/cgsh_list_operate.html HTTP/1.1" 200 277
114.86.227.80 - - [14/Jan/2022:11:34:23 +0800] "POST /xingrg/kc/buy/cgsh_list_operate.html HTTP/1.1" 200 572
114.84.144.24 - - [14/Jan/2022:11:34:24 +0800] "POST /xingrg/kc/mdqp/pssh_list_operate.html HTTP/1.1" 200 360
114.84.144.24 - - [14/Jan/2022:11:34:24 +0800] "GET /xingrg/kc/mdqp/pssh_order_info.html?code=312022011200435 HTTP/1.1" 200 17299
114.84.144.24 - - [14/Jan/2022:11:34:25 +0800] "GET /xingrg/javascript/jquery_tools/jquery-1.4.2.min.js HTTP/1.1" 404 1094
114.84.144.24 - - [14/Jan/2022:11:34:25 +0800] "POST /xingrg/kc/mdqp/pssh_order_operate.html HTTP/1.1" 200 1060
114.84.144.24 - - [14/Jan/2022:11:34:25 +0800] "GET /xingrg/javascript/easyui/themes/default/validatebox.css HTTP/1.1" 404 1104
114.86.227.80 - - [14/Jan/2022:11:34:26 +0800] "GET /xingrg/kc/buy/cgsh_order_info.html?code=212021122711756 HTTP/1.1" 200 60336
114.86.227.80 - - [14/Jan/2022:11:34:26 +0800] "GET /xingrg/javascript/easyui/themes/default/validatebox.css HTTP/1.1" 404 1104
114.84.144.24 - - [14/Jan/2022:11:34:26 +0800] "POST /xingrg/all/common/load_combo.html?type=employee HTTP/1.1" 200 362
114.86.227.80 - - [14/Jan/2022:11:34:27 +0800] "POST /xingrg/kc/buy/cgsh_order_operate.html HTTP/1.1" 200 8950
116.237.73.232 - - [14/Jan/2022:11:34:27 +0800] "GET /xingrg/all/function/internal_message.html?_=1642131260456&CODE_STATE=getMsg HTTP/1.1" 200 27
222.70.243.96 - - [14/Jan/2022:11:34:28 +0800] "GET /xingrg/check_reg.html?_=1642131280841 HTTP/1.1" 302 -
114.84.144.24 - - [14/Jan/2022:11:34:30 +0800] "POST /xingrg/kc/mdqp/pssh_order_operate.html HTTP/1.1" 200 37
114.84.144.24 - - [14/Jan/2022:11:34:31 +0800] "POST /xingrg/kc/mdqp/pssh_order_operate.html HTTP/1.1" 200 12
222.69.128.102 - - [14/Jan/2022:11:34:31 +0800] "GET /xingrg/all/function/internal_message.html?_=1642131268540&CODE_STATE=getMsg HTTP/1.1" 200 27
180.169.147.146 - - [14/Jan/2022:11:34:32 +0800] "GET /xingrg/all/function/internal_message.html?_=1642131271289&CODE_STATE=getMsg HTTP/1.1" 200 27
114.84.144.24 - - [14/Jan/2022:11:34:33 +0800] "GET /xingrg/kc/mdqp/pssh_order_info.html?code=312022011200435 HTTP/1.1" 200 14388
114.84.144.24 - - [14/Jan/2022:11:34:33 +0800] "GET /xingrg/javascript/jquery_tools/jquery-1.4.2.min.js HTTP/1.1" 404 1094
114.84.144.24 - - [14/Jan/2022:11:34:34 +0800] "POST /xingrg/kc/mdqp/pssh_order_operate.html HTTP/1.1" 200 1060
114.84.144.24 - - [14/Jan/2022:11:34:34 +0800] "GET /xingrg/javascript/easyui/themes/default/validatebox.css HTTP/1.1" 404 1104
58.39.168.32 - - [14/Jan/2022:11:34:34 +0800] "GET /xingrg/all/function/internal_message.html?_=1642131209228&CODE_STATE=getMsg HTTP/1.1" 200 27
222.70.177.227 - - [14/Jan/2022:11:34:35 +0800] "GET /xingrg/all/function/internal_message.html?_=1642131269813&CODE_STATE=getMsg HTTP/1.1" 200 27
114.84.144.24 - - [14/Jan/2022:11:34:36 +0800] "GET /xingrg/kc/print/load_data.html?order_code=312022011200435&kc_code=pssh&condition= HTTP/1.1" 200 850
114.84.144.24 - - [14/Jan/2022:11:34:42 +0800] "GET /xingrg/all/function/internal_message.html?_=1642131097861&CODE_STATE=getMsg HTTP/1.1" 200 27
114.95.98.1 - - [14/Jan/2022:11:34:42 +0800] "GET /xingrg/all/function/internal_message.html?_=1642131297345&CODE_STATE=getMsg HTTP/1.1" 200 27
124.79.247.218 - - [14/Jan/2022:11:34:44 +0800] "GET /xingrg/all/function/internal_message.html?_=1642131418343&CODE_STATE=getMsg HTTP/1.1" 200 27
116.237.73.232 - - [14/Jan/2022:11:34:46 +0800] "GET /xingrg/all/function/internal_message.html?_=1642131284365&CODE_STATE=getMsg HTTP/1.1" 200 27
114.84.144.24 - - [14/Jan/2022:11:34:47 +0800] "POST /xingrg/kc/mdqp/pssh_list_operate.html HTTP/1.1" 200 758
114.84.144.24 - - [14/Jan/2022:11:34:47 +0800] "GET /xingrg/kc/mdqp/pssh_order_info.html?code=312022011200437 HTTP/1.1" 200 17299
114.84.144.24 - - [14/Jan/2022:11:34:47 +0800] "GET /xingrg/javascript/jquery_tools/jquery-1.4.2.min.js HTTP/1.1" 404 1094
114.84.144.24 - - [14/Jan/2022:11:34:47 +0800] "POST /xingrg/kc/mdqp/pssh_order_operate.html HTTP/1.1" 200 3661
114.84.144.24 - - [14/Jan/2022:11:34:47 +0800] "GET /xingrg/javascript/easyui/themes/default/validatebox.css HTTP/1.1" 404 1104
101.89.239.245 - - [14/Jan/2022:11:34:48 +0800] "GET /xingrg/all/function/internal_message.html?_=1642128561429&CODE_STATE=getMsg HTTP/1.1" 302 -
114.86.227.80 - - [14/Jan/2022:11:34:48 +0800] "GET /xingrg/all/function/internal_message.html?_=1642131285413&CODE_STATE=getMsg HTTP/1.1" 200 27
101.89.239.245 - - [14/Jan/2022:11:34:49 +0800] "GET /xingrg/login.html HTTP/1.1" 200 7641
114.84.144.24 - - [14/Jan/2022:11:34:49 +0800] "POST /xingrg/all/common/load_combo.html?type=employee HTTP/1.1" 200 362
180.162.114.48 - - [14/Jan/2022:11:34:50 +0800] "GET /xingrg/all/function/internal_message.html?_=1642130700561&CODE_STATE=getMsg HTTP/1.1" 200 27
180.169.147.146 - - [14/Jan/2022:11:34:50 +0800] "GET /xingrg/all/function/internal_message.html?_=1642131287248&CODE_STATE=getMsg HTTP/1.1" 200 27
114.84.144.24 - - [14/Jan/2022:11:34:52 +0800] "POST /xingrg/kc/mdqp/pssh_order_operate.html HTTP/1.1" 200 37
58.39.168.32 - - [14/Jan/2022:11:34:53 +0800] "GET /xingrg/all/function/internal_message.html?_=1642131289658&CODE_STATE=getMsg HTTP/1.1" 200 27
114.84.144.24 - - [14/Jan/2022:11:34:53 +0800] "POST /xingrg/kc/mdqp/pssh_order_operate.html HTTP/1.1" 200 12
114.84.144.24 - - [14/Jan/2022:11:34:54 +0800] "GET /xingrg/kc/mdqp/pssh_order_info.html?code=312022011200437 HTTP/1.1" 200 14388
114.84.144.24 - - [14/Jan/2022:11:34:54 +0800] "GET /xingrg/javascript/jquery_tools/jquery-1.4.2.min.js HTTP/1.1" 404 1094
114.84.144.24 - - [14/Jan/2022:11:34:54 +0800] "POST /xingrg/kc/mdqp/pssh_order_operate.html HTTP/1.1" 200 3661
114.84.144.24 - - [14/Jan/2022:11:34:54 +0800] "GET /xingrg/javascript/easyui/themes/default/validatebox.css HTTP/1.1" 404 1104
101.91.62.89 - - [14/Jan/2022:11:34:55 +0800] "GET /xingrg/all/function/internal_message.html?_=1642128201544&CODE_STATE=getMsg HTTP/1.1" 302 -
101.91.62.89 - - [14/Jan/2022:11:34:55 +0800] "GET /xingrg/login.html HTTP/1.1" 200 7641
114.84.144.24 - - [14/Jan/2022:11:34:56 +0800] "GET /xingrg/kc/print/load_data.html?order_code=312022011200437&kc_code=pssh&condition= HTTP/1.1" 200 1712
222.70.243.96 - - [14/Jan/2022:11:34:59 +0800] "GET /xingrg/all/function/internal_message.html?_=1642131312167&CODE_STATE=getMsg HTTP/1.1" 302 -
101.85.120.86 - - [14/Jan/2022:11:35:03 +0800] "GET /xingrg/all/function/internal_message.html?_=1642131300113&CODE_STATE=getMsg HTTP/1.1" 200 27
114.84.144.24 - - [14/Jan/2022:11:35:04 +0800] "POST /xingrg/kc/mdqp/pssh_list_operate.html HTTP/1.1" 200 814
222.70.217.149 - - [14/Jan/2022:11:35:04 +0800] "GET /xingrg/all/function/internal_message.html?_=1642131295752&CODE_STATE=getMsg HTTP/1.1" 200 27
114.84.144.24 - - [14/Jan/2022:11:35:06 +0800] "GET /xingrg/kc/mdqp/qp_main.html HTTP/1.1" 200 10633
116.237.73.232 - - [14/Jan/2022:11:35:06 +0800] "GET /xingrg/check_reg.html?_=1642131298939 HTTP/1.1" 200 22
114.84.144.24 - - [14/Jan/2022:11:35:07 +0800] "GET /xingrg/images/yd/bt.gif HTTP/1.1" 404 1040
114.84.144.24 - - [14/Jan/2022:11:35:07 +0800] "GET /xingrg/kc/mdqp/pssh_order_list.html HTTP/1.1" 200 17777
114.84.144.24 - - [14/Jan/2022:11:35:07 +0800] "POST /xingrg/kc/mdqp/pssh_list_operate.html HTTP/1.1" 200 5419
222.70.243.96 - - [14/Jan/2022:11:35:09 +0800] "GET /xingrg/all/function/internal_message.html?_=1642131324246&CODE_STATE=getMsg HTTP/1.1" 200 27
180.152.99.39 - - [14/Jan/2022:11:35:15 +0800] "GET /xingrg/all/function/internal_message.html?_=1642131250297&CODE_STATE=getMsg HTTP/1.1" 200 27
114.84.144.24 - - [14/Jan/2022:11:35:17 +0800] "POST /xingrg/kc/mdqp/pssh_list_operate.html HTTP/1.1" 200 459
114.84.144.24 - - [14/Jan/2022:11:35:17 +0800] "GET /xingrg/kc/mdqp/pssh_order_info.html?code=312022011200434 HTTP/1.1" 200 17299
114.84.144.24 - - [14/Jan/2022:11:35:17 +0800] "GET /xingrg/javascript/jquery_tools/jquery-1.4.2.min.js HTTP/1.1" 404 1094
114.84.144.24 - - [14/Jan/2022:11:35:18 +0800] "GET /xingrg/javascript/easyui/themes/default/validatebox.css HTTP/1.1" 404 1104
114.84.144.24 - - [14/Jan/2022:11:35:18 +0800] "POST /xingrg/kc/mdqp/pssh_order_operate.html HTTP/1.1" 200 1586
114.84.144.24 - - [14/Jan/2022:11:35:20 +0800] "POST /xingrg/all/common/load_combo.html?type=employee HTTP/1.1" 200 362
114.84.144.24 - - [14/Jan/2022:11:35:23 +0800] "POST /xingrg/kc/mdqp/pssh_order_operate.html HTTP/1.1" 200 37
101.91.60.88 - - [14/Jan/2022:11:35:23 +0800] "GET /xingrg/kc/print/load_data.html?order_code=212022011406482&kc_code=cgsh&condition= HTTP/1.1" 302 -
101.91.60.88 - - [14/Jan/2022:11:35:24 +0800] "GET /xingrg/login.html HTTP/1.1" 200 7641
114.84.144.24 - - [14/Jan/2022:11:35:24 +0800] "POST /xingrg/kc/mdqp/pssh_order_operate.html HTTP/1.1" 200 12
114.84.144.24 - - [14/Jan/2022:11:35:27 +0800] "GET /xingrg/kc/mdqp/pssh_order_info.html?code=312022011200434 HTTP/1.1" 200 14388
114.84.144.24 - - [14/Jan/2022:11:35:27 +0800] "GET /xingrg/javascript/jquery_tools/jquery-1.4.2.min.js HTTP/1.1" 404 1094
114.84.144.24 - - [14/Jan/2022:11:35:27 +0800] "POST /xingrg/kc/mdqp/pssh_order_operate.html HTTP/1.1" 200 1586
114.84.144.24 - - [14/Jan/2022:11:35:27 +0800] "GET /xingrg/javascript/easyui/themes/default/validatebox.css HTTP/1.1" 404 1104
116.237.73.232 - - [14/Jan/2022:11:35:27 +0800] "GET /xingrg/all/function/internal_message.html?_=1642131320430&CODE_STATE=getMsg HTTP/1.1" 200 27
114.84.144.24 - - [14/Jan/2022:11:35:28 +0800] "GET /xingrg/kc/print/load_data.html?order_code=312022011200434&kc_code=pssh&condition= HTTP/1.1" 200 1029
222.69.128.102 - - [14/Jan/2022:11:35:31 +0800] "GET /xingrg/all/function/internal_message.html?_=1642131328539&CODE_STATE=getMsg HTTP/1.1" 200 27
101.91.62.89 - - [14/Jan/2022:11:35:32 +0800] "GET /xingrg/kc/buy/cgsh_order_operate.html?command=get_materiel&rest_code=00106&code=00101008095&supplier_code=00100007&order_time=2022-01-14 HTTP/1.1" 302 -
180.169.147.146 - - [14/Jan/2022:11:35:32 +0800] "GET /xingrg/all/function/internal_message.html?_=1642131331291&CODE_STATE=getMsg HTTP/1.1" 200 27
101.91.62.89 - - [14/Jan/2022:11:35:32 +0800] "GET /xingrg/login.html HTTP/1.1" 200 7641
114.84.144.24 - - [14/Jan/2022:11:35:33 +0800] "POST /xingrg/kc/mdqp/pssh_list_operate.html HTTP/1.1" 200 760
114.84.144.24 - - [14/Jan/2022:11:35:33 +0800] "GET /xingrg/kc/mdqp/pssh_order_info.html?code=312022011200436 HTTP/1.1" 200 17299
114.84.144.24 - - [14/Jan/2022:11:35:33 +0800] "GET /xingrg/javascript/jquery_tools/jquery-1.4.2.min.js HTTP/1.1" 404 1094
114.84.144.24 - - [14/Jan/2022:11:35:34 +0800] "POST /xingrg/kc/mdqp/pssh_order_operate.html HTTP/1.1" 200 3158
114.84.144.24 - - [14/Jan/2022:11:35:34 +0800] "GET /xingrg/javascript/easyui/themes/default/validatebox.css HTTP/1.1" 404 1104
58.39.168.32 - - [14/Jan/2022:11:35:34 +0800] "GET /xingrg/all/function/internal_message.html?_=1642131269209&CODE_STATE=getMsg HTTP/1.1" 200 27
222.70.177.227 - - [14/Jan/2022:11:35:35 +0800] "GET /xingrg/all/function/internal_message.html?_=1642131329792&CODE_STATE=getMsg HTTP/1.1" 200 27
222.70.177.227 - - [14/Jan/2022:11:35:36 +0800] "GET /xingrg/check_reg.html?_=1642131330343 HTTP/1.1" 200 22
58.39.168.32 - - [14/Jan/2022:11:35:37 +0800] "GET /xingrg/check_reg.html?_=1642131271627 HTTP/1.1" 200 22
114.84.144.24 - - [14/Jan/2022:11:35:38 +0800] "POST /xingrg/all/common/load_combo.html?type=employee HTTP/1.1" 200 362
114.84.144.24 - - [14/Jan/2022:11:35:42 +0800] "GET /xingrg/all/function/internal_message.html?_=1642131157839&CODE_STATE=getMsg HTTP/1.1" 200 27
114.95.98.1 - - [14/Jan/2022:11:35:42 +0800] "GET /xingrg/all/function/internal_message.html?_=1642131357363&CODE_STATE=getMsg HTTP/1.1" 200 27
124.79.247.218 - - [14/Jan/2022:11:35:44 +0800] "GET /xingrg/all/function/internal_message.html?_=1642131478340&CODE_STATE=getMsg HTTP/1.1" 200 27
116.237.73.232 - - [14/Jan/2022:11:35:46 +0800] "GET /xingrg/all/function/internal_message.html?_=1642131344351&CODE_STATE=getMsg HTTP/1.1" 200 27
116.237.73.232 - - [14/Jan/2022:11:35:46 +0800] "GET /xingrg/check_reg.html?_=1642131344635 HTTP/1.1" 200 22
114.84.144.24 - - [14/Jan/2022:11:35:48 +0800] "POST /xingrg/kc/mdqp/pssh_order_operate.html HTTP/1.1" 200 37
114.86.227.80 - - [14/Jan/2022:11:35:48 +0800] "GET /xingrg/all/function/internal_message.html?_=1642131345269&CODE_STATE=getMsg HTTP/1.1" 200 27
114.84.144.24 - - [14/Jan/2022:11:35:49 +0800] "POST /xingrg/kc/mdqp/pssh_order_operate.html HTTP/1.1" 200 12
180.162.114.48 - - [14/Jan/2022:11:35:50 +0800] "GET /xingrg/all/function/internal_message.html?_=1642130760546&CODE_STATE=getMsg HTTP/1.1" 200 27
180.162.114.48 - - [14/Jan/2022:11:35:50 +0800] "GET /xingrg/check_reg.html?_=1642130760611 HTTP/1.1" 200 22
180.169.147.146 - - [14/Jan/2022:11:35:50 +0800] "GET /xingrg/all/function/internal_message.html?_=1642131347240&CODE_STATE=getMsg HTTP/1.1" 200 27
180.169.147.146 - - [14/Jan/2022:11:35:50 +0800] "GET /xingrg/check_reg.html?_=1642131347244 HTTP/1.1" 200 22
114.84.144.24 - - [14/Jan/2022:11:35:51 +0800] "GET /xingrg/kc/mdqp/pssh_order_info.html?code=312022011200436 HTTP/1.1" 200 14388
114.84.144.24 - - [14/Jan/2022:11:35:51 +0800] "GET /xingrg/javascript/jquery_tools/jquery-1.4.2.min.js HTTP/1.1" 404 1094
114.84.144.24 - - [14/Jan/2022:11:35:51 +0800] "POST /xingrg/kc/mdqp/pssh_order_operate.html HTTP/1.1" 200 3158
114.84.144.24 - - [14/Jan/2022:11:35:51 +0800] "GET /xingrg/javascript/easyui/themes/default/validatebox.css HTTP/1.1" 404 1104
114.84.144.24 - - [14/Jan/2022:11:35:53 +0800] "GET /xingrg/kc/print/load_data.html?order_code=312022011200436&kc_code=pssh&condition= HTTP/1.1" 200 1564
58.39.168.32 - - [14/Jan/2022:11:35:53 +0800] "GET /xingrg/all/function/internal_message.html?_=1642131349638&CODE_STATE=getMsg HTTP/1.1" 200 27
114.84.144.24 - - [14/Jan/2022:11:35:56 +0800] "POST /xingrg/kc/mdqp/pssh_list_operate.html HTTP/1.1" 200 814
114.84.144.24 - - [14/Jan/2022:11:35:58 +0800] "GET /xingrg/kc/mdqp/qp_main.html HTTP/1.1" 200 10633
114.84.144.24 - - [14/Jan/2022:11:35:59 +0800] "GET /xingrg/images/yd/bt.gif HTTP/1.1" 404 1040
222.70.243.96 - - [14/Jan/2022:11:35:59 +0800] "GET /xingrg/all/function/internal_message.html?_=1642131372191&CODE_STATE=getMsg HTTP/1.1" 302 -
114.84.144.24 - - [14/Jan/2022:11:35:59 +0800] "GET /xingrg/kc/mdqp/pssh_order_list.html HTTP/1.1" 200 17777
114.84.144.24 - - [14/Jan/2022:11:35:59 +0800] "POST /xingrg/kc/mdqp/pssh_list_operate.html HTTP/1.1" 200 5469
101.85.120.86 - - [14/Jan/2022:11:36:03 +0800] "GET /xingrg/all/function/internal_message.html?_=1642131360113&CODE_STATE=getMsg HTTP/1.1" 200 27
222.70.217.149 - - [14/Jan/2022:11:36:04 +0800] "GET /xingrg/all/function/internal_message.html?_=1642131355745&CODE_STATE=getMsg HTTP/1.1" 200 27
114.84.144.24 - - [14/Jan/2022:11:36:05 +0800] "POST /xingrg/kc/mdqp/pssh_list_operate.html HTTP/1.1" 200 5469
114.84.144.24 - - [14/Jan/2022:11:36:06 +0800] "POST /xingrg/kc/mdqp/pssh_list_operate.html HTTP/1.1" 200 5569
114.84.144.24 - - [14/Jan/2022:11:36:08 +0800] "POST /xingrg/kc/mdqp/pssh_list_operate.html HTTP/1.1" 200 259
114.84.144.24 - - [14/Jan/2022:11:36:08 +0800] "GET /xingrg/kc/mdqp/pssh_order_info.html?code=312022011100404 HTTP/1.1" 200 17272
114.84.144.24 - - [14/Jan/2022:11:36:08 +0800] "GET /xingrg/javascript/jquery_tools/jquery-1.4.2.min.js HTTP/1.1" 404 1094
114.84.144.24 - - [14/Jan/2022:11:36:08 +0800] "GET /xingrg/javascript/easyui/themes/default/validatebox.css HTTP/1.1" 404 1104
114.84.144.24 - - [14/Jan/2022:11:36:08 +0800] "POST /xingrg/kc/mdqp/pssh_order_operate.html HTTP/1.1" 200 532
222.70.243.96 - - [14/Jan/2022:11:36:09 +0800] "GET /xingrg/all/function/internal_message.html?_=1642131384259&CODE_STATE=getMsg HTTP/1.1" 200 27
114.84.144.24 - - [14/Jan/2022:11:36:11 +0800] "POST /xingrg/all/common/load_combo.html?type=base&rest_code=00141 HTTP/1.1" 200 3315
180.152.99.39 - - [14/Jan/2022:11:36:16 +0800] "GET /xingrg/all/function/internal_message.html?_=1642131310334&CODE_STATE=getMsg HTTP/1.1" 200 27
114.84.144.24 - - [14/Jan/2022:11:36:26 +0800] "GET /xingrg/javascript/jquery_tools/images/next.gif HTTP/1.1" 404 1086
114.84.144.24 - - [14/Jan/2022:11:36:26 +0800] "GET /xingrg/javascript/jquery_tools/images/prev.gif HTTP/1.1" 404 1086
116.237.73.232 - - [14/Jan/2022:11:36:27 +0800] "GET /xingrg/all/function/internal_message.html?_=1642131380403&CODE_STATE=getMsg HTTP/1.1" 200 27
114.84.144.24 - - [14/Jan/2022:11:36:28 +0800] "POST /xingrg/all/common/load_combo.html?type=employee HTTP/1.1" 200 362
114.84.144.24 - - [14/Jan/2022:11:36:30 +0800] "POST /xingrg/kc/mdqp/pssh_order_operate.html HTTP/1.1" 200 37
222.69.128.102 - - [14/Jan/2022:11:36:31 +0800] "GET /xingrg/all/function/internal_message.html?_=1642131388553&CODE_STATE=getMsg HTTP/1.1" 200 27
222.69.128.102 - - [14/Jan/2022:11:36:31 +0800] "GET /xingrg/check_reg.html?_=1642131388555 HTTP/1.1" 200 22
114.84.144.24 - - [14/Jan/2022:11:36:31 +0800] "POST /xingrg/kc/mdqp/pssh_order_operate.html HTTP/1.1" 200 12
180.169.147.146 - - [14/Jan/2022:11:36:32 +0800] "GET /xingrg/all/function/internal_message.html?_=1642131391293&CODE_STATE=getMsg HTTP/1.1" 200 27
114.84.144.24 - - [14/Jan/2022:11:36:34 +0800] "GET /xingrg/javascript/jquery_tools/jquery-1.4.2.min.js HTTP/1.1" 404 1094
114.84.144.24 - - [14/Jan/2022:11:36:34 +0800] "GET /xingrg/kc/mdqp/pssh_order_info.html?code=312022011100404 HTTP/1.1" 200 14388
114.84.144.24 - - [14/Jan/2022:11:36:34 +0800] "POST /xingrg/kc/mdqp/pssh_order_operate.html HTTP/1.1" 200 532
114.84.144.24 - - [14/Jan/2022:11:36:34 +0800] "GET /xingrg/javascript/easyui/themes/default/validatebox.css HTTP/1.1" 404 1104
58.39.168.32 - - [14/Jan/2022:11:36:34 +0800] "GET /xingrg/all/function/internal_message.html?_=1642131329186&CODE_STATE=getMsg HTTP/1.1" 200 27
222.70.177.227 - - [14/Jan/2022:11:36:35 +0800] "GET /xingrg/all/function/internal_message.html?_=1642131389765&CODE_STATE=getMsg HTTP/1.1" 200 27
114.84.144.24 - - [14/Jan/2022:11:36:36 +0800] "GET /xingrg/kc/print/load_data.html?order_code=312022011100404&kc_code=pssh&condition= HTTP/1.1" 200 657
180.157.251.97 - - [14/Jan/2022:11:36:41 +0800] "GET /xingrg/check_reg.html?_=1642131398088 HTTP/1.1" 200 22
114.84.144.24 - - [14/Jan/2022:11:36:42 +0800] "GET /xingrg/all/function/internal_message.html?_=1642131217800&CODE_STATE=getMsg HTTP/1.1" 200 27
114.95.98.1 - - [14/Jan/2022:11:36:42 +0800] "GET /xingrg/all/function/internal_message.html?_=1642131417371&CODE_STATE=getMsg HTTP/1.1" 200 27
124.79.247.218 - - [14/Jan/2022:11:36:44 +0800] "GET /xingrg/all/function/internal_message.html?_=1642131538330&CODE_STATE=getMsg HTTP/1.1" 200 27
180.157.251.97 - - [14/Jan/2022:11:36:44 +0800] "GET /xingrg/javascript/easyui/themes/default/images/button_plain_hover.png HTTP/1.1" 304 -
180.157.251.97 - - [14/Jan/2022:11:36:45 +0800] "GET /xingrg/kc/print/load_config.html?kc_code=pssh HTTP/1.1" 200 2291
180.157.251.97 - - [14/Jan/2022:11:36:45 +0800] "GET /xingrg/kc/print/load_data.html?order_code=312022011300472&kc_code=pssh&condition= HTTP/1.1" 200 7221
116.237.73.232 - - [14/Jan/2022:11:36:46 +0800] "GET /xingrg/all/function/internal_message.html?_=1642131404348&CODE_STATE=getMsg HTTP/1.1" 200 27
114.86.227.80 - - [14/Jan/2022:11:36:48 +0800] "GET /xingrg/all/function/internal_message.html?_=1642131405257&CODE_STATE=getMsg HTTP/1.1" 200 27
180.162.114.48 - - [14/Jan/2022:11:36:50 +0800] "GET /xingrg/all/function/internal_message.html?_=1642130820516&CODE_STATE=getMsg HTTP/1.1" 200 27
180.169.147.146 - - [14/Jan/2022:11:36:50 +0800] "GET /xingrg/all/function/internal_message.html?_=1642131407244&CODE_STATE=getMsg HTTP/1.1" 200 27
58.39.168.32 - - [14/Jan/2022:11:36:53 +0800] "GET /xingrg/all/function/internal_message.html?_=1642131409610&CODE_STATE=getMsg HTTP/1.1" 200 27
101.89.239.238 - - [14/Jan/2022:11:36:54 +0800] "GET /xingrg/kc/print/load_data.html?order_code=212022011406486&kc_code=cgsh&condition= HTTP/1.1" 302 -
101.89.239.238 - - [14/Jan/2022:11:36:55 +0800] "GET /xingrg/login.html HTTP/1.1" 200 7641
58.39.168.32 - - [14/Jan/2022:11:36:56 +0800] "GET /xingrg/check_reg.html?_=1642131413210 HTTP/1.1" 200 22
222.70.243.96 - - [14/Jan/2022:11:36:59 +0800] "GET /xingrg/all/function/internal_message.html?_=1642131432194&CODE_STATE=getMsg HTTP/1.1" 302 -
101.85.120.86 - - [14/Jan/2022:11:37:03 +0800] "GET /xingrg/check_reg.html?_=1642131420114 HTTP/1.1" 200 22
101.85.120.86 - - [14/Jan/2022:11:37:03 +0800] "GET /xingrg/all/function/internal_message.html?_=1642131420117&CODE_STATE=getMsg HTTP/1.1" 200 27
180.169.147.146 - - [14/Jan/2022:11:37:04 +0800] "GET /xingrg/check_reg.html?_=1642131420515 HTTP/1.1" 200 22
222.70.217.149 - - [14/Jan/2022:11:37:04 +0800] "GET /xingrg/all/function/internal_message.html?_=1642131415758&CODE_STATE=getMsg HTTP/1.1" 200 27
222.70.217.149 - - [14/Jan/2022:11:37:04 +0800] "GET /xingrg/check_reg.html?_=1642131415759 HTTP/1.1" 200 22
222.70.243.96 - - [14/Jan/2022:11:37:09 +0800] "GET /xingrg/all/function/internal_message.html?_=1642131444449&CODE_STATE=getMsg HTTP/1.1" 200 27
180.152.99.39 - - [14/Jan/2022:11:37:16 +0800] "GET /xingrg/all/function/internal_message.html?_=1642131370340&CODE_STATE=getMsg HTTP/1.1" 200 27
116.237.73.232 - - [14/Jan/2022:11:37:27 +0800] "GET /xingrg/all/function/internal_message.html?_=1642131440370&CODE_STATE=getMsg HTTP/1.1" 200 27
222.69.128.102 - - [14/Jan/2022:11:37:31 +0800] "GET /xingrg/all/function/internal_message.html?_=1642131448553&CODE_STATE=getMsg HTTP/1.1" 200 27
180.169.147.146 - - [14/Jan/2022:11:37:32 +0800] "GET /xingrg/all/function/internal_message.html?_=1642131451295&CODE_STATE=getMsg HTTP/1.1" 200 27
58.39.168.32 - - [14/Jan/2022:11:37:34 +0800] "GET /xingrg/all/function/internal_message.html?_=1642131389168&CODE_STATE=getMsg HTTP/1.1" 200 27
222.70.177.227 - - [14/Jan/2022:11:37:35 +0800] "GET /xingrg/all/function/internal_message.html?_=1642131449750&CODE_STATE=getMsg HTTP/1.1" 200 27
114.95.98.1 - - [14/Jan/2022:11:37:42 +0800] "GET /xingrg/check_reg.html?_=1642131476931 HTTP/1.1" 200 22
114.84.144.24 - - [14/Jan/2022:11:37:42 +0800] "GET /xingrg/all/function/internal_message.html?_=1642131277769&CODE_STATE=getMsg HTTP/1.1" 200 27
114.95.98.1 - - [14/Jan/2022:11:37:42 +0800] "GET /xingrg/all/function/internal_message.html?_=1642131477385&CODE_STATE=getMsg HTTP/1.1" 200 27
124.79.247.218 - - [14/Jan/2022:11:37:44 +0800] "GET /xingrg/all/function/internal_message.html?_=1642131598330&CODE_STATE=getMsg HTTP/1.1" 200 27
114.84.144.24 - - [14/Jan/2022:11:37:44 +0800] "GET /xingrg/check_reg.html?_=1642131279918 HTTP/1.1" 200 22
116.237.73.232 - - [14/Jan/2022:11:37:46 +0800] "GET /xingrg/all/function/internal_message.html?_=1642131464334&CODE_STATE=getMsg HTTP/1.1" 200 27
114.86.227.80 - - [14/Jan/2022:11:37:48 +0800] "GET /xingrg/check_reg.html?_=1642131465261 HTTP/1.1" 200 22
114.86.227.80 - - [14/Jan/2022:11:37:48 +0800] "GET /xingrg/all/function/internal_message.html?_=1642131465259&CODE_STATE=getMsg HTTP/1.1" 200 27
180.162.114.48 - - [14/Jan/2022:11:37:50 +0800] "GET /xingrg/all/function/internal_message.html?_=1642130880502&CODE_STATE=getMsg HTTP/1.1" 200 27
180.169.147.146 - - [14/Jan/2022:11:37:50 +0800] "GET /xingrg/all/function/internal_message.html?_=1642131467254&CODE_STATE=getMsg HTTP/1.1" 200 27
58.39.168.32 - - [14/Jan/2022:11:37:53 +0800] "GET /xingrg/all/function/internal_message.html?_=1642131469589&CODE_STATE=getMsg HTTP/1.1" 200 27
222.70.243.96 - - [14/Jan/2022:11:37:59 +0800] "GET /xingrg/all/function/internal_message.html?_=1642131492219&CODE_STATE=getMsg HTTP/1.1" 302 -
101.85.120.86 - - [14/Jan/2022:11:38:03 +0800] "GET /xingrg/all/function/internal_message.html?_=1642131480101&CODE_STATE=getMsg HTTP/1.1" 200 27
222.70.217.149 - - [14/Jan/2022:11:38:04 +0800] "GET /xingrg/all/function/internal_message.html?_=1642131475759&CODE_STATE=getMsg HTTP/1.1" 200 27
222.70.243.96 - - [14/Jan/2022:11:38:09 +0800] "GET /xingrg/all/function/internal_message.html?_=1642131504458&CODE_STATE=getMsg HTTP/1.1" 200 27
180.152.99.39 - - [14/Jan/2022:11:38:15 +0800] "GET /xingrg/check_reg.html?_=1642131429315 HTTP/1.1" 200 22
180.152.99.39 - - [14/Jan/2022:11:38:16 +0800] "GET /xingrg/all/function/internal_message.html?_=1642131430356&CODE_STATE=getMsg HTTP/1.1" 200 27
116.237.73.232 - - [14/Jan/2022:11:38:27 +0800] "GET /xingrg/all/function/internal_message.html?_=1642131500345&CODE_STATE=getMsg HTTP/1.1" 200 27
222.69.128.102 - - [14/Jan/2022:11:38:31 +0800] "GET /xingrg/all/function/internal_message.html?_=1642131508551&CODE_STATE=getMsg HTTP/1.1" 200 27
180.169.147.146 - - [14/Jan/2022:11:38:32 +0800] "GET /xingrg/check_reg.html?_=1642131511281 HTTP/1.1" 200 22
