114.86.227.80 - - [14/Jan/2022:10:50:11 +0800] "GET /xingrg/kc/buy/cgsh_order_operate.html?command=get_materiel&rest_code=00109&code=00101006056&supplier_code=00100015&order_time=2022-01-14 HTTP/1.1" 200 413
180.152.99.39 - - [14/Jan/2022:10:50:15 +0800] "GET /xingrg/all/function/internal_message.html?_=1642128549655&CODE_STATE=getMsg HTTP/1.1" 200 27
114.86.227.80 - - [14/Jan/2022:10:50:18 +0800] "GET /xingrg/kc/buy/cgsh_order_operate.html?command=get_materiel&rest_code=00109&code=00101006109&supplier_code=00100015&order_time=2022-01-14 HTTP/1.1" 200 409
222.70.243.96 - - [14/Jan/2022:10:50:25 +0800] "GET /xingrg/check_reg.html?_=1642128639734 HTTP/1.1" 200 22
114.86.227.80 - - [14/Jan/2022:10:50:26 +0800] "GET /xingrg/kc/buy/cgsh_order_operate.html?command=get_materiel&rest_code=00109&code=00101006122&supplier_code=00100015&order_time=2022-01-14 HTTP/1.1" 200 427
222.70.243.96 - - [14/Jan/2022:10:50:28 +0800] "GET /xingrg/all/function/internal_message.html?_=1642128642963&CODE_STATE=getMsg HTTP/1.1" 200 27
116.237.73.232 - - [14/Jan/2022:10:50:28 +0800] "GET /xingrg/all/function/internal_message.html?_=1642128621403&CODE_STATE=getMsg HTTP/1.1" 200 27
180.162.114.48 - - [14/Jan/2022:10:50:31 +0800] "GET /xingrg/kc/buy/cgsh_order_operate.html?command=get_materiel&rest_code=00143&code=00101008275&supplier_code=00100161&order_time=2022-01-12 HTTP/1.1" 200 417
222.69.128.102 - - [14/Jan/2022:10:50:31 +0800] "GET /xingrg/all/function/internal_message.html?_=1642128628379&CODE_STATE=getMsg HTTP/1.1" 200 27
180.169.147.146 - - [14/Jan/2022:10:50:32 +0800] "GET /xingrg/all/function/internal_message.html?_=1642128631291&CODE_STATE=getMsg HTTP/1.1" 200 27
58.39.168.32 - - [14/Jan/2022:10:50:35 +0800] "GET /xingrg/all/function/internal_message.html?_=1642128570093&CODE_STATE=getMsg HTTP/1.1" 200 27
222.70.177.227 - - [14/Jan/2022:10:50:36 +0800] "GET /xingrg/check_reg.html?_=1642128630442 HTTP/1.1" 200 22
222.70.177.227 - - [14/Jan/2022:10:50:36 +0800] "GET /xingrg/all/function/internal_message.html?_=1642128630457&CODE_STATE=getMsg HTTP/1.1" 200 27
116.237.73.232 - - [14/Jan/2022:10:50:37 +0800] "POST /xingrg/kc/buy/cgsh_order_operate.html HTTP/1.1" 200 37
114.86.227.80 - - [14/Jan/2022:10:50:37 +0800] "GET /xingrg/kc/buy/cgsh_order_operate.html?command=get_materiel&rest_code=00109&code=00101006057&supplier_code=00100015&order_time=2022-01-14 HTTP/1.1" 200 413
58.39.168.32 - - [14/Jan/2022:10:50:37 +0800] "GET /xingrg/check_reg.html?_=1642128571608 HTTP/1.1" 200 22
222.70.177.227 - - [14/Jan/2022:10:50:39 +0800] "GET /xingrg/kc/buy/cgsh_order_operate.html?command=get_materiel&rest_code=00111&code=00101009037&supplier_code=00100037&order_time=2022-01-14 HTTP/1.1" 200 415
222.70.243.96 - - [14/Jan/2022:10:50:41 +0800] "GET /xingrg/kc/buy/cgsh_order_operate.html?command=get_materiel&rest_code=00146&code=00101008223&supplier_code=00100005&order_time=2022-01-14 HTTP/1.1" 200 412
114.86.227.80 - - [14/Jan/2022:10:50:43 +0800] "GET /xingrg/kc/buy/cgsh_order_operate.html?command=get_materiel&rest_code=00109&code=00101006058&supplier_code=00100015&order_time=2022-01-14 HTTP/1.1" 200 413
114.84.144.24 - - [14/Jan/2022:10:50:43 +0800] "GET /xingrg/all/function/internal_message.html?_=1642128458831&CODE_STATE=getMsg HTTP/1.1" 200 27
124.79.247.218 - - [14/Jan/2022:10:50:44 +0800] "GET /xingrg/all/function/internal_message.html?_=1642128778306&CODE_STATE=getMsg HTTP/1.1" 200 27
180.162.114.48 - - [14/Jan/2022:10:50:44 +0800] "GET /xingrg/kc/buy/cgsh_order_operate.html?command=get_materiel&rest_code=00143&code=00101008169&supplier_code=00100161&order_time=2022-01-12 HTTP/1.1" 200 412
116.237.73.232 - - [14/Jan/2022:10:50:46 +0800] "POST /xingrg/kc/buy/cgsh_order_operate.html HTTP/1.1" 200 12
116.237.73.232 - - [14/Jan/2022:10:50:46 +0800] "GET /xingrg/check_reg.html?_=1642128644585 HTTP/1.1" 200 22
116.237.73.232 - - [14/Jan/2022:10:50:46 +0800] "GET /xingrg/all/function/internal_message.html?_=1642128644589&CODE_STATE=getMsg HTTP/1.1" 200 27
222.70.243.96 - - [14/Jan/2022:10:50:46 +0800] "POST /xingrg/kc/buy/cgsh_order_operate.html HTTP/1.1" 200 2065
222.70.177.227 - - [14/Jan/2022:10:50:46 +0800] "POST /xingrg/kc/buy/cgsh_order_operate.html HTTP/1.1" 200 2065
114.86.227.80 - - [14/Jan/2022:10:50:48 +0800] "GET /xingrg/all/function/internal_message.html?_=1642128645169&CODE_STATE=getMsg HTTP/1.1" 200 27
180.162.114.48 - - [14/Jan/2022:10:50:50 +0800] "GET /xingrg/all/function/internal_message.html?_=1642128060570&CODE_STATE=getMsg HTTP/1.1" 200 27
180.162.114.48 - - [14/Jan/2022:10:50:50 +0800] "GET /xingrg/check_reg.html?_=1642128060573 HTTP/1.1" 200 22
180.169.147.146 - - [14/Jan/2022:10:50:50 +0800] "GET /xingrg/all/function/internal_message.html?_=1642128647223&CODE_STATE=getMsg HTTP/1.1" 200 27
180.169.147.146 - - [14/Jan/2022:10:50:50 +0800] "GET /xingrg/check_reg.html?_=1642128647229 HTTP/1.1" 200 22
114.86.227.80 - - [14/Jan/2022:10:50:52 +0800] "GET /xingrg/kc/buy/cgsh_order_operate.html?command=get_materiel&rest_code=00109&code=00101006013&supplier_code=00100015&order_time=2022-01-14 HTTP/1.1" 200 409
58.39.168.32 - - [14/Jan/2022:10:50:53 +0800] "GET /xingrg/all/function/internal_message.html?_=1642128650556&CODE_STATE=getMsg HTTP/1.1" 200 27
116.237.73.232 - - [14/Jan/2022:10:50:54 +0800] "GET /xingrg/kc/buy/cgsh_order_info.html?code=212022011406486 HTTP/1.1" 200 60315
222.70.243.96 - - [14/Jan/2022:10:50:54 +0800] "GET /xingrg/kc/buy/cgsh_order_operate.html?command=get_materiel&rest_code=00146&code=00101008095&supplier_code=00100005&order_time=2022-01-14 HTTP/1.1" 200 412
116.237.73.232 - - [14/Jan/2022:10:50:54 +0800] "GET /xingrg/javascript/easyui/themes/default/validatebox.css HTTP/1.1" 404 1104
114.95.98.1 - - [14/Jan/2022:10:50:55 +0800] "GET /xingrg/all/function/internal_message.html?_=1642128669851&CODE_STATE=getMsg HTTP/1.1" 200 27
116.237.73.232 - - [14/Jan/2022:10:50:55 +0800] "POST /xingrg/kc/buy/cgsh_order_operate.html HTTP/1.1" 200 4159
116.237.73.232 - - [14/Jan/2022:10:50:57 +0800] "GET /xingrg/kc/print/load_data.html?order_code=212022011406486&kc_code=cgsh&condition= HTTP/1.1" 200 2137
222.70.243.96 - - [14/Jan/2022:10:50:58 +0800] "GET /xingrg/all/function/internal_message.html?_=1642128671553&CODE_STATE=getMsg HTTP/1.1" 302 -
180.162.114.48 - - [14/Jan/2022:10:50:59 +0800] "GET /xingrg/kc/buy/cgsh_order_operate.html?command=get_materiel&rest_code=00143&code=00101008137&supplier_code=00100161&order_time=2022-01-12 HTTP/1.1" 200 408
101.85.120.86 - - [14/Jan/2022:10:51:03 +0800] "GET /xingrg/all/function/internal_message.html?_=1642128660059&CODE_STATE=getMsg HTTP/1.1" 200 27
180.162.114.48 - - [14/Jan/2022:10:51:03 +0800] "POST /xingrg/kc/buy/cgsh_order_operate.html HTTP/1.1" 200 2065
116.237.73.232 - - [14/Jan/2022:10:51:04 +0800] "GET /xingrg/kc/print/load_data.html?order_code=212022011406486&kc_code=cgsh HTTP/1.1" 200 2137
222.70.217.149 - - [14/Jan/2022:10:51:04 +0800] "GET /xingrg/all/function/internal_message.html?_=1642128655759&CODE_STATE=getMsg HTTP/1.1" 200 27
114.86.227.80 - - [14/Jan/2022:10:51:06 +0800] "GET /xingrg/kc/buy/cgsh_order_operate.html?command=get_materiel&rest_code=00109&code=00101006240&supplier_code=00100015&order_time=2022-01-14 HTTP/1.1" 200 408
116.237.73.232 - - [14/Jan/2022:10:51:09 +0800] "GET /xingrg/kc/base/base_main.html HTTP/1.1" 200 12142
116.237.73.232 - - [14/Jan/2022:10:51:10 +0800] "GET /xingrg/kc/base/wldb_order_list.html HTTP/1.1" 200 19060
116.237.73.232 - - [14/Jan/2022:10:51:11 +0800] "POST /xingrg/kc/base/wldb_list_operate.html HTTP/1.1" 200 928
180.162.114.48 - - [14/Jan/2022:10:51:12 +0800] "GET /xingrg/kc/buy/cgsh_order_operate.html?command=get_materiel&rest_code=00143&code=00101008298&supplier_code=00100161&order_time=2022-01-12 HTTP/1.1" 200 412
116.237.73.232 - - [14/Jan/2022:10:51:13 +0800] "GET /xingrg/kc/base/wldb_order_add.html HTTP/1.1" 200 30274
116.237.73.232 - - [14/Jan/2022:10:51:14 +0800] "POST /xingrg/kc/base/wldb_order_operate.html HTTP/1.1" 200 6806
116.237.73.232 - - [14/Jan/2022:10:51:14 +0800] "GET /xingrg/javascript/easyui/themes/default/validatebox.css HTTP/1.1" 404 1104
116.237.73.232 - - [14/Jan/2022:10:51:14 +0800] "GET /xingrg/all/common/auto_word.html?type=base&rest_code=00106 HTTP/1.1" 200 1849
116.237.73.232 - - [14/Jan/2022:10:51:14 +0800] "GET /xingrg/all/common/auto_word.html?type=base&rest_code=00106 HTTP/1.1" 200 1849
180.152.99.39 - - [14/Jan/2022:10:51:15 +0800] "GET /xingrg/all/function/internal_message.html?_=1642128609677&CODE_STATE=getMsg HTTP/1.1" 200 27
116.237.73.232 - - [14/Jan/2022:10:51:15 +0800] "POST /xingrg/all/common/load_combo.html?type=base HTTP/1.1" 200 3315
116.237.73.232 - - [14/Jan/2022:10:51:19 +0800] "POST /xingrg/all/common/load_combo.html?type=base HTTP/1.1" 200 3315
180.162.114.48 - - [14/Jan/2022:10:51:25 +0800] "GET /xingrg/kc/buy/cgsh_order_operate.html?command=get_materiel&rest_code=00143&code=00101008354&supplier_code=00100161&order_time=2022-01-12 HTTP/1.1" 200 412
180.157.251.97 - - [14/Jan/2022:10:51:25 +0800] "GET /favicon.ico HTTP/1.1" 404 -
222.70.243.96 - - [14/Jan/2022:10:51:28 +0800] "GET /xingrg/all/function/internal_message.html?_=1642128702976&CODE_STATE=getMsg HTTP/1.1" 200 27
116.237.73.232 - - [14/Jan/2022:10:51:28 +0800] "GET /xingrg/all/function/internal_message.html?_=1642128681397&CODE_STATE=getMsg HTTP/1.1" 200 27
116.237.73.232 - - [14/Jan/2022:10:51:29 +0800] "GET /xingrg/kc/buy/cgsh_order_add.html HTTP/1.1" 200 65404
180.157.251.97 - - [14/Jan/2022:10:51:29 +0800] "GET /xingrg/index.html?sysBaseUrl=http%3A%2F%2F180.169.147.146%3A18081%2Fxingrg%2F&costTime=44×tamp=1622098168715 HTTP/1.1" 302 -
180.157.251.97 - - [14/Jan/2022:10:51:29 +0800] "GET /xingrg/login.html HTTP/1.1" 200 7641
180.157.251.97 - - [14/Jan/2022:10:51:29 +0800] "GET /xingrg/images/blue/jxLogo.png HTTP/1.1" 304 -
180.157.251.97 - - [14/Jan/2022:10:51:30 +0800] "GET /xingrg/images/blue/login_bg.png HTTP/1.1" 304 -
180.157.251.97 - - [14/Jan/2022:10:51:30 +0800] "GET /xingrg/images/blue/hj.png HTTP/1.1" 304 -
180.157.251.97 - - [14/Jan/2022:10:51:30 +0800] "GET /xingrg/images/blue/srbg.png HTTP/1.1" 304 -
116.237.73.232 - - [14/Jan/2022:10:51:30 +0800] "GET /xingrg/javascript/easyui/themes/default/validatebox.css HTTP/1.1" 404 1104
116.237.73.232 - - [14/Jan/2022:10:51:30 +0800] "POST /xingrg/kc/buy/cgsh_order_operate.html HTTP/1.1" 200 8245
180.157.251.97 - - [14/Jan/2022:10:51:30 +0800] "GET /favicon.ico HTTP/1.1" 404 -
222.70.243.96 - - [14/Jan/2022:10:51:30 +0800] "GET /xingrg/kc/buy/cgsh_order_operate.html?command=get_materiel&rest_code=00146&code=00101008233&supplier_code=00100005&order_time=2022-01-14 HTTP/1.1" 200 408
222.69.128.102 - - [14/Jan/2022:10:51:31 +0800] "GET /xingrg/check_reg.html?_=1642128688378 HTTP/1.1" 200 22
222.69.128.102 - - [14/Jan/2022:10:51:31 +0800] "GET /xingrg/all/function/internal_message.html?_=1642128688379&CODE_STATE=getMsg HTTP/1.1" 200 27
116.237.73.232 - - [14/Jan/2022:10:51:31 +0800] "GET /xingrg/javascript/easyui/themes/default/tree.css HTTP/1.1" 404 1090
180.169.147.146 - - [14/Jan/2022:10:51:32 +0800] "GET /xingrg/all/function/internal_message.html?_=1642128691293&CODE_STATE=getMsg HTTP/1.1" 200 27
116.237.73.232 - - [14/Jan/2022:10:51:32 +0800] "POST /xingrg/all/common/load_tree.html?tree=supplier_tree_json&isDelete=1 HTTP/1.1" 200 61772
58.39.168.32 - - [14/Jan/2022:10:51:35 +0800] "GET /xingrg/all/function/internal_message.html?_=1642128630077&CODE_STATE=getMsg HTTP/1.1" 200 27
222.70.177.227 - - [14/Jan/2022:10:51:36 +0800] "GET /xingrg/all/function/internal_message.html?_=1642128690444&CODE_STATE=getMsg HTTP/1.1" 200 27
180.162.114.48 - - [14/Jan/2022:10:51:37 +0800] "GET /xingrg/kc/buy/cgsh_order_operate.html?command=get_materiel&rest_code=00143&code=00101015070&supplier_code=00100161&order_time=2022-01-12 HTTP/1.1" 200 413
180.157.251.97 - - [14/Jan/2022:10:51:39 +0800] "GET /xingrg/index.html?sysBaseUrl=http%3A%2F%2F180.169.147.146%3A18081%2Fxingrg%2F&costTime=44×tamp=1622098168715 HTTP/1.1" 302 -
180.157.251.97 - - [14/Jan/2022:10:51:39 +0800] "GET /xingrg/login.html HTTP/1.1" 200 7641
61.151.178.177 - - [14/Jan/2022:10:51:39 +0800] "GET /xingrg/kc/buy/cgsh_order_operate.html?command=get_materiel&rest_code=00106&code=00101008069&supplier_code=00100007&order_time=2022-01-14 HTTP/1.1" 302 -
180.157.251.97 - - [14/Jan/2022:10:51:39 +0800] "GET /favicon.ico HTTP/1.1" 404 -
61.151.178.177 - - [14/Jan/2022:10:51:41 +0800] "GET /xingrg/login.html HTTP/1.1" 200 7641
180.157.251.97 - - [14/Jan/2022:10:51:42 +0800] "POST /xingrg/login.do HTTP/1.1" 302 -
180.157.251.97 - - [14/Jan/2022:10:51:42 +0800] "GET /xingrg/index.html?sysBaseUrl=http%3A%2F%2F180.169.147.146%3A18081%2Fxingrg%2F&costTime=1203×tamp=1642128702177 HTTP/1.1" 200 17179
180.157.251.97 - - [14/Jan/2022:10:51:42 +0800] "GET /xingrg/javascript/jquery_easy_ui/themes/default/easyui.css HTTP/1.1" 304 -
180.157.251.97 - - [14/Jan/2022:10:51:42 +0800] "GET /xingrg/javascript/jquery_easy_ui/themes/icon.css HTTP/1.1" 304 -
180.157.251.97 - - [14/Jan/2022:10:51:42 +0800] "GET /xingrg/css/form.css HTTP/1.1" 304 -
180.157.251.97 - - [14/Jan/2022:10:51:42 +0800] "GET /xingrg/javascript/jquery-1.4.2.min.js HTTP/1.1" 304 -
180.157.251.97 - - [14/Jan/2022:10:51:42 +0800] "GET /xingrg/javascript/jquery_easy_ui/jquery.easyui.min.js HTTP/1.1" 304 -
180.157.251.97 - - [14/Jan/2022:10:51:42 +0800] "GET /xingrg/javascript/jquery.timers.js HTTP/1.1" 304 -
180.157.251.97 - - [14/Jan/2022:10:51:42 +0800] "GET /xingrg/javascript/jquery.utils.js HTTP/1.1" 304 -
180.157.251.97 - - [14/Jan/2022:10:51:42 +0800] "GET /xingrg/javascript/jquery_easy_ui/easyui-lang-zh_CN.js HTTP/1.1" 304 -
180.157.251.97 - - [14/Jan/2022:10:51:42 +0800] "GET /xingrg/javascript/jquery.form.js HTTP/1.1" 304 -
180.157.251.97 - - [14/Jan/2022:10:51:42 +0800] "GET /favicon.ico HTTP/1.1" 404 -
180.157.251.97 - - [14/Jan/2022:10:51:42 +0800] "GET /xingrg/javascript/jquery_easy_ui/themes/icons/settle_new.png HTTP/1.1" 304 -
180.157.251.97 - - [14/Jan/2022:10:51:42 +0800] "GET /xingrg/images/blue/navBackgound.jpg HTTP/1.1" 304 -
114.95.98.1 - - [14/Jan/2022:10:51:42 +0800] "GET /xingrg/kc/base/wldb_order_operate.html?command=get_materiel&rest_code=00102&base_code=0010476&code=00101019015 HTTP/1.1" 200 436
180.157.251.97 - - [14/Jan/2022:10:51:42 +0800] "POST /xingrg/all/common/load_tree.html?tree=area_rest_tree_json&manage=1 HTTP/1.1" 200 351
180.157.251.97 - - [14/Jan/2022:10:51:43 +0800] "GET /xingrg/check_reg.html?_=1642128699596 HTTP/1.1" 200 22
180.157.251.97 - - [14/Jan/2022:10:51:43 +0800] "GET /xingrg/all/function/internal_message.html?_=1642128699592&CODE_STATE=count HTTP/1.1" 200 11
180.157.251.97 - - [14/Jan/2022:10:51:43 +0800] "GET /xingrg/images/blue/pingpu.png HTTP/1.1" 304 -
180.157.251.97 - - [14/Jan/2022:10:51:43 +0800] "GET /xingrg/javascript/jquery_easy_ui/themes/default/images/tabs_leftarrow.png HTTP/1.1" 304 -
180.157.251.97 - - [14/Jan/2022:10:51:43 +0800] "GET /xingrg/javascript/jquery_easy_ui/themes/default/images/panel_tool_collapse.gif HTTP/1.1" 304 -
180.157.251.97 - - [14/Jan/2022:10:51:43 +0800] "GET /xingrg/javascript/jquery_easy_ui/themes/default/images/tabs_rightarrow.png HTTP/1.1" 304 -
180.157.251.97 - - [14/Jan/2022:10:51:43 +0800] "POST /xingrg/load_menu.html HTTP/1.1" 200 5138
180.157.251.97 - - [14/Jan/2022:10:51:43 +0800] "GET /xingrg/javascript/jquery_easy_ui/themes/default/images/tree_arrows.gif HTTP/1.1" 304 -
180.157.251.97 - - [14/Jan/2022:10:51:43 +0800] "GET /xingrg/javascript/jquery_easy_ui/themes/icons/search_new.png HTTP/1.1" 304 -
180.157.251.97 - - [14/Jan/2022:10:51:43 +0800] "GET /xingrg/javascript/jquery_easy_ui/themes/default/images/tree_folder_open.gif HTTP/1.1" 304 -
180.157.251.97 - - [14/Jan/2022:10:51:43 +0800] "GET /xingrg/javascript/jquery_easy_ui/themes/default/images/tree_folder.gif HTTP/1.1" 304 -
180.157.251.97 - - [14/Jan/2022:10:51:43 +0800] "GET /xingrg/javascript/jquery_easy_ui/themes/icons/storage_new.png HTTP/1.1" 304 -
180.157.251.97 - - [14/Jan/2022:10:51:43 +0800] "GET /xingrg/javascript/jquery_easy_ui/themes/icons/forms_new.png HTTP/1.1" 304 -
180.157.251.97 - - [14/Jan/2022:10:51:43 +0800] "GET /xingrg/javascript/jquery_easy_ui/themes/default/images/tree_file.gif HTTP/1.1" 304 -
114.84.144.24 - - [14/Jan/2022:10:51:43 +0800] "GET /xingrg/all/function/internal_message.html?_=1642128518806&CODE_STATE=getMsg HTTP/1.1" 200 27
116.237.73.232 - - [14/Jan/2022:10:51:43 +0800] "GET /xingrg/kc/buy/cgsh_order_operate.html?command=get_materiel&rest_code=00106&code=00101007077&supplier_code=00100002&order_time=2022-01-14 HTTP/1.1" 200 415
124.79.247.218 - - [14/Jan/2022:10:51:44 +0800] "GET /xingrg/all/function/internal_message.html?_=1642128838305&CODE_STATE=getMsg HTTP/1.1" 200 27
116.237.73.232 - - [14/Jan/2022:10:51:46 +0800] "GET /xingrg/all/function/internal_message.html?_=1642128704631&CODE_STATE=getMsg HTTP/1.1" 200 27
180.162.114.48 - - [14/Jan/2022:10:51:46 +0800] "GET /xingrg/kc/buy/cgsh_order_operate.html?command=get_materiel&rest_code=00143&code=00101008323&supplier_code=00100161&order_time=2022-01-12 HTTP/1.1" 200 408
180.157.251.97 - - [14/Jan/2022:10:51:46 +0800] "GET /xingrg/javascript/jquery_easy_ui/themes/default/images/tabs_close.gif HTTP/1.1" 304 -
222.70.243.96 - - [14/Jan/2022:10:51:47 +0800] "POST /xingrg/kc/buy/cgsh_order_operate.html HTTP/1.1" 200 2065
180.157.251.97 - - [14/Jan/2022:10:51:47 +0800] "GET /xingrg/css/base.css HTTP/1.1" 304 -
180.157.251.97 - - [14/Jan/2022:10:51:47 +0800] "GET /xingrg/css/site.css HTTP/1.1" 304 -
180.157.251.97 - - [14/Jan/2022:10:51:47 +0800] "GET /xingrg/kc/buy/cgsh_order_list.html HTTP/1.1" 200 49594
180.157.251.97 - - [14/Jan/2022:10:51:47 +0800] "GET /xingrg/javascript/jquery_tools/datebox.css HTTP/1.1" 304 -
180.157.251.97 - - [14/Jan/2022:10:51:47 +0800] "GET /xingrg/javascript/easyui/themes/default/easyui.css HTTP/1.1" 304 -
180.157.251.97 - - [14/Jan/2022:10:51:47 +0800] "GET /xingrg/javascript/easyui/themes/icon.css HTTP/1.1" 304 -
180.157.251.97 - - [14/Jan/2022:10:51:47 +0800] "GET /xingrg/javascript/auto/jquery.autocomplete.css HTTP/1.1" 304 -
180.157.251.97 - - [14/Jan/2022:10:51:47 +0800] "GET /xingrg/javascript/jquery_tools/fix.css HTTP/1.1" 304 -
180.157.251.97 - - [14/Jan/2022:10:51:47 +0800] "GET /xingrg/javascript/jquery_tools/table.css HTTP/1.1" 304 -
180.157.251.97 - - [14/Jan/2022:10:51:47 +0800] "GET /xingrg/javascript/jquery_tools/jquery.tools.min.js HTTP/1.1" 304 -
180.157.251.97 - - [14/Jan/2022:10:51:47 +0800] "GET /xingrg/javascript/jquery_tools/jquery.tools.extend.js HTTP/1.1" 304 -
180.157.251.97 - - [14/Jan/2022:10:51:47 +0800] "GET /xingrg/javascript/jquery_tools/jquery.tools.hotkey.js HTTP/1.1" 304 -
180.157.251.97 - - [14/Jan/2022:10:51:47 +0800] "GET /xingrg/javascript/jquery_tools/jquery.tools.table.js HTTP/1.1" 304 -
180.157.251.97 - - [14/Jan/2022:10:51:47 +0800] "GET /xingrg/javascript/jquery_tools/list_manager.js HTTP/1.1" 304 -
180.157.251.97 - - [14/Jan/2022:10:51:47 +0800] "GET /xingrg/javascript/auto/jquery.autocomplete.js HTTP/1.1" 304 -
180.157.251.97 - - [14/Jan/2022:10:51:47 +0800] "GET /xingrg/javascript/easyui/easyloader.js HTTP/1.1" 304 -
180.157.251.97 - - [14/Jan/2022:10:51:47 +0800] "GET /xingrg/javascript/print/LodopFuncs.js HTTP/1.1" 304 -
180.157.251.97 - - [14/Jan/2022:10:51:47 +0800] "GET /xingrg/javascript/jquery.cookie.js HTTP/1.1" 304 -
180.157.251.97 - - [14/Jan/2022:10:51:48 +0800] "GET /xingrg/javascript/easyui/themes/icons/cance_new.png HTTP/1.1" 304 -
180.157.251.97 - - [14/Jan/2022:10:51:48 +0800] "GET /xingrg/javascript/easyui/themes/icons/edit_add_new.png HTTP/1.1" 304 -
180.157.251.97 - - [14/Jan/2022:10:51:48 +0800] "GET /xingrg/javascript/easyui/themes/icons/check_new.png HTTP/1.1" 304 -
180.157.251.97 - - [14/Jan/2022:10:51:48 +0800] "GET /xingrg/javascript/easyui/themes/icons/field_new.png HTTP/1.1" 304 -
180.157.251.97 - - [14/Jan/2022:10:51:48 +0800] "GET /xingrg/javascript/easyui/themes/icons/import_new.png HTTP/1.1" 304 -
180.157.251.97 - - [14/Jan/2022:10:51:48 +0800] "GET /xingrg/javascript/easyui/plugins/jquery.parser.js HTTP/1.1" 304 -
180.157.251.97 - - [14/Jan/2022:10:51:48 +0800] "GET /xingrg/images/control/ajaxLoader.gif HTTP/1.1" 304 -
114.86.227.80 - - [14/Jan/2022:10:51:48 +0800] "GET /xingrg/all/function/internal_message.html?_=1642128705166&CODE_STATE=getMsg HTTP/1.1" 200 27
116.237.73.232 - - [14/Jan/2022:10:51:48 +0800] "GET /xingrg/kc/base/wldb_order_operate.html?command=get_materiel&rest_code=00106&base_code=0010396&code=00101016094 HTTP/1.1" 200 470
180.157.251.97 - - [14/Jan/2022:10:51:50 +0800] "POST /xingrg/kc/buy/cgsh_list_operate.html HTTP/1.1" 200 876
180.162.114.48 - - [14/Jan/2022:10:51:50 +0800] "GET /xingrg/all/function/internal_message.html?_=1642128120583&CODE_STATE=getMsg HTTP/1.1" 200 27
114.95.98.1 - - [14/Jan/2022:10:51:50 +0800] "GET /xingrg/kc/base/wldb_order_operate.html?command=get_materiel&rest_code=00102&base_code=0010476&code=00101019026 HTTP/1.1" 200 466
180.169.147.146 - - [14/Jan/2022:10:51:50 +0800] "GET /xingrg/all/function/internal_message.html?_=1642128707231&CODE_STATE=getMsg HTTP/1.1" 200 27
180.157.251.97 - - [14/Jan/2022:10:51:53 +0800] "GET /xingrg/kc/mdqp/pssh_order_list.html HTTP/1.1" 200 17737
180.157.251.97 - - [14/Jan/2022:10:51:53 +0800] "POST /xingrg/kc/mdqp/pssh_list_operate.html HTTP/1.1" 200 5333
58.39.168.32 - - [14/Jan/2022:10:51:53 +0800] "GET /xingrg/all/function/internal_message.html?_=1642128710528&CODE_STATE=getMsg HTTP/1.1" 200 27
180.157.251.97 - - [14/Jan/2022:10:51:55 +0800] "POST /xingrg/kc/mdqp/pssh_list_operate.html HTTP/1.1" 200 765
114.95.98.1 - - [14/Jan/2022:10:51:55 +0800] "GET /xingrg/all/function/internal_message.html?_=1642128729865&CODE_STATE=getMsg HTTP/1.1" 200 27
180.162.114.48 - - [14/Jan/2022:10:51:56 +0800] "GET /xingrg/kc/buy/cgsh_order_operate.html?command=get_materiel&rest_code=00143&code=00101008205&supplier_code=00100161&order_time=2022-01-12 HTTP/1.1" 200 412
58.39.168.32 - - [14/Jan/2022:10:51:56 +0800] "GET /xingrg/check_reg.html?_=1642128713141 HTTP/1.1" 200 22
180.157.251.97 - - [14/Jan/2022:10:51:57 +0800] "GET /xingrg/javascript/jquery_easy_ui/themes/default/images/tabs_active.png HTTP/1.1" 304 -
180.157.251.97 - - [14/Jan/2022:10:51:57 +0800] "GET /xingrg/kc/mdqp/pssh_order_info.html?code=312022011300470 HTTP/1.1" 200 17281
180.157.251.97 - - [14/Jan/2022:10:51:57 +0800] "GET /xingrg/javascript/pic_change.js HTTP/1.1" 304 -
180.157.251.97 - - [14/Jan/2022:10:51:57 +0800] "GET /xingrg/javascript/jquery_tools/jquery-1.4.2.min.js HTTP/1.1" 404 1094
180.157.251.97 - - [14/Jan/2022:10:51:57 +0800] "GET /xingrg/javascript/jquery_tools/order_manager.js HTTP/1.1" 304 -
180.157.251.97 - - [14/Jan/2022:10:51:57 +0800] "GET /xingrg/javascript/convert.js HTTP/1.1" 304 -
180.157.251.97 - - [14/Jan/2022:10:51:57 +0800] "GET /xingrg/javascript/json2.js HTTP/1.1" 304 -
180.157.251.97 - - [14/Jan/2022:10:51:57 +0800] "GET /xingrg/javascript/print/kc_print.js HTTP/1.1" 304 -
180.157.251.97 - - [14/Jan/2022:10:51:57 +0800] "GET /xingrg/words/20220113165956_words.js HTTP/1.1" 200 883925
180.157.251.97 - - [14/Jan/2022:10:51:57 +0800] "GET /xingrg/javascript/easyui/themes/icons/ok.png HTTP/1.1" 304 -
180.157.251.97 - - [14/Jan/2022:10:51:57 +0800] "GET /xingrg/javascript/easyui/themes/icons/print.png HTTP/1.1" 304 -
180.157.251.97 - - [14/Jan/2022:10:51:57 +0800] "GET /xingrg/javascript/easyui/themes/default/images/menu_downarrow.png HTTP/1.1" 304 -
180.157.251.97 - - [14/Jan/2022:10:51:57 +0800] "GET /xingrg/javascript/easyui/themes/icons/back_new.png HTTP/1.1" 304 -
180.157.251.97 - - [14/Jan/2022:10:51:57 +0800] "GET /xingrg/javascript/easyui/themes/default/validatebox.css HTTP/1.1" 404 1104
180.157.251.97 - - [14/Jan/2022:10:51:57 +0800] "GET /xingrg/javascript/easyui/plugins/jquery.validatebox.js HTTP/1.1" 304 -
180.157.251.97 - - [14/Jan/2022:10:51:57 +0800] "GET /xingrg/javascript/easyui/plugins/jquery.numberbox.js HTTP/1.1" 304 -
180.157.251.97 - - [14/Jan/2022:10:51:57 +0800] "GET /xingrg/all/common/auto_word.html?type=employee&rest_code=00148 HTTP/1.1" 200 243
180.157.251.97 - - [14/Jan/2022:10:51:57 +0800] "GET /xingrg/all/common/auto_word.html?type=base&rest_code=00148&rest_code=00148 HTTP/1.1" 200 1799
180.157.251.97 - - [14/Jan/2022:10:51:57 +0800] "POST /xingrg/kc/mdqp/pssh_order_operate.html HTTP/1.1" 200 15885
114.95.98.1 - - [14/Jan/2022:10:51:58 +0800] "GET /xingrg/kc/base/wldb_order_operate.html?command=get_materiel&rest_code=00102&base_code=0010476&code=00101019310 HTTP/1.1" 200 463
222.70.243.96 - - [14/Jan/2022:10:51:58 +0800] "GET /xingrg/all/function/internal_message.html?_=1642128731579&CODE_STATE=getMsg HTTP/1.1" 302 -
180.157.251.97 - - [14/Jan/2022:10:51:59 +0800] "POST /xingrg/kc/mdqp/pssh_list_operate.html HTTP/1.1" 200 834
180.162.114.48 - - [14/Jan/2022:10:52:00 +0800] "POST /xingrg/kc/buy/cgsh_order_operate.html HTTP/1.1" 200 2065
180.157.251.97 - - [14/Jan/2022:10:52:01 +0800] "GET /xingrg/kc/mdqp/pssh_order_info.html?code=312022011300472 HTTP/1.1" 200 17281
180.157.251.97 - - [14/Jan/2022:10:52:01 +0800] "GET /xingrg/javascript/jquery_tools/jquery-1.4.2.min.js HTTP/1.1" 404 1094
116.237.73.232 - - [14/Jan/2022:10:52:01 +0800] "GET /xingrg/kc/buy/cgsh_order_operate.html?command=get_materiel&rest_code=00106&code=00101007091&supplier_code=00100002&order_time=2022-01-14 HTTP/1.1" 200 415
180.157.251.97 - - [14/Jan/2022:10:52:01 +0800] "GET /xingrg/javascript/easyui/themes/default/validatebox.css HTTP/1.1" 404 1104
180.157.251.97 - - [14/Jan/2022:10:52:01 +0800] "POST /xingrg/kc/mdqp/pssh_order_operate.html HTTP/1.1" 200 19311
114.86.227.80 - - [14/Jan/2022:10:52:02 +0800] "GET /xingrg/kc/buy/cgsh_order_operate.html?command=get_materiel&rest_code=00109&code=00101006240&supplier_code=00100015&order_time=2022-01-14 HTTP/1.1" 200 408
101.85.120.86 - - [14/Jan/2022:10:52:03 +0800] "GET /xingrg/check_reg.html?_=1642128720059 HTTP/1.1" 200 22
101.85.120.86 - - [14/Jan/2022:10:52:03 +0800] "GET /xingrg/all/function/internal_message.html?_=1642128720061&CODE_STATE=getMsg HTTP/1.1" 200 27
114.95.98.1 - - [14/Jan/2022:10:52:03 +0800] "GET /xingrg/kc/base/wldb_order_operate.html?command=get_materiel&rest_code=00102&base_code=0010476&code=00101019134 HTTP/1.1" 200 466
180.169.147.146 - - [14/Jan/2022:10:52:04 +0800] "GET /xingrg/check_reg.html?_=1642128720591 HTTP/1.1" 200 22
222.70.217.149 - - [14/Jan/2022:10:52:04 +0800] "GET /xingrg/check_reg.html?_=1642128715755 HTTP/1.1" 200 22
222.70.217.149 - - [14/Jan/2022:10:52:04 +0800] "GET /xingrg/all/function/internal_message.html?_=1642128715757&CODE_STATE=getMsg HTTP/1.1" 200 27
116.237.73.232 - - [14/Jan/2022:10:52:05 +0800] "GET /xingrg/kc/base/wldb_order_operate.html?command=get_materiel&rest_code=00106&base_code=0010396&code=00101019185 HTTP/1.1" 200 455
114.95.98.1 - - [14/Jan/2022:10:52:08 +0800] "GET /xingrg/kc/base/wldb_order_operate.html?command=get_materiel&rest_code=00102&base_code=0010476&code=00101019127 HTTP/1.1" 200 463
180.162.114.48 - - [14/Jan/2022:10:52:11 +0800] "GET /xingrg/kc/buy/cgsh_order_operate.html?command=get_materiel&rest_code=00143&code=00101008321&supplier_code=00100161&order_time=2022-01-12 HTTP/1.1" 200 412
116.237.73.232 - - [14/Jan/2022:10:52:11 +0800] "GET /xingrg/kc/buy/cgsh_order_operate.html?command=get_materiel&rest_code=00106&code=00101007061&supplier_code=00100002&order_time=2022-01-14 HTTP/1.1" 200 409
114.95.98.1 - - [14/Jan/2022:10:52:13 +0800] "GET /xingrg/kc/base/wldb_order_operate.html?command=get_materiel&rest_code=00102&base_code=0010476&code=00101019400 HTTP/1.1" 200 451
180.152.99.39 - - [14/Jan/2022:10:52:15 +0800] "GET /xingrg/all/function/internal_message.html?_=1642128669684&CODE_STATE=getMsg HTTP/1.1" 200 27
114.86.227.80 - - [14/Jan/2022:10:52:17 +0800] "GET /xingrg/kc/buy/cgsh_order_operate.html?command=get_materiel&rest_code=00109&code=00101006293&supplier_code=00100015&order_time=2022-01-14 HTTP/1.1" 200 416
114.95.98.1 - - [14/Jan/2022:10:52:17 +0800] "GET /xingrg/kc/base/wldb_order_operate.html?command=get_materiel&rest_code=00102&base_code=0010476&code=00101019391 HTTP/1.1" 200 471
116.237.73.232 - - [14/Jan/2022:10:52:19 +0800] "GET /xingrg/kc/base/wldb_order_operate.html?command=get_materiel&rest_code=00106&base_code=0010396&code=00101019155 HTTP/1.1" 200 478
61.151.207.158 - - [14/Jan/2022:10:52:20 +0800] "GET /xingrg/kc/buy/cgsh_order_operate.html?command=get_materiel&rest_code=00106&code=00101008038&supplier_code=00100007&order_time=2022-01-14 HTTP/1.1" 302 -
180.162.114.48 - - [14/Jan/2022:10:52:21 +0800] "GET /xingrg/kc/buy/cgsh_order_operate.html?command=get_materiel&rest_code=00143&code=00101008459&supplier_code=00100161&order_time=2022-01-12 HTTP/1.1" 200 395
61.151.207.158 - - [14/Jan/2022:10:52:21 +0800] "GET /xingrg/login.html HTTP/1.1" 200 7641
116.237.73.232 - - [14/Jan/2022:10:52:26 +0800] "GET /xingrg/kc/buy/cgsh_order_operate.html?command=get_materiel&rest_code=00106&code=00101007090&supplier_code=00100002&order_time=2022-01-14 HTTP/1.1" 200 415
114.95.98.1 - - [14/Jan/2022:10:52:26 +0800] "GET /xingrg/kc/base/wldb_order_operate.html?command=get_materiel&rest_code=00102&base_code=0010476&code=00101013044 HTTP/1.1" 200 448
114.86.227.80 - - [14/Jan/2022:10:52:27 +0800] "GET /xingrg/kc/buy/cgsh_order_operate.html?command=get_materiel&rest_code=00109&code=00101006174&supplier_code=00100015&order_time=2022-01-14 HTTP/1.1" 200 414
222.70.243.96 - - [14/Jan/2022:10:52:28 +0800] "GET /xingrg/all/function/internal_message.html?_=1642128762991&CODE_STATE=getMsg HTTP/1.1" 200 27
116.237.73.232 - - [14/Jan/2022:10:52:28 +0800] "GET /xingrg/all/function/internal_message.html?_=1642128741369&CODE_STATE=getMsg HTTP/1.1" 200 27
116.237.73.232 - - [14/Jan/2022:10:52:31 +0800] "GET /xingrg/kc/base/wldb_order_operate.html?command=get_materiel&rest_code=00106&base_code=0010396&code=00101016044 HTTP/1.1" 200 466
222.69.128.102 - - [14/Jan/2022:10:52:31 +0800] "GET /xingrg/all/function/internal_message.html?_=1642128748393&CODE_STATE=getMsg HTTP/1.1" 200 27
180.169.147.146 - - [14/Jan/2022:10:52:32 +0800] "GET /xingrg/all/function/internal_message.html?_=1642128751281&CODE_STATE=getMsg HTTP/1.1" 200 27
114.86.227.80 - - [14/Jan/2022:10:52:34 +0800] "GET /xingrg/kc/buy/cgsh_order_operate.html?command=get_materiel&rest_code=00109&code=00101006025&supplier_code=00100015&order_time=2022-01-14 HTTP/1.1" 200 417
58.39.168.32 - - [14/Jan/2022:10:52:35 +0800] "GET /xingrg/all/function/internal_message.html?_=1642128690061&CODE_STATE=getMsg HTTP/1.1" 200 27
222.70.177.227 - - [14/Jan/2022:10:52:36 +0800] "GET /xingrg/all/function/internal_message.html?_=1642128750441&CODE_STATE=getMsg HTTP/1.1" 200 27
101.89.29.78 - - [14/Jan/2022:10:52:37 +0800] "GET /xingrg/all/function/internal_message.html?_=1642126438981&CODE_STATE=getMsg HTTP/1.1" 302 -
101.89.29.78 - - [14/Jan/2022:10:52:37 +0800] "GET /xingrg/login.html HTTP/1.1" 200 7641
116.237.73.232 - - [14/Jan/2022:10:52:38 +0800] "GET /xingrg/kc/buy/cgsh_order_operate.html?command=get_materiel&rest_code=00106&code=00101007081&supplier_code=00100002&order_time=2022-01-14 HTTP/1.1" 200 415
61.151.178.163 - - [14/Jan/2022:10:52:39 +0800] "GET /xingrg/all/function/internal_message.html?_=1642126786723&CODE_STATE=getMsg HTTP/1.1" 302 -
61.151.178.163 - - [14/Jan/2022:10:52:40 +0800] "GET /xingrg/login.html HTTP/1.1" 200 7641
116.237.73.232 - - [14/Jan/2022:10:52:41 +0800] "GET /xingrg/kc/base/wldb_order_operate.html?command=get_materiel&rest_code=00106&base_code=0010396&code=00101016020 HTTP/1.1" 200 447
114.86.227.80 - - [14/Jan/2022:10:52:42 +0800] "GET /xingrg/kc/buy/cgsh_order_operate.html?command=get_materiel&rest_code=00109&code=00101010248&supplier_code=00100015&order_time=2022-01-14 HTTP/1.1" 200 430
180.157.251.97 - - [14/Jan/2022:10:52:43 +0800] "GET /xingrg/all/function/internal_message.html?_=1642128759609&CODE_STATE=getMsg HTTP/1.1" 200 27
114.84.144.24 - - [14/Jan/2022:10:52:43 +0800] "GET /xingrg/all/function/internal_message.html?_=1642128578786&CODE_STATE=getMsg HTTP/1.1" 200 27
222.70.243.96 - - [14/Jan/2022:10:52:43 +0800] "GET /xingrg/kc/buy/cgsh_order_operate.html?command=get_materiel&rest_code=00146&code=00101008041&supplier_code=00100005&order_time=2022-01-14 HTTP/1.1" 200 408
124.79.247.218 - - [14/Jan/2022:10:52:44 +0800] "GET /xingrg/all/function/internal_message.html?_=1642128898306&CODE_STATE=getMsg HTTP/1.1" 200 27
114.86.227.80 - - [14/Jan/2022:10:52:44 +0800] "POST /xingrg/kc/buy/cgsh_order_operate.html HTTP/1.1" 200 2065
114.84.144.24 - - [14/Jan/2022:10:52:44 +0800] "GET /xingrg/check_reg.html?_=1642128579838 HTTP/1.1" 200 22
116.237.73.232 - - [14/Jan/2022:10:52:46 +0800] "GET /xingrg/all/function/internal_message.html?_=1642128764619&CODE_STATE=getMsg HTTP/1.1" 200 27
114.86.227.80 - - [14/Jan/2022:10:52:48 +0800] "GET /xingrg/all/function/internal_message.html?_=1642128765163&CODE_STATE=getMsg HTTP/1.1" 200 27
114.86.227.80 - - [14/Jan/2022:10:52:48 +0800] "GET /xingrg/check_reg.html?_=1642128765165 HTTP/1.1" 200 22
116.237.73.232 - - [14/Jan/2022:10:52:50 +0800] "GET /xingrg/kc/buy/cgsh_order_operate.html?command=get_materiel&rest_code=00106&code=00101007059&supplier_code=00100002&order_time=2022-01-14 HTTP/1.1" 200 411
180.162.114.48 - - [14/Jan/2022:10:52:50 +0800] "GET /xingrg/all/function/internal_message.html?_=1642128180574&CODE_STATE=getMsg HTTP/1.1" 200 27
114.86.227.80 - - [14/Jan/2022:10:52:50 +0800] "GET /xingrg/kc/buy/cgsh_order_operate.html?command=get_materiel&rest_code=00109&code=00101006007&supplier_code=00100015&order_time=2022-01-14 HTTP/1.1" 200 417
180.169.147.146 - - [14/Jan/2022:10:52:50 +0800] "GET /xingrg/all/function/internal_message.html?_=1642128767225&CODE_STATE=getMsg HTTP/1.1" 200 27
116.237.73.232 - - [14/Jan/2022:10:52:52 +0800] "GET /xingrg/kc/base/wldb_order_operate.html?command=get_materiel&rest_code=00106&base_code=0010396&code=00101019258 HTTP/1.1" 200 469
114.95.98.1 - - [14/Jan/2022:10:52:53 +0800] "GET /xingrg/check_reg.html?_=1642128788139 HTTP/1.1" 200 22
58.39.168.32 - - [14/Jan/2022:10:52:53 +0800] "GET /xingrg/all/function/internal_message.html?_=1642128770505&CODE_STATE=getMsg HTTP/1.1" 200 27
114.95.98.1 - - [14/Jan/2022:10:52:55 +0800] "GET /xingrg/all/function/internal_message.html?_=1642128789878&CODE_STATE=getMsg HTTP/1.1" 200 27
114.95.98.1 - - [14/Jan/2022:10:52:56 +0800] "POST /xingrg/kc/base/wldb_order_operate.html HTTP/1.1" 200 37
222.70.243.96 - - [14/Jan/2022:10:52:58 +0800] "GET /xingrg/all/function/internal_message.html?_=1642128791581&CODE_STATE=getMsg HTTP/1.1" 302 -
222.70.243.96 - - [14/Jan/2022:10:52:59 +0800] "GET /xingrg/kc/buy/cgsh_order_operate.html?command=get_materiel&rest_code=00146&code=00101008391&supplier_code=00100005&order_time=2022-01-14 HTTP/1.1" 200 413
114.95.98.1 - - [14/Jan/2022:10:53:00 +0800] "POST /xingrg/kc/base/wldb_order_operate.html HTTP/1.1" 200 12
114.95.98.1 - - [14/Jan/2022:10:53:00 +0800] "POST /xingrg/kc/base/wldb_order_operate.html HTTP/1.1" 200 6724
114.95.98.1 - - [14/Jan/2022:10:53:01 +0800] "GET /xingrg/kc/base/wldb_order_info.html?code=422022011401784 HTTP/1.1" 200 26147
114.95.98.1 - - [14/Jan/2022:10:53:03 +0800] "POST /xingrg/kc/base/wldb_order_operate.html HTTP/1.1" 200 4917
114.95.98.1 - - [14/Jan/2022:10:53:03 +0800] "GET /xingrg/javascript/easyui/themes/default/validatebox.css HTTP/1.1" 404 1104
101.85.120.86 - - [14/Jan/2022:10:53:03 +0800] "GET /xingrg/all/function/internal_message.html?_=1642128780087&CODE_STATE=getMsg HTTP/1.1" 200 27
180.162.114.48 - - [14/Jan/2022:10:53:04 +0800] "GET /xingrg/kc/buy/cgsh_order_operate.html?command=get_materiel&rest_code=00143&code=00101012065&supplier_code=00100161&order_time=2022-01-12 HTTP/1.1" 200 418
222.70.217.149 - - [14/Jan/2022:10:53:04 +0800] "GET /xingrg/all/function/internal_message.html?_=1642128775756&CODE_STATE=getMsg HTTP/1.1" 200 27
116.237.73.232 - - [14/Jan/2022:10:53:06 +0800] "GET /xingrg/kc/base/wldb_order_operate.html?command=get_materiel&rest_code=00106&base_code=0010396&code=00101019391 HTTP/1.1" 200 472
222.70.243.96 - - [14/Jan/2022:10:53:06 +0800] "POST /xingrg/kc/buy/cgsh_order_operate.html HTTP/1.1" 200 2065
114.95.98.1 - - [14/Jan/2022:10:53:07 +0800] "GET /xingrg/kc/base/wldb_order_add.html HTTP/1.1" 200 30270
114.86.227.80 - - [14/Jan/2022:10:53:08 +0800] "GET /xingrg/kc/buy/cgsh_order_operate.html?command=get_materiel&rest_code=00109&code=00101006129&supplier_code=00100015&order_time=2022-01-14 HTTP/1.1" 200 431
114.95.98.1 - - [14/Jan/2022:10:53:09 +0800] "POST /xingrg/kc/base/wldb_order_operate.html HTTP/1.1" 200 6806
114.95.98.1 - - [14/Jan/2022:10:53:10 +0800] "GET /xingrg/javascript/easyui/themes/default/validatebox.css HTTP/1.1" 404 1104
114.95.98.1 - - [14/Jan/2022:10:53:10 +0800] "POST /xingrg/all/common/load_combo.html?type=base HTTP/1.1" 200 3233
114.95.98.1 - - [14/Jan/2022:10:53:14 +0800] "POST /xingrg/all/common/load_combo.html?type=base HTTP/1.1" 200 3233
180.152.99.39 - - [14/Jan/2022:10:53:14 +0800] "GET /xingrg/check_reg.html?_=1642128729223 HTTP/1.1" 200 22
180.152.99.39 - - [14/Jan/2022:10:53:15 +0800] "GET /xingrg/all/function/internal_message.html?_=1642128729696&CODE_STATE=getMsg HTTP/1.1" 200 27
116.237.73.232 - - [14/Jan/2022:10:53:15 +0800] "POST /xingrg/kc/buy/cgsh_order_operate.html HTTP/1.1" 200 37
180.162.114.48 - - [14/Jan/2022:10:53:17 +0800] "GET /xingrg/kc/buy/cgsh_order_operate.html?command=get_materiel&rest_code=00143&code=00101012024&supplier_code=00100161&order_time=2022-01-12 HTTP/1.1" 200 408
222.70.243.96 - - [14/Jan/2022:10:53:18 +0800] "GET /xingrg/kc/buy/cgsh_order_operate.html?command=get_materiel&rest_code=00146&code=00101008291&supplier_code=00100005&order_time=2022-01-14 HTTP/1.1" 200 408
114.86.227.80 - - [14/Jan/2022:10:53:23 +0800] "POST /xingrg/kc/buy/cgsh_order_operate.html HTTP/1.1" 200 37
116.237.73.232 - - [14/Jan/2022:10:53:27 +0800] "POST /xingrg/kc/buy/cgsh_order_operate.html HTTP/1.1" 200 12
116.237.73.232 - - [14/Jan/2022:10:53:27 +0800] "GET /xingrg/kc/base/wldb_order_operate.html?command=get_materiel&rest_code=00106&base_code=0010396&code=00101019133 HTTP/1.1" 200 466
114.86.227.80 - - [14/Jan/2022:10:53:28 +0800] "POST /xingrg/kc/buy/cgsh_order_operate.html HTTP/1.1" 200 14598
222.70.243.96 - - [14/Jan/2022:10:53:28 +0800] "GET /xingrg/all/function/internal_message.html?_=1642128823003&CODE_STATE=getMsg HTTP/1.1" 200 27
114.95.98.1 - - [14/Jan/2022:10:53:29 +0800] "GET /xingrg/kc/base/wldb_order_operate.html?command=get_materiel&rest_code=00102&base_code=0010476&code=00101019315 HTTP/1.1" 200 461
114.86.227.80 - - [14/Jan/2022:10:53:29 +0800] "GET /xingrg/kc/print/load_config.html?kc_code=cgsh HTTP/1.1" 200 1943
114.86.227.80 - - [14/Jan/2022:10:53:29 +0800] "GET /xingrg/kc/print/load_data.html?order_code=212022011406488&kc_code=cgsh&condition= HTTP/1.1" 200 5323
222.69.128.102 - - [14/Jan/2022:10:53:31 +0800] "GET /xingrg/all/function/internal_message.html?_=1642128808394&CODE_STATE=getMsg HTTP/1.1" 200 27
180.169.147.146 - - [14/Jan/2022:10:53:32 +0800] "GET /xingrg/all/function/internal_message.html?_=1642128811283&CODE_STATE=getMsg HTTP/1.1" 200 27
180.169.147.146 - - [14/Jan/2022:10:53:32 +0800] "GET /xingrg/check_reg.html?_=1642128811285 HTTP/1.1" 200 22
180.162.114.48 - - [14/Jan/2022:10:53:33 +0800] "GET /xingrg/kc/buy/cgsh_order_operate.html?command=get_materiel&rest_code=00143&code=00101012059&supplier_code=00100161&order_time=2022-01-12 HTTP/1.1" 200 412
116.237.73.232 - - [14/Jan/2022:10:53:33 +0800] "GET /xingrg/kc/buy/cgsh_order_info.html?code=212022011406487 HTTP/1.1" 200 60315
116.237.73.232 - - [14/Jan/2022:10:53:34 +0800] "GET /xingrg/javascript/easyui/themes/default/validatebox.css HTTP/1.1" 404 1104
116.237.73.232 - - [14/Jan/2022:10:53:35 +0800] "POST /xingrg/kc/buy/cgsh_order_operate.html HTTP/1.1" 200 3568
58.39.168.32 - - [14/Jan/2022:10:53:35 +0800] "GET /xingrg/all/function/internal_message.html?_=1642128750045&CODE_STATE=getMsg HTTP/1.1" 200 27
222.70.177.227 - - [14/Jan/2022:10:53:36 +0800] "GET /xingrg/all/function/internal_message.html?_=1642128810441&CODE_STATE=getMsg HTTP/1.1" 200 27
222.70.243.96 - - [14/Jan/2022:10:53:36 +0800] "GET /xingrg/kc/buy/cgsh_order_operate.html?command=get_materiel&rest_code=00146&code=00101008351&supplier_code=00100005&order_time=2022-01-14 HTTP/1.1" 200 408
114.95.98.1 - - [14/Jan/2022:10:53:37 +0800] "GET /xingrg/kc/base/wldb_order_operate.html?command=get_materiel&rest_code=00102&base_code=0010476&code=00101019195 HTTP/1.1" 200 461
180.162.114.48 - - [14/Jan/2022:10:53:37 +0800] "POST /xingrg/kc/buy/cgsh_order_operate.html HTTP/1.1" 200 2065
116.237.73.232 - - [14/Jan/2022:10:53:42 +0800] "GET /xingrg/kc/base/wldb_order_operate.html?command=get_materiel&rest_code=00106&base_code=0010396&code=00101016083 HTTP/1.1" 200 451
180.157.251.97 - - [14/Jan/2022:10:53:43 +0800] "GET /xingrg/all/function/internal_message.html?_=1642128819608&CODE_STATE=getMsg HTTP/1.1" 200 27
114.84.144.24 - - [14/Jan/2022:10:53:43 +0800] "GET /xingrg/all/function/internal_message.html?_=1642128638755&CODE_STATE=getMsg HTTP/1.1" 200 27
114.95.98.1 - - [14/Jan/2022:10:53:44 +0800] "GET /xingrg/kc/base/wldb_order_operate.html?command=get_materiel&rest_code=00102&base_code=0010476&code=00101016029 HTTP/1.1" 200 461
124.79.247.218 - - [14/Jan/2022:10:53:44 +0800] "GET /xingrg/all/function/internal_message.html?_=1642128958306&CODE_STATE=getMsg HTTP/1.1" 200 27
124.79.247.218 - - [14/Jan/2022:10:53:44 +0800] "GET /xingrg/check_reg.html?_=1642128958307 HTTP/1.1" 200 22
116.237.73.232 - - [14/Jan/2022:10:53:46 +0800] "GET /xingrg/all/function/internal_message.html?_=1642128824609&CODE_STATE=getMsg HTTP/1.1" 200 27
114.86.227.80 - - [14/Jan/2022:10:53:48 +0800] "GET /xingrg/all/function/internal_message.html?_=1642128825175&CODE_STATE=getMsg HTTP/1.1" 200 27
222.70.243.96 - - [14/Jan/2022:10:53:50 +0800] "GET /xingrg/kc/buy/cgsh_order_operate.html?command=get_materiel&rest_code=00146&code=00101008209&supplier_code=00100005&order_time=2022-01-14 HTTP/1.1" 200 408
180.162.114.48 - - [14/Jan/2022:10:53:50 +0800] "GET /xingrg/all/function/internal_message.html?_=1642128240573&CODE_STATE=getMsg HTTP/1.1" 200 27
180.169.147.146 - - [14/Jan/2022:10:53:50 +0800] "GET /xingrg/all/function/internal_message.html?_=1642128827239&CODE_STATE=getMsg HTTP/1.1" 200 27
180.162.114.48 - - [14/Jan/2022:10:53:51 +0800] "GET /xingrg/kc/buy/cgsh_order_operate.html?command=get_materiel&rest_code=00143&code=00101016057&supplier_code=00100161&order_time=2022-01-12 HTTP/1.1" 200 408
58.39.168.32 - - [14/Jan/2022:10:53:52 +0800] "GET /xingrg/kc/buy/cgsh_order_add.html HTTP/1.1" 200 65445
58.39.168.32 - - [14/Jan/2022:10:53:52 +0800] "GET /xingrg/javascript/easyui/themes/default/validatebox.css HTTP/1.1" 404 1104
58.39.168.32 - - [14/Jan/2022:10:53:52 +0800] "POST /xingrg/kc/buy/cgsh_order_operate.html HTTP/1.1" 200 8245
58.39.168.32 - - [14/Jan/2022:10:53:53 +0800] "GET /xingrg/all/function/internal_message.html?_=1642128830493&CODE_STATE=getMsg HTTP/1.1" 200 27
114.95.98.1 - - [14/Jan/2022:10:53:55 +0800] "GET /xingrg/all/function/internal_message.html?_=1642128849892&CODE_STATE=getMsg HTTP/1.1" 200 27
116.237.73.232 - - [14/Jan/2022:10:53:55 +0800] "GET /xingrg/kc/print/load_data.html?order_code=212022011406487&kc_code=cgsh&condition= HTTP/1.1" 200 1908
222.70.243.96 - - [14/Jan/2022:10:53:58 +0800] "GET /xingrg/all/function/internal_message.html?_=1642128851605&CODE_STATE=getMsg HTTP/1.1" 302 -
116.237.73.232 - - [14/Jan/2022:10:53:59 +0800] "GET /xingrg/kc/base/wldb_order_operate.html?command=get_materiel&rest_code=00106&base_code=0010396&code=00101019492 HTTP/1.1" 200 459
116.237.73.232 - - [14/Jan/2022:10:54:02 +0800] "GET /xingrg/kc/print/load_data.html?order_code=212022011406487&kc_code=cgsh HTTP/1.1" 200 1908
101.85.120.86 - - [14/Jan/2022:10:54:03 +0800] "GET /xingrg/all/function/internal_message.html?_=1642128840086&CODE_STATE=getMsg HTTP/1.1" 200 27
222.70.217.149 - - [14/Jan/2022:10:54:04 +0800] "GET /xingrg/all/function/internal_message.html?_=1642128835743&CODE_STATE=getMsg HTTP/1.1" 200 27
180.162.114.48 - - [14/Jan/2022:10:54:09 +0800] "GET /xingrg/kc/buy/cgsh_order_operate.html?command=get_materiel&rest_code=00143&code=00101016053&supplier_code=00100161&order_time=2022-01-12 HTTP/1.1" 200 408
222.70.243.96 - - [14/Jan/2022:10:54:10 +0800] "POST /xingrg/kc/buy/cgsh_order_operate.html HTTP/1.1" 200 2065
116.237.73.232 - - [14/Jan/2022:10:54:10 +0800] "GET /xingrg/kc/base/wldb_order_operate.html?command=get_materiel&rest_code=00106&base_code=0010396&code=00101016001 HTTP/1.1" 200 458
101.89.239.245 - - [14/Jan/2022:10:54:13 +0800] "GET /xingrg/kc/buy/cgsh_order_operate.html?command=get_materiel&rest_code=00106&code=00101008360&supplier_code=00100007&order_time=2022-01-14 HTTP/1.1" 302 -
101.89.239.245 - - [14/Jan/2022:10:54:14 +0800] "GET /xingrg/login.html HTTP/1.1" 200 7641
58.39.168.32 - - [14/Jan/2022:10:54:15 +0800] "GET /xingrg/kc/buy/cgsh_order_operate.html?command=get_materiel&rest_code=00105&code=00101028016&supplier_code=00100017&order_time=2022-01-14 HTTP/1.1" 200 447
180.152.99.39 - - [14/Jan/2022:10:54:15 +0800] "GET /xingrg/all/function/internal_message.html?_=1642128789710&CODE_STATE=getMsg HTTP/1.1" 200 27
222.70.243.96 - - [14/Jan/2022:10:54:18 +0800] "GET /xingrg/kc/buy/cgsh_order_operate.html?command=get_materiel&rest_code=00146&code=00101008332&supplier_code=00100005&order_time=2022-01-14 HTTP/1.1" 200 412
116.237.73.232 - - [14/Jan/2022:10:54:26 +0800] "GET /xingrg/kc/base/wldb_order_operate.html?command=get_materiel&rest_code=00106&base_code=0010396&code=00101019183 HTTP/1.1" 200 435
180.162.114.48 - - [14/Jan/2022:10:54:27 +0800] "POST /xingrg/kc/buy/cgsh_order_operate.html HTTP/1.1" 200 37
222.70.243.96 - - [14/Jan/2022:10:54:28 +0800] "GET /xingrg/check_reg.html?_=1642128880755 HTTP/1.1" 302 -
222.70.243.96 - - [14/Jan/2022:10:54:28 +0800] "GET /xingrg/all/function/internal_message.html?_=1642128883018&CODE_STATE=getMsg HTTP/1.1" 200 27
116.237.73.232 - - [14/Jan/2022:10:54:28 +0800] "GET /xingrg/all/function/internal_message.html?_=1642128861385&CODE_STATE=getMsg HTTP/1.1" 200 27
222.69.128.102 - - [14/Jan/2022:10:54:31 +0800] "GET /xingrg/all/function/internal_message.html?_=1642128868393&CODE_STATE=getMsg HTTP/1.1" 200 27
180.169.147.146 - - [14/Jan/2022:10:54:32 +0800] "GET /xingrg/all/function/internal_message.html?_=1642128871289&CODE_STATE=getMsg HTTP/1.1" 200 27
222.70.177.227 - - [14/Jan/2022:10:54:33 +0800] "POST /xingrg/kc/buy/cgsh_order_operate.html HTTP/1.1" 200 37
58.39.168.32 - - [14/Jan/2022:10:54:34 +0800] "GET /xingrg/kc/buy/cgsh_order_operate.html?command=get_materiel&rest_code=00105&code=00101028012&supplier_code=00100017&order_time=2022-01-14 HTTP/1.1" 200 454
58.39.168.32 - - [14/Jan/2022:10:54:35 +0800] "GET /xingrg/all/function/internal_message.html?_=1642128810028&CODE_STATE=getMsg HTTP/1.1" 200 27
180.162.114.48 - - [14/Jan/2022:10:54:37 +0800] "POST /xingrg/kc/buy/cgsh_order_operate.html HTTP/1.1" 200 12
116.237.73.232 - - [14/Jan/2022:10:54:42 +0800] "GET /xingrg/kc/base/wldb_order_operate.html?command=get_materiel&rest_code=00106&base_code=0010396&code=00101019400 HTTP/1.1" 200 451
180.157.251.97 - - [14/Jan/2022:10:54:43 +0800] "GET /xingrg/all/function/internal_message.html?_=1642128879607&CODE_STATE=getMsg HTTP/1.1" 200 27
114.84.144.24 - - [14/Jan/2022:10:54:43 +0800] "GET /xingrg/all/function/internal_message.html?_=1642128698726&CODE_STATE=getMsg HTTP/1.1" 200 27
124.79.247.218 - - [14/Jan/2022:10:54:44 +0800] "GET /xingrg/all/function/internal_message.html?_=1642129018306&CODE_STATE=getMsg HTTP/1.1" 200 27
116.237.73.232 - - [14/Jan/2022:10:54:46 +0800] "GET /xingrg/all/function/internal_message.html?_=1642128884623&CODE_STATE=getMsg HTTP/1.1" 200 27
58.221.95.50 - - [14/Jan/2022:10:54:47 +0800] "GET /xingrg/check_reg.html?_=1642128884393 HTTP/1.1" 302 -
114.86.227.80 - - [14/Jan/2022:10:54:48 +0800] "GET /xingrg/all/function/internal_message.html?_=1642128885168&CODE_STATE=getMsg HTTP/1.1" 200 27
58.39.168.32 - - [14/Jan/2022:10:54:50 +0800] "GET /xingrg/kc/buy/cgsh_order_operate.html?command=get_materiel&rest_code=00105&code=00101028009&supplier_code=00100017&order_time=2022-01-14 HTTP/1.1" 200 439
180.169.147.146 - - [14/Jan/2022:10:54:50 +0800] "GET /xingrg/all/function/internal_message.html?_=1642128887245&CODE_STATE=getMsg HTTP/1.1" 200 27
61.151.207.205 - - [14/Jan/2022:10:54:52 +0800] "GET /xingrg/kc/buy/cgsh_order_operate.html?command=get_materiel&rest_code=00106&code=00101008096&supplier_code=00100007&order_time=2022-01-14 HTTP/1.1" 302 -
61.151.207.205 - - [14/Jan/2022:10:54:53 +0800] "GET /xingrg/login.html HTTP/1.1" 200 7641
180.162.114.48 - - [14/Jan/2022:10:54:53 +0800] "GET /xingrg/kc/buy/cgsh_order_info.html?code=212022011406489 HTTP/1.1" 200 59351
180.162.114.48 - - [14/Jan/2022:10:54:53 +0800] "GET /xingrg/javascript/easyui/themes/default/validatebox.css HTTP/1.1" 404 1104
58.39.168.32 - - [14/Jan/2022:10:54:53 +0800] "GET /xingrg/all/function/internal_message.html?_=1642128890466&CODE_STATE=getMsg HTTP/1.1" 200 27
180.162.114.48 - - [14/Jan/2022:10:54:55 +0800] "POST /xingrg/kc/buy/cgsh_order_operate.html HTTP/1.1" 200 18883
116.237.73.232 - - [14/Jan/2022:10:54:55 +0800] "GET /xingrg/kc/base/wldb_order_operate.html?command=get_materiel&rest_code=00106&base_code=0010396&code=00101019074 HTTP/1.1" 200 457
114.95.98.1 - - [14/Jan/2022:10:54:55 +0800] "GET /xingrg/all/function/internal_message.html?_=1642128909905&CODE_STATE=getMsg HTTP/1.1" 200 27
222.70.243.96 - - [14/Jan/2022:10:54:58 +0800] "GET /xingrg/all/function/internal_message.html?_=1642128911607&CODE_STATE=getMsg HTTP/1.1" 302 -
58.39.168.32 - - [14/Jan/2022:10:54:59 +0800] "GET /xingrg/kc/buy/cgsh_order_operate.html?command=get_materiel&rest_code=00105&code=00101029022&supplier_code=00100017&order_time=2022-01-14 HTTP/1.1" 200 452
180.162.114.48 - - [14/Jan/2022:10:55:01 +0800] "GET /xingrg/kc/print/load_data.html?order_code=212022011406489&kc_code=cgsh&condition= HTTP/1.1" 200 7614
