222.70.243.96 - - [14/Jan/2022:11:20:28 +0800] "POST /xingrg/kc/buy/cgsh_order_operate.html HTTP/1.1" 200 6785
222.70.243.96 - - [14/Jan/2022:11:20:31 +0800] "GET /xingrg/kc/print/load_data.html?order_code=212022011406510&kc_code=cgsh&condition= HTTP/1.1" 200 2258
222.69.128.102 - - [14/Jan/2022:11:20:31 +0800] "GET /xingrg/all/function/internal_message.html?_=1642130428487&CODE_STATE=getMsg HTTP/1.1" 200 27
180.169.147.146 - - [14/Jan/2022:11:20:32 +0800] "GET /xingrg/all/function/internal_message.html?_=1642130431281&CODE_STATE=getMsg HTTP/1.1" 200 27
58.39.168.32 - - [14/Jan/2022:11:20:35 +0800] "GET /xingrg/all/function/internal_message.html?_=1642130369563&CODE_STATE=getMsg HTTP/1.1" 200 27
222.70.177.227 - - [14/Jan/2022:11:20:36 +0800] "GET /xingrg/all/function/internal_message.html?_=1642130429997&CODE_STATE=getMsg HTTP/1.1" 200 27
222.70.177.227 - - [14/Jan/2022:11:20:36 +0800] "GET /xingrg/check_reg.html?_=1642130430390 HTTP/1.1" 200 22
58.39.168.32 - - [14/Jan/2022:11:20:37 +0800] "GET /xingrg/check_reg.html?_=1642130371624 HTTP/1.1" 200 22
114.95.98.1 - - [14/Jan/2022:11:20:42 +0800] "GET /xingrg/all/function/internal_message.html?_=1642130457161&CODE_STATE=getMsg HTTP/1.1" 200 27
180.157.251.97 - - [14/Jan/2022:11:20:43 +0800] "GET /xingrg/all/function/internal_message.html?_=1642130439658&CODE_STATE=getMsg HTTP/1.1" 200 27
114.84.144.24 - - [14/Jan/2022:11:20:43 +0800] "GET /xingrg/all/function/internal_message.html?_=1642130258174&CODE_STATE=getMsg HTTP/1.1" 200 27
124.79.247.218 - - [14/Jan/2022:11:20:44 +0800] "GET /xingrg/all/function/internal_message.html?_=1642130578343&CODE_STATE=getMsg HTTP/1.1" 200 27
116.237.73.232 - - [14/Jan/2022:11:20:46 +0800] "GET /xingrg/all/function/internal_message.html?_=1642130444596&CODE_STATE=getMsg HTTP/1.1" 200 27
116.237.73.232 - - [14/Jan/2022:11:20:46 +0800] "GET /xingrg/check_reg.html?_=1642130444683 HTTP/1.1" 200 22
222.70.243.96 - - [14/Jan/2022:11:20:46 +0800] "GET /xingrg/kc/buy/cgsh_order_add.html HTTP/1.1" 200 65363
222.70.243.96 - - [14/Jan/2022:11:20:47 +0800] "POST /xingrg/kc/buy/cgsh_order_operate.html HTTP/1.1" 200 8245
222.70.243.96 - - [14/Jan/2022:11:20:47 +0800] "GET /xingrg/javascript/easyui/themes/default/validatebox.css HTTP/1.1" 404 1104
61.151.178.163 - - [14/Jan/2022:11:20:47 +0800] "GET /xingrg/kc/buy/cgsh_order_operate.html?command=get_materiel&rest_code=00106&code=00101008362&supplier_code=00100007&order_time=2022-01-14 HTTP/1.1" 302 -
114.86.227.80 - - [14/Jan/2022:11:20:48 +0800] "GET /xingrg/all/function/internal_message.html?_=1642130445230&CODE_STATE=getMsg HTTP/1.1" 200 27
61.151.178.163 - - [14/Jan/2022:11:20:48 +0800] "GET /xingrg/login.html HTTP/1.1" 200 7641
180.162.114.48 - - [14/Jan/2022:11:20:50 +0800] "GET /xingrg/check_reg.html?_=1642129860606 HTTP/1.1" 200 22
180.162.114.48 - - [14/Jan/2022:11:20:50 +0800] "GET /xingrg/all/function/internal_message.html?_=1642129860765&CODE_STATE=getMsg HTTP/1.1" 200 27
180.169.147.146 - - [14/Jan/2022:11:20:50 +0800] "GET /xingrg/check_reg.html?_=1642130447250 HTTP/1.1" 200 22
180.169.147.146 - - [14/Jan/2022:11:20:50 +0800] "GET /xingrg/all/function/internal_message.html?_=1642130447254&CODE_STATE=getMsg HTTP/1.1" 200 27
58.39.168.32 - - [14/Jan/2022:11:20:53 +0800] "GET /xingrg/all/function/internal_message.html?_=1642130449969&CODE_STATE=getMsg HTTP/1.1" 200 27
101.89.239.245 - - [14/Jan/2022:11:20:58 +0800] "GET /xingrg/all/function/internal_message.html?_=1642127273033&CODE_STATE=getMsg HTTP/1.1" 302 -
180.162.114.48 - - [14/Jan/2022:11:20:58 +0800] "GET /xingrg/kc/buy/cgsh_order_add.html HTTP/1.1" 200 64444
101.89.239.245 - - [14/Jan/2022:11:20:58 +0800] "GET /xingrg/login.html HTTP/1.1" 200 7641
180.162.114.48 - - [14/Jan/2022:11:20:59 +0800] "GET /xingrg/javascript/easyui/themes/default/validatebox.css HTTP/1.1" 404 1104
222.70.243.96 - - [14/Jan/2022:11:20:59 +0800] "GET /xingrg/all/function/internal_message.html?_=1642130471976&CODE_STATE=getMsg HTTP/1.1" 302 -
180.162.114.48 - - [14/Jan/2022:11:20:59 +0800] "POST /xingrg/kc/buy/cgsh_order_operate.html HTTP/1.1" 200 8245
180.162.114.48 - - [14/Jan/2022:11:21:00 +0800] "GET /xingrg/javascript/easyui/themes/default/tree.css HTTP/1.1" 404 1090
180.162.114.48 - - [14/Jan/2022:11:21:00 +0800] "POST /xingrg/all/common/load_tree.html?tree=supplier_tree_json&isDelete=1 HTTP/1.1" 200 61772
101.85.120.86 - - [14/Jan/2022:11:21:03 +0800] "GET /xingrg/all/function/internal_message.html?_=1642130460103&CODE_STATE=getMsg HTTP/1.1" 200 27
222.70.217.149 - - [14/Jan/2022:11:21:04 +0800] "GET /xingrg/all/function/internal_message.html?_=1642130455748&CODE_STATE=getMsg HTTP/1.1" 200 27
222.70.243.96 - - [14/Jan/2022:11:21:07 +0800] "GET /xingrg/kc/buy/cgsh_order_operate.html?command=get_materiel&rest_code=00146&code=00101016105&supplier_code=00100033&order_time=2022-01-14 HTTP/1.1" 200 409
222.70.243.96 - - [14/Jan/2022:11:21:08 +0800] "GET /xingrg/all/function/internal_message.html?_=1642130483635&CODE_STATE=getMsg HTTP/1.1" 200 27
180.152.99.39 - - [14/Jan/2022:11:21:15 +0800] "GET /xingrg/all/function/internal_message.html?_=1642130410116&CODE_STATE=getMsg HTTP/1.1" 200 27
61.151.178.163 - - [14/Jan/2022:11:21:20 +0800] "GET /xingrg/all/function/internal_message.html?_=1642127512948&CODE_STATE=getMsg HTTP/1.1" 302 -
61.151.178.163 - - [14/Jan/2022:11:21:20 +0800] "GET /xingrg/login.html HTTP/1.1" 200 7641
180.162.114.48 - - [14/Jan/2022:11:21:23 +0800] "GET /xingrg/kc/buy/cgsh_order_operate.html?command=get_materiel&rest_code=00143&code=00101028009&supplier_code=00100017&order_time=2022-01-14 HTTP/1.1" 200 440
116.237.73.232 - - [14/Jan/2022:11:21:28 +0800] "GET /xingrg/all/function/internal_message.html?_=1642130480778&CODE_STATE=getMsg HTTP/1.1" 200 27
180.162.114.48 - - [14/Jan/2022:11:21:28 +0800] "POST /xingrg/all/common/load_select.html HTTP/1.1" 200 25
222.69.128.102 - - [14/Jan/2022:11:21:31 +0800] "GET /xingrg/all/function/internal_message.html?_=1642130488486&CODE_STATE=getMsg HTTP/1.1" 200 27
222.69.128.102 - - [14/Jan/2022:11:21:31 +0800] "GET /xingrg/check_reg.html?_=1642130488495 HTTP/1.1" 200 22
222.70.243.96 - - [14/Jan/2022:11:21:31 +0800] "GET /xingrg/kc/buy/cgsh_order_operate.html?command=get_materiel&rest_code=00146&code=00101011007&supplier_code=00100033&order_time=2022-01-14 HTTP/1.1" 200 414
180.169.147.146 - - [14/Jan/2022:11:21:32 +0800] "GET /xingrg/all/function/internal_message.html?_=1642130491283&CODE_STATE=getMsg HTTP/1.1" 200 27
180.162.114.48 - - [14/Jan/2022:11:21:32 +0800] "GET /xingrg/kc/buy/cgsh_order_operate.html?command=get_materiel_price&rest_code=00143&code=00101028009&unit_code=00100157&supplier_code=00100017&order_time=2022-01-14 HTTP/1.1" 200 29
58.39.168.32 - - [14/Jan/2022:11:21:35 +0800] "GET /xingrg/all/function/internal_message.html?_=1642130429535&CODE_STATE=getMsg HTTP/1.1" 200 27
222.70.177.227 - - [14/Jan/2022:11:21:36 +0800] "GET /xingrg/all/function/internal_message.html?_=1642130489971&CODE_STATE=getMsg HTTP/1.1" 200 27
61.151.207.158 - - [14/Jan/2022:11:21:42 +0800] "GET /xingrg/kc/buy/cgsh_order_add.html HTTP/1.1" 302 -
114.95.98.1 - - [14/Jan/2022:11:21:42 +0800] "GET /xingrg/all/function/internal_message.html?_=1642130517167&CODE_STATE=getMsg HTTP/1.1" 200 27
61.151.207.158 - - [14/Jan/2022:11:21:42 +0800] "GET /xingrg/login.html HTTP/1.1" 200 7641
222.70.243.96 - - [14/Jan/2022:11:21:42 +0800] "GET /xingrg/kc/buy/cgsh_order_operate.html?command=get_materiel&rest_code=00146&code=00101012025&supplier_code=00100033&order_time=2022-01-14 HTTP/1.1" 200 412
180.157.251.97 - - [14/Jan/2022:11:21:43 +0800] "GET /xingrg/all/function/internal_message.html?_=1642130499657&CODE_STATE=getMsg HTTP/1.1" 200 27
180.157.251.97 - - [14/Jan/2022:11:21:43 +0800] "GET /xingrg/check_reg.html?_=1642130499658 HTTP/1.1" 200 22
114.84.144.24 - - [14/Jan/2022:11:21:43 +0800] "GET /xingrg/all/function/internal_message.html?_=1642130318151&CODE_STATE=getMsg HTTP/1.1" 200 27
124.79.247.218 - - [14/Jan/2022:11:21:44 +0800] "GET /xingrg/all/function/internal_message.html?_=1642130638344&CODE_STATE=getMsg HTTP/1.1" 200 27
116.237.73.232 - - [14/Jan/2022:11:21:46 +0800] "GET /xingrg/all/function/internal_message.html?_=1642130504573&CODE_STATE=getMsg HTTP/1.1" 200 27
114.86.227.80 - - [14/Jan/2022:11:21:48 +0800] "GET /xingrg/all/function/internal_message.html?_=1642130505243&CODE_STATE=getMsg HTTP/1.1" 200 27
180.169.147.146 - - [14/Jan/2022:11:21:50 +0800] "GET /xingrg/all/function/internal_message.html?_=1642130507254&CODE_STATE=getMsg HTTP/1.1" 200 27
58.39.168.32 - - [14/Jan/2022:11:21:53 +0800] "GET /xingrg/all/function/internal_message.html?_=1642130509942&CODE_STATE=getMsg HTTP/1.1" 200 27
180.162.114.48 - - [14/Jan/2022:11:21:54 +0800] "POST /xingrg/kc/buy/cgsh_order_operate.html HTTP/1.1" 200 37
58.39.168.32 - - [14/Jan/2022:11:21:56 +0800] "GET /xingrg/check_reg.html?_=1642130513181 HTTP/1.1" 200 22
180.162.114.48 - - [14/Jan/2022:11:21:56 +0800] "POST /xingrg/kc/buy/cgsh_order_operate.html HTTP/1.1" 200 2678
222.70.243.96 - - [14/Jan/2022:11:21:57 +0800] "GET /xingrg/kc/buy/cgsh_order_operate.html?command=get_materiel&rest_code=00146&code=00101016025&supplier_code=00100033&order_time=2022-01-14 HTTP/1.1" 200 408
222.70.243.96 - - [14/Jan/2022:11:21:59 +0800] "GET /xingrg/all/function/internal_message.html?_=1642130532002&CODE_STATE=getMsg HTTP/1.1" 302 -
101.85.120.86 - - [14/Jan/2022:11:22:03 +0800] "GET /xingrg/all/function/internal_message.html?_=1642130520104&CODE_STATE=getMsg HTTP/1.1" 200 27
101.85.120.86 - - [14/Jan/2022:11:22:03 +0800] "GET /xingrg/check_reg.html?_=1642130520107 HTTP/1.1" 200 22
180.169.147.146 - - [14/Jan/2022:11:22:04 +0800] "GET /xingrg/check_reg.html?_=1642130520542 HTTP/1.1" 200 22
180.162.114.48 - - [14/Jan/2022:11:22:04 +0800] "POST /xingrg/kc/buy/cgsh_order_operate.html HTTP/1.1" 200 37
222.70.217.149 - - [14/Jan/2022:11:22:04 +0800] "GET /xingrg/check_reg.html?_=1642130515739 HTTP/1.1" 200 22
222.70.217.149 - - [14/Jan/2022:11:22:04 +0800] "GET /xingrg/all/function/internal_message.html?_=1642130515740&CODE_STATE=getMsg HTTP/1.1" 200 27
180.162.114.48 - - [14/Jan/2022:11:22:07 +0800] "POST /xingrg/kc/buy/cgsh_order_operate.html HTTP/1.1" 200 12
222.70.243.96 - - [14/Jan/2022:11:22:08 +0800] "GET /xingrg/all/function/internal_message.html?_=1642130543648&CODE_STATE=getMsg HTTP/1.1" 200 27
180.152.99.39 - - [14/Jan/2022:11:22:15 +0800] "GET /xingrg/all/function/internal_message.html?_=1642130470122&CODE_STATE=getMsg HTTP/1.1" 200 27
180.162.114.48 - - [14/Jan/2022:11:22:20 +0800] "GET /xingrg/kc/buy/cgsh_order_info.html?code=212022011406511 HTTP/1.1" 200 59353
180.162.114.48 - - [14/Jan/2022:11:22:21 +0800] "GET /xingrg/javascript/easyui/themes/default/validatebox.css HTTP/1.1" 404 1104
180.162.114.48 - - [14/Jan/2022:11:22:21 +0800] "POST /xingrg/kc/buy/cgsh_order_operate.html HTTP/1.1" 200 628
222.70.243.96 - - [14/Jan/2022:11:22:22 +0800] "GET /xingrg/kc/buy/cgsh_order_operate.html?command=get_materiel&rest_code=00146&code=00101012009&supplier_code=00100033&order_time=2022-01-14 HTTP/1.1" 200 417
116.237.73.232 - - [14/Jan/2022:11:22:28 +0800] "GET /xingrg/all/function/internal_message.html?_=1642130540761&CODE_STATE=getMsg HTTP/1.1" 200 27
222.69.128.102 - - [14/Jan/2022:11:22:31 +0800] "GET /xingrg/all/function/internal_message.html?_=1642130548507&CODE_STATE=getMsg HTTP/1.1" 200 27
180.169.147.146 - - [14/Jan/2022:11:22:32 +0800] "GET /xingrg/all/function/internal_message.html?_=1642130551287&CODE_STATE=getMsg HTTP/1.1" 200 27
58.39.168.32 - - [14/Jan/2022:11:22:35 +0800] "GET /xingrg/all/function/internal_message.html?_=1642130489520&CODE_STATE=getMsg HTTP/1.1" 200 27
222.70.243.96 - - [14/Jan/2022:11:22:35 +0800] "GET /xingrg/kc/buy/cgsh_order_operate.html?command=get_materiel&rest_code=00146&code=00101016038&supplier_code=00100033&order_time=2022-01-14 HTTP/1.1" 200 408
222.70.177.227 - - [14/Jan/2022:11:22:36 +0800] "GET /xingrg/all/function/internal_message.html?_=1642130549953&CODE_STATE=getMsg HTTP/1.1" 200 27
114.95.98.1 - - [14/Jan/2022:11:22:42 +0800] "GET /xingrg/check_reg.html?_=1642130576893 HTTP/1.1" 200 22
114.95.98.1 - - [14/Jan/2022:11:22:42 +0800] "GET /xingrg/all/function/internal_message.html?_=1642130577181&CODE_STATE=getMsg HTTP/1.1" 200 27
180.157.251.97 - - [14/Jan/2022:11:22:43 +0800] "GET /xingrg/all/function/internal_message.html?_=1642130559659&CODE_STATE=getMsg HTTP/1.1" 200 27
114.84.144.24 - - [14/Jan/2022:11:22:43 +0800] "GET /xingrg/all/function/internal_message.html?_=1642130378124&CODE_STATE=getMsg HTTP/1.1" 200 27
124.79.247.218 - - [14/Jan/2022:11:22:44 +0800] "GET /xingrg/all/function/internal_message.html?_=1642130698338&CODE_STATE=getMsg HTTP/1.1" 200 27
114.84.144.24 - - [14/Jan/2022:11:22:44 +0800] "GET /xingrg/check_reg.html?_=1642130379895 HTTP/1.1" 200 22
116.237.73.232 - - [14/Jan/2022:11:22:46 +0800] "GET /xingrg/all/function/internal_message.html?_=1642130564558&CODE_STATE=getMsg HTTP/1.1" 200 27
101.89.19.197 - - [14/Jan/2022:11:22:48 +0800] "GET /xingrg/kc/buy/cgsh_order_operate.html?command=get_materiel&rest_code=00106&code=00102014088&supplier_code=00100450&order_time=2022-01-14 HTTP/1.1" 302 -
114.86.227.80 - - [14/Jan/2022:11:22:48 +0800] "GET /xingrg/all/function/internal_message.html?_=1642130565239&CODE_STATE=getMsg HTTP/1.1" 200 27
114.86.227.80 - - [14/Jan/2022:11:22:48 +0800] "GET /xingrg/check_reg.html?_=1642130565241 HTTP/1.1" 200 22
101.89.19.197 - - [14/Jan/2022:11:22:48 +0800] "GET /xingrg/login.html HTTP/1.1" 200 7641
222.70.243.96 - - [14/Jan/2022:11:22:49 +0800] "GET /xingrg/kc/buy/cgsh_order_operate.html?command=get_materiel&rest_code=00146&code=00101011001&supplier_code=00100033&order_time=2022-01-14 HTTP/1.1" 200 423
180.162.114.48 - - [14/Jan/2022:11:22:50 +0800] "GET /xingrg/all/function/internal_message.html?_=1642129980789&CODE_STATE=getMsg HTTP/1.1" 200 27
180.169.147.146 - - [14/Jan/2022:11:22:50 +0800] "GET /xingrg/all/function/internal_message.html?_=1642130567255&CODE_STATE=getMsg HTTP/1.1" 200 27
58.39.168.32 - - [14/Jan/2022:11:22:53 +0800] "GET /xingrg/all/function/internal_message.html?_=1642130569922&CODE_STATE=getMsg HTTP/1.1" 200 27
101.89.239.245 - - [14/Jan/2022:11:22:56 +0800] "GET /xingrg/kc/buy/cgsh_order_operate.html?command=get_materiel&rest_code=00106&code=00101008223&supplier_code=00100007&order_time=2022-01-14 HTTP/1.1" 302 -
101.89.239.245 - - [14/Jan/2022:11:22:57 +0800] "GET /xingrg/login.html HTTP/1.1" 200 7641
222.70.243.96 - - [14/Jan/2022:11:22:59 +0800] "GET /xingrg/all/function/internal_message.html?_=1642130592004&CODE_STATE=getMsg HTTP/1.1" 302 -
222.70.243.96 - - [14/Jan/2022:11:23:00 +0800] "GET /xingrg/kc/buy/cgsh_order_operate.html?command=get_materiel&rest_code=00146&code=00101012030&supplier_code=00100033&order_time=2022-01-14 HTTP/1.1" 200 416
101.85.120.86 - - [14/Jan/2022:11:23:03 +0800] "GET /xingrg/all/function/internal_message.html?_=1642130580106&CODE_STATE=getMsg HTTP/1.1" 200 27
222.70.217.149 - - [14/Jan/2022:11:23:04 +0800] "GET /xingrg/all/function/internal_message.html?_=1642130575748&CODE_STATE=getMsg HTTP/1.1" 200 27
222.70.243.96 - - [14/Jan/2022:11:23:08 +0800] "GET /xingrg/all/function/internal_message.html?_=1642130603671&CODE_STATE=getMsg HTTP/1.1" 200 27
222.70.243.96 - - [14/Jan/2022:11:23:12 +0800] "GET /xingrg/kc/buy/cgsh_order_operate.html?command=get_materiel&rest_code=00146&code=00101007109&supplier_code=00100033&order_time=2022-01-14 HTTP/1.1" 200 408
180.152.99.39 - - [14/Jan/2022:11:23:14 +0800] "GET /xingrg/check_reg.html?_=1642130529285 HTTP/1.1" 200 22
180.152.99.39 - - [14/Jan/2022:11:23:15 +0800] "GET /xingrg/all/function/internal_message.html?_=1642130530135&CODE_STATE=getMsg HTTP/1.1" 200 27
222.70.243.96 - - [14/Jan/2022:11:23:26 +0800] "POST /xingrg/kc/buy/cgsh_order_operate.html HTTP/1.1" 200 37
222.70.243.96 - - [14/Jan/2022:11:23:27 +0800] "POST /xingrg/kc/buy/cgsh_order_operate.html HTTP/1.1" 200 7980
116.237.73.232 - - [14/Jan/2022:11:23:28 +0800] "GET /xingrg/all/function/internal_message.html?_=1642130600731&CODE_STATE=getMsg HTTP/1.1" 200 27
222.69.128.102 - - [14/Jan/2022:11:23:31 +0800] "GET /xingrg/all/function/internal_message.html?_=1642130608507&CODE_STATE=getMsg HTTP/1.1" 200 27
222.70.243.96 - - [14/Jan/2022:11:23:31 +0800] "GET /xingrg/kc/print/load_data.html?order_code=212022011406512&kc_code=cgsh&condition= HTTP/1.1" 200 2739
180.169.147.146 - - [14/Jan/2022:11:23:32 +0800] "GET /xingrg/all/function/internal_message.html?_=1642130611289&CODE_STATE=getMsg HTTP/1.1" 200 27
180.169.147.146 - - [14/Jan/2022:11:23:32 +0800] "GET /xingrg/check_reg.html?_=1642130611291 HTTP/1.1" 200 22
61.151.178.217 - - [14/Jan/2022:11:23:32 +0800] "GET /xingrg/all/function/internal_message.html?_=1642127901669&CODE_STATE=getMsg HTTP/1.1" 302 -
61.151.178.217 - - [14/Jan/2022:11:23:34 +0800] "GET /xingrg/login.html HTTP/1.1" 200 7641
58.39.168.32 - - [14/Jan/2022:11:23:35 +0800] "GET /xingrg/all/function/internal_message.html?_=1642130549491&CODE_STATE=getMsg HTTP/1.1" 200 27
222.70.177.227 - - [14/Jan/2022:11:23:35 +0800] "GET /xingrg/all/function/internal_message.html?_=1642130609925&CODE_STATE=getMsg HTTP/1.1" 200 27
61.151.178.180 - - [14/Jan/2022:11:23:41 +0800] "GET /xingrg/all/function/internal_message.html?_=1642127632893&CODE_STATE=getMsg HTTP/1.1" 302 -
61.151.178.180 - - [14/Jan/2022:11:23:42 +0800] "GET /xingrg/login.html HTTP/1.1" 200 7641
114.95.98.1 - - [14/Jan/2022:11:23:42 +0800] "GET /xingrg/all/function/internal_message.html?_=1642130637195&CODE_STATE=getMsg HTTP/1.1" 200 27
180.157.251.97 - - [14/Jan/2022:11:23:43 +0800] "GET /xingrg/all/function/internal_message.html?_=1642130619657&CODE_STATE=getMsg HTTP/1.1" 200 27
114.84.144.24 - - [14/Jan/2022:11:23:43 +0800] "GET /xingrg/all/function/internal_message.html?_=1642130438122&CODE_STATE=getMsg HTTP/1.1" 200 27
124.79.247.218 - - [14/Jan/2022:11:23:44 +0800] "GET /xingrg/all/function/internal_message.html?_=1642130758335&CODE_STATE=getMsg HTTP/1.1" 200 27
124.79.247.218 - - [14/Jan/2022:11:23:44 +0800] "GET /xingrg/check_reg.html?_=1642130758336 HTTP/1.1" 200 22
116.237.73.232 - - [14/Jan/2022:11:23:46 +0800] "GET /xingrg/all/function/internal_message.html?_=1642130624544&CODE_STATE=getMsg HTTP/1.1" 200 27
114.86.227.80 - - [14/Jan/2022:11:23:48 +0800] "GET /xingrg/all/function/internal_message.html?_=1642130625237&CODE_STATE=getMsg HTTP/1.1" 200 27
180.162.114.48 - - [14/Jan/2022:11:23:50 +0800] "GET /xingrg/all/function/internal_message.html?_=1642130040759&CODE_STATE=getMsg HTTP/1.1" 200 27
180.169.147.146 - - [14/Jan/2022:11:23:50 +0800] "GET /xingrg/all/function/internal_message.html?_=1642130627246&CODE_STATE=getMsg HTTP/1.1" 200 27
58.39.168.32 - - [14/Jan/2022:11:23:53 +0800] "GET /xingrg/all/function/internal_message.html?_=1642130629894&CODE_STATE=getMsg HTTP/1.1" 200 27
222.70.243.96 - - [14/Jan/2022:11:23:59 +0800] "GET /xingrg/all/function/internal_message.html?_=1642130652029&CODE_STATE=getMsg HTTP/1.1" 302 -
101.89.19.197 - - [14/Jan/2022:11:24:00 +0800] "GET /xingrg/all/function/internal_message.html?_=1642128141605&CODE_STATE=getMsg HTTP/1.1" 302 -
101.89.19.197 - - [14/Jan/2022:11:24:01 +0800] "GET /xingrg/login.html HTTP/1.1" 200 7641
101.85.120.86 - - [14/Jan/2022:11:24:03 +0800] "GET /xingrg/all/function/internal_message.html?_=1642130640107&CODE_STATE=getMsg HTTP/1.1" 200 27
222.70.217.149 - - [14/Jan/2022:11:24:04 +0800] "GET /xingrg/all/function/internal_message.html?_=1642130635757&CODE_STATE=getMsg HTTP/1.1" 200 27
222.70.243.96 - - [14/Jan/2022:11:24:08 +0800] "GET /xingrg/check_reg.html?_=1642130663163 HTTP/1.1" 200 22
222.70.243.96 - - [14/Jan/2022:11:24:08 +0800] "GET /xingrg/all/function/internal_message.html?_=1642130663676&CODE_STATE=getMsg HTTP/1.1" 200 27
180.152.99.39 - - [14/Jan/2022:11:24:15 +0800] "GET /xingrg/all/function/internal_message.html?_=1642130590148&CODE_STATE=getMsg HTTP/1.1" 200 27
222.70.177.227 - - [14/Jan/2022:11:24:25 +0800] "POST /xingrg/kc/buy/cgsh_order_operate.html HTTP/1.1" 200 37
222.70.243.96 - - [14/Jan/2022:11:24:28 +0800] "GET /xingrg/check_reg.html?_=1642130680819 HTTP/1.1" 302 -
116.237.73.232 - - [14/Jan/2022:11:24:28 +0800] "GET /xingrg/all/function/internal_message.html?_=1642130660712&CODE_STATE=getMsg HTTP/1.1" 200 27
222.70.177.227 - - [14/Jan/2022:11:24:29 +0800] "POST /xingrg/kc/buy/cgsh_order_operate.html HTTP/1.1" 200 7400
222.70.177.227 - - [14/Jan/2022:11:24:30 +0800] "GET /xingrg/kc/print/load_data.html?order_code=212022011406513&kc_code=cgsh&condition= HTTP/1.1" 200 2536
222.69.128.102 - - [14/Jan/2022:11:24:31 +0800] "GET /xingrg/all/function/internal_message.html?_=1642130668513&CODE_STATE=getMsg HTTP/1.1" 200 27
180.169.147.146 - - [14/Jan/2022:11:24:32 +0800] "GET /xingrg/all/function/internal_message.html?_=1642130671293&CODE_STATE=getMsg HTTP/1.1" 200 27
116.237.73.232 - - [14/Jan/2022:11:24:33 +0800] "POST /xingrg/services/DataTransmitService HTTP/1.1" 200 524
116.237.73.232 - - [14/Jan/2022:11:24:35 +0800] "POST /xingrg/services/DataTransmitService HTTP/1.1" 200 501
58.39.168.32 - - [14/Jan/2022:11:24:35 +0800] "GET /xingrg/all/function/internal_message.html?_=1642130609476&CODE_STATE=getMsg HTTP/1.1" 200 27
116.237.73.232 - - [14/Jan/2022:11:24:35 +0800] "POST /xingrg/services/DataTransmitService HTTP/1.1" 200 501
116.237.73.232 - - [14/Jan/2022:11:24:35 +0800] "POST /xingrg/services/DataTransmitService HTTP/1.1" 200 501
116.237.73.232 - - [14/Jan/2022:11:24:35 +0800] "POST /xingrg/services/DataTransmitService HTTP/1.1" 200 501
222.70.177.227 - - [14/Jan/2022:11:24:35 +0800] "GET /xingrg/all/function/internal_message.html?_=1642130669908&CODE_STATE=getMsg HTTP/1.1" 200 27
116.237.73.232 - - [14/Jan/2022:11:24:36 +0800] "POST /xingrg/services/DataTransmitService HTTP/1.1" 200 501
116.237.73.232 - - [14/Jan/2022:11:24:36 +0800] "POST /xingrg/services/DataTransmitService HTTP/1.1" 200 501
116.237.73.232 - - [14/Jan/2022:11:24:36 +0800] "POST /xingrg/services/DataTransmitService HTTP/1.1" 200 501
116.237.73.232 - - [14/Jan/2022:11:24:37 +0800] "POST /xingrg/services/DataTransmitService HTTP/1.1" 200 501
116.237.73.232 - - [14/Jan/2022:11:24:37 +0800] "POST /xingrg/services/DataTransmitService HTTP/1.1" 200 412
222.70.177.227 - - [14/Jan/2022:11:24:41 +0800] "GET /xingrg/kc/buy/cgsh_order_add.html HTTP/1.1" 200 65319
222.70.177.227 - - [14/Jan/2022:11:24:42 +0800] "POST /xingrg/kc/buy/cgsh_order_operate.html HTTP/1.1" 200 8245
222.70.177.227 - - [14/Jan/2022:11:24:42 +0800] "GET /xingrg/javascript/easyui/themes/default/validatebox.css HTTP/1.1" 404 1104
114.95.98.1 - - [14/Jan/2022:11:24:42 +0800] "GET /xingrg/all/function/internal_message.html?_=1642130697208&CODE_STATE=getMsg HTTP/1.1" 200 27
180.157.251.97 - - [14/Jan/2022:11:24:43 +0800] "GET /xingrg/all/function/internal_message.html?_=1642130679656&CODE_STATE=getMsg HTTP/1.1" 200 27
114.84.144.24 - - [14/Jan/2022:11:24:43 +0800] "GET /xingrg/all/function/internal_message.html?_=1642130498097&CODE_STATE=getMsg HTTP/1.1" 200 27
124.79.247.218 - - [14/Jan/2022:11:24:44 +0800] "GET /xingrg/all/function/internal_message.html?_=1642130818334&CODE_STATE=getMsg HTTP/1.1" 200 27
116.237.73.232 - - [14/Jan/2022:11:24:46 +0800] "GET /xingrg/all/function/internal_message.html?_=1642130684529&CODE_STATE=getMsg HTTP/1.1" 200 27
114.86.227.80 - - [14/Jan/2022:11:24:48 +0800] "GET /xingrg/all/function/internal_message.html?_=1642130685239&CODE_STATE=getMsg HTTP/1.1" 200 27
180.162.114.48 - - [14/Jan/2022:11:24:50 +0800] "GET /xingrg/all/function/internal_message.html?_=1642130100744&CODE_STATE=getMsg HTTP/1.1" 200 27
180.169.147.146 - - [14/Jan/2022:11:24:50 +0800] "GET /xingrg/all/function/internal_message.html?_=1642130687240&CODE_STATE=getMsg HTTP/1.1" 200 27
58.39.168.32 - - [14/Jan/2022:11:24:53 +0800] "GET /xingrg/all/function/internal_message.html?_=1642130689865&CODE_STATE=getMsg HTTP/1.1" 200 27
61.151.207.141 - - [14/Jan/2022:11:24:54 +0800] "GET /xingrg/kc/buy/cgsh_order_operate.html?command=get_materiel&rest_code=00106&code=00101008256&supplier_code=00100007&order_time=2022-01-14 HTTP/1.1" 302 -
222.70.177.227 - - [14/Jan/2022:11:24:54 +0800] "GET /xingrg/kc/buy/cgsh_order_operate.html?command=get_materiel&rest_code=00111&code=00101009062&supplier_code=00100022&order_time=2022-01-14 HTTP/1.1" 200 412
61.151.207.141 - - [14/Jan/2022:11:24:54 +0800] "GET /xingrg/login.html HTTP/1.1" 200 7641
222.70.243.96 - - [14/Jan/2022:11:24:59 +0800] "GET /xingrg/all/function/internal_message.html?_=1642130712031&CODE_STATE=getMsg HTTP/1.1" 302 -
101.85.120.86 - - [14/Jan/2022:11:25:03 +0800] "GET /xingrg/all/function/internal_message.html?_=1642130700107&CODE_STATE=getMsg HTTP/1.1" 200 27
222.70.177.227 - - [14/Jan/2022:11:25:04 +0800] "GET /xingrg/kc/buy/cgsh_order_operate.html?command=get_materiel&rest_code=00111&code=00101009045&supplier_code=00100022&order_time=2022-01-14 HTTP/1.1" 200 412
222.70.217.149 - - [14/Jan/2022:11:25:04 +0800] "GET /xingrg/all/function/internal_message.html?_=1642130695750&CODE_STATE=getMsg HTTP/1.1" 200 27
116.237.73.232 - - [14/Jan/2022:11:25:06 +0800] "GET /xingrg/check_reg.html?_=1642130698941 HTTP/1.1" 200 22
222.70.243.96 - - [14/Jan/2022:11:25:08 +0800] "GET /xingrg/all/function/internal_message.html?_=1642130723689&CODE_STATE=getMsg HTTP/1.1" 200 27
222.70.243.96 - - [14/Jan/2022:11:25:11 +0800] "GET /xingrg/kc/buy/cgsh_order_add.html HTTP/1.1" 200 65363
222.70.243.96 - - [14/Jan/2022:11:25:12 +0800] "POST /xingrg/kc/buy/cgsh_order_operate.html HTTP/1.1" 200 8245
222.70.243.96 - - [14/Jan/2022:11:25:12 +0800] "GET /xingrg/javascript/easyui/themes/default/validatebox.css HTTP/1.1" 404 1104
222.70.177.227 - - [14/Jan/2022:11:25:13 +0800] "GET /xingrg/kc/buy/cgsh_order_operate.html?command=get_materiel&rest_code=00111&code=00101009016&supplier_code=00100022&order_time=2022-01-14 HTTP/1.1" 200 412
180.152.99.39 - - [14/Jan/2022:11:25:15 +0800] "GET /xingrg/all/function/internal_message.html?_=1642130650162&CODE_STATE=getMsg HTTP/1.1" 200 27
222.70.177.227 - - [14/Jan/2022:11:25:24 +0800] "GET /xingrg/kc/buy/cgsh_order_operate.html?command=get_materiel&rest_code=00111&code=00101009051&supplier_code=00100022&order_time=2022-01-14 HTTP/1.1" 200 409
116.237.73.232 - - [14/Jan/2022:11:25:28 +0800] "GET /xingrg/all/function/internal_message.html?_=1642130720687&CODE_STATE=getMsg HTTP/1.1" 200 27
222.69.128.102 - - [14/Jan/2022:11:25:31 +0800] "GET /xingrg/all/function/internal_message.html?_=1642130728511&CODE_STATE=getMsg HTTP/1.1" 200 27
180.169.147.146 - - [14/Jan/2022:11:25:32 +0800] "GET /xingrg/all/function/internal_message.html?_=1642130731295&CODE_STATE=getMsg HTTP/1.1" 200 27
222.70.177.227 - - [14/Jan/2022:11:25:32 +0800] "GET /xingrg/kc/buy/cgsh_order_operate.html?command=get_materiel&rest_code=00111&code=00101009039&supplier_code=00100022&order_time=2022-01-14 HTTP/1.1" 200 408
58.39.168.32 - - [14/Jan/2022:11:25:35 +0800] "GET /xingrg/all/function/internal_message.html?_=1642130669460&CODE_STATE=getMsg HTTP/1.1" 200 27
222.70.177.227 - - [14/Jan/2022:11:25:35 +0800] "GET /xingrg/all/function/internal_message.html?_=1642130729892&CODE_STATE=getMsg HTTP/1.1" 200 27
222.70.177.227 - - [14/Jan/2022:11:25:36 +0800] "GET /xingrg/check_reg.html?_=1642130730373 HTTP/1.1" 200 22
58.39.168.32 - - [14/Jan/2022:11:25:37 +0800] "GET /xingrg/check_reg.html?_=1642130671629 HTTP/1.1" 200 22
222.70.177.227 - - [14/Jan/2022:11:25:40 +0800] "POST /xingrg/kc/buy/cgsh_order_operate.html HTTP/1.1" 200 37
114.86.227.80 - - [14/Jan/2022:11:25:40 +0800] "POST /xingrg/services/DataTransmitService HTTP/1.1" 200 524
114.86.227.80 - - [14/Jan/2022:11:25:42 +0800] "POST /xingrg/services/DataTransmitService HTTP/1.1" 200 412
114.95.98.1 - - [14/Jan/2022:11:25:42 +0800] "GET /xingrg/all/function/internal_message.html?_=1642130757227&CODE_STATE=getMsg HTTP/1.1" 200 27
180.157.251.97 - - [14/Jan/2022:11:25:43 +0800] "GET /xingrg/all/function/internal_message.html?_=1642130739655&CODE_STATE=getMsg HTTP/1.1" 200 27
114.84.144.24 - - [14/Jan/2022:11:25:43 +0800] "GET /xingrg/all/function/internal_message.html?_=1642130558076&CODE_STATE=getMsg HTTP/1.1" 200 27
124.79.247.218 - - [14/Jan/2022:11:25:44 +0800] "GET /xingrg/all/function/internal_message.html?_=1642130878342&CODE_STATE=getMsg HTTP/1.1" 200 27
180.171.129.132 - - [14/Jan/2022:11:25:45 +0800] "POST /xingrg/services/DataTransmitService HTTP/1.1" 200 524
116.237.73.232 - - [14/Jan/2022:11:25:46 +0800] "GET /xingrg/all/function/internal_message.html?_=1642130744499&CODE_STATE=getMsg HTTP/1.1" 200 27
61.151.207.141 - - [14/Jan/2022:11:25:46 +0800] "GET /xingrg/all/function/internal_message.html?_=1642127333142&CODE_STATE=getMsg HTTP/1.1" 302 -
116.237.73.232 - - [14/Jan/2022:11:25:46 +0800] "GET /xingrg/check_reg.html?_=1642130744658 HTTP/1.1" 200 22
61.151.207.141 - - [14/Jan/2022:11:25:46 +0800] "GET /xingrg/login.html HTTP/1.1" 200 7641
180.171.129.132 - - [14/Jan/2022:11:25:46 +0800] "POST /xingrg/services/DataTransmitService HTTP/1.1" 200 412
222.70.243.96 - - [14/Jan/2022:11:25:47 +0800] "GET /xingrg/kc/buy/cgsh_order_operate.html?command=get_materiel&rest_code=00146&code=00101002007&supplier_code=00100041&order_time=2022-01-14 HTTP/1.1" 200 409
114.86.227.80 - - [14/Jan/2022:11:25:48 +0800] "GET /xingrg/all/function/internal_message.html?_=1642130745248&CODE_STATE=getMsg HTTP/1.1" 200 27
180.162.114.48 - - [14/Jan/2022:11:25:50 +0800] "GET /xingrg/check_reg.html?_=1642130160611 HTTP/1.1" 200 22
180.162.114.48 - - [14/Jan/2022:11:25:50 +0800] "GET /xingrg/all/function/internal_message.html?_=1642130160721&CODE_STATE=getMsg HTTP/1.1" 200 27
180.162.114.48 - - [14/Jan/2022:11:25:50 +0800] "POST /xingrg/kc/buy/cgsh_list_operate.html HTTP/1.1" 200 876
180.169.147.146 - - [14/Jan/2022:11:25:50 +0800] "GET /xingrg/all/function/internal_message.html?_=1642130747246&CODE_STATE=getMsg HTTP/1.1" 200 27
180.169.147.146 - - [14/Jan/2022:11:25:50 +0800] "GET /xingrg/check_reg.html?_=1642130747248 HTTP/1.1" 200 22
58.39.168.32 - - [14/Jan/2022:11:25:53 +0800] "GET /xingrg/all/function/internal_message.html?_=1642130749848&CODE_STATE=getMsg HTTP/1.1" 200 27
222.70.243.96 - - [14/Jan/2022:11:25:59 +0800] "GET /xingrg/all/function/internal_message.html?_=1642130772055&CODE_STATE=getMsg HTTP/1.1" 302 -
222.70.243.96 - - [14/Jan/2022:11:26:02 +0800] "GET /xingrg/kc/buy/cgsh_order_operate.html?command=get_materiel&rest_code=00146&code=00101002006&supplier_code=00100041&order_time=2022-01-14 HTTP/1.1" 200 414
101.85.120.86 - - [14/Jan/2022:11:26:03 +0800] "GET /xingrg/all/function/internal_message.html?_=1642130760107&CODE_STATE=getMsg HTTP/1.1" 200 27
222.70.217.149 - - [14/Jan/2022:11:26:04 +0800] "GET /xingrg/all/function/internal_message.html?_=1642130755754&CODE_STATE=getMsg HTTP/1.1" 200 27
222.70.243.96 - - [14/Jan/2022:11:26:08 +0800] "GET /xingrg/all/function/internal_message.html?_=1642130783702&CODE_STATE=getMsg HTTP/1.1" 200 27
180.152.99.39 - - [14/Jan/2022:11:26:15 +0800] "GET /xingrg/all/function/internal_message.html?_=1642130710184&CODE_STATE=getMsg HTTP/1.1" 200 27
222.70.243.96 - - [14/Jan/2022:11:26:21 +0800] "GET /xingrg/kc/buy/cgsh_order_operate.html?command=get_materiel&rest_code=00146&code=00101004071&supplier_code=00100041&order_time=2022-01-14 HTTP/1.1" 200 411
116.237.73.232 - - [14/Jan/2022:11:26:28 +0800] "GET /xingrg/all/function/internal_message.html?_=1642130780666&CODE_STATE=getMsg HTTP/1.1" 200 27
222.69.128.102 - - [14/Jan/2022:11:26:31 +0800] "GET /xingrg/check_reg.html?_=1642130788516 HTTP/1.1" 200 22
222.69.128.102 - - [14/Jan/2022:11:26:31 +0800] "GET /xingrg/all/function/internal_message.html?_=1642130788518&CODE_STATE=getMsg HTTP/1.1" 200 27
180.169.147.146 - - [14/Jan/2022:11:26:32 +0800] "GET /xingrg/all/function/internal_message.html?_=1642130791281&CODE_STATE=getMsg HTTP/1.1" 200 27
58.39.168.32 - - [14/Jan/2022:11:26:35 +0800] "GET /xingrg/all/function/internal_message.html?_=1642130729433&CODE_STATE=getMsg HTTP/1.1" 200 27
222.70.243.96 - - [14/Jan/2022:11:26:35 +0800] "GET /xingrg/kc/buy/cgsh_order_operate.html?command=get_materiel&rest_code=00146&code=00101005015&supplier_code=00100041&order_time=2022-01-14 HTTP/1.1" 200 409
114.95.98.1 - - [14/Jan/2022:11:26:42 +0800] "GET /xingrg/all/function/internal_message.html?_=1642130817236&CODE_STATE=getMsg HTTP/1.1" 200 27
114.84.144.24 - - [14/Jan/2022:11:26:43 +0800] "GET /xingrg/all/function/internal_message.html?_=1642130618054&CODE_STATE=getMsg HTTP/1.1" 200 27
180.157.251.97 - - [14/Jan/2022:11:26:43 +0800] "GET /xingrg/all/function/internal_message.html?_=1642130799654&CODE_STATE=getMsg HTTP/1.1" 200 27
180.157.251.97 - - [14/Jan/2022:11:26:43 +0800] "GET /xingrg/check_reg.html?_=1642130799655 HTTP/1.1" 200 22
124.79.247.218 - - [14/Jan/2022:11:26:44 +0800] "GET /xingrg/all/function/internal_message.html?_=1642130938337&CODE_STATE=getMsg HTTP/1.1" 200 27
116.237.73.232 - - [14/Jan/2022:11:26:46 +0800] "GET /xingrg/all/function/internal_message.html?_=1642130804497&CODE_STATE=getMsg HTTP/1.1" 200 27
114.86.227.80 - - [14/Jan/2022:11:26:48 +0800] "GET /xingrg/all/function/internal_message.html?_=1642130805249&CODE_STATE=getMsg HTTP/1.1" 200 27
222.70.243.96 - - [14/Jan/2022:11:26:50 +0800] "POST /xingrg/kc/buy/cgsh_order_operate.html HTTP/1.1" 200 37
180.162.114.48 - - [14/Jan/2022:11:26:50 +0800] "GET /xingrg/all/function/internal_message.html?_=1642130220703&CODE_STATE=getMsg HTTP/1.1" 200 27
180.169.147.146 - - [14/Jan/2022:11:26:50 +0800] "GET /xingrg/all/function/internal_message.html?_=1642130807239&CODE_STATE=getMsg HTTP/1.1" 200 27
222.70.243.96 - - [14/Jan/2022:11:26:52 +0800] "POST /xingrg/kc/buy/cgsh_order_operate.html HTTP/1.1" 200 5035
58.39.168.32 - - [14/Jan/2022:11:26:53 +0800] "GET /xingrg/all/function/internal_message.html?_=1642130809820&CODE_STATE=getMsg HTTP/1.1" 200 27
222.70.243.96 - - [14/Jan/2022:11:26:54 +0800] "GET /xingrg/kc/print/load_data.html?order_code=212022011406515&kc_code=cgsh&condition= HTTP/1.1" 200 1602
58.39.168.32 - - [14/Jan/2022:11:26:56 +0800] "GET /xingrg/check_reg.html?_=1642130813184 HTTP/1.1" 200 22
222.70.243.96 - - [14/Jan/2022:11:26:59 +0800] "GET /xingrg/all/function/internal_message.html?_=1642130832058&CODE_STATE=getMsg HTTP/1.1" 302 -
101.85.120.86 - - [14/Jan/2022:11:27:03 +0800] "GET /xingrg/check_reg.html?_=1642130820108 HTTP/1.1" 200 22
101.85.120.86 - - [14/Jan/2022:11:27:03 +0800] "GET /xingrg/all/function/internal_message.html?_=1642130820111&CODE_STATE=getMsg HTTP/1.1" 200 27
180.169.147.146 - - [14/Jan/2022:11:27:04 +0800] "GET /xingrg/check_reg.html?_=1642130820537 HTTP/1.1" 200 22
222.70.217.149 - - [14/Jan/2022:11:27:04 +0800] "GET /xingrg/check_reg.html?_=1642130815750 HTTP/1.1" 200 22
222.70.217.149 - - [14/Jan/2022:11:27:04 +0800] "GET /xingrg/all/function/internal_message.html?_=1642130815753&CODE_STATE=getMsg HTTP/1.1" 200 27
222.70.243.96 - - [14/Jan/2022:11:27:09 +0800] "GET /xingrg/all/function/internal_message.html?_=1642130843846&CODE_STATE=getMsg HTTP/1.1" 200 27
180.152.99.39 - - [14/Jan/2022:11:27:15 +0800] "GET /xingrg/all/function/internal_message.html?_=1642130770189&CODE_STATE=getMsg HTTP/1.1" 200 27
61.151.178.163 - - [14/Jan/2022:11:27:25 +0800] "GET /xingrg/kc/buy/cgsh_order_info.html?code=212022011406480 HTTP/1.1" 302 -
61.151.178.163 - - [14/Jan/2022:11:27:26 +0800] "GET /xingrg/login.html HTTP/1.1" 200 7641
101.91.60.88 - - [14/Jan/2022:11:27:26 +0800] "GET /xingrg/kc/buy/cgsh_order_operate.html?command=get_materiel&rest_code=00106&code=00101011001&supplier_code=00100007&order_time=2022-01-14 HTTP/1.1" 302 -
101.91.60.88 - - [14/Jan/2022:11:27:26 +0800] "GET /xingrg/login.html HTTP/1.1" 200 7641
116.237.73.232 - - [14/Jan/2022:11:27:27 +0800] "GET /xingrg/all/function/internal_message.html?_=1642130840636&CODE_STATE=getMsg HTTP/1.1" 200 27
222.69.128.102 - - [14/Jan/2022:11:27:31 +0800] "GET /xingrg/all/function/internal_message.html?_=1642130848517&CODE_STATE=getMsg HTTP/1.1" 200 27
180.169.147.146 - - [14/Jan/2022:11:27:32 +0800] "GET /xingrg/all/function/internal_message.html?_=1642130851283&CODE_STATE=getMsg HTTP/1.1" 200 27
58.39.168.32 - - [14/Jan/2022:11:27:35 +0800] "GET /xingrg/all/function/internal_message.html?_=1642130789418&CODE_STATE=getMsg HTTP/1.1" 200 27
114.95.98.1 - - [14/Jan/2022:11:27:42 +0800] "GET /xingrg/check_reg.html?_=1642130876904 HTTP/1.1" 200 22
114.95.98.1 - - [14/Jan/2022:11:27:42 +0800] "GET /xingrg/all/function/internal_message.html?_=1642130877252&CODE_STATE=getMsg HTTP/1.1" 200 27
114.84.144.24 - - [14/Jan/2022:11:27:43 +0800] "GET /xingrg/all/function/internal_message.html?_=1642130678029&CODE_STATE=getMsg HTTP/1.1" 200 27
180.157.251.97 - - [14/Jan/2022:11:27:43 +0800] "GET /xingrg/all/function/internal_message.html?_=1642130859655&CODE_STATE=getMsg HTTP/1.1" 200 27
124.79.247.218 - - [14/Jan/2022:11:27:44 +0800] "GET /xingrg/all/function/internal_message.html?_=1642130998336&CODE_STATE=getMsg HTTP/1.1" 200 27
114.84.144.24 - - [14/Jan/2022:11:27:44 +0800] "GET /xingrg/check_reg.html?_=1642130679903 HTTP/1.1" 200 22
116.237.73.232 - - [14/Jan/2022:11:27:46 +0800] "GET /xingrg/all/function/internal_message.html?_=1642130864481&CODE_STATE=getMsg HTTP/1.1" 200 27
114.86.227.80 - - [14/Jan/2022:11:27:48 +0800] "GET /xingrg/all/function/internal_message.html?_=1642130865251&CODE_STATE=getMsg HTTP/1.1" 200 27
114.86.227.80 - - [14/Jan/2022:11:27:48 +0800] "GET /xingrg/check_reg.html?_=1642130865253 HTTP/1.1" 200 22
180.162.114.48 - - [14/Jan/2022:11:27:50 +0800] "GET /xingrg/all/function/internal_message.html?_=1642130280688&CODE_STATE=getMsg HTTP/1.1" 200 27
180.169.147.146 - - [14/Jan/2022:11:27:50 +0800] "GET /xingrg/all/function/internal_message.html?_=1642130867246&CODE_STATE=getMsg HTTP/1.1" 200 27
58.39.168.32 - - [14/Jan/2022:11:27:53 +0800] "GET /xingrg/all/function/internal_message.html?_=1642130869829&CODE_STATE=getMsg HTTP/1.1" 200 27
222.70.243.96 - - [14/Jan/2022:11:27:59 +0800] "GET /xingrg/all/function/internal_message.html?_=1642130892084&CODE_STATE=getMsg HTTP/1.1" 302 -
101.85.120.86 - - [14/Jan/2022:11:28:03 +0800] "GET /xingrg/all/function/internal_message.html?_=1642130880110&CODE_STATE=getMsg HTTP/1.1" 200 27
222.70.217.149 - - [14/Jan/2022:11:28:04 +0800] "GET /xingrg/all/function/internal_message.html?_=1642130875750&CODE_STATE=getMsg HTTP/1.1" 200 27
222.70.243.96 - - [14/Jan/2022:11:28:09 +0800] "GET /xingrg/all/function/internal_message.html?_=1642130903996&CODE_STATE=getMsg HTTP/1.1" 200 27
180.152.99.39 - - [14/Jan/2022:11:28:14 +0800] "GET /xingrg/check_reg.html?_=1642130829293 HTTP/1.1" 200 22
180.152.99.39 - - [14/Jan/2022:11:28:15 +0800] "GET /xingrg/all/function/internal_message.html?_=1642130830202&CODE_STATE=getMsg HTTP/1.1" 200 27
61.151.178.249 - - [14/Jan/2022:11:28:19 +0800] "GET /xingrg/kc/print/load_data.html?order_code=212022011406480&kc_code=cgsh&condition= HTTP/1.1" 302 -
61.151.178.249 - - [14/Jan/2022:11:28:20 +0800] "GET /xingrg/login.html HTTP/1.1" 200 7641
116.237.73.232 - - [14/Jan/2022:11:28:27 +0800] "GET /xingrg/all/function/internal_message.html?_=1642130900611&CODE_STATE=getMsg HTTP/1.1" 200 27
222.69.128.102 - - [14/Jan/2022:11:28:31 +0800] "GET /xingrg/all/function/internal_message.html?_=1642130908524&CODE_STATE=getMsg HTTP/1.1" 200 27
180.169.147.146 - - [14/Jan/2022:11:28:32 +0800] "GET /xingrg/all/function/internal_message.html?_=1642130911287&CODE_STATE=getMsg HTTP/1.1" 200 27
180.169.147.146 - - [14/Jan/2022:11:28:32 +0800] "GET /xingrg/check_reg.html?_=1642130911287 HTTP/1.1" 200 22
58.39.168.32 - - [14/Jan/2022:11:28:35 +0800] "GET /xingrg/all/function/internal_message.html?_=1642130849390&CODE_STATE=getMsg HTTP/1.1" 200 27
222.70.177.227 - - [14/Jan/2022:11:28:42 +0800] "POST /xingrg/kc/buy/cgsh_order_operate.html HTTP/1.1" 200 5015
114.95.98.1 - - [14/Jan/2022:11:28:42 +0800] "GET /xingrg/all/function/internal_message.html?_=1642130937263&CODE_STATE=getMsg HTTP/1.1" 200 27
114.84.144.24 - - [14/Jan/2022:11:28:43 +0800] "GET /xingrg/all/function/internal_message.html?_=1642130738011&CODE_STATE=getMsg HTTP/1.1" 200 27
124.79.247.218 - - [14/Jan/2022:11:28:44 +0800] "GET /xingrg/check_reg.html?_=1642131058330 HTTP/1.1" 200 22
124.79.247.218 - - [14/Jan/2022:11:28:44 +0800] "GET /xingrg/all/function/internal_message.html?_=1642131058331&CODE_STATE=getMsg HTTP/1.1" 200 27
116.237.73.232 - - [14/Jan/2022:11:28:46 +0800] "GET /xingrg/all/function/internal_message.html?_=1642130924467&CODE_STATE=getMsg HTTP/1.1" 200 27
114.86.227.80 - - [14/Jan/2022:11:28:48 +0800] "GET /xingrg/all/function/internal_message.html?_=1642130925261&CODE_STATE=getMsg HTTP/1.1" 200 27
222.70.177.227 - - [14/Jan/2022:11:28:49 +0800] "GET /xingrg/kc/print/load_data.html?order_code=212022011406514&kc_code=cgsh&condition= HTTP/1.1" 200 1589
180.162.114.48 - - [14/Jan/2022:11:28:50 +0800] "GET /xingrg/all/function/internal_message.html?_=1642130340672&CODE_STATE=getMsg HTTP/1.1" 200 27
180.169.147.146 - - [14/Jan/2022:11:28:50 +0800] "GET /xingrg/all/function/internal_message.html?_=1642130927238&CODE_STATE=getMsg HTTP/1.1" 200 27
58.39.168.32 - - [14/Jan/2022:11:28:53 +0800] "GET /xingrg/all/function/internal_message.html?_=1642130929801&CODE_STATE=getMsg HTTP/1.1" 200 27
222.70.217.149 - - [14/Jan/2022:11:28:55 +0800] "POST /xingrg/services/DataTransmitService HTTP/1.1" 200 524
222.70.217.149 - - [14/Jan/2022:11:28:55 +0800] "POST /xingrg/services/DataTransmitService HTTP/1.1" 200 412
222.70.243.96 - - [14/Jan/2022:11:28:59 +0800] "GET /xingrg/all/function/internal_message.html?_=1642130952085&CODE_STATE=getMsg HTTP/1.1" 302 -
101.85.120.86 - - [14/Jan/2022:11:29:03 +0800] "GET /xingrg/all/function/internal_message.html?_=1642130940110&CODE_STATE=getMsg HTTP/1.1" 200 27
222.70.217.149 - - [14/Jan/2022:11:29:04 +0800] "GET /xingrg/all/function/internal_message.html?_=1642130935743&CODE_STATE=getMsg HTTP/1.1" 200 27
222.70.243.96 - - [14/Jan/2022:11:29:08 +0800] "GET /xingrg/check_reg.html?_=1642130963175 HTTP/1.1" 200 22
222.70.243.96 - - [14/Jan/2022:11:29:09 +0800] "GET /xingrg/all/function/internal_message.html?_=1642130964008&CODE_STATE=getMsg HTTP/1.1" 200 27
61.151.178.217 - - [14/Jan/2022:11:29:09 +0800] "GET /xingrg/kc/buy/cgsh_order_operate.html?command=get_materiel&rest_code=00106&code=00101008437&supplier_code=00100007&order_time=2022-01-14 HTTP/1.1" 302 -
222.70.243.96 - - [14/Jan/2022:11:29:10 +0800] "POST /xingrg/kc/buy/cgsh_order_operate.html HTTP/1.1" 200 37
61.151.178.217 - - [14/Jan/2022:11:29:10 +0800] "GET /xingrg/login.html HTTP/1.1" 200 7641
180.152.99.39 - - [14/Jan/2022:11:29:15 +0800] "GET /xingrg/all/function/internal_message.html?_=1642130890216&CODE_STATE=getMsg HTTP/1.1" 200 27
222.70.243.96 - - [14/Jan/2022:11:29:25 +0800] "POST /xingrg/kc/buy/cgsh_order_operate.html HTTP/1.1" 200 5035
222.70.243.96 - - [14/Jan/2022:11:29:27 +0800] "GET /xingrg/kc/buy/cgsh_order_add.html HTTP/1.1" 200 65363
116.237.73.232 - - [14/Jan/2022:11:29:27 +0800] "GET /xingrg/all/function/internal_message.html?_=1642130960588&CODE_STATE=getMsg HTTP/1.1" 200 27
222.70.243.96 - - [14/Jan/2022:11:29:28 +0800] "GET /xingrg/check_reg.html?_=1642130980838 HTTP/1.1" 302 -
222.70.243.96 - - [14/Jan/2022:11:29:28 +0800] "POST /xingrg/kc/buy/cgsh_order_operate.html HTTP/1.1" 200 8245
222.70.243.96 - - [14/Jan/2022:11:29:28 +0800] "GET /xingrg/javascript/easyui/themes/default/validatebox.css HTTP/1.1" 404 1104
222.69.128.102 - - [14/Jan/2022:11:29:31 +0800] "GET /xingrg/all/function/internal_message.html?_=1642130968522&CODE_STATE=getMsg HTTP/1.1" 200 27
180.169.147.146 - - [14/Jan/2022:11:29:32 +0800] "GET /xingrg/all/function/internal_message.html?_=1642130971291&CODE_STATE=getMsg HTTP/1.1" 200 27
222.70.243.96 - - [14/Jan/2022:11:29:33 +0800] "GET /xingrg/kc/buy/cgsh_order_list.html HTTP/1.1" 200 49594
58.39.168.32 - - [14/Jan/2022:11:29:35 +0800] "GET /xingrg/all/function/internal_message.html?_=1642130909360&CODE_STATE=getMsg HTTP/1.1" 200 27
114.84.144.24 - - [14/Jan/2022:11:29:35 +0800] "GET /xingrg/kc/mdqp/qp_main.html HTTP/1.1" 200 10633
114.84.144.24 - - [14/Jan/2022:11:29:35 +0800] "GET /xingrg/images/yd/bt.gif HTTP/1.1" 404 1040
222.70.177.227 - - [14/Jan/2022:11:29:35 +0800] "GET /xingrg/all/function/internal_message.html?_=1642130969903&CODE_STATE=getMsg HTTP/1.1" 200 27
114.84.144.24 - - [14/Jan/2022:11:29:36 +0800] "GET /xingrg/kc/mdqp/pssh_order_list.html HTTP/1.1" 200 17777
114.84.144.24 - - [14/Jan/2022:11:29:36 +0800] "POST /xingrg/kc/mdqp/pssh_list_operate.html HTTP/1.1" 200 5219
180.152.99.39 - - [14/Jan/2022:11:29:38 +0800] "POST /xingrg/services/DataTransmitService HTTP/1.1" 200 524
180.152.99.39 - - [14/Jan/2022:11:29:39 +0800] "POST /xingrg/services/DataTransmitService HTTP/1.1" 200 412
222.70.243.96 - - [14/Jan/2022:11:29:42 +0800] "POST /xingrg/kc/buy/cgsh_list_operate.html HTTP/1.1" 200 3496
114.95.98.1 - - [14/Jan/2022:11:29:42 +0800] "GET /xingrg/all/function/internal_message.html?_=1642130997277&CODE_STATE=getMsg HTTP/1.1" 200 27
114.84.144.24 - - [14/Jan/2022:11:29:43 +0800] "GET /xingrg/all/function/internal_message.html?_=1642130797993&CODE_STATE=getMsg HTTP/1.1" 200 27
124.79.247.218 - - [14/Jan/2022:11:29:44 +0800] "GET /xingrg/all/function/internal_message.html?_=1642131118340&CODE_STATE=getMsg HTTP/1.1" 200 27
116.237.73.232 - - [14/Jan/2022:11:29:46 +0800] "GET /xingrg/all/function/internal_message.html?_=1642130984452&CODE_STATE=getMsg HTTP/1.1" 200 27
222.70.243.96 - - [14/Jan/2022:11:29:48 +0800] "POST /xingrg/kc/buy/cgsh_list_operate.html HTTP/1.1" 200 493
114.86.227.80 - - [14/Jan/2022:11:29:48 +0800] "GET /xingrg/all/function/internal_message.html?_=1642130985255&CODE_STATE=getMsg HTTP/1.1" 200 27
222.70.243.96 - - [14/Jan/2022:11:29:49 +0800] "GET /xingrg/kc/buy/cgsh_order_info.html?code=212022011406515 HTTP/1.1" 200 65370
222.70.243.96 - - [14/Jan/2022:11:29:49 +0800] "GET /xingrg/javascript/easyui/themes/default/validatebox.css HTTP/1.1" 404 1104
222.70.243.96 - - [14/Jan/2022:11:29:50 +0800] "POST /xingrg/kc/buy/cgsh_order_operate.html HTTP/1.1" 200 5035
180.162.114.48 - - [14/Jan/2022:11:29:50 +0800] "GET /xingrg/all/function/internal_message.html?_=1642130400657&CODE_STATE=getMsg HTTP/1.1" 200 27
180.169.147.146 - - [14/Jan/2022:11:29:50 +0800] "GET /xingrg/all/function/internal_message.html?_=1642130987252&CODE_STATE=getMsg HTTP/1.1" 200 27
58.39.168.32 - - [14/Jan/2022:11:29:53 +0800] "GET /xingrg/all/function/internal_message.html?_=1642130989783&CODE_STATE=getMsg HTTP/1.1" 200 27
222.70.243.96 - - [14/Jan/2022:11:29:59 +0800] "GET /xingrg/all/function/internal_message.html?_=1642131012109&CODE_STATE=getMsg HTTP/1.1" 302 -
101.85.120.86 - - [14/Jan/2022:11:30:03 +0800] "GET /xingrg/all/function/internal_message.html?_=1642131000110&CODE_STATE=getMsg HTTP/1.1" 200 27
222.70.217.149 - - [14/Jan/2022:11:30:04 +0800] "GET /xingrg/all/function/internal_message.html?_=1642130995749&CODE_STATE=getMsg HTTP/1.1" 200 27
116.237.73.232 - - [14/Jan/2022:11:30:06 +0800] "GET /xingrg/check_reg.html?_=1642130998946 HTTP/1.1" 200 22
222.70.243.96 - - [14/Jan/2022:11:30:07 +0800] "POST /xingrg/kc/buy/cgsh_order_operate.html HTTP/1.1" 200 37
222.70.243.96 - - [14/Jan/2022:11:30:08 +0800] "POST /xingrg/kc/buy/cgsh_order_operate.html HTTP/1.1" 200 5035
222.70.243.96 - - [14/Jan/2022:11:30:09 +0800] "GET /xingrg/all/function/internal_message.html?_=1642131024023&CODE_STATE=getMsg HTTP/1.1" 200 27
222.70.243.96 - - [14/Jan/2022:11:30:10 +0800] "GET /xingrg/kc/buy/cgsh_order_add.html HTTP/1.1" 200 65363
222.70.243.96 - - [14/Jan/2022:11:30:11 +0800] "POST /xingrg/kc/buy/cgsh_order_operate.html HTTP/1.1" 200 8245
222.70.243.96 - - [14/Jan/2022:11:30:11 +0800] "GET /xingrg/javascript/easyui/themes/default/validatebox.css HTTP/1.1" 404 1104
180.152.99.39 - - [14/Jan/2022:11:30:15 +0800] "GET /xingrg/all/function/internal_message.html?_=1642130950230&CODE_STATE=getMsg HTTP/1.1" 200 27
222.70.243.96 - - [14/Jan/2022:11:30:26 +0800] "GET /xingrg/kc/buy/cgsh_order_operate.html?command=get_materiel&rest_code=00146&code=00101007081&supplier_code=00100002&order_time=2022-01-14 HTTP/1.1" 200 413
116.237.73.232 - - [14/Jan/2022:11:30:27 +0800] "GET /xingrg/all/function/internal_message.html?_=1642131020558&CODE_STATE=getMsg HTTP/1.1" 200 27
222.69.128.102 - - [14/Jan/2022:11:30:31 +0800] "GET /xingrg/all/function/internal_message.html?_=1642131028529&CODE_STATE=getMsg HTTP/1.1" 200 27
180.169.147.146 - - [14/Jan/2022:11:30:32 +0800] "GET /xingrg/all/function/internal_message.html?_=1642131031293&CODE_STATE=getMsg HTTP/1.1" 200 27
58.39.168.32 - - [14/Jan/2022:11:30:35 +0800] "GET /xingrg/all/function/internal_message.html?_=1642130969331&CODE_STATE=getMsg HTTP/1.1" 200 27
222.70.177.227 - - [14/Jan/2022:11:30:35 +0800] "GET /xingrg/all/function/internal_message.html?_=1642131029887&CODE_STATE=getMsg HTTP/1.1" 200 27
222.70.177.227 - - [14/Jan/2022:11:30:36 +0800] "GET /xingrg/check_reg.html?_=1642131030358 HTTP/1.1" 200 22
58.39.168.32 - - [14/Jan/2022:11:30:37 +0800] "GET /xingrg/check_reg.html?_=1642130971626 HTTP/1.1" 200 22
222.70.243.96 - - [14/Jan/2022:11:30:40 +0800] "GET /xingrg/kc/buy/cgsh_order_operate.html?command=get_materiel&rest_code=00146&code=00101007061&supplier_code=00100002&order_time=2022-01-14 HTTP/1.1" 200 411
114.95.98.1 - - [14/Jan/2022:11:30:42 +0800] "GET /xingrg/all/function/internal_message.html?_=1642131057299&CODE_STATE=getMsg HTTP/1.1" 200 27
114.84.144.24 - - [14/Jan/2022:11:30:42 +0800] "GET /xingrg/all/function/internal_message.html?_=1642130857963&CODE_STATE=getMsg HTTP/1.1" 200 27
124.79.247.218 - - [14/Jan/2022:11:30:44 +0800] "GET /xingrg/all/function/internal_message.html?_=1642131178335&CODE_STATE=getMsg HTTP/1.1" 200 27
116.237.73.232 - - [14/Jan/2022:11:30:46 +0800] "GET /xingrg/all/function/internal_message.html?_=1642131044437&CODE_STATE=getMsg HTTP/1.1" 200 27
116.237.73.232 - - [14/Jan/2022:11:30:46 +0800] "GET /xingrg/check_reg.html?_=1642131044659 HTTP/1.1" 200 22
