58.39.168.32 - - [14/Jan/2022:09:27:13 +0800] "GET /xingrg/kc/buy/cgsh_order_operate.html?command=get_materiel&rest_code=00105&code=00101011005&supplier_code=00100052&order_time=2022-01-14 HTTP/1.1" 200 428
180.169.147.146 - - [14/Jan/2022:09:27:13 +0800] "GET /xingrg/check_reg.html?_=1642123630262 HTTP/1.1" 200 22
114.86.227.80 - - [14/Jan/2022:09:27:14 +0800] "GET /xingrg/kc/buy/cgsh_order_operate.html?command=get_materiel&rest_code=00109&code=00101008264&supplier_code=00100005&order_time=2022-01-14 HTTP/1.1" 200 412
180.152.99.39 - - [14/Jan/2022:09:27:16 +0800] "GET /xingrg/kc/buy/cgsh_order_operate.html?command=get_materiel&rest_code=00151&code=00101008131&supplier_code=00100007&order_time=2022-01-14 HTTP/1.1" 200 408
114.86.227.80 - - [14/Jan/2022:09:27:19 +0800] "GET /xingrg/kc/buy/cgsh_order_operate.html?command=get_materiel&rest_code=00109&code=00101008360&supplier_code=00100005&order_time=2022-01-14 HTTP/1.1" 200 413
180.152.99.39 - - [14/Jan/2022:09:27:23 +0800] "GET /xingrg/kc/buy/cgsh_order_operate.html?command=get_materiel&rest_code=00151&code=00101008375&supplier_code=00100007&order_time=2022-01-14 HTTP/1.1" 200 416
222.70.243.96 - - [14/Jan/2022:09:27:26 +0800] "GET /xingrg/all/function/internal_message.html?_=1642123661087&CODE_STATE=getMsg HTTP/1.1" 200 27
180.152.99.39 - - [14/Jan/2022:09:27:29 +0800] "GET /xingrg/kc/buy/cgsh_order_operate.html?command=get_materiel&rest_code=00151&code=00101008033&supplier_code=00100007&order_time=2022-01-14 HTTP/1.1" 200 408
222.69.128.102 - - [14/Jan/2022:09:27:31 +0800] "GET /xingrg/all/function/internal_message.html?_=1642123648324&CODE_STATE=getMsg HTTP/1.1" 200 27
180.169.147.146 - - [14/Jan/2022:09:27:32 +0800] "GET /xingrg/all/function/internal_message.html?_=1642123651291&CODE_STATE=getMsg HTTP/1.1" 200 27
222.69.128.102 - - [14/Jan/2022:09:27:32 +0800] "POST /xingrg/services/DataTransmitService HTTP/1.1" 200 501
222.69.128.102 - - [14/Jan/2022:09:27:36 +0800] "POST /xingrg/services/DataTransmitService HTTP/1.1" 200 501
222.69.128.102 - - [14/Jan/2022:09:27:37 +0800] "POST /xingrg/services/DataTransmitService HTTP/1.1" 200 501
58.39.168.32 - - [14/Jan/2022:09:27:37 +0800] "GET /xingrg/all/function/internal_message.html?_=1642123591549&CODE_STATE=getMsg HTTP/1.1" 200 27
180.152.99.39 - - [14/Jan/2022:09:27:37 +0800] "POST /xingrg/kc/buy/cgsh_order_operate.html HTTP/1.1" 200 37
222.70.217.149 - - [14/Jan/2022:09:27:39 +0800] "GET /xingrg/check_reg.html?_=1642123650307 HTTP/1.1" 200 22
180.152.99.39 - - [14/Jan/2022:09:27:39 +0800] "POST /xingrg/kc/buy/cgsh_order_operate.html HTTP/1.1" 200 20060
222.70.217.149 - - [14/Jan/2022:09:27:39 +0800] "GET /xingrg/all/function/internal_message.html?_=1642123650314&CODE_STATE=getMsg HTTP/1.1" 200 27
114.84.144.24 - - [14/Jan/2022:09:27:44 +0800] "GET /xingrg/check_reg.html?_=1642123479724 HTTP/1.1" 200 22
114.84.144.24 - - [14/Jan/2022:09:27:44 +0800] "GET /xingrg/all/function/internal_message.html?_=1642123479725&CODE_STATE=getMsg HTTP/1.1" 200 27
180.152.99.39 - - [14/Jan/2022:09:27:45 +0800] "GET /xingrg/kc/buy/cgsh_order_operate.html?command=get_materiel&rest_code=00151&code=00101008213&supplier_code=00100007&order_time=2022-01-14 HTTP/1.1" 200 412
180.152.99.39 - - [14/Jan/2022:09:27:48 +0800] "GET /xingrg/all/function/internal_message.html?_=1642123603315&CODE_STATE=getMsg HTTP/1.1" 200 27
180.152.99.39 - - [14/Jan/2022:09:27:51 +0800] "GET /xingrg/kc/buy/cgsh_order_operate.html?command=get_materiel&rest_code=00151&code=00101008234&supplier_code=00100007&order_time=2022-01-14 HTTP/1.1" 200 408
222.69.128.102 - - [14/Jan/2022:09:27:55 +0800] "POST /xingrg/services/DataTransmitService HTTP/1.1" 200 501
58.39.168.32 - - [14/Jan/2022:09:27:55 +0800] "GET /xingrg/all/function/internal_message.html?_=1642123672330&CODE_STATE=getMsg HTTP/1.1" 200 27
222.69.128.102 - - [14/Jan/2022:09:27:56 +0800] "POST /xingrg/services/DataTransmitService HTTP/1.1" 200 501
222.70.243.96 - - [14/Jan/2022:09:27:57 +0800] "GET /xingrg/all/function/internal_message.html?_=1642123690329&CODE_STATE=getMsg HTTP/1.1" 302 -
58.39.168.32 - - [14/Jan/2022:09:27:58 +0800] "GET /xingrg/kc/buy/cgsh_order_operate.html?command=get_materiel&rest_code=00105&code=00101011001&supplier_code=00100052&order_time=2022-01-14 HTTP/1.1" 200 423
222.69.128.102 - - [14/Jan/2022:09:27:58 +0800] "POST /xingrg/services/DataTransmitService HTTP/1.1" 200 501
222.69.128.102 - - [14/Jan/2022:09:27:59 +0800] "POST /xingrg/services/DataTransmitService HTTP/1.1" 200 412
180.152.99.39 - - [14/Jan/2022:09:28:03 +0800] "GET /xingrg/kc/buy/cgsh_order_operate.html?command=get_materiel&rest_code=00151&code=00101008036&supplier_code=00100007&order_time=2022-01-14 HTTP/1.1" 200 408
114.86.227.80 - - [14/Jan/2022:09:28:03 +0800] "GET /xingrg/kc/buy/cgsh_order_operate.html?command=get_materiel&rest_code=00109&code=00101008357&supplier_code=00100005&order_time=2022-01-14 HTTP/1.1" 200 408
114.86.227.80 - - [14/Jan/2022:09:28:06 +0800] "GET /xingrg/all/function/internal_message.html?_=1642123682871&CODE_STATE=getMsg HTTP/1.1" 200 27
222.70.217.149 - - [14/Jan/2022:09:28:11 +0800] "POST /xingrg/services/DataTransmitService HTTP/1.1" 200 524
114.86.227.80 - - [14/Jan/2022:09:28:11 +0800] "GET /xingrg/kc/buy/cgsh_order_operate.html?command=get_materiel&rest_code=00109&code=00101008069&supplier_code=00100005&order_time=2022-01-14 HTTP/1.1" 200 412
114.86.227.80 - - [14/Jan/2022:09:28:17 +0800] "GET /xingrg/kc/buy/cgsh_order_operate.html?command=get_materiel&rest_code=00109&code=00101008286&supplier_code=00100005&order_time=2022-01-14 HTTP/1.1" 200 408
180.152.99.39 - - [14/Jan/2022:09:28:25 +0800] "POST /xingrg/kc/buy/cgsh_order_operate.html HTTP/1.1" 200 37
222.70.243.96 - - [14/Jan/2022:09:28:26 +0800] "GET /xingrg/all/function/internal_message.html?_=1642123721105&CODE_STATE=getMsg HTTP/1.1" 200 27
180.152.99.39 - - [14/Jan/2022:09:28:27 +0800] "POST /xingrg/kc/buy/cgsh_order_operate.html HTTP/1.1" 200 23017
114.86.227.80 - - [14/Jan/2022:09:28:28 +0800] "GET /xingrg/kc/buy/cgsh_order_operate.html?command=get_materiel&rest_code=00109&code=00101008318&supplier_code=00100005&order_time=2022-01-14 HTTP/1.1" 200 408
222.69.128.102 - - [14/Jan/2022:09:28:31 +0800] "GET /xingrg/all/function/internal_message.html?_=1642123708309&CODE_STATE=getMsg HTTP/1.1" 200 27
180.169.147.146 - - [14/Jan/2022:09:28:32 +0800] "GET /xingrg/check_reg.html?_=1642123711289 HTTP/1.1" 200 22
180.169.147.146 - - [14/Jan/2022:09:28:32 +0800] "GET /xingrg/all/function/internal_message.html?_=1642123711285&CODE_STATE=getMsg HTTP/1.1" 200 27
180.152.99.39 - - [14/Jan/2022:09:28:35 +0800] "GET /xingrg/kc/buy/cgsh_order_operate.html?command=get_materiel&rest_code=00151&code=00101008209&supplier_code=00100007&order_time=2022-01-14 HTTP/1.1" 200 408
58.39.168.32 - - [14/Jan/2022:09:28:37 +0800] "GET /xingrg/all/function/internal_message.html?_=1642123651533&CODE_STATE=getMsg HTTP/1.1" 200 27
114.86.227.80 - - [14/Jan/2022:09:28:38 +0800] "GET /xingrg/kc/buy/cgsh_order_operate.html?command=get_materiel&rest_code=00109&code=00101008644&supplier_code=00100005&order_time=2022-01-14 HTTP/1.1" 200 406
222.70.217.149 - - [14/Jan/2022:09:28:39 +0800] "GET /xingrg/all/function/internal_message.html?_=1642123710305&CODE_STATE=getMsg HTTP/1.1" 200 27
114.86.227.80 - - [14/Jan/2022:09:28:40 +0800] "POST /xingrg/kc/buy/cgsh_order_operate.html HTTP/1.1" 200 2065
58.39.168.32 - - [14/Jan/2022:09:28:43 +0800] "POST /xingrg/kc/buy/cgsh_order_operate.html HTTP/1.1" 200 37
114.84.144.24 - - [14/Jan/2022:09:28:44 +0800] "GET /xingrg/all/function/internal_message.html?_=1642123539732&CODE_STATE=getMsg HTTP/1.1" 200 27
114.86.227.80 - - [14/Jan/2022:09:28:48 +0800] "GET /xingrg/kc/buy/cgsh_order_operate.html?command=get_materiel&rest_code=00109&code=00101008098&supplier_code=00100005&order_time=2022-01-14 HTTP/1.1" 200 412
180.152.99.39 - - [14/Jan/2022:09:28:48 +0800] "POST /xingrg/kc/buy/cgsh_order_operate.html HTTP/1.1" 200 37
58.39.168.32 - - [14/Jan/2022:09:28:48 +0800] "POST /xingrg/kc/buy/cgsh_order_operate.html HTTP/1.1" 200 3260
180.152.99.39 - - [14/Jan/2022:09:28:50 +0800] "POST /xingrg/kc/buy/cgsh_order_operate.html HTTP/1.1" 200 23605
180.152.99.39 - - [14/Jan/2022:09:28:51 +0800] "GET /xingrg/all/function/internal_message.html?_=1642123665888&CODE_STATE=getMsg HTTP/1.1" 200 27
180.152.99.39 - - [14/Jan/2022:09:28:51 +0800] "GET /xingrg/kc/buy/cgsh_order_add.html HTTP/1.1" 200 64973
180.152.99.39 - - [14/Jan/2022:09:28:52 +0800] "POST /xingrg/kc/buy/cgsh_order_operate.html HTTP/1.1" 200 8245
180.152.99.39 - - [14/Jan/2022:09:28:52 +0800] "GET /xingrg/javascript/easyui/themes/default/validatebox.css HTTP/1.1" 404 1104
114.86.227.80 - - [14/Jan/2022:09:28:55 +0800] "GET /xingrg/kc/buy/cgsh_order_operate.html?command=get_materiel&rest_code=00109&code=00101008005&supplier_code=00100005&order_time=2022-01-14 HTTP/1.1" 200 412
58.39.168.32 - - [14/Jan/2022:09:28:55 +0800] "GET /xingrg/all/function/internal_message.html?_=1642123732325&CODE_STATE=getMsg HTTP/1.1" 200 27
222.70.243.96 - - [14/Jan/2022:09:28:57 +0800] "GET /xingrg/all/function/internal_message.html?_=1642123750330&CODE_STATE=getMsg HTTP/1.1" 302 -
114.86.227.80 - - [14/Jan/2022:09:29:00 +0800] "GET /xingrg/kc/buy/cgsh_order_operate.html?command=get_materiel&rest_code=00109&code=00101008271&supplier_code=00100005&order_time=2022-01-14 HTTP/1.1" 200 408
58.39.168.32 - - [14/Jan/2022:09:29:01 +0800] "GET /xingrg/kc/print/load_data.html?order_code=212022011406455&kc_code=cgsh&condition= HTTP/1.1" 200 954
180.152.99.39 - - [14/Jan/2022:09:29:02 +0800] "GET /xingrg/kc/buy/cgsh_order_operate.html?command=get_materiel&rest_code=00151&code=00101011005&supplier_code=00100047&order_time=2022-01-14 HTTP/1.1" 200 428
114.86.227.80 - - [14/Jan/2022:09:29:06 +0800] "GET /xingrg/all/function/internal_message.html?_=1642123742884&CODE_STATE=getMsg HTTP/1.1" 200 27
114.86.227.80 - - [14/Jan/2022:09:29:06 +0800] "GET /xingrg/kc/buy/cgsh_order_operate.html?command=get_materiel&rest_code=00109&code=00101008353&supplier_code=00100005&order_time=2022-01-14 HTTP/1.1" 200 408
58.39.168.32 - - [14/Jan/2022:09:29:08 +0800] "GET /xingrg/kc/buy/cgsh_order_add.html HTTP/1.1" 200 65445
58.39.168.32 - - [14/Jan/2022:09:29:08 +0800] "GET /xingrg/javascript/easyui/themes/default/validatebox.css HTTP/1.1" 404 1104
58.39.168.32 - - [14/Jan/2022:09:29:08 +0800] "POST /xingrg/kc/buy/cgsh_order_operate.html HTTP/1.1" 200 8245
114.86.227.80 - - [14/Jan/2022:09:29:11 +0800] "GET /xingrg/kc/buy/cgsh_order_operate.html?command=get_materiel&rest_code=00109&code=00101008312&supplier_code=00100005&order_time=2022-01-14 HTTP/1.1" 200 412
180.152.99.39 - - [14/Jan/2022:09:29:13 +0800] "GET /xingrg/kc/buy/cgsh_order_operate.html?command=get_materiel&rest_code=00151&code=00101011010&supplier_code=00100047&order_time=2022-01-14 HTTP/1.1" 200 418
114.86.227.80 - - [14/Jan/2022:09:29:13 +0800] "POST /xingrg/kc/buy/cgsh_order_operate.html HTTP/1.1" 200 2065
114.95.98.1 - - [14/Jan/2022:09:29:14 +0800] "GET /favicon.ico HTTP/1.1" 404 -
114.95.98.1 - - [14/Jan/2022:09:29:14 +0800] "GET /favicon.ico HTTP/1.1" 404 -
114.95.98.1 - - [14/Jan/2022:09:29:16 +0800] "GET /xingrg/login.html HTTP/1.1" 200 7641
114.95.98.1 - - [14/Jan/2022:09:29:16 +0800] "GET /xingrg/images/blue/jxLogo.png HTTP/1.1" 200 6156
114.95.98.1 - - [14/Jan/2022:09:29:16 +0800] "GET /xingrg/images/blue/hj.png HTTP/1.1" 200 1014
114.95.98.1 - - [14/Jan/2022:09:29:16 +0800] "GET /xingrg/images/blue/login_bg.png HTTP/1.1" 200 22101
114.95.98.1 - - [14/Jan/2022:09:29:16 +0800] "GET /xingrg/images/blue/srbg.png HTTP/1.1" 200 138
114.86.227.80 - - [14/Jan/2022:09:29:17 +0800] "GET /xingrg/kc/buy/cgsh_order_operate.html?command=get_materiel&rest_code=00109&code=00101008095&supplier_code=00100005&order_time=2022-01-14 HTTP/1.1" 200 412
114.95.98.1 - - [14/Jan/2022:09:29:17 +0800] "GET /favicon.ico HTTP/1.1" 404 -
58.39.168.32 - - [14/Jan/2022:09:29:21 +0800] "GET /xingrg/kc/buy/cgsh_order_operate.html?command=get_materiel&rest_code=00105&code=00101007021&supplier_code=00100002&order_time=2022-01-14 HTTP/1.1" 200 409
114.95.98.1 - - [14/Jan/2022:09:29:22 +0800] "POST /xingrg/login.do HTTP/1.1" 302 -
114.95.98.1 - - [14/Jan/2022:09:29:22 +0800] "GET /xingrg/index.html?sysBaseUrl=http%3A%2F%2F180.169.147.146%3A18081%2Fxingrg%2F&costTime=1177×tamp=1642123762575 HTTP/1.1" 200 17173
114.95.98.1 - - [14/Jan/2022:09:29:22 +0800] "GET /xingrg/javascript/jquery_easy_ui/themes/icon.css HTTP/1.1" 200 3949
114.95.98.1 - - [14/Jan/2022:09:29:22 +0800] "GET /xingrg/css/form.css HTTP/1.1" 200 893
114.95.98.1 - - [14/Jan/2022:09:29:22 +0800] "GET /xingrg/javascript/jquery_easy_ui/jquery.easyui.min.js HTTP/1.1" 200 213662
114.95.98.1 - - [14/Jan/2022:09:29:22 +0800] "GET /xingrg/javascript/jquery-1.4.2.min.js HTTP/1.1" 200 72205
114.95.98.1 - - [14/Jan/2022:09:29:22 +0800] "GET /xingrg/javascript/jquery_easy_ui/easyui-lang-zh_CN.js HTTP/1.1" 200 1900
114.95.98.1 - - [14/Jan/2022:09:29:22 +0800] "GET /xingrg/javascript/jquery.timers.js HTTP/1.1" 200 3532
114.95.98.1 - - [14/Jan/2022:09:29:22 +0800] "GET /xingrg/javascript/jquery_easy_ui/themes/default/easyui.css HTTP/1.1" 200 26500
114.95.98.1 - - [14/Jan/2022:09:29:22 +0800] "GET /xingrg/javascript/jquery.utils.js HTTP/1.1" 200 11805
114.95.98.1 - - [14/Jan/2022:09:29:22 +0800] "GET /xingrg/javascript/jquery.form.js HTTP/1.1" 200 23110
114.95.98.1 - - [14/Jan/2022:09:29:23 +0800] "GET /favicon.ico HTTP/1.1" 404 -
114.95.98.1 - - [14/Jan/2022:09:29:23 +0800] "GET /xingrg/images/blue/jxLogo.png HTTP/1.1" 200 6156
114.95.98.1 - - [14/Jan/2022:09:29:23 +0800] "GET /xingrg/javascript/jquery_easy_ui/themes/icons/settle_new.png HTTP/1.1" 200 826
114.95.98.1 - - [14/Jan/2022:09:29:23 +0800] "GET /xingrg/images/blue/navBackgound.jpg HTTP/1.1" 200 12378
114.86.227.80 - - [14/Jan/2022:09:29:23 +0800] "GET /xingrg/kc/buy/cgsh_order_operate.html?command=get_materiel&rest_code=00109&code=00101008196&supplier_code=00100005&order_time=2022-01-14 HTTP/1.1" 200 416
114.95.98.1 - - [14/Jan/2022:09:29:23 +0800] "GET /xingrg/images/blue/pingpu.png HTTP/1.1" 200 231
114.95.98.1 - - [14/Jan/2022:09:29:23 +0800] "GET /xingrg/javascript/jquery_easy_ui/themes/default/images/tabs_leftarrow.png HTTP/1.1" 200 389
114.95.98.1 - - [14/Jan/2022:09:29:23 +0800] "GET /xingrg/javascript/jquery_easy_ui/themes/default/images/tabs_rightarrow.png HTTP/1.1" 200 395
114.95.98.1 - - [14/Jan/2022:09:29:23 +0800] "GET /xingrg/javascript/jquery_easy_ui/themes/default/images/panel_tool_collapse.gif HTTP/1.1" 200 246
114.95.98.1 - - [14/Jan/2022:09:29:23 +0800] "GET /xingrg/all/function/internal_message.html?_=1642123777822&CODE_STATE=count HTTP/1.1" 200 11
114.95.98.1 - - [14/Jan/2022:09:29:23 +0800] "GET /xingrg/check_reg.html?_=1642123777829 HTTP/1.1" 200 22
114.95.98.1 - - [14/Jan/2022:09:29:23 +0800] "POST /xingrg/all/common/load_tree.html?tree=area_rest_tree_json&manage=1 HTTP/1.1" 200 342
114.95.98.1 - - [14/Jan/2022:09:29:23 +0800] "POST /xingrg/load_menu.html HTTP/1.1" 200 5138
114.95.98.1 - - [14/Jan/2022:09:29:23 +0800] "GET /xingrg/javascript/jquery_easy_ui/themes/default/images/tree_arrows.gif HTTP/1.1" 200 1043
180.152.99.39 - - [14/Jan/2022:09:29:23 +0800] "GET /xingrg/kc/buy/cgsh_order_operate.html?command=get_materiel&rest_code=00151&code=00101011007&supplier_code=00100047&order_time=2022-01-14 HTTP/1.1" 200 414
114.95.98.1 - - [14/Jan/2022:09:29:24 +0800] "GET /xingrg/javascript/jquery_easy_ui/themes/default/images/tree_folder_open.gif HTTP/1.1" 200 956
114.95.98.1 - - [14/Jan/2022:09:29:24 +0800] "GET /xingrg/javascript/jquery_easy_ui/themes/icons/search_new.png HTTP/1.1" 200 586
114.95.98.1 - - [14/Jan/2022:09:29:24 +0800] "GET /xingrg/javascript/jquery_easy_ui/themes/default/images/tree_folder.gif HTTP/1.1" 200 952
114.95.98.1 - - [14/Jan/2022:09:29:24 +0800] "GET /xingrg/javascript/jquery_easy_ui/themes/icons/storage_new.png HTTP/1.1" 200 853
114.95.98.1 - - [14/Jan/2022:09:29:24 +0800] "GET /xingrg/javascript/jquery_easy_ui/themes/icons/forms_new.png HTTP/1.1" 200 350
114.95.98.1 - - [14/Jan/2022:09:29:24 +0800] "GET /xingrg/javascript/jquery_easy_ui/themes/default/images/tree_file.gif HTTP/1.1" 200 118
222.70.243.96 - - [14/Jan/2022:09:29:26 +0800] "GET /xingrg/all/function/internal_message.html?_=1642123781114&CODE_STATE=getMsg HTTP/1.1" 200 27
114.95.98.1 - - [14/Jan/2022:09:29:26 +0800] "GET /xingrg/javascript/jquery_easy_ui/themes/default/images/tabs_close.gif HTTP/1.1" 200 829
114.95.98.1 - - [14/Jan/2022:09:29:27 +0800] "GET /xingrg/css/base.css HTTP/1.1" 200 2811
114.95.98.1 - - [14/Jan/2022:09:29:27 +0800] "GET /xingrg/javascript/jquery_tools/datebox.css HTTP/1.1" 200 2597
114.95.98.1 - - [14/Jan/2022:09:29:27 +0800] "GET /xingrg/css/site.css HTTP/1.1" 200 7541
114.95.98.1 - - [14/Jan/2022:09:29:27 +0800] "GET /xingrg/javascript/jquery_tools/fix.css HTTP/1.1" 200 1702
114.95.98.1 - - [14/Jan/2022:09:29:27 +0800] "GET /xingrg/javascript/auto/jquery.autocomplete.css HTTP/1.1" 200 587
114.95.98.1 - - [14/Jan/2022:09:29:27 +0800] "GET /xingrg/javascript/jquery_tools/table.css HTTP/1.1" 200 1032
114.95.98.1 - - [14/Jan/2022:09:29:27 +0800] "GET /xingrg/javascript/easyui/themes/icon.css HTTP/1.1" 200 4483
114.95.98.1 - - [14/Jan/2022:09:29:27 +0800] "GET /xingrg/javascript/jquery_tools/jquery.tools.hotkey.js HTTP/1.1" 200 3242
114.95.98.1 - - [14/Jan/2022:09:29:27 +0800] "GET /xingrg/javascript/jquery_tools/jquery.tools.table.js HTTP/1.1" 200 6994
114.95.98.1 - - [14/Jan/2022:09:29:27 +0800] "GET /xingrg/javascript/jquery_tools/list_manager.js HTTP/1.1" 200 3652
114.95.98.1 - - [14/Jan/2022:09:29:27 +0800] "GET /xingrg/javascript/jquery_tools/jquery.tools.min.js HTTP/1.1" 200 138801
114.95.98.1 - - [14/Jan/2022:09:29:27 +0800] "GET /xingrg/javascript/easyui/easyloader.js HTTP/1.1" 200 5975
114.95.98.1 - - [14/Jan/2022:09:29:27 +0800] "GET /xingrg/javascript/print/LodopFuncs.js HTTP/1.1" 200 5121
114.95.98.1 - - [14/Jan/2022:09:29:27 +0800] "GET /xingrg/javascript/jquery.cookie.js HTTP/1.1" 200 5513
114.95.98.1 - - [14/Jan/2022:09:29:27 +0800] "GET /xingrg/kc/buy/cgsh_order_list.html HTTP/1.1" 200 49588
114.95.98.1 - - [14/Jan/2022:09:29:27 +0800] "GET /xingrg/javascript/auto/jquery.autocomplete.js HTTP/1.1" 200 21624
114.95.98.1 - - [14/Jan/2022:09:29:27 +0800] "GET /xingrg/javascript/easyui/themes/default/easyui.css HTTP/1.1" 200 30432
114.95.98.1 - - [14/Jan/2022:09:29:27 +0800] "GET /xingrg/javascript/jquery_tools/jquery.tools.extend.js HTTP/1.1" 200 15385
222.70.243.96 - - [14/Jan/2022:09:29:28 +0800] "GET /xingrg/check_reg.html?_=1642123780653 HTTP/1.1" 302 -
114.95.98.1 - - [14/Jan/2022:09:29:28 +0800] "GET /xingrg/javascript/easyui/themes/icons/edit_add_new.png HTTP/1.1" 200 2997
114.95.98.1 - - [14/Jan/2022:09:29:28 +0800] "GET /xingrg/javascript/easyui/themes/icons/cance_new.png HTTP/1.1" 200 3986
114.95.98.1 - - [14/Jan/2022:09:29:28 +0800] "GET /xingrg/javascript/easyui/themes/icons/check_new.png HTTP/1.1" 200 3224
114.95.98.1 - - [14/Jan/2022:09:29:28 +0800] "GET /xingrg/javascript/easyui/themes/icons/field_new.png HTTP/1.1" 200 1097
114.95.98.1 - - [14/Jan/2022:09:29:28 +0800] "GET /xingrg/javascript/easyui/themes/icons/import_new.png HTTP/1.1" 200 1247
114.95.98.1 - - [14/Jan/2022:09:29:28 +0800] "GET /xingrg/javascript/easyui/plugins/jquery.parser.js HTTP/1.1" 200 1142
114.95.98.1 - - [14/Jan/2022:09:29:28 +0800] "GET /xingrg/images/control/ajaxLoader.gif HTTP/1.1" 200 4659
114.86.227.80 - - [14/Jan/2022:09:29:28 +0800] "GET /xingrg/kc/buy/cgsh_order_operate.html?command=get_materiel&rest_code=00109&code=00101008197&supplier_code=00100005&order_time=2022-01-14 HTTP/1.1" 200 416
114.95.98.1 - - [14/Jan/2022:09:29:30 +0800] "POST /xingrg/kc/buy/cgsh_list_operate.html HTTP/1.1" 200 876
114.95.98.1 - - [14/Jan/2022:09:29:30 +0800] "GET /xingrg/javascript/easyui/themes/default/images/button_plain_hover.png HTTP/1.1" 200 144
222.69.128.102 - - [14/Jan/2022:09:29:31 +0800] "GET /xingrg/all/function/internal_message.html?_=1642123768295&CODE_STATE=getMsg HTTP/1.1" 200 27
114.95.98.1 - - [14/Jan/2022:09:29:31 +0800] "GET /xingrg/javascript/pic_change.js HTTP/1.1" 200 4739
114.95.98.1 - - [14/Jan/2022:09:29:31 +0800] "GET /xingrg/javascript/convert.js HTTP/1.1" 200 1239
114.95.98.1 - - [14/Jan/2022:09:29:31 +0800] "GET /xingrg/kc/buy/cgsh_order_add.html HTTP/1.1" 200 65357
114.95.98.1 - - [14/Jan/2022:09:29:31 +0800] "GET /xingrg/javascript/json2.js HTTP/1.1" 200 11259
114.95.98.1 - - [14/Jan/2022:09:29:32 +0800] "GET /xingrg/javascript/jquery_tools/order_manager.js HTTP/1.1" 200 11183
114.95.98.1 - - [14/Jan/2022:09:29:32 +0800] "GET /xingrg/javascript/print/kc_print.js HTTP/1.1" 200 11415
180.169.147.146 - - [14/Jan/2022:09:29:32 +0800] "GET /xingrg/all/function/internal_message.html?_=1642123771291&CODE_STATE=getMsg HTTP/1.1" 200 27
114.95.98.1 - - [14/Jan/2022:09:29:32 +0800] "GET /xingrg/words/20220113165956_words.js HTTP/1.1" 200 883925
114.95.98.1 - - [14/Jan/2022:09:29:32 +0800] "GET /xingrg/javascript/easyui/themes/icons/copy_new.png HTTP/1.1" 200 815
114.95.98.1 - - [14/Jan/2022:09:29:32 +0800] "GET /xingrg/javascript/easyui/themes/icons/ok.png HTTP/1.1" 200 883
114.95.98.1 - - [14/Jan/2022:09:29:32 +0800] "GET /xingrg/javascript/easyui/themes/icons/print.png HTTP/1.1" 200 1057
114.95.98.1 - - [14/Jan/2022:09:29:32 +0800] "GET /xingrg/javascript/easyui/themes/icons/template_new.png HTTP/1.1" 200 3956
114.95.98.1 - - [14/Jan/2022:09:29:32 +0800] "GET /xingrg/javascript/easyui/themes/default/images/menu_downarrow.png HTTP/1.1" 200 173
114.95.98.1 - - [14/Jan/2022:09:29:32 +0800] "GET /xingrg/javascript/easyui/themes/icons/cancel.png HTTP/1.1" 200 1133
114.95.98.1 - - [14/Jan/2022:09:29:33 +0800] "POST /xingrg/kc/buy/cgsh_order_operate.html HTTP/1.1" 200 8245
180.152.99.39 - - [14/Jan/2022:09:29:33 +0800] "POST /xingrg/kc/buy/cgsh_order_operate.html HTTP/1.1" 200 37
114.95.98.1 - - [14/Jan/2022:09:29:34 +0800] "GET /xingrg/javascript/easyui/themes/icons/edit_remove.png HTTP/1.1" 200 625
114.95.98.1 - - [14/Jan/2022:09:29:34 +0800] "GET /xingrg/all/common/auto_word.html?type=employee&rest_code=00102 HTTP/1.1" 200 189
114.95.98.1 - - [14/Jan/2022:09:29:34 +0800] "GET /xingrg/all/common/auto_word.html?type=employee&rest_code=00102 HTTP/1.1" 200 189
114.95.98.1 - - [14/Jan/2022:09:29:34 +0800] "GET /xingrg/javascript/easyui/themes/default/validatebox.css HTTP/1.1" 404 1104
114.95.98.1 - - [14/Jan/2022:09:29:34 +0800] "GET /xingrg/javascript/easyui/plugins/jquery.validatebox.js HTTP/1.1" 200 6103
114.95.98.1 - - [14/Jan/2022:09:29:34 +0800] "GET /xingrg/javascript/easyui/plugins/jquery.numberbox.js HTTP/1.1" 200 5213
114.86.227.80 - - [14/Jan/2022:09:29:35 +0800] "GET /xingrg/kc/buy/cgsh_order_operate.html?command=get_materiel&rest_code=00109&code=00101008085&supplier_code=00100005&order_time=2022-01-14 HTTP/1.1" 200 412
58.39.168.32 - - [14/Jan/2022:09:29:37 +0800] "GET /xingrg/all/function/internal_message.html?_=1642123711518&CODE_STATE=getMsg HTTP/1.1" 200 27
222.70.217.149 - - [14/Jan/2022:09:29:39 +0800] "GET /xingrg/all/function/internal_message.html?_=1642123770315&CODE_STATE=getMsg HTTP/1.1" 200 27
180.152.99.39 - - [14/Jan/2022:09:29:40 +0800] "POST /xingrg/kc/buy/cgsh_order_operate.html HTTP/1.1" 200 12
114.86.227.80 - - [14/Jan/2022:09:29:42 +0800] "GET /xingrg/kc/buy/cgsh_order_operate.html?command=get_materiel&rest_code=00109&code=00101008650&supplier_code=00100005&order_time=2022-01-14 HTTP/1.1" 200 399
114.86.227.80 - - [14/Jan/2022:09:29:43 +0800] "POST /xingrg/kc/buy/cgsh_order_operate.html HTTP/1.1" 200 2065
114.84.144.24 - - [14/Jan/2022:09:29:44 +0800] "GET /xingrg/all/function/internal_message.html?_=1642123599725&CODE_STATE=getMsg HTTP/1.1" 200 27
180.152.99.39 - - [14/Jan/2022:09:29:45 +0800] "GET /xingrg/kc/buy/cgsh_order_info.html?code=212022011406456 HTTP/1.1" 200 59886
180.152.99.39 - - [14/Jan/2022:09:29:45 +0800] "GET /xingrg/javascript/easyui/themes/default/validatebox.css HTTP/1.1" 404 1104
180.152.99.39 - - [14/Jan/2022:09:29:46 +0800] "POST /xingrg/kc/buy/cgsh_order_operate.html HTTP/1.1" 200 1820
58.221.95.50 - - [14/Jan/2022:09:29:47 +0800] "GET /xingrg/check_reg.html?_=1642123785468 HTTP/1.1" 302 -
180.152.99.39 - - [14/Jan/2022:09:29:48 +0800] "GET /xingrg/check_reg.html?_=1642123722797 HTTP/1.1" 200 22
180.152.99.39 - - [14/Jan/2022:09:29:48 +0800] "GET /xingrg/kc/print/load_data.html?order_code=212022011406456&kc_code=cgsh&condition= HTTP/1.1" 200 1260
114.86.227.80 - - [14/Jan/2022:09:29:49 +0800] "GET /xingrg/kc/buy/cgsh_order_operate.html?command=get_materiel&rest_code=00109&code=00101008125&supplier_code=00100005&order_time=2022-01-14 HTTP/1.1" 200 413
58.39.168.32 - - [14/Jan/2022:09:29:49 +0800] "GET /xingrg/kc/buy/cgsh_order_operate.html?command=get_materiel&rest_code=00105&code=00101007092&supplier_code=00100002&order_time=2022-01-14 HTTP/1.1" 200 409
180.152.99.39 - - [14/Jan/2022:09:29:51 +0800] "GET /xingrg/all/function/internal_message.html?_=1642123725917&CODE_STATE=getMsg HTTP/1.1" 200 27
114.95.98.1 - - [14/Jan/2022:09:29:51 +0800] "GET /xingrg/javascript/auto/indicator.gif HTTP/1.1" 404 1066
58.39.168.32 - - [14/Jan/2022:09:29:55 +0800] "GET /xingrg/all/function/internal_message.html?_=1642123792323&CODE_STATE=getMsg HTTP/1.1" 200 27
114.86.227.80 - - [14/Jan/2022:09:29:57 +0800] "GET /xingrg/kc/buy/cgsh_order_operate.html?command=get_materiel&rest_code=00109&code=00101008027&supplier_code=00100005&order_time=2022-01-14 HTTP/1.1" 200 408
222.70.243.96 - - [14/Jan/2022:09:29:57 +0800] "GET /xingrg/all/function/internal_message.html?_=1642123810354&CODE_STATE=getMsg HTTP/1.1" 302 -
180.152.99.39 - - [14/Jan/2022:09:29:58 +0800] "GET /xingrg/kc/buy/cgsh_order_add.html HTTP/1.1" 200 64973
180.152.99.39 - - [14/Jan/2022:09:29:59 +0800] "POST /xingrg/kc/buy/cgsh_order_operate.html HTTP/1.1" 200 8245
58.39.168.32 - - [14/Jan/2022:09:29:59 +0800] "GET /xingrg/kc/buy/cgsh_order_operate.html?command=get_materiel&rest_code=00105&code=00101007061&supplier_code=00100002&order_time=2022-01-14 HTTP/1.1" 200 409
180.152.99.39 - - [14/Jan/2022:09:29:59 +0800] "GET /xingrg/javascript/easyui/themes/default/validatebox.css HTTP/1.1" 404 1104
114.86.227.80 - - [14/Jan/2022:09:30:01 +0800] "GET /xingrg/javascript/auto/indicator.gif HTTP/1.1" 404 1066
114.86.227.80 - - [14/Jan/2022:09:30:06 +0800] "GET /xingrg/all/function/internal_message.html?_=1642123802874&CODE_STATE=getMsg HTTP/1.1" 200 27
114.86.227.80 - - [14/Jan/2022:09:30:06 +0800] "GET /xingrg/check_reg.html?_=1642123802876 HTTP/1.1" 200 22
114.86.227.80 - - [14/Jan/2022:09:30:06 +0800] "GET /xingrg/kc/buy/cgsh_order_operate.html?command=get_materiel&rest_code=00109&code=00101008080&supplier_code=00100005&order_time=2022-01-14 HTTP/1.1" 200 416
114.95.98.1 - - [14/Jan/2022:09:30:09 +0800] "GET /xingrg/kc/buy/cgsh_order_operate.html?command=get_materiel&rest_code=00102&code=00101006056&supplier_code=00100096&order_time=2022-01-14 HTTP/1.1" 200 413
114.86.227.80 - - [14/Jan/2022:09:30:11 +0800] "GET /xingrg/kc/buy/cgsh_order_operate.html?command=get_materiel&rest_code=00109&code=00101008349&supplier_code=00100005&order_time=2022-01-14 HTTP/1.1" 200 412
180.152.99.39 - - [14/Jan/2022:09:30:12 +0800] "GET /xingrg/kc/buy/cgsh_order_operate.html?command=get_materiel&rest_code=00151&code=00102018023&supplier_code=00100080&order_time=2022-01-14 HTTP/1.1" 200 416
114.86.227.80 - - [14/Jan/2022:09:30:16 +0800] "GET /xingrg/kc/buy/cgsh_order_operate.html?command=get_materiel&rest_code=00109&code=00101008010&supplier_code=00100005&order_time=2022-01-14 HTTP/1.1" 200 412
114.86.227.80 - - [14/Jan/2022:09:30:18 +0800] "POST /xingrg/kc/buy/cgsh_order_operate.html HTTP/1.1" 200 2065
114.95.98.1 - - [14/Jan/2022:09:30:20 +0800] "GET /xingrg/kc/buy/cgsh_order_operate.html?command=get_materiel&rest_code=00102&code=00101006109&supplier_code=00100096&order_time=2022-01-14 HTTP/1.1" 200 411
114.95.98.1 - - [14/Jan/2022:09:30:23 +0800] "GET /xingrg/all/function/internal_message.html?_=1642123837844&CODE_STATE=getMsg HTTP/1.1" 200 27
222.70.243.96 - - [14/Jan/2022:09:30:24 +0800] "GET /xingrg/check_reg.html?_=1642123839323 HTTP/1.1" 200 22
58.39.168.32 - - [14/Jan/2022:09:30:25 +0800] "POST /xingrg/kc/buy/cgsh_order_operate.html HTTP/1.1" 200 37
222.70.243.96 - - [14/Jan/2022:09:30:26 +0800] "GET /xingrg/all/function/internal_message.html?_=1642123841128&CODE_STATE=getMsg HTTP/1.1" 200 27
114.86.227.80 - - [14/Jan/2022:09:30:26 +0800] "GET /xingrg/kc/buy/cgsh_order_operate.html?command=get_materiel&rest_code=00109&code=00101008351&supplier_code=00100005&order_time=2022-01-14 HTTP/1.1" 200 408
58.39.168.32 - - [14/Jan/2022:09:30:26 +0800] "POST /xingrg/kc/buy/cgsh_order_operate.html HTTP/1.1" 200 3832
58.39.168.32 - - [14/Jan/2022:09:30:28 +0800] "GET /xingrg/kc/print/load_data.html?order_code=212022011406457&kc_code=cgsh&condition= HTTP/1.1" 200 1185
222.69.128.102 - - [14/Jan/2022:09:30:31 +0800] "GET /xingrg/all/function/internal_message.html?_=1642123828281&CODE_STATE=getMsg HTTP/1.1" 200 27
180.169.147.146 - - [14/Jan/2022:09:30:32 +0800] "GET /xingrg/all/function/internal_message.html?_=1642123831291&CODE_STATE=getMsg HTTP/1.1" 200 27
58.39.168.32 - - [14/Jan/2022:09:30:32 +0800] "GET /xingrg/javascript/jquery_easy_ui/themes/default/images/tabs_active.png HTTP/1.1" 304 -
114.86.227.80 - - [14/Jan/2022:09:30:34 +0800] "GET /xingrg/kc/buy/cgsh_order_operate.html?command=get_materiel&rest_code=00109&code=00101008038&supplier_code=00100005&order_time=2022-01-14 HTTP/1.1" 200 412
58.39.168.32 - - [14/Jan/2022:09:30:37 +0800] "GET /xingrg/all/function/internal_message.html?_=1642123771502&CODE_STATE=getMsg HTTP/1.1" 200 27
58.39.168.32 - - [14/Jan/2022:09:30:37 +0800] "GET /xingrg/check_reg.html?_=1642123771582 HTTP/1.1" 200 22
222.70.217.149 - - [14/Jan/2022:09:30:39 +0800] "GET /xingrg/all/function/internal_message.html?_=1642123830306&CODE_STATE=getMsg HTTP/1.1" 200 27
114.86.227.80 - - [14/Jan/2022:09:30:40 +0800] "GET /xingrg/kc/buy/cgsh_order_operate.html?command=get_materiel&rest_code=00109&code=00101008003&supplier_code=00100005&order_time=2022-01-14 HTTP/1.1" 200 408
180.152.99.39 - - [14/Jan/2022:09:30:41 +0800] "GET /xingrg/kc/buy/cgsh_order_operate.html?command=get_materiel&rest_code=00151&code=00102002872&supplier_code=00100080&order_time=2022-01-14 HTTP/1.1" 200 402
114.84.144.24 - - [14/Jan/2022:09:30:44 +0800] "GET /xingrg/all/function/internal_message.html?_=1642123659721&CODE_STATE=getMsg HTTP/1.1" 200 27
114.95.98.1 - - [14/Jan/2022:09:30:45 +0800] "GET /xingrg/kc/buy/cgsh_order_operate.html?command=get_materiel&rest_code=00102&code=00101006144&supplier_code=00100096&order_time=2022-01-14 HTTP/1.1" 200 409
114.86.227.80 - - [14/Jan/2022:09:30:46 +0800] "GET /xingrg/kc/buy/cgsh_order_operate.html?command=get_materiel&rest_code=00109&code=00101008356&supplier_code=00100005&order_time=2022-01-14 HTTP/1.1" 200 408
180.152.99.39 - - [14/Jan/2022:09:30:51 +0800] "GET /xingrg/all/function/internal_message.html?_=1642123785930&CODE_STATE=getMsg HTTP/1.1" 200 27
114.86.227.80 - - [14/Jan/2022:09:30:52 +0800] "GET /xingrg/kc/buy/cgsh_order_operate.html?command=get_materiel&rest_code=00109&code=00101008251&supplier_code=00100005&order_time=2022-01-14 HTTP/1.1" 200 408
114.86.227.80 - - [14/Jan/2022:09:30:54 +0800] "POST /xingrg/kc/buy/cgsh_order_operate.html HTTP/1.1" 200 2065
58.39.168.32 - - [14/Jan/2022:09:30:55 +0800] "GET /xingrg/all/function/internal_message.html?_=1642123852270&CODE_STATE=getMsg HTTP/1.1" 200 27
222.70.243.96 - - [14/Jan/2022:09:30:57 +0800] "GET /xingrg/all/function/internal_message.html?_=1642123870357&CODE_STATE=getMsg HTTP/1.1" 302 -
180.152.99.39 - - [14/Jan/2022:09:30:58 +0800] "POST /xingrg/kc/buy/cgsh_order_operate.html HTTP/1.1" 200 37
114.95.98.1 - - [14/Jan/2022:09:30:58 +0800] "GET /xingrg/kc/buy/cgsh_order_operate.html?command=get_materiel&rest_code=00102&code=00101012030&supplier_code=00100096&order_time=2022-01-14 HTTP/1.1" 200 416
114.86.227.80 - - [14/Jan/2022:09:30:59 +0800] "GET /xingrg/kc/buy/cgsh_order_operate.html?command=get_materiel&rest_code=00109&code=00101008069&supplier_code=00100005&order_time=2022-01-14 HTTP/1.1" 200 412
180.152.99.39 - - [14/Jan/2022:09:31:05 +0800] "POST /xingrg/kc/buy/cgsh_order_operate.html HTTP/1.1" 200 12
114.86.227.80 - - [14/Jan/2022:09:31:06 +0800] "GET /xingrg/all/function/internal_message.html?_=1642123862878&CODE_STATE=getMsg HTTP/1.1" 200 27
114.86.227.80 - - [14/Jan/2022:09:31:13 +0800] "POST /xingrg/kc/buy/cgsh_order_operate.html HTTP/1.1" 200 37
180.152.99.39 - - [14/Jan/2022:09:31:14 +0800] "GET /xingrg/kc/buy/cgsh_order_info.html?code=212022011406458 HTTP/1.1" 200 59882
114.95.98.1 - - [14/Jan/2022:09:31:15 +0800] "GET /xingrg/kc/buy/cgsh_order_operate.html?command=get_materiel&rest_code=00102&code=00101006130&supplier_code=00100096&order_time=2022-01-14 HTTP/1.1" 200 427
180.152.99.39 - - [14/Jan/2022:09:31:15 +0800] "GET /xingrg/javascript/easyui/themes/default/validatebox.css HTTP/1.1" 404 1104
114.86.227.80 - - [14/Jan/2022:09:31:15 +0800] "POST /xingrg/kc/buy/cgsh_order_operate.html HTTP/1.1" 200 25745
180.152.99.39 - - [14/Jan/2022:09:31:16 +0800] "POST /xingrg/kc/buy/cgsh_order_operate.html HTTP/1.1" 200 1209
222.70.217.149 - - [14/Jan/2022:09:31:17 +0800] "GET /xingrg/kc/buy/cgsh_order_add.html HTTP/1.1" 200 65325
222.70.217.149 - - [14/Jan/2022:09:31:17 +0800] "POST /xingrg/kc/buy/cgsh_order_operate.html HTTP/1.1" 200 8245
222.70.217.149 - - [14/Jan/2022:09:31:17 +0800] "GET /xingrg/javascript/easyui/themes/default/validatebox.css HTTP/1.1" 404 1104
114.86.227.80 - - [14/Jan/2022:09:31:23 +0800] "GET /xingrg/kc/buy/cgsh_order_operate.html?command=get_materiel&rest_code=00109&code=00101008286&supplier_code=00100005&order_time=2022-01-14 HTTP/1.1" 200 408
114.95.98.1 - - [14/Jan/2022:09:31:23 +0800] "GET /xingrg/all/function/internal_message.html?_=1642123897859&CODE_STATE=getMsg HTTP/1.1" 200 27
222.70.243.96 - - [14/Jan/2022:09:31:26 +0800] "GET /xingrg/all/function/internal_message.html?_=1642123901142&CODE_STATE=getMsg HTTP/1.1" 200 27
180.152.99.39 - - [14/Jan/2022:09:31:26 +0800] "GET /xingrg/kc/print/load_data.html?order_code=212022011406458&kc_code=cgsh&condition= HTTP/1.1" 200 993
114.95.98.1 - - [14/Jan/2022:09:31:27 +0800] "GET /xingrg/kc/buy/cgsh_order_operate.html?command=get_materiel&rest_code=00102&code=00101012003&supplier_code=00100096&order_time=2022-01-14 HTTP/1.1" 200 412
114.86.227.80 - - [14/Jan/2022:09:31:28 +0800] "GET /xingrg/kc/buy/cgsh_order_operate.html?command=get_materiel&rest_code=00109&code=00101008296&supplier_code=00100005&order_time=2022-01-14 HTTP/1.1" 200 416
222.70.217.149 - - [14/Jan/2022:09:31:29 +0800] "GET /xingrg/kc/buy/cgsh_order_operate.html?command=get_materiel&rest_code=00155&code=00101008261&supplier_code=00100005&order_time=2022-01-14 HTTP/1.1" 200 408
222.69.128.102 - - [14/Jan/2022:09:31:31 +0800] "GET /xingrg/check_reg.html?_=1642123888078 HTTP/1.1" 200 22
222.69.128.102 - - [14/Jan/2022:09:31:31 +0800] "GET /xingrg/all/function/internal_message.html?_=1642123888253&CODE_STATE=getMsg HTTP/1.1" 200 27
180.169.147.146 - - [14/Jan/2022:09:31:32 +0800] "GET /xingrg/all/function/internal_message.html?_=1642123891293&CODE_STATE=getMsg HTTP/1.1" 200 27
114.86.227.80 - - [14/Jan/2022:09:31:34 +0800] "GET /xingrg/kc/buy/cgsh_order_operate.html?command=get_materiel&rest_code=00109&code=00101008353&supplier_code=00100005&order_time=2022-01-14 HTTP/1.1" 200 408
58.39.168.32 - - [14/Jan/2022:09:31:37 +0800] "GET /xingrg/all/function/internal_message.html?_=1642123831472&CODE_STATE=getMsg HTTP/1.1" 200 27
222.70.217.149 - - [14/Jan/2022:09:31:38 +0800] "GET /xingrg/kc/buy/cgsh_order_operate.html?command=get_materiel&rest_code=00155&code=00101008331&supplier_code=00100005&order_time=2022-01-14 HTTP/1.1" 200 416
222.70.217.149 - - [14/Jan/2022:09:31:39 +0800] "GET /xingrg/all/function/internal_message.html?_=1642123890305&CODE_STATE=getMsg HTTP/1.1" 200 27
114.86.227.80 - - [14/Jan/2022:09:31:40 +0800] "GET /xingrg/kc/buy/cgsh_order_operate.html?command=get_materiel&rest_code=00109&code=00101008242&supplier_code=00100005&order_time=2022-01-14 HTTP/1.1" 200 408
114.86.227.80 - - [14/Jan/2022:09:31:43 +0800] "POST /xingrg/kc/buy/cgsh_order_operate.html HTTP/1.1" 200 2065
222.70.217.149 - - [14/Jan/2022:09:31:43 +0800] "GET /xingrg/kc/buy/cgsh_order_operate.html?command=get_materiel&rest_code=00155&code=00101008358&supplier_code=00100005&order_time=2022-01-14 HTTP/1.1" 200 412
114.95.98.1 - - [14/Jan/2022:09:31:44 +0800] "GET /xingrg/kc/buy/cgsh_order_operate.html?command=get_materiel&rest_code=00102&code=00101020153&supplier_code=00100096&order_time=2022-01-14 HTTP/1.1" 200 408
114.84.144.24 - - [14/Jan/2022:09:31:44 +0800] "GET /xingrg/all/function/internal_message.html?_=1642123719733&CODE_STATE=getMsg HTTP/1.1" 200 27
180.152.99.39 - - [14/Jan/2022:09:31:48 +0800] "GET /xingrg/kc/buy/cgsh_order_add.html HTTP/1.1" 200 64973
180.152.99.39 - - [14/Jan/2022:09:31:48 +0800] "POST /xingrg/kc/buy/cgsh_order_operate.html HTTP/1.1" 200 8245
180.152.99.39 - - [14/Jan/2022:09:31:49 +0800] "GET /xingrg/javascript/easyui/themes/default/validatebox.css HTTP/1.1" 404 1104
180.152.99.39 - - [14/Jan/2022:09:31:51 +0800] "GET /xingrg/all/function/internal_message.html?_=1642123845945&CODE_STATE=getMsg HTTP/1.1" 200 27
114.86.227.80 - - [14/Jan/2022:09:31:52 +0800] "POST /xingrg/kc/buy/cgsh_order_operate.html HTTP/1.1" 200 37
114.95.98.1 - - [14/Jan/2022:09:31:54 +0800] "GET /xingrg/kc/buy/cgsh_order_operate.html?command=get_materiel&rest_code=00102&code=00101006019&supplier_code=00100096&order_time=2022-01-14 HTTP/1.1" 200 419
58.39.168.32 - - [14/Jan/2022:09:31:55 +0800] "GET /xingrg/all/function/internal_message.html?_=1642123912252&CODE_STATE=getMsg HTTP/1.1" 200 27
180.152.99.39 - - [14/Jan/2022:09:31:56 +0800] "POST /xingrg/kc/buy/cgsh_list_operate.html HTTP/1.1" 200 2086
58.39.168.32 - - [14/Jan/2022:09:31:56 +0800] "GET /xingrg/check_reg.html?_=1642123913036 HTTP/1.1" 200 22
114.86.227.80 - - [14/Jan/2022:09:31:56 +0800] "POST /xingrg/kc/buy/cgsh_order_operate.html HTTP/1.1" 200 28102
222.70.217.149 - - [14/Jan/2022:09:31:57 +0800] "GET /xingrg/kc/buy/cgsh_order_operate.html?command=get_materiel&rest_code=00155&code=00101008003&supplier_code=00100005&order_time=2022-01-14 HTTP/1.1" 200 23
222.70.243.96 - - [14/Jan/2022:09:31:57 +0800] "GET /xingrg/all/function/internal_message.html?_=1642123930429&CODE_STATE=getMsg HTTP/1.1" 302 -
180.152.99.39 - - [14/Jan/2022:09:31:59 +0800] "POST /xingrg/kc/buy/cgsh_list_operate.html HTTP/1.1" 200 562
180.152.99.39 - - [14/Jan/2022:09:32:00 +0800] "GET /xingrg/kc/buy/cgsh_order_info.html?code=212022011406450 HTTP/1.1" 200 64982
180.152.99.39 - - [14/Jan/2022:09:32:01 +0800] "GET /xingrg/javascript/easyui/themes/default/validatebox.css HTTP/1.1" 404 1104
180.152.99.39 - - [14/Jan/2022:09:32:01 +0800] "POST /xingrg/kc/buy/cgsh_order_operate.html HTTP/1.1" 200 5639
222.70.217.149 - - [14/Jan/2022:09:32:04 +0800] "GET /xingrg/index.html?sysBaseUrl=http%3A%2F%2F180.169.147.146%3A18081%2Fxingrg%2F&costTime=1277×tamp=1606817596806 HTTP/1.1" 200 17179
180.169.147.146 - - [14/Jan/2022:09:32:04 +0800] "GET /xingrg/check_reg.html?_=1642123920700 HTTP/1.1" 200 22
222.70.217.149 - - [14/Jan/2022:09:32:04 +0800] "GET /favicon.ico HTTP/1.1" 404 -
222.70.217.149 - - [14/Jan/2022:09:32:04 +0800] "GET /xingrg/all/function/internal_message.html?_=1642123915734&CODE_STATE=count HTTP/1.1" 200 11
222.70.217.149 - - [14/Jan/2022:09:32:04 +0800] "GET /xingrg/check_reg.html?_=1642123915736 HTTP/1.1" 200 22
222.70.217.149 - - [14/Jan/2022:09:32:04 +0800] "POST /xingrg/all/common/load_tree.html?tree=area_rest_tree_json&manage=1 HTTP/1.1" 200 351
222.70.217.149 - - [14/Jan/2022:09:32:04 +0800] "POST /xingrg/load_menu.html HTTP/1.1" 200 5138
114.86.227.80 - - [14/Jan/2022:09:32:06 +0800] "GET /xingrg/all/function/internal_message.html?_=1642123922894&CODE_STATE=getMsg HTTP/1.1" 200 27
222.70.217.149 - - [14/Jan/2022:09:32:13 +0800] "GET /xingrg/kc/buy/cgsh_order_list.html HTTP/1.1" 200 49594
180.169.147.146 - - [14/Jan/2022:09:32:13 +0800] "GET /xingrg/check_reg.html?_=1642123930250 HTTP/1.1" 200 22
222.70.217.149 - - [14/Jan/2022:09:32:19 +0800] "POST /xingrg/kc/buy/cgsh_list_operate.html HTTP/1.1" 200 2775
114.95.98.1 - - [14/Jan/2022:09:32:19 +0800] "GET /xingrg/kc/buy/cgsh_order_operate.html?command=get_materiel&rest_code=00102&code=00101006084&supplier_code=00100096&order_time=2022-01-14 HTTP/1.1" 200 415
222.70.217.149 - - [14/Jan/2022:09:32:22 +0800] "GET /xingrg/kc/buy/cgsh_order_add.html HTTP/1.1" 200 65325
222.70.217.149 - - [14/Jan/2022:09:32:22 +0800] "POST /xingrg/kc/buy/cgsh_order_operate.html HTTP/1.1" 200 8245
222.70.217.149 - - [14/Jan/2022:09:32:22 +0800] "GET /xingrg/javascript/easyui/themes/default/validatebox.css HTTP/1.1" 404 1104
222.70.217.149 - - [14/Jan/2022:09:32:22 +0800] "GET /xingrg/all/common/auto_word.html?type=employee&rest_code=00155 HTTP/1.1" 200 205
222.70.217.149 - - [14/Jan/2022:09:32:22 +0800] "GET /xingrg/all/common/auto_word.html?type=employee&rest_code=00155 HTTP/1.1" 200 205
222.70.217.149 - - [14/Jan/2022:09:32:23 +0800] "GET /xingrg/javascript/auto/indicator.gif HTTP/1.1" 404 1066
114.95.98.1 - - [14/Jan/2022:09:32:23 +0800] "GET /xingrg/all/function/internal_message.html?_=1642123957871&CODE_STATE=getMsg HTTP/1.1" 200 27
222.70.217.149 - - [14/Jan/2022:09:32:25 +0800] "GET /xingrg/javascript/jquery_tools/images/prev.gif HTTP/1.1" 404 1086
222.70.217.149 - - [14/Jan/2022:09:32:25 +0800] "GET /xingrg/javascript/jquery_tools/images/next.gif HTTP/1.1" 404 1086
222.70.243.96 - - [14/Jan/2022:09:32:26 +0800] "GET /xingrg/all/function/internal_message.html?_=1642123961155&CODE_STATE=getMsg HTTP/1.1" 200 27
222.70.217.149 - - [14/Jan/2022:09:32:30 +0800] "GET /xingrg/kc/buy/cgsh_order_operate.html?command=get_materiel&rest_code=00155&code=00101008261&supplier_code=00100005&order_time=2022-01-14 HTTP/1.1" 200 408
222.69.128.102 - - [14/Jan/2022:09:32:31 +0800] "GET /xingrg/all/function/internal_message.html?_=1642123948237&CODE_STATE=getMsg HTTP/1.1" 200 27
180.169.147.146 - - [14/Jan/2022:09:32:32 +0800] "GET /xingrg/all/function/internal_message.html?_=1642123951281&CODE_STATE=getMsg HTTP/1.1" 200 27
58.39.168.32 - - [14/Jan/2022:09:32:37 +0800] "GET /xingrg/all/function/internal_message.html?_=1642123891455&CODE_STATE=getMsg HTTP/1.1" 200 27
114.95.98.1 - - [14/Jan/2022:09:32:37 +0800] "GET /xingrg/kc/buy/cgsh_order_operate.html?command=get_materiel&rest_code=00102&code=00101012025&supplier_code=00100096&order_time=2022-01-14 HTTP/1.1" 200 412
180.152.99.39 - - [14/Jan/2022:09:32:41 +0800] "POST /xingrg/kc/buy/cgsh_order_operate.html HTTP/1.1" 200 37
222.70.217.149 - - [14/Jan/2022:09:32:41 +0800] "GET /xingrg/kc/buy/cgsh_order_operate.html?command=get_materiel&rest_code=00155&code=00101008331&supplier_code=00100005&order_time=2022-01-14 HTTP/1.1" 200 416
180.152.99.39 - - [14/Jan/2022:09:32:42 +0800] "POST /xingrg/kc/buy/cgsh_order_operate.html HTTP/1.1" 200 5640
114.84.144.24 - - [14/Jan/2022:09:32:44 +0800] "GET /xingrg/check_reg.html?_=1642123779730 HTTP/1.1" 200 22
114.84.144.24 - - [14/Jan/2022:09:32:44 +0800] "GET /xingrg/all/function/internal_message.html?_=1642123779732&CODE_STATE=getMsg HTTP/1.1" 200 27
114.95.98.1 - - [14/Jan/2022:09:32:50 +0800] "GET /xingrg/kc/buy/cgsh_order_operate.html?command=get_materiel&rest_code=00102&code=00101016080&supplier_code=00100096&order_time=2022-01-14 HTTP/1.1" 200 408
180.152.99.39 - - [14/Jan/2022:09:32:51 +0800] "GET /xingrg/all/function/internal_message.html?_=1642123905958&CODE_STATE=getMsg HTTP/1.1" 200 27
58.39.168.32 - - [14/Jan/2022:09:32:55 +0800] "GET /xingrg/all/function/internal_message.html?_=1642123972232&CODE_STATE=getMsg HTTP/1.1" 200 27
222.70.243.96 - - [14/Jan/2022:09:32:57 +0800] "GET /xingrg/all/function/internal_message.html?_=1642123990478&CODE_STATE=getMsg HTTP/1.1" 302 -
114.95.98.1 - - [14/Jan/2022:09:32:59 +0800] "GET /xingrg/kc/buy/cgsh_order_operate.html?command=get_materiel&rest_code=00102&code=00101007125&supplier_code=00100096&order_time=2022-01-14 HTTP/1.1" 200 406
180.152.99.39 - - [14/Jan/2022:09:33:00 +0800] "POST /xingrg/all/user/operate.html HTTP/1.1" 200 36
180.152.99.39 - - [14/Jan/2022:09:33:01 +0800] "GET /xingrg/index.html?sysBaseUrl=http%3A%2F%2F180.169.147.146%3A18081%2Fxingrg%2F&costTime=1344×tamp=1642118677160 HTTP/1.1" 200 17179
180.152.99.39 - - [14/Jan/2022:09:33:01 +0800] "GET /xingrg/javascript/jquery_easy_ui/themes/default/easyui.css HTTP/1.1" 304 -
180.152.99.39 - - [14/Jan/2022:09:33:01 +0800] "GET /xingrg/javascript/jquery_easy_ui/themes/icon.css HTTP/1.1" 304 -
180.152.99.39 - - [14/Jan/2022:09:33:01 +0800] "GET /xingrg/css/form.css HTTP/1.1" 304 -
180.152.99.39 - - [14/Jan/2022:09:33:01 +0800] "GET /xingrg/javascript/jquery-1.4.2.min.js HTTP/1.1" 304 -
180.152.99.39 - - [14/Jan/2022:09:33:01 +0800] "GET /xingrg/javascript/jquery_easy_ui/jquery.easyui.min.js HTTP/1.1" 304 -
180.152.99.39 - - [14/Jan/2022:09:33:01 +0800] "GET /xingrg/javascript/jquery_easy_ui/easyui-lang-zh_CN.js HTTP/1.1" 304 -
180.152.99.39 - - [14/Jan/2022:09:33:01 +0800] "GET /xingrg/javascript/jquery.form.js HTTP/1.1" 304 -
180.152.99.39 - - [14/Jan/2022:09:33:01 +0800] "GET /xingrg/javascript/jquery.utils.js HTTP/1.1" 304 -
180.152.99.39 - - [14/Jan/2022:09:33:02 +0800] "GET /xingrg/javascript/jquery.timers.js HTTP/1.1" 304 -
180.152.99.39 - - [14/Jan/2022:09:33:02 +0800] "GET /xingrg/images/blue/jxLogo.png HTTP/1.1" 304 -
180.152.99.39 - - [14/Jan/2022:09:33:02 +0800] "GET /xingrg/images/blue/navBackgound.jpg HTTP/1.1" 304 -
180.152.99.39 - - [14/Jan/2022:09:33:02 +0800] "GET /xingrg/javascript/jquery_easy_ui/themes/icons/settle_new.png HTTP/1.1" 304 -
180.152.99.39 - - [14/Jan/2022:09:33:02 +0800] "GET /xingrg/images/blue/pingpu.png HTTP/1.1" 304 -
180.152.99.39 - - [14/Jan/2022:09:33:02 +0800] "GET /xingrg/javascript/jquery_easy_ui/themes/default/images/tabs_leftarrow.png HTTP/1.1" 304 -
180.152.99.39 - - [14/Jan/2022:09:33:02 +0800] "GET /xingrg/javascript/jquery_easy_ui/themes/default/images/tabs_rightarrow.png HTTP/1.1" 304 -
180.152.99.39 - - [14/Jan/2022:09:33:02 +0800] "GET /xingrg/javascript/jquery_easy_ui/themes/default/images/panel_tool_collapse.gif HTTP/1.1" 304 -
180.152.99.39 - - [14/Jan/2022:09:33:02 +0800] "GET /xingrg/all/function/internal_message.html?_=1642123916538&CODE_STATE=count HTTP/1.1" 200 11
180.152.99.39 - - [14/Jan/2022:09:33:02 +0800] "GET /xingrg/check_reg.html?_=1642123916539 HTTP/1.1" 200 22
180.152.99.39 - - [14/Jan/2022:09:33:02 +0800] "POST /xingrg/all/common/load_tree.html?tree=area_rest_tree_json&manage=1 HTTP/1.1" 200 476
180.152.99.39 - - [14/Jan/2022:09:33:02 +0800] "POST /xingrg/load_menu.html HTTP/1.1" 200 5138
222.70.217.149 - - [14/Jan/2022:09:33:04 +0800] "GET /xingrg/all/function/internal_message.html?_=1642123975746&CODE_STATE=getMsg HTTP/1.1" 200 27
180.152.99.39 - - [14/Jan/2022:09:33:04 +0800] "GET /xingrg/kc/buy/cgsh_order_list.html HTTP/1.1" 200 49594
114.86.227.80 - - [14/Jan/2022:09:33:06 +0800] "GET /xingrg/all/function/internal_message.html?_=1642123982887&CODE_STATE=getMsg HTTP/1.1" 200 27
180.152.99.39 - - [14/Jan/2022:09:33:09 +0800] "POST /xingrg/kc/buy/cgsh_list_operate.html HTTP/1.1" 200 2466
180.152.99.39 - - [14/Jan/2022:09:33:14 +0800] "POST /xingrg/kc/buy/cgsh_list_operate.html HTTP/1.1" 200 355
180.152.99.39 - - [14/Jan/2022:09:33:15 +0800] "GET /xingrg/kc/buy/cgsh_order_info.html?code=212022011406446 HTTP/1.1" 200 65302
180.152.99.39 - - [14/Jan/2022:09:33:15 +0800] "GET /xingrg/javascript/easyui/themes/default/validatebox.css HTTP/1.1" 404 1104
180.152.99.39 - - [14/Jan/2022:09:33:16 +0800] "POST /xingrg/kc/buy/cgsh_order_operate.html HTTP/1.1" 200 3845
222.70.217.149 - - [14/Jan/2022:09:33:17 +0800] "GET /xingrg/kc/buy/cgsh_order_operate.html?command=get_materiel&rest_code=00155&code=00101008358&supplier_code=00100005&order_time=2022-01-14 HTTP/1.1" 200 412
180.152.99.39 - - [14/Jan/2022:09:33:22 +0800] "POST /xingrg/kc/buy/cgsh_order_operate.html HTTP/1.1" 200 37
114.95.98.1 - - [14/Jan/2022:09:33:23 +0800] "GET /xingrg/all/function/internal_message.html?_=1642124017886&CODE_STATE=getMsg HTTP/1.1" 200 27
222.70.243.96 - - [14/Jan/2022:09:33:26 +0800] "GET /xingrg/all/function/internal_message.html?_=1642124021173&CODE_STATE=getMsg HTTP/1.1" 200 27
222.70.217.149 - - [14/Jan/2022:09:33:26 +0800] "GET /xingrg/kc/buy/cgsh_order_operate.html?command=get_materiel&rest_code=00155&code=00101008003&supplier_code=00100005&order_time=2022-01-14 HTTP/1.1" 200 408
180.152.99.39 - - [14/Jan/2022:09:33:28 +0800] "POST /xingrg/kc/buy/cgsh_order_operate.html HTTP/1.1" 200 12
180.152.99.39 - - [14/Jan/2022:09:33:30 +0800] "GET /xingrg/kc/buy/cgsh_order_info.html?code=212022011406446 HTTP/1.1" 200 60206
180.152.99.39 - - [14/Jan/2022:09:33:30 +0800] "GET /xingrg/javascript/easyui/themes/default/validatebox.css HTTP/1.1" 404 1104
222.69.128.102 - - [14/Jan/2022:09:33:31 +0800] "GET /xingrg/all/function/internal_message.html?_=1642124008249&CODE_STATE=getMsg HTTP/1.1" 200 27
180.152.99.39 - - [14/Jan/2022:09:33:31 +0800] "POST /xingrg/kc/buy/cgsh_order_operate.html HTTP/1.1" 200 1795
222.70.217.149 - - [14/Jan/2022:09:33:32 +0800] "GET /xingrg/kc/buy/cgsh_order_operate.html?command=get_materiel&rest_code=00155&code=00101008126&supplier_code=00100005&order_time=2022-01-14 HTTP/1.1" 200 412
180.169.147.146 - - [14/Jan/2022:09:33:32 +0800] "GET /xingrg/all/function/internal_message.html?_=1642124011287&CODE_STATE=getMsg HTTP/1.1" 200 27
180.169.147.146 - - [14/Jan/2022:09:33:32 +0800] "GET /xingrg/check_reg.html?_=1642124011289 HTTP/1.1" 200 22
180.152.99.39 - - [14/Jan/2022:09:33:33 +0800] "GET /xingrg/kc/print/load_data.html?order_code=212022011406446&kc_code=cgsh&condition= HTTP/1.1" 200 1235
