222.70.217.149 - - [14/Jan/2022:09:18:32 +0800] "POST /xingrg/kc/buy/cgsh_order_operate.html HTTP/1.1" 200 2065
58.39.168.32 - - [14/Jan/2022:09:18:37 +0800] "GET /xingrg/all/function/internal_message.html?_=1642123051557&CODE_STATE=getMsg HTTP/1.1" 200 27
58.39.168.32 - - [14/Jan/2022:09:18:39 +0800] "GET /xingrg/kc/buy/cgsh_order_operate.html?command=get_materiel&rest_code=00105&code=00101008168&supplier_code=00100203&order_time=2022-01-14 HTTP/1.1" 200 413
222.70.217.149 - - [14/Jan/2022:09:18:39 +0800] "GET /xingrg/all/function/internal_message.html?_=1642123110303&CODE_STATE=getMsg HTTP/1.1" 200 27
120.253.135.82 - - [14/Jan/2022:09:18:40 +0800] "GET /xingrg/all/function/internal_message.html?_=1642122904784&CODE_STATE=getMsg HTTP/1.1" 200 27
58.39.168.32 - - [14/Jan/2022:09:18:41 +0800] "POST /xingrg/kc/buy/cgsh_order_operate.html HTTP/1.1" 200 2065
58.39.168.32 - - [14/Jan/2022:09:18:42 +0800] "POST /xingrg/kc/buy/cgsh_order_operate.html HTTP/1.1" 200 2065
114.84.144.24 - - [14/Jan/2022:09:18:44 +0800] "GET /xingrg/all/function/internal_message.html?_=1642122939730&CODE_STATE=getMsg HTTP/1.1" 200 27
180.152.99.39 - - [14/Jan/2022:09:18:48 +0800] "GET /xingrg/all/function/internal_message.html?_=1642123063193&CODE_STATE=getMsg HTTP/1.1" 200 27
58.39.168.32 - - [14/Jan/2022:09:18:49 +0800] "GET /xingrg/kc/buy/cgsh_order_operate.html?command=get_materiel&rest_code=00105&code=00101020152&supplier_code=00100203&order_time=2022-01-14 HTTP/1.1" 200 416
222.70.217.149 - - [14/Jan/2022:09:18:52 +0800] "POST /xingrg/kc/buy/cgsh_order_operate.html HTTP/1.1" 200 37
222.70.217.149 - - [14/Jan/2022:09:18:53 +0800] "POST /xingrg/kc/buy/cgsh_order_operate.html HTTP/1.1" 200 14522
58.39.168.32 - - [14/Jan/2022:09:18:56 +0800] "GET /xingrg/all/function/internal_message.html?_=1642123132725&CODE_STATE=getMsg HTTP/1.1" 200 27
222.70.243.96 - - [14/Jan/2022:09:18:57 +0800] "GET /xingrg/all/function/internal_message.html?_=1642123150179&CODE_STATE=getMsg HTTP/1.1" 302 -
58.39.168.32 - - [14/Jan/2022:09:19:02 +0800] "GET /xingrg/kc/buy/cgsh_order_operate.html?command=get_materiel&rest_code=00105&code=00101008236&supplier_code=00100203&order_time=2022-01-14 HTTP/1.1" 200 417
58.39.168.32 - - [14/Jan/2022:09:19:12 +0800] "GET /xingrg/kc/buy/cgsh_order_operate.html?command=get_materiel&rest_code=00105&code=00101008061&supplier_code=00100203&order_time=2022-01-14 HTTP/1.1" 200 422
58.39.168.32 - - [14/Jan/2022:09:19:21 +0800] "GET /xingrg/kc/buy/cgsh_order_operate.html?command=get_materiel&rest_code=00105&code=00101008114&supplier_code=00100203&order_time=2022-01-14 HTTP/1.1" 200 412
222.70.243.96 - - [14/Jan/2022:09:19:26 +0800] "GET /xingrg/all/function/internal_message.html?_=1642123180978&CODE_STATE=getMsg HTTP/1.1" 200 27
114.84.144.24 - - [14/Jan/2022:09:19:27 +0800] "POST /xingrg/services/DataTransmitService HTTP/1.1" 200 524
222.70.243.96 - - [14/Jan/2022:09:19:28 +0800] "GET /xingrg/check_reg.html?_=1642123180641 HTTP/1.1" 302 -
58.39.168.32 - - [14/Jan/2022:09:19:30 +0800] "GET /xingrg/kc/buy/cgsh_order_operate.html?command=get_materiel&rest_code=00105&code=00101008248&supplier_code=00100203&order_time=2022-01-14 HTTP/1.1" 200 412
222.69.128.102 - - [14/Jan/2022:09:19:31 +0800] "GET /xingrg/all/function/internal_message.html?_=1642123168479&CODE_STATE=getMsg HTTP/1.1" 200 27
180.169.147.146 - - [14/Jan/2022:09:19:32 +0800] "GET /xingrg/all/function/internal_message.html?_=1642123171281&CODE_STATE=getMsg HTTP/1.1" 200 27
58.39.168.32 - - [14/Jan/2022:09:19:37 +0800] "GET /xingrg/all/function/internal_message.html?_=1642123111557&CODE_STATE=getMsg HTTP/1.1" 200 27
222.70.217.149 - - [14/Jan/2022:09:19:39 +0800] "GET /xingrg/all/function/internal_message.html?_=1642123170306&CODE_STATE=getMsg HTTP/1.1" 200 27
120.253.135.82 - - [14/Jan/2022:09:19:40 +0800] "GET /xingrg/all/function/internal_message.html?_=1642122964790&CODE_STATE=getMsg HTTP/1.1" 200 27
58.39.168.32 - - [14/Jan/2022:09:19:43 +0800] "GET /xingrg/kc/buy/cgsh_order_operate.html?command=get_materiel&rest_code=00105&code=00101008046&supplier_code=00100203&order_time=2022-01-14 HTTP/1.1" 200 408
114.84.144.24 - - [14/Jan/2022:09:19:44 +0800] "GET /xingrg/all/function/internal_message.html?_=1642122999734&CODE_STATE=getMsg HTTP/1.1" 200 27
58.221.95.50 - - [14/Jan/2022:09:19:48 +0800] "GET /xingrg/check_reg.html?_=1642123185488 HTTP/1.1" 302 -
180.152.99.39 - - [14/Jan/2022:09:19:48 +0800] "GET /xingrg/check_reg.html?_=1642123122792 HTTP/1.1" 200 22
180.152.99.39 - - [14/Jan/2022:09:19:48 +0800] "GET /xingrg/all/function/internal_message.html?_=1642123123207&CODE_STATE=getMsg HTTP/1.1" 200 27
58.39.168.32 - - [14/Jan/2022:09:19:56 +0800] "GET /xingrg/all/function/internal_message.html?_=1642123192745&CODE_STATE=getMsg HTTP/1.1" 200 27
222.70.243.96 - - [14/Jan/2022:09:19:57 +0800] "GET /xingrg/all/function/internal_message.html?_=1642123210202&CODE_STATE=getMsg HTTP/1.1" 302 -
222.70.243.96 - - [14/Jan/2022:09:20:24 +0800] "GET /xingrg/check_reg.html?_=1642123239311 HTTP/1.1" 200 22
222.70.243.96 - - [14/Jan/2022:09:20:26 +0800] "GET /xingrg/all/function/internal_message.html?_=1642123240991&CODE_STATE=getMsg HTTP/1.1" 200 27
222.69.128.102 - - [14/Jan/2022:09:20:31 +0800] "GET /xingrg/all/function/internal_message.html?_=1642123228455&CODE_STATE=getMsg HTTP/1.1" 200 27
180.169.147.146 - - [14/Jan/2022:09:20:32 +0800] "GET /xingrg/all/function/internal_message.html?_=1642123231289&CODE_STATE=getMsg HTTP/1.1" 200 27
58.39.168.32 - - [14/Jan/2022:09:20:37 +0800] "GET /xingrg/all/function/internal_message.html?_=1642123171558&CODE_STATE=getMsg HTTP/1.1" 200 27
58.39.168.32 - - [14/Jan/2022:09:20:37 +0800] "GET /xingrg/check_reg.html?_=1642123171561 HTTP/1.1" 200 22
222.70.217.149 - - [14/Jan/2022:09:20:39 +0800] "GET /xingrg/all/function/internal_message.html?_=1642123230308&CODE_STATE=getMsg HTTP/1.1" 200 27
120.253.135.82 - - [14/Jan/2022:09:20:41 +0800] "GET /xingrg/all/function/internal_message.html?_=1642123024848&CODE_STATE=getMsg HTTP/1.1" 200 27
114.84.144.24 - - [14/Jan/2022:09:20:44 +0800] "GET /xingrg/all/function/internal_message.html?_=1642123059724&CODE_STATE=getMsg HTTP/1.1" 200 27
180.152.99.39 - - [14/Jan/2022:09:20:48 +0800] "GET /xingrg/all/function/internal_message.html?_=1642123183220&CODE_STATE=getMsg HTTP/1.1" 200 27
120.253.135.82 - - [14/Jan/2022:09:20:50 +0800] "GET /xingrg/check_reg.html?_=1642123034288 HTTP/1.1" 200 22
58.39.168.32 - - [14/Jan/2022:09:20:56 +0800] "GET /xingrg/all/function/internal_message.html?_=1642123252694&CODE_STATE=getMsg HTTP/1.1" 200 27
222.70.243.96 - - [14/Jan/2022:09:20:57 +0800] "GET /xingrg/all/function/internal_message.html?_=1642123270206&CODE_STATE=getMsg HTTP/1.1" 302 -
222.70.243.96 - - [14/Jan/2022:09:21:26 +0800] "GET /xingrg/all/function/internal_message.html?_=1642123301006&CODE_STATE=getMsg HTTP/1.1" 200 27
222.69.128.102 - - [14/Jan/2022:09:21:31 +0800] "GET /xingrg/check_reg.html?_=1642123288053 HTTP/1.1" 200 22
222.69.128.102 - - [14/Jan/2022:09:21:31 +0800] "GET /xingrg/all/function/internal_message.html?_=1642123288432&CODE_STATE=getMsg HTTP/1.1" 200 27
180.169.147.146 - - [14/Jan/2022:09:21:32 +0800] "GET /xingrg/all/function/internal_message.html?_=1642123291291&CODE_STATE=getMsg HTTP/1.1" 200 27
58.39.168.32 - - [14/Jan/2022:09:21:37 +0800] "GET /xingrg/all/function/internal_message.html?_=1642123231560&CODE_STATE=getMsg HTTP/1.1" 200 27
58.39.168.32 - - [14/Jan/2022:09:21:37 +0800] "GET /xingrg/kc/buy/cgsh_order_operate.html?command=get_materiel&rest_code=00105&code=00101016018&supplier_code=00100203&order_time=2022-01-14 HTTP/1.1" 200 441
222.70.217.149 - - [14/Jan/2022:09:21:39 +0800] "GET /xingrg/all/function/internal_message.html?_=1642123290309&CODE_STATE=getMsg HTTP/1.1" 200 27
120.253.135.82 - - [14/Jan/2022:09:21:41 +0800] "GET /xingrg/all/function/internal_message.html?_=1642123084864&CODE_STATE=getMsg HTTP/1.1" 200 27
58.39.168.32 - - [14/Jan/2022:09:21:44 +0800] "POST /xingrg/kc/buy/cgsh_order_operate.html HTTP/1.1" 200 2065
114.84.144.24 - - [14/Jan/2022:09:21:44 +0800] "GET /xingrg/all/function/internal_message.html?_=1642123119736&CODE_STATE=getMsg HTTP/1.1" 200 27
58.39.168.32 - - [14/Jan/2022:09:21:45 +0800] "POST /xingrg/kc/buy/cgsh_order_operate.html HTTP/1.1" 200 2065
180.152.99.39 - - [14/Jan/2022:09:21:48 +0800] "GET /xingrg/all/function/internal_message.html?_=1642123243234&CODE_STATE=getMsg HTTP/1.1" 200 27
58.39.168.32 - - [14/Jan/2022:09:21:56 +0800] "GET /xingrg/all/function/internal_message.html?_=1642123312674&CODE_STATE=getMsg HTTP/1.1" 200 27
58.39.168.32 - - [14/Jan/2022:09:21:56 +0800] "GET /xingrg/check_reg.html?_=1642123313031 HTTP/1.1" 200 22
222.70.243.96 - - [14/Jan/2022:09:21:57 +0800] "GET /xingrg/all/function/internal_message.html?_=1642123330232&CODE_STATE=getMsg HTTP/1.1" 302 -
58.39.168.32 - - [14/Jan/2022:09:22:00 +0800] "GET /xingrg/kc/buy/cgsh_order_operate.html?command=get_materiel&rest_code=00105&code=00101010136&supplier_code=00100203&order_time=2022-01-14 HTTP/1.1" 200 408
180.169.147.146 - - [14/Jan/2022:09:22:04 +0800] "GET /xingrg/check_reg.html?_=1642123320738 HTTP/1.1" 200 22
180.169.147.146 - - [14/Jan/2022:09:22:13 +0800] "GET /xingrg/check_reg.html?_=1642123330260 HTTP/1.1" 200 22
58.39.168.32 - - [14/Jan/2022:09:22:17 +0800] "GET /xingrg/kc/buy/cgsh_order_operate.html?command=get_materiel&rest_code=00105&code=00101008126&supplier_code=00100203&order_time=2022-01-14 HTTP/1.1" 200 412
180.152.99.39 - - [14/Jan/2022:09:22:24 +0800] "GET /xingrg/kc/buy/cgsh_order_operate.html?command=get_materiel&rest_code=00151&code=00101008085&supplier_code=00100007&order_time=2022-01-14 HTTP/1.1" 200 412
222.70.243.96 - - [14/Jan/2022:09:22:26 +0800] "GET /xingrg/all/function/internal_message.html?_=1642123361019&CODE_STATE=getMsg HTTP/1.1" 200 27
222.69.128.102 - - [14/Jan/2022:09:22:31 +0800] "GET /xingrg/all/function/internal_message.html?_=1642123348421&CODE_STATE=getMsg HTTP/1.1" 200 27
180.169.147.146 - - [14/Jan/2022:09:22:32 +0800] "GET /xingrg/all/function/internal_message.html?_=1642123351293&CODE_STATE=getMsg HTTP/1.1" 200 27
180.152.99.39 - - [14/Jan/2022:09:22:33 +0800] "GET /xingrg/kc/buy/cgsh_order_operate.html?command=get_materiel&rest_code=00151&code=00101008323&supplier_code=00100007&order_time=2022-01-14 HTTP/1.1" 200 408
58.39.168.32 - - [14/Jan/2022:09:22:37 +0800] "GET /xingrg/all/function/internal_message.html?_=1642123291560&CODE_STATE=getMsg HTTP/1.1" 200 27
222.70.217.149 - - [14/Jan/2022:09:22:39 +0800] "GET /xingrg/check_reg.html?_=1642123350307 HTTP/1.1" 200 22
222.70.217.149 - - [14/Jan/2022:09:22:39 +0800] "GET /xingrg/all/function/internal_message.html?_=1642123350312&CODE_STATE=getMsg HTTP/1.1" 200 27
180.152.99.39 - - [14/Jan/2022:09:22:40 +0800] "GET /xingrg/kc/buy/cgsh_order_operate.html?command=get_materiel&rest_code=00151&code=00101008318&supplier_code=00100007&order_time=2022-01-14 HTTP/1.1" 200 408
120.253.135.82 - - [14/Jan/2022:09:22:41 +0800] "GET /xingrg/all/function/internal_message.html?_=1642123144877&CODE_STATE=getMsg HTTP/1.1" 200 27
58.39.168.32 - - [14/Jan/2022:09:22:43 +0800] "GET /xingrg/kc/buy/cgsh_order_operate.html?command=get_materiel&rest_code=00105&code=00101008321&supplier_code=00100203&order_time=2022-01-14 HTTP/1.1" 200 412
114.84.144.24 - - [14/Jan/2022:09:22:44 +0800] "GET /xingrg/check_reg.html?_=1642123179733 HTTP/1.1" 200 22
114.84.144.24 - - [14/Jan/2022:09:22:44 +0800] "GET /xingrg/all/function/internal_message.html?_=1642123179735&CODE_STATE=getMsg HTTP/1.1" 200 27
180.152.99.39 - - [14/Jan/2022:09:22:48 +0800] "GET /xingrg/kc/buy/cgsh_order_operate.html?command=get_materiel&rest_code=00151&code=00101016051&supplier_code=00100007&order_time=2022-01-14 HTTP/1.1" 200 408
180.152.99.39 - - [14/Jan/2022:09:22:48 +0800] "GET /xingrg/all/function/internal_message.html?_=1642123303248&CODE_STATE=getMsg HTTP/1.1" 200 27
180.152.99.39 - - [14/Jan/2022:09:22:55 +0800] "GET /xingrg/kc/buy/cgsh_order_operate.html?command=get_materiel&rest_code=00151&code=00101008612&supplier_code=00100007&order_time=2022-01-14 HTTP/1.1" 200 406
58.39.168.32 - - [14/Jan/2022:09:22:56 +0800] "GET /xingrg/all/function/internal_message.html?_=1642123372636&CODE_STATE=getMsg HTTP/1.1" 200 27
222.70.243.96 - - [14/Jan/2022:09:22:57 +0800] "GET /xingrg/all/function/internal_message.html?_=1642123390248&CODE_STATE=getMsg HTTP/1.1" 302 -
180.152.99.39 - - [14/Jan/2022:09:23:03 +0800] "GET /xingrg/kc/buy/cgsh_order_operate.html?command=get_materiel&rest_code=00151&code=00101008270&supplier_code=00100007&order_time=2022-01-14 HTTP/1.1" 200 412
58.39.168.32 - - [14/Jan/2022:09:23:06 +0800] "GET /xingrg/kc/buy/cgsh_order_operate.html?command=get_materiel&rest_code=00105&code=00101008169&supplier_code=00100203&order_time=2022-01-14 HTTP/1.1" 200 412
180.152.99.39 - - [14/Jan/2022:09:23:09 +0800] "GET /xingrg/kc/buy/cgsh_order_operate.html?command=get_materiel&rest_code=00151&code=00101008095&supplier_code=00100007&order_time=2022-01-14 HTTP/1.1" 200 412
180.152.99.39 - - [14/Jan/2022:09:23:15 +0800] "GET /xingrg/kc/buy/cgsh_order_operate.html?command=get_materiel&rest_code=00151&code=00101008221&supplier_code=00100007&order_time=2022-01-14 HTTP/1.1" 200 412
180.152.99.39 - - [14/Jan/2022:09:23:21 +0800] "GET /xingrg/kc/buy/cgsh_order_operate.html?command=get_materiel&rest_code=00151&code=00101008223&supplier_code=00100007&order_time=2022-01-14 HTTP/1.1" 200 412
222.70.243.96 - - [14/Jan/2022:09:23:26 +0800] "GET /xingrg/all/function/internal_message.html?_=1642123421036&CODE_STATE=getMsg HTTP/1.1" 200 27
180.152.99.39 - - [14/Jan/2022:09:23:27 +0800] "GET /xingrg/kc/buy/cgsh_order_operate.html?command=get_materiel&rest_code=00151&code=00101008264&supplier_code=00100007&order_time=2022-01-14 HTTP/1.1" 200 412
222.69.128.102 - - [14/Jan/2022:09:23:31 +0800] "GET /xingrg/all/function/internal_message.html?_=1642123408391&CODE_STATE=getMsg HTTP/1.1" 200 27
180.169.147.146 - - [14/Jan/2022:09:23:32 +0800] "GET /xingrg/check_reg.html?_=1642123411297 HTTP/1.1" 200 22
180.169.147.146 - - [14/Jan/2022:09:23:32 +0800] "GET /xingrg/all/function/internal_message.html?_=1642123411295&CODE_STATE=getMsg HTTP/1.1" 200 27
58.39.168.32 - - [14/Jan/2022:09:23:37 +0800] "GET /xingrg/all/function/internal_message.html?_=1642123351561&CODE_STATE=getMsg HTTP/1.1" 200 27
222.70.217.149 - - [14/Jan/2022:09:23:39 +0800] "GET /xingrg/all/function/internal_message.html?_=1642123410303&CODE_STATE=getMsg HTTP/1.1" 200 27
120.253.135.82 - - [14/Jan/2022:09:23:41 +0800] "GET /xingrg/all/function/internal_message.html?_=1642123204941&CODE_STATE=getMsg HTTP/1.1" 200 27
114.84.144.24 - - [14/Jan/2022:09:23:44 +0800] "GET /xingrg/all/function/internal_message.html?_=1642123239730&CODE_STATE=getMsg HTTP/1.1" 200 27
180.152.99.39 - - [14/Jan/2022:09:23:48 +0800] "GET /xingrg/all/function/internal_message.html?_=1642123363262&CODE_STATE=getMsg HTTP/1.1" 200 27
58.39.168.32 - - [14/Jan/2022:09:23:51 +0800] "POST /xingrg/kc/buy/cgsh_order_operate.html HTTP/1.1" 200 37
180.152.99.39 - - [14/Jan/2022:09:23:52 +0800] "GET /xingrg/kc/buy/cgsh_order_operate.html?command=get_materiel&rest_code=00151&code=00101008371&supplier_code=00100007&order_time=2022-01-14 HTTP/1.1" 200 412
58.39.168.32 - - [14/Jan/2022:09:23:55 +0800] "POST /xingrg/kc/buy/cgsh_order_operate.html HTTP/1.1" 200 67708
58.39.168.32 - - [14/Jan/2022:09:23:56 +0800] "GET /xingrg/all/function/internal_message.html?_=1642123432610&CODE_STATE=getMsg HTTP/1.1" 200 27
222.70.243.96 - - [14/Jan/2022:09:23:57 +0800] "GET /xingrg/all/function/internal_message.html?_=1642123450273&CODE_STATE=getMsg HTTP/1.1" 302 -
58.39.168.32 - - [14/Jan/2022:09:23:58 +0800] "GET /xingrg/kc/buy/cgsh_order_add.html HTTP/1.1" 200 65445
58.39.168.32 - - [14/Jan/2022:09:23:59 +0800] "POST /xingrg/kc/buy/cgsh_order_operate.html HTTP/1.1" 200 8245
58.39.168.32 - - [14/Jan/2022:09:23:59 +0800] "GET /xingrg/javascript/easyui/themes/default/validatebox.css HTTP/1.1" 404 1104
58.39.168.32 - - [14/Jan/2022:09:24:04 +0800] "GET /xingrg/kc/base/base_main.html HTTP/1.1" 200 12142
58.39.168.32 - - [14/Jan/2022:09:24:04 +0800] "GET /xingrg/javascript/jquery_easy_ui/themes/default/images/tabs_close.gif HTTP/1.1" 304 -
58.39.168.32 - - [14/Jan/2022:09:24:04 +0800] "GET /xingrg/css/blue.css HTTP/1.1" 304 -
58.39.168.32 - - [14/Jan/2022:09:24:04 +0800] "GET /xingrg/javascript/pic_change.js HTTP/1.1" 304 -
58.39.168.32 - - [14/Jan/2022:09:24:04 +0800] "GET /xingrg/javascript/myfunction.js HTTP/1.1" 304 -
58.39.168.32 - - [14/Jan/2022:09:24:04 +0800] "GET /xingrg/images/blue/button/wlsy.gif HTTP/1.1" 304 -
58.39.168.32 - - [14/Jan/2022:09:24:04 +0800] "GET /xingrg/images/blue/button/ckpd.gif HTTP/1.1" 304 -
58.39.168.32 - - [14/Jan/2022:09:24:04 +0800] "GET /xingrg/images/blue/button/kc.gif HTTP/1.1" 304 -
58.39.168.32 - - [14/Jan/2022:09:24:04 +0800] "GET /xingrg/images/blue/button/ckdb.gif HTTP/1.1" 304 -
58.39.168.32 - - [14/Jan/2022:09:24:04 +0800] "GET /xingrg/images/blue/button/yddb.gif HTTP/1.1" 304 -
58.39.168.32 - - [14/Jan/2022:09:24:04 +0800] "GET /xingrg/images/blue/pic_form2.gif HTTP/1.1" 304 -
58.39.168.32 - - [14/Jan/2022:09:24:04 +0800] "GET /xingrg/images/blue/bg_dotted.jpg HTTP/1.1" 304 -
58.39.168.32 - - [14/Jan/2022:09:24:04 +0800] "GET /xingrg/images/blue/button/top_left.jpg HTTP/1.1" 304 -
58.39.168.32 - - [14/Jan/2022:09:24:04 +0800] "GET /xingrg/images/blue/button/top_right.jpg HTTP/1.1" 304 -
58.39.168.32 - - [14/Jan/2022:09:24:04 +0800] "GET /xingrg/images/blue/button/left_ah.jpg HTTP/1.1" 304 -
58.39.168.32 - - [14/Jan/2022:09:24:04 +0800] "GET /xingrg/images/blue/button/down.jpg HTTP/1.1" 304 -
58.39.168.32 - - [14/Jan/2022:09:24:04 +0800] "GET /xingrg/images/blue/button/bottom_left.jpg HTTP/1.1" 304 -
58.39.168.32 - - [14/Jan/2022:09:24:04 +0800] "GET /xingrg/images/blue/button/right_ah.jpg HTTP/1.1" 304 -
58.39.168.32 - - [14/Jan/2022:09:24:04 +0800] "GET /xingrg/images/blue/button/bottom_right.jpg HTTP/1.1" 304 -
58.39.168.32 - - [14/Jan/2022:09:24:05 +0800] "GET /xingrg/kc/base/wldb_order_list.html HTTP/1.1" 200 19060
58.39.168.32 - - [14/Jan/2022:09:24:05 +0800] "GET /xingrg/css/base.css HTTP/1.1" 304 -
58.39.168.32 - - [14/Jan/2022:09:24:05 +0800] "GET /xingrg/css/site.css HTTP/1.1" 304 -
58.39.168.32 - - [14/Jan/2022:09:24:05 +0800] "GET /xingrg/javascript/jquery_tools/datebox.css HTTP/1.1" 304 -
58.39.168.32 - - [14/Jan/2022:09:24:05 +0800] "GET /xingrg/javascript/easyui/themes/default/easyui.css HTTP/1.1" 304 -
58.39.168.32 - - [14/Jan/2022:09:24:05 +0800] "GET /xingrg/javascript/easyui/themes/icon.css HTTP/1.1" 304 -
58.39.168.32 - - [14/Jan/2022:09:24:05 +0800] "GET /xingrg/javascript/auto/jquery.autocomplete.css HTTP/1.1" 304 -
58.39.168.32 - - [14/Jan/2022:09:24:05 +0800] "GET /xingrg/javascript/jquery_tools/fix.css HTTP/1.1" 304 -
58.39.168.32 - - [14/Jan/2022:09:24:05 +0800] "GET /xingrg/javascript/jquery_tools/table.css HTTP/1.1" 304 -
58.39.168.32 - - [14/Jan/2022:09:24:05 +0800] "GET /xingrg/javascript/jquery_tools/jquery.tools.min.js HTTP/1.1" 304 -
58.39.168.32 - - [14/Jan/2022:09:24:05 +0800] "GET /xingrg/javascript/jquery_tools/jquery.tools.extend.js HTTP/1.1" 304 -
58.39.168.32 - - [14/Jan/2022:09:24:05 +0800] "GET /xingrg/javascript/jquery_tools/jquery.tools.hotkey.js HTTP/1.1" 304 -
58.39.168.32 - - [14/Jan/2022:09:24:06 +0800] "GET /xingrg/javascript/jquery_tools/jquery.tools.table.js HTTP/1.1" 304 -
58.39.168.32 - - [14/Jan/2022:09:24:06 +0800] "GET /xingrg/javascript/jquery_tools/list_manager.js HTTP/1.1" 304 -
58.39.168.32 - - [14/Jan/2022:09:24:06 +0800] "GET /xingrg/javascript/auto/jquery.autocomplete.js HTTP/1.1" 304 -
58.39.168.32 - - [14/Jan/2022:09:24:06 +0800] "GET /xingrg/javascript/easyui/easyloader.js HTTP/1.1" 304 -
58.39.168.32 - - [14/Jan/2022:09:24:06 +0800] "GET /xingrg/javascript/jquery.cookie.js HTTP/1.1" 304 -
58.39.168.32 - - [14/Jan/2022:09:24:06 +0800] "GET /xingrg/javascript/print/LodopFuncs.js HTTP/1.1" 304 -
58.39.168.32 - - [14/Jan/2022:09:24:06 +0800] "GET /xingrg/javascript/easyui/themes/icons/edit_add_new.png HTTP/1.1" 304 -
58.39.168.32 - - [14/Jan/2022:09:24:06 +0800] "GET /xingrg/javascript/easyui/themes/icons/field_new.png HTTP/1.1" 304 -
58.39.168.32 - - [14/Jan/2022:09:24:06 +0800] "GET /xingrg/javascript/easyui/themes/icons/import_new.png HTTP/1.1" 304 -
58.39.168.32 - - [14/Jan/2022:09:24:06 +0800] "GET /xingrg/javascript/easyui/themes/icons/check_new.png HTTP/1.1" 304 -
58.39.168.32 - - [14/Jan/2022:09:24:06 +0800] "GET /xingrg/javascript/easyui/themes/icons/cance_new.png HTTP/1.1" 304 -
58.39.168.32 - - [14/Jan/2022:09:24:06 +0800] "GET /xingrg/javascript/easyui/plugins/jquery.parser.js HTTP/1.1" 304 -
58.39.168.32 - - [14/Jan/2022:09:24:06 +0800] "GET /xingrg/images/control/ajaxLoader.gif HTTP/1.1" 304 -
58.39.168.32 - - [14/Jan/2022:09:24:07 +0800] "POST /xingrg/kc/base/wldb_list_operate.html HTTP/1.1" 200 928
58.39.168.32 - - [14/Jan/2022:09:24:08 +0800] "GET /xingrg/javascript/easyui/themes/default/images/button_plain_hover.png HTTP/1.1" 304 -
58.39.168.32 - - [14/Jan/2022:09:24:09 +0800] "GET /xingrg/kc/base/wldb_order_add.html HTTP/1.1" 200 30274
58.39.168.32 - - [14/Jan/2022:09:24:09 +0800] "GET /xingrg/javascript/jquery_tools/order_manager.js HTTP/1.1" 304 -
58.39.168.32 - - [14/Jan/2022:09:24:09 +0800] "GET /xingrg/javascript/convert.js HTTP/1.1" 304 -
58.39.168.32 - - [14/Jan/2022:09:24:09 +0800] "GET /xingrg/javascript/json2.js HTTP/1.1" 304 -
58.39.168.32 - - [14/Jan/2022:09:24:09 +0800] "GET /xingrg/javascript/print/kc_print.js HTTP/1.1" 304 -
58.39.168.32 - - [14/Jan/2022:09:24:09 +0800] "GET /xingrg/words/20220113165956_words.js HTTP/1.1" 200 883925
58.39.168.32 - - [14/Jan/2022:09:24:09 +0800] "GET /xingrg/javascript/easyui/themes/icons/ok.png HTTP/1.1" 304 -
58.39.168.32 - - [14/Jan/2022:09:24:09 +0800] "GET /xingrg/javascript/easyui/themes/icons/template_new.png HTTP/1.1" 304 -
58.39.168.32 - - [14/Jan/2022:09:24:09 +0800] "GET /xingrg/javascript/easyui/themes/icons/print.png HTTP/1.1" 304 -
58.39.168.32 - - [14/Jan/2022:09:24:09 +0800] "GET /xingrg/javascript/easyui/themes/default/images/menu_downarrow.png HTTP/1.1" 304 -
58.39.168.32 - - [14/Jan/2022:09:24:09 +0800] "GET /xingrg/javascript/easyui/themes/icons/cancel.png HTTP/1.1" 304 -
58.39.168.32 - - [14/Jan/2022:09:24:10 +0800] "POST /xingrg/kc/base/wldb_order_operate.html HTTP/1.1" 200 6806
58.39.168.32 - - [14/Jan/2022:09:24:10 +0800] "GET /xingrg/all/common/auto_word.html?type=base&rest_code=00105 HTTP/1.1" 200 1907
58.39.168.32 - - [14/Jan/2022:09:24:10 +0800] "GET /xingrg/javascript/easyui/themes/default/validatebox.css HTTP/1.1" 404 1104
58.39.168.32 - - [14/Jan/2022:09:24:10 +0800] "GET /xingrg/all/common/auto_word.html?type=base&rest_code=00105 HTTP/1.1" 200 1907
58.39.168.32 - - [14/Jan/2022:09:24:10 +0800] "GET /xingrg/javascript/easyui/plugins/jquery.validatebox.js HTTP/1.1" 304 -
58.39.168.32 - - [14/Jan/2022:09:24:10 +0800] "GET /xingrg/javascript/easyui/themes/icons/edit_remove.png HTTP/1.1" 304 -
58.39.168.32 - - [14/Jan/2022:09:24:10 +0800] "GET /xingrg/javascript/easyui/plugins/jquery.numberbox.js HTTP/1.1" 304 -
58.39.168.32 - - [14/Jan/2022:09:24:12 +0800] "GET /xingrg/css/images/panel_loading.gif HTTP/1.1" 304 -
58.39.168.32 - - [14/Jan/2022:09:24:12 +0800] "POST /xingrg/all/common/load_combo.html?type=base HTTP/1.1" 200 3409
58.39.168.32 - - [14/Jan/2022:09:24:15 +0800] "GET /xingrg/kc/buy/cgsh_order_operate.html?command=get_materiel&rest_code=00105&code=00101016100&supplier_code=00100034&order_time=2022-01-14 HTTP/1.1" 200 412
58.39.168.32 - - [14/Jan/2022:09:24:16 +0800] "POST /xingrg/all/common/load_combo.html?type=base HTTP/1.1" 200 3409
58.39.168.32 - - [14/Jan/2022:09:24:26 +0800] "GET /xingrg/javascript/auto/indicator.gif HTTP/1.1" 404 1066
222.70.243.96 - - [14/Jan/2022:09:24:26 +0800] "GET /xingrg/all/function/internal_message.html?_=1642123481047&CODE_STATE=getMsg HTTP/1.1" 200 27
180.152.99.39 - - [14/Jan/2022:09:24:26 +0800] "GET /xingrg/kc/buy/cgsh_order_operate.html?command=get_materiel&rest_code=00151&code=00101008361&supplier_code=00100007&order_time=2022-01-14 HTTP/1.1" 200 408
222.70.243.96 - - [14/Jan/2022:09:24:28 +0800] "GET /xingrg/check_reg.html?_=1642123480642 HTTP/1.1" 302 -
58.39.168.32 - - [14/Jan/2022:09:24:31 +0800] "GET /xingrg/kc/base/wldb_order_operate.html?command=get_materiel&rest_code=00105&base_code=0010507&code=00101019247 HTTP/1.1" 200 439
222.69.128.102 - - [14/Jan/2022:09:24:31 +0800] "GET /xingrg/all/function/internal_message.html?_=1642123468376&CODE_STATE=getMsg HTTP/1.1" 200 27
180.169.147.146 - - [14/Jan/2022:09:24:32 +0800] "GET /xingrg/all/function/internal_message.html?_=1642123471281&CODE_STATE=getMsg HTTP/1.1" 200 27
180.152.99.39 - - [14/Jan/2022:09:24:33 +0800] "GET /xingrg/kc/buy/cgsh_order_operate.html?command=get_materiel&rest_code=00151&code=00101008300&supplier_code=00100007&order_time=2022-01-14 HTTP/1.1" 200 412
58.39.168.32 - - [14/Jan/2022:09:24:34 +0800] "GET /xingrg/kc/buy/cgsh_order_operate.html?command=get_materiel&rest_code=00105&code=00101012025&supplier_code=00100034&order_time=2022-01-14 HTTP/1.1" 200 412
222.70.217.149 - - [14/Jan/2022:09:24:39 +0800] "GET /xingrg/all/function/internal_message.html?_=1642123470320&CODE_STATE=getMsg HTTP/1.1" 200 27
120.253.135.82 - - [14/Jan/2022:09:24:41 +0800] "GET /xingrg/all/function/internal_message.html?_=1642123265014&CODE_STATE=getMsg HTTP/1.1" 200 27
180.152.99.39 - - [14/Jan/2022:09:24:41 +0800] "GET /xingrg/kc/buy/cgsh_order_operate.html?command=get_materiel&rest_code=00151&code=00101008286&supplier_code=00100007&order_time=2022-01-14 HTTP/1.1" 200 408
114.84.144.24 - - [14/Jan/2022:09:24:44 +0800] "GET /xingrg/all/function/internal_message.html?_=1642123299727&CODE_STATE=getMsg HTTP/1.1" 200 27
180.152.99.39 - - [14/Jan/2022:09:24:47 +0800] "GET /xingrg/kc/buy/cgsh_order_operate.html?command=get_materiel&rest_code=00151&code=00101008356&supplier_code=00100007&order_time=2022-01-14 HTTP/1.1" 200 408
58.39.168.32 - - [14/Jan/2022:09:24:48 +0800] "GET /xingrg/kc/buy/cgsh_order_operate.html?command=get_materiel&rest_code=00105&code=00101016030&supplier_code=00100034&order_time=2022-01-14 HTTP/1.1" 200 412
58.221.95.50 - - [14/Jan/2022:09:24:48 +0800] "GET /xingrg/check_reg.html?_=1642123485459 HTTP/1.1" 302 -
180.152.99.39 - - [14/Jan/2022:09:24:48 +0800] "GET /xingrg/check_reg.html?_=1642123422792 HTTP/1.1" 200 22
180.152.99.39 - - [14/Jan/2022:09:24:48 +0800] "GET /xingrg/all/function/internal_message.html?_=1642123423276&CODE_STATE=getMsg HTTP/1.1" 200 27
114.86.227.80 - - [14/Jan/2022:09:24:54 +0800] "GET /favicon.ico HTTP/1.1" 404 -
180.152.99.39 - - [14/Jan/2022:09:24:55 +0800] "GET /xingrg/kc/buy/cgsh_order_operate.html?command=get_materiel&rest_code=00151&code=00101008350&supplier_code=00100007&order_time=2022-01-14 HTTP/1.1" 200 408
58.39.168.32 - - [14/Jan/2022:09:24:55 +0800] "GET /xingrg/all/function/internal_message.html?_=1642123492395&CODE_STATE=getMsg HTTP/1.1" 200 27
114.86.227.80 - - [14/Jan/2022:09:24:57 +0800] "GET /xingrg/login.html HTTP/1.1" 200 7641
114.86.227.80 - - [14/Jan/2022:09:24:57 +0800] "GET /xingrg/images/blue/jxLogo.png HTTP/1.1" 304 -
114.86.227.80 - - [14/Jan/2022:09:24:57 +0800] "GET /xingrg/images/blue/login_bg.png HTTP/1.1" 304 -
114.86.227.80 - - [14/Jan/2022:09:24:57 +0800] "GET /xingrg/images/blue/srbg.png HTTP/1.1" 304 -
114.86.227.80 - - [14/Jan/2022:09:24:57 +0800] "GET /xingrg/images/blue/hj.png HTTP/1.1" 304 -
114.86.227.80 - - [14/Jan/2022:09:24:57 +0800] "GET /favicon.ico HTTP/1.1" 404 -
222.70.243.96 - - [14/Jan/2022:09:24:57 +0800] "GET /xingrg/all/function/internal_message.html?_=1642123510276&CODE_STATE=getMsg HTTP/1.1" 302 -
58.39.168.32 - - [14/Jan/2022:09:24:58 +0800] "GET /xingrg/kc/buy/cgsh_order_operate.html?command=get_materiel&rest_code=00105&code=00101016071&supplier_code=00100034&order_time=2022-01-14 HTTP/1.1" 200 416
222.69.128.102 - - [14/Jan/2022:09:25:00 +0800] "POST /xingrg/services/DataTransmitService HTTP/1.1" 200 524
222.69.128.102 - - [14/Jan/2022:09:25:01 +0800] "POST /xingrg/services/DataTransmitService HTTP/1.1" 200 1979
180.152.99.39 - - [14/Jan/2022:09:25:03 +0800] "GET /xingrg/kc/buy/cgsh_order_operate.html?command=get_materiel&rest_code=00151&code=00101008080&supplier_code=00100007&order_time=2022-01-14 HTTP/1.1" 200 416
114.86.227.80 - - [14/Jan/2022:09:25:04 +0800] "POST /xingrg/login.do HTTP/1.1" 302 -
114.86.227.80 - - [14/Jan/2022:09:25:05 +0800] "POST /xingrg/login.do HTTP/1.1" 200 2098
114.86.227.80 - - [14/Jan/2022:09:25:05 +0800] "POST /xingrg/login.do HTTP/1.1" 302 -
114.86.227.80 - - [14/Jan/2022:09:25:06 +0800] "GET /xingrg/index.html?sysBaseUrl=http%3A%2F%2F180.169.147.146%3A18081%2Fxingrg%2F&costTime=1883×tamp=1642123505888 HTTP/1.1" 200 17173
114.86.227.80 - - [14/Jan/2022:09:25:06 +0800] "GET /xingrg/javascript/jquery_easy_ui/themes/default/easyui.css HTTP/1.1" 304 -
114.86.227.80 - - [14/Jan/2022:09:25:06 +0800] "GET /xingrg/javascript/jquery_easy_ui/themes/icon.css HTTP/1.1" 304 -
114.86.227.80 - - [14/Jan/2022:09:25:06 +0800] "GET /xingrg/css/form.css HTTP/1.1" 304 -
114.86.227.80 - - [14/Jan/2022:09:25:06 +0800] "GET /xingrg/javascript/jquery-1.4.2.min.js HTTP/1.1" 304 -
114.86.227.80 - - [14/Jan/2022:09:25:06 +0800] "GET /xingrg/javascript/jquery.form.js HTTP/1.1" 304 -
114.86.227.80 - - [14/Jan/2022:09:25:06 +0800] "GET /xingrg/javascript/jquery_easy_ui/jquery.easyui.min.js HTTP/1.1" 304 -
114.86.227.80 - - [14/Jan/2022:09:25:06 +0800] "GET /xingrg/javascript/jquery_easy_ui/easyui-lang-zh_CN.js HTTP/1.1" 304 -
114.86.227.80 - - [14/Jan/2022:09:25:06 +0800] "GET /xingrg/javascript/jquery.utils.js HTTP/1.1" 304 -
114.86.227.80 - - [14/Jan/2022:09:25:06 +0800] "GET /xingrg/javascript/jquery.timers.js HTTP/1.1" 304 -
114.86.227.80 - - [14/Jan/2022:09:25:06 +0800] "GET /xingrg/images/blue/navBackgound.jpg HTTP/1.1" 304 -
114.86.227.80 - - [14/Jan/2022:09:25:06 +0800] "GET /xingrg/javascript/jquery_easy_ui/themes/icons/settle_new.png HTTP/1.1" 304 -
114.86.227.80 - - [14/Jan/2022:09:25:06 +0800] "GET /xingrg/images/blue/pingpu.png HTTP/1.1" 304 -
114.86.227.80 - - [14/Jan/2022:09:25:06 +0800] "GET /xingrg/javascript/jquery_easy_ui/themes/default/images/panel_tool_collapse.gif HTTP/1.1" 304 -
114.86.227.80 - - [14/Jan/2022:09:25:06 +0800] "GET /xingrg/all/function/internal_message.html?_=1642123502872&CODE_STATE=count HTTP/1.1" 200 11
114.86.227.80 - - [14/Jan/2022:09:25:06 +0800] "GET /xingrg/check_reg.html?_=1642123502874 HTTP/1.1" 200 22
114.86.227.80 - - [14/Jan/2022:09:25:06 +0800] "POST /xingrg/all/common/load_tree.html?tree=area_rest_tree_json&manage=1 HTTP/1.1" 200 342
114.86.227.80 - - [14/Jan/2022:09:25:06 +0800] "POST /xingrg/load_menu.html HTTP/1.1" 200 5138
114.86.227.80 - - [14/Jan/2022:09:25:06 +0800] "GET /xingrg/javascript/jquery_easy_ui/themes/default/images/tree_arrows.gif HTTP/1.1" 304 -
114.86.227.80 - - [14/Jan/2022:09:25:06 +0800] "GET /xingrg/javascript/jquery_easy_ui/themes/default/images/tree_folder.gif HTTP/1.1" 304 -
114.86.227.80 - - [14/Jan/2022:09:25:06 +0800] "GET /xingrg/javascript/jquery_easy_ui/themes/icons/search_new.png HTTP/1.1" 304 -
114.86.227.80 - - [14/Jan/2022:09:25:06 +0800] "GET /xingrg/javascript/jquery_easy_ui/themes/default/images/tree_folder_open.gif HTTP/1.1" 304 -
114.86.227.80 - - [14/Jan/2022:09:25:06 +0800] "GET /xingrg/javascript/jquery_easy_ui/themes/icons/forms_new.png HTTP/1.1" 304 -
114.86.227.80 - - [14/Jan/2022:09:25:06 +0800] "GET /xingrg/javascript/jquery_easy_ui/themes/icons/storage_new.png HTTP/1.1" 304 -
222.69.128.102 - - [14/Jan/2022:09:25:08 +0800] "POST /xingrg/services/DataTransmitService HTTP/1.1" 200 524
58.39.168.32 - - [14/Jan/2022:09:25:09 +0800] "GET /xingrg/kc/buy/cgsh_order_operate.html?command=get_materiel&rest_code=00105&code=00101020154&supplier_code=00100034&order_time=2022-01-14 HTTP/1.1" 200 413
114.86.227.80 - - [14/Jan/2022:09:25:09 +0800] "GET /xingrg/javascript/jquery_easy_ui/themes/default/images/tabs_close.gif HTTP/1.1" 304 -
114.86.227.80 - - [14/Jan/2022:09:25:09 +0800] "GET /xingrg/kc/buy/buy_main.html HTTP/1.1" 200 12412
114.86.227.80 - - [14/Jan/2022:09:25:09 +0800] "GET /xingrg/css/blue.css HTTP/1.1" 304 -
114.86.227.80 - - [14/Jan/2022:09:25:09 +0800] "GET /xingrg/css/new_ie.css HTTP/1.1" 404 1036
114.86.227.80 - - [14/Jan/2022:09:25:09 +0800] "GET /xingrg/javascript/pic_change.js HTTP/1.1" 304 -
114.86.227.80 - - [14/Jan/2022:09:25:09 +0800] "GET /xingrg/javascript/jquery_ui/themes/humanity/humanity.css HTTP/1.1" 304 -
114.86.227.80 - - [14/Jan/2022:09:25:09 +0800] "GET /xingrg/javascript/ToolTips.js HTTP/1.1" 304 -
114.86.227.80 - - [14/Jan/2022:09:25:09 +0800] "GET /xingrg/javascript/myfunction.js HTTP/1.1" 304 -
114.86.227.80 - - [14/Jan/2022:09:25:09 +0800] "GET /xingrg/javascript/jquery_ui/jquery-ui.min.js HTTP/1.1" 304 -
114.86.227.80 - - [14/Jan/2022:09:25:09 +0800] "GET /xingrg/images/blue/button/cgxqd.gif HTTP/1.1" 304 -
114.86.227.80 - - [14/Jan/2022:09:25:09 +0800] "GET /xingrg/images/blue/button/cgydd.gif HTTP/1.1" 304 -
114.86.227.80 - - [14/Jan/2022:09:25:09 +0800] "GET /xingrg/images/blue/button/cgfkd.gif HTTP/1.1" 304 -
114.86.227.80 - - [14/Jan/2022:09:25:09 +0800] "GET /xingrg/images/blue/button/cgshd.gif HTTP/1.1" 304 -
114.86.227.80 - - [14/Jan/2022:09:25:09 +0800] "GET /xingrg/images/blue/pic_form2.gif HTTP/1.1" 304 -
114.86.227.80 - - [14/Jan/2022:09:25:09 +0800] "GET /xingrg/images/blue/button/kc.gif HTTP/1.1" 304 -
114.86.227.80 - - [14/Jan/2022:09:25:09 +0800] "GET /xingrg/images/blue/button/ckthd.gif HTTP/1.1" 304 -
114.86.227.80 - - [14/Jan/2022:09:25:09 +0800] "GET /xingrg/images/blue/button/right_ah.jpg HTTP/1.1" 304 -
114.86.227.80 - - [14/Jan/2022:09:25:09 +0800] "GET /xingrg/images/blue/button/down_ah.jpg HTTP/1.1" 304 -
114.86.227.80 - - [14/Jan/2022:09:25:09 +0800] "GET /xingrg/images/blue/bg_dotted.jpg HTTP/1.1" 304 -
114.86.227.80 - - [14/Jan/2022:09:25:09 +0800] "GET /xingrg/javascript/jquery_ui/themes/humanity/images/ui-bg_inset-soft_100_f4f0ec_1x100.png HTTP/1.1" 304 -
114.86.227.80 - - [14/Jan/2022:09:25:11 +0800] "GET /xingrg/kc/buy/cgsh_order_list.html HTTP/1.1" 200 49588
114.86.227.80 - - [14/Jan/2022:09:25:11 +0800] "GET /xingrg/css/base.css HTTP/1.1" 304 -
114.86.227.80 - - [14/Jan/2022:09:25:11 +0800] "GET /xingrg/css/site.css HTTP/1.1" 304 -
114.86.227.80 - - [14/Jan/2022:09:25:11 +0800] "GET /xingrg/javascript/jquery_tools/datebox.css HTTP/1.1" 304 -
114.86.227.80 - - [14/Jan/2022:09:25:11 +0800] "GET /xingrg/javascript/easyui/themes/default/easyui.css HTTP/1.1" 304 -
114.86.227.80 - - [14/Jan/2022:09:25:11 +0800] "GET /xingrg/javascript/auto/jquery.autocomplete.css HTTP/1.1" 304 -
114.86.227.80 - - [14/Jan/2022:09:25:11 +0800] "GET /xingrg/javascript/easyui/themes/icon.css HTTP/1.1" 304 -
114.86.227.80 - - [14/Jan/2022:09:25:11 +0800] "GET /xingrg/javascript/jquery_tools/fix.css HTTP/1.1" 304 -
114.86.227.80 - - [14/Jan/2022:09:25:11 +0800] "GET /xingrg/javascript/jquery_tools/table.css HTTP/1.1" 304 -
114.86.227.80 - - [14/Jan/2022:09:25:11 +0800] "GET /xingrg/javascript/jquery_tools/jquery.tools.min.js HTTP/1.1" 304 -
114.86.227.80 - - [14/Jan/2022:09:25:11 +0800] "GET /xingrg/javascript/jquery_tools/jquery.tools.extend.js HTTP/1.1" 304 -
114.86.227.80 - - [14/Jan/2022:09:25:11 +0800] "GET /xingrg/javascript/jquery_tools/jquery.tools.hotkey.js HTTP/1.1" 304 -
114.86.227.80 - - [14/Jan/2022:09:25:11 +0800] "GET /xingrg/javascript/jquery_tools/jquery.tools.table.js HTTP/1.1" 304 -
114.86.227.80 - - [14/Jan/2022:09:25:11 +0800] "GET /xingrg/javascript/jquery_tools/list_manager.js HTTP/1.1" 304 -
114.86.227.80 - - [14/Jan/2022:09:25:11 +0800] "GET /xingrg/javascript/auto/jquery.autocomplete.js HTTP/1.1" 304 -
114.86.227.80 - - [14/Jan/2022:09:25:11 +0800] "GET /xingrg/javascript/easyui/easyloader.js HTTP/1.1" 304 -
114.86.227.80 - - [14/Jan/2022:09:25:11 +0800] "GET /xingrg/javascript/print/LodopFuncs.js HTTP/1.1" 304 -
114.86.227.80 - - [14/Jan/2022:09:25:11 +0800] "GET /xingrg/javascript/jquery.cookie.js HTTP/1.1" 304 -
114.86.227.80 - - [14/Jan/2022:09:25:11 +0800] "GET /xingrg/javascript/easyui/themes/icons/edit_add_new.png HTTP/1.1" 304 -
114.86.227.80 - - [14/Jan/2022:09:25:11 +0800] "GET /xingrg/javascript/easyui/themes/icons/check_new.png HTTP/1.1" 304 -
114.86.227.80 - - [14/Jan/2022:09:25:11 +0800] "GET /xingrg/javascript/easyui/themes/icons/cance_new.png HTTP/1.1" 304 -
114.86.227.80 - - [14/Jan/2022:09:25:11 +0800] "GET /xingrg/javascript/easyui/themes/icons/field_new.png HTTP/1.1" 304 -
114.86.227.80 - - [14/Jan/2022:09:25:11 +0800] "GET /xingrg/javascript/easyui/themes/icons/import_new.png HTTP/1.1" 304 -
114.86.227.80 - - [14/Jan/2022:09:25:11 +0800] "GET /xingrg/javascript/easyui/plugins/jquery.parser.js HTTP/1.1" 304 -
114.86.227.80 - - [14/Jan/2022:09:25:11 +0800] "GET /xingrg/images/control/ajaxLoader.gif HTTP/1.1" 304 -
180.152.99.39 - - [14/Jan/2022:09:25:11 +0800] "GET /xingrg/kc/buy/cgsh_order_operate.html?command=get_materiel&rest_code=00151&code=00101012039&supplier_code=00100007&order_time=2022-01-14 HTTP/1.1" 200 408
114.86.227.80 - - [14/Jan/2022:09:25:13 +0800] "POST /xingrg/kc/buy/cgsh_list_operate.html HTTP/1.1" 200 876
58.39.168.32 - - [14/Jan/2022:09:25:15 +0800] "GET /xingrg/kc/buy/cgsh_order_operate.html?command=get_materiel&rest_code=00105&code=00101012059&supplier_code=00100034&order_time=2022-01-14 HTTP/1.1" 200 413
180.152.99.39 - - [14/Jan/2022:09:25:19 +0800] "GET /xingrg/kc/buy/cgsh_order_operate.html?command=get_materiel&rest_code=00151&code=00101008296&supplier_code=00100007&order_time=2022-01-14 HTTP/1.1" 200 416
222.70.243.96 - - [14/Jan/2022:09:25:24 +0800] "GET /xingrg/check_reg.html?_=1642123539317 HTTP/1.1" 200 22
222.70.243.96 - - [14/Jan/2022:09:25:26 +0800] "GET /xingrg/all/function/internal_message.html?_=1642123541060&CODE_STATE=getMsg HTTP/1.1" 200 27
180.152.99.39 - - [14/Jan/2022:09:25:30 +0800] "GET /xingrg/kc/buy/cgsh_order_operate.html?command=get_materiel&rest_code=00151&code=00101008088&supplier_code=00100007&order_time=2022-01-14 HTTP/1.1" 200 408
222.69.128.102 - - [14/Jan/2022:09:25:31 +0800] "GET /xingrg/all/function/internal_message.html?_=1642123528347&CODE_STATE=getMsg HTTP/1.1" 200 27
180.169.147.146 - - [14/Jan/2022:09:25:32 +0800] "GET /xingrg/all/function/internal_message.html?_=1642123531285&CODE_STATE=getMsg HTTP/1.1" 200 27
58.39.168.32 - - [14/Jan/2022:09:25:37 +0800] "GET /xingrg/check_reg.html?_=1642123471579 HTTP/1.1" 200 22
58.39.168.32 - - [14/Jan/2022:09:25:37 +0800] "GET /xingrg/all/function/internal_message.html?_=1642123471580&CODE_STATE=getMsg HTTP/1.1" 200 27
222.70.217.149 - - [14/Jan/2022:09:25:39 +0800] "GET /xingrg/all/function/internal_message.html?_=1642123530318&CODE_STATE=getMsg HTTP/1.1" 200 27
180.152.99.39 - - [14/Jan/2022:09:25:39 +0800] "POST /xingrg/kc/buy/cgsh_order_operate.html HTTP/1.1" 200 37
58.39.168.32 - - [14/Jan/2022:09:25:39 +0800] "GET /xingrg/kc/buy/cgsh_order_operate.html?command=get_materiel&rest_code=00105&code=00101012039&supplier_code=00100034&order_time=2022-01-14 HTTP/1.1" 200 408
120.253.135.82 - - [14/Jan/2022:09:25:41 +0800] "GET /xingrg/all/function/internal_message.html?_=1642123325137&CODE_STATE=getMsg HTTP/1.1" 200 27
180.152.99.39 - - [14/Jan/2022:09:25:41 +0800] "POST /xingrg/kc/buy/cgsh_order_operate.html HTTP/1.1" 200 14061
114.86.227.80 - - [14/Jan/2022:09:25:42 +0800] "GET /xingrg/javascript/easyui/themes/default/images/button_plain_hover.png HTTP/1.1" 304 -
114.86.227.80 - - [14/Jan/2022:09:25:43 +0800] "GET /xingrg/kc/buy/cgsh_order_add.html HTTP/1.1" 200 65439
114.86.227.80 - - [14/Jan/2022:09:25:43 +0800] "GET /xingrg/words/20220113165956_words.js HTTP/1.1" 200 883925
114.86.227.80 - - [14/Jan/2022:09:25:43 +0800] "GET /xingrg/javascript/jquery_tools/order_manager.js HTTP/1.1" 304 -
114.86.227.80 - - [14/Jan/2022:09:25:43 +0800] "GET /xingrg/javascript/convert.js HTTP/1.1" 304 -
114.86.227.80 - - [14/Jan/2022:09:25:43 +0800] "GET /xingrg/javascript/json2.js HTTP/1.1" 304 -
114.86.227.80 - - [14/Jan/2022:09:25:43 +0800] "GET /xingrg/javascript/print/kc_print.js HTTP/1.1" 304 -
114.86.227.80 - - [14/Jan/2022:09:25:44 +0800] "GET /xingrg/javascript/easyui/themes/icons/template_new.png HTTP/1.1" 304 -
114.86.227.80 - - [14/Jan/2022:09:25:44 +0800] "GET /xingrg/javascript/easyui/themes/icons/copy_new.png HTTP/1.1" 304 -
114.86.227.80 - - [14/Jan/2022:09:25:44 +0800] "GET /xingrg/javascript/easyui/themes/icons/print.png HTTP/1.1" 304 -
114.86.227.80 - - [14/Jan/2022:09:25:44 +0800] "GET /xingrg/javascript/easyui/themes/default/images/menu_downarrow.png HTTP/1.1" 304 -
114.86.227.80 - - [14/Jan/2022:09:25:44 +0800] "GET /xingrg/javascript/easyui/themes/icons/ok.png HTTP/1.1" 304 -
114.86.227.80 - - [14/Jan/2022:09:25:44 +0800] "GET /xingrg/javascript/easyui/themes/icons/cancel.png HTTP/1.1" 304 -
114.86.227.80 - - [14/Jan/2022:09:25:44 +0800] "POST /xingrg/kc/buy/cgsh_order_operate.html HTTP/1.1" 200 8245
114.86.227.80 - - [14/Jan/2022:09:25:44 +0800] "GET /xingrg/javascript/easyui/themes/default/validatebox.css HTTP/1.1" 404 1104
114.86.227.80 - - [14/Jan/2022:09:25:44 +0800] "GET /xingrg/javascript/easyui/plugins/jquery.validatebox.js HTTP/1.1" 304 -
114.86.227.80 - - [14/Jan/2022:09:25:44 +0800] "GET /xingrg/javascript/easyui/themes/icons/edit_remove.png HTTP/1.1" 304 -
114.86.227.80 - - [14/Jan/2022:09:25:44 +0800] "GET /xingrg/javascript/easyui/plugins/jquery.numberbox.js HTTP/1.1" 304 -
114.86.227.80 - - [14/Jan/2022:09:25:44 +0800] "GET /xingrg/all/common/auto_word.html?type=employee&rest_code=00109 HTTP/1.1" 200 255
114.86.227.80 - - [14/Jan/2022:09:25:44 +0800] "GET /xingrg/all/common/auto_word.html?type=employee&rest_code=00109 HTTP/1.1" 200 255
114.84.144.24 - - [14/Jan/2022:09:25:44 +0800] "GET /xingrg/all/function/internal_message.html?_=1642123359722&CODE_STATE=getMsg HTTP/1.1" 200 27
180.152.99.39 - - [14/Jan/2022:09:25:47 +0800] "GET /xingrg/kc/buy/cgsh_order_operate.html?command=get_materiel&rest_code=00151&code=00101016025&supplier_code=00100007&order_time=2022-01-14 HTTP/1.1" 200 408
114.86.227.80 - - [14/Jan/2022:09:25:47 +0800] "GET /xingrg/javascript/jquery_tools/images/next.gif HTTP/1.1" 404 1086
114.86.227.80 - - [14/Jan/2022:09:25:47 +0800] "GET /xingrg/javascript/jquery_tools/images/prev.gif HTTP/1.1" 404 1086
180.152.99.39 - - [14/Jan/2022:09:25:48 +0800] "GET /xingrg/all/function/internal_message.html?_=1642123483288&CODE_STATE=getMsg HTTP/1.1" 200 27
120.253.135.82 - - [14/Jan/2022:09:25:50 +0800] "GET /xingrg/check_reg.html?_=1642123334293 HTTP/1.1" 200 22
180.152.99.39 - - [14/Jan/2022:09:25:53 +0800] "GET /xingrg/kc/buy/cgsh_order_operate.html?command=get_materiel&rest_code=00151&code=00101008362&supplier_code=00100007&order_time=2022-01-14 HTTP/1.1" 200 408
114.86.227.80 - - [14/Jan/2022:09:25:53 +0800] "GET /xingrg/kc/buy/cgsh_order_operate.html?command=get_materiel&rest_code=00109&code=00101008323&supplier_code=00100005&order_time=2022-01-14 HTTP/1.1" 200 408
58.39.168.32 - - [14/Jan/2022:09:25:55 +0800] "GET /xingrg/all/function/internal_message.html?_=1642123552371&CODE_STATE=getMsg HTTP/1.1" 200 27
222.70.243.96 - - [14/Jan/2022:09:25:57 +0800] "GET /xingrg/all/function/internal_message.html?_=1642123570300&CODE_STATE=getMsg HTTP/1.1" 302 -
114.86.227.80 - - [14/Jan/2022:09:26:00 +0800] "GET /xingrg/kc/buy/cgsh_order_operate.html?command=get_materiel&rest_code=00109&code=00101008072&supplier_code=00100005&order_time=2022-01-14 HTTP/1.1" 200 408
180.152.99.39 - - [14/Jan/2022:09:26:00 +0800] "GET /xingrg/kc/buy/cgsh_order_operate.html?command=get_materiel&rest_code=00151&code=00101008017&supplier_code=00100007&order_time=2022-01-14 HTTP/1.1" 200 416
114.86.227.80 - - [14/Jan/2022:09:26:06 +0800] "GET /xingrg/all/function/internal_message.html?_=1642123562877&CODE_STATE=getMsg HTTP/1.1" 200 27
114.86.227.80 - - [14/Jan/2022:09:26:06 +0800] "GET /xingrg/kc/buy/cgsh_order_operate.html?command=get_materiel&rest_code=00109&code=00101008350&supplier_code=00100005&order_time=2022-01-14 HTTP/1.1" 200 408
58.39.168.32 - - [14/Jan/2022:09:26:16 +0800] "POST /xingrg/kc/buy/cgsh_order_operate.html HTTP/1.1" 200 37
114.86.227.80 - - [14/Jan/2022:09:26:17 +0800] "GET /xingrg/kc/buy/cgsh_order_operate.html?command=get_materiel&rest_code=00109&code=00101008049&supplier_code=00100005&order_time=2022-01-14 HTTP/1.1" 200 408
222.69.128.102 - - [14/Jan/2022:09:26:17 +0800] "POST /xingrg/services/DataTransmitService HTTP/1.1" 200 501
58.39.168.32 - - [14/Jan/2022:09:26:18 +0800] "POST /xingrg/kc/buy/cgsh_order_operate.html HTTP/1.1" 200 5021
222.69.128.102 - - [14/Jan/2022:09:26:19 +0800] "POST /xingrg/services/DataTransmitService HTTP/1.1" 200 501
58.39.168.32 - - [14/Jan/2022:09:26:21 +0800] "GET /xingrg/kc/print/load_data.html?order_code=212022011406454&kc_code=cgsh&condition= HTTP/1.1" 200 1617
114.86.227.80 - - [14/Jan/2022:09:26:23 +0800] "GET /xingrg/kc/buy/cgsh_order_operate.html?command=get_materiel&rest_code=00109&code=00101008003&supplier_code=00100005&order_time=2022-01-14 HTTP/1.1" 200 408
222.70.243.96 - - [14/Jan/2022:09:26:26 +0800] "GET /xingrg/all/function/internal_message.html?_=1642123601073&CODE_STATE=getMsg HTTP/1.1" 200 27
58.39.168.32 - - [14/Jan/2022:09:26:27 +0800] "GET /xingrg/kc/buy/cgsh_order_add.html HTTP/1.1" 200 65445
58.39.168.32 - - [14/Jan/2022:09:26:27 +0800] "POST /xingrg/kc/buy/cgsh_order_operate.html HTTP/1.1" 200 8245
58.39.168.32 - - [14/Jan/2022:09:26:27 +0800] "GET /xingrg/javascript/easyui/themes/default/validatebox.css HTTP/1.1" 404 1104
222.69.128.102 - - [14/Jan/2022:09:26:31 +0800] "GET /xingrg/check_reg.html?_=1642123588067 HTTP/1.1" 200 22
222.69.128.102 - - [14/Jan/2022:09:26:31 +0800] "GET /xingrg/all/function/internal_message.html?_=1642123588338&CODE_STATE=getMsg HTTP/1.1" 200 27
114.86.227.80 - - [14/Jan/2022:09:26:31 +0800] "GET /xingrg/kc/buy/cgsh_order_operate.html?command=get_materiel&rest_code=00109&code=00101008087&supplier_code=00100005&order_time=2022-01-14 HTTP/1.1" 200 412
180.169.147.146 - - [14/Jan/2022:09:26:32 +0800] "GET /xingrg/all/function/internal_message.html?_=1642123591287&CODE_STATE=getMsg HTTP/1.1" 200 27
114.86.227.80 - - [14/Jan/2022:09:26:36 +0800] "GET /xingrg/kc/buy/cgsh_order_operate.html?command=get_materiel&rest_code=00109&code=00101008361&supplier_code=00100005&order_time=2022-01-14 HTTP/1.1" 200 408
58.39.168.32 - - [14/Jan/2022:09:26:37 +0800] "GET /xingrg/all/function/internal_message.html?_=1642123531564&CODE_STATE=getMsg HTTP/1.1" 200 27
180.152.99.39 - - [14/Jan/2022:09:26:38 +0800] "GET /xingrg/kc/buy/cgsh_order_operate.html?command=get_materiel&rest_code=00151&code=00101008137&supplier_code=00100007&order_time=2022-01-14 HTTP/1.1" 200 408
222.70.217.149 - - [14/Jan/2022:09:26:39 +0800] "GET /xingrg/all/function/internal_message.html?_=1642123590311&CODE_STATE=getMsg HTTP/1.1" 200 27
120.253.135.82 - - [14/Jan/2022:09:26:41 +0800] "GET /xingrg/all/function/internal_message.html?_=1642123385150&CODE_STATE=getMsg HTTP/1.1" 200 27
114.86.227.80 - - [14/Jan/2022:09:26:42 +0800] "GET /xingrg/kc/buy/cgsh_order_operate.html?command=get_materiel&rest_code=00109&code=00101008169&supplier_code=00100005&order_time=2022-01-14 HTTP/1.1" 200 412
180.152.99.39 - - [14/Jan/2022:09:26:43 +0800] "GET /xingrg/kc/buy/cgsh_order_operate.html?command=get_materiel&rest_code=00151&code=00101008096&supplier_code=00100007&order_time=2022-01-14 HTTP/1.1" 200 413
114.84.144.24 - - [14/Jan/2022:09:26:44 +0800] "GET /xingrg/all/function/internal_message.html?_=1642123419734&CODE_STATE=getMsg HTTP/1.1" 200 27
114.86.227.80 - - [14/Jan/2022:09:26:48 +0800] "GET /xingrg/kc/buy/cgsh_order_operate.html?command=get_materiel&rest_code=00109&code=00101008290&supplier_code=00100005&order_time=2022-01-14 HTTP/1.1" 200 416
180.152.99.39 - - [14/Jan/2022:09:26:48 +0800] "GET /xingrg/all/function/internal_message.html?_=1642123543303&CODE_STATE=getMsg HTTP/1.1" 200 27
180.152.99.39 - - [14/Jan/2022:09:26:51 +0800] "POST /xingrg/kc/buy/cgsh_order_operate.html HTTP/1.1" 200 37
180.152.99.39 - - [14/Jan/2022:09:26:53 +0800] "POST /xingrg/kc/buy/cgsh_order_operate.html HTTP/1.1" 200 17061
58.39.168.32 - - [14/Jan/2022:09:26:55 +0800] "GET /xingrg/all/function/internal_message.html?_=1642123612357&CODE_STATE=getMsg HTTP/1.1" 200 27
114.86.227.80 - - [14/Jan/2022:09:26:56 +0800] "GET /xingrg/kc/buy/cgsh_order_operate.html?command=get_materiel&rest_code=00109&code=00101008351&supplier_code=00100005&order_time=2022-01-14 HTTP/1.1" 200 408
58.39.168.32 - - [14/Jan/2022:09:26:56 +0800] "GET /xingrg/check_reg.html?_=1642123613022 HTTP/1.1" 200 22
222.69.128.102 - - [14/Jan/2022:09:26:57 +0800] "POST /xingrg/services/DataTransmitService HTTP/1.1" 200 501
222.70.243.96 - - [14/Jan/2022:09:26:57 +0800] "GET /xingrg/all/function/internal_message.html?_=1642123630303&CODE_STATE=getMsg HTTP/1.1" 302 -
180.152.99.39 - - [14/Jan/2022:09:26:59 +0800] "GET /xingrg/kc/buy/cgsh_order_operate.html?command=get_materiel&rest_code=00151&code=00101008005&supplier_code=00100007&order_time=2022-01-14 HTTP/1.1" 200 412
180.169.147.146 - - [14/Jan/2022:09:27:04 +0800] "GET /xingrg/check_reg.html?_=1642123620712 HTTP/1.1" 200 22
114.86.227.80 - - [14/Jan/2022:09:27:04 +0800] "GET /xingrg/kc/buy/cgsh_order_operate.html?command=get_materiel&rest_code=00109&code=00101008163&supplier_code=00100005&order_time=2022-01-14 HTTP/1.1" 200 409
114.86.227.80 - - [14/Jan/2022:09:27:06 +0800] "GET /xingrg/all/function/internal_message.html?_=1642123622879&CODE_STATE=getMsg HTTP/1.1" 200 27
180.152.99.39 - - [14/Jan/2022:09:27:08 +0800] "GET /xingrg/kc/buy/cgsh_order_operate.html?command=get_materiel&rest_code=00151&code=00101008370&supplier_code=00100007&order_time=2022-01-14 HTTP/1.1" 200 412
114.86.227.80 - - [14/Jan/2022:09:27:09 +0800] "GET /xingrg/kc/buy/cgsh_order_operate.html?command=get_materiel&rest_code=00109&code=00101008148&supplier_code=00100005&order_time=2022-01-14 HTTP/1.1" 200 416
