180.162.114.48 - - [12/Jan/2022:11:39:29 +0800] "POST /xingrg/kc/buy/cgsh_order_operate.html HTTP/1.1" 200 37
180.157.251.97 - - [12/Jan/2022:11:39:32 +0800] "GET /xingrg/all/function/internal_message.html?_=1641958771167&CODE_STATE=getMsg HTTP/1.1" 200 27
114.95.98.1 - - [12/Jan/2022:11:39:32 +0800] "POST /xingrg/all/common/load_combo.html?type=base HTTP/1.1" 200 3233
222.70.177.227 - - [12/Jan/2022:11:39:32 +0800] "GET /xingrg/all/function/internal_message.html?_=1641958768956&CODE_STATE=getMsg HTTP/1.1" 200 27
180.175.103.30 - - [12/Jan/2022:11:39:36 +0800] "GET /xingrg/all/function/internal_message.html?_=1641958776445&CODE_STATE=getMsg HTTP/1.1" 200 27
222.69.245.95 - - [12/Jan/2022:11:39:37 +0800] "GET /xingrg/all/function/internal_message.html?_=1641958714802&CODE_STATE=getMsg HTTP/1.1" 200 27
180.169.147.146 - - [12/Jan/2022:11:39:37 +0800] "GET /xingrg/all/function/internal_message.html?_=1641958775444&CODE_STATE=getMsg HTTP/1.1" 200 27
222.69.132.164 - - [12/Jan/2022:11:39:37 +0800] "GET /xingrg/kc/buy/cgsh_order_operate.html?command=get_materiel&rest_code=00154&code=00101008057&supplier_code=00100417&order_time=2022-01-12 HTTP/1.1" 200 409
180.162.114.48 - - [12/Jan/2022:11:39:38 +0800] "POST /xingrg/kc/buy/cgsh_order_operate.html HTTP/1.1" 200 12
124.79.247.218 - - [12/Jan/2022:11:39:39 +0800] "GET /xingrg/kc/buy/cgsh_order_operate.html?command=get_materiel&rest_code=00104&code=00101006111&supplier_code=00100012&order_time=2022-01-12 HTTP/1.1" 200 409
180.162.114.48 - - [12/Jan/2022:11:39:40 +0800] "GET /xingrg/kc/buy/cgsh_order_info.html?code=212022010301423 HTTP/1.1" 200 59351
180.162.114.48 - - [12/Jan/2022:11:39:40 +0800] "GET /xingrg/javascript/easyui/themes/default/validatebox.css HTTP/1.1" 404 1104
114.95.98.1 - - [12/Jan/2022:11:39:41 +0800] "GET /xingrg/all/function/internal_message.html?_=1641958796295&CODE_STATE=getMsg HTTP/1.1" 200 27
180.162.114.48 - - [12/Jan/2022:11:39:41 +0800] "POST /xingrg/kc/buy/cgsh_order_operate.html HTTP/1.1" 200 23606
180.157.251.97 - - [12/Jan/2022:11:39:42 +0800] "GET /xingrg/all/function/internal_message.html?_=1641958781310&CODE_STATE=getMsg HTTP/1.1" 200 27
222.69.132.164 - - [12/Jan/2022:11:39:44 +0800] "GET /xingrg/check_reg.html?_=1641958826142 HTTP/1.1" 200 22
222.69.132.164 - - [12/Jan/2022:11:39:44 +0800] "GET /xingrg/all/function/internal_message.html?_=1641958826146&CODE_STATE=getMsg HTTP/1.1" 200 27
114.95.98.1 - - [12/Jan/2022:11:39:44 +0800] "GET /xingrg/kc/base/wldb_order_operate.html?command=get_materiel&rest_code=00102&base_code=0010476&code=00101019313 HTTP/1.1" 200 443
180.162.114.48 - - [12/Jan/2022:11:39:46 +0800] "GET /xingrg/kc/print/load_data.html?order_code=212022010301423&kc_code=cgsh&condition= HTTP/1.1" 200 9419
114.95.98.1 - - [12/Jan/2022:11:39:50 +0800] "GET /xingrg/kc/base/wldb_order_operate.html?command=get_materiel&rest_code=00102&base_code=0010476&code=00101019438 HTTP/1.1" 200 448
180.169.147.146 - - [12/Jan/2022:11:39:51 +0800] "GET /xingrg/check_reg.html?_=1641958789668 HTTP/1.1" 200 22
180.169.147.146 - - [12/Jan/2022:11:39:51 +0800] "GET /xingrg/all/function/internal_message.html?_=1641958789670&CODE_STATE=getMsg HTTP/1.1" 200 27
101.85.120.86 - - [12/Jan/2022:11:39:55 +0800] "GET /xingrg/all/function/internal_message.html?_=1641958792899&CODE_STATE=getMsg HTTP/1.1" 200 27
124.79.247.218 - - [12/Jan/2022:11:39:56 +0800] "GET /xingrg/all/function/internal_message.html?_=1641958931395&CODE_STATE=getMsg HTTP/1.1" 200 27
116.237.73.232 - - [12/Jan/2022:11:39:57 +0800] "GET /xingrg/all/function/internal_message.html?_=1641958792136&CODE_STATE=getMsg HTTP/1.1" 200 27
222.69.132.164 - - [12/Jan/2022:11:39:57 +0800] "GET /xingrg/kc/buy/cgsh_order_operate.html?command=get_materiel&rest_code=00154&code=00101012070&supplier_code=00100417&order_time=2022-01-12 HTTP/1.1" 200 398
124.79.247.218 - - [12/Jan/2022:11:39:57 +0800] "GET /xingrg/check_reg.html?_=1641958932679 HTTP/1.1" 200 22
114.95.98.1 - - [12/Jan/2022:11:40:01 +0800] "GET /xingrg/kc/base/wldb_order_operate.html?command=get_materiel&rest_code=00102&base_code=0010476&code=00101019404 HTTP/1.1" 200 476
58.221.95.50 - - [12/Jan/2022:11:40:02 +0800] "GET /xingrg/all/function/internal_message.html?_=1641958800503&CODE_STATE=getMsg HTTP/1.1" 302 -
222.70.243.96 - - [12/Jan/2022:11:40:03 +0800] "GET /xingrg/all/function/internal_message.html?_=1641958811257&CODE_STATE=getMsg HTTP/1.1" 200 27
114.84.144.24 - - [12/Jan/2022:11:40:03 +0800] "GET /xingrg/all/function/internal_message.html?_=1641958616544&CODE_STATE=getMsg HTTP/1.1" 200 27
180.162.114.48 - - [12/Jan/2022:11:40:08 +0800] "GET /xingrg/all/function/internal_message.html?_=1641958222351&CODE_STATE=getMsg HTTP/1.1" 200 27
120.253.135.82 - - [12/Jan/2022:11:40:10 +0800] "GET /xingrg/all/function/internal_message.html?_=1641958933178&CODE_STATE=getMsg HTTP/1.1" 302 -
114.83.219.105 - - [12/Jan/2022:11:40:13 +0800] "GET /xingrg/all/function/internal_message.html?_=1641958809789&CODE_STATE=getMsg HTTP/1.1" 200 27
114.95.98.1 - - [12/Jan/2022:11:40:15 +0800] "POST /xingrg/kc/base/wldb_order_operate.html HTTP/1.1" 200 37
114.95.98.1 - - [12/Jan/2022:11:40:15 +0800] "POST /xingrg/kc/base/wldb_order_operate.html HTTP/1.1" 200 3702
180.175.103.30 - - [12/Jan/2022:11:40:16 +0800] "GET /xingrg/all/function/internal_message.html?_=1641958752227&CODE_STATE=getMsg HTTP/1.1" 200 27
222.69.132.164 - - [12/Jan/2022:11:40:16 +0800] "GET /xingrg/kc/buy/cgsh_order_operate.html?command=get_materiel&rest_code=00154&code=00101008264&supplier_code=00100417&order_time=2022-01-12 HTTP/1.1" 200 412
114.95.98.1 - - [12/Jan/2022:11:40:21 +0800] "POST /xingrg/kc/base/wldb_order_operate.html HTTP/1.1" 200 12
114.95.98.1 - - [12/Jan/2022:11:40:23 +0800] "GET /xingrg/kc/base/wldb_order_info.html?code=422022011201531 HTTP/1.1" 200 26147
114.95.98.1 - - [12/Jan/2022:11:40:25 +0800] "POST /xingrg/kc/base/wldb_order_operate.html HTTP/1.1" 200 1963
114.95.98.1 - - [12/Jan/2022:11:40:26 +0800] "GET /xingrg/javascript/easyui/themes/default/validatebox.css HTTP/1.1" 404 1104
124.79.247.218 - - [12/Jan/2022:11:40:29 +0800] "GET /xingrg/kc/buy/cgsh_order_operate.html?command=get_materiel&rest_code=00104&code=00101006133&supplier_code=00100012&order_time=2022-01-12 HTTP/1.1" 200 413
114.95.98.1 - - [12/Jan/2022:11:40:31 +0800] "GET /xingrg/kc/mdqp/psth_order_list1.html HTTP/1.1" 200 17845
114.95.98.1 - - [12/Jan/2022:11:40:31 +0800] "GET /xingrg/javascript/easyui/themes/icons/uncheck_new.png HTTP/1.1" 200 3197
114.95.98.1 - - [12/Jan/2022:11:40:31 +0800] "POST /xingrg/kc/mdqp/psth_list_operate.html HTTP/1.1" 200 749
180.157.251.97 - - [12/Jan/2022:11:40:32 +0800] "GET /xingrg/all/function/internal_message.html?_=1641958831168&CODE_STATE=getMsg HTTP/1.1" 200 27
222.70.177.227 - - [12/Jan/2022:11:40:32 +0800] "GET /xingrg/all/function/internal_message.html?_=1641958828957&CODE_STATE=getMsg HTTP/1.1" 200 27
222.69.132.164 - - [12/Jan/2022:11:40:34 +0800] "GET /xingrg/kc/buy/cgsh_order_operate.html?command=get_materiel&rest_code=00154&code=00101012061&supplier_code=00100417&order_time=2022-01-12 HTTP/1.1" 200 412
114.95.98.1 - - [12/Jan/2022:11:40:35 +0800] "POST /xingrg/kc/mdqp/psth_list_operate.html HTTP/1.1" 200 1542
180.175.103.30 - - [12/Jan/2022:11:40:36 +0800] "GET /xingrg/all/function/internal_message.html?_=1641958836424&CODE_STATE=getMsg HTTP/1.1" 200 27
114.95.98.1 - - [12/Jan/2022:11:40:37 +0800] "POST /xingrg/kc/mdqp/psth_list_operate.html HTTP/1.1" 200 220
180.175.103.30 - - [12/Jan/2022:11:40:37 +0800] "GET /xingrg/check_reg.html?_=1641958837065 HTTP/1.1" 200 22
180.169.147.146 - - [12/Jan/2022:11:40:37 +0800] "GET /xingrg/all/function/internal_message.html?_=1641958835435&CODE_STATE=getMsg HTTP/1.1" 200 27
222.69.245.95 - - [12/Jan/2022:11:40:37 +0800] "GET /xingrg/all/function/internal_message.html?_=1641958774812&CODE_STATE=getMsg HTTP/1.1" 200 27
114.95.98.1 - - [12/Jan/2022:11:40:38 +0800] "GET /xingrg/kc/mdqp/psth_order_info1.html?code=322021121100009 HTTP/1.1" 200 22257
114.95.98.1 - - [12/Jan/2022:11:40:38 +0800] "GET /xingrg/javascript/jquery_tools/jquery-1.4.2.min.js HTTP/1.1" 404 1094
114.95.98.1 - - [12/Jan/2022:11:40:39 +0800] "POST /xingrg/kc/mdqp/psth_order_operate.html HTTP/1.1" 200 514
114.95.98.1 - - [12/Jan/2022:11:40:40 +0800] "GET /xingrg/javascript/easyui/themes/default/validatebox.css HTTP/1.1" 404 1104
114.95.98.1 - - [12/Jan/2022:11:40:41 +0800] "GET /xingrg/all/function/internal_message.html?_=1641958856398&CODE_STATE=getMsg HTTP/1.1" 200 27
180.157.251.97 - - [12/Jan/2022:11:40:42 +0800] "GET /xingrg/all/function/internal_message.html?_=1641958841310&CODE_STATE=getMsg HTTP/1.1" 200 27
222.69.132.164 - - [12/Jan/2022:11:40:43 +0800] "GET /xingrg/kc/buy/cgsh_order_operate.html?command=get_materiel&rest_code=00154&code=00101008355&supplier_code=00100417&order_time=2022-01-12 HTTP/1.1" 200 408
222.69.132.164 - - [12/Jan/2022:11:40:44 +0800] "GET /xingrg/all/function/internal_message.html?_=1641958886138&CODE_STATE=getMsg HTTP/1.1" 200 27
114.95.98.1 - - [12/Jan/2022:11:40:44 +0800] "POST /xingrg/kc/mdqp/psth_order_operate.html HTTP/1.1" 200 125
120.253.135.82 - - [12/Jan/2022:11:40:50 +0800] "GET /xingrg/check_reg.html?_=1641958623511 HTTP/1.1" 200 22
120.253.135.82 - - [12/Jan/2022:11:40:51 +0800] "GET /xingrg/all/function/internal_message.html?_=1641958623514&CODE_STATE=getMsg HTTP/1.1" 200 27
180.169.147.146 - - [12/Jan/2022:11:40:51 +0800] "GET /xingrg/all/function/internal_message.html?_=1641958849666&CODE_STATE=getMsg HTTP/1.1" 200 27
124.79.247.218 - - [12/Jan/2022:11:40:54 +0800] "GET /xingrg/kc/buy/cgsh_order_operate.html?command=get_materiel&rest_code=00104&code=00101006124&supplier_code=00100012&order_time=2022-01-12 HTTP/1.1" 200 409
120.253.135.82 - - [12/Jan/2022:11:40:54 +0800] "GET /xingrg/kc/pszx/mdqp_order_list.html?state=10 HTTP/1.1" 200 11056
120.253.135.82 - - [12/Jan/2022:11:40:54 +0800] "GET /xingrg/dwr/interface/AjaxReportQueryService.js HTTP/1.1" 200 13203
120.253.135.82 - - [12/Jan/2022:11:40:54 +0800] "GET /xingrg/dwr/interface/AjaxQqpsService.js HTTP/1.1" 200 16326
120.253.135.82 - - [12/Jan/2022:11:40:54 +0800] "GET /xingrg/dwr/engine.js HTTP/1.1" 200 43631
101.85.120.86 - - [12/Jan/2022:11:40:55 +0800] "GET /xingrg/all/function/internal_message.html?_=1641958852915&CODE_STATE=getMsg HTTP/1.1" 200 27
124.79.247.218 - - [12/Jan/2022:11:40:56 +0800] "GET /xingrg/all/function/internal_message.html?_=1641958991369&CODE_STATE=getMsg HTTP/1.1" 200 27
116.237.73.232 - - [12/Jan/2022:11:40:57 +0800] "GET /xingrg/all/function/internal_message.html?_=1641958852111&CODE_STATE=getMsg HTTP/1.1" 200 27
222.69.132.164 - - [12/Jan/2022:11:40:57 +0800] "GET /xingrg/kc/buy/cgsh_order_operate.html?command=get_materiel&rest_code=00154&code=00101008354&supplier_code=00100417&order_time=2022-01-12 HTTP/1.1" 200 412
120.253.135.82 - - [12/Jan/2022:11:40:58 +0800] "GET /xingrg/kc/pszx/mdqp_order_info.html?code=302022011200305 HTTP/1.1" 200 13338
120.253.135.82 - - [12/Jan/2022:11:40:58 +0800] "GET /xingrg/dwr/interface/AjaxComOrderService.js HTTP/1.1" 200 18264
120.253.135.82 - - [12/Jan/2022:11:40:58 +0800] "GET /xingrg/dwr/interface/AjaxQqpsService.js HTTP/1.1" 200 16326
120.253.135.82 - - [12/Jan/2022:11:40:58 +0800] "GET /xingrg/dwr/engine.js HTTP/1.1" 200 43631
120.253.135.82 - - [12/Jan/2022:11:40:59 +0800] "POST /xingrg/dwr/call/plaincall/AjaxQqpsService.loadMaterielItems.dwr HTTP/1.1" 200 966
114.95.98.1 - - [12/Jan/2022:11:41:00 +0800] "POST /xingrg/kc/mdqp/psth_order_operate.html HTTP/1.1" 200 125
58.221.95.50 - - [12/Jan/2022:11:41:02 +0800] "GET /xingrg/all/function/internal_message.html?_=1641958860475&CODE_STATE=getMsg HTTP/1.1" 302 -
222.70.243.96 - - [12/Jan/2022:11:41:03 +0800] "GET /xingrg/all/function/internal_message.html?_=1641958871451&CODE_STATE=getMsg HTTP/1.1" 200 27
114.84.144.24 - - [12/Jan/2022:11:41:03 +0800] "GET /xingrg/all/function/internal_message.html?_=1641958676521&CODE_STATE=getMsg HTTP/1.1" 200 27
180.162.114.48 - - [12/Jan/2022:11:41:08 +0800] "GET /xingrg/all/function/internal_message.html?_=1641958282337&CODE_STATE=getMsg HTTP/1.1" 200 27
120.253.135.82 - - [12/Jan/2022:11:41:10 +0800] "GET /xingrg/all/function/internal_message.html?_=1641958993182&CODE_STATE=getMsg HTTP/1.1" 302 -
222.69.132.164 - - [12/Jan/2022:11:41:12 +0800] "GET /xingrg/kc/buy/cgsh_order_operate.html?command=get_materiel&rest_code=00154&code=00101008024&supplier_code=00100417&order_time=2022-01-12 HTTP/1.1" 200 408
114.83.219.105 - - [12/Jan/2022:11:41:13 +0800] "GET /xingrg/all/function/internal_message.html?_=1641958869761&CODE_STATE=getMsg HTTP/1.1" 200 27
120.253.135.82 - - [12/Jan/2022:11:41:16 +0800] "GET /xingrg/kc/pszx/mdqp_order_list.html?isBack=1 HTTP/1.1" 302 -
120.253.135.82 - - [12/Jan/2022:11:41:16 +0800] "GET /xingrg/kc/pszx/mdqp_order_list.html?state=10 HTTP/1.1" 200 11056
120.253.135.82 - - [12/Jan/2022:11:41:16 +0800] "GET /xingrg/dwr/interface/AjaxReportQueryService.js HTTP/1.1" 200 13203
120.253.135.82 - - [12/Jan/2022:11:41:16 +0800] "GET /xingrg/dwr/interface/AjaxQqpsService.js HTTP/1.1" 200 16326
120.253.135.82 - - [12/Jan/2022:11:41:16 +0800] "GET /xingrg/dwr/engine.js HTTP/1.1" 200 43631
180.175.103.30 - - [12/Jan/2022:11:41:16 +0800] "GET /xingrg/all/function/internal_message.html?_=1641958812213&CODE_STATE=getMsg HTTP/1.1" 200 27
124.79.247.218 - - [12/Jan/2022:11:41:21 +0800] "GET /xingrg/kc/buy/cgsh_order_operate.html?command=get_materiel&rest_code=00104&code=00101006128&supplier_code=00100012&order_time=2022-01-12 HTTP/1.1" 200 427
222.69.132.164 - - [12/Jan/2022:11:41:24 +0800] "GET /xingrg/kc/buy/cgsh_order_operate.html?command=get_materiel&rest_code=00154&code=00101008205&supplier_code=00100417&order_time=2022-01-12 HTTP/1.1" 200 412
180.157.251.97 - - [12/Jan/2022:11:41:32 +0800] "GET /xingrg/all/function/internal_message.html?_=1641958891170&CODE_STATE=getMsg HTTP/1.1" 200 27
180.169.147.146 - - [12/Jan/2022:11:41:32 +0800] "POST /xingrg/kc/buy/cgsh_order_operate.html HTTP/1.1" 200 34627
222.70.177.227 - - [12/Jan/2022:11:41:32 +0800] "GET /xingrg/all/function/internal_message.html?_=1641958888956&CODE_STATE=getMsg HTTP/1.1" 200 27
222.70.177.227 - - [12/Jan/2022:11:41:32 +0800] "GET /xingrg/check_reg.html?_=1641958888960 HTTP/1.1" 200 22
222.69.132.164 - - [12/Jan/2022:11:41:35 +0800] "GET /xingrg/kc/buy/cgsh_order_operate.html?command=get_materiel&rest_code=00154&code=00101008283&supplier_code=00100417&order_time=2022-01-12 HTTP/1.1" 200 408
180.175.103.30 - - [12/Jan/2022:11:41:36 +0800] "GET /xingrg/all/function/internal_message.html?_=1641958896405&CODE_STATE=getMsg HTTP/1.1" 200 27
222.69.245.95 - - [12/Jan/2022:11:41:36 +0800] "GET /xingrg/check_reg.html?_=1641958833679 HTTP/1.1" 200 22
180.169.147.146 - - [12/Jan/2022:11:41:37 +0800] "GET /xingrg/all/function/internal_message.html?_=1641958895453&CODE_STATE=getMsg HTTP/1.1" 200 27
222.69.245.95 - - [12/Jan/2022:11:41:37 +0800] "GET /xingrg/all/function/internal_message.html?_=1641958834826&CODE_STATE=getMsg HTTP/1.1" 200 27
120.253.135.82 - - [12/Jan/2022:11:41:38 +0800] "GET /xingrg/all/function/internal_message.html?_=1641958683528&CODE_STATE=getMsg HTTP/1.1" 200 27
116.237.73.232 - - [12/Jan/2022:11:41:40 +0800] "GET /xingrg/check_reg.html?_=1641958895369 HTTP/1.1" 200 22
222.70.243.96 - - [12/Jan/2022:11:41:41 +0800] "GET /xingrg/check_reg.html?_=1641958909165 HTTP/1.1" 200 22
180.157.251.97 - - [12/Jan/2022:11:41:42 +0800] "GET /xingrg/all/function/internal_message.html?_=1641958901308&CODE_STATE=getMsg HTTP/1.1" 200 27
180.169.147.146 - - [12/Jan/2022:11:41:42 +0800] "GET /xingrg/kc/buy/cgsh_order_operate.html?command=get_materiel&rest_code=00147&code=00101008118&supplier_code=00100006&order_time=2022-01-12 HTTP/1.1" 200 418
222.69.132.164 - - [12/Jan/2022:11:41:44 +0800] "GET /xingrg/kc/buy/cgsh_order_operate.html?command=get_materiel&rest_code=00154&code=00101008298&supplier_code=00100417&order_time=2022-01-12 HTTP/1.1" 200 412
222.69.132.164 - - [12/Jan/2022:11:41:44 +0800] "GET /xingrg/all/function/internal_message.html?_=1641958946156&CODE_STATE=getMsg HTTP/1.1" 200 27
120.253.135.82 - - [12/Jan/2022:11:41:48 +0800] "GET /xingrg/kc/pszx/mdqp_order_info.html?code=302022011200304 HTTP/1.1" 200 13350
120.253.135.82 - - [12/Jan/2022:11:41:48 +0800] "GET /xingrg/dwr/interface/AjaxQqpsService.js HTTP/1.1" 200 16326
120.253.135.82 - - [12/Jan/2022:11:41:48 +0800] "GET /xingrg/dwr/interface/AjaxComOrderService.js HTTP/1.1" 200 18264
120.253.135.82 - - [12/Jan/2022:11:41:48 +0800] "GET /xingrg/dwr/engine.js HTTP/1.1" 200 43631
120.253.135.82 - - [12/Jan/2022:11:41:49 +0800] "POST /xingrg/dwr/call/plaincall/AjaxQqpsService.loadMaterielItems.dwr HTTP/1.1" 200 1028
124.79.247.218 - - [12/Jan/2022:11:41:50 +0800] "POST /xingrg/kc/buy/cgsh_order_operate.html HTTP/1.1" 200 37
180.169.147.146 - - [12/Jan/2022:11:41:51 +0800] "GET /xingrg/all/function/internal_message.html?_=1641958909668&CODE_STATE=getMsg HTTP/1.1" 200 27
124.79.247.218 - - [12/Jan/2022:11:41:52 +0800] "POST /xingrg/kc/buy/cgsh_order_operate.html HTTP/1.1" 200 6219
124.79.247.218 - - [12/Jan/2022:11:41:54 +0800] "GET /xingrg/kc/print/load_data.html?order_code=212022011205483&kc_code=cgsh&condition= HTTP/1.1" 200 2137
101.85.120.86 - - [12/Jan/2022:11:41:55 +0800] "GET /xingrg/all/function/internal_message.html?_=1641958912900&CODE_STATE=getMsg HTTP/1.1" 200 27
124.79.247.218 - - [12/Jan/2022:11:41:56 +0800] "GET /xingrg/all/function/internal_message.html?_=1641959051345&CODE_STATE=getMsg HTTP/1.1" 200 27
120.253.135.82 - - [12/Jan/2022:11:41:57 +0800] "GET /xingrg/kc/pszx/mdqp_order_list.html?isBack=1 HTTP/1.1" 302 -
116.237.73.232 - - [12/Jan/2022:11:41:57 +0800] "GET /xingrg/all/function/internal_message.html?_=1641958912093&CODE_STATE=getMsg HTTP/1.1" 200 27
120.253.135.82 - - [12/Jan/2022:11:41:57 +0800] "GET /xingrg/kc/pszx/mdqp_order_list.html?state=10 HTTP/1.1" 200 11056
120.253.135.82 - - [12/Jan/2022:11:41:57 +0800] "GET /xingrg/dwr/interface/AjaxReportQueryService.js HTTP/1.1" 200 13203
120.253.135.82 - - [12/Jan/2022:11:41:57 +0800] "GET /xingrg/dwr/interface/AjaxQqpsService.js HTTP/1.1" 200 16326
120.253.135.82 - - [12/Jan/2022:11:41:57 +0800] "GET /xingrg/dwr/engine.js HTTP/1.1" 200 43631
222.69.132.164 - - [12/Jan/2022:11:41:58 +0800] "GET /xingrg/kc/buy/cgsh_order_operate.html?command=get_materiel&rest_code=00154&code=00101008199&supplier_code=00100417&order_time=2022-01-12 HTTP/1.1" 200 408
120.253.135.82 - - [12/Jan/2022:11:42:01 +0800] "GET /xingrg/kc/pszx/mdqp_order_info.html?code=302022011200305 HTTP/1.1" 200 13338
120.253.135.82 - - [12/Jan/2022:11:42:01 +0800] "GET /xingrg/dwr/interface/AjaxQqpsService.js HTTP/1.1" 200 16326
120.253.135.82 - - [12/Jan/2022:11:42:01 +0800] "GET /xingrg/dwr/interface/AjaxComOrderService.js HTTP/1.1" 200 18264
120.253.135.82 - - [12/Jan/2022:11:42:01 +0800] "GET /xingrg/dwr/engine.js HTTP/1.1" 200 43631
120.253.135.82 - - [12/Jan/2022:11:42:01 +0800] "POST /xingrg/dwr/call/plaincall/AjaxQqpsService.loadMaterielItems.dwr HTTP/1.1" 200 966
180.169.147.146 - - [12/Jan/2022:11:42:02 +0800] "GET /xingrg/kc/buy/cgsh_order_operate.html?command=get_materiel&rest_code=00147&code=00101014064&supplier_code=00100006&order_time=2022-01-12 HTTP/1.1" 200 412
58.221.95.50 - - [12/Jan/2022:11:42:02 +0800] "GET /xingrg/all/function/internal_message.html?_=1641958920475&CODE_STATE=getMsg HTTP/1.1" 302 -
222.70.243.96 - - [12/Jan/2022:11:42:03 +0800] "GET /xingrg/all/function/internal_message.html?_=1641958931457&CODE_STATE=getMsg HTTP/1.1" 200 27
114.84.144.24 - - [12/Jan/2022:11:42:03 +0800] "GET /xingrg/all/function/internal_message.html?_=1641958736492&CODE_STATE=getMsg HTTP/1.1" 200 27
180.162.114.48 - - [12/Jan/2022:11:42:08 +0800] "GET /xingrg/all/function/internal_message.html?_=1641958342313&CODE_STATE=getMsg HTTP/1.1" 200 27
120.253.135.82 - - [12/Jan/2022:11:42:10 +0800] "GET /xingrg/all/function/internal_message.html?_=1641959053239&CODE_STATE=getMsg HTTP/1.1" 302 -
61.151.179.84 - - [12/Jan/2022:11:42:10 +0800] "GET /xingrg/kc/buy/cgsh_order_list.html HTTP/1.1" 302 -
180.169.147.146 - - [12/Jan/2022:11:42:10 +0800] "GET /xingrg/kc/buy/cgsh_order_operate.html?command=get_materiel&rest_code=00147&code=00101008350&supplier_code=00100006&order_time=2022-01-12 HTTP/1.1" 200 408
61.151.179.84 - - [12/Jan/2022:11:42:11 +0800] "GET /xingrg/login.html HTTP/1.1" 200 7641
124.79.247.218 - - [12/Jan/2022:11:42:12 +0800] "GET /xingrg/kc/buy/cgsh_order_add.html HTTP/1.1" 200 65404
222.69.132.164 - - [12/Jan/2022:11:42:12 +0800] "GET /xingrg/kc/buy/cgsh_order_operate.html?command=get_materiel&rest_code=00154&code=00101008424&supplier_code=00100417&order_time=2022-01-12 HTTP/1.1" 200 399
124.79.247.218 - - [12/Jan/2022:11:42:12 +0800] "GET /xingrg/javascript/easyui/themes/default/validatebox.css HTTP/1.1" 404 1104
124.79.247.218 - - [12/Jan/2022:11:42:12 +0800] "POST /xingrg/kc/buy/cgsh_order_operate.html HTTP/1.1" 200 8245
114.83.219.105 - - [12/Jan/2022:11:42:13 +0800] "GET /xingrg/all/function/internal_message.html?_=1641958929732&CODE_STATE=getMsg HTTP/1.1" 200 27
180.169.147.146 - - [12/Jan/2022:11:42:13 +0800] "POST /xingrg/kc/buy/cgsh_order_operate.html HTTP/1.1" 200 2065
124.79.247.218 - - [12/Jan/2022:11:42:13 +0800] "GET /xingrg/javascript/easyui/themes/default/tree.css HTTP/1.1" 404 1090
114.83.219.105 - - [12/Jan/2022:11:42:14 +0800] "GET /xingrg/check_reg.html?_=1641958930562 HTTP/1.1" 200 22
124.79.247.218 - - [12/Jan/2022:11:42:14 +0800] "POST /xingrg/all/common/load_tree.html?tree=supplier_tree_json&isDelete=1 HTTP/1.1" 200 61772
180.175.103.30 - - [12/Jan/2022:11:42:16 +0800] "GET /xingrg/check_reg.html?_=1641958871526 HTTP/1.1" 200 22
180.175.103.30 - - [12/Jan/2022:11:42:16 +0800] "GET /xingrg/all/function/internal_message.html?_=1641958872184&CODE_STATE=getMsg HTTP/1.1" 200 27
61.151.178.165 - - [12/Jan/2022:11:42:23 +0800] "GET /xingrg/kc/buy/cgsh_order_operate.html?command=get_materiel&rest_code=00106&code=00101008356&supplier_code=00100007&order_time=2022-01-12 HTTP/1.1" 302 -
61.151.178.165 - - [12/Jan/2022:11:42:24 +0800] "GET /xingrg/login.html HTTP/1.1" 200 7641
114.95.98.1 - - [12/Jan/2022:11:42:24 +0800] "GET /xingrg/all/function/internal_message.html?_=1641958959434&CODE_STATE=getMsg HTTP/1.1" 200 27
222.69.132.164 - - [12/Jan/2022:11:42:27 +0800] "GET /xingrg/kc/buy/cgsh_order_operate.html?command=get_materiel&rest_code=00154&code=00101008353&supplier_code=00100417&order_time=2022-01-12 HTTP/1.1" 200 408
180.169.147.146 - - [12/Jan/2022:11:42:28 +0800] "GET /xingrg/kc/buy/cgsh_order_operate.html?command=get_materiel&rest_code=00147&code=00101009062&supplier_code=00100006&order_time=2022-01-12 HTTP/1.1" 200 412
61.151.178.164 - - [12/Jan/2022:11:42:31 +0800] "GET /xingrg/kc/buy/cgsh_order_operate.html?command=get_materiel&rest_code=00106&code=00101008360&supplier_code=00100007&order_time=2022-01-12 HTTP/1.1" 302 -
180.157.251.97 - - [12/Jan/2022:11:42:32 +0800] "GET /xingrg/all/function/internal_message.html?_=1641958951159&CODE_STATE=getMsg HTTP/1.1" 200 27
61.151.178.164 - - [12/Jan/2022:11:42:32 +0800] "GET /xingrg/login.html HTTP/1.1" 200 7641
222.70.177.227 - - [12/Jan/2022:11:42:32 +0800] "GET /xingrg/all/function/internal_message.html?_=1641958948960&CODE_STATE=getMsg HTTP/1.1" 200 27
180.175.103.30 - - [12/Jan/2022:11:42:36 +0800] "GET /xingrg/all/function/internal_message.html?_=1641958956382&CODE_STATE=getMsg HTTP/1.1" 200 27
180.169.147.146 - - [12/Jan/2022:11:42:37 +0800] "GET /xingrg/all/function/internal_message.html?_=1641958955445&CODE_STATE=getMsg HTTP/1.1" 200 27
222.69.245.95 - - [12/Jan/2022:11:42:37 +0800] "GET /xingrg/all/function/internal_message.html?_=1641958894839&CODE_STATE=getMsg HTTP/1.1" 200 27
120.253.135.82 - - [12/Jan/2022:11:42:38 +0800] "GET /xingrg/all/function/internal_message.html?_=1641958743542&CODE_STATE=getMsg HTTP/1.1" 200 27
180.157.251.97 - - [12/Jan/2022:11:42:42 +0800] "GET /xingrg/all/function/internal_message.html?_=1641958961308&CODE_STATE=getMsg HTTP/1.1" 200 27
180.169.147.146 - - [12/Jan/2022:11:42:43 +0800] "POST /xingrg/kc/buy/cgsh_order_operate.html HTTP/1.1" 200 37
114.95.98.1 - - [12/Jan/2022:11:42:43 +0800] "GET /xingrg/kc/mdqp/psth_order_list1.html HTTP/1.1" 200 17845
114.95.98.1 - - [12/Jan/2022:11:42:43 +0800] "POST /xingrg/kc/mdqp/psth_list_operate.html HTTP/1.1" 200 749
222.69.132.164 - - [12/Jan/2022:11:42:44 +0800] "GET /xingrg/all/function/internal_message.html?_=1641959006146&CODE_STATE=getMsg HTTP/1.1" 200 27
180.162.114.48 - - [12/Jan/2022:11:42:46 +0800] "POST /xingrg/kc/buy/cgsh_list_operate.html HTTP/1.1" 200 876
114.95.98.1 - - [12/Jan/2022:11:42:47 +0800] "POST /xingrg/kc/mdqp/psth_list_operate.html HTTP/1.1" 200 1542
124.79.247.218 - - [12/Jan/2022:11:42:48 +0800] "GET /xingrg/kc/buy/cgsh_order_operate.html?command=get_materiel&rest_code=00104&code=00101005037&supplier_code=00100040&order_time=2022-01-12 HTTP/1.1" 200 409
222.69.132.164 - - [12/Jan/2022:11:42:48 +0800] "GET /xingrg/kc/buy/cgsh_order_operate.html?command=get_materiel&rest_code=00154&code=00101008268&supplier_code=00100417&order_time=2022-01-12 HTTP/1.1" 200 408
114.95.98.1 - - [12/Jan/2022:11:42:50 +0800] "POST /xingrg/kc/mdqp/psth_list_operate.html HTTP/1.1" 200 220
114.95.98.1 - - [12/Jan/2022:11:42:51 +0800] "GET /xingrg/kc/mdqp/psth_order_info1.html?code=322021121100009 HTTP/1.1" 200 22257
114.95.98.1 - - [12/Jan/2022:11:42:51 +0800] "GET /xingrg/javascript/jquery_tools/jquery-1.4.2.min.js HTTP/1.1" 404 1094
114.95.98.1 - - [12/Jan/2022:11:42:51 +0800] "POST /xingrg/kc/mdqp/psth_order_operate.html HTTP/1.1" 200 514
180.169.147.146 - - [12/Jan/2022:11:42:51 +0800] "GET /xingrg/all/function/internal_message.html?_=1641958969671&CODE_STATE=getMsg HTTP/1.1" 200 27
114.95.98.1 - - [12/Jan/2022:11:42:52 +0800] "GET /xingrg/javascript/easyui/themes/default/validatebox.css HTTP/1.1" 404 1104
101.85.120.86 - - [12/Jan/2022:11:42:55 +0800] "GET /xingrg/all/function/internal_message.html?_=1641958972901&CODE_STATE=getMsg HTTP/1.1" 200 27
124.79.247.218 - - [12/Jan/2022:11:42:56 +0800] "GET /xingrg/all/function/internal_message.html?_=1641959111330&CODE_STATE=getMsg HTTP/1.1" 200 27
114.95.98.1 - - [12/Jan/2022:11:42:56 +0800] "POST /xingrg/kc/mdqp/psth_order_operate.html HTTP/1.1" 200 125
116.237.73.232 - - [12/Jan/2022:11:42:57 +0800] "GET /xingrg/all/function/internal_message.html?_=1641958972075&CODE_STATE=getMsg HTTP/1.1" 200 27
222.69.132.164 - - [12/Jan/2022:11:42:59 +0800] "GET /xingrg/kc/buy/cgsh_order_operate.html?command=get_materiel&rest_code=00154&code=00101008356&supplier_code=00100417&order_time=2022-01-12 HTTP/1.1" 200 408
58.221.95.50 - - [12/Jan/2022:11:43:02 +0800] "GET /xingrg/all/function/internal_message.html?_=1641958980448&CODE_STATE=getMsg HTTP/1.1" 302 -
222.70.243.96 - - [12/Jan/2022:11:43:03 +0800] "GET /xingrg/all/function/internal_message.html?_=1641958991470&CODE_STATE=getMsg HTTP/1.1" 200 27
114.84.144.24 - - [12/Jan/2022:11:43:03 +0800] "GET /xingrg/all/function/internal_message.html?_=1641958796460&CODE_STATE=getMsg HTTP/1.1" 200 27
114.84.144.24 - - [12/Jan/2022:11:43:04 +0800] "GET /xingrg/check_reg.html?_=1641958797492 HTTP/1.1" 200 22
58.221.95.50 - - [12/Jan/2022:11:43:04 +0800] "GET /xingrg/check_reg.html?_=1641958982642 HTTP/1.1" 302 -
222.70.217.149 - - [12/Jan/2022:11:43:07 +0800] "GET /favicon.ico HTTP/1.1" 404 -
180.162.114.48 - - [12/Jan/2022:11:43:08 +0800] "GET /xingrg/all/function/internal_message.html?_=1641958402293&CODE_STATE=getMsg HTTP/1.1" 200 27
222.69.132.164 - - [12/Jan/2022:11:43:09 +0800] "GET /xingrg/kc/buy/cgsh_order_operate.html?command=get_materiel&rest_code=00154&code=00101008059&supplier_code=00100417&order_time=2022-01-12 HTTP/1.1" 200 408
120.253.135.82 - - [12/Jan/2022:11:43:10 +0800] "GET /xingrg/all/function/internal_message.html?_=1641959113240&CODE_STATE=getMsg HTTP/1.1" 302 -
114.83.219.105 - - [12/Jan/2022:11:43:13 +0800] "GET /xingrg/all/function/internal_message.html?_=1641958989708&CODE_STATE=getMsg HTTP/1.1" 200 27
180.175.103.30 - - [12/Jan/2022:11:43:16 +0800] "GET /xingrg/all/function/internal_message.html?_=1641958932170&CODE_STATE=getMsg HTTP/1.1" 200 27
222.69.132.164 - - [12/Jan/2022:11:43:18 +0800] "GET /xingrg/kc/buy/cgsh_order_operate.html?command=get_materiel&rest_code=00154&code=00101008005&supplier_code=00100417&order_time=2022-01-12 HTTP/1.1" 200 412
114.95.98.1 - - [12/Jan/2022:11:43:26 +0800] "GET /xingrg/all/function/internal_message.html?_=1641959021028&CODE_STATE=getMsg HTTP/1.1" 200 27
180.157.251.97 - - [12/Jan/2022:11:43:32 +0800] "GET /xingrg/all/function/internal_message.html?_=1641959011161&CODE_STATE=getMsg HTTP/1.1" 200 27
180.157.251.97 - - [12/Jan/2022:11:43:32 +0800] "GET /xingrg/check_reg.html?_=1641959011167 HTTP/1.1" 200 22
222.70.177.227 - - [12/Jan/2022:11:43:32 +0800] "GET /xingrg/all/function/internal_message.html?_=1641959008960&CODE_STATE=getMsg HTTP/1.1" 200 27
124.79.247.218 - - [12/Jan/2022:11:43:33 +0800] "GET /xingrg/kc/buy/cgsh_order_operate.html?command=get_materiel&rest_code=00104&code=00101029094&supplier_code=00100040&order_time=2022-01-12 HTTP/1.1" 200 427
114.95.98.1 - - [12/Jan/2022:11:43:33 +0800] "GET /xingrg/check_reg.html?_=1641959027843 HTTP/1.1" 200 22
180.175.103.30 - - [12/Jan/2022:11:43:36 +0800] "GET /xingrg/all/function/internal_message.html?_=1641959016353&CODE_STATE=getMsg HTTP/1.1" 200 27
180.169.147.146 - - [12/Jan/2022:11:43:37 +0800] "GET /xingrg/check_reg.html?_=1641959015462 HTTP/1.1" 200 22
180.169.147.146 - - [12/Jan/2022:11:43:37 +0800] "GET /xingrg/all/function/internal_message.html?_=1641959015458&CODE_STATE=getMsg HTTP/1.1" 200 27
222.69.245.95 - - [12/Jan/2022:11:43:37 +0800] "GET /xingrg/all/function/internal_message.html?_=1641958954853&CODE_STATE=getMsg HTTP/1.1" 200 27
120.253.135.82 - - [12/Jan/2022:11:43:38 +0800] "GET /xingrg/all/function/internal_message.html?_=1641958803556&CODE_STATE=getMsg HTTP/1.1" 200 27
124.79.247.218 - - [12/Jan/2022:11:43:40 +0800] "POST /xingrg/all/common/load_select.html HTTP/1.1" 200 25
120.253.135.82 - - [12/Jan/2022:11:43:41 +0800] "GET /xingrg/check_reg.html?_=1641959144533 HTTP/1.1" 302 -
180.157.251.97 - - [12/Jan/2022:11:43:42 +0800] "GET /xingrg/all/function/internal_message.html?_=1641959021308&CODE_STATE=getMsg HTTP/1.1" 200 27
180.157.251.97 - - [12/Jan/2022:11:43:42 +0800] "GET /xingrg/check_reg.html?_=1641959021310 HTTP/1.1" 200 22
222.69.132.164 - - [12/Jan/2022:11:43:43 +0800] "GET /xingrg/kc/buy/cgsh_order_operate.html?command=get_materiel&rest_code=00154&code=00101015126&supplier_code=00100417&order_time=2022-01-12 HTTP/1.1" 200 399
222.69.132.164 - - [12/Jan/2022:11:43:44 +0800] "GET /xingrg/all/function/internal_message.html?_=1641959066147&CODE_STATE=getMsg HTTP/1.1" 200 27
180.169.147.146 - - [12/Jan/2022:11:43:46 +0800] "POST /xingrg/kc/buy/cgsh_order_operate.html HTTP/1.1" 200 38171
124.79.247.218 - - [12/Jan/2022:11:43:49 +0800] "GET /xingrg/kc/buy/cgsh_order_operate.html?command=get_materiel_price&rest_code=00104&code=00101029094&unit_code=00100178&supplier_code=00100040&order_time=2022-01-12 HTTP/1.1" 200 29
180.169.147.146 - - [12/Jan/2022:11:43:51 +0800] "GET /xingrg/kc/print/load_data.html?order_code=212022011205478&kc_code=cgsh&condition= HTTP/1.1" 200 14134
180.169.147.146 - - [12/Jan/2022:11:43:51 +0800] "GET /xingrg/all/function/internal_message.html?_=1641959029666&CODE_STATE=getMsg HTTP/1.1" 200 27
101.85.120.86 - - [12/Jan/2022:11:43:55 +0800] "GET /xingrg/all/function/internal_message.html?_=1641959032901&CODE_STATE=getMsg HTTP/1.1" 200 27
101.85.120.86 - - [12/Jan/2022:11:43:55 +0800] "GET /xingrg/check_reg.html?_=1641959032904 HTTP/1.1" 200 22
124.79.247.218 - - [12/Jan/2022:11:43:56 +0800] "GET /xingrg/all/function/internal_message.html?_=1641959171291&CODE_STATE=getMsg HTTP/1.1" 200 27
180.169.147.146 - - [12/Jan/2022:11:43:56 +0800] "GET /xingrg/kc/buy/cgsh_order_add.html HTTP/1.1" 200 65366
116.237.73.232 - - [12/Jan/2022:11:43:57 +0800] "GET /xingrg/all/function/internal_message.html?_=1641959032047&CODE_STATE=getMsg HTTP/1.1" 200 27
180.169.147.146 - - [12/Jan/2022:11:43:57 +0800] "POST /xingrg/kc/buy/cgsh_order_operate.html HTTP/1.1" 200 8245
180.169.147.146 - - [12/Jan/2022:11:43:57 +0800] "GET /xingrg/javascript/easyui/themes/default/validatebox.css HTTP/1.1" 404 1104
222.69.132.164 - - [12/Jan/2022:11:44:01 +0800] "GET /xingrg/kc/buy/cgsh_order_operate.html?command=get_materiel&rest_code=00154&code=00101008108&supplier_code=00100417&order_time=2022-01-12 HTTP/1.1" 200 412
58.221.95.50 - - [12/Jan/2022:11:44:02 +0800] "GET /xingrg/all/function/internal_message.html?_=1641959040427&CODE_STATE=getMsg HTTP/1.1" 302 -
114.84.144.24 - - [12/Jan/2022:11:44:03 +0800] "GET /xingrg/all/function/internal_message.html?_=1641958856437&CODE_STATE=getMsg HTTP/1.1" 200 27
222.70.243.96 - - [12/Jan/2022:11:44:03 +0800] "GET /xingrg/all/function/internal_message.html?_=1641959051668&CODE_STATE=getMsg HTTP/1.1" 200 27
222.69.132.164 - - [12/Jan/2022:11:44:06 +0800] "POST /xingrg/kc/buy/cgsh_order_operate.html HTTP/1.1" 200 2065
180.162.114.48 - - [12/Jan/2022:11:44:08 +0800] "GET /xingrg/all/function/internal_message.html?_=1641958462279&CODE_STATE=getMsg HTTP/1.1" 200 27
180.162.114.48 - - [12/Jan/2022:11:44:09 +0800] "GET /xingrg/check_reg.html?_=1641958462937 HTTP/1.1" 200 22
120.253.135.82 - - [12/Jan/2022:11:44:10 +0800] "GET /xingrg/all/function/internal_message.html?_=1641959173290&CODE_STATE=getMsg HTTP/1.1" 302 -
124.79.247.218 - - [12/Jan/2022:11:44:10 +0800] "POST /xingrg/kc/buy/cgsh_order_operate.html HTTP/1.1" 200 37
124.79.247.218 - - [12/Jan/2022:11:44:11 +0800] "POST /xingrg/kc/buy/cgsh_order_operate.html HTTP/1.1" 200 3266
114.83.219.105 - - [12/Jan/2022:11:44:13 +0800] "GET /xingrg/all/function/internal_message.html?_=1641959049679&CODE_STATE=getMsg HTTP/1.1" 200 27
180.169.147.146 - - [12/Jan/2022:11:44:14 +0800] "GET /xingrg/kc/buy/cgsh_order_operate.html?command=get_materiel&rest_code=00147&code=00101029011&supplier_code=00100017&order_time=2022-01-12 HTTP/1.1" 200 459
180.169.147.146 - - [12/Jan/2022:11:44:15 +0800] "POST /xingrg/all/common/load_select.html HTTP/1.1" 200 25
124.79.247.218 - - [12/Jan/2022:11:44:16 +0800] "GET /xingrg/kc/print/load_data.html?order_code=212022011205484&kc_code=cgsh&condition= HTTP/1.1" 200 995
180.175.103.30 - - [12/Jan/2022:11:44:16 +0800] "GET /xingrg/all/function/internal_message.html?_=1641958992140&CODE_STATE=getMsg HTTP/1.1" 200 27
222.69.132.164 - - [12/Jan/2022:11:44:17 +0800] "GET /xingrg/kc/buy/cgsh_order_operate.html?command=get_materiel&rest_code=00154&code=00101008323&supplier_code=00100417&order_time=2022-01-12 HTTP/1.1" 200 408
180.169.147.146 - - [12/Jan/2022:11:44:18 +0800] "GET /xingrg/kc/buy/cgsh_order_operate.html?command=get_materiel_price&rest_code=00147&code=00101029011&unit_code=00100157&supplier_code=00100017&order_time=2022-01-12 HTTP/1.1" 200 29
114.95.98.1 - - [12/Jan/2022:11:44:26 +0800] "GET /xingrg/all/function/internal_message.html?_=1641959081038&CODE_STATE=getMsg HTTP/1.1" 200 27
180.157.251.97 - - [12/Jan/2022:11:44:32 +0800] "GET /xingrg/all/function/internal_message.html?_=1641959071167&CODE_STATE=getMsg HTTP/1.1" 200 27
222.70.177.227 - - [12/Jan/2022:11:44:32 +0800] "GET /xingrg/all/function/internal_message.html?_=1641959068961&CODE_STATE=getMsg HTTP/1.1" 200 27
180.169.147.146 - - [12/Jan/2022:11:44:33 +0800] "GET /xingrg/kc/buy/cgsh_order_operate.html?command=get_materiel&rest_code=00147&code=00101029002&supplier_code=00100017&order_time=2022-01-12 HTTP/1.1" 200 450
180.169.147.146 - - [12/Jan/2022:11:44:34 +0800] "POST /xingrg/all/common/load_select.html HTTP/1.1" 200 25
124.79.247.218 - - [12/Jan/2022:11:44:34 +0800] "GET /xingrg/kc/buy/cgsh_order_add.html HTTP/1.1" 200 65404
124.79.247.218 - - [12/Jan/2022:11:44:35 +0800] "POST /xingrg/kc/buy/cgsh_order_operate.html HTTP/1.1" 200 8245
124.79.247.218 - - [12/Jan/2022:11:44:35 +0800] "GET /xingrg/javascript/easyui/themes/default/validatebox.css HTTP/1.1" 404 1104
180.175.103.30 - - [12/Jan/2022:11:44:36 +0800] "GET /xingrg/all/function/internal_message.html?_=1641959076321&CODE_STATE=getMsg HTTP/1.1" 200 27
180.169.147.146 - - [12/Jan/2022:11:44:37 +0800] "GET /xingrg/all/function/internal_message.html?_=1641959075454&CODE_STATE=getMsg HTTP/1.1" 200 27
222.69.245.95 - - [12/Jan/2022:11:44:37 +0800] "GET /xingrg/all/function/internal_message.html?_=1641959014872&CODE_STATE=getMsg HTTP/1.1" 200 27
180.169.147.146 - - [12/Jan/2022:11:44:38 +0800] "GET /xingrg/kc/buy/cgsh_order_operate.html?command=get_materiel_price&rest_code=00147&code=00101029002&unit_code=00100157&supplier_code=00100017&order_time=2022-01-12 HTTP/1.1" 200 29
120.253.135.82 - - [12/Jan/2022:11:44:38 +0800] "GET /xingrg/all/function/internal_message.html?_=1641958863582&CODE_STATE=getMsg HTTP/1.1" 200 27
180.157.251.97 - - [12/Jan/2022:11:44:42 +0800] "GET /xingrg/all/function/internal_message.html?_=1641959081309&CODE_STATE=getMsg HTTP/1.1" 200 27
222.69.132.164 - - [12/Jan/2022:11:44:44 +0800] "GET /xingrg/check_reg.html?_=1641959126144 HTTP/1.1" 200 22
222.69.132.164 - - [12/Jan/2022:11:44:44 +0800] "GET /xingrg/all/function/internal_message.html?_=1641959126148&CODE_STATE=getMsg HTTP/1.1" 200 27
222.69.132.164 - - [12/Jan/2022:11:44:46 +0800] "GET /xingrg/kc/buy/cgsh_order_operate.html?command=get_materiel&rest_code=00154&code=00101008155&supplier_code=00100417&order_time=2022-01-12 HTTP/1.1" 200 408
180.169.147.146 - - [12/Jan/2022:11:44:47 +0800] "GET /xingrg/kc/buy/cgsh_order_operate.html?command=get_materiel&rest_code=00147&code=00101029022&supplier_code=00100017&order_time=2022-01-12 HTTP/1.1" 200 452
180.169.147.146 - - [12/Jan/2022:11:44:48 +0800] "POST /xingrg/all/common/load_select.html HTTP/1.1" 200 25
180.169.147.146 - - [12/Jan/2022:11:44:51 +0800] "GET /xingrg/all/function/internal_message.html?_=1641959089672&CODE_STATE=getMsg HTTP/1.1" 200 27
180.169.147.146 - - [12/Jan/2022:11:44:51 +0800] "GET /xingrg/check_reg.html?_=1641959089675 HTTP/1.1" 200 22
180.169.147.146 - - [12/Jan/2022:11:44:52 +0800] "GET /xingrg/kc/buy/cgsh_order_operate.html?command=get_materiel_price&rest_code=00147&code=00101029022&unit_code=00100157&supplier_code=00100017&order_time=2022-01-12 HTTP/1.1" 200 29
101.85.120.86 - - [12/Jan/2022:11:44:55 +0800] "GET /xingrg/all/function/internal_message.html?_=1641959092903&CODE_STATE=getMsg HTTP/1.1" 200 27
124.79.247.218 - - [12/Jan/2022:11:44:56 +0800] "GET /xingrg/all/function/internal_message.html?_=1641959231271&CODE_STATE=getMsg HTTP/1.1" 200 27
116.237.73.232 - - [12/Jan/2022:11:44:57 +0800] "GET /xingrg/all/function/internal_message.html?_=1641959092027&CODE_STATE=getMsg HTTP/1.1" 200 27
124.79.247.218 - - [12/Jan/2022:11:44:57 +0800] "GET /xingrg/check_reg.html?_=1641959232665 HTTP/1.1" 200 22
124.79.247.218 - - [12/Jan/2022:11:44:58 +0800] "GET /xingrg/kc/buy/cgsh_order_operate.html?command=get_materiel&rest_code=00104&code=00101007081&supplier_code=00100003&order_time=2022-01-12 HTTP/1.1" 200 415
180.169.147.146 - - [12/Jan/2022:11:45:02 +0800] "GET /xingrg/kc/buy/cgsh_order_operate.html?command=get_materiel&rest_code=00147&code=00101029010&supplier_code=00100017&order_time=2022-01-12 HTTP/1.1" 200 439
58.221.95.50 - - [12/Jan/2022:11:45:02 +0800] "GET /xingrg/all/function/internal_message.html?_=1641959100400&CODE_STATE=getMsg HTTP/1.1" 302 -
180.169.147.146 - - [12/Jan/2022:11:45:02 +0800] "POST /xingrg/all/common/load_select.html HTTP/1.1" 200 25
114.84.144.24 - - [12/Jan/2022:11:45:03 +0800] "GET /xingrg/all/function/internal_message.html?_=1641958916406&CODE_STATE=getMsg HTTP/1.1" 200 27
222.70.243.96 - - [12/Jan/2022:11:45:03 +0800] "GET /xingrg/all/function/internal_message.html?_=1641959111684&CODE_STATE=getMsg HTTP/1.1" 200 27
180.169.147.146 - - [12/Jan/2022:11:45:08 +0800] "GET /xingrg/kc/buy/cgsh_order_operate.html?command=get_materiel_price&rest_code=00147&code=00101029010&unit_code=00100201&supplier_code=00100017&order_time=2022-01-12 HTTP/1.1" 200 30
180.162.114.48 - - [12/Jan/2022:11:45:08 +0800] "GET /xingrg/all/function/internal_message.html?_=1641958522250&CODE_STATE=getMsg HTTP/1.1" 200 27
120.253.135.82 - - [12/Jan/2022:11:45:10 +0800] "GET /xingrg/all/function/internal_message.html?_=1641959233299&CODE_STATE=getMsg HTTP/1.1" 302 -
114.83.219.105 - - [12/Jan/2022:11:45:13 +0800] "GET /xingrg/all/function/internal_message.html?_=1641959109651&CODE_STATE=getMsg HTTP/1.1" 200 27
180.175.103.30 - - [12/Jan/2022:11:45:16 +0800] "GET /xingrg/all/function/internal_message.html?_=1641959052124&CODE_STATE=getMsg HTTP/1.1" 200 27
180.169.147.146 - - [12/Jan/2022:11:45:20 +0800] "GET /xingrg/kc/buy/cgsh_order_operate.html?command=get_materiel&rest_code=00147&code=00101027001&supplier_code=00100017&order_time=2022-01-12 HTTP/1.1" 200 469
222.69.132.164 - - [12/Jan/2022:11:45:27 +0800] "POST /xingrg/kc/buy/cgsh_order_operate.html HTTP/1.1" 200 37
124.79.247.218 - - [12/Jan/2022:11:45:27 +0800] "GET /xingrg/kc/buy/cgsh_order_operate.html?command=get_materiel&rest_code=00104&code=00101007061&supplier_code=00100003&order_time=2022-01-12 HTTP/1.1" 200 409
114.95.98.1 - - [12/Jan/2022:11:45:27 +0800] "GET /xingrg/all/function/internal_message.html?_=1641959141052&CODE_STATE=getMsg HTTP/1.1" 200 27
180.169.147.146 - - [12/Jan/2022:11:45:28 +0800] "GET /xingrg/kc/buy/cgsh_order_operate.html?command=get_materiel&rest_code=00147&code=00101027007&supplier_code=00100017&order_time=2022-01-12 HTTP/1.1" 200 451
180.169.147.146 - - [12/Jan/2022:11:45:31 +0800] "POST /xingrg/all/common/load_select.html HTTP/1.1" 200 25
180.157.251.97 - - [12/Jan/2022:11:45:32 +0800] "GET /xingrg/all/function/internal_message.html?_=1641959131171&CODE_STATE=getMsg HTTP/1.1" 200 27
222.70.177.227 - - [12/Jan/2022:11:45:32 +0800] "GET /xingrg/all/function/internal_message.html?_=1641959128959&CODE_STATE=getMsg HTTP/1.1" 200 27
180.169.147.146 - - [12/Jan/2022:11:45:34 +0800] "GET /xingrg/kc/buy/cgsh_order_operate.html?command=get_materiel_price&rest_code=00147&code=00101027007&unit_code=00100189&supplier_code=00100017&order_time=2022-01-12 HTTP/1.1" 200 29
222.69.132.164 - - [12/Jan/2022:11:45:35 +0800] "POST /xingrg/kc/buy/cgsh_order_operate.html HTTP/1.1" 200 12
180.175.103.30 - - [12/Jan/2022:11:45:36 +0800] "GET /xingrg/all/function/internal_message.html?_=1641959136295&CODE_STATE=getMsg HTTP/1.1" 200 27
180.175.103.30 - - [12/Jan/2022:11:45:37 +0800] "GET /xingrg/check_reg.html?_=1641959137061 HTTP/1.1" 200 22
222.69.132.164 - - [12/Jan/2022:11:45:37 +0800] "GET /xingrg/kc/buy/cgsh_order_info.html?code=212022011205485 HTTP/1.1" 200 59437
180.169.147.146 - - [12/Jan/2022:11:45:37 +0800] "GET /xingrg/all/function/internal_message.html?_=1641959135444&CODE_STATE=getMsg HTTP/1.1" 200 27
222.69.245.95 - - [12/Jan/2022:11:45:37 +0800] "GET /xingrg/all/function/internal_message.html?_=1641959074879&CODE_STATE=getMsg HTTP/1.1" 200 27
222.69.132.164 - - [12/Jan/2022:11:45:38 +0800] "GET /xingrg/javascript/easyui/themes/default/validatebox.css HTTP/1.1" 404 1104
222.69.132.164 - - [12/Jan/2022:11:45:38 +0800] "POST /xingrg/kc/buy/cgsh_order_operate.html HTTP/1.1" 200 12992
120.253.135.82 - - [12/Jan/2022:11:45:38 +0800] "GET /xingrg/check_reg.html?_=1641958923521 HTTP/1.1" 200 22
120.253.135.82 - - [12/Jan/2022:11:45:38 +0800] "GET /xingrg/all/function/internal_message.html?_=1641958923609&CODE_STATE=getMsg HTTP/1.1" 200 27
222.69.132.164 - - [12/Jan/2022:11:45:40 +0800] "GET /xingrg/kc/print/load_config.html?kc_code=cgsh HTTP/1.1" 200 1943
222.69.132.164 - - [12/Jan/2022:11:45:41 +0800] "GET /xingrg/kc/print/load_data.html?order_code=212022011205485&kc_code=cgsh&condition= HTTP/1.1" 200 5354
180.157.251.97 - - [12/Jan/2022:11:45:42 +0800] "GET /xingrg/all/function/internal_message.html?_=1641959141308&CODE_STATE=getMsg HTTP/1.1" 200 27
180.169.147.146 - - [12/Jan/2022:11:45:43 +0800] "GET /xingrg/kc/buy/cgsh_order_operate.html?command=get_materiel&rest_code=00147&code=00101028011&supplier_code=00100017&order_time=2022-01-12 HTTP/1.1" 200 454
180.169.147.146 - - [12/Jan/2022:11:45:43 +0800] "POST /xingrg/all/common/load_select.html HTTP/1.1" 200 25
222.69.132.164 - - [12/Jan/2022:11:45:44 +0800] "GET /xingrg/all/function/internal_message.html?_=1641959186169&CODE_STATE=getMsg HTTP/1.1" 200 27
180.169.147.146 - - [12/Jan/2022:11:45:47 +0800] "GET /xingrg/kc/buy/cgsh_order_operate.html?command=get_materiel_price&rest_code=00147&code=00101028011&unit_code=00100157&supplier_code=00100017&order_time=2022-01-12 HTTP/1.1" 200 29
180.169.147.146 - - [12/Jan/2022:11:45:51 +0800] "GET /xingrg/all/function/internal_message.html?_=1641959149674&CODE_STATE=getMsg HTTP/1.1" 200 27
180.169.147.146 - - [12/Jan/2022:11:45:55 +0800] "POST /xingrg/kc/buy/cgsh_order_operate.html HTTP/1.1" 200 37
101.85.120.86 - - [12/Jan/2022:11:45:55 +0800] "GET /xingrg/all/function/internal_message.html?_=1641959152903&CODE_STATE=getMsg HTTP/1.1" 200 27
124.79.247.218 - - [12/Jan/2022:11:45:56 +0800] "GET /xingrg/all/function/internal_message.html?_=1641959291245&CODE_STATE=getMsg HTTP/1.1" 200 27
116.237.73.232 - - [12/Jan/2022:11:45:57 +0800] "GET /xingrg/all/function/internal_message.html?_=1641959152009&CODE_STATE=getMsg HTTP/1.1" 200 27
180.169.147.146 - - [12/Jan/2022:11:45:57 +0800] "POST /xingrg/kc/buy/cgsh_order_operate.html HTTP/1.1" 200 5809
180.169.147.146 - - [12/Jan/2022:11:45:58 +0800] "GET /xingrg/kc/print/load_data.html?order_code=212022011205486&kc_code=cgsh&condition= HTTP/1.1" 200 2073
58.221.95.50 - - [12/Jan/2022:11:46:02 +0800] "GET /xingrg/all/function/internal_message.html?_=1641959160376&CODE_STATE=getMsg HTTP/1.1" 302 -
222.70.243.96 - - [12/Jan/2022:11:46:03 +0800] "GET /xingrg/all/function/internal_message.html?_=1641959171848&CODE_STATE=getMsg HTTP/1.1" 200 27
114.84.144.24 - - [12/Jan/2022:11:46:04 +0800] "GET /xingrg/all/function/internal_message.html?_=1641958976383&CODE_STATE=getMsg HTTP/1.1" 200 27
61.151.178.177 - - [12/Jan/2022:11:46:06 +0800] "GET /xingrg/kc/buy/cgsh_order_add.html HTTP/1.1" 302 -
61.151.178.177 - - [12/Jan/2022:11:46:07 +0800] "GET /xingrg/login.html HTTP/1.1" 200 7641
180.162.114.48 - - [12/Jan/2022:11:46:08 +0800] "GET /xingrg/all/function/internal_message.html?_=1641958582235&CODE_STATE=getMsg HTTP/1.1" 200 27
120.253.135.82 - - [12/Jan/2022:11:46:10 +0800] "GET /xingrg/all/function/internal_message.html?_=1641959293357&CODE_STATE=getMsg HTTP/1.1" 302 -
114.83.219.105 - - [12/Jan/2022:11:46:13 +0800] "GET /xingrg/all/function/internal_message.html?_=1641959169622&CODE_STATE=getMsg HTTP/1.1" 200 27
180.175.103.30 - - [12/Jan/2022:11:46:16 +0800] "GET /xingrg/all/function/internal_message.html?_=1641959112110&CODE_STATE=getMsg HTTP/1.1" 200 27
114.95.98.1 - - [12/Jan/2022:11:46:27 +0800] "GET /xingrg/all/function/internal_message.html?_=1641959202009&CODE_STATE=getMsg HTTP/1.1" 200 27
180.157.251.97 - - [12/Jan/2022:11:46:32 +0800] "GET /xingrg/all/function/internal_message.html?_=1641959191159&CODE_STATE=getMsg HTTP/1.1" 200 27
222.70.177.227 - - [12/Jan/2022:11:46:32 +0800] "GET /xingrg/check_reg.html?_=1641959188959 HTTP/1.1" 200 22
222.70.177.227 - - [12/Jan/2022:11:46:32 +0800] "GET /xingrg/all/function/internal_message.html?_=1641959188962&CODE_STATE=getMsg HTTP/1.1" 200 27
180.175.103.30 - - [12/Jan/2022:11:46:36 +0800] "GET /xingrg/all/function/internal_message.html?_=1641959196266&CODE_STATE=getMsg HTTP/1.1" 200 27
222.69.245.95 - - [12/Jan/2022:11:46:36 +0800] "GET /xingrg/check_reg.html?_=1641959133681 HTTP/1.1" 200 22
120.253.135.82 - - [12/Jan/2022:11:46:36 +0800] "GET /xingrg/kc/pszx/mdqp_order_list.html?state=10 HTTP/1.1" 200 11056
120.253.135.82 - - [12/Jan/2022:11:46:36 +0800] "GET /xingrg/dwr/interface/AjaxReportQueryService.js HTTP/1.1" 200 13203
120.253.135.82 - - [12/Jan/2022:11:46:36 +0800] "GET /xingrg/dwr/interface/AjaxQqpsService.js HTTP/1.1" 200 16326
120.253.135.82 - - [12/Jan/2022:11:46:36 +0800] "GET /xingrg/dwr/engine.js HTTP/1.1" 200 43631
180.169.147.146 - - [12/Jan/2022:11:46:37 +0800] "GET /xingrg/all/function/internal_message.html?_=1641959195457&CODE_STATE=getMsg HTTP/1.1" 200 27
222.69.245.95 - - [12/Jan/2022:11:46:37 +0800] "GET /xingrg/all/function/internal_message.html?_=1641959134893&CODE_STATE=getMsg HTTP/1.1" 200 27
124.79.247.218 - - [12/Jan/2022:11:46:38 +0800] "GET /xingrg/kc/buy/cgsh_order_operate.html?command=get_materiel&rest_code=00104&code=00101007049&supplier_code=00100003&order_time=2022-01-12 HTTP/1.1" 200 409
120.253.135.82 - - [12/Jan/2022:11:46:38 +0800] "GET /xingrg/all/function/internal_message.html?_=1641958983612&CODE_STATE=getMsg HTTP/1.1" 200 27
120.253.135.82 - - [12/Jan/2022:11:46:39 +0800] "GET /xingrg/kc/pszx/mdps_order_list.html?orderType=0 HTTP/1.1" 200 20925
120.253.135.82 - - [12/Jan/2022:11:46:39 +0800] "POST /xingrg/kc/pszx/mdps_list_operate.html HTTP/1.1" 200 5689
116.237.73.232 - - [12/Jan/2022:11:46:40 +0800] "GET /xingrg/check_reg.html?_=1641959195365 HTTP/1.1" 200 22
222.70.243.96 - - [12/Jan/2022:11:46:41 +0800] "GET /xingrg/check_reg.html?_=1641959209175 HTTP/1.1" 200 22
180.157.251.97 - - [12/Jan/2022:11:46:42 +0800] "GET /xingrg/all/function/internal_message.html?_=1641959201308&CODE_STATE=getMsg HTTP/1.1" 200 27
222.69.132.164 - - [12/Jan/2022:11:46:44 +0800] "GET /xingrg/all/function/internal_message.html?_=1641959246150&CODE_STATE=getMsg HTTP/1.1" 200 27
120.253.135.82 - - [12/Jan/2022:11:46:45 +0800] "GET /xingrg/kc/pszx/mdps_order_list.html?orderType=0 HTTP/1.1" 200 20925
120.253.135.82 - - [12/Jan/2022:11:46:45 +0800] "POST /xingrg/kc/pszx/mdps_list_operate.html HTTP/1.1" 200 5689
180.169.147.146 - - [12/Jan/2022:11:46:51 +0800] "GET /xingrg/all/function/internal_message.html?_=1641959209665&CODE_STATE=getMsg HTTP/1.1" 200 27
120.253.135.82 - - [12/Jan/2022:11:46:52 +0800] "POST /xingrg/kc/pszx/mdps_list_operate.html HTTP/1.1" 200 2062
124.79.247.218 - - [12/Jan/2022:11:46:52 +0800] "POST /xingrg/kc/buy/cgsh_order_operate.html HTTP/1.1" 200 37
