120.253.135.82 - - [12/Jan/2022:09:53:35 +0800] "POST /xingrg/kc/pszx/mdps_order_operate.html HTTP/1.1" 200 12
114.84.144.24 - - [12/Jan/2022:09:53:36 +0800] "GET /xingrg/kc/buy/cgsh_order_operate.html?command=get_materiel&rest_code=00141&code=00101012038&supplier_code=00100036&order_time=2022-01-12 HTTP/1.1" 200 412
120.253.135.82 - - [12/Jan/2022:09:53:36 +0800] "GET /xingrg/kc/pszx/mdps_order_info.html?code=312022011200422 HTTP/1.1" 200 19591
180.175.103.30 - - [12/Jan/2022:09:53:37 +0800] "GET /xingrg/all/function/internal_message.html?_=1641952416917&CODE_STATE=getMsg HTTP/1.1" 200 27
222.70.243.96 - - [12/Jan/2022:09:53:37 +0800] "GET /xingrg/all/function/internal_message.html?_=1641952424749&CODE_STATE=getMsg HTTP/1.1" 200 27
120.253.135.82 - - [12/Jan/2022:09:53:37 +0800] "GET /xingrg/javascript/easyui/themes/default/validatebox.css HTTP/1.1" 404 1104
120.253.135.82 - - [12/Jan/2022:09:53:38 +0800] "POST /xingrg/kc/pszx/mdps_order_operate.html HTTP/1.1" 200 1493
101.85.120.86 - - [12/Jan/2022:09:53:39 +0800] "GET /xingrg/all/function/internal_message.html?_=1641952417028&CODE_STATE=getMsg HTTP/1.1" 200 27
120.253.135.82 - - [12/Jan/2022:09:53:40 +0800] "GET /xingrg/check_reg.html?_=1641952544008 HTTP/1.1" 302 -
120.253.135.82 - - [12/Jan/2022:09:53:41 +0800] "GET /xingrg/kc/pszx/mdps_order_info.html?code=312022011200422 HTTP/1.1" 200 19591
120.253.135.82 - - [12/Jan/2022:09:53:42 +0800] "GET /xingrg/javascript/easyui/themes/default/validatebox.css HTTP/1.1" 404 1104
120.253.135.82 - - [12/Jan/2022:09:53:42 +0800] "POST /xingrg/kc/pszx/mdps_order_operate.html HTTP/1.1" 200 1493
120.253.135.82 - - [12/Jan/2022:09:53:44 +0800] "POST /xingrg/kc/pszx/mdps_list_operate.html HTTP/1.1" 200 2062
222.70.177.227 - - [12/Jan/2022:09:53:44 +0800] "GET /xingrg/all/function/internal_message.html?_=1641952421216&CODE_STATE=getMsg HTTP/1.1" 200 27
114.84.144.24 - - [12/Jan/2022:09:53:46 +0800] "GET /xingrg/kc/buy/cgsh_order_operate.html?command=get_materiel&rest_code=00141&code=00101011005&supplier_code=00100036&order_time=2022-01-12 HTTP/1.1" 200 408
120.253.135.82 - - [12/Jan/2022:09:53:46 +0800] "GET /xingrg/kc/pszx/mdqp_order_list.html?state=10 HTTP/1.1" 200 12679
120.253.135.82 - - [12/Jan/2022:09:53:46 +0800] "GET /xingrg/dwr/interface/AjaxQqpsService.js HTTP/1.1" 200 16326
120.253.135.82 - - [12/Jan/2022:09:53:46 +0800] "GET /xingrg/dwr/interface/AjaxReportQueryService.js HTTP/1.1" 200 13203
120.253.135.82 - - [12/Jan/2022:09:53:46 +0800] "GET /xingrg/dwr/engine.js HTTP/1.1" 200 43631
120.253.135.82 - - [12/Jan/2022:09:53:50 +0800] "GET /xingrg/kc/pszx/mdqp_order_info.html?code=302022011200299 HTTP/1.1" 200 13350
120.253.135.82 - - [12/Jan/2022:09:53:50 +0800] "GET /xingrg/javascript/tools/jquery.qtip-1.0.0-rc3.min.js HTTP/1.1" 304 -
120.253.135.82 - - [12/Jan/2022:09:53:50 +0800] "GET /xingrg/javascript/checkform.js HTTP/1.1" 304 -
120.253.135.82 - - [12/Jan/2022:09:53:50 +0800] "GET /xingrg/dwr/interface/AjaxComOrderService.js HTTP/1.1" 200 18264
120.253.135.82 - - [12/Jan/2022:09:53:50 +0800] "GET /xingrg/javascript/ToolTips.js HTTP/1.1" 304 -
120.253.135.82 - - [12/Jan/2022:09:53:50 +0800] "GET /xingrg/javascript/AjaxInfoList.js HTTP/1.1" 304 -
120.253.135.82 - - [12/Jan/2022:09:53:50 +0800] "GET /xingrg/javascript/Grid.js HTTP/1.1" 304 -
120.253.135.82 - - [12/Jan/2022:09:53:50 +0800] "GET /xingrg/dwr/interface/AjaxQqpsService.js HTTP/1.1" 200 16326
120.253.135.82 - - [12/Jan/2022:09:53:50 +0800] "GET /xingrg/dwr/engine.js HTTP/1.1" 200 43631
120.253.135.82 - - [12/Jan/2022:09:53:50 +0800] "GET /xingrg/javascript/jquery_easy_ui/themes/icons/print.png HTTP/1.1" 304 -
120.253.135.82 - - [12/Jan/2022:09:53:50 +0800] "GET /xingrg/javascript/jquery_easy_ui/themes/default/images/menu_downarrow.png HTTP/1.1" 304 -
120.253.135.82 - - [12/Jan/2022:09:53:50 +0800] "GET /xingrg/images/blue/button/kc_tab_edit.gif HTTP/1.1" 304 -
120.253.135.82 - - [12/Jan/2022:09:53:50 +0800] "GET /xingrg/images/blue/button/kc_tab_save.gif HTTP/1.1" 304 -
120.253.135.82 - - [12/Jan/2022:09:53:50 +0800] "GET /xingrg/images/blue/kc_tab_mid.gif HTTP/1.1" 304 -
120.253.135.82 - - [12/Jan/2022:09:53:50 +0800] "GET /xingrg/images/blue/kc_tab_left.gif HTTP/1.1" 304 -
120.253.135.82 - - [12/Jan/2022:09:53:50 +0800] "GET /xingrg/images/blue/kc_tab_right.gif HTTP/1.1" 304 -
120.253.135.82 - - [12/Jan/2022:09:53:50 +0800] "GET /xingrg/images/blue/kc_tab2_left.gif HTTP/1.1" 304 -
120.253.135.82 - - [12/Jan/2022:09:53:50 +0800] "GET /xingrg/images/blue/kc_tab2_right.gif HTTP/1.1" 304 -
120.253.135.82 - - [12/Jan/2022:09:53:50 +0800] "GET /xingrg/images/blue/wait.gif HTTP/1.1" 304 -
120.253.135.82 - - [12/Jan/2022:09:53:51 +0800] "POST /xingrg/dwr/call/plaincall/AjaxQqpsService.loadMaterielItems.dwr HTTP/1.1" 200 4809
120.253.135.82 - - [12/Jan/2022:09:53:56 +0800] "GET /xingrg/images/yd/bt.gif HTTP/1.1" 404 1040
120.253.135.82 - - [12/Jan/2022:09:53:56 +0800] "GET /xingrg/images/yd/bt2.gif HTTP/1.1" 404 1042
124.79.247.218 - - [12/Jan/2022:09:53:57 +0800] "GET /xingrg/all/function/internal_message.html?_=1641952572620&CODE_STATE=getMsg HTTP/1.1" 200 27
114.84.144.24 - - [12/Jan/2022:09:53:57 +0800] "GET /xingrg/kc/buy/cgsh_order_operate.html?command=get_materiel&rest_code=00141&code=00101016025&supplier_code=00100036&order_time=2022-01-12 HTTP/1.1" 200 408
222.70.243.96 - - [12/Jan/2022:09:53:59 +0800] "GET /xingrg/kc/buy/cgsh_order_operate.html?command=get_materiel&rest_code=00146&code=00101013011&supplier_code=00100049&order_time=2022-01-12 HTTP/1.1" 200 432
120.253.135.82 - - [12/Jan/2022:09:54:00 +0800] "GET /xingrg/all/function/internal_message.html?_=1641952224838&CODE_STATE=getMsg HTTP/1.1" 200 27
222.69.245.95 - - [12/Jan/2022:09:54:02 +0800] "GET /xingrg/all/function/internal_message.html?_=1641952380144&CODE_STATE=getMsg HTTP/1.1" 200 27
222.70.217.149 - - [12/Jan/2022:09:54:03 +0800] "GET /xingrg/all/function/internal_message.html?_=1641952436630&CODE_STATE=getMsg HTTP/1.1" 200 27
114.84.144.24 - - [12/Jan/2022:09:54:04 +0800] "GET /xingrg/all/function/internal_message.html?_=1641952257464&CODE_STATE=getMsg HTTP/1.1" 200 27
58.221.95.50 - - [12/Jan/2022:09:54:04 +0800] "GET /xingrg/all/function/internal_message.html?_=1641952443610&CODE_STATE=getMsg HTTP/1.1" 302 -
114.83.219.105 - - [12/Jan/2022:09:54:06 +0800] "GET /xingrg/all/function/internal_message.html?_=1641952442471&CODE_STATE=getMsg HTTP/1.1" 200 27
120.253.135.82 - - [12/Jan/2022:09:54:06 +0800] "GET /xingrg/all/function/internal_message.html?_=1641952569929&CODE_STATE=getMsg HTTP/1.1" 302 -
120.253.135.82 - - [12/Jan/2022:09:54:11 +0800] "GET /xingrg/javascript/jquery_easy_ui/themes/default/images/button_plain_hover.png HTTP/1.1" 304 -
120.253.135.82 - - [12/Jan/2022:09:54:12 +0800] "GET /xingrg/kc/pszx/mdqp_order_list.html?isBack=1 HTTP/1.1" 302 -
120.253.135.82 - - [12/Jan/2022:09:54:12 +0800] "GET /xingrg/kc/pszx/mdqp_order_list.html?state=10 HTTP/1.1" 200 12679
120.253.135.82 - - [12/Jan/2022:09:54:12 +0800] "GET /xingrg/dwr/interface/AjaxReportQueryService.js HTTP/1.1" 200 13203
120.253.135.82 - - [12/Jan/2022:09:54:12 +0800] "GET /xingrg/dwr/interface/AjaxQqpsService.js HTTP/1.1" 200 16326
120.253.135.82 - - [12/Jan/2022:09:54:12 +0800] "GET /xingrg/dwr/engine.js HTTP/1.1" 200 43631
114.84.144.24 - - [12/Jan/2022:09:54:13 +0800] "GET /xingrg/kc/buy/cgsh_order_operate.html?command=get_materiel&rest_code=00141&code=00101012025&supplier_code=00100036&order_time=2022-01-12 HTTP/1.1" 200 412
120.253.135.82 - - [12/Jan/2022:09:54:15 +0800] "GET /xingrg/kc/pszx/mdqp_order_info.html?code=302022011200300 HTTP/1.1" 200 13350
120.253.135.82 - - [12/Jan/2022:09:54:15 +0800] "GET /xingrg/dwr/interface/AjaxComOrderService.js HTTP/1.1" 200 18264
120.253.135.82 - - [12/Jan/2022:09:54:15 +0800] "GET /xingrg/dwr/interface/AjaxQqpsService.js HTTP/1.1" 200 16326
120.253.135.82 - - [12/Jan/2022:09:54:15 +0800] "GET /xingrg/dwr/engine.js HTTP/1.1" 200 43631
120.253.135.82 - - [12/Jan/2022:09:54:16 +0800] "POST /xingrg/dwr/call/plaincall/AjaxQqpsService.loadMaterielItems.dwr HTTP/1.1" 200 771
222.70.243.96 - - [12/Jan/2022:09:54:16 +0800] "POST /xingrg/kc/buy/cgsh_order_operate.html HTTP/1.1" 200 37
222.70.243.96 - - [12/Jan/2022:09:54:18 +0800] "POST /xingrg/kc/buy/cgsh_order_operate.html HTTP/1.1" 200 3269
222.69.245.95 - - [12/Jan/2022:09:54:19 +0800] "GET /xingrg/javascript/jquery_tools/images/next.gif HTTP/1.1" 404 1086
222.69.245.95 - - [12/Jan/2022:09:54:19 +0800] "GET /xingrg/javascript/jquery_tools/images/prev.gif HTTP/1.1" 404 1086
120.253.135.82 - - [12/Jan/2022:09:54:19 +0800] "GET /xingrg/kc/pszx/mdqp_order_list.html?isBack=1 HTTP/1.1" 302 -
120.253.135.82 - - [12/Jan/2022:09:54:20 +0800] "GET /xingrg/kc/pszx/mdqp_order_list.html?state=10 HTTP/1.1" 200 12679
120.253.135.82 - - [12/Jan/2022:09:54:20 +0800] "GET /xingrg/dwr/interface/AjaxReportQueryService.js HTTP/1.1" 200 13203
120.253.135.82 - - [12/Jan/2022:09:54:20 +0800] "GET /xingrg/dwr/interface/AjaxQqpsService.js HTTP/1.1" 200 16326
120.253.135.82 - - [12/Jan/2022:09:54:20 +0800] "GET /xingrg/dwr/engine.js HTTP/1.1" 200 43631
222.70.243.96 - - [12/Jan/2022:09:54:22 +0800] "GET /xingrg/kc/print/load_data.html?order_code=212022011205431&kc_code=cgsh&condition= HTTP/1.1" 200 972
120.253.135.82 - - [12/Jan/2022:09:54:22 +0800] "GET /xingrg/kc/pszx/mdqp_order_info.html?code=302022011200301 HTTP/1.1" 200 13350
114.84.144.24 - - [12/Jan/2022:09:54:22 +0800] "GET /xingrg/kc/buy/cgsh_order_operate.html?command=get_materiel&rest_code=00141&code=00101011004&supplier_code=00100036&order_time=2022-01-12 HTTP/1.1" 200 412
120.253.135.82 - - [12/Jan/2022:09:54:22 +0800] "GET /xingrg/dwr/interface/AjaxComOrderService.js HTTP/1.1" 200 18264
120.253.135.82 - - [12/Jan/2022:09:54:22 +0800] "GET /xingrg/dwr/interface/AjaxQqpsService.js HTTP/1.1" 200 16326
120.253.135.82 - - [12/Jan/2022:09:54:22 +0800] "GET /xingrg/dwr/engine.js HTTP/1.1" 200 43631
120.253.135.82 - - [12/Jan/2022:09:54:23 +0800] "POST /xingrg/dwr/call/plaincall/AjaxQqpsService.loadMaterielItems.dwr HTTP/1.1" 200 1573
222.70.217.149 - - [12/Jan/2022:09:54:25 +0800] "GET /xingrg/kc/mdqp/qqps_order_list.html HTTP/1.1" 200 9222
222.70.217.149 - - [12/Jan/2022:09:54:25 +0800] "GET /xingrg/dwr/interface/AjaxQqpsService.js HTTP/1.1" 200 16326
222.70.217.149 - - [12/Jan/2022:09:54:25 +0800] "GET /xingrg/dwr/interface/AjaxReportQueryService.js HTTP/1.1" 200 13203
222.70.217.149 - - [12/Jan/2022:09:54:25 +0800] "GET /xingrg/dwr/engine.js HTTP/1.1" 200 43631
222.70.217.149 - - [12/Jan/2022:09:54:25 +0800] "GET /xingrg/dwr/util.js HTTP/1.1" 200 35990
222.69.245.95 - - [12/Jan/2022:09:54:26 +0800] "POST /xingrg/kc/buy/cgsh_list_operate.html HTTP/1.1" 200 2133
222.70.217.149 - - [12/Jan/2022:09:54:28 +0800] "POST /xingrg/dwr/call/plaincall/AjaxReportQueryService.getFixDate.dwr HTTP/1.1" 200 111
222.70.217.149 - - [12/Jan/2022:09:54:29 +0800] "GET /xingrg/kc/mdqp/qqps_order_list.html?isQuery=1&timeSelect=1&orderTime=previousMonth&startTime=2021-12-01&endTime=2021-12-31&state=all&query=%C8%B7++%B6%A8 HTTP/1.1" 200 15913
120.253.135.82 - - [12/Jan/2022:09:54:29 +0800] "GET /xingrg/kc/pszx/mdqp_order_list.html?isBack=1 HTTP/1.1" 302 -
222.70.217.149 - - [12/Jan/2022:09:54:29 +0800] "GET /xingrg/dwr/interface/AjaxReportQueryService.js HTTP/1.1" 200 13203
222.70.217.149 - - [12/Jan/2022:09:54:29 +0800] "GET /xingrg/dwr/interface/AjaxQqpsService.js HTTP/1.1" 200 16326
222.70.217.149 - - [12/Jan/2022:09:54:29 +0800] "GET /xingrg/dwr/engine.js HTTP/1.1" 200 43631
120.253.135.82 - - [12/Jan/2022:09:54:30 +0800] "GET /xingrg/kc/pszx/mdqp_order_list.html?state=10 HTTP/1.1" 200 12679
120.253.135.82 - - [12/Jan/2022:09:54:30 +0800] "GET /xingrg/dwr/interface/AjaxReportQueryService.js HTTP/1.1" 200 13203
120.253.135.82 - - [12/Jan/2022:09:54:30 +0800] "GET /xingrg/dwr/interface/AjaxQqpsService.js HTTP/1.1" 200 16326
120.253.135.82 - - [12/Jan/2022:09:54:30 +0800] "GET /xingrg/dwr/engine.js HTTP/1.1" 200 43631
114.84.144.24 - - [12/Jan/2022:09:54:31 +0800] "GET /xingrg/kc/buy/cgsh_order_operate.html?command=get_materiel&rest_code=00141&code=00101016105&supplier_code=00100036&order_time=2022-01-12 HTTP/1.1" 200 409
120.253.135.82 - - [12/Jan/2022:09:54:33 +0800] "GET /xingrg/kc/pszx/mdqp_order_info.html?code=302022011200302 HTTP/1.1" 200 13350
120.253.135.82 - - [12/Jan/2022:09:54:33 +0800] "GET /xingrg/dwr/interface/AjaxComOrderService.js HTTP/1.1" 200 18264
120.253.135.82 - - [12/Jan/2022:09:54:33 +0800] "GET /xingrg/dwr/interface/AjaxQqpsService.js HTTP/1.1" 200 16326
120.253.135.82 - - [12/Jan/2022:09:54:33 +0800] "GET /xingrg/dwr/engine.js HTTP/1.1" 200 43631
120.253.135.82 - - [12/Jan/2022:09:54:34 +0800] "POST /xingrg/dwr/call/plaincall/AjaxQqpsService.loadMaterielItems.dwr HTTP/1.1" 200 1601
180.175.103.30 - - [12/Jan/2022:09:54:37 +0800] "GET /xingrg/all/function/internal_message.html?_=1641952476911&CODE_STATE=getMsg HTTP/1.1" 200 27
222.70.243.96 - - [12/Jan/2022:09:54:37 +0800] "GET /xingrg/all/function/internal_message.html?_=1641952484778&CODE_STATE=getMsg HTTP/1.1" 200 27
120.253.135.82 - - [12/Jan/2022:09:54:38 +0800] "GET /xingrg/kc/pszx/mdqp_order_list.html?isBack=1 HTTP/1.1" 302 -
120.253.135.82 - - [12/Jan/2022:09:54:38 +0800] "GET /xingrg/kc/pszx/mdqp_order_list.html?state=10 HTTP/1.1" 200 12679
120.253.135.82 - - [12/Jan/2022:09:54:38 +0800] "GET /xingrg/dwr/interface/AjaxReportQueryService.js HTTP/1.1" 200 13203
120.253.135.82 - - [12/Jan/2022:09:54:38 +0800] "GET /xingrg/dwr/interface/AjaxQqpsService.js HTTP/1.1" 200 16326
120.253.135.82 - - [12/Jan/2022:09:54:38 +0800] "GET /xingrg/dwr/engine.js HTTP/1.1" 200 43631
101.85.120.86 - - [12/Jan/2022:09:54:39 +0800] "GET /xingrg/all/function/internal_message.html?_=1641952477041&CODE_STATE=getMsg HTTP/1.1" 200 27
120.253.135.82 - - [12/Jan/2022:09:54:40 +0800] "GET /xingrg/kc/pszx/mdqp_order_info.html?code=302022011200303 HTTP/1.1" 200 13350
120.253.135.82 - - [12/Jan/2022:09:54:40 +0800] "GET /xingrg/dwr/interface/AjaxComOrderService.js HTTP/1.1" 200 18264
120.253.135.82 - - [12/Jan/2022:09:54:40 +0800] "GET /xingrg/dwr/interface/AjaxQqpsService.js HTTP/1.1" 200 16326
120.253.135.82 - - [12/Jan/2022:09:54:40 +0800] "GET /xingrg/dwr/engine.js HTTP/1.1" 200 43631
120.253.135.82 - - [12/Jan/2022:09:54:41 +0800] "POST /xingrg/dwr/call/plaincall/AjaxQqpsService.loadMaterielItems.dwr HTTP/1.1" 200 2299
222.70.217.149 - - [12/Jan/2022:09:54:43 +0800] "GET /xingrg/kc/buy/cgsh_order_list.html HTTP/1.1" 200 49594
222.70.217.149 - - [12/Jan/2022:09:54:43 +0800] "GET /xingrg/kc/buy/cgsh_order_list.html HTTP/1.1" 200 8212
222.70.177.227 - - [12/Jan/2022:09:54:44 +0800] "GET /xingrg/all/function/internal_message.html?_=1641952481216&CODE_STATE=getMsg HTTP/1.1" 200 27
114.84.144.24 - - [12/Jan/2022:09:54:47 +0800] "POST /xingrg/kc/buy/cgsh_order_operate.html HTTP/1.1" 200 37
222.70.243.96 - - [12/Jan/2022:09:54:47 +0800] "GET /xingrg/kc/buy/cgsh_order_add.html HTTP/1.1" 200 65363
124.79.247.218 - - [12/Jan/2022:09:54:47 +0800] "POST /xingrg/services/DataTransmitService HTTP/1.1" 200 524
222.70.243.96 - - [12/Jan/2022:09:54:47 +0800] "POST /xingrg/kc/buy/cgsh_order_operate.html HTTP/1.1" 200 8245
222.70.243.96 - - [12/Jan/2022:09:54:47 +0800] "GET /xingrg/javascript/easyui/themes/default/validatebox.css HTTP/1.1" 404 1104
124.79.247.218 - - [12/Jan/2022:09:54:48 +0800] "POST /xingrg/services/DataTransmitService HTTP/1.1" 200 2235
124.79.247.218 - - [12/Jan/2022:09:54:50 +0800] "POST /xingrg/services/DataTransmitService HTTP/1.1" 200 137488
114.84.144.24 - - [12/Jan/2022:09:54:54 +0800] "POST /xingrg/kc/buy/cgsh_order_operate.html HTTP/1.1" 200 12
222.70.217.149 - - [12/Jan/2022:09:54:55 +0800] "POST /xingrg/kc/buy/cgsh_list_operate.html HTTP/1.1" 200 2772
180.169.147.146 - - [12/Jan/2022:09:54:57 +0800] "GET /xingrg/kc/mdqp/pssh_order_list.html?isBack=1 HTTP/1.1" 302 -
180.169.147.146 - - [12/Jan/2022:09:54:57 +0800] "GET /xingrg/login.html HTTP/1.1" 200 7641
114.84.144.24 - - [12/Jan/2022:09:54:57 +0800] "GET /xingrg/kc/buy/cgsh_order_info.html?code=212022011205432 HTTP/1.1" 200 60315
180.169.147.146 - - [12/Jan/2022:09:54:57 +0800] "GET /xingrg/login.html HTTP/1.1" 200 7641
124.79.247.218 - - [12/Jan/2022:09:54:57 +0800] "GET /xingrg/all/function/internal_message.html?_=1641952632620&CODE_STATE=getMsg HTTP/1.1" 200 27
124.79.247.218 - - [12/Jan/2022:09:54:57 +0800] "GET /xingrg/check_reg.html?_=1641952632618 HTTP/1.1" 200 22
114.84.144.24 - - [12/Jan/2022:09:54:57 +0800] "GET /xingrg/javascript/easyui/themes/default/validatebox.css HTTP/1.1" 404 1104
180.169.147.146 - - [12/Jan/2022:09:54:57 +0800] "GET /favicon.ico HTTP/1.1" 404 -
114.84.144.24 - - [12/Jan/2022:09:54:58 +0800] "POST /xingrg/kc/buy/cgsh_order_operate.html HTTP/1.1" 200 7708
222.69.245.95 - - [12/Jan/2022:09:54:59 +0800] "POST /xingrg/kc/buy/cgsh_list_operate.html HTTP/1.1" 200 2085
120.253.135.82 - - [12/Jan/2022:09:55:00 +0800] "GET /xingrg/all/function/internal_message.html?_=1641952284851&CODE_STATE=getMsg HTTP/1.1" 200 27
114.84.144.24 - - [12/Jan/2022:09:55:00 +0800] "GET /xingrg/kc/print/load_data.html?order_code=212022011205432&kc_code=cgsh&condition= HTTP/1.1" 200 3484
180.169.147.146 - - [12/Jan/2022:09:55:02 +0800] "POST /xingrg/login.do HTTP/1.1" 302 -
222.69.245.95 - - [12/Jan/2022:09:55:02 +0800] "GET /xingrg/check_reg.html?_=1641952440058 HTTP/1.1" 200 22
222.69.245.95 - - [12/Jan/2022:09:55:02 +0800] "GET /xingrg/all/function/internal_message.html?_=1641952440158&CODE_STATE=getMsg HTTP/1.1" 200 27
222.70.217.149 - - [12/Jan/2022:09:55:03 +0800] "GET /xingrg/all/function/internal_message.html?_=1641952496639&CODE_STATE=getMsg HTTP/1.1" 200 27
222.69.245.95 - - [12/Jan/2022:09:55:03 +0800] "POST /xingrg/kc/buy/cgsh_list_operate.html HTTP/1.1" 200 490
114.84.144.24 - - [12/Jan/2022:09:55:04 +0800] "GET /xingrg/all/function/internal_message.html?_=1641952317465&CODE_STATE=getMsg HTTP/1.1" 200 27
58.221.95.50 - - [12/Jan/2022:09:55:04 +0800] "GET /xingrg/all/function/internal_message.html?_=1641952503595&CODE_STATE=getMsg HTTP/1.1" 302 -
222.70.182.25 - - [12/Jan/2022:09:55:05 +0800] "POST /xingrg/services/DataTransmitService HTTP/1.1" 200 524
180.169.147.146 - - [12/Jan/2022:09:55:06 +0800] "POST /xingrg/login.do HTTP/1.1" 302 -
114.84.144.24 - - [12/Jan/2022:09:55:06 +0800] "GET /xingrg/kc/buy/cgsh_order_add.html HTTP/1.1" 200 65404
114.84.144.24 - - [12/Jan/2022:09:55:06 +0800] "POST /xingrg/kc/buy/cgsh_order_operate.html HTTP/1.1" 200 8245
114.84.144.24 - - [12/Jan/2022:09:55:06 +0800] "GET /xingrg/javascript/easyui/themes/default/validatebox.css HTTP/1.1" 404 1104
114.83.219.105 - - [12/Jan/2022:09:55:06 +0800] "GET /xingrg/all/function/internal_message.html?_=1641952502464&CODE_STATE=getMsg HTTP/1.1" 200 27
180.169.147.146 - - [12/Jan/2022:09:55:06 +0800] "GET /xingrg/index.html?sysBaseUrl=http%3A%2F%2F180.169.147.146%3A18081%2Fxingrg%2F&costTime=3930×tamp=1641952506022 HTTP/1.1" 200 17179
222.69.245.95 - - [12/Jan/2022:09:55:06 +0800] "GET /xingrg/kc/buy/cgsh_order_info.html?code=212022011205430 HTTP/1.1" 200 64982
120.253.135.82 - - [12/Jan/2022:09:55:06 +0800] "GET /xingrg/all/function/internal_message.html?_=1641952629932&CODE_STATE=getMsg HTTP/1.1" 302 -
180.169.147.146 - - [12/Jan/2022:09:55:06 +0800] "GET /favicon.ico HTTP/1.1" 404 -
180.169.147.146 - - [12/Jan/2022:09:55:06 +0800] "GET /xingrg/all/function/internal_message.html?_=1641952502921&CODE_STATE=count HTTP/1.1" 200 11
180.169.147.146 - - [12/Jan/2022:09:55:06 +0800] "GET /xingrg/check_reg.html?_=1641952502923 HTTP/1.1" 200 22
222.70.182.25 - - [12/Jan/2022:09:55:06 +0800] "POST /xingrg/services/DataTransmitService HTTP/1.1" 200 2419
222.69.245.95 - - [12/Jan/2022:09:55:07 +0800] "GET /xingrg/javascript/easyui/themes/default/validatebox.css HTTP/1.1" 404 1104
180.169.147.146 - - [12/Jan/2022:09:55:07 +0800] "POST /xingrg/load_menu.html HTTP/1.1" 200 5138
180.169.147.146 - - [12/Jan/2022:09:55:07 +0800] "POST /xingrg/all/common/load_tree.html?tree=area_rest_tree_json&manage=1 HTTP/1.1" 200 351
180.169.147.146 - - [12/Jan/2022:09:55:07 +0800] "POST /xingrg/login.do HTTP/1.1" 200 2098
222.69.245.95 - - [12/Jan/2022:09:55:07 +0800] "POST /xingrg/kc/buy/cgsh_order_operate.html HTTP/1.1" 200 5049
180.169.147.146 - - [12/Jan/2022:09:55:08 +0800] "POST /xingrg/login.do HTTP/1.1" 200 2098
222.70.182.25 - - [12/Jan/2022:09:55:08 +0800] "POST /xingrg/services/DataTransmitService HTTP/1.1" 200 157107
222.70.243.96 - - [12/Jan/2022:09:55:08 +0800] "GET /xingrg/kc/buy/cgsh_order_operate.html?command=get_materiel&rest_code=00146&code=00101016105&supplier_code=00100033&order_time=2022-01-12 HTTP/1.1" 200 409
222.69.245.95 - - [12/Jan/2022:09:55:12 +0800] "POST /xingrg/kc/buy/cgsh_order_operate.html HTTP/1.1" 200 37
222.69.245.95 - - [12/Jan/2022:09:55:19 +0800] "POST /xingrg/kc/buy/cgsh_order_operate.html HTTP/1.1" 200 12
222.70.243.96 - - [12/Jan/2022:09:55:21 +0800] "GET /xingrg/kc/buy/cgsh_order_operate.html?command=get_materiel&rest_code=00146&code=00101012025&supplier_code=00100033&order_time=2022-01-12 HTTP/1.1" 200 412
222.69.245.95 - - [12/Jan/2022:09:55:21 +0800] "GET /xingrg/kc/buy/cgsh_order_info.html?code=212022011205430 HTTP/1.1" 200 59886
222.69.245.95 - - [12/Jan/2022:09:55:21 +0800] "GET /xingrg/javascript/easyui/themes/default/validatebox.css HTTP/1.1" 404 1104
222.69.245.95 - - [12/Jan/2022:09:55:22 +0800] "POST /xingrg/kc/buy/cgsh_order_operate.html HTTP/1.1" 200 2998
222.69.245.95 - - [12/Jan/2022:09:55:24 +0800] "GET /xingrg/kc/print/load_data.html?order_code=212022011205430&kc_code=cgsh&condition= HTTP/1.1" 200 1652
222.69.245.95 - - [12/Jan/2022:09:55:33 +0800] "POST /xingrg/kc/buy/cgsh_list_operate.html HTTP/1.1" 200 1706
222.69.245.95 - - [12/Jan/2022:09:55:34 +0800] "POST /xingrg/kc/buy/cgsh_list_operate.html HTTP/1.1" 200 572
114.84.144.24 - - [12/Jan/2022:09:55:35 +0800] "GET /xingrg/kc/buy/cgsh_order_operate.html?command=get_materiel&rest_code=00141&code=00101007061&supplier_code=00100004&order_time=2022-01-12 HTTP/1.1" 200 409
180.175.103.30 - - [12/Jan/2022:09:55:37 +0800] "GET /xingrg/all/function/internal_message.html?_=1641952536922&CODE_STATE=getMsg HTTP/1.1" 200 27
180.175.103.30 - - [12/Jan/2022:09:55:37 +0800] "GET /xingrg/check_reg.html?_=1641952536925 HTTP/1.1" 200 22
222.70.243.96 - - [12/Jan/2022:09:55:37 +0800] "GET /xingrg/all/function/internal_message.html?_=1641952544792&CODE_STATE=getMsg HTTP/1.1" 200 27
222.70.243.96 - - [12/Jan/2022:09:55:37 +0800] "GET /xingrg/kc/buy/cgsh_order_operate.html?command=get_materiel&rest_code=00146&code=00101016038&supplier_code=00100033&order_time=2022-01-12 HTTP/1.1" 200 408
180.169.147.146 - - [12/Jan/2022:09:55:37 +0800] "GET /xingrg/kc/buy/buy_main.html HTTP/1.1" 200 12412
180.169.147.146 - - [12/Jan/2022:09:55:37 +0800] "GET /xingrg/css/new_ie.css HTTP/1.1" 404 1036
180.169.147.146 - - [12/Jan/2022:09:55:38 +0800] "GET /xingrg/images/yd/bt.gif HTTP/1.1" 404 1040
222.69.245.95 - - [12/Jan/2022:09:55:38 +0800] "GET /xingrg/kc/buy/cgsh_order_info.html?code=212022011205427 HTTP/1.1" 200 64982
222.69.245.95 - - [12/Jan/2022:09:55:38 +0800] "GET /xingrg/javascript/easyui/themes/default/validatebox.css HTTP/1.1" 404 1104
101.85.120.86 - - [12/Jan/2022:09:55:39 +0800] "GET /xingrg/all/function/internal_message.html?_=1641952537041&CODE_STATE=getMsg HTTP/1.1" 200 27
180.169.147.146 - - [12/Jan/2022:09:55:39 +0800] "GET /xingrg/kc/buy/cgsh_order_list.html HTTP/1.1" 200 8212
222.69.245.95 - - [12/Jan/2022:09:55:39 +0800] "POST /xingrg/kc/buy/cgsh_order_operate.html HTTP/1.1" 200 24178
180.169.147.146 - - [12/Jan/2022:09:55:40 +0800] "GET /xingrg/kc/buy/cgsh_order_list.html HTTP/1.1" 200 8212
222.69.245.95 - - [12/Jan/2022:09:55:40 +0800] "POST /xingrg/services/DataTransmitService HTTP/1.1" 200 524
180.169.147.146 - - [12/Jan/2022:09:55:40 +0800] "GET /xingrg/kc/buy/cgsh_order_list.html HTTP/1.1" 200 8212
180.169.147.146 - - [12/Jan/2022:09:55:41 +0800] "GET /xingrg/kc/buy/cgsh_order_list.html HTTP/1.1" 200 49594
180.169.147.146 - - [12/Jan/2022:09:55:42 +0800] "GET /xingrg/kc/buy/cgsh_order_list.html HTTP/1.1" 200 8212
180.169.147.146 - - [12/Jan/2022:09:55:42 +0800] "GET /xingrg/kc/buy/cgsh_order_list.html HTTP/1.1" 200 49594
222.70.177.227 - - [12/Jan/2022:09:55:44 +0800] "GET /xingrg/all/function/internal_message.html?_=1641952541215&CODE_STATE=getMsg HTTP/1.1" 200 27
180.169.147.146 - - [12/Jan/2022:09:55:45 +0800] "POST /xingrg/kc/buy/cgsh_list_operate.html HTTP/1.1" 200 5208
222.70.243.96 - - [12/Jan/2022:09:55:47 +0800] "GET /xingrg/kc/buy/cgsh_order_operate.html?command=get_materiel&rest_code=00146&code=00101012003&supplier_code=00100033&order_time=2022-01-12 HTTP/1.1" 200 412
180.169.147.146 - - [12/Jan/2022:09:55:54 +0800] "POST /xingrg/kc/buy/cgsh_list_operate.html HTTP/1.1" 200 5375
124.79.247.218 - - [12/Jan/2022:09:55:57 +0800] "GET /xingrg/all/function/internal_message.html?_=1641952692619&CODE_STATE=getMsg HTTP/1.1" 200 27
180.169.147.146 - - [12/Jan/2022:09:55:57 +0800] "POST /xingrg/kc/buy/cgsh_list_operate.html HTTP/1.1" 200 274
180.169.147.146 - - [12/Jan/2022:09:55:59 +0800] "GET /xingrg/kc/buy/cgsh_order_info.html?code=212022011105329 HTTP/1.1" 200 65377
180.169.147.146 - - [12/Jan/2022:09:55:59 +0800] "GET /xingrg/words/20220110131915_words.js HTTP/1.1" 304 -
180.169.147.146 - - [12/Jan/2022:09:55:59 +0800] "GET /xingrg/javascript/easyui/themes/default/validatebox.css HTTP/1.1" 404 1104
180.169.147.146 - - [12/Jan/2022:09:55:59 +0800] "GET /xingrg/all/common/auto_word.html?type=employee&rest_code=00147 HTTP/1.1" 200 101
180.169.147.146 - - [12/Jan/2022:09:55:59 +0800] "GET /xingrg/all/common/auto_word.html?type=employee&rest_code=00147 HTTP/1.1" 200 101
180.169.147.146 - - [12/Jan/2022:09:56:00 +0800] "POST /xingrg/kc/buy/cgsh_order_operate.html HTTP/1.1" 200 3245
120.253.135.82 - - [12/Jan/2022:09:56:00 +0800] "GET /xingrg/all/function/internal_message.html?_=1641952344866&CODE_STATE=getMsg HTTP/1.1" 200 27
180.169.147.146 - - [12/Jan/2022:09:56:02 +0800] "GET /xingrg/javascript/auto/indicator.gif HTTP/1.1" 404 1066
222.69.245.95 - - [12/Jan/2022:09:56:03 +0800] "GET /xingrg/all/function/internal_message.html?_=1641952500478&CODE_STATE=getMsg HTTP/1.1" 200 27
222.70.217.149 - - [12/Jan/2022:09:56:03 +0800] "GET /xingrg/all/function/internal_message.html?_=1641952556653&CODE_STATE=getMsg HTTP/1.1" 200 27
114.83.219.105 - - [12/Jan/2022:09:56:04 +0800] "GET /xingrg/check_reg.html?_=1641952560095 HTTP/1.1" 200 22
114.84.144.24 - - [12/Jan/2022:09:56:04 +0800] "GET /xingrg/all/function/internal_message.html?_=1641952377472&CODE_STATE=getMsg HTTP/1.1" 200 27
58.221.95.50 - - [12/Jan/2022:09:56:04 +0800] "GET /xingrg/all/function/internal_message.html?_=1641952563571&CODE_STATE=getMsg HTTP/1.1" 302 -
114.84.144.24 - - [12/Jan/2022:09:56:05 +0800] "GET /xingrg/kc/buy/cgsh_order_operate.html?command=get_materiel&rest_code=00141&code=00101007049&supplier_code=00100004&order_time=2022-01-12 HTTP/1.1" 200 409
114.83.219.105 - - [12/Jan/2022:09:56:06 +0800] "GET /xingrg/all/function/internal_message.html?_=1641952562437&CODE_STATE=getMsg HTTP/1.1" 200 27
120.253.135.82 - - [12/Jan/2022:09:56:06 +0800] "GET /xingrg/all/function/internal_message.html?_=1641952689986&CODE_STATE=getMsg HTTP/1.1" 302 -
180.169.147.146 - - [12/Jan/2022:09:56:06 +0800] "GET /xingrg/all/function/internal_message.html?_=1641952562950&CODE_STATE=getMsg HTTP/1.1" 200 27
222.70.243.96 - - [12/Jan/2022:09:56:14 +0800] "GET /xingrg/kc/buy/cgsh_order_operate.html?command=get_materiel&rest_code=00146&code=00101016025&supplier_code=00100033&order_time=2022-01-12 HTTP/1.1" 200 408
114.84.144.24 - - [12/Jan/2022:09:56:14 +0800] "GET /xingrg/kc/buy/cgsh_order_operate.html?command=get_materiel&rest_code=00141&code=00101007038&supplier_code=00100004&order_time=2022-01-12 HTTP/1.1" 200 443
180.169.147.146 - - [12/Jan/2022:09:56:18 +0800] "GET /xingrg/kc/buy/cgsh_order_operate.html?command=get_materiel&rest_code=00147&code=00101010746&supplier_code=00100337&order_time=2022-01-11 HTTP/1.1" 200 399
222.70.243.96 - - [12/Jan/2022:09:56:26 +0800] "POST /xingrg/kc/buy/cgsh_order_operate.html HTTP/1.1" 200 37
222.70.243.96 - - [12/Jan/2022:09:56:27 +0800] "POST /xingrg/kc/buy/cgsh_order_operate.html HTTP/1.1" 200 5599
180.169.147.146 - - [12/Jan/2022:09:56:30 +0800] "POST /xingrg/kc/buy/cgsh_order_operate.html HTTP/1.1" 200 37
222.70.243.96 - - [12/Jan/2022:09:56:33 +0800] "GET /xingrg/javascript/jquery_easy_ui/themes/default/images/tabs_active.png HTTP/1.1" 304 -
222.69.245.95 - - [12/Jan/2022:09:56:33 +0800] "POST /xingrg/kc/buy/cgsh_order_operate.html HTTP/1.1" 200 37
114.84.144.24 - - [12/Jan/2022:09:56:33 +0800] "GET /xingrg/kc/buy/cgsh_order_operate.html?command=get_materiel&rest_code=00141&code=00101007085&supplier_code=00100004&order_time=2022-01-12 HTTP/1.1" 200 413
180.169.147.146 - - [12/Jan/2022:09:56:33 +0800] "POST /xingrg/kc/buy/cgsh_order_operate.html HTTP/1.1" 200 3250
222.70.243.96 - - [12/Jan/2022:09:56:33 +0800] "GET /xingrg/kc/print/load_data.html?order_code=212022011205433&kc_code=cgsh&condition= HTTP/1.1" 200 1832
180.175.103.30 - - [12/Jan/2022:09:56:37 +0800] "GET /xingrg/all/function/internal_message.html?_=1641952596920&CODE_STATE=getMsg HTTP/1.1" 200 27
222.70.243.96 - - [12/Jan/2022:09:56:37 +0800] "GET /xingrg/check_reg.html?_=1641952604719 HTTP/1.1" 200 22
222.70.243.96 - - [12/Jan/2022:09:56:37 +0800] "GET /xingrg/all/function/internal_message.html?_=1641952604805&CODE_STATE=getMsg HTTP/1.1" 200 27
101.85.120.86 - - [12/Jan/2022:09:56:39 +0800] "GET /xingrg/all/function/internal_message.html?_=1641952597042&CODE_STATE=getMsg HTTP/1.1" 200 27
222.69.245.95 - - [12/Jan/2022:09:56:42 +0800] "POST /xingrg/kc/buy/cgsh_order_operate.html HTTP/1.1" 200 12
222.70.177.227 - - [12/Jan/2022:09:56:44 +0800] "GET /xingrg/all/function/internal_message.html?_=1641952601213&CODE_STATE=getMsg HTTP/1.1" 200 27
114.84.144.24 - - [12/Jan/2022:09:56:55 +0800] "GET /xingrg/kc/buy/cgsh_order_operate.html?command=get_materiel&rest_code=00141&code=00101007125&supplier_code=00100004&order_time=2022-01-12 HTTP/1.1" 200 406
124.79.247.218 - - [12/Jan/2022:09:56:57 +0800] "GET /xingrg/all/function/internal_message.html?_=1641952752617&CODE_STATE=getMsg HTTP/1.1" 200 27
120.253.135.82 - - [12/Jan/2022:09:57:00 +0800] "GET /xingrg/check_reg.html?_=1641952404824 HTTP/1.1" 200 22
120.253.135.82 - - [12/Jan/2022:09:57:00 +0800] "GET /xingrg/all/function/internal_message.html?_=1641952404878&CODE_STATE=getMsg HTTP/1.1" 200 27
222.70.182.25 - - [12/Jan/2022:09:57:02 +0800] "POST /xingrg/services/DataTransmitService HTTP/1.1" 200 524
222.69.245.95 - - [12/Jan/2022:09:57:03 +0800] "GET /xingrg/all/function/internal_message.html?_=1641952560483&CODE_STATE=getMsg HTTP/1.1" 200 27
222.70.217.149 - - [12/Jan/2022:09:57:03 +0800] "GET /xingrg/all/function/internal_message.html?_=1641952616653&CODE_STATE=getMsg HTTP/1.1" 200 27
222.69.245.95 - - [12/Jan/2022:09:57:04 +0800] "GET /xingrg/kc/buy/cgsh_order_info.html?code=212022011205427 HTTP/1.1" 200 59886
222.69.245.95 - - [12/Jan/2022:09:57:04 +0800] "GET /xingrg/javascript/easyui/themes/default/validatebox.css HTTP/1.1" 404 1104
58.221.95.50 - - [12/Jan/2022:09:57:04 +0800] "GET /xingrg/all/function/internal_message.html?_=1641952623549&CODE_STATE=getMsg HTTP/1.1" 302 -
222.69.245.95 - - [12/Jan/2022:09:57:04 +0800] "GET /xingrg/kc/print/load_data.html?order_code=212022011205427&kc_code=cgsh&condition= HTTP/1.1" 200 8212
114.84.144.24 - - [12/Jan/2022:09:57:04 +0800] "GET /xingrg/all/function/internal_message.html?_=1641952437531&CODE_STATE=getMsg HTTP/1.1" 200 27
222.69.245.95 - - [12/Jan/2022:09:57:05 +0800] "POST /xingrg/kc/buy/cgsh_order_operate.html HTTP/1.1" 200 22123
114.83.219.105 - - [12/Jan/2022:09:57:06 +0800] "GET /xingrg/all/function/internal_message.html?_=1641952622427&CODE_STATE=getMsg HTTP/1.1" 200 27
120.253.135.82 - - [12/Jan/2022:09:57:06 +0800] "GET /xingrg/all/function/internal_message.html?_=1641952749991&CODE_STATE=getMsg HTTP/1.1" 302 -
180.169.147.146 - - [12/Jan/2022:09:57:06 +0800] "GET /xingrg/all/function/internal_message.html?_=1641952622929&CODE_STATE=getMsg HTTP/1.1" 200 27
114.84.144.24 - - [12/Jan/2022:09:57:08 +0800] "GET /xingrg/kc/buy/cgsh_order_operate.html?command=get_materiel&rest_code=00141&code=00101007032&supplier_code=00100004&order_time=2022-01-12 HTTP/1.1" 200 413
222.69.245.95 - - [12/Jan/2022:09:57:09 +0800] "GET /xingrg/kc/print/load_data.html?order_code=212022011205427&kc_code=cgsh&condition= HTTP/1.1" 200 9064
114.84.144.24 - - [12/Jan/2022:09:57:34 +0800] "POST /xingrg/kc/buy/cgsh_order_operate.html HTTP/1.1" 200 37
180.175.103.30 - - [12/Jan/2022:09:57:37 +0800] "GET /xingrg/all/function/internal_message.html?_=1641952656917&CODE_STATE=getMsg HTTP/1.1" 200 27
222.70.243.96 - - [12/Jan/2022:09:57:37 +0800] "GET /xingrg/all/function/internal_message.html?_=1641952664819&CODE_STATE=getMsg HTTP/1.1" 200 27
101.85.120.86 - - [12/Jan/2022:09:57:39 +0800] "GET /xingrg/check_reg.html?_=1641952657043 HTTP/1.1" 200 22
101.85.120.86 - - [12/Jan/2022:09:57:39 +0800] "GET /xingrg/all/function/internal_message.html?_=1641952657046&CODE_STATE=getMsg HTTP/1.1" 200 27
114.84.144.24 - - [12/Jan/2022:09:57:44 +0800] "POST /xingrg/kc/buy/cgsh_order_operate.html HTTP/1.1" 200 12
222.70.177.227 - - [12/Jan/2022:09:57:44 +0800] "GET /xingrg/check_reg.html?_=1641952661214 HTTP/1.1" 200 22
222.70.177.227 - - [12/Jan/2022:09:57:44 +0800] "GET /xingrg/all/function/internal_message.html?_=1641952661212&CODE_STATE=getMsg HTTP/1.1" 200 27
114.84.144.24 - - [12/Jan/2022:09:57:50 +0800] "GET /xingrg/kc/buy/cgsh_order_info.html?code=212022011205434 HTTP/1.1" 200 60313
114.84.144.24 - - [12/Jan/2022:09:57:50 +0800] "GET /xingrg/javascript/easyui/themes/default/validatebox.css HTTP/1.1" 404 1104
114.84.144.24 - - [12/Jan/2022:09:57:51 +0800] "POST /xingrg/kc/buy/cgsh_order_operate.html HTTP/1.1" 200 4149
114.84.144.24 - - [12/Jan/2022:09:57:53 +0800] "GET /xingrg/kc/print/load_data.html?order_code=212022011205434&kc_code=cgsh&condition= HTTP/1.1" 200 2110
180.169.147.146 - - [12/Jan/2022:09:57:56 +0800] "POST /xingrg/kc/buy/cgsh_list_operate.html HTTP/1.1" 200 4
124.79.247.218 - - [12/Jan/2022:09:57:57 +0800] "GET /xingrg/all/function/internal_message.html?_=1641952812617&CODE_STATE=getMsg HTTP/1.1" 200 27
120.253.135.82 - - [12/Jan/2022:09:58:00 +0800] "GET /xingrg/all/function/internal_message.html?_=1641952464892&CODE_STATE=getMsg HTTP/1.1" 200 27
222.69.245.95 - - [12/Jan/2022:09:58:03 +0800] "GET /xingrg/all/function/internal_message.html?_=1641952620548&CODE_STATE=getMsg HTTP/1.1" 200 27
222.70.217.149 - - [12/Jan/2022:09:58:03 +0800] "GET /xingrg/check_reg.html?_=1641952676650 HTTP/1.1" 200 22
222.70.217.149 - - [12/Jan/2022:09:58:03 +0800] "GET /xingrg/all/function/internal_message.html?_=1641952676651&CODE_STATE=getMsg HTTP/1.1" 200 27
58.221.95.50 - - [12/Jan/2022:09:58:04 +0800] "GET /xingrg/all/function/internal_message.html?_=1641952683524&CODE_STATE=getMsg HTTP/1.1" 302 -
114.84.144.24 - - [12/Jan/2022:09:58:04 +0800] "GET /xingrg/check_reg.html?_=1641952497487 HTTP/1.1" 200 22
58.221.95.50 - - [12/Jan/2022:09:58:04 +0800] "GET /xingrg/check_reg.html?_=1641952683630 HTTP/1.1" 302 -
114.84.144.24 - - [12/Jan/2022:09:58:05 +0800] "GET /xingrg/all/function/internal_message.html?_=1641952497489&CODE_STATE=getMsg HTTP/1.1" 200 27
114.83.219.105 - - [12/Jan/2022:09:58:06 +0800] "GET /xingrg/all/function/internal_message.html?_=1641952682411&CODE_STATE=getMsg HTTP/1.1" 200 27
120.253.135.82 - - [12/Jan/2022:09:58:06 +0800] "GET /xingrg/all/function/internal_message.html?_=1641952810035&CODE_STATE=getMsg HTTP/1.1" 302 -
124.79.247.218 - - [12/Jan/2022:09:58:20 +0800] "POST /xingrg/services/DataTransmitService HTTP/1.1" 200 524
222.70.217.149 - - [12/Jan/2022:09:58:20 +0800] "POST /xingrg/services/DataTransmitService HTTP/1.1" 200 524
222.70.182.25 - - [12/Jan/2022:09:58:20 +0800] "POST /xingrg/services/DataTransmitService HTTP/1.1" 200 501
101.85.120.86 - - [12/Jan/2022:09:58:32 +0800] "GET /xingrg/login.html HTTP/1.1" 200 7641
101.85.120.86 - - [12/Jan/2022:09:58:32 +0800] "GET /favicon.ico HTTP/1.1" 404 -
180.175.103.30 - - [12/Jan/2022:09:58:37 +0800] "GET /xingrg/all/function/internal_message.html?_=1641952716925&CODE_STATE=getMsg HTTP/1.1" 200 27
222.70.243.96 - - [12/Jan/2022:09:58:37 +0800] "GET /xingrg/all/function/internal_message.html?_=1641952724831&CODE_STATE=getMsg HTTP/1.1" 200 27
120.253.135.82 - - [12/Jan/2022:09:58:40 +0800] "GET /xingrg/check_reg.html?_=1641952844018 HTTP/1.1" 302 -
222.70.177.227 - - [12/Jan/2022:09:58:44 +0800] "GET /xingrg/all/function/internal_message.html?_=1641952721213&CODE_STATE=getMsg HTTP/1.1" 200 27
101.85.120.86 - - [12/Jan/2022:09:58:54 +0800] "POST /xingrg/login.do HTTP/1.1" 302 -
101.85.120.86 - - [12/Jan/2022:09:58:54 +0800] "GET /xingrg/index.html?sysBaseUrl=http%3A%2F%2F180.169.147.146%3A18081%2Fxingrg%2F&costTime=1624×tamp=1641952734640 HTTP/1.1" 200 17179
101.85.120.86 - - [12/Jan/2022:09:58:54 +0800] "GET /favicon.ico HTTP/1.1" 404 -
101.85.120.86 - - [12/Jan/2022:09:58:55 +0800] "GET /xingrg/all/function/internal_message.html?_=1641952732830&CODE_STATE=count HTTP/1.1" 200 11
101.85.120.86 - - [12/Jan/2022:09:58:55 +0800] "GET /xingrg/check_reg.html?_=1641952732831 HTTP/1.1" 200 22
101.85.120.86 - - [12/Jan/2022:09:58:55 +0800] "POST /xingrg/all/common/load_tree.html?tree=area_rest_tree_json&manage=1 HTTP/1.1" 200 351
101.85.120.86 - - [12/Jan/2022:09:58:55 +0800] "POST /xingrg/load_menu.html HTTP/1.1" 200 5138
124.79.247.218 - - [12/Jan/2022:09:58:57 +0800] "GET /xingrg/all/function/internal_message.html?_=1641952872616&CODE_STATE=getMsg HTTP/1.1" 200 27
222.70.182.25 - - [12/Jan/2022:09:58:58 +0800] "POST /xingrg/services/DataTransmitService HTTP/1.1" 200 524
124.79.247.218 - - [12/Jan/2022:09:58:58 +0800] "POST /xingrg/services/DataTransmitService HTTP/1.1" 200 501
120.253.135.82 - - [12/Jan/2022:09:59:00 +0800] "GET /xingrg/all/function/internal_message.html?_=1641952524906&CODE_STATE=getMsg HTTP/1.1" 200 27
114.84.144.24 - - [12/Jan/2022:09:59:01 +0800] "GET /xingrg/kc/buy/cgsh_order_add.html HTTP/1.1" 200 65404
114.84.144.24 - - [12/Jan/2022:09:59:01 +0800] "POST /xingrg/kc/buy/cgsh_order_operate.html HTTP/1.1" 200 8245
114.84.144.24 - - [12/Jan/2022:09:59:01 +0800] "GET /xingrg/javascript/easyui/themes/default/validatebox.css HTTP/1.1" 404 1104
101.85.120.86 - - [12/Jan/2022:09:59:02 +0800] "GET /xingrg/kc/buy/cgsh_order_list.html HTTP/1.1" 200 49594
101.85.120.86 - - [12/Jan/2022:09:59:02 +0800] "GET /xingrg/javascript/easyui/themes/icons/edit_add_new.png HTTP/1.1" 304 -
101.85.120.86 - - [12/Jan/2022:09:59:02 +0800] "GET /xingrg/javascript/easyui/themes/icons/import_new.png HTTP/1.1" 304 -
222.69.245.95 - - [12/Jan/2022:09:59:03 +0800] "GET /xingrg/all/function/internal_message.html?_=1641952680555&CODE_STATE=getMsg HTTP/1.1" 200 27
222.70.217.149 - - [12/Jan/2022:09:59:03 +0800] "GET /xingrg/all/function/internal_message.html?_=1641952736639&CODE_STATE=getMsg HTTP/1.1" 200 27
101.85.120.86 - - [12/Jan/2022:09:59:04 +0800] "POST /xingrg/kc/buy/cgsh_list_operate.html HTTP/1.1" 200 876
58.221.95.50 - - [12/Jan/2022:09:59:04 +0800] "GET /xingrg/all/function/internal_message.html?_=1641952743503&CODE_STATE=getMsg HTTP/1.1" 302 -
114.84.144.24 - - [12/Jan/2022:09:59:04 +0800] "GET /xingrg/all/function/internal_message.html?_=1641952557473&CODE_STATE=getMsg HTTP/1.1" 200 27
101.85.120.86 - - [12/Jan/2022:09:59:05 +0800] "GET /xingrg/javascript/easyui/themes/default/images/button_plain_hover.png HTTP/1.1" 304 -
114.83.219.105 - - [12/Jan/2022:09:59:06 +0800] "GET /xingrg/all/function/internal_message.html?_=1641952742404&CODE_STATE=getMsg HTTP/1.1" 200 27
101.85.120.86 - - [12/Jan/2022:09:59:06 +0800] "GET /xingrg/kc/buy/cgsh_order_add.html HTTP/1.1" 200 64482
101.85.120.86 - - [12/Jan/2022:09:59:06 +0800] "GET /xingrg/javascript/easyui/themes/icons/template_new.png HTTP/1.1" 304 -
101.85.120.86 - - [12/Jan/2022:09:59:06 +0800] "GET /xingrg/javascript/easyui/themes/icons/copy_new.png HTTP/1.1" 304 -
101.85.120.86 - - [12/Jan/2022:09:59:06 +0800] "GET /xingrg/javascript/easyui/themes/icons/cancel.png HTTP/1.1" 304 -
101.85.120.86 - - [12/Jan/2022:09:59:06 +0800] "POST /xingrg/kc/buy/cgsh_order_operate.html HTTP/1.1" 200 8245
101.85.120.86 - - [12/Jan/2022:09:59:06 +0800] "GET /xingrg/javascript/easyui/themes/default/validatebox.css HTTP/1.1" 404 1104
101.85.120.86 - - [12/Jan/2022:09:59:06 +0800] "GET /xingrg/all/common/auto_word.html?type=employee&rest_code=00142 HTTP/1.1" 200 105
101.85.120.86 - - [12/Jan/2022:09:59:06 +0800] "GET /xingrg/javascript/easyui/themes/icons/edit_remove.png HTTP/1.1" 304 -
101.85.120.86 - - [12/Jan/2022:09:59:06 +0800] "GET /xingrg/all/common/auto_word.html?type=employee&rest_code=00142 HTTP/1.1" 200 105
120.253.135.82 - - [12/Jan/2022:09:59:06 +0800] "GET /xingrg/all/function/internal_message.html?_=1641952870048&CODE_STATE=getMsg HTTP/1.1" 302 -
101.85.120.86 - - [12/Jan/2022:09:59:07 +0800] "GET /xingrg/javascript/auto/indicator.gif HTTP/1.1" 404 1066
101.85.120.86 - - [12/Jan/2022:09:59:20 +0800] "GET /xingrg/kc/buy/cgsh_order_operate.html?command=get_materiel&rest_code=00142&code=00101008126&supplier_code=00100161&order_time=2022-01-12 HTTP/1.1" 200 412
101.85.120.86 - - [12/Jan/2022:09:59:31 +0800] "GET /xingrg/kc/buy/cgsh_order_operate.html?command=get_materiel&rest_code=00142&code=00101008108&supplier_code=00100161&order_time=2022-01-12 HTTP/1.1" 200 412
180.175.103.30 - - [12/Jan/2022:09:59:37 +0800] "GET /xingrg/all/function/internal_message.html?_=1641952776918&CODE_STATE=getMsg HTTP/1.1" 200 27
222.70.243.96 - - [12/Jan/2022:09:59:37 +0800] "GET /xingrg/all/function/internal_message.html?_=1641952784895&CODE_STATE=getMsg HTTP/1.1" 200 27
222.70.182.25 - - [12/Jan/2022:09:59:40 +0800] "POST /xingrg/services/DataTransmitService HTTP/1.1" 200 501
101.85.120.86 - - [12/Jan/2022:09:59:40 +0800] "GET /xingrg/kc/buy/cgsh_order_operate.html?command=get_materiel&rest_code=00142&code=00101008368&supplier_code=00100161&order_time=2022-01-12 HTTP/1.1" 200 408
222.70.182.25 - - [12/Jan/2022:09:59:42 +0800] "POST /xingrg/services/DataTransmitService HTTP/1.1" 200 501
222.70.177.227 - - [12/Jan/2022:09:59:44 +0800] "GET /xingrg/all/function/internal_message.html?_=1641952781213&CODE_STATE=getMsg HTTP/1.1" 200 27
101.85.120.86 - - [12/Jan/2022:09:59:49 +0800] "GET /xingrg/kc/buy/cgsh_order_operate.html?command=get_materiel&rest_code=00142&code=00101008005&supplier_code=00100161&order_time=2022-01-12 HTTP/1.1" 200 412
101.85.120.86 - - [12/Jan/2022:09:59:55 +0800] "GET /xingrg/all/function/internal_message.html?_=1641952792834&CODE_STATE=getMsg HTTP/1.1" 200 27
124.79.247.218 - - [12/Jan/2022:09:59:57 +0800] "GET /xingrg/all/function/internal_message.html?_=1641952932614&CODE_STATE=getMsg HTTP/1.1" 200 27
124.79.247.218 - - [12/Jan/2022:09:59:57 +0800] "GET /xingrg/check_reg.html?_=1641952932615 HTTP/1.1" 200 22
101.85.120.86 - - [12/Jan/2022:09:59:58 +0800] "GET /xingrg/kc/buy/cgsh_order_operate.html?command=get_materiel&rest_code=00142&code=00101008261&supplier_code=00100161&order_time=2022-01-12 HTTP/1.1" 200 408
120.253.135.82 - - [12/Jan/2022:10:00:00 +0800] "GET /xingrg/all/function/internal_message.html?_=1641952584929&CODE_STATE=getMsg HTTP/1.1" 200 27
222.69.245.95 - - [12/Jan/2022:10:00:02 +0800] "GET /xingrg/check_reg.html?_=1641952740110 HTTP/1.1" 200 22
222.69.245.95 - - [12/Jan/2022:10:00:03 +0800] "GET /xingrg/all/function/internal_message.html?_=1641952740568&CODE_STATE=getMsg HTTP/1.1" 200 27
222.70.217.149 - - [12/Jan/2022:10:00:03 +0800] "GET /xingrg/all/function/internal_message.html?_=1641952796649&CODE_STATE=getMsg HTTP/1.1" 200 27
58.221.95.50 - - [12/Jan/2022:10:00:04 +0800] "GET /xingrg/all/function/internal_message.html?_=1641952803501&CODE_STATE=getMsg HTTP/1.1" 302 -
114.84.144.24 - - [12/Jan/2022:10:00:04 +0800] "GET /xingrg/all/function/internal_message.html?_=1641952617474&CODE_STATE=getMsg HTTP/1.1" 200 27
114.83.219.105 - - [12/Jan/2022:10:00:06 +0800] "GET /xingrg/all/function/internal_message.html?_=1641952802387&CODE_STATE=getMsg HTTP/1.1" 200 27
222.70.182.25 - - [12/Jan/2022:10:00:06 +0800] "POST /xingrg/services/DataTransmitService HTTP/1.1" 200 501
120.253.135.82 - - [12/Jan/2022:10:00:06 +0800] "GET /xingrg/all/function/internal_message.html?_=1641952930110&CODE_STATE=getMsg HTTP/1.1" 302 -
101.85.120.86 - - [12/Jan/2022:10:00:08 +0800] "GET /xingrg/kc/buy/cgsh_order_operate.html?command=get_materiel&rest_code=00142&code=00101008268&supplier_code=00100161&order_time=2022-01-12 HTTP/1.1" 200 408
101.85.120.86 - - [12/Jan/2022:10:00:17 +0800] "GET /xingrg/kc/buy/cgsh_order_operate.html?command=get_materiel&rest_code=00142&code=00101008059&supplier_code=00100161&order_time=2022-01-12 HTTP/1.1" 200 408
101.85.120.86 - - [12/Jan/2022:10:00:26 +0800] "GET /xingrg/kc/buy/cgsh_order_operate.html?command=get_materiel&rest_code=00142&code=00101008361&supplier_code=00100161&order_time=2022-01-12 HTTP/1.1" 200 408
180.169.147.146 - - [12/Jan/2022:10:00:29 +0800] "POST /xingrg/kc/buy/cgsh_list_operate.html HTTP/1.1" 200 5148
222.70.182.25 - - [12/Jan/2022:10:00:31 +0800] "POST /xingrg/services/DataTransmitService HTTP/1.1" 200 501
222.70.182.25 - - [12/Jan/2022:10:00:33 +0800] "POST /xingrg/services/DataTransmitService HTTP/1.1" 200 501
222.70.182.25 - - [12/Jan/2022:10:00:33 +0800] "POST /xingrg/services/DataTransmitService HTTP/1.1" 200 501
101.85.120.86 - - [12/Jan/2022:10:00:35 +0800] "GET /xingrg/kc/buy/cgsh_order_operate.html?command=get_materiel&rest_code=00142&code=00101008155&supplier_code=00100161&order_time=2022-01-12 HTTP/1.1" 200 408
180.175.103.30 - - [12/Jan/2022:10:00:37 +0800] "GET /xingrg/all/function/internal_message.html?_=1641952836921&CODE_STATE=getMsg HTTP/1.1" 200 27
180.175.103.30 - - [12/Jan/2022:10:00:37 +0800] "GET /xingrg/check_reg.html?_=1641952836924 HTTP/1.1" 200 22
222.70.243.96 - - [12/Jan/2022:10:00:37 +0800] "GET /xingrg/all/function/internal_message.html?_=1641952844906&CODE_STATE=getMsg HTTP/1.1" 200 27
222.70.182.25 - - [12/Jan/2022:10:00:43 +0800] "POST /xingrg/services/DataTransmitService HTTP/1.1" 200 501
222.70.177.227 - - [12/Jan/2022:10:00:44 +0800] "GET /xingrg/all/function/internal_message.html?_=1641952841213&CODE_STATE=getMsg HTTP/1.1" 200 27
222.70.182.25 - - [12/Jan/2022:10:00:45 +0800] "POST /xingrg/services/DataTransmitService HTTP/1.1" 200 501
101.85.120.86 - - [12/Jan/2022:10:00:46 +0800] "GET /xingrg/kc/buy/cgsh_order_operate.html?command=get_materiel&rest_code=00142&code=00101008355&supplier_code=00100161&order_time=2022-01-12 HTTP/1.1" 200 408
222.70.182.25 - - [12/Jan/2022:10:00:47 +0800] "POST /xingrg/services/DataTransmitService HTTP/1.1" 200 501
222.70.182.25 - - [12/Jan/2022:10:00:47 +0800] "POST /xingrg/services/DataTransmitService HTTP/1.1" 200 412
101.85.120.86 - - [12/Jan/2022:10:00:55 +0800] "GET /xingrg/all/function/internal_message.html?_=1641952852844&CODE_STATE=getMsg HTTP/1.1" 200 27
124.79.247.218 - - [12/Jan/2022:10:00:57 +0800] "GET /xingrg/all/function/internal_message.html?_=1641952992613&CODE_STATE=getMsg HTTP/1.1" 200 27
101.85.120.86 - - [12/Jan/2022:10:00:57 +0800] "GET /xingrg/kc/buy/cgsh_order_operate.html?command=get_materiel&rest_code=00142&code=00101008372&supplier_code=00100161&order_time=2022-01-12 HTTP/1.1" 200 408
120.253.135.82 - - [12/Jan/2022:10:01:00 +0800] "GET /xingrg/all/function/internal_message.html?_=1641952644948&CODE_STATE=getMsg HTTP/1.1" 200 27
222.69.245.95 - - [12/Jan/2022:10:01:03 +0800] "GET /xingrg/all/function/internal_message.html?_=1641952800582&CODE_STATE=getMsg HTTP/1.1" 200 27
222.70.217.149 - - [12/Jan/2022:10:01:03 +0800] "GET /xingrg/all/function/internal_message.html?_=1641952856640&CODE_STATE=getMsg HTTP/1.1" 200 27
114.83.219.105 - - [12/Jan/2022:10:01:04 +0800] "GET /xingrg/check_reg.html?_=1641952860109 HTTP/1.1" 200 22
58.221.95.50 - - [12/Jan/2022:10:01:04 +0800] "GET /xingrg/all/function/internal_message.html?_=1641952863482&CODE_STATE=getMsg HTTP/1.1" 302 -
114.84.144.24 - - [12/Jan/2022:10:01:04 +0800] "GET /xingrg/all/function/internal_message.html?_=1641952677472&CODE_STATE=getMsg HTTP/1.1" 200 27
114.83.219.105 - - [12/Jan/2022:10:01:06 +0800] "GET /xingrg/all/function/internal_message.html?_=1641952862373&CODE_STATE=getMsg HTTP/1.1" 200 27
120.253.135.82 - - [12/Jan/2022:10:01:06 +0800] "GET /xingrg/all/function/internal_message.html?_=1641952990123&CODE_STATE=getMsg HTTP/1.1" 302 -
180.169.147.146 - - [12/Jan/2022:10:01:06 +0800] "GET /xingrg/all/function/internal_message.html?_=1641952862930&CODE_STATE=getMsg HTTP/1.1" 200 27
120.253.135.82 - - [12/Jan/2022:10:01:25 +0800] "GET /xingrg/images/yd/bt.gif HTTP/1.1" 404 1040
120.253.135.82 - - [12/Jan/2022:10:01:25 +0800] "GET /xingrg/images/yd/bt2.gif HTTP/1.1" 404 1042
120.253.135.82 - - [12/Jan/2022:10:01:27 +0800] "GET /xingrg/kc/pszx/mdqp_order_list.html?isBack=1 HTTP/1.1" 302 -
120.253.135.82 - - [12/Jan/2022:10:01:27 +0800] "GET /xingrg/kc/pszx/mdqp_order_list.html?state=10 HTTP/1.1" 200 12679
120.253.135.82 - - [12/Jan/2022:10:01:27 +0800] "GET /xingrg/dwr/interface/AjaxQqpsService.js HTTP/1.1" 200 16326
120.253.135.82 - - [12/Jan/2022:10:01:27 +0800] "GET /xingrg/dwr/interface/AjaxReportQueryService.js HTTP/1.1" 200 13203
120.253.135.82 - - [12/Jan/2022:10:01:27 +0800] "GET /xingrg/dwr/engine.js HTTP/1.1" 200 43631
120.253.135.82 - - [12/Jan/2022:10:01:30 +0800] "GET /xingrg/kc/pszx/mdqp_order_info.html?code=302022011200298 HTTP/1.1" 200 13350
120.253.135.82 - - [12/Jan/2022:10:01:30 +0800] "GET /xingrg/dwr/interface/AjaxComOrderService.js HTTP/1.1" 200 18264
120.253.135.82 - - [12/Jan/2022:10:01:30 +0800] "GET /xingrg/dwr/interface/AjaxQqpsService.js HTTP/1.1" 200 16326
120.253.135.82 - - [12/Jan/2022:10:01:30 +0800] "GET /xingrg/dwr/engine.js HTTP/1.1" 200 43631
120.253.135.82 - - [12/Jan/2022:10:01:30 +0800] "POST /xingrg/dwr/call/plaincall/AjaxQqpsService.loadMaterielItems.dwr HTTP/1.1" 200 398
