180.169.147.146 - - [12/Jan/2022:10:32:20 +0800] "POST /xingrg/dwr/call/plaincall/AjaxYddbService.loadMaterielItems.dwr HTTP/1.1" 200 418
124.79.247.218 - - [12/Jan/2022:10:32:21 +0800] "POST /xingrg/kc/mdqp/pssh_order_operate.html HTTP/1.1" 200 12
114.95.98.1 - - [12/Jan/2022:10:32:22 +0800] "GET /xingrg/check_reg.html?_=1641954740846 HTTP/1.1" 200 22
114.95.98.1 - - [12/Jan/2022:10:32:22 +0800] "GET /xingrg/all/function/internal_message.html?_=1641954740850&CODE_STATE=getMsg HTTP/1.1" 200 27
180.169.147.146 - - [12/Jan/2022:10:32:23 +0800] "GET /xingrg/kc/base/yddb_order_report.html?fileType=servlets/html&code=482022010800061&reportName=ck_order_report&subName=yddb HTTP/1.1" 302 -
180.169.147.146 - - [12/Jan/2022:10:32:23 +0800] "GET /xingrg/servlets/html?sysBaseUrl=http%3A%2F%2F180.169.147.146%3A18081%2Fxingrg%2F&costTime=1415×tamp=1641954743925 HTTP/1.1" 200 14771
180.169.147.146 - - [12/Jan/2022:10:32:23 +0800] "GET /xingrg/servlets/image?image=px HTTP/1.1" 200 807
124.79.247.218 - - [12/Jan/2022:10:32:23 +0800] "GET /xingrg/kc/mdqp/pssh_order_info.html?code=312022010600232 HTTP/1.1" 200 14391
124.79.247.218 - - [12/Jan/2022:10:32:23 +0800] "GET /xingrg/javascript/jquery_tools/jquery-1.4.2.min.js HTTP/1.1" 404 1094
180.169.147.146 - - [12/Jan/2022:10:32:24 +0800] "GET /favicon.ico HTTP/1.1" 404 -
124.79.247.218 - - [12/Jan/2022:10:32:24 +0800] "GET /xingrg/javascript/easyui/themes/default/validatebox.css HTTP/1.1" 404 1104
124.79.247.218 - - [12/Jan/2022:10:32:24 +0800] "POST /xingrg/kc/mdqp/pssh_order_operate.html HTTP/1.1" 200 530
124.79.247.218 - - [12/Jan/2022:10:32:27 +0800] "GET /xingrg/kc/mdqp/pssh_order_list.html?isBack=1 HTTP/1.1" 200 17777
124.79.247.218 - - [12/Jan/2022:10:32:27 +0800] "POST /xingrg/kc/mdqp/pssh_list_operate.html HTTP/1.1" 200 8573
180.169.147.146 - - [12/Jan/2022:10:32:30 +0800] "GET /xingrg/kc/base/yddb_order_list.html?isBack=1 HTTP/1.1" 200 16672
180.175.103.30 - - [12/Jan/2022:10:32:30 +0800] "GET /xingrg/kc/buy/cgsh_order_operate.html?command=get_materiel&rest_code=00105&code=00101009109&supplier_code=00100024&order_time=2022-01-12 HTTP/1.1" 200 399
180.169.147.146 - - [12/Jan/2022:10:32:30 +0800] "POST /xingrg/kc/base/yddb_list_operate.html HTTP/1.1" 200 1339
114.83.219.105 - - [12/Jan/2022:10:32:32 +0800] "GET /xingrg/kc/buy/cgsh_order_operate.html?command=get_materiel&rest_code=00149&code=00101011003&supplier_code=00100051&order_time=2022-01-12 HTTP/1.1" 200 413
114.95.98.1 - - [12/Jan/2022:10:32:33 +0800] "GET /xingrg/all/function/internal_message.html?_=1641954767642&CODE_STATE=getMsg HTTP/1.1" 200 27
116.237.73.232 - - [12/Jan/2022:10:32:33 +0800] "GET /xingrg/kc/buy/cgsh_order_operate.html?command=get_materiel&rest_code=00106&code=00101008219&supplier_code=00100007&order_time=2022-01-12 HTTP/1.1" 200 412
114.84.144.24 - - [12/Jan/2022:10:32:33 +0800] "GET /xingrg/kc/buy/cgsh_order_operate.html?command=get_materiel&rest_code=00141&code=00101008207&supplier_code=00100007&order_time=2022-01-12 HTTP/1.1" 200 408
180.169.147.146 - - [12/Jan/2022:10:32:34 +0800] "POST /xingrg/kc/base/yddb_list_operate.html HTTP/1.1" 200 1336
222.69.245.95 - - [12/Jan/2022:10:32:36 +0800] "GET /xingrg/all/function/internal_message.html?_=1641954693888&CODE_STATE=getMsg HTTP/1.1" 200 27
180.175.103.30 - - [12/Jan/2022:10:32:37 +0800] "GET /xingrg/all/function/internal_message.html?_=1641954756989&CODE_STATE=getMsg HTTP/1.1" 200 27
180.169.147.146 - - [12/Jan/2022:10:32:37 +0800] "POST /xingrg/kc/base/yddb_list_operate.html HTTP/1.1" 200 1595
116.237.73.232 - - [12/Jan/2022:10:32:39 +0800] "GET /xingrg/kc/buy/cgsh_order_operate.html?command=get_materiel&rest_code=00106&code=00101027001&supplier_code=00100017&order_time=2022-01-12 HTTP/1.1" 200 449
180.169.147.146 - - [12/Jan/2022:10:32:40 +0800] "POST /xingrg/kc/base/yddb_list_operate.html HTTP/1.1" 200 203
116.237.73.232 - - [12/Jan/2022:10:32:40 +0800] "GET /xingrg/all/function/internal_message.html?_=1641954755428&CODE_STATE=getMsg HTTP/1.1" 200 27
222.70.177.227 - - [12/Jan/2022:10:32:41 +0800] "GET /xingrg/all/function/internal_message.html?_=1641954757415&CODE_STATE=getMsg HTTP/1.1" 200 27
222.70.243.96 - - [12/Jan/2022:10:32:41 +0800] "GET /xingrg/all/function/internal_message.html?_=1641954769085&CODE_STATE=getMsg HTTP/1.1" 200 27
124.79.247.218 - - [12/Jan/2022:10:32:43 +0800] "POST /xingrg/kc/mdqp/pssh_list_operate.html HTTP/1.1" 200 256
124.79.247.218 - - [12/Jan/2022:10:32:44 +0800] "POST /xingrg/kc/mdqp/pssh_list_operate.html HTTP/1.1" 200 775
124.79.247.218 - - [12/Jan/2022:10:32:45 +0800] "POST /xingrg/kc/mdqp/pssh_list_operate.html HTTP/1.1" 200 4749
124.79.247.218 - - [12/Jan/2022:10:32:46 +0800] "GET /xingrg/kc/mdqp/pssh_order_info.html?code=312022010700245 HTTP/1.1" 200 17303
124.79.247.218 - - [12/Jan/2022:10:32:46 +0800] "GET /xingrg/javascript/jquery_tools/jquery-1.4.2.min.js HTTP/1.1" 404 1094
124.79.247.218 - - [12/Jan/2022:10:32:46 +0800] "GET /xingrg/javascript/easyui/themes/default/validatebox.css HTTP/1.1" 404 1104
124.79.247.218 - - [12/Jan/2022:10:32:46 +0800] "POST /xingrg/kc/mdqp/pssh_order_operate.html HTTP/1.1" 200 9662
114.84.144.24 - - [12/Jan/2022:10:32:48 +0800] "GET /xingrg/kc/buy/cgsh_order_operate.html?command=get_materiel&rest_code=00141&code=00101008359&supplier_code=00100007&order_time=2022-01-12 HTTP/1.1" 200 408
124.79.247.218 - - [12/Jan/2022:10:32:48 +0800] "POST /xingrg/all/common/load_combo.html?type=employee HTTP/1.1" 200 445
114.83.219.105 - - [12/Jan/2022:10:32:52 +0800] "GET /xingrg/kc/buy/cgsh_order_operate.html?command=get_materiel&rest_code=00149&code=00101011005&supplier_code=00100051&order_time=2022-01-12 HTTP/1.1" 200 408
116.237.73.232 - - [12/Jan/2022:10:32:53 +0800] "GET /xingrg/kc/buy/cgsh_order_operate.html?command=get_materiel&rest_code=00106&code=00101008186&supplier_code=00100007&order_time=2022-01-12 HTTP/1.1" 200 408
101.85.120.86 - - [12/Jan/2022:10:32:55 +0800] "GET /xingrg/all/function/internal_message.html?_=1641954772867&CODE_STATE=getMsg HTTP/1.1" 200 27
116.237.73.232 - - [12/Jan/2022:10:32:55 +0800] "GET /xingrg/kc/buy/cgsh_order_operate.html?command=get_materiel&rest_code=00106&code=00101029005&supplier_code=00100017&order_time=2022-01-12 HTTP/1.1" 200 435
116.237.73.232 - - [12/Jan/2022:10:32:56 +0800] "POST /xingrg/services/DataTransmitService HTTP/1.1" 200 524
116.237.73.232 - - [12/Jan/2022:10:32:57 +0800] "POST /xingrg/services/DataTransmitService HTTP/1.1" 200 2499
116.237.73.232 - - [12/Jan/2022:10:32:58 +0800] "POST /xingrg/services/DataTransmitService HTTP/1.1" 200 156371
120.253.135.82 - - [12/Jan/2022:10:33:00 +0800] "GET /xingrg/all/function/internal_message.html?_=1641954565539&CODE_STATE=getMsg HTTP/1.1" 200 27
116.237.73.232 - - [12/Jan/2022:10:33:02 +0800] "GET /xingrg/check_reg.html?_=1641954780992 HTTP/1.1" 200 22
116.237.73.232 - - [12/Jan/2022:10:33:02 +0800] "GET /xingrg/all/function/internal_message.html?_=1641954780997&CODE_STATE=getMsg HTTP/1.1" 200 27
116.237.73.232 - - [12/Jan/2022:10:33:03 +0800] "GET /xingrg/kc/buy/cgsh_order_operate.html?command=get_materiel&rest_code=00106&code=00101008096&supplier_code=00100007&order_time=2022-01-12 HTTP/1.1" 200 413
58.221.95.50 - - [12/Jan/2022:10:33:04 +0800] "GET /xingrg/all/function/internal_message.html?_=1641954781905&CODE_STATE=getMsg HTTP/1.1" 302 -
114.84.144.24 - - [12/Jan/2022:10:33:04 +0800] "GET /xingrg/check_reg.html?_=1641954597511 HTTP/1.1" 200 22
114.84.144.24 - - [12/Jan/2022:10:33:04 +0800] "GET /xingrg/all/function/internal_message.html?_=1641954597509&CODE_STATE=getMsg HTTP/1.1" 200 27
58.221.95.50 - - [12/Jan/2022:10:33:04 +0800] "GET /xingrg/check_reg.html?_=1641954782707 HTTP/1.1" 302 -
180.175.103.30 - - [12/Jan/2022:10:33:05 +0800] "GET /xingrg/kc/buy/cgsh_order_operate.html?command=get_materiel&rest_code=00105&code=00101009062&supplier_code=00100024&order_time=2022-01-12 HTTP/1.1" 200 412
116.237.73.232 - - [12/Jan/2022:10:33:05 +0800] "POST /xingrg/kc/buy/cgsh_order_operate.html HTTP/1.1" 200 2065
180.169.147.146 - - [12/Jan/2022:10:33:06 +0800] "GET /xingrg/all/function/internal_message.html?_=1641954782674&CODE_STATE=getMsg HTTP/1.1" 200 27
120.253.135.82 - - [12/Jan/2022:10:33:07 +0800] "GET /xingrg/all/function/internal_message.html?_=1641954911088&CODE_STATE=getMsg HTTP/1.1" 302 -
114.83.219.105 - - [12/Jan/2022:10:33:09 +0800] "GET /xingrg/kc/buy/cgsh_order_operate.html?command=get_materiel&rest_code=00149&code=00101011007&supplier_code=00100051&order_time=2022-01-12 HTTP/1.1" 200 414
116.237.73.232 - - [12/Jan/2022:10:33:12 +0800] "GET /xingrg/kc/buy/cgsh_order_operate.html?command=get_materiel&rest_code=00106&code=00101008224&supplier_code=00100007&order_time=2022-01-12 HTTP/1.1" 200 416
114.83.219.105 - - [12/Jan/2022:10:33:14 +0800] "GET /xingrg/all/function/internal_message.html?_=1641954790327&CODE_STATE=getMsg HTTP/1.1" 200 27
124.79.247.218 - - [12/Jan/2022:10:33:17 +0800] "POST /xingrg/kc/mdqp/pssh_order_operate.html HTTP/1.1" 200 37
116.237.73.232 - - [12/Jan/2022:10:33:20 +0800] "GET /xingrg/kc/buy/cgsh_order_operate.html?command=get_materiel&rest_code=00106&code=00101008003&supplier_code=00100007&order_time=2022-01-12 HTTP/1.1" 200 408
124.79.247.218 - - [12/Jan/2022:10:33:23 +0800] "POST /xingrg/kc/mdqp/pssh_order_operate.html HTTP/1.1" 200 12
114.83.219.105 - - [12/Jan/2022:10:33:28 +0800] "POST /xingrg/kc/buy/cgsh_order_operate.html HTTP/1.1" 200 37
116.237.73.232 - - [12/Jan/2022:10:33:29 +0800] "GET /xingrg/kc/buy/cgsh_order_operate.html?command=get_materiel&rest_code=00106&code=00101008361&supplier_code=00100007&order_time=2022-01-12 HTTP/1.1" 200 408
180.157.251.97 - - [12/Jan/2022:10:33:31 +0800] "GET /xingrg/login.html HTTP/1.1" 200 7641
180.157.251.97 - - [12/Jan/2022:10:33:32 +0800] "GET /favicon.ico HTTP/1.1" 404 -
114.95.98.1 - - [12/Jan/2022:10:33:32 +0800] "GET /xingrg/check_reg.html?_=1641954827534 HTTP/1.1" 200 22
114.95.98.1 - - [12/Jan/2022:10:33:33 +0800] "GET /xingrg/all/function/internal_message.html?_=1641954827655&CODE_STATE=getMsg HTTP/1.1" 200 27
222.69.245.95 - - [12/Jan/2022:10:33:36 +0800] "GET /xingrg/all/function/internal_message.html?_=1641954753902&CODE_STATE=getMsg HTTP/1.1" 200 27
180.175.103.30 - - [12/Jan/2022:10:33:37 +0800] "GET /xingrg/all/function/internal_message.html?_=1641954816978&CODE_STATE=getMsg HTTP/1.1" 200 27
114.83.219.105 - - [12/Jan/2022:10:33:37 +0800] "POST /xingrg/kc/buy/cgsh_order_operate.html HTTP/1.1" 200 12
116.237.73.232 - - [12/Jan/2022:10:33:37 +0800] "GET /xingrg/kc/buy/cgsh_order_operate.html?command=get_materiel&rest_code=00106&code=00101026025&supplier_code=00100017&order_time=2022-01-12 HTTP/1.1" 200 469
180.157.251.97 - - [12/Jan/2022:10:33:38 +0800] "GET /xingrg/index.html?sysBaseUrl=http%3A%2F%2F180.169.147.146%3A18081%2Fxingrg%2F&costTime=44×tamp=1622098168715 HTTP/1.1" 302 -
180.157.251.97 - - [12/Jan/2022:10:33:38 +0800] "GET /xingrg/login.html HTTP/1.1" 200 7641
180.157.251.97 - - [12/Jan/2022:10:33:38 +0800] "POST /xingrg/login.do HTTP/1.1" 302 -
180.157.251.97 - - [12/Jan/2022:10:33:38 +0800] "GET /favicon.ico HTTP/1.1" 404 -
180.157.251.97 - - [12/Jan/2022:10:33:38 +0800] "GET /xingrg/index.html?sysBaseUrl=http%3A%2F%2F180.169.147.146%3A18081%2Fxingrg%2F&costTime=1240×tamp=1641954818521 HTTP/1.1" 200 17179
180.157.251.97 - - [12/Jan/2022:10:33:38 +0800] "GET /favicon.ico HTTP/1.1" 404 -
116.237.73.232 - - [12/Jan/2022:10:33:39 +0800] "GET /xingrg/kc/buy/cgsh_order_operate.html?command=get_materiel&rest_code=00106&code=00101008251&supplier_code=00100007&order_time=2022-01-12 HTTP/1.1" 200 408
180.157.251.97 - - [12/Jan/2022:10:33:39 +0800] "GET /xingrg/check_reg.html?_=1641954817981 HTTP/1.1" 200 22
180.157.251.97 - - [12/Jan/2022:10:33:39 +0800] "GET /xingrg/all/function/internal_message.html?_=1641954817979&CODE_STATE=count HTTP/1.1" 200 11
180.157.251.97 - - [12/Jan/2022:10:33:39 +0800] "POST /xingrg/all/common/load_tree.html?tree=area_rest_tree_json&manage=1 HTTP/1.1" 200 470
180.157.251.97 - - [12/Jan/2022:10:33:39 +0800] "POST /xingrg/load_menu.html HTTP/1.1" 200 5138
180.157.251.97 - - [12/Jan/2022:10:33:40 +0800] "GET /xingrg/kc/base/base_main.html HTTP/1.1" 200 12142
116.237.73.232 - - [12/Jan/2022:10:33:40 +0800] "GET /xingrg/all/function/internal_message.html?_=1641954815427&CODE_STATE=getMsg HTTP/1.1" 200 27
114.83.219.105 - - [12/Jan/2022:10:33:40 +0800] "GET /xingrg/kc/buy/cgsh_order_info.html?code=212022011205445 HTTP/1.1" 200 60360
120.253.135.82 - - [12/Jan/2022:10:33:41 +0800] "GET /xingrg/check_reg.html?_=1641954944226 HTTP/1.1" 302 -
222.70.177.227 - - [12/Jan/2022:10:33:41 +0800] "GET /xingrg/all/function/internal_message.html?_=1641954817429&CODE_STATE=getMsg HTTP/1.1" 200 27
114.83.219.105 - - [12/Jan/2022:10:33:41 +0800] "GET /xingrg/javascript/easyui/themes/default/validatebox.css HTTP/1.1" 404 1104
222.70.243.96 - - [12/Jan/2022:10:33:41 +0800] "GET /xingrg/all/function/internal_message.html?_=1641954829098&CODE_STATE=getMsg HTTP/1.1" 200 27
114.83.219.105 - - [12/Jan/2022:10:33:42 +0800] "POST /xingrg/kc/buy/cgsh_order_operate.html HTTP/1.1" 200 2386
180.157.251.97 - - [12/Jan/2022:10:33:42 +0800] "POST /xingrg/login.do HTTP/1.1" 302 -
180.157.251.97 - - [12/Jan/2022:10:33:42 +0800] "GET /xingrg/kc/base/wldb_order_list.html HTTP/1.1" 200 19066
180.157.251.97 - - [12/Jan/2022:10:33:42 +0800] "GET /xingrg/index.html?sysBaseUrl=http%3A%2F%2F180.169.147.146%3A18081%2Fxingrg%2F&costTime=2287×tamp=1641954822084 HTTP/1.1" 200 17179
180.157.251.97 - - [12/Jan/2022:10:33:42 +0800] "GET /favicon.ico HTTP/1.1" 404 -
180.157.251.97 - - [12/Jan/2022:10:33:42 +0800] "GET /xingrg/all/function/internal_message.html?_=1641954821213&CODE_STATE=count HTTP/1.1" 200 11
180.157.251.97 - - [12/Jan/2022:10:33:42 +0800] "GET /xingrg/check_reg.html?_=1641954821214 HTTP/1.1" 200 22
180.175.103.30 - - [12/Jan/2022:10:33:42 +0800] "GET /xingrg/kc/buy/cgsh_order_operate.html?command=get_materiel&rest_code=00105&code=00101009010&supplier_code=00100024&order_time=2022-01-12 HTTP/1.1" 200 412
124.79.247.218 - - [12/Jan/2022:10:33:42 +0800] "GET /xingrg/kc/mdqp/pssh_order_info.html?code=312022010700245 HTTP/1.1" 200 14392
124.79.247.218 - - [12/Jan/2022:10:33:42 +0800] "GET /xingrg/javascript/jquery_tools/jquery-1.4.2.min.js HTTP/1.1" 404 1094
180.157.251.97 - - [12/Jan/2022:10:33:42 +0800] "POST /xingrg/all/common/load_tree.html?tree=area_rest_tree_json&manage=1 HTTP/1.1" 200 351
180.157.251.97 - - [12/Jan/2022:10:33:42 +0800] "POST /xingrg/load_menu.html HTTP/1.1" 200 5138
124.79.247.218 - - [12/Jan/2022:10:33:42 +0800] "GET /xingrg/javascript/easyui/themes/default/validatebox.css HTTP/1.1" 404 1104
124.79.247.218 - - [12/Jan/2022:10:33:43 +0800] "POST /xingrg/kc/mdqp/pssh_order_operate.html HTTP/1.1" 200 9662
180.157.251.97 - - [12/Jan/2022:10:33:43 +0800] "POST /xingrg/kc/base/wldb_list_operate.html HTTP/1.1" 200 928
180.157.251.97 - - [12/Jan/2022:10:33:44 +0800] "GET /xingrg/kc/base/wldb_order_add.html HTTP/1.1" 200 30276
180.157.251.97 - - [12/Jan/2022:10:33:44 +0800] "GET /xingrg/words/20220110131915_words.js HTTP/1.1" 304 -
180.157.251.97 - - [12/Jan/2022:10:33:45 +0800] "GET /xingrg/all/common/auto_word.html?type=base&rest_code=00148 HTTP/1.1" 200 1799
180.157.251.97 - - [12/Jan/2022:10:33:45 +0800] "GET /xingrg/all/common/auto_word.html?type=base&rest_code=00148 HTTP/1.1" 200 1799
180.157.251.97 - - [12/Jan/2022:10:33:45 +0800] "GET /xingrg/javascript/easyui/themes/default/validatebox.css HTTP/1.1" 404 1104
180.157.251.97 - - [12/Jan/2022:10:33:45 +0800] "POST /xingrg/kc/base/wldb_order_operate.html HTTP/1.1" 200 6806
114.83.219.105 - - [12/Jan/2022:10:33:48 +0800] "GET /xingrg/kc/print/load_data.html?order_code=212022011205445&kc_code=cgsh&condition= HTTP/1.1" 200 1401
180.157.251.97 - - [12/Jan/2022:10:33:48 +0800] "GET /xingrg/javascript/auto/indicator.gif HTTP/1.1" 404 1066
180.157.251.97 - - [12/Jan/2022:10:33:49 +0800] "GET /xingrg/kc/mdqp/pssh_order_list.html HTTP/1.1" 200 17737
180.157.251.97 - - [12/Jan/2022:10:33:49 +0800] "POST /xingrg/kc/mdqp/pssh_list_operate.html HTTP/1.1" 200 5425
116.237.73.232 - - [12/Jan/2022:10:33:49 +0800] "POST /xingrg/kc/buy/cgsh_order_operate.html HTTP/1.1" 200 2065
180.157.251.97 - - [12/Jan/2022:10:33:51 +0800] "POST /xingrg/kc/mdqp/pssh_list_operate.html HTTP/1.1" 200 259
101.85.120.86 - - [12/Jan/2022:10:33:55 +0800] "GET /xingrg/all/function/internal_message.html?_=1641954832868&CODE_STATE=getMsg HTTP/1.1" 200 27
101.85.120.86 - - [12/Jan/2022:10:33:55 +0800] "GET /xingrg/check_reg.html?_=1641954832871 HTTP/1.1" 200 22
116.237.73.232 - - [12/Jan/2022:10:33:55 +0800] "GET /xingrg/kc/buy/cgsh_order_operate.html?command=get_materiel&rest_code=00106&code=00101008213&supplier_code=00100007&order_time=2022-01-12 HTTP/1.1" 200 412
180.157.251.97 - - [12/Jan/2022:10:33:55 +0800] "POST /xingrg/kc/mdqp/pssh_list_operate.html HTTP/1.1" 200 1894
180.157.251.97 - - [12/Jan/2022:10:33:56 +0800] "POST /xingrg/kc/mdqp/pssh_list_operate.html HTTP/1.1" 200 472
124.79.247.218 - - [12/Jan/2022:10:33:57 +0800] "GET /xingrg/all/function/internal_message.html?_=1641954972620&CODE_STATE=getMsg HTTP/1.1" 200 27
180.175.103.30 - - [12/Jan/2022:10:34:00 +0800] "GET /xingrg/kc/buy/cgsh_order_operate.html?command=get_materiel&rest_code=00105&code=00101009007&supplier_code=00100024&order_time=2022-01-12 HTTP/1.1" 200 408
120.253.135.82 - - [12/Jan/2022:10:34:00 +0800] "GET /xingrg/all/function/internal_message.html?_=1641954625552&CODE_STATE=getMsg HTTP/1.1" 200 27
116.237.73.232 - - [12/Jan/2022:10:34:02 +0800] "GET /xingrg/all/function/internal_message.html?_=1641954840996&CODE_STATE=getMsg HTTP/1.1" 200 27
116.237.73.232 - - [12/Jan/2022:10:34:03 +0800] "GET /xingrg/kc/buy/cgsh_order_operate.html?command=get_materiel&rest_code=00106&code=00101008242&supplier_code=00100007&order_time=2022-01-12 HTTP/1.1" 200 408
58.221.95.50 - - [12/Jan/2022:10:34:04 +0800] "GET /xingrg/all/function/internal_message.html?_=1641954841882&CODE_STATE=getMsg HTTP/1.1" 302 -
114.84.144.24 - - [12/Jan/2022:10:34:04 +0800] "GET /xingrg/all/function/internal_message.html?_=1641954657505&CODE_STATE=getMsg HTTP/1.1" 200 27
180.157.251.97 - - [12/Jan/2022:10:34:05 +0800] "GET /xingrg/kc/base/wldb_order_operate.html?command=get_materiel&rest_code=00148&base_code=&code=00101019262 HTTP/1.1" 200 462
180.169.147.146 - - [12/Jan/2022:10:34:06 +0800] "GET /xingrg/all/function/internal_message.html?_=1641954842658&CODE_STATE=getMsg HTTP/1.1" 200 27
120.253.135.82 - - [12/Jan/2022:10:34:07 +0800] "GET /xingrg/all/function/internal_message.html?_=1641954971140&CODE_STATE=getMsg HTTP/1.1" 302 -
116.237.73.232 - - [12/Jan/2022:10:34:13 +0800] "GET /xingrg/kc/buy/cgsh_order_operate.html?command=get_materiel&rest_code=00106&code=00101011001&supplier_code=00100007&order_time=2022-01-12 HTTP/1.1" 200 423
114.83.219.105 - - [12/Jan/2022:10:34:14 +0800] "GET /xingrg/all/function/internal_message.html?_=1641954850329&CODE_STATE=getMsg HTTP/1.1" 200 27
114.83.219.105 - - [12/Jan/2022:10:34:14 +0800] "GET /xingrg/kc/buy/cgsh_order_add.html HTTP/1.1" 200 65451
114.83.219.105 - - [12/Jan/2022:10:34:15 +0800] "POST /xingrg/kc/buy/cgsh_order_operate.html HTTP/1.1" 200 8245
114.83.219.105 - - [12/Jan/2022:10:34:15 +0800] "GET /xingrg/javascript/easyui/themes/default/validatebox.css HTTP/1.1" 404 1104
180.175.103.30 - - [12/Jan/2022:10:34:16 +0800] "GET /xingrg/kc/buy/cgsh_order_operate.html?command=get_materiel&rest_code=00105&code=00101009016&supplier_code=00100024&order_time=2022-01-12 HTTP/1.1" 200 412
180.157.251.97 - - [12/Jan/2022:10:34:17 +0800] "GET /xingrg/kc/base/wldb_order_operate.html?command=get_materiel&rest_code=00148&base_code=&code=00101019264 HTTP/1.1" 200 452
116.237.73.232 - - [12/Jan/2022:10:34:22 +0800] "GET /xingrg/kc/buy/cgsh_order_operate.html?command=get_materiel&rest_code=00106&code=00101008403&supplier_code=00100007&order_time=2022-01-12 HTTP/1.1" 200 412
124.79.247.218 - - [12/Jan/2022:10:34:27 +0800] "GET /xingrg/kc/mdqp/pssh_order_list.html?isBack=1 HTTP/1.1" 200 17777
124.79.247.218 - - [12/Jan/2022:10:34:27 +0800] "POST /xingrg/kc/mdqp/pssh_list_operate.html HTTP/1.1" 200 8598
180.157.251.97 - - [12/Jan/2022:10:34:29 +0800] "POST /xingrg/all/common/load_select.html HTTP/1.1" 200 25
180.157.251.97 - - [12/Jan/2022:10:34:31 +0800] "GET /xingrg/kc/base/wldb_order_operate.html?command=get_materiel_price&rest_code=00148&base_code=&code=00101019262&unit_code=00100138 HTTP/1.1" 200 34
114.95.98.1 - - [12/Jan/2022:10:34:33 +0800] "GET /xingrg/all/function/internal_message.html?_=1641954887668&CODE_STATE=getMsg HTTP/1.1" 200 27
180.157.251.97 - - [12/Jan/2022:10:34:34 +0800] "GET /xingrg/kc/base/wldb_order_operate.html?command=get_materiel_price&rest_code=00148&base_code=&code=00101019262&unit_code=00100137 HTTP/1.1" 200 33
222.69.245.95 - - [12/Jan/2022:10:34:36 +0800] "GET /xingrg/all/function/internal_message.html?_=1641954813923&CODE_STATE=getMsg HTTP/1.1" 200 27
180.175.103.30 - - [12/Jan/2022:10:34:37 +0800] "GET /xingrg/all/function/internal_message.html?_=1641954876980&CODE_STATE=getMsg HTTP/1.1" 200 27
114.83.219.105 - - [12/Jan/2022:10:34:38 +0800] "GET /xingrg/kc/buy/cgsh_order_operate.html?command=get_materiel&rest_code=00149&code=00101027025&supplier_code=00100019&order_time=2022-01-12 HTTP/1.1" 200 442
180.157.251.97 - - [12/Jan/2022:10:34:39 +0800] "GET /xingrg/all/function/internal_message.html?_=1641954877998&CODE_STATE=getMsg HTTP/1.1" 200 27
116.237.73.232 - - [12/Jan/2022:10:34:39 +0800] "POST /xingrg/kc/buy/cgsh_order_operate.html HTTP/1.1" 200 37
222.70.177.227 - - [12/Jan/2022:10:34:41 +0800] "GET /xingrg/all/function/internal_message.html?_=1641954877429&CODE_STATE=getMsg HTTP/1.1" 200 27
222.70.243.96 - - [12/Jan/2022:10:34:41 +0800] "GET /xingrg/all/function/internal_message.html?_=1641954889218&CODE_STATE=getMsg HTTP/1.1" 200 27
180.157.251.97 - - [12/Jan/2022:10:34:42 +0800] "GET /xingrg/all/function/internal_message.html?_=1641954881229&CODE_STATE=getMsg HTTP/1.1" 200 27
124.79.247.218 - - [12/Jan/2022:10:34:43 +0800] "POST /xingrg/kc/mdqp/pssh_list_operate.html HTTP/1.1" 200 256
124.79.247.218 - - [12/Jan/2022:10:34:44 +0800] "POST /xingrg/kc/mdqp/pssh_list_operate.html HTTP/1.1" 200 4774
124.79.247.218 - - [12/Jan/2022:10:34:44 +0800] "GET /xingrg/javascript/jquery_tools/jquery-1.4.2.min.js HTTP/1.1" 404 1094
124.79.247.218 - - [12/Jan/2022:10:34:44 +0800] "GET /xingrg/kc/mdqp/pssh_order_info.html?code=312022010700250 HTTP/1.1" 200 17272
124.79.247.218 - - [12/Jan/2022:10:34:44 +0800] "GET /xingrg/javascript/easyui/themes/default/validatebox.css HTTP/1.1" 404 1104
124.79.247.218 - - [12/Jan/2022:10:34:45 +0800] "POST /xingrg/kc/mdqp/pssh_order_operate.html HTTP/1.1" 200 532
180.175.103.30 - - [12/Jan/2022:10:34:45 +0800] "POST /xingrg/kc/buy/cgsh_order_operate.html HTTP/1.1" 200 37
180.175.103.30 - - [12/Jan/2022:10:34:47 +0800] "POST /xingrg/kc/buy/cgsh_order_operate.html HTTP/1.1" 200 5018
116.237.73.232 - - [12/Jan/2022:10:34:49 +0800] "GET /xingrg/all/function/internal_message.html?_=1641954884055&CODE_STATE=getMsg HTTP/1.1" 200 27
180.175.103.30 - - [12/Jan/2022:10:34:49 +0800] "GET /xingrg/kc/print/load_data.html?order_code=212022011205446&kc_code=cgsh&condition= HTTP/1.1" 200 1582
180.175.103.30 - - [12/Jan/2022:10:34:50 +0800] "POST /xingrg/services/DataTransmitService HTTP/1.1" 200 524
116.237.73.232 - - [12/Jan/2022:10:34:50 +0800] "POST /xingrg/kc/buy/cgsh_order_operate.html HTTP/1.1" 200 29252
101.85.120.86 - - [12/Jan/2022:10:34:55 +0800] "GET /xingrg/all/function/internal_message.html?_=1641954892875&CODE_STATE=getMsg HTTP/1.1" 200 27
124.79.247.218 - - [12/Jan/2022:10:34:57 +0800] "GET /xingrg/all/function/internal_message.html?_=1641955032594&CODE_STATE=getMsg HTTP/1.1" 200 27
124.79.247.218 - - [12/Jan/2022:10:34:57 +0800] "GET /xingrg/check_reg.html?_=1641955032654 HTTP/1.1" 200 22
120.253.135.82 - - [12/Jan/2022:10:35:00 +0800] "GET /xingrg/all/function/internal_message.html?_=1641954685582&CODE_STATE=getMsg HTTP/1.1" 200 27
116.237.73.232 - - [12/Jan/2022:10:35:02 +0800] "GET /xingrg/kc/buy/cgsh_order_operate.html?command=get_materiel&rest_code=00106&code=00101026081&supplier_code=00100017&order_time=2022-01-12 HTTP/1.1" 200 458
116.237.73.232 - - [12/Jan/2022:10:35:02 +0800] "GET /xingrg/all/function/internal_message.html?_=1641954900982&CODE_STATE=getMsg HTTP/1.1" 200 27
58.221.95.50 - - [12/Jan/2022:10:35:04 +0800] "GET /xingrg/all/function/internal_message.html?_=1641954901858&CODE_STATE=getMsg HTTP/1.1" 302 -
116.237.73.232 - - [12/Jan/2022:10:35:04 +0800] "GET /xingrg/kc/buy/cgsh_order_operate.html?command=get_materiel&rest_code=00106&code=00101008350&supplier_code=00100007&order_time=2022-01-12 HTTP/1.1" 200 408
114.84.144.24 - - [12/Jan/2022:10:35:04 +0800] "GET /xingrg/all/function/internal_message.html?_=1641954717507&CODE_STATE=getMsg HTTP/1.1" 200 27
180.169.147.146 - - [12/Jan/2022:10:35:06 +0800] "GET /xingrg/all/function/internal_message.html?_=1641954902642&CODE_STATE=getMsg HTTP/1.1" 200 27
180.169.147.146 - - [12/Jan/2022:10:35:06 +0800] "GET /xingrg/check_reg.html?_=1641954902909 HTTP/1.1" 200 22
120.253.135.82 - - [12/Jan/2022:10:35:07 +0800] "GET /xingrg/all/function/internal_message.html?_=1641955031150&CODE_STATE=getMsg HTTP/1.1" 302 -
114.83.219.105 - - [12/Jan/2022:10:35:08 +0800] "GET /xingrg/kc/buy/cgsh_order_operate.html?command=get_materiel&rest_code=00149&code=00101027040&supplier_code=00100019&order_time=2022-01-12 HTTP/1.1" 200 422
180.157.251.97 - - [12/Jan/2022:10:35:11 +0800] "GET /xingrg/kc/base/wldb_order_operate.html?command=get_materiel&rest_code=00148&base_code=&code=00101019130 HTTP/1.1" 200 469
114.83.219.105 - - [12/Jan/2022:10:35:14 +0800] "GET /xingrg/all/function/internal_message.html?_=1641954910319&CODE_STATE=getMsg HTTP/1.1" 200 27
114.83.219.105 - - [12/Jan/2022:10:35:21 +0800] "GET /xingrg/kc/buy/cgsh_order_operate.html?command=get_materiel&rest_code=00149&code=00101025030&supplier_code=00100019&order_time=2022-01-12 HTTP/1.1" 200 445
180.157.251.97 - - [12/Jan/2022:10:35:26 +0800] "GET /xingrg/kc/base/wldb_order_operate.html?command=get_materiel&rest_code=00148&base_code=&code=00101019129 HTTP/1.1" 200 456
114.95.98.1 - - [12/Jan/2022:10:35:33 +0800] "GET /xingrg/all/function/internal_message.html?_=1641954947684&CODE_STATE=getMsg HTTP/1.1" 200 27
116.237.73.232 - - [12/Jan/2022:10:35:35 +0800] "POST /xingrg/kc/buy/cgsh_order_operate.html HTTP/1.1" 200 2065
222.69.245.95 - - [12/Jan/2022:10:35:36 +0800] "GET /xingrg/all/function/internal_message.html?_=1641954873929&CODE_STATE=getMsg HTTP/1.1" 200 27
180.175.103.30 - - [12/Jan/2022:10:35:37 +0800] "GET /xingrg/all/function/internal_message.html?_=1641954936987&CODE_STATE=getMsg HTTP/1.1" 200 27
180.175.103.30 - - [12/Jan/2022:10:35:37 +0800] "GET /xingrg/check_reg.html?_=1641954936990 HTTP/1.1" 200 22
114.83.219.105 - - [12/Jan/2022:10:35:37 +0800] "GET /xingrg/kc/buy/cgsh_order_operate.html?command=get_materiel&rest_code=00149&code=00101028044&supplier_code=00100019&order_time=2022-01-12 HTTP/1.1" 200 426
180.157.251.97 - - [12/Jan/2022:10:35:39 +0800] "GET /xingrg/all/function/internal_message.html?_=1641954938102&CODE_STATE=getMsg HTTP/1.1" 200 27
116.237.73.232 - - [12/Jan/2022:10:35:40 +0800] "GET /xingrg/kc/buy/cgsh_order_operate.html?command=get_materiel&rest_code=00106&code=00101028011&supplier_code=00100017&order_time=2022-01-12 HTTP/1.1" 200 452
222.70.177.227 - - [12/Jan/2022:10:35:41 +0800] "GET /xingrg/all/function/internal_message.html?_=1641954937428&CODE_STATE=getMsg HTTP/1.1" 200 27
222.70.243.96 - - [12/Jan/2022:10:35:41 +0800] "GET /xingrg/all/function/internal_message.html?_=1641954949219&CODE_STATE=getMsg HTTP/1.1" 200 27
180.157.251.97 - - [12/Jan/2022:10:35:42 +0800] "GET /xingrg/javascript/jquery_easy_ui/themes/icons/ok.png HTTP/1.1" 200 883
180.157.251.97 - - [12/Jan/2022:10:35:42 +0800] "GET /xingrg/javascript/jquery_easy_ui/themes/default/images/button_span_bg.gif HTTP/1.1" 200 2061
180.157.251.97 - - [12/Jan/2022:10:35:42 +0800] "GET /xingrg/javascript/jquery_easy_ui/themes/default/images/panel_tools.gif HTTP/1.1" 200 737
180.157.251.97 - - [12/Jan/2022:10:35:42 +0800] "GET /xingrg/javascript/jquery_easy_ui/themes/default/images/panel_title.png HTTP/1.1" 200 266
180.157.251.97 - - [12/Jan/2022:10:35:42 +0800] "GET /xingrg/all/function/internal_message.html?_=1641954941228&CODE_STATE=getMsg HTTP/1.1" 200 27
180.157.251.97 - - [12/Jan/2022:10:35:44 +0800] "POST /xingrg/all/user/operate.html HTTP/1.1" 200 36
180.157.251.97 - - [12/Jan/2022:10:35:44 +0800] "GET /xingrg/javascript/jquery_easy_ui/themes/default/easyui.css HTTP/1.1" 304 -
180.157.251.97 - - [12/Jan/2022:10:35:44 +0800] "GET /xingrg/javascript/jquery_easy_ui/themes/icon.css HTTP/1.1" 304 -
180.157.251.97 - - [12/Jan/2022:10:35:44 +0800] "GET /xingrg/css/form.css HTTP/1.1" 304 -
180.157.251.97 - - [12/Jan/2022:10:35:44 +0800] "GET /xingrg/javascript/jquery_easy_ui/easyui-lang-zh_CN.js HTTP/1.1" 304 -
180.157.251.97 - - [12/Jan/2022:10:35:44 +0800] "GET /xingrg/javascript/jquery.utils.js HTTP/1.1" 304 -
180.157.251.97 - - [12/Jan/2022:10:35:44 +0800] "GET /xingrg/javascript/jquery.form.js HTTP/1.1" 304 -
180.157.251.97 - - [12/Jan/2022:10:35:44 +0800] "GET /xingrg/javascript/jquery-1.4.2.min.js HTTP/1.1" 304 -
180.157.251.97 - - [12/Jan/2022:10:35:44 +0800] "GET /xingrg/javascript/jquery_easy_ui/jquery.easyui.min.js HTTP/1.1" 304 -
180.157.251.97 - - [12/Jan/2022:10:35:44 +0800] "GET /xingrg/javascript/jquery.timers.js HTTP/1.1" 304 -
180.157.251.97 - - [12/Jan/2022:10:35:44 +0800] "GET /xingrg/index.html?sysBaseUrl=http%3A%2F%2F180.169.147.146%3A18081%2Fxingrg%2F&costTime=1240×tamp=1641954818521 HTTP/1.1" 200 17173
180.157.251.97 - - [12/Jan/2022:10:35:44 +0800] "GET /xingrg/images/blue/jxLogo.png HTTP/1.1" 304 -
180.157.251.97 - - [12/Jan/2022:10:35:44 +0800] "GET /xingrg/images/blue/navBackgound.jpg HTTP/1.1" 304 -
180.157.251.97 - - [12/Jan/2022:10:35:44 +0800] "GET /xingrg/javascript/jquery_easy_ui/themes/icons/settle_new.png HTTP/1.1" 304 -
180.157.251.97 - - [12/Jan/2022:10:35:44 +0800] "GET /xingrg/all/function/internal_message.html?_=1641954943926&CODE_STATE=count HTTP/1.1" 200 11
180.157.251.97 - - [12/Jan/2022:10:35:44 +0800] "GET /xingrg/check_reg.html?_=1641954943927 HTTP/1.1" 200 22
180.157.251.97 - - [12/Jan/2022:10:35:44 +0800] "GET /xingrg/javascript/jquery_easy_ui/themes/default/images/tabs_rightarrow.png HTTP/1.1" 304 -
180.157.251.97 - - [12/Jan/2022:10:35:44 +0800] "GET /xingrg/javascript/jquery_easy_ui/themes/default/images/panel_tool_collapse.gif HTTP/1.1" 304 -
180.157.251.97 - - [12/Jan/2022:10:35:44 +0800] "GET /xingrg/images/blue/pingpu.png HTTP/1.1" 304 -
180.157.251.97 - - [12/Jan/2022:10:35:44 +0800] "GET /xingrg/javascript/jquery_easy_ui/themes/default/images/tabs_leftarrow.png HTTP/1.1" 304 -
180.157.251.97 - - [12/Jan/2022:10:35:45 +0800] "POST /xingrg/all/common/load_tree.html?tree=area_rest_tree_json&manage=1 HTTP/1.1" 200 470
180.157.251.97 - - [12/Jan/2022:10:35:45 +0800] "POST /xingrg/load_menu.html HTTP/1.1" 200 5138
180.157.251.97 - - [12/Jan/2022:10:35:47 +0800] "GET /xingrg/kc/base/base_main.html HTTP/1.1" 200 12142
222.69.245.95 - - [12/Jan/2022:10:35:48 +0800] "POST /xingrg/services/DataTransmitService HTTP/1.1" 200 524
180.175.103.30 - - [12/Jan/2022:10:35:48 +0800] "POST /xingrg/services/DataTransmitService HTTP/1.1" 200 501
222.69.245.95 - - [12/Jan/2022:10:35:49 +0800] "POST /xingrg/services/DataTransmitService HTTP/1.1" 200 1991
180.157.251.97 - - [12/Jan/2022:10:35:49 +0800] "GET /xingrg/kc/base/wldb_order_list.html HTTP/1.1" 200 19060
114.83.219.105 - - [12/Jan/2022:10:35:49 +0800] "GET /xingrg/kc/buy/cgsh_order_operate.html?command=get_materiel&rest_code=00149&code=00101029005&supplier_code=00100019&order_time=2022-01-12 HTTP/1.1" 200 436
116.237.73.232 - - [12/Jan/2022:10:35:49 +0800] "GET /xingrg/all/function/internal_message.html?_=1641954944143&CODE_STATE=getMsg HTTP/1.1" 200 27
180.157.251.97 - - [12/Jan/2022:10:35:50 +0800] "POST /xingrg/kc/base/wldb_list_operate.html HTTP/1.1" 200 928
222.69.245.95 - - [12/Jan/2022:10:35:50 +0800] "POST /xingrg/services/DataTransmitService HTTP/1.1" 200 93695
180.157.251.97 - - [12/Jan/2022:10:35:51 +0800] "GET /xingrg/kc/base/wldb_order_add.html HTTP/1.1" 200 30270
180.157.251.97 - - [12/Jan/2022:10:35:52 +0800] "POST /xingrg/kc/base/wldb_order_operate.html HTTP/1.1" 200 6806
180.157.251.97 - - [12/Jan/2022:10:35:52 +0800] "GET /xingrg/all/common/auto_word.html?type=base&rest_code=00108 HTTP/1.1" 200 1761
180.157.251.97 - - [12/Jan/2022:10:35:52 +0800] "GET /xingrg/all/common/auto_word.html?type=base&rest_code=00108 HTTP/1.1" 200 1761
180.157.251.97 - - [12/Jan/2022:10:35:52 +0800] "GET /xingrg/javascript/easyui/themes/default/validatebox.css HTTP/1.1" 404 1104
101.85.120.86 - - [12/Jan/2022:10:35:55 +0800] "GET /xingrg/all/function/internal_message.html?_=1641954952859&CODE_STATE=getMsg HTTP/1.1" 200 27
180.157.251.97 - - [12/Jan/2022:10:35:55 +0800] "GET /xingrg/javascript/auto/indicator.gif HTTP/1.1" 404 1066
116.237.73.232 - - [12/Jan/2022:10:35:56 +0800] "GET /xingrg/kc/buy/cgsh_order_operate.html?command=get_materiel&rest_code=00106&code=00101008223&supplier_code=00100007&order_time=2022-01-12 HTTP/1.1" 200 412
124.79.247.218 - - [12/Jan/2022:10:35:57 +0800] "GET /xingrg/all/function/internal_message.html?_=1641955092575&CODE_STATE=getMsg HTTP/1.1" 200 27
180.157.251.97 - - [12/Jan/2022:10:35:57 +0800] "GET /xingrg/kc/base/wldb_order_operate.html?command=get_materiel&rest_code=00108&base_code=&code=00101019262 HTTP/1.1" 200 464
120.253.135.82 - - [12/Jan/2022:10:36:00 +0800] "GET /xingrg/all/function/internal_message.html?_=1641954745595&CODE_STATE=getMsg HTTP/1.1" 200 27
116.237.73.232 - - [12/Jan/2022:10:36:02 +0800] "GET /xingrg/all/function/internal_message.html?_=1641954960992&CODE_STATE=getMsg HTTP/1.1" 200 27
114.83.219.105 - - [12/Jan/2022:10:36:03 +0800] "GET /xingrg/kc/buy/cgsh_order_operate.html?command=get_materiel&rest_code=00149&code=00101028011&supplier_code=00100019&order_time=2022-01-12 HTTP/1.1" 200 454
58.221.95.50 - - [12/Jan/2022:10:36:04 +0800] "GET /xingrg/all/function/internal_message.html?_=1641954961831&CODE_STATE=getMsg HTTP/1.1" 302 -
114.84.144.24 - - [12/Jan/2022:10:36:04 +0800] "GET /xingrg/all/function/internal_message.html?_=1641954777500&CODE_STATE=getMsg HTTP/1.1" 200 27
180.169.147.146 - - [12/Jan/2022:10:36:06 +0800] "GET /xingrg/all/function/internal_message.html?_=1641954962611&CODE_STATE=getMsg HTTP/1.1" 200 27
120.253.135.82 - - [12/Jan/2022:10:36:08 +0800] "GET /xingrg/all/function/internal_message.html?_=1641955091201&CODE_STATE=getMsg HTTP/1.1" 302 -
180.157.251.97 - - [12/Jan/2022:10:36:10 +0800] "GET /xingrg/kc/base/wldb_order_operate.html?command=get_materiel&rest_code=00108&base_code=&code=00101019264 HTTP/1.1" 200 452
124.79.247.218 - - [12/Jan/2022:10:36:11 +0800] "POST /xingrg/all/common/load_combo.html?type=base&rest_code=00104 HTTP/1.1" 200 3315
114.83.219.105 - - [12/Jan/2022:10:36:14 +0800] "GET /xingrg/all/function/internal_message.html?_=1641954970334&CODE_STATE=getMsg HTTP/1.1" 200 27
124.79.247.218 - - [12/Jan/2022:10:36:15 +0800] "POST /xingrg/all/common/load_combo.html?type=employee HTTP/1.1" 200 445
114.83.219.105 - - [12/Jan/2022:10:36:15 +0800] "GET /xingrg/kc/buy/cgsh_order_operate.html?command=get_materiel&rest_code=00149&code=00101029007&supplier_code=00100019&order_time=2022-01-12 HTTP/1.1" 200 458
116.237.73.232 - - [12/Jan/2022:10:36:19 +0800] "POST /xingrg/kc/buy/cgsh_order_operate.html HTTP/1.1" 200 2065
124.79.247.218 - - [12/Jan/2022:10:36:21 +0800] "POST /xingrg/kc/mdqp/pssh_order_operate.html HTTP/1.1" 200 37
116.237.73.232 - - [12/Jan/2022:10:36:24 +0800] "GET /xingrg/kc/buy/cgsh_order_operate.html?command=get_materiel&rest_code=00106&code=00101008236&supplier_code=00100007&order_time=2022-01-12 HTTP/1.1" 200 417
124.79.247.218 - - [12/Jan/2022:10:36:24 +0800] "POST /xingrg/kc/mdqp/pssh_order_operate.html HTTP/1.1" 200 12
116.237.73.232 - - [12/Jan/2022:10:36:32 +0800] "POST /xingrg/kc/buy/cgsh_order_operate.html HTTP/1.1" 200 37
114.95.98.1 - - [12/Jan/2022:10:36:33 +0800] "GET /xingrg/all/function/internal_message.html?_=1641955007699&CODE_STATE=getMsg HTTP/1.1" 200 27
116.237.73.232 - - [12/Jan/2022:10:36:35 +0800] "POST /xingrg/kc/buy/cgsh_order_operate.html HTTP/1.1" 200 5828
124.79.247.218 - - [12/Jan/2022:10:36:35 +0800] "GET /xingrg/kc/mdqp/pssh_order_info.html?code=312022010700250 HTTP/1.1" 200 14390
124.79.247.218 - - [12/Jan/2022:10:36:35 +0800] "GET /xingrg/javascript/jquery_tools/jquery-1.4.2.min.js HTTP/1.1" 404 1094
124.79.247.218 - - [12/Jan/2022:10:36:35 +0800] "GET /xingrg/javascript/easyui/themes/default/validatebox.css HTTP/1.1" 404 1104
124.79.247.218 - - [12/Jan/2022:10:36:35 +0800] "POST /xingrg/kc/mdqp/pssh_order_operate.html HTTP/1.1" 200 532
222.69.245.95 - - [12/Jan/2022:10:36:36 +0800] "GET /xingrg/check_reg.html?_=1641954933581 HTTP/1.1" 200 22
222.69.245.95 - - [12/Jan/2022:10:36:36 +0800] "GET /xingrg/all/function/internal_message.html?_=1641954933943&CODE_STATE=getMsg HTTP/1.1" 200 27
180.175.103.30 - - [12/Jan/2022:10:36:37 +0800] "GET /xingrg/all/function/internal_message.html?_=1641954996993&CODE_STATE=getMsg HTTP/1.1" 200 27
116.237.73.232 - - [12/Jan/2022:10:36:40 +0800] "GET /xingrg/check_reg.html?_=1641954995336 HTTP/1.1" 200 22
222.70.243.96 - - [12/Jan/2022:10:36:40 +0800] "GET /xingrg/check_reg.html?_=1641955008584 HTTP/1.1" 200 22
222.70.177.227 - - [12/Jan/2022:10:36:41 +0800] "GET /xingrg/check_reg.html?_=1641954997427 HTTP/1.1" 200 22
222.70.177.227 - - [12/Jan/2022:10:36:41 +0800] "GET /xingrg/all/function/internal_message.html?_=1641954997428&CODE_STATE=getMsg HTTP/1.1" 200 27
222.70.243.96 - - [12/Jan/2022:10:36:41 +0800] "GET /xingrg/all/function/internal_message.html?_=1641955009232&CODE_STATE=getMsg HTTP/1.1" 200 27
116.237.73.232 - - [12/Jan/2022:10:36:41 +0800] "GET /xingrg/kc/buy/cgsh_order_operate.html?command=get_materiel&rest_code=00106&code=00101008109&supplier_code=00100007&order_time=2022-01-12 HTTP/1.1" 200 413
180.157.251.97 - - [12/Jan/2022:10:36:42 +0800] "GET /xingrg/all/function/internal_message.html?_=1641955001226&CODE_STATE=getMsg HTTP/1.1" 200 27
114.83.219.105 - - [12/Jan/2022:10:36:44 +0800] "GET /xingrg/kc/buy/cgsh_order_operate.html?command=get_materiel&rest_code=00149&code=00101027004&supplier_code=00100019&order_time=2022-01-12 HTTP/1.1" 200 463
180.157.251.97 - - [12/Jan/2022:10:36:45 +0800] "GET /xingrg/all/function/internal_message.html?_=1641955003937&CODE_STATE=getMsg HTTP/1.1" 200 27
116.237.73.232 - - [12/Jan/2022:10:36:49 +0800] "GET /xingrg/all/function/internal_message.html?_=1641955004007&CODE_STATE=getMsg HTTP/1.1" 200 27
116.237.73.232 - - [12/Jan/2022:10:36:50 +0800] "GET /xingrg/kc/buy/cgsh_order_operate.html?command=get_materiel&rest_code=00106&code=00101008114&supplier_code=00100007&order_time=2022-01-12 HTTP/1.1" 200 412
124.79.247.218 - - [12/Jan/2022:10:36:51 +0800] "GET /xingrg/kc/mdqp/pssh_order_list.html?isBack=1 HTTP/1.1" 200 17777
124.79.247.218 - - [12/Jan/2022:10:36:52 +0800] "POST /xingrg/kc/mdqp/pssh_list_operate.html HTTP/1.1" 200 8632
101.85.120.86 - - [12/Jan/2022:10:36:55 +0800] "GET /xingrg/all/function/internal_message.html?_=1641955012858&CODE_STATE=getMsg HTTP/1.1" 200 27
180.157.251.97 - - [12/Jan/2022:10:36:55 +0800] "GET /xingrg/kc/report/report_main.html HTTP/1.1" 200 7340
124.79.247.218 - - [12/Jan/2022:10:36:57 +0800] "GET /xingrg/all/function/internal_message.html?_=1641955152545&CODE_STATE=getMsg HTTP/1.1" 200 27
114.83.219.105 - - [12/Jan/2022:10:36:58 +0800] "POST /xingrg/kc/buy/cgsh_order_operate.html HTTP/1.1" 200 37
120.253.135.82 - - [12/Jan/2022:10:37:00 +0800] "GET /xingrg/check_reg.html?_=1641954804914 HTTP/1.1" 200 22
120.253.135.82 - - [12/Jan/2022:10:37:00 +0800] "GET /xingrg/all/function/internal_message.html?_=1641954805609&CODE_STATE=getMsg HTTP/1.1" 200 27
116.237.73.232 - - [12/Jan/2022:10:37:02 +0800] "GET /xingrg/all/function/internal_message.html?_=1641955020989&CODE_STATE=getMsg HTTP/1.1" 200 27
116.237.73.232 - - [12/Jan/2022:10:37:03 +0800] "POST /xingrg/kc/buy/cgsh_order_operate.html HTTP/1.1" 200 2065
58.221.95.50 - - [12/Jan/2022:10:37:04 +0800] "GET /xingrg/all/function/internal_message.html?_=1641955021804&CODE_STATE=getMsg HTTP/1.1" 302 -
114.84.144.24 - - [12/Jan/2022:10:37:04 +0800] "GET /xingrg/all/function/internal_message.html?_=1641954837528&CODE_STATE=getMsg HTTP/1.1" 200 27
180.157.251.97 - - [12/Jan/2022:10:37:05 +0800] "GET /xingrg/all/report/report_query.html?fileName=kc/mdqp/qp_report_mdps_mx_report.xml HTTP/1.1" 200 51366
180.157.251.97 - - [12/Jan/2022:10:37:05 +0800] "GET /xingrg/dwr/interface/AjaxReportQueryService.js HTTP/1.1" 200 13203
180.157.251.97 - - [12/Jan/2022:10:37:05 +0800] "GET /xingrg/dwr/engine.js HTTP/1.1" 200 43631
180.157.251.97 - - [12/Jan/2022:10:37:05 +0800] "GET /xingrg/dwr/util.js HTTP/1.1" 200 35990
180.157.251.97 - - [12/Jan/2022:10:37:05 +0800] "POST /xingrg/dwr/call/plaincall/AjaxReportQueryService.getFixDate.dwr HTTP/1.1" 200 111
180.157.251.97 - - [12/Jan/2022:10:37:05 +0800] "POST /xingrg/dwr/call/plaincall/AjaxReportQueryService.getInitString.dwr HTTP/1.1" 200 106
180.157.251.97 - - [12/Jan/2022:10:37:05 +0800] "POST /xingrg/dwr/call/plaincall/AjaxReportQueryService.getInitString.dwr HTTP/1.1" 200 125
180.169.147.146 - - [12/Jan/2022:10:37:06 +0800] "GET /xingrg/all/function/internal_message.html?_=1641955022596&CODE_STATE=getMsg HTTP/1.1" 200 27
114.83.219.105 - - [12/Jan/2022:10:37:07 +0800] "POST /xingrg/kc/buy/cgsh_order_operate.html HTTP/1.1" 200 12
120.253.135.82 - - [12/Jan/2022:10:37:08 +0800] "GET /xingrg/all/function/internal_message.html?_=1641955151205&CODE_STATE=getMsg HTTP/1.1" 302 -
116.237.73.232 - - [12/Jan/2022:10:37:10 +0800] "GET /xingrg/kc/buy/cgsh_order_operate.html?command=get_materiel&rest_code=00106&code=00101008168&supplier_code=00100007&order_time=2022-01-12 HTTP/1.1" 200 413
114.83.219.105 - - [12/Jan/2022:10:37:12 +0800] "GET /xingrg/kc/buy/cgsh_order_info.html?code=212022011205448 HTTP/1.1" 200 60358
114.83.219.105 - - [12/Jan/2022:10:37:13 +0800] "GET /xingrg/javascript/easyui/themes/default/validatebox.css HTTP/1.1" 404 1104
124.79.247.218 - - [12/Jan/2022:10:37:14 +0800] "POST /xingrg/kc/mdqp/pssh_list_operate.html HTTP/1.1" 200 4808
114.83.219.105 - - [12/Jan/2022:10:37:14 +0800] "GET /xingrg/check_reg.html?_=1641955030336 HTTP/1.1" 200 22
114.83.219.105 - - [12/Jan/2022:10:37:14 +0800] "GET /xingrg/all/function/internal_message.html?_=1641955030339&CODE_STATE=getMsg HTTP/1.1" 200 27
114.83.219.105 - - [12/Jan/2022:10:37:14 +0800] "POST /xingrg/kc/buy/cgsh_order_operate.html HTTP/1.1" 200 4983
114.83.219.105 - - [12/Jan/2022:10:37:16 +0800] "GET /xingrg/kc/print/load_data.html?order_code=212022011205448&kc_code=cgsh&condition= HTTP/1.1" 200 2580
180.157.251.97 - - [12/Jan/2022:10:37:16 +0800] "POST /xingrg/dwr/call/plaincall/AjaxReportQueryService.refreshCache.dwr HTTP/1.1" 200 78
180.157.251.97 - - [12/Jan/2022:10:37:18 +0800] "POST /xingrg/all/report/load_report_page.html HTTP/1.1" 200 67631
180.157.251.97 - - [12/Jan/2022:10:37:18 +0800] "GET /xingrg/servlets/image?cache=0.6546633279464115&image=px HTTP/1.1" 200 807
124.79.247.218 - - [12/Jan/2022:10:37:18 +0800] "POST /xingrg/kc/mdqp/pssh_list_operate.html HTTP/1.1" 200 260
116.237.73.232 - - [12/Jan/2022:10:37:21 +0800] "GET /xingrg/kc/buy/cgsh_order_operate.html?command=get_materiel&rest_code=00106&code=00101008041&supplier_code=00100007&order_time=2022-01-12 HTTP/1.1" 200 408
116.237.73.232 - - [12/Jan/2022:10:37:31 +0800] "GET /xingrg/kc/base/base_main.html HTTP/1.1" 200 12142
116.237.73.232 - - [12/Jan/2022:10:37:32 +0800] "GET /xingrg/kc/buy/cgsh_order_operate.html?command=get_materiel&rest_code=00106&code=00101015039&supplier_code=00100007&order_time=2022-01-12 HTTP/1.1" 200 412
116.237.73.232 - - [12/Jan/2022:10:37:32 +0800] "GET /xingrg/kc/base/wldb_order_list.html HTTP/1.1" 200 19060
114.95.98.1 - - [12/Jan/2022:10:37:33 +0800] "GET /xingrg/all/function/internal_message.html?_=1641955067711&CODE_STATE=getMsg HTTP/1.1" 200 27
116.237.73.232 - - [12/Jan/2022:10:37:33 +0800] "POST /xingrg/kc/base/wldb_list_operate.html HTTP/1.1" 200 1773
116.237.73.232 - - [12/Jan/2022:10:37:36 +0800] "GET /xingrg/kc/buy/buy_main.html HTTP/1.1" 200 12412
116.237.73.232 - - [12/Jan/2022:10:37:36 +0800] "GET /xingrg/css/new_ie.css HTTP/1.1" 404 1036
222.69.245.95 - - [12/Jan/2022:10:37:36 +0800] "GET /xingrg/all/function/internal_message.html?_=1641954993957&CODE_STATE=getMsg HTTP/1.1" 200 27
180.175.103.30 - - [12/Jan/2022:10:37:37 +0800] "GET /xingrg/all/function/internal_message.html?_=1641955056993&CODE_STATE=getMsg HTTP/1.1" 200 27
116.237.73.232 - - [12/Jan/2022:10:37:37 +0800] "GET /xingrg/images/yd/bt.gif HTTP/1.1" 404 1040
180.157.251.97 - - [12/Jan/2022:10:37:38 +0800] "POST /xingrg/all/report/load_report_page.html HTTP/1.1" 200 63865
180.157.251.97 - - [12/Jan/2022:10:37:38 +0800] "GET /xingrg/images/blue/button/advance.gif HTTP/1.1" 200 1354
180.157.251.97 - - [12/Jan/2022:10:37:38 +0800] "GET /xingrg/images/blue/button/advance2.gif HTTP/1.1" 200 1338
180.157.251.97 - - [12/Jan/2022:10:37:38 +0800] "GET /xingrg/servlets/image?cache=0.12841121486499663&image=px HTTP/1.1" 200 807
116.237.73.232 - - [12/Jan/2022:10:37:39 +0800] "GET /xingrg/kc/buy/cgsh_order_list.html HTTP/1.1" 200 49588
222.70.177.227 - - [12/Jan/2022:10:37:41 +0800] "GET /xingrg/all/function/internal_message.html?_=1641955057426&CODE_STATE=getMsg HTTP/1.1" 200 27
222.70.243.96 - - [12/Jan/2022:10:37:41 +0800] "GET /xingrg/all/function/internal_message.html?_=1641955069246&CODE_STATE=getMsg HTTP/1.1" 200 27
180.157.251.97 - - [12/Jan/2022:10:37:42 +0800] "GET /xingrg/all/function/internal_message.html?_=1641955061227&CODE_STATE=getMsg HTTP/1.1" 200 27
180.157.251.97 - - [12/Jan/2022:10:37:45 +0800] "GET /xingrg/all/function/internal_message.html?_=1641955063945&CODE_STATE=getMsg HTTP/1.1" 200 27
180.157.251.97 - - [12/Jan/2022:10:37:46 +0800] "POST /xingrg/all/report/load_report_page.html HTTP/1.1" 200 67694
180.157.251.97 - - [12/Jan/2022:10:37:46 +0800] "GET /xingrg/servlets/image?cache=0.38425602903768874&image=px HTTP/1.1" 200 807
116.237.73.232 - - [12/Jan/2022:10:37:48 +0800] "POST /xingrg/kc/buy/cgsh_order_operate.html HTTP/1.1" 200 37
116.237.73.232 - - [12/Jan/2022:10:37:48 +0800] "POST /xingrg/kc/buy/cgsh_list_operate.html HTTP/1.1" 200 2058
180.157.251.97 - - [12/Jan/2022:10:37:48 +0800] "POST /xingrg/all/report/load_report_page.html HTTP/1.1" 200 63865
180.157.251.97 - - [12/Jan/2022:10:37:48 +0800] "GET /xingrg/servlets/image?cache=0.42772712600586527&image=px HTTP/1.1" 200 807
180.157.251.97 - - [12/Jan/2022:10:37:50 +0800] "POST /xingrg/all/report/load_report_page.html HTTP/1.1" 200 67631
180.157.251.97 - - [12/Jan/2022:10:37:50 +0800] "GET /xingrg/servlets/image?cache=0.7169027225273282&image=px HTTP/1.1" 200 807
114.84.144.24 - - [12/Jan/2022:10:37:52 +0800] "GET /xingrg/kc/buy/cgsh_order_operate.html?command=get_materiel&rest_code=00141&code=00101008300&supplier_code=00100007&order_time=2022-01-12 HTTP/1.1" 200 412
116.237.73.232 - - [12/Jan/2022:10:37:52 +0800] "GET /xingrg/kc/base/base_main.html HTTP/1.1" 200 12142
116.237.73.232 - - [12/Jan/2022:10:37:54 +0800] "GET /xingrg/kc/base/wldb_order_list.html HTTP/1.1" 200 19060
116.237.73.232 - - [12/Jan/2022:10:37:54 +0800] "GET /xingrg/all/function/internal_message.html?_=1641955069484&CODE_STATE=getMsg HTTP/1.1" 200 27
101.85.120.86 - - [12/Jan/2022:10:37:55 +0800] "GET /xingrg/all/function/internal_message.html?_=1641955072859&CODE_STATE=getMsg HTTP/1.1" 200 27
116.237.73.232 - - [12/Jan/2022:10:37:55 +0800] "POST /xingrg/kc/base/wldb_list_operate.html HTTP/1.1" 200 1773
116.237.73.232 - - [12/Jan/2022:10:37:55 +0800] "POST /xingrg/kc/buy/cgsh_order_operate.html HTTP/1.1" 200 39292
114.84.144.24 - - [12/Jan/2022:10:37:56 +0800] "POST /xingrg/kc/buy/cgsh_order_operate.html HTTP/1.1" 200 2065
124.79.247.218 - - [12/Jan/2022:10:37:57 +0800] "GET /xingrg/all/function/internal_message.html?_=1641955212518&CODE_STATE=getMsg HTTP/1.1" 200 27
116.237.73.232 - - [12/Jan/2022:10:37:58 +0800] "GET /xingrg/kc/mdqp/qp_main.html HTTP/1.1" 200 10633
116.237.73.232 - - [12/Jan/2022:10:37:59 +0800] "GET /xingrg/images/yd/bt.gif HTTP/1.1" 404 1040
116.237.73.232 - - [12/Jan/2022:10:38:00 +0800] "GET /xingrg/kc/mdqp/pssh_order_list.html HTTP/1.1" 200 17777
120.253.135.82 - - [12/Jan/2022:10:38:00 +0800] "GET /xingrg/all/function/internal_message.html?_=1641954865623&CODE_STATE=getMsg HTTP/1.1" 200 27
116.237.73.232 - - [12/Jan/2022:10:38:01 +0800] "POST /xingrg/kc/mdqp/pssh_list_operate.html HTTP/1.1" 200 5094
116.237.73.232 - - [12/Jan/2022:10:38:02 +0800] "GET /xingrg/all/function/internal_message.html?_=1641955081009&CODE_STATE=getMsg HTTP/1.1" 200 27
116.237.73.232 - - [12/Jan/2022:10:38:02 +0800] "GET /xingrg/check_reg.html?_=1641955081012 HTTP/1.1" 200 22
58.221.95.50 - - [12/Jan/2022:10:38:04 +0800] "GET /xingrg/all/function/internal_message.html?_=1641955081779&CODE_STATE=getMsg HTTP/1.1" 302 -
58.221.95.50 - - [12/Jan/2022:10:38:04 +0800] "GET /xingrg/check_reg.html?_=1641955082685 HTTP/1.1" 302 -
114.84.144.24 - - [12/Jan/2022:10:38:04 +0800] "GET /xingrg/all/function/internal_message.html?_=1641954897558&CODE_STATE=getMsg HTTP/1.1" 200 27
114.84.144.24 - - [12/Jan/2022:10:38:05 +0800] "GET /xingrg/check_reg.html?_=1641954897623 HTTP/1.1" 200 22
180.169.147.146 - - [12/Jan/2022:10:38:06 +0800] "GET /xingrg/all/function/internal_message.html?_=1641955082579&CODE_STATE=getMsg HTTP/1.1" 200 27
120.253.135.82 - - [12/Jan/2022:10:38:08 +0800] "GET /xingrg/all/function/internal_message.html?_=1641955211254&CODE_STATE=getMsg HTTP/1.1" 302 -
180.157.251.97 - - [12/Jan/2022:10:38:09 +0800] "POST /xingrg/all/report/load_report_page.html HTTP/1.1" 200 24200
180.157.251.97 - - [12/Jan/2022:10:38:09 +0800] "GET /xingrg/servlets/image?cache=0.8049329670557149&image=px HTTP/1.1" 200 807
