114.83.219.105 - - [12/Jan/2022:10:27:25 +0800] "GET /xingrg/javascript/jquery_tools/images/next.gif HTTP/1.1" 404 1086
116.237.73.232 - - [12/Jan/2022:10:27:30 +0800] "GET /xingrg/kc/buy/cgsh_order_operate.html?command=get_materiel&rest_code=00106&code=00101008038&supplier_code=00100007&order_time=2022-01-12 HTTP/1.1" 200 412
114.83.219.105 - - [12/Jan/2022:10:27:31 +0800] "GET /xingrg/kc/buy/cgsh_order_operate.html?command=get_materiel&rest_code=00149&code=00101007081&supplier_code=00100205&order_time=2022-01-12 HTTP/1.1" 200 413
114.95.98.1 - - [12/Jan/2022:10:27:32 +0800] "GET /xingrg/all/function/internal_message.html?_=1641954467574&CODE_STATE=getMsg HTTP/1.1" 200 27
116.233.79.6 - - [12/Jan/2022:10:27:34 +0800] "POST /xingrg/services/DataTransmitService HTTP/1.1" 200 524
116.233.79.6 - - [12/Jan/2022:10:27:35 +0800] "POST /xingrg/services/DataTransmitService HTTP/1.1" 200 2495
116.233.79.6 - - [12/Jan/2022:10:27:36 +0800] "POST /xingrg/services/DataTransmitService HTTP/1.1" 200 152220
124.79.247.218 - - [12/Jan/2022:10:27:36 +0800] "POST /xingrg/kc/mdqp/pssh_list_operate.html HTTP/1.1" 200 759
222.69.245.95 - - [12/Jan/2022:10:27:36 +0800] "GET /xingrg/all/function/internal_message.html?_=1641954393820&CODE_STATE=getMsg HTTP/1.1" 200 27
180.175.103.30 - - [12/Jan/2022:10:27:37 +0800] "GET /xingrg/all/function/internal_message.html?_=1641954456962&CODE_STATE=getMsg HTTP/1.1" 200 27
124.79.247.218 - - [12/Jan/2022:10:27:37 +0800] "POST /xingrg/kc/mdqp/pssh_list_operate.html HTTP/1.1" 200 4668
124.79.247.218 - - [12/Jan/2022:10:27:37 +0800] "GET /xingrg/javascript/jquery_tools/jquery-1.4.2.min.js HTTP/1.1" 404 1094
124.79.247.218 - - [12/Jan/2022:10:27:37 +0800] "GET /xingrg/kc/mdqp/pssh_order_info.html?code=312022010700249 HTTP/1.1" 200 17299
124.79.247.218 - - [12/Jan/2022:10:27:38 +0800] "GET /xingrg/javascript/easyui/themes/default/validatebox.css HTTP/1.1" 404 1104
124.79.247.218 - - [12/Jan/2022:10:27:38 +0800] "POST /xingrg/kc/mdqp/pssh_order_operate.html HTTP/1.1" 200 4706
114.83.219.105 - - [12/Jan/2022:10:27:39 +0800] "GET /xingrg/kc/buy/cgsh_order_operate.html?command=get_materiel&rest_code=00149&code=00101007023&supplier_code=00100205&order_time=2022-01-12 HTTP/1.1" 200 409
116.237.73.232 - - [12/Jan/2022:10:27:39 +0800] "GET /xingrg/kc/buy/cgsh_order_operate.html?command=get_materiel&rest_code=00106&code=00101008190&supplier_code=00100007&order_time=2022-01-12 HTTP/1.1" 200 412
116.237.73.232 - - [12/Jan/2022:10:27:40 +0800] "GET /xingrg/all/function/internal_message.html?_=1641954455344&CODE_STATE=getMsg HTTP/1.1" 200 27
222.70.177.227 - - [12/Jan/2022:10:27:41 +0800] "GET /xingrg/all/function/internal_message.html?_=1641954457418&CODE_STATE=getMsg HTTP/1.1" 200 27
222.70.243.96 - - [12/Jan/2022:10:27:41 +0800] "GET /xingrg/all/function/internal_message.html?_=1641954468923&CODE_STATE=getMsg HTTP/1.1" 200 27
124.79.247.218 - - [12/Jan/2022:10:27:43 +0800] "POST /xingrg/all/common/load_combo.html?type=employee HTTP/1.1" 200 445
116.237.73.232 - - [12/Jan/2022:10:27:46 +0800] "GET /xingrg/kc/buy/cgsh_order_operate.html?command=get_materiel&rest_code=00106&code=00101008141&supplier_code=00100007&order_time=2022-01-12 HTTP/1.1" 200 412
114.83.219.105 - - [12/Jan/2022:10:27:49 +0800] "GET /xingrg/kc/buy/cgsh_order_operate.html?command=get_materiel&rest_code=00149&code=00101007061&supplier_code=00100205&order_time=2022-01-12 HTTP/1.1" 200 409
114.84.144.24 - - [12/Jan/2022:10:27:49 +0800] "GET /xingrg/kc/buy/cgsh_order_operate.html?command=get_materiel&rest_code=00141&code=00101008257&supplier_code=00100007&order_time=2022-01-12 HTTP/1.1" 200 416
116.237.73.232 - - [12/Jan/2022:10:27:54 +0800] "GET /xingrg/kc/buy/cgsh_order_operate.html?command=get_materiel&rest_code=00106&code=00101008355&supplier_code=00100007&order_time=2022-01-12 HTTP/1.1" 200 408
101.85.120.86 - - [12/Jan/2022:10:27:55 +0800] "GET /xingrg/all/function/internal_message.html?_=1641954472847&CODE_STATE=getMsg HTTP/1.1" 200 27
116.237.73.232 - - [12/Jan/2022:10:27:58 +0800] "GET /xingrg/login.html?r=1 HTTP/1.1" 200 7641
116.237.73.232 - - [12/Jan/2022:10:27:58 +0800] "GET /favicon.ico HTTP/1.1" 404 -
120.253.135.82 - - [12/Jan/2022:10:28:00 +0800] "GET /xingrg/all/function/internal_message.html?_=1641954265456&CODE_STATE=getMsg HTTP/1.1" 200 27
114.83.219.105 - - [12/Jan/2022:10:28:01 +0800] "GET /xingrg/kc/buy/cgsh_order_operate.html?command=get_materiel&rest_code=00149&code=00101007083&supplier_code=00100205&order_time=2022-01-12 HTTP/1.1" 200 423
116.237.73.232 - - [12/Jan/2022:10:28:02 +0800] "POST /xingrg/login.do HTTP/1.1" 302 -
116.237.73.232 - - [12/Jan/2022:10:28:02 +0800] "GET /xingrg/index.html?sysBaseUrl=http%3A%2F%2F180.169.147.146%3A18081%2Fxingrg%2F&costTime=1179×tamp=1641954482475 HTTP/1.1" 200 17173
116.237.73.232 - - [12/Jan/2022:10:28:02 +0800] "GET /favicon.ico HTTP/1.1" 404 -
116.237.73.232 - - [12/Jan/2022:10:28:02 +0800] "GET /xingrg/kc/buy/cgsh_order_operate.html?command=get_materiel&rest_code=00106&code=00101008264&supplier_code=00100007&order_time=2022-01-12 HTTP/1.1" 200 412
116.237.73.232 - - [12/Jan/2022:10:28:02 +0800] "GET /xingrg/all/function/internal_message.html?_=1641954480971&CODE_STATE=count HTTP/1.1" 200 11
116.237.73.232 - - [12/Jan/2022:10:28:02 +0800] "GET /xingrg/check_reg.html?_=1641954480972 HTTP/1.1" 200 22
116.237.73.232 - - [12/Jan/2022:10:28:02 +0800] "POST /xingrg/all/common/load_tree.html?tree=area_rest_tree_json&manage=1 HTTP/1.1" 200 342
116.237.73.232 - - [12/Jan/2022:10:28:02 +0800] "POST /xingrg/load_menu.html HTTP/1.1" 200 5138
222.70.217.149 - - [12/Jan/2022:10:28:03 +0800] "GET /xingrg/all/function/internal_message.html?_=1641954476650&CODE_STATE=getMsg HTTP/1.1" 200 27
222.70.217.149 - - [12/Jan/2022:10:28:03 +0800] "GET /xingrg/check_reg.html?_=1641954476651 HTTP/1.1" 200 22
114.84.144.24 - - [12/Jan/2022:10:28:04 +0800] "GET /xingrg/kc/buy/cgsh_order_operate.html?command=get_materiel&rest_code=00141&code=00101008612&supplier_code=00100007&order_time=2022-01-12 HTTP/1.1" 200 406
58.221.95.50 - - [12/Jan/2022:10:28:04 +0800] "GET /xingrg/all/function/internal_message.html?_=1641954482005&CODE_STATE=getMsg HTTP/1.1" 302 -
116.237.73.232 - - [12/Jan/2022:10:28:04 +0800] "GET /xingrg/kc/buy/buy_main.html HTTP/1.1" 200 12412
116.237.73.232 - - [12/Jan/2022:10:28:04 +0800] "GET /xingrg/css/new_ie.css HTTP/1.1" 404 1036
114.84.144.24 - - [12/Jan/2022:10:28:04 +0800] "GET /xingrg/check_reg.html?_=1641954297510 HTTP/1.1" 200 22
58.221.95.50 - - [12/Jan/2022:10:28:04 +0800] "GET /xingrg/check_reg.html?_=1641954482701 HTTP/1.1" 302 -
114.84.144.24 - - [12/Jan/2022:10:28:05 +0800] "GET /xingrg/all/function/internal_message.html?_=1641954297511&CODE_STATE=getMsg HTTP/1.1" 200 27
180.169.147.146 - - [12/Jan/2022:10:28:06 +0800] "GET /xingrg/all/function/internal_message.html?_=1641954482759&CODE_STATE=getMsg HTTP/1.1" 200 27
120.253.135.82 - - [12/Jan/2022:10:28:07 +0800] "GET /xingrg/all/function/internal_message.html?_=1641954610939&CODE_STATE=getMsg HTTP/1.1" 302 -
116.237.73.232 - - [12/Jan/2022:10:28:08 +0800] "GET /xingrg/kc/base/base_main.html HTTP/1.1" 200 12142
116.237.73.232 - - [12/Jan/2022:10:28:09 +0800] "GET /xingrg/kc/buy/cgsh_order_operate.html?command=get_materiel&rest_code=00106&code=00101008356&supplier_code=00100007&order_time=2022-01-12 HTTP/1.1" 200 408
116.237.73.232 - - [12/Jan/2022:10:28:10 +0800] "GET /xingrg/kc/base/wldb_order_list.html HTTP/1.1" 200 19060
116.237.73.232 - - [12/Jan/2022:10:28:10 +0800] "POST /xingrg/kc/base/wldb_list_operate.html HTTP/1.1" 200 928
114.84.144.24 - - [12/Jan/2022:10:28:11 +0800] "GET /xingrg/kc/buy/cgsh_order_operate.html?command=get_materiel&rest_code=00141&code=00101008010&supplier_code=00100007&order_time=2022-01-12 HTTP/1.1" 200 412
116.237.73.232 - - [12/Jan/2022:10:28:12 +0800] "GET /xingrg/kc/base/wldb_order_add.html HTTP/1.1" 200 30274
116.237.73.232 - - [12/Jan/2022:10:28:12 +0800] "GET /xingrg/words/20220110131915_words.js HTTP/1.1" 304 -
116.237.73.232 - - [12/Jan/2022:10:28:13 +0800] "POST /xingrg/kc/base/wldb_order_operate.html HTTP/1.1" 200 6806
116.237.73.232 - - [12/Jan/2022:10:28:13 +0800] "GET /xingrg/all/common/auto_word.html?type=base&rest_code=00106 HTTP/1.1" 200 1849
116.237.73.232 - - [12/Jan/2022:10:28:13 +0800] "GET /xingrg/all/common/auto_word.html?type=base&rest_code=00106 HTTP/1.1" 200 1849
116.237.73.232 - - [12/Jan/2022:10:28:13 +0800] "GET /xingrg/javascript/easyui/themes/default/validatebox.css HTTP/1.1" 404 1104
114.83.219.105 - - [12/Jan/2022:10:28:14 +0800] "GET /xingrg/all/function/internal_message.html?_=1641954490299&CODE_STATE=getMsg HTTP/1.1" 200 27
116.237.73.232 - - [12/Jan/2022:10:28:15 +0800] "POST /xingrg/all/common/load_combo.html?type=base HTTP/1.1" 200 3315
114.83.219.105 - - [12/Jan/2022:10:28:15 +0800] "GET /xingrg/kc/buy/cgsh_order_operate.html?command=get_materiel&rest_code=00149&code=00101007049&supplier_code=00100205&order_time=2022-01-12 HTTP/1.1" 200 411
116.237.73.232 - - [12/Jan/2022:10:28:17 +0800] "GET /xingrg/kc/buy/cgsh_order_operate.html?command=get_materiel&rest_code=00106&code=00101008360&supplier_code=00100007&order_time=2022-01-12 HTTP/1.1" 200 413
114.84.144.24 - - [12/Jan/2022:10:28:18 +0800] "GET /xingrg/kc/buy/cgsh_order_operate.html?command=get_materiel&rest_code=00141&code=00101008096&supplier_code=00100007&order_time=2022-01-12 HTTP/1.1" 200 413
116.237.73.232 - - [12/Jan/2022:10:28:20 +0800] "POST /xingrg/all/common/load_combo.html?type=base HTTP/1.1" 200 3315
222.70.217.149 - - [12/Jan/2022:10:28:20 +0800] "POST /xingrg/services/DataTransmitService HTTP/1.1" 200 524
114.95.98.1 - - [12/Jan/2022:10:28:22 +0800] "GET /xingrg/all/function/internal_message.html?_=1641954500853&CODE_STATE=getMsg HTTP/1.1" 200 27
124.79.247.218 - - [12/Jan/2022:10:28:22 +0800] "POST /xingrg/kc/mdqp/pssh_order_operate.html HTTP/1.1" 200 37
116.237.73.232 - - [12/Jan/2022:10:28:23 +0800] "GET /xingrg/kc/buy/cgsh_order_operate.html?command=get_materiel&rest_code=00106&code=00101008439&supplier_code=00100007&order_time=2022-01-12 HTTP/1.1" 200 398
114.84.144.24 - - [12/Jan/2022:10:28:26 +0800] "GET /xingrg/kc/buy/cgsh_order_operate.html?command=get_materiel&rest_code=00141&code=00101008038&supplier_code=00100007&order_time=2022-01-12 HTTP/1.1" 200 412
124.79.247.218 - - [12/Jan/2022:10:28:27 +0800] "POST /xingrg/kc/mdqp/pssh_order_operate.html HTTP/1.1" 200 12
116.237.73.232 - - [12/Jan/2022:10:28:31 +0800] "GET /xingrg/kc/buy/cgsh_order_operate.html?command=get_materiel&rest_code=00106&code=00101008357&supplier_code=00100007&order_time=2022-01-12 HTTP/1.1" 200 408
114.84.144.24 - - [12/Jan/2022:10:28:32 +0800] "GET /xingrg/kc/buy/cgsh_order_operate.html?command=get_materiel&rest_code=00141&code=00101008396&supplier_code=00100007&order_time=2022-01-12 HTTP/1.1" 200 412
114.95.98.1 - - [12/Jan/2022:10:28:32 +0800] "GET /xingrg/check_reg.html?_=1641954527530 HTTP/1.1" 200 22
114.95.98.1 - - [12/Jan/2022:10:28:32 +0800] "GET /xingrg/all/function/internal_message.html?_=1641954527593&CODE_STATE=getMsg HTTP/1.1" 200 27
222.69.245.95 - - [12/Jan/2022:10:28:36 +0800] "GET /xingrg/all/function/internal_message.html?_=1641954453834&CODE_STATE=getMsg HTTP/1.1" 200 27
180.175.103.30 - - [12/Jan/2022:10:28:37 +0800] "GET /xingrg/all/function/internal_message.html?_=1641954516963&CODE_STATE=getMsg HTTP/1.1" 200 27
114.95.98.1 - - [12/Jan/2022:10:28:37 +0800] "GET /xingrg/kc/base/wldb_order_list.html HTTP/1.1" 200 19060
114.95.98.1 - - [12/Jan/2022:10:28:38 +0800] "POST /xingrg/kc/base/wldb_list_operate.html HTTP/1.1" 200 928
114.95.98.1 - - [12/Jan/2022:10:28:39 +0800] "GET /xingrg/kc/base/wldb_order_add.html HTTP/1.1" 200 30274
116.237.73.232 - - [12/Jan/2022:10:28:39 +0800] "GET /xingrg/kc/buy/cgsh_order_operate.html?command=get_materiel&rest_code=00106&code=00101008230&supplier_code=00100007&order_time=2022-01-12 HTTP/1.1" 200 408
114.95.98.1 - - [12/Jan/2022:10:28:39 +0800] "GET /xingrg/words/20220110131915_words.js HTTP/1.1" 304 -
114.95.98.1 - - [12/Jan/2022:10:28:39 +0800] "GET /xingrg/all/common/auto_word.html?type=base&rest_code=00102 HTTP/1.1" 200 1807
114.95.98.1 - - [12/Jan/2022:10:28:39 +0800] "GET /xingrg/all/common/auto_word.html?type=base&rest_code=00102 HTTP/1.1" 200 1807
114.95.98.1 - - [12/Jan/2022:10:28:39 +0800] "GET /xingrg/javascript/easyui/themes/default/validatebox.css HTTP/1.1" 404 1104
114.95.98.1 - - [12/Jan/2022:10:28:39 +0800] "POST /xingrg/kc/base/wldb_order_operate.html HTTP/1.1" 200 6806
116.237.73.232 - - [12/Jan/2022:10:28:40 +0800] "GET /xingrg/all/function/internal_message.html?_=1641954515331&CODE_STATE=getMsg HTTP/1.1" 200 27
114.84.144.24 - - [12/Jan/2022:10:28:40 +0800] "GET /xingrg/kc/buy/cgsh_order_operate.html?command=get_materiel&rest_code=00141&code=00101008163&supplier_code=00100007&order_time=2022-01-12 HTTP/1.1" 200 409
120.253.135.82 - - [12/Jan/2022:10:28:41 +0800] "GET /xingrg/check_reg.html?_=1641954644185 HTTP/1.1" 302 -
222.70.177.227 - - [12/Jan/2022:10:28:41 +0800] "GET /xingrg/all/function/internal_message.html?_=1641954517417&CODE_STATE=getMsg HTTP/1.1" 200 27
222.70.243.96 - - [12/Jan/2022:10:28:41 +0800] "GET /xingrg/all/function/internal_message.html?_=1641954528937&CODE_STATE=getMsg HTTP/1.1" 200 27
114.95.98.1 - - [12/Jan/2022:10:28:41 +0800] "GET /xingrg/javascript/auto/indicator.gif HTTP/1.1" 404 1066
124.79.247.218 - - [12/Jan/2022:10:28:44 +0800] "GET /xingrg/kc/mdqp/pssh_order_info.html?code=312022010700249 HTTP/1.1" 200 14388
124.79.247.218 - - [12/Jan/2022:10:28:44 +0800] "GET /xingrg/javascript/jquery_tools/jquery-1.4.2.min.js HTTP/1.1" 404 1094
124.79.247.218 - - [12/Jan/2022:10:28:44 +0800] "GET /xingrg/javascript/easyui/themes/default/validatebox.css HTTP/1.1" 404 1104
124.79.247.218 - - [12/Jan/2022:10:28:45 +0800] "POST /xingrg/kc/mdqp/pssh_order_operate.html HTTP/1.1" 200 4706
116.237.73.232 - - [12/Jan/2022:10:28:46 +0800] "GET /xingrg/kc/buy/cgsh_order_operate.html?command=get_materiel&rest_code=00106&code=00101008069&supplier_code=00100007&order_time=2022-01-12 HTTP/1.1" 200 412
114.95.98.1 - - [12/Jan/2022:10:28:46 +0800] "GET /xingrg/kc/base/wldb_order_operate.html?command=get_materiel&rest_code=00102&base_code=0010477&code=00102001084 HTTP/1.1" 200 432
116.237.73.232 - - [12/Jan/2022:10:28:48 +0800] "GET /xingrg/javascript/auto/indicator.gif HTTP/1.1" 404 1066
114.84.144.24 - - [12/Jan/2022:10:28:48 +0800] "GET /xingrg/kc/buy/cgsh_order_operate.html?command=get_materiel&rest_code=00141&code=00101008264&supplier_code=00100007&order_time=2022-01-12 HTTP/1.1" 200 412
114.95.98.1 - - [12/Jan/2022:10:28:50 +0800] "GET /xingrg/kc/base/wldb_order_operate.html?command=get_materiel&rest_code=00102&base_code=0010477&code=00102001105 HTTP/1.1" 200 434
124.79.247.218 - - [12/Jan/2022:10:28:50 +0800] "GET /xingrg/kc/mdqp/pssh_order_list.html?isBack=1 HTTP/1.1" 200 17777
116.237.73.232 - - [12/Jan/2022:10:28:50 +0800] "GET /xingrg/kc/base/wldb_order_operate.html?command=get_materiel&rest_code=00106&base_code=0010396&code=00101019184 HTTP/1.1" 200 444
124.79.247.218 - - [12/Jan/2022:10:28:51 +0800] "POST /xingrg/kc/mdqp/pssh_list_operate.html HTTP/1.1" 200 8517
114.95.98.1 - - [12/Jan/2022:10:28:52 +0800] "GET /xingrg/kc/base/wldb_order_operate.html?command=get_materiel&rest_code=00102&base_code=0010477&code=00102001151 HTTP/1.1" 200 433
114.83.219.105 - - [12/Jan/2022:10:28:52 +0800] "GET /xingrg/kc/buy/cgsh_order_operate.html?command=get_materiel&rest_code=00149&code=00101007077&supplier_code=00100205&order_time=2022-01-12 HTTP/1.1" 200 415
116.237.73.232 - - [12/Jan/2022:10:28:53 +0800] "GET /xingrg/kc/buy/cgsh_order_operate.html?command=get_materiel&rest_code=00106&code=00101008286&supplier_code=00100007&order_time=2022-01-12 HTTP/1.1" 200 408
101.85.120.86 - - [12/Jan/2022:10:28:55 +0800] "GET /xingrg/check_reg.html?_=1641954532873 HTTP/1.1" 200 22
101.85.120.86 - - [12/Jan/2022:10:28:55 +0800] "GET /xingrg/all/function/internal_message.html?_=1641954532875&CODE_STATE=getMsg HTTP/1.1" 200 27
114.95.98.1 - - [12/Jan/2022:10:28:55 +0800] "GET /xingrg/kc/base/wldb_order_operate.html?command=get_materiel&rest_code=00102&base_code=0010477&code=00102001147 HTTP/1.1" 200 433
114.84.144.24 - - [12/Jan/2022:10:28:55 +0800] "GET /xingrg/kc/buy/cgsh_order_operate.html?command=get_materiel&rest_code=00141&code=00101008562&supplier_code=00100007&order_time=2022-01-12 HTTP/1.1" 200 395
124.79.247.218 - - [12/Jan/2022:10:28:56 +0800] "POST /xingrg/kc/mdqp/pssh_list_operate.html HTTP/1.1" 200 764
124.79.247.218 - - [12/Jan/2022:10:28:57 +0800] "GET /xingrg/all/function/internal_message.html?_=1641954672675&CODE_STATE=getMsg HTTP/1.1" 200 27
124.79.247.218 - - [12/Jan/2022:10:28:57 +0800] "POST /xingrg/kc/mdqp/pssh_list_operate.html HTTP/1.1" 200 4693
124.79.247.218 - - [12/Jan/2022:10:28:58 +0800] "GET /xingrg/javascript/jquery_tools/jquery-1.4.2.min.js HTTP/1.1" 404 1094
124.79.247.218 - - [12/Jan/2022:10:28:58 +0800] "GET /xingrg/kc/mdqp/pssh_order_info.html?code=312022010700247 HTTP/1.1" 200 17299
124.79.247.218 - - [12/Jan/2022:10:28:58 +0800] "GET /xingrg/javascript/easyui/themes/default/validatebox.css HTTP/1.1" 404 1104
124.79.247.218 - - [12/Jan/2022:10:28:58 +0800] "POST /xingrg/kc/mdqp/pssh_order_operate.html HTTP/1.1" 200 3172
114.95.98.1 - - [12/Jan/2022:10:28:58 +0800] "GET /xingrg/kc/base/wldb_order_operate.html?command=get_materiel&rest_code=00102&base_code=0010477&code=00102001074 HTTP/1.1" 200 434
124.79.247.218 - - [12/Jan/2022:10:29:00 +0800] "POST /xingrg/all/common/load_combo.html?type=employee HTTP/1.1" 200 445
120.253.135.82 - - [12/Jan/2022:10:29:00 +0800] "GET /xingrg/all/function/internal_message.html?_=1641954325469&CODE_STATE=getMsg HTTP/1.1" 200 27
116.237.73.232 - - [12/Jan/2022:10:29:02 +0800] "GET /xingrg/all/function/internal_message.html?_=1641954541039&CODE_STATE=getMsg HTTP/1.1" 200 27
222.70.217.149 - - [12/Jan/2022:10:29:03 +0800] "GET /xingrg/all/function/internal_message.html?_=1641954536643&CODE_STATE=getMsg HTTP/1.1" 200 27
114.83.219.105 - - [12/Jan/2022:10:29:04 +0800] "POST /xingrg/kc/buy/cgsh_order_operate.html HTTP/1.1" 200 37
116.237.73.232 - - [12/Jan/2022:10:29:04 +0800] "GET /xingrg/kc/buy/cgsh_order_operate.html?command=get_materiel&rest_code=00106&code=00101008036&supplier_code=00100007&order_time=2022-01-12 HTTP/1.1" 200 408
116.237.73.232 - - [12/Jan/2022:10:29:04 +0800] "GET /xingrg/kc/base/wldb_order_operate.html?command=get_materiel&rest_code=00106&base_code=0010396&code=00101019400 HTTP/1.1" 200 450
58.221.95.50 - - [12/Jan/2022:10:29:04 +0800] "GET /xingrg/all/function/internal_message.html?_=1641954541982&CODE_STATE=getMsg HTTP/1.1" 302 -
114.84.144.24 - - [12/Jan/2022:10:29:04 +0800] "GET /xingrg/all/function/internal_message.html?_=1641954357533&CODE_STATE=getMsg HTTP/1.1" 200 27
124.79.247.218 - - [12/Jan/2022:10:29:05 +0800] "POST /xingrg/kc/mdqp/pssh_order_operate.html HTTP/1.1" 200 37
114.84.144.24 - - [12/Jan/2022:10:29:05 +0800] "GET /xingrg/kc/buy/cgsh_order_operate.html?command=get_materiel&rest_code=00141&code=00101008356&supplier_code=00100007&order_time=2022-01-12 HTTP/1.1" 200 408
180.169.147.146 - - [12/Jan/2022:10:29:06 +0800] "GET /xingrg/all/function/internal_message.html?_=1641954542743&CODE_STATE=getMsg HTTP/1.1" 200 27
120.253.135.82 - - [12/Jan/2022:10:29:07 +0800] "GET /xingrg/all/function/internal_message.html?_=1641954670955&CODE_STATE=getMsg HTTP/1.1" 302 -
124.79.247.218 - - [12/Jan/2022:10:29:08 +0800] "POST /xingrg/kc/mdqp/pssh_order_operate.html HTTP/1.1" 200 12
116.237.73.232 - - [12/Jan/2022:10:29:10 +0800] "GET /xingrg/kc/buy/cgsh_order_operate.html?command=get_materiel&rest_code=00106&code=00101008131&supplier_code=00100007&order_time=2022-01-12 HTTP/1.1" 200 408
124.79.247.218 - - [12/Jan/2022:10:29:11 +0800] "GET /xingrg/javascript/jquery_tools/jquery-1.4.2.min.js HTTP/1.1" 404 1094
124.79.247.218 - - [12/Jan/2022:10:29:11 +0800] "GET /xingrg/kc/mdqp/pssh_order_info.html?code=312022010700247 HTTP/1.1" 200 14388
124.79.247.218 - - [12/Jan/2022:10:29:11 +0800] "GET /xingrg/javascript/easyui/themes/default/validatebox.css HTTP/1.1" 404 1104
124.79.247.218 - - [12/Jan/2022:10:29:11 +0800] "POST /xingrg/kc/mdqp/pssh_order_operate.html HTTP/1.1" 200 3172
114.95.98.1 - - [12/Jan/2022:10:29:12 +0800] "POST /xingrg/services/DataTransmitService HTTP/1.1" 200 524
114.84.144.24 - - [12/Jan/2022:10:29:13 +0800] "GET /xingrg/kc/buy/cgsh_order_operate.html?command=get_materiel&rest_code=00141&code=00101008137&supplier_code=00100007&order_time=2022-01-12 HTTP/1.1" 200 408
114.95.98.1 - - [12/Jan/2022:10:29:13 +0800] "POST /xingrg/services/DataTransmitService HTTP/1.1" 200 2323
114.83.219.105 - - [12/Jan/2022:10:29:14 +0800] "GET /xingrg/all/function/internal_message.html?_=1641954550311&CODE_STATE=getMsg HTTP/1.1" 200 27
114.95.98.1 - - [12/Jan/2022:10:29:15 +0800] "POST /xingrg/services/DataTransmitService HTTP/1.1" 200 144508
114.83.219.105 - - [12/Jan/2022:10:29:17 +0800] "POST /xingrg/kc/buy/cgsh_order_operate.html HTTP/1.1" 200 12
114.83.219.105 - - [12/Jan/2022:10:29:21 +0800] "GET /xingrg/kc/print/load_config.html?kc_code=cgsh HTTP/1.1" 200 1943
114.95.98.1 - - [12/Jan/2022:10:29:22 +0800] "GET /xingrg/all/function/internal_message.html?_=1641954560850&CODE_STATE=getMsg HTTP/1.1" 200 27
116.237.73.232 - - [12/Jan/2022:10:29:22 +0800] "POST /xingrg/kc/buy/cgsh_order_operate.html HTTP/1.1" 200 37
114.83.219.105 - - [12/Jan/2022:10:29:23 +0800] "GET /xingrg/kc/print/load_data.html?order_code=212022011205441&kc_code=cgsh&condition= HTTP/1.1" 200 2276
114.83.219.105 - - [12/Jan/2022:10:29:23 +0800] "GET /xingrg/kc/buy/cgsh_order_info.html?code=212022011205441 HTTP/1.1" 200 60358
114.84.144.24 - - [12/Jan/2022:10:29:24 +0800] "GET /xingrg/kc/buy/cgsh_order_operate.html?command=get_materiel&rest_code=00141&code=00101008059&supplier_code=00100007&order_time=2022-01-12 HTTP/1.1" 200 408
114.83.219.105 - - [12/Jan/2022:10:29:24 +0800] "GET /xingrg/javascript/easyui/themes/default/validatebox.css HTTP/1.1" 404 1104
114.83.219.105 - - [12/Jan/2022:10:29:25 +0800] "POST /xingrg/kc/buy/cgsh_order_operate.html HTTP/1.1" 200 4757
116.237.73.232 - - [12/Jan/2022:10:29:29 +0800] "POST /xingrg/kc/buy/cgsh_order_operate.html HTTP/1.1" 200 12692
114.84.144.24 - - [12/Jan/2022:10:29:32 +0800] "GET /xingrg/kc/buy/cgsh_order_operate.html?command=get_materiel&rest_code=00141&code=00101008197&supplier_code=00100007&order_time=2022-01-12 HTTP/1.1" 200 416
114.95.98.1 - - [12/Jan/2022:10:29:33 +0800] "GET /xingrg/all/function/internal_message.html?_=1641954587601&CODE_STATE=getMsg HTTP/1.1" 200 27
116.237.73.232 - - [12/Jan/2022:10:29:35 +0800] "GET /xingrg/kc/base/wldb_order_operate.html?command=get_materiel&rest_code=00106&base_code=0010396&code=00101019185 HTTP/1.1" 200 455
116.237.73.232 - - [12/Jan/2022:10:29:36 +0800] "GET /xingrg/kc/buy/cgsh_order_operate.html?command=get_materiel&rest_code=00106&code=00101008352&supplier_code=00100007&order_time=2022-01-12 HTTP/1.1" 200 412
222.69.245.95 - - [12/Jan/2022:10:29:36 +0800] "GET /xingrg/all/function/internal_message.html?_=1641954513855&CODE_STATE=getMsg HTTP/1.1" 200 27
180.175.103.30 - - [12/Jan/2022:10:29:37 +0800] "GET /xingrg/all/function/internal_message.html?_=1641954576963&CODE_STATE=getMsg HTTP/1.1" 200 27
116.237.73.232 - - [12/Jan/2022:10:29:40 +0800] "GET /xingrg/all/function/internal_message.html?_=1641954575328&CODE_STATE=getMsg HTTP/1.1" 200 27
114.84.144.24 - - [12/Jan/2022:10:29:40 +0800] "GET /xingrg/kc/buy/cgsh_order_operate.html?command=get_materiel&rest_code=00141&code=00101008196&supplier_code=00100007&order_time=2022-01-12 HTTP/1.1" 200 416
222.70.177.227 - - [12/Jan/2022:10:29:41 +0800] "GET /xingrg/all/function/internal_message.html?_=1641954577415&CODE_STATE=getMsg HTTP/1.1" 200 27
222.70.243.96 - - [12/Jan/2022:10:29:41 +0800] "GET /xingrg/all/function/internal_message.html?_=1641954589051&CODE_STATE=getMsg HTTP/1.1" 200 27
116.237.73.232 - - [12/Jan/2022:10:29:44 +0800] "GET /xingrg/kc/buy/cgsh_order_operate.html?command=get_materiel&rest_code=00106&code=00101008271&supplier_code=00100007&order_time=2022-01-12 HTTP/1.1" 200 408
124.79.247.218 - - [12/Jan/2022:10:29:49 +0800] "GET /xingrg/kc/mdqp/pssh_order_list.html?isBack=1 HTTP/1.1" 200 17777
114.84.144.24 - - [12/Jan/2022:10:29:49 +0800] "GET /xingrg/kc/buy/cgsh_order_operate.html?command=get_materiel&rest_code=00141&code=00101008357&supplier_code=00100007&order_time=2022-01-12 HTTP/1.1" 200 408
124.79.247.218 - - [12/Jan/2022:10:29:50 +0800] "POST /xingrg/kc/mdqp/pssh_list_operate.html HTTP/1.1" 200 8542
114.83.219.105 - - [12/Jan/2022:10:29:50 +0800] "GET /xingrg/kc/buy/cgsh_order_add.html HTTP/1.1" 200 65451
114.83.219.105 - - [12/Jan/2022:10:29:50 +0800] "POST /xingrg/kc/buy/cgsh_order_operate.html HTTP/1.1" 200 8245
114.83.219.105 - - [12/Jan/2022:10:29:50 +0800] "GET /xingrg/javascript/easyui/themes/default/validatebox.css HTTP/1.1" 404 1104
116.237.73.232 - - [12/Jan/2022:10:29:51 +0800] "GET /xingrg/kc/base/wldb_order_operate.html?command=get_materiel&rest_code=00106&base_code=0010396&code=00101019492 HTTP/1.1" 200 459
116.237.73.232 - - [12/Jan/2022:10:29:52 +0800] "GET /xingrg/kc/buy/cgsh_order_operate.html?command=get_materiel&rest_code=00106&code=00101008005&supplier_code=00100007&order_time=2022-01-12 HTTP/1.1" 200 412
101.85.120.86 - - [12/Jan/2022:10:29:55 +0800] "GET /xingrg/all/function/internal_message.html?_=1641954592867&CODE_STATE=getMsg HTTP/1.1" 200 27
114.84.144.24 - - [12/Jan/2022:10:29:56 +0800] "GET /xingrg/kc/buy/cgsh_order_operate.html?command=get_materiel&rest_code=00141&code=00101008069&supplier_code=00100007&order_time=2022-01-12 HTTP/1.1" 200 412
124.79.247.218 - - [12/Jan/2022:10:29:57 +0800] "GET /xingrg/check_reg.html?_=1641954732657 HTTP/1.1" 200 22
124.79.247.218 - - [12/Jan/2022:10:29:57 +0800] "GET /xingrg/all/function/internal_message.html?_=1641954732658&CODE_STATE=getMsg HTTP/1.1" 200 27
114.83.219.105 - - [12/Jan/2022:10:30:00 +0800] "GET /xingrg/kc/buy/cgsh_order_operate.html?command=get_materiel&rest_code=00149&code=00101010092&supplier_code=00100036&order_time=2022-01-12 HTTP/1.1" 200 450
120.253.135.82 - - [12/Jan/2022:10:30:00 +0800] "GET /xingrg/all/function/internal_message.html?_=1641954385494&CODE_STATE=getMsg HTTP/1.1" 200 27
116.237.73.232 - - [12/Jan/2022:10:30:01 +0800] "GET /xingrg/kc/buy/cgsh_order_operate.html?command=get_materiel&rest_code=00106&code=00101008353&supplier_code=00100007&order_time=2022-01-12 HTTP/1.1" 200 408
116.237.73.232 - - [12/Jan/2022:10:30:02 +0800] "GET /xingrg/all/function/internal_message.html?_=1641954601012&CODE_STATE=getMsg HTTP/1.1" 200 27
116.237.73.232 - - [12/Jan/2022:10:30:03 +0800] "POST /xingrg/kc/buy/cgsh_order_operate.html HTTP/1.1" 200 2065
222.70.217.149 - - [12/Jan/2022:10:30:03 +0800] "GET /xingrg/all/function/internal_message.html?_=1641954596639&CODE_STATE=getMsg HTTP/1.1" 200 27
58.221.95.50 - - [12/Jan/2022:10:30:04 +0800] "GET /xingrg/all/function/internal_message.html?_=1641954601955&CODE_STATE=getMsg HTTP/1.1" 302 -
116.237.73.232 - - [12/Jan/2022:10:30:04 +0800] "GET /xingrg/kc/base/wldb_order_operate.html?command=get_materiel&rest_code=00106&base_code=0010396&code=00101019405 HTTP/1.1" 200 468
114.84.144.24 - - [12/Jan/2022:10:30:04 +0800] "GET /xingrg/all/function/internal_message.html?_=1641954417497&CODE_STATE=getMsg HTTP/1.1" 200 27
114.84.144.24 - - [12/Jan/2022:10:30:05 +0800] "GET /xingrg/kc/buy/cgsh_order_operate.html?command=get_materiel&rest_code=00141&code=00101008286&supplier_code=00100007&order_time=2022-01-12 HTTP/1.1" 200 408
180.169.147.146 - - [12/Jan/2022:10:30:06 +0800] "GET /xingrg/all/function/internal_message.html?_=1641954602727&CODE_STATE=getMsg HTTP/1.1" 200 27
180.169.147.146 - - [12/Jan/2022:10:30:06 +0800] "GET /xingrg/check_reg.html?_=1641954602916 HTTP/1.1" 200 22
124.79.247.218 - - [12/Jan/2022:10:30:07 +0800] "POST /xingrg/kc/mdqp/pssh_list_operate.html HTTP/1.1" 200 260
120.253.135.82 - - [12/Jan/2022:10:30:07 +0800] "GET /xingrg/all/function/internal_message.html?_=1641954731016&CODE_STATE=getMsg HTTP/1.1" 302 -
116.237.73.232 - - [12/Jan/2022:10:30:08 +0800] "GET /xingrg/kc/buy/cgsh_order_operate.html?command=get_materiel&rest_code=00106&code=00101008312&supplier_code=00100007&order_time=2022-01-12 HTTP/1.1" 200 412
114.84.144.24 - - [12/Jan/2022:10:30:12 +0800] "GET /xingrg/kc/buy/cgsh_order_operate.html?command=get_materiel&rest_code=00141&code=00101008036&supplier_code=00100007&order_time=2022-01-12 HTTP/1.1" 200 408
114.83.219.105 - - [12/Jan/2022:10:30:14 +0800] "GET /xingrg/all/function/internal_message.html?_=1641954610310&CODE_STATE=getMsg HTTP/1.1" 200 27
114.95.98.1 - - [12/Jan/2022:10:30:15 +0800] "POST /xingrg/services/DataTransmitService HTTP/1.1" 200 524
114.95.98.1 - - [12/Jan/2022:10:30:16 +0800] "POST /xingrg/services/DataTransmitService HTTP/1.1" 200 2323
114.83.219.105 - - [12/Jan/2022:10:30:18 +0800] "POST /xingrg/kc/buy/cgsh_order_operate.html HTTP/1.1" 200 37
116.237.73.232 - - [12/Jan/2022:10:30:18 +0800] "GET /xingrg/kc/buy/cgsh_order_operate.html?command=get_materiel&rest_code=00106&code=00101008283&supplier_code=00100007&order_time=2022-01-12 HTTP/1.1" 200 408
114.84.144.24 - - [12/Jan/2022:10:30:20 +0800] "GET /xingrg/kc/buy/cgsh_order_operate.html?command=get_materiel&rest_code=00141&code=00101008131&supplier_code=00100007&order_time=2022-01-12 HTTP/1.1" 200 408
114.95.98.1 - - [12/Jan/2022:10:30:22 +0800] "GET /xingrg/all/function/internal_message.html?_=1641954620841&CODE_STATE=getMsg HTTP/1.1" 200 27
116.237.73.232 - - [12/Jan/2022:10:30:22 +0800] "GET /xingrg/kc/base/wldb_order_operate.html?command=get_materiel&rest_code=00106&base_code=0010396&code=00101019253 HTTP/1.1" 200 468
114.84.144.24 - - [12/Jan/2022:10:30:23 +0800] "POST /xingrg/kc/buy/cgsh_order_operate.html HTTP/1.1" 200 2065
114.83.219.105 - - [12/Jan/2022:10:30:25 +0800] "POST /xingrg/kc/buy/cgsh_order_operate.html HTTP/1.1" 200 12
116.237.73.232 - - [12/Jan/2022:10:30:28 +0800] "GET /xingrg/kc/buy/cgsh_order_operate.html?command=get_materiel&rest_code=00106&code=00101008125&supplier_code=00100007&order_time=2022-01-12 HTTP/1.1" 200 413
114.84.144.24 - - [12/Jan/2022:10:30:28 +0800] "GET /xingrg/kc/buy/cgsh_order_operate.html?command=get_materiel&rest_code=00141&code=00101008233&supplier_code=00100007&order_time=2022-01-12 HTTP/1.1" 200 408
114.83.219.105 - - [12/Jan/2022:10:30:29 +0800] "GET /xingrg/kc/buy/cgsh_order_info.html?code=212022011205443 HTTP/1.1" 200 60362
114.83.219.105 - - [12/Jan/2022:10:30:30 +0800] "GET /xingrg/javascript/easyui/themes/default/validatebox.css HTTP/1.1" 404 1104
114.83.219.105 - - [12/Jan/2022:10:30:31 +0800] "POST /xingrg/kc/buy/cgsh_order_operate.html HTTP/1.1" 200 621
114.83.219.105 - - [12/Jan/2022:10:30:32 +0800] "GET /xingrg/kc/print/load_data.html?order_code=212022011205443&kc_code=cgsh&condition= HTTP/1.1" 200 795
114.95.98.1 - - [12/Jan/2022:10:30:33 +0800] "GET /xingrg/all/function/internal_message.html?_=1641954647617&CODE_STATE=getMsg HTTP/1.1" 200 27
116.237.73.232 - - [12/Jan/2022:10:30:36 +0800] "GET /xingrg/kc/buy/cgsh_order_operate.html?command=get_materiel&rest_code=00106&code=00101008323&supplier_code=00100007&order_time=2022-01-12 HTTP/1.1" 200 408
222.69.245.95 - - [12/Jan/2022:10:30:36 +0800] "GET /xingrg/all/function/internal_message.html?_=1641954573861&CODE_STATE=getMsg HTTP/1.1" 200 27
180.175.103.30 - - [12/Jan/2022:10:30:37 +0800] "GET /xingrg/check_reg.html?_=1641954636963 HTTP/1.1" 200 22
180.175.103.30 - - [12/Jan/2022:10:30:37 +0800] "GET /xingrg/all/function/internal_message.html?_=1641954636966&CODE_STATE=getMsg HTTP/1.1" 200 27
114.83.219.105 - - [12/Jan/2022:10:30:37 +0800] "GET /xingrg/kc/buy/cgsh_order_add.html HTTP/1.1" 200 65451
114.83.219.105 - - [12/Jan/2022:10:30:37 +0800] "POST /xingrg/kc/buy/cgsh_order_operate.html HTTP/1.1" 200 8245
114.83.219.105 - - [12/Jan/2022:10:30:37 +0800] "GET /xingrg/javascript/easyui/themes/default/validatebox.css HTTP/1.1" 404 1104
124.79.247.218 - - [12/Jan/2022:10:30:38 +0800] "POST /xingrg/kc/mdqp/pssh_list_operate.html HTTP/1.1" 200 8542
116.237.73.232 - - [12/Jan/2022:10:30:39 +0800] "GET /xingrg/kc/base/wldb_order_operate.html?command=get_materiel&rest_code=00106&base_code=0010396&code=00101019359 HTTP/1.1" 200 448
116.237.73.232 - - [12/Jan/2022:10:30:40 +0800] "GET /xingrg/all/function/internal_message.html?_=1641954635419&CODE_STATE=getMsg HTTP/1.1" 200 27
222.70.243.96 - - [12/Jan/2022:10:30:41 +0800] "GET /xingrg/all/function/internal_message.html?_=1641954649058&CODE_STATE=getMsg HTTP/1.1" 200 27
222.70.177.227 - - [12/Jan/2022:10:30:41 +0800] "GET /xingrg/all/function/internal_message.html?_=1641954637429&CODE_STATE=getMsg HTTP/1.1" 200 27
114.84.144.24 - - [12/Jan/2022:10:30:44 +0800] "GET /xingrg/kc/buy/cgsh_order_operate.html?command=get_materiel&rest_code=00141&code=00101008318&supplier_code=00100007&order_time=2022-01-12 HTTP/1.1" 200 408
116.237.73.232 - - [12/Jan/2022:10:30:45 +0800] "GET /xingrg/kc/buy/cgsh_order_operate.html?command=get_materiel&rest_code=00106&code=00101008248&supplier_code=00100007&order_time=2022-01-12 HTTP/1.1" 200 412
124.79.247.218 - - [12/Jan/2022:10:30:47 +0800] "POST /xingrg/kc/mdqp/pssh_list_operate.html HTTP/1.1" 200 764
114.83.219.105 - - [12/Jan/2022:10:30:48 +0800] "GET /xingrg/kc/buy/cgsh_order_operate.html?command=get_materiel&rest_code=00149&code=00101006184&supplier_code=00100012&order_time=2022-01-12 HTTP/1.1" 200 408
124.79.247.218 - - [12/Jan/2022:10:30:48 +0800] "POST /xingrg/kc/mdqp/pssh_list_operate.html HTTP/1.1" 200 4718
124.79.247.218 - - [12/Jan/2022:10:30:49 +0800] "GET /xingrg/kc/mdqp/pssh_order_info.html?code=312022010700247 HTTP/1.1" 200 14388
124.79.247.218 - - [12/Jan/2022:10:30:49 +0800] "GET /xingrg/javascript/jquery_tools/jquery-1.4.2.min.js HTTP/1.1" 404 1094
124.79.247.218 - - [12/Jan/2022:10:30:49 +0800] "GET /xingrg/javascript/easyui/themes/default/validatebox.css HTTP/1.1" 404 1104
124.79.247.218 - - [12/Jan/2022:10:30:49 +0800] "POST /xingrg/kc/mdqp/pssh_order_operate.html HTTP/1.1" 200 3172
116.237.73.232 - - [12/Jan/2022:10:30:50 +0800] "GET /xingrg/kc/base/wldb_order_operate.html?command=get_materiel&rest_code=00106&base_code=0010396&code=00101016094 HTTP/1.1" 200 470
114.84.144.24 - - [12/Jan/2022:10:30:51 +0800] "GET /xingrg/kc/buy/cgsh_order_operate.html?command=get_materiel&rest_code=00141&code=00101008352&supplier_code=00100007&order_time=2022-01-12 HTTP/1.1" 200 412
116.237.73.232 - - [12/Jan/2022:10:30:54 +0800] "POST /xingrg/kc/buy/cgsh_order_operate.html HTTP/1.1" 200 2065
101.85.120.86 - - [12/Jan/2022:10:30:55 +0800] "GET /xingrg/all/function/internal_message.html?_=1641954652866&CODE_STATE=getMsg HTTP/1.1" 200 27
124.79.247.218 - - [12/Jan/2022:10:30:57 +0800] "GET /xingrg/all/function/internal_message.html?_=1641954792632&CODE_STATE=getMsg HTTP/1.1" 200 27
114.84.144.24 - - [12/Jan/2022:10:30:58 +0800] "GET /xingrg/kc/buy/cgsh_order_operate.html?command=get_materiel&rest_code=00141&code=00101008005&supplier_code=00100007&order_time=2022-01-12 HTTP/1.1" 200 412
116.237.73.232 - - [12/Jan/2022:10:30:59 +0800] "GET /xingrg/kc/buy/cgsh_order_operate.html?command=get_materiel&rest_code=00106&code=00101008321&supplier_code=00100007&order_time=2022-01-12 HTTP/1.1" 200 412
120.253.135.82 - - [12/Jan/2022:10:31:00 +0800] "GET /xingrg/all/function/internal_message.html?_=1641954445512&CODE_STATE=getMsg HTTP/1.1" 200 27
116.237.73.232 - - [12/Jan/2022:10:31:02 +0800] "GET /xingrg/all/function/internal_message.html?_=1641954660986&CODE_STATE=getMsg HTTP/1.1" 200 27
116.237.73.232 - - [12/Jan/2022:10:31:03 +0800] "POST /xingrg/kc/base/wldb_order_operate.html HTTP/1.1" 200 37
58.221.95.50 - - [12/Jan/2022:10:31:04 +0800] "GET /xingrg/all/function/internal_message.html?_=1641954661928&CODE_STATE=getMsg HTTP/1.1" 302 -
116.237.73.232 - - [12/Jan/2022:10:31:04 +0800] "POST /xingrg/kc/base/wldb_order_operate.html HTTP/1.1" 200 5717
114.84.144.24 - - [12/Jan/2022:10:31:04 +0800] "GET /xingrg/all/function/internal_message.html?_=1641954477496&CODE_STATE=getMsg HTTP/1.1" 200 27
116.237.73.232 - - [12/Jan/2022:10:31:04 +0800] "GET /xingrg/kc/base/wldb_order_info.html?code=422022011201507 HTTP/1.1" 200 30289
116.237.73.232 - - [12/Jan/2022:10:31:05 +0800] "GET /xingrg/javascript/easyui/themes/default/validatebox.css HTTP/1.1" 404 1104
116.237.73.232 - - [12/Jan/2022:10:31:05 +0800] "POST /xingrg/kc/base/wldb_order_operate.html HTTP/1.1" 200 5717
116.237.73.232 - - [12/Jan/2022:10:31:06 +0800] "GET /xingrg/kc/buy/cgsh_order_operate.html?command=get_materiel&rest_code=00106&code=00101008098&supplier_code=00100007&order_time=2022-01-12 HTTP/1.1" 200 412
180.169.147.146 - - [12/Jan/2022:10:31:06 +0800] "GET /xingrg/all/function/internal_message.html?_=1641954662697&CODE_STATE=getMsg HTTP/1.1" 200 27
114.84.144.24 - - [12/Jan/2022:10:31:06 +0800] "GET /xingrg/kc/buy/cgsh_order_operate.html?command=get_materiel&rest_code=00141&code=00101008271&supplier_code=00100007&order_time=2022-01-12 HTTP/1.1" 200 408
120.253.135.82 - - [12/Jan/2022:10:31:07 +0800] "GET /xingrg/all/function/internal_message.html?_=1641954791030&CODE_STATE=getMsg HTTP/1.1" 302 -
116.237.73.232 - - [12/Jan/2022:10:31:07 +0800] "GET /xingrg/kc/buy/buy_main.html HTTP/1.1" 200 12412
116.237.73.232 - - [12/Jan/2022:10:31:07 +0800] "GET /xingrg/css/new_ie.css HTTP/1.1" 404 1036
116.237.73.232 - - [12/Jan/2022:10:31:08 +0800] "GET /xingrg/images/yd/bt.gif HTTP/1.1" 404 1040
114.83.219.105 - - [12/Jan/2022:10:31:08 +0800] "GET /xingrg/kc/buy/cgsh_order_operate.html?command=get_materiel&rest_code=00149&code=00101006062&supplier_code=00100012&order_time=2022-01-12 HTTP/1.1" 200 409
180.175.103.30 - - [12/Jan/2022:10:31:10 +0800] "GET /xingrg/kc/buy/cgsh_order_list.html HTTP/1.1" 200 49588
116.237.73.232 - - [12/Jan/2022:10:31:10 +0800] "GET /xingrg/kc/buy/cgsh_order_list.html HTTP/1.1" 200 49588
114.84.144.24 - - [12/Jan/2022:10:31:13 +0800] "POST /xingrg/kc/buy/cgsh_order_operate.html HTTP/1.1" 200 2065
180.175.103.30 - - [12/Jan/2022:10:31:13 +0800] "POST /xingrg/kc/buy/cgsh_list_operate.html HTTP/1.1" 200 2408
116.237.73.232 - - [12/Jan/2022:10:31:13 +0800] "GET /xingrg/kc/buy/cgsh_order_operate.html?command=get_materiel&rest_code=00106&code=00101008261&supplier_code=00100007&order_time=2022-01-12 HTTP/1.1" 200 408
116.237.73.232 - - [12/Jan/2022:10:31:14 +0800] "POST /xingrg/kc/buy/cgsh_list_operate.html HTTP/1.1" 200 1697
114.83.219.105 - - [12/Jan/2022:10:31:14 +0800] "GET /xingrg/all/function/internal_message.html?_=1641954670316&CODE_STATE=getMsg HTTP/1.1" 200 27
114.83.219.105 - - [12/Jan/2022:10:31:15 +0800] "GET /xingrg/kc/buy/cgsh_order_operate.html?command=get_materiel&rest_code=00149&code=00101006056&supplier_code=00100012&order_time=2022-01-12 HTTP/1.1" 200 413
180.175.103.30 - - [12/Jan/2022:10:31:17 +0800] "GET /xingrg/kc/buy/cgsh_order_add.html HTTP/1.1" 200 65445
116.237.73.232 - - [12/Jan/2022:10:31:17 +0800] "GET /xingrg/kc/buy/cgsh_order_add.html HTTP/1.1" 200 65398
180.175.103.30 - - [12/Jan/2022:10:31:17 +0800] "POST /xingrg/kc/buy/cgsh_order_operate.html HTTP/1.1" 200 8245
116.237.73.232 - - [12/Jan/2022:10:31:17 +0800] "POST /xingrg/kc/buy/cgsh_order_operate.html HTTP/1.1" 200 8245
180.175.103.30 - - [12/Jan/2022:10:31:17 +0800] "GET /xingrg/javascript/easyui/themes/default/validatebox.css HTTP/1.1" 404 1104
116.237.73.232 - - [12/Jan/2022:10:31:17 +0800] "GET /xingrg/javascript/easyui/themes/default/validatebox.css HTTP/1.1" 404 1104
116.237.73.232 - - [12/Jan/2022:10:31:17 +0800] "GET /xingrg/all/common/auto_word.html?type=employee&rest_code=00106 HTTP/1.1" 200 205
116.237.73.232 - - [12/Jan/2022:10:31:17 +0800] "GET /xingrg/all/common/auto_word.html?type=employee&rest_code=00106 HTTP/1.1" 200 205
114.84.144.24 - - [12/Jan/2022:10:31:18 +0800] "GET /xingrg/kc/buy/cgsh_order_operate.html?command=get_materiel&rest_code=00141&code=00101008353&supplier_code=00100007&order_time=2022-01-12 HTTP/1.1" 200 408
180.175.103.30 - - [12/Jan/2022:10:31:19 +0800] "GET /xingrg/javascript/auto/indicator.gif HTTP/1.1" 404 1066
116.237.73.232 - - [12/Jan/2022:10:31:19 +0800] "GET /xingrg/javascript/easyui/themes/default/tree.css HTTP/1.1" 404 1090
116.237.73.232 - - [12/Jan/2022:10:31:19 +0800] "POST /xingrg/all/common/load_tree.html?tree=supplier_tree_json&isDelete=1 HTTP/1.1" 200 61772
116.237.73.232 - - [12/Jan/2022:10:31:20 +0800] "GET /xingrg/kc/buy/cgsh_order_operate.html?command=get_materiel&rest_code=00106&code=00101008059&supplier_code=00100007&order_time=2022-01-12 HTTP/1.1" 200 408
114.95.98.1 - - [12/Jan/2022:10:31:22 +0800] "GET /xingrg/all/function/internal_message.html?_=1641954680842&CODE_STATE=getMsg HTTP/1.1" 200 27
114.83.219.105 - - [12/Jan/2022:10:31:28 +0800] "POST /xingrg/kc/buy/cgsh_order_operate.html HTTP/1.1" 200 37
114.95.98.1 - - [12/Jan/2022:10:31:33 +0800] "GET /xingrg/all/function/internal_message.html?_=1641954707629&CODE_STATE=getMsg HTTP/1.1" 200 27
116.237.73.232 - - [12/Jan/2022:10:31:33 +0800] "POST /xingrg/kc/buy/cgsh_order_operate.html HTTP/1.1" 200 2065
114.84.144.24 - - [12/Jan/2022:10:31:35 +0800] "GET /xingrg/kc/buy/cgsh_order_operate.html?command=get_materiel&rest_code=00141&code=00101008213&supplier_code=00100007&order_time=2022-01-12 HTTP/1.1" 200 412
222.69.245.95 - - [12/Jan/2022:10:31:36 +0800] "GET /xingrg/check_reg.html?_=1641954633572 HTTP/1.1" 200 22
222.69.245.95 - - [12/Jan/2022:10:31:36 +0800] "GET /xingrg/all/function/internal_message.html?_=1641954633875&CODE_STATE=getMsg HTTP/1.1" 200 27
180.175.103.30 - - [12/Jan/2022:10:31:37 +0800] "GET /xingrg/all/function/internal_message.html?_=1641954696979&CODE_STATE=getMsg HTTP/1.1" 200 27
124.79.247.218 - - [12/Jan/2022:10:31:38 +0800] "GET /xingrg/kc/mdqp/pssh_order_list.html?isBack=1 HTTP/1.1" 200 17777
124.79.247.218 - - [12/Jan/2022:10:31:39 +0800] "POST /xingrg/kc/mdqp/pssh_list_operate.html HTTP/1.1" 200 8542
116.237.73.232 - - [12/Jan/2022:10:31:40 +0800] "GET /xingrg/check_reg.html?_=1641954695360 HTTP/1.1" 200 22
116.237.73.232 - - [12/Jan/2022:10:31:40 +0800] "GET /xingrg/all/function/internal_message.html?_=1641954695361&CODE_STATE=getMsg HTTP/1.1" 200 27
222.70.243.96 - - [12/Jan/2022:10:31:40 +0800] "GET /xingrg/check_reg.html?_=1641954708475 HTTP/1.1" 200 22
222.70.177.227 - - [12/Jan/2022:10:31:41 +0800] "GET /xingrg/check_reg.html?_=1641954697428 HTTP/1.1" 200 22
222.70.177.227 - - [12/Jan/2022:10:31:41 +0800] "GET /xingrg/all/function/internal_message.html?_=1641954697431&CODE_STATE=getMsg HTTP/1.1" 200 27
222.70.243.96 - - [12/Jan/2022:10:31:41 +0800] "GET /xingrg/all/function/internal_message.html?_=1641954709071&CODE_STATE=getMsg HTTP/1.1" 200 27
180.169.147.146 - - [12/Jan/2022:10:31:42 +0800] "GET /xingrg/kc/base/yddb_order_list.html HTTP/1.1" 200 16672
180.169.147.146 - - [12/Jan/2022:10:31:43 +0800] "POST /xingrg/kc/base/yddb_list_operate.html HTTP/1.1" 200 1339
114.84.144.24 - - [12/Jan/2022:10:31:43 +0800] "GET /xingrg/kc/buy/cgsh_order_operate.html?command=get_materiel&rest_code=00141&code=00101008298&supplier_code=00100007&order_time=2022-01-12 HTTP/1.1" 200 413
124.79.247.218 - - [12/Jan/2022:10:31:44 +0800] "POST /xingrg/kc/mdqp/pssh_list_operate.html HTTP/1.1" 200 260
124.79.247.218 - - [12/Jan/2022:10:31:47 +0800] "POST /xingrg/kc/mdqp/pssh_list_operate.html HTTP/1.1" 200 4718
180.169.147.146 - - [12/Jan/2022:10:31:47 +0800] "POST /xingrg/kc/base/yddb_list_operate.html HTTP/1.1" 200 4387
124.79.247.218 - - [12/Jan/2022:10:31:49 +0800] "GET /xingrg/kc/mdqp/pssh_order_info.html?code=312022010600232 HTTP/1.1" 200 17275
124.79.247.218 - - [12/Jan/2022:10:31:49 +0800] "GET /xingrg/javascript/jquery_tools/jquery-1.4.2.min.js HTTP/1.1" 404 1094
124.79.247.218 - - [12/Jan/2022:10:31:49 +0800] "GET /xingrg/javascript/easyui/themes/default/validatebox.css HTTP/1.1" 404 1104
124.79.247.218 - - [12/Jan/2022:10:31:50 +0800] "POST /xingrg/kc/mdqp/pssh_order_operate.html HTTP/1.1" 200 530
180.169.147.146 - - [12/Jan/2022:10:31:51 +0800] "POST /xingrg/kc/base/yddb_list_operate.html HTTP/1.1" 200 211
124.79.247.218 - - [12/Jan/2022:10:31:51 +0800] "POST /xingrg/all/common/load_combo.html?type=base&rest_code=00104 HTTP/1.1" 200 3315
180.169.147.146 - - [12/Jan/2022:10:31:52 +0800] "GET /xingrg/kc/base/yddb_order_info.html?code=482022010400035 HTTP/1.1" 200 31642
180.169.147.146 - - [12/Jan/2022:10:31:52 +0800] "GET /xingrg/dwr/interface/AjaxYddbService.js HTTP/1.1" 200 13201
180.169.147.146 - - [12/Jan/2022:10:31:52 +0800] "GET /xingrg/dwr/interface/AjaxComOrderService.js HTTP/1.1" 200 18264
180.169.147.146 - - [12/Jan/2022:10:31:52 +0800] "GET /xingrg/dwr/util.js HTTP/1.1" 200 35990
180.169.147.146 - - [12/Jan/2022:10:31:52 +0800] "GET /xingrg/dwr/engine.js HTTP/1.1" 200 43631
180.169.147.146 - - [12/Jan/2022:10:31:53 +0800] "POST /xingrg/dwr/call/plaincall/AjaxYddbService.loadMaterielItems.dwr HTTP/1.1" 200 413
116.237.73.232 - - [12/Jan/2022:10:31:53 +0800] "POST /xingrg/kc/buy/cgsh_order_operate.html HTTP/1.1" 200 37
101.85.120.86 - - [12/Jan/2022:10:31:55 +0800] "GET /xingrg/all/function/internal_message.html?_=1641954712866&CODE_STATE=getMsg HTTP/1.1" 200 27
114.84.144.24 - - [12/Jan/2022:10:31:56 +0800] "GET /xingrg/kc/buy/cgsh_order_operate.html?command=get_materiel&rest_code=00141&code=00101008283&supplier_code=00100007&order_time=2022-01-12 HTTP/1.1" 200 408
116.237.73.232 - - [12/Jan/2022:10:31:57 +0800] "POST /xingrg/kc/buy/cgsh_order_operate.html HTTP/1.1" 200 21562
124.79.247.218 - - [12/Jan/2022:10:31:57 +0800] "GET /xingrg/all/function/internal_message.html?_=1641954852610&CODE_STATE=getMsg HTTP/1.1" 200 27
124.79.247.218 - - [12/Jan/2022:10:31:57 +0800] "POST /xingrg/all/common/load_combo.html?type=employee HTTP/1.1" 200 445
114.83.219.105 - - [12/Jan/2022:10:31:59 +0800] "POST /xingrg/kc/buy/cgsh_order_operate.html HTTP/1.1" 200 12
120.253.135.82 - - [12/Jan/2022:10:32:00 +0800] "GET /xingrg/check_reg.html?_=1641954504902 HTTP/1.1" 200 22
120.253.135.82 - - [12/Jan/2022:10:32:00 +0800] "GET /xingrg/all/function/internal_message.html?_=1641954505526&CODE_STATE=getMsg HTTP/1.1" 200 27
114.83.219.105 - - [12/Jan/2022:10:32:02 +0800] "GET /xingrg/kc/buy/cgsh_order_info.html?code=212022011205444 HTTP/1.1" 200 60360
116.237.73.232 - - [12/Jan/2022:10:32:02 +0800] "GET /xingrg/all/function/internal_message.html?_=1641954720994&CODE_STATE=getMsg HTTP/1.1" 200 27
114.83.219.105 - - [12/Jan/2022:10:32:02 +0800] "GET /xingrg/javascript/easyui/themes/default/validatebox.css HTTP/1.1" 404 1104
114.83.219.105 - - [12/Jan/2022:10:32:04 +0800] "POST /xingrg/kc/buy/cgsh_order_operate.html HTTP/1.1" 200 1784
58.221.95.50 - - [12/Jan/2022:10:32:04 +0800] "GET /xingrg/all/function/internal_message.html?_=1641954721930&CODE_STATE=getMsg HTTP/1.1" 302 -
180.169.147.146 - - [12/Jan/2022:10:32:04 +0800] "GET /xingrg/kc/base/yddb_order_list.html?isBack=1 HTTP/1.1" 200 16672
114.84.144.24 - - [12/Jan/2022:10:32:05 +0800] "GET /xingrg/all/function/internal_message.html?_=1641954537584&CODE_STATE=getMsg HTTP/1.1" 200 27
180.169.147.146 - - [12/Jan/2022:10:32:05 +0800] "POST /xingrg/kc/base/yddb_list_operate.html HTTP/1.1" 200 1339
114.83.219.105 - - [12/Jan/2022:10:32:06 +0800] "GET /xingrg/kc/print/load_data.html?order_code=212022011205444&kc_code=cgsh&condition= HTTP/1.1" 200 1236
180.169.147.146 - - [12/Jan/2022:10:32:06 +0800] "GET /xingrg/all/function/internal_message.html?_=1641954722691&CODE_STATE=getMsg HTTP/1.1" 200 27
114.84.144.24 - - [12/Jan/2022:10:32:06 +0800] "GET /xingrg/kc/buy/cgsh_order_operate.html?command=get_materiel&rest_code=00141&code=00101008355&supplier_code=00100007&order_time=2022-01-12 HTTP/1.1" 200 408
116.237.73.232 - - [12/Jan/2022:10:32:07 +0800] "GET /xingrg/kc/buy/cgsh_order_operate.html?command=get_materiel&rest_code=00106&code=00101027034&supplier_code=00100017&order_time=2022-01-12 HTTP/1.1" 200 449
180.169.147.146 - - [12/Jan/2022:10:32:07 +0800] "POST /xingrg/kc/base/yddb_list_operate.html HTTP/1.1" 200 4387
120.253.135.82 - - [12/Jan/2022:10:32:07 +0800] "GET /xingrg/all/function/internal_message.html?_=1641954851084&CODE_STATE=getMsg HTTP/1.1" 302 -
114.84.144.24 - - [12/Jan/2022:10:32:10 +0800] "POST /xingrg/kc/buy/cgsh_order_operate.html HTTP/1.1" 200 2065
114.95.98.1 - - [12/Jan/2022:10:32:10 +0800] "GET /xingrg/kc/base/wldb_order_operate.html?command=get_materiel&rest_code=00102&base_code=0010477&code=00102001096 HTTP/1.1" 200 432
114.83.219.105 - - [12/Jan/2022:10:32:14 +0800] "GET /xingrg/check_reg.html?_=1641954730322 HTTP/1.1" 200 22
114.83.219.105 - - [12/Jan/2022:10:32:14 +0800] "GET /xingrg/all/function/internal_message.html?_=1641954730325&CODE_STATE=getMsg HTTP/1.1" 200 27
114.83.219.105 - - [12/Jan/2022:10:32:14 +0800] "GET /xingrg/kc/buy/cgsh_order_add.html HTTP/1.1" 200 65451
114.83.219.105 - - [12/Jan/2022:10:32:14 +0800] "POST /xingrg/kc/buy/cgsh_order_operate.html HTTP/1.1" 200 8245
114.83.219.105 - - [12/Jan/2022:10:32:14 +0800] "GET /xingrg/javascript/easyui/themes/default/validatebox.css HTTP/1.1" 404 1104
124.79.247.218 - - [12/Jan/2022:10:32:16 +0800] "POST /xingrg/kc/mdqp/pssh_order_operate.html HTTP/1.1" 200 37
114.84.144.24 - - [12/Jan/2022:10:32:17 +0800] "GET /xingrg/kc/buy/cgsh_order_operate.html?command=get_materiel&rest_code=00141&code=00101008141&supplier_code=00100007&order_time=2022-01-12 HTTP/1.1" 200 412
180.169.147.146 - - [12/Jan/2022:10:32:17 +0800] "POST /xingrg/kc/base/yddb_list_operate.html HTTP/1.1" 200 202
180.169.147.146 - - [12/Jan/2022:10:32:19 +0800] "GET /xingrg/dwr/interface/AjaxYddbService.js HTTP/1.1" 200 13201
180.169.147.146 - - [12/Jan/2022:10:32:19 +0800] "GET /xingrg/dwr/interface/AjaxComOrderService.js HTTP/1.1" 200 18264
180.169.147.146 - - [12/Jan/2022:10:32:19 +0800] "GET /xingrg/kc/base/yddb_order_info.html?code=482022010800061 HTTP/1.1" 200 31789
180.169.147.146 - - [12/Jan/2022:10:32:19 +0800] "GET /xingrg/dwr/engine.js HTTP/1.1" 200 43631
