222.69.245.95 - - [12/Jan/2022:09:37:57 +0800] "GET /xingrg/all/function/internal_message.html?_=1641951414327&CODE_STATE=getMsg HTTP/1.1" 200 27
124.79.247.218 - - [12/Jan/2022:09:37:57 +0800] "GET /xingrg/all/function/internal_message.html?_=1641951612588&CODE_STATE=getMsg HTTP/1.1" 200 27
222.70.217.149 - - [12/Jan/2022:09:38:03 +0800] "GET /xingrg/check_reg.html?_=1641951476628 HTTP/1.1" 200 22
222.70.217.149 - - [12/Jan/2022:09:38:03 +0800] "GET /xingrg/all/function/internal_message.html?_=1641951476630&CODE_STATE=getMsg HTTP/1.1" 200 27
114.84.144.24 - - [12/Jan/2022:09:38:04 +0800] "GET /xingrg/all/function/internal_message.html?_=1641951297443&CODE_STATE=getMsg HTTP/1.1" 200 27
114.84.144.24 - - [12/Jan/2022:09:38:05 +0800] "GET /xingrg/check_reg.html?_=1641951297445 HTTP/1.1" 200 22
180.175.103.30 - - [12/Jan/2022:09:38:05 +0800] "POST /xingrg/services/DataTransmitService HTTP/1.1" 200 524
120.253.135.82 - - [12/Jan/2022:09:38:06 +0800] "GET /xingrg/all/function/internal_message.html?_=1641951609462&CODE_STATE=getMsg HTTP/1.1" 302 -
180.175.103.30 - - [12/Jan/2022:09:38:06 +0800] "POST /xingrg/services/DataTransmitService HTTP/1.1" 200 2235
114.83.219.105 - - [12/Jan/2022:09:38:06 +0800] "GET /xingrg/all/function/internal_message.html?_=1641951482700&CODE_STATE=getMsg HTTP/1.1" 200 27
180.175.103.30 - - [12/Jan/2022:09:38:07 +0800] "POST /xingrg/services/DataTransmitService HTTP/1.1" 200 148119
222.69.245.95 - - [12/Jan/2022:09:38:15 +0800] "POST /xingrg/kc/buy/cgsh_order_operate.html HTTP/1.1" 200 37
222.70.177.227 - - [12/Jan/2022:09:38:16 +0800] "GET /xingrg/kc/buy/cgsh_order_operate.html?command=get_materiel&rest_code=00111&code=00101007085&supplier_code=00100004&order_time=2022-01-12 HTTP/1.1" 200 413
222.70.217.149 - - [12/Jan/2022:09:38:20 +0800] "POST /xingrg/services/DataTransmitService HTTP/1.1" 200 524
222.69.245.95 - - [12/Jan/2022:09:38:21 +0800] "POST /xingrg/kc/buy/cgsh_order_operate.html HTTP/1.1" 200 12
222.69.245.95 - - [12/Jan/2022:09:38:23 +0800] "GET /xingrg/kc/buy/cgsh_order_info.html?code=212022011205425 HTTP/1.1" 200 59876
222.69.245.95 - - [12/Jan/2022:09:38:24 +0800] "GET /xingrg/javascript/easyui/themes/default/validatebox.css HTTP/1.1" 404 1104
222.69.245.95 - - [12/Jan/2022:09:38:24 +0800] "POST /xingrg/kc/buy/cgsh_order_operate.html HTTP/1.1" 200 4829
120.253.135.82 - - [12/Jan/2022:09:38:27 +0800] "POST /xingrg/kc/pszx/mdps_list_operate.html HTTP/1.1" 200 3315
120.253.135.82 - - [12/Jan/2022:09:38:27 +0800] "POST /xingrg/kc/pszx/mdps_list_operate.html HTTP/1.1" 200 3315
120.253.135.82 - - [12/Jan/2022:09:38:27 +0800] "GET /xingrg/kc/pszx/mdps_order_list.html?orderType=0 HTTP/1.1" 200 20925
222.70.177.227 - - [12/Jan/2022:09:38:28 +0800] "POST /xingrg/kc/buy/cgsh_order_operate.html HTTP/1.1" 200 37
120.253.135.82 - - [12/Jan/2022:09:38:28 +0800] "POST /xingrg/kc/pszx/mdps_list_operate.html HTTP/1.1" 200 5626
222.69.245.95 - - [12/Jan/2022:09:38:28 +0800] "GET /xingrg/kc/print/load_data.html?order_code=212022011205425&kc_code=cgsh&condition= HTTP/1.1" 200 2350
222.70.177.227 - - [12/Jan/2022:09:38:29 +0800] "POST /xingrg/kc/buy/cgsh_order_operate.html HTTP/1.1" 200 4434
114.95.98.1 - - [12/Jan/2022:09:38:29 +0800] "GET /xingrg/all/function/internal_message.html?_=1641951524134&CODE_STATE=getMsg HTTP/1.1" 200 27
222.70.243.96 - - [12/Jan/2022:09:38:31 +0800] "GET /xingrg/all/function/internal_message.html?_=1641951518927&CODE_STATE=getMsg HTTP/1.1" 200 27
222.70.177.227 - - [12/Jan/2022:09:38:31 +0800] "GET /xingrg/kc/print/load_data.html?order_code=212022011205426&kc_code=cgsh&condition= HTTP/1.1" 200 1402
180.175.103.30 - - [12/Jan/2022:09:38:37 +0800] "GET /xingrg/all/function/internal_message.html?_=1641951516893&CODE_STATE=getMsg HTTP/1.1" 200 27
101.85.120.86 - - [12/Jan/2022:09:38:39 +0800] "GET /xingrg/all/function/internal_message.html?_=1641951517035&CODE_STATE=getMsg HTTP/1.1" 200 27
120.253.135.82 - - [12/Jan/2022:09:38:40 +0800] "POST /xingrg/kc/pszx/mdps_list_operate.html HTTP/1.1" 200 5765
120.253.135.82 - - [12/Jan/2022:09:38:40 +0800] "GET /xingrg/check_reg.html?_=1641951643914 HTTP/1.1" 302 -
120.253.135.82 - - [12/Jan/2022:09:38:43 +0800] "GET /xingrg/kc/pszx/mdqp_order_list.html?state=10 HTTP/1.1" 200 11870
120.253.135.82 - - [12/Jan/2022:09:38:43 +0800] "GET /xingrg/dwr/interface/AjaxReportQueryService.js HTTP/1.1" 200 13203
120.253.135.82 - - [12/Jan/2022:09:38:43 +0800] "GET /xingrg/dwr/interface/AjaxQqpsService.js HTTP/1.1" 200 16326
120.253.135.82 - - [12/Jan/2022:09:38:43 +0800] "GET /xingrg/kc/pszx/mdqp_order_list.html?state=10 HTTP/1.1" 200 11870
120.253.135.82 - - [12/Jan/2022:09:38:43 +0800] "GET /xingrg/dwr/engine.js HTTP/1.1" 200 43631
222.70.177.227 - - [12/Jan/2022:09:38:44 +0800] "GET /xingrg/all/function/internal_message.html?_=1641951521204&CODE_STATE=getMsg HTTP/1.1" 200 27
222.69.245.95 - - [12/Jan/2022:09:38:45 +0800] "GET /xingrg/kc/buy/cgsh_order_add.html HTTP/1.1" 200 64973
222.69.245.95 - - [12/Jan/2022:09:38:45 +0800] "POST /xingrg/kc/buy/cgsh_order_operate.html HTTP/1.1" 200 8245
222.69.245.95 - - [12/Jan/2022:09:38:46 +0800] "GET /xingrg/javascript/easyui/themes/default/validatebox.css HTTP/1.1" 404 1104
120.253.135.82 - - [12/Jan/2022:09:38:47 +0800] "GET /xingrg/kc/pszx/mdps_order_list.html?orderType=0 HTTP/1.1" 200 20925
120.253.135.82 - - [12/Jan/2022:09:38:48 +0800] "POST /xingrg/kc/pszx/mdps_list_operate.html HTTP/1.1" 200 5626
120.253.135.82 - - [12/Jan/2022:09:38:51 +0800] "GET /xingrg/all/function/internal_message.html?_=1641951315808&CODE_STATE=getMsg HTTP/1.1" 200 27
120.253.135.82 - - [12/Jan/2022:09:38:51 +0800] "POST /xingrg/kc/pszx/mdps_list_operate.html HTTP/1.1" 200 5765
120.253.135.82 - - [12/Jan/2022:09:38:55 +0800] "POST /xingrg/kc/pszx/mdps_list_operate.html HTTP/1.1" 200 5794
222.69.245.95 - - [12/Jan/2022:09:38:57 +0800] "GET /xingrg/all/function/internal_message.html?_=1641951474339&CODE_STATE=getMsg HTTP/1.1" 200 27
124.79.247.218 - - [12/Jan/2022:09:38:57 +0800] "GET /xingrg/all/function/internal_message.html?_=1641951672587&CODE_STATE=getMsg HTTP/1.1" 200 27
120.253.135.82 - - [12/Jan/2022:09:38:59 +0800] "POST /xingrg/kc/pszx/mdps_list_operate.html HTTP/1.1" 200 5774
120.253.135.82 - - [12/Jan/2022:09:39:01 +0800] "POST /xingrg/kc/pszx/mdps_list_operate.html HTTP/1.1" 200 5705
222.70.217.149 - - [12/Jan/2022:09:39:03 +0800] "GET /xingrg/all/function/internal_message.html?_=1641951536632&CODE_STATE=getMsg HTTP/1.1" 200 27
114.84.144.24 - - [12/Jan/2022:09:39:04 +0800] "GET /xingrg/all/function/internal_message.html?_=1641951357443&CODE_STATE=getMsg HTTP/1.1" 200 27
120.253.135.82 - - [12/Jan/2022:09:39:04 +0800] "POST /xingrg/kc/pszx/mdps_list_operate.html HTTP/1.1" 200 5703
120.253.135.82 - - [12/Jan/2022:09:39:06 +0800] "GET /xingrg/all/function/internal_message.html?_=1641951669465&CODE_STATE=getMsg HTTP/1.1" 302 -
114.83.219.105 - - [12/Jan/2022:09:39:06 +0800] "GET /xingrg/all/function/internal_message.html?_=1641951542688&CODE_STATE=getMsg HTTP/1.1" 200 27
120.253.135.82 - - [12/Jan/2022:09:39:08 +0800] "POST /xingrg/kc/pszx/mdps_list_operate.html HTTP/1.1" 200 5706
120.253.135.82 - - [12/Jan/2022:09:39:12 +0800] "POST /xingrg/kc/pszx/mdps_list_operate.html HTTP/1.1" 200 204
120.253.135.82 - - [12/Jan/2022:09:39:12 +0800] "GET /xingrg/kc/pszx/mdps_order_info.html?code=312022011100413 HTTP/1.1" 200 23931
120.253.135.82 - - [12/Jan/2022:09:39:13 +0800] "GET /xingrg/javascript/easyui/themes/default/validatebox.css HTTP/1.1" 404 1104
120.253.135.82 - - [12/Jan/2022:09:39:13 +0800] "POST /xingrg/kc/pszx/mdps_order_operate.html HTTP/1.1" 200 2283
222.69.245.95 - - [12/Jan/2022:09:39:20 +0800] "GET /xingrg/kc/buy/cgsh_order_operate.html?command=get_materiel&rest_code=00151&code=00101016038&supplier_code=00100007&order_time=2022-01-12 HTTP/1.1" 200 408
120.253.135.82 - - [12/Jan/2022:09:39:21 +0800] "POST /xingrg/kc/pszx/mdps_list_operate.html HTTP/1.1" 200 5724
120.253.135.82 - - [12/Jan/2022:09:39:25 +0800] "POST /xingrg/kc/pszx/mdps_list_operate.html HTTP/1.1" 200 365
120.253.135.82 - - [12/Jan/2022:09:39:25 +0800] "GET /xingrg/kc/pszx/mdps_order_info.html?code=312022011200422 HTTP/1.1" 200 23931
120.253.135.82 - - [12/Jan/2022:09:39:26 +0800] "GET /xingrg/javascript/easyui/themes/default/validatebox.css HTTP/1.1" 404 1104
120.253.135.82 - - [12/Jan/2022:09:39:26 +0800] "POST /xingrg/kc/pszx/mdps_order_operate.html HTTP/1.1" 200 3281
114.95.98.1 - - [12/Jan/2022:09:39:29 +0800] "GET /xingrg/all/function/internal_message.html?_=1641951584147&CODE_STATE=getMsg HTTP/1.1" 200 27
222.70.243.96 - - [12/Jan/2022:09:39:31 +0800] "GET /xingrg/all/function/internal_message.html?_=1641951578942&CODE_STATE=getMsg HTTP/1.1" 200 27
180.175.103.30 - - [12/Jan/2022:09:39:37 +0800] "GET /xingrg/all/function/internal_message.html?_=1641951576888&CODE_STATE=getMsg HTTP/1.1" 200 27
101.85.120.86 - - [12/Jan/2022:09:39:39 +0800] "GET /xingrg/all/function/internal_message.html?_=1641951577033&CODE_STATE=getMsg HTTP/1.1" 200 27
222.69.245.95 - - [12/Jan/2022:09:39:40 +0800] "GET /xingrg/kc/buy/cgsh_order_operate.html?command=get_materiel&rest_code=00151&code=00101008085&supplier_code=00100007&order_time=2022-01-12 HTTP/1.1" 200 412
222.70.177.227 - - [12/Jan/2022:09:39:44 +0800] "GET /xingrg/all/function/internal_message.html?_=1641951581204&CODE_STATE=getMsg HTTP/1.1" 200 27
222.69.245.95 - - [12/Jan/2022:09:39:48 +0800] "GET /xingrg/kc/buy/cgsh_order_operate.html?command=get_materiel&rest_code=00151&code=00101008318&supplier_code=00100007&order_time=2022-01-12 HTTP/1.1" 200 408
120.253.135.82 - - [12/Jan/2022:09:39:50 +0800] "GET /xingrg/kc/print/load_data.html?order_code=312022011200422&kc_code=mdps&condition= HTTP/1.1" 200 1137
120.253.135.82 - - [12/Jan/2022:09:39:52 +0800] "GET /xingrg/all/function/internal_message.html?_=1641951376808&CODE_STATE=getMsg HTTP/1.1" 200 27
222.69.245.95 - - [12/Jan/2022:09:39:55 +0800] "GET /xingrg/kc/buy/cgsh_order_operate.html?command=get_materiel&rest_code=00151&code=00101008141&supplier_code=00100007&order_time=2022-01-12 HTTP/1.1" 200 412
222.69.245.95 - - [12/Jan/2022:09:39:57 +0800] "GET /xingrg/all/function/internal_message.html?_=1641951534354&CODE_STATE=getMsg HTTP/1.1" 200 27
124.79.247.218 - - [12/Jan/2022:09:39:57 +0800] "GET /xingrg/check_reg.html?_=1641951732601 HTTP/1.1" 200 22
124.79.247.218 - - [12/Jan/2022:09:39:57 +0800] "GET /xingrg/all/function/internal_message.html?_=1641951732600&CODE_STATE=getMsg HTTP/1.1" 200 27
222.70.217.149 - - [12/Jan/2022:09:40:03 +0800] "GET /xingrg/all/function/internal_message.html?_=1641951596641&CODE_STATE=getMsg HTTP/1.1" 200 27
114.84.144.24 - - [12/Jan/2022:09:40:04 +0800] "GET /xingrg/all/function/internal_message.html?_=1641951417441&CODE_STATE=getMsg HTTP/1.1" 200 27
222.69.245.95 - - [12/Jan/2022:09:40:05 +0800] "GET /xingrg/kc/buy/cgsh_order_operate.html?command=get_materiel&rest_code=00151&code=00101016071&supplier_code=00100007&order_time=2022-01-12 HTTP/1.1" 200 416
120.253.135.82 - - [12/Jan/2022:09:40:06 +0800] "GET /xingrg/all/function/internal_message.html?_=1641951729520&CODE_STATE=getMsg HTTP/1.1" 302 -
114.83.219.105 - - [12/Jan/2022:09:40:06 +0800] "GET /xingrg/all/function/internal_message.html?_=1641951602675&CODE_STATE=getMsg HTTP/1.1" 200 27
222.69.245.95 - - [12/Jan/2022:09:40:12 +0800] "GET /xingrg/kc/buy/cgsh_order_operate.html?command=get_materiel&rest_code=00151&code=00101008148&supplier_code=00100007&order_time=2022-01-12 HTTP/1.1" 200 416
222.69.245.95 - - [12/Jan/2022:09:40:27 +0800] "GET /xingrg/kc/buy/cgsh_order_operate.html?command=get_materiel&rest_code=00151&code=00101008441&supplier_code=00100007&order_time=2022-01-12 HTTP/1.1" 200 406
114.95.98.1 - - [12/Jan/2022:09:40:29 +0800] "GET /xingrg/check_reg.html?_=1641951643568 HTTP/1.1" 200 22
114.95.98.1 - - [12/Jan/2022:09:40:29 +0800] "GET /xingrg/all/function/internal_message.html?_=1641951644163&CODE_STATE=getMsg HTTP/1.1" 200 27
222.70.243.96 - - [12/Jan/2022:09:40:31 +0800] "GET /xingrg/check_reg.html?_=1641951638616 HTTP/1.1" 200 22
222.70.243.96 - - [12/Jan/2022:09:40:31 +0800] "GET /xingrg/all/function/internal_message.html?_=1641951638956&CODE_STATE=getMsg HTTP/1.1" 200 27
222.69.245.95 - - [12/Jan/2022:09:40:36 +0800] "GET /xingrg/kc/buy/cgsh_order_operate.html?command=get_materiel&rest_code=00151&code=00101020152&supplier_code=00100007&order_time=2022-01-12 HTTP/1.1" 200 416
180.175.103.30 - - [12/Jan/2022:09:40:37 +0800] "GET /xingrg/all/function/internal_message.html?_=1641951636889&CODE_STATE=getMsg HTTP/1.1" 200 27
180.175.103.30 - - [12/Jan/2022:09:40:37 +0800] "GET /xingrg/check_reg.html?_=1641951636892 HTTP/1.1" 200 22
101.85.120.86 - - [12/Jan/2022:09:40:39 +0800] "GET /xingrg/all/function/internal_message.html?_=1641951637034&CODE_STATE=getMsg HTTP/1.1" 200 27
222.70.177.227 - - [12/Jan/2022:09:40:44 +0800] "GET /xingrg/all/function/internal_message.html?_=1641951641219&CODE_STATE=getMsg HTTP/1.1" 200 27
222.69.245.95 - - [12/Jan/2022:09:40:45 +0800] "GET /xingrg/kc/buy/cgsh_order_operate.html?command=get_materiel&rest_code=00151&code=00101008442&supplier_code=00100007&order_time=2022-01-12 HTTP/1.1" 200 406
222.69.245.95 - - [12/Jan/2022:09:40:51 +0800] "GET /xingrg/kc/buy/cgsh_order_operate.html?command=get_materiel&rest_code=00151&code=00101008350&supplier_code=00100007&order_time=2022-01-12 HTTP/1.1" 200 408
120.253.135.82 - - [12/Jan/2022:09:40:52 +0800] "GET /xingrg/all/function/internal_message.html?_=1641951437075&CODE_STATE=getMsg HTTP/1.1" 200 27
222.69.245.95 - - [12/Jan/2022:09:40:56 +0800] "GET /xingrg/check_reg.html?_=1641951594048 HTTP/1.1" 200 22
222.69.245.95 - - [12/Jan/2022:09:40:57 +0800] "GET /xingrg/all/function/internal_message.html?_=1641951594367&CODE_STATE=getMsg HTTP/1.1" 200 27
124.79.247.218 - - [12/Jan/2022:09:40:57 +0800] "GET /xingrg/all/function/internal_message.html?_=1641951792599&CODE_STATE=getMsg HTTP/1.1" 200 27
222.69.245.95 - - [12/Jan/2022:09:40:59 +0800] "GET /xingrg/kc/buy/cgsh_order_operate.html?command=get_materiel&rest_code=00151&code=00101008344&supplier_code=00100007&order_time=2022-01-12 HTTP/1.1" 200 412
222.70.217.149 - - [12/Jan/2022:09:41:03 +0800] "GET /xingrg/all/function/internal_message.html?_=1641951656635&CODE_STATE=getMsg HTTP/1.1" 200 27
114.83.219.105 - - [12/Jan/2022:09:41:04 +0800] "GET /xingrg/check_reg.html?_=1641951660037 HTTP/1.1" 200 22
114.84.144.24 - - [12/Jan/2022:09:41:04 +0800] "GET /xingrg/all/function/internal_message.html?_=1641951477439&CODE_STATE=getMsg HTTP/1.1" 200 27
120.253.135.82 - - [12/Jan/2022:09:41:06 +0800] "GET /xingrg/all/function/internal_message.html?_=1641951789524&CODE_STATE=getMsg HTTP/1.1" 302 -
114.83.219.105 - - [12/Jan/2022:09:41:06 +0800] "GET /xingrg/all/function/internal_message.html?_=1641951662644&CODE_STATE=getMsg HTTP/1.1" 200 27
222.69.245.95 - - [12/Jan/2022:09:41:08 +0800] "GET /xingrg/kc/buy/cgsh_order_operate.html?command=get_materiel&rest_code=00151&code=00101008361&supplier_code=00100007&order_time=2022-01-12 HTTP/1.1" 200 408
222.69.245.95 - - [12/Jan/2022:09:41:19 +0800] "GET /xingrg/kc/buy/cgsh_order_operate.html?command=get_materiel&rest_code=00151&code=00101008049&supplier_code=00100007&order_time=2022-01-12 HTTP/1.1" 200 408
222.69.245.95 - - [12/Jan/2022:09:41:27 +0800] "GET /xingrg/kc/buy/cgsh_order_operate.html?command=get_materiel&rest_code=00151&code=00101008300&supplier_code=00100007&order_time=2022-01-12 HTTP/1.1" 200 412
114.95.98.1 - - [12/Jan/2022:09:41:29 +0800] "GET /xingrg/all/function/internal_message.html?_=1641951704174&CODE_STATE=getMsg HTTP/1.1" 200 27
222.70.243.96 - - [12/Jan/2022:09:41:31 +0800] "GET /xingrg/all/function/internal_message.html?_=1641951698970&CODE_STATE=getMsg HTTP/1.1" 200 27
124.79.247.218 - - [12/Jan/2022:09:41:36 +0800] "GET /xingrg/kc/mdqp/qqps_order_add.html HTTP/1.1" 200 28386
124.79.247.218 - - [12/Jan/2022:09:41:36 +0800] "GET /xingrg/dwr/interface/AjaxQqpsService.js HTTP/1.1" 200 16326
124.79.247.218 - - [12/Jan/2022:09:41:36 +0800] "GET /xingrg/dwr/interface/AjaxComOrderService.js HTTP/1.1" 200 18264
124.79.247.218 - - [12/Jan/2022:09:41:36 +0800] "GET /xingrg/dwr/engine.js HTTP/1.1" 200 43631
222.69.245.95 - - [12/Jan/2022:09:41:36 +0800] "GET /xingrg/kc/buy/cgsh_order_operate.html?command=get_materiel&rest_code=00151&code=00101008286&supplier_code=00100007&order_time=2022-01-12 HTTP/1.1" 200 408
180.175.103.30 - - [12/Jan/2022:09:41:37 +0800] "GET /xingrg/all/function/internal_message.html?_=1641951696896&CODE_STATE=getMsg HTTP/1.1" 200 27
101.85.120.86 - - [12/Jan/2022:09:41:39 +0800] "GET /xingrg/all/function/internal_message.html?_=1641951697034&CODE_STATE=getMsg HTTP/1.1" 200 27
222.69.245.95 - - [12/Jan/2022:09:41:42 +0800] "GET /xingrg/kc/buy/cgsh_order_operate.html?command=get_materiel&rest_code=00151&code=00101008356&supplier_code=00100007&order_time=2022-01-12 HTTP/1.1" 200 408
222.70.177.227 - - [12/Jan/2022:09:41:44 +0800] "GET /xingrg/all/function/internal_message.html?_=1641951701204&CODE_STATE=getMsg HTTP/1.1" 200 27
222.69.245.95 - - [12/Jan/2022:09:41:49 +0800] "GET /xingrg/kc/buy/cgsh_order_operate.html?command=get_materiel&rest_code=00151&code=00101012039&supplier_code=00100007&order_time=2022-01-12 HTTP/1.1" 200 408
120.253.135.82 - - [12/Jan/2022:09:41:52 +0800] "GET /xingrg/all/function/internal_message.html?_=1641951497078&CODE_STATE=getMsg HTTP/1.1" 200 27
222.69.245.95 - - [12/Jan/2022:09:41:57 +0800] "GET /xingrg/all/function/internal_message.html?_=1641951654380&CODE_STATE=getMsg HTTP/1.1" 200 27
124.79.247.218 - - [12/Jan/2022:09:41:57 +0800] "GET /xingrg/all/function/internal_message.html?_=1641951852604&CODE_STATE=getMsg HTTP/1.1" 200 27
124.79.247.218 - - [12/Jan/2022:09:42:01 +0800] "POST /xingrg/dwr/call/plaincall/AjaxQqpsService.saveOrder.dwr HTTP/1.1" 200 78
114.95.98.1 - - [12/Jan/2022:09:42:02 +0800] "GET /xingrg/kc/buy/cgsh_order_add.html HTTP/1.1" 200 65357
222.70.217.149 - - [12/Jan/2022:09:42:03 +0800] "GET /xingrg/all/function/internal_message.html?_=1641951716648&CODE_STATE=getMsg HTTP/1.1" 200 27
114.95.98.1 - - [12/Jan/2022:09:42:03 +0800] "POST /xingrg/kc/buy/cgsh_order_operate.html HTTP/1.1" 200 8245
114.95.98.1 - - [12/Jan/2022:09:42:04 +0800] "GET /xingrg/javascript/easyui/themes/default/validatebox.css HTTP/1.1" 404 1104
114.84.144.24 - - [12/Jan/2022:09:42:04 +0800] "GET /xingrg/all/function/internal_message.html?_=1641951537438&CODE_STATE=getMsg HTTP/1.1" 200 27
222.69.245.95 - - [12/Jan/2022:09:42:05 +0800] "GET /xingrg/kc/buy/cgsh_order_operate.html?command=get_materiel&rest_code=00151&code=00101008332&supplier_code=00100007&order_time=2022-01-12 HTTP/1.1" 200 412
120.253.135.82 - - [12/Jan/2022:09:42:06 +0800] "GET /xingrg/all/function/internal_message.html?_=1641951849572&CODE_STATE=getMsg HTTP/1.1" 302 -
114.83.219.105 - - [12/Jan/2022:09:42:06 +0800] "GET /xingrg/all/function/internal_message.html?_=1641951722636&CODE_STATE=getMsg HTTP/1.1" 200 27
114.95.98.1 - - [12/Jan/2022:09:42:06 +0800] "GET /xingrg/javascript/easyui/themes/default/tree.css HTTP/1.1" 404 1090
114.95.98.1 - - [12/Jan/2022:09:42:07 +0800] "POST /xingrg/all/common/load_tree.html?tree=supplier_tree_json&isDelete=1 HTTP/1.1" 200 61772
124.79.247.218 - - [12/Jan/2022:09:42:10 +0800] "POST /xingrg/dwr/call/plaincall/AjaxQqpsService.getMaterielByCode.dwr HTTP/1.1" 200 2665
124.79.247.218 - - [12/Jan/2022:09:42:12 +0800] "POST /xingrg/dwr/call/plaincall/AjaxQqpsService.saveMaterielItem.dwr HTTP/1.1" 200 78
222.69.245.95 - - [12/Jan/2022:09:42:26 +0800] "GET /xingrg/kc/buy/cgsh_order_operate.html?command=get_materiel&rest_code=00151&code=00101008088&supplier_code=00100007&order_time=2022-01-12 HTTP/1.1" 200 408
124.79.247.218 - - [12/Jan/2022:09:42:28 +0800] "POST /xingrg/dwr/call/plaincall/AjaxQqpsService.getMaterielByCode.dwr HTTP/1.1" 200 2664
114.95.98.1 - - [12/Jan/2022:09:42:29 +0800] "GET /xingrg/all/function/internal_message.html?_=1641951764188&CODE_STATE=getMsg HTTP/1.1" 200 27
222.70.243.96 - - [12/Jan/2022:09:42:31 +0800] "GET /xingrg/all/function/internal_message.html?_=1641951758982&CODE_STATE=getMsg HTTP/1.1" 200 27
124.79.247.218 - - [12/Jan/2022:09:42:32 +0800] "POST /xingrg/dwr/call/plaincall/AjaxQqpsService.saveMaterielItem.dwr HTTP/1.1" 200 78
222.69.245.95 - - [12/Jan/2022:09:42:33 +0800] "GET /xingrg/kc/buy/cgsh_order_operate.html?command=get_materiel&rest_code=00151&code=00101016025&supplier_code=00100007&order_time=2022-01-12 HTTP/1.1" 200 408
180.175.103.30 - - [12/Jan/2022:09:42:37 +0800] "GET /xingrg/all/function/internal_message.html?_=1641951756893&CODE_STATE=getMsg HTTP/1.1" 200 27
101.85.120.86 - - [12/Jan/2022:09:42:39 +0800] "GET /xingrg/all/function/internal_message.html?_=1641951757033&CODE_STATE=getMsg HTTP/1.1" 200 27
101.85.120.86 - - [12/Jan/2022:09:42:39 +0800] "GET /xingrg/check_reg.html?_=1641951757035 HTTP/1.1" 200 22
222.69.245.95 - - [12/Jan/2022:09:42:42 +0800] "POST /xingrg/kc/buy/cgsh_order_operate.html HTTP/1.1" 200 37
222.69.245.95 - - [12/Jan/2022:09:42:44 +0800] "POST /xingrg/kc/buy/cgsh_order_operate.html HTTP/1.1" 200 14071
222.70.177.227 - - [12/Jan/2022:09:42:44 +0800] "GET /xingrg/all/function/internal_message.html?_=1641951761209&CODE_STATE=getMsg HTTP/1.1" 200 27
222.70.177.227 - - [12/Jan/2022:09:42:45 +0800] "GET /xingrg/check_reg.html?_=1641951761212 HTTP/1.1" 200 22
222.69.245.95 - - [12/Jan/2022:09:42:50 +0800] "GET /xingrg/kc/buy/cgsh_order_operate.html?command=get_materiel&rest_code=00151&code=00101008362&supplier_code=00100007&order_time=2022-01-12 HTTP/1.1" 200 408
120.253.135.82 - - [12/Jan/2022:09:42:51 +0800] "GET /xingrg/check_reg.html?_=1641951556084 HTTP/1.1" 200 22
120.253.135.82 - - [12/Jan/2022:09:42:52 +0800] "GET /xingrg/all/function/internal_message.html?_=1641951557107&CODE_STATE=getMsg HTTP/1.1" 200 27
222.69.245.95 - - [12/Jan/2022:09:42:56 +0800] "GET /xingrg/kc/buy/cgsh_order_operate.html?command=get_materiel&rest_code=00151&code=00101008017&supplier_code=00100007&order_time=2022-01-12 HTTP/1.1" 200 416
222.69.245.95 - - [12/Jan/2022:09:42:57 +0800] "GET /xingrg/all/function/internal_message.html?_=1641951714394&CODE_STATE=getMsg HTTP/1.1" 200 27
124.79.247.218 - - [12/Jan/2022:09:42:57 +0800] "GET /xingrg/all/function/internal_message.html?_=1641951912606&CODE_STATE=getMsg HTTP/1.1" 200 27
222.70.217.149 - - [12/Jan/2022:09:43:03 +0800] "GET /xingrg/check_reg.html?_=1641951776645 HTTP/1.1" 200 22
222.70.217.149 - - [12/Jan/2022:09:43:03 +0800] "GET /xingrg/all/function/internal_message.html?_=1641951776649&CODE_STATE=getMsg HTTP/1.1" 200 27
222.69.245.95 - - [12/Jan/2022:09:43:04 +0800] "GET /xingrg/kc/buy/cgsh_order_operate.html?command=get_materiel&rest_code=00151&code=00101008137&supplier_code=00100007&order_time=2022-01-12 HTTP/1.1" 200 408
114.84.144.24 - - [12/Jan/2022:09:43:04 +0800] "GET /xingrg/all/function/internal_message.html?_=1641951597438&CODE_STATE=getMsg HTTP/1.1" 200 27
114.84.144.24 - - [12/Jan/2022:09:43:04 +0800] "GET /xingrg/check_reg.html?_=1641951597439 HTTP/1.1" 200 22
120.253.135.82 - - [12/Jan/2022:09:43:06 +0800] "GET /xingrg/all/function/internal_message.html?_=1641951909581&CODE_STATE=getMsg HTTP/1.1" 302 -
114.83.219.105 - - [12/Jan/2022:09:43:06 +0800] "GET /xingrg/all/function/internal_message.html?_=1641951782622&CODE_STATE=getMsg HTTP/1.1" 200 27
124.79.247.218 - - [12/Jan/2022:09:43:08 +0800] "POST /xingrg/dwr/call/plaincall/AjaxQqpsService.getMaterielByCode.dwr HTTP/1.1" 200 2666
222.69.245.95 - - [12/Jan/2022:09:43:10 +0800] "GET /xingrg/kc/buy/cgsh_order_operate.html?command=get_materiel&rest_code=00151&code=00101008131&supplier_code=00100007&order_time=2022-01-12 HTTP/1.1" 200 408
124.79.247.218 - - [12/Jan/2022:09:43:12 +0800] "POST /xingrg/dwr/call/plaincall/AjaxQqpsService.saveMaterielItem.dwr HTTP/1.1" 200 78
222.69.245.95 - - [12/Jan/2022:09:43:18 +0800] "GET /xingrg/kc/buy/cgsh_order_operate.html?command=get_materiel&rest_code=00151&code=00101008069&supplier_code=00100007&order_time=2022-01-12 HTTP/1.1" 200 412
124.79.247.218 - - [12/Jan/2022:09:43:21 +0800] "POST /xingrg/dwr/call/plaincall/AjaxQqpsService.getMaterielByCode.dwr HTTP/1.1" 200 2665
124.79.247.218 - - [12/Jan/2022:09:43:27 +0800] "POST /xingrg/dwr/call/plaincall/AjaxQqpsService.saveMaterielItem.dwr HTTP/1.1" 200 78
222.69.245.95 - - [12/Jan/2022:09:43:29 +0800] "POST /xingrg/kc/buy/cgsh_order_operate.html HTTP/1.1" 200 37
114.95.98.1 - - [12/Jan/2022:09:43:29 +0800] "GET /xingrg/all/function/internal_message.html?_=1641951824200&CODE_STATE=getMsg HTTP/1.1" 200 27
222.69.245.95 - - [12/Jan/2022:09:43:31 +0800] "POST /xingrg/kc/buy/cgsh_order_operate.html HTTP/1.1" 200 17067
222.70.243.96 - - [12/Jan/2022:09:43:31 +0800] "GET /xingrg/all/function/internal_message.html?_=1641951818996&CODE_STATE=getMsg HTTP/1.1" 200 27
180.175.103.30 - - [12/Jan/2022:09:43:37 +0800] "GET /xingrg/all/function/internal_message.html?_=1641951816914&CODE_STATE=getMsg HTTP/1.1" 200 27
101.85.120.86 - - [12/Jan/2022:09:43:39 +0800] "GET /xingrg/all/function/internal_message.html?_=1641951817034&CODE_STATE=getMsg HTTP/1.1" 200 27
222.69.245.95 - - [12/Jan/2022:09:43:39 +0800] "GET /xingrg/kc/buy/cgsh_order_operate.html?command=get_materiel&rest_code=00151&code=00101008033&supplier_code=00100007&order_time=2022-01-12 HTTP/1.1" 200 408
120.253.135.82 - - [12/Jan/2022:09:43:40 +0800] "GET /xingrg/check_reg.html?_=1641951943955 HTTP/1.1" 302 -
222.70.177.227 - - [12/Jan/2022:09:43:44 +0800] "GET /xingrg/all/function/internal_message.html?_=1641951821211&CODE_STATE=getMsg HTTP/1.1" 200 27
222.69.245.95 - - [12/Jan/2022:09:43:48 +0800] "GET /xingrg/kc/buy/cgsh_order_operate.html?command=get_materiel&rest_code=00151&code=00101008102&supplier_code=00100007&order_time=2022-01-12 HTTP/1.1" 200 413
120.253.135.82 - - [12/Jan/2022:09:43:52 +0800] "GET /xingrg/all/function/internal_message.html?_=1641951617120&CODE_STATE=getMsg HTTP/1.1" 200 27
124.79.247.218 - - [12/Jan/2022:09:43:55 +0800] "POST /xingrg/dwr/call/plaincall/AjaxQqpsService.getMaterielByCode.dwr HTTP/1.1" 200 2665
222.69.245.95 - - [12/Jan/2022:09:43:55 +0800] "GET /xingrg/kc/buy/cgsh_order_operate.html?command=get_materiel&rest_code=00151&code=00101008213&supplier_code=00100007&order_time=2022-01-12 HTTP/1.1" 200 412
222.69.245.95 - - [12/Jan/2022:09:43:57 +0800] "GET /xingrg/all/function/internal_message.html?_=1641951774407&CODE_STATE=getMsg HTTP/1.1" 200 27
124.79.247.218 - - [12/Jan/2022:09:43:57 +0800] "GET /xingrg/all/function/internal_message.html?_=1641951972600&CODE_STATE=getMsg HTTP/1.1" 200 27
58.37.37.89 - - [12/Jan/2022:09:43:59 +0800] "GET /favicon.ico HTTP/1.1" 404 -
124.79.247.218 - - [12/Jan/2022:09:44:00 +0800] "POST /xingrg/dwr/call/plaincall/AjaxQqpsService.saveMaterielItem.dwr HTTP/1.1" 200 79
58.37.37.89 - - [12/Jan/2022:09:44:00 +0800] "GET /favicon.ico HTTP/1.1" 404 -
222.70.217.149 - - [12/Jan/2022:09:44:03 +0800] "GET /xingrg/all/function/internal_message.html?_=1641951836645&CODE_STATE=getMsg HTTP/1.1" 200 27
114.84.144.24 - - [12/Jan/2022:09:44:04 +0800] "GET /xingrg/all/function/internal_message.html?_=1641951657438&CODE_STATE=getMsg HTTP/1.1" 200 27
222.69.245.95 - - [12/Jan/2022:09:44:06 +0800] "GET /xingrg/kc/buy/cgsh_order_operate.html?command=get_materiel&rest_code=00151&code=00101012051&supplier_code=00100007&order_time=2022-01-12 HTTP/1.1" 200 408
120.253.135.82 - - [12/Jan/2022:09:44:06 +0800] "GET /xingrg/all/function/internal_message.html?_=1641951969621&CODE_STATE=getMsg HTTP/1.1" 302 -
114.83.219.105 - - [12/Jan/2022:09:44:06 +0800] "GET /xingrg/all/function/internal_message.html?_=1641951842607&CODE_STATE=getMsg HTTP/1.1" 200 27
222.69.245.95 - - [12/Jan/2022:09:44:22 +0800] "POST /xingrg/kc/buy/cgsh_order_operate.html HTTP/1.1" 200 37
114.95.98.1 - - [12/Jan/2022:09:44:26 +0800] "GET /xingrg/kc/buy/cgsh_order_operate.html?command=get_materiel&rest_code=00102&code=00101015022&supplier_code=00100054&order_time=2022-01-12 HTTP/1.1" 200 23
116.233.79.6 - - [12/Jan/2022:09:44:30 +0800] "POST /xingrg/services/DataTransmitService HTTP/1.1" 200 524
222.70.243.96 - - [12/Jan/2022:09:44:31 +0800] "GET /xingrg/all/function/internal_message.html?_=1641951879010&CODE_STATE=getMsg HTTP/1.1" 200 27
180.175.103.30 - - [12/Jan/2022:09:44:37 +0800] "GET /xingrg/all/function/internal_message.html?_=1641951876912&CODE_STATE=getMsg HTTP/1.1" 200 27
101.85.120.86 - - [12/Jan/2022:09:44:39 +0800] "GET /xingrg/all/function/internal_message.html?_=1641951877036&CODE_STATE=getMsg HTTP/1.1" 200 27
114.95.98.1 - - [12/Jan/2022:09:44:39 +0800] "GET /xingrg/all/function/internal_message.html?_=1641951894150&CODE_STATE=getMsg HTTP/1.1" 200 27
222.70.177.227 - - [12/Jan/2022:09:44:44 +0800] "GET /xingrg/all/function/internal_message.html?_=1641951881210&CODE_STATE=getMsg HTTP/1.1" 200 27
124.79.247.218 - - [12/Jan/2022:09:44:46 +0800] "POST /xingrg/dwr/call/plaincall/AjaxQqpsService.getMaterielByCode.dwr HTTP/1.1" 200 2667
120.253.135.82 - - [12/Jan/2022:09:44:52 +0800] "GET /xingrg/all/function/internal_message.html?_=1641951677134&CODE_STATE=getMsg HTTP/1.1" 200 27
124.79.247.218 - - [12/Jan/2022:09:44:57 +0800] "GET /xingrg/check_reg.html?_=1641952032613 HTTP/1.1" 200 22
124.79.247.218 - - [12/Jan/2022:09:44:57 +0800] "GET /xingrg/all/function/internal_message.html?_=1641952032612&CODE_STATE=getMsg HTTP/1.1" 200 27
222.69.245.95 - - [12/Jan/2022:09:45:03 +0800] "POST /xingrg/kc/buy/cgsh_order_operate.html HTTP/1.1" 200 19460
222.70.217.149 - - [12/Jan/2022:09:45:03 +0800] "GET /xingrg/all/function/internal_message.html?_=1641951896642&CODE_STATE=getMsg HTTP/1.1" 200 27
124.79.247.218 - - [12/Jan/2022:09:45:04 +0800] "POST /xingrg/dwr/call/plaincall/AjaxQqpsService.saveMaterielItem.dwr HTTP/1.1" 200 79
114.84.144.24 - - [12/Jan/2022:09:45:04 +0800] "GET /xingrg/all/function/internal_message.html?_=1641951717437&CODE_STATE=getMsg HTTP/1.1" 200 27
120.253.135.82 - - [12/Jan/2022:09:45:06 +0800] "GET /xingrg/all/function/internal_message.html?_=1641952029631&CODE_STATE=getMsg HTTP/1.1" 302 -
114.83.219.105 - - [12/Jan/2022:09:45:06 +0800] "GET /xingrg/all/function/internal_message.html?_=1641951902599&CODE_STATE=getMsg HTTP/1.1" 200 27
124.79.247.218 - - [12/Jan/2022:09:45:12 +0800] "POST /xingrg/dwr/call/plaincall/AjaxQqpsService.checkOrder.dwr HTTP/1.1" 200 79
116.237.73.232 - - [12/Jan/2022:09:45:20 +0800] "POST /xingrg/services/DataTransmitService HTTP/1.1" 200 524
124.79.247.218 - - [12/Jan/2022:09:45:24 +0800] "GET /xingrg/kc/mdqp/qqps_order_info.html?code=302022011200302 HTTP/1.1" 200 26789
124.79.247.218 - - [12/Jan/2022:09:45:24 +0800] "GET /xingrg/dwr/interface/AjaxQqpsService.js HTTP/1.1" 200 16326
124.79.247.218 - - [12/Jan/2022:09:45:24 +0800] "GET /xingrg/dwr/engine.js HTTP/1.1" 200 43631
124.79.247.218 - - [12/Jan/2022:09:45:24 +0800] "GET /xingrg/dwr/interface/AjaxComOrderService.js HTTP/1.1" 200 18264
124.79.247.218 - - [12/Jan/2022:09:45:25 +0800] "POST /xingrg/dwr/call/plaincall/AjaxQqpsService.loadMaterielItems.dwr HTTP/1.1" 200 1601
222.70.243.96 - - [12/Jan/2022:09:45:31 +0800] "GET /xingrg/check_reg.html?_=1641951938619 HTTP/1.1" 200 22
222.70.243.96 - - [12/Jan/2022:09:45:31 +0800] "GET /xingrg/all/function/internal_message.html?_=1641951939071&CODE_STATE=getMsg HTTP/1.1" 200 27
180.175.103.30 - - [12/Jan/2022:09:45:37 +0800] "GET /xingrg/all/function/internal_message.html?_=1641951936921&CODE_STATE=getMsg HTTP/1.1" 200 27
180.175.103.30 - - [12/Jan/2022:09:45:37 +0800] "GET /xingrg/check_reg.html?_=1641951936925 HTTP/1.1" 200 22
222.69.245.95 - - [12/Jan/2022:09:45:38 +0800] "GET /xingrg/all/function/internal_message.html?_=1641951875667&CODE_STATE=getMsg HTTP/1.1" 200 27
101.85.120.86 - - [12/Jan/2022:09:45:39 +0800] "GET /xingrg/all/function/internal_message.html?_=1641951937035&CODE_STATE=getMsg HTTP/1.1" 200 27
222.70.177.227 - - [12/Jan/2022:09:45:44 +0800] "GET /xingrg/all/function/internal_message.html?_=1641951941208&CODE_STATE=getMsg HTTP/1.1" 200 27
120.253.135.82 - - [12/Jan/2022:09:45:52 +0800] "GET /xingrg/all/function/internal_message.html?_=1641951737413&CODE_STATE=getMsg HTTP/1.1" 200 27
222.69.245.95 - - [12/Jan/2022:09:45:56 +0800] "GET /xingrg/check_reg.html?_=1641951894047 HTTP/1.1" 200 22
124.79.247.218 - - [12/Jan/2022:09:45:57 +0800] "GET /xingrg/all/function/internal_message.html?_=1641952092608&CODE_STATE=getMsg HTTP/1.1" 200 27
222.70.217.149 - - [12/Jan/2022:09:46:03 +0800] "GET /xingrg/all/function/internal_message.html?_=1641951956639&CODE_STATE=getMsg HTTP/1.1" 200 27
114.83.219.105 - - [12/Jan/2022:09:46:04 +0800] "GET /xingrg/check_reg.html?_=1641951960059 HTTP/1.1" 200 22
222.69.245.95 - - [12/Jan/2022:09:46:04 +0800] "POST /xingrg/all/user/operate.html HTTP/1.1" 200 36
114.84.144.24 - - [12/Jan/2022:09:46:04 +0800] "GET /xingrg/all/function/internal_message.html?_=1641951777435&CODE_STATE=getMsg HTTP/1.1" 200 27
222.69.245.95 - - [12/Jan/2022:09:46:05 +0800] "GET /xingrg/index.html?sysBaseUrl=http%3A%2F%2F180.169.147.146%3A18081%2Fxingrg%2F&costTime=1126×tamp=1641950201922 HTTP/1.1" 200 17179
222.69.245.95 - - [12/Jan/2022:09:46:05 +0800] "GET /xingrg/javascript/jquery_easy_ui/themes/default/easyui.css HTTP/1.1" 304 -
222.69.245.95 - - [12/Jan/2022:09:46:05 +0800] "GET /xingrg/javascript/jquery_easy_ui/themes/icon.css HTTP/1.1" 304 -
222.69.245.95 - - [12/Jan/2022:09:46:05 +0800] "GET /xingrg/css/form.css HTTP/1.1" 304 -
222.69.245.95 - - [12/Jan/2022:09:46:05 +0800] "GET /xingrg/javascript/jquery-1.4.2.min.js HTTP/1.1" 304 -
222.69.245.95 - - [12/Jan/2022:09:46:05 +0800] "GET /xingrg/javascript/jquery_easy_ui/jquery.easyui.min.js HTTP/1.1" 304 -
222.69.245.95 - - [12/Jan/2022:09:46:05 +0800] "GET /xingrg/javascript/jquery_easy_ui/easyui-lang-zh_CN.js HTTP/1.1" 304 -
222.69.245.95 - - [12/Jan/2022:09:46:05 +0800] "GET /xingrg/javascript/jquery.form.js HTTP/1.1" 304 -
222.69.245.95 - - [12/Jan/2022:09:46:05 +0800] "GET /xingrg/javascript/jquery.utils.js HTTP/1.1" 304 -
222.69.245.95 - - [12/Jan/2022:09:46:05 +0800] "GET /xingrg/javascript/jquery.timers.js HTTP/1.1" 304 -
222.69.245.95 - - [12/Jan/2022:09:46:05 +0800] "GET /xingrg/images/blue/jxLogo.png HTTP/1.1" 304 -
222.69.245.95 - - [12/Jan/2022:09:46:05 +0800] "GET /xingrg/images/blue/navBackgound.jpg HTTP/1.1" 304 -
222.69.245.95 - - [12/Jan/2022:09:46:05 +0800] "GET /xingrg/javascript/jquery_easy_ui/themes/icons/settle_new.png HTTP/1.1" 304 -
222.69.245.95 - - [12/Jan/2022:09:46:06 +0800] "GET /xingrg/images/blue/pingpu.png HTTP/1.1" 304 -
222.69.245.95 - - [12/Jan/2022:09:46:06 +0800] "GET /xingrg/javascript/jquery_easy_ui/themes/default/images/tabs_leftarrow.png HTTP/1.1" 304 -
222.69.245.95 - - [12/Jan/2022:09:46:06 +0800] "GET /xingrg/javascript/jquery_easy_ui/themes/default/images/tabs_rightarrow.png HTTP/1.1" 304 -
222.69.245.95 - - [12/Jan/2022:09:46:06 +0800] "GET /xingrg/javascript/jquery_easy_ui/themes/default/images/panel_tool_collapse.gif HTTP/1.1" 304 -
222.69.245.95 - - [12/Jan/2022:09:46:06 +0800] "GET /xingrg/all/function/internal_message.html?_=1641951903292&CODE_STATE=count HTTP/1.1" 200 11
222.69.245.95 - - [12/Jan/2022:09:46:06 +0800] "GET /xingrg/check_reg.html?_=1641951903293 HTTP/1.1" 200 22
222.69.245.95 - - [12/Jan/2022:09:46:06 +0800] "POST /xingrg/all/common/load_tree.html?tree=area_rest_tree_json&manage=1 HTTP/1.1" 200 476
222.69.245.95 - - [12/Jan/2022:09:46:06 +0800] "POST /xingrg/load_menu.html HTTP/1.1" 200 5138
120.253.135.82 - - [12/Jan/2022:09:46:06 +0800] "GET /xingrg/all/function/internal_message.html?_=1641952089678&CODE_STATE=getMsg HTTP/1.1" 302 -
114.83.219.105 - - [12/Jan/2022:09:46:06 +0800] "GET /xingrg/all/function/internal_message.html?_=1641951962587&CODE_STATE=getMsg HTTP/1.1" 200 27
124.79.247.218 - - [12/Jan/2022:09:46:14 +0800] "GET /xingrg/kc/mdqp/qqps_order_add.html HTTP/1.1" 200 28386
124.79.247.218 - - [12/Jan/2022:09:46:14 +0800] "GET /xingrg/dwr/interface/AjaxComOrderService.js HTTP/1.1" 200 18264
124.79.247.218 - - [12/Jan/2022:09:46:14 +0800] "GET /xingrg/dwr/interface/AjaxQqpsService.js HTTP/1.1" 200 16326
124.79.247.218 - - [12/Jan/2022:09:46:14 +0800] "GET /xingrg/dwr/engine.js HTTP/1.1" 200 43631
222.69.245.95 - - [12/Jan/2022:09:46:16 +0800] "GET /xingrg/kc/buy/cgsh_order_list.html HTTP/1.1" 200 49594
222.69.245.95 - - [12/Jan/2022:09:46:19 +0800] "POST /xingrg/kc/buy/cgsh_list_operate.html HTTP/1.1" 200 2088
124.79.247.218 - - [12/Jan/2022:09:46:28 +0800] "POST /xingrg/dwr/call/plaincall/AjaxQqpsService.saveOrder.dwr HTTP/1.1" 200 78
124.79.247.218 - - [12/Jan/2022:09:46:30 +0800] "GET /xingrg/javascript/auto/indicator.gif HTTP/1.1" 404 1066
222.70.243.96 - - [12/Jan/2022:09:46:31 +0800] "GET /xingrg/all/function/internal_message.html?_=1641951999100&CODE_STATE=getMsg HTTP/1.1" 200 27
124.79.247.218 - - [12/Jan/2022:09:46:34 +0800] "POST /xingrg/dwr/call/plaincall/AjaxQqpsService.getMaterielByCode.dwr HTTP/1.1" 200 2672
180.175.103.30 - - [12/Jan/2022:09:46:37 +0800] "GET /xingrg/all/function/internal_message.html?_=1641951996916&CODE_STATE=getMsg HTTP/1.1" 200 27
124.79.247.218 - - [12/Jan/2022:09:46:37 +0800] "POST /xingrg/dwr/call/plaincall/AjaxQqpsService.saveMaterielItem.dwr HTTP/1.1" 200 78
222.69.245.95 - - [12/Jan/2022:09:46:37 +0800] "POST /xingrg/kc/buy/cgsh_list_operate.html HTTP/1.1" 200 568
101.85.120.86 - - [12/Jan/2022:09:46:39 +0800] "GET /xingrg/all/function/internal_message.html?_=1641951997037&CODE_STATE=getMsg HTTP/1.1" 200 27
222.69.245.95 - - [12/Jan/2022:09:46:39 +0800] "GET /xingrg/kc/buy/cgsh_order_info.html?code=212022011205415 HTTP/1.1" 200 65302
222.69.245.95 - - [12/Jan/2022:09:46:39 +0800] "GET /xingrg/javascript/easyui/themes/default/validatebox.css HTTP/1.1" 404 1104
222.69.245.95 - - [12/Jan/2022:09:46:40 +0800] "POST /xingrg/kc/buy/cgsh_order_operate.html HTTP/1.1" 200 41118
222.70.177.227 - - [12/Jan/2022:09:46:44 +0800] "GET /xingrg/all/function/internal_message.html?_=1641952001208&CODE_STATE=getMsg HTTP/1.1" 200 27
124.79.247.218 - - [12/Jan/2022:09:46:45 +0800] "POST /xingrg/dwr/call/plaincall/AjaxQqpsService.getMaterielByCode.dwr HTTP/1.1" 200 2742
124.79.247.218 - - [12/Jan/2022:09:46:50 +0800] "POST /xingrg/dwr/call/plaincall/AjaxQqpsService.saveMaterielItem.dwr HTTP/1.1" 200 78
114.84.144.24 - - [12/Jan/2022:09:46:52 +0800] "GET /xingrg/kc/buy/buy_main.html HTTP/1.1" 200 12412
114.84.144.24 - - [12/Jan/2022:09:46:52 +0800] "GET /xingrg/css/new_ie.css HTTP/1.1" 404 1036
120.253.135.82 - - [12/Jan/2022:09:46:52 +0800] "GET /xingrg/all/function/internal_message.html?_=1641951797425&CODE_STATE=getMsg HTTP/1.1" 200 27
114.84.144.24 - - [12/Jan/2022:09:46:54 +0800] "GET /xingrg/kc/buy/cgsh_order_list.html HTTP/1.1" 200 49594
114.84.144.24 - - [12/Jan/2022:09:46:56 +0800] "POST /xingrg/kc/buy/cgsh_list_operate.html HTTP/1.1" 200 876
124.79.247.218 - - [12/Jan/2022:09:46:57 +0800] "POST /xingrg/dwr/call/plaincall/AjaxQqpsService.getMaterielByCode.dwr HTTP/1.1" 200 2666
124.79.247.218 - - [12/Jan/2022:09:46:57 +0800] "GET /xingrg/all/function/internal_message.html?_=1641952152606&CODE_STATE=getMsg HTTP/1.1" 200 27
124.79.247.218 - - [12/Jan/2022:09:47:01 +0800] "POST /xingrg/dwr/call/plaincall/AjaxQqpsService.saveMaterielItem.dwr HTTP/1.1" 200 78
222.70.217.149 - - [12/Jan/2022:09:47:03 +0800] "GET /xingrg/all/function/internal_message.html?_=1641952016638&CODE_STATE=getMsg HTTP/1.1" 200 27
114.84.144.24 - - [12/Jan/2022:09:47:04 +0800] "GET /xingrg/all/function/internal_message.html?_=1641951837458&CODE_STATE=getMsg HTTP/1.1" 200 27
222.69.245.95 - - [12/Jan/2022:09:47:06 +0800] "GET /xingrg/all/function/internal_message.html?_=1641951963430&CODE_STATE=getMsg HTTP/1.1" 200 27
120.253.135.82 - - [12/Jan/2022:09:47:06 +0800] "GET /xingrg/all/function/internal_message.html?_=1641952149698&CODE_STATE=getMsg HTTP/1.1" 302 -
114.83.219.105 - - [12/Jan/2022:09:47:06 +0800] "GET /xingrg/all/function/internal_message.html?_=1641952022574&CODE_STATE=getMsg HTTP/1.1" 200 27
124.79.247.218 - - [12/Jan/2022:09:47:06 +0800] "POST /xingrg/dwr/call/plaincall/AjaxQqpsService.getMaterielByCode.dwr HTTP/1.1" 200 2700
124.79.247.218 - - [12/Jan/2022:09:47:09 +0800] "POST /xingrg/dwr/call/plaincall/AjaxQqpsService.saveMaterielItem.dwr HTTP/1.1" 200 78
124.79.247.218 - - [12/Jan/2022:09:47:19 +0800] "POST /xingrg/dwr/call/plaincall/AjaxQqpsService.getMaterielByCode.dwr HTTP/1.1" 200 2734
114.84.144.24 - - [12/Jan/2022:09:47:20 +0800] "GET /xingrg/kc/buy/buy_main.html HTTP/1.1" 200 12412
114.84.144.24 - - [12/Jan/2022:09:47:20 +0800] "GET /xingrg/css/new_ie.css HTTP/1.1" 404 1036
114.84.144.24 - - [12/Jan/2022:09:47:21 +0800] "GET /xingrg/images/yd/bt.gif HTTP/1.1" 404 1040
114.84.144.24 - - [12/Jan/2022:09:47:22 +0800] "GET /xingrg/kc/buy/cgsh_order_list.html HTTP/1.1" 200 49594
114.84.144.24 - - [12/Jan/2022:09:47:23 +0800] "POST /xingrg/kc/buy/cgsh_list_operate.html HTTP/1.1" 200 876
124.79.247.218 - - [12/Jan/2022:09:47:25 +0800] "POST /xingrg/dwr/call/plaincall/AjaxQqpsService.saveMaterielItem.dwr HTTP/1.1" 200 79
114.84.144.24 - - [12/Jan/2022:09:47:25 +0800] "GET /xingrg/kc/buy/cgsh_order_add.html HTTP/1.1" 200 65404
114.84.144.24 - - [12/Jan/2022:09:47:25 +0800] "GET /xingrg/words/20220110131915_words.js HTTP/1.1" 304 -
114.84.144.24 - - [12/Jan/2022:09:47:25 +0800] "GET /xingrg/javascript/easyui/themes/default/validatebox.css HTTP/1.1" 404 1104
114.84.144.24 - - [12/Jan/2022:09:47:25 +0800] "POST /xingrg/kc/buy/cgsh_order_operate.html HTTP/1.1" 200 8245
114.84.144.24 - - [12/Jan/2022:09:47:25 +0800] "GET /xingrg/all/common/auto_word.html?type=employee&rest_code=00141 HTTP/1.1" 200 201
114.84.144.24 - - [12/Jan/2022:09:47:25 +0800] "GET /xingrg/all/common/auto_word.html?type=employee&rest_code=00141 HTTP/1.1" 200 201
124.79.247.218 - - [12/Jan/2022:09:47:29 +0800] "POST /xingrg/dwr/call/plaincall/AjaxQqpsService.removeMaterielItem.dwr HTTP/1.1" 200 79
222.70.243.96 - - [12/Jan/2022:09:47:31 +0800] "GET /xingrg/all/function/internal_message.html?_=1641952059113&CODE_STATE=getMsg HTTP/1.1" 200 27
114.84.144.24 - - [12/Jan/2022:09:47:33 +0800] "GET /xingrg/javascript/auto/indicator.gif HTTP/1.1" 404 1066
114.84.144.24 - - [12/Jan/2022:09:47:35 +0800] "GET /xingrg/javascript/jquery_tools/images/prev.gif HTTP/1.1" 404 1086
114.84.144.24 - - [12/Jan/2022:09:47:35 +0800] "GET /xingrg/javascript/jquery_tools/images/next.gif HTTP/1.1" 404 1086
180.175.103.30 - - [12/Jan/2022:09:47:37 +0800] "GET /xingrg/all/function/internal_message.html?_=1641952056916&CODE_STATE=getMsg HTTP/1.1" 200 27
124.79.247.218 - - [12/Jan/2022:09:47:37 +0800] "POST /xingrg/dwr/call/plaincall/AjaxQqpsService.saveMaterielItem.dwr HTTP/1.1" 200 79
101.85.120.86 - - [12/Jan/2022:09:47:39 +0800] "GET /xingrg/check_reg.html?_=1641952057037 HTTP/1.1" 200 22
101.85.120.86 - - [12/Jan/2022:09:47:39 +0800] "GET /xingrg/all/function/internal_message.html?_=1641952057040&CODE_STATE=getMsg HTTP/1.1" 200 27
114.84.144.24 - - [12/Jan/2022:09:47:40 +0800] "GET /xingrg/kc/buy/cgsh_order_operate.html?command=get_materiel&rest_code=00141&code=00101005037&supplier_code=00100040&order_time=2022-01-12 HTTP/1.1" 200 409
222.70.177.227 - - [12/Jan/2022:09:47:44 +0800] "GET /xingrg/all/function/internal_message.html?_=1641952061212&CODE_STATE=getMsg HTTP/1.1" 200 27
222.70.177.227 - - [12/Jan/2022:09:47:44 +0800] "GET /xingrg/check_reg.html?_=1641952061215 HTTP/1.1" 200 22
114.84.144.24 - - [12/Jan/2022:09:47:49 +0800] "GET /xingrg/kc/buy/cgsh_order_operate.html?command=get_materiel&rest_code=00141&code=00101001010&supplier_code=00100040&order_time=2022-01-12 HTTP/1.1" 200 409
120.253.135.82 - - [12/Jan/2022:09:47:51 +0800] "GET /xingrg/check_reg.html?_=1641951856089 HTTP/1.1" 200 22
120.253.135.82 - - [12/Jan/2022:09:47:53 +0800] "GET /xingrg/all/function/internal_message.html?_=1641951857705&CODE_STATE=getMsg HTTP/1.1" 200 27
124.79.247.218 - - [12/Jan/2022:09:47:57 +0800] "GET /xingrg/all/function/internal_message.html?_=1641952212617&CODE_STATE=getMsg HTTP/1.1" 200 27
124.79.247.218 - - [12/Jan/2022:09:48:00 +0800] "POST /xingrg/dwr/call/plaincall/AjaxQqpsService.getMaterielByCode.dwr HTTP/1.1" 200 2745
114.84.144.24 - - [12/Jan/2022:09:48:01 +0800] "POST /xingrg/kc/buy/cgsh_order_operate.html HTTP/1.1" 200 37
222.70.217.149 - - [12/Jan/2022:09:48:03 +0800] "GET /xingrg/all/function/internal_message.html?_=1641952076641&CODE_STATE=getMsg HTTP/1.1" 200 27
222.70.217.149 - - [12/Jan/2022:09:48:03 +0800] "GET /xingrg/check_reg.html?_=1641952076643 HTTP/1.1" 200 22
124.79.247.218 - - [12/Jan/2022:09:48:04 +0800] "POST /xingrg/dwr/call/plaincall/AjaxQqpsService.saveMaterielItem.dwr HTTP/1.1" 200 79
114.84.144.24 - - [12/Jan/2022:09:48:04 +0800] "GET /xingrg/all/function/internal_message.html?_=1641951897462&CODE_STATE=getMsg HTTP/1.1" 200 27
114.84.144.24 - - [12/Jan/2022:09:48:05 +0800] "GET /xingrg/check_reg.html?_=1641951897464 HTTP/1.1" 200 22
222.69.245.95 - - [12/Jan/2022:09:48:06 +0800] "GET /xingrg/all/function/internal_message.html?_=1641952023432&CODE_STATE=getMsg HTTP/1.1" 200 27
114.83.219.105 - - [12/Jan/2022:09:48:06 +0800] "GET /xingrg/all/function/internal_message.html?_=1641952082559&CODE_STATE=getMsg HTTP/1.1" 200 27
120.253.135.82 - - [12/Jan/2022:09:48:06 +0800] "GET /xingrg/all/function/internal_message.html?_=1641952209752&CODE_STATE=getMsg HTTP/1.1" 302 -
114.84.144.24 - - [12/Jan/2022:09:48:08 +0800] "POST /xingrg/kc/buy/cgsh_order_operate.html HTTP/1.1" 200 12
114.84.144.24 - - [12/Jan/2022:09:48:09 +0800] "GET /xingrg/kc/buy/cgsh_order_info.html?code=212022011205428 HTTP/1.1" 200 60313
114.84.144.24 - - [12/Jan/2022:09:48:10 +0800] "GET /xingrg/javascript/easyui/themes/default/validatebox.css HTTP/1.1" 404 1104
114.84.144.24 - - [12/Jan/2022:09:48:10 +0800] "POST /xingrg/kc/buy/cgsh_order_operate.html HTTP/1.1" 200 1192
124.79.247.218 - - [12/Jan/2022:09:48:12 +0800] "POST /xingrg/dwr/call/plaincall/AjaxQqpsService.getMaterielByCode.dwr HTTP/1.1" 200 2659
124.79.247.218 - - [12/Jan/2022:09:48:16 +0800] "POST /xingrg/dwr/call/plaincall/AjaxQqpsService.saveMaterielItem.dwr HTTP/1.1" 200 79
222.70.217.149 - - [12/Jan/2022:09:48:20 +0800] "POST /xingrg/services/DataTransmitService HTTP/1.1" 200 524
124.79.247.218 - - [12/Jan/2022:09:48:22 +0800] "POST /xingrg/dwr/call/plaincall/AjaxQqpsService.getMaterielByCode.dwr HTTP/1.1" 200 2666
222.69.245.95 - - [12/Jan/2022:09:48:26 +0800] "POST /xingrg/kc/buy/cgsh_order_operate.html HTTP/1.1" 200 37
124.79.247.218 - - [12/Jan/2022:09:48:27 +0800] "POST /xingrg/dwr/call/plaincall/AjaxQqpsService.saveMaterielItem.dwr HTTP/1.1" 200 79
222.70.243.96 - - [12/Jan/2022:09:48:31 +0800] "GET /xingrg/all/function/internal_message.html?_=1641952119176&CODE_STATE=getMsg HTTP/1.1" 200 27
124.79.247.218 - - [12/Jan/2022:09:48:32 +0800] "POST /xingrg/dwr/call/plaincall/AjaxQqpsService.checkOrder.dwr HTTP/1.1" 200 79
124.79.247.218 - - [12/Jan/2022:09:48:35 +0800] "GET /xingrg/kc/mdqp/qqps_order_info.html?code=302022011200303 HTTP/1.1" 200 26789
124.79.247.218 - - [12/Jan/2022:09:48:35 +0800] "GET /xingrg/dwr/interface/AjaxQqpsService.js HTTP/1.1" 200 16326
124.79.247.218 - - [12/Jan/2022:09:48:35 +0800] "GET /xingrg/dwr/interface/AjaxComOrderService.js HTTP/1.1" 200 18264
124.79.247.218 - - [12/Jan/2022:09:48:35 +0800] "GET /xingrg/dwr/engine.js HTTP/1.1" 200 43631
124.79.247.218 - - [12/Jan/2022:09:48:36 +0800] "POST /xingrg/dwr/call/plaincall/AjaxQqpsService.loadMaterielItems.dwr HTTP/1.1" 200 2299
180.175.103.30 - - [12/Jan/2022:09:48:37 +0800] "GET /xingrg/all/function/internal_message.html?_=1641952116924&CODE_STATE=getMsg HTTP/1.1" 200 27
222.70.217.149 - - [12/Jan/2022:09:48:38 +0800] "POST /xingrg/kc/buy/cgsh_order_operate.html HTTP/1.1" 200 37
101.85.120.86 - - [12/Jan/2022:09:48:39 +0800] "GET /xingrg/all/function/internal_message.html?_=1641952117040&CODE_STATE=getMsg HTTP/1.1" 200 27
120.253.135.82 - - [12/Jan/2022:09:48:40 +0800] "GET /xingrg/check_reg.html?_=1641952243959 HTTP/1.1" 302 -
222.70.217.149 - - [12/Jan/2022:09:48:40 +0800] "POST /xingrg/kc/buy/cgsh_order_operate.html HTTP/1.1" 200 29886
222.69.245.95 - - [12/Jan/2022:09:48:41 +0800] "POST /xingrg/kc/buy/cgsh_order_operate.html HTTP/1.1" 200 12
222.70.217.149 - - [12/Jan/2022:09:48:42 +0800] "GET /xingrg/kc/print/load_config.html?kc_code=cgsh HTTP/1.1" 200 1943
222.70.217.149 - - [12/Jan/2022:09:48:42 +0800] "GET /xingrg/kc/print/load_data.html?order_code=212022011205421&kc_code=cgsh&condition= HTTP/1.1" 200 11038
222.69.245.95 - - [12/Jan/2022:09:48:44 +0800] "GET /xingrg/kc/buy/cgsh_order_info.html?code=212022011205415 HTTP/1.1" 200 60206
222.70.177.227 - - [12/Jan/2022:09:48:44 +0800] "GET /xingrg/all/function/internal_message.html?_=1641952121215&CODE_STATE=getMsg HTTP/1.1" 200 27
222.69.245.95 - - [12/Jan/2022:09:48:44 +0800] "GET /xingrg/javascript/easyui/themes/default/validatebox.css HTTP/1.1" 404 1104
222.69.245.95 - - [12/Jan/2022:09:48:45 +0800] "POST /xingrg/kc/buy/cgsh_order_operate.html HTTP/1.1" 200 39057
222.69.245.95 - - [12/Jan/2022:09:48:51 +0800] "GET /xingrg/kc/print/load_data.html?order_code=212022011205415&kc_code=cgsh&condition= HTTP/1.1" 200 15319
120.253.135.82 - - [12/Jan/2022:09:48:53 +0800] "GET /xingrg/all/function/internal_message.html?_=1641951917967&CODE_STATE=getMsg HTTP/1.1" 200 27
124.79.247.218 - - [12/Jan/2022:09:48:57 +0800] "GET /xingrg/all/function/internal_message.html?_=1641952272614&CODE_STATE=getMsg HTTP/1.1" 200 27
222.70.217.149 - - [12/Jan/2022:09:49:03 +0800] "GET /xingrg/all/function/internal_message.html?_=1641952136639&CODE_STATE=getMsg HTTP/1.1" 200 27
222.69.245.95 - - [12/Jan/2022:09:49:04 +0800] "POST /xingrg/kc/buy/cgsh_list_operate.html HTTP/1.1" 200 578
114.84.144.24 - - [12/Jan/2022:09:49:04 +0800] "GET /xingrg/all/function/internal_message.html?_=1641951957469&CODE_STATE=getMsg HTTP/1.1" 200 27
222.69.245.95 - - [12/Jan/2022:09:49:05 +0800] "GET /xingrg/kc/buy/cgsh_order_info.html?code=212022011205407 HTTP/1.1" 200 65302
222.69.245.95 - - [12/Jan/2022:09:49:05 +0800] "GET /xingrg/javascript/easyui/themes/default/validatebox.css HTTP/1.1" 404 1104
