172.20.0.100 - - [04/Jan/2022:11:10:15 +0800] "GET /xingrg/javascript/jquery-1.4.2.min.js HTTP/1.1" 304 -
172.20.0.100 - - [04/Jan/2022:11:10:15 +0800] "GET /xingrg/javascript/jquery_easy_ui/jquery.easyui.min.js HTTP/1.1" 304 -
172.20.0.100 - - [04/Jan/2022:11:10:15 +0800] "GET /xingrg/javascript/jquery_easy_ui/easyui-lang-zh_CN.js HTTP/1.1" 304 -
172.20.0.100 - - [04/Jan/2022:11:10:15 +0800] "GET /xingrg/javascript/jquery.utils.js HTTP/1.1" 304 -
172.20.0.100 - - [04/Jan/2022:11:10:15 +0800] "GET /xingrg/images/control/ajaxLoader.gif HTTP/1.1" 304 -
124.77.245.186 - - [04/Jan/2022:11:10:17 +0800] "GET /xingrg/all/function/internal_message.html?_=1641265816044&CODE_STATE=getMsg HTTP/1.1" 200 27
180.175.103.30 - - [04/Jan/2022:11:10:20 +0800] "GET /xingrg/all/function/internal_message.html?_=1641265820191&CODE_STATE=getMsg HTTP/1.1" 200 27
114.95.98.1 - - [04/Jan/2022:11:10:24 +0800] "GET /xingrg/kc/base/wldb_order_operate.html?command=get_materiel&rest_code=00102&base_code=0010476&code=00101013182 HTTP/1.1" 200 429
114.85.125.222 - - [04/Jan/2022:11:10:24 +0800] "GET /xingrg/all/function/internal_message.html?_=1641265762123&CODE_STATE=getMsg HTTP/1.1" 200 27
180.169.147.146 - - [04/Jan/2022:11:10:32 +0800] "GET /xingrg/all/function/internal_message.html?_=1641265831961&CODE_STATE=getMsg HTTP/1.1" 200 27
116.228.172.94 - - [04/Jan/2022:11:10:34 +0800] "GET /xingrg/kc/buy/cgsh_order_operate.html?command=get_materiel&rest_code=00153&code=00101008087&supplier_code=00100006&order_time=2022-01-02 HTTP/1.1" 200 414
222.70.179.159 - - [04/Jan/2022:11:10:37 +0800] "GET /xingrg/all/function/internal_message.html?_=1641265835107&CODE_STATE=getMsg HTTP/1.1" 200 27
114.88.155.71 - - [04/Jan/2022:11:10:38 +0800] "GET /xingrg/check_reg.html?_=1641265643026 HTTP/1.1" 200 22
114.88.155.71 - - [04/Jan/2022:11:10:38 +0800] "GET /xingrg/all/function/internal_message.html?_=1641265643024&CODE_STATE=getMsg HTTP/1.1" 200 27
114.95.98.1 - - [04/Jan/2022:11:10:38 +0800] "GET /xingrg/kc/base/wldb_order_operate.html?command=get_materiel&rest_code=00102&base_code=0010476&code=00101013081 HTTP/1.1" 200 430
114.95.98.1 - - [04/Jan/2022:11:10:43 +0800] "GET /xingrg/kc/base/wldb_order_operate.html?command=get_materiel&rest_code=00102&base_code=0010476&code=00101013003 HTTP/1.1" 200 430
172.20.0.100 - - [04/Jan/2022:11:10:44 +0800] "GET /xingrg/all/function/internal_message.html?_=1641265842835&CODE_STATE=getMsg HTTP/1.1" 200 27
116.228.172.94 - - [04/Jan/2022:11:10:44 +0800] "GET /xingrg/all/function/internal_message.html?_=1641265812848&CODE_STATE=getMsg HTTP/1.1" 200 27
180.175.103.30 - - [04/Jan/2022:11:10:45 +0800] "GET /xingrg/check_reg.html?_=1641265782486 HTTP/1.1" 302 -
180.175.103.30 - - [04/Jan/2022:11:10:45 +0800] "GET /xingrg/all/function/internal_message.html?_=1641265782488&CODE_STATE=getMsg HTTP/1.1" 302 -
58.221.95.50 - - [04/Jan/2022:11:10:47 +0800] "GET /xingrg/all/function/internal_message.html?_=1641265846584&CODE_STATE=getMsg HTTP/1.1" 200 27
180.169.147.146 - - [04/Jan/2022:11:10:49 +0800] "GET /xingrg/all/function/internal_message.html?_=1641265847724&CODE_STATE=getMsg HTTP/1.1" 200 27
114.95.98.1 - - [04/Jan/2022:11:10:51 +0800] "GET /xingrg/all/function/internal_message.html?_=1641265866290&CODE_STATE=getMsg HTTP/1.1" 200 27
114.95.98.1 - - [04/Jan/2022:11:10:51 +0800] "GET /xingrg/kc/base/wldb_order_operate.html?command=get_materiel&rest_code=00102&base_code=0010476&code=00101016019 HTTP/1.1" 200 448
116.228.172.94 - - [04/Jan/2022:11:10:53 +0800] "GET /xingrg/kc/buy/cgsh_order_operate.html?command=get_materiel&rest_code=00153&code=00101008300&supplier_code=00100006&order_time=2022-01-02 HTTP/1.1" 200 432
61.151.178.165 - - [04/Jan/2022:11:10:53 +0800] "GET /xingrg/all/function/internal_message.html?_=1641262722010&CODE_STATE=getMsg HTTP/1.1" 302 -
61.151.178.165 - - [04/Jan/2022:11:10:53 +0800] "GET /xingrg/login.html HTTP/1.1" 200 7641
61.165.255.114 - - [04/Jan/2022:11:10:54 +0800] "GET /xingrg/all/function/internal_message.html?_=1641265853577&CODE_STATE=getMsg HTTP/1.1" 200 27
172.20.0.100 - - [04/Jan/2022:11:10:55 +0800] "POST /xingrg/all/user/operate.html HTTP/1.1" 200 36
172.20.0.100 - - [04/Jan/2022:11:10:55 +0800] "GET /xingrg/index.html?sysBaseUrl=http%3A%2F%2F172.20.0.8%3A18081%2Fxingrg%2F&costTime=64×tamp=1641265239839 HTTP/1.1" 200 17454
172.20.0.100 - - [04/Jan/2022:11:10:55 +0800] "GET /xingrg/javascript/jquery_easy_ui/themes/default/easyui.css HTTP/1.1" 304 -
172.20.0.100 - - [04/Jan/2022:11:10:55 +0800] "GET /xingrg/javascript/jquery_easy_ui/themes/icon.css HTTP/1.1" 304 -
172.20.0.100 - - [04/Jan/2022:11:10:55 +0800] "GET /xingrg/css/form.css HTTP/1.1" 304 -
172.20.0.100 - - [04/Jan/2022:11:10:55 +0800] "GET /xingrg/javascript/jquery-1.4.2.min.js HTTP/1.1" 304 -
172.20.0.100 - - [04/Jan/2022:11:10:55 +0800] "GET /xingrg/javascript/jquery_easy_ui/jquery.easyui.min.js HTTP/1.1" 304 -
172.20.0.100 - - [04/Jan/2022:11:10:55 +0800] "GET /xingrg/javascript/jquery_easy_ui/easyui-lang-zh_CN.js HTTP/1.1" 304 -
172.20.0.100 - - [04/Jan/2022:11:10:55 +0800] "GET /xingrg/javascript/jquery.form.js HTTP/1.1" 304 -
172.20.0.100 - - [04/Jan/2022:11:10:55 +0800] "GET /xingrg/javascript/jquery.utils.js HTTP/1.1" 304 -
172.20.0.100 - - [04/Jan/2022:11:10:55 +0800] "GET /xingrg/javascript/jquery.timers.js HTTP/1.1" 304 -
172.20.0.100 - - [04/Jan/2022:11:10:55 +0800] "GET /xingrg/images/blue/jxLogo.png HTTP/1.1" 304 -
172.20.0.100 - - [04/Jan/2022:11:10:55 +0800] "GET /xingrg/javascript/jquery_easy_ui/themes/icons/settle_new.png HTTP/1.1" 304 -
172.20.0.100 - - [04/Jan/2022:11:10:55 +0800] "GET /xingrg/images/blue/navBackgound.jpg HTTP/1.1" 304 -
172.20.0.100 - - [04/Jan/2022:11:10:55 +0800] "POST /xingrg/all/common/load_tree.html?tree=area_rest_tree_json&manage=1 HTTP/1.1" 200 3472
172.20.0.100 - - [04/Jan/2022:11:10:55 +0800] "GET /xingrg/all/function/internal_message.html?_=1641265855194&CODE_STATE=count HTTP/1.1" 200 11
172.20.0.100 - - [04/Jan/2022:11:10:55 +0800] "GET /xingrg/check_reg.html?_=1641265855195 HTTP/1.1" 200 22
172.20.0.100 - - [04/Jan/2022:11:10:55 +0800] "GET /xingrg/javascript/jquery_easy_ui/themes/default/images/panel_tool_expand.gif HTTP/1.1" 304 -
172.20.0.100 - - [04/Jan/2022:11:10:55 +0800] "GET /xingrg/javascript/jquery_easy_ui/themes/default/images/panel_tool_collapse.gif HTTP/1.1" 304 -
172.20.0.100 - - [04/Jan/2022:11:10:55 +0800] "GET /xingrg/images/blue/pingpu.png HTTP/1.1" 304 -
172.20.0.100 - - [04/Jan/2022:11:10:55 +0800] "GET /xingrg/javascript/jquery_easy_ui/themes/default/images/tabs_rightarrow.png HTTP/1.1" 304 -
172.20.0.100 - - [04/Jan/2022:11:10:55 +0800] "GET /xingrg/javascript/jquery_easy_ui/themes/default/images/tabs_leftarrow.png HTTP/1.1" 304 -
172.20.0.100 - - [04/Jan/2022:11:10:55 +0800] "POST /xingrg/load_menu.html HTTP/1.1" 200 9924
116.232.53.14 - - [04/Jan/2022:11:10:56 +0800] "GET /xingrg/all/function/internal_message.html?_=1641265856734&CODE_STATE=getMsg HTTP/1.1" 200 27
116.232.53.14 - - [04/Jan/2022:11:10:56 +0800] "GET /xingrg/check_reg.html?_=1641265856736 HTTP/1.1" 200 22
172.20.0.100 - - [04/Jan/2022:11:10:57 +0800] "GET /xingrg/kc/base/base_main.html HTTP/1.1" 200 12132
114.95.98.1 - - [04/Jan/2022:11:10:57 +0800] "GET /xingrg/kc/base/wldb_order_operate.html?command=get_materiel&rest_code=00102&base_code=0010476&code=00101019108 HTTP/1.1" 200 463
61.170.234.223 - - [04/Jan/2022:11:10:58 +0800] "GET /xingrg/all/function/internal_message.html?_=1641265857933&CODE_STATE=getMsg HTTP/1.1" 200 27
172.20.0.100 - - [04/Jan/2022:11:10:59 +0800] "GET /xingrg/kc/base/kc_stocks.html HTTP/1.1" 200 16417
172.20.0.100 - - [04/Jan/2022:11:10:59 +0800] "GET /xingrg/javascript/easyui/themes/sunny/easyui.css HTTP/1.1" 200 34304
172.20.0.100 - - [04/Jan/2022:11:10:59 +0800] "GET /xingrg/javascript/convert.js HTTP/1.1" 200 1239
172.20.0.100 - - [04/Jan/2022:11:10:59 +0800] "GET /xingrg/javascript/json2.js HTTP/1.1" 200 11259
172.20.0.100 - - [04/Jan/2022:11:10:59 +0800] "GET /xingrg/javascript/easyui/themes/icons/refresh_new.png HTTP/1.1" 200 685
172.20.0.100 - - [04/Jan/2022:11:10:59 +0800] "GET /xingrg/javascript/easyui/themes/icons/filter_new.png HTTP/1.1" 200 795
172.20.0.100 - - [04/Jan/2022:11:10:59 +0800] "GET /xingrg/javascript/easyui/themes/icons/print_new.png HTTP/1.1" 200 3580
172.20.0.100 - - [04/Jan/2022:11:10:59 +0800] "GET /xingrg/javascript/easyui/plugins/jquery.draggable.js HTTP/1.1" 200 6121
172.20.0.100 - - [04/Jan/2022:11:10:59 +0800] "GET /xingrg/all/common/auto_word.html?type=base&rest_code=00150 HTTP/1.1" 200 1699
172.20.0.100 - - [04/Jan/2022:11:10:59 +0800] "GET /xingrg/javascript/easyui/plugins/jquery.droppable.js HTTP/1.1" 200 1167
172.20.0.100 - - [04/Jan/2022:11:10:59 +0800] "GET /xingrg/javascript/easyui/themes/default/tree.css HTTP/1.1" 404 1090
172.20.0.100 - - [04/Jan/2022:11:10:59 +0800] "GET /xingrg/javascript/easyui/plugins/jquery.tree.js HTTP/1.1" 200 20874
172.20.0.100 - - [04/Jan/2022:11:10:59 +0800] "POST /xingrg/all/common/load_tree.html?tree=materiel_sort_tree_json HTTP/1.1" 200 9388
172.20.0.100 - - [04/Jan/2022:11:11:00 +0800] "GET /xingrg/javascript/easyui/themes/sunny/images/tree_file.gif HTTP/1.1" 200 118
172.20.0.100 - - [04/Jan/2022:11:11:00 +0800] "GET /xingrg/javascript/easyui/themes/sunny/images/tree_folder_open.gif HTTP/1.1" 200 956
172.20.0.100 - - [04/Jan/2022:11:11:00 +0800] "GET /xingrg/javascript/easyui/themes/sunny/images/tree_folder.gif HTTP/1.1" 200 952
172.20.0.100 - - [04/Jan/2022:11:11:00 +0800] "GET /xingrg/javascript/easyui/themes/sunny/images/tree_arrows.gif HTTP/1.1" 200 617
172.20.0.100 - - [04/Jan/2022:11:11:00 +0800] "GET /xingrg/javascript/easyui/themes/sunny/images/ui-bg_gloss-wave_60_fece2f_500x100.png HTTP/1.1" 200 3512
172.20.0.100 - - [04/Jan/2022:11:11:00 +0800] "GET /xingrg/kc/base/base_main.html HTTP/1.1" 200 12132
172.20.0.100 - - [04/Jan/2022:11:11:01 +0800] "GET /xingrg/kc/base/check_order_list.html HTTP/1.1" 200 16425
116.228.172.94 - - [04/Jan/2022:11:11:01 +0800] "GET /xingrg/kc/buy/cgsh_order_operate.html?command=get_materiel&rest_code=00153&code=00101008005&supplier_code=00100006&order_time=2022-01-02 HTTP/1.1" 200 433
172.20.0.100 - - [04/Jan/2022:11:11:01 +0800] "POST /xingrg/kc/base/check_list_operate.html HTTP/1.1" 200 781
172.20.0.100 - - [04/Jan/2022:11:11:02 +0800] "GET /xingrg/kc/cost/cost_list.html HTTP/1.1" 200 6073
172.20.0.100 - - [04/Jan/2022:11:11:02 +0800] "GET /xingrg/dwr/interface/AjaxReportQueryService.js HTTP/1.1" 200 13203
172.20.0.100 - - [04/Jan/2022:11:11:02 +0800] "GET /xingrg/dwr/engine.js HTTP/1.1" 200 43631
172.20.0.100 - - [04/Jan/2022:11:11:02 +0800] "GET /xingrg/kc/cost/cost_operate.html?_=1641265862451&command=load_cost_list HTTP/1.1" 200 6752
172.20.0.100 - - [04/Jan/2022:11:11:03 +0800] "GET /xingrg/kc/cost/cost_page.html HTTP/1.1" 200 4079
172.20.0.100 - - [04/Jan/2022:11:11:04 +0800] "GET /xingrg/dwr/interface/AjaxReportQueryService.js HTTP/1.1" 200 13203
172.20.0.100 - - [04/Jan/2022:11:11:04 +0800] "GET /xingrg/dwr/engine.js HTTP/1.1" 200 43631
116.227.210.113 - - [04/Jan/2022:11:11:04 +0800] "GET /xingrg/all/function/internal_message.html?_=1641265848869&CODE_STATE=getMsg HTTP/1.1" 200 27
114.95.98.1 - - [04/Jan/2022:11:11:05 +0800] "GET /xingrg/kc/base/wldb_order_operate.html?command=get_materiel&rest_code=00102&base_code=0010476&code=00101019238 HTTP/1.1" 200 468
180.169.147.146 - - [04/Jan/2022:11:11:05 +0800] "GET /xingrg/all/function/internal_message.html?_=1641265866878&CODE_STATE=getMsg HTTP/1.1" 200 27
172.20.0.100 - - [04/Jan/2022:11:11:06 +0800] "POST /xingrg/kc/cost/cost_operate.html HTTP/1.1" 200 4
101.80.229.199 - - [04/Jan/2022:11:11:06 +0800] "GET /xingrg/all/function/internal_message.html?_=1641265866002&CODE_STATE=getMsg HTTP/1.1" 200 27
172.20.0.100 - - [04/Jan/2022:11:11:07 +0800] "GET /xingrg/kc/cost/cost_page.html HTTP/1.1" 200 4349
172.20.0.100 - - [04/Jan/2022:11:11:07 +0800] "GET /xingrg/css/blue.css HTTP/1.1" 304 -
172.20.0.100 - - [04/Jan/2022:11:11:07 +0800] "GET /xingrg/javascript/jquery_easy_ui/themes/default/easyui.css HTTP/1.1" 304 -
172.20.0.100 - - [04/Jan/2022:11:11:07 +0800] "GET /xingrg/javascript/jquery_easy_ui/themes/icon.css HTTP/1.1" 304 -
172.20.0.100 - - [04/Jan/2022:11:11:07 +0800] "GET /xingrg/javascript/step/step.css HTTP/1.1" 304 -
172.20.0.100 - - [04/Jan/2022:11:11:07 +0800] "GET /xingrg/css/table.css HTTP/1.1" 304 -
172.20.0.100 - - [04/Jan/2022:11:11:07 +0800] "GET /xingrg/dwr/interface/AjaxReportQueryService.js HTTP/1.1" 200 13203
172.20.0.100 - - [04/Jan/2022:11:11:07 +0800] "GET /xingrg/dwr/engine.js HTTP/1.1" 200 43631
172.20.0.100 - - [04/Jan/2022:11:11:07 +0800] "GET /xingrg/dwr/util.js HTTP/1.1" 304 -
172.20.0.100 - - [04/Jan/2022:11:11:07 +0800] "GET /xingrg/javascript/jquery-1.4.2.min.js HTTP/1.1" 304 -
172.20.0.100 - - [04/Jan/2022:11:11:07 +0800] "GET /xingrg/javascript/jquery_easy_ui/jquery.easyui.min.js HTTP/1.1" 304 -
172.20.0.100 - - [04/Jan/2022:11:11:07 +0800] "GET /xingrg/javascript/jquery_easy_ui/easyui-lang-zh_CN.js HTTP/1.1" 304 -
172.20.0.100 - - [04/Jan/2022:11:11:07 +0800] "GET /xingrg/javascript/jquery.utils.js HTTP/1.1" 304 -
172.20.0.100 - - [04/Jan/2022:11:11:07 +0800] "GET /xingrg/images/control/ajaxLoader.gif HTTP/1.1" 304 -
114.83.217.139 - - [04/Jan/2022:11:11:09 +0800] "GET /xingrg/all/function/internal_message.html?_=1641265868058&CODE_STATE=getMsg HTTP/1.1" 200 27
114.83.217.139 - - [04/Jan/2022:11:11:11 +0800] "GET /xingrg/check_reg.html?_=1641265870158 HTTP/1.1" 200 22
114.95.98.1 - - [04/Jan/2022:11:11:16 +0800] "GET /xingrg/kc/base/wldb_order_operate.html?command=get_materiel&rest_code=00102&base_code=0010476&code=00101019297 HTTP/1.1" 200 463
124.77.245.186 - - [04/Jan/2022:11:11:17 +0800] "GET /xingrg/all/function/internal_message.html?_=1641265876088&CODE_STATE=getMsg HTTP/1.1" 200 27
101.91.62.89 - - [04/Jan/2022:11:11:19 +0800] "GET /xingrg/kc/buy/cgsh_order_operate.html?command=get_materiel&rest_code=00106&code=00101008036&supplier_code=00100007&order_time=2022-01-04 HTTP/1.1" 302 -
101.91.62.89 - - [04/Jan/2022:11:11:20 +0800] "GET /xingrg/login.html HTTP/1.1" 200 7641
180.175.103.30 - - [04/Jan/2022:11:11:20 +0800] "GET /xingrg/all/function/internal_message.html?_=1641265880164&CODE_STATE=getMsg HTTP/1.1" 200 27
180.175.103.30 - - [04/Jan/2022:11:11:22 +0800] "GET /xingrg/check_reg.html?_=1641265881514 HTTP/1.1" 200 22
114.85.125.222 - - [04/Jan/2022:11:11:24 +0800] "GET /xingrg/all/function/internal_message.html?_=1641265822137&CODE_STATE=getMsg HTTP/1.1" 200 27
101.80.229.199 - - [04/Jan/2022:11:11:27 +0800] "GET /xingrg/javascript/jquery_easy_ui/themes/default/images/tabs_active.png HTTP/1.1" 200 2894
114.95.98.1 - - [04/Jan/2022:11:11:28 +0800] "GET /xingrg/kc/base/wldb_order_operate.html?command=get_materiel&rest_code=00102&base_code=0010476&code=00101019306 HTTP/1.1" 200 463
101.80.229.199 - - [04/Jan/2022:11:11:30 +0800] "GET /xingrg/kc/base/yddb_order_report.html?fileType=servlets/pdf&code=482021120700029&reportName=ck_order_report&subName=yddb HTTP/1.1" 302 -
101.80.229.199 - - [04/Jan/2022:11:11:30 +0800] "GET /xingrg/servlets/pdf?sysBaseUrl=http%3A%2F%2F180.169.147.146%3A18081%2Fxingrg%2F&costTime=89×tamp=1641265890015 HTTP/1.1" 200 3879
101.80.229.199 - - [04/Jan/2022:11:11:30 +0800] "GET /favicon.ico HTTP/1.1" 404 -
180.169.147.146 - - [04/Jan/2022:11:11:32 +0800] "GET /xingrg/all/function/internal_message.html?_=1641265891967&CODE_STATE=getMsg HTTP/1.1" 200 27
116.228.172.94 - - [04/Jan/2022:11:11:34 +0800] "GET /xingrg/kc/buy/cgsh_order_operate.html?command=get_materiel&rest_code=00153&code=00101008234&supplier_code=00100006&order_time=2022-01-02 HTTP/1.1" 200 408
222.70.179.159 - - [04/Jan/2022:11:11:37 +0800] "GET /xingrg/all/function/internal_message.html?_=1641265895077&CODE_STATE=getMsg HTTP/1.1" 200 27
114.88.155.71 - - [04/Jan/2022:11:11:38 +0800] "GET /xingrg/all/function/internal_message.html?_=1641265703004&CODE_STATE=getMsg HTTP/1.1" 200 27
114.95.98.1 - - [04/Jan/2022:11:11:41 +0800] "GET /xingrg/kc/base/wldb_order_operate.html?command=get_materiel&rest_code=00102&base_code=0010476&code=00101019184 HTTP/1.1" 200 443
116.228.172.94 - - [04/Jan/2022:11:11:43 +0800] "GET /xingrg/kc/buy/cgsh_order_operate.html?command=get_materiel&rest_code=00153&code=00101012051&supplier_code=00100006&order_time=2022-01-02 HTTP/1.1" 200 408
61.170.234.223 - - [04/Jan/2022:11:11:43 +0800] "GET /xingrg/check_reg.html?_=1641265903450 HTTP/1.1" 200 22
114.95.98.1 - - [04/Jan/2022:11:11:44 +0800] "GET /xingrg/check_reg.html?_=1641265918590 HTTP/1.1" 200 22
172.20.0.100 - - [04/Jan/2022:11:11:44 +0800] "GET /xingrg/all/function/internal_message.html?_=1641265902840&CODE_STATE=getMsg HTTP/1.1" 200 27
116.228.172.94 - - [04/Jan/2022:11:11:44 +0800] "GET /xingrg/all/function/internal_message.html?_=1641265872855&CODE_STATE=getMsg HTTP/1.1" 200 27
180.175.103.30 - - [04/Jan/2022:11:11:45 +0800] "GET /xingrg/all/function/internal_message.html?_=1641265842487&CODE_STATE=getMsg HTTP/1.1" 302 -
58.221.95.50 - - [04/Jan/2022:11:11:47 +0800] "GET /xingrg/all/function/internal_message.html?_=1641265906611&CODE_STATE=getMsg HTTP/1.1" 200 27
58.221.95.50 - - [04/Jan/2022:11:11:47 +0800] "GET /xingrg/check_reg.html?_=1641265906614 HTTP/1.1" 200 22
114.95.98.1 - - [04/Jan/2022:11:11:48 +0800] "GET /xingrg/kc/base/wldb_order_operate.html?command=get_materiel&rest_code=00102&base_code=0010476&code=00101019372 HTTP/1.1" 200 467
172.20.0.100 - - [04/Jan/2022:11:11:49 +0800] "POST /xingrg/kc/cost/cost_operate.html HTTP/1.1" 200 4
180.169.147.146 - - [04/Jan/2022:11:11:49 +0800] "GET /xingrg/all/function/internal_message.html?_=1641265907718&CODE_STATE=getMsg HTTP/1.1" 200 27
114.95.98.1 - - [04/Jan/2022:11:11:51 +0800] "GET /xingrg/all/function/internal_message.html?_=1641265926440&CODE_STATE=getMsg HTTP/1.1" 200 27
114.95.98.1 - - [04/Jan/2022:11:11:53 +0800] "GET /xingrg/kc/base/wldb_order_operate.html?command=get_materiel&rest_code=00102&base_code=0010476&code=00101027001 HTTP/1.1" 200 470
116.228.172.94 - - [04/Jan/2022:11:11:54 +0800] "GET /xingrg/kc/buy/cgsh_order_operate.html?command=get_materiel&rest_code=00153&code=00101006109&supplier_code=00100006&order_time=2022-01-02 HTTP/1.1" 200 428
61.165.255.114 - - [04/Jan/2022:11:11:54 +0800] "GET /xingrg/all/function/internal_message.html?_=1641265913587&CODE_STATE=getMsg HTTP/1.1" 200 27
116.232.53.14 - - [04/Jan/2022:11:11:56 +0800] "GET /xingrg/all/function/internal_message.html?_=1641265916737&CODE_STATE=getMsg HTTP/1.1" 200 27
61.151.178.165 - - [04/Jan/2022:11:11:57 +0800] "GET /xingrg/all/function/internal_message.html?_=1641263142015&CODE_STATE=getMsg HTTP/1.1" 302 -
61.170.234.223 - - [04/Jan/2022:11:11:58 +0800] "GET /xingrg/all/function/internal_message.html?_=1641265917909&CODE_STATE=getMsg HTTP/1.1" 200 27
61.151.178.165 - - [04/Jan/2022:11:11:59 +0800] "GET /xingrg/login.html HTTP/1.1" 200 7641
116.228.172.94 - - [04/Jan/2022:11:12:03 +0800] "GET /xingrg/kc/buy/cgsh_order_operate.html?command=get_materiel&rest_code=00153&code=00101008366&supplier_code=00100006&order_time=2022-01-02 HTTP/1.1" 200 408
116.227.210.113 - - [04/Jan/2022:11:12:04 +0800] "GET /xingrg/all/function/internal_message.html?_=1641265908863&CODE_STATE=getMsg HTTP/1.1" 200 27
180.169.147.146 - - [04/Jan/2022:11:12:05 +0800] "GET /xingrg/all/function/internal_message.html?_=1641265926879&CODE_STATE=getMsg HTTP/1.1" 200 27
101.80.229.199 - - [04/Jan/2022:11:12:06 +0800] "GET /xingrg/all/function/internal_message.html?_=1641265925998&CODE_STATE=getMsg HTTP/1.1" 200 27
114.83.217.139 - - [04/Jan/2022:11:12:09 +0800] "GET /xingrg/all/function/internal_message.html?_=1641265928040&CODE_STATE=getMsg HTTP/1.1" 200 27
124.77.245.186 - - [04/Jan/2022:11:12:17 +0800] "GET /xingrg/all/function/internal_message.html?_=1641265936102&CODE_STATE=getMsg HTTP/1.1" 200 27
180.175.103.30 - - [04/Jan/2022:11:12:20 +0800] "GET /xingrg/all/function/internal_message.html?_=1641265940144&CODE_STATE=getMsg HTTP/1.1" 200 27
116.228.172.94 - - [04/Jan/2022:11:12:21 +0800] "GET /xingrg/kc/buy/cgsh_order_operate.html?command=get_materiel&rest_code=00153&code=00101008361&supplier_code=00100006&order_time=2022-01-02 HTTP/1.1" 200 408
114.85.125.222 - - [04/Jan/2022:11:12:24 +0800] "GET /xingrg/all/function/internal_message.html?_=1641265882149&CODE_STATE=getMsg HTTP/1.1" 200 27
116.228.172.94 - - [04/Jan/2022:11:12:31 +0800] "GET /xingrg/kc/buy/cgsh_order_operate.html?command=get_materiel&rest_code=00153&code=00101019850&supplier_code=00100006&order_time=2022-01-02 HTTP/1.1" 200 403
180.169.147.146 - - [04/Jan/2022:11:12:32 +0800] "GET /xingrg/check_reg.html?_=1641265951988 HTTP/1.1" 200 22
180.169.147.146 - - [04/Jan/2022:11:12:32 +0800] "GET /xingrg/all/function/internal_message.html?_=1641265951985&CODE_STATE=getMsg HTTP/1.1" 200 27
222.70.179.159 - - [04/Jan/2022:11:12:37 +0800] "GET /xingrg/all/function/internal_message.html?_=1641265955061&CODE_STATE=getMsg HTTP/1.1" 200 27
114.88.155.71 - - [04/Jan/2022:11:12:38 +0800] "GET /xingrg/all/function/internal_message.html?_=1641265763001&CODE_STATE=getMsg HTTP/1.1" 200 27
61.151.178.197 - - [04/Jan/2022:11:12:39 +0800] "GET /xingrg/all/function/internal_message.html?_=1641263382015&CODE_STATE=getMsg HTTP/1.1" 302 -
61.151.178.197 - - [04/Jan/2022:11:12:40 +0800] "GET /xingrg/login.html HTTP/1.1" 200 7641
101.80.229.199 - - [04/Jan/2022:11:12:41 +0800] "GET /xingrg/kc/base/yddb_order_report.html?fileType=servlets/jxl&code=482021120700029&reportName=ck_order_report&subName=yddb HTTP/1.1" 302 -
101.80.229.199 - - [04/Jan/2022:11:12:42 +0800] "GET /xingrg/servlets/jxl?sysBaseUrl=http%3A%2F%2F180.169.147.146%3A18081%2Fxingrg%2F&costTime=90×tamp=1641265961939 HTTP/1.1" 200 5
101.80.229.199 - - [04/Jan/2022:11:12:42 +0800] "GET /favicon.ico HTTP/1.1" 404 -
116.228.172.94 - - [04/Jan/2022:11:12:43 +0800] "POST /xingrg/kc/buy/cgsh_order_operate.html HTTP/1.1" 200 37
172.20.0.100 - - [04/Jan/2022:11:12:44 +0800] "GET /xingrg/all/function/internal_message.html?_=1641265962846&CODE_STATE=getMsg HTTP/1.1" 200 27
116.228.172.94 - - [04/Jan/2022:11:12:44 +0800] "GET /xingrg/all/function/internal_message.html?_=1641265932861&CODE_STATE=getMsg HTTP/1.1" 200 27
116.228.172.94 - - [04/Jan/2022:11:12:45 +0800] "GET /xingrg/check_reg.html?_=1641265932976 HTTP/1.1" 200 22
180.175.103.30 - - [04/Jan/2022:11:12:45 +0800] "GET /xingrg/all/function/internal_message.html?_=1641265902488&CODE_STATE=getMsg HTTP/1.1" 302 -
58.221.95.50 - - [04/Jan/2022:11:12:47 +0800] "GET /xingrg/all/function/internal_message.html?_=1641265966613&CODE_STATE=getMsg HTTP/1.1" 200 27
116.228.172.94 - - [04/Jan/2022:11:12:48 +0800] "POST /xingrg/kc/buy/cgsh_order_operate.html HTTP/1.1" 200 12
180.169.147.146 - - [04/Jan/2022:11:12:49 +0800] "GET /xingrg/all/function/internal_message.html?_=1641265967712&CODE_STATE=getMsg HTTP/1.1" 200 27
116.228.172.94 - - [04/Jan/2022:11:12:50 +0800] "GET /xingrg/kc/buy/cgsh_order_info.html?code=212022010401631 HTTP/1.1" 200 59317
116.228.172.94 - - [04/Jan/2022:11:12:50 +0800] "GET /xingrg/javascript/easyui/themes/default/validatebox.css HTTP/1.1" 404 1104
116.228.172.94 - - [04/Jan/2022:11:12:51 +0800] "POST /xingrg/kc/buy/cgsh_order_operate.html HTTP/1.1" 200 5338
114.95.98.1 - - [04/Jan/2022:11:12:51 +0800] "GET /xingrg/all/function/internal_message.html?_=1641265986441&CODE_STATE=getMsg HTTP/1.1" 200 27
116.228.172.94 - - [04/Jan/2022:11:12:53 +0800] "GET /xingrg/kc/print/load_data.html?order_code=212022010401631&kc_code=cgsh&condition= HTTP/1.1" 200 2523
61.165.255.114 - - [04/Jan/2022:11:12:54 +0800] "GET /xingrg/all/function/internal_message.html?_=1641265973586&CODE_STATE=getMsg HTTP/1.1" 200 27
58.40.7.146 - - [04/Jan/2022:11:12:54 +0800] "GET /xingrg/index.html?sysBaseUrl=http%3A%2F%2F180.169.147.146%3A18081%2Fxingrg%2F&costTime=41×tamp=1619763327895 HTTP/1.1" 302 -
58.40.7.146 - - [04/Jan/2022:11:12:54 +0800] "GET /xingrg/login.html HTTP/1.1" 200 7641
58.40.7.146 - - [04/Jan/2022:11:12:54 +0800] "GET /xingrg/images/blue/jxLogo.png HTTP/1.1" 200 6156
58.40.7.146 - - [04/Jan/2022:11:12:55 +0800] "GET /xingrg/images/blue/login_bg.png HTTP/1.1" 200 22101
58.40.7.146 - - [04/Jan/2022:11:12:55 +0800] "GET /xingrg/images/blue/hj.png HTTP/1.1" 200 1014
58.40.7.146 - - [04/Jan/2022:11:12:55 +0800] "GET /xingrg/images/blue/srbg.png HTTP/1.1" 200 138
58.40.7.146 - - [04/Jan/2022:11:12:55 +0800] "GET /favicon.ico HTTP/1.1" 404 -
116.232.53.14 - - [04/Jan/2022:11:12:56 +0800] "GET /xingrg/all/function/internal_message.html?_=1641265976740&CODE_STATE=getMsg HTTP/1.1" 200 27
58.40.7.146 - - [04/Jan/2022:11:12:57 +0800] "POST /xingrg/login.do HTTP/1.1" 302 -
58.40.7.146 - - [04/Jan/2022:11:12:57 +0800] "GET /xingrg/css/form.css HTTP/1.1" 200 893
58.40.7.146 - - [04/Jan/2022:11:12:57 +0800] "GET /xingrg/javascript/jquery_easy_ui/themes/icon.css HTTP/1.1" 200 3949
58.40.7.146 - - [04/Jan/2022:11:12:57 +0800] "GET /xingrg/index.html?sysBaseUrl=http%3A%2F%2F180.169.147.146%3A18081%2Fxingrg%2F&costTime=43×tamp=1641265977089 HTTP/1.1" 200 17503
58.40.7.146 - - [04/Jan/2022:11:12:57 +0800] "GET /xingrg/javascript/jquery_easy_ui/easyui-lang-zh_CN.js HTTP/1.1" 200 1900
58.40.7.146 - - [04/Jan/2022:11:12:57 +0800] "GET /xingrg/javascript/jquery_easy_ui/jquery.easyui.min.js HTTP/1.1" 200 213662
58.40.7.146 - - [04/Jan/2022:11:12:57 +0800] "GET /xingrg/javascript/jquery-1.4.2.min.js HTTP/1.1" 200 72205
58.40.7.146 - - [04/Jan/2022:11:12:57 +0800] "GET /xingrg/javascript/jquery.timers.js HTTP/1.1" 200 3532
58.40.7.146 - - [04/Jan/2022:11:12:57 +0800] "GET /xingrg/javascript/jquery.utils.js HTTP/1.1" 200 11805
58.40.7.146 - - [04/Jan/2022:11:12:57 +0800] "GET /xingrg/javascript/jquery_easy_ui/themes/default/easyui.css HTTP/1.1" 200 26500
58.40.7.146 - - [04/Jan/2022:11:12:57 +0800] "GET /xingrg/javascript/jquery.form.js HTTP/1.1" 200 23110
58.40.7.146 - - [04/Jan/2022:11:12:57 +0800] "GET /favicon.ico HTTP/1.1" 404 -
58.40.7.146 - - [04/Jan/2022:11:12:57 +0800] "GET /xingrg/javascript/jquery_easy_ui/themes/icons/settle_new.png HTTP/1.1" 200 826
58.40.7.146 - - [04/Jan/2022:11:12:57 +0800] "GET /xingrg/images/blue/navBackgound.jpg HTTP/1.1" 200 12378
58.40.7.146 - - [04/Jan/2022:11:12:57 +0800] "POST /xingrg/all/common/load_tree.html?tree=area_rest_tree_json&manage=1 HTTP/1.1" 200 597
58.40.7.146 - - [04/Jan/2022:11:12:57 +0800] "GET /xingrg/check_reg.html?_=1641265976777 HTTP/1.1" 200 22
58.40.7.146 - - [04/Jan/2022:11:12:57 +0800] "GET /xingrg/images/blue/pingpu.png HTTP/1.1" 200 231
58.40.7.146 - - [04/Jan/2022:11:12:57 +0800] "GET /xingrg/javascript/jquery_easy_ui/themes/default/images/tabs_leftarrow.png HTTP/1.1" 200 389
58.40.7.146 - - [04/Jan/2022:11:12:57 +0800] "GET /xingrg/all/function/internal_message.html?_=1641265976777&CODE_STATE=count HTTP/1.1" 200 11
58.40.7.146 - - [04/Jan/2022:11:12:57 +0800] "GET /xingrg/javascript/jquery_easy_ui/themes/default/images/tabs_rightarrow.png HTTP/1.1" 200 395
58.40.7.146 - - [04/Jan/2022:11:12:57 +0800] "GET /xingrg/javascript/jquery_easy_ui/themes/default/images/panel_tool_expand.gif HTTP/1.1" 200 247
58.40.7.146 - - [04/Jan/2022:11:12:57 +0800] "GET /xingrg/javascript/jquery_easy_ui/themes/default/images/panel_tool_collapse.gif HTTP/1.1" 200 246
58.40.7.146 - - [04/Jan/2022:11:12:57 +0800] "POST /xingrg/load_menu.html HTTP/1.1" 200 11564
58.40.7.146 - - [04/Jan/2022:11:12:57 +0800] "GET /xingrg/javascript/jquery_easy_ui/themes/default/images/tree_arrows.gif HTTP/1.1" 200 1043
58.40.7.146 - - [04/Jan/2022:11:12:57 +0800] "GET /xingrg/javascript/jquery_easy_ui/themes/default/images/tree_folder_open.gif HTTP/1.1" 200 956
58.40.7.146 - - [04/Jan/2022:11:12:57 +0800] "GET /xingrg/javascript/jquery_easy_ui/themes/icons/search_new.png HTTP/1.1" 200 586
58.40.7.146 - - [04/Jan/2022:11:12:57 +0800] "GET /xingrg/javascript/jquery_easy_ui/themes/icons/delivery_new.png HTTP/1.1" 200 700
58.40.7.146 - - [04/Jan/2022:11:12:57 +0800] "GET /xingrg/javascript/jquery_easy_ui/themes/icons/storage_new.png HTTP/1.1" 200 853
58.40.7.146 - - [04/Jan/2022:11:12:57 +0800] "GET /xingrg/javascript/jquery_easy_ui/themes/icons/checkout_new.png HTTP/1.1" 200 744
58.40.7.146 - - [04/Jan/2022:11:12:57 +0800] "GET /xingrg/javascript/jquery_easy_ui/themes/icons/forms_new.png HTTP/1.1" 200 350
58.40.7.146 - - [04/Jan/2022:11:12:57 +0800] "GET /xingrg/javascript/jquery_easy_ui/themes/icons/setting_new.png HTTP/1.1" 200 450
58.40.7.146 - - [04/Jan/2022:11:12:57 +0800] "GET /xingrg/javascript/jquery_easy_ui/themes/icons/systemset_new.png HTTP/1.1" 200 606
58.40.7.146 - - [04/Jan/2022:11:12:57 +0800] "GET /xingrg/javascript/jquery_easy_ui/themes/default/images/tree_file.gif HTTP/1.1" 200 118
58.40.7.146 - - [04/Jan/2022:11:12:57 +0800] "GET /xingrg/javascript/jquery_easy_ui/themes/default/images/tree_folder.gif HTTP/1.1" 200 952
61.170.234.223 - - [04/Jan/2022:11:12:58 +0800] "GET /xingrg/all/function/internal_message.html?_=1641265977879&CODE_STATE=getMsg HTTP/1.1" 200 27
58.40.7.146 - - [04/Jan/2022:11:12:59 +0800] "GET /xingrg/javascript/jquery_easy_ui/themes/icons/area.png HTTP/1.1" 200 262
58.40.7.146 - - [04/Jan/2022:11:12:59 +0800] "GET /xingrg/javascript/jquery_easy_ui/themes/icons/manage.png HTTP/1.1" 200 696
58.40.7.146 - - [04/Jan/2022:11:12:59 +0800] "GET /xingrg/javascript/jquery_easy_ui/themes/icons/rest.png HTTP/1.1" 200 695
58.40.7.146 - - [04/Jan/2022:11:12:59 +0800] "GET /xingrg/javascript/jquery_easy_ui/themes/default/images/button_a_bg.gif HTTP/1.1" 200 1194
58.40.7.146 - - [04/Jan/2022:11:12:59 +0800] "GET /xingrg/javascript/jquery_easy_ui/themes/default/images/button_span_bg.gif HTTP/1.1" 200 2061
58.40.7.146 - - [04/Jan/2022:11:12:59 +0800] "GET /xingrg/javascript/jquery_easy_ui/themes/icons/ok.png HTTP/1.1" 200 883
58.40.7.146 - - [04/Jan/2022:11:12:59 +0800] "GET /xingrg/javascript/jquery_easy_ui/themes/default/images/panel_title.png HTTP/1.1" 200 266
58.40.7.146 - - [04/Jan/2022:11:12:59 +0800] "GET /xingrg/javascript/jquery_easy_ui/themes/default/images/panel_tools.gif HTTP/1.1" 200 737
116.228.172.94 - - [04/Jan/2022:11:13:00 +0800] "GET /xingrg/kc/buy/cgsh_order_add.html HTTP/1.1" 200 64410
116.228.172.94 - - [04/Jan/2022:11:13:00 +0800] "POST /xingrg/kc/buy/cgsh_order_operate.html HTTP/1.1" 200 8245
116.228.172.94 - - [04/Jan/2022:11:13:00 +0800] "GET /xingrg/javascript/easyui/themes/default/validatebox.css HTTP/1.1" 404 1104
58.40.7.146 - - [04/Jan/2022:11:13:01 +0800] "GET /xingrg/images/control/ajaxLoader.gif HTTP/1.1" 200 4659
58.40.7.146 - - [04/Jan/2022:11:13:01 +0800] "POST /xingrg/all/user/operate.html HTTP/1.1" 200 36
58.40.7.146 - - [04/Jan/2022:11:13:01 +0800] "GET /xingrg/index.html?sysBaseUrl=http%3A%2F%2F180.169.147.146%3A18081%2Fxingrg%2F&costTime=43×tamp=1641265977089 HTTP/1.1" 200 17507
58.40.7.146 - - [04/Jan/2022:11:13:01 +0800] "GET /xingrg/javascript/jquery_easy_ui/themes/default/easyui.css HTTP/1.1" 304 -
58.40.7.146 - - [04/Jan/2022:11:13:01 +0800] "GET /xingrg/javascript/jquery_easy_ui/themes/icon.css HTTP/1.1" 304 -
58.40.7.146 - - [04/Jan/2022:11:13:01 +0800] "GET /xingrg/css/form.css HTTP/1.1" 304 -
58.40.7.146 - - [04/Jan/2022:11:13:01 +0800] "GET /xingrg/javascript/jquery-1.4.2.min.js HTTP/1.1" 304 -
58.40.7.146 - - [04/Jan/2022:11:13:01 +0800] "GET /xingrg/javascript/jquery_easy_ui/jquery.easyui.min.js HTTP/1.1" 304 -
58.40.7.146 - - [04/Jan/2022:11:13:01 +0800] "GET /xingrg/javascript/jquery_easy_ui/easyui-lang-zh_CN.js HTTP/1.1" 304 -
58.40.7.146 - - [04/Jan/2022:11:13:01 +0800] "GET /xingrg/javascript/jquery.form.js HTTP/1.1" 304 -
58.40.7.146 - - [04/Jan/2022:11:13:01 +0800] "GET /xingrg/javascript/jquery.utils.js HTTP/1.1" 304 -
58.40.7.146 - - [04/Jan/2022:11:13:01 +0800] "GET /xingrg/javascript/jquery.timers.js HTTP/1.1" 304 -
58.40.7.146 - - [04/Jan/2022:11:13:01 +0800] "GET /xingrg/images/blue/jxLogo.png HTTP/1.1" 304 -
58.40.7.146 - - [04/Jan/2022:11:13:02 +0800] "GET /xingrg/images/blue/navBackgound.jpg HTTP/1.1" 304 -
58.40.7.146 - - [04/Jan/2022:11:13:02 +0800] "GET /xingrg/javascript/jquery_easy_ui/themes/icons/settle_new.png HTTP/1.1" 304 -
58.40.7.146 - - [04/Jan/2022:11:13:02 +0800] "POST /xingrg/all/common/load_tree.html?tree=area_rest_tree_json&manage=1 HTTP/1.1" 200 597
58.40.7.146 - - [04/Jan/2022:11:13:02 +0800] "GET /xingrg/all/function/internal_message.html?_=1641265981352&CODE_STATE=count HTTP/1.1" 200 11
58.40.7.146 - - [04/Jan/2022:11:13:02 +0800] "GET /xingrg/check_reg.html?_=1641265981354 HTTP/1.1" 200 22
58.40.7.146 - - [04/Jan/2022:11:13:02 +0800] "GET /xingrg/javascript/jquery_easy_ui/themes/default/images/tabs_rightarrow.png HTTP/1.1" 304 -
58.40.7.146 - - [04/Jan/2022:11:13:02 +0800] "GET /xingrg/javascript/jquery_easy_ui/themes/default/images/panel_tool_expand.gif HTTP/1.1" 304 -
58.40.7.146 - - [04/Jan/2022:11:13:02 +0800] "GET /xingrg/javascript/jquery_easy_ui/themes/default/images/panel_tool_collapse.gif HTTP/1.1" 304 -
58.40.7.146 - - [04/Jan/2022:11:13:02 +0800] "GET /xingrg/javascript/jquery_easy_ui/themes/default/images/tabs_leftarrow.png HTTP/1.1" 304 -
58.40.7.146 - - [04/Jan/2022:11:13:02 +0800] "GET /xingrg/images/blue/pingpu.png HTTP/1.1" 304 -
58.40.7.146 - - [04/Jan/2022:11:13:02 +0800] "POST /xingrg/load_menu.html HTTP/1.1" 200 9959
116.227.210.113 - - [04/Jan/2022:11:13:04 +0800] "GET /xingrg/all/function/internal_message.html?_=1641265968871&CODE_STATE=getMsg HTTP/1.1" 200 27
114.95.98.1 - - [04/Jan/2022:11:13:05 +0800] "POST /xingrg/kc/base/wldb_order_operate.html HTTP/1.1" 200 37
58.40.7.146 - - [04/Jan/2022:11:13:05 +0800] "GET /xingrg/javascript/jquery_easy_ui/themes/default/images/tabs_close.gif HTTP/1.1" 200 829
58.40.7.146 - - [04/Jan/2022:11:13:05 +0800] "GET /xingrg/kc/report/report_main.html HTTP/1.1" 200 7340
58.40.7.146 - - [04/Jan/2022:11:13:05 +0800] "GET /xingrg/javascript/pic_change.js HTTP/1.1" 200 4739
58.40.7.146 - - [04/Jan/2022:11:13:05 +0800] "GET /xingrg/css/blue.css HTTP/1.1" 200 15949
58.40.7.146 - - [04/Jan/2022:11:13:05 +0800] "GET /xingrg/javascript/jquery_ui/themes/humanity/humanity.css HTTP/1.1" 200 27801
58.40.7.146 - - [04/Jan/2022:11:13:05 +0800] "GET /xingrg/javascript/myfunction.js HTTP/1.1" 200 24559
58.40.7.146 - - [04/Jan/2022:11:13:05 +0800] "GET /xingrg/javascript/json2.js HTTP/1.1" 200 11259
58.40.7.146 - - [04/Jan/2022:11:13:05 +0800] "GET /xingrg/javascript/jquery_easy_ui/themes/icons/back_new.png HTTP/1.1" 200 3414
180.169.147.146 - - [04/Jan/2022:11:13:05 +0800] "GET /xingrg/all/function/internal_message.html?_=1641265986884&CODE_STATE=getMsg HTTP/1.1" 200 27
180.169.147.146 - - [04/Jan/2022:11:13:05 +0800] "GET /xingrg/check_reg.html?_=1641265986886 HTTP/1.1" 200 22
101.80.229.199 - - [04/Jan/2022:11:13:06 +0800] "GET /xingrg/all/function/internal_message.html?_=1641265986011&CODE_STATE=getMsg HTTP/1.1" 200 27
101.80.229.199 - - [04/Jan/2022:11:13:06 +0800] "GET /xingrg/check_reg.html?_=1641265986015 HTTP/1.1" 200 22
114.95.98.1 - - [04/Jan/2022:11:13:07 +0800] "POST /xingrg/kc/base/wldb_order_operate.html HTTP/1.1" 200 12
114.95.98.1 - - [04/Jan/2022:11:13:07 +0800] "POST /xingrg/kc/base/wldb_order_operate.html HTTP/1.1" 200 8667
114.83.217.139 - - [04/Jan/2022:11:13:09 +0800] "GET /xingrg/all/function/internal_message.html?_=1641265988012&CODE_STATE=getMsg HTTP/1.1" 200 27
114.95.98.1 - - [04/Jan/2022:11:13:09 +0800] "GET /xingrg/kc/base/wldb_order_info.html?code=422022010400522 HTTP/1.1" 200 26147
116.228.172.94 - - [04/Jan/2022:11:13:11 +0800] "GET /xingrg/kc/buy/cgsh_order_operate.html?command=get_materiel&rest_code=00153&code=00101008300&supplier_code=00100006&order_time=2022-01-04 HTTP/1.1" 200 432
114.95.98.1 - - [04/Jan/2022:11:13:11 +0800] "POST /xingrg/kc/base/wldb_order_operate.html HTTP/1.1" 200 6804
114.95.98.1 - - [04/Jan/2022:11:13:12 +0800] "GET /xingrg/javascript/easyui/themes/default/validatebox.css HTTP/1.1" 404 1104
114.95.98.1 - - [04/Jan/2022:11:13:13 +0800] "GET /xingrg/kc/base/wldb_order_add.html HTTP/1.1" 200 30270
114.95.98.1 - - [04/Jan/2022:11:13:15 +0800] "POST /xingrg/kc/base/wldb_order_operate.html HTTP/1.1" 200 6806
114.95.98.1 - - [04/Jan/2022:11:13:16 +0800] "GET /xingrg/javascript/easyui/themes/default/validatebox.css HTTP/1.1" 404 1104
114.95.98.1 - - [04/Jan/2022:11:13:16 +0800] "POST /xingrg/all/common/load_combo.html?type=base HTTP/1.1" 200 3233
124.77.245.186 - - [04/Jan/2022:11:13:17 +0800] "GET /xingrg/all/function/internal_message.html?_=1641265996148&CODE_STATE=getMsg HTTP/1.1" 200 27
114.95.98.1 - - [04/Jan/2022:11:13:19 +0800] "POST /xingrg/all/common/load_combo.html?type=base HTTP/1.1" 200 3233
180.175.103.30 - - [04/Jan/2022:11:13:20 +0800] "GET /xingrg/all/function/internal_message.html?_=1641266000127&CODE_STATE=getMsg HTTP/1.1" 200 27
114.85.125.222 - - [04/Jan/2022:11:13:23 +0800] "GET /xingrg/check_reg.html?_=1641265941295 HTTP/1.1" 200 22
114.85.125.222 - - [04/Jan/2022:11:13:24 +0800] "GET /xingrg/all/function/internal_message.html?_=1641265942164&CODE_STATE=getMsg HTTP/1.1" 200 27
116.228.172.94 - - [04/Jan/2022:11:13:26 +0800] "GET /xingrg/kc/buy/cgsh_order_operate.html?command=get_materiel&rest_code=00153&code=00101008370&supplier_code=00100006&order_time=2022-01-04 HTTP/1.1" 200 412
114.95.98.1 - - [04/Jan/2022:11:13:29 +0800] "GET /xingrg/kc/base/wldb_order_operate.html?command=get_materiel&rest_code=00102&base_code=0010476&code=00101016029 HTTP/1.1" 200 461
58.40.7.146 - - [04/Jan/2022:11:13:32 +0800] "GET /xingrg/kc/report/report_main.html HTTP/1.1" 200 7340
180.169.147.146 - - [04/Jan/2022:11:13:32 +0800] "GET /xingrg/all/function/internal_message.html?_=1641266011986&CODE_STATE=getMsg HTTP/1.1" 200 27
222.70.179.159 - - [04/Jan/2022:11:13:36 +0800] "GET /xingrg/all/function/internal_message.html?_=1641266015032&CODE_STATE=getMsg HTTP/1.1" 200 27
222.70.179.159 - - [04/Jan/2022:11:13:37 +0800] "GET /xingrg/check_reg.html?_=1641266015205 HTTP/1.1" 200 22
101.80.229.199 - - [04/Jan/2022:11:13:37 +0800] "GET /xingrg/kc/base/yddb_order_report.html?fileType=servlets/jxl&code=482021120700029&reportName=ck_order_report&subName=yddb HTTP/1.1" 302 -
101.80.229.199 - - [04/Jan/2022:11:13:37 +0800] "GET /xingrg/servlets/jxl?sysBaseUrl=http%3A%2F%2F180.169.147.146%3A18081%2Fxingrg%2F&costTime=103×tamp=1641266017653 HTTP/1.1" 200 5
101.80.229.199 - - [04/Jan/2022:11:13:37 +0800] "GET /favicon.ico HTTP/1.1" 404 -
114.88.155.71 - - [04/Jan/2022:11:13:38 +0800] "GET /xingrg/all/function/internal_message.html?_=1641265822998&CODE_STATE=getMsg HTTP/1.1" 200 27
116.228.172.94 - - [04/Jan/2022:11:13:39 +0800] "GET /xingrg/kc/buy/cgsh_order_operate.html?command=get_materiel&rest_code=00153&code=00101008270&supplier_code=00100006&order_time=2022-01-04 HTTP/1.1" 200 412
114.95.98.1 - - [04/Jan/2022:11:13:40 +0800] "POST /xingrg/kc/base/wldb_order_operate.html HTTP/1.1" 200 37
114.95.98.1 - - [04/Jan/2022:11:13:43 +0800] "POST /xingrg/kc/base/wldb_order_operate.html HTTP/1.1" 200 12
114.95.98.1 - - [04/Jan/2022:11:13:43 +0800] "POST /xingrg/kc/base/wldb_order_operate.html HTTP/1.1" 200 2204
172.20.0.100 - - [04/Jan/2022:11:13:44 +0800] "GET /xingrg/all/function/internal_message.html?_=1641266022835&CODE_STATE=getMsg HTTP/1.1" 200 27
114.95.98.1 - - [04/Jan/2022:11:13:44 +0800] "GET /xingrg/kc/base/wldb_order_info.html?code=422022010400523 HTTP/1.1" 200 26144
116.228.172.94 - - [04/Jan/2022:11:13:44 +0800] "GET /xingrg/all/function/internal_message.html?_=1641265992841&CODE_STATE=getMsg HTTP/1.1" 200 27
180.175.103.30 - - [04/Jan/2022:11:13:45 +0800] "GET /xingrg/all/function/internal_message.html?_=1641265962489&CODE_STATE=getMsg HTTP/1.1" 302 -
172.20.0.100 - - [04/Jan/2022:11:13:46 +0800] "GET /xingrg/kc/cost/cost_page.html HTTP/1.1" 200 4078
172.20.0.100 - - [04/Jan/2022:11:13:46 +0800] "GET /xingrg/css/blue.css HTTP/1.1" 304 -
172.20.0.100 - - [04/Jan/2022:11:13:46 +0800] "GET /xingrg/javascript/jquery_easy_ui/themes/default/easyui.css HTTP/1.1" 304 -
172.20.0.100 - - [04/Jan/2022:11:13:46 +0800] "GET /xingrg/javascript/jquery_easy_ui/themes/icon.css HTTP/1.1" 304 -
172.20.0.100 - - [04/Jan/2022:11:13:46 +0800] "GET /xingrg/javascript/step/step.css HTTP/1.1" 304 -
172.20.0.100 - - [04/Jan/2022:11:13:46 +0800] "GET /xingrg/css/table.css HTTP/1.1" 304 -
172.20.0.100 - - [04/Jan/2022:11:13:46 +0800] "GET /xingrg/dwr/interface/AjaxReportQueryService.js HTTP/1.1" 200 13203
172.20.0.100 - - [04/Jan/2022:11:13:46 +0800] "GET /xingrg/dwr/engine.js HTTP/1.1" 200 43631
172.20.0.100 - - [04/Jan/2022:11:13:46 +0800] "GET /xingrg/dwr/util.js HTTP/1.1" 304 -
172.20.0.100 - - [04/Jan/2022:11:13:46 +0800] "GET /xingrg/javascript/jquery-1.4.2.min.js HTTP/1.1" 304 -
172.20.0.100 - - [04/Jan/2022:11:13:46 +0800] "GET /xingrg/javascript/jquery_easy_ui/jquery.easyui.min.js HTTP/1.1" 304 -
172.20.0.100 - - [04/Jan/2022:11:13:46 +0800] "GET /xingrg/javascript/jquery_easy_ui/easyui-lang-zh_CN.js HTTP/1.1" 304 -
172.20.0.100 - - [04/Jan/2022:11:13:46 +0800] "GET /xingrg/javascript/jquery.utils.js HTTP/1.1" 304 -
172.20.0.100 - - [04/Jan/2022:11:13:46 +0800] "GET /xingrg/images/control/ajaxLoader.gif HTTP/1.1" 304 -
114.95.98.1 - - [04/Jan/2022:11:13:46 +0800] "POST /xingrg/kc/base/wldb_order_operate.html HTTP/1.1" 200 499
114.95.98.1 - - [04/Jan/2022:11:13:46 +0800] "GET /xingrg/javascript/easyui/themes/default/validatebox.css HTTP/1.1" 404 1104
58.221.95.50 - - [04/Jan/2022:11:13:47 +0800] "GET /xingrg/all/function/internal_message.html?_=1641266026612&CODE_STATE=getMsg HTTP/1.1" 200 27
124.77.245.186 - - [04/Jan/2022:11:13:49 +0800] "GET /xingrg/check_reg.html?_=1641266027883 HTTP/1.1" 200 22
180.169.147.146 - - [04/Jan/2022:11:13:49 +0800] "GET /xingrg/all/function/internal_message.html?_=1641266027712&CODE_STATE=getMsg HTTP/1.1" 200 27
58.40.7.146 - - [04/Jan/2022:11:13:50 +0800] "GET /xingrg/kc/base/yddb_order_list.html HTTP/1.1" 200 16670
58.40.7.146 - - [04/Jan/2022:11:13:50 +0800] "GET /xingrg/css/base.css HTTP/1.1" 200 2811
58.40.7.146 - - [04/Jan/2022:11:13:50 +0800] "GET /xingrg/css/site.css HTTP/1.1" 200 7541
58.40.7.146 - - [04/Jan/2022:11:13:50 +0800] "GET /xingrg/javascript/jquery_tools/datebox.css HTTP/1.1" 200 2597
58.40.7.146 - - [04/Jan/2022:11:13:50 +0800] "GET /xingrg/javascript/easyui/themes/icon.css HTTP/1.1" 200 4483
58.40.7.146 - - [04/Jan/2022:11:13:50 +0800] "GET /xingrg/javascript/auto/jquery.autocomplete.css HTTP/1.1" 200 587
58.40.7.146 - - [04/Jan/2022:11:13:50 +0800] "GET /xingrg/javascript/jquery_tools/fix.css HTTP/1.1" 200 1702
58.40.7.146 - - [04/Jan/2022:11:13:50 +0800] "GET /xingrg/javascript/jquery_tools/table.css HTTP/1.1" 200 1032
58.40.7.146 - - [04/Jan/2022:11:13:50 +0800] "GET /xingrg/javascript/jquery_tools/jquery.tools.min.js HTTP/1.1" 200 138801
58.40.7.146 - - [04/Jan/2022:11:13:50 +0800] "GET /xingrg/javascript/easyui/themes/default/easyui.css HTTP/1.1" 200 30432
58.40.7.146 - - [04/Jan/2022:11:13:50 +0800] "GET /xingrg/javascript/jquery_tools/jquery.tools.hotkey.js HTTP/1.1" 200 3242
58.40.7.146 - - [04/Jan/2022:11:13:50 +0800] "GET /xingrg/javascript/jquery_tools/list_manager.js HTTP/1.1" 200 3652
58.40.7.146 - - [04/Jan/2022:11:13:50 +0800] "GET /xingrg/javascript/easyui/easyloader.js HTTP/1.1" 200 5975
58.40.7.146 - - [04/Jan/2022:11:13:50 +0800] "GET /xingrg/javascript/jquery_tools/jquery.tools.table.js HTTP/1.1" 200 6994
58.40.7.146 - - [04/Jan/2022:11:13:50 +0800] "GET /xingrg/javascript/jquery_tools/jquery.tools.extend.js HTTP/1.1" 200 15385
58.40.7.146 - - [04/Jan/2022:11:13:50 +0800] "GET /xingrg/javascript/auto/jquery.autocomplete.js HTTP/1.1" 200 21624
58.40.7.146 - - [04/Jan/2022:11:13:50 +0800] "GET /xingrg/javascript/jquery.cookie.js HTTP/1.1" 200 5513
58.40.7.146 - - [04/Jan/2022:11:13:50 +0800] "GET /xingrg/javascript/print/LodopFuncs.js HTTP/1.1" 200 5121
58.40.7.146 - - [04/Jan/2022:11:13:51 +0800] "GET /xingrg/javascript/easyui/themes/icons/import_new.png HTTP/1.1" 200 1247
58.40.7.146 - - [04/Jan/2022:11:13:51 +0800] "GET /xingrg/javascript/easyui/themes/icons/edit_add_new.png HTTP/1.1" 200 2997
58.40.7.146 - - [04/Jan/2022:11:13:51 +0800] "GET /xingrg/javascript/easyui/themes/icons/field_new.png HTTP/1.1" 200 1097
58.40.7.146 - - [04/Jan/2022:11:13:51 +0800] "GET /xingrg/javascript/easyui/plugins/jquery.parser.js HTTP/1.1" 200 1142
114.95.98.1 - - [04/Jan/2022:11:13:51 +0800] "GET /xingrg/all/function/internal_message.html?_=1641266046456&CODE_STATE=getMsg HTTP/1.1" 200 27
58.40.7.146 - - [04/Jan/2022:11:13:51 +0800] "POST /xingrg/kc/base/yddb_list_operate.html HTTP/1.1" 200 636
61.165.255.114 - - [04/Jan/2022:11:13:54 +0800] "GET /xingrg/all/function/internal_message.html?_=1641266033590&CODE_STATE=getMsg HTTP/1.1" 200 27
61.165.255.114 - - [04/Jan/2022:11:13:54 +0800] "GET /xingrg/check_reg.html?_=1641266033603 HTTP/1.1" 200 22
116.232.53.14 - - [04/Jan/2022:11:13:56 +0800] "GET /xingrg/all/function/internal_message.html?_=1641266036743&CODE_STATE=getMsg HTTP/1.1" 200 27
61.170.234.223 - - [04/Jan/2022:11:13:58 +0800] "GET /xingrg/all/function/internal_message.html?_=1641266037861&CODE_STATE=getMsg HTTP/1.1" 200 27
116.227.210.113 - - [04/Jan/2022:11:13:59 +0800] "POST /xingrg/services/DataTransmitService HTTP/1.1" 200 524
116.227.210.113 - - [04/Jan/2022:11:13:59 +0800] "POST /xingrg/services/DataTransmitService HTTP/1.1" 200 412
58.40.7.146 - - [04/Jan/2022:11:14:02 +0800] "GET /xingrg/all/function/internal_message.html?_=1641266041359&CODE_STATE=getMsg HTTP/1.1" 200 27
116.227.210.113 - - [04/Jan/2022:11:14:04 +0800] "GET /xingrg/all/function/internal_message.html?_=1641266028860&CODE_STATE=getMsg HTTP/1.1" 200 27
180.169.147.146 - - [04/Jan/2022:11:14:05 +0800] "GET /xingrg/all/function/internal_message.html?_=1641266046888&CODE_STATE=getMsg HTTP/1.1" 200 27
101.80.229.199 - - [04/Jan/2022:11:14:06 +0800] "GET /xingrg/all/function/internal_message.html?_=1641266045999&CODE_STATE=getMsg HTTP/1.1" 200 27
114.83.217.139 - - [04/Jan/2022:11:14:09 +0800] "GET /xingrg/all/function/internal_message.html?_=1641266048003&CODE_STATE=getMsg HTTP/1.1" 200 27
124.77.245.186 - - [04/Jan/2022:11:14:17 +0800] "GET /xingrg/all/function/internal_message.html?_=1641266056160&CODE_STATE=getMsg HTTP/1.1" 200 27
180.175.103.30 - - [04/Jan/2022:11:14:20 +0800] "GET /xingrg/all/function/internal_message.html?_=1641266060108&CODE_STATE=getMsg HTTP/1.1" 200 27
114.85.125.222 - - [04/Jan/2022:11:14:24 +0800] "GET /xingrg/all/function/internal_message.html?_=1641266002177&CODE_STATE=getMsg HTTP/1.1" 200 27
180.169.147.146 - - [04/Jan/2022:11:14:32 +0800] "GET /xingrg/all/function/internal_message.html?_=1641266071984&CODE_STATE=getMsg HTTP/1.1" 200 27
222.70.179.159 - - [04/Jan/2022:11:14:36 +0800] "GET /xingrg/all/function/internal_message.html?_=1641266075017&CODE_STATE=getMsg HTTP/1.1" 200 27
114.88.155.71 - - [04/Jan/2022:11:14:38 +0800] "GET /xingrg/all/function/internal_message.html?_=1641265882998&CODE_STATE=getMsg HTTP/1.1" 200 27
172.20.0.100 - - [04/Jan/2022:11:14:44 +0800] "GET /xingrg/all/function/internal_message.html?_=1641266082839&CODE_STATE=getMsg HTTP/1.1" 200 27
172.20.0.100 - - [04/Jan/2022:11:14:44 +0800] "GET /xingrg/check_reg.html?_=1641266082845 HTTP/1.1" 200 22
116.228.172.94 - - [04/Jan/2022:11:14:44 +0800] "GET /xingrg/all/function/internal_message.html?_=1641266052829&CODE_STATE=getMsg HTTP/1.1" 200 27
180.175.103.30 - - [04/Jan/2022:11:14:45 +0800] "GET /xingrg/all/function/internal_message.html?_=1641266022493&CODE_STATE=getMsg HTTP/1.1" 302 -
61.151.178.165 - - [04/Jan/2022:11:14:46 +0800] "GET /xingrg/kc/buy/cgsh_order_operate.html?command=get_materiel&rest_code=00106&code=00101008005&supplier_code=00100007&order_time=2022-01-04 HTTP/1.1" 302 -
58.221.95.50 - - [04/Jan/2022:11:14:47 +0800] "GET /xingrg/all/function/internal_message.html?_=1641266086614&CODE_STATE=getMsg HTTP/1.1" 200 27
61.151.178.165 - - [04/Jan/2022:11:14:47 +0800] "GET /xingrg/login.html HTTP/1.1" 200 7641
180.169.147.146 - - [04/Jan/2022:11:14:49 +0800] "GET /xingrg/all/function/internal_message.html?_=1641266087717&CODE_STATE=getMsg HTTP/1.1" 200 27
180.169.147.146 - - [04/Jan/2022:11:14:49 +0800] "GET /xingrg/check_reg.html?_=1641266087721 HTTP/1.1" 200 22
114.95.98.1 - - [04/Jan/2022:11:14:53 +0800] "GET /xingrg/all/function/internal_message.html?_=1641266107702&CODE_STATE=getMsg HTTP/1.1" 200 27
61.165.255.114 - - [04/Jan/2022:11:14:54 +0800] "GET /xingrg/all/function/internal_message.html?_=1641266093599&CODE_STATE=getMsg HTTP/1.1" 200 27
116.232.53.14 - - [04/Jan/2022:11:14:56 +0800] "GET /xingrg/all/function/internal_message.html?_=1641266096745&CODE_STATE=getMsg HTTP/1.1" 200 27
61.170.234.223 - - [04/Jan/2022:11:14:58 +0800] "GET /xingrg/all/function/internal_message.html?_=1641266097832&CODE_STATE=getMsg HTTP/1.1" 200 27
58.40.7.146 - - [04/Jan/2022:11:14:58 +0800] "GET /xingrg/javascript/jquery_easy_ui/themes/default/images/tabs_active.png HTTP/1.1" 200 2894
58.40.7.146 - - [04/Jan/2022:11:15:00 +0800] "POST /xingrg/kc/base/yddb_list_operate.html HTTP/1.1" 200 636
58.40.7.146 - - [04/Jan/2022:11:15:01 +0800] "POST /xingrg/kc/base/yddb_list_operate.html HTTP/1.1" 200 636
58.40.7.146 - - [04/Jan/2022:11:15:02 +0800] "GET /xingrg/all/function/internal_message.html?_=1641266101365&CODE_STATE=getMsg HTTP/1.1" 200 27
58.40.7.146 - - [04/Jan/2022:11:15:02 +0800] "GET /xingrg/javascript/jquery_tools/images/prev.gif HTTP/1.1" 404 1086
58.40.7.146 - - [04/Jan/2022:11:15:02 +0800] "GET /xingrg/javascript/jquery_tools/images/next.gif HTTP/1.1" 404 1086
222.70.179.159 - - [04/Jan/2022:11:15:02 +0800] "GET /xingrg/kc/base/wldb_order_list.html HTTP/1.1" 200 19060
222.70.179.159 - - [04/Jan/2022:11:15:03 +0800] "POST /xingrg/kc/base/wldb_list_operate.html HTTP/1.1" 200 3732
116.227.210.113 - - [04/Jan/2022:11:15:04 +0800] "GET /xingrg/all/function/internal_message.html?_=1641266088874&CODE_STATE=getMsg HTTP/1.1" 200 27
116.227.210.113 - - [04/Jan/2022:11:15:04 +0800] "GET /xingrg/check_reg.html?_=1641266088875 HTTP/1.1" 200 22
180.169.147.146 - - [04/Jan/2022:11:15:05 +0800] "GET /xingrg/all/function/internal_message.html?_=1641266106891&CODE_STATE=getMsg HTTP/1.1" 200 27
