101.80.229.199 - - [04/Jan/2022:10:48:35 +0800] "GET /xingrg/all/report/report_query.html?isQuery=1&fileName=kc/base/crk_detail_by_small.xml&rh=99999&queryString=&queryText=%25E3%2580%2590%25E4%25BB%2593%25E5%25BA%2593%25E5%2590%258D%25E7%25A7%25B0%253A%25E6%25A5%25BC%25E9%259D%25A2%25E3%2580%2591%25E3%2580%2590%25E4%25B8%259A%25E5%258A%25A1%25E7%25B1%25BB%25E5%259E%258B%25EF%25BC%259A%25E9%2587%2587%25E8%25B4%25AD%25E5%2585%25A5%25E5%25BA%2593%25E3%2580%2591%2520%253F%253F%253F%253F%253F2021-12-01%253F%253F2021-12-31%2520%253F%253F%253F%253F%253F%253F&tableQueryString=crk_table%2524sp1%2524order_day%2520between%252020211201%2520and%252020211231%2520and%2520(base_code%253D'0010795')%2520and%2520(src_order_type%2520in%2520(21))%2520and%2520(is_rk%2520in%2520(1)) HTTP/1.1" 200 53776
101.80.229.199 - - [04/Jan/2022:10:48:35 +0800] "GET /xingrg/dwr/interface/AjaxReportQueryService.js HTTP/1.1" 200 13203
101.80.229.199 - - [04/Jan/2022:10:48:35 +0800] "GET /xingrg/dwr/engine.js HTTP/1.1" 200 43631
101.80.229.199 - - [04/Jan/2022:10:48:35 +0800] "GET /xingrg/javascript/jquery_easy_ui/themes/icons/pencil.png HTTP/1.1" 200 713
101.80.229.199 - - [04/Jan/2022:10:48:35 +0800] "GET /xingrg/javascript/jquery_easy_ui/themes/default/images/menu_rightarrow.png HTTP/1.1" 200 3617
101.80.229.199 - - [04/Jan/2022:10:48:36 +0800] "POST /xingrg/all/report/load_report_page.html HTTP/1.1" 200 58799
101.80.229.199 - - [04/Jan/2022:10:48:36 +0800] "GET /xingrg/servlets/image?cache=0.4112141758922534&image=px HTTP/1.1" 200 807
222.70.179.159 - - [04/Jan/2022:10:48:37 +0800] "GET /xingrg/all/function/internal_message.html?_=1641264515216&CODE_STATE=getMsg HTTP/1.1" 200 27
222.70.179.159 - - [04/Jan/2022:10:48:37 +0800] "GET /xingrg/check_reg.html?_=1641264515217 HTTP/1.1" 200 22
114.88.155.71 - - [04/Jan/2022:10:48:38 +0800] "GET /xingrg/all/function/internal_message.html?_=1641264322979&CODE_STATE=getMsg HTTP/1.1" 200 27
114.83.217.139 - - [04/Jan/2022:10:48:39 +0800] "POST /xingrg/kc/buy/cgsh_order_operate.html HTTP/1.1" 200 12
101.80.229.199 - - [04/Jan/2022:10:48:40 +0800] "GET /xingrg/all/report/report_query.html?isQuery=1&fileName=kc/base/crk_detail_by_materiel.xml&queryString=&queryText=%25E3%2580%2590%25E4%25BB%2593%25E5%25BA%2593%25E5%2590%258D%25E7%25A7%25B0%253A%25E6%25A5%25BC%25E9%259D%25A2%25E3%2580%2591%25E3%2580%2590%25E4%25B8%259A%25E5%258A%25A1%25E7%25B1%25BB%25E5%259E%258B%25EF%25BC%259A%25E9%2587%2587%25E8%25B4%25AD%25E5%2585%25A5%25E5%25BA%2593%25E3%2580%2591%2520%253F%253F%253F%253F%253F2021-12-01%253F%253F2021-12-31%2520%253F%253F%253F%253F%253F%253F&tableQueryString=crk_table%2524sp1%2524order_day%2520between%252020211201%2520and%252020211231%2520and%2520(base_code%253D'0010795')%2520and%2520(src_order_type%2520in%2520(21))%2520and%2520(is_rk%2520in%2520(1))%2520and%2520(m.sort_code%253D'00101009') HTTP/1.1" 200 53803
101.80.229.199 - - [04/Jan/2022:10:48:40 +0800] "GET /xingrg/dwr/interface/AjaxReportQueryService.js HTTP/1.1" 200 13203
101.80.229.199 - - [04/Jan/2022:10:48:40 +0800] "GET /xingrg/dwr/engine.js HTTP/1.1" 200 43631
114.83.217.139 - - [04/Jan/2022:10:48:40 +0800] "GET /xingrg/kc/buy/cgsh_order_info.html?code=212022010401622 HTTP/1.1" 200 60360
101.80.229.199 - - [04/Jan/2022:10:48:40 +0800] "POST /xingrg/all/report/load_report_page.html HTTP/1.1" 200 34204
101.80.229.199 - - [04/Jan/2022:10:48:40 +0800] "GET /xingrg/servlets/image?cache=0.49120909117060285&image=px HTTP/1.1" 200 807
114.83.217.139 - - [04/Jan/2022:10:48:41 +0800] "GET /xingrg/javascript/easyui/themes/default/validatebox.css HTTP/1.1" 404 1104
114.83.217.139 - - [04/Jan/2022:10:48:41 +0800] "POST /xingrg/kc/buy/cgsh_order_operate.html HTTP/1.1" 200 2974
114.83.217.139 - - [04/Jan/2022:10:48:43 +0800] "GET /xingrg/kc/print/load_data.html?order_code=212022010401622&kc_code=cgsh&condition= HTTP/1.1" 200 1624
61.170.234.223 - - [04/Jan/2022:10:48:43 +0800] "POST /xingrg/kc/base/wldb_order_operate.html HTTP/1.1" 200 37
61.170.234.223 - - [04/Jan/2022:10:48:43 +0800] "POST /xingrg/kc/base/wldb_order_operate.html HTTP/1.1" 200 68942
61.170.234.223 - - [04/Jan/2022:10:48:43 +0800] "GET /xingrg/all/function/internal_message.html?_=1641264523504&CODE_STATE=getMsg HTTP/1.1" 200 27
61.170.234.223 - - [04/Jan/2022:10:48:44 +0800] "GET /xingrg/kc/base/wldb_order_info.html?code=422022010100025 HTTP/1.1" 200 30290
61.170.234.223 - - [04/Jan/2022:10:48:44 +0800] "GET /xingrg/javascript/easyui/themes/default/validatebox.css HTTP/1.1" 404 1104
61.170.234.223 - - [04/Jan/2022:10:48:44 +0800] "GET /xingrg/all/function/internal_message.html?_=1641264525360&CODE_STATE=getMsg HTTP/1.1" 200 27
116.228.172.94 - - [04/Jan/2022:10:48:45 +0800] "GET /xingrg/all/function/internal_message.html?_=1641264493000&CODE_STATE=getMsg HTTP/1.1" 200 27
222.70.179.159 - - [04/Jan/2022:10:48:45 +0800] "GET /xingrg/kc/base/wldb_order_operate.html?command=get_materiel&rest_code=00111&base_code=0010842&code=00101008209 HTTP/1.1" 200 429
61.170.234.223 - - [04/Jan/2022:10:48:45 +0800] "POST /xingrg/kc/base/wldb_order_operate.html HTTP/1.1" 200 68942
180.175.103.30 - - [04/Jan/2022:10:48:45 +0800] "GET /xingrg/all/function/internal_message.html?_=1641264462437&CODE_STATE=getMsg HTTP/1.1" 302 -
116.232.53.14 - - [04/Jan/2022:10:48:45 +0800] "POST /xingrg/kc/buy/cgsh_order_operate.html HTTP/1.1" 200 37
124.77.245.186 - - [04/Jan/2022:10:48:45 +0800] "GET /xingrg/check_reg.html?_=1641264524358 HTTP/1.1" 200 22
58.221.95.50 - - [04/Jan/2022:10:48:47 +0800] "GET /xingrg/all/function/internal_message.html?_=1641264526489&CODE_STATE=getMsg HTTP/1.1" 200 27
116.232.53.14 - - [04/Jan/2022:10:48:47 +0800] "POST /xingrg/kc/buy/cgsh_order_operate.html HTTP/1.1" 200 7391
180.169.147.146 - - [04/Jan/2022:10:48:49 +0800] "GET /xingrg/all/function/internal_message.html?_=1641264527715&CODE_STATE=getMsg HTTP/1.1" 200 27
114.95.98.1 - - [04/Jan/2022:10:48:49 +0800] "GET /xingrg/all/function/internal_message.html?_=1641264543902&CODE_STATE=getMsg HTTP/1.1" 200 27
116.232.53.14 - - [04/Jan/2022:10:48:49 +0800] "GET /xingrg/kc/print/load_config.html?kc_code=cgsh HTTP/1.1" 200 1943
116.232.53.14 - - [04/Jan/2022:10:48:50 +0800] "GET /xingrg/kc/print/load_data.html?order_code=212022010401623&kc_code=cgsh&condition= HTTP/1.1" 200 2472
61.165.255.114 - - [04/Jan/2022:10:48:54 +0800] "GET /xingrg/check_reg.html?_=1641264533509 HTTP/1.1" 200 22
61.165.255.114 - - [04/Jan/2022:10:48:54 +0800] "GET /xingrg/all/function/internal_message.html?_=1641264533513&CODE_STATE=getMsg HTTP/1.1" 200 27
114.83.217.139 - - [04/Jan/2022:10:48:54 +0800] "GET /xingrg/kc/buy/cgsh_order_add.html HTTP/1.1" 200 65451
114.83.217.139 - - [04/Jan/2022:10:48:55 +0800] "POST /xingrg/kc/buy/cgsh_order_operate.html HTTP/1.1" 200 8245
114.83.217.139 - - [04/Jan/2022:10:48:55 +0800] "GET /xingrg/javascript/easyui/themes/default/validatebox.css HTTP/1.1" 404 1104
116.232.53.14 - - [04/Jan/2022:10:48:56 +0800] "GET /xingrg/all/function/internal_message.html?_=1641264536667&CODE_STATE=getMsg HTTP/1.1" 200 27
222.70.179.159 - - [04/Jan/2022:10:48:58 +0800] "GET /xingrg/kc/base/wldb_order_operate.html?command=get_materiel&rest_code=00111&base_code=0010842&code=00101008300 HTTP/1.1" 200 434
116.227.210.113 - - [04/Jan/2022:10:49:04 +0800] "GET /xingrg/all/function/internal_message.html?_=1641264528881&CODE_STATE=getMsg HTTP/1.1" 200 27
101.80.229.199 - - [04/Jan/2022:10:49:06 +0800] "GET /xingrg/all/function/internal_message.html?_=1641264546002&CODE_STATE=getMsg HTTP/1.1" 200 27
114.83.217.139 - - [04/Jan/2022:10:49:09 +0800] "GET /xingrg/all/function/internal_message.html?_=1641264548491&CODE_STATE=getMsg HTTP/1.1" 200 27
114.83.217.139 - - [04/Jan/2022:10:49:11 +0800] "GET /xingrg/kc/buy/cgsh_order_operate.html?command=get_materiel&rest_code=00149&code=00101009109&supplier_code=00100201&order_time=2022-01-04 HTTP/1.1" 200 399
61.151.207.141 - - [04/Jan/2022:10:49:12 +0800] "GET /xingrg/check_reg.html?_=1641262902013 HTTP/1.1" 302 -
180.169.147.146 - - [04/Jan/2022:10:49:12 +0800] "GET /xingrg/all/function/internal_message.html?_=1641264553999&CODE_STATE=getMsg HTTP/1.1" 200 27
61.151.207.141 - - [04/Jan/2022:10:49:13 +0800] "GET /xingrg/login.html HTTP/1.1" 200 7641
180.169.147.146 - - [04/Jan/2022:10:49:14 +0800] "GET /xingrg/check_reg.html?_=1641264555781 HTTP/1.1" 200 22
124.77.245.186 - - [04/Jan/2022:10:49:17 +0800] "GET /xingrg/all/function/internal_message.html?_=1641264555650&CODE_STATE=getMsg HTTP/1.1" 200 27
61.170.234.223 - - [04/Jan/2022:10:49:21 +0800] "POST /xingrg/kc/base/wldb_order_operate.html HTTP/1.1" 200 37
114.83.217.139 - - [04/Jan/2022:10:49:21 +0800] "GET /xingrg/kc/buy/cgsh_order_operate.html?command=get_materiel&rest_code=00149&code=00101009062&supplier_code=00100201&order_time=2022-01-04 HTTP/1.1" 200 412
180.175.103.30 - - [04/Jan/2022:10:49:21 +0800] "GET /xingrg/all/function/internal_message.html?_=1641264560661&CODE_STATE=getMsg HTTP/1.1" 200 27
61.170.234.223 - - [04/Jan/2022:10:49:22 +0800] "POST /xingrg/kc/base/wldb_order_operate.html HTTP/1.1" 200 200
61.170.234.223 - - [04/Jan/2022:10:49:22 +0800] "POST /xingrg/kc/base/wldb_order_operate.html HTTP/1.1" 200 68942
114.85.125.222 - - [04/Jan/2022:10:49:24 +0800] "GET /xingrg/all/function/internal_message.html?_=1641264501837&CODE_STATE=getMsg HTTP/1.1" 200 27
61.151.178.177 - - [04/Jan/2022:10:49:28 +0800] "GET /xingrg/all/function/internal_message.html?_=1641262842015&CODE_STATE=getMsg HTTP/1.1" 302 -
61.151.178.177 - - [04/Jan/2022:10:49:29 +0800] "GET /xingrg/login.html HTTP/1.1" 200 7641
114.83.217.139 - - [04/Jan/2022:10:49:29 +0800] "GET /xingrg/kc/buy/cgsh_order_operate.html?command=get_materiel&rest_code=00149&code=00101009011&supplier_code=00100201&order_time=2022-01-04 HTTP/1.1" 200 416
180.169.147.146 - - [04/Jan/2022:10:49:32 +0800] "GET /xingrg/all/function/internal_message.html?_=1641264571946&CODE_STATE=getMsg HTTP/1.1" 200 27
222.70.179.159 - - [04/Jan/2022:10:49:37 +0800] "GET /xingrg/all/function/internal_message.html?_=1641264575196&CODE_STATE=getMsg HTTP/1.1" 200 27
114.83.217.139 - - [04/Jan/2022:10:49:38 +0800] "GET /xingrg/kc/buy/cgsh_order_operate.html?command=get_materiel&rest_code=00149&code=00101009007&supplier_code=00100201&order_time=2022-01-04 HTTP/1.1" 200 408
114.88.155.71 - - [04/Jan/2022:10:49:38 +0800] "GET /xingrg/all/function/internal_message.html?_=1641264382974&CODE_STATE=getMsg HTTP/1.1" 200 27
101.89.239.245 - - [04/Jan/2022:10:49:38 +0800] "GET /xingrg/all/function/internal_message.html?_=1641262601998&CODE_STATE=count HTTP/1.1" 302 -
101.89.239.245 - - [04/Jan/2022:10:49:39 +0800] "GET /xingrg/login.html HTTP/1.1" 200 7641
124.77.245.186 - - [04/Jan/2022:10:49:40 +0800] "GET /xingrg/kc/buy/cgsh_order_list.html HTTP/1.1" 200 49594
124.77.245.186 - - [04/Jan/2022:10:49:43 +0800] "POST /xingrg/kc/buy/cgsh_list_operate.html HTTP/1.1" 200 876
61.170.234.223 - - [04/Jan/2022:10:49:43 +0800] "GET /xingrg/all/function/internal_message.html?_=1641264583484&CODE_STATE=getMsg HTTP/1.1" 200 27
61.170.234.223 - - [04/Jan/2022:10:49:44 +0800] "GET /xingrg/all/function/internal_message.html?_=1641264585361&CODE_STATE=getMsg HTTP/1.1" 200 27
116.228.172.94 - - [04/Jan/2022:10:49:45 +0800] "GET /xingrg/all/function/internal_message.html?_=1641264552993&CODE_STATE=getMsg HTTP/1.1" 200 27
180.175.103.30 - - [04/Jan/2022:10:49:45 +0800] "GET /xingrg/all/function/internal_message.html?_=1641264522439&CODE_STATE=getMsg HTTP/1.1" 302 -
58.221.95.50 - - [04/Jan/2022:10:49:47 +0800] "GET /xingrg/all/function/internal_message.html?_=1641264586492&CODE_STATE=getMsg HTTP/1.1" 200 27
114.83.217.139 - - [04/Jan/2022:10:49:48 +0800] "POST /xingrg/services/DataTransmitService HTTP/1.1" 200 524
114.83.217.139 - - [04/Jan/2022:10:49:48 +0800] "POST /xingrg/services/DataTransmitService HTTP/1.1" 200 501
61.170.234.223 - - [04/Jan/2022:10:49:49 +0800] "POST /xingrg/kc/base/wldb_list_operate.html HTTP/1.1" 200 580
180.169.147.146 - - [04/Jan/2022:10:49:49 +0800] "GET /xingrg/check_reg.html?_=1641264587730 HTTP/1.1" 200 22
180.169.147.146 - - [04/Jan/2022:10:49:49 +0800] "GET /xingrg/all/function/internal_message.html?_=1641264587739&CODE_STATE=getMsg HTTP/1.1" 200 27
114.95.98.1 - - [04/Jan/2022:10:49:49 +0800] "GET /xingrg/all/function/internal_message.html?_=1641264604257&CODE_STATE=getMsg HTTP/1.1" 200 27
114.83.217.139 - - [04/Jan/2022:10:49:49 +0800] "POST /xingrg/kc/buy/cgsh_order_operate.html HTTP/1.1" 200 37
61.170.234.223 - - [04/Jan/2022:10:49:51 +0800] "GET /xingrg/kc/base/wldb_order_info.html?code=422022010100003 HTTP/1.1" 200 30294
61.170.234.223 - - [04/Jan/2022:10:49:51 +0800] "GET /xingrg/javascript/easyui/themes/default/validatebox.css HTTP/1.1" 404 1104
61.170.234.223 - - [04/Jan/2022:10:49:51 +0800] "POST /xingrg/kc/base/wldb_order_operate.html HTTP/1.1" 200 34722
61.170.234.223 - - [04/Jan/2022:10:49:54 +0800] "POST /xingrg/kc/buy/cgsh_order_operate.html HTTP/1.1" 200 37
61.165.255.114 - - [04/Jan/2022:10:49:54 +0800] "GET /xingrg/all/function/internal_message.html?_=1641264593497&CODE_STATE=getMsg HTTP/1.1" 200 27
61.170.234.223 - - [04/Jan/2022:10:49:55 +0800] "GET /xingrg/kc/base/base_main.html HTTP/1.1" 200 12142
61.151.207.141 - - [04/Jan/2022:10:49:55 +0800] "GET /xingrg/kc/report/report_main.html HTTP/1.1" 302 -
61.170.234.223 - - [04/Jan/2022:10:49:55 +0800] "POST /xingrg/kc/buy/cgsh_order_operate.html HTTP/1.1" 200 31601
61.170.234.223 - - [04/Jan/2022:10:49:56 +0800] "GET /xingrg/kc/base/base_main.html HTTP/1.1" 200 12142
116.232.53.14 - - [04/Jan/2022:10:49:56 +0800] "GET /xingrg/all/function/internal_message.html?_=1641264596672&CODE_STATE=getMsg HTTP/1.1" 200 27
61.151.207.141 - - [04/Jan/2022:10:49:57 +0800] "GET /xingrg/login.html HTTP/1.1" 200 7641
114.83.217.139 - - [04/Jan/2022:10:49:57 +0800] "POST /xingrg/kc/buy/cgsh_order_operate.html HTTP/1.1" 200 12
61.170.234.223 - - [04/Jan/2022:10:49:58 +0800] "GET /xingrg/kc/base/wldb_order_list.html HTTP/1.1" 200 19060
61.170.234.223 - - [04/Jan/2022:10:49:58 +0800] "GET /xingrg/kc/base/check_order_list.html HTTP/1.1" 200 16179
61.170.234.223 - - [04/Jan/2022:10:49:58 +0800] "POST /xingrg/kc/base/wldb_list_operate.html HTTP/1.1" 200 2172
114.83.217.139 - - [04/Jan/2022:10:49:58 +0800] "GET /xingrg/kc/buy/cgsh_order_info.html?code=212022010401624 HTTP/1.1" 200 60360
61.170.234.223 - - [04/Jan/2022:10:49:58 +0800] "POST /xingrg/kc/base/check_list_operate.html HTTP/1.1" 200 781
114.83.217.139 - - [04/Jan/2022:10:49:59 +0800] "GET /xingrg/javascript/easyui/themes/default/validatebox.css HTTP/1.1" 404 1104
114.83.217.139 - - [04/Jan/2022:10:49:59 +0800] "POST /xingrg/kc/buy/cgsh_order_operate.html HTTP/1.1" 200 2380
114.83.217.139 - - [04/Jan/2022:10:50:01 +0800] "GET /xingrg/kc/print/load_data.html?order_code=212022010401624&kc_code=cgsh&condition= HTTP/1.1" 200 1389
61.170.234.223 - - [04/Jan/2022:10:50:02 +0800] "POST /xingrg/kc/base/check_list_operate.html HTTP/1.1" 200 5472
61.170.234.223 - - [04/Jan/2022:10:50:02 +0800] "GET /xingrg/kc/base/base_main.html HTTP/1.1" 200 12142
61.170.234.223 - - [04/Jan/2022:10:50:03 +0800] "GET /xingrg/kc/base/wldb_order_list.html HTTP/1.1" 200 19060
116.227.210.113 - - [04/Jan/2022:10:50:04 +0800] "GET /xingrg/all/function/internal_message.html?_=1641264588881&CODE_STATE=getMsg HTTP/1.1" 200 27
116.227.210.113 - - [04/Jan/2022:10:50:04 +0800] "GET /xingrg/check_reg.html?_=1641264588884 HTTP/1.1" 200 22
61.170.234.223 - - [04/Jan/2022:10:50:04 +0800] "POST /xingrg/kc/base/wldb_list_operate.html HTTP/1.1" 200 2172
114.83.217.139 - - [04/Jan/2022:10:50:05 +0800] "GET /xingrg/kc/buy/cgsh_order_add.html HTTP/1.1" 200 65451
114.83.217.139 - - [04/Jan/2022:10:50:05 +0800] "POST /xingrg/kc/buy/cgsh_order_operate.html HTTP/1.1" 200 8245
114.83.217.139 - - [04/Jan/2022:10:50:05 +0800] "GET /xingrg/javascript/easyui/themes/default/validatebox.css HTTP/1.1" 404 1104
101.80.229.199 - - [04/Jan/2022:10:50:06 +0800] "GET /xingrg/all/function/internal_message.html?_=1641264606004&CODE_STATE=getMsg HTTP/1.1" 200 27
61.170.234.223 - - [04/Jan/2022:10:50:06 +0800] "GET /xingrg/kc/base/wldb_order_add.html HTTP/1.1" 200 30274
61.170.234.223 - - [04/Jan/2022:10:50:07 +0800] "POST /xingrg/kc/base/wldb_order_operate.html HTTP/1.1" 200 6806
61.170.234.223 - - [04/Jan/2022:10:50:07 +0800] "GET /xingrg/javascript/easyui/themes/default/validatebox.css HTTP/1.1" 404 1104
61.170.234.223 - - [04/Jan/2022:10:50:09 +0800] "POST /xingrg/all/common/load_combo.html?type=base HTTP/1.1" 200 3315
114.83.217.139 - - [04/Jan/2022:10:50:09 +0800] "GET /xingrg/all/function/internal_message.html?_=1641264608468&CODE_STATE=getMsg HTTP/1.1" 200 27
180.169.147.146 - - [04/Jan/2022:10:50:12 +0800] "GET /xingrg/all/function/internal_message.html?_=1641264613970&CODE_STATE=getMsg HTTP/1.1" 200 27
61.170.234.223 - - [04/Jan/2022:10:50:14 +0800] "POST /xingrg/all/common/load_combo.html?type=base HTTP/1.1" 200 3315
124.77.245.186 - - [04/Jan/2022:10:50:17 +0800] "GET /xingrg/all/function/internal_message.html?_=1641264615664&CODE_STATE=getMsg HTTP/1.1" 200 27
180.175.103.30 - - [04/Jan/2022:10:50:21 +0800] "GET /xingrg/all/function/internal_message.html?_=1641264620644&CODE_STATE=getMsg HTTP/1.1" 200 27
114.85.125.222 - - [04/Jan/2022:10:50:24 +0800] "GET /xingrg/all/function/internal_message.html?_=1641264561850&CODE_STATE=getMsg HTTP/1.1" 200 27
180.157.251.97 - - [04/Jan/2022:10:50:24 +0800] "GET /favicon.ico HTTP/1.1" 404 -
61.170.234.223 - - [04/Jan/2022:10:50:29 +0800] "GET /xingrg/kc/base/base_main.html HTTP/1.1" 200 12142
61.170.234.223 - - [04/Jan/2022:10:50:31 +0800] "GET /xingrg/kc/base/check_order_list.html HTTP/1.1" 200 16179
61.170.234.223 - - [04/Jan/2022:10:50:31 +0800] "GET /xingrg/javascript/auto/indicator.gif HTTP/1.1" 404 1066
61.170.234.223 - - [04/Jan/2022:10:50:31 +0800] "POST /xingrg/kc/base/check_list_operate.html HTTP/1.1" 200 781
180.169.147.146 - - [04/Jan/2022:10:50:32 +0800] "GET /xingrg/all/function/internal_message.html?_=1641264631948&CODE_STATE=getMsg HTTP/1.1" 200 27
61.170.234.223 - - [04/Jan/2022:10:50:33 +0800] "GET /xingrg/kc/base/base_main.html HTTP/1.1" 200 12142
61.170.234.223 - - [04/Jan/2022:10:50:35 +0800] "GET /xingrg/kc/base/wldb_order_list.html HTTP/1.1" 200 19060
61.170.234.223 - - [04/Jan/2022:10:50:35 +0800] "GET /xingrg/kc/base/wldb_order_operate.html?command=get_materiel&rest_code=00106&base_code=0010396&code=00101013190 HTTP/1.1" 200 434
61.170.234.223 - - [04/Jan/2022:10:50:35 +0800] "POST /xingrg/kc/base/wldb_list_operate.html HTTP/1.1" 200 2172
222.70.179.159 - - [04/Jan/2022:10:50:37 +0800] "GET /xingrg/all/function/internal_message.html?_=1641264635191&CODE_STATE=getMsg HTTP/1.1" 200 27
61.170.234.223 - - [04/Jan/2022:10:50:37 +0800] "POST /xingrg/kc/base/wldb_list_operate.html HTTP/1.1" 200 580
61.170.234.223 - - [04/Jan/2022:10:50:38 +0800] "GET /xingrg/kc/base/wldb_order_info.html?code=422022010100003 HTTP/1.1" 200 30294
124.77.245.186 - - [04/Jan/2022:10:50:38 +0800] "POST /xingrg/kc/buy/cgsh_list_operate.html HTTP/1.1" 200 5868
61.170.234.223 - - [04/Jan/2022:10:50:38 +0800] "GET /xingrg/all/common/auto_word.html?type=base&rest_code=00106 HTTP/1.1" 200 1849
61.170.234.223 - - [04/Jan/2022:10:50:38 +0800] "GET /xingrg/all/common/auto_word.html?type=base&rest_code=00106 HTTP/1.1" 200 1849
61.170.234.223 - - [04/Jan/2022:10:50:38 +0800] "GET /xingrg/javascript/easyui/themes/default/validatebox.css HTTP/1.1" 404 1104
114.88.155.71 - - [04/Jan/2022:10:50:38 +0800] "GET /xingrg/check_reg.html?_=1641264442987 HTTP/1.1" 200 22
114.88.155.71 - - [04/Jan/2022:10:50:38 +0800] "GET /xingrg/all/function/internal_message.html?_=1641264442989&CODE_STATE=getMsg HTTP/1.1" 200 27
61.170.234.223 - - [04/Jan/2022:10:50:40 +0800] "POST /xingrg/kc/base/wldb_order_operate.html HTTP/1.1" 200 34722
61.170.234.223 - - [04/Jan/2022:10:50:42 +0800] "GET /xingrg/javascript/jquery_tools/images/next.gif HTTP/1.1" 404 1086
61.170.234.223 - - [04/Jan/2022:10:50:42 +0800] "GET /xingrg/javascript/jquery_tools/images/prev.gif HTTP/1.1" 404 1086
61.170.234.223 - - [04/Jan/2022:10:50:43 +0800] "GET /xingrg/all/function/internal_message.html?_=1641264643471&CODE_STATE=getMsg HTTP/1.1" 200 27
61.170.234.223 - - [04/Jan/2022:10:50:44 +0800] "GET /xingrg/check_reg.html?_=1641264645366 HTTP/1.1" 200 22
61.170.234.223 - - [04/Jan/2022:10:50:44 +0800] "GET /xingrg/all/function/internal_message.html?_=1641264645368&CODE_STATE=getMsg HTTP/1.1" 200 27
116.228.172.94 - - [04/Jan/2022:10:50:45 +0800] "GET /xingrg/all/function/internal_message.html?_=1641264612991&CODE_STATE=getMsg HTTP/1.1" 200 27
180.175.103.30 - - [04/Jan/2022:10:50:45 +0800] "GET /xingrg/check_reg.html?_=1641264582454 HTTP/1.1" 302 -
180.175.103.30 - - [04/Jan/2022:10:50:45 +0800] "GET /xingrg/all/function/internal_message.html?_=1641264582457&CODE_STATE=getMsg HTTP/1.1" 302 -
58.221.95.50 - - [04/Jan/2022:10:50:47 +0800] "GET /xingrg/all/function/internal_message.html?_=1641264646477&CODE_STATE=getMsg HTTP/1.1" 200 27
61.170.234.223 - - [04/Jan/2022:10:50:48 +0800] "GET /xingrg/kc/base/wldb_order_operate.html?command=get_materiel&rest_code=00106&base_code=0010396&code=00101010057 HTTP/1.1" 200 440
172.20.0.100 - - [04/Jan/2022:10:50:48 +0800] "GET /xingrg/check_reg.html?_=1641264647224 HTTP/1.1" 302 -
180.169.147.146 - - [04/Jan/2022:10:50:49 +0800] "GET /xingrg/all/function/internal_message.html?_=1641264647727&CODE_STATE=getMsg HTTP/1.1" 200 27
114.95.98.1 - - [04/Jan/2022:10:50:50 +0800] "GET /xingrg/all/function/internal_message.html?_=1641264664272&CODE_STATE=getMsg HTTP/1.1" 200 27
61.165.255.114 - - [04/Jan/2022:10:50:54 +0800] "GET /xingrg/all/function/internal_message.html?_=1641264653515&CODE_STATE=getMsg HTTP/1.1" 200 27
116.232.53.14 - - [04/Jan/2022:10:50:56 +0800] "GET /xingrg/all/function/internal_message.html?_=1641264656687&CODE_STATE=getMsg HTTP/1.1" 200 27
116.232.53.14 - - [04/Jan/2022:10:50:56 +0800] "GET /xingrg/check_reg.html?_=1641264656688 HTTP/1.1" 200 22
124.77.245.186 - - [04/Jan/2022:10:51:00 +0800] "POST /xingrg/kc/buy/cgsh_list_operate.html HTTP/1.1" 200 3680
61.170.234.223 - - [04/Jan/2022:10:51:01 +0800] "POST /xingrg/kc/base/wldb_order_operate.html HTTP/1.1" 200 37
61.170.234.223 - - [04/Jan/2022:10:51:01 +0800] "POST /xingrg/kc/base/wldb_order_operate.html HTTP/1.1" 200 34722
61.170.234.223 - - [04/Jan/2022:10:51:02 +0800] "GET /xingrg/kc/base/wldb_order_info.html?code=422022010100003 HTTP/1.1" 200 30294
61.170.234.223 - - [04/Jan/2022:10:51:02 +0800] "GET /xingrg/javascript/easyui/themes/default/validatebox.css HTTP/1.1" 404 1104
61.170.234.223 - - [04/Jan/2022:10:51:03 +0800] "POST /xingrg/kc/base/wldb_order_operate.html HTTP/1.1" 200 34722
116.227.210.113 - - [04/Jan/2022:10:51:04 +0800] "GET /xingrg/all/function/internal_message.html?_=1641264648855&CODE_STATE=getMsg HTTP/1.1" 200 27
222.70.179.159 - - [04/Jan/2022:10:51:05 +0800] "GET /xingrg/kc/base/wldb_order_operate.html?command=get_materiel&rest_code=00111&base_code=0010842&code=00101009027 HTTP/1.1" 200 434
101.80.229.199 - - [04/Jan/2022:10:51:06 +0800] "GET /xingrg/all/function/internal_message.html?_=1641264666006&CODE_STATE=getMsg HTTP/1.1" 200 27
61.170.234.223 - - [04/Jan/2022:10:51:07 +0800] "GET /xingrg/kc/base/wldb_order_operate.html?command=get_materiel&rest_code=00106&base_code=0010396&code=00101016083 HTTP/1.1" 200 450
61.170.234.223 - - [04/Jan/2022:10:51:08 +0800] "POST /xingrg/kc/base/wldb_order_operate.html HTTP/1.1" 200 37
61.170.234.223 - - [04/Jan/2022:10:51:08 +0800] "POST /xingrg/kc/base/wldb_order_operate.html HTTP/1.1" 200 200
61.170.234.223 - - [04/Jan/2022:10:51:09 +0800] "POST /xingrg/kc/base/wldb_order_operate.html HTTP/1.1" 200 34722
114.83.217.139 - - [04/Jan/2022:10:51:09 +0800] "GET /xingrg/all/function/internal_message.html?_=1641264668447&CODE_STATE=getMsg HTTP/1.1" 200 27
114.83.217.139 - - [04/Jan/2022:10:51:11 +0800] "GET /xingrg/check_reg.html?_=1641264670078 HTTP/1.1" 200 22
180.169.147.146 - - [04/Jan/2022:10:51:12 +0800] "GET /xingrg/all/function/internal_message.html?_=1641264673941&CODE_STATE=getMsg HTTP/1.1" 200 27
222.70.179.159 - - [04/Jan/2022:10:51:16 +0800] "GET /xingrg/kc/base/wldb_order_operate.html?command=get_materiel&rest_code=00111&base_code=0010842&code=00101009031 HTTP/1.1" 200 429
124.77.245.186 - - [04/Jan/2022:10:51:17 +0800] "GET /xingrg/all/function/internal_message.html?_=1641264675676&CODE_STATE=getMsg HTTP/1.1" 200 27
180.175.103.30 - - [04/Jan/2022:10:51:21 +0800] "GET /xingrg/all/function/internal_message.html?_=1641264680624&CODE_STATE=getMsg HTTP/1.1" 200 27
61.170.234.223 - - [04/Jan/2022:10:51:21 +0800] "GET /xingrg/kc/base/base_main.html HTTP/1.1" 200 12142
61.170.234.223 - - [04/Jan/2022:10:51:22 +0800] "GET /xingrg/kc/base/wldb_order_operate.html?command=get_materiel&rest_code=00106&base_code=0010396&code=00101016094 HTTP/1.1" 200 470
180.175.103.30 - - [04/Jan/2022:10:51:22 +0800] "GET /xingrg/check_reg.html?_=1641264681584 HTTP/1.1" 200 22
61.170.234.223 - - [04/Jan/2022:10:51:22 +0800] "GET /xingrg/kc/base/check_order_list.html HTTP/1.1" 200 16179
61.170.234.223 - - [04/Jan/2022:10:51:23 +0800] "POST /xingrg/kc/base/check_list_operate.html HTTP/1.1" 200 781
114.85.125.222 - - [04/Jan/2022:10:51:24 +0800] "GET /xingrg/all/function/internal_message.html?_=1641264621867&CODE_STATE=getMsg HTTP/1.1" 200 27
61.170.234.223 - - [04/Jan/2022:10:51:25 +0800] "POST /xingrg/kc/base/check_list_operate.html HTTP/1.1" 200 5472
61.170.234.223 - - [04/Jan/2022:10:51:28 +0800] "POST /xingrg/kc/base/check_list_operate.html HTTP/1.1" 200 5600
180.169.147.146 - - [04/Jan/2022:10:51:32 +0800] "GET /xingrg/all/function/internal_message.html?_=1641264691942&CODE_STATE=getMsg HTTP/1.1" 200 27
61.170.234.223 - - [04/Jan/2022:10:51:34 +0800] "POST /xingrg/kc/base/check_list_operate.html HTTP/1.1" 200 5472
61.170.234.223 - - [04/Jan/2022:10:51:36 +0800] "GET /xingrg/kc/base/wldb_order_operate.html?command=get_materiel&rest_code=00106&base_code=0010396&code=00101019018 HTTP/1.1" 200 451
222.70.179.159 - - [04/Jan/2022:10:51:37 +0800] "GET /xingrg/all/function/internal_message.html?_=1641264695183&CODE_STATE=getMsg HTTP/1.1" 200 27
114.88.155.71 - - [04/Jan/2022:10:51:38 +0800] "GET /xingrg/all/function/internal_message.html?_=1641264502985&CODE_STATE=getMsg HTTP/1.1" 200 27
114.95.98.1 - - [04/Jan/2022:10:51:42 +0800] "GET /xingrg/check_reg.html?_=1641264717358 HTTP/1.1" 200 22
61.170.234.223 - - [04/Jan/2022:10:51:43 +0800] "GET /xingrg/all/function/internal_message.html?_=1641264703484&CODE_STATE=getMsg HTTP/1.1" 200 27
61.170.234.223 - - [04/Jan/2022:10:51:43 +0800] "GET /xingrg/check_reg.html?_=1641264703555 HTTP/1.1" 200 22
61.170.234.223 - - [04/Jan/2022:10:51:44 +0800] "POST /xingrg/kc/base/wldb_order_operate.html HTTP/1.1" 200 37
61.170.234.223 - - [04/Jan/2022:10:51:44 +0800] "GET /xingrg/all/function/internal_message.html?_=1641264705360&CODE_STATE=getMsg HTTP/1.1" 200 27
116.228.172.94 - - [04/Jan/2022:10:51:45 +0800] "GET /xingrg/all/function/internal_message.html?_=1641264672990&CODE_STATE=getMsg HTTP/1.1" 200 27
61.170.234.223 - - [04/Jan/2022:10:51:45 +0800] "POST /xingrg/kc/base/wldb_order_operate.html HTTP/1.1" 200 200
180.175.103.30 - - [04/Jan/2022:10:51:45 +0800] "GET /xingrg/all/function/internal_message.html?_=1641264642461&CODE_STATE=getMsg HTTP/1.1" 302 -
61.170.234.223 - - [04/Jan/2022:10:51:45 +0800] "POST /xingrg/kc/base/wldb_order_operate.html HTTP/1.1" 200 34722
172.20.0.100 - - [04/Jan/2022:10:51:46 +0800] "GET /xingrg/javascript/jquery_easy_ui/themes/icons/area.png HTTP/1.1" 200 262
172.20.0.100 - - [04/Jan/2022:10:51:46 +0800] "GET /xingrg/javascript/jquery_easy_ui/themes/default/images/button_a_bg.gif HTTP/1.1" 200 1194
172.20.0.100 - - [04/Jan/2022:10:51:46 +0800] "GET /xingrg/javascript/jquery_easy_ui/themes/icons/rest.png HTTP/1.1" 200 695
172.20.0.100 - - [04/Jan/2022:10:51:46 +0800] "GET /xingrg/javascript/jquery_easy_ui/themes/icons/manage.png HTTP/1.1" 200 696
172.20.0.100 - - [04/Jan/2022:10:51:46 +0800] "GET /xingrg/javascript/jquery_easy_ui/themes/default/images/button_span_bg.gif HTTP/1.1" 200 2061
172.20.0.100 - - [04/Jan/2022:10:51:46 +0800] "GET /xingrg/javascript/jquery_easy_ui/themes/default/images/panel_title.png HTTP/1.1" 200 266
172.20.0.100 - - [04/Jan/2022:10:51:46 +0800] "GET /xingrg/javascript/jquery_easy_ui/themes/default/images/panel_tools.gif HTTP/1.1" 200 737
172.20.0.100 - - [04/Jan/2022:10:51:46 +0800] "GET /xingrg/javascript/jquery_easy_ui/themes/icons/ok.png HTTP/1.1" 200 883
58.221.95.50 - - [04/Jan/2022:10:51:47 +0800] "GET /xingrg/all/function/internal_message.html?_=1641264706504&CODE_STATE=getMsg HTTP/1.1" 200 27
58.221.95.50 - - [04/Jan/2022:10:51:47 +0800] "GET /xingrg/check_reg.html?_=1641264706505 HTTP/1.1" 200 22
172.20.0.100 - - [04/Jan/2022:10:51:48 +0800] "GET /xingrg/images/control/ajaxLoader.gif HTTP/1.1" 200 4659
172.20.0.100 - - [04/Jan/2022:10:51:48 +0800] "POST /xingrg/all/user/operate.html HTTP/1.1" 302 -
180.169.147.146 - - [04/Jan/2022:10:51:49 +0800] "GET /xingrg/all/function/internal_message.html?_=1641264707732&CODE_STATE=getMsg HTTP/1.1" 200 27
114.95.98.1 - - [04/Jan/2022:10:51:50 +0800] "GET /xingrg/all/function/internal_message.html?_=1641264724613&CODE_STATE=getMsg HTTP/1.1" 200 27
61.170.234.223 - - [04/Jan/2022:10:51:51 +0800] "GET /xingrg/kc/base/wldb_order_operate.html?command=get_materiel&rest_code=00106&base_code=0010396&code=00101019155 HTTP/1.1" 200 478
172.20.0.100 - - [04/Jan/2022:10:51:53 +0800] "GET /xingrg/index.html?sysBaseUrl=http%3A%2F%2F172.17.0.8%3A18081%2Fxingrg%2F&costTime=213×tamp=1585200360465 HTTP/1.1" 302 -
172.20.0.100 - - [04/Jan/2022:10:51:53 +0800] "GET /xingrg/login.html HTTP/1.1" 200 7636
172.20.0.100 - - [04/Jan/2022:10:51:53 +0800] "GET /xingrg/images/blue/jxLogo.png HTTP/1.1" 200 6156
172.20.0.100 - - [04/Jan/2022:10:51:53 +0800] "GET /xingrg/images/blue/login_bg.png HTTP/1.1" 200 22101
172.20.0.100 - - [04/Jan/2022:10:51:53 +0800] "GET /xingrg/images/blue/hj.png HTTP/1.1" 200 1014
172.20.0.100 - - [04/Jan/2022:10:51:53 +0800] "GET /xingrg/images/blue/srbg.png HTTP/1.1" 200 138
172.20.0.100 - - [04/Jan/2022:10:51:53 +0800] "GET /favicon.ico HTTP/1.1" 404 -
61.165.255.114 - - [04/Jan/2022:10:51:54 +0800] "GET /xingrg/all/function/internal_message.html?_=1641264713515&CODE_STATE=getMsg HTTP/1.1" 200 27
172.20.0.100 - - [04/Jan/2022:10:51:55 +0800] "POST /xingrg/login.do HTTP/1.1" 302 -
172.20.0.100 - - [04/Jan/2022:10:51:55 +0800] "GET /xingrg/index.html?sysBaseUrl=http%3A%2F%2F172.20.0.8%3A18081%2Fxingrg%2F&costTime=42×tamp=1641264715017 HTTP/1.1" 200 17448
172.20.0.100 - - [04/Jan/2022:10:51:55 +0800] "GET /xingrg/javascript/jquery_easy_ui/themes/icon.css HTTP/1.1" 200 3949
172.20.0.100 - - [04/Jan/2022:10:51:55 +0800] "GET /xingrg/css/form.css HTTP/1.1" 200 893
172.20.0.100 - - [04/Jan/2022:10:51:55 +0800] "GET /xingrg/javascript/jquery-1.4.2.min.js HTTP/1.1" 200 72205
172.20.0.100 - - [04/Jan/2022:10:51:55 +0800] "GET /xingrg/javascript/jquery_easy_ui/themes/default/easyui.css HTTP/1.1" 200 26500
172.20.0.100 - - [04/Jan/2022:10:51:55 +0800] "GET /xingrg/javascript/jquery_easy_ui/jquery.easyui.min.js HTTP/1.1" 200 213662
172.20.0.100 - - [04/Jan/2022:10:51:55 +0800] "GET /xingrg/javascript/jquery_easy_ui/easyui-lang-zh_CN.js HTTP/1.1" 200 1900
172.20.0.100 - - [04/Jan/2022:10:51:55 +0800] "GET /xingrg/javascript/jquery.form.js HTTP/1.1" 200 23110
172.20.0.100 - - [04/Jan/2022:10:51:55 +0800] "GET /xingrg/javascript/jquery.timers.js HTTP/1.1" 200 3532
172.20.0.100 - - [04/Jan/2022:10:51:55 +0800] "GET /favicon.ico HTTP/1.1" 404 -
172.20.0.100 - - [04/Jan/2022:10:51:55 +0800] "GET /xingrg/javascript/jquery.utils.js HTTP/1.1" 200 11805
172.20.0.100 - - [04/Jan/2022:10:51:55 +0800] "GET /xingrg/javascript/jquery_easy_ui/themes/icons/settle_new.png HTTP/1.1" 200 826
172.20.0.100 - - [04/Jan/2022:10:51:55 +0800] "GET /xingrg/images/blue/navBackgound.jpg HTTP/1.1" 200 12378
172.20.0.100 - - [04/Jan/2022:10:51:55 +0800] "POST /xingrg/all/common/load_tree.html?tree=area_rest_tree_json&manage=1 HTTP/1.1" 200 3472
172.20.0.100 - - [04/Jan/2022:10:51:55 +0800] "GET /xingrg/images/blue/pingpu.png HTTP/1.1" 200 231
172.20.0.100 - - [04/Jan/2022:10:51:55 +0800] "GET /xingrg/javascript/jquery_easy_ui/themes/default/images/tabs_rightarrow.png HTTP/1.1" 200 395
172.20.0.100 - - [04/Jan/2022:10:51:55 +0800] "GET /xingrg/check_reg.html?_=1641264713950 HTTP/1.1" 200 22
172.20.0.100 - - [04/Jan/2022:10:51:55 +0800] "GET /xingrg/all/function/internal_message.html?_=1641264713949&CODE_STATE=count HTTP/1.1" 200 11
172.20.0.100 - - [04/Jan/2022:10:51:55 +0800] "GET /xingrg/javascript/jquery_easy_ui/themes/default/images/tabs_leftarrow.png HTTP/1.1" 200 389
172.20.0.100 - - [04/Jan/2022:10:51:55 +0800] "GET /xingrg/javascript/jquery_easy_ui/themes/default/images/panel_tool_collapse.gif HTTP/1.1" 200 246
172.20.0.100 - - [04/Jan/2022:10:51:55 +0800] "GET /xingrg/javascript/jquery_easy_ui/themes/default/images/panel_tool_expand.gif HTTP/1.1" 200 247
172.20.0.100 - - [04/Jan/2022:10:51:55 +0800] "POST /xingrg/load_menu.html HTTP/1.1" 200 11529
172.20.0.100 - - [04/Jan/2022:10:51:55 +0800] "GET /xingrg/javascript/jquery_easy_ui/themes/default/images/tree_arrows.gif HTTP/1.1" 200 1043
172.20.0.100 - - [04/Jan/2022:10:51:56 +0800] "GET /xingrg/javascript/jquery_easy_ui/themes/default/images/tree_folder_open.gif HTTP/1.1" 200 956
172.20.0.100 - - [04/Jan/2022:10:51:56 +0800] "GET /xingrg/javascript/jquery_easy_ui/themes/icons/search_new.png HTTP/1.1" 200 586
172.20.0.100 - - [04/Jan/2022:10:51:56 +0800] "GET /xingrg/javascript/jquery_easy_ui/themes/icons/delivery_new.png HTTP/1.1" 200 700
172.20.0.100 - - [04/Jan/2022:10:51:56 +0800] "GET /xingrg/javascript/jquery_easy_ui/themes/icons/storage_new.png HTTP/1.1" 200 853
172.20.0.100 - - [04/Jan/2022:10:51:56 +0800] "GET /xingrg/javascript/jquery_easy_ui/themes/icons/checkout_new.png HTTP/1.1" 200 744
172.20.0.100 - - [04/Jan/2022:10:51:56 +0800] "GET /xingrg/javascript/jquery_easy_ui/themes/icons/forms_new.png HTTP/1.1" 200 350
172.20.0.100 - - [04/Jan/2022:10:51:56 +0800] "GET /xingrg/javascript/jquery_easy_ui/themes/icons/setting_new.png HTTP/1.1" 200 450
172.20.0.100 - - [04/Jan/2022:10:51:56 +0800] "GET /xingrg/javascript/jquery_easy_ui/themes/default/images/tree_file.gif HTTP/1.1" 200 118
172.20.0.100 - - [04/Jan/2022:10:51:56 +0800] "GET /xingrg/javascript/jquery_easy_ui/themes/icons/systemset_new.png HTTP/1.1" 200 606
172.20.0.100 - - [04/Jan/2022:10:51:56 +0800] "GET /xingrg/javascript/jquery_easy_ui/themes/default/images/tree_folder.gif HTTP/1.1" 200 952
116.232.53.14 - - [04/Jan/2022:10:51:56 +0800] "GET /xingrg/all/function/internal_message.html?_=1641264716677&CODE_STATE=getMsg HTTP/1.1" 200 27
172.20.0.100 - - [04/Jan/2022:10:51:59 +0800] "POST /xingrg/load_menu.html HTTP/1.1" 200 10512
61.170.234.223 - - [04/Jan/2022:10:52:02 +0800] "POST /xingrg/kc/base/wldb_order_operate.html HTTP/1.1" 200 37
61.170.234.223 - - [04/Jan/2022:10:52:03 +0800] "POST /xingrg/kc/base/wldb_order_operate.html HTTP/1.1" 200 4658
61.170.234.223 - - [04/Jan/2022:10:52:03 +0800] "GET /xingrg/kc/base/wldb_order_info.html?code=422022010400518 HTTP/1.1" 200 30289
116.227.210.113 - - [04/Jan/2022:10:52:04 +0800] "GET /xingrg/all/function/internal_message.html?_=1641264708870&CODE_STATE=getMsg HTTP/1.1" 200 27
61.170.234.223 - - [04/Jan/2022:10:52:04 +0800] "GET /xingrg/javascript/easyui/themes/default/validatebox.css HTTP/1.1" 404 1104
61.170.234.223 - - [04/Jan/2022:10:52:04 +0800] "POST /xingrg/kc/base/wldb_order_operate.html HTTP/1.1" 200 4658
172.20.0.100 - - [04/Jan/2022:10:52:04 +0800] "GET /xingrg/javascript/jquery_easy_ui/themes/default/images/tabs_close.gif HTTP/1.1" 200 829
172.20.0.100 - - [04/Jan/2022:10:52:04 +0800] "GET /xingrg/all/report/report_query.html?fileName=dma/new_5.0/menu/menu_category_hz.xml HTTP/1.1" 200 52989
172.20.0.100 - - [04/Jan/2022:10:52:04 +0800] "GET /xingrg/javascript/multi_select/jqueryMultiSelect.css HTTP/1.1" 200 951
172.20.0.100 - - [04/Jan/2022:10:52:04 +0800] "GET /xingrg/css/blue.css HTTP/1.1" 200 15949
172.20.0.100 - - [04/Jan/2022:10:52:04 +0800] "GET /xingrg/javascript/calendar/timePicker.css HTTP/1.1" 200 523
172.20.0.100 - - [04/Jan/2022:10:52:04 +0800] "GET /xingrg/javascript/bigrid/fix.css HTTP/1.1" 200 1702
172.20.0.100 - - [04/Jan/2022:10:52:04 +0800] "GET /xingrg/javascript/pic_change.js HTTP/1.1" 200 4739
172.20.0.100 - - [04/Jan/2022:10:52:04 +0800] "GET /xingrg/dwr/interface/AjaxReportQueryService.js HTTP/1.1" 200 13203
172.20.0.100 - - [04/Jan/2022:10:52:04 +0800] "GET /xingrg/dwr/util.js HTTP/1.1" 200 35990
172.20.0.100 - - [04/Jan/2022:10:52:04 +0800] "GET /xingrg/javascript/myfunction.js HTTP/1.1" 200 24559
172.20.0.100 - - [04/Jan/2022:10:52:04 +0800] "GET /xingrg/dwr/engine.js HTTP/1.1" 200 43631
172.20.0.100 - - [04/Jan/2022:10:52:04 +0800] "GET /xingrg/javascript/jqueryMultiSelect.js HTTP/1.1" 200 11866
172.20.0.100 - - [04/Jan/2022:10:52:04 +0800] "GET /xingrg/javascript/calendar/jquery.timePicker.min.js HTTP/1.1" 200 2997
172.20.0.100 - - [04/Jan/2022:10:52:04 +0800] "GET /xingrg/javascript/Calendar.js HTTP/1.1" 200 31561
172.20.0.100 - - [04/Jan/2022:10:52:04 +0800] "GET /xingrg/javascript/bigrid/fix.js HTTP/1.1" 200 6439
172.20.0.100 - - [04/Jan/2022:10:52:04 +0800] "GET /xingrg/images/blue/button/advanceover.gif HTTP/1.1" 200 1347
172.20.0.100 - - [04/Jan/2022:10:52:04 +0800] "GET /xingrg/images/blue/button/advance2over.gif HTTP/1.1" 200 1336
172.20.0.100 - - [04/Jan/2022:10:52:04 +0800] "GET /xingrg/images/blue/button/back2over.gif HTTP/1.1" 200 1335
172.20.0.100 - - [04/Jan/2022:10:52:04 +0800] "GET /xingrg/images/blue/button/backover.gif HTTP/1.1" 200 1348
172.20.0.100 - - [04/Jan/2022:10:52:04 +0800] "GET /xingrg/images/control/loading.gif HTTP/1.1" 200 13463
172.20.0.100 - - [04/Jan/2022:10:52:04 +0800] "GET /xingrg/javascript/jquery_easy_ui/themes/icons/help.png HTTP/1.1" 200 1187
172.20.0.100 - - [04/Jan/2022:10:52:05 +0800] "GET /xingrg/javascript/jquery_easy_ui/themes/default/images/menu_downarrow.png HTTP/1.1" 200 173
172.20.0.100 - - [04/Jan/2022:10:52:05 +0800] "GET /xingrg/javascript/jquery_easy_ui/themes/default/images/menu.gif HTTP/1.1" 200 834
172.20.0.100 - - [04/Jan/2022:10:52:05 +0800] "GET /xingrg/javascript/jquery_easy_ui/themes/icons/print.png HTTP/1.1" 200 1057
172.20.0.100 - - [04/Jan/2022:10:52:05 +0800] "GET /xingrg/javascript/jquery_easy_ui/themes/icons/pencil.png HTTP/1.1" 200 713
172.20.0.100 - - [04/Jan/2022:10:52:05 +0800] "POST /xingrg/dwr/call/plaincall/AjaxReportQueryService.getFixDate.dwr HTTP/1.1" 200 111
172.20.0.100 - - [04/Jan/2022:10:52:05 +0800] "GET /xingrg/javascript/jquery_easy_ui/themes/default/images/menu_rightarrow.png HTTP/1.1" 200 3617
172.20.0.100 - - [04/Jan/2022:10:52:05 +0800] "POST /xingrg/all/common/load_tree.html?tree=area_station_tree_json&manage=1 HTTP/1.1" 200 3364
172.20.0.100 - - [04/Jan/2022:10:52:05 +0800] "GET /xingrg/javascript/jquery_easy_ui/themes/default/images/combo_arrow_dot.gif HTTP/1.1" 200 79
172.20.0.100 - - [04/Jan/2022:10:52:05 +0800] "GET /xingrg/javascript/multi_select/dropdown.gif HTTP/1.1" 200 61
101.80.229.199 - - [04/Jan/2022:10:52:06 +0800] "GET /xingrg/all/function/internal_message.html?_=1641264726011&CODE_STATE=getMsg HTTP/1.1" 200 27
172.20.0.100 - - [04/Jan/2022:10:52:07 +0800] "GET /xingrg/all/report/report_query.html?fileName=dma/new_5.0/menu/menu_hz.xml HTTP/1.1" 200 53622
172.20.0.100 - - [04/Jan/2022:10:52:07 +0800] "GET /xingrg/dwr/interface/AjaxReportQueryService.js HTTP/1.1" 200 13203
172.20.0.100 - - [04/Jan/2022:10:52:07 +0800] "GET /xingrg/dwr/engine.js HTTP/1.1" 200 43631
172.20.0.100 - - [04/Jan/2022:10:52:07 +0800] "POST /xingrg/dwr/call/plaincall/AjaxReportQueryService.getFixDate.dwr HTTP/1.1" 200 111
172.20.0.100 - - [04/Jan/2022:10:52:07 +0800] "POST /xingrg/all/common/load_tree.html?tree=area_station_tree_json&manage=1 HTTP/1.1" 200 3364
61.170.234.223 - - [04/Jan/2022:10:52:07 +0800] "GET /xingrg/kc/base/wldb_order_add.html HTTP/1.1" 200 30274
61.170.234.223 - - [04/Jan/2022:10:52:08 +0800] "POST /xingrg/kc/base/wldb_order_operate.html HTTP/1.1" 200 6806
61.170.234.223 - - [04/Jan/2022:10:52:08 +0800] "GET /xingrg/javascript/easyui/themes/default/validatebox.css HTTP/1.1" 404 1104
172.20.0.100 - - [04/Jan/2022:10:52:09 +0800] "POST /xingrg/dwr/call/plaincall/AjaxReportQueryService.getFixDate.dwr HTTP/1.1" 200 111
114.83.217.139 - - [04/Jan/2022:10:52:09 +0800] "GET /xingrg/all/function/internal_message.html?_=1641264728427&CODE_STATE=getMsg HTTP/1.1" 200 27
61.170.234.223 - - [04/Jan/2022:10:52:09 +0800] "POST /xingrg/all/common/load_combo.html?type=base HTTP/1.1" 200 3315
172.20.0.100 - - [04/Jan/2022:10:52:11 +0800] "POST /xingrg/dwr/call/plaincall/AjaxReportQueryService.queryInitializeString.dwr HTTP/1.1" 200 976
180.169.147.146 - - [04/Jan/2022:10:52:12 +0800] "GET /xingrg/all/function/internal_message.html?_=1641264733926&CODE_STATE=getMsg HTTP/1.1" 200 27
61.170.234.223 - - [04/Jan/2022:10:52:13 +0800] "POST /xingrg/all/common/load_combo.html?type=base HTTP/1.1" 200 3315
172.20.0.100 - - [04/Jan/2022:10:52:15 +0800] "GET /xingrg/javascript/jquery_easy_ui/themes/default/images/button_plain_hover.png HTTP/1.1" 200 252
172.20.0.100 - - [04/Jan/2022:10:52:15 +0800] "POST /xingrg/dwr/call/plaincall/AjaxReportQueryService.refreshCache.dwr HTTP/1.1" 200 78
172.20.0.100 - - [04/Jan/2022:10:52:16 +0800] "POST /xingrg/all/report/load_report_page.html HTTP/1.1" 200 22248
172.20.0.100 - - [04/Jan/2022:10:52:16 +0800] "GET /xingrg/servlets/image?cache=0.5322941396503749&image=px HTTP/1.1" 200 807
124.77.245.186 - - [04/Jan/2022:10:52:17 +0800] "POST /xingrg/kc/buy/cgsh_list_operate.html HTTP/1.1" 200 2896
124.77.245.186 - - [04/Jan/2022:10:52:17 +0800] "GET /xingrg/all/function/internal_message.html?_=1641264735772&CODE_STATE=getMsg HTTP/1.1" 200 27
180.175.103.30 - - [04/Jan/2022:10:52:21 +0800] "GET /xingrg/all/function/internal_message.html?_=1641264740601&CODE_STATE=getMsg HTTP/1.1" 200 27
180.157.251.97 - - [04/Jan/2022:10:52:24 +0800] "GET /xingrg/index.html?sysBaseUrl=http%3A%2F%2F180.169.147.146%3A18081%2Fxingrg%2F&costTime=34×tamp=1585624833755 HTTP/1.1" 302 -
180.157.251.97 - - [04/Jan/2022:10:52:24 +0800] "GET /xingrg/login.html HTTP/1.1" 200 7641
114.85.125.222 - - [04/Jan/2022:10:52:24 +0800] "GET /xingrg/all/function/internal_message.html?_=1641264681878&CODE_STATE=getMsg HTTP/1.1" 200 27
61.170.234.223 - - [04/Jan/2022:10:52:30 +0800] "GET /xingrg/kc/base/wldb_order_operate.html?command=get_materiel&rest_code=00106&base_code=0010396&code=00101019258 HTTP/1.1" 200 469
180.169.147.146 - - [04/Jan/2022:10:52:32 +0800] "GET /xingrg/all/function/internal_message.html?_=1641264751947&CODE_STATE=getMsg HTTP/1.1" 200 27
180.169.147.146 - - [04/Jan/2022:10:52:32 +0800] "GET /xingrg/check_reg.html?_=1641264751951 HTTP/1.1" 200 22
222.70.179.159 - - [04/Jan/2022:10:52:37 +0800] "GET /xingrg/all/function/internal_message.html?_=1641264755193&CODE_STATE=getMsg HTTP/1.1" 200 27
114.88.155.71 - - [04/Jan/2022:10:52:38 +0800] "GET /xingrg/all/function/internal_message.html?_=1641264562982&CODE_STATE=getMsg HTTP/1.1" 200 27
61.170.234.223 - - [04/Jan/2022:10:52:43 +0800] "GET /xingrg/kc/base/wldb_order_operate.html?command=get_materiel&rest_code=00106&base_code=0010396&code=00101019066 HTTP/1.1" 200 441
61.170.234.223 - - [04/Jan/2022:10:52:44 +0800] "GET /xingrg/all/function/internal_message.html?_=1641264765365&CODE_STATE=getMsg HTTP/1.1" 200 27
116.228.172.94 - - [04/Jan/2022:10:52:45 +0800] "GET /xingrg/all/function/internal_message.html?_=1641264732977&CODE_STATE=getMsg HTTP/1.1" 200 27
116.228.172.94 - - [04/Jan/2022:10:52:45 +0800] "GET /xingrg/check_reg.html?_=1641264732979 HTTP/1.1" 200 22
180.175.103.30 - - [04/Jan/2022:10:52:45 +0800] "GET /xingrg/all/function/internal_message.html?_=1641264702462&CODE_STATE=getMsg HTTP/1.1" 302 -
58.221.95.50 - - [04/Jan/2022:10:52:47 +0800] "GET /xingrg/all/function/internal_message.html?_=1641264766502&CODE_STATE=getMsg HTTP/1.1" 200 27
180.169.147.146 - - [04/Jan/2022:10:52:49 +0800] "GET /xingrg/all/function/internal_message.html?_=1641264767712&CODE_STATE=getMsg HTTP/1.1" 200 27
114.95.98.1 - - [04/Jan/2022:10:52:50 +0800] "GET /xingrg/all/function/internal_message.html?_=1641264784626&CODE_STATE=getMsg HTTP/1.1" 200 27
61.165.255.114 - - [04/Jan/2022:10:52:54 +0800] "GET /xingrg/all/function/internal_message.html?_=1641264773516&CODE_STATE=getMsg HTTP/1.1" 200 27
172.20.0.100 - - [04/Jan/2022:10:52:55 +0800] "GET /xingrg/all/function/internal_message.html?_=1641264773958&CODE_STATE=getMsg HTTP/1.1" 200 27
61.170.234.223 - - [04/Jan/2022:10:52:56 +0800] "GET /xingrg/kc/base/wldb_order_operate.html?command=get_materiel&rest_code=00106&base_code=0010396&code=00101019297 HTTP/1.1" 200 464
116.232.53.14 - - [04/Jan/2022:10:52:56 +0800] "GET /xingrg/all/function/internal_message.html?_=1641264776691&CODE_STATE=getMsg HTTP/1.1" 200 27
116.227.210.113 - - [04/Jan/2022:10:53:04 +0800] "GET /xingrg/all/function/internal_message.html?_=1641264768867&CODE_STATE=getMsg HTTP/1.1" 200 27
180.169.147.146 - - [04/Jan/2022:10:53:05 +0800] "POST /xingrg/all/user/operate.html HTTP/1.1" 200 36
180.169.147.146 - - [04/Jan/2022:10:53:05 +0800] "GET /xingrg/index.html?sysBaseUrl=http%3A%2F%2F180.169.147.146%3A18081%2Fxingrg%2F&costTime=1240×tamp=1641258286318 HTTP/1.1" 200 17503
180.169.147.146 - - [04/Jan/2022:10:53:05 +0800] "GET /xingrg/javascript/jquery_easy_ui/themes/default/easyui.css HTTP/1.1" 304 -
180.169.147.146 - - [04/Jan/2022:10:53:05 +0800] "GET /xingrg/javascript/jquery_easy_ui/themes/icon.css HTTP/1.1" 304 -
180.169.147.146 - - [04/Jan/2022:10:53:05 +0800] "GET /xingrg/css/form.css HTTP/1.1" 304 -
180.169.147.146 - - [04/Jan/2022:10:53:05 +0800] "GET /xingrg/javascript/jquery-1.4.2.min.js HTTP/1.1" 304 -
180.169.147.146 - - [04/Jan/2022:10:53:05 +0800] "GET /xingrg/javascript/jquery_easy_ui/jquery.easyui.min.js HTTP/1.1" 304 -
180.169.147.146 - - [04/Jan/2022:10:53:05 +0800] "GET /xingrg/javascript/jquery_easy_ui/easyui-lang-zh_CN.js HTTP/1.1" 304 -
180.169.147.146 - - [04/Jan/2022:10:53:05 +0800] "GET /xingrg/javascript/jquery.form.js HTTP/1.1" 304 -
180.169.147.146 - - [04/Jan/2022:10:53:05 +0800] "GET /xingrg/javascript/jquery.utils.js HTTP/1.1" 304 -
180.169.147.146 - - [04/Jan/2022:10:53:05 +0800] "GET /xingrg/javascript/jquery.timers.js HTTP/1.1" 304 -
180.169.147.146 - - [04/Jan/2022:10:53:05 +0800] "GET /xingrg/images/blue/jxLogo.png HTTP/1.1" 304 -
180.169.147.146 - - [04/Jan/2022:10:53:05 +0800] "GET /xingrg/javascript/jquery_easy_ui/themes/icons/settle_new.png HTTP/1.1" 304 -
180.169.147.146 - - [04/Jan/2022:10:53:05 +0800] "GET /xingrg/images/blue/navBackgound.jpg HTTP/1.1" 304 -
180.169.147.146 - - [04/Jan/2022:10:53:05 +0800] "POST /xingrg/all/common/load_tree.html?tree=area_rest_tree_json&manage=1 HTTP/1.1" 200 3472
180.169.147.146 - - [04/Jan/2022:10:53:05 +0800] "GET /xingrg/all/function/internal_message.html?_=1641264786876&CODE_STATE=count HTTP/1.1" 200 11
180.169.147.146 - - [04/Jan/2022:10:53:05 +0800] "GET /xingrg/check_reg.html?_=1641264786877 HTTP/1.1" 200 22
180.169.147.146 - - [04/Jan/2022:10:53:05 +0800] "GET /xingrg/javascript/jquery_easy_ui/themes/default/images/panel_tool_expand.gif HTTP/1.1" 304 -
180.169.147.146 - - [04/Jan/2022:10:53:05 +0800] "GET /xingrg/images/blue/pingpu.png HTTP/1.1" 304 -
180.169.147.146 - - [04/Jan/2022:10:53:05 +0800] "GET /xingrg/javascript/jquery_easy_ui/themes/default/images/panel_tool_collapse.gif HTTP/1.1" 304 -
180.169.147.146 - - [04/Jan/2022:10:53:05 +0800] "GET /xingrg/javascript/jquery_easy_ui/themes/default/images/tabs_rightarrow.png HTTP/1.1" 304 -
180.169.147.146 - - [04/Jan/2022:10:53:05 +0800] "GET /xingrg/javascript/jquery_easy_ui/themes/default/images/tabs_leftarrow.png HTTP/1.1" 304 -
180.169.147.146 - - [04/Jan/2022:10:53:05 +0800] "POST /xingrg/load_menu.html HTTP/1.1" 200 9959
101.80.229.199 - - [04/Jan/2022:10:53:06 +0800] "GET /xingrg/check_reg.html?_=1641264785995 HTTP/1.1" 200 22
101.80.229.199 - - [04/Jan/2022:10:53:06 +0800] "GET /xingrg/all/function/internal_message.html?_=1641264785997&CODE_STATE=getMsg HTTP/1.1" 200 27
61.170.234.223 - - [04/Jan/2022:10:53:08 +0800] "GET /xingrg/kc/base/wldb_order_operate.html?command=get_materiel&rest_code=00106&base_code=0010396&code=00101013221 HTTP/1.1" 200 434
180.169.147.146 - - [04/Jan/2022:10:53:08 +0800] "GET /xingrg/kc/base/check_order_list.html HTTP/1.1" 200 16440
180.169.147.146 - - [04/Jan/2022:10:53:09 +0800] "POST /xingrg/kc/base/check_list_operate.html HTTP/1.1" 200 781
114.83.217.139 - - [04/Jan/2022:10:53:09 +0800] "GET /xingrg/all/function/internal_message.html?_=1641264788406&CODE_STATE=getMsg HTTP/1.1" 200 27
180.169.147.146 - - [04/Jan/2022:10:53:12 +0800] "POST /xingrg/kc/base/check_list_operate.html HTTP/1.1" 200 5472
124.77.245.186 - - [04/Jan/2022:10:53:17 +0800] "GET /xingrg/all/function/internal_message.html?_=1641264795791&CODE_STATE=getMsg HTTP/1.1" 200 27
180.175.103.30 - - [04/Jan/2022:10:53:21 +0800] "GET /xingrg/all/function/internal_message.html?_=1641264800570&CODE_STATE=getMsg HTTP/1.1" 200 27
114.85.125.222 - - [04/Jan/2022:10:53:23 +0800] "GET /xingrg/check_reg.html?_=1641264741272 HTTP/1.1" 200 22
114.85.125.222 - - [04/Jan/2022:10:53:24 +0800] "GET /xingrg/all/function/internal_message.html?_=1641264741891&CODE_STATE=getMsg HTTP/1.1" 200 27
180.169.147.146 - - [04/Jan/2022:10:53:27 +0800] "POST /xingrg/kc/base/check_list_operate.html HTTP/1.1" 200 4
61.170.234.223 - - [04/Jan/2022:10:53:30 +0800] "POST /xingrg/kc/base/wldb_order_operate.html HTTP/1.1" 200 37
61.170.234.223 - - [04/Jan/2022:10:53:31 +0800] "POST /xingrg/kc/base/wldb_order_operate.html HTTP/1.1" 200 3701
61.170.234.223 - - [04/Jan/2022:10:53:31 +0800] "GET /xingrg/kc/base/wldb_order_info.html?code=422022010400519 HTTP/1.1" 200 30289
61.170.234.223 - - [04/Jan/2022:10:53:32 +0800] "GET /xingrg/javascript/easyui/themes/default/validatebox.css HTTP/1.1" 404 1104
