114.83.217.139 - - [04/Jan/2022:09:27:15 +0800] "GET /xingrg/kc/print/load_data.html?order_code=212022010401592&kc_code=cgsh&condition= HTTP/1.1" 200 1631
124.77.245.186 - - [04/Jan/2022:09:27:16 +0800] "GET /xingrg/all/function/internal_message.html?_=1641259634521&CODE_STATE=getMsg HTTP/1.1" 200 27
61.165.255.114 - - [04/Jan/2022:09:27:16 +0800] "GET /xingrg/all/function/internal_message.html?_=1641259635491&CODE_STATE=getMsg HTTP/1.1" 200 27
61.165.255.114 - - [04/Jan/2022:09:27:18 +0800] "POST /xingrg/kc/buy/cgsh_list_operate.html HTTP/1.1" 200 2110
114.83.217.139 - - [04/Jan/2022:09:27:20 +0800] "GET /xingrg/kc/buy/cgsh_order_add.html HTTP/1.1" 200 65451
114.85.125.222 - - [04/Jan/2022:09:27:20 +0800] "GET /xingrg/kc/base/wldb_order_operate.html?command=get_materiel&rest_code=00150&base_code=0010445&code=00101019438 HTTP/1.1" 200 448
114.83.217.139 - - [04/Jan/2022:09:27:20 +0800] "POST /xingrg/kc/buy/cgsh_order_operate.html HTTP/1.1" 200 8245
114.83.217.139 - - [04/Jan/2022:09:27:21 +0800] "GET /xingrg/javascript/easyui/themes/default/validatebox.css HTTP/1.1" 404 1104
222.70.179.159 - - [04/Jan/2022:09:27:21 +0800] "POST /xingrg/kc/base/wldb_order_operate.html HTTP/1.1" 200 1710
116.227.210.113 - - [04/Jan/2022:09:27:21 +0800] "POST /xingrg/kc/buy/cgsh_order_operate.html HTTP/1.1" 200 37
114.85.125.222 - - [04/Jan/2022:09:27:22 +0800] "GET /xingrg/all/function/internal_message.html?_=1641259579569&CODE_STATE=getMsg HTTP/1.1" 200 27
180.175.103.30 - - [04/Jan/2022:09:27:22 +0800] "GET /xingrg/all/function/internal_message.html?_=1641259641633&CODE_STATE=getMsg HTTP/1.1" 200 27
120.253.135.82 - - [04/Jan/2022:09:27:22 +0800] "POST /xingrg/kc/pszx/mdps_order_operate.html HTTP/1.1" 200 37
116.227.210.113 - - [04/Jan/2022:09:27:23 +0800] "POST /xingrg/kc/buy/cgsh_order_operate.html HTTP/1.1" 200 31071
120.253.135.82 - - [04/Jan/2022:09:27:25 +0800] "GET /xingrg/kc/pszx/mdps_order_info.html?code=312022010100045 HTTP/1.1" 200 23925
116.227.210.113 - - [04/Jan/2022:09:27:25 +0800] "GET /xingrg/kc/print/load_config.html?kc_code=cgsh HTTP/1.1" 200 1943
120.253.135.82 - - [04/Jan/2022:09:27:26 +0800] "GET /xingrg/javascript/easyui/themes/default/validatebox.css HTTP/1.1" 404 1104
120.253.135.82 - - [04/Jan/2022:09:27:26 +0800] "POST /xingrg/kc/pszx/mdps_order_operate.html HTTP/1.1" 200 2289
116.227.210.113 - - [04/Jan/2022:09:27:26 +0800] "GET /xingrg/kc/print/load_data.html?order_code=212022010401591&kc_code=cgsh HTTP/1.1" 200 11487
120.253.135.82 - - [04/Jan/2022:09:27:27 +0800] "POST /xingrg/kc/pszx/mdps_list_operate.html HTTP/1.1" 200 1683
61.165.255.114 - - [04/Jan/2022:09:27:28 +0800] "POST /xingrg/kc/buy/cgsh_list_operate.html HTTP/1.1" 200 272
120.253.135.82 - - [04/Jan/2022:09:27:30 +0800] "GET /xingrg/kc/pszx/mdps_order_add.html HTTP/1.1" 200 28947
120.253.135.82 - - [04/Jan/2022:09:27:31 +0800] "POST /xingrg/kc/pszx/mdps_order_operate.html HTTP/1.1" 200 7126
120.253.135.82 - - [04/Jan/2022:09:27:31 +0800] "GET /xingrg/javascript/easyui/themes/default/validatebox.css HTTP/1.1" 404 1104
180.169.147.146 - - [04/Jan/2022:09:27:32 +0800] "GET /xingrg/check_reg.html?_=1641259651904 HTTP/1.1" 200 22
180.169.147.146 - - [04/Jan/2022:09:27:32 +0800] "GET /xingrg/all/function/internal_message.html?_=1641259651907&CODE_STATE=getMsg HTTP/1.1" 200 27
114.85.125.222 - - [04/Jan/2022:09:27:33 +0800] "GET /xingrg/kc/base/check_order_list.html HTTP/1.1" 200 16185
114.85.125.222 - - [04/Jan/2022:09:27:33 +0800] "POST /xingrg/kc/base/check_list_operate.html HTTP/1.1" 200 781
120.253.135.82 - - [04/Jan/2022:09:27:35 +0800] "POST /xingrg/all/common/load_combo.html?type=base HTTP/1.1" 200 1075
222.70.179.159 - - [04/Jan/2022:09:27:37 +0800] "GET /xingrg/all/function/internal_message.html?_=1641259655118&CODE_STATE=getMsg HTTP/1.1" 200 27
114.85.125.222 - - [04/Jan/2022:09:27:37 +0800] "POST /xingrg/kc/base/check_list_operate.html HTTP/1.1" 200 5502
114.83.217.139 - - [04/Jan/2022:09:27:38 +0800] "GET /xingrg/kc/buy/cgsh_order_operate.html?command=get_materiel&rest_code=00149&code=00101011003&supplier_code=00100051&order_time=2022-01-04 HTTP/1.1" 200 413
116.232.53.14 - - [04/Jan/2022:09:27:38 +0800] "GET /xingrg/all/function/internal_message.html?_=1641259658415&CODE_STATE=getMsg HTTP/1.1" 200 27
114.85.125.222 - - [04/Jan/2022:09:27:41 +0800] "GET /xingrg/kc/base/check_order_info.html?code=452021123100294 HTTP/1.1" 200 22866
114.85.125.222 - - [04/Jan/2022:09:27:41 +0800] "GET /xingrg/dwr/interface/AjaxCheckService.js HTTP/1.1" 200 14003
114.85.125.222 - - [04/Jan/2022:09:27:41 +0800] "GET /xingrg/dwr/interface/AjaxComOrderService.js HTTP/1.1" 200 18264
114.85.125.222 - - [04/Jan/2022:09:27:41 +0800] "GET /xingrg/dwr/engine.js HTTP/1.1" 200 43631
114.85.125.222 - - [04/Jan/2022:09:27:41 +0800] "GET /xingrg/javascript/jquery_easy_ui/themes/icons/exam_new.png HTTP/1.1" 304 -
114.85.125.222 - - [04/Jan/2022:09:27:42 +0800] "POST /xingrg/dwr/call/plaincall/AjaxCheckService.loadOrderItems.dwr HTTP/1.1" 200 50938
180.175.103.30 - - [04/Jan/2022:09:27:45 +0800] "GET /xingrg/all/function/internal_message.html?_=1641259602331&CODE_STATE=getMsg HTTP/1.1" 302 -
114.83.217.139 - - [04/Jan/2022:09:27:51 +0800] "GET /xingrg/kc/buy/cgsh_order_operate.html?command=get_materiel&rest_code=00149&code=00101011005&supplier_code=00100051&order_time=2022-01-04 HTTP/1.1" 200 408
120.253.135.82 - - [04/Jan/2022:09:27:53 +0800] "GET /xingrg/all/function/internal_message.html?_=1641259458486&CODE_STATE=getMsg HTTP/1.1" 200 27
61.170.234.223 - - [04/Jan/2022:09:27:55 +0800] "POST /xingrg/services/DataTransmitService HTTP/1.1" 200 524
180.169.147.146 - - [04/Jan/2022:09:27:56 +0800] "GET /xingrg/check_reg.html?_=1641259676215 HTTP/1.1" 200 22
180.169.147.146 - - [04/Jan/2022:09:27:56 +0800] "GET /xingrg/all/function/internal_message.html?_=1641259676293&CODE_STATE=getMsg HTTP/1.1" 200 27
120.253.135.82 - - [04/Jan/2022:09:27:59 +0800] "GET /xingrg/kc/pszx/mdps_order_operate.html?command=get_materiel&pszx_code=00101&rest_code=00106&base_code=0010246&code=00101034130 HTTP/1.1" 200 414
114.83.217.139 - - [04/Jan/2022:09:28:03 +0800] "POST /xingrg/kc/buy/cgsh_order_operate.html HTTP/1.1" 200 37
116.227.210.113 - - [04/Jan/2022:09:28:03 +0800] "GET /xingrg/all/function/internal_message.html?_=1641259668882&CODE_STATE=getMsg HTTP/1.1" 200 27
114.85.125.222 - - [04/Jan/2022:09:28:09 +0800] "GET /xingrg/kc/base/wldb_order_list.html HTTP/1.1" 200 19066
114.85.125.222 - - [04/Jan/2022:09:28:09 +0800] "POST /xingrg/kc/base/wldb_list_operate.html HTTP/1.1" 200 928
114.83.217.139 - - [04/Jan/2022:09:28:10 +0800] "POST /xingrg/kc/buy/cgsh_order_operate.html HTTP/1.1" 200 12
120.253.135.82 - - [04/Jan/2022:09:28:10 +0800] "GET /xingrg/kc/pszx/mdps_order_operate.html?command=get_materiel&pszx_code=00101&rest_code=00106&base_code=0010246&code=00101034133 HTTP/1.1" 200 428
114.83.217.139 - - [04/Jan/2022:09:28:12 +0800] "GET /xingrg/kc/buy/cgsh_order_info.html?code=212022010401593 HTTP/1.1" 200 60360
114.85.125.222 - - [04/Jan/2022:09:28:12 +0800] "GET /xingrg/javascript/jquery_tools/images/next.gif HTTP/1.1" 404 1086
114.85.125.222 - - [04/Jan/2022:09:28:12 +0800] "GET /xingrg/javascript/jquery_tools/images/prev.gif HTTP/1.1" 404 1086
114.83.217.139 - - [04/Jan/2022:09:28:12 +0800] "GET /xingrg/javascript/easyui/themes/default/validatebox.css HTTP/1.1" 404 1104
114.83.217.139 - - [04/Jan/2022:09:28:13 +0800] "POST /xingrg/kc/buy/cgsh_order_operate.html HTTP/1.1" 200 1197
180.169.147.146 - - [04/Jan/2022:09:28:14 +0800] "GET /xingrg/all/function/internal_message.html?_=1641259695946&CODE_STATE=getMsg HTTP/1.1" 200 27
114.83.217.139 - - [04/Jan/2022:09:28:14 +0800] "GET /xingrg/kc/print/load_data.html?order_code=212022010401593&kc_code=cgsh&condition= HTTP/1.1" 200 948
124.77.245.186 - - [04/Jan/2022:09:28:16 +0800] "GET /xingrg/all/function/internal_message.html?_=1641259694540&CODE_STATE=getMsg HTTP/1.1" 200 27
61.165.255.114 - - [04/Jan/2022:09:28:16 +0800] "GET /xingrg/all/function/internal_message.html?_=1641259695486&CODE_STATE=getMsg HTTP/1.1" 200 27
114.83.217.139 - - [04/Jan/2022:09:28:19 +0800] "GET /xingrg/kc/buy/cgsh_order_add.html HTTP/1.1" 200 65451
114.83.217.139 - - [04/Jan/2022:09:28:19 +0800] "POST /xingrg/kc/buy/cgsh_order_operate.html HTTP/1.1" 200 8245
114.83.217.139 - - [04/Jan/2022:09:28:19 +0800] "GET /xingrg/javascript/easyui/themes/default/validatebox.css HTTP/1.1" 404 1104
114.85.125.222 - - [04/Jan/2022:09:28:22 +0800] "GET /xingrg/all/function/internal_message.html?_=1641259639582&CODE_STATE=getMsg HTTP/1.1" 200 27
180.175.103.30 - - [04/Jan/2022:09:28:22 +0800] "GET /xingrg/all/function/internal_message.html?_=1641259701621&CODE_STATE=getMsg HTTP/1.1" 200 27
120.253.135.82 - - [04/Jan/2022:09:28:22 +0800] "GET /xingrg/kc/pszx/mdps_order_operate.html?command=get_materiel&pszx_code=00101&rest_code=00106&base_code=0010246&code=00101034135 HTTP/1.1" 200 428
114.85.125.222 - - [04/Jan/2022:09:28:23 +0800] "POST /xingrg/kc/base/wldb_list_operate.html HTTP/1.1" 200 5870
114.85.125.222 - - [04/Jan/2022:09:28:26 +0800] "POST /xingrg/kc/base/wldb_list_operate.html HTTP/1.1" 200 450
61.165.255.114 - - [04/Jan/2022:09:28:27 +0800] "GET /xingrg/kc/buy/cgsh_order_add.html HTTP/1.1" 200 65281
61.165.255.114 - - [04/Jan/2022:09:28:28 +0800] "POST /xingrg/kc/buy/cgsh_order_operate.html HTTP/1.1" 200 8245
61.165.255.114 - - [04/Jan/2022:09:28:28 +0800] "GET /xingrg/javascript/easyui/themes/default/validatebox.css HTTP/1.1" 404 1104
114.85.125.222 - - [04/Jan/2022:09:28:29 +0800] "POST /xingrg/kc/base/wldb_list_operate.html HTTP/1.1" 200 368
114.85.125.222 - - [04/Jan/2022:09:28:31 +0800] "POST /xingrg/kc/base/wldb_list_operate.html HTTP/1.1" 200 278
114.85.125.222 - - [04/Jan/2022:09:28:32 +0800] "POST /xingrg/kc/base/wldb_list_operate.html HTTP/1.1" 200 636
180.169.147.146 - - [04/Jan/2022:09:28:32 +0800] "GET /xingrg/all/function/internal_message.html?_=1641259711912&CODE_STATE=getMsg HTTP/1.1" 200 27
120.253.135.82 - - [04/Jan/2022:09:28:34 +0800] "GET /xingrg/kc/pszx/mdps_order_operate.html?command=get_materiel&pszx_code=00101&rest_code=00106&base_code=0010246&code=00101034131 HTTP/1.1" 200 428
114.85.125.222 - - [04/Jan/2022:09:28:34 +0800] "GET /xingrg/kc/base/wldb_order_info.html?code=422022010200333 HTTP/1.1" 200 26173
114.85.125.222 - - [04/Jan/2022:09:28:34 +0800] "GET /xingrg/javascript/easyui/themes/default/validatebox.css HTTP/1.1" 404 1104
114.85.125.222 - - [04/Jan/2022:09:28:34 +0800] "POST /xingrg/kc/base/wldb_order_operate.html HTTP/1.1" 200 9255
222.70.179.159 - - [04/Jan/2022:09:28:37 +0800] "GET /xingrg/all/function/internal_message.html?_=1641259715124&CODE_STATE=getMsg HTTP/1.1" 200 27
222.70.179.159 - - [04/Jan/2022:09:28:37 +0800] "GET /xingrg/check_reg.html?_=1641259715127 HTTP/1.1" 200 22
61.165.255.114 - - [04/Jan/2022:09:28:37 +0800] "GET /xingrg/kc/buy/cgsh_order_operate.html?command=get_materiel&rest_code=00150&code=00101011005&supplier_code=00100394&order_time=2022-01-04 HTTP/1.1" 200 408
116.232.53.14 - - [04/Jan/2022:09:28:38 +0800] "GET /xingrg/all/function/internal_message.html?_=1641259718415&CODE_STATE=getMsg HTTP/1.1" 200 27
114.83.217.139 - - [04/Jan/2022:09:28:41 +0800] "GET /xingrg/kc/buy/cgsh_order_operate.html?command=get_materiel&rest_code=00149&code=00101006130&supplier_code=00100012&order_time=2022-01-04 HTTP/1.1" 200 427
180.175.103.30 - - [04/Jan/2022:09:28:45 +0800] "GET /xingrg/all/function/internal_message.html?_=1641259662331&CODE_STATE=getMsg HTTP/1.1" 302 -
120.253.135.82 - - [04/Jan/2022:09:28:45 +0800] "GET /xingrg/kc/pszx/mdps_order_operate.html?command=get_materiel&pszx_code=00101&rest_code=00106&base_code=0010246&code=00101034132 HTTP/1.1" 200 428
124.77.245.186 - - [04/Jan/2022:09:28:45 +0800] "GET /xingrg/check_reg.html?_=1641259724274 HTTP/1.1" 200 22
114.85.125.222 - - [04/Jan/2022:09:28:50 +0800] "POST /xingrg/kc/base/wldb_list_operate.html HTTP/1.1" 200 642
61.165.255.114 - - [04/Jan/2022:09:28:50 +0800] "GET /xingrg/kc/buy/cgsh_order_operate.html?command=get_materiel&rest_code=00150&code=00101011003&supplier_code=00100394&order_time=2022-01-04 HTTP/1.1" 200 413
222.70.179.159 - - [04/Jan/2022:09:28:51 +0800] "GET /xingrg/kc/base/wldb_order_operate.html?command=get_materiel&rest_code=00111&base_code=0010842&code=00101010052 HTTP/1.1" 200 439
114.85.125.222 - - [04/Jan/2022:09:28:52 +0800] "GET /xingrg/kc/base/wldb_order_info.html?code=422022010200327 HTTP/1.1" 200 26170
114.85.125.222 - - [04/Jan/2022:09:28:52 +0800] "GET /xingrg/javascript/easyui/themes/default/validatebox.css HTTP/1.1" 404 1104
114.85.125.222 - - [04/Jan/2022:09:28:52 +0800] "POST /xingrg/kc/base/wldb_order_operate.html HTTP/1.1" 200 7321
114.83.217.139 - - [04/Jan/2022:09:28:52 +0800] "GET /xingrg/kc/buy/cgsh_order_operate.html?command=get_materiel&rest_code=00149&code=00101006109&supplier_code=00100012&order_time=2022-01-04 HTTP/1.1" 200 409
120.253.135.82 - - [04/Jan/2022:09:28:53 +0800] "GET /xingrg/all/function/internal_message.html?_=1641259518499&CODE_STATE=getMsg HTTP/1.1" 200 27
120.253.135.82 - - [04/Jan/2022:09:28:54 +0800] "GET /xingrg/kc/pszx/mdps_order_operate.html?command=get_materiel&pszx_code=00101&rest_code=00106&base_code=0010246&code=00101034134 HTTP/1.1" 200 428
180.169.147.146 - - [04/Jan/2022:09:28:56 +0800] "GET /xingrg/all/function/internal_message.html?_=1641259736287&CODE_STATE=getMsg HTTP/1.1" 200 27
61.165.255.114 - - [04/Jan/2022:09:29:00 +0800] "POST /xingrg/kc/buy/cgsh_order_operate.html HTTP/1.1" 200 37
114.83.217.139 - - [04/Jan/2022:09:29:01 +0800] "GET /xingrg/kc/buy/cgsh_order_operate.html?command=get_materiel&rest_code=00149&code=00101006111&supplier_code=00100012&order_time=2022-01-04 HTTP/1.1" 200 409
222.70.179.159 - - [04/Jan/2022:09:29:02 +0800] "GET /xingrg/kc/base/wldb_order_operate.html?command=get_materiel&rest_code=00111&base_code=0010842&code=00101010120 HTTP/1.1" 200 435
116.227.210.113 - - [04/Jan/2022:09:29:03 +0800] "GET /xingrg/all/function/internal_message.html?_=1641259728866&CODE_STATE=getMsg HTTP/1.1" 200 27
120.253.135.82 - - [04/Jan/2022:09:29:04 +0800] "POST /xingrg/kc/pszx/mdps_order_operate.html HTTP/1.1" 200 37
120.253.135.82 - - [04/Jan/2022:09:29:06 +0800] "GET /xingrg/kc/pszx/mdps_order_info.html?code=312022010400151 HTTP/1.1" 200 23925
114.85.125.222 - - [04/Jan/2022:09:29:07 +0800] "POST /xingrg/kc/base/wldb_list_operate.html HTTP/1.1" 200 470
120.253.135.82 - - [04/Jan/2022:09:29:07 +0800] "GET /xingrg/javascript/easyui/themes/default/validatebox.css HTTP/1.1" 404 1104
61.165.255.114 - - [04/Jan/2022:09:29:08 +0800] "POST /xingrg/kc/buy/cgsh_order_operate.html HTTP/1.1" 200 12
120.253.135.82 - - [04/Jan/2022:09:29:08 +0800] "POST /xingrg/kc/pszx/mdps_order_operate.html HTTP/1.1" 200 4821
114.83.217.139 - - [04/Jan/2022:09:29:10 +0800] "GET /xingrg/all/function/internal_message.html?_=1641259749773&CODE_STATE=getMsg HTTP/1.1" 200 27
120.253.135.82 - - [04/Jan/2022:09:29:11 +0800] "GET /xingrg/kc/print/load_data.html?order_code=312022010400151&kc_code=mdps&condition= HTTP/1.1" 200 1877
114.85.125.222 - - [04/Jan/2022:09:29:12 +0800] "POST /xingrg/kc/base/wldb_list_operate.html HTTP/1.1" 200 3295
61.165.255.114 - - [04/Jan/2022:09:29:12 +0800] "GET /xingrg/kc/buy/cgsh_order_info.html?code=212022010401594 HTTP/1.1" 200 60192
61.165.255.114 - - [04/Jan/2022:09:29:12 +0800] "GET /xingrg/javascript/easyui/themes/default/validatebox.css HTTP/1.1" 404 1104
114.85.125.222 - - [04/Jan/2022:09:29:14 +0800] "POST /xingrg/kc/base/wldb_list_operate.html HTTP/1.1" 200 664
180.169.147.146 - - [04/Jan/2022:09:29:14 +0800] "GET /xingrg/all/function/internal_message.html?_=1641259755920&CODE_STATE=getMsg HTTP/1.1" 200 27
180.169.147.146 - - [04/Jan/2022:09:29:15 +0800] "GET /xingrg/check_reg.html?_=1641259756110 HTTP/1.1" 200 22
114.83.217.139 - - [04/Jan/2022:09:29:15 +0800] "POST /xingrg/kc/buy/cgsh_order_operate.html HTTP/1.1" 200 37
61.165.255.114 - - [04/Jan/2022:09:29:15 +0800] "POST /xingrg/kc/buy/cgsh_order_operate.html HTTP/1.1" 200 1197
124.77.245.186 - - [04/Jan/2022:09:29:16 +0800] "GET /xingrg/all/function/internal_message.html?_=1641259754547&CODE_STATE=getMsg HTTP/1.1" 200 27
114.85.125.222 - - [04/Jan/2022:09:29:16 +0800] "GET /xingrg/kc/base/wldb_order_info.html?code=422022010200321 HTTP/1.1" 200 26173
114.85.125.222 - - [04/Jan/2022:09:29:16 +0800] "GET /xingrg/javascript/easyui/themes/default/validatebox.css HTTP/1.1" 404 1104
114.85.125.222 - - [04/Jan/2022:09:29:17 +0800] "POST /xingrg/kc/base/wldb_order_operate.html HTTP/1.1" 200 7336
120.253.135.82 - - [04/Jan/2022:09:29:19 +0800] "POST /xingrg/kc/pszx/mdps_list_operate.html HTTP/1.1" 200 2046
222.70.179.159 - - [04/Jan/2022:09:29:20 +0800] "GET /xingrg/kc/base/wldb_order_operate.html?command=get_materiel&rest_code=00111&base_code=0010842&code=00101010263 HTTP/1.1" 200 428
120.253.135.82 - - [04/Jan/2022:09:29:20 +0800] "POST /xingrg/kc/pszx/mdps_list_operate.html HTTP/1.1" 200 211
114.85.125.222 - - [04/Jan/2022:09:29:22 +0800] "GET /xingrg/all/function/internal_message.html?_=1641259699595&CODE_STATE=getMsg HTTP/1.1" 200 27
180.175.103.30 - - [04/Jan/2022:09:29:22 +0800] "GET /xingrg/all/function/internal_message.html?_=1641259761631&CODE_STATE=getMsg HTTP/1.1" 200 27
120.253.135.82 - - [04/Jan/2022:09:29:22 +0800] "GET /xingrg/kc/pszx/mdps_order_info.html?code=312022010100045 HTTP/1.1" 200 23925
120.253.135.82 - - [04/Jan/2022:09:29:22 +0800] "GET /xingrg/javascript/easyui/themes/default/validatebox.css HTTP/1.1" 404 1104
61.165.255.114 - - [04/Jan/2022:09:29:24 +0800] "POST /xingrg/kc/buy/cgsh_order_operate.html HTTP/1.1" 200 12
120.253.135.82 - - [04/Jan/2022:09:29:24 +0800] "POST /xingrg/kc/pszx/mdps_order_operate.html HTTP/1.1" 200 2289
120.253.135.82 - - [04/Jan/2022:09:29:26 +0800] "GET /xingrg/kc/print/load_data.html?order_code=312022010100045&kc_code=mdps&condition= HTTP/1.1" 200 683
114.85.125.222 - - [04/Jan/2022:09:29:27 +0800] "GET /xingrg/kc/base/yddb_order_list.html HTTP/1.1" 200 16672
114.85.125.222 - - [04/Jan/2022:09:29:27 +0800] "POST /xingrg/kc/base/yddb_list_operate.html HTTP/1.1" 200 636
114.83.217.139 - - [04/Jan/2022:09:29:30 +0800] "POST /xingrg/kc/buy/cgsh_order_operate.html HTTP/1.1" 200 12
61.165.255.114 - - [04/Jan/2022:09:29:30 +0800] "GET /xingrg/kc/buy/cgsh_order_info.html?code=212022010401594 HTTP/1.1" 200 65292
222.70.179.159 - - [04/Jan/2022:09:29:31 +0800] "GET /xingrg/kc/base/wldb_order_operate.html?command=get_materiel&rest_code=00111&base_code=0010842&code=00101010274 HTTP/1.1" 200 454
61.165.255.114 - - [04/Jan/2022:09:29:31 +0800] "GET /xingrg/javascript/easyui/themes/default/validatebox.css HTTP/1.1" 404 1104
61.165.255.114 - - [04/Jan/2022:09:29:31 +0800] "POST /xingrg/kc/buy/cgsh_order_operate.html HTTP/1.1" 200 3247
180.169.147.146 - - [04/Jan/2022:09:29:32 +0800] "GET /xingrg/all/function/internal_message.html?_=1641259771910&CODE_STATE=getMsg HTTP/1.1" 200 27
222.70.179.159 - - [04/Jan/2022:09:29:37 +0800] "GET /xingrg/all/function/internal_message.html?_=1641259775121&CODE_STATE=getMsg HTTP/1.1" 200 27
114.85.125.222 - - [04/Jan/2022:09:29:37 +0800] "POST /xingrg/kc/base/yddb_list_operate.html HTTP/1.1" 200 3256
120.253.135.82 - - [04/Jan/2022:09:29:38 +0800] "POST /xingrg/kc/pszx/mdps_list_operate.html HTTP/1.1" 200 2046
116.232.53.14 - - [04/Jan/2022:09:29:38 +0800] "GET /xingrg/all/function/internal_message.html?_=1641259778415&CODE_STATE=getMsg HTTP/1.1" 200 27
116.232.53.14 - - [04/Jan/2022:09:29:38 +0800] "GET /xingrg/check_reg.html?_=1641259778416 HTTP/1.1" 200 22
114.85.125.222 - - [04/Jan/2022:09:29:39 +0800] "POST /xingrg/kc/base/yddb_list_operate.html HTTP/1.1" 200 564
61.165.255.114 - - [04/Jan/2022:09:29:41 +0800] "POST /xingrg/kc/buy/cgsh_order_operate.html HTTP/1.1" 200 37
114.85.125.222 - - [04/Jan/2022:09:29:43 +0800] "POST /xingrg/kc/base/yddb_list_operate.html HTTP/1.1" 200 287
61.165.255.114 - - [04/Jan/2022:09:29:43 +0800] "POST /xingrg/kc/buy/cgsh_order_operate.html HTTP/1.1" 200 3247
180.175.103.30 - - [04/Jan/2022:09:29:45 +0800] "GET /xingrg/all/function/internal_message.html?_=1641259722330&CODE_STATE=getMsg HTTP/1.1" 302 -
114.83.217.139 - - [04/Jan/2022:09:29:45 +0800] "GET /xingrg/kc/buy/cgsh_order_info.html?code=212022010401595 HTTP/1.1" 200 60360
114.83.217.139 - - [04/Jan/2022:09:29:45 +0800] "GET /xingrg/javascript/easyui/themes/default/validatebox.css HTTP/1.1" 404 1104
114.85.125.222 - - [04/Jan/2022:09:29:45 +0800] "POST /xingrg/kc/base/yddb_list_operate.html HTTP/1.1" 200 361
114.83.217.139 - - [04/Jan/2022:09:29:46 +0800] "POST /xingrg/kc/buy/cgsh_order_operate.html HTTP/1.1" 200 1800
114.85.125.222 - - [04/Jan/2022:09:29:47 +0800] "POST /xingrg/kc/base/yddb_list_operate.html HTTP/1.1" 200 635
120.253.135.82 - - [04/Jan/2022:09:29:47 +0800] "POST /xingrg/kc/pszx/mdps_list_operate.html HTTP/1.1" 200 2436
114.83.217.139 - - [04/Jan/2022:09:29:48 +0800] "GET /xingrg/kc/print/load_data.html?order_code=212022010401595&kc_code=cgsh&condition= HTTP/1.1" 200 1255
120.253.135.82 - - [04/Jan/2022:09:29:49 +0800] "POST /xingrg/kc/pszx/mdps_list_operate.html HTTP/1.1" 200 203
120.253.135.82 - - [04/Jan/2022:09:29:50 +0800] "POST /xingrg/kc/pszx/mdps_list_operate.html HTTP/1.1" 200 204
114.85.125.222 - - [04/Jan/2022:09:29:50 +0800] "GET /xingrg/kc/base/yddb_order_info.html?code=482022010300011 HTTP/1.1" 200 31231
114.85.125.222 - - [04/Jan/2022:09:29:50 +0800] "GET /xingrg/javascript/ToolTips.js HTTP/1.1" 304 -
114.85.125.222 - - [04/Jan/2022:09:29:50 +0800] "GET /xingrg/javascript/Grid.js HTTP/1.1" 304 -
114.85.125.222 - - [04/Jan/2022:09:29:50 +0800] "GET /xingrg/javascript/checkform.js HTTP/1.1" 304 -
114.85.125.222 - - [04/Jan/2022:09:29:50 +0800] "GET /xingrg/dwr/interface/AjaxYddbService.js HTTP/1.1" 200 13201
114.85.125.222 - - [04/Jan/2022:09:29:50 +0800] "GET /xingrg/dwr/interface/AjaxComOrderService.js HTTP/1.1" 200 18264
114.85.125.222 - - [04/Jan/2022:09:29:50 +0800] "GET /xingrg/dwr/engine.js HTTP/1.1" 200 43631
114.85.125.222 - - [04/Jan/2022:09:29:50 +0800] "GET /xingrg/javascript/jquery_easy_ui/themes/icons/edit_add_new.png HTTP/1.1" 304 -
114.85.125.222 - - [04/Jan/2022:09:29:50 +0800] "GET /xingrg/images/blue/kc_tab_left.gif HTTP/1.1" 304 -
114.85.125.222 - - [04/Jan/2022:09:29:50 +0800] "GET /xingrg/images/blue/kc_tab_right.gif HTTP/1.1" 304 -
114.85.125.222 - - [04/Jan/2022:09:29:50 +0800] "GET /xingrg/images/blue/kc_tab_mid.gif HTTP/1.1" 304 -
114.85.125.222 - - [04/Jan/2022:09:29:50 +0800] "GET /xingrg/images/blue/wait.gif HTTP/1.1" 304 -
61.165.255.114 - - [04/Jan/2022:09:29:51 +0800] "POST /xingrg/kc/buy/cgsh_order_operate.html HTTP/1.1" 200 37
120.253.135.82 - - [04/Jan/2022:09:29:52 +0800] "GET /xingrg/check_reg.html?_=1641259576815 HTTP/1.1" 200 22
120.253.135.82 - - [04/Jan/2022:09:29:53 +0800] "GET /xingrg/all/function/internal_message.html?_=1641259578513&CODE_STATE=getMsg HTTP/1.1" 200 27
222.70.179.159 - - [04/Jan/2022:09:29:54 +0800] "GET /xingrg/kc/base/wldb_order_operate.html?command=get_materiel&rest_code=00111&base_code=0010842&code=00101010333 HTTP/1.1" 200 419
120.253.135.82 - - [04/Jan/2022:09:29:55 +0800] "GET /xingrg/kc/pszx/mdps_order_add.html HTTP/1.1" 200 28947
120.253.135.82 - - [04/Jan/2022:09:29:55 +0800] "POST /xingrg/kc/pszx/mdps_order_operate.html HTTP/1.1" 200 7126
114.83.217.139 - - [04/Jan/2022:09:29:55 +0800] "GET /xingrg/kc/buy/cgsh_order_add.html HTTP/1.1" 200 65451
114.83.217.139 - - [04/Jan/2022:09:29:55 +0800] "POST /xingrg/kc/buy/cgsh_order_operate.html HTTP/1.1" 200 8245
114.83.217.139 - - [04/Jan/2022:09:29:55 +0800] "GET /xingrg/javascript/easyui/themes/default/validatebox.css HTTP/1.1" 404 1104
120.253.135.82 - - [04/Jan/2022:09:29:56 +0800] "GET /xingrg/javascript/easyui/themes/default/validatebox.css HTTP/1.1" 404 1104
180.169.147.146 - - [04/Jan/2022:09:29:56 +0800] "GET /xingrg/all/function/internal_message.html?_=1641259796277&CODE_STATE=getMsg HTTP/1.1" 200 27
114.85.125.222 - - [04/Jan/2022:09:29:58 +0800] "POST /xingrg/dwr/call/plaincall/AjaxYddbService.loadMaterielItems.dwr HTTP/1.1" 200 3415
61.165.255.114 - - [04/Jan/2022:09:30:01 +0800] "POST /xingrg/kc/buy/cgsh_order_operate.html HTTP/1.1" 200 12
116.227.210.113 - - [04/Jan/2022:09:30:03 +0800] "GET /xingrg/check_reg.html?_=1641259788854 HTTP/1.1" 200 22
116.227.210.113 - - [04/Jan/2022:09:30:03 +0800] "GET /xingrg/all/function/internal_message.html?_=1641259788856&CODE_STATE=getMsg HTTP/1.1" 200 27
61.165.255.114 - - [04/Jan/2022:09:30:03 +0800] "GET /xingrg/kc/buy/cgsh_order_info.html?code=212022010401594 HTTP/1.1" 200 60190
61.165.255.114 - - [04/Jan/2022:09:30:04 +0800] "GET /xingrg/javascript/easyui/themes/default/validatebox.css HTTP/1.1" 404 1104
120.253.135.82 - - [04/Jan/2022:09:30:04 +0800] "POST /xingrg/all/common/load_combo.html?type=base HTTP/1.1" 200 1075
61.165.255.114 - - [04/Jan/2022:09:30:04 +0800] "POST /xingrg/kc/buy/cgsh_order_operate.html HTTP/1.1" 200 1197
222.70.179.159 - - [04/Jan/2022:09:30:05 +0800] "POST /xingrg/kc/base/wldb_order_operate.html HTTP/1.1" 200 1710
61.165.255.114 - - [04/Jan/2022:09:30:06 +0800] "GET /xingrg/kc/print/load_data.html?order_code=212022010401594&kc_code=cgsh&condition= HTTP/1.1" 200 983
114.83.217.139 - - [04/Jan/2022:09:30:10 +0800] "GET /xingrg/all/function/internal_message.html?_=1641259809754&CODE_STATE=getMsg HTTP/1.1" 200 27
120.253.135.82 - - [04/Jan/2022:09:30:12 +0800] "GET /xingrg/kc/pszx/mdps_order_operate.html?command=get_materiel&pszx_code=00101&rest_code=00147&base_code=0010246&code=00101034130 HTTP/1.1" 200 414
222.70.179.159 - - [04/Jan/2022:09:30:12 +0800] "GET /xingrg/kc/base/wldb_order_operate.html?command=get_materiel&rest_code=00111&base_code=0010842&code=00101010361 HTTP/1.1" 200 423
61.165.255.114 - - [04/Jan/2022:09:30:13 +0800] "POST /xingrg/all/user/operate.html HTTP/1.1" 200 36
61.165.255.114 - - [04/Jan/2022:09:30:13 +0800] "GET /xingrg/index.html?sysBaseUrl=http%3A%2F%2F180.169.147.146%3A18081%2Fxingrg%2F&costTime=1312×tamp=1641257316320 HTTP/1.1" 200 17177
61.165.255.114 - - [04/Jan/2022:09:30:13 +0800] "GET /xingrg/javascript/jquery_easy_ui/themes/default/easyui.css HTTP/1.1" 304 -
61.165.255.114 - - [04/Jan/2022:09:30:13 +0800] "GET /xingrg/javascript/jquery_easy_ui/themes/icon.css HTTP/1.1" 304 -
61.165.255.114 - - [04/Jan/2022:09:30:13 +0800] "GET /xingrg/css/form.css HTTP/1.1" 304 -
61.165.255.114 - - [04/Jan/2022:09:30:13 +0800] "GET /xingrg/javascript/jquery-1.4.2.min.js HTTP/1.1" 304 -
61.165.255.114 - - [04/Jan/2022:09:30:13 +0800] "GET /xingrg/javascript/jquery_easy_ui/jquery.easyui.min.js HTTP/1.1" 304 -
61.165.255.114 - - [04/Jan/2022:09:30:13 +0800] "GET /xingrg/javascript/jquery_easy_ui/easyui-lang-zh_CN.js HTTP/1.1" 304 -
61.165.255.114 - - [04/Jan/2022:09:30:13 +0800] "GET /xingrg/javascript/jquery.form.js HTTP/1.1" 304 -
61.165.255.114 - - [04/Jan/2022:09:30:13 +0800] "GET /xingrg/javascript/jquery.utils.js HTTP/1.1" 304 -
61.165.255.114 - - [04/Jan/2022:09:30:13 +0800] "GET /xingrg/javascript/jquery.timers.js HTTP/1.1" 304 -
61.165.255.114 - - [04/Jan/2022:09:30:13 +0800] "GET /xingrg/images/blue/jxLogo.png HTTP/1.1" 304 -
61.165.255.114 - - [04/Jan/2022:09:30:13 +0800] "GET /xingrg/images/blue/navBackgound.jpg HTTP/1.1" 304 -
61.165.255.114 - - [04/Jan/2022:09:30:13 +0800] "GET /xingrg/javascript/jquery_easy_ui/themes/icons/settle_new.png HTTP/1.1" 304 -
61.165.255.114 - - [04/Jan/2022:09:30:13 +0800] "GET /xingrg/all/function/internal_message.html?_=1641259812696&CODE_STATE=count HTTP/1.1" 200 11
61.165.255.114 - - [04/Jan/2022:09:30:13 +0800] "GET /xingrg/check_reg.html?_=1641259812698 HTTP/1.1" 200 22
61.165.255.114 - - [04/Jan/2022:09:30:13 +0800] "GET /xingrg/images/blue/pingpu.png HTTP/1.1" 304 -
61.165.255.114 - - [04/Jan/2022:09:30:13 +0800] "GET /xingrg/javascript/jquery_easy_ui/themes/default/images/tabs_rightarrow.png HTTP/1.1" 304 -
61.165.255.114 - - [04/Jan/2022:09:30:13 +0800] "GET /xingrg/javascript/jquery_easy_ui/themes/default/images/tabs_leftarrow.png HTTP/1.1" 304 -
61.165.255.114 - - [04/Jan/2022:09:30:13 +0800] "GET /xingrg/javascript/jquery_easy_ui/themes/default/images/panel_tool_collapse.gif HTTP/1.1" 304 -
61.165.255.114 - - [04/Jan/2022:09:30:13 +0800] "POST /xingrg/all/common/load_tree.html?tree=area_rest_tree_json&manage=1 HTTP/1.1" 200 476
61.165.255.114 - - [04/Jan/2022:09:30:13 +0800] "POST /xingrg/load_menu.html HTTP/1.1" 200 5138
180.169.147.146 - - [04/Jan/2022:09:30:14 +0800] "GET /xingrg/all/function/internal_message.html?_=1641259815892&CODE_STATE=getMsg HTTP/1.1" 200 27
124.77.245.186 - - [04/Jan/2022:09:30:16 +0800] "GET /xingrg/all/function/internal_message.html?_=1641259814560&CODE_STATE=getMsg HTTP/1.1" 200 27
114.83.217.139 - - [04/Jan/2022:09:30:16 +0800] "GET /xingrg/kc/buy/cgsh_order_operate.html?command=get_materiel&rest_code=00149&code=00101020153&supplier_code=00100036&order_time=2022-01-04 HTTP/1.1" 200 408
61.165.255.114 - - [04/Jan/2022:09:30:17 +0800] "GET /xingrg/kc/buy/cgsh_order_list.html HTTP/1.1" 200 49592
61.165.255.114 - - [04/Jan/2022:09:30:19 +0800] "POST /xingrg/kc/buy/cgsh_list_operate.html HTTP/1.1" 200 876
114.85.125.222 - - [04/Jan/2022:09:30:19 +0800] "GET /xingrg/login.html HTTP/1.1" 200 7641
114.85.125.222 - - [04/Jan/2022:09:30:20 +0800] "GET /xingrg/images/blue/jxLogo.png HTTP/1.1" 304 -
114.85.125.222 - - [04/Jan/2022:09:30:20 +0800] "GET /xingrg/images/blue/hj.png HTTP/1.1" 304 -
114.85.125.222 - - [04/Jan/2022:09:30:20 +0800] "GET /xingrg/images/blue/login_bg.png HTTP/1.1" 304 -
114.85.125.222 - - [04/Jan/2022:09:30:20 +0800] "GET /xingrg/images/blue/srbg.png HTTP/1.1" 304 -
114.85.125.222 - - [04/Jan/2022:09:30:20 +0800] "GET /favicon.ico HTTP/1.1" 404 -
120.253.135.82 - - [04/Jan/2022:09:30:20 +0800] "GET /xingrg/kc/pszx/mdps_order_operate.html?command=get_materiel&pszx_code=00101&rest_code=00147&base_code=0010246&code=00101034133 HTTP/1.1" 200 428
61.165.255.114 - - [04/Jan/2022:09:30:20 +0800] "GET /xingrg/kc/buy/cgsh_order_add.html HTTP/1.1" 200 64961
61.165.255.114 - - [04/Jan/2022:09:30:20 +0800] "POST /xingrg/kc/buy/cgsh_order_operate.html HTTP/1.1" 200 8245
61.165.255.114 - - [04/Jan/2022:09:30:20 +0800] "GET /xingrg/javascript/easyui/themes/default/validatebox.css HTTP/1.1" 404 1104
61.165.255.114 - - [04/Jan/2022:09:30:21 +0800] "GET /xingrg/javascript/auto/indicator.gif HTTP/1.1" 404 1066
180.175.103.30 - - [04/Jan/2022:09:30:22 +0800] "GET /xingrg/all/function/internal_message.html?_=1641259821631&CODE_STATE=getMsg HTTP/1.1" 200 27
222.70.179.159 - - [04/Jan/2022:09:30:22 +0800] "GET /xingrg/kc/base/wldb_order_operate.html?command=get_materiel&rest_code=00111&base_code=0010842&code=00101010081 HTTP/1.1" 200 432
114.83.217.139 - - [04/Jan/2022:09:30:26 +0800] "GET /xingrg/kc/buy/cgsh_order_operate.html?command=get_materiel&rest_code=00149&code=00101010348&supplier_code=00100036&order_time=2022-01-04 HTTP/1.1" 200 417
61.165.255.114 - - [04/Jan/2022:09:30:28 +0800] "GET /xingrg/kc/buy/cgsh_order_operate.html?command=get_materiel&rest_code=00151&code=00101011005&supplier_code=00100047&order_time=2022-01-04 HTTP/1.1" 200 408
120.253.135.82 - - [04/Jan/2022:09:30:30 +0800] "GET /xingrg/kc/pszx/mdps_order_operate.html?command=get_materiel&pszx_code=00101&rest_code=00147&base_code=0010246&code=00101034135 HTTP/1.1" 200 428
114.88.155.71 - - [04/Jan/2022:09:30:32 +0800] "POST /xingrg/kc/buy/cgsh_list_operate.html HTTP/1.1" 302 -
114.88.155.71 - - [04/Jan/2022:09:30:32 +0800] "GET /xingrg/login.html HTTP/1.1" 200 7641
180.169.147.146 - - [04/Jan/2022:09:30:32 +0800] "GET /xingrg/all/function/internal_message.html?_=1641259831920&CODE_STATE=getMsg HTTP/1.1" 200 27
222.70.179.159 - - [04/Jan/2022:09:30:34 +0800] "GET /xingrg/kc/base/wldb_order_operate.html?command=get_materiel&rest_code=00111&base_code=0010842&code=00101010517 HTTP/1.1" 200 439
114.88.155.71 - - [04/Jan/2022:09:30:35 +0800] "GET /xingrg/login.html HTTP/1.1" 200 7641
114.88.155.71 - - [04/Jan/2022:09:30:35 +0800] "GET /favicon.ico HTTP/1.1" 404 -
222.70.179.159 - - [04/Jan/2022:09:30:37 +0800] "GET /xingrg/all/function/internal_message.html?_=1641259835180&CODE_STATE=getMsg HTTP/1.1" 200 27
114.83.217.139 - - [04/Jan/2022:09:30:37 +0800] "GET /xingrg/kc/buy/cgsh_order_operate.html?command=get_materiel&rest_code=00149&code=00101010092&supplier_code=00100036&order_time=2022-01-04 HTTP/1.1" 200 431
61.165.255.114 - - [04/Jan/2022:09:30:38 +0800] "GET /xingrg/kc/buy/cgsh_order_operate.html?command=get_materiel&rest_code=00151&code=00101011001&supplier_code=00100047&order_time=2022-01-04 HTTP/1.1" 200 423
114.88.155.71 - - [04/Jan/2022:09:30:38 +0800] "POST /xingrg/login.do HTTP/1.1" 302 -
114.88.155.71 - - [04/Jan/2022:09:30:38 +0800] "GET /xingrg/index.html?sysBaseUrl=http%3A%2F%2F180.169.147.146%3A18081%2Fxingrg%2F&costTime=1168×tamp=1641259838359 HTTP/1.1" 200 17179
114.88.155.71 - - [04/Jan/2022:09:30:38 +0800] "GET /xingrg/check_reg.html?_=1641259642881 HTTP/1.1" 200 22
114.88.155.71 - - [04/Jan/2022:09:30:38 +0800] "GET /favicon.ico HTTP/1.1" 404 -
114.88.155.71 - - [04/Jan/2022:09:30:38 +0800] "GET /xingrg/all/function/internal_message.html?_=1641259642881&CODE_STATE=count HTTP/1.1" 200 11
114.88.155.71 - - [04/Jan/2022:09:30:38 +0800] "POST /xingrg/load_menu.html HTTP/1.1" 200 5138
114.88.155.71 - - [04/Jan/2022:09:30:38 +0800] "POST /xingrg/all/common/load_tree.html?tree=area_rest_tree_json&manage=1 HTTP/1.1" 200 351
116.232.53.14 - - [04/Jan/2022:09:30:38 +0800] "GET /xingrg/all/function/internal_message.html?_=1641259838415&CODE_STATE=getMsg HTTP/1.1" 200 27
120.253.135.82 - - [04/Jan/2022:09:30:39 +0800] "GET /xingrg/kc/pszx/mdps_order_operate.html?command=get_materiel&pszx_code=00101&rest_code=00147&base_code=0010246&code=00101034131 HTTP/1.1" 200 428
61.165.255.114 - - [04/Jan/2022:09:30:44 +0800] "GET /xingrg/kc/buy/cgsh_order_operate.html?command=get_materiel&rest_code=00151&code=00101011010&supplier_code=00100047&order_time=2022-01-04 HTTP/1.1" 200 418
180.175.103.30 - - [04/Jan/2022:09:30:45 +0800] "GET /xingrg/check_reg.html?_=1641259782330 HTTP/1.1" 302 -
180.175.103.30 - - [04/Jan/2022:09:30:45 +0800] "GET /xingrg/all/function/internal_message.html?_=1641259782333&CODE_STATE=getMsg HTTP/1.1" 302 -
222.70.179.159 - - [04/Jan/2022:09:30:46 +0800] "GET /xingrg/kc/base/wldb_order_operate.html?command=get_materiel&rest_code=00111&base_code=0010842&code=00101007122 HTTP/1.1" 200 456
114.85.125.222 - - [04/Jan/2022:09:30:48 +0800] "POST /xingrg/login.do HTTP/1.1" 302 -
114.85.125.222 - - [04/Jan/2022:09:30:48 +0800] "GET /xingrg/index.html?sysBaseUrl=http%3A%2F%2F180.169.147.146%3A18081%2Fxingrg%2F&costTime=1155×tamp=1641259848033 HTTP/1.1" 200 17179
114.85.125.222 - - [04/Jan/2022:09:30:48 +0800] "GET /xingrg/javascript/jquery_easy_ui/themes/default/easyui.css HTTP/1.1" 304 -
114.85.125.222 - - [04/Jan/2022:09:30:48 +0800] "GET /xingrg/css/form.css HTTP/1.1" 304 -
114.85.125.222 - - [04/Jan/2022:09:30:48 +0800] "GET /xingrg/javascript/jquery_easy_ui/themes/icon.css HTTP/1.1" 304 -
114.85.125.222 - - [04/Jan/2022:09:30:48 +0800] "GET /xingrg/javascript/jquery_easy_ui/jquery.easyui.min.js HTTP/1.1" 304 -
114.85.125.222 - - [04/Jan/2022:09:30:48 +0800] "GET /xingrg/javascript/jquery_easy_ui/easyui-lang-zh_CN.js HTTP/1.1" 304 -
114.85.125.222 - - [04/Jan/2022:09:30:48 +0800] "GET /xingrg/javascript/jquery.form.js HTTP/1.1" 304 -
114.85.125.222 - - [04/Jan/2022:09:30:48 +0800] "GET /xingrg/javascript/jquery-1.4.2.min.js HTTP/1.1" 304 -
114.85.125.222 - - [04/Jan/2022:09:30:48 +0800] "GET /xingrg/javascript/jquery.utils.js HTTP/1.1" 304 -
114.85.125.222 - - [04/Jan/2022:09:30:48 +0800] "GET /xingrg/javascript/jquery.timers.js HTTP/1.1" 304 -
114.85.125.222 - - [04/Jan/2022:09:30:48 +0800] "GET /xingrg/images/blue/navBackgound.jpg HTTP/1.1" 304 -
114.85.125.222 - - [04/Jan/2022:09:30:48 +0800] "GET /xingrg/javascript/jquery_easy_ui/themes/icons/settle_new.png HTTP/1.1" 304 -
114.85.125.222 - - [04/Jan/2022:09:30:48 +0800] "GET /xingrg/images/blue/pingpu.png HTTP/1.1" 304 -
114.85.125.222 - - [04/Jan/2022:09:30:48 +0800] "GET /xingrg/javascript/jquery_easy_ui/themes/default/images/tabs_rightarrow.png HTTP/1.1" 304 -
114.85.125.222 - - [04/Jan/2022:09:30:48 +0800] "GET /xingrg/javascript/jquery_easy_ui/themes/default/images/tabs_leftarrow.png HTTP/1.1" 304 -
114.85.125.222 - - [04/Jan/2022:09:30:48 +0800] "GET /xingrg/javascript/jquery_easy_ui/themes/default/images/panel_tool_collapse.gif HTTP/1.1" 304 -
114.85.125.222 - - [04/Jan/2022:09:30:48 +0800] "GET /xingrg/all/function/internal_message.html?_=1641259785834&CODE_STATE=count HTTP/1.1" 200 11
114.85.125.222 - - [04/Jan/2022:09:30:48 +0800] "GET /xingrg/check_reg.html?_=1641259785836 HTTP/1.1" 200 22
114.85.125.222 - - [04/Jan/2022:09:30:48 +0800] "GET /favicon.ico HTTP/1.1" 404 -
114.85.125.222 - - [04/Jan/2022:09:30:48 +0800] "POST /xingrg/all/common/load_tree.html?tree=area_rest_tree_json&manage=1 HTTP/1.1" 200 476
114.85.125.222 - - [04/Jan/2022:09:30:48 +0800] "POST /xingrg/load_menu.html HTTP/1.1" 200 5138
114.85.125.222 - - [04/Jan/2022:09:30:48 +0800] "GET /xingrg/javascript/jquery_easy_ui/themes/default/images/tree_arrows.gif HTTP/1.1" 304 -
114.85.125.222 - - [04/Jan/2022:09:30:48 +0800] "GET /xingrg/javascript/jquery_easy_ui/themes/default/images/tree_folder_open.gif HTTP/1.1" 304 -
114.85.125.222 - - [04/Jan/2022:09:30:48 +0800] "GET /xingrg/javascript/jquery_easy_ui/themes/icons/search_new.png HTTP/1.1" 304 -
114.85.125.222 - - [04/Jan/2022:09:30:48 +0800] "GET /xingrg/javascript/jquery_easy_ui/themes/icons/storage_new.png HTTP/1.1" 304 -
114.85.125.222 - - [04/Jan/2022:09:30:48 +0800] "GET /xingrg/javascript/jquery_easy_ui/themes/default/images/tree_folder.gif HTTP/1.1" 304 -
114.85.125.222 - - [04/Jan/2022:09:30:48 +0800] "GET /xingrg/javascript/jquery_easy_ui/themes/icons/forms_new.png HTTP/1.1" 304 -
114.85.125.222 - - [04/Jan/2022:09:30:48 +0800] "GET /xingrg/javascript/jquery_easy_ui/themes/default/images/tree_file.gif HTTP/1.1" 304 -
172.20.0.100 - - [04/Jan/2022:09:30:49 +0800] "GET /xingrg/check_reg.html?_=1641259847603 HTTP/1.1" 302 -
120.253.135.82 - - [04/Jan/2022:09:30:49 +0800] "GET /xingrg/kc/pszx/mdps_order_operate.html?command=get_materiel&pszx_code=00101&rest_code=00147&base_code=0010246&code=00101034132 HTTP/1.1" 200 428
61.165.255.114 - - [04/Jan/2022:09:30:51 +0800] "GET /xingrg/kc/buy/cgsh_order_operate.html?command=get_materiel&rest_code=00151&code=00101011007&supplier_code=00100047&order_time=2022-01-04 HTTP/1.1" 200 414
120.253.135.82 - - [04/Jan/2022:09:30:53 +0800] "GET /xingrg/all/function/internal_message.html?_=1641259638526&CODE_STATE=getMsg HTTP/1.1" 200 27
180.169.147.146 - - [04/Jan/2022:09:30:56 +0800] "GET /xingrg/all/function/internal_message.html?_=1641259856259&CODE_STATE=getMsg HTTP/1.1" 200 27
222.70.179.159 - - [04/Jan/2022:09:30:57 +0800] "GET /xingrg/kc/base/wldb_order_operate.html?command=get_materiel&rest_code=00111&base_code=0010842&code=00101010687 HTTP/1.1" 200 418
120.253.135.82 - - [04/Jan/2022:09:30:59 +0800] "GET /xingrg/kc/pszx/mdps_order_operate.html?command=get_materiel&pszx_code=00101&rest_code=00147&base_code=0010246&code=00101034134 HTTP/1.1" 200 428
61.165.255.114 - - [04/Jan/2022:09:31:00 +0800] "POST /xingrg/kc/buy/cgsh_order_operate.html HTTP/1.1" 200 37
116.227.210.113 - - [04/Jan/2022:09:31:03 +0800] "GET /xingrg/all/function/internal_message.html?_=1641259848864&CODE_STATE=getMsg HTTP/1.1" 200 27
114.83.217.139 - - [04/Jan/2022:09:31:07 +0800] "POST /xingrg/kc/buy/cgsh_order_operate.html HTTP/1.1" 200 37
61.165.255.114 - - [04/Jan/2022:09:31:09 +0800] "POST /xingrg/kc/buy/cgsh_order_operate.html HTTP/1.1" 200 12
114.83.217.139 - - [04/Jan/2022:09:31:10 +0800] "GET /xingrg/all/function/internal_message.html?_=1641259869726&CODE_STATE=getMsg HTTP/1.1" 200 27
114.83.217.139 - - [04/Jan/2022:09:31:10 +0800] "GET /xingrg/check_reg.html?_=1641259869776 HTTP/1.1" 200 22
222.70.179.159 - - [04/Jan/2022:09:31:11 +0800] "GET /xingrg/kc/base/wldb_order_operate.html?command=get_materiel&rest_code=00111&base_code=0010842&code=00101010751 HTTP/1.1" 200 454
120.253.135.82 - - [04/Jan/2022:09:31:11 +0800] "POST /xingrg/kc/pszx/mdps_order_operate.html HTTP/1.1" 200 37
61.165.255.114 - - [04/Jan/2022:09:31:13 +0800] "GET /xingrg/all/function/internal_message.html?_=1641259872774&CODE_STATE=getMsg HTTP/1.1" 200 27
120.253.135.82 - - [04/Jan/2022:09:31:14 +0800] "GET /xingrg/kc/pszx/mdps_order_info.html?code=312022010400152 HTTP/1.1" 200 23931
180.169.147.146 - - [04/Jan/2022:09:31:14 +0800] "GET /xingrg/all/function/internal_message.html?_=1641259875877&CODE_STATE=getMsg HTTP/1.1" 200 27
120.253.135.82 - - [04/Jan/2022:09:31:15 +0800] "GET /xingrg/javascript/easyui/themes/default/validatebox.css HTTP/1.1" 404 1104
124.77.245.186 - - [04/Jan/2022:09:31:16 +0800] "GET /xingrg/all/function/internal_message.html?_=1641259874579&CODE_STATE=getMsg HTTP/1.1" 200 27
114.83.217.139 - - [04/Jan/2022:09:31:16 +0800] "POST /xingrg/kc/buy/cgsh_order_operate.html HTTP/1.1" 200 12
120.253.135.82 - - [04/Jan/2022:09:31:16 +0800] "POST /xingrg/kc/pszx/mdps_order_operate.html HTTP/1.1" 200 4821
222.70.179.159 - - [04/Jan/2022:09:31:16 +0800] "POST /xingrg/kc/base/wldb_order_operate.html HTTP/1.1" 200 1710
61.165.255.114 - - [04/Jan/2022:09:31:17 +0800] "GET /xingrg/kc/buy/cgsh_order_info.html?code=212022010401596 HTTP/1.1" 200 59870
61.165.255.114 - - [04/Jan/2022:09:31:17 +0800] "GET /xingrg/javascript/easyui/themes/default/validatebox.css HTTP/1.1" 404 1104
120.253.135.82 - - [04/Jan/2022:09:31:18 +0800] "GET /xingrg/kc/print/load_data.html?order_code=312022010400152&kc_code=mdps&condition= HTTP/1.1" 200 1886
61.165.255.114 - - [04/Jan/2022:09:31:18 +0800] "POST /xingrg/kc/buy/cgsh_order_operate.html HTTP/1.1" 200 2430
61.165.255.114 - - [04/Jan/2022:09:31:21 +0800] "GET /xingrg/kc/print/load_data.html?order_code=212022010401596&kc_code=cgsh&condition= HTTP/1.1" 200 1476
180.175.103.30 - - [04/Jan/2022:09:31:22 +0800] "GET /xingrg/all/function/internal_message.html?_=1641259881632&CODE_STATE=getMsg HTTP/1.1" 200 27
180.175.103.30 - - [04/Jan/2022:09:31:22 +0800] "GET /xingrg/check_reg.html?_=1641259881710 HTTP/1.1" 200 22
222.70.179.159 - - [04/Jan/2022:09:31:23 +0800] "GET /xingrg/kc/base/wldb_order_operate.html?command=get_materiel&rest_code=00111&base_code=0010842&code=00101013170 HTTP/1.1" 200 428
120.253.135.82 - - [04/Jan/2022:09:31:31 +0800] "POST /xingrg/kc/pszx/mdps_list_operate.html HTTP/1.1" 200 2808
180.169.147.146 - - [04/Jan/2022:09:31:32 +0800] "GET /xingrg/all/function/internal_message.html?_=1641259891916&CODE_STATE=getMsg HTTP/1.1" 200 27
114.85.125.222 - - [04/Jan/2022:09:31:35 +0800] "GET /xingrg/login.html HTTP/1.1" 200 7641
114.85.125.222 - - [04/Jan/2022:09:31:35 +0800] "GET /xingrg/images/blue/jxLogo.png HTTP/1.1" 304 -
114.85.125.222 - - [04/Jan/2022:09:31:35 +0800] "GET /xingrg/images/blue/login_bg.png HTTP/1.1" 304 -
114.85.125.222 - - [04/Jan/2022:09:31:35 +0800] "GET /xingrg/images/blue/srbg.png HTTP/1.1" 304 -
114.85.125.222 - - [04/Jan/2022:09:31:35 +0800] "GET /xingrg/images/blue/hj.png HTTP/1.1" 304 -
114.85.125.222 - - [04/Jan/2022:09:31:35 +0800] "GET /favicon.ico HTTP/1.1" 404 -
222.70.179.159 - - [04/Jan/2022:09:31:36 +0800] "GET /xingrg/kc/base/wldb_order_operate.html?command=get_materiel&rest_code=00111&base_code=0010842&code=00101013197 HTTP/1.1" 200 450
222.70.179.159 - - [04/Jan/2022:09:31:37 +0800] "GET /xingrg/all/function/internal_message.html?_=1641259895171&CODE_STATE=getMsg HTTP/1.1" 200 27
114.88.155.71 - - [04/Jan/2022:09:31:38 +0800] "GET /xingrg/all/function/internal_message.html?_=1641259702896&CODE_STATE=getMsg HTTP/1.1" 200 27
116.232.53.14 - - [04/Jan/2022:09:31:38 +0800] "GET /xingrg/all/function/internal_message.html?_=1641259898416&CODE_STATE=getMsg HTTP/1.1" 200 27
114.85.125.222 - - [04/Jan/2022:09:31:40 +0800] "POST /xingrg/login.do HTTP/1.1" 302 -
114.85.125.222 - - [04/Jan/2022:09:31:40 +0800] "GET /xingrg/javascript/jquery_easy_ui/themes/default/easyui.css HTTP/1.1" 304 -
114.85.125.222 - - [04/Jan/2022:09:31:40 +0800] "GET /xingrg/index.html?sysBaseUrl=http%3A%2F%2F180.169.147.146%3A18081%2Fxingrg%2F&costTime=1142×tamp=1641259900801 HTTP/1.1" 200 17503
114.85.125.222 - - [04/Jan/2022:09:31:40 +0800] "GET /xingrg/javascript/jquery_easy_ui/themes/icon.css HTTP/1.1" 304 -
114.85.125.222 - - [04/Jan/2022:09:31:40 +0800] "GET /xingrg/css/form.css HTTP/1.1" 304 -
114.85.125.222 - - [04/Jan/2022:09:31:40 +0800] "GET /xingrg/javascript/jquery-1.4.2.min.js HTTP/1.1" 304 -
114.85.125.222 - - [04/Jan/2022:09:31:40 +0800] "GET /xingrg/javascript/jquery_easy_ui/jquery.easyui.min.js HTTP/1.1" 304 -
114.85.125.222 - - [04/Jan/2022:09:31:40 +0800] "GET /xingrg/javascript/jquery_easy_ui/easyui-lang-zh_CN.js HTTP/1.1" 304 -
114.85.125.222 - - [04/Jan/2022:09:31:40 +0800] "GET /xingrg/javascript/jquery.timers.js HTTP/1.1" 304 -
114.85.125.222 - - [04/Jan/2022:09:31:40 +0800] "GET /xingrg/javascript/jquery.form.js HTTP/1.1" 304 -
114.85.125.222 - - [04/Jan/2022:09:31:40 +0800] "GET /xingrg/javascript/jquery.utils.js HTTP/1.1" 304 -
114.85.125.222 - - [04/Jan/2022:09:31:40 +0800] "GET /xingrg/images/blue/navBackgound.jpg HTTP/1.1" 304 -
114.85.125.222 - - [04/Jan/2022:09:31:40 +0800] "GET /xingrg/javascript/jquery_easy_ui/themes/icons/settle_new.png HTTP/1.1" 304 -
114.85.125.222 - - [04/Jan/2022:09:31:41 +0800] "GET /xingrg/images/blue/pingpu.png HTTP/1.1" 304 -
114.85.125.222 - - [04/Jan/2022:09:31:41 +0800] "GET /favicon.ico HTTP/1.1" 404 -
114.85.125.222 - - [04/Jan/2022:09:31:41 +0800] "GET /xingrg/javascript/jquery_easy_ui/themes/default/images/tabs_leftarrow.png HTTP/1.1" 304 -
114.85.125.222 - - [04/Jan/2022:09:31:41 +0800] "GET /xingrg/javascript/jquery_easy_ui/themes/default/images/tabs_rightarrow.png HTTP/1.1" 304 -
114.85.125.222 - - [04/Jan/2022:09:31:41 +0800] "GET /xingrg/javascript/jquery_easy_ui/themes/default/images/panel_tool_collapse.gif HTTP/1.1" 304 -
114.85.125.222 - - [04/Jan/2022:09:31:41 +0800] "GET /xingrg/javascript/jquery_easy_ui/themes/default/images/panel_tool_expand.gif HTTP/1.1" 304 -
114.85.125.222 - - [04/Jan/2022:09:31:41 +0800] "POST /xingrg/all/common/load_tree.html?tree=area_rest_tree_json&manage=1 HTTP/1.1" 200 3472
114.85.125.222 - - [04/Jan/2022:09:31:41 +0800] "GET /xingrg/check_reg.html?_=1641259838676 HTTP/1.1" 200 22
114.85.125.222 - - [04/Jan/2022:09:31:41 +0800] "GET /xingrg/all/function/internal_message.html?_=1641259838675&CODE_STATE=count HTTP/1.1" 200 11
114.85.125.222 - - [04/Jan/2022:09:31:41 +0800] "GET /xingrg/javascript/jquery_easy_ui/themes/default/images/tree_arrows.gif HTTP/1.1" 304 -
114.85.125.222 - - [04/Jan/2022:09:31:41 +0800] "POST /xingrg/load_menu.html HTTP/1.1" 200 11443
114.85.125.222 - - [04/Jan/2022:09:31:41 +0800] "GET /xingrg/javascript/jquery_easy_ui/themes/icons/search_new.png HTTP/1.1" 304 -
114.85.125.222 - - [04/Jan/2022:09:31:41 +0800] "GET /xingrg/javascript/jquery_easy_ui/themes/default/images/tree_folder_open.gif HTTP/1.1" 304 -
114.85.125.222 - - [04/Jan/2022:09:31:41 +0800] "GET /xingrg/javascript/jquery_easy_ui/themes/icons/checkout_new.png HTTP/1.1" 304 -
114.85.125.222 - - [04/Jan/2022:09:31:41 +0800] "GET /xingrg/javascript/jquery_easy_ui/themes/icons/delivery_new.png HTTP/1.1" 304 -
114.85.125.222 - - [04/Jan/2022:09:31:41 +0800] "GET /xingrg/javascript/jquery_easy_ui/themes/icons/storage_new.png HTTP/1.1" 304 -
114.85.125.222 - - [04/Jan/2022:09:31:41 +0800] "GET /xingrg/javascript/jquery_easy_ui/themes/icons/forms_new.png HTTP/1.1" 304 -
114.85.125.222 - - [04/Jan/2022:09:31:41 +0800] "GET /xingrg/javascript/jquery_easy_ui/themes/icons/setting_new.png HTTP/1.1" 304 -
114.85.125.222 - - [04/Jan/2022:09:31:41 +0800] "GET /xingrg/javascript/jquery_easy_ui/themes/icons/systemset_new.png HTTP/1.1" 304 -
114.85.125.222 - - [04/Jan/2022:09:31:41 +0800] "GET /xingrg/javascript/jquery_easy_ui/themes/default/images/tree_file.gif HTTP/1.1" 304 -
114.85.125.222 - - [04/Jan/2022:09:31:41 +0800] "GET /xingrg/javascript/jquery_easy_ui/themes/default/images/tree_folder.gif HTTP/1.1" 304 -
114.85.125.222 - - [04/Jan/2022:09:31:43 +0800] "GET /xingrg/javascript/jquery_easy_ui/themes/icons/area.png HTTP/1.1" 304 -
114.85.125.222 - - [04/Jan/2022:09:31:43 +0800] "GET /xingrg/javascript/jquery_easy_ui/themes/icons/manage.png HTTP/1.1" 304 -
114.85.125.222 - - [04/Jan/2022:09:31:43 +0800] "GET /xingrg/javascript/jquery_easy_ui/themes/icons/rest.png HTTP/1.1" 304 -
114.85.125.222 - - [04/Jan/2022:09:31:43 +0800] "GET /xingrg/javascript/jquery_easy_ui/themes/default/images/button_a_bg.gif HTTP/1.1" 304 -
114.85.125.222 - - [04/Jan/2022:09:31:43 +0800] "GET /xingrg/javascript/jquery_easy_ui/themes/default/images/button_span_bg.gif HTTP/1.1" 304 -
114.85.125.222 - - [04/Jan/2022:09:31:43 +0800] "GET /xingrg/javascript/jquery_easy_ui/themes/icons/ok.png HTTP/1.1" 304 -
114.85.125.222 - - [04/Jan/2022:09:31:43 +0800] "GET /xingrg/javascript/jquery_easy_ui/themes/default/images/panel_tools.gif HTTP/1.1" 304 -
114.85.125.222 - - [04/Jan/2022:09:31:43 +0800] "GET /xingrg/javascript/jquery_easy_ui/themes/default/images/panel_title.png HTTP/1.1" 304 -
180.175.103.30 - - [04/Jan/2022:09:31:45 +0800] "GET /xingrg/all/function/internal_message.html?_=1641259842334&CODE_STATE=getMsg HTTP/1.1" 302 -
114.85.125.222 - - [04/Jan/2022:09:31:48 +0800] "GET /xingrg/images/control/ajaxLoader.gif HTTP/1.1" 304 -
114.85.125.222 - - [04/Jan/2022:09:31:48 +0800] "POST /xingrg/all/user/operate.html HTTP/1.1" 200 36
114.85.125.222 - - [04/Jan/2022:09:31:49 +0800] "GET /xingrg/javascript/jquery_easy_ui/themes/default/easyui.css HTTP/1.1" 304 -
114.85.125.222 - - [04/Jan/2022:09:31:49 +0800] "GET /xingrg/javascript/jquery_easy_ui/themes/icon.css HTTP/1.1" 304 -
114.85.125.222 - - [04/Jan/2022:09:31:49 +0800] "GET /xingrg/index.html?sysBaseUrl=http%3A%2F%2F180.169.147.146%3A18081%2Fxingrg%2F&costTime=1142×tamp=1641259900801 HTTP/1.1" 200 17509
114.85.125.222 - - [04/Jan/2022:09:31:49 +0800] "GET /xingrg/css/form.css HTTP/1.1" 304 -
