114.88.155.71 - - [04/Jan/2022:10:09:38 +0800] "GET /xingrg/all/function/internal_message.html?_=1641261982929&CODE_STATE=getMsg HTTP/1.1" 200 27
114.88.155.71 - - [04/Jan/2022:10:09:41 +0800] "GET /xingrg/kc/buy/cgsh_order_operate.html?command=get_materiel&rest_code=00141&code=00101008197&supplier_code=00100007&order_time=2022-01-04 HTTP/1.1" 200 416
114.95.98.1 - - [04/Jan/2022:10:09:44 +0800] "GET /xingrg/all/function/internal_message.html?_=1641262198668&CODE_STATE=getMsg HTTP/1.1" 200 27
116.228.172.94 - - [04/Jan/2022:10:09:45 +0800] "GET /xingrg/all/function/internal_message.html?_=1641262152977&CODE_STATE=getMsg HTTP/1.1" 200 27
180.175.103.30 - - [04/Jan/2022:10:09:45 +0800] "GET /xingrg/all/function/internal_message.html?_=1641262122390&CODE_STATE=getMsg HTTP/1.1" 302 -
58.221.95.50 - - [04/Jan/2022:10:09:47 +0800] "GET /xingrg/all/function/internal_message.html?_=1641262187280&CODE_STATE=getMsg HTTP/1.1" 200 27
114.88.155.71 - - [04/Jan/2022:10:09:48 +0800] "GET /xingrg/kc/buy/cgsh_order_operate.html?command=get_materiel&rest_code=00141&code=00101008196&supplier_code=00100007&order_time=2022-01-04 HTTP/1.1" 200 416
61.165.255.114 - - [04/Jan/2022:10:09:52 +0800] "GET /xingrg/all/function/internal_message.html?_=1641262191611&CODE_STATE=getMsg HTTP/1.1" 200 27
114.88.155.71 - - [04/Jan/2022:10:09:56 +0800] "GET /xingrg/kc/buy/cgsh_order_operate.html?command=get_materiel&rest_code=00141&code=00101008069&supplier_code=00100007&order_time=2022-01-04 HTTP/1.1" 200 412
116.232.53.14 - - [04/Jan/2022:10:09:56 +0800] "GET /xingrg/all/function/internal_message.html?_=1641262196605&CODE_STATE=getMsg HTTP/1.1" 200 27
116.227.210.113 - - [04/Jan/2022:10:10:03 +0800] "GET /xingrg/check_reg.html?_=1641262188876 HTTP/1.1" 200 22
116.227.210.113 - - [04/Jan/2022:10:10:03 +0800] "GET /xingrg/all/function/internal_message.html?_=1641262188880&CODE_STATE=getMsg HTTP/1.1" 200 27
114.88.155.71 - - [04/Jan/2022:10:10:05 +0800] "GET /xingrg/kc/buy/cgsh_order_operate.html?command=get_materiel&rest_code=00141&code=00101008286&supplier_code=00100007&order_time=2022-01-04 HTTP/1.1" 200 408
114.83.217.139 - - [04/Jan/2022:10:10:10 +0800] "GET /xingrg/all/function/internal_message.html?_=1641262209036&CODE_STATE=getMsg HTTP/1.1" 200 27
180.169.147.146 - - [04/Jan/2022:10:10:13 +0800] "GET /xingrg/all/function/internal_message.html?_=1641262214945&CODE_STATE=getMsg HTTP/1.1" 200 27
114.88.155.71 - - [04/Jan/2022:10:10:16 +0800] "GET /xingrg/kc/buy/cgsh_order_operate.html?command=get_materiel&rest_code=00141&code=00101008036&supplier_code=00100007&order_time=2022-01-04 HTTP/1.1" 200 408
124.77.245.186 - - [04/Jan/2022:10:10:16 +0800] "GET /xingrg/all/function/internal_message.html?_=1641262215104&CODE_STATE=getMsg HTTP/1.1" 200 27
120.253.135.82 - - [04/Jan/2022:10:10:21 +0800] "GET /xingrg/all/function/internal_message.html?_=1641262006403&CODE_STATE=getMsg HTTP/1.1" 200 27
180.175.103.30 - - [04/Jan/2022:10:10:22 +0800] "GET /xingrg/all/function/internal_message.html?_=1641262221544&CODE_STATE=getMsg HTTP/1.1" 200 27
114.85.125.222 - - [04/Jan/2022:10:10:23 +0800] "GET /xingrg/all/function/internal_message.html?_=1641262161308&CODE_STATE=getMsg HTTP/1.1" 200 27
114.88.155.71 - - [04/Jan/2022:10:10:25 +0800] "GET /xingrg/kc/buy/cgsh_order_operate.html?command=get_materiel&rest_code=00141&code=00101008131&supplier_code=00100007&order_time=2022-01-04 HTTP/1.1" 200 408
180.169.147.146 - - [04/Jan/2022:10:10:32 +0800] "GET /xingrg/all/function/internal_message.html?_=1641262231927&CODE_STATE=getMsg HTTP/1.1" 200 27
114.88.155.71 - - [04/Jan/2022:10:10:33 +0800] "GET /xingrg/kc/buy/cgsh_order_operate.html?command=get_materiel&rest_code=00141&code=00101008352&supplier_code=00100007&order_time=2022-01-04 HTTP/1.1" 200 412
222.70.179.159 - - [04/Jan/2022:10:10:37 +0800] "GET /xingrg/all/function/internal_message.html?_=1641262235158&CODE_STATE=getMsg HTTP/1.1" 200 27
114.88.155.71 - - [04/Jan/2022:10:10:38 +0800] "GET /xingrg/check_reg.html?_=1641262042924 HTTP/1.1" 200 22
114.88.155.71 - - [04/Jan/2022:10:10:38 +0800] "GET /xingrg/all/function/internal_message.html?_=1641262042926&CODE_STATE=getMsg HTTP/1.1" 200 27
114.88.155.71 - - [04/Jan/2022:10:10:42 +0800] "GET /xingrg/kc/buy/cgsh_order_operate.html?command=get_materiel&rest_code=00141&code=00101008226&supplier_code=00100007&order_time=2022-01-04 HTTP/1.1" 200 417
114.95.98.1 - - [04/Jan/2022:10:10:44 +0800] "GET /xingrg/all/function/internal_message.html?_=1641262258673&CODE_STATE=getMsg HTTP/1.1" 200 27
116.228.172.94 - - [04/Jan/2022:10:10:45 +0800] "GET /xingrg/all/function/internal_message.html?_=1641262212989&CODE_STATE=getMsg HTTP/1.1" 200 27
180.175.103.30 - - [04/Jan/2022:10:10:45 +0800] "GET /xingrg/check_reg.html?_=1641262182376 HTTP/1.1" 302 -
180.175.103.30 - - [04/Jan/2022:10:10:45 +0800] "GET /xingrg/all/function/internal_message.html?_=1641262182379&CODE_STATE=getMsg HTTP/1.1" 302 -
58.221.95.50 - - [04/Jan/2022:10:10:47 +0800] "GET /xingrg/all/function/internal_message.html?_=1641262247267&CODE_STATE=getMsg HTTP/1.1" 200 27
172.20.0.100 - - [04/Jan/2022:10:10:49 +0800] "GET /xingrg/check_reg.html?_=1641262247423 HTTP/1.1" 302 -
61.165.255.114 - - [04/Jan/2022:10:10:52 +0800] "GET /xingrg/check_reg.html?_=1641262251617 HTTP/1.1" 200 22
61.165.255.114 - - [04/Jan/2022:10:10:52 +0800] "GET /xingrg/all/function/internal_message.html?_=1641262251622&CODE_STATE=getMsg HTTP/1.1" 200 27
114.88.155.71 - - [04/Jan/2022:10:10:53 +0800] "GET /xingrg/kc/buy/cgsh_order_operate.html?command=get_materiel&rest_code=00141&code=00101008005&supplier_code=00100007&order_time=2022-01-04 HTTP/1.1" 200 412
116.232.53.14 - - [04/Jan/2022:10:10:56 +0800] "GET /xingrg/all/function/internal_message.html?_=1641262256597&CODE_STATE=getMsg HTTP/1.1" 200 27
116.232.53.14 - - [04/Jan/2022:10:10:56 +0800] "GET /xingrg/check_reg.html?_=1641262256599 HTTP/1.1" 200 22
114.88.155.71 - - [04/Jan/2022:10:11:02 +0800] "GET /xingrg/kc/buy/cgsh_order_operate.html?command=get_materiel&rest_code=00141&code=00101008353&supplier_code=00100007&order_time=2022-01-04 HTTP/1.1" 200 408
116.227.210.113 - - [04/Jan/2022:10:11:03 +0800] "GET /xingrg/all/function/internal_message.html?_=1641262248855&CODE_STATE=getMsg HTTP/1.1" 200 27
114.88.155.71 - - [04/Jan/2022:10:11:10 +0800] "GET /xingrg/kc/buy/cgsh_order_operate.html?command=get_materiel&rest_code=00141&code=00101008213&supplier_code=00100007&order_time=2022-01-04 HTTP/1.1" 200 412
114.83.217.139 - - [04/Jan/2022:10:11:10 +0800] "GET /xingrg/all/function/internal_message.html?_=1641262269019&CODE_STATE=getMsg HTTP/1.1" 200 27
114.83.217.139 - - [04/Jan/2022:10:11:11 +0800] "GET /xingrg/check_reg.html?_=1641262269925 HTTP/1.1" 200 22
180.169.147.146 - - [04/Jan/2022:10:11:13 +0800] "GET /xingrg/all/function/internal_message.html?_=1641262274931&CODE_STATE=getMsg HTTP/1.1" 200 27
124.77.245.186 - - [04/Jan/2022:10:11:16 +0800] "GET /xingrg/all/function/internal_message.html?_=1641262275117&CODE_STATE=getMsg HTTP/1.1" 200 27
114.88.155.71 - - [04/Jan/2022:10:11:17 +0800] "GET /xingrg/kc/buy/cgsh_order_operate.html?command=get_materiel&rest_code=00141&code=00101008298&supplier_code=00100007&order_time=2022-01-04 HTTP/1.1" 200 413
120.253.135.82 - - [04/Jan/2022:10:11:21 +0800] "GET /xingrg/check_reg.html?_=1641262066191 HTTP/1.1" 200 22
120.253.135.82 - - [04/Jan/2022:10:11:21 +0800] "GET /xingrg/all/function/internal_message.html?_=1641262066417&CODE_STATE=getMsg HTTP/1.1" 200 27
180.175.103.30 - - [04/Jan/2022:10:11:22 +0800] "GET /xingrg/all/function/internal_message.html?_=1641262281521&CODE_STATE=getMsg HTTP/1.1" 200 27
180.175.103.30 - - [04/Jan/2022:10:11:22 +0800] "GET /xingrg/check_reg.html?_=1641262281686 HTTP/1.1" 200 22
114.85.125.222 - - [04/Jan/2022:10:11:23 +0800] "GET /xingrg/all/function/internal_message.html?_=1641262221322&CODE_STATE=getMsg HTTP/1.1" 200 27
116.227.210.113 - - [04/Jan/2022:10:11:25 +0800] "GET /favicon.ico HTTP/1.1" 404 -
114.88.155.71 - - [04/Jan/2022:10:11:26 +0800] "GET /xingrg/kc/buy/cgsh_order_operate.html?command=get_materiel&rest_code=00141&code=00101008396&supplier_code=00100007&order_time=2022-01-04 HTTP/1.1" 200 412
114.88.155.71 - - [04/Jan/2022:10:11:29 +0800] "POST /xingrg/kc/buy/cgsh_order_operate.html HTTP/1.1" 200 2065
180.169.147.146 - - [04/Jan/2022:10:11:32 +0800] "GET /xingrg/all/function/internal_message.html?_=1641262291910&CODE_STATE=getMsg HTTP/1.1" 200 27
114.88.155.71 - - [04/Jan/2022:10:11:36 +0800] "GET /xingrg/kc/buy/cgsh_order_operate.html?command=get_materiel&rest_code=00141&code=00101008355&supplier_code=00100007&order_time=2022-01-04 HTTP/1.1" 200 408
222.70.179.159 - - [04/Jan/2022:10:11:37 +0800] "GET /xingrg/all/function/internal_message.html?_=1641262295160&CODE_STATE=getMsg HTTP/1.1" 200 27
114.88.155.71 - - [04/Jan/2022:10:11:38 +0800] "GET /xingrg/all/function/internal_message.html?_=1641262103003&CODE_STATE=getMsg HTTP/1.1" 200 27
114.95.98.1 - - [04/Jan/2022:10:11:39 +0800] "GET /xingrg/kc/buy/cgsh_order_add.html HTTP/1.1" 200 65357
114.95.98.1 - - [04/Jan/2022:10:11:41 +0800] "POST /xingrg/kc/buy/cgsh_order_operate.html HTTP/1.1" 200 8245
114.95.98.1 - - [04/Jan/2022:10:11:41 +0800] "GET /xingrg/check_reg.html?_=1641262315836 HTTP/1.1" 200 22
114.95.98.1 - - [04/Jan/2022:10:11:41 +0800] "GET /xingrg/javascript/easyui/themes/default/validatebox.css HTTP/1.1" 404 1104
114.95.98.1 - - [04/Jan/2022:10:11:44 +0800] "GET /xingrg/all/function/internal_message.html?_=1641262318688&CODE_STATE=getMsg HTTP/1.1" 200 27
116.228.172.94 - - [04/Jan/2022:10:11:45 +0800] "GET /xingrg/all/function/internal_message.html?_=1641262272985&CODE_STATE=getMsg HTTP/1.1" 200 27
180.175.103.30 - - [04/Jan/2022:10:11:45 +0800] "GET /xingrg/all/function/internal_message.html?_=1641262242380&CODE_STATE=getMsg HTTP/1.1" 302 -
114.88.155.71 - - [04/Jan/2022:10:11:46 +0800] "GET /xingrg/kc/buy/cgsh_order_operate.html?command=get_materiel&rest_code=00141&code=00101008087&supplier_code=00100007&order_time=2022-01-04 HTTP/1.1" 200 412
58.221.95.50 - - [04/Jan/2022:10:11:47 +0800] "GET /xingrg/all/function/internal_message.html?_=1641262307267&CODE_STATE=getMsg HTTP/1.1" 200 27
58.221.95.50 - - [04/Jan/2022:10:11:47 +0800] "GET /xingrg/check_reg.html?_=1641262307270 HTTP/1.1" 200 22
114.95.98.1 - - [04/Jan/2022:10:11:48 +0800] "GET /xingrg/javascript/easyui/themes/default/tree.css HTTP/1.1" 404 1090
114.95.98.1 - - [04/Jan/2022:10:11:48 +0800] "POST /xingrg/all/common/load_tree.html?tree=supplier_tree_json&isDelete=1 HTTP/1.1" 200 61772
61.165.255.114 - - [04/Jan/2022:10:11:52 +0800] "GET /xingrg/all/function/internal_message.html?_=1641262311622&CODE_STATE=getMsg HTTP/1.1" 200 27
114.88.155.71 - - [04/Jan/2022:10:11:54 +0800] "GET /xingrg/kc/buy/cgsh_order_operate.html?command=get_materiel&rest_code=00141&code=00101008072&supplier_code=00100007&order_time=2022-01-04 HTTP/1.1" 200 408
116.232.53.14 - - [04/Jan/2022:10:11:56 +0800] "GET /xingrg/all/function/internal_message.html?_=1641262316601&CODE_STATE=getMsg HTTP/1.1" 200 27
114.88.155.71 - - [04/Jan/2022:10:12:02 +0800] "GET /xingrg/kc/buy/cgsh_order_operate.html?command=get_materiel&rest_code=00141&code=00101008137&supplier_code=00100007&order_time=2022-01-04 HTTP/1.1" 200 408
116.227.210.113 - - [04/Jan/2022:10:12:03 +0800] "GET /xingrg/all/function/internal_message.html?_=1641262308869&CODE_STATE=getMsg HTTP/1.1" 200 27
114.95.98.1 - - [04/Jan/2022:10:12:06 +0800] "GET /xingrg/kc/buy/cgsh_order_operate.html?command=get_materiel&rest_code=00102&code=00101011002&supplier_code=00100047&order_time=2022-01-04 HTTP/1.1" 200 427
114.83.217.139 - - [04/Jan/2022:10:12:10 +0800] "GET /xingrg/all/function/internal_message.html?_=1641262329012&CODE_STATE=getMsg HTTP/1.1" 200 27
180.169.147.146 - - [04/Jan/2022:10:12:13 +0800] "GET /xingrg/all/function/internal_message.html?_=1641262334901&CODE_STATE=getMsg HTTP/1.1" 200 27
124.77.245.186 - - [04/Jan/2022:10:12:16 +0800] "GET /xingrg/all/function/internal_message.html?_=1641262335140&CODE_STATE=getMsg HTTP/1.1" 200 27
114.88.155.71 - - [04/Jan/2022:10:12:17 +0800] "GET /xingrg/kc/buy/cgsh_order_operate.html?command=get_materiel&rest_code=00141&code=00101008323&supplier_code=00100007&order_time=2022-01-04 HTTP/1.1" 200 408
114.88.155.71 - - [04/Jan/2022:10:12:21 +0800] "POST /xingrg/kc/buy/cgsh_order_operate.html HTTP/1.1" 200 2065
120.253.135.82 - - [04/Jan/2022:10:12:21 +0800] "GET /xingrg/all/function/internal_message.html?_=1641262126431&CODE_STATE=getMsg HTTP/1.1" 200 27
180.175.103.30 - - [04/Jan/2022:10:12:22 +0800] "GET /xingrg/all/function/internal_message.html?_=1641262341504&CODE_STATE=getMsg HTTP/1.1" 200 27
114.85.125.222 - - [04/Jan/2022:10:12:23 +0800] "GET /xingrg/all/function/internal_message.html?_=1641262281334&CODE_STATE=getMsg HTTP/1.1" 200 27
114.88.155.71 - - [04/Jan/2022:10:12:27 +0800] "GET /xingrg/kc/buy/cgsh_order_operate.html?command=get_materiel&rest_code=00141&code=00101008302&supplier_code=00100007&order_time=2022-01-04 HTTP/1.1" 200 412
180.169.147.146 - - [04/Jan/2022:10:12:32 +0800] "GET /xingrg/all/function/internal_message.html?_=1641262351928&CODE_STATE=getMsg HTTP/1.1" 200 27
180.169.147.146 - - [04/Jan/2022:10:12:32 +0800] "GET /xingrg/check_reg.html?_=1641262351931 HTTP/1.1" 200 22
114.95.98.1 - - [04/Jan/2022:10:12:36 +0800] "POST /xingrg/kc/buy/cgsh_order_operate.html HTTP/1.1" 200 37
222.70.179.159 - - [04/Jan/2022:10:12:37 +0800] "GET /xingrg/all/function/internal_message.html?_=1641262355161&CODE_STATE=getMsg HTTP/1.1" 200 27
114.88.155.71 - - [04/Jan/2022:10:12:38 +0800] "GET /xingrg/kc/buy/cgsh_order_operate.html?command=get_materiel&rest_code=00141&code=00101008257&supplier_code=00100007&order_time=2022-01-04 HTTP/1.1" 200 436
114.88.155.71 - - [04/Jan/2022:10:12:38 +0800] "GET /xingrg/all/function/internal_message.html?_=1641262163042&CODE_STATE=getMsg HTTP/1.1" 200 27
114.95.98.1 - - [04/Jan/2022:10:12:40 +0800] "POST /xingrg/kc/buy/cgsh_order_operate.html HTTP/1.1" 200 12
114.95.98.1 - - [04/Jan/2022:10:12:42 +0800] "GET /xingrg/kc/buy/cgsh_order_info.html?code=212022010401613 HTTP/1.1" 200 60264
114.95.98.1 - - [04/Jan/2022:10:12:43 +0800] "GET /xingrg/javascript/easyui/themes/default/validatebox.css HTTP/1.1" 404 1104
114.95.98.1 - - [04/Jan/2022:10:12:44 +0800] "GET /xingrg/all/function/internal_message.html?_=1641262378701&CODE_STATE=getMsg HTTP/1.1" 200 27
114.95.98.1 - - [04/Jan/2022:10:12:44 +0800] "POST /xingrg/kc/buy/cgsh_order_operate.html HTTP/1.1" 200 620
116.228.172.94 - - [04/Jan/2022:10:12:45 +0800] "GET /xingrg/all/function/internal_message.html?_=1641262332975&CODE_STATE=getMsg HTTP/1.1" 200 27
116.228.172.94 - - [04/Jan/2022:10:12:45 +0800] "GET /xingrg/check_reg.html?_=1641262332978 HTTP/1.1" 200 22
180.175.103.30 - - [04/Jan/2022:10:12:45 +0800] "GET /xingrg/all/function/internal_message.html?_=1641262302407&CODE_STATE=getMsg HTTP/1.1" 302 -
114.95.98.1 - - [04/Jan/2022:10:12:46 +0800] "GET /xingrg/kc/print/load_data.html?order_code=212022010401613&kc_code=cgsh&condition= HTTP/1.1" 200 742
114.88.155.71 - - [04/Jan/2022:10:12:46 +0800] "GET /xingrg/kc/buy/cgsh_order_operate.html?command=get_materiel&rest_code=00141&code=00101008350&supplier_code=00100007&order_time=2022-01-04 HTTP/1.1" 200 408
58.221.95.50 - - [04/Jan/2022:10:12:47 +0800] "GET /xingrg/all/function/internal_message.html?_=1641262367296&CODE_STATE=getMsg HTTP/1.1" 200 27
61.165.255.114 - - [04/Jan/2022:10:12:52 +0800] "GET /xingrg/all/function/internal_message.html?_=1641262371625&CODE_STATE=getMsg HTTP/1.1" 200 27
114.88.155.71 - - [04/Jan/2022:10:12:55 +0800] "GET /xingrg/kc/buy/cgsh_order_operate.html?command=get_materiel&rest_code=00141&code=00101008112&supplier_code=00100007&order_time=2022-01-04 HTTP/1.1" 200 412
116.232.53.14 - - [04/Jan/2022:10:12:56 +0800] "GET /xingrg/all/function/internal_message.html?_=1641262376589&CODE_STATE=getMsg HTTP/1.1" 200 27
116.227.210.113 - - [04/Jan/2022:10:13:03 +0800] "GET /xingrg/all/function/internal_message.html?_=1641262368862&CODE_STATE=getMsg HTTP/1.1" 200 27
114.88.155.71 - - [04/Jan/2022:10:13:08 +0800] "POST /xingrg/kc/buy/cgsh_order_operate.html HTTP/1.1" 200 2065
114.84.2.174 - - [04/Jan/2022:10:13:09 +0800] "POST /xingrg/services/DataTransmitService HTTP/1.1" 200 524
114.83.217.139 - - [04/Jan/2022:10:13:10 +0800] "GET /xingrg/all/function/internal_message.html?_=1641262388997&CODE_STATE=getMsg HTTP/1.1" 200 27
114.84.2.174 - - [04/Jan/2022:10:13:12 +0800] "POST /xingrg/services/DataTransmitService HTTP/1.1" 200 524
180.169.147.146 - - [04/Jan/2022:10:13:13 +0800] "GET /xingrg/all/function/internal_message.html?_=1641262394888&CODE_STATE=getMsg HTTP/1.1" 200 27
124.77.245.186 - - [04/Jan/2022:10:13:16 +0800] "GET /xingrg/all/function/internal_message.html?_=1641262395146&CODE_STATE=getMsg HTTP/1.1" 200 27
114.88.155.71 - - [04/Jan/2022:10:13:20 +0800] "GET /xingrg/kc/buy/cgsh_order_operate.html?command=get_materiel&rest_code=00141&code=00101008370&supplier_code=00100007&order_time=2022-01-04 HTTP/1.1" 200 412
114.84.2.174 - - [04/Jan/2022:10:13:21 +0800] "POST /xingrg/services/DataTransmitService HTTP/1.1" 200 524
120.253.135.82 - - [04/Jan/2022:10:13:21 +0800] "GET /xingrg/all/function/internal_message.html?_=1641262186444&CODE_STATE=getMsg HTTP/1.1" 200 27
114.84.2.174 - - [04/Jan/2022:10:13:21 +0800] "POST /xingrg/services/DataTransmitService HTTP/1.1" 200 524
180.175.103.30 - - [04/Jan/2022:10:13:22 +0800] "GET /xingrg/all/function/internal_message.html?_=1641262401472&CODE_STATE=getMsg HTTP/1.1" 200 27
114.85.125.222 - - [04/Jan/2022:10:13:23 +0800] "GET /xingrg/check_reg.html?_=1641262341229 HTTP/1.1" 200 22
114.85.125.222 - - [04/Jan/2022:10:13:23 +0800] "GET /xingrg/all/function/internal_message.html?_=1641262341348&CODE_STATE=getMsg HTTP/1.1" 200 27
114.88.155.71 - - [04/Jan/2022:10:13:28 +0800] "GET /xingrg/kc/buy/cgsh_order_operate.html?command=get_materiel&rest_code=00141&code=00101008361&supplier_code=00100007&order_time=2022-01-04 HTTP/1.1" 200 408
180.169.147.146 - - [04/Jan/2022:10:13:32 +0800] "GET /xingrg/all/function/internal_message.html?_=1641262411910&CODE_STATE=getMsg HTTP/1.1" 200 27
114.84.2.174 - - [04/Jan/2022:10:13:36 +0800] "POST /xingrg/services/DataTransmitService HTTP/1.1" 200 524
114.88.155.71 - - [04/Jan/2022:10:13:37 +0800] "GET /xingrg/kc/buy/cgsh_order_operate.html?command=get_materiel&rest_code=00141&code=00101008242&supplier_code=00100007&order_time=2022-01-04 HTTP/1.1" 200 408
222.70.179.159 - - [04/Jan/2022:10:13:37 +0800] "GET /xingrg/all/function/internal_message.html?_=1641262415162&CODE_STATE=getMsg HTTP/1.1" 200 27
222.70.179.159 - - [04/Jan/2022:10:13:37 +0800] "GET /xingrg/check_reg.html?_=1641262415160 HTTP/1.1" 200 22
114.88.155.71 - - [04/Jan/2022:10:13:38 +0800] "GET /xingrg/all/function/internal_message.html?_=1641262223069&CODE_STATE=getMsg HTTP/1.1" 200 27
114.95.98.1 - - [04/Jan/2022:10:13:44 +0800] "GET /xingrg/all/function/internal_message.html?_=1641262438714&CODE_STATE=getMsg HTTP/1.1" 200 27
116.228.172.94 - - [04/Jan/2022:10:13:45 +0800] "GET /xingrg/all/function/internal_message.html?_=1641262392991&CODE_STATE=getMsg HTTP/1.1" 200 27
180.175.103.30 - - [04/Jan/2022:10:13:45 +0800] "GET /xingrg/all/function/internal_message.html?_=1641262362405&CODE_STATE=getMsg HTTP/1.1" 302 -
124.77.245.186 - - [04/Jan/2022:10:13:45 +0800] "GET /xingrg/check_reg.html?_=1641262424324 HTTP/1.1" 200 22
114.84.2.174 - - [04/Jan/2022:10:13:45 +0800] "POST /xingrg/services/DataTransmitService HTTP/1.1" 200 524
114.88.155.71 - - [04/Jan/2022:10:13:46 +0800] "GET /xingrg/kc/buy/cgsh_order_operate.html?command=get_materiel&rest_code=00141&code=00101008356&supplier_code=00100007&order_time=2022-01-04 HTTP/1.1" 200 408
58.221.95.50 - - [04/Jan/2022:10:13:47 +0800] "GET /xingrg/all/function/internal_message.html?_=1641262427300&CODE_STATE=getMsg HTTP/1.1" 200 27
114.88.155.71 - - [04/Jan/2022:10:13:48 +0800] "POST /xingrg/kc/buy/cgsh_order_operate.html HTTP/1.1" 200 2065
114.84.2.174 - - [04/Jan/2022:10:13:48 +0800] "POST /xingrg/services/DataTransmitService HTTP/1.1" 200 524
61.165.255.114 - - [04/Jan/2022:10:13:52 +0800] "GET /xingrg/all/function/internal_message.html?_=1641262431626&CODE_STATE=getMsg HTTP/1.1" 200 27
114.88.155.71 - - [04/Jan/2022:10:13:55 +0800] "GET /xingrg/kc/buy/cgsh_order_operate.html?command=get_materiel&rest_code=00141&code=00101008300&supplier_code=00100007&order_time=2022-01-04 HTTP/1.1" 200 412
116.227.210.113 - - [04/Jan/2022:10:13:56 +0800] "POST /xingrg/services/DataTransmitService HTTP/1.1" 200 524
116.232.53.14 - - [04/Jan/2022:10:13:56 +0800] "GET /xingrg/all/function/internal_message.html?_=1641262436583&CODE_STATE=getMsg HTTP/1.1" 200 27
114.88.155.71 - - [04/Jan/2022:10:14:03 +0800] "GET /xingrg/kc/buy/cgsh_order_operate.html?command=get_materiel&rest_code=00141&code=00101008251&supplier_code=00100007&order_time=2022-01-04 HTTP/1.1" 200 408
116.227.210.113 - - [04/Jan/2022:10:14:03 +0800] "GET /xingrg/all/function/internal_message.html?_=1641262428878&CODE_STATE=getMsg HTTP/1.1" 200 27
114.83.217.139 - - [04/Jan/2022:10:14:10 +0800] "GET /xingrg/all/function/internal_message.html?_=1641262448988&CODE_STATE=getMsg HTTP/1.1" 200 27
180.169.147.146 - - [04/Jan/2022:10:14:13 +0800] "GET /xingrg/all/function/internal_message.html?_=1641262454857&CODE_STATE=getMsg HTTP/1.1" 200 27
180.169.147.146 - - [04/Jan/2022:10:14:14 +0800] "GET /xingrg/check_reg.html?_=1641262455922 HTTP/1.1" 200 22
124.77.245.186 - - [04/Jan/2022:10:14:16 +0800] "GET /xingrg/all/function/internal_message.html?_=1641262455159&CODE_STATE=getMsg HTTP/1.1" 200 27
120.253.135.82 - - [04/Jan/2022:10:14:21 +0800] "GET /xingrg/all/function/internal_message.html?_=1641262246493&CODE_STATE=getMsg HTTP/1.1" 200 27
180.175.103.30 - - [04/Jan/2022:10:14:22 +0800] "GET /xingrg/all/function/internal_message.html?_=1641262461447&CODE_STATE=getMsg HTTP/1.1" 200 27
114.85.125.222 - - [04/Jan/2022:10:14:23 +0800] "GET /xingrg/all/function/internal_message.html?_=1641262401362&CODE_STATE=getMsg HTTP/1.1" 200 27
114.88.155.71 - - [04/Jan/2022:10:14:25 +0800] "GET /xingrg/kc/buy/cgsh_order_operate.html?command=get_materiel&rest_code=00141&code=00101008295&supplier_code=00100007&order_time=2022-01-04 HTTP/1.1" 200 412
124.78.10.204 - - [04/Jan/2022:10:14:27 +0800] "GET /favicon.ico HTTP/1.1" 404 -
180.169.147.146 - - [04/Jan/2022:10:14:32 +0800] "GET /xingrg/all/function/internal_message.html?_=1641262471926&CODE_STATE=getMsg HTTP/1.1" 200 27
116.228.172.94 - - [04/Jan/2022:10:14:33 +0800] "POST /xingrg/kc/mdqp/pssh_list_operate.html HTTP/1.1" 200 785
116.228.172.94 - - [04/Jan/2022:10:14:33 +0800] "GET /xingrg/kc/mdqp/pssh_order_info.html?code=312022010200063 HTTP/1.1" 200 17277
116.228.172.94 - - [04/Jan/2022:10:14:33 +0800] "GET /xingrg/javascript/jquery_tools/jquery-1.4.2.min.js HTTP/1.1" 404 1094
116.228.172.94 - - [04/Jan/2022:10:14:33 +0800] "POST /xingrg/kc/mdqp/pssh_order_operate.html HTTP/1.1" 200 3702
116.228.172.94 - - [04/Jan/2022:10:14:33 +0800] "GET /xingrg/javascript/easyui/themes/default/validatebox.css HTTP/1.1" 404 1104
222.70.179.159 - - [04/Jan/2022:10:14:37 +0800] "GET /xingrg/all/function/internal_message.html?_=1641262475153&CODE_STATE=getMsg HTTP/1.1" 200 27
114.88.155.71 - - [04/Jan/2022:10:14:38 +0800] "GET /xingrg/all/function/internal_message.html?_=1641262283125&CODE_STATE=getMsg HTTP/1.1" 200 27
116.228.172.94 - - [04/Jan/2022:10:14:42 +0800] "GET /xingrg/kc/mdqp/pssh_order_list.html?isBack=1 HTTP/1.1" 200 16803
116.228.172.94 - - [04/Jan/2022:10:14:42 +0800] "POST /xingrg/kc/mdqp/pssh_list_operate.html HTTP/1.1" 200 5299
114.95.98.1 - - [04/Jan/2022:10:14:44 +0800] "GET /xingrg/all/function/internal_message.html?_=1641262498985&CODE_STATE=getMsg HTTP/1.1" 200 27
116.228.172.94 - - [04/Jan/2022:10:14:45 +0800] "GET /xingrg/all/function/internal_message.html?_=1641262452977&CODE_STATE=getMsg HTTP/1.1" 200 27
180.175.103.30 - - [04/Jan/2022:10:14:45 +0800] "GET /xingrg/all/function/internal_message.html?_=1641262422405&CODE_STATE=getMsg HTTP/1.1" 302 -
58.221.95.50 - - [04/Jan/2022:10:14:47 +0800] "GET /xingrg/all/function/internal_message.html?_=1641262487301&CODE_STATE=getMsg HTTP/1.1" 200 27
61.165.255.114 - - [04/Jan/2022:10:14:52 +0800] "GET /xingrg/all/function/internal_message.html?_=1641262491631&CODE_STATE=getMsg HTTP/1.1" 200 27
116.232.53.14 - - [04/Jan/2022:10:14:56 +0800] "GET /xingrg/all/function/internal_message.html?_=1641262496586&CODE_STATE=getMsg HTTP/1.1" 200 27
114.88.155.71 - - [04/Jan/2022:10:14:59 +0800] "POST /xingrg/kc/buy/cgsh_order_operate.html HTTP/1.1" 200 2065
116.227.210.113 - - [04/Jan/2022:10:15:03 +0800] "GET /xingrg/check_reg.html?_=1641262488878 HTTP/1.1" 200 22
116.227.210.113 - - [04/Jan/2022:10:15:03 +0800] "GET /xingrg/all/function/internal_message.html?_=1641262488881&CODE_STATE=getMsg HTTP/1.1" 200 27
114.83.217.139 - - [04/Jan/2022:10:15:10 +0800] "GET /xingrg/all/function/internal_message.html?_=1641262508975&CODE_STATE=getMsg HTTP/1.1" 200 27
114.84.2.174 - - [04/Jan/2022:10:15:12 +0800] "POST /xingrg/services/DataTransmitService HTTP/1.1" 200 524
180.169.147.146 - - [04/Jan/2022:10:15:13 +0800] "GET /xingrg/all/function/internal_message.html?_=1641262514829&CODE_STATE=getMsg HTTP/1.1" 200 27
124.77.245.186 - - [04/Jan/2022:10:15:16 +0800] "GET /xingrg/all/function/internal_message.html?_=1641262515172&CODE_STATE=getMsg HTTP/1.1" 200 27
120.253.135.82 - - [04/Jan/2022:10:15:21 +0800] "GET /xingrg/all/function/internal_message.html?_=1641262306503&CODE_STATE=getMsg HTTP/1.1" 200 27
180.175.103.30 - - [04/Jan/2022:10:15:22 +0800] "GET /xingrg/all/function/internal_message.html?_=1641262521425&CODE_STATE=getMsg HTTP/1.1" 200 27
114.85.125.222 - - [04/Jan/2022:10:15:23 +0800] "GET /xingrg/all/function/internal_message.html?_=1641262461375&CODE_STATE=getMsg HTTP/1.1" 200 27
114.88.155.71 - - [04/Jan/2022:10:15:29 +0800] "GET /xingrg/kc/buy/cgsh_order_operate.html?command=get_materiel&rest_code=00141&code=00101008306&supplier_code=00100007&order_time=2022-01-04 HTTP/1.1" 200 432
180.169.147.146 - - [04/Jan/2022:10:15:32 +0800] "GET /xingrg/all/function/internal_message.html?_=1641262531912&CODE_STATE=getMsg HTTP/1.1" 200 27
114.88.155.71 - - [04/Jan/2022:10:15:33 +0800] "POST /xingrg/services/DataTransmitService HTTP/1.1" 200 524
114.88.155.71 - - [04/Jan/2022:10:15:33 +0800] "POST /xingrg/services/DataTransmitService HTTP/1.1" 200 501
222.70.179.159 - - [04/Jan/2022:10:15:37 +0800] "GET /xingrg/all/function/internal_message.html?_=1641262535152&CODE_STATE=getMsg HTTP/1.1" 200 27
114.88.155.71 - - [04/Jan/2022:10:15:38 +0800] "GET /xingrg/check_reg.html?_=1641262342957 HTTP/1.1" 200 22
114.88.155.71 - - [04/Jan/2022:10:15:38 +0800] "GET /xingrg/all/function/internal_message.html?_=1641262343048&CODE_STATE=getMsg HTTP/1.1" 200 27
61.170.234.223 - - [04/Jan/2022:10:15:42 +0800] "GET /xingrg/login.html?r=1 HTTP/1.1" 200 7641
61.170.234.223 - - [04/Jan/2022:10:15:42 +0800] "GET /favicon.ico HTTP/1.1" 404 -
114.88.155.71 - - [04/Jan/2022:10:15:43 +0800] "GET /xingrg/kc/buy/cgsh_order_operate.html?command=get_materiel&rest_code=00141&code=00101008403&supplier_code=00100007&order_time=2022-01-04 HTTP/1.1" 200 412
61.170.234.223 - - [04/Jan/2022:10:15:44 +0800] "POST /xingrg/login.do HTTP/1.1" 302 -
61.170.234.223 - - [04/Jan/2022:10:15:44 +0800] "GET /xingrg/index.html?sysBaseUrl=http%3A%2F%2F180.169.147.146%3A18081%2Fxingrg%2F&costTime=44×tamp=1641262544492 HTTP/1.1" 200 17173
114.95.98.1 - - [04/Jan/2022:10:15:44 +0800] "GET /xingrg/all/function/internal_message.html?_=1641262558990&CODE_STATE=getMsg HTTP/1.1" 200 27
61.170.234.223 - - [04/Jan/2022:10:15:44 +0800] "GET /favicon.ico HTTP/1.1" 404 -
61.170.234.223 - - [04/Jan/2022:10:15:44 +0800] "POST /xingrg/all/common/load_tree.html?tree=area_rest_tree_json&manage=1 HTTP/1.1" 200 342
61.170.234.223 - - [04/Jan/2022:10:15:44 +0800] "GET /xingrg/check_reg.html?_=1641262545267 HTTP/1.1" 200 22
61.170.234.223 - - [04/Jan/2022:10:15:44 +0800] "GET /xingrg/all/function/internal_message.html?_=1641262545266&CODE_STATE=count HTTP/1.1" 200 11
61.170.234.223 - - [04/Jan/2022:10:15:44 +0800] "POST /xingrg/load_menu.html HTTP/1.1" 200 5138
116.228.172.94 - - [04/Jan/2022:10:15:45 +0800] "GET /xingrg/all/function/internal_message.html?_=1641262512991&CODE_STATE=getMsg HTTP/1.1" 200 27
180.175.103.30 - - [04/Jan/2022:10:15:45 +0800] "GET /xingrg/check_reg.html?_=1641262482404 HTTP/1.1" 302 -
180.175.103.30 - - [04/Jan/2022:10:15:45 +0800] "GET /xingrg/all/function/internal_message.html?_=1641262482407&CODE_STATE=getMsg HTTP/1.1" 302 -
114.88.155.71 - - [04/Jan/2022:10:15:46 +0800] "POST /xingrg/kc/buy/cgsh_order_operate.html HTTP/1.1" 200 2065
58.221.95.50 - - [04/Jan/2022:10:15:47 +0800] "GET /xingrg/all/function/internal_message.html?_=1641262547300&CODE_STATE=getMsg HTTP/1.1" 200 27
61.170.234.223 - - [04/Jan/2022:10:15:48 +0800] "GET /xingrg/kc/base/yddb_order_list.html HTTP/1.1" 200 16665
172.20.0.100 - - [04/Jan/2022:10:15:49 +0800] "GET /xingrg/check_reg.html?_=1641262547393 HTTP/1.1" 302 -
61.170.234.223 - - [04/Jan/2022:10:15:49 +0800] "POST /xingrg/kc/base/yddb_list_operate.html HTTP/1.1" 200 1333
61.170.234.223 - - [04/Jan/2022:10:15:50 +0800] "POST /xingrg/kc/base/yddb_list_operate.html HTTP/1.1" 200 -
61.170.234.223 - - [04/Jan/2022:10:15:51 +0800] "GET /xingrg/kc/base/yddb_order_info.html?code=482022010300016 HTTP/1.1" 200 31444
61.170.234.223 - - [04/Jan/2022:10:15:51 +0800] "GET /xingrg/dwr/interface/AjaxYddbService.js HTTP/1.1" 200 13201
61.170.234.223 - - [04/Jan/2022:10:15:51 +0800] "GET /xingrg/dwr/interface/AjaxComOrderService.js HTTP/1.1" 200 18264
61.170.234.223 - - [04/Jan/2022:10:15:51 +0800] "GET /xingrg/dwr/util.js HTTP/1.1" 200 35990
61.170.234.223 - - [04/Jan/2022:10:15:51 +0800] "GET /xingrg/dwr/engine.js HTTP/1.1" 200 43631
61.170.234.223 - - [04/Jan/2022:10:15:51 +0800] "POST /xingrg/dwr/call/plaincall/AjaxYddbService.loadMaterielItems.dwr HTTP/1.1" 200 76
114.88.155.71 - - [04/Jan/2022:10:15:52 +0800] "GET /xingrg/kc/buy/cgsh_order_operate.html?command=get_materiel&rest_code=00141&code=00101008372&supplier_code=00100007&order_time=2022-01-04 HTTP/1.1" 200 408
61.165.255.114 - - [04/Jan/2022:10:15:52 +0800] "GET /xingrg/check_reg.html?_=1641262551619 HTTP/1.1" 200 22
61.165.255.114 - - [04/Jan/2022:10:15:52 +0800] "GET /xingrg/all/function/internal_message.html?_=1641262551622&CODE_STATE=getMsg HTTP/1.1" 200 27
116.232.53.14 - - [04/Jan/2022:10:15:56 +0800] "GET /xingrg/all/function/internal_message.html?_=1641262556588&CODE_STATE=getMsg HTTP/1.1" 200 27
116.232.53.14 - - [04/Jan/2022:10:15:56 +0800] "GET /xingrg/check_reg.html?_=1641262556589 HTTP/1.1" 200 22
116.227.210.113 - - [04/Jan/2022:10:16:03 +0800] "GET /xingrg/all/function/internal_message.html?_=1641262548853&CODE_STATE=getMsg HTTP/1.1" 200 27
114.88.155.71 - - [04/Jan/2022:10:16:06 +0800] "GET /xingrg/kc/buy/cgsh_order_operate.html?command=get_materiel&rest_code=00141&code=00101008225&supplier_code=00100007&order_time=2022-01-04 HTTP/1.1" 200 416
114.83.217.139 - - [04/Jan/2022:10:16:10 +0800] "GET /xingrg/all/function/internal_message.html?_=1641262568959&CODE_STATE=getMsg HTTP/1.1" 200 27
114.83.217.139 - - [04/Jan/2022:10:16:11 +0800] "GET /xingrg/check_reg.html?_=1641262569941 HTTP/1.1" 200 22
180.169.147.146 - - [04/Jan/2022:10:16:13 +0800] "GET /xingrg/all/function/internal_message.html?_=1641262574801&CODE_STATE=getMsg HTTP/1.1" 200 27
61.170.234.223 - - [04/Jan/2022:10:16:13 +0800] "GET /xingrg/login.html HTTP/1.1" 200 7641
61.170.234.223 - - [04/Jan/2022:10:16:14 +0800] "GET /xingrg/login.html HTTP/1.1" 200 7641
61.170.234.223 - - [04/Jan/2022:10:16:14 +0800] "POST /xingrg/dwr/call/plaincall/AjaxComOrderService.getMaterielSearchList.dwr HTTP/1.1" 200 203
124.77.245.186 - - [04/Jan/2022:10:16:16 +0800] "GET /xingrg/all/function/internal_message.html?_=1641262575192&CODE_STATE=getMsg HTTP/1.1" 200 27
120.253.135.82 - - [04/Jan/2022:10:16:21 +0800] "GET /xingrg/check_reg.html?_=1641262366215 HTTP/1.1" 200 22
120.253.135.82 - - [04/Jan/2022:10:16:21 +0800] "GET /xingrg/all/function/internal_message.html?_=1641262366516&CODE_STATE=getMsg HTTP/1.1" 200 27
180.175.103.30 - - [04/Jan/2022:10:16:22 +0800] "GET /xingrg/all/function/internal_message.html?_=1641262581397&CODE_STATE=getMsg HTTP/1.1" 200 27
180.175.103.30 - - [04/Jan/2022:10:16:22 +0800] "GET /xingrg/check_reg.html?_=1641262581692 HTTP/1.1" 200 22
114.85.125.222 - - [04/Jan/2022:10:16:24 +0800] "GET /xingrg/all/function/internal_message.html?_=1641262521390&CODE_STATE=getMsg HTTP/1.1" 200 27
180.169.147.146 - - [04/Jan/2022:10:16:32 +0800] "GET /xingrg/all/function/internal_message.html?_=1641262591904&CODE_STATE=getMsg HTTP/1.1" 200 27
116.232.38.173 - - [04/Jan/2022:10:16:33 +0800] "POST /xingrg/services/DataTransmitService HTTP/1.1" 200 524
61.170.234.223 - - [04/Jan/2022:10:16:34 +0800] "GET /favicon.ico HTTP/1.1" 404 -
61.170.234.223 - - [04/Jan/2022:10:16:36 +0800] "POST /xingrg/login.do HTTP/1.1" 302 -
61.170.234.223 - - [04/Jan/2022:10:16:36 +0800] "POST /xingrg/login.do HTTP/1.1" 302 -
61.170.234.223 - - [04/Jan/2022:10:16:37 +0800] "GET /xingrg/index.html?sysBaseUrl=http%3A%2F%2F180.169.147.146%3A18081%2Fxingrg%2F&costTime=39×tamp=1641262596989 HTTP/1.1" 200 17173
222.70.179.159 - - [04/Jan/2022:10:16:37 +0800] "GET /xingrg/all/function/internal_message.html?_=1641262595151&CODE_STATE=getMsg HTTP/1.1" 200 27
61.170.234.223 - - [04/Jan/2022:10:16:37 +0800] "GET /favicon.ico HTTP/1.1" 404 -
114.88.155.71 - - [04/Jan/2022:10:16:38 +0800] "GET /xingrg/all/function/internal_message.html?_=1641262403125&CODE_STATE=getMsg HTTP/1.1" 200 27
61.170.234.223 - - [04/Jan/2022:10:16:41 +0800] "POST /xingrg/all/common/load_tree.html?tree=area_rest_tree_json&manage=1 HTTP/1.1" 200 342
114.95.98.1 - - [04/Jan/2022:10:16:41 +0800] "GET /xingrg/check_reg.html?_=1641262616098 HTTP/1.1" 200 22
61.170.234.223 - - [04/Jan/2022:10:16:42 +0800] "GET /xingrg/check_reg.html?_=1641262601999 HTTP/1.1" 200 22
61.170.234.223 - - [04/Jan/2022:10:16:42 +0800] "GET /xingrg/all/function/internal_message.html?_=1641262601998&CODE_STATE=count HTTP/1.1" 200 11
61.170.234.223 - - [04/Jan/2022:10:16:42 +0800] "POST /xingrg/load_menu.html HTTP/1.1" 200 5138
114.95.98.1 - - [04/Jan/2022:10:16:44 +0800] "GET /xingrg/all/function/internal_message.html?_=1641262619004&CODE_STATE=getMsg HTTP/1.1" 200 27
61.170.234.223 - - [04/Jan/2022:10:16:44 +0800] "GET /xingrg/all/function/internal_message.html?_=1641262605276&CODE_STATE=getMsg HTTP/1.1" 200 27
116.228.172.94 - - [04/Jan/2022:10:16:45 +0800] "GET /xingrg/all/function/internal_message.html?_=1641262572984&CODE_STATE=getMsg HTTP/1.1" 200 27
180.175.103.30 - - [04/Jan/2022:10:16:45 +0800] "GET /xingrg/all/function/internal_message.html?_=1641262542407&CODE_STATE=getMsg HTTP/1.1" 302 -
58.221.95.50 - - [04/Jan/2022:10:16:47 +0800] "GET /xingrg/check_reg.html?_=1641262607300 HTTP/1.1" 200 22
58.221.95.50 - - [04/Jan/2022:10:16:47 +0800] "GET /xingrg/all/function/internal_message.html?_=1641262607303&CODE_STATE=getMsg HTTP/1.1" 200 27
61.170.234.223 - - [04/Jan/2022:10:16:47 +0800] "GET /xingrg/kc/buy/buy_main.html HTTP/1.1" 200 12412
61.170.234.223 - - [04/Jan/2022:10:16:47 +0800] "GET /xingrg/css/new_ie.css HTTP/1.1" 404 1036
61.170.234.223 - - [04/Jan/2022:10:16:49 +0800] "GET /xingrg/images/yd/bt.gif HTTP/1.1" 404 1040
61.170.234.223 - - [04/Jan/2022:10:16:49 +0800] "GET /xingrg/kc/buy/cgsh_order_list.html HTTP/1.1" 200 49588
61.165.255.114 - - [04/Jan/2022:10:16:52 +0800] "GET /xingrg/all/function/internal_message.html?_=1641262611623&CODE_STATE=getMsg HTTP/1.1" 200 27
61.170.234.223 - - [04/Jan/2022:10:16:53 +0800] "GET /xingrg/kc/report/report_main.html HTTP/1.1" 200 7340
61.170.234.223 - - [04/Jan/2022:10:16:54 +0800] "POST /xingrg/kc/buy/cgsh_list_operate.html HTTP/1.1" 200 876
61.170.234.223 - - [04/Jan/2022:10:16:55 +0800] "GET /xingrg/kc/report/report_main.html HTTP/1.1" 200 7340
116.232.53.14 - - [04/Jan/2022:10:16:56 +0800] "GET /xingrg/all/function/internal_message.html?_=1641262616592&CODE_STATE=getMsg HTTP/1.1" 200 27
61.170.234.223 - - [04/Jan/2022:10:16:58 +0800] "GET /xingrg/all/report/report_query.html?fileName=kc/buy/gys_amount.xml&rh=99999 HTTP/1.1" 200 52006
61.170.234.223 - - [04/Jan/2022:10:16:58 +0800] "GET /xingrg/dwr/interface/AjaxReportQueryService.js HTTP/1.1" 200 13203
61.170.234.223 - - [04/Jan/2022:10:16:58 +0800] "GET /xingrg/dwr/engine.js HTTP/1.1" 200 43631
61.170.234.223 - - [04/Jan/2022:10:16:58 +0800] "GET /xingrg/dwr/util.js HTTP/1.1" 200 35990
61.170.234.223 - - [04/Jan/2022:10:16:59 +0800] "POST /xingrg/dwr/call/plaincall/AjaxReportQueryService.getFixDate.dwr HTTP/1.1" 200 111
61.170.234.223 - - [04/Jan/2022:10:16:59 +0800] "POST /xingrg/all/common/load_tree.html?tree=supplier_tree_json&manage=1 HTTP/1.1" 200 62979
61.170.234.223 - - [04/Jan/2022:10:17:00 +0800] "POST /xingrg/all/common/load_tree.html?tree=materiel_sort_tree_json HTTP/1.1" 200 9388
61.170.234.223 - - [04/Jan/2022:10:17:01 +0800] "POST /xingrg/dwr/call/plaincall/AjaxReportQueryService.getInitString.dwr HTTP/1.1" 200 1023
61.170.234.223 - - [04/Jan/2022:10:17:03 +0800] "POST /xingrg/dwr/call/plaincall/AjaxReportQueryService.getFixDate.dwr HTTP/1.1" 200 111
116.227.210.113 - - [04/Jan/2022:10:17:03 +0800] "GET /xingrg/all/function/internal_message.html?_=1641262608866&CODE_STATE=getMsg HTTP/1.1" 200 27
61.170.234.223 - - [04/Jan/2022:10:17:09 +0800] "POST /xingrg/dwr/call/plaincall/AjaxReportQueryService.refreshCache.dwr HTTP/1.1" 200 78
114.83.217.139 - - [04/Jan/2022:10:17:10 +0800] "GET /xingrg/all/function/internal_message.html?_=1641262628943&CODE_STATE=getMsg HTTP/1.1" 200 27
61.170.234.223 - - [04/Jan/2022:10:17:12 +0800] "POST /xingrg/all/report/load_report_page.html HTTP/1.1" 200 8920
61.170.234.223 - - [04/Jan/2022:10:17:12 +0800] "GET /xingrg/servlets/image?cache=0.13090096210571223&image=px HTTP/1.1" 200 807
180.169.147.146 - - [04/Jan/2022:10:17:13 +0800] "GET /xingrg/all/function/internal_message.html?_=1641262634771&CODE_STATE=getMsg HTTP/1.1" 200 27
124.77.245.186 - - [04/Jan/2022:10:17:16 +0800] "GET /xingrg/all/function/internal_message.html?_=1641262635199&CODE_STATE=getMsg HTTP/1.1" 200 27
120.253.135.82 - - [04/Jan/2022:10:17:21 +0800] "GET /xingrg/all/function/internal_message.html?_=1641262426530&CODE_STATE=getMsg HTTP/1.1" 200 27
61.170.234.223 - - [04/Jan/2022:10:17:22 +0800] "GET /xingrg/all/report/report_query.html?isQuery=1&fileName=kc/buy/wlcg_cate_hz.xml&queryString=(CONVERT(char(10)%252Ca.order_time%252C%2520120)%253E%253D'2021-12-01')%2520and%2520(CONVERT(char(10)%252Ca.order_time%252C%2520120)%253C%253D'2021-12-31')%2520and%2520(a.supplier_code%2520in%2520('00100022'%252C'00100023'%252C'00100024'%252C'00100025'%252C'00100026'%252C'00100027'%252C'00100201'%252C'00100247'%252C'00100259'%252C'00100295'%252C'00100300'%252C'00100304'%252C'00100361'%252C'00100370'%252C'00100381'%252C'00100424'%252C'00100476'%252C'00100510'))%2520and%2520(a.supplier_code%253D'00100022')&queryText=%25E3%2580%2590%25E9%2587%2587%25E8%25B4%25AD%25E6%2597%25A5%25E6%259C%259F%253A2021-12-01%2520%25E8%2587%25B3%25202021-12-31%25E3%2580%2591%2520%25E5%25B9%25B6%25E4%25B8%2594%2520%2520%25E3%2580%2590%25E4%25BE%259B%25E5%25BA%2594%25E5%2595%2586%2520%253D%2520%25E6%25B0%25B4%25E6%259E%259C%25E7%25B1%25BB%2520%255B18%255D%252C%25E6%25B0%25B4%25E6%259E%259C%25EF%25BC%2588%25E7%25BD%2597%25E5%25B1%2595%25EF%25BC%2589%252C%25E6%25B0%25B4%25E6%259E%259C%25EF%25BC%2588%25E6%259D%258E%25E5%259B%25BD%25E5%25BA%2586%25EF%25BC%2589%252C%25E6%25B0%25B4%25E6%259E%259C%25EF%25BC%2588%25E5%2591%25A8%25E4%25BB%2581%25E6%259E%259D%25EF%25BC%2589%252C%25E6%25B0%25B4%25E6%259E%259C%25EF%25BC%2588%25E8%2583%25A1%25E7%25BA%25A2%25E6%25B3%25A2%25EF%25BC%2589%252C%25E6%25B0%25B4%25E6%259E%259C%25EF%25BC%2588%25E6%259E%2597%25E5%259D%25A4%25E6%2598%258E%25EF%25BC%2589%252C%25E6%25B0%25B4%25E6%259E%259C%25EF%25BC%2588%25E4%25BD%2599%25E6%2596%2587%25E8%2589%25AF%25EF%25BC%2589%252C%25E6%25B0%25B4%25E6%259E%259C%25EF%25BC%2588%25E9%25AD%258F%25E4%25B8%259C%25E6%259D%25BE%25EF%25BC%2589%252C%25E6%25B0%25B4%25E6%259E%259C%25EF%25BC%2588%25E6%259E%259C%25E7%2584%25B6%25E4%25B8%25B0%25EF%25BC%2589%252C%25E6%25B0%25B4%25E6%259E%259C%25EF%25BC%2588%25E5%25BC%25A0%25E5%258A%25A0%25E7%258E%2589%25EF%25BC%2589%252C%25E6%25B0%25B4%25E6%259E%259C%25EF%25BC%2588%25E7%258E%258B%25E5%25B7%25A5%25E6%2588%2598%25EF%25BC%2589%252C%25E6%25B0%25B4%25E6%259E%259C(%25E4%25B8%25A5%25E5%25B0%258F%25E7%25BA%25A2)%252C%25E6%25B0%25B4%25E6%259E%259C%25EF%25BC%2588%25E7%2589%259B%25E6%25AD%25A5%25E6%2598%258E%25EF%25BC%2589%252C%25E6%25B0%25B4%25E6%259E%259C%25E7%25A4%25BC%25E7%259B%2592%25EF%25BC%2588%25E5%25AD%2599%25E8%2589%25B3%25E6%2599%25BA%25EF%25BC%2589%252C%25E6%25B0%25B4%25E6%259E%259C%25EF%25BC%2588%25E4%25BF%258A%25E6%2580%25A1%25E6%259E%259C%25E4%25B8%259A%25E5%2595%2586%25E8%25A1%258C%25EF%25BC%2589%252C%25E6%25B0%25B4%25E6%259E%259C(%25E5%2588%2598%25E5%2585%25B5)%252C%25E6%25B0%25B4%25E6%259E%259C%25EF%25BC%2588%25E6%25AD%25A6%25E9%2587%2591%25E7%25BA%25A2%25EF%25BC%2589%252C%25E6%25B0%25B4%25E6%259E%259C%25EF%25BC%2588%25E7%25BB%25B4%25E4%25B9%259F%25E7%25BA%25B3%25EF%25BC%2589%252C%25E6%25B0%25B4%25E6%259E%259C(%25E9%2598%25BF%25E5%25AE%25B6)%25E3%2580%2591%2520%25E5%25B9%25B6%25E4%25B8%2594%2520%25E3%2580%2590%25E4%25BE%259B%25E5%25BA%2594%25E5%2595%2586%253D%25E6%25B0%25B4%25E6%259E%259C%25EF%25BC%2588%25E7%25BD%2597%25E5%25B1%2595%25EF%25BC%2589%25E3%2580%2591 HTTP/1.1" 200 55178
61.170.234.223 - - [04/Jan/2022:10:17:22 +0800] "GET /xingrg/dwr/interface/AjaxReportQueryService.js HTTP/1.1" 200 13203
180.175.103.30 - - [04/Jan/2022:10:17:22 +0800] "GET /xingrg/all/function/internal_message.html?_=1641262641397&CODE_STATE=getMsg HTTP/1.1" 200 27
61.170.234.223 - - [04/Jan/2022:10:17:22 +0800] "GET /xingrg/dwr/engine.js HTTP/1.1" 200 43631
114.85.125.222 - - [04/Jan/2022:10:17:24 +0800] "GET /xingrg/all/function/internal_message.html?_=1641262581402&CODE_STATE=getMsg HTTP/1.1" 200 27
61.170.234.223 - - [04/Jan/2022:10:17:25 +0800] "POST /xingrg/all/report/load_report_page.html HTTP/1.1" 200 8724
61.170.234.223 - - [04/Jan/2022:10:17:25 +0800] "GET /xingrg/servlets/image?cache=0.25852829670477584&image=px HTTP/1.1" 200 807
61.170.234.223 - - [04/Jan/2022:10:17:26 +0800] "POST /xingrg/all/report/load_report_page.html HTTP/1.1" 200 70256
61.170.234.223 - - [04/Jan/2022:10:17:27 +0800] "GET /xingrg/servlets/image?cache=0.4452828172519332&image=px HTTP/1.1" 200 807
61.170.234.223 - - [04/Jan/2022:10:17:31 +0800] "POST /xingrg/all/report/report_print.html HTTP/1.1" 200 9748
180.169.147.146 - - [04/Jan/2022:10:17:32 +0800] "GET /xingrg/all/function/internal_message.html?_=1641262651919&CODE_STATE=getMsg HTTP/1.1" 200 27
180.169.147.146 - - [04/Jan/2022:10:17:32 +0800] "GET /xingrg/check_reg.html?_=1641262651922 HTTP/1.1" 200 22
61.170.234.223 - - [04/Jan/2022:10:17:34 +0800] "POST /xingrg/dwr/call/plaincall/AjaxComOrderService.getMaterielSearchList.dwr HTTP/1.1" 200 76
222.70.179.159 - - [04/Jan/2022:10:17:37 +0800] "GET /xingrg/all/function/internal_message.html?_=1641262655152&CODE_STATE=getMsg HTTP/1.1" 200 27
114.88.155.71 - - [04/Jan/2022:10:17:38 +0800] "GET /xingrg/all/function/internal_message.html?_=1641262462990&CODE_STATE=getMsg HTTP/1.1" 200 27
61.170.234.223 - - [04/Jan/2022:10:17:42 +0800] "GET /xingrg/all/function/internal_message.html?_=1641262662013&CODE_STATE=getMsg HTTP/1.1" 200 27
114.95.98.1 - - [04/Jan/2022:10:17:44 +0800] "GET /xingrg/all/function/internal_message.html?_=1641262679018&CODE_STATE=getMsg HTTP/1.1" 200 27
61.170.234.223 - - [04/Jan/2022:10:17:44 +0800] "GET /xingrg/all/function/internal_message.html?_=1641262665271&CODE_STATE=getMsg HTTP/1.1" 200 27
116.228.172.94 - - [04/Jan/2022:10:17:45 +0800] "GET /xingrg/check_reg.html?_=1641262632985 HTTP/1.1" 200 22
116.228.172.94 - - [04/Jan/2022:10:17:45 +0800] "GET /xingrg/all/function/internal_message.html?_=1641262632990&CODE_STATE=getMsg HTTP/1.1" 200 27
180.175.103.30 - - [04/Jan/2022:10:17:45 +0800] "GET /xingrg/all/function/internal_message.html?_=1641262602405&CODE_STATE=getMsg HTTP/1.1" 302 -
114.88.155.71 - - [04/Jan/2022:10:17:47 +0800] "GET /xingrg/kc/buy/cgsh_order_operate.html?command=get_materiel&rest_code=00141&code=00101008223&supplier_code=00100007&order_time=2022-01-04 HTTP/1.1" 200 412
58.221.95.50 - - [04/Jan/2022:10:17:47 +0800] "GET /xingrg/all/function/internal_message.html?_=1641262667330&CODE_STATE=getMsg HTTP/1.1" 200 27
61.165.255.114 - - [04/Jan/2022:10:17:52 +0800] "GET /xingrg/all/function/internal_message.html?_=1641262671641&CODE_STATE=getMsg HTTP/1.1" 200 27
114.88.155.71 - - [04/Jan/2022:10:17:55 +0800] "GET /xingrg/kc/buy/cgsh_order_operate.html?command=get_materiel&rest_code=00141&code=00101008236&supplier_code=00100007&order_time=2022-01-04 HTTP/1.1" 200 417
116.232.53.14 - - [04/Jan/2022:10:17:56 +0800] "GET /xingrg/all/function/internal_message.html?_=1641262676593&CODE_STATE=getMsg HTTP/1.1" 200 27
114.88.155.71 - - [04/Jan/2022:10:17:57 +0800] "POST /xingrg/kc/buy/cgsh_order_operate.html HTTP/1.1" 200 2065
116.227.210.113 - - [04/Jan/2022:10:18:03 +0800] "GET /xingrg/all/function/internal_message.html?_=1641262668860&CODE_STATE=getMsg HTTP/1.1" 200 27
114.88.155.71 - - [04/Jan/2022:10:18:04 +0800] "GET /xingrg/kc/buy/cgsh_order_operate.html?command=get_materiel&rest_code=00141&code=00101008168&supplier_code=00100007&order_time=2022-01-04 HTTP/1.1" 200 413
114.83.217.139 - - [04/Jan/2022:10:18:10 +0800] "GET /xingrg/all/function/internal_message.html?_=1641262688917&CODE_STATE=getMsg HTTP/1.1" 200 27
114.88.155.71 - - [04/Jan/2022:10:18:13 +0800] "GET /xingrg/kc/buy/cgsh_order_operate.html?command=get_materiel&rest_code=00141&code=00101008114&supplier_code=00100007&order_time=2022-01-04 HTTP/1.1" 200 412
180.169.147.146 - - [04/Jan/2022:10:18:13 +0800] "GET /xingrg/all/function/internal_message.html?_=1641262694743&CODE_STATE=getMsg HTTP/1.1" 200 27
124.77.245.186 - - [04/Jan/2022:10:18:16 +0800] "GET /xingrg/all/function/internal_message.html?_=1641262695214&CODE_STATE=getMsg HTTP/1.1" 200 27
120.253.135.82 - - [04/Jan/2022:10:18:21 +0800] "GET /xingrg/all/function/internal_message.html?_=1641262486544&CODE_STATE=getMsg HTTP/1.1" 200 27
180.175.103.30 - - [04/Jan/2022:10:18:22 +0800] "GET /xingrg/all/function/internal_message.html?_=1641262701371&CODE_STATE=getMsg HTTP/1.1" 200 27
180.157.251.97 - - [04/Jan/2022:10:18:23 +0800] "POST /xingrg/services/DataTransmitService HTTP/1.1" 200 524
114.85.125.222 - - [04/Jan/2022:10:18:23 +0800] "GET /xingrg/check_reg.html?_=1641262641230 HTTP/1.1" 200 22
114.88.155.71 - - [04/Jan/2022:10:18:23 +0800] "GET /xingrg/kc/buy/cgsh_order_operate.html?command=get_materiel&rest_code=00141&code=00101008558&supplier_code=00100007&order_time=2022-01-04 HTTP/1.1" 200 395
114.85.125.222 - - [04/Jan/2022:10:18:24 +0800] "GET /xingrg/all/function/internal_message.html?_=1641262641417&CODE_STATE=getMsg HTTP/1.1" 200 27
180.157.251.97 - - [04/Jan/2022:10:18:25 +0800] "POST /xingrg/services/DataTransmitService HTTP/1.1" 200 501
180.169.147.146 - - [04/Jan/2022:10:18:32 +0800] "GET /xingrg/all/function/internal_message.html?_=1641262711912&CODE_STATE=getMsg HTTP/1.1" 200 27
114.88.155.71 - - [04/Jan/2022:10:18:33 +0800] "GET /xingrg/kc/buy/cgsh_order_operate.html?command=get_materiel&rest_code=00141&code=00101020131&supplier_code=00100007&order_time=2022-01-04 HTTP/1.1" 200 416
222.70.179.159 - - [04/Jan/2022:10:18:37 +0800] "GET /xingrg/check_reg.html?_=1641262715153 HTTP/1.1" 200 22
222.70.179.159 - - [04/Jan/2022:10:18:37 +0800] "GET /xingrg/all/function/internal_message.html?_=1641262715150&CODE_STATE=getMsg HTTP/1.1" 200 27
114.88.155.71 - - [04/Jan/2022:10:18:38 +0800] "GET /xingrg/all/function/internal_message.html?_=1641262523077&CODE_STATE=getMsg HTTP/1.1" 200 27
61.170.234.223 - - [04/Jan/2022:10:18:42 +0800] "GET /xingrg/all/function/internal_message.html?_=1641262722010&CODE_STATE=getMsg HTTP/1.1" 200 27
114.95.98.1 - - [04/Jan/2022:10:18:44 +0800] "GET /xingrg/all/function/internal_message.html?_=1641262739032&CODE_STATE=getMsg HTTP/1.1" 200 27
61.170.234.223 - - [04/Jan/2022:10:18:44 +0800] "GET /xingrg/all/function/internal_message.html?_=1641262725275&CODE_STATE=getMsg HTTP/1.1" 200 27
116.228.172.94 - - [04/Jan/2022:10:18:45 +0800] "GET /xingrg/all/function/internal_message.html?_=1641262692983&CODE_STATE=getMsg HTTP/1.1" 200 27
180.175.103.30 - - [04/Jan/2022:10:18:45 +0800] "GET /xingrg/all/function/internal_message.html?_=1641262662405&CODE_STATE=getMsg HTTP/1.1" 302 -
124.77.245.186 - - [04/Jan/2022:10:18:45 +0800] "GET /xingrg/check_reg.html?_=1641262724322 HTTP/1.1" 200 22
58.221.95.50 - - [04/Jan/2022:10:18:47 +0800] "GET /xingrg/all/function/internal_message.html?_=1641262727334&CODE_STATE=getMsg HTTP/1.1" 200 27
114.88.155.71 - - [04/Jan/2022:10:18:48 +0800] "GET /xingrg/kc/buy/cgsh_order_operate.html?command=get_materiel&rest_code=00141&code=00101009054&supplier_code=00100007&order_time=2022-01-04 HTTP/1.1" 200 413
114.88.155.71 - - [04/Jan/2022:10:18:52 +0800] "POST /xingrg/kc/buy/cgsh_order_operate.html HTTP/1.1" 200 2065
61.165.255.114 - - [04/Jan/2022:10:18:52 +0800] "GET /xingrg/all/function/internal_message.html?_=1641262731643&CODE_STATE=getMsg HTTP/1.1" 200 27
116.232.53.14 - - [04/Jan/2022:10:18:56 +0800] "GET /xingrg/all/function/internal_message.html?_=1641262736596&CODE_STATE=getMsg HTTP/1.1" 200 27
114.88.155.71 - - [04/Jan/2022:10:18:59 +0800] "GET /xingrg/kc/buy/cgsh_order_operate.html?command=get_materiel&rest_code=00141&code=00101008150&supplier_code=00100007&order_time=2022-01-04 HTTP/1.1" 200 409
116.227.210.113 - - [04/Jan/2022:10:19:03 +0800] "GET /xingrg/all/function/internal_message.html?_=1641262728873&CODE_STATE=getMsg HTTP/1.1" 200 27
114.88.155.71 - - [04/Jan/2022:10:19:09 +0800] "POST /xingrg/kc/buy/cgsh_order_operate.html HTTP/1.1" 200 37
