114.85.125.222 - - [04/Jan/2022:09:31:49 +0800] "GET /xingrg/javascript/jquery-1.4.2.min.js HTTP/1.1" 304 -
114.85.125.222 - - [04/Jan/2022:09:31:49 +0800] "GET /xingrg/javascript/jquery_easy_ui/jquery.easyui.min.js HTTP/1.1" 304 -
114.85.125.222 - - [04/Jan/2022:09:31:49 +0800] "GET /xingrg/javascript/jquery_easy_ui/easyui-lang-zh_CN.js HTTP/1.1" 304 -
114.85.125.222 - - [04/Jan/2022:09:31:49 +0800] "GET /xingrg/javascript/jquery.form.js HTTP/1.1" 304 -
114.85.125.222 - - [04/Jan/2022:09:31:49 +0800] "GET /xingrg/javascript/jquery.utils.js HTTP/1.1" 304 -
114.85.125.222 - - [04/Jan/2022:09:31:49 +0800] "GET /xingrg/javascript/jquery.timers.js HTTP/1.1" 304 -
114.85.125.222 - - [04/Jan/2022:09:31:49 +0800] "GET /xingrg/images/blue/navBackgound.jpg HTTP/1.1" 304 -
114.85.125.222 - - [04/Jan/2022:09:31:49 +0800] "GET /xingrg/images/blue/jxLogo.png HTTP/1.1" 304 -
114.85.125.222 - - [04/Jan/2022:09:31:49 +0800] "GET /xingrg/javascript/jquery_easy_ui/themes/icons/settle_new.png HTTP/1.1" 304 -
222.70.179.159 - - [04/Jan/2022:09:31:49 +0800] "GET /xingrg/kc/base/wldb_order_operate.html?command=get_materiel&rest_code=00111&base_code=0010842&code=00101013203 HTTP/1.1" 200 430
114.85.125.222 - - [04/Jan/2022:09:31:49 +0800] "GET /xingrg/images/blue/pingpu.png HTTP/1.1" 304 -
114.85.125.222 - - [04/Jan/2022:09:31:49 +0800] "GET /xingrg/javascript/jquery_easy_ui/themes/default/images/tabs_leftarrow.png HTTP/1.1" 304 -
114.85.125.222 - - [04/Jan/2022:09:31:49 +0800] "GET /xingrg/javascript/jquery_easy_ui/themes/default/images/tabs_rightarrow.png HTTP/1.1" 304 -
114.85.125.222 - - [04/Jan/2022:09:31:49 +0800] "GET /xingrg/javascript/jquery_easy_ui/themes/default/images/panel_tool_collapse.gif HTTP/1.1" 304 -
114.85.125.222 - - [04/Jan/2022:09:31:49 +0800] "GET /xingrg/javascript/jquery_easy_ui/themes/default/images/panel_tool_expand.gif HTTP/1.1" 304 -
114.85.125.222 - - [04/Jan/2022:09:31:49 +0800] "GET /xingrg/all/function/internal_message.html?_=1641259846749&CODE_STATE=count HTTP/1.1" 200 11
114.85.125.222 - - [04/Jan/2022:09:31:49 +0800] "GET /xingrg/check_reg.html?_=1641259846750 HTTP/1.1" 200 22
114.85.125.222 - - [04/Jan/2022:09:31:49 +0800] "POST /xingrg/all/common/load_tree.html?tree=area_rest_tree_json&manage=1 HTTP/1.1" 200 3472
114.85.125.222 - - [04/Jan/2022:09:31:49 +0800] "POST /xingrg/load_menu.html HTTP/1.1" 200 9959
120.253.135.82 - - [04/Jan/2022:09:31:52 +0800] "POST /xingrg/kc/pszx/mdps_list_operate.html HTTP/1.1" 200 868
120.253.135.82 - - [04/Jan/2022:09:31:53 +0800] "GET /xingrg/all/function/internal_message.html?_=1641259698541&CODE_STATE=getMsg HTTP/1.1" 200 27
120.253.135.82 - - [04/Jan/2022:09:31:54 +0800] "GET /xingrg/kc/pszx/mdps_order_add.html HTTP/1.1" 200 28947
114.85.125.222 - - [04/Jan/2022:09:31:54 +0800] "GET /xingrg/javascript/jquery_easy_ui/themes/default/images/tabs_close.gif HTTP/1.1" 304 -
114.85.125.222 - - [04/Jan/2022:09:31:54 +0800] "GET /xingrg/css/site.css HTTP/1.1" 304 -
114.85.125.222 - - [04/Jan/2022:09:31:54 +0800] "GET /xingrg/css/base.css HTTP/1.1" 304 -
114.85.125.222 - - [04/Jan/2022:09:31:54 +0800] "GET /xingrg/javascript/jquery_tools/datebox.css HTTP/1.1" 304 -
114.85.125.222 - - [04/Jan/2022:09:31:54 +0800] "GET /xingrg/kc/base/yddb_order_list.html HTTP/1.1" 200 16672
114.85.125.222 - - [04/Jan/2022:09:31:54 +0800] "GET /xingrg/javascript/jquery_tools/jquery.tools.hotkey.js HTTP/1.1" 304 -
114.85.125.222 - - [04/Jan/2022:09:31:54 +0800] "GET /xingrg/javascript/easyui/themes/icon.css HTTP/1.1" 304 -
114.85.125.222 - - [04/Jan/2022:09:31:54 +0800] "GET /xingrg/javascript/auto/jquery.autocomplete.css HTTP/1.1" 304 -
114.85.125.222 - - [04/Jan/2022:09:31:54 +0800] "GET /xingrg/javascript/auto/jquery.autocomplete.js HTTP/1.1" 304 -
114.85.125.222 - - [04/Jan/2022:09:31:54 +0800] "GET /xingrg/javascript/jquery_tools/jquery.tools.table.js HTTP/1.1" 304 -
114.85.125.222 - - [04/Jan/2022:09:31:54 +0800] "GET /xingrg/javascript/easyui/themes/default/easyui.css HTTP/1.1" 304 -
114.85.125.222 - - [04/Jan/2022:09:31:54 +0800] "GET /xingrg/javascript/jquery_tools/fix.css HTTP/1.1" 304 -
114.85.125.222 - - [04/Jan/2022:09:31:54 +0800] "GET /xingrg/javascript/jquery_tools/jquery.tools.min.js HTTP/1.1" 304 -
114.85.125.222 - - [04/Jan/2022:09:31:54 +0800] "GET /xingrg/javascript/jquery_tools/jquery.tools.extend.js HTTP/1.1" 304 -
114.85.125.222 - - [04/Jan/2022:09:31:54 +0800] "GET /xingrg/javascript/jquery_tools/table.css HTTP/1.1" 304 -
114.85.125.222 - - [04/Jan/2022:09:31:54 +0800] "GET /xingrg/javascript/easyui/easyloader.js HTTP/1.1" 304 -
114.85.125.222 - - [04/Jan/2022:09:31:54 +0800] "GET /xingrg/javascript/jquery_tools/list_manager.js HTTP/1.1" 304 -
114.85.125.222 - - [04/Jan/2022:09:31:54 +0800] "GET /xingrg/javascript/jquery.cookie.js HTTP/1.1" 304 -
114.85.125.222 - - [04/Jan/2022:09:31:54 +0800] "GET /xingrg/javascript/print/LodopFuncs.js HTTP/1.1" 304 -
120.253.135.82 - - [04/Jan/2022:09:31:54 +0800] "POST /xingrg/kc/pszx/mdps_order_operate.html HTTP/1.1" 200 7126
114.85.125.222 - - [04/Jan/2022:09:31:54 +0800] "GET /xingrg/javascript/easyui/themes/icons/import_new.png HTTP/1.1" 304 -
114.85.125.222 - - [04/Jan/2022:09:31:54 +0800] "GET /xingrg/javascript/easyui/themes/icons/field_new.png HTTP/1.1" 304 -
114.85.125.222 - - [04/Jan/2022:09:31:54 +0800] "GET /xingrg/javascript/easyui/themes/icons/edit_add_new.png HTTP/1.1" 304 -
114.85.125.222 - - [04/Jan/2022:09:31:54 +0800] "GET /xingrg/javascript/easyui/plugins/jquery.parser.js HTTP/1.1" 304 -
120.253.135.82 - - [04/Jan/2022:09:31:55 +0800] "GET /xingrg/javascript/easyui/themes/default/validatebox.css HTTP/1.1" 404 1104
114.85.125.222 - - [04/Jan/2022:09:31:55 +0800] "POST /xingrg/kc/base/yddb_list_operate.html HTTP/1.1" 200 636
180.169.147.146 - - [04/Jan/2022:09:31:56 +0800] "GET /xingrg/all/function/internal_message.html?_=1641259916232&CODE_STATE=getMsg HTTP/1.1" 200 27
114.85.125.222 - - [04/Jan/2022:09:31:59 +0800] "POST /xingrg/kc/base/yddb_list_operate.html HTTP/1.1" 200 4461
222.70.179.159 - - [04/Jan/2022:09:32:02 +0800] "GET /xingrg/kc/base/wldb_order_operate.html?command=get_materiel&rest_code=00111&base_code=0010842&code=00101001109 HTTP/1.1" 200 434
116.227.210.113 - - [04/Jan/2022:09:32:03 +0800] "GET /xingrg/all/function/internal_message.html?_=1641259908871&CODE_STATE=getMsg HTTP/1.1" 200 27
120.253.135.82 - - [04/Jan/2022:09:32:04 +0800] "POST /xingrg/all/common/load_combo.html?type=base HTTP/1.1" 200 1075
114.85.125.222 - - [04/Jan/2022:09:32:04 +0800] "GET /xingrg/javascript/jquery_tools/images/prev.gif HTTP/1.1" 404 1086
114.85.125.222 - - [04/Jan/2022:09:32:04 +0800] "GET /xingrg/javascript/jquery_tools/images/next.gif HTTP/1.1" 404 1086
114.83.217.139 - - [04/Jan/2022:09:32:07 +0800] "GET /xingrg/kc/buy/cgsh_order_info.html?code=212022010401597 HTTP/1.1" 200 60362
114.83.217.139 - - [04/Jan/2022:09:32:07 +0800] "GET /xingrg/javascript/easyui/themes/default/validatebox.css HTTP/1.1" 404 1104
114.83.217.139 - - [04/Jan/2022:09:32:08 +0800] "POST /xingrg/kc/buy/cgsh_order_operate.html HTTP/1.1" 200 1808
114.85.125.222 - - [04/Jan/2022:09:32:10 +0800] "POST /xingrg/kc/base/yddb_list_operate.html HTTP/1.1" 200 3256
114.83.217.139 - - [04/Jan/2022:09:32:10 +0800] "GET /xingrg/all/function/internal_message.html?_=1641259929803&CODE_STATE=getMsg HTTP/1.1" 200 27
120.253.135.82 - - [04/Jan/2022:09:32:12 +0800] "GET /xingrg/kc/pszx/mdps_order_operate.html?command=get_materiel&pszx_code=00101&rest_code=00146&base_code=0010246&code=00101034130 HTTP/1.1" 200 414
114.85.125.222 - - [04/Jan/2022:09:32:12 +0800] "POST /xingrg/kc/base/yddb_list_operate.html HTTP/1.1" 200 635
61.165.255.114 - - [04/Jan/2022:09:32:13 +0800] "GET /xingrg/all/function/internal_message.html?_=1641259932750&CODE_STATE=getMsg HTTP/1.1" 200 27
180.169.147.146 - - [04/Jan/2022:09:32:14 +0800] "GET /xingrg/all/function/internal_message.html?_=1641259935847&CODE_STATE=getMsg HTTP/1.1" 200 27
114.85.125.222 - - [04/Jan/2022:09:32:14 +0800] "GET /xingrg/css/blue.css HTTP/1.1" 304 -
114.85.125.222 - - [04/Jan/2022:09:32:14 +0800] "GET /xingrg/javascript/pic_change.js HTTP/1.1" 304 -
114.85.125.222 - - [04/Jan/2022:09:32:14 +0800] "GET /xingrg/kc/base/yddb_order_info.html?code=482022010300011 HTTP/1.1" 200 31231
114.85.125.222 - - [04/Jan/2022:09:32:14 +0800] "GET /xingrg/dwr/util.js HTTP/1.1" 304 -
114.85.125.222 - - [04/Jan/2022:09:32:14 +0800] "GET /xingrg/javascript/AjaxInfoList.js HTTP/1.1" 304 -
114.85.125.222 - - [04/Jan/2022:09:32:14 +0800] "GET /xingrg/javascript/Calendar.js HTTP/1.1" 304 -
114.85.125.222 - - [04/Jan/2022:09:32:14 +0800] "GET /xingrg/javascript/myfunction.js HTTP/1.1" 304 -
114.85.125.222 - - [04/Jan/2022:09:32:14 +0800] "GET /xingrg/javascript/checkform.js HTTP/1.1" 304 -
114.85.125.222 - - [04/Jan/2022:09:32:14 +0800] "GET /xingrg/javascript/Grid.js HTTP/1.1" 304 -
114.85.125.222 - - [04/Jan/2022:09:32:14 +0800] "GET /xingrg/javascript/ToolTips.js HTTP/1.1" 304 -
114.85.125.222 - - [04/Jan/2022:09:32:14 +0800] "GET /xingrg/dwr/interface/AjaxYddbService.js HTTP/1.1" 200 13201
114.85.125.222 - - [04/Jan/2022:09:32:14 +0800] "GET /xingrg/dwr/interface/AjaxComOrderService.js HTTP/1.1" 200 18264
114.85.125.222 - - [04/Jan/2022:09:32:14 +0800] "GET /xingrg/dwr/engine.js HTTP/1.1" 200 43631
114.85.125.222 - - [04/Jan/2022:09:32:14 +0800] "GET /xingrg/javascript/jquery_easy_ui/themes/icons/edit_add_new.png HTTP/1.1" 304 -
114.85.125.222 - - [04/Jan/2022:09:32:14 +0800] "GET /xingrg/javascript/jquery_easy_ui/themes/icons/print.png HTTP/1.1" 304 -
114.85.125.222 - - [04/Jan/2022:09:32:14 +0800] "GET /xingrg/javascript/jquery_easy_ui/themes/default/images/menu_downarrow.png HTTP/1.1" 304 -
114.85.125.222 - - [04/Jan/2022:09:32:14 +0800] "GET /xingrg/javascript/jquery_easy_ui/themes/icons/back_new.png HTTP/1.1" 304 -
114.85.125.222 - - [04/Jan/2022:09:32:14 +0800] "GET /xingrg/images/blue/kc_tab_left.gif HTTP/1.1" 304 -
114.85.125.222 - - [04/Jan/2022:09:32:14 +0800] "GET /xingrg/images/blue/kc_tab_mid.gif HTTP/1.1" 304 -
114.85.125.222 - - [04/Jan/2022:09:32:14 +0800] "GET /xingrg/images/blue/kc_tab_right.gif HTTP/1.1" 304 -
114.85.125.222 - - [04/Jan/2022:09:32:14 +0800] "GET /xingrg/images/blue/wait.gif HTTP/1.1" 304 -
114.85.125.222 - - [04/Jan/2022:09:32:15 +0800] "POST /xingrg/dwr/call/plaincall/AjaxYddbService.loadMaterielItems.dwr HTTP/1.1" 200 3415
124.77.245.186 - - [04/Jan/2022:09:32:16 +0800] "GET /xingrg/all/function/internal_message.html?_=1641259934588&CODE_STATE=getMsg HTTP/1.1" 200 27
114.83.217.139 - - [04/Jan/2022:09:32:17 +0800] "GET /xingrg/kc/print/load_data.html?order_code=212022010401597&kc_code=cgsh&condition= HTTP/1.1" 200 1251
120.253.135.82 - - [04/Jan/2022:09:32:20 +0800] "GET /xingrg/kc/pszx/mdps_order_operate.html?command=get_materiel&pszx_code=00101&rest_code=00146&base_code=0010246&code=00101034133 HTTP/1.1" 200 428
114.85.125.222 - - [04/Jan/2022:09:32:22 +0800] "GET /xingrg/javascript/jquery_easy_ui/themes/default/images/button_plain_hover.png HTTP/1.1" 304 -
180.175.103.30 - - [04/Jan/2022:09:32:22 +0800] "GET /xingrg/all/function/internal_message.html?_=1641259941653&CODE_STATE=getMsg HTTP/1.1" 200 27
114.85.125.222 - - [04/Jan/2022:09:32:30 +0800] "POST /xingrg/all/user/operate.html HTTP/1.1" 200 36
114.85.125.222 - - [04/Jan/2022:09:32:30 +0800] "GET /xingrg/index.html?sysBaseUrl=http%3A%2F%2F180.169.147.146%3A18081%2Fxingrg%2F&costTime=1142×tamp=1641259900801 HTTP/1.1" 200 17507
114.85.125.222 - - [04/Jan/2022:09:32:30 +0800] "GET /xingrg/javascript/jquery_easy_ui/themes/default/easyui.css HTTP/1.1" 304 -
114.85.125.222 - - [04/Jan/2022:09:32:30 +0800] "GET /xingrg/javascript/jquery_easy_ui/themes/icon.css HTTP/1.1" 304 -
114.85.125.222 - - [04/Jan/2022:09:32:30 +0800] "GET /xingrg/css/form.css HTTP/1.1" 304 -
114.85.125.222 - - [04/Jan/2022:09:32:30 +0800] "GET /xingrg/javascript/jquery-1.4.2.min.js HTTP/1.1" 304 -
114.85.125.222 - - [04/Jan/2022:09:32:30 +0800] "GET /xingrg/javascript/jquery_easy_ui/jquery.easyui.min.js HTTP/1.1" 304 -
114.85.125.222 - - [04/Jan/2022:09:32:30 +0800] "GET /xingrg/javascript/jquery_easy_ui/easyui-lang-zh_CN.js HTTP/1.1" 304 -
114.85.125.222 - - [04/Jan/2022:09:32:30 +0800] "GET /xingrg/javascript/jquery.form.js HTTP/1.1" 304 -
114.85.125.222 - - [04/Jan/2022:09:32:30 +0800] "GET /xingrg/javascript/jquery.utils.js HTTP/1.1" 304 -
114.85.125.222 - - [04/Jan/2022:09:32:30 +0800] "GET /xingrg/javascript/jquery.timers.js HTTP/1.1" 304 -
114.85.125.222 - - [04/Jan/2022:09:32:30 +0800] "GET /xingrg/images/blue/jxLogo.png HTTP/1.1" 304 -
114.85.125.222 - - [04/Jan/2022:09:32:30 +0800] "GET /xingrg/images/blue/navBackgound.jpg HTTP/1.1" 304 -
114.85.125.222 - - [04/Jan/2022:09:32:30 +0800] "GET /xingrg/javascript/jquery_easy_ui/themes/icons/settle_new.png HTTP/1.1" 304 -
114.85.125.222 - - [04/Jan/2022:09:32:30 +0800] "GET /xingrg/images/blue/pingpu.png HTTP/1.1" 304 -
114.85.125.222 - - [04/Jan/2022:09:32:30 +0800] "GET /xingrg/javascript/jquery_easy_ui/themes/default/images/tabs_leftarrow.png HTTP/1.1" 304 -
114.85.125.222 - - [04/Jan/2022:09:32:30 +0800] "GET /xingrg/javascript/jquery_easy_ui/themes/default/images/tabs_rightarrow.png HTTP/1.1" 304 -
114.85.125.222 - - [04/Jan/2022:09:32:30 +0800] "GET /xingrg/javascript/jquery_easy_ui/themes/default/images/panel_tool_collapse.gif HTTP/1.1" 304 -
114.85.125.222 - - [04/Jan/2022:09:32:30 +0800] "GET /xingrg/javascript/jquery_easy_ui/themes/default/images/panel_tool_expand.gif HTTP/1.1" 304 -
114.85.125.222 - - [04/Jan/2022:09:32:30 +0800] "GET /xingrg/all/function/internal_message.html?_=1641259888185&CODE_STATE=count HTTP/1.1" 200 11
114.85.125.222 - - [04/Jan/2022:09:32:30 +0800] "GET /xingrg/check_reg.html?_=1641259888187 HTTP/1.1" 200 22
114.85.125.222 - - [04/Jan/2022:09:32:30 +0800] "POST /xingrg/all/common/load_tree.html?tree=area_rest_tree_json&manage=1 HTTP/1.1" 200 3472
114.85.125.222 - - [04/Jan/2022:09:32:30 +0800] "POST /xingrg/load_menu.html HTTP/1.1" 200 9959
120.253.135.82 - - [04/Jan/2022:09:32:32 +0800] "GET /xingrg/kc/pszx/mdps_order_operate.html?command=get_materiel&pszx_code=00101&rest_code=00146&base_code=0010246&code=00101034135 HTTP/1.1" 200 428
180.169.147.146 - - [04/Jan/2022:09:32:32 +0800] "GET /xingrg/check_reg.html?_=1641259951911 HTTP/1.1" 200 22
180.169.147.146 - - [04/Jan/2022:09:32:32 +0800] "GET /xingrg/all/function/internal_message.html?_=1641259951912&CODE_STATE=getMsg HTTP/1.1" 200 27
114.85.125.222 - - [04/Jan/2022:09:32:34 +0800] "GET /xingrg/kc/base/yddb_order_list.html HTTP/1.1" 200 16670
114.85.125.222 - - [04/Jan/2022:09:32:35 +0800] "POST /xingrg/kc/base/yddb_list_operate.html HTTP/1.1" 200 636
222.70.179.159 - - [04/Jan/2022:09:32:37 +0800] "GET /xingrg/all/function/internal_message.html?_=1641259955150&CODE_STATE=getMsg HTTP/1.1" 200 27
114.85.125.222 - - [04/Jan/2022:09:32:37 +0800] "GET /xingrg/javascript/jquery_tools/images/prev.gif HTTP/1.1" 404 1086
114.85.125.222 - - [04/Jan/2022:09:32:37 +0800] "GET /xingrg/javascript/jquery_tools/images/next.gif HTTP/1.1" 404 1086
114.88.155.71 - - [04/Jan/2022:09:32:38 +0800] "GET /xingrg/all/function/internal_message.html?_=1641259762895&CODE_STATE=getMsg HTTP/1.1" 200 27
116.232.53.14 - - [04/Jan/2022:09:32:38 +0800] "GET /xingrg/all/function/internal_message.html?_=1641259958416&CODE_STATE=getMsg HTTP/1.1" 200 27
222.70.179.159 - - [04/Jan/2022:09:32:41 +0800] "GET /xingrg/kc/base/wldb_order_operate.html?command=get_materiel&rest_code=00111&base_code=0010842&code=00101002075 HTTP/1.1" 200 418
114.85.125.222 - - [04/Jan/2022:09:32:42 +0800] "POST /xingrg/kc/base/yddb_list_operate.html HTTP/1.1" 200 636
116.228.172.94 - - [04/Jan/2022:09:32:42 +0800] "GET /xingrg/login.html HTTP/1.1" 200 7641
116.228.172.94 - - [04/Jan/2022:09:32:43 +0800] "GET /favicon.ico HTTP/1.1" 404 -
116.228.172.94 - - [04/Jan/2022:09:32:44 +0800] "POST /xingrg/login.do HTTP/1.1" 302 -
116.228.172.94 - - [04/Jan/2022:09:32:44 +0800] "GET /xingrg/index.html?sysBaseUrl=http%3A%2F%2F180.169.147.146%3A18081%2Fxingrg%2F&costTime=47×tamp=1641259964596 HTTP/1.1" 200 17417
116.228.172.94 - - [04/Jan/2022:09:32:44 +0800] "GET /favicon.ico HTTP/1.1" 404 -
120.253.135.82 - - [04/Jan/2022:09:32:44 +0800] "GET /xingrg/kc/pszx/mdps_order_operate.html?command=get_materiel&pszx_code=00101&rest_code=00146&base_code=0010246&code=00101034131 HTTP/1.1" 200 428
222.70.179.159 - - [04/Jan/2022:09:32:44 +0800] "POST /xingrg/kc/base/wldb_order_operate.html HTTP/1.1" 200 1710
116.228.172.94 - - [04/Jan/2022:09:32:44 +0800] "POST /xingrg/all/common/load_tree.html?tree=area_rest_tree_json&manage=1 HTTP/1.1" 200 348
116.228.172.94 - - [04/Jan/2022:09:32:45 +0800] "GET /xingrg/all/function/internal_message.html?_=1641259932966&CODE_STATE=count HTTP/1.1" 200 11
116.228.172.94 - - [04/Jan/2022:09:32:45 +0800] "GET /xingrg/check_reg.html?_=1641259932967 HTTP/1.1" 200 22
116.228.172.94 - - [04/Jan/2022:09:32:45 +0800] "POST /xingrg/load_menu.html HTTP/1.1" 200 9959
180.175.103.30 - - [04/Jan/2022:09:32:45 +0800] "GET /xingrg/all/function/internal_message.html?_=1641259902334&CODE_STATE=getMsg HTTP/1.1" 302 -
114.85.125.222 - - [04/Jan/2022:09:32:48 +0800] "POST /xingrg/kc/base/yddb_list_operate.html HTTP/1.1" 200 3256
222.70.179.159 - - [04/Jan/2022:09:32:50 +0800] "GET /xingrg/kc/base/wldb_order_operate.html?command=get_materiel&rest_code=00111&base_code=0010842&code=00101001274 HTTP/1.1" 200 416
114.85.125.222 - - [04/Jan/2022:09:32:50 +0800] "POST /xingrg/kc/base/yddb_list_operate.html HTTP/1.1" 200 635
114.85.125.222 - - [04/Jan/2022:09:32:51 +0800] "GET /xingrg/kc/base/yddb_order_info.html?code=482022010300011 HTTP/1.1" 200 31462
120.253.135.82 - - [04/Jan/2022:09:32:51 +0800] "GET /xingrg/kc/pszx/mdps_order_operate.html?command=get_materiel&pszx_code=00101&rest_code=00146&base_code=0010246&code=00101034132 HTTP/1.1" 200 428
114.85.125.222 - - [04/Jan/2022:09:32:51 +0800] "GET /xingrg/dwr/interface/AjaxYddbService.js HTTP/1.1" 200 13201
114.85.125.222 - - [04/Jan/2022:09:32:51 +0800] "GET /xingrg/dwr/interface/AjaxComOrderService.js HTTP/1.1" 200 18264
114.85.125.222 - - [04/Jan/2022:09:32:51 +0800] "GET /xingrg/dwr/engine.js HTTP/1.1" 200 43631
114.85.125.222 - - [04/Jan/2022:09:32:51 +0800] "GET /xingrg/javascript/jquery_easy_ui/themes/icons/uncheck_new.png HTTP/1.1" 304 -
114.85.125.222 - - [04/Jan/2022:09:32:51 +0800] "POST /xingrg/dwr/call/plaincall/AjaxYddbService.loadMaterielItems.dwr HTTP/1.1" 200 3415
120.253.135.82 - - [04/Jan/2022:09:32:53 +0800] "GET /xingrg/all/function/internal_message.html?_=1641259758580&CODE_STATE=getMsg HTTP/1.1" 200 27
116.228.172.94 - - [04/Jan/2022:09:32:54 +0800] "GET /xingrg/kc/report/report_main.html HTTP/1.1" 200 7340
114.85.125.222 - - [04/Jan/2022:09:32:55 +0800] "POST /xingrg/dwr/call/plaincall/AjaxYddbService.objUncheckOrder.dwr HTTP/1.1" 200 78
116.228.172.94 - - [04/Jan/2022:09:32:55 +0800] "GET /xingrg/all/report/report_query.html?fileName=kc/buy/gys_amount.xml&rh=99999 HTTP/1.1" 200 52006
116.228.172.94 - - [04/Jan/2022:09:32:55 +0800] "GET /xingrg/dwr/interface/AjaxReportQueryService.js HTTP/1.1" 200 13203
116.228.172.94 - - [04/Jan/2022:09:32:55 +0800] "GET /xingrg/dwr/util.js HTTP/1.1" 200 35990
116.228.172.94 - - [04/Jan/2022:09:32:55 +0800] "GET /xingrg/dwr/engine.js HTTP/1.1" 200 43631
116.228.172.94 - - [04/Jan/2022:09:32:55 +0800] "POST /xingrg/dwr/call/plaincall/AjaxReportQueryService.getFixDate.dwr HTTP/1.1" 200 111
116.228.172.94 - - [04/Jan/2022:09:32:55 +0800] "POST /xingrg/all/common/load_tree.html?tree=supplier_tree_json&manage=1 HTTP/1.1" 200 62979
116.228.172.94 - - [04/Jan/2022:09:32:55 +0800] "POST /xingrg/all/common/load_tree.html?tree=materiel_sort_tree_json HTTP/1.1" 200 9388
114.85.125.222 - - [04/Jan/2022:09:32:56 +0800] "GET /xingrg/kc/base/yddb_order_info.html?code=482022010300011 HTTP/1.1" 200 31346
114.85.125.222 - - [04/Jan/2022:09:32:56 +0800] "GET /xingrg/dwr/interface/AjaxYddbService.js HTTP/1.1" 200 13201
114.85.125.222 - - [04/Jan/2022:09:32:56 +0800] "GET /xingrg/dwr/interface/AjaxComOrderService.js HTTP/1.1" 200 18264
114.85.125.222 - - [04/Jan/2022:09:32:56 +0800] "GET /xingrg/dwr/engine.js HTTP/1.1" 200 43631
114.85.125.222 - - [04/Jan/2022:09:32:56 +0800] "GET /xingrg/javascript/jquery_easy_ui/themes/icons/check_new.png HTTP/1.1" 304 -
114.85.125.222 - - [04/Jan/2022:09:32:56 +0800] "POST /xingrg/dwr/call/plaincall/AjaxYddbService.loadMaterielItems.dwr HTTP/1.1" 200 3415
180.169.147.146 - - [04/Jan/2022:09:32:56 +0800] "GET /xingrg/check_reg.html?_=1641259976224 HTTP/1.1" 200 22
180.169.147.146 - - [04/Jan/2022:09:32:56 +0800] "GET /xingrg/all/function/internal_message.html?_=1641259976225&CODE_STATE=getMsg HTTP/1.1" 200 27
116.228.172.94 - - [04/Jan/2022:09:32:57 +0800] "POST /xingrg/dwr/call/plaincall/AjaxReportQueryService.getInitString.dwr HTTP/1.1" 200 426
116.228.172.94 - - [04/Jan/2022:09:33:00 +0800] "POST /xingrg/dwr/call/plaincall/AjaxReportQueryService.getFixDate.dwr HTTP/1.1" 200 111
120.253.135.82 - - [04/Jan/2022:09:33:00 +0800] "GET /xingrg/kc/pszx/mdps_order_operate.html?command=get_materiel&pszx_code=00101&rest_code=00146&base_code=0010246&code=00101034134 HTTP/1.1" 200 428
114.85.125.222 - - [04/Jan/2022:09:33:02 +0800] "POST /xingrg/load_menu.html HTTP/1.1" 200 9695
116.227.210.113 - - [04/Jan/2022:09:33:03 +0800] "GET /xingrg/all/function/internal_message.html?_=1641259968878&CODE_STATE=getMsg HTTP/1.1" 200 27
114.85.125.222 - - [04/Jan/2022:09:33:06 +0800] "GET /xingrg/all/report/report_query.html?fileName=dma/new_5.0/yingye/yy_hz.xml&rw=1600 HTTP/1.1" 200 56155
114.85.125.222 - - [04/Jan/2022:09:33:06 +0800] "GET /xingrg/javascript/multi_select/jqueryMultiSelect.css HTTP/1.1" 304 -
114.85.125.222 - - [04/Jan/2022:09:33:06 +0800] "GET /xingrg/javascript/bigrid/fix.css HTTP/1.1" 304 -
114.85.125.222 - - [04/Jan/2022:09:33:06 +0800] "GET /xingrg/javascript/calendar/timePicker.css HTTP/1.1" 304 -
114.85.125.222 - - [04/Jan/2022:09:33:06 +0800] "GET /xingrg/javascript/calendar/jquery.timePicker.min.js HTTP/1.1" 304 -
114.85.125.222 - - [04/Jan/2022:09:33:06 +0800] "GET /xingrg/javascript/jqueryMultiSelect.js HTTP/1.1" 304 -
114.85.125.222 - - [04/Jan/2022:09:33:06 +0800] "GET /xingrg/javascript/bigrid/fix.js HTTP/1.1" 304 -
114.85.125.222 - - [04/Jan/2022:09:33:06 +0800] "GET /xingrg/dwr/interface/AjaxReportQueryService.js HTTP/1.1" 200 13203
114.85.125.222 - - [04/Jan/2022:09:33:06 +0800] "GET /xingrg/dwr/engine.js HTTP/1.1" 200 43631
114.85.125.222 - - [04/Jan/2022:09:33:06 +0800] "GET /xingrg/images/control/loading.gif HTTP/1.1" 304 -
114.85.125.222 - - [04/Jan/2022:09:33:06 +0800] "GET /xingrg/images/blue/button/advanceover.gif HTTP/1.1" 304 -
114.85.125.222 - - [04/Jan/2022:09:33:06 +0800] "GET /xingrg/images/blue/button/back2over.gif HTTP/1.1" 304 -
114.85.125.222 - - [04/Jan/2022:09:33:06 +0800] "GET /xingrg/images/blue/button/advance2over.gif HTTP/1.1" 304 -
114.85.125.222 - - [04/Jan/2022:09:33:06 +0800] "GET /xingrg/images/blue/button/backover.gif HTTP/1.1" 304 -
114.85.125.222 - - [04/Jan/2022:09:33:06 +0800] "GET /xingrg/javascript/jquery_easy_ui/themes/icons/help.png HTTP/1.1" 304 -
114.85.125.222 - - [04/Jan/2022:09:33:06 +0800] "GET /xingrg/javascript/jquery_easy_ui/themes/default/images/menu.gif HTTP/1.1" 304 -
114.85.125.222 - - [04/Jan/2022:09:33:06 +0800] "GET /xingrg/javascript/jquery_easy_ui/themes/icons/pencil.png HTTP/1.1" 304 -
114.85.125.222 - - [04/Jan/2022:09:33:06 +0800] "GET /xingrg/javascript/jquery_easy_ui/themes/default/images/menu_rightarrow.png HTTP/1.1" 304 -
114.85.125.222 - - [04/Jan/2022:09:33:06 +0800] "POST /xingrg/dwr/call/plaincall/AjaxReportQueryService.getFixDate.dwr HTTP/1.1" 200 111
114.85.125.222 - - [04/Jan/2022:09:33:06 +0800] "GET /xingrg/javascript/jquery_easy_ui/themes/default/images/combo_arrow_dot.gif HTTP/1.1" 304 -
114.85.125.222 - - [04/Jan/2022:09:33:06 +0800] "POST /xingrg/all/common/load_tree.html?tree=area_station_tree_json&manage=1 HTTP/1.1" 200 3364
114.85.125.222 - - [04/Jan/2022:09:33:06 +0800] "GET /xingrg/javascript/jquery_easy_ui/themes/default/images/tree_checkbox_0.gif HTTP/1.1" 304 -
114.85.125.222 - - [04/Jan/2022:09:33:07 +0800] "GET /xingrg/javascript/jquery_easy_ui/themes/default/images/tabs_active.png HTTP/1.1" 304 -
114.85.125.222 - - [04/Jan/2022:09:33:07 +0800] "GET /xingrg/javascript/jquery_easy_ui/themes/default/images/tabs_active.png HTTP/1.1" 304 -
222.70.179.159 - - [04/Jan/2022:09:33:08 +0800] "GET /xingrg/kc/base/wldb_order_operate.html?command=get_materiel&rest_code=00111&base_code=0010842&code=00101002056 HTTP/1.1" 200 430
120.253.135.82 - - [04/Jan/2022:09:33:09 +0800] "POST /xingrg/kc/pszx/mdps_order_operate.html HTTP/1.1" 200 37
114.83.217.139 - - [04/Jan/2022:09:33:10 +0800] "GET /xingrg/all/function/internal_message.html?_=1641259989691&CODE_STATE=getMsg HTTP/1.1" 200 27
120.253.135.82 - - [04/Jan/2022:09:33:11 +0800] "GET /xingrg/kc/pszx/mdps_order_info.html?code=312022010400153 HTTP/1.1" 200 23931
114.85.125.222 - - [04/Jan/2022:09:33:11 +0800] "POST /xingrg/dwr/call/plaincall/AjaxReportQueryService.refreshCache.dwr HTTP/1.1" 200 78
120.253.135.82 - - [04/Jan/2022:09:33:12 +0800] "GET /xingrg/javascript/easyui/themes/default/validatebox.css HTTP/1.1" 404 1104
114.85.125.222 - - [04/Jan/2022:09:33:12 +0800] "POST /xingrg/all/report/load_report_page.html HTTP/1.1" 200 145660
120.253.135.82 - - [04/Jan/2022:09:33:12 +0800] "POST /xingrg/kc/pszx/mdps_order_operate.html HTTP/1.1" 200 4821
114.85.125.222 - - [04/Jan/2022:09:33:12 +0800] "GET /xingrg/servlets/image?cache=0.26749480823980687&image=px HTTP/1.1" 200 807
61.165.255.114 - - [04/Jan/2022:09:33:13 +0800] "GET /xingrg/all/function/internal_message.html?_=1641259992738&CODE_STATE=getMsg HTTP/1.1" 200 27
120.253.135.82 - - [04/Jan/2022:09:33:14 +0800] "GET /xingrg/kc/print/load_data.html?order_code=312022010400153&kc_code=mdps&condition= HTTP/1.1" 200 1886
180.169.147.146 - - [04/Jan/2022:09:33:14 +0800] "GET /xingrg/all/function/internal_message.html?_=1641259995833&CODE_STATE=getMsg HTTP/1.1" 200 27
116.228.172.94 - - [04/Jan/2022:09:33:14 +0800] "POST /xingrg/dwr/call/plaincall/AjaxReportQueryService.refreshCache.dwr HTTP/1.1" 200 78
116.228.172.94 - - [04/Jan/2022:09:33:15 +0800] "POST /xingrg/all/report/load_report_page.html HTTP/1.1" 200 8928
116.228.172.94 - - [04/Jan/2022:09:33:15 +0800] "GET /xingrg/servlets/image?cache=0.09795975979483518&image=px HTTP/1.1" 200 807
124.77.245.186 - - [04/Jan/2022:09:33:16 +0800] "GET /xingrg/all/function/internal_message.html?_=1641259994609&CODE_STATE=getMsg HTTP/1.1" 200 27
116.228.172.94 - - [04/Jan/2022:09:33:18 +0800] "GET /xingrg/all/report/report_query.html?isQuery=1&fileName=kc/buy/wlcg_cate_hz.xml&queryString=(CONVERT(char(10)%252Ca.order_time%252C%2520120)%253E%253D'2021-12-01')%2520and%2520(CONVERT(char(10)%252Ca.order_time%252C%2520120)%253C%253D'2021-12-31')%2520and%2520(a.supplier_code%2520in%2520('00100476'))%2520and%2520(a.base_code%2520in%2520('0010656'%252C'0010657'%252C'0010658'%252C'0010659'%252C'0010660'%252C'0010661'%252C'0010662'%252C'0010663'%252C'0010664'%252C'0010665'%252C'0010669'%252C'0010821'%252C'0010822'))%2520and%2520(a.supplier_code%253D'00100476')&queryText=%25E3%2580%2590%25E9%2587%2587%25E8%25B4%25AD%25E6%2597%25A5%25E6%259C%259F%253A2021-12-01%2520%25E8%2587%25B3%25202021-12-31%25E3%2580%2591%2520%25E5%25B9%25B6%25E4%25B8%2594%2520%2520%25E3%2580%2590%25E4%25BE%259B%25E5%25BA%2594%25E5%2595%2586%2520%253D%2520%25E6%25B0%25B4%25E6%259E%259C%25EF%25BC%2588%25E7%25BB%25B4%25E4%25B9%259F%25E7%25BA%25B3%25EF%25BC%2589%25E3%2580%2591%2520%25E5%25B9%25B6%25E4%25B8%2594%2520%2520%25E3%2580%2590%25E6%259F%25A5%25E8%25AF%25A2%25E4%25BB%2593%25E5%25BA%2593%2520%253D%2520%25E7%2589%25A9%25E6%2596%2599%25E4%25BB%2593%25E5%25BA%2593%252C%2520%25E6%2597%25A9%25E9%25A4%2590%25E5%258E%2585%252C%2520%25E5%25B0%258F%25E5%2595%2586%25E5%2593%2581%252C%2520%25E5%25AE%25A2%25E6%2588%25BF%25E9%2583%25A8%252C%2520%25E5%2589%258D%25E5%258E%2585%25E9%2583%25A8%252C%2520%25E5%25B7%25A5%25E7%25A8%258B%25E9%2583%25A8%252C%2520%25E6%2580%25BB%25E5%258A%259E%252C%2520%25E9%2594%2580%25E5%2594%25AE%25E9%2583%25A8%252C%2520%25E5%25AE%2589%25E4%25BF%259D%25E9%2583%25A8%252C%2520%25E5%25B8%2583%25E8%258D%2589%25E5%25BA%2593%252C%2520%25E9%25A6%2599%25E7%2583%259F%25E5%25BA%2593%252C%2520%25E8%25A3%2585%25E4%25BF%25AE%25E5%25BA%2593%252C%2520%25E5%2591%2598%25E5%25B7%25A5%25E9%25A4%2590%25E3%2580%2591%2520%25E5%25B9%25B6%25E4%25B8%2594%2520%25E3%2580%2590%25E4%25BE%259B%25E5%25BA%2594%25E5%2595%2586%253D%25E6%25B0%25B4%25E6%259E%259C%25EF%25BC%2588%25E7%25BB%25B4%25E4%25B9%259F%25E7%25BA%25B3%25EF%25BC%2589%25E3%2580%2591 HTTP/1.1" 200 54866
116.228.172.94 - - [04/Jan/2022:09:33:18 +0800] "GET /xingrg/dwr/interface/AjaxReportQueryService.js HTTP/1.1" 200 13203
116.228.172.94 - - [04/Jan/2022:09:33:18 +0800] "GET /xingrg/dwr/engine.js HTTP/1.1" 200 43631
222.70.179.159 - - [04/Jan/2022:09:33:18 +0800] "GET /xingrg/kc/base/wldb_order_operate.html?command=get_materiel&rest_code=00111&base_code=0010842&code=00101004003 HTTP/1.1" 200 429
116.228.172.94 - - [04/Jan/2022:09:33:20 +0800] "POST /xingrg/all/report/load_report_page.html HTTP/1.1" 200 8712
116.228.172.94 - - [04/Jan/2022:09:33:20 +0800] "GET /xingrg/servlets/image?cache=0.6888153257546129&image=px HTTP/1.1" 200 807
116.228.172.94 - - [04/Jan/2022:09:33:20 +0800] "POST /xingrg/all/report/load_report_page.html HTTP/1.1" 200 26484
116.228.172.94 - - [04/Jan/2022:09:33:20 +0800] "GET /xingrg/servlets/image?cache=0.3244912268713964&image=px HTTP/1.1" 200 807
180.175.103.30 - - [04/Jan/2022:09:33:22 +0800] "GET /xingrg/all/function/internal_message.html?_=1641260001652&CODE_STATE=getMsg HTTP/1.1" 200 27
116.228.172.94 - - [04/Jan/2022:09:33:25 +0800] "POST /xingrg/all/report/report_print.html HTTP/1.1" 302 -
116.228.172.94 - - [04/Jan/2022:09:33:25 +0800] "GET /xingrg/servlets/html?sysBaseUrl=http%3A%2F%2F180.169.147.146%3A18081%2Fxingrg%2F&costTime=298×tamp=1641260005053 HTTP/1.1" 200 27202
116.228.172.94 - - [04/Jan/2022:09:33:25 +0800] "GET /xingrg/servlets/image?image=px HTTP/1.1" 200 807
116.228.172.94 - - [04/Jan/2022:09:33:25 +0800] "GET /favicon.ico HTTP/1.1" 404 -
222.70.179.159 - - [04/Jan/2022:09:33:26 +0800] "GET /xingrg/kc/base/wldb_order_operate.html?command=get_materiel&rest_code=00111&base_code=0010842&code=00101004065 HTTP/1.1" 200 434
120.253.135.82 - - [04/Jan/2022:09:33:27 +0800] "POST /xingrg/kc/pszx/mdps_list_operate.html HTTP/1.1" 200 1692
114.85.125.222 - - [04/Jan/2022:09:33:30 +0800] "GET /xingrg/all/function/internal_message.html?_=1641259948200&CODE_STATE=getMsg HTTP/1.1" 200 27
180.169.147.146 - - [04/Jan/2022:09:33:32 +0800] "GET /xingrg/all/function/internal_message.html?_=1641260011900&CODE_STATE=getMsg HTTP/1.1" 200 27
120.253.135.82 - - [04/Jan/2022:09:33:36 +0800] "POST /xingrg/kc/pszx/mdps_list_operate.html HTTP/1.1" 200 868
222.70.179.159 - - [04/Jan/2022:09:33:37 +0800] "GET /xingrg/all/function/internal_message.html?_=1641260015135&CODE_STATE=getMsg HTTP/1.1" 200 27
222.70.179.159 - - [04/Jan/2022:09:33:37 +0800] "GET /xingrg/check_reg.html?_=1641260015130 HTTP/1.1" 200 22
120.253.135.82 - - [04/Jan/2022:09:33:37 +0800] "GET /xingrg/kc/pszx/mdps_order_add.html HTTP/1.1" 200 28947
120.253.135.82 - - [04/Jan/2022:09:33:38 +0800] "POST /xingrg/kc/pszx/mdps_order_operate.html HTTP/1.1" 200 7126
120.253.135.82 - - [04/Jan/2022:09:33:38 +0800] "GET /xingrg/javascript/easyui/themes/default/validatebox.css HTTP/1.1" 404 1104
114.88.155.71 - - [04/Jan/2022:09:33:38 +0800] "GET /xingrg/all/function/internal_message.html?_=1641259822894&CODE_STATE=getMsg HTTP/1.1" 200 27
116.232.53.14 - - [04/Jan/2022:09:33:38 +0800] "GET /xingrg/all/function/internal_message.html?_=1641260018417&CODE_STATE=getMsg HTTP/1.1" 200 27
222.70.179.159 - - [04/Jan/2022:09:33:43 +0800] "GET /xingrg/kc/base/wldb_order_operate.html?command=get_materiel&rest_code=00111&base_code=0010842&code=00101004103 HTTP/1.1" 200 420
116.228.172.94 - - [04/Jan/2022:09:33:45 +0800] "GET /xingrg/all/function/internal_message.html?_=1641259992995&CODE_STATE=getMsg HTTP/1.1" 200 27
180.175.103.30 - - [04/Jan/2022:09:33:45 +0800] "GET /xingrg/all/function/internal_message.html?_=1641259962333&CODE_STATE=getMsg HTTP/1.1" 302 -
120.253.135.82 - - [04/Jan/2022:09:33:45 +0800] "POST /xingrg/all/common/load_combo.html?type=base HTTP/1.1" 200 1075
124.77.245.186 - - [04/Jan/2022:09:33:45 +0800] "GET /xingrg/check_reg.html?_=1641260024273 HTTP/1.1" 200 22
114.85.125.222 - - [04/Jan/2022:09:33:53 +0800] "GET /xingrg/login.html HTTP/1.1" 200 7641
114.85.125.222 - - [04/Jan/2022:09:33:53 +0800] "GET /xingrg/images/blue/jxLogo.png HTTP/1.1" 304 -
114.85.125.222 - - [04/Jan/2022:09:33:53 +0800] "GET /xingrg/images/blue/login_bg.png HTTP/1.1" 304 -
114.85.125.222 - - [04/Jan/2022:09:33:53 +0800] "GET /xingrg/images/blue/hj.png HTTP/1.1" 304 -
120.253.135.82 - - [04/Jan/2022:09:33:53 +0800] "GET /xingrg/all/function/internal_message.html?_=1641259818583&CODE_STATE=getMsg HTTP/1.1" 200 27
114.85.125.222 - - [04/Jan/2022:09:33:53 +0800] "GET /xingrg/images/blue/srbg.png HTTP/1.1" 304 -
114.85.125.222 - - [04/Jan/2022:09:33:54 +0800] "GET /favicon.ico HTTP/1.1" 404 -
120.253.135.82 - - [04/Jan/2022:09:33:54 +0800] "GET /xingrg/kc/pszx/mdps_order_operate.html?command=get_materiel&pszx_code=00101&rest_code=00104&base_code=0010246&code=00101034130 HTTP/1.1" 200 414
116.227.210.113 - - [04/Jan/2022:09:33:56 +0800] "POST /xingrg/services/DataTransmitService HTTP/1.1" 200 524
222.70.179.159 - - [04/Jan/2022:09:33:56 +0800] "POST /xingrg/kc/base/wldb_order_operate.html HTTP/1.1" 200 1710
180.169.147.146 - - [04/Jan/2022:09:33:56 +0800] "GET /xingrg/all/function/internal_message.html?_=1641260036220&CODE_STATE=getMsg HTTP/1.1" 200 27
114.85.125.222 - - [04/Jan/2022:09:33:58 +0800] "POST /xingrg/login.do HTTP/1.1" 302 -
114.85.125.222 - - [04/Jan/2022:09:33:58 +0800] "GET /xingrg/index.html?sysBaseUrl=http%3A%2F%2F180.169.147.146%3A18081%2Fxingrg%2F&costTime=62×tamp=1641260038729 HTTP/1.1" 200 17179
114.85.125.222 - - [04/Jan/2022:09:33:58 +0800] "GET /xingrg/css/form.css HTTP/1.1" 304 -
114.85.125.222 - - [04/Jan/2022:09:33:58 +0800] "GET /xingrg/javascript/jquery_easy_ui/themes/default/easyui.css HTTP/1.1" 304 -
114.85.125.222 - - [04/Jan/2022:09:33:58 +0800] "GET /xingrg/javascript/jquery_easy_ui/easyui-lang-zh_CN.js HTTP/1.1" 304 -
114.85.125.222 - - [04/Jan/2022:09:33:58 +0800] "GET /xingrg/javascript/jquery_easy_ui/jquery.easyui.min.js HTTP/1.1" 304 -
114.85.125.222 - - [04/Jan/2022:09:33:58 +0800] "GET /xingrg/javascript/jquery_easy_ui/themes/icon.css HTTP/1.1" 304 -
114.85.125.222 - - [04/Jan/2022:09:33:58 +0800] "GET /xingrg/javascript/jquery.form.js HTTP/1.1" 304 -
114.85.125.222 - - [04/Jan/2022:09:33:58 +0800] "GET /xingrg/javascript/jquery-1.4.2.min.js HTTP/1.1" 304 -
114.85.125.222 - - [04/Jan/2022:09:33:58 +0800] "GET /xingrg/javascript/jquery.utils.js HTTP/1.1" 304 -
114.85.125.222 - - [04/Jan/2022:09:33:58 +0800] "GET /xingrg/javascript/jquery.timers.js HTTP/1.1" 304 -
114.85.125.222 - - [04/Jan/2022:09:33:58 +0800] "GET /xingrg/images/blue/navBackgound.jpg HTTP/1.1" 304 -
114.85.125.222 - - [04/Jan/2022:09:33:58 +0800] "GET /xingrg/javascript/jquery_easy_ui/themes/icons/settle_new.png HTTP/1.1" 304 -
114.85.125.222 - - [04/Jan/2022:09:33:58 +0800] "POST /xingrg/all/common/load_tree.html?tree=area_rest_tree_json&manage=1 HTTP/1.1" 200 476
114.85.125.222 - - [04/Jan/2022:09:33:58 +0800] "GET /xingrg/images/blue/pingpu.png HTTP/1.1" 304 -
114.85.125.222 - - [04/Jan/2022:09:33:58 +0800] "GET /xingrg/javascript/jquery_easy_ui/themes/default/images/tabs_leftarrow.png HTTP/1.1" 304 -
114.85.125.222 - - [04/Jan/2022:09:33:59 +0800] "GET /xingrg/javascript/jquery_easy_ui/themes/default/images/tabs_rightarrow.png HTTP/1.1" 304 -
114.85.125.222 - - [04/Jan/2022:09:33:59 +0800] "GET /xingrg/javascript/jquery_easy_ui/themes/default/images/panel_tool_collapse.gif HTTP/1.1" 304 -
114.85.125.222 - - [04/Jan/2022:09:33:59 +0800] "GET /xingrg/check_reg.html?_=1641259976541 HTTP/1.1" 200 22
114.85.125.222 - - [04/Jan/2022:09:33:59 +0800] "GET /xingrg/all/function/internal_message.html?_=1641259976540&CODE_STATE=count HTTP/1.1" 200 11
114.85.125.222 - - [04/Jan/2022:09:33:59 +0800] "GET /xingrg/javascript/jquery_easy_ui/themes/default/images/tree_arrows.gif HTTP/1.1" 304 -
114.85.125.222 - - [04/Jan/2022:09:33:59 +0800] "GET /favicon.ico HTTP/1.1" 404 -
114.85.125.222 - - [04/Jan/2022:09:33:59 +0800] "POST /xingrg/load_menu.html HTTP/1.1" 200 5138
114.85.125.222 - - [04/Jan/2022:09:33:59 +0800] "GET /xingrg/javascript/jquery_easy_ui/themes/default/images/tree_folder_open.gif HTTP/1.1" 304 -
114.85.125.222 - - [04/Jan/2022:09:33:59 +0800] "GET /xingrg/javascript/jquery_easy_ui/themes/icons/search_new.png HTTP/1.1" 304 -
114.85.125.222 - - [04/Jan/2022:09:33:59 +0800] "GET /xingrg/javascript/jquery_easy_ui/themes/default/images/tree_folder.gif HTTP/1.1" 304 -
114.85.125.222 - - [04/Jan/2022:09:33:59 +0800] "GET /xingrg/javascript/jquery_easy_ui/themes/icons/forms_new.png HTTP/1.1" 304 -
114.85.125.222 - - [04/Jan/2022:09:33:59 +0800] "GET /xingrg/javascript/jquery_easy_ui/themes/icons/storage_new.png HTTP/1.1" 304 -
114.85.125.222 - - [04/Jan/2022:09:33:59 +0800] "GET /xingrg/javascript/jquery_easy_ui/themes/default/images/tree_file.gif HTTP/1.1" 304 -
222.70.179.159 - - [04/Jan/2022:09:34:01 +0800] "GET /xingrg/kc/base/wldb_order_operate.html?command=get_materiel&rest_code=00111&base_code=0010842&code=00101005017 HTTP/1.1" 200 430
114.85.125.222 - - [04/Jan/2022:09:34:02 +0800] "GET /xingrg/javascript/jquery_easy_ui/themes/default/images/tabs_close.gif HTTP/1.1" 304 -
114.85.125.222 - - [04/Jan/2022:09:34:02 +0800] "GET /xingrg/css/base.css HTTP/1.1" 304 -
114.85.125.222 - - [04/Jan/2022:09:34:02 +0800] "GET /xingrg/css/site.css HTTP/1.1" 304 -
114.85.125.222 - - [04/Jan/2022:09:34:02 +0800] "GET /xingrg/javascript/jquery_tools/fix.css HTTP/1.1" 304 -
114.85.125.222 - - [04/Jan/2022:09:34:02 +0800] "GET /xingrg/javascript/easyui/themes/icon.css HTTP/1.1" 304 -
114.85.125.222 - - [04/Jan/2022:09:34:02 +0800] "GET /xingrg/javascript/jquery_tools/datebox.css HTTP/1.1" 304 -
114.85.125.222 - - [04/Jan/2022:09:34:02 +0800] "GET /xingrg/kc/base/yddb_order_list.html HTTP/1.1" 200 16672
114.85.125.222 - - [04/Jan/2022:09:34:02 +0800] "GET /xingrg/javascript/auto/jquery.autocomplete.css HTTP/1.1" 304 -
114.85.125.222 - - [04/Jan/2022:09:34:02 +0800] "GET /xingrg/javascript/easyui/themes/default/easyui.css HTTP/1.1" 304 -
114.85.125.222 - - [04/Jan/2022:09:34:02 +0800] "GET /xingrg/javascript/jquery_tools/jquery.tools.min.js HTTP/1.1" 304 -
114.85.125.222 - - [04/Jan/2022:09:34:02 +0800] "GET /xingrg/javascript/jquery_tools/table.css HTTP/1.1" 304 -
114.85.125.222 - - [04/Jan/2022:09:34:02 +0800] "GET /xingrg/javascript/jquery_tools/jquery.tools.extend.js HTTP/1.1" 304 -
114.85.125.222 - - [04/Jan/2022:09:34:02 +0800] "GET /xingrg/javascript/jquery_tools/list_manager.js HTTP/1.1" 304 -
114.85.125.222 - - [04/Jan/2022:09:34:02 +0800] "GET /xingrg/javascript/jquery.cookie.js HTTP/1.1" 304 -
114.85.125.222 - - [04/Jan/2022:09:34:02 +0800] "GET /xingrg/javascript/auto/jquery.autocomplete.js HTTP/1.1" 304 -
114.85.125.222 - - [04/Jan/2022:09:34:02 +0800] "GET /xingrg/javascript/jquery_tools/jquery.tools.hotkey.js HTTP/1.1" 304 -
114.85.125.222 - - [04/Jan/2022:09:34:02 +0800] "GET /xingrg/javascript/jquery_tools/jquery.tools.table.js HTTP/1.1" 304 -
114.85.125.222 - - [04/Jan/2022:09:34:02 +0800] "GET /xingrg/javascript/easyui/easyloader.js HTTP/1.1" 304 -
114.85.125.222 - - [04/Jan/2022:09:34:02 +0800] "GET /xingrg/javascript/print/LodopFuncs.js HTTP/1.1" 304 -
114.85.125.222 - - [04/Jan/2022:09:34:02 +0800] "GET /xingrg/javascript/easyui/themes/icons/field_new.png HTTP/1.1" 304 -
114.85.125.222 - - [04/Jan/2022:09:34:02 +0800] "GET /xingrg/javascript/easyui/themes/icons/edit_add_new.png HTTP/1.1" 304 -
114.85.125.222 - - [04/Jan/2022:09:34:02 +0800] "GET /xingrg/javascript/easyui/themes/icons/import_new.png HTTP/1.1" 304 -
114.85.125.222 - - [04/Jan/2022:09:34:02 +0800] "GET /xingrg/javascript/easyui/plugins/jquery.parser.js HTTP/1.1" 304 -
114.85.125.222 - - [04/Jan/2022:09:34:02 +0800] "GET /xingrg/images/control/ajaxLoader.gif HTTP/1.1" 304 -
114.85.125.222 - - [04/Jan/2022:09:34:02 +0800] "POST /xingrg/kc/base/yddb_list_operate.html HTTP/1.1" 200 636
116.227.210.113 - - [04/Jan/2022:09:34:03 +0800] "GET /xingrg/all/function/internal_message.html?_=1641260028854&CODE_STATE=getMsg HTTP/1.1" 200 27
114.85.125.222 - - [04/Jan/2022:09:34:05 +0800] "POST /xingrg/kc/base/yddb_list_operate.html HTTP/1.1" 200 636
120.253.135.82 - - [04/Jan/2022:09:34:06 +0800] "GET /xingrg/kc/pszx/mdps_order_operate.html?command=get_materiel&pszx_code=00101&rest_code=00104&base_code=0010246&code=00101034133 HTTP/1.1" 200 428
114.83.217.139 - - [04/Jan/2022:09:34:10 +0800] "GET /xingrg/all/function/internal_message.html?_=1641260049661&CODE_STATE=getMsg HTTP/1.1" 200 27
114.85.125.222 - - [04/Jan/2022:09:34:12 +0800] "POST /xingrg/kc/base/yddb_list_operate.html HTTP/1.1" 200 1613
61.165.255.114 - - [04/Jan/2022:09:34:13 +0800] "GET /xingrg/all/function/internal_message.html?_=1641260052723&CODE_STATE=getMsg HTTP/1.1" 200 27
180.169.147.146 - - [04/Jan/2022:09:34:14 +0800] "GET /xingrg/all/function/internal_message.html?_=1641260055803&CODE_STATE=getMsg HTTP/1.1" 200 27
120.253.135.82 - - [04/Jan/2022:09:34:14 +0800] "GET /xingrg/kc/pszx/mdps_order_operate.html?command=get_materiel&pszx_code=00101&rest_code=00104&base_code=0010246&code=00101034135 HTTP/1.1" 200 428
180.169.147.146 - - [04/Jan/2022:09:34:14 +0800] "GET /xingrg/check_reg.html?_=1641260056087 HTTP/1.1" 200 22
114.85.125.222 - - [04/Jan/2022:09:34:15 +0800] "POST /xingrg/kc/base/yddb_list_operate.html HTTP/1.1" 200 635
124.77.245.186 - - [04/Jan/2022:09:34:16 +0800] "GET /xingrg/all/function/internal_message.html?_=1641260054615&CODE_STATE=getMsg HTTP/1.1" 200 27
114.85.125.222 - - [04/Jan/2022:09:34:16 +0800] "GET /xingrg/css/blue.css HTTP/1.1" 304 -
114.85.125.222 - - [04/Jan/2022:09:34:16 +0800] "GET /xingrg/javascript/pic_change.js HTTP/1.1" 304 -
114.85.125.222 - - [04/Jan/2022:09:34:16 +0800] "GET /xingrg/dwr/util.js HTTP/1.1" 304 -
114.85.125.222 - - [04/Jan/2022:09:34:16 +0800] "GET /xingrg/javascript/Calendar.js HTTP/1.1" 304 -
114.85.125.222 - - [04/Jan/2022:09:34:16 +0800] "GET /xingrg/javascript/myfunction.js HTTP/1.1" 304 -
114.85.125.222 - - [04/Jan/2022:09:34:16 +0800] "GET /xingrg/javascript/AjaxInfoList.js HTTP/1.1" 304 -
114.85.125.222 - - [04/Jan/2022:09:34:16 +0800] "GET /xingrg/kc/base/yddb_order_info.html?code=482022010300011 HTTP/1.1" 200 29514
114.85.125.222 - - [04/Jan/2022:09:34:16 +0800] "GET /xingrg/javascript/ToolTips.js HTTP/1.1" 304 -
114.85.125.222 - - [04/Jan/2022:09:34:16 +0800] "GET /xingrg/javascript/checkform.js HTTP/1.1" 304 -
114.85.125.222 - - [04/Jan/2022:09:34:16 +0800] "GET /xingrg/javascript/Grid.js HTTP/1.1" 304 -
114.85.125.222 - - [04/Jan/2022:09:34:16 +0800] "GET /xingrg/dwr/interface/AjaxComOrderService.js HTTP/1.1" 200 18264
114.85.125.222 - - [04/Jan/2022:09:34:16 +0800] "GET /xingrg/dwr/interface/AjaxYddbService.js HTTP/1.1" 200 13201
114.85.125.222 - - [04/Jan/2022:09:34:16 +0800] "GET /xingrg/dwr/engine.js HTTP/1.1" 200 43631
114.85.125.222 - - [04/Jan/2022:09:34:16 +0800] "GET /xingrg/javascript/jquery_easy_ui/themes/icons/edit_add_new.png HTTP/1.1" 304 -
114.85.125.222 - - [04/Jan/2022:09:34:16 +0800] "GET /xingrg/javascript/jquery_easy_ui/themes/icons/print.png HTTP/1.1" 304 -
114.85.125.222 - - [04/Jan/2022:09:34:16 +0800] "GET /xingrg/javascript/jquery_easy_ui/themes/default/images/menu_downarrow.png HTTP/1.1" 304 -
114.85.125.222 - - [04/Jan/2022:09:34:16 +0800] "GET /xingrg/javascript/jquery_easy_ui/themes/icons/back_new.png HTTP/1.1" 304 -
114.85.125.222 - - [04/Jan/2022:09:34:16 +0800] "GET /xingrg/images/blue/kc_tab_left.gif HTTP/1.1" 304 -
114.85.125.222 - - [04/Jan/2022:09:34:16 +0800] "GET /xingrg/images/blue/kc_tab_right.gif HTTP/1.1" 304 -
114.85.125.222 - - [04/Jan/2022:09:34:16 +0800] "GET /xingrg/images/blue/kc_tab_mid.gif HTTP/1.1" 304 -
114.85.125.222 - - [04/Jan/2022:09:34:16 +0800] "GET /xingrg/images/blue/wait.gif HTTP/1.1" 304 -
114.85.125.222 - - [04/Jan/2022:09:34:17 +0800] "POST /xingrg/dwr/call/plaincall/AjaxYddbService.loadMaterielItems.dwr HTTP/1.1" 200 3415
180.175.103.30 - - [04/Jan/2022:09:34:22 +0800] "GET /xingrg/all/function/internal_message.html?_=1641260061655&CODE_STATE=getMsg HTTP/1.1" 200 27
120.253.135.82 - - [04/Jan/2022:09:34:25 +0800] "GET /xingrg/kc/pszx/mdps_order_operate.html?command=get_materiel&pszx_code=00101&rest_code=00104&base_code=0010246&code=00101034131 HTTP/1.1" 200 428
114.85.125.222 - - [04/Jan/2022:09:34:25 +0800] "GET /xingrg/javascript/jquery_easy_ui/themes/default/images/button_plain_hover.png HTTP/1.1" 304 -
114.85.125.222 - - [04/Jan/2022:09:34:31 +0800] "GET /xingrg/javascript/jquery_easy_ui/themes/icons/rest.png HTTP/1.1" 304 -
114.85.125.222 - - [04/Jan/2022:09:34:31 +0800] "GET /xingrg/javascript/jquery_easy_ui/themes/icons/area.png HTTP/1.1" 304 -
180.169.147.146 - - [04/Jan/2022:09:34:32 +0800] "GET /xingrg/all/function/internal_message.html?_=1641260071917&CODE_STATE=getMsg HTTP/1.1" 200 27
120.253.135.82 - - [04/Jan/2022:09:34:32 +0800] "GET /xingrg/kc/pszx/mdps_order_operate.html?command=get_materiel&pszx_code=00101&rest_code=00104&base_code=0010246&code=00101034132 HTTP/1.1" 200 428
114.85.125.222 - - [04/Jan/2022:09:34:32 +0800] "GET /xingrg/javascript/jquery_easy_ui/themes/default/images/tabs_active.png HTTP/1.1" 304 -
222.70.179.159 - - [04/Jan/2022:09:34:37 +0800] "GET /xingrg/all/function/internal_message.html?_=1641260075127&CODE_STATE=getMsg HTTP/1.1" 200 27
114.88.155.71 - - [04/Jan/2022:09:34:38 +0800] "GET /xingrg/all/function/internal_message.html?_=1641259882893&CODE_STATE=getMsg HTTP/1.1" 200 27
114.85.125.222 - - [04/Jan/2022:09:34:38 +0800] "GET /xingrg/login.html HTTP/1.1" 200 7641
116.232.53.14 - - [04/Jan/2022:09:34:38 +0800] "GET /xingrg/check_reg.html?_=1641260078417 HTTP/1.1" 200 22
116.232.53.14 - - [04/Jan/2022:09:34:38 +0800] "GET /xingrg/all/function/internal_message.html?_=1641260078420&CODE_STATE=getMsg HTTP/1.1" 200 27
114.85.125.222 - - [04/Jan/2022:09:34:39 +0800] "GET /xingrg/images/blue/jxLogo.png HTTP/1.1" 304 -
114.85.125.222 - - [04/Jan/2022:09:34:39 +0800] "GET /xingrg/images/blue/login_bg.png HTTP/1.1" 304 -
114.85.125.222 - - [04/Jan/2022:09:34:39 +0800] "GET /xingrg/images/blue/hj.png HTTP/1.1" 304 -
114.85.125.222 - - [04/Jan/2022:09:34:39 +0800] "GET /xingrg/images/blue/srbg.png HTTP/1.1" 304 -
114.85.125.222 - - [04/Jan/2022:09:34:39 +0800] "GET /favicon.ico HTTP/1.1" 404 -
120.253.135.82 - - [04/Jan/2022:09:34:41 +0800] "GET /xingrg/kc/pszx/mdps_order_operate.html?command=get_materiel&pszx_code=00101&rest_code=00104&base_code=0010246&code=00101034134 HTTP/1.1" 200 428
114.85.125.222 - - [04/Jan/2022:09:34:43 +0800] "POST /xingrg/login.do HTTP/1.1" 302 -
114.85.125.222 - - [04/Jan/2022:09:34:43 +0800] "GET /xingrg/javascript/jquery_easy_ui/themes/default/easyui.css HTTP/1.1" 304 -
114.85.125.222 - - [04/Jan/2022:09:34:43 +0800] "GET /xingrg/javascript/jquery_easy_ui/themes/icon.css HTTP/1.1" 304 -
114.85.125.222 - - [04/Jan/2022:09:34:43 +0800] "GET /xingrg/index.html?sysBaseUrl=http%3A%2F%2F180.169.147.146%3A18081%2Fxingrg%2F&costTime=62×tamp=1641260083208 HTTP/1.1" 200 17503
114.85.125.222 - - [04/Jan/2022:09:34:43 +0800] "GET /xingrg/css/form.css HTTP/1.1" 304 -
114.85.125.222 - - [04/Jan/2022:09:34:43 +0800] "GET /xingrg/javascript/jquery-1.4.2.min.js HTTP/1.1" 304 -
114.85.125.222 - - [04/Jan/2022:09:34:43 +0800] "GET /xingrg/javascript/jquery_easy_ui/jquery.easyui.min.js HTTP/1.1" 304 -
114.85.125.222 - - [04/Jan/2022:09:34:43 +0800] "GET /xingrg/javascript/jquery.utils.js HTTP/1.1" 304 -
114.85.125.222 - - [04/Jan/2022:09:34:43 +0800] "GET /xingrg/javascript/jquery_easy_ui/easyui-lang-zh_CN.js HTTP/1.1" 304 -
114.85.125.222 - - [04/Jan/2022:09:34:43 +0800] "GET /xingrg/javascript/jquery.form.js HTTP/1.1" 304 -
114.85.125.222 - - [04/Jan/2022:09:34:43 +0800] "GET /xingrg/javascript/jquery.timers.js HTTP/1.1" 304 -
114.85.125.222 - - [04/Jan/2022:09:34:43 +0800] "GET /xingrg/images/blue/navBackgound.jpg HTTP/1.1" 304 -
114.85.125.222 - - [04/Jan/2022:09:34:43 +0800] "GET /xingrg/javascript/jquery_easy_ui/themes/icons/settle_new.png HTTP/1.1" 304 -
114.85.125.222 - - [04/Jan/2022:09:34:43 +0800] "GET /favicon.ico HTTP/1.1" 404 -
114.85.125.222 - - [04/Jan/2022:09:34:43 +0800] "POST /xingrg/all/common/load_tree.html?tree=area_rest_tree_json&manage=1 HTTP/1.1" 200 3472
114.85.125.222 - - [04/Jan/2022:09:34:43 +0800] "GET /xingrg/images/blue/pingpu.png HTTP/1.1" 304 -
114.85.125.222 - - [04/Jan/2022:09:34:43 +0800] "GET /xingrg/javascript/jquery_easy_ui/themes/default/images/tabs_leftarrow.png HTTP/1.1" 304 -
114.85.125.222 - - [04/Jan/2022:09:34:43 +0800] "GET /xingrg/javascript/jquery_easy_ui/themes/default/images/tabs_rightarrow.png HTTP/1.1" 304 -
114.85.125.222 - - [04/Jan/2022:09:34:43 +0800] "GET /xingrg/javascript/jquery_easy_ui/themes/default/images/panel_tool_collapse.gif HTTP/1.1" 304 -
114.85.125.222 - - [04/Jan/2022:09:34:43 +0800] "GET /xingrg/javascript/jquery_easy_ui/themes/default/images/panel_tool_expand.gif HTTP/1.1" 304 -
114.85.125.222 - - [04/Jan/2022:09:34:43 +0800] "GET /xingrg/check_reg.html?_=1641260020986 HTTP/1.1" 200 22
114.85.125.222 - - [04/Jan/2022:09:34:43 +0800] "GET /xingrg/all/function/internal_message.html?_=1641260020985&CODE_STATE=count HTTP/1.1" 200 11
114.85.125.222 - - [04/Jan/2022:09:34:43 +0800] "GET /xingrg/javascript/jquery_easy_ui/themes/default/images/tree_arrows.gif HTTP/1.1" 304 -
114.85.125.222 - - [04/Jan/2022:09:34:43 +0800] "POST /xingrg/load_menu.html HTTP/1.1" 200 11443
114.85.125.222 - - [04/Jan/2022:09:34:44 +0800] "GET /xingrg/javascript/jquery_easy_ui/themes/default/images/tree_folder_open.gif HTTP/1.1" 304 -
