114.85.125.222 - - [04/Jan/2022:08:56:27 +0800] "GET /xingrg/all/function/internal_message.html?_=1641257725320&CODE_STATE=count HTTP/1.1" 200 11
114.85.125.222 - - [04/Jan/2022:08:56:27 +0800] "GET /xingrg/check_reg.html?_=1641257725321 HTTP/1.1" 200 22
114.85.125.222 - - [04/Jan/2022:08:56:27 +0800] "POST /xingrg/all/common/load_tree.html?tree=area_rest_tree_json&manage=1 HTTP/1.1" 200 476
114.85.125.222 - - [04/Jan/2022:08:56:27 +0800] "POST /xingrg/load_menu.html HTTP/1.1" 200 5138
114.85.125.222 - - [04/Jan/2022:08:56:30 +0800] "GET /xingrg/kc/base/check_order_list.html HTTP/1.1" 200 16183
114.85.125.222 - - [04/Jan/2022:08:56:31 +0800] "POST /xingrg/kc/base/check_list_operate.html HTTP/1.1" 200 1953
61.165.255.114 - - [04/Jan/2022:08:56:32 +0800] "GET /xingrg/kc/buy/cgsh_order_operate.html?command=get_materiel&rest_code=00150&code=00101006109&supplier_code=00100096&order_time=2022-01-04 HTTP/1.1" 200 411
61.165.255.114 - - [04/Jan/2022:08:56:33 +0800] "GET /xingrg/all/function/internal_message.html?_=1641257792196&CODE_STATE=getMsg HTTP/1.1" 200 27
114.85.125.222 - - [04/Jan/2022:08:56:34 +0800] "GET /xingrg/css/blue.css HTTP/1.1" 304 -
114.85.125.222 - - [04/Jan/2022:08:56:34 +0800] "GET /xingrg/css/table.css HTTP/1.1" 304 -
114.85.125.222 - - [04/Jan/2022:08:56:34 +0800] "GET /xingrg/kc/base/check_order_info.html?code=452021123100189 HTTP/1.1" 200 26169
114.85.125.222 - - [04/Jan/2022:08:56:34 +0800] "GET /xingrg/dwr/interface/AjaxCheckService.js HTTP/1.1" 200 14003
114.85.125.222 - - [04/Jan/2022:08:56:34 +0800] "GET /xingrg/javascript/Calendar.js HTTP/1.1" 304 -
114.85.125.222 - - [04/Jan/2022:08:56:34 +0800] "GET /xingrg/javascript/myfunction.js HTTP/1.1" 304 -
114.85.125.222 - - [04/Jan/2022:08:56:34 +0800] "GET /xingrg/javascript/AjaxInfoList.js HTTP/1.1" 304 -
114.85.125.222 - - [04/Jan/2022:08:56:34 +0800] "GET /xingrg/dwr/util.js HTTP/1.1" 200 35990
114.85.125.222 - - [04/Jan/2022:08:56:34 +0800] "GET /xingrg/dwr/interface/AjaxComOrderService.js HTTP/1.1" 200 18264
114.85.125.222 - - [04/Jan/2022:08:56:34 +0800] "GET /xingrg/dwr/engine.js HTTP/1.1" 200 43631
114.85.125.222 - - [04/Jan/2022:08:56:34 +0800] "GET /xingrg/javascript/jquery_easy_ui/themes/icons/check_new.png HTTP/1.1" 304 -
114.85.125.222 - - [04/Jan/2022:08:56:34 +0800] "GET /xingrg/javascript/jquery_easy_ui/themes/icons/cance_new.png HTTP/1.1" 304 -
114.85.125.222 - - [04/Jan/2022:08:56:34 +0800] "GET /xingrg/javascript/jquery_easy_ui/themes/icons/print.png HTTP/1.1" 304 -
114.85.125.222 - - [04/Jan/2022:08:56:34 +0800] "GET /xingrg/javascript/jquery_easy_ui/themes/default/images/menu_downarrow.png HTTP/1.1" 304 -
114.85.125.222 - - [04/Jan/2022:08:56:34 +0800] "GET /xingrg/javascript/jquery_easy_ui/themes/icons/back_new.png HTTP/1.1" 304 -
114.85.125.222 - - [04/Jan/2022:08:56:35 +0800] "POST /xingrg/dwr/call/plaincall/AjaxCheckService.loadOrderItems.dwr HTTP/1.1" 200 42305
114.85.125.222 - - [04/Jan/2022:08:56:35 +0800] "GET /xingrg/javascript/jquery_easy_ui/themes/icons/no.png HTTP/1.1" 304 -
120.253.135.82 - - [04/Jan/2022:08:56:36 +0800] "POST /xingrg/kc/pszx/mdps_order_operate.html HTTP/1.1" 200 37
120.253.135.82 - - [04/Jan/2022:08:56:38 +0800] "GET /xingrg/kc/pszx/mdps_order_info.html?code=312022010300096 HTTP/1.1" 200 23925
120.253.135.82 - - [04/Jan/2022:08:56:39 +0800] "GET /xingrg/javascript/easyui/themes/default/validatebox.css HTTP/1.1" 404 1104
120.253.135.82 - - [04/Jan/2022:08:56:39 +0800] "POST /xingrg/kc/pszx/mdps_order_operate.html HTTP/1.1" 200 44082
120.253.135.82 - - [04/Jan/2022:08:56:41 +0800] "POST /xingrg/kc/pszx/mdps_list_operate.html HTTP/1.1" 200 4589
222.70.179.159 - - [04/Jan/2022:08:56:41 +0800] "GET /xingrg/all/function/internal_message.html?_=1641257799759&CODE_STATE=getMsg HTTP/1.1" 200 27
116.227.210.113 - - [04/Jan/2022:08:56:43 +0800] "GET /xingrg/all/function/internal_message.html?_=1641257788239&CODE_STATE=getMsg HTTP/1.1" 200 27
61.165.255.114 - - [04/Jan/2022:08:56:44 +0800] "GET /xingrg/kc/buy/cgsh_order_operate.html?command=get_materiel&rest_code=00150&code=00101006111&supplier_code=00100096&order_time=2022-01-04 HTTP/1.1" 200 409
180.175.103.30 - - [04/Jan/2022:08:56:46 +0800] "GET /xingrg/kc/buy/cgsh_order_operate.html?command=get_materiel&rest_code=00105&code=00101008318&supplier_code=00100203&order_time=2022-01-04 HTTP/1.1" 200 408
120.253.135.82 - - [04/Jan/2022:08:56:52 +0800] "GET /xingrg/all/function/internal_message.html?_=1641257596926&CODE_STATE=getMsg HTTP/1.1" 200 27
120.253.135.82 - - [04/Jan/2022:08:56:54 +0800] "POST /xingrg/kc/pszx/mdps_list_operate.html HTTP/1.1" 200 5036
180.175.103.30 - - [04/Jan/2022:08:56:54 +0800] "GET /xingrg/kc/buy/cgsh_order_operate.html?command=get_materiel&rest_code=00105&code=00101008275&supplier_code=00100203&order_time=2022-01-04 HTTP/1.1" 200 417
61.165.255.114 - - [04/Jan/2022:08:56:55 +0800] "GET /xingrg/kc/buy/cgsh_order_operate.html?command=get_materiel&rest_code=00150&code=00101006124&supplier_code=00100096&order_time=2022-01-04 HTTP/1.1" 200 409
120.253.135.82 - - [04/Jan/2022:08:56:56 +0800] "POST /xingrg/kc/pszx/mdps_list_operate.html HTTP/1.1" 200 673
120.253.135.82 - - [04/Jan/2022:08:56:58 +0800] "GET /xingrg/kc/pszx/mdps_order_info.html?code=312022010300103 HTTP/1.1" 200 23931
120.253.135.82 - - [04/Jan/2022:08:56:59 +0800] "GET /xingrg/javascript/easyui/themes/default/validatebox.css HTTP/1.1" 404 1104
114.83.217.139 - - [04/Jan/2022:08:57:00 +0800] "GET /xingrg/kc/buy/cgsh_order_list.html HTTP/1.1" 200 49594
120.253.135.82 - - [04/Jan/2022:08:57:00 +0800] "POST /xingrg/kc/pszx/mdps_order_operate.html HTTP/1.1" 200 27566
114.83.217.139 - - [04/Jan/2022:08:57:03 +0800] "POST /xingrg/kc/buy/cgsh_list_operate.html HTTP/1.1" 200 876
114.83.217.139 - - [04/Jan/2022:08:57:06 +0800] "GET /xingrg/kc/buy/cgsh_order_add.html HTTP/1.1" 200 65451
114.83.217.139 - - [04/Jan/2022:08:57:06 +0800] "GET /xingrg/words/20220103190702_words.js HTTP/1.1" 304 -
114.83.217.139 - - [04/Jan/2022:08:57:06 +0800] "POST /xingrg/kc/buy/cgsh_order_operate.html HTTP/1.1" 200 8245
114.83.217.139 - - [04/Jan/2022:08:57:06 +0800] "GET /xingrg/javascript/easyui/themes/default/validatebox.css HTTP/1.1" 404 1104
114.83.217.139 - - [04/Jan/2022:08:57:06 +0800] "GET /xingrg/all/common/auto_word.html?type=employee&rest_code=00149 HTTP/1.1" 200 197
114.83.217.139 - - [04/Jan/2022:08:57:06 +0800] "GET /xingrg/all/common/auto_word.html?type=employee&rest_code=00149 HTTP/1.1" 200 197
114.83.217.139 - - [04/Jan/2022:08:57:09 +0800] "GET /xingrg/javascript/auto/indicator.gif HTTP/1.1" 404 1066
61.165.255.114 - - [04/Jan/2022:08:57:10 +0800] "GET /xingrg/kc/buy/cgsh_order_operate.html?command=get_materiel&rest_code=00150&code=00101006307&supplier_code=00100096&order_time=2022-01-04 HTTP/1.1" 200 395
114.83.217.139 - - [04/Jan/2022:08:57:10 +0800] "GET /xingrg/all/function/internal_message.html?_=1641257829651&CODE_STATE=getMsg HTTP/1.1" 200 27
114.83.217.139 - - [04/Jan/2022:08:57:11 +0800] "GET /xingrg/javascript/jquery_tools/images/prev.gif HTTP/1.1" 404 1086
114.83.217.139 - - [04/Jan/2022:08:57:11 +0800] "GET /xingrg/javascript/jquery_tools/images/next.gif HTTP/1.1" 404 1086
120.253.135.82 - - [04/Jan/2022:08:57:11 +0800] "POST /xingrg/kc/pszx/mdps_list_operate.html HTTP/1.1" 200 5036
120.253.135.82 - - [04/Jan/2022:08:57:13 +0800] "POST /xingrg/kc/pszx/mdps_list_operate.html HTTP/1.1" 200 602
222.70.179.159 - - [04/Jan/2022:08:57:14 +0800] "GET /xingrg/kc/buy/cgsh_order_operate.html?command=get_materiel&rest_code=00111&code=00101008098&supplier_code=00100005&order_time=2022-01-04 HTTP/1.1" 200 412
120.253.135.82 - - [04/Jan/2022:08:57:15 +0800] "GET /xingrg/kc/pszx/mdps_order_info.html?code=312022010300105 HTTP/1.1" 200 23931
120.253.135.82 - - [04/Jan/2022:08:57:15 +0800] "GET /xingrg/javascript/easyui/themes/default/validatebox.css HTTP/1.1" 404 1104
124.77.245.186 - - [04/Jan/2022:08:57:15 +0800] "GET /xingrg/all/function/internal_message.html?_=1641257834117&CODE_STATE=getMsg HTTP/1.1" 200 27
120.253.135.82 - - [04/Jan/2022:08:57:16 +0800] "POST /xingrg/kc/pszx/mdps_order_operate.html HTTP/1.1" 200 25588
114.83.217.139 - - [04/Jan/2022:08:57:20 +0800] "GET /xingrg/kc/buy/cgsh_order_operate.html?command=get_materiel&rest_code=00149&code=00101008323&supplier_code=00100005&order_time=2022-01-04 HTTP/1.1" 200 408
61.165.255.114 - - [04/Jan/2022:08:57:20 +0800] "GET /xingrg/kc/buy/cgsh_order_operate.html?command=get_materiel&rest_code=00150&code=00101007067&supplier_code=00100096&order_time=2022-01-04 HTTP/1.1" 200 409
180.175.103.30 - - [04/Jan/2022:08:57:22 +0800] "GET /xingrg/all/function/internal_message.html?_=1641257841642&CODE_STATE=getMsg HTTP/1.1" 200 27
180.175.103.30 - - [04/Jan/2022:08:57:23 +0800] "GET /xingrg/kc/buy/cgsh_order_operate.html?command=get_materiel&rest_code=00105&code=00101008312&supplier_code=00100203&order_time=2022-01-04 HTTP/1.1" 200 412
114.85.125.222 - - [04/Jan/2022:08:57:27 +0800] "GET /xingrg/all/function/internal_message.html?_=1641257785325&CODE_STATE=getMsg HTTP/1.1" 200 27
114.85.125.222 - - [04/Jan/2022:08:57:30 +0800] "GET /xingrg/kc/base/check_order_info.html?code=452021123100185 HTTP/1.1" 200 26158
114.85.125.222 - - [04/Jan/2022:08:57:30 +0800] "GET /xingrg/dwr/interface/AjaxCheckService.js HTTP/1.1" 200 14003
114.85.125.222 - - [04/Jan/2022:08:57:30 +0800] "GET /xingrg/dwr/interface/AjaxComOrderService.js HTTP/1.1" 200 18264
114.85.125.222 - - [04/Jan/2022:08:57:30 +0800] "GET /xingrg/dwr/engine.js HTTP/1.1" 200 43631
180.175.103.30 - - [04/Jan/2022:08:57:31 +0800] "GET /xingrg/kc/buy/cgsh_order_operate.html?command=get_materiel&rest_code=00105&code=00101008230&supplier_code=00100203&order_time=2022-01-04 HTTP/1.1" 200 408
114.85.125.222 - - [04/Jan/2022:08:57:31 +0800] "POST /xingrg/dwr/call/plaincall/AjaxCheckService.loadOrderItems.dwr HTTP/1.1" 200 9177
61.165.255.114 - - [04/Jan/2022:08:57:33 +0800] "GET /xingrg/check_reg.html?_=1641257852245 HTTP/1.1" 200 22
61.165.255.114 - - [04/Jan/2022:08:57:33 +0800] "GET /xingrg/all/function/internal_message.html?_=1641257852246&CODE_STATE=getMsg HTTP/1.1" 200 27
114.83.217.139 - - [04/Jan/2022:08:57:39 +0800] "GET /xingrg/kc/buy/cgsh_order_operate.html?command=get_materiel&rest_code=00149&code=00101008091&supplier_code=00100005&order_time=2022-01-04 HTTP/1.1" 200 413
222.70.179.159 - - [04/Jan/2022:08:57:41 +0800] "GET /xingrg/check_reg.html?_=1641257859758 HTTP/1.1" 200 22
222.70.179.159 - - [04/Jan/2022:08:57:41 +0800] "GET /xingrg/all/function/internal_message.html?_=1641257859760&CODE_STATE=getMsg HTTP/1.1" 200 27
116.227.210.113 - - [04/Jan/2022:08:57:43 +0800] "GET /xingrg/all/function/internal_message.html?_=1641257848256&CODE_STATE=getMsg HTTP/1.1" 200 27
61.165.255.114 - - [04/Jan/2022:08:57:43 +0800] "GET /xingrg/kc/buy/cgsh_order_operate.html?command=get_materiel&rest_code=00150&code=00101007061&supplier_code=00100096&order_time=2022-01-04 HTTP/1.1" 200 409
222.70.179.159 - - [04/Jan/2022:08:57:43 +0800] "GET /xingrg/kc/buy/cgsh_order_operate.html?command=get_materiel&rest_code=00111&code=00101008010&supplier_code=00100005&order_time=2022-01-04 HTTP/1.1" 200 412
120.253.135.82 - - [04/Jan/2022:08:57:44 +0800] "POST /xingrg/kc/pszx/mdps_list_operate.html HTTP/1.1" 200 5036
114.83.217.139 - - [04/Jan/2022:08:57:47 +0800] "GET /xingrg/kc/buy/cgsh_order_operate.html?command=get_materiel&rest_code=00149&code=00101008261&supplier_code=00100005&order_time=2022-01-04 HTTP/1.1" 200 408
114.85.125.222 - - [04/Jan/2022:08:57:50 +0800] "POST /xingrg/all/user/operate.html HTTP/1.1" 200 36
114.85.125.222 - - [04/Jan/2022:08:57:50 +0800] "GET /xingrg/javascript/jquery_easy_ui/themes/default/easyui.css HTTP/1.1" 304 -
114.85.125.222 - - [04/Jan/2022:08:57:50 +0800] "GET /xingrg/index.html?sysBaseUrl=http%3A%2F%2F180.169.147.146%3A18081%2Fxingrg%2F&costTime=1195×tamp=1641257587661 HTTP/1.1" 200 17179
114.85.125.222 - - [04/Jan/2022:08:57:50 +0800] "GET /xingrg/javascript/jquery_easy_ui/themes/icon.css HTTP/1.1" 304 -
114.85.125.222 - - [04/Jan/2022:08:57:50 +0800] "GET /xingrg/css/form.css HTTP/1.1" 304 -
114.85.125.222 - - [04/Jan/2022:08:57:50 +0800] "GET /xingrg/javascript/jquery-1.4.2.min.js HTTP/1.1" 304 -
114.85.125.222 - - [04/Jan/2022:08:57:50 +0800] "GET /xingrg/javascript/jquery_easy_ui/jquery.easyui.min.js HTTP/1.1" 304 -
114.85.125.222 - - [04/Jan/2022:08:57:50 +0800] "GET /xingrg/javascript/jquery_easy_ui/easyui-lang-zh_CN.js HTTP/1.1" 304 -
114.85.125.222 - - [04/Jan/2022:08:57:50 +0800] "GET /xingrg/javascript/jquery.form.js HTTP/1.1" 304 -
114.85.125.222 - - [04/Jan/2022:08:57:50 +0800] "GET /xingrg/javascript/jquery.utils.js HTTP/1.1" 304 -
114.85.125.222 - - [04/Jan/2022:08:57:50 +0800] "GET /xingrg/javascript/jquery.timers.js HTTP/1.1" 304 -
114.85.125.222 - - [04/Jan/2022:08:57:50 +0800] "GET /xingrg/images/blue/jxLogo.png HTTP/1.1" 304 -
114.85.125.222 - - [04/Jan/2022:08:57:50 +0800] "GET /xingrg/images/blue/navBackgound.jpg HTTP/1.1" 304 -
114.85.125.222 - - [04/Jan/2022:08:57:50 +0800] "GET /xingrg/javascript/jquery_easy_ui/themes/icons/settle_new.png HTTP/1.1" 304 -
114.85.125.222 - - [04/Jan/2022:08:57:50 +0800] "GET /xingrg/images/blue/pingpu.png HTTP/1.1" 304 -
114.85.125.222 - - [04/Jan/2022:08:57:50 +0800] "GET /xingrg/javascript/jquery_easy_ui/themes/default/images/tabs_leftarrow.png HTTP/1.1" 304 -
114.85.125.222 - - [04/Jan/2022:08:57:50 +0800] "GET /xingrg/javascript/jquery_easy_ui/themes/default/images/tabs_rightarrow.png HTTP/1.1" 304 -
114.85.125.222 - - [04/Jan/2022:08:57:50 +0800] "GET /xingrg/javascript/jquery_easy_ui/themes/default/images/panel_tool_collapse.gif HTTP/1.1" 304 -
114.85.125.222 - - [04/Jan/2022:08:57:50 +0800] "GET /xingrg/all/function/internal_message.html?_=1641257808040&CODE_STATE=count HTTP/1.1" 200 11
114.85.125.222 - - [04/Jan/2022:08:57:50 +0800] "GET /xingrg/check_reg.html?_=1641257808041 HTTP/1.1" 200 22
114.85.125.222 - - [04/Jan/2022:08:57:50 +0800] "POST /xingrg/all/common/load_tree.html?tree=area_rest_tree_json&manage=1 HTTP/1.1" 200 476
114.85.125.222 - - [04/Jan/2022:08:57:50 +0800] "POST /xingrg/load_menu.html HTTP/1.1" 200 5138
222.70.179.159 - - [04/Jan/2022:08:57:51 +0800] "GET /xingrg/kc/buy/cgsh_order_operate.html?command=get_materiel&rest_code=00111&code=00101008306&supplier_code=00100005&order_time=2022-01-04 HTTP/1.1" 200 412
120.253.135.82 - - [04/Jan/2022:08:57:52 +0800] "GET /xingrg/all/function/internal_message.html?_=1641257656940&CODE_STATE=getMsg HTTP/1.1" 200 27
61.165.255.114 - - [04/Jan/2022:08:57:55 +0800] "GET /xingrg/kc/buy/cgsh_order_operate.html?command=get_materiel&rest_code=00150&code=00101007049&supplier_code=00100096&order_time=2022-01-04 HTTP/1.1" 200 409
114.83.217.139 - - [04/Jan/2022:08:57:56 +0800] "GET /xingrg/kc/buy/cgsh_order_operate.html?command=get_materiel&rest_code=00149&code=00101008027&supplier_code=00100005&order_time=2022-01-04 HTTP/1.1" 200 408
120.253.135.82 - - [04/Jan/2022:08:57:56 +0800] "POST /xingrg/kc/pszx/mdps_list_operate.html HTTP/1.1" 200 4589
180.175.103.30 - - [04/Jan/2022:08:57:57 +0800] "GET /xingrg/kc/buy/cgsh_order_operate.html?command=get_materiel&rest_code=00105&code=00101008027&supplier_code=00100203&order_time=2022-01-04 HTTP/1.1" 200 408
120.253.135.82 - - [04/Jan/2022:08:57:58 +0800] "POST /xingrg/kc/pszx/mdps_list_operate.html HTTP/1.1" 200 204
222.70.179.159 - - [04/Jan/2022:08:57:59 +0800] "GET /xingrg/kc/buy/cgsh_order_operate.html?command=get_materiel&rest_code=00111&code=00101016081&supplier_code=00100005&order_time=2022-01-04 HTTP/1.1" 200 447
120.253.135.82 - - [04/Jan/2022:08:58:01 +0800] "GET /xingrg/kc/pszx/mdps_order_info.html?code=312022010400143 HTTP/1.1" 200 23925
120.253.135.82 - - [04/Jan/2022:08:58:01 +0800] "GET /xingrg/javascript/easyui/themes/default/validatebox.css HTTP/1.1" 404 1104
120.253.135.82 - - [04/Jan/2022:08:58:02 +0800] "POST /xingrg/kc/pszx/mdps_order_operate.html HTTP/1.1" 200 2280
114.83.217.139 - - [04/Jan/2022:08:58:05 +0800] "GET /xingrg/kc/buy/cgsh_order_operate.html?command=get_materiel&rest_code=00149&code=00101008055&supplier_code=00100005&order_time=2022-01-04 HTTP/1.1" 200 409
120.253.135.82 - - [04/Jan/2022:08:58:06 +0800] "POST /xingrg/kc/pszx/mdps_order_operate.html HTTP/1.1" 200 37
222.70.179.159 - - [04/Jan/2022:08:58:07 +0800] "POST /xingrg/kc/buy/cgsh_order_operate.html HTTP/1.1" 200 2065
120.253.135.82 - - [04/Jan/2022:08:58:09 +0800] "GET /xingrg/kc/pszx/mdps_order_info.html?code=312022010400143 HTTP/1.1" 200 23925
120.253.135.82 - - [04/Jan/2022:08:58:09 +0800] "GET /xingrg/javascript/easyui/themes/default/validatebox.css HTTP/1.1" 404 1104
180.175.103.30 - - [04/Jan/2022:08:58:10 +0800] "GET /xingrg/kc/buy/cgsh_order_operate.html?command=get_materiel&rest_code=00105&code=00101008055&supplier_code=00100203&order_time=2022-01-04 HTTP/1.1" 200 409
120.253.135.82 - - [04/Jan/2022:08:58:10 +0800] "POST /xingrg/kc/pszx/mdps_order_operate.html HTTP/1.1" 200 2288
114.83.217.139 - - [04/Jan/2022:08:58:10 +0800] "GET /xingrg/all/function/internal_message.html?_=1641257889656&CODE_STATE=getMsg HTTP/1.1" 200 27
180.175.103.30 - - [04/Jan/2022:08:58:12 +0800] "POST /xingrg/kc/buy/cgsh_order_operate.html HTTP/1.1" 200 2065
120.253.135.82 - - [04/Jan/2022:08:58:12 +0800] "POST /xingrg/kc/pszx/mdps_list_operate.html HTTP/1.1" 200 4589
222.70.179.159 - - [04/Jan/2022:08:58:14 +0800] "GET /xingrg/kc/buy/cgsh_order_operate.html?command=get_materiel&rest_code=00111&code=00101008091&supplier_code=00100005&order_time=2022-01-04 HTTP/1.1" 200 413
61.165.255.114 - - [04/Jan/2022:08:58:14 +0800] "GET /xingrg/kc/buy/cgsh_order_operate.html?command=get_materiel&rest_code=00150&code=00101007006&supplier_code=00100096&order_time=2022-01-04 HTTP/1.1" 200 412
180.175.103.30 - - [04/Jan/2022:08:58:15 +0800] "POST /xingrg/kc/buy/cgsh_order_operate.html HTTP/1.1" 200 2065
120.253.135.82 - - [04/Jan/2022:08:58:15 +0800] "POST /xingrg/kc/pszx/mdps_list_operate.html HTTP/1.1" 200 202
124.77.245.186 - - [04/Jan/2022:08:58:15 +0800] "GET /xingrg/all/function/internal_message.html?_=1641257894126&CODE_STATE=getMsg HTTP/1.1" 200 27
120.253.135.82 - - [04/Jan/2022:08:58:16 +0800] "GET /xingrg/kc/pszx/mdps_order_info.html?code=312022010400146 HTTP/1.1" 200 23925
120.253.135.82 - - [04/Jan/2022:08:58:17 +0800] "GET /xingrg/javascript/easyui/themes/default/validatebox.css HTTP/1.1" 404 1104
120.253.135.82 - - [04/Jan/2022:08:58:17 +0800] "POST /xingrg/kc/pszx/mdps_order_operate.html HTTP/1.1" 200 2276
114.83.217.139 - - [04/Jan/2022:08:58:18 +0800] "GET /xingrg/kc/buy/cgsh_order_operate.html?command=get_materiel&rest_code=00149&code=00101008257&supplier_code=00100005&order_time=2022-01-04 HTTP/1.1" 200 416
120.253.135.82 - - [04/Jan/2022:08:58:19 +0800] "POST /xingrg/kc/pszx/mdps_list_operate.html HTTP/1.1" 200 4589
120.253.135.82 - - [04/Jan/2022:08:58:20 +0800] "POST /xingrg/kc/pszx/mdps_list_operate.html HTTP/1.1" 200 214
180.175.103.30 - - [04/Jan/2022:08:58:22 +0800] "GET /xingrg/all/function/internal_message.html?_=1641257901578&CODE_STATE=getMsg HTTP/1.1" 200 27
120.253.135.82 - - [04/Jan/2022:08:58:22 +0800] "POST /xingrg/kc/pszx/mdps_list_operate.html HTTP/1.1" 200 204
61.165.255.114 - - [04/Jan/2022:08:58:24 +0800] "GET /xingrg/kc/buy/cgsh_order_operate.html?command=get_materiel&rest_code=00150&code=00101007021&supplier_code=00100096&order_time=2022-01-04 HTTP/1.1" 200 409
222.70.179.159 - - [04/Jan/2022:08:58:25 +0800] "GET /xingrg/kc/buy/cgsh_order_operate.html?command=get_materiel&rest_code=00111&code=00101008148&supplier_code=00100005&order_time=2022-01-04 HTTP/1.1" 200 416
120.253.135.82 - - [04/Jan/2022:08:58:25 +0800] "GET /xingrg/kc/pszx/mdps_order_info.html?code=312022010300133 HTTP/1.1" 200 23925
120.253.135.82 - - [04/Jan/2022:08:58:26 +0800] "GET /xingrg/javascript/easyui/themes/default/validatebox.css HTTP/1.1" 404 1104
120.253.135.82 - - [04/Jan/2022:08:58:26 +0800] "POST /xingrg/kc/pszx/mdps_order_operate.html HTTP/1.1" 200 2299
180.175.103.30 - - [04/Jan/2022:08:58:26 +0800] "GET /xingrg/kc/buy/cgsh_order_operate.html?command=get_materiel&rest_code=00105&code=00101008244&supplier_code=00100203&order_time=2022-01-04 HTTP/1.1" 200 408
120.253.135.82 - - [04/Jan/2022:08:58:29 +0800] "POST /xingrg/kc/pszx/mdps_order_operate.html HTTP/1.1" 200 37
120.253.135.82 - - [04/Jan/2022:08:58:31 +0800] "GET /xingrg/kc/pszx/mdps_order_info.html?code=312022010300133 HTTP/1.1" 200 23925
120.253.135.82 - - [04/Jan/2022:08:58:31 +0800] "GET /xingrg/javascript/easyui/themes/default/validatebox.css HTTP/1.1" 404 1104
114.83.217.139 - - [04/Jan/2022:08:58:31 +0800] "GET /xingrg/kc/buy/cgsh_order_operate.html?command=get_materiel&rest_code=00149&code=00101008349&supplier_code=00100005&order_time=2022-01-04 HTTP/1.1" 200 412
120.253.135.82 - - [04/Jan/2022:08:58:32 +0800] "POST /xingrg/kc/pszx/mdps_order_operate.html HTTP/1.1" 200 2306
61.165.255.114 - - [04/Jan/2022:08:58:33 +0800] "GET /xingrg/all/function/internal_message.html?_=1641257912234&CODE_STATE=getMsg HTTP/1.1" 200 27
222.70.179.159 - - [04/Jan/2022:08:58:34 +0800] "GET /xingrg/kc/buy/cgsh_order_operate.html?command=get_materiel&rest_code=00111&code=00101008264&supplier_code=00100005&order_time=2022-01-04 HTTP/1.1" 200 412
180.175.103.30 - - [04/Jan/2022:08:58:35 +0800] "GET /xingrg/kc/buy/cgsh_order_operate.html?command=get_materiel&rest_code=00105&code=00101008361&supplier_code=00100203&order_time=2022-01-04 HTTP/1.1" 200 408
61.165.255.114 - - [04/Jan/2022:08:58:37 +0800] "GET /xingrg/kc/buy/cgsh_order_operate.html?command=get_materiel&rest_code=00150&code=00101007081&supplier_code=00100096&order_time=2022-01-04 HTTP/1.1" 200 413
114.85.125.222 - - [04/Jan/2022:08:58:37 +0800] "GET /xingrg/kc/buy/cgsh_order_list.html HTTP/1.1" 200 49594
114.85.125.222 - - [04/Jan/2022:08:58:40 +0800] "POST /xingrg/kc/buy/cgsh_list_operate.html HTTP/1.1" 200 1706
222.70.179.159 - - [04/Jan/2022:08:58:41 +0800] "GET /xingrg/kc/buy/cgsh_order_operate.html?command=get_materiel&rest_code=00111&code=00101009030&supplier_code=00100005&order_time=2022-01-04 HTTP/1.1" 200 412
222.70.179.159 - - [04/Jan/2022:08:58:41 +0800] "GET /xingrg/all/function/internal_message.html?_=1641257919767&CODE_STATE=getMsg HTTP/1.1" 200 27
114.85.125.222 - - [04/Jan/2022:08:58:43 +0800] "POST /xingrg/kc/buy/cgsh_list_operate.html HTTP/1.1" 200 574
114.83.217.139 - - [04/Jan/2022:08:58:43 +0800] "GET /xingrg/kc/buy/cgsh_order_operate.html?command=get_materiel&rest_code=00149&code=00101008350&supplier_code=00100005&order_time=2022-01-04 HTTP/1.1" 200 408
116.227.210.113 - - [04/Jan/2022:08:58:43 +0800] "GET /xingrg/check_reg.html?_=1641257908260 HTTP/1.1" 200 22
116.227.210.113 - - [04/Jan/2022:08:58:43 +0800] "GET /xingrg/all/function/internal_message.html?_=1641257908270&CODE_STATE=getMsg HTTP/1.1" 200 27
180.175.103.30 - - [04/Jan/2022:08:58:43 +0800] "GET /xingrg/kc/buy/cgsh_order_operate.html?command=get_materiel&rest_code=00105&code=00101008212&supplier_code=00100203&order_time=2022-01-04 HTTP/1.1" 200 412
114.85.125.222 - - [04/Jan/2022:08:58:44 +0800] "GET /xingrg/kc/buy/cgsh_order_info.html?code=212022010401576 HTTP/1.1" 200 65302
114.85.125.222 - - [04/Jan/2022:08:58:45 +0800] "GET /xingrg/javascript/easyui/themes/default/validatebox.css HTTP/1.1" 404 1104
120.253.135.82 - - [04/Jan/2022:08:58:45 +0800] "GET /xingrg/kc/pszx/mdps_order_operate.html?command=get_materiel&pszx_code=00101&rest_code=00109&base_code=0010246&code=00101020144 HTTP/1.1" 200 435
124.77.245.186 - - [04/Jan/2022:08:58:45 +0800] "GET /xingrg/check_reg.html?_=1641257924244 HTTP/1.1" 200 22
114.85.125.222 - - [04/Jan/2022:08:58:45 +0800] "POST /xingrg/kc/buy/cgsh_order_operate.html HTTP/1.1" 200 5615
222.70.179.159 - - [04/Jan/2022:08:58:48 +0800] "GET /xingrg/kc/buy/cgsh_order_operate.html?command=get_materiel&rest_code=00111&code=00101008024&supplier_code=00100005&order_time=2022-01-04 HTTP/1.1" 200 408
61.165.255.114 - - [04/Jan/2022:08:58:48 +0800] "GET /xingrg/kc/buy/cgsh_order_operate.html?command=get_materiel&rest_code=00150&code=00101007134&supplier_code=00100096&order_time=2022-01-04 HTTP/1.1" 200 401
222.70.179.159 - - [04/Jan/2022:08:58:49 +0800] "POST /xingrg/kc/buy/cgsh_order_operate.html HTTP/1.1" 200 2065
114.85.125.222 - - [04/Jan/2022:08:58:50 +0800] "GET /xingrg/all/function/internal_message.html?_=1641257868051&CODE_STATE=getMsg HTTP/1.1" 200 27
114.85.125.222 - - [04/Jan/2022:08:58:50 +0800] "GET /xingrg/javascript/auto/indicator.gif HTTP/1.1" 404 1066
180.175.103.30 - - [04/Jan/2022:08:58:51 +0800] "GET /xingrg/kc/buy/cgsh_order_operate.html?command=get_materiel&rest_code=00105&code=00101008251&supplier_code=00100203&order_time=2022-01-04 HTTP/1.1" 200 408
120.253.135.82 - - [04/Jan/2022:08:58:52 +0800] "GET /xingrg/all/function/internal_message.html?_=1641257716956&CODE_STATE=getMsg HTTP/1.1" 200 27
172.20.0.100 - - [04/Jan/2022:08:58:52 +0800] "GET /favicon.ico HTTP/1.1" 404 -
120.253.135.82 - - [04/Jan/2022:08:58:53 +0800] "POST /xingrg/kc/pszx/mdps_order_operate.html HTTP/1.1" 200 37
120.253.135.82 - - [04/Jan/2022:08:58:54 +0800] "GET /xingrg/kc/pszx/mdps_order_info.html?code=312022010300133 HTTP/1.1" 200 23925
114.83.217.139 - - [04/Jan/2022:08:58:55 +0800] "GET /xingrg/kc/buy/cgsh_order_operate.html?command=get_materiel&rest_code=00149&code=00101008028&supplier_code=00100005&order_time=2022-01-04 HTTP/1.1" 200 412
120.253.135.82 - - [04/Jan/2022:08:58:55 +0800] "GET /xingrg/javascript/easyui/themes/default/validatebox.css HTTP/1.1" 404 1104
114.85.125.222 - - [04/Jan/2022:08:58:55 +0800] "GET /xingrg/kc/buy/cgsh_order_operate.html?command=get_materiel&rest_code=00150&code=00101008612&supplier_code=00100007&order_time=2022-01-04 HTTP/1.1" 200 406
120.253.135.82 - - [04/Jan/2022:08:58:55 +0800] "POST /xingrg/kc/pszx/mdps_order_operate.html HTTP/1.1" 200 2800
222.70.179.159 - - [04/Jan/2022:08:58:56 +0800] "GET /xingrg/kc/buy/cgsh_order_operate.html?command=get_materiel&rest_code=00111&code=00101008356&supplier_code=00100005&order_time=2022-01-04 HTTP/1.1" 200 408
120.253.135.82 - - [04/Jan/2022:08:58:56 +0800] "POST /xingrg/kc/pszx/mdps_list_operate.html HTTP/1.1" 200 4589
120.253.135.82 - - [04/Jan/2022:08:58:58 +0800] "POST /xingrg/kc/pszx/mdps_list_operate.html HTTP/1.1" 200 204
120.253.135.82 - - [04/Jan/2022:08:58:59 +0800] "GET /xingrg/kc/pszx/mdps_order_info.html?code=312022010400143 HTTP/1.1" 200 23925
120.253.135.82 - - [04/Jan/2022:08:59:00 +0800] "GET /xingrg/javascript/easyui/themes/default/validatebox.css HTTP/1.1" 404 1104
61.165.255.114 - - [04/Jan/2022:08:59:00 +0800] "GET /xingrg/kc/buy/cgsh_order_operate.html?command=get_materiel&rest_code=00150&code=00101007078&supplier_code=00100096&order_time=2022-01-04 HTTP/1.1" 200 415
120.253.135.82 - - [04/Jan/2022:08:59:00 +0800] "POST /xingrg/kc/pszx/mdps_order_operate.html HTTP/1.1" 200 2288
222.70.179.159 - - [04/Jan/2022:08:59:05 +0800] "GET /xingrg/kc/buy/cgsh_order_operate.html?command=get_materiel&rest_code=00111&code=00101008360&supplier_code=00100005&order_time=2022-01-04 HTTP/1.1" 200 413
114.85.125.222 - - [04/Jan/2022:08:59:05 +0800] "GET /xingrg/kc/buy/cgsh_order_operate.html?command=get_materiel&rest_code=00150&code=00101008308&supplier_code=00100007&order_time=2022-01-04 HTTP/1.1" 200 420
120.253.135.82 - - [04/Jan/2022:08:59:07 +0800] "GET /xingrg/kc/pszx/mdps_order_operate.html?command=get_materiel&pszx_code=00101&rest_code=00109&base_code=0010246&code=00101020267 HTTP/1.1" 200 428
180.175.103.30 - - [04/Jan/2022:08:59:08 +0800] "GET /xingrg/kc/buy/cgsh_order_operate.html?command=get_materiel&rest_code=00105&code=00101008069&supplier_code=00100203&order_time=2022-01-04 HTTP/1.1" 200 412
61.165.255.114 - - [04/Jan/2022:08:59:08 +0800] "GET /xingrg/kc/buy/cgsh_order_operate.html?command=get_materiel&rest_code=00150&code=00101007077&supplier_code=00100096&order_time=2022-01-04 HTTP/1.1" 200 415
61.165.255.114 - - [04/Jan/2022:08:59:10 +0800] "POST /xingrg/kc/buy/cgsh_order_operate.html HTTP/1.1" 200 2065
114.83.217.139 - - [04/Jan/2022:08:59:10 +0800] "GET /xingrg/all/function/internal_message.html?_=1641257949652&CODE_STATE=getMsg HTTP/1.1" 200 27
222.70.179.159 - - [04/Jan/2022:08:59:13 +0800] "GET /xingrg/kc/buy/cgsh_order_operate.html?command=get_materiel&rest_code=00111&code=00101008357&supplier_code=00100005&order_time=2022-01-04 HTTP/1.1" 200 408
124.77.245.186 - - [04/Jan/2022:08:59:15 +0800] "GET /xingrg/all/function/internal_message.html?_=1641257954139&CODE_STATE=getMsg HTTP/1.1" 200 27
116.232.53.14 - - [04/Jan/2022:08:59:16 +0800] "GET /favicon.ico HTTP/1.1" 404 -
120.253.135.82 - - [04/Jan/2022:08:59:17 +0800] "POST /xingrg/kc/pszx/mdps_order_operate.html HTTP/1.1" 200 37
120.253.135.82 - - [04/Jan/2022:08:59:18 +0800] "GET /xingrg/kc/pszx/mdps_order_info.html?code=312022010400143 HTTP/1.1" 200 23925
120.253.135.82 - - [04/Jan/2022:08:59:19 +0800] "GET /xingrg/javascript/easyui/themes/default/validatebox.css HTTP/1.1" 404 1104
120.253.135.82 - - [04/Jan/2022:08:59:19 +0800] "POST /xingrg/kc/pszx/mdps_order_operate.html HTTP/1.1" 200 2295
222.70.179.159 - - [04/Jan/2022:08:59:21 +0800] "GET /xingrg/kc/buy/cgsh_order_operate.html?command=get_materiel&rest_code=00111&code=00101008318&supplier_code=00100005&order_time=2022-01-04 HTTP/1.1" 200 408
116.232.53.14 - - [04/Jan/2022:08:59:22 +0800] "GET /xingrg/login.html HTTP/1.1" 200 7641
116.232.53.14 - - [04/Jan/2022:08:59:22 +0800] "GET /xingrg/images/blue/jxLogo.png HTTP/1.1" 200 6156
116.232.53.14 - - [04/Jan/2022:08:59:22 +0800] "GET /xingrg/images/blue/srbg.png HTTP/1.1" 200 138
116.232.53.14 - - [04/Jan/2022:08:59:22 +0800] "GET /xingrg/images/blue/hj.png HTTP/1.1" 200 1014
116.232.53.14 - - [04/Jan/2022:08:59:22 +0800] "GET /xingrg/images/blue/login_bg.png HTTP/1.1" 200 22101
116.232.53.14 - - [04/Jan/2022:08:59:22 +0800] "GET /favicon.ico HTTP/1.1" 404 -
180.175.103.30 - - [04/Jan/2022:08:59:22 +0800] "GET /xingrg/all/function/internal_message.html?_=1641257961592&CODE_STATE=getMsg HTTP/1.1" 200 27
120.253.135.82 - - [04/Jan/2022:08:59:22 +0800] "POST /xingrg/kc/pszx/mdps_list_operate.html HTTP/1.1" 200 4589
180.175.103.30 - - [04/Jan/2022:08:59:22 +0800] "GET /xingrg/kc/buy/cgsh_order_operate.html?command=get_materiel&rest_code=00105&code=00101008353&supplier_code=00100203&order_time=2022-01-04 HTTP/1.1" 200 408
120.253.135.82 - - [04/Jan/2022:08:59:24 +0800] "POST /xingrg/kc/pszx/mdps_list_operate.html HTTP/1.1" 200 604
120.253.135.82 - - [04/Jan/2022:08:59:26 +0800] "GET /xingrg/kc/pszx/mdps_order_info.html?code=312022010300096 HTTP/1.1" 200 23925
114.85.125.222 - - [04/Jan/2022:08:59:26 +0800] "GET /xingrg/kc/buy/cgsh_order_operate.html?command=get_materiel&rest_code=00150&code=00101008026&supplier_code=00100007&order_time=2022-01-04 HTTP/1.1" 200 409
120.253.135.82 - - [04/Jan/2022:08:59:26 +0800] "GET /xingrg/javascript/easyui/themes/default/validatebox.css HTTP/1.1" 404 1104
120.253.135.82 - - [04/Jan/2022:08:59:27 +0800] "POST /xingrg/kc/pszx/mdps_order_operate.html HTTP/1.1" 200 44082
114.83.217.139 - - [04/Jan/2022:08:59:27 +0800] "GET /xingrg/kc/buy/cgsh_order_operate.html?command=get_materiel&rest_code=00149&code=00101008351&supplier_code=00100005&order_time=2022-01-04 HTTP/1.1" 200 408
116.232.53.14 - - [04/Jan/2022:08:59:29 +0800] "POST /xingrg/login.do HTTP/1.1" 302 -
116.232.53.14 - - [04/Jan/2022:08:59:29 +0800] "POST /xingrg/login.do HTTP/1.1" 302 -
116.232.53.14 - - [04/Jan/2022:08:59:29 +0800] "GET /xingrg/javascript/jquery_easy_ui/themes/icon.css HTTP/1.1" 200 3949
116.232.53.14 - - [04/Jan/2022:08:59:29 +0800] "GET /xingrg/index.html?sysBaseUrl=http%3A%2F%2F180.169.147.146%3A18081%2Fxingrg%2F&costTime=2184×tamp=1641257969559 HTTP/1.1" 200 17173
116.232.53.14 - - [04/Jan/2022:08:59:29 +0800] "GET /xingrg/css/form.css HTTP/1.1" 200 893
116.232.53.14 - - [04/Jan/2022:08:59:29 +0800] "GET /xingrg/javascript/jquery-1.4.2.min.js HTTP/1.1" 200 72205
116.232.53.14 - - [04/Jan/2022:08:59:29 +0800] "GET /xingrg/javascript/jquery_easy_ui/jquery.easyui.min.js HTTP/1.1" 200 213662
116.232.53.14 - - [04/Jan/2022:08:59:29 +0800] "GET /xingrg/javascript/jquery_easy_ui/easyui-lang-zh_CN.js HTTP/1.1" 200 1900
116.232.53.14 - - [04/Jan/2022:08:59:29 +0800] "GET /xingrg/javascript/jquery_easy_ui/themes/default/easyui.css HTTP/1.1" 200 26500
116.232.53.14 - - [04/Jan/2022:08:59:29 +0800] "GET /xingrg/javascript/jquery.timers.js HTTP/1.1" 200 3532
116.232.53.14 - - [04/Jan/2022:08:59:29 +0800] "GET /xingrg/javascript/jquery.utils.js HTTP/1.1" 200 11805
116.232.53.14 - - [04/Jan/2022:08:59:29 +0800] "GET /xingrg/javascript/jquery.form.js HTTP/1.1" 200 23110
116.232.53.14 - - [04/Jan/2022:08:59:29 +0800] "GET /xingrg/javascript/jquery_easy_ui/themes/icons/settle_new.png HTTP/1.1" 200 826
116.232.53.14 - - [04/Jan/2022:08:59:29 +0800] "GET /xingrg/images/blue/navBackgound.jpg HTTP/1.1" 200 12378
116.232.53.14 - - [04/Jan/2022:08:59:29 +0800] "GET /xingrg/images/blue/pingpu.png HTTP/1.1" 200 231
116.232.53.14 - - [04/Jan/2022:08:59:29 +0800] "GET /xingrg/javascript/jquery_easy_ui/themes/default/images/panel_tool_collapse.gif HTTP/1.1" 200 246
116.232.53.14 - - [04/Jan/2022:08:59:29 +0800] "GET /xingrg/check_reg.html?_=1641257969304 HTTP/1.1" 200 22
116.232.53.14 - - [04/Jan/2022:08:59:29 +0800] "GET /xingrg/all/function/internal_message.html?_=1641257969303&CODE_STATE=count HTTP/1.1" 200 11
116.232.53.14 - - [04/Jan/2022:08:59:30 +0800] "POST /xingrg/all/common/load_tree.html?tree=area_rest_tree_json&manage=1 HTTP/1.1" 200 342
222.70.179.159 - - [04/Jan/2022:08:59:30 +0800] "GET /xingrg/kc/buy/cgsh_order_operate.html?command=get_materiel&rest_code=00111&code=00101008005&supplier_code=00100005&order_time=2022-01-04 HTTP/1.1" 200 412
116.232.53.14 - - [04/Jan/2022:08:59:30 +0800] "POST /xingrg/load_menu.html HTTP/1.1" 200 5138
116.232.53.14 - - [04/Jan/2022:08:59:30 +0800] "GET /xingrg/javascript/jquery_easy_ui/themes/default/images/tree_arrows.gif HTTP/1.1" 200 1043
116.232.53.14 - - [04/Jan/2022:08:59:30 +0800] "GET /xingrg/javascript/jquery_easy_ui/themes/default/images/tree_folder_open.gif HTTP/1.1" 200 956
116.232.53.14 - - [04/Jan/2022:08:59:30 +0800] "GET /xingrg/javascript/jquery_easy_ui/themes/icons/storage_new.png HTTP/1.1" 200 853
116.232.53.14 - - [04/Jan/2022:08:59:30 +0800] "GET /xingrg/javascript/jquery_easy_ui/themes/icons/search_new.png HTTP/1.1" 200 586
116.232.53.14 - - [04/Jan/2022:08:59:30 +0800] "GET /xingrg/javascript/jquery_easy_ui/themes/default/images/tree_folder.gif HTTP/1.1" 200 952
116.232.53.14 - - [04/Jan/2022:08:59:30 +0800] "GET /xingrg/javascript/jquery_easy_ui/themes/icons/forms_new.png HTTP/1.1" 200 350
180.175.103.30 - - [04/Jan/2022:08:59:31 +0800] "GET /xingrg/kc/buy/cgsh_order_operate.html?command=get_materiel&rest_code=00105&code=00101008298&supplier_code=00100203&order_time=2022-01-04 HTTP/1.1" 200 413
116.232.53.14 - - [04/Jan/2022:08:59:32 +0800] "GET /xingrg/javascript/jquery_easy_ui/themes/default/images/tabs_close.gif HTTP/1.1" 200 829
116.232.53.14 - - [04/Jan/2022:08:59:32 +0800] "GET /xingrg/kc/base/base_main.html HTTP/1.1" 200 12142
116.232.53.14 - - [04/Jan/2022:08:59:32 +0800] "GET /xingrg/javascript/pic_change.js HTTP/1.1" 200 4739
116.232.53.14 - - [04/Jan/2022:08:59:32 +0800] "GET /xingrg/css/blue.css HTTP/1.1" 200 15949
116.232.53.14 - - [04/Jan/2022:08:59:32 +0800] "GET /xingrg/images/blue/button/wlsy.gif HTTP/1.1" 200 2536
116.232.53.14 - - [04/Jan/2022:08:59:32 +0800] "GET /xingrg/javascript/myfunction.js HTTP/1.1" 200 24559
116.232.53.14 - - [04/Jan/2022:08:59:32 +0800] "GET /xingrg/images/blue/button/ckpd.gif HTTP/1.1" 200 2051
116.232.53.14 - - [04/Jan/2022:08:59:32 +0800] "GET /xingrg/images/blue/button/kc.gif HTTP/1.1" 200 2160
116.232.53.14 - - [04/Jan/2022:08:59:32 +0800] "GET /xingrg/images/blue/button/ckdb.gif HTTP/1.1" 200 1950
116.232.53.14 - - [04/Jan/2022:08:59:32 +0800] "GET /xingrg/images/blue/button/yddb.gif HTTP/1.1" 200 2040
116.232.53.14 - - [04/Jan/2022:08:59:32 +0800] "GET /xingrg/images/blue/pic_form2.gif HTTP/1.1" 200 1853
116.232.53.14 - - [04/Jan/2022:08:59:32 +0800] "GET /xingrg/images/blue/button/top_left.jpg HTTP/1.1" 200 1632
116.232.53.14 - - [04/Jan/2022:08:59:32 +0800] "GET /xingrg/images/blue/button/top_right.jpg HTTP/1.1" 200 1708
116.232.53.14 - - [04/Jan/2022:08:59:32 +0800] "GET /xingrg/images/blue/button/down.jpg HTTP/1.1" 200 1560
116.232.53.14 - - [04/Jan/2022:08:59:32 +0800] "GET /xingrg/images/blue/button/bottom_right.jpg HTTP/1.1" 200 1436
116.232.53.14 - - [04/Jan/2022:08:59:32 +0800] "GET /xingrg/images/blue/button/bottom_left.jpg HTTP/1.1" 200 1524
116.232.53.14 - - [04/Jan/2022:08:59:32 +0800] "GET /xingrg/images/blue/button/right_ah.jpg HTTP/1.1" 200 1744
116.232.53.14 - - [04/Jan/2022:08:59:32 +0800] "GET /xingrg/images/blue/button/left_ah.jpg HTTP/1.1" 200 1643
116.232.53.14 - - [04/Jan/2022:08:59:32 +0800] "GET /xingrg/images/blue/bg_dotted.jpg HTTP/1.1" 200 319
222.70.179.159 - - [04/Jan/2022:08:59:33 +0800] "POST /xingrg/kc/buy/cgsh_order_operate.html HTTP/1.1" 200 2065
61.165.255.114 - - [04/Jan/2022:08:59:33 +0800] "GET /xingrg/all/function/internal_message.html?_=1641257972204&CODE_STATE=getMsg HTTP/1.1" 200 27
116.232.53.14 - - [04/Jan/2022:08:59:35 +0800] "GET /xingrg/index.html?sysBaseUrl=http%3A%2F%2F180.169.147.146%3A18081%2Fxingrg%2F&costTime=2184×tamp=1641257969559 HTTP/1.1" 200 17173
116.232.53.14 - - [04/Jan/2022:08:59:35 +0800] "GET /xingrg/javascript/jquery_easy_ui/themes/icon.css HTTP/1.1" 200 3949
116.232.53.14 - - [04/Jan/2022:08:59:35 +0800] "GET /xingrg/css/form.css HTTP/1.1" 200 893
116.232.53.14 - - [04/Jan/2022:08:59:35 +0800] "GET /xingrg/javascript/jquery_easy_ui/easyui-lang-zh_CN.js HTTP/1.1" 200 1900
116.232.53.14 - - [04/Jan/2022:08:59:35 +0800] "GET /xingrg/javascript/jquery_easy_ui/jquery.easyui.min.js HTTP/1.1" 200 213662
116.232.53.14 - - [04/Jan/2022:08:59:35 +0800] "GET /xingrg/javascript/jquery-1.4.2.min.js HTTP/1.1" 200 72205
116.232.53.14 - - [04/Jan/2022:08:59:35 +0800] "GET /xingrg/javascript/jquery.timers.js HTTP/1.1" 200 3532
116.232.53.14 - - [04/Jan/2022:08:59:35 +0800] "GET /xingrg/images/blue/jxLogo.png HTTP/1.1" 200 6156
116.232.53.14 - - [04/Jan/2022:08:59:35 +0800] "GET /xingrg/javascript/jquery_easy_ui/themes/default/easyui.css HTTP/1.1" 200 26500
116.232.53.14 - - [04/Jan/2022:08:59:35 +0800] "GET /xingrg/javascript/jquery.utils.js HTTP/1.1" 200 11805
116.232.53.14 - - [04/Jan/2022:08:59:35 +0800] "GET /xingrg/javascript/jquery.form.js HTTP/1.1" 200 23110
116.232.53.14 - - [04/Jan/2022:08:59:35 +0800] "GET /xingrg/all/function/internal_message.html?_=1641257975348&CODE_STATE=count HTTP/1.1" 200 11
116.232.53.14 - - [04/Jan/2022:08:59:35 +0800] "GET /xingrg/check_reg.html?_=1641257975349 HTTP/1.1" 200 22
116.232.53.14 - - [04/Jan/2022:08:59:35 +0800] "GET /xingrg/images/blue/pingpu.png HTTP/1.1" 200 231
116.232.53.14 - - [04/Jan/2022:08:59:35 +0800] "GET /xingrg/javascript/jquery_easy_ui/themes/icons/settle_new.png HTTP/1.1" 200 826
116.232.53.14 - - [04/Jan/2022:08:59:35 +0800] "GET /xingrg/javascript/jquery_easy_ui/themes/default/images/tabs_leftarrow.png HTTP/1.1" 200 389
116.232.53.14 - - [04/Jan/2022:08:59:35 +0800] "GET /xingrg/javascript/jquery_easy_ui/themes/default/images/tabs_rightarrow.png HTTP/1.1" 200 395
116.232.53.14 - - [04/Jan/2022:08:59:35 +0800] "GET /xingrg/javascript/jquery_easy_ui/themes/default/images/panel_tool_collapse.gif HTTP/1.1" 200 246
116.232.53.14 - - [04/Jan/2022:08:59:35 +0800] "GET /xingrg/images/blue/navBackgound.jpg HTTP/1.1" 200 12378
116.232.53.14 - - [04/Jan/2022:08:59:36 +0800] "POST /xingrg/all/common/load_tree.html?tree=area_rest_tree_json&manage=1 HTTP/1.1" 200 342
116.232.53.14 - - [04/Jan/2022:08:59:36 +0800] "GET /xingrg/javascript/jquery_easy_ui/themes/default/images/tree_arrows.gif HTTP/1.1" 200 1043
116.232.53.14 - - [04/Jan/2022:08:59:36 +0800] "GET /xingrg/javascript/jquery_easy_ui/themes/default/images/tree_folder_open.gif HTTP/1.1" 200 956
116.232.53.14 - - [04/Jan/2022:08:59:36 +0800] "GET /xingrg/javascript/jquery_easy_ui/themes/icons/area.png HTTP/1.1" 200 262
116.232.53.14 - - [04/Jan/2022:08:59:36 +0800] "GET /xingrg/javascript/jquery_easy_ui/themes/icons/rest.png HTTP/1.1" 200 695
116.232.53.14 - - [04/Jan/2022:08:59:36 +0800] "POST /xingrg/load_menu.html HTTP/1.1" 200 5138
116.232.53.14 - - [04/Jan/2022:08:59:36 +0800] "GET /xingrg/javascript/jquery_easy_ui/themes/icons/search_new.png HTTP/1.1" 200 586
116.232.53.14 - - [04/Jan/2022:08:59:36 +0800] "GET /xingrg/javascript/jquery_easy_ui/themes/default/images/tree_folder.gif HTTP/1.1" 200 952
116.232.53.14 - - [04/Jan/2022:08:59:36 +0800] "GET /xingrg/javascript/jquery_easy_ui/themes/icons/storage_new.png HTTP/1.1" 200 853
116.232.53.14 - - [04/Jan/2022:08:59:36 +0800] "GET /xingrg/javascript/jquery_easy_ui/themes/icons/forms_new.png HTTP/1.1" 200 350
116.232.53.14 - - [04/Jan/2022:08:59:36 +0800] "GET /xingrg/javascript/jquery_easy_ui/themes/default/images/tree_file.gif HTTP/1.1" 200 118
114.85.125.222 - - [04/Jan/2022:08:59:36 +0800] "GET /xingrg/kc/buy/cgsh_order_operate.html?command=get_materiel&rest_code=00150&code=00101008096&supplier_code=00100007&order_time=2022-01-04 HTTP/1.1" 200 413
116.232.53.14 - - [04/Jan/2022:08:59:38 +0800] "GET /xingrg/index.html?sysBaseUrl=http%3A%2F%2F180.169.147.146%3A18081%2Fxingrg%2F&costTime=2184×tamp=1641257969559 HTTP/1.1" 200 17173
116.232.53.14 - - [04/Jan/2022:08:59:38 +0800] "GET /xingrg/all/function/internal_message.html?_=1641257978340&CODE_STATE=count HTTP/1.1" 200 11
116.232.53.14 - - [04/Jan/2022:08:59:38 +0800] "GET /xingrg/check_reg.html?_=1641257978341 HTTP/1.1" 200 22
116.232.53.14 - - [04/Jan/2022:08:59:38 +0800] "POST /xingrg/all/common/load_tree.html?tree=area_rest_tree_json&manage=1 HTTP/1.1" 200 342
222.70.179.159 - - [04/Jan/2022:08:59:38 +0800] "GET /xingrg/kc/buy/cgsh_order_operate.html?command=get_materiel&rest_code=00111&code=00101008353&supplier_code=00100005&order_time=2022-01-04 HTTP/1.1" 200 408
116.232.53.14 - - [04/Jan/2022:08:59:39 +0800] "POST /xingrg/load_menu.html HTTP/1.1" 200 5138
114.83.217.139 - - [04/Jan/2022:08:59:39 +0800] "GET /xingrg/kc/buy/cgsh_order_operate.html?command=get_materiel&rest_code=00149&code=00101008110&supplier_code=00100005&order_time=2022-01-04 HTTP/1.1" 200 408
116.232.53.14 - - [04/Jan/2022:08:59:39 +0800] "GET /xingrg/kc/base/base_main.html HTTP/1.1" 200 12142
116.232.53.14 - - [04/Jan/2022:08:59:39 +0800] "GET /xingrg/javascript/jquery_easy_ui/themes/default/images/tabs_close.gif HTTP/1.1" 200 829
116.232.53.14 - - [04/Jan/2022:08:59:39 +0800] "GET /xingrg/javascript/pic_change.js HTTP/1.1" 200 4739
116.232.53.14 - - [04/Jan/2022:08:59:39 +0800] "GET /xingrg/images/blue/button/wlsy.gif HTTP/1.1" 200 2536
116.232.53.14 - - [04/Jan/2022:08:59:39 +0800] "GET /xingrg/css/blue.css HTTP/1.1" 200 15949
116.232.53.14 - - [04/Jan/2022:08:59:39 +0800] "GET /xingrg/images/blue/button/ckdb.gif HTTP/1.1" 200 1950
116.232.53.14 - - [04/Jan/2022:08:59:39 +0800] "GET /xingrg/images/blue/button/ckpd.gif HTTP/1.1" 200 2051
116.232.53.14 - - [04/Jan/2022:08:59:39 +0800] "GET /xingrg/images/blue/pic_form2.gif HTTP/1.1" 200 1853
116.232.53.14 - - [04/Jan/2022:08:59:39 +0800] "GET /xingrg/images/blue/button/kc.gif HTTP/1.1" 200 2160
116.232.53.14 - - [04/Jan/2022:08:59:39 +0800] "GET /xingrg/images/blue/button/yddb.gif HTTP/1.1" 200 2040
116.232.53.14 - - [04/Jan/2022:08:59:39 +0800] "GET /xingrg/javascript/myfunction.js HTTP/1.1" 200 24559
116.232.53.14 - - [04/Jan/2022:08:59:39 +0800] "GET /xingrg/images/blue/bg_dotted.jpg HTTP/1.1" 200 319
116.232.53.14 - - [04/Jan/2022:08:59:39 +0800] "GET /xingrg/images/blue/button/top_left.jpg HTTP/1.1" 200 1632
116.232.53.14 - - [04/Jan/2022:08:59:39 +0800] "GET /xingrg/images/blue/button/top_right.jpg HTTP/1.1" 200 1708
116.232.53.14 - - [04/Jan/2022:08:59:39 +0800] "GET /xingrg/images/blue/button/down.jpg HTTP/1.1" 200 1560
116.232.53.14 - - [04/Jan/2022:08:59:39 +0800] "GET /xingrg/images/blue/button/right_ah.jpg HTTP/1.1" 200 1744
116.232.53.14 - - [04/Jan/2022:08:59:39 +0800] "GET /xingrg/images/blue/button/left_ah.jpg HTTP/1.1" 200 1643
116.232.53.14 - - [04/Jan/2022:08:59:39 +0800] "GET /xingrg/images/blue/button/bottom_left.jpg HTTP/1.1" 200 1524
116.232.53.14 - - [04/Jan/2022:08:59:39 +0800] "GET /xingrg/images/blue/button/bottom_right.jpg HTTP/1.1" 200 1436
116.232.53.14 - - [04/Jan/2022:08:59:40 +0800] "GET /xingrg/kc/base/yddb_order_list.html HTTP/1.1" 200 16665
116.232.53.14 - - [04/Jan/2022:08:59:40 +0800] "GET /xingrg/css/base.css HTTP/1.1" 200 2811
116.232.53.14 - - [04/Jan/2022:08:59:40 +0800] "GET /xingrg/css/site.css HTTP/1.1" 200 7541
116.232.53.14 - - [04/Jan/2022:08:59:40 +0800] "GET /xingrg/javascript/jquery_tools/datebox.css HTTP/1.1" 200 2597
116.232.53.14 - - [04/Jan/2022:08:59:40 +0800] "GET /xingrg/javascript/easyui/themes/icon.css HTTP/1.1" 200 4483
116.232.53.14 - - [04/Jan/2022:08:59:40 +0800] "GET /xingrg/javascript/auto/jquery.autocomplete.css HTTP/1.1" 200 587
116.232.53.14 - - [04/Jan/2022:08:59:40 +0800] "GET /xingrg/javascript/jquery_tools/fix.css HTTP/1.1" 200 1702
116.232.53.14 - - [04/Jan/2022:08:59:40 +0800] "GET /xingrg/javascript/jquery_tools/jquery.tools.hotkey.js HTTP/1.1" 200 3242
116.232.53.14 - - [04/Jan/2022:08:59:40 +0800] "GET /xingrg/javascript/jquery_tools/jquery.tools.extend.js HTTP/1.1" 200 15385
116.232.53.14 - - [04/Jan/2022:08:59:40 +0800] "GET /xingrg/javascript/jquery_tools/jquery.tools.table.js HTTP/1.1" 200 6994
116.232.53.14 - - [04/Jan/2022:08:59:40 +0800] "GET /xingrg/javascript/jquery_tools/jquery.tools.min.js HTTP/1.1" 200 138801
116.232.53.14 - - [04/Jan/2022:08:59:40 +0800] "GET /xingrg/javascript/jquery_tools/table.css HTTP/1.1" 200 1032
116.232.53.14 - - [04/Jan/2022:08:59:40 +0800] "GET /xingrg/javascript/jquery_tools/list_manager.js HTTP/1.1" 200 3652
116.232.53.14 - - [04/Jan/2022:08:59:40 +0800] "GET /xingrg/javascript/easyui/easyloader.js HTTP/1.1" 200 5975
116.232.53.14 - - [04/Jan/2022:08:59:40 +0800] "GET /xingrg/javascript/jquery.cookie.js HTTP/1.1" 200 5513
116.232.53.14 - - [04/Jan/2022:08:59:40 +0800] "GET /xingrg/javascript/print/LodopFuncs.js HTTP/1.1" 200 5121
116.232.53.14 - - [04/Jan/2022:08:59:40 +0800] "GET /xingrg/javascript/auto/jquery.autocomplete.js HTTP/1.1" 200 21624
116.232.53.14 - - [04/Jan/2022:08:59:40 +0800] "GET /xingrg/javascript/easyui/themes/default/easyui.css HTTP/1.1" 200 30432
116.232.53.14 - - [04/Jan/2022:08:59:41 +0800] "GET /xingrg/javascript/easyui/themes/icons/edit_add_new.png HTTP/1.1" 200 2997
116.232.53.14 - - [04/Jan/2022:08:59:41 +0800] "GET /xingrg/javascript/easyui/themes/icons/field_new.png HTTP/1.1" 200 1097
116.232.53.14 - - [04/Jan/2022:08:59:41 +0800] "GET /xingrg/javascript/easyui/themes/icons/import_new.png HTTP/1.1" 200 1247
116.232.53.14 - - [04/Jan/2022:08:59:41 +0800] "GET /xingrg/javascript/easyui/plugins/jquery.parser.js HTTP/1.1" 200 1142
116.232.53.14 - - [04/Jan/2022:08:59:41 +0800] "GET /xingrg/images/control/ajaxLoader.gif HTTP/1.1" 200 4659
222.70.179.159 - - [04/Jan/2022:08:59:41 +0800] "GET /xingrg/all/function/internal_message.html?_=1641257979754&CODE_STATE=getMsg HTTP/1.1" 200 27
116.232.53.14 - - [04/Jan/2022:08:59:41 +0800] "POST /xingrg/kc/base/yddb_list_operate.html HTTP/1.1" 200 636
116.227.210.113 - - [04/Jan/2022:08:59:43 +0800] "GET /xingrg/all/function/internal_message.html?_=1641257968260&CODE_STATE=getMsg HTTP/1.1" 200 27
114.85.125.222 - - [04/Jan/2022:08:59:45 +0800] "GET /xingrg/kc/buy/cgsh_order_operate.html?command=get_materiel&rest_code=00150&code=00101008338&supplier_code=00100007&order_time=2022-01-04 HTTP/1.1" 200 409
116.232.53.14 - - [04/Jan/2022:08:59:47 +0800] "POST /xingrg/kc/base/yddb_list_operate.html HTTP/1.1" 200 4319
222.70.179.159 - - [04/Jan/2022:08:59:47 +0800] "GET /xingrg/kc/buy/cgsh_order_operate.html?command=get_materiel&rest_code=00111&code=00101008291&supplier_code=00100005&order_time=2022-01-04 HTTP/1.1" 200 408
114.83.217.139 - - [04/Jan/2022:08:59:48 +0800] "GET /xingrg/kc/buy/cgsh_order_operate.html?command=get_materiel&rest_code=00149&code=00101008038&supplier_code=00100005&order_time=2022-01-04 HTTP/1.1" 200 412
120.253.135.82 - - [04/Jan/2022:08:59:50 +0800] "POST /xingrg/kc/pszx/mdps_order_operate.html HTTP/1.1" 200 37
114.85.125.222 - - [04/Jan/2022:08:59:50 +0800] "GET /xingrg/all/function/internal_message.html?_=1641257928064&CODE_STATE=getMsg HTTP/1.1" 200 27
120.253.135.82 - - [04/Jan/2022:08:59:52 +0800] "GET /xingrg/check_reg.html?_=1641257776784 HTTP/1.1" 200 22
120.253.135.82 - - [04/Jan/2022:08:59:52 +0800] "GET /xingrg/kc/pszx/mdps_order_info.html?code=312022010300096 HTTP/1.1" 200 23925
120.253.135.82 - - [04/Jan/2022:08:59:52 +0800] "GET /xingrg/all/function/internal_message.html?_=1641257777350&CODE_STATE=getMsg HTTP/1.1" 200 27
120.253.135.82 - - [04/Jan/2022:08:59:52 +0800] "GET /xingrg/javascript/easyui/themes/default/validatebox.css HTTP/1.1" 404 1104
120.253.135.82 - - [04/Jan/2022:08:59:53 +0800] "POST /xingrg/kc/pszx/mdps_order_operate.html HTTP/1.1" 200 43573
114.85.125.222 - - [04/Jan/2022:08:59:54 +0800] "POST /xingrg/kc/buy/cgsh_order_operate.html HTTP/1.1" 200 37
180.175.103.30 - - [04/Jan/2022:08:59:55 +0800] "GET /xingrg/kc/buy/cgsh_order_operate.html?command=get_materiel&rest_code=00105&code=00101008103&supplier_code=00100203&order_time=2022-01-04 HTTP/1.1" 200 417
114.83.217.139 - - [04/Jan/2022:08:59:55 +0800] "GET /xingrg/kc/buy/cgsh_order_operate.html?command=get_materiel&rest_code=00149&code=00101008358&supplier_code=00100005&order_time=2022-01-04 HTTP/1.1" 200 412
114.85.125.222 - - [04/Jan/2022:08:59:56 +0800] "POST /xingrg/kc/buy/cgsh_order_operate.html HTTP/1.1" 200 8604
222.70.179.159 - - [04/Jan/2022:08:59:57 +0800] "GET /xingrg/kc/buy/cgsh_order_operate.html?command=get_materiel&rest_code=00111&code=00101008312&supplier_code=00100005&order_time=2022-01-04 HTTP/1.1" 200 412
116.232.53.14 - - [04/Jan/2022:08:59:58 +0800] "POST /xingrg/kc/base/yddb_list_operate.html HTTP/1.1" 200 212
