180.175.103.30 - - [04/Jan/2022:09:18:51 +0800] "GET /xingrg/kc/buy/cgsh_order_operate.html?command=get_materiel&rest_code=00105&code=00101001010&supplier_code=&order_time=2022-01-04 HTTP/1.1" 200 409
120.253.135.82 - - [04/Jan/2022:09:18:53 +0800] "GET /xingrg/kc/pszx/mdps_order_operate.html?command=get_materiel&pszx_code=00101&rest_code=00109&base_code=0010246&code=00101034131 HTTP/1.1" 200 428
120.253.135.82 - - [04/Jan/2022:09:18:53 +0800] "GET /xingrg/all/function/internal_message.html?_=1641258918364&CODE_STATE=getMsg HTTP/1.1" 200 27
180.169.147.146 - - [04/Jan/2022:09:18:56 +0800] "GET /xingrg/all/function/internal_message.html?_=1641259136253&CODE_STATE=getMsg HTTP/1.1" 200 27
120.253.135.82 - - [04/Jan/2022:09:19:03 +0800] "GET /xingrg/kc/pszx/mdps_order_operate.html?command=get_materiel&pszx_code=00101&rest_code=00109&base_code=0010246&code=00101034132 HTTP/1.1" 200 428
222.70.179.159 - - [04/Jan/2022:09:19:07 +0800] "GET /xingrg/kc/base/wldb_order_operate.html?command=get_materiel&rest_code=00111&base_code=0010842&code=00101007001 HTTP/1.1" 200 428
114.83.217.139 - - [04/Jan/2022:09:19:10 +0800] "GET /xingrg/all/function/internal_message.html?_=1641259149738&CODE_STATE=getMsg HTTP/1.1" 200 27
180.169.147.146 - - [04/Jan/2022:09:19:15 +0800] "GET /xingrg/check_reg.html?_=1641259156146 HTTP/1.1" 200 22
180.169.147.146 - - [04/Jan/2022:09:19:15 +0800] "GET /xingrg/all/function/internal_message.html?_=1641259156148&CODE_STATE=getMsg HTTP/1.1" 200 27
180.169.147.146 - - [04/Jan/2022:09:19:15 +0800] "GET /xingrg/kc/base/wldb_order_info.html?code=422022010100023 HTTP/1.1" 200 26413
120.253.135.82 - - [04/Jan/2022:09:19:15 +0800] "GET /xingrg/kc/pszx/mdps_order_operate.html?command=get_materiel&pszx_code=00101&rest_code=00109&base_code=0010246&code=00101034134 HTTP/1.1" 200 428
180.169.147.146 - - [04/Jan/2022:09:19:15 +0800] "GET /xingrg/javascript/easyui/themes/default/validatebox.css HTTP/1.1" 404 1104
180.169.147.146 - - [04/Jan/2022:09:19:15 +0800] "POST /xingrg/kc/base/wldb_order_operate.html HTTP/1.1" 200 3302
124.77.245.186 - - [04/Jan/2022:09:19:16 +0800] "GET /xingrg/all/function/internal_message.html?_=1641259154412&CODE_STATE=getMsg HTTP/1.1" 200 27
222.70.179.159 - - [04/Jan/2022:09:19:16 +0800] "GET /xingrg/kc/base/wldb_order_operate.html?command=get_materiel&rest_code=00111&base_code=0010842&code=00101007016 HTTP/1.1" 200 431
180.175.103.30 - - [04/Jan/2022:09:19:22 +0800] "GET /xingrg/all/function/internal_message.html?_=1641259161759&CODE_STATE=getMsg HTTP/1.1" 200 27
114.85.125.222 - - [04/Jan/2022:09:19:22 +0800] "GET /xingrg/all/function/internal_message.html?_=1641259100209&CODE_STATE=getMsg HTTP/1.1" 200 27
222.70.179.159 - - [04/Jan/2022:09:19:26 +0800] "GET /xingrg/kc/base/wldb_order_operate.html?command=get_materiel&rest_code=00111&base_code=0010842&code=00101007077 HTTP/1.1" 200 437
180.169.147.146 - - [04/Jan/2022:09:19:27 +0800] "GET /xingrg/javascript/jquery_easy_ui/themes/default/images/tabs_close.gif HTTP/1.1" 200 829
180.169.147.146 - - [04/Jan/2022:09:19:28 +0800] "GET /xingrg/kc/report/report_main.html HTTP/1.1" 200 8599
180.169.147.146 - - [04/Jan/2022:09:19:28 +0800] "GET /xingrg/css/blue.css HTTP/1.1" 200 15949
180.169.147.146 - - [04/Jan/2022:09:19:28 +0800] "GET /xingrg/javascript/jquery_ui/themes/humanity/humanity.css HTTP/1.1" 200 27801
180.169.147.146 - - [04/Jan/2022:09:19:28 +0800] "GET /xingrg/javascript/pic_change.js HTTP/1.1" 200 4739
180.169.147.146 - - [04/Jan/2022:09:19:28 +0800] "GET /xingrg/javascript/myfunction.js HTTP/1.1" 200 24559
180.169.147.146 - - [04/Jan/2022:09:19:28 +0800] "GET /xingrg/javascript/json2.js HTTP/1.1" 200 11259
180.169.147.146 - - [04/Jan/2022:09:19:28 +0800] "GET /xingrg/javascript/jquery_easy_ui/themes/icons/back_new.png HTTP/1.1" 200 3414
120.253.135.82 - - [04/Jan/2022:09:19:29 +0800] "POST /xingrg/kc/pszx/mdps_order_operate.html HTTP/1.1" 200 37
180.169.147.146 - - [04/Jan/2022:09:19:29 +0800] "GET /xingrg/all/report/report_query.html?fileName=kc/buy/gys_amount_base_rest.xml HTTP/1.1" 200 51664
180.169.147.146 - - [04/Jan/2022:09:19:29 +0800] "GET /xingrg/javascript/multi_select/jqueryMultiSelect.css HTTP/1.1" 200 951
180.169.147.146 - - [04/Jan/2022:09:19:29 +0800] "GET /xingrg/javascript/calendar/timePicker.css HTTP/1.1" 200 523
180.169.147.146 - - [04/Jan/2022:09:19:29 +0800] "GET /xingrg/javascript/bigrid/fix.css HTTP/1.1" 200 1702
180.169.147.146 - - [04/Jan/2022:09:19:29 +0800] "GET /xingrg/dwr/interface/AjaxReportQueryService.js HTTP/1.1" 200 13203
180.169.147.146 - - [04/Jan/2022:09:19:29 +0800] "GET /xingrg/dwr/engine.js HTTP/1.1" 200 43631
180.169.147.146 - - [04/Jan/2022:09:19:29 +0800] "GET /xingrg/dwr/util.js HTTP/1.1" 200 35990
180.169.147.146 - - [04/Jan/2022:09:19:29 +0800] "GET /xingrg/javascript/jqueryMultiSelect.js HTTP/1.1" 200 11866
180.169.147.146 - - [04/Jan/2022:09:19:29 +0800] "GET /xingrg/javascript/Calendar.js HTTP/1.1" 200 31561
180.169.147.146 - - [04/Jan/2022:09:19:29 +0800] "GET /xingrg/javascript/calendar/jquery.timePicker.min.js HTTP/1.1" 200 2997
180.169.147.146 - - [04/Jan/2022:09:19:29 +0800] "GET /xingrg/javascript/bigrid/fix.js HTTP/1.1" 200 6439
180.169.147.146 - - [04/Jan/2022:09:19:29 +0800] "GET /xingrg/images/control/loading.gif HTTP/1.1" 200 13463
180.169.147.146 - - [04/Jan/2022:09:19:29 +0800] "GET /xingrg/images/blue/button/advanceover.gif HTTP/1.1" 200 1347
180.169.147.146 - - [04/Jan/2022:09:19:29 +0800] "GET /xingrg/images/blue/button/advance2over.gif HTTP/1.1" 200 1336
180.169.147.146 - - [04/Jan/2022:09:19:29 +0800] "GET /xingrg/images/blue/button/back2over.gif HTTP/1.1" 200 1335
180.169.147.146 - - [04/Jan/2022:09:19:29 +0800] "GET /xingrg/images/blue/button/backover.gif HTTP/1.1" 200 1348
180.169.147.146 - - [04/Jan/2022:09:19:29 +0800] "GET /xingrg/javascript/jquery_easy_ui/themes/icons/help.png HTTP/1.1" 200 1187
180.169.147.146 - - [04/Jan/2022:09:19:29 +0800] "GET /xingrg/javascript/jquery_easy_ui/themes/default/images/menu_downarrow.png HTTP/1.1" 200 173
180.169.147.146 - - [04/Jan/2022:09:19:29 +0800] "GET /xingrg/javascript/jquery_easy_ui/themes/default/images/button_a_bg.gif HTTP/1.1" 200 1194
180.169.147.146 - - [04/Jan/2022:09:19:29 +0800] "GET /xingrg/javascript/jquery_easy_ui/themes/default/images/menu.gif HTTP/1.1" 200 834
180.169.147.146 - - [04/Jan/2022:09:19:29 +0800] "GET /xingrg/javascript/jquery_easy_ui/themes/icons/print.png HTTP/1.1" 200 1057
180.169.147.146 - - [04/Jan/2022:09:19:29 +0800] "GET /xingrg/javascript/jquery_easy_ui/themes/icons/pencil.png HTTP/1.1" 200 713
180.169.147.146 - - [04/Jan/2022:09:19:29 +0800] "GET /xingrg/javascript/jquery_easy_ui/themes/default/images/menu_rightarrow.png HTTP/1.1" 200 3617
180.169.147.146 - - [04/Jan/2022:09:19:29 +0800] "POST /xingrg/dwr/call/plaincall/AjaxReportQueryService.getFixDate.dwr HTTP/1.1" 200 111
180.169.147.146 - - [04/Jan/2022:09:19:30 +0800] "GET /xingrg/javascript/jquery_easy_ui/themes/default/images/combo_arrow_dot.gif HTTP/1.1" 200 79
180.169.147.146 - - [04/Jan/2022:09:19:30 +0800] "POST /xingrg/all/common/load_tree.html?tree=area_rest_tree_json&manage=1 HTTP/1.1" 200 3472
180.169.147.146 - - [04/Jan/2022:09:19:30 +0800] "GET /xingrg/javascript/jquery_easy_ui/themes/default/images/tree_checkbox_0.gif HTTP/1.1" 200 168
180.169.147.146 - - [04/Jan/2022:09:19:31 +0800] "GET /xingrg/javascript/jquery_easy_ui/themes/icons/rest.png HTTP/1.1" 200 695
180.169.147.146 - - [04/Jan/2022:09:19:31 +0800] "GET /xingrg/javascript/jquery_easy_ui/themes/icons/area.png HTTP/1.1" 200 262
180.169.147.146 - - [04/Jan/2022:09:19:31 +0800] "GET /xingrg/javascript/jquery_easy_ui/themes/icons/manage.png HTTP/1.1" 200 696
180.169.147.146 - - [04/Jan/2022:09:19:31 +0800] "POST /xingrg/all/common/load_tree.html?tree=supplier_tree_json&manage=1 HTTP/1.1" 200 62979
120.253.135.82 - - [04/Jan/2022:09:19:31 +0800] "GET /xingrg/kc/pszx/mdps_order_info.html?code=312022010400147 HTTP/1.1" 200 23925
120.253.135.82 - - [04/Jan/2022:09:19:32 +0800] "GET /xingrg/javascript/easyui/themes/default/validatebox.css HTTP/1.1" 404 1104
120.253.135.82 - - [04/Jan/2022:09:19:32 +0800] "POST /xingrg/kc/pszx/mdps_order_operate.html HTTP/1.1" 200 4821
61.165.255.114 - - [04/Jan/2022:09:19:33 +0800] "GET /xingrg/all/function/internal_message.html?_=1641259172266&CODE_STATE=getMsg HTTP/1.1" 200 27
120.253.135.82 - - [04/Jan/2022:09:19:34 +0800] "GET /xingrg/kc/print/load_data.html?order_code=312022010400147&kc_code=mdps&condition= HTTP/1.1" 200 1877
222.70.179.159 - - [04/Jan/2022:09:19:35 +0800] "GET /xingrg/kc/base/wldb_order_operate.html?command=get_materiel&rest_code=00111&base_code=0010842&code=00101007105 HTTP/1.1" 200 434
222.70.179.159 - - [04/Jan/2022:09:19:36 +0800] "GET /xingrg/all/function/internal_message.html?_=1641259175116&CODE_STATE=getMsg HTTP/1.1" 200 27
116.232.53.14 - - [04/Jan/2022:09:19:38 +0800] "GET /xingrg/all/function/internal_message.html?_=1641259178390&CODE_STATE=getMsg HTTP/1.1" 200 27
116.232.53.14 - - [04/Jan/2022:09:19:38 +0800] "GET /xingrg/check_reg.html?_=1641259178393 HTTP/1.1" 200 22
116.227.210.113 - - [04/Jan/2022:09:19:43 +0800] "GET /xingrg/all/function/internal_message.html?_=1641259168251&CODE_STATE=getMsg HTTP/1.1" 200 27
180.175.103.30 - - [04/Jan/2022:09:19:45 +0800] "GET /xingrg/all/function/internal_message.html?_=1641259122336&CODE_STATE=getMsg HTTP/1.1" 200 27
114.83.217.139 - - [04/Jan/2022:09:19:46 +0800] "POST /xingrg/services/DataTransmitService HTTP/1.1" 401 565
114.83.217.139 - - [04/Jan/2022:09:19:46 +0800] "POST /xingrg/services/DataTransmitService HTTP/1.1" 200 478
114.83.217.139 - - [04/Jan/2022:09:19:46 +0800] "POST /xingrg/services/DataTransmitService HTTP/1.1" 200 1319
114.83.217.139 - - [04/Jan/2022:09:19:46 +0800] "POST /xingrg/services/DataTransmitService HTTP/1.1" 200 478
114.83.217.139 - - [04/Jan/2022:09:19:46 +0800] "POST /xingrg/services/DataTransmitService HTTP/1.1" 200 1319
114.83.217.139 - - [04/Jan/2022:09:19:46 +0800] "POST /xingrg/services/DataTransmitService HTTP/1.1" 200 524
114.83.217.139 - - [04/Jan/2022:09:19:47 +0800] "POST /xingrg/services/DataTransmitService HTTP/1.1" 200 1983
114.83.217.139 - - [04/Jan/2022:09:19:47 +0800] "POST /xingrg/services/DataTransmitService HTTP/1.1" 200 45454
114.83.217.139 - - [04/Jan/2022:09:19:47 +0800] "POST /xingrg/services/DataTransmitService HTTP/1.1" 200 19237
114.84.2.174 - - [04/Jan/2022:09:19:48 +0800] "POST /xingrg/services/DataTransmitService HTTP/1.1" 200 524
116.227.210.113 - - [04/Jan/2022:09:19:49 +0800] "GET /xingrg/kc/buy/cgsh_order_add.html HTTP/1.1" 200 65325
116.227.210.113 - - [04/Jan/2022:09:19:50 +0800] "POST /xingrg/kc/buy/cgsh_order_operate.html HTTP/1.1" 200 8245
116.227.210.113 - - [04/Jan/2022:09:19:50 +0800] "GET /xingrg/javascript/easyui/themes/default/validatebox.css HTTP/1.1" 404 1104
120.253.135.82 - - [04/Jan/2022:09:19:52 +0800] "GET /xingrg/check_reg.html?_=1641258976805 HTTP/1.1" 200 22
114.84.2.174 - - [04/Jan/2022:09:19:52 +0800] "POST /xingrg/services/DataTransmitService HTTP/1.1" 200 501
120.253.135.82 - - [04/Jan/2022:09:19:53 +0800] "GET /xingrg/all/function/internal_message.html?_=1641258978377&CODE_STATE=getMsg HTTP/1.1" 200 27
114.83.217.139 - - [04/Jan/2022:09:19:54 +0800] "POST /xingrg/services/DataTransmitService HTTP/1.1" 200 524
180.175.103.30 - - [04/Jan/2022:09:19:54 +0800] "GET /xingrg/javascript/jquery_easy_ui/themes/default/images/tabs_active.png HTTP/1.1" 304 -
114.83.217.139 - - [04/Jan/2022:09:19:54 +0800] "POST /xingrg/services/DataTransmitService HTTP/1.1" 200 1983
180.169.147.146 - - [04/Jan/2022:09:19:56 +0800] "GET /xingrg/all/function/internal_message.html?_=1641259196232&CODE_STATE=getMsg HTTP/1.1" 200 27
120.253.135.82 - - [04/Jan/2022:09:19:58 +0800] "POST /xingrg/kc/pszx/mdps_list_operate.html HTTP/1.1" 200 4953
116.227.210.113 - - [04/Jan/2022:09:20:01 +0800] "GET /xingrg/kc/buy/cgsh_order_operate.html?command=get_materiel&rest_code=00155&code=00101008358&supplier_code=00100005&order_time=2022-01-04 HTTP/1.1" 200 412
116.227.210.113 - - [04/Jan/2022:09:20:08 +0800] "GET /xingrg/kc/buy/cgsh_order_operate.html?command=get_materiel&rest_code=00155&code=00101008003&supplier_code=00100005&order_time=2022-01-04 HTTP/1.1" 200 408
222.70.179.159 - - [04/Jan/2022:09:20:09 +0800] "GET /xingrg/kc/base/wldb_order_operate.html?command=get_materiel&rest_code=00111&base_code=0010842&code=00101010540 HTTP/1.1" 200 420
114.83.217.139 - - [04/Jan/2022:09:20:10 +0800] "GET /xingrg/all/function/internal_message.html?_=1641259209734&CODE_STATE=getMsg HTTP/1.1" 200 27
116.227.210.113 - - [04/Jan/2022:09:20:14 +0800] "GET /xingrg/kc/buy/cgsh_order_operate.html?command=get_materiel&rest_code=00155&code=00101008126&supplier_code=00100005&order_time=2022-01-04 HTTP/1.1" 200 412
180.169.147.146 - - [04/Jan/2022:09:20:15 +0800] "GET /xingrg/all/function/internal_message.html?_=1641259216129&CODE_STATE=getMsg HTTP/1.1" 200 27
124.77.245.186 - - [04/Jan/2022:09:20:16 +0800] "GET /xingrg/all/function/internal_message.html?_=1641259214425&CODE_STATE=getMsg HTTP/1.1" 200 27
114.85.125.222 - - [04/Jan/2022:09:20:20 +0800] "POST /xingrg/all/user/operate.html HTTP/1.1" 200 36
114.85.125.222 - - [04/Jan/2022:09:20:21 +0800] "GET /xingrg/index.html?sysBaseUrl=http%3A%2F%2F180.169.147.146%3A18081%2Fxingrg%2F&costTime=1195×tamp=1641257587661 HTTP/1.1" 200 17179
114.85.125.222 - - [04/Jan/2022:09:20:21 +0800] "GET /xingrg/javascript/jquery_easy_ui/themes/default/easyui.css HTTP/1.1" 304 -
114.85.125.222 - - [04/Jan/2022:09:20:21 +0800] "GET /xingrg/javascript/jquery_easy_ui/themes/icon.css HTTP/1.1" 304 -
114.85.125.222 - - [04/Jan/2022:09:20:21 +0800] "GET /xingrg/css/form.css HTTP/1.1" 304 -
114.85.125.222 - - [04/Jan/2022:09:20:21 +0800] "GET /xingrg/javascript/jquery-1.4.2.min.js HTTP/1.1" 304 -
114.85.125.222 - - [04/Jan/2022:09:20:21 +0800] "GET /xingrg/javascript/jquery_easy_ui/jquery.easyui.min.js HTTP/1.1" 304 -
114.85.125.222 - - [04/Jan/2022:09:20:21 +0800] "GET /xingrg/javascript/jquery_easy_ui/easyui-lang-zh_CN.js HTTP/1.1" 304 -
114.85.125.222 - - [04/Jan/2022:09:20:21 +0800] "GET /xingrg/javascript/jquery.form.js HTTP/1.1" 304 -
114.85.125.222 - - [04/Jan/2022:09:20:21 +0800] "GET /xingrg/javascript/jquery.utils.js HTTP/1.1" 304 -
114.85.125.222 - - [04/Jan/2022:09:20:21 +0800] "GET /xingrg/javascript/jquery.timers.js HTTP/1.1" 304 -
114.85.125.222 - - [04/Jan/2022:09:20:21 +0800] "GET /xingrg/images/blue/jxLogo.png HTTP/1.1" 304 -
114.85.125.222 - - [04/Jan/2022:09:20:21 +0800] "GET /xingrg/images/blue/navBackgound.jpg HTTP/1.1" 304 -
114.85.125.222 - - [04/Jan/2022:09:20:21 +0800] "GET /xingrg/javascript/jquery_easy_ui/themes/icons/settle_new.png HTTP/1.1" 304 -
114.85.125.222 - - [04/Jan/2022:09:20:21 +0800] "GET /xingrg/images/blue/pingpu.png HTTP/1.1" 304 -
114.85.125.222 - - [04/Jan/2022:09:20:22 +0800] "GET /xingrg/javascript/jquery_easy_ui/themes/default/images/tabs_leftarrow.png HTTP/1.1" 304 -
114.85.125.222 - - [04/Jan/2022:09:20:22 +0800] "GET /xingrg/javascript/jquery_easy_ui/themes/default/images/tabs_rightarrow.png HTTP/1.1" 304 -
114.85.125.222 - - [04/Jan/2022:09:20:22 +0800] "GET /xingrg/javascript/jquery_easy_ui/themes/default/images/panel_tool_collapse.gif HTTP/1.1" 304 -
114.85.125.222 - - [04/Jan/2022:09:20:22 +0800] "GET /xingrg/all/function/internal_message.html?_=1641259159480&CODE_STATE=count HTTP/1.1" 200 11
114.85.125.222 - - [04/Jan/2022:09:20:22 +0800] "GET /xingrg/check_reg.html?_=1641259159481 HTTP/1.1" 200 22
114.85.125.222 - - [04/Jan/2022:09:20:22 +0800] "POST /xingrg/all/common/load_tree.html?tree=area_rest_tree_json&manage=1 HTTP/1.1" 200 476
114.85.125.222 - - [04/Jan/2022:09:20:22 +0800] "POST /xingrg/load_menu.html HTTP/1.1" 200 5138
116.227.210.113 - - [04/Jan/2022:09:20:22 +0800] "GET /xingrg/kc/buy/cgsh_order_operate.html?command=get_materiel&rest_code=00155&code=00101008108&supplier_code=00100005&order_time=2022-01-04 HTTP/1.1" 200 412
180.175.103.30 - - [04/Jan/2022:09:20:22 +0800] "GET /xingrg/all/function/internal_message.html?_=1641259221760&CODE_STATE=getMsg HTTP/1.1" 200 27
114.85.125.222 - - [04/Jan/2022:09:20:25 +0800] "GET /xingrg/kc/base/wldb_order_list.html HTTP/1.1" 200 19066
222.70.179.159 - - [04/Jan/2022:09:20:26 +0800] "GET /xingrg/kc/base/wldb_order_operate.html?command=get_materiel&rest_code=00111&base_code=0010842&code=00101012033 HTTP/1.1" 200 446
114.85.125.222 - - [04/Jan/2022:09:20:26 +0800] "POST /xingrg/kc/base/wldb_list_operate.html HTTP/1.1" 200 928
120.253.135.82 - - [04/Jan/2022:09:20:27 +0800] "POST /xingrg/kc/pszx/mdps_list_operate.html HTTP/1.1" 200 2410
116.227.210.113 - - [04/Jan/2022:09:20:28 +0800] "GET /xingrg/kc/buy/cgsh_order_operate.html?command=get_materiel&rest_code=00155&code=00101008005&supplier_code=00100005&order_time=2022-01-04 HTTP/1.1" 200 412
61.165.255.114 - - [04/Jan/2022:09:20:29 +0800] "POST /xingrg/kc/buy/cgsh_list_operate.html HTTP/1.1" 200 876
120.253.135.82 - - [04/Jan/2022:09:20:29 +0800] "POST /xingrg/kc/pszx/mdps_list_operate.html HTTP/1.1" 200 205
120.253.135.82 - - [04/Jan/2022:09:20:30 +0800] "POST /xingrg/kc/pszx/mdps_list_operate.html HTTP/1.1" 200 279
120.253.135.82 - - [04/Jan/2022:09:20:32 +0800] "POST /xingrg/kc/pszx/mdps_list_operate.html HTTP/1.1" 200 364
61.165.255.114 - - [04/Jan/2022:09:20:33 +0800] "POST /xingrg/all/user/operate.html HTTP/1.1" 200 36
61.165.255.114 - - [04/Jan/2022:09:20:33 +0800] "GET /xingrg/all/function/internal_message.html?_=1641259232267&CODE_STATE=getMsg HTTP/1.1" 200 27
116.227.210.113 - - [04/Jan/2022:09:20:33 +0800] "GET /xingrg/kc/buy/cgsh_order_operate.html?command=get_materiel&rest_code=00155&code=00101008298&supplier_code=00100005&order_time=2022-01-04 HTTP/1.1" 200 413
61.165.255.114 - - [04/Jan/2022:09:20:33 +0800] "GET /xingrg/index.html?sysBaseUrl=http%3A%2F%2F180.169.147.146%3A18081%2Fxingrg%2F&costTime=1312×tamp=1641257316320 HTTP/1.1" 200 17177
61.165.255.114 - - [04/Jan/2022:09:20:33 +0800] "GET /xingrg/javascript/jquery_easy_ui/themes/default/easyui.css HTTP/1.1" 304 -
61.165.255.114 - - [04/Jan/2022:09:20:33 +0800] "GET /xingrg/javascript/jquery_easy_ui/themes/icon.css HTTP/1.1" 304 -
61.165.255.114 - - [04/Jan/2022:09:20:33 +0800] "GET /xingrg/css/form.css HTTP/1.1" 304 -
61.165.255.114 - - [04/Jan/2022:09:20:33 +0800] "GET /xingrg/javascript/jquery-1.4.2.min.js HTTP/1.1" 304 -
61.165.255.114 - - [04/Jan/2022:09:20:33 +0800] "GET /xingrg/javascript/jquery_easy_ui/jquery.easyui.min.js HTTP/1.1" 304 -
61.165.255.114 - - [04/Jan/2022:09:20:33 +0800] "GET /xingrg/javascript/jquery_easy_ui/easyui-lang-zh_CN.js HTTP/1.1" 304 -
61.165.255.114 - - [04/Jan/2022:09:20:33 +0800] "GET /xingrg/javascript/jquery.form.js HTTP/1.1" 304 -
61.165.255.114 - - [04/Jan/2022:09:20:33 +0800] "GET /xingrg/javascript/jquery.utils.js HTTP/1.1" 304 -
61.165.255.114 - - [04/Jan/2022:09:20:33 +0800] "GET /xingrg/javascript/jquery.timers.js HTTP/1.1" 304 -
61.165.255.114 - - [04/Jan/2022:09:20:33 +0800] "GET /xingrg/images/blue/jxLogo.png HTTP/1.1" 304 -
61.165.255.114 - - [04/Jan/2022:09:20:33 +0800] "GET /xingrg/images/blue/navBackgound.jpg HTTP/1.1" 304 -
61.165.255.114 - - [04/Jan/2022:09:20:33 +0800] "GET /xingrg/javascript/jquery_easy_ui/themes/icons/settle_new.png HTTP/1.1" 304 -
61.165.255.114 - - [04/Jan/2022:09:20:34 +0800] "GET /xingrg/all/function/internal_message.html?_=1641259232949&CODE_STATE=count HTTP/1.1" 200 11
61.165.255.114 - - [04/Jan/2022:09:20:34 +0800] "GET /xingrg/check_reg.html?_=1641259232952 HTTP/1.1" 200 22
61.165.255.114 - - [04/Jan/2022:09:20:34 +0800] "GET /xingrg/images/blue/pingpu.png HTTP/1.1" 304 -
61.165.255.114 - - [04/Jan/2022:09:20:34 +0800] "GET /xingrg/javascript/jquery_easy_ui/themes/default/images/tabs_rightarrow.png HTTP/1.1" 304 -
61.165.255.114 - - [04/Jan/2022:09:20:34 +0800] "GET /xingrg/javascript/jquery_easy_ui/themes/default/images/tabs_leftarrow.png HTTP/1.1" 304 -
61.165.255.114 - - [04/Jan/2022:09:20:34 +0800] "GET /xingrg/javascript/jquery_easy_ui/themes/default/images/panel_tool_collapse.gif HTTP/1.1" 304 -
61.165.255.114 - - [04/Jan/2022:09:20:34 +0800] "POST /xingrg/load_menu.html HTTP/1.1" 200 5138
61.165.255.114 - - [04/Jan/2022:09:20:34 +0800] "POST /xingrg/all/common/load_tree.html?tree=area_rest_tree_json&manage=1 HTTP/1.1" 200 476
120.253.135.82 - - [04/Jan/2022:09:20:34 +0800] "GET /xingrg/kc/pszx/mdps_order_info.html?code=312022010200047 HTTP/1.1" 200 23927
120.253.135.82 - - [04/Jan/2022:09:20:34 +0800] "GET /xingrg/javascript/easyui/themes/default/validatebox.css HTTP/1.1" 404 1104
120.253.135.82 - - [04/Jan/2022:09:20:35 +0800] "POST /xingrg/kc/pszx/mdps_order_operate.html HTTP/1.1" 200 3272
120.253.135.82 - - [04/Jan/2022:09:20:36 +0800] "GET /xingrg/javascript/jquery_tools/images/prev.gif HTTP/1.1" 404 1086
120.253.135.82 - - [04/Jan/2022:09:20:36 +0800] "GET /xingrg/javascript/jquery_tools/images/next.gif HTTP/1.1" 404 1086
222.70.179.159 - - [04/Jan/2022:09:20:36 +0800] "GET /xingrg/all/function/internal_message.html?_=1641259235114&CODE_STATE=getMsg HTTP/1.1" 200 27
222.70.179.159 - - [04/Jan/2022:09:20:37 +0800] "GET /xingrg/kc/base/wldb_order_operate.html?command=get_materiel&rest_code=00111&base_code=0010842&code=00101018008 HTTP/1.1" 200 435
116.232.53.14 - - [04/Jan/2022:09:20:38 +0800] "GET /xingrg/all/function/internal_message.html?_=1641259238394&CODE_STATE=getMsg HTTP/1.1" 200 27
116.227.210.113 - - [04/Jan/2022:09:20:39 +0800] "GET /xingrg/kc/buy/cgsh_order_operate.html?command=get_materiel&rest_code=00155&code=00101008055&supplier_code=00100005&order_time=2022-01-04 HTTP/1.1" 200 409
61.165.255.114 - - [04/Jan/2022:09:20:42 +0800] "GET /xingrg/kc/buy/cgsh_order_list.html HTTP/1.1" 200 49592
120.253.135.82 - - [04/Jan/2022:09:20:42 +0800] "POST /xingrg/kc/pszx/mdps_order_operate.html HTTP/1.1" 200 37
116.227.210.113 - - [04/Jan/2022:09:20:43 +0800] "GET /xingrg/all/function/internal_message.html?_=1641259228247&CODE_STATE=getMsg HTTP/1.1" 200 27
120.253.135.82 - - [04/Jan/2022:09:20:44 +0800] "GET /xingrg/kc/pszx/mdps_order_info.html?code=312022010200047 HTTP/1.1" 200 23927
120.253.135.82 - - [04/Jan/2022:09:20:44 +0800] "GET /xingrg/javascript/easyui/themes/default/validatebox.css HTTP/1.1" 404 1104
61.165.255.114 - - [04/Jan/2022:09:20:45 +0800] "POST /xingrg/kc/buy/cgsh_list_operate.html HTTP/1.1" 200 2087
180.175.103.30 - - [04/Jan/2022:09:20:45 +0800] "GET /xingrg/check_reg.html?_=1641259182338 HTTP/1.1" 200 22
180.175.103.30 - - [04/Jan/2022:09:20:45 +0800] "GET /xingrg/all/function/internal_message.html?_=1641259182340&CODE_STATE=getMsg HTTP/1.1" 200 27
120.253.135.82 - - [04/Jan/2022:09:20:45 +0800] "POST /xingrg/kc/pszx/mdps_order_operate.html HTTP/1.1" 200 3272
116.227.210.113 - - [04/Jan/2022:09:20:47 +0800] "GET /xingrg/kc/buy/cgsh_order_operate.html?command=get_materiel&rest_code=00155&code=00101008091&supplier_code=00100005&order_time=2022-01-04 HTTP/1.1" 200 413
61.165.255.114 - - [04/Jan/2022:09:20:47 +0800] "POST /xingrg/kc/buy/cgsh_list_operate.html HTTP/1.1" 200 488
120.253.135.82 - - [04/Jan/2022:09:20:48 +0800] "GET /xingrg/kc/print/load_data.html?order_code=312022010200047&kc_code=mdps&condition= HTTP/1.1" 200 1131
172.20.0.100 - - [04/Jan/2022:09:20:49 +0800] "GET /xingrg/check_reg.html?_=1641259247652 HTTP/1.1" 302 -
61.165.255.114 - - [04/Jan/2022:09:20:50 +0800] "GET /xingrg/kc/buy/cgsh_order_info.html?code=212022010401590 HTTP/1.1" 200 64982
61.165.255.114 - - [04/Jan/2022:09:20:50 +0800] "GET /xingrg/javascript/easyui/themes/default/validatebox.css HTTP/1.1" 404 1104
61.165.255.114 - - [04/Jan/2022:09:20:51 +0800] "POST /xingrg/kc/buy/cgsh_order_operate.html HTTP/1.1" 200 5052
180.169.147.146 - - [04/Jan/2022:09:20:52 +0800] "GET /xingrg/javascript/jquery_easy_ui/themes/default/images/tree_checkbox_1.gif HTTP/1.1" 200 174
180.169.147.146 - - [04/Jan/2022:09:20:52 +0800] "GET /xingrg/javascript/jquery_easy_ui/themes/default/images/tree_checkbox_2.gif HTTP/1.1" 200 181
120.253.135.82 - - [04/Jan/2022:09:20:53 +0800] "GET /xingrg/all/function/internal_message.html?_=1641259038391&CODE_STATE=getMsg HTTP/1.1" 200 27
120.253.135.82 - - [04/Jan/2022:09:20:53 +0800] "POST /xingrg/kc/pszx/mdps_list_operate.html HTTP/1.1" 200 2410
180.169.147.146 - - [04/Jan/2022:09:20:53 +0800] "POST /xingrg/dwr/call/plaincall/AjaxReportQueryService.refreshCache.dwr HTTP/1.1" 200 78
116.227.210.113 - - [04/Jan/2022:09:20:55 +0800] "GET /xingrg/kc/buy/cgsh_order_operate.html?command=get_materiel&rest_code=00155&code=00101008257&supplier_code=00100005&order_time=2022-01-04 HTTP/1.1" 200 416
120.253.135.82 - - [04/Jan/2022:09:20:56 +0800] "GET /xingrg/kc/pszx/mdps_order_add.html HTTP/1.1" 200 28947
120.253.135.82 - - [04/Jan/2022:09:20:56 +0800] "POST /xingrg/kc/pszx/mdps_order_operate.html HTTP/1.1" 200 7126
180.169.147.146 - - [04/Jan/2022:09:20:56 +0800] "POST /xingrg/all/report/load_report_page.html HTTP/1.1" 200 49588
180.169.147.146 - - [04/Jan/2022:09:20:56 +0800] "GET /xingrg/servlets/image?cache=0.3609024612564298&image=px HTTP/1.1" 200 807
120.253.135.82 - - [04/Jan/2022:09:20:56 +0800] "GET /xingrg/javascript/easyui/themes/default/validatebox.css HTTP/1.1" 404 1104
114.85.125.222 - - [04/Jan/2022:09:20:56 +0800] "GET /xingrg/kc/base/wldb_order_list.html HTTP/1.1" 200 19066
180.169.147.146 - - [04/Jan/2022:09:20:57 +0800] "GET /xingrg/all/function/internal_message.html?_=1641259256318&CODE_STATE=getMsg HTTP/1.1" 200 27
114.85.125.222 - - [04/Jan/2022:09:20:57 +0800] "POST /xingrg/kc/base/wldb_list_operate.html HTTP/1.1" 200 928
114.85.125.222 - - [04/Jan/2022:09:20:58 +0800] "GET /xingrg/kc/base/wldb_order_add.html HTTP/1.1" 200 30288
114.85.125.222 - - [04/Jan/2022:09:20:58 +0800] "POST /xingrg/kc/base/wldb_order_operate.html HTTP/1.1" 200 6806
114.85.125.222 - - [04/Jan/2022:09:20:59 +0800] "GET /xingrg/all/common/auto_word.html?type=base&rest_code=00150 HTTP/1.1" 200 1699
114.85.125.222 - - [04/Jan/2022:09:20:59 +0800] "GET /xingrg/javascript/easyui/themes/default/validatebox.css HTTP/1.1" 404 1104
114.85.125.222 - - [04/Jan/2022:09:20:59 +0800] "GET /xingrg/all/common/auto_word.html?type=base&rest_code=00150 HTTP/1.1" 200 1699
114.85.125.222 - - [04/Jan/2022:09:21:00 +0800] "GET /xingrg/css/images/panel_loading.gif HTTP/1.1" 304 -
114.85.125.222 - - [04/Jan/2022:09:21:00 +0800] "POST /xingrg/all/common/load_combo.html?type=base HTTP/1.1" 200 3051
61.165.255.114 - - [04/Jan/2022:09:21:01 +0800] "POST /xingrg/kc/buy/cgsh_order_operate.html HTTP/1.1" 200 37
120.253.135.82 - - [04/Jan/2022:09:21:01 +0800] "POST /xingrg/all/common/load_combo.html?type=base HTTP/1.1" 200 1075
116.227.210.113 - - [04/Jan/2022:09:21:02 +0800] "GET /xingrg/kc/buy/cgsh_order_operate.html?command=get_materiel&rest_code=00155&code=00101008049&supplier_code=00100005&order_time=2022-01-04 HTTP/1.1" 200 408
114.85.125.222 - - [04/Jan/2022:09:21:03 +0800] "GET /xingrg/javascript/auto/indicator.gif HTTP/1.1" 404 1066
114.85.125.222 - - [04/Jan/2022:09:21:07 +0800] "GET /xingrg/kc/base/wldb_order_operate.html?command=get_materiel&rest_code=00150&base_code=0010445&code=00101008500 HTTP/1.1" 200 427
61.165.255.114 - - [04/Jan/2022:09:21:08 +0800] "POST /xingrg/kc/buy/cgsh_order_operate.html HTTP/1.1" 200 12
116.227.210.113 - - [04/Jan/2022:09:21:08 +0800] "GET /xingrg/kc/buy/cgsh_order_operate.html?command=get_materiel&rest_code=00155&code=00101008149&supplier_code=00100005&order_time=2022-01-04 HTTP/1.1" 200 408
61.165.255.114 - - [04/Jan/2022:09:21:10 +0800] "GET /xingrg/kc/buy/cgsh_order_info.html?code=212022010401590 HTTP/1.1" 200 59882
120.253.135.82 - - [04/Jan/2022:09:21:10 +0800] "GET /xingrg/kc/pszx/mdps_order_operate.html?command=get_materiel&pszx_code=00101&rest_code=00102&base_code=0010246&code=00101034130 HTTP/1.1" 200 414
61.165.255.114 - - [04/Jan/2022:09:21:10 +0800] "GET /xingrg/javascript/easyui/themes/default/validatebox.css HTTP/1.1" 404 1104
114.83.217.139 - - [04/Jan/2022:09:21:10 +0800] "GET /xingrg/all/function/internal_message.html?_=1641259269736&CODE_STATE=getMsg HTTP/1.1" 200 27
114.83.217.139 - - [04/Jan/2022:09:21:10 +0800] "GET /xingrg/check_reg.html?_=1641259269747 HTTP/1.1" 200 22
61.165.255.114 - - [04/Jan/2022:09:21:11 +0800] "POST /xingrg/kc/buy/cgsh_order_operate.html HTTP/1.1" 200 3001
61.165.255.114 - - [04/Jan/2022:09:21:12 +0800] "GET /xingrg/kc/print/load_data.html?order_code=212022010401590&kc_code=cgsh&condition= HTTP/1.1" 200 1651
180.169.147.146 - - [04/Jan/2022:09:21:14 +0800] "GET /xingrg/all/function/internal_message.html?_=1641259276099&CODE_STATE=getMsg HTTP/1.1" 200 27
124.77.245.186 - - [04/Jan/2022:09:21:16 +0800] "GET /xingrg/all/function/internal_message.html?_=1641259274441&CODE_STATE=getMsg HTTP/1.1" 200 27
61.165.255.114 - - [04/Jan/2022:09:21:19 +0800] "POST /xingrg/kc/buy/cgsh_list_operate.html HTTP/1.1" 200 559
61.165.255.114 - - [04/Jan/2022:09:21:21 +0800] "GET /xingrg/kc/buy/cgsh_order_info.html?code=212022010401585 HTTP/1.1" 200 64982
114.85.125.222 - - [04/Jan/2022:09:21:22 +0800] "GET /xingrg/all/function/internal_message.html?_=1641259219488&CODE_STATE=getMsg HTTP/1.1" 200 27
180.175.103.30 - - [04/Jan/2022:09:21:22 +0800] "GET /xingrg/all/function/internal_message.html?_=1641259281756&CODE_STATE=getMsg HTTP/1.1" 200 27
180.175.103.30 - - [04/Jan/2022:09:21:22 +0800] "GET /xingrg/check_reg.html?_=1641259281757 HTTP/1.1" 200 22
61.165.255.114 - - [04/Jan/2022:09:21:22 +0800] "GET /xingrg/javascript/easyui/themes/default/validatebox.css HTTP/1.1" 404 1104
222.70.179.159 - - [04/Jan/2022:09:21:23 +0800] "POST /xingrg/kc/base/wldb_order_operate.html HTTP/1.1" 200 37
114.85.125.222 - - [04/Jan/2022:09:21:23 +0800] "POST /xingrg/kc/base/wldb_order_operate.html HTTP/1.1" 200 64
222.70.179.159 - - [04/Jan/2022:09:21:23 +0800] "POST /xingrg/kc/base/wldb_order_operate.html HTTP/1.1" 200 5511
61.165.255.114 - - [04/Jan/2022:09:21:23 +0800] "POST /xingrg/kc/buy/cgsh_order_operate.html HTTP/1.1" 200 22380
222.70.179.159 - - [04/Jan/2022:09:21:24 +0800] "GET /xingrg/kc/base/wldb_order_info.html?code=422022010400506 HTTP/1.1" 200 30289
222.70.179.159 - - [04/Jan/2022:09:21:24 +0800] "GET /xingrg/javascript/easyui/themes/default/validatebox.css HTTP/1.1" 404 1104
222.70.179.159 - - [04/Jan/2022:09:21:24 +0800] "POST /xingrg/kc/base/wldb_order_operate.html HTTP/1.1" 200 5511
120.253.135.82 - - [04/Jan/2022:09:21:25 +0800] "GET /xingrg/kc/pszx/mdps_order_operate.html?command=get_materiel&pszx_code=00101&rest_code=00102&base_code=0010246&code=00101034133 HTTP/1.1" 200 428
222.70.179.159 - - [04/Jan/2022:09:21:26 +0800] "GET /xingrg/kc/print/load_config.html?kc_code=wldb HTTP/1.1" 200 2173
116.227.210.113 - - [04/Jan/2022:09:21:26 +0800] "GET /xingrg/kc/buy/cgsh_order_operate.html?command=get_materiel&rest_code=00155&code=00101008198&supplier_code=00100005&order_time=2022-01-04 HTTP/1.1" 200 413
222.70.179.159 - - [04/Jan/2022:09:21:26 +0800] "GET /xingrg/kc/print/load_data.html?order_code=422022010400506&kc_code=wldb&condition= HTTP/1.1" 200 1483
114.85.125.222 - - [04/Jan/2022:09:21:27 +0800] "POST /xingrg/kc/base/wldb_order_operate.html HTTP/1.1" 200 37
114.85.125.222 - - [04/Jan/2022:09:21:27 +0800] "POST /xingrg/kc/base/wldb_order_operate.html HTTP/1.1" 200 2184
114.85.125.222 - - [04/Jan/2022:09:21:28 +0800] "GET /xingrg/kc/base/wldb_order_info.html?code=422022010400508 HTTP/1.1" 200 30300
114.85.125.222 - - [04/Jan/2022:09:21:29 +0800] "GET /xingrg/javascript/easyui/themes/default/validatebox.css HTTP/1.1" 404 1104
114.85.125.222 - - [04/Jan/2022:09:21:29 +0800] "POST /xingrg/kc/base/wldb_order_operate.html HTTP/1.1" 200 2184
116.227.210.113 - - [04/Jan/2022:09:21:32 +0800] "GET /xingrg/kc/buy/cgsh_order_operate.html?command=get_materiel&rest_code=00155&code=00101008001&supplier_code=00100005&order_time=2022-01-04 HTTP/1.1" 200 413
114.85.125.222 - - [04/Jan/2022:09:21:32 +0800] "POST /xingrg/kc/base/wldb_order_operate.html HTTP/1.1" 200 37
61.165.255.114 - - [04/Jan/2022:09:21:34 +0800] "GET /xingrg/all/function/internal_message.html?_=1641259292960&CODE_STATE=getMsg HTTP/1.1" 200 27
114.85.125.222 - - [04/Jan/2022:09:21:35 +0800] "POST /xingrg/kc/base/wldb_order_operate.html HTTP/1.1" 200 12
114.85.125.222 - - [04/Jan/2022:09:21:35 +0800] "POST /xingrg/kc/base/wldb_order_operate.html HTTP/1.1" 200 2183
114.85.125.222 - - [04/Jan/2022:09:21:35 +0800] "GET /xingrg/kc/base/wldb_order_info.html?code=422022010400508 HTTP/1.1" 200 26168
222.70.179.159 - - [04/Jan/2022:09:21:35 +0800] "GET /xingrg/kc/base/wldb_order_add.html HTTP/1.1" 200 30274
114.85.125.222 - - [04/Jan/2022:09:21:36 +0800] "GET /xingrg/javascript/easyui/themes/default/validatebox.css HTTP/1.1" 404 1104
120.253.135.82 - - [04/Jan/2022:09:21:36 +0800] "GET /xingrg/kc/pszx/mdps_order_operate.html?command=get_materiel&pszx_code=00101&rest_code=00102&base_code=0010246&code=00101034135 HTTP/1.1" 200 428
222.70.179.159 - - [04/Jan/2022:09:21:36 +0800] "GET /xingrg/javascript/easyui/themes/default/validatebox.css HTTP/1.1" 404 1104
114.85.125.222 - - [04/Jan/2022:09:21:36 +0800] "POST /xingrg/kc/base/wldb_order_operate.html HTTP/1.1" 200 478
222.70.179.159 - - [04/Jan/2022:09:21:36 +0800] "POST /xingrg/kc/base/wldb_order_operate.html HTTP/1.1" 200 6806
222.70.179.159 - - [04/Jan/2022:09:21:36 +0800] "GET /xingrg/all/function/internal_message.html?_=1641259295119&CODE_STATE=getMsg HTTP/1.1" 200 27
116.227.210.113 - - [04/Jan/2022:09:21:38 +0800] "GET /xingrg/kc/buy/cgsh_order_operate.html?command=get_materiel&rest_code=00155&code=00101008646&supplier_code=00100005&order_time=2022-01-04 HTTP/1.1" 200 399
116.232.53.14 - - [04/Jan/2022:09:21:38 +0800] "GET /xingrg/all/function/internal_message.html?_=1641259298397&CODE_STATE=getMsg HTTP/1.1" 200 27
116.227.210.113 - - [04/Jan/2022:09:21:43 +0800] "GET /xingrg/all/function/internal_message.html?_=1641259288245&CODE_STATE=getMsg HTTP/1.1" 200 27
180.175.103.30 - - [04/Jan/2022:09:21:45 +0800] "GET /xingrg/all/function/internal_message.html?_=1641259242340&CODE_STATE=getMsg HTTP/1.1" 200 27
120.253.135.82 - - [04/Jan/2022:09:21:46 +0800] "GET /xingrg/kc/pszx/mdps_order_operate.html?command=get_materiel&pszx_code=00101&rest_code=00102&base_code=0010246&code=00101034131 HTTP/1.1" 200 428
116.227.210.113 - - [04/Jan/2022:09:21:46 +0800] "GET /xingrg/kc/buy/cgsh_order_operate.html?command=get_materiel&rest_code=00155&code=00101008010&supplier_code=00100005&order_time=2022-01-04 HTTP/1.1" 200 412
222.70.179.159 - - [04/Jan/2022:09:21:48 +0800] "GET /xingrg/kc/base/wldb_order_operate.html?command=get_materiel&rest_code=00111&base_code=0010842&code=00101013206 HTTP/1.1" 200 432
116.227.210.113 - - [04/Jan/2022:09:21:52 +0800] "GET /xingrg/kc/buy/cgsh_order_operate.html?command=get_materiel&rest_code=00155&code=00101008190&supplier_code=00100005&order_time=2022-01-04 HTTP/1.1" 200 412
120.253.135.82 - - [04/Jan/2022:09:21:53 +0800] "GET /xingrg/all/function/internal_message.html?_=1641259098404&CODE_STATE=getMsg HTTP/1.1" 200 27
180.169.147.146 - - [04/Jan/2022:09:21:54 +0800] "GET /xingrg/javascript/jquery_easy_ui/themes/default/images/button_plain_hover.png HTTP/1.1" 200 252
120.253.135.82 - - [04/Jan/2022:09:21:55 +0800] "GET /xingrg/kc/pszx/mdps_order_operate.html?command=get_materiel&pszx_code=00101&rest_code=00102&base_code=0010246&code=00101034132 HTTP/1.1" 200 428
180.169.147.146 - - [04/Jan/2022:09:21:56 +0800] "GET /xingrg/all/function/internal_message.html?_=1641259316311&CODE_STATE=getMsg HTTP/1.1" 200 27
116.227.210.113 - - [04/Jan/2022:09:21:57 +0800] "GET /xingrg/kc/buy/cgsh_order_operate.html?command=get_materiel&rest_code=00155&code=00101008148&supplier_code=00100005&order_time=2022-01-04 HTTP/1.1" 200 416
222.70.179.159 - - [04/Jan/2022:09:22:00 +0800] "GET /xingrg/kc/base/wldb_order_operate.html?command=get_materiel&rest_code=00111&base_code=0010842&code=00101013222 HTTP/1.1" 200 428
180.169.147.146 - - [04/Jan/2022:09:22:00 +0800] "POST /xingrg/all/report/report_print.html HTTP/1.1" 200 7168
116.227.210.113 - - [04/Jan/2022:09:22:04 +0800] "GET /xingrg/kc/buy/cgsh_order_operate.html?command=get_materiel&rest_code=00155&code=00101008264&supplier_code=00100005&order_time=2022-01-04 HTTP/1.1" 200 412
120.253.135.82 - - [04/Jan/2022:09:22:06 +0800] "GET /xingrg/kc/pszx/mdps_order_operate.html?command=get_materiel&pszx_code=00101&rest_code=00102&base_code=0010246&code=00101034134 HTTP/1.1" 200 428
114.83.217.139 - - [04/Jan/2022:09:22:10 +0800] "GET /xingrg/all/function/internal_message.html?_=1641259329735&CODE_STATE=getMsg HTTP/1.1" 200 27
116.227.210.113 - - [04/Jan/2022:09:22:10 +0800] "GET /xingrg/kc/buy/cgsh_order_operate.html?command=get_materiel&rest_code=00155&code=00101008251&supplier_code=00100005&order_time=2022-01-04 HTTP/1.1" 200 408
116.227.210.113 - - [04/Jan/2022:09:22:12 +0800] "POST /xingrg/kc/buy/cgsh_order_operate.html HTTP/1.1" 200 2065
222.70.179.159 - - [04/Jan/2022:09:22:13 +0800] "GET /xingrg/kc/base/wldb_order_operate.html?command=get_materiel&rest_code=00111&base_code=0010842&code=00101013293 HTTP/1.1" 200 415
120.253.135.82 - - [04/Jan/2022:09:22:14 +0800] "POST /xingrg/kc/pszx/mdps_order_operate.html HTTP/1.1" 200 37
180.169.147.146 - - [04/Jan/2022:09:22:14 +0800] "POST /xingrg/dwr/call/plaincall/AjaxReportQueryService.refreshCache.dwr HTTP/1.1" 200 78
180.169.147.146 - - [04/Jan/2022:09:22:14 +0800] "GET /xingrg/all/function/internal_message.html?_=1641259336077&CODE_STATE=getMsg HTTP/1.1" 200 27
124.77.245.186 - - [04/Jan/2022:09:22:16 +0800] "GET /xingrg/all/function/internal_message.html?_=1641259334453&CODE_STATE=getMsg HTTP/1.1" 200 27
116.227.210.113 - - [04/Jan/2022:09:22:17 +0800] "GET /xingrg/kc/buy/cgsh_order_operate.html?command=get_materiel&rest_code=00155&code=00101008360&supplier_code=00100005&order_time=2022-01-04 HTTP/1.1" 200 413
120.253.135.82 - - [04/Jan/2022:09:22:17 +0800] "GET /xingrg/kc/pszx/mdps_order_info.html?code=312022010400148 HTTP/1.1" 200 23925
180.169.147.146 - - [04/Jan/2022:09:22:17 +0800] "POST /xingrg/all/report/load_report_page.html HTTP/1.1" 200 49386
180.169.147.146 - - [04/Jan/2022:09:22:17 +0800] "GET /xingrg/servlets/image?cache=0.8240894903268173&image=px HTTP/1.1" 200 807
120.253.135.82 - - [04/Jan/2022:09:22:18 +0800] "GET /xingrg/javascript/easyui/themes/default/validatebox.css HTTP/1.1" 404 1104
120.253.135.82 - - [04/Jan/2022:09:22:19 +0800] "POST /xingrg/kc/pszx/mdps_order_operate.html HTTP/1.1" 200 4821
120.253.135.82 - - [04/Jan/2022:09:22:21 +0800] "GET /xingrg/kc/print/load_data.html?order_code=312022010400148&kc_code=mdps&condition= HTTP/1.1" 200 1877
114.85.125.222 - - [04/Jan/2022:09:22:22 +0800] "GET /xingrg/all/function/internal_message.html?_=1641259279501&CODE_STATE=getMsg HTTP/1.1" 200 27
180.175.103.30 - - [04/Jan/2022:09:22:22 +0800] "GET /xingrg/all/function/internal_message.html?_=1641259341620&CODE_STATE=getMsg HTTP/1.1" 200 27
116.227.210.113 - - [04/Jan/2022:09:22:23 +0800] "GET /xingrg/kc/buy/cgsh_order_operate.html?command=get_materiel&rest_code=00155&code=00101008270&supplier_code=00100005&order_time=2022-01-04 HTTP/1.1" 200 412
180.169.147.146 - - [04/Jan/2022:09:22:23 +0800] "GET /xingrg/index.html?sysBaseUrl=http%3A%2F%2F180.169.147.146%3A18081%2Fxingrg%2F&costTime=39×tamp=1592034574635 HTTP/1.1" 302 -
180.169.147.146 - - [04/Jan/2022:09:22:23 +0800] "GET /xingrg/login.html HTTP/1.1" 200 7641
180.169.147.146 - - [04/Jan/2022:09:22:23 +0800] "GET /xingrg/images/blue/jxLogo.png HTTP/1.1" 200 6156
180.169.147.146 - - [04/Jan/2022:09:22:24 +0800] "GET /xingrg/images/blue/login_bg.png HTTP/1.1" 200 22101
180.169.147.146 - - [04/Jan/2022:09:22:24 +0800] "GET /xingrg/images/blue/srbg.png HTTP/1.1" 200 138
180.169.147.146 - - [04/Jan/2022:09:22:24 +0800] "GET /xingrg/images/blue/hj.png HTTP/1.1" 200 1014
180.169.147.146 - - [04/Jan/2022:09:22:24 +0800] "GET /favicon.ico HTTP/1.1" 404 -
180.169.147.146 - - [04/Jan/2022:09:22:26 +0800] "POST /xingrg/all/report/report_print.html HTTP/1.1" 200 7168
180.169.147.146 - - [04/Jan/2022:09:22:27 +0800] "POST /xingrg/login.do HTTP/1.1" 302 -
180.169.147.146 - - [04/Jan/2022:09:22:27 +0800] "GET /xingrg/index.html?sysBaseUrl=http%3A%2F%2F180.169.147.146%3A18081%2Fxingrg%2F&costTime=1635×tamp=1641259347102 HTTP/1.1" 200 17503
180.169.147.146 - - [04/Jan/2022:09:22:27 +0800] "GET /xingrg/javascript/jquery_easy_ui/themes/icon.css HTTP/1.1" 200 3949
180.169.147.146 - - [04/Jan/2022:09:22:27 +0800] "GET /xingrg/javascript/jquery_easy_ui/themes/default/easyui.css HTTP/1.1" 200 26500
180.169.147.146 - - [04/Jan/2022:09:22:27 +0800] "GET /xingrg/css/form.css HTTP/1.1" 200 893
180.169.147.146 - - [04/Jan/2022:09:22:27 +0800] "GET /xingrg/javascript/jquery-1.4.2.min.js HTTP/1.1" 200 72205
180.169.147.146 - - [04/Jan/2022:09:22:27 +0800] "GET /xingrg/javascript/jquery_easy_ui/jquery.easyui.min.js HTTP/1.1" 200 213662
180.169.147.146 - - [04/Jan/2022:09:22:27 +0800] "GET /xingrg/javascript/jquery_easy_ui/easyui-lang-zh_CN.js HTTP/1.1" 200 1900
180.169.147.146 - - [04/Jan/2022:09:22:27 +0800] "GET /xingrg/javascript/jquery.form.js HTTP/1.1" 200 23110
180.169.147.146 - - [04/Jan/2022:09:22:27 +0800] "GET /xingrg/javascript/jquery.utils.js HTTP/1.1" 200 11805
180.169.147.146 - - [04/Jan/2022:09:22:27 +0800] "GET /xingrg/javascript/jquery.timers.js HTTP/1.1" 200 3532
180.169.147.146 - - [04/Jan/2022:09:22:27 +0800] "GET /favicon.ico HTTP/1.1" 404 -
180.169.147.146 - - [04/Jan/2022:09:22:27 +0800] "GET /xingrg/javascript/jquery_easy_ui/themes/icons/settle_new.png HTTP/1.1" 200 826
180.169.147.146 - - [04/Jan/2022:09:22:27 +0800] "GET /xingrg/images/blue/navBackgound.jpg HTTP/1.1" 200 12378
180.169.147.146 - - [04/Jan/2022:09:22:27 +0800] "GET /xingrg/check_reg.html?_=1641259346627 HTTP/1.1" 200 22
180.169.147.146 - - [04/Jan/2022:09:22:27 +0800] "GET /xingrg/javascript/jquery_easy_ui/themes/default/images/tabs_leftarrow.png HTTP/1.1" 200 389
180.169.147.146 - - [04/Jan/2022:09:22:27 +0800] "GET /xingrg/images/blue/pingpu.png HTTP/1.1" 200 231
180.169.147.146 - - [04/Jan/2022:09:22:27 +0800] "GET /xingrg/javascript/jquery_easy_ui/themes/default/images/panel_tool_expand.gif HTTP/1.1" 200 247
180.169.147.146 - - [04/Jan/2022:09:22:27 +0800] "GET /xingrg/javascript/jquery_easy_ui/themes/default/images/tabs_rightarrow.png HTTP/1.1" 200 395
180.169.147.146 - - [04/Jan/2022:09:22:27 +0800] "GET /xingrg/javascript/jquery_easy_ui/themes/default/images/panel_tool_collapse.gif HTTP/1.1" 200 246
180.169.147.146 - - [04/Jan/2022:09:22:27 +0800] "POST /xingrg/all/common/load_tree.html?tree=area_rest_tree_json&manage=1 HTTP/1.1" 200 3472
180.169.147.146 - - [04/Jan/2022:09:22:27 +0800] "GET /xingrg/all/function/internal_message.html?_=1641259346626&CODE_STATE=count HTTP/1.1" 200 11
180.169.147.146 - - [04/Jan/2022:09:22:27 +0800] "POST /xingrg/load_menu.html HTTP/1.1" 200 11564
180.169.147.146 - - [04/Jan/2022:09:22:27 +0800] "GET /xingrg/javascript/jquery_easy_ui/themes/default/images/tree_arrows.gif HTTP/1.1" 200 1043
180.169.147.146 - - [04/Jan/2022:09:22:27 +0800] "GET /xingrg/javascript/jquery_easy_ui/themes/default/images/tree_folder_open.gif HTTP/1.1" 200 956
180.169.147.146 - - [04/Jan/2022:09:22:27 +0800] "GET /xingrg/javascript/jquery_easy_ui/themes/icons/search_new.png HTTP/1.1" 200 586
180.169.147.146 - - [04/Jan/2022:09:22:27 +0800] "GET /xingrg/javascript/jquery_easy_ui/themes/icons/delivery_new.png HTTP/1.1" 200 700
180.169.147.146 - - [04/Jan/2022:09:22:27 +0800] "GET /xingrg/javascript/jquery_easy_ui/themes/icons/storage_new.png HTTP/1.1" 200 853
180.169.147.146 - - [04/Jan/2022:09:22:27 +0800] "GET /xingrg/javascript/jquery_easy_ui/themes/icons/forms_new.png HTTP/1.1" 200 350
180.169.147.146 - - [04/Jan/2022:09:22:27 +0800] "GET /xingrg/javascript/jquery_easy_ui/themes/icons/setting_new.png HTTP/1.1" 200 450
180.169.147.146 - - [04/Jan/2022:09:22:27 +0800] "GET /xingrg/javascript/jquery_easy_ui/themes/default/images/tree_file.gif HTTP/1.1" 200 118
180.169.147.146 - - [04/Jan/2022:09:22:27 +0800] "GET /xingrg/javascript/jquery_easy_ui/themes/icons/systemset_new.png HTTP/1.1" 200 606
180.169.147.146 - - [04/Jan/2022:09:22:27 +0800] "GET /xingrg/javascript/jquery_easy_ui/themes/icons/checkout_new.png HTTP/1.1" 200 744
180.169.147.146 - - [04/Jan/2022:09:22:27 +0800] "GET /xingrg/javascript/jquery_easy_ui/themes/default/images/tree_folder.gif HTTP/1.1" 200 952
222.70.179.159 - - [04/Jan/2022:09:22:28 +0800] "GET /xingrg/kc/base/wldb_order_operate.html?command=get_materiel&rest_code=00111&base_code=0010842&code=00101013300 HTTP/1.1" 200 423
180.169.147.146 - - [04/Jan/2022:09:22:28 +0800] "GET /xingrg/javascript/jquery_easy_ui/themes/icons/area.png HTTP/1.1" 200 262
180.169.147.146 - - [04/Jan/2022:09:22:28 +0800] "GET /xingrg/javascript/jquery_easy_ui/themes/icons/manage.png HTTP/1.1" 200 696
180.169.147.146 - - [04/Jan/2022:09:22:28 +0800] "GET /xingrg/javascript/jquery_easy_ui/themes/icons/rest.png HTTP/1.1" 200 695
180.169.147.146 - - [04/Jan/2022:09:22:28 +0800] "GET /xingrg/javascript/jquery_easy_ui/themes/default/images/button_a_bg.gif HTTP/1.1" 200 1194
180.169.147.146 - - [04/Jan/2022:09:22:28 +0800] "GET /xingrg/javascript/jquery_easy_ui/themes/default/images/button_span_bg.gif HTTP/1.1" 200 2061
180.169.147.146 - - [04/Jan/2022:09:22:28 +0800] "GET /xingrg/javascript/jquery_easy_ui/themes/default/images/panel_title.png HTTP/1.1" 200 266
180.169.147.146 - - [04/Jan/2022:09:22:28 +0800] "GET /xingrg/javascript/jquery_easy_ui/themes/icons/ok.png HTTP/1.1" 200 883
180.169.147.146 - - [04/Jan/2022:09:22:28 +0800] "GET /xingrg/javascript/jquery_easy_ui/themes/default/images/panel_tools.gif HTTP/1.1" 200 737
116.227.210.113 - - [04/Jan/2022:09:22:29 +0800] "GET /xingrg/kc/buy/cgsh_order_operate.html?command=get_materiel&rest_code=00155&code=00101008223&supplier_code=00100005&order_time=2022-01-04 HTTP/1.1" 200 412
180.169.147.146 - - [04/Jan/2022:09:22:32 +0800] "GET /xingrg/images/control/ajaxLoader.gif HTTP/1.1" 200 4659
180.169.147.146 - - [04/Jan/2022:09:22:32 +0800] "POST /xingrg/all/user/operate.html HTTP/1.1" 200 36
180.169.147.146 - - [04/Jan/2022:09:22:32 +0800] "GET /xingrg/index.html?sysBaseUrl=http%3A%2F%2F180.169.147.146%3A18081%2Fxingrg%2F&costTime=1635×tamp=1641259347102 HTTP/1.1" 200 17507
180.169.147.146 - - [04/Jan/2022:09:22:32 +0800] "GET /xingrg/javascript/jquery_easy_ui/themes/default/easyui.css HTTP/1.1" 304 -
180.169.147.146 - - [04/Jan/2022:09:22:32 +0800] "GET /xingrg/javascript/jquery_easy_ui/themes/icon.css HTTP/1.1" 304 -
180.169.147.146 - - [04/Jan/2022:09:22:32 +0800] "GET /xingrg/css/form.css HTTP/1.1" 304 -
180.169.147.146 - - [04/Jan/2022:09:22:32 +0800] "GET /xingrg/javascript/jquery-1.4.2.min.js HTTP/1.1" 304 -
180.169.147.146 - - [04/Jan/2022:09:22:32 +0800] "GET /xingrg/javascript/jquery_easy_ui/jquery.easyui.min.js HTTP/1.1" 304 -
180.169.147.146 - - [04/Jan/2022:09:22:32 +0800] "GET /xingrg/javascript/jquery_easy_ui/easyui-lang-zh_CN.js HTTP/1.1" 304 -
180.169.147.146 - - [04/Jan/2022:09:22:32 +0800] "GET /xingrg/javascript/jquery.form.js HTTP/1.1" 304 -
180.169.147.146 - - [04/Jan/2022:09:22:32 +0800] "GET /xingrg/javascript/jquery.utils.js HTTP/1.1" 304 -
180.169.147.146 - - [04/Jan/2022:09:22:32 +0800] "GET /xingrg/javascript/jquery.timers.js HTTP/1.1" 304 -
180.169.147.146 - - [04/Jan/2022:09:22:32 +0800] "GET /xingrg/images/blue/jxLogo.png HTTP/1.1" 304 -
180.169.147.146 - - [04/Jan/2022:09:22:32 +0800] "GET /xingrg/javascript/jquery_easy_ui/themes/icons/settle_new.png HTTP/1.1" 304 -
180.169.147.146 - - [04/Jan/2022:09:22:32 +0800] "GET /xingrg/images/blue/navBackgound.jpg HTTP/1.1" 304 -
180.169.147.146 - - [04/Jan/2022:09:22:32 +0800] "GET /xingrg/all/function/internal_message.html?_=1641259351895&CODE_STATE=count HTTP/1.1" 200 11
180.169.147.146 - - [04/Jan/2022:09:22:32 +0800] "GET /xingrg/check_reg.html?_=1641259351896 HTTP/1.1" 200 22
180.169.147.146 - - [04/Jan/2022:09:22:32 +0800] "GET /xingrg/javascript/jquery_easy_ui/themes/default/images/tabs_rightarrow.png HTTP/1.1" 304 -
180.169.147.146 - - [04/Jan/2022:09:22:32 +0800] "GET /xingrg/javascript/jquery_easy_ui/themes/default/images/panel_tool_collapse.gif HTTP/1.1" 304 -
180.169.147.146 - - [04/Jan/2022:09:22:32 +0800] "GET /xingrg/javascript/jquery_easy_ui/themes/default/images/panel_tool_expand.gif HTTP/1.1" 304 -
180.169.147.146 - - [04/Jan/2022:09:22:32 +0800] "GET /xingrg/images/blue/pingpu.png HTTP/1.1" 304 -
180.169.147.146 - - [04/Jan/2022:09:22:32 +0800] "GET /xingrg/javascript/jquery_easy_ui/themes/default/images/tabs_leftarrow.png HTTP/1.1" 304 -
180.169.147.146 - - [04/Jan/2022:09:22:32 +0800] "POST /xingrg/all/common/load_tree.html?tree=area_rest_tree_json&manage=1 HTTP/1.1" 200 3472
180.169.147.146 - - [04/Jan/2022:09:22:32 +0800] "POST /xingrg/load_menu.html HTTP/1.1" 200 9959
61.165.255.114 - - [04/Jan/2022:09:22:34 +0800] "GET /xingrg/all/function/internal_message.html?_=1641259352968&CODE_STATE=getMsg HTTP/1.1" 200 27
180.169.147.146 - - [04/Jan/2022:09:22:34 +0800] "GET /xingrg/javascript/jquery_easy_ui/themes/default/images/tabs_close.gif HTTP/1.1" 200 829
180.169.147.146 - - [04/Jan/2022:09:22:35 +0800] "GET /xingrg/kc/buy/cgsh_order_list.html HTTP/1.1" 200 49847
116.227.210.113 - - [04/Jan/2022:09:22:35 +0800] "GET /xingrg/kc/buy/cgsh_order_operate.html?command=get_materiel&rest_code=00155&code=00101008584&supplier_code=00100005&order_time=2022-01-04 HTTP/1.1" 200 396
180.169.147.146 - - [04/Jan/2022:09:22:35 +0800] "GET /xingrg/css/base.css HTTP/1.1" 200 2811
180.169.147.146 - - [04/Jan/2022:09:22:35 +0800] "GET /xingrg/css/site.css HTTP/1.1" 200 7541
180.169.147.146 - - [04/Jan/2022:09:22:35 +0800] "GET /xingrg/javascript/jquery_tools/datebox.css HTTP/1.1" 200 2597
180.169.147.146 - - [04/Jan/2022:09:22:35 +0800] "GET /xingrg/javascript/easyui/themes/default/easyui.css HTTP/1.1" 200 30432
180.169.147.146 - - [04/Jan/2022:09:22:35 +0800] "GET /xingrg/javascript/easyui/themes/icon.css HTTP/1.1" 200 4483
180.169.147.146 - - [04/Jan/2022:09:22:35 +0800] "GET /xingrg/javascript/auto/jquery.autocomplete.css HTTP/1.1" 200 587
