61.170.234.223 - - [01/Jan/2022:09:15:29 +0800] "POST /xingrg/dwr/call/plaincall/AjaxCheckService.loadOrderItems.dwr HTTP/1.1" 200 73348
120.253.135.82 - - [01/Jan/2022:09:15:33 +0800] "GET /xingrg/check_reg.html?_=1640999519830 HTTP/1.1" 200 22
61.170.234.223 - - [01/Jan/2022:09:15:33 +0800] "GET /xingrg/kc/base/wldb_order_operate.html?command=get_materiel&rest_code=00106&base_code=0010408&code=00101008131 HTTP/1.1" 200 430
222.70.176.97 - - [01/Jan/2022:09:15:35 +0800] "GET /xingrg/kc/base/wldb_order_operate.html?command=get_materiel&rest_code=00111&base_code=0010293&code=00101007111 HTTP/1.1" 200 437
114.95.98.1 - - [01/Jan/2022:09:15:35 +0800] "GET /xingrg/check_reg.html?_=1640999750055 HTTP/1.1" 200 22
180.157.251.97 - - [01/Jan/2022:09:15:36 +0800] "GET /xingrg/all/function/internal_message.html?_=1640999737813&CODE_STATE=getMsg HTTP/1.1" 200 27
114.95.98.1 - - [01/Jan/2022:09:15:38 +0800] "GET /xingrg/all/function/internal_message.html?_=1640999752966&CODE_STATE=getMsg HTTP/1.1" 200 27
61.170.234.223 - - [01/Jan/2022:09:15:38 +0800] "POST /xingrg/kc/base/check_list_operate.html HTTP/1.1" 200 4197
116.227.210.113 - - [01/Jan/2022:09:15:44 +0800] "GET /xingrg/all/function/internal_message.html?_=1640999736897&CODE_STATE=getMsg HTTP/1.1" 200 27
222.70.176.97 - - [01/Jan/2022:09:15:47 +0800] "GET /xingrg/check_reg.html?_=1640999741414 HTTP/1.1" 200 22
222.70.176.97 - - [01/Jan/2022:09:15:47 +0800] "GET /xingrg/all/function/internal_message.html?_=1640999741419&CODE_STATE=getMsg HTTP/1.1" 200 27
61.170.234.223 - - [01/Jan/2022:09:15:47 +0800] "GET /xingrg/kc/base/wldb_order_operate.html?command=get_materiel&rest_code=00106&base_code=0010408&code=00101008150 HTTP/1.1" 200 428
116.227.210.113 - - [01/Jan/2022:09:15:47 +0800] "GET /xingrg/kc/base/wldb_order_operate.html?command=get_materiel&rest_code=00155&base_code=0010747&code=00101018006 HTTP/1.1" 200 444
124.77.245.186 - - [01/Jan/2022:09:15:48 +0800] "GET /xingrg/check_reg.html?_=1640999772247 HTTP/1.1" 200 22
222.70.176.97 - - [01/Jan/2022:09:15:49 +0800] "GET /xingrg/kc/base/wldb_order_operate.html?command=get_materiel&rest_code=00111&base_code=0010293&code=00101013002 HTTP/1.1" 200 442
124.77.245.186 - - [01/Jan/2022:09:15:50 +0800] "GET /xingrg/all/function/internal_message.html?_=1640999773715&CODE_STATE=getMsg HTTP/1.1" 200 27
116.227.210.113 - - [01/Jan/2022:09:15:50 +0800] "POST /xingrg/all/common/load_select.html HTTP/1.1" 200 25
116.227.210.113 - - [01/Jan/2022:09:15:51 +0800] "GET /xingrg/kc/base/wldb_order_operate.html?command=get_materiel_price&rest_code=00155&base_code=0010747&code=00101018006&unit_code=00100169 HTTP/1.1" 200 35
61.170.234.223 - - [01/Jan/2022:09:15:56 +0800] "GET /xingrg/all/function/internal_message.html?_=1640999759772&CODE_STATE=getMsg HTTP/1.1" 200 27
61.170.234.223 - - [01/Jan/2022:09:15:56 +0800] "GET /xingrg/check_reg.html?_=1640999759773 HTTP/1.1" 200 22
180.175.103.30 - - [01/Jan/2022:09:15:57 +0800] "GET /xingrg/kc/base/wldb_order_operate.html?command=get_materiel&rest_code=00105&base_code=0010513&code=00101019741 HTTP/1.1" 200 429
180.175.103.30 - - [01/Jan/2022:09:15:59 +0800] "GET /xingrg/all/function/internal_message.html?_=1640999697892&CODE_STATE=getMsg HTTP/1.1" 200 27
116.227.210.113 - - [01/Jan/2022:09:16:01 +0800] "GET /xingrg/kc/base/wldb_order_operate.html?command=get_materiel&rest_code=00155&base_code=0010747&code=00101021033 HTTP/1.1" 200 421
61.170.234.223 - - [01/Jan/2022:09:16:04 +0800] "GET /xingrg/kc/base/wldb_order_operate.html?command=get_materiel&rest_code=00106&base_code=0010408&code=00101008168 HTTP/1.1" 200 434
61.170.234.223 - - [01/Jan/2022:09:16:07 +0800] "GET /xingrg/all/function/internal_message.html?_=1640999771195&CODE_STATE=getMsg HTTP/1.1" 200 27
61.170.234.223 - - [01/Jan/2022:09:16:07 +0800] "GET /xingrg/check_reg.html?_=1640999771198 HTTP/1.1" 200 22
180.175.103.30 - - [01/Jan/2022:09:16:07 +0800] "GET /xingrg/kc/base/wldb_order_operate.html?command=get_materiel&rest_code=00105&base_code=0010513&code=00101019748 HTTP/1.1" 200 418
61.165.255.114 - - [01/Jan/2022:09:16:07 +0800] "GET /xingrg/check_reg.html?_=1640999769177 HTTP/1.1" 200 22
61.165.255.114 - - [01/Jan/2022:09:16:07 +0800] "GET /xingrg/all/function/internal_message.html?_=1640999769173&CODE_STATE=getMsg HTTP/1.1" 200 27
61.170.234.223 - - [01/Jan/2022:09:16:08 +0800] "POST /xingrg/kc/base/wldb_order_operate.html HTTP/1.1" 200 1710
116.227.210.113 - - [01/Jan/2022:09:16:08 +0800] "GET /xingrg/kc/base/wldb_order_operate.html?command=get_materiel&rest_code=00155&base_code=0010747&code=00101010820 HTTP/1.1" 200 430
101.83.240.189 - - [01/Jan/2022:09:16:09 +0800] "GET /xingrg/all/function/internal_message.html?_=1640999770811&CODE_STATE=getMsg HTTP/1.1" 200 27
101.83.240.189 - - [01/Jan/2022:09:16:09 +0800] "GET /xingrg/check_reg.html?_=1640999770815 HTTP/1.1" 200 22
180.175.103.30 - - [01/Jan/2022:09:16:11 +0800] "POST /xingrg/kc/base/wldb_order_operate.html HTTP/1.1" 200 1710
222.70.176.97 - - [01/Jan/2022:09:16:12 +0800] "GET /xingrg/kc/base/wldb_order_operate.html?command=get_materiel&rest_code=00111&base_code=0010293&code=00101007144 HTTP/1.1" 200 449
180.175.103.30 - - [01/Jan/2022:09:16:12 +0800] "POST /xingrg/kc/base/wldb_order_operate.html HTTP/1.1" 200 1710
114.95.98.1 - - [01/Jan/2022:09:16:16 +0800] "GET /xingrg/css/images/panel_loading.gif HTTP/1.1" 200 1737
114.95.98.1 - - [01/Jan/2022:09:16:17 +0800] "POST /xingrg/all/common/load_combo.html?type=base HTTP/1.1" 200 3233
58.40.7.146 - - [01/Jan/2022:09:16:18 +0800] "GET /xingrg/check_reg.html?_=1640999779631 HTTP/1.1" 302 -
58.40.7.146 - - [01/Jan/2022:09:16:18 +0800] "GET /xingrg/all/function/internal_message.html?_=1640999779632&CODE_STATE=getMsg HTTP/1.1" 302 -
61.170.234.223 - - [01/Jan/2022:09:16:18 +0800] "GET /xingrg/kc/base/wldb_order_operate.html?command=get_materiel&rest_code=00106&base_code=0010408&code=00101008223 HTTP/1.1" 200 435
180.175.103.30 - - [01/Jan/2022:09:16:19 +0800] "GET /xingrg/kc/base/wldb_order_operate.html?command=get_materiel&rest_code=00105&base_code=0010513&code=00101019772 HTTP/1.1" 200 426
120.253.135.82 - - [01/Jan/2022:09:16:19 +0800] "GET /xingrg/all/function/internal_message.html?_=1640999565897&CODE_STATE=getMsg HTTP/1.1" 200 27
116.227.210.113 - - [01/Jan/2022:09:16:20 +0800] "POST /xingrg/kc/base/wldb_order_operate.html HTTP/1.1" 200 37
114.95.98.1 - - [01/Jan/2022:09:16:20 +0800] "POST /xingrg/all/common/load_combo.html?type=base HTTP/1.1" 200 3233
116.227.210.113 - - [01/Jan/2022:09:16:22 +0800] "POST /xingrg/kc/base/wldb_order_operate.html HTTP/1.1" 200 12
116.227.210.113 - - [01/Jan/2022:09:16:22 +0800] "POST /xingrg/kc/base/wldb_order_operate.html HTTP/1.1" 200 6511
116.227.210.113 - - [01/Jan/2022:09:16:22 +0800] "GET /xingrg/kc/base/wldb_order_info.html?code=422022010100006 HTTP/1.1" 200 26156
116.227.210.113 - - [01/Jan/2022:09:16:23 +0800] "GET /xingrg/javascript/easyui/themes/default/validatebox.css HTTP/1.1" 404 1104
116.227.210.113 - - [01/Jan/2022:09:16:23 +0800] "POST /xingrg/kc/base/wldb_order_operate.html HTTP/1.1" 200 4702
222.69.132.164 - - [01/Jan/2022:09:16:26 +0800] "GET /xingrg/all/function/internal_message.html?_=1640999823310&CODE_STATE=getMsg HTTP/1.1" 200 27
180.175.103.30 - - [01/Jan/2022:09:16:28 +0800] "GET /xingrg/all/function/internal_message.html?_=1640999790625&CODE_STATE=getMsg HTTP/1.1" 200 27
180.175.103.30 - - [01/Jan/2022:09:16:29 +0800] "GET /xingrg/check_reg.html?_=1640999791049 HTTP/1.1" 200 22
124.77.245.186 - - [01/Jan/2022:09:16:29 +0800] "GET /xingrg/all/function/internal_message.html?_=1640999811092&CODE_STATE=getMsg HTTP/1.1" 302 -
222.70.176.97 - - [01/Jan/2022:09:16:32 +0800] "GET /xingrg/kc/base/wldb_order_operate.html?command=get_materiel&rest_code=00111&base_code=0010293&code=00101007168 HTTP/1.1" 200 415
116.227.210.113 - - [01/Jan/2022:09:16:35 +0800] "GET /xingrg/kc/base/wldb_order_add.html HTTP/1.1" 200 30280
116.227.210.113 - - [01/Jan/2022:09:16:35 +0800] "POST /xingrg/kc/base/wldb_order_operate.html HTTP/1.1" 200 6806
116.227.210.113 - - [01/Jan/2022:09:16:35 +0800] "GET /xingrg/javascript/easyui/themes/default/validatebox.css HTTP/1.1" 404 1104
180.157.251.97 - - [01/Jan/2022:09:16:36 +0800] "GET /xingrg/check_reg.html?_=1640999797802 HTTP/1.1" 200 22
180.157.251.97 - - [01/Jan/2022:09:16:36 +0800] "GET /xingrg/all/function/internal_message.html?_=1640999797805&CODE_STATE=getMsg HTTP/1.1" 200 27
114.95.98.1 - - [01/Jan/2022:09:16:38 +0800] "GET /xingrg/all/function/internal_message.html?_=1640999812982&CODE_STATE=getMsg HTTP/1.1" 200 27
180.157.251.97 - - [01/Jan/2022:09:16:41 +0800] "POST /xingrg/kc/base/wldb_order_operate.html HTTP/1.1" 200 37
180.157.251.97 - - [01/Jan/2022:09:16:41 +0800] "POST /xingrg/kc/base/wldb_order_operate.html HTTP/1.1" 200 34300
116.227.210.113 - - [01/Jan/2022:09:16:44 +0800] "GET /xingrg/all/function/internal_message.html?_=1640999796879&CODE_STATE=getMsg HTTP/1.1" 200 27
116.227.210.113 - - [01/Jan/2022:09:16:45 +0800] "GET /xingrg/kc/base/wldb_order_operate.html?command=get_materiel&rest_code=00155&base_code=0010750&code=00101006119 HTTP/1.1" 200 439
222.70.176.97 - - [01/Jan/2022:09:16:47 +0800] "GET /xingrg/all/function/internal_message.html?_=1640999801927&CODE_STATE=getMsg HTTP/1.1" 200 27
114.95.98.1 - - [01/Jan/2022:09:16:49 +0800] "GET /xingrg/kc/base/wldb_order_operate.html?command=get_materiel&rest_code=00102&base_code=0010483&code=00101001128 HTTP/1.1" 200 439
124.77.245.186 - - [01/Jan/2022:09:16:50 +0800] "GET /xingrg/all/function/internal_message.html?_=1640999833729&CODE_STATE=getMsg HTTP/1.1" 200 27
61.170.234.223 - - [01/Jan/2022:09:16:51 +0800] "GET /xingrg/kc/base/wldb_order_operate.html?command=get_materiel&rest_code=00106&base_code=0010408&code=00101008236 HTTP/1.1" 200 438
222.70.176.97 - - [01/Jan/2022:09:16:52 +0800] "GET /xingrg/kc/base/wldb_order_operate.html?command=get_materiel&rest_code=00111&base_code=0010293&code=00101007182 HTTP/1.1" 200 440
61.170.234.223 - - [01/Jan/2022:09:16:56 +0800] "GET /xingrg/all/function/internal_message.html?_=1640999819690&CODE_STATE=getMsg HTTP/1.1" 200 27
180.157.251.97 - - [01/Jan/2022:09:16:56 +0800] "GET /xingrg/kc/base/wldb_order_info.html?code=422022010100004 HTTP/1.1" 200 30292
222.69.132.164 - - [01/Jan/2022:09:16:57 +0800] "POST /xingrg/dwr/call/plaincall/AjaxCheckService.setItemNumber.dwr HTTP/1.1" 200 76
180.157.251.97 - - [01/Jan/2022:09:16:58 +0800] "GET /xingrg/javascript/easyui/themes/default/validatebox.css HTTP/1.1" 404 1104
180.157.251.97 - - [01/Jan/2022:09:16:58 +0800] "POST /xingrg/kc/base/wldb_order_operate.html HTTP/1.1" 200 34300
180.175.103.30 - - [01/Jan/2022:09:16:59 +0800] "GET /xingrg/check_reg.html?_=1640999757892 HTTP/1.1" 200 22
180.175.103.30 - - [01/Jan/2022:09:16:59 +0800] "GET /xingrg/all/function/internal_message.html?_=1640999757921&CODE_STATE=getMsg HTTP/1.1" 200 27
180.175.103.30 - - [01/Jan/2022:09:17:00 +0800] "GET /xingrg/kc/base/wldb_order_operate.html?command=get_materiel&rest_code=00105&base_code=0010513&code=00101019816 HTTP/1.1" 200 433
116.227.210.113 - - [01/Jan/2022:09:17:00 +0800] "GET /xingrg/kc/base/wldb_order_operate.html?command=get_materiel&rest_code=00155&base_code=0010750&code=00101010620 HTTP/1.1" 200 426
222.69.132.164 - - [01/Jan/2022:09:17:00 +0800] "POST /xingrg/dwr/call/plaincall/AjaxCheckService.setItemNumber.dwr HTTP/1.1" 200 76
222.69.132.164 - - [01/Jan/2022:09:17:04 +0800] "POST /xingrg/dwr/call/plaincall/AjaxCheckService.setItemNumber.dwr HTTP/1.1" 200 76
222.70.176.97 - - [01/Jan/2022:09:17:06 +0800] "GET /xingrg/kc/base/wldb_order_operate.html?command=get_materiel&rest_code=00111&base_code=0010293&code=00101008005 HTTP/1.1" 200 435
61.170.234.223 - - [01/Jan/2022:09:17:07 +0800] "GET /xingrg/all/function/internal_message.html?_=1640999831191&CODE_STATE=getMsg HTTP/1.1" 200 27
61.165.255.114 - - [01/Jan/2022:09:17:07 +0800] "GET /xingrg/all/function/internal_message.html?_=1640999829213&CODE_STATE=getMsg HTTP/1.1" 200 27
116.227.210.113 - - [01/Jan/2022:09:17:08 +0800] "POST /xingrg/all/common/load_select.html HTTP/1.1" 200 25
222.69.132.164 - - [01/Jan/2022:09:17:09 +0800] "POST /xingrg/dwr/call/plaincall/AjaxCheckService.setItemNumber.dwr HTTP/1.1" 200 76
101.83.240.189 - - [01/Jan/2022:09:17:09 +0800] "GET /xingrg/all/function/internal_message.html?_=1640999830815&CODE_STATE=getMsg HTTP/1.1" 200 27
116.227.210.113 - - [01/Jan/2022:09:17:10 +0800] "GET /xingrg/kc/base/wldb_order_operate.html?command=get_materiel_price&rest_code=00155&base_code=0010750&code=00101010620&unit_code=00100229 HTTP/1.1" 200 35
222.69.132.164 - - [01/Jan/2022:09:17:13 +0800] "POST /xingrg/dwr/call/plaincall/AjaxCheckService.setItemNumber.dwr HTTP/1.1" 200 76
58.40.7.146 - - [01/Jan/2022:09:17:18 +0800] "GET /xingrg/all/function/internal_message.html?_=1640999839617&CODE_STATE=getMsg HTTP/1.1" 302 -
116.227.210.113 - - [01/Jan/2022:09:17:18 +0800] "GET /xingrg/kc/base/wldb_order_operate.html?command=get_materiel&rest_code=00155&base_code=0010750&code=00101019368 HTTP/1.1" 200 466
61.170.234.223 - - [01/Jan/2022:09:17:19 +0800] "GET /xingrg/kc/base/wldb_order_operate.html?command=get_materiel&rest_code=00106&base_code=0010408&code=00101008283 HTTP/1.1" 200 429
120.253.135.82 - - [01/Jan/2022:09:17:19 +0800] "GET /xingrg/all/function/internal_message.html?_=1640999625910&CODE_STATE=getMsg HTTP/1.1" 200 27
222.69.132.164 - - [01/Jan/2022:09:17:20 +0800] "POST /xingrg/dwr/call/plaincall/AjaxCheckService.setItemNumber.dwr HTTP/1.1" 200 76
180.175.103.30 - - [01/Jan/2022:09:17:21 +0800] "GET /xingrg/kc/base/wldb_order_operate.html?command=get_materiel&rest_code=00105&base_code=0010513&code=00101020022 HTTP/1.1" 200 435
114.95.98.1 - - [01/Jan/2022:09:17:22 +0800] "GET /xingrg/kc/base/wldb_order_operate.html?command=get_materiel&rest_code=00102&base_code=0010483&code=00101001179 HTTP/1.1" 200 439
222.69.132.164 - - [01/Jan/2022:09:17:26 +0800] "GET /xingrg/all/function/internal_message.html?_=1640999883320&CODE_STATE=getMsg HTTP/1.1" 200 27
180.175.103.30 - - [01/Jan/2022:09:17:28 +0800] "GET /xingrg/all/function/internal_message.html?_=1640999850938&CODE_STATE=getMsg HTTP/1.1" 200 27
124.77.245.186 - - [01/Jan/2022:09:17:29 +0800] "GET /xingrg/all/function/internal_message.html?_=1640999871111&CODE_STATE=getMsg HTTP/1.1" 302 -
180.157.251.97 - - [01/Jan/2022:09:17:31 +0800] "GET /xingrg/kc/base/wldb_order_operate.html?command=get_materiel&rest_code=00148&base_code=0010008&code=00101008323 HTTP/1.1" 200 431
222.69.132.164 - - [01/Jan/2022:09:17:32 +0800] "POST /xingrg/dwr/call/plaincall/AjaxCheckService.setItemNumber.dwr HTTP/1.1" 200 77
180.175.103.30 - - [01/Jan/2022:09:17:32 +0800] "GET /xingrg/kc/base/wldb_order_operate.html?command=get_materiel&rest_code=00105&base_code=0010513&code=00101020037 HTTP/1.1" 200 443
114.95.98.1 - - [01/Jan/2022:09:17:34 +0800] "GET /xingrg/kc/base/wldb_order_operate.html?command=get_materiel&rest_code=00102&base_code=0010483&code=00101001127 HTTP/1.1" 200 451
61.170.234.223 - - [01/Jan/2022:09:17:35 +0800] "GET /xingrg/kc/base/wldb_order_operate.html?command=get_materiel&rest_code=00106&base_code=0010408&code=00101008286 HTTP/1.1" 200 430
180.157.251.97 - - [01/Jan/2022:09:17:36 +0800] "GET /xingrg/all/function/internal_message.html?_=1640999857824&CODE_STATE=getMsg HTTP/1.1" 200 27
114.95.98.1 - - [01/Jan/2022:09:17:38 +0800] "GET /xingrg/all/function/internal_message.html?_=1640999872995&CODE_STATE=getMsg HTTP/1.1" 200 27
180.175.103.30 - - [01/Jan/2022:09:17:40 +0800] "GET /xingrg/kc/base/wldb_order_operate.html?command=get_materiel&rest_code=00105&base_code=0010513&code=00101020038 HTTP/1.1" 200 439
180.157.251.97 - - [01/Jan/2022:09:17:41 +0800] "GET /xingrg/kc/base/wldb_order_operate.html?command=get_materiel&rest_code=00148&base_code=0010008&code=00101008027 HTTP/1.1" 200 431
116.227.210.113 - - [01/Jan/2022:09:17:44 +0800] "GET /xingrg/check_reg.html?_=1640999856890 HTTP/1.1" 200 22
116.227.210.113 - - [01/Jan/2022:09:17:44 +0800] "GET /xingrg/all/function/internal_message.html?_=1640999856892&CODE_STATE=getMsg HTTP/1.1" 200 27
116.227.210.113 - - [01/Jan/2022:09:17:45 +0800] "GET /xingrg/kc/base/wldb_order_operate.html?command=get_materiel&rest_code=00155&base_code=0010750&code=00101019816 HTTP/1.1" 200 433
222.69.132.164 - - [01/Jan/2022:09:17:47 +0800] "POST /xingrg/dwr/call/plaincall/AjaxCheckService.setItemNumber.dwr HTTP/1.1" 200 77
222.70.176.97 - - [01/Jan/2022:09:17:47 +0800] "GET /xingrg/all/function/internal_message.html?_=1640999861899&CODE_STATE=getMsg HTTP/1.1" 200 27
124.77.245.186 - - [01/Jan/2022:09:17:50 +0800] "GET /xingrg/all/function/internal_message.html?_=1640999893743&CODE_STATE=getMsg HTTP/1.1" 200 27
114.95.98.1 - - [01/Jan/2022:09:17:50 +0800] "POST /xingrg/kc/base/wldb_order_operate.html HTTP/1.1" 200 37
61.170.234.223 - - [01/Jan/2022:09:17:50 +0800] "GET /xingrg/kc/base/wldb_order_operate.html?command=get_materiel&rest_code=00106&base_code=0010408&code=00101008323 HTTP/1.1" 200 430
114.95.98.1 - - [01/Jan/2022:09:17:51 +0800] "POST /xingrg/kc/base/wldb_order_operate.html HTTP/1.1" 200 2202
114.95.98.1 - - [01/Jan/2022:09:17:51 +0800] "GET /xingrg/kc/base/wldb_order_info.html?code=422022010100007 HTTP/1.1" 200 30283
180.175.103.30 - - [01/Jan/2022:09:17:52 +0800] "GET /xingrg/kc/base/wldb_order_operate.html?command=get_materiel&rest_code=00105&base_code=0010513&code=00101020041 HTTP/1.1" 200 435
222.70.176.97 - - [01/Jan/2022:09:17:53 +0800] "GET /xingrg/kc/base/wldb_order_operate.html?command=get_materiel&rest_code=00111&base_code=0010293&code=00101008112 HTTP/1.1" 200 435
114.95.98.1 - - [01/Jan/2022:09:17:53 +0800] "POST /xingrg/kc/base/wldb_order_operate.html HTTP/1.1" 200 2202
114.95.98.1 - - [01/Jan/2022:09:17:53 +0800] "GET /xingrg/javascript/easyui/themes/default/validatebox.css HTTP/1.1" 404 1104
61.170.234.223 - - [01/Jan/2022:09:17:54 +0800] "POST /xingrg/kc/base/wldb_order_operate.html HTTP/1.1" 200 1710
114.95.98.1 - - [01/Jan/2022:09:17:54 +0800] "GET /xingrg/javascript/jquery_easy_ui/themes/default/images/tabs_active.png HTTP/1.1" 200 2894
222.69.132.164 - - [01/Jan/2022:09:17:56 +0800] "POST /xingrg/dwr/call/plaincall/AjaxCheckService.setItemNumber.dwr HTTP/1.1" 200 77
61.170.234.223 - - [01/Jan/2022:09:17:56 +0800] "GET /xingrg/all/function/internal_message.html?_=1640999879674&CODE_STATE=getMsg HTTP/1.1" 200 27
116.227.210.113 - - [01/Jan/2022:09:17:56 +0800] "GET /xingrg/kc/base/wldb_order_operate.html?command=get_materiel&rest_code=00155&base_code=0010750&code=00101019216 HTTP/1.1" 200 465
180.175.103.30 - - [01/Jan/2022:09:17:57 +0800] "POST /xingrg/kc/base/wldb_order_operate.html HTTP/1.1" 200 1710
180.157.251.97 - - [01/Jan/2022:09:17:59 +0800] "GET /xingrg/kc/base/wldb_order_operate.html?command=get_materiel&rest_code=00148&base_code=0010008&code=00101008251 HTTP/1.1" 200 430
180.175.103.30 - - [01/Jan/2022:09:17:59 +0800] "GET /xingrg/all/function/internal_message.html?_=1640999817906&CODE_STATE=getMsg HTTP/1.1" 200 27
114.95.98.1 - - [01/Jan/2022:09:17:59 +0800] "POST /xingrg/kc/base/wldb_list_operate.html HTTP/1.1" 200 2152
180.175.103.30 - - [01/Jan/2022:09:17:59 +0800] "POST /xingrg/kc/base/wldb_order_operate.html HTTP/1.1" 200 1710
114.95.98.1 - - [01/Jan/2022:09:18:02 +0800] "POST /xingrg/kc/base/wldb_list_operate.html HTTP/1.1" 200 214
114.95.98.1 - - [01/Jan/2022:09:18:03 +0800] "POST /xingrg/kc/base/wldb_list_operate.html HTTP/1.1" 200 582
114.95.98.1 - - [01/Jan/2022:09:18:04 +0800] "GET /xingrg/kc/base/wldb_order_info.html?code=422022010100001 HTTP/1.1" 200 30285
222.69.132.164 - - [01/Jan/2022:09:18:05 +0800] "POST /xingrg/dwr/call/plaincall/AjaxCheckService.setItemNumber.dwr HTTP/1.1" 200 77
114.95.98.1 - - [01/Jan/2022:09:18:05 +0800] "GET /xingrg/javascript/easyui/themes/default/validatebox.css HTTP/1.1" 404 1104
114.95.98.1 - - [01/Jan/2022:09:18:05 +0800] "POST /xingrg/kc/base/wldb_order_operate.html HTTP/1.1" 200 27213
180.175.103.30 - - [01/Jan/2022:09:18:05 +0800] "GET /xingrg/kc/base/wldb_order_operate.html?command=get_materiel&rest_code=00105&base_code=0010513&code=00101020073 HTTP/1.1" 200 435
116.227.210.113 - - [01/Jan/2022:09:18:05 +0800] "GET /xingrg/kc/base/wldb_order_operate.html?command=get_materiel&rest_code=00155&base_code=0010750&code=00101010754 HTTP/1.1" 200 462
61.170.234.223 - - [01/Jan/2022:09:18:07 +0800] "GET /xingrg/all/function/internal_message.html?_=1640999891194&CODE_STATE=getMsg HTTP/1.1" 200 27
61.165.255.114 - - [01/Jan/2022:09:18:07 +0800] "GET /xingrg/all/function/internal_message.html?_=1640999889265&CODE_STATE=getMsg HTTP/1.1" 200 27
101.83.240.189 - - [01/Jan/2022:09:18:09 +0800] "GET /xingrg/all/function/internal_message.html?_=1640999890823&CODE_STATE=getMsg HTTP/1.1" 200 27
180.157.251.97 - - [01/Jan/2022:09:18:14 +0800] "GET /xingrg/kc/base/wldb_order_operate.html?command=get_materiel&rest_code=00148&base_code=0010008&code=00101008242 HTTP/1.1" 200 431
124.77.245.186 - - [01/Jan/2022:09:18:16 +0800] "GET /xingrg/check_reg.html?_=1640999917754 HTTP/1.1" 302 -
61.170.234.223 - - [01/Jan/2022:09:18:18 +0800] "GET /xingrg/kc/base/wldb_order_operate.html?command=get_materiel&rest_code=00106&base_code=0010408&code=00101008324 HTTP/1.1" 200 434
58.40.7.146 - - [01/Jan/2022:09:18:18 +0800] "GET /xingrg/all/function/internal_message.html?_=1640999899618&CODE_STATE=getMsg HTTP/1.1" 302 -
180.175.103.30 - - [01/Jan/2022:09:18:19 +0800] "GET /xingrg/kc/base/wldb_order_operate.html?command=get_materiel&rest_code=00105&base_code=0010513&code=00101020147 HTTP/1.1" 200 429
120.253.135.82 - - [01/Jan/2022:09:18:19 +0800] "GET /xingrg/all/function/internal_message.html?_=1640999685977&CODE_STATE=getMsg HTTP/1.1" 200 27
180.157.251.97 - - [01/Jan/2022:09:18:20 +0800] "POST /xingrg/kc/base/wldb_order_operate.html HTTP/1.1" 200 1710
222.69.132.164 - - [01/Jan/2022:09:18:26 +0800] "GET /xingrg/all/function/internal_message.html?_=1640999943318&CODE_STATE=getMsg HTTP/1.1" 200 27
222.70.176.97 - - [01/Jan/2022:09:18:27 +0800] "GET /xingrg/kc/base/wldb_order_operate.html?command=get_materiel&rest_code=00111&base_code=0010293&code=00101008486 HTTP/1.1" 200 422
222.69.132.164 - - [01/Jan/2022:09:18:28 +0800] "POST /xingrg/dwr/call/plaincall/AjaxCheckService.setItemNumber.dwr HTTP/1.1" 200 77
180.175.103.30 - - [01/Jan/2022:09:18:28 +0800] "GET /xingrg/all/function/internal_message.html?_=1640999910610&CODE_STATE=getMsg HTTP/1.1" 200 27
180.175.103.30 - - [01/Jan/2022:09:18:29 +0800] "GET /xingrg/kc/base/wldb_order_operate.html?command=get_materiel&rest_code=00105&base_code=0010513&code=00101020153 HTTP/1.1" 200 428
124.77.245.186 - - [01/Jan/2022:09:18:29 +0800] "GET /xingrg/all/function/internal_message.html?_=1640999931119&CODE_STATE=getMsg HTTP/1.1" 302 -
61.170.234.223 - - [01/Jan/2022:09:18:32 +0800] "GET /xingrg/kc/base/wldb_order_operate.html?command=get_materiel&rest_code=00106&base_code=0010408&code=00101008350 HTTP/1.1" 200 431
180.157.251.97 - - [01/Jan/2022:09:18:36 +0800] "GET /xingrg/all/function/internal_message.html?_=1640999917812&CODE_STATE=getMsg HTTP/1.1" 200 27
180.175.103.30 - - [01/Jan/2022:09:18:37 +0800] "GET /xingrg/kc/base/wldb_order_operate.html?command=get_materiel&rest_code=00105&base_code=0010513&code=00101020357 HTTP/1.1" 200 432
222.69.132.164 - - [01/Jan/2022:09:18:38 +0800] "POST /xingrg/dwr/call/plaincall/AjaxCheckService.setItemNumber.dwr HTTP/1.1" 200 77
114.95.98.1 - - [01/Jan/2022:09:18:38 +0800] "GET /xingrg/all/function/internal_message.html?_=1640999933460&CODE_STATE=getMsg HTTP/1.1" 200 27
116.227.210.113 - - [01/Jan/2022:09:18:40 +0800] "GET /xingrg/kc/base/wldb_order_operate.html?command=get_materiel&rest_code=00155&base_code=0010750&code=00101010031 HTTP/1.1" 200 435
116.227.210.113 - - [01/Jan/2022:09:18:44 +0800] "GET /xingrg/all/function/internal_message.html?_=1640999916892&CODE_STATE=getMsg HTTP/1.1" 200 27
180.175.103.30 - - [01/Jan/2022:09:18:46 +0800] "GET /xingrg/kc/base/wldb_order_operate.html?command=get_materiel&rest_code=00105&base_code=0010513&code=00101021010 HTTP/1.1" 200 418
61.170.234.223 - - [01/Jan/2022:09:18:47 +0800] "GET /xingrg/kc/base/wldb_order_operate.html?command=get_materiel&rest_code=00106&base_code=0010408&code=00101008356 HTTP/1.1" 200 430
222.70.176.97 - - [01/Jan/2022:09:18:47 +0800] "GET /xingrg/all/function/internal_message.html?_=1640999921876&CODE_STATE=getMsg HTTP/1.1" 200 27
116.227.210.113 - - [01/Jan/2022:09:18:49 +0800] "GET /xingrg/kc/base/wldb_order_operate.html?command=get_materiel&rest_code=00155&base_code=0010750&code=00101006056 HTTP/1.1" 200 435
124.77.245.186 - - [01/Jan/2022:09:18:50 +0800] "GET /xingrg/all/function/internal_message.html?_=1640999953772&CODE_STATE=getMsg HTTP/1.1" 200 27
180.175.103.30 - - [01/Jan/2022:09:18:54 +0800] "GET /xingrg/kc/base/wldb_order_operate.html?command=get_materiel&rest_code=00105&base_code=0010513&code=00101021012 HTTP/1.1" 200 444
61.170.234.223 - - [01/Jan/2022:09:18:56 +0800] "GET /xingrg/all/function/internal_message.html?_=1640999939674&CODE_STATE=getMsg HTTP/1.1" 200 27
116.227.210.113 - - [01/Jan/2022:09:18:56 +0800] "GET /xingrg/kc/base/wldb_order_operate.html?command=get_materiel&rest_code=00155&base_code=0010750&code=00101006109 HTTP/1.1" 200 431
101.80.226.190 - - [01/Jan/2022:09:18:58 +0800] "POST /xingrg/services/DataTransmitService HTTP/1.1" 200 524
180.175.103.30 - - [01/Jan/2022:09:18:59 +0800] "GET /xingrg/all/function/internal_message.html?_=1640999877907&CODE_STATE=getMsg HTTP/1.1" 200 27
222.69.132.164 - - [01/Jan/2022:09:19:00 +0800] "POST /xingrg/dwr/call/plaincall/AjaxCheckService.setItemNumber.dwr HTTP/1.1" 200 77
61.170.234.223 - - [01/Jan/2022:09:19:02 +0800] "GET /xingrg/kc/base/wldb_order_operate.html?command=get_materiel&rest_code=00106&base_code=0010408&code=00101008437 HTTP/1.1" 200 417
116.227.210.113 - - [01/Jan/2022:09:19:03 +0800] "GET /xingrg/kc/base/wldb_order_operate.html?command=get_materiel&rest_code=00155&base_code=0010750&code=00101006184 HTTP/1.1" 200 430
61.170.234.223 - - [01/Jan/2022:09:19:07 +0800] "GET /xingrg/all/function/internal_message.html?_=1640999951199&CODE_STATE=getMsg HTTP/1.1" 200 27
222.69.132.164 - - [01/Jan/2022:09:19:07 +0800] "POST /xingrg/dwr/call/plaincall/AjaxCheckService.setItemNumber.dwr HTTP/1.1" 200 77
61.165.255.114 - - [01/Jan/2022:09:19:08 +0800] "GET /xingrg/all/function/internal_message.html?_=1640999949322&CODE_STATE=getMsg HTTP/1.1" 200 27
101.83.240.189 - - [01/Jan/2022:09:19:09 +0800] "GET /xingrg/all/function/internal_message.html?_=1640999950835&CODE_STATE=getMsg HTTP/1.1" 200 27
116.227.210.113 - - [01/Jan/2022:09:19:10 +0800] "GET /xingrg/kc/base/wldb_order_operate.html?command=get_materiel&rest_code=00155&base_code=0010750&code=00101006113 HTTP/1.1" 200 435
222.70.176.97 - - [01/Jan/2022:09:19:11 +0800] "GET /xingrg/kc/base/wldb_order_operate.html?command=get_materiel&rest_code=00111&base_code=0010293&code=00101008496 HTTP/1.1" 200 412
180.175.103.30 - - [01/Jan/2022:09:19:15 +0800] "GET /xingrg/kc/base/wldb_order_operate.html?command=get_materiel&rest_code=00105&base_code=0010513&code=00101034016 HTTP/1.1" 200 446
61.170.234.223 - - [01/Jan/2022:09:19:16 +0800] "GET /xingrg/kc/base/wldb_order_operate.html?command=get_materiel&rest_code=00106&base_code=0010408&code=00101008439 HTTP/1.1" 200 420
222.69.132.164 - - [01/Jan/2022:09:19:18 +0800] "POST /xingrg/dwr/call/plaincall/AjaxCheckService.setItemNumber.dwr HTTP/1.1" 200 77
58.40.7.146 - - [01/Jan/2022:09:19:18 +0800] "GET /xingrg/all/function/internal_message.html?_=1640999959621&CODE_STATE=getMsg HTTP/1.1" 302 -
61.170.234.223 - - [01/Jan/2022:09:19:19 +0800] "POST /xingrg/kc/base/wldb_order_operate.html HTTP/1.1" 200 1710
120.253.135.82 - - [01/Jan/2022:09:19:19 +0800] "GET /xingrg/all/function/internal_message.html?_=1640999745984&CODE_STATE=getMsg HTTP/1.1" 200 27
116.227.210.113 - - [01/Jan/2022:09:19:22 +0800] "POST /xingrg/kc/base/wldb_order_operate.html HTTP/1.1" 200 37
116.227.210.113 - - [01/Jan/2022:09:19:24 +0800] "POST /xingrg/kc/base/wldb_order_operate.html HTTP/1.1" 200 12
116.227.210.113 - - [01/Jan/2022:09:19:24 +0800] "POST /xingrg/kc/base/wldb_order_operate.html HTTP/1.1" 200 7018
116.227.210.113 - - [01/Jan/2022:09:19:25 +0800] "GET /xingrg/kc/base/wldb_order_info.html?code=422022010100008 HTTP/1.1" 200 26159
116.227.210.113 - - [01/Jan/2022:09:19:25 +0800] "GET /xingrg/javascript/easyui/themes/default/validatebox.css HTTP/1.1" 404 1104
116.227.210.113 - - [01/Jan/2022:09:19:25 +0800] "POST /xingrg/kc/base/wldb_order_operate.html HTTP/1.1" 200 5199
222.69.132.164 - - [01/Jan/2022:09:19:26 +0800] "GET /xingrg/check_reg.html?_=1641000003314 HTTP/1.1" 200 22
222.69.132.164 - - [01/Jan/2022:09:19:26 +0800] "GET /xingrg/all/function/internal_message.html?_=1641000003316&CODE_STATE=getMsg HTTP/1.1" 200 27
222.70.176.97 - - [01/Jan/2022:09:19:27 +0800] "GET /xingrg/kc/base/wldb_order_operate.html?command=get_materiel&rest_code=00111&base_code=0010293&code=00101008555 HTTP/1.1" 200 434
116.227.210.113 - - [01/Jan/2022:09:19:27 +0800] "GET /xingrg/kc/base/wldb_order_add.html HTTP/1.1" 200 30280
116.227.210.113 - - [01/Jan/2022:09:19:27 +0800] "POST /xingrg/kc/base/wldb_order_operate.html HTTP/1.1" 200 6806
116.227.210.113 - - [01/Jan/2022:09:19:27 +0800] "GET /xingrg/javascript/easyui/themes/default/validatebox.css HTTP/1.1" 404 1104
222.69.132.164 - - [01/Jan/2022:09:19:28 +0800] "POST /xingrg/dwr/call/plaincall/AjaxCheckService.setItemNumber.dwr HTTP/1.1" 200 77
61.170.234.223 - - [01/Jan/2022:09:19:28 +0800] "GET /xingrg/kc/base/wldb_order_operate.html?command=get_materiel&rest_code=00106&base_code=0010408&code=00101008486 HTTP/1.1" 200 420
180.175.103.30 - - [01/Jan/2022:09:19:29 +0800] "GET /xingrg/all/function/internal_message.html?_=1640999970974&CODE_STATE=getMsg HTTP/1.1" 200 27
101.83.240.189 - - [01/Jan/2022:09:19:29 +0800] "GET /xingrg/kc/base/wldb_order_operate.html?command=get_materiel&rest_code=00149&base_code=0010401&code=00101001155 HTTP/1.1" 200 435
124.77.245.186 - - [01/Jan/2022:09:19:29 +0800] "GET /xingrg/all/function/internal_message.html?_=1640999991138&CODE_STATE=getMsg HTTP/1.1" 302 -
180.175.103.30 - - [01/Jan/2022:09:19:31 +0800] "GET /xingrg/kc/base/wldb_order_operate.html?command=get_materiel&rest_code=00105&base_code=0010513&code=00101023016 HTTP/1.1" 200 435
222.70.176.97 - - [01/Jan/2022:09:19:32 +0800] "POST /xingrg/kc/base/wldb_order_operate.html HTTP/1.1" 200 1710
180.157.251.97 - - [01/Jan/2022:09:19:37 +0800] "GET /xingrg/all/function/internal_message.html?_=1640999979152&CODE_STATE=getMsg HTTP/1.1" 200 27
116.227.210.113 - - [01/Jan/2022:09:19:37 +0800] "GET /xingrg/kc/base/wldb_order_operate.html?command=get_materiel&rest_code=00155&base_code=0010748&code=00101006025 HTTP/1.1" 200 437
114.95.98.1 - - [01/Jan/2022:09:19:38 +0800] "GET /xingrg/all/function/internal_message.html?_=1640999993473&CODE_STATE=getMsg HTTP/1.1" 200 27
101.83.240.189 - - [01/Jan/2022:09:19:38 +0800] "GET /xingrg/kc/base/wldb_order_operate.html?command=get_materiel&rest_code=00149&base_code=0010401&code=00101002063 HTTP/1.1" 200 416
222.70.176.97 - - [01/Jan/2022:09:19:40 +0800] "GET /xingrg/kc/base/wldb_order_operate.html?command=get_materiel&rest_code=00111&base_code=0010293&code=00101008558 HTTP/1.1" 200 418
180.175.103.30 - - [01/Jan/2022:09:19:41 +0800] "GET /xingrg/kc/base/wldb_order_operate.html?command=get_materiel&rest_code=00105&base_code=0010513&code=00102002922 HTTP/1.1" 200 443
61.170.234.223 - - [01/Jan/2022:09:19:43 +0800] "GET /xingrg/kc/base/wldb_order_operate.html?command=get_materiel&rest_code=00106&base_code=0010408&code=00101008496 HTTP/1.1" 200 414
116.227.210.113 - - [01/Jan/2022:09:19:44 +0800] "GET /xingrg/all/function/internal_message.html?_=1640999976882&CODE_STATE=getMsg HTTP/1.1" 200 27
101.83.240.189 - - [01/Jan/2022:09:19:44 +0800] "GET /xingrg/kc/base/wldb_order_operate.html?command=get_materiel&rest_code=00149&base_code=0010401&code=00101004003 HTTP/1.1" 200 429
180.157.251.97 - - [01/Jan/2022:09:19:45 +0800] "GET /xingrg/kc/base/wldb_order_operate.html?command=get_materiel&rest_code=00148&base_code=0010008&code=00101019091 HTTP/1.1" 200 450
222.69.132.164 - - [01/Jan/2022:09:19:46 +0800] "POST /xingrg/dwr/call/plaincall/AjaxCheckService.setItemNumber.dwr HTTP/1.1" 200 77
222.70.176.97 - - [01/Jan/2022:09:19:47 +0800] "GET /xingrg/all/function/internal_message.html?_=1640999981858&CODE_STATE=getMsg HTTP/1.1" 200 27
101.83.240.189 - - [01/Jan/2022:09:19:49 +0800] "GET /xingrg/kc/base/wldb_order_operate.html?command=get_materiel&rest_code=00149&base_code=0010401&code=00101004023 HTTP/1.1" 200 432
124.77.245.186 - - [01/Jan/2022:09:19:50 +0800] "GET /xingrg/all/function/internal_message.html?_=1641000013786&CODE_STATE=getMsg HTTP/1.1" 200 27
116.227.210.113 - - [01/Jan/2022:09:19:54 +0800] "GET /xingrg/kc/base/wldb_order_operate.html?command=get_materiel&rest_code=00155&base_code=0010748&code=00101006229 HTTP/1.1" 200 435
222.70.176.97 - - [01/Jan/2022:09:19:54 +0800] "GET /xingrg/kc/base/wldb_order_operate.html?command=get_materiel&rest_code=00111&base_code=0010293&code=00101009044 HTTP/1.1" 200 433
180.175.103.30 - - [01/Jan/2022:09:19:55 +0800] "GET /xingrg/kc/base/wldb_order_operate.html?command=get_materiel&rest_code=00105&base_code=0010513&code=00102002921 HTTP/1.1" 200 441
61.170.234.223 - - [01/Jan/2022:09:19:56 +0800] "GET /xingrg/all/function/internal_message.html?_=1640999999675&CODE_STATE=getMsg HTTP/1.1" 200 27
180.175.103.30 - - [01/Jan/2022:09:19:59 +0800] "GET /xingrg/all/function/internal_message.html?_=1640999937912&CODE_STATE=getMsg HTTP/1.1" 200 27
116.227.210.113 - - [01/Jan/2022:09:20:02 +0800] "GET /xingrg/kc/base/wldb_order_operate.html?command=get_materiel&rest_code=00155&base_code=0010748&code=00101007021 HTTP/1.1" 200 431
101.83.240.189 - - [01/Jan/2022:09:20:04 +0800] "GET /xingrg/kc/base/wldb_order_operate.html?command=get_materiel&rest_code=00149&base_code=0010401&code=00101005017 HTTP/1.1" 200 431
61.170.234.223 - - [01/Jan/2022:09:20:07 +0800] "GET /xingrg/all/function/internal_message.html?_=1641000011226&CODE_STATE=getMsg HTTP/1.1" 200 27
61.165.255.114 - - [01/Jan/2022:09:20:08 +0800] "GET /xingrg/all/function/internal_message.html?_=1641000009359&CODE_STATE=getMsg HTTP/1.1" 200 27
61.170.234.223 - - [01/Jan/2022:09:20:08 +0800] "GET /xingrg/kc/base/wldb_order_operate.html?command=get_materiel&rest_code=00106&base_code=0010408&code=00101008555 HTTP/1.1" 200 432
101.83.240.189 - - [01/Jan/2022:09:20:09 +0800] "GET /xingrg/all/function/internal_message.html?_=1641000010858&CODE_STATE=getMsg HTTP/1.1" 200 27
116.227.210.113 - - [01/Jan/2022:09:20:10 +0800] "GET /xingrg/kc/base/wldb_order_operate.html?command=get_materiel&rest_code=00155&base_code=0010748&code=00101007077 HTTP/1.1" 200 438
101.83.240.189 - - [01/Jan/2022:09:20:11 +0800] "GET /xingrg/kc/base/wldb_order_operate.html?command=get_materiel&rest_code=00149&base_code=0010401&code=00101006001 HTTP/1.1" 200 450
222.69.132.164 - - [01/Jan/2022:09:20:13 +0800] "POST /xingrg/dwr/call/plaincall/AjaxCheckService.setItemNumber.dwr HTTP/1.1" 200 77
101.83.240.189 - - [01/Jan/2022:09:20:15 +0800] "GET /xingrg/kc/base/wldb_order_operate.html?command=get_materiel&rest_code=00149&base_code=0010401&code=00101006006 HTTP/1.1" 200 432
180.175.103.30 - - [01/Jan/2022:09:20:16 +0800] "GET /xingrg/kc/base/wldb_order_operate.html?command=get_materiel&rest_code=00105&base_code=0010513&code=00101037017 HTTP/1.1" 200 433
58.40.7.146 - - [01/Jan/2022:09:20:18 +0800] "GET /xingrg/all/function/internal_message.html?_=1641000019622&CODE_STATE=getMsg HTTP/1.1" 302 -
222.70.176.97 - - [01/Jan/2022:09:20:19 +0800] "GET /xingrg/kc/base/wldb_order_operate.html?command=get_materiel&rest_code=00111&base_code=0010293&code=00101010047 HTTP/1.1" 200 452
120.253.135.82 - - [01/Jan/2022:09:20:19 +0800] "GET /xingrg/all/function/internal_message.html?_=1640999806060&CODE_STATE=getMsg HTTP/1.1" 200 27
116.227.210.113 - - [01/Jan/2022:09:20:22 +0800] "GET /xingrg/kc/base/wldb_order_operate.html?command=get_materiel&rest_code=00155&base_code=0010748&code=00101010315 HTTP/1.1" 200 448
180.175.103.30 - - [01/Jan/2022:09:20:23 +0800] "POST /xingrg/kc/base/wldb_order_operate.html HTTP/1.1" 200 37
180.175.103.30 - - [01/Jan/2022:09:20:23 +0800] "POST /xingrg/kc/base/wldb_order_operate.html HTTP/1.1" 200 95196
101.83.240.189 - - [01/Jan/2022:09:20:23 +0800] "GET /xingrg/kc/base/wldb_order_operate.html?command=get_materiel&rest_code=00149&base_code=0010401&code=00101006012 HTTP/1.1" 200 439
180.175.103.30 - - [01/Jan/2022:09:20:24 +0800] "GET /xingrg/kc/base/wldb_order_info.html?code=422022010100009 HTTP/1.1" 200 30290
180.175.103.30 - - [01/Jan/2022:09:20:25 +0800] "GET /xingrg/javascript/easyui/themes/default/validatebox.css HTTP/1.1" 404 1104
180.175.103.30 - - [01/Jan/2022:09:20:25 +0800] "POST /xingrg/kc/base/wldb_order_operate.html HTTP/1.1" 200 95196
114.95.98.1 - - [01/Jan/2022:09:20:26 +0800] "GET /xingrg/login.html HTTP/1.1" 200 7641
222.69.132.164 - - [01/Jan/2022:09:20:26 +0800] "GET /xingrg/all/function/internal_message.html?_=1641000063314&CODE_STATE=getMsg HTTP/1.1" 200 27
222.69.132.164 - - [01/Jan/2022:09:20:27 +0800] "POST /xingrg/dwr/call/plaincall/AjaxCheckService.setItemNumber.dwr HTTP/1.1" 200 77
114.95.98.1 - - [01/Jan/2022:09:20:27 +0800] "GET /favicon.ico HTTP/1.1" 404 -
180.175.103.30 - - [01/Jan/2022:09:20:28 +0800] "GET /xingrg/kc/print/load_config.html?kc_code=wldb HTTP/1.1" 200 2173
180.175.103.30 - - [01/Jan/2022:09:20:28 +0800] "GET /xingrg/kc/print/load_data.html?order_code=422022010100009&kc_code=wldb&condition= HTTP/1.1" 200 27707
114.95.98.1 - - [01/Jan/2022:09:20:29 +0800] "GET /xingrg/login.html HTTP/1.1" 200 7641
101.83.240.189 - - [01/Jan/2022:09:20:29 +0800] "GET /xingrg/kc/base/wldb_order_operate.html?command=get_materiel&rest_code=00149&base_code=0010401&code=00101006054 HTTP/1.1" 200 438
114.95.98.1 - - [01/Jan/2022:09:20:29 +0800] "GET /favicon.ico HTTP/1.1" 404 -
124.77.245.186 - - [01/Jan/2022:09:20:29 +0800] "GET /xingrg/all/function/internal_message.html?_=1641000051146&CODE_STATE=getMsg HTTP/1.1" 302 -
101.83.240.189 - - [01/Jan/2022:09:20:31 +0800] "POST /xingrg/services/DataTransmitService HTTP/1.1" 200 524
101.83.240.189 - - [01/Jan/2022:09:20:31 +0800] "POST /xingrg/services/DataTransmitService HTTP/1.1" 200 1983
114.95.98.1 - - [01/Jan/2022:09:20:32 +0800] "POST /xingrg/login.do HTTP/1.1" 302 -
180.175.103.30 - - [01/Jan/2022:09:20:32 +0800] "GET /xingrg/all/function/internal_message.html?_=1641000034193&CODE_STATE=getMsg HTTP/1.1" 200 27
114.95.98.1 - - [01/Jan/2022:09:20:32 +0800] "GET /xingrg/index.html?sysBaseUrl=http%3A%2F%2F180.169.147.146%3A18081%2Fxingrg%2F&costTime=39×tamp=1641000032218 HTTP/1.1" 200 17173
114.95.98.1 - - [01/Jan/2022:09:20:32 +0800] "GET /favicon.ico HTTP/1.1" 404 -
114.95.98.1 - - [01/Jan/2022:09:20:32 +0800] "POST /xingrg/all/common/load_tree.html?tree=area_rest_tree_json&manage=1 HTTP/1.1" 200 342
114.95.98.1 - - [01/Jan/2022:09:20:33 +0800] "GET /xingrg/all/function/internal_message.html?_=1641000037544&CODE_STATE=count HTTP/1.1" 200 11
114.95.98.1 - - [01/Jan/2022:09:20:33 +0800] "GET /xingrg/check_reg.html?_=1641000037554 HTTP/1.1" 200 22
114.95.98.1 - - [01/Jan/2022:09:20:33 +0800] "POST /xingrg/load_menu.html HTTP/1.1" 200 5138
61.170.234.223 - - [01/Jan/2022:09:20:33 +0800] "GET /xingrg/kc/base/wldb_order_operate.html?command=get_materiel&rest_code=00106&base_code=0010408&code=00101008568 HTTP/1.1" 200 418
120.253.135.82 - - [01/Jan/2022:09:20:33 +0800] "GET /xingrg/check_reg.html?_=1640999819835 HTTP/1.1" 200 22
114.95.98.1 - - [01/Jan/2022:09:20:36 +0800] "GET /xingrg/check_reg.html?_=1641000050824 HTTP/1.1" 200 22
114.95.98.1 - - [01/Jan/2022:09:20:36 +0800] "GET /xingrg/kc/base/wldb_order_list.html HTTP/1.1" 200 19060
222.69.132.164 - - [01/Jan/2022:09:20:37 +0800] "POST /xingrg/dwr/call/plaincall/AjaxCheckService.setItemNumber.dwr HTTP/1.1" 200 77
180.157.251.97 - - [01/Jan/2022:09:20:37 +0800] "GET /xingrg/all/function/internal_message.html?_=1641000039131&CODE_STATE=getMsg HTTP/1.1" 200 27
114.95.98.1 - - [01/Jan/2022:09:20:38 +0800] "POST /xingrg/kc/base/wldb_list_operate.html HTTP/1.1" 200 2152
222.70.176.97 - - [01/Jan/2022:09:20:38 +0800] "GET /xingrg/kc/base/wldb_order_operate.html?command=get_materiel&rest_code=00111&base_code=0010293&code=00101010111 HTTP/1.1" 200 437
101.83.240.189 - - [01/Jan/2022:09:20:38 +0800] "POST /xingrg/services/DataTransmitService HTTP/1.1" 200 524
114.95.98.1 - - [01/Jan/2022:09:20:38 +0800] "GET /xingrg/all/function/internal_message.html?_=1641000053488&CODE_STATE=getMsg HTTP/1.1" 200 27
114.95.98.1 - - [01/Jan/2022:09:20:40 +0800] "POST /xingrg/kc/base/wldb_list_operate.html HTTP/1.1" 200 582
114.95.98.1 - - [01/Jan/2022:09:20:41 +0800] "GET /xingrg/kc/base/wldb_order_info.html?code=422022010100007 HTTP/1.1" 200 30283
114.95.98.1 - - [01/Jan/2022:09:20:42 +0800] "GET /xingrg/javascript/easyui/themes/default/validatebox.css HTTP/1.1" 404 1104
114.95.98.1 - - [01/Jan/2022:09:20:42 +0800] "POST /xingrg/kc/base/wldb_order_operate.html HTTP/1.1" 200 2202
116.227.210.113 - - [01/Jan/2022:09:20:44 +0800] "GET /xingrg/all/function/internal_message.html?_=1641000036878&CODE_STATE=getMsg HTTP/1.1" 200 27
114.95.98.1 - - [01/Jan/2022:09:20:45 +0800] "GET /xingrg/kc/base/wldb_order_info.html?code=422022010100001 HTTP/1.1" 200 30285
114.95.98.1 - - [01/Jan/2022:09:20:45 +0800] "GET /xingrg/words/20211231182454_words.js HTTP/1.1" 304 -
114.95.98.1 - - [01/Jan/2022:09:20:45 +0800] "GET /xingrg/all/common/auto_word.html?type=base&rest_code=00102 HTTP/1.1" 200 1807
114.95.98.1 - - [01/Jan/2022:09:20:45 +0800] "GET /xingrg/all/common/auto_word.html?type=base&rest_code=00102 HTTP/1.1" 200 1807
114.95.98.1 - - [01/Jan/2022:09:20:45 +0800] "GET /xingrg/javascript/easyui/themes/default/validatebox.css HTTP/1.1" 404 1104
114.95.98.1 - - [01/Jan/2022:09:20:46 +0800] "POST /xingrg/kc/base/wldb_order_operate.html HTTP/1.1" 200 27213
222.70.176.97 - - [01/Jan/2022:09:20:47 +0800] "GET /xingrg/check_reg.html?_=1641000041416 HTTP/1.1" 200 22
222.70.176.97 - - [01/Jan/2022:09:20:47 +0800] "GET /xingrg/all/function/internal_message.html?_=1641000041840&CODE_STATE=getMsg HTTP/1.1" 200 27
124.77.245.186 - - [01/Jan/2022:09:20:48 +0800] "GET /xingrg/check_reg.html?_=1641000072276 HTTP/1.1" 200 22
222.70.176.97 - - [01/Jan/2022:09:20:49 +0800] "GET /xingrg/kc/base/wldb_order_operate.html?command=get_materiel&rest_code=00111&base_code=0010293&code=00101010267 HTTP/1.1" 200 433
116.227.210.113 - - [01/Jan/2022:09:20:49 +0800] "GET /xingrg/kc/base/wldb_order_operate.html?command=get_materiel&rest_code=00155&base_code=0010748&code=00101018008 HTTP/1.1" 200 435
222.69.132.164 - - [01/Jan/2022:09:20:49 +0800] "POST /xingrg/dwr/call/plaincall/AjaxCheckService.setItemNumber.dwr HTTP/1.1" 200 77
124.77.245.186 - - [01/Jan/2022:09:20:50 +0800] "GET /xingrg/all/function/internal_message.html?_=1641000073800&CODE_STATE=getMsg HTTP/1.1" 200 27
114.95.98.1 - - [01/Jan/2022:09:20:50 +0800] "GET /xingrg/kc/base/wldb_order_operate.html?command=get_materiel&rest_code=00102&base_code=0010483&code=00101001213 HTTP/1.1" 200 442
61.170.234.223 - - [01/Jan/2022:09:20:52 +0800] "GET /xingrg/kc/base/wldb_order_operate.html?command=get_materiel&rest_code=00106&base_code=0010408&code=00101008571 HTTP/1.1" 200 417
101.83.240.189 - - [01/Jan/2022:09:20:53 +0800] "GET /xingrg/kc/base/wldb_order_operate.html?command=get_materiel&rest_code=00149&base_code=0010401&code=00102014020 HTTP/1.1" 200 427
222.70.176.97 - - [01/Jan/2022:09:20:53 +0800] "POST /xingrg/kc/base/wldb_order_operate.html HTTP/1.1" 200 1710
61.170.234.223 - - [01/Jan/2022:09:20:56 +0800] "GET /xingrg/all/function/internal_message.html?_=1641000059675&CODE_STATE=getMsg HTTP/1.1" 200 27
61.170.234.223 - - [01/Jan/2022:09:20:56 +0800] "GET /xingrg/check_reg.html?_=1641000059751 HTTP/1.1" 200 22
61.170.234.223 - - [01/Jan/2022:09:20:56 +0800] "POST /xingrg/kc/base/wldb_order_operate.html HTTP/1.1" 200 1710
180.175.103.30 - - [01/Jan/2022:09:20:59 +0800] "GET /xingrg/all/function/internal_message.html?_=1640999997913&CODE_STATE=getMsg HTTP/1.1" 200 27
116.227.210.113 - - [01/Jan/2022:09:21:00 +0800] "POST /xingrg/kc/base/wldb_order_operate.html HTTP/1.1" 200 37
180.175.103.30 - - [01/Jan/2022:09:21:02 +0800] "GET /xingrg/kc/base/wldb_order_add.html HTTP/1.1" 200 30274
116.227.210.113 - - [01/Jan/2022:09:21:02 +0800] "POST /xingrg/kc/base/wldb_order_operate.html HTTP/1.1" 200 12
114.95.98.1 - - [01/Jan/2022:09:21:02 +0800] "GET /xingrg/kc/base/wldb_order_operate.html?command=get_materiel&rest_code=00102&base_code=0010483&code=00101005037 HTTP/1.1" 200 432
116.227.210.113 - - [01/Jan/2022:09:21:02 +0800] "POST /xingrg/kc/base/wldb_order_operate.html HTTP/1.1" 200 4573
116.227.210.113 - - [01/Jan/2022:09:21:03 +0800] "GET /xingrg/kc/base/wldb_order_info.html?code=422022010100010 HTTP/1.1" 200 26158
116.227.210.113 - - [01/Jan/2022:09:21:03 +0800] "GET /xingrg/javascript/easyui/themes/default/validatebox.css HTTP/1.1" 404 1104
116.227.210.113 - - [01/Jan/2022:09:21:03 +0800] "POST /xingrg/kc/base/wldb_order_operate.html HTTP/1.1" 200 2808
180.175.103.30 - - [01/Jan/2022:09:21:03 +0800] "GET /xingrg/javascript/easyui/themes/default/validatebox.css HTTP/1.1" 404 1104
180.175.103.30 - - [01/Jan/2022:09:21:03 +0800] "POST /xingrg/kc/base/wldb_order_operate.html HTTP/1.1" 200 6806
61.170.234.223 - - [01/Jan/2022:09:21:07 +0800] "GET /xingrg/check_reg.html?_=1641000071217 HTTP/1.1" 200 22
61.170.234.223 - - [01/Jan/2022:09:21:07 +0800] "GET /xingrg/all/function/internal_message.html?_=1641000071220&CODE_STATE=getMsg HTTP/1.1" 200 27
61.170.234.223 - - [01/Jan/2022:09:21:07 +0800] "GET /xingrg/kc/base/wldb_order_operate.html?command=get_materiel&rest_code=00106&base_code=0010408&code=00101008593 HTTP/1.1" 200 423
61.165.255.114 - - [01/Jan/2022:09:21:08 +0800] "GET /xingrg/all/function/internal_message.html?_=1641000069418&CODE_STATE=getMsg HTTP/1.1" 200 27
61.165.255.114 - - [01/Jan/2022:09:21:08 +0800] "GET /xingrg/check_reg.html?_=1641000069421 HTTP/1.1" 200 22
222.70.176.97 - - [01/Jan/2022:09:21:08 +0800] "GET /xingrg/kc/base/wldb_order_operate.html?command=get_materiel&rest_code=00111&base_code=0010293&code=00101010327 HTTP/1.1" 200 424
101.83.240.189 - - [01/Jan/2022:09:21:09 +0800] "GET /xingrg/check_reg.html?_=1641000070836 HTTP/1.1" 200 22
101.83.240.189 - - [01/Jan/2022:09:21:09 +0800] "GET /xingrg/all/function/internal_message.html?_=1641000070842&CODE_STATE=getMsg HTTP/1.1" 200 27
114.95.98.1 - - [01/Jan/2022:09:21:09 +0800] "GET /xingrg/kc/base/wldb_order_operate.html?command=get_materiel&rest_code=00102&base_code=0010483&code=00101006019 HTTP/1.1" 200 439
116.227.210.113 - - [01/Jan/2022:09:21:11 +0800] "GET /xingrg/kc/base/wldb_order_add.html HTTP/1.1" 200 30280
116.227.210.113 - - [01/Jan/2022:09:21:11 +0800] "POST /xingrg/kc/base/wldb_order_operate.html HTTP/1.1" 200 6806
116.227.210.113 - - [01/Jan/2022:09:21:11 +0800] "GET /xingrg/javascript/easyui/themes/default/validatebox.css HTTP/1.1" 404 1104
58.40.7.146 - - [01/Jan/2022:09:21:18 +0800] "GET /xingrg/all/function/internal_message.html?_=1641000079628&CODE_STATE=getMsg HTTP/1.1" 302 -
58.40.7.146 - - [01/Jan/2022:09:21:18 +0800] "GET /xingrg/check_reg.html?_=1641000079630 HTTP/1.1" 302 -
120.253.135.82 - - [01/Jan/2022:09:21:19 +0800] "GET /xingrg/all/function/internal_message.html?_=1640999866074&CODE_STATE=getMsg HTTP/1.1" 200 27
114.95.98.1 - - [01/Jan/2022:09:21:20 +0800] "GET /xingrg/kc/base/wldb_order_operate.html?command=get_materiel&rest_code=00102&base_code=0010483&code=00101006067 HTTP/1.1" 200 431
222.70.176.97 - - [01/Jan/2022:09:21:23 +0800] "GET /xingrg/kc/base/wldb_order_operate.html?command=get_materiel&rest_code=00111&base_code=0010293&code=00101010522 HTTP/1.1" 200 428
114.95.98.1 - - [01/Jan/2022:09:21:24 +0800] "POST /xingrg/kc/base/wldb_order_operate.html HTTP/1.1" 200 1710
116.227.210.113 - - [01/Jan/2022:09:21:24 +0800] "GET /xingrg/kc/base/wldb_order_operate.html?command=get_materiel&rest_code=00155&base_code=0010749&code=00101001035 HTTP/1.1" 200 434
61.170.234.223 - - [01/Jan/2022:09:21:25 +0800] "GET /xingrg/kc/base/wldb_order_operate.html?command=get_materiel&rest_code=00106&base_code=0010408&code=00101009011 HTTP/1.1" 200 438
222.69.132.164 - - [01/Jan/2022:09:21:26 +0800] "GET /xingrg/all/function/internal_message.html?_=1641000123324&CODE_STATE=getMsg HTTP/1.1" 200 27
114.95.98.1 - - [01/Jan/2022:09:21:27 +0800] "GET /xingrg/kc/base/wldb_order_operate.html?command=get_materiel&rest_code=00102&base_code=0010483&code=00101006084 HTTP/1.1" 200 436
114.95.98.1 - - [01/Jan/2022:09:21:28 +0800] "GET /xingrg/javascript/auto/indicator.gif HTTP/1.1" 404 1066
124.79.247.218 - - [01/Jan/2022:09:21:28 +0800] "GET /xingrg/login.html HTTP/1.1" 200 7641
180.175.103.30 - - [01/Jan/2022:09:21:29 +0800] "GET /xingrg/check_reg.html?_=1641000091027 HTTP/1.1" 200 22
124.79.247.218 - - [01/Jan/2022:09:21:29 +0800] "GET /favicon.ico HTTP/1.1" 404 -
114.95.98.1 - - [01/Jan/2022:09:21:29 +0800] "GET /xingrg/kc/base/wldb_order_operate.html?command=get_materiel&rest_code=00102&base_code=0010482&code=00101006063 HTTP/1.1" 200 434
222.70.176.97 - - [01/Jan/2022:09:21:29 +0800] "GET /xingrg/kc/base/wldb_order_operate.html?command=get_materiel&rest_code=00111&base_code=0010293&code=00101010540 HTTP/1.1" 200 420
124.77.245.186 - - [01/Jan/2022:09:21:30 +0800] "GET /xingrg/all/function/internal_message.html?_=1641000111165&CODE_STATE=getMsg HTTP/1.1" 302 -
116.227.210.113 - - [01/Jan/2022:09:21:31 +0800] "GET /xingrg/kc/base/wldb_order_operate.html?command=get_materiel&rest_code=00155&base_code=0010749&code=00101001079 HTTP/1.1" 200 435
180.175.103.30 - - [01/Jan/2022:09:21:32 +0800] "GET /xingrg/all/function/internal_message.html?_=1641000094926&CODE_STATE=getMsg HTTP/1.1" 200 27
114.95.98.1 - - [01/Jan/2022:09:21:33 +0800] "GET /xingrg/all/function/internal_message.html?_=1641000097551&CODE_STATE=getMsg HTTP/1.1" 200 27
