116.233.76.118 - - [31/Dec/2021:09:35:23 +0800] "GET /xingrg/javascript/jquery_easy_ui/themes/icons/area.png HTTP/1.1" 200 262
180.169.147.146 - - [31/Dec/2021:09:35:24 +0800] "POST /xingrg/dwr/call/plaincall/AjaxComOrderService.getMaterielSearchList.dwr HTTP/1.1" 200 3549
116.227.210.113 - - [31/Dec/2021:09:35:24 +0800] "GET /xingrg/kc/buy/cgsh_order_operate.html?command=get_materiel&rest_code=00155&code=00101008001&supplier_code=00100005&order_time=2021-12-31 HTTP/1.1" 200 434
116.233.76.118 - - [31/Dec/2021:09:35:25 +0800] "GET /xingrg/kc/buy/cgsh_order_operate.html?command=get_materiel&rest_code=00109&code=00101008351&supplier_code=00100005&order_time=2021-12-31 HTTP/1.1" 200 408
116.233.76.118 - - [31/Dec/2021:09:35:25 +0800] "GET /xingrg/javascript/jquery_easy_ui/themes/default/images/button_a_bg.gif HTTP/1.1" 200 1194
116.233.76.118 - - [31/Dec/2021:09:35:25 +0800] "GET /xingrg/javascript/jquery_easy_ui/themes/icons/ok.png HTTP/1.1" 200 883
116.233.76.118 - - [31/Dec/2021:09:35:25 +0800] "GET /xingrg/javascript/jquery_easy_ui/themes/default/images/button_span_bg.gif HTTP/1.1" 200 2061
116.233.76.118 - - [31/Dec/2021:09:35:25 +0800] "GET /xingrg/javascript/jquery_easy_ui/themes/default/images/panel_tools.gif HTTP/1.1" 200 737
116.233.76.118 - - [31/Dec/2021:09:35:25 +0800] "GET /xingrg/javascript/jquery_easy_ui/themes/default/images/panel_title.png HTTP/1.1" 200 266
180.169.147.146 - - [31/Dec/2021:09:35:26 +0800] "POST /xingrg/dwr/call/plaincall/AjaxYddbService.getMaterielByMap.dwr HTTP/1.1" 200 2811
116.233.76.118 - - [31/Dec/2021:09:35:27 +0800] "GET /xingrg/images/control/ajaxLoader.gif HTTP/1.1" 200 4659
116.233.76.118 - - [31/Dec/2021:09:35:27 +0800] "POST /xingrg/all/user/operate.html HTTP/1.1" 200 36
116.233.76.118 - - [31/Dec/2021:09:35:27 +0800] "GET /xingrg/javascript/jquery_easy_ui/themes/default/easyui.css HTTP/1.1" 304 -
116.233.76.118 - - [31/Dec/2021:09:35:27 +0800] "GET /xingrg/index.html?sysBaseUrl=http%3A%2F%2F180.169.147.146%3A18081%2Fxingrg%2F&costTime=41×tamp=1640914522062 HTTP/1.1" 200 17503
116.233.76.118 - - [31/Dec/2021:09:35:27 +0800] "GET /xingrg/javascript/jquery_easy_ui/themes/icon.css HTTP/1.1" 304 -
116.233.76.118 - - [31/Dec/2021:09:35:27 +0800] "GET /xingrg/css/form.css HTTP/1.1" 304 -
116.233.76.118 - - [31/Dec/2021:09:35:27 +0800] "GET /xingrg/javascript/jquery-1.4.2.min.js HTTP/1.1" 304 -
120.253.135.82 - - [31/Dec/2021:09:35:27 +0800] "GET /xingrg/all/function/internal_message.html?_=1640914308168&CODE_STATE=getMsg HTTP/1.1" 200 27
116.233.76.118 - - [31/Dec/2021:09:35:27 +0800] "GET /xingrg/javascript/jquery_easy_ui/jquery.easyui.min.js HTTP/1.1" 304 -
116.233.76.118 - - [31/Dec/2021:09:35:27 +0800] "GET /xingrg/javascript/jquery_easy_ui/easyui-lang-zh_CN.js HTTP/1.1" 304 -
116.233.76.118 - - [31/Dec/2021:09:35:27 +0800] "GET /xingrg/javascript/jquery.form.js HTTP/1.1" 304 -
116.233.76.118 - - [31/Dec/2021:09:35:27 +0800] "GET /xingrg/javascript/jquery.utils.js HTTP/1.1" 304 -
116.233.76.118 - - [31/Dec/2021:09:35:27 +0800] "GET /xingrg/javascript/jquery.timers.js HTTP/1.1" 304 -
116.233.76.118 - - [31/Dec/2021:09:35:27 +0800] "GET /xingrg/images/blue/jxLogo.png HTTP/1.1" 304 -
116.233.76.118 - - [31/Dec/2021:09:35:27 +0800] "GET /xingrg/images/blue/navBackgound.jpg HTTP/1.1" 304 -
116.233.76.118 - - [31/Dec/2021:09:35:27 +0800] "GET /xingrg/javascript/jquery_easy_ui/themes/icons/settle_new.png HTTP/1.1" 304 -
116.233.76.118 - - [31/Dec/2021:09:35:27 +0800] "POST /xingrg/all/common/load_tree.html?tree=area_rest_tree_json&manage=1 HTTP/1.1" 200 710
116.233.76.118 - - [31/Dec/2021:09:35:27 +0800] "GET /xingrg/images/blue/pingpu.png HTTP/1.1" 304 -
116.233.76.118 - - [31/Dec/2021:09:35:27 +0800] "GET /xingrg/javascript/jquery_easy_ui/themes/default/images/tabs_leftarrow.png HTTP/1.1" 304 -
116.233.76.118 - - [31/Dec/2021:09:35:27 +0800] "GET /xingrg/javascript/jquery_easy_ui/themes/default/images/tabs_rightarrow.png HTTP/1.1" 304 -
116.233.76.118 - - [31/Dec/2021:09:35:27 +0800] "GET /xingrg/javascript/jquery_easy_ui/themes/default/images/panel_tool_collapse.gif HTTP/1.1" 304 -
116.233.76.118 - - [31/Dec/2021:09:35:27 +0800] "GET /xingrg/javascript/jquery_easy_ui/themes/default/images/panel_tool_expand.gif HTTP/1.1" 304 -
116.233.76.118 - - [31/Dec/2021:09:35:27 +0800] "GET /xingrg/all/function/internal_message.html?_=1640914467049&CODE_STATE=count HTTP/1.1" 200 11
116.233.76.118 - - [31/Dec/2021:09:35:27 +0800] "GET /xingrg/check_reg.html?_=1640914467050 HTTP/1.1" 200 22
116.233.76.118 - - [31/Dec/2021:09:35:27 +0800] "POST /xingrg/load_menu.html HTTP/1.1" 200 9959
116.233.76.118 - - [31/Dec/2021:09:35:30 +0800] "GET /xingrg/javascript/jquery_easy_ui/themes/default/images/tabs_close.gif HTTP/1.1" 200 829
116.233.76.118 - - [31/Dec/2021:09:35:30 +0800] "GET /xingrg/kc/report/report_main.html HTTP/1.1" 200 7340
116.233.76.118 - - [31/Dec/2021:09:35:30 +0800] "GET /xingrg/javascript/pic_change.js HTTP/1.1" 200 4739
116.233.76.118 - - [31/Dec/2021:09:35:30 +0800] "GET /xingrg/css/blue.css HTTP/1.1" 200 15949
116.233.76.118 - - [31/Dec/2021:09:35:30 +0800] "GET /xingrg/javascript/json2.js HTTP/1.1" 200 11259
116.233.76.118 - - [31/Dec/2021:09:35:30 +0800] "GET /xingrg/javascript/jquery_ui/themes/humanity/humanity.css HTTP/1.1" 200 27801
116.233.76.118 - - [31/Dec/2021:09:35:30 +0800] "GET /xingrg/javascript/myfunction.js HTTP/1.1" 200 24559
116.233.76.118 - - [31/Dec/2021:09:35:30 +0800] "GET /xingrg/javascript/jquery_easy_ui/themes/icons/back_new.png HTTP/1.1" 200 3414
101.80.229.199 - - [31/Dec/2021:09:35:30 +0800] "GET /xingrg/all/function/internal_message.html?_=1640914529075&CODE_STATE=getMsg HTTP/1.1" 200 27
116.233.76.118 - - [31/Dec/2021:09:35:31 +0800] "GET /xingrg/kc/base/crk_hz.html HTTP/1.1" 200 11247
116.233.76.118 - - [31/Dec/2021:09:35:31 +0800] "GET /xingrg/css/table.css HTTP/1.1" 200 3684
116.233.76.118 - - [31/Dec/2021:09:35:31 +0800] "GET /xingrg/javascript/step/step.css HTTP/1.1" 200 999
116.233.76.118 - - [31/Dec/2021:09:35:31 +0800] "GET /xingrg/javascript/jquery_easy_ui/themes/icons/search.png HTTP/1.1" 200 813
116.233.76.118 - - [31/Dec/2021:09:35:31 +0800] "GET /xingrg/javascript/jquery_easy_ui/themes/default/images/menu_downarrow.png HTTP/1.1" 200 173
116.233.76.118 - - [31/Dec/2021:09:35:31 +0800] "GET /xingrg/javascript/jquery_easy_ui/themes/icons/print.png HTTP/1.1" 200 1057
116.233.76.118 - - [31/Dec/2021:09:35:31 +0800] "GET /xingrg/javascript/jquery_easy_ui/themes/default/images/menu.gif HTTP/1.1" 200 834
116.233.76.118 - - [31/Dec/2021:09:35:31 +0800] "GET /xingrg/javascript/jquery_easy_ui/themes/default/images/combo_arrow_dot.gif HTTP/1.1" 200 79
116.233.76.118 - - [31/Dec/2021:09:35:31 +0800] "POST /xingrg/kc/cost/cost_operate.html?command=get_base_tree HTTP/1.1" 200 2657
116.233.76.118 - - [31/Dec/2021:09:35:31 +0800] "GET /xingrg/javascript/jquery_easy_ui/themes/default/images/calendar_prevmonth.gif HTTP/1.1" 200 66
116.233.76.118 - - [31/Dec/2021:09:35:31 +0800] "GET /xingrg/javascript/jquery_easy_ui/themes/default/images/calendar_nextmonth.gif HTTP/1.1" 200 64
116.233.76.118 - - [31/Dec/2021:09:35:31 +0800] "GET /xingrg/javascript/jquery_easy_ui/themes/default/images/calendar_prevyear.gif HTTP/1.1" 200 76
116.233.76.118 - - [31/Dec/2021:09:35:31 +0800] "GET /xingrg/javascript/jquery_easy_ui/themes/default/images/calendar_nextyear.gif HTTP/1.1" 200 75
116.233.76.118 - - [31/Dec/2021:09:35:31 +0800] "POST /xingrg/all/common/load_tree.html?tree=materiel_sort_tree_json HTTP/1.1" 200 9388
116.233.76.118 - - [31/Dec/2021:09:35:31 +0800] "GET /xingrg/javascript/jquery_easy_ui/themes/default/images/tree_checkbox_0.gif HTTP/1.1" 200 168
116.227.210.113 - - [31/Dec/2021:09:35:31 +0800] "GET /xingrg/kc/buy/cgsh_order_operate.html?command=get_materiel&rest_code=00155&code=00101008650&supplier_code=00100005&order_time=2021-12-31 HTTP/1.1" 200 399
180.169.147.146 - - [31/Dec/2021:09:35:32 +0800] "POST /xingrg/dwr/call/plaincall/AjaxYddbService.saveMaterielItem.dwr HTTP/1.1" 200 79
116.233.76.118 - - [31/Dec/2021:09:35:33 +0800] "GET /xingrg/all/common/get_data_part.html?part=previousMonth&_=1640914472695 HTTP/1.1" 200 41
61.165.255.114 - - [31/Dec/2021:09:35:34 +0800] "GET /xingrg/check_reg.html?_=1640914531702 HTTP/1.1" 200 22
61.165.255.114 - - [31/Dec/2021:09:35:34 +0800] "GET /xingrg/all/function/internal_message.html?_=1640914531698&CODE_STATE=getMsg HTTP/1.1" 200 27
116.233.76.118 - - [31/Dec/2021:09:35:35 +0800] "GET /xingrg/all/common/get_data_part.html?part=currentMonth&_=1640914474335 HTTP/1.1" 200 41
116.233.76.118 - - [31/Dec/2021:09:35:35 +0800] "GET /xingrg/kc/buy/cgsh_order_operate.html?command=get_materiel&rest_code=00109&code=00101008186&supplier_code=00100005&order_time=2021-12-31 HTTP/1.1" 200 408
180.169.147.146 - - [31/Dec/2021:09:35:37 +0800] "POST /xingrg/dwr/call/plaincall/AjaxComOrderService.getMaterielSearchList.dwr HTTP/1.1" 200 77
116.227.210.113 - - [31/Dec/2021:09:35:37 +0800] "GET /xingrg/kc/buy/cgsh_order_operate.html?command=get_materiel&rest_code=00155&code=00101008360&supplier_code=00100005&order_time=2021-12-31 HTTP/1.1" 200 413
180.169.147.146 - - [31/Dec/2021:09:35:37 +0800] "POST /xingrg/dwr/call/plaincall/AjaxComOrderService.getMaterielSearchList.dwr HTTP/1.1" 200 77
116.233.76.118 - - [31/Dec/2021:09:35:37 +0800] "POST /xingrg/kc/buy/cgsh_order_operate.html HTTP/1.1" 200 2065
180.169.147.146 - - [31/Dec/2021:09:35:38 +0800] "POST /xingrg/dwr/call/plaincall/AjaxComOrderService.getMaterielSearchList.dwr HTTP/1.1" 200 283
116.227.210.113 - - [31/Dec/2021:09:35:38 +0800] "POST /xingrg/kc/buy/cgsh_order_operate.html HTTP/1.1" 200 2065
180.169.147.146 - - [31/Dec/2021:09:35:39 +0800] "POST /xingrg/dwr/call/plaincall/AjaxYddbService.getMaterielByMap.dwr HTTP/1.1" 200 2819
116.233.76.118 - - [31/Dec/2021:09:35:39 +0800] "GET /xingrg/javascript/jquery_easy_ui/themes/default/images/tree_checkbox_1.gif HTTP/1.1" 200 174
116.233.76.118 - - [31/Dec/2021:09:35:39 +0800] "GET /xingrg/javascript/jquery_easy_ui/themes/default/images/tree_checkbox_2.gif HTTP/1.1" 200 181
116.227.210.113 - - [31/Dec/2021:09:35:39 +0800] "GET /xingrg/all/function/internal_message.html?_=1640914530088&CODE_STATE=getMsg HTTP/1.1" 200 27
180.169.147.146 - - [31/Dec/2021:09:35:40 +0800] "GET /xingrg/all/function/internal_message.html?_=1640914535265&CODE_STATE=getMsg HTTP/1.1" 200 27
116.233.76.118 - - [31/Dec/2021:09:35:40 +0800] "GET /xingrg/kc/base/crk_hz.html?_=1640914480127&command=get_cost_id&end_date=2021-12-31&start_date=2021-12-01 HTTP/1.1" 200 51
116.233.76.118 - - [31/Dec/2021:09:35:41 +0800] "GET /xingrg/javascript/multi_select/jqueryMultiSelect.css HTTP/1.1" 200 951
116.233.76.118 - - [31/Dec/2021:09:35:41 +0800] "GET /xingrg/javascript/calendar/timePicker.css HTTP/1.1" 200 523
116.233.76.118 - - [31/Dec/2021:09:35:41 +0800] "GET /xingrg/javascript/bigrid/fix.css HTTP/1.1" 200 1702
116.233.76.118 - - [31/Dec/2021:09:35:41 +0800] "GET /xingrg/dwr/interface/AjaxReportQueryService.js HTTP/1.1" 200 13203
116.233.76.118 - - [31/Dec/2021:09:35:41 +0800] "GET /xingrg/javascript/bigrid/fix.js HTTP/1.1" 200 6439
116.233.76.118 - - [31/Dec/2021:09:35:41 +0800] "GET /xingrg/javascript/jqueryMultiSelect.js HTTP/1.1" 200 11866
116.233.76.118 - - [31/Dec/2021:09:35:41 +0800] "GET /xingrg/javascript/calendar/jquery.timePicker.min.js HTTP/1.1" 200 2997
116.233.76.118 - - [31/Dec/2021:09:35:41 +0800] "GET /xingrg/all/report/report_query.html?isQuery=1&onlyBody=1&rh=99999&rw=1800&varString=start:20211201,cost_id:3439,mid:20211201&fileName=kc/base/crk_hz_type_by_base.xml&queryString=%20a.base_code%20in%20('0010113')%20&queryText=ÈÕÆÚ£º2021-12-01ÖÁ2021-12-31%20²Ö¿â£º°Ę́&tableQueryString=materiel_table$sp1$$sp$before_table$sp1$$sp$crk_table$sp1$order_day%20between%2020211201%20and%2020211231 HTTP/1.1" 200 49398
116.233.76.118 - - [31/Dec/2021:09:35:41 +0800] "GET /xingrg/javascript/Calendar.js HTTP/1.1" 200 31561
116.233.76.118 - - [31/Dec/2021:09:35:41 +0800] "GET /xingrg/dwr/util.js HTTP/1.1" 200 35990
116.233.76.118 - - [31/Dec/2021:09:35:41 +0800] "GET /xingrg/dwr/engine.js HTTP/1.1" 200 43631
116.233.76.118 - - [31/Dec/2021:09:35:41 +0800] "GET /xingrg/images/blue/button/back2over.gif HTTP/1.1" 200 1335
116.233.76.118 - - [31/Dec/2021:09:35:41 +0800] "GET /xingrg/images/blue/button/advanceover.gif HTTP/1.1" 200 1347
116.233.76.118 - - [31/Dec/2021:09:35:41 +0800] "GET /xingrg/images/blue/button/backover.gif HTTP/1.1" 200 1348
116.233.76.118 - - [31/Dec/2021:09:35:41 +0800] "GET /xingrg/images/blue/button/advance2over.gif HTTP/1.1" 200 1336
116.233.76.118 - - [31/Dec/2021:09:35:41 +0800] "GET /xingrg/images/control/loading.gif HTTP/1.1" 200 13463
116.233.76.118 - - [31/Dec/2021:09:35:41 +0800] "GET /xingrg/javascript/jquery_easy_ui/themes/icons/help.png HTTP/1.1" 200 1187
116.233.76.118 - - [31/Dec/2021:09:35:41 +0800] "GET /xingrg/kc/buy/cgsh_order_operate.html?command=get_materiel&rest_code=00109&code=00101008096&supplier_code=00100005&order_time=2021-12-31 HTTP/1.1" 200 412
116.233.76.118 - - [31/Dec/2021:09:35:41 +0800] "POST /xingrg/all/report/load_report_page.html HTTP/1.1" 200 94648
116.233.76.118 - - [31/Dec/2021:09:35:41 +0800] "GET /xingrg/servlets/image?cache=0.3605415250099675&image=px HTTP/1.1" 200 807
180.169.147.146 - - [31/Dec/2021:09:35:42 +0800] "POST /xingrg/dwr/call/plaincall/AjaxYddbService.saveMaterielItem.dwr HTTP/1.1" 200 79
116.227.210.113 - - [31/Dec/2021:09:35:42 +0800] "GET /xingrg/kc/buy/cgsh_order_operate.html?command=get_materiel&rest_code=00155&code=00101008270&supplier_code=00100005&order_time=2021-12-31 HTTP/1.1" 200 412
180.169.147.146 - - [31/Dec/2021:09:35:43 +0800] "POST /xingrg/dwr/call/plaincall/AjaxComOrderService.getMaterielSearchList.dwr HTTP/1.1" 200 77
180.169.147.146 - - [31/Dec/2021:09:35:44 +0800] "POST /xingrg/dwr/call/plaincall/AjaxComOrderService.getMaterielSearchList.dwr HTTP/1.1" 200 77
180.169.147.146 - - [31/Dec/2021:09:35:45 +0800] "POST /xingrg/dwr/call/plaincall/AjaxComOrderService.getMaterielSearchList.dwr HTTP/1.1" 200 1367
180.169.147.146 - - [31/Dec/2021:09:35:46 +0800] "POST /xingrg/dwr/call/plaincall/AjaxYddbService.getMaterielByMap.dwr HTTP/1.1" 200 2805
114.95.98.1 - - [31/Dec/2021:09:35:46 +0800] "GET /xingrg/check_reg.html?_=1640914556118 HTTP/1.1" 200 22
116.233.76.118 - - [31/Dec/2021:09:35:47 +0800] "GET /xingrg/kc/buy/cgsh_order_operate.html?command=get_materiel&rest_code=00109&code=00101008298&supplier_code=00100005&order_time=2021-12-31 HTTP/1.1" 200 413
116.227.210.113 - - [31/Dec/2021:09:35:47 +0800] "GET /xingrg/kc/buy/cgsh_order_operate.html?command=get_materiel&rest_code=00155&code=00101008196&supplier_code=00100005&order_time=2021-12-31 HTTP/1.1" 200 416
114.95.98.1 - - [31/Dec/2021:09:35:48 +0800] "GET /xingrg/all/function/internal_message.html?_=1640914557499&CODE_STATE=getMsg HTTP/1.1" 200 27
114.85.125.222 - - [31/Dec/2021:09:35:48 +0800] "GET /xingrg/all/function/internal_message.html?_=1640914487498&CODE_STATE=getMsg HTTP/1.1" 200 27
116.233.76.118 - - [31/Dec/2021:09:35:49 +0800] "GET /xingrg/all/report/report_query.html?isQuery=1&fileName=kc/base/crk_detail_by_small.xml&rh=99999&queryString=&queryText=%25E3%2580%2590%25E4%25BB%2593%25E5%25BA%2593%25E5%2590%258D%25E7%25A7%25B0%253A%25E5%2590%25A7%25E5%258F%25B0%25E3%2580%2591%25E3%2580%2590%25E4%25B8%259A%25E5%258A%25A1%25E7%25B1%25BB%25E5%259E%258B%25EF%25BC%259A%25E5%2586%2585%25E9%2583%25A8%25E8%25B0%2583%25E5%2585%25A5%25E3%2580%2591%2520%253F%253F%253F%253F%253F2021-12-01%253F%253F2021-12-31%2520%253F%253F%253F%253F%253F%253F&tableQueryString=crk_table%2524sp1%2524order_day%2520between%252020211201%2520and%252020211231%2520and%2520(base_code%253D'0010113')%2520and%2520(src_order_type%2520in%2520(42))%2520and%2520(is_rk%2520in%2520(1)) HTTP/1.1" 200 53776
180.169.147.146 - - [31/Dec/2021:09:35:49 +0800] "POST /xingrg/dwr/call/plaincall/AjaxYddbService.saveMaterielItem.dwr HTTP/1.1" 200 79
116.233.76.118 - - [31/Dec/2021:09:35:49 +0800] "GET /xingrg/dwr/interface/AjaxReportQueryService.js HTTP/1.1" 200 13203
116.233.76.118 - - [31/Dec/2021:09:35:49 +0800] "GET /xingrg/dwr/engine.js HTTP/1.1" 200 43631
116.233.76.118 - - [31/Dec/2021:09:35:50 +0800] "GET /xingrg/javascript/jquery_easy_ui/themes/icons/pencil.png HTTP/1.1" 200 713
116.233.76.118 - - [31/Dec/2021:09:35:50 +0800] "GET /xingrg/javascript/jquery_easy_ui/themes/default/images/menu_rightarrow.png HTTP/1.1" 200 3617
222.69.132.164 - - [31/Dec/2021:09:35:50 +0800] "GET /xingrg/all/function/internal_message.html?_=1640914581976&CODE_STATE=getMsg HTTP/1.1" 200 27
180.169.147.146 - - [31/Dec/2021:09:35:50 +0800] "POST /xingrg/dwr/call/plaincall/AjaxComOrderService.getMaterielSearchList.dwr HTTP/1.1" 200 77
116.233.76.118 - - [31/Dec/2021:09:35:50 +0800] "POST /xingrg/all/report/load_report_page.html HTTP/1.1" 200 16080
116.233.76.118 - - [31/Dec/2021:09:35:50 +0800] "GET /xingrg/servlets/image?cache=0.18499854051592846&image=px HTTP/1.1" 200 807
116.233.76.118 - - [31/Dec/2021:09:35:52 +0800] "GET /xingrg/kc/buy/cgsh_order_operate.html?command=get_materiel&rest_code=00109&code=00101008242&supplier_code=00100005&order_time=2021-12-31 HTTP/1.1" 200 408
116.233.76.118 - - [31/Dec/2021:09:35:52 +0800] "POST /xingrg/all/report/load_report_page.html HTTP/1.1" 200 51044
116.233.76.118 - - [31/Dec/2021:09:35:52 +0800] "GET /xingrg/servlets/image?cache=0.6229238442864117&image=px HTTP/1.1" 200 807
180.169.147.146 - - [31/Dec/2021:09:35:53 +0800] "POST /xingrg/dwr/call/plaincall/AjaxComOrderService.getMaterielSearchList.dwr HTTP/1.1" 200 77
116.227.210.113 - - [31/Dec/2021:09:35:53 +0800] "GET /xingrg/kc/buy/cgsh_order_operate.html?command=get_materiel&rest_code=00155&code=00101008197&supplier_code=00100005&order_time=2021-12-31 HTTP/1.1" 200 416
180.169.147.146 - - [31/Dec/2021:09:35:54 +0800] "POST /xingrg/dwr/call/plaincall/AjaxComOrderService.getMaterielSearchList.dwr HTTP/1.1" 200 77
222.70.176.97 - - [31/Dec/2021:09:35:54 +0800] "GET /xingrg/all/function/internal_message.html?_=1640914195032&CODE_STATE=getMsg HTTP/1.1" 302 -
180.169.147.146 - - [31/Dec/2021:09:35:55 +0800] "POST /xingrg/dwr/call/plaincall/AjaxComOrderService.getMaterielSearchList.dwr HTTP/1.1" 200 582
180.169.147.146 - - [31/Dec/2021:09:35:55 +0800] "POST /xingrg/dwr/call/plaincall/AjaxYddbService.getMaterielByMap.dwr HTTP/1.1" 200 2867
101.83.241.229 - - [31/Dec/2021:09:35:56 +0800] "GET /xingrg/all/function/internal_message.html?_=1640914550456&CODE_STATE=getMsg HTTP/1.1" 200 27
116.233.76.118 - - [31/Dec/2021:09:35:57 +0800] "GET /xingrg/kc/buy/cgsh_order_operate.html?command=get_materiel&rest_code=00109&code=00101008225&supplier_code=00100005&order_time=2021-12-31 HTTP/1.1" 200 416
172.20.0.100 - - [31/Dec/2021:09:35:57 +0800] "GET /xingrg/all/function/internal_message.html?_=1640914555157&CODE_STATE=getMsg HTTP/1.1" 200 27
180.169.147.146 - - [31/Dec/2021:09:35:59 +0800] "POST /xingrg/dwr/call/plaincall/AjaxYddbService.saveMaterielItem.dwr HTTP/1.1" 200 79
180.169.147.146 - - [31/Dec/2021:09:36:00 +0800] "POST /xingrg/dwr/call/plaincall/AjaxComOrderService.getMaterielSearchList.dwr HTTP/1.1" 200 77
116.227.210.113 - - [31/Dec/2021:09:36:00 +0800] "GET /xingrg/kc/buy/cgsh_order_operate.html?command=get_materiel&rest_code=00155&code=00101008357&supplier_code=00100005&order_time=2021-12-31 HTTP/1.1" 200 408
116.233.76.118 - - [31/Dec/2021:09:36:02 +0800] "GET /xingrg/kc/buy/cgsh_order_operate.html?command=get_materiel&rest_code=00109&code=00101008306&supplier_code=00100005&order_time=2021-12-31 HTTP/1.1" 200 412
116.233.76.118 - - [31/Dec/2021:09:36:04 +0800] "POST /xingrg/kc/buy/cgsh_order_operate.html HTTP/1.1" 200 2065
116.233.76.118 - - [31/Dec/2021:09:36:04 +0800] "GET /xingrg/all/function/internal_message.html?_=1640914563615&CODE_STATE=getMsg HTTP/1.1" 200 27
114.85.125.222 - - [31/Dec/2021:09:36:05 +0800] "GET /xingrg/javascript/auto/indicator.gif HTTP/1.1" 404 1066
124.77.245.186 - - [31/Dec/2021:09:36:05 +0800] "GET /xingrg/check_reg.html?_=1640914580829 HTTP/1.1" 200 22
222.70.176.97 - - [31/Dec/2021:09:36:05 +0800] "GET /xingrg/check_reg.html?_=1640914556294 HTTP/1.1" 200 22
222.70.176.97 - - [31/Dec/2021:09:36:05 +0800] "GET /xingrg/all/function/internal_message.html?_=1640914556298&CODE_STATE=getMsg HTTP/1.1" 200 27
116.227.210.113 - - [31/Dec/2021:09:36:06 +0800] "GET /xingrg/kc/buy/cgsh_order_operate.html?command=get_materiel&rest_code=00155&code=00101008230&supplier_code=00100005&order_time=2021-12-31 HTTP/1.1" 200 408
180.169.147.146 - - [31/Dec/2021:09:36:06 +0800] "POST /xingrg/dwr/call/plaincall/AjaxYddbService.removeMaterielItem.dwr HTTP/1.1" 200 79
124.77.245.186 - - [31/Dec/2021:09:36:07 +0800] "GET /xingrg/all/function/internal_message.html?_=1640914582709&CODE_STATE=getMsg HTTP/1.1" 200 27
116.227.210.113 - - [31/Dec/2021:09:36:07 +0800] "POST /xingrg/kc/buy/cgsh_order_operate.html HTTP/1.1" 200 2065
116.233.76.118 - - [31/Dec/2021:09:36:08 +0800] "GET /xingrg/kc/buy/cgsh_order_operate.html?command=get_materiel&rest_code=00109&code=00101008125&supplier_code=00100005&order_time=2021-12-31 HTTP/1.1" 200 413
61.170.234.223 - - [31/Dec/2021:09:36:09 +0800] "GET /xingrg/all/function/internal_message.html?_=1640914568227&CODE_STATE=getMsg HTTP/1.1" 200 27
180.169.147.146 - - [31/Dec/2021:09:36:09 +0800] "POST /xingrg/dwr/call/plaincall/AjaxComOrderService.getMaterielSearchList.dwr HTTP/1.1" 200 77
180.169.147.146 - - [31/Dec/2021:09:36:10 +0800] "POST /xingrg/dwr/call/plaincall/AjaxComOrderService.getMaterielSearchList.dwr HTTP/1.1" 200 77
180.169.147.146 - - [31/Dec/2021:09:36:10 +0800] "POST /xingrg/dwr/call/plaincall/AjaxComOrderService.getMaterielSearchList.dwr HTTP/1.1" 200 582
180.175.103.30 - - [31/Dec/2021:09:36:11 +0800] "GET /xingrg/all/function/internal_message.html?_=1640914568259&CODE_STATE=getMsg HTTP/1.1" 200 27
114.85.125.222 - - [31/Dec/2021:09:36:11 +0800] "POST /xingrg/kc/buy/cgsh_list_operate.html HTTP/1.1" 200 1723
116.227.210.113 - - [31/Dec/2021:09:36:12 +0800] "GET /xingrg/kc/buy/cgsh_order_operate.html?command=get_materiel&rest_code=00155&code=00101008069&supplier_code=00100005&order_time=2021-12-31 HTTP/1.1" 200 412
180.169.147.146 - - [31/Dec/2021:09:36:13 +0800] "POST /xingrg/dwr/call/plaincall/AjaxYddbService.getMaterielByMap.dwr HTTP/1.1" 200 2887
180.169.147.146 - - [31/Dec/2021:09:36:16 +0800] "POST /xingrg/dwr/call/plaincall/AjaxYddbService.getUnitPrice.dwr HTTP/1.1" 200 86
116.227.210.113 - - [31/Dec/2021:09:36:18 +0800] "GET /xingrg/kc/buy/cgsh_order_operate.html?command=get_materiel&rest_code=00155&code=00101008006&supplier_code=00100005&order_time=2021-12-31 HTTP/1.1" 200 416
180.169.147.146 - - [31/Dec/2021:09:36:18 +0800] "POST /xingrg/dwr/call/plaincall/AjaxYddbService.saveMaterielItem.dwr HTTP/1.1" 200 79
116.227.210.113 - - [31/Dec/2021:09:36:23 +0800] "GET /xingrg/kc/buy/cgsh_order_operate.html?command=get_materiel&rest_code=00155&code=00101006011&supplier_code=00100005&order_time=2021-12-31 HTTP/1.1" 200 409
180.169.147.146 - - [31/Dec/2021:09:36:25 +0800] "POST /xingrg/dwr/call/plaincall/AjaxComOrderService.getMaterielSearchList.dwr HTTP/1.1" 200 77
180.169.147.146 - - [31/Dec/2021:09:36:26 +0800] "POST /xingrg/dwr/call/plaincall/AjaxComOrderService.getMaterielSearchList.dwr HTTP/1.1" 200 77
120.253.135.82 - - [31/Dec/2021:09:36:27 +0800] "GET /xingrg/all/function/internal_message.html?_=1640914368182&CODE_STATE=getMsg HTTP/1.1" 200 27
180.169.147.146 - - [31/Dec/2021:09:36:27 +0800] "POST /xingrg/dwr/call/plaincall/AjaxComOrderService.getMaterielSearchList.dwr HTTP/1.1" 200 4251
116.233.76.118 - - [31/Dec/2021:09:36:27 +0800] "GET /xingrg/all/function/internal_message.html?_=1640914527063&CODE_STATE=getMsg HTTP/1.1" 200 27
116.227.210.113 - - [31/Dec/2021:09:36:28 +0800] "GET /xingrg/kc/buy/cgsh_order_operate.html?command=get_materiel&rest_code=00155&code=00101008036&supplier_code=00100005&order_time=2021-12-31 HTTP/1.1" 200 408
101.80.229.199 - - [31/Dec/2021:09:36:30 +0800] "GET /xingrg/all/function/internal_message.html?_=1640914589046&CODE_STATE=getMsg HTTP/1.1" 200 27
116.227.210.113 - - [31/Dec/2021:09:36:33 +0800] "GET /xingrg/kc/buy/cgsh_order_operate.html?command=get_materiel&rest_code=00155&code=00101008131&supplier_code=00100005&order_time=2021-12-31 HTTP/1.1" 200 408
61.165.255.114 - - [31/Dec/2021:09:36:34 +0800] "GET /xingrg/all/function/internal_message.html?_=1640914591752&CODE_STATE=getMsg HTTP/1.1" 200 27
116.227.210.113 - - [31/Dec/2021:09:36:39 +0800] "GET /xingrg/check_reg.html?_=1640914590062 HTTP/1.1" 200 22
116.227.210.113 - - [31/Dec/2021:09:36:39 +0800] "GET /xingrg/all/function/internal_message.html?_=1640914590063&CODE_STATE=getMsg HTTP/1.1" 200 27
180.169.147.146 - - [31/Dec/2021:09:36:40 +0800] "GET /xingrg/all/function/internal_message.html?_=1640914595258&CODE_STATE=getMsg HTTP/1.1" 200 27
116.227.210.113 - - [31/Dec/2021:09:36:43 +0800] "GET /xingrg/kc/buy/cgsh_order_operate.html?command=get_materiel&rest_code=00155&code=00101008108&supplier_code=00100005&order_time=2021-12-31 HTTP/1.1" 200 412
116.227.210.113 - - [31/Dec/2021:09:36:44 +0800] "POST /xingrg/kc/buy/cgsh_order_operate.html HTTP/1.1" 200 2065
114.95.98.1 - - [31/Dec/2021:09:36:48 +0800] "GET /xingrg/all/function/internal_message.html?_=1640914617512&CODE_STATE=getMsg HTTP/1.1" 200 27
116.227.210.113 - - [31/Dec/2021:09:36:48 +0800] "GET /xingrg/kc/buy/cgsh_order_operate.html?command=get_materiel&rest_code=00155&code=00101008318&supplier_code=00100005&order_time=2021-12-31 HTTP/1.1" 200 408
114.85.125.222 - - [31/Dec/2021:09:36:48 +0800] "GET /xingrg/all/function/internal_message.html?_=1640914547509&CODE_STATE=getMsg HTTP/1.1" 200 27
222.69.132.164 - - [31/Dec/2021:09:36:50 +0800] "GET /xingrg/all/function/internal_message.html?_=1640914641978&CODE_STATE=getMsg HTTP/1.1" 200 27
116.227.210.113 - - [31/Dec/2021:09:36:53 +0800] "GET /xingrg/kc/buy/cgsh_order_operate.html?command=get_materiel&rest_code=00155&code=00101008371&supplier_code=00100005&order_time=2021-12-31 HTTP/1.1" 200 412
222.70.176.97 - - [31/Dec/2021:09:36:54 +0800] "GET /xingrg/all/function/internal_message.html?_=1640914255017&CODE_STATE=getMsg HTTP/1.1" 302 -
101.83.241.229 - - [31/Dec/2021:09:36:56 +0800] "GET /xingrg/all/function/internal_message.html?_=1640914610459&CODE_STATE=getMsg HTTP/1.1" 200 27
61.165.255.114 - - [31/Dec/2021:09:36:56 +0800] "POST /xingrg/all/user/operate.html HTTP/1.1" 200 36
61.165.255.114 - - [31/Dec/2021:09:36:56 +0800] "GET /xingrg/javascript/jquery_easy_ui/themes/default/easyui.css HTTP/1.1" 304 -
61.165.255.114 - - [31/Dec/2021:09:36:56 +0800] "GET /xingrg/index.html?sysBaseUrl=http%3A%2F%2F180.169.147.146%3A18081%2Fxingrg%2F&costTime=36×tamp=1640913468576 HTTP/1.1" 200 17179
61.165.255.114 - - [31/Dec/2021:09:36:56 +0800] "GET /xingrg/javascript/jquery_easy_ui/themes/icon.css HTTP/1.1" 304 -
61.165.255.114 - - [31/Dec/2021:09:36:56 +0800] "GET /xingrg/css/form.css HTTP/1.1" 304 -
61.165.255.114 - - [31/Dec/2021:09:36:56 +0800] "GET /xingrg/javascript/jquery-1.4.2.min.js HTTP/1.1" 304 -
61.165.255.114 - - [31/Dec/2021:09:36:57 +0800] "GET /xingrg/javascript/jquery_easy_ui/jquery.easyui.min.js HTTP/1.1" 304 -
61.165.255.114 - - [31/Dec/2021:09:36:57 +0800] "GET /xingrg/javascript/jquery_easy_ui/easyui-lang-zh_CN.js HTTP/1.1" 304 -
61.165.255.114 - - [31/Dec/2021:09:36:57 +0800] "GET /xingrg/javascript/jquery.form.js HTTP/1.1" 304 -
61.165.255.114 - - [31/Dec/2021:09:36:57 +0800] "GET /xingrg/javascript/jquery.utils.js HTTP/1.1" 304 -
61.165.255.114 - - [31/Dec/2021:09:36:57 +0800] "GET /xingrg/javascript/jquery.timers.js HTTP/1.1" 304 -
61.165.255.114 - - [31/Dec/2021:09:36:57 +0800] "GET /xingrg/images/blue/jxLogo.png HTTP/1.1" 304 -
61.165.255.114 - - [31/Dec/2021:09:36:57 +0800] "GET /xingrg/javascript/jquery_easy_ui/themes/icons/settle_new.png HTTP/1.1" 304 -
61.165.255.114 - - [31/Dec/2021:09:36:57 +0800] "GET /xingrg/images/blue/navBackgound.jpg HTTP/1.1" 304 -
61.165.255.114 - - [31/Dec/2021:09:36:57 +0800] "POST /xingrg/all/common/load_tree.html?tree=area_rest_tree_json&manage=1 HTTP/1.1" 200 476
61.165.255.114 - - [31/Dec/2021:09:36:57 +0800] "GET /xingrg/all/function/internal_message.html?_=1640914614708&CODE_STATE=count HTTP/1.1" 200 11
61.165.255.114 - - [31/Dec/2021:09:36:57 +0800] "GET /xingrg/images/blue/pingpu.png HTTP/1.1" 304 -
61.165.255.114 - - [31/Dec/2021:09:36:57 +0800] "GET /xingrg/check_reg.html?_=1640914614709 HTTP/1.1" 200 22
61.165.255.114 - - [31/Dec/2021:09:36:57 +0800] "GET /xingrg/javascript/jquery_easy_ui/themes/default/images/tabs_rightarrow.png HTTP/1.1" 304 -
61.165.255.114 - - [31/Dec/2021:09:36:57 +0800] "GET /xingrg/javascript/jquery_easy_ui/themes/default/images/panel_tool_collapse.gif HTTP/1.1" 304 -
61.165.255.114 - - [31/Dec/2021:09:36:57 +0800] "GET /xingrg/javascript/jquery_easy_ui/themes/default/images/tabs_leftarrow.png HTTP/1.1" 304 -
61.165.255.114 - - [31/Dec/2021:09:36:57 +0800] "POST /xingrg/load_menu.html HTTP/1.1" 200 5138
172.20.0.100 - - [31/Dec/2021:09:36:57 +0800] "GET /xingrg/all/function/internal_message.html?_=1640914615165&CODE_STATE=getMsg HTTP/1.1" 200 27
116.227.210.113 - - [31/Dec/2021:09:36:59 +0800] "GET /xingrg/kc/buy/cgsh_order_operate.html?command=get_materiel&rest_code=00155&code=00101008005&supplier_code=00100005&order_time=2021-12-31 HTTP/1.1" 200 412
61.165.255.114 - - [31/Dec/2021:09:37:02 +0800] "GET /xingrg/kc/buy/cgsh_order_list.html HTTP/1.1" 200 49545
116.233.76.118 - - [31/Dec/2021:09:37:04 +0800] "GET /xingrg/all/function/internal_message.html?_=1640914623617&CODE_STATE=getMsg HTTP/1.1" 200 27
116.233.76.118 - - [31/Dec/2021:09:37:04 +0800] "GET /xingrg/check_reg.html?_=1640914623619 HTTP/1.1" 200 22
61.165.255.114 - - [31/Dec/2021:09:37:04 +0800] "POST /xingrg/kc/buy/cgsh_list_operate.html HTTP/1.1" 200 2053
61.165.255.114 - - [31/Dec/2021:09:37:05 +0800] "GET /xingrg/kc/buy/cgsh_order_add.html HTTP/1.1" 200 65232
222.70.176.97 - - [31/Dec/2021:09:37:05 +0800] "GET /xingrg/all/function/internal_message.html?_=1640914616297&CODE_STATE=getMsg HTTP/1.1" 200 27
116.227.210.113 - - [31/Dec/2021:09:37:05 +0800] "GET /xingrg/kc/buy/cgsh_order_operate.html?command=get_materiel&rest_code=00155&code=00101008353&supplier_code=00100005&order_time=2021-12-31 HTTP/1.1" 200 408
61.165.255.114 - - [31/Dec/2021:09:37:05 +0800] "GET /xingrg/javascript/easyui/themes/default/validatebox.css HTTP/1.1" 404 1104
61.165.255.114 - - [31/Dec/2021:09:37:06 +0800] "POST /xingrg/kc/buy/cgsh_order_operate.html HTTP/1.1" 200 8245
116.233.76.118 - - [31/Dec/2021:09:37:06 +0800] "GET /xingrg/kc/buy/cgsh_order_operate.html?command=get_materiel&rest_code=00109&code=00101008003&supplier_code=00100005&order_time=2021-12-31 HTTP/1.1" 200 408
124.77.245.186 - - [31/Dec/2021:09:37:07 +0800] "GET /xingrg/all/function/internal_message.html?_=1640914642722&CODE_STATE=getMsg HTTP/1.1" 200 27
61.165.255.114 - - [31/Dec/2021:09:37:08 +0800] "GET /xingrg/javascript/auto/indicator.gif HTTP/1.1" 404 1066
61.170.234.223 - - [31/Dec/2021:09:37:09 +0800] "GET /xingrg/all/function/internal_message.html?_=1640914628254&CODE_STATE=getMsg HTTP/1.1" 200 27
61.170.234.223 - - [31/Dec/2021:09:37:09 +0800] "GET /xingrg/check_reg.html?_=1640914628256 HTTP/1.1" 200 22
180.175.103.30 - - [31/Dec/2021:09:37:11 +0800] "GET /xingrg/all/function/internal_message.html?_=1640914628261&CODE_STATE=getMsg HTTP/1.1" 200 27
116.233.76.118 - - [31/Dec/2021:09:37:11 +0800] "GET /xingrg/kc/buy/cgsh_order_operate.html?command=get_materiel&rest_code=00109&code=00101008148&supplier_code=00100005&order_time=2021-12-31 HTTP/1.1" 200 416
116.227.210.113 - - [31/Dec/2021:09:37:12 +0800] "GET /xingrg/kc/buy/cgsh_order_operate.html?command=get_materiel&rest_code=00155&code=00101008213&supplier_code=00100005&order_time=2021-12-31 HTTP/1.1" 200 412
116.227.210.113 - - [31/Dec/2021:09:37:13 +0800] "POST /xingrg/kc/buy/cgsh_order_operate.html HTTP/1.1" 200 2065
222.70.176.97 - - [31/Dec/2021:09:37:15 +0800] "GET /xingrg/kc/buy/cgsh_order_operate.html?command=get_materiel&rest_code=00111&code=00101019092&supplier_code=00100037&order_time=2021-12-31 HTTP/1.1" 200 437
61.165.255.114 - - [31/Dec/2021:09:37:15 +0800] "GET /xingrg/kc/buy/cgsh_order_operate.html?command=get_materiel&rest_code=00150&code=00101002027&supplier_code=00100400&order_time=2021-12-31 HTTP/1.1" 200 434
116.233.76.118 - - [31/Dec/2021:09:37:17 +0800] "GET /xingrg/kc/buy/cgsh_order_operate.html?command=get_materiel&rest_code=00109&code=00101008356&supplier_code=00100005&order_time=2021-12-31 HTTP/1.1" 200 408
116.227.210.113 - - [31/Dec/2021:09:37:18 +0800] "GET /xingrg/kc/buy/cgsh_order_operate.html?command=get_materiel&rest_code=00155&code=00101008095&supplier_code=00100005&order_time=2021-12-31 HTTP/1.1" 200 412
180.169.147.146 - - [31/Dec/2021:09:37:19 +0800] "POST /xingrg/dwr/call/plaincall/AjaxComOrderService.getMaterielSearchList.dwr HTTP/1.1" 200 77
222.70.176.97 - - [31/Dec/2021:09:37:20 +0800] "POST /xingrg/all/common/load_select.html HTTP/1.1" 200 25
180.169.147.146 - - [31/Dec/2021:09:37:20 +0800] "POST /xingrg/dwr/call/plaincall/AjaxComOrderService.getMaterielSearchList.dwr HTTP/1.1" 200 77
180.169.147.146 - - [31/Dec/2021:09:37:20 +0800] "POST /xingrg/dwr/call/plaincall/AjaxComOrderService.getMaterielSearchList.dwr HTTP/1.1" 200 77
180.169.147.146 - - [31/Dec/2021:09:37:21 +0800] "POST /xingrg/dwr/call/plaincall/AjaxComOrderService.getMaterielSearchList.dwr HTTP/1.1" 200 23178
116.233.76.118 - - [31/Dec/2021:09:37:22 +0800] "GET /xingrg/kc/buy/cgsh_order_operate.html?command=get_materiel&rest_code=00109&code=00101008251&supplier_code=00100005&order_time=2021-12-31 HTTP/1.1" 200 408
180.169.147.146 - - [31/Dec/2021:09:37:23 +0800] "POST /xingrg/dwr/call/plaincall/AjaxComOrderService.getMaterielSearchList.dwr HTTP/1.1" 200 23178
222.70.176.97 - - [31/Dec/2021:09:37:24 +0800] "GET /xingrg/kc/buy/cgsh_order_operate.html?command=get_materiel_price&rest_code=00111&code=00101019092&unit_code=00100141&supplier_code=00100037&order_time=2021-12-31 HTTP/1.1" 200 28
116.227.210.113 - - [31/Dec/2021:09:37:24 +0800] "GET /xingrg/kc/buy/cgsh_order_operate.html?command=get_materiel&rest_code=00155&code=00101008110&supplier_code=00100005&order_time=2021-12-31 HTTP/1.1" 200 408
180.169.147.146 - - [31/Dec/2021:09:37:24 +0800] "POST /xingrg/dwr/call/plaincall/AjaxComOrderService.getMaterielSearchList.dwr HTTP/1.1" 200 23178
116.233.76.118 - - [31/Dec/2021:09:37:24 +0800] "POST /xingrg/kc/buy/cgsh_order_operate.html HTTP/1.1" 200 2065
180.169.147.146 - - [31/Dec/2021:09:37:25 +0800] "POST /xingrg/dwr/call/plaincall/AjaxComOrderService.getMaterielSearchList.dwr HTTP/1.1" 200 430
120.253.135.82 - - [31/Dec/2021:09:37:27 +0800] "GET /xingrg/all/function/internal_message.html?_=1640914428195&CODE_STATE=getMsg HTTP/1.1" 200 27
116.233.76.118 - - [31/Dec/2021:09:37:27 +0800] "GET /xingrg/all/function/internal_message.html?_=1640914587081&CODE_STATE=getMsg HTTP/1.1" 200 27
116.233.76.118 - - [31/Dec/2021:09:37:28 +0800] "GET /xingrg/kc/buy/cgsh_order_operate.html?command=get_materiel&rest_code=00109&code=00101008137&supplier_code=00100005&order_time=2021-12-31 HTTP/1.1" 200 408
180.169.147.146 - - [31/Dec/2021:09:37:28 +0800] "POST /xingrg/dwr/call/plaincall/AjaxYddbService.getMaterielByMap.dwr HTTP/1.1" 200 2894
101.80.229.199 - - [31/Dec/2021:09:37:30 +0800] "GET /xingrg/all/function/internal_message.html?_=1640914649017&CODE_STATE=getMsg HTTP/1.1" 200 27
116.227.210.113 - - [31/Dec/2021:09:37:31 +0800] "GET /xingrg/kc/buy/cgsh_order_operate.html?command=get_materiel&rest_code=00155&code=00101008283&supplier_code=00100005&order_time=2021-12-31 HTTP/1.1" 200 408
61.165.255.114 - - [31/Dec/2021:09:37:31 +0800] "GET /xingrg/kc/buy/cgsh_order_operate.html?command=get_materiel&rest_code=00150&code=00101005037&supplier_code=00100400&order_time=2021-12-31 HTTP/1.1" 200 409
116.233.76.118 - - [31/Dec/2021:09:37:33 +0800] "GET /xingrg/kc/buy/cgsh_order_operate.html?command=get_materiel&rest_code=00109&code=00101008069&supplier_code=00100005&order_time=2021-12-31 HTTP/1.1" 200 412
180.169.147.146 - - [31/Dec/2021:09:37:34 +0800] "POST /xingrg/dwr/call/plaincall/AjaxYddbService.saveMaterielItem.dwr HTTP/1.1" 200 79
116.227.210.113 - - [31/Dec/2021:09:37:36 +0800] "GET /xingrg/kc/buy/cgsh_order_operate.html?command=get_materiel&rest_code=00155&code=00101008091&supplier_code=00100005&order_time=2021-12-31 HTTP/1.1" 200 413
222.70.176.97 - - [31/Dec/2021:09:37:37 +0800] "GET /xingrg/kc/buy/cgsh_order_operate.html?command=get_materiel&rest_code=00111&code=00101019083&supplier_code=00100037&order_time=2021-12-31 HTTP/1.1" 200 442
116.233.76.118 - - [31/Dec/2021:09:37:39 +0800] "GET /xingrg/kc/buy/cgsh_order_operate.html?command=get_materiel&rest_code=00109&code=00101008286&supplier_code=00100005&order_time=2021-12-31 HTTP/1.1" 200 408
180.169.147.146 - - [31/Dec/2021:09:37:39 +0800] "POST /xingrg/dwr/call/plaincall/AjaxComOrderService.getMaterielSearchList.dwr HTTP/1.1" 200 77
116.227.210.113 - - [31/Dec/2021:09:37:39 +0800] "GET /xingrg/all/function/internal_message.html?_=1640914650057&CODE_STATE=getMsg HTTP/1.1" 200 27
180.169.147.146 - - [31/Dec/2021:09:37:40 +0800] "POST /xingrg/dwr/call/plaincall/AjaxComOrderService.getMaterielSearchList.dwr HTTP/1.1" 200 77
180.169.147.146 - - [31/Dec/2021:09:37:40 +0800] "GET /xingrg/all/function/internal_message.html?_=1640914655262&CODE_STATE=getMsg HTTP/1.1" 200 27
180.169.147.146 - - [31/Dec/2021:09:37:40 +0800] "POST /xingrg/dwr/call/plaincall/AjaxComOrderService.getMaterielSearchList.dwr HTTP/1.1" 200 77
180.169.147.146 - - [31/Dec/2021:09:37:41 +0800] "POST /xingrg/dwr/call/plaincall/AjaxComOrderService.getMaterielSearchList.dwr HTTP/1.1" 200 3189
222.70.176.97 - - [31/Dec/2021:09:37:41 +0800] "POST /xingrg/all/common/load_select.html HTTP/1.1" 200 25
180.169.147.146 - - [31/Dec/2021:09:37:43 +0800] "POST /xingrg/dwr/call/plaincall/AjaxYddbService.getMaterielByMap.dwr HTTP/1.1" 200 2891
116.233.76.118 - - [31/Dec/2021:09:37:44 +0800] "GET /xingrg/kc/buy/cgsh_order_operate.html?command=get_materiel&rest_code=00109&code=00101008131&supplier_code=00100005&order_time=2021-12-31 HTTP/1.1" 200 408
222.70.176.97 - - [31/Dec/2021:09:37:44 +0800] "GET /xingrg/kc/buy/cgsh_order_operate.html?command=get_materiel_price&rest_code=00111&code=00101019083&unit_code=00100141&supplier_code=00100037&order_time=2021-12-31 HTTP/1.1" 200 27
180.169.147.146 - - [31/Dec/2021:09:37:46 +0800] "POST /xingrg/dwr/call/plaincall/AjaxYddbService.saveMaterielItem.dwr HTTP/1.1" 200 79
114.88.159.28 - - [31/Dec/2021:09:37:46 +0800] "GET /xingrg/check_reg.html?_=1640914470385 HTTP/1.1" 302 -
180.169.147.146 - - [31/Dec/2021:09:37:46 +0800] "POST /xingrg/dwr/call/plaincall/AjaxComOrderService.getMaterielSearchList.dwr HTTP/1.1" 200 77
114.95.98.1 - - [31/Dec/2021:09:37:48 +0800] "GET /xingrg/all/function/internal_message.html?_=1640914677525&CODE_STATE=getMsg HTTP/1.1" 200 27
114.85.125.222 - - [31/Dec/2021:09:37:48 +0800] "GET /xingrg/all/function/internal_message.html?_=1640914607525&CODE_STATE=getMsg HTTP/1.1" 200 27
222.69.132.164 - - [31/Dec/2021:09:37:50 +0800] "GET /xingrg/check_reg.html?_=1640914701969 HTTP/1.1" 200 22
222.69.132.164 - - [31/Dec/2021:09:37:50 +0800] "GET /xingrg/all/function/internal_message.html?_=1640914701971&CODE_STATE=getMsg HTTP/1.1" 200 27
222.70.176.97 - - [31/Dec/2021:09:37:50 +0800] "POST /xingrg/kc/buy/cgsh_order_operate.html HTTP/1.1" 200 2065
180.169.147.146 - - [31/Dec/2021:09:37:51 +0800] "POST /xingrg/dwr/call/plaincall/AjaxComOrderService.getMaterielSearchList.dwr HTTP/1.1" 200 77
101.80.229.199 - - [31/Dec/2021:09:37:53 +0800] "GET /xingrg/check_reg.html?_=1640914671442 HTTP/1.1" 200 22
180.169.147.146 - - [31/Dec/2021:09:37:53 +0800] "POST /xingrg/dwr/call/plaincall/AjaxComOrderService.getMaterielSearchList.dwr HTTP/1.1" 200 77
116.233.76.118 - - [31/Dec/2021:09:37:53 +0800] "GET /xingrg/kc/buy/cgsh_order_operate.html?command=get_materiel&rest_code=00109&code=00101008296&supplier_code=00100005&order_time=2021-12-31 HTTP/1.1" 200 416
180.169.147.146 - - [31/Dec/2021:09:37:54 +0800] "POST /xingrg/dwr/call/plaincall/AjaxComOrderService.getMaterielSearchList.dwr HTTP/1.1" 200 77
222.70.176.97 - - [31/Dec/2021:09:37:54 +0800] "GET /xingrg/all/function/internal_message.html?_=1640914315016&CODE_STATE=getMsg HTTP/1.1" 302 -
116.227.210.113 - - [31/Dec/2021:09:37:54 +0800] "GET /xingrg/kc/buy/cgsh_order_operate.html?command=get_materiel&rest_code=00155&code=00101008198&supplier_code=00100005&order_time=2021-12-31 HTTP/1.1" 200 413
180.169.147.146 - - [31/Dec/2021:09:37:55 +0800] "POST /xingrg/dwr/call/plaincall/AjaxComOrderService.getMaterielSearchList.dwr HTTP/1.1" 200 2988
116.233.76.118 - - [31/Dec/2021:09:37:55 +0800] "POST /xingrg/kc/buy/cgsh_order_operate.html HTTP/1.1" 200 2065
101.83.241.229 - - [31/Dec/2021:09:37:56 +0800] "GET /xingrg/all/function/internal_message.html?_=1640914670459&CODE_STATE=getMsg HTTP/1.1" 200 27
116.227.210.113 - - [31/Dec/2021:09:37:56 +0800] "POST /xingrg/kc/buy/cgsh_order_operate.html HTTP/1.1" 200 2065
61.165.255.114 - - [31/Dec/2021:09:37:57 +0800] "GET /xingrg/all/function/internal_message.html?_=1640914674747&CODE_STATE=getMsg HTTP/1.1" 200 27
172.20.0.100 - - [31/Dec/2021:09:37:57 +0800] "GET /xingrg/all/function/internal_message.html?_=1640914675151&CODE_STATE=getMsg HTTP/1.1" 200 27
222.70.176.97 - - [31/Dec/2021:09:37:58 +0800] "GET /xingrg/kc/buy/cgsh_order_operate.html?command=get_materiel&rest_code=00111&code=00101019289&supplier_code=00100037&order_time=2021-12-31 HTTP/1.1" 200 453
180.169.147.146 - - [31/Dec/2021:09:37:58 +0800] "POST /xingrg/dwr/call/plaincall/AjaxYddbService.getMaterielByMap.dwr HTTP/1.1" 200 2877
116.233.76.118 - - [31/Dec/2021:09:37:59 +0800] "GET /xingrg/kc/buy/cgsh_order_operate.html?command=get_materiel&rest_code=00109&code=00101008353&supplier_code=00100005&order_time=2021-12-31 HTTP/1.1" 200 408
180.169.147.146 - - [31/Dec/2021:09:38:02 +0800] "POST /xingrg/dwr/call/plaincall/AjaxYddbService.getUnitPrice.dwr HTTP/1.1" 200 88
116.233.76.118 - - [31/Dec/2021:09:38:04 +0800] "GET /xingrg/all/function/internal_message.html?_=1640914683623&CODE_STATE=getMsg HTTP/1.1" 200 27
116.233.76.118 - - [31/Dec/2021:09:38:04 +0800] "GET /xingrg/kc/buy/cgsh_order_operate.html?command=get_materiel&rest_code=00109&code=00101008213&supplier_code=00100005&order_time=2021-12-31 HTTP/1.1" 200 412
116.227.210.113 - - [31/Dec/2021:09:38:04 +0800] "GET /xingrg/kc/buy/cgsh_order_operate.html?command=get_materiel&rest_code=00155&code=00101008352&supplier_code=00100005&order_time=2021-12-31 HTTP/1.1" 200 412
222.70.176.97 - - [31/Dec/2021:09:38:05 +0800] "GET /xingrg/all/function/internal_message.html?_=1640914676294&CODE_STATE=getMsg HTTP/1.1" 200 27
180.169.147.146 - - [31/Dec/2021:09:38:05 +0800] "POST /xingrg/dwr/call/plaincall/AjaxYddbService.saveMaterielItem.dwr HTTP/1.1" 200 79
180.169.147.146 - - [31/Dec/2021:09:38:06 +0800] "POST /xingrg/dwr/call/plaincall/AjaxComOrderService.getMaterielSearchList.dwr HTTP/1.1" 200 77
124.77.245.186 - - [31/Dec/2021:09:38:07 +0800] "GET /xingrg/all/function/internal_message.html?_=1640914702735&CODE_STATE=getMsg HTTP/1.1" 200 27
61.170.234.223 - - [31/Dec/2021:09:38:09 +0800] "GET /xingrg/all/function/internal_message.html?_=1640914688257&CODE_STATE=getMsg HTTP/1.1" 200 27
116.233.76.118 - - [31/Dec/2021:09:38:10 +0800] "GET /xingrg/kc/buy/cgsh_order_operate.html?command=get_materiel&rest_code=00109&code=00101008291&supplier_code=00100005&order_time=2021-12-31 HTTP/1.1" 200 408
180.169.147.146 - - [31/Dec/2021:09:38:10 +0800] "POST /xingrg/dwr/call/plaincall/AjaxComOrderService.getMaterielSearchList.dwr HTTP/1.1" 200 77
180.175.103.30 - - [31/Dec/2021:09:38:10 +0800] "GET /xingrg/check_reg.html?_=1640914688203 HTTP/1.1" 200 22
180.175.103.30 - - [31/Dec/2021:09:38:10 +0800] "GET /xingrg/all/function/internal_message.html?_=1640914688207&CODE_STATE=getMsg HTTP/1.1" 200 27
180.169.147.146 - - [31/Dec/2021:09:38:11 +0800] "POST /xingrg/dwr/call/plaincall/AjaxComOrderService.getMaterielSearchList.dwr HTTP/1.1" 200 754
180.169.147.146 - - [31/Dec/2021:09:38:17 +0800] "POST /xingrg/dwr/call/plaincall/AjaxYddbService.getMaterielByMap.dwr HTTP/1.1" 200 2906
180.169.147.146 - - [31/Dec/2021:09:38:21 +0800] "POST /xingrg/dwr/call/plaincall/AjaxYddbService.saveMaterielItem.dwr HTTP/1.1" 200 79
58.221.95.50 - - [31/Dec/2021:09:38:21 +0800] "GET /xingrg/check_reg.html?_=1640914698580 HTTP/1.1" 302 -
61.165.255.114 - - [31/Dec/2021:09:38:22 +0800] "POST /xingrg/kc/buy/cgsh_order_operate.html HTTP/1.1" 200 37
180.169.147.146 - - [31/Dec/2021:09:38:24 +0800] "GET /xingrg/index.html?sysBaseUrl=http%3A%2F%2F180.169.147.146%3A18081%2Fxingrg%2F&costTime=39×tamp=1592034574635 HTTP/1.1" 302 -
180.169.147.146 - - [31/Dec/2021:09:38:24 +0800] "GET /xingrg/login.html HTTP/1.1" 200 7641
180.169.147.146 - - [31/Dec/2021:09:38:24 +0800] "GET /xingrg/images/blue/jxLogo.png HTTP/1.1" 200 6156
180.169.147.146 - - [31/Dec/2021:09:38:24 +0800] "GET /xingrg/images/blue/login_bg.png HTTP/1.1" 200 22101
180.169.147.146 - - [31/Dec/2021:09:38:24 +0800] "GET /xingrg/images/blue/hj.png HTTP/1.1" 200 1014
180.169.147.146 - - [31/Dec/2021:09:38:24 +0800] "GET /xingrg/images/blue/srbg.png HTTP/1.1" 200 138
180.169.147.146 - - [31/Dec/2021:09:38:25 +0800] "GET /favicon.ico HTTP/1.1" 404 -
61.165.255.114 - - [31/Dec/2021:09:38:25 +0800] "POST /xingrg/kc/buy/cgsh_order_operate.html HTTP/1.1" 200 12
116.233.76.118 - - [31/Dec/2021:09:38:26 +0800] "GET /xingrg/kc/buy/cgsh_order_operate.html?command=get_materiel&rest_code=00109&code=00101008257&supplier_code=00100005&order_time=2021-12-31 HTTP/1.1" 200 436
61.165.255.114 - - [31/Dec/2021:09:38:26 +0800] "GET /xingrg/kc/buy/cgsh_order_info.html?code=212021123113428 HTTP/1.1" 200 60139
61.165.255.114 - - [31/Dec/2021:09:38:26 +0800] "GET /xingrg/javascript/easyui/themes/default/validatebox.css HTTP/1.1" 404 1104
116.227.210.113 - - [31/Dec/2021:09:38:26 +0800] "GET /xingrg/kc/buy/cgsh_order_operate.html?command=get_materiel&rest_code=00155&code=00101008331&supplier_code=00100005&order_time=2021-12-31 HTTP/1.1" 200 416
61.165.255.114 - - [31/Dec/2021:09:38:27 +0800] "POST /xingrg/kc/buy/cgsh_order_operate.html HTTP/1.1" 200 1199
180.169.147.146 - - [31/Dec/2021:09:38:27 +0800] "POST /xingrg/dwr/call/plaincall/AjaxComOrderService.getMaterielSearchList.dwr HTTP/1.1" 200 77
120.253.135.82 - - [31/Dec/2021:09:38:27 +0800] "GET /xingrg/check_reg.html?_=1640914488086 HTTP/1.1" 200 22
120.253.135.82 - - [31/Dec/2021:09:38:27 +0800] "GET /xingrg/all/function/internal_message.html?_=1640914488209&CODE_STATE=getMsg HTTP/1.1" 200 27
116.233.76.118 - - [31/Dec/2021:09:38:27 +0800] "GET /xingrg/all/function/internal_message.html?_=1640914647090&CODE_STATE=getMsg HTTP/1.1" 200 27
61.165.255.114 - - [31/Dec/2021:09:38:28 +0800] "GET /xingrg/kc/print/load_data.html?order_code=212021123113428&kc_code=cgsh&condition= HTTP/1.1" 200 924
180.169.147.146 - - [31/Dec/2021:09:38:28 +0800] "POST /xingrg/dwr/call/plaincall/AjaxComOrderService.getMaterielSearchList.dwr HTTP/1.1" 200 542
180.169.147.146 - - [31/Dec/2021:09:38:29 +0800] "POST /xingrg/login.do HTTP/1.1" 302 -
180.169.147.146 - - [31/Dec/2021:09:38:29 +0800] "GET /xingrg/index.html?sysBaseUrl=http%3A%2F%2F180.169.147.146%3A18081%2Fxingrg%2F&costTime=64×tamp=1640914709594 HTTP/1.1" 200 17503
180.169.147.146 - - [31/Dec/2021:09:38:29 +0800] "GET /xingrg/javascript/jquery_easy_ui/themes/default/easyui.css HTTP/1.1" 200 26500
180.169.147.146 - - [31/Dec/2021:09:38:29 +0800] "GET /xingrg/javascript/jquery-1.4.2.min.js HTTP/1.1" 200 72205
180.169.147.146 - - [31/Dec/2021:09:38:29 +0800] "GET /xingrg/javascript/jquery_easy_ui/themes/icon.css HTTP/1.1" 200 3949
180.169.147.146 - - [31/Dec/2021:09:38:29 +0800] "GET /xingrg/css/form.css HTTP/1.1" 200 893
180.169.147.146 - - [31/Dec/2021:09:38:29 +0800] "GET /xingrg/javascript/jquery_easy_ui/jquery.easyui.min.js HTTP/1.1" 200 213662
180.169.147.146 - - [31/Dec/2021:09:38:29 +0800] "GET /xingrg/javascript/jquery_easy_ui/easyui-lang-zh_CN.js HTTP/1.1" 200 1900
180.169.147.146 - - [31/Dec/2021:09:38:29 +0800] "GET /xingrg/javascript/jquery.form.js HTTP/1.1" 200 23110
180.169.147.146 - - [31/Dec/2021:09:38:29 +0800] "GET /xingrg/javascript/jquery.utils.js HTTP/1.1" 200 11805
180.169.147.146 - - [31/Dec/2021:09:38:29 +0800] "GET /xingrg/javascript/jquery.timers.js HTTP/1.1" 200 3532
180.169.147.146 - - [31/Dec/2021:09:38:29 +0800] "POST /xingrg/dwr/call/plaincall/AjaxYddbService.getMaterielByMap.dwr HTTP/1.1" 200 2809
180.169.147.146 - - [31/Dec/2021:09:38:29 +0800] "GET /favicon.ico HTTP/1.1" 404 -
180.169.147.146 - - [31/Dec/2021:09:38:29 +0800] "GET /xingrg/javascript/jquery_easy_ui/themes/icons/settle_new.png HTTP/1.1" 200 826
180.169.147.146 - - [31/Dec/2021:09:38:29 +0800] "GET /xingrg/images/blue/navBackgound.jpg HTTP/1.1" 200 12378
180.169.147.146 - - [31/Dec/2021:09:38:29 +0800] "POST /xingrg/all/common/load_tree.html?tree=area_rest_tree_json&manage=1 HTTP/1.1" 200 3472
180.169.147.146 - - [31/Dec/2021:09:38:29 +0800] "GET /xingrg/all/function/internal_message.html?_=1640914707063&CODE_STATE=count HTTP/1.1" 200 11
180.169.147.146 - - [31/Dec/2021:09:38:29 +0800] "GET /xingrg/check_reg.html?_=1640914707064 HTTP/1.1" 200 22
180.169.147.146 - - [31/Dec/2021:09:38:29 +0800] "GET /xingrg/images/blue/pingpu.png HTTP/1.1" 200 231
180.169.147.146 - - [31/Dec/2021:09:38:29 +0800] "GET /xingrg/javascript/jquery_easy_ui/themes/default/images/tabs_leftarrow.png HTTP/1.1" 200 389
180.169.147.146 - - [31/Dec/2021:09:38:29 +0800] "GET /xingrg/javascript/jquery_easy_ui/themes/default/images/tabs_rightarrow.png HTTP/1.1" 200 395
180.169.147.146 - - [31/Dec/2021:09:38:29 +0800] "GET /xingrg/javascript/jquery_easy_ui/themes/default/images/panel_tool_expand.gif HTTP/1.1" 200 247
180.169.147.146 - - [31/Dec/2021:09:38:29 +0800] "GET /xingrg/javascript/jquery_easy_ui/themes/default/images/panel_tool_collapse.gif HTTP/1.1" 200 246
