124.79.247.218 - - [31/Dec/2021:10:37:55 +0800] "GET /xingrg/css/base.css HTTP/1.1" 304 -
124.79.247.218 - - [31/Dec/2021:10:37:55 +0800] "GET /xingrg/css/site.css HTTP/1.1" 304 -
124.79.247.218 - - [31/Dec/2021:10:37:55 +0800] "GET /xingrg/javascript/jquery_tools/datebox.css HTTP/1.1" 304 -
124.79.247.218 - - [31/Dec/2021:10:37:55 +0800] "GET /xingrg/javascript/easyui/themes/default/easyui.css HTTP/1.1" 304 -
124.79.247.218 - - [31/Dec/2021:10:37:55 +0800] "GET /xingrg/javascript/easyui/themes/icon.css HTTP/1.1" 304 -
124.79.247.218 - - [31/Dec/2021:10:37:55 +0800] "GET /xingrg/javascript/pic_change.js HTTP/1.1" 304 -
124.79.247.218 - - [31/Dec/2021:10:37:55 +0800] "GET /xingrg/kc/buy/cgsh_order_info.html?code=212021123113447 HTTP/1.1" 200 65358
124.79.247.218 - - [31/Dec/2021:10:37:55 +0800] "GET /xingrg/javascript/jquery_tools/fix.css HTTP/1.1" 304 -
124.79.247.218 - - [31/Dec/2021:10:37:55 +0800] "GET /xingrg/javascript/auto/jquery.autocomplete.css HTTP/1.1" 304 -
124.79.247.218 - - [31/Dec/2021:10:37:55 +0800] "GET /xingrg/javascript/jquery_tools/table.css HTTP/1.1" 304 -
124.79.247.218 - - [31/Dec/2021:10:37:55 +0800] "GET /xingrg/javascript/jquery_tools/jquery.tools.hotkey.js HTTP/1.1" 304 -
124.79.247.218 - - [31/Dec/2021:10:37:55 +0800] "GET /xingrg/javascript/auto/jquery.autocomplete.js HTTP/1.1" 304 -
124.79.247.218 - - [31/Dec/2021:10:37:55 +0800] "GET /xingrg/javascript/easyui/easyloader.js HTTP/1.1" 304 -
124.79.247.218 - - [31/Dec/2021:10:37:55 +0800] "GET /xingrg/javascript/jquery.utils.js HTTP/1.1" 304 -
124.79.247.218 - - [31/Dec/2021:10:37:55 +0800] "GET /xingrg/javascript/jquery_tools/jquery.tools.min.js HTTP/1.1" 304 -
124.79.247.218 - - [31/Dec/2021:10:37:55 +0800] "GET /xingrg/javascript/jquery_tools/order_manager.js HTTP/1.1" 304 -
124.79.247.218 - - [31/Dec/2021:10:37:55 +0800] "GET /xingrg/javascript/jquery_tools/jquery.tools.extend.js HTTP/1.1" 304 -
124.79.247.218 - - [31/Dec/2021:10:37:55 +0800] "GET /xingrg/javascript/jquery_tools/jquery.tools.table.js HTTP/1.1" 304 -
124.79.247.218 - - [31/Dec/2021:10:37:55 +0800] "GET /xingrg/javascript/json2.js HTTP/1.1" 304 -
124.79.247.218 - - [31/Dec/2021:10:37:55 +0800] "GET /xingrg/javascript/convert.js HTTP/1.1" 304 -
124.79.247.218 - - [31/Dec/2021:10:37:55 +0800] "GET /xingrg/javascript/print/LodopFuncs.js HTTP/1.1" 304 -
124.79.247.218 - - [31/Dec/2021:10:37:55 +0800] "GET /xingrg/javascript/jquery.cookie.js HTTP/1.1" 304 -
124.79.247.218 - - [31/Dec/2021:10:37:55 +0800] "GET /xingrg/javascript/print/kc_print.js HTTP/1.1" 304 -
124.79.247.218 - - [31/Dec/2021:10:37:55 +0800] "GET /xingrg/words/20211230123541_words.js HTTP/1.1" 304 -
124.79.247.218 - - [31/Dec/2021:10:37:56 +0800] "GET /xingrg/javascript/easyui/themes/icons/template_new.png HTTP/1.1" 304 -
124.79.247.218 - - [31/Dec/2021:10:37:56 +0800] "GET /xingrg/javascript/easyui/themes/icons/copy_new.png HTTP/1.1" 304 -
124.79.247.218 - - [31/Dec/2021:10:37:56 +0800] "GET /xingrg/javascript/easyui/themes/icons/print.png HTTP/1.1" 304 -
124.79.247.218 - - [31/Dec/2021:10:37:56 +0800] "GET /xingrg/javascript/easyui/themes/icons/ok.png HTTP/1.1" 304 -
124.79.247.218 - - [31/Dec/2021:10:37:56 +0800] "GET /xingrg/javascript/easyui/themes/default/images/menu_downarrow.png HTTP/1.1" 304 -
124.79.247.218 - - [31/Dec/2021:10:37:56 +0800] "GET /xingrg/javascript/easyui/themes/icons/cancel.png HTTP/1.1" 304 -
124.79.247.218 - - [31/Dec/2021:10:37:56 +0800] "GET /xingrg/javascript/easyui/plugins/jquery.parser.js HTTP/1.1" 304 -
116.233.76.118 - - [31/Dec/2021:10:37:56 +0800] "GET /xingrg/kc/buy/buy_main.html HTTP/1.1" 200 12412
124.79.247.218 - - [31/Dec/2021:10:37:56 +0800] "GET /xingrg/all/common/auto_word.html?type=employee&rest_code=00104 HTTP/1.1" 200 245
124.79.247.218 - - [31/Dec/2021:10:37:56 +0800] "GET /xingrg/all/common/auto_word.html?type=employee&rest_code=00104 HTTP/1.1" 200 245
116.233.76.118 - - [31/Dec/2021:10:37:56 +0800] "GET /xingrg/css/new_ie.css HTTP/1.1" 404 1036
124.79.247.218 - - [31/Dec/2021:10:37:56 +0800] "GET /xingrg/javascript/easyui/themes/default/validatebox.css HTTP/1.1" 404 1104
124.79.247.218 - - [31/Dec/2021:10:37:56 +0800] "GET /xingrg/javascript/easyui/plugins/jquery.validatebox.js HTTP/1.1" 304 -
124.79.247.218 - - [31/Dec/2021:10:37:56 +0800] "GET /xingrg/javascript/easyui/plugins/jquery.numberbox.js HTTP/1.1" 304 -
124.79.247.218 - - [31/Dec/2021:10:37:56 +0800] "POST /xingrg/kc/buy/cgsh_order_operate.html HTTP/1.1" 200 33975
124.79.247.218 - - [31/Dec/2021:10:37:57 +0800] "GET /xingrg/javascript/easyui/themes/icons/edit_remove.png HTTP/1.1" 304 -
116.233.76.118 - - [31/Dec/2021:10:37:57 +0800] "GET /xingrg/kc/buy/cgsh_order_list.html HTTP/1.1" 200 49539
180.169.147.146 - - [31/Dec/2021:10:37:57 +0800] "POST /xingrg/login.do HTTP/1.1" 302 -
180.169.147.146 - - [31/Dec/2021:10:37:57 +0800] "GET /xingrg/index.html?sysBaseUrl=http%3A%2F%2F180.169.147.146%3A18081%2Fxingrg%2F&costTime=49×tamp=1640918277864 HTTP/1.1" 200 17179
180.169.147.146 - - [31/Dec/2021:10:37:58 +0800] "GET /favicon.ico HTTP/1.1" 404 -
101.83.241.229 - - [31/Dec/2021:10:37:58 +0800] "GET /xingrg/kc/buy/cgsh_order_info.html?code=212021123113451 HTTP/1.1" 200 60311
180.169.147.146 - - [31/Dec/2021:10:37:58 +0800] "POST /xingrg/all/common/load_tree.html?tree=area_rest_tree_json&manage=1 HTTP/1.1" 200 351
180.169.147.146 - - [31/Dec/2021:10:37:58 +0800] "GET /xingrg/check_reg.html?_=1640918277062 HTTP/1.1" 200 22
180.169.147.146 - - [31/Dec/2021:10:37:58 +0800] "GET /xingrg/all/function/internal_message.html?_=1640918277061&CODE_STATE=count HTTP/1.1" 200 11
180.169.147.146 - - [31/Dec/2021:10:37:58 +0800] "POST /xingrg/load_menu.html HTTP/1.1" 200 5138
101.83.241.229 - - [31/Dec/2021:10:37:58 +0800] "GET /xingrg/javascript/easyui/themes/default/validatebox.css HTTP/1.1" 404 1104
101.83.241.229 - - [31/Dec/2021:10:37:59 +0800] "POST /xingrg/kc/buy/cgsh_order_operate.html HTTP/1.1" 200 2393
116.233.76.118 - - [31/Dec/2021:10:37:59 +0800] "POST /xingrg/kc/buy/cgsh_list_operate.html HTTP/1.1" 200 1681
116.233.76.118 - - [31/Dec/2021:10:38:01 +0800] "POST /xingrg/kc/buy/cgsh_list_operate.html HTTP/1.1" 200 563
116.233.76.118 - - [31/Dec/2021:10:38:01 +0800] "GET /xingrg/kc/buy/cgsh_order_info.html?code=212021123113427 HTTP/1.1" 200 65399
116.233.76.118 - - [31/Dec/2021:10:38:02 +0800] "GET /xingrg/javascript/easyui/themes/default/validatebox.css HTTP/1.1" 404 1104
116.233.76.118 - - [31/Dec/2021:10:38:02 +0800] "GET /xingrg/all/common/auto_word.html?type=employee&rest_code=00109 HTTP/1.1" 200 255
116.233.76.118 - - [31/Dec/2021:10:38:02 +0800] "GET /xingrg/all/common/auto_word.html?type=employee&rest_code=00109 HTTP/1.1" 200 255
116.233.76.118 - - [31/Dec/2021:10:38:02 +0800] "POST /xingrg/kc/buy/cgsh_order_operate.html HTTP/1.1" 200 41702
101.83.241.229 - - [31/Dec/2021:10:38:03 +0800] "GET /xingrg/kc/print/load_config.html?kc_code=cgsh HTTP/1.1" 200 1943
101.83.241.229 - - [31/Dec/2021:10:38:03 +0800] "GET /xingrg/kc/print/load_data.html?order_code=212021123113451&kc_code=cgsh&condition= HTTP/1.1" 200 1404
180.157.251.97 - - [31/Dec/2021:10:38:06 +0800] "GET /xingrg/all/function/internal_message.html?_=1640918289200&CODE_STATE=getMsg HTTP/1.1" 200 27
180.169.147.146 - - [31/Dec/2021:10:38:09 +0800] "GET /xingrg/kc/buy/buy_main.html HTTP/1.1" 200 12412
180.169.147.146 - - [31/Dec/2021:10:38:09 +0800] "GET /xingrg/css/new_ie.css HTTP/1.1" 404 1036
180.169.147.146 - - [31/Dec/2021:10:38:09 +0800] "GET /xingrg/images/yd/bt.gif HTTP/1.1" 404 1040
180.157.251.97 - - [31/Dec/2021:10:38:10 +0800] "POST /xingrg/dwr/call/plaincall/AjaxReportQueryService.refreshCache.dwr HTTP/1.1" 200 78
180.157.251.97 - - [31/Dec/2021:10:38:10 +0800] "POST /xingrg/all/report/load_report_page.html HTTP/1.1" 200 89
116.233.76.118 - - [31/Dec/2021:10:38:12 +0800] "GET /xingrg/kc/buy/cgsh_order_operate.html?command=get_materiel&rest_code=00109&code=00101008223&supplier_code=00100005&order_time=2021-12-31 HTTP/1.1" 200 412
180.169.147.146 - - [31/Dec/2021:10:38:12 +0800] "GET /xingrg/kc/buy/cgsh_order_list.html HTTP/1.1" 200 49545
101.83.241.229 - - [31/Dec/2021:10:38:14 +0800] "GET /xingrg/kc/buy/cgsh_order_add.html HTTP/1.1" 200 65402
180.169.147.146 - - [31/Dec/2021:10:38:14 +0800] "POST /xingrg/kc/buy/cgsh_list_operate.html HTTP/1.1" 200 5210
124.79.247.218 - - [31/Dec/2021:10:38:15 +0800] "GET /xingrg/javascript/auto/indicator.gif HTTP/1.1" 404 1066
101.83.241.229 - - [31/Dec/2021:10:38:15 +0800] "POST /xingrg/kc/buy/cgsh_order_operate.html HTTP/1.1" 200 8245
101.83.241.229 - - [31/Dec/2021:10:38:15 +0800] "GET /xingrg/javascript/easyui/themes/default/validatebox.css HTTP/1.1" 404 1104
124.79.247.218 - - [31/Dec/2021:10:38:19 +0800] "GET /xingrg/kc/buy/cgsh_order_operate.html?command=get_materiel&rest_code=00104&code=00101008323&supplier_code=00100005&order_time=2021-12-31 HTTP/1.1" 200 409
180.157.251.97 - - [31/Dec/2021:10:38:19 +0800] "POST /xingrg/dwr/call/plaincall/AjaxReportQueryService.refreshCache.dwr HTTP/1.1" 200 78
180.157.251.97 - - [31/Dec/2021:10:38:19 +0800] "POST /xingrg/all/report/load_report_page.html HTTP/1.1" 200 16500
180.157.251.97 - - [31/Dec/2021:10:38:19 +0800] "GET /xingrg/servlets/image?cache=0.24825664370076006&image=px HTTP/1.1" 200 807
180.169.147.146 - - [31/Dec/2021:10:38:21 +0800] "POST /xingrg/kc/buy/cgsh_list_operate.html HTTP/1.1" 200 4860
101.83.241.229 - - [31/Dec/2021:10:38:21 +0800] "GET /xingrg/all/function/internal_message.html?_=1640918300315&CODE_STATE=getMsg HTTP/1.1" 200 27
116.233.76.118 - - [31/Dec/2021:10:38:21 +0800] "GET /xingrg/kc/buy/cgsh_order_operate.html?command=get_materiel&rest_code=00109&code=00101008286&supplier_code=00100005&order_time=2021-12-31 HTTP/1.1" 200 408
180.169.147.146 - - [31/Dec/2021:10:38:24 +0800] "POST /xingrg/kc/buy/cgsh_list_operate.html HTTP/1.1" 200 202
180.169.147.146 - - [31/Dec/2021:10:38:26 +0800] "GET /xingrg/kc/buy/cgsh_order_info.html?code=212021123013288 HTTP/1.1" 200 65329
180.169.147.146 - - [31/Dec/2021:10:38:27 +0800] "GET /xingrg/all/common/auto_word.html?type=employee&rest_code=00147 HTTP/1.1" 200 101
180.169.147.146 - - [31/Dec/2021:10:38:27 +0800] "GET /xingrg/javascript/easyui/themes/default/validatebox.css HTTP/1.1" 404 1104
180.169.147.146 - - [31/Dec/2021:10:38:27 +0800] "GET /xingrg/all/common/auto_word.html?type=employee&rest_code=00147 HTTP/1.1" 200 101
180.169.147.146 - - [31/Dec/2021:10:38:27 +0800] "POST /xingrg/kc/buy/cgsh_order_operate.html HTTP/1.1" 200 2658
116.233.76.118 - - [31/Dec/2021:10:38:29 +0800] "GET /xingrg/kc/buy/cgsh_order_operate.html?command=get_materiel&rest_code=00109&code=00101008131&supplier_code=00100005&order_time=2021-12-31 HTTP/1.1" 200 408
180.169.147.146 - - [31/Dec/2021:10:38:29 +0800] "GET /xingrg/javascript/auto/indicator.gif HTTP/1.1" 404 1066
101.83.241.229 - - [31/Dec/2021:10:38:31 +0800] "GET /xingrg/kc/buy/cgsh_order_operate.html?command=get_materiel&rest_code=00149&code=00101002022&supplier_code=00100039&order_time=2021-12-31 HTTP/1.1" 200 411
180.157.251.97 - - [31/Dec/2021:10:38:34 +0800] "GET /xingrg/login.html HTTP/1.1" 200 7641
180.169.147.146 - - [31/Dec/2021:10:38:34 +0800] "POST /xingrg/kc/buy/cgsh_order_operate.html HTTP/1.1" 200 37
180.157.251.97 - - [31/Dec/2021:10:38:35 +0800] "GET /favicon.ico HTTP/1.1" 404 -
116.227.210.113 - - [31/Dec/2021:10:38:35 +0800] "GET /xingrg/all/function/internal_message.html?_=1640918310215&CODE_STATE=getMsg HTTP/1.1" 200 27
180.169.147.146 - - [31/Dec/2021:10:38:35 +0800] "POST /xingrg/kc/buy/cgsh_order_operate.html HTTP/1.1" 200 2658
116.233.76.118 - - [31/Dec/2021:10:38:36 +0800] "GET /xingrg/kc/buy/cgsh_order_operate.html?command=get_materiel&rest_code=00109&code=00101008098&supplier_code=00100005&order_time=2021-12-31 HTTP/1.1" 200 412
124.79.247.218 - - [31/Dec/2021:10:38:36 +0800] "GET /xingrg/kc/buy/cgsh_order_operate.html?command=get_materiel&rest_code=00104&code=00101008155&supplier_code=00100005&order_time=2021-12-31 HTTP/1.1" 200 408
116.233.76.118 - - [31/Dec/2021:10:38:38 +0800] "POST /xingrg/kc/buy/cgsh_order_operate.html HTTP/1.1" 200 2065
180.169.147.146 - - [31/Dec/2021:10:38:39 +0800] "POST /xingrg/kc/buy/cgsh_list_operate.html HTTP/1.1" 200 5210
180.157.251.97 - - [31/Dec/2021:10:38:39 +0800] "POST /xingrg/login.do HTTP/1.1" 302 -
180.157.251.97 - - [31/Dec/2021:10:38:39 +0800] "GET /xingrg/index.html?sysBaseUrl=http%3A%2F%2F180.169.147.146%3A18081%2Fxingrg%2F&costTime=49×tamp=1640918319549 HTTP/1.1" 200 17179
180.157.251.97 - - [31/Dec/2021:10:38:39 +0800] "GET /favicon.ico HTTP/1.1" 404 -
180.157.251.97 - - [31/Dec/2021:10:38:39 +0800] "POST /xingrg/all/common/load_tree.html?tree=area_rest_tree_json&manage=1 HTTP/1.1" 200 470
180.157.251.97 - - [31/Dec/2021:10:38:39 +0800] "GET /xingrg/all/function/internal_message.html?_=1640918324175&CODE_STATE=count HTTP/1.1" 200 11
180.157.251.97 - - [31/Dec/2021:10:38:39 +0800] "GET /xingrg/check_reg.html?_=1640918324177 HTTP/1.1" 200 22
180.157.251.97 - - [31/Dec/2021:10:38:40 +0800] "POST /xingrg/load_menu.html HTTP/1.1" 200 5138
180.157.251.97 - - [31/Dec/2021:10:38:42 +0800] "GET /xingrg/kc/base/base_main.html HTTP/1.1" 200 12142
101.83.241.229 - - [31/Dec/2021:10:38:43 +0800] "GET /xingrg/kc/buy/cgsh_order_operate.html?command=get_materiel&rest_code=00149&code=00101003035&supplier_code=00100039&order_time=2021-12-31 HTTP/1.1" 200 413
180.157.251.97 - - [31/Dec/2021:10:38:43 +0800] "GET /xingrg/kc/base/yddb_order_list.html HTTP/1.1" 200 16672
180.157.251.97 - - [31/Dec/2021:10:38:44 +0800] "POST /xingrg/kc/base/yddb_list_operate.html HTTP/1.1" 200 636
124.79.247.218 - - [31/Dec/2021:10:38:45 +0800] "GET /xingrg/all/function/internal_message.html?_=1640918356522&CODE_STATE=getMsg HTTP/1.1" 200 27
180.157.251.97 - - [31/Dec/2021:10:38:45 +0800] "GET /xingrg/kc/base/yddb_order_add.html HTTP/1.1" 200 29835
180.157.251.97 - - [31/Dec/2021:10:38:45 +0800] "GET /xingrg/javascript/Grid.js HTTP/1.1" 200 58908
180.157.251.97 - - [31/Dec/2021:10:38:45 +0800] "GET /xingrg/dwr/interface/AjaxComOrderService.js HTTP/1.1" 200 18264
180.157.251.97 - - [31/Dec/2021:10:38:45 +0800] "GET /xingrg/dwr/interface/AjaxYddbService.js HTTP/1.1" 200 13201
180.157.251.97 - - [31/Dec/2021:10:38:45 +0800] "GET /xingrg/javascript/checkform.js HTTP/1.1" 200 18351
180.157.251.97 - - [31/Dec/2021:10:38:45 +0800] "GET /xingrg/dwr/util.js HTTP/1.1" 200 35990
180.157.251.97 - - [31/Dec/2021:10:38:45 +0800] "GET /xingrg/dwr/engine.js HTTP/1.1" 200 43631
180.157.251.97 - - [31/Dec/2021:10:38:45 +0800] "GET /xingrg/javascript/jquery_easy_ui/themes/icons/edit_add_new.png HTTP/1.1" 200 2997
180.157.251.97 - - [31/Dec/2021:10:38:45 +0800] "GET /xingrg/images/blue/button/kc_tab_del.gif HTTP/1.1" 200 383
180.157.251.97 - - [31/Dec/2021:10:38:45 +0800] "GET /xingrg/images/blue/button/kc_tab_save.gif HTTP/1.1" 200 777
180.157.251.97 - - [31/Dec/2021:10:38:45 +0800] "GET /xingrg/images/blue/button/kc_tab_add.gif HTTP/1.1" 200 375
180.157.251.97 - - [31/Dec/2021:10:38:45 +0800] "GET /xingrg/images/blue/button/kc_tab_edit.gif HTTP/1.1" 200 551
180.157.251.97 - - [31/Dec/2021:10:38:45 +0800] "GET /xingrg/images/blue/kc_tab_left.gif HTTP/1.1" 200 188
180.157.251.97 - - [31/Dec/2021:10:38:45 +0800] "GET /xingrg/images/blue/kc_tab_mid.gif HTTP/1.1" 200 44
180.157.251.97 - - [31/Dec/2021:10:38:45 +0800] "GET /xingrg/images/blue/kc_tab_right.gif HTTP/1.1" 200 643
180.157.251.97 - - [31/Dec/2021:10:38:45 +0800] "GET /xingrg/images/blue/kc_tab2_left.gif HTTP/1.1" 200 625
180.157.251.97 - - [31/Dec/2021:10:38:45 +0800] "GET /xingrg/images/blue/kc_tab2_right.gif HTTP/1.1" 200 192
180.169.147.146 - - [31/Dec/2021:10:38:46 +0800] "POST /xingrg/kc/buy/cgsh_list_operate.html HTTP/1.1" 200 567
180.169.147.146 - - [31/Dec/2021:10:38:47 +0800] "POST /xingrg/kc/buy/cgsh_list_operate.html HTTP/1.1" 200 208
116.233.76.118 - - [31/Dec/2021:10:38:47 +0800] "GET /xingrg/kc/buy/cgsh_order_operate.html?command=get_materiel&rest_code=00109&code=00101008005&supplier_code=00100005&order_time=2021-12-31 HTTP/1.1" 200 412
222.70.176.97 - - [31/Dec/2021:10:38:50 +0800] "GET /xingrg/all/function/internal_message.html?_=1640917974688&CODE_STATE=getMsg HTTP/1.1" 302 -
124.79.247.218 - - [31/Dec/2021:10:38:50 +0800] "GET /xingrg/kc/buy/cgsh_order_operate.html?command=get_materiel&rest_code=00104&code=00101008350&supplier_code=00100005&order_time=2021-12-31 HTTP/1.1" 200 408
61.170.234.223 - - [31/Dec/2021:10:38:52 +0800] "GET /xingrg/login.html?r=1 HTTP/1.1" 200 7641
61.170.234.223 - - [31/Dec/2021:10:38:53 +0800] "GET /favicon.ico HTTP/1.1" 404 -
116.233.76.118 - - [31/Dec/2021:10:38:54 +0800] "GET /xingrg/kc/buy/cgsh_order_operate.html?command=get_materiel&rest_code=00109&code=00101008353&supplier_code=00100005&order_time=2021-12-31 HTTP/1.1" 200 408
116.233.76.118 - - [31/Dec/2021:10:38:55 +0800] "GET /xingrg/all/function/internal_message.html?_=1640918339391&CODE_STATE=getMsg HTTP/1.1" 200 27
101.83.241.229 - - [31/Dec/2021:10:38:57 +0800] "GET /xingrg/kc/buy/cgsh_order_operate.html?command=get_materiel&rest_code=00149&code=00101003006&supplier_code=00100039&order_time=2021-12-31 HTTP/1.1" 200 414
180.169.147.146 - - [31/Dec/2021:10:38:58 +0800] "GET /xingrg/all/function/internal_message.html?_=1640918337067&CODE_STATE=getMsg HTTP/1.1" 200 27
61.170.234.223 - - [31/Dec/2021:10:38:58 +0800] "POST /xingrg/login.do HTTP/1.1" 302 -
61.170.234.223 - - [31/Dec/2021:10:38:58 +0800] "GET /xingrg/index.html?sysBaseUrl=http%3A%2F%2F180.169.147.146%3A18081%2Fxingrg%2F&costTime=50×tamp=1640918338135 HTTP/1.1" 200 17173
61.170.234.223 - - [31/Dec/2021:10:38:58 +0800] "GET /favicon.ico HTTP/1.1" 404 -
61.170.234.223 - - [31/Dec/2021:10:38:58 +0800] "POST /xingrg/all/common/load_tree.html?tree=area_rest_tree_json&manage=1 HTTP/1.1" 200 342
61.170.234.223 - - [31/Dec/2021:10:38:58 +0800] "GET /xingrg/check_reg.html?_=1640918341886 HTTP/1.1" 200 22
61.170.234.223 - - [31/Dec/2021:10:38:58 +0800] "GET /xingrg/all/function/internal_message.html?_=1640918341885&CODE_STATE=count HTTP/1.1" 200 11
61.170.234.223 - - [31/Dec/2021:10:38:58 +0800] "POST /xingrg/load_menu.html HTTP/1.1" 200 5138
180.157.251.97 - - [31/Dec/2021:10:38:58 +0800] "GET /xingrg/images/blue/wait.gif HTTP/1.1" 200 1100
180.157.251.97 - - [31/Dec/2021:10:38:58 +0800] "POST /xingrg/dwr/call/plaincall/AjaxYddbService.getRestBases.dwr HTTP/1.1" 200 1055
116.233.76.118 - - [31/Dec/2021:10:39:00 +0800] "GET /xingrg/kc/buy/cgsh_order_operate.html?command=get_materiel&rest_code=00109&code=00101008095&supplier_code=00100005&order_time=2021-12-31 HTTP/1.1" 200 412
180.157.251.97 - - [31/Dec/2021:10:39:06 +0800] "GET /xingrg/all/function/internal_message.html?_=1640918349199&CODE_STATE=getMsg HTTP/1.1" 200 27
116.233.76.118 - - [31/Dec/2021:10:39:07 +0800] "GET /xingrg/kc/buy/cgsh_order_operate.html?command=get_materiel&rest_code=00109&code=00101015038&supplier_code=00100005&order_time=2021-12-31 HTTP/1.1" 200 418
124.79.247.218 - - [31/Dec/2021:10:39:08 +0800] "GET /xingrg/kc/buy/cgsh_order_operate.html?command=get_materiel&rest_code=00104&code=00101008112&supplier_code=00100005&order_time=2021-12-31 HTTP/1.1" 200 412
180.169.147.146 - - [31/Dec/2021:10:39:10 +0800] "POST /xingrg/kc/buy/cgsh_list_operate.html HTTP/1.1" 200 4860
180.169.147.146 - - [31/Dec/2021:10:39:12 +0800] "POST /xingrg/kc/buy/cgsh_list_operate.html HTTP/1.1" 200 286
180.169.147.146 - - [31/Dec/2021:10:39:12 +0800] "GET /xingrg/kc/buy/cgsh_order_info.html?code=212021122812340 HTTP/1.1" 200 65318
180.169.147.146 - - [31/Dec/2021:10:39:12 +0800] "GET /xingrg/javascript/easyui/themes/default/validatebox.css HTTP/1.1" 404 1104
180.169.147.146 - - [31/Dec/2021:10:39:13 +0800] "POST /xingrg/kc/buy/cgsh_order_operate.html HTTP/1.1" 200 3268
180.157.251.97 - - [31/Dec/2021:10:39:14 +0800] "POST /xingrg/dwr/call/plaincall/AjaxYddbService.saveOrder.dwr HTTP/1.1" 200 78
116.233.76.118 - - [31/Dec/2021:10:39:14 +0800] "GET /xingrg/kc/buy/cgsh_order_operate.html?command=get_materiel&rest_code=00109&code=00101008284&supplier_code=00100005&order_time=2021-12-31 HTTP/1.1" 200 412
116.233.76.118 - - [31/Dec/2021:10:39:16 +0800] "POST /xingrg/kc/buy/cgsh_order_operate.html HTTP/1.1" 200 2065
101.83.241.229 - - [31/Dec/2021:10:39:16 +0800] "GET /xingrg/kc/buy/cgsh_order_operate.html?command=get_materiel&rest_code=00149&code=00101010161&supplier_code=00100039&order_time=2021-12-31 HTTP/1.1" 200 411
180.157.251.97 - - [31/Dec/2021:10:39:18 +0800] "POST /xingrg/dwr/call/plaincall/AjaxComOrderService.getMaterielSearchList.dwr HTTP/1.1" 200 292
180.157.251.97 - - [31/Dec/2021:10:39:19 +0800] "POST /xingrg/dwr/call/plaincall/AjaxYddbService.getMaterielByMap.dwr HTTP/1.1" 200 2767
116.233.76.118 - - [31/Dec/2021:10:39:20 +0800] "GET /xingrg/kc/buy/cgsh_order_operate.html?command=get_materiel&rest_code=00109&code=00101008114&supplier_code=00100005&order_time=2021-12-31 HTTP/1.1" 200 412
124.79.247.218 - - [31/Dec/2021:10:39:20 +0800] "GET /xingrg/kc/buy/cgsh_order_operate.html?command=get_materiel&rest_code=00104&code=00101008236&supplier_code=00100005&order_time=2021-12-31 HTTP/1.1" 200 416
101.83.241.229 - - [31/Dec/2021:10:39:21 +0800] "GET /xingrg/all/function/internal_message.html?_=1640918360318&CODE_STATE=getMsg HTTP/1.1" 200 27
180.157.251.97 - - [31/Dec/2021:10:39:22 +0800] "GET /xingrg/images/yd/bt.gif HTTP/1.1" 404 1040
180.157.251.97 - - [31/Dec/2021:10:39:23 +0800] "POST /xingrg/dwr/call/plaincall/AjaxYddbService.saveMaterielItem.dwr HTTP/1.1" 200 78
61.151.178.217 - - [31/Dec/2021:10:39:24 +0800] "GET /xingrg/all/function/internal_message.html?_=1640916675775&CODE_STATE=getMsg HTTP/1.1" 302 -
124.79.247.218 - - [31/Dec/2021:10:39:24 +0800] "POST /xingrg/kc/buy/cgsh_order_operate.html HTTP/1.1" 200 2065
61.151.178.217 - - [31/Dec/2021:10:39:24 +0800] "GET /xingrg/login.html HTTP/1.1" 200 7641
116.233.76.118 - - [31/Dec/2021:10:39:27 +0800] "GET /xingrg/kc/buy/cgsh_order_operate.html?command=get_materiel&rest_code=00109&code=00101008277&supplier_code=00100005&order_time=2021-12-31 HTTP/1.1" 200 412
124.79.247.218 - - [31/Dec/2021:10:39:27 +0800] "GET /xingrg/check_reg.html?_=1640918398908 HTTP/1.1" 200 22
116.233.76.118 - - [31/Dec/2021:10:39:33 +0800] "GET /xingrg/kc/buy/cgsh_order_operate.html?command=get_materiel&rest_code=00109&code=00101008168&supplier_code=00100005&order_time=2021-12-31 HTTP/1.1" 200 412
101.83.241.229 - - [31/Dec/2021:10:39:34 +0800] "GET /xingrg/kc/buy/cgsh_order_operate.html?command=get_materiel&rest_code=00149&code=00101001075&supplier_code=00100039&order_time=2021-12-31 HTTP/1.1" 200 411
116.227.210.113 - - [31/Dec/2021:10:39:35 +0800] "GET /xingrg/all/function/internal_message.html?_=1640918370195&CODE_STATE=getMsg HTTP/1.1" 200 27
124.79.247.218 - - [31/Dec/2021:10:39:36 +0800] "GET /xingrg/kc/buy/cgsh_order_operate.html?command=get_materiel&rest_code=00104&code=00101008140&supplier_code=00100005&order_time=2021-12-31 HTTP/1.1" 200 416
116.233.76.118 - - [31/Dec/2021:10:39:39 +0800] "GET /xingrg/kc/buy/cgsh_order_operate.html?command=get_materiel&rest_code=00109&code=00101008283&supplier_code=00100005&order_time=2021-12-31 HTTP/1.1" 200 408
180.157.251.97 - - [31/Dec/2021:10:39:39 +0800] "GET /xingrg/all/function/internal_message.html?_=1640918384184&CODE_STATE=getMsg HTTP/1.1" 200 27
58.221.95.50 - - [31/Dec/2021:10:39:41 +0800] "GET /xingrg/check_reg.html?_=1640918383583 HTTP/1.1" 302 -
124.79.247.218 - - [31/Dec/2021:10:39:45 +0800] "GET /xingrg/all/function/internal_message.html?_=1640918416535&CODE_STATE=getMsg HTTP/1.1" 200 27
101.83.241.229 - - [31/Dec/2021:10:39:45 +0800] "GET /xingrg/kc/buy/cgsh_order_operate.html?command=get_materiel&rest_code=00149&code=00101005037&supplier_code=00100039&order_time=2021-12-31 HTTP/1.1" 200 409
116.233.76.118 - - [31/Dec/2021:10:39:45 +0800] "GET /xingrg/kc/buy/cgsh_order_operate.html?command=get_materiel&rest_code=00109&code=00101008096&supplier_code=00100005&order_time=2021-12-31 HTTP/1.1" 200 412
124.79.247.218 - - [31/Dec/2021:10:39:47 +0800] "GET /xingrg/kc/buy/cgsh_order_operate.html?command=get_materiel&rest_code=00104&code=00101015052&supplier_code=00100005&order_time=2021-12-31 HTTP/1.1" 200 413
116.233.76.118 - - [31/Dec/2021:10:39:47 +0800] "POST /xingrg/kc/buy/cgsh_order_operate.html HTTP/1.1" 200 2065
222.70.176.97 - - [31/Dec/2021:10:39:50 +0800] "GET /xingrg/all/function/internal_message.html?_=1640918034688&CODE_STATE=getMsg HTTP/1.1" 302 -
116.233.76.118 - - [31/Dec/2021:10:39:52 +0800] "GET /xingrg/kc/buy/cgsh_order_operate.html?command=get_materiel&rest_code=00109&code=00101008323&supplier_code=00100005&order_time=2021-12-31 HTTP/1.1" 200 408
101.83.241.229 - - [31/Dec/2021:10:39:54 +0800] "GET /xingrg/kc/buy/cgsh_order_operate.html?command=get_materiel&rest_code=00149&code=00101001060&supplier_code=00100039&order_time=2021-12-31 HTTP/1.1" 200 419
116.233.76.118 - - [31/Dec/2021:10:39:55 +0800] "GET /xingrg/all/function/internal_message.html?_=1640918399427&CODE_STATE=getMsg HTTP/1.1" 200 27
180.169.147.146 - - [31/Dec/2021:10:39:58 +0800] "GET /xingrg/all/function/internal_message.html?_=1640918397065&CODE_STATE=getMsg HTTP/1.1" 200 27
61.170.234.223 - - [31/Dec/2021:10:39:58 +0800] "GET /xingrg/all/function/internal_message.html?_=1640918401920&CODE_STATE=getMsg HTTP/1.1" 200 27
124.79.247.218 - - [31/Dec/2021:10:39:58 +0800] "GET /xingrg/kc/buy/cgsh_order_operate.html?command=get_materiel&rest_code=00104&code=00101008223&supplier_code=00100005&order_time=2021-12-31 HTTP/1.1" 200 412
222.70.176.97 - - [31/Dec/2021:10:39:58 +0800] "GET /xingrg/check_reg.html?_=1640918043235 HTTP/1.1" 302 -
116.233.76.118 - - [31/Dec/2021:10:39:58 +0800] "GET /xingrg/kc/buy/cgsh_order_operate.html?command=get_materiel&rest_code=00109&code=00101008261&supplier_code=00100005&order_time=2021-12-31 HTTP/1.1" 200 408
101.83.241.229 - - [31/Dec/2021:10:40:06 +0800] "GET /xingrg/kc/buy/cgsh_order_operate.html?command=get_materiel&rest_code=00149&code=00101001010&supplier_code=00100039&order_time=2021-12-31 HTTP/1.1" 200 409
180.157.251.97 - - [31/Dec/2021:10:40:06 +0800] "GET /xingrg/all/function/internal_message.html?_=1640918409199&CODE_STATE=getMsg HTTP/1.1" 200 27
116.233.76.118 - - [31/Dec/2021:10:40:10 +0800] "GET /xingrg/kc/buy/cgsh_order_operate.html?command=get_materiel&rest_code=00109&code=00101008244&supplier_code=00100005&order_time=2021-12-31 HTTP/1.1" 200 408
124.79.247.218 - - [31/Dec/2021:10:40:11 +0800] "GET /xingrg/kc/buy/cgsh_order_operate.html?command=get_materiel&rest_code=00104&code=00101008286&supplier_code=00100005&order_time=2021-12-31 HTTP/1.1" 200 408
180.162.114.48 - - [31/Dec/2021:10:40:11 +0800] "GET /xingrg HTTP/1.1" 302 -
180.162.114.48 - - [31/Dec/2021:10:40:11 +0800] "GET /xingrg/ HTTP/1.1" 304 -
180.162.114.48 - - [31/Dec/2021:10:40:11 +0800] "GET /xingrg/index.html HTTP/1.1" 302 -
180.162.114.48 - - [31/Dec/2021:10:40:11 +0800] "GET /favicon.ico HTTP/1.1" 404 -
180.162.114.48 - - [31/Dec/2021:10:40:11 +0800] "GET /xingrg/login.html HTTP/1.1" 200 7641
180.162.114.48 - - [31/Dec/2021:10:40:11 +0800] "GET /xingrg/images/blue/jxLogo.png HTTP/1.1" 304 -
180.162.114.48 - - [31/Dec/2021:10:40:11 +0800] "GET /xingrg/images/blue/login_bg.png HTTP/1.1" 304 -
180.162.114.48 - - [31/Dec/2021:10:40:11 +0800] "GET /xingrg/images/blue/hj.png HTTP/1.1" 304 -
180.162.114.48 - - [31/Dec/2021:10:40:11 +0800] "GET /xingrg/images/blue/srbg.png HTTP/1.1" 304 -
180.162.114.48 - - [31/Dec/2021:10:40:12 +0800] "GET /favicon.ico HTTP/1.1" 404 -
101.83.241.229 - - [31/Dec/2021:10:40:18 +0800] "POST /xingrg/kc/buy/cgsh_order_operate.html HTTP/1.1" 200 37
116.233.76.118 - - [31/Dec/2021:10:40:20 +0800] "GET /xingrg/kc/buy/cgsh_order_operate.html?command=get_materiel&rest_code=00109&code=00101008403&supplier_code=00100005&order_time=2021-12-31 HTTP/1.1" 200 412
116.233.76.118 - - [31/Dec/2021:10:40:23 +0800] "GET /xingrg/javascript/auto/indicator.gif HTTP/1.1" 404 1066
180.169.147.146 - - [31/Dec/2021:10:40:26 +0800] "POST /xingrg/kc/buy/cgsh_order_operate.html HTTP/1.1" 200 37
180.169.147.146 - - [31/Dec/2021:10:40:28 +0800] "POST /xingrg/kc/buy/cgsh_order_operate.html HTTP/1.1" 200 3268
180.162.114.48 - - [31/Dec/2021:10:40:30 +0800] "POST /xingrg/login.do HTTP/1.1" 302 -
180.162.114.48 - - [31/Dec/2021:10:40:30 +0800] "GET /xingrg/index.html?sysBaseUrl=http%3A%2F%2F180.169.147.146%3A18081%2Fxingrg%2F&costTime=168×tamp=1640918430712 HTTP/1.1" 200 17179
180.162.114.48 - - [31/Dec/2021:10:40:30 +0800] "GET /xingrg/javascript/jquery_easy_ui/themes/default/easyui.css HTTP/1.1" 304 -
180.162.114.48 - - [31/Dec/2021:10:40:30 +0800] "GET /xingrg/javascript/jquery_easy_ui/themes/icon.css HTTP/1.1" 304 -
180.162.114.48 - - [31/Dec/2021:10:40:30 +0800] "GET /xingrg/css/form.css HTTP/1.1" 304 -
180.162.114.48 - - [31/Dec/2021:10:40:30 +0800] "GET /xingrg/javascript/jquery-1.4.2.min.js HTTP/1.1" 304 -
180.162.114.48 - - [31/Dec/2021:10:40:30 +0800] "GET /xingrg/javascript/jquery.utils.js HTTP/1.1" 304 -
180.162.114.48 - - [31/Dec/2021:10:40:30 +0800] "GET /xingrg/javascript/jquery_easy_ui/easyui-lang-zh_CN.js HTTP/1.1" 304 -
180.162.114.48 - - [31/Dec/2021:10:40:30 +0800] "GET /xingrg/javascript/jquery_easy_ui/jquery.easyui.min.js HTTP/1.1" 304 -
180.162.114.48 - - [31/Dec/2021:10:40:30 +0800] "GET /xingrg/javascript/jquery.form.js HTTP/1.1" 304 -
180.162.114.48 - - [31/Dec/2021:10:40:30 +0800] "GET /xingrg/javascript/jquery.timers.js HTTP/1.1" 304 -
180.162.114.48 - - [31/Dec/2021:10:40:30 +0800] "GET /favicon.ico HTTP/1.1" 404 -
180.162.114.48 - - [31/Dec/2021:10:40:31 +0800] "GET /xingrg/javascript/jquery_easy_ui/themes/icons/settle_new.png HTTP/1.1" 304 -
180.162.114.48 - - [31/Dec/2021:10:40:31 +0800] "GET /xingrg/images/blue/navBackgound.jpg HTTP/1.1" 304 -
180.162.114.48 - - [31/Dec/2021:10:40:31 +0800] "POST /xingrg/all/common/load_tree.html?tree=area_rest_tree_json&manage=1 HTTP/1.1" 200 351
180.162.114.48 - - [31/Dec/2021:10:40:31 +0800] "GET /xingrg/check_reg.html?_=1640917861720 HTTP/1.1" 200 22
180.162.114.48 - - [31/Dec/2021:10:40:31 +0800] "GET /xingrg/images/blue/pingpu.png HTTP/1.1" 304 -
180.162.114.48 - - [31/Dec/2021:10:40:31 +0800] "GET /xingrg/all/function/internal_message.html?_=1640917861718&CODE_STATE=count HTTP/1.1" 200 11
180.162.114.48 - - [31/Dec/2021:10:40:31 +0800] "GET /xingrg/javascript/jquery_easy_ui/themes/default/images/tabs_leftarrow.png HTTP/1.1" 304 -
180.162.114.48 - - [31/Dec/2021:10:40:31 +0800] "GET /xingrg/javascript/jquery_easy_ui/themes/default/images/tabs_rightarrow.png HTTP/1.1" 304 -
180.162.114.48 - - [31/Dec/2021:10:40:31 +0800] "GET /xingrg/javascript/jquery_easy_ui/themes/default/images/panel_tool_collapse.gif HTTP/1.1" 304 -
180.162.114.48 - - [31/Dec/2021:10:40:31 +0800] "POST /xingrg/load_menu.html HTTP/1.1" 200 5138
180.162.114.48 - - [31/Dec/2021:10:40:31 +0800] "GET /xingrg/javascript/jquery_easy_ui/themes/default/images/tree_folder_open.gif HTTP/1.1" 304 -
180.162.114.48 - - [31/Dec/2021:10:40:31 +0800] "GET /xingrg/javascript/jquery_easy_ui/themes/default/images/tree_folder.gif HTTP/1.1" 304 -
180.162.114.48 - - [31/Dec/2021:10:40:31 +0800] "GET /xingrg/javascript/jquery_easy_ui/themes/icons/search_new.png HTTP/1.1" 304 -
180.162.114.48 - - [31/Dec/2021:10:40:31 +0800] "GET /xingrg/javascript/jquery_easy_ui/themes/default/images/tree_arrows.gif HTTP/1.1" 304 -
180.162.114.48 - - [31/Dec/2021:10:40:31 +0800] "GET /xingrg/javascript/jquery_easy_ui/themes/default/images/tree_file.gif HTTP/1.1" 304 -
180.162.114.48 - - [31/Dec/2021:10:40:31 +0800] "GET /xingrg/javascript/jquery_easy_ui/themes/icons/forms_new.png HTTP/1.1" 304 -
180.162.114.48 - - [31/Dec/2021:10:40:31 +0800] "GET /xingrg/javascript/jquery_easy_ui/themes/icons/storage_new.png HTTP/1.1" 304 -
101.83.241.229 - - [31/Dec/2021:10:40:33 +0800] "POST /xingrg/kc/buy/cgsh_order_operate.html HTTP/1.1" 200 12
124.79.247.218 - - [31/Dec/2021:10:40:34 +0800] "GET /xingrg/kc/buy/cgsh_order_operate.html?command=get_materiel&rest_code=00104&code=00101008005&supplier_code=00100005&order_time=2021-12-31 HTTP/1.1" 200 414
180.169.147.146 - - [31/Dec/2021:10:40:34 +0800] "POST /xingrg/kc/buy/cgsh_order_operate.html HTTP/1.1" 200 37
180.169.147.146 - - [31/Dec/2021:10:40:35 +0800] "POST /xingrg/kc/buy/cgsh_order_operate.html HTTP/1.1" 200 3268
116.227.210.113 - - [31/Dec/2021:10:40:35 +0800] "GET /xingrg/all/function/internal_message.html?_=1640918430209&CODE_STATE=getMsg HTTP/1.1" 200 27
180.169.147.146 - - [31/Dec/2021:10:40:36 +0800] "GET /xingrg/kc/print/load_config.html?kc_code=cgsh HTTP/1.1" 200 1943
116.233.76.118 - - [31/Dec/2021:10:40:36 +0800] "GET /xingrg/kc/buy/cgsh_order_operate.html?command=get_materiel&rest_code=00109&code=00101019254&supplier_code=00100005&order_time=2021-12-31 HTTP/1.1" 200 447
180.169.147.146 - - [31/Dec/2021:10:40:36 +0800] "GET /xingrg/kc/print/load_data.html?order_code=212021122812340&kc_code=cgsh&condition= HTTP/1.1" 200 907
180.162.114.48 - - [31/Dec/2021:10:40:37 +0800] "GET /xingrg/javascript/jquery_easy_ui/themes/default/images/tabs_close.gif HTTP/1.1" 304 -
180.162.114.48 - - [31/Dec/2021:10:40:37 +0800] "GET /xingrg/css/base.css HTTP/1.1" 304 -
180.162.114.48 - - [31/Dec/2021:10:40:37 +0800] "GET /xingrg/css/site.css HTTP/1.1" 304 -
180.162.114.48 - - [31/Dec/2021:10:40:37 +0800] "GET /xingrg/javascript/easyui/themes/default/easyui.css HTTP/1.1" 304 -
180.162.114.48 - - [31/Dec/2021:10:40:37 +0800] "GET /xingrg/javascript/jquery_tools/datebox.css HTTP/1.1" 304 -
180.162.114.48 - - [31/Dec/2021:10:40:37 +0800] "GET /xingrg/javascript/easyui/themes/icon.css HTTP/1.1" 304 -
180.162.114.48 - - [31/Dec/2021:10:40:37 +0800] "GET /xingrg/kc/base/check_order_list.html HTTP/1.1" 200 16185
180.162.114.48 - - [31/Dec/2021:10:40:37 +0800] "GET /xingrg/javascript/jquery_tools/fix.css HTTP/1.1" 304 -
180.162.114.48 - - [31/Dec/2021:10:40:37 +0800] "GET /xingrg/javascript/auto/jquery.autocomplete.css HTTP/1.1" 304 -
180.162.114.48 - - [31/Dec/2021:10:40:37 +0800] "GET /xingrg/javascript/jquery_tools/jquery.tools.extend.js HTTP/1.1" 304 -
180.162.114.48 - - [31/Dec/2021:10:40:37 +0800] "GET /xingrg/javascript/jquery_tools/jquery.tools.hotkey.js HTTP/1.1" 304 -
180.162.114.48 - - [31/Dec/2021:10:40:37 +0800] "GET /xingrg/javascript/jquery_tools/jquery.tools.table.js HTTP/1.1" 304 -
180.162.114.48 - - [31/Dec/2021:10:40:37 +0800] "GET /xingrg/javascript/jquery_tools/list_manager.js HTTP/1.1" 304 -
180.162.114.48 - - [31/Dec/2021:10:40:37 +0800] "GET /xingrg/javascript/auto/jquery.autocomplete.js HTTP/1.1" 304 -
180.162.114.48 - - [31/Dec/2021:10:40:37 +0800] "GET /xingrg/javascript/jquery_tools/table.css HTTP/1.1" 304 -
180.162.114.48 - - [31/Dec/2021:10:40:37 +0800] "GET /xingrg/javascript/jquery_tools/jquery.tools.min.js HTTP/1.1" 304 -
180.162.114.48 - - [31/Dec/2021:10:40:37 +0800] "GET /xingrg/javascript/jquery.cookie.js HTTP/1.1" 304 -
180.162.114.48 - - [31/Dec/2021:10:40:37 +0800] "GET /xingrg/javascript/easyui/easyloader.js HTTP/1.1" 304 -
180.162.114.48 - - [31/Dec/2021:10:40:37 +0800] "GET /xingrg/javascript/easyui/themes/icons/edit_add_new.png HTTP/1.1" 304 -
180.162.114.48 - - [31/Dec/2021:10:40:37 +0800] "GET /xingrg/javascript/easyui/themes/icons/cance_new.png HTTP/1.1" 304 -
180.162.114.48 - - [31/Dec/2021:10:40:37 +0800] "GET /xingrg/javascript/easyui/themes/icons/check_new.png HTTP/1.1" 304 -
180.162.114.48 - - [31/Dec/2021:10:40:37 +0800] "GET /xingrg/javascript/easyui/themes/icons/field_new.png HTTP/1.1" 304 -
180.162.114.48 - - [31/Dec/2021:10:40:37 +0800] "GET /xingrg/javascript/easyui/plugins/jquery.parser.js HTTP/1.1" 304 -
180.162.114.48 - - [31/Dec/2021:10:40:37 +0800] "GET /xingrg/images/control/ajaxLoader.gif HTTP/1.1" 304 -
180.162.114.48 - - [31/Dec/2021:10:40:37 +0800] "POST /xingrg/kc/base/check_list_operate.html HTTP/1.1" 200 1923
116.233.76.118 - - [31/Dec/2021:10:40:39 +0800] "POST /xingrg/all/common/load_select.html HTTP/1.1" 200 25
124.79.247.218 - - [31/Dec/2021:10:40:39 +0800] "POST /xingrg/kc/buy/cgsh_order_operate.html HTTP/1.1" 200 2065
180.157.251.97 - - [31/Dec/2021:10:40:39 +0800] "GET /xingrg/all/function/internal_message.html?_=1640918444190&CODE_STATE=getMsg HTTP/1.1" 200 27
180.162.114.48 - - [31/Dec/2021:10:40:40 +0800] "GET /xingrg/javascript/easyui/themes/default/images/button_plain_hover.png HTTP/1.1" 304 -
101.83.241.229 - - [31/Dec/2021:10:40:41 +0800] "GET /xingrg/kc/buy/cgsh_order_info.html?code=212021123113452 HTTP/1.1" 200 60311
101.83.241.229 - - [31/Dec/2021:10:40:41 +0800] "GET /xingrg/javascript/easyui/themes/default/validatebox.css HTTP/1.1" 404 1104
101.83.241.229 - - [31/Dec/2021:10:40:42 +0800] "POST /xingrg/kc/buy/cgsh_order_operate.html HTTP/1.1" 200 4753
180.169.147.146 - - [31/Dec/2021:10:40:43 +0800] "POST /xingrg/kc/buy/cgsh_list_operate.html HTTP/1.1" 200 4860
116.233.76.118 - - [31/Dec/2021:10:40:43 +0800] "GET /xingrg/kc/buy/cgsh_order_operate.html?command=get_materiel_price&rest_code=00109&code=00101019254&unit_code=00100040&supplier_code=00100005&order_time=2021-12-31 HTTP/1.1" 200 27
180.162.114.48 - - [31/Dec/2021:10:40:43 +0800] "POST /xingrg/kc/base/check_list_operate.html HTTP/1.1" 200 4
101.83.241.229 - - [31/Dec/2021:10:40:44 +0800] "GET /xingrg/kc/print/load_data.html?order_code=212021123113452&kc_code=cgsh&condition= HTTP/1.1" 200 2300
180.162.114.48 - - [31/Dec/2021:10:40:44 +0800] "POST /xingrg/kc/base/check_list_operate.html HTTP/1.1" 200 1575
124.79.247.218 - - [31/Dec/2021:10:40:45 +0800] "GET /xingrg/all/function/internal_message.html?_=1640918476549&CODE_STATE=getMsg HTTP/1.1" 200 27
116.233.76.118 - - [31/Dec/2021:10:40:48 +0800] "POST /xingrg/kc/buy/cgsh_order_operate.html HTTP/1.1" 200 2065
222.70.176.97 - - [31/Dec/2021:10:40:50 +0800] "GET /xingrg/all/function/internal_message.html?_=1640918094672&CODE_STATE=getMsg HTTP/1.1" 302 -
124.79.247.218 - - [31/Dec/2021:10:40:51 +0800] "GET /xingrg/kc/buy/cgsh_order_operate.html?command=get_materiel&rest_code=00104&code=00101008105&supplier_code=00100005&order_time=2021-12-31 HTTP/1.1" 200 412
116.233.76.118 - - [31/Dec/2021:10:40:53 +0800] "GET /xingrg/kc/buy/cgsh_order_operate.html?command=get_materiel&rest_code=00109&code=00101008141&supplier_code=00100005&order_time=2021-12-31 HTTP/1.1" 200 412
180.162.114.48 - - [31/Dec/2021:10:40:53 +0800] "GET /xingrg/kc/buy/buy_main.html HTTP/1.1" 200 12412
180.162.114.48 - - [31/Dec/2021:10:40:53 +0800] "GET /xingrg/css/new_ie.css HTTP/1.1" 404 1036
180.162.114.48 - - [31/Dec/2021:10:40:53 +0800] "GET /xingrg/css/blue.css HTTP/1.1" 304 -
180.162.114.48 - - [31/Dec/2021:10:40:53 +0800] "GET /xingrg/javascript/jquery_ui/themes/humanity/humanity.css HTTP/1.1" 304 -
180.162.114.48 - - [31/Dec/2021:10:40:53 +0800] "GET /xingrg/javascript/pic_change.js HTTP/1.1" 304 -
180.162.114.48 - - [31/Dec/2021:10:40:53 +0800] "GET /xingrg/javascript/ToolTips.js HTTP/1.1" 304 -
180.162.114.48 - - [31/Dec/2021:10:40:53 +0800] "GET /xingrg/javascript/myfunction.js HTTP/1.1" 304 -
180.162.114.48 - - [31/Dec/2021:10:40:53 +0800] "GET /xingrg/javascript/jquery_ui/jquery-ui.min.js HTTP/1.1" 304 -
180.162.114.48 - - [31/Dec/2021:10:40:53 +0800] "GET /xingrg/images/blue/button/cgxqd.gif HTTP/1.1" 304 -
180.162.114.48 - - [31/Dec/2021:10:40:53 +0800] "GET /xingrg/images/blue/button/cgydd.gif HTTP/1.1" 304 -
180.162.114.48 - - [31/Dec/2021:10:40:53 +0800] "GET /xingrg/images/blue/button/cgshd.gif HTTP/1.1" 304 -
180.162.114.48 - - [31/Dec/2021:10:40:53 +0800] "GET /xingrg/images/blue/button/cgfkd.gif HTTP/1.1" 304 -
180.162.114.48 - - [31/Dec/2021:10:40:53 +0800] "GET /xingrg/images/blue/button/kc.gif HTTP/1.1" 304 -
180.162.114.48 - - [31/Dec/2021:10:40:53 +0800] "GET /xingrg/images/blue/button/ckthd.gif HTTP/1.1" 304 -
180.162.114.48 - - [31/Dec/2021:10:40:53 +0800] "GET /xingrg/images/blue/pic_form2.gif HTTP/1.1" 304 -
101.83.241.229 - - [31/Dec/2021:10:40:53 +0800] "GET /xingrg/kc/buy/cgsh_order_add.html HTTP/1.1" 200 65402
180.162.114.48 - - [31/Dec/2021:10:40:53 +0800] "GET /xingrg/images/blue/button/down_ah.jpg HTTP/1.1" 304 -
180.162.114.48 - - [31/Dec/2021:10:40:53 +0800] "GET /xingrg/images/blue/button/right_ah.jpg HTTP/1.1" 304 -
180.162.114.48 - - [31/Dec/2021:10:40:53 +0800] "GET /xingrg/images/blue/bg_dotted.jpg HTTP/1.1" 304 -
180.162.114.48 - - [31/Dec/2021:10:40:53 +0800] "GET /xingrg/javascript/jquery_ui/themes/humanity/images/ui-bg_inset-soft_100_f4f0ec_1x100.png HTTP/1.1" 304 -
180.162.114.48 - - [31/Dec/2021:10:40:53 +0800] "GET /xingrg/javascript/jquery_ui/themes/humanity/images/ui-iconsnew.jpg HTTP/1.1" 304 -
180.162.114.48 - - [31/Dec/2021:10:40:53 +0800] "GET /xingrg/javascript/jquery_ui/themes/humanity/images/ui-icons_c47a23_256x240.png HTTP/1.1" 304 -
180.162.114.48 - - [31/Dec/2021:10:40:53 +0800] "GET /xingrg/javascript/jquery_ui/themes/humanity/images/ui-icons_ffffff_256x240.png HTTP/1.1" 304 -
180.162.114.48 - - [31/Dec/2021:10:40:53 +0800] "GET /xingrg/javascript/jquery_ui/themes/humanity/images/ui-bg_glass_70_ede4d4_1x400.png HTTP/1.1" 304 -
180.162.114.48 - - [31/Dec/2021:10:40:53 +0800] "GET /xingrg/images/yd/bt.gif HTTP/1.1" 404 1040
101.83.241.229 - - [31/Dec/2021:10:40:53 +0800] "POST /xingrg/kc/buy/cgsh_order_operate.html HTTP/1.1" 200 8245
101.83.241.229 - - [31/Dec/2021:10:40:53 +0800] "GET /xingrg/javascript/easyui/themes/default/validatebox.css HTTP/1.1" 404 1104
180.162.114.48 - - [31/Dec/2021:10:40:54 +0800] "GET /xingrg/kc/buy/cgsh_order_list.html HTTP/1.1" 200 49545
180.162.114.48 - - [31/Dec/2021:10:40:54 +0800] "GET /xingrg/javascript/print/LodopFuncs.js HTTP/1.1" 304 -
180.162.114.48 - - [31/Dec/2021:10:40:54 +0800] "GET /xingrg/javascript/easyui/themes/icons/import_new.png HTTP/1.1" 304 -
116.233.76.118 - - [31/Dec/2021:10:40:55 +0800] "GET /xingrg/all/function/internal_message.html?_=1640918459393&CODE_STATE=getMsg HTTP/1.1" 200 27
180.169.147.146 - - [31/Dec/2021:10:40:58 +0800] "GET /xingrg/all/function/internal_message.html?_=1640918457074&CODE_STATE=getMsg HTTP/1.1" 200 27
61.170.234.223 - - [31/Dec/2021:10:40:58 +0800] "GET /xingrg/all/function/internal_message.html?_=1640918461893&CODE_STATE=getMsg HTTP/1.1" 200 27
116.233.76.118 - - [31/Dec/2021:10:41:00 +0800] "GET /xingrg/kc/buy/cgsh_order_operate.html?command=get_materiel&rest_code=00109&code=00101008361&supplier_code=00100005&order_time=2021-12-31 HTTP/1.1" 200 408
180.162.114.48 - - [31/Dec/2021:10:41:06 +0800] "GET /xingrg/javascript/jquery_easy_ui/themes/default/images/tabs_active.png HTTP/1.1" 304 -
180.157.251.97 - - [31/Dec/2021:10:41:06 +0800] "GET /xingrg/all/function/internal_message.html?_=1640918469196&CODE_STATE=getMsg HTTP/1.1" 200 27
124.79.247.218 - - [31/Dec/2021:10:41:07 +0800] "GET /xingrg/kc/buy/cgsh_order_operate.html?command=get_materiel&rest_code=00104&code=00101008119&supplier_code=00100005&order_time=2021-12-31 HTTP/1.1" 200 412
116.233.76.118 - - [31/Dec/2021:10:41:08 +0800] "GET /xingrg/kc/buy/cgsh_order_operate.html?command=get_materiel&rest_code=00109&code=00101008350&supplier_code=00100005&order_time=2021-12-31 HTTP/1.1" 200 408
180.162.114.48 - - [31/Dec/2021:10:41:08 +0800] "GET /xingrg/kc/mdqp/qp_main.html HTTP/1.1" 200 10633
180.162.114.48 - - [31/Dec/2021:10:41:08 +0800] "GET /xingrg/images/blue/button/qqpsd.gif HTTP/1.1" 304 -
180.162.114.48 - - [31/Dec/2021:10:41:08 +0800] "GET /xingrg/images/blue/button/psshd.gif HTTP/1.1" 304 -
180.162.114.48 - - [31/Dec/2021:10:41:08 +0800] "GET /xingrg/images/blue/button/pszx.gif HTTP/1.1" 304 -
180.162.114.48 - - [31/Dec/2021:10:41:09 +0800] "GET /xingrg/images/yd/bt.gif HTTP/1.1" 404 1040
180.162.114.48 - - [31/Dec/2021:10:41:10 +0800] "GET /xingrg/kc/mdqp/pssh_order_list.html HTTP/1.1" 200 16829
180.162.114.48 - - [31/Dec/2021:10:41:10 +0800] "POST /xingrg/kc/mdqp/pssh_list_operate.html HTTP/1.1" 200 5502
116.227.210.113 - - [31/Dec/2021:10:41:11 +0800] "POST /xingrg/services/DataTransmitService HTTP/1.1" 200 524
116.227.210.113 - - [31/Dec/2021:10:41:12 +0800] "POST /xingrg/services/DataTransmitService HTTP/1.1" 200 501
101.83.241.229 - - [31/Dec/2021:10:41:12 +0800] "GET /xingrg/kc/buy/cgsh_order_operate.html?command=get_materiel&rest_code=00149&code=00101004051&supplier_code=00100083&order_time=2021-12-31 HTTP/1.1" 200 409
116.233.76.118 - - [31/Dec/2021:10:41:15 +0800] "GET /xingrg/kc/buy/cgsh_order_operate.html?command=get_materiel&rest_code=00109&code=00101008148&supplier_code=00100005&order_time=2021-12-31 HTTP/1.1" 200 416
124.79.247.218 - - [31/Dec/2021:10:41:17 +0800] "GET /xingrg/kc/buy/cgsh_order_operate.html?command=get_materiel&rest_code=00104&code=00101008114&supplier_code=00100005&order_time=2021-12-31 HTTP/1.1" 200 412
222.70.176.97 - - [31/Dec/2021:10:41:20 +0800] "GET /xingrg/login.html HTTP/1.1" 200 7641
180.162.114.48 - - [31/Dec/2021:10:41:20 +0800] "POST /xingrg/kc/mdqp/pssh_list_operate.html HTTP/1.1" 200 5024
222.70.176.97 - - [31/Dec/2021:10:41:21 +0800] "GET /xingrg/login.html HTTP/1.1" 200 7641
101.83.241.229 - - [31/Dec/2021:10:41:21 +0800] "GET /xingrg/check_reg.html?_=1640918480337 HTTP/1.1" 200 22
101.83.241.229 - - [31/Dec/2021:10:41:21 +0800] "GET /xingrg/all/function/internal_message.html?_=1640918480347&CODE_STATE=getMsg HTTP/1.1" 200 27
222.70.176.97 - - [31/Dec/2021:10:41:22 +0800] "GET /favicon.ico HTTP/1.1" 404 -
101.83.241.229 - - [31/Dec/2021:10:41:22 +0800] "GET /xingrg/kc/buy/cgsh_order_operate.html?command=get_materiel&rest_code=00149&code=00101004103&supplier_code=00100083&order_time=2021-12-31 HTTP/1.1" 200 399
116.233.76.118 - - [31/Dec/2021:10:41:23 +0800] "GET /xingrg/kc/buy/cgsh_order_operate.html?command=get_materiel&rest_code=00109&code=00101008357&supplier_code=00100005&order_time=2021-12-31 HTTP/1.1" 200 408
222.70.176.97 - - [31/Dec/2021:10:48:13 +0800] "GET /xingrg/all/function/internal_message.html?_=1640918514672&CODE_STATE=getMsg HTTP/1.1" 302 -
180.169.147.146 - - [31/Dec/2021:10:48:13 +0800] "GET /xingrg/check_reg.html?_=1640918877067 HTTP/1.1" 302 -
114.95.98.1 - - [31/Dec/2021:10:48:15 +0800] "GET /xingrg/login.html HTTP/1.1" 200 7641
222.70.176.97 - - [31/Dec/2021:10:48:15 +0800] "GET /xingrg/login.html HTTP/1.1" 200 7641
222.70.176.97 - - [31/Dec/2021:10:48:15 +0800] "GET /favicon.ico HTTP/1.1" 404 -
114.95.98.1 - - [31/Dec/2021:10:48:15 +0800] "GET /favicon.ico HTTP/1.1" 404 -
114.95.98.1 - - [31/Dec/2021:10:48:20 +0800] "POST /xingrg/login.do HTTP/1.1" 302 -
114.95.98.1 - - [31/Dec/2021:10:48:21 +0800] "GET /xingrg/index.html?sysBaseUrl=http%3A%2F%2F180.169.147.146%3A18081%2Fxingrg%2F&costTime=282×tamp=1640918900973 HTTP/1.1" 200 17173
114.95.98.1 - - [31/Dec/2021:10:48:21 +0800] "GET /favicon.ico HTTP/1.1" 404 -
114.95.98.1 - - [31/Dec/2021:10:48:21 +0800] "GET /xingrg/all/function/internal_message.html?_=1640918905823&CODE_STATE=count HTTP/1.1" 200 11
114.95.98.1 - - [31/Dec/2021:10:48:21 +0800] "GET /xingrg/check_reg.html?_=1640918905825 HTTP/1.1" 200 22
114.95.98.1 - - [31/Dec/2021:10:48:21 +0800] "POST /xingrg/all/common/load_tree.html?tree=area_rest_tree_json&manage=1 HTTP/1.1" 200 342
114.95.98.1 - - [31/Dec/2021:10:48:21 +0800] "POST /xingrg/load_menu.html HTTP/1.1" 200 5138
222.70.176.97 - - [31/Dec/2021:10:48:21 +0800] "POST /xingrg/login.do HTTP/1.1" 200 2421
222.70.176.97 - - [31/Dec/2021:10:48:22 +0800] "GET /favicon.ico HTTP/1.1" 404 -
114.95.98.1 - - [31/Dec/2021:10:48:23 +0800] "GET /xingrg/kc/base/wldb_order_list.html HTTP/1.1" 200 19060
114.95.98.1 - - [31/Dec/2021:10:48:23 +0800] "POST /xingrg/kc/base/wldb_list_operate.html HTTP/1.1" 200 928
222.70.176.97 - - [31/Dec/2021:10:48:23 +0800] "GET /xingrg/login.html HTTP/1.1" 200 7641
222.70.176.97 - - [31/Dec/2021:10:48:24 +0800] "GET /favicon.ico HTTP/1.1" 404 -
222.70.176.97 - - [31/Dec/2021:10:48:29 +0800] "POST /xingrg/login.do HTTP/1.1" 302 -
222.70.176.97 - - [31/Dec/2021:10:48:29 +0800] "GET /xingrg/index.html?sysBaseUrl=http%3A%2F%2F180.169.147.146%3A18081%2Fxingrg%2F&costTime=56×tamp=1640918909418 HTTP/1.1" 200 17173
222.70.176.97 - - [31/Dec/2021:10:48:29 +0800] "GET /favicon.ico HTTP/1.1" 404 -
222.70.176.97 - - [31/Dec/2021:10:48:29 +0800] "POST /xingrg/all/common/load_tree.html?tree=area_rest_tree_json&manage=1 HTTP/1.1" 200 342
222.70.176.97 - - [31/Dec/2021:10:48:29 +0800] "GET /xingrg/all/function/internal_message.html?_=1640918904478&CODE_STATE=count HTTP/1.1" 200 11
222.70.176.97 - - [31/Dec/2021:10:48:29 +0800] "GET /xingrg/check_reg.html?_=1640918904480 HTTP/1.1" 200 22
222.70.176.97 - - [31/Dec/2021:10:48:29 +0800] "POST /xingrg/load_menu.html HTTP/1.1" 200 5138
61.151.207.158 - - [31/Dec/2021:10:48:33 +0800] "GET /xingrg/all/function/internal_message.html?_=1640917399115&CODE_STATE=getMsg HTTP/1.1" 302 -
61.151.207.158 - - [31/Dec/2021:10:48:35 +0800] "GET /xingrg/login.html HTTP/1.1" 200 7641
58.35.215.188 - - [31/Dec/2021:10:48:35 +0800] "POST /xingrg/services/DataTransmitService HTTP/1.1" 401 565
58.35.215.188 - - [31/Dec/2021:10:48:35 +0800] "POST /xingrg/services/DataTransmitService HTTP/1.1" 200 478
58.35.215.188 - - [31/Dec/2021:10:48:35 +0800] "POST /xingrg/services/DataTransmitService HTTP/1.1" 200 1319
58.35.215.188 - - [31/Dec/2021:10:48:35 +0800] "POST /xingrg/services/DataTransmitService HTTP/1.1" 200 478
58.35.215.188 - - [31/Dec/2021:10:48:36 +0800] "POST /xingrg/services/DataTransmitService HTTP/1.1" 200 1319
58.35.215.188 - - [31/Dec/2021:10:48:36 +0800] "POST /xingrg/services/DataTransmitService HTTP/1.1" 200 524
58.35.215.188 - - [31/Dec/2021:10:48:36 +0800] "POST /xingrg/services/DataTransmitService HTTP/1.1" 200 1967
58.35.215.188 - - [31/Dec/2021:10:48:36 +0800] "POST /xingrg/services/DataTransmitService HTTP/1.1" 200 45454
58.35.215.188 - - [31/Dec/2021:10:48:36 +0800] "POST /xingrg/services/DataTransmitService HTTP/1.1" 200 19237
222.70.176.97 - - [31/Dec/2021:10:48:50 +0800] "GET /xingrg/all/function/internal_message.html?_=1640918574672&CODE_STATE=getMsg HTTP/1.1" 302 -
101.89.239.245 - - [31/Dec/2021:10:49:05 +0800] "GET /xingrg/all/function/internal_message.html?_=1640916975778&CODE_STATE=getMsg HTTP/1.1" 302 -
61.151.179.84 - - [31/Dec/2021:10:49:06 +0800] "GET /xingrg/all/function/internal_message.html?_=1640917095767&CODE_STATE=getMsg HTTP/1.1" 302 -
