124.77.245.186 - - [31/Dec/2021:10:14:29 +0800] "POST /xingrg/kc/buy/cgsh_order_operate.html HTTP/1.1" 200 2065
124.79.247.218 - - [31/Dec/2021:10:14:31 +0800] "GET /xingrg/check_reg.html?_=1640916898682 HTTP/1.1" 200 22
124.79.247.218 - - [31/Dec/2021:10:14:31 +0800] "GET /xingrg/all/function/internal_message.html?_=1640916898740&CODE_STATE=getMsg HTTP/1.1" 200 27
180.162.114.48 - - [31/Dec/2021:10:14:32 +0800] "POST /xingrg/kc/base/wldb_list_operate.html HTTP/1.1" 200 579
180.162.114.48 - - [31/Dec/2021:10:14:32 +0800] "GET /xingrg/kc/base/wldb_order_info.html?code=422021122903054 HTTP/1.1" 200 30297
180.162.114.48 - - [31/Dec/2021:10:14:33 +0800] "GET /xingrg/javascript/easyui/themes/default/validatebox.css HTTP/1.1" 404 1104
180.162.114.48 - - [31/Dec/2021:10:14:33 +0800] "POST /xingrg/kc/base/wldb_order_operate.html HTTP/1.1" 200 9374
116.233.76.118 - - [31/Dec/2021:10:14:34 +0800] "GET /xingrg/all/function/internal_message.html?_=1640916813787&CODE_STATE=getMsg HTTP/1.1" 200 27
124.79.247.218 - - [31/Dec/2021:10:14:34 +0800] "GET /xingrg/kc/buy/cgsh_order_operate.html?command=get_materiel&rest_code=00104&code=00101008196&supplier_code=00100005&order_time=2021-12-31 HTTP/1.1" 200 416
124.77.245.186 - - [31/Dec/2021:10:14:36 +0800] "POST /xingrg/services/DataTransmitService HTTP/1.1" 200 501
114.88.159.28 - - [31/Dec/2021:10:14:36 +0800] "GET /xingrg/kc/buy/cgsh_order_operate.html?command=get_materiel&rest_code=00141&code=00101008163&supplier_code=00100007&order_time=2021-12-31 HTTP/1.1" 200 409
124.77.245.186 - - [31/Dec/2021:10:14:36 +0800] "POST /xingrg/services/DataTransmitService HTTP/1.1" 200 501
124.77.245.186 - - [31/Dec/2021:10:14:38 +0800] "GET /xingrg/kc/buy/cgsh_order_operate.html?command=get_materiel&rest_code=00146&code=00101008137&supplier_code=00100005&order_time=2021-12-31 HTTP/1.1" 200 408
116.227.210.113 - - [31/Dec/2021:10:14:39 +0800] "GET /xingrg/all/function/internal_message.html?_=1640916870053&CODE_STATE=getMsg HTTP/1.1" 200 27
180.169.147.146 - - [31/Dec/2021:10:14:40 +0800] "GET /xingrg/all/function/internal_message.html?_=1640916874744&CODE_STATE=getMsg HTTP/1.1" 200 27
180.169.147.146 - - [31/Dec/2021:10:14:40 +0800] "GET /xingrg/check_reg.html?_=1640916875198 HTTP/1.1" 200 22
124.77.245.186 - - [31/Dec/2021:10:14:40 +0800] "POST /xingrg/services/DataTransmitService HTTP/1.1" 200 501
114.85.125.222 - - [31/Dec/2021:10:14:41 +0800] "POST /xingrg/kc/buy/cgsh_list_operate.html HTTP/1.1" 200 5529
114.88.159.28 - - [31/Dec/2021:10:14:44 +0800] "GET /xingrg/kc/buy/cgsh_order_operate.html?command=get_materiel&rest_code=00141&code=00101008264&supplier_code=00100007&order_time=2021-12-31 HTTP/1.1" 200 412
114.88.159.28 - - [31/Dec/2021:10:14:45 +0800] "POST /xingrg/services/DataTransmitService HTTP/1.1" 200 524
124.77.245.186 - - [31/Dec/2021:10:14:45 +0800] "POST /xingrg/services/DataTransmitService HTTP/1.1" 200 501
58.221.95.50 - - [31/Dec/2021:10:14:46 +0800] "GET /xingrg/check_reg.html?_=1640916883543 HTTP/1.1" 302 -
124.77.245.186 - - [31/Dec/2021:10:14:46 +0800] "POST /xingrg/services/DataTransmitService HTTP/1.1" 200 501
58.40.7.146 - - [31/Dec/2021:10:14:46 +0800] "GET /xingrg/kc/base/check_order_info.html?code=452021123100167 HTTP/1.1" 200 26140
58.40.7.146 - - [31/Dec/2021:10:14:46 +0800] "GET /xingrg/dwr/interface/AjaxCheckService.js HTTP/1.1" 200 14003
58.40.7.146 - - [31/Dec/2021:10:14:46 +0800] "GET /xingrg/dwr/interface/AjaxComOrderService.js HTTP/1.1" 200 18264
58.40.7.146 - - [31/Dec/2021:10:14:46 +0800] "GET /xingrg/dwr/engine.js HTTP/1.1" 200 43631
124.77.245.186 - - [31/Dec/2021:10:14:46 +0800] "POST /xingrg/services/DataTransmitService HTTP/1.1" 200 501
124.77.245.186 - - [31/Dec/2021:10:14:47 +0800] "POST /xingrg/services/DataTransmitService HTTP/1.1" 200 501
124.77.245.186 - - [31/Dec/2021:10:14:48 +0800] "POST /xingrg/services/DataTransmitService HTTP/1.1" 200 501
124.77.245.186 - - [31/Dec/2021:10:14:48 +0800] "POST /xingrg/services/DataTransmitService HTTP/1.1" 200 501
180.169.147.146 - - [31/Dec/2021:10:14:49 +0800] "GET /xingrg/all/function/internal_message.html?_=1640916886208&CODE_STATE=getMsg HTTP/1.1" 200 27
180.169.147.146 - - [31/Dec/2021:10:14:49 +0800] "GET /xingrg/check_reg.html?_=1640916886210 HTTP/1.1" 200 22
114.85.125.222 - - [31/Dec/2021:10:14:49 +0800] "GET /xingrg/all/function/internal_message.html?_=1640916828024&CODE_STATE=getMsg HTTP/1.1" 200 27
222.69.132.164 - - [31/Dec/2021:10:14:50 +0800] "GET /xingrg/all/function/internal_message.html?_=1640916921961&CODE_STATE=getMsg HTTP/1.1" 200 27
124.77.245.186 - - [31/Dec/2021:10:14:50 +0800] "GET /xingrg/kc/buy/cgsh_order_operate.html?command=get_materiel&rest_code=00146&code=00101008362&supplier_code=00100005&order_time=2021-12-31 HTTP/1.1" 200 408
124.77.245.186 - - [31/Dec/2021:10:14:50 +0800] "POST /xingrg/services/DataTransmitService HTTP/1.1" 200 412
114.88.159.28 - - [31/Dec/2021:10:14:50 +0800] "GET /xingrg/all/function/internal_message.html?_=1640916694902&CODE_STATE=getMsg HTTP/1.1" 200 27
116.233.76.118 - - [31/Dec/2021:10:14:52 +0800] "GET /xingrg/all/function/internal_message.html?_=1640916892431&CODE_STATE=getMsg HTTP/1.1" 200 27
116.233.76.118 - - [31/Dec/2021:10:14:52 +0800] "GET /xingrg/check_reg.html?_=1640916892434 HTTP/1.1" 200 22
114.88.159.28 - - [31/Dec/2021:10:14:53 +0800] "GET /xingrg/kc/buy/cgsh_order_operate.html?command=get_materiel&rest_code=00141&code=00101008562&supplier_code=00100007&order_time=2021-12-31 HTTP/1.1" 200 395
124.79.247.218 - - [31/Dec/2021:10:14:53 +0800] "GET /xingrg/kc/buy/cgsh_order_operate.html?command=get_materiel&rest_code=00104&code=00101008197&supplier_code=00100005&order_time=2021-12-31 HTTP/1.1" 200 416
114.95.98.1 - - [31/Dec/2021:10:14:54 +0800] "GET /xingrg/all/function/internal_message.html?_=1640916903622&CODE_STATE=getMsg HTTP/1.1" 200 27
222.70.176.97 - - [31/Dec/2021:10:14:54 +0800] "GET /xingrg/all/function/internal_message.html?_=1640916534797&CODE_STATE=getMsg HTTP/1.1" 302 -
101.83.241.229 - - [31/Dec/2021:10:14:56 +0800] "GET /xingrg/all/function/internal_message.html?_=1640916890596&CODE_STATE=getMsg HTTP/1.1" 200 27
172.20.0.100 - - [31/Dec/2021:10:14:57 +0800] "GET /xingrg/all/function/internal_message.html?_=1640916895159&CODE_STATE=getMsg HTTP/1.1" 200 27
114.88.159.28 - - [31/Dec/2021:10:15:00 +0800] "GET /xingrg/kc/buy/cgsh_order_operate.html?command=get_materiel&rest_code=00141&code=00101008059&supplier_code=00100007&order_time=2021-12-31 HTTP/1.1" 200 408
180.162.114.48 - - [31/Dec/2021:10:15:01 +0800] "GET /xingrg/all/function/internal_message.html?_=1640916328370&CODE_STATE=getMsg HTTP/1.1" 200 27
222.70.176.97 - - [31/Dec/2021:10:15:02 +0800] "GET /xingrg/check_reg.html?_=1640916543219 HTTP/1.1" 302 -
124.79.247.218 - - [31/Dec/2021:10:15:03 +0800] "GET /xingrg/kc/buy/cgsh_order_operate.html?command=get_materiel&rest_code=00104&code=00101008357&supplier_code=00100005&order_time=2021-12-31 HTTP/1.1" 200 408
61.165.255.114 - - [31/Dec/2021:10:15:04 +0800] "GET /xingrg/all/function/internal_message.html?_=1640916901507&CODE_STATE=getMsg HTTP/1.1" 200 27
124.79.247.218 - - [31/Dec/2021:10:15:05 +0800] "POST /xingrg/kc/buy/cgsh_order_operate.html HTTP/1.1" 200 2065
222.70.176.97 - - [31/Dec/2021:10:15:05 +0800] "GET /xingrg/all/function/internal_message.html?_=1640916896318&CODE_STATE=getMsg HTTP/1.1" 200 27
124.77.245.186 - - [31/Dec/2021:10:15:07 +0800] "GET /xingrg/all/function/internal_message.html?_=1640916923239&CODE_STATE=getMsg HTTP/1.1" 200 27
114.88.159.28 - - [31/Dec/2021:10:15:10 +0800] "GET /xingrg/kc/buy/cgsh_order_operate.html?command=get_materiel&rest_code=00141&code=00101008197&supplier_code=00100007&order_time=2021-12-31 HTTP/1.1" 200 416
180.175.103.30 - - [31/Dec/2021:10:15:11 +0800] "GET /xingrg/all/function/internal_message.html?_=1640916908268&CODE_STATE=getMsg HTTP/1.1" 200 27
124.79.247.218 - - [31/Dec/2021:10:15:11 +0800] "GET /xingrg/kc/buy/cgsh_order_operate.html?command=get_materiel&rest_code=00104&code=00101008069&supplier_code=00100005&order_time=2021-12-31 HTTP/1.1" 200 412
180.169.147.146 - - [31/Dec/2021:10:15:11 +0800] "GET /xingrg/kc/base/check_order_list.html?isBack=1 HTTP/1.1" 200 16185
180.169.147.146 - - [31/Dec/2021:10:15:12 +0800] "POST /xingrg/kc/base/check_list_operate.html HTTP/1.1" 200 1572
180.169.147.146 - - [31/Dec/2021:10:15:14 +0800] "GET /xingrg/kc/report/report_main.html HTTP/1.1" 200 7340
61.170.234.223 - - [31/Dec/2021:10:15:16 +0800] "GET /xingrg/all/function/internal_message.html?_=1640916915775&CODE_STATE=getMsg HTTP/1.1" 200 27
180.169.147.146 - - [31/Dec/2021:10:15:17 +0800] "GET /xingrg/all/report/report_query.html?fileName=kc/buy/yfk_hz_supplier.xml HTTP/1.1" 200 53943
180.169.147.146 - - [31/Dec/2021:10:15:17 +0800] "GET /xingrg/dwr/interface/AjaxReportQueryService.js HTTP/1.1" 200 13203
180.169.147.146 - - [31/Dec/2021:10:15:17 +0800] "GET /xingrg/dwr/engine.js HTTP/1.1" 200 43631
180.169.147.146 - - [31/Dec/2021:10:15:17 +0800] "POST /xingrg/dwr/call/plaincall/AjaxReportQueryService.getFixDate.dwr HTTP/1.1" 200 111
101.85.55.123 - - [31/Dec/2021:10:15:17 +0800] "GET /xingrg/check_reg.html?_=1640916903333 HTTP/1.1" 200 22
101.85.55.123 - - [31/Dec/2021:10:15:17 +0800] "GET /xingrg/all/function/internal_message.html?_=1640916903336&CODE_STATE=getMsg HTTP/1.1" 200 27
180.169.147.146 - - [31/Dec/2021:10:15:17 +0800] "POST /xingrg/all/common/load_tree.html?tree=supplier_tree_json&manage=1 HTTP/1.1" 200 62870
58.40.7.146 - - [31/Dec/2021:10:15:18 +0800] "GET /xingrg/all/function/internal_message.html?_=1640916916174&CODE_STATE=getMsg HTTP/1.1" 200 27
124.79.247.218 - - [31/Dec/2021:10:15:19 +0800] "GET /xingrg/javascript/jquery_easy_ui/themes/icons/rest.png HTTP/1.1" 304 -
124.79.247.218 - - [31/Dec/2021:10:15:19 +0800] "GET /xingrg/javascript/jquery_easy_ui/themes/icons/area.png HTTP/1.1" 304 -
114.88.159.28 - - [31/Dec/2021:10:15:19 +0800] "GET /xingrg/kc/buy/cgsh_order_operate.html?command=get_materiel&rest_code=00141&code=00101008196&supplier_code=00100007&order_time=2021-12-31 HTTP/1.1" 200 416
124.79.247.218 - - [31/Dec/2021:10:15:20 +0800] "GET /xingrg/javascript/easyui/themes/default/images/button_plain_hover.png HTTP/1.1" 304 -
124.79.247.218 - - [31/Dec/2021:10:15:20 +0800] "GET /xingrg/javascript/easyui/themes/default/images/button_plain_hover.png HTTP/1.1" 304 -
124.79.247.218 - - [31/Dec/2021:10:15:20 +0800] "GET /xingrg/javascript/easyui/themes/default/images/button_plain_hover.png HTTP/1.1" 304 -
180.169.147.146 - - [31/Dec/2021:10:15:25 +0800] "POST /xingrg/dwr/call/plaincall/AjaxReportQueryService.refreshCache.dwr HTTP/1.1" 200 78
180.169.147.146 - - [31/Dec/2021:10:15:26 +0800] "POST /xingrg/all/report/load_report_page.html HTTP/1.1" 200 10363
180.169.147.146 - - [31/Dec/2021:10:15:26 +0800] "GET /xingrg/servlets/image?cache=0.04073723258157136&image=px HTTP/1.1" 200 807
124.79.247.218 - - [31/Dec/2021:10:15:26 +0800] "GET /xingrg/kc/buy/cgsh_order_operate.html?command=get_materiel&rest_code=00104&code=00101008286&supplier_code=00100005&order_time=2021-12-31 HTTP/1.1" 200 408
180.169.147.146 - - [31/Dec/2021:10:15:27 +0800] "GET /xingrg/all/report/report_query.html?isQuery=1&fileName=kc/buy/gys_order.xml&queryString=(a.supplier_code%3D'00100028')%20and%20(CONVERT(char(10)%2Ca.order_time%2C%20120)%3E%3D'2021-12-01')%20and%20('2021-12-31'%3E%3DCONVERT(char(10)%2Ca.order_time%2C%20120))&queryText=%E3%80%90%E6%9F%A5%E8%AF%A2%E6%97%A5%E6%9C%9F%3A2021-12-01%20%E8%87%B3%202021-12-31%E3%80%91%20%E5%B9%B6%E4%B8%94%20%20%E3%80%90%E4%BE%9B%E5%BA%94%E5%95%86%20%3D%20%E7%B2%AE%E6%B2%B9%EF%BC%88%E9%9F%A9%E6%B5%B7%E5%85%B5%EF%BC%89%E3%80%91%20%E3%80%90%E4%BE%9B%E5%BA%94%E5%95%86%20%3D%20%E7%B2%AE%E6%B2%B9%EF%BC%88%E9%9F%A9%E6%B5%B7%E5%85%B5%EF%BC%89%E3%80%91&rand=0.4367488036425517 HTTP/1.1" 200 51518
180.169.147.146 - - [31/Dec/2021:10:15:27 +0800] "GET /xingrg/all/report/report_query.html?isQuery=1&fileName=kc/buy/gys_order.xml&queryString=(a.supplier_code%3D'00100028')%20and%20(CONVERT(char(10)%2Ca.order_time%2C%20120)%3E%3D'2021-12-01')%20and%20('2021-12-31'%3E%3DCONVERT(char(10)%2Ca.order_time%2C%20120))&queryText=%E3%80%90%E6%9F%A5%E8%AF%A2%E6%97%A5%E6%9C%9F%3A2021-12-01%20%E8%87%B3%202021-12-31%E3%80%91%20%E5%B9%B6%E4%B8%94%20%20%E3%80%90%E4%BE%9B%E5%BA%94%E5%95%86%20%3D%20%E7%B2%AE%E6%B2%B9%EF%BC%88%E9%9F%A9%E6%B5%B7%E5%85%B5%EF%BC%89%E3%80%91%20%E3%80%90%E4%BE%9B%E5%BA%94%E5%95%86%20%3D%20%E7%B2%AE%E6%B2%B9%EF%BC%88%E9%9F%A9%E6%B5%B7%E5%85%B5%EF%BC%89%E3%80%91&rand=0.4367488036425517 HTTP/1.1" 200 51518
180.169.147.146 - - [31/Dec/2021:10:15:27 +0800] "GET /xingrg/dwr/interface/AjaxReportQueryService.js HTTP/1.1" 200 13203
180.169.147.146 - - [31/Dec/2021:10:15:27 +0800] "GET /xingrg/dwr/engine.js HTTP/1.1" 200 43631
114.88.159.28 - - [31/Dec/2021:10:15:27 +0800] "GET /xingrg/kc/buy/cgsh_order_operate.html?command=get_materiel&rest_code=00141&code=00101008069&supplier_code=00100007&order_time=2021-12-31 HTTP/1.1" 200 412
180.169.147.146 - - [31/Dec/2021:10:15:27 +0800] "POST /xingrg/all/report/load_report_page.html HTTP/1.1" 200 18338
180.169.147.146 - - [31/Dec/2021:10:15:27 +0800] "GET /xingrg/servlets/image?cache=0.6481776169076092&image=px HTTP/1.1" 200 807
120.253.135.82 - - [31/Dec/2021:10:15:28 +0800] "GET /xingrg/all/function/internal_message.html?_=1640916708961&CODE_STATE=getMsg HTTP/1.1" 200 27
101.80.229.199 - - [31/Dec/2021:10:15:29 +0800] "GET /xingrg/all/function/internal_message.html?_=1640916928012&CODE_STATE=getMsg HTTP/1.1" 200 27
180.169.147.146 - - [31/Dec/2021:10:15:30 +0800] "GET /xingrg/kc/buy/cgsh_order_info.html?isLook=1&code=212021120602502 HTTP/1.1" 200 60226
180.169.147.146 - - [31/Dec/2021:10:15:30 +0800] "GET /favicon.ico HTTP/1.1" 404 -
180.169.147.146 - - [31/Dec/2021:10:15:30 +0800] "GET /xingrg/javascript/easyui/themes/default/validatebox.css HTTP/1.1" 404 1104
180.169.147.146 - - [31/Dec/2021:10:15:30 +0800] "POST /xingrg/kc/buy/cgsh_order_operate.html HTTP/1.1" 200 1865
124.79.247.218 - - [31/Dec/2021:10:15:31 +0800] "GET /xingrg/all/function/internal_message.html?_=1640916958752&CODE_STATE=getMsg HTTP/1.1" 200 27
114.88.159.28 - - [31/Dec/2021:10:15:34 +0800] "GET /xingrg/kc/buy/cgsh_order_operate.html?command=get_materiel&rest_code=00141&code=00101008286&supplier_code=00100007&order_time=2021-12-31 HTTP/1.1" 200 408
124.79.247.218 - - [31/Dec/2021:10:15:35 +0800] "GET /xingrg/kc/buy/cgsh_order_operate.html?command=get_materiel&rest_code=00104&code=00101008131&supplier_code=00100005&order_time=2021-12-31 HTTP/1.1" 200 408
116.227.210.113 - - [31/Dec/2021:10:15:39 +0800] "GET /xingrg/all/function/internal_message.html?_=1640916930049&CODE_STATE=getMsg HTTP/1.1" 200 27
180.169.147.146 - - [31/Dec/2021:10:15:40 +0800] "GET /xingrg/all/function/internal_message.html?_=1640916934725&CODE_STATE=getMsg HTTP/1.1" 200 27
114.88.159.28 - - [31/Dec/2021:10:15:40 +0800] "GET /xingrg/kc/buy/cgsh_order_operate.html?command=get_materiel&rest_code=00141&code=00101008036&supplier_code=00100007&order_time=2021-12-31 HTTP/1.1" 200 408
180.169.147.146 - - [31/Dec/2021:10:15:42 +0800] "GET /xingrg/kc/buy/cgsh_order_info.html?isLook=1&code=212021122912564 HTTP/1.1" 200 60226
180.169.147.146 - - [31/Dec/2021:10:15:43 +0800] "GET /xingrg/javascript/easyui/themes/default/validatebox.css HTTP/1.1" 404 1104
180.169.147.146 - - [31/Dec/2021:10:15:43 +0800] "GET /favicon.ico HTTP/1.1" 404 -
180.169.147.146 - - [31/Dec/2021:10:15:43 +0800] "POST /xingrg/kc/buy/cgsh_order_operate.html HTTP/1.1" 200 1861
222.70.176.97 - - [31/Dec/2021:10:15:44 +0800] "GET /xingrg/kc/base/check_order_list.html HTTP/1.1" 200 16179
222.70.176.97 - - [31/Dec/2021:10:15:44 +0800] "POST /xingrg/kc/base/check_list_operate.html HTTP/1.1" 200 1896
124.79.247.218 - - [31/Dec/2021:10:15:45 +0800] "GET /xingrg/kc/buy/cgsh_order_operate.html?command=get_materiel&rest_code=00104&code=00101008318&supplier_code=00100005&order_time=2021-12-31 HTTP/1.1" 200 408
114.95.98.1 - - [31/Dec/2021:10:15:47 +0800] "GET /xingrg/check_reg.html?_=1640916956891 HTTP/1.1" 200 22
114.88.159.28 - - [31/Dec/2021:10:15:48 +0800] "GET /xingrg/kc/buy/cgsh_order_operate.html?command=get_materiel&rest_code=00141&code=00101008131&supplier_code=00100007&order_time=2021-12-31 HTTP/1.1" 200 408
180.169.147.146 - - [31/Dec/2021:10:15:49 +0800] "GET /xingrg/all/function/internal_message.html?_=1640916946204&CODE_STATE=getMsg HTTP/1.1" 200 27
114.85.125.222 - - [31/Dec/2021:10:15:49 +0800] "GET /xingrg/all/function/internal_message.html?_=1640916888038&CODE_STATE=getMsg HTTP/1.1" 200 27
222.69.132.164 - - [31/Dec/2021:10:15:50 +0800] "GET /xingrg/all/function/internal_message.html?_=1640916981977&CODE_STATE=getMsg HTTP/1.1" 200 27
114.88.159.28 - - [31/Dec/2021:10:15:50 +0800] "GET /xingrg/all/function/internal_message.html?_=1640916754918&CODE_STATE=getMsg HTTP/1.1" 200 27
222.70.176.97 - - [31/Dec/2021:10:15:51 +0800] "POST /xingrg/kc/base/check_list_operate.html HTTP/1.1" 200 4
222.70.176.97 - - [31/Dec/2021:10:15:52 +0800] "POST /xingrg/kc/base/check_list_operate.html HTTP/1.1" 200 781
116.233.76.118 - - [31/Dec/2021:10:15:52 +0800] "GET /xingrg/all/function/internal_message.html?_=1640916952440&CODE_STATE=getMsg HTTP/1.1" 200 27
222.70.176.97 - - [31/Dec/2021:10:15:54 +0800] "GET /xingrg/kc/base/check_order_add.html HTTP/1.1" 200 26362
222.70.176.97 - - [31/Dec/2021:10:15:54 +0800] "GET /xingrg/dwr/interface/AjaxComOrderService.js HTTP/1.1" 200 18264
222.70.176.97 - - [31/Dec/2021:10:15:54 +0800] "GET /xingrg/dwr/interface/AjaxCheckService.js HTTP/1.1" 200 14003
222.70.176.97 - - [31/Dec/2021:10:15:54 +0800] "GET /xingrg/dwr/engine.js HTTP/1.1" 200 43631
114.95.98.1 - - [31/Dec/2021:10:15:54 +0800] "GET /xingrg/all/function/internal_message.html?_=1640916963626&CODE_STATE=getMsg HTTP/1.1" 200 27
222.70.176.97 - - [31/Dec/2021:10:15:54 +0800] "GET /xingrg/all/function/internal_message.html?_=1640916594797&CODE_STATE=getMsg HTTP/1.1" 302 -
114.88.159.28 - - [31/Dec/2021:10:15:55 +0800] "GET /xingrg/kc/buy/cgsh_order_operate.html?command=get_materiel&rest_code=00141&code=00101008352&supplier_code=00100007&order_time=2021-12-31 HTTP/1.1" 200 412
101.83.241.229 - - [31/Dec/2021:10:15:56 +0800] "GET /xingrg/all/function/internal_message.html?_=1640916950599&CODE_STATE=getMsg HTTP/1.1" 200 27
114.88.159.28 - - [31/Dec/2021:10:15:57 +0800] "POST /xingrg/kc/buy/cgsh_order_operate.html HTTP/1.1" 200 2065
172.20.0.100 - - [31/Dec/2021:10:15:57 +0800] "GET /xingrg/all/function/internal_message.html?_=1640916955147&CODE_STATE=getMsg HTTP/1.1" 200 27
180.162.114.48 - - [31/Dec/2021:10:16:01 +0800] "GET /xingrg/all/function/internal_message.html?_=1640916388343&CODE_STATE=getMsg HTTP/1.1" 200 27
114.88.159.28 - - [31/Dec/2021:10:16:02 +0800] "GET /xingrg/kc/buy/cgsh_order_operate.html?command=get_materiel&rest_code=00141&code=00101008098&supplier_code=00100007&order_time=2021-12-31 HTTP/1.1" 200 412
61.165.255.114 - - [31/Dec/2021:10:16:04 +0800] "GET /xingrg/check_reg.html?_=1640916961558 HTTP/1.1" 200 22
61.165.255.114 - - [31/Dec/2021:10:16:04 +0800] "GET /xingrg/all/function/internal_message.html?_=1640916961560&CODE_STATE=getMsg HTTP/1.1" 200 27
222.70.176.97 - - [31/Dec/2021:10:16:04 +0800] "POST /xingrg/dwr/call/plaincall/AjaxCheckService.saveOrder.dwr HTTP/1.1" 200 78
124.77.245.186 - - [31/Dec/2021:10:16:05 +0800] "GET /xingrg/check_reg.html?_=1640916980866 HTTP/1.1" 200 22
222.70.176.97 - - [31/Dec/2021:10:16:05 +0800] "GET /xingrg/check_reg.html?_=1640916956346 HTTP/1.1" 200 22
222.70.176.97 - - [31/Dec/2021:10:16:05 +0800] "GET /xingrg/all/function/internal_message.html?_=1640916956347&CODE_STATE=getMsg HTTP/1.1" 200 27
222.70.176.97 - - [31/Dec/2021:10:16:06 +0800] "POST /xingrg/dwr/call/plaincall/AjaxCheckService.loadOrderItems.dwr HTTP/1.1" 200 367
124.79.247.218 - - [31/Dec/2021:10:16:07 +0800] "GET /xingrg/kc/buy/cgsh_order_operate.html?command=get_materiel&rest_code=00104&code=00101008352&supplier_code=00100005&order_time=2021-12-31 HTTP/1.1" 200 414
124.77.245.186 - - [31/Dec/2021:10:16:07 +0800] "GET /xingrg/all/function/internal_message.html?_=1640916983252&CODE_STATE=getMsg HTTP/1.1" 200 27
114.88.159.28 - - [31/Dec/2021:10:16:09 +0800] "GET /xingrg/kc/buy/cgsh_order_operate.html?command=get_materiel&rest_code=00141&code=00101008005&supplier_code=00100007&order_time=2021-12-31 HTTP/1.1" 200 412
222.70.176.97 - - [31/Dec/2021:10:16:10 +0800] "POST /xingrg/dwr/call/plaincall/AjaxCheckService.importOrderItems.dwr HTTP/1.1" 200 78
180.175.103.30 - - [31/Dec/2021:10:16:11 +0800] "GET /xingrg/all/function/internal_message.html?_=1640916968265&CODE_STATE=getMsg HTTP/1.1" 200 27
222.70.176.97 - - [31/Dec/2021:10:16:11 +0800] "POST /xingrg/dwr/call/plaincall/AjaxCheckService.loadOrderItems.dwr HTTP/1.1" 200 8362
124.79.247.218 - - [31/Dec/2021:10:16:11 +0800] "POST /xingrg/kc/buy/cgsh_order_operate.html HTTP/1.1" 200 2065
222.70.176.97 - - [31/Dec/2021:10:16:14 +0800] "GET /xingrg/kc/base/check_order_list.html?isBack=1 HTTP/1.1" 200 16179
222.70.176.97 - - [31/Dec/2021:10:16:15 +0800] "POST /xingrg/kc/base/check_list_operate.html HTTP/1.1" 200 1560
124.77.245.186 - - [31/Dec/2021:10:16:15 +0800] "GET /xingrg/kc/buy/cgsh_order_operate.html?command=get_materiel&rest_code=00146&code=00101008033&supplier_code=00100005&order_time=2021-12-31 HTTP/1.1" 200 408
61.170.234.223 - - [31/Dec/2021:10:16:16 +0800] "GET /xingrg/check_reg.html?_=1640916975776 HTTP/1.1" 200 22
61.170.234.223 - - [31/Dec/2021:10:16:16 +0800] "GET /xingrg/all/function/internal_message.html?_=1640916975778&CODE_STATE=getMsg HTTP/1.1" 200 27
222.70.176.97 - - [31/Dec/2021:10:16:17 +0800] "GET /xingrg/kc/base/check_order_add.html HTTP/1.1" 200 26362
222.70.176.97 - - [31/Dec/2021:10:16:17 +0800] "GET /xingrg/dwr/interface/AjaxComOrderService.js HTTP/1.1" 200 18264
222.70.176.97 - - [31/Dec/2021:10:16:17 +0800] "GET /xingrg/dwr/interface/AjaxCheckService.js HTTP/1.1" 200 14003
222.70.176.97 - - [31/Dec/2021:10:16:17 +0800] "GET /xingrg/dwr/engine.js HTTP/1.1" 200 43631
101.85.55.123 - - [31/Dec/2021:10:16:17 +0800] "GET /xingrg/all/function/internal_message.html?_=1640916963339&CODE_STATE=getMsg HTTP/1.1" 200 27
58.40.7.146 - - [31/Dec/2021:10:16:18 +0800] "GET /xingrg/all/function/internal_message.html?_=1640916976176&CODE_STATE=getMsg HTTP/1.1" 200 27
114.88.159.28 - - [31/Dec/2021:10:16:19 +0800] "GET /xingrg/kc/buy/cgsh_order_operate.html?command=get_materiel&rest_code=00141&code=00101008353&supplier_code=00100007&order_time=2021-12-31 HTTP/1.1" 200 408
114.88.159.28 - - [31/Dec/2021:10:16:24 +0800] "GET /xingrg/kc/buy/cgsh_order_operate.html?command=get_materiel&rest_code=00141&code=00101008213&supplier_code=00100007&order_time=2021-12-31 HTTP/1.1" 200 412
222.70.176.97 - - [31/Dec/2021:10:16:24 +0800] "POST /xingrg/dwr/call/plaincall/AjaxCheckService.saveOrder.dwr HTTP/1.1" 200 78
222.70.176.97 - - [31/Dec/2021:10:16:26 +0800] "POST /xingrg/dwr/call/plaincall/AjaxCheckService.loadOrderItems.dwr HTTP/1.1" 200 367
124.79.247.218 - - [31/Dec/2021:10:16:26 +0800] "GET /xingrg/kc/buy/cgsh_order_operate.html?command=get_materiel&rest_code=00104&code=00101008098&supplier_code=00100005&order_time=2021-12-31 HTTP/1.1" 200 412
120.253.135.82 - - [31/Dec/2021:10:16:28 +0800] "GET /xingrg/all/function/internal_message.html?_=1640916769004&CODE_STATE=getMsg HTTP/1.1" 200 27
114.85.125.222 - - [31/Dec/2021:10:16:28 +0800] "POST /xingrg/kc/buy/cgsh_list_operate.html HTTP/1.1" 200 5698
101.80.229.199 - - [31/Dec/2021:10:16:29 +0800] "GET /xingrg/all/function/internal_message.html?_=1640916987998&CODE_STATE=getMsg HTTP/1.1" 200 27
114.88.159.28 - - [31/Dec/2021:10:16:31 +0800] "GET /xingrg/kc/buy/cgsh_order_operate.html?command=get_materiel&rest_code=00141&code=00101008291&supplier_code=00100007&order_time=2021-12-31 HTTP/1.1" 200 410
222.70.176.97 - - [31/Dec/2021:10:16:31 +0800] "POST /xingrg/dwr/call/plaincall/AjaxCheckService.importOrderItems.dwr HTTP/1.1" 200 78
124.79.247.218 - - [31/Dec/2021:10:16:31 +0800] "GET /xingrg/all/function/internal_message.html?_=1640917018773&CODE_STATE=getMsg HTTP/1.1" 200 27
222.70.176.97 - - [31/Dec/2021:10:16:32 +0800] "POST /xingrg/dwr/call/plaincall/AjaxCheckService.loadOrderItems.dwr HTTP/1.1" 200 1651
114.88.159.28 - - [31/Dec/2021:10:16:37 +0800] "POST /xingrg/kc/buy/cgsh_order_operate.html HTTP/1.1" 200 2065
222.70.176.97 - - [31/Dec/2021:10:16:38 +0800] "GET /xingrg/kc/print/load_config.html?_=1640916988746&kc_code=check HTTP/1.1" 200 2411
222.70.176.97 - - [31/Dec/2021:10:16:38 +0800] "GET /xingrg/kc/print/load_data.html?_=1640916988799&order_code=452021123100170&kc_code=check&condition= HTTP/1.1" 200 614
124.79.247.218 - - [31/Dec/2021:10:16:38 +0800] "GET /xingrg/kc/buy/cgsh_order_operate.html?command=get_materiel&rest_code=00104&code=00101008005&supplier_code=00100005&order_time=2021-12-31 HTTP/1.1" 200 414
116.227.210.113 - - [31/Dec/2021:10:16:39 +0800] "GET /xingrg/check_reg.html?_=1640916990050 HTTP/1.1" 200 22
116.227.210.113 - - [31/Dec/2021:10:16:39 +0800] "GET /xingrg/all/function/internal_message.html?_=1640916990055&CODE_STATE=getMsg HTTP/1.1" 200 27
180.169.147.146 - - [31/Dec/2021:10:16:40 +0800] "GET /xingrg/all/function/internal_message.html?_=1640916994710&CODE_STATE=getMsg HTTP/1.1" 200 27
124.77.245.186 - - [31/Dec/2021:10:16:40 +0800] "GET /xingrg/kc/buy/cgsh_order_operate.html?command=get_materiel&rest_code=00146&code=00101008197&supplier_code=00100005&order_time=2021-12-31 HTTP/1.1" 200 416
114.88.159.28 - - [31/Dec/2021:10:16:42 +0800] "GET /xingrg/kc/buy/cgsh_order_operate.html?command=get_materiel&rest_code=00141&code=00101008306&supplier_code=00100007&order_time=2021-12-31 HTTP/1.1" 200 412
116.233.76.118 - - [31/Dec/2021:10:16:43 +0800] "GET /xingrg/kc/base/base_main.html HTTP/1.1" 200 12142
116.233.76.118 - - [31/Dec/2021:10:16:44 +0800] "GET /xingrg/kc/report/report_main.html HTTP/1.1" 200 7340
124.77.245.186 - - [31/Dec/2021:10:16:45 +0800] "POST /xingrg/kc/buy/cgsh_order_operate.html HTTP/1.1" 200 2065
116.233.76.118 - - [31/Dec/2021:10:16:46 +0800] "GET /xingrg/kc/base/kc_stocks.html HTTP/1.1" 200 16437
116.233.76.118 - - [31/Dec/2021:10:16:46 +0800] "GET /xingrg/javascript/easyui/themes/default/tree.css HTTP/1.1" 404 1090
116.233.76.118 - - [31/Dec/2021:10:16:46 +0800] "POST /xingrg/all/common/load_tree.html?tree=materiel_sort_tree_json HTTP/1.1" 200 9388
222.70.176.97 - - [31/Dec/2021:10:16:48 +0800] "GET /xingrg/kc/base/check_order_list.html?isBack=1 HTTP/1.1" 200 16179
222.70.176.97 - - [31/Dec/2021:10:16:48 +0800] "POST /xingrg/kc/base/check_list_operate.html HTTP/1.1" 200 1890
180.169.147.146 - - [31/Dec/2021:10:16:49 +0800] "GET /xingrg/all/function/internal_message.html?_=1640917006214&CODE_STATE=getMsg HTTP/1.1" 200 27
114.85.125.222 - - [31/Dec/2021:10:16:49 +0800] "GET /xingrg/all/function/internal_message.html?_=1640916948052&CODE_STATE=getMsg HTTP/1.1" 200 27
222.69.132.164 - - [31/Dec/2021:10:16:50 +0800] "GET /xingrg/all/function/internal_message.html?_=1640917041977&CODE_STATE=getMsg HTTP/1.1" 200 27
222.70.176.97 - - [31/Dec/2021:10:16:50 +0800] "GET /xingrg/kc/base/check_order_info.html?code=452021123100169 HTTP/1.1" 200 26404
222.70.176.97 - - [31/Dec/2021:10:16:50 +0800] "GET /xingrg/dwr/interface/AjaxComOrderService.js HTTP/1.1" 200 18264
222.70.176.97 - - [31/Dec/2021:10:16:50 +0800] "GET /xingrg/dwr/interface/AjaxCheckService.js HTTP/1.1" 200 14003
222.70.176.97 - - [31/Dec/2021:10:16:50 +0800] "GET /xingrg/dwr/engine.js HTTP/1.1" 200 43631
114.88.159.28 - - [31/Dec/2021:10:16:50 +0800] "GET /xingrg/check_reg.html?_=1640916814894 HTTP/1.1" 200 22
114.88.159.28 - - [31/Dec/2021:10:16:50 +0800] "GET /xingrg/all/function/internal_message.html?_=1640916814895&CODE_STATE=getMsg HTTP/1.1" 200 27
222.70.176.97 - - [31/Dec/2021:10:16:51 +0800] "POST /xingrg/dwr/call/plaincall/AjaxCheckService.loadOrderItems.dwr HTTP/1.1" 200 8362
116.233.76.118 - - [31/Dec/2021:10:16:52 +0800] "GET /xingrg/all/function/internal_message.html?_=1640917012445&CODE_STATE=getMsg HTTP/1.1" 200 27
116.233.76.118 - - [31/Dec/2021:10:16:53 +0800] "GET /xingrg/javascript/easyui/themes/sunny/images/ui-bg_gloss-wave_60_fece2f_500x100.png HTTP/1.1" 200 3512
114.88.159.28 - - [31/Dec/2021:10:16:53 +0800] "GET /xingrg/kc/buy/cgsh_order_operate.html?command=get_materiel&rest_code=00141&code=00101008650&supplier_code=00100007&order_time=2021-12-31 HTTP/1.1" 200 399
222.70.176.97 - - [31/Dec/2021:10:16:54 +0800] "GET /xingrg/kc/print/load_config.html?_=1640917004859&kc_code=check HTTP/1.1" 200 2411
114.95.98.1 - - [31/Dec/2021:10:16:54 +0800] "GET /xingrg/all/function/internal_message.html?_=1640917023640&CODE_STATE=getMsg HTTP/1.1" 200 27
222.70.176.97 - - [31/Dec/2021:10:16:54 +0800] "GET /xingrg/kc/print/load_data.html?_=1640917004916&order_code=452021123100169&kc_code=check&condition= HTTP/1.1" 200 2482
222.70.176.97 - - [31/Dec/2021:10:16:54 +0800] "GET /xingrg/all/function/internal_message.html?_=1640916654797&CODE_STATE=getMsg HTTP/1.1" 302 -
124.79.247.218 - - [31/Dec/2021:10:16:55 +0800] "GET /xingrg/kc/buy/cgsh_order_operate.html?command=get_materiel&rest_code=00104&code=00101008353&supplier_code=00100005&order_time=2021-12-31 HTTP/1.1" 200 408
101.83.241.229 - - [31/Dec/2021:10:16:56 +0800] "GET /xingrg/all/function/internal_message.html?_=1640917010599&CODE_STATE=getMsg HTTP/1.1" 200 27
172.20.0.100 - - [31/Dec/2021:10:16:57 +0800] "GET /xingrg/all/function/internal_message.html?_=1640917015152&CODE_STATE=getMsg HTTP/1.1" 200 27
114.85.125.222 - - [31/Dec/2021:10:16:58 +0800] "POST /xingrg/kc/buy/cgsh_list_operate.html HTTP/1.1" 200 5143
116.233.76.118 - - [31/Dec/2021:10:16:59 +0800] "GET /xingrg/all/report/report_query.html?fileName=kc/base/rk_by_base.xml&rh=9999 HTTP/1.1" 200 51953
116.233.76.118 - - [31/Dec/2021:10:16:59 +0800] "GET /xingrg/dwr/interface/AjaxReportQueryService.js HTTP/1.1" 200 13203
116.233.76.118 - - [31/Dec/2021:10:16:59 +0800] "GET /xingrg/dwr/engine.js HTTP/1.1" 200 43631
116.233.76.118 - - [31/Dec/2021:10:16:59 +0800] "POST /xingrg/dwr/call/plaincall/AjaxReportQueryService.getFixDate.dwr HTTP/1.1" 200 111
116.233.76.118 - - [31/Dec/2021:10:16:59 +0800] "GET /xingrg/javascript/jquery_easy_ui/themes/icons/pencil.png HTTP/1.1" 200 713
116.233.76.118 - - [31/Dec/2021:10:16:59 +0800] "GET /xingrg/javascript/jquery_easy_ui/themes/default/images/menu_rightarrow.png HTTP/1.1" 200 3617
116.233.76.118 - - [31/Dec/2021:10:16:59 +0800] "GET /xingrg/javascript/jquery_easy_ui/themes/default/images/combo_arrow_dot.gif HTTP/1.1" 200 79
116.233.76.118 - - [31/Dec/2021:10:16:59 +0800] "POST /xingrg/all/common/load_tree.html?tree=materiel_sort_tree_json HTTP/1.1" 200 9388
180.162.114.48 - - [31/Dec/2021:10:16:59 +0800] "POST /xingrg/kc/base/wldb_order_operate.html HTTP/1.1" 200 37
116.233.76.118 - - [31/Dec/2021:10:16:59 +0800] "GET /xingrg/javascript/jquery_easy_ui/themes/default/images/tree_checkbox_0.gif HTTP/1.1" 200 168
116.233.76.118 - - [31/Dec/2021:10:16:59 +0800] "POST /xingrg/dwr/call/plaincall/AjaxReportQueryService.getInitString.dwr HTTP/1.1" 200 1062
116.233.76.118 - - [31/Dec/2021:10:16:59 +0800] "GET /xingrg/javascript/multi_select/dropdown.gif HTTP/1.1" 200 61
116.233.76.118 - - [31/Dec/2021:10:17:01 +0800] "GET /xingrg/javascript/multi_select/dropdown_hover.gif HTTP/1.1" 200 61
116.233.76.118 - - [31/Dec/2021:10:17:01 +0800] "GET /xingrg/javascript/multi_select/dropdown_active.gif HTTP/1.1" 200 61
114.88.159.28 - - [31/Dec/2021:10:17:01 +0800] "GET /xingrg/kc/buy/cgsh_order_operate.html?command=get_materiel&rest_code=00141&code=00101008355&supplier_code=00100007&order_time=2021-12-31 HTTP/1.1" 200 408
180.162.114.48 - - [31/Dec/2021:10:17:01 +0800] "GET /xingrg/all/function/internal_message.html?_=1640916448337&CODE_STATE=getMsg HTTP/1.1" 200 27
180.162.114.48 - - [31/Dec/2021:10:17:02 +0800] "POST /xingrg/kc/base/wldb_order_operate.html HTTP/1.1" 200 12
180.162.114.48 - - [31/Dec/2021:10:17:02 +0800] "POST /xingrg/kc/base/wldb_order_operate.html HTTP/1.1" 200 9372
180.162.114.48 - - [31/Dec/2021:10:17:03 +0800] "GET /xingrg/kc/base/wldb_order_info.html?code=422021122903054 HTTP/1.1" 200 26163
180.162.114.48 - - [31/Dec/2021:10:17:03 +0800] "GET /xingrg/javascript/easyui/themes/default/validatebox.css HTTP/1.1" 404 1104
180.162.114.48 - - [31/Dec/2021:10:17:03 +0800] "POST /xingrg/kc/base/wldb_order_operate.html HTTP/1.1" 200 7481
61.165.255.114 - - [31/Dec/2021:10:17:04 +0800] "GET /xingrg/all/function/internal_message.html?_=1640917021632&CODE_STATE=getMsg HTTP/1.1" 200 27
222.70.176.97 - - [31/Dec/2021:10:17:05 +0800] "GET /xingrg/all/function/internal_message.html?_=1640917016329&CODE_STATE=getMsg HTTP/1.1" 200 27
124.77.245.186 - - [31/Dec/2021:10:17:07 +0800] "GET /xingrg/all/function/internal_message.html?_=1640917043265&CODE_STATE=getMsg HTTP/1.1" 200 27
124.79.247.218 - - [31/Dec/2021:10:17:08 +0800] "GET /xingrg/kc/buy/cgsh_order_operate.html?command=get_materiel&rest_code=00104&code=00101008119&supplier_code=00100005&order_time=2021-12-31 HTTP/1.1" 200 412
116.233.76.118 - - [31/Dec/2021:10:17:08 +0800] "GET /xingrg/javascript/jquery_easy_ui/themes/default/images/tree_checkbox_2.gif HTTP/1.1" 200 181
116.233.76.118 - - [31/Dec/2021:10:17:08 +0800] "GET /xingrg/javascript/jquery_easy_ui/themes/default/images/tree_checkbox_1.gif HTTP/1.1" 200 174
180.162.114.48 - - [31/Dec/2021:10:17:10 +0800] "GET /xingrg/kc/print/load_data.html?order_code=422021122903054&kc_code=wldb&condition= HTTP/1.1" 200 2676
116.233.76.118 - - [31/Dec/2021:10:17:10 +0800] "POST /xingrg/dwr/call/plaincall/AjaxReportQueryService.refreshCache.dwr HTTP/1.1" 200 78
180.175.103.30 - - [31/Dec/2021:10:17:11 +0800] "GET /xingrg/all/function/internal_message.html?_=1640917028269&CODE_STATE=getMsg HTTP/1.1" 200 27
116.233.76.118 - - [31/Dec/2021:10:17:11 +0800] "POST /xingrg/all/report/load_report_page.html HTTP/1.1" 200 7456
116.233.76.118 - - [31/Dec/2021:10:17:11 +0800] "GET /xingrg/servlets/image?cache=0.8381202435893834&image=px HTTP/1.1" 200 807
114.88.159.28 - - [31/Dec/2021:10:17:11 +0800] "GET /xingrg/kc/buy/cgsh_order_operate.html?command=get_materiel&rest_code=00141&code=00101008087&supplier_code=00100007&order_time=2021-12-31 HTTP/1.1" 200 412
61.170.234.223 - - [31/Dec/2021:10:17:16 +0800] "GET /xingrg/all/function/internal_message.html?_=1640917035774&CODE_STATE=getMsg HTTP/1.1" 200 27
101.85.55.123 - - [31/Dec/2021:10:17:17 +0800] "GET /xingrg/all/function/internal_message.html?_=1640917023347&CODE_STATE=getMsg HTTP/1.1" 200 27
124.79.247.218 - - [31/Dec/2021:10:17:18 +0800] "GET /xingrg/kc/buy/cgsh_order_operate.html?command=get_materiel&rest_code=00104&code=00101008283&supplier_code=00100005&order_time=2021-12-31 HTTP/1.1" 200 408
114.88.159.28 - - [31/Dec/2021:10:17:18 +0800] "GET /xingrg/kc/buy/cgsh_order_operate.html?command=get_materiel&rest_code=00141&code=00101008224&supplier_code=00100007&order_time=2021-12-31 HTTP/1.1" 200 416
58.40.7.146 - - [31/Dec/2021:10:17:18 +0800] "GET /xingrg/check_reg.html?_=1640917036178 HTTP/1.1" 200 22
58.40.7.146 - - [31/Dec/2021:10:17:18 +0800] "GET /xingrg/all/function/internal_message.html?_=1640917036177&CODE_STATE=getMsg HTTP/1.1" 200 27
124.79.247.218 - - [31/Dec/2021:10:17:20 +0800] "POST /xingrg/kc/buy/cgsh_order_operate.html HTTP/1.1" 200 2065
114.88.159.28 - - [31/Dec/2021:10:17:21 +0800] "POST /xingrg/kc/buy/cgsh_order_operate.html HTTP/1.1" 200 2065
120.253.135.82 - - [31/Dec/2021:10:17:28 +0800] "GET /xingrg/all/function/internal_message.html?_=1640916829019&CODE_STATE=getMsg HTTP/1.1" 200 27
124.79.247.218 - - [31/Dec/2021:10:17:28 +0800] "GET /xingrg/kc/buy/cgsh_order_operate.html?command=get_materiel&rest_code=00104&code=00101008286&supplier_code=00100005&order_time=2021-12-31 HTTP/1.1" 200 408
101.80.229.199 - - [31/Dec/2021:10:17:29 +0800] "GET /xingrg/all/function/internal_message.html?_=1640917047969&CODE_STATE=getMsg HTTP/1.1" 200 27
114.88.159.28 - - [31/Dec/2021:10:17:30 +0800] "GET /xingrg/kc/buy/cgsh_order_operate.html?command=get_materiel&rest_code=00141&code=00101008210&supplier_code=00100007&order_time=2021-12-31 HTTP/1.1" 200 408
124.79.247.218 - - [31/Dec/2021:10:17:31 +0800] "GET /xingrg/all/function/internal_message.html?_=1640917078779&CODE_STATE=getMsg HTTP/1.1" 200 27
124.77.245.186 - - [31/Dec/2021:10:17:33 +0800] "GET /xingrg/kc/buy/cgsh_order_operate.html?command=get_materiel&rest_code=00146&code=00101008650&supplier_code=00100005&order_time=2021-12-31 HTTP/1.1" 200 399
114.88.159.28 - - [31/Dec/2021:10:17:38 +0800] "GET /xingrg/kc/buy/cgsh_order_operate.html?command=get_materiel&rest_code=00141&code=00101008350&supplier_code=00100007&order_time=2021-12-31 HTTP/1.1" 200 408
116.227.210.113 - - [31/Dec/2021:10:17:39 +0800] "GET /xingrg/all/function/internal_message.html?_=1640917050044&CODE_STATE=getMsg HTTP/1.1" 200 27
180.169.147.146 - - [31/Dec/2021:10:17:40 +0800] "GET /xingrg/all/function/internal_message.html?_=1640917054693&CODE_STATE=getMsg HTTP/1.1" 200 27
124.79.247.218 - - [31/Dec/2021:10:17:40 +0800] "GET /xingrg/kc/buy/cgsh_order_operate.html?command=get_materiel&rest_code=00104&code=00101008036&supplier_code=00100005&order_time=2021-12-31 HTTP/1.1" 200 408
180.169.147.146 - - [31/Dec/2021:10:17:49 +0800] "GET /xingrg/all/function/internal_message.html?_=1640917066207&CODE_STATE=getMsg HTTP/1.1" 200 27
114.85.125.222 - - [31/Dec/2021:10:17:49 +0800] "GET /xingrg/all/function/internal_message.html?_=1640917008069&CODE_STATE=getMsg HTTP/1.1" 200 27
222.69.132.164 - - [31/Dec/2021:10:17:50 +0800] "GET /xingrg/check_reg.html?_=1640917101969 HTTP/1.1" 200 22
222.69.132.164 - - [31/Dec/2021:10:17:50 +0800] "GET /xingrg/all/function/internal_message.html?_=1640917101973&CODE_STATE=getMsg HTTP/1.1" 200 27
114.88.159.28 - - [31/Dec/2021:10:17:50 +0800] "GET /xingrg/all/function/internal_message.html?_=1640916874887&CODE_STATE=getMsg HTTP/1.1" 200 27
124.79.247.218 - - [31/Dec/2021:10:17:51 +0800] "GET /xingrg/kc/buy/cgsh_order_operate.html?command=get_materiel&rest_code=00104&code=00101008230&supplier_code=00100005&order_time=2021-12-31 HTTP/1.1" 200 408
116.233.76.118 - - [31/Dec/2021:10:17:52 +0800] "GET /xingrg/all/function/internal_message.html?_=1640917072452&CODE_STATE=getMsg HTTP/1.1" 200 27
101.80.229.199 - - [31/Dec/2021:10:17:53 +0800] "GET /xingrg/check_reg.html?_=1640917071438 HTTP/1.1" 200 22
222.70.176.97 - - [31/Dec/2021:10:17:54 +0800] "GET /xingrg/all/function/internal_message.html?_=1640916714798&CODE_STATE=getMsg HTTP/1.1" 302 -
114.95.98.1 - - [31/Dec/2021:10:17:54 +0800] "GET /xingrg/all/function/internal_message.html?_=1640917083947&CODE_STATE=getMsg HTTP/1.1" 200 27
101.83.241.229 - - [31/Dec/2021:10:17:56 +0800] "GET /xingrg/all/function/internal_message.html?_=1640917070597&CODE_STATE=getMsg HTTP/1.1" 200 27
124.77.245.186 - - [31/Dec/2021:10:17:57 +0800] "GET /xingrg/kc/buy/cgsh_order_operate.html?command=get_materiel&rest_code=00146&code=00101008069&supplier_code=00100005&order_time=2021-12-31 HTTP/1.1" 200 412
172.20.0.100 - - [31/Dec/2021:10:17:57 +0800] "GET /xingrg/all/function/internal_message.html?_=1640917075156&CODE_STATE=getMsg HTTP/1.1" 200 27
180.162.114.48 - - [31/Dec/2021:10:18:01 +0800] "GET /xingrg/all/function/internal_message.html?_=1640916508322&CODE_STATE=getMsg HTTP/1.1" 200 27
114.88.159.28 - - [31/Dec/2021:10:18:02 +0800] "GET /xingrg/kc/buy/cgsh_order_operate.html?command=get_materiel&rest_code=00141&code=00101008323&supplier_code=00100007&order_time=2021-12-31 HTTP/1.1" 200 431
61.165.255.114 - - [31/Dec/2021:10:18:04 +0800] "GET /xingrg/all/function/internal_message.html?_=1640917081666&CODE_STATE=getMsg HTTP/1.1" 200 27
114.95.98.1 - - [31/Dec/2021:10:18:05 +0800] "GET /xingrg/login.html HTTP/1.1" 200 7641
222.70.176.97 - - [31/Dec/2021:10:18:05 +0800] "GET /xingrg/all/function/internal_message.html?_=1640917076332&CODE_STATE=getMsg HTTP/1.1" 200 27
114.95.98.1 - - [31/Dec/2021:10:18:05 +0800] "GET /favicon.ico HTTP/1.1" 404 -
124.77.245.186 - - [31/Dec/2021:10:18:07 +0800] "GET /xingrg/all/function/internal_message.html?_=1640917103280&CODE_STATE=getMsg HTTP/1.1" 200 27
124.79.247.218 - - [31/Dec/2021:10:18:08 +0800] "GET /xingrg/kc/buy/cgsh_order_operate.html?command=get_materiel&rest_code=00104&code=00101009062&supplier_code=00100005&order_time=2021-12-31 HTTP/1.1" 200 412
114.95.98.1 - - [31/Dec/2021:10:18:08 +0800] "POST /xingrg/login.do HTTP/1.1" 302 -
114.95.98.1 - - [31/Dec/2021:10:18:08 +0800] "GET /xingrg/index.html?sysBaseUrl=http%3A%2F%2F180.169.147.146%3A18081%2Fxingrg%2F&costTime=36×tamp=1640917088555 HTTP/1.1" 200 17173
114.95.98.1 - - [31/Dec/2021:10:18:08 +0800] "GET /favicon.ico HTTP/1.1" 404 -
114.95.98.1 - - [31/Dec/2021:10:18:08 +0800] "POST /xingrg/all/common/load_tree.html?tree=area_rest_tree_json&manage=1 HTTP/1.1" 200 342
114.95.98.1 - - [31/Dec/2021:10:18:09 +0800] "GET /xingrg/all/function/internal_message.html?_=1640917089051&CODE_STATE=count HTTP/1.1" 200 11
114.95.98.1 - - [31/Dec/2021:10:18:09 +0800] "GET /xingrg/check_reg.html?_=1640917089054 HTTP/1.1" 200 22
114.95.98.1 - - [31/Dec/2021:10:18:09 +0800] "POST /xingrg/load_menu.html HTTP/1.1" 200 5138
180.175.103.30 - - [31/Dec/2021:10:18:11 +0800] "GET /xingrg/check_reg.html?_=1640917088272 HTTP/1.1" 200 22
180.175.103.30 - - [31/Dec/2021:10:18:11 +0800] "GET /xingrg/all/function/internal_message.html?_=1640917088274&CODE_STATE=getMsg HTTP/1.1" 200 27
114.95.98.1 - - [31/Dec/2021:10:18:11 +0800] "GET /xingrg/kc/base/check_order_list.html HTTP/1.1" 200 16179
114.95.98.1 - - [31/Dec/2021:10:18:11 +0800] "POST /xingrg/kc/base/check_list_operate.html HTTP/1.1" 200 1563
114.88.159.28 - - [31/Dec/2021:10:18:11 +0800] "GET /xingrg/kc/buy/cgsh_order_operate.html?command=get_materiel&rest_code=00141&code=00101008302&supplier_code=00100007&order_time=2021-12-31 HTTP/1.1" 200 412
114.88.159.28 - - [31/Dec/2021:10:18:14 +0800] "POST /xingrg/kc/buy/cgsh_order_operate.html HTTP/1.1" 200 2065
114.95.98.1 - - [31/Dec/2021:10:18:14 +0800] "GET /xingrg/kc/base/check_order_info.html?code=452021123000121 HTTP/1.1" 200 26478
114.95.98.1 - - [31/Dec/2021:10:18:14 +0800] "GET /xingrg/dwr/interface/AjaxComOrderService.js HTTP/1.1" 200 18264
114.95.98.1 - - [31/Dec/2021:10:18:14 +0800] "GET /xingrg/dwr/util.js HTTP/1.1" 304 -
114.95.98.1 - - [31/Dec/2021:10:18:14 +0800] "GET /xingrg/dwr/interface/AjaxCheckService.js HTTP/1.1" 200 14003
114.95.98.1 - - [31/Dec/2021:10:18:14 +0800] "GET /xingrg/dwr/engine.js HTTP/1.1" 200 43631
114.95.98.1 - - [31/Dec/2021:10:18:14 +0800] "POST /xingrg/dwr/call/plaincall/AjaxCheckService.loadOrderItems.dwr HTTP/1.1" 200 84284
61.170.234.223 - - [31/Dec/2021:10:18:16 +0800] "GET /xingrg/all/function/internal_message.html?_=1640917095767&CODE_STATE=getMsg HTTP/1.1" 200 27
101.85.55.123 - - [31/Dec/2021:10:18:17 +0800] "GET /xingrg/all/function/internal_message.html?_=1640917083337&CODE_STATE=getMsg HTTP/1.1" 200 27
114.88.159.28 - - [31/Dec/2021:10:18:18 +0800] "GET /xingrg/kc/buy/cgsh_order_operate.html?command=get_materiel&rest_code=00141&code=00101008027&supplier_code=00100007&order_time=2021-12-31 HTTP/1.1" 200 408
58.40.7.146 - - [31/Dec/2021:10:18:18 +0800] "GET /xingrg/all/function/internal_message.html?_=1640917096176&CODE_STATE=getMsg HTTP/1.1" 200 27
114.95.98.1 - - [31/Dec/2021:10:18:19 +0800] "POST /xingrg/dwr/call/plaincall/AjaxCheckService.deleteOrder.dwr HTTP/1.1" 200 78
114.95.98.1 - - [31/Dec/2021:10:18:20 +0800] "GET /xingrg/kc/base/check_order_list.html HTTP/1.1" 200 16179
114.95.98.1 - - [31/Dec/2021:10:18:20 +0800] "POST /xingrg/kc/base/check_list_operate.html HTTP/1.1" 200 781
114.95.98.1 - - [31/Dec/2021:10:18:21 +0800] "GET /xingrg/kc/base/check_order_add.html HTTP/1.1" 200 26436
114.95.98.1 - - [31/Dec/2021:10:18:21 +0800] "GET /xingrg/dwr/interface/AjaxComOrderService.js HTTP/1.1" 200 18264
114.95.98.1 - - [31/Dec/2021:10:18:21 +0800] "GET /xingrg/dwr/interface/AjaxCheckService.js HTTP/1.1" 200 14003
114.95.98.1 - - [31/Dec/2021:10:18:21 +0800] "GET /xingrg/dwr/engine.js HTTP/1.1" 200 43631
124.79.247.218 - - [31/Dec/2021:10:18:24 +0800] "GET /xingrg/kc/buy/cgsh_order_operate.html?command=get_materiel&rest_code=00104&code=00101008350&supplier_code=00100005&order_time=2021-12-31 HTTP/1.1" 200 408
114.95.98.1 - - [31/Dec/2021:10:18:24 +0800] "POST /xingrg/dwr/call/plaincall/AjaxCheckService.saveOrder.dwr HTTP/1.1" 200 78
124.77.245.186 - - [31/Dec/2021:10:18:25 +0800] "POST /xingrg/kc/buy/cgsh_order_operate.html HTTP/1.1" 200 2065
114.95.98.1 - - [31/Dec/2021:10:18:25 +0800] "POST /xingrg/dwr/call/plaincall/AjaxCheckService.loadOrderItems.dwr HTTP/1.1" 200 367
114.88.159.28 - - [31/Dec/2021:10:18:26 +0800] "GET /xingrg/kc/buy/cgsh_order_operate.html?command=get_materiel&rest_code=00141&code=00101008244&supplier_code=00100007&order_time=2021-12-31 HTTP/1.1" 200 408
180.169.147.146 - - [31/Dec/2021:10:18:26 +0800] "GET /xingrg/kc/mdqp/qp_main.html HTTP/1.1" 200 10633
114.95.98.1 - - [31/Dec/2021:10:18:26 +0800] "POST /xingrg/kc/report/common_data.html?type=materiel_category_tree HTTP/1.1" 200 3878
124.79.247.218 - - [31/Dec/2021:10:18:27 +0800] "POST /xingrg/kc/buy/cgsh_order_operate.html HTTP/1.1" 200 2065
120.253.135.82 - - [31/Dec/2021:10:18:27 +0800] "GET /xingrg/check_reg.html?_=1640916888312 HTTP/1.1" 200 22
120.253.135.82 - - [31/Dec/2021:10:18:28 +0800] "GET /xingrg/all/function/internal_message.html?_=1640916889033&CODE_STATE=getMsg HTTP/1.1" 200 27
101.80.229.199 - - [31/Dec/2021:10:18:29 +0800] "GET /xingrg/all/function/internal_message.html?_=1640917107940&CODE_STATE=getMsg HTTP/1.1" 200 27
114.95.98.1 - - [31/Dec/2021:10:18:29 +0800] "POST /xingrg/dwr/call/plaincall/AjaxCheckService.importOrderItems.dwr HTTP/1.1" 200 78
180.169.147.146 - - [31/Dec/2021:10:18:30 +0800] "GET /xingrg/kc/mdqp/qqps_order_list.html HTTP/1.1" 200 9642
180.169.147.146 - - [31/Dec/2021:10:18:30 +0800] "GET /xingrg/dwr/interface/AjaxReportQueryService.js HTTP/1.1" 200 13203
180.169.147.146 - - [31/Dec/2021:10:18:30 +0800] "GET /xingrg/dwr/interface/AjaxQqpsService.js HTTP/1.1" 200 16326
180.169.147.146 - - [31/Dec/2021:10:18:30 +0800] "GET /xingrg/dwr/engine.js HTTP/1.1" 200 43631
114.95.98.1 - - [31/Dec/2021:10:18:30 +0800] "POST /xingrg/dwr/call/plaincall/AjaxCheckService.loadOrderItems.dwr HTTP/1.1" 200 84284
124.79.247.218 - - [31/Dec/2021:10:18:31 +0800] "GET /xingrg/all/function/internal_message.html?_=1640917138793&CODE_STATE=getMsg HTTP/1.1" 200 27
180.169.147.146 - - [31/Dec/2021:10:18:32 +0800] "GET /xingrg/kc/mdqp/qqps_order_info.html?code=302021122900572 HTTP/1.1" 200 28236
180.169.147.146 - - [31/Dec/2021:10:18:32 +0800] "GET /xingrg/dwr/interface/AjaxComOrderService.js HTTP/1.1" 200 18264
180.169.147.146 - - [31/Dec/2021:10:18:32 +0800] "GET /xingrg/dwr/engine.js HTTP/1.1" 200 43631
180.169.147.146 - - [31/Dec/2021:10:18:32 +0800] "GET /xingrg/dwr/interface/AjaxQqpsService.js HTTP/1.1" 200 16326
180.169.147.146 - - [31/Dec/2021:10:18:32 +0800] "POST /xingrg/dwr/call/plaincall/AjaxQqpsService.loadMaterielItems.dwr HTTP/1.1" 200 76
114.95.98.1 - - [31/Dec/2021:10:18:33 +0800] "GET /xingrg/kc/print/load_config.html?_=1640917113273&kc_code=check HTTP/1.1" 200 2411
114.95.98.1 - - [31/Dec/2021:10:18:33 +0800] "GET /xingrg/kc/print/load_data.html?_=1640917113325&order_code=452021123100171&kc_code=check&condition= HTTP/1.1" 200 22165
124.77.245.186 - - [31/Dec/2021:10:18:34 +0800] "GET /xingrg/kc/buy/cgsh_order_operate.html?command=get_materiel&rest_code=00146&code=00101008318&supplier_code=00100005&order_time=2021-12-31 HTTP/1.1" 200 408
124.79.247.218 - - [31/Dec/2021:10:18:34 +0800] "GET /xingrg/kc/buy/cgsh_order_operate.html?command=get_materiel&rest_code=00104&code=00101008036&supplier_code=00100005&order_time=2021-12-31 HTTP/1.1" 200 408
116.227.210.113 - - [31/Dec/2021:10:18:39 +0800] "GET /xingrg/all/function/internal_message.html?_=1640917110046&CODE_STATE=getMsg HTTP/1.1" 200 27
114.88.159.28 - - [31/Dec/2021:10:18:39 +0800] "GET /xingrg/kc/buy/cgsh_order_operate.html?command=get_materiel&rest_code=00141&code=00101008370&supplier_code=00100007&order_time=2021-12-31 HTTP/1.1" 200 412
180.169.147.146 - - [31/Dec/2021:10:18:40 +0800] "GET /xingrg/all/function/internal_message.html?_=1640917114669&CODE_STATE=getMsg HTTP/1.1" 200 27
124.77.245.186 - - [31/Dec/2021:10:18:48 +0800] "GET /xingrg/kc/buy/cgsh_order_operate.html?command=get_materiel&rest_code=00146&code=00101008352&supplier_code=00100005&order_time=2021-12-31 HTTP/1.1" 200 412
114.85.125.222 - - [31/Dec/2021:10:18:48 +0800] "GET /xingrg/check_reg.html?_=1640917067454 HTTP/1.1" 200 22
180.169.147.146 - - [31/Dec/2021:10:18:49 +0800] "GET /xingrg/all/function/internal_message.html?_=1640917126210&CODE_STATE=getMsg HTTP/1.1" 200 27
114.88.159.28 - - [31/Dec/2021:10:18:49 +0800] "GET /xingrg/kc/buy/cgsh_order_operate.html?command=get_materiel&rest_code=00141&code=00101008361&supplier_code=00100007&order_time=2021-12-31 HTTP/1.1" 200 408
114.85.125.222 - - [31/Dec/2021:10:18:49 +0800] "GET /xingrg/all/function/internal_message.html?_=1640917068079&CODE_STATE=getMsg HTTP/1.1" 200 27
222.69.132.164 - - [31/Dec/2021:10:18:50 +0800] "GET /xingrg/all/function/internal_message.html?_=1640917161963&CODE_STATE=getMsg HTTP/1.1" 200 27
114.88.159.28 - - [31/Dec/2021:10:18:50 +0800] "GET /xingrg/all/function/internal_message.html?_=1640916934973&CODE_STATE=getMsg HTTP/1.1" 200 27
124.79.247.218 - - [31/Dec/2021:10:18:51 +0800] "GET /xingrg/kc/buy/cgsh_order_operate.html?command=get_materiel&rest_code=00104&code=00101008175&supplier_code=00100005&order_time=2021-12-31 HTTP/1.1" 200 412
114.88.159.28 - - [31/Dec/2021:10:18:51 +0800] "POST /xingrg/kc/buy/cgsh_order_operate.html HTTP/1.1" 200 2065
114.95.98.1 - - [31/Dec/2021:10:18:52 +0800] "POST /xingrg/dwr/call/plaincall/AjaxCheckService.deleteOrder.dwr HTTP/1.1" 200 78
116.233.76.118 - - [31/Dec/2021:10:18:52 +0800] "GET /xingrg/all/function/internal_message.html?_=1640917132443&CODE_STATE=getMsg HTTP/1.1" 200 27
114.95.98.1 - - [31/Dec/2021:10:18:53 +0800] "GET /xingrg/kc/base/check_order_list.html HTTP/1.1" 200 16179
