124.79.247.218 - - [28/Dec/2021:09:12:03 +0800] "GET /xingrg/login.html HTTP/1.1" 200 7641
101.83.241.229 - - [28/Dec/2021:09:12:06 +0800] "GET /xingrg/all/function/internal_message.html?_=1640653924424&CODE_STATE=getMsg HTTP/1.1" 200 27
124.79.247.218 - - [28/Dec/2021:09:12:07 +0800] "GET /xingrg/check_reg.html?_=1640653952234 HTTP/1.1" 302 -
124.79.247.218 - - [28/Dec/2021:09:12:07 +0800] "GET /xingrg/login.html HTTP/1.1" 200 7641
180.169.147.146 - - [28/Dec/2021:09:12:08 +0800] "GET /xingrg/all/function/internal_message.html?_=1640653930847&CODE_STATE=getMsg HTTP/1.1" 200 27
61.170.234.223 - - [28/Dec/2021:09:12:08 +0800] "GET /xingrg/kc/buy/cgsh_order_operate.html?command=get_materiel&rest_code=00106&code=00101011005&supplier_code=00100007&order_time=2021-12-28 HTTP/1.1" 200 428
124.79.247.218 - - [28/Dec/2021:09:12:09 +0800] "GET /xingrg/all/function/internal_message.html?_=1640654052781&CODE_STATE=getMsg HTTP/1.1" 200 27
61.165.255.114 - - [28/Dec/2021:09:12:09 +0800] "GET /xingrg/check_reg.html?_=1640653928409 HTTP/1.1" 200 22
61.165.255.114 - - [28/Dec/2021:09:12:09 +0800] "GET /xingrg/all/function/internal_message.html?_=1640653928412&CODE_STATE=getMsg HTTP/1.1" 200 27
61.170.234.223 - - [28/Dec/2021:09:12:12 +0800] "GET /xingrg/all/function/internal_message.html?_=1640653931893&CODE_STATE=getMsg HTTP/1.1" 200 27
116.227.210.113 - - [28/Dec/2021:09:12:15 +0800] "GET /xingrg/check_reg.html?_=1640653933665 HTTP/1.1" 200 22
101.83.241.229 - - [28/Dec/2021:09:12:18 +0800] "POST /xingrg/services/DataTransmitService HTTP/1.1" 200 524
116.227.210.113 - - [28/Dec/2021:09:12:18 +0800] "GET /xingrg/all/function/internal_message.html?_=1640653936593&CODE_STATE=getMsg HTTP/1.1" 200 27
114.85.125.222 - - [28/Dec/2021:09:12:20 +0800] "GET /xingrg/all/function/internal_message.html?_=1640653884143&CODE_STATE=getMsg HTTP/1.1" 200 27
61.170.234.223 - - [28/Dec/2021:09:12:32 +0800] "GET /xingrg/kc/buy/cgsh_order_operate.html?command=get_materiel&rest_code=00106&code=00101008003&supplier_code=00100007&order_time=2021-12-28 HTTP/1.1" 200 408
180.169.147.146 - - [28/Dec/2021:09:12:36 +0800] "GET /xingrg/all/function/internal_message.html?_=1640653955815&CODE_STATE=getMsg HTTP/1.1" 200 27
180.169.147.146 - - [28/Dec/2021:09:12:38 +0800] "GET /xingrg/all/function/internal_message.html?_=1640653959341&CODE_STATE=getMsg HTTP/1.1" 200 27
172.20.0.100 - - [28/Dec/2021:09:12:41 +0800] "GET /xingrg/all/function/internal_message.html?_=1640653959219&CODE_STATE=getMsg HTTP/1.1" 200 27
172.20.0.100 - - [28/Dec/2021:09:12:41 +0800] "GET /xingrg/check_reg.html?_=1640653959221 HTTP/1.1" 200 22
180.175.103.30 - - [28/Dec/2021:09:12:45 +0800] "GET /xingrg/kc/buy/cgsh_order_operate.html?command=get_materiel&rest_code=00105&code=00101008403&supplier_code=00100203&order_time=2021-12-28 HTTP/1.1" 200 412
61.170.234.223 - - [28/Dec/2021:09:12:45 +0800] "GET /xingrg/kc/buy/cgsh_order_operate.html?command=get_materiel&rest_code=00106&code=00101008361&supplier_code=00100007&order_time=2021-12-28 HTTP/1.1" 200 408
180.175.103.30 - - [28/Dec/2021:09:12:48 +0800] "GET /xingrg/check_reg.html?_=1640653968501 HTTP/1.1" 200 22
180.175.103.30 - - [28/Dec/2021:09:12:48 +0800] "GET /xingrg/all/function/internal_message.html?_=1640653968502&CODE_STATE=getMsg HTTP/1.1" 200 27
101.83.241.229 - - [28/Dec/2021:09:12:49 +0800] "POST /xingrg/services/DataTransmitService HTTP/1.1" 200 501
101.83.241.229 - - [28/Dec/2021:09:12:49 +0800] "POST /xingrg/services/DataTransmitService HTTP/1.1" 200 501
101.83.241.229 - - [28/Dec/2021:09:12:50 +0800] "POST /xingrg/services/DataTransmitService HTTP/1.1" 200 501
101.83.241.229 - - [28/Dec/2021:09:12:51 +0800] "POST /xingrg/services/DataTransmitService HTTP/1.1" 200 501
101.83.241.229 - - [28/Dec/2021:09:12:52 +0800] "POST /xingrg/services/DataTransmitService HTTP/1.1" 200 501
101.83.241.229 - - [28/Dec/2021:09:12:52 +0800] "POST /xingrg/services/DataTransmitService HTTP/1.1" 200 501
101.83.241.229 - - [28/Dec/2021:09:12:53 +0800] "POST /xingrg/services/DataTransmitService HTTP/1.1" 200 501
101.83.241.229 - - [28/Dec/2021:09:12:54 +0800] "POST /xingrg/services/DataTransmitService HTTP/1.1" 200 501
101.83.241.229 - - [28/Dec/2021:09:12:54 +0800] "POST /xingrg/services/DataTransmitService HTTP/1.1" 200 501
101.83.241.229 - - [28/Dec/2021:09:12:54 +0800] "POST /xingrg/services/DataTransmitService HTTP/1.1" 200 412
124.77.245.186 - - [28/Dec/2021:09:13:00 +0800] "GET /xingrg/all/function/internal_message.html?_=1640653985518&CODE_STATE=getMsg HTTP/1.1" 200 27
114.85.125.222 - - [28/Dec/2021:09:13:02 +0800] "GET /xingrg/check_reg.html?_=1640653926076 HTTP/1.1" 200 22
61.170.234.223 - - [28/Dec/2021:09:13:05 +0800] "GET /xingrg/kc/buy/cgsh_order_operate.html?command=get_materiel&rest_code=00106&code=00101008024&supplier_code=00100007&order_time=2021-12-28 HTTP/1.1" 200 408
101.83.241.229 - - [28/Dec/2021:09:13:06 +0800] "GET /xingrg/all/function/internal_message.html?_=1640653984414&CODE_STATE=getMsg HTTP/1.1" 200 27
180.169.147.146 - - [28/Dec/2021:09:13:08 +0800] "GET /xingrg/all/function/internal_message.html?_=1640653990849&CODE_STATE=getMsg HTTP/1.1" 200 27
124.79.247.218 - - [28/Dec/2021:09:13:09 +0800] "GET /xingrg/all/function/internal_message.html?_=1640654112822&CODE_STATE=getMsg HTTP/1.1" 200 27
61.165.255.114 - - [28/Dec/2021:09:13:09 +0800] "GET /xingrg/all/function/internal_message.html?_=1640653988462&CODE_STATE=getMsg HTTP/1.1" 200 27
180.175.103.30 - - [28/Dec/2021:09:13:10 +0800] "GET /xingrg/kc/buy/cgsh_order_operate.html?command=get_materiel&rest_code=00105&code=00101008036&supplier_code=00100203&order_time=2021-12-28 HTTP/1.1" 200 408
61.170.234.223 - - [28/Dec/2021:09:13:12 +0800] "GET /xingrg/check_reg.html?_=1640653991886 HTTP/1.1" 200 22
61.170.234.223 - - [28/Dec/2021:09:13:12 +0800] "GET /xingrg/all/function/internal_message.html?_=1640653991893&CODE_STATE=getMsg HTTP/1.1" 200 27
116.227.210.113 - - [28/Dec/2021:09:13:18 +0800] "GET /xingrg/all/function/internal_message.html?_=1640653996578&CODE_STATE=getMsg HTTP/1.1" 200 27
114.85.125.222 - - [28/Dec/2021:09:13:20 +0800] "GET /xingrg/all/function/internal_message.html?_=1640653944156&CODE_STATE=getMsg HTTP/1.1" 200 27
180.175.103.30 - - [28/Dec/2021:09:13:21 +0800] "GET /xingrg/kc/buy/cgsh_order_operate.html?command=get_materiel&rest_code=00105&code=00101008108&supplier_code=00100203&order_time=2021-12-28 HTTP/1.1" 200 412
61.170.234.223 - - [28/Dec/2021:09:13:21 +0800] "GET /xingrg/kc/buy/cgsh_order_operate.html?command=get_materiel&rest_code=00106&code=00101008116&supplier_code=00100007&order_time=2021-12-28 HTTP/1.1" 200 412
180.169.147.146 - - [28/Dec/2021:09:13:36 +0800] "GET /xingrg/check_reg.html?_=1640654015803 HTTP/1.1" 200 22
180.169.147.146 - - [28/Dec/2021:09:13:36 +0800] "GET /xingrg/all/function/internal_message.html?_=1640654015805&CODE_STATE=getMsg HTTP/1.1" 200 27
61.170.234.223 - - [28/Dec/2021:09:13:37 +0800] "GET /xingrg/kc/buy/cgsh_order_operate.html?command=get_materiel&rest_code=00106&code=00101008350&supplier_code=00100007&order_time=2021-12-28 HTTP/1.1" 200 408
180.169.147.146 - - [28/Dec/2021:09:13:38 +0800] "GET /xingrg/all/function/internal_message.html?_=1640654019342&CODE_STATE=getMsg HTTP/1.1" 200 27
172.20.0.100 - - [28/Dec/2021:09:13:41 +0800] "GET /xingrg/all/function/internal_message.html?_=1640654019222&CODE_STATE=getMsg HTTP/1.1" 200 27
180.175.103.30 - - [28/Dec/2021:09:13:48 +0800] "GET /xingrg/all/function/internal_message.html?_=1640654028584&CODE_STATE=getMsg HTTP/1.1" 200 27
61.170.234.223 - - [28/Dec/2021:09:13:55 +0800] "GET /xingrg/kc/buy/cgsh_order_operate.html?command=get_materiel&rest_code=00106&code=00101008036&supplier_code=00100007&order_time=2021-12-28 HTTP/1.1" 200 408
124.77.245.186 - - [28/Dec/2021:09:14:01 +0800] "GET /xingrg/all/function/internal_message.html?_=1640654045719&CODE_STATE=getMsg HTTP/1.1" 200 27
101.83.241.229 - - [28/Dec/2021:09:14:06 +0800] "GET /xingrg/all/function/internal_message.html?_=1640654044389&CODE_STATE=getMsg HTTP/1.1" 200 27
101.83.241.229 - - [28/Dec/2021:09:14:07 +0800] "GET /xingrg/check_reg.html?_=1640654044472 HTTP/1.1" 200 22
180.169.147.146 - - [28/Dec/2021:09:14:08 +0800] "GET /xingrg/all/function/internal_message.html?_=1640654050852&CODE_STATE=getMsg HTTP/1.1" 200 27
124.79.247.218 - - [28/Dec/2021:09:14:09 +0800] "GET /xingrg/all/function/internal_message.html?_=1640654172820&CODE_STATE=getMsg HTTP/1.1" 200 27
61.165.255.114 - - [28/Dec/2021:09:14:09 +0800] "GET /xingrg/all/function/internal_message.html?_=1640654048517&CODE_STATE=getMsg HTTP/1.1" 200 27
61.170.234.223 - - [28/Dec/2021:09:14:12 +0800] "GET /xingrg/all/function/internal_message.html?_=1640654051896&CODE_STATE=getMsg HTTP/1.1" 200 27
114.85.125.222 - - [28/Dec/2021:09:14:18 +0800] "POST /xingrg/kc/buy/cgsh_order_operate.html HTTP/1.1" 200 37
116.227.210.113 - - [28/Dec/2021:09:14:18 +0800] "GET /xingrg/all/function/internal_message.html?_=1640654056561&CODE_STATE=getMsg HTTP/1.1" 200 27
114.85.125.222 - - [28/Dec/2021:09:14:20 +0800] "GET /xingrg/all/function/internal_message.html?_=1640654004170&CODE_STATE=getMsg HTTP/1.1" 200 27
114.85.125.222 - - [28/Dec/2021:09:14:22 +0800] "POST /xingrg/kc/buy/cgsh_order_operate.html HTTP/1.1" 200 12
114.85.125.222 - - [28/Dec/2021:09:14:23 +0800] "GET /xingrg/kc/buy/cgsh_order_info.html?code=212021122811920 HTTP/1.1" 200 60106
114.85.125.222 - - [28/Dec/2021:09:14:23 +0800] "GET /xingrg/javascript/easyui/themes/default/validatebox.css HTTP/1.1" 404 1104
180.169.147.146 - - [28/Dec/2021:09:14:24 +0800] "GET /xingrg/check_reg.html?_=1640654063305 HTTP/1.1" 200 22
114.85.125.222 - - [28/Dec/2021:09:14:24 +0800] "POST /xingrg/kc/buy/cgsh_order_operate.html HTTP/1.1" 200 9554
114.85.125.222 - - [28/Dec/2021:09:14:25 +0800] "GET /xingrg/kc/print/load_data.html?order_code=212021122811920&kc_code=cgsh&condition= HTTP/1.1" 200 4122
61.170.234.223 - - [28/Dec/2021:09:14:27 +0800] "GET /xingrg/kc/buy/cgsh_order_operate.html?command=get_materiel&rest_code=00106&code=00101008323&supplier_code=00100007&order_time=2021-12-28 HTTP/1.1" 200 408
180.169.147.146 - - [28/Dec/2021:09:14:36 +0800] "GET /xingrg/all/function/internal_message.html?_=1640654075803&CODE_STATE=getMsg HTTP/1.1" 200 27
180.169.147.146 - - [28/Dec/2021:09:14:38 +0800] "GET /xingrg/all/function/internal_message.html?_=1640654079340&CODE_STATE=getMsg HTTP/1.1" 200 27
101.83.241.229 - - [28/Dec/2021:09:14:38 +0800] "GET /xingrg/kc/buy/cgsh_order_operate.html?command=get_materiel&rest_code=00149&code=00101010323&supplier_code=00100214&order_time=2021-12-28 HTTP/1.1" 200 422
172.20.0.100 - - [28/Dec/2021:09:14:41 +0800] "GET /xingrg/all/function/internal_message.html?_=1640654079208&CODE_STATE=getMsg HTTP/1.1" 200 27
114.85.125.222 - - [28/Dec/2021:09:14:43 +0800] "GET /xingrg/javascript/jquery_easy_ui/themes/icons/ok.png HTTP/1.1" 200 883
114.85.125.222 - - [28/Dec/2021:09:14:43 +0800] "GET /xingrg/javascript/jquery_easy_ui/themes/default/images/panel_tools.gif HTTP/1.1" 200 737
114.85.125.222 - - [28/Dec/2021:09:14:43 +0800] "GET /xingrg/javascript/jquery_easy_ui/themes/default/images/panel_title.png HTTP/1.1" 200 266
114.85.125.222 - - [28/Dec/2021:09:14:45 +0800] "POST /xingrg/all/user/operate.html HTTP/1.1" 200 36
114.85.125.222 - - [28/Dec/2021:09:14:47 +0800] "GET /xingrg/javascript/jquery_easy_ui/themes/default/easyui.css HTTP/1.1" 304 -
114.85.125.222 - - [28/Dec/2021:09:14:47 +0800] "GET /xingrg/javascript/jquery_easy_ui/themes/icon.css HTTP/1.1" 304 -
114.85.125.222 - - [28/Dec/2021:09:14:47 +0800] "GET /xingrg/index.html?sysBaseUrl=http%3A%2F%2F180.169.147.146%3A18081%2Fxingrg%2F&costTime=36×tamp=1640605380475 HTTP/1.1" 200 17177
114.85.125.222 - - [28/Dec/2021:09:14:47 +0800] "GET /xingrg/css/form.css HTTP/1.1" 200 893
114.85.125.222 - - [28/Dec/2021:09:14:47 +0800] "GET /xingrg/javascript/jquery-1.4.2.min.js HTTP/1.1" 304 -
114.85.125.222 - - [28/Dec/2021:09:14:47 +0800] "GET /xingrg/javascript/jquery_easy_ui/jquery.easyui.min.js HTTP/1.1" 304 -
114.85.125.222 - - [28/Dec/2021:09:14:47 +0800] "GET /xingrg/javascript/jquery_easy_ui/easyui-lang-zh_CN.js HTTP/1.1" 304 -
114.85.125.222 - - [28/Dec/2021:09:14:47 +0800] "GET /xingrg/javascript/jquery.form.js HTTP/1.1" 200 23110
114.85.125.222 - - [28/Dec/2021:09:14:47 +0800] "GET /xingrg/javascript/jquery.utils.js HTTP/1.1" 304 -
114.85.125.222 - - [28/Dec/2021:09:14:47 +0800] "GET /xingrg/javascript/jquery.timers.js HTTP/1.1" 200 3532
114.85.125.222 - - [28/Dec/2021:09:14:47 +0800] "GET /xingrg/images/blue/jxLogo.png HTTP/1.1" 200 6156
114.85.125.222 - - [28/Dec/2021:09:14:47 +0800] "GET /xingrg/javascript/jquery_easy_ui/themes/icons/settle_new.png HTTP/1.1" 200 826
114.85.125.222 - - [28/Dec/2021:09:14:47 +0800] "GET /xingrg/images/blue/navBackgound.jpg HTTP/1.1" 200 12378
114.85.125.222 - - [28/Dec/2021:09:14:47 +0800] "POST /xingrg/all/common/load_tree.html?tree=area_rest_tree_json&manage=1 HTTP/1.1" 200 476
114.85.125.222 - - [28/Dec/2021:09:14:47 +0800] "GET /xingrg/images/blue/pingpu.png HTTP/1.1" 200 231
114.85.125.222 - - [28/Dec/2021:09:14:47 +0800] "GET /xingrg/javascript/jquery_easy_ui/themes/default/images/tabs_leftarrow.png HTTP/1.1" 200 389
114.85.125.222 - - [28/Dec/2021:09:14:47 +0800] "GET /xingrg/javascript/jquery_easy_ui/themes/default/images/tabs_rightarrow.png HTTP/1.1" 200 395
114.85.125.222 - - [28/Dec/2021:09:14:47 +0800] "GET /xingrg/javascript/jquery_easy_ui/themes/default/images/panel_tool_collapse.gif HTTP/1.1" 200 246
114.85.125.222 - - [28/Dec/2021:09:14:47 +0800] "GET /xingrg/all/function/internal_message.html?_=1640654030530&CODE_STATE=count HTTP/1.1" 200 11
114.85.125.222 - - [28/Dec/2021:09:14:47 +0800] "GET /xingrg/check_reg.html?_=1640654030531 HTTP/1.1" 200 22
114.85.125.222 - - [28/Dec/2021:09:14:47 +0800] "POST /xingrg/load_menu.html HTTP/1.1" 200 5138
114.85.125.222 - - [28/Dec/2021:09:14:47 +0800] "GET /xingrg/javascript/jquery_easy_ui/themes/icons/search_new.png HTTP/1.1" 200 586
114.85.125.222 - - [28/Dec/2021:09:14:47 +0800] "GET /xingrg/javascript/jquery_easy_ui/themes/icons/storage_new.png HTTP/1.1" 200 853
114.85.125.222 - - [28/Dec/2021:09:14:47 +0800] "GET /xingrg/javascript/jquery_easy_ui/themes/icons/forms_new.png HTTP/1.1" 200 350
101.83.241.229 - - [28/Dec/2021:09:14:47 +0800] "POST /xingrg/kc/buy/cgsh_order_operate.html HTTP/1.1" 200 37
180.175.103.30 - - [28/Dec/2021:09:14:48 +0800] "GET /xingrg/all/function/internal_message.html?_=1640654088479&CODE_STATE=getMsg HTTP/1.1" 200 27
114.85.125.222 - - [28/Dec/2021:09:14:50 +0800] "GET /xingrg/javascript/jquery_easy_ui/themes/default/images/tabs_close.gif HTTP/1.1" 200 829
114.85.125.222 - - [28/Dec/2021:09:14:50 +0800] "GET /xingrg/kc/buy/cgsh_order_list.html HTTP/1.1" 200 49543
114.85.125.222 - - [28/Dec/2021:09:14:50 +0800] "GET /xingrg/images/control/ajaxLoader.gif HTTP/1.1" 200 4659
114.85.125.222 - - [28/Dec/2021:09:14:51 +0800] "POST /xingrg/kc/buy/cgsh_list_operate.html HTTP/1.1" 200 876
114.85.125.222 - - [28/Dec/2021:09:14:52 +0800] "GET /xingrg/kc/buy/cgsh_order_add.html HTTP/1.1" 200 64924
114.85.125.222 - - [28/Dec/2021:09:14:53 +0800] "POST /xingrg/kc/buy/cgsh_order_operate.html HTTP/1.1" 200 8245
114.85.125.222 - - [28/Dec/2021:09:14:53 +0800] "GET /xingrg/all/common/auto_word.html?type=employee&rest_code=00151 HTTP/1.1" 200 293
114.85.125.222 - - [28/Dec/2021:09:14:53 +0800] "GET /xingrg/all/common/auto_word.html?type=employee&rest_code=00151 HTTP/1.1" 200 293
114.85.125.222 - - [28/Dec/2021:09:14:53 +0800] "GET /xingrg/javascript/easyui/themes/default/validatebox.css HTTP/1.1" 404 1104
114.85.125.222 - - [28/Dec/2021:09:14:54 +0800] "GET /xingrg/javascript/auto/indicator.gif HTTP/1.1" 404 1066
101.83.241.229 - - [28/Dec/2021:09:14:57 +0800] "POST /xingrg/kc/buy/cgsh_order_operate.html HTTP/1.1" 200 12
124.77.245.186 - - [28/Dec/2021:09:15:01 +0800] "GET /xingrg/all/function/internal_message.html?_=1640654105732&CODE_STATE=getMsg HTTP/1.1" 200 27
101.83.241.229 - - [28/Dec/2021:09:15:01 +0800] "GET /xingrg/kc/buy/cgsh_order_info.html?code=212021122811921 HTTP/1.1" 200 60274
114.85.125.222 - - [28/Dec/2021:09:15:01 +0800] "GET /xingrg/kc/buy/cgsh_order_operate.html?command=get_materiel&rest_code=00151&code=00101011005&supplier_code=00100047&order_time=2021-12-28 HTTP/1.1" 200 428
101.83.241.229 - - [28/Dec/2021:09:15:02 +0800] "GET /xingrg/javascript/easyui/themes/default/validatebox.css HTTP/1.1" 404 1104
101.83.241.229 - - [28/Dec/2021:09:15:02 +0800] "POST /xingrg/kc/buy/cgsh_order_operate.html HTTP/1.1" 200 623
101.83.241.229 - - [28/Dec/2021:09:15:03 +0800] "GET /xingrg/kc/print/load_data.html?order_code=212021122811921&kc_code=cgsh&condition= HTTP/1.1" 200 720
101.83.241.229 - - [28/Dec/2021:09:15:06 +0800] "GET /xingrg/all/function/internal_message.html?_=1640654104375&CODE_STATE=getMsg HTTP/1.1" 200 27
180.169.147.146 - - [28/Dec/2021:09:15:08 +0800] "GET /xingrg/all/function/internal_message.html?_=1640654110853&CODE_STATE=getMsg HTTP/1.1" 200 27
101.83.241.229 - - [28/Dec/2021:09:15:09 +0800] "GET /xingrg/kc/buy/cgsh_order_add.html HTTP/1.1" 200 65361
124.79.247.218 - - [28/Dec/2021:09:15:09 +0800] "GET /xingrg/all/function/internal_message.html?_=1640654232818&CODE_STATE=getMsg HTTP/1.1" 200 27
101.83.241.229 - - [28/Dec/2021:09:15:09 +0800] "POST /xingrg/kc/buy/cgsh_order_operate.html HTTP/1.1" 200 8245
101.83.241.229 - - [28/Dec/2021:09:15:09 +0800] "GET /xingrg/javascript/easyui/themes/default/validatebox.css HTTP/1.1" 404 1104
61.165.255.114 - - [28/Dec/2021:09:15:09 +0800] "GET /xingrg/all/function/internal_message.html?_=1640654108556&CODE_STATE=getMsg HTTP/1.1" 200 27
114.85.125.222 - - [28/Dec/2021:09:15:11 +0800] "GET /xingrg/kc/buy/cgsh_order_operate.html?command=get_materiel&rest_code=00151&code=00101011001&supplier_code=00100047&order_time=2021-12-28 HTTP/1.1" 200 423
61.170.234.223 - - [28/Dec/2021:09:15:12 +0800] "GET /xingrg/kc/buy/cgsh_order_operate.html?command=get_materiel&rest_code=00106&code=00101008109&supplier_code=00100007&order_time=2021-12-28 HTTP/1.1" 200 413
61.170.234.223 - - [28/Dec/2021:09:15:12 +0800] "GET /xingrg/all/function/internal_message.html?_=1640654111937&CODE_STATE=getMsg HTTP/1.1" 200 27
61.170.234.223 - - [28/Dec/2021:09:15:14 +0800] "POST /xingrg/kc/buy/cgsh_order_operate.html HTTP/1.1" 200 2065
116.227.210.113 - - [28/Dec/2021:09:15:18 +0800] "GET /xingrg/all/function/internal_message.html?_=1640654116538&CODE_STATE=getMsg HTTP/1.1" 200 27
114.85.125.222 - - [28/Dec/2021:09:15:20 +0800] "POST /xingrg/kc/buy/cgsh_order_operate.html HTTP/1.1" 200 37
61.170.234.223 - - [28/Dec/2021:09:15:24 +0800] "GET /xingrg/kc/buy/cgsh_order_operate.html?command=get_materiel&rest_code=00106&code=00101008114&supplier_code=00100007&order_time=2021-12-28 HTTP/1.1" 200 412
114.85.125.222 - - [28/Dec/2021:09:15:24 +0800] "POST /xingrg/kc/buy/cgsh_order_operate.html HTTP/1.1" 200 12
114.85.125.222 - - [28/Dec/2021:09:15:26 +0800] "GET /xingrg/kc/buy/cgsh_order_info.html?code=212021122811922 HTTP/1.1" 200 59837
114.85.125.222 - - [28/Dec/2021:09:15:26 +0800] "GET /xingrg/javascript/easyui/themes/default/validatebox.css HTTP/1.1" 404 1104
114.85.125.222 - - [28/Dec/2021:09:15:27 +0800] "POST /xingrg/kc/buy/cgsh_order_operate.html HTTP/1.1" 200 1222
114.85.125.222 - - [28/Dec/2021:09:15:28 +0800] "GET /xingrg/kc/print/load_data.html?order_code=212021122811922&kc_code=cgsh&condition= HTTP/1.1" 200 1029
114.85.125.222 - - [28/Dec/2021:09:15:36 +0800] "GET /xingrg/kc/buy/cgsh_order_add.html HTTP/1.1" 200 64924
114.85.125.222 - - [28/Dec/2021:09:15:36 +0800] "POST /xingrg/kc/buy/cgsh_order_operate.html HTTP/1.1" 200 8245
114.85.125.222 - - [28/Dec/2021:09:15:36 +0800] "GET /xingrg/javascript/easyui/themes/default/validatebox.css HTTP/1.1" 404 1104
180.169.147.146 - - [28/Dec/2021:09:15:36 +0800] "GET /xingrg/all/function/internal_message.html?_=1640654135806&CODE_STATE=getMsg HTTP/1.1" 200 27
180.169.147.146 - - [28/Dec/2021:09:15:38 +0800] "GET /xingrg/all/function/internal_message.html?_=1640654139340&CODE_STATE=getMsg HTTP/1.1" 200 27
180.169.147.146 - - [28/Dec/2021:09:15:38 +0800] "GET /xingrg/check_reg.html?_=1640654139343 HTTP/1.1" 200 22
61.170.234.223 - - [28/Dec/2021:09:15:40 +0800] "GET /xingrg/kc/buy/cgsh_order_operate.html?command=get_materiel&rest_code=00106&code=00101008125&supplier_code=00100007&order_time=2021-12-28 HTTP/1.1" 200 413
172.20.0.100 - - [28/Dec/2021:09:15:41 +0800] "GET /xingrg/all/function/internal_message.html?_=1640654139210&CODE_STATE=getMsg HTTP/1.1" 200 27
114.85.125.222 - - [28/Dec/2021:09:15:46 +0800] "GET /xingrg/kc/buy/cgsh_order_operate.html?command=get_materiel&rest_code=00151&code=00101008083&supplier_code=00100096&order_time=2021-12-28 HTTP/1.1" 200 427
114.85.125.222 - - [28/Dec/2021:09:15:47 +0800] "GET /xingrg/all/function/internal_message.html?_=1640654090531&CODE_STATE=getMsg HTTP/1.1" 200 27
114.85.125.222 - - [28/Dec/2021:09:15:47 +0800] "POST /xingrg/all/common/load_select.html HTTP/1.1" 200 25
180.175.103.30 - - [28/Dec/2021:09:15:48 +0800] "GET /xingrg/all/function/internal_message.html?_=1640654148447&CODE_STATE=getMsg HTTP/1.1" 200 27
61.170.234.223 - - [28/Dec/2021:09:15:51 +0800] "GET /xingrg/kc/buy/cgsh_order_operate.html?command=get_materiel&rest_code=00106&code=00101008041&supplier_code=00100007&order_time=2021-12-28 HTTP/1.1" 200 408
114.85.125.222 - - [28/Dec/2021:09:15:51 +0800] "GET /xingrg/kc/buy/cgsh_order_operate.html?command=get_materiel_price&rest_code=00151&code=00101008083&unit_code=00100026&supplier_code=00100096&order_time=2021-12-28 HTTP/1.1" 200 27
124.77.245.186 - - [28/Dec/2021:09:16:01 +0800] "GET /xingrg/all/function/internal_message.html?_=1640654165929&CODE_STATE=getMsg HTTP/1.1" 200 27
124.77.245.186 - - [28/Dec/2021:09:16:05 +0800] "GET /xingrg/check_reg.html?_=1640654170660 HTTP/1.1" 200 22
101.83.241.229 - - [28/Dec/2021:09:16:06 +0800] "GET /xingrg/all/function/internal_message.html?_=1640654164353&CODE_STATE=getMsg HTTP/1.1" 200 27
114.85.125.222 - - [28/Dec/2021:09:16:07 +0800] "GET /xingrg/kc/buy/cgsh_order_operate.html?command=get_materiel&rest_code=00151&code=00101008084&supplier_code=00100096&order_time=2021-12-28 HTTP/1.1" 200 412
180.169.147.146 - - [28/Dec/2021:09:16:08 +0800] "GET /xingrg/check_reg.html?_=1640654170858 HTTP/1.1" 200 22
180.169.147.146 - - [28/Dec/2021:09:16:08 +0800] "GET /xingrg/all/function/internal_message.html?_=1640654170861&CODE_STATE=getMsg HTTP/1.1" 200 27
124.79.247.218 - - [28/Dec/2021:09:16:09 +0800] "GET /xingrg/all/function/internal_message.html?_=1640654292816&CODE_STATE=getMsg HTTP/1.1" 200 27
124.79.247.218 - - [28/Dec/2021:09:16:09 +0800] "GET /xingrg/check_reg.html?_=1640654292818 HTTP/1.1" 200 22
61.165.255.114 - - [28/Dec/2021:09:16:09 +0800] "GET /xingrg/all/function/internal_message.html?_=1640654168601&CODE_STATE=getMsg HTTP/1.1" 200 27
61.170.234.223 - - [28/Dec/2021:09:16:10 +0800] "GET /xingrg/kc/buy/cgsh_order_operate.html?command=get_materiel&rest_code=00106&code=00101008186&supplier_code=00100007&order_time=2021-12-28 HTTP/1.1" 200 408
61.170.234.223 - - [28/Dec/2021:09:16:12 +0800] "GET /xingrg/all/function/internal_message.html?_=1640654171921&CODE_STATE=getMsg HTTP/1.1" 200 27
114.85.125.222 - - [28/Dec/2021:09:16:17 +0800] "GET /xingrg/kc/buy/cgsh_order_operate.html?command=get_materiel&rest_code=00151&code=00101012059&supplier_code=00100096&order_time=2021-12-28 HTTP/1.1" 200 412
172.20.0.100 - - [28/Dec/2021:09:16:18 +0800] "GET /xingrg/index.html?sysBaseUrl=http%3A%2F%2F172.17.0.8%3A18081%2Fxingrg%2F&costTime=213×tamp=1585200360465 HTTP/1.1" 200 17448
172.20.0.100 - - [28/Dec/2021:09:16:18 +0800] "GET /xingrg/javascript/jquery_easy_ui/themes/default/easyui.css HTTP/1.1" 200 26500
172.20.0.100 - - [28/Dec/2021:09:16:18 +0800] "GET /xingrg/javascript/jquery_easy_ui/themes/icon.css HTTP/1.1" 200 3949
172.20.0.100 - - [28/Dec/2021:09:16:18 +0800] "GET /xingrg/css/form.css HTTP/1.1" 200 893
172.20.0.100 - - [28/Dec/2021:09:16:18 +0800] "GET /xingrg/javascript/jquery-1.4.2.min.js HTTP/1.1" 200 72205
172.20.0.100 - - [28/Dec/2021:09:16:18 +0800] "GET /xingrg/javascript/jquery_easy_ui/jquery.easyui.min.js HTTP/1.1" 200 213662
172.20.0.100 - - [28/Dec/2021:09:16:18 +0800] "GET /xingrg/javascript/jquery_easy_ui/easyui-lang-zh_CN.js HTTP/1.1" 200 1900
172.20.0.100 - - [28/Dec/2021:09:16:18 +0800] "GET /xingrg/javascript/jquery.form.js HTTP/1.1" 200 23110
172.20.0.100 - - [28/Dec/2021:09:16:18 +0800] "GET /xingrg/javascript/jquery.utils.js HTTP/1.1" 200 11805
172.20.0.100 - - [28/Dec/2021:09:16:18 +0800] "GET /xingrg/javascript/jquery.timers.js HTTP/1.1" 200 3532
172.20.0.100 - - [28/Dec/2021:09:16:18 +0800] "GET /xingrg/images/blue/jxLogo.png HTTP/1.1" 200 6156
116.227.210.113 - - [28/Dec/2021:09:16:18 +0800] "GET /xingrg/all/function/internal_message.html?_=1640654176523&CODE_STATE=getMsg HTTP/1.1" 200 27
172.20.0.100 - - [28/Dec/2021:09:16:19 +0800] "GET /xingrg/images/blue/navBackgound.jpg HTTP/1.1" 200 12378
172.20.0.100 - - [28/Dec/2021:09:16:19 +0800] "GET /xingrg/javascript/jquery_easy_ui/themes/icons/settle_new.png HTTP/1.1" 200 826
172.20.0.100 - - [28/Dec/2021:09:16:19 +0800] "POST /xingrg/all/common/load_tree.html?tree=area_rest_tree_json&manage=1 HTTP/1.1" 200 3472
172.20.0.100 - - [28/Dec/2021:09:16:19 +0800] "GET /xingrg/all/function/internal_message.html?_=1640654177546&CODE_STATE=count HTTP/1.1" 200 11
172.20.0.100 - - [28/Dec/2021:09:16:19 +0800] "GET /xingrg/check_reg.html?_=1640654177547 HTTP/1.1" 200 22
172.20.0.100 - - [28/Dec/2021:09:16:19 +0800] "GET /xingrg/images/blue/pingpu.png HTTP/1.1" 200 231
172.20.0.100 - - [28/Dec/2021:09:16:19 +0800] "GET /xingrg/javascript/jquery_easy_ui/themes/default/images/tabs_leftarrow.png HTTP/1.1" 200 389
172.20.0.100 - - [28/Dec/2021:09:16:19 +0800] "GET /xingrg/javascript/jquery_easy_ui/themes/default/images/tabs_rightarrow.png HTTP/1.1" 200 395
172.20.0.100 - - [28/Dec/2021:09:16:19 +0800] "GET /xingrg/javascript/jquery_easy_ui/themes/default/images/panel_tool_expand.gif HTTP/1.1" 200 247
172.20.0.100 - - [28/Dec/2021:09:16:19 +0800] "GET /xingrg/javascript/jquery_easy_ui/themes/default/images/panel_tool_collapse.gif HTTP/1.1" 200 246
172.20.0.100 - - [28/Dec/2021:09:16:19 +0800] "POST /xingrg/load_menu.html HTTP/1.1" 200 11529
172.20.0.100 - - [28/Dec/2021:09:16:19 +0800] "GET /xingrg/javascript/jquery_easy_ui/themes/default/images/tree_arrows.gif HTTP/1.1" 200 1043
172.20.0.100 - - [28/Dec/2021:09:16:19 +0800] "GET /xingrg/javascript/jquery_easy_ui/themes/default/images/tree_folder_open.gif HTTP/1.1" 200 956
172.20.0.100 - - [28/Dec/2021:09:16:19 +0800] "GET /xingrg/javascript/jquery_easy_ui/themes/icons/search_new.png HTTP/1.1" 200 586
172.20.0.100 - - [28/Dec/2021:09:16:19 +0800] "GET /xingrg/javascript/jquery_easy_ui/themes/icons/delivery_new.png HTTP/1.1" 200 700
172.20.0.100 - - [28/Dec/2021:09:16:19 +0800] "GET /xingrg/javascript/jquery_easy_ui/themes/icons/storage_new.png HTTP/1.1" 200 853
172.20.0.100 - - [28/Dec/2021:09:16:19 +0800] "GET /xingrg/javascript/jquery_easy_ui/themes/icons/checkout_new.png HTTP/1.1" 200 744
172.20.0.100 - - [28/Dec/2021:09:16:19 +0800] "GET /xingrg/javascript/jquery_easy_ui/themes/icons/forms_new.png HTTP/1.1" 200 350
172.20.0.100 - - [28/Dec/2021:09:16:19 +0800] "GET /xingrg/javascript/jquery_easy_ui/themes/icons/setting_new.png HTTP/1.1" 200 450
172.20.0.100 - - [28/Dec/2021:09:16:19 +0800] "GET /xingrg/javascript/jquery_easy_ui/themes/icons/systemset_new.png HTTP/1.1" 200 606
172.20.0.100 - - [28/Dec/2021:09:16:19 +0800] "GET /xingrg/javascript/jquery_easy_ui/themes/default/images/tree_file.gif HTTP/1.1" 200 118
172.20.0.100 - - [28/Dec/2021:09:16:19 +0800] "GET /xingrg/javascript/jquery_easy_ui/themes/default/images/tree_folder.gif HTTP/1.1" 200 952
172.20.0.100 - - [28/Dec/2021:09:16:19 +0800] "GET /favicon.ico HTTP/1.1" 404 -
114.85.125.222 - - [28/Dec/2021:09:16:25 +0800] "GET /xingrg/kc/buy/cgsh_order_operate.html?command=get_materiel&rest_code=00151&code=00101012025&supplier_code=00100096&order_time=2021-12-28 HTTP/1.1" 200 412
61.170.234.223 - - [28/Dec/2021:09:16:28 +0800] "GET /xingrg/kc/buy/cgsh_order_operate.html?command=get_materiel&rest_code=00106&code=00101008355&supplier_code=00100007&order_time=2021-12-28 HTTP/1.1" 200 408
61.170.234.223 - - [28/Dec/2021:09:16:31 +0800] "POST /xingrg/kc/buy/cgsh_order_operate.html HTTP/1.1" 200 2065
116.227.210.113 - - [28/Dec/2021:09:16:33 +0800] "POST /xingrg/services/DataTransmitService HTTP/1.1" 200 524
180.169.147.146 - - [28/Dec/2021:09:16:36 +0800] "GET /xingrg/all/function/internal_message.html?_=1640654195797&CODE_STATE=getMsg HTTP/1.1" 200 27
180.169.147.146 - - [28/Dec/2021:09:16:38 +0800] "GET /xingrg/all/function/internal_message.html?_=1640654199342&CODE_STATE=getMsg HTTP/1.1" 200 27
172.20.0.100 - - [28/Dec/2021:09:16:41 +0800] "GET /xingrg/all/function/internal_message.html?_=1640654199218&CODE_STATE=getMsg HTTP/1.1" 200 27
114.85.125.222 - - [28/Dec/2021:09:16:42 +0800] "GET /xingrg/kc/buy/cgsh_order_operate.html?command=get_materiel&rest_code=00151&code=00101001075&supplier_code=00100096&order_time=2021-12-28 HTTP/1.1" 200 411
114.85.125.222 - - [28/Dec/2021:09:16:47 +0800] "GET /xingrg/all/function/internal_message.html?_=1640654150559&CODE_STATE=getMsg HTTP/1.1" 200 27
180.175.103.30 - - [28/Dec/2021:09:16:48 +0800] "GET /xingrg/all/function/internal_message.html?_=1640654208427&CODE_STATE=getMsg HTTP/1.1" 200 27
180.175.103.30 - - [28/Dec/2021:09:16:51 +0800] "POST /xingrg/kc/buy/cgsh_order_operate.html HTTP/1.1" 200 2065
180.175.103.30 - - [28/Dec/2021:09:16:52 +0800] "POST /xingrg/kc/buy/cgsh_order_operate.html HTTP/1.1" 200 2065
114.85.125.222 - - [28/Dec/2021:09:16:54 +0800] "GET /xingrg/kc/buy/cgsh_order_operate.html?command=get_materiel&rest_code=00151&code=00101006168&supplier_code=00100096&order_time=2021-12-28 HTTP/1.1" 200 421
180.175.103.30 - - [28/Dec/2021:09:16:54 +0800] "POST /xingrg/kc/buy/cgsh_order_operate.html HTTP/1.1" 200 2065
124.79.247.218 - - [28/Dec/2021:09:16:57 +0800] "GET /xingrg/check_reg.html?_=1640654243372 HTTP/1.1" 302 -
124.79.247.218 - - [28/Dec/2021:09:16:57 +0800] "GET /xingrg/login.html HTTP/1.1" 200 7641
183.136.225.14 - - [28/Dec/2021:09:17:01 +0800] "GET / HTTP/1.1" 404 -
124.77.245.186 - - [28/Dec/2021:09:17:01 +0800] "GET /xingrg/all/function/internal_message.html?_=1640654225931&CODE_STATE=getMsg HTTP/1.1" 200 27
124.79.247.218 - - [28/Dec/2021:09:17:06 +0800] "GET /xingrg/check_reg.html?_=1640654252676 HTTP/1.1" 302 -
124.79.247.218 - - [28/Dec/2021:09:17:06 +0800] "GET /xingrg/login.html HTTP/1.1" 200 7641
101.83.241.229 - - [28/Dec/2021:09:17:06 +0800] "GET /xingrg/all/function/internal_message.html?_=1640654224325&CODE_STATE=getMsg HTTP/1.1" 200 27
180.175.103.30 - - [28/Dec/2021:09:17:07 +0800] "GET /xingrg/kc/buy/cgsh_order_operate.html?command=get_materiel&rest_code=00105&code=00101008488&supplier_code=00100203&order_time=2021-12-28 HTTP/1.1" 200 406
114.85.125.222 - - [28/Dec/2021:09:17:07 +0800] "GET /xingrg/kc/buy/cgsh_order_operate.html?command=get_materiel&rest_code=00151&code=00101006109&supplier_code=00100096&order_time=2021-12-28 HTTP/1.1" 200 409
61.170.234.223 - - [28/Dec/2021:09:17:08 +0800] "GET /xingrg/kc/buy/cgsh_order_operate.html?command=get_materiel&rest_code=00106&code=00101008354&supplier_code=00100007&order_time=2021-12-28 HTTP/1.1" 200 412
180.169.147.146 - - [28/Dec/2021:09:17:08 +0800] "GET /xingrg/all/function/internal_message.html?_=1640654230847&CODE_STATE=getMsg HTTP/1.1" 200 27
124.79.247.218 - - [28/Dec/2021:09:17:09 +0800] "GET /xingrg/all/function/internal_message.html?_=1640654352815&CODE_STATE=getMsg HTTP/1.1" 200 27
61.165.255.114 - - [28/Dec/2021:09:17:09 +0800] "GET /xingrg/check_reg.html?_=1640654228658 HTTP/1.1" 200 22
61.165.255.114 - - [28/Dec/2021:09:17:09 +0800] "GET /xingrg/all/function/internal_message.html?_=1640654228662&CODE_STATE=getMsg HTTP/1.1" 200 27
61.170.234.223 - - [28/Dec/2021:09:17:12 +0800] "GET /xingrg/all/function/internal_message.html?_=1640654231896&CODE_STATE=getMsg HTTP/1.1" 200 27
180.175.103.30 - - [28/Dec/2021:09:17:15 +0800] "GET /xingrg/kc/buy/cgsh_order_operate.html?command=get_materiel&rest_code=00105&code=00101008297&supplier_code=00100203&order_time=2021-12-28 HTTP/1.1" 200 412
116.227.210.113 - - [28/Dec/2021:09:17:15 +0800] "GET /xingrg/check_reg.html?_=1640654233665 HTTP/1.1" 200 22
114.85.125.222 - - [28/Dec/2021:09:17:17 +0800] "GET /xingrg/kc/buy/cgsh_order_operate.html?command=get_materiel&rest_code=00151&code=00101006112&supplier_code=00100096&order_time=2021-12-28 HTTP/1.1" 200 409
116.227.210.113 - - [28/Dec/2021:09:17:18 +0800] "GET /xingrg/all/function/internal_message.html?_=1640654236513&CODE_STATE=getMsg HTTP/1.1" 200 27
61.170.234.223 - - [28/Dec/2021:09:17:28 +0800] "POST /xingrg/kc/buy/cgsh_order_operate.html HTTP/1.1" 200 37
114.85.125.222 - - [28/Dec/2021:09:17:29 +0800] "GET /xingrg/kc/buy/cgsh_order_operate.html?command=get_materiel&rest_code=00151&code=00101006084&supplier_code=00100096&order_time=2021-12-28 HTTP/1.1" 200 413
61.170.234.223 - - [28/Dec/2021:09:17:29 +0800] "POST /xingrg/kc/buy/cgsh_order_operate.html HTTP/1.1" 200 16831
180.175.103.30 - - [28/Dec/2021:09:17:30 +0800] "GET /xingrg/kc/buy/cgsh_order_operate.html?command=get_materiel&rest_code=00105&code=00101008276&supplier_code=00100203&order_time=2021-12-28 HTTP/1.1" 200 412
180.169.147.146 - - [28/Dec/2021:09:17:36 +0800] "GET /xingrg/all/function/internal_message.html?_=1640654255799&CODE_STATE=getMsg HTTP/1.1" 200 27
180.169.147.146 - - [28/Dec/2021:09:17:38 +0800] "GET /xingrg/all/function/internal_message.html?_=1640654259347&CODE_STATE=getMsg HTTP/1.1" 200 27
180.175.103.30 - - [28/Dec/2021:09:17:39 +0800] "GET /xingrg/kc/buy/cgsh_order_operate.html?command=get_materiel&rest_code=00105&code=00101008103&supplier_code=00100203&order_time=2021-12-28 HTTP/1.1" 200 417
172.20.0.100 - - [28/Dec/2021:09:17:41 +0800] "GET /xingrg/all/function/internal_message.html?_=1640654259222&CODE_STATE=getMsg HTTP/1.1" 200 27
172.20.0.100 - - [28/Dec/2021:09:17:41 +0800] "GET /xingrg/check_reg.html?_=1640654259224 HTTP/1.1" 200 22
61.170.234.223 - - [28/Dec/2021:09:17:47 +0800] "GET /xingrg/kc/buy/cgsh_order_operate.html?command=get_materiel&rest_code=00106&code=00101008110&supplier_code=00100007&order_time=2021-12-28 HTTP/1.1" 200 408
114.85.125.222 - - [28/Dec/2021:09:17:47 +0800] "GET /xingrg/all/function/internal_message.html?_=1640654210559&CODE_STATE=getMsg HTTP/1.1" 200 27
180.175.103.30 - - [28/Dec/2021:09:17:48 +0800] "GET /xingrg/check_reg.html?_=1640654268385 HTTP/1.1" 200 22
180.175.103.30 - - [28/Dec/2021:09:17:48 +0800] "GET /xingrg/all/function/internal_message.html?_=1640654268404&CODE_STATE=getMsg HTTP/1.1" 200 27
180.175.103.30 - - [28/Dec/2021:09:17:51 +0800] "GET /xingrg/kc/buy/cgsh_order_operate.html?command=get_materiel&rest_code=00105&code=00101008305&supplier_code=00100203&order_time=2021-12-28 HTTP/1.1" 200 412
114.85.125.222 - - [28/Dec/2021:09:17:54 +0800] "GET /xingrg/kc/buy/cgsh_order_operate.html?command=get_materiel&rest_code=00151&code=00101007061&supplier_code=00100096&order_time=2021-12-28 HTTP/1.1" 200 411
124.77.245.186 - - [28/Dec/2021:09:18:01 +0800] "GET /xingrg/all/function/internal_message.html?_=1640654285946&CODE_STATE=getMsg HTTP/1.1" 200 27
61.165.255.114 - - [28/Dec/2021:09:18:01 +0800] "POST /xingrg/kc/buy/cgsh_order_operate.html HTTP/1.1" 200 2065
61.170.234.223 - - [28/Dec/2021:09:18:02 +0800] "GET /xingrg/kc/buy/cgsh_order_operate.html?command=get_materiel&rest_code=00106&code=00101008163&supplier_code=00100007&order_time=2021-12-28 HTTP/1.1" 200 409
101.83.241.229 - - [28/Dec/2021:09:18:06 +0800] "GET /xingrg/all/function/internal_message.html?_=1640654284326&CODE_STATE=getMsg HTTP/1.1" 200 27
183.136.225.14 - - [28/Dec/2021:09:18:08 +0800] "GET / HTTP/1.1" 404 -
183.136.225.14 - - [28/Dec/2021:09:18:08 +0800] "GET /favicon.ico HTTP/1.1" 404 -
183.136.225.14 - - [28/Dec/2021:09:18:08 +0800] "GET /robots.txt HTTP/1.1" 404 -
180.169.147.146 - - [28/Dec/2021:09:18:08 +0800] "GET /xingrg/all/function/internal_message.html?_=1640654290849&CODE_STATE=getMsg HTTP/1.1" 200 27
124.79.247.218 - - [28/Dec/2021:09:18:09 +0800] "GET /xingrg/all/function/internal_message.html?_=1640654412813&CODE_STATE=getMsg HTTP/1.1" 200 27
61.165.255.114 - - [28/Dec/2021:09:18:09 +0800] "GET /xingrg/all/function/internal_message.html?_=1640654288690&CODE_STATE=getMsg HTTP/1.1" 200 27
61.170.234.223 - - [28/Dec/2021:09:18:12 +0800] "GET /xingrg/check_reg.html?_=1640654291907 HTTP/1.1" 200 22
61.170.234.223 - - [28/Dec/2021:09:18:12 +0800] "GET /xingrg/all/function/internal_message.html?_=1640654291911&CODE_STATE=getMsg HTTP/1.1" 200 27
61.165.255.114 - - [28/Dec/2021:09:18:13 +0800] "GET /xingrg/kc/buy/cgsh_order_operate.html?command=get_materiel&rest_code=00150&code=00101008100&supplier_code=00100007&order_time=2021-12-28 HTTP/1.1" 200 408
114.85.125.222 - - [28/Dec/2021:09:18:16 +0800] "POST /xingrg/kc/buy/cgsh_order_operate.html HTTP/1.1" 200 37
180.175.103.30 - - [28/Dec/2021:09:18:16 +0800] "GET /xingrg/kc/buy/cgsh_order_operate.html?command=get_materiel&rest_code=00105&code=00101008357&supplier_code=00100203&order_time=2021-12-28 HTTP/1.1" 200 408
61.170.234.223 - - [28/Dec/2021:09:18:17 +0800] "GET /xingrg/kc/buy/cgsh_order_operate.html?command=get_materiel&rest_code=00106&code=00101008141&supplier_code=00100007&order_time=2021-12-28 HTTP/1.1" 200 412
116.227.210.113 - - [28/Dec/2021:09:18:18 +0800] "GET /xingrg/all/function/internal_message.html?_=1640654296490&CODE_STATE=getMsg HTTP/1.1" 200 27
61.165.255.114 - - [28/Dec/2021:09:18:20 +0800] "GET /xingrg/kc/buy/cgsh_order_operate.html?command=get_materiel&rest_code=00150&code=00101008114&supplier_code=00100007&order_time=2021-12-28 HTTP/1.1" 200 412
114.85.125.222 - - [28/Dec/2021:09:18:22 +0800] "POST /xingrg/kc/buy/cgsh_order_operate.html HTTP/1.1" 200 12
114.85.125.222 - - [28/Dec/2021:09:18:23 +0800] "GET /xingrg/kc/buy/cgsh_order_info.html?code=212021122811924 HTTP/1.1" 200 59827
114.85.125.222 - - [28/Dec/2021:09:18:24 +0800] "GET /xingrg/javascript/easyui/themes/default/validatebox.css HTTP/1.1" 404 1104
114.85.125.222 - - [28/Dec/2021:09:18:24 +0800] "POST /xingrg/kc/buy/cgsh_order_operate.html HTTP/1.1" 200 6019
61.165.255.114 - - [28/Dec/2021:09:18:30 +0800] "GET /xingrg/kc/buy/cgsh_order_operate.html?command=get_materiel&rest_code=00150&code=00101008061&supplier_code=00100007&order_time=2021-12-28 HTTP/1.1" 200 422
101.83.241.229 - - [28/Dec/2021:09:18:33 +0800] "GET /xingrg/kc/buy/cgsh_order_operate.html?command=get_materiel&rest_code=00149&code=00101007082&supplier_code=00100205&order_time=2021-12-28 HTTP/1.1" 200 429
61.170.234.223 - - [28/Dec/2021:09:18:34 +0800] "POST /xingrg/kc/buy/cgsh_order_operate.html HTTP/1.1" 200 2065
114.85.125.222 - - [28/Dec/2021:09:18:35 +0800] "GET /xingrg/kc/print/load_data.html?order_code=212021122811924&kc_code=cgsh&condition= HTTP/1.1" 200 2821
180.169.147.146 - - [28/Dec/2021:09:18:36 +0800] "GET /xingrg/all/function/internal_message.html?_=1640654315803&CODE_STATE=getMsg HTTP/1.1" 200 27
180.169.147.146 - - [28/Dec/2021:09:18:36 +0800] "GET /xingrg/check_reg.html?_=1640654315806 HTTP/1.1" 200 22
180.175.103.30 - - [28/Dec/2021:09:18:37 +0800] "GET /xingrg/kc/buy/cgsh_order_operate.html?command=get_materiel&rest_code=00105&code=00101008098&supplier_code=00100203&order_time=2021-12-28 HTTP/1.1" 200 412
180.169.147.146 - - [28/Dec/2021:09:18:38 +0800] "GET /xingrg/all/function/internal_message.html?_=1640654319347&CODE_STATE=getMsg HTTP/1.1" 200 27
172.20.0.100 - - [28/Dec/2021:09:18:41 +0800] "GET /xingrg/all/function/internal_message.html?_=1640654319221&CODE_STATE=getMsg HTTP/1.1" 200 27
61.170.234.223 - - [28/Dec/2021:09:18:46 +0800] "GET /xingrg/kc/buy/cgsh_order_operate.html?command=get_materiel&rest_code=00106&code=00101008360&supplier_code=00100007&order_time=2021-12-28 HTTP/1.1" 200 413
114.85.125.222 - - [28/Dec/2021:09:18:47 +0800] "GET /xingrg/all/function/internal_message.html?_=1640654270573&CODE_STATE=getMsg HTTP/1.1" 200 27
180.175.103.30 - - [28/Dec/2021:09:18:48 +0800] "GET /xingrg/all/function/internal_message.html?_=1640654328395&CODE_STATE=getMsg HTTP/1.1" 200 27
114.85.125.222 - - [28/Dec/2021:09:18:49 +0800] "POST /xingrg/all/user/operate.html HTTP/1.1" 200 36
180.175.103.30 - - [28/Dec/2021:09:18:49 +0800] "GET /xingrg/kc/buy/cgsh_order_operate.html?command=get_materiel&rest_code=00105&code=00101008307&supplier_code=00100203&order_time=2021-12-28 HTTP/1.1" 200 420
114.85.125.222 - - [28/Dec/2021:09:18:50 +0800] "GET /xingrg/javascript/jquery_easy_ui/themes/default/easyui.css HTTP/1.1" 304 -
114.85.125.222 - - [28/Dec/2021:09:18:50 +0800] "GET /xingrg/index.html?sysBaseUrl=http%3A%2F%2F180.169.147.146%3A18081%2Fxingrg%2F&costTime=36×tamp=1640605380475 HTTP/1.1" 200 17179
114.85.125.222 - - [28/Dec/2021:09:18:50 +0800] "GET /xingrg/javascript/jquery_easy_ui/themes/icon.css HTTP/1.1" 304 -
114.85.125.222 - - [28/Dec/2021:09:18:50 +0800] "GET /xingrg/css/form.css HTTP/1.1" 304 -
114.85.125.222 - - [28/Dec/2021:09:18:50 +0800] "GET /xingrg/javascript/jquery-1.4.2.min.js HTTP/1.1" 304 -
114.85.125.222 - - [28/Dec/2021:09:18:50 +0800] "GET /xingrg/javascript/jquery_easy_ui/jquery.easyui.min.js HTTP/1.1" 304 -
114.85.125.222 - - [28/Dec/2021:09:18:50 +0800] "GET /xingrg/javascript/jquery_easy_ui/easyui-lang-zh_CN.js HTTP/1.1" 304 -
114.85.125.222 - - [28/Dec/2021:09:18:50 +0800] "GET /xingrg/javascript/jquery.form.js HTTP/1.1" 304 -
114.85.125.222 - - [28/Dec/2021:09:18:50 +0800] "GET /xingrg/javascript/jquery.utils.js HTTP/1.1" 304 -
114.85.125.222 - - [28/Dec/2021:09:18:50 +0800] "GET /xingrg/javascript/jquery.timers.js HTTP/1.1" 304 -
114.85.125.222 - - [28/Dec/2021:09:18:50 +0800] "GET /xingrg/images/blue/jxLogo.png HTTP/1.1" 304 -
114.85.125.222 - - [28/Dec/2021:09:18:50 +0800] "GET /xingrg/images/blue/navBackgound.jpg HTTP/1.1" 304 -
114.85.125.222 - - [28/Dec/2021:09:18:50 +0800] "GET /xingrg/javascript/jquery_easy_ui/themes/icons/settle_new.png HTTP/1.1" 304 -
114.85.125.222 - - [28/Dec/2021:09:18:50 +0800] "POST /xingrg/all/common/load_tree.html?tree=area_rest_tree_json&manage=1 HTTP/1.1" 200 476
114.85.125.222 - - [28/Dec/2021:09:18:50 +0800] "GET /xingrg/images/blue/pingpu.png HTTP/1.1" 304 -
114.85.125.222 - - [28/Dec/2021:09:18:50 +0800] "GET /xingrg/javascript/jquery_easy_ui/themes/default/images/tabs_leftarrow.png HTTP/1.1" 304 -
114.85.125.222 - - [28/Dec/2021:09:18:50 +0800] "GET /xingrg/javascript/jquery_easy_ui/themes/default/images/tabs_rightarrow.png HTTP/1.1" 304 -
114.85.125.222 - - [28/Dec/2021:09:18:50 +0800] "GET /xingrg/javascript/jquery_easy_ui/themes/default/images/panel_tool_collapse.gif HTTP/1.1" 304 -
114.85.125.222 - - [28/Dec/2021:09:18:50 +0800] "GET /xingrg/all/function/internal_message.html?_=1640654273548&CODE_STATE=count HTTP/1.1" 200 11
114.85.125.222 - - [28/Dec/2021:09:18:50 +0800] "GET /xingrg/check_reg.html?_=1640654273549 HTTP/1.1" 200 22
114.85.125.222 - - [28/Dec/2021:09:18:50 +0800] "POST /xingrg/load_menu.html HTTP/1.1" 200 5138
114.85.125.222 - - [28/Dec/2021:09:18:53 +0800] "GET /xingrg/kc/buy/cgsh_order_list.html HTTP/1.1" 200 49545
101.83.241.229 - - [28/Dec/2021:09:18:55 +0800] "GET /xingrg/kc/buy/cgsh_order_operate.html?command=get_materiel&rest_code=00149&code=00101007048&supplier_code=00100205&order_time=2021-12-28 HTTP/1.1" 200 410
114.85.125.222 - - [28/Dec/2021:09:18:55 +0800] "POST /xingrg/kc/buy/cgsh_list_operate.html HTTP/1.1" 200 1691
180.175.103.30 - - [28/Dec/2021:09:18:56 +0800] "GET /xingrg/kc/buy/cgsh_order_operate.html?command=get_materiel&rest_code=00105&code=00101008041&supplier_code=00100203&order_time=2021-12-28 HTTP/1.1" 200 408
114.85.125.222 - - [28/Dec/2021:09:18:57 +0800] "GET /xingrg/kc/buy/cgsh_order_add.html HTTP/1.1" 200 65203
114.85.125.222 - - [28/Dec/2021:09:18:57 +0800] "POST /xingrg/kc/buy/cgsh_order_operate.html HTTP/1.1" 200 8245
114.85.125.222 - - [28/Dec/2021:09:18:57 +0800] "GET /xingrg/javascript/easyui/themes/default/validatebox.css HTTP/1.1" 404 1104
114.85.125.222 - - [28/Dec/2021:09:18:58 +0800] "GET /xingrg/javascript/auto/indicator.gif HTTP/1.1" 404 1066
101.83.241.229 - - [28/Dec/2021:09:19:00 +0800] "POST /xingrg/services/DataTransmitService HTTP/1.1" 200 524
101.83.241.229 - - [28/Dec/2021:09:19:01 +0800] "POST /xingrg/services/DataTransmitService HTTP/1.1" 200 501
124.77.245.186 - - [28/Dec/2021:09:19:01 +0800] "GET /xingrg/all/function/internal_message.html?_=1640654346162&CODE_STATE=getMsg HTTP/1.1" 200 27
61.170.234.223 - - [28/Dec/2021:09:19:03 +0800] "GET /xingrg/kc/buy/cgsh_order_operate.html?command=get_materiel&rest_code=00106&code=00101008439&supplier_code=00100007&order_time=2021-12-28 HTTP/1.1" 200 398
180.175.103.30 - - [28/Dec/2021:09:19:04 +0800] "GET /xingrg/kc/buy/cgsh_order_operate.html?command=get_materiel&rest_code=00105&code=00101015022&supplier_code=00100203&order_time=2021-12-28 HTTP/1.1" 200 408
124.79.247.218 - - [28/Dec/2021:09:19:05 +0800] "GET /xingrg/login.html HTTP/1.1" 200 7641
124.79.247.218 - - [28/Dec/2021:09:19:06 +0800] "GET /xingrg/images/blue/jxLogo.png HTTP/1.1" 304 -
124.79.247.218 - - [28/Dec/2021:09:19:06 +0800] "GET /xingrg/images/blue/login_bg.png HTTP/1.1" 304 -
124.79.247.218 - - [28/Dec/2021:09:19:06 +0800] "GET /xingrg/images/blue/hj.png HTTP/1.1" 304 -
124.79.247.218 - - [28/Dec/2021:09:19:06 +0800] "GET /xingrg/images/blue/srbg.png HTTP/1.1" 304 -
101.83.241.229 - - [28/Dec/2021:09:19:06 +0800] "GET /xingrg/all/function/internal_message.html?_=1640654344400&CODE_STATE=getMsg HTTP/1.1" 200 27
101.83.241.229 - - [28/Dec/2021:09:19:07 +0800] "GET /xingrg/check_reg.html?_=1640654344464 HTTP/1.1" 200 22
124.79.247.218 - - [28/Dec/2021:09:19:07 +0800] "GET /favicon.ico HTTP/1.1" 404 -
180.169.147.146 - - [28/Dec/2021:09:19:08 +0800] "GET /xingrg/all/function/internal_message.html?_=1640654350852&CODE_STATE=getMsg HTTP/1.1" 200 27
101.83.241.229 - - [28/Dec/2021:09:19:08 +0800] "GET /xingrg/kc/buy/cgsh_order_operate.html?command=get_materiel&rest_code=00149&code=00101007092&supplier_code=00100205&order_time=2021-12-28 HTTP/1.1" 200 411
124.79.247.218 - - [28/Dec/2021:09:19:09 +0800] "GET /xingrg/all/function/internal_message.html?_=1640654472811&CODE_STATE=getMsg HTTP/1.1" 200 27
61.165.255.114 - - [28/Dec/2021:09:19:09 +0800] "GET /xingrg/all/function/internal_message.html?_=1640654348754&CODE_STATE=getMsg HTTP/1.1" 200 27
114.85.125.222 - - [28/Dec/2021:09:19:10 +0800] "GET /xingrg/kc/buy/cgsh_order_operate.html?command=get_materiel&rest_code=00150&code=00101009109&supplier_code=00100424&order_time=2021-12-28 HTTP/1.1" 200 399
61.170.234.223 - - [28/Dec/2021:09:19:12 +0800] "GET /xingrg/all/function/internal_message.html?_=1640654351924&CODE_STATE=getMsg HTTP/1.1" 200 27
124.79.247.218 - - [28/Dec/2021:09:19:12 +0800] "POST /xingrg/login.do HTTP/1.1" 302 -
124.79.247.218 - - [28/Dec/2021:09:19:12 +0800] "GET /xingrg/index.html?sysBaseUrl=http%3A%2F%2F180.169.147.146%3A18081%2Fxingrg%2F&costTime=36×tamp=1640654352599 HTTP/1.1" 200 17179
124.79.247.218 - - [28/Dec/2021:09:19:12 +0800] "GET /xingrg/javascript/jquery_easy_ui/themes/default/easyui.css HTTP/1.1" 304 -
124.79.247.218 - - [28/Dec/2021:09:19:12 +0800] "GET /xingrg/javascript/jquery_easy_ui/themes/icon.css HTTP/1.1" 304 -
124.79.247.218 - - [28/Dec/2021:09:19:13 +0800] "GET /xingrg/css/form.css HTTP/1.1" 304 -
124.79.247.218 - - [28/Dec/2021:09:19:13 +0800] "GET /xingrg/javascript/jquery-1.4.2.min.js HTTP/1.1" 304 -
124.79.247.218 - - [28/Dec/2021:09:19:13 +0800] "GET /xingrg/javascript/jquery_easy_ui/easyui-lang-zh_CN.js HTTP/1.1" 304 -
124.79.247.218 - - [28/Dec/2021:09:19:13 +0800] "GET /xingrg/javascript/jquery.form.js HTTP/1.1" 304 -
124.79.247.218 - - [28/Dec/2021:09:19:13 +0800] "GET /xingrg/javascript/jquery.utils.js HTTP/1.1" 304 -
124.79.247.218 - - [28/Dec/2021:09:19:13 +0800] "GET /xingrg/javascript/jquery.timers.js HTTP/1.1" 304 -
124.79.247.218 - - [28/Dec/2021:09:19:13 +0800] "GET /xingrg/javascript/jquery_easy_ui/jquery.easyui.min.js HTTP/1.1" 304 -
124.79.247.218 - - [28/Dec/2021:09:19:14 +0800] "GET /xingrg/images/blue/jxLogo.png HTTP/1.1" 304 -
124.79.247.218 - - [28/Dec/2021:09:19:14 +0800] "GET /xingrg/images/blue/navBackgound.jpg HTTP/1.1" 304 -
124.79.247.218 - - [28/Dec/2021:09:19:14 +0800] "GET /xingrg/javascript/jquery_easy_ui/themes/icons/settle_new.png HTTP/1.1" 304 -
124.79.247.218 - - [28/Dec/2021:09:19:14 +0800] "POST /xingrg/all/common/load_tree.html?tree=area_rest_tree_json&manage=1 HTTP/1.1" 200 723
124.79.247.218 - - [28/Dec/2021:09:19:14 +0800] "GET /xingrg/images/blue/pingpu.png HTTP/1.1" 304 -
124.79.247.218 - - [28/Dec/2021:09:19:14 +0800] "GET /xingrg/javascript/jquery_easy_ui/themes/default/images/tabs_leftarrow.png HTTP/1.1" 304 -
124.79.247.218 - - [28/Dec/2021:09:19:14 +0800] "GET /xingrg/javascript/jquery_easy_ui/themes/default/images/tabs_rightarrow.png HTTP/1.1" 304 -
124.79.247.218 - - [28/Dec/2021:09:19:14 +0800] "GET /xingrg/javascript/jquery_easy_ui/themes/default/images/panel_tool_collapse.gif HTTP/1.1" 304 -
61.165.255.114 - - [28/Dec/2021:09:19:15 +0800] "POST /xingrg/kc/buy/cgsh_order_operate.html HTTP/1.1" 200 2065
124.79.247.218 - - [28/Dec/2021:09:19:16 +0800] "GET /xingrg/all/function/internal_message.html?_=1640654382241&CODE_STATE=count HTTP/1.1" 200 11
124.79.247.218 - - [28/Dec/2021:09:19:16 +0800] "GET /xingrg/check_reg.html?_=1640654382242 HTTP/1.1" 200 22
124.79.247.218 - - [28/Dec/2021:09:19:16 +0800] "POST /xingrg/load_menu.html HTTP/1.1" 200 5138
124.79.247.218 - - [28/Dec/2021:09:19:16 +0800] "GET /favicon.ico HTTP/1.1" 404 -
124.79.247.218 - - [28/Dec/2021:09:19:16 +0800] "GET /xingrg/javascript/jquery_easy_ui/themes/default/images/tree_arrows.gif HTTP/1.1" 304 -
124.79.247.218 - - [28/Dec/2021:09:19:16 +0800] "GET /xingrg/javascript/jquery_easy_ui/themes/default/images/tree_folder_open.gif HTTP/1.1" 304 -
