172.20.0.100 - - [28/Dec/2021:07:15:41 +0800] "GET /xingrg/all/function/internal_message.html?_=1640646939221&CODE_STATE=getMsg HTTP/1.1" 200 27
120.253.135.82 - - [28/Dec/2021:07:15:55 +0800] "POST /xingrg/kc/pszx/mdps_list_operate.html HTTP/1.1" 200 3204
120.253.135.82 - - [28/Dec/2021:07:15:56 +0800] "GET /xingrg/all/function/internal_message.html?_=1640646737942&CODE_STATE=getMsg HTTP/1.1" 200 27
120.253.135.82 - - [28/Dec/2021:07:15:58 +0800] "POST /xingrg/kc/pszx/mdps_list_operate.html HTTP/1.1" 200 203
120.253.135.82 - - [28/Dec/2021:07:16:01 +0800] "POST /xingrg/kc/pszx/mdps_list_operate.html HTTP/1.1" 200 207
120.253.135.82 - - [28/Dec/2021:07:16:02 +0800] "GET /xingrg/kc/pszx/mdps_order_info.html?code=312021122800711 HTTP/1.1" 200 23933
120.253.135.82 - - [28/Dec/2021:07:16:02 +0800] "GET /xingrg/javascript/easyui/themes/default/validatebox.css HTTP/1.1" 404 1104
120.253.135.82 - - [28/Dec/2021:07:16:02 +0800] "POST /xingrg/kc/pszx/mdps_order_operate.html HTTP/1.1" 200 2302
124.77.245.186 - - [28/Dec/2021:07:16:05 +0800] "GET /xingrg/check_reg.html?_=1640646970028 HTTP/1.1" 200 22
124.79.247.218 - - [28/Dec/2021:07:16:08 +0800] "GET /xingrg/all/function/internal_message.html?_=1640647092631&CODE_STATE=getMsg HTTP/1.1" 200 27
124.79.247.218 - - [28/Dec/2021:07:16:08 +0800] "GET /xingrg/check_reg.html?_=1640647092632 HTTP/1.1" 200 22
120.253.135.82 - - [28/Dec/2021:07:16:10 +0800] "POST /xingrg/kc/pszx/mdps_list_operate.html HTTP/1.1" 200 646
124.77.245.186 - - [28/Dec/2021:07:16:10 +0800] "GET /xingrg/check_reg.html?_=1640646974903 HTTP/1.1" 302 -
114.85.125.222 - - [28/Dec/2021:07:16:11 +0800] "GET /xingrg/all/function/internal_message.html?_=1640646914596&CODE_STATE=getMsg HTTP/1.1" 200 27
120.253.135.82 - - [28/Dec/2021:07:16:12 +0800] "POST /xingrg/kc/pszx/mdps_list_operate.html HTTP/1.1" 200 288
124.77.245.186 - - [28/Dec/2021:07:16:14 +0800] "GET /xingrg/all/function/internal_message.html?_=1640646979139&CODE_STATE=getMsg HTTP/1.1" 200 27
124.77.245.186 - - [28/Dec/2021:07:16:27 +0800] "GET /xingrg/all/function/internal_message.html?_=1640646991228&CODE_STATE=getMsg HTTP/1.1" 302 -
116.227.210.113 - - [28/Dec/2021:07:16:32 +0800] "POST /xingrg/services/DataTransmitService HTTP/1.1" 200 524
180.169.147.146 - - [28/Dec/2021:07:16:36 +0800] "GET /xingrg/all/function/internal_message.html?_=1640646995751&CODE_STATE=getMsg HTTP/1.1" 200 27
180.169.147.146 - - [28/Dec/2021:07:16:38 +0800] "GET /xingrg/all/function/internal_message.html?_=1640646999292&CODE_STATE=getMsg HTTP/1.1" 200 27
172.20.0.100 - - [28/Dec/2021:07:16:41 +0800] "GET /xingrg/all/function/internal_message.html?_=1640646999208&CODE_STATE=getMsg HTTP/1.1" 200 27
120.253.135.82 - - [28/Dec/2021:07:16:56 +0800] "GET /xingrg/all/function/internal_message.html?_=1640646798108&CODE_STATE=getMsg HTTP/1.1" 200 27
124.79.247.218 - - [28/Dec/2021:07:17:08 +0800] "GET /xingrg/all/function/internal_message.html?_=1640647152630&CODE_STATE=getMsg HTTP/1.1" 200 27
114.85.125.222 - - [28/Dec/2021:07:17:11 +0800] "GET /xingrg/all/function/internal_message.html?_=1640646974614&CODE_STATE=getMsg HTTP/1.1" 200 27
124.77.245.186 - - [28/Dec/2021:07:17:14 +0800] "GET /xingrg/all/function/internal_message.html?_=1640647039153&CODE_STATE=getMsg HTTP/1.1" 200 27
120.253.135.82 - - [28/Dec/2021:07:17:18 +0800] "GET /xingrg/kc/pszx/mdps_order_add.html HTTP/1.1" 200 28947
120.253.135.82 - - [28/Dec/2021:07:17:19 +0800] "POST /xingrg/kc/pszx/mdps_order_operate.html HTTP/1.1" 200 7126
120.253.135.82 - - [28/Dec/2021:07:17:19 +0800] "GET /xingrg/javascript/easyui/themes/default/validatebox.css HTTP/1.1" 404 1104
124.77.245.186 - - [28/Dec/2021:07:17:26 +0800] "GET /xingrg/kc/base/wldb_order_add.html HTTP/1.1" 200 30280
124.77.245.186 - - [28/Dec/2021:07:17:26 +0800] "POST /xingrg/kc/base/wldb_order_operate.html HTTP/1.1" 200 6806
124.77.245.186 - - [28/Dec/2021:07:17:26 +0800] "GET /xingrg/javascript/easyui/themes/default/validatebox.css HTTP/1.1" 404 1104
124.77.245.186 - - [28/Dec/2021:07:17:27 +0800] "GET /xingrg/all/function/internal_message.html?_=1640647051252&CODE_STATE=getMsg HTTP/1.1" 302 -
120.253.135.82 - - [28/Dec/2021:07:17:29 +0800] "POST /xingrg/all/common/load_combo.html?type=base HTTP/1.1" 200 1075
180.169.147.146 - - [28/Dec/2021:07:17:36 +0800] "GET /xingrg/all/function/internal_message.html?_=1640647055744&CODE_STATE=getMsg HTTP/1.1" 200 27
120.253.135.82 - - [28/Dec/2021:07:17:36 +0800] "GET /xingrg/kc/pszx/mdps_order_operate.html?command=get_materiel&pszx_code=00101&rest_code=00155&base_code=0010252&code=00101014033 HTTP/1.1" 200 434
180.169.147.146 - - [28/Dec/2021:07:17:38 +0800] "GET /xingrg/all/function/internal_message.html?_=1640647059292&CODE_STATE=getMsg HTTP/1.1" 200 27
172.20.0.100 - - [28/Dec/2021:07:17:41 +0800] "GET /xingrg/all/function/internal_message.html?_=1640647059212&CODE_STATE=getMsg HTTP/1.1" 200 27
172.20.0.100 - - [28/Dec/2021:07:17:41 +0800] "GET /xingrg/check_reg.html?_=1640647059217 HTTP/1.1" 200 22
120.253.135.82 - - [28/Dec/2021:07:17:43 +0800] "POST /xingrg/kc/pszx/mdps_order_operate.html HTTP/1.1" 200 37
120.253.135.82 - - [28/Dec/2021:07:17:43 +0800] "GET /xingrg/kc/pszx/mdps_order_info.html?code=312021122800714 HTTP/1.1" 200 23931
120.253.135.82 - - [28/Dec/2021:07:17:44 +0800] "GET /xingrg/javascript/easyui/themes/default/validatebox.css HTTP/1.1" 404 1104
120.253.135.82 - - [28/Dec/2021:07:17:44 +0800] "POST /xingrg/kc/pszx/mdps_order_operate.html HTTP/1.1" 200 2276
120.253.135.82 - - [28/Dec/2021:07:17:46 +0800] "POST /xingrg/kc/pszx/mdps_list_operate.html HTTP/1.1" 200 3576
120.253.135.82 - - [28/Dec/2021:07:17:48 +0800] "POST /xingrg/kc/pszx/mdps_list_operate.html HTTP/1.1" 200 288
120.253.135.82 - - [28/Dec/2021:07:17:49 +0800] "GET /xingrg/kc/pszx/mdps_order_info.html?code=312021121800487 HTTP/1.1" 200 23929
120.253.135.82 - - [28/Dec/2021:07:17:49 +0800] "POST /xingrg/kc/pszx/mdps_order_operate.html HTTP/1.1" 200 2790
120.253.135.82 - - [28/Dec/2021:07:17:49 +0800] "GET /xingrg/javascript/easyui/themes/default/validatebox.css HTTP/1.1" 404 1104
120.253.135.82 - - [28/Dec/2021:07:17:55 +0800] "POST /xingrg/kc/pszx/mdps_order_operate.html HTTP/1.1" 200 37
120.253.135.82 - - [28/Dec/2021:07:17:56 +0800] "GET /xingrg/kc/pszx/mdps_order_info.html?code=312021121800487 HTTP/1.1" 200 23929
120.253.135.82 - - [28/Dec/2021:07:17:56 +0800] "GET /xingrg/javascript/easyui/themes/default/validatebox.css HTTP/1.1" 404 1104
120.253.135.82 - - [28/Dec/2021:07:17:56 +0800] "POST /xingrg/kc/pszx/mdps_order_operate.html HTTP/1.1" 200 2304
120.253.135.82 - - [28/Dec/2021:07:17:56 +0800] "GET /xingrg/all/function/internal_message.html?_=1640646858121&CODE_STATE=getMsg HTTP/1.1" 200 27
124.77.245.186 - - [28/Dec/2021:07:17:58 +0800] "GET /xingrg/kc/base/wldb_order_operate.html?command=get_materiel&rest_code=00146&base_code=0010063&code=00101019026 HTTP/1.1" 200 467
120.253.135.82 - - [28/Dec/2021:07:18:01 +0800] "POST /xingrg/kc/pszx/mdps_list_operate.html HTTP/1.1" 200 3576
114.85.125.222 - - [28/Dec/2021:07:18:02 +0800] "GET /xingrg/check_reg.html?_=1640647025948 HTTP/1.1" 200 22
120.253.135.82 - - [28/Dec/2021:07:18:03 +0800] "POST /xingrg/kc/pszx/mdps_list_operate.html HTTP/1.1" 200 207
124.77.245.186 - - [28/Dec/2021:07:18:04 +0800] "GET /xingrg/kc/base/wldb_order_operate.html?command=get_materiel&rest_code=00146&base_code=0010063&code=00101019400 HTTP/1.1" 200 451
120.253.135.82 - - [28/Dec/2021:07:18:05 +0800] "POST /xingrg/kc/pszx/mdps_list_operate.html HTTP/1.1" 200 646
120.253.135.82 - - [28/Dec/2021:07:18:06 +0800] "GET /xingrg/kc/pszx/mdps_order_info.html?code=312021122800712 HTTP/1.1" 200 23935
120.253.135.82 - - [28/Dec/2021:07:18:07 +0800] "GET /xingrg/javascript/easyui/themes/default/validatebox.css HTTP/1.1" 404 1104
120.253.135.82 - - [28/Dec/2021:07:18:07 +0800] "POST /xingrg/kc/pszx/mdps_order_operate.html HTTP/1.1" 200 13377
124.79.247.218 - - [28/Dec/2021:07:18:08 +0800] "GET /xingrg/all/function/internal_message.html?_=1640647212629&CODE_STATE=getMsg HTTP/1.1" 200 27
120.253.135.82 - - [28/Dec/2021:07:18:10 +0800] "POST /xingrg/kc/pszx/mdps_order_operate.html HTTP/1.1" 200 37
120.253.135.82 - - [28/Dec/2021:07:18:10 +0800] "GET /xingrg/kc/pszx/mdps_order_info.html?code=312021122800712 HTTP/1.1" 200 23935
124.77.245.186 - - [28/Dec/2021:07:18:11 +0800] "GET /xingrg/kc/base/wldb_order_operate.html?command=get_materiel&rest_code=00146&base_code=0010063&code=00101019063 HTTP/1.1" 200 448
114.85.125.222 - - [28/Dec/2021:07:18:11 +0800] "GET /xingrg/all/function/internal_message.html?_=1640647034622&CODE_STATE=getMsg HTTP/1.1" 200 27
120.253.135.82 - - [28/Dec/2021:07:18:11 +0800] "GET /xingrg/javascript/easyui/themes/default/validatebox.css HTTP/1.1" 404 1104
120.253.135.82 - - [28/Dec/2021:07:18:11 +0800] "POST /xingrg/kc/pszx/mdps_order_operate.html HTTP/1.1" 200 13557
124.77.245.186 - - [28/Dec/2021:07:18:14 +0800] "GET /xingrg/all/function/internal_message.html?_=1640647099167&CODE_STATE=getMsg HTTP/1.1" 200 27
124.77.245.186 - - [28/Dec/2021:07:18:27 +0800] "GET /xingrg/all/function/internal_message.html?_=1640647111255&CODE_STATE=getMsg HTTP/1.1" 302 -
124.77.245.186 - - [28/Dec/2021:07:18:30 +0800] "GET /xingrg/kc/base/wldb_order_operate.html?command=get_materiel&rest_code=00146&base_code=0010063&code=00101019015 HTTP/1.1" 200 436
180.169.147.146 - - [28/Dec/2021:07:18:36 +0800] "GET /xingrg/all/function/internal_message.html?_=1640647115753&CODE_STATE=getMsg HTTP/1.1" 200 27
180.169.147.146 - - [28/Dec/2021:07:18:36 +0800] "GET /xingrg/check_reg.html?_=1640647115754 HTTP/1.1" 200 22
180.169.147.146 - - [28/Dec/2021:07:18:38 +0800] "GET /xingrg/all/function/internal_message.html?_=1640647119291&CODE_STATE=getMsg HTTP/1.1" 200 27
172.20.0.100 - - [28/Dec/2021:07:18:41 +0800] "GET /xingrg/all/function/internal_message.html?_=1640647119221&CODE_STATE=getMsg HTTP/1.1" 200 27
124.77.245.186 - - [28/Dec/2021:07:18:54 +0800] "GET /xingrg/kc/base/wldb_order_operate.html?command=get_materiel&rest_code=00146&base_code=0010063&code=00101019184 HTTP/1.1" 200 442
120.253.135.82 - - [28/Dec/2021:07:18:57 +0800] "GET /xingrg/all/function/internal_message.html?_=1640646918304&CODE_STATE=getMsg HTTP/1.1" 200 27
124.77.245.186 - - [28/Dec/2021:07:19:01 +0800] "GET /xingrg/kc/base/wldb_order_operate.html?command=get_materiel&rest_code=00146&base_code=0010063&code=00101019108 HTTP/1.1" 200 463
124.79.247.218 - - [28/Dec/2021:07:19:08 +0800] "GET /xingrg/all/function/internal_message.html?_=1640647272627&CODE_STATE=getMsg HTTP/1.1" 200 27
114.85.125.222 - - [28/Dec/2021:07:19:11 +0800] "GET /xingrg/all/function/internal_message.html?_=1640647094636&CODE_STATE=getMsg HTTP/1.1" 200 27
124.77.245.186 - - [28/Dec/2021:07:19:14 +0800] "GET /xingrg/all/function/internal_message.html?_=1640647159180&CODE_STATE=getMsg HTTP/1.1" 200 27
124.77.245.186 - - [28/Dec/2021:07:19:25 +0800] "GET /xingrg/kc/base/wldb_order_operate.html?command=get_materiel&rest_code=00146&base_code=0010063&code=00101019238 HTTP/1.1" 200 468
124.77.245.186 - - [28/Dec/2021:07:19:27 +0800] "GET /xingrg/all/function/internal_message.html?_=1640647171280&CODE_STATE=getMsg HTTP/1.1" 302 -
124.77.245.186 - - [28/Dec/2021:07:19:35 +0800] "GET /xingrg/kc/base/wldb_order_operate.html?command=get_materiel&rest_code=00146&base_code=0010063&code=00101019706 HTTP/1.1" 200 446
180.169.147.146 - - [28/Dec/2021:07:19:36 +0800] "GET /xingrg/all/function/internal_message.html?_=1640647175748&CODE_STATE=getMsg HTTP/1.1" 200 27
120.253.135.82 - - [28/Dec/2021:07:19:37 +0800] "POST /xingrg/kc/pszx/mdps_order_operate.html HTTP/1.1" 200 37
120.253.135.82 - - [28/Dec/2021:07:19:38 +0800] "GET /xingrg/kc/pszx/mdps_order_info.html?code=312021122800712 HTTP/1.1" 200 23935
180.169.147.146 - - [28/Dec/2021:07:19:38 +0800] "GET /xingrg/all/function/internal_message.html?_=1640647179292&CODE_STATE=getMsg HTTP/1.1" 200 27
120.253.135.82 - - [28/Dec/2021:07:19:39 +0800] "POST /xingrg/kc/pszx/mdps_order_operate.html HTTP/1.1" 200 13557
120.253.135.82 - - [28/Dec/2021:07:19:39 +0800] "GET /xingrg/javascript/easyui/themes/default/validatebox.css HTTP/1.1" 404 1104
172.20.0.100 - - [28/Dec/2021:07:19:41 +0800] "GET /xingrg/all/function/internal_message.html?_=1640647179218&CODE_STATE=getMsg HTTP/1.1" 200 27
120.253.135.82 - - [28/Dec/2021:07:19:55 +0800] "GET /xingrg/check_reg.html?_=1640646976747 HTTP/1.1" 200 22
120.253.135.82 - - [28/Dec/2021:07:19:57 +0800] "GET /xingrg/all/function/internal_message.html?_=1640646978320&CODE_STATE=getMsg HTTP/1.1" 200 27
124.77.245.186 - - [28/Dec/2021:07:20:03 +0800] "GET /xingrg/kc/base/wldb_order_operate.html?command=get_materiel&rest_code=00146&base_code=0010063&code=00101019527 HTTP/1.1" 200 473
124.79.247.218 - - [28/Dec/2021:07:20:08 +0800] "GET /xingrg/all/function/internal_message.html?_=1640647332641&CODE_STATE=getMsg HTTP/1.1" 200 27
114.85.125.222 - - [28/Dec/2021:07:20:11 +0800] "GET /xingrg/all/function/internal_message.html?_=1640647154656&CODE_STATE=getMsg HTTP/1.1" 200 27
124.77.245.186 - - [28/Dec/2021:07:20:14 +0800] "GET /xingrg/all/function/internal_message.html?_=1640647219193&CODE_STATE=getMsg HTTP/1.1" 200 27
124.77.245.186 - - [28/Dec/2021:07:20:27 +0800] "GET /xingrg/all/function/internal_message.html?_=1640647231282&CODE_STATE=getMsg HTTP/1.1" 302 -
124.77.245.186 - - [28/Dec/2021:07:20:29 +0800] "GET /xingrg/kc/base/wldb_order_operate.html?command=get_materiel&rest_code=00146&base_code=0010063&code=00101016029 HTTP/1.1" 200 461
124.77.245.186 - - [28/Dec/2021:07:20:34 +0800] "GET /xingrg/kc/base/wldb_order_operate.html?command=get_materiel&rest_code=00146&base_code=0010063&code=00101019438 HTTP/1.1" 200 445
180.169.147.146 - - [28/Dec/2021:07:20:36 +0800] "GET /xingrg/all/function/internal_message.html?_=1640647235763&CODE_STATE=getMsg HTTP/1.1" 200 27
180.169.147.146 - - [28/Dec/2021:07:20:38 +0800] "GET /xingrg/check_reg.html?_=1640647239299 HTTP/1.1" 200 22
180.169.147.146 - - [28/Dec/2021:07:20:38 +0800] "GET /xingrg/all/function/internal_message.html?_=1640647239292&CODE_STATE=getMsg HTTP/1.1" 200 27
172.20.0.100 - - [28/Dec/2021:07:20:41 +0800] "GET /xingrg/all/function/internal_message.html?_=1640647239223&CODE_STATE=getMsg HTTP/1.1" 200 27
124.77.245.186 - - [28/Dec/2021:07:20:41 +0800] "GET /xingrg/kc/base/wldb_order_operate.html?command=get_materiel&rest_code=00146&base_code=0010063&code=00101016076 HTTP/1.1" 200 477
124.77.245.186 - - [28/Dec/2021:07:20:53 +0800] "POST /xingrg/kc/base/wldb_order_operate.html HTTP/1.1" 200 37
124.77.245.186 - - [28/Dec/2021:07:20:55 +0800] "POST /xingrg/kc/base/wldb_order_operate.html HTTP/1.1" 200 12
124.77.245.186 - - [28/Dec/2021:07:20:55 +0800] "POST /xingrg/kc/base/wldb_order_operate.html HTTP/1.1" 200 8192
124.77.245.186 - - [28/Dec/2021:07:20:56 +0800] "GET /xingrg/kc/base/wldb_order_info.html?code=422021122802916 HTTP/1.1" 200 26159
120.253.135.82 - - [28/Dec/2021:07:20:57 +0800] "GET /xingrg/all/function/internal_message.html?_=1640647038334&CODE_STATE=getMsg HTTP/1.1" 200 27
124.77.245.186 - - [28/Dec/2021:07:20:57 +0800] "GET /xingrg/javascript/easyui/themes/default/validatebox.css HTTP/1.1" 404 1104
124.77.245.186 - - [28/Dec/2021:07:20:57 +0800] "POST /xingrg/kc/base/wldb_order_operate.html HTTP/1.1" 200 6350
124.77.245.186 - - [28/Dec/2021:07:21:02 +0800] "GET /xingrg/kc/base/wldb_order_add.html HTTP/1.1" 200 30280
124.77.245.186 - - [28/Dec/2021:07:21:03 +0800] "POST /xingrg/kc/base/wldb_order_operate.html HTTP/1.1" 200 6806
124.77.245.186 - - [28/Dec/2021:07:21:03 +0800] "GET /xingrg/javascript/easyui/themes/default/validatebox.css HTTP/1.1" 404 1104
124.77.245.186 - - [28/Dec/2021:07:21:05 +0800] "GET /xingrg/check_reg.html?_=1640647270034 HTTP/1.1" 200 22
120.253.135.82 - - [28/Dec/2021:07:21:07 +0800] "POST /xingrg/kc/pszx/mdps_list_operate.html HTTP/1.1" 200 3576
124.79.247.218 - - [28/Dec/2021:07:21:08 +0800] "GET /xingrg/check_reg.html?_=1640647392640 HTTP/1.1" 200 22
124.79.247.218 - - [28/Dec/2021:07:21:08 +0800] "GET /xingrg/all/function/internal_message.html?_=1640647392641&CODE_STATE=getMsg HTTP/1.1" 200 27
120.253.135.82 - - [28/Dec/2021:07:21:10 +0800] "POST /xingrg/kc/pszx/mdps_list_operate.html HTTP/1.1" 200 646
120.253.135.82 - - [28/Dec/2021:07:21:10 +0800] "GET /xingrg/kc/pszx/mdps_order_info.html?code=312021122800712 HTTP/1.1" 200 23935
124.77.245.186 - - [28/Dec/2021:07:21:10 +0800] "GET /xingrg/check_reg.html?_=1640647274911 HTTP/1.1" 302 -
120.253.135.82 - - [28/Dec/2021:07:21:11 +0800] "POST /xingrg/kc/pszx/mdps_order_operate.html HTTP/1.1" 200 13557
120.253.135.82 - - [28/Dec/2021:07:21:11 +0800] "GET /xingrg/javascript/easyui/themes/default/validatebox.css HTTP/1.1" 404 1104
114.85.125.222 - - [28/Dec/2021:07:21:11 +0800] "GET /xingrg/all/function/internal_message.html?_=1640647214663&CODE_STATE=getMsg HTTP/1.1" 200 27
124.77.245.186 - - [28/Dec/2021:07:21:14 +0800] "GET /xingrg/all/function/internal_message.html?_=1640647279208&CODE_STATE=getMsg HTTP/1.1" 200 27
124.77.245.186 - - [28/Dec/2021:07:21:19 +0800] "GET /xingrg/kc/base/wldb_order_operate.html?command=get_materiel&rest_code=00146&base_code=0010064&code=00102002138 HTTP/1.1" 200 433
124.77.245.186 - - [28/Dec/2021:07:21:27 +0800] "GET /xingrg/all/function/internal_message.html?_=1640647291306&CODE_STATE=getMsg HTTP/1.1" 302 -
124.77.245.186 - - [28/Dec/2021:07:21:27 +0800] "GET /xingrg/kc/base/wldb_order_operate.html?command=get_materiel&rest_code=00146&base_code=0010064&code=00102002204 HTTP/1.1" 200 433
180.169.147.146 - - [28/Dec/2021:07:21:36 +0800] "GET /xingrg/all/function/internal_message.html?_=1640647295753&CODE_STATE=getMsg HTTP/1.1" 200 27
124.77.245.186 - - [28/Dec/2021:07:21:38 +0800] "GET /xingrg/kc/base/wldb_order_operate.html?command=get_materiel&rest_code=00146&base_code=0010064&code=00102002304 HTTP/1.1" 200 449
180.169.147.146 - - [28/Dec/2021:07:21:38 +0800] "GET /xingrg/all/function/internal_message.html?_=1640647299299&CODE_STATE=getMsg HTTP/1.1" 200 27
172.20.0.100 - - [28/Dec/2021:07:21:41 +0800] "GET /xingrg/all/function/internal_message.html?_=1640647299211&CODE_STATE=getMsg HTTP/1.1" 200 27
120.253.135.82 - - [28/Dec/2021:07:21:46 +0800] "POST /xingrg/kc/pszx/mdps_list_operate.html HTTP/1.1" 200 3576
120.253.135.82 - - [28/Dec/2021:07:21:48 +0800] "POST /xingrg/kc/pszx/mdps_list_operate.html HTTP/1.1" 200 636
120.253.135.82 - - [28/Dec/2021:07:21:50 +0800] "GET /xingrg/kc/pszx/mdps_order_info.html?code=312021122800713 HTTP/1.1" 200 23935
120.253.135.82 - - [28/Dec/2021:07:21:50 +0800] "POST /xingrg/kc/pszx/mdps_order_operate.html HTTP/1.1" 200 5295
120.253.135.82 - - [28/Dec/2021:07:21:50 +0800] "GET /xingrg/javascript/easyui/themes/default/validatebox.css HTTP/1.1" 404 1104
120.253.135.82 - - [28/Dec/2021:07:21:52 +0800] "POST /xingrg/all/common/load_combo.html?type=base HTTP/1.1" 200 1075
124.77.245.186 - - [28/Dec/2021:07:21:53 +0800] "GET /xingrg/kc/base/wldb_order_operate.html?command=get_materiel&rest_code=00146&base_code=0010064&code=00102002347 HTTP/1.1" 200 443
120.253.135.82 - - [28/Dec/2021:07:21:55 +0800] "POST /xingrg/kc/pszx/mdps_order_operate.html HTTP/1.1" 200 37
120.253.135.82 - - [28/Dec/2021:07:21:56 +0800] "GET /xingrg/kc/pszx/mdps_order_info.html?code=312021122800713 HTTP/1.1" 200 23935
120.253.135.82 - - [28/Dec/2021:07:21:57 +0800] "GET /xingrg/javascript/easyui/themes/default/validatebox.css HTTP/1.1" 404 1104
120.253.135.82 - - [28/Dec/2021:07:21:57 +0800] "POST /xingrg/kc/pszx/mdps_order_operate.html HTTP/1.1" 200 5354
120.253.135.82 - - [28/Dec/2021:07:21:57 +0800] "GET /xingrg/all/function/internal_message.html?_=1640647098449&CODE_STATE=getMsg HTTP/1.1" 200 27
124.77.245.186 - - [28/Dec/2021:07:22:00 +0800] "GET /xingrg/kc/base/wldb_order_operate.html?command=get_materiel&rest_code=00146&base_code=0010064&code=00102002448 HTTP/1.1" 200 426
124.79.247.218 - - [28/Dec/2021:07:22:08 +0800] "GET /xingrg/all/function/internal_message.html?_=1640647452639&CODE_STATE=getMsg HTTP/1.1" 200 27
120.253.135.82 - - [28/Dec/2021:07:22:09 +0800] "POST /xingrg/kc/pszx/mdps_list_operate.html HTTP/1.1" 200 3576
120.253.135.82 - - [28/Dec/2021:07:22:11 +0800] "POST /xingrg/kc/pszx/mdps_list_operate.html HTTP/1.1" 200 203
114.85.125.222 - - [28/Dec/2021:07:22:11 +0800] "GET /xingrg/all/function/internal_message.html?_=1640647274684&CODE_STATE=getMsg HTTP/1.1" 200 27
120.253.135.82 - - [28/Dec/2021:07:22:12 +0800] "GET /xingrg/kc/pszx/mdps_order_info.html?code=312021122800714 HTTP/1.1" 200 23931
120.253.135.82 - - [28/Dec/2021:07:22:12 +0800] "GET /xingrg/javascript/easyui/themes/default/validatebox.css HTTP/1.1" 404 1104
120.253.135.82 - - [28/Dec/2021:07:22:12 +0800] "POST /xingrg/kc/pszx/mdps_order_operate.html HTTP/1.1" 200 2276
120.253.135.82 - - [28/Dec/2021:07:22:14 +0800] "POST /xingrg/kc/pszx/mdps_list_operate.html HTTP/1.1" 200 3576
124.77.245.186 - - [28/Dec/2021:07:22:14 +0800] "GET /xingrg/all/function/internal_message.html?_=1640647339221&CODE_STATE=getMsg HTTP/1.1" 200 27
120.253.135.82 - - [28/Dec/2021:07:22:15 +0800] "POST /xingrg/kc/pszx/mdps_list_operate.html HTTP/1.1" 200 636
120.253.135.82 - - [28/Dec/2021:07:22:20 +0800] "GET /xingrg/kc/pszx/mdqp_order_list.html?state=10 HTTP/1.1" 200 11870
120.253.135.82 - - [28/Dec/2021:07:22:20 +0800] "POST /xingrg/kc/pszx/mdps_list_operate.html HTTP/1.1" 200 3576
120.253.135.82 - - [28/Dec/2021:07:22:20 +0800] "GET /xingrg/dwr/interface/AjaxReportQueryService.js HTTP/1.1" 200 13203
120.253.135.82 - - [28/Dec/2021:07:22:20 +0800] "GET /xingrg/dwr/interface/AjaxQqpsService.js HTTP/1.1" 200 16326
120.253.135.82 - - [28/Dec/2021:07:22:20 +0800] "GET /xingrg/dwr/engine.js HTTP/1.1" 200 43631
120.253.135.82 - - [28/Dec/2021:07:22:22 +0800] "GET /xingrg/kc/pszx/mdqp_order_info.html?code=302021122700552 HTTP/1.1" 200 13350
120.253.135.82 - - [28/Dec/2021:07:22:22 +0800] "GET /xingrg/dwr/interface/AjaxQqpsService.js HTTP/1.1" 200 16326
120.253.135.82 - - [28/Dec/2021:07:22:22 +0800] "GET /xingrg/dwr/interface/AjaxComOrderService.js HTTP/1.1" 200 18264
120.253.135.82 - - [28/Dec/2021:07:22:22 +0800] "GET /xingrg/dwr/engine.js HTTP/1.1" 200 43631
120.253.135.82 - - [28/Dec/2021:07:22:23 +0800] "POST /xingrg/dwr/call/plaincall/AjaxQqpsService.loadMaterielItems.dwr HTTP/1.1" 200 945
124.77.245.186 - - [28/Dec/2021:07:22:23 +0800] "GET /xingrg/kc/base/wldb_order_operate.html?command=get_materiel&rest_code=00146&base_code=0010064&code=00102002118 HTTP/1.1" 200 452
124.77.245.186 - - [28/Dec/2021:07:22:27 +0800] "GET /xingrg/all/function/internal_message.html?_=1640647351309&CODE_STATE=getMsg HTTP/1.1" 302 -
120.253.135.82 - - [28/Dec/2021:07:22:29 +0800] "GET /xingrg/kc/pszx/mdqp_order_list.html?isBack=1 HTTP/1.1" 302 -
120.253.135.82 - - [28/Dec/2021:07:22:29 +0800] "GET /xingrg/kc/pszx/mdqp_order_list.html?state=10 HTTP/1.1" 200 11870
120.253.135.82 - - [28/Dec/2021:07:22:29 +0800] "GET /xingrg/dwr/interface/AjaxQqpsService.js HTTP/1.1" 200 16326
120.253.135.82 - - [28/Dec/2021:07:22:29 +0800] "GET /xingrg/dwr/interface/AjaxReportQueryService.js HTTP/1.1" 200 13203
120.253.135.82 - - [28/Dec/2021:07:22:29 +0800] "GET /xingrg/dwr/engine.js HTTP/1.1" 200 43631
120.253.135.82 - - [28/Dec/2021:07:22:31 +0800] "GET /xingrg/kc/pszx/mdqp_order_info.html?code=302021122700550 HTTP/1.1" 200 13350
120.253.135.82 - - [28/Dec/2021:07:22:31 +0800] "GET /xingrg/dwr/interface/AjaxQqpsService.js HTTP/1.1" 200 16326
120.253.135.82 - - [28/Dec/2021:07:22:31 +0800] "GET /xingrg/dwr/interface/AjaxComOrderService.js HTTP/1.1" 200 18264
120.253.135.82 - - [28/Dec/2021:07:22:31 +0800] "GET /xingrg/dwr/engine.js HTTP/1.1" 200 43631
120.253.135.82 - - [28/Dec/2021:07:22:32 +0800] "POST /xingrg/dwr/call/plaincall/AjaxQqpsService.loadMaterielItems.dwr HTTP/1.1" 200 3074
124.77.245.186 - - [28/Dec/2021:07:22:36 +0800] "GET /xingrg/kc/base/wldb_order_operate.html?command=get_materiel&rest_code=00146&base_code=0010064&code=00102002453 HTTP/1.1" 200 435
180.169.147.146 - - [28/Dec/2021:07:22:36 +0800] "GET /xingrg/all/function/internal_message.html?_=1640647355765&CODE_STATE=getMsg HTTP/1.1" 200 27
180.169.147.146 - - [28/Dec/2021:07:22:38 +0800] "GET /xingrg/all/function/internal_message.html?_=1640647359299&CODE_STATE=getMsg HTTP/1.1" 200 27
172.20.0.100 - - [28/Dec/2021:07:22:41 +0800] "GET /xingrg/all/function/internal_message.html?_=1640647359216&CODE_STATE=getMsg HTTP/1.1" 200 27
172.20.0.100 - - [28/Dec/2021:07:22:41 +0800] "GET /xingrg/check_reg.html?_=1640647359219 HTTP/1.1" 200 22
120.253.135.82 - - [28/Dec/2021:07:22:57 +0800] "GET /xingrg/all/function/internal_message.html?_=1640647158454&CODE_STATE=getMsg HTTP/1.1" 200 27
114.85.125.222 - - [28/Dec/2021:07:23:02 +0800] "GET /xingrg/check_reg.html?_=1640647325961 HTTP/1.1" 200 22
124.77.245.186 - - [28/Dec/2021:07:23:05 +0800] "POST /xingrg/kc/base/wldb_order_operate.html HTTP/1.1" 200 37
124.77.245.186 - - [28/Dec/2021:07:23:07 +0800] "POST /xingrg/kc/base/wldb_order_operate.html HTTP/1.1" 200 12
124.77.245.186 - - [28/Dec/2021:07:23:07 +0800] "POST /xingrg/kc/base/wldb_order_operate.html HTTP/1.1" 200 5119
58.35.215.188 - - [28/Dec/2021:07:23:08 +0800] "POST /xingrg/services/DataTransmitService HTTP/1.1" 200 524
124.79.247.218 - - [28/Dec/2021:07:23:08 +0800] "GET /xingrg/all/function/internal_message.html?_=1640647512638&CODE_STATE=getMsg HTTP/1.1" 200 27
124.77.245.186 - - [28/Dec/2021:07:23:11 +0800] "GET /xingrg/kc/base/wldb_order_info.html?code=422021122802917 HTTP/1.1" 200 26159
114.85.125.222 - - [28/Dec/2021:07:23:11 +0800] "GET /xingrg/all/function/internal_message.html?_=1640647334691&CODE_STATE=getMsg HTTP/1.1" 200 27
124.77.245.186 - - [28/Dec/2021:07:23:11 +0800] "GET /xingrg/javascript/easyui/themes/default/validatebox.css HTTP/1.1" 404 1104
124.77.245.186 - - [28/Dec/2021:07:23:11 +0800] "POST /xingrg/kc/base/wldb_order_operate.html HTTP/1.1" 200 3343
124.77.245.186 - - [28/Dec/2021:07:23:14 +0800] "GET /xingrg/kc/base/wldb_order_add.html HTTP/1.1" 200 30280
124.77.245.186 - - [28/Dec/2021:07:23:14 +0800] "POST /xingrg/kc/base/wldb_order_operate.html HTTP/1.1" 200 6806
120.253.135.82 - - [28/Dec/2021:07:23:14 +0800] "GET /xingrg/images/yd/bt.gif HTTP/1.1" 404 1040
120.253.135.82 - - [28/Dec/2021:07:23:14 +0800] "GET /xingrg/images/yd/bt2.gif HTTP/1.1" 404 1042
124.77.245.186 - - [28/Dec/2021:07:23:14 +0800] "GET /xingrg/javascript/easyui/themes/default/validatebox.css HTTP/1.1" 404 1104
124.77.245.186 - - [28/Dec/2021:07:23:14 +0800] "GET /xingrg/all/function/internal_message.html?_=1640647399344&CODE_STATE=getMsg HTTP/1.1" 200 27
120.253.135.82 - - [28/Dec/2021:07:23:22 +0800] "GET /xingrg/kc/pszx/mdqp_order_list.html?isBack=1 HTTP/1.1" 302 -
120.253.135.82 - - [28/Dec/2021:07:23:22 +0800] "GET /xingrg/kc/pszx/mdqp_order_list.html?state=10 HTTP/1.1" 200 11870
120.253.135.82 - - [28/Dec/2021:07:23:22 +0800] "GET /xingrg/dwr/interface/AjaxQqpsService.js HTTP/1.1" 200 16326
120.253.135.82 - - [28/Dec/2021:07:23:22 +0800] "GET /xingrg/dwr/interface/AjaxReportQueryService.js HTTP/1.1" 200 13203
120.253.135.82 - - [28/Dec/2021:07:23:22 +0800] "GET /xingrg/dwr/engine.js HTTP/1.1" 200 43631
120.253.135.82 - - [28/Dec/2021:07:23:24 +0800] "GET /xingrg/kc/pszx/mdqp_order_info.html?code=302021122700550 HTTP/1.1" 200 13350
120.253.135.82 - - [28/Dec/2021:07:23:24 +0800] "GET /xingrg/dwr/interface/AjaxComOrderService.js HTTP/1.1" 200 18264
120.253.135.82 - - [28/Dec/2021:07:23:24 +0800] "GET /xingrg/dwr/interface/AjaxQqpsService.js HTTP/1.1" 200 16326
120.253.135.82 - - [28/Dec/2021:07:23:24 +0800] "GET /xingrg/dwr/engine.js HTTP/1.1" 200 43631
120.253.135.82 - - [28/Dec/2021:07:23:25 +0800] "POST /xingrg/dwr/call/plaincall/AjaxQqpsService.loadMaterielItems.dwr HTTP/1.1" 200 3074
124.77.245.186 - - [28/Dec/2021:07:23:27 +0800] "GET /xingrg/all/function/internal_message.html?_=1640647411334&CODE_STATE=getMsg HTTP/1.1" 302 -
124.77.245.186 - - [28/Dec/2021:07:23:31 +0800] "GET /xingrg/kc/base/wldb_order_operate.html?command=get_materiel&rest_code=00146&base_code=0010064&code=00102002610 HTTP/1.1" 200 432
180.169.147.146 - - [28/Dec/2021:07:23:36 +0800] "GET /xingrg/check_reg.html?_=1640647415756 HTTP/1.1" 200 22
180.169.147.146 - - [28/Dec/2021:07:23:36 +0800] "GET /xingrg/all/function/internal_message.html?_=1640647415758&CODE_STATE=getMsg HTTP/1.1" 200 27
180.169.147.146 - - [28/Dec/2021:07:23:38 +0800] "GET /xingrg/all/function/internal_message.html?_=1640647419300&CODE_STATE=getMsg HTTP/1.1" 200 27
172.20.0.100 - - [28/Dec/2021:07:23:41 +0800] "GET /xingrg/all/function/internal_message.html?_=1640647419221&CODE_STATE=getMsg HTTP/1.1" 200 27
124.77.245.186 - - [28/Dec/2021:07:23:41 +0800] "GET /xingrg/kc/base/wldb_order_operate.html?command=get_materiel&rest_code=00146&base_code=0010064&code=00102002484 HTTP/1.1" 200 456
124.77.245.186 - - [28/Dec/2021:07:23:56 +0800] "GET /xingrg/kc/base/wldb_order_operate.html?command=get_materiel&rest_code=00146&base_code=0010064&code=00102002410 HTTP/1.1" 200 439
120.253.135.82 - - [28/Dec/2021:07:23:57 +0800] "GET /xingrg/all/function/internal_message.html?_=1640647218468&CODE_STATE=getMsg HTTP/1.1" 200 27
124.77.245.186 - - [28/Dec/2021:07:24:02 +0800] "GET /xingrg/kc/base/wldb_order_operate.html?command=get_materiel&rest_code=00146&base_code=0010064&code=00102002258 HTTP/1.1" 200 433
124.79.247.218 - - [28/Dec/2021:07:24:08 +0800] "GET /xingrg/all/function/internal_message.html?_=1640647572636&CODE_STATE=getMsg HTTP/1.1" 200 27
114.85.125.222 - - [28/Dec/2021:07:24:11 +0800] "GET /xingrg/all/function/internal_message.html?_=1640647394704&CODE_STATE=getMsg HTTP/1.1" 200 27
124.77.245.186 - - [28/Dec/2021:07:24:14 +0800] "POST /xingrg/kc/base/wldb_order_operate.html HTTP/1.1" 200 37
124.77.245.186 - - [28/Dec/2021:07:24:14 +0800] "GET /xingrg/all/function/internal_message.html?_=1640647459357&CODE_STATE=getMsg HTTP/1.1" 200 27
124.77.245.186 - - [28/Dec/2021:07:24:16 +0800] "POST /xingrg/kc/base/wldb_order_operate.html HTTP/1.1" 200 12
124.77.245.186 - - [28/Dec/2021:07:24:16 +0800] "POST /xingrg/kc/base/wldb_order_operate.html HTTP/1.1" 200 3646
124.77.245.186 - - [28/Dec/2021:07:24:17 +0800] "GET /xingrg/kc/base/wldb_order_info.html?code=422021122802918 HTTP/1.1" 200 26159
124.77.245.186 - - [28/Dec/2021:07:24:18 +0800] "GET /xingrg/javascript/easyui/themes/default/validatebox.css HTTP/1.1" 404 1104
124.77.245.186 - - [28/Dec/2021:07:24:18 +0800] "POST /xingrg/kc/base/wldb_order_operate.html HTTP/1.1" 200 1909
124.77.245.186 - - [28/Dec/2021:07:24:21 +0800] "GET /xingrg/kc/base/wldb_order_add.html HTTP/1.1" 200 30280
124.77.245.186 - - [28/Dec/2021:07:24:21 +0800] "POST /xingrg/kc/base/wldb_order_operate.html HTTP/1.1" 200 6806
124.77.245.186 - - [28/Dec/2021:07:24:21 +0800] "GET /xingrg/javascript/easyui/themes/default/validatebox.css HTTP/1.1" 404 1104
124.77.245.186 - - [28/Dec/2021:07:24:27 +0800] "GET /xingrg/all/function/internal_message.html?_=1640647471337&CODE_STATE=getMsg HTTP/1.1" 302 -
180.169.147.146 - - [28/Dec/2021:07:24:36 +0800] "GET /xingrg/all/function/internal_message.html?_=1640647475765&CODE_STATE=getMsg HTTP/1.1" 200 27
124.77.245.186 - - [28/Dec/2021:07:24:37 +0800] "GET /xingrg/kc/base/wldb_order_operate.html?command=get_materiel&rest_code=00146&base_code=0010064&code=00102002448 HTTP/1.1" 200 426
180.169.147.146 - - [28/Dec/2021:07:24:38 +0800] "GET /xingrg/all/function/internal_message.html?_=1640647479298&CODE_STATE=getMsg HTTP/1.1" 200 27
172.20.0.100 - - [28/Dec/2021:07:24:41 +0800] "GET /xingrg/all/function/internal_message.html?_=1640647479207&CODE_STATE=getMsg HTTP/1.1" 200 27
124.77.245.186 - - [28/Dec/2021:07:24:49 +0800] "GET /xingrg/kc/base/wldb_order_operate.html?command=get_materiel&rest_code=00146&base_code=0010064&code=00102004006 HTTP/1.1" 200 442
120.253.135.82 - - [28/Dec/2021:07:24:55 +0800] "GET /xingrg/check_reg.html?_=1640647276750 HTTP/1.1" 200 22
120.253.135.82 - - [28/Dec/2021:07:24:57 +0800] "GET /xingrg/all/function/internal_message.html?_=1640647278482&CODE_STATE=getMsg HTTP/1.1" 200 27
124.77.245.186 - - [28/Dec/2021:07:24:58 +0800] "GET /xingrg/kc/base/wldb_order_operate.html?command=get_materiel&rest_code=00146&base_code=0010064&code=00102002006 HTTP/1.1" 200 469
124.79.247.218 - - [28/Dec/2021:07:25:08 +0800] "GET /xingrg/all/function/internal_message.html?_=1640647632634&CODE_STATE=getMsg HTTP/1.1" 200 27
124.77.245.186 - - [28/Dec/2021:07:25:11 +0800] "GET /xingrg/kc/base/wldb_order_operate.html?command=get_materiel&rest_code=00146&base_code=0010064&code=00102002022 HTTP/1.1" 200 459
114.85.125.222 - - [28/Dec/2021:07:25:11 +0800] "GET /xingrg/all/function/internal_message.html?_=1640647454725&CODE_STATE=getMsg HTTP/1.1" 200 27
120.253.135.82 - - [28/Dec/2021:07:25:14 +0800] "GET /xingrg/images/yd/bt.gif HTTP/1.1" 404 1040
120.253.135.82 - - [28/Dec/2021:07:25:14 +0800] "GET /xingrg/images/yd/bt2.gif HTTP/1.1" 404 1042
124.77.245.186 - - [28/Dec/2021:07:25:14 +0800] "GET /xingrg/all/function/internal_message.html?_=1640647519371&CODE_STATE=getMsg HTTP/1.1" 200 27
120.253.135.82 - - [28/Dec/2021:07:25:17 +0800] "GET /xingrg/kc/pszx/mdqp_order_list.html?isBack=1 HTTP/1.1" 302 -
120.253.135.82 - - [28/Dec/2021:07:25:17 +0800] "GET /xingrg/kc/pszx/mdqp_order_list.html?state=10 HTTP/1.1" 200 11870
120.253.135.82 - - [28/Dec/2021:07:25:17 +0800] "GET /xingrg/dwr/interface/AjaxQqpsService.js HTTP/1.1" 200 16326
120.253.135.82 - - [28/Dec/2021:07:25:17 +0800] "GET /xingrg/dwr/interface/AjaxReportQueryService.js HTTP/1.1" 200 13203
120.253.135.82 - - [28/Dec/2021:07:25:17 +0800] "GET /xingrg/dwr/engine.js HTTP/1.1" 200 43631
120.253.135.82 - - [28/Dec/2021:07:25:20 +0800] "GET /xingrg/kc/pszx/mdqp_order_info.html?code=302021122700549 HTTP/1.1" 200 13350
120.253.135.82 - - [28/Dec/2021:07:25:20 +0800] "GET /xingrg/dwr/interface/AjaxQqpsService.js HTTP/1.1" 200 16326
120.253.135.82 - - [28/Dec/2021:07:25:20 +0800] "GET /xingrg/dwr/interface/AjaxComOrderService.js HTTP/1.1" 200 18264
120.253.135.82 - - [28/Dec/2021:07:25:20 +0800] "GET /xingrg/dwr/engine.js HTTP/1.1" 200 43631
120.253.135.82 - - [28/Dec/2021:07:25:20 +0800] "POST /xingrg/dwr/call/plaincall/AjaxQqpsService.loadMaterielItems.dwr HTTP/1.1" 200 1110
124.77.245.186 - - [28/Dec/2021:07:25:23 +0800] "POST /xingrg/kc/base/wldb_order_operate.html HTTP/1.1" 200 37
124.77.245.186 - - [28/Dec/2021:07:25:25 +0800] "POST /xingrg/kc/base/wldb_order_operate.html HTTP/1.1" 200 12
124.77.245.186 - - [28/Dec/2021:07:25:25 +0800] "POST /xingrg/kc/base/wldb_order_operate.html HTTP/1.1" 200 3674
124.77.245.186 - - [28/Dec/2021:07:25:27 +0800] "GET /xingrg/all/function/internal_message.html?_=1640647531361&CODE_STATE=getMsg HTTP/1.1" 302 -
124.77.245.186 - - [28/Dec/2021:07:25:27 +0800] "GET /xingrg/kc/base/wldb_order_info.html?code=422021122802919 HTTP/1.1" 200 26158
124.77.245.186 - - [28/Dec/2021:07:25:27 +0800] "GET /xingrg/javascript/easyui/themes/default/validatebox.css HTTP/1.1" 404 1104
124.77.245.186 - - [28/Dec/2021:07:25:28 +0800] "POST /xingrg/kc/base/wldb_order_operate.html HTTP/1.1" 200 1935
124.77.245.186 - - [28/Dec/2021:07:25:30 +0800] "GET /xingrg/kc/base/wldb_order_add.html HTTP/1.1" 200 30280
124.77.245.186 - - [28/Dec/2021:07:25:31 +0800] "POST /xingrg/kc/base/wldb_order_operate.html HTTP/1.1" 200 6806
124.77.245.186 - - [28/Dec/2021:07:25:31 +0800] "GET /xingrg/javascript/easyui/themes/default/validatebox.css HTTP/1.1" 404 1104
180.169.147.146 - - [28/Dec/2021:07:25:36 +0800] "GET /xingrg/all/function/internal_message.html?_=1640647535766&CODE_STATE=getMsg HTTP/1.1" 200 27
180.169.147.146 - - [28/Dec/2021:07:25:38 +0800] "GET /xingrg/check_reg.html?_=1640647539300 HTTP/1.1" 200 22
180.169.147.146 - - [28/Dec/2021:07:25:38 +0800] "GET /xingrg/all/function/internal_message.html?_=1640647539303&CODE_STATE=getMsg HTTP/1.1" 200 27
172.20.0.100 - - [28/Dec/2021:07:25:41 +0800] "GET /xingrg/all/function/internal_message.html?_=1640647539212&CODE_STATE=getMsg HTTP/1.1" 200 27
120.253.135.82 - - [28/Dec/2021:07:25:57 +0800] "GET /xingrg/all/function/internal_message.html?_=1640647338495&CODE_STATE=getMsg HTTP/1.1" 200 27
124.77.245.186 - - [28/Dec/2021:07:26:01 +0800] "GET /xingrg/kc/base/wldb_order_operate.html?command=get_materiel&rest_code=00146&base_code=0010064&code=00102002315 HTTP/1.1" 200 448
124.77.245.186 - - [28/Dec/2021:07:26:05 +0800] "GET /xingrg/check_reg.html?_=1640647570040 HTTP/1.1" 200 22
124.79.247.218 - - [28/Dec/2021:07:26:08 +0800] "GET /xingrg/all/function/internal_message.html?_=1640647692632&CODE_STATE=getMsg HTTP/1.1" 200 27
124.79.247.218 - - [28/Dec/2021:07:26:08 +0800] "GET /xingrg/check_reg.html?_=1640647692633 HTTP/1.1" 200 22
124.77.245.186 - - [28/Dec/2021:07:26:10 +0800] "GET /xingrg/check_reg.html?_=1640647574906 HTTP/1.1" 302 -
114.85.125.222 - - [28/Dec/2021:07:26:11 +0800] "GET /xingrg/all/function/internal_message.html?_=1640647514731&CODE_STATE=getMsg HTTP/1.1" 200 27
124.77.245.186 - - [28/Dec/2021:07:26:12 +0800] "POST /xingrg/kc/base/wldb_order_operate.html HTTP/1.1" 200 37
124.77.245.186 - - [28/Dec/2021:07:26:14 +0800] "POST /xingrg/kc/base/wldb_order_operate.html HTTP/1.1" 200 12
124.77.245.186 - - [28/Dec/2021:07:26:14 +0800] "POST /xingrg/kc/base/wldb_order_operate.html HTTP/1.1" 200 2708
124.77.245.186 - - [28/Dec/2021:07:26:15 +0800] "GET /xingrg/kc/base/wldb_order_info.html?code=422021122802920 HTTP/1.1" 200 26158
124.77.245.186 - - [28/Dec/2021:07:26:16 +0800] "GET /xingrg/javascript/easyui/themes/default/validatebox.css HTTP/1.1" 404 1104
124.77.245.186 - - [28/Dec/2021:07:26:16 +0800] "POST /xingrg/kc/base/wldb_order_operate.html HTTP/1.1" 200 992
124.77.245.186 - - [28/Dec/2021:07:26:16 +0800] "GET /xingrg/all/function/internal_message.html?_=1640647581131&CODE_STATE=getMsg HTTP/1.1" 200 27
124.77.245.186 - - [28/Dec/2021:07:26:18 +0800] "GET /xingrg/kc/base/wldb_order_add.html HTTP/1.1" 200 30280
124.77.245.186 - - [28/Dec/2021:07:26:19 +0800] "POST /xingrg/kc/base/wldb_order_operate.html HTTP/1.1" 200 6806
124.77.245.186 - - [28/Dec/2021:07:26:19 +0800] "GET /xingrg/javascript/easyui/themes/default/validatebox.css HTTP/1.1" 404 1104
124.77.245.186 - - [28/Dec/2021:07:26:27 +0800] "GET /xingrg/all/function/internal_message.html?_=1640647591364&CODE_STATE=getMsg HTTP/1.1" 302 -
116.227.210.113 - - [28/Dec/2021:07:26:32 +0800] "POST /xingrg/services/DataTransmitService HTTP/1.1" 200 524
124.77.245.186 - - [28/Dec/2021:07:26:36 +0800] "GET /xingrg/kc/base/wldb_order_operate.html?command=get_materiel&rest_code=00146&base_code=0010064&code=00101019425 HTTP/1.1" 200 457
180.169.147.146 - - [28/Dec/2021:07:26:36 +0800] "GET /xingrg/all/function/internal_message.html?_=1640647595760&CODE_STATE=getMsg HTTP/1.1" 200 27
180.169.147.146 - - [28/Dec/2021:07:26:38 +0800] "GET /xingrg/all/function/internal_message.html?_=1640647599303&CODE_STATE=getMsg HTTP/1.1" 200 27
172.20.0.100 - - [28/Dec/2021:07:26:41 +0800] "GET /xingrg/all/function/internal_message.html?_=1640647599223&CODE_STATE=getMsg HTTP/1.1" 200 27
124.77.245.186 - - [28/Dec/2021:07:26:47 +0800] "GET /xingrg/kc/base/wldb_order_operate.html?command=get_materiel&rest_code=00146&base_code=0010063&code=00101019425 HTTP/1.1" 200 458
120.253.135.82 - - [28/Dec/2021:07:26:57 +0800] "GET /xingrg/all/function/internal_message.html?_=1640647398509&CODE_STATE=getMsg HTTP/1.1" 200 27
120.253.135.82 - - [28/Dec/2021:07:27:04 +0800] "GET /xingrg/kc/pszx/mdqp_order_list.html?isBack=1 HTTP/1.1" 302 -
120.253.135.82 - - [28/Dec/2021:07:27:04 +0800] "GET /xingrg/kc/pszx/mdqp_order_list.html?state=10 HTTP/1.1" 200 11870
120.253.135.82 - - [28/Dec/2021:07:27:04 +0800] "GET /xingrg/dwr/interface/AjaxReportQueryService.js HTTP/1.1" 200 13203
120.253.135.82 - - [28/Dec/2021:07:27:04 +0800] "GET /xingrg/dwr/interface/AjaxQqpsService.js HTTP/1.1" 200 16326
120.253.135.82 - - [28/Dec/2021:07:27:04 +0800] "GET /xingrg/dwr/engine.js HTTP/1.1" 200 43631
120.253.135.82 - - [28/Dec/2021:07:27:07 +0800] "GET /xingrg/kc/pszx/mdqp_order_info.html?code=302021122700548 HTTP/1.1" 200 13350
120.253.135.82 - - [28/Dec/2021:07:27:07 +0800] "GET /xingrg/dwr/interface/AjaxQqpsService.js HTTP/1.1" 200 16326
120.253.135.82 - - [28/Dec/2021:07:27:07 +0800] "GET /xingrg/dwr/interface/AjaxComOrderService.js HTTP/1.1" 200 18264
120.253.135.82 - - [28/Dec/2021:07:27:07 +0800] "GET /xingrg/dwr/engine.js HTTP/1.1" 200 43631
120.253.135.82 - - [28/Dec/2021:07:27:08 +0800] "POST /xingrg/dwr/call/plaincall/AjaxQqpsService.loadMaterielItems.dwr HTTP/1.1" 200 337
124.79.247.218 - - [28/Dec/2021:07:27:08 +0800] "GET /xingrg/all/function/internal_message.html?_=1640647752629&CODE_STATE=getMsg HTTP/1.1" 200 27
124.77.245.186 - - [28/Dec/2021:07:27:09 +0800] "GET /xingrg/kc/base/wldb_order_operate.html?command=get_materiel&rest_code=00146&base_code=0010063&code=00101016001 HTTP/1.1" 200 458
114.85.125.222 - - [28/Dec/2021:07:27:11 +0800] "GET /xingrg/all/function/internal_message.html?_=1640647574750&CODE_STATE=getMsg HTTP/1.1" 200 27
124.77.245.186 - - [28/Dec/2021:07:27:16 +0800] "GET /xingrg/all/function/internal_message.html?_=1640647641146&CODE_STATE=getMsg HTTP/1.1" 200 27
124.77.245.186 - - [28/Dec/2021:07:27:19 +0800] "POST /xingrg/kc/base/wldb_order_operate.html HTTP/1.1" 200 37
124.77.245.186 - - [28/Dec/2021:07:27:21 +0800] "POST /xingrg/kc/base/wldb_order_operate.html HTTP/1.1" 200 12
124.77.245.186 - - [28/Dec/2021:07:27:21 +0800] "POST /xingrg/kc/base/wldb_order_operate.html HTTP/1.1" 200 3199
124.77.245.186 - - [28/Dec/2021:07:27:22 +0800] "GET /xingrg/kc/base/wldb_order_info.html?code=422021122802921 HTTP/1.1" 200 26159
124.77.245.186 - - [28/Dec/2021:07:27:22 +0800] "GET /xingrg/javascript/easyui/themes/default/validatebox.css HTTP/1.1" 404 1104
124.77.245.186 - - [28/Dec/2021:07:27:22 +0800] "POST /xingrg/kc/base/wldb_order_operate.html HTTP/1.1" 200 1471
124.77.245.186 - - [28/Dec/2021:07:27:25 +0800] "GET /xingrg/kc/base/wldb_order_add.html HTTP/1.1" 200 30280
124.77.245.186 - - [28/Dec/2021:07:27:25 +0800] "POST /xingrg/kc/base/wldb_order_operate.html HTTP/1.1" 200 6806
124.77.245.186 - - [28/Dec/2021:07:27:26 +0800] "GET /xingrg/javascript/easyui/themes/default/validatebox.css HTTP/1.1" 404 1104
124.77.245.186 - - [28/Dec/2021:07:27:27 +0800] "GET /xingrg/all/function/internal_message.html?_=1640647651387&CODE_STATE=getMsg HTTP/1.1" 302 -
120.253.135.82 - - [28/Dec/2021:07:27:27 +0800] "GET /xingrg/kc/pszx/mdqp_order_list.html?isBack=1 HTTP/1.1" 302 -
120.253.135.82 - - [28/Dec/2021:07:27:27 +0800] "GET /xingrg/kc/pszx/mdqp_order_list.html?state=10 HTTP/1.1" 200 11870
120.253.135.82 - - [28/Dec/2021:07:27:27 +0800] "GET /xingrg/dwr/interface/AjaxQqpsService.js HTTP/1.1" 200 16326
120.253.135.82 - - [28/Dec/2021:07:27:27 +0800] "GET /xingrg/dwr/interface/AjaxReportQueryService.js HTTP/1.1" 200 13203
120.253.135.82 - - [28/Dec/2021:07:27:27 +0800] "GET /xingrg/dwr/engine.js HTTP/1.1" 200 43631
120.253.135.82 - - [28/Dec/2021:07:27:35 +0800] "GET /xingrg/kc/pszx/jzcl_ps.html HTTP/1.1" 200 7683
120.253.135.82 - - [28/Dec/2021:07:27:35 +0800] "POST /xingrg/all/common/load_tree.html?tree=area_rest_tree_json HTTP/1.1" 200 3472
120.253.135.82 - - [28/Dec/2021:07:27:36 +0800] "POST /xingrg/kc/pszx/jzcl_ps_operate.html HTTP/1.1" 200 1677
120.253.135.82 - - [28/Dec/2021:07:27:36 +0800] "POST /xingrg/kc/pszx/jzcl_ps_operate.html HTTP/1.1" 200 1677
180.169.147.146 - - [28/Dec/2021:07:27:36 +0800] "GET /xingrg/all/function/internal_message.html?_=1640647655766&CODE_STATE=getMsg HTTP/1.1" 200 27
180.169.147.146 - - [28/Dec/2021:07:27:38 +0800] "GET /xingrg/all/function/internal_message.html?_=1640647659304&CODE_STATE=getMsg HTTP/1.1" 200 27
172.20.0.100 - - [28/Dec/2021:07:27:41 +0800] "GET /xingrg/check_reg.html?_=1640647659211 HTTP/1.1" 200 22
172.20.0.100 - - [28/Dec/2021:07:27:41 +0800] "GET /xingrg/all/function/internal_message.html?_=1640647659213&CODE_STATE=getMsg HTTP/1.1" 200 27
124.77.245.186 - - [28/Dec/2021:07:27:44 +0800] "GET /xingrg/kc/base/wldb_order_operate.html?command=get_materiel&rest_code=00146&base_code=0010063&code=00101019543 HTTP/1.1" 200 470
124.77.245.186 - - [28/Dec/2021:07:27:50 +0800] "GET /xingrg/kc/base/wldb_order_operate.html?command=get_materiel&rest_code=00146&base_code=0010063&code=00101019071 HTTP/1.1" 200 454
120.253.135.82 - - [28/Dec/2021:07:27:51 +0800] "POST /xingrg/kc/pszx/jzcl_ps_operate.html HTTP/1.1" 200 4
120.253.135.82 - - [28/Dec/2021:07:27:52 +0800] "GET /xingrg/kc/pszx/mdps_order_list.html HTTP/1.1" 200 20925
120.253.135.82 - - [28/Dec/2021:07:27:53 +0800] "POST /xingrg/kc/pszx/mdps_list_operate.html HTTP/1.1" 200 5399
120.253.135.82 - - [28/Dec/2021:07:27:57 +0800] "GET /xingrg/all/function/internal_message.html?_=1640647458522&CODE_STATE=getMsg HTTP/1.1" 200 27
120.253.135.82 - - [28/Dec/2021:07:28:00 +0800] "GET /xingrg/kc/pszx/mdps_order_list.html?orderType=0 HTTP/1.1" 200 20925
120.253.135.82 - - [28/Dec/2021:07:28:01 +0800] "POST /xingrg/kc/pszx/mdps_list_operate.html HTTP/1.1" 200 5399
114.85.125.222 - - [28/Dec/2021:07:28:02 +0800] "GET /xingrg/check_reg.html?_=1640647625959 HTTP/1.1" 200 22
120.253.135.82 - - [28/Dec/2021:07:28:04 +0800] "GET /xingrg/kc/pszx/mdqp_order_list.html?state=10 HTTP/1.1" 200 10217
120.253.135.82 - - [28/Dec/2021:07:28:04 +0800] "GET /xingrg/dwr/interface/AjaxQqpsService.js HTTP/1.1" 200 16326
120.253.135.82 - - [28/Dec/2021:07:28:04 +0800] "GET /xingrg/dwr/interface/AjaxReportQueryService.js HTTP/1.1" 200 13203
120.253.135.82 - - [28/Dec/2021:07:28:04 +0800] "GET /xingrg/dwr/engine.js HTTP/1.1" 200 43631
120.253.135.82 - - [28/Dec/2021:07:28:07 +0800] "GET /xingrg/kc/pszx/mdps_order_list.html?orderType=0 HTTP/1.1" 200 20925
120.253.135.82 - - [28/Dec/2021:07:28:07 +0800] "POST /xingrg/kc/pszx/mdps_list_operate.html HTTP/1.1" 200 5399
124.77.245.186 - - [28/Dec/2021:07:28:07 +0800] "POST /xingrg/kc/base/wldb_order_operate.html HTTP/1.1" 200 37
124.79.247.218 - - [28/Dec/2021:07:28:08 +0800] "GET /xingrg/all/function/internal_message.html?_=1640647812628&CODE_STATE=getMsg HTTP/1.1" 200 27
124.77.245.186 - - [28/Dec/2021:07:28:09 +0800] "POST /xingrg/kc/base/wldb_order_operate.html HTTP/1.1" 200 12
124.77.245.186 - - [28/Dec/2021:07:28:09 +0800] "POST /xingrg/kc/base/wldb_order_operate.html HTTP/1.1" 200 2710
124.77.245.186 - - [28/Dec/2021:07:28:10 +0800] "GET /xingrg/kc/base/wldb_order_info.html?code=422021122802922 HTTP/1.1" 200 26158
124.77.245.186 - - [28/Dec/2021:07:28:11 +0800] "GET /xingrg/javascript/easyui/themes/default/validatebox.css HTTP/1.1" 404 1104
124.77.245.186 - - [28/Dec/2021:07:28:11 +0800] "POST /xingrg/kc/base/wldb_order_operate.html HTTP/1.1" 200 994
114.85.125.222 - - [28/Dec/2021:07:28:11 +0800] "GET /xingrg/all/function/internal_message.html?_=1640647634758&CODE_STATE=getMsg HTTP/1.1" 200 27
124.77.245.186 - - [28/Dec/2021:07:28:13 +0800] "GET /xingrg/kc/base/wldb_order_add.html HTTP/1.1" 200 30280
124.77.245.186 - - [28/Dec/2021:07:28:14 +0800] "POST /xingrg/kc/base/wldb_order_operate.html HTTP/1.1" 200 6806
124.77.245.186 - - [28/Dec/2021:07:28:14 +0800] "GET /xingrg/javascript/easyui/themes/default/validatebox.css HTTP/1.1" 404 1104
124.77.245.186 - - [28/Dec/2021:07:28:16 +0800] "GET /xingrg/all/function/internal_message.html?_=1640647701158&CODE_STATE=getMsg HTTP/1.1" 200 27
120.253.135.82 - - [28/Dec/2021:07:28:24 +0800] "POST /xingrg/kc/pszx/mdps_list_operate.html HTTP/1.1" 200 2807
124.77.245.186 - - [28/Dec/2021:07:28:27 +0800] "GET /xingrg/all/function/internal_message.html?_=1640647711391&CODE_STATE=getMsg HTTP/1.1" 302 -
120.253.135.82 - - [28/Dec/2021:07:28:28 +0800] "POST /xingrg/kc/pszx/mdps_list_operate.html HTTP/1.1" 200 365
120.253.135.82 - - [28/Dec/2021:07:28:30 +0800] "GET /xingrg/kc/pszx/mdps_order_info.html?code=312021122800715 HTTP/1.1" 200 23931
120.253.135.82 - - [28/Dec/2021:07:28:30 +0800] "GET /xingrg/javascript/easyui/themes/default/validatebox.css HTTP/1.1" 404 1104
120.253.135.82 - - [28/Dec/2021:07:28:30 +0800] "POST /xingrg/kc/pszx/mdps_order_operate.html HTTP/1.1" 200 3267
116.232.48.196 - - [28/Dec/2021:07:28:31 +0800] "POST /xingrg/services/DataTransmitService HTTP/1.1" 200 524
124.77.245.186 - - [28/Dec/2021:07:28:31 +0800] "GET /xingrg/kc/base/wldb_order_operate.html?command=get_materiel&rest_code=00146&base_code=0010064&code=00102002362 HTTP/1.1" 200 433
120.253.135.82 - - [28/Dec/2021:07:28:32 +0800] "POST /xingrg/all/common/load_combo.html?type=base HTTP/1.1" 200 1075
120.253.135.82 - - [28/Dec/2021:07:28:36 +0800] "POST /xingrg/kc/pszx/mdps_order_operate.html HTTP/1.1" 200 37
180.169.147.146 - - [28/Dec/2021:07:28:36 +0800] "GET /xingrg/check_reg.html?_=1640647715772 HTTP/1.1" 200 22
180.169.147.146 - - [28/Dec/2021:07:28:36 +0800] "GET /xingrg/all/function/internal_message.html?_=1640647715774&CODE_STATE=getMsg HTTP/1.1" 200 27
120.253.135.82 - - [28/Dec/2021:07:28:37 +0800] "GET /xingrg/kc/pszx/mdps_order_info.html?code=312021122800715 HTTP/1.1" 200 23931
120.253.135.82 - - [28/Dec/2021:07:28:37 +0800] "GET /xingrg/javascript/easyui/themes/default/validatebox.css HTTP/1.1" 404 1104
120.253.135.82 - - [28/Dec/2021:07:28:37 +0800] "POST /xingrg/kc/pszx/mdps_order_operate.html HTTP/1.1" 200 3293
180.169.147.146 - - [28/Dec/2021:07:28:38 +0800] "GET /xingrg/all/function/internal_message.html?_=1640647719304&CODE_STATE=getMsg HTTP/1.1" 200 27
120.253.135.82 - - [28/Dec/2021:07:28:40 +0800] "POST /xingrg/all/common/load_select.html HTTP/1.1" 200 25
172.20.0.100 - - [28/Dec/2021:07:28:41 +0800] "GET /xingrg/all/function/internal_message.html?_=1640647719216&CODE_STATE=getMsg HTTP/1.1" 200 27
120.253.135.82 - - [28/Dec/2021:07:28:42 +0800] "GET /xingrg/kc/pszx/mdps_order_operate.html?command=get_materiel_price&pszx_code=00101&rest_code=00156&base_code=0010250&code=00102021018&unit_code=00100348&order_time=2021-12-29 HTTP/1.1" 200 35
124.77.245.186 - - [28/Dec/2021:07:28:45 +0800] "GET /xingrg/kc/base/wldb_order_operate.html?command=get_materiel&rest_code=00146&base_code=0010064&code=00102002238 HTTP/1.1" 200 434
120.253.135.82 - - [28/Dec/2021:07:28:51 +0800] "POST /xingrg/kc/pszx/mdps_order_operate.html HTTP/1.1" 200 37
