124.77.245.186 - - [28/Dec/2021:06:19:14 +0800] "GET /xingrg/all/function/internal_message.html?_=1640643558349&CODE_STATE=getMsg HTTP/1.1" 200 27
124.77.245.186 - - [28/Dec/2021:06:19:26 +0800] "GET /xingrg/all/function/internal_message.html?_=1640643570465&CODE_STATE=getMsg HTTP/1.1" 302 -
180.169.147.146 - - [28/Dec/2021:06:19:36 +0800] "GET /xingrg/all/function/internal_message.html?_=1640643575670&CODE_STATE=getMsg HTTP/1.1" 200 27
180.169.147.146 - - [28/Dec/2021:06:19:38 +0800] "GET /xingrg/all/function/internal_message.html?_=1640643579265&CODE_STATE=getMsg HTTP/1.1" 200 27
172.20.0.100 - - [28/Dec/2021:06:19:41 +0800] "GET /xingrg/all/function/internal_message.html?_=1640643579221&CODE_STATE=getMsg HTTP/1.1" 200 27
120.253.135.82 - - [28/Dec/2021:06:19:53 +0800] "GET /xingrg/check_reg.html?_=1640643374561 HTTP/1.1" 200 22
120.253.135.82 - - [28/Dec/2021:06:19:53 +0800] "GET /xingrg/all/function/internal_message.html?_=1640643374697&CODE_STATE=getMsg HTTP/1.1" 200 27
124.79.247.218 - - [28/Dec/2021:06:20:08 +0800] "GET /xingrg/all/function/internal_message.html?_=1640643732531&CODE_STATE=getMsg HTTP/1.1" 200 27
114.85.125.222 - - [28/Dec/2021:06:20:10 +0800] "GET /xingrg/all/function/internal_message.html?_=1640643553842&CODE_STATE=getMsg HTTP/1.1" 200 27
124.77.245.186 - - [28/Dec/2021:06:20:14 +0800] "GET /xingrg/all/function/internal_message.html?_=1640643618372&CODE_STATE=getMsg HTTP/1.1" 200 27
124.77.245.186 - - [28/Dec/2021:06:20:26 +0800] "GET /xingrg/all/function/internal_message.html?_=1640643630467&CODE_STATE=getMsg HTTP/1.1" 302 -
180.169.147.146 - - [28/Dec/2021:06:20:36 +0800] "GET /xingrg/all/function/internal_message.html?_=1640643635663&CODE_STATE=getMsg HTTP/1.1" 200 27
180.169.147.146 - - [28/Dec/2021:06:20:38 +0800] "GET /xingrg/check_reg.html?_=1640643639268 HTTP/1.1" 200 22
180.169.147.146 - - [28/Dec/2021:06:20:38 +0800] "GET /xingrg/all/function/internal_message.html?_=1640643639270&CODE_STATE=getMsg HTTP/1.1" 200 27
172.20.0.100 - - [28/Dec/2021:06:20:40 +0800] "GET /xingrg/all/function/internal_message.html?_=1640643639213&CODE_STATE=getMsg HTTP/1.1" 200 27
120.253.135.82 - - [28/Dec/2021:06:20:53 +0800] "GET /xingrg/all/function/internal_message.html?_=1640643434711&CODE_STATE=getMsg HTTP/1.1" 200 27
124.77.245.186 - - [28/Dec/2021:06:21:05 +0800] "GET /xingrg/check_reg.html?_=1640643669972 HTTP/1.1" 200 22
124.79.247.218 - - [28/Dec/2021:06:21:08 +0800] "GET /xingrg/all/function/internal_message.html?_=1640643792530&CODE_STATE=getMsg HTTP/1.1" 200 27
124.79.247.218 - - [28/Dec/2021:06:21:08 +0800] "GET /xingrg/check_reg.html?_=1640643792531 HTTP/1.1" 200 22
114.85.125.222 - - [28/Dec/2021:06:21:10 +0800] "GET /xingrg/all/function/internal_message.html?_=1640643613848&CODE_STATE=getMsg HTTP/1.1" 200 27
124.77.245.186 - - [28/Dec/2021:06:21:11 +0800] "GET /xingrg/check_reg.html?_=1640643674829 HTTP/1.1" 302 -
124.77.245.186 - - [28/Dec/2021:06:21:14 +0800] "GET /xingrg/all/function/internal_message.html?_=1640643678376&CODE_STATE=getMsg HTTP/1.1" 200 27
114.88.159.28 - - [28/Dec/2021:06:21:17 +0800] "POST /xingrg/services/DataTransmitService HTTP/1.1" 200 524
124.77.245.186 - - [28/Dec/2021:06:21:26 +0800] "GET /xingrg/all/function/internal_message.html?_=1640643690491&CODE_STATE=getMsg HTTP/1.1" 302 -
124.77.245.186 - - [28/Dec/2021:06:21:26 +0800] "POST /xingrg/services/DataTransmitService HTTP/1.1" 200 524
180.169.147.146 - - [28/Dec/2021:06:21:36 +0800] "GET /xingrg/all/function/internal_message.html?_=1640643695655&CODE_STATE=getMsg HTTP/1.1" 200 27
180.169.147.146 - - [28/Dec/2021:06:21:38 +0800] "GET /xingrg/all/function/internal_message.html?_=1640643699269&CODE_STATE=getMsg HTTP/1.1" 200 27
172.20.0.100 - - [28/Dec/2021:06:21:41 +0800] "GET /xingrg/all/function/internal_message.html?_=1640643699219&CODE_STATE=getMsg HTTP/1.1" 200 27
120.253.135.82 - - [28/Dec/2021:06:21:53 +0800] "GET /xingrg/all/function/internal_message.html?_=1640643494724&CODE_STATE=getMsg HTTP/1.1" 200 27
124.79.247.218 - - [28/Dec/2021:06:22:08 +0800] "GET /xingrg/all/function/internal_message.html?_=1640643852528&CODE_STATE=getMsg HTTP/1.1" 200 27
114.85.125.222 - - [28/Dec/2021:06:22:10 +0800] "GET /xingrg/all/function/internal_message.html?_=1640643673866&CODE_STATE=getMsg HTTP/1.1" 200 27
124.77.245.186 - - [28/Dec/2021:06:22:14 +0800] "GET /xingrg/all/function/internal_message.html?_=1640643738390&CODE_STATE=getMsg HTTP/1.1" 200 27
124.77.245.186 - - [28/Dec/2021:06:22:26 +0800] "GET /xingrg/all/function/internal_message.html?_=1640643750494&CODE_STATE=getMsg HTTP/1.1" 302 -
180.169.147.146 - - [28/Dec/2021:06:22:36 +0800] "GET /xingrg/all/function/internal_message.html?_=1640643755662&CODE_STATE=getMsg HTTP/1.1" 200 27
180.169.147.146 - - [28/Dec/2021:06:22:38 +0800] "GET /xingrg/all/function/internal_message.html?_=1640643759268&CODE_STATE=getMsg HTTP/1.1" 200 27
172.20.0.100 - - [28/Dec/2021:06:22:41 +0800] "GET /xingrg/check_reg.html?_=1640643759222 HTTP/1.1" 200 22
172.20.0.100 - - [28/Dec/2021:06:22:41 +0800] "GET /xingrg/all/function/internal_message.html?_=1640643759225&CODE_STATE=getMsg HTTP/1.1" 200 27
120.253.135.82 - - [28/Dec/2021:06:22:53 +0800] "GET /xingrg/all/function/internal_message.html?_=1640643554817&CODE_STATE=getMsg HTTP/1.1" 200 27
114.85.125.222 - - [28/Dec/2021:06:23:02 +0800] "GET /xingrg/check_reg.html?_=1640643725888 HTTP/1.1" 200 22
124.79.247.218 - - [28/Dec/2021:06:23:08 +0800] "GET /xingrg/all/function/internal_message.html?_=1640643912553&CODE_STATE=getMsg HTTP/1.1" 200 27
114.85.125.222 - - [28/Dec/2021:06:23:10 +0800] "GET /xingrg/all/function/internal_message.html?_=1640643733875&CODE_STATE=getMsg HTTP/1.1" 200 27
124.77.245.186 - - [28/Dec/2021:06:23:14 +0800] "GET /xingrg/all/function/internal_message.html?_=1640643798413&CODE_STATE=getMsg HTTP/1.1" 200 27
124.77.245.186 - - [28/Dec/2021:06:23:26 +0800] "GET /xingrg/all/function/internal_message.html?_=1640643810519&CODE_STATE=getMsg HTTP/1.1" 302 -
180.169.147.146 - - [28/Dec/2021:06:23:36 +0800] "GET /xingrg/all/function/internal_message.html?_=1640643815682&CODE_STATE=getMsg HTTP/1.1" 200 27
180.169.147.146 - - [28/Dec/2021:06:23:36 +0800] "GET /xingrg/check_reg.html?_=1640643815684 HTTP/1.1" 200 22
180.169.147.146 - - [28/Dec/2021:06:23:38 +0800] "GET /xingrg/all/function/internal_message.html?_=1640643819270&CODE_STATE=getMsg HTTP/1.1" 200 27
172.20.0.100 - - [28/Dec/2021:06:23:40 +0800] "GET /xingrg/all/function/internal_message.html?_=1640643819210&CODE_STATE=getMsg HTTP/1.1" 200 27
120.253.135.82 - - [28/Dec/2021:06:23:53 +0800] "GET /xingrg/all/function/internal_message.html?_=1640643614923&CODE_STATE=getMsg HTTP/1.1" 200 27
124.79.247.218 - - [28/Dec/2021:06:24:08 +0800] "GET /xingrg/all/function/internal_message.html?_=1640643972550&CODE_STATE=getMsg HTTP/1.1" 200 27
114.85.125.222 - - [28/Dec/2021:06:24:10 +0800] "GET /xingrg/all/function/internal_message.html?_=1640643793888&CODE_STATE=getMsg HTTP/1.1" 200 27
124.77.245.186 - - [28/Dec/2021:06:24:14 +0800] "GET /xingrg/all/function/internal_message.html?_=1640643858417&CODE_STATE=getMsg HTTP/1.1" 200 27
124.77.245.186 - - [28/Dec/2021:06:24:26 +0800] "GET /xingrg/all/function/internal_message.html?_=1640643870522&CODE_STATE=getMsg HTTP/1.1" 302 -
180.169.147.146 - - [28/Dec/2021:06:24:36 +0800] "GET /xingrg/all/function/internal_message.html?_=1640643875673&CODE_STATE=getMsg HTTP/1.1" 200 27
180.169.147.146 - - [28/Dec/2021:06:24:38 +0800] "GET /xingrg/all/function/internal_message.html?_=1640643879267&CODE_STATE=getMsg HTTP/1.1" 200 27
172.20.0.100 - - [28/Dec/2021:06:24:41 +0800] "GET /xingrg/all/function/internal_message.html?_=1640643879212&CODE_STATE=getMsg HTTP/1.1" 200 27
120.253.135.82 - - [28/Dec/2021:06:24:53 +0800] "GET /xingrg/check_reg.html?_=1640643674562 HTTP/1.1" 200 22
120.253.135.82 - - [28/Dec/2021:06:24:53 +0800] "GET /xingrg/all/function/internal_message.html?_=1640643674936&CODE_STATE=getMsg HTTP/1.1" 200 27
124.79.247.218 - - [28/Dec/2021:06:25:08 +0800] "GET /xingrg/all/function/internal_message.html?_=1640644032565&CODE_STATE=getMsg HTTP/1.1" 200 27
114.85.125.222 - - [28/Dec/2021:06:25:10 +0800] "GET /xingrg/all/function/internal_message.html?_=1640643853907&CODE_STATE=getMsg HTTP/1.1" 200 27
124.77.245.186 - - [28/Dec/2021:06:25:14 +0800] "GET /xingrg/all/function/internal_message.html?_=1640643918435&CODE_STATE=getMsg HTTP/1.1" 200 27
124.77.245.186 - - [28/Dec/2021:06:25:26 +0800] "GET /xingrg/all/function/internal_message.html?_=1640643930546&CODE_STATE=getMsg HTTP/1.1" 302 -
180.169.147.146 - - [28/Dec/2021:06:25:36 +0800] "GET /xingrg/all/function/internal_message.html?_=1640643935663&CODE_STATE=getMsg HTTP/1.1" 200 27
180.169.147.146 - - [28/Dec/2021:06:25:38 +0800] "GET /xingrg/all/function/internal_message.html?_=1640643939268&CODE_STATE=getMsg HTTP/1.1" 200 27
180.169.147.146 - - [28/Dec/2021:06:25:38 +0800] "GET /xingrg/check_reg.html?_=1640643939270 HTTP/1.1" 200 22
172.20.0.100 - - [28/Dec/2021:06:25:41 +0800] "GET /xingrg/all/function/internal_message.html?_=1640643939217&CODE_STATE=getMsg HTTP/1.1" 200 27
120.253.135.82 - - [28/Dec/2021:06:25:53 +0800] "GET /xingrg/all/function/internal_message.html?_=1640643734950&CODE_STATE=getMsg HTTP/1.1" 200 27
124.77.245.186 - - [28/Dec/2021:06:26:05 +0800] "GET /xingrg/check_reg.html?_=1640643969975 HTTP/1.1" 200 22
124.79.247.218 - - [28/Dec/2021:06:26:08 +0800] "GET /xingrg/check_reg.html?_=1640644092564 HTTP/1.1" 200 22
124.79.247.218 - - [28/Dec/2021:06:26:08 +0800] "GET /xingrg/all/function/internal_message.html?_=1640644092565&CODE_STATE=getMsg HTTP/1.1" 200 27
114.85.125.222 - - [28/Dec/2021:06:26:10 +0800] "GET /xingrg/all/function/internal_message.html?_=1640643913916&CODE_STATE=getMsg HTTP/1.1" 200 27
124.77.245.186 - - [28/Dec/2021:06:26:11 +0800] "GET /xingrg/check_reg.html?_=1640643974828 HTTP/1.1" 302 -
124.77.245.186 - - [28/Dec/2021:06:26:14 +0800] "GET /xingrg/all/function/internal_message.html?_=1640643978445&CODE_STATE=getMsg HTTP/1.1" 200 27
124.77.245.186 - - [28/Dec/2021:06:26:26 +0800] "GET /xingrg/all/function/internal_message.html?_=1640643990549&CODE_STATE=getMsg HTTP/1.1" 302 -
116.227.210.113 - - [28/Dec/2021:06:26:32 +0800] "POST /xingrg/services/DataTransmitService HTTP/1.1" 200 524
180.169.147.146 - - [28/Dec/2021:06:26:36 +0800] "GET /xingrg/all/function/internal_message.html?_=1640643995668&CODE_STATE=getMsg HTTP/1.1" 200 27
180.169.147.146 - - [28/Dec/2021:06:26:38 +0800] "GET /xingrg/all/function/internal_message.html?_=1640643999271&CODE_STATE=getMsg HTTP/1.1" 200 27
172.20.0.100 - - [28/Dec/2021:06:26:41 +0800] "GET /xingrg/all/function/internal_message.html?_=1640643999220&CODE_STATE=getMsg HTTP/1.1" 200 27
120.253.135.82 - - [28/Dec/2021:06:26:53 +0800] "GET /xingrg/all/function/internal_message.html?_=1640643794964&CODE_STATE=getMsg HTTP/1.1" 200 27
124.79.247.218 - - [28/Dec/2021:06:27:08 +0800] "GET /xingrg/all/function/internal_message.html?_=1640644152563&CODE_STATE=getMsg HTTP/1.1" 200 27
114.85.125.222 - - [28/Dec/2021:06:27:10 +0800] "GET /xingrg/all/function/internal_message.html?_=1640643973934&CODE_STATE=getMsg HTTP/1.1" 200 27
124.77.245.186 - - [28/Dec/2021:06:27:14 +0800] "GET /xingrg/all/function/internal_message.html?_=1640644038458&CODE_STATE=getMsg HTTP/1.1" 200 27
120.253.135.82 - - [28/Dec/2021:06:27:16 +0800] "GET /xingrg/javascript/auto/indicator.gif HTTP/1.1" 404 1066
124.77.245.186 - - [28/Dec/2021:06:27:26 +0800] "GET /xingrg/all/function/internal_message.html?_=1640644050572&CODE_STATE=getMsg HTTP/1.1" 302 -
180.169.147.146 - - [28/Dec/2021:06:27:36 +0800] "GET /xingrg/all/function/internal_message.html?_=1640644055675&CODE_STATE=getMsg HTTP/1.1" 200 27
180.169.147.146 - - [28/Dec/2021:06:27:38 +0800] "GET /xingrg/all/function/internal_message.html?_=1640644059270&CODE_STATE=getMsg HTTP/1.1" 200 27
172.20.0.100 - - [28/Dec/2021:06:27:40 +0800] "GET /xingrg/all/function/internal_message.html?_=1640644059208&CODE_STATE=getMsg HTTP/1.1" 200 27
172.20.0.100 - - [28/Dec/2021:06:27:40 +0800] "GET /xingrg/check_reg.html?_=1640644059210 HTTP/1.1" 200 22
120.253.135.82 - - [28/Dec/2021:06:27:51 +0800] "GET /xingrg/javascript/easyui/themes/default/images/button_plain_hover.png HTTP/1.1" 200 144
120.253.135.82 - - [28/Dec/2021:06:27:51 +0800] "GET /xingrg/javascript/easyui/themes/default/images/button_plain_hover.png HTTP/1.1" 200 144
120.253.135.82 - - [28/Dec/2021:06:27:53 +0800] "GET /xingrg/all/function/internal_message.html?_=1640643854977&CODE_STATE=getMsg HTTP/1.1" 200 27
114.85.125.222 - - [28/Dec/2021:06:28:02 +0800] "GET /xingrg/check_reg.html?_=1640644025895 HTTP/1.1" 200 22
124.79.247.218 - - [28/Dec/2021:06:28:08 +0800] "GET /xingrg/all/function/internal_message.html?_=1640644212562&CODE_STATE=getMsg HTTP/1.1" 200 27
120.253.135.82 - - [28/Dec/2021:06:28:10 +0800] "POST /xingrg/kc/pszx/mdps_list_operate.html HTTP/1.1" 200 1692
114.85.125.222 - - [28/Dec/2021:06:28:10 +0800] "GET /xingrg/all/function/internal_message.html?_=1640644033942&CODE_STATE=getMsg HTTP/1.1" 200 27
120.253.135.82 - - [28/Dec/2021:06:28:11 +0800] "POST /xingrg/kc/pszx/mdps_list_operate.html HTTP/1.1" 200 463
124.77.245.186 - - [28/Dec/2021:06:28:14 +0800] "GET /xingrg/all/function/internal_message.html?_=1640644098476&CODE_STATE=getMsg HTTP/1.1" 200 27
124.77.245.186 - - [28/Dec/2021:06:28:26 +0800] "GET /xingrg/all/function/internal_message.html?_=1640644110576&CODE_STATE=getMsg HTTP/1.1" 302 -
120.253.135.82 - - [28/Dec/2021:06:28:33 +0800] "POST /xingrg/kc/pszx/mdps_list_operate.html HTTP/1.1" 200 1693
120.253.135.82 - - [28/Dec/2021:06:28:34 +0800] "POST /xingrg/kc/pszx/mdps_list_operate.html HTTP/1.1" 200 649
120.253.135.82 - - [28/Dec/2021:06:28:35 +0800] "GET /xingrg/kc/pszx/mdps_order_info.html?code=312021122800704 HTTP/1.1" 200 23931
120.253.135.82 - - [28/Dec/2021:06:28:35 +0800] "GET /xingrg/javascript/convert.js HTTP/1.1" 200 1239
120.253.135.82 - - [28/Dec/2021:06:28:35 +0800] "GET /xingrg/javascript/json2.js HTTP/1.1" 200 11259
120.253.135.82 - - [28/Dec/2021:06:28:35 +0800] "GET /xingrg/javascript/jquery_tools/order_manager.js HTTP/1.1" 200 11183
120.253.135.82 - - [28/Dec/2021:06:28:35 +0800] "GET /xingrg/words/20211227185157_words.js HTTP/1.1" 200 881536
120.253.135.82 - - [28/Dec/2021:06:28:35 +0800] "GET /xingrg/javascript/easyui/themes/icons/copy_new.png HTTP/1.1" 200 815
120.253.135.82 - - [28/Dec/2021:06:28:35 +0800] "GET /xingrg/javascript/easyui/themes/icons/print.png HTTP/1.1" 200 1057
120.253.135.82 - - [28/Dec/2021:06:28:35 +0800] "GET /xingrg/javascript/easyui/themes/default/images/menu_downarrow.png HTTP/1.1" 200 173
120.253.135.82 - - [28/Dec/2021:06:28:35 +0800] "GET /xingrg/javascript/easyui/themes/icons/cancel.png HTTP/1.1" 200 1133
120.253.135.82 - - [28/Dec/2021:06:28:35 +0800] "GET /xingrg/javascript/easyui/themes/icons/ok.png HTTP/1.1" 200 883
120.253.135.82 - - [28/Dec/2021:06:28:36 +0800] "POST /xingrg/kc/pszx/mdps_order_operate.html HTTP/1.1" 200 7787
120.253.135.82 - - [28/Dec/2021:06:28:36 +0800] "GET /xingrg/all/common/auto_word.html?type=base&rest_code=00101 HTTP/1.1" 200 613
120.253.135.82 - - [28/Dec/2021:06:28:36 +0800] "GET /xingrg/javascript/easyui/themes/icons/edit_remove.png HTTP/1.1" 200 625
120.253.135.82 - - [28/Dec/2021:06:28:36 +0800] "GET /xingrg/javascript/easyui/themes/default/validatebox.css HTTP/1.1" 404 1104
120.253.135.82 - - [28/Dec/2021:06:28:36 +0800] "GET /xingrg/javascript/easyui/plugins/jquery.validatebox.js HTTP/1.1" 200 6103
120.253.135.82 - - [28/Dec/2021:06:28:36 +0800] "GET /xingrg/javascript/easyui/plugins/jquery.numberbox.js HTTP/1.1" 200 5213
124.77.245.186 - - [28/Dec/2021:06:28:36 +0800] "POST /xingrg/services/DataTransmitService HTTP/1.1" 200 412
180.169.147.146 - - [28/Dec/2021:06:28:36 +0800] "GET /xingrg/all/function/internal_message.html?_=1640644115681&CODE_STATE=getMsg HTTP/1.1" 200 27
180.169.147.146 - - [28/Dec/2021:06:28:36 +0800] "GET /xingrg/check_reg.html?_=1640644115683 HTTP/1.1" 200 22
180.169.147.146 - - [28/Dec/2021:06:28:38 +0800] "GET /xingrg/all/function/internal_message.html?_=1640644119269&CODE_STATE=getMsg HTTP/1.1" 200 27
120.253.135.82 - - [28/Dec/2021:06:28:39 +0800] "POST /xingrg/kc/pszx/mdps_order_operate.html HTTP/1.1" 200 37
120.253.135.82 - - [28/Dec/2021:06:28:40 +0800] "GET /xingrg/kc/pszx/mdps_order_info.html?code=312021122800704 HTTP/1.1" 200 23931
120.253.135.82 - - [28/Dec/2021:06:28:40 +0800] "GET /xingrg/javascript/easyui/themes/default/validatebox.css HTTP/1.1" 404 1104
120.253.135.82 - - [28/Dec/2021:06:28:40 +0800] "POST /xingrg/kc/pszx/mdps_order_operate.html HTTP/1.1" 200 7883
172.20.0.100 - - [28/Dec/2021:06:28:41 +0800] "GET /xingrg/all/function/internal_message.html?_=1640644119211&CODE_STATE=getMsg HTTP/1.1" 200 27
120.253.135.82 - - [28/Dec/2021:06:28:53 +0800] "GET /xingrg/all/function/internal_message.html?_=1640643915002&CODE_STATE=getMsg HTTP/1.1" 200 27
124.79.247.218 - - [28/Dec/2021:06:29:08 +0800] "GET /xingrg/all/function/internal_message.html?_=1640644272561&CODE_STATE=getMsg HTTP/1.1" 200 27
114.85.125.222 - - [28/Dec/2021:06:29:10 +0800] "GET /xingrg/all/function/internal_message.html?_=1640644093956&CODE_STATE=getMsg HTTP/1.1" 200 27
124.77.245.186 - - [28/Dec/2021:06:29:14 +0800] "GET /xingrg/all/function/internal_message.html?_=1640644158485&CODE_STATE=getMsg HTTP/1.1" 200 27
124.77.245.186 - - [28/Dec/2021:06:29:26 +0800] "GET /xingrg/all/function/internal_message.html?_=1640644170600&CODE_STATE=getMsg HTTP/1.1" 302 -
180.169.147.146 - - [28/Dec/2021:06:29:36 +0800] "GET /xingrg/all/function/internal_message.html?_=1640644175682&CODE_STATE=getMsg HTTP/1.1" 200 27
180.169.147.146 - - [28/Dec/2021:06:29:38 +0800] "GET /xingrg/all/function/internal_message.html?_=1640644179268&CODE_STATE=getMsg HTTP/1.1" 200 27
172.20.0.100 - - [28/Dec/2021:06:29:41 +0800] "GET /xingrg/all/function/internal_message.html?_=1640644179218&CODE_STATE=getMsg HTTP/1.1" 200 27
120.253.135.82 - - [28/Dec/2021:06:29:50 +0800] "POST /xingrg/kc/pszx/mdps_order_operate.html HTTP/1.1" 200 37
120.253.135.82 - - [28/Dec/2021:06:29:50 +0800] "GET /xingrg/kc/pszx/mdps_order_info.html?code=312021122800704 HTTP/1.1" 200 23931
120.253.135.82 - - [28/Dec/2021:06:29:51 +0800] "POST /xingrg/kc/pszx/mdps_order_operate.html HTTP/1.1" 200 7384
120.253.135.82 - - [28/Dec/2021:06:29:51 +0800] "GET /xingrg/javascript/easyui/themes/default/validatebox.css HTTP/1.1" 404 1104
120.253.135.82 - - [28/Dec/2021:06:29:53 +0800] "GET /xingrg/check_reg.html?_=1640643974572 HTTP/1.1" 200 22
120.253.135.82 - - [28/Dec/2021:06:29:53 +0800] "GET /xingrg/all/function/internal_message.html?_=1640643975005&CODE_STATE=getMsg HTTP/1.1" 200 27
120.253.135.82 - - [28/Dec/2021:06:29:55 +0800] "GET /xingrg/kc/pszx/mdps_order_info.html?code=312021122800704 HTTP/1.1" 200 23931
120.253.135.82 - - [28/Dec/2021:06:29:55 +0800] "GET /xingrg/javascript/easyui/themes/default/validatebox.css HTTP/1.1" 404 1104
120.253.135.82 - - [28/Dec/2021:06:29:55 +0800] "POST /xingrg/kc/pszx/mdps_order_operate.html HTTP/1.1" 200 7384
114.83.217.171 - - [28/Dec/2021:06:29:59 +0800] "POST /xingrg/services/DataTransmitService HTTP/1.1" 200 524
120.253.135.82 - - [28/Dec/2021:06:30:03 +0800] "POST /xingrg/kc/pszx/mdps_order_operate.html HTTP/1.1" 200 37
120.253.135.82 - - [28/Dec/2021:06:30:04 +0800] "GET /xingrg/kc/pszx/mdps_order_info.html?code=312021122800704 HTTP/1.1" 200 23931
120.253.135.82 - - [28/Dec/2021:06:30:04 +0800] "POST /xingrg/kc/pszx/mdps_order_operate.html HTTP/1.1" 200 7382
120.253.135.82 - - [28/Dec/2021:06:30:04 +0800] "GET /xingrg/javascript/easyui/themes/default/validatebox.css HTTP/1.1" 404 1104
120.253.135.82 - - [28/Dec/2021:06:30:07 +0800] "GET /xingrg/kc/print/load_config.html?kc_code=mdps HTTP/1.1" 200 2390
120.253.135.82 - - [28/Dec/2021:06:30:07 +0800] "GET /xingrg/kc/print/load_data.html?order_code=312021122800704&kc_code=mdps&condition= HTTP/1.1" 200 3083
124.79.247.218 - - [28/Dec/2021:06:30:08 +0800] "GET /xingrg/all/function/internal_message.html?_=1640644332560&CODE_STATE=getMsg HTTP/1.1" 200 27
114.85.125.222 - - [28/Dec/2021:06:30:10 +0800] "GET /xingrg/all/function/internal_message.html?_=1640644153976&CODE_STATE=getMsg HTTP/1.1" 200 27
124.77.245.186 - - [28/Dec/2021:06:30:14 +0800] "GET /xingrg/all/function/internal_message.html?_=1640644218502&CODE_STATE=getMsg HTTP/1.1" 200 27
120.253.135.82 - - [28/Dec/2021:06:30:21 +0800] "POST /xingrg/kc/pszx/mdps_list_operate.html HTTP/1.1" 200 1692
124.77.245.186 - - [28/Dec/2021:06:30:26 +0800] "GET /xingrg/all/function/internal_message.html?_=1640644230603&CODE_STATE=getMsg HTTP/1.1" 302 -
120.253.135.82 - - [28/Dec/2021:06:30:32 +0800] "POST /xingrg/kc/pszx/mdps_list_operate.html HTTP/1.1" 200 1691
120.253.135.82 - - [28/Dec/2021:06:30:34 +0800] "POST /xingrg/kc/pszx/mdps_list_operate.html HTTP/1.1" 200 210
120.253.135.82 - - [28/Dec/2021:06:30:36 +0800] "GET /xingrg/kc/pszx/mdps_order_info.html?code=312021122800705 HTTP/1.1" 200 23931
120.253.135.82 - - [28/Dec/2021:06:30:36 +0800] "GET /xingrg/javascript/easyui/themes/default/validatebox.css HTTP/1.1" 404 1104
120.253.135.82 - - [28/Dec/2021:06:30:36 +0800] "POST /xingrg/kc/pszx/mdps_order_operate.html HTTP/1.1" 200 2298
180.169.147.146 - - [28/Dec/2021:06:30:36 +0800] "GET /xingrg/all/function/internal_message.html?_=1640644235679&CODE_STATE=getMsg HTTP/1.1" 200 27
180.169.147.146 - - [28/Dec/2021:06:30:38 +0800] "GET /xingrg/check_reg.html?_=1640644239274 HTTP/1.1" 200 22
180.169.147.146 - - [28/Dec/2021:06:30:38 +0800] "GET /xingrg/all/function/internal_message.html?_=1640644239270&CODE_STATE=getMsg HTTP/1.1" 200 27
172.20.0.100 - - [28/Dec/2021:06:30:40 +0800] "GET /xingrg/all/function/internal_message.html?_=1640644239208&CODE_STATE=getMsg HTTP/1.1" 200 27
120.253.135.82 - - [28/Dec/2021:06:30:42 +0800] "GET /xingrg/css/images/panel_loading.gif HTTP/1.1" 200 1737
120.253.135.82 - - [28/Dec/2021:06:30:42 +0800] "POST /xingrg/all/common/load_combo.html?type=base HTTP/1.1" 200 1075
120.253.135.82 - - [28/Dec/2021:06:30:48 +0800] "POST /xingrg/kc/pszx/mdps_order_operate.html HTTP/1.1" 200 37
120.253.135.82 - - [28/Dec/2021:06:30:49 +0800] "GET /xingrg/kc/pszx/mdps_order_info.html?code=312021122800705 HTTP/1.1" 200 23929
120.253.135.82 - - [28/Dec/2021:06:30:50 +0800] "GET /xingrg/javascript/easyui/themes/default/validatebox.css HTTP/1.1" 404 1104
120.253.135.82 - - [28/Dec/2021:06:30:50 +0800] "POST /xingrg/kc/pszx/mdps_order_operate.html HTTP/1.1" 200 2306
120.253.135.82 - - [28/Dec/2021:06:30:53 +0800] "GET /xingrg/all/function/internal_message.html?_=1640644035018&CODE_STATE=getMsg HTTP/1.1" 200 27
120.253.135.82 - - [28/Dec/2021:06:30:56 +0800] "POST /xingrg/all/common/load_select.html HTTP/1.1" 200 25
120.253.135.82 - - [28/Dec/2021:06:30:58 +0800] "GET /xingrg/kc/pszx/mdps_order_operate.html?command=get_materiel_price&pszx_code=00101&rest_code=00143&base_code=0010570&code=00101025030&unit_code=00100189&order_time=2021-12-28 HTTP/1.1" 200 34
120.253.135.82 - - [28/Dec/2021:06:31:04 +0800] "POST /xingrg/kc/pszx/mdps_order_operate.html HTTP/1.1" 200 37
120.253.135.82 - - [28/Dec/2021:06:31:05 +0800] "GET /xingrg/kc/pszx/mdps_order_info.html?code=312021122800705 HTTP/1.1" 200 23929
124.77.245.186 - - [28/Dec/2021:06:31:05 +0800] "GET /xingrg/check_reg.html?_=1640644269983 HTTP/1.1" 200 22
120.253.135.82 - - [28/Dec/2021:06:31:05 +0800] "GET /xingrg/javascript/easyui/themes/default/validatebox.css HTTP/1.1" 404 1104
120.253.135.82 - - [28/Dec/2021:06:31:05 +0800] "POST /xingrg/kc/pszx/mdps_order_operate.html HTTP/1.1" 200 2305
124.79.247.218 - - [28/Dec/2021:06:31:08 +0800] "GET /xingrg/all/function/internal_message.html?_=1640644392558&CODE_STATE=getMsg HTTP/1.1" 200 27
124.79.247.218 - - [28/Dec/2021:06:31:08 +0800] "GET /xingrg/check_reg.html?_=1640644392559 HTTP/1.1" 200 22
114.85.125.222 - - [28/Dec/2021:06:31:10 +0800] "GET /xingrg/all/function/internal_message.html?_=1640644213983&CODE_STATE=getMsg HTTP/1.1" 200 27
124.77.245.186 - - [28/Dec/2021:06:31:11 +0800] "GET /xingrg/check_reg.html?_=1640644274840 HTTP/1.1" 302 -
124.77.245.186 - - [28/Dec/2021:06:31:14 +0800] "GET /xingrg/all/function/internal_message.html?_=1640644278512&CODE_STATE=getMsg HTTP/1.1" 200 27
120.253.135.82 - - [28/Dec/2021:06:31:20 +0800] "POST /xingrg/kc/pszx/mdps_order_operate.html HTTP/1.1" 200 37
120.253.135.82 - - [28/Dec/2021:06:31:22 +0800] "GET /xingrg/kc/pszx/mdps_order_info.html?code=312021122800705 HTTP/1.1" 200 23929
120.253.135.82 - - [28/Dec/2021:06:31:23 +0800] "GET /xingrg/javascript/easyui/themes/default/validatebox.css HTTP/1.1" 404 1104
120.253.135.82 - - [28/Dec/2021:06:31:23 +0800] "POST /xingrg/kc/pszx/mdps_order_operate.html HTTP/1.1" 200 2305
120.253.135.82 - - [28/Dec/2021:06:31:26 +0800] "GET /xingrg/kc/print/load_data.html?order_code=312021122800705&kc_code=mdps&condition= HTTP/1.1" 200 713
124.77.245.186 - - [28/Dec/2021:06:31:26 +0800] "GET /xingrg/all/function/internal_message.html?_=1640644290626&CODE_STATE=getMsg HTTP/1.1" 302 -
120.253.135.82 - - [28/Dec/2021:06:31:33 +0800] "POST /xingrg/kc/pszx/mdps_list_operate.html HTTP/1.1" 200 1689
180.169.147.146 - - [28/Dec/2021:06:31:36 +0800] "GET /xingrg/all/function/internal_message.html?_=1640644295683&CODE_STATE=getMsg HTTP/1.1" 200 27
180.169.147.146 - - [28/Dec/2021:06:31:38 +0800] "GET /xingrg/all/function/internal_message.html?_=1640644299274&CODE_STATE=getMsg HTTP/1.1" 200 27
172.20.0.100 - - [28/Dec/2021:06:31:41 +0800] "GET /xingrg/all/function/internal_message.html?_=1640644299212&CODE_STATE=getMsg HTTP/1.1" 200 27
120.253.135.82 - - [28/Dec/2021:06:31:53 +0800] "GET /xingrg/all/function/internal_message.html?_=1640644095071&CODE_STATE=getMsg HTTP/1.1" 200 27
124.79.247.218 - - [28/Dec/2021:06:32:08 +0800] "GET /xingrg/all/function/internal_message.html?_=1640644452557&CODE_STATE=getMsg HTTP/1.1" 200 27
114.85.125.222 - - [28/Dec/2021:06:32:10 +0800] "GET /xingrg/all/function/internal_message.html?_=1640644274004&CODE_STATE=getMsg HTTP/1.1" 200 27
124.77.245.186 - - [28/Dec/2021:06:32:14 +0800] "GET /xingrg/all/function/internal_message.html?_=1640644338525&CODE_STATE=getMsg HTTP/1.1" 200 27
124.77.245.186 - - [28/Dec/2021:06:32:26 +0800] "GET /xingrg/all/function/internal_message.html?_=1640644350630&CODE_STATE=getMsg HTTP/1.1" 302 -
180.169.147.146 - - [28/Dec/2021:06:32:36 +0800] "GET /xingrg/all/function/internal_message.html?_=1640644355684&CODE_STATE=getMsg HTTP/1.1" 200 27
180.169.147.146 - - [28/Dec/2021:06:32:38 +0800] "GET /xingrg/all/function/internal_message.html?_=1640644359273&CODE_STATE=getMsg HTTP/1.1" 200 27
172.20.0.100 - - [28/Dec/2021:06:32:41 +0800] "GET /xingrg/check_reg.html?_=1640644359218 HTTP/1.1" 200 22
172.20.0.100 - - [28/Dec/2021:06:32:41 +0800] "GET /xingrg/all/function/internal_message.html?_=1640644359220&CODE_STATE=getMsg HTTP/1.1" 200 27
120.253.135.82 - - [28/Dec/2021:06:32:53 +0800] "GET /xingrg/all/function/internal_message.html?_=1640644155076&CODE_STATE=getMsg HTTP/1.1" 200 27
114.85.125.222 - - [28/Dec/2021:06:33:02 +0800] "GET /xingrg/check_reg.html?_=1640644325902 HTTP/1.1" 200 22
124.79.247.218 - - [28/Dec/2021:06:33:08 +0800] "GET /xingrg/all/function/internal_message.html?_=1640644512555&CODE_STATE=getMsg HTTP/1.1" 200 27
114.85.125.222 - - [28/Dec/2021:06:33:10 +0800] "GET /xingrg/all/function/internal_message.html?_=1640644334011&CODE_STATE=getMsg HTTP/1.1" 200 27
124.77.245.186 - - [28/Dec/2021:06:33:14 +0800] "GET /xingrg/all/function/internal_message.html?_=1640644398546&CODE_STATE=getMsg HTTP/1.1" 200 27
124.77.245.186 - - [28/Dec/2021:06:33:26 +0800] "GET /xingrg/all/function/internal_message.html?_=1640644410655&CODE_STATE=getMsg HTTP/1.1" 302 -
180.169.147.146 - - [28/Dec/2021:06:33:36 +0800] "GET /xingrg/all/function/internal_message.html?_=1640644415679&CODE_STATE=getMsg HTTP/1.1" 200 27
180.169.147.146 - - [28/Dec/2021:06:33:36 +0800] "GET /xingrg/check_reg.html?_=1640644415681 HTTP/1.1" 200 22
120.253.135.82 - - [28/Dec/2021:06:33:36 +0800] "POST /xingrg/kc/pszx/mdps_list_operate.html HTTP/1.1" 200 4295
180.169.147.146 - - [28/Dec/2021:06:33:38 +0800] "GET /xingrg/all/function/internal_message.html?_=1640644419273&CODE_STATE=getMsg HTTP/1.1" 200 27
120.253.135.82 - - [28/Dec/2021:06:33:38 +0800] "POST /xingrg/kc/pszx/mdps_list_operate.html HTTP/1.1" 200 455
120.253.135.82 - - [28/Dec/2021:06:33:40 +0800] "POST /xingrg/kc/pszx/mdps_list_operate.html HTTP/1.1" 200 300
172.20.0.100 - - [28/Dec/2021:06:33:41 +0800] "GET /xingrg/all/function/internal_message.html?_=1640644419222&CODE_STATE=getMsg HTTP/1.1" 200 27
120.253.135.82 - - [28/Dec/2021:06:33:43 +0800] "POST /xingrg/kc/pszx/mdps_list_operate.html HTTP/1.1" 200 601
120.253.135.82 - - [28/Dec/2021:06:33:45 +0800] "POST /xingrg/kc/pszx/mdps_list_operate.html HTTP/1.1" 200 372
120.253.135.82 - - [28/Dec/2021:06:33:47 +0800] "POST /xingrg/kc/pszx/mdps_list_operate.html HTTP/1.1" 200 287
120.253.135.82 - - [28/Dec/2021:06:33:48 +0800] "POST /xingrg/kc/pszx/mdps_list_operate.html HTTP/1.1" 200 607
120.253.135.82 - - [28/Dec/2021:06:33:50 +0800] "POST /xingrg/kc/pszx/mdps_list_operate.html HTTP/1.1" 200 598
120.253.135.82 - - [28/Dec/2021:06:33:51 +0800] "POST /xingrg/kc/pszx/mdps_list_operate.html HTTP/1.1" 200 212
120.253.135.82 - - [28/Dec/2021:06:33:53 +0800] "GET /xingrg/all/function/internal_message.html?_=1640644215090&CODE_STATE=getMsg HTTP/1.1" 200 27
124.79.247.218 - - [28/Dec/2021:06:34:08 +0800] "GET /xingrg/all/function/internal_message.html?_=1640644572553&CODE_STATE=getMsg HTTP/1.1" 200 27
114.85.125.222 - - [28/Dec/2021:06:34:10 +0800] "GET /xingrg/all/function/internal_message.html?_=1640644394025&CODE_STATE=getMsg HTTP/1.1" 200 27
124.77.245.186 - - [28/Dec/2021:06:34:14 +0800] "GET /xingrg/all/function/internal_message.html?_=1640644458553&CODE_STATE=getMsg HTTP/1.1" 200 27
120.253.135.82 - - [28/Dec/2021:06:34:22 +0800] "POST /xingrg/kc/pszx/mdps_list_operate.html HTTP/1.1" 200 4292
124.77.245.186 - - [28/Dec/2021:06:34:26 +0800] "GET /xingrg/all/function/internal_message.html?_=1640644470657&CODE_STATE=getMsg HTTP/1.1" 302 -
120.253.135.82 - - [28/Dec/2021:06:34:27 +0800] "POST /xingrg/kc/pszx/mdps_list_operate.html HTTP/1.1" 200 281
120.253.135.82 - - [28/Dec/2021:06:34:28 +0800] "POST /xingrg/kc/pszx/mdps_list_operate.html HTTP/1.1" 200 296
120.253.135.82 - - [28/Dec/2021:06:34:30 +0800] "POST /xingrg/kc/pszx/mdps_list_operate.html HTTP/1.1" 200 626
120.253.135.82 - - [28/Dec/2021:06:34:34 +0800] "GET /xingrg/kc/pszx/mdps_order_info.html?code=312021122800703 HTTP/1.1" 200 23931
120.253.135.82 - - [28/Dec/2021:06:34:34 +0800] "GET /xingrg/javascript/easyui/themes/default/validatebox.css HTTP/1.1" 404 1104
120.253.135.82 - - [28/Dec/2021:06:34:34 +0800] "POST /xingrg/kc/pszx/mdps_order_operate.html HTTP/1.1" 200 2786
180.169.147.146 - - [28/Dec/2021:06:34:36 +0800] "GET /xingrg/all/function/internal_message.html?_=1640644475691&CODE_STATE=getMsg HTTP/1.1" 200 27
180.169.147.146 - - [28/Dec/2021:06:34:38 +0800] "GET /xingrg/all/function/internal_message.html?_=1640644479272&CODE_STATE=getMsg HTTP/1.1" 200 27
120.253.135.82 - - [28/Dec/2021:06:34:39 +0800] "POST /xingrg/kc/pszx/mdps_order_operate.html HTTP/1.1" 200 37
120.253.135.82 - - [28/Dec/2021:06:34:40 +0800] "GET /xingrg/kc/pszx/mdps_order_info.html?code=312021122800703 HTTP/1.1" 200 23931
120.253.135.82 - - [28/Dec/2021:06:34:40 +0800] "GET /xingrg/javascript/easyui/themes/default/validatebox.css HTTP/1.1" 404 1104
120.253.135.82 - - [28/Dec/2021:06:34:40 +0800] "POST /xingrg/kc/pszx/mdps_order_operate.html HTTP/1.1" 200 2802
172.20.0.100 - - [28/Dec/2021:06:34:41 +0800] "GET /xingrg/all/function/internal_message.html?_=1640644479210&CODE_STATE=getMsg HTTP/1.1" 200 27
120.253.135.82 - - [28/Dec/2021:06:34:53 +0800] "POST /xingrg/kc/pszx/mdps_order_operate.html HTTP/1.1" 200 37
120.253.135.82 - - [28/Dec/2021:06:34:54 +0800] "GET /xingrg/kc/pszx/mdps_order_info.html?code=312021122800703 HTTP/1.1" 200 23931
120.253.135.82 - - [28/Dec/2021:06:34:54 +0800] "GET /xingrg/javascript/easyui/themes/default/validatebox.css HTTP/1.1" 404 1104
120.253.135.82 - - [28/Dec/2021:06:34:54 +0800] "POST /xingrg/kc/pszx/mdps_order_operate.html HTTP/1.1" 200 2802
120.253.135.82 - - [28/Dec/2021:06:34:55 +0800] "GET /xingrg/check_reg.html?_=1640644276621 HTTP/1.1" 200 22
120.253.135.82 - - [28/Dec/2021:06:34:55 +0800] "GET /xingrg/all/function/internal_message.html?_=1640644276622&CODE_STATE=getMsg HTTP/1.1" 200 27
120.253.135.82 - - [28/Dec/2021:06:34:56 +0800] "POST /xingrg/kc/pszx/mdps_list_operate.html HTTP/1.1" 200 4292
120.253.135.82 - - [28/Dec/2021:06:35:00 +0800] "POST /xingrg/kc/pszx/mdps_list_operate.html HTTP/1.1" 200 296
120.253.135.82 - - [28/Dec/2021:06:35:04 +0800] "GET /xingrg/kc/buy/buy_main.html HTTP/1.1" 200 12341
120.253.135.82 - - [28/Dec/2021:06:35:04 +0800] "GET /xingrg/css/new_ie.css HTTP/1.1" 404 1036
120.253.135.82 - - [28/Dec/2021:06:35:04 +0800] "GET /xingrg/javascript/jquery_ui/themes/humanity/humanity.css HTTP/1.1" 200 27801
120.253.135.82 - - [28/Dec/2021:06:35:04 +0800] "GET /xingrg/javascript/jquery_ui/jquery-ui.min.js HTTP/1.1" 200 186181
120.253.135.82 - - [28/Dec/2021:06:35:04 +0800] "GET /xingrg/images/blue/button/cgfkd.gif HTTP/1.1" 200 2075
120.253.135.82 - - [28/Dec/2021:06:35:04 +0800] "GET /xingrg/images/blue/button/cgydd.gif HTTP/1.1" 200 2712
120.253.135.82 - - [28/Dec/2021:06:35:04 +0800] "GET /xingrg/images/blue/button/ckthd.gif HTTP/1.1" 200 2045
120.253.135.82 - - [28/Dec/2021:06:35:04 +0800] "GET /xingrg/images/blue/button/cgxqd.gif HTTP/1.1" 200 2619
120.253.135.82 - - [28/Dec/2021:06:35:04 +0800] "GET /xingrg/images/blue/button/cgshd.gif HTTP/1.1" 200 2618
120.253.135.82 - - [28/Dec/2021:06:35:04 +0800] "GET /xingrg/images/blue/bg_dotted.jpg HTTP/1.1" 200 319
120.253.135.82 - - [28/Dec/2021:06:35:04 +0800] "GET /xingrg/javascript/jquery_ui/themes/humanity/images/ui-bg_inset-soft_100_f4f0ec_1x100.png HTTP/1.1" 200 141
120.253.135.82 - - [28/Dec/2021:06:35:04 +0800] "GET /xingrg/images/blue/button/kc.gif HTTP/1.1" 200 2160
120.253.135.82 - - [28/Dec/2021:06:35:04 +0800] "GET /xingrg/images/blue/pic_form2.gif HTTP/1.1" 200 1853
120.253.135.82 - - [28/Dec/2021:06:35:04 +0800] "GET /xingrg/images/blue/button/right_ah.jpg HTTP/1.1" 200 1744
120.253.135.82 - - [28/Dec/2021:06:35:04 +0800] "GET /xingrg/images/blue/button/down_ah.jpg HTTP/1.1" 200 1732
120.253.135.82 - - [28/Dec/2021:06:35:04 +0800] "GET /xingrg/javascript/jquery_ui/themes/humanity/images/ui-icons_ffffff_256x240.png HTTP/1.1" 200 4369
120.253.135.82 - - [28/Dec/2021:06:35:04 +0800] "GET /xingrg/javascript/jquery_ui/themes/humanity/images/ui-iconsnew.jpg HTTP/1.1" 200 337
120.253.135.82 - - [28/Dec/2021:06:35:04 +0800] "GET /xingrg/javascript/jquery_ui/themes/humanity/images/ui-icons_c47a23_256x240.png HTTP/1.1" 200 5355
120.253.135.82 - - [28/Dec/2021:06:35:04 +0800] "GET /xingrg/javascript/jquery_ui/themes/humanity/images/ui-bg_glass_70_ede4d4_1x400.png HTTP/1.1" 200 161
120.253.135.82 - - [28/Dec/2021:06:35:05 +0800] "GET /xingrg/images/yd/bt.gif HTTP/1.1" 404 1040
120.253.135.82 - - [28/Dec/2021:06:35:07 +0800] "GET /xingrg/kc/buy/cgsh_order_list.html HTTP/1.1" 200 49539
120.253.135.82 - - [28/Dec/2021:06:35:08 +0800] "POST /xingrg/kc/buy/cgsh_list_operate.html HTTP/1.1" 200 876
124.79.247.218 - - [28/Dec/2021:06:35:08 +0800] "GET /xingrg/all/function/internal_message.html?_=1640644632551&CODE_STATE=getMsg HTTP/1.1" 200 27
120.253.135.82 - - [28/Dec/2021:06:35:09 +0800] "GET /xingrg/kc/buy/cgsh_order_add.html HTTP/1.1" 200 64331
120.253.135.82 - - [28/Dec/2021:06:35:09 +0800] "GET /xingrg/javascript/easyui/themes/icons/template_new.png HTTP/1.1" 200 3956
120.253.135.82 - - [28/Dec/2021:06:35:09 +0800] "POST /xingrg/kc/buy/cgsh_order_operate.html HTTP/1.1" 200 8245
120.253.135.82 - - [28/Dec/2021:06:35:09 +0800] "GET /xingrg/all/common/auto_word.html?type=employee&rest_code=00101 HTTP/1.1" 200 923
120.253.135.82 - - [28/Dec/2021:06:35:09 +0800] "GET /xingrg/all/common/auto_word.html?type=employee&rest_code=00101 HTTP/1.1" 200 923
120.253.135.82 - - [28/Dec/2021:06:35:10 +0800] "GET /xingrg/javascript/easyui/themes/default/validatebox.css HTTP/1.1" 404 1104
114.85.125.222 - - [28/Dec/2021:06:35:10 +0800] "GET /xingrg/all/function/internal_message.html?_=1640644454044&CODE_STATE=getMsg HTTP/1.1" 200 27
124.77.245.186 - - [28/Dec/2021:06:35:14 +0800] "GET /xingrg/all/function/internal_message.html?_=1640644518574&CODE_STATE=getMsg HTTP/1.1" 200 27
120.253.135.82 - - [28/Dec/2021:06:35:19 +0800] "GET /xingrg/kc/buy/cgsh_order_operate.html?command=get_materiel&rest_code=00101&code=00101019724&supplier_code=&order_time=2021-12-28 HTTP/1.1" 200 431
120.253.135.82 - - [28/Dec/2021:06:35:25 +0800] "GET /xingrg/kc/pszx/mdps_order_list.html?orderType=0 HTTP/1.1" 200 20925
120.253.135.82 - - [28/Dec/2021:06:35:26 +0800] "POST /xingrg/kc/pszx/mdps_list_operate.html HTTP/1.1" 200 5365
124.77.245.186 - - [28/Dec/2021:06:35:26 +0800] "GET /xingrg/all/function/internal_message.html?_=1640644530682&CODE_STATE=getMsg HTTP/1.1" 302 -
120.253.135.82 - - [28/Dec/2021:06:35:34 +0800] "POST /xingrg/kc/pszx/mdps_list_operate.html HTTP/1.1" 200 4292
180.169.147.146 - - [28/Dec/2021:06:35:36 +0800] "GET /xingrg/all/function/internal_message.html?_=1640644535685&CODE_STATE=getMsg HTTP/1.1" 200 27
120.253.135.82 - - [28/Dec/2021:06:35:37 +0800] "POST /xingrg/kc/pszx/mdps_list_operate.html HTTP/1.1" 200 296
120.253.135.82 - - [28/Dec/2021:06:35:37 +0800] "GET /xingrg/kc/pszx/mdps_order_info.html?code=312021122800703 HTTP/1.1" 200 23931
120.253.135.82 - - [28/Dec/2021:06:35:38 +0800] "POST /xingrg/kc/pszx/mdps_order_operate.html HTTP/1.1" 200 2802
120.253.135.82 - - [28/Dec/2021:06:35:38 +0800] "GET /xingrg/javascript/easyui/themes/default/validatebox.css HTTP/1.1" 404 1104
180.169.147.146 - - [28/Dec/2021:06:35:38 +0800] "GET /xingrg/all/function/internal_message.html?_=1640644539272&CODE_STATE=getMsg HTTP/1.1" 200 27
180.169.147.146 - - [28/Dec/2021:06:35:38 +0800] "GET /xingrg/check_reg.html?_=1640644539275 HTTP/1.1" 200 22
120.253.135.82 - - [28/Dec/2021:06:35:40 +0800] "GET /xingrg/kc/print/load_data.html?order_code=312021122800703&kc_code=mdps&condition= HTTP/1.1" 200 933
172.20.0.100 - - [28/Dec/2021:06:35:41 +0800] "GET /xingrg/all/function/internal_message.html?_=1640644539215&CODE_STATE=getMsg HTTP/1.1" 200 27
120.253.135.82 - - [28/Dec/2021:06:35:50 +0800] "POST /xingrg/kc/pszx/mdps_list_operate.html HTTP/1.1" 200 295
120.253.135.82 - - [28/Dec/2021:06:35:55 +0800] "GET /xingrg/all/function/internal_message.html?_=1640644336701&CODE_STATE=getMsg HTTP/1.1" 200 27
124.77.245.186 - - [28/Dec/2021:06:36:05 +0800] "GET /xingrg/check_reg.html?_=1640644569988 HTTP/1.1" 200 22
120.253.135.82 - - [28/Dec/2021:06:36:05 +0800] "POST /xingrg/kc/pszx/mdps_list_operate.html HTTP/1.1" 200 281
124.79.247.218 - - [28/Dec/2021:06:36:08 +0800] "GET /xingrg/all/function/internal_message.html?_=1640644692564&CODE_STATE=getMsg HTTP/1.1" 200 27
124.79.247.218 - - [28/Dec/2021:06:36:08 +0800] "GET /xingrg/check_reg.html?_=1640644692566 HTTP/1.1" 200 22
114.85.125.222 - - [28/Dec/2021:06:36:10 +0800] "GET /xingrg/all/function/internal_message.html?_=1640644514052&CODE_STATE=getMsg HTTP/1.1" 200 27
124.77.245.186 - - [28/Dec/2021:06:36:11 +0800] "GET /xingrg/check_reg.html?_=1640644574839 HTTP/1.1" 302 -
124.77.245.186 - - [28/Dec/2021:06:36:14 +0800] "GET /xingrg/all/function/internal_message.html?_=1640644578581&CODE_STATE=getMsg HTTP/1.1" 200 27
124.77.245.186 - - [28/Dec/2021:06:36:26 +0800] "GET /xingrg/all/function/internal_message.html?_=1640644590685&CODE_STATE=getMsg HTTP/1.1" 302 -
116.227.210.113 - - [28/Dec/2021:06:36:32 +0800] "POST /xingrg/services/DataTransmitService HTTP/1.1" 200 524
180.169.147.146 - - [28/Dec/2021:06:36:36 +0800] "GET /xingrg/all/function/internal_message.html?_=1640644595689&CODE_STATE=getMsg HTTP/1.1" 200 27
180.169.147.146 - - [28/Dec/2021:06:36:38 +0800] "GET /xingrg/all/function/internal_message.html?_=1640644599275&CODE_STATE=getMsg HTTP/1.1" 200 27
172.20.0.100 - - [28/Dec/2021:06:36:41 +0800] "GET /xingrg/all/function/internal_message.html?_=1640644599219&CODE_STATE=getMsg HTTP/1.1" 200 27
120.253.135.82 - - [28/Dec/2021:06:36:55 +0800] "GET /xingrg/all/function/internal_message.html?_=1640644396707&CODE_STATE=getMsg HTTP/1.1" 200 27
120.253.135.82 - - [28/Dec/2021:06:37:08 +0800] "POST /xingrg/kc/pszx/mdps_list_operate.html HTTP/1.1" 200 3176
124.79.247.218 - - [28/Dec/2021:06:37:08 +0800] "GET /xingrg/all/function/internal_message.html?_=1640644752564&CODE_STATE=getMsg HTTP/1.1" 200 27
120.253.135.82 - - [28/Dec/2021:06:37:09 +0800] "POST /xingrg/kc/pszx/mdps_list_operate.html HTTP/1.1" 200 212
114.85.125.222 - - [28/Dec/2021:06:37:10 +0800] "GET /xingrg/all/function/internal_message.html?_=1640644574071&CODE_STATE=getMsg HTTP/1.1" 200 27
120.253.135.82 - - [28/Dec/2021:06:37:11 +0800] "POST /xingrg/kc/pszx/mdps_list_operate.html HTTP/1.1" 200 632
120.253.135.82 - - [28/Dec/2021:06:37:12 +0800] "POST /xingrg/kc/pszx/mdps_list_operate.html HTTP/1.1" 200 530
120.253.135.82 - - [28/Dec/2021:06:37:13 +0800] "POST /xingrg/kc/pszx/mdps_list_operate.html HTTP/1.1" 200 282
124.77.245.186 - - [28/Dec/2021:06:37:14 +0800] "GET /xingrg/all/function/internal_message.html?_=1640644638595&CODE_STATE=getMsg HTTP/1.1" 200 27
120.253.135.82 - - [28/Dec/2021:06:37:14 +0800] "POST /xingrg/kc/pszx/mdps_list_operate.html HTTP/1.1" 200 441
124.77.245.186 - - [28/Dec/2021:06:37:26 +0800] "GET /xingrg/all/function/internal_message.html?_=1640644650709&CODE_STATE=getMsg HTTP/1.1" 302 -
180.169.147.146 - - [28/Dec/2021:06:37:36 +0800] "GET /xingrg/all/function/internal_message.html?_=1640644655687&CODE_STATE=getMsg HTTP/1.1" 200 27
180.169.147.146 - - [28/Dec/2021:06:37:38 +0800] "GET /xingrg/all/function/internal_message.html?_=1640644659275&CODE_STATE=getMsg HTTP/1.1" 200 27
120.253.135.82 - - [28/Dec/2021:06:37:40 +0800] "GET /xingrg/kc/pszx/mdps_order_list.html?orderType=0 HTTP/1.1" 200 20925
172.20.0.100 - - [28/Dec/2021:06:37:41 +0800] "GET /xingrg/check_reg.html?_=1640644659207 HTTP/1.1" 200 22
172.20.0.100 - - [28/Dec/2021:06:37:41 +0800] "GET /xingrg/all/function/internal_message.html?_=1640644659209&CODE_STATE=getMsg HTTP/1.1" 200 27
120.253.135.82 - - [28/Dec/2021:06:37:41 +0800] "POST /xingrg/kc/pszx/mdps_list_operate.html HTTP/1.1" 200 5365
71.6.167.142 - - [28/Dec/2021:06:37:53 +0800] "POST /json_rpc HTTP/1.1" 404 -
71.6.167.142 - - [28/Dec/2021:06:37:54 +0800] "GET / HTTP/1.1" 404 -
120.253.135.82 - - [28/Dec/2021:06:37:55 +0800] "GET /xingrg/all/function/internal_message.html?_=1640644456772&CODE_STATE=getMsg HTTP/1.1" 200 27
114.85.125.222 - - [28/Dec/2021:06:38:02 +0800] "GET /xingrg/check_reg.html?_=1640644625908 HTTP/1.1" 200 22
124.79.247.218 - - [28/Dec/2021:06:38:08 +0800] "GET /xingrg/all/function/internal_message.html?_=1640644812563&CODE_STATE=getMsg HTTP/1.1" 200 27
114.85.125.222 - - [28/Dec/2021:06:38:10 +0800] "GET /xingrg/all/function/internal_message.html?_=1640644634079&CODE_STATE=getMsg HTTP/1.1" 200 27
124.77.245.186 - - [28/Dec/2021:06:38:14 +0800] "GET /xingrg/all/function/internal_message.html?_=1640644698612&CODE_STATE=getMsg HTTP/1.1" 200 27
124.77.245.186 - - [28/Dec/2021:06:38:26 +0800] "GET /xingrg/all/function/internal_message.html?_=1640644710712&CODE_STATE=getMsg HTTP/1.1" 302 -
180.169.147.146 - - [28/Dec/2021:06:38:36 +0800] "GET /xingrg/all/function/internal_message.html?_=1640644715703&CODE_STATE=getMsg HTTP/1.1" 200 27
180.169.147.146 - - [28/Dec/2021:06:38:36 +0800] "GET /xingrg/check_reg.html?_=1640644715705 HTTP/1.1" 200 22
180.169.147.146 - - [28/Dec/2021:06:38:38 +0800] "GET /xingrg/all/function/internal_message.html?_=1640644719276&CODE_STATE=getMsg HTTP/1.1" 200 27
172.20.0.100 - - [28/Dec/2021:06:38:41 +0800] "GET /xingrg/all/function/internal_message.html?_=1640644719210&CODE_STATE=getMsg HTTP/1.1" 200 27
120.253.135.82 - - [28/Dec/2021:06:38:55 +0800] "GET /xingrg/all/function/internal_message.html?_=1640644516781&CODE_STATE=getMsg HTTP/1.1" 200 27
124.79.247.218 - - [28/Dec/2021:06:39:08 +0800] "GET /xingrg/all/function/internal_message.html?_=1640644872562&CODE_STATE=getMsg HTTP/1.1" 200 27
114.85.125.222 - - [28/Dec/2021:06:39:10 +0800] "GET /xingrg/all/function/internal_message.html?_=1640644694092&CODE_STATE=getMsg HTTP/1.1" 200 27
124.77.245.186 - - [28/Dec/2021:06:39:14 +0800] "GET /xingrg/all/function/internal_message.html?_=1640644758620&CODE_STATE=getMsg HTTP/1.1" 200 27
185.180.143.138 - - [28/Dec/2021:06:39:15 +0800] "GET / HTTP/1.1" 404 -
124.77.245.186 - - [28/Dec/2021:06:39:26 +0800] "GET /xingrg/all/function/internal_message.html?_=1640644770736&CODE_STATE=getMsg HTTP/1.1" 302 -
180.169.147.146 - - [28/Dec/2021:06:39:36 +0800] "GET /xingrg/all/function/internal_message.html?_=1640644775686&CODE_STATE=getMsg HTTP/1.1" 200 27
180.169.147.146 - - [28/Dec/2021:06:39:38 +0800] "GET /xingrg/all/function/internal_message.html?_=1640644779279&CODE_STATE=getMsg HTTP/1.1" 200 27
172.20.0.100 - - [28/Dec/2021:06:39:41 +0800] "GET /xingrg/all/function/internal_message.html?_=1640644779216&CODE_STATE=getMsg HTTP/1.1" 200 27
120.253.135.82 - - [28/Dec/2021:06:39:55 +0800] "GET /xingrg/check_reg.html?_=1640644576623 HTTP/1.1" 200 22
120.253.135.82 - - [28/Dec/2021:06:39:55 +0800] "GET /xingrg/all/function/internal_message.html?_=1640644576794&CODE_STATE=getMsg HTTP/1.1" 200 27
120.253.135.82 - - [28/Dec/2021:06:39:56 +0800] "GET /xingrg/kc/pszx/mdqp_order_list.html?state=10 HTTP/1.1" 200 15094
120.253.135.82 - - [28/Dec/2021:06:39:56 +0800] "GET /xingrg/dwr/interface/AjaxQqpsService.js HTTP/1.1" 200 16326
120.253.135.82 - - [28/Dec/2021:06:39:56 +0800] "GET /xingrg/dwr/interface/AjaxReportQueryService.js HTTP/1.1" 200 13203
120.253.135.82 - - [28/Dec/2021:06:39:56 +0800] "GET /xingrg/dwr/engine.js HTTP/1.1" 200 43631
120.253.135.82 - - [28/Dec/2021:06:40:01 +0800] "GET /xingrg/kc/pszx/mdqp_order_info.html?code=302021122700547 HTTP/1.1" 200 13338
120.253.135.82 - - [28/Dec/2021:06:40:01 +0800] "GET /xingrg/dwr/interface/AjaxQqpsService.js HTTP/1.1" 200 16326
120.253.135.82 - - [28/Dec/2021:06:40:01 +0800] "GET /xingrg/dwr/interface/AjaxComOrderService.js HTTP/1.1" 200 18264
120.253.135.82 - - [28/Dec/2021:06:40:01 +0800] "GET /xingrg/dwr/engine.js HTTP/1.1" 200 43631
120.253.135.82 - - [28/Dec/2021:06:40:02 +0800] "POST /xingrg/dwr/call/plaincall/AjaxQqpsService.loadMaterielItems.dwr HTTP/1.1" 200 4921
124.79.247.218 - - [28/Dec/2021:06:40:08 +0800] "GET /xingrg/all/function/internal_message.html?_=1640644932587&CODE_STATE=getMsg HTTP/1.1" 200 27
114.85.125.222 - - [28/Dec/2021:06:40:10 +0800] "GET /xingrg/all/function/internal_message.html?_=1640644754112&CODE_STATE=getMsg HTTP/1.1" 200 27
120.253.135.82 - - [28/Dec/2021:06:40:11 +0800] "GET /xingrg/images/yd/bt.gif HTTP/1.1" 404 1040
120.253.135.82 - - [28/Dec/2021:06:40:11 +0800] "GET /xingrg/images/yd/bt2.gif HTTP/1.1" 404 1042
124.77.245.186 - - [28/Dec/2021:06:40:14 +0800] "GET /xingrg/all/function/internal_message.html?_=1640644818640&CODE_STATE=getMsg HTTP/1.1" 200 27
120.253.135.82 - - [28/Dec/2021:06:40:20 +0800] "GET /xingrg/kc/pszx/mdqp_order_list.html?isBack=1 HTTP/1.1" 302 -
120.253.135.82 - - [28/Dec/2021:06:40:20 +0800] "GET /xingrg/kc/pszx/mdqp_order_list.html?state=10 HTTP/1.1" 200 15094
120.253.135.82 - - [28/Dec/2021:06:40:20 +0800] "GET /xingrg/dwr/interface/AjaxReportQueryService.js HTTP/1.1" 200 13203
120.253.135.82 - - [28/Dec/2021:06:40:20 +0800] "GET /xingrg/dwr/interface/AjaxQqpsService.js HTTP/1.1" 200 16326
120.253.135.82 - - [28/Dec/2021:06:40:20 +0800] "GET /xingrg/dwr/engine.js HTTP/1.1" 200 43631
120.253.135.82 - - [28/Dec/2021:06:40:23 +0800] "GET /xingrg/kc/pszx/mdqp_order_info.html?code=302021122700546 HTTP/1.1" 200 13338
120.253.135.82 - - [28/Dec/2021:06:40:23 +0800] "GET /xingrg/dwr/interface/AjaxQqpsService.js HTTP/1.1" 200 16326
120.253.135.82 - - [28/Dec/2021:06:40:23 +0800] "GET /xingrg/dwr/interface/AjaxComOrderService.js HTTP/1.1" 200 18264
120.253.135.82 - - [28/Dec/2021:06:40:23 +0800] "GET /xingrg/dwr/engine.js HTTP/1.1" 200 43631
120.253.135.82 - - [28/Dec/2021:06:40:24 +0800] "POST /xingrg/dwr/call/plaincall/AjaxQqpsService.loadMaterielItems.dwr HTTP/1.1" 200 18244
120.253.135.82 - - [28/Dec/2021:06:40:25 +0800] "GET /xingrg/images/yd/bt.gif HTTP/1.1" 404 1040
120.253.135.82 - - [28/Dec/2021:06:40:25 +0800] "GET /xingrg/images/yd/bt2.gif HTTP/1.1" 404 1042
124.77.245.186 - - [28/Dec/2021:06:40:26 +0800] "GET /xingrg/all/function/internal_message.html?_=1640644830739&CODE_STATE=getMsg HTTP/1.1" 302 -
180.169.147.146 - - [28/Dec/2021:06:40:36 +0800] "GET /xingrg/all/function/internal_message.html?_=1640644835702&CODE_STATE=getMsg HTTP/1.1" 200 27
180.169.147.146 - - [28/Dec/2021:06:40:38 +0800] "GET /xingrg/check_reg.html?_=1640644839279 HTTP/1.1" 200 22
180.169.147.146 - - [28/Dec/2021:06:40:38 +0800] "GET /xingrg/all/function/internal_message.html?_=1640644839283&CODE_STATE=getMsg HTTP/1.1" 200 27
172.20.0.100 - - [28/Dec/2021:06:40:41 +0800] "GET /xingrg/all/function/internal_message.html?_=1640644839220&CODE_STATE=getMsg HTTP/1.1" 200 27
120.253.135.82 - - [28/Dec/2021:06:40:55 +0800] "GET /xingrg/all/function/internal_message.html?_=1640644636808&CODE_STATE=getMsg HTTP/1.1" 200 27
124.77.245.186 - - [28/Dec/2021:06:41:05 +0800] "GET /xingrg/check_reg.html?_=1640644869992 HTTP/1.1" 200 22
124.79.247.218 - - [28/Dec/2021:06:41:08 +0800] "GET /xingrg/all/function/internal_message.html?_=1640644992584&CODE_STATE=getMsg HTTP/1.1" 200 27
124.79.247.218 - - [28/Dec/2021:06:41:08 +0800] "GET /xingrg/check_reg.html?_=1640644992586 HTTP/1.1" 200 22
114.85.125.222 - - [28/Dec/2021:06:41:10 +0800] "GET /xingrg/all/function/internal_message.html?_=1640644814119&CODE_STATE=getMsg HTTP/1.1" 200 27
124.77.245.186 - - [28/Dec/2021:06:41:11 +0800] "GET /xingrg/check_reg.html?_=1640644874851 HTTP/1.1" 302 -
