120.253.135.82 - - [28/Dec/2021:07:28:51 +0800] "GET /xingrg/kc/pszx/mdps_order_info.html?code=312021122800715 HTTP/1.1" 200 23931
120.253.135.82 - - [28/Dec/2021:07:28:52 +0800] "GET /xingrg/javascript/easyui/themes/default/validatebox.css HTTP/1.1" 404 1104
120.253.135.82 - - [28/Dec/2021:07:28:52 +0800] "POST /xingrg/kc/pszx/mdps_order_operate.html HTTP/1.1" 200 3290
120.253.135.82 - - [28/Dec/2021:07:28:56 +0800] "GET /xingrg/kc/pszx/mdps_order_info.html?code=312021122800715 HTTP/1.1" 200 23931
120.253.135.82 - - [28/Dec/2021:07:28:56 +0800] "GET /xingrg/javascript/easyui/themes/default/validatebox.css HTTP/1.1" 404 1104
120.253.135.82 - - [28/Dec/2021:07:28:56 +0800] "POST /xingrg/kc/pszx/mdps_order_operate.html HTTP/1.1" 200 3290
120.253.135.82 - - [28/Dec/2021:07:28:57 +0800] "GET /xingrg/all/function/internal_message.html?_=1640647518607&CODE_STATE=getMsg HTTP/1.1" 200 27
120.253.135.82 - - [28/Dec/2021:07:28:58 +0800] "POST /xingrg/kc/pszx/mdps_list_operate.html HTTP/1.1" 200 2807
120.253.135.82 - - [28/Dec/2021:07:29:00 +0800] "POST /xingrg/kc/pszx/mdps_list_operate.html HTTP/1.1" 200 604
120.253.135.82 - - [28/Dec/2021:07:29:01 +0800] "GET /xingrg/kc/pszx/mdps_order_info.html?code=312021122800716 HTTP/1.1" 200 23931
120.253.135.82 - - [28/Dec/2021:07:29:02 +0800] "POST /xingrg/kc/pszx/mdps_order_operate.html HTTP/1.1" 200 7135
120.253.135.82 - - [28/Dec/2021:07:29:02 +0800] "GET /xingrg/javascript/easyui/themes/default/validatebox.css HTTP/1.1" 404 1104
120.253.135.82 - - [28/Dec/2021:07:29:06 +0800] "POST /xingrg/kc/pszx/mdps_order_operate.html HTTP/1.1" 200 37
120.253.135.82 - - [28/Dec/2021:07:29:07 +0800] "GET /xingrg/kc/pszx/mdps_order_info.html?code=312021122800716 HTTP/1.1" 200 23931
120.253.135.82 - - [28/Dec/2021:07:29:07 +0800] "GET /xingrg/javascript/easyui/themes/default/validatebox.css HTTP/1.1" 404 1104
120.253.135.82 - - [28/Dec/2021:07:29:07 +0800] "POST /xingrg/kc/pszx/mdps_order_operate.html HTTP/1.1" 200 7219
124.79.247.218 - - [28/Dec/2021:07:29:08 +0800] "GET /xingrg/all/function/internal_message.html?_=1640647872627&CODE_STATE=getMsg HTTP/1.1" 200 27
114.85.125.222 - - [28/Dec/2021:07:29:11 +0800] "GET /xingrg/all/function/internal_message.html?_=1640647694772&CODE_STATE=getMsg HTTP/1.1" 200 27
120.253.135.82 - - [28/Dec/2021:07:29:12 +0800] "POST /xingrg/all/common/load_select.html HTTP/1.1" 200 25
120.253.135.82 - - [28/Dec/2021:07:29:14 +0800] "GET /xingrg/kc/pszx/mdps_order_operate.html?command=get_materiel_price&pszx_code=00101&rest_code=00156&base_code=0010246&code=00101027001&unit_code=00100157&order_time=2021-12-29 HTTP/1.1" 200 35
124.77.245.186 - - [28/Dec/2021:07:29:16 +0800] "GET /xingrg/all/function/internal_message.html?_=1640647761172&CODE_STATE=getMsg HTTP/1.1" 200 27
120.253.135.82 - - [28/Dec/2021:07:29:22 +0800] "POST /xingrg/all/common/load_select.html HTTP/1.1" 200 25
120.253.135.82 - - [28/Dec/2021:07:29:24 +0800] "GET /xingrg/kc/pszx/mdps_order_operate.html?command=get_materiel_price&pszx_code=00101&rest_code=00156&base_code=0010246&code=00101019133&unit_code=00100189&order_time=2021-12-29 HTTP/1.1" 200 35
124.77.245.186 - - [28/Dec/2021:07:29:27 +0800] "GET /xingrg/all/function/internal_message.html?_=1640647771416&CODE_STATE=getMsg HTTP/1.1" 302 -
124.77.245.186 - - [28/Dec/2021:07:29:29 +0800] "GET /xingrg/kc/mdqp/pssh_order_list.html HTTP/1.1" 200 17697
124.77.245.186 - - [28/Dec/2021:07:29:30 +0800] "POST /xingrg/kc/mdqp/pssh_list_operate.html HTTP/1.1" 200 5384
120.253.135.82 - - [28/Dec/2021:07:29:32 +0800] "POST /xingrg/kc/pszx/mdps_order_operate.html HTTP/1.1" 200 37
120.253.135.82 - - [28/Dec/2021:07:29:33 +0800] "GET /xingrg/kc/pszx/mdps_order_info.html?code=312021122800716 HTTP/1.1" 200 23931
120.253.135.82 - - [28/Dec/2021:07:29:34 +0800] "POST /xingrg/kc/pszx/mdps_order_operate.html HTTP/1.1" 200 7215
120.253.135.82 - - [28/Dec/2021:07:29:34 +0800] "GET /xingrg/javascript/easyui/themes/default/validatebox.css HTTP/1.1" 404 1104
180.169.147.146 - - [28/Dec/2021:07:29:36 +0800] "GET /xingrg/all/function/internal_message.html?_=1640647775768&CODE_STATE=getMsg HTTP/1.1" 200 27
180.169.147.146 - - [28/Dec/2021:07:29:38 +0800] "GET /xingrg/all/function/internal_message.html?_=1640647779302&CODE_STATE=getMsg HTTP/1.1" 200 27
124.77.245.186 - - [28/Dec/2021:07:29:38 +0800] "POST /xingrg/kc/mdqp/pssh_list_operate.html HTTP/1.1" 200 776
124.77.245.186 - - [28/Dec/2021:07:29:40 +0800] "GET /xingrg/kc/mdqp/pssh_order_info.html?code=312021122100528 HTTP/1.1" 200 14392
124.77.245.186 - - [28/Dec/2021:07:29:40 +0800] "GET /xingrg/javascript/jquery_tools/jquery-1.4.2.min.js HTTP/1.1" 404 1094
124.77.245.186 - - [28/Dec/2021:07:29:40 +0800] "GET /xingrg/javascript/easyui/themes/icons/back_new.png HTTP/1.1" 304 -
124.77.245.186 - - [28/Dec/2021:07:29:40 +0800] "GET /xingrg/javascript/easyui/themes/icons/uncheck_new.png HTTP/1.1" 304 -
124.77.245.186 - - [28/Dec/2021:07:29:41 +0800] "POST /xingrg/kc/mdqp/pssh_order_operate.html HTTP/1.1" 200 6263
124.77.245.186 - - [28/Dec/2021:07:29:41 +0800] "GET /xingrg/javascript/easyui/themes/default/validatebox.css HTTP/1.1" 404 1104
172.20.0.100 - - [28/Dec/2021:07:29:41 +0800] "GET /xingrg/all/function/internal_message.html?_=1640647779219&CODE_STATE=getMsg HTTP/1.1" 200 27
124.77.245.186 - - [28/Dec/2021:07:29:52 +0800] "POST /xingrg/kc/mdqp/pssh_list_operate.html HTTP/1.1" 200 1576
120.253.135.82 - - [28/Dec/2021:07:29:55 +0800] "GET /xingrg/check_reg.html?_=1640647576927 HTTP/1.1" 200 22
124.77.245.186 - - [28/Dec/2021:07:29:56 +0800] "POST /xingrg/kc/mdqp/pssh_list_operate.html HTTP/1.1" 200 1576
124.77.245.186 - - [28/Dec/2021:07:29:56 +0800] "POST /xingrg/kc/mdqp/pssh_list_operate.html HTTP/1.1" 200 1576
120.253.135.82 - - [28/Dec/2021:07:29:57 +0800] "GET /xingrg/all/function/internal_message.html?_=1640647578612&CODE_STATE=getMsg HTTP/1.1" 200 27
124.77.245.186 - - [28/Dec/2021:07:29:57 +0800] "GET /xingrg/kc/mdqp/pssh_order_list.html HTTP/1.1" 200 17697
124.77.245.186 - - [28/Dec/2021:07:29:58 +0800] "POST /xingrg/kc/mdqp/pssh_list_operate.html HTTP/1.1" 200 8960
124.77.245.186 - - [28/Dec/2021:07:30:02 +0800] "POST /xingrg/kc/mdqp/pssh_list_operate.html HTTP/1.1" 200 757
124.77.245.186 - - [28/Dec/2021:07:30:03 +0800] "GET /xingrg/kc/mdqp/pssh_order_info.html?code=312021121600420 HTTP/1.1" 200 14392
124.77.245.186 - - [28/Dec/2021:07:30:03 +0800] "GET /xingrg/javascript/jquery_tools/jquery-1.4.2.min.js HTTP/1.1" 404 1094
124.77.245.186 - - [28/Dec/2021:07:30:04 +0800] "POST /xingrg/kc/mdqp/pssh_order_operate.html HTTP/1.1" 200 5821
124.77.245.186 - - [28/Dec/2021:07:30:04 +0800] "GET /xingrg/javascript/easyui/themes/default/validatebox.css HTTP/1.1" 404 1104
124.79.247.218 - - [28/Dec/2021:07:30:08 +0800] "GET /xingrg/all/function/internal_message.html?_=1640647932642&CODE_STATE=getMsg HTTP/1.1" 200 27
114.85.125.222 - - [28/Dec/2021:07:30:11 +0800] "GET /xingrg/all/function/internal_message.html?_=1640647754790&CODE_STATE=getMsg HTTP/1.1" 200 27
124.77.245.186 - - [28/Dec/2021:07:30:16 +0800] "GET /xingrg/all/function/internal_message.html?_=1640647821185&CODE_STATE=getMsg HTTP/1.1" 200 27
124.77.245.186 - - [28/Dec/2021:07:30:25 +0800] "POST /xingrg/kc/mdqp/pssh_list_operate.html HTTP/1.1" 200 776
124.77.245.186 - - [28/Dec/2021:07:30:27 +0800] "GET /xingrg/all/function/internal_message.html?_=1640647831418&CODE_STATE=getMsg HTTP/1.1" 302 -
124.77.245.186 - - [28/Dec/2021:07:30:27 +0800] "GET /xingrg/kc/mdqp/pssh_order_info.html?code=312021122100528 HTTP/1.1" 200 14392
124.77.245.186 - - [28/Dec/2021:07:30:27 +0800] "GET /xingrg/javascript/jquery_tools/jquery-1.4.2.min.js HTTP/1.1" 404 1094
124.77.245.186 - - [28/Dec/2021:07:30:27 +0800] "POST /xingrg/kc/mdqp/pssh_order_operate.html HTTP/1.1" 200 6263
124.77.245.186 - - [28/Dec/2021:07:30:27 +0800] "GET /xingrg/javascript/easyui/themes/default/validatebox.css HTTP/1.1" 404 1104
180.169.147.146 - - [28/Dec/2021:07:30:36 +0800] "GET /xingrg/all/function/internal_message.html?_=1640647835761&CODE_STATE=getMsg HTTP/1.1" 200 27
180.169.147.146 - - [28/Dec/2021:07:30:38 +0800] "GET /xingrg/all/function/internal_message.html?_=1640647839304&CODE_STATE=getMsg HTTP/1.1" 200 27
180.169.147.146 - - [28/Dec/2021:07:30:38 +0800] "GET /xingrg/check_reg.html?_=1640647839302 HTTP/1.1" 200 22
172.20.0.100 - - [28/Dec/2021:07:30:41 +0800] "GET /xingrg/all/function/internal_message.html?_=1640647839211&CODE_STATE=getMsg HTTP/1.1" 200 27
124.77.245.186 - - [28/Dec/2021:07:30:53 +0800] "GET /xingrg/kc/base/wldb_order_list.html HTTP/1.1" 200 19066
124.77.245.186 - - [28/Dec/2021:07:30:53 +0800] "POST /xingrg/kc/base/wldb_list_operate.html HTTP/1.1" 200 928
124.77.245.186 - - [28/Dec/2021:07:30:55 +0800] "GET /xingrg/kc/base/wldb_order_add.html HTTP/1.1" 200 30280
124.77.245.186 - - [28/Dec/2021:07:30:56 +0800] "POST /xingrg/kc/base/wldb_order_operate.html HTTP/1.1" 200 6806
124.77.245.186 - - [28/Dec/2021:07:30:56 +0800] "GET /xingrg/javascript/easyui/themes/default/validatebox.css HTTP/1.1" 404 1104
120.253.135.82 - - [28/Dec/2021:07:30:57 +0800] "GET /xingrg/all/function/internal_message.html?_=1640647638626&CODE_STATE=getMsg HTTP/1.1" 200 27
124.77.245.186 - - [28/Dec/2021:07:31:05 +0800] "GET /xingrg/check_reg.html?_=1640647870047 HTTP/1.1" 200 22
124.79.247.218 - - [28/Dec/2021:07:31:08 +0800] "GET /xingrg/check_reg.html?_=1640647992667 HTTP/1.1" 200 22
124.79.247.218 - - [28/Dec/2021:07:31:08 +0800] "GET /xingrg/all/function/internal_message.html?_=1640647992668&CODE_STATE=getMsg HTTP/1.1" 200 27
124.77.245.186 - - [28/Dec/2021:07:31:10 +0800] "GET /xingrg/check_reg.html?_=1640647874922 HTTP/1.1" 302 -
114.85.125.222 - - [28/Dec/2021:07:31:11 +0800] "GET /xingrg/all/function/internal_message.html?_=1640647814799&CODE_STATE=getMsg HTTP/1.1" 200 27
124.77.245.186 - - [28/Dec/2021:07:31:12 +0800] "GET /xingrg/kc/base/wldb_order_operate.html?command=get_materiel&rest_code=00146&base_code=0010064&code=00102002268 HTTP/1.1" 200 443
124.77.245.186 - - [28/Dec/2021:07:31:16 +0800] "GET /xingrg/all/function/internal_message.html?_=1640647881199&CODE_STATE=getMsg HTTP/1.1" 200 27
124.77.245.186 - - [28/Dec/2021:07:31:27 +0800] "GET /xingrg/all/function/internal_message.html?_=1640647891442&CODE_STATE=getMsg HTTP/1.1" 302 -
180.169.147.146 - - [28/Dec/2021:07:31:36 +0800] "GET /xingrg/all/function/internal_message.html?_=1640647895773&CODE_STATE=getMsg HTTP/1.1" 200 27
180.169.147.146 - - [28/Dec/2021:07:31:38 +0800] "GET /xingrg/all/function/internal_message.html?_=1640647899302&CODE_STATE=getMsg HTTP/1.1" 200 27
172.20.0.100 - - [28/Dec/2021:07:31:41 +0800] "GET /xingrg/all/function/internal_message.html?_=1640647899215&CODE_STATE=getMsg HTTP/1.1" 200 27
120.253.135.82 - - [28/Dec/2021:07:31:43 +0800] "POST /xingrg/kc/pszx/mdps_order_operate.html HTTP/1.1" 200 37
120.253.135.82 - - [28/Dec/2021:07:31:43 +0800] "GET /xingrg/kc/pszx/mdps_order_info.html?code=312021122800716 HTTP/1.1" 200 23931
124.77.245.186 - - [28/Dec/2021:07:31:44 +0800] "POST /xingrg/kc/base/wldb_order_operate.html HTTP/1.1" 200 37
120.253.135.82 - - [28/Dec/2021:07:31:44 +0800] "GET /xingrg/javascript/easyui/themes/default/validatebox.css HTTP/1.1" 404 1104
120.253.135.82 - - [28/Dec/2021:07:31:44 +0800] "POST /xingrg/kc/pszx/mdps_order_operate.html HTTP/1.1" 200 7215
124.77.245.186 - - [28/Dec/2021:07:31:46 +0800] "POST /xingrg/kc/base/wldb_order_operate.html HTTP/1.1" 200 12
124.77.245.186 - - [28/Dec/2021:07:31:46 +0800] "POST /xingrg/kc/base/wldb_order_operate.html HTTP/1.1" 200 3133
120.253.135.82 - - [28/Dec/2021:07:31:46 +0800] "POST /xingrg/kc/pszx/mdps_list_operate.html HTTP/1.1" 200 2807
124.77.245.186 - - [28/Dec/2021:07:31:47 +0800] "GET /xingrg/kc/base/wldb_order_info.html?code=422021122802923 HTTP/1.1" 200 26158
124.77.245.186 - - [28/Dec/2021:07:31:48 +0800] "GET /xingrg/javascript/easyui/themes/default/validatebox.css HTTP/1.1" 404 1104
124.77.245.186 - - [28/Dec/2021:07:31:48 +0800] "POST /xingrg/kc/base/wldb_order_operate.html HTTP/1.1" 200 1407
120.253.135.82 - - [28/Dec/2021:07:31:48 +0800] "POST /xingrg/kc/pszx/mdps_list_operate.html HTTP/1.1" 200 604
120.253.135.82 - - [28/Dec/2021:07:31:49 +0800] "POST /xingrg/kc/pszx/mdps_list_operate.html HTTP/1.1" 200 439
124.77.245.186 - - [28/Dec/2021:07:31:50 +0800] "GET /xingrg/kc/base/wldb_order_add.html HTTP/1.1" 200 30280
120.253.135.82 - - [28/Dec/2021:07:31:51 +0800] "GET /xingrg/kc/pszx/mdps_order_info.html?code=312021122800717 HTTP/1.1" 200 23931
124.77.245.186 - - [28/Dec/2021:07:31:51 +0800] "POST /xingrg/kc/base/wldb_order_operate.html HTTP/1.1" 200 6806
124.77.245.186 - - [28/Dec/2021:07:31:51 +0800] "GET /xingrg/javascript/easyui/themes/default/validatebox.css HTTP/1.1" 404 1104
120.253.135.82 - - [28/Dec/2021:07:31:51 +0800] "POST /xingrg/kc/pszx/mdps_order_operate.html HTTP/1.1" 200 3730
120.253.135.82 - - [28/Dec/2021:07:31:51 +0800] "GET /xingrg/javascript/easyui/themes/default/validatebox.css HTTP/1.1" 404 1104
120.253.135.82 - - [28/Dec/2021:07:31:54 +0800] "POST /xingrg/kc/pszx/mdps_order_operate.html HTTP/1.1" 200 37
120.253.135.82 - - [28/Dec/2021:07:31:55 +0800] "GET /xingrg/kc/pszx/mdps_order_info.html?code=312021122800717 HTTP/1.1" 200 23931
120.253.135.82 - - [28/Dec/2021:07:31:56 +0800] "POST /xingrg/kc/pszx/mdps_order_operate.html HTTP/1.1" 200 3758
120.253.135.82 - - [28/Dec/2021:07:31:56 +0800] "GET /xingrg/javascript/easyui/themes/default/validatebox.css HTTP/1.1" 404 1104
120.253.135.82 - - [28/Dec/2021:07:31:57 +0800] "GET /xingrg/all/function/internal_message.html?_=1640647698639&CODE_STATE=getMsg HTTP/1.1" 200 27
120.253.135.82 - - [28/Dec/2021:07:31:58 +0800] "POST /xingrg/kc/pszx/mdps_list_operate.html HTTP/1.1" 200 2807
120.253.135.82 - - [28/Dec/2021:07:32:00 +0800] "POST /xingrg/kc/pszx/mdps_list_operate.html HTTP/1.1" 200 604
120.253.135.82 - - [28/Dec/2021:07:32:02 +0800] "POST /xingrg/kc/pszx/mdps_list_operate.html HTTP/1.1" 200 439
58.35.215.188 - - [28/Dec/2021:07:32:02 +0800] "POST /xingrg/services/DataTransmitService HTTP/1.1" 200 524
120.253.135.82 - - [28/Dec/2021:07:32:02 +0800] "GET /xingrg/kc/pszx/mdps_order_info.html?code=312021122800717 HTTP/1.1" 200 23931
120.253.135.82 - - [28/Dec/2021:07:32:03 +0800] "POST /xingrg/kc/pszx/mdps_order_operate.html HTTP/1.1" 200 3758
120.253.135.82 - - [28/Dec/2021:07:32:03 +0800] "GET /xingrg/javascript/easyui/themes/default/validatebox.css HTTP/1.1" 404 1104
120.253.135.82 - - [28/Dec/2021:07:32:06 +0800] "POST /xingrg/kc/pszx/mdps_list_operate.html HTTP/1.1" 200 2807
124.77.245.186 - - [28/Dec/2021:07:32:07 +0800] "GET /xingrg/kc/base/wldb_order_operate.html?command=get_materiel&rest_code=00146&base_code=0010063&code=00101019079 HTTP/1.1" 200 465
120.253.135.82 - - [28/Dec/2021:07:32:07 +0800] "POST /xingrg/kc/pszx/mdps_list_operate.html HTTP/1.1" 200 202
124.79.247.218 - - [28/Dec/2021:07:32:08 +0800] "GET /xingrg/all/function/internal_message.html?_=1640648052666&CODE_STATE=getMsg HTTP/1.1" 200 27
120.253.135.82 - - [28/Dec/2021:07:32:10 +0800] "GET /xingrg/kc/pszx/mdps_order_info.html?code=312021122800718 HTTP/1.1" 200 23931
120.253.135.82 - - [28/Dec/2021:07:32:10 +0800] "GET /xingrg/javascript/easyui/themes/default/validatebox.css HTTP/1.1" 404 1104
120.253.135.82 - - [28/Dec/2021:07:32:10 +0800] "POST /xingrg/kc/pszx/mdps_order_operate.html HTTP/1.1" 200 2268
114.85.125.222 - - [28/Dec/2021:07:32:11 +0800] "GET /xingrg/all/function/internal_message.html?_=1640647874818&CODE_STATE=getMsg HTTP/1.1" 200 27
120.253.135.82 - - [28/Dec/2021:07:32:13 +0800] "POST /xingrg/kc/pszx/mdps_order_operate.html HTTP/1.1" 200 37
120.253.135.82 - - [28/Dec/2021:07:32:14 +0800] "GET /xingrg/kc/pszx/mdps_order_info.html?code=312021122800718 HTTP/1.1" 200 23931
120.253.135.82 - - [28/Dec/2021:07:32:14 +0800] "POST /xingrg/kc/pszx/mdps_order_operate.html HTTP/1.1" 200 2275
120.253.135.82 - - [28/Dec/2021:07:32:14 +0800] "GET /xingrg/javascript/easyui/themes/default/validatebox.css HTTP/1.1" 404 1104
124.77.245.186 - - [28/Dec/2021:07:32:16 +0800] "GET /xingrg/kc/base/wldb_order_operate.html?command=get_materiel&rest_code=00146&base_code=0010063&code=00101016060 HTTP/1.1" 200 465
120.253.135.82 - - [28/Dec/2021:07:32:16 +0800] "POST /xingrg/kc/pszx/mdps_list_operate.html HTTP/1.1" 200 2807
124.77.245.186 - - [28/Dec/2021:07:32:16 +0800] "GET /xingrg/all/function/internal_message.html?_=1640647941213&CODE_STATE=getMsg HTTP/1.1" 200 27
120.253.135.82 - - [28/Dec/2021:07:32:17 +0800] "POST /xingrg/kc/pszx/mdps_list_operate.html HTTP/1.1" 200 202
120.253.135.82 - - [28/Dec/2021:07:32:25 +0800] "POST /xingrg/kc/pszx/mdps_list_operate.html HTTP/1.1" 200 604
120.253.135.82 - - [28/Dec/2021:07:32:26 +0800] "GET /xingrg/kc/pszx/mdps_order_info.html?code=312021122800716 HTTP/1.1" 200 23931
120.253.135.82 - - [28/Dec/2021:07:32:27 +0800] "POST /xingrg/kc/pszx/mdps_order_operate.html HTTP/1.1" 200 7215
120.253.135.82 - - [28/Dec/2021:07:32:27 +0800] "GET /xingrg/javascript/easyui/themes/default/validatebox.css HTTP/1.1" 404 1104
124.77.245.186 - - [28/Dec/2021:07:32:27 +0800] "GET /xingrg/all/function/internal_message.html?_=1640647951445&CODE_STATE=getMsg HTTP/1.1" 302 -
120.253.135.82 - - [28/Dec/2021:07:32:32 +0800] "POST /xingrg/kc/pszx/mdps_list_operate.html HTTP/1.1" 200 2807
120.253.135.82 - - [28/Dec/2021:07:32:33 +0800] "POST /xingrg/kc/pszx/mdps_list_operate.html HTTP/1.1" 200 202
120.253.135.82 - - [28/Dec/2021:07:32:36 +0800] "GET /xingrg/kc/pszx/mdps_order_add.html HTTP/1.1" 200 28947
180.169.147.146 - - [28/Dec/2021:07:32:36 +0800] "GET /xingrg/all/function/internal_message.html?_=1640647955775&CODE_STATE=getMsg HTTP/1.1" 200 27
120.253.135.82 - - [28/Dec/2021:07:32:36 +0800] "POST /xingrg/kc/pszx/mdps_order_operate.html HTTP/1.1" 200 7126
120.253.135.82 - - [28/Dec/2021:07:32:37 +0800] "GET /xingrg/javascript/easyui/themes/default/validatebox.css HTTP/1.1" 404 1104
180.169.147.146 - - [28/Dec/2021:07:32:38 +0800] "GET /xingrg/all/function/internal_message.html?_=1640647959307&CODE_STATE=getMsg HTTP/1.1" 200 27
172.20.0.100 - - [28/Dec/2021:07:32:41 +0800] "GET /xingrg/check_reg.html?_=1640647959219 HTTP/1.1" 200 22
172.20.0.100 - - [28/Dec/2021:07:32:41 +0800] "GET /xingrg/all/function/internal_message.html?_=1640647959222&CODE_STATE=getMsg HTTP/1.1" 200 27
120.253.135.82 - - [28/Dec/2021:07:32:46 +0800] "POST /xingrg/all/common/load_combo.html?type=base HTTP/1.1" 200 1075
120.253.135.82 - - [28/Dec/2021:07:32:55 +0800] "GET /xingrg/kc/pszx/mdps_order_operate.html?command=get_materiel&pszx_code=00101&rest_code=00156&base_code=0010246&code=00101006002 HTTP/1.1" 200 441
124.77.245.186 - - [28/Dec/2021:07:32:56 +0800] "GET /xingrg/kc/base/wldb_order_operate.html?command=get_materiel&rest_code=00146&base_code=0010063&code=00101020144 HTTP/1.1" 200 450
120.253.135.82 - - [28/Dec/2021:07:32:57 +0800] "GET /xingrg/all/function/internal_message.html?_=1640647758667&CODE_STATE=getMsg HTTP/1.1" 200 27
120.253.135.82 - - [28/Dec/2021:07:33:01 +0800] "POST /xingrg/kc/pszx/mdps_order_operate.html HTTP/1.1" 200 37
120.253.135.82 - - [28/Dec/2021:07:33:02 +0800] "GET /xingrg/kc/pszx/mdps_order_info.html?code=312021122800719 HTTP/1.1" 200 23931
114.85.125.222 - - [28/Dec/2021:07:33:02 +0800] "GET /xingrg/check_reg.html?_=1640647925972 HTTP/1.1" 200 22
120.253.135.82 - - [28/Dec/2021:07:33:03 +0800] "POST /xingrg/kc/pszx/mdps_order_operate.html HTTP/1.1" 200 2282
120.253.135.82 - - [28/Dec/2021:07:33:03 +0800] "GET /xingrg/javascript/easyui/themes/default/validatebox.css HTTP/1.1" 404 1104
120.253.135.82 - - [28/Dec/2021:07:33:04 +0800] "POST /xingrg/kc/pszx/mdps_list_operate.html HTTP/1.1" 200 3178
120.253.135.82 - - [28/Dec/2021:07:33:07 +0800] "POST /xingrg/kc/pszx/mdps_list_operate.html HTTP/1.1" 200 604
120.253.135.82 - - [28/Dec/2021:07:33:08 +0800] "GET /xingrg/kc/pszx/mdps_order_info.html?code=312021122800716 HTTP/1.1" 200 23931
124.79.247.218 - - [28/Dec/2021:07:33:08 +0800] "GET /xingrg/all/function/internal_message.html?_=1640648112663&CODE_STATE=getMsg HTTP/1.1" 200 27
120.253.135.82 - - [28/Dec/2021:07:33:09 +0800] "POST /xingrg/kc/pszx/mdps_order_operate.html HTTP/1.1" 200 7215
120.253.135.82 - - [28/Dec/2021:07:33:09 +0800] "GET /xingrg/javascript/easyui/themes/default/validatebox.css HTTP/1.1" 404 1104
114.85.125.222 - - [28/Dec/2021:07:33:11 +0800] "GET /xingrg/all/function/internal_message.html?_=1640647934826&CODE_STATE=getMsg HTTP/1.1" 200 27
124.77.245.186 - - [28/Dec/2021:07:33:12 +0800] "GET /xingrg/kc/base/wldb_order_operate.html?command=get_materiel&rest_code=00146&base_code=0010063&code=00101019405 HTTP/1.1" 200 468
124.77.245.186 - - [28/Dec/2021:07:33:16 +0800] "GET /xingrg/all/function/internal_message.html?_=1640648001227&CODE_STATE=getMsg HTTP/1.1" 200 27
120.253.135.82 - - [28/Dec/2021:07:33:18 +0800] "POST /xingrg/kc/pszx/mdps_order_operate.html HTTP/1.1" 200 37
120.253.135.82 - - [28/Dec/2021:07:33:19 +0800] "GET /xingrg/kc/pszx/mdps_order_info.html?code=312021122800716 HTTP/1.1" 200 23931
120.253.135.82 - - [28/Dec/2021:07:33:20 +0800] "POST /xingrg/kc/pszx/mdps_order_operate.html HTTP/1.1" 200 6720
120.253.135.82 - - [28/Dec/2021:07:33:20 +0800] "GET /xingrg/javascript/easyui/themes/default/validatebox.css HTTP/1.1" 404 1104
120.253.135.82 - - [28/Dec/2021:07:33:21 +0800] "POST /xingrg/kc/pszx/mdps_list_operate.html HTTP/1.1" 200 3177
120.253.135.82 - - [28/Dec/2021:07:33:23 +0800] "POST /xingrg/kc/pszx/mdps_list_operate.html HTTP/1.1" 200 205
120.253.135.82 - - [28/Dec/2021:07:33:24 +0800] "POST /xingrg/kc/pszx/mdps_list_operate.html HTTP/1.1" 200 202
120.253.135.82 - - [28/Dec/2021:07:33:25 +0800] "POST /xingrg/kc/pszx/mdps_list_operate.html HTTP/1.1" 200 439
124.77.245.186 - - [28/Dec/2021:07:33:25 +0800] "POST /xingrg/kc/base/wldb_order_operate.html HTTP/1.1" 200 37
124.77.245.186 - - [28/Dec/2021:07:33:27 +0800] "GET /xingrg/all/function/internal_message.html?_=1640648011474&CODE_STATE=getMsg HTTP/1.1" 302 -
124.77.245.186 - - [28/Dec/2021:07:33:27 +0800] "POST /xingrg/kc/base/wldb_order_operate.html HTTP/1.1" 200 12
124.77.245.186 - - [28/Dec/2021:07:33:28 +0800] "POST /xingrg/kc/base/wldb_order_operate.html HTTP/1.1" 200 5200
124.77.245.186 - - [28/Dec/2021:07:33:29 +0800] "GET /xingrg/kc/base/wldb_order_info.html?code=422021122802924 HTTP/1.1" 200 26159
124.77.245.186 - - [28/Dec/2021:07:33:30 +0800] "GET /xingrg/javascript/easyui/themes/default/validatebox.css HTTP/1.1" 404 1104
124.77.245.186 - - [28/Dec/2021:07:33:30 +0800] "POST /xingrg/kc/base/wldb_order_operate.html HTTP/1.1" 200 3426
124.77.245.186 - - [28/Dec/2021:07:33:30 +0800] "GET /xingrg/kc/buy/cgsh_order_list.html HTTP/1.1" 200 49545
124.77.245.186 - - [28/Dec/2021:07:33:32 +0800] "POST /xingrg/kc/buy/cgsh_list_operate.html HTTP/1.1" 200 8821
180.169.147.146 - - [28/Dec/2021:07:33:36 +0800] "GET /xingrg/all/function/internal_message.html?_=1640648015782&CODE_STATE=getMsg HTTP/1.1" 200 27
180.169.147.146 - - [28/Dec/2021:07:33:36 +0800] "GET /xingrg/check_reg.html?_=1640648015784 HTTP/1.1" 200 22
120.253.135.82 - - [28/Dec/2021:07:33:37 +0800] "GET /xingrg/kc/report/report_main.html HTTP/1.1" 200 8599
120.253.135.82 - - [28/Dec/2021:07:33:37 +0800] "POST /xingrg/kc/pszx/mdps_list_operate.html HTTP/1.1" 200 3177
120.253.135.82 - - [28/Dec/2021:07:33:38 +0800] "GET /xingrg/kc/base/kc_stocks.html HTTP/1.1" 200 16437
120.253.135.82 - - [28/Dec/2021:07:33:38 +0800] "GET /xingrg/javascript/easyui/themes/default/tree.css HTTP/1.1" 404 1090
120.253.135.82 - - [28/Dec/2021:07:33:38 +0800] "POST /xingrg/all/common/load_tree.html?tree=materiel_sort_tree_json HTTP/1.1" 200 9388
180.169.147.146 - - [28/Dec/2021:07:33:38 +0800] "GET /xingrg/all/function/internal_message.html?_=1640648019305&CODE_STATE=getMsg HTTP/1.1" 200 27
120.253.135.82 - - [28/Dec/2021:07:33:39 +0800] "POST /xingrg/all/common/load_combo.html?type=base HTTP/1.1" 200 1075
172.20.0.100 - - [28/Dec/2021:07:33:41 +0800] "GET /xingrg/all/function/internal_message.html?_=1640648019207&CODE_STATE=getMsg HTTP/1.1" 200 27
124.77.245.186 - - [28/Dec/2021:07:33:41 +0800] "GET /xingrg/kc/buy/cgsh_order_list.html HTTP/1.1" 200 49545
124.77.245.186 - - [28/Dec/2021:07:33:41 +0800] "POST /xingrg/kc/buy/cgsh_list_operate.html HTTP/1.1" 200 8821
124.77.245.186 - - [28/Dec/2021:07:33:43 +0800] "POST /xingrg/kc/buy/cgsh_list_operate.html HTTP/1.1" 200 8821
120.253.135.82 - - [28/Dec/2021:07:33:46 +0800] "POST /xingrg/kc/base/stock_operate.html HTTP/1.1" 200 2200
124.77.245.186 - - [28/Dec/2021:07:33:51 +0800] "POST /xingrg/kc/buy/cgsh_list_operate.html HTTP/1.1" 200 5279
124.77.245.186 - - [28/Dec/2021:07:33:51 +0800] "GET /xingrg/kc/buy/cgsh_order_list.html HTTP/1.1" 200 49545
124.77.245.186 - - [28/Dec/2021:07:33:53 +0800] "POST /xingrg/kc/buy/cgsh_list_operate.html HTTP/1.1" 200 5279
120.253.135.82 - - [28/Dec/2021:07:33:57 +0800] "GET /xingrg/all/function/internal_message.html?_=1640647818682&CODE_STATE=getMsg HTTP/1.1" 200 27
124.77.245.186 - - [28/Dec/2021:07:33:59 +0800] "POST /xingrg/kc/buy/cgsh_list_operate.html HTTP/1.1" 200 419
120.253.135.82 - - [28/Dec/2021:07:34:06 +0800] "POST /xingrg/kc/base/stock_operate.html HTTP/1.1" 200 1991
124.79.247.218 - - [28/Dec/2021:07:34:08 +0800] "GET /xingrg/all/function/internal_message.html?_=1640648172661&CODE_STATE=getMsg HTTP/1.1" 200 27
114.85.125.222 - - [28/Dec/2021:07:34:11 +0800] "GET /xingrg/all/function/internal_message.html?_=1640647994839&CODE_STATE=getMsg HTTP/1.1" 200 27
124.77.245.186 - - [28/Dec/2021:07:34:16 +0800] "GET /xingrg/all/function/internal_message.html?_=1640648061403&CODE_STATE=getMsg HTTP/1.1" 200 27
120.253.135.82 - - [28/Dec/2021:07:34:21 +0800] "POST /xingrg/kc/base/stock_operate.html HTTP/1.1" 200 1736
124.77.245.186 - - [28/Dec/2021:07:34:27 +0800] "GET /xingrg/all/function/internal_message.html?_=1640648071488&CODE_STATE=getMsg HTTP/1.1" 302 -
124.77.245.186 - - [28/Dec/2021:07:34:28 +0800] "POST /xingrg/kc/buy/cgsh_list_operate.html HTTP/1.1" 200 4
180.169.147.146 - - [28/Dec/2021:07:34:36 +0800] "GET /xingrg/all/function/internal_message.html?_=1640648075777&CODE_STATE=getMsg HTTP/1.1" 200 27
180.169.147.146 - - [28/Dec/2021:07:34:38 +0800] "GET /xingrg/all/function/internal_message.html?_=1640648079307&CODE_STATE=getMsg HTTP/1.1" 200 27
172.20.0.100 - - [28/Dec/2021:07:34:41 +0800] "GET /xingrg/all/function/internal_message.html?_=1640648079210&CODE_STATE=getMsg HTTP/1.1" 200 27
120.253.135.82 - - [28/Dec/2021:07:34:55 +0800] "GET /xingrg/check_reg.html?_=1640647876933 HTTP/1.1" 200 22
120.253.135.82 - - [28/Dec/2021:07:34:57 +0800] "GET /xingrg/all/function/internal_message.html?_=1640647878695&CODE_STATE=getMsg HTTP/1.1" 200 27
124.79.247.218 - - [28/Dec/2021:07:35:08 +0800] "GET /xingrg/all/function/internal_message.html?_=1640648232659&CODE_STATE=getMsg HTTP/1.1" 200 27
120.253.135.82 - - [28/Dec/2021:07:35:11 +0800] "POST /xingrg/kc/base/stock_operate.html HTTP/1.1" 200 1745
114.85.125.222 - - [28/Dec/2021:07:35:11 +0800] "GET /xingrg/all/function/internal_message.html?_=1640648054859&CODE_STATE=getMsg HTTP/1.1" 200 27
120.253.135.82 - - [28/Dec/2021:07:35:12 +0800] "POST /xingrg/kc/base/stock_operate.html HTTP/1.1" 200 1745
124.77.245.186 - - [28/Dec/2021:07:35:26 +0800] "POST /xingrg/kc/buy/cgsh_list_operate.html HTTP/1.1" 200 5216
124.77.245.186 - - [28/Dec/2021:07:35:27 +0800] "GET /xingrg/all/function/internal_message.html?_=1640648131513&CODE_STATE=getMsg HTTP/1.1" 302 -
124.77.245.186 - - [28/Dec/2021:07:35:32 +0800] "POST /xingrg/kc/buy/cgsh_list_operate.html HTTP/1.1" 200 346
124.77.245.186 - - [28/Dec/2021:07:35:36 +0800] "POST /xingrg/kc/buy/cgsh_list_operate.html HTTP/1.1" 200 575
180.169.147.146 - - [28/Dec/2021:07:35:36 +0800] "GET /xingrg/all/function/internal_message.html?_=1640648135771&CODE_STATE=getMsg HTTP/1.1" 200 27
180.169.147.146 - - [28/Dec/2021:07:35:38 +0800] "GET /xingrg/check_reg.html?_=1640648139310 HTTP/1.1" 200 22
180.169.147.146 - - [28/Dec/2021:07:35:38 +0800] "GET /xingrg/all/function/internal_message.html?_=1640648139310&CODE_STATE=getMsg HTTP/1.1" 200 27
172.20.0.100 - - [28/Dec/2021:07:35:41 +0800] "GET /xingrg/all/function/internal_message.html?_=1640648139215&CODE_STATE=getMsg HTTP/1.1" 200 27
124.77.245.186 - - [28/Dec/2021:07:35:41 +0800] "POST /xingrg/kc/buy/cgsh_list_operate.html HTTP/1.1" 200 561
124.77.245.186 - - [28/Dec/2021:07:35:45 +0800] "POST /xingrg/kc/buy/cgsh_list_operate.html HTTP/1.1" 200 554
124.77.245.186 - - [28/Dec/2021:07:35:52 +0800] "GET /xingrg/all/function/internal_message.html?_=1640648157352&CODE_STATE=getMsg HTTP/1.1" 200 27
120.253.135.82 - - [28/Dec/2021:07:35:57 +0800] "GET /xingrg/all/function/internal_message.html?_=1640647938709&CODE_STATE=getMsg HTTP/1.1" 200 27
124.77.245.186 - - [28/Dec/2021:07:36:05 +0800] "GET /xingrg/check_reg.html?_=1640648170214 HTTP/1.1" 200 22
124.79.247.218 - - [28/Dec/2021:07:36:08 +0800] "GET /xingrg/all/function/internal_message.html?_=1640648292657&CODE_STATE=getMsg HTTP/1.1" 200 27
124.79.247.218 - - [28/Dec/2021:07:36:08 +0800] "GET /xingrg/check_reg.html?_=1640648292658 HTTP/1.1" 200 22
124.77.245.186 - - [28/Dec/2021:07:36:10 +0800] "GET /xingrg/check_reg.html?_=1640648174919 HTTP/1.1" 302 -
114.85.125.222 - - [28/Dec/2021:07:36:11 +0800] "GET /xingrg/all/function/internal_message.html?_=1640648114867&CODE_STATE=getMsg HTTP/1.1" 200 27
124.77.245.186 - - [28/Dec/2021:07:36:15 +0800] "POST /xingrg/kc/buy/cgsh_list_operate.html HTTP/1.1" 200 4
124.77.245.186 - - [28/Dec/2021:07:36:27 +0800] "GET /xingrg/all/function/internal_message.html?_=1640648191515&CODE_STATE=getMsg HTTP/1.1" 302 -
124.77.245.186 - - [28/Dec/2021:07:36:30 +0800] "POST /xingrg/kc/buy/cgsh_list_operate.html HTTP/1.1" 200 5173
116.227.210.113 - - [28/Dec/2021:07:36:32 +0800] "POST /xingrg/services/DataTransmitService HTTP/1.1" 200 524
124.77.245.186 - - [28/Dec/2021:07:36:35 +0800] "POST /xingrg/kc/buy/cgsh_list_operate.html HTTP/1.1" 200 569
180.169.147.146 - - [28/Dec/2021:07:36:36 +0800] "GET /xingrg/all/function/internal_message.html?_=1640648195782&CODE_STATE=getMsg HTTP/1.1" 200 27
180.169.147.146 - - [28/Dec/2021:07:36:38 +0800] "GET /xingrg/all/function/internal_message.html?_=1640648199310&CODE_STATE=getMsg HTTP/1.1" 200 27
124.77.245.186 - - [28/Dec/2021:07:36:40 +0800] "POST /xingrg/kc/buy/cgsh_list_operate.html HTTP/1.1" 200 561
172.20.0.100 - - [28/Dec/2021:07:36:41 +0800] "GET /xingrg/all/function/internal_message.html?_=1640648199221&CODE_STATE=getMsg HTTP/1.1" 200 27
124.77.245.186 - - [28/Dec/2021:07:36:42 +0800] "POST /xingrg/kc/buy/cgsh_list_operate.html HTTP/1.1" 200 214
124.77.245.186 - - [28/Dec/2021:07:36:45 +0800] "POST /xingrg/kc/buy/cgsh_list_operate.html HTTP/1.1" 200 348
124.77.245.186 - - [28/Dec/2021:07:36:52 +0800] "GET /xingrg/all/function/internal_message.html?_=1640648217365&CODE_STATE=getMsg HTTP/1.1" 200 27
120.253.135.82 - - [28/Dec/2021:07:36:57 +0800] "GET /xingrg/all/function/internal_message.html?_=1640647998723&CODE_STATE=getMsg HTTP/1.1" 200 27
124.79.247.218 - - [28/Dec/2021:07:37:08 +0800] "GET /xingrg/all/function/internal_message.html?_=1640648352656&CODE_STATE=getMsg HTTP/1.1" 200 27
114.85.125.222 - - [28/Dec/2021:07:37:11 +0800] "GET /xingrg/all/function/internal_message.html?_=1640648174887&CODE_STATE=getMsg HTTP/1.1" 200 27
124.77.245.186 - - [28/Dec/2021:07:37:15 +0800] "POST /xingrg/kc/buy/cgsh_list_operate.html HTTP/1.1" 200 4
124.77.245.186 - - [28/Dec/2021:07:37:19 +0800] "POST /xingrg/kc/buy/cgsh_list_operate.html HTTP/1.1" 200 1685
124.77.245.186 - - [28/Dec/2021:07:37:22 +0800] "POST /xingrg/kc/buy/cgsh_list_operate.html HTTP/1.1" 200 569
124.77.245.186 - - [28/Dec/2021:07:37:27 +0800] "GET /xingrg/all/function/internal_message.html?_=1640648251540&CODE_STATE=getMsg HTTP/1.1" 302 -
124.77.245.186 - - [28/Dec/2021:07:37:31 +0800] "POST /xingrg/kc/buy/cgsh_list_operate.html HTTP/1.1" 200 4
124.77.245.186 - - [28/Dec/2021:07:37:33 +0800] "POST /xingrg/kc/buy/cgsh_list_operate.html HTTP/1.1" 200 876
124.77.245.186 - - [28/Dec/2021:07:37:34 +0800] "GET /xingrg/kc/base/wldb_order_list.html HTTP/1.1" 200 19066
124.77.245.186 - - [28/Dec/2021:07:37:34 +0800] "POST /xingrg/kc/base/wldb_list_operate.html HTTP/1.1" 200 928
180.169.147.146 - - [28/Dec/2021:07:37:36 +0800] "GET /xingrg/all/function/internal_message.html?_=1640648255772&CODE_STATE=getMsg HTTP/1.1" 200 27
180.169.147.146 - - [28/Dec/2021:07:37:38 +0800] "GET /xingrg/all/function/internal_message.html?_=1640648259298&CODE_STATE=getMsg HTTP/1.1" 200 27
172.20.0.100 - - [28/Dec/2021:07:37:41 +0800] "GET /xingrg/check_reg.html?_=1640648259208 HTTP/1.1" 200 22
172.20.0.100 - - [28/Dec/2021:07:37:41 +0800] "GET /xingrg/all/function/internal_message.html?_=1640648259210&CODE_STATE=getMsg HTTP/1.1" 200 27
124.77.245.186 - - [28/Dec/2021:07:37:53 +0800] "GET /xingrg/all/function/internal_message.html?_=1640648277535&CODE_STATE=getMsg HTTP/1.1" 200 27
120.253.135.82 - - [28/Dec/2021:07:37:57 +0800] "GET /xingrg/all/function/internal_message.html?_=1640648058958&CODE_STATE=getMsg HTTP/1.1" 200 27
114.85.125.222 - - [28/Dec/2021:07:38:02 +0800] "GET /xingrg/check_reg.html?_=1640648225971 HTTP/1.1" 200 22
124.79.247.218 - - [28/Dec/2021:07:38:08 +0800] "GET /xingrg/all/function/internal_message.html?_=1640648412654&CODE_STATE=getMsg HTTP/1.1" 200 27
114.85.125.222 - - [28/Dec/2021:07:38:11 +0800] "GET /xingrg/all/function/internal_message.html?_=1640648234894&CODE_STATE=getMsg HTTP/1.1" 200 27
124.77.245.186 - - [28/Dec/2021:07:38:27 +0800] "GET /xingrg/all/function/internal_message.html?_=1640648311542&CODE_STATE=getMsg HTTP/1.1" 302 -
180.169.147.146 - - [28/Dec/2021:07:38:36 +0800] "GET /xingrg/all/function/internal_message.html?_=1640648315779&CODE_STATE=getMsg HTTP/1.1" 200 27
180.169.147.146 - - [28/Dec/2021:07:38:36 +0800] "GET /xingrg/check_reg.html?_=1640648315780 HTTP/1.1" 200 22
180.169.147.146 - - [28/Dec/2021:07:38:38 +0800] "GET /xingrg/all/function/internal_message.html?_=1640648319298&CODE_STATE=getMsg HTTP/1.1" 200 27
172.20.0.100 - - [28/Dec/2021:07:38:41 +0800] "GET /xingrg/all/function/internal_message.html?_=1640648319213&CODE_STATE=getMsg HTTP/1.1" 200 27
124.77.245.186 - - [28/Dec/2021:07:38:53 +0800] "GET /xingrg/all/function/internal_message.html?_=1640648337549&CODE_STATE=getMsg HTTP/1.1" 200 27
120.253.135.82 - - [28/Dec/2021:07:38:57 +0800] "GET /xingrg/all/function/internal_message.html?_=1640648118969&CODE_STATE=getMsg HTTP/1.1" 200 27
120.253.135.82 - - [28/Dec/2021:07:39:07 +0800] "POST /xingrg/kc/base/stock_operate.html HTTP/1.1" 200 1769
124.79.247.218 - - [28/Dec/2021:07:39:08 +0800] "GET /xingrg/all/function/internal_message.html?_=1640648472652&CODE_STATE=getMsg HTTP/1.1" 200 27
114.85.125.222 - - [28/Dec/2021:07:39:11 +0800] "GET /xingrg/all/function/internal_message.html?_=1640648294907&CODE_STATE=getMsg HTTP/1.1" 200 27
124.77.245.186 - - [28/Dec/2021:07:39:27 +0800] "GET /xingrg/all/function/internal_message.html?_=1640648371567&CODE_STATE=getMsg HTTP/1.1" 302 -
120.253.135.82 - - [28/Dec/2021:07:39:32 +0800] "POST /xingrg/kc/base/stock_operate.html HTTP/1.1" 200 1487
180.169.147.146 - - [28/Dec/2021:07:39:36 +0800] "GET /xingrg/all/function/internal_message.html?_=1640648375787&CODE_STATE=getMsg HTTP/1.1" 200 27
180.169.147.146 - - [28/Dec/2021:07:39:38 +0800] "GET /xingrg/all/function/internal_message.html?_=1640648379298&CODE_STATE=getMsg HTTP/1.1" 200 27
172.20.0.100 - - [28/Dec/2021:07:39:41 +0800] "GET /xingrg/all/function/internal_message.html?_=1640648379217&CODE_STATE=getMsg HTTP/1.1" 200 27
124.77.245.186 - - [28/Dec/2021:07:39:53 +0800] "GET /xingrg/all/function/internal_message.html?_=1640648397747&CODE_STATE=getMsg HTTP/1.1" 200 27
120.253.135.82 - - [28/Dec/2021:07:39:55 +0800] "GET /xingrg/check_reg.html?_=1640648176938 HTTP/1.1" 200 22
120.253.135.82 - - [28/Dec/2021:07:39:57 +0800] "GET /xingrg/all/function/internal_message.html?_=1640648178982&CODE_STATE=getMsg HTTP/1.1" 200 27
124.79.247.218 - - [28/Dec/2021:07:40:08 +0800] "GET /xingrg/all/function/internal_message.html?_=1640648532666&CODE_STATE=getMsg HTTP/1.1" 200 27
114.85.125.222 - - [28/Dec/2021:07:40:11 +0800] "GET /xingrg/all/function/internal_message.html?_=1640648354928&CODE_STATE=getMsg HTTP/1.1" 200 27
120.253.135.82 - - [28/Dec/2021:07:40:26 +0800] "POST /xingrg/kc/base/stock_operate.html HTTP/1.1" 200 2022
124.77.245.186 - - [28/Dec/2021:07:40:27 +0800] "GET /xingrg/all/function/internal_message.html?_=1640648431570&CODE_STATE=getMsg HTTP/1.1" 302 -
180.169.147.146 - - [28/Dec/2021:07:40:36 +0800] "GET /xingrg/all/function/internal_message.html?_=1640648435781&CODE_STATE=getMsg HTTP/1.1" 200 27
180.169.147.146 - - [28/Dec/2021:07:40:38 +0800] "GET /xingrg/check_reg.html?_=1640648439301 HTTP/1.1" 200 22
180.169.147.146 - - [28/Dec/2021:07:40:38 +0800] "GET /xingrg/all/function/internal_message.html?_=1640648439298&CODE_STATE=getMsg HTTP/1.1" 200 27
172.20.0.100 - - [28/Dec/2021:07:40:41 +0800] "GET /xingrg/all/function/internal_message.html?_=1640648439222&CODE_STATE=getMsg HTTP/1.1" 200 27
124.77.245.186 - - [28/Dec/2021:07:40:53 +0800] "GET /xingrg/all/function/internal_message.html?_=1640648457747&CODE_STATE=getMsg HTTP/1.1" 200 27
120.253.135.82 - - [28/Dec/2021:07:40:57 +0800] "GET /xingrg/all/function/internal_message.html?_=1640648238995&CODE_STATE=getMsg HTTP/1.1" 200 27
124.77.245.186 - - [28/Dec/2021:07:41:05 +0800] "GET /xingrg/check_reg.html?_=1640648470212 HTTP/1.1" 200 22
124.79.247.218 - - [28/Dec/2021:07:41:08 +0800] "GET /xingrg/check_reg.html?_=1640648592665 HTTP/1.1" 200 22
124.79.247.218 - - [28/Dec/2021:07:41:08 +0800] "GET /xingrg/all/function/internal_message.html?_=1640648592666&CODE_STATE=getMsg HTTP/1.1" 200 27
124.77.245.186 - - [28/Dec/2021:07:41:10 +0800] "GET /xingrg/check_reg.html?_=1640648474933 HTTP/1.1" 302 -
114.85.125.222 - - [28/Dec/2021:07:41:11 +0800] "GET /xingrg/all/function/internal_message.html?_=1640648414934&CODE_STATE=getMsg HTTP/1.1" 200 27
180.169.147.146 - - [28/Dec/2021:07:41:36 +0800] "GET /xingrg/all/function/internal_message.html?_=1640648495801&CODE_STATE=getMsg HTTP/1.1" 200 27
180.169.147.146 - - [28/Dec/2021:07:41:38 +0800] "GET /xingrg/all/function/internal_message.html?_=1640648499303&CODE_STATE=getMsg HTTP/1.1" 200 27
172.20.0.100 - - [28/Dec/2021:07:41:41 +0800] "GET /xingrg/all/function/internal_message.html?_=1640648499209&CODE_STATE=getMsg HTTP/1.1" 200 27
124.77.245.186 - - [28/Dec/2021:07:41:53 +0800] "GET /xingrg/all/function/internal_message.html?_=1640648517761&CODE_STATE=getMsg HTTP/1.1" 200 27
120.253.135.82 - - [28/Dec/2021:07:41:57 +0800] "GET /xingrg/all/function/internal_message.html?_=1640648299008&CODE_STATE=getMsg HTTP/1.1" 200 27
124.79.247.218 - - [28/Dec/2021:07:42:08 +0800] "GET /xingrg/all/function/internal_message.html?_=1640648652664&CODE_STATE=getMsg HTTP/1.1" 200 27
114.85.125.222 - - [28/Dec/2021:07:42:11 +0800] "GET /xingrg/all/function/internal_message.html?_=1640648474955&CODE_STATE=getMsg HTTP/1.1" 200 27
180.169.147.146 - - [28/Dec/2021:07:42:36 +0800] "GET /xingrg/all/function/internal_message.html?_=1640648555784&CODE_STATE=getMsg HTTP/1.1" 200 27
180.169.147.146 - - [28/Dec/2021:07:42:38 +0800] "GET /xingrg/all/function/internal_message.html?_=1640648559302&CODE_STATE=getMsg HTTP/1.1" 200 27
172.20.0.100 - - [28/Dec/2021:07:42:41 +0800] "GET /xingrg/check_reg.html?_=1640648559212 HTTP/1.1" 200 22
172.20.0.100 - - [28/Dec/2021:07:42:41 +0800] "GET /xingrg/all/function/internal_message.html?_=1640648559215&CODE_STATE=getMsg HTTP/1.1" 200 27
124.77.245.186 - - [28/Dec/2021:07:42:53 +0800] "GET /xingrg/all/function/internal_message.html?_=1640648577776&CODE_STATE=getMsg HTTP/1.1" 200 27
120.253.135.82 - - [28/Dec/2021:07:42:58 +0800] "GET /xingrg/all/function/internal_message.html?_=1640648359257&CODE_STATE=getMsg HTTP/1.1" 200 27
114.85.125.222 - - [28/Dec/2021:07:43:02 +0800] "GET /xingrg/check_reg.html?_=1640648525978 HTTP/1.1" 200 22
120.253.135.82 - - [28/Dec/2021:07:43:07 +0800] "POST /xingrg/kc/base/stock_operate.html HTTP/1.1" 200 1472
124.79.247.218 - - [28/Dec/2021:07:43:08 +0800] "GET /xingrg/all/function/internal_message.html?_=1640648712662&CODE_STATE=getMsg HTTP/1.1" 200 27
114.85.125.222 - - [28/Dec/2021:07:43:11 +0800] "GET /xingrg/all/function/internal_message.html?_=1640648534963&CODE_STATE=getMsg HTTP/1.1" 200 27
180.169.147.146 - - [28/Dec/2021:07:43:36 +0800] "GET /xingrg/all/function/internal_message.html?_=1640648615796&CODE_STATE=getMsg HTTP/1.1" 200 27
180.169.147.146 - - [28/Dec/2021:07:43:36 +0800] "GET /xingrg/check_reg.html?_=1640648615798 HTTP/1.1" 200 22
180.169.147.146 - - [28/Dec/2021:07:43:38 +0800] "GET /xingrg/all/function/internal_message.html?_=1640648619302&CODE_STATE=getMsg HTTP/1.1" 200 27
172.20.0.100 - - [28/Dec/2021:07:43:41 +0800] "GET /xingrg/all/function/internal_message.html?_=1640648619216&CODE_STATE=getMsg HTTP/1.1" 200 27
124.77.245.186 - - [28/Dec/2021:07:43:53 +0800] "GET /xingrg/all/function/internal_message.html?_=1640648637985&CODE_STATE=getMsg HTTP/1.1" 200 27
120.253.135.82 - - [28/Dec/2021:07:43:58 +0800] "GET /xingrg/all/function/internal_message.html?_=1640648419270&CODE_STATE=getMsg HTTP/1.1" 200 27
124.79.247.218 - - [28/Dec/2021:07:44:08 +0800] "GET /xingrg/all/function/internal_message.html?_=1640648772661&CODE_STATE=getMsg HTTP/1.1" 200 27
120.253.135.82 - - [28/Dec/2021:07:44:10 +0800] "POST /xingrg/kc/base/stock_operate.html HTTP/1.1" 200 1484
114.85.125.222 - - [28/Dec/2021:07:44:11 +0800] "GET /xingrg/all/function/internal_message.html?_=1640648594976&CODE_STATE=getMsg HTTP/1.1" 200 27
120.253.135.82 - - [28/Dec/2021:07:44:18 +0800] "POST /xingrg/kc/base/stock_operate.html HTTP/1.1" 200 1468
180.169.147.146 - - [28/Dec/2021:07:44:36 +0800] "GET /xingrg/all/function/internal_message.html?_=1640648675764&CODE_STATE=getMsg HTTP/1.1" 200 27
180.169.147.146 - - [28/Dec/2021:07:44:38 +0800] "GET /xingrg/all/function/internal_message.html?_=1640648679302&CODE_STATE=getMsg HTTP/1.1" 200 27
172.20.0.100 - - [28/Dec/2021:07:44:41 +0800] "GET /xingrg/all/function/internal_message.html?_=1640648679220&CODE_STATE=getMsg HTTP/1.1" 200 27
124.77.245.186 - - [28/Dec/2021:07:44:53 +0800] "GET /xingrg/all/function/internal_message.html?_=1640648697989&CODE_STATE=getMsg HTTP/1.1" 200 27
120.253.135.82 - - [28/Dec/2021:07:44:55 +0800] "GET /xingrg/check_reg.html?_=1640648476948 HTTP/1.1" 200 22
120.253.135.82 - - [28/Dec/2021:07:44:58 +0800] "GET /xingrg/all/function/internal_message.html?_=1640648479409&CODE_STATE=getMsg HTTP/1.1" 200 27
124.79.247.218 - - [28/Dec/2021:07:45:08 +0800] "GET /xingrg/all/function/internal_message.html?_=1640648832659&CODE_STATE=getMsg HTTP/1.1" 200 27
114.85.125.222 - - [28/Dec/2021:07:45:11 +0800] "GET /xingrg/all/function/internal_message.html?_=1640648654994&CODE_STATE=getMsg HTTP/1.1" 200 27
180.169.147.146 - - [28/Dec/2021:07:45:36 +0800] "GET /xingrg/all/function/internal_message.html?_=1640648735770&CODE_STATE=getMsg HTTP/1.1" 200 27
180.169.147.146 - - [28/Dec/2021:07:45:38 +0800] "GET /xingrg/all/function/internal_message.html?_=1640648739303&CODE_STATE=getMsg HTTP/1.1" 200 27
180.169.147.146 - - [28/Dec/2021:07:45:38 +0800] "GET /xingrg/check_reg.html?_=1640648739305 HTTP/1.1" 200 22
172.20.0.100 - - [28/Dec/2021:07:45:41 +0800] "GET /xingrg/all/function/internal_message.html?_=1640648739207&CODE_STATE=getMsg HTTP/1.1" 200 27
124.77.245.186 - - [28/Dec/2021:07:45:53 +0800] "GET /xingrg/all/function/internal_message.html?_=1640648758180&CODE_STATE=getMsg HTTP/1.1" 200 27
120.253.135.82 - - [28/Dec/2021:07:45:58 +0800] "GET /xingrg/all/function/internal_message.html?_=1640648539422&CODE_STATE=getMsg HTTP/1.1" 200 27
124.77.245.186 - - [28/Dec/2021:07:46:05 +0800] "GET /xingrg/check_reg.html?_=1640648770398 HTTP/1.1" 200 22
124.79.247.218 - - [28/Dec/2021:07:46:08 +0800] "GET /xingrg/all/function/internal_message.html?_=1640648892658&CODE_STATE=getMsg HTTP/1.1" 200 27
124.79.247.218 - - [28/Dec/2021:07:46:08 +0800] "GET /xingrg/check_reg.html?_=1640648892658 HTTP/1.1" 200 22
114.85.125.222 - - [28/Dec/2021:07:46:11 +0800] "GET /xingrg/all/function/internal_message.html?_=1640648715003&CODE_STATE=getMsg HTTP/1.1" 200 27
116.227.210.113 - - [28/Dec/2021:07:46:32 +0800] "POST /xingrg/services/DataTransmitService HTTP/1.1" 200 524
180.169.147.146 - - [28/Dec/2021:07:46:36 +0800] "GET /xingrg/all/function/internal_message.html?_=1640648795775&CODE_STATE=getMsg HTTP/1.1" 200 27
180.169.147.146 - - [28/Dec/2021:07:46:38 +0800] "GET /xingrg/all/function/internal_message.html?_=1640648799307&CODE_STATE=getMsg HTTP/1.1" 200 27
172.20.0.100 - - [28/Dec/2021:07:46:41 +0800] "GET /xingrg/all/function/internal_message.html?_=1640648799212&CODE_STATE=getMsg HTTP/1.1" 200 27
124.77.245.186 - - [28/Dec/2021:07:46:53 +0800] "GET /xingrg/all/function/internal_message.html?_=1640648818188&CODE_STATE=getMsg HTTP/1.1" 200 27
120.253.135.82 - - [28/Dec/2021:07:46:58 +0800] "GET /xingrg/all/function/internal_message.html?_=1640648599436&CODE_STATE=getMsg HTTP/1.1" 200 27
124.79.247.218 - - [28/Dec/2021:07:47:08 +0800] "GET /xingrg/all/function/internal_message.html?_=1640648952656&CODE_STATE=getMsg HTTP/1.1" 200 27
114.85.125.222 - - [28/Dec/2021:07:47:11 +0800] "GET /xingrg/all/function/internal_message.html?_=1640648775023&CODE_STATE=getMsg HTTP/1.1" 200 27
120.253.135.82 - - [28/Dec/2021:07:47:18 +0800] "GET /xingrg/javascript/easyui/themes/sunny/images/ui-bg_gloss-wave_60_fece2f_500x100.png HTTP/1.1" 200 3512
120.253.135.82 - - [28/Dec/2021:07:47:21 +0800] "GET /xingrg/kc/pszx/mdqp_order_list.html?state=10 HTTP/1.1" 200 10217
120.253.135.82 - - [28/Dec/2021:07:47:21 +0800] "GET /xingrg/dwr/interface/AjaxReportQueryService.js HTTP/1.1" 200 13203
120.253.135.82 - - [28/Dec/2021:07:47:21 +0800] "GET /xingrg/dwr/engine.js HTTP/1.1" 200 43631
120.253.135.82 - - [28/Dec/2021:07:47:21 +0800] "GET /xingrg/dwr/interface/AjaxQqpsService.js HTTP/1.1" 200 16326
180.169.147.146 - - [28/Dec/2021:07:47:36 +0800] "GET /xingrg/all/function/internal_message.html?_=1640648855766&CODE_STATE=getMsg HTTP/1.1" 200 27
180.169.147.146 - - [28/Dec/2021:07:47:38 +0800] "GET /xingrg/all/function/internal_message.html?_=1640648859305&CODE_STATE=getMsg HTTP/1.1" 200 27
172.20.0.100 - - [28/Dec/2021:07:47:41 +0800] "GET /xingrg/all/function/internal_message.html?_=1640648859217&CODE_STATE=getMsg HTTP/1.1" 200 27
172.20.0.100 - - [28/Dec/2021:07:47:41 +0800] "GET /xingrg/check_reg.html?_=1640648859222 HTTP/1.1" 200 22
124.77.245.186 - - [28/Dec/2021:07:47:53 +0800] "GET /xingrg/all/function/internal_message.html?_=1640648878201&CODE_STATE=getMsg HTTP/1.1" 200 27
120.253.135.82 - - [28/Dec/2021:07:47:58 +0800] "GET /xingrg/all/function/internal_message.html?_=1640648659972&CODE_STATE=getMsg HTTP/1.1" 200 27
114.85.125.222 - - [28/Dec/2021:07:48:02 +0800] "GET /xingrg/check_reg.html?_=1640648825981 HTTP/1.1" 200 22
124.79.247.218 - - [28/Dec/2021:07:48:08 +0800] "GET /xingrg/all/function/internal_message.html?_=1640649012681&CODE_STATE=getMsg HTTP/1.1" 200 27
114.85.125.222 - - [28/Dec/2021:07:48:11 +0800] "GET /xingrg/all/function/internal_message.html?_=1640648835030&CODE_STATE=getMsg HTTP/1.1" 200 27
180.169.147.146 - - [28/Dec/2021:07:48:36 +0800] "GET /xingrg/all/function/internal_message.html?_=1640648915768&CODE_STATE=getMsg HTTP/1.1" 200 27
180.169.147.146 - - [28/Dec/2021:07:48:36 +0800] "GET /xingrg/check_reg.html?_=1640648915771 HTTP/1.1" 200 22
180.169.147.146 - - [28/Dec/2021:07:48:38 +0800] "GET /xingrg/all/function/internal_message.html?_=1640648919306&CODE_STATE=getMsg HTTP/1.1" 200 27
172.20.0.100 - - [28/Dec/2021:07:48:41 +0800] "GET /xingrg/all/function/internal_message.html?_=1640648919209&CODE_STATE=getMsg HTTP/1.1" 200 27
124.77.245.186 - - [28/Dec/2021:07:48:53 +0800] "GET /xingrg/all/function/internal_message.html?_=1640648938398&CODE_STATE=getMsg HTTP/1.1" 200 27
120.253.135.82 - - [28/Dec/2021:07:48:58 +0800] "GET /xingrg/all/function/internal_message.html?_=1640648719978&CODE_STATE=getMsg HTTP/1.1" 200 27
124.79.247.218 - - [28/Dec/2021:07:49:08 +0800] "GET /xingrg/all/function/internal_message.html?_=1640649072679&CODE_STATE=getMsg HTTP/1.1" 200 27
114.85.125.222 - - [28/Dec/2021:07:49:11 +0800] "GET /xingrg/all/function/internal_message.html?_=1640648895043&CODE_STATE=getMsg HTTP/1.1" 200 27
180.169.147.146 - - [28/Dec/2021:07:49:36 +0800] "GET /xingrg/all/function/internal_message.html?_=1640648975771&CODE_STATE=getMsg HTTP/1.1" 200 27
180.169.147.146 - - [28/Dec/2021:07:49:38 +0800] "GET /xingrg/all/function/internal_message.html?_=1640648979306&CODE_STATE=getMsg HTTP/1.1" 200 27
172.20.0.100 - - [28/Dec/2021:07:49:41 +0800] "GET /xingrg/all/function/internal_message.html?_=1640648979212&CODE_STATE=getMsg HTTP/1.1" 200 27
124.77.245.186 - - [28/Dec/2021:07:49:53 +0800] "GET /xingrg/all/function/internal_message.html?_=1640648998400&CODE_STATE=getMsg HTTP/1.1" 200 27
120.253.135.82 - - [28/Dec/2021:07:49:55 +0800] "GET /xingrg/check_reg.html?_=1640648777156 HTTP/1.1" 200 22
120.253.135.82 - - [28/Dec/2021:07:49:58 +0800] "GET /xingrg/all/function/internal_message.html?_=1640648779992&CODE_STATE=getMsg HTTP/1.1" 200 27
124.79.247.218 - - [28/Dec/2021:07:50:08 +0800] "GET /xingrg/all/function/internal_message.html?_=1640649132692&CODE_STATE=getMsg HTTP/1.1" 200 27
114.85.125.222 - - [28/Dec/2021:07:50:11 +0800] "GET /xingrg/all/function/internal_message.html?_=1640648955064&CODE_STATE=getMsg HTTP/1.1" 200 27
180.169.147.146 - - [28/Dec/2021:07:50:36 +0800] "GET /xingrg/all/function/internal_message.html?_=1640649035761&CODE_STATE=getMsg HTTP/1.1" 200 27
180.169.147.146 - - [28/Dec/2021:07:50:38 +0800] "GET /xingrg/all/function/internal_message.html?_=1640649039309&CODE_STATE=getMsg HTTP/1.1" 200 27
180.169.147.146 - - [28/Dec/2021:07:50:38 +0800] "GET /xingrg/check_reg.html?_=1640649039313 HTTP/1.1" 200 22
172.20.0.100 - - [28/Dec/2021:07:50:41 +0800] "GET /xingrg/all/function/internal_message.html?_=1640649039223&CODE_STATE=getMsg HTTP/1.1" 200 27
