101.85.120.86 - - [28/Dec/2021:09:57:59 +0800] "GET /xingrg/all/function/internal_message.html?_=1640656678862&CODE_STATE=getMsg HTTP/1.1" 200 27
101.83.241.229 - - [28/Dec/2021:09:58:01 +0800] "GET /xingrg/all/function/internal_message.html?_=1640656678932&CODE_STATE=getMsg HTTP/1.1" 200 27
124.77.245.186 - - [28/Dec/2021:09:58:04 +0800] "GET /xingrg/all/function/internal_message.html?_=1640656689577&CODE_STATE=getMsg HTTP/1.1" 200 27
114.88.159.28 - - [28/Dec/2021:09:58:05 +0800] "GET /xingrg/kc/buy/cgsh_order_operate.html?command=get_materiel&rest_code=00141&code=00101008323&supplier_code=00100007&order_time=2021-12-28 HTTP/1.1" 200 408
180.169.147.146 - - [28/Dec/2021:09:58:08 +0800] "GET /xingrg/all/function/internal_message.html?_=1640656690844&CODE_STATE=getMsg HTTP/1.1" 200 27
114.88.159.28 - - [28/Dec/2021:09:58:09 +0800] "POST /xingrg/kc/buy/cgsh_order_operate.html HTTP/1.1" 200 2065
124.79.247.218 - - [28/Dec/2021:09:58:09 +0800] "GET /xingrg/all/function/internal_message.html?_=1640656812859&CODE_STATE=getMsg HTTP/1.1" 302 -
61.170.234.223 - - [28/Dec/2021:09:58:10 +0800] "GET /xingrg/kc/buy/cgsh_order_operate.html?command=get_materiel&rest_code=00106&code=00101012026&supplier_code=00100032&order_time=2021-12-28 HTTP/1.1" 200 410
61.170.234.223 - - [28/Dec/2021:09:58:12 +0800] "GET /xingrg/check_reg.html?_=1640656691999 HTTP/1.1" 200 22
61.170.234.223 - - [28/Dec/2021:09:58:12 +0800] "GET /xingrg/all/function/internal_message.html?_=1640656692002&CODE_STATE=getMsg HTTP/1.1" 200 27
116.232.48.196 - - [28/Dec/2021:09:58:12 +0800] "GET /xingrg/all/function/internal_message.html?_=1640656692173&CODE_STATE=getMsg HTTP/1.1" 200 27
124.79.247.218 - - [28/Dec/2021:09:58:18 +0800] "GET /xingrg/all/function/internal_message.html?_=1640656724951&CODE_STATE=getMsg HTTP/1.1" 200 27
114.88.159.28 - - [28/Dec/2021:09:58:20 +0800] "GET /xingrg/kc/buy/cgsh_order_operate.html?command=get_materiel&rest_code=00141&code=00101008003&supplier_code=00100007&order_time=2021-12-28 HTTP/1.1" 200 408
120.253.135.82 - - [28/Dec/2021:09:58:21 +0800] "GET /xingrg/all/function/internal_message.html?_=1640656483353&CODE_STATE=getMsg HTTP/1.1" 200 27
114.88.159.28 - - [28/Dec/2021:09:58:22 +0800] "GET /xingrg/all/function/internal_message.html?_=1640656510443&CODE_STATE=getMsg HTTP/1.1" 200 27
116.227.210.113 - - [28/Dec/2021:09:58:23 +0800] "GET /xingrg/all/function/internal_message.html?_=1640656700947&CODE_STATE=getMsg HTTP/1.1" 200 27
61.170.234.223 - - [28/Dec/2021:09:58:25 +0800] "GET /xingrg/kc/buy/cgsh_order_operate.html?command=get_materiel&rest_code=00106&code=00101016105&supplier_code=00100032&order_time=2021-12-28 HTTP/1.1" 200 411
114.88.159.28 - - [28/Dec/2021:09:58:31 +0800] "GET /xingrg/kc/buy/cgsh_order_operate.html?command=get_materiel&rest_code=00141&code=00101008242&supplier_code=00100007&order_time=2021-12-28 HTTP/1.1" 200 408
180.169.147.146 - - [28/Dec/2021:09:58:36 +0800] "GET /xingrg/all/function/internal_message.html?_=1640656715825&CODE_STATE=getMsg HTTP/1.1" 200 27
180.169.147.146 - - [28/Dec/2021:09:58:36 +0800] "GET /xingrg/check_reg.html?_=1640656715828 HTTP/1.1" 200 22
180.169.147.146 - - [28/Dec/2021:09:58:38 +0800] "GET /xingrg/all/function/internal_message.html?_=1640656719364&CODE_STATE=getMsg HTTP/1.1" 200 27
172.20.0.100 - - [28/Dec/2021:09:58:41 +0800] "GET /xingrg/all/function/internal_message.html?_=1640656719223&CODE_STATE=getMsg HTTP/1.1" 200 27
61.170.234.223 - - [28/Dec/2021:09:58:49 +0800] "POST /xingrg/kc/buy/cgsh_order_operate.html HTTP/1.1" 200 37
114.85.125.222 - - [28/Dec/2021:09:58:50 +0800] "GET /xingrg/check_reg.html?_=1640656673694 HTTP/1.1" 200 22
61.170.234.223 - - [28/Dec/2021:09:58:50 +0800] "POST /xingrg/kc/buy/cgsh_order_operate.html HTTP/1.1" 200 7370
114.85.125.222 - - [28/Dec/2021:09:58:51 +0800] "GET /xingrg/all/function/internal_message.html?_=1640656674221&CODE_STATE=getMsg HTTP/1.1" 200 27
61.170.234.223 - - [28/Dec/2021:09:58:52 +0800] "GET /xingrg/kc/buy/cgsh_order_add.html HTTP/1.1" 200 65308
61.170.234.223 - - [28/Dec/2021:09:58:53 +0800] "POST /xingrg/kc/buy/cgsh_order_operate.html HTTP/1.1" 200 8245
61.170.234.223 - - [28/Dec/2021:09:58:53 +0800] "GET /xingrg/javascript/easyui/themes/default/validatebox.css HTTP/1.1" 404 1104
101.85.120.86 - - [28/Dec/2021:09:58:54 +0800] "GET /xingrg/javascript/jquery_easy_ui/themes/default/images/tabs_close.gif HTTP/1.1" 304 -
101.85.120.86 - - [28/Dec/2021:09:58:54 +0800] "GET /xingrg/css/base.css HTTP/1.1" 304 -
101.85.120.86 - - [28/Dec/2021:09:58:54 +0800] "GET /xingrg/kc/buy/cgsh_order_list.html HTTP/1.1" 200 49545
101.85.120.86 - - [28/Dec/2021:09:58:54 +0800] "GET /xingrg/css/site.css HTTP/1.1" 304 -
101.85.120.86 - - [28/Dec/2021:09:58:54 +0800] "GET /xingrg/javascript/easyui/themes/default/easyui.css HTTP/1.1" 304 -
101.85.120.86 - - [28/Dec/2021:09:58:54 +0800] "GET /xingrg/javascript/easyui/themes/icon.css HTTP/1.1" 304 -
101.85.120.86 - - [28/Dec/2021:09:58:54 +0800] "GET /xingrg/javascript/auto/jquery.autocomplete.css HTTP/1.1" 304 -
101.85.120.86 - - [28/Dec/2021:09:58:54 +0800] "GET /xingrg/javascript/jquery_tools/datebox.css HTTP/1.1" 304 -
101.85.120.86 - - [28/Dec/2021:09:58:54 +0800] "GET /xingrg/javascript/jquery_tools/fix.css HTTP/1.1" 304 -
101.85.120.86 - - [28/Dec/2021:09:58:54 +0800] "GET /xingrg/javascript/jquery_tools/table.css HTTP/1.1" 304 -
101.85.120.86 - - [28/Dec/2021:09:58:54 +0800] "GET /xingrg/javascript/jquery_tools/jquery.tools.min.js HTTP/1.1" 304 -
61.170.234.223 - - [28/Dec/2021:09:58:54 +0800] "GET /xingrg/javascript/easyui/themes/default/tree.css HTTP/1.1" 404 1090
101.85.120.86 - - [28/Dec/2021:09:58:54 +0800] "GET /xingrg/javascript/jquery_tools/jquery.tools.extend.js HTTP/1.1" 304 -
101.85.120.86 - - [28/Dec/2021:09:58:54 +0800] "GET /xingrg/javascript/jquery_tools/jquery.tools.table.js HTTP/1.1" 304 -
101.85.120.86 - - [28/Dec/2021:09:58:54 +0800] "GET /xingrg/javascript/jquery_tools/jquery.tools.hotkey.js HTTP/1.1" 304 -
101.85.120.86 - - [28/Dec/2021:09:58:54 +0800] "GET /xingrg/javascript/jquery_tools/list_manager.js HTTP/1.1" 304 -
101.85.120.86 - - [28/Dec/2021:09:58:54 +0800] "GET /xingrg/javascript/auto/jquery.autocomplete.js HTTP/1.1" 304 -
101.85.120.86 - - [28/Dec/2021:09:58:54 +0800] "GET /xingrg/javascript/easyui/easyloader.js HTTP/1.1" 304 -
101.85.120.86 - - [28/Dec/2021:09:58:54 +0800] "GET /xingrg/javascript/jquery.cookie.js HTTP/1.1" 304 -
101.85.120.86 - - [28/Dec/2021:09:58:54 +0800] "GET /xingrg/javascript/print/LodopFuncs.js HTTP/1.1" 304 -
61.170.234.223 - - [28/Dec/2021:09:58:54 +0800] "POST /xingrg/all/common/load_tree.html?tree=supplier_tree_json&isDelete=1 HTTP/1.1" 200 61663
101.85.120.86 - - [28/Dec/2021:09:58:55 +0800] "GET /xingrg/javascript/easyui/themes/icons/edit_add_new.png HTTP/1.1" 304 -
101.85.120.86 - - [28/Dec/2021:09:58:55 +0800] "GET /xingrg/javascript/easyui/themes/icons/cance_new.png HTTP/1.1" 304 -
101.85.120.86 - - [28/Dec/2021:09:58:55 +0800] "GET /xingrg/javascript/easyui/themes/icons/check_new.png HTTP/1.1" 304 -
101.85.120.86 - - [28/Dec/2021:09:58:55 +0800] "GET /xingrg/javascript/easyui/themes/icons/field_new.png HTTP/1.1" 304 -
101.85.120.86 - - [28/Dec/2021:09:58:55 +0800] "GET /xingrg/javascript/easyui/themes/icons/import_new.png HTTP/1.1" 304 -
101.85.120.86 - - [28/Dec/2021:09:58:55 +0800] "GET /xingrg/javascript/easyui/plugins/jquery.parser.js HTTP/1.1" 304 -
101.85.120.86 - - [28/Dec/2021:09:58:55 +0800] "GET /xingrg/images/control/ajaxLoader.gif HTTP/1.1" 304 -
101.85.120.86 - - [28/Dec/2021:09:58:56 +0800] "POST /xingrg/kc/buy/cgsh_list_operate.html HTTP/1.1" 200 876
61.165.255.114 - - [28/Dec/2021:09:58:57 +0800] "GET /xingrg/all/function/internal_message.html?_=1640656736502&CODE_STATE=getMsg HTTP/1.1" 200 27
61.165.255.114 - - [28/Dec/2021:09:58:57 +0800] "GET /xingrg/check_reg.html?_=1640656736505 HTTP/1.1" 200 22
101.85.120.86 - - [28/Dec/2021:09:58:59 +0800] "GET /xingrg/all/function/internal_message.html?_=1640656738865&CODE_STATE=getMsg HTTP/1.1" 200 27
101.85.120.86 - - [28/Dec/2021:09:59:00 +0800] "GET /xingrg/javascript/easyui/themes/default/images/button_plain_hover.png HTTP/1.1" 304 -
101.85.120.86 - - [28/Dec/2021:09:59:00 +0800] "GET /xingrg/javascript/pic_change.js HTTP/1.1" 304 -
101.85.120.86 - - [28/Dec/2021:09:59:00 +0800] "GET /xingrg/kc/buy/cgsh_order_add.html HTTP/1.1" 200 64433
101.85.120.86 - - [28/Dec/2021:09:59:00 +0800] "GET /xingrg/javascript/jquery_tools/order_manager.js HTTP/1.1" 304 -
101.85.120.86 - - [28/Dec/2021:09:59:00 +0800] "GET /xingrg/javascript/json2.js HTTP/1.1" 304 -
101.85.120.86 - - [28/Dec/2021:09:59:00 +0800] "GET /xingrg/javascript/convert.js HTTP/1.1" 304 -
101.85.120.86 - - [28/Dec/2021:09:59:00 +0800] "GET /xingrg/javascript/print/kc_print.js HTTP/1.1" 304 -
101.85.120.86 - - [28/Dec/2021:09:59:00 +0800] "GET /xingrg/words/20211227185157_words.js HTTP/1.1" 200 881536
101.85.120.86 - - [28/Dec/2021:09:59:00 +0800] "GET /xingrg/javascript/easyui/themes/icons/copy_new.png HTTP/1.1" 304 -
101.85.120.86 - - [28/Dec/2021:09:59:00 +0800] "GET /xingrg/javascript/easyui/themes/icons/ok.png HTTP/1.1" 304 -
101.85.120.86 - - [28/Dec/2021:09:59:00 +0800] "GET /xingrg/javascript/easyui/themes/icons/template_new.png HTTP/1.1" 304 -
101.85.120.86 - - [28/Dec/2021:09:59:00 +0800] "GET /xingrg/javascript/easyui/themes/icons/print.png HTTP/1.1" 304 -
101.85.120.86 - - [28/Dec/2021:09:59:00 +0800] "GET /xingrg/javascript/easyui/themes/default/images/menu_downarrow.png HTTP/1.1" 304 -
101.85.120.86 - - [28/Dec/2021:09:59:00 +0800] "GET /xingrg/javascript/easyui/themes/icons/cancel.png HTTP/1.1" 304 -
101.83.241.229 - - [28/Dec/2021:09:59:01 +0800] "GET /xingrg/all/function/internal_message.html?_=1640656738922&CODE_STATE=getMsg HTTP/1.1" 200 27
101.85.120.86 - - [28/Dec/2021:09:59:01 +0800] "GET /xingrg/all/common/auto_word.html?type=employee&rest_code=00142 HTTP/1.1" 200 105
101.85.120.86 - - [28/Dec/2021:09:59:01 +0800] "GET /xingrg/all/common/auto_word.html?type=employee&rest_code=00142 HTTP/1.1" 200 105
101.85.120.86 - - [28/Dec/2021:09:59:01 +0800] "GET /xingrg/javascript/easyui/themes/default/validatebox.css HTTP/1.1" 404 1104
101.85.120.86 - - [28/Dec/2021:09:59:01 +0800] "GET /xingrg/javascript/easyui/plugins/jquery.validatebox.js HTTP/1.1" 304 -
101.85.120.86 - - [28/Dec/2021:09:59:01 +0800] "GET /xingrg/javascript/easyui/plugins/jquery.numberbox.js HTTP/1.1" 304 -
101.85.120.86 - - [28/Dec/2021:09:59:01 +0800] "POST /xingrg/kc/buy/cgsh_order_operate.html HTTP/1.1" 200 8245
101.85.120.86 - - [28/Dec/2021:09:59:01 +0800] "GET /xingrg/javascript/easyui/themes/icons/edit_remove.png HTTP/1.1" 304 -
101.85.120.86 - - [28/Dec/2021:09:59:02 +0800] "GET /xingrg/javascript/auto/indicator.gif HTTP/1.1" 404 1066
124.77.245.186 - - [28/Dec/2021:09:59:04 +0800] "GET /xingrg/all/function/internal_message.html?_=1640656749791&CODE_STATE=getMsg HTTP/1.1" 200 27
180.169.147.146 - - [28/Dec/2021:09:59:08 +0800] "GET /xingrg/all/function/internal_message.html?_=1640656750846&CODE_STATE=getMsg HTTP/1.1" 200 27
124.79.247.218 - - [28/Dec/2021:09:59:09 +0800] "GET /xingrg/all/function/internal_message.html?_=1640656872873&CODE_STATE=getMsg HTTP/1.1" 302 -
61.170.234.223 - - [28/Dec/2021:09:59:12 +0800] "GET /xingrg/all/function/internal_message.html?_=1640656752019&CODE_STATE=getMsg HTTP/1.1" 200 27
116.232.48.196 - - [28/Dec/2021:09:59:12 +0800] "GET /xingrg/all/function/internal_message.html?_=1640656752176&CODE_STATE=getMsg HTTP/1.1" 200 27
101.85.120.86 - - [28/Dec/2021:09:59:15 +0800] "GET /xingrg/kc/buy/cgsh_order_operate.html?command=get_materiel&rest_code=00142&code=00101008126&supplier_code=00100161&order_time=2021-12-28 HTTP/1.1" 200 412
124.79.247.218 - - [28/Dec/2021:09:59:17 +0800] "GET /xingrg/check_reg.html?_=1640656784172 HTTP/1.1" 200 22
124.79.247.218 - - [28/Dec/2021:09:59:18 +0800] "GET /xingrg/all/function/internal_message.html?_=1640656784964&CODE_STATE=getMsg HTTP/1.1" 200 27
61.170.234.223 - - [28/Dec/2021:09:59:20 +0800] "GET /xingrg/kc/buy/cgsh_order_operate.html?command=get_materiel&rest_code=00106&code=00101009010&supplier_code=00100022&order_time=2021-12-28 HTTP/1.1" 200 414
120.253.135.82 - - [28/Dec/2021:09:59:21 +0800] "GET /xingrg/all/function/internal_message.html?_=1640656543366&CODE_STATE=getMsg HTTP/1.1" 200 27
114.88.159.28 - - [28/Dec/2021:09:59:22 +0800] "GET /xingrg/all/function/internal_message.html?_=1640656570467&CODE_STATE=getMsg HTTP/1.1" 200 27
116.227.210.113 - - [28/Dec/2021:09:59:23 +0800] "GET /xingrg/all/function/internal_message.html?_=1640656760929&CODE_STATE=getMsg HTTP/1.1" 200 27
180.169.147.146 - - [28/Dec/2021:09:59:24 +0800] "GET /xingrg/check_reg.html?_=1640656763248 HTTP/1.1" 200 22
101.85.120.86 - - [28/Dec/2021:09:59:24 +0800] "GET /xingrg/kc/buy/cgsh_order_operate.html?command=get_materiel&rest_code=00142&code=00101008108&supplier_code=00100161&order_time=2021-12-28 HTTP/1.1" 200 412
180.175.103.30 - - [28/Dec/2021:09:59:27 +0800] "POST /xingrg/kc/buy/cgsh_order_operate.html HTTP/1.1" 200 5015
101.85.120.86 - - [28/Dec/2021:09:59:33 +0800] "GET /xingrg/kc/buy/cgsh_order_operate.html?command=get_materiel&rest_code=00142&code=00101008368&supplier_code=00100161&order_time=2021-12-28 HTTP/1.1" 200 408
180.169.147.146 - - [28/Dec/2021:09:59:36 +0800] "GET /xingrg/all/function/internal_message.html?_=1640656775817&CODE_STATE=getMsg HTTP/1.1" 200 27
180.169.147.146 - - [28/Dec/2021:09:59:38 +0800] "GET /xingrg/all/function/internal_message.html?_=1640656779364&CODE_STATE=getMsg HTTP/1.1" 200 27
172.20.0.100 - - [28/Dec/2021:09:59:41 +0800] "GET /xingrg/all/function/internal_message.html?_=1640656779213&CODE_STATE=getMsg HTTP/1.1" 200 27
61.170.234.223 - - [28/Dec/2021:09:59:42 +0800] "GET /xingrg/kc/buy/cgsh_order_operate.html?command=get_materiel&rest_code=00106&code=00101009013&supplier_code=00100022&order_time=2021-12-28 HTTP/1.1" 200 423
101.85.120.86 - - [28/Dec/2021:09:59:43 +0800] "GET /xingrg/kc/buy/cgsh_order_operate.html?command=get_materiel&rest_code=00142&code=00101008005&supplier_code=00100161&order_time=2021-12-28 HTTP/1.1" 200 412
180.175.103.30 - - [28/Dec/2021:09:59:48 +0800] "GET /xingrg/all/function/internal_message.html?_=1640656788501&CODE_STATE=getMsg HTTP/1.1" 200 27
114.85.125.222 - - [28/Dec/2021:09:59:51 +0800] "GET /xingrg/all/function/internal_message.html?_=1640656734234&CODE_STATE=getMsg HTTP/1.1" 200 27
101.85.120.86 - - [28/Dec/2021:09:59:53 +0800] "GET /xingrg/kc/buy/cgsh_order_operate.html?command=get_materiel&rest_code=00142&code=00101008268&supplier_code=00100161&order_time=2021-12-28 HTTP/1.1" 200 408
61.165.255.114 - - [28/Dec/2021:09:59:57 +0800] "GET /xingrg/all/function/internal_message.html?_=1640656796555&CODE_STATE=getMsg HTTP/1.1" 200 27
101.85.120.86 - - [28/Dec/2021:09:59:59 +0800] "GET /xingrg/all/function/internal_message.html?_=1640656798868&CODE_STATE=getMsg HTTP/1.1" 200 27
101.83.241.229 - - [28/Dec/2021:10:00:01 +0800] "GET /xingrg/all/function/internal_message.html?_=1640656798893&CODE_STATE=getMsg HTTP/1.1" 200 27
61.170.234.223 - - [28/Dec/2021:10:00:04 +0800] "GET /xingrg/kc/buy/cgsh_order_operate.html?command=get_materiel&rest_code=00106&code=00101009016&supplier_code=00100022&order_time=2021-12-28 HTTP/1.1" 200 414
124.77.245.186 - - [28/Dec/2021:10:00:04 +0800] "GET /xingrg/all/function/internal_message.html?_=1640656809807&CODE_STATE=getMsg HTTP/1.1" 200 27
101.85.120.86 - - [28/Dec/2021:10:00:07 +0800] "GET /xingrg/kc/buy/cgsh_order_operate.html?command=get_materiel&rest_code=00142&code=00101008059&supplier_code=00100161&order_time=2021-12-28 HTTP/1.1" 200 408
124.79.247.218 - - [28/Dec/2021:10:00:09 +0800] "GET /xingrg/all/function/internal_message.html?_=1640656932871&CODE_STATE=getMsg HTTP/1.1" 302 -
61.170.234.223 - - [28/Dec/2021:10:00:12 +0800] "GET /xingrg/all/function/internal_message.html?_=1640656812023&CODE_STATE=getMsg HTTP/1.1" 200 27
116.232.48.196 - - [28/Dec/2021:10:00:12 +0800] "GET /xingrg/all/function/internal_message.html?_=1640656812179&CODE_STATE=getMsg HTTP/1.1" 200 27
101.85.120.86 - - [28/Dec/2021:10:00:18 +0800] "GET /xingrg/kc/buy/cgsh_order_operate.html?command=get_materiel&rest_code=00142&code=00101008370&supplier_code=00100161&order_time=2021-12-28 HTTP/1.1" 200 412
124.79.247.218 - - [28/Dec/2021:10:00:18 +0800] "GET /xingrg/all/function/internal_message.html?_=1640656844979&CODE_STATE=getMsg HTTP/1.1" 200 27
61.170.234.223 - - [28/Dec/2021:10:00:20 +0800] "GET /xingrg/kc/buy/cgsh_order_operate.html?command=get_materiel&rest_code=00106&code=00101009107&supplier_code=00100022&order_time=2021-12-28 HTTP/1.1" 200 398
120.253.135.82 - - [28/Dec/2021:10:00:21 +0800] "GET /xingrg/check_reg.html?_=1640656602832 HTTP/1.1" 200 22
120.253.135.82 - - [28/Dec/2021:10:00:21 +0800] "GET /xingrg/all/function/internal_message.html?_=1640656603379&CODE_STATE=getMsg HTTP/1.1" 200 27
114.88.159.28 - - [28/Dec/2021:10:00:22 +0800] "GET /xingrg/all/function/internal_message.html?_=1640656630530&CODE_STATE=getMsg HTTP/1.1" 200 27
116.227.210.113 - - [28/Dec/2021:10:00:23 +0800] "GET /xingrg/all/function/internal_message.html?_=1640656820915&CODE_STATE=getMsg HTTP/1.1" 200 27
101.85.120.86 - - [28/Dec/2021:10:00:27 +0800] "GET /xingrg/kc/buy/cgsh_order_operate.html?command=get_materiel&rest_code=00142&code=00101008361&supplier_code=00100161&order_time=2021-12-28 HTTP/1.1" 200 408
101.85.120.86 - - [28/Dec/2021:10:00:34 +0800] "GET /xingrg/kc/buy/cgsh_order_operate.html?command=get_materiel&rest_code=00142&code=00101008155&supplier_code=00100161&order_time=2021-12-28 HTTP/1.1" 200 408
114.88.159.28 - - [28/Dec/2021:10:00:35 +0800] "GET /xingrg/kc/buy/cgsh_order_operate.html?command=get_materiel&rest_code=00141&code=00101008300&supplier_code=00100007&order_time=2021-12-28 HTTP/1.1" 200 412
180.169.147.146 - - [28/Dec/2021:10:00:36 +0800] "GET /xingrg/all/function/internal_message.html?_=1640656835822&CODE_STATE=getMsg HTTP/1.1" 200 27
114.88.159.28 - - [28/Dec/2021:10:00:38 +0800] "POST /xingrg/kc/buy/cgsh_order_operate.html HTTP/1.1" 200 2065
180.169.147.146 - - [28/Dec/2021:10:00:38 +0800] "GET /xingrg/check_reg.html?_=1640656839363 HTTP/1.1" 200 22
180.169.147.146 - - [28/Dec/2021:10:00:38 +0800] "GET /xingrg/all/function/internal_message.html?_=1640656839367&CODE_STATE=getMsg HTTP/1.1" 200 27
172.20.0.100 - - [28/Dec/2021:10:00:41 +0800] "GET /xingrg/all/function/internal_message.html?_=1640656839220&CODE_STATE=getMsg HTTP/1.1" 200 27
61.170.234.223 - - [28/Dec/2021:10:00:43 +0800] "POST /xingrg/kc/buy/cgsh_order_operate.html HTTP/1.1" 200 37
101.85.120.86 - - [28/Dec/2021:10:00:43 +0800] "GET /xingrg/kc/buy/cgsh_order_operate.html?command=get_materiel&rest_code=00142&code=00101008371&supplier_code=00100161&order_time=2021-12-28 HTTP/1.1" 200 412
114.88.159.28 - - [28/Dec/2021:10:00:44 +0800] "GET /xingrg/kc/buy/cgsh_order_operate.html?command=get_materiel&rest_code=00141&code=00101008251&supplier_code=00100007&order_time=2021-12-28 HTTP/1.1" 200 408
61.170.234.223 - - [28/Dec/2021:10:00:45 +0800] "POST /xingrg/kc/buy/cgsh_order_operate.html HTTP/1.1" 200 4440
61.170.234.223 - - [28/Dec/2021:10:00:47 +0800] "GET /xingrg/kc/buy/cgsh_order_add.html HTTP/1.1" 200 65308
61.170.234.223 - - [28/Dec/2021:10:00:47 +0800] "POST /xingrg/kc/buy/cgsh_order_operate.html HTTP/1.1" 200 8245
61.170.234.223 - - [28/Dec/2021:10:00:47 +0800] "GET /xingrg/javascript/easyui/themes/default/validatebox.css HTTP/1.1" 404 1104
180.175.103.30 - - [28/Dec/2021:10:00:48 +0800] "GET /xingrg/all/function/internal_message.html?_=1640656848441&CODE_STATE=getMsg HTTP/1.1" 200 27
61.170.234.223 - - [28/Dec/2021:10:00:49 +0800] "GET /xingrg/javascript/easyui/themes/default/tree.css HTTP/1.1" 404 1090
61.170.234.223 - - [28/Dec/2021:10:00:49 +0800] "POST /xingrg/all/common/load_tree.html?tree=supplier_tree_json&isDelete=1 HTTP/1.1" 200 61663
114.85.125.222 - - [28/Dec/2021:10:00:51 +0800] "GET /xingrg/all/function/internal_message.html?_=1640656794247&CODE_STATE=getMsg HTTP/1.1" 200 27
101.85.120.86 - - [28/Dec/2021:10:00:54 +0800] "GET /xingrg/kc/buy/cgsh_order_operate.html?command=get_materiel&rest_code=00142&code=00101008355&supplier_code=00100161&order_time=2021-12-28 HTTP/1.1" 200 408
61.165.255.114 - - [28/Dec/2021:10:00:57 +0800] "GET /xingrg/all/function/internal_message.html?_=1640656856603&CODE_STATE=getMsg HTTP/1.1" 200 27
101.85.120.86 - - [28/Dec/2021:10:00:59 +0800] "GET /xingrg/all/function/internal_message.html?_=1640656858994&CODE_STATE=getMsg HTTP/1.1" 200 27
101.85.120.86 - - [28/Dec/2021:10:00:59 +0800] "GET /xingrg/check_reg.html?_=1640656858995 HTTP/1.1" 200 22
101.83.241.229 - - [28/Dec/2021:10:01:01 +0800] "GET /xingrg/all/function/internal_message.html?_=1640656858886&CODE_STATE=getMsg HTTP/1.1" 200 27
101.83.241.229 - - [28/Dec/2021:10:01:01 +0800] "GET /xingrg/check_reg.html?_=1640656859359 HTTP/1.1" 200 22
101.85.120.86 - - [28/Dec/2021:10:01:03 +0800] "GET /xingrg/kc/buy/cgsh_order_operate.html?command=get_materiel&rest_code=00142&code=00101008024&supplier_code=00100161&order_time=2021-12-28 HTTP/1.1" 200 408
124.77.245.186 - - [28/Dec/2021:10:01:05 +0800] "GET /xingrg/all/function/internal_message.html?_=1640656870021&CODE_STATE=getMsg HTTP/1.1" 200 27
124.77.245.186 - - [28/Dec/2021:10:01:05 +0800] "GET /xingrg/check_reg.html?_=1640656870710 HTTP/1.1" 200 22
61.170.234.223 - - [28/Dec/2021:10:01:05 +0800] "GET /xingrg/kc/buy/cgsh_order_operate.html?command=get_materiel&rest_code=00106&code=00101007061&supplier_code=00100002&order_time=2021-12-28 HTTP/1.1" 200 411
124.79.247.218 - - [28/Dec/2021:10:01:09 +0800] "GET /xingrg/check_reg.html?_=1640656992869 HTTP/1.1" 302 -
124.79.247.218 - - [28/Dec/2021:10:01:09 +0800] "GET /xingrg/all/function/internal_message.html?_=1640656992870&CODE_STATE=getMsg HTTP/1.1" 302 -
61.170.234.223 - - [28/Dec/2021:10:01:12 +0800] "GET /xingrg/all/function/internal_message.html?_=1640656872088&CODE_STATE=getMsg HTTP/1.1" 200 27
116.232.48.196 - - [28/Dec/2021:10:01:12 +0800] "GET /xingrg/all/function/internal_message.html?_=1640656872181&CODE_STATE=getMsg HTTP/1.1" 200 27
101.85.120.86 - - [28/Dec/2021:10:01:14 +0800] "GET /xingrg/kc/buy/cgsh_order_operate.html?command=get_materiel&rest_code=00142&code=00101008356&supplier_code=00100161&order_time=2021-12-28 HTTP/1.1" 200 408
114.88.159.28 - - [28/Dec/2021:10:01:16 +0800] "GET /xingrg/kc/buy/cgsh_order_operate.html?command=get_materiel&rest_code=00141&code=00101008295&supplier_code=00100007&order_time=2021-12-28 HTTP/1.1" 200 412
124.79.247.218 - - [28/Dec/2021:10:01:18 +0800] "GET /xingrg/all/function/internal_message.html?_=1640656905008&CODE_STATE=getMsg HTTP/1.1" 200 27
120.253.135.82 - - [28/Dec/2021:10:01:21 +0800] "GET /xingrg/all/function/internal_message.html?_=1640656663393&CODE_STATE=getMsg HTTP/1.1" 200 27
114.88.159.28 - - [28/Dec/2021:10:01:22 +0800] "GET /xingrg/all/function/internal_message.html?_=1640656690594&CODE_STATE=getMsg HTTP/1.1" 200 27
116.227.210.113 - - [28/Dec/2021:10:01:23 +0800] "GET /xingrg/all/function/internal_message.html?_=1640656880894&CODE_STATE=getMsg HTTP/1.1" 200 27
101.85.120.86 - - [28/Dec/2021:10:01:25 +0800] "GET /xingrg/kc/buy/cgsh_order_operate.html?command=get_materiel&rest_code=00142&code=00101008286&supplier_code=00100161&order_time=2021-12-28 HTTP/1.1" 200 408
114.88.159.28 - - [28/Dec/2021:10:01:31 +0800] "POST /xingrg/kc/buy/cgsh_order_operate.html HTTP/1.1" 200 2065
101.85.120.86 - - [28/Dec/2021:10:01:35 +0800] "GET /xingrg/kc/buy/cgsh_order_operate.html?command=get_materiel&rest_code=00142&code=00101008353&supplier_code=00100161&order_time=2021-12-28 HTTP/1.1" 200 408
180.169.147.146 - - [28/Dec/2021:10:01:36 +0800] "GET /xingrg/all/function/internal_message.html?_=1640656895820&CODE_STATE=getMsg HTTP/1.1" 200 27
114.88.159.28 - - [28/Dec/2021:10:01:37 +0800] "GET /xingrg/kc/buy/cgsh_order_operate.html?command=get_materiel&rest_code=00141&code=00101008372&supplier_code=00100007&order_time=2021-12-28 HTTP/1.1" 200 408
180.169.147.146 - - [28/Dec/2021:10:01:38 +0800] "GET /xingrg/all/function/internal_message.html?_=1640656899367&CODE_STATE=getMsg HTTP/1.1" 200 27
124.77.245.186 - - [28/Dec/2021:10:01:41 +0800] "POST /xingrg/services/DataTransmitService HTTP/1.1" 200 501
172.20.0.100 - - [28/Dec/2021:10:01:41 +0800] "GET /xingrg/all/function/internal_message.html?_=1640656899211&CODE_STATE=getMsg HTTP/1.1" 200 27
124.77.245.186 - - [28/Dec/2021:10:01:41 +0800] "POST /xingrg/services/DataTransmitService HTTP/1.1" 200 501
61.170.234.223 - - [28/Dec/2021:10:01:41 +0800] "GET /xingrg/kc/buy/cgsh_order_operate.html?command=get_materiel&rest_code=00106&code=00101007077&supplier_code=00100002&order_time=2021-12-28 HTTP/1.1" 200 415
124.77.245.186 - - [28/Dec/2021:10:01:42 +0800] "POST /xingrg/services/DataTransmitService HTTP/1.1" 200 501
124.77.245.186 - - [28/Dec/2021:10:01:44 +0800] "POST /xingrg/services/DataTransmitService HTTP/1.1" 200 501
124.77.245.186 - - [28/Dec/2021:10:01:45 +0800] "POST /xingrg/services/DataTransmitService HTTP/1.1" 200 501
124.77.245.186 - - [28/Dec/2021:10:01:45 +0800] "POST /xingrg/services/DataTransmitService HTTP/1.1" 200 501
124.77.245.186 - - [28/Dec/2021:10:01:46 +0800] "POST /xingrg/services/DataTransmitService HTTP/1.1" 200 501
124.77.245.186 - - [28/Dec/2021:10:01:46 +0800] "POST /xingrg/services/DataTransmitService HTTP/1.1" 200 501
114.88.159.28 - - [28/Dec/2021:10:01:47 +0800] "GET /xingrg/kc/buy/cgsh_order_operate.html?command=get_materiel&rest_code=00141&code=00101008225&supplier_code=00100007&order_time=2021-12-28 HTTP/1.1" 200 416
101.85.120.86 - - [28/Dec/2021:10:01:47 +0800] "GET /xingrg/kc/buy/cgsh_order_operate.html?command=get_materiel&rest_code=00142&code=00101008351&supplier_code=00100161&order_time=2021-12-28 HTTP/1.1" 200 408
180.175.103.30 - - [28/Dec/2021:10:01:48 +0800] "GET /xingrg/all/function/internal_message.html?_=1640656908414&CODE_STATE=getMsg HTTP/1.1" 200 27
124.77.245.186 - - [28/Dec/2021:10:01:49 +0800] "POST /xingrg/services/DataTransmitService HTTP/1.1" 200 412
114.85.125.222 - - [28/Dec/2021:10:01:51 +0800] "GET /xingrg/all/function/internal_message.html?_=1640656854282&CODE_STATE=getMsg HTTP/1.1" 200 27
61.170.234.223 - - [28/Dec/2021:10:01:55 +0800] "GET /xingrg/kc/buy/cgsh_order_operate.html?command=get_materiel&rest_code=00106&code=00101007076&supplier_code=00100002&order_time=2021-12-28 HTTP/1.1" 200 408
114.88.159.28 - - [28/Dec/2021:10:01:55 +0800] "GET /xingrg/kc/buy/cgsh_order_operate.html?command=get_materiel&rest_code=00141&code=00101008298&supplier_code=00100007&order_time=2021-12-28 HTTP/1.1" 200 413
61.165.255.114 - - [28/Dec/2021:10:01:57 +0800] "GET /xingrg/all/function/internal_message.html?_=1640656916648&CODE_STATE=getMsg HTTP/1.1" 200 27
124.79.247.218 - - [28/Dec/2021:10:01:59 +0800] "GET /xingrg/check_reg.html?_=1640656945590 HTTP/1.1" 200 22
101.85.120.86 - - [28/Dec/2021:10:01:59 +0800] "GET /xingrg/all/function/internal_message.html?_=1640656918972&CODE_STATE=getMsg HTTP/1.1" 200 27
101.83.241.229 - - [28/Dec/2021:10:02:01 +0800] "GET /xingrg/all/function/internal_message.html?_=1640656918860&CODE_STATE=getMsg HTTP/1.1" 200 27
124.77.245.186 - - [28/Dec/2021:10:02:05 +0800] "GET /xingrg/all/function/internal_message.html?_=1640656930021&CODE_STATE=getMsg HTTP/1.1" 200 27
114.88.159.28 - - [28/Dec/2021:10:02:05 +0800] "GET /xingrg/kc/buy/cgsh_order_operate.html?command=get_materiel&rest_code=00141&code=00101008403&supplier_code=00100007&order_time=2021-12-28 HTTP/1.1" 200 412
124.79.247.218 - - [28/Dec/2021:10:02:09 +0800] "GET /xingrg/check_reg.html?_=1640656955288 HTTP/1.1" 200 22
124.79.247.218 - - [28/Dec/2021:10:02:09 +0800] "GET /xingrg/all/function/internal_message.html?_=1640657052869&CODE_STATE=getMsg HTTP/1.1" 302 -
101.85.120.86 - - [28/Dec/2021:10:02:09 +0800] "GET /xingrg/kc/buy/cgsh_order_operate.html?command=get_materiel&rest_code=00142&code=00101008350&supplier_code=00100161&order_time=2021-12-28 HTTP/1.1" 200 408
116.232.48.196 - - [28/Dec/2021:10:02:12 +0800] "GET /xingrg/all/function/internal_message.html?_=1640656932176&CODE_STATE=getMsg HTTP/1.1" 200 27
116.232.48.196 - - [28/Dec/2021:10:02:12 +0800] "GET /xingrg/check_reg.html?_=1640656932177 HTTP/1.1" 200 22
61.170.234.223 - - [28/Dec/2021:10:02:15 +0800] "POST /xingrg/kc/buy/cgsh_order_operate.html HTTP/1.1" 200 37
116.227.210.113 - - [28/Dec/2021:10:02:16 +0800] "GET /xingrg/check_reg.html?_=1640656933677 HTTP/1.1" 200 22
61.170.234.223 - - [28/Dec/2021:10:02:16 +0800] "POST /xingrg/kc/buy/cgsh_order_operate.html HTTP/1.1" 200 3844
124.79.247.218 - - [28/Dec/2021:10:02:19 +0800] "GET /xingrg/all/function/internal_message.html?_=1640656965622&CODE_STATE=getMsg HTTP/1.1" 200 27
61.170.234.223 - - [28/Dec/2021:10:02:19 +0800] "GET /xingrg/kc/buy/cgsh_order_add.html HTTP/1.1" 200 65308
61.170.234.223 - - [28/Dec/2021:10:02:19 +0800] "POST /xingrg/kc/buy/cgsh_order_operate.html HTTP/1.1" 200 8245
61.170.234.223 - - [28/Dec/2021:10:02:19 +0800] "GET /xingrg/javascript/easyui/themes/default/validatebox.css HTTP/1.1" 404 1104
101.85.120.86 - - [28/Dec/2021:10:02:20 +0800] "GET /xingrg/kc/buy/cgsh_order_operate.html?command=get_materiel&rest_code=00142&code=00101008459&supplier_code=00100161&order_time=2021-12-28 HTTP/1.1" 200 395
114.88.159.28 - - [28/Dec/2021:10:02:21 +0800] "GET /xingrg/check_reg.html?_=1640656749654 HTTP/1.1" 200 22
120.253.135.82 - - [28/Dec/2021:10:02:21 +0800] "GET /xingrg/all/function/internal_message.html?_=1640656723452&CODE_STATE=getMsg HTTP/1.1" 200 27
61.170.234.223 - - [28/Dec/2021:10:02:21 +0800] "GET /xingrg/javascript/easyui/themes/default/tree.css HTTP/1.1" 404 1090
61.170.234.223 - - [28/Dec/2021:10:02:21 +0800] "POST /xingrg/all/common/load_tree.html?tree=supplier_tree_json&isDelete=1 HTTP/1.1" 200 61663
114.88.159.28 - - [28/Dec/2021:10:02:22 +0800] "GET /xingrg/all/function/internal_message.html?_=1640656750483&CODE_STATE=getMsg HTTP/1.1" 200 27
114.88.159.28 - - [28/Dec/2021:10:02:22 +0800] "POST /xingrg/kc/buy/cgsh_order_operate.html HTTP/1.1" 200 2065
116.227.210.113 - - [28/Dec/2021:10:02:23 +0800] "GET /xingrg/all/function/internal_message.html?_=1640656940882&CODE_STATE=getMsg HTTP/1.1" 200 27
114.88.159.28 - - [28/Dec/2021:10:02:28 +0800] "GET /xingrg/kc/buy/cgsh_order_operate.html?command=get_materiel&rest_code=00141&code=00101008350&supplier_code=00100007&order_time=2021-12-28 HTTP/1.1" 200 408
101.85.120.86 - - [28/Dec/2021:10:02:31 +0800] "GET /xingrg/kc/buy/cgsh_order_operate.html?command=get_materiel&rest_code=00142&code=00101008312&supplier_code=00100161&order_time=2021-12-28 HTTP/1.1" 200 412
101.85.120.86 - - [28/Dec/2021:10:02:35 +0800] "POST /xingrg/kc/buy/cgsh_order_operate.html HTTP/1.1" 200 2065
180.169.147.146 - - [28/Dec/2021:10:02:36 +0800] "GET /xingrg/all/function/internal_message.html?_=1640656955824&CODE_STATE=getMsg HTTP/1.1" 200 27
114.88.159.28 - - [28/Dec/2021:10:02:38 +0800] "GET /xingrg/kc/buy/cgsh_order_operate.html?command=get_materiel&rest_code=00141&code=00101008114&supplier_code=00100007&order_time=2021-12-28 HTTP/1.1" 200 412
180.169.147.146 - - [28/Dec/2021:10:02:38 +0800] "GET /xingrg/all/function/internal_message.html?_=1640656959367&CODE_STATE=getMsg HTTP/1.1" 200 27
172.20.0.100 - - [28/Dec/2021:10:02:41 +0800] "GET /xingrg/all/function/internal_message.html?_=1640656959222&CODE_STATE=getMsg HTTP/1.1" 200 27
172.20.0.100 - - [28/Dec/2021:10:02:41 +0800] "GET /xingrg/check_reg.html?_=1640656959226 HTTP/1.1" 200 22
101.85.120.86 - - [28/Dec/2021:10:02:42 +0800] "GET /xingrg/kc/buy/cgsh_order_operate.html?command=get_materiel&rest_code=00142&code=00101008264&supplier_code=00100161&order_time=2021-12-28 HTTP/1.1" 200 412
61.170.234.223 - - [28/Dec/2021:10:02:44 +0800] "GET /xingrg/kc/buy/cgsh_order_operate.html?command=get_materiel&rest_code=00106&code=00101008147&supplier_code=00100009&order_time=2021-12-28 HTTP/1.1" 200 416
114.88.159.28 - - [28/Dec/2021:10:02:45 +0800] "GET /xingrg/kc/buy/cgsh_order_operate.html?command=get_materiel&rest_code=00141&code=00101020152&supplier_code=00100007&order_time=2021-12-28 HTTP/1.1" 200 416
180.175.103.30 - - [28/Dec/2021:10:02:48 +0800] "GET /xingrg/all/function/internal_message.html?_=1640656968412&CODE_STATE=getMsg HTTP/1.1" 200 27
180.175.103.30 - - [28/Dec/2021:10:02:48 +0800] "GET /xingrg/check_reg.html?_=1640656968478 HTTP/1.1" 200 22
114.85.125.222 - - [28/Dec/2021:10:02:51 +0800] "GET /xingrg/all/function/internal_message.html?_=1640656914290&CODE_STATE=getMsg HTTP/1.1" 200 27
61.170.234.223 - - [28/Dec/2021:10:02:54 +0800] "POST /xingrg/kc/buy/cgsh_order_operate.html HTTP/1.1" 200 37
101.85.120.86 - - [28/Dec/2021:10:02:55 +0800] "GET /xingrg/kc/buy/cgsh_order_operate.html?command=get_materiel&rest_code=00142&code=00101008283&supplier_code=00100161&order_time=2021-12-28 HTTP/1.1" 200 408
61.170.234.223 - - [28/Dec/2021:10:02:56 +0800] "POST /xingrg/kc/buy/cgsh_order_operate.html HTTP/1.1" 200 2660
114.88.159.28 - - [28/Dec/2021:10:02:57 +0800] "GET /xingrg/kc/buy/cgsh_order_operate.html?command=get_materiel&rest_code=00141&code=00101009054&supplier_code=00100007&order_time=2021-12-28 HTTP/1.1" 200 412
61.165.255.114 - - [28/Dec/2021:10:02:57 +0800] "GET /xingrg/all/function/internal_message.html?_=1640656976698&CODE_STATE=getMsg HTTP/1.1" 200 27
101.85.120.86 - - [28/Dec/2021:10:02:59 +0800] "GET /xingrg/all/function/internal_message.html?_=1640656978947&CODE_STATE=getMsg HTTP/1.1" 200 27
101.83.241.229 - - [28/Dec/2021:10:03:01 +0800] "GET /xingrg/all/function/internal_message.html?_=1640656978845&CODE_STATE=getMsg HTTP/1.1" 200 27
101.85.120.86 - - [28/Dec/2021:10:03:02 +0800] "GET /xingrg/kc/buy/cgsh_order_operate.html?command=get_materiel&rest_code=00142&code=00101008298&supplier_code=00100161&order_time=2021-12-28 HTTP/1.1" 200 413
124.77.245.186 - - [28/Dec/2021:10:03:05 +0800] "GET /xingrg/all/function/internal_message.html?_=1640656990036&CODE_STATE=getMsg HTTP/1.1" 200 27
124.79.247.218 - - [28/Dec/2021:10:03:09 +0800] "GET /xingrg/all/function/internal_message.html?_=1640657112868&CODE_STATE=getMsg HTTP/1.1" 302 -
101.85.120.86 - - [28/Dec/2021:10:03:09 +0800] "GET /xingrg/kc/buy/cgsh_order_operate.html?command=get_materiel&rest_code=00142&code=00101008275&supplier_code=00100161&order_time=2021-12-28 HTTP/1.1" 200 417
61.170.234.223 - - [28/Dec/2021:10:03:12 +0800] "GET /xingrg/check_reg.html?_=1640656992026 HTTP/1.1" 200 22
61.170.234.223 - - [28/Dec/2021:10:03:12 +0800] "GET /xingrg/all/function/internal_message.html?_=1640656992107&CODE_STATE=getMsg HTTP/1.1" 200 27
116.232.48.196 - - [28/Dec/2021:10:03:12 +0800] "GET /xingrg/all/function/internal_message.html?_=1640656992178&CODE_STATE=getMsg HTTP/1.1" 200 27
114.88.159.28 - - [28/Dec/2021:10:03:13 +0800] "GET /xingrg/kc/buy/cgsh_order_operate.html?command=get_materiel&rest_code=00141&code=00101015066&supplier_code=00100007&order_time=2021-12-28 HTTP/1.1" 200 413
114.88.159.28 - - [28/Dec/2021:10:03:15 +0800] "POST /xingrg/kc/buy/cgsh_order_operate.html HTTP/1.1" 200 2065
101.85.120.86 - - [28/Dec/2021:10:03:17 +0800] "GET /xingrg/kc/buy/cgsh_order_operate.html?command=get_materiel&rest_code=00142&code=00101008352&supplier_code=00100161&order_time=2021-12-28 HTTP/1.1" 200 412
124.79.247.218 - - [28/Dec/2021:10:03:19 +0800] "GET /xingrg/all/function/internal_message.html?_=1640657025627&CODE_STATE=getMsg HTTP/1.1" 200 27
101.85.120.86 - - [28/Dec/2021:10:03:20 +0800] "POST /xingrg/kc/buy/cgsh_order_operate.html HTTP/1.1" 200 2065
114.88.159.28 - - [28/Dec/2021:10:03:21 +0800] "GET /xingrg/kc/buy/cgsh_order_operate.html?command=get_materiel&rest_code=00141&code=00101009062&supplier_code=00100007&order_time=2021-12-28 HTTP/1.1" 200 412
120.253.135.82 - - [28/Dec/2021:10:03:21 +0800] "GET /xingrg/all/function/internal_message.html?_=1640656783503&CODE_STATE=getMsg HTTP/1.1" 200 27
114.88.159.28 - - [28/Dec/2021:10:03:22 +0800] "GET /xingrg/all/function/internal_message.html?_=1640656810465&CODE_STATE=getMsg HTTP/1.1" 200 27
116.227.210.113 - - [28/Dec/2021:10:03:23 +0800] "GET /xingrg/all/function/internal_message.html?_=1640657000859&CODE_STATE=getMsg HTTP/1.1" 200 27
101.85.120.86 - - [28/Dec/2021:10:03:25 +0800] "GET /xingrg/kc/buy/cgsh_order_operate.html?command=get_materiel&rest_code=00142&code=00101015070&supplier_code=00100161&order_time=2021-12-28 HTTP/1.1" 200 413
114.88.159.28 - - [28/Dec/2021:10:03:34 +0800] "GET /xingrg/kc/buy/cgsh_order_operate.html?command=get_materiel&rest_code=00141&code=00101009030&supplier_code=00100007&order_time=2021-12-28 HTTP/1.1" 200 412
101.85.120.86 - - [28/Dec/2021:10:03:36 +0800] "GET /xingrg/kc/buy/cgsh_order_operate.html?command=get_materiel&rest_code=00142&code=00101008323&supplier_code=00100161&order_time=2021-12-28 HTTP/1.1" 200 408
180.169.147.146 - - [28/Dec/2021:10:03:36 +0800] "GET /xingrg/all/function/internal_message.html?_=1640657015823&CODE_STATE=getMsg HTTP/1.1" 200 27
180.169.147.146 - - [28/Dec/2021:10:03:36 +0800] "GET /xingrg/check_reg.html?_=1640657015824 HTTP/1.1" 200 22
180.169.147.146 - - [28/Dec/2021:10:03:38 +0800] "GET /xingrg/all/function/internal_message.html?_=1640657019369&CODE_STATE=getMsg HTTP/1.1" 200 27
172.20.0.100 - - [28/Dec/2021:10:03:41 +0800] "GET /xingrg/all/function/internal_message.html?_=1640657019210&CODE_STATE=getMsg HTTP/1.1" 200 27
114.88.159.28 - - [28/Dec/2021:10:03:43 +0800] "GET /xingrg/kc/buy/cgsh_order_operate.html?command=get_materiel&rest_code=00141&code=00101008355&supplier_code=00100007&order_time=2021-12-28 HTTP/1.1" 200 408
101.85.120.86 - - [28/Dec/2021:10:03:46 +0800] "GET /xingrg/kc/buy/cgsh_order_operate.html?command=get_materiel&rest_code=00142&code=00101008069&supplier_code=00100161&order_time=2021-12-28 HTTP/1.1" 200 412
180.175.103.30 - - [28/Dec/2021:10:03:48 +0800] "GET /xingrg/all/function/internal_message.html?_=1640657028414&CODE_STATE=getMsg HTTP/1.1" 200 27
114.85.125.222 - - [28/Dec/2021:10:03:50 +0800] "GET /xingrg/check_reg.html?_=1640656973715 HTTP/1.1" 200 22
114.85.125.222 - - [28/Dec/2021:10:03:51 +0800] "GET /xingrg/all/function/internal_message.html?_=1640656974303&CODE_STATE=getMsg HTTP/1.1" 200 27
114.88.159.28 - - [28/Dec/2021:10:03:53 +0800] "GET /xingrg/kc/buy/cgsh_order_operate.html?command=get_materiel&rest_code=00141&code=00101008370&supplier_code=00100007&order_time=2021-12-28 HTTP/1.1" 200 412
61.165.255.114 - - [28/Dec/2021:10:03:57 +0800] "GET /xingrg/all/function/internal_message.html?_=1640657036748&CODE_STATE=getMsg HTTP/1.1" 200 27
61.165.255.114 - - [28/Dec/2021:10:03:57 +0800] "GET /xingrg/check_reg.html?_=1640657036751 HTTP/1.1" 200 22
101.85.120.86 - - [28/Dec/2021:10:03:59 +0800] "GET /xingrg/all/function/internal_message.html?_=1640657038919&CODE_STATE=getMsg HTTP/1.1" 200 27
101.83.241.229 - - [28/Dec/2021:10:04:01 +0800] "GET /xingrg/all/function/internal_message.html?_=1640657038839&CODE_STATE=getMsg HTTP/1.1" 200 27
101.85.120.86 - - [28/Dec/2021:10:04:02 +0800] "GET /xingrg/kc/buy/cgsh_order_operate.html?command=get_materiel&rest_code=00142&code=00101012065&supplier_code=00100161&order_time=2021-12-28 HTTP/1.1" 200 418
114.84.2.174 - - [28/Dec/2021:10:04:04 +0800] "POST /xingrg/services/DataTransmitService HTTP/1.1" 200 524
124.77.245.186 - - [28/Dec/2021:10:04:05 +0800] "GET /xingrg/all/function/internal_message.html?_=1640657050259&CODE_STATE=getMsg HTTP/1.1" 200 27
114.88.159.28 - - [28/Dec/2021:10:04:08 +0800] "POST /xingrg/kc/buy/cgsh_order_operate.html HTTP/1.1" 200 2065
114.84.2.174 - - [28/Dec/2021:10:04:08 +0800] "POST /xingrg/services/DataTransmitService HTTP/1.1" 200 501
114.84.2.174 - - [28/Dec/2021:10:04:09 +0800] "POST /xingrg/services/DataTransmitService HTTP/1.1" 200 501
124.79.247.218 - - [28/Dec/2021:10:04:09 +0800] "GET /xingrg/all/function/internal_message.html?_=1640657172892&CODE_STATE=getMsg HTTP/1.1" 302 -
114.84.2.174 - - [28/Dec/2021:10:04:09 +0800] "POST /xingrg/services/DataTransmitService HTTP/1.1" 200 501
114.84.2.174 - - [28/Dec/2021:10:04:10 +0800] "POST /xingrg/services/DataTransmitService HTTP/1.1" 200 501
114.84.2.174 - - [28/Dec/2021:10:04:10 +0800] "POST /xingrg/services/DataTransmitService HTTP/1.1" 200 501
114.84.2.174 - - [28/Dec/2021:10:04:10 +0800] "POST /xingrg/services/DataTransmitService HTTP/1.1" 200 501
114.84.2.174 - - [28/Dec/2021:10:04:11 +0800] "POST /xingrg/services/DataTransmitService HTTP/1.1" 200 501
114.84.2.174 - - [28/Dec/2021:10:04:11 +0800] "POST /xingrg/services/DataTransmitService HTTP/1.1" 200 501
114.84.2.174 - - [28/Dec/2021:10:04:11 +0800] "POST /xingrg/services/DataTransmitService HTTP/1.1" 200 501
114.84.2.174 - - [28/Dec/2021:10:04:12 +0800] "POST /xingrg/services/DataTransmitService HTTP/1.1" 200 412
101.85.120.86 - - [28/Dec/2021:10:04:12 +0800] "GET /xingrg/kc/buy/cgsh_order_operate.html?command=get_materiel&rest_code=00142&code=00101012024&supplier_code=00100161&order_time=2021-12-28 HTTP/1.1" 200 408
116.232.48.196 - - [28/Dec/2021:10:04:12 +0800] "GET /xingrg/all/function/internal_message.html?_=1640657052200&CODE_STATE=getMsg HTTP/1.1" 200 27
114.88.159.28 - - [28/Dec/2021:10:04:12 +0800] "GET /xingrg/kc/buy/cgsh_order_operate.html?command=get_materiel&rest_code=00141&code=00101008155&supplier_code=00100007&order_time=2021-12-28 HTTP/1.1" 200 408
101.85.120.86 - - [28/Dec/2021:10:04:15 +0800] "POST /xingrg/kc/buy/cgsh_order_operate.html HTTP/1.1" 200 2065
124.79.247.218 - - [28/Dec/2021:10:04:18 +0800] "GET /xingrg/check_reg.html?_=1640657084773 HTTP/1.1" 200 22
124.79.247.218 - - [28/Dec/2021:10:04:19 +0800] "GET /xingrg/all/function/internal_message.html?_=1640657085641&CODE_STATE=getMsg HTTP/1.1" 200 27
114.88.159.28 - - [28/Dec/2021:10:04:20 +0800] "GET /xingrg/kc/buy/cgsh_order_operate.html?command=get_materiel&rest_code=00141&code=00101008137&supplier_code=00100007&order_time=2021-12-28 HTTP/1.1" 200 408
101.85.120.86 - - [28/Dec/2021:10:04:21 +0800] "GET /xingrg/kc/buy/cgsh_order_operate.html?command=get_materiel&rest_code=00142&code=00101012059&supplier_code=00100161&order_time=2021-12-28 HTTP/1.1" 200 412
120.253.135.82 - - [28/Dec/2021:10:04:21 +0800] "GET /xingrg/all/function/internal_message.html?_=1640656843511&CODE_STATE=getMsg HTTP/1.1" 200 27
114.88.159.28 - - [28/Dec/2021:10:04:22 +0800] "GET /xingrg/all/function/internal_message.html?_=1640656870440&CODE_STATE=getMsg HTTP/1.1" 200 27
116.227.210.113 - - [28/Dec/2021:10:04:23 +0800] "GET /xingrg/all/function/internal_message.html?_=1640657060850&CODE_STATE=getMsg HTTP/1.1" 200 27
180.169.147.146 - - [28/Dec/2021:10:04:24 +0800] "GET /xingrg/check_reg.html?_=1640657063242 HTTP/1.1" 200 22
114.88.159.28 - - [28/Dec/2021:10:04:28 +0800] "POST /xingrg/kc/buy/cgsh_order_operate.html HTTP/1.1" 200 37
101.85.120.86 - - [28/Dec/2021:10:04:30 +0800] "GET /xingrg/kc/buy/cgsh_order_operate.html?command=get_materiel&rest_code=00142&code=00101016057&supplier_code=00100161&order_time=2021-12-28 HTTP/1.1" 200 408
114.88.159.28 - - [28/Dec/2021:10:04:32 +0800] "POST /xingrg/kc/buy/cgsh_order_operate.html HTTP/1.1" 200 12
114.88.159.28 - - [28/Dec/2021:10:04:32 +0800] "GET /xingrg/kc/buy/cgsh_order_info.html?code=212021122811953 HTTP/1.1" 200 60223
114.88.159.28 - - [28/Dec/2021:10:04:33 +0800] "GET /xingrg/javascript/easyui/themes/default/validatebox.css HTTP/1.1" 404 1104
114.88.159.28 - - [28/Dec/2021:10:04:33 +0800] "POST /xingrg/kc/buy/cgsh_order_operate.html HTTP/1.1" 200 27180
114.88.159.28 - - [28/Dec/2021:10:04:34 +0800] "GET /xingrg/kc/print/load_data.html?order_code=212021122811953&kc_code=cgsh&condition= HTTP/1.1" 200 10784
180.169.147.146 - - [28/Dec/2021:10:04:36 +0800] "GET /xingrg/all/function/internal_message.html?_=1640657075818&CODE_STATE=getMsg HTTP/1.1" 200 27
180.169.147.146 - - [28/Dec/2021:10:04:38 +0800] "GET /xingrg/all/function/internal_message.html?_=1640657079371&CODE_STATE=getMsg HTTP/1.1" 200 27
101.85.120.86 - - [28/Dec/2021:10:04:39 +0800] "POST /xingrg/kc/buy/cgsh_order_operate.html HTTP/1.1" 200 37
101.85.120.86 - - [28/Dec/2021:10:04:40 +0800] "POST /xingrg/kc/buy/cgsh_order_operate.html HTTP/1.1" 200 19767
172.20.0.100 - - [28/Dec/2021:10:04:41 +0800] "GET /xingrg/all/function/internal_message.html?_=1640657079213&CODE_STATE=getMsg HTTP/1.1" 200 27
180.175.103.30 - - [28/Dec/2021:10:04:48 +0800] "GET /xingrg/all/function/internal_message.html?_=1640657088354&CODE_STATE=getMsg HTTP/1.1" 200 27
101.85.120.86 - - [28/Dec/2021:10:04:49 +0800] "POST /xingrg/kc/buy/cgsh_order_operate.html HTTP/1.1" 200 37
101.85.120.86 - - [28/Dec/2021:10:04:51 +0800] "POST /xingrg/kc/buy/cgsh_order_operate.html HTTP/1.1" 200 19767
114.85.125.222 - - [28/Dec/2021:10:04:51 +0800] "GET /xingrg/all/function/internal_message.html?_=1640657034317&CODE_STATE=getMsg HTTP/1.1" 200 27
101.85.120.86 - - [28/Dec/2021:10:04:55 +0800] "POST /xingrg/kc/buy/cgsh_order_operate.html HTTP/1.1" 200 37
101.85.120.86 - - [28/Dec/2021:10:04:57 +0800] "POST /xingrg/kc/buy/cgsh_order_operate.html HTTP/1.1" 200 19767
61.165.255.114 - - [28/Dec/2021:10:04:57 +0800] "GET /xingrg/all/function/internal_message.html?_=1640657096801&CODE_STATE=getMsg HTTP/1.1" 200 27
101.83.241.229 - - [28/Dec/2021:10:05:01 +0800] "GET /xingrg/all/function/internal_message.html?_=1640657098817&CODE_STATE=getMsg HTTP/1.1" 200 27
101.85.120.86 - - [28/Dec/2021:10:05:02 +0800] "POST /xingrg/kc/buy/cgsh_order_operate.html HTTP/1.1" 200 37
101.85.120.86 - - [28/Dec/2021:10:05:03 +0800] "POST /xingrg/kc/buy/cgsh_order_operate.html HTTP/1.1" 200 19767
101.85.120.86 - - [28/Dec/2021:10:05:04 +0800] "GET /xingrg/javascript/jquery_easy_ui/themes/default/images/tabs_active.png HTTP/1.1" 304 -
124.77.245.186 - - [28/Dec/2021:10:05:05 +0800] "GET /xingrg/all/function/internal_message.html?_=1640657110266&CODE_STATE=getMsg HTTP/1.1" 200 27
101.85.120.86 - - [28/Dec/2021:10:05:07 +0800] "POST /xingrg/kc/buy/cgsh_list_operate.html HTTP/1.1" 200 1690
124.79.247.218 - - [28/Dec/2021:10:05:09 +0800] "GET /xingrg/all/function/internal_message.html?_=1640657232889&CODE_STATE=getMsg HTTP/1.1" 302 -
116.232.48.196 - - [28/Dec/2021:10:05:12 +0800] "GET /xingrg/all/function/internal_message.html?_=1640657112190&CODE_STATE=getMsg HTTP/1.1" 200 27
124.79.247.218 - - [28/Dec/2021:10:05:19 +0800] "GET /xingrg/all/function/internal_message.html?_=1640657145655&CODE_STATE=getMsg HTTP/1.1" 200 27
101.85.120.86 - - [28/Dec/2021:10:05:20 +0800] "GET /xingrg/kc/mdqp/pssh_order_list.html HTTP/1.1" 200 16867
120.253.135.82 - - [28/Dec/2021:10:05:21 +0800] "GET /xingrg/check_reg.html?_=1640656902883 HTTP/1.1" 200 22
101.85.120.86 - - [28/Dec/2021:10:05:21 +0800] "POST /xingrg/kc/mdqp/pssh_list_operate.html HTTP/1.1" 200 5462
120.253.135.82 - - [28/Dec/2021:10:05:21 +0800] "GET /xingrg/all/function/internal_message.html?_=1640656903525&CODE_STATE=getMsg HTTP/1.1" 200 27
114.88.159.28 - - [28/Dec/2021:10:05:22 +0800] "GET /xingrg/all/function/internal_message.html?_=1640656930429&CODE_STATE=getMsg HTTP/1.1" 200 27
116.227.210.113 - - [28/Dec/2021:10:05:23 +0800] "GET /xingrg/all/function/internal_message.html?_=1640657120826&CODE_STATE=getMsg HTTP/1.1" 200 27
101.85.120.86 - - [28/Dec/2021:10:05:24 +0800] "POST /xingrg/kc/mdqp/pssh_list_operate.html HTTP/1.1" 200 805
101.85.120.86 - - [28/Dec/2021:10:05:24 +0800] "GET /xingrg/kc/mdqp/pssh_order_info.html?code=312021122800704 HTTP/1.1" 200 17279
101.85.120.86 - - [28/Dec/2021:10:05:24 +0800] "GET /xingrg/javascript/jquery_tools/jquery-1.4.2.min.js HTTP/1.1" 404 1094
101.85.120.86 - - [28/Dec/2021:10:05:24 +0800] "GET /xingrg/javascript/easyui/themes/icons/back_new.png HTTP/1.1" 304 -
101.85.120.86 - - [28/Dec/2021:10:05:24 +0800] "POST /xingrg/kc/mdqp/pssh_order_operate.html HTTP/1.1" 200 5840
101.85.120.86 - - [28/Dec/2021:10:05:24 +0800] "GET /xingrg/javascript/easyui/themes/default/validatebox.css HTTP/1.1" 404 1104
101.85.120.86 - - [28/Dec/2021:10:05:24 +0800] "GET /xingrg/all/common/auto_word.html?type=base&rest_code=00142&rest_code=00142 HTTP/1.1" 200 719
180.169.147.146 - - [28/Dec/2021:10:05:36 +0800] "GET /xingrg/all/function/internal_message.html?_=1640657135808&CODE_STATE=getMsg HTTP/1.1" 200 27
180.169.147.146 - - [28/Dec/2021:10:05:38 +0800] "GET /xingrg/check_reg.html?_=1640657139371 HTTP/1.1" 200 22
180.169.147.146 - - [28/Dec/2021:10:05:38 +0800] "GET /xingrg/all/function/internal_message.html?_=1640657139374&CODE_STATE=getMsg HTTP/1.1" 200 27
172.20.0.100 - - [28/Dec/2021:10:05:41 +0800] "GET /xingrg/all/function/internal_message.html?_=1640657139217&CODE_STATE=getMsg HTTP/1.1" 200 27
180.175.103.30 - - [28/Dec/2021:10:05:48 +0800] "GET /xingrg/all/function/internal_message.html?_=1640657148330&CODE_STATE=getMsg HTTP/1.1" 200 27
114.85.125.222 - - [28/Dec/2021:10:05:51 +0800] "GET /xingrg/all/function/internal_message.html?_=1640657094332&CODE_STATE=getMsg HTTP/1.1" 200 27
61.165.255.114 - - [28/Dec/2021:10:05:58 +0800] "GET /xingrg/all/function/internal_message.html?_=1640657156851&CODE_STATE=getMsg HTTP/1.1" 200 27
101.85.120.86 - - [28/Dec/2021:10:05:59 +0800] "GET /xingrg/all/function/internal_message.html?_=1640657158938&CODE_STATE=getMsg HTTP/1.1" 200 27
101.85.120.86 - - [28/Dec/2021:10:05:59 +0800] "GET /xingrg/check_reg.html?_=1640657158971 HTTP/1.1" 200 22
101.83.241.229 - - [28/Dec/2021:10:06:01 +0800] "GET /xingrg/all/function/internal_message.html?_=1640657158800&CODE_STATE=getMsg HTTP/1.1" 200 27
101.83.241.229 - - [28/Dec/2021:10:06:01 +0800] "GET /xingrg/check_reg.html?_=1640657159389 HTTP/1.1" 200 22
124.77.245.186 - - [28/Dec/2021:10:06:05 +0800] "GET /xingrg/all/function/internal_message.html?_=1640657170475&CODE_STATE=getMsg HTTP/1.1" 200 27
124.77.245.186 - - [28/Dec/2021:10:06:05 +0800] "GET /xingrg/check_reg.html?_=1640657170715 HTTP/1.1" 200 22
124.79.247.218 - - [28/Dec/2021:10:06:09 +0800] "GET /xingrg/check_reg.html?_=1640657292889 HTTP/1.1" 302 -
124.79.247.218 - - [28/Dec/2021:10:06:09 +0800] "GET /xingrg/all/function/internal_message.html?_=1640657292888&CODE_STATE=getMsg HTTP/1.1" 302 -
