222.69.129.201 - - [26/Dec/2021:09:22:26 +0800] "GET /xingrg/kc/buy/cgsh_order_operate.html?command=get_materiel&rest_code=00149&code=00101008077&supplier_code=00100005&order_time=2021-12-26 HTTP/1.1" 200 416
124.77.245.186 - - [26/Dec/2021:09:22:28 +0800] "GET /xingrg/all/function/internal_message.html?_=1640481772639&CODE_STATE=getMsg HTTP/1.1" 200 27
116.227.210.113 - - [26/Dec/2021:09:22:31 +0800] "GET /xingrg/kc/buy/cgsh_order_operate.html?command=get_materiel&rest_code=00155&code=00101008283&supplier_code=00100005&order_time=2021-12-26 HTTP/1.1" 200 408
222.70.176.97 - - [26/Dec/2021:09:22:31 +0800] "GET /xingrg/kc/buy/cgsh_order_operate.html?command=get_materiel&rest_code=00111&code=00101008244&supplier_code=00100005&order_time=2021-12-26 HTTP/1.1" 200 408
222.69.129.201 - - [26/Dec/2021:09:22:39 +0800] "GET /xingrg/kc/buy/cgsh_order_operate.html?command=get_materiel&rest_code=00149&code=00101008223&supplier_code=00100005&order_time=2021-12-26 HTTP/1.1" 200 412
180.175.103.30 - - [26/Dec/2021:09:22:39 +0800] "GET /xingrg/check_reg.html?_=1640481757698 HTTP/1.1" 200 22
180.175.103.30 - - [26/Dec/2021:09:22:39 +0800] "GET /xingrg/all/function/internal_message.html?_=1640481757700&CODE_STATE=getMsg HTTP/1.1" 200 27
180.175.103.30 - - [26/Dec/2021:09:22:39 +0800] "GET /xingrg/kc/buy/cgsh_order_operate.html?command=get_materiel&rest_code=00105&code=00101007092&supplier_code=00100002&order_time=2021-12-26 HTTP/1.1" 200 409
222.69.129.201 - - [26/Dec/2021:09:22:40 +0800] "GET /xingrg/all/function/internal_message.html?_=1640481756779&CODE_STATE=getMsg HTTP/1.1" 200 27
222.69.129.201 - - [26/Dec/2021:09:22:40 +0800] "GET /xingrg/check_reg.html?_=1640481756782 HTTP/1.1" 200 22
61.165.255.114 - - [26/Dec/2021:09:22:40 +0800] "GET /xingrg/all/function/internal_message.html?_=1640481759844&CODE_STATE=getMsg HTTP/1.1" 200 27
222.70.176.97 - - [26/Dec/2021:09:22:40 +0800] "GET /xingrg/kc/buy/cgsh_order_operate.html?command=get_materiel&rest_code=00111&code=00101008354&supplier_code=00100005&order_time=2021-12-26 HTTP/1.1" 200 412
58.40.7.146 - - [26/Dec/2021:09:22:48 +0800] "GET /xingrg/all/function/internal_message.html?_=1640481752898&CODE_STATE=getMsg HTTP/1.1" 200 27
116.227.210.113 - - [26/Dec/2021:09:22:49 +0800] "GET /xingrg/kc/buy/cgsh_order_operate.html?command=get_materiel&rest_code=00155&code=00101008331&supplier_code=00100005&order_time=2021-12-26 HTTP/1.1" 200 416
222.70.176.97 - - [26/Dec/2021:09:22:50 +0800] "GET /xingrg/kc/buy/cgsh_order_operate.html?command=get_materiel&rest_code=00111&code=00101008351&supplier_code=00100005&order_time=2021-12-26 HTTP/1.1" 200 408
116.227.210.113 - - [26/Dec/2021:09:22:52 +0800] "POST /xingrg/kc/buy/cgsh_order_operate.html HTTP/1.1" 200 2065
222.69.129.201 - - [26/Dec/2021:09:22:52 +0800] "GET /xingrg/kc/buy/cgsh_order_operate.html?command=get_materiel&rest_code=00149&code=00101008558&supplier_code=00100005&order_time=2021-12-26 HTTP/1.1" 200 395
222.69.129.201 - - [26/Dec/2021:09:22:55 +0800] "POST /xingrg/kc/buy/cgsh_order_operate.html HTTP/1.1" 200 2065
180.175.103.30 - - [26/Dec/2021:09:22:56 +0800] "GET /xingrg/kc/buy/cgsh_order_operate.html?command=get_materiel&rest_code=00105&code=00101007049&supplier_code=00100002&order_time=2021-12-26 HTTP/1.1" 200 409
116.227.210.113 - - [26/Dec/2021:09:22:58 +0800] "GET /xingrg/kc/buy/cgsh_order_operate.html?command=get_materiel&rest_code=00155&code=00101008277&supplier_code=00100005&order_time=2021-12-26 HTTP/1.1" 200 412
222.70.176.97 - - [26/Dec/2021:09:22:58 +0800] "GET /xingrg/kc/buy/cgsh_order_operate.html?command=get_materiel&rest_code=00111&code=00101008096&supplier_code=00100005&order_time=2021-12-26 HTTP/1.1" 200 412
222.70.176.97 - - [26/Dec/2021:09:23:01 +0800] "GET /xingrg/check_reg.html?_=1640481775136 HTTP/1.1" 200 22
222.70.176.97 - - [26/Dec/2021:09:23:01 +0800] "GET /xingrg/all/function/internal_message.html?_=1640481775219&CODE_STATE=getMsg HTTP/1.1" 200 27
222.69.129.201 - - [26/Dec/2021:09:23:01 +0800] "POST /xingrg/kc/buy/cgsh_order_operate.html HTTP/1.1" 200 37
180.175.103.30 - - [26/Dec/2021:09:23:04 +0800] "GET /xingrg/kc/buy/cgsh_order_operate.html?command=get_materiel&rest_code=00105&code=00101007024&supplier_code=00100002&order_time=2021-12-26 HTTP/1.1" 200 415
116.232.48.26 - - [26/Dec/2021:09:23:04 +0800] "GET /xingrg/all/function/internal_message.html?_=1640481784297&CODE_STATE=getMsg HTTP/1.1" 200 27
116.227.210.113 - - [26/Dec/2021:09:23:05 +0800] "GET /xingrg/kc/buy/cgsh_order_operate.html?command=get_materiel&rest_code=00155&code=00101008223&supplier_code=00100005&order_time=2021-12-26 HTTP/1.1" 200 412
222.70.176.97 - - [26/Dec/2021:09:23:07 +0800] "GET /xingrg/kc/buy/cgsh_order_operate.html?command=get_materiel&rest_code=00111&code=00101008038&supplier_code=00100005&order_time=2021-12-26 HTTP/1.1" 200 412
180.169.147.146 - - [26/Dec/2021:09:23:12 +0800] "GET /xingrg/all/function/internal_message.html?_=1640481790584&CODE_STATE=getMsg HTTP/1.1" 200 27
116.227.210.113 - - [26/Dec/2021:09:23:13 +0800] "GET /xingrg/all/function/internal_message.html?_=1640481761146&CODE_STATE=getMsg HTTP/1.1" 200 27
222.69.129.201 - - [26/Dec/2021:09:23:16 +0800] "POST /xingrg/kc/buy/cgsh_order_operate.html HTTP/1.1" 200 25141
124.79.247.218 - - [26/Dec/2021:09:23:16 +0800] "GET /xingrg/all/function/internal_message.html?_=1640481820858&CODE_STATE=getMsg HTTP/1.1" 302 -
124.79.247.218 - - [26/Dec/2021:09:23:16 +0800] "GET /xingrg/login.html HTTP/1.1" 200 7641
222.70.176.97 - - [26/Dec/2021:09:23:16 +0800] "GET /xingrg/kc/buy/cgsh_order_operate.html?command=get_materiel&rest_code=00111&code=00101008051&supplier_code=00100005&order_time=2021-12-26 HTTP/1.1" 200 409
116.227.210.113 - - [26/Dec/2021:09:23:21 +0800] "GET /xingrg/kc/buy/cgsh_order_operate.html?command=get_materiel&rest_code=00155&code=00101008125&supplier_code=00100005&order_time=2021-12-26 HTTP/1.1" 200 413
180.157.251.97 - - [26/Dec/2021:09:23:23 +0800] "GET /xingrg/all/function/internal_message.html?_=1640481802876&CODE_STATE=getMsg HTTP/1.1" 200 27
124.79.247.218 - - [26/Dec/2021:09:23:24 +0800] "GET /xingrg/all/function/internal_message.html?_=1640481927159&CODE_STATE=getMsg HTTP/1.1" 302 -
124.77.245.186 - - [26/Dec/2021:09:23:25 +0800] "GET /xingrg/all/function/internal_message.html?_=1640481850672&CODE_STATE=getMsg HTTP/1.1" 302 -
116.232.48.26 - - [26/Dec/2021:09:23:25 +0800] "GET /xingrg/kc/buy/cgsh_order_add.html HTTP/1.1" 200 65331
116.232.48.26 - - [26/Dec/2021:09:23:25 +0800] "POST /xingrg/kc/buy/cgsh_order_operate.html HTTP/1.1" 200 8245
116.232.48.26 - - [26/Dec/2021:09:23:25 +0800] "GET /xingrg/all/common/auto_word.html?type=employee&rest_code=00109 HTTP/1.1" 200 255
116.232.48.26 - - [26/Dec/2021:09:23:25 +0800] "GET /xingrg/all/common/auto_word.html?type=employee&rest_code=00109 HTTP/1.1" 200 255
116.232.48.26 - - [26/Dec/2021:09:23:25 +0800] "GET /xingrg/javascript/easyui/themes/default/validatebox.css HTTP/1.1" 404 1104
116.232.48.26 - - [26/Dec/2021:09:23:25 +0800] "GET /xingrg/javascript/jquery_easy_ui/themes/default/images/tabs_active.png HTTP/1.1" 200 2894
120.253.135.82 - - [26/Dec/2021:09:23:26 +0800] "GET /xingrg/all/function/internal_message.html?_=1640481586375&CODE_STATE=getMsg HTTP/1.1" 200 27
116.227.210.113 - - [26/Dec/2021:09:23:28 +0800] "GET /xingrg/kc/buy/cgsh_order_operate.html?command=get_materiel&rest_code=00155&code=00101008016&supplier_code=00100005&order_time=2021-12-26 HTTP/1.1" 200 416
124.77.245.186 - - [26/Dec/2021:09:23:28 +0800] "GET /xingrg/all/function/internal_message.html?_=1640481832654&CODE_STATE=getMsg HTTP/1.1" 200 27
222.70.176.97 - - [26/Dec/2021:09:23:28 +0800] "GET /xingrg/kc/buy/cgsh_order_operate.html?command=get_materiel&rest_code=00111&code=00101019254&supplier_code=00100005&order_time=2021-12-26 HTTP/1.1" 200 447
116.227.210.113 - - [26/Dec/2021:09:23:31 +0800] "POST /xingrg/kc/buy/cgsh_order_operate.html HTTP/1.1" 200 2065
222.70.176.97 - - [26/Dec/2021:09:23:33 +0800] "POST /xingrg/all/common/load_select.html HTTP/1.1" 200 25
222.70.176.97 - - [26/Dec/2021:09:23:37 +0800] "GET /xingrg/kc/buy/cgsh_order_operate.html?command=get_materiel_price&rest_code=00111&code=00101019254&unit_code=00100040&supplier_code=00100005&order_time=2021-12-26 HTTP/1.1" 200 27
180.175.103.30 - - [26/Dec/2021:09:23:38 +0800] "GET /xingrg/kc/buy/cgsh_order_operate.html?command=get_materiel&rest_code=00105&code=00101007031&supplier_code=00100002&order_time=2021-12-26 HTTP/1.1" 200 413
180.175.103.30 - - [26/Dec/2021:09:23:39 +0800] "GET /xingrg/all/function/internal_message.html?_=1640481817699&CODE_STATE=getMsg HTTP/1.1" 200 27
222.69.129.201 - - [26/Dec/2021:09:23:40 +0800] "GET /xingrg/all/function/internal_message.html?_=1640481816779&CODE_STATE=getMsg HTTP/1.1" 200 27
61.165.255.114 - - [26/Dec/2021:09:23:40 +0800] "GET /xingrg/all/function/internal_message.html?_=1640481819893&CODE_STATE=getMsg HTTP/1.1" 200 27
124.77.245.186 - - [26/Dec/2021:09:23:48 +0800] "POST /xingrg/kc/buy/cgsh_order_operate.html HTTP/1.1" 200 2065
222.70.176.97 - - [26/Dec/2021:09:23:48 +0800] "GET /xingrg/kc/buy/cgsh_order_operate.html?command=get_materiel&rest_code=00111&code=00101008003&supplier_code=00100005&order_time=2021-12-26 HTTP/1.1" 200 408
58.40.7.146 - - [26/Dec/2021:09:23:48 +0800] "GET /xingrg/all/function/internal_message.html?_=1640481812900&CODE_STATE=getMsg HTTP/1.1" 200 27
116.227.210.113 - - [26/Dec/2021:09:23:50 +0800] "POST /xingrg/kc/buy/cgsh_order_operate.html HTTP/1.1" 200 37
116.227.210.113 - - [26/Dec/2021:09:23:52 +0800] "POST /xingrg/kc/buy/cgsh_order_operate.html HTTP/1.1" 200 26302
116.227.210.113 - - [26/Dec/2021:09:23:53 +0800] "GET /xingrg/kc/print/load_data.html?order_code=212021122611084&kc_code=cgsh HTTP/1.1" 200 9663
180.175.103.30 - - [26/Dec/2021:09:23:55 +0800] "GET /xingrg/kc/buy/cgsh_order_operate.html?command=get_materiel&rest_code=00105&code=00101007021&supplier_code=00100002&order_time=2021-12-26 HTTP/1.1" 200 409
222.70.176.97 - - [26/Dec/2021:09:23:58 +0800] "GET /xingrg/kc/buy/cgsh_order_operate.html?command=get_materiel&rest_code=00111&code=00101008361&supplier_code=00100005&order_time=2021-12-26 HTTP/1.1" 200 408
222.70.176.97 - - [26/Dec/2021:09:24:01 +0800] "GET /xingrg/all/function/internal_message.html?_=1640481835176&CODE_STATE=getMsg HTTP/1.1" 200 27
180.175.103.30 - - [26/Dec/2021:09:24:04 +0800] "GET /xingrg/kc/buy/cgsh_order_operate.html?command=get_materiel&rest_code=00105&code=00101007128&supplier_code=00100002&order_time=2021-12-26 HTTP/1.1" 200 406
222.70.176.97 - - [26/Dec/2021:09:24:04 +0800] "GET /xingrg/kc/buy/cgsh_order_operate.html?command=get_materiel&rest_code=00111&code=00101008067&supplier_code=00100005&order_time=2021-12-26 HTTP/1.1" 200 416
116.232.48.26 - - [26/Dec/2021:09:24:04 +0800] "GET /xingrg/all/function/internal_message.html?_=1640481844299&CODE_STATE=getMsg HTTP/1.1" 200 27
116.232.48.26 - - [26/Dec/2021:09:24:04 +0800] "GET /xingrg/check_reg.html?_=1640481844301 HTTP/1.1" 200 22
222.70.176.97 - - [26/Dec/2021:09:24:12 +0800] "GET /xingrg/kc/buy/cgsh_order_operate.html?command=get_materiel&rest_code=00111&code=00101008356&supplier_code=00100005&order_time=2021-12-26 HTTP/1.1" 200 410
180.169.147.146 - - [26/Dec/2021:09:24:12 +0800] "GET /xingrg/all/function/internal_message.html?_=1640481850578&CODE_STATE=getMsg HTTP/1.1" 200 27
116.227.210.113 - - [26/Dec/2021:09:24:15 +0800] "GET /xingrg/all/function/internal_message.html?_=1640481822876&CODE_STATE=getMsg HTTP/1.1" 200 27
116.227.210.113 - - [26/Dec/2021:09:24:15 +0800] "GET /xingrg/check_reg.html?_=1640481822887 HTTP/1.1" 200 22
124.79.247.218 - - [26/Dec/2021:09:24:16 +0800] "GET /xingrg/all/function/internal_message.html?_=1640481880879&CODE_STATE=getMsg HTTP/1.1" 302 -
124.79.247.218 - - [26/Dec/2021:09:24:16 +0800] "GET /xingrg/login.html HTTP/1.1" 200 7641
180.175.103.30 - - [26/Dec/2021:09:24:21 +0800] "POST /xingrg/kc/buy/cgsh_order_operate.html HTTP/1.1" 200 37
116.227.210.113 - - [26/Dec/2021:09:24:22 +0800] "GET /xingrg/kc/buy/cgsh_order_list.html HTTP/1.1" 200 49486
180.157.251.97 - - [26/Dec/2021:09:24:23 +0800] "GET /xingrg/check_reg.html?_=1640481862874 HTTP/1.1" 200 22
180.157.251.97 - - [26/Dec/2021:09:24:23 +0800] "GET /xingrg/all/function/internal_message.html?_=1640481862875&CODE_STATE=getMsg HTTP/1.1" 200 27
124.79.247.218 - - [26/Dec/2021:09:24:24 +0800] "GET /xingrg/all/function/internal_message.html?_=1640481987140&CODE_STATE=getMsg HTTP/1.1" 302 -
116.227.210.113 - - [26/Dec/2021:09:24:24 +0800] "POST /xingrg/kc/buy/cgsh_list_operate.html HTTP/1.1" 200 2772
116.227.210.113 - - [26/Dec/2021:09:24:24 +0800] "POST /xingrg/kc/buy/cgsh_list_operate.html HTTP/1.1" 200 2772
180.175.103.30 - - [26/Dec/2021:09:24:24 +0800] "POST /xingrg/kc/buy/cgsh_order_operate.html HTTP/1.1" 200 7375
222.70.176.97 - - [26/Dec/2021:09:24:24 +0800] "GET /xingrg/kc/buy/cgsh_order_operate.html?command=get_materiel&rest_code=00111&code=00101008251&supplier_code=00100005&order_time=2021-12-26 HTTP/1.1" 200 408
124.77.245.186 - - [26/Dec/2021:09:24:25 +0800] "GET /xingrg/all/function/internal_message.html?_=1640481910696&CODE_STATE=getMsg HTTP/1.1" 302 -
180.175.103.30 - - [26/Dec/2021:09:24:25 +0800] "GET /xingrg/kc/print/load_data.html?order_code=212021122611085&kc_code=cgsh&condition= HTTP/1.1" 200 2530
120.253.135.82 - - [26/Dec/2021:09:24:26 +0800] "GET /xingrg/all/function/internal_message.html?_=1640481646391&CODE_STATE=getMsg HTTP/1.1" 200 27
222.70.176.97 - - [26/Dec/2021:09:24:28 +0800] "POST /xingrg/kc/buy/cgsh_order_operate.html HTTP/1.1" 200 2065
124.77.245.186 - - [26/Dec/2021:09:24:28 +0800] "GET /xingrg/all/function/internal_message.html?_=1640481892666&CODE_STATE=getMsg HTTP/1.1" 200 27
116.227.210.113 - - [26/Dec/2021:09:24:30 +0800] "POST /xingrg/kc/buy/cgsh_list_operate.html HTTP/1.1" 200 2772
116.227.210.113 - - [26/Dec/2021:09:24:30 +0800] "POST /xingrg/services/DataTransmitService HTTP/1.1" 200 524
222.70.176.97 - - [26/Dec/2021:09:24:35 +0800] "GET /xingrg/kc/buy/cgsh_order_operate.html?command=get_materiel&rest_code=00111&code=00101008357&supplier_code=00100005&order_time=2021-12-26 HTTP/1.1" 200 408
116.238.208.177 - - [26/Dec/2021:09:24:37 +0800] "GET /xingrg/check_reg.html?_=1640481884295 HTTP/1.1" 302 -
180.175.103.30 - - [26/Dec/2021:09:24:39 +0800] "GET /xingrg/all/function/internal_message.html?_=1640481877696&CODE_STATE=getMsg HTTP/1.1" 200 27
116.227.210.113 - - [26/Dec/2021:09:24:40 +0800] "POST /xingrg/kc/buy/cgsh_list_operate.html HTTP/1.1" 200 9349
222.69.129.201 - - [26/Dec/2021:09:24:40 +0800] "GET /xingrg/all/function/internal_message.html?_=1640481876785&CODE_STATE=getMsg HTTP/1.1" 200 27
61.165.255.114 - - [26/Dec/2021:09:24:40 +0800] "GET /xingrg/all/function/internal_message.html?_=1640481879941&CODE_STATE=getMsg HTTP/1.1" 200 27
222.70.176.97 - - [26/Dec/2021:09:24:43 +0800] "GET /xingrg/kc/buy/cgsh_order_operate.html?command=get_materiel&rest_code=00111&code=00101008069&supplier_code=00100005&order_time=2021-12-26 HTTP/1.1" 200 412
124.79.247.218 - - [26/Dec/2021:09:24:44 +0800] "GET /xingrg/kc/buy/buy_main.html HTTP/1.1" 302 -
124.79.247.218 - - [26/Dec/2021:09:24:44 +0800] "GET /xingrg/login.html HTTP/1.1" 200 7641
124.79.247.218 - - [26/Dec/2021:09:24:45 +0800] "GET /xingrg/login.html HTTP/1.1" 200 7641
124.79.247.218 - - [26/Dec/2021:09:24:45 +0800] "GET /xingrg/images/blue/jxLogo.png HTTP/1.1" 304 -
124.79.247.218 - - [26/Dec/2021:09:24:45 +0800] "GET /xingrg/images/blue/login_bg.png HTTP/1.1" 304 -
124.79.247.218 - - [26/Dec/2021:09:24:45 +0800] "GET /xingrg/images/blue/hj.png HTTP/1.1" 304 -
124.79.247.218 - - [26/Dec/2021:09:24:45 +0800] "GET /xingrg/images/blue/srbg.png HTTP/1.1" 304 -
124.79.247.218 - - [26/Dec/2021:09:24:45 +0800] "GET /favicon.ico HTTP/1.1" 404 -
124.79.247.218 - - [26/Dec/2021:09:24:48 +0800] "POST /xingrg/login.do HTTP/1.1" 302 -
124.79.247.218 - - [26/Dec/2021:09:24:48 +0800] "GET /xingrg/javascript/jquery_easy_ui/themes/default/easyui.css HTTP/1.1" 304 -
124.79.247.218 - - [26/Dec/2021:09:24:48 +0800] "GET /xingrg/css/form.css HTTP/1.1" 304 -
124.79.247.218 - - [26/Dec/2021:09:24:48 +0800] "GET /xingrg/javascript/jquery_easy_ui/themes/icon.css HTTP/1.1" 304 -
124.79.247.218 - - [26/Dec/2021:09:24:48 +0800] "GET /xingrg/index.html?sysBaseUrl=http%3A%2F%2F180.169.147.146%3A18081%2Fxingrg%2F&costTime=35×tamp=1640481888290 HTTP/1.1" 200 17179
124.79.247.218 - - [26/Dec/2021:09:24:48 +0800] "GET /xingrg/javascript/jquery-1.4.2.min.js HTTP/1.1" 304 -
124.79.247.218 - - [26/Dec/2021:09:24:48 +0800] "GET /xingrg/javascript/jquery.form.js HTTP/1.1" 304 -
124.79.247.218 - - [26/Dec/2021:09:24:48 +0800] "GET /xingrg/javascript/jquery_easy_ui/easyui-lang-zh_CN.js HTTP/1.1" 304 -
124.79.247.218 - - [26/Dec/2021:09:24:48 +0800] "GET /xingrg/javascript/jquery_easy_ui/jquery.easyui.min.js HTTP/1.1" 304 -
124.79.247.218 - - [26/Dec/2021:09:24:48 +0800] "GET /xingrg/javascript/jquery.utils.js HTTP/1.1" 304 -
124.79.247.218 - - [26/Dec/2021:09:24:48 +0800] "GET /xingrg/javascript/jquery.timers.js HTTP/1.1" 304 -
124.79.247.218 - - [26/Dec/2021:09:24:48 +0800] "GET /xingrg/images/blue/jxLogo.png HTTP/1.1" 304 -
124.79.247.218 - - [26/Dec/2021:09:24:48 +0800] "GET /xingrg/images/blue/navBackgound.jpg HTTP/1.1" 304 -
124.79.247.218 - - [26/Dec/2021:09:24:48 +0800] "GET /xingrg/javascript/jquery_easy_ui/themes/icons/settle_new.png HTTP/1.1" 304 -
124.79.247.218 - - [26/Dec/2021:09:24:48 +0800] "POST /xingrg/all/common/load_tree.html?tree=area_rest_tree_json&manage=1 HTTP/1.1" 200 723
124.79.247.218 - - [26/Dec/2021:09:24:48 +0800] "GET /xingrg/images/blue/pingpu.png HTTP/1.1" 304 -
124.79.247.218 - - [26/Dec/2021:09:24:48 +0800] "GET /xingrg/javascript/jquery_easy_ui/themes/default/images/tabs_leftarrow.png HTTP/1.1" 304 -
124.79.247.218 - - [26/Dec/2021:09:24:48 +0800] "GET /xingrg/javascript/jquery_easy_ui/themes/default/images/tabs_rightarrow.png HTTP/1.1" 304 -
58.40.7.146 - - [26/Dec/2021:09:24:48 +0800] "GET /xingrg/all/function/internal_message.html?_=1640481872903&CODE_STATE=getMsg HTTP/1.1" 200 27
124.79.247.218 - - [26/Dec/2021:09:24:48 +0800] "GET /xingrg/javascript/jquery_easy_ui/themes/default/images/panel_tool_collapse.gif HTTP/1.1" 304 -
124.79.247.218 - - [26/Dec/2021:09:24:48 +0800] "GET /xingrg/all/function/internal_message.html?_=1640481912955&CODE_STATE=count HTTP/1.1" 200 11
124.79.247.218 - - [26/Dec/2021:09:24:48 +0800] "GET /xingrg/check_reg.html?_=1640481912957 HTTP/1.1" 200 22
124.79.247.218 - - [26/Dec/2021:09:24:48 +0800] "GET /xingrg/javascript/jquery_easy_ui/themes/default/images/tree_arrows.gif HTTP/1.1" 304 -
124.79.247.218 - - [26/Dec/2021:09:24:48 +0800] "GET /favicon.ico HTTP/1.1" 404 -
124.79.247.218 - - [26/Dec/2021:09:24:48 +0800] "POST /xingrg/load_menu.html HTTP/1.1" 200 5138
124.79.247.218 - - [26/Dec/2021:09:24:48 +0800] "GET /xingrg/javascript/jquery_easy_ui/themes/default/images/tree_folder_open.gif HTTP/1.1" 304 -
124.79.247.218 - - [26/Dec/2021:09:24:48 +0800] "GET /xingrg/javascript/jquery_easy_ui/themes/icons/search_new.png HTTP/1.1" 304 -
124.79.247.218 - - [26/Dec/2021:09:24:48 +0800] "GET /xingrg/javascript/jquery_easy_ui/themes/default/images/tree_folder.gif HTTP/1.1" 304 -
124.79.247.218 - - [26/Dec/2021:09:24:48 +0800] "GET /xingrg/javascript/jquery_easy_ui/themes/icons/storage_new.png HTTP/1.1" 304 -
124.79.247.218 - - [26/Dec/2021:09:24:48 +0800] "GET /xingrg/javascript/jquery_easy_ui/themes/icons/forms_new.png HTTP/1.1" 304 -
124.79.247.218 - - [26/Dec/2021:09:24:48 +0800] "GET /xingrg/javascript/jquery_easy_ui/themes/default/images/tree_file.gif HTTP/1.1" 304 -
116.227.210.113 - - [26/Dec/2021:09:24:49 +0800] "POST /xingrg/kc/buy/cgsh_list_operate.html HTTP/1.1" 200 509
116.227.210.113 - - [26/Dec/2021:09:24:49 +0800] "GET /xingrg/kc/buy/cgsh_order_info.html?code=212021122510792 HTTP/1.1" 200 60124
116.227.210.113 - - [26/Dec/2021:09:24:50 +0800] "GET /xingrg/javascript/easyui/themes/default/validatebox.css HTTP/1.1" 404 1104
116.227.210.113 - - [26/Dec/2021:09:24:50 +0800] "POST /xingrg/kc/buy/cgsh_order_operate.html HTTP/1.1" 200 2985
116.227.210.113 - - [26/Dec/2021:09:24:51 +0800] "GET /xingrg/kc/print/load_data.html?order_code=212021122510792&kc_code=cgsh HTTP/1.1" 200 1660
222.70.176.97 - - [26/Dec/2021:09:24:52 +0800] "GET /xingrg/kc/buy/cgsh_order_operate.html?command=get_materiel&rest_code=00111&code=00101008286&supplier_code=00100005&order_time=2021-12-26 HTTP/1.1" 200 408
180.175.103.30 - - [26/Dec/2021:09:24:53 +0800] "GET /xingrg/kc/buy/cgsh_order_add.html HTTP/1.1" 200 65337
180.175.103.30 - - [26/Dec/2021:09:24:53 +0800] "POST /xingrg/kc/buy/cgsh_order_operate.html HTTP/1.1" 200 8245
180.175.103.30 - - [26/Dec/2021:09:24:53 +0800] "GET /xingrg/javascript/easyui/themes/default/validatebox.css HTTP/1.1" 404 1104
116.227.210.113 - - [26/Dec/2021:09:25:01 +0800] "GET /xingrg/kc/buy/cgsh_order_list.html HTTP/1.1" 200 49486
222.70.176.97 - - [26/Dec/2021:09:25:01 +0800] "GET /xingrg/all/function/internal_message.html?_=1640481895151&CODE_STATE=getMsg HTTP/1.1" 200 27
116.227.210.113 - - [26/Dec/2021:09:25:01 +0800] "GET /xingrg/kc/buy/cgsh_order_list.html HTTP/1.1" 200 49486
116.227.210.113 - - [26/Dec/2021:09:25:01 +0800] "GET /xingrg/kc/buy/cgsh_order_list.html HTTP/1.1" 200 49486
116.227.210.113 - - [26/Dec/2021:09:25:03 +0800] "POST /xingrg/kc/buy/cgsh_list_operate.html HTTP/1.1" 200 2772
116.227.210.113 - - [26/Dec/2021:09:25:03 +0800] "POST /xingrg/kc/buy/cgsh_list_operate.html HTTP/1.1" 200 2772
116.227.210.113 - - [26/Dec/2021:09:25:04 +0800] "POST /xingrg/kc/buy/cgsh_list_operate.html HTTP/1.1" 200 2772
116.227.210.113 - - [26/Dec/2021:09:25:04 +0800] "POST /xingrg/kc/buy/cgsh_list_operate.html HTTP/1.1" 200 2772
222.70.176.97 - - [26/Dec/2021:09:25:04 +0800] "GET /xingrg/kc/buy/cgsh_order_operate.html?command=get_materiel&rest_code=00111&code=00101008131&supplier_code=00100005&order_time=2021-12-26 HTTP/1.1" 200 408
116.232.48.26 - - [26/Dec/2021:09:25:04 +0800] "GET /xingrg/all/function/internal_message.html?_=1640481904301&CODE_STATE=getMsg HTTP/1.1" 200 27
180.175.103.30 - - [26/Dec/2021:09:25:09 +0800] "GET /xingrg/kc/buy/cgsh_order_operate.html?command=get_materiel&rest_code=00105&code=00101012026&supplier_code=00100034&order_time=2021-12-26 HTTP/1.1" 200 408
124.77.245.186 - - [26/Dec/2021:09:25:10 +0800] "POST /xingrg/kc/buy/cgsh_order_operate.html HTTP/1.1" 200 2065
222.70.176.97 - - [26/Dec/2021:09:25:11 +0800] "GET /xingrg/kc/buy/cgsh_order_operate.html?command=get_materiel&rest_code=00111&code=00101008352&supplier_code=00100005&order_time=2021-12-26 HTTP/1.1" 200 412
180.169.147.146 - - [26/Dec/2021:09:25:12 +0800] "GET /xingrg/all/function/internal_message.html?_=1640481910585&CODE_STATE=getMsg HTTP/1.1" 200 27
180.169.147.146 - - [26/Dec/2021:09:25:12 +0800] "GET /xingrg/check_reg.html?_=1640481910587 HTTP/1.1" 200 22
222.70.176.97 - - [26/Dec/2021:09:25:13 +0800] "POST /xingrg/kc/buy/cgsh_order_operate.html HTTP/1.1" 200 2065
116.227.210.113 - - [26/Dec/2021:09:25:15 +0800] "GET /xingrg/all/function/internal_message.html?_=1640481882854&CODE_STATE=getMsg HTTP/1.1" 200 27
222.70.176.97 - - [26/Dec/2021:09:25:18 +0800] "GET /xingrg/kc/buy/cgsh_order_operate.html?command=get_materiel&rest_code=00111&code=00101008353&supplier_code=00100005&order_time=2021-12-26 HTTP/1.1" 200 408
124.79.247.218 - - [26/Dec/2021:09:25:20 +0800] "GET /xingrg/javascript/jquery_easy_ui/themes/default/images/tabs_close.gif HTTP/1.1" 304 -
124.79.247.218 - - [26/Dec/2021:09:25:20 +0800] "GET /xingrg/kc/buy/buy_main.html HTTP/1.1" 200 12412
124.79.247.218 - - [26/Dec/2021:09:25:20 +0800] "GET /xingrg/css/blue.css HTTP/1.1" 304 -
124.79.247.218 - - [26/Dec/2021:09:25:20 +0800] "GET /xingrg/css/new_ie.css HTTP/1.1" 404 1036
124.79.247.218 - - [26/Dec/2021:09:25:20 +0800] "GET /xingrg/javascript/jquery_ui/themes/humanity/humanity.css HTTP/1.1" 304 -
124.79.247.218 - - [26/Dec/2021:09:25:20 +0800] "GET /xingrg/javascript/pic_change.js HTTP/1.1" 304 -
124.79.247.218 - - [26/Dec/2021:09:25:20 +0800] "GET /xingrg/javascript/ToolTips.js HTTP/1.1" 304 -
124.79.247.218 - - [26/Dec/2021:09:25:20 +0800] "GET /xingrg/javascript/myfunction.js HTTP/1.1" 304 -
124.79.247.218 - - [26/Dec/2021:09:25:20 +0800] "GET /xingrg/javascript/jquery_easy_ui/themes/icon.css HTTP/1.1" 304 -
124.79.247.218 - - [26/Dec/2021:09:25:20 +0800] "GET /xingrg/javascript/jquery-1.4.2.min.js HTTP/1.1" 304 -
124.79.247.218 - - [26/Dec/2021:09:25:20 +0800] "GET /xingrg/javascript/jquery_ui/jquery-ui.min.js HTTP/1.1" 304 -
124.79.247.218 - - [26/Dec/2021:09:25:20 +0800] "GET /xingrg/javascript/jquery.utils.js HTTP/1.1" 304 -
124.79.247.218 - - [26/Dec/2021:09:25:20 +0800] "GET /xingrg/javascript/jquery_easy_ui/themes/default/easyui.css HTTP/1.1" 304 -
124.79.247.218 - - [26/Dec/2021:09:25:20 +0800] "GET /xingrg/images/blue/button/cgshd.gif HTTP/1.1" 304 -
124.79.247.218 - - [26/Dec/2021:09:25:20 +0800] "GET /xingrg/images/blue/button/cgydd.gif HTTP/1.1" 304 -
124.79.247.218 - - [26/Dec/2021:09:25:20 +0800] "GET /xingrg/images/blue/button/cgxqd.gif HTTP/1.1" 304 -
124.79.247.218 - - [26/Dec/2021:09:25:20 +0800] "GET /xingrg/images/blue/pic_form2.gif HTTP/1.1" 304 -
124.79.247.218 - - [26/Dec/2021:09:25:20 +0800] "GET /xingrg/images/blue/button/kc.gif HTTP/1.1" 304 -
124.79.247.218 - - [26/Dec/2021:09:25:20 +0800] "GET /xingrg/images/blue/button/ckthd.gif HTTP/1.1" 304 -
124.79.247.218 - - [26/Dec/2021:09:25:20 +0800] "GET /xingrg/images/blue/button/cgfkd.gif HTTP/1.1" 304 -
124.79.247.218 - - [26/Dec/2021:09:25:20 +0800] "GET /xingrg/javascript/jquery_ui/themes/humanity/images/ui-bg_inset-soft_100_f4f0ec_1x100.png HTTP/1.1" 304 -
124.79.247.218 - - [26/Dec/2021:09:25:20 +0800] "GET /xingrg/images/blue/bg_dotted.jpg HTTP/1.1" 304 -
124.79.247.218 - - [26/Dec/2021:09:25:20 +0800] "GET /xingrg/images/blue/button/right_ah.jpg HTTP/1.1" 304 -
124.79.247.218 - - [26/Dec/2021:09:25:20 +0800] "GET /xingrg/images/blue/button/down_ah.jpg HTTP/1.1" 304 -
124.79.247.218 - - [26/Dec/2021:09:25:20 +0800] "GET /xingrg/javascript/jquery_ui/themes/humanity/images/ui-iconsnew.jpg HTTP/1.1" 304 -
124.79.247.218 - - [26/Dec/2021:09:25:20 +0800] "GET /xingrg/javascript/jquery_ui/themes/humanity/images/ui-icons_ffffff_256x240.png HTTP/1.1" 304 -
124.79.247.218 - - [26/Dec/2021:09:25:20 +0800] "GET /xingrg/javascript/jquery_ui/themes/humanity/images/ui-icons_c47a23_256x240.png HTTP/1.1" 304 -
124.79.247.218 - - [26/Dec/2021:09:25:20 +0800] "GET /xingrg/javascript/jquery_ui/themes/humanity/images/ui-bg_glass_70_ede4d4_1x400.png HTTP/1.1" 304 -
124.79.247.218 - - [26/Dec/2021:09:25:21 +0800] "GET /xingrg/images/yd/bt.gif HTTP/1.1" 404 1040
180.175.103.30 - - [26/Dec/2021:09:25:21 +0800] "GET /xingrg/kc/buy/cgsh_order_operate.html?command=get_materiel&rest_code=00105&code=00101012033&supplier_code=00100034&order_time=2021-12-26 HTTP/1.1" 200 426
124.79.247.218 - - [26/Dec/2021:09:25:21 +0800] "GET /xingrg/css/base.css HTTP/1.1" 304 -
124.79.247.218 - - [26/Dec/2021:09:25:21 +0800] "GET /xingrg/css/site.css HTTP/1.1" 304 -
124.79.247.218 - - [26/Dec/2021:09:25:21 +0800] "GET /xingrg/javascript/jquery_tools/datebox.css HTTP/1.1" 304 -
124.79.247.218 - - [26/Dec/2021:09:25:21 +0800] "GET /xingrg/javascript/easyui/themes/default/easyui.css HTTP/1.1" 304 -
124.79.247.218 - - [26/Dec/2021:09:25:21 +0800] "GET /xingrg/javascript/auto/jquery.autocomplete.css HTTP/1.1" 304 -
124.79.247.218 - - [26/Dec/2021:09:25:21 +0800] "GET /xingrg/javascript/easyui/themes/icon.css HTTP/1.1" 304 -
124.79.247.218 - - [26/Dec/2021:09:25:21 +0800] "GET /xingrg/javascript/jquery_tools/fix.css HTTP/1.1" 304 -
124.79.247.218 - - [26/Dec/2021:09:25:21 +0800] "GET /xingrg/javascript/jquery_tools/table.css HTTP/1.1" 304 -
124.79.247.218 - - [26/Dec/2021:09:25:22 +0800] "GET /xingrg/kc/buy/cgsh_order_list.html HTTP/1.1" 200 49486
124.79.247.218 - - [26/Dec/2021:09:25:22 +0800] "GET /xingrg/javascript/jquery_tools/jquery.tools.hotkey.js HTTP/1.1" 304 -
124.79.247.218 - - [26/Dec/2021:09:25:22 +0800] "GET /xingrg/javascript/jquery_tools/jquery.tools.extend.js HTTP/1.1" 304 -
124.79.247.218 - - [26/Dec/2021:09:25:22 +0800] "GET /xingrg/javascript/jquery_tools/jquery.tools.min.js HTTP/1.1" 304 -
124.79.247.218 - - [26/Dec/2021:09:25:22 +0800] "GET /xingrg/javascript/jquery_tools/list_manager.js HTTP/1.1" 304 -
124.79.247.218 - - [26/Dec/2021:09:25:22 +0800] "GET /xingrg/javascript/jquery_tools/jquery.tools.table.js HTTP/1.1" 304 -
124.79.247.218 - - [26/Dec/2021:09:25:22 +0800] "GET /xingrg/javascript/jquery.utils.js HTTP/1.1" 304 -
124.79.247.218 - - [26/Dec/2021:09:25:22 +0800] "GET /xingrg/javascript/easyui/easyloader.js HTTP/1.1" 304 -
124.79.247.218 - - [26/Dec/2021:09:25:22 +0800] "GET /xingrg/javascript/auto/jquery.autocomplete.js HTTP/1.1" 304 -
124.79.247.218 - - [26/Dec/2021:09:25:22 +0800] "GET /xingrg/javascript/jquery.cookie.js HTTP/1.1" 304 -
124.79.247.218 - - [26/Dec/2021:09:25:22 +0800] "GET /xingrg/javascript/print/LodopFuncs.js HTTP/1.1" 304 -
124.79.247.218 - - [26/Dec/2021:09:25:22 +0800] "GET /xingrg/javascript/easyui/themes/icons/edit_add_new.png HTTP/1.1" 304 -
124.79.247.218 - - [26/Dec/2021:09:25:22 +0800] "GET /xingrg/javascript/easyui/themes/icons/cance_new.png HTTP/1.1" 304 -
124.79.247.218 - - [26/Dec/2021:09:25:22 +0800] "GET /xingrg/javascript/easyui/themes/icons/check_new.png HTTP/1.1" 304 -
124.79.247.218 - - [26/Dec/2021:09:25:22 +0800] "GET /xingrg/javascript/easyui/themes/icons/field_new.png HTTP/1.1" 304 -
124.79.247.218 - - [26/Dec/2021:09:25:22 +0800] "GET /xingrg/javascript/easyui/themes/icons/import_new.png HTTP/1.1" 304 -
124.79.247.218 - - [26/Dec/2021:09:25:22 +0800] "GET /xingrg/javascript/easyui/plugins/jquery.parser.js HTTP/1.1" 304 -
124.79.247.218 - - [26/Dec/2021:09:25:22 +0800] "GET /xingrg/images/control/ajaxLoader.gif HTTP/1.1" 304 -
124.79.247.218 - - [26/Dec/2021:09:25:23 +0800] "POST /xingrg/kc/buy/cgsh_list_operate.html HTTP/1.1" 200 876
180.157.251.97 - - [26/Dec/2021:09:25:23 +0800] "GET /xingrg/all/function/internal_message.html?_=1640481922872&CODE_STATE=getMsg HTTP/1.1" 200 27
124.79.247.218 - - [26/Dec/2021:09:25:24 +0800] "GET /xingrg/all/function/internal_message.html?_=1640482047113&CODE_STATE=getMsg HTTP/1.1" 302 -
124.77.245.186 - - [26/Dec/2021:09:25:25 +0800] "GET /xingrg/all/function/internal_message.html?_=1640481970699&CODE_STATE=getMsg HTTP/1.1" 302 -
120.253.135.82 - - [26/Dec/2021:09:25:25 +0800] "GET /xingrg/check_reg.html?_=1640481704964 HTTP/1.1" 200 22
120.253.135.82 - - [26/Dec/2021:09:25:26 +0800] "GET /xingrg/all/function/internal_message.html?_=1640481706404&CODE_STATE=getMsg HTTP/1.1" 200 27
222.70.176.97 - - [26/Dec/2021:09:25:27 +0800] "GET /xingrg/kc/buy/cgsh_order_operate.html?command=get_materiel&rest_code=00111&code=00101008213&supplier_code=00100005&order_time=2021-12-26 HTTP/1.1" 200 412
124.77.245.186 - - [26/Dec/2021:09:25:28 +0800] "GET /xingrg/all/function/internal_message.html?_=1640481952694&CODE_STATE=getMsg HTTP/1.1" 200 27
124.79.247.218 - - [26/Dec/2021:09:25:30 +0800] "GET /xingrg/javascript/easyui/themes/default/images/button_plain_hover.png HTTP/1.1" 304 -
124.79.247.218 - - [26/Dec/2021:09:25:30 +0800] "GET /xingrg/javascript/easyui/themes/default/images/button_plain_hover.png HTTP/1.1" 304 -
124.79.247.218 - - [26/Dec/2021:09:25:30 +0800] "GET /xingrg/javascript/easyui/themes/default/images/button_plain_hover.png HTTP/1.1" 304 -
124.79.247.218 - - [26/Dec/2021:09:25:31 +0800] "GET /xingrg/kc/buy/cgsh_order_add.html HTTP/1.1" 200 65249
124.79.247.218 - - [26/Dec/2021:09:25:31 +0800] "GET /xingrg/css/base.css HTTP/1.1" 304 -
124.79.247.218 - - [26/Dec/2021:09:25:31 +0800] "GET /xingrg/javascript/jquery_tools/datebox.css HTTP/1.1" 304 -
124.79.247.218 - - [26/Dec/2021:09:25:31 +0800] "GET /xingrg/css/site.css HTTP/1.1" 304 -
124.79.247.218 - - [26/Dec/2021:09:25:31 +0800] "GET /xingrg/javascript/easyui/themes/default/easyui.css HTTP/1.1" 304 -
124.79.247.218 - - [26/Dec/2021:09:25:31 +0800] "GET /xingrg/javascript/easyui/themes/icon.css HTTP/1.1" 304 -
124.79.247.218 - - [26/Dec/2021:09:25:31 +0800] "GET /xingrg/javascript/auto/jquery.autocomplete.css HTTP/1.1" 304 -
124.79.247.218 - - [26/Dec/2021:09:25:31 +0800] "GET /xingrg/javascript/jquery_tools/fix.css HTTP/1.1" 304 -
124.79.247.218 - - [26/Dec/2021:09:25:31 +0800] "GET /xingrg/javascript/jquery_tools/jquery.tools.min.js HTTP/1.1" 304 -
124.79.247.218 - - [26/Dec/2021:09:25:31 +0800] "GET /xingrg/javascript/jquery_tools/jquery.tools.hotkey.js HTTP/1.1" 304 -
124.79.247.218 - - [26/Dec/2021:09:25:31 +0800] "GET /xingrg/javascript/easyui/easyloader.js HTTP/1.1" 304 -
124.79.247.218 - - [26/Dec/2021:09:25:31 +0800] "GET /xingrg/javascript/jquery_tools/jquery.tools.extend.js HTTP/1.1" 304 -
124.79.247.218 - - [26/Dec/2021:09:25:31 +0800] "GET /xingrg/javascript/jquery_tools/jquery.tools.table.js HTTP/1.1" 304 -
124.79.247.218 - - [26/Dec/2021:09:25:31 +0800] "GET /xingrg/javascript/jquery.utils.js HTTP/1.1" 304 -
124.79.247.218 - - [26/Dec/2021:09:25:31 +0800] "GET /xingrg/javascript/auto/jquery.autocomplete.js HTTP/1.1" 304 -
124.79.247.218 - - [26/Dec/2021:09:25:31 +0800] "GET /xingrg/javascript/jquery_tools/table.css HTTP/1.1" 304 -
124.79.247.218 - - [26/Dec/2021:09:25:31 +0800] "GET /xingrg/javascript/pic_change.js HTTP/1.1" 304 -
124.79.247.218 - - [26/Dec/2021:09:25:31 +0800] "GET /xingrg/javascript/jquery_tools/order_manager.js HTTP/1.1" 304 -
124.79.247.218 - - [26/Dec/2021:09:25:31 +0800] "GET /xingrg/javascript/convert.js HTTP/1.1" 304 -
124.79.247.218 - - [26/Dec/2021:09:25:31 +0800] "GET /xingrg/javascript/json2.js HTTP/1.1" 304 -
124.79.247.218 - - [26/Dec/2021:09:25:31 +0800] "GET /xingrg/javascript/jquery.cookie.js HTTP/1.1" 304 -
124.79.247.218 - - [26/Dec/2021:09:25:31 +0800] "GET /xingrg/javascript/print/kc_print.js HTTP/1.1" 304 -
124.79.247.218 - - [26/Dec/2021:09:25:31 +0800] "GET /xingrg/javascript/print/LodopFuncs.js HTTP/1.1" 304 -
124.79.247.218 - - [26/Dec/2021:09:25:31 +0800] "GET /xingrg/words/20211224163607_words.js HTTP/1.1" 304 -
124.79.247.218 - - [26/Dec/2021:09:25:31 +0800] "GET /xingrg/javascript/easyui/themes/icons/copy_new.png HTTP/1.1" 304 -
124.79.247.218 - - [26/Dec/2021:09:25:31 +0800] "GET /xingrg/javascript/easyui/themes/icons/template_new.png HTTP/1.1" 304 -
124.79.247.218 - - [26/Dec/2021:09:25:31 +0800] "GET /xingrg/javascript/easyui/themes/icons/ok.png HTTP/1.1" 304 -
124.79.247.218 - - [26/Dec/2021:09:25:31 +0800] "GET /xingrg/javascript/easyui/themes/icons/print.png HTTP/1.1" 304 -
124.79.247.218 - - [26/Dec/2021:09:25:31 +0800] "GET /xingrg/javascript/easyui/themes/default/images/menu_downarrow.png HTTP/1.1" 304 -
124.79.247.218 - - [26/Dec/2021:09:25:31 +0800] "GET /xingrg/javascript/easyui/themes/icons/cancel.png HTTP/1.1" 304 -
124.79.247.218 - - [26/Dec/2021:09:25:31 +0800] "GET /xingrg/javascript/easyui/plugins/jquery.parser.js HTTP/1.1" 304 -
124.79.247.218 - - [26/Dec/2021:09:25:31 +0800] "POST /xingrg/kc/buy/cgsh_order_operate.html HTTP/1.1" 200 8245
124.79.247.218 - - [26/Dec/2021:09:25:31 +0800] "GET /xingrg/javascript/easyui/themes/icons/edit_remove.png HTTP/1.1" 304 -
124.79.247.218 - - [26/Dec/2021:09:25:31 +0800] "GET /xingrg/all/common/auto_word.html?type=employee&rest_code=00104 HTTP/1.1" 200 245
124.79.247.218 - - [26/Dec/2021:09:25:31 +0800] "GET /xingrg/all/common/auto_word.html?type=employee&rest_code=00104 HTTP/1.1" 200 245
124.79.247.218 - - [26/Dec/2021:09:25:31 +0800] "GET /xingrg/javascript/easyui/themes/default/validatebox.css HTTP/1.1" 404 1104
124.79.247.218 - - [26/Dec/2021:09:25:31 +0800] "GET /xingrg/javascript/easyui/plugins/jquery.validatebox.js HTTP/1.1" 304 -
124.79.247.218 - - [26/Dec/2021:09:25:31 +0800] "GET /xingrg/javascript/easyui/plugins/jquery.numberbox.js HTTP/1.1" 304 -
180.175.103.30 - - [26/Dec/2021:09:25:32 +0800] "GET /xingrg/kc/buy/cgsh_order_operate.html?command=get_materiel&rest_code=00105&code=00101016100&supplier_code=00100034&order_time=2021-12-26 HTTP/1.1" 200 412
222.70.176.97 - - [26/Dec/2021:09:25:36 +0800] "GET /xingrg/kc/buy/cgsh_order_operate.html?command=get_materiel&rest_code=00111&code=00101016081&supplier_code=00100005&order_time=2021-12-26 HTTP/1.1" 200 467
124.79.247.218 - - [26/Dec/2021:09:25:37 +0800] "GET /xingrg/javascript/easyui/plugins/jquery.draggable.js HTTP/1.1" 304 -
124.79.247.218 - - [26/Dec/2021:09:25:37 +0800] "GET /xingrg/css/images/panel_loading.gif HTTP/1.1" 304 -
124.79.247.218 - - [26/Dec/2021:09:25:37 +0800] "GET /xingrg/javascript/easyui/plugins/jquery.droppable.js HTTP/1.1" 304 -
124.79.247.218 - - [26/Dec/2021:09:25:37 +0800] "GET /xingrg/javascript/easyui/themes/default/tree.css HTTP/1.1" 404 1090
124.79.247.218 - - [26/Dec/2021:09:25:37 +0800] "GET /xingrg/javascript/easyui/plugins/jquery.tree.js HTTP/1.1" 304 -
124.79.247.218 - - [26/Dec/2021:09:25:37 +0800] "POST /xingrg/all/common/load_tree.html?tree=supplier_tree_json&isDelete=1 HTTP/1.1" 200 61544
124.77.245.186 - - [26/Dec/2021:09:25:38 +0800] "GET /xingrg/kc/buy/cgsh_order_operate.html?command=get_materiel&rest_code=00146&code=00101008067&supplier_code=00100005&order_time=2021-12-26 HTTP/1.1" 200 418
180.175.103.30 - - [26/Dec/2021:09:25:39 +0800] "GET /xingrg/all/function/internal_message.html?_=1640481937695&CODE_STATE=getMsg HTTP/1.1" 200 27
124.79.247.218 - - [26/Dec/2021:09:25:39 +0800] "GET /xingrg/javascript/easyui/themes/default/images/tree_arrows.gif HTTP/1.1" 304 -
124.79.247.218 - - [26/Dec/2021:09:25:40 +0800] "GET /xingrg/javascript/easyui/themes/default/images/tree_folder_open.gif HTTP/1.1" 304 -
124.79.247.218 - - [26/Dec/2021:09:25:40 +0800] "GET /xingrg/javascript/easyui/themes/default/images/tree_folder.gif HTTP/1.1" 304 -
124.79.247.218 - - [26/Dec/2021:09:25:40 +0800] "GET /xingrg/javascript/easyui/themes/default/images/tree_file.gif HTTP/1.1" 304 -
222.69.129.201 - - [26/Dec/2021:09:25:40 +0800] "GET /xingrg/all/function/internal_message.html?_=1640481936785&CODE_STATE=getMsg HTTP/1.1" 200 27
61.165.255.114 - - [26/Dec/2021:09:25:40 +0800] "GET /xingrg/all/function/internal_message.html?_=1640481939990&CODE_STATE=getMsg HTTP/1.1" 200 27
120.253.135.82 - - [26/Dec/2021:09:25:42 +0800] "GET /xingrg/javascript/easyui/themes/default/images/button_plain_hover.png HTTP/1.1" 200 144
120.253.135.82 - - [26/Dec/2021:09:25:42 +0800] "GET /xingrg/javascript/easyui/themes/default/images/button_plain_hover.png HTTP/1.1" 200 144
120.253.135.82 - - [26/Dec/2021:09:25:42 +0800] "GET /xingrg/javascript/easyui/themes/default/images/button_plain_hover.png HTTP/1.1" 200 144
120.253.135.82 - - [26/Dec/2021:09:25:43 +0800] "POST /xingrg/kc/pszx/mdps_list_operate.html HTTP/1.1" 200 4958
222.70.176.97 - - [26/Dec/2021:09:25:44 +0800] "GET /xingrg/kc/buy/cgsh_order_operate.html?command=get_materiel&rest_code=00111&code=00101008242&supplier_code=00100005&order_time=2021-12-26 HTTP/1.1" 200 408
116.232.48.26 - - [26/Dec/2021:09:25:48 +0800] "GET /xingrg/javascript/auto/indicator.gif HTTP/1.1" 404 1066
58.40.7.146 - - [26/Dec/2021:09:25:48 +0800] "GET /xingrg/check_reg.html?_=1640481932904 HTTP/1.1" 200 22
58.40.7.146 - - [26/Dec/2021:09:25:48 +0800] "GET /xingrg/all/function/internal_message.html?_=1640481932905&CODE_STATE=getMsg HTTP/1.1" 200 27
124.79.247.218 - - [26/Dec/2021:09:25:48 +0800] "GET /xingrg/all/function/internal_message.html?_=1640481972959&CODE_STATE=getMsg HTTP/1.1" 200 27
180.175.103.30 - - [26/Dec/2021:09:25:50 +0800] "GET /xingrg/kc/buy/cgsh_order_operate.html?command=get_materiel&rest_code=00105&code=00101016071&supplier_code=00100034&order_time=2021-12-26 HTTP/1.1" 200 416
120.253.135.82 - - [26/Dec/2021:09:25:53 +0800] "POST /xingrg/kc/pszx/mdps_list_operate.html HTTP/1.1" 200 2768
124.79.247.218 - - [26/Dec/2021:09:25:53 +0800] "GET /xingrg/check_reg.html?_=1640482076519 HTTP/1.1" 302 -
222.70.176.97 - - [26/Dec/2021:09:25:53 +0800] "GET /xingrg/kc/buy/cgsh_order_operate.html?command=get_materiel&rest_code=00111&code=00101008283&supplier_code=00100005&order_time=2021-12-26 HTTP/1.1" 200 408
222.70.176.97 - - [26/Dec/2021:09:25:56 +0800] "POST /xingrg/kc/buy/cgsh_order_operate.html HTTP/1.1" 200 2065
120.253.135.82 - - [26/Dec/2021:09:25:56 +0800] "POST /xingrg/kc/pszx/mdps_list_operate.html HTTP/1.1" 200 202
180.175.103.30 - - [26/Dec/2021:09:25:57 +0800] "GET /xingrg/kc/buy/cgsh_order_operate.html?command=get_materiel&rest_code=00105&code=00101016030&supplier_code=00100034&order_time=2021-12-26 HTTP/1.1" 200 412
222.70.176.97 - - [26/Dec/2021:09:26:00 +0800] "GET /xingrg/kc/buy/cgsh_order_operate.html?command=get_materiel&rest_code=00111&code=00101008298&supplier_code=00100005&order_time=2021-12-26 HTTP/1.1" 200 413
222.70.176.97 - - [26/Dec/2021:09:26:01 +0800] "GET /xingrg/all/function/internal_message.html?_=1640481955133&CODE_STATE=getMsg HTTP/1.1" 200 27
124.79.247.218 - - [26/Dec/2021:09:26:01 +0800] "GET /xingrg/javascript/auto/indicator.gif HTTP/1.1" 404 1066
116.232.48.26 - - [26/Dec/2021:09:26:04 +0800] "GET /xingrg/kc/buy/cgsh_order_operate.html?command=get_materiel&rest_code=00109&code=00101006128&supplier_code=00100015&order_time=2021-12-26 HTTP/1.1" 200 427
180.175.103.30 - - [26/Dec/2021:09:26:04 +0800] "GET /xingrg/kc/buy/cgsh_order_operate.html?command=get_materiel&rest_code=00105&code=00101012030&supplier_code=00100034&order_time=2021-12-26 HTTP/1.1" 200 417
124.77.245.186 - - [26/Dec/2021:09:26:04 +0800] "GET /xingrg/check_reg.html?_=1640482010457 HTTP/1.1" 302 -
116.232.48.26 - - [26/Dec/2021:09:26:04 +0800] "GET /xingrg/all/function/internal_message.html?_=1640481964304&CODE_STATE=getMsg HTTP/1.1" 200 27
222.70.176.97 - - [26/Dec/2021:09:26:07 +0800] "GET /xingrg/kc/buy/cgsh_order_operate.html?command=get_materiel&rest_code=00111&code=00101008296&supplier_code=00100005&order_time=2021-12-26 HTTP/1.1" 200 416
120.253.135.82 - - [26/Dec/2021:09:26:08 +0800] "POST /xingrg/kc/pszx/mdps_list_operate.html HTTP/1.1" 200 622
120.253.135.82 - - [26/Dec/2021:09:26:08 +0800] "GET /xingrg/kc/pszx/mdps_order_info.html?code=312021122500639 HTTP/1.1" 200 23925
120.253.135.82 - - [26/Dec/2021:09:26:08 +0800] "GET /xingrg/javascript/easyui/themes/default/validatebox.css HTTP/1.1" 404 1104
120.253.135.82 - - [26/Dec/2021:09:26:08 +0800] "POST /xingrg/kc/pszx/mdps_order_operate.html HTTP/1.1" 200 7290
124.79.247.218 - - [26/Dec/2021:09:26:09 +0800] "GET /xingrg/kc/buy/cgsh_order_operate.html?command=get_materiel&rest_code=00104&code=00101008300&supplier_code=00100005&order_time=2021-12-26 HTTP/1.1" 200 412
180.175.103.30 - - [26/Dec/2021:09:26:11 +0800] "GET /xingrg/kc/buy/cgsh_order_operate.html?command=get_materiel&rest_code=00105&code=00101012039&supplier_code=00100034&order_time=2021-12-26 HTTP/1.1" 200 408
180.169.147.146 - - [26/Dec/2021:09:26:12 +0800] "GET /xingrg/all/function/internal_message.html?_=1640481970577&CODE_STATE=getMsg HTTP/1.1" 200 27
116.232.48.26 - - [26/Dec/2021:09:26:14 +0800] "GET /xingrg/kc/buy/cgsh_order_operate.html?command=get_materiel&rest_code=00109&code=00101006129&supplier_code=00100015&order_time=2021-12-26 HTTP/1.1" 200 431
116.227.210.113 - - [26/Dec/2021:09:26:14 +0800] "GET /xingrg/all/function/internal_message.html?_=1640481942834&CODE_STATE=getMsg HTTP/1.1" 200 27
222.70.176.97 - - [26/Dec/2021:09:26:16 +0800] "GET /xingrg/kc/buy/cgsh_order_operate.html?command=get_materiel&rest_code=00111&code=00101008091&supplier_code=00100005&order_time=2021-12-26 HTTP/1.1" 200 413
180.175.103.30 - - [26/Dec/2021:09:26:22 +0800] "GET /xingrg/kc/buy/cgsh_order_operate.html?command=get_materiel&rest_code=00105&code=00101012051&supplier_code=00100034&order_time=2021-12-26 HTTP/1.1" 200 408
180.157.251.97 - - [26/Dec/2021:09:26:23 +0800] "GET /xingrg/all/function/internal_message.html?_=1640481982870&CODE_STATE=getMsg HTTP/1.1" 200 27
124.79.247.218 - - [26/Dec/2021:09:26:24 +0800] "GET /xingrg/all/function/internal_message.html?_=1640482107108&CODE_STATE=getMsg HTTP/1.1" 302 -
124.77.245.186 - - [26/Dec/2021:09:26:25 +0800] "GET /xingrg/all/function/internal_message.html?_=1640482030721&CODE_STATE=getMsg HTTP/1.1" 302 -
116.232.48.26 - - [26/Dec/2021:09:26:25 +0800] "GET /xingrg/kc/buy/cgsh_order_operate.html?command=get_materiel&rest_code=00109&code=00101006110&supplier_code=00100015&order_time=2021-12-26 HTTP/1.1" 200 408
222.70.176.97 - - [26/Dec/2021:09:26:26 +0800] "GET /xingrg/kc/buy/cgsh_order_operate.html?command=get_materiel&rest_code=00111&code=00101008125&supplier_code=00100005&order_time=2021-12-26 HTTP/1.1" 200 413
120.253.135.82 - - [26/Dec/2021:09:26:26 +0800] "GET /xingrg/all/function/internal_message.html?_=1640481766418&CODE_STATE=getMsg HTTP/1.1" 200 27
124.77.245.186 - - [26/Dec/2021:09:26:28 +0800] "GET /xingrg/check_reg.html?_=1640482012600 HTTP/1.1" 200 22
124.77.245.186 - - [26/Dec/2021:09:26:28 +0800] "GET /xingrg/all/function/internal_message.html?_=1640482012694&CODE_STATE=getMsg HTTP/1.1" 200 27
116.232.48.26 - - [26/Dec/2021:09:26:33 +0800] "GET /xingrg/kc/buy/cgsh_order_operate.html?command=get_materiel&rest_code=00109&code=00101006062&supplier_code=00100015&order_time=2021-12-26 HTTP/1.1" 200 409
120.253.135.82 - - [26/Dec/2021:09:26:33 +0800] "GET /xingrg/javascript/easyui/themes/default/images/button_plain_hover.png HTTP/1.1" 200 144
120.253.135.82 - - [26/Dec/2021:09:26:33 +0800] "GET /xingrg/javascript/easyui/themes/default/images/button_plain_hover.png HTTP/1.1" 200 144
222.70.176.97 - - [26/Dec/2021:09:26:37 +0800] "POST /xingrg/kc/buy/cgsh_order_operate.html HTTP/1.1" 200 2065
120.253.135.82 - - [26/Dec/2021:09:26:39 +0800] "POST /xingrg/kc/pszx/mdps_order_operate.html HTTP/1.1" 200 37
180.175.103.30 - - [26/Dec/2021:09:26:39 +0800] "GET /xingrg/all/function/internal_message.html?_=1640481997695&CODE_STATE=getMsg HTTP/1.1" 200 27
222.69.129.201 - - [26/Dec/2021:09:26:40 +0800] "GET /xingrg/all/function/internal_message.html?_=1640481996800&CODE_STATE=getMsg HTTP/1.1" 200 27
61.165.255.114 - - [26/Dec/2021:09:26:40 +0800] "GET /xingrg/all/function/internal_message.html?_=1640482000045&CODE_STATE=getMsg HTTP/1.1" 200 27
61.165.255.114 - - [26/Dec/2021:09:26:41 +0800] "GET /xingrg/check_reg.html?_=1640482000142 HTTP/1.1" 200 22
120.253.135.82 - - [26/Dec/2021:09:26:41 +0800] "POST /xingrg/kc/pszx/mdps_order_operate.html HTTP/1.1" 200 12
120.253.135.82 - - [26/Dec/2021:09:26:42 +0800] "GET /xingrg/kc/pszx/mdps_order_info.html?code=312021122500639 HTTP/1.1" 200 19585
120.253.135.82 - - [26/Dec/2021:09:26:43 +0800] "POST /xingrg/kc/pszx/mdps_order_operate.html HTTP/1.1" 200 5463
120.253.135.82 - - [26/Dec/2021:09:26:43 +0800] "GET /xingrg/javascript/easyui/themes/default/validatebox.css HTTP/1.1" 404 1104
222.70.176.97 - - [26/Dec/2021:09:26:44 +0800] "GET /xingrg/kc/buy/cgsh_order_operate.html?command=get_materiel&rest_code=00111&code=00101008085&supplier_code=00100005&order_time=2021-12-26 HTTP/1.1" 200 412
180.175.103.30 - - [26/Dec/2021:09:26:46 +0800] "POST /xingrg/kc/buy/cgsh_order_operate.html HTTP/1.1" 200 37
120.253.135.82 - - [26/Dec/2021:09:26:46 +0800] "GET /xingrg/javascript/easyui/themes/default/images/button_plain_hover.png HTTP/1.1" 200 144
120.253.135.82 - - [26/Dec/2021:09:26:46 +0800] "GET /xingrg/javascript/easyui/themes/default/images/button_plain_hover.png HTTP/1.1" 200 144
120.253.135.82 - - [26/Dec/2021:09:26:46 +0800] "GET /xingrg/javascript/easyui/themes/default/images/button_plain_hover.png HTTP/1.1" 200 144
120.253.135.82 - - [26/Dec/2021:09:26:47 +0800] "GET /xingrg/javascript/easyui/themes/default/images/button_plain_hover.png HTTP/1.1" 200 144
120.253.135.82 - - [26/Dec/2021:09:26:47 +0800] "GET /xingrg/javascript/easyui/themes/default/images/button_plain_hover.png HTTP/1.1" 200 144
120.253.135.82 - - [26/Dec/2021:09:26:47 +0800] "GET /xingrg/javascript/easyui/themes/default/images/button_plain_hover.png HTTP/1.1" 200 144
120.253.135.82 - - [26/Dec/2021:09:26:47 +0800] "POST /xingrg/kc/pszx/mdps_list_operate.html HTTP/1.1" 200 2405
180.175.103.30 - - [26/Dec/2021:09:26:48 +0800] "POST /xingrg/kc/buy/cgsh_order_operate.html HTTP/1.1" 200 6801
58.40.7.146 - - [26/Dec/2021:09:26:48 +0800] "GET /xingrg/all/function/internal_message.html?_=1640481992891&CODE_STATE=getMsg HTTP/1.1" 200 27
124.79.247.218 - - [26/Dec/2021:09:26:48 +0800] "GET /xingrg/all/function/internal_message.html?_=1640482033005&CODE_STATE=getMsg HTTP/1.1" 200 27
180.175.103.30 - - [26/Dec/2021:09:26:49 +0800] "GET /xingrg/kc/print/load_data.html?order_code=212021122611086&kc_code=cgsh&condition= HTTP/1.1" 200 2293
120.253.135.82 - - [26/Dec/2021:09:26:49 +0800] "POST /xingrg/kc/pszx/mdps_list_operate.html HTTP/1.1" 200 659
120.253.135.82 - - [26/Dec/2021:09:26:50 +0800] "GET /xingrg/kc/pszx/mdps_order_info.html?code=312021122500638 HTTP/1.1" 200 23925
120.253.135.82 - - [26/Dec/2021:09:26:50 +0800] "GET /xingrg/javascript/easyui/themes/default/validatebox.css HTTP/1.1" 404 1104
120.253.135.82 - - [26/Dec/2021:09:26:50 +0800] "POST /xingrg/kc/pszx/mdps_order_operate.html HTTP/1.1" 200 20113
222.70.176.97 - - [26/Dec/2021:09:26:59 +0800] "GET /xingrg/kc/buy/cgsh_order_operate.html?command=get_materiel&rest_code=00111&code=00101008264&supplier_code=00100005&order_time=2021-12-26 HTTP/1.1" 200 412
222.70.176.97 - - [26/Dec/2021:09:27:01 +0800] "GET /xingrg/all/function/internal_message.html?_=1640482015140&CODE_STATE=getMsg HTTP/1.1" 200 27
120.253.135.82 - - [26/Dec/2021:09:27:04 +0800] "POST /xingrg/kc/pszx/mdps_order_operate.html HTTP/1.1" 200 37
116.232.48.26 - - [26/Dec/2021:09:27:04 +0800] "GET /xingrg/all/function/internal_message.html?_=1640482024306&CODE_STATE=getMsg HTTP/1.1" 200 27
120.253.135.82 - - [26/Dec/2021:09:27:05 +0800] "POST /xingrg/kc/pszx/mdps_order_operate.html HTTP/1.1" 200 12
222.70.176.97 - - [26/Dec/2021:09:27:06 +0800] "GET /xingrg/kc/buy/cgsh_order_operate.html?command=get_materiel&rest_code=00111&code=00101009030&supplier_code=00100005&order_time=2021-12-26 HTTP/1.1" 200 412
180.169.147.146 - - [26/Dec/2021:09:27:12 +0800] "GET /xingrg/all/function/internal_message.html?_=1640482030599&CODE_STATE=getMsg HTTP/1.1" 200 27
