120.253.135.82 - - [26/Dec/2021:10:03:02 +0800] "POST /xingrg/kc/pszx/mdps_order_operate.html HTTP/1.1" 200 2794
120.253.135.82 - - [26/Dec/2021:10:03:03 +0800] "GET /xingrg/javascript/easyui/themes/default/validatebox.css HTTP/1.1" 404 1104
116.238.208.177 - - [26/Dec/2021:10:03:03 +0800] "GET /xingrg/check_reg.html?_=1640484190634 HTTP/1.1" 200 22
116.238.208.177 - - [26/Dec/2021:10:03:03 +0800] "GET /xingrg/all/function/internal_message.html?_=1640484190896&CODE_STATE=getMsg HTTP/1.1" 200 27
116.232.48.26 - - [26/Dec/2021:10:03:04 +0800] "GET /xingrg/kc/buy/cgsh_order_operate.html?command=get_materiel&rest_code=00109&code=00101008298&supplier_code=00100005&order_time=2021-12-26 HTTP/1.1" 200 413
116.232.48.26 - - [26/Dec/2021:10:03:04 +0800] "GET /xingrg/all/function/internal_message.html?_=1640484184391&CODE_STATE=getMsg HTTP/1.1" 200 27
124.77.245.186 - - [26/Dec/2021:10:03:06 +0800] "GET /xingrg/kc/buy/cgsh_order_operate.html?command=get_materiel&rest_code=00146&code=00101008005&supplier_code=00100005&order_time=2021-12-26 HTTP/1.1" 200 412
116.238.208.177 - - [26/Dec/2021:10:03:07 +0800] "GET /xingrg/javascript/easyui/plugins/jquery.draggable.js HTTP/1.1" 200 6121
116.238.208.177 - - [26/Dec/2021:10:03:07 +0800] "GET /xingrg/css/images/panel_loading.gif HTTP/1.1" 200 1737
116.238.208.177 - - [26/Dec/2021:10:03:08 +0800] "GET /xingrg/javascript/easyui/plugins/jquery.droppable.js HTTP/1.1" 200 1167
116.238.208.177 - - [26/Dec/2021:10:03:08 +0800] "GET /xingrg/javascript/easyui/themes/default/tree.css HTTP/1.1" 404 1090
116.238.208.177 - - [26/Dec/2021:10:03:08 +0800] "GET /xingrg/javascript/easyui/plugins/jquery.tree.js HTTP/1.1" 200 20874
116.238.208.177 - - [26/Dec/2021:10:03:08 +0800] "POST /xingrg/all/common/load_tree.html?tree=supplier_tree_json&isDelete=1 HTTP/1.1" 200 61544
116.238.208.177 - - [26/Dec/2021:10:03:10 +0800] "GET /xingrg/javascript/easyui/themes/default/images/tree_arrows.gif HTTP/1.1" 200 617
116.238.208.177 - - [26/Dec/2021:10:03:10 +0800] "GET /xingrg/javascript/easyui/themes/default/images/tree_folder_open.gif HTTP/1.1" 200 956
116.238.208.177 - - [26/Dec/2021:10:03:10 +0800] "GET /xingrg/javascript/easyui/themes/default/images/tree_folder.gif HTTP/1.1" 200 952
116.238.208.177 - - [26/Dec/2021:10:03:10 +0800] "GET /xingrg/javascript/easyui/themes/default/images/tree_file.gif HTTP/1.1" 200 118
116.232.48.26 - - [26/Dec/2021:10:03:11 +0800] "GET /xingrg/kc/buy/cgsh_order_operate.html?command=get_materiel&rest_code=00109&code=00101008306&supplier_code=00100005&order_time=2021-12-26 HTTP/1.1" 200 412
116.227.210.113 - - [26/Dec/2021:10:03:14 +0800] "GET /xingrg/all/function/internal_message.html?_=1640484162205&CODE_STATE=getMsg HTTP/1.1" 200 27
114.88.159.28 - - [26/Dec/2021:10:03:17 +0800] "GET /xingrg/all/function/internal_message.html?_=1640484004343&CODE_STATE=getMsg HTTP/1.1" 200 27
116.232.48.26 - - [26/Dec/2021:10:03:20 +0800] "GET /xingrg/kc/buy/cgsh_order_operate.html?command=get_materiel&rest_code=00109&code=00101008003&supplier_code=00100005&order_time=2021-12-26 HTTP/1.1" 200 408
124.79.247.218 - - [26/Dec/2021:10:03:23 +0800] "GET /xingrg/all/function/internal_message.html?_=1640484326226&CODE_STATE=getMsg HTTP/1.1" 302 -
116.238.208.177 - - [26/Dec/2021:10:03:23 +0800] "GET /xingrg/kc/buy/cgsh_order_operate.html?command=get_materiel&rest_code=00102&code=00101011003&supplier_code=00100047&order_time=2021-12-26 HTTP/1.1" 200 413
180.157.251.97 - - [26/Dec/2021:10:03:24 +0800] "GET /xingrg/all/function/internal_message.html?_=1640484202913&CODE_STATE=getMsg HTTP/1.1" 200 27
124.77.245.186 - - [26/Dec/2021:10:03:25 +0800] "GET /xingrg/all/function/internal_message.html?_=1640484251215&CODE_STATE=getMsg HTTP/1.1" 302 -
120.253.135.82 - - [26/Dec/2021:10:03:26 +0800] "GET /xingrg/all/function/internal_message.html?_=1640483986094&CODE_STATE=getMsg HTTP/1.1" 200 27
222.69.129.201 - - [26/Dec/2021:10:03:29 +0800] "GET /xingrg/all/function/internal_message.html?_=1640484205671&CODE_STATE=getMsg HTTP/1.1" 200 27
124.77.245.186 - - [26/Dec/2021:10:03:29 +0800] "GET /xingrg/all/function/internal_message.html?_=1640484233773&CODE_STATE=getMsg HTTP/1.1" 200 27
116.232.48.26 - - [26/Dec/2021:10:03:30 +0800] "GET /xingrg/kc/buy/cgsh_order_operate.html?command=get_materiel&rest_code=00109&code=00101008209&supplier_code=00100005&order_time=2021-12-26 HTTP/1.1" 200 408
124.77.245.186 - - [26/Dec/2021:10:03:34 +0800] "POST /xingrg/kc/buy/cgsh_order_operate.html HTTP/1.1" 200 2065
120.253.135.82 - - [26/Dec/2021:10:03:35 +0800] "GET /xingrg/javascript/easyui/themes/default/images/button_plain_hover.png HTTP/1.1" 200 144
120.253.135.82 - - [26/Dec/2021:10:03:35 +0800] "GET /xingrg/javascript/easyui/themes/default/images/button_plain_hover.png HTTP/1.1" 200 144
120.253.135.82 - - [26/Dec/2021:10:03:37 +0800] "POST /xingrg/kc/pszx/mdps_order_operate.html HTTP/1.1" 200 37
120.253.135.82 - - [26/Dec/2021:10:03:38 +0800] "GET /xingrg/kc/pszx/mdps_order_info.html?code=312021122300600 HTTP/1.1" 200 23937
120.253.135.82 - - [26/Dec/2021:10:03:38 +0800] "GET /xingrg/javascript/easyui/themes/default/validatebox.css HTTP/1.1" 404 1104
120.253.135.82 - - [26/Dec/2021:10:03:38 +0800] "POST /xingrg/kc/pszx/mdps_order_operate.html HTTP/1.1" 200 2794
116.232.48.26 - - [26/Dec/2021:10:03:39 +0800] "GET /xingrg/kc/buy/cgsh_order_operate.html?command=get_materiel&rest_code=00109&code=00101008356&supplier_code=00100005&order_time=2021-12-26 HTTP/1.1" 200 408
180.175.103.30 - - [26/Dec/2021:10:03:39 +0800] "GET /xingrg/all/function/internal_message.html?_=1640484217497&CODE_STATE=getMsg HTTP/1.1" 200 27
120.253.135.82 - - [26/Dec/2021:10:03:39 +0800] "GET /xingrg/javascript/easyui/themes/default/images/button_plain_hover.png HTTP/1.1" 200 144
120.253.135.82 - - [26/Dec/2021:10:03:39 +0800] "GET /xingrg/javascript/easyui/themes/default/images/button_plain_hover.png HTTP/1.1" 200 144
120.253.135.82 - - [26/Dec/2021:10:03:40 +0800] "GET /xingrg/javascript/easyui/themes/default/images/button_plain_hover.png HTTP/1.1" 200 144
116.232.48.26 - - [26/Dec/2021:10:03:40 +0800] "POST /xingrg/kc/buy/cgsh_order_operate.html HTTP/1.1" 200 2065
120.253.135.82 - - [26/Dec/2021:10:03:41 +0800] "POST /xingrg/kc/pszx/mdps_list_operate.html HTTP/1.1" 200 2070
61.165.255.114 - - [26/Dec/2021:10:03:42 +0800] "GET /xingrg/all/function/internal_message.html?_=1640484221824&CODE_STATE=getMsg HTTP/1.1" 200 27
120.253.135.82 - - [26/Dec/2021:10:03:42 +0800] "POST /xingrg/kc/pszx/mdps_list_operate.html HTTP/1.1" 200 296
120.253.135.82 - - [26/Dec/2021:10:03:43 +0800] "GET /xingrg/kc/pszx/mdps_order_info.html?code=312021122300600 HTTP/1.1" 200 23937
61.165.255.114 - - [26/Dec/2021:10:03:43 +0800] "GET /xingrg/kc/buy/cgsh_order_list.html HTTP/1.1" 200 49486
120.253.135.82 - - [26/Dec/2021:10:03:43 +0800] "GET /xingrg/javascript/easyui/themes/default/validatebox.css HTTP/1.1" 404 1104
120.253.135.82 - - [26/Dec/2021:10:03:43 +0800] "POST /xingrg/kc/pszx/mdps_order_operate.html HTTP/1.1" 200 2794
120.253.135.82 - - [26/Dec/2021:10:03:44 +0800] "GET /xingrg/javascript/easyui/themes/default/images/button_plain_hover.png HTTP/1.1" 200 144
116.238.208.177 - - [26/Dec/2021:10:03:44 +0800] "POST /xingrg/kc/buy/cgsh_order_operate.html HTTP/1.1" 200 37
61.165.255.114 - - [26/Dec/2021:10:03:45 +0800] "POST /xingrg/kc/buy/cgsh_list_operate.html HTTP/1.1" 200 876
61.165.255.114 - - [26/Dec/2021:10:03:46 +0800] "POST /xingrg/kc/buy/cgsh_list_operate.html HTTP/1.1" 200 876
116.232.48.26 - - [26/Dec/2021:10:03:48 +0800] "GET /xingrg/kc/buy/cgsh_order_operate.html?command=get_materiel&rest_code=00109&code=00101008212&supplier_code=00100005&order_time=2021-12-26 HTTP/1.1" 200 412
58.40.7.146 - - [26/Dec/2021:10:03:48 +0800] "GET /xingrg/all/function/internal_message.html?_=1640484212902&CODE_STATE=getMsg HTTP/1.1" 200 27
116.238.208.177 - - [26/Dec/2021:10:03:51 +0800] "POST /xingrg/kc/buy/cgsh_order_operate.html HTTP/1.1" 200 12
124.79.247.218 - - [26/Dec/2021:10:03:53 +0800] "GET /xingrg/all/function/internal_message.html?_=1640484258140&CODE_STATE=getMsg HTTP/1.1" 200 27
124.77.245.186 - - [26/Dec/2021:10:03:55 +0800] "GET /xingrg/kc/buy/cgsh_order_operate.html?command=get_materiel&rest_code=00146&code=00101015062&supplier_code=00100005&order_time=2021-12-26 HTTP/1.1" 200 412
116.238.208.177 - - [26/Dec/2021:10:03:56 +0800] "GET /xingrg/kc/buy/cgsh_order_info.html?code=212021122611107 HTTP/1.1" 200 60115
116.238.208.177 - - [26/Dec/2021:10:03:58 +0800] "GET /xingrg/javascript/easyui/themes/default/validatebox.css HTTP/1.1" 404 1104
116.232.48.26 - - [26/Dec/2021:10:03:58 +0800] "GET /xingrg/kc/buy/cgsh_order_operate.html?command=get_materiel&rest_code=00109&code=00101008300&supplier_code=00100005&order_time=2021-12-26 HTTP/1.1" 200 412
116.238.208.177 - - [26/Dec/2021:10:03:58 +0800] "POST /xingrg/kc/buy/cgsh_order_operate.html HTTP/1.1" 200 608
180.157.251.97 - - [26/Dec/2021:10:03:59 +0800] "GET /xingrg/all/function/internal_message.html?_=1640484238901&CODE_STATE=getMsg HTTP/1.1" 200 27
61.165.255.114 - - [26/Dec/2021:10:04:00 +0800] "GET /xingrg/javascript/jquery_tools/images/prev.gif HTTP/1.1" 404 1086
61.165.255.114 - - [26/Dec/2021:10:04:00 +0800] "GET /xingrg/javascript/jquery_tools/images/next.gif HTTP/1.1" 404 1086
116.238.208.177 - - [26/Dec/2021:10:04:02 +0800] "GET /xingrg/kc/print/load_data.html?order_code=212021122611107&kc_code=cgsh&condition= HTTP/1.1" 200 737
116.238.208.177 - - [26/Dec/2021:10:04:04 +0800] "GET /xingrg/all/function/internal_message.html?_=1640484251515&CODE_STATE=getMsg HTTP/1.1" 200 27
116.232.48.26 - - [26/Dec/2021:10:04:04 +0800] "GET /xingrg/all/function/internal_message.html?_=1640484244389&CODE_STATE=getMsg HTTP/1.1" 200 27
116.232.48.26 - - [26/Dec/2021:10:04:04 +0800] "GET /xingrg/check_reg.html?_=1640484244390 HTTP/1.1" 200 22
61.165.255.114 - - [26/Dec/2021:10:04:05 +0800] "POST /xingrg/kc/buy/cgsh_list_operate.html HTTP/1.1" 200 4004
116.232.48.26 - - [26/Dec/2021:10:04:08 +0800] "POST /xingrg/kc/buy/cgsh_order_operate.html HTTP/1.1" 200 37
61.165.255.114 - - [26/Dec/2021:10:04:08 +0800] "POST /xingrg/kc/buy/cgsh_list_operate.html HTTP/1.1" 200 211
61.165.255.114 - - [26/Dec/2021:10:04:09 +0800] "GET /xingrg/kc/buy/cgsh_order_info.html?code=212021122611104 HTTP/1.1" 200 60035
61.165.255.114 - - [26/Dec/2021:10:04:09 +0800] "GET /xingrg/words/20211226094625_words.js HTTP/1.1" 304 -
116.238.208.177 - - [26/Dec/2021:10:04:09 +0800] "GET /xingrg/kc/buy/cgsh_order_add.html HTTP/1.1" 200 65208
61.165.255.114 - - [26/Dec/2021:10:04:09 +0800] "GET /xingrg/javascript/easyui/themes/default/validatebox.css HTTP/1.1" 404 1104
61.165.255.114 - - [26/Dec/2021:10:04:10 +0800] "POST /xingrg/kc/buy/cgsh_order_operate.html HTTP/1.1" 200 625
116.238.208.177 - - [26/Dec/2021:10:04:11 +0800] "POST /xingrg/kc/buy/cgsh_order_operate.html HTTP/1.1" 200 8245
116.238.208.177 - - [26/Dec/2021:10:04:11 +0800] "GET /xingrg/javascript/easyui/themes/default/validatebox.css HTTP/1.1" 404 1104
61.165.255.114 - - [26/Dec/2021:10:04:14 +0800] "POST /xingrg/kc/buy/cgsh_order_operate.html HTTP/1.1" 200 12
116.227.210.113 - - [26/Dec/2021:10:04:14 +0800] "GET /xingrg/all/function/internal_message.html?_=1640484222192&CODE_STATE=getMsg HTTP/1.1" 200 27
116.227.210.113 - - [26/Dec/2021:10:04:15 +0800] "GET /xingrg/check_reg.html?_=1640484222783 HTTP/1.1" 200 22
61.165.255.114 - - [26/Dec/2021:10:04:15 +0800] "GET /xingrg/kc/buy/cgsh_order_info.html?code=212021122611104 HTTP/1.1" 200 65135
116.232.48.26 - - [26/Dec/2021:10:04:15 +0800] "POST /xingrg/kc/buy/cgsh_order_operate.html HTTP/1.1" 200 26934
61.165.255.114 - - [26/Dec/2021:10:04:15 +0800] "GET /xingrg/javascript/easyui/themes/default/validatebox.css HTTP/1.1" 404 1104
61.165.255.114 - - [26/Dec/2021:10:04:16 +0800] "POST /xingrg/kc/buy/cgsh_order_operate.html HTTP/1.1" 200 2675
114.88.159.28 - - [26/Dec/2021:10:04:17 +0800] "GET /xingrg/all/function/internal_message.html?_=1640484064342&CODE_STATE=getMsg HTTP/1.1" 200 27
116.238.208.177 - - [26/Dec/2021:10:04:18 +0800] "GET /xingrg/javascript/easyui/themes/default/tree.css HTTP/1.1" 404 1090
116.238.208.177 - - [26/Dec/2021:10:04:18 +0800] "POST /xingrg/all/common/load_tree.html?tree=supplier_tree_json&isDelete=1 HTTP/1.1" 200 61544
124.79.247.218 - - [26/Dec/2021:10:04:23 +0800] "GET /xingrg/all/function/internal_message.html?_=1640484386206&CODE_STATE=getMsg HTTP/1.1" 302 -
61.165.255.114 - - [26/Dec/2021:10:04:23 +0800] "POST /xingrg/kc/buy/cgsh_order_operate.html HTTP/1.1" 200 37
180.157.251.97 - - [26/Dec/2021:10:04:24 +0800] "GET /xingrg/all/function/internal_message.html?_=1640484262928&CODE_STATE=getMsg HTTP/1.1" 200 27
180.157.251.97 - - [26/Dec/2021:10:04:24 +0800] "GET /xingrg/check_reg.html?_=1640484262928 HTTP/1.1" 200 22
124.77.245.186 - - [26/Dec/2021:10:04:25 +0800] "GET /xingrg/kc/buy/cgsh_order_operate.html?command=get_materiel&rest_code=00146&code=00101015067&supplier_code=00100005&order_time=2021-12-26 HTTP/1.1" 200 412
116.232.48.26 - - [26/Dec/2021:10:04:25 +0800] "GET /xingrg/kc/buy/cgsh_order_operate.html?command=get_materiel&rest_code=00109&code=00101008251&supplier_code=00100005&order_time=2021-12-26 HTTP/1.1" 200 408
61.165.255.114 - - [26/Dec/2021:10:04:25 +0800] "POST /xingrg/kc/buy/cgsh_order_operate.html HTTP/1.1" 200 2675
124.77.245.186 - - [26/Dec/2021:10:04:25 +0800] "GET /xingrg/all/function/internal_message.html?_=1640484311239&CODE_STATE=getMsg HTTP/1.1" 302 -
222.69.129.201 - - [26/Dec/2021:10:04:29 +0800] "GET /xingrg/all/function/internal_message.html?_=1640484265657&CODE_STATE=getMsg HTTP/1.1" 200 27
61.165.255.114 - - [26/Dec/2021:10:04:29 +0800] "GET /favicon.ico HTTP/1.1" 404 -
61.165.255.114 - - [26/Dec/2021:10:04:29 +0800] "GET /xingrg/login.html HTTP/1.1" 200 7641
124.77.245.186 - - [26/Dec/2021:10:04:29 +0800] "GET /xingrg/all/function/internal_message.html?_=1640484293787&CODE_STATE=getMsg HTTP/1.1" 200 27
61.165.255.114 - - [26/Dec/2021:10:04:30 +0800] "GET /favicon.ico HTTP/1.1" 404 -
116.227.210.113 - - [26/Dec/2021:10:04:30 +0800] "POST /xingrg/services/DataTransmitService HTTP/1.1" 200 524
116.232.48.26 - - [26/Dec/2021:10:04:35 +0800] "GET /xingrg/kc/buy/cgsh_order_operate.html?command=get_materiel&rest_code=00109&code=00101008357&supplier_code=00100005&order_time=2021-12-26 HTTP/1.1" 200 408
116.238.208.177 - - [26/Dec/2021:10:04:35 +0800] "GET /xingrg/kc/buy/cgsh_order_operate.html?command=get_materiel&rest_code=00102&code=00101009062&supplier_code=00100424&order_time=2021-12-26 HTTP/1.1" 200 412
61.165.255.114 - - [26/Dec/2021:10:04:36 +0800] "POST /xingrg/login.do HTTP/1.1" 302 -
61.165.255.114 - - [26/Dec/2021:10:04:36 +0800] "GET /xingrg/index.html?sysBaseUrl=http%3A%2F%2F180.169.147.146%3A18081%2Fxingrg%2F&costTime=76×tamp=1640484276860 HTTP/1.1" 200 17177
61.165.255.114 - - [26/Dec/2021:10:04:36 +0800] "GET /favicon.ico HTTP/1.1" 404 -
61.165.255.114 - - [26/Dec/2021:10:04:37 +0800] "POST /xingrg/all/common/load_tree.html?tree=area_rest_tree_json&manage=1 HTTP/1.1" 200 476
61.165.255.114 - - [26/Dec/2021:10:04:37 +0800] "GET /xingrg/all/function/internal_message.html?_=1640484276237&CODE_STATE=count HTTP/1.1" 200 11
61.165.255.114 - - [26/Dec/2021:10:04:37 +0800] "GET /xingrg/check_reg.html?_=1640484276238 HTTP/1.1" 200 22
61.165.255.114 - - [26/Dec/2021:10:04:37 +0800] "POST /xingrg/load_menu.html HTTP/1.1" 200 5138
180.175.103.30 - - [26/Dec/2021:10:04:39 +0800] "GET /xingrg/all/function/internal_message.html?_=1640484277469&CODE_STATE=getMsg HTTP/1.1" 200 27
61.165.255.114 - - [26/Dec/2021:10:04:42 +0800] "POST /xingrg/all/user/operate.html HTTP/1.1" 200 36
61.165.255.114 - - [26/Dec/2021:10:04:42 +0800] "GET /xingrg/javascript/jquery_easy_ui/themes/default/easyui.css HTTP/1.1" 304 -
61.165.255.114 - - [26/Dec/2021:10:04:42 +0800] "GET /xingrg/javascript/jquery_easy_ui/themes/icon.css HTTP/1.1" 304 -
61.165.255.114 - - [26/Dec/2021:10:04:42 +0800] "GET /xingrg/index.html?sysBaseUrl=http%3A%2F%2F180.169.147.146%3A18081%2Fxingrg%2F&costTime=76×tamp=1640484276860 HTTP/1.1" 200 17179
61.165.255.114 - - [26/Dec/2021:10:04:42 +0800] "GET /xingrg/css/form.css HTTP/1.1" 304 -
61.165.255.114 - - [26/Dec/2021:10:04:42 +0800] "GET /xingrg/javascript/jquery-1.4.2.min.js HTTP/1.1" 304 -
61.165.255.114 - - [26/Dec/2021:10:04:42 +0800] "GET /xingrg/javascript/jquery_easy_ui/jquery.easyui.min.js HTTP/1.1" 304 -
61.165.255.114 - - [26/Dec/2021:10:04:42 +0800] "GET /xingrg/javascript/jquery_easy_ui/easyui-lang-zh_CN.js HTTP/1.1" 304 -
61.165.255.114 - - [26/Dec/2021:10:04:42 +0800] "GET /xingrg/javascript/jquery.form.js HTTP/1.1" 304 -
61.165.255.114 - - [26/Dec/2021:10:04:42 +0800] "GET /xingrg/javascript/jquery.utils.js HTTP/1.1" 304 -
61.165.255.114 - - [26/Dec/2021:10:04:42 +0800] "GET /xingrg/javascript/jquery.timers.js HTTP/1.1" 304 -
61.165.255.114 - - [26/Dec/2021:10:04:42 +0800] "GET /xingrg/images/blue/jxLogo.png HTTP/1.1" 304 -
61.165.255.114 - - [26/Dec/2021:10:04:42 +0800] "GET /xingrg/images/blue/navBackgound.jpg HTTP/1.1" 304 -
61.165.255.114 - - [26/Dec/2021:10:04:42 +0800] "GET /xingrg/javascript/jquery_easy_ui/themes/icons/settle_new.png HTTP/1.1" 304 -
61.165.255.114 - - [26/Dec/2021:10:04:42 +0800] "POST /xingrg/all/common/load_tree.html?tree=area_rest_tree_json&manage=1 HTTP/1.1" 200 476
61.165.255.114 - - [26/Dec/2021:10:04:42 +0800] "GET /xingrg/all/function/internal_message.html?_=1640484281436&CODE_STATE=count HTTP/1.1" 200 11
61.165.255.114 - - [26/Dec/2021:10:04:42 +0800] "GET /xingrg/check_reg.html?_=1640484281437 HTTP/1.1" 200 22
61.165.255.114 - - [26/Dec/2021:10:04:42 +0800] "GET /xingrg/images/blue/pingpu.png HTTP/1.1" 304 -
61.165.255.114 - - [26/Dec/2021:10:04:42 +0800] "GET /xingrg/javascript/jquery_easy_ui/themes/default/images/tabs_leftarrow.png HTTP/1.1" 304 -
61.165.255.114 - - [26/Dec/2021:10:04:42 +0800] "GET /xingrg/javascript/jquery_easy_ui/themes/default/images/tabs_rightarrow.png HTTP/1.1" 304 -
61.165.255.114 - - [26/Dec/2021:10:04:42 +0800] "GET /xingrg/javascript/jquery_easy_ui/themes/default/images/panel_tool_collapse.gif HTTP/1.1" 304 -
61.165.255.114 - - [26/Dec/2021:10:04:42 +0800] "POST /xingrg/load_menu.html HTTP/1.1" 200 5138
124.77.245.186 - - [26/Dec/2021:10:04:43 +0800] "GET /xingrg/kc/buy/cgsh_order_operate.html?command=get_materiel&rest_code=00146&code=00101008283&supplier_code=00100005&order_time=2021-12-26 HTTP/1.1" 200 408
116.232.48.26 - - [26/Dec/2021:10:04:43 +0800] "GET /xingrg/kc/buy/cgsh_order_operate.html?command=get_materiel&rest_code=00109&code=00101008069&supplier_code=00100005&order_time=2021-12-26 HTTP/1.1" 200 412
61.165.255.114 - - [26/Dec/2021:10:04:44 +0800] "GET /xingrg/kc/buy/cgsh_order_list.html HTTP/1.1" 200 49486
61.165.255.114 - - [26/Dec/2021:10:04:47 +0800] "POST /xingrg/kc/buy/cgsh_list_operate.html HTTP/1.1" 200 1681
58.40.7.146 - - [26/Dec/2021:10:04:48 +0800] "GET /xingrg/all/function/internal_message.html?_=1640484272903&CODE_STATE=getMsg HTTP/1.1" 200 27
61.165.255.114 - - [26/Dec/2021:10:04:48 +0800] "POST /xingrg/kc/buy/cgsh_list_operate.html HTTP/1.1" 200 211
61.165.255.114 - - [26/Dec/2021:10:04:49 +0800] "GET /xingrg/kc/buy/cgsh_order_info.html?code=212021122611104 HTTP/1.1" 200 65135
61.165.255.114 - - [26/Dec/2021:10:04:49 +0800] "GET /xingrg/javascript/easyui/themes/default/validatebox.css HTTP/1.1" 404 1104
61.165.255.114 - - [26/Dec/2021:10:04:49 +0800] "GET /xingrg/all/common/auto_word.html?type=employee&rest_code=00150 HTTP/1.1" 200 159
61.165.255.114 - - [26/Dec/2021:10:04:49 +0800] "GET /xingrg/all/common/auto_word.html?type=employee&rest_code=00150 HTTP/1.1" 200 159
124.79.247.218 - - [26/Dec/2021:10:04:49 +0800] "GET /xingrg/check_reg.html?_=1640484314346 HTTP/1.1" 200 22
61.165.255.114 - - [26/Dec/2021:10:04:50 +0800] "POST /xingrg/kc/buy/cgsh_order_operate.html HTTP/1.1" 200 2675
61.165.255.114 - - [26/Dec/2021:10:04:51 +0800] "GET /xingrg/kc/print/load_config.html?kc_code=cgsh HTTP/1.1" 200 1943
61.165.255.114 - - [26/Dec/2021:10:04:51 +0800] "GET /xingrg/kc/print/load_data.html?order_code=212021122611104&kc_code=cgsh&condition= HTTP/1.1" 200 732
124.79.247.218 - - [26/Dec/2021:10:04:53 +0800] "GET /xingrg/all/function/internal_message.html?_=1640484318153&CODE_STATE=getMsg HTTP/1.1" 200 27
116.232.48.26 - - [26/Dec/2021:10:04:55 +0800] "GET /xingrg/kc/buy/cgsh_order_operate.html?command=get_materiel&rest_code=00109&code=00101008286&supplier_code=00100005&order_time=2021-12-26 HTTP/1.1" 200 408
114.88.159.28 - - [26/Dec/2021:10:04:57 +0800] "GET /xingrg/kc/buy/cgsh_order_operate.html?command=get_materiel&rest_code=00141&code=00101010683&supplier_code=00100012&order_time=2021-12-26 HTTP/1.1" 200 406
116.232.48.26 - - [26/Dec/2021:10:04:57 +0800] "POST /xingrg/kc/buy/cgsh_order_operate.html HTTP/1.1" 200 2065
61.165.255.114 - - [26/Dec/2021:10:04:59 +0800] "POST /xingrg/kc/buy/cgsh_order_operate.html HTTP/1.1" 200 37
180.157.251.97 - - [26/Dec/2021:10:04:59 +0800] "GET /xingrg/all/function/internal_message.html?_=1640484298900&CODE_STATE=getMsg HTTP/1.1" 200 27
61.165.255.114 - - [26/Dec/2021:10:05:02 +0800] "POST /xingrg/kc/buy/cgsh_order_operate.html HTTP/1.1" 200 12
61.165.255.114 - - [26/Dec/2021:10:05:03 +0800] "GET /xingrg/kc/buy/cgsh_order_info.html?code=212021122611104 HTTP/1.1" 200 60035
61.165.255.114 - - [26/Dec/2021:10:05:03 +0800] "GET /xingrg/javascript/easyui/themes/default/validatebox.css HTTP/1.1" 404 1104
61.165.255.114 - - [26/Dec/2021:10:05:04 +0800] "POST /xingrg/kc/buy/cgsh_order_operate.html HTTP/1.1" 200 625
116.238.208.177 - - [26/Dec/2021:10:05:04 +0800] "GET /xingrg/all/function/internal_message.html?_=1640484311782&CODE_STATE=getMsg HTTP/1.1" 200 27
116.232.48.26 - - [26/Dec/2021:10:05:04 +0800] "GET /xingrg/all/function/internal_message.html?_=1640484304397&CODE_STATE=getMsg HTTP/1.1" 200 27
116.232.48.26 - - [26/Dec/2021:10:05:06 +0800] "GET /xingrg/kc/buy/cgsh_order_operate.html?command=get_materiel&rest_code=00109&code=00101008131&supplier_code=00100005&order_time=2021-12-26 HTTP/1.1" 200 408
114.88.159.28 - - [26/Dec/2021:10:05:13 +0800] "POST /xingrg/kc/buy/cgsh_order_operate.html HTTP/1.1" 200 37
116.227.210.113 - - [26/Dec/2021:10:05:14 +0800] "GET /xingrg/all/function/internal_message.html?_=1640484282176&CODE_STATE=getMsg HTTP/1.1" 200 27
116.232.48.26 - - [26/Dec/2021:10:05:14 +0800] "GET /xingrg/kc/buy/cgsh_order_operate.html?command=get_materiel&rest_code=00109&code=00101008296&supplier_code=00100005&order_time=2021-12-26 HTTP/1.1" 200 416
124.77.245.186 - - [26/Dec/2021:10:05:15 +0800] "POST /xingrg/kc/buy/cgsh_order_operate.html HTTP/1.1" 200 2065
114.88.159.28 - - [26/Dec/2021:10:05:16 +0800] "POST /xingrg/kc/buy/cgsh_order_operate.html HTTP/1.1" 200 12
114.88.159.28 - - [26/Dec/2021:10:05:17 +0800] "GET /xingrg/kc/buy/cgsh_order_info.html?code=212021122611108 HTTP/1.1" 200 60164
114.88.159.28 - - [26/Dec/2021:10:05:17 +0800] "GET /xingrg/javascript/easyui/themes/default/validatebox.css HTTP/1.1" 404 1104
114.88.159.28 - - [26/Dec/2021:10:05:17 +0800] "GET /xingrg/all/function/internal_message.html?_=1640484124394&CODE_STATE=getMsg HTTP/1.1" 200 27
114.88.159.28 - - [26/Dec/2021:10:05:17 +0800] "GET /xingrg/check_reg.html?_=1640484124395 HTTP/1.1" 200 22
114.88.159.28 - - [26/Dec/2021:10:05:18 +0800] "POST /xingrg/kc/buy/cgsh_order_operate.html HTTP/1.1" 200 4758
114.88.159.28 - - [26/Dec/2021:10:05:19 +0800] "GET /xingrg/kc/print/load_data.html?order_code=212021122611108&kc_code=cgsh&condition= HTTP/1.1" 200 2391
116.238.208.177 - - [26/Dec/2021:10:05:20 +0800] "GET /xingrg/kc/buy/cgsh_order_operate.html?command=get_materiel&rest_code=00102&code=00101009066&supplier_code=00100424&order_time=2021-12-26 HTTP/1.1" 200 416
124.79.247.218 - - [26/Dec/2021:10:05:23 +0800] "GET /xingrg/all/function/internal_message.html?_=1640484446190&CODE_STATE=getMsg HTTP/1.1" 302 -
116.232.48.26 - - [26/Dec/2021:10:05:23 +0800] "GET /xingrg/kc/buy/cgsh_order_operate.html?command=get_materiel&rest_code=00109&code=00101008644&supplier_code=00100005&order_time=2021-12-26 HTTP/1.1" 200 406
180.157.251.97 - - [26/Dec/2021:10:05:24 +0800] "GET /xingrg/all/function/internal_message.html?_=1640484322926&CODE_STATE=getMsg HTTP/1.1" 200 27
124.77.245.186 - - [26/Dec/2021:10:05:25 +0800] "GET /xingrg/all/function/internal_message.html?_=1640484371243&CODE_STATE=getMsg HTTP/1.1" 302 -
222.69.129.201 - - [26/Dec/2021:10:05:29 +0800] "GET /xingrg/all/function/internal_message.html?_=1640484325642&CODE_STATE=getMsg HTTP/1.1" 200 27
124.77.245.186 - - [26/Dec/2021:10:05:33 +0800] "POST /xingrg/kc/buy/cgsh_order_operate.html HTTP/1.1" 200 37
116.232.48.26 - - [26/Dec/2021:10:05:34 +0800] "GET /xingrg/kc/buy/cgsh_order_operate.html?command=get_materiel&rest_code=00109&code=00101008353&supplier_code=00100005&order_time=2021-12-26 HTTP/1.1" 200 408
124.77.245.186 - - [26/Dec/2021:10:05:35 +0800] "POST /xingrg/kc/buy/cgsh_order_operate.html HTTP/1.1" 200 40478
116.238.208.177 - - [26/Dec/2021:10:05:37 +0800] "GET /xingrg/kc/buy/cgsh_order_operate.html?command=get_materiel&rest_code=00102&code=00101009016&supplier_code=00100424&order_time=2021-12-26 HTTP/1.1" 200 412
180.175.103.30 - - [26/Dec/2021:10:05:39 +0800] "GET /xingrg/all/function/internal_message.html?_=1640484337443&CODE_STATE=getMsg HTTP/1.1" 200 27
116.232.48.26 - - [26/Dec/2021:10:05:41 +0800] "GET /xingrg/kc/buy/cgsh_order_operate.html?command=get_materiel&rest_code=00109&code=00101008213&supplier_code=00100005&order_time=2021-12-26 HTTP/1.1" 200 412
61.165.255.114 - - [26/Dec/2021:10:05:42 +0800] "GET /xingrg/all/function/internal_message.html?_=1640484341473&CODE_STATE=getMsg HTTP/1.1" 200 27
116.232.48.26 - - [26/Dec/2021:10:05:43 +0800] "POST /xingrg/kc/buy/cgsh_order_operate.html HTTP/1.1" 200 2065
116.238.208.177 - - [26/Dec/2021:10:05:46 +0800] "GET /xingrg/kc/buy/cgsh_order_operate.html?command=get_materiel&rest_code=00102&code=00101009013&supplier_code=00100424&order_time=2021-12-26 HTTP/1.1" 200 421
58.40.7.146 - - [26/Dec/2021:10:05:48 +0800] "GET /xingrg/check_reg.html?_=1640484332889 HTTP/1.1" 200 22
58.40.7.146 - - [26/Dec/2021:10:05:48 +0800] "GET /xingrg/all/function/internal_message.html?_=1640484332890&CODE_STATE=getMsg HTTP/1.1" 200 27
124.77.245.186 - - [26/Dec/2021:10:05:50 +0800] "POST /xingrg/services/DataTransmitService HTTP/1.1" 200 524
116.232.48.26 - - [26/Dec/2021:10:05:50 +0800] "GET /xingrg/kc/buy/cgsh_order_operate.html?command=get_materiel&rest_code=00109&code=00101008323&supplier_code=00100005&order_time=2021-12-26 HTTP/1.1" 200 408
124.77.245.186 - - [26/Dec/2021:10:05:50 +0800] "POST /xingrg/services/DataTransmitService HTTP/1.1" 200 2171
124.77.245.186 - - [26/Dec/2021:10:05:51 +0800] "POST /xingrg/services/DataTransmitService HTTP/1.1" 200 168692
124.79.247.218 - - [26/Dec/2021:10:05:53 +0800] "GET /xingrg/check_reg.html?_=1640484476569 HTTP/1.1" 302 -
124.79.247.218 - - [26/Dec/2021:10:05:53 +0800] "GET /xingrg/all/function/internal_message.html?_=1640484378167&CODE_STATE=getMsg HTTP/1.1" 200 27
116.238.208.177 - - [26/Dec/2021:10:05:57 +0800] "GET /xingrg/kc/buy/cgsh_order_operate.html?command=get_materiel&rest_code=00102&code=00101009051&supplier_code=00100424&order_time=2021-12-26 HTTP/1.1" 200 409
180.157.251.97 - - [26/Dec/2021:10:05:59 +0800] "GET /xingrg/all/function/internal_message.html?_=1640484358900&CODE_STATE=getMsg HTTP/1.1" 200 27
116.232.48.26 - - [26/Dec/2021:10:06:02 +0800] "GET /xingrg/kc/buy/cgsh_order_operate.html?command=get_materiel&rest_code=00109&code=00101008155&supplier_code=00100005&order_time=2021-12-26 HTTP/1.1" 200 408
116.238.208.177 - - [26/Dec/2021:10:06:04 +0800] "GET /xingrg/all/function/internal_message.html?_=1640484371794&CODE_STATE=getMsg HTTP/1.1" 200 27
124.77.245.186 - - [26/Dec/2021:10:06:04 +0800] "GET /xingrg/check_reg.html?_=1640484410502 HTTP/1.1" 302 -
116.232.48.26 - - [26/Dec/2021:10:06:04 +0800] "GET /xingrg/all/function/internal_message.html?_=1640484364399&CODE_STATE=getMsg HTTP/1.1" 200 27
124.77.245.186 - - [26/Dec/2021:10:06:07 +0800] "POST /xingrg/services/DataTransmitService HTTP/1.1" 200 524
120.253.135.82 - - [26/Dec/2021:10:06:08 +0800] "GET /xingrg/login.html HTTP/1.1" 200 7641
120.253.135.82 - - [26/Dec/2021:10:06:08 +0800] "GET /xingrg/images/blue/hj.png HTTP/1.1" 200 1014
120.253.135.82 - - [26/Dec/2021:10:06:08 +0800] "GET /xingrg/images/blue/login_bg.png HTTP/1.1" 200 22101
120.253.135.82 - - [26/Dec/2021:10:06:08 +0800] "GET /xingrg/images/blue/jxLogo.png HTTP/1.1" 200 6156
120.253.135.82 - - [26/Dec/2021:10:06:08 +0800] "GET /xingrg/images/blue/srbg.png HTTP/1.1" 200 138
120.253.135.82 - - [26/Dec/2021:10:06:08 +0800] "GET /favicon.ico HTTP/1.1" 404 -
124.77.245.186 - - [26/Dec/2021:10:06:11 +0800] "POST /xingrg/services/DataTransmitService HTTP/1.1" 200 497
116.232.48.26 - - [26/Dec/2021:10:06:11 +0800] "GET /xingrg/kc/buy/cgsh_order_operate.html?command=get_materiel&rest_code=00109&code=00101008350&supplier_code=00100005&order_time=2021-12-26 HTTP/1.1" 200 408
124.77.245.186 - - [26/Dec/2021:10:06:11 +0800] "POST /xingrg/services/DataTransmitService HTTP/1.1" 200 524
116.227.210.113 - - [26/Dec/2021:10:06:14 +0800] "GET /xingrg/all/function/internal_message.html?_=1640484342169&CODE_STATE=getMsg HTTP/1.1" 200 27
124.77.245.186 - - [26/Dec/2021:10:06:17 +0800] "POST /xingrg/services/DataTransmitService HTTP/1.1" 200 501
114.88.159.28 - - [26/Dec/2021:10:06:17 +0800] "GET /xingrg/all/function/internal_message.html?_=1640484184367&CODE_STATE=getMsg HTTP/1.1" 200 27
124.77.245.186 - - [26/Dec/2021:10:06:18 +0800] "POST /xingrg/services/DataTransmitService HTTP/1.1" 200 524
120.253.135.82 - - [26/Dec/2021:10:06:20 +0800] "POST /xingrg/login.do HTTP/1.1" 302 -
120.253.135.82 - - [26/Dec/2021:10:06:20 +0800] "GET /xingrg/index.html?sysBaseUrl=http%3A%2F%2F180.169.147.146%3A18081%2Fxingrg%2F&costTime=67×tamp=1640484380066 HTTP/1.1" 200 17173
120.253.135.82 - - [26/Dec/2021:10:06:20 +0800] "GET /xingrg/javascript/jquery_easy_ui/themes/default/easyui.css HTTP/1.1" 304 -
120.253.135.82 - - [26/Dec/2021:10:06:20 +0800] "GET /xingrg/javascript/jquery_easy_ui/themes/icon.css HTTP/1.1" 304 -
120.253.135.82 - - [26/Dec/2021:10:06:20 +0800] "GET /xingrg/javascript/jquery.timers.js HTTP/1.1" 200 3532
120.253.135.82 - - [26/Dec/2021:10:06:20 +0800] "GET /xingrg/css/form.css HTTP/1.1" 304 -
120.253.135.82 - - [26/Dec/2021:10:06:20 +0800] "GET /xingrg/javascript/jquery-1.4.2.min.js HTTP/1.1" 304 -
120.253.135.82 - - [26/Dec/2021:10:06:20 +0800] "GET /xingrg/javascript/jquery_easy_ui/jquery.easyui.min.js HTTP/1.1" 304 -
120.253.135.82 - - [26/Dec/2021:10:06:20 +0800] "GET /xingrg/javascript/jquery_easy_ui/easyui-lang-zh_CN.js HTTP/1.1" 304 -
120.253.135.82 - - [26/Dec/2021:10:06:20 +0800] "GET /xingrg/javascript/jquery.utils.js HTTP/1.1" 304 -
120.253.135.82 - - [26/Dec/2021:10:06:20 +0800] "GET /xingrg/javascript/jquery.form.js HTTP/1.1" 200 23110
120.253.135.82 - - [26/Dec/2021:10:06:20 +0800] "GET /xingrg/javascript/jquery_easy_ui/themes/icons/settle_new.png HTTP/1.1" 304 -
120.253.135.82 - - [26/Dec/2021:10:06:20 +0800] "GET /xingrg/images/blue/navBackgound.jpg HTTP/1.1" 200 12378
120.253.135.82 - - [26/Dec/2021:10:06:20 +0800] "GET /favicon.ico HTTP/1.1" 404 -
120.253.135.82 - - [26/Dec/2021:10:06:20 +0800] "GET /xingrg/images/blue/pingpu.png HTTP/1.1" 200 231
120.253.135.82 - - [26/Dec/2021:10:06:20 +0800] "GET /xingrg/javascript/jquery_easy_ui/themes/default/images/tabs_leftarrow.png HTTP/1.1" 200 389
120.253.135.82 - - [26/Dec/2021:10:06:20 +0800] "GET /xingrg/javascript/jquery_easy_ui/themes/default/images/tabs_rightarrow.png HTTP/1.1" 200 395
120.253.135.82 - - [26/Dec/2021:10:06:20 +0800] "POST /xingrg/all/common/load_tree.html?tree=area_rest_tree_json&manage=1 HTTP/1.1" 200 344
120.253.135.82 - - [26/Dec/2021:10:06:20 +0800] "GET /xingrg/javascript/jquery_easy_ui/themes/default/images/panel_tool_collapse.gif HTTP/1.1" 200 246
120.253.135.82 - - [26/Dec/2021:10:06:20 +0800] "GET /xingrg/all/function/internal_message.html?_=1640484160160&CODE_STATE=count HTTP/1.1" 200 11
120.253.135.82 - - [26/Dec/2021:10:06:20 +0800] "GET /xingrg/check_reg.html?_=1640484160161 HTTP/1.1" 200 22
120.253.135.82 - - [26/Dec/2021:10:06:20 +0800] "POST /xingrg/load_menu.html HTTP/1.1" 200 6743
120.253.135.82 - - [26/Dec/2021:10:06:20 +0800] "GET /xingrg/javascript/jquery_easy_ui/themes/default/images/tree_arrows.gif HTTP/1.1" 200 1043
120.253.135.82 - - [26/Dec/2021:10:06:20 +0800] "GET /xingrg/javascript/jquery_easy_ui/themes/default/images/tree_folder_open.gif HTTP/1.1" 200 956
120.253.135.82 - - [26/Dec/2021:10:06:20 +0800] "GET /xingrg/javascript/jquery_easy_ui/themes/icons/search_new.png HTTP/1.1" 200 586
120.253.135.82 - - [26/Dec/2021:10:06:20 +0800] "GET /xingrg/javascript/jquery_easy_ui/themes/icons/delivery_new.png HTTP/1.1" 200 700
120.253.135.82 - - [26/Dec/2021:10:06:20 +0800] "GET /xingrg/javascript/jquery_easy_ui/themes/icons/storage_new.png HTTP/1.1" 200 853
120.253.135.82 - - [26/Dec/2021:10:06:20 +0800] "GET /xingrg/javascript/jquery_easy_ui/themes/icons/forms_new.png HTTP/1.1" 200 350
120.253.135.82 - - [26/Dec/2021:10:06:20 +0800] "GET /xingrg/javascript/jquery_easy_ui/themes/default/images/tree_file.gif HTTP/1.1" 200 118
120.253.135.82 - - [26/Dec/2021:10:06:20 +0800] "GET /xingrg/javascript/jquery_easy_ui/themes/default/images/tree_folder.gif HTTP/1.1" 200 952
116.232.48.26 - - [26/Dec/2021:10:06:21 +0800] "GET /xingrg/kc/buy/cgsh_order_operate.html?command=get_materiel&rest_code=00109&code=00101008112&supplier_code=00100005&order_time=2021-12-26 HTTP/1.1" 200 412
124.77.245.186 - - [26/Dec/2021:10:06:22 +0800] "POST /xingrg/services/DataTransmitService HTTP/1.1" 200 501
124.79.247.218 - - [26/Dec/2021:10:06:23 +0800] "GET /xingrg/all/function/internal_message.html?_=1640484506154&CODE_STATE=getMsg HTTP/1.1" 302 -
180.157.251.97 - - [26/Dec/2021:10:06:24 +0800] "GET /xingrg/all/function/internal_message.html?_=1640484382925&CODE_STATE=getMsg HTTP/1.1" 200 27
120.253.135.82 - - [26/Dec/2021:10:06:24 +0800] "GET /xingrg/javascript/jquery_easy_ui/themes/default/images/tabs_close.gif HTTP/1.1" 200 829
120.253.135.82 - - [26/Dec/2021:10:06:24 +0800] "GET /xingrg/kc/pszx/mdqp_order_list.html?state=10 HTTP/1.1" 200 10657
120.253.135.82 - - [26/Dec/2021:10:06:24 +0800] "GET /xingrg/javascript/pic_change.js HTTP/1.1" 304 -
120.253.135.82 - - [26/Dec/2021:10:06:24 +0800] "GET /xingrg/dwr/util.js HTTP/1.1" 304 -
120.253.135.82 - - [26/Dec/2021:10:06:24 +0800] "GET /xingrg/css/blue.css HTTP/1.1" 304 -
120.253.135.82 - - [26/Dec/2021:10:06:24 +0800] "GET /xingrg/javascript/myfunction.js HTTP/1.1" 304 -
120.253.135.82 - - [26/Dec/2021:10:06:24 +0800] "GET /xingrg/javascript/Calendar.js HTTP/1.1" 304 -
120.253.135.82 - - [26/Dec/2021:10:06:24 +0800] "GET /xingrg/dwr/interface/AjaxReportQueryService.js HTTP/1.1" 200 13203
120.253.135.82 - - [26/Dec/2021:10:06:24 +0800] "GET /xingrg/dwr/interface/AjaxQqpsService.js HTTP/1.1" 200 16326
120.253.135.82 - - [26/Dec/2021:10:06:24 +0800] "GET /xingrg/dwr/engine.js HTTP/1.1" 200 43631
120.253.135.82 - - [26/Dec/2021:10:06:24 +0800] "GET /xingrg/javascript/jquery_easy_ui/themes/icons/back_new.png HTTP/1.1" 304 -
120.253.135.82 - - [26/Dec/2021:10:06:24 +0800] "GET /xingrg/javascript/jquery_easy_ui/themes/icons/check_new.png HTTP/1.1" 304 -
120.253.135.82 - - [26/Dec/2021:10:06:24 +0800] "GET /xingrg/javascript/jquery_easy_ui/themes/icons/uncheck_new.png HTTP/1.1" 304 -
124.77.245.186 - - [26/Dec/2021:10:06:25 +0800] "GET /xingrg/all/function/internal_message.html?_=1640484431264&CODE_STATE=getMsg HTTP/1.1" 302 -
124.77.245.186 - - [26/Dec/2021:10:06:28 +0800] "GET /xingrg/kc/buy/cgsh_order_operate.html?command=get_materiel&rest_code=00146&code=00102006842&supplier_code=00100005&order_time=2021-12-26 HTTP/1.1" 200 414
124.77.245.186 - - [26/Dec/2021:10:06:29 +0800] "GET /xingrg/all/function/internal_message.html?_=1640484413082&CODE_STATE=getMsg HTTP/1.1" 200 27
124.77.245.186 - - [26/Dec/2021:10:06:29 +0800] "GET /xingrg/check_reg.html?_=1640484413082 HTTP/1.1" 200 22
222.69.129.201 - - [26/Dec/2021:10:06:29 +0800] "GET /xingrg/all/function/internal_message.html?_=1640484385635&CODE_STATE=getMsg HTTP/1.1" 200 27
120.253.135.82 - - [26/Dec/2021:10:06:30 +0800] "GET /xingrg/javascript/jquery_easy_ui/themes/default/images/button_plain_hover.png HTTP/1.1" 200 252
116.232.48.26 - - [26/Dec/2021:10:06:32 +0800] "POST /xingrg/kc/buy/cgsh_order_operate.html HTTP/1.1" 200 37
120.253.135.82 - - [26/Dec/2021:10:06:34 +0800] "GET /xingrg/css/base.css HTTP/1.1" 304 -
120.253.135.82 - - [26/Dec/2021:10:06:34 +0800] "GET /xingrg/css/site.css HTTP/1.1" 304 -
120.253.135.82 - - [26/Dec/2021:10:06:34 +0800] "GET /xingrg/javascript/easyui/themes/default/easyui.css HTTP/1.1" 304 -
120.253.135.82 - - [26/Dec/2021:10:06:34 +0800] "GET /xingrg/javascript/jquery_tools/datebox.css HTTP/1.1" 304 -
120.253.135.82 - - [26/Dec/2021:10:06:34 +0800] "GET /xingrg/javascript/auto/jquery.autocomplete.css HTTP/1.1" 304 -
120.253.135.82 - - [26/Dec/2021:10:06:34 +0800] "GET /xingrg/javascript/jquery_tools/fix.css HTTP/1.1" 304 -
120.253.135.82 - - [26/Dec/2021:10:06:34 +0800] "GET /xingrg/javascript/jquery_tools/jquery.tools.extend.js HTTP/1.1" 304 -
120.253.135.82 - - [26/Dec/2021:10:06:34 +0800] "GET /xingrg/javascript/easyui/themes/icon.css HTTP/1.1" 304 -
120.253.135.82 - - [26/Dec/2021:10:06:34 +0800] "GET /xingrg/javascript/jquery_tools/jquery.tools.table.js HTTP/1.1" 304 -
120.253.135.82 - - [26/Dec/2021:10:06:34 +0800] "GET /xingrg/javascript/jquery_tools/table.css HTTP/1.1" 304 -
120.253.135.82 - - [26/Dec/2021:10:06:34 +0800] "GET /xingrg/javascript/jquery_tools/jquery.tools.min.js HTTP/1.1" 304 -
120.253.135.82 - - [26/Dec/2021:10:06:34 +0800] "GET /xingrg/javascript/jquery_tools/jquery.tools.hotkey.js HTTP/1.1" 304 -
120.253.135.82 - - [26/Dec/2021:10:06:34 +0800] "GET /xingrg/javascript/easyui/easyloader.js HTTP/1.1" 304 -
120.253.135.82 - - [26/Dec/2021:10:06:34 +0800] "GET /xingrg/javascript/jquery.cookie.js HTTP/1.1" 304 -
120.253.135.82 - - [26/Dec/2021:10:06:34 +0800] "GET /xingrg/javascript/jquery_tools/list_manager.js HTTP/1.1" 304 -
120.253.135.82 - - [26/Dec/2021:10:06:34 +0800] "GET /xingrg/javascript/auto/jquery.autocomplete.js HTTP/1.1" 304 -
120.253.135.82 - - [26/Dec/2021:10:06:34 +0800] "GET /xingrg/javascript/print/LodopFuncs.js HTTP/1.1" 304 -
120.253.135.82 - - [26/Dec/2021:10:06:34 +0800] "GET /xingrg/kc/pszx/mdps_order_list.html?orderType=0 HTTP/1.1" 200 20925
120.253.135.82 - - [26/Dec/2021:10:06:34 +0800] "GET /xingrg/javascript/easyui/themes/icons/cance_new.png HTTP/1.1" 304 -
120.253.135.82 - - [26/Dec/2021:10:06:34 +0800] "GET /xingrg/javascript/easyui/themes/icons/edit_add_new.png HTTP/1.1" 304 -
120.253.135.82 - - [26/Dec/2021:10:06:34 +0800] "GET /xingrg/javascript/easyui/themes/icons/check_new.png HTTP/1.1" 304 -
120.253.135.82 - - [26/Dec/2021:10:06:34 +0800] "GET /xingrg/javascript/easyui/themes/icons/uncheck_new.png HTTP/1.1" 304 -
120.253.135.82 - - [26/Dec/2021:10:06:34 +0800] "GET /xingrg/javascript/easyui/themes/icons/field_new.png HTTP/1.1" 304 -
120.253.135.82 - - [26/Dec/2021:10:06:34 +0800] "GET /xingrg/javascript/easyui/themes/icons/import_new.png HTTP/1.1" 304 -
120.253.135.82 - - [26/Dec/2021:10:06:34 +0800] "GET /xingrg/javascript/easyui/plugins/jquery.parser.js HTTP/1.1" 304 -
120.253.135.82 - - [26/Dec/2021:10:06:34 +0800] "GET /xingrg/images/control/ajaxLoader.gif HTTP/1.1" 304 -
120.253.135.82 - - [26/Dec/2021:10:06:34 +0800] "GET /xingrg/javascript/jquery_easy_ui/themes/icons/manage.png HTTP/1.1" 200 696
120.253.135.82 - - [26/Dec/2021:10:06:34 +0800] "GET /xingrg/javascript/jquery_easy_ui/themes/icons/area.png HTTP/1.1" 200 262
120.253.135.82 - - [26/Dec/2021:10:06:34 +0800] "POST /xingrg/kc/pszx/mdps_list_operate.html HTTP/1.1" 200 5292
120.253.135.82 - - [26/Dec/2021:10:06:35 +0800] "GET /xingrg/javascript/easyui/themes/default/images/button_plain_hover.png HTTP/1.1" 200 144
120.253.135.82 - - [26/Dec/2021:10:06:35 +0800] "GET /xingrg/javascript/easyui/themes/default/images/button_plain_hover.png HTTP/1.1" 200 144
120.253.135.82 - - [26/Dec/2021:10:06:35 +0800] "GET /xingrg/javascript/easyui/themes/default/images/button_plain_hover.png HTTP/1.1" 200 144
120.253.135.82 - - [26/Dec/2021:10:06:36 +0800] "GET /xingrg/javascript/easyui/themes/default/images/button_plain_hover.png HTTP/1.1" 200 144
120.253.135.82 - - [26/Dec/2021:10:06:36 +0800] "GET /xingrg/javascript/json2.js HTTP/1.1" 304 -
120.253.135.82 - - [26/Dec/2021:10:06:36 +0800] "GET /xingrg/javascript/convert.js HTTP/1.1" 304 -
120.253.135.82 - - [26/Dec/2021:10:06:36 +0800] "GET /xingrg/javascript/print/kc_print.js HTTP/1.1" 304 -
120.253.135.82 - - [26/Dec/2021:10:06:36 +0800] "GET /xingrg/javascript/jquery_tools/order_manager.js HTTP/1.1" 304 -
120.253.135.82 - - [26/Dec/2021:10:06:36 +0800] "GET /xingrg/kc/pszx/mdps_order_add.html HTTP/1.1" 200 28947
120.253.135.82 - - [26/Dec/2021:10:06:36 +0800] "GET /xingrg/words/20211226094625_words.js HTTP/1.1" 304 -
120.253.135.82 - - [26/Dec/2021:10:06:37 +0800] "GET /xingrg/javascript/easyui/themes/icons/copy_new.png HTTP/1.1" 304 -
120.253.135.82 - - [26/Dec/2021:10:06:37 +0800] "GET /xingrg/javascript/easyui/themes/default/images/menu_downarrow.png HTTP/1.1" 304 -
120.253.135.82 - - [26/Dec/2021:10:06:37 +0800] "GET /xingrg/javascript/easyui/themes/icons/ok.png HTTP/1.1" 304 -
120.253.135.82 - - [26/Dec/2021:10:06:37 +0800] "GET /xingrg/javascript/easyui/themes/icons/print.png HTTP/1.1" 304 -
120.253.135.82 - - [26/Dec/2021:10:06:37 +0800] "GET /xingrg/javascript/easyui/themes/icons/cancel.png HTTP/1.1" 304 -
120.253.135.82 - - [26/Dec/2021:10:06:37 +0800] "POST /xingrg/kc/pszx/mdps_order_operate.html HTTP/1.1" 200 7126
120.253.135.82 - - [26/Dec/2021:10:06:37 +0800] "GET /xingrg/javascript/easyui/themes/icons/edit_remove.png HTTP/1.1" 304 -
120.253.135.82 - - [26/Dec/2021:10:06:37 +0800] "GET /xingrg/all/common/auto_word.html?type=base&rest_code=00101 HTTP/1.1" 200 613
120.253.135.82 - - [26/Dec/2021:10:06:37 +0800] "GET /xingrg/javascript/easyui/themes/default/validatebox.css HTTP/1.1" 404 1104
120.253.135.82 - - [26/Dec/2021:10:06:37 +0800] "GET /xingrg/javascript/easyui/plugins/jquery.validatebox.js HTTP/1.1" 304 -
120.253.135.82 - - [26/Dec/2021:10:06:37 +0800] "GET /xingrg/javascript/easyui/plugins/jquery.numberbox.js HTTP/1.1" 304 -
116.232.48.26 - - [26/Dec/2021:10:06:37 +0800] "POST /xingrg/kc/buy/cgsh_order_operate.html HTTP/1.1" 200 34613
120.253.135.82 - - [26/Dec/2021:10:06:38 +0800] "GET /xingrg/javascript/auto/indicator.gif HTTP/1.1" 404 1066
180.175.103.30 - - [26/Dec/2021:10:06:39 +0800] "GET /xingrg/all/function/internal_message.html?_=1640484397424&CODE_STATE=getMsg HTTP/1.1" 200 27
120.253.135.82 - - [26/Dec/2021:10:06:41 +0800] "GET /xingrg/css/images/panel_loading.gif HTTP/1.1" 304 -
120.253.135.82 - - [26/Dec/2021:10:06:41 +0800] "POST /xingrg/all/common/load_combo.html?type=base HTTP/1.1" 200 1075
61.165.255.114 - - [26/Dec/2021:10:06:42 +0800] "GET /xingrg/all/function/internal_message.html?_=1640484401529&CODE_STATE=getMsg HTTP/1.1" 200 27
116.238.208.177 - - [26/Dec/2021:10:06:45 +0800] "POST /xingrg/kc/buy/cgsh_order_operate.html HTTP/1.1" 200 37
124.77.245.186 - - [26/Dec/2021:10:06:47 +0800] "POST /xingrg/services/DataTransmitService HTTP/1.1" 200 524
58.40.7.146 - - [26/Dec/2021:10:06:48 +0800] "GET /xingrg/all/function/internal_message.html?_=1640484392891&CODE_STATE=getMsg HTTP/1.1" 200 27
116.232.48.26 - - [26/Dec/2021:10:06:49 +0800] "GET /xingrg/kc/buy/cgsh_order_operate.html?command=get_materiel&rest_code=00109&code=00101008110&supplier_code=00100005&order_time=2021-12-26 HTTP/1.1" 200 408
116.238.208.177 - - [26/Dec/2021:10:06:50 +0800] "POST /xingrg/kc/buy/cgsh_order_operate.html HTTP/1.1" 200 12
114.88.159.28 - - [26/Dec/2021:10:06:52 +0800] "GET /xingrg/kc/buy/cgsh_order_add.html HTTP/1.1" 200 65255
114.88.159.28 - - [26/Dec/2021:10:06:52 +0800] "POST /xingrg/kc/buy/cgsh_order_operate.html HTTP/1.1" 200 8245
114.88.159.28 - - [26/Dec/2021:10:06:52 +0800] "GET /xingrg/javascript/easyui/themes/default/validatebox.css HTTP/1.1" 404 1104
124.79.247.218 - - [26/Dec/2021:10:06:54 +0800] "GET /xingrg/all/function/internal_message.html?_=1640484438905&CODE_STATE=getMsg HTTP/1.1" 200 27
124.77.245.186 - - [26/Dec/2021:10:06:55 +0800] "POST /xingrg/services/DataTransmitService HTTP/1.1" 200 501
124.77.245.186 - - [26/Dec/2021:10:06:55 +0800] "POST /xingrg/services/DataTransmitService HTTP/1.1" 200 524
116.238.208.177 - - [26/Dec/2021:10:06:56 +0800] "GET /xingrg/kc/buy/cgsh_order_info.html?code=212021122611109 HTTP/1.1" 200 60115
116.232.48.26 - - [26/Dec/2021:10:06:57 +0800] "GET /xingrg/kc/buy/cgsh_order_operate.html?command=get_materiel&rest_code=00109&code=00101008223&supplier_code=00100005&order_time=2021-12-26 HTTP/1.1" 200 412
116.238.208.177 - - [26/Dec/2021:10:06:58 +0800] "GET /xingrg/javascript/easyui/themes/default/validatebox.css HTTP/1.1" 404 1104
116.238.208.177 - - [26/Dec/2021:10:06:58 +0800] "POST /xingrg/kc/buy/cgsh_order_operate.html HTTP/1.1" 200 2974
180.157.251.97 - - [26/Dec/2021:10:06:59 +0800] "GET /xingrg/all/function/internal_message.html?_=1640484418900&CODE_STATE=getMsg HTTP/1.1" 200 27
124.77.245.186 - - [26/Dec/2021:10:07:02 +0800] "POST /xingrg/services/DataTransmitService HTTP/1.1" 200 412
124.77.245.186 - - [26/Dec/2021:10:07:03 +0800] "POST /xingrg/services/DataTransmitService HTTP/1.1" 200 524
120.253.135.82 - - [26/Dec/2021:10:07:04 +0800] "GET /xingrg/javascript/easyui/themes/default/images/button_plain_hover.png HTTP/1.1" 200 144
120.253.135.82 - - [26/Dec/2021:10:07:04 +0800] "GET /xingrg/javascript/easyui/themes/default/images/button_plain_hover.png HTTP/1.1" 200 144
120.253.135.82 - - [26/Dec/2021:10:07:04 +0800] "GET /xingrg/javascript/easyui/themes/default/images/button_plain_hover.png HTTP/1.1" 200 144
116.238.208.177 - - [26/Dec/2021:10:07:04 +0800] "GET /xingrg/all/function/internal_message.html?_=1640484431810&CODE_STATE=getMsg HTTP/1.1" 200 27
116.232.48.26 - - [26/Dec/2021:10:07:04 +0800] "GET /xingrg/all/function/internal_message.html?_=1640484424396&CODE_STATE=getMsg HTTP/1.1" 200 27
120.253.135.82 - - [26/Dec/2021:10:07:05 +0800] "GET /xingrg/javascript/easyui/themes/default/images/button_plain_hover.png HTTP/1.1" 200 144
116.232.48.26 - - [26/Dec/2021:10:07:06 +0800] "GET /xingrg/kc/buy/cgsh_order_operate.html?command=get_materiel&rest_code=00109&code=00101008286&supplier_code=00100005&order_time=2021-12-26 HTTP/1.1" 200 408
120.253.135.82 - - [26/Dec/2021:10:07:06 +0800] "GET /xingrg/javascript/easyui/themes/default/images/button_plain_hover.png HTTP/1.1" 200 144
120.253.135.82 - - [26/Dec/2021:10:07:06 +0800] "GET /xingrg/javascript/easyui/themes/default/images/button_plain_hover.png HTTP/1.1" 200 144
120.253.135.82 - - [26/Dec/2021:10:07:06 +0800] "GET /xingrg/javascript/easyui/themes/default/images/button_plain_hover.png HTTP/1.1" 200 144
120.253.135.82 - - [26/Dec/2021:10:07:07 +0800] "GET /xingrg/javascript/easyui/themes/default/images/button_plain_hover.png HTTP/1.1" 200 144
116.238.208.177 - - [26/Dec/2021:10:07:07 +0800] "GET /xingrg/kc/print/load_data.html?order_code=212021122611109&kc_code=cgsh&condition= HTTP/1.1" 200 1586
61.165.255.114 - - [26/Dec/2021:10:07:13 +0800] "GET /xingrg/kc/buy/cgsh_order_add.html HTTP/1.1" 200 65132
61.165.255.114 - - [26/Dec/2021:10:07:13 +0800] "GET /xingrg/words/20211226094625_words.js HTTP/1.1" 304 -
61.165.255.114 - - [26/Dec/2021:10:07:13 +0800] "POST /xingrg/kc/buy/cgsh_order_operate.html HTTP/1.1" 200 8245
61.165.255.114 - - [26/Dec/2021:10:07:13 +0800] "GET /xingrg/javascript/easyui/themes/default/validatebox.css HTTP/1.1" 404 1104
124.77.245.186 - - [26/Dec/2021:10:07:13 +0800] "POST /xingrg/services/DataTransmitService HTTP/1.1" 200 412
116.232.48.26 - - [26/Dec/2021:10:07:14 +0800] "GET /xingrg/kc/buy/cgsh_order_operate.html?command=get_materiel&rest_code=00109&code=00101008131&supplier_code=00100005&order_time=2021-12-26 HTTP/1.1" 200 408
116.227.210.113 - - [26/Dec/2021:10:07:14 +0800] "GET /xingrg/all/function/internal_message.html?_=1640484402151&CODE_STATE=getMsg HTTP/1.1" 200 27
120.253.135.82 - - [26/Dec/2021:10:07:14 +0800] "POST /xingrg/kc/pszx/mdps_list_operate.html HTTP/1.1" 200 1691
116.232.48.26 - - [26/Dec/2021:10:07:15 +0800] "POST /xingrg/kc/buy/cgsh_order_operate.html HTTP/1.1" 200 2065
61.165.255.114 - - [26/Dec/2021:10:07:15 +0800] "GET /xingrg/javascript/auto/indicator.gif HTTP/1.1" 404 1066
120.253.135.82 - - [26/Dec/2021:10:07:16 +0800] "POST /xingrg/kc/pszx/mdps_list_operate.html HTTP/1.1" 200 211
114.88.159.28 - - [26/Dec/2021:10:07:17 +0800] "GET /xingrg/all/function/internal_message.html?_=1640484244363&CODE_STATE=getMsg HTTP/1.1" 200 27
120.253.135.82 - - [26/Dec/2021:10:07:17 +0800] "GET /xingrg/kc/pszx/mdps_order_info.html?code=312021120900227 HTTP/1.1" 200 23929
120.253.135.82 - - [26/Dec/2021:10:07:18 +0800] "GET /xingrg/javascript/easyui/themes/default/validatebox.css HTTP/1.1" 404 1104
120.253.135.82 - - [26/Dec/2021:10:07:18 +0800] "POST /xingrg/kc/pszx/mdps_order_operate.html HTTP/1.1" 200 2307
116.238.208.177 - - [26/Dec/2021:10:07:19 +0800] "GET /xingrg/kc/buy/cgsh_order_add.html HTTP/1.1" 200 65208
120.253.135.82 - - [26/Dec/2021:10:07:20 +0800] "GET /xingrg/all/function/internal_message.html?_=1640484220173&CODE_STATE=getMsg HTTP/1.1" 200 27
116.238.208.177 - - [26/Dec/2021:10:07:21 +0800] "POST /xingrg/kc/buy/cgsh_order_operate.html HTTP/1.1" 200 8245
120.253.135.82 - - [26/Dec/2021:10:07:21 +0800] "GET /xingrg/javascript/easyui/themes/default/images/button_plain_hover.png HTTP/1.1" 200 144
120.253.135.82 - - [26/Dec/2021:10:07:21 +0800] "GET /xingrg/javascript/easyui/themes/default/images/button_plain_hover.png HTTP/1.1" 200 144
120.253.135.82 - - [26/Dec/2021:10:07:21 +0800] "GET /xingrg/javascript/easyui/themes/default/images/button_plain_hover.png HTTP/1.1" 200 144
116.238.208.177 - - [26/Dec/2021:10:07:21 +0800] "GET /xingrg/javascript/easyui/themes/default/validatebox.css HTTP/1.1" 404 1104
