124.77.245.186 - - [26/Dec/2021:10:20:25 +0800] "GET /xingrg/all/function/internal_message.html?_=1640485271456&CODE_STATE=getMsg HTTP/1.1" 302 -
222.69.129.201 - - [26/Dec/2021:10:20:29 +0800] "GET /xingrg/all/function/internal_message.html?_=1640485225431&CODE_STATE=getMsg HTTP/1.1" 200 27
124.77.245.186 - - [26/Dec/2021:10:20:29 +0800] "GET /xingrg/all/function/internal_message.html?_=1640485253679&CODE_STATE=getMsg HTTP/1.1" 200 27
114.88.159.28 - - [26/Dec/2021:10:20:31 +0800] "GET /xingrg/kc/buy/cgsh_order_operate.html?command=get_materiel&rest_code=00141&code=00101008010&supplier_code=00100007&order_time=2021-12-26 HTTP/1.1" 200 412
124.77.245.186 - - [26/Dec/2021:10:20:31 +0800] "GET /xingrg/kc/buy/cgsh_order_operate.html?command=get_materiel&rest_code=00146&code=00101015061&supplier_code=00100005&order_time=2021-12-26 HTTP/1.1" 200 412
61.165.255.114 - - [26/Dec/2021:10:20:34 +0800] "GET /xingrg/kc/buy/cgsh_order_operate.html?command=get_materiel&rest_code=00151&code=00101009122&supplier_code=00100424&order_time=2021-12-26 HTTP/1.1" 200 391
116.238.208.177 - - [26/Dec/2021:10:20:36 +0800] "GET /xingrg/kc/buy/cgsh_order_operate.html?command=get_materiel&rest_code=00102&code=00101007085&supplier_code=00100151&order_time=2021-12-26 HTTP/1.1" 200 413
114.88.159.28 - - [26/Dec/2021:10:20:38 +0800] "GET /xingrg/kc/buy/cgsh_order_operate.html?command=get_materiel&rest_code=00141&code=00101008038&supplier_code=00100007&order_time=2021-12-26 HTTP/1.1" 200 412
180.175.103.30 - - [26/Dec/2021:10:20:39 +0800] "GET /xingrg/all/function/internal_message.html?_=1640485237070&CODE_STATE=getMsg HTTP/1.1" 200 27
61.165.255.114 - - [26/Dec/2021:10:20:41 +0800] "GET /xingrg/kc/buy/cgsh_order_operate.html?command=get_materiel&rest_code=00151&code=00101009053&supplier_code=00100424&order_time=2021-12-26 HTTP/1.1" 200 408
114.88.159.28 - - [26/Dec/2021:10:20:45 +0800] "GET /xingrg/kc/buy/cgsh_order_operate.html?command=get_materiel&rest_code=00141&code=00101008264&supplier_code=00100007&order_time=2021-12-26 HTTP/1.1" 200 412
61.165.255.114 - - [26/Dec/2021:10:20:47 +0800] "GET /xingrg/kc/buy/cgsh_order_operate.html?command=get_materiel&rest_code=00151&code=00101009031&supplier_code=00100424&order_time=2021-12-26 HTTP/1.1" 200 409
58.40.7.146 - - [26/Dec/2021:10:20:48 +0800] "GET /xingrg/all/function/internal_message.html?_=1640485232898&CODE_STATE=getMsg HTTP/1.1" 200 27
58.40.7.146 - - [26/Dec/2021:10:20:48 +0800] "GET /xingrg/check_reg.html?_=1640485232899 HTTP/1.1" 200 22
114.88.159.28 - - [26/Dec/2021:10:20:52 +0800] "GET /xingrg/kc/buy/cgsh_order_operate.html?command=get_materiel&rest_code=00141&code=00101008562&supplier_code=00100007&order_time=2021-12-26 HTTP/1.1" 200 395
124.79.247.218 - - [26/Dec/2021:10:20:53 +0800] "GET /xingrg/check_reg.html?_=1640485376588 HTTP/1.1" 302 -
61.165.255.114 - - [26/Dec/2021:10:20:57 +0800] "GET /xingrg/kc/buy/cgsh_order_operate.html?command=get_materiel&rest_code=00151&code=00101009112&supplier_code=00100424&order_time=2021-12-26 HTTP/1.1" 200 411
124.79.247.218 - - [26/Dec/2021:10:20:58 +0800] "GET /xingrg/all/function/internal_message.html?_=1640485282661&CODE_STATE=getMsg HTTP/1.1" 200 27
180.157.251.97 - - [26/Dec/2021:10:20:59 +0800] "GET /xingrg/all/function/internal_message.html?_=1640485258923&CODE_STATE=getMsg HTTP/1.1" 200 27
222.69.129.201 - - [26/Dec/2021:10:21:00 +0800] "GET /xingrg/kc/buy/cgsh_order_operate.html?command=get_materiel&rest_code=00149&code=00101001075&supplier_code=00100039&order_time=2021-12-26 HTTP/1.1" 200 411
114.88.159.28 - - [26/Dec/2021:10:21:01 +0800] "GET /xingrg/kc/buy/cgsh_order_operate.html?command=get_materiel&rest_code=00141&code=00101008137&supplier_code=00100007&order_time=2021-12-26 HTTP/1.1" 200 408
61.165.255.114 - - [26/Dec/2021:10:21:02 +0800] "GET /xingrg/all/function/internal_message.html?_=1640485261806&CODE_STATE=getMsg HTTP/1.1" 200 27
124.77.245.186 - - [26/Dec/2021:10:21:04 +0800] "GET /xingrg/check_reg.html?_=1640485310513 HTTP/1.1" 302 -
116.232.48.26 - - [26/Dec/2021:10:21:04 +0800] "GET /xingrg/all/function/internal_message.html?_=1640485264428&CODE_STATE=getMsg HTTP/1.1" 200 27
116.238.208.177 - - [26/Dec/2021:10:21:07 +0800] "GET /xingrg/all/function/internal_message.html?_=1640485274213&CODE_STATE=getMsg HTTP/1.1" 200 27
61.165.255.114 - - [26/Dec/2021:10:21:08 +0800] "POST /xingrg/kc/buy/cgsh_order_operate.html HTTP/1.1" 200 37
114.88.159.28 - - [26/Dec/2021:10:21:09 +0800] "GET /xingrg/kc/buy/cgsh_order_operate.html?command=get_materiel&rest_code=00141&code=00101008196&supplier_code=00100007&order_time=2021-12-26 HTTP/1.1" 200 416
61.165.255.114 - - [26/Dec/2021:10:21:11 +0800] "POST /xingrg/kc/buy/cgsh_order_operate.html HTTP/1.1" 200 12
61.165.255.114 - - [26/Dec/2021:10:21:11 +0800] "GET /xingrg/kc/buy/cgsh_order_info.html?code=212021122611118 HTTP/1.1" 200 59762
222.69.129.201 - - [26/Dec/2021:10:21:12 +0800] "GET /xingrg/kc/buy/cgsh_order_operate.html?command=get_materiel&rest_code=00149&code=00101010161&supplier_code=00100039&order_time=2021-12-26 HTTP/1.1" 200 409
61.165.255.114 - - [26/Dec/2021:10:21:12 +0800] "GET /xingrg/javascript/easyui/themes/default/validatebox.css HTTP/1.1" 404 1104
61.165.255.114 - - [26/Dec/2021:10:21:12 +0800] "POST /xingrg/kc/buy/cgsh_order_operate.html HTTP/1.1" 200 2990
61.165.255.114 - - [26/Dec/2021:10:21:13 +0800] "GET /xingrg/kc/print/load_data.html?order_code=212021122611118&kc_code=cgsh&condition= HTTP/1.1" 200 1617
116.227.210.113 - - [26/Dec/2021:10:21:14 +0800] "GET /xingrg/all/function/internal_message.html?_=1640485241947&CODE_STATE=getMsg HTTP/1.1" 200 27
114.88.159.28 - - [26/Dec/2021:10:21:16 +0800] "GET /xingrg/kc/buy/cgsh_order_operate.html?command=get_materiel&rest_code=00141&code=00101008197&supplier_code=00100007&order_time=2021-12-26 HTTP/1.1" 200 416
114.88.159.28 - - [26/Dec/2021:10:21:17 +0800] "GET /xingrg/all/function/internal_message.html?_=1640485084364&CODE_STATE=getMsg HTTP/1.1" 200 27
61.165.255.114 - - [26/Dec/2021:10:21:19 +0800] "GET /xingrg/kc/buy/cgsh_order_add.html HTTP/1.1" 200 64853
61.165.255.114 - - [26/Dec/2021:10:21:19 +0800] "POST /xingrg/kc/buy/cgsh_order_operate.html HTTP/1.1" 200 8245
61.165.255.114 - - [26/Dec/2021:10:21:19 +0800] "GET /xingrg/javascript/easyui/themes/default/validatebox.css HTTP/1.1" 404 1104
180.175.103.30 - - [26/Dec/2021:10:21:20 +0800] "GET /xingrg/kc/buy/cgsh_order_add.html HTTP/1.1" 200 65337
180.175.103.30 - - [26/Dec/2021:10:21:20 +0800] "POST /xingrg/kc/buy/cgsh_order_operate.html HTTP/1.1" 200 8245
180.175.103.30 - - [26/Dec/2021:10:21:20 +0800] "GET /xingrg/javascript/easyui/themes/default/validatebox.css HTTP/1.1" 404 1104
120.253.135.82 - - [26/Dec/2021:10:21:20 +0800] "GET /xingrg/check_reg.html?_=1640485060292 HTTP/1.1" 200 22
120.253.135.82 - - [26/Dec/2021:10:21:20 +0800] "GET /xingrg/all/function/internal_message.html?_=1640485060519&CODE_STATE=getMsg HTTP/1.1" 200 27
114.88.159.28 - - [26/Dec/2021:10:21:22 +0800] "GET /xingrg/kc/buy/cgsh_order_operate.html?command=get_materiel&rest_code=00141&code=00101008069&supplier_code=00100007&order_time=2021-12-26 HTTP/1.1" 200 412
124.79.247.218 - - [26/Dec/2021:10:21:22 +0800] "GET /xingrg/all/function/internal_message.html?_=1640485405788&CODE_STATE=getMsg HTTP/1.1" 302 -
180.157.251.97 - - [26/Dec/2021:10:21:24 +0800] "GET /xingrg/all/function/internal_message.html?_=1640485282954&CODE_STATE=getMsg HTTP/1.1" 200 27
124.77.245.186 - - [26/Dec/2021:10:21:25 +0800] "GET /xingrg/all/function/internal_message.html?_=1640485331460&CODE_STATE=getMsg HTTP/1.1" 302 -
61.165.255.114 - - [26/Dec/2021:10:21:26 +0800] "GET /xingrg/kc/buy/cgsh_order_operate.html?command=get_materiel&rest_code=00151&code=00101012060&supplier_code=00100007&order_time=2021-12-26 HTTP/1.1" 200 408
222.69.129.201 - - [26/Dec/2021:10:21:28 +0800] "GET /xingrg/kc/buy/cgsh_order_operate.html?command=get_materiel&rest_code=00149&code=00101005037&supplier_code=00100039&order_time=2021-12-26 HTTP/1.1" 200 409
124.77.245.186 - - [26/Dec/2021:10:21:28 +0800] "GET /xingrg/kc/buy/cgsh_order_operate.html?command=get_materiel&rest_code=00146&code=00101008041&supplier_code=00100005&order_time=2021-12-26 HTTP/1.1" 200 408
222.69.129.201 - - [26/Dec/2021:10:21:29 +0800] "GET /xingrg/all/function/internal_message.html?_=1640485285407&CODE_STATE=getMsg HTTP/1.1" 200 27
124.77.245.186 - - [26/Dec/2021:10:21:29 +0800] "GET /xingrg/check_reg.html?_=1640485313442 HTTP/1.1" 200 22
124.77.245.186 - - [26/Dec/2021:10:21:29 +0800] "GET /xingrg/all/function/internal_message.html?_=1640485313691&CODE_STATE=getMsg HTTP/1.1" 200 27
114.88.159.28 - - [26/Dec/2021:10:21:30 +0800] "GET /xingrg/kc/buy/cgsh_order_operate.html?command=get_materiel&rest_code=00141&code=00101008286&supplier_code=00100007&order_time=2021-12-26 HTTP/1.1" 200 408
61.165.255.114 - - [26/Dec/2021:10:21:34 +0800] "GET /xingrg/kc/buy/cgsh_order_operate.html?command=get_materiel&rest_code=00151&code=00101016038&supplier_code=00100007&order_time=2021-12-26 HTTP/1.1" 200 408
116.238.208.177 - - [26/Dec/2021:10:21:36 +0800] "POST /xingrg/kc/buy/cgsh_order_operate.html HTTP/1.1" 200 37
180.175.103.30 - - [26/Dec/2021:10:21:36 +0800] "GET /xingrg/kc/buy/cgsh_order_operate.html?command=get_materiel&rest_code=00105&code=00101009109&supplier_code=00100024&order_time=2021-12-26 HTTP/1.1" 200 399
114.88.159.28 - - [26/Dec/2021:10:21:38 +0800] "GET /xingrg/kc/buy/cgsh_order_operate.html?command=get_materiel&rest_code=00141&code=00101008036&supplier_code=00100007&order_time=2021-12-26 HTTP/1.1" 200 408
116.238.208.177 - - [26/Dec/2021:10:21:38 +0800] "POST /xingrg/kc/buy/cgsh_order_operate.html HTTP/1.1" 200 6795
222.69.129.201 - - [26/Dec/2021:10:21:38 +0800] "GET /xingrg/kc/buy/cgsh_order_operate.html?command=get_materiel&rest_code=00149&code=00101001060&supplier_code=00100039&order_time=2021-12-26 HTTP/1.1" 200 421
180.175.103.30 - - [26/Dec/2021:10:21:39 +0800] "GET /xingrg/all/function/internal_message.html?_=1640485297065&CODE_STATE=getMsg HTTP/1.1" 200 27
61.165.255.114 - - [26/Dec/2021:10:21:42 +0800] "GET /xingrg/kc/buy/cgsh_order_operate.html?command=get_materiel&rest_code=00151&code=00101008323&supplier_code=00100007&order_time=2021-12-26 HTTP/1.1" 200 408
114.88.159.28 - - [26/Dec/2021:10:21:46 +0800] "GET /xingrg/kc/buy/cgsh_order_operate.html?command=get_materiel&rest_code=00141&code=00101008131&supplier_code=00100007&order_time=2021-12-26 HTTP/1.1" 200 408
124.77.245.186 - - [26/Dec/2021:10:21:47 +0800] "GET /xingrg/kc/buy/cgsh_order_operate.html?command=get_materiel&rest_code=00146&code=00101008391&supplier_code=00100005&order_time=2021-12-26 HTTP/1.1" 200 412
58.40.7.146 - - [26/Dec/2021:10:21:48 +0800] "GET /xingrg/all/function/internal_message.html?_=1640485292899&CODE_STATE=getMsg HTTP/1.1" 200 27
61.165.255.114 - - [26/Dec/2021:10:21:48 +0800] "GET /xingrg/kc/buy/cgsh_order_operate.html?command=get_materiel&rest_code=00151&code=00101008085&supplier_code=00100007&order_time=2021-12-26 HTTP/1.1" 200 412
180.175.103.30 - - [26/Dec/2021:10:21:48 +0800] "GET /xingrg/kc/buy/cgsh_order_operate.html?command=get_materiel&rest_code=00105&code=00101009062&supplier_code=00100024&order_time=2021-12-26 HTTP/1.1" 200 412
114.88.159.28 - - [26/Dec/2021:10:21:54 +0800] "GET /xingrg/kc/buy/cgsh_order_operate.html?command=get_materiel&rest_code=00141&code=00101008352&supplier_code=00100007&order_time=2021-12-26 HTTP/1.1" 200 412
61.165.255.114 - - [26/Dec/2021:10:21:55 +0800] "GET /xingrg/kc/buy/cgsh_order_operate.html?command=get_materiel&rest_code=00151&code=00101008318&supplier_code=00100007&order_time=2021-12-26 HTTP/1.1" 200 408
124.79.247.218 - - [26/Dec/2021:10:21:59 +0800] "GET /xingrg/all/function/internal_message.html?_=1640485343424&CODE_STATE=getMsg HTTP/1.1" 200 27
222.69.129.201 - - [26/Dec/2021:10:21:59 +0800] "POST /xingrg/kc/buy/cgsh_order_operate.html HTTP/1.1" 200 37
180.157.251.97 - - [26/Dec/2021:10:21:59 +0800] "GET /xingrg/all/function/internal_message.html?_=1640485318923&CODE_STATE=getMsg HTTP/1.1" 200 27
114.88.159.28 - - [26/Dec/2021:10:22:02 +0800] "GET /xingrg/kc/buy/cgsh_order_operate.html?command=get_materiel&rest_code=00141&code=00101008005&supplier_code=00100007&order_time=2021-12-26 HTTP/1.1" 200 412
61.165.255.114 - - [26/Dec/2021:10:22:02 +0800] "GET /xingrg/all/function/internal_message.html?_=1640485321840&CODE_STATE=getMsg HTTP/1.1" 200 27
61.165.255.114 - - [26/Dec/2021:10:22:03 +0800] "GET /xingrg/kc/buy/cgsh_order_operate.html?command=get_materiel&rest_code=00151&code=00101008141&supplier_code=00100007&order_time=2021-12-26 HTTP/1.1" 200 412
124.77.245.186 - - [26/Dec/2021:10:22:03 +0800] "POST /xingrg/kc/buy/cgsh_order_operate.html HTTP/1.1" 200 2065
116.232.48.26 - - [26/Dec/2021:10:22:04 +0800] "GET /xingrg/all/function/internal_message.html?_=1640485324430&CODE_STATE=getMsg HTTP/1.1" 200 27
116.238.208.177 - - [26/Dec/2021:10:22:07 +0800] "GET /xingrg/all/function/internal_message.html?_=1640485334227&CODE_STATE=getMsg HTTP/1.1" 200 27
222.69.129.201 - - [26/Dec/2021:10:22:07 +0800] "POST /xingrg/kc/buy/cgsh_order_operate.html HTTP/1.1" 200 12
61.165.255.114 - - [26/Dec/2021:10:22:08 +0800] "GET /xingrg/kc/buy/cgsh_order_operate.html?command=get_materiel&rest_code=00151&code=00102002413&supplier_code=00100007&order_time=2021-12-26 HTTP/1.1" 200 408
114.88.159.28 - - [26/Dec/2021:10:22:09 +0800] "GET /xingrg/kc/buy/cgsh_order_operate.html?command=get_materiel&rest_code=00141&code=00101008353&supplier_code=00100007&order_time=2021-12-26 HTTP/1.1" 200 408
180.175.103.30 - - [26/Dec/2021:10:22:10 +0800] "GET /xingrg/kc/buy/cgsh_order_operate.html?command=get_materiel&rest_code=00105&code=00101009011&supplier_code=00100024&order_time=2021-12-26 HTTP/1.1" 200 416
222.69.129.201 - - [26/Dec/2021:10:22:10 +0800] "GET /xingrg/kc/buy/cgsh_order_info.html?code=212021122611120 HTTP/1.1" 200 60211
222.69.129.201 - - [26/Dec/2021:10:22:11 +0800] "GET /xingrg/words/20211226094625_words.js HTTP/1.1" 304 -
222.69.129.201 - - [26/Dec/2021:10:22:11 +0800] "GET /xingrg/javascript/easyui/themes/default/validatebox.css HTTP/1.1" 404 1104
222.69.129.201 - - [26/Dec/2021:10:22:11 +0800] "POST /xingrg/kc/buy/cgsh_order_operate.html HTTP/1.1" 200 4769
222.69.129.201 - - [26/Dec/2021:10:22:13 +0800] "GET /xingrg/kc/print/load_data.html?order_code=212021122611120&kc_code=cgsh&condition= HTTP/1.1" 200 2319
61.165.255.114 - - [26/Dec/2021:10:22:13 +0800] "GET /xingrg/kc/buy/cgsh_order_operate.html?command=get_materiel&rest_code=00151&code=00101008261&supplier_code=00100007&order_time=2021-12-26 HTTP/1.1" 200 408
116.227.210.113 - - [26/Dec/2021:10:22:14 +0800] "GET /xingrg/all/function/internal_message.html?_=1640485301933&CODE_STATE=getMsg HTTP/1.1" 200 27
114.88.159.28 - - [26/Dec/2021:10:22:15 +0800] "GET /xingrg/kc/buy/cgsh_order_operate.html?command=get_materiel&rest_code=00141&code=00101008213&supplier_code=00100007&order_time=2021-12-26 HTTP/1.1" 200 412
114.88.159.28 - - [26/Dec/2021:10:22:17 +0800] "GET /xingrg/all/function/internal_message.html?_=1640485144369&CODE_STATE=getMsg HTTP/1.1" 200 27
222.69.129.201 - - [26/Dec/2021:10:22:19 +0800] "GET /xingrg/kc/buy/cgsh_order_add.html HTTP/1.1" 200 65302
222.69.129.201 - - [26/Dec/2021:10:22:19 +0800] "POST /xingrg/kc/buy/cgsh_order_operate.html HTTP/1.1" 200 8245
222.69.129.201 - - [26/Dec/2021:10:22:19 +0800] "GET /xingrg/javascript/easyui/themes/default/validatebox.css HTTP/1.1" 404 1104
120.253.135.82 - - [26/Dec/2021:10:22:20 +0800] "GET /xingrg/all/function/internal_message.html?_=1640485120533&CODE_STATE=getMsg HTTP/1.1" 200 27
180.175.103.30 - - [26/Dec/2021:10:22:21 +0800] "GET /xingrg/kc/buy/cgsh_order_operate.html?command=get_materiel&rest_code=00105&code=00101009010&supplier_code=00100024&order_time=2021-12-26 HTTP/1.1" 200 412
61.165.255.114 - - [26/Dec/2021:10:22:22 +0800] "GET /xingrg/kc/buy/cgsh_order_operate.html?command=get_materiel&rest_code=00151&code=00101008344&supplier_code=00100007&order_time=2021-12-26 HTTP/1.1" 200 412
124.79.247.218 - - [26/Dec/2021:10:22:22 +0800] "GET /xingrg/all/function/internal_message.html?_=1640485465768&CODE_STATE=getMsg HTTP/1.1" 302 -
114.88.159.28 - - [26/Dec/2021:10:22:23 +0800] "GET /xingrg/kc/buy/cgsh_order_operate.html?command=get_materiel&rest_code=00141&code=00101019018&supplier_code=00100007&order_time=2021-12-26 HTTP/1.1" 200 450
180.157.251.97 - - [26/Dec/2021:10:22:24 +0800] "GET /xingrg/all/function/internal_message.html?_=1640485342953&CODE_STATE=getMsg HTTP/1.1" 200 27
124.77.245.186 - - [26/Dec/2021:10:22:25 +0800] "GET /xingrg/all/function/internal_message.html?_=1640485391482&CODE_STATE=getMsg HTTP/1.1" 302 -
222.69.129.201 - - [26/Dec/2021:10:22:28 +0800] "GET /xingrg/check_reg.html?_=1640485344524 HTTP/1.1" 200 22
222.69.129.201 - - [26/Dec/2021:10:22:28 +0800] "GET /xingrg/all/function/internal_message.html?_=1640485345388&CODE_STATE=getMsg HTTP/1.1" 200 27
124.77.245.186 - - [26/Dec/2021:10:22:29 +0800] "GET /xingrg/all/function/internal_message.html?_=1640485373704&CODE_STATE=getMsg HTTP/1.1" 200 27
61.165.255.114 - - [26/Dec/2021:10:22:30 +0800] "GET /xingrg/kc/buy/cgsh_order_operate.html?command=get_materiel&rest_code=00151&code=00101008118&supplier_code=00100007&order_time=2021-12-26 HTTP/1.1" 200 418
180.175.103.30 - - [26/Dec/2021:10:22:32 +0800] "GET /xingrg/kc/buy/cgsh_order_operate.html?command=get_materiel&rest_code=00105&code=00101009013&supplier_code=00100024&order_time=2021-12-26 HTTP/1.1" 200 421
114.88.159.28 - - [26/Dec/2021:10:22:33 +0800] "GET /xingrg/kc/buy/cgsh_order_operate.html?command=get_materiel&rest_code=00141&code=00101008355&supplier_code=00100007&order_time=2021-12-26 HTTP/1.1" 200 408
61.165.255.114 - - [26/Dec/2021:10:22:37 +0800] "GET /xingrg/kc/buy/cgsh_order_operate.html?command=get_materiel&rest_code=00151&code=00101008098&supplier_code=00100007&order_time=2021-12-26 HTTP/1.1" 200 412
114.88.159.28 - - [26/Dec/2021:10:22:37 +0800] "POST /xingrg/kc/buy/cgsh_order_operate.html HTTP/1.1" 200 2065
180.175.103.30 - - [26/Dec/2021:10:22:39 +0800] "GET /xingrg/all/function/internal_message.html?_=1640485357040&CODE_STATE=getMsg HTTP/1.1" 200 27
180.175.103.30 - - [26/Dec/2021:10:22:39 +0800] "GET /xingrg/check_reg.html?_=1640485357800 HTTP/1.1" 200 22
180.175.103.30 - - [26/Dec/2021:10:22:44 +0800] "POST /xingrg/kc/buy/cgsh_order_operate.html HTTP/1.1" 200 37
61.165.255.114 - - [26/Dec/2021:10:22:44 +0800] "GET /xingrg/kc/buy/cgsh_order_operate.html?command=get_materiel&rest_code=00151&code=00101008440&supplier_code=00100007&order_time=2021-12-26 HTTP/1.1" 200 398
114.88.159.28 - - [26/Dec/2021:10:22:44 +0800] "GET /xingrg/kc/buy/cgsh_order_operate.html?command=get_materiel&rest_code=00141&code=00101008321&supplier_code=00100007&order_time=2021-12-26 HTTP/1.1" 200 412
180.175.103.30 - - [26/Dec/2021:10:22:45 +0800] "POST /xingrg/kc/buy/cgsh_order_operate.html HTTP/1.1" 200 5032
180.175.103.30 - - [26/Dec/2021:10:22:47 +0800] "GET /xingrg/kc/print/load_data.html?order_code=212021122611121&kc_code=cgsh&condition= HTTP/1.1" 200 1599
58.40.7.146 - - [26/Dec/2021:10:22:48 +0800] "GET /xingrg/all/function/internal_message.html?_=1640485352901&CODE_STATE=getMsg HTTP/1.1" 200 27
61.165.255.114 - - [26/Dec/2021:10:22:49 +0800] "GET /xingrg/kc/buy/cgsh_order_operate.html?command=get_materiel&rest_code=00151&code=00101008357&supplier_code=00100007&order_time=2021-12-26 HTTP/1.1" 200 408
114.88.159.28 - - [26/Dec/2021:10:22:53 +0800] "GET /xingrg/kc/buy/cgsh_order_operate.html?command=get_materiel&rest_code=00141&code=00101008350&supplier_code=00100007&order_time=2021-12-26 HTTP/1.1" 200 408
61.165.255.114 - - [26/Dec/2021:10:22:53 +0800] "GET /xingrg/kc/buy/cgsh_order_operate.html?command=get_materiel&rest_code=00151&code=00101008300&supplier_code=00100007&order_time=2021-12-26 HTTP/1.1" 200 412
124.79.247.218 - - [26/Dec/2021:10:22:59 +0800] "GET /xingrg/all/function/internal_message.html?_=1640485403435&CODE_STATE=getMsg HTTP/1.1" 200 27
61.165.255.114 - - [26/Dec/2021:10:22:59 +0800] "GET /xingrg/kc/buy/cgsh_order_operate.html?command=get_materiel&rest_code=00151&code=00101008286&supplier_code=00100007&order_time=2021-12-26 HTTP/1.1" 200 408
180.157.251.97 - - [26/Dec/2021:10:22:59 +0800] "GET /xingrg/check_reg.html?_=1640485378923 HTTP/1.1" 200 22
180.157.251.97 - - [26/Dec/2021:10:22:59 +0800] "GET /xingrg/all/function/internal_message.html?_=1640485378926&CODE_STATE=getMsg HTTP/1.1" 200 27
116.238.208.177 - - [26/Dec/2021:10:23:00 +0800] "POST /xingrg/kc/buy/cgsh_order_operate.html HTTP/1.1" 200 37
116.238.208.177 - - [26/Dec/2021:10:23:02 +0800] "POST /xingrg/kc/buy/cgsh_order_operate.html HTTP/1.1" 200 6795
61.165.255.114 - - [26/Dec/2021:10:23:02 +0800] "GET /xingrg/all/function/internal_message.html?_=1640485381841&CODE_STATE=getMsg HTTP/1.1" 200 27
116.238.208.177 - - [26/Dec/2021:10:23:03 +0800] "GET /xingrg/kc/buy/cgsh_order_add.html HTTP/1.1" 200 65208
114.88.159.28 - - [26/Dec/2021:10:23:03 +0800] "GET /xingrg/kc/buy/cgsh_order_operate.html?command=get_materiel&rest_code=00141&code=00101008072&supplier_code=00100007&order_time=2021-12-26 HTTP/1.1" 200 408
116.238.208.177 - - [26/Dec/2021:10:23:04 +0800] "POST /xingrg/kc/buy/cgsh_order_operate.html HTTP/1.1" 200 8245
116.232.48.26 - - [26/Dec/2021:10:23:04 +0800] "GET /xingrg/all/function/internal_message.html?_=1640485384433&CODE_STATE=getMsg HTTP/1.1" 200 27
61.165.255.114 - - [26/Dec/2021:10:23:05 +0800] "GET /xingrg/kc/buy/cgsh_order_operate.html?command=get_materiel&rest_code=00151&code=00101008080&supplier_code=00100007&order_time=2021-12-26 HTTP/1.1" 200 416
116.238.208.177 - - [26/Dec/2021:10:23:05 +0800] "GET /xingrg/check_reg.html?_=1640485392631 HTTP/1.1" 200 22
116.238.208.177 - - [26/Dec/2021:10:23:05 +0800] "GET /xingrg/javascript/easyui/themes/default/validatebox.css HTTP/1.1" 404 1104
116.238.208.177 - - [26/Dec/2021:10:23:07 +0800] "GET /xingrg/all/function/internal_message.html?_=1640485394242&CODE_STATE=getMsg HTTP/1.1" 200 27
114.88.159.28 - - [26/Dec/2021:10:23:10 +0800] "GET /xingrg/kc/buy/cgsh_order_operate.html?command=get_materiel&rest_code=00141&code=00101008370&supplier_code=00100007&order_time=2021-12-26 HTTP/1.1" 200 412
61.165.255.114 - - [26/Dec/2021:10:23:13 +0800] "GET /xingrg/kc/buy/cgsh_order_operate.html?command=get_materiel&rest_code=00151&code=00101012039&supplier_code=00100007&order_time=2021-12-26 HTTP/1.1" 200 408
116.227.210.113 - - [26/Dec/2021:10:23:14 +0800] "GET /xingrg/all/function/internal_message.html?_=1640485361918&CODE_STATE=getMsg HTTP/1.1" 200 27
114.88.159.28 - - [26/Dec/2021:10:23:17 +0800] "GET /xingrg/all/function/internal_message.html?_=1640485204363&CODE_STATE=getMsg HTTP/1.1" 200 27
120.253.135.82 - - [26/Dec/2021:10:23:20 +0800] "GET /xingrg/all/function/internal_message.html?_=1640485180547&CODE_STATE=getMsg HTTP/1.1" 200 27
124.79.247.218 - - [26/Dec/2021:10:23:22 +0800] "GET /xingrg/all/function/internal_message.html?_=1640485525743&CODE_STATE=getMsg HTTP/1.1" 302 -
180.157.251.97 - - [26/Dec/2021:10:23:24 +0800] "GET /xingrg/all/function/internal_message.html?_=1640485402952&CODE_STATE=getMsg HTTP/1.1" 200 27
114.88.159.28 - - [26/Dec/2021:10:23:24 +0800] "POST /xingrg/kc/buy/cgsh_order_operate.html HTTP/1.1" 200 2065
124.77.245.186 - - [26/Dec/2021:10:23:25 +0800] "GET /xingrg/all/function/internal_message.html?_=1640485451487&CODE_STATE=getMsg HTTP/1.1" 302 -
222.69.129.201 - - [26/Dec/2021:10:23:28 +0800] "GET /xingrg/all/function/internal_message.html?_=1640485405359&CODE_STATE=getMsg HTTP/1.1" 200 27
124.77.245.186 - - [26/Dec/2021:10:23:29 +0800] "GET /xingrg/all/function/internal_message.html?_=1640485433803&CODE_STATE=getMsg HTTP/1.1" 200 27
180.175.103.30 - - [26/Dec/2021:10:23:39 +0800] "GET /xingrg/all/function/internal_message.html?_=1640485417014&CODE_STATE=getMsg HTTP/1.1" 200 27
58.40.7.146 - - [26/Dec/2021:10:23:48 +0800] "GET /xingrg/all/function/internal_message.html?_=1640485412903&CODE_STATE=getMsg HTTP/1.1" 200 27
114.88.159.28 - - [26/Dec/2021:10:23:49 +0800] "GET /xingrg/kc/buy/cgsh_order_operate.html?command=get_materiel&rest_code=00141&code=00101008323&supplier_code=00100007&order_time=2021-12-26 HTTP/1.1" 200 408
124.77.245.186 - - [26/Dec/2021:10:23:52 +0800] "POST /xingrg/kc/buy/cgsh_order_operate.html HTTP/1.1" 200 37
124.77.245.186 - - [26/Dec/2021:10:23:56 +0800] "POST /xingrg/kc/buy/cgsh_order_operate.html HTTP/1.1" 200 55231
114.88.159.28 - - [26/Dec/2021:10:23:58 +0800] "GET /xingrg/kc/buy/cgsh_order_operate.html?command=get_materiel&rest_code=00141&code=00101008257&supplier_code=00100007&order_time=2021-12-26 HTTP/1.1" 200 416
180.157.251.97 - - [26/Dec/2021:10:23:59 +0800] "GET /xingrg/all/function/internal_message.html?_=1640485438926&CODE_STATE=getMsg HTTP/1.1" 200 27
124.79.247.218 - - [26/Dec/2021:10:23:59 +0800] "GET /xingrg/all/function/internal_message.html?_=1640485464287&CODE_STATE=getMsg HTTP/1.1" 200 27
61.165.255.114 - - [26/Dec/2021:10:24:02 +0800] "GET /xingrg/all/function/internal_message.html?_=1640485441892&CODE_STATE=getMsg HTTP/1.1" 200 27
61.165.255.114 - - [26/Dec/2021:10:24:02 +0800] "GET /xingrg/check_reg.html?_=1640485441927 HTTP/1.1" 200 22
116.232.48.26 - - [26/Dec/2021:10:24:04 +0800] "GET /xingrg/all/function/internal_message.html?_=1640485444435&CODE_STATE=getMsg HTTP/1.1" 200 27
116.232.48.26 - - [26/Dec/2021:10:24:04 +0800] "GET /xingrg/check_reg.html?_=1640485444435 HTTP/1.1" 200 22
116.238.208.177 - - [26/Dec/2021:10:24:07 +0800] "GET /xingrg/all/function/internal_message.html?_=1640485454806&CODE_STATE=getMsg HTTP/1.1" 200 27
114.88.159.28 - - [26/Dec/2021:10:24:07 +0800] "POST /xingrg/kc/buy/cgsh_order_operate.html HTTP/1.1" 200 2065
114.88.159.28 - - [26/Dec/2021:10:24:12 +0800] "GET /xingrg/kc/buy/cgsh_order_operate.html?command=get_materiel&rest_code=00141&code=00101008244&supplier_code=00100007&order_time=2021-12-26 HTTP/1.1" 200 410
116.227.210.113 - - [26/Dec/2021:10:24:14 +0800] "GET /xingrg/all/function/internal_message.html?_=1640485421899&CODE_STATE=getMsg HTTP/1.1" 200 27
116.227.210.113 - - [26/Dec/2021:10:24:14 +0800] "GET /xingrg/check_reg.html?_=1640485422734 HTTP/1.1" 200 22
116.227.210.113 - - [26/Dec/2021:10:24:16 +0800] "GET /favicon.ico HTTP/1.1" 404 -
114.88.159.28 - - [26/Dec/2021:10:24:17 +0800] "GET /xingrg/all/function/internal_message.html?_=1640485264365&CODE_STATE=getMsg HTTP/1.1" 200 27
120.253.135.82 - - [26/Dec/2021:10:24:20 +0800] "GET /xingrg/all/function/internal_message.html?_=1640485240560&CODE_STATE=getMsg HTTP/1.1" 200 27
124.79.247.218 - - [26/Dec/2021:10:24:22 +0800] "GET /xingrg/all/function/internal_message.html?_=1640485585713&CODE_STATE=getMsg HTTP/1.1" 302 -
180.157.251.97 - - [26/Dec/2021:10:24:24 +0800] "GET /xingrg/check_reg.html?_=1640485462951 HTTP/1.1" 200 22
180.157.251.97 - - [26/Dec/2021:10:24:24 +0800] "GET /xingrg/all/function/internal_message.html?_=1640485462953&CODE_STATE=getMsg HTTP/1.1" 200 27
124.77.245.186 - - [26/Dec/2021:10:24:25 +0800] "GET /xingrg/all/function/internal_message.html?_=1640485511511&CODE_STATE=getMsg HTTP/1.1" 302 -
222.69.129.201 - - [26/Dec/2021:10:24:28 +0800] "GET /xingrg/all/function/internal_message.html?_=1640485465336&CODE_STATE=getMsg HTTP/1.1" 200 27
114.88.159.28 - - [26/Dec/2021:10:24:29 +0800] "GET /xingrg/kc/buy/cgsh_order_operate.html?command=get_materiel&rest_code=00141&code=00101008396&supplier_code=00100007&order_time=2021-12-26 HTTP/1.1" 200 412
124.77.245.186 - - [26/Dec/2021:10:24:29 +0800] "GET /xingrg/all/function/internal_message.html?_=1640485493810&CODE_STATE=getMsg HTTP/1.1" 200 27
116.227.210.113 - - [26/Dec/2021:10:24:31 +0800] "POST /xingrg/services/DataTransmitService HTTP/1.1" 200 524
114.88.159.28 - - [26/Dec/2021:10:24:36 +0800] "GET /xingrg/kc/buy/cgsh_order_operate.html?command=get_materiel&rest_code=00141&code=00101008361&supplier_code=00100007&order_time=2021-12-26 HTTP/1.1" 200 408
180.175.103.30 - - [26/Dec/2021:10:24:39 +0800] "GET /xingrg/all/function/internal_message.html?_=1640485476993&CODE_STATE=getMsg HTTP/1.1" 200 27
61.165.255.114 - - [26/Dec/2021:10:24:39 +0800] "GET /xingrg/kc/buy/cgsh_order_operate.html?command=get_materiel&rest_code=00151&code=00101008088&supplier_code=00100007&order_time=2021-12-26 HTTP/1.1" 200 408
114.88.159.28 - - [26/Dec/2021:10:24:42 +0800] "GET /xingrg/kc/buy/cgsh_order_operate.html?command=get_materiel&rest_code=00141&code=00101008242&supplier_code=00100007&order_time=2021-12-26 HTTP/1.1" 200 408
114.88.159.28 - - [26/Dec/2021:10:24:46 +0800] "POST /xingrg/kc/buy/cgsh_order_operate.html HTTP/1.1" 200 2065
61.165.255.114 - - [26/Dec/2021:10:24:46 +0800] "GET /xingrg/kc/buy/cgsh_order_operate.html?command=get_materiel&rest_code=00151&code=00101016025&supplier_code=00100007&order_time=2021-12-26 HTTP/1.1" 200 408
58.40.7.146 - - [26/Dec/2021:10:24:48 +0800] "GET /xingrg/all/function/internal_message.html?_=1640485472904&CODE_STATE=getMsg HTTP/1.1" 200 27
124.79.247.218 - - [26/Dec/2021:10:24:49 +0800] "GET /xingrg/check_reg.html?_=1640485514372 HTTP/1.1" 200 22
114.88.159.28 - - [26/Dec/2021:10:24:51 +0800] "GET /xingrg/kc/buy/cgsh_order_operate.html?command=get_materiel&rest_code=00141&code=00101008356&supplier_code=00100007&order_time=2021-12-26 HTTP/1.1" 200 408
61.165.255.114 - - [26/Dec/2021:10:24:53 +0800] "GET /xingrg/kc/buy/cgsh_order_operate.html?command=get_materiel&rest_code=00151&code=00101008362&supplier_code=00100007&order_time=2021-12-26 HTTP/1.1" 200 408
180.157.251.97 - - [26/Dec/2021:10:24:59 +0800] "GET /xingrg/all/function/internal_message.html?_=1640485498926&CODE_STATE=getMsg HTTP/1.1" 200 27
124.79.247.218 - - [26/Dec/2021:10:24:59 +0800] "GET /xingrg/all/function/internal_message.html?_=1640485524305&CODE_STATE=getMsg HTTP/1.1" 200 27
61.165.255.114 - - [26/Dec/2021:10:25:00 +0800] "GET /xingrg/kc/buy/cgsh_order_operate.html?command=get_materiel&rest_code=00151&code=00101008017&supplier_code=00100007&order_time=2021-12-26 HTTP/1.1" 200 416
61.165.255.114 - - [26/Dec/2021:10:25:01 +0800] "POST /xingrg/kc/buy/cgsh_order_operate.html HTTP/1.1" 200 2065
114.88.159.28 - - [26/Dec/2021:10:25:02 +0800] "GET /xingrg/kc/buy/cgsh_order_operate.html?command=get_materiel&rest_code=00141&code=00101008300&supplier_code=00100007&order_time=2021-12-26 HTTP/1.1" 200 412
114.85.125.222 - - [26/Dec/2021:10:25:02 +0800] "GET /favicon.ico HTTP/1.1" 404 -
61.165.255.114 - - [26/Dec/2021:10:25:02 +0800] "GET /xingrg/all/function/internal_message.html?_=1640485502000&CODE_STATE=getMsg HTTP/1.1" 200 27
116.232.48.26 - - [26/Dec/2021:10:25:04 +0800] "GET /xingrg/all/function/internal_message.html?_=1640485504437&CODE_STATE=getMsg HTTP/1.1" 200 27
61.165.255.114 - - [26/Dec/2021:10:25:07 +0800] "GET /xingrg/kc/buy/cgsh_order_operate.html?command=get_materiel&rest_code=00151&code=00101008137&supplier_code=00100007&order_time=2021-12-26 HTTP/1.1" 200 408
116.238.208.177 - - [26/Dec/2021:10:25:07 +0800] "GET /xingrg/all/function/internal_message.html?_=1640485514814&CODE_STATE=getMsg HTTP/1.1" 200 27
114.88.159.28 - - [26/Dec/2021:10:25:10 +0800] "GET /xingrg/kc/buy/cgsh_order_operate.html?command=get_materiel&rest_code=00141&code=00101008251&supplier_code=00100007&order_time=2021-12-26 HTTP/1.1" 200 408
61.165.255.114 - - [26/Dec/2021:10:25:12 +0800] "GET /xingrg/kc/buy/cgsh_order_operate.html?command=get_materiel&rest_code=00151&code=00101008096&supplier_code=00100007&order_time=2021-12-26 HTTP/1.1" 200 412
116.227.210.113 - - [26/Dec/2021:10:25:14 +0800] "GET /xingrg/all/function/internal_message.html?_=1640485481875&CODE_STATE=getMsg HTTP/1.1" 200 27
114.88.159.28 - - [26/Dec/2021:10:25:17 +0800] "GET /xingrg/check_reg.html?_=1640485324370 HTTP/1.1" 200 22
114.88.159.28 - - [26/Dec/2021:10:25:17 +0800] "GET /xingrg/all/function/internal_message.html?_=1640485324369&CODE_STATE=getMsg HTTP/1.1" 200 27
124.77.245.186 - - [26/Dec/2021:10:25:19 +0800] "GET /xingrg/kc/buy/cgsh_order_operate.html?command=get_materiel&rest_code=00146&code=00101008098&supplier_code=00100005&order_time=2021-12-26 HTTP/1.1" 200 412
120.253.135.82 - - [26/Dec/2021:10:25:22 +0800] "GET /xingrg/all/function/internal_message.html?_=1640485300574&CODE_STATE=getMsg HTTP/1.1" 200 27
124.79.247.218 - - [26/Dec/2021:10:25:22 +0800] "GET /xingrg/all/function/internal_message.html?_=1640485645694&CODE_STATE=getMsg HTTP/1.1" 302 -
116.238.208.177 - - [26/Dec/2021:10:25:23 +0800] "GET /favicon.ico HTTP/1.1" 404 -
61.165.255.114 - - [26/Dec/2021:10:25:23 +0800] "GET /xingrg/kc/buy/cgsh_order_operate.html?command=get_materiel&rest_code=00151&code=00101012044&supplier_code=00100007&order_time=2021-12-26 HTTP/1.1" 200 408
180.157.251.97 - - [26/Dec/2021:10:25:24 +0800] "GET /xingrg/all/function/internal_message.html?_=1640485522952&CODE_STATE=getMsg HTTP/1.1" 200 27
124.77.245.186 - - [26/Dec/2021:10:25:25 +0800] "GET /xingrg/all/function/internal_message.html?_=1640485571514&CODE_STATE=getMsg HTTP/1.1" 302 -
114.88.159.28 - - [26/Dec/2021:10:25:26 +0800] "GET /xingrg/kc/buy/cgsh_order_operate.html?command=get_materiel&rest_code=00141&code=00101008295&supplier_code=00100007&order_time=2021-12-26 HTTP/1.1" 200 412
114.88.159.28 - - [26/Dec/2021:10:25:28 +0800] "POST /xingrg/kc/buy/cgsh_order_operate.html HTTP/1.1" 200 2065
222.69.129.201 - - [26/Dec/2021:10:25:29 +0800] "GET /xingrg/all/function/internal_message.html?_=1640485525395&CODE_STATE=getMsg HTTP/1.1" 200 27
124.77.245.186 - - [26/Dec/2021:10:25:29 +0800] "GET /xingrg/all/function/internal_message.html?_=1640485553824&CODE_STATE=getMsg HTTP/1.1" 200 27
61.165.255.114 - - [26/Dec/2021:10:25:33 +0800] "GET /xingrg/kc/buy/cgsh_order_operate.html?command=get_materiel&rest_code=00151&code=00101008372&supplier_code=00100007&order_time=2021-12-26 HTTP/1.1" 200 408
222.69.129.201 - - [26/Dec/2021:10:25:38 +0800] "GET /xingrg/kc/buy/cgsh_order_operate.html?command=get_materiel&rest_code=00149&code=00101004051&supplier_code=00100083&order_time=2021-12-26 HTTP/1.1" 200 409
180.175.103.30 - - [26/Dec/2021:10:25:39 +0800] "GET /xingrg/all/function/internal_message.html?_=1640485536968&CODE_STATE=getMsg HTTP/1.1" 200 27
61.165.255.114 - - [26/Dec/2021:10:25:39 +0800] "GET /xingrg/kc/buy/cgsh_order_operate.html?command=get_materiel&rest_code=00151&code=00101008072&supplier_code=00100007&order_time=2021-12-26 HTTP/1.1" 200 408
114.88.159.28 - - [26/Dec/2021:10:25:40 +0800] "GET /xingrg/kc/buy/cgsh_order_operate.html?command=get_materiel&rest_code=00141&code=00101008344&supplier_code=00100007&order_time=2021-12-26 HTTP/1.1" 200 412
61.165.255.114 - - [26/Dec/2021:10:25:40 +0800] "POST /xingrg/kc/buy/cgsh_order_operate.html HTTP/1.1" 200 2065
61.165.255.114 - - [26/Dec/2021:10:25:47 +0800] "GET /xingrg/kc/buy/cgsh_order_operate.html?command=get_materiel&rest_code=00151&code=00101008131&supplier_code=00100007&order_time=2021-12-26 HTTP/1.1" 200 408
114.88.159.28 - - [26/Dec/2021:10:25:47 +0800] "GET /xingrg/kc/buy/cgsh_order_operate.html?command=get_materiel&rest_code=00141&code=00101020005&supplier_code=00100007&order_time=2021-12-26 HTTP/1.1" 200 409
222.69.129.201 - - [26/Dec/2021:10:25:47 +0800] "GET /xingrg/kc/buy/cgsh_order_operate.html?command=get_materiel&rest_code=00149&code=00101004067&supplier_code=00100083&order_time=2021-12-26 HTTP/1.1" 200 413
58.40.7.146 - - [26/Dec/2021:10:25:48 +0800] "GET /xingrg/check_reg.html?_=1640485532892 HTTP/1.1" 200 22
58.40.7.146 - - [26/Dec/2021:10:25:48 +0800] "GET /xingrg/all/function/internal_message.html?_=1640485532894&CODE_STATE=getMsg HTTP/1.1" 200 27
61.165.255.114 - - [26/Dec/2021:10:25:53 +0800] "GET /xingrg/kc/buy/cgsh_order_operate.html?command=get_materiel&rest_code=00151&code=00101008125&supplier_code=00100007&order_time=2021-12-26 HTTP/1.1" 200 413
124.79.247.218 - - [26/Dec/2021:10:25:53 +0800] "GET /xingrg/check_reg.html?_=1640485676601 HTTP/1.1" 302 -
61.165.255.114 - - [26/Dec/2021:10:25:58 +0800] "GET /xingrg/kc/buy/cgsh_order_operate.html?command=get_materiel&rest_code=00151&code=00101008033&supplier_code=00100007&order_time=2021-12-26 HTTP/1.1" 200 408
180.157.251.97 - - [26/Dec/2021:10:25:59 +0800] "GET /xingrg/all/function/internal_message.html?_=1640485558927&CODE_STATE=getMsg HTTP/1.1" 200 27
124.79.247.218 - - [26/Dec/2021:10:25:59 +0800] "GET /xingrg/all/function/internal_message.html?_=1640485584319&CODE_STATE=getMsg HTTP/1.1" 200 27
222.69.129.201 - - [26/Dec/2021:10:26:00 +0800] "GET /xingrg/kc/buy/cgsh_order_operate.html?command=get_materiel&rest_code=00149&code=00101004048&supplier_code=00100083&order_time=2021-12-26 HTTP/1.1" 200 418
61.165.255.114 - - [26/Dec/2021:10:26:03 +0800] "GET /xingrg/all/function/internal_message.html?_=1640485562070&CODE_STATE=getMsg HTTP/1.1" 200 27
124.77.245.186 - - [26/Dec/2021:10:26:04 +0800] "GET /xingrg/check_reg.html?_=1640485610532 HTTP/1.1" 302 -
116.232.48.26 - - [26/Dec/2021:10:26:04 +0800] "GET /xingrg/all/function/internal_message.html?_=1640485564440&CODE_STATE=getMsg HTTP/1.1" 200 27
61.165.255.114 - - [26/Dec/2021:10:26:05 +0800] "GET /xingrg/kc/buy/cgsh_order_operate.html?command=get_materiel&rest_code=00151&code=00101008213&supplier_code=00100007&order_time=2021-12-26 HTTP/1.1" 200 412
114.88.159.28 - - [26/Dec/2021:10:26:06 +0800] "POST /xingrg/kc/buy/cgsh_order_operate.html HTTP/1.1" 200 2065
116.238.208.177 - - [26/Dec/2021:10:26:07 +0800] "GET /xingrg/all/function/internal_message.html?_=1640485574828&CODE_STATE=getMsg HTTP/1.1" 200 27
116.238.208.177 - - [26/Dec/2021:10:26:08 +0800] "GET /xingrg/kc/buy/cgsh_order_operate.html?command=get_materiel&rest_code=00102&code=00102005467&supplier_code=00100151&order_time=2021-12-26 HTTP/1.1" 200 408
222.69.129.201 - - [26/Dec/2021:10:26:13 +0800] "GET /xingrg/kc/buy/cgsh_order_operate.html?command=get_materiel&rest_code=00149&code=00101004049&supplier_code=00100083&order_time=2021-12-26 HTTP/1.1" 200 413
116.227.210.113 - - [26/Dec/2021:10:26:14 +0800] "GET /xingrg/all/function/internal_message.html?_=1640485541864&CODE_STATE=getMsg HTTP/1.1" 200 27
61.165.255.114 - - [26/Dec/2021:10:26:15 +0800] "GET /xingrg/kc/buy/cgsh_order_operate.html?command=get_materiel&rest_code=00151&code=00101008209&supplier_code=00100007&order_time=2021-12-26 HTTP/1.1" 200 408
114.88.159.28 - - [26/Dec/2021:10:26:17 +0800] "GET /xingrg/all/function/internal_message.html?_=1640485384458&CODE_STATE=getMsg HTTP/1.1" 200 27
114.88.159.28 - - [26/Dec/2021:10:26:18 +0800] "GET /xingrg/kc/buy/cgsh_order_operate.html?command=get_materiel&rest_code=00141&code=00101008110&supplier_code=00100007&order_time=2021-12-26 HTTP/1.1" 200 408
120.253.135.82 - - [26/Dec/2021:10:26:20 +0800] "GET /xingrg/check_reg.html?_=1640485360291 HTTP/1.1" 200 22
120.253.135.82 - - [26/Dec/2021:10:26:22 +0800] "GET /xingrg/all/function/internal_message.html?_=1640485362225&CODE_STATE=getMsg HTTP/1.1" 200 27
124.79.247.218 - - [26/Dec/2021:10:26:22 +0800] "GET /xingrg/all/function/internal_message.html?_=1640485705677&CODE_STATE=getMsg HTTP/1.1" 302 -
180.157.251.97 - - [26/Dec/2021:10:26:24 +0800] "GET /xingrg/all/function/internal_message.html?_=1640485582951&CODE_STATE=getMsg HTTP/1.1" 200 27
114.88.159.28 - - [26/Dec/2021:10:26:25 +0800] "GET /xingrg/kc/buy/cgsh_order_operate.html?command=get_materiel&rest_code=00141&code=00101008095&supplier_code=00100007&order_time=2021-12-26 HTTP/1.1" 200 412
124.77.245.186 - - [26/Dec/2021:10:26:25 +0800] "GET /xingrg/all/function/internal_message.html?_=1640485631537&CODE_STATE=getMsg HTTP/1.1" 302 -
222.69.129.201 - - [26/Dec/2021:10:26:28 +0800] "GET /xingrg/kc/buy/cgsh_order_operate.html?command=get_materiel&rest_code=00149&code=00101004011&supplier_code=00100083&order_time=2021-12-26 HTTP/1.1" 200 415
222.69.129.201 - - [26/Dec/2021:10:26:28 +0800] "GET /xingrg/all/function/internal_message.html?_=1640485585379&CODE_STATE=getMsg HTTP/1.1" 200 27
124.77.245.186 - - [26/Dec/2021:10:26:29 +0800] "GET /xingrg/check_reg.html?_=1640485613676 HTTP/1.1" 200 22
124.77.245.186 - - [26/Dec/2021:10:26:29 +0800] "GET /xingrg/all/function/internal_message.html?_=1640485613837&CODE_STATE=getMsg HTTP/1.1" 200 27
114.88.159.28 - - [26/Dec/2021:10:26:32 +0800] "GET /xingrg/kc/buy/cgsh_order_operate.html?command=get_materiel&rest_code=00141&code=00101008236&supplier_code=00100007&order_time=2021-12-26 HTTP/1.1" 200 416
222.69.129.201 - - [26/Dec/2021:10:26:37 +0800] "GET /xingrg/kc/buy/cgsh_order_operate.html?command=get_materiel&rest_code=00149&code=00101004065&supplier_code=00100083&order_time=2021-12-26 HTTP/1.1" 200 436
180.175.103.30 - - [26/Dec/2021:10:26:39 +0800] "GET /xingrg/all/function/internal_message.html?_=1640485596950&CODE_STATE=getMsg HTTP/1.1" 200 27
114.88.159.28 - - [26/Dec/2021:10:26:39 +0800] "GET /xingrg/kc/buy/cgsh_order_operate.html?command=get_materiel&rest_code=00141&code=00101008114&supplier_code=00100007&order_time=2021-12-26 HTTP/1.1" 200 412
114.88.159.28 - - [26/Dec/2021:10:26:47 +0800] "POST /xingrg/kc/buy/cgsh_order_operate.html HTTP/1.1" 200 2065
58.40.7.146 - - [26/Dec/2021:10:26:48 +0800] "GET /xingrg/all/function/internal_message.html?_=1640485592896&CODE_STATE=getMsg HTTP/1.1" 200 27
114.88.159.28 - - [26/Dec/2021:10:26:52 +0800] "GET /xingrg/kc/buy/cgsh_order_operate.html?command=get_materiel&rest_code=00141&code=00101008558&supplier_code=00100007&order_time=2021-12-26 HTTP/1.1" 200 395
180.157.251.97 - - [26/Dec/2021:10:26:59 +0800] "GET /xingrg/all/function/internal_message.html?_=1640485618928&CODE_STATE=getMsg HTTP/1.1" 200 27
124.79.247.218 - - [26/Dec/2021:10:27:00 +0800] "GET /xingrg/all/function/internal_message.html?_=1640485645012&CODE_STATE=getMsg HTTP/1.1" 200 27
114.88.159.28 - - [26/Dec/2021:10:27:02 +0800] "GET /xingrg/kc/buy/cgsh_order_operate.html?command=get_materiel&rest_code=00141&code=00101009016&supplier_code=00100007&order_time=2021-12-26 HTTP/1.1" 200 412
61.165.255.114 - - [26/Dec/2021:10:27:03 +0800] "GET /xingrg/all/function/internal_message.html?_=1640485622099&CODE_STATE=getMsg HTTP/1.1" 200 27
116.232.48.26 - - [26/Dec/2021:10:27:04 +0800] "GET /xingrg/all/function/internal_message.html?_=1640485624441&CODE_STATE=getMsg HTTP/1.1" 200 27
116.238.208.177 - - [26/Dec/2021:10:27:08 +0800] "GET /xingrg/all/function/internal_message.html?_=1640485635339&CODE_STATE=getMsg HTTP/1.1" 200 27
116.227.210.113 - - [26/Dec/2021:10:27:14 +0800] "GET /xingrg/all/function/internal_message.html?_=1640485601850&CODE_STATE=getMsg HTTP/1.1" 200 27
114.88.159.28 - - [26/Dec/2021:10:27:17 +0800] "GET /xingrg/all/function/internal_message.html?_=1640485444376&CODE_STATE=getMsg HTTP/1.1" 200 27
61.165.255.114 - - [26/Dec/2021:10:27:18 +0800] "POST /xingrg/kc/buy/cgsh_order_operate.html HTTP/1.1" 200 37
124.77.245.186 - - [26/Dec/2021:10:27:19 +0800] "GET /xingrg/kc/buy/cgsh_order_operate.html?command=get_materiel&rest_code=00146&code=00102021030&supplier_code=00100005&order_time=2021-12-26 HTTP/1.1" 200 461
114.88.159.28 - - [26/Dec/2021:10:27:20 +0800] "GET /xingrg/kc/buy/cgsh_order_operate.html?command=get_materiel&rest_code=00141&code=00101009013&supplier_code=00100007&order_time=2021-12-26 HTTP/1.1" 200 421
61.165.255.114 - - [26/Dec/2021:10:27:22 +0800] "POST /xingrg/kc/buy/cgsh_order_operate.html HTTP/1.1" 200 12
120.253.135.82 - - [26/Dec/2021:10:27:22 +0800] "GET /xingrg/all/function/internal_message.html?_=1640485422239&CODE_STATE=getMsg HTTP/1.1" 200 27
124.79.247.218 - - [26/Dec/2021:10:27:22 +0800] "GET /xingrg/all/function/internal_message.html?_=1640485765644&CODE_STATE=getMsg HTTP/1.1" 302 -
61.165.255.114 - - [26/Dec/2021:10:27:23 +0800] "GET /xingrg/kc/buy/cgsh_order_info.html?code=212021122611122 HTTP/1.1" 200 59762
61.165.255.114 - - [26/Dec/2021:10:27:23 +0800] "GET /xingrg/words/20211226094625_words.js HTTP/1.1" 304 -
61.165.255.114 - - [26/Dec/2021:10:27:23 +0800] "GET /xingrg/javascript/easyui/themes/default/validatebox.css HTTP/1.1" 404 1104
180.157.251.97 - - [26/Dec/2021:10:27:24 +0800] "GET /xingrg/all/function/internal_message.html?_=1640485642950&CODE_STATE=getMsg HTTP/1.1" 200 27
61.165.255.114 - - [26/Dec/2021:10:27:24 +0800] "POST /xingrg/kc/buy/cgsh_order_operate.html HTTP/1.1" 200 17960
61.165.255.114 - - [26/Dec/2021:10:27:25 +0800] "GET /xingrg/kc/print/load_data.html?order_code=212021122611122&kc_code=cgsh&condition= HTTP/1.1" 200 7436
124.77.245.186 - - [26/Dec/2021:10:27:25 +0800] "GET /xingrg/all/function/internal_message.html?_=1640485691541&CODE_STATE=getMsg HTTP/1.1" 302 -
222.69.129.201 - - [26/Dec/2021:10:27:28 +0800] "GET /xingrg/check_reg.html?_=1640485644544 HTTP/1.1" 200 22
114.88.159.28 - - [26/Dec/2021:10:27:28 +0800] "GET /xingrg/kc/buy/cgsh_order_operate.html?command=get_materiel&rest_code=00141&code=00101009007&supplier_code=00100007&order_time=2021-12-26 HTTP/1.1" 200 408
222.69.129.201 - - [26/Dec/2021:10:27:28 +0800] "GET /xingrg/all/function/internal_message.html?_=1640485645368&CODE_STATE=getMsg HTTP/1.1" 200 27
124.77.245.186 - - [26/Dec/2021:10:27:29 +0800] "GET /xingrg/all/function/internal_message.html?_=1640485673850&CODE_STATE=getMsg HTTP/1.1" 200 27
114.88.159.28 - - [26/Dec/2021:10:27:37 +0800] "POST /xingrg/kc/buy/cgsh_order_operate.html HTTP/1.1" 200 37
180.175.103.30 - - [26/Dec/2021:10:27:39 +0800] "GET /xingrg/all/function/internal_message.html?_=1640485656924&CODE_STATE=getMsg HTTP/1.1" 200 27
180.175.103.30 - - [26/Dec/2021:10:27:39 +0800] "GET /xingrg/check_reg.html?_=1640485657753 HTTP/1.1" 200 22
114.88.159.28 - - [26/Dec/2021:10:27:42 +0800] "POST /xingrg/kc/buy/cgsh_order_operate.html HTTP/1.1" 200 12
114.88.159.28 - - [26/Dec/2021:10:27:43 +0800] "GET /xingrg/kc/buy/cgsh_order_info.html?code=212021122611123 HTTP/1.1" 200 60164
114.88.159.28 - - [26/Dec/2021:10:27:44 +0800] "GET /xingrg/javascript/easyui/themes/default/validatebox.css HTTP/1.1" 404 1104
114.88.159.28 - - [26/Dec/2021:10:27:45 +0800] "POST /xingrg/kc/buy/cgsh_order_operate.html HTTP/1.1" 200 31349
114.88.159.28 - - [26/Dec/2021:10:27:46 +0800] "GET /xingrg/kc/print/load_data.html?order_code=212021122611123&kc_code=cgsh&condition= HTTP/1.1" 200 12376
58.40.7.146 - - [26/Dec/2021:10:27:48 +0800] "GET /xingrg/all/function/internal_message.html?_=1640485652899&CODE_STATE=getMsg HTTP/1.1" 200 27
116.238.208.177 - - [26/Dec/2021:10:27:56 +0800] "GET /xingrg/kc/buy/cgsh_order_operate.html?command=get_materiel&rest_code=00102&code=00102007006&supplier_code=00100151&order_time=2021-12-26 HTTP/1.1" 200 409
180.157.251.97 - - [26/Dec/2021:10:27:59 +0800] "GET /xingrg/check_reg.html?_=1640485678928 HTTP/1.1" 200 22
180.157.251.97 - - [26/Dec/2021:10:27:59 +0800] "GET /xingrg/all/function/internal_message.html?_=1640485678931&CODE_STATE=getMsg HTTP/1.1" 200 27
124.79.247.218 - - [26/Dec/2021:10:28:00 +0800] "GET /xingrg/all/function/internal_message.html?_=1640485705033&CODE_STATE=getMsg HTTP/1.1" 200 27
61.165.255.114 - - [26/Dec/2021:10:28:03 +0800] "GET /xingrg/all/function/internal_message.html?_=1640485682136&CODE_STATE=getMsg HTTP/1.1" 200 27
116.232.48.26 - - [26/Dec/2021:10:28:04 +0800] "GET /xingrg/all/function/internal_message.html?_=1640485684444&CODE_STATE=getMsg HTTP/1.1" 200 27
116.238.208.177 - - [26/Dec/2021:10:28:05 +0800] "GET /xingrg/check_reg.html?_=1640485692667 HTTP/1.1" 200 22
222.69.129.201 - - [26/Dec/2021:10:28:06 +0800] "GET /xingrg/kc/buy/cgsh_order_operate.html?command=get_materiel&rest_code=00149&code=00101004009&supplier_code=00100083&order_time=2021-12-26 HTTP/1.1" 200 414
116.238.208.177 - - [26/Dec/2021:10:28:08 +0800] "GET /xingrg/all/function/internal_message.html?_=1640485695354&CODE_STATE=getMsg HTTP/1.1" 200 27
116.227.210.113 - - [26/Dec/2021:10:28:14 +0800] "GET /xingrg/all/function/internal_message.html?_=1640485661834&CODE_STATE=getMsg HTTP/1.1" 200 27
114.88.159.28 - - [26/Dec/2021:10:28:17 +0800] "GET /xingrg/all/function/internal_message.html?_=1640485504375&CODE_STATE=getMsg HTTP/1.1" 200 27
222.69.129.201 - - [26/Dec/2021:10:28:20 +0800] "GET /xingrg/kc/buy/cgsh_order_operate.html?command=get_materiel&rest_code=00149&code=00101001115&supplier_code=00100083&order_time=2021-12-26 HTTP/1.1" 200 413
120.253.135.82 - - [26/Dec/2021:10:28:22 +0800] "GET /xingrg/all/function/internal_message.html?_=1640485482252&CODE_STATE=getMsg HTTP/1.1" 200 27
124.79.247.218 - - [26/Dec/2021:10:28:22 +0800] "GET /xingrg/all/function/internal_message.html?_=1640485825613&CODE_STATE=getMsg HTTP/1.1" 302 -
180.157.251.97 - - [26/Dec/2021:10:28:24 +0800] "GET /xingrg/all/function/internal_message.html?_=1640485702949&CODE_STATE=getMsg HTTP/1.1" 200 27
124.77.245.186 - - [26/Dec/2021:10:28:25 +0800] "GET /xingrg/all/function/internal_message.html?_=1640485751565&CODE_STATE=getMsg HTTP/1.1" 302 -
222.69.129.201 - - [26/Dec/2021:10:28:28 +0800] "GET /xingrg/all/function/internal_message.html?_=1640485705354&CODE_STATE=getMsg HTTP/1.1" 200 27
116.238.208.177 - - [26/Dec/2021:10:28:30 +0800] "POST /xingrg/kc/buy/cgsh_order_operate.html HTTP/1.1" 200 37
124.77.245.186 - - [26/Dec/2021:10:28:30 +0800] "GET /xingrg/all/function/internal_message.html?_=1640485734082&CODE_STATE=getMsg HTTP/1.1" 200 27
116.238.208.177 - - [26/Dec/2021:10:28:31 +0800] "POST /xingrg/kc/buy/cgsh_order_operate.html HTTP/1.1" 200 3239
222.69.129.201 - - [26/Dec/2021:10:28:37 +0800] "POST /xingrg/kc/buy/cgsh_order_operate.html HTTP/1.1" 200 37
180.175.103.30 - - [26/Dec/2021:10:28:39 +0800] "GET /xingrg/all/function/internal_message.html?_=1640485716895&CODE_STATE=getMsg HTTP/1.1" 200 27
222.69.129.201 - - [26/Dec/2021:10:28:41 +0800] "POST /xingrg/kc/buy/cgsh_order_operate.html HTTP/1.1" 200 12
222.69.129.201 - - [26/Dec/2021:10:28:47 +0800] "GET /xingrg/kc/buy/cgsh_order_info.html?code=212021122611125 HTTP/1.1" 200 60209
222.69.129.201 - - [26/Dec/2021:10:28:48 +0800] "GET /xingrg/words/20211226094625_words.js HTTP/1.1" 304 -
222.69.129.201 - - [26/Dec/2021:10:28:48 +0800] "GET /xingrg/javascript/easyui/themes/default/validatebox.css HTTP/1.1" 404 1104
58.40.7.146 - - [26/Dec/2021:10:28:48 +0800] "GET /xingrg/all/function/internal_message.html?_=1640485712900&CODE_STATE=getMsg HTTP/1.1" 200 27
