124.79.247.218 - - [26/Dec/2021:10:13:23 +0800] "GET /xingrg/all/function/internal_message.html?_=1640484925970&CODE_STATE=getMsg HTTP/1.1" 302 -
180.157.251.97 - - [26/Dec/2021:10:13:24 +0800] "GET /xingrg/all/function/internal_message.html?_=1640484802918&CODE_STATE=getMsg HTTP/1.1" 200 27
124.77.245.186 - - [26/Dec/2021:10:13:25 +0800] "GET /xingrg/all/function/internal_message.html?_=1640484851351&CODE_STATE=getMsg HTTP/1.1" 302 -
222.69.129.201 - - [26/Dec/2021:10:13:29 +0800] "GET /xingrg/all/function/internal_message.html?_=1640484805536&CODE_STATE=getMsg HTTP/1.1" 200 27
124.77.245.186 - - [26/Dec/2021:10:13:29 +0800] "GET /xingrg/all/function/internal_message.html?_=1640484833270&CODE_STATE=getMsg HTTP/1.1" 200 27
120.253.135.82 - - [26/Dec/2021:10:13:34 +0800] "POST /xingrg/kc/pszx/mdps_list_operate.html HTTP/1.1" 200 868
120.253.135.82 - - [26/Dec/2021:10:13:38 +0800] "GET /xingrg/javascript/easyui/plugins/jquery.draggable.js HTTP/1.1" 304 -
120.253.135.82 - - [26/Dec/2021:10:13:38 +0800] "GET /xingrg/javascript/easyui/plugins/jquery.droppable.js HTTP/1.1" 304 -
120.253.135.82 - - [26/Dec/2021:10:13:38 +0800] "GET /xingrg/javascript/easyui/themes/default/tree.css HTTP/1.1" 404 1090
120.253.135.82 - - [26/Dec/2021:10:13:38 +0800] "GET /xingrg/javascript/easyui/plugins/jquery.tree.js HTTP/1.1" 304 -
120.253.135.82 - - [26/Dec/2021:10:13:38 +0800] "POST /xingrg/all/common/load_tree.html?tree=area_rest_tree_json HTTP/1.1" 200 3472
120.253.135.82 - - [26/Dec/2021:10:13:38 +0800] "GET /xingrg/javascript/easyui/themes/default/images/tree_checkbox_0.gif HTTP/1.1" 200 168
120.253.135.82 - - [26/Dec/2021:10:13:38 +0800] "GET /xingrg/javascript/easyui/themes/default/images/tree_checkbox_1.gif HTTP/1.1" 200 174
120.253.135.82 - - [26/Dec/2021:10:13:38 +0800] "GET /xingrg/javascript/easyui/themes/default/images/tree_arrows.gif HTTP/1.1" 200 617
120.253.135.82 - - [26/Dec/2021:10:13:38 +0800] "GET /xingrg/javascript/easyui/themes/default/images/tree_checkbox_2.gif HTTP/1.1" 200 181
120.253.135.82 - - [26/Dec/2021:10:13:38 +0800] "GET /xingrg/javascript/easyui/themes/default/images/tree_folder_open.gif HTTP/1.1" 200 956
120.253.135.82 - - [26/Dec/2021:10:13:38 +0800] "GET /xingrg/javascript/easyui/themes/icons/area.png HTTP/1.1" 200 262
120.253.135.82 - - [26/Dec/2021:10:13:38 +0800] "GET /xingrg/javascript/easyui/themes/icons/rest.png HTTP/1.1" 200 695
120.253.135.82 - - [26/Dec/2021:10:13:38 +0800] "GET /xingrg/javascript/easyui/themes/icons/manage.png HTTP/1.1" 200 696
180.175.103.30 - - [26/Dec/2021:10:13:39 +0800] "GET /xingrg/all/function/internal_message.html?_=1640484817250&CODE_STATE=getMsg HTTP/1.1" 200 27
61.165.255.114 - - [26/Dec/2021:10:13:42 +0800] "GET /xingrg/all/function/internal_message.html?_=1640484821880&CODE_STATE=getMsg HTTP/1.1" 200 27
120.253.135.82 - - [26/Dec/2021:10:13:44 +0800] "POST /xingrg/kc/pszx/mdps_list_operate.html HTTP/1.1" 200 2040
120.253.135.82 - - [26/Dec/2021:10:13:46 +0800] "POST /xingrg/kc/pszx/mdps_list_operate.html HTTP/1.1" 200 204
120.253.135.82 - - [26/Dec/2021:10:13:47 +0800] "POST /xingrg/kc/pszx/mdps_list_operate.html HTTP/1.1" 200 202
58.40.7.146 - - [26/Dec/2021:10:13:48 +0800] "GET /xingrg/all/function/internal_message.html?_=1640484812897&CODE_STATE=getMsg HTTP/1.1" 200 27
120.253.135.82 - - [26/Dec/2021:10:13:52 +0800] "GET /xingrg/kc/pszx/mdps_order_info.html?code=312021122500640 HTTP/1.1" 200 23925
120.253.135.82 - - [26/Dec/2021:10:13:53 +0800] "GET /xingrg/javascript/easyui/themes/default/validatebox.css HTTP/1.1" 404 1104
120.253.135.82 - - [26/Dec/2021:10:13:53 +0800] "POST /xingrg/kc/pszx/mdps_order_operate.html HTTP/1.1" 200 2279
120.253.135.82 - - [26/Dec/2021:10:13:55 +0800] "GET /xingrg/javascript/easyui/themes/default/images/button_plain_hover.png HTTP/1.1" 200 144
120.253.135.82 - - [26/Dec/2021:10:13:55 +0800] "GET /xingrg/javascript/easyui/themes/default/images/button_plain_hover.png HTTP/1.1" 200 144
124.79.247.218 - - [26/Dec/2021:10:13:56 +0800] "GET /xingrg/all/function/internal_message.html?_=1640484861040&CODE_STATE=getMsg HTTP/1.1" 200 27
124.77.245.186 - - [26/Dec/2021:10:13:56 +0800] "POST /xingrg/kc/buy/cgsh_order_operate.html HTTP/1.1" 200 2065
120.253.135.82 - - [26/Dec/2021:10:13:59 +0800] "GET /xingrg/kc/pszx/mdps_order_info.html?code=312021122500644 HTTP/1.1" 200 23923
180.157.251.97 - - [26/Dec/2021:10:13:59 +0800] "GET /xingrg/all/function/internal_message.html?_=1640484838919&CODE_STATE=getMsg HTTP/1.1" 200 27
120.253.135.82 - - [26/Dec/2021:10:13:59 +0800] "GET /xingrg/javascript/easyui/themes/default/validatebox.css HTTP/1.1" 404 1104
120.253.135.82 - - [26/Dec/2021:10:14:00 +0800] "POST /xingrg/kc/pszx/mdps_order_operate.html HTTP/1.1" 200 2277
61.165.255.114 - - [26/Dec/2021:10:14:01 +0800] "POST /xingrg/all/user/operate.html HTTP/1.1" 200 36
61.165.255.114 - - [26/Dec/2021:10:14:02 +0800] "GET /xingrg/index.html?sysBaseUrl=http%3A%2F%2F180.169.147.146%3A18081%2Fxingrg%2F&costTime=76×tamp=1640484276860 HTTP/1.1" 200 17177
61.165.255.114 - - [26/Dec/2021:10:14:02 +0800] "GET /xingrg/javascript/jquery_easy_ui/themes/default/easyui.css HTTP/1.1" 304 -
61.165.255.114 - - [26/Dec/2021:10:14:02 +0800] "GET /xingrg/javascript/jquery_easy_ui/themes/icon.css HTTP/1.1" 304 -
61.165.255.114 - - [26/Dec/2021:10:14:02 +0800] "GET /xingrg/css/form.css HTTP/1.1" 304 -
61.165.255.114 - - [26/Dec/2021:10:14:02 +0800] "GET /xingrg/javascript/jquery-1.4.2.min.js HTTP/1.1" 304 -
61.165.255.114 - - [26/Dec/2021:10:14:02 +0800] "GET /xingrg/javascript/jquery_easy_ui/jquery.easyui.min.js HTTP/1.1" 304 -
61.165.255.114 - - [26/Dec/2021:10:14:02 +0800] "GET /xingrg/javascript/jquery_easy_ui/easyui-lang-zh_CN.js HTTP/1.1" 304 -
61.165.255.114 - - [26/Dec/2021:10:14:02 +0800] "GET /xingrg/javascript/jquery.form.js HTTP/1.1" 304 -
61.165.255.114 - - [26/Dec/2021:10:14:02 +0800] "GET /xingrg/javascript/jquery.utils.js HTTP/1.1" 304 -
61.165.255.114 - - [26/Dec/2021:10:14:02 +0800] "GET /xingrg/javascript/jquery.timers.js HTTP/1.1" 304 -
61.165.255.114 - - [26/Dec/2021:10:14:02 +0800] "GET /xingrg/images/blue/jxLogo.png HTTP/1.1" 304 -
61.165.255.114 - - [26/Dec/2021:10:14:02 +0800] "GET /xingrg/images/blue/navBackgound.jpg HTTP/1.1" 304 -
61.165.255.114 - - [26/Dec/2021:10:14:02 +0800] "GET /xingrg/javascript/jquery_easy_ui/themes/icons/settle_new.png HTTP/1.1" 304 -
61.165.255.114 - - [26/Dec/2021:10:14:02 +0800] "POST /xingrg/all/common/load_tree.html?tree=area_rest_tree_json&manage=1 HTTP/1.1" 200 476
61.165.255.114 - - [26/Dec/2021:10:14:02 +0800] "GET /xingrg/all/function/internal_message.html?_=1640484841437&CODE_STATE=count HTTP/1.1" 200 11
61.165.255.114 - - [26/Dec/2021:10:14:02 +0800] "GET /xingrg/check_reg.html?_=1640484841437 HTTP/1.1" 200 22
61.165.255.114 - - [26/Dec/2021:10:14:02 +0800] "GET /xingrg/javascript/jquery_easy_ui/themes/default/images/tabs_leftarrow.png HTTP/1.1" 304 -
61.165.255.114 - - [26/Dec/2021:10:14:02 +0800] "GET /xingrg/javascript/jquery_easy_ui/themes/default/images/tabs_rightarrow.png HTTP/1.1" 304 -
61.165.255.114 - - [26/Dec/2021:10:14:02 +0800] "GET /xingrg/javascript/jquery_easy_ui/themes/default/images/panel_tool_collapse.gif HTTP/1.1" 304 -
61.165.255.114 - - [26/Dec/2021:10:14:02 +0800] "GET /xingrg/images/blue/pingpu.png HTTP/1.1" 304 -
61.165.255.114 - - [26/Dec/2021:10:14:02 +0800] "POST /xingrg/load_menu.html HTTP/1.1" 200 5138
61.165.255.114 - - [26/Dec/2021:10:14:04 +0800] "GET /xingrg/kc/buy/cgsh_order_list.html HTTP/1.1" 200 49484
116.232.48.26 - - [26/Dec/2021:10:14:04 +0800] "GET /xingrg/all/function/internal_message.html?_=1640484844412&CODE_STATE=getMsg HTTP/1.1" 200 27
116.232.48.26 - - [26/Dec/2021:10:14:04 +0800] "GET /xingrg/check_reg.html?_=1640484844414 HTTP/1.1" 200 22
61.165.255.114 - - [26/Dec/2021:10:14:05 +0800] "POST /xingrg/kc/buy/cgsh_list_operate.html HTTP/1.1" 200 876
116.238.208.177 - - [26/Dec/2021:10:14:05 +0800] "GET /xingrg/all/function/internal_message.html?_=1640484852527&CODE_STATE=getMsg HTTP/1.1" 200 27
61.165.255.114 - - [26/Dec/2021:10:14:06 +0800] "GET /xingrg/kc/buy/cgsh_order_add.html HTTP/1.1" 200 64853
61.165.255.114 - - [26/Dec/2021:10:14:06 +0800] "POST /xingrg/kc/buy/cgsh_order_operate.html HTTP/1.1" 200 8245
61.165.255.114 - - [26/Dec/2021:10:14:06 +0800] "GET /xingrg/all/common/auto_word.html?type=employee&rest_code=00151 HTTP/1.1" 200 293
61.165.255.114 - - [26/Dec/2021:10:14:06 +0800] "GET /xingrg/javascript/easyui/themes/default/validatebox.css HTTP/1.1" 404 1104
61.165.255.114 - - [26/Dec/2021:10:14:06 +0800] "GET /xingrg/all/common/auto_word.html?type=employee&rest_code=00151 HTTP/1.1" 200 293
61.165.255.114 - - [26/Dec/2021:10:14:07 +0800] "GET /xingrg/javascript/auto/indicator.gif HTTP/1.1" 404 1066
120.253.135.82 - - [26/Dec/2021:10:14:13 +0800] "GET /xingrg/javascript/easyui/themes/default/images/button_plain_hover.png HTTP/1.1" 200 144
120.253.135.82 - - [26/Dec/2021:10:14:13 +0800] "GET /xingrg/javascript/easyui/themes/default/images/button_plain_hover.png HTTP/1.1" 200 144
120.253.135.82 - - [26/Dec/2021:10:14:14 +0800] "POST /xingrg/kc/pszx/mdps_list_operate.html HTTP/1.1" 200 2040
116.227.210.113 - - [26/Dec/2021:10:14:14 +0800] "GET /xingrg/all/function/internal_message.html?_=1640484822040&CODE_STATE=getMsg HTTP/1.1" 200 27
116.227.210.113 - - [26/Dec/2021:10:14:14 +0800] "GET /xingrg/check_reg.html?_=1640484822757 HTTP/1.1" 200 22
120.253.135.82 - - [26/Dec/2021:10:14:15 +0800] "POST /xingrg/kc/pszx/mdps_list_operate.html HTTP/1.1" 200 204
61.165.255.114 - - [26/Dec/2021:10:14:16 +0800] "GET /xingrg/kc/buy/cgsh_order_operate.html?command=get_materiel&rest_code=00151&code=00101019912&supplier_code=00100096&order_time=2021-12-26 HTTP/1.1" 200 430
120.253.135.82 - - [26/Dec/2021:10:14:16 +0800] "GET /xingrg/kc/pszx/mdps_order_info.html?code=312021122500644 HTTP/1.1" 200 23923
120.253.135.82 - - [26/Dec/2021:10:14:16 +0800] "GET /xingrg/javascript/easyui/themes/default/validatebox.css HTTP/1.1" 404 1104
120.253.135.82 - - [26/Dec/2021:10:14:16 +0800] "POST /xingrg/kc/pszx/mdps_order_operate.html HTTP/1.1" 200 2277
114.88.159.28 - - [26/Dec/2021:10:14:17 +0800] "GET /xingrg/all/function/internal_message.html?_=1640484664356&CODE_STATE=getMsg HTTP/1.1" 200 27
120.253.135.82 - - [26/Dec/2021:10:14:20 +0800] "GET /xingrg/all/function/internal_message.html?_=1640484640299&CODE_STATE=getMsg HTTP/1.1" 200 27
120.253.135.82 - - [26/Dec/2021:10:14:21 +0800] "GET /xingrg/javascript/easyui/themes/default/images/button_plain_hover.png HTTP/1.1" 200 144
120.253.135.82 - - [26/Dec/2021:10:14:21 +0800] "GET /xingrg/javascript/easyui/themes/default/images/button_plain_hover.png HTTP/1.1" 200 144
120.253.135.82 - - [26/Dec/2021:10:14:21 +0800] "GET /xingrg/javascript/easyui/themes/default/images/button_plain_hover.png HTTP/1.1" 200 144
124.77.245.186 - - [26/Dec/2021:10:14:21 +0800] "GET /xingrg/kc/buy/cgsh_order_operate.html?command=get_materiel&rest_code=00146&code=00101008095&supplier_code=00100005&order_time=2021-12-26 HTTP/1.1" 200 412
120.253.135.82 - - [26/Dec/2021:10:14:21 +0800] "GET /xingrg/javascript/easyui/themes/default/images/button_plain_hover.png HTTP/1.1" 200 144
120.253.135.82 - - [26/Dec/2021:10:14:22 +0800] "POST /xingrg/kc/pszx/mdps_list_operate.html HTTP/1.1" 200 2040
124.79.247.218 - - [26/Dec/2021:10:14:23 +0800] "GET /xingrg/all/function/internal_message.html?_=1640484985949&CODE_STATE=getMsg HTTP/1.1" 302 -
180.157.251.97 - - [26/Dec/2021:10:14:24 +0800] "GET /xingrg/all/function/internal_message.html?_=1640484862942&CODE_STATE=getMsg HTTP/1.1" 200 27
120.253.135.82 - - [26/Dec/2021:10:14:24 +0800] "POST /xingrg/kc/pszx/mdps_list_operate.html HTTP/1.1" 200 204
180.157.251.97 - - [26/Dec/2021:10:14:24 +0800] "GET /xingrg/check_reg.html?_=1640484862943 HTTP/1.1" 200 22
124.77.245.186 - - [26/Dec/2021:10:14:25 +0800] "GET /xingrg/all/function/internal_message.html?_=1640484911375&CODE_STATE=getMsg HTTP/1.1" 302 -
61.165.255.114 - - [26/Dec/2021:10:14:25 +0800] "POST /xingrg/kc/buy/cgsh_order_operate.html HTTP/1.1" 200 37
120.253.135.82 - - [26/Dec/2021:10:14:25 +0800] "POST /xingrg/kc/pszx/mdps_list_operate.html HTTP/1.1" 200 202
116.238.208.177 - - [26/Dec/2021:10:14:27 +0800] "GET /xingrg/kc/buy/cgsh_order_operate.html?command=get_materiel&rest_code=00102&code=00101020103&supplier_code=00100151&order_time=2021-12-26 HTTP/1.1" 200 408
222.69.129.201 - - [26/Dec/2021:10:14:29 +0800] "GET /xingrg/all/function/internal_message.html?_=1640484865521&CODE_STATE=getMsg HTTP/1.1" 200 27
61.165.255.114 - - [26/Dec/2021:10:14:29 +0800] "POST /xingrg/kc/buy/cgsh_order_operate.html HTTP/1.1" 200 12
124.77.245.186 - - [26/Dec/2021:10:14:29 +0800] "GET /xingrg/all/function/internal_message.html?_=1640484893284&CODE_STATE=getMsg HTTP/1.1" 200 27
61.165.255.114 - - [26/Dec/2021:10:14:30 +0800] "GET /xingrg/kc/buy/cgsh_order_info.html?code=212021122611114 HTTP/1.1" 200 59752
61.165.255.114 - - [26/Dec/2021:10:14:30 +0800] "GET /xingrg/javascript/easyui/themes/default/validatebox.css HTTP/1.1" 404 1104
116.227.210.113 - - [26/Dec/2021:10:14:30 +0800] "POST /xingrg/services/DataTransmitService HTTP/1.1" 200 524
61.165.255.114 - - [26/Dec/2021:10:14:31 +0800] "POST /xingrg/kc/buy/cgsh_order_operate.html HTTP/1.1" 200 640
61.165.255.114 - - [26/Dec/2021:10:14:32 +0800] "GET /xingrg/kc/print/load_data.html?order_code=212021122611114&kc_code=cgsh&condition= HTTP/1.1" 200 713
120.253.135.82 - - [26/Dec/2021:10:14:32 +0800] "GET /xingrg/kc/pszx/mdps_order_info.html?code=312021122500644 HTTP/1.1" 200 23923
120.253.135.82 - - [26/Dec/2021:10:14:32 +0800] "POST /xingrg/kc/pszx/mdps_order_operate.html HTTP/1.1" 200 2277
120.253.135.82 - - [26/Dec/2021:10:14:32 +0800] "GET /xingrg/javascript/easyui/themes/default/validatebox.css HTTP/1.1" 404 1104
120.253.135.82 - - [26/Dec/2021:10:14:34 +0800] "GET /xingrg/javascript/easyui/themes/default/images/button_plain_hover.png HTTP/1.1" 200 144
120.253.135.82 - - [26/Dec/2021:10:14:34 +0800] "GET /xingrg/javascript/easyui/themes/default/images/button_plain_hover.png HTTP/1.1" 200 144
120.253.135.82 - - [26/Dec/2021:10:14:35 +0800] "POST /xingrg/kc/pszx/mdps_list_operate.html HTTP/1.1" 200 2040
120.253.135.82 - - [26/Dec/2021:10:14:38 +0800] "POST /xingrg/kc/pszx/mdps_list_operate.html HTTP/1.1" 200 202
180.175.103.30 - - [26/Dec/2021:10:14:39 +0800] "GET /xingrg/all/function/internal_message.html?_=1640484877223&CODE_STATE=getMsg HTTP/1.1" 200 27
120.253.135.82 - - [26/Dec/2021:10:14:40 +0800] "GET /xingrg/kc/pszx/mdps_order_info.html?code=312021122500640 HTTP/1.1" 200 23925
120.253.135.82 - - [26/Dec/2021:10:14:40 +0800] "POST /xingrg/kc/pszx/mdps_order_operate.html HTTP/1.1" 200 2279
120.253.135.82 - - [26/Dec/2021:10:14:40 +0800] "GET /xingrg/javascript/easyui/themes/default/validatebox.css HTTP/1.1" 404 1104
120.253.135.82 - - [26/Dec/2021:10:14:44 +0800] "GET /xingrg/javascript/easyui/themes/default/images/button_plain_hover.png HTTP/1.1" 200 144
120.253.135.82 - - [26/Dec/2021:10:14:44 +0800] "GET /xingrg/javascript/easyui/themes/default/images/button_plain_hover.png HTTP/1.1" 200 144
120.253.135.82 - - [26/Dec/2021:10:14:44 +0800] "GET /xingrg/javascript/easyui/themes/default/images/button_plain_hover.png HTTP/1.1" 200 144
120.253.135.82 - - [26/Dec/2021:10:14:44 +0800] "POST /xingrg/kc/pszx/mdps_list_operate.html HTTP/1.1" 200 2040
120.253.135.82 - - [26/Dec/2021:10:14:46 +0800] "POST /xingrg/kc/pszx/mdps_list_operate.html HTTP/1.1" 200 202
120.253.135.82 - - [26/Dec/2021:10:14:47 +0800] "POST /xingrg/kc/pszx/mdps_list_operate.html HTTP/1.1" 200 204
58.40.7.146 - - [26/Dec/2021:10:14:48 +0800] "GET /xingrg/all/function/internal_message.html?_=1640484872899&CODE_STATE=getMsg HTTP/1.1" 200 27
124.79.247.218 - - [26/Dec/2021:10:14:49 +0800] "GET /xingrg/check_reg.html?_=1640484914357 HTTP/1.1" 200 22
120.253.135.82 - - [26/Dec/2021:10:14:51 +0800] "GET /xingrg/kc/pszx/mdps_order_info.html?code=312021122500640 HTTP/1.1" 200 23925
120.253.135.82 - - [26/Dec/2021:10:14:51 +0800] "GET /xingrg/javascript/easyui/themes/default/validatebox.css HTTP/1.1" 404 1104
120.253.135.82 - - [26/Dec/2021:10:14:51 +0800] "POST /xingrg/kc/pszx/mdps_order_operate.html HTTP/1.1" 200 2279
124.79.247.218 - - [26/Dec/2021:10:14:56 +0800] "GET /xingrg/all/function/internal_message.html?_=1640484921051&CODE_STATE=getMsg HTTP/1.1" 200 27
120.253.135.82 - - [26/Dec/2021:10:14:57 +0800] "GET /xingrg/kc/pszx/mdps_order_operate.html?command=get_materiel&pszx_code=00101&rest_code=00111&base_code=0010246&code=00102001099 HTTP/1.1" 200 422
180.157.251.97 - - [26/Dec/2021:10:14:59 +0800] "GET /xingrg/all/function/internal_message.html?_=1640484898919&CODE_STATE=getMsg HTTP/1.1" 200 27
120.253.135.82 - - [26/Dec/2021:10:15:01 +0800] "GET /xingrg/javascript/easyui/themes/default/images/button_plain_hover.png HTTP/1.1" 200 144
120.253.135.82 - - [26/Dec/2021:10:15:01 +0800] "GET /xingrg/javascript/easyui/themes/default/images/button_plain_hover.png HTTP/1.1" 200 144
120.253.135.82 - - [26/Dec/2021:10:15:01 +0800] "GET /xingrg/javascript/easyui/themes/default/images/button_plain_hover.png HTTP/1.1" 200 144
61.165.255.114 - - [26/Dec/2021:10:15:02 +0800] "GET /xingrg/all/function/internal_message.html?_=1640484901469&CODE_STATE=getMsg HTTP/1.1" 200 27
120.253.135.82 - - [26/Dec/2021:10:15:03 +0800] "POST /xingrg/kc/pszx/mdps_order_operate.html HTTP/1.1" 200 37
120.253.135.82 - - [26/Dec/2021:10:15:04 +0800] "GET /xingrg/kc/pszx/mdps_order_info.html?code=312021122500640 HTTP/1.1" 200 23925
120.253.135.82 - - [26/Dec/2021:10:15:04 +0800] "GET /xingrg/javascript/easyui/themes/default/validatebox.css HTTP/1.1" 404 1104
120.253.135.82 - - [26/Dec/2021:10:15:04 +0800] "POST /xingrg/kc/pszx/mdps_order_operate.html HTTP/1.1" 200 2766
116.232.48.26 - - [26/Dec/2021:10:15:04 +0800] "GET /xingrg/all/function/internal_message.html?_=1640484904415&CODE_STATE=getMsg HTTP/1.1" 200 27
120.253.135.82 - - [26/Dec/2021:10:15:05 +0800] "GET /xingrg/javascript/easyui/themes/default/images/button_plain_hover.png HTTP/1.1" 200 144
116.238.208.177 - - [26/Dec/2021:10:15:05 +0800] "GET /xingrg/all/function/internal_message.html?_=1640484912963&CODE_STATE=getMsg HTTP/1.1" 200 27
120.253.135.82 - - [26/Dec/2021:10:15:05 +0800] "POST /xingrg/kc/pszx/mdps_list_operate.html HTTP/1.1" 200 2040
120.253.135.82 - - [26/Dec/2021:10:15:07 +0800] "POST /xingrg/kc/pszx/mdps_list_operate.html HTTP/1.1" 200 204
120.253.135.82 - - [26/Dec/2021:10:15:07 +0800] "GET /xingrg/kc/pszx/mdps_order_info.html?code=312021122500644 HTTP/1.1" 200 23923
120.253.135.82 - - [26/Dec/2021:10:15:08 +0800] "GET /xingrg/javascript/easyui/themes/default/validatebox.css HTTP/1.1" 404 1104
120.253.135.82 - - [26/Dec/2021:10:15:08 +0800] "POST /xingrg/kc/pszx/mdps_order_operate.html HTTP/1.1" 200 2277
120.253.135.82 - - [26/Dec/2021:10:15:10 +0800] "POST /xingrg/kc/pszx/mdps_order_operate.html HTTP/1.1" 200 12
120.253.135.82 - - [26/Dec/2021:10:15:11 +0800] "POST /xingrg/kc/pszx/mdps_list_operate.html HTTP/1.1" 200 1681
124.77.245.186 - - [26/Dec/2021:10:15:12 +0800] "GET /xingrg/kc/buy/cgsh_order_operate.html?command=get_materiel&rest_code=00146&code=00101008119&supplier_code=00100005&order_time=2021-12-26 HTTP/1.1" 200 412
116.232.48.26 - - [26/Dec/2021:10:15:13 +0800] "GET /favicon.ico HTTP/1.1" 404 -
116.227.210.113 - - [26/Dec/2021:10:15:14 +0800] "GET /xingrg/all/function/internal_message.html?_=1640484882035&CODE_STATE=getMsg HTTP/1.1" 200 27
116.232.48.26 - - [26/Dec/2021:10:15:14 +0800] "GET /favicon.ico HTTP/1.1" 404 -
114.88.159.28 - - [26/Dec/2021:10:15:17 +0800] "GET /xingrg/all/function/internal_message.html?_=1640484724351&CODE_STATE=getMsg HTTP/1.1" 200 27
114.88.159.28 - - [26/Dec/2021:10:15:17 +0800] "GET /xingrg/check_reg.html?_=1640484724353 HTTP/1.1" 200 22
120.253.135.82 - - [26/Dec/2021:10:15:19 +0800] "POST /xingrg/kc/pszx/mdps_list_operate.html HTTP/1.1" 200 2038
120.253.135.82 - - [26/Dec/2021:10:15:20 +0800] "GET /xingrg/all/function/internal_message.html?_=1640484700313&CODE_STATE=getMsg HTTP/1.1" 200 27
120.253.135.82 - - [26/Dec/2021:10:15:21 +0800] "POST /xingrg/kc/pszx/mdps_list_operate.html HTTP/1.1" 200 220
120.253.135.82 - - [26/Dec/2021:10:15:22 +0800] "POST /xingrg/kc/pszx/mdps_list_operate.html HTTP/1.1" 200 218
124.79.247.218 - - [26/Dec/2021:10:15:23 +0800] "GET /xingrg/all/function/internal_message.html?_=1640485045917&CODE_STATE=getMsg HTTP/1.1" 302 -
180.157.251.97 - - [26/Dec/2021:10:15:24 +0800] "GET /xingrg/all/function/internal_message.html?_=1640484922942&CODE_STATE=getMsg HTTP/1.1" 200 27
120.253.135.82 - - [26/Dec/2021:10:15:24 +0800] "GET /xingrg/kc/pszx/mdps_order_info.html?code=312021121500373 HTTP/1.1" 200 23925
120.253.135.82 - - [26/Dec/2021:10:15:25 +0800] "GET /xingrg/javascript/easyui/themes/default/validatebox.css HTTP/1.1" 404 1104
120.253.135.82 - - [26/Dec/2021:10:15:25 +0800] "POST /xingrg/kc/pszx/mdps_order_operate.html HTTP/1.1" 200 2311
124.77.245.186 - - [26/Dec/2021:10:15:25 +0800] "GET /xingrg/all/function/internal_message.html?_=1640484971378&CODE_STATE=getMsg HTTP/1.1" 302 -
120.253.135.82 - - [26/Dec/2021:10:15:25 +0800] "GET /xingrg/javascript/easyui/themes/default/images/button_plain_hover.png HTTP/1.1" 200 144
120.253.135.82 - - [26/Dec/2021:10:15:25 +0800] "GET /xingrg/javascript/easyui/themes/default/images/button_plain_hover.png HTTP/1.1" 200 144
120.253.135.82 - - [26/Dec/2021:10:15:27 +0800] "POST /xingrg/kc/pszx/mdps_order_operate.html HTTP/1.1" 200 12
120.253.135.82 - - [26/Dec/2021:10:15:28 +0800] "POST /xingrg/kc/pszx/mdps_list_operate.html HTTP/1.1" 200 1678
124.77.245.186 - - [26/Dec/2021:10:15:28 +0800] "POST /xingrg/kc/buy/cgsh_order_operate.html HTTP/1.1" 200 37
222.69.129.201 - - [26/Dec/2021:10:15:29 +0800] "GET /xingrg/all/function/internal_message.html?_=1640484925516&CODE_STATE=getMsg HTTP/1.1" 200 27
120.253.135.82 - - [26/Dec/2021:10:15:29 +0800] "POST /xingrg/kc/pszx/mdps_list_operate.html HTTP/1.1" 200 218
124.77.245.186 - - [26/Dec/2021:10:15:30 +0800] "POST /xingrg/kc/buy/cgsh_order_operate.html HTTP/1.1" 200 50520
120.253.135.82 - - [26/Dec/2021:10:15:32 +0800] "GET /xingrg/kc/pszx/mdqp_order_list.html?state=10 HTTP/1.1" 200 10657
120.253.135.82 - - [26/Dec/2021:10:15:32 +0800] "GET /xingrg/dwr/interface/AjaxReportQueryService.js HTTP/1.1" 200 13203
120.253.135.82 - - [26/Dec/2021:10:15:32 +0800] "GET /xingrg/dwr/interface/AjaxQqpsService.js HTTP/1.1" 200 16326
120.253.135.82 - - [26/Dec/2021:10:15:32 +0800] "GET /xingrg/dwr/engine.js HTTP/1.1" 200 43631
116.238.208.177 - - [26/Dec/2021:10:15:38 +0800] "GET /xingrg/kc/buy/cgsh_order_operate.html?command=get_materiel&rest_code=00102&code=00101010024&supplier_code=00100151&order_time=2021-12-26 HTTP/1.1" 200 408
180.175.103.30 - - [26/Dec/2021:10:15:39 +0800] "GET /xingrg/all/function/internal_message.html?_=1640484937203&CODE_STATE=getMsg HTTP/1.1" 200 27
58.40.7.146 - - [26/Dec/2021:10:15:48 +0800] "GET /xingrg/check_reg.html?_=1640484932899 HTTP/1.1" 200 22
58.40.7.146 - - [26/Dec/2021:10:15:48 +0800] "GET /xingrg/all/function/internal_message.html?_=1640484932900&CODE_STATE=getMsg HTTP/1.1" 200 27
124.79.247.218 - - [26/Dec/2021:10:15:53 +0800] "GET /xingrg/check_reg.html?_=1640485076602 HTTP/1.1" 302 -
124.79.247.218 - - [26/Dec/2021:10:15:56 +0800] "GET /xingrg/all/function/internal_message.html?_=1640484981063&CODE_STATE=getMsg HTTP/1.1" 200 27
180.157.251.97 - - [26/Dec/2021:10:15:59 +0800] "GET /xingrg/all/function/internal_message.html?_=1640484958919&CODE_STATE=getMsg HTTP/1.1" 200 27
61.165.255.114 - - [26/Dec/2021:10:16:02 +0800] "GET /xingrg/all/function/internal_message.html?_=1640484961550&CODE_STATE=getMsg HTTP/1.1" 200 27
124.77.245.186 - - [26/Dec/2021:10:16:04 +0800] "GET /xingrg/check_reg.html?_=1640485010512 HTTP/1.1" 302 -
116.232.48.26 - - [26/Dec/2021:10:16:04 +0800] "GET /xingrg/all/function/internal_message.html?_=1640484964417&CODE_STATE=getMsg HTTP/1.1" 200 27
116.238.208.177 - - [26/Dec/2021:10:16:05 +0800] "GET /xingrg/all/function/internal_message.html?_=1640484972975&CODE_STATE=getMsg HTTP/1.1" 200 27
61.165.255.114 - - [26/Dec/2021:10:16:06 +0800] "GET /xingrg/kc/buy/cgsh_order_add.html HTTP/1.1" 200 64853
61.165.255.114 - - [26/Dec/2021:10:16:06 +0800] "GET /xingrg/words/20211226094625_words.js HTTP/1.1" 304 -
61.165.255.114 - - [26/Dec/2021:10:16:06 +0800] "POST /xingrg/kc/buy/cgsh_order_operate.html HTTP/1.1" 200 8245
61.165.255.114 - - [26/Dec/2021:10:16:06 +0800] "GET /xingrg/javascript/easyui/themes/default/validatebox.css HTTP/1.1" 404 1104
61.165.255.114 - - [26/Dec/2021:10:16:13 +0800] "GET /xingrg/kc/buy/cgsh_order_operate.html?command=get_materiel&rest_code=00151&code=00101011005&supplier_code=00100047&order_time=2021-12-26 HTTP/1.1" 200 428
116.227.210.113 - - [26/Dec/2021:10:16:14 +0800] "GET /xingrg/all/function/internal_message.html?_=1640484942011&CODE_STATE=getMsg HTTP/1.1" 200 27
114.88.159.28 - - [26/Dec/2021:10:16:17 +0800] "GET /xingrg/all/function/internal_message.html?_=1640484784357&CODE_STATE=getMsg HTTP/1.1" 200 27
120.253.135.82 - - [26/Dec/2021:10:16:20 +0800] "GET /xingrg/check_reg.html?_=1640484760219 HTTP/1.1" 200 22
120.253.135.82 - - [26/Dec/2021:10:16:20 +0800] "GET /xingrg/all/function/internal_message.html?_=1640484760327&CODE_STATE=getMsg HTTP/1.1" 200 27
61.165.255.114 - - [26/Dec/2021:10:16:22 +0800] "GET /xingrg/kc/buy/cgsh_order_operate.html?command=get_materiel&rest_code=00151&code=00101011001&supplier_code=00100047&order_time=2021-12-26 HTTP/1.1" 200 423
124.79.247.218 - - [26/Dec/2021:10:16:22 +0800] "GET /xingrg/all/function/internal_message.html?_=1640485105919&CODE_STATE=getMsg HTTP/1.1" 302 -
180.157.251.97 - - [26/Dec/2021:10:16:24 +0800] "GET /xingrg/all/function/internal_message.html?_=1640484982941&CODE_STATE=getMsg HTTP/1.1" 200 27
124.77.245.186 - - [26/Dec/2021:10:16:25 +0800] "GET /xingrg/all/function/internal_message.html?_=1640485031401&CODE_STATE=getMsg HTTP/1.1" 302 -
61.165.255.114 - - [26/Dec/2021:10:16:28 +0800] "POST /xingrg/kc/buy/cgsh_order_operate.html HTTP/1.1" 200 37
222.69.129.201 - - [26/Dec/2021:10:16:29 +0800] "GET /xingrg/all/function/internal_message.html?_=1640484985500&CODE_STATE=getMsg HTTP/1.1" 200 27
124.77.245.186 - - [26/Dec/2021:10:16:29 +0800] "GET /xingrg/all/function/internal_message.html?_=1640485013441&CODE_STATE=getMsg HTTP/1.1" 200 27
124.77.245.186 - - [26/Dec/2021:10:16:29 +0800] "GET /xingrg/check_reg.html?_=1640485013442 HTTP/1.1" 200 22
61.165.255.114 - - [26/Dec/2021:10:16:32 +0800] "POST /xingrg/kc/buy/cgsh_order_operate.html HTTP/1.1" 200 12
61.165.255.114 - - [26/Dec/2021:10:16:33 +0800] "GET /xingrg/kc/buy/cgsh_order_info.html?code=212021122611115 HTTP/1.1" 200 59762
61.165.255.114 - - [26/Dec/2021:10:16:33 +0800] "GET /xingrg/javascript/easyui/themes/default/validatebox.css HTTP/1.1" 404 1104
61.165.255.114 - - [26/Dec/2021:10:16:34 +0800] "POST /xingrg/kc/buy/cgsh_order_operate.html HTTP/1.1" 200 1222
61.165.255.114 - - [26/Dec/2021:10:16:35 +0800] "GET /xingrg/kc/print/load_data.html?order_code=212021122611115&kc_code=cgsh&condition= HTTP/1.1" 200 1005
180.175.103.30 - - [26/Dec/2021:10:16:39 +0800] "GET /xingrg/all/function/internal_message.html?_=1640484997172&CODE_STATE=getMsg HTTP/1.1" 200 27
61.165.255.114 - - [26/Dec/2021:10:16:40 +0800] "GET /xingrg/kc/buy/cgsh_order_add.html HTTP/1.1" 200 64853
61.165.255.114 - - [26/Dec/2021:10:16:40 +0800] "POST /xingrg/kc/buy/cgsh_order_operate.html HTTP/1.1" 200 8245
61.165.255.114 - - [26/Dec/2021:10:16:40 +0800] "GET /xingrg/javascript/easyui/themes/default/validatebox.css HTTP/1.1" 404 1104
222.69.129.201 - - [26/Dec/2021:10:16:45 +0800] "GET /xingrg/kc/buy/cgsh_order_add.html HTTP/1.1" 200 65302
222.69.129.201 - - [26/Dec/2021:10:16:45 +0800] "GET /xingrg/words/20211226094625_words.js HTTP/1.1" 200 881257
222.69.129.201 - - [26/Dec/2021:10:16:46 +0800] "POST /xingrg/kc/buy/cgsh_order_operate.html HTTP/1.1" 200 8245
222.69.129.201 - - [26/Dec/2021:10:16:46 +0800] "GET /xingrg/javascript/easyui/themes/default/validatebox.css HTTP/1.1" 404 1104
58.40.7.146 - - [26/Dec/2021:10:16:48 +0800] "GET /xingrg/all/function/internal_message.html?_=1640484992902&CODE_STATE=getMsg HTTP/1.1" 200 27
61.165.255.114 - - [26/Dec/2021:10:16:50 +0800] "GET /xingrg/kc/buy/cgsh_order_operate.html?command=get_materiel&rest_code=00151&code=00101016105&supplier_code=00100096&order_time=2021-12-26 HTTP/1.1" 200 409
124.79.247.218 - - [26/Dec/2021:10:16:57 +0800] "GET /xingrg/all/function/internal_message.html?_=1640485041886&CODE_STATE=getMsg HTTP/1.1" 200 27
180.157.251.97 - - [26/Dec/2021:10:16:59 +0800] "GET /xingrg/all/function/internal_message.html?_=1640485018919&CODE_STATE=getMsg HTTP/1.1" 200 27
61.165.255.114 - - [26/Dec/2021:10:17:02 +0800] "GET /xingrg/all/function/internal_message.html?_=1640485021568&CODE_STATE=getMsg HTTP/1.1" 200 27
116.232.48.26 - - [26/Dec/2021:10:17:04 +0800] "GET /xingrg/all/function/internal_message.html?_=1640485024419&CODE_STATE=getMsg HTTP/1.1" 200 27
61.165.255.114 - - [26/Dec/2021:10:17:05 +0800] "GET /xingrg/kc/buy/cgsh_order_operate.html?command=get_materiel&rest_code=00151&code=00101012019&supplier_code=00100096&order_time=2021-12-26 HTTP/1.1" 200 412
116.238.208.177 - - [26/Dec/2021:10:17:05 +0800] "GET /xingrg/all/function/internal_message.html?_=1640485032990&CODE_STATE=getMsg HTTP/1.1" 200 27
120.253.135.82 - - [26/Dec/2021:10:17:07 +0800] "GET /xingrg/kc/pszx/mdqp_order_list.html?state=10 HTTP/1.1" 200 10657
120.253.135.82 - - [26/Dec/2021:10:17:07 +0800] "GET /xingrg/dwr/interface/AjaxQqpsService.js HTTP/1.1" 200 16326
120.253.135.82 - - [26/Dec/2021:10:17:07 +0800] "GET /xingrg/dwr/interface/AjaxReportQueryService.js HTTP/1.1" 200 13203
120.253.135.82 - - [26/Dec/2021:10:17:07 +0800] "GET /xingrg/dwr/engine.js HTTP/1.1" 200 43631
120.253.135.82 - - [26/Dec/2021:10:17:11 +0800] "GET /xingrg/kc/pszx/mdqp_order_list.html?state=10 HTTP/1.1" 200 10657
120.253.135.82 - - [26/Dec/2021:10:17:11 +0800] "GET /xingrg/dwr/interface/AjaxReportQueryService.js HTTP/1.1" 200 13203
120.253.135.82 - - [26/Dec/2021:10:17:11 +0800] "GET /xingrg/dwr/interface/AjaxQqpsService.js HTTP/1.1" 200 16326
120.253.135.82 - - [26/Dec/2021:10:17:11 +0800] "GET /xingrg/dwr/engine.js HTTP/1.1" 200 43631
116.227.210.113 - - [26/Dec/2021:10:17:14 +0800] "GET /xingrg/all/function/internal_message.html?_=1640485001998&CODE_STATE=getMsg HTTP/1.1" 200 27
114.88.159.28 - - [26/Dec/2021:10:17:17 +0800] "GET /xingrg/all/function/internal_message.html?_=1640484844364&CODE_STATE=getMsg HTTP/1.1" 200 27
61.165.255.114 - - [26/Dec/2021:10:17:19 +0800] "GET /xingrg/kc/buy/cgsh_order_operate.html?command=get_materiel&rest_code=00151&code=00101001075&supplier_code=00100096&order_time=2021-12-26 HTTP/1.1" 200 409
120.253.135.82 - - [26/Dec/2021:10:17:20 +0800] "GET /xingrg/all/function/internal_message.html?_=1640484820339&CODE_STATE=getMsg HTTP/1.1" 200 27
124.79.247.218 - - [26/Dec/2021:10:17:22 +0800] "GET /xingrg/all/function/internal_message.html?_=1640485165892&CODE_STATE=getMsg HTTP/1.1" 302 -
180.157.251.97 - - [26/Dec/2021:10:17:24 +0800] "GET /xingrg/all/function/internal_message.html?_=1640485042940&CODE_STATE=getMsg HTTP/1.1" 200 27
124.77.245.186 - - [26/Dec/2021:10:17:25 +0800] "GET /xingrg/all/function/internal_message.html?_=1640485091405&CODE_STATE=getMsg HTTP/1.1" 302 -
222.69.129.201 - - [26/Dec/2021:10:17:28 +0800] "GET /xingrg/check_reg.html?_=1640485044498 HTTP/1.1" 200 22
61.165.255.114 - - [26/Dec/2021:10:17:28 +0800] "GET /xingrg/kc/buy/cgsh_order_operate.html?command=get_materiel&rest_code=00151&code=00101006131&supplier_code=00100096&order_time=2021-12-26 HTTP/1.1" 200 419
222.69.129.201 - - [26/Dec/2021:10:17:29 +0800] "GET /xingrg/all/function/internal_message.html?_=1640485045487&CODE_STATE=getMsg HTTP/1.1" 200 27
124.77.245.186 - - [26/Dec/2021:10:17:29 +0800] "GET /xingrg/all/function/internal_message.html?_=1640485073450&CODE_STATE=getMsg HTTP/1.1" 200 27
116.238.208.177 - - [26/Dec/2021:10:17:31 +0800] "GET /xingrg/kc/buy/cgsh_order_operate.html?command=get_materiel&rest_code=00102&code=00101010136&supplier_code=00100151&order_time=2021-12-26 HTTP/1.1" 200 408
180.175.103.30 - - [26/Dec/2021:10:17:39 +0800] "GET /xingrg/all/function/internal_message.html?_=1640485057143&CODE_STATE=getMsg HTTP/1.1" 200 27
180.175.103.30 - - [26/Dec/2021:10:17:39 +0800] "GET /xingrg/check_reg.html?_=1640485057723 HTTP/1.1" 200 22
61.165.255.114 - - [26/Dec/2021:10:17:39 +0800] "GET /xingrg/kc/buy/cgsh_order_operate.html?command=get_materiel&rest_code=00151&code=00101006056&supplier_code=00100096&order_time=2021-12-26 HTTP/1.1" 200 415
120.253.135.82 - - [26/Dec/2021:10:17:48 +0800] "GET /xingrg/kc/pszx/mdqp_order_list.html?state=10 HTTP/1.1" 200 10657
120.253.135.82 - - [26/Dec/2021:10:17:48 +0800] "GET /xingrg/dwr/interface/AjaxReportQueryService.js HTTP/1.1" 200 13203
120.253.135.82 - - [26/Dec/2021:10:17:48 +0800] "GET /xingrg/dwr/interface/AjaxQqpsService.js HTTP/1.1" 200 16326
120.253.135.82 - - [26/Dec/2021:10:17:48 +0800] "GET /xingrg/dwr/engine.js HTTP/1.1" 200 43631
58.40.7.146 - - [26/Dec/2021:10:17:48 +0800] "GET /xingrg/all/function/internal_message.html?_=1640485052904&CODE_STATE=getMsg HTTP/1.1" 200 27
61.165.255.114 - - [26/Dec/2021:10:17:49 +0800] "GET /xingrg/kc/buy/cgsh_order_operate.html?command=get_materiel&rest_code=00151&code=00101006112&supplier_code=00100096&order_time=2021-12-26 HTTP/1.1" 200 409
120.253.135.82 - - [26/Dec/2021:10:17:52 +0800] "GET /xingrg/kc/pszx/mdqp_order_list.html?state=10 HTTP/1.1" 200 10657
120.253.135.82 - - [26/Dec/2021:10:17:52 +0800] "GET /xingrg/dwr/interface/AjaxQqpsService.js HTTP/1.1" 200 16326
120.253.135.82 - - [26/Dec/2021:10:17:52 +0800] "GET /xingrg/dwr/interface/AjaxReportQueryService.js HTTP/1.1" 200 13203
120.253.135.82 - - [26/Dec/2021:10:17:52 +0800] "GET /xingrg/dwr/engine.js HTTP/1.1" 200 43631
124.79.247.218 - - [26/Dec/2021:10:17:57 +0800] "GET /xingrg/all/function/internal_message.html?_=1640485101917&CODE_STATE=getMsg HTTP/1.1" 200 27
120.253.135.82 - - [26/Dec/2021:10:17:58 +0800] "GET /xingrg/kc/pszx/mdps_order_list.html?orderType=1 HTTP/1.1" 200 18982
120.253.135.82 - - [26/Dec/2021:10:17:58 +0800] "POST /xingrg/kc/pszx/mdps_list_operate.html HTTP/1.1" 200 868
180.157.251.97 - - [26/Dec/2021:10:17:59 +0800] "GET /xingrg/check_reg.html?_=1640485078919 HTTP/1.1" 200 22
180.157.251.97 - - [26/Dec/2021:10:17:59 +0800] "GET /xingrg/all/function/internal_message.html?_=1640485078922&CODE_STATE=getMsg HTTP/1.1" 200 27
120.253.135.82 - - [26/Dec/2021:10:18:01 +0800] "GET /xingrg/kc/pszx/mdth_order_list.html HTTP/1.1" 200 18349
120.253.135.82 - - [26/Dec/2021:10:18:01 +0800] "POST /xingrg/kc/pszx/mdth_order_new_list.html HTTP/1.1" 200 4655
61.165.255.114 - - [26/Dec/2021:10:18:02 +0800] "GET /xingrg/kc/buy/cgsh_order_operate.html?command=get_materiel&rest_code=00151&code=00101010711&supplier_code=00100096&order_time=2021-12-26 HTTP/1.1" 200 394
61.165.255.114 - - [26/Dec/2021:10:18:02 +0800] "GET /xingrg/all/function/internal_message.html?_=1640485081627&CODE_STATE=getMsg HTTP/1.1" 200 27
116.238.208.177 - - [26/Dec/2021:10:18:03 +0800] "GET /xingrg/check_reg.html?_=1640485091039 HTTP/1.1" 200 22
120.253.135.82 - - [26/Dec/2021:10:18:04 +0800] "POST /xingrg/kc/pszx/mdth_order_new_list.html HTTP/1.1" 200 205
116.232.48.26 - - [26/Dec/2021:10:18:04 +0800] "GET /xingrg/all/function/internal_message.html?_=1640485084421&CODE_STATE=getMsg HTTP/1.1" 200 27
116.238.208.177 - - [26/Dec/2021:10:18:05 +0800] "GET /xingrg/all/function/internal_message.html?_=1640485093002&CODE_STATE=getMsg HTTP/1.1" 200 27
120.253.135.82 - - [26/Dec/2021:10:18:05 +0800] "POST /xingrg/kc/pszx/mdth_order_new_list.html HTTP/1.1" 200 211
61.165.255.114 - - [26/Dec/2021:10:18:10 +0800] "GET /xingrg/kc/buy/cgsh_order_operate.html?command=get_materiel&rest_code=00151&code=00101006013&supplier_code=00100096&order_time=2021-12-26 HTTP/1.1" 200 409
120.253.135.82 - - [26/Dec/2021:10:18:13 +0800] "POST /xingrg/kc/pszx/mdth_order_new_list.html HTTP/1.1" 200 286
116.227.210.113 - - [26/Dec/2021:10:18:14 +0800] "GET /xingrg/all/function/internal_message.html?_=1640485061989&CODE_STATE=getMsg HTTP/1.1" 200 27
120.253.135.82 - - [26/Dec/2021:10:18:16 +0800] "GET /xingrg/kc/pszx/mdqp_order_list.html?state=10 HTTP/1.1" 200 10657
120.253.135.82 - - [26/Dec/2021:10:18:16 +0800] "GET /xingrg/dwr/interface/AjaxQqpsService.js HTTP/1.1" 200 16326
120.253.135.82 - - [26/Dec/2021:10:18:16 +0800] "GET /xingrg/dwr/interface/AjaxReportQueryService.js HTTP/1.1" 200 13203
120.253.135.82 - - [26/Dec/2021:10:18:16 +0800] "GET /xingrg/dwr/engine.js HTTP/1.1" 200 43631
114.88.159.28 - - [26/Dec/2021:10:18:17 +0800] "GET /xingrg/all/function/internal_message.html?_=1640484904365&CODE_STATE=getMsg HTTP/1.1" 200 27
120.253.135.82 - - [26/Dec/2021:10:18:20 +0800] "GET /xingrg/all/function/internal_message.html?_=1640484880424&CODE_STATE=getMsg HTTP/1.1" 200 27
114.88.159.28 - - [26/Dec/2021:10:18:21 +0800] "GET /xingrg/kc/buy/cgsh_order_operate.html?command=get_materiel&rest_code=00141&code=00101015043&supplier_code=00100055&order_time=2021-12-26 HTTP/1.1" 200 413
61.165.255.114 - - [26/Dec/2021:10:18:22 +0800] "GET /xingrg/kc/buy/cgsh_order_operate.html?command=get_materiel&rest_code=00151&code=00101006123&supplier_code=00100096&order_time=2021-12-26 HTTP/1.1" 200 409
124.79.247.218 - - [26/Dec/2021:10:18:22 +0800] "GET /xingrg/all/function/internal_message.html?_=1640485225867&CODE_STATE=getMsg HTTP/1.1" 302 -
180.157.251.97 - - [26/Dec/2021:10:18:24 +0800] "GET /xingrg/all/function/internal_message.html?_=1640485102939&CODE_STATE=getMsg HTTP/1.1" 200 27
124.77.245.186 - - [26/Dec/2021:10:18:25 +0800] "GET /xingrg/all/function/internal_message.html?_=1640485151429&CODE_STATE=getMsg HTTP/1.1" 302 -
222.69.129.201 - - [26/Dec/2021:10:18:29 +0800] "GET /xingrg/all/function/internal_message.html?_=1640485105469&CODE_STATE=getMsg HTTP/1.1" 200 27
120.253.135.82 - - [26/Dec/2021:10:18:29 +0800] "GET /xingrg/kc/pszx/mdps_order_list.html?orderType=1 HTTP/1.1" 200 18982
120.253.135.82 - - [26/Dec/2021:10:18:29 +0800] "POST /xingrg/kc/pszx/mdps_list_operate.html HTTP/1.1" 200 868
124.77.245.186 - - [26/Dec/2021:10:18:29 +0800] "GET /xingrg/all/function/internal_message.html?_=1640485133655&CODE_STATE=getMsg HTTP/1.1" 200 27
61.165.255.114 - - [26/Dec/2021:10:18:33 +0800] "GET /xingrg/kc/buy/cgsh_order_operate.html?command=get_materiel&rest_code=00151&code=00101016104&supplier_code=00100096&order_time=2021-12-26 HTTP/1.1" 200 408
120.253.135.82 - - [26/Dec/2021:10:18:33 +0800] "GET /xingrg/kc/pszx/mdps_order_list.html?orderType=0 HTTP/1.1" 200 20925
114.88.159.28 - - [26/Dec/2021:10:18:33 +0800] "GET /xingrg/kc/buy/cgsh_order_operate.html?command=get_materiel&rest_code=00141&code=00101015062&supplier_code=00100055&order_time=2021-12-26 HTTP/1.1" 200 412
120.253.135.82 - - [26/Dec/2021:10:18:34 +0800] "POST /xingrg/kc/pszx/mdps_list_operate.html HTTP/1.1" 200 5251
180.175.103.30 - - [26/Dec/2021:10:18:39 +0800] "GET /xingrg/all/function/internal_message.html?_=1640485117122&CODE_STATE=getMsg HTTP/1.1" 200 27
120.253.135.82 - - [26/Dec/2021:10:18:41 +0800] "POST /xingrg/kc/pszx/mdps_list_operate.html HTTP/1.1" 200 5439
61.165.255.114 - - [26/Dec/2021:10:18:42 +0800] "GET /xingrg/kc/buy/cgsh_order_operate.html?command=get_materiel&rest_code=00151&code=00101006133&supplier_code=00100096&order_time=2021-12-26 HTTP/1.1" 200 413
120.253.135.82 - - [26/Dec/2021:10:18:46 +0800] "POST /xingrg/kc/pszx/mdps_list_operate.html HTTP/1.1" 200 5458
58.40.7.146 - - [26/Dec/2021:10:18:48 +0800] "GET /xingrg/all/function/internal_message.html?_=1640485112894&CODE_STATE=getMsg HTTP/1.1" 200 27
114.88.159.28 - - [26/Dec/2021:10:18:49 +0800] "GET /xingrg/kc/buy/cgsh_order_operate.html?command=get_materiel&rest_code=00141&code=00101015021&supplier_code=00100055&order_time=2021-12-26 HTTP/1.1" 200 408
61.165.255.114 - - [26/Dec/2021:10:18:53 +0800] "GET /xingrg/kc/buy/cgsh_order_operate.html?command=get_materiel&rest_code=00151&code=00101006092&supplier_code=00100096&order_time=2021-12-26 HTTP/1.1" 200 409
114.88.159.28 - - [26/Dec/2021:10:18:57 +0800] "GET /xingrg/kc/buy/cgsh_order_operate.html?command=get_materiel&rest_code=00141&code=00101015125&supplier_code=00100055&order_time=2021-12-26 HTTP/1.1" 200 395
124.79.247.218 - - [26/Dec/2021:10:18:58 +0800] "GET /xingrg/all/function/internal_message.html?_=1640485162625&CODE_STATE=getMsg HTTP/1.1" 200 27
222.69.129.201 - - [26/Dec/2021:10:18:58 +0800] "GET /xingrg/kc/buy/cgsh_order_operate.html?command=get_materiel&rest_code=00149&code=00101003006&supplier_code=00100039&order_time=2021-12-26 HTTP/1.1" 200 414
180.157.251.97 - - [26/Dec/2021:10:18:59 +0800] "GET /xingrg/all/function/internal_message.html?_=1640485138922&CODE_STATE=getMsg HTTP/1.1" 200 27
61.165.255.114 - - [26/Dec/2021:10:19:02 +0800] "GET /xingrg/check_reg.html?_=1640485141678 HTTP/1.1" 200 22
61.165.255.114 - - [26/Dec/2021:10:19:02 +0800] "GET /xingrg/all/function/internal_message.html?_=1640485141681&CODE_STATE=getMsg HTTP/1.1" 200 27
61.165.255.114 - - [26/Dec/2021:10:19:02 +0800] "GET /xingrg/kc/buy/cgsh_order_operate.html?command=get_materiel&rest_code=00151&code=00101007069&supplier_code=00100096&order_time=2021-12-26 HTTP/1.1" 200 412
114.88.159.28 - - [26/Dec/2021:10:19:04 +0800] "GET /xingrg/kc/buy/cgsh_order_operate.html?command=get_materiel&rest_code=00141&code=00101015001&supplier_code=00100055&order_time=2021-12-26 HTTP/1.1" 200 412
116.232.48.26 - - [26/Dec/2021:10:19:04 +0800] "GET /xingrg/all/function/internal_message.html?_=1640485144424&CODE_STATE=getMsg HTTP/1.1" 200 27
116.232.48.26 - - [26/Dec/2021:10:19:04 +0800] "GET /xingrg/check_reg.html?_=1640485144425 HTTP/1.1" 200 22
116.238.208.177 - - [26/Dec/2021:10:19:06 +0800] "GET /xingrg/all/function/internal_message.html?_=1640485153531&CODE_STATE=getMsg HTTP/1.1" 200 27
120.253.135.82 - - [26/Dec/2021:10:19:10 +0800] "GET /xingrg/kc/pszx/mdqp_order_list.html?state=10 HTTP/1.1" 200 10657
120.253.135.82 - - [26/Dec/2021:10:19:10 +0800] "GET /xingrg/dwr/interface/AjaxQqpsService.js HTTP/1.1" 200 16326
120.253.135.82 - - [26/Dec/2021:10:19:10 +0800] "GET /xingrg/dwr/interface/AjaxReportQueryService.js HTTP/1.1" 200 13203
120.253.135.82 - - [26/Dec/2021:10:19:10 +0800] "GET /xingrg/dwr/engine.js HTTP/1.1" 200 43631
114.88.159.28 - - [26/Dec/2021:10:19:11 +0800] "GET /xingrg/kc/buy/cgsh_order_operate.html?command=get_materiel&rest_code=00141&code=00101015061&supplier_code=00100055&order_time=2021-12-26 HTTP/1.1" 200 413
116.227.210.113 - - [26/Dec/2021:10:19:14 +0800] "GET /xingrg/all/function/internal_message.html?_=1640485121967&CODE_STATE=getMsg HTTP/1.1" 200 27
116.227.210.113 - - [26/Dec/2021:10:19:14 +0800] "GET /xingrg/check_reg.html?_=1640485122746 HTTP/1.1" 200 22
114.88.159.28 - - [26/Dec/2021:10:19:17 +0800] "GET /xingrg/all/function/internal_message.html?_=1640484964362&CODE_STATE=getMsg HTTP/1.1" 200 27
120.253.135.82 - - [26/Dec/2021:10:19:20 +0800] "GET /xingrg/all/function/internal_message.html?_=1640484940501&CODE_STATE=getMsg HTTP/1.1" 200 27
124.79.247.218 - - [26/Dec/2021:10:19:22 +0800] "GET /xingrg/all/function/internal_message.html?_=1640485285836&CODE_STATE=getMsg HTTP/1.1" 302 -
180.157.251.97 - - [26/Dec/2021:10:19:24 +0800] "GET /xingrg/all/function/internal_message.html?_=1640485162939&CODE_STATE=getMsg HTTP/1.1" 200 27
180.157.251.97 - - [26/Dec/2021:10:19:24 +0800] "GET /xingrg/check_reg.html?_=1640485162941 HTTP/1.1" 200 22
124.77.245.186 - - [26/Dec/2021:10:19:25 +0800] "GET /xingrg/all/function/internal_message.html?_=1640485211433&CODE_STATE=getMsg HTTP/1.1" 302 -
222.69.129.201 - - [26/Dec/2021:10:19:29 +0800] "GET /xingrg/all/function/internal_message.html?_=1640485165447&CODE_STATE=getMsg HTTP/1.1" 200 27
124.77.245.186 - - [26/Dec/2021:10:19:29 +0800] "GET /xingrg/all/function/internal_message.html?_=1640485193664&CODE_STATE=getMsg HTTP/1.1" 200 27
222.69.129.201 - - [26/Dec/2021:10:19:30 +0800] "GET /xingrg/kc/buy/cgsh_order_operate.html?command=get_materiel&rest_code=00149&code=00101003035&supplier_code=00100039&order_time=2021-12-26 HTTP/1.1" 200 411
114.88.159.28 - - [26/Dec/2021:10:19:32 +0800] "GET /xingrg/kc/buy/cgsh_order_operate.html?command=get_materiel&rest_code=00141&code=00101015039&supplier_code=00100055&order_time=2021-12-26 HTTP/1.1" 200 412
180.175.103.30 - - [26/Dec/2021:10:19:39 +0800] "GET /xingrg/all/function/internal_message.html?_=1640485177099&CODE_STATE=getMsg HTTP/1.1" 200 27
114.88.159.28 - - [26/Dec/2021:10:19:46 +0800] "POST /xingrg/kc/buy/cgsh_order_operate.html HTTP/1.1" 200 37
222.69.129.201 - - [26/Dec/2021:10:19:47 +0800] "GET /xingrg/kc/buy/cgsh_order_operate.html?command=get_materiel&rest_code=00149&code=00101002027&supplier_code=00100039&order_time=2021-12-26 HTTP/1.1" 200 415
58.40.7.146 - - [26/Dec/2021:10:19:48 +0800] "GET /xingrg/all/function/internal_message.html?_=1640485172897&CODE_STATE=getMsg HTTP/1.1" 200 27
114.88.159.28 - - [26/Dec/2021:10:19:49 +0800] "POST /xingrg/kc/buy/cgsh_order_operate.html HTTP/1.1" 200 12
124.79.247.218 - - [26/Dec/2021:10:19:49 +0800] "GET /xingrg/check_reg.html?_=1640485214368 HTTP/1.1" 200 22
114.88.159.28 - - [26/Dec/2021:10:19:50 +0800] "GET /xingrg/kc/buy/cgsh_order_info.html?code=212021122611116 HTTP/1.1" 200 60164
114.88.159.28 - - [26/Dec/2021:10:19:50 +0800] "GET /xingrg/javascript/easyui/themes/default/validatebox.css HTTP/1.1" 404 1104
114.88.159.28 - - [26/Dec/2021:10:19:51 +0800] "POST /xingrg/kc/buy/cgsh_order_operate.html HTTP/1.1" 200 4165
114.88.159.28 - - [26/Dec/2021:10:19:52 +0800] "GET /xingrg/kc/print/load_data.html?order_code=212021122611116&kc_code=cgsh&condition= HTTP/1.1" 200 2117
61.165.255.114 - - [26/Dec/2021:10:19:55 +0800] "POST /xingrg/kc/buy/cgsh_order_operate.html HTTP/1.1" 200 37
114.88.159.28 - - [26/Dec/2021:10:19:57 +0800] "GET /xingrg/kc/buy/cgsh_order_add.html HTTP/1.1" 200 65255
114.88.159.28 - - [26/Dec/2021:10:19:57 +0800] "POST /xingrg/kc/buy/cgsh_order_operate.html HTTP/1.1" 200 8245
114.88.159.28 - - [26/Dec/2021:10:19:57 +0800] "GET /xingrg/javascript/easyui/themes/default/validatebox.css HTTP/1.1" 404 1104
124.79.247.218 - - [26/Dec/2021:10:19:58 +0800] "GET /xingrg/all/function/internal_message.html?_=1640485222647&CODE_STATE=getMsg HTTP/1.1" 200 27
61.165.255.114 - - [26/Dec/2021:10:19:59 +0800] "POST /xingrg/kc/buy/cgsh_order_operate.html HTTP/1.1" 200 12
180.157.251.97 - - [26/Dec/2021:10:19:59 +0800] "GET /xingrg/all/function/internal_message.html?_=1640485198922&CODE_STATE=getMsg HTTP/1.1" 200 27
222.69.129.201 - - [26/Dec/2021:10:20:02 +0800] "GET /xingrg/kc/buy/cgsh_order_operate.html?command=get_materiel&rest_code=00149&code=00101002010&supplier_code=00100039&order_time=2021-12-26 HTTP/1.1" 200 417
61.165.255.114 - - [26/Dec/2021:10:20:03 +0800] "GET /xingrg/kc/buy/cgsh_order_info.html?code=212021122611117 HTTP/1.1" 200 59752
61.165.255.114 - - [26/Dec/2021:10:20:03 +0800] "GET /xingrg/words/20211226094625_words.js HTTP/1.1" 304 -
61.165.255.114 - - [26/Dec/2021:10:20:03 +0800] "GET /xingrg/javascript/easyui/themes/default/validatebox.css HTTP/1.1" 404 1104
61.165.255.114 - - [26/Dec/2021:10:20:04 +0800] "POST /xingrg/kc/buy/cgsh_order_operate.html HTTP/1.1" 200 7772
116.232.48.26 - - [26/Dec/2021:10:20:04 +0800] "GET /xingrg/all/function/internal_message.html?_=1640485204436&CODE_STATE=getMsg HTTP/1.1" 200 27
61.165.255.114 - - [26/Dec/2021:10:20:05 +0800] "GET /xingrg/kc/print/load_data.html?order_code=212021122611117&kc_code=cgsh&condition= HTTP/1.1" 200 3437
116.238.208.177 - - [26/Dec/2021:10:20:07 +0800] "GET /xingrg/all/function/internal_message.html?_=1640485214206&CODE_STATE=getMsg HTTP/1.1" 200 27
116.238.208.177 - - [26/Dec/2021:10:20:07 +0800] "GET /xingrg/kc/buy/cgsh_order_operate.html?command=get_materiel&rest_code=00102&code=00101012025&supplier_code=00100151&order_time=2021-12-26 HTTP/1.1" 200 412
114.88.159.28 - - [26/Dec/2021:10:20:11 +0800] "GET /xingrg/kc/buy/cgsh_order_operate.html?command=get_materiel&rest_code=00141&code=00101008091&supplier_code=00100007&order_time=2021-12-26 HTTP/1.1" 200 413
116.227.210.113 - - [26/Dec/2021:10:20:14 +0800] "GET /xingrg/all/function/internal_message.html?_=1640485181968&CODE_STATE=getMsg HTTP/1.1" 200 27
61.165.255.114 - - [26/Dec/2021:10:20:16 +0800] "GET /xingrg/kc/buy/cgsh_order_add.html HTTP/1.1" 200 64853
61.165.255.114 - - [26/Dec/2021:10:20:16 +0800] "POST /xingrg/kc/buy/cgsh_order_operate.html HTTP/1.1" 200 8245
61.165.255.114 - - [26/Dec/2021:10:20:16 +0800] "GET /xingrg/javascript/easyui/themes/default/validatebox.css HTTP/1.1" 404 1104
114.88.159.28 - - [26/Dec/2021:10:20:17 +0800] "GET /xingrg/check_reg.html?_=1640485024384 HTTP/1.1" 200 22
114.88.159.28 - - [26/Dec/2021:10:20:17 +0800] "GET /xingrg/all/function/internal_message.html?_=1640485024386&CODE_STATE=getMsg HTTP/1.1" 200 27
124.77.245.186 - - [26/Dec/2021:10:20:18 +0800] "GET /xingrg/kc/buy/cgsh_order_operate.html?command=get_materiel&rest_code=00146&code=00101010753&supplier_code=00100005&order_time=2021-12-26 HTTP/1.1" 200 434
120.253.135.82 - - [26/Dec/2021:10:20:20 +0800] "GET /xingrg/all/function/internal_message.html?_=1640485000507&CODE_STATE=getMsg HTTP/1.1" 200 27
124.79.247.218 - - [26/Dec/2021:10:20:22 +0800] "GET /xingrg/all/function/internal_message.html?_=1640485345806&CODE_STATE=getMsg HTTP/1.1" 302 -
180.157.251.97 - - [26/Dec/2021:10:20:24 +0800] "GET /xingrg/all/function/internal_message.html?_=1640485222940&CODE_STATE=getMsg HTTP/1.1" 200 27
114.88.159.28 - - [26/Dec/2021:10:20:24 +0800] "GET /xingrg/kc/buy/cgsh_order_operate.html?command=get_materiel&rest_code=00141&code=00101008612&supplier_code=00100007&order_time=2021-12-26 HTTP/1.1" 200 406
61.165.255.114 - - [26/Dec/2021:10:20:25 +0800] "GET /xingrg/kc/buy/cgsh_order_operate.html?command=get_materiel&rest_code=00151&code=00101009078&supplier_code=00100424&order_time=2021-12-26 HTTP/1.1" 200 394
