120.253.135.82 - - [25/Dec/2021:12:08:15 +0800] "GET /xingrg/kc/pszx/mdps_order_info.html?code=312021122500642 HTTP/1.1" 200 23929
120.253.135.82 - - [25/Dec/2021:12:08:15 +0800] "GET /xingrg/javascript/easyui/themes/default/validatebox.css HTTP/1.1" 404 1104
120.253.135.82 - - [25/Dec/2021:12:08:15 +0800] "POST /xingrg/kc/pszx/mdps_order_operate.html HTTP/1.1" 200 2287
116.227.210.113 - - [25/Dec/2021:12:08:17 +0800] "GET /xingrg/all/function/internal_message.html?_=1640405268002&CODE_STATE=getMsg HTTP/1.1" 200 27
124.79.247.218 - - [25/Dec/2021:12:08:20 +0800] "POST /xingrg/kc/buy/cgsh_list_operate.html HTTP/1.1" 200 3092
61.170.234.223 - - [25/Dec/2021:12:08:21 +0800] "GET /xingrg/all/function/internal_message.html?_=1640405296712&CODE_STATE=getMsg HTTP/1.1" 200 27
180.175.103.30 - - [25/Dec/2021:12:08:21 +0800] "GET /xingrg/kc/base/wldb_order_operate.html?command=get_materiel&rest_code=00105&base_code=0010507&code=00101019315 HTTP/1.1" 200 461
124.79.247.218 - - [25/Dec/2021:12:08:21 +0800] "POST /xingrg/kc/buy/cgsh_list_operate.html HTTP/1.1" 200 198
124.79.247.218 - - [25/Dec/2021:12:08:23 +0800] "GET /xingrg/kc/buy/cgsh_order_info.html?code=212021122510592 HTTP/1.1" 200 65258
124.79.247.218 - - [25/Dec/2021:12:08:23 +0800] "GET /xingrg/javascript/easyui/themes/default/validatebox.css HTTP/1.1" 404 1104
124.79.247.218 - - [25/Dec/2021:12:08:24 +0800] "POST /xingrg/kc/buy/cgsh_order_operate.html HTTP/1.1" 200 2653
120.253.135.82 - - [25/Dec/2021:12:08:24 +0800] "GET /xingrg/kc/pszx/mdqp_order_list.html?state=10 HTTP/1.1" 200 10657
120.253.135.82 - - [25/Dec/2021:12:08:25 +0800] "GET /xingrg/dwr/interface/AjaxReportQueryService.js HTTP/1.1" 200 13203
120.253.135.82 - - [25/Dec/2021:12:08:25 +0800] "GET /xingrg/dwr/interface/AjaxQqpsService.js HTTP/1.1" 200 16326
120.253.135.82 - - [25/Dec/2021:12:08:25 +0800] "GET /xingrg/dwr/engine.js HTTP/1.1" 200 43631
124.79.247.218 - - [25/Dec/2021:12:08:25 +0800] "GET /xingrg/kc/print/load_data.html?order_code=212021122510592&kc_code=cgsh&condition= HTTP/1.1" 200 737
120.253.135.82 - - [25/Dec/2021:12:08:26 +0800] "GET /xingrg/kc/pszx/mdqp_order_info.html?code=302021122500492 HTTP/1.1" 200 13350
222.69.128.201 - - [25/Dec/2021:12:08:26 +0800] "GET /xingrg/kc/base/wldb_order_operate.html?command=get_materiel&rest_code=00149&base_code=0010394&code=00101019199 HTTP/1.1" 200 459
120.253.135.82 - - [25/Dec/2021:12:08:26 +0800] "GET /xingrg/dwr/interface/AjaxQqpsService.js HTTP/1.1" 200 16326
120.253.135.82 - - [25/Dec/2021:12:08:26 +0800] "GET /xingrg/dwr/interface/AjaxComOrderService.js HTTP/1.1" 200 18264
120.253.135.82 - - [25/Dec/2021:12:08:26 +0800] "GET /xingrg/dwr/engine.js HTTP/1.1" 200 43631
120.253.135.82 - - [25/Dec/2021:12:08:27 +0800] "POST /xingrg/dwr/call/plaincall/AjaxQqpsService.loadMaterielItems.dwr HTTP/1.1" 200 2695
124.79.247.218 - - [25/Dec/2021:12:08:27 +0800] "GET /xingrg/all/function/internal_message.html?_=1640405431167&CODE_STATE=getMsg HTTP/1.1" 200 27
180.175.103.30 - - [25/Dec/2021:12:08:30 +0800] "POST /xingrg/kc/base/wldb_order_operate.html HTTP/1.1" 200 37
180.175.103.30 - - [25/Dec/2021:12:08:30 +0800] "POST /xingrg/kc/base/wldb_order_operate.html HTTP/1.1" 200 5668
180.175.103.30 - - [25/Dec/2021:12:08:30 +0800] "GET /xingrg/kc/base/wldb_order_info.html?code=422021122502645 HTTP/1.1" 200 30289
180.175.103.30 - - [25/Dec/2021:12:08:31 +0800] "GET /xingrg/javascript/easyui/themes/default/validatebox.css HTTP/1.1" 404 1104
180.175.103.30 - - [25/Dec/2021:12:08:31 +0800] "POST /xingrg/kc/base/wldb_order_operate.html HTTP/1.1" 200 5668
120.253.135.82 - - [25/Dec/2021:12:08:31 +0800] "GET /xingrg/kc/pszx/mdqp_order_list.html?isBack=1 HTTP/1.1" 302 -
120.253.135.82 - - [25/Dec/2021:12:08:31 +0800] "GET /xingrg/kc/pszx/mdqp_order_list.html?state=10 HTTP/1.1" 200 10657
120.253.135.82 - - [25/Dec/2021:12:08:31 +0800] "GET /xingrg/dwr/interface/AjaxReportQueryService.js HTTP/1.1" 200 13203
120.253.135.82 - - [25/Dec/2021:12:08:31 +0800] "GET /xingrg/dwr/interface/AjaxQqpsService.js HTTP/1.1" 200 16326
120.253.135.82 - - [25/Dec/2021:12:08:31 +0800] "GET /xingrg/dwr/engine.js HTTP/1.1" 200 43631
222.69.128.201 - - [25/Dec/2021:12:08:32 +0800] "GET /xingrg/kc/base/wldb_order_operate.html?command=get_materiel&rest_code=00149&base_code=0010394&code=00101019183 HTTP/1.1" 200 435
124.79.247.218 - - [25/Dec/2021:12:08:34 +0800] "POST /xingrg/kc/buy/cgsh_list_operate.html HTTP/1.1" 200 3092
61.170.234.223 - - [25/Dec/2021:12:08:35 +0800] "GET /xingrg/check_reg.html?_=1640405317307 HTTP/1.1" 200 22
61.170.234.223 - - [25/Dec/2021:12:08:35 +0800] "GET /xingrg/all/function/internal_message.html?_=1640405317310&CODE_STATE=getMsg HTTP/1.1" 200 27
124.79.247.218 - - [25/Dec/2021:12:08:35 +0800] "POST /xingrg/kc/buy/cgsh_list_operate.html HTTP/1.1" 200 568
124.79.247.218 - - [25/Dec/2021:12:08:36 +0800] "GET /xingrg/kc/buy/cgsh_order_info.html?code=212021122510602 HTTP/1.1" 200 65258
124.79.247.218 - - [25/Dec/2021:12:08:36 +0800] "GET /xingrg/javascript/easyui/themes/default/validatebox.css HTTP/1.1" 404 1104
124.79.247.218 - - [25/Dec/2021:12:08:37 +0800] "POST /xingrg/kc/buy/cgsh_order_operate.html HTTP/1.1" 200 36946
116.228.172.94 - - [25/Dec/2021:12:08:38 +0800] "GET /xingrg/all/function/internal_message.html?_=1640405311100&CODE_STATE=getMsg HTTP/1.1" 200 27
120.253.135.82 - - [25/Dec/2021:12:08:38 +0800] "GET /xingrg/kc/buy/cgsh_order_list.html HTTP/1.1" 200 49480
114.85.125.222 - - [25/Dec/2021:12:08:38 +0800] "GET /xingrg/all/function/internal_message.html?_=1640405263242&CODE_STATE=getMsg HTTP/1.1" 200 27
120.253.135.82 - - [25/Dec/2021:12:08:39 +0800] "POST /xingrg/kc/buy/cgsh_list_operate.html HTTP/1.1" 200 876
124.79.247.218 - - [25/Dec/2021:12:08:39 +0800] "GET /xingrg/kc/print/load_data.html?order_code=212021122510602&kc_code=cgsh&condition= HTTP/1.1" 200 13656
180.169.147.146 - - [25/Dec/2021:12:08:40 +0800] "GET /xingrg/all/function/internal_message.html?_=1640405315243&CODE_STATE=getMsg HTTP/1.1" 200 27
222.69.132.164 - - [25/Dec/2021:12:08:40 +0800] "GET /xingrg/all/function/internal_message.html?_=1640405348709&CODE_STATE=getMsg HTTP/1.1" 200 27
116.238.208.177 - - [25/Dec/2021:12:08:42 +0800] "GET /xingrg/all/function/internal_message.html?_=1640405324778&CODE_STATE=getMsg HTTP/1.1" 200 27
180.175.103.30 - - [25/Dec/2021:12:08:45 +0800] "GET /xingrg/all/function/internal_message.html?_=1640405325658&CODE_STATE=getMsg HTTP/1.1" 200 27
101.85.120.86 - - [25/Dec/2021:12:08:46 +0800] "GET /xingrg/all/function/internal_message.html?_=1640405325049&CODE_STATE=getMsg HTTP/1.1" 200 27
58.40.7.146 - - [25/Dec/2021:12:08:47 +0800] "GET /xingrg/all/function/internal_message.html?_=1640405312898&CODE_STATE=getMsg HTTP/1.1" 200 27
101.80.229.199 - - [25/Dec/2021:12:08:49 +0800] "GET /xingrg/all/function/internal_message.html?_=1640405329035&CODE_STATE=getMsg HTTP/1.1" 200 27
114.86.230.235 - - [25/Dec/2021:12:08:49 +0800] "GET /xingrg/all/function/internal_message.html?_=1640405328767&CODE_STATE=getMsg HTTP/1.1" 200 27
222.69.128.201 - - [25/Dec/2021:12:08:57 +0800] "GET /xingrg/kc/base/wldb_order_operate.html?command=get_materiel&rest_code=00149&base_code=0010394&code=00101019527 HTTP/1.1" 200 474
124.79.247.218 - - [25/Dec/2021:12:08:58 +0800] "POST /xingrg/kc/buy/cgsh_list_operate.html HTTP/1.1" 200 3092
124.79.247.218 - - [25/Dec/2021:12:08:58 +0800] "GET /xingrg/kc/buy/cgsh_order_add.html HTTP/1.1" 200 65249
124.79.247.218 - - [25/Dec/2021:12:08:59 +0800] "GET /xingrg/javascript/easyui/themes/default/validatebox.css HTTP/1.1" 404 1104
124.79.247.218 - - [25/Dec/2021:12:08:59 +0800] "POST /xingrg/kc/buy/cgsh_order_operate.html HTTP/1.1" 200 8245
124.79.247.218 - - [25/Dec/2021:12:09:00 +0800] "GET /xingrg/javascript/easyui/themes/default/tree.css HTTP/1.1" 404 1090
124.79.247.218 - - [25/Dec/2021:12:09:00 +0800] "POST /xingrg/all/common/load_tree.html?tree=supplier_tree_json&isDelete=1 HTTP/1.1" 200 61544
180.175.103.30 - - [25/Dec/2021:12:09:00 +0800] "GET /xingrg/kc/base/wldb_order_add.html HTTP/1.1" 200 30274
180.175.103.30 - - [25/Dec/2021:12:09:01 +0800] "POST /xingrg/kc/base/wldb_order_operate.html HTTP/1.1" 200 6806
180.175.103.30 - - [25/Dec/2021:12:09:01 +0800] "GET /xingrg/javascript/easyui/themes/default/validatebox.css HTTP/1.1" 404 1104
124.79.247.218 - - [25/Dec/2021:12:09:03 +0800] "GET /xingrg/all/function/internal_message.html?_=1640405367451&CODE_STATE=getMsg HTTP/1.1" 302 -
124.79.247.218 - - [25/Dec/2021:12:09:03 +0800] "GET /xingrg/login.html HTTP/1.1" 200 7641
124.79.247.218 - - [25/Dec/2021:12:09:04 +0800] "POST /xingrg/services/DataTransmitService HTTP/1.1" 200 524
180.175.103.30 - - [25/Dec/2021:12:09:04 +0800] "GET /xingrg/all/function/internal_message.html?_=1640405279941&CODE_STATE=getMsg HTTP/1.1" 200 27
124.79.247.218 - - [25/Dec/2021:12:09:04 +0800] "POST /xingrg/services/DataTransmitService HTTP/1.1" 200 2235
124.79.247.218 - - [25/Dec/2021:12:09:05 +0800] "POST /xingrg/services/DataTransmitService HTTP/1.1" 200 136716
222.69.128.201 - - [25/Dec/2021:12:09:05 +0800] "GET /xingrg/kc/base/wldb_order_operate.html?command=get_materiel&rest_code=00149&base_code=0010394&code=00101016029 HTTP/1.1" 200 461
116.238.208.177 - - [25/Dec/2021:12:09:06 +0800] "GET /xingrg/all/function/internal_message.html?_=1640405354060&CODE_STATE=getMsg HTTP/1.1" 200 27
180.162.114.48 - - [25/Dec/2021:12:09:07 +0800] "GET /xingrg/all/function/internal_message.html?_=1640404780746&CODE_STATE=getMsg HTTP/1.1" 200 27
120.253.135.82 - - [25/Dec/2021:12:09:08 +0800] "GET /xingrg/all/function/internal_message.html?_=1640405481137&CODE_STATE=getMsg HTTP/1.1" 200 27
124.77.245.186 - - [25/Dec/2021:12:09:09 +0800] "GET /xingrg/all/function/internal_message.html?_=1640405370401&CODE_STATE=getMsg HTTP/1.1" 200 27
124.79.247.218 - - [25/Dec/2021:12:09:10 +0800] "GET /xingrg/javascript/auto/indicator.gif HTTP/1.1" 404 1066
180.157.251.97 - - [25/Dec/2021:12:09:11 +0800] "GET /favicon.ico HTTP/1.1" 404 -
116.227.210.113 - - [25/Dec/2021:12:09:17 +0800] "GET /xingrg/all/function/internal_message.html?_=1640405327992&CODE_STATE=getMsg HTTP/1.1" 200 27
61.170.234.223 - - [25/Dec/2021:12:09:21 +0800] "GET /xingrg/all/function/internal_message.html?_=1640405356685&CODE_STATE=getMsg HTTP/1.1" 200 27
180.175.103.30 - - [25/Dec/2021:12:09:21 +0800] "GET /xingrg/kc/base/wldb_order_operate.html?command=get_materiel&rest_code=00105&base_code=0010507&code=00101013193 HTTP/1.1" 200 444
124.79.247.218 - - [25/Dec/2021:12:09:22 +0800] "GET /xingrg/kc/buy/cgsh_order_operate.html?command=get_materiel&rest_code=00104&code=00101031006&supplier_code=00100151&order_time=2021-12-25 HTTP/1.1" 200 418
222.69.128.201 - - [25/Dec/2021:12:09:24 +0800] "GET /xingrg/kc/base/wldb_order_operate.html?command=get_materiel&rest_code=00149&base_code=0010394&code=00101019195 HTTP/1.1" 200 460
124.79.247.218 - - [25/Dec/2021:12:09:27 +0800] "GET /xingrg/all/function/internal_message.html?_=1640405491132&CODE_STATE=getMsg HTTP/1.1" 200 27
180.175.103.30 - - [25/Dec/2021:12:09:32 +0800] "GET /xingrg/kc/base/wldb_order_operate.html?command=get_materiel&rest_code=00105&base_code=0010507&code=00101016044 HTTP/1.1" 200 464
222.69.128.201 - - [25/Dec/2021:12:09:34 +0800] "GET /xingrg/kc/base/wldb_order_operate.html?command=get_materiel&rest_code=00149&base_code=0010394&code=00101019425 HTTP/1.1" 200 457
61.170.234.223 - - [25/Dec/2021:12:09:35 +0800] "GET /xingrg/all/function/internal_message.html?_=1640405377309&CODE_STATE=getMsg HTTP/1.1" 200 27
116.238.208.177 - - [25/Dec/2021:12:09:37 +0800] "GET /xingrg/kc/buy/cgsh_order_list.html HTTP/1.1" 200 49480
116.238.208.177 - - [25/Dec/2021:12:09:38 +0800] "POST /xingrg/kc/buy/cgsh_list_operate.html HTTP/1.1" 200 876
116.228.172.94 - - [25/Dec/2021:12:09:38 +0800] "GET /xingrg/all/function/internal_message.html?_=1640405371103&CODE_STATE=getMsg HTTP/1.1" 200 27
114.85.125.222 - - [25/Dec/2021:12:09:38 +0800] "GET /xingrg/all/function/internal_message.html?_=1640405323256&CODE_STATE=getMsg HTTP/1.1" 200 27
116.238.208.177 - - [25/Dec/2021:12:09:39 +0800] "GET /xingrg/kc/buy/cgsh_order_add.html HTTP/1.1" 200 65214
116.238.208.177 - - [25/Dec/2021:12:09:39 +0800] "POST /xingrg/kc/buy/cgsh_order_operate.html HTTP/1.1" 200 8245
116.238.208.177 - - [25/Dec/2021:12:09:39 +0800] "GET /xingrg/all/common/auto_word.html?type=employee&rest_code=00102 HTTP/1.1" 200 189
116.238.208.177 - - [25/Dec/2021:12:09:39 +0800] "GET /xingrg/javascript/easyui/themes/default/validatebox.css HTTP/1.1" 404 1104
116.238.208.177 - - [25/Dec/2021:12:09:39 +0800] "GET /xingrg/all/common/auto_word.html?type=employee&rest_code=00102 HTTP/1.1" 200 189
180.169.147.146 - - [25/Dec/2021:12:09:40 +0800] "GET /xingrg/all/function/internal_message.html?_=1640405375242&CODE_STATE=getMsg HTTP/1.1" 200 27
222.69.132.164 - - [25/Dec/2021:12:09:40 +0800] "GET /xingrg/all/function/internal_message.html?_=1640405408728&CODE_STATE=getMsg HTTP/1.1" 200 27
116.238.208.177 - - [25/Dec/2021:12:09:42 +0800] "GET /xingrg/all/function/internal_message.html?_=1640405384785&CODE_STATE=getMsg HTTP/1.1" 200 27
180.175.103.30 - - [25/Dec/2021:12:09:45 +0800] "GET /xingrg/all/function/internal_message.html?_=1640405385660&CODE_STATE=getMsg HTTP/1.1" 200 27
116.238.208.177 - - [25/Dec/2021:12:09:45 +0800] "GET /xingrg/javascript/auto/indicator.gif HTTP/1.1" 404 1066
116.238.208.177 - - [25/Dec/2021:12:09:46 +0800] "GET /xingrg/javascript/jquery_tools/images/prev.gif HTTP/1.1" 404 1086
116.238.208.177 - - [25/Dec/2021:12:09:46 +0800] "GET /xingrg/javascript/jquery_tools/images/next.gif HTTP/1.1" 404 1086
101.85.120.86 - - [25/Dec/2021:12:09:46 +0800] "GET /xingrg/all/function/internal_message.html?_=1640405385055&CODE_STATE=getMsg HTTP/1.1" 200 27
101.85.120.86 - - [25/Dec/2021:12:09:46 +0800] "GET /xingrg/check_reg.html?_=1640405385051 HTTP/1.1" 200 22
180.157.251.97 - - [25/Dec/2021:12:09:46 +0800] "GET /xingrg/index.html?sysBaseUrl=http%3A%2F%2F180.169.147.146%3A18081%2Fxingrg%2F&costTime=44×tamp=1622098168715 HTTP/1.1" 302 -
180.157.251.97 - - [25/Dec/2021:12:09:46 +0800] "GET /xingrg/login.html HTTP/1.1" 200 7641
180.157.251.97 - - [25/Dec/2021:12:09:47 +0800] "GET /xingrg/images/blue/jxLogo.png HTTP/1.1" 304 -
58.40.7.146 - - [25/Dec/2021:12:09:47 +0800] "GET /xingrg/all/function/internal_message.html?_=1640405372900&CODE_STATE=getMsg HTTP/1.1" 200 27
180.157.251.97 - - [25/Dec/2021:12:09:47 +0800] "GET /xingrg/images/blue/login_bg.png HTTP/1.1" 304 -
180.157.251.97 - - [25/Dec/2021:12:09:47 +0800] "GET /xingrg/images/blue/hj.png HTTP/1.1" 304 -
180.157.251.97 - - [25/Dec/2021:12:09:47 +0800] "GET /xingrg/images/blue/srbg.png HTTP/1.1" 304 -
180.157.251.97 - - [25/Dec/2021:12:09:47 +0800] "GET /favicon.ico HTTP/1.1" 404 -
180.157.251.97 - - [25/Dec/2021:12:09:48 +0800] "POST /xingrg/login.do HTTP/1.1" 302 -
180.157.251.97 - - [25/Dec/2021:12:09:48 +0800] "GET /xingrg/javascript/jquery_easy_ui/themes/default/easyui.css HTTP/1.1" 304 -
180.157.251.97 - - [25/Dec/2021:12:09:48 +0800] "GET /xingrg/javascript/jquery_easy_ui/themes/icon.css HTTP/1.1" 304 -
180.157.251.97 - - [25/Dec/2021:12:09:48 +0800] "GET /xingrg/index.html?sysBaseUrl=http%3A%2F%2F180.169.147.146%3A18081%2Fxingrg%2F&costTime=39×tamp=1640405388862 HTTP/1.1" 200 17179
180.157.251.97 - - [25/Dec/2021:12:09:48 +0800] "GET /xingrg/javascript/jquery.form.js HTTP/1.1" 304 -
180.157.251.97 - - [25/Dec/2021:12:09:48 +0800] "GET /xingrg/javascript/jquery_easy_ui/easyui-lang-zh_CN.js HTTP/1.1" 304 -
180.157.251.97 - - [25/Dec/2021:12:09:48 +0800] "GET /xingrg/css/form.css HTTP/1.1" 304 -
180.157.251.97 - - [25/Dec/2021:12:09:48 +0800] "GET /xingrg/javascript/jquery.utils.js HTTP/1.1" 304 -
180.157.251.97 - - [25/Dec/2021:12:09:48 +0800] "GET /xingrg/javascript/jquery-1.4.2.min.js HTTP/1.1" 304 -
180.157.251.97 - - [25/Dec/2021:12:09:48 +0800] "GET /xingrg/javascript/jquery_easy_ui/jquery.easyui.min.js HTTP/1.1" 304 -
180.157.251.97 - - [25/Dec/2021:12:09:48 +0800] "GET /xingrg/javascript/jquery.timers.js HTTP/1.1" 304 -
180.157.251.97 - - [25/Dec/2021:12:09:48 +0800] "GET /favicon.ico HTTP/1.1" 404 -
180.157.251.97 - - [25/Dec/2021:12:09:49 +0800] "GET /xingrg/images/blue/navBackgound.jpg HTTP/1.1" 304 -
180.157.251.97 - - [25/Dec/2021:12:09:49 +0800] "GET /xingrg/javascript/jquery_easy_ui/themes/icons/settle_new.png HTTP/1.1" 304 -
180.157.251.97 - - [25/Dec/2021:12:09:49 +0800] "POST /xingrg/all/common/load_tree.html?tree=area_rest_tree_json&manage=1 HTTP/1.1" 200 351
180.157.251.97 - - [25/Dec/2021:12:09:49 +0800] "GET /xingrg/all/function/internal_message.html?_=1640405387608&CODE_STATE=count HTTP/1.1" 200 11
180.157.251.97 - - [25/Dec/2021:12:09:49 +0800] "GET /xingrg/check_reg.html?_=1640405387610 HTTP/1.1" 200 22
180.157.251.97 - - [25/Dec/2021:12:09:49 +0800] "GET /xingrg/images/blue/pingpu.png HTTP/1.1" 304 -
180.157.251.97 - - [25/Dec/2021:12:09:49 +0800] "GET /xingrg/javascript/jquery_easy_ui/themes/default/images/tabs_leftarrow.png HTTP/1.1" 304 -
180.157.251.97 - - [25/Dec/2021:12:09:49 +0800] "GET /xingrg/javascript/jquery_easy_ui/themes/default/images/tabs_rightarrow.png HTTP/1.1" 304 -
180.157.251.97 - - [25/Dec/2021:12:09:49 +0800] "GET /xingrg/javascript/jquery_easy_ui/themes/default/images/panel_tool_collapse.gif HTTP/1.1" 304 -
180.157.251.97 - - [25/Dec/2021:12:09:49 +0800] "POST /xingrg/load_menu.html HTTP/1.1" 200 5138
180.157.251.97 - - [25/Dec/2021:12:09:49 +0800] "GET /xingrg/javascript/jquery_easy_ui/themes/default/images/tree_arrows.gif HTTP/1.1" 304 -
180.157.251.97 - - [25/Dec/2021:12:09:49 +0800] "GET /xingrg/javascript/jquery_easy_ui/themes/default/images/tree_folder_open.gif HTTP/1.1" 304 -
180.157.251.97 - - [25/Dec/2021:12:09:49 +0800] "GET /xingrg/javascript/jquery_easy_ui/themes/icons/search_new.png HTTP/1.1" 304 -
180.157.251.97 - - [25/Dec/2021:12:09:49 +0800] "GET /xingrg/javascript/jquery_easy_ui/themes/default/images/tree_folder.gif HTTP/1.1" 304 -
180.157.251.97 - - [25/Dec/2021:12:09:49 +0800] "GET /xingrg/javascript/jquery_easy_ui/themes/icons/forms_new.png HTTP/1.1" 304 -
180.157.251.97 - - [25/Dec/2021:12:09:49 +0800] "GET /xingrg/javascript/jquery_easy_ui/themes/icons/storage_new.png HTTP/1.1" 304 -
180.157.251.97 - - [25/Dec/2021:12:09:49 +0800] "GET /xingrg/javascript/jquery_easy_ui/themes/default/images/tree_file.gif HTTP/1.1" 304 -
101.80.229.199 - - [25/Dec/2021:12:09:49 +0800] "GET /xingrg/all/function/internal_message.html?_=1640405389007&CODE_STATE=getMsg HTTP/1.1" 200 27
114.86.230.235 - - [25/Dec/2021:12:09:49 +0800] "GET /xingrg/all/function/internal_message.html?_=1640405388770&CODE_STATE=getMsg HTTP/1.1" 200 27
180.157.251.97 - - [25/Dec/2021:12:09:51 +0800] "GET /xingrg/javascript/jquery_easy_ui/themes/default/images/tabs_close.gif HTTP/1.1" 304 -
180.157.251.97 - - [25/Dec/2021:12:09:51 +0800] "GET /xingrg/css/base.css HTTP/1.1" 304 -
180.157.251.97 - - [25/Dec/2021:12:09:51 +0800] "GET /xingrg/css/site.css HTTP/1.1" 304 -
180.157.251.97 - - [25/Dec/2021:12:09:51 +0800] "GET /xingrg/javascript/jquery_tools/datebox.css HTTP/1.1" 304 -
180.157.251.97 - - [25/Dec/2021:12:09:51 +0800] "GET /xingrg/javascript/easyui/themes/icon.css HTTP/1.1" 304 -
180.157.251.97 - - [25/Dec/2021:12:09:51 +0800] "GET /xingrg/javascript/easyui/themes/default/easyui.css HTTP/1.1" 304 -
180.157.251.97 - - [25/Dec/2021:12:09:51 +0800] "GET /xingrg/javascript/auto/jquery.autocomplete.css HTTP/1.1" 304 -
180.157.251.97 - - [25/Dec/2021:12:09:51 +0800] "GET /xingrg/javascript/jquery_tools/fix.css HTTP/1.1" 304 -
180.157.251.97 - - [25/Dec/2021:12:09:51 +0800] "GET /xingrg/kc/buy/cgsh_order_list.html HTTP/1.1" 200 49486
180.157.251.97 - - [25/Dec/2021:12:09:51 +0800] "GET /xingrg/javascript/jquery_tools/jquery.tools.min.js HTTP/1.1" 304 -
180.157.251.97 - - [25/Dec/2021:12:09:51 +0800] "GET /xingrg/javascript/jquery_tools/table.css HTTP/1.1" 304 -
180.157.251.97 - - [25/Dec/2021:12:09:51 +0800] "GET /xingrg/javascript/jquery_tools/jquery.tools.extend.js HTTP/1.1" 304 -
180.157.251.97 - - [25/Dec/2021:12:09:51 +0800] "GET /xingrg/javascript/jquery_tools/jquery.tools.hotkey.js HTTP/1.1" 304 -
180.157.251.97 - - [25/Dec/2021:12:09:51 +0800] "GET /xingrg/javascript/jquery_tools/jquery.tools.table.js HTTP/1.1" 304 -
180.157.251.97 - - [25/Dec/2021:12:09:51 +0800] "GET /xingrg/javascript/jquery_tools/list_manager.js HTTP/1.1" 304 -
180.157.251.97 - - [25/Dec/2021:12:09:51 +0800] "GET /xingrg/javascript/auto/jquery.autocomplete.js HTTP/1.1" 304 -
180.157.251.97 - - [25/Dec/2021:12:09:51 +0800] "GET /xingrg/javascript/jquery.cookie.js HTTP/1.1" 304 -
180.157.251.97 - - [25/Dec/2021:12:09:51 +0800] "GET /xingrg/javascript/easyui/easyloader.js HTTP/1.1" 304 -
180.157.251.97 - - [25/Dec/2021:12:09:51 +0800] "GET /xingrg/javascript/print/LodopFuncs.js HTTP/1.1" 304 -
180.157.251.97 - - [25/Dec/2021:12:09:51 +0800] "GET /xingrg/javascript/easyui/themes/icons/edit_add_new.png HTTP/1.1" 304 -
180.157.251.97 - - [25/Dec/2021:12:09:51 +0800] "GET /xingrg/javascript/easyui/themes/icons/cance_new.png HTTP/1.1" 304 -
180.157.251.97 - - [25/Dec/2021:12:09:51 +0800] "GET /xingrg/javascript/easyui/themes/icons/check_new.png HTTP/1.1" 304 -
180.157.251.97 - - [25/Dec/2021:12:09:51 +0800] "GET /xingrg/javascript/easyui/themes/icons/field_new.png HTTP/1.1" 304 -
180.157.251.97 - - [25/Dec/2021:12:09:51 +0800] "GET /xingrg/javascript/easyui/themes/icons/import_new.png HTTP/1.1" 304 -
180.157.251.97 - - [25/Dec/2021:12:09:51 +0800] "GET /xingrg/javascript/easyui/plugins/jquery.parser.js HTTP/1.1" 304 -
180.157.251.97 - - [25/Dec/2021:12:09:51 +0800] "GET /xingrg/images/control/ajaxLoader.gif HTTP/1.1" 304 -
180.157.251.97 - - [25/Dec/2021:12:09:52 +0800] "POST /xingrg/kc/buy/cgsh_list_operate.html HTTP/1.1" 200 876
124.79.247.218 - - [25/Dec/2021:12:10:04 +0800] "GET /xingrg/all/function/internal_message.html?_=1640405427808&CODE_STATE=getMsg HTTP/1.1" 302 -
124.79.247.218 - - [25/Dec/2021:12:10:04 +0800] "GET /xingrg/login.html HTTP/1.1" 200 7641
180.175.103.30 - - [25/Dec/2021:12:10:04 +0800] "GET /xingrg/check_reg.html?_=1640405339928 HTTP/1.1" 200 22
180.175.103.30 - - [25/Dec/2021:12:10:04 +0800] "GET /xingrg/all/function/internal_message.html?_=1640405339932&CODE_STATE=getMsg HTTP/1.1" 200 27
116.238.208.177 - - [25/Dec/2021:12:10:06 +0800] "GET /xingrg/all/function/internal_message.html?_=1640405414078&CODE_STATE=getMsg HTTP/1.1" 200 27
180.162.114.48 - - [25/Dec/2021:12:10:07 +0800] "GET /xingrg/all/function/internal_message.html?_=1640404840746&CODE_STATE=getMsg HTTP/1.1" 200 27
180.175.103.30 - - [25/Dec/2021:12:10:07 +0800] "GET /xingrg/kc/base/wldb_order_operate.html?command=get_materiel&rest_code=00105&base_code=0010507&code=00101013076 HTTP/1.1" 200 442
120.253.135.82 - - [25/Dec/2021:12:10:08 +0800] "GET /xingrg/all/function/internal_message.html?_=1640405541151&CODE_STATE=getMsg HTTP/1.1" 200 27
124.77.245.186 - - [25/Dec/2021:12:10:10 +0800] "GET /xingrg/all/function/internal_message.html?_=1640405430902&CODE_STATE=getMsg HTTP/1.1" 200 27
116.227.210.113 - - [25/Dec/2021:12:10:17 +0800] "GET /xingrg/all/function/internal_message.html?_=1640405388006&CODE_STATE=getMsg HTTP/1.1" 200 27
116.227.210.113 - - [25/Dec/2021:12:10:17 +0800] "GET /xingrg/check_reg.html?_=1640405388008 HTTP/1.1" 200 22
61.170.234.223 - - [25/Dec/2021:12:10:21 +0800] "GET /xingrg/all/function/internal_message.html?_=1640405416694&CODE_STATE=getMsg HTTP/1.1" 200 27
124.79.247.218 - - [25/Dec/2021:12:10:27 +0800] "GET /xingrg/all/function/internal_message.html?_=1640405551147&CODE_STATE=getMsg HTTP/1.1" 200 27
61.170.234.223 - - [25/Dec/2021:12:10:35 +0800] "GET /xingrg/all/function/internal_message.html?_=1640405437310&CODE_STATE=getMsg HTTP/1.1" 200 27
180.157.251.97 - - [25/Dec/2021:12:10:35 +0800] "GET /xingrg/javascript/easyui/themes/default/images/button_plain_hover.png HTTP/1.1" 304 -
180.175.103.30 - - [25/Dec/2021:12:10:35 +0800] "GET /xingrg/kc/base/wldb_order_operate.html?command=get_materiel&rest_code=00105&base_code=0010507&code=00101014087 HTTP/1.1" 200 425
180.157.251.97 - - [25/Dec/2021:12:10:35 +0800] "GET /xingrg/javascript/pic_change.js HTTP/1.1" 304 -
180.157.251.97 - - [25/Dec/2021:12:10:35 +0800] "GET /xingrg/javascript/jquery_tools/order_manager.js HTTP/1.1" 304 -
180.157.251.97 - - [25/Dec/2021:12:10:35 +0800] "GET /xingrg/kc/buy/cgsh_order_add.html HTTP/1.1" 200 65208
180.157.251.97 - - [25/Dec/2021:12:10:35 +0800] "GET /xingrg/javascript/convert.js HTTP/1.1" 304 -
180.157.251.97 - - [25/Dec/2021:12:10:35 +0800] "GET /xingrg/javascript/json2.js HTTP/1.1" 304 -
180.157.251.97 - - [25/Dec/2021:12:10:35 +0800] "GET /xingrg/javascript/print/kc_print.js HTTP/1.1" 304 -
180.157.251.97 - - [25/Dec/2021:12:10:35 +0800] "GET /xingrg/words/20211224163607_words.js HTTP/1.1" 200 881188
180.157.251.97 - - [25/Dec/2021:12:10:35 +0800] "GET /xingrg/javascript/easyui/themes/icons/copy_new.png HTTP/1.1" 304 -
180.157.251.97 - - [25/Dec/2021:12:10:35 +0800] "GET /xingrg/javascript/easyui/themes/icons/template_new.png HTTP/1.1" 304 -
180.157.251.97 - - [25/Dec/2021:12:10:35 +0800] "GET /xingrg/javascript/easyui/themes/icons/ok.png HTTP/1.1" 304 -
180.157.251.97 - - [25/Dec/2021:12:10:35 +0800] "GET /xingrg/javascript/easyui/themes/icons/print.png HTTP/1.1" 304 -
180.157.251.97 - - [25/Dec/2021:12:10:35 +0800] "GET /xingrg/javascript/easyui/themes/default/images/menu_downarrow.png HTTP/1.1" 304 -
180.157.251.97 - - [25/Dec/2021:12:10:35 +0800] "GET /xingrg/javascript/easyui/themes/icons/cancel.png HTTP/1.1" 304 -
180.157.251.97 - - [25/Dec/2021:12:10:36 +0800] "POST /xingrg/kc/buy/cgsh_order_operate.html HTTP/1.1" 200 8245
180.157.251.97 - - [25/Dec/2021:12:10:36 +0800] "GET /xingrg/all/common/auto_word.html?type=employee&rest_code=00148 HTTP/1.1" 200 243
180.157.251.97 - - [25/Dec/2021:12:10:36 +0800] "GET /xingrg/javascript/easyui/themes/default/validatebox.css HTTP/1.1" 404 1104
180.157.251.97 - - [25/Dec/2021:12:10:36 +0800] "GET /xingrg/javascript/easyui/plugins/jquery.validatebox.js HTTP/1.1" 304 -
180.157.251.97 - - [25/Dec/2021:12:10:36 +0800] "GET /xingrg/all/common/auto_word.html?type=employee&rest_code=00148 HTTP/1.1" 200 243
180.157.251.97 - - [25/Dec/2021:12:10:36 +0800] "GET /xingrg/javascript/easyui/themes/icons/edit_remove.png HTTP/1.1" 304 -
180.157.251.97 - - [25/Dec/2021:12:10:36 +0800] "GET /xingrg/javascript/easyui/plugins/jquery.numberbox.js HTTP/1.1" 304 -
180.157.251.97 - - [25/Dec/2021:12:10:36 +0800] "GET /xingrg/javascript/auto/indicator.gif HTTP/1.1" 404 1066
180.157.251.97 - - [25/Dec/2021:12:10:37 +0800] "GET /xingrg/javascript/jquery_tools/images/prev.gif HTTP/1.1" 404 1086
180.157.251.97 - - [25/Dec/2021:12:10:37 +0800] "GET /xingrg/javascript/jquery_tools/images/next.gif HTTP/1.1" 404 1086
116.228.172.94 - - [25/Dec/2021:12:10:38 +0800] "GET /xingrg/all/function/internal_message.html?_=1640405431080&CODE_STATE=getMsg HTTP/1.1" 200 27
114.85.125.222 - - [25/Dec/2021:12:10:38 +0800] "GET /xingrg/all/function/internal_message.html?_=1640405383278&CODE_STATE=getMsg HTTP/1.1" 200 27
180.157.251.97 - - [25/Dec/2021:12:10:38 +0800] "GET /xingrg/javascript/jquery_easy_ui/themes/default/images/tabs_active.png HTTP/1.1" 304 -
222.69.128.201 - - [25/Dec/2021:12:10:40 +0800] "GET /xingrg/kc/base/wldb_order_operate.html?command=get_materiel&rest_code=00149&base_code=0010394&code=00101016076 HTTP/1.1" 200 477
180.169.147.146 - - [25/Dec/2021:12:10:40 +0800] "GET /xingrg/all/function/internal_message.html?_=1640405435241&CODE_STATE=getMsg HTTP/1.1" 200 27
222.69.132.164 - - [25/Dec/2021:12:10:40 +0800] "GET /xingrg/check_reg.html?_=1640405468726 HTTP/1.1" 200 22
222.69.132.164 - - [25/Dec/2021:12:10:40 +0800] "GET /xingrg/all/function/internal_message.html?_=1640405468727&CODE_STATE=getMsg HTTP/1.1" 200 27
116.238.208.177 - - [25/Dec/2021:12:10:42 +0800] "GET /xingrg/all/function/internal_message.html?_=1640405444775&CODE_STATE=getMsg HTTP/1.1" 200 27
222.69.128.201 - - [25/Dec/2021:12:10:44 +0800] "GET /xingrg/kc/base/wldb_order_operate.html?command=get_materiel&rest_code=00149&base_code=0010394&code=00101016020 HTTP/1.1" 200 446
180.175.103.30 - - [25/Dec/2021:12:10:45 +0800] "GET /xingrg/all/function/internal_message.html?_=1640405445660&CODE_STATE=getMsg HTTP/1.1" 200 27
124.79.247.218 - - [25/Dec/2021:12:10:45 +0800] "GET /xingrg/check_reg.html?_=1640405468845 HTTP/1.1" 302 -
124.79.247.218 - - [25/Dec/2021:12:10:45 +0800] "GET /xingrg/login.html HTTP/1.1" 200 7641
101.85.120.86 - - [25/Dec/2021:12:10:46 +0800] "GET /xingrg/all/function/internal_message.html?_=1640405445052&CODE_STATE=getMsg HTTP/1.1" 200 27
124.77.245.186 - - [25/Dec/2021:12:10:47 +0800] "GET /xingrg/check_reg.html?_=1640405468015 HTTP/1.1" 200 22
58.40.7.146 - - [25/Dec/2021:12:10:47 +0800] "GET /xingrg/check_reg.html?_=1640405432902 HTTP/1.1" 200 22
58.40.7.146 - - [25/Dec/2021:12:10:47 +0800] "GET /xingrg/all/function/internal_message.html?_=1640405432904&CODE_STATE=getMsg HTTP/1.1" 200 27
180.157.251.97 - - [25/Dec/2021:12:10:48 +0800] "GET /xingrg/kc/buy/cgsh_order_operate.html?command=get_materiel&rest_code=00148&code=00101007190&supplier_code=00100004&order_time=2021-12-25 HTTP/1.1" 200 396
180.157.251.97 - - [25/Dec/2021:12:10:49 +0800] "GET /xingrg/all/function/internal_message.html?_=1640405447642&CODE_STATE=getMsg HTTP/1.1" 200 27
101.80.229.199 - - [25/Dec/2021:12:10:49 +0800] "GET /xingrg/all/function/internal_message.html?_=1640405448992&CODE_STATE=getMsg HTTP/1.1" 200 27
114.86.230.235 - - [25/Dec/2021:12:10:49 +0800] "GET /xingrg/all/function/internal_message.html?_=1640405448771&CODE_STATE=getMsg HTTP/1.1" 200 27
114.86.230.235 - - [25/Dec/2021:12:10:49 +0800] "GET /xingrg/check_reg.html?_=1640405448773 HTTP/1.1" 200 22
180.175.103.30 - - [25/Dec/2021:12:10:52 +0800] "GET /xingrg/kc/base/wldb_order_operate.html?command=get_materiel&rest_code=00105&base_code=0010507&code=00101014057 HTTP/1.1" 200 428
180.157.251.97 - - [25/Dec/2021:12:10:59 +0800] "GET /xingrg/kc/buy/cgsh_order_operate.html?command=get_materiel&rest_code=00148&code=00101007077&supplier_code=00100004&order_time=2021-12-25 HTTP/1.1" 200 415
124.79.247.218 - - [25/Dec/2021:12:11:04 +0800] "GET /xingrg/all/function/internal_message.html?_=1640405487822&CODE_STATE=getMsg HTTP/1.1" 302 -
124.79.247.218 - - [25/Dec/2021:12:11:04 +0800] "GET /xingrg/login.html HTTP/1.1" 200 7641
180.175.103.30 - - [25/Dec/2021:12:11:04 +0800] "GET /xingrg/all/function/internal_message.html?_=1640405399935&CODE_STATE=getMsg HTTP/1.1" 200 27
116.238.208.177 - - [25/Dec/2021:12:11:06 +0800] "GET /xingrg/all/function/internal_message.html?_=1640405474087&CODE_STATE=getMsg HTTP/1.1" 200 27
180.162.114.48 - - [25/Dec/2021:12:11:07 +0800] "GET /xingrg/all/function/internal_message.html?_=1640404900746&CODE_STATE=getMsg HTTP/1.1" 200 27
222.69.128.201 - - [25/Dec/2021:12:11:07 +0800] "POST /xingrg/kc/base/wldb_order_operate.html HTTP/1.1" 200 37
222.69.128.201 - - [25/Dec/2021:12:11:08 +0800] "POST /xingrg/kc/base/wldb_order_operate.html HTTP/1.1" 200 10232
222.69.128.201 - - [25/Dec/2021:12:11:08 +0800] "GET /xingrg/kc/base/wldb_order_info.html?code=422021122502646 HTTP/1.1" 200 30297
120.253.135.82 - - [25/Dec/2021:12:11:08 +0800] "GET /xingrg/check_reg.html?_=1640405601133 HTTP/1.1" 200 22
120.253.135.82 - - [25/Dec/2021:12:11:08 +0800] "GET /xingrg/all/function/internal_message.html?_=1640405601166&CODE_STATE=getMsg HTTP/1.1" 200 27
222.69.128.201 - - [25/Dec/2021:12:11:08 +0800] "GET /xingrg/javascript/easyui/themes/default/validatebox.css HTTP/1.1" 404 1104
222.69.128.201 - - [25/Dec/2021:12:11:09 +0800] "POST /xingrg/kc/base/wldb_order_operate.html HTTP/1.1" 200 10232
124.77.245.186 - - [25/Dec/2021:12:11:10 +0800] "GET /xingrg/all/function/internal_message.html?_=1640405490913&CODE_STATE=getMsg HTTP/1.1" 200 27
222.69.128.201 - - [25/Dec/2021:12:11:11 +0800] "POST /xingrg/kc/base/wldb_list_operate.html HTTP/1.1" 200 5403
61.170.234.223 - - [25/Dec/2021:12:11:11 +0800] "GET /xingrg/check_reg.html?_=1640405467347 HTTP/1.1" 200 22
180.175.103.30 - - [25/Dec/2021:12:11:12 +0800] "GET /xingrg/kc/base/wldb_order_operate.html?command=get_materiel&rest_code=00105&base_code=0010507&code=00101013102 HTTP/1.1" 200 432
101.80.229.199 - - [25/Dec/2021:12:11:15 +0800] "GET /xingrg/check_reg.html?_=1640405474480 HTTP/1.1" 200 22
116.227.210.113 - - [25/Dec/2021:12:11:17 +0800] "GET /xingrg/all/function/internal_message.html?_=1640405447998&CODE_STATE=getMsg HTTP/1.1" 200 27
180.175.103.30 - - [25/Dec/2021:12:11:19 +0800] "POST /xingrg/kc/base/wldb_order_operate.html HTTP/1.1" 200 37
180.175.103.30 - - [25/Dec/2021:12:11:19 +0800] "POST /xingrg/kc/base/wldb_order_operate.html HTTP/1.1" 200 4087
180.175.103.30 - - [25/Dec/2021:12:11:20 +0800] "GET /xingrg/kc/base/wldb_order_info.html?code=422021122502647 HTTP/1.1" 200 30289
61.170.234.223 - - [25/Dec/2021:12:11:21 +0800] "GET /xingrg/all/function/internal_message.html?_=1640405476668&CODE_STATE=getMsg HTTP/1.1" 200 27
180.175.103.30 - - [25/Dec/2021:12:11:21 +0800] "GET /xingrg/javascript/easyui/themes/default/validatebox.css HTTP/1.1" 404 1104
180.175.103.30 - - [25/Dec/2021:12:11:21 +0800] "POST /xingrg/kc/base/wldb_order_operate.html HTTP/1.1" 200 4087
124.79.247.218 - - [25/Dec/2021:12:11:27 +0800] "GET /xingrg/all/function/internal_message.html?_=1640405611126&CODE_STATE=getMsg HTTP/1.1" 200 27
180.157.251.97 - - [25/Dec/2021:12:11:27 +0800] "GET /xingrg/kc/buy/cgsh_order_operate.html?command=get_materiel&rest_code=00148&code=00101007061&supplier_code=00100004&order_time=2021-12-25 HTTP/1.1" 200 409
222.69.128.201 - - [25/Dec/2021:12:11:30 +0800] "GET /xingrg/check_reg.html?_=1640405487691 HTTP/1.1" 200 22
61.170.234.223 - - [25/Dec/2021:12:11:35 +0800] "GET /xingrg/all/function/internal_message.html?_=1640405497309&CODE_STATE=getMsg HTTP/1.1" 200 27
116.228.172.94 - - [25/Dec/2021:12:11:38 +0800] "GET /xingrg/all/function/internal_message.html?_=1640405491093&CODE_STATE=getMsg HTTP/1.1" 200 27
114.85.125.222 - - [25/Dec/2021:12:11:38 +0800] "GET /xingrg/all/function/internal_message.html?_=1640405443284&CODE_STATE=getMsg HTTP/1.1" 200 27
180.169.147.146 - - [25/Dec/2021:12:11:40 +0800] "GET /xingrg/all/function/internal_message.html?_=1640405495241&CODE_STATE=getMsg HTTP/1.1" 200 27
222.69.132.164 - - [25/Dec/2021:12:11:40 +0800] "GET /xingrg/all/function/internal_message.html?_=1640405528721&CODE_STATE=getMsg HTTP/1.1" 200 27
180.157.251.97 - - [25/Dec/2021:12:11:41 +0800] "GET /xingrg/kc/buy/cgsh_order_operate.html?command=get_materiel&rest_code=00148&code=00101007049&supplier_code=00100004&order_time=2021-12-25 HTTP/1.1" 200 409
116.238.208.177 - - [25/Dec/2021:12:11:42 +0800] "GET /xingrg/check_reg.html?_=1640405504771 HTTP/1.1" 200 22
116.238.208.177 - - [25/Dec/2021:12:11:42 +0800] "GET /xingrg/all/function/internal_message.html?_=1640405504775&CODE_STATE=getMsg HTTP/1.1" 200 27
180.175.103.30 - - [25/Dec/2021:12:11:45 +0800] "GET /xingrg/check_reg.html?_=1640405505661 HTTP/1.1" 200 22
180.175.103.30 - - [25/Dec/2021:12:11:45 +0800] "GET /xingrg/all/function/internal_message.html?_=1640405505664&CODE_STATE=getMsg HTTP/1.1" 200 27
101.85.120.86 - - [25/Dec/2021:12:11:46 +0800] "GET /xingrg/all/function/internal_message.html?_=1640405505039&CODE_STATE=getMsg HTTP/1.1" 200 27
58.40.7.146 - - [25/Dec/2021:12:11:47 +0800] "GET /xingrg/all/function/internal_message.html?_=1640405492904&CODE_STATE=getMsg HTTP/1.1" 200 27
180.157.251.97 - - [25/Dec/2021:12:11:49 +0800] "GET /xingrg/all/function/internal_message.html?_=1640405507646&CODE_STATE=getMsg HTTP/1.1" 200 27
101.80.229.199 - - [25/Dec/2021:12:11:49 +0800] "GET /xingrg/all/function/internal_message.html?_=1640405508967&CODE_STATE=getMsg HTTP/1.1" 200 27
114.86.230.235 - - [25/Dec/2021:12:11:49 +0800] "GET /xingrg/all/function/internal_message.html?_=1640405508775&CODE_STATE=getMsg HTTP/1.1" 200 27
180.157.251.97 - - [25/Dec/2021:12:11:51 +0800] "GET /xingrg/kc/buy/cgsh_order_operate.html?command=get_materiel&rest_code=00148&code=00101007125&supplier_code=00100004&order_time=2021-12-25 HTTP/1.1" 200 406
124.79.247.218 - - [25/Dec/2021:12:11:55 +0800] "GET /xingrg/kc/buy/cgsh_order_operate.html?command=get_materiel&rest_code=00104&code=00102003320&supplier_code=00100151&order_time=2021-12-25 HTTP/1.1" 200 416
222.69.128.201 - - [25/Dec/2021:12:12:00 +0800] "POST /xingrg/kc/base/wldb_list_operate.html HTTP/1.1" 200 4
180.157.251.97 - - [25/Dec/2021:12:12:01 +0800] "GET /xingrg/kc/buy/cgsh_order_operate.html?command=get_materiel&rest_code=00148&code=00101007081&supplier_code=00100004&order_time=2021-12-25 HTTP/1.1" 200 413
222.69.128.201 - - [25/Dec/2021:12:12:01 +0800] "POST /xingrg/kc/base/wldb_list_operate.html HTTP/1.1" 200 928
180.175.103.30 - - [25/Dec/2021:12:12:04 +0800] "GET /xingrg/all/function/internal_message.html?_=1640405459931&CODE_STATE=getMsg HTTP/1.1" 200 27
124.79.247.218 - - [25/Dec/2021:12:12:04 +0800] "GET /xingrg/all/function/internal_message.html?_=1640405548240&CODE_STATE=getMsg HTTP/1.1" 302 -
124.79.247.218 - - [25/Dec/2021:12:12:04 +0800] "GET /xingrg/login.html HTTP/1.1" 200 7641
116.238.208.177 - - [25/Dec/2021:12:12:05 +0800] "GET /xingrg/check_reg.html?_=1640405533033 HTTP/1.1" 200 22
116.238.208.177 - - [25/Dec/2021:12:12:06 +0800] "GET /xingrg/all/function/internal_message.html?_=1640405534100&CODE_STATE=getMsg HTTP/1.1" 200 27
180.162.114.48 - - [25/Dec/2021:12:12:07 +0800] "GET /xingrg/all/function/internal_message.html?_=1640404960745&CODE_STATE=getMsg HTTP/1.1" 200 27
120.253.135.82 - - [25/Dec/2021:12:12:08 +0800] "GET /xingrg/all/function/internal_message.html?_=1640405661178&CODE_STATE=getMsg HTTP/1.1" 200 27
124.77.245.186 - - [25/Dec/2021:12:12:10 +0800] "GET /xingrg/all/function/internal_message.html?_=1640405550926&CODE_STATE=getMsg HTTP/1.1" 200 27
180.157.251.97 - - [25/Dec/2021:12:12:14 +0800] "POST /xingrg/kc/buy/cgsh_order_operate.html HTTP/1.1" 200 37
180.157.251.97 - - [25/Dec/2021:12:12:16 +0800] "POST /xingrg/kc/buy/cgsh_order_operate.html HTTP/1.1" 200 5611
180.157.251.97 - - [25/Dec/2021:12:12:17 +0800] "GET /xingrg/kc/print/report_design.html?orderType=cgsh HTTP/1.1" 200 8625
180.157.251.97 - - [25/Dec/2021:12:12:17 +0800] "GET /xingrg/css/design.css HTTP/1.1" 304 -
180.157.251.97 - - [25/Dec/2021:12:12:17 +0800] "GET /xingrg/javascript/easyui/themes/sunny/easyui.css HTTP/1.1" 304 -
180.157.251.97 - - [25/Dec/2021:12:12:17 +0800] "GET /xingrg/javascript/print/report.helper.js HTTP/1.1" 304 -
180.157.251.97 - - [25/Dec/2021:12:12:17 +0800] "GET /xingrg/javascript/easyui/jquery.easyui.min.js HTTP/1.1" 304 -
180.157.251.97 - - [25/Dec/2021:12:12:17 +0800] "GET /xingrg/javascript/print/report.js HTTP/1.1" 304 -
180.157.251.97 - - [25/Dec/2021:12:12:17 +0800] "GET /xingrg/javascript/easyui/themes/sunny/images/ui-bg_highlight-soft_100_feeebd_1x100.png HTTP/1.1" 304 -
180.157.251.97 - - [25/Dec/2021:12:12:17 +0800] "GET /xingrg/kc/print/design_operate.html?_=1640405536143&command=load_config&code=cgsh HTTP/1.1" 200 2853
180.157.251.97 - - [25/Dec/2021:12:12:17 +0800] "GET /xingrg/javascript/easyui/themes/sunny/images/ui-bg_gloss-wave_45_817865_500x100.png HTTP/1.1" 304 -
180.157.251.97 - - [25/Dec/2021:12:12:17 +0800] "GET /xingrg/javascript/easyui/themes/sunny/images/ui-icons_fadc7a_256x240.png HTTP/1.1" 304 -
180.157.251.97 - - [25/Dec/2021:12:12:17 +0800] "GET /xingrg/javascript/easyui/themes/sunny/images/blank.gif HTTP/1.1" 304 -
180.157.251.97 - - [25/Dec/2021:12:12:17 +0800] "GET /xingrg/javascript/easyui/themes/sunny/images/ui-bg_gloss-wave_70_ffdd57_500x100.png HTTP/1.1" 304 -
180.157.251.97 - - [25/Dec/2021:12:12:17 +0800] "GET /xingrg/javascript/easyui/themes/sunny/images/ui-icons_bd7b00_256x240.png HTTP/1.1" 304 -
180.157.251.97 - - [25/Dec/2021:12:12:17 +0800] "GET /favicon.ico HTTP/1.1" 404 -
180.157.251.97 - - [25/Dec/2021:12:12:17 +0800] "GET /xingrg/css/images/background.png HTTP/1.1" 304 -
116.227.210.113 - - [25/Dec/2021:12:12:17 +0800] "GET /xingrg/all/function/internal_message.html?_=1640405507999&CODE_STATE=getMsg HTTP/1.1" 200 27
180.157.251.97 - - [25/Dec/2021:12:12:19 +0800] "GET /xingrg/kc/print/load_config.html?kc_code=cgsh HTTP/1.1" 200 1943
180.157.251.97 - - [25/Dec/2021:12:12:19 +0800] "GET /xingrg/kc/print/load_data.html?order_code=212021122510632&kc_code=cgsh&condition= HTTP/1.1" 200 1849
61.170.234.223 - - [25/Dec/2021:12:12:21 +0800] "GET /xingrg/all/function/internal_message.html?_=1640405536640&CODE_STATE=getMsg HTTP/1.1" 200 27
124.79.247.218 - - [25/Dec/2021:12:12:27 +0800] "GET /xingrg/check_reg.html?_=1640405671124 HTTP/1.1" 200 22
124.79.247.218 - - [25/Dec/2021:12:12:27 +0800] "GET /xingrg/all/function/internal_message.html?_=1640405671125&CODE_STATE=getMsg HTTP/1.1" 200 27
61.170.234.223 - - [25/Dec/2021:12:12:35 +0800] "GET /xingrg/all/function/internal_message.html?_=1640405557310&CODE_STATE=getMsg HTTP/1.1" 200 27
114.85.125.222 - - [25/Dec/2021:12:12:37 +0800] "GET /xingrg/check_reg.html?_=1640405502267 HTTP/1.1" 200 22
116.228.172.94 - - [25/Dec/2021:12:12:38 +0800] "GET /xingrg/all/function/internal_message.html?_=1640405551090&CODE_STATE=getMsg HTTP/1.1" 200 27
116.228.172.94 - - [25/Dec/2021:12:12:38 +0800] "GET /xingrg/check_reg.html?_=1640405551094 HTTP/1.1" 200 22
114.85.125.222 - - [25/Dec/2021:12:12:38 +0800] "GET /xingrg/all/function/internal_message.html?_=1640405503297&CODE_STATE=getMsg HTTP/1.1" 200 27
180.169.147.146 - - [25/Dec/2021:12:12:40 +0800] "GET /xingrg/all/function/internal_message.html?_=1640405555239&CODE_STATE=getMsg HTTP/1.1" 200 27
180.169.147.146 - - [25/Dec/2021:12:12:40 +0800] "GET /xingrg/check_reg.html?_=1640405555241 HTTP/1.1" 200 22
222.69.132.164 - - [25/Dec/2021:12:12:40 +0800] "GET /xingrg/all/function/internal_message.html?_=1640405588713&CODE_STATE=getMsg HTTP/1.1" 200 27
180.157.251.97 - - [25/Dec/2021:12:12:41 +0800] "GET /xingrg/kc/buy/cgsh_order_add.html HTTP/1.1" 200 65208
180.157.251.97 - - [25/Dec/2021:12:12:41 +0800] "POST /xingrg/kc/buy/cgsh_order_operate.html HTTP/1.1" 200 8245
180.157.251.97 - - [25/Dec/2021:12:12:41 +0800] "GET /xingrg/javascript/easyui/themes/default/validatebox.css HTTP/1.1" 404 1104
116.238.208.177 - - [25/Dec/2021:12:12:42 +0800] "GET /xingrg/all/function/internal_message.html?_=1640405564783&CODE_STATE=getMsg HTTP/1.1" 200 27
180.175.103.30 - - [25/Dec/2021:12:12:45 +0800] "GET /xingrg/all/function/internal_message.html?_=1640405565649&CODE_STATE=getMsg HTTP/1.1" 200 27
101.85.120.86 - - [25/Dec/2021:12:12:46 +0800] "GET /xingrg/all/function/internal_message.html?_=1640405565041&CODE_STATE=getMsg HTTP/1.1" 200 27
58.40.7.146 - - [25/Dec/2021:12:12:47 +0800] "GET /xingrg/all/function/internal_message.html?_=1640405552889&CODE_STATE=getMsg HTTP/1.1" 200 27
180.157.251.97 - - [25/Dec/2021:12:12:49 +0800] "GET /xingrg/all/function/internal_message.html?_=1640405567618&CODE_STATE=getMsg HTTP/1.1" 200 27
101.80.229.199 - - [25/Dec/2021:12:12:49 +0800] "GET /xingrg/all/function/internal_message.html?_=1640405568938&CODE_STATE=getMsg HTTP/1.1" 200 27
114.86.230.235 - - [25/Dec/2021:12:12:49 +0800] "GET /xingrg/all/function/internal_message.html?_=1640405568780&CODE_STATE=getMsg HTTP/1.1" 200 27
180.157.251.97 - - [25/Dec/2021:12:12:58 +0800] "GET /xingrg/kc/buy/cgsh_order_operate.html?command=get_materiel&rest_code=00148&code=00101011002&supplier_code=00100036&order_time=2021-12-25 HTTP/1.1" 200 426
114.86.230.235 - - [25/Dec/2021:12:13:00 +0800] "GET /xingrg/kc/report/report_main.html HTTP/1.1" 200 7340
114.86.230.235 - - [25/Dec/2021:12:13:00 +0800] "GET /xingrg/javascript/jquery_easy_ui/themes/icons/back_new.png HTTP/1.1" 200 3414
114.86.230.235 - - [25/Dec/2021:12:13:01 +0800] "GET /xingrg/kc/base/kc_stocks.html HTTP/1.1" 200 16437
114.86.230.235 - - [25/Dec/2021:12:13:01 +0800] "GET /xingrg/javascript/easyui/themes/sunny/easyui.css HTTP/1.1" 200 34304
114.86.230.235 - - [25/Dec/2021:12:13:02 +0800] "GET /xingrg/javascript/easyui/themes/icons/print_new.png HTTP/1.1" 200 3580
114.86.230.235 - - [25/Dec/2021:12:13:02 +0800] "GET /xingrg/javascript/easyui/themes/icons/filter_new.png HTTP/1.1" 200 795
114.86.230.235 - - [25/Dec/2021:12:13:02 +0800] "GET /xingrg/javascript/easyui/themes/icons/refresh_new.png HTTP/1.1" 200 685
114.86.230.235 - - [25/Dec/2021:12:13:02 +0800] "GET /xingrg/javascript/easyui/plugins/jquery.draggable.js HTTP/1.1" 200 6121
114.86.230.235 - - [25/Dec/2021:12:13:02 +0800] "GET /xingrg/javascript/easyui/plugins/jquery.droppable.js HTTP/1.1" 200 1167
114.86.230.235 - - [25/Dec/2021:12:13:02 +0800] "GET /xingrg/javascript/easyui/themes/default/tree.css HTTP/1.1" 404 1090
114.86.230.235 - - [25/Dec/2021:12:13:02 +0800] "GET /xingrg/javascript/easyui/plugins/jquery.tree.js HTTP/1.1" 200 20874
114.86.230.235 - - [25/Dec/2021:12:13:02 +0800] "GET /xingrg/all/common/auto_word.html?type=base&rest_code=00109 HTTP/1.1" 200 1907
114.86.230.235 - - [25/Dec/2021:12:13:02 +0800] "POST /xingrg/all/common/load_tree.html?tree=materiel_sort_tree_json HTTP/1.1" 200 9388
114.86.230.235 - - [25/Dec/2021:12:13:02 +0800] "GET /xingrg/javascript/easyui/themes/sunny/images/tree_folder_open.gif HTTP/1.1" 200 956
114.86.230.235 - - [25/Dec/2021:12:13:02 +0800] "GET /xingrg/javascript/easyui/themes/sunny/images/tree_arrows.gif HTTP/1.1" 200 617
114.86.230.235 - - [25/Dec/2021:12:13:02 +0800] "GET /xingrg/javascript/easyui/themes/sunny/images/tree_folder.gif HTTP/1.1" 200 952
114.86.230.235 - - [25/Dec/2021:12:13:02 +0800] "GET /xingrg/javascript/easyui/themes/sunny/images/ui-bg_gloss-wave_70_ffdd57_500x100.png HTTP/1.1" 200 3830
180.175.103.30 - - [25/Dec/2021:12:13:04 +0800] "GET /xingrg/all/function/internal_message.html?_=1640405519931&CODE_STATE=getMsg HTTP/1.1" 200 27
124.79.247.218 - - [25/Dec/2021:12:13:04 +0800] "GET /xingrg/all/function/internal_message.html?_=1640405608255&CODE_STATE=getMsg HTTP/1.1" 302 -
124.79.247.218 - - [25/Dec/2021:12:13:04 +0800] "GET /xingrg/login.html HTTP/1.1" 200 7641
116.238.208.177 - - [25/Dec/2021:12:13:06 +0800] "GET /xingrg/all/function/internal_message.html?_=1640405594113&CODE_STATE=getMsg HTTP/1.1" 200 27
180.162.114.48 - - [25/Dec/2021:12:13:07 +0800] "GET /xingrg/all/function/internal_message.html?_=1640405020747&CODE_STATE=getMsg HTTP/1.1" 200 27
180.162.114.48 - - [25/Dec/2021:12:13:07 +0800] "GET /xingrg/check_reg.html?_=1640405020744 HTTP/1.1" 200 22
120.253.135.82 - - [25/Dec/2021:12:13:08 +0800] "GET /xingrg/all/function/internal_message.html?_=1640405721191&CODE_STATE=getMsg HTTP/1.1" 200 27
180.157.251.97 - - [25/Dec/2021:12:13:10 +0800] "GET /xingrg/kc/buy/cgsh_order_operate.html?command=get_materiel&rest_code=00148&code=00101011001&supplier_code=00100036&order_time=2021-12-25 HTTP/1.1" 200 423
124.77.245.186 - - [25/Dec/2021:12:13:10 +0800] "GET /xingrg/all/function/internal_message.html?_=1640405611421&CODE_STATE=getMsg HTTP/1.1" 200 27
61.170.234.223 - - [25/Dec/2021:12:13:10 +0800] "POST /xingrg/dwr/call/plaincall/AjaxQqpsService.getMaterielByCode.dwr HTTP/1.1" 200 2632
61.170.234.223 - - [25/Dec/2021:12:13:13 +0800] "POST /xingrg/dwr/call/plaincall/AjaxQqpsService.saveMaterielItem.dwr HTTP/1.1" 200 79
116.227.210.113 - - [25/Dec/2021:12:13:14 +0800] "POST /xingrg/services/DataTransmitService HTTP/1.1" 200 524
116.227.210.113 - - [25/Dec/2021:12:13:14 +0800] "POST /xingrg/services/DataTransmitService HTTP/1.1" 200 412
124.79.247.218 - - [25/Dec/2021:12:13:15 +0800] "POST /xingrg/kc/buy/cgsh_order_operate.html HTTP/1.1" 200 37
114.86.230.235 - - [25/Dec/2021:12:13:16 +0800] "GET /xingrg/index.html?sysBaseUrl=http%3A%2F%2F180.169.147.146%3A18081%2Fxingrg%2F&costTime=60×tamp=1640395549033 HTTP/1.1" 200 17173
114.86.230.235 - - [25/Dec/2021:12:13:16 +0800] "GET /xingrg/css/form.css HTTP/1.1" 200 893
114.86.230.235 - - [25/Dec/2021:12:13:16 +0800] "GET /xingrg/javascript/jquery_easy_ui/themes/icon.css HTTP/1.1" 200 3949
114.86.230.235 - - [25/Dec/2021:12:13:16 +0800] "GET /xingrg/javascript/jquery_easy_ui/easyui-lang-zh_CN.js HTTP/1.1" 200 1900
114.86.230.235 - - [25/Dec/2021:12:13:16 +0800] "GET /xingrg/javascript/jquery_easy_ui/jquery.easyui.min.js HTTP/1.1" 200 213662
114.86.230.235 - - [25/Dec/2021:12:13:16 +0800] "GET /xingrg/javascript/jquery-1.4.2.min.js HTTP/1.1" 200 72205
114.86.230.235 - - [25/Dec/2021:12:13:16 +0800] "GET /xingrg/images/blue/jxLogo.png HTTP/1.1" 200 6156
114.86.230.235 - - [25/Dec/2021:12:13:16 +0800] "GET /xingrg/javascript/jquery.timers.js HTTP/1.1" 200 3532
114.86.230.235 - - [25/Dec/2021:12:13:16 +0800] "GET /xingrg/javascript/jquery_easy_ui/themes/default/easyui.css HTTP/1.1" 200 26500
114.86.230.235 - - [25/Dec/2021:12:13:16 +0800] "GET /xingrg/javascript/jquery.utils.js HTTP/1.1" 200 11805
114.86.230.235 - - [25/Dec/2021:12:13:16 +0800] "GET /xingrg/javascript/jquery.form.js HTTP/1.1" 200 23110
114.86.230.235 - - [25/Dec/2021:12:13:16 +0800] "POST /xingrg/all/common/load_tree.html?tree=area_rest_tree_json&manage=1 HTTP/1.1" 200 342
114.86.230.235 - - [25/Dec/2021:12:13:16 +0800] "GET /xingrg/all/function/internal_message.html?_=1640405595814&CODE_STATE=count HTTP/1.1" 200 11
114.86.230.235 - - [25/Dec/2021:12:13:16 +0800] "GET /xingrg/check_reg.html?_=1640405595814 HTTP/1.1" 200 22
114.86.230.235 - - [25/Dec/2021:12:13:16 +0800] "GET /xingrg/javascript/jquery_easy_ui/themes/icons/settle_new.png HTTP/1.1" 200 826
114.86.230.235 - - [25/Dec/2021:12:13:16 +0800] "GET /xingrg/images/blue/pingpu.png HTTP/1.1" 200 231
114.86.230.235 - - [25/Dec/2021:12:13:16 +0800] "GET /xingrg/javascript/jquery_easy_ui/themes/default/images/tabs_rightarrow.png HTTP/1.1" 200 395
114.86.230.235 - - [25/Dec/2021:12:13:16 +0800] "GET /xingrg/javascript/jquery_easy_ui/themes/default/images/tabs_leftarrow.png HTTP/1.1" 200 389
114.86.230.235 - - [25/Dec/2021:12:13:16 +0800] "GET /xingrg/javascript/jquery_easy_ui/themes/default/images/panel_tool_collapse.gif HTTP/1.1" 200 246
114.86.230.235 - - [25/Dec/2021:12:13:16 +0800] "GET /xingrg/images/blue/navBackgound.jpg HTTP/1.1" 200 12378
