114.85.125.222 - - [25/Dec/2021:11:56:33 +0800] "GET /xingrg/kc/buy/cgsh_order_list.html HTTP/1.1" 200 49486
114.85.125.222 - - [25/Dec/2021:11:56:34 +0800] "POST /xingrg/kc/buy/cgsh_list_operate.html HTTP/1.1" 200 876
114.85.125.222 - - [25/Dec/2021:11:56:34 +0800] "GET /xingrg/kc/buy/cgsh_order_add.html HTTP/1.1" 200 65144
61.170.234.223 - - [25/Dec/2021:11:56:34 +0800] "GET /xingrg/all/function/internal_message.html?_=1640404597282&CODE_STATE=getMsg HTTP/1.1" 200 27
114.85.125.222 - - [25/Dec/2021:11:56:35 +0800] "POST /xingrg/kc/buy/cgsh_order_operate.html HTTP/1.1" 200 8245
114.85.125.222 - - [25/Dec/2021:11:56:35 +0800] "GET /xingrg/javascript/easyui/themes/default/validatebox.css HTTP/1.1" 404 1104
114.85.125.222 - - [25/Dec/2021:11:56:36 +0800] "GET /xingrg/javascript/auto/indicator.gif HTTP/1.1" 404 1066
116.228.172.94 - - [25/Dec/2021:11:56:38 +0800] "GET /xingrg/all/function/internal_message.html?_=1640404591095&CODE_STATE=getMsg HTTP/1.1" 200 27
114.85.125.222 - - [25/Dec/2021:11:56:38 +0800] "GET /xingrg/all/function/internal_message.html?_=1640404543081&CODE_STATE=getMsg HTTP/1.1" 200 27
222.69.132.164 - - [25/Dec/2021:11:56:40 +0800] "GET /xingrg/all/function/internal_message.html?_=1640404628723&CODE_STATE=getMsg HTTP/1.1" 200 27
116.238.208.177 - - [25/Dec/2021:11:56:42 +0800] "GET /xingrg/all/function/internal_message.html?_=1640404604747&CODE_STATE=getMsg HTTP/1.1" 200 27
116.238.208.177 - - [25/Dec/2021:11:56:42 +0800] "GET /xingrg/check_reg.html?_=1640404604751 HTTP/1.1" 200 22
180.175.103.30 - - [25/Dec/2021:11:56:45 +0800] "GET /xingrg/check_reg.html?_=1640404605637 HTTP/1.1" 200 22
180.175.103.30 - - [25/Dec/2021:11:56:45 +0800] "GET /xingrg/all/function/internal_message.html?_=1640404605640&CODE_STATE=getMsg HTTP/1.1" 200 27
114.85.125.222 - - [25/Dec/2021:11:56:46 +0800] "GET /xingrg/kc/buy/cgsh_order_operate.html?command=get_materiel&rest_code=00150&code=00101002022&supplier_code=00100400&order_time=2021-12-25 HTTP/1.1" 200 409
101.85.120.86 - - [25/Dec/2021:11:56:46 +0800] "GET /xingrg/all/function/internal_message.html?_=1640404605021&CODE_STATE=getMsg HTTP/1.1" 200 27
222.69.128.201 - - [25/Dec/2021:11:56:47 +0800] "GET /xingrg/kc/base/wldb_order_operate.html?command=get_materiel&rest_code=00149&base_code=0010395&code=00102002558 HTTP/1.1" 200 447
58.40.7.146 - - [25/Dec/2021:11:56:47 +0800] "GET /xingrg/all/function/internal_message.html?_=1640404592890&CODE_STATE=getMsg HTTP/1.1" 200 27
114.86.230.235 - - [25/Dec/2021:11:56:49 +0800] "GET /xingrg/all/function/internal_message.html?_=1640404608738&CODE_STATE=getMsg HTTP/1.1" 200 27
101.80.229.199 - - [25/Dec/2021:11:56:49 +0800] "GET /xingrg/all/function/internal_message.html?_=1640404609348&CODE_STATE=getMsg HTTP/1.1" 200 27
222.69.128.201 - - [25/Dec/2021:11:56:55 +0800] "GET /xingrg/kc/base/wldb_order_operate.html?command=get_materiel&rest_code=00149&base_code=0010395&code=00102002269 HTTP/1.1" 200 432
114.85.125.222 - - [25/Dec/2021:11:56:56 +0800] "POST /xingrg/kc/buy/cgsh_order_operate.html HTTP/1.1" 200 37
114.85.125.222 - - [25/Dec/2021:11:56:59 +0800] "POST /xingrg/kc/buy/cgsh_order_operate.html HTTP/1.1" 200 12
114.85.125.222 - - [25/Dec/2021:11:57:00 +0800] "GET /xingrg/kc/buy/cgsh_order_info.html?code=212021122510631 HTTP/1.1" 200 60055
114.85.125.222 - - [25/Dec/2021:11:57:00 +0800] "GET /xingrg/javascript/easyui/themes/default/validatebox.css HTTP/1.1" 404 1104
114.85.125.222 - - [25/Dec/2021:11:57:01 +0800] "POST /xingrg/kc/buy/cgsh_order_operate.html HTTP/1.1" 200 606
124.79.247.218 - - [25/Dec/2021:11:57:01 +0800] "GET /xingrg/all/function/internal_message.html?_=1640404645494&CODE_STATE=getMsg HTTP/1.1" 200 27
114.85.125.222 - - [25/Dec/2021:11:57:03 +0800] "GET /xingrg/kc/print/load_data.html?order_code=212021122510631&kc_code=cgsh&condition= HTTP/1.1" 200 713
116.238.208.177 - - [25/Dec/2021:11:57:05 +0800] "GET /xingrg/check_reg.html?_=1640404633014 HTTP/1.1" 200 22
116.238.208.177 - - [25/Dec/2021:11:57:06 +0800] "GET /xingrg/all/function/internal_message.html?_=1640404633896&CODE_STATE=getMsg HTTP/1.1" 200 27
180.162.114.48 - - [25/Dec/2021:11:57:07 +0800] "GET /xingrg/all/function/internal_message.html?_=1640404060742&CODE_STATE=getMsg HTTP/1.1" 200 27
124.77.245.186 - - [25/Dec/2021:11:57:07 +0800] "GET /xingrg/all/function/internal_message.html?_=1640404647882&CODE_STATE=getMsg HTTP/1.1" 200 27
116.227.210.113 - - [25/Dec/2021:11:57:17 +0800] "GET /xingrg/all/function/internal_message.html?_=1640404607996&CODE_STATE=getMsg HTTP/1.1" 200 27
61.170.234.223 - - [25/Dec/2021:11:57:21 +0800] "GET /xingrg/all/function/internal_message.html?_=1640404636968&CODE_STATE=getMsg HTTP/1.1" 200 27
222.69.128.201 - - [25/Dec/2021:11:57:27 +0800] "POST /xingrg/kc/base/wldb_order_operate.html HTTP/1.1" 200 37
222.69.128.201 - - [25/Dec/2021:11:57:27 +0800] "POST /xingrg/kc/base/wldb_order_operate.html HTTP/1.1" 200 6577
222.69.128.201 - - [25/Dec/2021:11:57:28 +0800] "GET /xingrg/kc/base/wldb_order_info.html?code=422021122502636 HTTP/1.1" 200 30297
222.69.128.201 - - [25/Dec/2021:11:57:29 +0800] "GET /xingrg/javascript/easyui/themes/default/validatebox.css HTTP/1.1" 404 1104
222.69.128.201 - - [25/Dec/2021:11:57:29 +0800] "POST /xingrg/kc/base/wldb_order_operate.html HTTP/1.1" 200 6577
222.69.128.201 - - [25/Dec/2021:11:57:33 +0800] "GET /xingrg/kc/base/wldb_order_add.html HTTP/1.1" 200 30280
222.69.128.201 - - [25/Dec/2021:11:57:33 +0800] "POST /xingrg/kc/base/wldb_order_operate.html HTTP/1.1" 200 6806
222.69.128.201 - - [25/Dec/2021:11:57:34 +0800] "GET /xingrg/javascript/easyui/themes/default/validatebox.css HTTP/1.1" 404 1104
61.170.234.223 - - [25/Dec/2021:11:57:34 +0800] "GET /xingrg/all/function/internal_message.html?_=1640404657282&CODE_STATE=getMsg HTTP/1.1" 200 27
114.85.125.222 - - [25/Dec/2021:11:57:37 +0800] "GET /xingrg/check_reg.html?_=1640404602220 HTTP/1.1" 200 22
116.228.172.94 - - [25/Dec/2021:11:57:38 +0800] "GET /xingrg/check_reg.html?_=1640404651099 HTTP/1.1" 200 22
116.228.172.94 - - [25/Dec/2021:11:57:38 +0800] "GET /xingrg/all/function/internal_message.html?_=1640404651108&CODE_STATE=getMsg HTTP/1.1" 200 27
114.85.125.222 - - [25/Dec/2021:11:57:38 +0800] "GET /xingrg/all/function/internal_message.html?_=1640404603094&CODE_STATE=getMsg HTTP/1.1" 200 27
222.69.132.164 - - [25/Dec/2021:11:57:40 +0800] "GET /xingrg/all/function/internal_message.html?_=1640404688716&CODE_STATE=getMsg HTTP/1.1" 200 27
222.69.128.201 - - [25/Dec/2021:11:57:41 +0800] "GET /xingrg/kc/base/wldb_order_operate.html?command=get_materiel&rest_code=00149&base_code=0010395&code=00102002603 HTTP/1.1" 200 416
116.238.208.177 - - [25/Dec/2021:11:57:42 +0800] "GET /xingrg/all/function/internal_message.html?_=1640404664751&CODE_STATE=getMsg HTTP/1.1" 200 27
180.175.103.30 - - [25/Dec/2021:11:57:45 +0800] "GET /xingrg/all/function/internal_message.html?_=1640404665625&CODE_STATE=getMsg HTTP/1.1" 200 27
101.85.120.86 - - [25/Dec/2021:11:57:46 +0800] "GET /xingrg/all/function/internal_message.html?_=1640404665023&CODE_STATE=getMsg HTTP/1.1" 200 27
58.40.7.146 - - [25/Dec/2021:11:57:47 +0800] "GET /xingrg/all/function/internal_message.html?_=1640404652891&CODE_STATE=getMsg HTTP/1.1" 200 27
114.86.230.235 - - [25/Dec/2021:11:57:49 +0800] "GET /xingrg/all/function/internal_message.html?_=1640404668740&CODE_STATE=getMsg HTTP/1.1" 200 27
101.80.229.199 - - [25/Dec/2021:11:57:49 +0800] "GET /xingrg/all/function/internal_message.html?_=1640404669318&CODE_STATE=getMsg HTTP/1.1" 200 27
222.69.128.201 - - [25/Dec/2021:11:57:57 +0800] "GET /xingrg/kc/base/wldb_order_operate.html?command=get_materiel&rest_code=00149&base_code=0010395&code=00102002410 HTTP/1.1" 200 439
124.79.247.218 - - [25/Dec/2021:11:58:02 +0800] "GET /xingrg/all/function/internal_message.html?_=1640404705839&CODE_STATE=getMsg HTTP/1.1" 200 27
116.238.208.177 - - [25/Dec/2021:11:58:06 +0800] "GET /xingrg/all/function/internal_message.html?_=1640404693909&CODE_STATE=getMsg HTTP/1.1" 200 27
180.162.114.48 - - [25/Dec/2021:11:58:07 +0800] "GET /xingrg/check_reg.html?_=1640404120742 HTTP/1.1" 200 22
180.162.114.48 - - [25/Dec/2021:11:58:07 +0800] "GET /xingrg/all/function/internal_message.html?_=1640404120745&CODE_STATE=getMsg HTTP/1.1" 200 27
124.77.245.186 - - [25/Dec/2021:11:58:07 +0800] "GET /xingrg/all/function/internal_message.html?_=1640404708333&CODE_STATE=getMsg HTTP/1.1" 200 27
222.69.128.201 - - [25/Dec/2021:11:58:17 +0800] "POST /xingrg/kc/base/wldb_order_operate.html HTTP/1.1" 200 37
222.69.128.201 - - [25/Dec/2021:11:58:17 +0800] "POST /xingrg/kc/base/wldb_order_operate.html HTTP/1.1" 200 3146
222.69.128.201 - - [25/Dec/2021:11:58:17 +0800] "GET /xingrg/kc/base/wldb_order_info.html?code=422021122502637 HTTP/1.1" 200 30295
116.227.210.113 - - [25/Dec/2021:11:58:17 +0800] "GET /xingrg/all/function/internal_message.html?_=1640404668004&CODE_STATE=getMsg HTTP/1.1" 200 27
222.69.128.201 - - [25/Dec/2021:11:58:18 +0800] "GET /xingrg/javascript/easyui/themes/default/validatebox.css HTTP/1.1" 404 1104
222.69.128.201 - - [25/Dec/2021:11:58:18 +0800] "POST /xingrg/kc/base/wldb_order_operate.html HTTP/1.1" 200 3146
222.69.128.201 - - [25/Dec/2021:11:58:20 +0800] "GET /xingrg/kc/base/wldb_order_add.html HTTP/1.1" 200 30280
222.69.128.201 - - [25/Dec/2021:11:58:21 +0800] "POST /xingrg/kc/base/wldb_order_operate.html HTTP/1.1" 200 6806
222.69.128.201 - - [25/Dec/2021:11:58:21 +0800] "GET /xingrg/javascript/easyui/themes/default/validatebox.css HTTP/1.1" 404 1104
61.170.234.223 - - [25/Dec/2021:11:58:21 +0800] "GET /xingrg/all/function/internal_message.html?_=1640404696935&CODE_STATE=getMsg HTTP/1.1" 200 27
222.69.128.201 - - [25/Dec/2021:11:58:30 +0800] "GET /xingrg/kc/base/wldb_order_operate.html?command=get_materiel&rest_code=00149&base_code=0010394&code=00101019222 HTTP/1.1" 200 454
61.170.234.223 - - [25/Dec/2021:11:58:34 +0800] "GET /xingrg/check_reg.html?_=1640404717283 HTTP/1.1" 200 22
61.170.234.223 - - [25/Dec/2021:11:58:34 +0800] "GET /xingrg/all/function/internal_message.html?_=1640404717286&CODE_STATE=getMsg HTTP/1.1" 200 27
222.69.128.201 - - [25/Dec/2021:11:58:36 +0800] "GET /xingrg/kc/base/wldb_order_operate.html?command=get_materiel&rest_code=00149&base_code=0010394&code=00101019400 HTTP/1.1" 200 451
116.228.172.94 - - [25/Dec/2021:11:58:38 +0800] "GET /xingrg/all/function/internal_message.html?_=1640404711090&CODE_STATE=getMsg HTTP/1.1" 200 27
114.85.125.222 - - [25/Dec/2021:11:58:38 +0800] "GET /xingrg/all/function/internal_message.html?_=1640404663106&CODE_STATE=getMsg HTTP/1.1" 200 27
222.69.128.201 - - [25/Dec/2021:11:58:39 +0800] "GET /xingrg/kc/base/wldb_order_operate.html?command=get_materiel&rest_code=00149&base_code=0010394&code=00101019184 HTTP/1.1" 200 444
222.69.132.164 - - [25/Dec/2021:11:58:40 +0800] "GET /xingrg/all/function/internal_message.html?_=1640404748706&CODE_STATE=getMsg HTTP/1.1" 200 27
116.238.208.177 - - [25/Dec/2021:11:58:42 +0800] "GET /xingrg/all/function/internal_message.html?_=1640404724752&CODE_STATE=getMsg HTTP/1.1" 200 27
222.69.128.201 - - [25/Dec/2021:11:58:43 +0800] "GET /xingrg/kc/base/wldb_order_operate.html?command=get_materiel&rest_code=00149&base_code=0010394&code=00101019071 HTTP/1.1" 200 455
180.175.103.30 - - [25/Dec/2021:11:58:45 +0800] "GET /xingrg/all/function/internal_message.html?_=1640404725625&CODE_STATE=getMsg HTTP/1.1" 200 27
101.85.120.86 - - [25/Dec/2021:11:58:46 +0800] "GET /xingrg/all/function/internal_message.html?_=1640404725024&CODE_STATE=getMsg HTTP/1.1" 200 27
222.69.128.201 - - [25/Dec/2021:11:58:47 +0800] "GET /xingrg/kc/base/wldb_order_operate.html?command=get_materiel&rest_code=00149&base_code=0010394&code=00101019405 HTTP/1.1" 200 468
58.40.7.146 - - [25/Dec/2021:11:58:47 +0800] "GET /xingrg/all/function/internal_message.html?_=1640404712896&CODE_STATE=getMsg HTTP/1.1" 200 27
114.86.230.235 - - [25/Dec/2021:11:58:49 +0800] "GET /xingrg/all/function/internal_message.html?_=1640404728743&CODE_STATE=getMsg HTTP/1.1" 200 27
101.80.229.199 - - [25/Dec/2021:11:58:49 +0800] "GET /xingrg/all/function/internal_message.html?_=1640404729291&CODE_STATE=getMsg HTTP/1.1" 200 27
222.69.128.201 - - [25/Dec/2021:11:58:51 +0800] "GET /xingrg/kc/base/wldb_order_operate.html?command=get_materiel&rest_code=00149&base_code=0010394&code=00101019253 HTTP/1.1" 200 468
222.69.128.201 - - [25/Dec/2021:11:58:56 +0800] "GET /xingrg/kc/base/wldb_order_operate.html?command=get_materiel&rest_code=00149&base_code=0010394&code=00101019243 HTTP/1.1" 200 465
124.79.247.218 - - [25/Dec/2021:11:59:02 +0800] "GET /xingrg/all/function/internal_message.html?_=1640404765850&CODE_STATE=getMsg HTTP/1.1" 200 27
180.169.147.146 - - [25/Dec/2021:11:59:05 +0800] "GET /xingrg/check_reg.html?_=1640404740418 HTTP/1.1" 302 -
116.238.208.177 - - [25/Dec/2021:11:59:06 +0800] "GET /xingrg/all/function/internal_message.html?_=1640404753923&CODE_STATE=getMsg HTTP/1.1" 200 27
180.162.114.48 - - [25/Dec/2021:11:59:07 +0800] "GET /xingrg/all/function/internal_message.html?_=1640404180745&CODE_STATE=getMsg HTTP/1.1" 200 27
124.77.245.186 - - [25/Dec/2021:11:59:08 +0800] "GET /xingrg/all/function/internal_message.html?_=1640404768346&CODE_STATE=getMsg HTTP/1.1" 200 27
116.227.210.113 - - [25/Dec/2021:11:59:17 +0800] "GET /xingrg/all/function/internal_message.html?_=1640404728003&CODE_STATE=getMsg HTTP/1.1" 200 27
222.69.128.201 - - [25/Dec/2021:11:59:19 +0800] "GET /xingrg/kc/base/wldb_order_operate.html?command=get_materiel&rest_code=00149&base_code=0010394&code=00101019536 HTTP/1.1" 200 471
61.170.234.223 - - [25/Dec/2021:11:59:21 +0800] "GET /xingrg/all/function/internal_message.html?_=1640404756917&CODE_STATE=getMsg HTTP/1.1" 200 27
222.69.128.201 - - [25/Dec/2021:11:59:23 +0800] "GET /xingrg/kc/base/wldb_order_operate.html?command=get_materiel&rest_code=00149&base_code=0010394&code=00101016086 HTTP/1.1" 200 468
222.69.128.201 - - [25/Dec/2021:11:59:29 +0800] "GET /xingrg/kc/base/wldb_order_operate.html?command=get_materiel&rest_code=00149&base_code=0010394&code=00101027001 HTTP/1.1" 200 469
61.170.234.223 - - [25/Dec/2021:11:59:35 +0800] "GET /xingrg/all/function/internal_message.html?_=1640404777285&CODE_STATE=getMsg HTTP/1.1" 200 27
116.228.172.94 - - [25/Dec/2021:11:59:38 +0800] "GET /xingrg/all/function/internal_message.html?_=1640404771091&CODE_STATE=getMsg HTTP/1.1" 200 27
114.85.125.222 - - [25/Dec/2021:11:59:38 +0800] "GET /xingrg/all/function/internal_message.html?_=1640404723120&CODE_STATE=getMsg HTTP/1.1" 200 27
222.69.132.164 - - [25/Dec/2021:11:59:40 +0800] "GET /xingrg/all/function/internal_message.html?_=1640404808726&CODE_STATE=getMsg HTTP/1.1" 200 27
116.238.208.177 - - [25/Dec/2021:11:59:42 +0800] "GET /xingrg/all/function/internal_message.html?_=1640404784754&CODE_STATE=getMsg HTTP/1.1" 200 27
180.175.103.30 - - [25/Dec/2021:11:59:45 +0800] "GET /xingrg/all/function/internal_message.html?_=1640404785650&CODE_STATE=getMsg HTTP/1.1" 200 27
101.85.120.86 - - [25/Dec/2021:11:59:46 +0800] "GET /xingrg/all/function/internal_message.html?_=1640404785029&CODE_STATE=getMsg HTTP/1.1" 200 27
101.85.120.86 - - [25/Dec/2021:11:59:46 +0800] "GET /xingrg/check_reg.html?_=1640404785025 HTTP/1.1" 200 22
58.40.7.146 - - [25/Dec/2021:11:59:47 +0800] "GET /xingrg/all/function/internal_message.html?_=1640404772897&CODE_STATE=getMsg HTTP/1.1" 200 27
222.69.128.201 - - [25/Dec/2021:11:59:48 +0800] "GET /xingrg/kc/base/wldb_order_operate.html?command=get_materiel&rest_code=00149&base_code=0010394&code=00101019066 HTTP/1.1" 200 441
114.86.230.235 - - [25/Dec/2021:11:59:49 +0800] "GET /xingrg/all/function/internal_message.html?_=1640404788745&CODE_STATE=getMsg HTTP/1.1" 200 27
101.80.229.199 - - [25/Dec/2021:11:59:49 +0800] "GET /xingrg/all/function/internal_message.html?_=1640404789262&CODE_STATE=getMsg HTTP/1.1" 200 27
180.175.103.30 - - [25/Dec/2021:11:59:51 +0800] "GET /xingrg/index.html?sysBaseUrl=http%3A%2F%2F180.169.147.146%3A18081%2Fxingrg%2F&costTime=32×tamp=1585224308505 HTTP/1.1" 302 -
180.175.103.30 - - [25/Dec/2021:11:59:51 +0800] "GET /xingrg/login.html HTTP/1.1" 200 7641
180.175.103.30 - - [25/Dec/2021:11:59:51 +0800] "GET /xingrg/images/blue/jxLogo.png HTTP/1.1" 304 -
180.175.103.30 - - [25/Dec/2021:11:59:51 +0800] "GET /xingrg/images/blue/login_bg.png HTTP/1.1" 304 -
180.175.103.30 - - [25/Dec/2021:11:59:51 +0800] "GET /xingrg/images/blue/hj.png HTTP/1.1" 304 -
180.175.103.30 - - [25/Dec/2021:11:59:51 +0800] "GET /xingrg/images/blue/srbg.png HTTP/1.1" 304 -
180.175.103.30 - - [25/Dec/2021:11:59:51 +0800] "GET /favicon.ico HTTP/1.1" 404 -
222.69.128.201 - - [25/Dec/2021:11:59:55 +0800] "GET /xingrg/kc/base/wldb_order_operate.html?command=get_materiel&rest_code=00149&base_code=0010394&code=00101019058 HTTP/1.1" 200 453
124.79.247.218 - - [25/Dec/2021:12:00:02 +0800] "GET /xingrg/all/function/internal_message.html?_=1640404826190&CODE_STATE=getMsg HTTP/1.1" 200 27
180.175.103.30 - - [25/Dec/2021:12:00:03 +0800] "POST /xingrg/login.do HTTP/1.1" 302 -
180.175.103.30 - - [25/Dec/2021:12:00:03 +0800] "GET /xingrg/index.html?sysBaseUrl=http%3A%2F%2F180.169.147.146%3A18081%2Fxingrg%2F&costTime=39×tamp=1640404803651 HTTP/1.1" 200 17173
180.175.103.30 - - [25/Dec/2021:12:00:03 +0800] "GET /xingrg/javascript/jquery_easy_ui/themes/default/easyui.css HTTP/1.1" 304 -
180.175.103.30 - - [25/Dec/2021:12:00:03 +0800] "GET /xingrg/javascript/jquery_easy_ui/themes/icon.css HTTP/1.1" 304 -
180.175.103.30 - - [25/Dec/2021:12:00:03 +0800] "GET /xingrg/css/form.css HTTP/1.1" 304 -
180.175.103.30 - - [25/Dec/2021:12:00:03 +0800] "GET /xingrg/javascript/jquery-1.4.2.min.js HTTP/1.1" 304 -
180.175.103.30 - - [25/Dec/2021:12:00:03 +0800] "GET /xingrg/javascript/jquery_easy_ui/jquery.easyui.min.js HTTP/1.1" 304 -
180.175.103.30 - - [25/Dec/2021:12:00:03 +0800] "GET /xingrg/javascript/jquery_easy_ui/easyui-lang-zh_CN.js HTTP/1.1" 304 -
180.175.103.30 - - [25/Dec/2021:12:00:03 +0800] "GET /xingrg/javascript/jquery.timers.js HTTP/1.1" 304 -
180.175.103.30 - - [25/Dec/2021:12:00:03 +0800] "GET /xingrg/javascript/jquery.form.js HTTP/1.1" 304 -
180.175.103.30 - - [25/Dec/2021:12:00:03 +0800] "GET /xingrg/javascript/jquery.utils.js HTTP/1.1" 304 -
180.175.103.30 - - [25/Dec/2021:12:00:03 +0800] "GET /favicon.ico HTTP/1.1" 404 -
180.175.103.30 - - [25/Dec/2021:12:00:04 +0800] "GET /xingrg/javascript/jquery_easy_ui/themes/icons/settle_new.png HTTP/1.1" 304 -
180.175.103.30 - - [25/Dec/2021:12:00:04 +0800] "GET /xingrg/images/blue/navBackgound.jpg HTTP/1.1" 304 -
180.175.103.30 - - [25/Dec/2021:12:00:04 +0800] "POST /xingrg/all/common/load_tree.html?tree=area_rest_tree_json&manage=1 HTTP/1.1" 200 342
222.69.128.201 - - [25/Dec/2021:12:00:04 +0800] "GET /xingrg/kc/base/wldb_order_operate.html?command=get_materiel&rest_code=00149&base_code=0010394&code=00101019390 HTTP/1.1" 200 456
180.175.103.30 - - [25/Dec/2021:12:00:04 +0800] "GET /xingrg/all/function/internal_message.html?_=1640404739912&CODE_STATE=count HTTP/1.1" 200 11
180.175.103.30 - - [25/Dec/2021:12:00:04 +0800] "GET /xingrg/check_reg.html?_=1640404739913 HTTP/1.1" 200 22
180.175.103.30 - - [25/Dec/2021:12:00:04 +0800] "GET /xingrg/images/blue/pingpu.png HTTP/1.1" 304 -
180.175.103.30 - - [25/Dec/2021:12:00:04 +0800] "GET /xingrg/javascript/jquery_easy_ui/themes/default/images/tabs_leftarrow.png HTTP/1.1" 304 -
180.175.103.30 - - [25/Dec/2021:12:00:04 +0800] "GET /xingrg/javascript/jquery_easy_ui/themes/default/images/tabs_rightarrow.png HTTP/1.1" 304 -
180.175.103.30 - - [25/Dec/2021:12:00:04 +0800] "GET /xingrg/javascript/jquery_easy_ui/themes/default/images/panel_tool_collapse.gif HTTP/1.1" 304 -
180.175.103.30 - - [25/Dec/2021:12:00:04 +0800] "POST /xingrg/load_menu.html HTTP/1.1" 200 5138
180.175.103.30 - - [25/Dec/2021:12:00:04 +0800] "GET /xingrg/javascript/jquery_easy_ui/themes/default/images/tree_arrows.gif HTTP/1.1" 304 -
180.175.103.30 - - [25/Dec/2021:12:00:04 +0800] "GET /xingrg/javascript/jquery_easy_ui/themes/default/images/tree_folder_open.gif HTTP/1.1" 304 -
180.175.103.30 - - [25/Dec/2021:12:00:04 +0800] "GET /xingrg/javascript/jquery_easy_ui/themes/icons/search_new.png HTTP/1.1" 304 -
180.175.103.30 - - [25/Dec/2021:12:00:04 +0800] "GET /xingrg/javascript/jquery_easy_ui/themes/default/images/tree_folder.gif HTTP/1.1" 304 -
180.175.103.30 - - [25/Dec/2021:12:00:04 +0800] "GET /xingrg/javascript/jquery_easy_ui/themes/icons/storage_new.png HTTP/1.1" 304 -
180.175.103.30 - - [25/Dec/2021:12:00:04 +0800] "GET /xingrg/javascript/jquery_easy_ui/themes/icons/forms_new.png HTTP/1.1" 304 -
180.175.103.30 - - [25/Dec/2021:12:00:04 +0800] "GET /xingrg/javascript/jquery_easy_ui/themes/default/images/tree_file.gif HTTP/1.1" 304 -
116.238.208.177 - - [25/Dec/2021:12:00:06 +0800] "GET /xingrg/all/function/internal_message.html?_=1640404813942&CODE_STATE=getMsg HTTP/1.1" 200 27
180.162.114.48 - - [25/Dec/2021:12:00:07 +0800] "GET /xingrg/all/function/internal_message.html?_=1640404240745&CODE_STATE=getMsg HTTP/1.1" 200 27
222.69.128.201 - - [25/Dec/2021:12:00:07 +0800] "GET /xingrg/kc/base/wldb_order_operate.html?command=get_materiel&rest_code=00149&base_code=0010394&code=00101019063 HTTP/1.1" 200 447
124.77.245.186 - - [25/Dec/2021:12:00:08 +0800] "GET /xingrg/all/function/internal_message.html?_=1640404828828&CODE_STATE=getMsg HTTP/1.1" 200 27
180.175.103.30 - - [25/Dec/2021:12:00:09 +0800] "GET /xingrg/kc/base/base_main.html HTTP/1.1" 200 12142
180.175.103.30 - - [25/Dec/2021:12:00:09 +0800] "GET /xingrg/javascript/jquery_easy_ui/themes/default/images/tabs_close.gif HTTP/1.1" 304 -
180.175.103.30 - - [25/Dec/2021:12:00:09 +0800] "GET /xingrg/css/blue.css HTTP/1.1" 304 -
180.175.103.30 - - [25/Dec/2021:12:00:09 +0800] "GET /xingrg/javascript/pic_change.js HTTP/1.1" 304 -
180.175.103.30 - - [25/Dec/2021:12:00:09 +0800] "GET /xingrg/javascript/myfunction.js HTTP/1.1" 304 -
180.175.103.30 - - [25/Dec/2021:12:00:09 +0800] "GET /xingrg/images/blue/button/wlsy.gif HTTP/1.1" 304 -
180.175.103.30 - - [25/Dec/2021:12:00:09 +0800] "GET /xingrg/images/blue/button/ckpd.gif HTTP/1.1" 304 -
180.175.103.30 - - [25/Dec/2021:12:00:09 +0800] "GET /xingrg/images/blue/button/kc.gif HTTP/1.1" 304 -
180.175.103.30 - - [25/Dec/2021:12:00:09 +0800] "GET /xingrg/images/blue/button/ckdb.gif HTTP/1.1" 304 -
180.175.103.30 - - [25/Dec/2021:12:00:09 +0800] "GET /xingrg/images/blue/button/yddb.gif HTTP/1.1" 304 -
180.175.103.30 - - [25/Dec/2021:12:00:09 +0800] "GET /xingrg/images/blue/pic_form2.gif HTTP/1.1" 304 -
180.175.103.30 - - [25/Dec/2021:12:00:09 +0800] "GET /xingrg/images/blue/bg_dotted.jpg HTTP/1.1" 304 -
180.175.103.30 - - [25/Dec/2021:12:00:09 +0800] "GET /xingrg/images/blue/button/top_left.jpg HTTP/1.1" 304 -
180.175.103.30 - - [25/Dec/2021:12:00:09 +0800] "GET /xingrg/images/blue/button/top_right.jpg HTTP/1.1" 304 -
180.175.103.30 - - [25/Dec/2021:12:00:09 +0800] "GET /xingrg/images/blue/button/down.jpg HTTP/1.1" 304 -
180.175.103.30 - - [25/Dec/2021:12:00:09 +0800] "GET /xingrg/images/blue/button/right_ah.jpg HTTP/1.1" 304 -
180.175.103.30 - - [25/Dec/2021:12:00:09 +0800] "GET /xingrg/images/blue/button/left_ah.jpg HTTP/1.1" 304 -
180.175.103.30 - - [25/Dec/2021:12:00:09 +0800] "GET /xingrg/images/blue/button/bottom_left.jpg HTTP/1.1" 304 -
180.175.103.30 - - [25/Dec/2021:12:00:09 +0800] "GET /xingrg/images/blue/button/bottom_right.jpg HTTP/1.1" 304 -
180.175.103.30 - - [25/Dec/2021:12:00:11 +0800] "GET /xingrg/css/base.css HTTP/1.1" 304 -
180.175.103.30 - - [25/Dec/2021:12:00:11 +0800] "GET /xingrg/kc/base/wldb_order_list.html HTTP/1.1" 200 19060
180.175.103.30 - - [25/Dec/2021:12:00:11 +0800] "GET /xingrg/css/site.css HTTP/1.1" 304 -
180.175.103.30 - - [25/Dec/2021:12:00:11 +0800] "GET /xingrg/javascript/jquery_tools/datebox.css HTTP/1.1" 304 -
180.175.103.30 - - [25/Dec/2021:12:00:11 +0800] "GET /xingrg/javascript/easyui/themes/default/easyui.css HTTP/1.1" 304 -
180.175.103.30 - - [25/Dec/2021:12:00:11 +0800] "GET /xingrg/javascript/easyui/themes/icon.css HTTP/1.1" 304 -
180.175.103.30 - - [25/Dec/2021:12:00:11 +0800] "GET /xingrg/javascript/jquery_tools/fix.css HTTP/1.1" 304 -
180.175.103.30 - - [25/Dec/2021:12:00:11 +0800] "GET /xingrg/javascript/auto/jquery.autocomplete.css HTTP/1.1" 304 -
180.175.103.30 - - [25/Dec/2021:12:00:11 +0800] "GET /xingrg/javascript/jquery_tools/table.css HTTP/1.1" 304 -
180.175.103.30 - - [25/Dec/2021:12:00:11 +0800] "GET /xingrg/javascript/jquery_tools/jquery.tools.min.js HTTP/1.1" 304 -
180.175.103.30 - - [25/Dec/2021:12:00:11 +0800] "GET /xingrg/javascript/jquery_tools/jquery.tools.extend.js HTTP/1.1" 304 -
180.175.103.30 - - [25/Dec/2021:12:00:11 +0800] "GET /xingrg/javascript/jquery_tools/jquery.tools.hotkey.js HTTP/1.1" 304 -
180.175.103.30 - - [25/Dec/2021:12:00:11 +0800] "GET /xingrg/javascript/jquery_tools/jquery.tools.table.js HTTP/1.1" 304 -
180.175.103.30 - - [25/Dec/2021:12:00:11 +0800] "GET /xingrg/javascript/jquery_tools/list_manager.js HTTP/1.1" 304 -
180.175.103.30 - - [25/Dec/2021:12:00:11 +0800] "GET /xingrg/javascript/auto/jquery.autocomplete.js HTTP/1.1" 304 -
180.175.103.30 - - [25/Dec/2021:12:00:11 +0800] "GET /xingrg/javascript/easyui/easyloader.js HTTP/1.1" 304 -
180.175.103.30 - - [25/Dec/2021:12:00:11 +0800] "GET /xingrg/javascript/jquery.cookie.js HTTP/1.1" 304 -
180.175.103.30 - - [25/Dec/2021:12:00:11 +0800] "GET /xingrg/javascript/print/LodopFuncs.js HTTP/1.1" 304 -
180.175.103.30 - - [25/Dec/2021:12:00:12 +0800] "GET /xingrg/javascript/easyui/themes/icons/edit_add_new.png HTTP/1.1" 304 -
180.175.103.30 - - [25/Dec/2021:12:00:12 +0800] "GET /xingrg/javascript/easyui/themes/icons/field_new.png HTTP/1.1" 304 -
180.175.103.30 - - [25/Dec/2021:12:00:12 +0800] "GET /xingrg/javascript/easyui/themes/icons/import_new.png HTTP/1.1" 304 -
180.175.103.30 - - [25/Dec/2021:12:00:12 +0800] "GET /xingrg/javascript/easyui/themes/icons/check_new.png HTTP/1.1" 304 -
180.175.103.30 - - [25/Dec/2021:12:00:12 +0800] "GET /xingrg/javascript/easyui/themes/icons/cance_new.png HTTP/1.1" 304 -
180.175.103.30 - - [25/Dec/2021:12:00:12 +0800] "GET /xingrg/javascript/easyui/plugins/jquery.parser.js HTTP/1.1" 304 -
180.175.103.30 - - [25/Dec/2021:12:00:12 +0800] "GET /xingrg/images/control/ajaxLoader.gif HTTP/1.1" 304 -
180.175.103.30 - - [25/Dec/2021:12:00:12 +0800] "POST /xingrg/kc/base/wldb_list_operate.html HTTP/1.1" 200 928
180.175.103.30 - - [25/Dec/2021:12:00:14 +0800] "GET /xingrg/javascript/easyui/themes/default/images/button_plain_hover.png HTTP/1.1" 304 -
180.175.103.30 - - [25/Dec/2021:12:00:14 +0800] "GET /xingrg/kc/base/wldb_order_add.html HTTP/1.1" 200 30274
180.175.103.30 - - [25/Dec/2021:12:00:15 +0800] "GET /xingrg/javascript/jquery_tools/order_manager.js HTTP/1.1" 304 -
180.175.103.30 - - [25/Dec/2021:12:00:15 +0800] "GET /xingrg/javascript/convert.js HTTP/1.1" 304 -
180.175.103.30 - - [25/Dec/2021:12:00:15 +0800] "GET /xingrg/javascript/json2.js HTTP/1.1" 304 -
180.175.103.30 - - [25/Dec/2021:12:00:15 +0800] "GET /xingrg/javascript/print/kc_print.js HTTP/1.1" 304 -
180.175.103.30 - - [25/Dec/2021:12:00:15 +0800] "GET /xingrg/words/20211224163607_words.js HTTP/1.1" 200 881188
180.175.103.30 - - [25/Dec/2021:12:00:15 +0800] "GET /xingrg/javascript/easyui/themes/icons/ok.png HTTP/1.1" 304 -
180.175.103.30 - - [25/Dec/2021:12:00:15 +0800] "GET /xingrg/javascript/easyui/themes/icons/template_new.png HTTP/1.1" 304 -
180.175.103.30 - - [25/Dec/2021:12:00:15 +0800] "GET /xingrg/javascript/easyui/themes/icons/print.png HTTP/1.1" 304 -
180.175.103.30 - - [25/Dec/2021:12:00:15 +0800] "GET /xingrg/javascript/easyui/themes/default/images/menu_downarrow.png HTTP/1.1" 304 -
180.175.103.30 - - [25/Dec/2021:12:00:15 +0800] "GET /xingrg/javascript/easyui/themes/icons/cancel.png HTTP/1.1" 304 -
180.175.103.30 - - [25/Dec/2021:12:00:15 +0800] "POST /xingrg/kc/base/wldb_order_operate.html HTTP/1.1" 200 6806
180.175.103.30 - - [25/Dec/2021:12:00:15 +0800] "GET /xingrg/all/common/auto_word.html?type=base&rest_code=00105 HTTP/1.1" 200 1907
180.175.103.30 - - [25/Dec/2021:12:00:15 +0800] "GET /xingrg/all/common/auto_word.html?type=base&rest_code=00105 HTTP/1.1" 200 1907
180.175.103.30 - - [25/Dec/2021:12:00:15 +0800] "GET /xingrg/javascript/easyui/themes/default/validatebox.css HTTP/1.1" 404 1104
180.175.103.30 - - [25/Dec/2021:12:00:15 +0800] "GET /xingrg/javascript/easyui/plugins/jquery.validatebox.js HTTP/1.1" 304 -
180.175.103.30 - - [25/Dec/2021:12:00:16 +0800] "GET /xingrg/javascript/easyui/themes/icons/edit_remove.png HTTP/1.1" 304 -
180.175.103.30 - - [25/Dec/2021:12:00:16 +0800] "GET /xingrg/javascript/easyui/plugins/jquery.numberbox.js HTTP/1.1" 304 -
116.227.210.113 - - [25/Dec/2021:12:00:17 +0800] "GET /xingrg/all/function/internal_message.html?_=1640404788002&CODE_STATE=getMsg HTTP/1.1" 200 27
116.227.210.113 - - [25/Dec/2021:12:00:17 +0800] "GET /xingrg/check_reg.html?_=1640404788006 HTTP/1.1" 200 22
61.170.234.223 - - [25/Dec/2021:12:00:21 +0800] "GET /xingrg/all/function/internal_message.html?_=1640404816892&CODE_STATE=getMsg HTTP/1.1" 200 27
180.175.103.30 - - [25/Dec/2021:12:00:27 +0800] "GET /xingrg/javascript/auto/indicator.gif HTTP/1.1" 404 1066
180.175.103.30 - - [25/Dec/2021:12:00:33 +0800] "GET /xingrg/javascript/jquery_tools/images/next.gif HTTP/1.1" 404 1086
180.175.103.30 - - [25/Dec/2021:12:00:33 +0800] "GET /xingrg/javascript/jquery_tools/images/prev.gif HTTP/1.1" 404 1086
61.170.234.223 - - [25/Dec/2021:12:00:34 +0800] "GET /xingrg/all/function/internal_message.html?_=1640404837292&CODE_STATE=getMsg HTTP/1.1" 200 27
180.175.103.30 - - [25/Dec/2021:12:00:35 +0800] "GET /xingrg/javascript/jquery_easy_ui/themes/icons/rest.png HTTP/1.1" 304 -
180.175.103.30 - - [25/Dec/2021:12:00:35 +0800] "GET /xingrg/javascript/jquery_easy_ui/themes/icons/area.png HTTP/1.1" 304 -
180.175.103.30 - - [25/Dec/2021:12:00:35 +0800] "GET /xingrg/javascript/jquery_easy_ui/themes/default/images/tabs_active.png HTTP/1.1" 304 -
116.228.172.94 - - [25/Dec/2021:12:00:38 +0800] "GET /xingrg/all/function/internal_message.html?_=1640404831106&CODE_STATE=getMsg HTTP/1.1" 200 27
222.69.132.164 - - [25/Dec/2021:12:00:40 +0800] "GET /xingrg/check_reg.html?_=1640404868730 HTTP/1.1" 200 22
222.69.132.164 - - [25/Dec/2021:12:00:40 +0800] "GET /xingrg/all/function/internal_message.html?_=1640404868733&CODE_STATE=getMsg HTTP/1.1" 200 27
114.85.125.222 - - [25/Dec/2021:12:00:41 +0800] "GET /xingrg/all/function/internal_message.html?_=1640404783143&CODE_STATE=getMsg HTTP/1.1" 200 27
116.238.208.177 - - [25/Dec/2021:12:00:42 +0800] "GET /xingrg/all/function/internal_message.html?_=1640404844755&CODE_STATE=getMsg HTTP/1.1" 200 27
180.175.103.30 - - [25/Dec/2021:12:00:44 +0800] "GET /xingrg/kc/base/wldb_order_operate.html?command=get_materiel&rest_code=00105&base_code=0010507&code=00101019529 HTTP/1.1" 200 476
180.175.103.30 - - [25/Dec/2021:12:00:45 +0800] "GET /xingrg/all/function/internal_message.html?_=1640404845651&CODE_STATE=getMsg HTTP/1.1" 200 27
124.79.247.218 - - [25/Dec/2021:12:00:45 +0800] "GET /xingrg/check_reg.html?_=1640404868829 HTTP/1.1" 200 22
101.85.120.86 - - [25/Dec/2021:12:00:46 +0800] "GET /xingrg/all/function/internal_message.html?_=1640404845028&CODE_STATE=getMsg HTTP/1.1" 200 27
124.77.245.186 - - [25/Dec/2021:12:00:47 +0800] "GET /xingrg/check_reg.html?_=1640404868001 HTTP/1.1" 200 22
58.40.7.146 - - [25/Dec/2021:12:00:47 +0800] "GET /xingrg/all/function/internal_message.html?_=1640404832899&CODE_STATE=getMsg HTTP/1.1" 200 27
58.40.7.146 - - [25/Dec/2021:12:00:47 +0800] "GET /xingrg/check_reg.html?_=1640404832900 HTTP/1.1" 200 22
114.86.230.235 - - [25/Dec/2021:12:00:49 +0800] "GET /xingrg/all/function/internal_message.html?_=1640404848751&CODE_STATE=getMsg HTTP/1.1" 200 27
114.86.230.235 - - [25/Dec/2021:12:00:49 +0800] "GET /xingrg/check_reg.html?_=1640404848751 HTTP/1.1" 200 22
101.80.229.199 - - [25/Dec/2021:12:00:49 +0800] "GET /xingrg/all/function/internal_message.html?_=1640404849233&CODE_STATE=getMsg HTTP/1.1" 200 27
180.175.103.30 - - [25/Dec/2021:12:00:55 +0800] "GET /xingrg/kc/base/wldb_order_operate.html?command=get_materiel&rest_code=00105&base_code=0010507&code=00101019222 HTTP/1.1" 200 454
124.79.247.218 - - [25/Dec/2021:12:01:02 +0800] "GET /xingrg/all/function/internal_message.html?_=1640404886204&CODE_STATE=getMsg HTTP/1.1" 200 27
180.175.103.30 - - [25/Dec/2021:12:01:04 +0800] "GET /xingrg/all/function/internal_message.html?_=1640404799925&CODE_STATE=getMsg HTTP/1.1" 200 27
180.175.103.30 - - [25/Dec/2021:12:01:05 +0800] "GET /xingrg/kc/base/wldb_order_operate.html?command=get_materiel&rest_code=00105&base_code=0010507&code=00101016019 HTTP/1.1" 200 451
116.238.208.177 - - [25/Dec/2021:12:01:06 +0800] "GET /xingrg/all/function/internal_message.html?_=1640404873952&CODE_STATE=getMsg HTTP/1.1" 200 27
180.162.114.48 - - [25/Dec/2021:12:01:07 +0800] "GET /xingrg/all/function/internal_message.html?_=1640404300744&CODE_STATE=getMsg HTTP/1.1" 200 27
124.77.245.186 - - [25/Dec/2021:12:01:08 +0800] "GET /xingrg/all/function/internal_message.html?_=1640404888842&CODE_STATE=getMsg HTTP/1.1" 200 27
61.170.234.223 - - [25/Dec/2021:12:01:11 +0800] "GET /xingrg/check_reg.html?_=1640404867374 HTTP/1.1" 200 22
101.80.229.199 - - [25/Dec/2021:12:01:15 +0800] "GET /xingrg/check_reg.html?_=1640404874485 HTTP/1.1" 200 22
180.175.103.30 - - [25/Dec/2021:12:01:16 +0800] "GET /xingrg/kc/base/wldb_order_operate.html?command=get_materiel&rest_code=00105&base_code=0010507&code=00101019184 HTTP/1.1" 200 444
116.227.210.113 - - [25/Dec/2021:12:01:17 +0800] "GET /xingrg/all/function/internal_message.html?_=1640404848000&CODE_STATE=getMsg HTTP/1.1" 200 27
222.69.128.201 - - [25/Dec/2021:12:01:18 +0800] "GET /xingrg/kc/base/wldb_order_operate.html?command=get_materiel&rest_code=00149&base_code=0010394&code=00101019108 HTTP/1.1" 200 463
61.170.234.223 - - [25/Dec/2021:12:01:21 +0800] "GET /xingrg/all/function/internal_message.html?_=1640404876873&CODE_STATE=getMsg HTTP/1.1" 200 27
180.175.103.30 - - [25/Dec/2021:12:01:25 +0800] "GET /xingrg/kc/base/wldb_order_operate.html?command=get_materiel&rest_code=00105&base_code=0010507&code=00101019391 HTTP/1.1" 200 471
58.35.215.188 - - [25/Dec/2021:12:01:29 +0800] "POST /xingrg/services/DataTransmitService HTTP/1.1" 200 524
222.69.128.201 - - [25/Dec/2021:12:01:30 +0800] "GET /xingrg/check_reg.html?_=1640404887652 HTTP/1.1" 200 22
58.35.215.188 - - [25/Dec/2021:12:01:30 +0800] "POST /xingrg/services/DataTransmitService HTTP/1.1" 200 501
61.170.234.223 - - [25/Dec/2021:12:01:34 +0800] "GET /xingrg/all/function/internal_message.html?_=1640404897277&CODE_STATE=getMsg HTTP/1.1" 200 27
222.69.128.201 - - [25/Dec/2021:12:01:36 +0800] "POST /xingrg/kc/base/wldb_order_operate.html HTTP/1.1" 200 37
222.69.128.201 - - [25/Dec/2021:12:01:36 +0800] "POST /xingrg/kc/base/wldb_order_operate.html HTTP/1.1" 200 9717
222.69.128.201 - - [25/Dec/2021:12:01:36 +0800] "GET /xingrg/kc/base/wldb_order_info.html?code=422021122502638 HTTP/1.1" 200 30295
222.69.128.201 - - [25/Dec/2021:12:01:37 +0800] "GET /xingrg/javascript/easyui/themes/default/validatebox.css HTTP/1.1" 404 1104
222.69.128.201 - - [25/Dec/2021:12:01:38 +0800] "POST /xingrg/kc/base/wldb_order_operate.html HTTP/1.1" 200 9717
116.228.172.94 - - [25/Dec/2021:12:01:38 +0800] "GET /xingrg/all/function/internal_message.html?_=1640404891106&CODE_STATE=getMsg HTTP/1.1" 200 27
114.85.125.222 - - [25/Dec/2021:12:01:38 +0800] "GET /xingrg/all/function/internal_message.html?_=1640404843147&CODE_STATE=getMsg HTTP/1.1" 200 27
180.175.103.30 - - [25/Dec/2021:12:01:39 +0800] "GET /xingrg/kc/base/wldb_order_operate.html?command=get_materiel&rest_code=00105&base_code=0010507&code=00101013003 HTTP/1.1" 200 430
222.69.128.201 - - [25/Dec/2021:12:01:40 +0800] "GET /xingrg/kc/base/wldb_order_add.html HTTP/1.1" 200 30280
222.69.132.164 - - [25/Dec/2021:12:01:40 +0800] "GET /xingrg/all/function/internal_message.html?_=1640404928718&CODE_STATE=getMsg HTTP/1.1" 200 27
222.69.128.201 - - [25/Dec/2021:12:01:40 +0800] "POST /xingrg/kc/base/wldb_order_operate.html HTTP/1.1" 200 6806
222.69.128.201 - - [25/Dec/2021:12:01:41 +0800] "GET /xingrg/javascript/easyui/themes/default/validatebox.css HTTP/1.1" 404 1104
116.238.208.177 - - [25/Dec/2021:12:01:42 +0800] "GET /xingrg/check_reg.html?_=1640404904754 HTTP/1.1" 200 22
116.238.208.177 - - [25/Dec/2021:12:01:42 +0800] "GET /xingrg/all/function/internal_message.html?_=1640404904757&CODE_STATE=getMsg HTTP/1.1" 200 27
180.175.103.30 - - [25/Dec/2021:12:01:45 +0800] "GET /xingrg/all/function/internal_message.html?_=1640404905651&CODE_STATE=getMsg HTTP/1.1" 200 27
180.175.103.30 - - [25/Dec/2021:12:01:45 +0800] "GET /xingrg/check_reg.html?_=1640404905654 HTTP/1.1" 200 22
101.85.120.86 - - [25/Dec/2021:12:01:46 +0800] "GET /xingrg/all/function/internal_message.html?_=1640404905014&CODE_STATE=getMsg HTTP/1.1" 200 27
58.40.7.146 - - [25/Dec/2021:12:01:47 +0800] "GET /xingrg/all/function/internal_message.html?_=1640404892901&CODE_STATE=getMsg HTTP/1.1" 200 27
114.86.230.235 - - [25/Dec/2021:12:01:49 +0800] "GET /xingrg/all/function/internal_message.html?_=1640404908750&CODE_STATE=getMsg HTTP/1.1" 200 27
101.80.229.199 - - [25/Dec/2021:12:01:49 +0800] "GET /xingrg/all/function/internal_message.html?_=1640404909206&CODE_STATE=getMsg HTTP/1.1" 200 27
222.69.128.201 - - [25/Dec/2021:12:01:50 +0800] "GET /xingrg/kc/base/wldb_order_operate.html?command=get_materiel&rest_code=00149&base_code=0010394&code=00101019373 HTTP/1.1" 200 452
180.175.103.30 - - [25/Dec/2021:12:01:51 +0800] "GET /xingrg/kc/base/wldb_order_operate.html?command=get_materiel&rest_code=00105&base_code=0010507&code=00101013027 HTTP/1.1" 200 430
124.79.247.218 - - [25/Dec/2021:12:02:02 +0800] "GET /xingrg/all/function/internal_message.html?_=1640404946217&CODE_STATE=getMsg HTTP/1.1" 200 27
180.175.103.30 - - [25/Dec/2021:12:02:02 +0800] "GET /xingrg/kc/base/wldb_order_operate.html?command=get_materiel&rest_code=00105&base_code=0010507&code=00101013012 HTTP/1.1" 200 430
180.175.103.30 - - [25/Dec/2021:12:02:04 +0800] "GET /xingrg/all/function/internal_message.html?_=1640404859926&CODE_STATE=getMsg HTTP/1.1" 200 27
116.238.208.177 - - [25/Dec/2021:12:02:05 +0800] "GET /xingrg/check_reg.html?_=1640404933019 HTTP/1.1" 200 22
116.238.208.177 - - [25/Dec/2021:12:02:06 +0800] "GET /xingrg/all/function/internal_message.html?_=1640404933964&CODE_STATE=getMsg HTTP/1.1" 200 27
180.162.114.48 - - [25/Dec/2021:12:02:07 +0800] "GET /xingrg/all/function/internal_message.html?_=1640404360743&CODE_STATE=getMsg HTTP/1.1" 200 27
124.77.245.186 - - [25/Dec/2021:12:02:08 +0800] "GET /xingrg/all/function/internal_message.html?_=1640404948855&CODE_STATE=getMsg HTTP/1.1" 200 27
180.175.103.30 - - [25/Dec/2021:12:02:13 +0800] "GET /xingrg/kc/base/wldb_order_operate.html?command=get_materiel&rest_code=00105&base_code=0010507&code=00101013182 HTTP/1.1" 200 430
116.227.210.113 - - [25/Dec/2021:12:02:17 +0800] "GET /xingrg/all/function/internal_message.html?_=1640404908007&CODE_STATE=getMsg HTTP/1.1" 200 27
180.175.103.30 - - [25/Dec/2021:12:02:20 +0800] "POST /xingrg/kc/base/wldb_order_operate.html HTTP/1.1" 200 37
180.175.103.30 - - [25/Dec/2021:12:02:21 +0800] "POST /xingrg/kc/base/wldb_order_operate.html HTTP/1.1" 200 6067
61.170.234.223 - - [25/Dec/2021:12:02:21 +0800] "GET /xingrg/all/function/internal_message.html?_=1640404936844&CODE_STATE=getMsg HTTP/1.1" 200 27
180.175.103.30 - - [25/Dec/2021:12:02:21 +0800] "GET /xingrg/kc/base/wldb_order_info.html?code=422021122502639 HTTP/1.1" 200 30288
180.175.103.30 - - [25/Dec/2021:12:02:22 +0800] "GET /xingrg/javascript/easyui/themes/default/validatebox.css HTTP/1.1" 404 1104
180.175.103.30 - - [25/Dec/2021:12:02:22 +0800] "POST /xingrg/kc/base/wldb_order_operate.html HTTP/1.1" 200 6067
61.170.234.223 - - [25/Dec/2021:12:02:34 +0800] "GET /xingrg/all/function/internal_message.html?_=1640404957278&CODE_STATE=getMsg HTTP/1.1" 200 27
180.175.103.30 - - [25/Dec/2021:12:02:36 +0800] "GET /xingrg/kc/base/wldb_order_add.html HTTP/1.1" 200 30274
180.175.103.30 - - [25/Dec/2021:12:02:36 +0800] "POST /xingrg/kc/base/wldb_order_operate.html HTTP/1.1" 200 6806
180.175.103.30 - - [25/Dec/2021:12:02:37 +0800] "GET /xingrg/javascript/easyui/themes/default/validatebox.css HTTP/1.1" 404 1104
114.85.125.222 - - [25/Dec/2021:12:02:37 +0800] "GET /xingrg/check_reg.html?_=1640404902240 HTTP/1.1" 200 22
116.228.172.94 - - [25/Dec/2021:12:02:38 +0800] "GET /xingrg/all/function/internal_message.html?_=1640404951082&CODE_STATE=getMsg HTTP/1.1" 200 27
116.228.172.94 - - [25/Dec/2021:12:02:38 +0800] "GET /xingrg/check_reg.html?_=1640404951087 HTTP/1.1" 200 22
114.85.125.222 - - [25/Dec/2021:12:02:38 +0800] "GET /xingrg/all/function/internal_message.html?_=1640404903162&CODE_STATE=getMsg HTTP/1.1" 200 27
180.169.147.146 - - [25/Dec/2021:12:02:38 +0800] "GET /xingrg/kc/buy/buy_main.html HTTP/1.1" 302 -
180.169.147.146 - - [25/Dec/2021:12:02:38 +0800] "GET /xingrg/login.html HTTP/1.1" 200 7641
180.169.147.146 - - [25/Dec/2021:12:02:38 +0800] "GET /xingrg/login.html HTTP/1.1" 200 7641
180.169.147.146 - - [25/Dec/2021:12:02:39 +0800] "GET /favicon.ico HTTP/1.1" 404 -
180.169.147.146 - - [25/Dec/2021:12:02:40 +0800] "POST /xingrg/login.do HTTP/1.1" 302 -
180.169.147.146 - - [25/Dec/2021:12:02:40 +0800] "GET /xingrg/index.html?sysBaseUrl=http%3A%2F%2F180.169.147.146%3A18081%2Fxingrg%2F&costTime=40×tamp=1640404960181 HTTP/1.1" 200 17179
180.169.147.146 - - [25/Dec/2021:12:02:40 +0800] "GET /favicon.ico HTTP/1.1" 404 -
180.169.147.146 - - [25/Dec/2021:12:02:40 +0800] "POST /xingrg/all/common/load_tree.html?tree=area_rest_tree_json&manage=1 HTTP/1.1" 200 351
180.169.147.146 - - [25/Dec/2021:12:02:40 +0800] "GET /xingrg/all/function/internal_message.html?_=1640404955228&CODE_STATE=count HTTP/1.1" 200 11
180.169.147.146 - - [25/Dec/2021:12:02:40 +0800] "GET /xingrg/check_reg.html?_=1640404955228 HTTP/1.1" 200 22
180.169.147.146 - - [25/Dec/2021:12:02:40 +0800] "POST /xingrg/load_menu.html HTTP/1.1" 200 5138
222.69.132.164 - - [25/Dec/2021:12:02:40 +0800] "GET /xingrg/all/function/internal_message.html?_=1640404988709&CODE_STATE=getMsg HTTP/1.1" 200 27
180.169.147.146 - - [25/Dec/2021:12:02:41 +0800] "GET /xingrg/kc/buy/buy_main.html HTTP/1.1" 200 12412
180.169.147.146 - - [25/Dec/2021:12:02:41 +0800] "GET /xingrg/css/new_ie.css HTTP/1.1" 404 1036
180.169.147.146 - - [25/Dec/2021:12:02:42 +0800] "GET /xingrg/images/yd/bt.gif HTTP/1.1" 404 1040
116.238.208.177 - - [25/Dec/2021:12:02:42 +0800] "GET /xingrg/all/function/internal_message.html?_=1640404964751&CODE_STATE=getMsg HTTP/1.1" 200 27
180.169.147.146 - - [25/Dec/2021:12:02:42 +0800] "GET /xingrg/kc/buy/cgsh_order_list.html HTTP/1.1" 200 49486
180.169.147.146 - - [25/Dec/2021:12:02:44 +0800] "POST /xingrg/kc/buy/cgsh_list_operate.html HTTP/1.1" 200 5200
180.175.103.30 - - [25/Dec/2021:12:02:45 +0800] "GET /xingrg/all/function/internal_message.html?_=1640404965653&CODE_STATE=getMsg HTTP/1.1" 200 27
101.85.120.86 - - [25/Dec/2021:12:02:46 +0800] "GET /xingrg/all/function/internal_message.html?_=1640404965041&CODE_STATE=getMsg HTTP/1.1" 200 27
58.40.7.146 - - [25/Dec/2021:12:02:47 +0800] "GET /xingrg/all/function/internal_message.html?_=1640404952902&CODE_STATE=getMsg HTTP/1.1" 200 27
180.169.147.146 - - [25/Dec/2021:12:02:48 +0800] "POST /xingrg/kc/buy/cgsh_list_operate.html HTTP/1.1" 200 437
180.169.147.146 - - [25/Dec/2021:12:02:48 +0800] "GET /xingrg/kc/buy/cgsh_order_info.html?code=212021122410520 HTTP/1.1" 200 65229
180.169.147.146 - - [25/Dec/2021:12:02:48 +0800] "GET /xingrg/words/20211224163607_words.js HTTP/1.1" 304 -
180.169.147.146 - - [25/Dec/2021:12:02:49 +0800] "GET /xingrg/all/common/auto_word.html?type=employee&rest_code=00147 HTTP/1.1" 200 101
180.169.147.146 - - [25/Dec/2021:12:02:49 +0800] "GET /xingrg/javascript/easyui/themes/default/validatebox.css HTTP/1.1" 404 1104
180.169.147.146 - - [25/Dec/2021:12:02:49 +0800] "GET /xingrg/all/common/auto_word.html?type=employee&rest_code=00147 HTTP/1.1" 200 101
180.169.147.146 - - [25/Dec/2021:12:02:49 +0800] "POST /xingrg/kc/buy/cgsh_order_operate.html HTTP/1.1" 200 4457
114.86.230.235 - - [25/Dec/2021:12:02:49 +0800] "GET /xingrg/all/function/internal_message.html?_=1640404968752&CODE_STATE=getMsg HTTP/1.1" 200 27
101.80.229.199 - - [25/Dec/2021:12:02:49 +0800] "GET /xingrg/all/function/internal_message.html?_=1640404969177&CODE_STATE=getMsg HTTP/1.1" 200 27
222.69.128.201 - - [25/Dec/2021:12:02:55 +0800] "POST /xingrg/kc/base/wldb_order_operate.html HTTP/1.1" 200 37
222.69.128.201 - - [25/Dec/2021:12:02:55 +0800] "POST /xingrg/kc/base/wldb_order_operate.html HTTP/1.1" 200 2208
222.69.128.201 - - [25/Dec/2021:12:02:55 +0800] "GET /xingrg/kc/base/wldb_order_info.html?code=422021122502640 HTTP/1.1" 200 30291
222.69.128.201 - - [25/Dec/2021:12:02:56 +0800] "GET /xingrg/javascript/easyui/themes/default/validatebox.css HTTP/1.1" 404 1104
222.69.128.201 - - [25/Dec/2021:12:02:56 +0800] "POST /xingrg/kc/base/wldb_order_operate.html HTTP/1.1" 200 2208
180.175.103.30 - - [25/Dec/2021:12:02:58 +0800] "GET /xingrg/kc/base/wldb_order_operate.html?command=get_materiel&rest_code=00105&base_code=0010507&code=00101019015 HTTP/1.1" 200 437
124.79.247.218 - - [25/Dec/2021:12:03:03 +0800] "GET /xingrg/all/function/internal_message.html?_=1640405006614&CODE_STATE=getMsg HTTP/1.1" 200 27
180.169.147.146 - - [25/Dec/2021:12:03:04 +0800] "POST /xingrg/kc/buy/cgsh_order_operate.html HTTP/1.1" 200 37
180.175.103.30 - - [25/Dec/2021:12:03:04 +0800] "GET /xingrg/all/function/internal_message.html?_=1640404919918&CODE_STATE=getMsg HTTP/1.1" 200 27
180.169.147.146 - - [25/Dec/2021:12:03:05 +0800] "POST /xingrg/kc/buy/cgsh_order_operate.html HTTP/1.1" 200 4456
116.238.208.177 - - [25/Dec/2021:12:03:06 +0800] "GET /xingrg/all/function/internal_message.html?_=1640404993978&CODE_STATE=getMsg HTTP/1.1" 200 27
180.162.114.48 - - [25/Dec/2021:12:03:07 +0800] "GET /xingrg/check_reg.html?_=1640404420744 HTTP/1.1" 200 22
180.162.114.48 - - [25/Dec/2021:12:03:07 +0800] "GET /xingrg/all/function/internal_message.html?_=1640404420747&CODE_STATE=getMsg HTTP/1.1" 200 27
180.169.147.146 - - [25/Dec/2021:12:03:08 +0800] "GET /xingrg/javascript/auto/indicator.gif HTTP/1.1" 404 1066
124.77.245.186 - - [25/Dec/2021:12:03:08 +0800] "GET /xingrg/all/function/internal_message.html?_=1640405009356&CODE_STATE=getMsg HTTP/1.1" 200 27
180.175.103.30 - - [25/Dec/2021:12:03:10 +0800] "GET /xingrg/kc/base/wldb_order_operate.html?command=get_materiel&rest_code=00105&base_code=0010507&code=00101019071 HTTP/1.1" 200 455
180.169.147.146 - - [25/Dec/2021:12:03:12 +0800] "GET /xingrg/kc/buy/cgsh_order_operate.html?command=get_materiel&rest_code=00147&code=00101010616&supplier_code=00100323&order_time=2021-12-24 HTTP/1.1" 200 397
116.227.210.113 - - [25/Dec/2021:12:03:12 +0800] "POST /xingrg/services/DataTransmitService HTTP/1.1" 200 524
116.227.210.113 - - [25/Dec/2021:12:03:12 +0800] "POST /xingrg/services/DataTransmitService HTTP/1.1" 200 501
116.227.210.113 - - [25/Dec/2021:12:03:13 +0800] "POST /xingrg/services/DataTransmitService HTTP/1.1" 200 501
116.227.210.113 - - [25/Dec/2021:12:03:13 +0800] "POST /xingrg/services/DataTransmitService HTTP/1.1" 200 501
116.227.210.113 - - [25/Dec/2021:12:03:13 +0800] "POST /xingrg/services/DataTransmitService HTTP/1.1" 200 501
116.227.210.113 - - [25/Dec/2021:12:03:13 +0800] "POST /xingrg/services/DataTransmitService HTTP/1.1" 200 501
116.227.210.113 - - [25/Dec/2021:12:03:14 +0800] "POST /xingrg/services/DataTransmitService HTTP/1.1" 200 412
116.227.210.113 - - [25/Dec/2021:12:03:17 +0800] "GET /xingrg/all/function/internal_message.html?_=1640404967996&CODE_STATE=getMsg HTTP/1.1" 200 27
61.170.234.223 - - [25/Dec/2021:12:03:21 +0800] "GET /xingrg/all/function/internal_message.html?_=1640404996822&CODE_STATE=getMsg HTTP/1.1" 200 27
180.175.103.30 - - [25/Dec/2021:12:03:22 +0800] "GET /xingrg/kc/base/wldb_order_operate.html?command=get_materiel&rest_code=00105&base_code=0010507&code=00101019535 HTTP/1.1" 200 477
124.79.247.218 - - [25/Dec/2021:12:03:28 +0800] "GET /xingrg/check_reg.html?_=1640405132281 HTTP/1.1" 302 -
124.79.247.218 - - [25/Dec/2021:12:03:28 +0800] "GET /xingrg/login.html HTTP/1.1" 200 7641
61.170.234.223 - - [25/Dec/2021:12:03:34 +0800] "GET /xingrg/all/function/internal_message.html?_=1640405017304&CODE_STATE=getMsg HTTP/1.1" 200 27
61.170.234.223 - - [25/Dec/2021:12:03:35 +0800] "GET /xingrg/check_reg.html?_=1640405017307 HTTP/1.1" 200 22
116.228.172.94 - - [25/Dec/2021:12:03:38 +0800] "GET /xingrg/all/function/internal_message.html?_=1640405011095&CODE_STATE=getMsg HTTP/1.1" 200 27
114.85.125.222 - - [25/Dec/2021:12:03:38 +0800] "GET /xingrg/all/function/internal_message.html?_=1640404963175&CODE_STATE=getMsg HTTP/1.1" 200 27
180.169.147.146 - - [25/Dec/2021:12:03:40 +0800] "GET /xingrg/all/function/internal_message.html?_=1640405015235&CODE_STATE=getMsg HTTP/1.1" 200 27
180.175.103.30 - - [25/Dec/2021:12:03:40 +0800] "GET /xingrg/kc/base/wldb_order_operate.html?command=get_materiel&rest_code=00105&base_code=0010507&code=00101019187 HTTP/1.1" 200 464
222.69.132.164 - - [25/Dec/2021:12:03:40 +0800] "GET /xingrg/all/function/internal_message.html?_=1640405048723&CODE_STATE=getMsg HTTP/1.1" 200 27
116.238.208.177 - - [25/Dec/2021:12:03:42 +0800] "GET /xingrg/all/function/internal_message.html?_=1640405024752&CODE_STATE=getMsg HTTP/1.1" 200 27
180.175.103.30 - - [25/Dec/2021:12:03:45 +0800] "GET /xingrg/all/function/internal_message.html?_=1640405025654&CODE_STATE=getMsg HTTP/1.1" 200 27
101.85.120.86 - - [25/Dec/2021:12:03:46 +0800] "GET /xingrg/all/function/internal_message.html?_=1640405025042&CODE_STATE=getMsg HTTP/1.1" 200 27
58.40.7.146 - - [25/Dec/2021:12:03:47 +0800] "GET /xingrg/all/function/internal_message.html?_=1640405012904&CODE_STATE=getMsg HTTP/1.1" 200 27
114.86.230.235 - - [25/Dec/2021:12:03:49 +0800] "GET /xingrg/all/function/internal_message.html?_=1640405028755&CODE_STATE=getMsg HTTP/1.1" 200 27
101.80.229.199 - - [25/Dec/2021:12:03:49 +0800] "GET /xingrg/all/function/internal_message.html?_=1640405029148&CODE_STATE=getMsg HTTP/1.1" 200 27
