180.175.103.30 - - [25/Dec/2021:12:03:51 +0800] "GET /xingrg/kc/base/wldb_order_operate.html?command=get_materiel&rest_code=00105&base_code=0010507&code=00101019133 HTTP/1.1" 200 466
180.169.147.146 - - [25/Dec/2021:12:03:55 +0800] "POST /xingrg/kc/buy/cgsh_order_operate.html HTTP/1.1" 200 37
180.169.147.146 - - [25/Dec/2021:12:03:56 +0800] "POST /xingrg/kc/buy/cgsh_order_operate.html HTTP/1.1" 200 5048
180.169.147.146 - - [25/Dec/2021:12:03:57 +0800] "GET /xingrg/kc/print/load_config.html?kc_code=cgsh HTTP/1.1" 200 1943
180.169.147.146 - - [25/Dec/2021:12:03:57 +0800] "GET /xingrg/kc/print/load_data.html?order_code=212021122410520&kc_code=cgsh&condition= HTTP/1.1" 200 1613
124.79.247.218 - - [25/Dec/2021:12:04:03 +0800] "GET /xingrg/all/function/internal_message.html?_=1640405066635&CODE_STATE=getMsg HTTP/1.1" 200 27
180.175.103.30 - - [25/Dec/2021:12:04:04 +0800] "GET /xingrg/all/function/internal_message.html?_=1640404979922&CODE_STATE=getMsg HTTP/1.1" 200 27
116.238.208.177 - - [25/Dec/2021:12:04:06 +0800] "GET /xingrg/all/function/internal_message.html?_=1640405053991&CODE_STATE=getMsg HTTP/1.1" 200 27
180.162.114.48 - - [25/Dec/2021:12:04:07 +0800] "GET /xingrg/all/function/internal_message.html?_=1640404480746&CODE_STATE=getMsg HTTP/1.1" 200 27
124.77.245.186 - - [25/Dec/2021:12:04:08 +0800] "GET /xingrg/all/function/internal_message.html?_=1640405069366&CODE_STATE=getMsg HTTP/1.1" 200 27
180.175.103.30 - - [25/Dec/2021:12:04:11 +0800] "GET /xingrg/kc/base/wldb_order_operate.html?command=get_materiel&rest_code=00105&base_code=0010507&code=00101019079 HTTP/1.1" 200 465
116.227.210.113 - - [25/Dec/2021:12:04:17 +0800] "GET /xingrg/all/function/internal_message.html?_=1640405028004&CODE_STATE=getMsg HTTP/1.1" 200 27
61.170.234.223 - - [25/Dec/2021:12:04:21 +0800] "GET /xingrg/all/function/internal_message.html?_=1640405056791&CODE_STATE=getMsg HTTP/1.1" 200 27
180.175.103.30 - - [25/Dec/2021:12:04:21 +0800] "GET /xingrg/kc/base/wldb_order_operate.html?command=get_materiel&rest_code=00105&base_code=0010507&code=00101019306 HTTP/1.1" 200 463
180.169.147.146 - - [25/Dec/2021:12:04:29 +0800] "POST /xingrg/kc/buy/cgsh_list_operate.html HTTP/1.1" 200 5200
61.170.234.223 - - [25/Dec/2021:12:04:35 +0800] "GET /xingrg/all/function/internal_message.html?_=1640405077307&CODE_STATE=getMsg HTTP/1.1" 200 27
116.228.172.94 - - [25/Dec/2021:12:04:38 +0800] "GET /xingrg/all/function/internal_message.html?_=1640405071090&CODE_STATE=getMsg HTTP/1.1" 200 27
114.85.125.222 - - [25/Dec/2021:12:04:38 +0800] "GET /xingrg/all/function/internal_message.html?_=1640405023188&CODE_STATE=getMsg HTTP/1.1" 200 27
180.169.147.146 - - [25/Dec/2021:12:04:40 +0800] "GET /xingrg/all/function/internal_message.html?_=1640405075244&CODE_STATE=getMsg HTTP/1.1" 200 27
222.69.132.164 - - [25/Dec/2021:12:04:40 +0800] "GET /xingrg/all/function/internal_message.html?_=1640405108725&CODE_STATE=getMsg HTTP/1.1" 200 27
116.238.208.177 - - [25/Dec/2021:12:04:42 +0800] "GET /xingrg/all/function/internal_message.html?_=1640405084745&CODE_STATE=getMsg HTTP/1.1" 200 27
180.175.103.30 - - [25/Dec/2021:12:04:45 +0800] "GET /xingrg/all/function/internal_message.html?_=1640405085654&CODE_STATE=getMsg HTTP/1.1" 200 27
101.85.120.86 - - [25/Dec/2021:12:04:46 +0800] "GET /xingrg/all/function/internal_message.html?_=1640405085042&CODE_STATE=getMsg HTTP/1.1" 200 27
101.85.120.86 - - [25/Dec/2021:12:04:46 +0800] "GET /xingrg/check_reg.html?_=1640405085047 HTTP/1.1" 200 22
58.40.7.146 - - [25/Dec/2021:12:04:47 +0800] "GET /xingrg/all/function/internal_message.html?_=1640405072888&CODE_STATE=getMsg HTTP/1.1" 200 27
114.86.230.235 - - [25/Dec/2021:12:04:49 +0800] "GET /xingrg/all/function/internal_message.html?_=1640405088757&CODE_STATE=getMsg HTTP/1.1" 200 27
101.80.229.199 - - [25/Dec/2021:12:04:49 +0800] "GET /xingrg/all/function/internal_message.html?_=1640405089118&CODE_STATE=getMsg HTTP/1.1" 200 27
180.169.147.146 - - [25/Dec/2021:12:04:55 +0800] "POST /xingrg/kc/buy/cgsh_list_operate.html HTTP/1.1" 200 4
180.175.103.30 - - [25/Dec/2021:12:04:57 +0800] "GET /xingrg/kc/base/wldb_order_operate.html?command=get_materiel&rest_code=00105&base_code=0010507&code=00101019469 HTTP/1.1" 200 456
124.79.247.218 - - [25/Dec/2021:12:05:03 +0800] "GET /xingrg/all/function/internal_message.html?_=1640405126992&CODE_STATE=getMsg HTTP/1.1" 200 27
180.175.103.30 - - [25/Dec/2021:12:05:04 +0800] "GET /xingrg/check_reg.html?_=1640405039930 HTTP/1.1" 200 22
180.175.103.30 - - [25/Dec/2021:12:05:04 +0800] "GET /xingrg/all/function/internal_message.html?_=1640405039931&CODE_STATE=getMsg HTTP/1.1" 200 27
180.175.103.30 - - [25/Dec/2021:12:05:06 +0800] "POST /xingrg/kc/base/wldb_order_operate.html HTTP/1.1" 200 37
116.238.208.177 - - [25/Dec/2021:12:05:06 +0800] "GET /xingrg/all/function/internal_message.html?_=1640405114010&CODE_STATE=getMsg HTTP/1.1" 200 27
180.162.114.48 - - [25/Dec/2021:12:05:07 +0800] "GET /xingrg/all/function/internal_message.html?_=1640404540746&CODE_STATE=getMsg HTTP/1.1" 200 27
180.175.103.30 - - [25/Dec/2021:12:05:07 +0800] "POST /xingrg/kc/base/wldb_order_operate.html HTTP/1.1" 200 6740
180.175.103.30 - - [25/Dec/2021:12:05:07 +0800] "GET /xingrg/kc/base/wldb_order_info.html?code=422021122502641 HTTP/1.1" 200 30289
180.175.103.30 - - [25/Dec/2021:12:05:08 +0800] "GET /xingrg/javascript/easyui/themes/default/validatebox.css HTTP/1.1" 404 1104
180.175.103.30 - - [25/Dec/2021:12:05:08 +0800] "POST /xingrg/kc/base/wldb_order_operate.html HTTP/1.1" 200 6740
124.77.245.186 - - [25/Dec/2021:12:05:09 +0800] "GET /xingrg/all/function/internal_message.html?_=1640405129868&CODE_STATE=getMsg HTTP/1.1" 200 27
222.69.128.201 - - [25/Dec/2021:12:05:16 +0800] "GET /xingrg/kc/base/wldb_order_add.html HTTP/1.1" 200 30280
222.69.128.201 - - [25/Dec/2021:12:05:16 +0800] "POST /xingrg/kc/base/wldb_order_operate.html HTTP/1.1" 200 6806
222.69.128.201 - - [25/Dec/2021:12:05:16 +0800] "GET /xingrg/javascript/easyui/themes/default/validatebox.css HTTP/1.1" 404 1104
116.227.210.113 - - [25/Dec/2021:12:05:17 +0800] "GET /xingrg/all/function/internal_message.html?_=1640405088004&CODE_STATE=getMsg HTTP/1.1" 200 27
116.227.210.113 - - [25/Dec/2021:12:05:17 +0800] "GET /xingrg/check_reg.html?_=1640405088008 HTTP/1.1" 200 22
61.170.234.223 - - [25/Dec/2021:12:05:21 +0800] "GET /xingrg/all/function/internal_message.html?_=1640405116768&CODE_STATE=getMsg HTTP/1.1" 200 27
180.175.103.30 - - [25/Dec/2021:12:05:24 +0800] "GET /xingrg/kc/base/wldb_order_add.html HTTP/1.1" 200 30274
180.175.103.30 - - [25/Dec/2021:12:05:24 +0800] "POST /xingrg/kc/base/wldb_order_operate.html HTTP/1.1" 200 6806
180.175.103.30 - - [25/Dec/2021:12:05:24 +0800] "GET /xingrg/javascript/easyui/themes/default/validatebox.css HTTP/1.1" 404 1104
222.69.128.201 - - [25/Dec/2021:12:05:25 +0800] "GET /xingrg/kc/base/wldb_order_operate.html?command=get_materiel&rest_code=00149&base_code=0010400&code=00101004065 HTTP/1.1" 200 436
61.170.234.223 - - [25/Dec/2021:12:05:35 +0800] "GET /xingrg/all/function/internal_message.html?_=1640405137306&CODE_STATE=getMsg HTTP/1.1" 200 27
180.169.147.146 - - [25/Dec/2021:12:05:36 +0800] "POST /xingrg/kc/buy/cgsh_list_operate.html HTTP/1.1" 200 5150
116.228.172.94 - - [25/Dec/2021:12:05:38 +0800] "GET /xingrg/all/function/internal_message.html?_=1640405131087&CODE_STATE=getMsg HTTP/1.1" 200 27
114.85.125.222 - - [25/Dec/2021:12:05:38 +0800] "GET /xingrg/all/function/internal_message.html?_=1640405083213&CODE_STATE=getMsg HTTP/1.1" 200 27
180.169.147.146 - - [25/Dec/2021:12:05:40 +0800] "GET /xingrg/all/function/internal_message.html?_=1640405135251&CODE_STATE=getMsg HTTP/1.1" 200 27
222.69.132.164 - - [25/Dec/2021:12:05:40 +0800] "GET /xingrg/all/function/internal_message.html?_=1640405168722&CODE_STATE=getMsg HTTP/1.1" 200 27
222.69.132.164 - - [25/Dec/2021:12:05:40 +0800] "GET /xingrg/check_reg.html?_=1640405168725 HTTP/1.1" 200 22
222.69.128.201 - - [25/Dec/2021:12:05:41 +0800] "POST /xingrg/kc/base/wldb_order_operate.html HTTP/1.1" 200 37
180.175.103.30 - - [25/Dec/2021:12:05:41 +0800] "GET /xingrg/kc/base/wldb_order_operate.html?command=get_materiel&rest_code=00105&base_code=0010507&code=00101011005 HTTP/1.1" 200 430
116.238.208.177 - - [25/Dec/2021:12:05:42 +0800] "GET /xingrg/all/function/internal_message.html?_=1640405144760&CODE_STATE=getMsg HTTP/1.1" 200 27
222.69.128.201 - - [25/Dec/2021:12:05:42 +0800] "POST /xingrg/kc/base/wldb_order_operate.html HTTP/1.1" 200 2186
222.69.128.201 - - [25/Dec/2021:12:05:42 +0800] "GET /xingrg/kc/base/wldb_order_info.html?code=422021122502642 HTTP/1.1" 200 30293
222.69.128.201 - - [25/Dec/2021:12:05:43 +0800] "GET /xingrg/javascript/easyui/themes/default/validatebox.css HTTP/1.1" 404 1104
222.69.128.201 - - [25/Dec/2021:12:05:43 +0800] "POST /xingrg/kc/base/wldb_order_operate.html HTTP/1.1" 200 2186
180.175.103.30 - - [25/Dec/2021:12:05:45 +0800] "GET /xingrg/all/function/internal_message.html?_=1640405145656&CODE_STATE=getMsg HTTP/1.1" 200 27
124.79.247.218 - - [25/Dec/2021:12:05:45 +0800] "GET /xingrg/check_reg.html?_=1640405168835 HTTP/1.1" 200 22
101.85.120.86 - - [25/Dec/2021:12:05:46 +0800] "GET /xingrg/all/function/internal_message.html?_=1640405145046&CODE_STATE=getMsg HTTP/1.1" 200 27
222.69.128.201 - - [25/Dec/2021:12:05:47 +0800] "GET /xingrg/kc/base/wldb_order_add.html HTTP/1.1" 200 30280
124.77.245.186 - - [25/Dec/2021:12:05:47 +0800] "GET /xingrg/check_reg.html?_=1640405168009 HTTP/1.1" 200 22
58.40.7.146 - - [25/Dec/2021:12:05:47 +0800] "GET /xingrg/all/function/internal_message.html?_=1640405132890&CODE_STATE=getMsg HTTP/1.1" 200 27
58.40.7.146 - - [25/Dec/2021:12:05:47 +0800] "GET /xingrg/check_reg.html?_=1640405132892 HTTP/1.1" 200 22
222.69.128.201 - - [25/Dec/2021:12:05:47 +0800] "POST /xingrg/kc/base/wldb_order_operate.html HTTP/1.1" 200 6806
222.69.128.201 - - [25/Dec/2021:12:05:47 +0800] "GET /xingrg/javascript/easyui/themes/default/validatebox.css HTTP/1.1" 404 1104
180.175.103.30 - - [25/Dec/2021:12:05:49 +0800] "POST /xingrg/kc/base/wldb_order_operate.html HTTP/1.1" 200 37
101.80.229.199 - - [25/Dec/2021:12:05:49 +0800] "GET /xingrg/all/function/internal_message.html?_=1640405149091&CODE_STATE=getMsg HTTP/1.1" 200 27
114.86.230.235 - - [25/Dec/2021:12:05:49 +0800] "GET /xingrg/all/function/internal_message.html?_=1640405148760&CODE_STATE=getMsg HTTP/1.1" 200 27
114.86.230.235 - - [25/Dec/2021:12:05:49 +0800] "GET /xingrg/check_reg.html?_=1640405148761 HTTP/1.1" 200 22
180.175.103.30 - - [25/Dec/2021:12:05:50 +0800] "POST /xingrg/kc/base/wldb_order_operate.html HTTP/1.1" 200 2181
180.175.103.30 - - [25/Dec/2021:12:05:50 +0800] "GET /xingrg/kc/base/wldb_order_info.html?code=422021122502643 HTTP/1.1" 200 30291
180.175.103.30 - - [25/Dec/2021:12:05:51 +0800] "GET /xingrg/javascript/easyui/themes/default/validatebox.css HTTP/1.1" 404 1104
180.175.103.30 - - [25/Dec/2021:12:05:52 +0800] "POST /xingrg/kc/base/wldb_order_operate.html HTTP/1.1" 200 2181
124.79.247.218 - - [25/Dec/2021:12:06:03 +0800] "GET /xingrg/all/function/internal_message.html?_=1640405187004&CODE_STATE=getMsg HTTP/1.1" 200 27
180.169.147.146 - - [25/Dec/2021:12:06:03 +0800] "POST /xingrg/kc/buy/cgsh_list_operate.html HTTP/1.1" 200 4
180.175.103.30 - - [25/Dec/2021:12:06:04 +0800] "GET /xingrg/all/function/internal_message.html?_=1640405099919&CODE_STATE=getMsg HTTP/1.1" 200 27
120.253.135.82 - - [25/Dec/2021:12:06:05 +0800] "GET /xingrg/login.html HTTP/1.1" 200 7641
120.253.135.82 - - [25/Dec/2021:12:06:05 +0800] "GET /xingrg/images/blue/jxLogo.png HTTP/1.1" 304 -
120.253.135.82 - - [25/Dec/2021:12:06:05 +0800] "GET /xingrg/images/blue/login_bg.png HTTP/1.1" 304 -
120.253.135.82 - - [25/Dec/2021:12:06:05 +0800] "GET /xingrg/images/blue/hj.png HTTP/1.1" 304 -
120.253.135.82 - - [25/Dec/2021:12:06:05 +0800] "GET /xingrg/images/blue/srbg.png HTTP/1.1" 304 -
120.253.135.82 - - [25/Dec/2021:12:06:06 +0800] "GET /favicon.ico HTTP/1.1" 404 -
116.238.208.177 - - [25/Dec/2021:12:06:06 +0800] "GET /xingrg/all/function/internal_message.html?_=1640405174021&CODE_STATE=getMsg HTTP/1.1" 200 27
180.162.114.48 - - [25/Dec/2021:12:06:07 +0800] "GET /xingrg/all/function/internal_message.html?_=1640404600745&CODE_STATE=getMsg HTTP/1.1" 200 27
222.69.128.201 - - [25/Dec/2021:12:06:07 +0800] "GET /xingrg/kc/base/wldb_order_operate.html?command=get_materiel&rest_code=00149&base_code=0010394&code=00101019079 HTTP/1.1" 200 465
120.253.135.82 - - [25/Dec/2021:12:06:08 +0800] "POST /xingrg/login.do HTTP/1.1" 302 -
120.253.135.82 - - [25/Dec/2021:12:06:08 +0800] "GET /xingrg/javascript/jquery_easy_ui/themes/default/easyui.css HTTP/1.1" 304 -
120.253.135.82 - - [25/Dec/2021:12:06:08 +0800] "GET /xingrg/javascript/jquery_easy_ui/themes/icon.css HTTP/1.1" 304 -
120.253.135.82 - - [25/Dec/2021:12:06:08 +0800] "GET /xingrg/index.html?sysBaseUrl=http%3A%2F%2F180.169.147.146%3A18081%2Fxingrg%2F&costTime=39×tamp=1640405168160 HTTP/1.1" 200 17173
120.253.135.82 - - [25/Dec/2021:12:06:08 +0800] "GET /xingrg/javascript/jquery_easy_ui/easyui-lang-zh_CN.js HTTP/1.1" 304 -
120.253.135.82 - - [25/Dec/2021:12:06:08 +0800] "GET /xingrg/javascript/jquery.utils.js HTTP/1.1" 304 -
120.253.135.82 - - [25/Dec/2021:12:06:08 +0800] "GET /xingrg/javascript/jquery-1.4.2.min.js HTTP/1.1" 304 -
120.253.135.82 - - [25/Dec/2021:12:06:08 +0800] "GET /xingrg/javascript/jquery.form.js HTTP/1.1" 304 -
120.253.135.82 - - [25/Dec/2021:12:06:08 +0800] "GET /xingrg/javascript/jquery_easy_ui/jquery.easyui.min.js HTTP/1.1" 304 -
120.253.135.82 - - [25/Dec/2021:12:06:08 +0800] "GET /xingrg/javascript/jquery.timers.js HTTP/1.1" 304 -
120.253.135.82 - - [25/Dec/2021:12:06:08 +0800] "GET /xingrg/css/form.css HTTP/1.1" 304 -
120.253.135.82 - - [25/Dec/2021:12:06:08 +0800] "GET /xingrg/images/blue/navBackgound.jpg HTTP/1.1" 304 -
120.253.135.82 - - [25/Dec/2021:12:06:08 +0800] "GET /xingrg/javascript/jquery_easy_ui/themes/icons/settle_new.png HTTP/1.1" 304 -
120.253.135.82 - - [25/Dec/2021:12:06:08 +0800] "GET /favicon.ico HTTP/1.1" 404 -
120.253.135.82 - - [25/Dec/2021:12:06:08 +0800] "POST /xingrg/all/common/load_tree.html?tree=area_rest_tree_json&manage=1 HTTP/1.1" 200 344
120.253.135.82 - - [25/Dec/2021:12:06:08 +0800] "GET /xingrg/images/blue/pingpu.png HTTP/1.1" 304 -
120.253.135.82 - - [25/Dec/2021:12:06:08 +0800] "GET /xingrg/javascript/jquery_easy_ui/themes/default/images/tabs_leftarrow.png HTTP/1.1" 304 -
120.253.135.82 - - [25/Dec/2021:12:06:08 +0800] "GET /xingrg/javascript/jquery_easy_ui/themes/default/images/tabs_rightarrow.png HTTP/1.1" 304 -
120.253.135.82 - - [25/Dec/2021:12:06:08 +0800] "GET /xingrg/javascript/jquery_easy_ui/themes/default/images/panel_tool_collapse.gif HTTP/1.1" 304 -
120.253.135.82 - - [25/Dec/2021:12:06:08 +0800] "GET /xingrg/check_reg.html?_=1640405301106 HTTP/1.1" 200 22
120.253.135.82 - - [25/Dec/2021:12:06:08 +0800] "GET /xingrg/all/function/internal_message.html?_=1640405301105&CODE_STATE=count HTTP/1.1" 200 11
120.253.135.82 - - [25/Dec/2021:12:06:08 +0800] "GET /xingrg/javascript/jquery_easy_ui/themes/default/images/tree_arrows.gif HTTP/1.1" 304 -
120.253.135.82 - - [25/Dec/2021:12:06:08 +0800] "POST /xingrg/load_menu.html HTTP/1.1" 200 6743
120.253.135.82 - - [25/Dec/2021:12:06:08 +0800] "GET /xingrg/javascript/jquery_easy_ui/themes/icons/search_new.png HTTP/1.1" 304 -
120.253.135.82 - - [25/Dec/2021:12:06:08 +0800] "GET /xingrg/javascript/jquery_easy_ui/themes/default/images/tree_folder_open.gif HTTP/1.1" 304 -
120.253.135.82 - - [25/Dec/2021:12:06:08 +0800] "GET /xingrg/javascript/jquery_easy_ui/themes/icons/delivery_new.png HTTP/1.1" 304 -
120.253.135.82 - - [25/Dec/2021:12:06:08 +0800] "GET /xingrg/javascript/jquery_easy_ui/themes/icons/storage_new.png HTTP/1.1" 304 -
120.253.135.82 - - [25/Dec/2021:12:06:08 +0800] "GET /xingrg/javascript/jquery_easy_ui/themes/icons/forms_new.png HTTP/1.1" 304 -
120.253.135.82 - - [25/Dec/2021:12:06:08 +0800] "GET /xingrg/javascript/jquery_easy_ui/themes/default/images/tree_file.gif HTTP/1.1" 304 -
120.253.135.82 - - [25/Dec/2021:12:06:08 +0800] "GET /xingrg/javascript/jquery_easy_ui/themes/default/images/tree_folder.gif HTTP/1.1" 304 -
124.77.245.186 - - [25/Dec/2021:12:06:09 +0800] "GET /xingrg/all/function/internal_message.html?_=1640405189876&CODE_STATE=getMsg HTTP/1.1" 200 27
61.170.234.223 - - [25/Dec/2021:12:06:11 +0800] "GET /xingrg/check_reg.html?_=1640405167346 HTTP/1.1" 200 22
120.253.135.82 - - [25/Dec/2021:12:06:14 +0800] "GET /xingrg/javascript/jquery_easy_ui/themes/default/images/tabs_close.gif HTTP/1.1" 304 -
120.253.135.82 - - [25/Dec/2021:12:06:14 +0800] "GET /xingrg/css/base.css HTTP/1.1" 304 -
120.253.135.82 - - [25/Dec/2021:12:06:14 +0800] "GET /xingrg/css/site.css HTTP/1.1" 304 -
120.253.135.82 - - [25/Dec/2021:12:06:14 +0800] "GET /xingrg/javascript/easyui/themes/icon.css HTTP/1.1" 304 -
120.253.135.82 - - [25/Dec/2021:12:06:14 +0800] "GET /xingrg/javascript/easyui/themes/default/easyui.css HTTP/1.1" 304 -
120.253.135.82 - - [25/Dec/2021:12:06:14 +0800] "GET /xingrg/javascript/jquery_tools/jquery.tools.hotkey.js HTTP/1.1" 304 -
120.253.135.82 - - [25/Dec/2021:12:06:14 +0800] "GET /xingrg/javascript/jquery_tools/fix.css HTTP/1.1" 304 -
120.253.135.82 - - [25/Dec/2021:12:06:14 +0800] "GET /xingrg/javascript/auto/jquery.autocomplete.css HTTP/1.1" 304 -
120.253.135.82 - - [25/Dec/2021:12:06:14 +0800] "GET /xingrg/javascript/jquery_tools/jquery.tools.extend.js HTTP/1.1" 304 -
120.253.135.82 - - [25/Dec/2021:12:06:14 +0800] "GET /xingrg/javascript/jquery_tools/datebox.css HTTP/1.1" 304 -
120.253.135.82 - - [25/Dec/2021:12:06:14 +0800] "GET /xingrg/javascript/jquery_tools/jquery.tools.min.js HTTP/1.1" 304 -
120.253.135.82 - - [25/Dec/2021:12:06:14 +0800] "GET /xingrg/javascript/jquery_tools/table.css HTTP/1.1" 304 -
120.253.135.82 - - [25/Dec/2021:12:06:14 +0800] "GET /xingrg/javascript/jquery_tools/jquery.tools.table.js HTTP/1.1" 304 -
120.253.135.82 - - [25/Dec/2021:12:06:14 +0800] "GET /xingrg/javascript/easyui/easyloader.js HTTP/1.1" 304 -
120.253.135.82 - - [25/Dec/2021:12:06:14 +0800] "GET /xingrg/javascript/auto/jquery.autocomplete.js HTTP/1.1" 304 -
120.253.135.82 - - [25/Dec/2021:12:06:14 +0800] "GET /xingrg/javascript/jquery_tools/list_manager.js HTTP/1.1" 304 -
120.253.135.82 - - [25/Dec/2021:12:06:14 +0800] "GET /xingrg/javascript/print/LodopFuncs.js HTTP/1.1" 304 -
120.253.135.82 - - [25/Dec/2021:12:06:14 +0800] "GET /xingrg/javascript/jquery.cookie.js HTTP/1.1" 304 -
120.253.135.82 - - [25/Dec/2021:12:06:14 +0800] "GET /xingrg/kc/buy/cgsh_order_list.html HTTP/1.1" 200 49480
120.253.135.82 - - [25/Dec/2021:12:06:14 +0800] "GET /xingrg/javascript/easyui/themes/icons/edit_add_new.png HTTP/1.1" 304 -
120.253.135.82 - - [25/Dec/2021:12:06:14 +0800] "GET /xingrg/javascript/easyui/themes/icons/cance_new.png HTTP/1.1" 304 -
120.253.135.82 - - [25/Dec/2021:12:06:14 +0800] "GET /xingrg/javascript/easyui/themes/icons/check_new.png HTTP/1.1" 304 -
120.253.135.82 - - [25/Dec/2021:12:06:14 +0800] "GET /xingrg/javascript/easyui/themes/icons/import_new.png HTTP/1.1" 304 -
120.253.135.82 - - [25/Dec/2021:12:06:14 +0800] "GET /xingrg/javascript/easyui/themes/icons/field_new.png HTTP/1.1" 304 -
120.253.135.82 - - [25/Dec/2021:12:06:14 +0800] "GET /xingrg/javascript/easyui/plugins/jquery.parser.js HTTP/1.1" 304 -
120.253.135.82 - - [25/Dec/2021:12:06:14 +0800] "GET /xingrg/images/control/ajaxLoader.gif HTTP/1.1" 304 -
222.69.128.201 - - [25/Dec/2021:12:06:14 +0800] "GET /xingrg/kc/base/wldb_order_operate.html?command=get_materiel&rest_code=00149&base_code=0010394&code=00101020080 HTTP/1.1" 200 439
120.253.135.82 - - [25/Dec/2021:12:06:15 +0800] "POST /xingrg/kc/buy/cgsh_list_operate.html HTTP/1.1" 200 876
101.80.229.199 - - [25/Dec/2021:12:06:15 +0800] "GET /xingrg/check_reg.html?_=1640405174483 HTTP/1.1" 200 22
116.227.210.113 - - [25/Dec/2021:12:06:17 +0800] "GET /xingrg/all/function/internal_message.html?_=1640405147999&CODE_STATE=getMsg HTTP/1.1" 200 27
120.253.135.82 - - [25/Dec/2021:12:06:20 +0800] "GET /xingrg/kc/pszx/mdqp_order_list.html?state=10 HTTP/1.1" 200 11473
120.253.135.82 - - [25/Dec/2021:12:06:20 +0800] "GET /xingrg/css/blue.css HTTP/1.1" 304 -
120.253.135.82 - - [25/Dec/2021:12:06:20 +0800] "GET /xingrg/javascript/pic_change.js HTTP/1.1" 304 -
120.253.135.82 - - [25/Dec/2021:12:06:20 +0800] "GET /xingrg/dwr/interface/AjaxReportQueryService.js HTTP/1.1" 200 13203
120.253.135.82 - - [25/Dec/2021:12:06:20 +0800] "GET /xingrg/dwr/interface/AjaxQqpsService.js HTTP/1.1" 200 16326
120.253.135.82 - - [25/Dec/2021:12:06:20 +0800] "GET /xingrg/javascript/myfunction.js HTTP/1.1" 200 24559
120.253.135.82 - - [25/Dec/2021:12:06:20 +0800] "GET /xingrg/dwr/engine.js HTTP/1.1" 200 43631
120.253.135.82 - - [25/Dec/2021:12:06:20 +0800] "GET /xingrg/javascript/Calendar.js HTTP/1.1" 200 31561
120.253.135.82 - - [25/Dec/2021:12:06:20 +0800] "GET /xingrg/dwr/util.js HTTP/1.1" 200 35990
120.253.135.82 - - [25/Dec/2021:12:06:21 +0800] "GET /xingrg/javascript/jquery_easy_ui/themes/icons/check_new.png HTTP/1.1" 304 -
120.253.135.82 - - [25/Dec/2021:12:06:21 +0800] "GET /xingrg/javascript/jquery_easy_ui/themes/icons/uncheck_new.png HTTP/1.1" 200 3197
120.253.135.82 - - [25/Dec/2021:12:06:21 +0800] "GET /xingrg/javascript/jquery_easy_ui/themes/icons/back_new.png HTTP/1.1" 200 3414
120.253.135.82 - - [25/Dec/2021:12:06:21 +0800] "GET /xingrg/kc/pszx/mdqp_order_list.html?state=10 HTTP/1.1" 200 11473
120.253.135.82 - - [25/Dec/2021:12:06:21 +0800] "GET /xingrg/dwr/interface/AjaxReportQueryService.js HTTP/1.1" 200 13203
120.253.135.82 - - [25/Dec/2021:12:06:21 +0800] "GET /xingrg/dwr/interface/AjaxQqpsService.js HTTP/1.1" 200 16326
61.170.234.223 - - [25/Dec/2021:12:06:21 +0800] "GET /xingrg/all/function/internal_message.html?_=1640405176749&CODE_STATE=getMsg HTTP/1.1" 200 27
180.169.147.146 - - [25/Dec/2021:12:06:21 +0800] "POST /xingrg/kc/buy/cgsh_list_operate.html HTTP/1.1" 200 3865
222.69.128.201 - - [25/Dec/2021:12:06:25 +0800] "GET /xingrg/kc/base/wldb_order_operate.html?command=get_materiel&rest_code=00149&base_code=0010394&code=00101019391 HTTP/1.1" 200 471
120.253.135.82 - - [25/Dec/2021:12:06:26 +0800] "GET /xingrg/kc/pszx/mdqp_order_info.html?code=302021122500484 HTTP/1.1" 200 13350
120.253.135.82 - - [25/Dec/2021:12:06:26 +0800] "GET /xingrg/javascript/AjaxInfoList.js HTTP/1.1" 200 3774
120.253.135.82 - - [25/Dec/2021:12:06:26 +0800] "GET /xingrg/javascript/Grid.js HTTP/1.1" 200 58908
120.253.135.82 - - [25/Dec/2021:12:06:26 +0800] "GET /xingrg/javascript/ToolTips.js HTTP/1.1" 200 5615
120.253.135.82 - - [25/Dec/2021:12:06:26 +0800] "GET /xingrg/javascript/print/kc_print.js HTTP/1.1" 304 -
120.253.135.82 - - [25/Dec/2021:12:06:26 +0800] "GET /xingrg/javascript/tools/jquery.qtip-1.0.0-rc3.min.js HTTP/1.1" 200 38404
120.253.135.82 - - [25/Dec/2021:12:06:26 +0800] "GET /xingrg/javascript/checkform.js HTTP/1.1" 200 18351
120.253.135.82 - - [25/Dec/2021:12:06:26 +0800] "GET /xingrg/dwr/interface/AjaxComOrderService.js HTTP/1.1" 200 18264
120.253.135.82 - - [25/Dec/2021:12:06:26 +0800] "GET /xingrg/dwr/interface/AjaxQqpsService.js HTTP/1.1" 200 16326
120.253.135.82 - - [25/Dec/2021:12:06:26 +0800] "GET /xingrg/dwr/engine.js HTTP/1.1" 200 43631
120.253.135.82 - - [25/Dec/2021:12:06:26 +0800] "GET /xingrg/javascript/jquery_easy_ui/themes/default/images/menu_downarrow.png HTTP/1.1" 200 173
120.253.135.82 - - [25/Dec/2021:12:06:26 +0800] "GET /xingrg/javascript/jquery_easy_ui/themes/icons/print.png HTTP/1.1" 304 -
120.253.135.82 - - [25/Dec/2021:12:06:26 +0800] "GET /xingrg/images/blue/button/kc_tab_save.gif HTTP/1.1" 200 777
120.253.135.82 - - [25/Dec/2021:12:06:26 +0800] "GET /xingrg/images/blue/button/kc_tab_edit.gif HTTP/1.1" 200 551
120.253.135.82 - - [25/Dec/2021:12:06:26 +0800] "GET /xingrg/images/blue/kc_tab2_left.gif HTTP/1.1" 200 625
120.253.135.82 - - [25/Dec/2021:12:06:26 +0800] "GET /xingrg/images/blue/kc_tab_right.gif HTTP/1.1" 200 643
120.253.135.82 - - [25/Dec/2021:12:06:26 +0800] "GET /xingrg/images/blue/kc_tab_mid.gif HTTP/1.1" 200 44
120.253.135.82 - - [25/Dec/2021:12:06:26 +0800] "GET /xingrg/images/blue/kc_tab_left.gif HTTP/1.1" 200 188
120.253.135.82 - - [25/Dec/2021:12:06:26 +0800] "GET /xingrg/images/blue/kc_tab2_right.gif HTTP/1.1" 200 192
120.253.135.82 - - [25/Dec/2021:12:06:26 +0800] "GET /xingrg/images/blue/wait.gif HTTP/1.1" 200 1100
120.253.135.82 - - [25/Dec/2021:12:06:26 +0800] "POST /xingrg/dwr/call/plaincall/AjaxQqpsService.loadMaterielItems.dwr HTTP/1.1" 200 366
120.253.135.82 - - [25/Dec/2021:12:06:29 +0800] "GET /xingrg/javascript/jquery_easy_ui/themes/default/images/button_plain_hover.png HTTP/1.1" 200 252
120.253.135.82 - - [25/Dec/2021:12:06:29 +0800] "GET /xingrg/kc/pszx/mdqp_order_list.html?isBack=1 HTTP/1.1" 302 -
120.253.135.82 - - [25/Dec/2021:12:06:30 +0800] "GET /xingrg/kc/pszx/mdqp_order_list.html?state=10 HTTP/1.1" 200 11473
120.253.135.82 - - [25/Dec/2021:12:06:30 +0800] "GET /xingrg/dwr/interface/AjaxReportQueryService.js HTTP/1.1" 200 13203
120.253.135.82 - - [25/Dec/2021:12:06:30 +0800] "GET /xingrg/dwr/interface/AjaxQqpsService.js HTTP/1.1" 200 16326
120.253.135.82 - - [25/Dec/2021:12:06:30 +0800] "GET /xingrg/dwr/engine.js HTTP/1.1" 200 43631
222.69.128.201 - - [25/Dec/2021:12:06:30 +0800] "GET /xingrg/check_reg.html?_=1640405187678 HTTP/1.1" 200 22
120.253.135.82 - - [25/Dec/2021:12:06:31 +0800] "GET /xingrg/kc/pszx/mdqp_order_info.html?code=302021122500491 HTTP/1.1" 200 13350
120.253.135.82 - - [25/Dec/2021:12:06:31 +0800] "GET /xingrg/dwr/interface/AjaxQqpsService.js HTTP/1.1" 200 16326
120.253.135.82 - - [25/Dec/2021:12:06:31 +0800] "GET /xingrg/dwr/interface/AjaxComOrderService.js HTTP/1.1" 200 18264
120.253.135.82 - - [25/Dec/2021:12:06:31 +0800] "GET /xingrg/dwr/engine.js HTTP/1.1" 200 43631
120.253.135.82 - - [25/Dec/2021:12:06:31 +0800] "POST /xingrg/dwr/call/plaincall/AjaxQqpsService.loadMaterielItems.dwr HTTP/1.1" 200 361
61.170.234.223 - - [25/Dec/2021:12:06:35 +0800] "GET /xingrg/all/function/internal_message.html?_=1640405197307&CODE_STATE=getMsg HTTP/1.1" 200 27
116.228.172.94 - - [25/Dec/2021:12:06:38 +0800] "GET /xingrg/all/function/internal_message.html?_=1640405191078&CODE_STATE=getMsg HTTP/1.1" 200 27
114.85.125.222 - - [25/Dec/2021:12:06:38 +0800] "GET /xingrg/all/function/internal_message.html?_=1640405143216&CODE_STATE=getMsg HTTP/1.1" 200 27
222.69.128.201 - - [25/Dec/2021:12:06:39 +0800] "GET /xingrg/kc/base/wldb_order_operate.html?command=get_materiel&rest_code=00149&base_code=0010394&code=00101019295 HTTP/1.1" 200 462
180.169.147.146 - - [25/Dec/2021:12:06:40 +0800] "GET /xingrg/all/function/internal_message.html?_=1640405195236&CODE_STATE=getMsg HTTP/1.1" 200 27
222.69.132.164 - - [25/Dec/2021:12:06:40 +0800] "GET /xingrg/all/function/internal_message.html?_=1640405228726&CODE_STATE=getMsg HTTP/1.1" 200 27
116.238.208.177 - - [25/Dec/2021:12:06:42 +0800] "GET /xingrg/check_reg.html?_=1640405204746 HTTP/1.1" 200 22
116.238.208.177 - - [25/Dec/2021:12:06:42 +0800] "GET /xingrg/all/function/internal_message.html?_=1640405204750&CODE_STATE=getMsg HTTP/1.1" 200 27
180.175.103.30 - - [25/Dec/2021:12:06:43 +0800] "GET /xingrg/kc/base/wldb_order_add.html HTTP/1.1" 200 30274
180.175.103.30 - - [25/Dec/2021:12:06:44 +0800] "POST /xingrg/kc/base/wldb_order_operate.html HTTP/1.1" 200 6806
180.175.103.30 - - [25/Dec/2021:12:06:44 +0800] "GET /xingrg/javascript/easyui/themes/default/validatebox.css HTTP/1.1" 404 1104
222.69.128.201 - - [25/Dec/2021:12:06:44 +0800] "GET /xingrg/kc/base/wldb_order_operate.html?command=get_materiel&rest_code=00149&base_code=0010394&code=00101019297 HTTP/1.1" 200 464
120.253.135.82 - - [25/Dec/2021:12:06:44 +0800] "GET /xingrg/kc/pszx/jzcl_ps.html HTTP/1.1" 200 7683
120.253.135.82 - - [25/Dec/2021:12:06:44 +0800] "GET /xingrg/css/table.css HTTP/1.1" 200 3684
120.253.135.82 - - [25/Dec/2021:12:06:44 +0800] "GET /xingrg/javascript/step/step.css HTTP/1.1" 200 999
120.253.135.82 - - [25/Dec/2021:12:06:44 +0800] "GET /xingrg/javascript/step/images/navCurrentBtn.gif HTTP/1.1" 200 557
120.253.135.82 - - [25/Dec/2021:12:06:44 +0800] "GET /xingrg/javascript/jquery_easy_ui/themes/default/images/button_a_bg.gif HTTP/1.1" 304 -
120.253.135.82 - - [25/Dec/2021:12:06:44 +0800] "GET /xingrg/javascript/jquery_easy_ui/themes/icons/search.png HTTP/1.1" 304 -
120.253.135.82 - - [25/Dec/2021:12:06:44 +0800] "GET /xingrg/javascript/jquery_easy_ui/themes/default/images/button_span_bg.gif HTTP/1.1" 304 -
120.253.135.82 - - [25/Dec/2021:12:06:44 +0800] "GET /xingrg/javascript/jquery_easy_ui/themes/default/images/combo_arrow_dot.gif HTTP/1.1" 200 79
120.253.135.82 - - [25/Dec/2021:12:06:44 +0800] "GET /xingrg/javascript/jquery_easy_ui/themes/default/images/calendar_prevmonth.gif HTTP/1.1" 200 66
120.253.135.82 - - [25/Dec/2021:12:06:44 +0800] "GET /xingrg/javascript/jquery_easy_ui/themes/default/images/calendar_nextmonth.gif HTTP/1.1" 200 64
120.253.135.82 - - [25/Dec/2021:12:06:44 +0800] "GET /xingrg/javascript/jquery_easy_ui/themes/default/images/calendar_prevyear.gif HTTP/1.1" 200 76
120.253.135.82 - - [25/Dec/2021:12:06:44 +0800] "POST /xingrg/all/common/load_tree.html?tree=area_rest_tree_json HTTP/1.1" 200 3472
120.253.135.82 - - [25/Dec/2021:12:06:44 +0800] "GET /xingrg/javascript/jquery_easy_ui/themes/default/images/calendar_nextyear.gif HTTP/1.1" 200 75
120.253.135.82 - - [25/Dec/2021:12:06:44 +0800] "GET /xingrg/javascript/jquery_easy_ui/themes/default/images/datagrid_header_bg.gif HTTP/1.1" 304 -
120.253.135.82 - - [25/Dec/2021:12:06:44 +0800] "GET /xingrg/javascript/jquery_easy_ui/themes/default/images/pagination_loading.gif HTTP/1.1" 200 1737
120.253.135.82 - - [25/Dec/2021:12:06:44 +0800] "GET /xingrg/javascript/jquery_easy_ui/themes/default/images/tree_checkbox_0.gif HTTP/1.1" 200 168
120.253.135.82 - - [25/Dec/2021:12:06:44 +0800] "POST /xingrg/kc/pszx/jzcl_ps_operate.html HTTP/1.1" 200 1262
120.253.135.82 - - [25/Dec/2021:12:06:45 +0800] "POST /xingrg/kc/pszx/jzcl_ps_operate.html HTTP/1.1" 200 1262
180.175.103.30 - - [25/Dec/2021:12:06:45 +0800] "GET /xingrg/check_reg.html?_=1640405205656 HTTP/1.1" 200 22
180.175.103.30 - - [25/Dec/2021:12:06:45 +0800] "GET /xingrg/all/function/internal_message.html?_=1640405205659&CODE_STATE=getMsg HTTP/1.1" 200 27
120.253.135.82 - - [25/Dec/2021:12:06:45 +0800] "GET /xingrg/javascript/jquery_easy_ui/themes/icons/area.png HTTP/1.1" 304 -
120.253.135.82 - - [25/Dec/2021:12:06:45 +0800] "GET /xingrg/javascript/jquery_easy_ui/themes/icons/rest.png HTTP/1.1" 200 695
120.253.135.82 - - [25/Dec/2021:12:06:45 +0800] "GET /xingrg/javascript/jquery_easy_ui/themes/icons/manage.png HTTP/1.1" 304 -
101.85.120.86 - - [25/Dec/2021:12:06:46 +0800] "GET /xingrg/all/function/internal_message.html?_=1640405205047&CODE_STATE=getMsg HTTP/1.1" 200 27
58.40.7.146 - - [25/Dec/2021:12:06:47 +0800] "GET /xingrg/all/function/internal_message.html?_=1640405192895&CODE_STATE=getMsg HTTP/1.1" 200 27
101.80.229.199 - - [25/Dec/2021:12:06:49 +0800] "GET /xingrg/all/function/internal_message.html?_=1640405209065&CODE_STATE=getMsg HTTP/1.1" 200 27
114.86.230.235 - - [25/Dec/2021:12:06:49 +0800] "GET /xingrg/all/function/internal_message.html?_=1640405208762&CODE_STATE=getMsg HTTP/1.1" 200 27
222.69.128.201 - - [25/Dec/2021:12:06:51 +0800] "GET /xingrg/kc/base/wldb_order_operate.html?command=get_materiel&rest_code=00149&base_code=0010394&code=00101019339 HTTP/1.1" 200 455
120.253.135.82 - - [25/Dec/2021:12:06:52 +0800] "POST /xingrg/kc/pszx/jzcl_ps_operate.html HTTP/1.1" 200 4
120.253.135.82 - - [25/Dec/2021:12:06:52 +0800] "GET /xingrg/javascript/step/images/navBtn.gif HTTP/1.1" 200 361
120.253.135.82 - - [25/Dec/2021:12:06:52 +0800] "GET /xingrg/javascript/step/images/navLastDoneBtn.gif HTTP/1.1" 200 552
120.253.135.82 - - [25/Dec/2021:12:06:52 +0800] "GET /xingrg/javascript/step/images/navDoneBtn.gif HTTP/1.1" 200 394
120.253.135.82 - - [25/Dec/2021:12:06:54 +0800] "GET /xingrg/kc/pszx/mdps_order_list.html HTTP/1.1" 200 20925
120.253.135.82 - - [25/Dec/2021:12:06:54 +0800] "GET /xingrg/javascript/easyui/themes/icons/uncheck_new.png HTTP/1.1" 200 3197
120.253.135.82 - - [25/Dec/2021:12:06:54 +0800] "POST /xingrg/kc/pszx/mdps_list_operate.html HTTP/1.1" 200 5304
222.69.128.201 - - [25/Dec/2021:12:06:59 +0800] "GET /xingrg/kc/base/wldb_order_operate.html?command=get_materiel&rest_code=00149&base_code=0010394&code=00101019249 HTTP/1.1" 200 470
120.253.135.82 - - [25/Dec/2021:12:07:00 +0800] "GET /xingrg/kc/pszx/mdps_order_list.html?orderType=0 HTTP/1.1" 200 20925
120.253.135.82 - - [25/Dec/2021:12:07:01 +0800] "POST /xingrg/kc/pszx/mdps_list_operate.html HTTP/1.1" 200 5304
120.253.135.82 - - [25/Dec/2021:12:07:01 +0800] "GET /xingrg/kc/pszx/mdps_order_list.html?orderType=0 HTTP/1.1" 200 20925
120.253.135.82 - - [25/Dec/2021:12:07:01 +0800] "POST /xingrg/kc/pszx/mdps_list_operate.html HTTP/1.1" 200 5304
124.79.247.218 - - [25/Dec/2021:12:07:03 +0800] "GET /xingrg/all/function/internal_message.html?_=1640405247019&CODE_STATE=getMsg HTTP/1.1" 200 27
120.253.135.82 - - [25/Dec/2021:12:07:04 +0800] "POST /xingrg/kc/pszx/mdps_list_operate.html HTTP/1.1" 200 5425
180.175.103.30 - - [25/Dec/2021:12:07:04 +0800] "GET /xingrg/all/function/internal_message.html?_=1640405159984&CODE_STATE=getMsg HTTP/1.1" 200 27
222.69.128.201 - - [25/Dec/2021:12:07:05 +0800] "GET /xingrg/kc/base/wldb_order_operate.html?command=get_materiel&rest_code=00149&base_code=0010394&code=00101019430 HTTP/1.1" 200 463
116.238.208.177 - - [25/Dec/2021:12:07:05 +0800] "GET /xingrg/check_reg.html?_=1640405233024 HTTP/1.1" 200 22
120.253.135.82 - - [25/Dec/2021:12:07:06 +0800] "POST /xingrg/kc/pszx/mdps_list_operate.html HTTP/1.1" 200 203
120.253.135.82 - - [25/Dec/2021:12:07:06 +0800] "GET /xingrg/kc/pszx/mdps_order_info.html?code=312021122500641 HTTP/1.1" 200 23929
120.253.135.82 - - [25/Dec/2021:12:07:06 +0800] "GET /xingrg/javascript/json2.js HTTP/1.1" 304 -
120.253.135.82 - - [25/Dec/2021:12:07:06 +0800] "GET /xingrg/javascript/jquery_tools/order_manager.js HTTP/1.1" 304 -
120.253.135.82 - - [25/Dec/2021:12:07:06 +0800] "GET /xingrg/javascript/convert.js HTTP/1.1" 304 -
120.253.135.82 - - [25/Dec/2021:12:07:06 +0800] "GET /xingrg/words/20211224163607_words.js HTTP/1.1" 200 881188
120.253.135.82 - - [25/Dec/2021:12:07:06 +0800] "GET /xingrg/javascript/easyui/themes/icons/copy_new.png HTTP/1.1" 304 -
120.253.135.82 - - [25/Dec/2021:12:07:06 +0800] "GET /xingrg/javascript/easyui/themes/icons/ok.png HTTP/1.1" 304 -
120.253.135.82 - - [25/Dec/2021:12:07:06 +0800] "GET /xingrg/javascript/easyui/themes/icons/print.png HTTP/1.1" 304 -
120.253.135.82 - - [25/Dec/2021:12:07:06 +0800] "GET /xingrg/javascript/easyui/themes/icons/cancel.png HTTP/1.1" 304 -
120.253.135.82 - - [25/Dec/2021:12:07:06 +0800] "GET /xingrg/javascript/easyui/themes/default/images/menu_downarrow.png HTTP/1.1" 304 -
116.238.208.177 - - [25/Dec/2021:12:07:06 +0800] "GET /xingrg/all/function/internal_message.html?_=1640405234032&CODE_STATE=getMsg HTTP/1.1" 200 27
180.162.114.48 - - [25/Dec/2021:12:07:07 +0800] "GET /xingrg/all/function/internal_message.html?_=1640404660744&CODE_STATE=getMsg HTTP/1.1" 200 27
180.169.147.146 - - [25/Dec/2021:12:07:07 +0800] "POST /xingrg/kc/buy/cgsh_list_operate.html HTTP/1.1" 200 4
120.253.135.82 - - [25/Dec/2021:12:07:07 +0800] "GET /xingrg/all/common/auto_word.html?type=base&rest_code=00101 HTTP/1.1" 200 613
120.253.135.82 - - [25/Dec/2021:12:07:07 +0800] "POST /xingrg/kc/pszx/mdps_order_operate.html HTTP/1.1" 200 2277
120.253.135.82 - - [25/Dec/2021:12:07:07 +0800] "GET /xingrg/javascript/easyui/themes/icons/edit_remove.png HTTP/1.1" 304 -
120.253.135.82 - - [25/Dec/2021:12:07:07 +0800] "GET /xingrg/javascript/easyui/themes/default/validatebox.css HTTP/1.1" 404 1104
120.253.135.82 - - [25/Dec/2021:12:07:07 +0800] "GET /xingrg/javascript/easyui/plugins/jquery.validatebox.js HTTP/1.1" 304 -
120.253.135.82 - - [25/Dec/2021:12:07:07 +0800] "GET /xingrg/javascript/easyui/plugins/jquery.numberbox.js HTTP/1.1" 304 -
120.253.135.82 - - [25/Dec/2021:12:07:08 +0800] "GET /xingrg/all/function/internal_message.html?_=1640405361111&CODE_STATE=getMsg HTTP/1.1" 200 27
124.77.245.186 - - [25/Dec/2021:12:07:09 +0800] "GET /xingrg/all/function/internal_message.html?_=1640405249891&CODE_STATE=getMsg HTTP/1.1" 200 27
180.169.147.146 - - [25/Dec/2021:12:07:09 +0800] "POST /xingrg/kc/buy/cgsh_list_operate.html HTTP/1.1" 200 876
222.69.128.201 - - [25/Dec/2021:12:07:10 +0800] "GET /xingrg/kc/base/wldb_order_operate.html?command=get_materiel&rest_code=00149&base_code=0010394&code=00101019529 HTTP/1.1" 200 476
120.253.135.82 - - [25/Dec/2021:12:07:12 +0800] "GET /xingrg/javascript/easyui/themes/default/images/button_plain_hover.png HTTP/1.1" 304 -
120.253.135.82 - - [25/Dec/2021:12:07:14 +0800] "POST /xingrg/kc/pszx/mdps_order_operate.html HTTP/1.1" 200 37
180.175.103.30 - - [25/Dec/2021:12:07:14 +0800] "GET /xingrg/kc/base/wldb_order_operate.html?command=get_materiel&rest_code=00105&base_code=0010507&code=00101019542 HTTP/1.1" 200 447
120.253.135.82 - - [25/Dec/2021:12:07:15 +0800] "GET /xingrg/kc/pszx/mdps_order_info.html?code=312021122500641 HTTP/1.1" 200 23929
120.253.135.82 - - [25/Dec/2021:12:07:15 +0800] "GET /xingrg/javascript/easyui/themes/default/validatebox.css HTTP/1.1" 404 1104
120.253.135.82 - - [25/Dec/2021:12:07:15 +0800] "POST /xingrg/kc/pszx/mdps_order_operate.html HTTP/1.1" 200 2285
116.227.210.113 - - [25/Dec/2021:12:07:17 +0800] "GET /xingrg/all/function/internal_message.html?_=1640405208014&CODE_STATE=getMsg HTTP/1.1" 200 27
61.170.234.223 - - [25/Dec/2021:12:07:21 +0800] "GET /xingrg/all/function/internal_message.html?_=1640405236730&CODE_STATE=getMsg HTTP/1.1" 200 27
124.79.247.218 - - [25/Dec/2021:12:07:22 +0800] "GET /xingrg/kc/buy/buy_main.html HTTP/1.1" 302 -
124.79.247.218 - - [25/Dec/2021:12:07:22 +0800] "GET /xingrg/login.html HTTP/1.1" 200 7641
124.79.247.218 - - [25/Dec/2021:12:07:22 +0800] "GET /xingrg/login.html HTTP/1.1" 200 7641
124.79.247.218 - - [25/Dec/2021:12:07:22 +0800] "GET /favicon.ico HTTP/1.1" 404 -
222.69.128.201 - - [25/Dec/2021:12:07:24 +0800] "GET /xingrg/kc/base/wldb_order_operate.html?command=get_materiel&rest_code=00149&base_code=0010394&code=00101019283 HTTP/1.1" 200 451
120.253.135.82 - - [25/Dec/2021:12:07:25 +0800] "POST /xingrg/kc/pszx/mdps_list_operate.html HTTP/1.1" 200 208
120.253.135.82 - - [25/Dec/2021:12:07:25 +0800] "GET /xingrg/kc/pszx/mdps_order_info.html?code=312021122500642 HTTP/1.1" 200 23929
120.253.135.82 - - [25/Dec/2021:12:07:26 +0800] "GET /xingrg/javascript/easyui/themes/default/validatebox.css HTTP/1.1" 404 1104
120.253.135.82 - - [25/Dec/2021:12:07:26 +0800] "POST /xingrg/kc/pszx/mdps_order_operate.html HTTP/1.1" 200 2286
124.79.247.218 - - [25/Dec/2021:12:07:26 +0800] "POST /xingrg/login.do HTTP/1.1" 302 -
124.79.247.218 - - [25/Dec/2021:12:07:26 +0800] "GET /xingrg/index.html?sysBaseUrl=http%3A%2F%2F180.169.147.146%3A18081%2Fxingrg%2F&costTime=36×tamp=1640405246933 HTTP/1.1" 200 17179
124.79.247.218 - - [25/Dec/2021:12:07:27 +0800] "POST /xingrg/all/common/load_tree.html?tree=area_rest_tree_json&manage=1 HTTP/1.1" 200 723
124.79.247.218 - - [25/Dec/2021:12:07:27 +0800] "GET /xingrg/all/function/internal_message.html?_=1640405371114&CODE_STATE=count HTTP/1.1" 200 11
124.79.247.218 - - [25/Dec/2021:12:07:27 +0800] "GET /xingrg/check_reg.html?_=1640405371115 HTTP/1.1" 200 22
124.79.247.218 - - [25/Dec/2021:12:07:27 +0800] "GET /favicon.ico HTTP/1.1" 404 -
124.79.247.218 - - [25/Dec/2021:12:07:27 +0800] "POST /xingrg/load_menu.html HTTP/1.1" 200 5138
180.175.103.30 - - [25/Dec/2021:12:07:28 +0800] "GET /xingrg/kc/base/wldb_order_operate.html?command=get_materiel&rest_code=00105&base_code=0010507&code=00101019400 HTTP/1.1" 200 451
124.79.247.218 - - [25/Dec/2021:12:07:29 +0800] "GET /xingrg/kc/buy/buy_main.html HTTP/1.1" 200 12412
124.79.247.218 - - [25/Dec/2021:12:07:29 +0800] "GET /xingrg/css/new_ie.css HTTP/1.1" 404 1036
124.79.247.218 - - [25/Dec/2021:12:07:30 +0800] "GET /xingrg/images/yd/bt.gif HTTP/1.1" 404 1040
124.79.247.218 - - [25/Dec/2021:12:07:30 +0800] "GET /xingrg/kc/buy/cgsh_order_list.html HTTP/1.1" 200 49486
124.79.247.218 - - [25/Dec/2021:12:07:32 +0800] "POST /xingrg/kc/buy/cgsh_list_operate.html HTTP/1.1" 200 3092
120.253.135.82 - - [25/Dec/2021:12:07:34 +0800] "GET /xingrg/javascript/auto/indicator.gif HTTP/1.1" 404 1066
61.170.234.223 - - [25/Dec/2021:12:07:35 +0800] "GET /xingrg/all/function/internal_message.html?_=1640405257306&CODE_STATE=getMsg HTTP/1.1" 200 27
124.79.247.218 - - [25/Dec/2021:12:07:36 +0800] "POST /xingrg/kc/buy/cgsh_list_operate.html HTTP/1.1" 200 359
180.175.103.30 - - [25/Dec/2021:12:07:37 +0800] "GET /xingrg/kc/base/wldb_order_operate.html?command=get_materiel&rest_code=00105&base_code=0010507&code=00101019438 HTTP/1.1" 200 447
124.79.247.218 - - [25/Dec/2021:12:07:37 +0800] "GET /xingrg/words/20211224163607_words.js HTTP/1.1" 200 881188
124.79.247.218 - - [25/Dec/2021:12:07:37 +0800] "GET /xingrg/kc/buy/cgsh_order_info.html?code=212021122510595 HTTP/1.1" 200 65258
114.85.125.222 - - [25/Dec/2021:12:07:37 +0800] "GET /xingrg/check_reg.html?_=1640405202258 HTTP/1.1" 200 22
116.228.172.94 - - [25/Dec/2021:12:07:38 +0800] "GET /xingrg/all/function/internal_message.html?_=1640405251096&CODE_STATE=getMsg HTTP/1.1" 200 27
116.228.172.94 - - [25/Dec/2021:12:07:38 +0800] "GET /xingrg/check_reg.html?_=1640405251099 HTTP/1.1" 200 22
114.85.125.222 - - [25/Dec/2021:12:07:38 +0800] "GET /xingrg/all/function/internal_message.html?_=1640405203230&CODE_STATE=getMsg HTTP/1.1" 200 27
180.169.147.146 - - [25/Dec/2021:12:07:40 +0800] "GET /xingrg/all/function/internal_message.html?_=1640405255245&CODE_STATE=getMsg HTTP/1.1" 200 27
180.169.147.146 - - [25/Dec/2021:12:07:40 +0800] "GET /xingrg/check_reg.html?_=1640405255244 HTTP/1.1" 200 22
222.69.132.164 - - [25/Dec/2021:12:07:41 +0800] "GET /xingrg/all/function/internal_message.html?_=1640405288720&CODE_STATE=getMsg HTTP/1.1" 200 27
120.253.135.82 - - [25/Dec/2021:12:07:41 +0800] "GET /xingrg/kc/pszx/mdps_order_operate.html?command=get_materiel&pszx_code=00101&rest_code=00150&base_code=0010246&code=00101018006 HTTP/1.1" 200 444
116.238.208.177 - - [25/Dec/2021:12:07:42 +0800] "GET /xingrg/all/function/internal_message.html?_=1640405264751&CODE_STATE=getMsg HTTP/1.1" 200 27
124.79.247.218 - - [25/Dec/2021:12:07:43 +0800] "GET /xingrg/kc/buy/buy_main.html HTTP/1.1" 200 12412
120.253.135.82 - - [25/Dec/2021:12:07:43 +0800] "POST /xingrg/all/common/load_select.html HTTP/1.1" 200 25
124.79.247.218 - - [25/Dec/2021:12:07:43 +0800] "GET /xingrg/css/new_ie.css HTTP/1.1" 404 1036
124.79.247.218 - - [25/Dec/2021:12:07:44 +0800] "GET /xingrg/images/yd/bt.gif HTTP/1.1" 404 1040
180.175.103.30 - - [25/Dec/2021:12:07:45 +0800] "GET /xingrg/all/function/internal_message.html?_=1640405265659&CODE_STATE=getMsg HTTP/1.1" 200 27
120.253.135.82 - - [25/Dec/2021:12:07:46 +0800] "GET /xingrg/kc/pszx/mdps_order_operate.html?command=get_materiel_price&pszx_code=00101&rest_code=00150&base_code=0010246&code=00101018006&unit_code=00100169&order_time=2021-12-26 HTTP/1.1" 200 36
124.79.247.218 - - [25/Dec/2021:12:07:46 +0800] "GET /xingrg/kc/buy/cgsh_order_list.html HTTP/1.1" 200 49486
101.85.120.86 - - [25/Dec/2021:12:07:46 +0800] "GET /xingrg/all/function/internal_message.html?_=1640405265048&CODE_STATE=getMsg HTTP/1.1" 200 27
180.175.103.30 - - [25/Dec/2021:12:07:47 +0800] "GET /xingrg/kc/base/wldb_order_operate.html?command=get_materiel&rest_code=00105&base_code=0010507&code=00101019185 HTTP/1.1" 200 453
58.40.7.146 - - [25/Dec/2021:12:07:47 +0800] "GET /xingrg/all/function/internal_message.html?_=1640405252896&CODE_STATE=getMsg HTTP/1.1" 200 27
124.79.247.218 - - [25/Dec/2021:12:07:48 +0800] "GET /xingrg/all/common/auto_word.html?type=employee&rest_code=00104 HTTP/1.1" 200 245
124.79.247.218 - - [25/Dec/2021:12:07:48 +0800] "GET /xingrg/javascript/easyui/themes/default/validatebox.css HTTP/1.1" 404 1104
124.79.247.218 - - [25/Dec/2021:12:07:48 +0800] "GET /xingrg/all/common/auto_word.html?type=employee&rest_code=00104 HTTP/1.1" 200 245
124.79.247.218 - - [25/Dec/2021:12:07:48 +0800] "POST /xingrg/kc/buy/cgsh_list_operate.html HTTP/1.1" 200 3092
124.79.247.218 - - [25/Dec/2021:12:07:48 +0800] "POST /xingrg/kc/buy/cgsh_order_operate.html HTTP/1.1" 200 3857
101.80.229.199 - - [25/Dec/2021:12:07:49 +0800] "GET /xingrg/all/function/internal_message.html?_=1640405269050&CODE_STATE=getMsg HTTP/1.1" 200 27
114.86.230.235 - - [25/Dec/2021:12:07:49 +0800] "GET /xingrg/all/function/internal_message.html?_=1640405268768&CODE_STATE=getMsg HTTP/1.1" 200 27
124.79.247.218 - - [25/Dec/2021:12:07:50 +0800] "POST /xingrg/kc/buy/cgsh_list_operate.html HTTP/1.1" 200 359
124.79.247.218 - - [25/Dec/2021:12:07:51 +0800] "GET /xingrg/kc/buy/cgsh_order_info.html?code=212021122510595 HTTP/1.1" 200 65258
124.79.247.218 - - [25/Dec/2021:12:07:52 +0800] "GET /xingrg/javascript/easyui/themes/default/validatebox.css HTTP/1.1" 404 1104
124.79.247.218 - - [25/Dec/2021:12:07:52 +0800] "POST /xingrg/kc/buy/cgsh_order_operate.html HTTP/1.1" 200 3857
124.79.247.218 - - [25/Dec/2021:12:07:54 +0800] "GET /xingrg/kc/print/load_config.html?kc_code=cgsh HTTP/1.1" 200 1943
124.79.247.218 - - [25/Dec/2021:12:07:54 +0800] "GET /xingrg/kc/print/load_data.html?order_code=212021122510595&kc_code=cgsh&condition= HTTP/1.1" 200 1230
222.69.128.201 - - [25/Dec/2021:12:07:55 +0800] "POST /xingrg/kc/base/wldb_order_operate.html HTTP/1.1" 200 37
222.69.128.201 - - [25/Dec/2021:12:07:56 +0800] "POST /xingrg/kc/base/wldb_order_operate.html HTTP/1.1" 200 8305
222.69.128.201 - - [25/Dec/2021:12:07:56 +0800] "GET /xingrg/kc/base/wldb_order_info.html?code=422021122502644 HTTP/1.1" 200 30295
180.175.103.30 - - [25/Dec/2021:12:07:56 +0800] "GET /xingrg/kc/base/wldb_order_operate.html?command=get_materiel&rest_code=00105&base_code=0010507&code=00101019183 HTTP/1.1" 200 435
222.69.128.201 - - [25/Dec/2021:12:07:57 +0800] "GET /xingrg/javascript/easyui/themes/default/validatebox.css HTTP/1.1" 404 1104
222.69.128.201 - - [25/Dec/2021:12:07:57 +0800] "POST /xingrg/kc/base/wldb_order_operate.html HTTP/1.1" 200 8305
222.69.128.201 - - [25/Dec/2021:12:07:59 +0800] "GET /xingrg/kc/base/wldb_order_add.html HTTP/1.1" 200 30280
222.69.128.201 - - [25/Dec/2021:12:08:00 +0800] "POST /xingrg/kc/base/wldb_order_operate.html HTTP/1.1" 200 6806
222.69.128.201 - - [25/Dec/2021:12:08:00 +0800] "GET /xingrg/javascript/easyui/themes/default/validatebox.css HTTP/1.1" 404 1104
124.79.247.218 - - [25/Dec/2021:12:08:00 +0800] "POST /xingrg/kc/buy/cgsh_list_operate.html HTTP/1.1" 200 3092
124.79.247.218 - - [25/Dec/2021:12:08:01 +0800] "POST /xingrg/kc/buy/cgsh_list_operate.html HTTP/1.1" 200 565
120.253.135.82 - - [25/Dec/2021:12:08:01 +0800] "POST /xingrg/kc/pszx/mdps_order_operate.html HTTP/1.1" 200 37
124.79.247.218 - - [25/Dec/2021:12:08:02 +0800] "GET /xingrg/kc/buy/cgsh_order_info.html?code=212021122510597 HTTP/1.1" 200 65260
124.79.247.218 - - [25/Dec/2021:12:08:02 +0800] "GET /xingrg/javascript/easyui/themes/default/validatebox.css HTTP/1.1" 404 1104
120.253.135.82 - - [25/Dec/2021:12:08:02 +0800] "GET /xingrg/kc/pszx/mdps_order_info.html?code=312021122500642 HTTP/1.1" 200 23929
120.253.135.82 - - [25/Dec/2021:12:08:03 +0800] "GET /xingrg/javascript/easyui/themes/default/validatebox.css HTTP/1.1" 404 1104
120.253.135.82 - - [25/Dec/2021:12:08:03 +0800] "POST /xingrg/kc/pszx/mdps_order_operate.html HTTP/1.1" 200 2287
124.79.247.218 - - [25/Dec/2021:12:08:03 +0800] "POST /xingrg/kc/buy/cgsh_order_operate.html HTTP/1.1" 200 7983
124.79.247.218 - - [25/Dec/2021:12:08:03 +0800] "GET /xingrg/all/function/internal_message.html?_=1640405307445&CODE_STATE=getMsg HTTP/1.1" 302 -
124.79.247.218 - - [25/Dec/2021:12:08:03 +0800] "GET /xingrg/login.html HTTP/1.1" 200 7641
124.79.247.218 - - [25/Dec/2021:12:08:04 +0800] "GET /xingrg/kc/print/load_data.html?order_code=212021122510597&kc_code=cgsh&condition= HTTP/1.1" 200 2765
180.175.103.30 - - [25/Dec/2021:12:08:04 +0800] "GET /xingrg/all/function/internal_message.html?_=1640405219957&CODE_STATE=getMsg HTTP/1.1" 200 27
116.238.208.177 - - [25/Dec/2021:12:08:06 +0800] "GET /xingrg/all/function/internal_message.html?_=1640405294046&CODE_STATE=getMsg HTTP/1.1" 200 27
180.162.114.48 - - [25/Dec/2021:12:08:07 +0800] "GET /xingrg/all/function/internal_message.html?_=1640404720746&CODE_STATE=getMsg HTTP/1.1" 200 27
180.162.114.48 - - [25/Dec/2021:12:08:07 +0800] "GET /xingrg/check_reg.html?_=1640404720744 HTTP/1.1" 200 22
120.253.135.82 - - [25/Dec/2021:12:08:08 +0800] "GET /xingrg/all/function/internal_message.html?_=1640405421124&CODE_STATE=getMsg HTTP/1.1" 200 27
222.69.128.201 - - [25/Dec/2021:12:08:08 +0800] "GET /xingrg/kc/base/wldb_order_operate.html?command=get_materiel&rest_code=00149&base_code=0010394&code=00101019133 HTTP/1.1" 200 466
124.77.245.186 - - [25/Dec/2021:12:08:09 +0800] "GET /xingrg/all/function/internal_message.html?_=1640405310401&CODE_STATE=getMsg HTTP/1.1" 200 27
124.79.247.218 - - [25/Dec/2021:12:08:10 +0800] "POST /xingrg/kc/buy/cgsh_list_operate.html HTTP/1.1" 200 3092
124.79.247.218 - - [25/Dec/2021:12:08:11 +0800] "POST /xingrg/kc/buy/cgsh_list_operate.html HTTP/1.1" 200 277
222.69.128.201 - - [25/Dec/2021:12:08:12 +0800] "GET /xingrg/kc/base/wldb_order_operate.html?command=get_materiel&rest_code=00149&base_code=0010394&code=00101019438 HTTP/1.1" 200 447
124.79.247.218 - - [25/Dec/2021:12:08:12 +0800] "GET /xingrg/kc/buy/cgsh_order_info.html?code=212021122510593 HTTP/1.1" 200 65258
124.79.247.218 - - [25/Dec/2021:12:08:12 +0800] "GET /xingrg/javascript/easyui/themes/default/validatebox.css HTTP/1.1" 404 1104
124.79.247.218 - - [25/Dec/2021:12:08:13 +0800] "POST /xingrg/kc/buy/cgsh_order_operate.html HTTP/1.1" 200 3249
120.253.135.82 - - [25/Dec/2021:12:08:14 +0800] "POST /xingrg/kc/pszx/mdps_order_operate.html HTTP/1.1" 200 37
124.79.247.218 - - [25/Dec/2021:12:08:14 +0800] "GET /xingrg/kc/print/load_data.html?order_code=212021122510593&kc_code=cgsh&condition= HTTP/1.1" 200 955
