180.169.147.146 - - [25/Dec/2021:12:26:14 +0800] "GET /xingrg/javascript/jquery_easy_ui/themes/default/images/panel_tools.gif HTTP/1.1" 200 737
101.80.229.199 - - [25/Dec/2021:12:26:15 +0800] "GET /xingrg/check_reg.html?_=1640406374482 HTTP/1.1" 200 22
180.157.251.97 - - [25/Dec/2021:12:26:15 +0800] "GET /xingrg/check_reg.html?_=1640406373708 HTTP/1.1" 200 22
180.157.251.97 - - [25/Dec/2021:12:26:15 +0800] "GET /xingrg/all/function/internal_message.html?_=1640406373710&CODE_STATE=getMsg HTTP/1.1" 200 27
180.169.147.146 - - [25/Dec/2021:12:26:15 +0800] "GET /xingrg/kc/buy/cgsh_order_add.html HTTP/1.1" 200 65217
180.169.147.146 - - [25/Dec/2021:12:26:16 +0800] "POST /xingrg/kc/buy/cgsh_order_operate.html HTTP/1.1" 200 8245
180.169.147.146 - - [25/Dec/2021:12:26:16 +0800] "GET /xingrg/javascript/easyui/themes/default/validatebox.css HTTP/1.1" 404 1104
114.86.230.235 - - [25/Dec/2021:12:26:17 +0800] "POST /xingrg/services/DataTransmitService HTTP/1.1" 200 524
116.227.210.113 - - [25/Dec/2021:12:26:17 +0800] "GET /xingrg/all/function/internal_message.html?_=1640406348008&CODE_STATE=getMsg HTTP/1.1" 200 27
116.238.208.177 - - [25/Dec/2021:12:26:20 +0800] "GET /xingrg/all/function/internal_message.html?_=1640406382789&CODE_STATE=getMsg HTTP/1.1" 200 27
61.170.234.223 - - [25/Dec/2021:12:26:20 +0800] "GET /xingrg/all/function/internal_message.html?_=1640406376306&CODE_STATE=getMsg HTTP/1.1" 200 27
180.169.147.146 - - [25/Dec/2021:12:26:22 +0800] "GET /xingrg/images/control/ajaxLoader.gif HTTP/1.1" 200 4659
180.169.147.146 - - [25/Dec/2021:12:26:22 +0800] "POST /xingrg/all/user/operate.html HTTP/1.1" 200 36
180.169.147.146 - - [25/Dec/2021:12:26:22 +0800] "GET /xingrg/index.html?sysBaseUrl=http%3A%2F%2F180.169.147.146%3A18081%2Fxingrg%2F&costTime=38×tamp=1640406353323 HTTP/1.1" 200 17509
180.169.147.146 - - [25/Dec/2021:12:26:22 +0800] "GET /xingrg/javascript/jquery_easy_ui/themes/default/easyui.css HTTP/1.1" 304 -
180.169.147.146 - - [25/Dec/2021:12:26:22 +0800] "GET /xingrg/javascript/jquery_easy_ui/themes/icon.css HTTP/1.1" 304 -
180.169.147.146 - - [25/Dec/2021:12:26:22 +0800] "GET /xingrg/css/form.css HTTP/1.1" 304 -
180.169.147.146 - - [25/Dec/2021:12:26:22 +0800] "GET /xingrg/javascript/jquery-1.4.2.min.js HTTP/1.1" 304 -
180.169.147.146 - - [25/Dec/2021:12:26:22 +0800] "GET /xingrg/javascript/jquery_easy_ui/jquery.easyui.min.js HTTP/1.1" 304 -
180.169.147.146 - - [25/Dec/2021:12:26:22 +0800] "GET /xingrg/javascript/jquery_easy_ui/easyui-lang-zh_CN.js HTTP/1.1" 304 -
180.169.147.146 - - [25/Dec/2021:12:26:22 +0800] "GET /xingrg/javascript/jquery.form.js HTTP/1.1" 304 -
180.169.147.146 - - [25/Dec/2021:12:26:22 +0800] "GET /xingrg/javascript/jquery.utils.js HTTP/1.1" 304 -
180.169.147.146 - - [25/Dec/2021:12:26:22 +0800] "GET /xingrg/javascript/jquery.timers.js HTTP/1.1" 304 -
180.169.147.146 - - [25/Dec/2021:12:26:22 +0800] "GET /xingrg/images/blue/jxLogo.png HTTP/1.1" 304 -
180.169.147.146 - - [25/Dec/2021:12:26:22 +0800] "GET /xingrg/images/blue/navBackgound.jpg HTTP/1.1" 304 -
180.169.147.146 - - [25/Dec/2021:12:26:22 +0800] "GET /xingrg/javascript/jquery_easy_ui/themes/icons/settle_new.png HTTP/1.1" 304 -
180.169.147.146 - - [25/Dec/2021:12:26:22 +0800] "POST /xingrg/all/common/load_tree.html?tree=area_rest_tree_json&manage=1 HTTP/1.1" 200 3472
180.169.147.146 - - [25/Dec/2021:12:26:22 +0800] "GET /xingrg/all/function/internal_message.html?_=1640406381142&CODE_STATE=count HTTP/1.1" 200 11
180.169.147.146 - - [25/Dec/2021:12:26:22 +0800] "GET /xingrg/check_reg.html?_=1640406381142 HTTP/1.1" 200 22
180.169.147.146 - - [25/Dec/2021:12:26:22 +0800] "GET /xingrg/javascript/jquery_easy_ui/themes/default/images/tabs_leftarrow.png HTTP/1.1" 304 -
180.169.147.146 - - [25/Dec/2021:12:26:22 +0800] "GET /xingrg/javascript/jquery_easy_ui/themes/default/images/tabs_rightarrow.png HTTP/1.1" 304 -
180.169.147.146 - - [25/Dec/2021:12:26:22 +0800] "GET /xingrg/images/blue/pingpu.png HTTP/1.1" 304 -
180.169.147.146 - - [25/Dec/2021:12:26:22 +0800] "GET /xingrg/javascript/jquery_easy_ui/themes/default/images/panel_tool_expand.gif HTTP/1.1" 304 -
180.169.147.146 - - [25/Dec/2021:12:26:22 +0800] "GET /xingrg/javascript/jquery_easy_ui/themes/default/images/panel_tool_collapse.gif HTTP/1.1" 304 -
180.169.147.146 - - [25/Dec/2021:12:26:22 +0800] "POST /xingrg/load_menu.html HTTP/1.1" 200 9959
124.79.247.218 - - [25/Dec/2021:12:26:27 +0800] "GET /xingrg/all/function/internal_message.html?_=1640406511148&CODE_STATE=getMsg HTTP/1.1" 302 -
180.169.147.146 - - [25/Dec/2021:12:26:29 +0800] "GET /xingrg/kc/buy/cgsh_order_list.html HTTP/1.1" 200 49741
180.169.147.146 - - [25/Dec/2021:12:26:29 +0800] "GET /xingrg/css/base.css HTTP/1.1" 200 2811
180.169.147.146 - - [25/Dec/2021:12:26:29 +0800] "GET /xingrg/css/site.css HTTP/1.1" 200 7541
180.169.147.146 - - [25/Dec/2021:12:26:29 +0800] "GET /xingrg/javascript/jquery_tools/datebox.css HTTP/1.1" 200 2597
180.169.147.146 - - [25/Dec/2021:12:26:29 +0800] "GET /xingrg/javascript/easyui/themes/icon.css HTTP/1.1" 200 4483
180.169.147.146 - - [25/Dec/2021:12:26:29 +0800] "GET /xingrg/javascript/easyui/themes/default/easyui.css HTTP/1.1" 200 30432
180.169.147.146 - - [25/Dec/2021:12:26:29 +0800] "GET /xingrg/javascript/auto/jquery.autocomplete.css HTTP/1.1" 200 587
180.169.147.146 - - [25/Dec/2021:12:26:29 +0800] "GET /xingrg/javascript/jquery_tools/fix.css HTTP/1.1" 200 1702
180.169.147.146 - - [25/Dec/2021:12:26:29 +0800] "GET /xingrg/javascript/jquery_tools/jquery.tools.extend.js HTTP/1.1" 200 15385
180.169.147.146 - - [25/Dec/2021:12:26:29 +0800] "GET /xingrg/javascript/jquery_tools/jquery.tools.hotkey.js HTTP/1.1" 200 3242
180.169.147.146 - - [25/Dec/2021:12:26:29 +0800] "GET /xingrg/javascript/jquery_tools/list_manager.js HTTP/1.1" 200 3652
180.169.147.146 - - [25/Dec/2021:12:26:29 +0800] "GET /xingrg/javascript/jquery_tools/jquery.tools.min.js HTTP/1.1" 200 138801
180.169.147.146 - - [25/Dec/2021:12:26:29 +0800] "GET /xingrg/javascript/easyui/easyloader.js HTTP/1.1" 200 5975
180.169.147.146 - - [25/Dec/2021:12:26:29 +0800] "GET /xingrg/javascript/jquery_tools/jquery.tools.table.js HTTP/1.1" 200 6994
180.169.147.146 - - [25/Dec/2021:12:26:29 +0800] "GET /xingrg/javascript/auto/jquery.autocomplete.js HTTP/1.1" 200 21624
180.169.147.146 - - [25/Dec/2021:12:26:29 +0800] "GET /xingrg/javascript/jquery_tools/table.css HTTP/1.1" 200 1032
180.169.147.146 - - [25/Dec/2021:12:26:29 +0800] "GET /xingrg/javascript/jquery.cookie.js HTTP/1.1" 200 5513
180.169.147.146 - - [25/Dec/2021:12:26:29 +0800] "GET /xingrg/javascript/easyui/themes/icons/check_new.png HTTP/1.1" 200 3224
180.169.147.146 - - [25/Dec/2021:12:26:29 +0800] "GET /xingrg/javascript/easyui/themes/icons/cance_new.png HTTP/1.1" 200 3986
180.169.147.146 - - [25/Dec/2021:12:26:29 +0800] "GET /xingrg/javascript/easyui/themes/icons/edit_add_new.png HTTP/1.1" 200 2997
180.169.147.146 - - [25/Dec/2021:12:26:29 +0800] "GET /xingrg/javascript/easyui/themes/icons/uncheck_new.png HTTP/1.1" 200 3197
180.169.147.146 - - [25/Dec/2021:12:26:29 +0800] "GET /xingrg/javascript/easyui/themes/icons/field_new.png HTTP/1.1" 200 1097
180.169.147.146 - - [25/Dec/2021:12:26:29 +0800] "GET /xingrg/javascript/easyui/themes/icons/import_new.png HTTP/1.1" 200 1247
180.169.147.146 - - [25/Dec/2021:12:26:29 +0800] "GET /xingrg/javascript/easyui/plugins/jquery.parser.js HTTP/1.1" 200 1142
222.69.128.201 - - [25/Dec/2021:12:26:30 +0800] "GET /xingrg/check_reg.html?_=1640406387735 HTTP/1.1" 200 22
180.169.147.146 - - [25/Dec/2021:12:26:31 +0800] "POST /xingrg/kc/buy/cgsh_list_operate.html HTTP/1.1" 200 3092
124.79.247.218 - - [25/Dec/2021:12:26:34 +0800] "GET /xingrg/all/function/internal_message.html?_=1640406417821&CODE_STATE=getMsg HTTP/1.1" 200 27
114.86.230.235 - - [25/Dec/2021:12:26:34 +0800] "POST /xingrg/services/DataTransmitService HTTP/1.1" 200 501
114.86.230.235 - - [25/Dec/2021:12:26:34 +0800] "POST /xingrg/services/DataTransmitService HTTP/1.1" 200 501
114.86.230.235 - - [25/Dec/2021:12:26:35 +0800] "POST /xingrg/services/DataTransmitService HTTP/1.1" 200 501
114.86.230.235 - - [25/Dec/2021:12:26:35 +0800] "POST /xingrg/services/DataTransmitService HTTP/1.1" 200 501
114.86.230.235 - - [25/Dec/2021:12:26:35 +0800] "POST /xingrg/services/DataTransmitService HTTP/1.1" 200 501
180.169.147.146 - - [25/Dec/2021:12:26:36 +0800] "GET /xingrg/kc/buy/cgsh_order_operate.html?command=get_materiel&rest_code=00147&code=00101009044&supplier_code=00100022&order_time=2021-12-25 HTTP/1.1" 200 412
114.86.230.235 - - [25/Dec/2021:12:26:36 +0800] "POST /xingrg/services/DataTransmitService HTTP/1.1" 200 501
114.86.230.235 - - [25/Dec/2021:12:26:36 +0800] "POST /xingrg/services/DataTransmitService HTTP/1.1" 200 501
114.86.230.235 - - [25/Dec/2021:12:26:36 +0800] "POST /xingrg/services/DataTransmitService HTTP/1.1" 200 501
114.86.230.235 - - [25/Dec/2021:12:26:37 +0800] "POST /xingrg/services/DataTransmitService HTTP/1.1" 200 412
116.228.172.94 - - [25/Dec/2021:12:26:38 +0800] "GET /xingrg/all/function/internal_message.html?_=1640406391086&CODE_STATE=getMsg HTTP/1.1" 200 27
114.85.125.222 - - [25/Dec/2021:12:26:38 +0800] "GET /xingrg/all/function/internal_message.html?_=1640406343487&CODE_STATE=getMsg HTTP/1.1" 200 27
180.169.147.146 - - [25/Dec/2021:12:26:40 +0800] "GET /xingrg/all/function/internal_message.html?_=1640406395259&CODE_STATE=getMsg HTTP/1.1" 200 27
222.69.132.164 - - [25/Dec/2021:12:26:40 +0800] "GET /xingrg/all/function/internal_message.html?_=1640406428717&CODE_STATE=getMsg HTTP/1.1" 200 27
101.85.120.86 - - [25/Dec/2021:12:26:41 +0800] "POST /xingrg/kc/buy/cgsh_list_operate.html HTTP/1.1" 200 567
101.85.120.86 - - [25/Dec/2021:12:26:42 +0800] "GET /xingrg/kc/buy/cgsh_order_info.html?code=212021122410547 HTTP/1.1" 200 64381
101.85.120.86 - - [25/Dec/2021:12:26:42 +0800] "GET /xingrg/javascript/easyui/themes/default/validatebox.css HTTP/1.1" 404 1104
101.85.120.86 - - [25/Dec/2021:12:26:43 +0800] "POST /xingrg/kc/buy/cgsh_order_operate.html HTTP/1.1" 200 11561
116.238.208.177 - - [25/Dec/2021:12:26:44 +0800] "GET /xingrg/kc/buy/cgsh_order_operate.html?command=get_materiel&rest_code=00102&code=00101008219&supplier_code=00100008&order_time=2021-12-25 HTTP/1.1" 200 412
180.175.103.30 - - [25/Dec/2021:12:26:45 +0800] "GET /xingrg/check_reg.html?_=1640406405683 HTTP/1.1" 200 22
180.175.103.30 - - [25/Dec/2021:12:26:45 +0800] "GET /xingrg/all/function/internal_message.html?_=1640406405686&CODE_STATE=getMsg HTTP/1.1" 200 27
101.85.120.86 - - [25/Dec/2021:12:26:46 +0800] "GET /xingrg/all/function/internal_message.html?_=1640406405070&CODE_STATE=getMsg HTTP/1.1" 200 27
61.170.234.223 - - [25/Dec/2021:12:26:47 +0800] "GET /xingrg/all/function/internal_message.html?_=1640406408516&CODE_STATE=getMsg HTTP/1.1" 200 27
58.40.7.146 - - [25/Dec/2021:12:26:47 +0800] "GET /xingrg/all/function/internal_message.html?_=1640406392891&CODE_STATE=getMsg HTTP/1.1" 200 27
180.169.147.146 - - [25/Dec/2021:12:26:47 +0800] "GET /xingrg/kc/buy/cgsh_order_operate.html?command=get_materiel&rest_code=00147&code=00101009124&supplier_code=00100022&order_time=2021-12-25 HTTP/1.1" 200 402
101.80.229.199 - - [25/Dec/2021:12:26:49 +0800] "GET /xingrg/all/function/internal_message.html?_=1640406408565&CODE_STATE=getMsg HTTP/1.1" 200 27
114.86.230.235 - - [25/Dec/2021:12:26:51 +0800] "GET /xingrg/kc/print/load_config.html?kc_code=pssh HTTP/1.1" 200 2291
114.86.230.235 - - [25/Dec/2021:12:26:51 +0800] "GET /xingrg/kc/print/load_data.html?order_code=312021122400621&kc_code=pssh&condition= HTTP/1.1" 200 673
114.86.230.235 - - [25/Dec/2021:12:26:55 +0800] "GET /xingrg/kc/mdqp/pssh_order_list.html?isBack=1 HTTP/1.1" 200 17821
114.86.230.235 - - [25/Dec/2021:12:26:55 +0800] "POST /xingrg/kc/mdqp/pssh_list_operate.html HTTP/1.1" 200 5354
180.169.147.146 - - [25/Dec/2021:12:26:56 +0800] "POST /xingrg/kc/buy/cgsh_list_operate.html HTTP/1.1" 200 3810
114.86.230.235 - - [25/Dec/2021:12:26:56 +0800] "POST /xingrg/kc/mdqp/pssh_list_operate.html HTTP/1.1" 200 776
114.86.230.235 - - [25/Dec/2021:12:26:57 +0800] "POST /xingrg/kc/mdqp/pssh_list_operate.html HTTP/1.1" 200 1596
114.86.230.235 - - [25/Dec/2021:12:26:57 +0800] "GET /xingrg/kc/mdqp/pssh_order_info.html?code=312021122300613 HTTP/1.1" 200 17297
114.86.230.235 - - [25/Dec/2021:12:26:57 +0800] "GET /xingrg/javascript/jquery_tools/jquery-1.4.2.min.js HTTP/1.1" 404 1094
114.86.230.235 - - [25/Dec/2021:12:26:57 +0800] "POST /xingrg/kc/mdqp/pssh_order_operate.html HTTP/1.1" 200 7369
114.86.230.235 - - [25/Dec/2021:12:26:57 +0800] "GET /xingrg/all/common/auto_word.html?type=base&rest_code=00109&rest_code=00109 HTTP/1.1" 200 1907
114.86.230.235 - - [25/Dec/2021:12:26:57 +0800] "GET /xingrg/all/common/auto_word.html?type=employee&rest_code=00109 HTTP/1.1" 200 255
114.86.230.235 - - [25/Dec/2021:12:26:57 +0800] "GET /xingrg/javascript/easyui/themes/default/validatebox.css HTTP/1.1" 404 1104
180.169.147.146 - - [25/Dec/2021:12:26:58 +0800] "POST /xingrg/kc/buy/cgsh_list_operate.html HTTP/1.1" 200 3810
180.169.147.146 - - [25/Dec/2021:12:27:00 +0800] "POST /xingrg/kc/buy/cgsh_list_operate.html HTTP/1.1" 200 281
180.169.147.146 - - [25/Dec/2021:12:27:01 +0800] "GET /xingrg/javascript/easyui/themes/default/images/button_plain_hover.png HTTP/1.1" 200 144
114.86.230.235 - - [25/Dec/2021:12:27:03 +0800] "GET /xingrg/all/function/internal_message.html?_=1640406422304&CODE_STATE=getMsg HTTP/1.1" 200 27
114.86.230.235 - - [25/Dec/2021:12:27:03 +0800] "POST /xingrg/kc/mdqp/pssh_order_operate.html HTTP/1.1" 200 37
114.86.230.235 - - [25/Dec/2021:12:27:03 +0800] "POST /xingrg/kc/mdqp/pssh_order_operate.html HTTP/1.1" 200 12
180.175.103.30 - - [25/Dec/2021:12:27:04 +0800] "GET /xingrg/all/function/internal_message.html?_=1640406359945&CODE_STATE=getMsg HTTP/1.1" 200 27
114.86.230.235 - - [25/Dec/2021:12:27:04 +0800] "GET /xingrg/kc/mdqp/pssh_order_info.html?code=312021122300613 HTTP/1.1" 200 14382
114.86.230.235 - - [25/Dec/2021:12:27:04 +0800] "GET /xingrg/javascript/jquery_tools/jquery-1.4.2.min.js HTTP/1.1" 404 1094
114.86.230.235 - - [25/Dec/2021:12:27:04 +0800] "POST /xingrg/kc/mdqp/pssh_order_operate.html HTTP/1.1" 200 7369
114.86.230.235 - - [25/Dec/2021:12:27:04 +0800] "GET /xingrg/javascript/easyui/themes/default/validatebox.css HTTP/1.1" 404 1104
114.86.230.235 - - [25/Dec/2021:12:27:06 +0800] "GET /xingrg/kc/print/load_config.html?kc_code=pssh HTTP/1.1" 200 2291
114.86.230.235 - - [25/Dec/2021:12:27:06 +0800] "GET /xingrg/kc/print/load_data.html?order_code=312021122300613&kc_code=pssh&condition= HTTP/1.1" 200 2998
180.169.147.146 - - [25/Dec/2021:12:27:06 +0800] "POST /xingrg/kc/buy/cgsh_list_operate.html HTTP/1.1" 200 4
180.169.147.146 - - [25/Dec/2021:12:27:06 +0800] "GET /xingrg/kc/buy/cgsh_order_operate.html?command=get_materiel&rest_code=00147&code=00101009045&supplier_code=00100022&order_time=2021-12-25 HTTP/1.1" 200 412
180.162.114.48 - - [25/Dec/2021:12:27:07 +0800] "GET /xingrg/all/function/internal_message.html?_=1640405860749&CODE_STATE=getMsg HTTP/1.1" 200 27
120.253.135.82 - - [25/Dec/2021:12:27:08 +0800] "GET /xingrg/all/function/internal_message.html?_=1640406561429&CODE_STATE=getMsg HTTP/1.1" 200 27
180.169.147.146 - - [25/Dec/2021:12:27:11 +0800] "POST /xingrg/kc/buy/cgsh_list_operate.html HTTP/1.1" 200 3788
114.86.230.235 - - [25/Dec/2021:12:27:12 +0800] "GET /xingrg/kc/mdqp/pssh_order_list.html?isBack=1 HTTP/1.1" 200 17821
114.86.230.235 - - [25/Dec/2021:12:27:12 +0800] "POST /xingrg/kc/mdqp/pssh_list_operate.html HTTP/1.1" 200 5376
116.238.208.177 - - [25/Dec/2021:12:27:12 +0800] "GET /xingrg/kc/buy/cgsh_order_operate.html?command=get_materiel&rest_code=00102&code=00101008132&supplier_code=00100008&order_time=2021-12-25 HTTP/1.1" 200 408
124.77.245.186 - - [25/Dec/2021:12:27:13 +0800] "GET /xingrg/all/function/internal_message.html?_=1640406454000&CODE_STATE=getMsg HTTP/1.1" 200 27
114.86.230.235 - - [25/Dec/2021:12:27:13 +0800] "POST /xingrg/kc/mdqp/pssh_list_operate.html HTTP/1.1" 200 255
114.86.230.235 - - [25/Dec/2021:12:27:14 +0800] "POST /xingrg/kc/mdqp/pssh_list_operate.html HTTP/1.1" 200 1596
114.86.230.235 - - [25/Dec/2021:12:27:14 +0800] "GET /xingrg/kc/mdqp/pssh_order_info.html?code=312021122300620 HTTP/1.1" 200 17297
114.86.230.235 - - [25/Dec/2021:12:27:14 +0800] "GET /xingrg/javascript/jquery_tools/jquery-1.4.2.min.js HTTP/1.1" 404 1094
114.86.230.235 - - [25/Dec/2021:12:27:14 +0800] "POST /xingrg/kc/mdqp/pssh_order_operate.html HTTP/1.1" 200 527
114.86.230.235 - - [25/Dec/2021:12:27:14 +0800] "GET /xingrg/all/common/auto_word.html?type=base&rest_code=00109&rest_code=00109 HTTP/1.1" 200 1907
114.86.230.235 - - [25/Dec/2021:12:27:14 +0800] "GET /xingrg/all/common/auto_word.html?type=employee&rest_code=00109 HTTP/1.1" 200 255
114.86.230.235 - - [25/Dec/2021:12:27:14 +0800] "GET /xingrg/javascript/easyui/themes/default/validatebox.css HTTP/1.1" 404 1104
180.157.251.97 - - [25/Dec/2021:12:27:15 +0800] "GET /xingrg/all/function/internal_message.html?_=1640406433710&CODE_STATE=getMsg HTTP/1.1" 200 27
180.169.147.146 - - [25/Dec/2021:12:27:16 +0800] "GET /xingrg/kc/buy/cgsh_order_operate.html?command=get_materiel&rest_code=00147&code=00101009062&supplier_code=00100022&order_time=2021-12-25 HTTP/1.1" 200 412
116.227.210.113 - - [25/Dec/2021:12:27:17 +0800] "GET /xingrg/all/function/internal_message.html?_=1640406408005&CODE_STATE=getMsg HTTP/1.1" 200 27
116.238.208.177 - - [25/Dec/2021:12:27:19 +0800] "GET /xingrg/kc/buy/cgsh_order_operate.html?command=get_materiel&rest_code=00102&code=00101008055&supplier_code=00100008&order_time=2021-12-25 HTTP/1.1" 200 411
114.86.230.235 - - [25/Dec/2021:12:27:19 +0800] "POST /xingrg/kc/mdqp/pssh_order_operate.html HTTP/1.1" 200 37
116.238.208.177 - - [25/Dec/2021:12:27:20 +0800] "GET /xingrg/check_reg.html?_=1640406442827 HTTP/1.1" 200 22
116.238.208.177 - - [25/Dec/2021:12:27:20 +0800] "GET /xingrg/all/function/internal_message.html?_=1640406442829&CODE_STATE=getMsg HTTP/1.1" 200 27
114.86.230.235 - - [25/Dec/2021:12:27:20 +0800] "POST /xingrg/kc/mdqp/pssh_order_operate.html HTTP/1.1" 200 12
61.170.234.223 - - [25/Dec/2021:12:27:20 +0800] "GET /xingrg/all/function/internal_message.html?_=1640406436284&CODE_STATE=getMsg HTTP/1.1" 200 27
114.86.230.235 - - [25/Dec/2021:12:27:20 +0800] "GET /xingrg/kc/mdqp/pssh_order_info.html?code=312021122300620 HTTP/1.1" 200 14382
114.86.230.235 - - [25/Dec/2021:12:27:21 +0800] "GET /xingrg/javascript/jquery_tools/jquery-1.4.2.min.js HTTP/1.1" 404 1094
114.86.230.235 - - [25/Dec/2021:12:27:21 +0800] "POST /xingrg/kc/mdqp/pssh_order_operate.html HTTP/1.1" 200 527
114.86.230.235 - - [25/Dec/2021:12:27:21 +0800] "GET /xingrg/javascript/easyui/themes/default/validatebox.css HTTP/1.1" 404 1104
114.86.230.235 - - [25/Dec/2021:12:27:22 +0800] "GET /xingrg/kc/print/load_config.html?kc_code=pssh HTTP/1.1" 200 2291
114.86.230.235 - - [25/Dec/2021:12:27:22 +0800] "GET /xingrg/kc/print/load_data.html?order_code=312021122300620&kc_code=pssh&condition= HTTP/1.1" 200 639
180.169.147.146 - - [25/Dec/2021:12:27:22 +0800] "GET /xingrg/all/function/internal_message.html?_=1640406441170&CODE_STATE=getMsg HTTP/1.1" 200 27
124.79.247.218 - - [25/Dec/2021:12:27:23 +0800] "GET /xingrg/kc/buy/buy_main.html HTTP/1.1" 200 12412
124.79.247.218 - - [25/Dec/2021:12:27:23 +0800] "GET /xingrg/javascript/jquery_easy_ui/themes/icons/rest.png HTTP/1.1" 304 -
124.79.247.218 - - [25/Dec/2021:12:27:23 +0800] "GET /xingrg/javascript/jquery_easy_ui/themes/icons/area.png HTTP/1.1" 304 -
124.79.247.218 - - [25/Dec/2021:12:27:23 +0800] "GET /xingrg/css/new_ie.css HTTP/1.1" 404 1036
124.79.247.218 - - [25/Dec/2021:12:27:23 +0800] "GET /xingrg/css/blue.css HTTP/1.1" 304 -
124.79.247.218 - - [25/Dec/2021:12:27:23 +0800] "GET /xingrg/javascript/jquery_ui/themes/humanity/humanity.css HTTP/1.1" 304 -
124.79.247.218 - - [25/Dec/2021:12:27:23 +0800] "GET /xingrg/javascript/jquery_easy_ui/themes/icon.css HTTP/1.1" 304 -
124.79.247.218 - - [25/Dec/2021:12:27:23 +0800] "GET /xingrg/javascript/ToolTips.js HTTP/1.1" 304 -
124.79.247.218 - - [25/Dec/2021:12:27:23 +0800] "GET /xingrg/javascript/pic_change.js HTTP/1.1" 304 -
124.79.247.218 - - [25/Dec/2021:12:27:23 +0800] "GET /xingrg/javascript/jquery-1.4.2.min.js HTTP/1.1" 304 -
124.79.247.218 - - [25/Dec/2021:12:27:23 +0800] "GET /xingrg/javascript/jquery_ui/jquery-ui.min.js HTTP/1.1" 304 -
124.79.247.218 - - [25/Dec/2021:12:27:23 +0800] "GET /xingrg/javascript/jquery.utils.js HTTP/1.1" 304 -
124.79.247.218 - - [25/Dec/2021:12:27:23 +0800] "GET /xingrg/javascript/myfunction.js HTTP/1.1" 304 -
124.79.247.218 - - [25/Dec/2021:12:27:23 +0800] "GET /xingrg/javascript/jquery_easy_ui/themes/default/easyui.css HTTP/1.1" 304 -
124.79.247.218 - - [25/Dec/2021:12:27:23 +0800] "GET /xingrg/images/blue/button/cgydd.gif HTTP/1.1" 304 -
124.79.247.218 - - [25/Dec/2021:12:27:23 +0800] "GET /xingrg/images/blue/button/cgxqd.gif HTTP/1.1" 304 -
124.79.247.218 - - [25/Dec/2021:12:27:23 +0800] "GET /xingrg/images/blue/button/cgshd.gif HTTP/1.1" 304 -
124.79.247.218 - - [25/Dec/2021:12:27:23 +0800] "GET /xingrg/images/blue/button/cgfkd.gif HTTP/1.1" 304 -
124.79.247.218 - - [25/Dec/2021:12:27:23 +0800] "GET /xingrg/images/blue/button/kc.gif HTTP/1.1" 304 -
124.79.247.218 - - [25/Dec/2021:12:27:23 +0800] "GET /xingrg/images/blue/button/ckthd.gif HTTP/1.1" 304 -
124.79.247.218 - - [25/Dec/2021:12:27:23 +0800] "GET /xingrg/images/blue/pic_form2.gif HTTP/1.1" 304 -
124.79.247.218 - - [25/Dec/2021:12:27:23 +0800] "GET /xingrg/images/blue/bg_dotted.jpg HTTP/1.1" 304 -
124.79.247.218 - - [25/Dec/2021:12:27:23 +0800] "GET /xingrg/javascript/jquery_ui/themes/humanity/images/ui-bg_inset-soft_100_f4f0ec_1x100.png HTTP/1.1" 304 -
124.79.247.218 - - [25/Dec/2021:12:27:23 +0800] "GET /xingrg/images/blue/button/right_ah.jpg HTTP/1.1" 304 -
124.79.247.218 - - [25/Dec/2021:12:27:23 +0800] "GET /xingrg/images/blue/button/down_ah.jpg HTTP/1.1" 304 -
124.79.247.218 - - [25/Dec/2021:12:27:24 +0800] "GET /xingrg/javascript/jquery_ui/themes/humanity/images/ui-iconsnew.jpg HTTP/1.1" 304 -
124.79.247.218 - - [25/Dec/2021:12:27:24 +0800] "GET /xingrg/javascript/jquery_ui/themes/humanity/images/ui-icons_ffffff_256x240.png HTTP/1.1" 304 -
124.79.247.218 - - [25/Dec/2021:12:27:24 +0800] "GET /xingrg/javascript/jquery_ui/themes/humanity/images/ui-icons_c47a23_256x240.png HTTP/1.1" 304 -
124.79.247.218 - - [25/Dec/2021:12:27:24 +0800] "GET /xingrg/javascript/jquery_ui/themes/humanity/images/ui-bg_glass_70_ede4d4_1x400.png HTTP/1.1" 304 -
124.79.247.218 - - [25/Dec/2021:12:27:24 +0800] "GET /xingrg/images/yd/bt.gif HTTP/1.1" 404 1040
124.79.247.218 - - [25/Dec/2021:12:27:25 +0800] "GET /xingrg/css/base.css HTTP/1.1" 304 -
124.79.247.218 - - [25/Dec/2021:12:27:25 +0800] "GET /xingrg/javascript/jquery_tools/datebox.css HTTP/1.1" 304 -
124.79.247.218 - - [25/Dec/2021:12:27:25 +0800] "GET /xingrg/css/site.css HTTP/1.1" 304 -
124.79.247.218 - - [25/Dec/2021:12:27:25 +0800] "GET /xingrg/javascript/easyui/themes/default/easyui.css HTTP/1.1" 304 -
124.79.247.218 - - [25/Dec/2021:12:27:25 +0800] "GET /xingrg/javascript/easyui/themes/icon.css HTTP/1.1" 304 -
124.79.247.218 - - [25/Dec/2021:12:27:25 +0800] "GET /xingrg/javascript/auto/jquery.autocomplete.css HTTP/1.1" 304 -
124.79.247.218 - - [25/Dec/2021:12:27:25 +0800] "GET /xingrg/javascript/jquery_tools/fix.css HTTP/1.1" 304 -
124.79.247.218 - - [25/Dec/2021:12:27:25 +0800] "GET /xingrg/javascript/jquery_tools/table.css HTTP/1.1" 304 -
124.79.247.218 - - [25/Dec/2021:12:27:25 +0800] "GET /xingrg/javascript/jquery_tools/jquery.tools.min.js HTTP/1.1" 304 -
124.79.247.218 - - [25/Dec/2021:12:27:25 +0800] "GET /xingrg/javascript/jquery_tools/jquery.tools.extend.js HTTP/1.1" 304 -
124.79.247.218 - - [25/Dec/2021:12:27:25 +0800] "GET /xingrg/javascript/jquery_tools/jquery.tools.hotkey.js HTTP/1.1" 304 -
124.79.247.218 - - [25/Dec/2021:12:27:25 +0800] "GET /xingrg/kc/buy/cgsh_order_list.html HTTP/1.1" 200 49486
124.79.247.218 - - [25/Dec/2021:12:27:25 +0800] "GET /xingrg/javascript/jquery_tools/list_manager.js HTTP/1.1" 304 -
124.79.247.218 - - [25/Dec/2021:12:27:25 +0800] "GET /xingrg/javascript/jquery_tools/jquery.tools.table.js HTTP/1.1" 304 -
124.79.247.218 - - [25/Dec/2021:12:27:25 +0800] "GET /xingrg/javascript/auto/jquery.autocomplete.js HTTP/1.1" 304 -
124.79.247.218 - - [25/Dec/2021:12:27:25 +0800] "GET /xingrg/javascript/easyui/easyloader.js HTTP/1.1" 304 -
124.79.247.218 - - [25/Dec/2021:12:27:25 +0800] "GET /xingrg/javascript/jquery.utils.js HTTP/1.1" 304 -
124.79.247.218 - - [25/Dec/2021:12:27:25 +0800] "GET /xingrg/javascript/print/LodopFuncs.js HTTP/1.1" 304 -
124.79.247.218 - - [25/Dec/2021:12:27:25 +0800] "GET /xingrg/javascript/jquery.cookie.js HTTP/1.1" 304 -
124.79.247.218 - - [25/Dec/2021:12:27:25 +0800] "GET /xingrg/javascript/easyui/themes/icons/edit_add_new.png HTTP/1.1" 304 -
124.79.247.218 - - [25/Dec/2021:12:27:25 +0800] "GET /xingrg/javascript/easyui/themes/icons/check_new.png HTTP/1.1" 304 -
124.79.247.218 - - [25/Dec/2021:12:27:25 +0800] "GET /xingrg/javascript/easyui/themes/icons/field_new.png HTTP/1.1" 304 -
124.79.247.218 - - [25/Dec/2021:12:27:25 +0800] "GET /xingrg/javascript/easyui/themes/icons/cance_new.png HTTP/1.1" 304 -
124.79.247.218 - - [25/Dec/2021:12:27:25 +0800] "GET /xingrg/javascript/easyui/themes/icons/import_new.png HTTP/1.1" 304 -
124.79.247.218 - - [25/Dec/2021:12:27:25 +0800] "GET /xingrg/javascript/easyui/plugins/jquery.parser.js HTTP/1.1" 304 -
124.79.247.218 - - [25/Dec/2021:12:27:25 +0800] "GET /xingrg/images/control/ajaxLoader.gif HTTP/1.1" 304 -
114.86.230.235 - - [25/Dec/2021:12:27:26 +0800] "GET /xingrg/kc/mdqp/pssh_order_list.html?isBack=1 HTTP/1.1" 200 17821
114.86.230.235 - - [25/Dec/2021:12:27:26 +0800] "POST /xingrg/kc/mdqp/pssh_list_operate.html HTTP/1.1" 200 5398
124.79.247.218 - - [25/Dec/2021:12:27:27 +0800] "POST /xingrg/kc/buy/cgsh_list_operate.html HTTP/1.1" 200 3429
124.79.247.218 - - [25/Dec/2021:12:27:27 +0800] "GET /xingrg/all/function/internal_message.html?_=1640406571148&CODE_STATE=getMsg HTTP/1.1" 302 -
124.79.247.218 - - [25/Dec/2021:12:27:27 +0800] "GET /xingrg/check_reg.html?_=1640406571149 HTTP/1.1" 302 -
114.86.230.235 - - [25/Dec/2021:12:27:27 +0800] "POST /xingrg/kc/mdqp/pssh_list_operate.html HTTP/1.1" 200 256
114.86.230.235 - - [25/Dec/2021:12:27:28 +0800] "POST /xingrg/kc/mdqp/pssh_list_operate.html HTTP/1.1" 200 1596
114.86.230.235 - - [25/Dec/2021:12:27:28 +0800] "GET /xingrg/kc/mdqp/pssh_order_info.html?code=312021122300614 HTTP/1.1" 200 17295
114.86.230.235 - - [25/Dec/2021:12:27:28 +0800] "GET /xingrg/javascript/jquery_tools/jquery-1.4.2.min.js HTTP/1.1" 404 1094
114.86.230.235 - - [25/Dec/2021:12:27:28 +0800] "POST /xingrg/kc/mdqp/pssh_order_operate.html HTTP/1.1" 200 536
114.86.230.235 - - [25/Dec/2021:12:27:28 +0800] "GET /xingrg/all/common/auto_word.html?type=base&rest_code=00109&rest_code=00109 HTTP/1.1" 200 1907
114.86.230.235 - - [25/Dec/2021:12:27:28 +0800] "GET /xingrg/all/common/auto_word.html?type=employee&rest_code=00109 HTTP/1.1" 200 255
114.86.230.235 - - [25/Dec/2021:12:27:28 +0800] "GET /xingrg/javascript/easyui/themes/default/validatebox.css HTTP/1.1" 404 1104
124.79.247.218 - - [25/Dec/2021:12:27:29 +0800] "POST /xingrg/kc/buy/cgsh_list_operate.html HTTP/1.1" 200 281
124.79.247.218 - - [25/Dec/2021:12:27:32 +0800] "GET /xingrg/javascript/easyui/themes/default/images/button_plain_hover.png HTTP/1.1" 304 -
124.79.247.218 - - [25/Dec/2021:12:27:32 +0800] "GET /xingrg/javascript/easyui/themes/default/images/button_plain_hover.png HTTP/1.1" 304 -
124.79.247.218 - - [25/Dec/2021:12:27:32 +0800] "GET /xingrg/javascript/easyui/themes/default/images/button_plain_hover.png HTTP/1.1" 304 -
124.79.247.218 - - [25/Dec/2021:12:27:32 +0800] "GET /xingrg/javascript/easyui/themes/default/images/button_plain_hover.png HTTP/1.1" 304 -
124.79.247.218 - - [25/Dec/2021:12:27:32 +0800] "GET /xingrg/javascript/easyui/themes/default/images/button_plain_hover.png HTTP/1.1" 304 -
124.79.247.218 - - [25/Dec/2021:12:27:32 +0800] "GET /xingrg/javascript/easyui/themes/default/images/button_plain_hover.png HTTP/1.1" 304 -
114.86.230.235 - - [25/Dec/2021:12:27:33 +0800] "POST /xingrg/kc/mdqp/pssh_order_operate.html HTTP/1.1" 200 37
114.86.230.235 - - [25/Dec/2021:12:27:33 +0800] "POST /xingrg/kc/mdqp/pssh_order_operate.html HTTP/1.1" 200 12
124.79.247.218 - - [25/Dec/2021:12:27:34 +0800] "GET /xingrg/all/function/internal_message.html?_=1640406477836&CODE_STATE=getMsg HTTP/1.1" 200 27
114.86.230.235 - - [25/Dec/2021:12:27:34 +0800] "GET /xingrg/kc/mdqp/pssh_order_info.html?code=312021122300614 HTTP/1.1" 200 14380
114.86.230.235 - - [25/Dec/2021:12:27:34 +0800] "GET /xingrg/javascript/jquery_tools/jquery-1.4.2.min.js HTTP/1.1" 404 1094
114.86.230.235 - - [25/Dec/2021:12:27:34 +0800] "POST /xingrg/kc/mdqp/pssh_order_operate.html HTTP/1.1" 200 536
114.86.230.235 - - [25/Dec/2021:12:27:34 +0800] "GET /xingrg/javascript/easyui/themes/default/validatebox.css HTTP/1.1" 404 1104
124.79.247.218 - - [25/Dec/2021:12:27:35 +0800] "POST /xingrg/kc/buy/cgsh_list_operate.html HTTP/1.1" 200 4
114.86.230.235 - - [25/Dec/2021:12:27:36 +0800] "GET /xingrg/kc/print/load_config.html?kc_code=pssh HTTP/1.1" 200 2291
114.86.230.235 - - [25/Dec/2021:12:27:36 +0800] "GET /xingrg/kc/print/load_data.html?order_code=312021122300614&kc_code=pssh&condition= HTTP/1.1" 200 655
180.169.147.146 - - [25/Dec/2021:12:27:36 +0800] "GET /xingrg/kc/buy/cgsh_order_operate.html?command=get_materiel&rest_code=00147&code=00101009031&supplier_code=00100022&order_time=2021-12-25 HTTP/1.1" 200 409
114.85.125.222 - - [25/Dec/2021:12:27:37 +0800] "GET /xingrg/check_reg.html?_=1640406402297 HTTP/1.1" 200 22
124.79.247.218 - - [25/Dec/2021:12:27:37 +0800] "POST /xingrg/kc/buy/cgsh_list_operate.html HTTP/1.1" 200 3092
116.228.172.94 - - [25/Dec/2021:12:27:38 +0800] "GET /xingrg/all/function/internal_message.html?_=1640406451103&CODE_STATE=getMsg HTTP/1.1" 200 27
116.228.172.94 - - [25/Dec/2021:12:27:38 +0800] "GET /xingrg/check_reg.html?_=1640406451106 HTTP/1.1" 200 22
114.85.125.222 - - [25/Dec/2021:12:27:38 +0800] "GET /xingrg/all/function/internal_message.html?_=1640406403500&CODE_STATE=getMsg HTTP/1.1" 200 27
180.169.147.146 - - [25/Dec/2021:12:27:40 +0800] "GET /xingrg/all/function/internal_message.html?_=1640406455252&CODE_STATE=getMsg HTTP/1.1" 200 27
180.169.147.146 - - [25/Dec/2021:12:27:40 +0800] "GET /xingrg/check_reg.html?_=1640406455254 HTTP/1.1" 200 22
222.69.132.164 - - [25/Dec/2021:12:27:40 +0800] "GET /xingrg/all/function/internal_message.html?_=1640406488716&CODE_STATE=getMsg HTTP/1.1" 200 27
114.86.230.235 - - [25/Dec/2021:12:27:41 +0800] "GET /xingrg/kc/mdqp/pssh_order_list.html?isBack=1 HTTP/1.1" 200 17821
114.86.230.235 - - [25/Dec/2021:12:27:41 +0800] "POST /xingrg/kc/mdqp/pssh_list_operate.html HTTP/1.1" 200 5420
114.86.230.235 - - [25/Dec/2021:12:27:42 +0800] "POST /xingrg/kc/mdqp/pssh_list_operate.html HTTP/1.1" 200 258
180.169.147.146 - - [25/Dec/2021:12:27:43 +0800] "POST /xingrg/kc/buy/cgsh_order_operate.html HTTP/1.1" 200 37
180.175.103.30 - - [25/Dec/2021:12:27:45 +0800] "GET /xingrg/all/function/internal_message.html?_=1640406465686&CODE_STATE=getMsg HTTP/1.1" 200 27
101.85.120.86 - - [25/Dec/2021:12:27:46 +0800] "GET /xingrg/all/function/internal_message.html?_=1640406465084&CODE_STATE=getMsg HTTP/1.1" 200 27
61.170.234.223 - - [25/Dec/2021:12:27:47 +0800] "GET /xingrg/all/function/internal_message.html?_=1640406468515&CODE_STATE=getMsg HTTP/1.1" 200 27
58.40.7.146 - - [25/Dec/2021:12:27:47 +0800] "GET /xingrg/all/function/internal_message.html?_=1640406452893&CODE_STATE=getMsg HTTP/1.1" 200 27
180.169.147.146 - - [25/Dec/2021:12:27:47 +0800] "POST /xingrg/kc/buy/cgsh_order_operate.html HTTP/1.1" 200 5616
116.238.208.177 - - [25/Dec/2021:12:27:47 +0800] "GET /xingrg/kc/buy/cgsh_order_operate.html?command=get_materiel&rest_code=00102&code=00101008244&supplier_code=00100008&order_time=2021-12-25 HTTP/1.1" 200 408
180.169.147.146 - - [25/Dec/2021:12:27:48 +0800] "GET /xingrg/kc/print/load_data.html?order_code=212021122510649&kc_code=cgsh&condition= HTTP/1.1" 200 1836
101.80.229.199 - - [25/Dec/2021:12:27:49 +0800] "GET /xingrg/all/function/internal_message.html?_=1640406468534&CODE_STATE=getMsg HTTP/1.1" 200 27
180.169.147.146 - - [25/Dec/2021:12:27:50 +0800] "GET /xingrg/kc/buy/cgsh_order_add.html HTTP/1.1" 200 65217
180.169.147.146 - - [25/Dec/2021:12:27:50 +0800] "POST /xingrg/kc/buy/cgsh_order_operate.html HTTP/1.1" 200 8245
180.169.147.146 - - [25/Dec/2021:12:27:50 +0800] "GET /xingrg/javascript/easyui/themes/default/validatebox.css HTTP/1.1" 404 1104
114.86.230.235 - - [25/Dec/2021:12:27:56 +0800] "POST /xingrg/kc/mdqp/pssh_list_operate.html HTTP/1.1" 200 1596
114.86.230.235 - - [25/Dec/2021:12:27:58 +0800] "POST /xingrg/kc/mdqp/pssh_list_operate.html HTTP/1.1" 200 265
114.86.230.235 - - [25/Dec/2021:12:27:59 +0800] "POST /xingrg/kc/mdqp/pssh_list_operate.html HTTP/1.1" 200 1596
114.86.230.235 - - [25/Dec/2021:12:27:59 +0800] "GET /xingrg/kc/mdqp/pssh_order_info.html?code=312021120900227 HTTP/1.1" 200 17279
114.86.230.235 - - [25/Dec/2021:12:27:59 +0800] "GET /xingrg/javascript/jquery_tools/jquery-1.4.2.min.js HTTP/1.1" 404 1094
114.86.230.235 - - [25/Dec/2021:12:27:59 +0800] "POST /xingrg/kc/mdqp/pssh_order_operate.html HTTP/1.1" 200 555
114.86.230.235 - - [25/Dec/2021:12:27:59 +0800] "GET /xingrg/all/common/auto_word.html?type=base&rest_code=00109&rest_code=00109 HTTP/1.1" 200 1907
114.86.230.235 - - [25/Dec/2021:12:27:59 +0800] "GET /xingrg/all/common/auto_word.html?type=employee&rest_code=00109 HTTP/1.1" 200 255
114.86.230.235 - - [25/Dec/2021:12:27:59 +0800] "GET /xingrg/javascript/easyui/themes/default/validatebox.css HTTP/1.1" 404 1104
180.169.147.146 - - [25/Dec/2021:12:28:02 +0800] "GET /xingrg/kc/buy/cgsh_order_operate.html?command=get_materiel&rest_code=00147&code=00101008038&supplier_code=00100006&order_time=2021-12-25 HTTP/1.1" 200 412
114.86.230.235 - - [25/Dec/2021:12:28:03 +0800] "GET /xingrg/all/function/internal_message.html?_=1640406482303&CODE_STATE=getMsg HTTP/1.1" 200 27
180.175.103.30 - - [25/Dec/2021:12:28:04 +0800] "GET /xingrg/all/function/internal_message.html?_=1640406419945&CODE_STATE=getMsg HTTP/1.1" 200 27
116.238.208.177 - - [25/Dec/2021:12:28:06 +0800] "GET /xingrg/kc/buy/cgsh_order_operate.html?command=get_materiel&rest_code=00102&code=00101008010&supplier_code=00100008&order_time=2021-12-25 HTTP/1.1" 200 412
180.162.114.48 - - [25/Dec/2021:12:28:07 +0800] "GET /xingrg/check_reg.html?_=1640405920749 HTTP/1.1" 200 22
180.162.114.48 - - [25/Dec/2021:12:28:07 +0800] "GET /xingrg/all/function/internal_message.html?_=1640405920751&CODE_STATE=getMsg HTTP/1.1" 200 27
120.253.135.82 - - [25/Dec/2021:12:28:08 +0800] "GET /xingrg/all/function/internal_message.html?_=1640406621442&CODE_STATE=getMsg HTTP/1.1" 200 27
180.169.147.146 - - [25/Dec/2021:12:28:13 +0800] "GET /xingrg/kc/buy/cgsh_order_operate.html?command=get_materiel&rest_code=00147&code=00101008355&supplier_code=00100006&order_time=2021-12-25 HTTP/1.1" 200 408
114.86.230.235 - - [25/Dec/2021:12:28:13 +0800] "POST /xingrg/kc/mdqp/pssh_order_operate.html HTTP/1.1" 200 37
114.86.230.235 - - [25/Dec/2021:12:28:13 +0800] "POST /xingrg/kc/mdqp/pssh_order_operate.html HTTP/1.1" 200 104
124.77.245.186 - - [25/Dec/2021:12:28:13 +0800] "GET /xingrg/all/function/internal_message.html?_=1640406514467&CODE_STATE=getMsg HTTP/1.1" 200 27
180.157.251.97 - - [25/Dec/2021:12:28:15 +0800] "GET /xingrg/all/function/internal_message.html?_=1640406493711&CODE_STATE=getMsg HTTP/1.1" 200 27
116.227.210.113 - - [25/Dec/2021:12:28:17 +0800] "GET /xingrg/all/function/internal_message.html?_=1640406468000&CODE_STATE=getMsg HTTP/1.1" 200 27
180.169.147.146 - - [25/Dec/2021:12:28:19 +0800] "GET /xingrg/kc/buy/cgsh_order_operate.html?command=get_materiel&rest_code=00147&code=00101008024&supplier_code=00100006&order_time=2021-12-25 HTTP/1.1" 200 408
116.238.208.177 - - [25/Dec/2021:12:28:20 +0800] "GET /xingrg/all/function/internal_message.html?_=1640406502806&CODE_STATE=getMsg HTTP/1.1" 200 27
61.170.234.223 - - [25/Dec/2021:12:28:20 +0800] "GET /xingrg/all/function/internal_message.html?_=1640406496254&CODE_STATE=getMsg HTTP/1.1" 200 27
180.169.147.146 - - [25/Dec/2021:12:28:22 +0800] "GET /xingrg/all/function/internal_message.html?_=1640406501172&CODE_STATE=getMsg HTTP/1.1" 200 27
180.169.147.146 - - [25/Dec/2021:12:28:26 +0800] "GET /xingrg/kc/buy/cgsh_order_operate.html?command=get_materiel&rest_code=00147&code=00101008356&supplier_code=00100006&order_time=2021-12-25 HTTP/1.1" 200 408
124.79.247.218 - - [25/Dec/2021:12:28:27 +0800] "GET /xingrg/all/function/internal_message.html?_=1640406631150&CODE_STATE=getMsg HTTP/1.1" 302 -
114.86.230.235 - - [25/Dec/2021:12:28:30 +0800] "GET /xingrg/kc/mdqp/pssh_order_list.html?isBack=1 HTTP/1.1" 200 17821
114.86.230.235 - - [25/Dec/2021:12:28:30 +0800] "POST /xingrg/kc/mdqp/pssh_list_operate.html HTTP/1.1" 200 8948
180.169.147.146 - - [25/Dec/2021:12:28:32 +0800] "GET /xingrg/kc/buy/cgsh_order_operate.html?command=get_materiel&rest_code=00147&code=00101015004&supplier_code=00100006&order_time=2021-12-25 HTTP/1.1" 200 409
124.77.245.186 - - [25/Dec/2021:12:28:33 +0800] "POST /xingrg/services/DataTransmitService HTTP/1.1" 200 524
124.79.247.218 - - [25/Dec/2021:12:28:34 +0800] "GET /xingrg/all/function/internal_message.html?_=1640406537849&CODE_STATE=getMsg HTTP/1.1" 200 27
114.86.230.235 - - [25/Dec/2021:12:28:36 +0800] "POST /xingrg/kc/mdqp/pssh_list_operate.html HTTP/1.1" 200 265
116.228.172.94 - - [25/Dec/2021:12:28:38 +0800] "GET /xingrg/all/function/internal_message.html?_=1640406511092&CODE_STATE=getMsg HTTP/1.1" 200 27
124.77.245.186 - - [25/Dec/2021:12:28:38 +0800] "POST /xingrg/services/DataTransmitService HTTP/1.1" 200 501
114.85.125.222 - - [25/Dec/2021:12:28:38 +0800] "GET /xingrg/all/function/internal_message.html?_=1640406463515&CODE_STATE=getMsg HTTP/1.1" 200 27
124.77.245.186 - - [25/Dec/2021:12:28:38 +0800] "POST /xingrg/services/DataTransmitService HTTP/1.1" 200 501
124.77.245.186 - - [25/Dec/2021:12:28:39 +0800] "POST /xingrg/services/DataTransmitService HTTP/1.1" 200 501
180.169.147.146 - - [25/Dec/2021:12:28:39 +0800] "GET /xingrg/kc/buy/cgsh_order_operate.html?command=get_materiel&rest_code=00147&code=00101008360&supplier_code=00100006&order_time=2021-12-25 HTTP/1.1" 200 413
124.77.245.186 - - [25/Dec/2021:12:28:39 +0800] "POST /xingrg/services/DataTransmitService HTTP/1.1" 200 501
124.77.245.186 - - [25/Dec/2021:12:28:39 +0800] "POST /xingrg/services/DataTransmitService HTTP/1.1" 200 501
180.169.147.146 - - [25/Dec/2021:12:28:40 +0800] "GET /xingrg/all/function/internal_message.html?_=1640406515260&CODE_STATE=getMsg HTTP/1.1" 200 27
124.77.245.186 - - [25/Dec/2021:12:28:40 +0800] "POST /xingrg/services/DataTransmitService HTTP/1.1" 200 501
222.69.132.164 - - [25/Dec/2021:12:28:40 +0800] "GET /xingrg/all/function/internal_message.html?_=1640406548713&CODE_STATE=getMsg HTTP/1.1" 200 27
124.77.245.186 - - [25/Dec/2021:12:28:40 +0800] "POST /xingrg/services/DataTransmitService HTTP/1.1" 200 501
124.77.245.186 - - [25/Dec/2021:12:28:41 +0800] "POST /xingrg/services/DataTransmitService HTTP/1.1" 200 501
124.77.245.186 - - [25/Dec/2021:12:28:41 +0800] "POST /xingrg/services/DataTransmitService HTTP/1.1" 200 412
180.169.147.146 - - [25/Dec/2021:12:28:44 +0800] "GET /xingrg/kc/buy/cgsh_order_operate.html?command=get_materiel&rest_code=00147&code=00101008079&supplier_code=00100006&order_time=2021-12-25 HTTP/1.1" 200 416
180.175.103.30 - - [25/Dec/2021:12:28:45 +0800] "GET /xingrg/all/function/internal_message.html?_=1640406525687&CODE_STATE=getMsg HTTP/1.1" 200 27
101.85.120.86 - - [25/Dec/2021:12:28:46 +0800] "GET /xingrg/all/function/internal_message.html?_=1640406525084&CODE_STATE=getMsg HTTP/1.1" 200 27
61.170.234.223 - - [25/Dec/2021:12:28:47 +0800] "GET /xingrg/all/function/internal_message.html?_=1640406528515&CODE_STATE=getMsg HTTP/1.1" 200 27
58.40.7.146 - - [25/Dec/2021:12:28:47 +0800] "GET /xingrg/all/function/internal_message.html?_=1640406512898&CODE_STATE=getMsg HTTP/1.1" 200 27
101.80.229.199 - - [25/Dec/2021:12:28:49 +0800] "GET /xingrg/all/function/internal_message.html?_=1640406528504&CODE_STATE=getMsg HTTP/1.1" 200 27
180.169.147.146 - - [25/Dec/2021:12:28:50 +0800] "GET /xingrg/kc/buy/cgsh_order_operate.html?command=get_materiel&rest_code=00147&code=00102001055&supplier_code=00100006&order_time=2021-12-25 HTTP/1.1" 200 416
180.169.147.146 - - [25/Dec/2021:12:28:55 +0800] "GET /xingrg/kc/buy/cgsh_order_operate.html?command=get_materiel&rest_code=00147&code=00101008069&supplier_code=00100006&order_time=2021-12-25 HTTP/1.1" 200 412
180.169.147.146 - - [25/Dec/2021:12:29:02 +0800] "GET /xingrg/kc/buy/cgsh_order_operate.html?command=get_materiel&rest_code=00147&code=00101008286&supplier_code=00100006&order_time=2021-12-25 HTTP/1.1" 200 408
114.86.230.235 - - [25/Dec/2021:12:29:03 +0800] "GET /xingrg/all/function/internal_message.html?_=1640406542829&CODE_STATE=getMsg HTTP/1.1" 200 27
114.86.230.235 - - [25/Dec/2021:12:29:03 +0800] "GET /xingrg/check_reg.html?_=1640406542831 HTTP/1.1" 200 22
180.175.103.30 - - [25/Dec/2021:12:29:04 +0800] "GET /xingrg/all/function/internal_message.html?_=1640406479945&CODE_STATE=getMsg HTTP/1.1" 200 27
180.162.114.48 - - [25/Dec/2021:12:29:07 +0800] "GET /xingrg/all/function/internal_message.html?_=1640405980735&CODE_STATE=getMsg HTTP/1.1" 200 27
120.253.135.82 - - [25/Dec/2021:12:29:08 +0800] "GET /xingrg/all/function/internal_message.html?_=1640406681472&CODE_STATE=getMsg HTTP/1.1" 200 27
180.169.147.146 - - [25/Dec/2021:12:29:09 +0800] "GET /xingrg/kc/buy/cgsh_order_operate.html?command=get_materiel&rest_code=00147&code=00101008131&supplier_code=00100006&order_time=2021-12-25 HTTP/1.1" 200 408
124.77.245.186 - - [25/Dec/2021:12:29:13 +0800] "GET /xingrg/all/function/internal_message.html?_=1640406574480&CODE_STATE=getMsg HTTP/1.1" 200 27
180.157.251.97 - - [25/Dec/2021:12:29:15 +0800] "GET /xingrg/all/function/internal_message.html?_=1640406553712&CODE_STATE=getMsg HTTP/1.1" 200 27
180.169.147.146 - - [25/Dec/2021:12:29:15 +0800] "GET /xingrg/kc/buy/cgsh_order_operate.html?command=get_materiel&rest_code=00147&code=00101008296&supplier_code=00100006&order_time=2021-12-25 HTTP/1.1" 200 416
116.227.210.113 - - [25/Dec/2021:12:29:17 +0800] "GET /xingrg/all/function/internal_message.html?_=1640406527994&CODE_STATE=getMsg HTTP/1.1" 200 27
116.238.208.177 - - [25/Dec/2021:12:29:20 +0800] "GET /xingrg/all/function/internal_message.html?_=1640406562789&CODE_STATE=getMsg HTTP/1.1" 200 27
61.170.234.223 - - [25/Dec/2021:12:29:20 +0800] "GET /xingrg/all/function/internal_message.html?_=1640406556235&CODE_STATE=getMsg HTTP/1.1" 200 27
180.169.147.146 - - [25/Dec/2021:12:29:22 +0800] "GET /xingrg/kc/buy/cgsh_order_operate.html?command=get_materiel&rest_code=00147&code=00101008005&supplier_code=00100006&order_time=2021-12-25 HTTP/1.1" 200 412
180.169.147.146 - - [25/Dec/2021:12:29:22 +0800] "GET /xingrg/all/function/internal_message.html?_=1640406561175&CODE_STATE=getMsg HTTP/1.1" 200 27
101.85.120.86 - - [25/Dec/2021:12:29:23 +0800] "POST /xingrg/kc/buy/cgsh_order_operate.html HTTP/1.1" 200 37
101.85.120.86 - - [25/Dec/2021:12:29:26 +0800] "POST /xingrg/kc/buy/cgsh_order_operate.html HTTP/1.1" 200 12
124.79.247.218 - - [25/Dec/2021:12:29:27 +0800] "GET /xingrg/all/function/internal_message.html?_=1640406691147&CODE_STATE=getMsg HTTP/1.1" 302 -
101.85.120.86 - - [25/Dec/2021:12:29:28 +0800] "GET /xingrg/kc/buy/cgsh_order_info.html?code=212021122410547 HTTP/1.1" 200 59283
101.85.120.86 - - [25/Dec/2021:12:29:28 +0800] "GET /xingrg/javascript/easyui/themes/default/validatebox.css HTTP/1.1" 404 1104
101.85.120.86 - - [25/Dec/2021:12:29:29 +0800] "POST /xingrg/kc/buy/cgsh_order_operate.html HTTP/1.1" 200 9506
101.85.120.86 - - [25/Dec/2021:12:29:32 +0800] "GET /xingrg/kc/print/load_data.html?order_code=212021122410547&kc_code=cgsh&condition= HTTP/1.1" 200 4066
124.79.247.218 - - [25/Dec/2021:12:29:34 +0800] "GET /xingrg/all/function/internal_message.html?_=1640406597862&CODE_STATE=getMsg HTTP/1.1" 200 27
180.169.147.146 - - [25/Dec/2021:12:29:37 +0800] "GET /xingrg/kc/buy/cgsh_order_operate.html?command=get_materiel&rest_code=00147&code=00101008271&supplier_code=00100006&order_time=2021-12-25 HTTP/1.1" 200 408
116.228.172.94 - - [25/Dec/2021:12:29:38 +0800] "GET /xingrg/all/function/internal_message.html?_=1640406571091&CODE_STATE=getMsg HTTP/1.1" 200 27
114.85.125.222 - - [25/Dec/2021:12:29:38 +0800] "GET /xingrg/all/function/internal_message.html?_=1640406523528&CODE_STATE=getMsg HTTP/1.1" 200 27
101.85.120.86 - - [25/Dec/2021:12:29:39 +0800] "POST /xingrg/kc/buy/cgsh_list_operate.html HTTP/1.1" 200 1690
180.169.147.146 - - [25/Dec/2021:12:29:40 +0800] "GET /xingrg/all/function/internal_message.html?_=1640406575269&CODE_STATE=getMsg HTTP/1.1" 200 27
222.69.132.164 - - [25/Dec/2021:12:29:40 +0800] "GET /xingrg/all/function/internal_message.html?_=1640406608704&CODE_STATE=getMsg HTTP/1.1" 200 27
180.175.103.30 - - [25/Dec/2021:12:29:45 +0800] "GET /xingrg/all/function/internal_message.html?_=1640406585686&CODE_STATE=getMsg HTTP/1.1" 200 27
180.169.147.146 - - [25/Dec/2021:12:29:45 +0800] "GET /xingrg/kc/buy/cgsh_order_operate.html?command=get_materiel&rest_code=00147&code=00101008353&supplier_code=00100006&order_time=2021-12-25 HTTP/1.1" 200 408
101.85.120.86 - - [25/Dec/2021:12:29:46 +0800] "GET /xingrg/all/function/internal_message.html?_=1640406585080&CODE_STATE=getMsg HTTP/1.1" 200 27
101.85.120.86 - - [25/Dec/2021:12:29:46 +0800] "GET /xingrg/check_reg.html?_=1640406585076 HTTP/1.1" 200 22
61.170.234.223 - - [25/Dec/2021:12:29:47 +0800] "GET /xingrg/all/function/internal_message.html?_=1640406588516&CODE_STATE=getMsg HTTP/1.1" 200 27
61.170.234.223 - - [25/Dec/2021:12:29:47 +0800] "GET /xingrg/check_reg.html?_=1640406588519 HTTP/1.1" 200 22
58.40.7.146 - - [25/Dec/2021:12:29:47 +0800] "GET /xingrg/all/function/internal_message.html?_=1640406572899&CODE_STATE=getMsg HTTP/1.1" 200 27
101.80.229.199 - - [25/Dec/2021:12:29:49 +0800] "GET /xingrg/all/function/internal_message.html?_=1640406588476&CODE_STATE=getMsg HTTP/1.1" 200 27
180.169.147.146 - - [25/Dec/2021:12:29:52 +0800] "GET /xingrg/kc/buy/cgsh_order_operate.html?command=get_materiel&rest_code=00147&code=00101008298&supplier_code=00100006&order_time=2021-12-25 HTTP/1.1" 200 413
180.169.147.146 - - [25/Dec/2021:12:30:02 +0800] "GET /xingrg/kc/buy/cgsh_order_operate.html?command=get_materiel&rest_code=00147&code=00101008242&supplier_code=00100006&order_time=2021-12-25 HTTP/1.1" 200 408
114.86.230.235 - - [25/Dec/2021:12:30:03 +0800] "GET /xingrg/all/function/internal_message.html?_=1640406602818&CODE_STATE=getMsg HTTP/1.1" 200 27
180.175.103.30 - - [25/Dec/2021:12:30:04 +0800] "GET /xingrg/check_reg.html?_=1640406539948 HTTP/1.1" 200 22
180.175.103.30 - - [25/Dec/2021:12:30:04 +0800] "GET /xingrg/all/function/internal_message.html?_=1640406539951&CODE_STATE=getMsg HTTP/1.1" 200 27
180.162.114.48 - - [25/Dec/2021:12:30:07 +0800] "GET /xingrg/all/function/internal_message.html?_=1640406040776&CODE_STATE=getMsg HTTP/1.1" 200 27
120.253.135.82 - - [25/Dec/2021:12:30:08 +0800] "GET /xingrg/all/function/internal_message.html?_=1640406741484&CODE_STATE=getMsg HTTP/1.1" 200 27
180.169.147.146 - - [25/Dec/2021:12:30:11 +0800] "GET /xingrg/kc/buy/cgsh_order_operate.html?command=get_materiel&rest_code=00147&code=00101008403&supplier_code=00100006&order_time=2021-12-25 HTTP/1.1" 200 412
124.77.245.186 - - [25/Dec/2021:12:30:14 +0800] "GET /xingrg/all/function/internal_message.html?_=1640406634963&CODE_STATE=getMsg HTTP/1.1" 200 27
180.157.251.97 - - [25/Dec/2021:12:30:15 +0800] "GET /xingrg/all/function/internal_message.html?_=1640406613713&CODE_STATE=getMsg HTTP/1.1" 200 27
180.169.147.146 - - [25/Dec/2021:12:30:17 +0800] "GET /xingrg/kc/buy/cgsh_order_operate.html?command=get_materiel&rest_code=00147&code=00101007030&supplier_code=00100006&order_time=2021-12-25 HTTP/1.1" 200 412
116.227.210.113 - - [25/Dec/2021:12:30:17 +0800] "GET /xingrg/all/function/internal_message.html?_=1640406588012&CODE_STATE=getMsg HTTP/1.1" 200 27
116.227.210.113 - - [25/Dec/2021:12:30:17 +0800] "GET /xingrg/check_reg.html?_=1640406588013 HTTP/1.1" 200 22
116.238.208.177 - - [25/Dec/2021:12:30:20 +0800] "GET /xingrg/all/function/internal_message.html?_=1640406622791&CODE_STATE=getMsg HTTP/1.1" 200 27
61.170.234.223 - - [25/Dec/2021:12:30:20 +0800] "GET /xingrg/all/function/internal_message.html?_=1640406616217&CODE_STATE=getMsg HTTP/1.1" 200 27
180.169.147.146 - - [25/Dec/2021:12:30:22 +0800] "GET /xingrg/all/function/internal_message.html?_=1640406621161&CODE_STATE=getMsg HTTP/1.1" 200 27
180.169.147.146 - - [25/Dec/2021:12:30:23 +0800] "GET /xingrg/kc/buy/cgsh_order_operate.html?command=get_materiel&rest_code=00147&code=00101008096&supplier_code=00100006&order_time=2021-12-25 HTTP/1.1" 200 412
124.79.247.218 - - [25/Dec/2021:12:30:27 +0800] "GET /xingrg/all/function/internal_message.html?_=1640406751145&CODE_STATE=getMsg HTTP/1.1" 302 -
124.79.247.218 - - [25/Dec/2021:12:30:34 +0800] "GET /xingrg/check_reg.html?_=1640406657704 HTTP/1.1" 200 22
180.169.147.146 - - [25/Dec/2021:12:30:34 +0800] "GET /xingrg/kc/buy/cgsh_order_operate.html?command=get_materiel&rest_code=00147&code=00101008087&supplier_code=00100006&order_time=2021-12-25 HTTP/1.1" 200 412
124.79.247.218 - - [25/Dec/2021:12:30:34 +0800] "GET /xingrg/all/function/internal_message.html?_=1640406657876&CODE_STATE=getMsg HTTP/1.1" 200 27
116.228.172.94 - - [25/Dec/2021:12:30:38 +0800] "GET /xingrg/all/function/internal_message.html?_=1640406631094&CODE_STATE=getMsg HTTP/1.1" 200 27
114.85.125.222 - - [25/Dec/2021:12:30:38 +0800] "GET /xingrg/all/function/internal_message.html?_=1640406583550&CODE_STATE=getMsg HTTP/1.1" 200 27
180.169.147.146 - - [25/Dec/2021:12:30:40 +0800] "GET /xingrg/all/function/internal_message.html?_=1640406635268&CODE_STATE=getMsg HTTP/1.1" 200 27
