222.69.128.201 - - [25/Dec/2021:10:31:29 +0800] "GET /xingrg/all/function/internal_message.html?_=1640399487270&CODE_STATE=getMsg HTTP/1.1" 200 27
222.69.128.201 - - [25/Dec/2021:10:31:29 +0800] "GET /xingrg/check_reg.html?_=1640399487342 HTTP/1.1" 200 22
124.79.247.218 - - [25/Dec/2021:10:31:29 +0800] "GET /xingrg/all/function/internal_message.html?_=1640399513958&CODE_STATE=getMsg HTTP/1.1" 200 27
124.77.245.186 - - [25/Dec/2021:10:31:29 +0800] "GET /xingrg/kc/buy/cgsh_order_operate.html?command=get_materiel&rest_code=00146&code=00101008095&supplier_code=00100023&order_time=2021-12-25 HTTP/1.1" 200 412
61.151.178.163 - - [25/Dec/2021:10:31:34 +0800] "GET /xingrg/kc/buy/cgsh_order_operate.html?command=get_materiel&rest_code=00106&code=00101008131&supplier_code=00100007&order_time=2021-12-25 HTTP/1.1" 302 -
61.151.178.163 - - [25/Dec/2021:10:31:35 +0800] "GET /xingrg/login.html HTTP/1.1" 200 7641
222.69.128.201 - - [25/Dec/2021:10:31:36 +0800] "GET /xingrg/kc/buy/cgsh_order_operate.html?command=get_materiel&rest_code=00149&code=00101001010&supplier_code=00100039&order_time=2021-12-25 HTTP/1.1" 200 409
116.228.172.94 - - [25/Dec/2021:10:31:38 +0800] "GET /xingrg/all/function/internal_message.html?_=1640399491763&CODE_STATE=getMsg HTTP/1.1" 200 27
124.77.245.186 - - [25/Dec/2021:10:31:42 +0800] "GET /xingrg/kc/buy/cgsh_order_operate.html?command=get_materiel&rest_code=00146&code=00101008110&supplier_code=00100023&order_time=2021-12-25 HTTP/1.1" 200 408
180.175.103.30 - - [25/Dec/2021:10:31:45 +0800] "GET /xingrg/all/function/internal_message.html?_=1640399505507&CODE_STATE=getMsg HTTP/1.1" 200 27
180.175.103.30 - - [25/Dec/2021:10:31:45 +0800] "GET /xingrg/check_reg.html?_=1640399505508 HTTP/1.1" 200 22
101.85.120.86 - - [25/Dec/2021:10:31:46 +0800] "GET /xingrg/all/function/internal_message.html?_=1640399504914&CODE_STATE=getMsg HTTP/1.1" 200 27
61.151.178.197 - - [25/Dec/2021:10:31:46 +0800] "GET /xingrg/kc/buy/cgsh_order_operate.html?command=get_materiel&rest_code=00106&code=00101008295&supplier_code=00100007&order_time=2021-12-25 HTTP/1.1" 302 -
61.151.178.197 - - [25/Dec/2021:10:31:48 +0800] "GET /xingrg/login.html HTTP/1.1" 200 7641
114.86.230.235 - - [25/Dec/2021:10:31:49 +0800] "GET /xingrg/all/function/internal_message.html?_=1640399508529&CODE_STATE=getMsg HTTP/1.1" 200 27
101.80.229.199 - - [25/Dec/2021:10:31:52 +0800] "GET /xingrg/all/function/internal_message.html?_=1640399511505&CODE_STATE=getMsg HTTP/1.1" 200 27
116.238.208.177 - - [25/Dec/2021:10:31:54 +0800] "GET /xingrg/all/function/internal_message.html?_=1640399521229&CODE_STATE=getMsg HTTP/1.1" 200 27
124.77.245.186 - - [25/Dec/2021:10:31:55 +0800] "GET /xingrg/all/function/internal_message.html?_=1640399535698&CODE_STATE=getMsg HTTP/1.1" 200 27
222.70.176.97 - - [25/Dec/2021:10:31:57 +0800] "GET /xingrg/all/function/internal_message.html?_=1640399512298&CODE_STATE=getMsg HTTP/1.1" 200 27
120.253.135.82 - - [25/Dec/2021:10:32:06 +0800] "POST /xingrg/kc/pszx/mdps_list_operate.html HTTP/1.1" 200 202
120.253.135.82 - - [25/Dec/2021:10:32:08 +0800] "GET /xingrg/kc/pszx/mdps_order_info.html?code=312021122500640 HTTP/1.1" 200 23925
120.253.135.82 - - [25/Dec/2021:10:32:08 +0800] "GET /xingrg/javascript/easyui/themes/default/validatebox.css HTTP/1.1" 404 1104
120.253.135.82 - - [25/Dec/2021:10:32:08 +0800] "POST /xingrg/kc/pszx/mdps_order_operate.html HTTP/1.1" 200 2279
114.88.159.28 - - [25/Dec/2021:10:32:08 +0800] "GET /xingrg/all/function/internal_message.html?_=1640399337557&CODE_STATE=getMsg HTTP/1.1" 200 27
114.85.125.222 - - [25/Dec/2021:10:32:15 +0800] "GET /xingrg/all/function/internal_message.html?_=1640399480727&CODE_STATE=getMsg HTTP/1.1" 200 27
120.253.135.82 - - [25/Dec/2021:10:32:16 +0800] "POST /xingrg/kc/pszx/mdps_list_operate.html HTTP/1.1" 200 5430
116.227.210.113 - - [25/Dec/2021:10:32:17 +0800] "GET /xingrg/all/function/internal_message.html?_=1640399508007&CODE_STATE=getMsg HTTP/1.1" 200 27
58.221.95.50 - - [25/Dec/2021:10:32:17 +0800] "GET /xingrg/all/function/internal_message.html?_=1640399537082&CODE_STATE=getMsg HTTP/1.1" 200 27
120.253.135.82 - - [25/Dec/2021:10:32:19 +0800] "POST /xingrg/kc/pszx/mdps_list_operate.html HTTP/1.1" 200 205
120.253.135.82 - - [25/Dec/2021:10:32:20 +0800] "GET /xingrg/kc/pszx/mdps_order_info.html?code=312021122300600 HTTP/1.1" 200 23931
120.253.135.82 - - [25/Dec/2021:10:32:20 +0800] "POST /xingrg/kc/pszx/mdps_order_operate.html HTTP/1.1" 200 2284
120.253.135.82 - - [25/Dec/2021:10:32:20 +0800] "GET /xingrg/javascript/easyui/themes/default/validatebox.css HTTP/1.1" 404 1104
61.170.234.223 - - [25/Dec/2021:10:32:23 +0800] "GET /xingrg/all/function/internal_message.html?_=1640399538799&CODE_STATE=getMsg HTTP/1.1" 200 27
120.253.135.82 - - [25/Dec/2021:10:32:23 +0800] "POST /xingrg/kc/pszx/mdps_list_operate.html HTTP/1.1" 200 5430
120.253.135.82 - - [25/Dec/2021:10:32:25 +0800] "POST /xingrg/kc/pszx/mdps_list_operate.html HTTP/1.1" 200 201
120.253.135.82 - - [25/Dec/2021:10:32:27 +0800] "GET /xingrg/kc/pszx/mdps_order_info.html?code=312021122300602 HTTP/1.1" 200 23931
120.253.135.82 - - [25/Dec/2021:10:32:28 +0800] "GET /xingrg/javascript/easyui/themes/default/validatebox.css HTTP/1.1" 404 1104
120.253.135.82 - - [25/Dec/2021:10:32:28 +0800] "POST /xingrg/kc/pszx/mdps_order_operate.html HTTP/1.1" 200 2268
222.69.128.201 - - [25/Dec/2021:10:32:29 +0800] "GET /xingrg/all/function/internal_message.html?_=1640399547258&CODE_STATE=getMsg HTTP/1.1" 200 27
124.79.247.218 - - [25/Dec/2021:10:32:29 +0800] "GET /xingrg/all/function/internal_message.html?_=1640399573965&CODE_STATE=getMsg HTTP/1.1" 200 27
120.253.135.82 - - [25/Dec/2021:10:32:33 +0800] "POST /xingrg/kc/pszx/mdps_list_operate.html HTTP/1.1" 200 5430
120.253.135.82 - - [25/Dec/2021:10:32:35 +0800] "POST /xingrg/kc/pszx/mdps_list_operate.html HTTP/1.1" 200 204
120.253.135.82 - - [25/Dec/2021:10:32:35 +0800] "GET /xingrg/kc/pszx/mdps_order_info.html?code=312021122100545 HTTP/1.1" 200 23931
120.253.135.82 - - [25/Dec/2021:10:32:35 +0800] "POST /xingrg/kc/pszx/mdps_order_operate.html HTTP/1.1" 200 2281
120.253.135.82 - - [25/Dec/2021:10:32:35 +0800] "GET /xingrg/javascript/easyui/themes/default/validatebox.css HTTP/1.1" 404 1104
124.77.245.186 - - [25/Dec/2021:10:32:36 +0800] "POST /xingrg/kc/buy/cgsh_order_operate.html HTTP/1.1" 200 37
116.228.172.94 - - [25/Dec/2021:10:32:38 +0800] "GET /xingrg/check_reg.html?_=1640399551078 HTTP/1.1" 200 22
116.228.172.94 - - [25/Dec/2021:10:32:38 +0800] "GET /xingrg/all/function/internal_message.html?_=1640399551749&CODE_STATE=getMsg HTTP/1.1" 200 27
222.69.128.201 - - [25/Dec/2021:10:32:40 +0800] "POST /xingrg/kc/buy/cgsh_order_operate.html HTTP/1.1" 200 37
124.77.245.186 - - [25/Dec/2021:10:32:40 +0800] "POST /xingrg/kc/buy/cgsh_order_operate.html HTTP/1.1" 200 33996
120.253.135.82 - - [25/Dec/2021:10:32:43 +0800] "POST /xingrg/kc/pszx/mdps_list_operate.html HTTP/1.1" 200 5430
124.77.245.186 - - [25/Dec/2021:10:32:44 +0800] "GET /xingrg/kc/print/load_config.html?kc_code=cgsh HTTP/1.1" 200 1943
180.175.103.30 - - [25/Dec/2021:10:32:45 +0800] "GET /xingrg/all/function/internal_message.html?_=1640399565507&CODE_STATE=getMsg HTTP/1.1" 200 27
124.77.245.186 - - [25/Dec/2021:10:32:45 +0800] "GET /xingrg/kc/print/load_data.html?order_code=212021122510567&kc_code=cgsh&condition= HTTP/1.1" 200 12523
101.85.120.86 - - [25/Dec/2021:10:32:46 +0800] "GET /xingrg/all/function/internal_message.html?_=1640399564930&CODE_STATE=getMsg HTTP/1.1" 200 27
120.253.135.82 - - [25/Dec/2021:10:32:46 +0800] "POST /xingrg/kc/pszx/mdps_list_operate.html HTTP/1.1" 200 5464
116.238.208.177 - - [25/Dec/2021:10:32:47 +0800] "GET /xingrg/check_reg.html?_=1640399573320 HTTP/1.1" 200 22
120.253.135.82 - - [25/Dec/2021:10:32:49 +0800] "POST /xingrg/kc/pszx/mdps_list_operate.html HTTP/1.1" 200 281
114.86.230.235 - - [25/Dec/2021:10:32:49 +0800] "GET /xingrg/all/function/internal_message.html?_=1640399568533&CODE_STATE=getMsg HTTP/1.1" 200 27
101.80.229.199 - - [25/Dec/2021:10:32:52 +0800] "GET /xingrg/all/function/internal_message.html?_=1640399571477&CODE_STATE=getMsg HTTP/1.1" 200 27
120.253.135.82 - - [25/Dec/2021:10:32:53 +0800] "POST /xingrg/kc/pszx/mdps_list_operate.html HTTP/1.1" 200 203
116.238.208.177 - - [25/Dec/2021:10:32:54 +0800] "GET /xingrg/all/function/internal_message.html?_=1640399581242&CODE_STATE=getMsg HTTP/1.1" 200 27
222.69.128.201 - - [25/Dec/2021:10:32:54 +0800] "POST /xingrg/kc/buy/cgsh_order_operate.html HTTP/1.1" 200 12
124.77.245.186 - - [25/Dec/2021:10:32:55 +0800] "GET /xingrg/all/function/internal_message.html?_=1640399595713&CODE_STATE=getMsg HTTP/1.1" 200 27
120.253.135.82 - - [25/Dec/2021:10:32:56 +0800] "POST /xingrg/kc/pszx/mdps_list_operate.html HTTP/1.1" 200 202
222.70.176.97 - - [25/Dec/2021:10:32:57 +0800] "GET /xingrg/all/function/internal_message.html?_=1640399572312&CODE_STATE=getMsg HTTP/1.1" 200 27
120.253.135.82 - - [25/Dec/2021:10:32:59 +0800] "POST /xingrg/kc/pszx/mdps_list_operate.html HTTP/1.1" 200 202
222.69.128.201 - - [25/Dec/2021:10:32:59 +0800] "GET /xingrg/kc/buy/cgsh_order_info.html?code=212021122510604 HTTP/1.1" 200 60211
222.69.128.201 - - [25/Dec/2021:10:32:59 +0800] "GET /xingrg/javascript/easyui/themes/default/validatebox.css HTTP/1.1" 404 1104
222.69.128.201 - - [25/Dec/2021:10:33:00 +0800] "POST /xingrg/kc/buy/cgsh_order_operate.html HTTP/1.1" 200 5348
120.253.135.82 - - [25/Dec/2021:10:33:02 +0800] "POST /xingrg/kc/pszx/mdps_list_operate.html HTTP/1.1" 200 288
222.69.128.201 - - [25/Dec/2021:10:33:05 +0800] "GET /xingrg/kc/print/load_data.html?order_code=212021122510604&kc_code=cgsh&condition= HTTP/1.1" 200 2528
120.253.135.82 - - [25/Dec/2021:10:33:06 +0800] "POST /xingrg/kc/pszx/mdps_list_operate.html HTTP/1.1" 200 298
116.227.210.113 - - [25/Dec/2021:10:33:07 +0800] "POST /xingrg/services/DataTransmitService HTTP/1.1" 200 524
114.88.159.28 - - [25/Dec/2021:10:33:08 +0800] "GET /xingrg/all/function/internal_message.html?_=1640399397553&CODE_STATE=getMsg HTTP/1.1" 200 27
61.151.178.217 - - [25/Dec/2021:10:33:09 +0800] "GET /xingrg/all/function/internal_message.html?_=1640398378058&CODE_STATE=getMsg HTTP/1.1" 302 -
116.238.208.177 - - [25/Dec/2021:10:33:11 +0800] "GET /xingrg/kc/base/wldb_order_add.html HTTP/1.1" 200 30270
61.151.178.217 - - [25/Dec/2021:10:33:11 +0800] "GET /xingrg/login.html HTTP/1.1" 200 7641
116.238.208.177 - - [25/Dec/2021:10:33:13 +0800] "POST /xingrg/kc/base/wldb_order_operate.html HTTP/1.1" 200 6806
116.238.208.177 - - [25/Dec/2021:10:33:14 +0800] "GET /xingrg/javascript/easyui/themes/default/validatebox.css HTTP/1.1" 404 1104
114.85.125.222 - - [25/Dec/2021:10:33:15 +0800] "GET /xingrg/check_reg.html?_=1640399540455 HTTP/1.1" 200 22
114.85.125.222 - - [25/Dec/2021:10:33:15 +0800] "GET /xingrg/all/function/internal_message.html?_=1640399540741&CODE_STATE=getMsg HTTP/1.1" 200 27
116.227.210.113 - - [25/Dec/2021:10:33:17 +0800] "GET /xingrg/all/function/internal_message.html?_=1640399567999&CODE_STATE=getMsg HTTP/1.1" 200 27
58.221.95.50 - - [25/Dec/2021:10:33:17 +0800] "GET /xingrg/all/function/internal_message.html?_=1640399597073&CODE_STATE=getMsg HTTP/1.1" 200 27
61.170.234.223 - - [25/Dec/2021:10:33:23 +0800] "GET /xingrg/all/function/internal_message.html?_=1640399598772&CODE_STATE=getMsg HTTP/1.1" 200 27
61.151.178.164 - - [25/Dec/2021:10:33:25 +0800] "GET /xingrg/kc/buy/cgsh_order_operate.html?command=get_materiel&rest_code=00106&code=00101008360&supplier_code=00100007&order_time=2021-12-25 HTTP/1.1" 302 -
61.151.178.164 - - [25/Dec/2021:10:33:26 +0800] "GET /xingrg/login.html HTTP/1.1" 200 7641
124.79.247.218 - - [25/Dec/2021:10:33:28 +0800] "GET /xingrg/check_reg.html?_=1640399633155 HTTP/1.1" 200 22
222.69.128.201 - - [25/Dec/2021:10:33:29 +0800] "GET /xingrg/all/function/internal_message.html?_=1640399607236&CODE_STATE=getMsg HTTP/1.1" 200 27
124.79.247.218 - - [25/Dec/2021:10:33:29 +0800] "GET /xingrg/all/function/internal_message.html?_=1640399633977&CODE_STATE=getMsg HTTP/1.1" 200 27
120.253.135.82 - - [25/Dec/2021:10:33:30 +0800] "POST /xingrg/kc/pszx/mdps_list_operate.html HTTP/1.1" 200 220
120.253.135.82 - - [25/Dec/2021:10:33:30 +0800] "GET /xingrg/kc/pszx/mdps_order_info.html?code=312021121500373 HTTP/1.1" 200 23925
120.253.135.82 - - [25/Dec/2021:10:33:31 +0800] "POST /xingrg/kc/pszx/mdps_order_operate.html HTTP/1.1" 200 2311
120.253.135.82 - - [25/Dec/2021:10:33:31 +0800] "GET /xingrg/javascript/easyui/themes/default/validatebox.css HTTP/1.1" 404 1104
120.253.135.82 - - [25/Dec/2021:10:33:34 +0800] "POST /xingrg/kc/pszx/mdps_list_operate.html HTTP/1.1" 200 5464
120.253.135.82 - - [25/Dec/2021:10:33:36 +0800] "POST /xingrg/kc/pszx/mdps_list_operate.html HTTP/1.1" 200 2360
116.228.172.94 - - [25/Dec/2021:10:33:38 +0800] "GET /xingrg/all/function/internal_message.html?_=1640399611731&CODE_STATE=getMsg HTTP/1.1" 200 27
116.238.208.177 - - [25/Dec/2021:10:33:39 +0800] "POST /xingrg/all/common/load_combo.html?type=base HTTP/1.1" 200 3145
116.238.208.177 - - [25/Dec/2021:10:33:43 +0800] "POST /xingrg/all/common/load_combo.html?type=base HTTP/1.1" 200 3145
120.253.135.82 - - [25/Dec/2021:10:33:44 +0800] "GET /xingrg/check_reg.html?_=1640399404521 HTTP/1.1" 200 22
180.175.103.30 - - [25/Dec/2021:10:33:45 +0800] "GET /xingrg/all/function/internal_message.html?_=1640399625506&CODE_STATE=getMsg HTTP/1.1" 200 27
101.85.120.86 - - [25/Dec/2021:10:33:46 +0800] "GET /xingrg/all/function/internal_message.html?_=1640399624930&CODE_STATE=getMsg HTTP/1.1" 200 27
114.86.230.235 - - [25/Dec/2021:10:33:49 +0800] "GET /xingrg/all/function/internal_message.html?_=1640399628544&CODE_STATE=getMsg HTTP/1.1" 200 27
101.80.229.199 - - [25/Dec/2021:10:33:52 +0800] "GET /xingrg/all/function/internal_message.html?_=1640399631448&CODE_STATE=getMsg HTTP/1.1" 200 27
222.69.128.201 - - [25/Dec/2021:10:33:52 +0800] "GET /xingrg/kc/buy/cgsh_order_add.html HTTP/1.1" 200 65302
222.69.128.201 - - [25/Dec/2021:10:33:52 +0800] "POST /xingrg/kc/buy/cgsh_order_operate.html HTTP/1.1" 200 8245
222.69.128.201 - - [25/Dec/2021:10:33:52 +0800] "GET /xingrg/javascript/easyui/themes/default/validatebox.css HTTP/1.1" 404 1104
61.151.178.163 - - [25/Dec/2021:10:33:53 +0800] "GET /xingrg/kc/buy/cgsh_order_operate.html?command=get_materiel&rest_code=00106&code=00101008168&supplier_code=00100007&order_time=2021-12-25 HTTP/1.1" 302 -
61.151.178.163 - - [25/Dec/2021:10:33:53 +0800] "GET /xingrg/login.html HTTP/1.1" 200 7641
116.238.208.177 - - [25/Dec/2021:10:33:54 +0800] "GET /xingrg/all/function/internal_message.html?_=1640399641254&CODE_STATE=getMsg HTTP/1.1" 200 27
124.77.245.186 - - [25/Dec/2021:10:33:55 +0800] "GET /xingrg/all/function/internal_message.html?_=1640399656059&CODE_STATE=getMsg HTTP/1.1" 200 27
222.70.176.97 - - [25/Dec/2021:10:33:57 +0800] "GET /xingrg/all/function/internal_message.html?_=1640399632312&CODE_STATE=getMsg HTTP/1.1" 200 27
222.70.176.97 - - [25/Dec/2021:10:33:57 +0800] "GET /xingrg/check_reg.html?_=1640399632313 HTTP/1.1" 200 22
222.69.128.201 - - [25/Dec/2021:10:34:05 +0800] "GET /xingrg/kc/buy/cgsh_order_operate.html?command=get_materiel&rest_code=00149&code=00101007049&supplier_code=00100205&order_time=2021-12-25 HTTP/1.1" 200 409
114.88.159.28 - - [25/Dec/2021:10:34:08 +0800] "GET /xingrg/all/function/internal_message.html?_=1640399457550&CODE_STATE=getMsg HTTP/1.1" 200 27
114.85.125.222 - - [25/Dec/2021:10:34:15 +0800] "GET /xingrg/all/function/internal_message.html?_=1640399600750&CODE_STATE=getMsg HTTP/1.1" 200 27
116.227.210.113 - - [25/Dec/2021:10:34:17 +0800] "GET /xingrg/all/function/internal_message.html?_=1640399628012&CODE_STATE=getMsg HTTP/1.1" 200 27
58.221.95.50 - - [25/Dec/2021:10:34:17 +0800] "GET /xingrg/all/function/internal_message.html?_=1640399657107&CODE_STATE=getMsg HTTP/1.1" 200 27
58.221.95.50 - - [25/Dec/2021:10:34:17 +0800] "GET /xingrg/check_reg.html?_=1640399657115 HTTP/1.1" 200 22
61.170.234.223 - - [25/Dec/2021:10:34:23 +0800] "GET /xingrg/all/function/internal_message.html?_=1640399658744&CODE_STATE=getMsg HTTP/1.1" 200 27
222.69.128.201 - - [25/Dec/2021:10:34:23 +0800] "GET /xingrg/kc/buy/cgsh_order_operate.html?command=get_materiel&rest_code=00149&code=00101007023&supplier_code=00100205&order_time=2021-12-25 HTTP/1.1" 200 409
61.151.178.197 - - [25/Dec/2021:10:34:27 +0800] "GET /xingrg/kc/buy/cgsh_order_operate.html?command=get_materiel&rest_code=00106&code=00101008283&supplier_code=00100007&order_time=2021-12-25 HTTP/1.1" 302 -
61.151.178.197 - - [25/Dec/2021:10:34:28 +0800] "GET /xingrg/login.html HTTP/1.1" 200 7641
222.69.128.201 - - [25/Dec/2021:10:34:29 +0800] "GET /xingrg/all/function/internal_message.html?_=1640399667219&CODE_STATE=getMsg HTTP/1.1" 200 27
124.79.247.218 - - [25/Dec/2021:10:34:29 +0800] "GET /xingrg/all/function/internal_message.html?_=1640399693991&CODE_STATE=getMsg HTTP/1.1" 200 27
116.228.172.94 - - [25/Dec/2021:10:34:38 +0800] "GET /xingrg/all/function/internal_message.html?_=1640399671708&CODE_STATE=getMsg HTTP/1.1" 200 27
116.238.208.177 - - [25/Dec/2021:10:34:39 +0800] "GET /xingrg/kc/base/wldb_order_operate.html?command=get_materiel&rest_code=00102&base_code=0010476&code=00101019373 HTTP/1.1" 200 452
180.175.103.30 - - [25/Dec/2021:10:34:45 +0800] "GET /xingrg/all/function/internal_message.html?_=1640399685506&CODE_STATE=getMsg HTTP/1.1" 200 27
61.151.178.249 - - [25/Dec/2021:10:34:45 +0800] "GET /xingrg/kc/buy/cgsh_order_operate.html?command=get_materiel&rest_code=00106&code=00101008301&supplier_code=00100007&order_time=2021-12-25 HTTP/1.1" 302 -
116.238.208.177 - - [25/Dec/2021:10:34:45 +0800] "POST /xingrg/kc/base/wldb_order_operate.html HTTP/1.1" 200 37
116.232.39.154 - - [25/Dec/2021:10:34:45 +0800] "GET /favicon.ico HTTP/1.1" 404 -
61.151.178.249 - - [25/Dec/2021:10:34:45 +0800] "GET /xingrg/login.html HTTP/1.1" 200 7641
101.85.120.86 - - [25/Dec/2021:10:34:46 +0800] "GET /xingrg/check_reg.html?_=1640399684936 HTTP/1.1" 200 22
101.85.120.86 - - [25/Dec/2021:10:34:46 +0800] "GET /xingrg/all/function/internal_message.html?_=1640399684932&CODE_STATE=getMsg HTTP/1.1" 200 27
116.238.208.177 - - [25/Dec/2021:10:34:48 +0800] "POST /xingrg/kc/base/wldb_order_operate.html HTTP/1.1" 200 12
116.238.208.177 - - [25/Dec/2021:10:34:48 +0800] "POST /xingrg/kc/base/wldb_order_operate.html HTTP/1.1" 200 2208
114.86.230.235 - - [25/Dec/2021:10:34:49 +0800] "GET /xingrg/all/function/internal_message.html?_=1640399688535&CODE_STATE=getMsg HTTP/1.1" 200 27
101.80.229.199 - - [25/Dec/2021:10:34:52 +0800] "GET /xingrg/all/function/internal_message.html?_=1640399691420&CODE_STATE=getMsg HTTP/1.1" 200 27
222.69.128.201 - - [25/Dec/2021:10:34:53 +0800] "GET /xingrg/kc/buy/cgsh_order_operate.html?command=get_materiel&rest_code=00149&code=00101007092&supplier_code=00100205&order_time=2021-12-25 HTTP/1.1" 200 411
116.238.208.177 - - [25/Dec/2021:10:34:53 +0800] "GET /xingrg/kc/base/wldb_order_info.html?code=422021122502613 HTTP/1.1" 200 26143
101.89.19.197 - - [25/Dec/2021:10:34:54 +0800] "GET /xingrg/kc/buy/cgsh_order_operate.html?command=get_materiel&rest_code=00106&code=00101008067&supplier_code=00100007&order_time=2021-12-25 HTTP/1.1" 302 -
116.238.208.177 - - [25/Dec/2021:10:34:55 +0800] "GET /xingrg/all/function/internal_message.html?_=1640399702403&CODE_STATE=getMsg HTTP/1.1" 200 27
116.238.208.177 - - [25/Dec/2021:10:34:55 +0800] "POST /xingrg/kc/base/wldb_order_operate.html HTTP/1.1" 200 502
124.77.245.186 - - [25/Dec/2021:10:34:55 +0800] "GET /xingrg/all/function/internal_message.html?_=1640399716067&CODE_STATE=getMsg HTTP/1.1" 200 27
101.89.19.197 - - [25/Dec/2021:10:34:56 +0800] "GET /xingrg/login.html HTTP/1.1" 200 7641
116.238.208.177 - - [25/Dec/2021:10:34:56 +0800] "GET /xingrg/javascript/easyui/themes/default/validatebox.css HTTP/1.1" 404 1104
61.151.178.177 - - [25/Dec/2021:10:34:56 +0800] "GET /xingrg/kc/buy/cgsh_order_operate.html?command=get_materiel&rest_code=00106&code=00101008137&supplier_code=00100007&order_time=2021-12-25 HTTP/1.1" 302 -
61.151.178.177 - - [25/Dec/2021:10:34:57 +0800] "GET /xingrg/login.html HTTP/1.1" 200 7641
222.70.176.97 - - [25/Dec/2021:10:34:57 +0800] "GET /xingrg/all/function/internal_message.html?_=1640399692312&CODE_STATE=getMsg HTTP/1.1" 200 27
222.69.128.201 - - [25/Dec/2021:10:35:07 +0800] "GET /xingrg/kc/buy/cgsh_order_operate.html?command=get_materiel&rest_code=00149&code=00101007085&supplier_code=00100205&order_time=2021-12-25 HTTP/1.1" 200 413
114.88.159.28 - - [25/Dec/2021:10:35:08 +0800] "GET /xingrg/all/function/internal_message.html?_=1640399517548&CODE_STATE=getMsg HTTP/1.1" 200 27
114.88.159.28 - - [25/Dec/2021:10:35:08 +0800] "GET /xingrg/check_reg.html?_=1640399517579 HTTP/1.1" 200 22
116.238.208.177 - - [25/Dec/2021:10:35:15 +0800] "GET /xingrg/kc/base/wldb_order_add.html HTTP/1.1" 200 30270
114.85.125.222 - - [25/Dec/2021:10:35:15 +0800] "GET /xingrg/all/function/internal_message.html?_=1640399660763&CODE_STATE=getMsg HTTP/1.1" 200 27
222.69.128.201 - - [25/Dec/2021:10:35:16 +0800] "GET /xingrg/kc/buy/cgsh_order_operate.html?command=get_materiel&rest_code=00149&code=00101007083&supplier_code=00100205&order_time=2021-12-25 HTTP/1.1" 200 421
116.238.208.177 - - [25/Dec/2021:10:35:16 +0800] "POST /xingrg/kc/base/wldb_order_operate.html HTTP/1.1" 200 6806
116.238.208.177 - - [25/Dec/2021:10:35:17 +0800] "GET /xingrg/javascript/easyui/themes/default/validatebox.css HTTP/1.1" 404 1104
116.227.210.113 - - [25/Dec/2021:10:35:17 +0800] "GET /xingrg/check_reg.html?_=1640399688008 HTTP/1.1" 200 22
116.227.210.113 - - [25/Dec/2021:10:35:17 +0800] "GET /xingrg/all/function/internal_message.html?_=1640399688012&CODE_STATE=getMsg HTTP/1.1" 200 27
58.221.95.50 - - [25/Dec/2021:10:35:17 +0800] "GET /xingrg/all/function/internal_message.html?_=1640399717100&CODE_STATE=getMsg HTTP/1.1" 200 27
116.238.208.177 - - [25/Dec/2021:10:35:18 +0800] "POST /xingrg/all/common/load_combo.html?type=base HTTP/1.1" 200 3145
116.238.208.177 - - [25/Dec/2021:10:35:21 +0800] "POST /xingrg/all/common/load_combo.html?type=base HTTP/1.1" 200 3145
61.170.234.223 - - [25/Dec/2021:10:35:23 +0800] "GET /xingrg/all/function/internal_message.html?_=1640399718726&CODE_STATE=getMsg HTTP/1.1" 200 27
101.89.239.245 - - [25/Dec/2021:10:35:28 +0800] "GET /xingrg/all/function/internal_message.html?_=1640399214304&CODE_STATE=getMsg HTTP/1.1" 302 -
222.69.128.201 - - [25/Dec/2021:10:35:29 +0800] "GET /xingrg/kc/buy/cgsh_order_operate.html?command=get_materiel&rest_code=00149&code=00101007061&supplier_code=00100205&order_time=2021-12-25 HTTP/1.1" 200 411
222.69.128.201 - - [25/Dec/2021:10:35:29 +0800] "GET /xingrg/all/function/internal_message.html?_=1640399727257&CODE_STATE=getMsg HTTP/1.1" 200 27
101.89.239.245 - - [25/Dec/2021:10:35:29 +0800] "GET /xingrg/login.html HTTP/1.1" 200 7641
124.79.247.218 - - [25/Dec/2021:10:35:29 +0800] "GET /xingrg/all/function/internal_message.html?_=1640399754004&CODE_STATE=getMsg HTTP/1.1" 200 27
116.238.208.177 - - [25/Dec/2021:10:35:37 +0800] "GET /xingrg/kc/base/wldb_order_operate.html?command=get_materiel&rest_code=00102&base_code=0010476&code=00101016076 HTTP/1.1" 200 476
116.228.172.94 - - [25/Dec/2021:10:35:38 +0800] "GET /xingrg/all/function/internal_message.html?_=1640399731686&CODE_STATE=getMsg HTTP/1.1" 200 27
180.175.103.30 - - [25/Dec/2021:10:35:45 +0800] "GET /xingrg/all/function/internal_message.html?_=1640399745504&CODE_STATE=getMsg HTTP/1.1" 200 27
61.165.255.114 - - [25/Dec/2021:10:35:45 +0800] "GET /xingrg/check_reg.html?_=1640399745502 HTTP/1.1" 302 -
61.165.255.114 - - [25/Dec/2021:10:35:45 +0800] "GET /xingrg/login.html HTTP/1.1" 200 7641
101.85.120.86 - - [25/Dec/2021:10:35:46 +0800] "GET /xingrg/all/function/internal_message.html?_=1640399744936&CODE_STATE=getMsg HTTP/1.1" 200 27
124.77.245.186 - - [25/Dec/2021:10:35:47 +0800] "GET /xingrg/check_reg.html?_=1640399767916 HTTP/1.1" 200 22
114.86.230.235 - - [25/Dec/2021:10:35:49 +0800] "GET /xingrg/all/function/internal_message.html?_=1640399748538&CODE_STATE=getMsg HTTP/1.1" 200 27
114.86.230.235 - - [25/Dec/2021:10:35:49 +0800] "GET /xingrg/check_reg.html?_=1640399748540 HTTP/1.1" 200 22
61.170.234.223 - - [25/Dec/2021:10:35:51 +0800] "GET /xingrg/check_reg.html?_=1640399751507 HTTP/1.1" 200 22
101.80.229.199 - - [25/Dec/2021:10:35:51 +0800] "GET /xingrg/all/function/internal_message.html?_=1640399751391&CODE_STATE=getMsg HTTP/1.1" 200 27
101.89.239.238 - - [25/Dec/2021:10:35:55 +0800] "GET /xingrg/kc/buy/cgsh_order_operate.html?command=get_materiel&rest_code=00106&code=00101008236&supplier_code=00100007&order_time=2021-12-25 HTTP/1.1" 302 -
116.238.208.177 - - [25/Dec/2021:10:35:55 +0800] "GET /xingrg/all/function/internal_message.html?_=1640399762422&CODE_STATE=getMsg HTTP/1.1" 200 27
124.77.245.186 - - [25/Dec/2021:10:35:55 +0800] "GET /xingrg/all/function/internal_message.html?_=1640399776080&CODE_STATE=getMsg HTTP/1.1" 200 27
222.70.176.97 - - [25/Dec/2021:10:35:57 +0800] "GET /xingrg/all/function/internal_message.html?_=1640399752298&CODE_STATE=getMsg HTTP/1.1" 200 27
101.89.239.238 - - [25/Dec/2021:10:35:58 +0800] "GET /xingrg/login.html HTTP/1.1" 200 7641
61.170.234.223 - - [25/Dec/2021:10:35:58 +0800] "GET /xingrg/check_reg.html?_=1640399754218 HTTP/1.1" 200 22
116.238.208.177 - - [25/Dec/2021:10:36:03 +0800] "GET /xingrg/kc/base/wldb_order_operate.html?command=get_materiel&rest_code=00102&base_code=0010476&code=00101019131 HTTP/1.1" 200 452
114.88.159.28 - - [25/Dec/2021:10:36:08 +0800] "GET /xingrg/all/function/internal_message.html?_=1640399577556&CODE_STATE=getMsg HTTP/1.1" 200 27
116.238.208.177 - - [25/Dec/2021:10:36:09 +0800] "GET /xingrg/kc/base/wldb_order_operate.html?command=get_materiel&rest_code=00102&base_code=0010476&code=00101019400 HTTP/1.1" 200 451
222.69.128.201 - - [25/Dec/2021:10:36:11 +0800] "GET /xingrg/kc/buy/cgsh_order_operate.html?command=get_materiel&rest_code=00149&code=00101007174&supplier_code=00100205&order_time=2021-12-25 HTTP/1.1" 200 397
101.80.229.199 - - [25/Dec/2021:10:36:15 +0800] "GET /xingrg/check_reg.html?_=1640399774488 HTTP/1.1" 200 22
114.85.125.222 - - [25/Dec/2021:10:36:16 +0800] "GET /xingrg/all/function/internal_message.html?_=1640399720783&CODE_STATE=getMsg HTTP/1.1" 200 27
116.227.210.113 - - [25/Dec/2021:10:36:17 +0800] "GET /xingrg/all/function/internal_message.html?_=1640399748010&CODE_STATE=getMsg HTTP/1.1" 200 27
58.221.95.50 - - [25/Dec/2021:10:36:17 +0800] "GET /xingrg/all/function/internal_message.html?_=1640399777109&CODE_STATE=getMsg HTTP/1.1" 200 27
116.238.208.177 - - [25/Dec/2021:10:36:17 +0800] "GET /xingrg/kc/base/wldb_order_operate.html?command=get_materiel&rest_code=00102&base_code=0010476&code=00101016001 HTTP/1.1" 200 457
61.170.234.223 - - [25/Dec/2021:10:36:23 +0800] "GET /xingrg/all/function/internal_message.html?_=1640399778708&CODE_STATE=getMsg HTTP/1.1" 200 27
222.69.128.201 - - [25/Dec/2021:10:36:29 +0800] "GET /xingrg/all/function/internal_message.html?_=1640399787258&CODE_STATE=getMsg HTTP/1.1" 200 27
222.69.128.201 - - [25/Dec/2021:10:36:29 +0800] "GET /xingrg/check_reg.html?_=1640399787351 HTTP/1.1" 200 22
222.69.128.201 - - [25/Dec/2021:10:36:29 +0800] "GET /xingrg/kc/buy/cgsh_order_operate.html?command=get_materiel&rest_code=00149&code=00101007077&supplier_code=00100205&order_time=2021-12-25 HTTP/1.1" 200 415
124.79.247.218 - - [25/Dec/2021:10:36:30 +0800] "GET /xingrg/all/function/internal_message.html?_=1640399814723&CODE_STATE=getMsg HTTP/1.1" 200 27
116.228.172.94 - - [25/Dec/2021:10:36:38 +0800] "GET /xingrg/all/function/internal_message.html?_=1640399791668&CODE_STATE=getMsg HTTP/1.1" 200 27
222.69.128.201 - - [25/Dec/2021:10:36:42 +0800] "POST /xingrg/kc/buy/cgsh_order_operate.html HTTP/1.1" 200 37
61.170.234.223 - - [25/Dec/2021:10:36:42 +0800] "GET /xingrg/login.html?r=1 HTTP/1.1" 200 7641
61.170.234.223 - - [25/Dec/2021:10:36:42 +0800] "GET /favicon.ico HTTP/1.1" 404 -
180.175.103.30 - - [25/Dec/2021:10:36:45 +0800] "GET /xingrg/all/function/internal_message.html?_=1640399805504&CODE_STATE=getMsg HTTP/1.1" 200 27
180.175.103.30 - - [25/Dec/2021:10:36:45 +0800] "GET /xingrg/check_reg.html?_=1640399805506 HTTP/1.1" 200 22
61.170.234.223 - - [25/Dec/2021:10:36:45 +0800] "POST /xingrg/login.do HTTP/1.1" 302 -
61.170.234.223 - - [25/Dec/2021:10:36:45 +0800] "GET /xingrg/index.html?sysBaseUrl=http%3A%2F%2F180.169.147.146%3A18081%2Fxingrg%2F&costTime=35×tamp=1640399805412 HTTP/1.1" 200 17173
61.170.234.223 - - [25/Dec/2021:10:36:45 +0800] "GET /favicon.ico HTTP/1.1" 404 -
61.170.234.223 - - [25/Dec/2021:10:36:45 +0800] "POST /xingrg/all/common/load_tree.html?tree=area_rest_tree_json&manage=1 HTTP/1.1" 200 342
61.170.234.223 - - [25/Dec/2021:10:36:45 +0800] "GET /xingrg/check_reg.html?_=1640399808109 HTTP/1.1" 200 22
61.170.234.223 - - [25/Dec/2021:10:36:45 +0800] "GET /xingrg/all/function/internal_message.html?_=1640399808107&CODE_STATE=count HTTP/1.1" 200 11
61.170.234.223 - - [25/Dec/2021:10:36:45 +0800] "POST /xingrg/load_menu.html HTTP/1.1" 200 5138
101.85.120.86 - - [25/Dec/2021:10:36:46 +0800] "GET /xingrg/all/function/internal_message.html?_=1640399804937&CODE_STATE=getMsg HTTP/1.1" 200 27
222.69.128.201 - - [25/Dec/2021:10:36:49 +0800] "POST /xingrg/kc/buy/cgsh_order_operate.html HTTP/1.1" 200 12
114.86.230.235 - - [25/Dec/2021:10:36:49 +0800] "GET /xingrg/all/function/internal_message.html?_=1640399808541&CODE_STATE=getMsg HTTP/1.1" 200 27
222.69.128.201 - - [25/Dec/2021:10:36:50 +0800] "GET /xingrg/kc/buy/cgsh_order_info.html?code=212021122510605 HTTP/1.1" 200 60209
222.69.128.201 - - [25/Dec/2021:10:36:51 +0800] "GET /xingrg/javascript/easyui/themes/default/validatebox.css HTTP/1.1" 404 1104
101.80.229.199 - - [25/Dec/2021:10:36:51 +0800] "GET /xingrg/all/function/internal_message.html?_=1640399811366&CODE_STATE=getMsg HTTP/1.1" 200 27
222.69.128.201 - - [25/Dec/2021:10:36:52 +0800] "POST /xingrg/kc/buy/cgsh_order_operate.html HTTP/1.1" 200 6529
222.69.128.201 - - [25/Dec/2021:10:36:53 +0800] "GET /xingrg/kc/print/load_data.html?order_code=212021122510605&kc_code=cgsh&condition= HTTP/1.1" 200 2943
124.77.245.186 - - [25/Dec/2021:10:36:55 +0800] "GET /xingrg/all/function/internal_message.html?_=1640399836094&CODE_STATE=getMsg HTTP/1.1" 200 27
116.238.208.177 - - [25/Dec/2021:10:36:55 +0800] "GET /xingrg/all/function/internal_message.html?_=1640399822749&CODE_STATE=getMsg HTTP/1.1" 200 27
116.238.208.177 - - [25/Dec/2021:10:36:57 +0800] "GET /xingrg/kc/base/wldb_order_operate.html?command=get_materiel&rest_code=00102&base_code=0010476&code=00101019222 HTTP/1.1" 200 453
222.70.176.97 - - [25/Dec/2021:10:36:57 +0800] "GET /xingrg/all/function/internal_message.html?_=1640399812313&CODE_STATE=getMsg HTTP/1.1" 200 27
61.170.234.223 - - [25/Dec/2021:10:36:58 +0800] "GET /xingrg/kc/base/base_main.html HTTP/1.1" 200 12142
61.170.234.223 - - [25/Dec/2021:10:36:59 +0800] "GET /xingrg/kc/base/wldb_order_list.html HTTP/1.1" 200 19060
61.170.234.223 - - [25/Dec/2021:10:37:00 +0800] "POST /xingrg/kc/base/wldb_list_operate.html HTTP/1.1" 200 928
222.69.128.201 - - [25/Dec/2021:10:37:00 +0800] "GET /xingrg/kc/buy/cgsh_order_add.html HTTP/1.1" 200 65302
180.175.103.30 - - [25/Dec/2021:10:37:00 +0800] "GET /xingrg/kc/base/wldb_order_list.html HTTP/1.1" 200 19060
222.69.128.201 - - [25/Dec/2021:10:37:01 +0800] "POST /xingrg/kc/buy/cgsh_order_operate.html HTTP/1.1" 200 8245
222.69.128.201 - - [25/Dec/2021:10:37:01 +0800] "GET /xingrg/javascript/easyui/themes/default/validatebox.css HTTP/1.1" 404 1104
180.175.103.30 - - [25/Dec/2021:10:37:01 +0800] "POST /xingrg/kc/base/wldb_list_operate.html HTTP/1.1" 200 928
180.175.103.30 - - [25/Dec/2021:10:37:02 +0800] "GET /xingrg/kc/base/wldb_order_add.html HTTP/1.1" 200 30274
180.175.103.30 - - [25/Dec/2021:10:37:02 +0800] "POST /xingrg/kc/base/wldb_order_operate.html HTTP/1.1" 200 6806
180.175.103.30 - - [25/Dec/2021:10:37:02 +0800] "GET /xingrg/all/common/auto_word.html?type=base&rest_code=00105 HTTP/1.1" 200 1907
180.175.103.30 - - [25/Dec/2021:10:37:02 +0800] "GET /xingrg/all/common/auto_word.html?type=base&rest_code=00105 HTTP/1.1" 200 1907
180.175.103.30 - - [25/Dec/2021:10:37:02 +0800] "GET /xingrg/javascript/easyui/themes/default/validatebox.css HTTP/1.1" 404 1104
180.175.103.30 - - [25/Dec/2021:10:37:03 +0800] "GET /xingrg/css/images/panel_loading.gif HTTP/1.1" 304 -
180.175.103.30 - - [25/Dec/2021:10:37:03 +0800] "POST /xingrg/all/common/load_combo.html?type=base HTTP/1.1" 200 3409
61.170.234.223 - - [25/Dec/2021:10:37:04 +0800] "GET /xingrg/kc/base/wldb_order_add.html HTTP/1.1" 200 30274
61.170.234.223 - - [25/Dec/2021:10:37:04 +0800] "POST /xingrg/kc/base/wldb_order_operate.html HTTP/1.1" 200 6806
61.170.234.223 - - [25/Dec/2021:10:37:04 +0800] "GET /xingrg/all/common/auto_word.html?type=base&rest_code=00106 HTTP/1.1" 200 1799
61.170.234.223 - - [25/Dec/2021:10:37:04 +0800] "GET /xingrg/all/common/auto_word.html?type=base&rest_code=00106 HTTP/1.1" 200 1799
61.170.234.223 - - [25/Dec/2021:10:37:04 +0800] "GET /xingrg/javascript/easyui/themes/default/validatebox.css HTTP/1.1" 404 1104
116.238.208.177 - - [25/Dec/2021:10:37:05 +0800] "GET /xingrg/kc/base/wldb_order_operate.html?command=get_materiel&rest_code=00102&base_code=0010476&code=00101019391 HTTP/1.1" 200 471
61.170.234.223 - - [25/Dec/2021:10:37:06 +0800] "POST /xingrg/all/common/load_combo.html?type=base HTTP/1.1" 200 3227
180.175.103.30 - - [25/Dec/2021:10:37:06 +0800] "GET /xingrg/javascript/auto/indicator.gif HTTP/1.1" 404 1066
180.175.103.30 - - [25/Dec/2021:10:37:08 +0800] "GET /xingrg/kc/base/wldb_order_operate.html?command=get_materiel&rest_code=00105&base_code=0010508&code=00102021018 HTTP/1.1" 200 446
114.88.159.28 - - [25/Dec/2021:10:37:08 +0800] "GET /xingrg/all/function/internal_message.html?_=1640399637556&CODE_STATE=getMsg HTTP/1.1" 200 27
180.157.251.97 - - [25/Dec/2021:10:37:09 +0800] "GET /favicon.ico HTTP/1.1" 404 -
61.170.234.223 - - [25/Dec/2021:10:37:11 +0800] "POST /xingrg/all/common/load_combo.html?type=base HTTP/1.1" 200 3227
114.85.125.222 - - [25/Dec/2021:10:37:16 +0800] "GET /xingrg/all/function/internal_message.html?_=1640399780790&CODE_STATE=getMsg HTTP/1.1" 200 27
116.227.210.113 - - [25/Dec/2021:10:37:17 +0800] "GET /xingrg/all/function/internal_message.html?_=1640399808009&CODE_STATE=getMsg HTTP/1.1" 200 27
58.221.95.50 - - [25/Dec/2021:10:37:17 +0800] "GET /xingrg/all/function/internal_message.html?_=1640399837099&CODE_STATE=getMsg HTTP/1.1" 200 27
116.238.208.177 - - [25/Dec/2021:10:37:19 +0800] "GET /xingrg/kc/base/wldb_order_operate.html?command=get_materiel&rest_code=00102&base_code=0010476&code=00101016029 HTTP/1.1" 200 460
61.170.234.223 - - [25/Dec/2021:10:37:23 +0800] "GET /xingrg/all/function/internal_message.html?_=1640399838687&CODE_STATE=getMsg HTTP/1.1" 200 27
222.69.128.201 - - [25/Dec/2021:10:37:29 +0800] "GET /xingrg/all/function/internal_message.html?_=1640399847241&CODE_STATE=getMsg HTTP/1.1" 200 27
124.79.247.218 - - [25/Dec/2021:10:37:30 +0800] "GET /xingrg/all/function/internal_message.html?_=1640399874733&CODE_STATE=getMsg HTTP/1.1" 200 27
116.238.208.177 - - [25/Dec/2021:10:37:34 +0800] "GET /xingrg/kc/base/wldb_order_operate.html?command=get_materiel&rest_code=00102&base_code=0010476&code=00101016044 HTTP/1.1" 200 463
116.228.172.94 - - [25/Dec/2021:10:37:38 +0800] "GET /xingrg/check_reg.html?_=1640399851091 HTTP/1.1" 200 22
61.170.234.223 - - [25/Dec/2021:10:37:38 +0800] "GET /xingrg/javascript/auto/indicator.gif HTTP/1.1" 404 1066
116.228.172.94 - - [25/Dec/2021:10:37:38 +0800] "GET /xingrg/all/function/internal_message.html?_=1640399851650&CODE_STATE=getMsg HTTP/1.1" 200 27
116.238.208.177 - - [25/Dec/2021:10:37:43 +0800] "GET /xingrg/kc/base/wldb_order_operate.html?command=get_materiel&rest_code=00102&base_code=0010476&code=00101019018 HTTP/1.1" 200 451
61.170.234.223 - - [25/Dec/2021:10:37:44 +0800] "GET /xingrg/kc/base/wldb_order_operate.html?command=get_materiel&rest_code=00106&base_code=0010396&code=00101016094 HTTP/1.1" 200 470
180.175.103.30 - - [25/Dec/2021:10:37:45 +0800] "GET /xingrg/all/function/internal_message.html?_=1640399865536&CODE_STATE=getMsg HTTP/1.1" 200 27
61.170.234.223 - - [25/Dec/2021:10:37:45 +0800] "GET /xingrg/all/function/internal_message.html?_=1640399868121&CODE_STATE=getMsg HTTP/1.1" 200 27
101.85.120.86 - - [25/Dec/2021:10:37:46 +0800] "GET /xingrg/all/function/internal_message.html?_=1640399864938&CODE_STATE=getMsg HTTP/1.1" 200 27
116.238.208.177 - - [25/Dec/2021:10:37:47 +0800] "GET /xingrg/check_reg.html?_=1640399874523 HTTP/1.1" 200 22
114.86.230.235 - - [25/Dec/2021:10:37:49 +0800] "GET /xingrg/all/function/internal_message.html?_=1640399868550&CODE_STATE=getMsg HTTP/1.1" 200 27
101.80.229.199 - - [25/Dec/2021:10:37:51 +0800] "GET /xingrg/all/function/internal_message.html?_=1640399871337&CODE_STATE=getMsg HTTP/1.1" 200 27
116.238.208.177 - - [25/Dec/2021:10:37:54 +0800] "GET /xingrg/kc/base/wldb_order_operate.html?command=get_materiel&rest_code=00102&base_code=0010476&code=00101016020 HTTP/1.1" 200 446
124.77.245.186 - - [25/Dec/2021:10:37:55 +0800] "GET /xingrg/all/function/internal_message.html?_=1640399896482&CODE_STATE=getMsg HTTP/1.1" 200 27
116.238.208.177 - - [25/Dec/2021:10:37:56 +0800] "GET /xingrg/all/function/internal_message.html?_=1640399883265&CODE_STATE=getMsg HTTP/1.1" 200 27
222.70.176.97 - - [25/Dec/2021:10:37:57 +0800] "GET /xingrg/all/function/internal_message.html?_=1640399872298&CODE_STATE=getMsg HTTP/1.1" 200 27
222.69.128.201 - - [25/Dec/2021:10:38:00 +0800] "GET /xingrg/kc/buy/cgsh_order_operate.html?command=get_materiel&rest_code=00149&code=00101006129&supplier_code=00100012&order_time=2021-12-25 HTTP/1.1" 200 431
61.170.234.223 - - [25/Dec/2021:10:38:01 +0800] "GET /xingrg/kc/base/wldb_order_operate.html?command=get_materiel&rest_code=00106&base_code=0010396&code=00101016044 HTTP/1.1" 200 466
116.238.208.177 - - [25/Dec/2021:10:38:02 +0800] "GET /xingrg/kc/base/wldb_order_operate.html?command=get_materiel&rest_code=00102&base_code=0010476&code=00101019071 HTTP/1.1" 200 455
114.88.159.28 - - [25/Dec/2021:10:38:08 +0800] "GET /xingrg/all/function/internal_message.html?_=1640399697556&CODE_STATE=getMsg HTTP/1.1" 200 27
116.238.208.177 - - [25/Dec/2021:10:38:09 +0800] "GET /xingrg/kc/base/wldb_order_operate.html?command=get_materiel&rest_code=00102&base_code=0010476&code=00101013076 HTTP/1.1" 200 440
222.69.128.201 - - [25/Dec/2021:10:38:11 +0800] "GET /xingrg/kc/buy/cgsh_order_operate.html?command=get_materiel&rest_code=00149&code=00101006111&supplier_code=00100012&order_time=2021-12-25 HTTP/1.1" 200 409
114.85.125.222 - - [25/Dec/2021:10:38:15 +0800] "GET /xingrg/check_reg.html?_=1640399840466 HTTP/1.1" 200 22
114.85.125.222 - - [25/Dec/2021:10:38:16 +0800] "GET /xingrg/all/function/internal_message.html?_=1640399840805&CODE_STATE=getMsg HTTP/1.1" 200 27
116.238.208.177 - - [25/Dec/2021:10:38:16 +0800] "GET /xingrg/kc/base/wldb_order_operate.html?command=get_materiel&rest_code=00102&base_code=0010476&code=00101019253 HTTP/1.1" 200 467
116.227.210.113 - - [25/Dec/2021:10:38:17 +0800] "GET /xingrg/all/function/internal_message.html?_=1640399868006&CODE_STATE=getMsg HTTP/1.1" 200 27
58.221.95.50 - - [25/Dec/2021:10:38:17 +0800] "GET /xingrg/all/function/internal_message.html?_=1640399897106&CODE_STATE=getMsg HTTP/1.1" 200 27
124.79.247.218 - - [25/Dec/2021:10:38:18 +0800] "GET /xingrg/javascript/easyui/themes/default/images/button_plain_hover.png HTTP/1.1" 304 -
222.69.128.201 - - [25/Dec/2021:10:38:18 +0800] "GET /xingrg/kc/buy/cgsh_order_operate.html?command=get_materiel&rest_code=00149&code=00101006109&supplier_code=00100012&order_time=2021-12-25 HTTP/1.1" 200 409
124.79.247.218 - - [25/Dec/2021:10:38:18 +0800] "GET /xingrg/javascript/easyui/themes/default/images/button_plain_hover.png HTTP/1.1" 304 -
124.79.247.218 - - [25/Dec/2021:10:38:18 +0800] "GET /xingrg/javascript/easyui/themes/default/images/button_plain_hover.png HTTP/1.1" 304 -
124.79.247.218 - - [25/Dec/2021:10:38:22 +0800] "POST /xingrg/kc/buy/cgsh_order_operate.html HTTP/1.1" 200 37
61.170.234.223 - - [25/Dec/2021:10:38:23 +0800] "GET /xingrg/all/function/internal_message.html?_=1640399898668&CODE_STATE=getMsg HTTP/1.1" 200 27
124.79.247.218 - - [25/Dec/2021:10:38:23 +0800] "POST /xingrg/kc/buy/cgsh_order_operate.html HTTP/1.1" 200 36946
116.238.208.177 - - [25/Dec/2021:10:38:24 +0800] "POST /xingrg/kc/base/wldb_order_operate.html HTTP/1.1" 200 37
116.238.208.177 - - [25/Dec/2021:10:38:25 +0800] "POST /xingrg/kc/base/wldb_order_operate.html HTTP/1.1" 200 8661
61.170.234.223 - - [25/Dec/2021:10:38:26 +0800] "GET /xingrg/kc/base/wldb_order_operate.html?command=get_materiel&rest_code=00106&base_code=0010396&code=00101016083 HTTP/1.1" 200 450
222.69.128.201 - - [25/Dec/2021:10:38:28 +0800] "GET /xingrg/kc/buy/cgsh_order_operate.html?command=get_materiel&rest_code=00149&code=00101006055&supplier_code=00100012&order_time=2021-12-25 HTTP/1.1" 200 409
124.79.247.218 - - [25/Dec/2021:10:38:28 +0800] "GET /xingrg/check_reg.html?_=1640399933160 HTTP/1.1" 200 22
222.69.128.201 - - [25/Dec/2021:10:38:29 +0800] "GET /xingrg/all/function/internal_message.html?_=1640399907216&CODE_STATE=getMsg HTTP/1.1" 200 27
124.79.247.218 - - [25/Dec/2021:10:38:30 +0800] "GET /xingrg/all/function/internal_message.html?_=1640399934746&CODE_STATE=getMsg HTTP/1.1" 200 27
116.238.208.177 - - [25/Dec/2021:10:38:32 +0800] "GET /xingrg/kc/base/wldb_order_info.html?code=422021122502614 HTTP/1.1" 200 30285
116.238.208.177 - - [25/Dec/2021:10:38:35 +0800] "POST /xingrg/kc/base/wldb_order_operate.html HTTP/1.1" 200 8661
116.238.208.177 - - [25/Dec/2021:10:38:36 +0800] "GET /xingrg/javascript/easyui/themes/default/validatebox.css HTTP/1.1" 404 1104
116.228.172.94 - - [25/Dec/2021:10:38:38 +0800] "GET /xingrg/all/function/internal_message.html?_=1640399911629&CODE_STATE=getMsg HTTP/1.1" 200 27
120.253.135.82 - - [25/Dec/2021:10:38:44 +0800] "GET /xingrg/check_reg.html?_=1640399704525 HTTP/1.1" 200 22
180.175.103.30 - - [25/Dec/2021:10:38:45 +0800] "GET /xingrg/all/function/internal_message.html?_=1640399925523&CODE_STATE=getMsg HTTP/1.1" 200 27
61.170.234.223 - - [25/Dec/2021:10:38:45 +0800] "GET /xingrg/kc/base/wldb_order_operate.html?command=get_materiel&rest_code=00106&base_code=0010396&code=00101019185 HTTP/1.1" 200 455
61.170.234.223 - - [25/Dec/2021:10:38:45 +0800] "GET /xingrg/all/function/internal_message.html?_=1640399928116&CODE_STATE=getMsg HTTP/1.1" 200 27
101.85.120.86 - - [25/Dec/2021:10:38:46 +0800] "GET /xingrg/all/function/internal_message.html?_=1640399924939&CODE_STATE=getMsg HTTP/1.1" 200 27
222.69.128.201 - - [25/Dec/2021:10:38:46 +0800] "GET /xingrg/kc/buy/cgsh_order_operate.html?command=get_materiel&rest_code=00149&code=00101006293&supplier_code=00100012&order_time=2021-12-25 HTTP/1.1" 200 416
114.86.230.235 - - [25/Dec/2021:10:38:49 +0800] "GET /xingrg/all/function/internal_message.html?_=1640399928546&CODE_STATE=getMsg HTTP/1.1" 200 27
101.80.229.199 - - [25/Dec/2021:10:38:51 +0800] "GET /xingrg/all/function/internal_message.html?_=1640399931308&CODE_STATE=getMsg HTTP/1.1" 200 27
116.238.208.177 - - [25/Dec/2021:10:38:56 +0800] "GET /xingrg/all/function/internal_message.html?_=1640399943275&CODE_STATE=getMsg HTTP/1.1" 200 27
124.77.245.186 - - [25/Dec/2021:10:38:56 +0800] "GET /xingrg/all/function/internal_message.html?_=1640399956495&CODE_STATE=getMsg HTTP/1.1" 200 27
222.70.176.97 - - [25/Dec/2021:10:38:57 +0800] "GET /xingrg/all/function/internal_message.html?_=1640399932312&CODE_STATE=getMsg HTTP/1.1" 200 27
222.70.176.97 - - [25/Dec/2021:10:38:57 +0800] "GET /xingrg/check_reg.html?_=1640399932314 HTTP/1.1" 200 22
61.170.234.223 - - [25/Dec/2021:10:38:58 +0800] "GET /xingrg/kc/base/wldb_order_operate.html?command=get_materiel&rest_code=00106&base_code=0010396&code=00101019258 HTTP/1.1" 200 469
222.69.128.201 - - [25/Dec/2021:10:39:01 +0800] "GET /xingrg/kc/buy/cgsh_order_operate.html?command=get_materiel&rest_code=00149&code=00101006184&supplier_code=00100012&order_time=2021-12-25 HTTP/1.1" 200 408
114.88.159.28 - - [25/Dec/2021:10:39:08 +0800] "GET /xingrg/all/function/internal_message.html?_=1640399757575&CODE_STATE=getMsg HTTP/1.1" 200 27
61.170.234.223 - - [25/Dec/2021:10:39:09 +0800] "GET /xingrg/kc/base/wldb_order_operate.html?command=get_materiel&rest_code=00106&base_code=0010396&code=00101016001 HTTP/1.1" 200 458
61.151.178.217 - - [25/Dec/2021:10:39:13 +0800] "GET /xingrg/kc/buy/cgsh_order_operate.html?command=get_materiel&rest_code=00106&code=00101008041&supplier_code=00100007&order_time=2021-12-25 HTTP/1.1" 302 -
116.238.208.177 - - [25/Dec/2021:10:39:13 +0800] "POST /xingrg/kc/base/wldb_order_operate.html HTTP/1.1" 200 37
61.151.178.217 - - [25/Dec/2021:10:39:14 +0800] "GET /xingrg/login.html HTTP/1.1" 200 7641
116.238.208.177 - - [25/Dec/2021:10:39:15 +0800] "POST /xingrg/kc/base/wldb_order_operate.html HTTP/1.1" 200 12
116.238.208.177 - - [25/Dec/2021:10:39:15 +0800] "POST /xingrg/kc/base/wldb_order_operate.html HTTP/1.1" 200 8660
114.85.125.222 - - [25/Dec/2021:10:39:16 +0800] "GET /xingrg/all/function/internal_message.html?_=1640399900818&CODE_STATE=getMsg HTTP/1.1" 200 27
116.227.210.113 - - [25/Dec/2021:10:39:17 +0800] "GET /xingrg/all/function/internal_message.html?_=1640399928007&CODE_STATE=getMsg HTTP/1.1" 200 27
58.221.95.50 - - [25/Dec/2021:10:39:17 +0800] "GET /xingrg/all/function/internal_message.html?_=1640399957138&CODE_STATE=getMsg HTTP/1.1" 200 27
58.221.95.50 - - [25/Dec/2021:10:39:17 +0800] "GET /xingrg/check_reg.html?_=1640399957146 HTTP/1.1" 200 22
222.69.128.201 - - [25/Dec/2021:10:39:18 +0800] "GET /xingrg/kc/buy/cgsh_order_operate.html?command=get_materiel&rest_code=00149&code=00101006128&supplier_code=00100012&order_time=2021-12-25 HTTP/1.1" 200 427
116.238.208.177 - - [25/Dec/2021:10:39:19 +0800] "GET /xingrg/kc/base/wldb_order_info.html?code=422021122502614 HTTP/1.1" 200 26147
61.170.234.223 - - [25/Dec/2021:10:39:23 +0800] "GET /xingrg/all/function/internal_message.html?_=1640399958641&CODE_STATE=getMsg HTTP/1.1" 200 27
116.238.208.177 - - [25/Dec/2021:10:39:23 +0800] "POST /xingrg/kc/base/wldb_order_operate.html HTTP/1.1" 200 6794
116.238.208.177 - - [25/Dec/2021:10:39:23 +0800] "GET /xingrg/javascript/easyui/themes/default/validatebox.css HTTP/1.1" 404 1104
61.170.234.223 - - [25/Dec/2021:10:39:23 +0800] "GET /xingrg/kc/base/wldb_order_operate.html?command=get_materiel&rest_code=00106&base_code=0010396&code=00101019391 HTTP/1.1" 200 471
222.69.128.201 - - [25/Dec/2021:10:39:29 +0800] "GET /xingrg/all/function/internal_message.html?_=1640399967200&CODE_STATE=getMsg HTTP/1.1" 200 27
124.79.247.218 - - [25/Dec/2021:10:39:30 +0800] "GET /xingrg/all/function/internal_message.html?_=1640399994761&CODE_STATE=getMsg HTTP/1.1" 200 27
116.238.208.177 - - [25/Dec/2021:10:39:38 +0800] "GET /xingrg/kc/base/wldb_order_add.html HTTP/1.1" 200 30270
116.228.172.94 - - [25/Dec/2021:10:39:38 +0800] "GET /xingrg/all/function/internal_message.html?_=1640399971608&CODE_STATE=getMsg HTTP/1.1" 200 27
61.170.234.223 - - [25/Dec/2021:10:39:39 +0800] "GET /xingrg/kc/base/wldb_order_operate.html?command=get_materiel&rest_code=00106&base_code=0010396&code=00101019133 HTTP/1.1" 200 466
116.238.208.177 - - [25/Dec/2021:10:39:40 +0800] "POST /xingrg/kc/base/wldb_order_operate.html HTTP/1.1" 200 6806
61.151.178.164 - - [25/Dec/2021:10:39:41 +0800] "GET /xingrg/kc/buy/cgsh_order_operate.html?command=get_materiel&rest_code=00106&code=00101008141&supplier_code=00100007&order_time=2021-12-25 HTTP/1.1" 302 -
61.151.178.164 - - [25/Dec/2021:10:39:41 +0800] "GET /xingrg/login.html HTTP/1.1" 200 7641
116.238.208.177 - - [25/Dec/2021:10:39:41 +0800] "GET /xingrg/javascript/easyui/themes/default/validatebox.css HTTP/1.1" 404 1104
116.238.208.177 - - [25/Dec/2021:10:39:41 +0800] "POST /xingrg/all/common/load_combo.html?type=base HTTP/1.1" 200 3145
116.238.208.177 - - [25/Dec/2021:10:39:44 +0800] "POST /xingrg/all/common/load_combo.html?type=base HTTP/1.1" 200 3145
180.175.103.30 - - [25/Dec/2021:10:39:45 +0800] "GET /xingrg/all/function/internal_message.html?_=1640399985525&CODE_STATE=getMsg HTTP/1.1" 200 27
61.151.178.164 - - [25/Dec/2021:10:39:45 +0800] "GET /xingrg/kc/buy/cgsh_order_operate.html?command=get_materiel&rest_code=00106&code=00101008439&supplier_code=00100007&order_time=2021-12-25 HTTP/1.1" 302 -
61.170.234.223 - - [25/Dec/2021:10:39:45 +0800] "GET /xingrg/all/function/internal_message.html?_=1640399988111&CODE_STATE=getMsg HTTP/1.1" 200 27
101.85.120.86 - - [25/Dec/2021:10:39:46 +0800] "GET /xingrg/all/function/internal_message.html?_=1640399984937&CODE_STATE=getMsg HTTP/1.1" 200 27
101.85.120.86 - - [25/Dec/2021:10:39:46 +0800] "GET /xingrg/check_reg.html?_=1640399984933 HTTP/1.1" 200 22
61.151.178.164 - - [25/Dec/2021:10:39:46 +0800] "GET /xingrg/login.html HTTP/1.1" 200 7641
114.86.230.235 - - [25/Dec/2021:10:39:49 +0800] "GET /xingrg/all/function/internal_message.html?_=1640399988549&CODE_STATE=getMsg HTTP/1.1" 200 27
101.80.229.199 - - [25/Dec/2021:10:39:51 +0800] "GET /xingrg/all/function/internal_message.html?_=1640399991278&CODE_STATE=getMsg HTTP/1.1" 200 27
222.69.128.201 - - [25/Dec/2021:10:39:53 +0800] "POST /xingrg/kc/buy/cgsh_order_operate.html HTTP/1.1" 200 37
124.77.245.186 - - [25/Dec/2021:10:39:56 +0800] "GET /xingrg/all/function/internal_message.html?_=1640400016899&CODE_STATE=getMsg HTTP/1.1" 200 27
116.238.208.177 - - [25/Dec/2021:10:39:56 +0800] "GET /xingrg/all/function/internal_message.html?_=1640400004020&CODE_STATE=getMsg HTTP/1.1" 200 27
222.70.176.97 - - [25/Dec/2021:10:39:57 +0800] "GET /xingrg/all/function/internal_message.html?_=1640399992299&CODE_STATE=getMsg HTTP/1.1" 200 27
222.69.128.201 - - [25/Dec/2021:10:39:57 +0800] "POST /xingrg/kc/buy/cgsh_order_operate.html HTTP/1.1" 200 12
116.238.208.177 - - [25/Dec/2021:10:39:57 +0800] "GET /xingrg/kc/base/wldb_order_operate.html?command=get_materiel&rest_code=00102&base_code=0010476&code=00101019184 HTTP/1.1" 200 444
222.69.128.201 - - [25/Dec/2021:10:39:59 +0800] "GET /xingrg/kc/buy/cgsh_order_info.html?code=212021122510606 HTTP/1.1" 200 60211
