180.169.147.146 - - [24/Dec/2021:09:45:55 +0800] "GET /xingrg/all/function/internal_message.html?_=1640310356246&CODE_STATE=getMsg HTTP/1.1" 200 27
114.88.159.28 - - [24/Dec/2021:09:45:58 +0800] "POST /xingrg/kc/buy/cgsh_order_operate.html HTTP/1.1" 200 12
222.70.176.97 - - [24/Dec/2021:09:45:58 +0800] "GET /xingrg/all/function/internal_message.html?_=1640310354674&CODE_STATE=getMsg HTTP/1.1" 200 27
114.88.159.28 - - [24/Dec/2021:09:45:58 +0800] "GET /xingrg/kc/buy/cgsh_order_info.html?code=212021122410020 HTTP/1.1" 200 60164
124.79.245.255 - - [24/Dec/2021:09:45:58 +0800] "POST /xingrg/services/DataTransmitService HTTP/1.1" 200 524
114.88.159.28 - - [24/Dec/2021:09:45:58 +0800] "GET /xingrg/javascript/easyui/themes/default/validatebox.css HTTP/1.1" 404 1104
114.88.159.28 - - [24/Dec/2021:09:45:59 +0800] "POST /xingrg/kc/buy/cgsh_order_operate.html HTTP/1.1" 200 1192
114.85.125.222 - - [24/Dec/2021:09:46:01 +0800] "GET /xingrg/all/function/internal_message.html?_=1640310307306&CODE_STATE=getMsg HTTP/1.1" 200 27
116.227.210.113 - - [24/Dec/2021:09:46:01 +0800] "GET /xingrg/all/function/internal_message.html?_=1640310334655&CODE_STATE=getMsg HTTP/1.1" 200 27
180.175.103.30 - - [24/Dec/2021:09:46:03 +0800] "GET /xingrg/kc/buy/cgsh_order_operate.html?command=get_materiel&rest_code=00105&code=00101008650&supplier_code=00100203&order_time=2021-12-24 HTTP/1.1" 200 398
114.88.159.28 - - [24/Dec/2021:09:46:03 +0800] "GET /xingrg/kc/print/load_data.html?order_code=212021122410020&kc_code=cgsh&condition= HTTP/1.1" 200 1006
101.80.229.199 - - [24/Dec/2021:09:46:04 +0800] "GET /xingrg/all/function/internal_message.html?_=1640310364786&CODE_STATE=getMsg HTTP/1.1" 200 27
114.88.159.28 - - [24/Dec/2021:09:46:07 +0800] "GET /xingrg/kc/buy/cgsh_order_add.html HTTP/1.1" 200 65255
114.88.159.28 - - [24/Dec/2021:09:46:08 +0800] "POST /xingrg/kc/buy/cgsh_order_operate.html HTTP/1.1" 200 8245
114.88.159.28 - - [24/Dec/2021:09:46:08 +0800] "GET /xingrg/javascript/easyui/themes/default/validatebox.css HTTP/1.1" 404 1104
124.79.245.255 - - [24/Dec/2021:09:46:10 +0800] "GET /xingrg/all/function/internal_message.html?_=1640310394578&CODE_STATE=getMsg HTTP/1.1" 200 27
116.238.208.177 - - [24/Dec/2021:09:46:12 +0800] "GET /xingrg/all/function/internal_message.html?_=1640310379760&CODE_STATE=getMsg HTTP/1.1" 200 27
114.88.159.28 - - [24/Dec/2021:09:46:15 +0800] "GET /xingrg/kc/buy/cgsh_order_operate.html?command=get_materiel&rest_code=00141&code=00101008091&supplier_code=00100040&order_time=2021-12-24 HTTP/1.1" 200 413
172.20.0.100 - - [24/Dec/2021:09:46:16 +0800] "GET /xingrg/all/function/internal_message.html?_=1640310375144&CODE_STATE=getMsg HTTP/1.1" 200 27
180.175.103.30 - - [24/Dec/2021:09:46:18 +0800] "GET /xingrg/kc/buy/cgsh_order_operate.html?command=get_materiel&rest_code=00105&code=00101008478&supplier_code=00100203&order_time=2021-12-24 HTTP/1.1" 200 398
180.169.147.146 - - [24/Dec/2021:09:46:18 +0800] "GET /xingrg/all/function/internal_message.html?_=1640310377118&CODE_STATE=getMsg HTTP/1.1" 200 27
116.238.248.233 - - [24/Dec/2021:09:46:20 +0800] "GET /xingrg/all/function/internal_message.html?_=1640310380960&CODE_STATE=getMsg HTTP/1.1" 200 27
114.88.159.28 - - [24/Dec/2021:09:46:22 +0800] "GET /xingrg/kc/buy/cgsh_order_operate.html?command=get_materiel&rest_code=00141&code=00101008261&supplier_code=00100040&order_time=2021-12-24 HTTP/1.1" 200 408
124.77.245.186 - - [24/Dec/2021:09:46:23 +0800] "GET /xingrg/all/function/internal_message.html?_=1640310400258&CODE_STATE=getMsg HTTP/1.1" 200 27
114.88.159.28 - - [24/Dec/2021:09:46:23 +0800] "GET /xingrg/all/function/internal_message.html?_=1640310193600&CODE_STATE=getMsg HTTP/1.1" 200 27
180.169.147.146 - - [24/Dec/2021:09:46:27 +0800] "GET /xingrg/all/function/internal_message.html?_=1640310395376&CODE_STATE=getMsg HTTP/1.1" 200 27
124.79.245.255 - - [24/Dec/2021:09:46:27 +0800] "GET /xingrg/all/function/internal_message.html?_=1640310512726&CODE_STATE=getMsg HTTP/1.1" 302 -
120.253.135.82 - - [24/Dec/2021:09:46:28 +0800] "GET /xingrg/all/function/internal_message.html?_=1640310169230&CODE_STATE=getMsg HTTP/1.1" 200 27
114.88.159.28 - - [24/Dec/2021:09:46:28 +0800] "GET /xingrg/kc/buy/cgsh_order_operate.html?command=get_materiel&rest_code=00141&code=00101008354&supplier_code=00100040&order_time=2021-12-24 HTTP/1.1" 200 413
180.157.251.97 - - [24/Dec/2021:09:46:35 +0800] "GET /xingrg/all/function/internal_message.html?_=1640310395006&CODE_STATE=getMsg HTTP/1.1" 200 27
180.175.103.30 - - [24/Dec/2021:09:46:38 +0800] "GET /xingrg/kc/buy/cgsh_order_operate.html?command=get_materiel&rest_code=00105&code=00101016082&supplier_code=00100203&order_time=2021-12-24 HTTP/1.1" 200 408
114.88.159.28 - - [24/Dec/2021:09:46:40 +0800] "GET /xingrg/kc/buy/cgsh_order_operate.html?command=get_materiel&rest_code=00141&code=00101008612&supplier_code=00100040&order_time=2021-12-24 HTTP/1.1" 200 406
114.88.159.28 - - [24/Dec/2021:09:46:47 +0800] "GET /xingrg/kc/buy/cgsh_order_operate.html?command=get_materiel&rest_code=00141&code=00101008010&supplier_code=00100040&order_time=2021-12-24 HTTP/1.1" 200 412
180.175.103.30 - - [24/Dec/2021:09:46:50 +0800] "GET /xingrg/kc/buy/cgsh_order_operate.html?command=get_materiel&rest_code=00105&code=00101015136&supplier_code=00100203&order_time=2021-12-24 HTTP/1.1" 200 399
222.69.131.239 - - [24/Dec/2021:09:46:53 +0800] "GET /xingrg/all/function/internal_message.html?_=1640310411110&CODE_STATE=getMsg HTTP/1.1" 200 27
180.175.103.30 - - [24/Dec/2021:09:46:54 +0800] "GET /xingrg/all/function/internal_message.html?_=1640310414080&CODE_STATE=getMsg HTTP/1.1" 200 27
114.88.159.28 - - [24/Dec/2021:09:46:55 +0800] "GET /xingrg/kc/buy/cgsh_order_operate.html?command=get_materiel&rest_code=00141&code=00101008096&supplier_code=00100040&order_time=2021-12-24 HTTP/1.1" 200 412
180.169.147.146 - - [24/Dec/2021:09:46:55 +0800] "GET /xingrg/all/function/internal_message.html?_=1640310416250&CODE_STATE=getMsg HTTP/1.1" 200 27
222.70.176.97 - - [24/Dec/2021:09:46:58 +0800] "GET /xingrg/all/function/internal_message.html?_=1640310414674&CODE_STATE=getMsg HTTP/1.1" 200 27
114.85.125.222 - - [24/Dec/2021:09:47:00 +0800] "GET /xingrg/check_reg.html?_=1640310367066 HTTP/1.1" 200 22
114.85.125.222 - - [24/Dec/2021:09:47:01 +0800] "GET /xingrg/all/function/internal_message.html?_=1640310367319&CODE_STATE=getMsg HTTP/1.1" 200 27
116.227.210.113 - - [24/Dec/2021:09:47:01 +0800] "GET /xingrg/all/function/internal_message.html?_=1640310394642&CODE_STATE=getMsg HTTP/1.1" 200 27
114.88.159.28 - - [24/Dec/2021:09:47:02 +0800] "GET /xingrg/kc/buy/cgsh_order_operate.html?command=get_materiel&rest_code=00141&code=00101008038&supplier_code=00100040&order_time=2021-12-24 HTTP/1.1" 200 412
101.80.229.199 - - [24/Dec/2021:09:47:04 +0800] "GET /xingrg/all/function/internal_message.html?_=1640310424789&CODE_STATE=getMsg HTTP/1.1" 200 27
114.88.159.28 - - [24/Dec/2021:09:47:08 +0800] "GET /xingrg/kc/buy/cgsh_order_operate.html?command=get_materiel&rest_code=00141&code=00101008199&supplier_code=00100040&order_time=2021-12-24 HTTP/1.1" 200 408
124.79.245.255 - - [24/Dec/2021:09:47:10 +0800] "GET /xingrg/all/function/internal_message.html?_=1640310454586&CODE_STATE=getMsg HTTP/1.1" 200 27
116.238.208.177 - - [24/Dec/2021:09:47:12 +0800] "GET /xingrg/all/function/internal_message.html?_=1640310439774&CODE_STATE=getMsg HTTP/1.1" 200 27
172.20.0.100 - - [24/Dec/2021:09:47:16 +0800] "GET /xingrg/all/function/internal_message.html?_=1640310435148&CODE_STATE=getMsg HTTP/1.1" 200 27
172.20.0.100 - - [24/Dec/2021:09:47:16 +0800] "GET /xingrg/check_reg.html?_=1640310435155 HTTP/1.1" 200 22
114.88.159.28 - - [24/Dec/2021:09:47:16 +0800] "GET /xingrg/kc/buy/cgsh_order_operate.html?command=get_materiel&rest_code=00141&code=00101008562&supplier_code=00100040&order_time=2021-12-24 HTTP/1.1" 200 397
180.169.147.146 - - [24/Dec/2021:09:47:18 +0800] "GET /xingrg/all/function/internal_message.html?_=1640310437111&CODE_STATE=getMsg HTTP/1.1" 200 27
116.238.248.233 - - [24/Dec/2021:09:47:20 +0800] "GET /xingrg/all/function/internal_message.html?_=1640310440997&CODE_STATE=getMsg HTTP/1.1" 200 27
124.77.245.186 - - [24/Dec/2021:09:47:23 +0800] "GET /xingrg/all/function/internal_message.html?_=1640310460267&CODE_STATE=getMsg HTTP/1.1" 200 27
114.88.159.28 - - [24/Dec/2021:09:47:23 +0800] "GET /xingrg/kc/buy/cgsh_order_operate.html?command=get_materiel&rest_code=00141&code=00101008356&supplier_code=00100040&order_time=2021-12-24 HTTP/1.1" 200 408
180.157.251.97 - - [24/Dec/2021:09:47:23 +0800] "GET /xingrg/check_reg.html?_=1640310443641 HTTP/1.1" 200 22
114.88.159.28 - - [24/Dec/2021:09:47:23 +0800] "GET /xingrg/all/function/internal_message.html?_=1640310253660&CODE_STATE=getMsg HTTP/1.1" 200 27
180.169.147.146 - - [24/Dec/2021:09:47:27 +0800] "GET /xingrg/all/function/internal_message.html?_=1640310455379&CODE_STATE=getMsg HTTP/1.1" 200 27
124.79.245.255 - - [24/Dec/2021:09:47:27 +0800] "GET /xingrg/all/function/internal_message.html?_=1640310572724&CODE_STATE=getMsg HTTP/1.1" 302 -
120.253.135.82 - - [24/Dec/2021:09:47:28 +0800] "GET /xingrg/all/function/internal_message.html?_=1640310229371&CODE_STATE=getMsg HTTP/1.1" 200 27
114.88.159.28 - - [24/Dec/2021:09:47:33 +0800] "GET /xingrg/kc/buy/cgsh_order_operate.html?command=get_materiel&rest_code=00141&code=00101008137&supplier_code=00100040&order_time=2021-12-24 HTTP/1.1" 200 408
180.157.251.97 - - [24/Dec/2021:09:47:35 +0800] "GET /xingrg/all/function/internal_message.html?_=1640310455004&CODE_STATE=getMsg HTTP/1.1" 200 27
114.88.159.28 - - [24/Dec/2021:09:47:40 +0800] "GET /xingrg/kc/buy/cgsh_order_operate.html?command=get_materiel&rest_code=00141&code=00101008357&supplier_code=00100040&order_time=2021-12-24 HTTP/1.1" 200 408
114.88.159.28 - - [24/Dec/2021:09:47:50 +0800] "GET /xingrg/kc/buy/cgsh_order_operate.html?command=get_materiel&rest_code=00141&code=00101008069&supplier_code=00100040&order_time=2021-12-24 HTTP/1.1" 200 412
222.69.131.239 - - [24/Dec/2021:09:47:53 +0800] "GET /xingrg/all/function/internal_message.html?_=1640310471123&CODE_STATE=getMsg HTTP/1.1" 200 27
180.175.103.30 - - [24/Dec/2021:09:47:54 +0800] "GET /xingrg/all/function/internal_message.html?_=1640310474097&CODE_STATE=getMsg HTTP/1.1" 200 27
180.169.147.146 - - [24/Dec/2021:09:47:55 +0800] "GET /xingrg/check_reg.html?_=1640310476236 HTTP/1.1" 200 22
180.169.147.146 - - [24/Dec/2021:09:47:55 +0800] "GET /xingrg/all/function/internal_message.html?_=1640310476238&CODE_STATE=getMsg HTTP/1.1" 200 27
222.70.176.97 - - [24/Dec/2021:09:47:58 +0800] "GET /xingrg/check_reg.html?_=1640310474689 HTTP/1.1" 200 22
222.70.176.97 - - [24/Dec/2021:09:47:58 +0800] "GET /xingrg/all/function/internal_message.html?_=1640310474688&CODE_STATE=getMsg HTTP/1.1" 200 27
180.175.103.30 - - [24/Dec/2021:09:47:59 +0800] "GET /xingrg/kc/buy/cgsh_order_operate.html?command=get_materiel&rest_code=00105&code=00101008271&supplier_code=00100203&order_time=2021-12-24 HTTP/1.1" 200 408
114.85.125.222 - - [24/Dec/2021:09:48:01 +0800] "GET /xingrg/all/function/internal_message.html?_=1640310427334&CODE_STATE=getMsg HTTP/1.1" 200 27
116.227.210.113 - - [24/Dec/2021:09:48:01 +0800] "GET /xingrg/all/function/internal_message.html?_=1640310454659&CODE_STATE=getMsg HTTP/1.1" 200 27
180.175.103.30 - - [24/Dec/2021:09:48:03 +0800] "POST /xingrg/kc/buy/cgsh_order_operate.html HTTP/1.1" 200 2065
180.175.103.30 - - [24/Dec/2021:09:48:04 +0800] "POST /xingrg/kc/buy/cgsh_order_operate.html HTTP/1.1" 200 2065
101.80.229.199 - - [24/Dec/2021:09:48:04 +0800] "GET /xingrg/all/function/internal_message.html?_=1640310484791&CODE_STATE=getMsg HTTP/1.1" 200 27
180.175.103.30 - - [24/Dec/2021:09:48:05 +0800] "POST /xingrg/kc/buy/cgsh_order_operate.html HTTP/1.1" 200 2065
124.79.245.255 - - [24/Dec/2021:09:48:10 +0800] "GET /xingrg/check_reg.html?_=1640310513906 HTTP/1.1" 200 22
124.79.245.255 - - [24/Dec/2021:09:48:10 +0800] "GET /xingrg/all/function/internal_message.html?_=1640310514600&CODE_STATE=getMsg HTTP/1.1" 200 27
114.88.159.28 - - [24/Dec/2021:09:48:12 +0800] "GET /xingrg/kc/buy/cgsh_order_operate.html?command=get_materiel&rest_code=00141&code=00101008286&supplier_code=00100040&order_time=2021-12-24 HTTP/1.1" 200 408
116.238.208.177 - - [24/Dec/2021:09:48:12 +0800] "GET /xingrg/all/function/internal_message.html?_=1640310500153&CODE_STATE=getMsg HTTP/1.1" 200 27
172.20.0.100 - - [24/Dec/2021:09:48:16 +0800] "GET /xingrg/all/function/internal_message.html?_=1640310495157&CODE_STATE=getMsg HTTP/1.1" 200 27
180.169.147.146 - - [24/Dec/2021:09:48:18 +0800] "GET /xingrg/check_reg.html?_=1640310497120 HTTP/1.1" 200 22
180.169.147.146 - - [24/Dec/2021:09:48:18 +0800] "GET /xingrg/all/function/internal_message.html?_=1640310497123&CODE_STATE=getMsg HTTP/1.1" 200 27
180.175.103.30 - - [24/Dec/2021:09:48:19 +0800] "GET /xingrg/kc/buy/cgsh_order_operate.html?command=get_materiel&rest_code=00105&code=00101008312&supplier_code=00100203&order_time=2021-12-24 HTTP/1.1" 200 412
114.88.159.28 - - [24/Dec/2021:09:48:19 +0800] "GET /xingrg/kc/buy/cgsh_order_operate.html?command=get_materiel&rest_code=00141&code=00101008036&supplier_code=00100040&order_time=2021-12-24 HTTP/1.1" 200 408
116.238.248.233 - - [24/Dec/2021:09:48:20 +0800] "GET /xingrg/all/function/internal_message.html?_=1640310501049&CODE_STATE=getMsg HTTP/1.1" 200 27
124.77.245.186 - - [24/Dec/2021:09:48:20 +0800] "GET /xingrg/check_reg.html?_=1640310517579 HTTP/1.1" 200 22
180.169.147.146 - - [24/Dec/2021:09:48:20 +0800] "GET /xingrg/check_reg.html?_=1640310499502 HTTP/1.1" 200 22
124.77.245.186 - - [24/Dec/2021:09:48:23 +0800] "GET /xingrg/all/function/internal_message.html?_=1640310520280&CODE_STATE=getMsg HTTP/1.1" 200 27
114.88.159.28 - - [24/Dec/2021:09:48:23 +0800] "GET /xingrg/check_reg.html?_=1640310313628 HTTP/1.1" 200 22
114.88.159.28 - - [24/Dec/2021:09:48:23 +0800] "GET /xingrg/all/function/internal_message.html?_=1640310313629&CODE_STATE=getMsg HTTP/1.1" 200 27
114.88.159.28 - - [24/Dec/2021:09:48:26 +0800] "GET /xingrg/kc/buy/cgsh_order_operate.html?command=get_materiel&rest_code=00141&code=00101008131&supplier_code=00100040&order_time=2021-12-24 HTTP/1.1" 200 408
180.169.147.146 - - [24/Dec/2021:09:48:27 +0800] "GET /xingrg/all/function/internal_message.html?_=1640310515378&CODE_STATE=getMsg HTTP/1.1" 200 27
124.79.245.255 - - [24/Dec/2021:09:48:27 +0800] "GET /xingrg/check_reg.html?_=1640310632722 HTTP/1.1" 302 -
124.79.245.255 - - [24/Dec/2021:09:48:27 +0800] "GET /xingrg/all/function/internal_message.html?_=1640310632723&CODE_STATE=getMsg HTTP/1.1" 302 -
120.253.135.82 - - [24/Dec/2021:09:48:28 +0800] "GET /xingrg/all/function/internal_message.html?_=1640310289382&CODE_STATE=getMsg HTTP/1.1" 200 27
180.157.251.97 - - [24/Dec/2021:09:48:35 +0800] "GET /xingrg/all/function/internal_message.html?_=1640310515018&CODE_STATE=getMsg HTTP/1.1" 200 27
114.88.159.28 - - [24/Dec/2021:09:48:37 +0800] "GET /xingrg/kc/buy/cgsh_order_operate.html?command=get_materiel&rest_code=00141&code=00101008318&supplier_code=00100040&order_time=2021-12-24 HTTP/1.1" 200 408
180.175.103.30 - - [24/Dec/2021:09:48:38 +0800] "GET /xingrg/kc/buy/cgsh_order_operate.html?command=get_materiel&rest_code=00105&code=00101008230&supplier_code=00100203&order_time=2021-12-24 HTTP/1.1" 200 408
120.253.135.82 - - [24/Dec/2021:09:48:40 +0800] "GET /xingrg/javascript/jquery_easy_ui/themes/default/images/tabs_active.png HTTP/1.1" 200 2894
120.253.135.82 - - [24/Dec/2021:09:48:40 +0800] "GET /xingrg/javascript/jquery_easy_ui/themes/default/images/tabs_active.png HTTP/1.1" 200 2894
120.253.135.82 - - [24/Dec/2021:09:48:42 +0800] "GET /xingrg/kc/pszx/mdqp_order_list.html?state=10 HTTP/1.1" 200 10655
120.253.135.82 - - [24/Dec/2021:09:48:43 +0800] "GET /xingrg/dwr/engine.js HTTP/1.1" 200 43631
120.253.135.82 - - [24/Dec/2021:09:48:43 +0800] "GET /xingrg/dwr/interface/AjaxQqpsService.js HTTP/1.1" 200 16326
120.253.135.82 - - [24/Dec/2021:09:48:43 +0800] "GET /xingrg/dwr/interface/AjaxReportQueryService.js HTTP/1.1" 200 13203
114.88.159.28 - - [24/Dec/2021:09:48:45 +0800] "GET /xingrg/kc/buy/cgsh_order_operate.html?command=get_materiel&rest_code=00141&code=00101008098&supplier_code=00100040&order_time=2021-12-24 HTTP/1.1" 200 412
180.175.103.30 - - [24/Dec/2021:09:48:47 +0800] "GET /xingrg/kc/buy/cgsh_order_operate.html?command=get_materiel&rest_code=00105&code=00101008036&supplier_code=00100203&order_time=2021-12-24 HTTP/1.1" 200 408
120.253.135.82 - - [24/Dec/2021:09:48:48 +0800] "GET /xingrg/kc/report/report_main.html HTTP/1.1" 200 8599
120.253.135.82 - - [24/Dec/2021:09:48:50 +0800] "GET /xingrg/kc/base/kc_stocks.html HTTP/1.1" 200 16437
120.253.135.82 - - [24/Dec/2021:09:48:50 +0800] "GET /xingrg/javascript/easyui/themes/default/tree.css HTTP/1.1" 404 1090
120.253.135.82 - - [24/Dec/2021:09:48:50 +0800] "POST /xingrg/all/common/load_tree.html?tree=materiel_sort_tree_json HTTP/1.1" 200 9388
114.88.159.28 - - [24/Dec/2021:09:48:51 +0800] "GET /xingrg/kc/buy/cgsh_order_operate.html?command=get_materiel&rest_code=00141&code=00101008353&supplier_code=00100040&order_time=2021-12-24 HTTP/1.1" 200 408
120.253.135.82 - - [24/Dec/2021:09:48:52 +0800] "POST /xingrg/all/common/load_combo.html?type=base HTTP/1.1" 200 1075
222.69.131.239 - - [24/Dec/2021:09:48:53 +0800] "GET /xingrg/check_reg.html?_=1640310531124 HTTP/1.1" 200 22
222.69.131.239 - - [24/Dec/2021:09:48:53 +0800] "GET /xingrg/all/function/internal_message.html?_=1640310531135&CODE_STATE=getMsg HTTP/1.1" 200 27
116.238.248.233 - - [24/Dec/2021:09:48:53 +0800] "GET /xingrg/javascript/auto/indicator.gif HTTP/1.1" 404 1066
180.175.103.30 - - [24/Dec/2021:09:48:53 +0800] "GET /xingrg/all/function/internal_message.html?_=1640310534030&CODE_STATE=getMsg HTTP/1.1" 200 27
180.169.147.146 - - [24/Dec/2021:09:48:55 +0800] "GET /xingrg/all/function/internal_message.html?_=1640310536239&CODE_STATE=getMsg HTTP/1.1" 200 27
180.175.103.30 - - [24/Dec/2021:09:48:56 +0800] "GET /xingrg/kc/buy/cgsh_order_operate.html?command=get_materiel&rest_code=00105&code=00101008275&supplier_code=00100203&order_time=2021-12-24 HTTP/1.1" 200 417
116.238.248.233 - - [24/Dec/2021:09:48:57 +0800] "GET /xingrg/kc/buy/cgsh_order_operate.html?command=get_materiel&rest_code=00150&code=00101008091&supplier_code=00100007&order_time=2021-12-24 HTTP/1.1" 200 413
114.88.159.28 - - [24/Dec/2021:09:48:58 +0800] "GET /xingrg/kc/buy/cgsh_order_operate.html?command=get_materiel&rest_code=00141&code=00101008213&supplier_code=00100040&order_time=2021-12-24 HTTP/1.1" 200 412
222.70.176.97 - - [24/Dec/2021:09:48:58 +0800] "GET /xingrg/all/function/internal_message.html?_=1640310534688&CODE_STATE=getMsg HTTP/1.1" 200 27
114.85.125.222 - - [24/Dec/2021:09:49:01 +0800] "GET /xingrg/all/function/internal_message.html?_=1640310487346&CODE_STATE=getMsg HTTP/1.1" 200 27
120.253.135.82 - - [24/Dec/2021:09:49:01 +0800] "POST /xingrg/kc/base/stock_operate.html HTTP/1.1" 200 1484
116.227.210.113 - - [24/Dec/2021:09:49:01 +0800] "GET /xingrg/all/function/internal_message.html?_=1640310514653&CODE_STATE=getMsg HTTP/1.1" 200 27
114.88.159.28 - - [24/Dec/2021:09:49:02 +0800] "POST /xingrg/kc/buy/cgsh_order_operate.html HTTP/1.1" 200 2065
101.80.229.199 - - [24/Dec/2021:09:49:04 +0800] "GET /xingrg/all/function/internal_message.html?_=1640310544780&CODE_STATE=getMsg HTTP/1.1" 200 27
101.80.229.199 - - [24/Dec/2021:09:49:04 +0800] "GET /xingrg/check_reg.html?_=1640310544783 HTTP/1.1" 200 22
114.88.159.28 - - [24/Dec/2021:09:49:07 +0800] "GET /xingrg/kc/buy/cgsh_order_operate.html?command=get_materiel&rest_code=00141&code=00101008298&supplier_code=00100040&order_time=2021-12-24 HTTP/1.1" 200 413
180.175.103.30 - - [24/Dec/2021:09:49:10 +0800] "GET /xingrg/kc/buy/cgsh_order_operate.html?command=get_materiel&rest_code=00105&code=00101016122&supplier_code=00100203&order_time=2021-12-24 HTTP/1.1" 200 395
124.79.245.255 - - [24/Dec/2021:09:49:10 +0800] "GET /xingrg/all/function/internal_message.html?_=1640310574612&CODE_STATE=getMsg HTTP/1.1" 200 27
116.238.208.177 - - [24/Dec/2021:09:49:11 +0800] "GET /xingrg/check_reg.html?_=1640310558979 HTTP/1.1" 200 22
116.238.208.177 - - [24/Dec/2021:09:49:12 +0800] "GET /xingrg/all/function/internal_message.html?_=1640310560485&CODE_STATE=getMsg HTTP/1.1" 200 27
114.88.159.28 - - [24/Dec/2021:09:49:14 +0800] "GET /xingrg/kc/buy/cgsh_order_operate.html?command=get_materiel&rest_code=00141&code=00101008283&supplier_code=00100040&order_time=2021-12-24 HTTP/1.1" 200 408
120.253.135.82 - - [24/Dec/2021:09:49:14 +0800] "GET /xingrg/kc/buy/cgsh_order_list.html HTTP/1.1" 200 49480
120.253.135.82 - - [24/Dec/2021:09:49:15 +0800] "POST /xingrg/kc/buy/cgsh_list_operate.html HTTP/1.1" 200 876
172.20.0.100 - - [24/Dec/2021:09:49:16 +0800] "GET /xingrg/all/function/internal_message.html?_=1640310555159&CODE_STATE=getMsg HTTP/1.1" 200 27
180.169.147.146 - - [24/Dec/2021:09:49:18 +0800] "GET /xingrg/all/function/internal_message.html?_=1640310557120&CODE_STATE=getMsg HTTP/1.1" 200 27
116.238.248.233 - - [24/Dec/2021:09:49:18 +0800] "GET /xingrg/kc/buy/cgsh_order_operate.html?command=get_materiel&rest_code=00150&code=00101008558&supplier_code=00100007&order_time=2021-12-24 HTTP/1.1" 200 395
116.238.248.233 - - [24/Dec/2021:09:49:20 +0800] "GET /xingrg/all/function/internal_message.html?_=1640310561099&CODE_STATE=getMsg HTTP/1.1" 200 27
116.238.248.233 - - [24/Dec/2021:09:49:20 +0800] "GET /xingrg/check_reg.html?_=1640310561101 HTTP/1.1" 200 22
120.253.135.82 - - [24/Dec/2021:09:49:20 +0800] "GET /xingrg/kc/pszx/mdqp_order_list.html?state=10 HTTP/1.1" 200 10655
120.253.135.82 - - [24/Dec/2021:09:49:20 +0800] "GET /xingrg/dwr/interface/AjaxQqpsService.js HTTP/1.1" 200 16326
120.253.135.82 - - [24/Dec/2021:09:49:20 +0800] "GET /xingrg/dwr/engine.js HTTP/1.1" 200 43631
120.253.135.82 - - [24/Dec/2021:09:49:20 +0800] "GET /xingrg/dwr/interface/AjaxReportQueryService.js HTTP/1.1" 200 13203
124.77.245.186 - - [24/Dec/2021:09:49:23 +0800] "GET /xingrg/all/function/internal_message.html?_=1640310580293&CODE_STATE=getMsg HTTP/1.1" 200 27
114.88.159.28 - - [24/Dec/2021:09:49:23 +0800] "GET /xingrg/all/function/internal_message.html?_=1640310373662&CODE_STATE=getMsg HTTP/1.1" 200 27
120.253.135.82 - - [24/Dec/2021:09:49:24 +0800] "GET /xingrg/kc/pszx/jzcl_ps.html HTTP/1.1" 200 7683
120.253.135.82 - - [24/Dec/2021:09:49:24 +0800] "POST /xingrg/all/common/load_tree.html?tree=area_rest_tree_json HTTP/1.1" 200 3472
180.175.103.30 - - [24/Dec/2021:09:49:24 +0800] "GET /xingrg/kc/buy/cgsh_order_operate.html?command=get_materiel&rest_code=00105&code=00101008297&supplier_code=00100203&order_time=2021-12-24 HTTP/1.1" 200 412
120.253.135.82 - - [24/Dec/2021:09:49:25 +0800] "POST /xingrg/kc/pszx/jzcl_ps_operate.html HTTP/1.1" 200 409
120.253.135.82 - - [24/Dec/2021:09:49:25 +0800] "POST /xingrg/kc/pszx/jzcl_ps_operate.html HTTP/1.1" 200 409
180.169.147.146 - - [24/Dec/2021:09:49:27 +0800] "GET /xingrg/all/function/internal_message.html?_=1640310575378&CODE_STATE=getMsg HTTP/1.1" 200 27
124.79.245.255 - - [24/Dec/2021:09:49:27 +0800] "GET /xingrg/all/function/internal_message.html?_=1640310692721&CODE_STATE=getMsg HTTP/1.1" 302 -
120.253.135.82 - - [24/Dec/2021:09:49:29 +0800] "POST /xingrg/kc/pszx/jzcl_ps_operate.html HTTP/1.1" 200 4
114.88.159.28 - - [24/Dec/2021:09:49:30 +0800] "GET /xingrg/kc/buy/cgsh_order_operate.html?command=get_materiel&rest_code=00141&code=00101008359&supplier_code=00100040&order_time=2021-12-24 HTTP/1.1" 200 408
120.253.135.82 - - [24/Dec/2021:09:49:30 +0800] "GET /xingrg/kc/pszx/mdps_order_list.html HTTP/1.1" 200 20925
120.253.135.82 - - [24/Dec/2021:09:49:30 +0800] "POST /xingrg/kc/pszx/jzcl_ps_operate.html HTTP/1.1" 200 21
120.253.135.82 - - [24/Dec/2021:09:49:31 +0800] "POST /xingrg/kc/pszx/mdps_list_operate.html HTTP/1.1" 200 5360
120.253.135.82 - - [24/Dec/2021:09:49:31 +0800] "GET /xingrg/check_reg.html?_=1640310352500 HTTP/1.1" 200 22
120.253.135.82 - - [24/Dec/2021:09:49:31 +0800] "GET /xingrg/all/function/internal_message.html?_=1640310352503&CODE_STATE=getMsg HTTP/1.1" 200 27
180.175.103.30 - - [24/Dec/2021:09:49:32 +0800] "GET /xingrg/kc/buy/cgsh_order_operate.html?command=get_materiel&rest_code=00105&code=00101008488&supplier_code=00100203&order_time=2021-12-24 HTTP/1.1" 200 406
180.157.251.97 - - [24/Dec/2021:09:49:35 +0800] "GET /xingrg/all/function/internal_message.html?_=1640310575017&CODE_STATE=getMsg HTTP/1.1" 200 27
180.175.103.30 - - [24/Dec/2021:09:49:40 +0800] "GET /xingrg/kc/buy/cgsh_order_operate.html?command=get_materiel&rest_code=00105&code=00101008305&supplier_code=00100203&order_time=2021-12-24 HTTP/1.1" 200 412
101.93.223.170 - - [24/Dec/2021:09:49:48 +0800] "POST /xingrg/services/DataTransmitService HTTP/1.1" 200 524
101.93.223.170 - - [24/Dec/2021:09:49:48 +0800] "POST /xingrg/services/DataTransmitService HTTP/1.1" 200 412
222.69.131.239 - - [24/Dec/2021:09:49:53 +0800] "GET /xingrg/all/function/internal_message.html?_=1640310591124&CODE_STATE=getMsg HTTP/1.1" 200 27
180.175.103.30 - - [24/Dec/2021:09:49:53 +0800] "GET /xingrg/all/function/internal_message.html?_=1640310594010&CODE_STATE=getMsg HTTP/1.1" 200 27
114.88.159.28 - - [24/Dec/2021:09:49:55 +0800] "GET /xingrg/kc/buy/cgsh_order_operate.html?command=get_materiel&rest_code=00141&code=00101008355&supplier_code=00100040&order_time=2021-12-24 HTTP/1.1" 200 408
180.169.147.146 - - [24/Dec/2021:09:49:55 +0800] "GET /xingrg/all/function/internal_message.html?_=1640310596241&CODE_STATE=getMsg HTTP/1.1" 200 27
222.70.176.97 - - [24/Dec/2021:09:49:58 +0800] "GET /xingrg/all/function/internal_message.html?_=1640310594687&CODE_STATE=getMsg HTTP/1.1" 200 27
180.175.103.30 - - [24/Dec/2021:09:50:00 +0800] "GET /xingrg/kc/buy/cgsh_order_operate.html?command=get_materiel&rest_code=00105&code=00101008330&supplier_code=00100203&order_time=2021-12-24 HTTP/1.1" 200 408
114.85.125.222 - - [24/Dec/2021:09:50:01 +0800] "GET /xingrg/all/function/internal_message.html?_=1640310547370&CODE_STATE=getMsg HTTP/1.1" 200 27
116.227.210.113 - - [24/Dec/2021:09:50:01 +0800] "GET /xingrg/all/function/internal_message.html?_=1640310574654&CODE_STATE=getMsg HTTP/1.1" 200 27
116.227.210.113 - - [24/Dec/2021:09:50:01 +0800] "GET /xingrg/check_reg.html?_=1640310574658 HTTP/1.1" 200 22
101.80.229.199 - - [24/Dec/2021:09:50:04 +0800] "GET /xingrg/all/function/internal_message.html?_=1640310604784&CODE_STATE=getMsg HTTP/1.1" 200 27
116.238.248.233 - - [24/Dec/2021:09:50:04 +0800] "GET /xingrg/kc/buy/cgsh_order_operate.html?command=get_materiel&rest_code=00150&code=00101008001&supplier_code=00100007&order_time=2021-12-24 HTTP/1.1" 200 431
114.88.159.28 - - [24/Dec/2021:09:50:07 +0800] "GET /xingrg/kc/buy/cgsh_order_operate.html?command=get_materiel&rest_code=00141&code=00101008370&supplier_code=00100040&order_time=2021-12-24 HTTP/1.1" 200 412
124.79.245.255 - - [24/Dec/2021:09:50:10 +0800] "GET /xingrg/all/function/internal_message.html?_=1640310634628&CODE_STATE=getMsg HTTP/1.1" 200 27
114.88.159.28 - - [24/Dec/2021:09:50:11 +0800] "POST /xingrg/kc/buy/cgsh_order_operate.html HTTP/1.1" 200 2065
180.175.103.30 - - [24/Dec/2021:09:50:12 +0800] "GET /xingrg/kc/buy/cgsh_order_operate.html?command=get_materiel&rest_code=00105&code=00101008027&supplier_code=00100203&order_time=2021-12-24 HTTP/1.1" 200 408
116.238.208.177 - - [24/Dec/2021:09:50:12 +0800] "GET /xingrg/all/function/internal_message.html?_=1640310620502&CODE_STATE=getMsg HTTP/1.1" 200 27
180.175.103.30 - - [24/Dec/2021:09:50:16 +0800] "POST /xingrg/kc/buy/cgsh_order_operate.html HTTP/1.1" 200 2065
172.20.0.100 - - [24/Dec/2021:09:50:16 +0800] "GET /xingrg/all/function/internal_message.html?_=1640310615146&CODE_STATE=getMsg HTTP/1.1" 200 27
180.175.103.30 - - [24/Dec/2021:09:50:17 +0800] "POST /xingrg/kc/buy/cgsh_order_operate.html HTTP/1.1" 200 2065
180.169.147.146 - - [24/Dec/2021:09:50:18 +0800] "GET /xingrg/all/function/internal_message.html?_=1640310617118&CODE_STATE=getMsg HTTP/1.1" 200 27
116.238.248.233 - - [24/Dec/2021:09:50:20 +0800] "GET /xingrg/all/function/internal_message.html?_=1640310621150&CODE_STATE=getMsg HTTP/1.1" 200 27
116.238.248.233 - - [24/Dec/2021:09:50:20 +0800] "POST /xingrg/kc/buy/cgsh_order_operate.html HTTP/1.1" 200 37
124.77.245.186 - - [24/Dec/2021:09:50:23 +0800] "GET /xingrg/all/function/internal_message.html?_=1640310640308&CODE_STATE=getMsg HTTP/1.1" 200 27
116.238.248.233 - - [24/Dec/2021:09:50:23 +0800] "POST /xingrg/kc/buy/cgsh_order_operate.html HTTP/1.1" 200 12
114.88.159.28 - - [24/Dec/2021:09:50:23 +0800] "GET /xingrg/all/function/internal_message.html?_=1640310433600&CODE_STATE=getMsg HTTP/1.1" 200 27
116.227.210.113 - - [24/Dec/2021:09:50:24 +0800] "GET /xingrg/kc/base/kc_stocks.html HTTP/1.1" 200 16443
116.227.210.113 - - [24/Dec/2021:09:50:24 +0800] "GET /xingrg/javascript/easyui/themes/default/tree.css HTTP/1.1" 404 1090
116.227.210.113 - - [24/Dec/2021:09:50:24 +0800] "POST /xingrg/all/common/load_tree.html?tree=materiel_sort_tree_json HTTP/1.1" 200 9388
116.238.248.233 - - [24/Dec/2021:09:50:24 +0800] "GET /xingrg/kc/buy/cgsh_order_info.html?code=212021122409997 HTTP/1.1" 200 60053
116.238.248.233 - - [24/Dec/2021:09:50:24 +0800] "GET /xingrg/javascript/easyui/themes/default/validatebox.css HTTP/1.1" 404 1104
116.238.248.233 - - [24/Dec/2021:09:50:25 +0800] "POST /xingrg/kc/buy/cgsh_order_operate.html HTTP/1.1" 200 36128
116.238.248.233 - - [24/Dec/2021:09:50:26 +0800] "GET /xingrg/kc/print/load_data.html?order_code=212021122409997&kc_code=cgsh&condition= HTTP/1.1" 200 14229
180.169.147.146 - - [24/Dec/2021:09:50:27 +0800] "GET /xingrg/check_reg.html?_=1640310635380 HTTP/1.1" 200 22
180.169.147.146 - - [24/Dec/2021:09:50:27 +0800] "GET /xingrg/all/function/internal_message.html?_=1640310635381&CODE_STATE=getMsg HTTP/1.1" 200 27
124.79.245.255 - - [24/Dec/2021:09:50:27 +0800] "GET /xingrg/all/function/internal_message.html?_=1640310752720&CODE_STATE=getMsg HTTP/1.1" 302 -
180.175.103.30 - - [24/Dec/2021:09:50:28 +0800] "GET /xingrg/kc/buy/cgsh_order_operate.html?command=get_materiel&rest_code=00105&code=00101008055&supplier_code=00100203&order_time=2021-12-24 HTTP/1.1" 200 409
114.88.159.28 - - [24/Dec/2021:09:50:28 +0800] "GET /xingrg/kc/buy/cgsh_order_operate.html?command=get_materiel&rest_code=00141&code=00101008372&supplier_code=00100040&order_time=2021-12-24 HTTP/1.1" 200 410
120.253.135.82 - - [24/Dec/2021:09:50:31 +0800] "GET /xingrg/all/function/internal_message.html?_=1640310412514&CODE_STATE=getMsg HTTP/1.1" 200 27
116.227.210.113 - - [24/Dec/2021:09:50:32 +0800] "POST /xingrg/kc/base/stock_operate.html HTTP/1.1" 200 1906
116.227.210.113 - - [24/Dec/2021:09:50:34 +0800] "GET /xingrg/kc/base/stock_detail.html?m=00101006174 HTTP/1.1" 200 7318
180.157.251.97 - - [24/Dec/2021:09:50:35 +0800] "GET /xingrg/check_reg.html?_=1640310635016 HTTP/1.1" 200 22
180.157.251.97 - - [24/Dec/2021:09:50:35 +0800] "GET /xingrg/all/function/internal_message.html?_=1640310635018&CODE_STATE=getMsg HTTP/1.1" 200 27
116.227.210.113 - - [24/Dec/2021:09:50:35 +0800] "GET /xingrg/kc/base/stock_operate.html?_=1640310608701&command=get_report_file&start_day=20211201 HTTP/1.1" 200 53
116.227.210.113 - - [24/Dec/2021:09:50:35 +0800] "GET /xingrg/all/report/report_query.html?isQuery=1&onlyBody=1&rh=2000&fileName=kc/base/kc_stock_detail_new.xml&queryString=(1=1)&queryText=&tableQueryString=init_table$sp1$$sp$crk_table$sp1$order_day%20between%2020211201%20and%2020211231&varString=start_day:20211201,materiel_code:00101006174,cost_id:3440,end_date:20211130 HTTP/1.1" 200 48701
116.227.210.113 - - [24/Dec/2021:09:50:35 +0800] "GET /xingrg/dwr/interface/AjaxReportQueryService.js HTTP/1.1" 200 13203
116.227.210.113 - - [24/Dec/2021:09:50:35 +0800] "GET /xingrg/dwr/engine.js HTTP/1.1" 200 43631
116.227.210.113 - - [24/Dec/2021:09:50:36 +0800] "POST /xingrg/all/report/load_report_page.html HTTP/1.1" 200 29988
116.227.210.113 - - [24/Dec/2021:09:50:36 +0800] "GET /xingrg/servlets/image?cache=0.9075825852845585&image=px HTTP/1.1" 200 807
116.238.248.233 - - [24/Dec/2021:09:50:37 +0800] "POST /xingrg/kc/buy/cgsh_list_operate.html HTTP/1.1" 200 577
114.88.159.28 - - [24/Dec/2021:09:50:39 +0800] "GET /xingrg/kc/buy/cgsh_order_operate.html?command=get_materiel&rest_code=00141&code=00101013093&supplier_code=00100040&order_time=2021-12-24 HTTP/1.1" 200 429
116.238.248.233 - - [24/Dec/2021:09:50:41 +0800] "GET /xingrg/kc/buy/cgsh_order_info.html?code=212021122410010 HTTP/1.1" 200 65141
116.238.248.233 - - [24/Dec/2021:09:50:41 +0800] "GET /xingrg/javascript/easyui/themes/default/validatebox.css HTTP/1.1" 404 1104
116.238.248.233 - - [24/Dec/2021:09:50:42 +0800] "POST /xingrg/kc/buy/cgsh_order_operate.html HTTP/1.1" 200 7397
180.175.103.30 - - [24/Dec/2021:09:50:48 +0800] "GET /xingrg/kc/buy/cgsh_order_operate.html?command=get_materiel&rest_code=00105&code=00101008244&supplier_code=00100203&order_time=2021-12-24 HTTP/1.1" 200 408
116.227.210.113 - - [24/Dec/2021:09:50:51 +0800] "GET /xingrg/kc/guide/show_order.html?code=212021121104292&type=21 HTTP/1.1" 302 -
116.227.210.113 - - [24/Dec/2021:09:50:51 +0800] "GET /xingrg/kc/buy/cgsh_order_info.html?code=212021121104292&sysBaseUrl=http%3A%2F%2F180.169.147.146%3A18081%2Fxingrg%2F&costTime=1×tamp=1640310651344 HTTP/1.1" 200 60126
116.227.210.113 - - [24/Dec/2021:09:50:51 +0800] "GET /favicon.ico HTTP/1.1" 404 -
116.227.210.113 - - [24/Dec/2021:09:50:51 +0800] "GET /xingrg/javascript/easyui/themes/default/validatebox.css HTTP/1.1" 404 1104
116.227.210.113 - - [24/Dec/2021:09:50:52 +0800] "POST /xingrg/kc/buy/cgsh_order_operate.html HTTP/1.1" 200 4768
222.69.131.239 - - [24/Dec/2021:09:50:53 +0800] "GET /xingrg/all/function/internal_message.html?_=1640310651133&CODE_STATE=getMsg HTTP/1.1" 200 27
180.175.103.30 - - [24/Dec/2021:09:50:54 +0800] "GET /xingrg/check_reg.html?_=1640310654109 HTTP/1.1" 200 22
180.175.103.30 - - [24/Dec/2021:09:50:54 +0800] "GET /xingrg/all/function/internal_message.html?_=1640310654110&CODE_STATE=getMsg HTTP/1.1" 200 27
114.88.159.28 - - [24/Dec/2021:09:50:55 +0800] "GET /xingrg/kc/buy/cgsh_order_operate.html?command=get_materiel&rest_code=00141&code=00101019738&supplier_code=00100040&order_time=2021-12-24 HTTP/1.1" 200 434
180.169.147.146 - - [24/Dec/2021:09:50:55 +0800] "GET /xingrg/all/function/internal_message.html?_=1640310656244&CODE_STATE=getMsg HTTP/1.1" 200 27
180.175.103.30 - - [24/Dec/2021:09:50:57 +0800] "GET /xingrg/kc/buy/cgsh_order_operate.html?command=get_materiel&rest_code=00105&code=00101008351&supplier_code=00100203&order_time=2021-12-24 HTTP/1.1" 200 408
222.70.176.97 - - [24/Dec/2021:09:50:58 +0800] "GET /xingrg/all/function/internal_message.html?_=1640310654686&CODE_STATE=getMsg HTTP/1.1" 200 27
114.85.125.222 - - [24/Dec/2021:09:51:01 +0800] "GET /xingrg/all/function/internal_message.html?_=1640310607374&CODE_STATE=getMsg HTTP/1.1" 200 27
116.227.210.113 - - [24/Dec/2021:09:51:01 +0800] "GET /xingrg/all/function/internal_message.html?_=1640310634656&CODE_STATE=getMsg HTTP/1.1" 200 27
101.80.229.199 - - [24/Dec/2021:09:51:04 +0800] "GET /xingrg/all/function/internal_message.html?_=1640310664789&CODE_STATE=getMsg HTTP/1.1" 200 27
116.227.210.113 - - [24/Dec/2021:09:51:07 +0800] "GET /xingrg/kc/buy/cgsh_order_list.html HTTP/1.1" 200 49486
116.227.210.113 - - [24/Dec/2021:09:51:09 +0800] "POST /xingrg/kc/buy/cgsh_list_operate.html HTTP/1.1" 200 2773
114.88.159.28 - - [24/Dec/2021:09:51:10 +0800] "GET /xingrg/kc/buy/cgsh_order_operate.html?command=get_materiel&rest_code=00141&code=00101008350&supplier_code=00100040&order_time=2021-12-24 HTTP/1.1" 200 408
124.79.245.255 - - [24/Dec/2021:09:51:11 +0800] "GET /xingrg/all/function/internal_message.html?_=1640310694930&CODE_STATE=getMsg HTTP/1.1" 200 27
180.175.103.30 - - [24/Dec/2021:09:51:11 +0800] "GET /xingrg/kc/buy/cgsh_order_operate.html?command=get_materiel&rest_code=00105&code=00101008186&supplier_code=00100203&order_time=2021-12-24 HTTP/1.1" 200 408
116.238.208.177 - - [24/Dec/2021:09:51:12 +0800] "GET /xingrg/all/function/internal_message.html?_=1640310680515&CODE_STATE=getMsg HTTP/1.1" 200 27
116.227.210.113 - - [24/Dec/2021:09:51:13 +0800] "GET /xingrg/javascript/auto/indicator.gif HTTP/1.1" 404 1066
172.20.0.100 - - [24/Dec/2021:09:51:16 +0800] "GET /xingrg/all/function/internal_message.html?_=1640310675148&CODE_STATE=getMsg HTTP/1.1" 200 27
180.169.147.146 - - [24/Dec/2021:09:51:18 +0800] "GET /xingrg/all/function/internal_message.html?_=1640310677118&CODE_STATE=getMsg HTTP/1.1" 200 27
116.238.248.233 - - [24/Dec/2021:09:51:20 +0800] "GET /xingrg/all/function/internal_message.html?_=1640310681213&CODE_STATE=getMsg HTTP/1.1" 200 27
116.227.210.113 - - [24/Dec/2021:09:51:20 +0800] "POST /xingrg/kc/buy/cgsh_list_operate.html HTTP/1.1" 200 9265
124.77.245.186 - - [24/Dec/2021:09:51:23 +0800] "GET /xingrg/all/function/internal_message.html?_=1640310700490&CODE_STATE=getMsg HTTP/1.1" 200 27
114.88.159.28 - - [24/Dec/2021:09:51:23 +0800] "GET /xingrg/all/function/internal_message.html?_=1640310493595&CODE_STATE=getMsg HTTP/1.1" 200 27
116.227.210.113 - - [24/Dec/2021:09:51:25 +0800] "POST /xingrg/kc/buy/cgsh_list_operate.html HTTP/1.1" 200 586
114.88.159.28 - - [24/Dec/2021:09:51:26 +0800] "POST /xingrg/kc/buy/cgsh_order_operate.html HTTP/1.1" 200 2065
116.227.210.113 - - [24/Dec/2021:09:51:26 +0800] "GET /xingrg/kc/buy/cgsh_order_info.html?code=212021121104292 HTTP/1.1" 200 60126
116.227.210.113 - - [24/Dec/2021:09:51:26 +0800] "GET /xingrg/javascript/easyui/themes/default/validatebox.css HTTP/1.1" 404 1104
116.227.210.113 - - [24/Dec/2021:09:51:26 +0800] "POST /xingrg/kc/buy/cgsh_order_operate.html HTTP/1.1" 200 4768
180.169.147.146 - - [24/Dec/2021:09:51:27 +0800] "GET /xingrg/all/function/internal_message.html?_=1640310695390&CODE_STATE=getMsg HTTP/1.1" 200 27
124.79.245.255 - - [24/Dec/2021:09:51:27 +0800] "GET /xingrg/all/function/internal_message.html?_=1640310812719&CODE_STATE=getMsg HTTP/1.1" 302 -
114.88.159.28 - - [24/Dec/2021:09:51:30 +0800] "GET /xingrg/kc/buy/cgsh_order_operate.html?command=get_materiel&rest_code=00141&code=00101009062&supplier_code=00100040&order_time=2021-12-24 HTTP/1.1" 200 414
116.227.210.113 - - [24/Dec/2021:09:51:30 +0800] "GET /xingrg/kc/print/load_data.html?order_code=212021121104292&kc_code=cgsh HTTP/1.1" 200 2398
120.253.135.82 - - [24/Dec/2021:09:51:31 +0800] "GET /xingrg/all/function/internal_message.html?_=1640310472526&CODE_STATE=getMsg HTTP/1.1" 200 27
180.157.251.97 - - [24/Dec/2021:09:51:35 +0800] "GET /xingrg/all/function/internal_message.html?_=1640310695018&CODE_STATE=getMsg HTTP/1.1" 200 27
114.88.159.28 - - [24/Dec/2021:09:51:43 +0800] "GET /xingrg/kc/buy/cgsh_order_operate.html?command=get_materiel&rest_code=00141&code=00101008027&supplier_code=00100040&order_time=2021-12-24 HTTP/1.1" 200 408
116.227.210.113 - - [24/Dec/2021:09:51:46 +0800] "POST /xingrg/services/DataTransmitService HTTP/1.1" 200 524
222.69.131.239 - - [24/Dec/2021:09:51:53 +0800] "GET /xingrg/all/function/internal_message.html?_=1640310711136&CODE_STATE=getMsg HTTP/1.1" 200 27
180.175.103.30 - - [24/Dec/2021:09:51:54 +0800] "GET /xingrg/all/function/internal_message.html?_=1640310714193&CODE_STATE=getMsg HTTP/1.1" 200 27
180.169.147.146 - - [24/Dec/2021:09:51:55 +0800] "GET /xingrg/all/function/internal_message.html?_=1640310716247&CODE_STATE=getMsg HTTP/1.1" 200 27
222.70.176.97 - - [24/Dec/2021:09:51:58 +0800] "GET /xingrg/all/function/internal_message.html?_=1640310714686&CODE_STATE=getMsg HTTP/1.1" 200 27
114.88.159.28 - - [24/Dec/2021:09:51:59 +0800] "GET /xingrg/kc/buy/cgsh_order_operate.html?command=get_materiel&rest_code=00141&code=00101008112&supplier_code=00100040&order_time=2021-12-24 HTTP/1.1" 200 412
116.238.248.233 - - [24/Dec/2021:09:52:00 +0800] "POST /xingrg/kc/buy/cgsh_order_operate.html HTTP/1.1" 200 37
114.85.125.222 - - [24/Dec/2021:09:52:00 +0800] "GET /xingrg/check_reg.html?_=1640310667070 HTTP/1.1" 200 22
114.85.125.222 - - [24/Dec/2021:09:52:01 +0800] "GET /xingrg/all/function/internal_message.html?_=1640310667387&CODE_STATE=getMsg HTTP/1.1" 200 27
116.227.210.113 - - [24/Dec/2021:09:52:01 +0800] "GET /xingrg/all/function/internal_message.html?_=1640310694638&CODE_STATE=getMsg HTTP/1.1" 200 27
116.238.248.233 - - [24/Dec/2021:09:52:03 +0800] "POST /xingrg/kc/buy/cgsh_order_operate.html HTTP/1.1" 200 12
116.238.248.233 - - [24/Dec/2021:09:52:04 +0800] "GET /xingrg/kc/buy/cgsh_order_info.html?code=212021122410010 HTTP/1.1" 200 60041
116.238.248.233 - - [24/Dec/2021:09:52:04 +0800] "GET /xingrg/javascript/easyui/themes/default/validatebox.css HTTP/1.1" 404 1104
101.80.229.199 - - [24/Dec/2021:09:52:04 +0800] "GET /xingrg/all/function/internal_message.html?_=1640310724790&CODE_STATE=getMsg HTTP/1.1" 200 27
116.238.248.233 - - [24/Dec/2021:09:52:05 +0800] "POST /xingrg/kc/buy/cgsh_order_operate.html HTTP/1.1" 200 5342
116.238.248.233 - - [24/Dec/2021:09:52:06 +0800] "GET /xingrg/kc/print/load_data.html?order_code=212021122410010&kc_code=cgsh&condition= HTTP/1.1" 200 2507
114.88.159.28 - - [24/Dec/2021:09:52:07 +0800] "GET /xingrg/kc/buy/cgsh_order_operate.html?command=get_materiel&rest_code=00141&code=00101008224&supplier_code=00100040&order_time=2021-12-24 HTTP/1.1" 200 416
124.78.139.77 - - [24/Dec/2021:09:52:09 +0800] "GET /favicon.ico HTTP/1.1" 404 -
114.88.159.28 - - [24/Dec/2021:09:52:09 +0800] "POST /xingrg/kc/buy/cgsh_order_operate.html HTTP/1.1" 200 2065
124.79.245.255 - - [24/Dec/2021:09:52:11 +0800] "GET /xingrg/all/function/internal_message.html?_=1640310754936&CODE_STATE=getMsg HTTP/1.1" 200 27
116.238.208.177 - - [24/Dec/2021:09:52:13 +0800] "GET /xingrg/all/function/internal_message.html?_=1640310740823&CODE_STATE=getMsg HTTP/1.1" 200 27
172.20.0.100 - - [24/Dec/2021:09:52:16 +0800] "GET /xingrg/all/function/internal_message.html?_=1640310735158&CODE_STATE=getMsg HTTP/1.1" 200 27
172.20.0.100 - - [24/Dec/2021:09:52:16 +0800] "GET /xingrg/check_reg.html?_=1640310735162 HTTP/1.1" 200 22
180.169.147.146 - - [24/Dec/2021:09:52:18 +0800] "GET /xingrg/all/function/internal_message.html?_=1640310737130&CODE_STATE=getMsg HTTP/1.1" 200 27
116.238.248.233 - - [24/Dec/2021:09:52:20 +0800] "GET /xingrg/all/function/internal_message.html?_=1640310741255&CODE_STATE=getMsg HTTP/1.1" 200 27
114.88.159.28 - - [24/Dec/2021:09:52:22 +0800] "GET /xingrg/kc/buy/cgsh_order_operate.html?command=get_materiel&rest_code=00141&code=00101008242&supplier_code=00100040&order_time=2021-12-24 HTTP/1.1" 200 408
124.77.245.186 - - [24/Dec/2021:09:52:23 +0800] "GET /xingrg/all/function/internal_message.html?_=1640310760506&CODE_STATE=getMsg HTTP/1.1" 200 27
180.157.251.97 - - [24/Dec/2021:09:52:23 +0800] "GET /xingrg/check_reg.html?_=1640310743625 HTTP/1.1" 200 22
114.88.159.28 - - [24/Dec/2021:09:52:23 +0800] "GET /xingrg/all/function/internal_message.html?_=1640310553609&CODE_STATE=getMsg HTTP/1.1" 200 27
180.175.103.30 - - [24/Dec/2021:09:52:24 +0800] "GET /xingrg/kc/buy/cgsh_order_operate.html?command=get_materiel&rest_code=00105&code=00101008224&supplier_code=00100203&order_time=2021-12-24 HTTP/1.1" 200 416
180.169.147.146 - - [24/Dec/2021:09:52:27 +0800] "GET /xingrg/all/function/internal_message.html?_=1640310755393&CODE_STATE=getMsg HTTP/1.1" 200 27
124.79.245.255 - - [24/Dec/2021:09:52:27 +0800] "GET /xingrg/all/function/internal_message.html?_=1640310872717&CODE_STATE=getMsg HTTP/1.1" 302 -
120.253.135.82 - - [24/Dec/2021:09:52:31 +0800] "GET /xingrg/all/function/internal_message.html?_=1640310532661&CODE_STATE=getMsg HTTP/1.1" 200 27
116.227.210.113 - - [24/Dec/2021:09:52:33 +0800] "GET /xingrg/kc/buy/cgsh_order_list.html HTTP/1.1" 200 49486
180.175.103.30 - - [24/Dec/2021:09:52:35 +0800] "GET /xingrg/kc/buy/cgsh_order_operate.html?command=get_materiel&rest_code=00105&code=00101008003&supplier_code=00100203&order_time=2021-12-24 HTTP/1.1" 200 408
116.227.210.113 - - [24/Dec/2021:09:52:35 +0800] "POST /xingrg/kc/buy/cgsh_list_operate.html HTTP/1.1" 200 8212
180.157.251.97 - - [24/Dec/2021:09:52:35 +0800] "GET /xingrg/all/function/internal_message.html?_=1640310755017&CODE_STATE=getMsg HTTP/1.1" 200 27
116.227.210.113 - - [24/Dec/2021:09:52:36 +0800] "POST /xingrg/kc/buy/cgsh_list_operate.html HTTP/1.1" 200 2773
180.175.103.30 - - [24/Dec/2021:09:52:39 +0800] "POST /xingrg/kc/buy/cgsh_order_operate.html HTTP/1.1" 200 2065
180.175.103.30 - - [24/Dec/2021:09:52:40 +0800] "POST /xingrg/kc/buy/cgsh_order_operate.html HTTP/1.1" 200 2065
116.227.210.113 - - [24/Dec/2021:09:52:40 +0800] "POST /xingrg/kc/buy/cgsh_list_operate.html HTTP/1.1" 200 568
116.227.210.113 - - [24/Dec/2021:09:52:41 +0800] "GET /xingrg/kc/buy/cgsh_order_info.html?code=212021122410017 HTTP/1.1" 200 65226
116.227.210.113 - - [24/Dec/2021:09:52:41 +0800] "GET /xingrg/javascript/easyui/themes/default/validatebox.css HTTP/1.1" 404 1104
116.227.210.113 - - [24/Dec/2021:09:52:42 +0800] "POST /xingrg/kc/buy/cgsh_order_operate.html HTTP/1.1" 200 31647
114.88.159.28 - - [24/Dec/2021:09:52:43 +0800] "GET /xingrg/kc/buy/cgsh_order_operate.html?command=get_materiel&rest_code=00141&code=00101008300&supplier_code=00100040&order_time=2021-12-24 HTTP/1.1" 200 412
180.175.103.30 - - [24/Dec/2021:09:52:50 +0800] "GET /xingrg/kc/buy/cgsh_order_operate.html?command=get_materiel&rest_code=00105&code=00101008361&supplier_code=00100203&order_time=2021-12-24 HTTP/1.1" 200 408
114.88.159.28 - - [24/Dec/2021:09:52:51 +0800] "GET /xingrg/kc/buy/cgsh_order_operate.html?command=get_materiel&rest_code=00141&code=00101008251&supplier_code=00100040&order_time=2021-12-24 HTTP/1.1" 200 408
222.69.131.239 - - [24/Dec/2021:09:52:53 +0800] "GET /xingrg/all/function/internal_message.html?_=1640310771135&CODE_STATE=getMsg HTTP/1.1" 200 27
180.175.103.30 - - [24/Dec/2021:09:52:54 +0800] "GET /xingrg/all/function/internal_message.html?_=1640310774110&CODE_STATE=getMsg HTTP/1.1" 200 27
114.88.159.28 - - [24/Dec/2021:09:52:54 +0800] "POST /xingrg/kc/buy/cgsh_order_operate.html HTTP/1.1" 200 2065
180.169.147.146 - - [24/Dec/2021:09:52:55 +0800] "GET /xingrg/check_reg.html?_=1640310776249 HTTP/1.1" 200 22
180.169.147.146 - - [24/Dec/2021:09:52:55 +0800] "GET /xingrg/all/function/internal_message.html?_=1640310776250&CODE_STATE=getMsg HTTP/1.1" 200 27
116.238.248.233 - - [24/Dec/2021:09:52:58 +0800] "GET /xingrg/kc/buy/cgsh_order_add.html HTTP/1.1" 200 65132
116.238.248.233 - - [24/Dec/2021:09:52:58 +0800] "POST /xingrg/kc/buy/cgsh_order_operate.html HTTP/1.1" 200 8245
116.238.248.233 - - [24/Dec/2021:09:52:58 +0800] "GET /xingrg/javascript/easyui/themes/default/validatebox.css HTTP/1.1" 404 1104
222.70.176.97 - - [24/Dec/2021:09:52:58 +0800] "GET /xingrg/all/function/internal_message.html?_=1640310774712&CODE_STATE=getMsg HTTP/1.1" 200 27
222.70.176.97 - - [24/Dec/2021:09:52:58 +0800] "GET /xingrg/check_reg.html?_=1640310774714 HTTP/1.1" 200 22
114.85.125.222 - - [24/Dec/2021:09:53:01 +0800] "GET /xingrg/all/function/internal_message.html?_=1640310727402&CODE_STATE=getMsg HTTP/1.1" 200 27
116.227.210.113 - - [24/Dec/2021:09:53:01 +0800] "GET /xingrg/all/function/internal_message.html?_=1640310754644&CODE_STATE=getMsg HTTP/1.1" 200 27
101.80.229.199 - - [24/Dec/2021:09:53:04 +0800] "GET /xingrg/all/function/internal_message.html?_=1640310784779&CODE_STATE=getMsg HTTP/1.1" 200 27
124.79.245.255 - - [24/Dec/2021:09:53:10 +0800] "GET /xingrg/check_reg.html?_=1640310814243 HTTP/1.1" 200 22
124.79.245.255 - - [24/Dec/2021:09:53:11 +0800] "GET /xingrg/all/function/internal_message.html?_=1640310814949&CODE_STATE=getMsg HTTP/1.1" 200 27
180.175.103.30 - - [24/Dec/2021:09:53:11 +0800] "GET /xingrg/kc/buy/cgsh_order_operate.html?command=get_materiel&rest_code=00105&code=00101008356&supplier_code=00100203&order_time=2021-12-24 HTTP/1.1" 200 408
116.238.208.177 - - [24/Dec/2021:09:53:13 +0800] "GET /xingrg/all/function/internal_message.html?_=1640310801150&CODE_STATE=getMsg HTTP/1.1" 200 27
116.238.248.233 - - [24/Dec/2021:09:53:15 +0800] "GET /xingrg/kc/buy/cgsh_order_operate.html?command=get_materiel&rest_code=00150&code=00101006055&supplier_code=00100151&order_time=2021-12-24 HTTP/1.1" 200 411
172.20.0.100 - - [24/Dec/2021:09:53:16 +0800] "GET /xingrg/all/function/internal_message.html?_=1640310795148&CODE_STATE=getMsg HTTP/1.1" 200 27
180.169.147.146 - - [24/Dec/2021:09:53:18 +0800] "GET /xingrg/check_reg.html?_=1640310797118 HTTP/1.1" 200 22
180.169.147.146 - - [24/Dec/2021:09:53:18 +0800] "GET /xingrg/all/function/internal_message.html?_=1640310797119&CODE_STATE=getMsg HTTP/1.1" 200 27
114.88.159.28 - - [24/Dec/2021:09:53:19 +0800] "GET /xingrg/kc/buy/cgsh_order_operate.html?command=get_materiel&rest_code=00141&code=00101008295&supplier_code=00100040&order_time=2021-12-24 HTTP/1.1" 200 412
116.238.248.233 - - [24/Dec/2021:09:53:20 +0800] "GET /xingrg/all/function/internal_message.html?_=1640310801297&CODE_STATE=getMsg HTTP/1.1" 200 27
180.169.147.146 - - [24/Dec/2021:09:53:20 +0800] "GET /xingrg/check_reg.html?_=1640310799485 HTTP/1.1" 200 22
124.77.245.186 - - [24/Dec/2021:09:53:20 +0800] "GET /xingrg/check_reg.html?_=1640310817765 HTTP/1.1" 200 22
124.77.245.186 - - [24/Dec/2021:09:53:23 +0800] "GET /xingrg/all/function/internal_message.html?_=1640310820519&CODE_STATE=getMsg HTTP/1.1" 200 27
114.88.159.28 - - [24/Dec/2021:09:53:23 +0800] "GET /xingrg/check_reg.html?_=1640310613594 HTTP/1.1" 200 22
114.88.159.28 - - [24/Dec/2021:09:53:23 +0800] "GET /xingrg/all/function/internal_message.html?_=1640310613595&CODE_STATE=getMsg HTTP/1.1" 200 27
180.169.147.146 - - [24/Dec/2021:09:53:27 +0800] "GET /xingrg/all/function/internal_message.html?_=1640310815394&CODE_STATE=getMsg HTTP/1.1" 200 27
124.79.245.255 - - [24/Dec/2021:09:53:27 +0800] "GET /xingrg/all/function/internal_message.html?_=1640310932716&CODE_STATE=getMsg HTTP/1.1" 302 -
124.79.245.255 - - [24/Dec/2021:09:53:27 +0800] "GET /xingrg/check_reg.html?_=1640310932717 HTTP/1.1" 302 -
180.175.103.30 - - [24/Dec/2021:09:53:28 +0800] "GET /xingrg/kc/buy/cgsh_order_operate.html?command=get_materiel&rest_code=00105&code=00101008103&supplier_code=00100203&order_time=2021-12-24 HTTP/1.1" 200 417
