124.79.245.255 - - [24/Dec/2021:10:15:02 +0800] "GET /xingrg/javascript/easyui/themes/default/images/button_plain_hover.png HTTP/1.1" 304 -
124.79.245.255 - - [24/Dec/2021:10:15:02 +0800] "GET /xingrg/javascript/easyui/themes/default/images/button_plain_hover.png HTTP/1.1" 304 -
124.79.245.255 - - [24/Dec/2021:10:15:03 +0800] "GET /xingrg/javascript/easyui/themes/default/images/button_plain_hover.png HTTP/1.1" 304 -
124.79.245.255 - - [24/Dec/2021:10:15:03 +0800] "GET /xingrg/javascript/easyui/themes/default/images/button_plain_hover.png HTTP/1.1" 304 -
124.79.245.255 - - [24/Dec/2021:10:15:03 +0800] "GET /xingrg/javascript/easyui/themes/default/images/button_plain_hover.png HTTP/1.1" 304 -
124.79.245.255 - - [24/Dec/2021:10:15:03 +0800] "GET /xingrg/javascript/easyui/themes/default/images/button_plain_hover.png HTTP/1.1" 304 -
124.79.245.255 - - [24/Dec/2021:10:15:03 +0800] "GET /xingrg/javascript/easyui/themes/default/images/button_plain_hover.png HTTP/1.1" 304 -
124.79.245.255 - - [24/Dec/2021:10:15:03 +0800] "GET /xingrg/css/base.css HTTP/1.1" 304 -
124.79.245.255 - - [24/Dec/2021:10:15:03 +0800] "GET /xingrg/kc/buy/cgsh_order_add.html HTTP/1.1" 200 65249
124.79.245.255 - - [24/Dec/2021:10:15:03 +0800] "GET /xingrg/javascript/auto/jquery.autocomplete.css HTTP/1.1" 304 -
124.79.245.255 - - [24/Dec/2021:10:15:03 +0800] "GET /xingrg/css/site.css HTTP/1.1" 304 -
124.79.245.255 - - [24/Dec/2021:10:15:03 +0800] "GET /xingrg/javascript/jquery_tools/datebox.css HTTP/1.1" 304 -
124.79.245.255 - - [24/Dec/2021:10:15:03 +0800] "GET /xingrg/javascript/easyui/themes/icon.css HTTP/1.1" 304 -
124.79.245.255 - - [24/Dec/2021:10:15:03 +0800] "GET /xingrg/javascript/easyui/themes/default/easyui.css HTTP/1.1" 304 -
124.79.245.255 - - [24/Dec/2021:10:15:03 +0800] "GET /xingrg/javascript/pic_change.js HTTP/1.1" 304 -
124.79.245.255 - - [24/Dec/2021:10:15:03 +0800] "GET /xingrg/javascript/jquery_tools/fix.css HTTP/1.1" 304 -
124.79.245.255 - - [24/Dec/2021:10:15:03 +0800] "GET /xingrg/javascript/jquery_tools/table.css HTTP/1.1" 304 -
124.79.245.255 - - [24/Dec/2021:10:15:03 +0800] "GET /xingrg/javascript/jquery_tools/jquery.tools.min.js HTTP/1.1" 304 -
124.79.245.255 - - [24/Dec/2021:10:15:03 +0800] "GET /xingrg/javascript/jquery_tools/jquery.tools.extend.js HTTP/1.1" 304 -
124.79.245.255 - - [24/Dec/2021:10:15:03 +0800] "GET /xingrg/javascript/jquery_tools/jquery.tools.hotkey.js HTTP/1.1" 304 -
124.79.245.255 - - [24/Dec/2021:10:15:03 +0800] "GET /xingrg/javascript/jquery_tools/jquery.tools.table.js HTTP/1.1" 304 -
124.79.245.255 - - [24/Dec/2021:10:15:03 +0800] "GET /xingrg/javascript/jquery_tools/order_manager.js HTTP/1.1" 304 -
124.79.245.255 - - [24/Dec/2021:10:15:03 +0800] "GET /xingrg/javascript/convert.js HTTP/1.1" 304 -
124.79.245.255 - - [24/Dec/2021:10:15:03 +0800] "GET /xingrg/javascript/jquery.cookie.js HTTP/1.1" 304 -
124.79.245.255 - - [24/Dec/2021:10:15:03 +0800] "GET /xingrg/javascript/auto/jquery.autocomplete.js HTTP/1.1" 304 -
124.79.245.255 - - [24/Dec/2021:10:15:03 +0800] "GET /xingrg/javascript/easyui/easyloader.js HTTP/1.1" 304 -
124.79.245.255 - - [24/Dec/2021:10:15:03 +0800] "GET /xingrg/javascript/json2.js HTTP/1.1" 304 -
124.79.245.255 - - [24/Dec/2021:10:15:03 +0800] "GET /xingrg/javascript/jquery.utils.js HTTP/1.1" 304 -
124.79.245.255 - - [24/Dec/2021:10:15:03 +0800] "GET /xingrg/javascript/print/LodopFuncs.js HTTP/1.1" 304 -
124.79.245.255 - - [24/Dec/2021:10:15:03 +0800] "GET /xingrg/javascript/print/kc_print.js HTTP/1.1" 304 -
124.79.245.255 - - [24/Dec/2021:10:15:04 +0800] "GET /xingrg/words/20211222174829_words.js HTTP/1.1" 304 -
101.80.229.199 - - [24/Dec/2021:10:15:04 +0800] "GET /xingrg/all/function/internal_message.html?_=1640312104793&CODE_STATE=getMsg HTTP/1.1" 200 27
124.79.245.255 - - [24/Dec/2021:10:15:04 +0800] "GET /xingrg/javascript/easyui/themes/icons/copy_new.png HTTP/1.1" 304 -
124.79.245.255 - - [24/Dec/2021:10:15:04 +0800] "GET /xingrg/javascript/easyui/themes/icons/template_new.png HTTP/1.1" 304 -
124.79.245.255 - - [24/Dec/2021:10:15:04 +0800] "GET /xingrg/javascript/easyui/themes/icons/ok.png HTTP/1.1" 304 -
124.79.245.255 - - [24/Dec/2021:10:15:04 +0800] "GET /xingrg/javascript/easyui/themes/icons/print.png HTTP/1.1" 304 -
124.79.245.255 - - [24/Dec/2021:10:15:04 +0800] "GET /xingrg/javascript/easyui/themes/default/images/menu_downarrow.png HTTP/1.1" 304 -
124.79.245.255 - - [24/Dec/2021:10:15:04 +0800] "GET /xingrg/javascript/easyui/themes/icons/cancel.png HTTP/1.1" 304 -
124.79.245.255 - - [24/Dec/2021:10:15:04 +0800] "GET /xingrg/javascript/easyui/plugins/jquery.parser.js HTTP/1.1" 304 -
124.79.245.255 - - [24/Dec/2021:10:15:04 +0800] "POST /xingrg/kc/buy/cgsh_order_operate.html HTTP/1.1" 200 8245
124.79.245.255 - - [24/Dec/2021:10:15:05 +0800] "GET /xingrg/all/common/auto_word.html?type=employee&rest_code=00104 HTTP/1.1" 200 245
124.79.245.255 - - [24/Dec/2021:10:15:05 +0800] "GET /xingrg/all/common/auto_word.html?type=employee&rest_code=00104 HTTP/1.1" 200 245
124.79.245.255 - - [24/Dec/2021:10:15:05 +0800] "GET /xingrg/javascript/easyui/themes/default/validatebox.css HTTP/1.1" 404 1104
124.79.245.255 - - [24/Dec/2021:10:15:05 +0800] "GET /xingrg/javascript/easyui/plugins/jquery.validatebox.js HTTP/1.1" 304 -
124.79.245.255 - - [24/Dec/2021:10:15:05 +0800] "GET /xingrg/javascript/easyui/plugins/jquery.numberbox.js HTTP/1.1" 304 -
124.79.245.255 - - [24/Dec/2021:10:15:05 +0800] "GET /xingrg/javascript/easyui/plugins/jquery.draggable.js HTTP/1.1" 304 -
124.79.245.255 - - [24/Dec/2021:10:15:05 +0800] "GET /xingrg/css/images/panel_loading.gif HTTP/1.1" 304 -
124.79.245.255 - - [24/Dec/2021:10:15:06 +0800] "GET /xingrg/javascript/easyui/plugins/jquery.droppable.js HTTP/1.1" 304 -
124.79.245.255 - - [24/Dec/2021:10:15:06 +0800] "GET /xingrg/javascript/easyui/themes/default/tree.css HTTP/1.1" 404 1090
124.79.245.255 - - [24/Dec/2021:10:15:06 +0800] "GET /xingrg/javascript/easyui/plugins/jquery.tree.js HTTP/1.1" 304 -
124.79.245.255 - - [24/Dec/2021:10:15:06 +0800] "POST /xingrg/all/common/load_tree.html?tree=supplier_tree_json&isDelete=1 HTTP/1.1" 200 61544
124.79.245.255 - - [24/Dec/2021:10:15:08 +0800] "GET /xingrg/javascript/easyui/themes/default/images/tree_folder_open.gif HTTP/1.1" 304 -
124.79.245.255 - - [24/Dec/2021:10:15:08 +0800] "GET /xingrg/javascript/easyui/themes/default/images/tree_folder.gif HTTP/1.1" 304 -
124.79.245.255 - - [24/Dec/2021:10:15:08 +0800] "GET /xingrg/javascript/easyui/themes/default/images/tree_file.gif HTTP/1.1" 304 -
124.79.245.255 - - [24/Dec/2021:10:15:13 +0800] "GET /xingrg/all/function/internal_message.html?_=1640312137448&CODE_STATE=getMsg HTTP/1.1" 200 27
116.238.208.177 - - [24/Dec/2021:10:15:14 +0800] "GET /xingrg/all/function/internal_message.html?_=1640312122526&CODE_STATE=getMsg HTTP/1.1" 200 27
172.20.0.100 - - [24/Dec/2021:10:15:16 +0800] "GET /xingrg/all/function/internal_message.html?_=1640312115147&CODE_STATE=getMsg HTTP/1.1" 200 27
180.169.147.146 - - [24/Dec/2021:10:15:18 +0800] "GET /xingrg/all/function/internal_message.html?_=1640312117126&CODE_STATE=getMsg HTTP/1.1" 200 27
124.79.245.255 - - [24/Dec/2021:10:15:22 +0800] "GET /xingrg/kc/buy/cgsh_order_operate.html?command=get_materiel&rest_code=00104&code=00101006129&supplier_code=00100012&order_time=2021-12-24 HTTP/1.1" 200 431
114.88.159.28 - - [24/Dec/2021:10:15:23 +0800] "GET /xingrg/all/function/internal_message.html?_=1640311933612&CODE_STATE=getMsg HTTP/1.1" 200 27
116.238.248.233 - - [24/Dec/2021:10:15:26 +0800] "GET /xingrg/all/function/internal_message.html?_=1640312127753&CODE_STATE=getMsg HTTP/1.1" 200 27
180.169.147.146 - - [24/Dec/2021:10:15:27 +0800] "GET /xingrg/check_reg.html?_=1640312135440 HTTP/1.1" 200 22
180.169.147.146 - - [24/Dec/2021:10:15:27 +0800] "GET /xingrg/all/function/internal_message.html?_=1640312135437&CODE_STATE=getMsg HTTP/1.1" 200 27
124.79.245.255 - - [24/Dec/2021:10:15:27 +0800] "GET /xingrg/all/function/internal_message.html?_=1640312252765&CODE_STATE=getMsg HTTP/1.1" 302 -
124.77.245.186 - - [24/Dec/2021:10:15:28 +0800] "GET /xingrg/kc/buy/cgsh_order_operate.html?command=get_materiel&rest_code=00146&code=00101008361&supplier_code=00100005&order_time=2021-12-24 HTTP/1.1" 200 408
120.253.135.82 - - [24/Dec/2021:10:15:32 +0800] "GET /xingrg/all/function/internal_message.html?_=1640311913649&CODE_STATE=getMsg HTTP/1.1" 200 27
124.79.245.255 - - [24/Dec/2021:10:15:35 +0800] "GET /xingrg/kc/buy/cgsh_order_operate.html?command=get_materiel&rest_code=00104&code=00101006124&supplier_code=00100012&order_time=2021-12-24 HTTP/1.1" 200 409
180.157.251.97 - - [24/Dec/2021:10:15:35 +0800] "GET /xingrg/check_reg.html?_=1640312135056 HTTP/1.1" 200 22
180.157.251.97 - - [24/Dec/2021:10:15:35 +0800] "GET /xingrg/all/function/internal_message.html?_=1640312135057&CODE_STATE=getMsg HTTP/1.1" 200 27
124.77.245.186 - - [24/Dec/2021:10:15:41 +0800] "GET /xingrg/all/function/internal_message.html?_=1640312158446&CODE_STATE=getMsg HTTP/1.1" 200 27
124.77.245.186 - - [24/Dec/2021:10:15:42 +0800] "GET /xingrg/kc/buy/cgsh_order_operate.html?command=get_materiel&rest_code=00146&code=00101008300&supplier_code=00100005&order_time=2021-12-24 HTTP/1.1" 200 412
116.228.172.94 - - [24/Dec/2021:10:15:50 +0800] "GET /xingrg/all/function/internal_message.html?_=1640312146205&CODE_STATE=getMsg HTTP/1.1" 200 27
222.69.131.239 - - [24/Dec/2021:10:15:53 +0800] "GET /xingrg/all/function/internal_message.html?_=1640312151226&CODE_STATE=getMsg HTTP/1.1" 200 27
180.175.103.30 - - [24/Dec/2021:10:15:54 +0800] "GET /xingrg/all/function/internal_message.html?_=1640312154106&CODE_STATE=getMsg HTTP/1.1" 200 27
180.175.103.30 - - [24/Dec/2021:10:15:54 +0800] "GET /xingrg/check_reg.html?_=1640312154215 HTTP/1.1" 200 22
124.77.245.186 - - [24/Dec/2021:10:15:55 +0800] "GET /xingrg/kc/buy/cgsh_order_operate.html?command=get_materiel&rest_code=00146&code=00101008270&supplier_code=00100005&order_time=2021-12-24 HTTP/1.1" 200 414
180.169.147.146 - - [24/Dec/2021:10:15:55 +0800] "GET /xingrg/all/function/internal_message.html?_=1640312156237&CODE_STATE=getMsg HTTP/1.1" 200 27
222.70.176.97 - - [24/Dec/2021:10:15:58 +0800] "GET /xingrg/all/function/internal_message.html?_=1640312154714&CODE_STATE=getMsg HTTP/1.1" 200 27
114.85.125.222 - - [24/Dec/2021:10:16:01 +0800] "GET /xingrg/all/function/internal_message.html?_=1640312107729&CODE_STATE=getMsg HTTP/1.1" 200 27
116.227.210.113 - - [24/Dec/2021:10:16:01 +0800] "GET /xingrg/all/function/internal_message.html?_=1640312134663&CODE_STATE=getMsg HTTP/1.1" 200 27
101.80.229.199 - - [24/Dec/2021:10:16:04 +0800] "GET /xingrg/all/function/internal_message.html?_=1640312164779&CODE_STATE=getMsg HTTP/1.1" 200 27
124.77.245.186 - - [24/Dec/2021:10:16:10 +0800] "GET /xingrg/kc/buy/cgsh_order_operate.html?command=get_materiel&rest_code=00146&code=00101008213&supplier_code=00100005&order_time=2021-12-24 HTTP/1.1" 200 412
124.79.245.255 - - [24/Dec/2021:10:16:11 +0800] "GET /xingrg/kc/buy/cgsh_order_operate.html?command=get_materiel&rest_code=00104&code=00101006194&supplier_code=00100012&order_time=2021-12-24 HTTP/1.1" 200 413
124.79.245.255 - - [24/Dec/2021:10:16:13 +0800] "GET /xingrg/all/function/internal_message.html?_=1640312197471&CODE_STATE=getMsg HTTP/1.1" 200 27
116.238.208.177 - - [24/Dec/2021:10:16:14 +0800] "GET /xingrg/all/function/internal_message.html?_=1640312182541&CODE_STATE=getMsg HTTP/1.1" 200 27
172.20.0.100 - - [24/Dec/2021:10:16:16 +0800] "GET /xingrg/all/function/internal_message.html?_=1640312175153&CODE_STATE=getMsg HTTP/1.1" 200 27
180.169.147.146 - - [24/Dec/2021:10:16:18 +0800] "GET /xingrg/all/function/internal_message.html?_=1640312177123&CODE_STATE=getMsg HTTP/1.1" 200 27
114.88.159.28 - - [24/Dec/2021:10:16:23 +0800] "GET /xingrg/all/function/internal_message.html?_=1640311993616&CODE_STATE=getMsg HTTP/1.1" 200 27
124.79.245.255 - - [24/Dec/2021:10:16:26 +0800] "GET /xingrg/kc/buy/cgsh_order_operate.html?command=get_materiel&rest_code=00104&code=00101006055&supplier_code=00100012&order_time=2021-12-24 HTTP/1.1" 200 409
116.238.248.233 - - [24/Dec/2021:10:16:26 +0800] "GET /xingrg/all/function/internal_message.html?_=1640312187802&CODE_STATE=getMsg HTTP/1.1" 200 27
180.169.147.146 - - [24/Dec/2021:10:16:27 +0800] "GET /xingrg/all/function/internal_message.html?_=1640312195442&CODE_STATE=getMsg HTTP/1.1" 200 27
124.79.245.255 - - [24/Dec/2021:10:16:27 +0800] "GET /xingrg/all/function/internal_message.html?_=1640312312763&CODE_STATE=getMsg HTTP/1.1" 302 -
180.175.103.30 - - [24/Dec/2021:10:16:28 +0800] "POST /xingrg/kc/buy/cgsh_order_operate.html HTTP/1.1" 200 37
180.175.103.30 - - [24/Dec/2021:10:16:30 +0800] "POST /xingrg/kc/buy/cgsh_order_operate.html HTTP/1.1" 200 55270
180.175.103.30 - - [24/Dec/2021:10:16:32 +0800] "GET /xingrg/kc/print/load_data.html?order_code=212021122410025&kc_code=cgsh&condition= HTTP/1.1" 200 20494
120.253.135.82 - - [24/Dec/2021:10:16:32 +0800] "GET /xingrg/all/function/internal_message.html?_=1640311973662&CODE_STATE=getMsg HTTP/1.1" 200 27
124.77.245.186 - - [24/Dec/2021:10:16:34 +0800] "GET /xingrg/kc/buy/cgsh_order_operate.html?command=get_materiel&rest_code=00146&code=00101008100&supplier_code=00100005&order_time=2021-12-24 HTTP/1.1" 200 408
180.157.251.97 - - [24/Dec/2021:10:16:35 +0800] "GET /xingrg/all/function/internal_message.html?_=1640312195055&CODE_STATE=getMsg HTTP/1.1" 200 27
124.77.245.186 - - [24/Dec/2021:10:16:41 +0800] "GET /xingrg/all/function/internal_message.html?_=1640312218484&CODE_STATE=getMsg HTTP/1.1" 200 27
124.77.245.186 - - [24/Dec/2021:10:16:44 +0800] "GET /xingrg/kc/buy/cgsh_order_operate.html?command=get_materiel&rest_code=00146&code=00101008502&supplier_code=00100005&order_time=2021-12-24 HTTP/1.1" 200 398
116.238.208.177 - - [24/Dec/2021:10:16:45 +0800] "GET /xingrg/kc/buy/cgsh_order_add.html HTTP/1.1" 200 65208
124.79.245.255 - - [24/Dec/2021:10:16:45 +0800] "GET /xingrg/kc/buy/cgsh_order_operate.html?command=get_materiel&rest_code=00104&code=00101006013&supplier_code=00100012&order_time=2021-12-24 HTTP/1.1" 200 409
116.238.208.177 - - [24/Dec/2021:10:16:47 +0800] "POST /xingrg/kc/buy/cgsh_order_operate.html HTTP/1.1" 200 8245
116.238.208.177 - - [24/Dec/2021:10:16:47 +0800] "GET /xingrg/javascript/easyui/themes/default/validatebox.css HTTP/1.1" 404 1104
116.228.172.94 - - [24/Dec/2021:10:16:50 +0800] "GET /xingrg/all/function/internal_message.html?_=1640312206185&CODE_STATE=getMsg HTTP/1.1" 200 27
222.69.131.239 - - [24/Dec/2021:10:16:53 +0800] "GET /xingrg/all/function/internal_message.html?_=1640312211229&CODE_STATE=getMsg HTTP/1.1" 200 27
180.175.103.30 - - [24/Dec/2021:10:16:54 +0800] "GET /xingrg/all/function/internal_message.html?_=1640312214092&CODE_STATE=getMsg HTTP/1.1" 200 27
180.169.147.146 - - [24/Dec/2021:10:16:55 +0800] "GET /xingrg/all/function/internal_message.html?_=1640312216239&CODE_STATE=getMsg HTTP/1.1" 200 27
124.79.245.255 - - [24/Dec/2021:10:16:56 +0800] "GET /xingrg/kc/buy/cgsh_order_operate.html?command=get_materiel&rest_code=00104&code=00101006065&supplier_code=00100012&order_time=2021-12-24 HTTP/1.1" 200 409
124.77.245.186 - - [24/Dec/2021:10:16:57 +0800] "GET /xingrg/kc/buy/cgsh_order_operate.html?command=get_materiel&rest_code=00146&code=00101008201&supplier_code=00100005&order_time=2021-12-24 HTTP/1.1" 200 412
222.70.176.97 - - [24/Dec/2021:10:16:58 +0800] "GET /xingrg/all/function/internal_message.html?_=1640312214699&CODE_STATE=getMsg HTTP/1.1" 200 27
116.238.208.177 - - [24/Dec/2021:10:17:00 +0800] "GET /xingrg/javascript/easyui/themes/default/tree.css HTTP/1.1" 404 1090
114.85.125.222 - - [24/Dec/2021:10:17:00 +0800] "GET /xingrg/check_reg.html?_=1640312167100 HTTP/1.1" 200 22
116.238.208.177 - - [24/Dec/2021:10:17:01 +0800] "POST /xingrg/all/common/load_tree.html?tree=supplier_tree_json&isDelete=1 HTTP/1.1" 200 61544
114.85.125.222 - - [24/Dec/2021:10:17:01 +0800] "GET /xingrg/all/function/internal_message.html?_=1640312167743&CODE_STATE=getMsg HTTP/1.1" 200 27
116.227.210.113 - - [24/Dec/2021:10:17:01 +0800] "GET /xingrg/all/function/internal_message.html?_=1640312194648&CODE_STATE=getMsg HTTP/1.1" 200 27
180.175.103.30 - - [24/Dec/2021:10:17:02 +0800] "GET /xingrg/kc/buy/cgsh_order_add.html HTTP/1.1" 200 65337
180.175.103.30 - - [24/Dec/2021:10:17:02 +0800] "POST /xingrg/kc/buy/cgsh_order_operate.html HTTP/1.1" 200 8245
180.175.103.30 - - [24/Dec/2021:10:17:02 +0800] "GET /xingrg/javascript/easyui/themes/default/validatebox.css HTTP/1.1" 404 1104
101.80.229.199 - - [24/Dec/2021:10:17:04 +0800] "GET /xingrg/all/function/internal_message.html?_=1640312224781&CODE_STATE=getMsg HTTP/1.1" 200 27
124.79.245.255 - - [24/Dec/2021:10:17:11 +0800] "GET /xingrg/javascript/easyui/themes/default/images/button_plain_hover.png HTTP/1.1" 304 -
124.79.245.255 - - [24/Dec/2021:10:17:11 +0800] "GET /xingrg/javascript/easyui/themes/default/images/button_plain_hover.png HTTP/1.1" 304 -
124.79.245.255 - - [24/Dec/2021:10:17:13 +0800] "GET /xingrg/all/function/internal_message.html?_=1640312257475&CODE_STATE=getMsg HTTP/1.1" 200 27
116.238.208.177 - - [24/Dec/2021:10:17:15 +0800] "GET /xingrg/all/function/internal_message.html?_=1640312242553&CODE_STATE=getMsg HTTP/1.1" 200 27
124.79.245.255 - - [24/Dec/2021:10:17:15 +0800] "POST /xingrg/kc/buy/cgsh_order_operate.html HTTP/1.1" 200 37
172.20.0.100 - - [24/Dec/2021:10:17:16 +0800] "GET /xingrg/all/function/internal_message.html?_=1640312235158&CODE_STATE=getMsg HTTP/1.1" 200 27
172.20.0.100 - - [24/Dec/2021:10:17:16 +0800] "GET /xingrg/check_reg.html?_=1640312235160 HTTP/1.1" 200 22
124.79.245.255 - - [24/Dec/2021:10:17:16 +0800] "POST /xingrg/kc/buy/cgsh_order_operate.html HTTP/1.1" 200 5628
124.79.245.255 - - [24/Dec/2021:10:17:17 +0800] "GET /xingrg/javascript/easyui/themes/default/images/button_plain_hover.png HTTP/1.1" 304 -
124.79.245.255 - - [24/Dec/2021:10:17:17 +0800] "GET /xingrg/javascript/easyui/themes/default/images/button_plain_hover.png HTTP/1.1" 304 -
124.79.245.255 - - [24/Dec/2021:10:17:17 +0800] "GET /xingrg/javascript/easyui/themes/default/images/button_plain_hover.png HTTP/1.1" 304 -
124.79.245.255 - - [24/Dec/2021:10:17:17 +0800] "GET /xingrg/javascript/easyui/themes/default/images/button_plain_hover.png HTTP/1.1" 304 -
124.79.245.255 - - [24/Dec/2021:10:17:17 +0800] "GET /xingrg/css/site.css HTTP/1.1" 304 -
124.79.245.255 - - [24/Dec/2021:10:17:17 +0800] "GET /xingrg/css/base.css HTTP/1.1" 304 -
124.79.245.255 - - [24/Dec/2021:10:17:17 +0800] "GET /xingrg/kc/buy/cgsh_order_add.html HTTP/1.1" 200 65249
124.79.245.255 - - [24/Dec/2021:10:17:17 +0800] "GET /xingrg/javascript/easyui/themes/default/easyui.css HTTP/1.1" 304 -
124.79.245.255 - - [24/Dec/2021:10:17:17 +0800] "GET /xingrg/javascript/jquery_tools/jquery.tools.min.js HTTP/1.1" 304 -
124.79.245.255 - - [24/Dec/2021:10:17:17 +0800] "GET /xingrg/javascript/easyui/themes/icon.css HTTP/1.1" 304 -
124.79.245.255 - - [24/Dec/2021:10:17:17 +0800] "GET /xingrg/javascript/jquery_tools/datebox.css HTTP/1.1" 304 -
124.79.245.255 - - [24/Dec/2021:10:17:17 +0800] "GET /xingrg/javascript/auto/jquery.autocomplete.css HTTP/1.1" 304 -
124.79.245.255 - - [24/Dec/2021:10:17:17 +0800] "GET /xingrg/javascript/jquery_tools/jquery.tools.extend.js HTTP/1.1" 304 -
124.79.245.255 - - [24/Dec/2021:10:17:17 +0800] "GET /xingrg/javascript/jquery_tools/fix.css HTTP/1.1" 304 -
124.79.245.255 - - [24/Dec/2021:10:17:17 +0800] "GET /xingrg/javascript/pic_change.js HTTP/1.1" 304 -
124.79.245.255 - - [24/Dec/2021:10:17:17 +0800] "GET /xingrg/javascript/jquery_tools/jquery.tools.table.js HTTP/1.1" 304 -
124.79.245.255 - - [24/Dec/2021:10:17:17 +0800] "GET /xingrg/javascript/jquery_tools/table.css HTTP/1.1" 304 -
124.79.245.255 - - [24/Dec/2021:10:17:17 +0800] "GET /xingrg/javascript/auto/jquery.autocomplete.js HTTP/1.1" 304 -
124.79.245.255 - - [24/Dec/2021:10:17:17 +0800] "GET /xingrg/javascript/jquery_tools/order_manager.js HTTP/1.1" 304 -
124.79.245.255 - - [24/Dec/2021:10:17:17 +0800] "GET /xingrg/javascript/easyui/easyloader.js HTTP/1.1" 304 -
124.79.245.255 - - [24/Dec/2021:10:17:17 +0800] "GET /xingrg/javascript/jquery.cookie.js HTTP/1.1" 304 -
124.79.245.255 - - [24/Dec/2021:10:17:17 +0800] "GET /xingrg/javascript/convert.js HTTP/1.1" 304 -
124.79.245.255 - - [24/Dec/2021:10:17:17 +0800] "GET /xingrg/javascript/print/kc_print.js HTTP/1.1" 304 -
124.79.245.255 - - [24/Dec/2021:10:17:17 +0800] "GET /xingrg/javascript/print/LodopFuncs.js HTTP/1.1" 304 -
124.79.245.255 - - [24/Dec/2021:10:17:17 +0800] "GET /xingrg/javascript/jquery_tools/jquery.tools.hotkey.js HTTP/1.1" 304 -
124.79.245.255 - - [24/Dec/2021:10:17:17 +0800] "GET /xingrg/javascript/jquery.utils.js HTTP/1.1" 304 -
124.79.245.255 - - [24/Dec/2021:10:17:17 +0800] "GET /xingrg/javascript/json2.js HTTP/1.1" 304 -
180.169.147.146 - - [24/Dec/2021:10:17:18 +0800] "GET /xingrg/all/function/internal_message.html?_=1640312237111&CODE_STATE=getMsg HTTP/1.1" 200 27
124.79.245.255 - - [24/Dec/2021:10:17:18 +0800] "GET /xingrg/words/20211222174829_words.js HTTP/1.1" 304 -
124.79.245.255 - - [24/Dec/2021:10:17:19 +0800] "GET /xingrg/javascript/easyui/themes/icons/copy_new.png HTTP/1.1" 304 -
124.79.245.255 - - [24/Dec/2021:10:17:19 +0800] "GET /xingrg/javascript/easyui/themes/icons/template_new.png HTTP/1.1" 304 -
124.79.245.255 - - [24/Dec/2021:10:17:19 +0800] "GET /xingrg/javascript/easyui/themes/icons/ok.png HTTP/1.1" 304 -
124.79.245.255 - - [24/Dec/2021:10:17:19 +0800] "GET /xingrg/javascript/easyui/themes/icons/print.png HTTP/1.1" 304 -
124.79.245.255 - - [24/Dec/2021:10:17:19 +0800] "GET /xingrg/javascript/easyui/themes/default/images/menu_downarrow.png HTTP/1.1" 304 -
124.79.245.255 - - [24/Dec/2021:10:17:19 +0800] "GET /xingrg/javascript/easyui/themes/icons/cancel.png HTTP/1.1" 304 -
124.79.245.255 - - [24/Dec/2021:10:17:19 +0800] "GET /xingrg/javascript/easyui/plugins/jquery.parser.js HTTP/1.1" 304 -
124.79.245.255 - - [24/Dec/2021:10:17:19 +0800] "POST /xingrg/kc/buy/cgsh_order_operate.html HTTP/1.1" 200 8245
124.79.245.255 - - [24/Dec/2021:10:17:19 +0800] "GET /xingrg/all/common/auto_word.html?type=employee&rest_code=00104 HTTP/1.1" 200 245
124.79.245.255 - - [24/Dec/2021:10:17:19 +0800] "GET /xingrg/all/common/auto_word.html?type=employee&rest_code=00104 HTTP/1.1" 200 245
124.79.245.255 - - [24/Dec/2021:10:17:19 +0800] "GET /xingrg/javascript/easyui/themes/default/validatebox.css HTTP/1.1" 404 1104
124.79.245.255 - - [24/Dec/2021:10:17:19 +0800] "GET /xingrg/javascript/easyui/plugins/jquery.validatebox.js HTTP/1.1" 304 -
124.79.245.255 - - [24/Dec/2021:10:17:19 +0800] "GET /xingrg/javascript/easyui/plugins/jquery.numberbox.js HTTP/1.1" 304 -
124.79.245.255 - - [24/Dec/2021:10:17:20 +0800] "GET /xingrg/javascript/easyui/plugins/jquery.draggable.js HTTP/1.1" 304 -
124.79.245.255 - - [24/Dec/2021:10:17:20 +0800] "GET /xingrg/css/images/panel_loading.gif HTTP/1.1" 304 -
124.79.245.255 - - [24/Dec/2021:10:17:20 +0800] "GET /xingrg/javascript/easyui/plugins/jquery.droppable.js HTTP/1.1" 304 -
124.79.245.255 - - [24/Dec/2021:10:17:20 +0800] "GET /xingrg/javascript/easyui/themes/default/tree.css HTTP/1.1" 404 1090
124.79.245.255 - - [24/Dec/2021:10:17:20 +0800] "GET /xingrg/javascript/easyui/plugins/jquery.tree.js HTTP/1.1" 304 -
124.79.245.255 - - [24/Dec/2021:10:17:20 +0800] "POST /xingrg/all/common/load_tree.html?tree=supplier_tree_json&isDelete=1 HTTP/1.1" 200 61544
124.79.245.255 - - [24/Dec/2021:10:17:23 +0800] "GET /xingrg/javascript/easyui/themes/default/images/tree_file.gif HTTP/1.1" 304 -
124.79.245.255 - - [24/Dec/2021:10:17:23 +0800] "GET /xingrg/javascript/easyui/themes/default/images/tree_folder_open.gif HTTP/1.1" 304 -
124.79.245.255 - - [24/Dec/2021:10:17:23 +0800] "GET /xingrg/javascript/easyui/themes/default/images/tree_folder.gif HTTP/1.1" 304 -
180.157.251.97 - - [24/Dec/2021:10:17:23 +0800] "GET /xingrg/check_reg.html?_=1640312243611 HTTP/1.1" 200 22
114.88.159.28 - - [24/Dec/2021:10:17:23 +0800] "GET /xingrg/all/function/internal_message.html?_=1640312053638&CODE_STATE=getMsg HTTP/1.1" 200 27
124.77.245.186 - - [24/Dec/2021:10:17:25 +0800] "GET /xingrg/kc/buy/cgsh_order_operate.html?command=get_materiel&rest_code=00146&code=00101008027&supplier_code=00100005&order_time=2021-12-24 HTTP/1.1" 200 408
116.238.248.233 - - [24/Dec/2021:10:17:26 +0800] "GET /xingrg/all/function/internal_message.html?_=1640312247851&CODE_STATE=getMsg HTTP/1.1" 200 27
180.169.147.146 - - [24/Dec/2021:10:17:27 +0800] "GET /xingrg/all/function/internal_message.html?_=1640312255440&CODE_STATE=getMsg HTTP/1.1" 200 27
124.79.245.255 - - [24/Dec/2021:10:17:27 +0800] "GET /xingrg/all/function/internal_message.html?_=1640312372763&CODE_STATE=getMsg HTTP/1.1" 302 -
120.253.135.82 - - [24/Dec/2021:10:17:32 +0800] "GET /xingrg/all/function/internal_message.html?_=1640312033819&CODE_STATE=getMsg HTTP/1.1" 200 27
180.157.251.97 - - [24/Dec/2021:10:17:35 +0800] "GET /xingrg/all/function/internal_message.html?_=1640312255069&CODE_STATE=getMsg HTTP/1.1" 200 27
124.79.245.255 - - [24/Dec/2021:10:17:35 +0800] "GET /xingrg/kc/buy/cgsh_order_operate.html?command=get_materiel&rest_code=00104&code=00101007022&supplier_code=00100003&order_time=2021-12-24 HTTP/1.1" 200 413
124.77.245.186 - - [24/Dec/2021:10:17:41 +0800] "GET /xingrg/all/function/internal_message.html?_=1640312278490&CODE_STATE=getMsg HTTP/1.1" 200 27
124.77.245.186 - - [24/Dec/2021:10:17:42 +0800] "GET /xingrg/kc/buy/cgsh_order_operate.html?command=get_materiel&rest_code=00146&code=00101008132&supplier_code=00100005&order_time=2021-12-24 HTTP/1.1" 200 408
124.79.245.255 - - [24/Dec/2021:10:17:49 +0800] "GET /xingrg/kc/buy/cgsh_order_operate.html?command=get_materiel&rest_code=00104&code=00101007061&supplier_code=00100003&order_time=2021-12-24 HTTP/1.1" 200 411
116.228.172.94 - - [24/Dec/2021:10:17:50 +0800] "GET /xingrg/check_reg.html?_=1640312265746 HTTP/1.1" 200 22
116.228.172.94 - - [24/Dec/2021:10:17:50 +0800] "GET /xingrg/all/function/internal_message.html?_=1640312266167&CODE_STATE=getMsg HTTP/1.1" 200 27
222.69.131.239 - - [24/Dec/2021:10:17:53 +0800] "GET /xingrg/all/function/internal_message.html?_=1640312271216&CODE_STATE=getMsg HTTP/1.1" 200 27
180.175.103.30 - - [24/Dec/2021:10:17:54 +0800] "GET /xingrg/all/function/internal_message.html?_=1640312274257&CODE_STATE=getMsg HTTP/1.1" 200 27
180.169.147.146 - - [24/Dec/2021:10:17:55 +0800] "GET /xingrg/all/function/internal_message.html?_=1640312276240&CODE_STATE=getMsg HTTP/1.1" 200 27
180.169.147.146 - - [24/Dec/2021:10:17:55 +0800] "GET /xingrg/check_reg.html?_=1640312276243 HTTP/1.1" 200 22
222.70.176.97 - - [24/Dec/2021:10:17:58 +0800] "GET /xingrg/all/function/internal_message.html?_=1640312274714&CODE_STATE=getMsg HTTP/1.1" 200 27
222.70.176.97 - - [24/Dec/2021:10:17:58 +0800] "GET /xingrg/check_reg.html?_=1640312274716 HTTP/1.1" 200 22
116.238.208.177 - - [24/Dec/2021:10:17:58 +0800] "GET /xingrg/kc/buy/cgsh_order_operate.html?command=get_materiel&rest_code=00102&code=00101031006&supplier_code=00100064&order_time=2021-12-24 HTTP/1.1" 200 417
114.85.125.222 - - [24/Dec/2021:10:18:01 +0800] "GET /xingrg/all/function/internal_message.html?_=1640312227756&CODE_STATE=getMsg HTTP/1.1" 200 27
116.227.210.113 - - [24/Dec/2021:10:18:01 +0800] "GET /xingrg/all/function/internal_message.html?_=1640312254646&CODE_STATE=getMsg HTTP/1.1" 200 27
101.80.229.199 - - [24/Dec/2021:10:18:04 +0800] "GET /xingrg/all/function/internal_message.html?_=1640312284784&CODE_STATE=getMsg HTTP/1.1" 200 27
124.79.245.255 - - [24/Dec/2021:10:18:07 +0800] "GET /xingrg/kc/buy/cgsh_order_operate.html?command=get_materiel&rest_code=00104&code=00101007049&supplier_code=00100003&order_time=2021-12-24 HTTP/1.1" 200 409
124.79.245.255 - - [24/Dec/2021:10:18:11 +0800] "GET /xingrg/check_reg.html?_=1640312315412 HTTP/1.1" 200 22
124.79.245.255 - - [24/Dec/2021:10:18:13 +0800] "GET /xingrg/all/function/internal_message.html?_=1640312317648&CODE_STATE=getMsg HTTP/1.1" 200 27
116.238.208.177 - - [24/Dec/2021:10:18:15 +0800] "GET /xingrg/all/function/internal_message.html?_=1640312302567&CODE_STATE=getMsg HTTP/1.1" 200 27
124.79.245.255 - - [24/Dec/2021:10:18:16 +0800] "GET /xingrg/kc/buy/cgsh_order_operate.html?command=get_materiel&rest_code=00104&code=00101007022&supplier_code=00100003&order_time=2021-12-24 HTTP/1.1" 200 413
172.20.0.100 - - [24/Dec/2021:10:18:16 +0800] "GET /xingrg/all/function/internal_message.html?_=1640312295146&CODE_STATE=getMsg HTTP/1.1" 200 27
180.169.147.146 - - [24/Dec/2021:10:18:18 +0800] "GET /xingrg/all/function/internal_message.html?_=1640312297121&CODE_STATE=getMsg HTTP/1.1" 200 27
180.169.147.146 - - [24/Dec/2021:10:18:18 +0800] "GET /xingrg/check_reg.html?_=1640312297122 HTTP/1.1" 200 22
180.169.147.146 - - [24/Dec/2021:10:18:20 +0800] "GET /xingrg/check_reg.html?_=1640312299419 HTTP/1.1" 200 22
124.77.245.186 - - [24/Dec/2021:10:18:21 +0800] "GET /xingrg/check_reg.html?_=1640312318132 HTTP/1.1" 200 22
114.88.159.28 - - [24/Dec/2021:10:18:23 +0800] "GET /xingrg/check_reg.html?_=1640312113636 HTTP/1.1" 200 22
114.88.159.28 - - [24/Dec/2021:10:18:23 +0800] "GET /xingrg/all/function/internal_message.html?_=1640312113637&CODE_STATE=getMsg HTTP/1.1" 200 27
116.238.248.233 - - [24/Dec/2021:10:18:27 +0800] "GET /xingrg/all/function/internal_message.html?_=1640312307900&CODE_STATE=getMsg HTTP/1.1" 200 27
180.169.147.146 - - [24/Dec/2021:10:18:27 +0800] "GET /xingrg/all/function/internal_message.html?_=1640312315440&CODE_STATE=getMsg HTTP/1.1" 200 27
124.79.245.255 - - [24/Dec/2021:10:18:27 +0800] "GET /xingrg/check_reg.html?_=1640312432779 HTTP/1.1" 302 -
124.79.245.255 - - [24/Dec/2021:10:18:27 +0800] "GET /xingrg/all/function/internal_message.html?_=1640312432777&CODE_STATE=getMsg HTTP/1.1" 302 -
180.175.103.30 - - [24/Dec/2021:10:18:29 +0800] "POST /xingrg/kc/buy/cgsh_order_operate.html HTTP/1.1" 200 37
124.79.245.255 - - [24/Dec/2021:10:18:30 +0800] "GET /xingrg/kc/buy/cgsh_order_operate.html?command=get_materiel&rest_code=00104&code=00101007061&supplier_code=00100003&order_time=2021-12-24 HTTP/1.1" 200 411
120.253.135.82 - - [24/Dec/2021:10:18:32 +0800] "GET /xingrg/all/function/internal_message.html?_=1640312093830&CODE_STATE=getMsg HTTP/1.1" 200 27
180.175.103.30 - - [24/Dec/2021:10:18:34 +0800] "POST /xingrg/kc/buy/cgsh_order_operate.html HTTP/1.1" 200 5022
180.157.251.97 - - [24/Dec/2021:10:18:35 +0800] "GET /xingrg/all/function/internal_message.html?_=1640312315077&CODE_STATE=getMsg HTTP/1.1" 200 27
180.175.103.30 - - [24/Dec/2021:10:18:37 +0800] "GET /xingrg/kc/print/load_data.html?order_code=212021122410028&kc_code=cgsh&condition= HTTP/1.1" 200 1566
124.77.245.186 - - [24/Dec/2021:10:18:41 +0800] "GET /xingrg/all/function/internal_message.html?_=1640312338503&CODE_STATE=getMsg HTTP/1.1" 200 27
124.77.245.186 - - [24/Dec/2021:10:18:45 +0800] "GET /xingrg/kc/buy/cgsh_order_operate.html?command=get_materiel&rest_code=00146&code=00101008244&supplier_code=00100005&order_time=2021-12-24 HTTP/1.1" 200 408
116.228.172.94 - - [24/Dec/2021:10:18:50 +0800] "GET /xingrg/all/function/internal_message.html?_=1640312326151&CODE_STATE=getMsg HTTP/1.1" 200 27
222.69.131.239 - - [24/Dec/2021:10:18:53 +0800] "GET /xingrg/all/function/internal_message.html?_=1640312331228&CODE_STATE=getMsg HTTP/1.1" 200 27
222.69.131.239 - - [24/Dec/2021:10:18:53 +0800] "GET /xingrg/check_reg.html?_=1640312331232 HTTP/1.1" 200 22
180.175.103.30 - - [24/Dec/2021:10:18:54 +0800] "GET /xingrg/all/function/internal_message.html?_=1640312334079&CODE_STATE=getMsg HTTP/1.1" 200 27
180.169.147.146 - - [24/Dec/2021:10:18:55 +0800] "GET /xingrg/all/function/internal_message.html?_=1640312336243&CODE_STATE=getMsg HTTP/1.1" 200 27
124.79.245.255 - - [24/Dec/2021:10:18:57 +0800] "GET /xingrg/kc/buy/cgsh_order_operate.html?command=get_materiel&rest_code=00104&code=00101007049&supplier_code=00100003&order_time=2021-12-24 HTTP/1.1" 200 409
222.70.176.97 - - [24/Dec/2021:10:18:58 +0800] "GET /xingrg/all/function/internal_message.html?_=1640312334700&CODE_STATE=getMsg HTTP/1.1" 200 27
114.85.125.222 - - [24/Dec/2021:10:19:01 +0800] "GET /xingrg/all/function/internal_message.html?_=1640312287771&CODE_STATE=getMsg HTTP/1.1" 200 27
116.227.210.113 - - [24/Dec/2021:10:19:01 +0800] "GET /xingrg/all/function/internal_message.html?_=1640312314653&CODE_STATE=getMsg HTTP/1.1" 200 27
101.80.229.199 - - [24/Dec/2021:10:19:04 +0800] "GET /xingrg/all/function/internal_message.html?_=1640312344788&CODE_STATE=getMsg HTTP/1.1" 200 27
101.80.229.199 - - [24/Dec/2021:10:19:04 +0800] "GET /xingrg/check_reg.html?_=1640312344790 HTTP/1.1" 200 22
124.79.245.255 - - [24/Dec/2021:10:19:12 +0800] "GET /xingrg/javascript/easyui/themes/default/images/button_plain_hover.png HTTP/1.1" 304 -
116.238.208.177 - - [24/Dec/2021:10:19:12 +0800] "GET /xingrg/check_reg.html?_=1640312360396 HTTP/1.1" 200 22
116.238.208.177 - - [24/Dec/2021:10:19:14 +0800] "POST /xingrg/kc/buy/cgsh_order_operate.html HTTP/1.1" 200 37
124.79.245.255 - - [24/Dec/2021:10:19:16 +0800] "POST /xingrg/kc/buy/cgsh_order_operate.html HTTP/1.1" 200 37
172.20.0.100 - - [24/Dec/2021:10:19:16 +0800] "GET /xingrg/all/function/internal_message.html?_=1640312355154&CODE_STATE=getMsg HTTP/1.1" 200 27
116.238.208.177 - - [24/Dec/2021:10:19:17 +0800] "POST /xingrg/kc/buy/cgsh_order_operate.html HTTP/1.1" 200 12
124.79.245.255 - - [24/Dec/2021:10:19:17 +0800] "POST /xingrg/kc/buy/cgsh_order_operate.html HTTP/1.1" 200 5602
180.169.147.146 - - [24/Dec/2021:10:19:18 +0800] "GET /xingrg/all/function/internal_message.html?_=1640312357121&CODE_STATE=getMsg HTTP/1.1" 200 27
116.238.208.177 - - [24/Dec/2021:10:19:19 +0800] "GET /xingrg/kc/buy/cgsh_order_info.html?code=212021122410029 HTTP/1.1" 200 60115
116.238.208.177 - - [24/Dec/2021:10:19:21 +0800] "GET /xingrg/all/function/internal_message.html?_=1640312368820&CODE_STATE=getMsg HTTP/1.1" 200 27
116.238.208.177 - - [24/Dec/2021:10:19:21 +0800] "GET /xingrg/javascript/easyui/themes/default/validatebox.css HTTP/1.1" 404 1104
116.238.208.177 - - [24/Dec/2021:10:19:21 +0800] "POST /xingrg/kc/buy/cgsh_order_operate.html HTTP/1.1" 200 610
114.88.159.28 - - [24/Dec/2021:10:19:23 +0800] "GET /xingrg/all/function/internal_message.html?_=1640312173647&CODE_STATE=getMsg HTTP/1.1" 200 27
116.238.208.177 - - [24/Dec/2021:10:19:24 +0800] "GET /xingrg/kc/print/load_data.html?order_code=212021122410029&kc_code=cgsh&condition= HTTP/1.1" 200 728
116.238.248.233 - - [24/Dec/2021:10:19:27 +0800] "GET /xingrg/check_reg.html?_=1640312367950 HTTP/1.1" 200 22
116.238.248.233 - - [24/Dec/2021:10:19:27 +0800] "GET /xingrg/all/function/internal_message.html?_=1640312367952&CODE_STATE=getMsg HTTP/1.1" 200 27
180.169.147.146 - - [24/Dec/2021:10:19:27 +0800] "GET /xingrg/all/function/internal_message.html?_=1640312375440&CODE_STATE=getMsg HTTP/1.1" 200 27
124.79.245.255 - - [24/Dec/2021:10:19:27 +0800] "GET /xingrg/all/function/internal_message.html?_=1640312492763&CODE_STATE=getMsg HTTP/1.1" 302 -
120.253.135.82 - - [24/Dec/2021:10:19:32 +0800] "GET /xingrg/check_reg.html?_=1640312153194 HTTP/1.1" 200 22
120.253.135.82 - - [24/Dec/2021:10:19:32 +0800] "GET /xingrg/all/function/internal_message.html?_=1640312153844&CODE_STATE=getMsg HTTP/1.1" 200 27
180.157.251.97 - - [24/Dec/2021:10:19:35 +0800] "GET /xingrg/all/function/internal_message.html?_=1640312375063&CODE_STATE=getMsg HTTP/1.1" 200 27
124.77.245.186 - - [24/Dec/2021:10:19:41 +0800] "GET /xingrg/all/function/internal_message.html?_=1640312398516&CODE_STATE=getMsg HTTP/1.1" 200 27
124.77.245.186 - - [24/Dec/2021:10:19:47 +0800] "GET /xingrg/kc/buy/cgsh_order_operate.html?command=get_materiel&rest_code=00146&code=00101008354&supplier_code=00100005&order_time=2021-12-24 HTTP/1.1" 200 412
116.228.172.94 - - [24/Dec/2021:10:19:50 +0800] "GET /xingrg/all/function/internal_message.html?_=1640312386130&CODE_STATE=getMsg HTTP/1.1" 200 27
116.238.208.177 - - [24/Dec/2021:10:19:52 +0800] "GET /xingrg/kc/buy/cgsh_order_add.html HTTP/1.1" 200 65208
222.69.131.239 - - [24/Dec/2021:10:19:53 +0800] "GET /xingrg/all/function/internal_message.html?_=1640312391236&CODE_STATE=getMsg HTTP/1.1" 200 27
180.175.103.30 - - [24/Dec/2021:10:19:54 +0800] "GET /xingrg/all/function/internal_message.html?_=1640312394079&CODE_STATE=getMsg HTTP/1.1" 200 27
116.238.208.177 - - [24/Dec/2021:10:19:54 +0800] "POST /xingrg/kc/buy/cgsh_order_operate.html HTTP/1.1" 200 8245
116.238.208.177 - - [24/Dec/2021:10:19:54 +0800] "GET /xingrg/javascript/easyui/themes/default/validatebox.css HTTP/1.1" 404 1104
180.169.147.146 - - [24/Dec/2021:10:19:55 +0800] "GET /xingrg/all/function/internal_message.html?_=1640312396246&CODE_STATE=getMsg HTTP/1.1" 200 27
222.70.176.97 - - [24/Dec/2021:10:19:58 +0800] "GET /xingrg/all/function/internal_message.html?_=1640312394713&CODE_STATE=getMsg HTTP/1.1" 200 27
114.85.125.222 - - [24/Dec/2021:10:20:01 +0800] "GET /xingrg/all/function/internal_message.html?_=1640312347794&CODE_STATE=getMsg HTTP/1.1" 200 27
116.227.210.113 - - [24/Dec/2021:10:20:01 +0800] "GET /xingrg/all/function/internal_message.html?_=1640312374654&CODE_STATE=getMsg HTTP/1.1" 200 27
116.227.210.113 - - [24/Dec/2021:10:20:01 +0800] "GET /xingrg/check_reg.html?_=1640312374658 HTTP/1.1" 200 22
124.77.245.186 - - [24/Dec/2021:10:20:04 +0800] "GET /xingrg/kc/buy/cgsh_order_operate.html?command=get_materiel&rest_code=00146&code=00101008351&supplier_code=00100005&order_time=2021-12-24 HTTP/1.1" 200 408
101.80.229.199 - - [24/Dec/2021:10:20:04 +0800] "GET /xingrg/all/function/internal_message.html?_=1640312404776&CODE_STATE=getMsg HTTP/1.1" 200 27
124.79.245.255 - - [24/Dec/2021:10:20:13 +0800] "GET /xingrg/all/function/internal_message.html?_=1640312437670&CODE_STATE=getMsg HTTP/1.1" 200 27
124.77.245.186 - - [24/Dec/2021:10:20:16 +0800] "GET /xingrg/kc/buy/cgsh_order_operate.html?command=get_materiel&rest_code=00146&code=00101008096&supplier_code=00100005&order_time=2021-12-24 HTTP/1.1" 200 412
172.20.0.100 - - [24/Dec/2021:10:20:16 +0800] "GET /xingrg/all/function/internal_message.html?_=1640312415155&CODE_STATE=getMsg HTTP/1.1" 200 27
180.169.147.146 - - [24/Dec/2021:10:20:18 +0800] "GET /xingrg/all/function/internal_message.html?_=1640312417121&CODE_STATE=getMsg HTTP/1.1" 200 27
116.238.208.177 - - [24/Dec/2021:10:20:21 +0800] "GET /xingrg/all/function/internal_message.html?_=1640312428833&CODE_STATE=getMsg HTTP/1.1" 200 27
114.88.159.28 - - [24/Dec/2021:10:20:23 +0800] "GET /xingrg/all/function/internal_message.html?_=1640312233645&CODE_STATE=getMsg HTTP/1.1" 200 27
116.238.248.233 - - [24/Dec/2021:10:20:27 +0800] "GET /xingrg/all/function/internal_message.html?_=1640312428003&CODE_STATE=getMsg HTTP/1.1" 200 27
180.169.147.146 - - [24/Dec/2021:10:20:27 +0800] "GET /xingrg/all/function/internal_message.html?_=1640312435440&CODE_STATE=getMsg HTTP/1.1" 200 27
180.169.147.146 - - [24/Dec/2021:10:20:27 +0800] "GET /xingrg/check_reg.html?_=1640312435443 HTTP/1.1" 200 22
124.79.245.255 - - [24/Dec/2021:10:20:27 +0800] "GET /xingrg/all/function/internal_message.html?_=1640312552778&CODE_STATE=getMsg HTTP/1.1" 302 -
124.77.245.186 - - [24/Dec/2021:10:20:28 +0800] "GET /xingrg/kc/buy/cgsh_order_operate.html?command=get_materiel&rest_code=00146&code=00101008088&supplier_code=00100005&order_time=2021-12-24 HTTP/1.1" 200 408
120.253.135.82 - - [24/Dec/2021:10:20:32 +0800] "GET /xingrg/all/function/internal_message.html?_=1640312213857&CODE_STATE=getMsg HTTP/1.1" 200 27
114.86.225.128 - - [24/Dec/2021:10:20:35 +0800] "POST /xingrg/services/DataTransmitService HTTP/1.1" 200 524
180.157.251.97 - - [24/Dec/2021:10:20:35 +0800] "GET /xingrg/check_reg.html?_=1640312435062 HTTP/1.1" 200 22
180.157.251.97 - - [24/Dec/2021:10:20:35 +0800] "GET /xingrg/all/function/internal_message.html?_=1640312435062&CODE_STATE=getMsg HTTP/1.1" 200 27
124.77.245.186 - - [24/Dec/2021:10:20:41 +0800] "GET /xingrg/all/function/internal_message.html?_=1640312458530&CODE_STATE=getMsg HTTP/1.1" 200 27
124.77.245.186 - - [24/Dec/2021:10:20:42 +0800] "GET /xingrg/kc/buy/cgsh_order_operate.html?command=get_materiel&rest_code=00146&code=00101008003&supplier_code=00100005&order_time=2021-12-24 HTTP/1.1" 200 408
116.228.172.94 - - [24/Dec/2021:10:20:50 +0800] "GET /xingrg/all/function/internal_message.html?_=1640312446112&CODE_STATE=getMsg HTTP/1.1" 200 27
222.69.131.239 - - [24/Dec/2021:10:20:53 +0800] "GET /xingrg/all/function/internal_message.html?_=1640312451239&CODE_STATE=getMsg HTTP/1.1" 200 27
124.77.245.186 - - [24/Dec/2021:10:20:53 +0800] "GET /xingrg/kc/buy/cgsh_order_operate.html?command=get_materiel&rest_code=00146&code=00101008067&supplier_code=00100005&order_time=2021-12-24 HTTP/1.1" 200 416
180.175.103.30 - - [24/Dec/2021:10:20:54 +0800] "GET /xingrg/all/function/internal_message.html?_=1640312454079&CODE_STATE=getMsg HTTP/1.1" 200 27
180.175.103.30 - - [24/Dec/2021:10:20:54 +0800] "GET /xingrg/check_reg.html?_=1640312454210 HTTP/1.1" 200 22
180.169.147.146 - - [24/Dec/2021:10:20:55 +0800] "GET /xingrg/all/function/internal_message.html?_=1640312456249&CODE_STATE=getMsg HTTP/1.1" 200 27
124.77.245.186 - - [24/Dec/2021:10:20:58 +0800] "POST /xingrg/kc/buy/cgsh_order_operate.html HTTP/1.1" 200 2065
222.70.176.97 - - [24/Dec/2021:10:20:58 +0800] "GET /xingrg/all/function/internal_message.html?_=1640312454713&CODE_STATE=getMsg HTTP/1.1" 200 27
114.85.125.222 - - [24/Dec/2021:10:21:01 +0800] "GET /xingrg/all/function/internal_message.html?_=1640312407797&CODE_STATE=getMsg HTTP/1.1" 200 27
116.227.210.113 - - [24/Dec/2021:10:21:01 +0800] "GET /xingrg/all/function/internal_message.html?_=1640312434655&CODE_STATE=getMsg HTTP/1.1" 200 27
101.80.229.199 - - [24/Dec/2021:10:21:04 +0800] "GET /xingrg/all/function/internal_message.html?_=1640312464781&CODE_STATE=getMsg HTTP/1.1" 200 27
124.77.245.186 - - [24/Dec/2021:10:21:07 +0800] "GET /xingrg/kc/buy/cgsh_order_operate.html?command=get_materiel&rest_code=00146&code=00101008264&supplier_code=00100005&order_time=2021-12-24 HTTP/1.1" 200 412
124.79.245.255 - - [24/Dec/2021:10:21:14 +0800] "GET /xingrg/all/function/internal_message.html?_=1640312497684&CODE_STATE=getMsg HTTP/1.1" 200 27
172.20.0.100 - - [24/Dec/2021:10:21:16 +0800] "GET /xingrg/all/function/internal_message.html?_=1640312475158&CODE_STATE=getMsg HTTP/1.1" 200 27
180.169.147.146 - - [24/Dec/2021:10:21:18 +0800] "GET /xingrg/all/function/internal_message.html?_=1640312477113&CODE_STATE=getMsg HTTP/1.1" 200 27
124.77.245.186 - - [24/Dec/2021:10:21:21 +0800] "GET /xingrg/kc/buy/cgsh_order_operate.html?command=get_materiel&rest_code=00146&code=00101008356&supplier_code=00100005&order_time=2021-12-24 HTTP/1.1" 200 408
116.238.208.177 - - [24/Dec/2021:10:21:21 +0800] "GET /xingrg/all/function/internal_message.html?_=1640312489336&CODE_STATE=getMsg HTTP/1.1" 200 27
114.88.159.28 - - [24/Dec/2021:10:21:23 +0800] "GET /xingrg/all/function/internal_message.html?_=1640312293647&CODE_STATE=getMsg HTTP/1.1" 200 27
222.69.131.239 - - [24/Dec/2021:10:21:26 +0800] "GET /xingrg/kc/buy/cgsh_order_list.html HTTP/1.1" 200 49486
180.169.147.146 - - [24/Dec/2021:10:21:27 +0800] "GET /xingrg/all/function/internal_message.html?_=1640312495453&CODE_STATE=getMsg HTTP/1.1" 200 27
116.238.248.233 - - [24/Dec/2021:10:21:27 +0800] "GET /xingrg/all/function/internal_message.html?_=1640312488052&CODE_STATE=getMsg HTTP/1.1" 200 27
116.238.208.177 - - [24/Dec/2021:10:21:27 +0800] "GET /xingrg/javascript/easyui/themes/default/tree.css HTTP/1.1" 404 1090
116.238.208.177 - - [24/Dec/2021:10:21:27 +0800] "POST /xingrg/all/common/load_tree.html?tree=supplier_tree_json&isDelete=1 HTTP/1.1" 200 61544
124.79.245.255 - - [24/Dec/2021:10:21:27 +0800] "GET /xingrg/all/function/internal_message.html?_=1640312612776&CODE_STATE=getMsg HTTP/1.1" 302 -
222.69.131.239 - - [24/Dec/2021:10:21:28 +0800] "POST /xingrg/kc/buy/cgsh_list_operate.html HTTP/1.1" 200 1690
222.69.131.239 - - [24/Dec/2021:10:21:30 +0800] "POST /xingrg/kc/buy/cgsh_list_operate.html HTTP/1.1" 200 565
222.69.131.239 - - [24/Dec/2021:10:21:31 +0800] "GET /xingrg/kc/buy/cgsh_order_info.html?code=212021122409991 HTTP/1.1" 200 65311
222.69.131.239 - - [24/Dec/2021:10:21:31 +0800] "GET /xingrg/all/common/auto_word.html?type=employee&rest_code=00149 HTTP/1.1" 200 197
222.69.131.239 - - [24/Dec/2021:10:21:31 +0800] "GET /xingrg/javascript/easyui/themes/default/validatebox.css HTTP/1.1" 404 1104
222.69.131.239 - - [24/Dec/2021:10:21:31 +0800] "GET /xingrg/all/common/auto_word.html?type=employee&rest_code=00149 HTTP/1.1" 200 197
222.69.131.239 - - [24/Dec/2021:10:21:32 +0800] "POST /xingrg/kc/buy/cgsh_order_operate.html HTTP/1.1" 200 21582
120.253.135.82 - - [24/Dec/2021:10:21:32 +0800] "GET /xingrg/all/function/internal_message.html?_=1640312273870&CODE_STATE=getMsg HTTP/1.1" 200 27
180.157.251.97 - - [24/Dec/2021:10:21:35 +0800] "GET /xingrg/all/function/internal_message.html?_=1640312495060&CODE_STATE=getMsg HTTP/1.1" 200 27
114.86.225.128 - - [24/Dec/2021:10:21:37 +0800] "GET /favicon.ico HTTP/1.1" 404 -
124.77.245.186 - - [24/Dec/2021:10:21:41 +0800] "GET /xingrg/all/function/internal_message.html?_=1640312518698&CODE_STATE=getMsg HTTP/1.1" 200 27
124.77.245.186 - - [24/Dec/2021:10:21:45 +0800] "GET /xingrg/kc/buy/cgsh_order_operate.html?command=get_materiel&rest_code=00146&code=00101008251&supplier_code=00100005&order_time=2021-12-24 HTTP/1.1" 200 408
116.227.210.113 - - [24/Dec/2021:10:21:46 +0800] "POST /xingrg/services/DataTransmitService HTTP/1.1" 200 524
116.228.172.94 - - [24/Dec/2021:10:21:50 +0800] "GET /xingrg/all/function/internal_message.html?_=1640312506090&CODE_STATE=getMsg HTTP/1.1" 200 27
222.69.131.239 - - [24/Dec/2021:10:21:53 +0800] "GET /xingrg/all/function/internal_message.html?_=1640312511247&CODE_STATE=getMsg HTTP/1.1" 200 27
180.175.103.30 - - [24/Dec/2021:10:21:54 +0800] "GET /xingrg/all/function/internal_message.html?_=1640312514070&CODE_STATE=getMsg HTTP/1.1" 200 27
180.169.147.146 - - [24/Dec/2021:10:21:55 +0800] "GET /xingrg/all/function/internal_message.html?_=1640312516251&CODE_STATE=getMsg HTTP/1.1" 200 27
61.170.234.223 - - [24/Dec/2021:10:21:56 +0800] "GET /xingrg/login.html HTTP/1.1" 200 7641
222.70.176.97 - - [24/Dec/2021:10:21:58 +0800] "GET /xingrg/all/function/internal_message.html?_=1640312514712&CODE_STATE=getMsg HTTP/1.1" 200 27
61.170.234.223 - - [24/Dec/2021:10:21:59 +0800] "GET /favicon.ico HTTP/1.1" 404 -
116.238.208.177 - - [24/Dec/2021:10:22:00 +0800] "GET /xingrg/kc/buy/cgsh_order_operate.html?command=get_materiel&rest_code=00102&code=00101011002&supplier_code=00100047&order_time=2021-12-24 HTTP/1.1" 200 427
114.85.125.222 - - [24/Dec/2021:10:22:00 +0800] "GET /xingrg/check_reg.html?_=1640312467097 HTTP/1.1" 200 22
114.85.125.222 - - [24/Dec/2021:10:22:01 +0800] "GET /xingrg/all/function/internal_message.html?_=1640312467810&CODE_STATE=getMsg HTTP/1.1" 200 27
116.227.210.113 - - [24/Dec/2021:10:22:01 +0800] "GET /xingrg/all/function/internal_message.html?_=1640312494658&CODE_STATE=getMsg HTTP/1.1" 200 27
61.170.234.223 - - [24/Dec/2021:10:22:02 +0800] "POST /xingrg/login.do HTTP/1.1" 302 -
61.170.234.223 - - [24/Dec/2021:10:22:02 +0800] "GET /xingrg/index.html?sysBaseUrl=http%3A%2F%2F180.169.147.146%3A18081%2Fxingrg%2F&costTime=36×tamp=1640312522836 HTTP/1.1" 200 17173
124.77.245.186 - - [24/Dec/2021:10:22:03 +0800] "GET /xingrg/kc/buy/cgsh_order_operate.html?command=get_materiel&rest_code=00146&code=00101008357&supplier_code=00100005&order_time=2021-12-24 HTTP/1.1" 200 408
222.69.131.239 - - [24/Dec/2021:10:22:03 +0800] "GET /xingrg/javascript/auto/indicator.gif HTTP/1.1" 404 1066
61.170.234.223 - - [24/Dec/2021:10:22:04 +0800] "GET /favicon.ico HTTP/1.1" 404 -
61.170.234.223 - - [24/Dec/2021:10:22:04 +0800] "POST /xingrg/all/common/load_tree.html?tree=area_rest_tree_json&manage=1 HTTP/1.1" 200 342
61.170.234.223 - - [24/Dec/2021:10:22:04 +0800] "GET /xingrg/all/function/internal_message.html?_=1640312521179&CODE_STATE=count HTTP/1.1" 200 11
61.170.234.223 - - [24/Dec/2021:10:22:04 +0800] "GET /xingrg/check_reg.html?_=1640312521179 HTTP/1.1" 200 22
101.80.229.199 - - [24/Dec/2021:10:22:04 +0800] "GET /xingrg/all/function/internal_message.html?_=1640312524783&CODE_STATE=getMsg HTTP/1.1" 200 27
61.170.234.223 - - [24/Dec/2021:10:22:04 +0800] "POST /xingrg/load_menu.html HTTP/1.1" 200 5138
61.170.234.223 - - [24/Dec/2021:10:22:06 +0800] "GET /xingrg/kc/buy/buy_main.html HTTP/1.1" 200 12412
61.170.234.223 - - [24/Dec/2021:10:22:06 +0800] "GET /xingrg/css/new_ie.css HTTP/1.1" 404 1036
222.69.131.239 - - [24/Dec/2021:10:22:08 +0800] "GET /xingrg/kc/buy/cgsh_order_operate.html?command=get_materiel&rest_code=00149&code=00101008357&supplier_code=00100005&order_time=2021-12-24 HTTP/1.1" 200 408
61.170.234.223 - - [24/Dec/2021:10:22:08 +0800] "GET /xingrg/images/yd/bt.gif HTTP/1.1" 404 1040
61.170.234.223 - - [24/Dec/2021:10:22:09 +0800] "GET /xingrg/kc/buy/cgsh_order_list.html HTTP/1.1" 200 49480
116.238.208.177 - - [24/Dec/2021:10:22:09 +0800] "GET /xingrg/kc/buy/cgsh_order_operate.html?command=get_materiel&rest_code=00102&code=00101020215&supplier_code=00100047&order_time=2021-12-24 HTTP/1.1" 200 391
124.77.245.186 - - [24/Dec/2021:10:22:12 +0800] "POST /xingrg/kc/buy/cgsh_order_operate.html HTTP/1.1" 200 2065
61.170.234.223 - - [24/Dec/2021:10:22:13 +0800] "POST /xingrg/kc/buy/cgsh_list_operate.html HTTP/1.1" 200 876
124.79.245.255 - - [24/Dec/2021:10:22:14 +0800] "GET /xingrg/all/function/internal_message.html?_=1640312558278&CODE_STATE=getMsg HTTP/1.1" 200 27
172.20.0.100 - - [24/Dec/2021:10:22:16 +0800] "GET /xingrg/all/function/internal_message.html?_=1640312535144&CODE_STATE=getMsg HTTP/1.1" 200 27
172.20.0.100 - - [24/Dec/2021:10:22:16 +0800] "GET /xingrg/check_reg.html?_=1640312535146 HTTP/1.1" 200 22
61.170.234.223 - - [24/Dec/2021:10:22:16 +0800] "GET /xingrg/kc/buy/cgsh_order_add.html HTTP/1.1" 200 65255
61.170.234.223 - - [24/Dec/2021:10:22:17 +0800] "GET /xingrg/words/20211222174829_words.js HTTP/1.1" 304 -
61.170.234.223 - - [24/Dec/2021:10:22:17 +0800] "GET /xingrg/all/common/auto_word.html?type=employee&rest_code=00106 HTTP/1.1" 200 205
