116.238.208.177 - - [24/Dec/2021:10:47:28 +0800] "POST /xingrg/services/DataTransmitService HTTP/1.1" 200 501
116.238.208.177 - - [24/Dec/2021:10:47:29 +0800] "POST /xingrg/services/DataTransmitService HTTP/1.1" 200 501
116.238.208.177 - - [24/Dec/2021:10:47:29 +0800] "POST /xingrg/services/DataTransmitService HTTP/1.1" 200 501
116.238.208.177 - - [24/Dec/2021:10:47:30 +0800] "POST /xingrg/services/DataTransmitService HTTP/1.1" 200 412
58.37.146.221 - - [24/Dec/2021:10:47:32 +0800] "GET /xingrg/logout.do HTTP/1.1" 302 -
58.37.146.221 - - [24/Dec/2021:10:47:32 +0800] "GET /xingrg/login_supplier.html?sysBaseUrl=http%3A%2F%2F180.169.147.146%3A18081%2Fxingrg%2F&costTime=0×tamp=1640314052377 HTTP/1.1" 200 3208
58.37.146.221 - - [24/Dec/2021:10:47:32 +0800] "GET /favicon.ico HTTP/1.1" 404 -
114.86.225.128 - - [24/Dec/2021:10:47:33 +0800] "GET /xingrg/kc/buy/cgsh_order_operate.html?command=get_materiel&rest_code=00109&code=00101016010&supplier_code=00100035&order_time=2021-12-24 HTTP/1.1" 200 408
120.253.135.82 - - [24/Dec/2021:10:47:34 +0800] "GET /xingrg/all/function/internal_message.html?_=1640313835114&CODE_STATE=getMsg HTTP/1.1" 200 27
58.37.146.221 - - [24/Dec/2021:10:47:35 +0800] "POST /xingrg/login_supplier.html HTTP/1.1" 302 -
58.37.146.221 - - [24/Dec/2021:10:47:35 +0800] "GET /xingrg/supplier_index.html?sysBaseUrl=http%3A%2F%2F180.169.147.146%3A18081%2Fxingrg%2F&costTime=11×tamp=1640314055251 HTTP/1.1" 200 9061
58.37.146.221 - - [24/Dec/2021:10:47:35 +0800] "GET /favicon.ico HTTP/1.1" 404 -
180.157.251.97 - - [24/Dec/2021:10:47:35 +0800] "GET /xingrg/all/function/internal_message.html?_=1640314055120&CODE_STATE=getMsg HTTP/1.1" 200 27
116.238.208.177 - - [24/Dec/2021:10:47:36 +0800] "GET /xingrg/all/function/internal_message.html?_=1640314064163&CODE_STATE=getMsg HTTP/1.1" 200 27
114.86.225.128 - - [24/Dec/2021:10:47:37 +0800] "GET /xingrg/all/function/internal_message.html?_=1640314058621&CODE_STATE=getMsg HTTP/1.1" 200 27
114.86.225.128 - - [24/Dec/2021:10:47:42 +0800] "GET /xingrg/kc/buy/cgsh_order_operate.html?command=get_materiel&rest_code=00109&code=00101012051&supplier_code=00100035&order_time=2021-12-24 HTTP/1.1" 200 408
124.77.245.186 - - [24/Dec/2021:10:47:43 +0800] "GET /xingrg/all/function/internal_message.html?_=1640314081019&CODE_STATE=getMsg HTTP/1.1" 200 27
114.86.225.128 - - [24/Dec/2021:10:47:47 +0800] "GET /xingrg/kc/buy/cgsh_order_operate.html?command=get_materiel&rest_code=00109&code=00101016025&supplier_code=00100035&order_time=2021-12-24 HTTP/1.1" 200 408
61.170.234.223 - - [24/Dec/2021:10:47:49 +0800] "GET /xingrg/kc/base/base_main.html HTTP/1.1" 200 12142
116.228.172.94 - - [24/Dec/2021:10:47:50 +0800] "GET /xingrg/all/function/internal_message.html?_=1640314065734&CODE_STATE=getMsg HTTP/1.1" 200 27
58.37.146.221 - - [24/Dec/2021:10:47:50 +0800] "GET /xingrg/supplier/cgsh_order_list.html HTTP/1.1" 200 10896
116.228.172.94 - - [24/Dec/2021:10:47:50 +0800] "GET /xingrg/check_reg.html?_=1640314065744 HTTP/1.1" 200 22
61.170.234.223 - - [24/Dec/2021:10:47:51 +0800] "GET /xingrg/kc/base/wldb_order_list.html HTTP/1.1" 200 19060
61.170.234.223 - - [24/Dec/2021:10:47:52 +0800] "POST /xingrg/kc/base/wldb_list_operate.html HTTP/1.1" 200 2560
58.37.146.221 - - [24/Dec/2021:10:47:53 +0800] "POST /xingrg/supplier/cgsh_list_operate.html HTTP/1.1" 200 6110
222.69.131.239 - - [24/Dec/2021:10:47:53 +0800] "GET /xingrg/all/function/internal_message.html?_=1640314071326&CODE_STATE=getMsg HTTP/1.1" 200 27
180.175.103.30 - - [24/Dec/2021:10:47:54 +0800] "GET /xingrg/all/function/internal_message.html?_=1640314074121&CODE_STATE=getMsg HTTP/1.1" 200 27
61.170.234.223 - - [24/Dec/2021:10:47:55 +0800] "GET /xingrg/kc/mdqp/qp_main.html HTTP/1.1" 200 10633
180.169.147.146 - - [24/Dec/2021:10:47:55 +0800] "GET /xingrg/check_reg.html?_=1640314076237 HTTP/1.1" 200 22
180.169.147.146 - - [24/Dec/2021:10:47:55 +0800] "GET /xingrg/all/function/internal_message.html?_=1640314076239&CODE_STATE=getMsg HTTP/1.1" 200 27
61.170.234.223 - - [24/Dec/2021:10:47:56 +0800] "GET /xingrg/images/yd/bt.gif HTTP/1.1" 404 1040
58.37.146.221 - - [24/Dec/2021:10:47:56 +0800] "GET /xingrg/javascript/jquery_tools/images/next.gif HTTP/1.1" 404 1086
58.37.146.221 - - [24/Dec/2021:10:47:56 +0800] "GET /xingrg/javascript/jquery_tools/images/prev.gif HTTP/1.1" 404 1086
61.170.234.223 - - [24/Dec/2021:10:47:57 +0800] "GET /xingrg/kc/mdqp/qqps_order_list.html HTTP/1.1" 200 9222
61.170.234.223 - - [24/Dec/2021:10:47:57 +0800] "GET /xingrg/dwr/util.js HTTP/1.1" 304 -
61.170.234.223 - - [24/Dec/2021:10:47:57 +0800] "GET /xingrg/dwr/interface/AjaxReportQueryService.js HTTP/1.1" 200 13203
61.170.234.223 - - [24/Dec/2021:10:47:58 +0800] "GET /xingrg/dwr/interface/AjaxQqpsService.js HTTP/1.1" 200 16326
61.170.234.223 - - [24/Dec/2021:10:47:58 +0800] "GET /xingrg/dwr/engine.js HTTP/1.1" 200 43631
222.70.176.97 - - [24/Dec/2021:10:47:58 +0800] "GET /xingrg/check_reg.html?_=1640314074746 HTTP/1.1" 200 22
222.70.176.97 - - [24/Dec/2021:10:47:58 +0800] "GET /xingrg/all/function/internal_message.html?_=1640314074762&CODE_STATE=getMsg HTTP/1.1" 200 27
114.86.225.128 - - [24/Dec/2021:10:48:00 +0800] "GET /xingrg/kc/buy/cgsh_order_operate.html?command=get_materiel&rest_code=00109&code=00101016105&supplier_code=00100035&order_time=2021-12-24 HTTP/1.1" 200 409
116.227.210.113 - - [24/Dec/2021:10:48:01 +0800] "GET /xingrg/all/function/internal_message.html?_=1640314054639&CODE_STATE=getMsg HTTP/1.1" 200 27
114.85.125.222 - - [24/Dec/2021:10:48:01 +0800] "GET /xingrg/all/function/internal_message.html?_=1640314028164&CODE_STATE=getMsg HTTP/1.1" 200 27
58.37.146.221 - - [24/Dec/2021:10:48:03 +0800] "POST /xingrg/supplier/cgsh_list_operate.html HTTP/1.1" 200 5625
101.80.229.199 - - [24/Dec/2021:10:48:04 +0800] "GET /xingrg/all/function/internal_message.html?_=1640314084784&CODE_STATE=getMsg HTTP/1.1" 200 27
114.86.225.128 - - [24/Dec/2021:10:48:05 +0800] "GET /xingrg/kc/buy/cgsh_order_operate.html?command=get_materiel&rest_code=00109&code=00101012026&supplier_code=00100035&order_time=2021-12-24 HTTP/1.1" 200 408
58.37.146.221 - - [24/Dec/2021:10:48:08 +0800] "POST /xingrg/supplier/cgsh_list_operate.html HTTP/1.1" 200 2382
58.37.146.221 - - [24/Dec/2021:10:48:11 +0800] "POST /xingrg/supplier/cgsh_list_operate.html HTTP/1.1" 200 199
124.79.245.255 - - [24/Dec/2021:10:48:12 +0800] "GET /xingrg/check_reg.html?_=1640314116108 HTTP/1.1" 200 22
172.20.0.100 - - [24/Dec/2021:10:48:14 +0800] "GET /xingrg/all/function/internal_message.html?_=1640314093984&CODE_STATE=getMsg HTTP/1.1" 200 27
120.253.135.82 - - [24/Dec/2021:10:48:14 +0800] "GET /xingrg/all/function/internal_message.html?_=1640313875642&CODE_STATE=getMsg HTTP/1.1" 200 27
114.86.225.128 - - [24/Dec/2021:10:48:14 +0800] "POST /xingrg/kc/buy/cgsh_order_operate.html HTTP/1.1" 200 37
114.86.225.128 - - [24/Dec/2021:10:48:16 +0800] "POST /xingrg/kc/buy/cgsh_order_operate.html HTTP/1.1" 200 7366
172.20.0.100 - - [24/Dec/2021:10:48:16 +0800] "GET /xingrg/all/function/internal_message.html?_=1640314095159&CODE_STATE=getMsg HTTP/1.1" 200 27
114.86.225.128 - - [24/Dec/2021:10:48:17 +0800] "GET /xingrg/kc/print/load_config.html?kc_code=cgsh HTTP/1.1" 200 1943
114.86.225.128 - - [24/Dec/2021:10:48:17 +0800] "GET /xingrg/kc/print/load_data.html?order_code=212021122410043&kc_code=cgsh&condition= HTTP/1.1" 200 2452
58.37.146.221 - - [24/Dec/2021:10:48:17 +0800] "GET /xingrg/supplier/cgsh_order_info.html?code=212021122008602 HTTP/1.1" 200 8576
58.37.146.221 - - [24/Dec/2021:10:48:17 +0800] "GET /xingrg/words/20211222174829_words.js HTTP/1.1" 200 881068
58.37.146.221 - - [24/Dec/2021:10:48:17 +0800] "GET /xingrg/javascript/easyui/themes/default/validatebox.css HTTP/1.1" 404 1104
180.169.147.146 - - [24/Dec/2021:10:48:18 +0800] "GET /xingrg/all/function/internal_message.html?_=1640314097145&CODE_STATE=getMsg HTTP/1.1" 200 27
180.169.147.146 - - [24/Dec/2021:10:48:18 +0800] "GET /xingrg/check_reg.html?_=1640314097147 HTTP/1.1" 200 22
101.85.120.86 - - [24/Dec/2021:10:48:18 +0800] "GET /xingrg/all/function/internal_message.html?_=1640314095829&CODE_STATE=getMsg HTTP/1.1" 200 27
58.37.146.221 - - [24/Dec/2021:10:48:18 +0800] "POST /xingrg/kc/buy/cgsh_order_operate.html HTTP/1.1" 200 606
124.79.245.255 - - [24/Dec/2021:10:48:20 +0800] "GET /xingrg/all/function/internal_message.html?_=1640314124104&CODE_STATE=getMsg HTTP/1.1" 200 27
180.169.147.146 - - [24/Dec/2021:10:48:20 +0800] "GET /xingrg/check_reg.html?_=1640314099382 HTTP/1.1" 200 22
114.86.225.128 - - [24/Dec/2021:10:48:20 +0800] "GET /xingrg/kc/buy/cgsh_order_add.html HTTP/1.1" 200 65331
114.86.225.128 - - [24/Dec/2021:10:48:20 +0800] "POST /xingrg/kc/buy/cgsh_order_operate.html HTTP/1.1" 200 8245
114.86.225.128 - - [24/Dec/2021:10:48:20 +0800] "GET /xingrg/all/common/auto_word.html?type=employee&rest_code=00109 HTTP/1.1" 200 255
114.86.225.128 - - [24/Dec/2021:10:48:20 +0800] "GET /xingrg/all/common/auto_word.html?type=employee&rest_code=00109 HTTP/1.1" 200 255
114.86.225.128 - - [24/Dec/2021:10:48:20 +0800] "GET /xingrg/javascript/easyui/themes/default/validatebox.css HTTP/1.1" 404 1104
124.77.245.186 - - [24/Dec/2021:10:48:21 +0800] "GET /xingrg/check_reg.html?_=1640314118163 HTTP/1.1" 200 22
61.151.178.180 - - [24/Dec/2021:10:48:21 +0800] "GET /xingrg/all/function/internal_message.html?_=1640313011592&CODE_STATE=getMsg HTTP/1.1" 302 -
61.170.234.223 - - [24/Dec/2021:10:48:21 +0800] "GET /xingrg/all/function/internal_message.html?_=1640314098390&CODE_STATE=getMsg HTTP/1.1" 200 27
61.151.178.180 - - [24/Dec/2021:10:48:22 +0800] "GET /xingrg/login.html HTTP/1.1" 200 7641
180.169.147.146 - - [24/Dec/2021:10:48:27 +0800] "GET /xingrg/all/function/internal_message.html?_=1640314115519&CODE_STATE=getMsg HTTP/1.1" 200 27
114.86.225.128 - - [24/Dec/2021:10:48:27 +0800] "GET /xingrg/kc/buy/cgsh_order_operate.html?command=get_materiel&rest_code=00109&code=00101006109&supplier_code=00100015&order_time=2021-12-24 HTTP/1.1" 200 409
124.79.245.255 - - [24/Dec/2021:10:48:28 +0800] "GET /xingrg/all/function/internal_message.html?_=1640314232791&CODE_STATE=getMsg HTTP/1.1" 302 -
124.79.245.255 - - [24/Dec/2021:10:48:28 +0800] "GET /xingrg/check_reg.html?_=1640314232793 HTTP/1.1" 302 -
116.238.248.233 - - [24/Dec/2021:10:48:28 +0800] "GET /xingrg/all/function/internal_message.html?_=1640314109371&CODE_STATE=getMsg HTTP/1.1" 200 27
114.88.159.28 - - [24/Dec/2021:10:48:28 +0800] "POST /xingrg/services/DataTransmitService HTTP/1.1" 200 524
114.88.159.28 - - [24/Dec/2021:10:48:29 +0800] "POST /xingrg/services/DataTransmitService HTTP/1.1" 200 412
114.86.225.128 - - [24/Dec/2021:10:48:33 +0800] "GET /xingrg/kc/buy/cgsh_order_operate.html?command=get_materiel&rest_code=00109&code=00101006113&supplier_code=00100015&order_time=2021-12-24 HTTP/1.1" 200 413
120.253.135.82 - - [24/Dec/2021:10:48:34 +0800] "GET /xingrg/all/function/internal_message.html?_=1640313895128&CODE_STATE=getMsg HTTP/1.1" 200 27
180.157.251.97 - - [24/Dec/2021:10:48:35 +0800] "GET /xingrg/all/function/internal_message.html?_=1640314115119&CODE_STATE=getMsg HTTP/1.1" 200 27
116.238.208.177 - - [24/Dec/2021:10:48:36 +0800] "GET /xingrg/all/function/internal_message.html?_=1640314124174&CODE_STATE=getMsg HTTP/1.1" 200 27
114.86.225.128 - - [24/Dec/2021:10:48:37 +0800] "GET /xingrg/all/function/internal_message.html?_=1640314118624&CODE_STATE=getMsg HTTP/1.1" 200 27
114.86.225.128 - - [24/Dec/2021:10:48:37 +0800] "GET /xingrg/check_reg.html?_=1640314118626 HTTP/1.1" 200 22
124.77.245.186 - - [24/Dec/2021:10:48:43 +0800] "GET /xingrg/all/function/internal_message.html?_=1640314141032&CODE_STATE=getMsg HTTP/1.1" 200 27
116.228.172.94 - - [24/Dec/2021:10:48:50 +0800] "GET /xingrg/all/function/internal_message.html?_=1640314125742&CODE_STATE=getMsg HTTP/1.1" 200 27
222.69.131.239 - - [24/Dec/2021:10:48:53 +0800] "GET /xingrg/all/function/internal_message.html?_=1640314131327&CODE_STATE=getMsg HTTP/1.1" 200 27
222.69.131.239 - - [24/Dec/2021:10:48:53 +0800] "GET /xingrg/check_reg.html?_=1640314131331 HTTP/1.1" 200 22
180.175.103.30 - - [24/Dec/2021:10:48:54 +0800] "GET /xingrg/all/function/internal_message.html?_=1640314134120&CODE_STATE=getMsg HTTP/1.1" 200 27
180.169.147.146 - - [24/Dec/2021:10:48:55 +0800] "GET /xingrg/all/function/internal_message.html?_=1640314136240&CODE_STATE=getMsg HTTP/1.1" 200 27
114.86.225.128 - - [24/Dec/2021:10:48:57 +0800] "GET /xingrg/kc/buy/cgsh_order_operate.html?command=get_materiel&rest_code=00109&code=00101006029&supplier_code=00100015&order_time=2021-12-24 HTTP/1.1" 200 409
222.70.176.97 - - [24/Dec/2021:10:48:58 +0800] "GET /xingrg/all/function/internal_message.html?_=1640314134746&CODE_STATE=getMsg HTTP/1.1" 200 27
116.227.210.113 - - [24/Dec/2021:10:49:01 +0800] "GET /xingrg/all/function/internal_message.html?_=1640314114652&CODE_STATE=getMsg HTTP/1.1" 200 27
114.85.125.222 - - [24/Dec/2021:10:49:01 +0800] "GET /xingrg/all/function/internal_message.html?_=1640314088179&CODE_STATE=getMsg HTTP/1.1" 200 27
114.86.225.128 - - [24/Dec/2021:10:49:04 +0800] "GET /xingrg/kc/buy/cgsh_order_operate.html?command=get_materiel&rest_code=00109&code=00101006056&supplier_code=00100015&order_time=2021-12-24 HTTP/1.1" 200 413
61.151.207.205 - - [24/Dec/2021:10:49:04 +0800] "GET /xingrg/kc/buy/cgsh_order_operate.html?command=get_materiel&rest_code=00106&code=00101008261&supplier_code=00100007&order_time=2021-12-24 HTTP/1.1" 302 -
101.80.229.199 - - [24/Dec/2021:10:49:04 +0800] "GET /xingrg/check_reg.html?_=1640314144787 HTTP/1.1" 200 22
101.80.229.199 - - [24/Dec/2021:10:49:04 +0800] "GET /xingrg/all/function/internal_message.html?_=1640314144790&CODE_STATE=getMsg HTTP/1.1" 200 27
61.151.207.205 - - [24/Dec/2021:10:49:04 +0800] "GET /xingrg/login.html HTTP/1.1" 200 7641
114.86.225.128 - - [24/Dec/2021:10:49:09 +0800] "GET /xingrg/kc/buy/cgsh_order_operate.html?command=get_materiel&rest_code=00109&code=00101006109&supplier_code=00100015&order_time=2021-12-24 HTTP/1.1" 200 409
116.238.208.177 - - [24/Dec/2021:10:49:14 +0800] "GET /xingrg/check_reg.html?_=1640314162037 HTTP/1.1" 200 22
120.253.135.82 - - [24/Dec/2021:10:49:14 +0800] "GET /xingrg/check_reg.html?_=1640313935475 HTTP/1.1" 200 22
172.20.0.100 - - [24/Dec/2021:10:49:14 +0800] "GET /xingrg/all/function/internal_message.html?_=1640314153984&CODE_STATE=getMsg HTTP/1.1" 200 27
120.253.135.82 - - [24/Dec/2021:10:49:14 +0800] "GET /xingrg/all/function/internal_message.html?_=1640313935655&CODE_STATE=getMsg HTTP/1.1" 200 27
114.86.225.128 - - [24/Dec/2021:10:49:15 +0800] "GET /xingrg/kc/buy/cgsh_order_operate.html?command=get_materiel&rest_code=00109&code=00101006180&supplier_code=00100015&order_time=2021-12-24 HTTP/1.1" 200 423
172.20.0.100 - - [24/Dec/2021:10:49:16 +0800] "GET /xingrg/all/function/internal_message.html?_=1640314155145&CODE_STATE=getMsg HTTP/1.1" 200 27
180.169.147.146 - - [24/Dec/2021:10:49:18 +0800] "GET /xingrg/all/function/internal_message.html?_=1640314157146&CODE_STATE=getMsg HTTP/1.1" 200 27
101.85.120.86 - - [24/Dec/2021:10:49:18 +0800] "GET /xingrg/all/function/internal_message.html?_=1640314155828&CODE_STATE=getMsg HTTP/1.1" 200 27
124.79.245.255 - - [24/Dec/2021:10:49:20 +0800] "GET /xingrg/all/function/internal_message.html?_=1640314184117&CODE_STATE=getMsg HTTP/1.1" 200 27
58.37.146.221 - - [24/Dec/2021:10:49:20 +0800] "GET /xingrg/supplier/cgsh_order_list.html HTTP/1.1" 200 10896
61.170.234.223 - - [24/Dec/2021:10:49:21 +0800] "GET /xingrg/all/function/internal_message.html?_=1640314158371&CODE_STATE=getMsg HTTP/1.1" 200 27
58.37.146.221 - - [24/Dec/2021:10:49:22 +0800] "POST /xingrg/supplier/cgsh_list_operate.html HTTP/1.1" 200 6110
180.169.147.146 - - [24/Dec/2021:10:49:27 +0800] "GET /xingrg/all/function/internal_message.html?_=1640314175529&CODE_STATE=getMsg HTTP/1.1" 200 27
124.79.245.255 - - [24/Dec/2021:10:49:28 +0800] "GET /xingrg/all/function/internal_message.html?_=1640314292816&CODE_STATE=getMsg HTTP/1.1" 302 -
116.238.248.233 - - [24/Dec/2021:10:49:28 +0800] "GET /xingrg/all/function/internal_message.html?_=1640314169425&CODE_STATE=getMsg HTTP/1.1" 200 27
116.238.248.233 - - [24/Dec/2021:10:49:28 +0800] "GET /xingrg/check_reg.html?_=1640314169418 HTTP/1.1" 200 22
61.170.234.223 - - [24/Dec/2021:10:49:32 +0800] "POST /xingrg/services/DataTransmitService HTTP/1.1" 200 524
120.253.135.82 - - [24/Dec/2021:10:49:32 +0800] "GET /xingrg/check_reg.html?_=1640313954018 HTTP/1.1" 200 22
61.170.234.223 - - [24/Dec/2021:10:49:32 +0800] "POST /xingrg/services/DataTransmitService HTTP/1.1" 200 501
120.253.135.82 - - [24/Dec/2021:10:49:34 +0800] "GET /xingrg/all/function/internal_message.html?_=1640313955140&CODE_STATE=getMsg HTTP/1.1" 200 27
180.157.251.97 - - [24/Dec/2021:10:49:35 +0800] "GET /xingrg/all/function/internal_message.html?_=1640314175117&CODE_STATE=getMsg HTTP/1.1" 200 27
116.238.208.177 - - [24/Dec/2021:10:49:36 +0800] "GET /xingrg/all/function/internal_message.html?_=1640314184190&CODE_STATE=getMsg HTTP/1.1" 200 27
114.86.225.128 - - [24/Dec/2021:10:49:37 +0800] "GET /xingrg/all/function/internal_message.html?_=1640314178624&CODE_STATE=getMsg HTTP/1.1" 200 27
58.37.146.221 - - [24/Dec/2021:10:49:37 +0800] "POST /xingrg/supplier/cgsh_list_operate.html HTTP/1.1" 200 6103
114.86.225.128 - - [24/Dec/2021:10:49:39 +0800] "GET /xingrg/kc/buy/cgsh_order_operate.html?command=get_materiel&rest_code=00109&code=00101006055&supplier_code=00100015&order_time=2021-12-24 HTTP/1.1" 200 409
101.89.239.245 - - [24/Dec/2021:10:49:42 +0800] "GET /xingrg/check_reg.html?_=1640312521179 HTTP/1.1" 302 -
101.89.239.245 - - [24/Dec/2021:10:49:43 +0800] "GET /xingrg/login.html HTTP/1.1" 200 7641
124.77.245.186 - - [24/Dec/2021:10:49:43 +0800] "GET /xingrg/all/function/internal_message.html?_=1640314201046&CODE_STATE=getMsg HTTP/1.1" 200 27
116.228.172.94 - - [24/Dec/2021:10:49:50 +0800] "GET /xingrg/all/function/internal_message.html?_=1640314185760&CODE_STATE=getMsg HTTP/1.1" 200 27
222.69.131.239 - - [24/Dec/2021:10:49:53 +0800] "GET /xingrg/all/function/internal_message.html?_=1640314191332&CODE_STATE=getMsg HTTP/1.1" 200 27
180.175.103.30 - - [24/Dec/2021:10:49:54 +0800] "GET /xingrg/all/function/internal_message.html?_=1640314194121&CODE_STATE=getMsg HTTP/1.1" 200 27
114.86.225.128 - - [24/Dec/2021:10:49:54 +0800] "GET /xingrg/kc/buy/cgsh_order_operate.html?command=get_materiel&rest_code=00109&code=00101006109&supplier_code=00100015&order_time=2021-12-24 HTTP/1.1" 200 409
180.169.147.146 - - [24/Dec/2021:10:49:55 +0800] "GET /xingrg/all/function/internal_message.html?_=1640314196242&CODE_STATE=getMsg HTTP/1.1" 200 27
222.70.176.97 - - [24/Dec/2021:10:49:58 +0800] "GET /xingrg/all/function/internal_message.html?_=1640314194730&CODE_STATE=getMsg HTTP/1.1" 200 27
116.227.210.113 - - [24/Dec/2021:10:50:01 +0800] "GET /xingrg/all/function/internal_message.html?_=1640314174644&CODE_STATE=getMsg HTTP/1.1" 200 27
116.227.210.113 - - [24/Dec/2021:10:50:01 +0800] "GET /xingrg/check_reg.html?_=1640314174647 HTTP/1.1" 200 22
114.85.125.222 - - [24/Dec/2021:10:50:02 +0800] "GET /xingrg/all/function/internal_message.html?_=1640314148204&CODE_STATE=getMsg HTTP/1.1" 200 27
101.80.229.199 - - [24/Dec/2021:10:50:04 +0800] "GET /xingrg/all/function/internal_message.html?_=1640314204776&CODE_STATE=getMsg HTTP/1.1" 200 27
114.86.225.128 - - [24/Dec/2021:10:50:11 +0800] "GET /xingrg/kc/buy/cgsh_order_operate.html?command=get_materiel&rest_code=00109&code=00101006109&supplier_code=00100015&order_time=2021-12-24 HTTP/1.1" 200 409
172.20.0.100 - - [24/Dec/2021:10:50:14 +0800] "GET /xingrg/all/function/internal_message.html?_=1640314213981&CODE_STATE=getMsg HTTP/1.1" 200 27
120.253.135.82 - - [24/Dec/2021:10:50:14 +0800] "GET /xingrg/all/function/internal_message.html?_=1640313995669&CODE_STATE=getMsg HTTP/1.1" 200 27
172.20.0.100 - - [24/Dec/2021:10:50:16 +0800] "GET /xingrg/all/function/internal_message.html?_=1640314215147&CODE_STATE=getMsg HTTP/1.1" 200 27
180.169.147.146 - - [24/Dec/2021:10:50:18 +0800] "GET /xingrg/all/function/internal_message.html?_=1640314217144&CODE_STATE=getMsg HTTP/1.1" 200 27
101.85.120.86 - - [24/Dec/2021:10:50:18 +0800] "GET /xingrg/all/function/internal_message.html?_=1640314215828&CODE_STATE=getMsg HTTP/1.1" 200 27
124.79.245.255 - - [24/Dec/2021:10:50:21 +0800] "GET /xingrg/all/function/internal_message.html?_=1640314244900&CODE_STATE=getMsg HTTP/1.1" 200 27
114.86.225.128 - - [24/Dec/2021:10:50:21 +0800] "GET /xingrg/kc/buy/cgsh_order_operate.html?command=get_materiel&rest_code=00109&code=00101010248&supplier_code=00100015&order_time=2021-12-24 HTTP/1.1" 200 430
61.170.234.223 - - [24/Dec/2021:10:50:21 +0800] "GET /xingrg/all/function/internal_message.html?_=1640314218348&CODE_STATE=getMsg HTTP/1.1" 200 27
180.169.147.146 - - [24/Dec/2021:10:50:27 +0800] "GET /xingrg/check_reg.html?_=1640314235515 HTTP/1.1" 200 22
180.169.147.146 - - [24/Dec/2021:10:50:27 +0800] "GET /xingrg/all/function/internal_message.html?_=1640314235518&CODE_STATE=getMsg HTTP/1.1" 200 27
124.79.245.255 - - [24/Dec/2021:10:50:28 +0800] "GET /xingrg/all/function/internal_message.html?_=1640314352813&CODE_STATE=getMsg HTTP/1.1" 302 -
116.238.248.233 - - [24/Dec/2021:10:50:28 +0800] "GET /xingrg/all/function/internal_message.html?_=1640314229456&CODE_STATE=getMsg HTTP/1.1" 200 27
58.37.146.221 - - [24/Dec/2021:10:50:28 +0800] "GET /xingrg/javascript/easyui/themes/default/tree.css HTTP/1.1" 404 1090
58.37.146.221 - - [24/Dec/2021:10:50:28 +0800] "POST /xingrg/all/common/load_tree.html?tree=area_rest_tree_json HTTP/1.1" 200 3472
114.86.225.128 - - [24/Dec/2021:10:50:33 +0800] "GET /xingrg/kc/buy/cgsh_order_operate.html?command=get_materiel&rest_code=00109&code=00101006240&supplier_code=00100015&order_time=2021-12-24 HTTP/1.1" 200 408
120.253.135.82 - - [24/Dec/2021:10:50:34 +0800] "GET /xingrg/all/function/internal_message.html?_=1640314015154&CODE_STATE=getMsg HTTP/1.1" 200 27
180.157.251.97 - - [24/Dec/2021:10:50:35 +0800] "GET /xingrg/all/function/internal_message.html?_=1640314235114&CODE_STATE=getMsg HTTP/1.1" 200 27
180.157.251.97 - - [24/Dec/2021:10:50:35 +0800] "GET /xingrg/check_reg.html?_=1640314235116 HTTP/1.1" 200 22
116.238.208.177 - - [24/Dec/2021:10:50:36 +0800] "GET /xingrg/all/function/internal_message.html?_=1640314244223&CODE_STATE=getMsg HTTP/1.1" 200 27
114.86.225.128 - - [24/Dec/2021:10:50:37 +0800] "GET /xingrg/all/function/internal_message.html?_=1640314238627&CODE_STATE=getMsg HTTP/1.1" 200 27
114.86.225.128 - - [24/Dec/2021:10:50:39 +0800] "GET /xingrg/kc/buy/cgsh_order_operate.html?command=get_materiel&rest_code=00109&code=00101006122&supplier_code=00100015&order_time=2021-12-24 HTTP/1.1" 200 408
58.37.146.221 - - [24/Dec/2021:10:50:42 +0800] "POST /xingrg/supplier/cgsh_list_operate.html HTTP/1.1" 200 5630
124.77.245.186 - - [24/Dec/2021:10:50:44 +0800] "GET /xingrg/all/function/internal_message.html?_=1640314261315&CODE_STATE=getMsg HTTP/1.1" 200 27
114.86.225.128 - - [24/Dec/2021:10:50:46 +0800] "GET /xingrg/kc/buy/cgsh_order_operate.html?command=get_materiel&rest_code=00109&code=00101006221&supplier_code=00100015&order_time=2021-12-24 HTTP/1.1" 200 403
58.37.146.221 - - [24/Dec/2021:10:50:50 +0800] "POST /xingrg/supplier/cgsh_list_operate.html HTTP/1.1" 200 4414
116.228.172.94 - - [24/Dec/2021:10:50:50 +0800] "GET /xingrg/all/function/internal_message.html?_=1640314245732&CODE_STATE=getMsg HTTP/1.1" 200 27
114.86.225.128 - - [24/Dec/2021:10:50:52 +0800] "GET /xingrg/kc/buy/cgsh_order_operate.html?command=get_materiel&rest_code=00109&code=00101006013&supplier_code=00100015&order_time=2021-12-24 HTTP/1.1" 200 409
222.69.131.239 - - [24/Dec/2021:10:50:53 +0800] "GET /xingrg/all/function/internal_message.html?_=1640314251354&CODE_STATE=getMsg HTTP/1.1" 200 27
180.175.103.30 - - [24/Dec/2021:10:50:54 +0800] "GET /xingrg/check_reg.html?_=1640314254122 HTTP/1.1" 200 22
180.175.103.30 - - [24/Dec/2021:10:50:54 +0800] "GET /xingrg/all/function/internal_message.html?_=1640314254124&CODE_STATE=getMsg HTTP/1.1" 200 27
180.169.147.146 - - [24/Dec/2021:10:50:55 +0800] "GET /xingrg/all/function/internal_message.html?_=1640314256247&CODE_STATE=getMsg HTTP/1.1" 200 27
222.70.176.97 - - [24/Dec/2021:10:50:58 +0800] "GET /xingrg/all/function/internal_message.html?_=1640314254713&CODE_STATE=getMsg HTTP/1.1" 200 27
114.86.225.128 - - [24/Dec/2021:10:51:00 +0800] "GET /xingrg/kc/buy/cgsh_order_operate.html?command=get_materiel&rest_code=00109&code=00101006240&supplier_code=00100015&order_time=2021-12-24 HTTP/1.1" 200 408
116.227.210.113 - - [24/Dec/2021:10:51:01 +0800] "GET /xingrg/all/function/internal_message.html?_=1640314234657&CODE_STATE=getMsg HTTP/1.1" 200 27
114.85.125.222 - - [24/Dec/2021:10:51:01 +0800] "GET /xingrg/all/function/internal_message.html?_=1640314208204&CODE_STATE=getMsg HTTP/1.1" 200 27
61.151.207.158 - - [24/Dec/2021:10:51:03 +0800] "GET /xingrg/kc/buy/cgsh_order_operate.html?command=get_materiel&rest_code=00106&code=00101008355&supplier_code=00100007&order_time=2021-12-24 HTTP/1.1" 302 -
61.151.207.158 - - [24/Dec/2021:10:51:04 +0800] "GET /xingrg/login.html HTTP/1.1" 200 7641
101.80.229.199 - - [24/Dec/2021:10:51:04 +0800] "GET /xingrg/all/function/internal_message.html?_=1640314264780&CODE_STATE=getMsg HTTP/1.1" 200 27
172.20.0.100 - - [24/Dec/2021:10:51:14 +0800] "GET /xingrg/all/function/internal_message.html?_=1640314273969&CODE_STATE=getMsg HTTP/1.1" 200 27
120.253.135.82 - - [24/Dec/2021:10:51:14 +0800] "GET /xingrg/all/function/internal_message.html?_=1640314055683&CODE_STATE=getMsg HTTP/1.1" 200 27
172.20.0.100 - - [24/Dec/2021:10:51:16 +0800] "GET /xingrg/all/function/internal_message.html?_=1640314275149&CODE_STATE=getMsg HTTP/1.1" 200 27
180.169.147.146 - - [24/Dec/2021:10:51:18 +0800] "GET /xingrg/all/function/internal_message.html?_=1640314277141&CODE_STATE=getMsg HTTP/1.1" 200 27
101.85.120.86 - - [24/Dec/2021:10:51:18 +0800] "GET /xingrg/all/function/internal_message.html?_=1640314275829&CODE_STATE=getMsg HTTP/1.1" 200 27
124.79.245.255 - - [24/Dec/2021:10:51:21 +0800] "GET /xingrg/all/function/internal_message.html?_=1640314304909&CODE_STATE=getMsg HTTP/1.1" 200 27
61.170.234.223 - - [24/Dec/2021:10:51:21 +0800] "GET /xingrg/all/function/internal_message.html?_=1640314278329&CODE_STATE=getMsg HTTP/1.1" 200 27
114.86.225.128 - - [24/Dec/2021:10:51:26 +0800] "POST /xingrg/kc/buy/cgsh_order_operate.html HTTP/1.1" 200 37
180.169.147.146 - - [24/Dec/2021:10:51:27 +0800] "GET /xingrg/all/function/internal_message.html?_=1640314295522&CODE_STATE=getMsg HTTP/1.1" 200 27
114.86.225.128 - - [24/Dec/2021:10:51:27 +0800] "POST /xingrg/kc/buy/cgsh_order_operate.html HTTP/1.1" 200 11011
124.79.245.255 - - [24/Dec/2021:10:51:28 +0800] "GET /xingrg/all/function/internal_message.html?_=1640314412827&CODE_STATE=getMsg HTTP/1.1" 302 -
116.238.248.233 - - [24/Dec/2021:10:51:28 +0800] "GET /xingrg/all/function/internal_message.html?_=1640314289529&CODE_STATE=getMsg HTTP/1.1" 200 27
114.86.225.128 - - [24/Dec/2021:10:51:29 +0800] "GET /xingrg/kc/print/load_config.html?kc_code=cgsh HTTP/1.1" 200 1943
114.86.225.128 - - [24/Dec/2021:10:51:29 +0800] "GET /xingrg/kc/print/load_data.html?order_code=212021122410044&kc_code=cgsh&condition= HTTP/1.1" 200 3950
120.253.135.82 - - [24/Dec/2021:10:51:34 +0800] "GET /xingrg/all/function/internal_message.html?_=1640314075167&CODE_STATE=getMsg HTTP/1.1" 200 27
180.157.251.97 - - [24/Dec/2021:10:51:35 +0800] "GET /xingrg/all/function/internal_message.html?_=1640314295114&CODE_STATE=getMsg HTTP/1.1" 200 27
116.238.208.177 - - [24/Dec/2021:10:51:37 +0800] "GET /xingrg/all/function/internal_message.html?_=1640314304628&CODE_STATE=getMsg HTTP/1.1" 200 27
114.86.225.128 - - [24/Dec/2021:10:51:37 +0800] "GET /xingrg/all/function/internal_message.html?_=1640314298629&CODE_STATE=getMsg HTTP/1.1" 200 27
124.77.245.186 - - [24/Dec/2021:10:51:44 +0800] "GET /xingrg/all/function/internal_message.html?_=1640314321322&CODE_STATE=getMsg HTTP/1.1" 200 27
116.227.210.113 - - [24/Dec/2021:10:51:47 +0800] "POST /xingrg/services/DataTransmitService HTTP/1.1" 200 524
116.227.210.113 - - [24/Dec/2021:10:51:47 +0800] "POST /xingrg/services/DataTransmitService HTTP/1.1" 200 412
116.228.172.94 - - [24/Dec/2021:10:51:50 +0800] "GET /xingrg/all/function/internal_message.html?_=1640314305738&CODE_STATE=getMsg HTTP/1.1" 200 27
222.69.131.239 - - [24/Dec/2021:10:51:53 +0800] "GET /xingrg/all/function/internal_message.html?_=1640314311356&CODE_STATE=getMsg HTTP/1.1" 200 27
180.175.103.30 - - [24/Dec/2021:10:51:54 +0800] "GET /xingrg/all/function/internal_message.html?_=1640314314123&CODE_STATE=getMsg HTTP/1.1" 200 27
180.169.147.146 - - [24/Dec/2021:10:51:55 +0800] "GET /xingrg/all/function/internal_message.html?_=1640314316250&CODE_STATE=getMsg HTTP/1.1" 200 27
222.70.176.97 - - [24/Dec/2021:10:51:58 +0800] "GET /xingrg/all/function/internal_message.html?_=1640314314698&CODE_STATE=getMsg HTTP/1.1" 200 27
114.85.125.222 - - [24/Dec/2021:10:52:00 +0800] "GET /xingrg/check_reg.html?_=1640314267174 HTTP/1.1" 200 22
116.227.210.113 - - [24/Dec/2021:10:52:01 +0800] "GET /xingrg/all/function/internal_message.html?_=1640314294660&CODE_STATE=getMsg HTTP/1.1" 200 27
114.85.125.222 - - [24/Dec/2021:10:52:02 +0800] "GET /xingrg/all/function/internal_message.html?_=1640314268218&CODE_STATE=getMsg HTTP/1.1" 200 27
61.170.234.223 - - [24/Dec/2021:10:52:04 +0800] "GET /xingrg/check_reg.html?_=1640314321216 HTTP/1.1" 200 22
101.80.229.199 - - [24/Dec/2021:10:52:04 +0800] "GET /xingrg/all/function/internal_message.html?_=1640314324782&CODE_STATE=getMsg HTTP/1.1" 200 27
172.20.0.100 - - [24/Dec/2021:10:52:14 +0800] "GET /xingrg/all/function/internal_message.html?_=1640314333977&CODE_STATE=getMsg HTTP/1.1" 200 27
172.20.0.100 - - [24/Dec/2021:10:52:14 +0800] "GET /xingrg/check_reg.html?_=1640314333979 HTTP/1.1" 200 22
120.253.135.82 - - [24/Dec/2021:10:52:14 +0800] "GET /xingrg/all/function/internal_message.html?_=1640314115700&CODE_STATE=getMsg HTTP/1.1" 200 27
172.20.0.100 - - [24/Dec/2021:10:52:16 +0800] "GET /xingrg/check_reg.html?_=1640314335156 HTTP/1.1" 200 22
172.20.0.100 - - [24/Dec/2021:10:52:16 +0800] "GET /xingrg/all/function/internal_message.html?_=1640314335158&CODE_STATE=getMsg HTTP/1.1" 200 27
180.169.147.146 - - [24/Dec/2021:10:52:18 +0800] "GET /xingrg/all/function/internal_message.html?_=1640314337158&CODE_STATE=getMsg HTTP/1.1" 200 27
101.85.120.86 - - [24/Dec/2021:10:52:18 +0800] "GET /xingrg/check_reg.html?_=1640314335829 HTTP/1.1" 200 22
101.85.120.86 - - [24/Dec/2021:10:52:18 +0800] "GET /xingrg/all/function/internal_message.html?_=1640314335831&CODE_STATE=getMsg HTTP/1.1" 200 27
61.170.234.223 - - [24/Dec/2021:10:52:21 +0800] "GET /xingrg/all/function/internal_message.html?_=1640314338298&CODE_STATE=getMsg HTTP/1.1" 200 27
124.79.245.255 - - [24/Dec/2021:10:52:21 +0800] "GET /xingrg/all/function/internal_message.html?_=1640314365595&CODE_STATE=getMsg HTTP/1.1" 200 27
180.157.251.97 - - [24/Dec/2021:10:52:23 +0800] "GET /xingrg/check_reg.html?_=1640314343563 HTTP/1.1" 200 22
61.151.178.163 - - [24/Dec/2021:10:52:24 +0800] "GET /xingrg/all/function/internal_message.html?_=1640312641196&CODE_STATE=getMsg HTTP/1.1" 302 -
61.151.178.163 - - [24/Dec/2021:10:52:24 +0800] "GET /xingrg/login.html HTTP/1.1" 200 7641
180.169.147.146 - - [24/Dec/2021:10:52:27 +0800] "GET /xingrg/all/function/internal_message.html?_=1640314355524&CODE_STATE=getMsg HTTP/1.1" 200 27
124.79.245.255 - - [24/Dec/2021:10:52:28 +0800] "GET /xingrg/all/function/internal_message.html?_=1640314472825&CODE_STATE=getMsg HTTP/1.1" 302 -
116.238.248.233 - - [24/Dec/2021:10:52:28 +0800] "GET /xingrg/all/function/internal_message.html?_=1640314349554&CODE_STATE=getMsg HTTP/1.1" 200 27
120.253.135.82 - - [24/Dec/2021:10:52:34 +0800] "GET /xingrg/all/function/internal_message.html?_=1640314135294&CODE_STATE=getMsg HTTP/1.1" 200 27
180.157.251.97 - - [24/Dec/2021:10:52:35 +0800] "GET /xingrg/all/function/internal_message.html?_=1640314355113&CODE_STATE=getMsg HTTP/1.1" 200 27
116.238.208.177 - - [24/Dec/2021:10:52:37 +0800] "GET /xingrg/all/function/internal_message.html?_=1640314364634&CODE_STATE=getMsg HTTP/1.1" 200 27
114.86.225.128 - - [24/Dec/2021:10:52:37 +0800] "GET /xingrg/all/function/internal_message.html?_=1640314358630&CODE_STATE=getMsg HTTP/1.1" 200 27
124.77.245.186 - - [24/Dec/2021:10:52:44 +0800] "GET /xingrg/all/function/internal_message.html?_=1640314381565&CODE_STATE=getMsg HTTP/1.1" 200 27
116.228.172.94 - - [24/Dec/2021:10:52:50 +0800] "GET /xingrg/all/function/internal_message.html?_=1640314365752&CODE_STATE=getMsg HTTP/1.1" 200 27
116.228.172.94 - - [24/Dec/2021:10:52:50 +0800] "GET /xingrg/check_reg.html?_=1640314365755 HTTP/1.1" 200 22
222.69.131.239 - - [24/Dec/2021:10:52:53 +0800] "GET /xingrg/all/function/internal_message.html?_=1640314371362&CODE_STATE=getMsg HTTP/1.1" 200 27
180.175.103.30 - - [24/Dec/2021:10:52:54 +0800] "GET /xingrg/all/function/internal_message.html?_=1640314374124&CODE_STATE=getMsg HTTP/1.1" 200 27
180.169.147.146 - - [24/Dec/2021:10:52:55 +0800] "GET /xingrg/check_reg.html?_=1640314376236 HTTP/1.1" 200 22
180.169.147.146 - - [24/Dec/2021:10:52:55 +0800] "GET /xingrg/all/function/internal_message.html?_=1640314376237&CODE_STATE=getMsg HTTP/1.1" 200 27
114.88.159.28 - - [24/Dec/2021:10:52:58 +0800] "GET /xingrg/check_reg.html?_=1640314187917 HTTP/1.1" 200 22
114.88.159.28 - - [24/Dec/2021:10:52:58 +0800] "GET /xingrg/all/function/internal_message.html?_=1640314183527&CODE_STATE=getMsg HTTP/1.1" 200 27
222.70.176.97 - - [24/Dec/2021:10:52:58 +0800] "GET /xingrg/all/function/internal_message.html?_=1640314374683&CODE_STATE=getMsg HTTP/1.1" 200 27
222.70.176.97 - - [24/Dec/2021:10:52:58 +0800] "GET /xingrg/check_reg.html?_=1640314374747 HTTP/1.1" 200 22
116.227.210.113 - - [24/Dec/2021:10:53:01 +0800] "GET /xingrg/all/function/internal_message.html?_=1640314354658&CODE_STATE=getMsg HTTP/1.1" 200 27
114.85.125.222 - - [24/Dec/2021:10:53:02 +0800] "GET /xingrg/all/function/internal_message.html?_=1640314328232&CODE_STATE=getMsg HTTP/1.1" 200 27
101.80.229.199 - - [24/Dec/2021:10:53:04 +0800] "GET /xingrg/all/function/internal_message.html?_=1640314384784&CODE_STATE=getMsg HTTP/1.1" 200 27
124.79.245.255 - - [24/Dec/2021:10:53:12 +0800] "GET /xingrg/check_reg.html?_=1640314416108 HTTP/1.1" 200 22
61.151.179.84 - - [24/Dec/2021:10:53:14 +0800] "GET /xingrg/all/function/internal_message.html?_=1640312581226&CODE_STATE=getMsg HTTP/1.1" 302 -
172.20.0.100 - - [24/Dec/2021:10:53:14 +0800] "GET /xingrg/all/function/internal_message.html?_=1640314393995&CODE_STATE=getMsg HTTP/1.1" 200 27
120.253.135.82 - - [24/Dec/2021:10:53:14 +0800] "GET /xingrg/all/function/internal_message.html?_=1640314175709&CODE_STATE=getMsg HTTP/1.1" 200 27
61.151.179.84 - - [24/Dec/2021:10:53:14 +0800] "GET /xingrg/login.html HTTP/1.1" 200 7641
172.20.0.100 - - [24/Dec/2021:10:53:16 +0800] "GET /xingrg/all/function/internal_message.html?_=1640314395158&CODE_STATE=getMsg HTTP/1.1" 200 27
180.169.147.146 - - [24/Dec/2021:10:53:18 +0800] "GET /xingrg/check_reg.html?_=1640314397154 HTTP/1.1" 200 22
180.169.147.146 - - [24/Dec/2021:10:53:18 +0800] "GET /xingrg/all/function/internal_message.html?_=1640314397156&CODE_STATE=getMsg HTTP/1.1" 200 27
101.85.120.86 - - [24/Dec/2021:10:53:18 +0800] "GET /xingrg/all/function/internal_message.html?_=1640314395830&CODE_STATE=getMsg HTTP/1.1" 200 27
180.169.147.146 - - [24/Dec/2021:10:53:20 +0800] "GET /xingrg/check_reg.html?_=1640314399381 HTTP/1.1" 200 22
124.77.245.186 - - [24/Dec/2021:10:53:21 +0800] "GET /xingrg/check_reg.html?_=1640314418168 HTTP/1.1" 200 22
61.170.234.223 - - [24/Dec/2021:10:53:21 +0800] "GET /xingrg/all/function/internal_message.html?_=1640314398280&CODE_STATE=getMsg HTTP/1.1" 200 27
124.79.245.255 - - [24/Dec/2021:10:53:21 +0800] "GET /xingrg/all/function/internal_message.html?_=1640314425608&CODE_STATE=getMsg HTTP/1.1" 200 27
180.169.147.146 - - [24/Dec/2021:10:53:27 +0800] "GET /xingrg/all/function/internal_message.html?_=1640314415527&CODE_STATE=getMsg HTTP/1.1" 200 27
124.79.245.255 - - [24/Dec/2021:10:53:28 +0800] "GET /xingrg/check_reg.html?_=1640314532823 HTTP/1.1" 302 -
124.79.245.255 - - [24/Dec/2021:10:53:28 +0800] "GET /xingrg/all/function/internal_message.html?_=1640314532824&CODE_STATE=getMsg HTTP/1.1" 302 -
116.238.248.233 - - [24/Dec/2021:10:53:28 +0800] "GET /xingrg/all/function/internal_message.html?_=1640314409603&CODE_STATE=getMsg HTTP/1.1" 200 27
120.253.135.82 - - [24/Dec/2021:10:53:34 +0800] "GET /xingrg/all/function/internal_message.html?_=1640314195303&CODE_STATE=getMsg HTTP/1.1" 200 27
180.157.251.97 - - [24/Dec/2021:10:53:35 +0800] "GET /xingrg/all/function/internal_message.html?_=1640314415112&CODE_STATE=getMsg HTTP/1.1" 200 27
114.86.225.128 - - [24/Dec/2021:10:53:37 +0800] "GET /xingrg/all/function/internal_message.html?_=1640314418632&CODE_STATE=getMsg HTTP/1.1" 200 27
114.86.225.128 - - [24/Dec/2021:10:53:37 +0800] "GET /xingrg/check_reg.html?_=1640314418634 HTTP/1.1" 200 22
116.238.208.177 - - [24/Dec/2021:10:53:37 +0800] "GET /xingrg/all/function/internal_message.html?_=1640314425047&CODE_STATE=getMsg HTTP/1.1" 200 27
124.77.245.186 - - [24/Dec/2021:10:53:44 +0800] "GET /xingrg/all/function/internal_message.html?_=1640314441567&CODE_STATE=getMsg HTTP/1.1" 200 27
116.228.172.94 - - [24/Dec/2021:10:53:50 +0800] "GET /xingrg/all/function/internal_message.html?_=1640314425747&CODE_STATE=getMsg HTTP/1.1" 200 27
222.69.131.239 - - [24/Dec/2021:10:53:53 +0800] "GET /xingrg/check_reg.html?_=1640314431365 HTTP/1.1" 200 22
222.69.131.239 - - [24/Dec/2021:10:53:53 +0800] "GET /xingrg/all/function/internal_message.html?_=1640314431369&CODE_STATE=getMsg HTTP/1.1" 200 27
114.88.159.28 - - [24/Dec/2021:10:53:53 +0800] "GET /xingrg/all/function/internal_message.html?_=1640314243504&CODE_STATE=getMsg HTTP/1.1" 200 27
180.175.103.30 - - [24/Dec/2021:10:53:54 +0800] "GET /xingrg/all/function/internal_message.html?_=1640314434125&CODE_STATE=getMsg HTTP/1.1" 200 27
180.169.147.146 - - [24/Dec/2021:10:53:55 +0800] "GET /xingrg/all/function/internal_message.html?_=1640314436237&CODE_STATE=getMsg HTTP/1.1" 200 27
222.70.176.97 - - [24/Dec/2021:10:53:58 +0800] "GET /xingrg/all/function/internal_message.html?_=1640314434654&CODE_STATE=getMsg HTTP/1.1" 200 27
116.227.210.113 - - [24/Dec/2021:10:54:01 +0800] "GET /xingrg/all/function/internal_message.html?_=1640314414665&CODE_STATE=getMsg HTTP/1.1" 200 27
114.85.125.222 - - [24/Dec/2021:10:54:02 +0800] "GET /xingrg/all/function/internal_message.html?_=1640314388246&CODE_STATE=getMsg HTTP/1.1" 200 27
101.80.229.199 - - [24/Dec/2021:10:54:04 +0800] "GET /xingrg/all/function/internal_message.html?_=1640314444788&CODE_STATE=getMsg HTTP/1.1" 200 27
101.80.229.199 - - [24/Dec/2021:10:54:04 +0800] "GET /xingrg/check_reg.html?_=1640314444791 HTTP/1.1" 200 22
120.253.135.82 - - [24/Dec/2021:10:54:14 +0800] "GET /xingrg/check_reg.html?_=1640314235477 HTTP/1.1" 200 22
116.238.208.177 - - [24/Dec/2021:10:54:14 +0800] "GET /xingrg/check_reg.html?_=1640314462046 HTTP/1.1" 200 22
172.20.0.100 - - [24/Dec/2021:10:54:14 +0800] "GET /xingrg/all/function/internal_message.html?_=1640314453986&CODE_STATE=getMsg HTTP/1.1" 200 27
120.253.135.82 - - [24/Dec/2021:10:54:14 +0800] "GET /xingrg/all/function/internal_message.html?_=1640314235724&CODE_STATE=getMsg HTTP/1.1" 200 27
172.20.0.100 - - [24/Dec/2021:10:54:16 +0800] "GET /xingrg/all/function/internal_message.html?_=1640314455146&CODE_STATE=getMsg HTTP/1.1" 200 27
180.169.147.146 - - [24/Dec/2021:10:54:18 +0800] "GET /xingrg/all/function/internal_message.html?_=1640314457146&CODE_STATE=getMsg HTTP/1.1" 200 27
101.85.120.86 - - [24/Dec/2021:10:54:18 +0800] "GET /xingrg/all/function/internal_message.html?_=1640314455830&CODE_STATE=getMsg HTTP/1.1" 200 27
61.170.234.223 - - [24/Dec/2021:10:54:21 +0800] "GET /xingrg/all/function/internal_message.html?_=1640314458249&CODE_STATE=getMsg HTTP/1.1" 200 27
124.79.245.255 - - [24/Dec/2021:10:54:21 +0800] "GET /xingrg/all/function/internal_message.html?_=1640314485621&CODE_STATE=getMsg HTTP/1.1" 200 27
180.157.251.97 - - [24/Dec/2021:10:54:22 +0800] "GET /xingrg/kc/mdqp/qqps_order_list.html HTTP/1.1" 200 9640
180.157.251.97 - - [24/Dec/2021:10:54:22 +0800] "GET /xingrg/dwr/util.js HTTP/1.1" 304 -
180.157.251.97 - - [24/Dec/2021:10:54:22 +0800] "GET /xingrg/dwr/interface/AjaxQqpsService.js HTTP/1.1" 200 16326
180.157.251.97 - - [24/Dec/2021:10:54:22 +0800] "GET /xingrg/dwr/interface/AjaxReportQueryService.js HTTP/1.1" 200 13203
180.157.251.97 - - [24/Dec/2021:10:54:22 +0800] "GET /xingrg/dwr/engine.js HTTP/1.1" 200 43631
180.157.251.97 - - [24/Dec/2021:10:54:24 +0800] "GET /xingrg/kc/mdqp/qqps_order_info.html?code=302021122300466 HTTP/1.1" 200 28372
180.157.251.97 - - [24/Dec/2021:10:54:24 +0800] "GET /xingrg/dwr/interface/AjaxComOrderService.js HTTP/1.1" 200 18264
180.157.251.97 - - [24/Dec/2021:10:54:24 +0800] "GET /xingrg/dwr/interface/AjaxQqpsService.js HTTP/1.1" 200 16326
180.157.251.97 - - [24/Dec/2021:10:54:24 +0800] "GET /xingrg/dwr/engine.js HTTP/1.1" 200 43631
180.157.251.97 - - [24/Dec/2021:10:54:24 +0800] "GET /xingrg/words/20211222174829_words.js HTTP/1.1" 304 -
180.157.251.97 - - [24/Dec/2021:10:54:25 +0800] "POST /xingrg/dwr/call/plaincall/AjaxQqpsService.loadMaterielItems.dwr HTTP/1.1" 200 686
172.20.0.100 - - [24/Dec/2021:10:54:25 +0800] "GET /favicon.ico HTTP/1.1" 404 -
180.157.251.97 - - [24/Dec/2021:10:54:27 +0800] "GET /xingrg/kc/mdqp/qqps_order_list.html?isBack=1 HTTP/1.1" 200 9649
180.157.251.97 - - [24/Dec/2021:10:54:27 +0800] "GET /xingrg/dwr/interface/AjaxReportQueryService.js HTTP/1.1" 200 13203
180.157.251.97 - - [24/Dec/2021:10:54:27 +0800] "GET /xingrg/dwr/interface/AjaxQqpsService.js HTTP/1.1" 200 16326
180.157.251.97 - - [24/Dec/2021:10:54:27 +0800] "GET /xingrg/dwr/engine.js HTTP/1.1" 200 43631
124.79.245.255 - - [24/Dec/2021:10:54:28 +0800] "GET /xingrg/all/function/internal_message.html?_=1640314592822&CODE_STATE=getMsg HTTP/1.1" 302 -
116.238.248.233 - - [24/Dec/2021:10:54:28 +0800] "GET /xingrg/all/function/internal_message.html?_=1640314469652&CODE_STATE=getMsg HTTP/1.1" 200 27
116.238.248.233 - - [24/Dec/2021:10:54:28 +0800] "GET /xingrg/check_reg.html?_=1640314469654 HTTP/1.1" 200 22
120.253.135.82 - - [24/Dec/2021:10:54:33 +0800] "GET /xingrg/check_reg.html?_=1640314254167 HTTP/1.1" 200 22
120.253.135.82 - - [24/Dec/2021:10:54:34 +0800] "GET /xingrg/all/function/internal_message.html?_=1640314255317&CODE_STATE=getMsg HTTP/1.1" 200 27
180.157.251.97 - - [24/Dec/2021:10:54:35 +0800] "GET /xingrg/all/function/internal_message.html?_=1640314475140&CODE_STATE=getMsg HTTP/1.1" 200 27
114.86.225.128 - - [24/Dec/2021:10:54:37 +0800] "GET /xingrg/all/function/internal_message.html?_=1640314478634&CODE_STATE=getMsg HTTP/1.1" 200 27
116.238.208.177 - - [24/Dec/2021:10:54:37 +0800] "GET /xingrg/all/function/internal_message.html?_=1640314485053&CODE_STATE=getMsg HTTP/1.1" 200 27
124.77.245.186 - - [24/Dec/2021:10:54:44 +0800] "GET /xingrg/all/function/internal_message.html?_=1640314501582&CODE_STATE=getMsg HTTP/1.1" 200 27
61.170.234.223 - - [24/Dec/2021:10:54:49 +0800] "GET /xingrg/kc/buy/cgsh_order_add.html HTTP/1.1" 200 65255
116.228.172.94 - - [24/Dec/2021:10:54:50 +0800] "GET /xingrg/all/function/internal_message.html?_=1640314485747&CODE_STATE=getMsg HTTP/1.1" 200 27
61.170.234.223 - - [24/Dec/2021:10:54:50 +0800] "GET /xingrg/javascript/easyui/themes/default/validatebox.css HTTP/1.1" 404 1104
61.170.234.223 - - [24/Dec/2021:10:54:50 +0800] "POST /xingrg/kc/buy/cgsh_order_operate.html HTTP/1.1" 200 8245
222.69.131.239 - - [24/Dec/2021:10:54:53 +0800] "GET /xingrg/all/function/internal_message.html?_=1640314491370&CODE_STATE=getMsg HTTP/1.1" 200 27
61.170.234.223 - - [24/Dec/2021:10:54:53 +0800] "GET /xingrg/javascript/easyui/themes/default/tree.css HTTP/1.1" 404 1090
61.170.234.223 - - [24/Dec/2021:10:54:53 +0800] "POST /xingrg/all/common/load_tree.html?tree=supplier_tree_json&isDelete=1 HTTP/1.1" 200 61544
114.88.159.28 - - [24/Dec/2021:10:54:53 +0800] "GET /xingrg/all/function/internal_message.html?_=1640314303475&CODE_STATE=getMsg HTTP/1.1" 200 27
180.175.103.30 - - [24/Dec/2021:10:54:54 +0800] "GET /xingrg/all/function/internal_message.html?_=1640314494125&CODE_STATE=getMsg HTTP/1.1" 200 27
180.169.147.146 - - [24/Dec/2021:10:54:55 +0800] "GET /xingrg/all/function/internal_message.html?_=1640314496239&CODE_STATE=getMsg HTTP/1.1" 200 27
222.70.176.97 - - [24/Dec/2021:10:54:58 +0800] "GET /xingrg/all/function/internal_message.html?_=1640314494639&CODE_STATE=getMsg HTTP/1.1" 200 27
116.227.210.113 - - [24/Dec/2021:10:55:01 +0800] "GET /xingrg/check_reg.html?_=1640314474654 HTTP/1.1" 200 22
116.227.210.113 - - [24/Dec/2021:10:55:01 +0800] "GET /xingrg/all/function/internal_message.html?_=1640314474660&CODE_STATE=getMsg HTTP/1.1" 200 27
114.85.125.222 - - [24/Dec/2021:10:55:02 +0800] "GET /xingrg/all/function/internal_message.html?_=1640314448271&CODE_STATE=getMsg HTTP/1.1" 200 27
101.80.229.199 - - [24/Dec/2021:10:55:04 +0800] "GET /xingrg/all/function/internal_message.html?_=1640314504779&CODE_STATE=getMsg HTTP/1.1" 200 27
61.170.234.223 - - [24/Dec/2021:10:55:08 +0800] "GET /xingrg/kc/buy/cgsh_order_operate.html?command=get_materiel&rest_code=00106&code=00101008146&supplier_code=00100009&order_time=2021-12-24 HTTP/1.1" 200 416
172.20.0.100 - - [24/Dec/2021:10:55:14 +0800] "GET /xingrg/all/function/internal_message.html?_=1640314513974&CODE_STATE=getMsg HTTP/1.1" 200 27
120.253.135.82 - - [24/Dec/2021:10:55:14 +0800] "GET /xingrg/all/function/internal_message.html?_=1640314295737&CODE_STATE=getMsg HTTP/1.1" 200 27
172.20.0.100 - - [24/Dec/2021:10:55:16 +0800] "GET /xingrg/all/function/internal_message.html?_=1640314515156&CODE_STATE=getMsg HTTP/1.1" 200 27
61.151.178.165 - - [24/Dec/2021:10:55:16 +0800] "GET /xingrg/all/function/internal_message.html?_=1640313251507&CODE_STATE=getMsg HTTP/1.1" 302 -
61.170.234.223 - - [24/Dec/2021:10:55:17 +0800] "GET /xingrg/kc/buy/cgsh_order_operate.html?command=get_materiel&rest_code=00106&code=00101008147&supplier_code=00100009&order_time=2021-12-24 HTTP/1.1" 200 416
61.151.178.165 - - [24/Dec/2021:10:55:17 +0800] "GET /xingrg/login.html HTTP/1.1" 200 7641
180.169.147.146 - - [24/Dec/2021:10:55:18 +0800] "GET /xingrg/all/function/internal_message.html?_=1640314517159&CODE_STATE=getMsg HTTP/1.1" 200 27
101.85.120.86 - - [24/Dec/2021:10:55:18 +0800] "GET /xingrg/all/function/internal_message.html?_=1640314515831&CODE_STATE=getMsg HTTP/1.1" 200 27
58.40.7.146 - - [24/Dec/2021:10:55:20 +0800] "POST /xingrg/services/DataTransmitService HTTP/1.1" 200 524
61.170.234.223 - - [24/Dec/2021:10:55:21 +0800] "GET /xingrg/all/function/internal_message.html?_=1640314518232&CODE_STATE=getMsg HTTP/1.1" 200 27
124.79.245.255 - - [24/Dec/2021:10:55:22 +0800] "GET /xingrg/all/function/internal_message.html?_=1640314546343&CODE_STATE=getMsg HTTP/1.1" 200 27
61.170.234.223 - - [24/Dec/2021:10:55:26 +0800] "POST /xingrg/kc/buy/cgsh_order_operate.html HTTP/1.1" 200 37
180.157.251.97 - - [24/Dec/2021:10:55:26 +0800] "GET /xingrg/kc/mdqp/qqps_order_add.html HTTP/1.1" 200 28219
180.157.251.97 - - [24/Dec/2021:10:55:26 +0800] "GET /xingrg/dwr/interface/AjaxQqpsService.js HTTP/1.1" 200 16326
180.157.251.97 - - [24/Dec/2021:10:55:26 +0800] "GET /xingrg/dwr/interface/AjaxComOrderService.js HTTP/1.1" 200 18264
180.157.251.97 - - [24/Dec/2021:10:55:26 +0800] "GET /xingrg/dwr/engine.js HTTP/1.1" 200 43631
124.79.245.255 - - [24/Dec/2021:10:55:28 +0800] "GET /xingrg/all/function/internal_message.html?_=1640314652821&CODE_STATE=getMsg HTTP/1.1" 302 -
116.238.248.233 - - [24/Dec/2021:10:55:28 +0800] "GET /xingrg/all/function/internal_message.html?_=1640314529704&CODE_STATE=getMsg HTTP/1.1" 200 27
61.170.234.223 - - [24/Dec/2021:10:55:30 +0800] "POST /xingrg/kc/buy/cgsh_order_operate.html HTTP/1.1" 200 12
61.170.234.223 - - [24/Dec/2021:10:55:31 +0800] "GET /xingrg/kc/buy/cgsh_order_info.html?code=212021122410045 HTTP/1.1" 200 60170
61.170.234.223 - - [24/Dec/2021:10:55:31 +0800] "GET /xingrg/javascript/easyui/themes/default/validatebox.css HTTP/1.1" 404 1104
61.151.178.177 - - [24/Dec/2021:10:55:32 +0800] "GET /xingrg/all/function/internal_message.html?_=1640312521179&CODE_STATE=count HTTP/1.1" 302 -
61.170.234.223 - - [24/Dec/2021:10:55:32 +0800] "POST /xingrg/kc/buy/cgsh_order_operate.html HTTP/1.1" 200 1208
61.151.178.177 - - [24/Dec/2021:10:55:33 +0800] "GET /xingrg/login.html HTTP/1.1" 200 7641
61.170.234.223 - - [24/Dec/2021:10:55:33 +0800] "GET /xingrg/kc/print/load_data.html?order_code=212021122410045&kc_code=cgsh&condition= HTTP/1.1" 200 1011
120.253.135.82 - - [24/Dec/2021:10:55:34 +0800] "GET /xingrg/all/function/internal_message.html?_=1640314315331&CODE_STATE=getMsg HTTP/1.1" 200 27
180.157.251.97 - - [24/Dec/2021:10:55:35 +0800] "GET /xingrg/check_reg.html?_=1640314535134 HTTP/1.1" 200 22
180.157.251.97 - - [24/Dec/2021:10:55:35 +0800] "GET /xingrg/all/function/internal_message.html?_=1640314535135&CODE_STATE=getMsg HTTP/1.1" 200 27
180.157.251.97 - - [24/Dec/2021:10:55:36 +0800] "POST /xingrg/dwr/call/plaincall/AjaxQqpsService.saveOrder.dwr HTTP/1.1" 200 78
114.86.225.128 - - [24/Dec/2021:10:55:37 +0800] "GET /xingrg/all/function/internal_message.html?_=1640314538638&CODE_STATE=getMsg HTTP/1.1" 200 27
116.238.208.177 - - [24/Dec/2021:10:55:37 +0800] "GET /xingrg/all/function/internal_message.html?_=1640314545065&CODE_STATE=getMsg HTTP/1.1" 200 27
61.170.234.223 - - [24/Dec/2021:10:55:38 +0800] "GET /xingrg/kc/print/load_data.html?order_code=212021122410045&kc_code=cgsh HTTP/1.1" 200 1011
124.77.245.186 - - [24/Dec/2021:10:55:44 +0800] "GET /xingrg/all/function/internal_message.html?_=1640314561826&CODE_STATE=getMsg HTTP/1.1" 200 27
180.157.251.97 - - [24/Dec/2021:10:55:48 +0800] "GET /xingrg/javascript/auto/indicator.gif HTTP/1.1" 404 1066
180.157.251.97 - - [24/Dec/2021:10:55:49 +0800] "POST /xingrg/dwr/call/plaincall/AjaxQqpsService.getMaterielByCode.dwr HTTP/1.1" 200 2599
