116.232.52.211 - - [23/Dec/2021:11:08:07 +0800] "GET /xingrg/javascript/myfunction.js HTTP/1.1" 200 24559
116.232.52.211 - - [23/Dec/2021:11:08:07 +0800] "GET /xingrg/images/blue/button/psshd.gif HTTP/1.1" 200 2692
116.232.52.211 - - [23/Dec/2021:11:08:07 +0800] "GET /xingrg/images/blue/pic_form2.gif HTTP/1.1" 200 1853
116.232.52.211 - - [23/Dec/2021:11:08:07 +0800] "GET /xingrg/javascript/jquery_ui/themes/humanity/humanity.css HTTP/1.1" 200 27801
116.232.52.211 - - [23/Dec/2021:11:08:07 +0800] "GET /xingrg/javascript/jquery_ui/themes/humanity/images/ui-bg_inset-soft_100_f4f0ec_1x100.png HTTP/1.1" 200 141
116.232.52.211 - - [23/Dec/2021:11:08:07 +0800] "GET /xingrg/images/blue/bg_dotted.jpg HTTP/1.1" 200 319
116.232.52.211 - - [23/Dec/2021:11:08:07 +0800] "GET /xingrg/images/blue/button/right_ah.jpg HTTP/1.1" 200 1744
116.232.52.211 - - [23/Dec/2021:11:08:07 +0800] "GET /xingrg/images/blue/button/down_ah.jpg HTTP/1.1" 200 1732
116.232.52.211 - - [23/Dec/2021:11:08:07 +0800] "GET /xingrg/javascript/jquery_ui/themes/humanity/images/ui-iconsnew.jpg HTTP/1.1" 200 337
116.232.52.211 - - [23/Dec/2021:11:08:07 +0800] "GET /xingrg/javascript/jquery_ui/themes/humanity/images/ui-icons_ffffff_256x240.png HTTP/1.1" 200 4369
116.232.52.211 - - [23/Dec/2021:11:08:07 +0800] "GET /xingrg/javascript/jquery_ui/themes/humanity/images/ui-icons_c47a23_256x240.png HTTP/1.1" 200 5355
116.232.52.211 - - [23/Dec/2021:11:08:07 +0800] "GET /xingrg/javascript/jquery_ui/themes/humanity/images/ui-bg_glass_70_ede4d4_1x400.png HTTP/1.1" 200 161
116.232.52.211 - - [23/Dec/2021:11:08:07 +0800] "GET /xingrg/images/yd/bt.gif HTTP/1.1" 404 1040
61.151.178.197 - - [23/Dec/2021:11:08:08 +0800] "GET /xingrg/all/function/internal_message.html?_=1640226146521&CODE_STATE=getMsg HTTP/1.1" 302 -
116.232.52.211 - - [23/Dec/2021:11:08:08 +0800] "GET /xingrg/kc/mdqp/qqps_order_list.html HTTP/1.1" 200 9222
116.232.52.211 - - [23/Dec/2021:11:08:08 +0800] "GET /xingrg/dwr/interface/AjaxQqpsService.js HTTP/1.1" 200 16326
116.232.52.211 - - [23/Dec/2021:11:08:08 +0800] "GET /xingrg/dwr/interface/AjaxReportQueryService.js HTTP/1.1" 200 13203
116.232.52.211 - - [23/Dec/2021:11:08:08 +0800] "GET /xingrg/javascript/Calendar.js HTTP/1.1" 200 31561
116.232.52.211 - - [23/Dec/2021:11:08:08 +0800] "GET /xingrg/dwr/util.js HTTP/1.1" 200 35990
116.232.52.211 - - [23/Dec/2021:11:08:08 +0800] "GET /xingrg/dwr/engine.js HTTP/1.1" 200 43631
116.232.52.211 - - [23/Dec/2021:11:08:08 +0800] "GET /xingrg/javascript/jquery_easy_ui/themes/icons/edit_add_new.png HTTP/1.1" 200 2997
116.232.52.211 - - [23/Dec/2021:11:08:08 +0800] "GET /xingrg/javascript/jquery_easy_ui/themes/icons/uncheck_new.png HTTP/1.1" 200 3197
116.232.52.211 - - [23/Dec/2021:11:08:08 +0800] "GET /xingrg/javascript/jquery_easy_ui/themes/icons/check_new.png HTTP/1.1" 200 3224
116.232.52.211 - - [23/Dec/2021:11:08:08 +0800] "GET /xingrg/javascript/jquery_easy_ui/themes/icons/cance_new.png HTTP/1.1" 200 3986
61.151.178.197 - - [23/Dec/2021:11:08:08 +0800] "GET /xingrg/login.html HTTP/1.1" 200 7641
180.157.251.97 - - [23/Dec/2021:11:08:09 +0800] "GET /xingrg/all/function/internal_message.html?_=1640228890220&CODE_STATE=getMsg HTTP/1.1" 200 27
116.238.208.177 - - [23/Dec/2021:11:08:12 +0800] "GET /xingrg/kc/base/wldb_order_operate.html?command=get_materiel&rest_code=00102&base_code=0010476&code=00101016044 HTTP/1.1" 200 464
101.85.55.123 - - [23/Dec/2021:11:08:16 +0800] "GET /xingrg/all/function/internal_message.html?_=1640228895824&CODE_STATE=getMsg HTTP/1.1" 200 27
124.77.245.186 - - [23/Dec/2021:11:08:18 +0800] "GET /xingrg/all/function/internal_message.html?_=1640228911751&CODE_STATE=getMsg HTTP/1.1" 200 27
116.232.52.211 - - [23/Dec/2021:11:08:20 +0800] "GET /xingrg/javascript/jquery_easy_ui/themes/default/images/button_plain_hover.png HTTP/1.1" 200 252
116.232.52.211 - - [23/Dec/2021:11:08:21 +0800] "GET /xingrg/kc/mdqp/qqps_order_add.html HTTP/1.1" 200 28406
116.232.52.211 - - [23/Dec/2021:11:08:21 +0800] "GET /xingrg/javascript/auto/jquery.autocomplete.css HTTP/1.1" 200 587
116.232.52.211 - - [23/Dec/2021:11:08:21 +0800] "GET /xingrg/javascript/auto/jquery.autocomplete.js HTTP/1.1" 200 21624
116.232.52.211 - - [23/Dec/2021:11:08:21 +0800] "GET /xingrg/dwr/interface/AjaxComOrderService.js HTTP/1.1" 200 18264
116.232.52.211 - - [23/Dec/2021:11:08:21 +0800] "GET /xingrg/javascript/AjaxInfoList.js HTTP/1.1" 200 3774
116.232.52.211 - - [23/Dec/2021:11:08:21 +0800] "GET /xingrg/dwr/interface/AjaxQqpsService.js HTTP/1.1" 200 16326
116.232.52.211 - - [23/Dec/2021:11:08:21 +0800] "GET /xingrg/javascript/tools/jquery.qtip-1.0.0-rc3.min.js HTTP/1.1" 200 38404
116.232.52.211 - - [23/Dec/2021:11:08:21 +0800] "GET /xingrg/javascript/Grid.js HTTP/1.1" 200 58908
116.232.52.211 - - [23/Dec/2021:11:08:21 +0800] "GET /xingrg/javascript/print/LodopFuncs.js HTTP/1.1" 200 5121
116.232.52.211 - - [23/Dec/2021:11:08:21 +0800] "GET /xingrg/javascript/print/kc_print.js HTTP/1.1" 200 11415
116.232.52.211 - - [23/Dec/2021:11:08:21 +0800] "GET /xingrg/dwr/engine.js HTTP/1.1" 200 43631
116.232.52.211 - - [23/Dec/2021:11:08:21 +0800] "GET /xingrg/words/20211222174829_words.js HTTP/1.1" 200 881068
116.232.52.211 - - [23/Dec/2021:11:08:21 +0800] "GET /xingrg/javascript/jquery_easy_ui/themes/default/images/menu_downarrow.png HTTP/1.1" 200 173
116.232.52.211 - - [23/Dec/2021:11:08:21 +0800] "GET /xingrg/javascript/jquery_easy_ui/themes/icons/print.png HTTP/1.1" 200 1057
116.232.52.211 - - [23/Dec/2021:11:08:21 +0800] "GET /xingrg/javascript/jquery_easy_ui/themes/icons/back_new.png HTTP/1.1" 200 3414
116.232.52.211 - - [23/Dec/2021:11:08:21 +0800] "GET /xingrg/javascript/jquery_easy_ui/themes/icons/copy_new.png HTTP/1.1" 200 815
116.232.52.211 - - [23/Dec/2021:11:08:21 +0800] "GET /xingrg/javascript/jquery_easy_ui/themes/icons/template_new.png HTTP/1.1" 200 3956
116.232.52.211 - - [23/Dec/2021:11:08:21 +0800] "GET /xingrg/javascript/jquery_easy_ui/themes/icons/ok.png HTTP/1.1" 200 883
116.232.52.211 - - [23/Dec/2021:11:08:21 +0800] "GET /xingrg/images/blue/button/kc_tab_add.gif HTTP/1.1" 200 375
116.232.52.211 - - [23/Dec/2021:11:08:21 +0800] "GET /xingrg/images/blue/button/kc_tab_edit.gif HTTP/1.1" 200 551
116.232.52.211 - - [23/Dec/2021:11:08:21 +0800] "GET /xingrg/images/blue/button/kc_tab_save.gif HTTP/1.1" 200 777
116.232.52.211 - - [23/Dec/2021:11:08:21 +0800] "GET /xingrg/images/blue/button/kc_tab_del.gif HTTP/1.1" 200 383
116.232.52.211 - - [23/Dec/2021:11:08:21 +0800] "GET /xingrg/javascript/jquery_easy_ui/themes/default/images/combo_arrow_dot.gif HTTP/1.1" 200 79
116.232.52.211 - - [23/Dec/2021:11:08:21 +0800] "GET /xingrg/images/blue/kc_tab_mid.gif HTTP/1.1" 200 44
116.232.52.211 - - [23/Dec/2021:11:08:21 +0800] "GET /xingrg/images/blue/kc_tab_left.gif HTTP/1.1" 200 188
116.232.52.211 - - [23/Dec/2021:11:08:21 +0800] "GET /xingrg/images/blue/kc_tab2_left.gif HTTP/1.1" 200 625
116.232.52.211 - - [23/Dec/2021:11:08:21 +0800] "GET /xingrg/images/blue/kc_tab_right.gif HTTP/1.1" 200 643
116.232.52.211 - - [23/Dec/2021:11:08:21 +0800] "GET /xingrg/images/blue/kc_tab2_right.gif HTTP/1.1" 200 192
180.169.147.146 - - [23/Dec/2021:11:08:24 +0800] "GET /xingrg/all/function/internal_message.html?_=1640228903967&CODE_STATE=getMsg HTTP/1.1" 200 27
124.79.245.255 - - [23/Dec/2021:11:08:28 +0800] "GET /xingrg/all/function/internal_message.html?_=1640229033868&CODE_STATE=getMsg HTTP/1.1" 302 -
61.170.234.223 - - [23/Dec/2021:11:08:28 +0800] "GET /xingrg/check_reg.html?_=1640228906596 HTTP/1.1" 200 22
124.77.245.186 - - [23/Dec/2021:11:08:30 +0800] "GET /xingrg/kc/buy/cgsh_order_operate.html?command=get_materiel&rest_code=00146&code=00101008318&supplier_code=00100005&order_time=2021-12-23 HTTP/1.1" 200 408
61.170.234.223 - - [23/Dec/2021:11:08:30 +0800] "GET /xingrg/all/function/internal_message.html?_=1640228908097&CODE_STATE=getMsg HTTP/1.1" 200 27
124.77.245.186 - - [23/Dec/2021:11:08:33 +0800] "POST /xingrg/kc/buy/cgsh_order_operate.html HTTP/1.1" 200 2065
116.232.52.211 - - [23/Dec/2021:11:08:34 +0800] "GET /xingrg/javascript/auto/indicator.gif HTTP/1.1" 404 1066
116.238.248.233 - - [23/Dec/2021:11:08:35 +0800] "GET /xingrg/all/function/internal_message.html?_=1640228916029&CODE_STATE=getMsg HTTP/1.1" 200 27
116.232.52.211 - - [23/Dec/2021:11:08:38 +0800] "GET /xingrg/images/blue/wait.gif HTTP/1.1" 200 1100
116.232.52.211 - - [23/Dec/2021:11:08:38 +0800] "POST /xingrg/dwr/call/plaincall/AjaxQqpsService.saveOrder.dwr HTTP/1.1" 200 78
116.232.52.211 - - [23/Dec/2021:11:08:40 +0800] "POST /xingrg/dwr/call/plaincall/AjaxQqpsService.getMaterielByCode.dwr HTTP/1.1" 200 2690
116.232.52.211 - - [23/Dec/2021:11:08:41 +0800] "POST /xingrg/dwr/call/plaincall/AjaxQqpsService.saveMaterielItem.dwr HTTP/1.1" 200 78
116.232.52.211 - - [23/Dec/2021:11:08:43 +0800] "POST /xingrg/dwr/call/plaincall/AjaxQqpsService.removeMaterielItem.dwr HTTP/1.1" 200 78
124.77.245.186 - - [23/Dec/2021:11:08:43 +0800] "GET /xingrg/kc/buy/cgsh_order_operate.html?command=get_materiel&rest_code=00146&code=00101008352&supplier_code=00100005&order_time=2021-12-23 HTTP/1.1" 200 412
172.20.0.100 - - [23/Dec/2021:11:08:48 +0800] "GET /xingrg/all/function/internal_message.html?_=1640228927393&CODE_STATE=getMsg HTTP/1.1" 200 27
124.79.245.255 - - [23/Dec/2021:11:08:48 +0800] "GET /xingrg/all/function/internal_message.html?_=1640229054129&CODE_STATE=getMsg HTTP/1.1" 302 -
116.227.210.113 - - [23/Dec/2021:11:08:50 +0800] "GET /xingrg/check_reg.html?_=1640228905524 HTTP/1.1" 200 22
116.228.172.94 - - [23/Dec/2021:11:08:52 +0800] "GET /xingrg/all/function/internal_message.html?_=1640228930676&CODE_STATE=getMsg HTTP/1.1" 200 27
180.175.103.30 - - [23/Dec/2021:11:08:54 +0800] "GET /xingrg/all/function/internal_message.html?_=1640228934927&CODE_STATE=getMsg HTTP/1.1" 200 27
116.238.208.177 - - [23/Dec/2021:11:08:55 +0800] "GET /xingrg/check_reg.html?_=1640228943980 HTTP/1.1" 200 22
116.238.208.177 - - [23/Dec/2021:11:08:55 +0800] "GET /xingrg/all/function/internal_message.html?_=1640228944312&CODE_STATE=getMsg HTTP/1.1" 200 27
116.238.208.177 - - [23/Dec/2021:11:08:57 +0800] "GET /xingrg/kc/base/wldb_order_operate.html?command=get_materiel&rest_code=00102&base_code=0010476&code=00101019439 HTTP/1.1" 200 457
114.85.125.222 - - [23/Dec/2021:11:08:57 +0800] "GET /xingrg/all/function/internal_message.html?_=1640228885346&CODE_STATE=getMsg HTTP/1.1" 200 27
116.227.210.113 - - [23/Dec/2021:11:08:58 +0800] "GET /xingrg/all/function/internal_message.html?_=1640228913686&CODE_STATE=getMsg HTTP/1.1" 200 27
222.70.176.97 - - [23/Dec/2021:11:08:58 +0800] "GET /xingrg/all/function/internal_message.html?_=1640228935390&CODE_STATE=getMsg HTTP/1.1" 200 27
116.232.52.211 - - [23/Dec/2021:11:09:00 +0800] "GET /xingrg/all/function/internal_message.html?_=1640228940718&CODE_STATE=getMsg HTTP/1.1" 200 27
124.77.245.186 - - [23/Dec/2021:11:09:03 +0800] "GET /xingrg/kc/buy/cgsh_order_operate.html?command=get_materiel&rest_code=00146&code=00101008005&supplier_code=00100005&order_time=2021-12-23 HTTP/1.1" 200 412
114.88.159.28 - - [23/Dec/2021:11:09:04 +0800] "GET /xingrg/all/function/internal_message.html?_=1640228755448&CODE_STATE=getMsg HTTP/1.1" 200 27
61.151.178.197 - - [23/Dec/2021:11:09:05 +0800] "GET /xingrg/kc/buy/cgsh_order_operate.html?command=get_materiel&rest_code=00106&code=00101007063&supplier_code=00100002&order_time=2021-12-23 HTTP/1.1" 302 -
61.151.178.197 - - [23/Dec/2021:11:09:06 +0800] "GET /xingrg/login.html HTTP/1.1" 200 7641
61.170.234.223 - - [23/Dec/2021:11:09:06 +0800] "GET /xingrg/all/function/internal_message.html?_=1640228948196&CODE_STATE=getMsg HTTP/1.1" 200 27
114.88.159.28 - - [23/Dec/2021:11:09:06 +0800] "GET /xingrg/check_reg.html?_=1640228757306 HTTP/1.1" 200 22
116.232.52.211 - - [23/Dec/2021:11:09:08 +0800] "POST /xingrg/dwr/call/plaincall/AjaxQqpsService.checkOrder.dwr HTTP/1.1" 200 78
116.232.52.211 - - [23/Dec/2021:11:09:08 +0800] "GET /xingrg/kc/mdqp/qqps_order_info.html?code=302021122300464 HTTP/1.1" 200 26807
116.232.52.211 - - [23/Dec/2021:11:09:08 +0800] "GET /xingrg/dwr/interface/AjaxComOrderService.js HTTP/1.1" 200 18264
116.232.52.211 - - [23/Dec/2021:11:09:08 +0800] "GET /xingrg/dwr/interface/AjaxQqpsService.js HTTP/1.1" 200 16326
116.232.52.211 - - [23/Dec/2021:11:09:08 +0800] "GET /xingrg/dwr/engine.js HTTP/1.1" 200 43631
116.232.52.211 - - [23/Dec/2021:11:09:09 +0800] "POST /xingrg/dwr/call/plaincall/AjaxQqpsService.loadMaterielItems.dwr HTTP/1.1" 200 329
180.157.251.97 - - [23/Dec/2021:11:09:09 +0800] "GET /xingrg/all/function/internal_message.html?_=1640228950219&CODE_STATE=getMsg HTTP/1.1" 200 27
101.85.55.123 - - [23/Dec/2021:11:09:16 +0800] "GET /xingrg/all/function/internal_message.html?_=1640228955835&CODE_STATE=getMsg HTTP/1.1" 200 27
124.77.245.186 - - [23/Dec/2021:11:09:18 +0800] "GET /xingrg/all/function/internal_message.html?_=1640228971756&CODE_STATE=getMsg HTTP/1.1" 200 27
180.169.147.146 - - [23/Dec/2021:11:09:24 +0800] "GET /xingrg/check_reg.html?_=1640228963961 HTTP/1.1" 200 22
180.169.147.146 - - [23/Dec/2021:11:09:24 +0800] "GET /xingrg/all/function/internal_message.html?_=1640228963963&CODE_STATE=getMsg HTTP/1.1" 200 27
124.77.245.186 - - [23/Dec/2021:11:09:26 +0800] "GET /xingrg/check_reg.html?_=1640228979855 HTTP/1.1" 200 22
124.77.245.186 - - [23/Dec/2021:11:09:27 +0800] "GET /xingrg/kc/buy/cgsh_order_operate.html?command=get_materiel&rest_code=00146&code=00101015068&supplier_code=00100005&order_time=2021-12-23 HTTP/1.1" 200 412
124.79.245.255 - - [23/Dec/2021:11:09:28 +0800] "GET /xingrg/check_reg.html?_=1640229093868 HTTP/1.1" 302 -
124.79.245.255 - - [23/Dec/2021:11:09:28 +0800] "GET /xingrg/all/function/internal_message.html?_=1640229093867&CODE_STATE=getMsg HTTP/1.1" 302 -
116.238.208.177 - - [23/Dec/2021:11:09:29 +0800] "POST /xingrg/kc/base/wldb_order_operate.html HTTP/1.1" 200 37
61.170.234.223 - - [23/Dec/2021:11:09:30 +0800] "GET /xingrg/all/function/internal_message.html?_=1640228968069&CODE_STATE=getMsg HTTP/1.1" 200 27
116.238.208.177 - - [23/Dec/2021:11:09:32 +0800] "POST /xingrg/kc/base/wldb_order_operate.html HTTP/1.1" 200 12
116.238.208.177 - - [23/Dec/2021:11:09:32 +0800] "POST /xingrg/kc/base/wldb_order_operate.html HTTP/1.1" 200 7248
116.238.248.233 - - [23/Dec/2021:11:09:35 +0800] "GET /xingrg/all/function/internal_message.html?_=1640228976061&CODE_STATE=getMsg HTTP/1.1" 200 27
116.238.208.177 - - [23/Dec/2021:11:09:37 +0800] "GET /xingrg/kc/base/wldb_order_info.html?code=422021122302380 HTTP/1.1" 200 26147
124.77.245.186 - - [23/Dec/2021:11:09:38 +0800] "GET /xingrg/kc/buy/cgsh_order_operate.html?command=get_materiel&rest_code=00146&code=00101008095&supplier_code=00100005&order_time=2021-12-23 HTTP/1.1" 200 412
116.238.208.177 - - [23/Dec/2021:11:09:39 +0800] "POST /xingrg/kc/base/wldb_order_operate.html HTTP/1.1" 200 5430
116.238.208.177 - - [23/Dec/2021:11:09:40 +0800] "GET /xingrg/javascript/easyui/themes/default/validatebox.css HTTP/1.1" 404 1104
124.77.245.186 - - [23/Dec/2021:11:09:41 +0800] "POST /xingrg/kc/buy/cgsh_order_operate.html HTTP/1.1" 200 2065
172.20.0.100 - - [23/Dec/2021:11:09:48 +0800] "GET /xingrg/all/function/internal_message.html?_=1640228987379&CODE_STATE=getMsg HTTP/1.1" 200 27
124.79.245.255 - - [23/Dec/2021:11:09:48 +0800] "GET /xingrg/all/function/internal_message.html?_=1640229114144&CODE_STATE=getMsg HTTP/1.1" 302 -
116.238.208.177 - - [23/Dec/2021:11:09:49 +0800] "GET /xingrg/kc/base/wldb_order_add.html HTTP/1.1" 200 30270
116.238.208.177 - - [23/Dec/2021:11:09:51 +0800] "POST /xingrg/kc/base/wldb_order_operate.html HTTP/1.1" 200 6806
116.228.172.94 - - [23/Dec/2021:11:09:52 +0800] "GET /xingrg/all/function/internal_message.html?_=1640228990660&CODE_STATE=getMsg HTTP/1.1" 200 27
116.238.208.177 - - [23/Dec/2021:11:09:52 +0800] "GET /xingrg/javascript/easyui/themes/default/validatebox.css HTTP/1.1" 404 1104
124.77.245.186 - - [23/Dec/2021:11:09:53 +0800] "GET /xingrg/kc/buy/cgsh_order_operate.html?command=get_materiel&rest_code=00146&code=00101008110&supplier_code=00100005&order_time=2021-12-23 HTTP/1.1" 200 408
180.175.103.30 - - [23/Dec/2021:11:09:54 +0800] "GET /xingrg/all/function/internal_message.html?_=1640228994899&CODE_STATE=getMsg HTTP/1.1" 200 27
116.238.208.177 - - [23/Dec/2021:11:09:55 +0800] "GET /xingrg/all/function/internal_message.html?_=1640229004320&CODE_STATE=getMsg HTTP/1.1" 200 27
114.85.125.222 - - [23/Dec/2021:11:09:56 +0800] "GET /xingrg/check_reg.html?_=1640228943920 HTTP/1.1" 200 22
114.85.125.222 - - [23/Dec/2021:11:09:57 +0800] "GET /xingrg/all/function/internal_message.html?_=1640228945358&CODE_STATE=getMsg HTTP/1.1" 200 27
116.227.210.113 - - [23/Dec/2021:11:09:58 +0800] "GET /xingrg/all/function/internal_message.html?_=1640228973672&CODE_STATE=getMsg HTTP/1.1" 200 27
222.70.176.97 - - [23/Dec/2021:11:09:58 +0800] "GET /xingrg/all/function/internal_message.html?_=1640228995389&CODE_STATE=getMsg HTTP/1.1" 200 27
116.238.208.177 - - [23/Dec/2021:11:09:59 +0800] "POST /xingrg/all/common/load_combo.html?type=base HTTP/1.1" 200 3145
116.232.52.211 - - [23/Dec/2021:11:10:00 +0800] "GET /xingrg/all/function/internal_message.html?_=1640229000720&CODE_STATE=getMsg HTTP/1.1" 200 27
116.238.208.177 - - [23/Dec/2021:11:10:03 +0800] "POST /xingrg/all/common/load_combo.html?type=base HTTP/1.1" 200 3145
124.77.245.186 - - [23/Dec/2021:11:10:04 +0800] "GET /xingrg/kc/buy/cgsh_order_operate.html?command=get_materiel&rest_code=00146&code=00101008283&supplier_code=00100005&order_time=2021-12-23 HTTP/1.1" 200 408
114.88.159.28 - - [23/Dec/2021:11:10:04 +0800] "GET /xingrg/all/function/internal_message.html?_=1640228815443&CODE_STATE=getMsg HTTP/1.1" 200 27
61.170.234.223 - - [23/Dec/2021:11:10:06 +0800] "GET /xingrg/all/function/internal_message.html?_=1640229008204&CODE_STATE=getMsg HTTP/1.1" 200 27
180.157.251.97 - - [23/Dec/2021:11:10:09 +0800] "GET /xingrg/all/function/internal_message.html?_=1640229010217&CODE_STATE=getMsg HTTP/1.1" 200 27
116.238.208.177 - - [23/Dec/2021:11:10:14 +0800] "GET /xingrg/kc/base/wldb_order_operate.html?command=get_materiel&rest_code=00102&base_code=0010476&code=00101016029 HTTP/1.1" 200 461
101.85.55.123 - - [23/Dec/2021:11:10:16 +0800] "GET /xingrg/all/function/internal_message.html?_=1640229015816&CODE_STATE=getMsg HTTP/1.1" 200 27
180.175.103.30 - - [23/Dec/2021:11:10:16 +0800] "GET /favicon.ico HTTP/1.1" 404 -
124.77.245.186 - - [23/Dec/2021:11:10:18 +0800] "GET /xingrg/all/function/internal_message.html?_=1640229031875&CODE_STATE=getMsg HTTP/1.1" 200 27
116.227.210.113 - - [23/Dec/2021:11:10:19 +0800] "POST /xingrg/services/DataTransmitService HTTP/1.1" 200 524
116.227.210.113 - - [23/Dec/2021:11:10:19 +0800] "POST /xingrg/services/DataTransmitService HTTP/1.1" 200 501
180.169.147.146 - - [23/Dec/2021:11:10:24 +0800] "GET /xingrg/all/function/internal_message.html?_=1640229023963&CODE_STATE=getMsg HTTP/1.1" 200 27
124.79.245.255 - - [23/Dec/2021:11:10:28 +0800] "GET /xingrg/all/function/internal_message.html?_=1640229153866&CODE_STATE=getMsg HTTP/1.1" 302 -
61.170.234.223 - - [23/Dec/2021:11:10:30 +0800] "GET /xingrg/all/function/internal_message.html?_=1640229028047&CODE_STATE=getMsg HTTP/1.1" 200 27
124.77.245.186 - - [23/Dec/2021:11:10:33 +0800] "GET /xingrg/kc/buy/cgsh_order_operate.html?command=get_materiel&rest_code=00146&code=00101008036&supplier_code=00100005&order_time=2021-12-23 HTTP/1.1" 200 408
116.238.248.233 - - [23/Dec/2021:11:10:35 +0800] "GET /xingrg/all/function/internal_message.html?_=1640229036108&CODE_STATE=getMsg HTTP/1.1" 200 27
124.77.245.186 - - [23/Dec/2021:11:10:47 +0800] "GET /xingrg/kc/buy/cgsh_order_operate.html?command=get_materiel&rest_code=00146&code=00101008041&supplier_code=00100005&order_time=2021-12-23 HTTP/1.1" 200 408
172.20.0.100 - - [23/Dec/2021:11:10:48 +0800] "GET /xingrg/all/function/internal_message.html?_=1640229047347&CODE_STATE=getMsg HTTP/1.1" 200 27
124.79.245.255 - - [23/Dec/2021:11:10:48 +0800] "GET /xingrg/check_reg.html?_=1640229174141 HTTP/1.1" 302 -
124.79.245.255 - - [23/Dec/2021:11:10:48 +0800] "GET /xingrg/all/function/internal_message.html?_=1640229174143&CODE_STATE=getMsg HTTP/1.1" 302 -
61.151.179.84 - - [23/Dec/2021:11:10:51 +0800] "GET /xingrg/kc/buy/cgsh_order_operate.html?command=get_materiel_price&rest_code=00106&code=00101010248&unit_code=00100042&supplier_code=00100032&order_time=2021-12-23 HTTP/1.1" 302 -
61.151.179.84 - - [23/Dec/2021:11:10:51 +0800] "GET /xingrg/login.html HTTP/1.1" 200 7641
116.228.172.94 - - [23/Dec/2021:11:10:52 +0800] "GET /xingrg/all/function/internal_message.html?_=1640229050643&CODE_STATE=getMsg HTTP/1.1" 200 27
180.175.103.30 - - [23/Dec/2021:11:10:54 +0800] "GET /xingrg/all/function/internal_message.html?_=1640229054867&CODE_STATE=getMsg HTTP/1.1" 200 27
116.238.208.177 - - [23/Dec/2021:11:10:55 +0800] "GET /xingrg/all/function/internal_message.html?_=1640229064333&CODE_STATE=getMsg HTTP/1.1" 200 27
114.85.125.222 - - [23/Dec/2021:11:10:57 +0800] "GET /xingrg/all/function/internal_message.html?_=1640229005372&CODE_STATE=getMsg HTTP/1.1" 200 27
116.227.210.113 - - [23/Dec/2021:11:10:58 +0800] "GET /xingrg/all/function/internal_message.html?_=1640229033707&CODE_STATE=getMsg HTTP/1.1" 200 27
222.70.176.97 - - [23/Dec/2021:11:10:58 +0800] "GET /xingrg/all/function/internal_message.html?_=1640229055390&CODE_STATE=getMsg HTTP/1.1" 200 27
222.70.176.97 - - [23/Dec/2021:11:10:58 +0800] "GET /xingrg/check_reg.html?_=1640229055392 HTTP/1.1" 200 22
116.232.52.211 - - [23/Dec/2021:11:11:00 +0800] "GET /xingrg/all/function/internal_message.html?_=1640229060713&CODE_STATE=getMsg HTTP/1.1" 200 27
114.88.159.28 - - [23/Dec/2021:11:11:04 +0800] "GET /xingrg/all/function/internal_message.html?_=1640228875423&CODE_STATE=getMsg HTTP/1.1" 200 27
61.170.234.223 - - [23/Dec/2021:11:11:06 +0800] "GET /xingrg/all/function/internal_message.html?_=1640229068205&CODE_STATE=getMsg HTTP/1.1" 200 27
124.77.245.186 - - [23/Dec/2021:11:11:06 +0800] "POST /xingrg/kc/buy/cgsh_order_operate.html HTTP/1.1" 200 2065
180.157.251.97 - - [23/Dec/2021:11:11:09 +0800] "GET /xingrg/check_reg.html?_=1640229070218 HTTP/1.1" 200 22
180.157.251.97 - - [23/Dec/2021:11:11:09 +0800] "GET /xingrg/all/function/internal_message.html?_=1640229070221&CODE_STATE=getMsg HTTP/1.1" 200 27
61.151.178.177 - - [23/Dec/2021:11:11:10 +0800] "GET /xingrg/kc/buy/cgsh_order_operate.html?command=get_materiel&rest_code=00106&code=00101008059&supplier_code=00100007&order_time=2021-12-23 HTTP/1.1" 302 -
61.151.178.177 - - [23/Dec/2021:11:11:11 +0800] "GET /xingrg/login.html HTTP/1.1" 200 7641
101.85.55.123 - - [23/Dec/2021:11:11:16 +0800] "GET /xingrg/all/function/internal_message.html?_=1640229075825&CODE_STATE=getMsg HTTP/1.1" 200 27
101.85.55.123 - - [23/Dec/2021:11:11:16 +0800] "GET /xingrg/check_reg.html?_=1640229075828 HTTP/1.1" 200 22
124.77.245.186 - - [23/Dec/2021:11:11:18 +0800] "GET /xingrg/all/function/internal_message.html?_=1640229092033&CODE_STATE=getMsg HTTP/1.1" 200 27
180.169.147.146 - - [23/Dec/2021:11:11:24 +0800] "GET /xingrg/all/function/internal_message.html?_=1640229083955&CODE_STATE=getMsg HTTP/1.1" 200 27
124.79.245.255 - - [23/Dec/2021:11:11:28 +0800] "GET /xingrg/all/function/internal_message.html?_=1640229213864&CODE_STATE=getMsg HTTP/1.1" 302 -
61.170.234.223 - - [23/Dec/2021:11:11:30 +0800] "GET /xingrg/all/function/internal_message.html?_=1640229088029&CODE_STATE=getMsg HTTP/1.1" 200 27
124.77.245.186 - - [23/Dec/2021:11:11:32 +0800] "GET /xingrg/kc/buy/cgsh_order_operate.html?command=get_materiel&rest_code=00146&code=00101008233&supplier_code=00100005&order_time=2021-12-23 HTTP/1.1" 200 408
116.238.248.233 - - [23/Dec/2021:11:11:35 +0800] "GET /xingrg/all/function/internal_message.html?_=1640229096158&CODE_STATE=getMsg HTTP/1.1" 200 27
116.238.248.233 - - [23/Dec/2021:11:11:35 +0800] "GET /xingrg/check_reg.html?_=1640229096163 HTTP/1.1" 200 22
172.20.0.100 - - [23/Dec/2021:11:11:45 +0800] "GET /xingrg/check_reg.html?_=1640229104981 HTTP/1.1" 200 22
172.20.0.100 - - [23/Dec/2021:11:11:48 +0800] "GET /xingrg/all/function/internal_message.html?_=1640229107324&CODE_STATE=getMsg HTTP/1.1" 200 27
124.79.245.255 - - [23/Dec/2021:11:11:48 +0800] "GET /xingrg/all/function/internal_message.html?_=1640229234140&CODE_STATE=getMsg HTTP/1.1" 302 -
61.151.179.84 - - [23/Dec/2021:11:11:50 +0800] "GET /xingrg/all/function/internal_message.html?_=1640227708572&CODE_STATE=getMsg HTTP/1.1" 302 -
61.151.179.84 - - [23/Dec/2021:11:11:50 +0800] "GET /xingrg/login.html HTTP/1.1" 200 7641
116.228.172.94 - - [23/Dec/2021:11:11:52 +0800] "GET /xingrg/all/function/internal_message.html?_=1640229110627&CODE_STATE=getMsg HTTP/1.1" 200 27
116.228.172.94 - - [23/Dec/2021:11:11:53 +0800] "GET /xingrg/check_reg.html?_=1640229112100 HTTP/1.1" 200 22
180.175.103.30 - - [23/Dec/2021:11:11:54 +0800] "GET /xingrg/all/function/internal_message.html?_=1640229114844&CODE_STATE=getMsg HTTP/1.1" 200 27
116.238.208.177 - - [23/Dec/2021:11:11:55 +0800] "GET /xingrg/all/function/internal_message.html?_=1640229124346&CODE_STATE=getMsg HTTP/1.1" 200 27
101.91.60.88 - - [23/Dec/2021:11:11:56 +0800] "GET /xingrg/all/function/internal_message.html?_=1640226808769&CODE_STATE=getMsg HTTP/1.1" 302 -
101.91.60.88 - - [23/Dec/2021:11:11:57 +0800] "GET /xingrg/login.html HTTP/1.1" 200 7641
114.85.125.222 - - [23/Dec/2021:11:11:57 +0800] "GET /xingrg/all/function/internal_message.html?_=1640229065386&CODE_STATE=getMsg HTTP/1.1" 200 27
116.227.210.113 - - [23/Dec/2021:11:11:58 +0800] "GET /xingrg/all/function/internal_message.html?_=1640229093683&CODE_STATE=getMsg HTTP/1.1" 200 27
222.70.176.97 - - [23/Dec/2021:11:11:58 +0800] "GET /xingrg/all/function/internal_message.html?_=1640229115388&CODE_STATE=getMsg HTTP/1.1" 200 27
61.151.178.180 - - [23/Dec/2021:11:11:59 +0800] "GET /xingrg/kc/buy/cgsh_order_operate.html?command=get_materiel&rest_code=00106&code=00101008323&supplier_code=00100007&order_time=2021-12-23 HTTP/1.1" 302 -
116.232.52.211 - - [23/Dec/2021:11:12:00 +0800] "GET /xingrg/all/function/internal_message.html?_=1640229120712&CODE_STATE=getMsg HTTP/1.1" 200 27
61.151.178.180 - - [23/Dec/2021:11:12:00 +0800] "GET /xingrg/login.html HTTP/1.1" 200 7641
114.88.159.28 - - [23/Dec/2021:11:12:04 +0800] "GET /xingrg/all/function/internal_message.html?_=1640228935405&CODE_STATE=getMsg HTTP/1.1" 200 27
61.170.234.223 - - [23/Dec/2021:11:12:06 +0800] "GET /xingrg/all/function/internal_message.html?_=1640229128190&CODE_STATE=getMsg HTTP/1.1" 200 27
180.157.251.97 - - [23/Dec/2021:11:12:09 +0800] "GET /xingrg/all/function/internal_message.html?_=1640229130222&CODE_STATE=getMsg HTTP/1.1" 200 27
101.85.55.123 - - [23/Dec/2021:11:12:16 +0800] "GET /xingrg/all/function/internal_message.html?_=1640229135838&CODE_STATE=getMsg HTTP/1.1" 200 27
124.77.245.186 - - [23/Dec/2021:11:12:18 +0800] "GET /xingrg/all/function/internal_message.html?_=1640229152046&CODE_STATE=getMsg HTTP/1.1" 200 27
180.169.147.146 - - [23/Dec/2021:11:12:24 +0800] "GET /xingrg/all/function/internal_message.html?_=1640229143963&CODE_STATE=getMsg HTTP/1.1" 200 27
124.79.245.255 - - [23/Dec/2021:11:12:28 +0800] "GET /xingrg/all/function/internal_message.html?_=1640229273862&CODE_STATE=getMsg HTTP/1.1" 302 -
61.170.234.223 - - [23/Dec/2021:11:12:30 +0800] "GET /xingrg/all/function/internal_message.html?_=1640229148004&CODE_STATE=getMsg HTTP/1.1" 200 27
116.238.248.233 - - [23/Dec/2021:11:12:35 +0800] "GET /xingrg/all/function/internal_message.html?_=1640229156211&CODE_STATE=getMsg HTTP/1.1" 200 27
58.221.95.50 - - [23/Dec/2021:11:12:42 +0800] "GET /xingrg/check_reg.html?_=1640229163512 HTTP/1.1" 302 -
172.20.0.100 - - [23/Dec/2021:11:12:48 +0800] "GET /xingrg/all/function/internal_message.html?_=1640229167303&CODE_STATE=getMsg HTTP/1.1" 200 27
124.79.245.255 - - [23/Dec/2021:11:12:48 +0800] "GET /xingrg/all/function/internal_message.html?_=1640229294138&CODE_STATE=getMsg HTTP/1.1" 302 -
116.228.172.94 - - [23/Dec/2021:11:12:52 +0800] "GET /xingrg/all/function/internal_message.html?_=1640229170619&CODE_STATE=getMsg HTTP/1.1" 200 27
180.175.103.30 - - [23/Dec/2021:11:12:54 +0800] "GET /xingrg/all/function/internal_message.html?_=1640229174819&CODE_STATE=getMsg HTTP/1.1" 200 27
180.175.103.30 - - [23/Dec/2021:11:12:56 +0800] "GET /xingrg/check_reg.html?_=1640229176226 HTTP/1.1" 200 22
58.35.215.188 - - [23/Dec/2021:11:12:56 +0800] "POST /xingrg/services/DataTransmitService HTTP/1.1" 200 524
58.35.215.188 - - [23/Dec/2021:11:12:56 +0800] "POST /xingrg/services/DataTransmitService HTTP/1.1" 200 1971
116.238.208.177 - - [23/Dec/2021:11:12:56 +0800] "GET /xingrg/all/function/internal_message.html?_=1640229185148&CODE_STATE=getMsg HTTP/1.1" 200 27
58.35.215.188 - - [23/Dec/2021:11:12:56 +0800] "POST /xingrg/services/DataTransmitService HTTP/1.1" 200 2335
58.35.215.188 - - [23/Dec/2021:11:12:56 +0800] "POST /xingrg/services/DataTransmitService HTTP/1.1" 200 1431
58.35.215.188 - - [23/Dec/2021:11:12:57 +0800] "POST /xingrg/services/DataTransmitService HTTP/1.1" 200 62936
114.85.125.222 - - [23/Dec/2021:11:12:57 +0800] "GET /xingrg/all/function/internal_message.html?_=1640229125411&CODE_STATE=getMsg HTTP/1.1" 200 27
116.227.210.113 - - [23/Dec/2021:11:12:58 +0800] "GET /xingrg/all/function/internal_message.html?_=1640229153665&CODE_STATE=getMsg HTTP/1.1" 200 27
222.70.176.97 - - [23/Dec/2021:11:12:58 +0800] "GET /xingrg/all/function/internal_message.html?_=1640229175388&CODE_STATE=getMsg HTTP/1.1" 200 27
116.232.52.211 - - [23/Dec/2021:11:13:00 +0800] "GET /xingrg/check_reg.html?_=1640229180717 HTTP/1.1" 200 22
116.232.52.211 - - [23/Dec/2021:11:13:00 +0800] "GET /xingrg/all/function/internal_message.html?_=1640229180726&CODE_STATE=getMsg HTTP/1.1" 200 27
114.88.159.28 - - [23/Dec/2021:11:13:04 +0800] "GET /xingrg/all/function/internal_message.html?_=1640228995384&CODE_STATE=getMsg HTTP/1.1" 200 27
61.151.178.163 - - [23/Dec/2021:11:13:04 +0800] "GET /xingrg/kc/print/load_data.html?order_code=212021122309585&kc_code=cgsh&condition= HTTP/1.1" 302 -
124.77.245.186 - - [23/Dec/2021:11:13:04 +0800] "GET /xingrg/kc/buy/cgsh_order_operate.html?command=get_materiel&rest_code=00146&code=00101015038&supplier_code=00100005&order_time=2021-12-23 HTTP/1.1" 200 418
61.151.178.163 - - [23/Dec/2021:11:13:05 +0800] "GET /xingrg/login.html HTTP/1.1" 200 7641
61.170.234.223 - - [23/Dec/2021:11:13:06 +0800] "GET /xingrg/all/function/internal_message.html?_=1640229188191&CODE_STATE=getMsg HTTP/1.1" 200 27
61.170.234.223 - - [23/Dec/2021:11:13:06 +0800] "GET /xingrg/check_reg.html?_=1640229188194 HTTP/1.1" 200 22
180.157.251.97 - - [23/Dec/2021:11:13:09 +0800] "GET /xingrg/all/function/internal_message.html?_=1640229190222&CODE_STATE=getMsg HTTP/1.1" 200 27
124.77.245.186 - - [23/Dec/2021:11:13:10 +0800] "POST /xingrg/kc/buy/cgsh_order_operate.html HTTP/1.1" 200 2065
101.89.239.238 - - [23/Dec/2021:11:13:14 +0800] "GET /xingrg/kc/print/load_data.html?order_code=212021122309584&kc_code=cgsh HTTP/1.1" 302 -
101.89.239.238 - - [23/Dec/2021:11:13:14 +0800] "GET /xingrg/login.html HTTP/1.1" 200 7641
101.85.55.123 - - [23/Dec/2021:11:13:16 +0800] "GET /xingrg/all/function/internal_message.html?_=1640229195826&CODE_STATE=getMsg HTTP/1.1" 200 27
124.77.245.186 - - [23/Dec/2021:11:13:16 +0800] "GET /xingrg/kc/buy/cgsh_order_operate.html?command=get_materiel&rest_code=00146&code=00101008284&supplier_code=00100005&order_time=2021-12-23 HTTP/1.1" 200 412
124.77.245.186 - - [23/Dec/2021:11:13:18 +0800] "GET /xingrg/all/function/internal_message.html?_=1640229212204&CODE_STATE=getMsg HTTP/1.1" 200 27
180.169.147.146 - - [23/Dec/2021:11:13:24 +0800] "GET /xingrg/all/function/internal_message.html?_=1640229203954&CODE_STATE=getMsg HTTP/1.1" 200 27
124.77.245.186 - - [23/Dec/2021:11:13:26 +0800] "GET /xingrg/kc/buy/cgsh_order_operate.html?command=get_materiel&rest_code=00146&code=00101008255&supplier_code=00100005&order_time=2021-12-23 HTTP/1.1" 200 412
124.79.245.255 - - [23/Dec/2021:11:13:28 +0800] "GET /xingrg/all/function/internal_message.html?_=1640229333860&CODE_STATE=getMsg HTTP/1.1" 302 -
61.170.234.223 - - [23/Dec/2021:11:13:28 +0800] "GET /xingrg/check_reg.html?_=1640229206599 HTTP/1.1" 200 22
116.238.208.177 - - [23/Dec/2021:11:13:30 +0800] "POST /xingrg/kc/base/wldb_order_operate.html HTTP/1.1" 200 37
61.170.234.223 - - [23/Dec/2021:11:13:30 +0800] "GET /xingrg/all/function/internal_message.html?_=1640229207980&CODE_STATE=getMsg HTTP/1.1" 200 27
116.238.208.177 - - [23/Dec/2021:11:13:32 +0800] "POST /xingrg/kc/base/wldb_order_operate.html HTTP/1.1" 200 12
116.238.208.177 - - [23/Dec/2021:11:13:32 +0800] "POST /xingrg/kc/base/wldb_order_operate.html HTTP/1.1" 200 2205
124.77.245.186 - - [23/Dec/2021:11:13:35 +0800] "GET /xingrg/kc/buy/cgsh_order_operate.html?command=get_materiel&rest_code=00146&code=00101008123&supplier_code=00100005&order_time=2021-12-23 HTTP/1.1" 200 413
116.238.248.233 - - [23/Dec/2021:11:13:35 +0800] "GET /xingrg/all/function/internal_message.html?_=1640229216260&CODE_STATE=getMsg HTTP/1.1" 200 27
116.238.208.177 - - [23/Dec/2021:11:13:39 +0800] "GET /xingrg/kc/base/wldb_order_info.html?code=422021122302381 HTTP/1.1" 200 26144
116.238.208.177 - - [23/Dec/2021:11:13:41 +0800] "POST /xingrg/kc/base/wldb_order_operate.html HTTP/1.1" 200 499
116.238.208.177 - - [23/Dec/2021:11:13:41 +0800] "GET /xingrg/javascript/easyui/themes/default/validatebox.css HTTP/1.1" 404 1104
172.20.0.100 - - [23/Dec/2021:11:13:48 +0800] "GET /xingrg/all/function/internal_message.html?_=1640229227276&CODE_STATE=getMsg HTTP/1.1" 200 27
124.79.245.255 - - [23/Dec/2021:11:13:48 +0800] "GET /xingrg/all/function/internal_message.html?_=1640229354136&CODE_STATE=getMsg HTTP/1.1" 302 -
116.238.208.177 - - [23/Dec/2021:11:13:49 +0800] "GET /xingrg/kc/base/wldb_order_add.html HTTP/1.1" 200 30270
116.227.210.113 - - [23/Dec/2021:11:13:50 +0800] "GET /xingrg/check_reg.html?_=1640229205510 HTTP/1.1" 200 22
116.238.208.177 - - [23/Dec/2021:11:13:51 +0800] "POST /xingrg/kc/base/wldb_order_operate.html HTTP/1.1" 200 6806
116.238.208.177 - - [23/Dec/2021:11:13:51 +0800] "GET /xingrg/javascript/easyui/themes/default/validatebox.css HTTP/1.1" 404 1104
116.228.172.94 - - [23/Dec/2021:11:13:52 +0800] "GET /xingrg/all/function/internal_message.html?_=1640229230603&CODE_STATE=getMsg HTTP/1.1" 200 27
116.238.208.177 - - [23/Dec/2021:11:13:52 +0800] "POST /xingrg/all/common/load_combo.html?type=base HTTP/1.1" 200 3145
116.238.208.177 - - [23/Dec/2021:11:13:54 +0800] "POST /xingrg/all/common/load_combo.html?type=base HTTP/1.1" 200 3145
180.175.103.30 - - [23/Dec/2021:11:13:54 +0800] "GET /xingrg/all/function/internal_message.html?_=1640229234795&CODE_STATE=getMsg HTTP/1.1" 200 27
116.238.208.177 - - [23/Dec/2021:11:13:55 +0800] "GET /xingrg/check_reg.html?_=1640229243986 HTTP/1.1" 200 22
116.238.208.177 - - [23/Dec/2021:11:13:56 +0800] "GET /xingrg/all/function/internal_message.html?_=1640229245154&CODE_STATE=getMsg HTTP/1.1" 200 27
114.85.125.222 - - [23/Dec/2021:11:13:57 +0800] "GET /xingrg/all/function/internal_message.html?_=1640229185414&CODE_STATE=getMsg HTTP/1.1" 200 27
116.227.210.113 - - [23/Dec/2021:11:13:58 +0800] "GET /xingrg/all/function/internal_message.html?_=1640229213665&CODE_STATE=getMsg HTTP/1.1" 200 27
222.70.176.97 - - [23/Dec/2021:11:13:58 +0800] "GET /xingrg/all/function/internal_message.html?_=1640229235386&CODE_STATE=getMsg HTTP/1.1" 200 27
124.77.245.186 - - [23/Dec/2021:11:13:59 +0800] "GET /xingrg/kc/buy/cgsh_order_operate.html?command=get_materiel&rest_code=00146&code=00101008509&supplier_code=00100005&order_time=2021-12-23 HTTP/1.1" 200 395
116.232.52.211 - - [23/Dec/2021:11:14:00 +0800] "GET /xingrg/all/function/internal_message.html?_=1640229240710&CODE_STATE=getMsg HTTP/1.1" 200 27
114.88.159.28 - - [23/Dec/2021:11:14:04 +0800] "GET /xingrg/all/function/internal_message.html?_=1640229055354&CODE_STATE=getMsg HTTP/1.1" 200 27
61.170.234.223 - - [23/Dec/2021:11:14:06 +0800] "GET /xingrg/all/function/internal_message.html?_=1640229248220&CODE_STATE=getMsg HTTP/1.1" 200 27
114.88.159.28 - - [23/Dec/2021:11:14:06 +0800] "GET /xingrg/check_reg.html?_=1640229057336 HTTP/1.1" 200 22
180.157.251.97 - - [23/Dec/2021:11:14:09 +0800] "GET /xingrg/all/function/internal_message.html?_=1640229250223&CODE_STATE=getMsg HTTP/1.1" 200 27
101.85.55.123 - - [23/Dec/2021:11:14:16 +0800] "GET /xingrg/all/function/internal_message.html?_=1640229255838&CODE_STATE=getMsg HTTP/1.1" 200 27
124.77.245.186 - - [23/Dec/2021:11:14:18 +0800] "GET /xingrg/all/function/internal_message.html?_=1640229272266&CODE_STATE=getMsg HTTP/1.1" 200 27
124.77.245.186 - - [23/Dec/2021:11:14:19 +0800] "POST /xingrg/kc/buy/cgsh_order_operate.html HTTP/1.1" 200 2065
180.169.147.146 - - [23/Dec/2021:11:14:24 +0800] "GET /xingrg/all/function/internal_message.html?_=1640229263965&CODE_STATE=getMsg HTTP/1.1" 200 27
180.169.147.146 - - [23/Dec/2021:11:14:24 +0800] "GET /xingrg/check_reg.html?_=1640229263966 HTTP/1.1" 200 22
124.77.245.186 - - [23/Dec/2021:11:14:26 +0800] "GET /xingrg/check_reg.html?_=1640229279862 HTTP/1.1" 200 22
124.79.245.255 - - [23/Dec/2021:11:14:28 +0800] "GET /xingrg/all/function/internal_message.html?_=1640229393874&CODE_STATE=getMsg HTTP/1.1" 302 -
124.79.245.255 - - [23/Dec/2021:11:14:28 +0800] "GET /xingrg/check_reg.html?_=1640229393875 HTTP/1.1" 302 -
61.170.234.223 - - [23/Dec/2021:11:14:30 +0800] "GET /xingrg/all/function/internal_message.html?_=1640229267950&CODE_STATE=getMsg HTTP/1.1" 200 27
116.238.248.233 - - [23/Dec/2021:11:14:35 +0800] "GET /xingrg/all/function/internal_message.html?_=1640229276309&CODE_STATE=getMsg HTTP/1.1" 200 27
172.20.0.100 - - [23/Dec/2021:11:14:48 +0800] "GET /xingrg/all/function/internal_message.html?_=1640229287247&CODE_STATE=getMsg HTTP/1.1" 200 27
124.79.245.255 - - [23/Dec/2021:11:14:48 +0800] "GET /xingrg/all/function/internal_message.html?_=1640229414134&CODE_STATE=getMsg HTTP/1.1" 302 -
116.228.172.94 - - [23/Dec/2021:11:14:52 +0800] "GET /xingrg/all/function/internal_message.html?_=1640229290581&CODE_STATE=getMsg HTTP/1.1" 200 27
180.175.103.30 - - [23/Dec/2021:11:14:54 +0800] "GET /xingrg/all/function/internal_message.html?_=1640229294774&CODE_STATE=getMsg HTTP/1.1" 200 27
114.85.125.222 - - [23/Dec/2021:11:14:56 +0800] "GET /xingrg/check_reg.html?_=1640229243924 HTTP/1.1" 200 22
116.238.208.177 - - [23/Dec/2021:11:14:56 +0800] "GET /xingrg/all/function/internal_message.html?_=1640229305167&CODE_STATE=getMsg HTTP/1.1" 200 27
114.85.125.222 - - [23/Dec/2021:11:14:57 +0800] "GET /xingrg/all/function/internal_message.html?_=1640229245427&CODE_STATE=getMsg HTTP/1.1" 200 27
116.227.210.113 - - [23/Dec/2021:11:14:58 +0800] "GET /xingrg/all/function/internal_message.html?_=1640229273676&CODE_STATE=getMsg HTTP/1.1" 200 27
222.70.176.97 - - [23/Dec/2021:11:14:58 +0800] "GET /xingrg/all/function/internal_message.html?_=1640229295400&CODE_STATE=getMsg HTTP/1.1" 200 27
116.232.52.211 - - [23/Dec/2021:11:15:00 +0800] "GET /xingrg/all/function/internal_message.html?_=1640229300724&CODE_STATE=getMsg HTTP/1.1" 200 27
124.77.245.186 - - [23/Dec/2021:11:15:01 +0800] "GET /xingrg/kc/buy/cgsh_order_operate.html?command=get_materiel&rest_code=00146&code=00101015061&supplier_code=00100005&order_time=2021-12-23 HTTP/1.1" 200 412
114.88.159.28 - - [23/Dec/2021:11:15:04 +0800] "GET /xingrg/all/function/internal_message.html?_=1640229115335&CODE_STATE=getMsg HTTP/1.1" 200 27
61.170.234.223 - - [23/Dec/2021:11:15:06 +0800] "GET /xingrg/all/function/internal_message.html?_=1640229308220&CODE_STATE=getMsg HTTP/1.1" 200 27
101.91.60.88 - - [23/Dec/2021:11:15:09 +0800] "GET /xingrg/kc/buy/cgsh_order_operate.html?command=get_materiel&rest_code=00106&code=00101006129&supplier_code=00100015&order_time=2021-12-23 HTTP/1.1" 302 -
180.157.251.97 - - [23/Dec/2021:11:15:09 +0800] "GET /xingrg/all/function/internal_message.html?_=1640229310223&CODE_STATE=getMsg HTTP/1.1" 200 27
101.91.60.88 - - [23/Dec/2021:11:15:10 +0800] "GET /xingrg/login.html HTTP/1.1" 200 7641
101.85.55.123 - - [23/Dec/2021:11:15:16 +0800] "GET /xingrg/all/function/internal_message.html?_=1640229315839&CODE_STATE=getMsg HTTP/1.1" 200 27
124.77.245.186 - - [23/Dec/2021:11:15:18 +0800] "GET /xingrg/all/function/internal_message.html?_=1640229332274&CODE_STATE=getMsg HTTP/1.1" 200 27
180.169.147.146 - - [23/Dec/2021:11:15:24 +0800] "GET /xingrg/all/function/internal_message.html?_=1640229323957&CODE_STATE=getMsg HTTP/1.1" 200 27
124.79.245.255 - - [23/Dec/2021:11:15:28 +0800] "GET /xingrg/all/function/internal_message.html?_=1640229453874&CODE_STATE=getMsg HTTP/1.1" 302 -
124.79.245.255 - - [23/Dec/2021:11:15:28 +0800] "POST /xingrg/services/DataTransmitService HTTP/1.1" 200 524
124.79.245.255 - - [23/Dec/2021:11:15:29 +0800] "POST /xingrg/services/DataTransmitService HTTP/1.1" 200 412
61.170.234.223 - - [23/Dec/2021:11:15:30 +0800] "GET /xingrg/all/function/internal_message.html?_=1640229327932&CODE_STATE=getMsg HTTP/1.1" 200 27
58.35.215.188 - - [23/Dec/2021:11:15:32 +0800] "POST /xingrg/services/DataTransmitService HTTP/1.1" 200 524
58.35.215.188 - - [23/Dec/2021:11:15:33 +0800] "POST /xingrg/services/DataTransmitService HTTP/1.1" 200 1971
58.35.215.188 - - [23/Dec/2021:11:15:33 +0800] "POST /xingrg/services/DataTransmitService HTTP/1.1" 200 62940
116.238.248.233 - - [23/Dec/2021:11:15:35 +0800] "GET /xingrg/all/function/internal_message.html?_=1640229336360&CODE_STATE=getMsg HTTP/1.1" 200 27
116.238.208.177 - - [23/Dec/2021:11:15:39 +0800] "GET /xingrg/kc/base/wldb_order_operate.html?command=get_materiel&rest_code=00102&base_code=0010476&code=00101019108 HTTP/1.1" 200 463
116.238.208.177 - - [23/Dec/2021:11:15:46 +0800] "POST /xingrg/kc/base/wldb_order_operate.html HTTP/1.1" 200 37
172.20.0.100 - - [23/Dec/2021:11:15:48 +0800] "GET /xingrg/all/function/internal_message.html?_=1640229347217&CODE_STATE=getMsg HTTP/1.1" 200 27
124.79.245.255 - - [23/Dec/2021:11:15:48 +0800] "GET /xingrg/all/function/internal_message.html?_=1640229474132&CODE_STATE=getMsg HTTP/1.1" 302 -
124.79.245.255 - - [23/Dec/2021:11:15:48 +0800] "GET /xingrg/check_reg.html?_=1640229474133 HTTP/1.1" 302 -
116.238.208.177 - - [23/Dec/2021:11:15:48 +0800] "POST /xingrg/kc/base/wldb_order_operate.html HTTP/1.1" 200 12
116.238.208.177 - - [23/Dec/2021:11:15:48 +0800] "POST /xingrg/kc/base/wldb_order_operate.html HTTP/1.1" 200 2220
116.238.208.177 - - [23/Dec/2021:11:15:51 +0800] "GET /xingrg/kc/base/wldb_order_info.html?code=422021122302382 HTTP/1.1" 200 26146
116.228.172.94 - - [23/Dec/2021:11:15:52 +0800] "GET /xingrg/all/function/internal_message.html?_=1640229350555&CODE_STATE=getMsg HTTP/1.1" 200 27
116.238.208.177 - - [23/Dec/2021:11:15:54 +0800] "POST /xingrg/kc/base/wldb_order_operate.html HTTP/1.1" 200 514
180.175.103.30 - - [23/Dec/2021:11:15:54 +0800] "GET /xingrg/all/function/internal_message.html?_=1640229354750&CODE_STATE=getMsg HTTP/1.1" 200 27
116.238.208.177 - - [23/Dec/2021:11:15:54 +0800] "GET /xingrg/javascript/easyui/themes/default/validatebox.css HTTP/1.1" 404 1104
116.238.208.177 - - [23/Dec/2021:11:15:57 +0800] "GET /xingrg/kc/base/wldb_order_add.html HTTP/1.1" 200 30270
114.85.125.222 - - [23/Dec/2021:11:15:57 +0800] "GET /xingrg/all/function/internal_message.html?_=1640229305440&CODE_STATE=getMsg HTTP/1.1" 200 27
116.227.210.113 - - [23/Dec/2021:11:15:58 +0800] "GET /xingrg/all/function/internal_message.html?_=1640229333676&CODE_STATE=getMsg HTTP/1.1" 200 27
222.70.176.97 - - [23/Dec/2021:11:15:58 +0800] "GET /xingrg/all/function/internal_message.html?_=1640229355427&CODE_STATE=getMsg HTTP/1.1" 200 27
222.70.176.97 - - [23/Dec/2021:11:15:58 +0800] "GET /xingrg/check_reg.html?_=1640229355424 HTTP/1.1" 200 22
116.238.208.177 - - [23/Dec/2021:11:15:58 +0800] "GET /xingrg/all/function/internal_message.html?_=1640229366860&CODE_STATE=getMsg HTTP/1.1" 200 27
116.232.52.211 - - [23/Dec/2021:11:16:00 +0800] "GET /xingrg/all/function/internal_message.html?_=1640229360713&CODE_STATE=getMsg HTTP/1.1" 200 27
116.238.208.177 - - [23/Dec/2021:11:16:00 +0800] "POST /xingrg/kc/base/wldb_order_operate.html HTTP/1.1" 200 6806
116.238.208.177 - - [23/Dec/2021:11:16:01 +0800] "GET /xingrg/javascript/easyui/themes/default/validatebox.css HTTP/1.1" 404 1104
116.238.208.177 - - [23/Dec/2021:11:16:01 +0800] "POST /xingrg/all/common/load_combo.html?type=base HTTP/1.1" 200 3145
116.238.208.177 - - [23/Dec/2021:11:16:04 +0800] "POST /xingrg/all/common/load_combo.html?type=base HTTP/1.1" 200 3145
114.88.159.28 - - [23/Dec/2021:11:16:04 +0800] "GET /xingrg/all/function/internal_message.html?_=1640229175314&CODE_STATE=getMsg HTTP/1.1" 200 27
61.170.234.223 - - [23/Dec/2021:11:16:06 +0800] "GET /xingrg/all/function/internal_message.html?_=1640229368220&CODE_STATE=getMsg HTTP/1.1" 200 27
180.157.251.97 - - [23/Dec/2021:11:16:09 +0800] "GET /xingrg/check_reg.html?_=1640229370224 HTTP/1.1" 200 22
180.157.251.97 - - [23/Dec/2021:11:16:09 +0800] "GET /xingrg/all/function/internal_message.html?_=1640229370226&CODE_STATE=getMsg HTTP/1.1" 200 27
124.77.245.186 - - [23/Dec/2021:11:16:18 +0800] "GET /xingrg/all/function/internal_message.html?_=1640229392287&CODE_STATE=getMsg HTTP/1.1" 200 27
124.77.245.186 - - [23/Dec/2021:11:16:18 +0800] "GET /xingrg/kc/buy/cgsh_order_operate.html?command=get_materiel&rest_code=00146&code=00101030024&supplier_code=00100005&order_time=2021-12-23 HTTP/1.1" 200 399
116.238.208.177 - - [23/Dec/2021:11:16:20 +0800] "GET /xingrg/kc/base/wldb_order_operate.html?command=get_materiel&rest_code=00102&base_code=0010476&code=00101019111 HTTP/1.1" 200 453
180.169.147.146 - - [23/Dec/2021:11:16:24 +0800] "GET /xingrg/all/function/internal_message.html?_=1640229383964&CODE_STATE=getMsg HTTP/1.1" 200 27
61.151.178.177 - - [23/Dec/2021:11:16:25 +0800] "GET /xingrg/kc/buy/cgsh_order_operate.html?command=get_materiel&rest_code=00106&code=00101008242&supplier_code=00100007&order_time=2021-12-23 HTTP/1.1" 302 -
61.151.178.177 - - [23/Dec/2021:11:16:27 +0800] "GET /xingrg/login.html HTTP/1.1" 200 7641
124.79.245.255 - - [23/Dec/2021:11:16:28 +0800] "GET /xingrg/all/function/internal_message.html?_=1640229513873&CODE_STATE=getMsg HTTP/1.1" 302 -
61.170.234.223 - - [23/Dec/2021:11:16:30 +0800] "GET /xingrg/all/function/internal_message.html?_=1640229387899&CODE_STATE=getMsg HTTP/1.1" 200 27
101.89.239.120 - - [23/Dec/2021:11:16:35 +0800] "GET /xingrg/kc/buy/cgsh_order_info.html?code=212021122309584 HTTP/1.1" 302 -
116.238.248.233 - - [23/Dec/2021:11:16:35 +0800] "GET /xingrg/check_reg.html?_=1640229396409 HTTP/1.1" 200 22
116.238.248.233 - - [23/Dec/2021:11:16:35 +0800] "GET /xingrg/all/function/internal_message.html?_=1640229396412&CODE_STATE=getMsg HTTP/1.1" 200 27
101.89.239.120 - - [23/Dec/2021:11:16:36 +0800] "GET /xingrg/login.html HTTP/1.1" 200 7641
61.151.178.177 - - [23/Dec/2021:11:16:40 +0800] "GET /xingrg/kc/print/load_data.html?order_code=212021122309584&kc_code=cgsh&condition= HTTP/1.1" 302 -
61.151.178.177 - - [23/Dec/2021:11:16:42 +0800] "GET /xingrg/login.html HTTP/1.1" 200 7641
172.20.0.100 - - [23/Dec/2021:11:16:45 +0800] "GET /xingrg/check_reg.html?_=1640229404955 HTTP/1.1" 200 22
116.238.208.177 - - [23/Dec/2021:11:16:46 +0800] "POST /xingrg/kc/base/wldb_order_operate.html HTTP/1.1" 200 37
172.20.0.100 - - [23/Dec/2021:11:16:48 +0800] "GET /xingrg/all/function/internal_message.html?_=1640229407195&CODE_STATE=getMsg HTTP/1.1" 200 27
116.238.208.177 - - [23/Dec/2021:11:16:48 +0800] "POST /xingrg/kc/base/wldb_order_operate.html HTTP/1.1" 200 12
124.79.245.255 - - [23/Dec/2021:11:16:48 +0800] "GET /xingrg/all/function/internal_message.html?_=1640229534132&CODE_STATE=getMsg HTTP/1.1" 302 -
116.238.208.177 - - [23/Dec/2021:11:16:48 +0800] "POST /xingrg/kc/base/wldb_order_operate.html HTTP/1.1" 200 2209
116.228.172.94 - - [23/Dec/2021:11:16:52 +0800] "GET /xingrg/all/function/internal_message.html?_=1640229410528&CODE_STATE=getMsg HTTP/1.1" 200 27
124.77.245.186 - - [23/Dec/2021:11:16:52 +0800] "GET /xingrg/kc/buy/cgsh_order_operate.html?command=get_materiel&rest_code=00146&code=00101008096&supplier_code=00100005&order_time=2021-12-23 HTTP/1.1" 200 412
116.238.208.177 - - [23/Dec/2021:11:16:52 +0800] "GET /xingrg/kc/base/wldb_order_info.html?code=422021122302383 HTTP/1.1" 200 26143
116.228.172.94 - - [23/Dec/2021:11:16:53 +0800] "GET /xingrg/check_reg.html?_=1640229412105 HTTP/1.1" 200 22
61.170.234.223 - - [23/Dec/2021:11:16:53 +0800] "GET /xingrg/kc/buy/cgsh_order_add.html HTTP/1.1" 200 65255
61.170.234.223 - - [23/Dec/2021:11:16:54 +0800] "POST /xingrg/kc/buy/cgsh_order_operate.html HTTP/1.1" 200 8245
180.175.103.30 - - [23/Dec/2021:11:16:54 +0800] "GET /xingrg/all/function/internal_message.html?_=1640229414718&CODE_STATE=getMsg HTTP/1.1" 200 27
61.170.234.223 - - [23/Dec/2021:11:16:54 +0800] "GET /xingrg/javascript/easyui/themes/default/validatebox.css HTTP/1.1" 404 1104
116.238.208.177 - - [23/Dec/2021:11:16:55 +0800] "POST /xingrg/kc/base/wldb_order_operate.html HTTP/1.1" 200 504
116.238.208.177 - - [23/Dec/2021:11:16:55 +0800] "GET /xingrg/javascript/easyui/themes/default/validatebox.css HTTP/1.1" 404 1104
61.170.234.223 - - [23/Dec/2021:11:16:55 +0800] "GET /xingrg/javascript/easyui/themes/default/tree.css HTTP/1.1" 404 1090
61.170.234.223 - - [23/Dec/2021:11:16:55 +0800] "POST /xingrg/all/common/load_tree.html?tree=supplier_tree_json&isDelete=1 HTTP/1.1" 200 61544
114.85.125.222 - - [23/Dec/2021:11:16:57 +0800] "GET /xingrg/all/function/internal_message.html?_=1640229365454&CODE_STATE=getMsg HTTP/1.1" 200 27
116.227.210.113 - - [23/Dec/2021:11:16:58 +0800] "GET /xingrg/all/function/internal_message.html?_=1640229393664&CODE_STATE=getMsg HTTP/1.1" 200 27
222.70.176.97 - - [23/Dec/2021:11:16:58 +0800] "GET /xingrg/all/function/internal_message.html?_=1640229415411&CODE_STATE=getMsg HTTP/1.1" 200 27
116.238.208.177 - - [23/Dec/2021:11:16:58 +0800] "GET /xingrg/all/function/internal_message.html?_=1640229426930&CODE_STATE=getMsg HTTP/1.1" 200 27
116.238.208.177 - - [23/Dec/2021:11:16:58 +0800] "GET /xingrg/kc/base/wldb_order_add.html HTTP/1.1" 200 30270
