172.20.0.100 - - [23/Dec/2021:10:11:42 +0800] "GET /xingrg/all/function/internal_message.html?_=1640225501536&CODE_STATE=getMsg HTTP/1.1" 200 27
116.232.52.211 - - [23/Dec/2021:10:11:42 +0800] "GET /xingrg/all/function/internal_message.html?_=1640225502478&CODE_STATE=getMsg HTTP/1.1" 200 27
180.175.103.30 - - [23/Dec/2021:10:11:43 +0800] "GET /xingrg/all/function/internal_message.html?_=1640225503877&CODE_STATE=getMsg HTTP/1.1" 200 27
124.79.245.255 - - [23/Dec/2021:10:11:44 +0800] "GET /xingrg/javascript/easyui/themes/default/images/tree_folder_open.gif HTTP/1.1" 304 -
124.79.245.255 - - [23/Dec/2021:10:11:44 +0800] "GET /xingrg/javascript/easyui/themes/default/images/tree_folder.gif HTTP/1.1" 304 -
124.79.245.255 - - [23/Dec/2021:10:11:44 +0800] "GET /xingrg/javascript/easyui/themes/default/images/tree_file.gif HTTP/1.1" 304 -
180.175.103.30 - - [23/Dec/2021:10:11:45 +0800] "GET /xingrg/kc/buy/cgsh_order_operate.html?command=get_materiel&rest_code=00105&code=00101009016&supplier_code=00100024&order_time=2021-12-23 HTTP/1.1" 200 412
180.169.147.146 - - [23/Dec/2021:10:11:46 +0800] "GET /xingrg/all/function/internal_message.html?_=1640225504199&CODE_STATE=getMsg HTTP/1.1" 200 27
116.238.208.177 - - [23/Dec/2021:10:11:48 +0800] "GET /xingrg/all/function/internal_message.html?_=1640225516466&CODE_STATE=getMsg HTTP/1.1" 200 27
124.79.245.255 - - [23/Dec/2021:10:11:48 +0800] "GET /xingrg/all/function/internal_message.html?_=1640225634035&CODE_STATE=getMsg HTTP/1.1" 302 -
58.221.95.50 - - [23/Dec/2021:10:11:51 +0800] "GET /xingrg/check_reg.html?_=1640225511638 HTTP/1.1" 302 -
116.228.172.94 - - [23/Dec/2021:10:11:53 +0800] "GET /xingrg/all/function/internal_message.html?_=1640225511839&CODE_STATE=getMsg HTTP/1.1" 200 27
116.228.172.94 - - [23/Dec/2021:10:11:53 +0800] "GET /xingrg/check_reg.html?_=1640225512106 HTTP/1.1" 200 22
124.79.245.255 - - [23/Dec/2021:10:11:54 +0800] "GET /xingrg/kc/buy/cgsh_order_operate.html?command=get_materiel&rest_code=00104&code=00101006062&supplier_code=00100012&order_time=2021-12-23 HTTP/1.1" 200 409
114.85.125.222 - - [23/Dec/2021:10:11:56 +0800] "GET /xingrg/all/function/internal_message.html?_=1640225464555&CODE_STATE=getMsg HTTP/1.1" 200 27
222.70.176.97 - - [23/Dec/2021:10:11:58 +0800] "GET /xingrg/all/function/internal_message.html?_=1640225515377&CODE_STATE=getMsg HTTP/1.1" 200 27
116.227.210.113 - - [23/Dec/2021:10:11:59 +0800] "GET /xingrg/all/function/internal_message.html?_=1640225494594&CODE_STATE=getMsg HTTP/1.1" 200 27
61.170.234.223 - - [23/Dec/2021:10:12:04 +0800] "GET /xingrg/kc/buy/cgsh_order_operate.html?command=get_materiel&rest_code=00106&code=00101008357&supplier_code=00100007&order_time=2021-12-23 HTTP/1.1" 200 408
124.79.245.255 - - [23/Dec/2021:10:12:05 +0800] "GET /xingrg/all/function/internal_message.html?_=1640225549280&CODE_STATE=getMsg HTTP/1.1" 200 27
114.88.159.28 - - [23/Dec/2021:10:12:05 +0800] "GET /xingrg/all/function/internal_message.html?_=1640225336668&CODE_STATE=getMsg HTTP/1.1" 200 27
116.238.248.233 - - [23/Dec/2021:10:12:09 +0800] "GET /xingrg/all/function/internal_message.html?_=1640225530010&CODE_STATE=getMsg HTTP/1.1" 200 27
124.79.245.255 - - [23/Dec/2021:10:12:11 +0800] "GET /xingrg/kc/buy/cgsh_order_operate.html?command=get_materiel&rest_code=00104&code=00101006133&supplier_code=00100012&order_time=2021-12-23 HTTP/1.1" 200 413
61.170.234.223 - - [23/Dec/2021:10:12:16 +0800] "GET /xingrg/kc/buy/cgsh_order_operate.html?command=get_materiel&rest_code=00106&code=00101008069&supplier_code=00100007&order_time=2021-12-23 HTTP/1.1" 200 412
124.77.245.186 - - [23/Dec/2021:10:12:16 +0800] "GET /xingrg/all/function/internal_message.html?_=1640225550441&CODE_STATE=getMsg HTTP/1.1" 200 27
124.79.245.255 - - [23/Dec/2021:10:12:21 +0800] "GET /xingrg/kc/buy/cgsh_order_operate.html?command=get_materiel&rest_code=00104&code=00101006111&supplier_code=00100012&order_time=2021-12-23 HTTP/1.1" 200 409
180.175.103.30 - - [23/Dec/2021:10:12:21 +0800] "GET /xingrg/kc/buy/cgsh_order_operate.html?command=get_materiel&rest_code=00105&code=00101009124&supplier_code=00100024&order_time=2021-12-23 HTTP/1.1" 200 402
180.169.147.146 - - [23/Dec/2021:10:12:24 +0800] "GET /xingrg/all/function/internal_message.html?_=1640225543934&CODE_STATE=getMsg HTTP/1.1" 200 27
61.170.234.223 - - [23/Dec/2021:10:12:24 +0800] "GET /xingrg/kc/buy/cgsh_order_operate.html?command=get_materiel&rest_code=00106&code=00101008286&supplier_code=00100007&order_time=2021-12-23 HTTP/1.1" 200 408
124.79.245.255 - - [23/Dec/2021:10:12:28 +0800] "GET /xingrg/all/function/internal_message.html?_=1640225673790&CODE_STATE=getMsg HTTP/1.1" 302 -
61.170.234.223 - - [23/Dec/2021:10:12:28 +0800] "GET /xingrg/all/function/internal_message.html?_=1640225546579&CODE_STATE=getMsg HTTP/1.1" 200 27
180.175.103.30 - - [23/Dec/2021:10:12:29 +0800] "POST /xingrg/kc/buy/cgsh_order_operate.html HTTP/1.1" 200 37
120.253.135.82 - - [23/Dec/2021:10:12:33 +0800] "GET /xingrg/all/function/internal_message.html?_=1640225334915&CODE_STATE=getMsg HTTP/1.1" 200 27
180.175.103.30 - - [23/Dec/2021:10:12:33 +0800] "POST /xingrg/kc/buy/cgsh_order_operate.html HTTP/1.1" 200 3834
61.170.234.223 - - [23/Dec/2021:10:12:34 +0800] "GET /xingrg/kc/buy/cgsh_order_operate.html?command=get_materiel&rest_code=00106&code=00101008036&supplier_code=00100007&order_time=2021-12-23 HTTP/1.1" 200 408
124.79.245.255 - - [23/Dec/2021:10:12:35 +0800] "GET /xingrg/kc/buy/cgsh_order_operate.html?command=get_materiel&rest_code=00104&code=00101006065&supplier_code=00100012&order_time=2021-12-23 HTTP/1.1" 200 409
180.175.103.30 - - [23/Dec/2021:10:12:35 +0800] "GET /xingrg/kc/print/load_data.html?order_code=212021122309574&kc_code=cgsh&condition= HTTP/1.1" 200 1123
172.20.0.100 - - [23/Dec/2021:10:12:42 +0800] "GET /xingrg/all/function/internal_message.html?_=1640225561539&CODE_STATE=getMsg HTTP/1.1" 200 27
116.232.52.211 - - [23/Dec/2021:10:12:42 +0800] "GET /xingrg/all/function/internal_message.html?_=1640225562480&CODE_STATE=getMsg HTTP/1.1" 200 27
180.175.103.30 - - [23/Dec/2021:10:12:43 +0800] "GET /xingrg/all/function/internal_message.html?_=1640225563860&CODE_STATE=getMsg HTTP/1.1" 200 27
180.169.147.146 - - [23/Dec/2021:10:12:46 +0800] "GET /xingrg/all/function/internal_message.html?_=1640225564200&CODE_STATE=getMsg HTTP/1.1" 200 27
61.170.234.223 - - [23/Dec/2021:10:12:46 +0800] "GET /xingrg/kc/buy/cgsh_order_operate.html?command=get_materiel&rest_code=00106&code=00101008131&supplier_code=00100007&order_time=2021-12-23 HTTP/1.1" 200 408
124.79.245.255 - - [23/Dec/2021:10:12:48 +0800] "GET /xingrg/all/function/internal_message.html?_=1640225694033&CODE_STATE=getMsg HTTP/1.1" 302 -
116.238.208.177 - - [23/Dec/2021:10:12:48 +0800] "GET /xingrg/all/function/internal_message.html?_=1640225576738&CODE_STATE=getMsg HTTP/1.1" 200 27
180.175.103.30 - - [23/Dec/2021:10:12:50 +0800] "POST /xingrg/kc/buy/cgsh_order_operate.html HTTP/1.1" 200 37
124.79.245.255 - - [23/Dec/2021:10:12:50 +0800] "GET /xingrg/kc/buy/cgsh_order_operate.html?command=get_materiel&rest_code=00104&code=00101006129&supplier_code=00100012&order_time=2021-12-23 HTTP/1.1" 200 431
180.175.103.30 - - [23/Dec/2021:10:12:52 +0800] "POST /xingrg/kc/buy/cgsh_order_operate.html HTTP/1.1" 200 3834
116.228.172.94 - - [23/Dec/2021:10:12:53 +0800] "GET /xingrg/all/function/internal_message.html?_=1640225571815&CODE_STATE=getMsg HTTP/1.1" 200 27
61.170.234.223 - - [23/Dec/2021:10:12:54 +0800] "GET /xingrg/kc/buy/cgsh_order_operate.html?command=get_materiel&rest_code=00106&code=00101008318&supplier_code=00100007&order_time=2021-12-23 HTTP/1.1" 200 408
180.175.103.30 - - [23/Dec/2021:10:12:55 +0800] "GET /xingrg/index.html?sysBaseUrl=http%3A%2F%2F180.169.147.146%3A18081%2Fxingrg%2F&costTime=36×tamp=1585222720700 HTTP/1.1" 200 17173
180.175.103.30 - - [23/Dec/2021:10:12:56 +0800] "POST /xingrg/all/common/load_tree.html?tree=area_rest_tree_json&manage=1 HTTP/1.1" 200 3472
180.175.103.30 - - [23/Dec/2021:10:12:56 +0800] "GET /favicon.ico HTTP/1.1" 404 -
180.175.103.30 - - [23/Dec/2021:10:12:56 +0800] "GET /xingrg/all/function/internal_message.html?_=1640225576198&CODE_STATE=count HTTP/1.1" 200 11
180.175.103.30 - - [23/Dec/2021:10:12:56 +0800] "GET /xingrg/check_reg.html?_=1640225576199 HTTP/1.1" 200 22
180.175.103.30 - - [23/Dec/2021:10:12:56 +0800] "POST /xingrg/load_menu.html HTTP/1.1" 200 5138
114.85.125.222 - - [23/Dec/2021:10:12:56 +0800] "GET /xingrg/all/function/internal_message.html?_=1640225524578&CODE_STATE=getMsg HTTP/1.1" 200 27
222.70.176.97 - - [23/Dec/2021:10:12:58 +0800] "GET /xingrg/all/function/internal_message.html?_=1640225575360&CODE_STATE=getMsg HTTP/1.1" 200 27
116.227.210.113 - - [23/Dec/2021:10:12:58 +0800] "GET /xingrg/all/function/internal_message.html?_=1640225554571&CODE_STATE=getMsg HTTP/1.1" 200 27
180.175.103.30 - - [23/Dec/2021:10:12:59 +0800] "GET /xingrg/kc/buy/cgsh_order_list.html HTTP/1.1" 200 49480
180.175.103.30 - - [23/Dec/2021:10:13:01 +0800] "POST /xingrg/kc/buy/cgsh_list_operate.html HTTP/1.1" 200 3114
61.170.234.223 - - [23/Dec/2021:10:13:03 +0800] "GET /xingrg/kc/buy/cgsh_order_operate.html?command=get_materiel&rest_code=00106&code=00101008352&supplier_code=00100007&order_time=2021-12-23 HTTP/1.1" 200 412
124.79.245.255 - - [23/Dec/2021:10:13:05 +0800] "GET /xingrg/all/function/internal_message.html?_=1640225609292&CODE_STATE=getMsg HTTP/1.1" 200 27
114.88.159.28 - - [23/Dec/2021:10:13:05 +0800] "GET /xingrg/all/function/internal_message.html?_=1640225396649&CODE_STATE=getMsg HTTP/1.1" 200 27
180.175.103.30 - - [23/Dec/2021:10:13:06 +0800] "POST /xingrg/kc/buy/cgsh_list_operate.html HTTP/1.1" 200 348
180.175.103.30 - - [23/Dec/2021:10:13:07 +0800] "GET /xingrg/kc/buy/cgsh_order_info.html?code=212021122309574 HTTP/1.1" 200 65305
180.175.103.30 - - [23/Dec/2021:10:13:07 +0800] "GET /xingrg/all/common/auto_word.html?type=employee&rest_code=00105 HTTP/1.1" 200 193
180.175.103.30 - - [23/Dec/2021:10:13:07 +0800] "GET /xingrg/all/common/auto_word.html?type=employee&rest_code=00105 HTTP/1.1" 200 193
180.175.103.30 - - [23/Dec/2021:10:13:07 +0800] "GET /xingrg/javascript/easyui/themes/default/validatebox.css HTTP/1.1" 404 1104
180.175.103.30 - - [23/Dec/2021:10:13:08 +0800] "POST /xingrg/kc/buy/cgsh_order_operate.html HTTP/1.1" 200 3834
180.175.103.30 - - [23/Dec/2021:10:13:09 +0800] "GET /xingrg/kc/print/load_config.html?kc_code=cgsh HTTP/1.1" 200 1943
180.175.103.30 - - [23/Dec/2021:10:13:09 +0800] "GET /xingrg/kc/print/load_data.html?order_code=212021122309574&kc_code=cgsh&condition= HTTP/1.1" 200 1123
116.238.248.233 - - [23/Dec/2021:10:13:09 +0800] "GET /xingrg/all/function/internal_message.html?_=1640225590057&CODE_STATE=getMsg HTTP/1.1" 200 27
124.79.245.255 - - [23/Dec/2021:10:13:09 +0800] "GET /xingrg/kc/buy/cgsh_order_operate.html?command=get_materiel&rest_code=00104&code=00101006084&supplier_code=00100012&order_time=2021-12-23 HTTP/1.1" 200 413
61.170.234.223 - - [23/Dec/2021:10:13:13 +0800] "GET /xingrg/kc/buy/cgsh_order_operate.html?command=get_materiel&rest_code=00106&code=00101008588&supplier_code=00100007&order_time=2021-12-23 HTTP/1.1" 200 392
124.77.245.186 - - [23/Dec/2021:10:13:16 +0800] "GET /xingrg/all/function/internal_message.html?_=1640225610448&CODE_STATE=getMsg HTTP/1.1" 200 27
124.79.245.255 - - [23/Dec/2021:10:13:16 +0800] "GET /xingrg/javascript/easyui/themes/default/images/button_plain_hover.png HTTP/1.1" 304 -
124.79.245.255 - - [23/Dec/2021:10:13:16 +0800] "GET /xingrg/javascript/easyui/themes/default/images/button_plain_hover.png HTTP/1.1" 304 -
124.79.245.255 - - [23/Dec/2021:10:13:17 +0800] "GET /xingrg/javascript/easyui/themes/default/images/button_plain_hover.png HTTP/1.1" 304 -
180.175.103.30 - - [23/Dec/2021:10:13:18 +0800] "GET /xingrg/kc/buy/cgsh_order_add.html HTTP/1.1" 200 65296
180.175.103.30 - - [23/Dec/2021:10:13:19 +0800] "GET /xingrg/javascript/easyui/themes/default/validatebox.css HTTP/1.1" 404 1104
180.175.103.30 - - [23/Dec/2021:10:13:19 +0800] "POST /xingrg/kc/buy/cgsh_order_operate.html HTTP/1.1" 200 8245
124.79.245.255 - - [23/Dec/2021:10:13:20 +0800] "POST /xingrg/kc/buy/cgsh_order_operate.html HTTP/1.1" 200 37
61.170.234.223 - - [23/Dec/2021:10:13:22 +0800] "GET /xingrg/kc/buy/cgsh_order_operate.html?command=get_materiel&rest_code=00106&code=00101013179&supplier_code=00100007&order_time=2021-12-23 HTTP/1.1" 200 412
124.79.245.255 - - [23/Dec/2021:10:13:22 +0800] "POST /xingrg/kc/buy/cgsh_order_operate.html HTTP/1.1" 200 5633
124.79.245.255 - - [23/Dec/2021:10:13:22 +0800] "GET /xingrg/javascript/easyui/themes/default/images/button_plain_hover.png HTTP/1.1" 304 -
124.79.245.255 - - [23/Dec/2021:10:13:22 +0800] "GET /xingrg/javascript/easyui/themes/default/images/button_plain_hover.png HTTP/1.1" 304 -
124.79.245.255 - - [23/Dec/2021:10:13:22 +0800] "GET /xingrg/javascript/easyui/themes/default/images/button_plain_hover.png HTTP/1.1" 304 -
124.79.245.255 - - [23/Dec/2021:10:13:22 +0800] "GET /xingrg/javascript/easyui/themes/default/images/button_plain_hover.png HTTP/1.1" 304 -
124.79.245.255 - - [23/Dec/2021:10:13:22 +0800] "GET /xingrg/javascript/easyui/themes/default/images/button_plain_hover.png HTTP/1.1" 304 -
124.79.245.255 - - [23/Dec/2021:10:13:23 +0800] "GET /xingrg/kc/print/load_config.html?kc_code=cgsh HTTP/1.1" 200 1943
124.79.245.255 - - [23/Dec/2021:10:13:23 +0800] "GET /xingrg/kc/print/load_data.html?order_code=212021122309575&kc_code=cgsh&condition= HTTP/1.1" 200 1910
180.169.147.146 - - [23/Dec/2021:10:13:24 +0800] "GET /xingrg/all/function/internal_message.html?_=1640225603951&CODE_STATE=getMsg HTTP/1.1" 200 27
180.175.103.30 - - [23/Dec/2021:10:13:24 +0800] "GET /xingrg/javascript/auto/indicator.gif HTTP/1.1" 404 1066
124.79.245.255 - - [23/Dec/2021:10:13:28 +0800] "GET /xingrg/all/function/internal_message.html?_=1640225733788&CODE_STATE=getMsg HTTP/1.1" 302 -
61.170.234.223 - - [23/Dec/2021:10:13:28 +0800] "GET /xingrg/check_reg.html?_=1640225606590 HTTP/1.1" 200 22
61.170.234.223 - - [23/Dec/2021:10:13:28 +0800] "GET /xingrg/all/function/internal_message.html?_=1640225606591&CODE_STATE=getMsg HTTP/1.1" 200 27
61.170.234.223 - - [23/Dec/2021:10:13:29 +0800] "GET /xingrg/kc/buy/cgsh_order_operate.html?command=get_materiel&rest_code=00106&code=00101013175&supplier_code=00100007&order_time=2021-12-23 HTTP/1.1" 200 412
61.170.234.223 - - [23/Dec/2021:10:13:31 +0800] "POST /xingrg/kc/buy/cgsh_order_operate.html HTTP/1.1" 200 2065
120.253.135.82 - - [23/Dec/2021:10:13:33 +0800] "GET /xingrg/all/function/internal_message.html?_=1640225395138&CODE_STATE=getMsg HTTP/1.1" 200 27
61.170.234.223 - - [23/Dec/2021:10:13:36 +0800] "GET /xingrg/kc/buy/cgsh_order_operate.html?command=get_materiel&rest_code=00106&code=00101008298&supplier_code=00100007&order_time=2021-12-23 HTTP/1.1" 200 413
116.238.208.177 - - [23/Dec/2021:10:13:41 +0800] "GET /xingrg/check_reg.html?_=1640225629986 HTTP/1.1" 200 22
172.20.0.100 - - [23/Dec/2021:10:13:42 +0800] "GET /xingrg/all/function/internal_message.html?_=1640225621524&CODE_STATE=getMsg HTTP/1.1" 200 27
116.232.52.211 - - [23/Dec/2021:10:13:42 +0800] "GET /xingrg/all/function/internal_message.html?_=1640225622482&CODE_STATE=getMsg HTTP/1.1" 200 27
61.170.234.223 - - [23/Dec/2021:10:13:43 +0800] "GET /xingrg/kc/buy/cgsh_order_operate.html?command=get_materiel&rest_code=00106&code=00101008010&supplier_code=00100007&order_time=2021-12-23 HTTP/1.1" 200 412
180.169.147.146 - - [23/Dec/2021:10:13:46 +0800] "GET /xingrg/all/function/internal_message.html?_=1640225624200&CODE_STATE=getMsg HTTP/1.1" 200 27
124.79.245.255 - - [23/Dec/2021:10:13:48 +0800] "GET /xingrg/all/function/internal_message.html?_=1640225754032&CODE_STATE=getMsg HTTP/1.1" 302 -
116.238.208.177 - - [23/Dec/2021:10:13:48 +0800] "GET /xingrg/all/function/internal_message.html?_=1640225636742&CODE_STATE=getMsg HTTP/1.1" 200 27
61.170.234.223 - - [23/Dec/2021:10:13:49 +0800] "GET /xingrg/kc/buy/cgsh_order_operate.html?command=get_materiel&rest_code=00106&code=00101008125&supplier_code=00100007&order_time=2021-12-23 HTTP/1.1" 200 413
116.227.210.113 - - [23/Dec/2021:10:13:49 +0800] "GET /xingrg/check_reg.html?_=1640225605522 HTTP/1.1" 200 22
180.175.103.30 - - [23/Dec/2021:10:13:50 +0800] "GET /xingrg/kc/buy/cgsh_order_operate.html?command=get_materiel&rest_code=00105&code=00101006106&supplier_code=00100012&order_time=2021-12-23 HTTP/1.1" 200 421
116.228.172.94 - - [23/Dec/2021:10:13:53 +0800] "GET /xingrg/all/function/internal_message.html?_=1640225631799&CODE_STATE=getMsg HTTP/1.1" 200 27
180.175.103.30 - - [23/Dec/2021:10:13:56 +0800] "GET /xingrg/all/function/internal_message.html?_=1640225636207&CODE_STATE=getMsg HTTP/1.1" 200 27
114.85.125.222 - - [23/Dec/2021:10:13:56 +0800] "GET /xingrg/all/function/internal_message.html?_=1640225584582&CODE_STATE=getMsg HTTP/1.1" 200 27
61.170.234.223 - - [23/Dec/2021:10:13:57 +0800] "POST /xingrg/kc/buy/cgsh_order_operate.html HTTP/1.1" 200 37
222.70.176.97 - - [23/Dec/2021:10:13:58 +0800] "GET /xingrg/all/function/internal_message.html?_=1640225635380&CODE_STATE=getMsg HTTP/1.1" 200 27
116.227.210.113 - - [23/Dec/2021:10:13:58 +0800] "GET /xingrg/all/function/internal_message.html?_=1640225614563&CODE_STATE=getMsg HTTP/1.1" 200 27
61.170.234.223 - - [23/Dec/2021:10:14:00 +0800] "POST /xingrg/kc/buy/cgsh_order_operate.html HTTP/1.1" 200 15047
180.175.103.30 - - [23/Dec/2021:10:14:02 +0800] "GET /xingrg/kc/buy/cgsh_order_operate.html?command=get_materiel&rest_code=00105&code=00101006112&supplier_code=00100012&order_time=2021-12-23 HTTP/1.1" 200 409
124.79.245.255 - - [23/Dec/2021:10:14:05 +0800] "GET /xingrg/check_reg.html?_=1640225669328 HTTP/1.1" 200 22
124.79.245.255 - - [23/Dec/2021:10:14:05 +0800] "GET /xingrg/all/function/internal_message.html?_=1640225669330&CODE_STATE=getMsg HTTP/1.1" 200 27
114.88.159.28 - - [23/Dec/2021:10:14:05 +0800] "GET /xingrg/all/function/internal_message.html?_=1640225456629&CODE_STATE=getMsg HTTP/1.1" 200 27
114.88.159.28 - - [23/Dec/2021:10:14:06 +0800] "GET /xingrg/check_reg.html?_=1640225457253 HTTP/1.1" 200 22
116.238.248.233 - - [23/Dec/2021:10:14:09 +0800] "GET /xingrg/all/function/internal_message.html?_=1640225650104&CODE_STATE=getMsg HTTP/1.1" 200 27
180.175.103.30 - - [23/Dec/2021:10:14:10 +0800] "GET /xingrg/kc/buy/cgsh_order_operate.html?command=get_materiel&rest_code=00105&code=00101007044&supplier_code=00100012&order_time=2021-12-23 HTTP/1.1" 200 422
124.77.245.186 - - [23/Dec/2021:10:14:16 +0800] "GET /xingrg/all/function/internal_message.html?_=1640225670484&CODE_STATE=getMsg HTTP/1.1" 200 27
180.169.147.146 - - [23/Dec/2021:10:14:24 +0800] "GET /xingrg/check_reg.html?_=1640225663950 HTTP/1.1" 200 22
180.169.147.146 - - [23/Dec/2021:10:14:24 +0800] "GET /xingrg/all/function/internal_message.html?_=1640225663953&CODE_STATE=getMsg HTTP/1.1" 200 27
180.175.103.30 - - [23/Dec/2021:10:14:25 +0800] "POST /xingrg/kc/buy/cgsh_order_operate.html HTTP/1.1" 200 37
124.77.245.186 - - [23/Dec/2021:10:14:26 +0800] "GET /xingrg/check_reg.html?_=1640225679760 HTTP/1.1" 200 22
180.175.103.30 - - [23/Dec/2021:10:14:26 +0800] "POST /xingrg/kc/buy/cgsh_order_operate.html HTTP/1.1" 200 3862
180.175.103.30 - - [23/Dec/2021:10:14:27 +0800] "GET /xingrg/kc/print/load_data.html?order_code=212021122309577&kc_code=cgsh&condition= HTTP/1.1" 200 1235
124.79.245.255 - - [23/Dec/2021:10:14:28 +0800] "GET /xingrg/all/function/internal_message.html?_=1640225793786&CODE_STATE=getMsg HTTP/1.1" 302 -
124.79.245.255 - - [23/Dec/2021:10:14:28 +0800] "GET /xingrg/check_reg.html?_=1640225793787 HTTP/1.1" 302 -
61.170.234.223 - - [23/Dec/2021:10:14:28 +0800] "GET /xingrg/all/function/internal_message.html?_=1640225666573&CODE_STATE=getMsg HTTP/1.1" 200 27
180.175.103.30 - - [23/Dec/2021:10:14:32 +0800] "GET /xingrg/kc/buy/cgsh_order_add.html HTTP/1.1" 200 65296
180.175.103.30 - - [23/Dec/2021:10:14:32 +0800] "POST /xingrg/kc/buy/cgsh_order_operate.html HTTP/1.1" 200 8245
180.175.103.30 - - [23/Dec/2021:10:14:32 +0800] "GET /xingrg/javascript/easyui/themes/default/validatebox.css HTTP/1.1" 404 1104
120.253.135.82 - - [23/Dec/2021:10:14:33 +0800] "GET /xingrg/all/function/internal_message.html?_=1640225455145&CODE_STATE=getMsg HTTP/1.1" 200 27
180.169.147.146 - - [23/Dec/2021:10:14:41 +0800] "POST /xingrg/kc/buy/cgsh_list_operate.html HTTP/1.1" 200 4
172.20.0.100 - - [23/Dec/2021:10:14:42 +0800] "GET /xingrg/all/function/internal_message.html?_=1640225681526&CODE_STATE=getMsg HTTP/1.1" 200 27
116.232.52.211 - - [23/Dec/2021:10:14:42 +0800] "GET /xingrg/all/function/internal_message.html?_=1640225682484&CODE_STATE=getMsg HTTP/1.1" 200 27
124.79.245.255 - - [23/Dec/2021:10:14:48 +0800] "GET /xingrg/all/function/internal_message.html?_=1640225814031&CODE_STATE=getMsg HTTP/1.1" 302 -
116.238.208.177 - - [23/Dec/2021:10:14:48 +0800] "GET /xingrg/all/function/internal_message.html?_=1640225696755&CODE_STATE=getMsg HTTP/1.1" 200 27
61.170.234.223 - - [23/Dec/2021:10:14:48 +0800] "GET /xingrg/kc/buy/cgsh_order_operate.html?command=get_materiel&rest_code=00106&code=00101008210&supplier_code=00100007&order_time=2021-12-23 HTTP/1.1" 200 408
180.175.103.30 - - [23/Dec/2021:10:14:49 +0800] "GET /xingrg/kc/buy/cgsh_order_operate.html?command=get_materiel&rest_code=00105&code=00101007081&supplier_code=00100002&order_time=2021-12-23 HTTP/1.1" 200 413
116.228.172.94 - - [23/Dec/2021:10:14:53 +0800] "GET /xingrg/all/function/internal_message.html?_=1640225691782&CODE_STATE=getMsg HTTP/1.1" 200 27
114.85.125.222 - - [23/Dec/2021:10:14:56 +0800] "GET /xingrg/check_reg.html?_=1640225643798 HTTP/1.1" 200 22
114.85.125.222 - - [23/Dec/2021:10:14:56 +0800] "GET /xingrg/all/function/internal_message.html?_=1640225644597&CODE_STATE=getMsg HTTP/1.1" 200 27
222.70.176.97 - - [23/Dec/2021:10:14:58 +0800] "GET /xingrg/all/function/internal_message.html?_=1640225695366&CODE_STATE=getMsg HTTP/1.1" 200 27
180.175.103.30 - - [23/Dec/2021:10:14:58 +0800] "POST /xingrg/kc/buy/cgsh_order_operate.html HTTP/1.1" 200 37
116.227.210.113 - - [23/Dec/2021:10:14:58 +0800] "GET /xingrg/all/function/internal_message.html?_=1640225674539&CODE_STATE=getMsg HTTP/1.1" 200 27
61.170.234.223 - - [23/Dec/2021:10:14:59 +0800] "GET /xingrg/kc/buy/cgsh_order_operate.html?command=get_materiel&rest_code=00106&code=00101008155&supplier_code=00100007&order_time=2021-12-23 HTTP/1.1" 200 408
180.175.103.30 - - [23/Dec/2021:10:15:02 +0800] "POST /xingrg/kc/buy/cgsh_order_operate.html HTTP/1.1" 200 2658
180.175.103.30 - - [23/Dec/2021:10:15:04 +0800] "GET /xingrg/kc/print/load_data.html?order_code=212021122309578&kc_code=cgsh&condition= HTTP/1.1" 200 741
58.35.215.188 - - [23/Dec/2021:10:15:05 +0800] "POST /xingrg/services/DataTransmitService HTTP/1.1" 200 524
124.79.245.255 - - [23/Dec/2021:10:15:05 +0800] "GET /xingrg/all/function/internal_message.html?_=1640225729336&CODE_STATE=getMsg HTTP/1.1" 200 27
58.35.215.188 - - [23/Dec/2021:10:15:05 +0800] "POST /xingrg/services/DataTransmitService HTTP/1.1" 200 1967
114.88.159.28 - - [23/Dec/2021:10:15:05 +0800] "GET /xingrg/all/function/internal_message.html?_=1640225516604&CODE_STATE=getMsg HTTP/1.1" 200 27
58.35.215.188 - - [23/Dec/2021:10:15:06 +0800] "POST /xingrg/services/DataTransmitService HTTP/1.1" 200 62888
61.170.234.223 - - [23/Dec/2021:10:15:06 +0800] "GET /xingrg/kc/buy/cgsh_order_operate.html?command=get_materiel&rest_code=00106&code=00101008126&supplier_code=00100007&order_time=2021-12-23 HTTP/1.1" 200 412
116.238.248.233 - - [23/Dec/2021:10:15:09 +0800] "GET /xingrg/check_reg.html?_=1640225710153 HTTP/1.1" 200 22
116.238.248.233 - - [23/Dec/2021:10:15:09 +0800] "GET /xingrg/all/function/internal_message.html?_=1640225710156&CODE_STATE=getMsg HTTP/1.1" 200 27
61.170.234.223 - - [23/Dec/2021:10:15:14 +0800] "GET /xingrg/kc/buy/cgsh_order_operate.html?command=get_materiel&rest_code=00106&code=00101008361&supplier_code=00100007&order_time=2021-12-23 HTTP/1.1" 200 408
124.77.245.186 - - [23/Dec/2021:10:15:16 +0800] "GET /xingrg/all/function/internal_message.html?_=1640225730492&CODE_STATE=getMsg HTTP/1.1" 200 27
61.170.234.223 - - [23/Dec/2021:10:15:17 +0800] "POST /xingrg/kc/buy/cgsh_order_operate.html HTTP/1.1" 200 2065
61.170.234.223 - - [23/Dec/2021:10:15:23 +0800] "GET /xingrg/kc/buy/cgsh_order_operate.html?command=get_materiel&rest_code=00106&code=00101008199&supplier_code=00100007&order_time=2021-12-23 HTTP/1.1" 200 408
180.169.147.146 - - [23/Dec/2021:10:15:24 +0800] "GET /xingrg/all/function/internal_message.html?_=1640225723942&CODE_STATE=getMsg HTTP/1.1" 200 27
124.79.245.255 - - [23/Dec/2021:10:15:28 +0800] "GET /xingrg/all/function/internal_message.html?_=1640225853784&CODE_STATE=getMsg HTTP/1.1" 302 -
61.170.234.223 - - [23/Dec/2021:10:15:28 +0800] "GET /xingrg/all/function/internal_message.html?_=1640225726627&CODE_STATE=getMsg HTTP/1.1" 200 27
120.253.135.82 - - [23/Dec/2021:10:15:32 +0800] "GET /xingrg/check_reg.html?_=1640225514122 HTTP/1.1" 200 22
120.253.135.82 - - [23/Dec/2021:10:15:33 +0800] "GET /xingrg/all/function/internal_message.html?_=1640225515158&CODE_STATE=getMsg HTTP/1.1" 200 27
61.170.234.223 - - [23/Dec/2021:10:15:40 +0800] "GET /xingrg/kc/buy/cgsh_order_operate.html?command=get_materiel&rest_code=00106&code=00101011007&supplier_code=00100007&order_time=2021-12-23 HTTP/1.1" 200 414
172.20.0.100 - - [23/Dec/2021:10:15:42 +0800] "GET /xingrg/all/function/internal_message.html?_=1640225741529&CODE_STATE=getMsg HTTP/1.1" 200 27
172.20.0.100 - - [23/Dec/2021:10:15:42 +0800] "GET /xingrg/check_reg.html?_=1640225741530 HTTP/1.1" 200 22
116.232.52.211 - - [23/Dec/2021:10:15:42 +0800] "GET /xingrg/all/function/internal_message.html?_=1640225742486&CODE_STATE=getMsg HTTP/1.1" 200 27
116.232.52.211 - - [23/Dec/2021:10:15:42 +0800] "GET /xingrg/check_reg.html?_=1640225742488 HTTP/1.1" 200 22
124.79.245.255 - - [23/Dec/2021:10:15:48 +0800] "GET /xingrg/all/function/internal_message.html?_=1640225874030&CODE_STATE=getMsg HTTP/1.1" 302 -
124.79.245.255 - - [23/Dec/2021:10:15:48 +0800] "GET /xingrg/check_reg.html?_=1640225874031 HTTP/1.1" 302 -
116.238.208.177 - - [23/Dec/2021:10:15:48 +0800] "GET /xingrg/all/function/internal_message.html?_=1640225757041&CODE_STATE=getMsg HTTP/1.1" 200 27
116.228.172.94 - - [23/Dec/2021:10:15:53 +0800] "GET /xingrg/all/function/internal_message.html?_=1640225751760&CODE_STATE=getMsg HTTP/1.1" 200 27
180.175.103.30 - - [23/Dec/2021:10:15:56 +0800] "GET /xingrg/all/function/internal_message.html?_=1640225756220&CODE_STATE=getMsg HTTP/1.1" 200 27
114.85.125.222 - - [23/Dec/2021:10:15:56 +0800] "GET /xingrg/all/function/internal_message.html?_=1640225704609&CODE_STATE=getMsg HTTP/1.1" 200 27
61.170.234.223 - - [23/Dec/2021:10:15:57 +0800] "GET /xingrg/kc/buy/cgsh_order_operate.html?command=get_materiel&rest_code=00106&code=00101008186&supplier_code=00100007&order_time=2021-12-23 HTTP/1.1" 200 408
222.70.176.97 - - [23/Dec/2021:10:15:58 +0800] "GET /xingrg/check_reg.html?_=1640225755373 HTTP/1.1" 200 22
222.70.176.97 - - [23/Dec/2021:10:15:58 +0800] "GET /xingrg/all/function/internal_message.html?_=1640225755372&CODE_STATE=getMsg HTTP/1.1" 200 27
116.227.210.113 - - [23/Dec/2021:10:15:58 +0800] "GET /xingrg/all/function/internal_message.html?_=1640225734519&CODE_STATE=getMsg HTTP/1.1" 200 27
180.157.251.97 - - [23/Dec/2021:10:16:01 +0800] "GET /favicon.ico HTTP/1.1" 404 -
180.157.251.97 - - [23/Dec/2021:10:16:04 +0800] "GET /xingrg/login.html HTTP/1.1" 200 7641
180.157.251.97 - - [23/Dec/2021:10:16:04 +0800] "GET /xingrg/images/blue/jxLogo.png HTTP/1.1" 304 -
180.157.251.97 - - [23/Dec/2021:10:16:05 +0800] "GET /xingrg/images/blue/login_bg.png HTTP/1.1" 304 -
180.157.251.97 - - [23/Dec/2021:10:16:05 +0800] "GET /xingrg/images/blue/hj.png HTTP/1.1" 304 -
180.157.251.97 - - [23/Dec/2021:10:16:05 +0800] "GET /xingrg/images/blue/srbg.png HTTP/1.1" 304 -
180.157.251.97 - - [23/Dec/2021:10:16:05 +0800] "GET /favicon.ico HTTP/1.1" 404 -
124.79.245.255 - - [23/Dec/2021:10:16:05 +0800] "GET /xingrg/all/function/internal_message.html?_=1640225789350&CODE_STATE=getMsg HTTP/1.1" 200 27
114.88.159.28 - - [23/Dec/2021:10:16:05 +0800] "GET /xingrg/all/function/internal_message.html?_=1640225576572&CODE_STATE=getMsg HTTP/1.1" 200 27
61.170.234.223 - - [23/Dec/2021:10:16:06 +0800] "POST /xingrg/kc/buy/cgsh_order_operate.html HTTP/1.1" 200 37
61.170.234.223 - - [23/Dec/2021:10:16:08 +0800] "POST /xingrg/kc/buy/cgsh_order_operate.html HTTP/1.1" 200 19781
180.157.251.97 - - [23/Dec/2021:10:16:09 +0800] "POST /xingrg/login.do HTTP/1.1" 302 -
180.157.251.97 - - [23/Dec/2021:10:16:09 +0800] "GET /xingrg/index.html?sysBaseUrl=http%3A%2F%2F180.169.147.146%3A18081%2Fxingrg%2F&costTime=36×tamp=1640225769275 HTTP/1.1" 200 17179
180.157.251.97 - - [23/Dec/2021:10:16:09 +0800] "GET /xingrg/javascript/jquery_easy_ui/themes/default/easyui.css HTTP/1.1" 304 -
180.157.251.97 - - [23/Dec/2021:10:16:09 +0800] "GET /xingrg/javascript/jquery_easy_ui/jquery.easyui.min.js HTTP/1.1" 304 -
180.157.251.97 - - [23/Dec/2021:10:16:09 +0800] "GET /xingrg/javascript/jquery_easy_ui/easyui-lang-zh_CN.js HTTP/1.1" 304 -
180.157.251.97 - - [23/Dec/2021:10:16:09 +0800] "GET /xingrg/javascript/jquery_easy_ui/themes/icon.css HTTP/1.1" 304 -
180.157.251.97 - - [23/Dec/2021:10:16:09 +0800] "GET /xingrg/css/form.css HTTP/1.1" 304 -
180.157.251.97 - - [23/Dec/2021:10:16:09 +0800] "GET /xingrg/javascript/jquery.utils.js HTTP/1.1" 304 -
180.157.251.97 - - [23/Dec/2021:10:16:09 +0800] "GET /xingrg/javascript/jquery-1.4.2.min.js HTTP/1.1" 304 -
180.157.251.97 - - [23/Dec/2021:10:16:09 +0800] "GET /xingrg/javascript/jquery.form.js HTTP/1.1" 304 -
180.157.251.97 - - [23/Dec/2021:10:16:09 +0800] "GET /xingrg/javascript/jquery.timers.js HTTP/1.1" 304 -
180.157.251.97 - - [23/Dec/2021:10:16:09 +0800] "GET /favicon.ico HTTP/1.1" 404 -
180.157.251.97 - - [23/Dec/2021:10:16:09 +0800] "GET /xingrg/javascript/jquery_easy_ui/themes/icons/settle_new.png HTTP/1.1" 304 -
180.157.251.97 - - [23/Dec/2021:10:16:09 +0800] "GET /xingrg/images/blue/navBackgound.jpg HTTP/1.1" 304 -
180.157.251.97 - - [23/Dec/2021:10:16:09 +0800] "POST /xingrg/all/common/load_tree.html?tree=area_rest_tree_json&manage=1 HTTP/1.1" 200 470
116.238.248.233 - - [23/Dec/2021:10:16:09 +0800] "GET /xingrg/all/function/internal_message.html?_=1640225770203&CODE_STATE=getMsg HTTP/1.1" 200 27
180.157.251.97 - - [23/Dec/2021:10:16:09 +0800] "GET /xingrg/all/function/internal_message.html?_=1640225770054&CODE_STATE=count HTTP/1.1" 200 11
180.157.251.97 - - [23/Dec/2021:10:16:09 +0800] "GET /xingrg/check_reg.html?_=1640225770056 HTTP/1.1" 200 22
180.157.251.97 - - [23/Dec/2021:10:16:09 +0800] "GET /xingrg/images/blue/pingpu.png HTTP/1.1" 304 -
180.157.251.97 - - [23/Dec/2021:10:16:09 +0800] "GET /xingrg/javascript/jquery_easy_ui/themes/default/images/tabs_leftarrow.png HTTP/1.1" 304 -
180.157.251.97 - - [23/Dec/2021:10:16:09 +0800] "GET /xingrg/javascript/jquery_easy_ui/themes/default/images/tabs_rightarrow.png HTTP/1.1" 304 -
180.157.251.97 - - [23/Dec/2021:10:16:09 +0800] "GET /xingrg/javascript/jquery_easy_ui/themes/default/images/panel_tool_collapse.gif HTTP/1.1" 304 -
180.157.251.97 - - [23/Dec/2021:10:16:09 +0800] "POST /xingrg/load_menu.html HTTP/1.1" 200 5138
180.157.251.97 - - [23/Dec/2021:10:16:10 +0800] "GET /xingrg/javascript/jquery_easy_ui/themes/default/images/tree_arrows.gif HTTP/1.1" 304 -
180.157.251.97 - - [23/Dec/2021:10:16:10 +0800] "GET /xingrg/javascript/jquery_easy_ui/themes/default/images/tree_folder_open.gif HTTP/1.1" 304 -
180.157.251.97 - - [23/Dec/2021:10:16:10 +0800] "GET /xingrg/javascript/jquery_easy_ui/themes/icons/search_new.png HTTP/1.1" 304 -
180.157.251.97 - - [23/Dec/2021:10:16:10 +0800] "GET /xingrg/javascript/jquery_easy_ui/themes/default/images/tree_folder.gif HTTP/1.1" 304 -
180.157.251.97 - - [23/Dec/2021:10:16:10 +0800] "GET /xingrg/javascript/jquery_easy_ui/themes/icons/storage_new.png HTTP/1.1" 304 -
180.157.251.97 - - [23/Dec/2021:10:16:10 +0800] "GET /xingrg/javascript/jquery_easy_ui/themes/icons/forms_new.png HTTP/1.1" 304 -
180.157.251.97 - - [23/Dec/2021:10:16:10 +0800] "GET /xingrg/javascript/jquery_easy_ui/themes/default/images/tree_file.gif HTTP/1.1" 304 -
180.157.251.97 - - [23/Dec/2021:10:16:11 +0800] "GET /xingrg/kc/mdqp/qp_main.html HTTP/1.1" 200 10633
180.157.251.97 - - [23/Dec/2021:10:16:11 +0800] "GET /xingrg/javascript/jquery_easy_ui/themes/default/images/tabs_close.gif HTTP/1.1" 304 -
180.157.251.97 - - [23/Dec/2021:10:16:11 +0800] "GET /xingrg/javascript/pic_change.js HTTP/1.1" 304 -
180.157.251.97 - - [23/Dec/2021:10:16:11 +0800] "GET /xingrg/javascript/ToolTips.js HTTP/1.1" 200 5615
180.157.251.97 - - [23/Dec/2021:10:16:11 +0800] "GET /xingrg/css/blue.css HTTP/1.1" 200 15949
180.157.251.97 - - [23/Dec/2021:10:16:11 +0800] "GET /xingrg/javascript/jquery_ui/jquery-ui.min.js HTTP/1.1" 200 186181
180.157.251.97 - - [23/Dec/2021:10:16:11 +0800] "GET /xingrg/images/blue/button/cgxqd.gif HTTP/1.1" 200 2619
180.157.251.97 - - [23/Dec/2021:10:16:11 +0800] "GET /xingrg/javascript/myfunction.js HTTP/1.1" 200 24559
180.157.251.97 - - [23/Dec/2021:10:16:11 +0800] "GET /xingrg/images/blue/button/qqpsd.gif HTTP/1.1" 200 2548
180.157.251.97 - - [23/Dec/2021:10:16:11 +0800] "GET /xingrg/images/blue/button/pszx.gif HTTP/1.1" 200 2648
180.157.251.97 - - [23/Dec/2021:10:16:11 +0800] "GET /xingrg/images/blue/button/psshd.gif HTTP/1.1" 200 2692
180.157.251.97 - - [23/Dec/2021:10:16:11 +0800] "GET /xingrg/images/blue/pic_form2.gif HTTP/1.1" 200 1853
180.157.251.97 - - [23/Dec/2021:10:16:11 +0800] "GET /xingrg/javascript/jquery_ui/themes/humanity/humanity.css HTTP/1.1" 200 27801
180.157.251.97 - - [23/Dec/2021:10:16:11 +0800] "GET /xingrg/images/blue/bg_dotted.jpg HTTP/1.1" 200 319
180.157.251.97 - - [23/Dec/2021:10:16:11 +0800] "GET /xingrg/javascript/jquery_ui/themes/humanity/images/ui-bg_inset-soft_100_f4f0ec_1x100.png HTTP/1.1" 200 141
180.157.251.97 - - [23/Dec/2021:10:16:11 +0800] "GET /xingrg/images/blue/button/right_ah.jpg HTTP/1.1" 200 1744
180.157.251.97 - - [23/Dec/2021:10:16:11 +0800] "GET /xingrg/images/blue/button/down_ah.jpg HTTP/1.1" 200 1732
180.157.251.97 - - [23/Dec/2021:10:16:11 +0800] "GET /xingrg/javascript/jquery_ui/themes/humanity/images/ui-iconsnew.jpg HTTP/1.1" 200 337
180.157.251.97 - - [23/Dec/2021:10:16:11 +0800] "GET /xingrg/javascript/jquery_ui/themes/humanity/images/ui-icons_ffffff_256x240.png HTTP/1.1" 200 4369
180.157.251.97 - - [23/Dec/2021:10:16:11 +0800] "GET /xingrg/javascript/jquery_ui/themes/humanity/images/ui-icons_c47a23_256x240.png HTTP/1.1" 200 5355
180.157.251.97 - - [23/Dec/2021:10:16:11 +0800] "GET /xingrg/javascript/jquery_ui/themes/humanity/images/ui-bg_glass_70_ede4d4_1x400.png HTTP/1.1" 200 161
180.157.251.97 - - [23/Dec/2021:10:16:12 +0800] "GET /xingrg/images/yd/bt.gif HTTP/1.1" 404 1040
180.157.251.97 - - [23/Dec/2021:10:16:12 +0800] "GET /xingrg/kc/mdqp/qqps_order_list.html HTTP/1.1" 200 9222
180.157.251.97 - - [23/Dec/2021:10:16:12 +0800] "GET /xingrg/dwr/interface/AjaxQqpsService.js HTTP/1.1" 200 16326
180.157.251.97 - - [23/Dec/2021:10:16:12 +0800] "GET /xingrg/dwr/interface/AjaxReportQueryService.js HTTP/1.1" 200 13203
180.157.251.97 - - [23/Dec/2021:10:16:12 +0800] "GET /xingrg/dwr/util.js HTTP/1.1" 200 35990
180.157.251.97 - - [23/Dec/2021:10:16:12 +0800] "GET /xingrg/javascript/Calendar.js HTTP/1.1" 200 31561
180.157.251.97 - - [23/Dec/2021:10:16:12 +0800] "GET /xingrg/dwr/engine.js HTTP/1.1" 200 43631
180.157.251.97 - - [23/Dec/2021:10:16:12 +0800] "GET /xingrg/javascript/jquery_easy_ui/themes/icons/edit_add_new.png HTTP/1.1" 200 2997
180.157.251.97 - - [23/Dec/2021:10:16:12 +0800] "GET /xingrg/javascript/jquery_easy_ui/themes/icons/check_new.png HTTP/1.1" 200 3224
180.157.251.97 - - [23/Dec/2021:10:16:12 +0800] "GET /xingrg/javascript/jquery_easy_ui/themes/icons/uncheck_new.png HTTP/1.1" 200 3197
180.157.251.97 - - [23/Dec/2021:10:16:12 +0800] "GET /xingrg/javascript/jquery_easy_ui/themes/icons/cance_new.png HTTP/1.1" 200 3986
180.157.251.97 - - [23/Dec/2021:10:16:16 +0800] "GET /xingrg/kc/mdqp/qqps_order_list.html?isQuery=1&timeSelect=1&orderTime=day&startTime=2021-12-22&endTime=2021-12-23&state=all&query=%C8%B7++%B6%A8 HTTP/1.1" 200 10982
180.157.251.97 - - [23/Dec/2021:10:16:16 +0800] "GET /xingrg/dwr/interface/AjaxReportQueryService.js HTTP/1.1" 200 13203
180.157.251.97 - - [23/Dec/2021:10:16:16 +0800] "GET /xingrg/dwr/interface/AjaxQqpsService.js HTTP/1.1" 200 16326
180.157.251.97 - - [23/Dec/2021:10:16:16 +0800] "GET /xingrg/dwr/engine.js HTTP/1.1" 200 43631
124.77.245.186 - - [23/Dec/2021:10:16:16 +0800] "GET /xingrg/all/function/internal_message.html?_=1640225790506&CODE_STATE=getMsg HTTP/1.1" 200 27
180.169.147.146 - - [23/Dec/2021:10:16:23 +0800] "POST /xingrg/kc/buy/cgsh_list_operate.html HTTP/1.1" 200 5165
180.169.147.146 - - [23/Dec/2021:10:16:24 +0800] "GET /xingrg/all/function/internal_message.html?_=1640225783942&CODE_STATE=getMsg HTTP/1.1" 200 27
124.79.245.255 - - [23/Dec/2021:10:16:28 +0800] "GET /xingrg/all/function/internal_message.html?_=1640225913782&CODE_STATE=getMsg HTTP/1.1" 302 -
61.170.234.223 - - [23/Dec/2021:10:16:28 +0800] "GET /xingrg/all/function/internal_message.html?_=1640225786548&CODE_STATE=getMsg HTTP/1.1" 200 27
120.253.135.82 - - [23/Dec/2021:10:16:33 +0800] "GET /xingrg/all/function/internal_message.html?_=1640225575172&CODE_STATE=getMsg HTTP/1.1" 200 27
61.170.234.223 - - [23/Dec/2021:10:16:36 +0800] "GET /xingrg/kc/buy/cgsh_order_operate.html?command=get_materiel&rest_code=00106&code=00101008096&supplier_code=00100007&order_time=2021-12-23 HTTP/1.1" 200 412
172.20.0.100 - - [23/Dec/2021:10:16:42 +0800] "GET /xingrg/all/function/internal_message.html?_=1640225801535&CODE_STATE=getMsg HTTP/1.1" 200 27
116.232.52.211 - - [23/Dec/2021:10:16:42 +0800] "GET /xingrg/all/function/internal_message.html?_=1640225802490&CODE_STATE=getMsg HTTP/1.1" 200 27
61.170.234.223 - - [23/Dec/2021:10:16:45 +0800] "GET /xingrg/kc/buy/cgsh_order_operate.html?command=get_materiel&rest_code=00106&code=00101008301&supplier_code=00100007&order_time=2021-12-23 HTTP/1.1" 200 422
180.169.147.146 - - [23/Dec/2021:10:16:46 +0800] "GET /xingrg/all/function/internal_message.html?_=1640225804208&CODE_STATE=getMsg HTTP/1.1" 200 27
124.79.245.255 - - [23/Dec/2021:10:16:48 +0800] "GET /xingrg/all/function/internal_message.html?_=1640225934029&CODE_STATE=getMsg HTTP/1.1" 302 -
116.238.208.177 - - [23/Dec/2021:10:16:48 +0800] "GET /xingrg/all/function/internal_message.html?_=1640225817047&CODE_STATE=getMsg HTTP/1.1" 200 27
58.221.95.50 - - [23/Dec/2021:10:16:51 +0800] "GET /xingrg/check_reg.html?_=1640225811645 HTTP/1.1" 302 -
116.228.172.94 - - [23/Dec/2021:10:16:53 +0800] "GET /xingrg/all/function/internal_message.html?_=1640225811742&CODE_STATE=getMsg HTTP/1.1" 200 27
116.228.172.94 - - [23/Dec/2021:10:16:53 +0800] "GET /xingrg/check_reg.html?_=1640225812087 HTTP/1.1" 200 22
180.169.147.146 - - [23/Dec/2021:10:16:54 +0800] "POST /xingrg/kc/buy/cgsh_list_operate.html HTTP/1.1" 200 4
61.170.234.223 - - [23/Dec/2021:10:16:55 +0800] "GET /xingrg/kc/buy/cgsh_order_operate.html?command=get_materiel&rest_code=00106&code=00101008251&supplier_code=00100007&order_time=2021-12-23 HTTP/1.1" 200 408
180.175.103.30 - - [23/Dec/2021:10:16:56 +0800] "GET /xingrg/all/function/internal_message.html?_=1640225816201&CODE_STATE=getMsg HTTP/1.1" 200 27
114.85.125.222 - - [23/Dec/2021:10:16:56 +0800] "GET /xingrg/all/function/internal_message.html?_=1640225764624&CODE_STATE=getMsg HTTP/1.1" 200 27
222.70.176.97 - - [23/Dec/2021:10:16:58 +0800] "GET /xingrg/all/function/internal_message.html?_=1640225815377&CODE_STATE=getMsg HTTP/1.1" 200 27
116.227.210.113 - - [23/Dec/2021:10:16:58 +0800] "GET /xingrg/all/function/internal_message.html?_=1640225794500&CODE_STATE=getMsg HTTP/1.1" 200 27
61.170.234.223 - - [23/Dec/2021:10:17:03 +0800] "POST /xingrg/kc/buy/cgsh_order_operate.html HTTP/1.1" 200 2065
114.88.159.28 - - [23/Dec/2021:10:17:05 +0800] "GET /xingrg/all/function/internal_message.html?_=1640225636542&CODE_STATE=getMsg HTTP/1.1" 200 27
124.79.245.255 - - [23/Dec/2021:10:17:05 +0800] "GET /xingrg/all/function/internal_message.html?_=1640225849509&CODE_STATE=getMsg HTTP/1.1" 200 27
180.157.251.97 - - [23/Dec/2021:10:17:07 +0800] "POST /xingrg/services/DataTransmitService HTTP/1.1" 200 524
180.157.251.97 - - [23/Dec/2021:10:17:08 +0800] "POST /xingrg/services/DataTransmitService HTTP/1.1" 200 501
61.170.234.223 - - [23/Dec/2021:10:17:08 +0800] "GET /xingrg/kc/buy/cgsh_order_operate.html?command=get_materiel&rest_code=00106&code=00101008295&supplier_code=00100007&order_time=2021-12-23 HTTP/1.1" 200 412
116.238.248.233 - - [23/Dec/2021:10:17:09 +0800] "GET /xingrg/all/function/internal_message.html?_=1640225830257&CODE_STATE=getMsg HTTP/1.1" 200 27
180.157.251.97 - - [23/Dec/2021:10:17:09 +0800] "GET /xingrg/all/function/internal_message.html?_=1640225830062&CODE_STATE=getMsg HTTP/1.1" 200 27
180.169.147.146 - - [23/Dec/2021:10:17:10 +0800] "POST /xingrg/kc/buy/cgsh_list_operate.html HTTP/1.1" 200 4959
124.77.245.186 - - [23/Dec/2021:10:17:16 +0800] "GET /xingrg/all/function/internal_message.html?_=1640225850543&CODE_STATE=getMsg HTTP/1.1" 200 27
61.170.234.223 - - [23/Dec/2021:10:17:17 +0800] "GET /xingrg/kc/buy/cgsh_order_operate.html?command=get_materiel&rest_code=00106&code=00101008213&supplier_code=00100007&order_time=2021-12-23 HTTP/1.1" 200 412
180.169.147.146 - - [23/Dec/2021:10:17:24 +0800] "GET /xingrg/all/function/internal_message.html?_=1640225843935&CODE_STATE=getMsg HTTP/1.1" 200 27
61.170.234.223 - - [23/Dec/2021:10:17:25 +0800] "GET /xingrg/kc/buy/cgsh_order_operate.html?command=get_materiel&rest_code=00106&code=00101008242&supplier_code=00100007&order_time=2021-12-23 HTTP/1.1" 200 408
124.79.245.255 - - [23/Dec/2021:10:17:28 +0800] "GET /xingrg/all/function/internal_message.html?_=1640225973797&CODE_STATE=getMsg HTTP/1.1" 302 -
61.170.234.223 - - [23/Dec/2021:10:17:28 +0800] "GET /xingrg/all/function/internal_message.html?_=1640225846531&CODE_STATE=getMsg HTTP/1.1" 200 27
180.175.103.30 - - [23/Dec/2021:10:17:33 +0800] "GET /xingrg/kc/mdqp/pssh_order_list.html HTTP/1.1" 200 17781
120.253.135.82 - - [23/Dec/2021:10:17:33 +0800] "GET /xingrg/all/function/internal_message.html?_=1640225635185&CODE_STATE=getMsg HTTP/1.1" 200 27
180.175.103.30 - - [23/Dec/2021:10:17:33 +0800] "POST /xingrg/kc/mdqp/pssh_list_operate.html HTTP/1.1" 200 5214
61.170.234.223 - - [23/Dec/2021:10:17:33 +0800] "GET /xingrg/kc/buy/cgsh_order_operate.html?command=get_materiel&rest_code=00106&code=00101008283&supplier_code=00100007&order_time=2021-12-23 HTTP/1.1" 200 408
180.175.103.30 - - [23/Dec/2021:10:17:38 +0800] "POST /xingrg/kc/mdqp/pssh_list_operate.html HTTP/1.1" 200 259
180.175.103.30 - - [23/Dec/2021:10:17:41 +0800] "POST /xingrg/kc/mdqp/pssh_list_operate.html HTTP/1.1" 200 260
172.20.0.100 - - [23/Dec/2021:10:17:42 +0800] "GET /xingrg/all/function/internal_message.html?_=1640225861538&CODE_STATE=getMsg HTTP/1.1" 200 27
116.232.52.211 - - [23/Dec/2021:10:17:42 +0800] "GET /xingrg/all/function/internal_message.html?_=1640225862491&CODE_STATE=getMsg HTTP/1.1" 200 27
61.170.234.223 - - [23/Dec/2021:10:17:42 +0800] "GET /xingrg/kc/buy/cgsh_order_operate.html?command=get_materiel&rest_code=00106&code=00101011001&supplier_code=00100007&order_time=2021-12-23 HTTP/1.1" 200 423
61.170.234.223 - - [23/Dec/2021:10:17:44 +0800] "POST /xingrg/kc/buy/cgsh_order_operate.html HTTP/1.1" 200 2065
180.169.147.146 - - [23/Dec/2021:10:17:46 +0800] "GET /xingrg/all/function/internal_message.html?_=1640225864192&CODE_STATE=getMsg HTTP/1.1" 200 27
180.169.147.146 - - [23/Dec/2021:10:17:46 +0800] "POST /xingrg/kc/buy/cgsh_list_operate.html HTTP/1.1" 200 4
124.79.245.255 - - [23/Dec/2021:10:17:48 +0800] "GET /xingrg/all/function/internal_message.html?_=1640225994054&CODE_STATE=getMsg HTTP/1.1" 302 -
116.238.208.177 - - [23/Dec/2021:10:17:48 +0800] "GET /xingrg/all/function/internal_message.html?_=1640225877319&CODE_STATE=getMsg HTTP/1.1" 200 27
116.228.172.94 - - [23/Dec/2021:10:17:53 +0800] "GET /xingrg/all/function/internal_message.html?_=1640225871721&CODE_STATE=getMsg HTTP/1.1" 200 27
180.175.103.30 - - [23/Dec/2021:10:17:56 +0800] "GET /xingrg/check_reg.html?_=1640225876175 HTTP/1.1" 200 22
180.175.103.30 - - [23/Dec/2021:10:17:56 +0800] "GET /xingrg/all/function/internal_message.html?_=1640225876178&CODE_STATE=getMsg HTTP/1.1" 200 27
61.170.234.223 - - [23/Dec/2021:10:17:56 +0800] "GET /xingrg/kc/buy/cgsh_order_operate.html?command=get_materiel&rest_code=00106&code=00101013021&supplier_code=00100007&order_time=2021-12-23 HTTP/1.1" 200 412
114.85.125.222 - - [23/Dec/2021:10:17:56 +0800] "GET /xingrg/all/function/internal_message.html?_=1640225824646&CODE_STATE=getMsg HTTP/1.1" 200 27
222.70.176.97 - - [23/Dec/2021:10:17:58 +0800] "GET /xingrg/all/function/internal_message.html?_=1640225875361&CODE_STATE=getMsg HTTP/1.1" 200 27
116.227.210.113 - - [23/Dec/2021:10:17:58 +0800] "GET /xingrg/all/function/internal_message.html?_=1640225854483&CODE_STATE=getMsg HTTP/1.1" 200 27
114.88.159.28 - - [23/Dec/2021:10:18:05 +0800] "GET /xingrg/all/function/internal_message.html?_=1640225696513&CODE_STATE=getMsg HTTP/1.1" 200 27
124.79.245.255 - - [23/Dec/2021:10:18:05 +0800] "GET /xingrg/all/function/internal_message.html?_=1640225909516&CODE_STATE=getMsg HTTP/1.1" 200 27
61.170.234.223 - - [23/Dec/2021:10:18:06 +0800] "GET /xingrg/kc/buy/cgsh_order_operate.html?command=get_materiel&rest_code=00106&code=00101008072&supplier_code=00100007&order_time=2021-12-23 HTTP/1.1" 200 408
116.238.248.233 - - [23/Dec/2021:10:18:09 +0800] "GET /xingrg/all/function/internal_message.html?_=1640225890290&CODE_STATE=getMsg HTTP/1.1" 200 27
180.157.251.97 - - [23/Dec/2021:10:18:09 +0800] "GET /xingrg/all/function/internal_message.html?_=1640225890076&CODE_STATE=getMsg HTTP/1.1" 200 27
180.175.103.30 - - [23/Dec/2021:10:18:13 +0800] "POST /xingrg/kc/mdqp/pssh_list_operate.html HTTP/1.1" 200 761
180.175.103.30 - - [23/Dec/2021:10:18:13 +0800] "GET /xingrg/javascript/jquery_tools/jquery-1.4.2.min.js HTTP/1.1" 404 1094
180.175.103.30 - - [23/Dec/2021:10:18:13 +0800] "GET /xingrg/kc/mdqp/pssh_order_info.html?code=312021122100519 HTTP/1.1" 200 17297
180.175.103.30 - - [23/Dec/2021:10:18:14 +0800] "GET /xingrg/javascript/easyui/themes/icons/back_new.png HTTP/1.1" 304 -
180.175.103.30 - - [23/Dec/2021:10:18:14 +0800] "POST /xingrg/kc/mdqp/pssh_order_operate.html HTTP/1.1" 200 7302
180.175.103.30 - - [23/Dec/2021:10:18:14 +0800] "GET /xingrg/all/common/auto_word.html?type=base&rest_code=00105&rest_code=00105 HTTP/1.1" 200 1857
180.175.103.30 - - [23/Dec/2021:10:18:14 +0800] "GET /xingrg/javascript/easyui/themes/default/validatebox.css HTTP/1.1" 404 1104
180.175.103.30 - - [23/Dec/2021:10:18:16 +0800] "POST /xingrg/all/common/load_combo.html?type=employee HTTP/1.1" 200 356
180.175.103.30 - - [23/Dec/2021:10:18:16 +0800] "GET /xingrg/css/images/panel_loading.gif HTTP/1.1" 304 -
124.77.245.186 - - [23/Dec/2021:10:18:16 +0800] "GET /xingrg/all/function/internal_message.html?_=1640225910549&CODE_STATE=getMsg HTTP/1.1" 200 27
61.170.234.223 - - [23/Dec/2021:10:18:17 +0800] "GET /xingrg/kc/buy/cgsh_order_operate.html?command=get_materiel&rest_code=00106&code=00101008244&supplier_code=00100007&order_time=2021-12-23 HTTP/1.1" 200 410
180.175.103.30 - - [23/Dec/2021:10:18:18 +0800] "GET /xingrg/javascript/jquery_tools/images/prev.gif HTTP/1.1" 404 1086
180.175.103.30 - - [23/Dec/2021:10:18:18 +0800] "GET /xingrg/javascript/jquery_tools/images/next.gif HTTP/1.1" 404 1086
180.169.147.146 - - [23/Dec/2021:10:18:23 +0800] "POST /xingrg/kc/buy/cgsh_list_operate.html HTTP/1.1" 200 876
180.169.147.146 - - [23/Dec/2021:10:18:24 +0800] "GET /xingrg/all/function/internal_message.html?_=1640225903945&CODE_STATE=getMsg HTTP/1.1" 200 27
180.175.103.30 - - [23/Dec/2021:10:18:26 +0800] "POST /xingrg/kc/mdqp/pssh_order_operate.html HTTP/1.1" 200 37
180.175.103.30 - - [23/Dec/2021:10:18:27 +0800] "POST /xingrg/kc/mdqp/pssh_order_operate.html HTTP/1.1" 200 7302
124.79.245.255 - - [23/Dec/2021:10:18:28 +0800] "GET /xingrg/all/function/internal_message.html?_=1640226033796&CODE_STATE=getMsg HTTP/1.1" 302 -
61.170.234.223 - - [23/Dec/2021:10:18:28 +0800] "GET /xingrg/all/function/internal_message.html?_=1640225906548&CODE_STATE=getMsg HTTP/1.1" 200 27
61.170.234.223 - - [23/Dec/2021:10:18:28 +0800] "GET /xingrg/check_reg.html?_=1640225906549 HTTP/1.1" 200 22
180.175.103.30 - - [23/Dec/2021:10:18:30 +0800] "POST /xingrg/kc/mdqp/pssh_order_operate.html HTTP/1.1" 200 37
180.175.103.30 - - [23/Dec/2021:10:18:30 +0800] "POST /xingrg/kc/mdqp/pssh_order_operate.html HTTP/1.1" 200 12
180.175.103.30 - - [23/Dec/2021:10:18:31 +0800] "GET /xingrg/kc/mdqp/pssh_order_info.html?code=312021122100519 HTTP/1.1" 200 14386
180.175.103.30 - - [23/Dec/2021:10:18:31 +0800] "GET /xingrg/javascript/jquery_tools/jquery-1.4.2.min.js HTTP/1.1" 404 1094
180.175.103.30 - - [23/Dec/2021:10:18:31 +0800] "GET /xingrg/javascript/easyui/themes/icons/uncheck_new.png HTTP/1.1" 304 -
180.175.103.30 - - [23/Dec/2021:10:18:31 +0800] "POST /xingrg/kc/mdqp/pssh_order_operate.html HTTP/1.1" 200 7302
180.175.103.30 - - [23/Dec/2021:10:18:31 +0800] "GET /xingrg/javascript/easyui/themes/default/validatebox.css HTTP/1.1" 404 1104
180.175.103.30 - - [23/Dec/2021:10:18:33 +0800] "GET /xingrg/kc/print/load_config.html?kc_code=pssh HTTP/1.1" 200 2291
180.175.103.30 - - [23/Dec/2021:10:18:33 +0800] "GET /xingrg/kc/print/load_data.html?order_code=312021122100519&kc_code=pssh&condition= HTTP/1.1" 200 2914
61.170.234.223 - - [23/Dec/2021:10:18:33 +0800] "GET /xingrg/kc/buy/cgsh_order_operate.html?command=get_materiel&rest_code=00106&code=00101008059&supplier_code=00100007&order_time=2021-12-23 HTTP/1.1" 200 408
120.253.135.82 - - [23/Dec/2021:10:18:34 +0800] "GET /xingrg/all/function/internal_message.html?_=1640225695406&CODE_STATE=getMsg HTTP/1.1" 200 27
61.170.234.223 - - [23/Dec/2021:10:18:35 +0800] "POST /xingrg/kc/buy/cgsh_order_operate.html HTTP/1.1" 200 2065
