120.253.135.82 - - [23/Dec/2021:06:28:58 +0800] "GET /xingrg/kc/pszx/mdqp_order_list.html?state=10 HTTP/1.1" 200 15894
120.253.135.82 - - [23/Dec/2021:06:28:58 +0800] "GET /xingrg/dwr/interface/AjaxReportQueryService.js HTTP/1.1" 200 13203
120.253.135.82 - - [23/Dec/2021:06:28:58 +0800] "GET /xingrg/dwr/interface/AjaxQqpsService.js HTTP/1.1" 200 16326
120.253.135.82 - - [23/Dec/2021:06:28:58 +0800] "GET /xingrg/dwr/engine.js HTTP/1.1" 200 43631
124.77.245.186 - - [23/Dec/2021:06:29:00 +0800] "GET /xingrg/all/function/internal_message.html?_=1640212153682&CODE_STATE=getMsg HTTP/1.1" 302 -
120.253.135.82 - - [23/Dec/2021:06:29:10 +0800] "GET /xingrg/kc/pszx/jzcl_ps.html HTTP/1.1" 200 7683
120.253.135.82 - - [23/Dec/2021:06:29:10 +0800] "POST /xingrg/all/common/load_tree.html?tree=area_rest_tree_json HTTP/1.1" 200 3472
120.253.135.82 - - [23/Dec/2021:06:29:11 +0800] "POST /xingrg/kc/pszx/jzcl_ps_operate.html HTTP/1.1" 200 6074
120.253.135.82 - - [23/Dec/2021:06:29:11 +0800] "POST /xingrg/kc/pszx/jzcl_ps_operate.html HTTP/1.1" 200 6074
120.253.135.82 - - [23/Dec/2021:06:29:16 +0800] "POST /xingrg/kc/pszx/jzcl_ps_operate.html HTTP/1.1" 200 4
120.253.135.82 - - [23/Dec/2021:06:29:17 +0800] "GET /xingrg/kc/pszx/mdps_order_list.html HTTP/1.1" 200 20925
120.253.135.82 - - [23/Dec/2021:06:29:17 +0800] "POST /xingrg/kc/pszx/jzcl_ps_operate.html HTTP/1.1" 200 5671
120.253.135.82 - - [23/Dec/2021:06:29:17 +0800] "POST /xingrg/kc/pszx/mdps_list_operate.html HTTP/1.1" 200 5432
120.253.135.82 - - [23/Dec/2021:06:29:19 +0800] "POST /xingrg/kc/pszx/mdps_list_operate.html HTTP/1.1" 200 5432
114.85.125.222 - - [23/Dec/2021:06:29:19 +0800] "GET /xingrg/all/function/internal_message.html?_=1640212107162&CODE_STATE=getMsg HTTP/1.1" 200 27
120.253.135.82 - - [23/Dec/2021:06:29:19 +0800] "GET /xingrg/all/function/internal_message.html?_=1640211940519&CODE_STATE=getMsg HTTP/1.1" 200 27
120.253.135.82 - - [23/Dec/2021:06:29:20 +0800] "GET /xingrg/kc/pszx/jzcl_ps.html HTTP/1.1" 200 7683
120.253.135.82 - - [23/Dec/2021:06:29:20 +0800] "POST /xingrg/all/common/load_tree.html?tree=area_rest_tree_json HTTP/1.1" 200 3472
120.253.135.82 - - [23/Dec/2021:06:29:20 +0800] "POST /xingrg/kc/pszx/jzcl_ps_operate.html HTTP/1.1" 200 5671
120.253.135.82 - - [23/Dec/2021:06:29:20 +0800] "POST /xingrg/kc/pszx/jzcl_ps_operate.html HTTP/1.1" 200 5671
120.253.135.82 - - [23/Dec/2021:06:29:26 +0800] "POST /xingrg/kc/pszx/jzcl_ps_operate.html HTTP/1.1" 200 4
124.79.245.255 - - [23/Dec/2021:06:29:27 +0800] "GET /xingrg/all/function/internal_message.html?_=1640212293453&CODE_STATE=getMsg HTTP/1.1" 302 -
124.79.245.255 - - [23/Dec/2021:06:29:27 +0800] "GET /xingrg/check_reg.html?_=1640212293454 HTTP/1.1" 302 -
120.253.135.82 - - [23/Dec/2021:06:29:27 +0800] "GET /xingrg/kc/pszx/mdps_order_list.html HTTP/1.1" 200 20925
120.253.135.82 - - [23/Dec/2021:06:29:27 +0800] "POST /xingrg/kc/pszx/jzcl_ps_operate.html HTTP/1.1" 200 5291
120.253.135.82 - - [23/Dec/2021:06:29:28 +0800] "POST /xingrg/kc/pszx/mdps_list_operate.html HTTP/1.1" 200 5421
180.169.147.146 - - [23/Dec/2021:06:29:36 +0800] "GET /xingrg/all/function/internal_message.html?_=1640212175725&CODE_STATE=getMsg HTTP/1.1" 200 27
172.20.0.100 - - [23/Dec/2021:06:29:42 +0800] "GET /xingrg/all/function/internal_message.html?_=1640212181527&CODE_STATE=getMsg HTTP/1.1" 200 27
124.79.245.255 - - [23/Dec/2021:06:29:47 +0800] "GET /xingrg/all/function/internal_message.html?_=1640212313700&CODE_STATE=getMsg HTTP/1.1" 302 -
120.253.135.82 - - [23/Dec/2021:06:29:56 +0800] "POST /xingrg/kc/pszx/mdps_list_operate.html HTTP/1.1" 200 5044
124.77.245.186 - - [23/Dec/2021:06:30:00 +0800] "GET /xingrg/all/function/internal_message.html?_=1640212213691&CODE_STATE=getMsg HTTP/1.1" 302 -
120.253.135.82 - - [23/Dec/2021:06:30:01 +0800] "POST /xingrg/kc/pszx/mdps_list_operate.html HTTP/1.1" 200 290
120.253.135.82 - - [23/Dec/2021:06:30:03 +0800] "POST /xingrg/kc/pszx/mdps_list_operate.html HTTP/1.1" 200 360
120.253.135.82 - - [23/Dec/2021:06:30:05 +0800] "GET /xingrg/kc/pszx/mdps_order_info.html?code=312021122300601 HTTP/1.1" 200 23931
120.253.135.82 - - [23/Dec/2021:06:30:06 +0800] "GET /xingrg/javascript/easyui/themes/default/validatebox.css HTTP/1.1" 404 1104
120.253.135.82 - - [23/Dec/2021:06:30:06 +0800] "POST /xingrg/kc/pszx/mdps_order_operate.html HTTP/1.1" 200 2788
116.227.210.113 - - [23/Dec/2021:06:30:17 +0800] "POST /xingrg/services/DataTransmitService HTTP/1.1" 200 524
114.85.125.222 - - [23/Dec/2021:06:30:19 +0800] "GET /xingrg/all/function/internal_message.html?_=1640212167171&CODE_STATE=getMsg HTTP/1.1" 200 27
120.253.135.82 - - [23/Dec/2021:06:30:19 +0800] "GET /xingrg/all/function/internal_message.html?_=1640212000571&CODE_STATE=getMsg HTTP/1.1" 200 27
120.253.135.82 - - [23/Dec/2021:06:30:23 +0800] "GET /xingrg/kc/pszx/mdps_order_operate.html?command=get_materiel&pszx_code=00101&rest_code=00149&base_code=0010246&code=00101013067 HTTP/1.1" 200 424
124.79.245.255 - - [23/Dec/2021:06:30:27 +0800] "GET /xingrg/all/function/internal_message.html?_=1640212353453&CODE_STATE=getMsg HTTP/1.1" 302 -
120.253.135.82 - - [23/Dec/2021:06:30:33 +0800] "POST /xingrg/kc/pszx/mdps_order_operate.html HTTP/1.1" 200 37
120.253.135.82 - - [23/Dec/2021:06:30:34 +0800] "GET /xingrg/kc/pszx/mdps_order_info.html?code=312021122300601 HTTP/1.1" 200 23931
120.253.135.82 - - [23/Dec/2021:06:30:35 +0800] "GET /xingrg/javascript/easyui/themes/default/validatebox.css HTTP/1.1" 404 1104
120.253.135.82 - - [23/Dec/2021:06:30:35 +0800] "POST /xingrg/kc/pszx/mdps_order_operate.html HTTP/1.1" 200 2792
180.169.147.146 - - [23/Dec/2021:06:30:36 +0800] "GET /xingrg/check_reg.html?_=1640212235726 HTTP/1.1" 200 22
180.169.147.146 - - [23/Dec/2021:06:30:36 +0800] "GET /xingrg/all/function/internal_message.html?_=1640212235727&CODE_STATE=getMsg HTTP/1.1" 200 27
172.20.0.100 - - [23/Dec/2021:06:30:42 +0800] "GET /xingrg/all/function/internal_message.html?_=1640212241532&CODE_STATE=getMsg HTTP/1.1" 200 27
172.20.0.100 - - [23/Dec/2021:06:30:42 +0800] "GET /xingrg/check_reg.html?_=1640212241536 HTTP/1.1" 200 22
124.79.245.255 - - [23/Dec/2021:06:30:47 +0800] "GET /xingrg/all/function/internal_message.html?_=1640212373698&CODE_STATE=getMsg HTTP/1.1" 302 -
124.79.245.255 - - [23/Dec/2021:06:30:47 +0800] "GET /xingrg/check_reg.html?_=1640212373699 HTTP/1.1" 302 -
124.77.245.186 - - [23/Dec/2021:06:30:55 +0800] "GET /xingrg/check_reg.html?_=1640212268170 HTTP/1.1" 302 -
124.77.245.186 - - [23/Dec/2021:06:31:00 +0800] "GET /xingrg/all/function/internal_message.html?_=1640212273706&CODE_STATE=getMsg HTTP/1.1" 302 -
114.85.125.222 - - [23/Dec/2021:06:31:19 +0800] "GET /xingrg/all/function/internal_message.html?_=1640212227246&CODE_STATE=getMsg HTTP/1.1" 200 27
120.253.135.82 - - [23/Dec/2021:06:31:19 +0800] "GET /xingrg/all/function/internal_message.html?_=1640212060588&CODE_STATE=getMsg HTTP/1.1" 200 27
124.79.245.255 - - [23/Dec/2021:06:31:27 +0800] "GET /xingrg/all/function/internal_message.html?_=1640212413452&CODE_STATE=getMsg HTTP/1.1" 302 -
180.169.147.146 - - [23/Dec/2021:06:31:36 +0800] "GET /xingrg/all/function/internal_message.html?_=1640212295723&CODE_STATE=getMsg HTTP/1.1" 200 27
172.20.0.100 - - [23/Dec/2021:06:31:42 +0800] "GET /xingrg/all/function/internal_message.html?_=1640212301539&CODE_STATE=getMsg HTTP/1.1" 200 27
124.79.245.255 - - [23/Dec/2021:06:31:47 +0800] "GET /xingrg/all/function/internal_message.html?_=1640212433696&CODE_STATE=getMsg HTTP/1.1" 302 -
114.85.125.222 - - [23/Dec/2021:06:31:48 +0800] "GET /xingrg/check_reg.html?_=1640212256317 HTTP/1.1" 200 22
124.77.245.186 - - [23/Dec/2021:06:32:00 +0800] "GET /xingrg/all/function/internal_message.html?_=1640212333871&CODE_STATE=getMsg HTTP/1.1" 302 -
120.253.135.82 - - [23/Dec/2021:06:32:18 +0800] "GET /xingrg/check_reg.html?_=1640212119977 HTTP/1.1" 200 22
114.85.125.222 - - [23/Dec/2021:06:32:19 +0800] "GET /xingrg/all/function/internal_message.html?_=1640212287261&CODE_STATE=getMsg HTTP/1.1" 200 27
120.253.135.82 - - [23/Dec/2021:06:32:19 +0800] "GET /xingrg/all/function/internal_message.html?_=1640212120601&CODE_STATE=getMsg HTTP/1.1" 200 27
124.79.245.255 - - [23/Dec/2021:06:32:27 +0800] "GET /xingrg/all/function/internal_message.html?_=1640212473451&CODE_STATE=getMsg HTTP/1.1" 302 -
180.169.147.146 - - [23/Dec/2021:06:32:36 +0800] "GET /xingrg/all/function/internal_message.html?_=1640212355722&CODE_STATE=getMsg HTTP/1.1" 200 27
120.253.135.82 - - [23/Dec/2021:06:32:38 +0800] "POST /xingrg/kc/pszx/mdps_order_operate.html HTTP/1.1" 200 37
120.253.135.82 - - [23/Dec/2021:06:32:39 +0800] "GET /xingrg/kc/pszx/mdps_order_info.html?code=312021122300601 HTTP/1.1" 200 23931
120.253.135.82 - - [23/Dec/2021:06:32:40 +0800] "POST /xingrg/kc/pszx/mdps_order_operate.html HTTP/1.1" 200 2792
120.253.135.82 - - [23/Dec/2021:06:32:40 +0800] "GET /xingrg/javascript/easyui/themes/default/validatebox.css HTTP/1.1" 404 1104
172.20.0.100 - - [23/Dec/2021:06:32:42 +0800] "GET /xingrg/all/function/internal_message.html?_=1640212361526&CODE_STATE=getMsg HTTP/1.1" 200 27
120.253.135.82 - - [23/Dec/2021:06:32:45 +0800] "GET /xingrg/kc/pszx/mdps_order_info.html?code=312021122300601 HTTP/1.1" 200 23931
120.253.135.82 - - [23/Dec/2021:06:32:45 +0800] "POST /xingrg/kc/pszx/mdps_order_operate.html HTTP/1.1" 200 2792
120.253.135.82 - - [23/Dec/2021:06:32:45 +0800] "GET /xingrg/javascript/easyui/themes/default/validatebox.css HTTP/1.1" 404 1104
124.79.245.255 - - [23/Dec/2021:06:32:47 +0800] "GET /xingrg/all/function/internal_message.html?_=1640212493694&CODE_STATE=getMsg HTTP/1.1" 302 -
120.253.135.82 - - [23/Dec/2021:06:32:51 +0800] "GET /xingrg/kc/print/load_data.html?order_code=312021122300601&kc_code=mdps&condition= HTTP/1.1" 200 925
124.77.245.186 - - [23/Dec/2021:06:33:00 +0800] "GET /xingrg/all/function/internal_message.html?_=1640212393873&CODE_STATE=getMsg HTTP/1.1" 302 -
120.253.135.82 - - [23/Dec/2021:06:33:07 +0800] "POST /xingrg/kc/pszx/mdps_list_operate.html HTTP/1.1" 200 5044
114.85.125.222 - - [23/Dec/2021:06:33:19 +0800] "GET /xingrg/all/function/internal_message.html?_=1640212347274&CODE_STATE=getMsg HTTP/1.1" 200 27
120.253.135.82 - - [23/Dec/2021:06:33:19 +0800] "GET /xingrg/all/function/internal_message.html?_=1640212180661&CODE_STATE=getMsg HTTP/1.1" 200 27
124.79.245.255 - - [23/Dec/2021:06:33:27 +0800] "GET /xingrg/all/function/internal_message.html?_=1640212533449&CODE_STATE=getMsg HTTP/1.1" 302 -
180.169.147.146 - - [23/Dec/2021:06:33:36 +0800] "GET /xingrg/all/function/internal_message.html?_=1640212415707&CODE_STATE=getMsg HTTP/1.1" 200 27
172.20.0.100 - - [23/Dec/2021:06:33:42 +0800] "GET /xingrg/all/function/internal_message.html?_=1640212421529&CODE_STATE=getMsg HTTP/1.1" 200 27
124.79.245.255 - - [23/Dec/2021:06:33:47 +0800] "GET /xingrg/all/function/internal_message.html?_=1640212553692&CODE_STATE=getMsg HTTP/1.1" 302 -
124.77.245.186 - - [23/Dec/2021:06:34:01 +0800] "GET /xingrg/all/function/internal_message.html?_=1640212454058&CODE_STATE=getMsg HTTP/1.1" 302 -
114.85.125.222 - - [23/Dec/2021:06:34:19 +0800] "GET /xingrg/all/function/internal_message.html?_=1640212407351&CODE_STATE=getMsg HTTP/1.1" 200 27
120.253.135.82 - - [23/Dec/2021:06:34:19 +0800] "GET /xingrg/all/function/internal_message.html?_=1640212240701&CODE_STATE=getMsg HTTP/1.1" 200 27
124.79.245.255 - - [23/Dec/2021:06:34:27 +0800] "GET /xingrg/all/function/internal_message.html?_=1640212593462&CODE_STATE=getMsg HTTP/1.1" 302 -
124.79.245.255 - - [23/Dec/2021:06:34:27 +0800] "GET /xingrg/check_reg.html?_=1640212593463 HTTP/1.1" 302 -
180.169.147.146 - - [23/Dec/2021:06:34:36 +0800] "GET /xingrg/all/function/internal_message.html?_=1640212475722&CODE_STATE=getMsg HTTP/1.1" 200 27
172.20.0.100 - - [23/Dec/2021:06:34:42 +0800] "GET /xingrg/all/function/internal_message.html?_=1640212481535&CODE_STATE=getMsg HTTP/1.1" 200 27
124.79.245.255 - - [23/Dec/2021:06:34:47 +0800] "GET /xingrg/all/function/internal_message.html?_=1640212613706&CODE_STATE=getMsg HTTP/1.1" 302 -
120.253.135.82 - - [23/Dec/2021:06:34:49 +0800] "GET /xingrg/kc/pszx/mdqp_order_list.html?state=10 HTTP/1.1" 200 15086
120.253.135.82 - - [23/Dec/2021:06:34:49 +0800] "GET /xingrg/dwr/interface/AjaxReportQueryService.js HTTP/1.1" 200 13203
120.253.135.82 - - [23/Dec/2021:06:34:49 +0800] "GET /xingrg/dwr/interface/AjaxQqpsService.js HTTP/1.1" 200 16326
120.253.135.82 - - [23/Dec/2021:06:34:49 +0800] "GET /xingrg/dwr/engine.js HTTP/1.1" 200 43631
120.253.135.82 - - [23/Dec/2021:06:34:56 +0800] "GET /xingrg/kc/pszx/mdps_order_list.html?orderType=0 HTTP/1.1" 200 20925
120.253.135.82 - - [23/Dec/2021:06:34:56 +0800] "POST /xingrg/kc/pszx/mdps_list_operate.html HTTP/1.1" 200 5421
124.77.245.186 - - [23/Dec/2021:06:35:01 +0800] "GET /xingrg/all/function/internal_message.html?_=1640212514071&CODE_STATE=getMsg HTTP/1.1" 302 -
114.83.216.190 - - [23/Dec/2021:06:35:01 +0800] "POST /xingrg/services/DataTransmitService HTTP/1.1" 200 524
120.253.135.82 - - [23/Dec/2021:06:35:06 +0800] "POST /xingrg/kc/pszx/mdps_list_operate.html HTTP/1.1" 200 2431
120.253.135.82 - - [23/Dec/2021:06:35:08 +0800] "POST /xingrg/kc/pszx/mdps_list_operate.html HTTP/1.1" 200 201
120.253.135.82 - - [23/Dec/2021:06:35:10 +0800] "POST /xingrg/kc/pszx/mdps_list_operate.html HTTP/1.1" 200 204
120.253.135.82 - - [23/Dec/2021:06:35:11 +0800] "POST /xingrg/kc/pszx/mdps_list_operate.html HTTP/1.1" 200 384
120.253.135.82 - - [23/Dec/2021:06:35:15 +0800] "GET /xingrg/kc/pszx/mdps_order_info.html?code=312021122300602 HTTP/1.1" 200 23931
120.253.135.82 - - [23/Dec/2021:06:35:15 +0800] "GET /xingrg/javascript/easyui/themes/default/validatebox.css HTTP/1.1" 404 1104
120.253.135.82 - - [23/Dec/2021:06:35:16 +0800] "POST /xingrg/kc/pszx/mdps_order_operate.html HTTP/1.1" 200 2268
114.85.125.222 - - [23/Dec/2021:06:35:19 +0800] "GET /xingrg/all/function/internal_message.html?_=1640212467363&CODE_STATE=getMsg HTTP/1.1" 200 27
120.253.135.82 - - [23/Dec/2021:06:35:19 +0800] "GET /xingrg/all/function/internal_message.html?_=1640212300704&CODE_STATE=getMsg HTTP/1.1" 200 27
120.253.135.82 - - [23/Dec/2021:06:35:22 +0800] "GET /xingrg/kc/pszx/mdqp_order_list.html?state=10 HTTP/1.1" 200 15086
120.253.135.82 - - [23/Dec/2021:06:35:22 +0800] "GET /xingrg/dwr/interface/AjaxQqpsService.js HTTP/1.1" 200 16326
120.253.135.82 - - [23/Dec/2021:06:35:22 +0800] "GET /xingrg/dwr/interface/AjaxReportQueryService.js HTTP/1.1" 200 13203
120.253.135.82 - - [23/Dec/2021:06:35:22 +0800] "GET /xingrg/dwr/engine.js HTTP/1.1" 200 43631
124.79.245.255 - - [23/Dec/2021:06:35:27 +0800] "GET /xingrg/all/function/internal_message.html?_=1640212653461&CODE_STATE=getMsg HTTP/1.1" 302 -
120.253.135.82 - - [23/Dec/2021:06:35:31 +0800] "GET /xingrg/kc/pszx/mdps_order_list.html?orderType=0 HTTP/1.1" 200 20925
120.253.135.82 - - [23/Dec/2021:06:35:31 +0800] "POST /xingrg/kc/pszx/mdps_list_operate.html HTTP/1.1" 200 5421
180.169.147.146 - - [23/Dec/2021:06:35:36 +0800] "GET /xingrg/all/function/internal_message.html?_=1640212535722&CODE_STATE=getMsg HTTP/1.1" 200 27
180.169.147.146 - - [23/Dec/2021:06:35:36 +0800] "GET /xingrg/check_reg.html?_=1640212535724 HTTP/1.1" 200 22
172.20.0.100 - - [23/Dec/2021:06:35:42 +0800] "GET /xingrg/all/function/internal_message.html?_=1640212541537&CODE_STATE=getMsg HTTP/1.1" 200 27
172.20.0.100 - - [23/Dec/2021:06:35:42 +0800] "GET /xingrg/check_reg.html?_=1640212541539 HTTP/1.1" 200 22
120.253.135.82 - - [23/Dec/2021:06:35:42 +0800] "POST /xingrg/kc/pszx/mdps_list_operate.html HTTP/1.1" 200 2061
120.253.135.82 - - [23/Dec/2021:06:35:43 +0800] "POST /xingrg/kc/pszx/mdps_list_operate.html HTTP/1.1" 200 205
120.253.135.82 - - [23/Dec/2021:06:35:45 +0800] "POST /xingrg/kc/pszx/mdps_list_operate.html HTTP/1.1" 200 222
120.253.135.82 - - [23/Dec/2021:06:35:47 +0800] "GET /xingrg/kc/pszx/mdps_order_info.html?code=312021122300600 HTTP/1.1" 200 23931
120.253.135.82 - - [23/Dec/2021:06:35:47 +0800] "GET /xingrg/javascript/easyui/themes/default/validatebox.css HTTP/1.1" 404 1104
124.79.245.255 - - [23/Dec/2021:06:35:47 +0800] "GET /xingrg/all/function/internal_message.html?_=1640212673706&CODE_STATE=getMsg HTTP/1.1" 302 -
124.79.245.255 - - [23/Dec/2021:06:35:47 +0800] "GET /xingrg/check_reg.html?_=1640212673704 HTTP/1.1" 302 -
120.253.135.82 - - [23/Dec/2021:06:35:47 +0800] "POST /xingrg/kc/pszx/mdps_order_operate.html HTTP/1.1" 200 2277
120.253.135.82 - - [23/Dec/2021:06:35:54 +0800] "POST /xingrg/kc/pszx/mdps_order_operate.html HTTP/1.1" 200 37
120.253.135.82 - - [23/Dec/2021:06:35:54 +0800] "GET /xingrg/kc/pszx/mdps_order_info.html?code=312021122300600 HTTP/1.1" 200 23931
124.77.245.186 - - [23/Dec/2021:06:35:55 +0800] "GET /xingrg/check_reg.html?_=1640212568335 HTTP/1.1" 302 -
124.77.245.186 - - [23/Dec/2021:06:35:55 +0800] "GET /xingrg/login.html HTTP/1.1" 200 7641
120.253.135.82 - - [23/Dec/2021:06:35:55 +0800] "GET /xingrg/javascript/easyui/themes/default/validatebox.css HTTP/1.1" 404 1104
120.253.135.82 - - [23/Dec/2021:06:35:55 +0800] "POST /xingrg/kc/pszx/mdps_order_operate.html HTTP/1.1" 200 2284
120.253.135.82 - - [23/Dec/2021:06:35:58 +0800] "GET /xingrg/kc/pszx/mdqp_order_list.html?state=10 HTTP/1.1" 200 15086
120.253.135.82 - - [23/Dec/2021:06:35:58 +0800] "GET /xingrg/dwr/interface/AjaxQqpsService.js HTTP/1.1" 200 16326
120.253.135.82 - - [23/Dec/2021:06:35:58 +0800] "GET /xingrg/dwr/interface/AjaxReportQueryService.js HTTP/1.1" 200 13203
120.253.135.82 - - [23/Dec/2021:06:35:58 +0800] "GET /xingrg/dwr/engine.js HTTP/1.1" 200 43631
124.77.245.186 - - [23/Dec/2021:06:36:01 +0800] "GET /xingrg/all/function/internal_message.html?_=1640212574084&CODE_STATE=getMsg HTTP/1.1" 302 -
120.253.135.82 - - [23/Dec/2021:06:36:01 +0800] "GET /xingrg/kc/pszx/mdqp_order_info.html?code=302021122200448 HTTP/1.1" 200 13350
120.253.135.82 - - [23/Dec/2021:06:36:01 +0800] "GET /xingrg/dwr/interface/AjaxQqpsService.js HTTP/1.1" 200 16326
120.253.135.82 - - [23/Dec/2021:06:36:01 +0800] "GET /xingrg/dwr/engine.js HTTP/1.1" 200 43631
120.253.135.82 - - [23/Dec/2021:06:36:01 +0800] "GET /xingrg/dwr/interface/AjaxComOrderService.js HTTP/1.1" 200 18264
120.253.135.82 - - [23/Dec/2021:06:36:02 +0800] "POST /xingrg/dwr/call/plaincall/AjaxQqpsService.loadMaterielItems.dwr HTTP/1.1" 200 8087
120.253.135.82 - - [23/Dec/2021:06:36:03 +0800] "GET /xingrg/images/yd/bt.gif HTTP/1.1" 404 1040
120.253.135.82 - - [23/Dec/2021:06:36:03 +0800] "GET /xingrg/images/yd/bt2.gif HTTP/1.1" 404 1042
120.253.135.82 - - [23/Dec/2021:06:36:13 +0800] "GET /xingrg/kc/pszx/mdqp_order_list.html?isBack=1 HTTP/1.1" 302 -
120.253.135.82 - - [23/Dec/2021:06:36:13 +0800] "GET /xingrg/kc/pszx/mdqp_order_list.html?state=10 HTTP/1.1" 200 15086
120.253.135.82 - - [23/Dec/2021:06:36:13 +0800] "GET /xingrg/dwr/interface/AjaxQqpsService.js HTTP/1.1" 200 16326
120.253.135.82 - - [23/Dec/2021:06:36:13 +0800] "GET /xingrg/dwr/interface/AjaxReportQueryService.js HTTP/1.1" 200 13203
120.253.135.82 - - [23/Dec/2021:06:36:13 +0800] "GET /xingrg/dwr/engine.js HTTP/1.1" 200 43631
120.253.135.82 - - [23/Dec/2021:06:36:17 +0800] "GET /xingrg/kc/pszx/mdqp_order_info.html?code=302021122200447 HTTP/1.1" 200 13350
120.253.135.82 - - [23/Dec/2021:06:36:17 +0800] "GET /xingrg/dwr/interface/AjaxQqpsService.js HTTP/1.1" 200 16326
120.253.135.82 - - [23/Dec/2021:06:36:17 +0800] "GET /xingrg/dwr/interface/AjaxComOrderService.js HTTP/1.1" 200 18264
120.253.135.82 - - [23/Dec/2021:06:36:17 +0800] "GET /xingrg/dwr/engine.js HTTP/1.1" 200 43631
120.253.135.82 - - [23/Dec/2021:06:36:18 +0800] "POST /xingrg/dwr/call/plaincall/AjaxQqpsService.loadMaterielItems.dwr HTTP/1.1" 200 389
114.85.125.222 - - [23/Dec/2021:06:36:19 +0800] "GET /xingrg/all/function/internal_message.html?_=1640212527444&CODE_STATE=getMsg HTTP/1.1" 200 27
120.253.135.82 - - [23/Dec/2021:06:36:19 +0800] "GET /xingrg/all/function/internal_message.html?_=1640212360717&CODE_STATE=getMsg HTTP/1.1" 200 27
120.253.135.82 - - [23/Dec/2021:06:36:20 +0800] "GET /xingrg/kc/pszx/mdqp_order_list.html?isBack=1 HTTP/1.1" 302 -
120.253.135.82 - - [23/Dec/2021:06:36:20 +0800] "GET /xingrg/kc/pszx/mdqp_order_list.html?state=10 HTTP/1.1" 200 15086
120.253.135.82 - - [23/Dec/2021:06:36:20 +0800] "GET /xingrg/dwr/interface/AjaxReportQueryService.js HTTP/1.1" 200 13203
120.253.135.82 - - [23/Dec/2021:06:36:20 +0800] "GET /xingrg/dwr/interface/AjaxQqpsService.js HTTP/1.1" 200 16326
120.253.135.82 - - [23/Dec/2021:06:36:20 +0800] "GET /xingrg/dwr/engine.js HTTP/1.1" 200 43631
120.253.135.82 - - [23/Dec/2021:06:36:23 +0800] "GET /xingrg/kc/pszx/mdqp_order_info.html?code=302021122200459 HTTP/1.1" 200 13350
120.253.135.82 - - [23/Dec/2021:06:36:23 +0800] "GET /xingrg/dwr/interface/AjaxQqpsService.js HTTP/1.1" 200 16326
120.253.135.82 - - [23/Dec/2021:06:36:23 +0800] "GET /xingrg/dwr/interface/AjaxComOrderService.js HTTP/1.1" 200 18264
120.253.135.82 - - [23/Dec/2021:06:36:23 +0800] "GET /xingrg/dwr/engine.js HTTP/1.1" 200 43631
120.253.135.82 - - [23/Dec/2021:06:36:23 +0800] "POST /xingrg/dwr/call/plaincall/AjaxQqpsService.loadMaterielItems.dwr HTTP/1.1" 200 6178
124.79.245.255 - - [23/Dec/2021:06:36:27 +0800] "GET /xingrg/all/function/internal_message.html?_=1640212713459&CODE_STATE=getMsg HTTP/1.1" 302 -
120.253.135.82 - - [23/Dec/2021:06:36:33 +0800] "GET /xingrg/images/yd/bt.gif HTTP/1.1" 404 1040
120.253.135.82 - - [23/Dec/2021:06:36:33 +0800] "GET /xingrg/images/yd/bt2.gif HTTP/1.1" 404 1042
180.169.147.146 - - [23/Dec/2021:06:36:36 +0800] "GET /xingrg/all/function/internal_message.html?_=1640212595717&CODE_STATE=getMsg HTTP/1.1" 200 27
172.20.0.100 - - [23/Dec/2021:06:36:42 +0800] "GET /xingrg/all/function/internal_message.html?_=1640212601525&CODE_STATE=getMsg HTTP/1.1" 200 27
124.79.245.255 - - [23/Dec/2021:06:36:47 +0800] "GET /xingrg/all/function/internal_message.html?_=1640212733731&CODE_STATE=getMsg HTTP/1.1" 302 -
114.85.125.222 - - [23/Dec/2021:06:36:48 +0800] "GET /xingrg/check_reg.html?_=1640212556315 HTTP/1.1" 200 22
124.77.245.186 - - [23/Dec/2021:06:37:01 +0800] "GET /xingrg/all/function/internal_message.html?_=1640212634264&CODE_STATE=getMsg HTTP/1.1" 302 -
120.253.135.82 - - [23/Dec/2021:06:37:18 +0800] "GET /xingrg/check_reg.html?_=1640212419987 HTTP/1.1" 200 22
114.85.125.222 - - [23/Dec/2021:06:37:19 +0800] "GET /xingrg/all/function/internal_message.html?_=1640212587453&CODE_STATE=getMsg HTTP/1.1" 200 27
120.253.135.82 - - [23/Dec/2021:06:37:19 +0800] "GET /xingrg/all/function/internal_message.html?_=1640212420771&CODE_STATE=getMsg HTTP/1.1" 200 27
124.79.245.255 - - [23/Dec/2021:06:37:27 +0800] "GET /xingrg/all/function/internal_message.html?_=1640212773461&CODE_STATE=getMsg HTTP/1.1" 302 -
180.169.147.146 - - [23/Dec/2021:06:37:36 +0800] "GET /xingrg/all/function/internal_message.html?_=1640212655712&CODE_STATE=getMsg HTTP/1.1" 200 27
120.253.135.82 - - [23/Dec/2021:06:37:37 +0800] "GET /xingrg/kc/pszx/mdqp_order_list.html?isBack=1 HTTP/1.1" 302 -
120.253.135.82 - - [23/Dec/2021:06:37:37 +0800] "GET /xingrg/kc/pszx/mdqp_order_list.html?state=10 HTTP/1.1" 200 15086
120.253.135.82 - - [23/Dec/2021:06:37:37 +0800] "GET /xingrg/dwr/interface/AjaxReportQueryService.js HTTP/1.1" 200 13203
120.253.135.82 - - [23/Dec/2021:06:37:37 +0800] "GET /xingrg/dwr/interface/AjaxQqpsService.js HTTP/1.1" 200 16326
120.253.135.82 - - [23/Dec/2021:06:37:37 +0800] "GET /xingrg/dwr/engine.js HTTP/1.1" 200 43631
172.20.0.100 - - [23/Dec/2021:06:37:42 +0800] "GET /xingrg/all/function/internal_message.html?_=1640212661527&CODE_STATE=getMsg HTTP/1.1" 200 27
120.253.135.82 - - [23/Dec/2021:06:37:43 +0800] "GET /xingrg/kc/pszx/jzcl_ps.html HTTP/1.1" 200 7683
120.253.135.82 - - [23/Dec/2021:06:37:43 +0800] "POST /xingrg/all/common/load_tree.html?tree=area_rest_tree_json HTTP/1.1" 200 3472
120.253.135.82 - - [23/Dec/2021:06:37:44 +0800] "POST /xingrg/kc/pszx/jzcl_ps_operate.html HTTP/1.1" 200 5291
120.253.135.82 - - [23/Dec/2021:06:37:44 +0800] "POST /xingrg/kc/pszx/jzcl_ps_operate.html HTTP/1.1" 200 5291
124.79.245.255 - - [23/Dec/2021:06:37:47 +0800] "GET /xingrg/all/function/internal_message.html?_=1640212793730&CODE_STATE=getMsg HTTP/1.1" 302 -
120.253.135.82 - - [23/Dec/2021:06:37:56 +0800] "POST /xingrg/kc/pszx/jzcl_ps_operate.html HTTP/1.1" 200 4
124.77.245.186 - - [23/Dec/2021:06:38:01 +0800] "GET /xingrg/all/function/internal_message.html?_=1640212694268&CODE_STATE=getMsg HTTP/1.1" 302 -
124.77.245.186 - - [23/Dec/2021:06:38:11 +0800] "POST /xingrg/services/DataTransmitService HTTP/1.1" 200 524
120.253.135.82 - - [23/Dec/2021:06:38:12 +0800] "GET /xingrg/kc/pszx/mdps_order_list.html HTTP/1.1" 200 20925
120.253.135.82 - - [23/Dec/2021:06:38:12 +0800] "POST /xingrg/kc/pszx/mdps_list_operate.html HTTP/1.1" 200 5473
180.171.133.181 - - [23/Dec/2021:06:38:15 +0800] "POST /xingrg/services/DataTransmitService HTTP/1.1" 200 524
114.85.125.222 - - [23/Dec/2021:06:38:19 +0800] "GET /xingrg/all/function/internal_message.html?_=1640212647466&CODE_STATE=getMsg HTTP/1.1" 200 27
120.253.135.82 - - [23/Dec/2021:06:38:19 +0800] "GET /xingrg/all/function/internal_message.html?_=1640212480776&CODE_STATE=getMsg HTTP/1.1" 200 27
120.253.135.82 - - [23/Dec/2021:06:38:23 +0800] "POST /xingrg/kc/pszx/mdps_list_operate.html HTTP/1.1" 200 3176
120.253.135.82 - - [23/Dec/2021:06:38:25 +0800] "POST /xingrg/kc/pszx/mdps_list_operate.html HTTP/1.1" 200 593
120.253.135.82 - - [23/Dec/2021:06:38:26 +0800] "POST /xingrg/kc/pszx/mdps_list_operate.html HTTP/1.1" 200 222
124.79.245.255 - - [23/Dec/2021:06:38:27 +0800] "GET /xingrg/all/function/internal_message.html?_=1640212833459&CODE_STATE=getMsg HTTP/1.1" 302 -
120.253.135.82 - - [23/Dec/2021:06:38:28 +0800] "POST /xingrg/kc/pszx/mdps_list_operate.html HTTP/1.1" 200 205
120.253.135.82 - - [23/Dec/2021:06:38:29 +0800] "GET /xingrg/kc/pszx/mdps_order_info.html?code=312021122300600 HTTP/1.1" 200 23931
120.253.135.82 - - [23/Dec/2021:06:38:29 +0800] "POST /xingrg/kc/pszx/mdps_order_operate.html HTTP/1.1" 200 2284
120.253.135.82 - - [23/Dec/2021:06:38:29 +0800] "GET /xingrg/javascript/easyui/themes/default/validatebox.css HTTP/1.1" 404 1104
120.253.135.82 - - [23/Dec/2021:06:38:30 +0800] "GET /xingrg/javascript/jquery_tools/images/prev.gif HTTP/1.1" 404 1086
120.253.135.82 - - [23/Dec/2021:06:38:30 +0800] "GET /xingrg/javascript/jquery_tools/images/next.gif HTTP/1.1" 404 1086
120.253.135.82 - - [23/Dec/2021:06:38:35 +0800] "POST /xingrg/kc/pszx/mdps_order_operate.html HTTP/1.1" 200 37
120.253.135.82 - - [23/Dec/2021:06:38:35 +0800] "GET /xingrg/kc/pszx/mdps_order_info.html?code=312021122300600 HTTP/1.1" 200 23931
180.169.147.146 - - [23/Dec/2021:06:38:36 +0800] "GET /xingrg/all/function/internal_message.html?_=1640212715729&CODE_STATE=getMsg HTTP/1.1" 200 27
120.253.135.82 - - [23/Dec/2021:06:38:36 +0800] "GET /xingrg/javascript/easyui/themes/default/validatebox.css HTTP/1.1" 404 1104
120.253.135.82 - - [23/Dec/2021:06:38:36 +0800] "POST /xingrg/kc/pszx/mdps_order_operate.html HTTP/1.1" 200 2284
120.253.135.82 - - [23/Dec/2021:06:38:40 +0800] "GET /xingrg/kc/pszx/mdps_order_info.html?code=312021122300603 HTTP/1.1" 200 23931
120.253.135.82 - - [23/Dec/2021:06:38:41 +0800] "GET /xingrg/javascript/easyui/themes/default/validatebox.css HTTP/1.1" 404 1104
120.253.135.82 - - [23/Dec/2021:06:38:41 +0800] "POST /xingrg/kc/pszx/mdps_order_operate.html HTTP/1.1" 200 12120
172.20.0.100 - - [23/Dec/2021:06:38:42 +0800] "GET /xingrg/all/function/internal_message.html?_=1640212721529&CODE_STATE=getMsg HTTP/1.1" 200 27
120.253.135.82 - - [23/Dec/2021:06:38:44 +0800] "POST /xingrg/kc/pszx/mdps_order_operate.html HTTP/1.1" 200 37
120.253.135.82 - - [23/Dec/2021:06:38:44 +0800] "GET /xingrg/kc/pszx/mdps_order_info.html?code=312021122300603 HTTP/1.1" 200 23931
120.253.135.82 - - [23/Dec/2021:06:38:45 +0800] "GET /xingrg/javascript/easyui/themes/default/validatebox.css HTTP/1.1" 404 1104
120.253.135.82 - - [23/Dec/2021:06:38:45 +0800] "POST /xingrg/kc/pszx/mdps_order_operate.html HTTP/1.1" 200 12280
124.79.245.255 - - [23/Dec/2021:06:38:47 +0800] "GET /xingrg/all/function/internal_message.html?_=1640212853728&CODE_STATE=getMsg HTTP/1.1" 302 -
124.77.245.186 - - [23/Dec/2021:06:39:01 +0800] "GET /xingrg/all/function/internal_message.html?_=1640212754462&CODE_STATE=getMsg HTTP/1.1" 302 -
114.85.125.222 - - [23/Dec/2021:06:39:19 +0800] "GET /xingrg/all/function/internal_message.html?_=1640212707546&CODE_STATE=getMsg HTTP/1.1" 200 27
120.253.135.82 - - [23/Dec/2021:06:39:19 +0800] "GET /xingrg/all/function/internal_message.html?_=1640212540790&CODE_STATE=getMsg HTTP/1.1" 200 27
124.79.245.255 - - [23/Dec/2021:06:39:27 +0800] "GET /xingrg/all/function/internal_message.html?_=1640212893457&CODE_STATE=getMsg HTTP/1.1" 302 -
124.79.245.255 - - [23/Dec/2021:06:39:27 +0800] "GET /xingrg/check_reg.html?_=1640212893458 HTTP/1.1" 302 -
180.169.147.146 - - [23/Dec/2021:06:39:36 +0800] "GET /xingrg/all/function/internal_message.html?_=1640212775721&CODE_STATE=getMsg HTTP/1.1" 200 27
172.20.0.100 - - [23/Dec/2021:06:39:42 +0800] "GET /xingrg/all/function/internal_message.html?_=1640212781532&CODE_STATE=getMsg HTTP/1.1" 200 27
124.79.245.255 - - [23/Dec/2021:06:39:47 +0800] "GET /xingrg/all/function/internal_message.html?_=1640212913726&CODE_STATE=getMsg HTTP/1.1" 302 -
124.77.245.186 - - [23/Dec/2021:06:40:01 +0800] "GET /xingrg/all/function/internal_message.html?_=1640212814466&CODE_STATE=getMsg HTTP/1.1" 302 -
116.227.210.113 - - [23/Dec/2021:06:40:17 +0800] "POST /xingrg/services/DataTransmitService HTTP/1.1" 200 524
114.85.125.222 - - [23/Dec/2021:06:40:19 +0800] "GET /xingrg/all/function/internal_message.html?_=1640212767556&CODE_STATE=getMsg HTTP/1.1" 200 27
120.253.135.82 - - [23/Dec/2021:06:40:19 +0800] "GET /xingrg/all/function/internal_message.html?_=1640212600804&CODE_STATE=getMsg HTTP/1.1" 200 27
124.79.245.255 - - [23/Dec/2021:06:40:27 +0800] "GET /xingrg/all/function/internal_message.html?_=1640212953455&CODE_STATE=getMsg HTTP/1.1" 302 -
180.169.147.146 - - [23/Dec/2021:06:40:36 +0800] "GET /xingrg/all/function/internal_message.html?_=1640212835708&CODE_STATE=getMsg HTTP/1.1" 200 27
180.169.147.146 - - [23/Dec/2021:06:40:36 +0800] "GET /xingrg/check_reg.html?_=1640212835710 HTTP/1.1" 200 22
172.20.0.100 - - [23/Dec/2021:06:40:42 +0800] "GET /xingrg/all/function/internal_message.html?_=1640212841538&CODE_STATE=getMsg HTTP/1.1" 200 27
172.20.0.100 - - [23/Dec/2021:06:40:42 +0800] "GET /xingrg/check_reg.html?_=1640212841540 HTTP/1.1" 200 22
124.79.245.255 - - [23/Dec/2021:06:40:47 +0800] "GET /xingrg/all/function/internal_message.html?_=1640212973724&CODE_STATE=getMsg HTTP/1.1" 302 -
124.79.245.255 - - [23/Dec/2021:06:40:47 +0800] "GET /xingrg/check_reg.html?_=1640212973726 HTTP/1.1" 302 -
124.77.245.186 - - [23/Dec/2021:06:40:55 +0800] "GET /xingrg/check_reg.html?_=1640212868490 HTTP/1.1" 302 -
124.77.245.186 - - [23/Dec/2021:06:41:01 +0800] "GET /xingrg/all/function/internal_message.html?_=1640212874480&CODE_STATE=getMsg HTTP/1.1" 302 -
114.85.125.222 - - [23/Dec/2021:06:41:19 +0800] "GET /xingrg/all/function/internal_message.html?_=1640212827643&CODE_STATE=getMsg HTTP/1.1" 200 27
120.253.135.82 - - [23/Dec/2021:06:41:19 +0800] "GET /xingrg/all/function/internal_message.html?_=1640212660865&CODE_STATE=getMsg HTTP/1.1" 200 27
124.79.245.255 - - [23/Dec/2021:06:41:27 +0800] "GET /xingrg/all/function/internal_message.html?_=1640213013454&CODE_STATE=getMsg HTTP/1.1" 302 -
180.169.147.146 - - [23/Dec/2021:06:41:36 +0800] "GET /xingrg/all/function/internal_message.html?_=1640212895722&CODE_STATE=getMsg HTTP/1.1" 200 27
172.20.0.100 - - [23/Dec/2021:06:41:42 +0800] "GET /xingrg/all/function/internal_message.html?_=1640212901524&CODE_STATE=getMsg HTTP/1.1" 200 27
120.253.135.82 - - [23/Dec/2021:06:41:44 +0800] "POST /xingrg/kc/pszx/mdps_order_operate.html HTTP/1.1" 200 37
120.253.135.82 - - [23/Dec/2021:06:41:46 +0800] "GET /xingrg/kc/pszx/mdps_order_info.html?code=312021122300603 HTTP/1.1" 200 23931
120.253.135.82 - - [23/Dec/2021:06:41:46 +0800] "POST /xingrg/kc/pszx/mdps_order_operate.html HTTP/1.1" 200 12280
120.253.135.82 - - [23/Dec/2021:06:41:47 +0800] "GET /xingrg/javascript/easyui/themes/default/validatebox.css HTTP/1.1" 404 1104
124.79.245.255 - - [23/Dec/2021:06:41:47 +0800] "GET /xingrg/all/function/internal_message.html?_=1640213033724&CODE_STATE=getMsg HTTP/1.1" 302 -
114.85.125.222 - - [23/Dec/2021:06:41:48 +0800] "GET /xingrg/check_reg.html?_=1640212856320 HTTP/1.1" 200 22
120.253.135.82 - - [23/Dec/2021:06:41:52 +0800] "POST /xingrg/kc/pszx/mdps_list_operate.html HTTP/1.1" 200 3176
120.253.135.82 - - [23/Dec/2021:06:41:58 +0800] "POST /xingrg/kc/pszx/mdps_list_operate.html HTTP/1.1" 200 593
120.253.135.82 - - [23/Dec/2021:06:42:00 +0800] "POST /xingrg/kc/pszx/mdps_list_operate.html HTTP/1.1" 200 205
124.77.245.186 - - [23/Dec/2021:06:42:01 +0800] "GET /xingrg/all/function/internal_message.html?_=1640212934641&CODE_STATE=getMsg HTTP/1.1" 302 -
120.253.135.82 - - [23/Dec/2021:06:42:08 +0800] "POST /xingrg/kc/pszx/mdps_list_operate.html HTTP/1.1" 200 652
120.253.135.82 - - [23/Dec/2021:06:42:08 +0800] "GET /xingrg/kc/pszx/mdps_order_info.html?code=312021122300604 HTTP/1.1" 200 23931
120.253.135.82 - - [23/Dec/2021:06:42:09 +0800] "GET /xingrg/javascript/easyui/themes/default/validatebox.css HTTP/1.1" 404 1104
120.253.135.82 - - [23/Dec/2021:06:42:09 +0800] "POST /xingrg/kc/pszx/mdps_order_operate.html HTTP/1.1" 200 14506
120.253.135.82 - - [23/Dec/2021:06:42:12 +0800] "POST /xingrg/kc/pszx/mdps_order_operate.html HTTP/1.1" 200 37
120.253.135.82 - - [23/Dec/2021:06:42:13 +0800] "GET /xingrg/kc/pszx/mdps_order_info.html?code=312021122300604 HTTP/1.1" 200 23931
120.253.135.82 - - [23/Dec/2021:06:42:13 +0800] "GET /xingrg/javascript/easyui/themes/default/validatebox.css HTTP/1.1" 404 1104
120.253.135.82 - - [23/Dec/2021:06:42:13 +0800] "POST /xingrg/kc/pszx/mdps_order_operate.html HTTP/1.1" 200 14710
120.253.135.82 - - [23/Dec/2021:06:42:18 +0800] "GET /xingrg/check_reg.html?_=1640212719988 HTTP/1.1" 200 22
114.85.125.222 - - [23/Dec/2021:06:42:19 +0800] "GET /xingrg/all/function/internal_message.html?_=1640212887645&CODE_STATE=getMsg HTTP/1.1" 200 27
120.253.135.82 - - [23/Dec/2021:06:42:19 +0800] "GET /xingrg/all/function/internal_message.html?_=1640212720877&CODE_STATE=getMsg HTTP/1.1" 200 27
124.79.245.255 - - [23/Dec/2021:06:42:27 +0800] "GET /xingrg/all/function/internal_message.html?_=1640213073453&CODE_STATE=getMsg HTTP/1.1" 302 -
180.169.147.146 - - [23/Dec/2021:06:42:36 +0800] "GET /xingrg/all/function/internal_message.html?_=1640212955715&CODE_STATE=getMsg HTTP/1.1" 200 27
172.20.0.100 - - [23/Dec/2021:06:42:42 +0800] "GET /xingrg/all/function/internal_message.html?_=1640212961527&CODE_STATE=getMsg HTTP/1.1" 200 27
124.79.245.255 - - [23/Dec/2021:06:42:47 +0800] "GET /xingrg/all/function/internal_message.html?_=1640213093722&CODE_STATE=getMsg HTTP/1.1" 302 -
124.77.245.186 - - [23/Dec/2021:06:43:01 +0800] "GET /xingrg/all/function/internal_message.html?_=1640212994648&CODE_STATE=getMsg HTTP/1.1" 302 -
120.253.135.82 - - [23/Dec/2021:06:43:14 +0800] "POST /xingrg/kc/pszx/mdps_order_operate.html HTTP/1.1" 200 37
120.253.135.82 - - [23/Dec/2021:06:43:14 +0800] "GET /xingrg/kc/pszx/mdps_order_info.html?code=312021122300604 HTTP/1.1" 200 23931
120.253.135.82 - - [23/Dec/2021:06:43:15 +0800] "POST /xingrg/kc/pszx/mdps_order_operate.html HTTP/1.1" 200 14711
120.253.135.82 - - [23/Dec/2021:06:43:15 +0800] "GET /xingrg/javascript/easyui/themes/default/validatebox.css HTTP/1.1" 404 1104
120.253.135.82 - - [23/Dec/2021:06:43:16 +0800] "POST /xingrg/kc/pszx/mdps_list_operate.html HTTP/1.1" 200 3176
114.85.125.222 - - [23/Dec/2021:06:43:19 +0800] "GET /xingrg/all/function/internal_message.html?_=1640212947660&CODE_STATE=getMsg HTTP/1.1" 200 27
120.253.135.82 - - [23/Dec/2021:06:43:19 +0800] "GET /xingrg/all/function/internal_message.html?_=1640212780891&CODE_STATE=getMsg HTTP/1.1" 200 27
120.253.135.82 - - [23/Dec/2021:06:43:20 +0800] "POST /xingrg/kc/pszx/mdps_list_operate.html HTTP/1.1" 200 217
120.253.135.82 - - [23/Dec/2021:06:43:21 +0800] "GET /xingrg/kc/pszx/mdps_order_info.html?code=312021122300605 HTTP/1.1" 200 23931
120.253.135.82 - - [23/Dec/2021:06:43:22 +0800] "GET /xingrg/javascript/easyui/themes/default/validatebox.css HTTP/1.1" 404 1104
120.253.135.82 - - [23/Dec/2021:06:43:22 +0800] "POST /xingrg/kc/pszx/mdps_order_operate.html HTTP/1.1" 200 2296
120.253.135.82 - - [23/Dec/2021:06:43:23 +0800] "GET /xingrg/css/images/panel_loading.gif HTTP/1.1" 200 1737
120.253.135.82 - - [23/Dec/2021:06:43:23 +0800] "POST /xingrg/all/common/load_combo.html?type=base HTTP/1.1" 200 1075
124.79.245.255 - - [23/Dec/2021:06:43:27 +0800] "GET /xingrg/all/function/internal_message.html?_=1640213133452&CODE_STATE=getMsg HTTP/1.1" 302 -
120.253.135.82 - - [23/Dec/2021:06:43:29 +0800] "POST /xingrg/kc/pszx/mdps_order_operate.html HTTP/1.1" 200 37
120.253.135.82 - - [23/Dec/2021:06:43:30 +0800] "GET /xingrg/kc/pszx/mdps_order_info.html?code=312021122300605 HTTP/1.1" 200 23929
120.253.135.82 - - [23/Dec/2021:06:43:30 +0800] "GET /xingrg/javascript/easyui/themes/default/validatebox.css HTTP/1.1" 404 1104
120.253.135.82 - - [23/Dec/2021:06:43:30 +0800] "POST /xingrg/kc/pszx/mdps_order_operate.html HTTP/1.1" 200 2305
120.253.135.82 - - [23/Dec/2021:06:43:33 +0800] "POST /xingrg/kc/pszx/mdps_list_operate.html HTTP/1.1" 200 3173
180.169.147.146 - - [23/Dec/2021:06:43:36 +0800] "GET /xingrg/all/function/internal_message.html?_=1640213015723&CODE_STATE=getMsg HTTP/1.1" 200 27
120.253.135.82 - - [23/Dec/2021:06:43:38 +0800] "POST /xingrg/kc/pszx/mdps_list_operate.html HTTP/1.1" 200 217
120.253.135.82 - - [23/Dec/2021:06:43:39 +0800] "POST /xingrg/kc/pszx/mdps_list_operate.html HTTP/1.1" 200 652
120.253.135.82 - - [23/Dec/2021:06:43:41 +0800] "GET /xingrg/kc/pszx/mdps_order_info.html?code=312021122300604 HTTP/1.1" 200 23931
120.253.135.82 - - [23/Dec/2021:06:43:41 +0800] "GET /xingrg/javascript/easyui/themes/default/validatebox.css HTTP/1.1" 404 1104
120.253.135.82 - - [23/Dec/2021:06:43:41 +0800] "POST /xingrg/kc/pszx/mdps_order_operate.html HTTP/1.1" 200 14711
172.20.0.100 - - [23/Dec/2021:06:43:42 +0800] "GET /xingrg/all/function/internal_message.html?_=1640213021528&CODE_STATE=getMsg HTTP/1.1" 200 27
120.253.135.82 - - [23/Dec/2021:06:43:45 +0800] "POST /xingrg/kc/pszx/mdps_list_operate.html HTTP/1.1" 200 3173
120.253.135.82 - - [23/Dec/2021:06:43:47 +0800] "POST /xingrg/kc/pszx/mdps_list_operate.html HTTP/1.1" 200 593
120.253.135.82 - - [23/Dec/2021:06:43:47 +0800] "GET /xingrg/kc/pszx/mdps_order_info.html?code=312021122300603 HTTP/1.1" 200 23931
124.79.245.255 - - [23/Dec/2021:06:43:47 +0800] "GET /xingrg/all/function/internal_message.html?_=1640213153721&CODE_STATE=getMsg HTTP/1.1" 302 -
120.253.135.82 - - [23/Dec/2021:06:43:48 +0800] "GET /xingrg/javascript/easyui/themes/default/validatebox.css HTTP/1.1" 404 1104
120.253.135.82 - - [23/Dec/2021:06:43:48 +0800] "POST /xingrg/kc/pszx/mdps_order_operate.html HTTP/1.1" 200 12280
120.253.135.82 - - [23/Dec/2021:06:44:01 +0800] "POST /xingrg/kc/pszx/mdps_list_operate.html HTTP/1.1" 200 3173
124.77.245.186 - - [23/Dec/2021:06:44:01 +0800] "GET /xingrg/all/function/internal_message.html?_=1640213054840&CODE_STATE=getMsg HTTP/1.1" 302 -
120.253.135.82 - - [23/Dec/2021:06:44:03 +0800] "GET /xingrg/kc/pszx/mdqp_order_list.html?state=10 HTTP/1.1" 200 13878
120.253.135.82 - - [23/Dec/2021:06:44:03 +0800] "GET /xingrg/dwr/interface/AjaxReportQueryService.js HTTP/1.1" 200 13203
120.253.135.82 - - [23/Dec/2021:06:44:03 +0800] "GET /xingrg/dwr/interface/AjaxQqpsService.js HTTP/1.1" 200 16326
120.253.135.82 - - [23/Dec/2021:06:44:03 +0800] "GET /xingrg/dwr/engine.js HTTP/1.1" 200 43631
120.253.135.82 - - [23/Dec/2021:06:44:13 +0800] "GET /xingrg/kc/pszx/mdqp_order_info.html?code=302021122200461 HTTP/1.1" 200 13350
120.253.135.82 - - [23/Dec/2021:06:44:13 +0800] "GET /xingrg/dwr/interface/AjaxComOrderService.js HTTP/1.1" 200 18264
120.253.135.82 - - [23/Dec/2021:06:44:13 +0800] "GET /xingrg/dwr/interface/AjaxQqpsService.js HTTP/1.1" 200 16326
120.253.135.82 - - [23/Dec/2021:06:44:13 +0800] "GET /xingrg/dwr/engine.js HTTP/1.1" 200 43631
120.253.135.82 - - [23/Dec/2021:06:44:13 +0800] "POST /xingrg/dwr/call/plaincall/AjaxQqpsService.loadMaterielItems.dwr HTTP/1.1" 200 2723
120.253.135.82 - - [23/Dec/2021:06:44:19 +0800] "GET /xingrg/all/function/internal_message.html?_=1640212840905&CODE_STATE=getMsg HTTP/1.1" 200 27
114.85.125.222 - - [23/Dec/2021:06:44:19 +0800] "GET /xingrg/all/function/internal_message.html?_=1640213007741&CODE_STATE=getMsg HTTP/1.1" 200 27
124.77.245.186 - - [23/Dec/2021:06:44:26 +0800] "POST /xingrg/services/DataTransmitService HTTP/1.1" 200 501
124.77.245.186 - - [23/Dec/2021:06:44:26 +0800] "POST /xingrg/services/DataTransmitService HTTP/1.1" 200 501
124.77.245.186 - - [23/Dec/2021:06:44:27 +0800] "POST /xingrg/services/DataTransmitService HTTP/1.1" 200 412
124.79.245.255 - - [23/Dec/2021:06:44:27 +0800] "GET /xingrg/all/function/internal_message.html?_=1640213193451&CODE_STATE=getMsg HTTP/1.1" 302 -
124.79.245.255 - - [23/Dec/2021:06:44:27 +0800] "GET /xingrg/check_reg.html?_=1640213193452 HTTP/1.1" 302 -
120.253.135.82 - - [23/Dec/2021:06:44:30 +0800] "GET /xingrg/images/yd/bt.gif HTTP/1.1" 404 1040
120.253.135.82 - - [23/Dec/2021:06:44:30 +0800] "GET /xingrg/images/yd/bt2.gif HTTP/1.1" 404 1042
180.169.147.146 - - [23/Dec/2021:06:44:36 +0800] "GET /xingrg/all/function/internal_message.html?_=1640213075717&CODE_STATE=getMsg HTTP/1.1" 200 27
172.20.0.100 - - [23/Dec/2021:06:44:42 +0800] "GET /xingrg/all/function/internal_message.html?_=1640213081533&CODE_STATE=getMsg HTTP/1.1" 200 27
124.79.245.255 - - [23/Dec/2021:06:44:47 +0800] "GET /xingrg/all/function/internal_message.html?_=1640213213719&CODE_STATE=getMsg HTTP/1.1" 302 -
124.77.245.186 - - [23/Dec/2021:06:45:01 +0800] "GET /xingrg/all/function/internal_message.html?_=1640213114846&CODE_STATE=getMsg HTTP/1.1" 302 -
120.253.135.82 - - [23/Dec/2021:06:45:19 +0800] "GET /xingrg/all/function/internal_message.html?_=1640212900918&CODE_STATE=getMsg HTTP/1.1" 200 27
114.85.125.222 - - [23/Dec/2021:06:45:19 +0800] "GET /xingrg/all/function/internal_message.html?_=1640213067749&CODE_STATE=getMsg HTTP/1.1" 200 27
124.79.245.255 - - [23/Dec/2021:06:45:27 +0800] "POST /xingrg/services/DataTransmitService HTTP/1.1" 200 524
124.79.245.255 - - [23/Dec/2021:06:45:27 +0800] "GET /xingrg/all/function/internal_message.html?_=1640213253451&CODE_STATE=getMsg HTTP/1.1" 302 -
180.169.147.146 - - [23/Dec/2021:06:45:36 +0800] "GET /xingrg/check_reg.html?_=1640213135707 HTTP/1.1" 200 22
180.169.147.146 - - [23/Dec/2021:06:45:36 +0800] "GET /xingrg/all/function/internal_message.html?_=1640213135709&CODE_STATE=getMsg HTTP/1.1" 200 27
172.20.0.100 - - [23/Dec/2021:06:45:42 +0800] "GET /xingrg/all/function/internal_message.html?_=1640213141536&CODE_STATE=getMsg HTTP/1.1" 200 27
172.20.0.100 - - [23/Dec/2021:06:45:42 +0800] "GET /xingrg/check_reg.html?_=1640213141538 HTTP/1.1" 200 22
124.79.245.255 - - [23/Dec/2021:06:45:47 +0800] "GET /xingrg/all/function/internal_message.html?_=1640213273717&CODE_STATE=getMsg HTTP/1.1" 302 -
124.79.245.255 - - [23/Dec/2021:06:45:47 +0800] "GET /xingrg/check_reg.html?_=1640213273718 HTTP/1.1" 302 -
124.77.245.186 - - [23/Dec/2021:06:45:55 +0800] "GET /xingrg/check_reg.html?_=1640213168669 HTTP/1.1" 302 -
120.253.135.82 - - [23/Dec/2021:06:45:56 +0800] "GET /xingrg/kc/pszx/mdqp_order_list.html?isBack=1 HTTP/1.1" 302 -
120.253.135.82 - - [23/Dec/2021:06:45:56 +0800] "GET /xingrg/kc/pszx/mdqp_order_list.html?state=10 HTTP/1.1" 200 13878
120.253.135.82 - - [23/Dec/2021:06:45:56 +0800] "GET /xingrg/dwr/interface/AjaxReportQueryService.js HTTP/1.1" 200 13203
120.253.135.82 - - [23/Dec/2021:06:45:56 +0800] "GET /xingrg/dwr/engine.js HTTP/1.1" 200 43631
120.253.135.82 - - [23/Dec/2021:06:45:56 +0800] "GET /xingrg/dwr/interface/AjaxQqpsService.js HTTP/1.1" 200 16326
120.253.135.82 - - [23/Dec/2021:06:45:58 +0800] "GET /xingrg/kc/pszx/mdqp_order_info.html?code=302021122200462 HTTP/1.1" 200 13350
120.253.135.82 - - [23/Dec/2021:06:45:58 +0800] "GET /xingrg/dwr/interface/AjaxComOrderService.js HTTP/1.1" 200 18264
120.253.135.82 - - [23/Dec/2021:06:45:58 +0800] "GET /xingrg/dwr/interface/AjaxQqpsService.js HTTP/1.1" 200 16326
120.253.135.82 - - [23/Dec/2021:06:45:58 +0800] "GET /xingrg/dwr/engine.js HTTP/1.1" 200 43631
120.253.135.82 - - [23/Dec/2021:06:45:58 +0800] "POST /xingrg/dwr/call/plaincall/AjaxQqpsService.loadMaterielItems.dwr HTTP/1.1" 200 1092
124.77.245.186 - - [23/Dec/2021:06:46:01 +0800] "GET /xingrg/all/function/internal_message.html?_=1640213174860&CODE_STATE=getMsg HTTP/1.1" 302 -
120.253.135.82 - - [23/Dec/2021:06:46:07 +0800] "GET /xingrg/kc/pszx/mdqp_order_list.html?isBack=1 HTTP/1.1" 302 -
120.253.135.82 - - [23/Dec/2021:06:46:07 +0800] "GET /xingrg/kc/pszx/mdqp_order_list.html?state=10 HTTP/1.1" 200 13878
120.253.135.82 - - [23/Dec/2021:06:46:07 +0800] "GET /xingrg/dwr/interface/AjaxQqpsService.js HTTP/1.1" 200 16326
120.253.135.82 - - [23/Dec/2021:06:46:07 +0800] "GET /xingrg/dwr/interface/AjaxReportQueryService.js HTTP/1.1" 200 13203
120.253.135.82 - - [23/Dec/2021:06:46:07 +0800] "GET /xingrg/dwr/engine.js HTTP/1.1" 200 43631
120.253.135.82 - - [23/Dec/2021:06:46:09 +0800] "GET /xingrg/kc/pszx/mdqp_order_info.html?code=302021122200463 HTTP/1.1" 200 13350
120.253.135.82 - - [23/Dec/2021:06:46:09 +0800] "GET /xingrg/dwr/interface/AjaxComOrderService.js HTTP/1.1" 200 18264
120.253.135.82 - - [23/Dec/2021:06:46:09 +0800] "GET /xingrg/dwr/interface/AjaxQqpsService.js HTTP/1.1" 200 16326
120.253.135.82 - - [23/Dec/2021:06:46:09 +0800] "GET /xingrg/dwr/engine.js HTTP/1.1" 200 43631
120.253.135.82 - - [23/Dec/2021:06:46:09 +0800] "POST /xingrg/dwr/call/plaincall/AjaxQqpsService.loadMaterielItems.dwr HTTP/1.1" 200 1859
120.253.135.82 - - [23/Dec/2021:06:46:19 +0800] "GET /xingrg/all/function/internal_message.html?_=1640212960932&CODE_STATE=getMsg HTTP/1.1" 200 27
114.85.125.222 - - [23/Dec/2021:06:46:19 +0800] "GET /xingrg/all/function/internal_message.html?_=1640213127828&CODE_STATE=getMsg HTTP/1.1" 200 27
124.79.245.255 - - [23/Dec/2021:06:46:27 +0800] "GET /xingrg/all/function/internal_message.html?_=1640213313476&CODE_STATE=getMsg HTTP/1.1" 302 -
180.169.147.146 - - [23/Dec/2021:06:46:36 +0800] "GET /xingrg/all/function/internal_message.html?_=1640213195712&CODE_STATE=getMsg HTTP/1.1" 200 27
120.253.135.82 - - [23/Dec/2021:06:46:40 +0800] "GET /xingrg/kc/pszx/mdqp_order_list.html?isBack=1 HTTP/1.1" 302 -
120.253.135.82 - - [23/Dec/2021:06:46:40 +0800] "GET /xingrg/kc/pszx/mdqp_order_list.html?state=10 HTTP/1.1" 200 13878
120.253.135.82 - - [23/Dec/2021:06:46:40 +0800] "GET /xingrg/dwr/interface/AjaxReportQueryService.js HTTP/1.1" 200 13203
120.253.135.82 - - [23/Dec/2021:06:46:40 +0800] "GET /xingrg/dwr/interface/AjaxQqpsService.js HTTP/1.1" 200 16326
120.253.135.82 - - [23/Dec/2021:06:46:40 +0800] "GET /xingrg/dwr/engine.js HTTP/1.1" 200 43631
172.20.0.100 - - [23/Dec/2021:06:46:42 +0800] "GET /xingrg/all/function/internal_message.html?_=1640213201541&CODE_STATE=getMsg HTTP/1.1" 200 27
120.253.135.82 - - [23/Dec/2021:06:46:45 +0800] "GET /xingrg/kc/pszx/jzcl_ps.html HTTP/1.1" 200 7683
120.253.135.82 - - [23/Dec/2021:06:46:45 +0800] "POST /xingrg/all/common/load_tree.html?tree=area_rest_tree_json HTTP/1.1" 200 3472
120.253.135.82 - - [23/Dec/2021:06:46:45 +0800] "POST /xingrg/kc/pszx/jzcl_ps_operate.html HTTP/1.1" 200 3997
120.253.135.82 - - [23/Dec/2021:06:46:45 +0800] "POST /xingrg/kc/pszx/jzcl_ps_operate.html HTTP/1.1" 200 3997
124.79.245.255 - - [23/Dec/2021:06:46:47 +0800] "GET /xingrg/all/function/internal_message.html?_=1640213333732&CODE_STATE=getMsg HTTP/1.1" 302 -
114.85.125.222 - - [23/Dec/2021:06:46:48 +0800] "GET /xingrg/check_reg.html?_=1640213156326 HTTP/1.1" 200 22
116.238.208.177 - - [23/Dec/2021:06:46:55 +0800] "POST /xingrg/services/DataTransmitService HTTP/1.1" 200 524
116.238.208.177 - - [23/Dec/2021:06:46:56 +0800] "POST /xingrg/services/DataTransmitService HTTP/1.1" 200 501
120.253.135.82 - - [23/Dec/2021:06:46:56 +0800] "POST /xingrg/kc/pszx/jzcl_ps_operate.html HTTP/1.1" 200 4
120.253.135.82 - - [23/Dec/2021:06:46:57 +0800] "GET /xingrg/kc/pszx/mdps_order_list.html HTTP/1.1" 200 20925
120.253.135.82 - - [23/Dec/2021:06:46:58 +0800] "POST /xingrg/kc/pszx/mdps_list_operate.html HTTP/1.1" 200 5473
124.77.245.186 - - [23/Dec/2021:06:47:01 +0800] "GET /xingrg/all/function/internal_message.html?_=1640213235036&CODE_STATE=getMsg HTTP/1.1" 302 -
120.253.135.82 - - [23/Dec/2021:06:47:18 +0800] "GET /xingrg/check_reg.html?_=1640213019998 HTTP/1.1" 200 22
120.253.135.82 - - [23/Dec/2021:06:47:19 +0800] "GET /xingrg/all/function/internal_message.html?_=1640213020945&CODE_STATE=getMsg HTTP/1.1" 200 27
114.85.125.222 - - [23/Dec/2021:06:47:19 +0800] "GET /xingrg/all/function/internal_message.html?_=1640213187838&CODE_STATE=getMsg HTTP/1.1" 200 27
124.79.245.255 - - [23/Dec/2021:06:47:27 +0800] "GET /xingrg/all/function/internal_message.html?_=1640213373473&CODE_STATE=getMsg HTTP/1.1" 302 -
180.169.147.146 - - [23/Dec/2021:06:47:36 +0800] "GET /xingrg/all/function/internal_message.html?_=1640213255717&CODE_STATE=getMsg HTTP/1.1" 200 27
172.20.0.100 - - [23/Dec/2021:06:47:42 +0800] "GET /xingrg/all/function/internal_message.html?_=1640213261526&CODE_STATE=getMsg HTTP/1.1" 200 27
124.79.245.255 - - [23/Dec/2021:06:47:47 +0800] "GET /xingrg/all/function/internal_message.html?_=1640213393734&CODE_STATE=getMsg HTTP/1.1" 302 -
124.77.245.186 - - [23/Dec/2021:06:48:01 +0800] "GET /xingrg/all/function/internal_message.html?_=1640213295044&CODE_STATE=getMsg HTTP/1.1" 302 -
120.253.135.82 - - [23/Dec/2021:06:48:19 +0800] "GET /xingrg/all/function/internal_message.html?_=1640213081011&CODE_STATE=getMsg HTTP/1.1" 200 27
114.85.125.222 - - [23/Dec/2021:06:48:19 +0800] "GET /xingrg/all/function/internal_message.html?_=1640213247852&CODE_STATE=getMsg HTTP/1.1" 200 27
