114.88.159.28 - - [23/Dec/2021:09:49:17 +0800] "GET /xingrg/kc/buy/cgsh_order_operate.html?command=get_materiel&rest_code=00141&code=00101012059&supplier_code=00100036&order_time=2021-12-23 HTTP/1.1" 200 413
124.77.245.186 - - [23/Dec/2021:09:49:17 +0800] "POST /xingrg/services/DataTransmitService HTTP/1.1" 200 501
124.77.245.186 - - [23/Dec/2021:09:49:20 +0800] "POST /xingrg/services/DataTransmitService HTTP/1.1" 200 501
124.77.245.186 - - [23/Dec/2021:09:49:21 +0800] "POST /xingrg/services/DataTransmitService HTTP/1.1" 200 501
124.77.245.186 - - [23/Dec/2021:09:49:21 +0800] "POST /xingrg/services/DataTransmitService HTTP/1.1" 200 501
124.77.245.186 - - [23/Dec/2021:09:49:22 +0800] "POST /xingrg/services/DataTransmitService HTTP/1.1" 200 501
124.77.245.186 - - [23/Dec/2021:09:49:22 +0800] "POST /xingrg/services/DataTransmitService HTTP/1.1" 200 501
124.77.245.186 - - [23/Dec/2021:09:49:22 +0800] "POST /xingrg/services/DataTransmitService HTTP/1.1" 200 412
116.227.210.113 - - [23/Dec/2021:09:49:23 +0800] "GET /xingrg/kc/buy/cgsh_order_operate.html?command=get_materiel&rest_code=00155&code=00101015136&supplier_code=00100450&order_time=2021-12-23 HTTP/1.1" 200 399
180.169.147.146 - - [23/Dec/2021:09:49:24 +0800] "GET /xingrg/check_reg.html?_=1640224163933 HTTP/1.1" 200 22
180.169.147.146 - - [23/Dec/2021:09:49:24 +0800] "GET /xingrg/all/function/internal_message.html?_=1640224163937&CODE_STATE=getMsg HTTP/1.1" 200 27
124.77.245.186 - - [23/Dec/2021:09:49:26 +0800] "GET /xingrg/check_reg.html?_=1640224179737 HTTP/1.1" 200 22
124.79.245.255 - - [23/Dec/2021:09:49:27 +0800] "GET /xingrg/all/function/internal_message.html?_=1640224293733&CODE_STATE=getMsg HTTP/1.1" 302 -
124.79.245.255 - - [23/Dec/2021:09:49:27 +0800] "GET /xingrg/check_reg.html?_=1640224293734 HTTP/1.1" 302 -
116.227.210.113 - - [23/Dec/2021:09:49:31 +0800] "GET /xingrg/kc/buy/cgsh_order_operate.html?command=get_materiel&rest_code=00155&code=00101008569&supplier_code=00100450&order_time=2021-12-23 HTTP/1.1" 200 403
114.88.159.28 - - [23/Dec/2021:09:49:34 +0800] "POST /xingrg/kc/buy/cgsh_order_operate.html HTTP/1.1" 200 37
124.79.245.255 - - [23/Dec/2021:09:49:37 +0800] "GET /xingrg/all/function/internal_message.html?_=1640224200639&CODE_STATE=getMsg HTTP/1.1" 200 27
116.227.210.113 - - [23/Dec/2021:09:49:37 +0800] "POST /xingrg/kc/buy/cgsh_order_operate.html HTTP/1.1" 200 37
124.79.245.255 - - [23/Dec/2021:09:49:38 +0800] "GET /xingrg/kc/buy/cgsh_order_operate.html?command=get_materiel&rest_code=00104&code=00101010136&supplier_code=00100036&order_time=2021-12-23 HTTP/1.1" 200 408
116.227.210.113 - - [23/Dec/2021:09:49:38 +0800] "POST /xingrg/kc/buy/cgsh_order_operate.html HTTP/1.1" 200 6217
116.227.210.113 - - [23/Dec/2021:09:49:39 +0800] "GET /xingrg/kc/print/load_data.html?order_code=212021122309562&kc_code=cgsh&condition= HTTP/1.1" 200 2052
114.88.159.28 - - [23/Dec/2021:09:49:40 +0800] "POST /xingrg/kc/buy/cgsh_order_operate.html HTTP/1.1" 200 12
114.88.159.28 - - [23/Dec/2021:09:49:41 +0800] "GET /xingrg/kc/buy/cgsh_order_info.html?code=212021122309561 HTTP/1.1" 200 60166
114.88.159.28 - - [23/Dec/2021:09:49:41 +0800] "GET /xingrg/javascript/easyui/themes/default/validatebox.css HTTP/1.1" 404 1104
116.238.208.177 - - [23/Dec/2021:09:49:41 +0800] "GET /xingrg/javascript/jquery_easy_ui/themes/default/images/tabs_active.png HTTP/1.1" 200 2894
114.88.159.28 - - [23/Dec/2021:09:49:42 +0800] "POST /xingrg/kc/buy/cgsh_order_operate.html HTTP/1.1" 200 5325
172.20.0.100 - - [23/Dec/2021:09:49:42 +0800] "GET /xingrg/all/function/internal_message.html?_=1640224181525&CODE_STATE=getMsg HTTP/1.1" 200 27
116.232.52.211 - - [23/Dec/2021:09:49:42 +0800] "GET /xingrg/all/function/internal_message.html?_=1640224182433&CODE_STATE=getMsg HTTP/1.1" 200 27
114.88.159.28 - - [23/Dec/2021:09:49:43 +0800] "GET /xingrg/kc/print/load_data.html?order_code=212021122309561&kc_code=cgsh&condition= HTTP/1.1" 200 2573
180.175.103.30 - - [23/Dec/2021:09:49:44 +0800] "GET /xingrg/all/function/internal_message.html?_=1640224184355&CODE_STATE=getMsg HTTP/1.1" 200 27
116.238.208.177 - - [23/Dec/2021:09:49:46 +0800] "GET /xingrg/all/function/internal_message.html?_=1640224194966&CODE_STATE=getMsg HTTP/1.1" 200 27
114.88.159.28 - - [23/Dec/2021:09:49:46 +0800] "GET /xingrg/kc/buy/cgsh_order_add.html HTTP/1.1" 200 65255
114.88.159.28 - - [23/Dec/2021:09:49:47 +0800] "POST /xingrg/kc/buy/cgsh_order_operate.html HTTP/1.1" 200 8245
114.88.159.28 - - [23/Dec/2021:09:49:47 +0800] "GET /xingrg/javascript/easyui/themes/default/validatebox.css HTTP/1.1" 404 1104
124.79.245.255 - - [23/Dec/2021:09:49:48 +0800] "GET /xingrg/all/function/internal_message.html?_=1640224314009&CODE_STATE=getMsg HTTP/1.1" 302 -
116.238.208.177 - - [23/Dec/2021:09:49:53 +0800] "POST /xingrg/kc/buy/cgsh_list_operate.html HTTP/1.1" 200 5765
116.228.172.94 - - [23/Dec/2021:09:49:53 +0800] "GET /xingrg/all/function/internal_message.html?_=1640224192164&CODE_STATE=getMsg HTTP/1.1" 200 27
114.88.159.28 - - [23/Dec/2021:09:49:55 +0800] "GET /xingrg/kc/buy/cgsh_order_operate.html?command=get_materiel&rest_code=00141&code=00101001160&supplier_code=00100040&order_time=2021-12-23 HTTP/1.1" 200 408
114.85.125.222 - - [23/Dec/2021:09:49:56 +0800] "GET /xingrg/check_reg.html?_=1640224143768 HTTP/1.1" 200 22
114.85.125.222 - - [23/Dec/2021:09:49:56 +0800] "GET /xingrg/all/function/internal_message.html?_=1640224144257&CODE_STATE=getMsg HTTP/1.1" 200 27
222.70.176.97 - - [23/Dec/2021:09:49:58 +0800] "GET /xingrg/all/function/internal_message.html?_=1640224195406&CODE_STATE=getMsg HTTP/1.1" 200 27
116.227.210.113 - - [23/Dec/2021:09:49:59 +0800] "GET /xingrg/all/function/internal_message.html?_=1640224174942&CODE_STATE=getMsg HTTP/1.1" 200 27
116.238.208.177 - - [23/Dec/2021:09:50:00 +0800] "POST /xingrg/kc/buy/cgsh_list_operate.html HTTP/1.1" 200 6057
114.88.159.28 - - [23/Dec/2021:09:50:06 +0800] "GET /xingrg/all/function/internal_message.html?_=1640224017201&CODE_STATE=getMsg HTTP/1.1" 200 27
124.79.245.255 - - [23/Dec/2021:09:50:07 +0800] "GET /xingrg/javascript/easyui/themes/default/images/button_plain_hover.png HTTP/1.1" 304 -
124.79.245.255 - - [23/Dec/2021:09:50:07 +0800] "GET /xingrg/javascript/easyui/themes/default/images/button_plain_hover.png HTTP/1.1" 304 -
124.79.245.255 - - [23/Dec/2021:09:50:07 +0800] "GET /xingrg/javascript/easyui/themes/default/images/button_plain_hover.png HTTP/1.1" 304 -
124.79.245.255 - - [23/Dec/2021:09:50:08 +0800] "GET /xingrg/javascript/easyui/themes/default/images/button_plain_hover.png HTTP/1.1" 304 -
116.238.248.233 - - [23/Dec/2021:09:50:08 +0800] "GET /xingrg/all/function/internal_message.html?_=1640224208898&CODE_STATE=getMsg HTTP/1.1" 200 27
116.238.208.177 - - [23/Dec/2021:09:50:08 +0800] "POST /xingrg/kc/buy/cgsh_list_operate.html HTTP/1.1" 200 5991
123.6.49.6 - - [23/Dec/2021:09:50:08 +0800] "-" 400 -
123.6.49.38 - - [23/Dec/2021:09:50:08 +0800] "-" 400 -
116.238.208.177 - - [23/Dec/2021:09:50:14 +0800] "POST /xingrg/kc/buy/cgsh_list_operate.html HTTP/1.1" 200 6037
124.77.245.186 - - [23/Dec/2021:09:50:16 +0800] "GET /xingrg/all/function/internal_message.html?_=1640224229934&CODE_STATE=getMsg HTTP/1.1" 200 27
116.227.210.113 - - [23/Dec/2021:09:50:18 +0800] "POST /xingrg/services/DataTransmitService HTTP/1.1" 200 524
180.169.147.146 - - [23/Dec/2021:09:50:24 +0800] "GET /xingrg/all/function/internal_message.html?_=1640224223931&CODE_STATE=getMsg HTTP/1.1" 200 27
124.79.245.255 - - [23/Dec/2021:09:50:27 +0800] "GET /xingrg/all/function/internal_message.html?_=1640224353732&CODE_STATE=getMsg HTTP/1.1" 302 -
116.238.208.177 - - [23/Dec/2021:09:50:32 +0800] "POST /xingrg/kc/buy/cgsh_list_operate.html HTTP/1.1" 200 648
116.238.208.177 - - [23/Dec/2021:09:50:34 +0800] "GET /xingrg/kc/buy/cgsh_order_info.html?code=212021122109060 HTTP/1.1" 200 60123
116.238.208.177 - - [23/Dec/2021:09:50:35 +0800] "GET /xingrg/javascript/easyui/themes/default/validatebox.css HTTP/1.1" 404 1104
116.238.208.177 - - [23/Dec/2021:09:50:36 +0800] "POST /xingrg/kc/buy/cgsh_order_operate.html HTTP/1.1" 200 3670
120.253.135.82 - - [23/Dec/2021:09:50:38 +0800] "GET /xingrg/check_reg.html?_=1640224013699 HTTP/1.1" 200 22
120.253.135.82 - - [23/Dec/2021:09:50:38 +0800] "GET /xingrg/all/function/internal_message.html?_=1640224013697&CODE_STATE=getMsg HTTP/1.1" 200 27
172.20.0.100 - - [23/Dec/2021:09:50:42 +0800] "GET /xingrg/all/function/internal_message.html?_=1640224241531&CODE_STATE=getMsg HTTP/1.1" 200 27
172.20.0.100 - - [23/Dec/2021:09:50:42 +0800] "GET /xingrg/check_reg.html?_=1640224241533 HTTP/1.1" 200 22
116.232.52.211 - - [23/Dec/2021:09:50:42 +0800] "GET /xingrg/all/function/internal_message.html?_=1640224242435&CODE_STATE=getMsg HTTP/1.1" 200 27
116.232.52.211 - - [23/Dec/2021:09:50:42 +0800] "GET /xingrg/check_reg.html?_=1640224242436 HTTP/1.1" 200 22
114.88.159.28 - - [23/Dec/2021:09:50:43 +0800] "GET /xingrg/kc/buy/cgsh_order_operate.html?command=get_materiel&rest_code=00141&code=00101005036&supplier_code=00100040&order_time=2021-12-23 HTTP/1.1" 200 409
180.175.103.30 - - [23/Dec/2021:09:50:44 +0800] "GET /xingrg/all/function/internal_message.html?_=1640224244333&CODE_STATE=getMsg HTTP/1.1" 200 27
116.238.208.177 - - [23/Dec/2021:09:50:46 +0800] "GET /xingrg/all/function/internal_message.html?_=1640224254978&CODE_STATE=getMsg HTTP/1.1" 200 27
124.79.245.255 - - [23/Dec/2021:09:50:48 +0800] "GET /xingrg/all/function/internal_message.html?_=1640224374008&CODE_STATE=getMsg HTTP/1.1" 302 -
124.79.245.255 - - [23/Dec/2021:09:50:48 +0800] "GET /xingrg/check_reg.html?_=1640224374009 HTTP/1.1" 302 -
120.253.135.82 - - [23/Dec/2021:09:50:53 +0800] "POST /xingrg/kc/pszx/mdps_list_operate.html HTTP/1.1" 200 5240
116.228.172.94 - - [23/Dec/2021:09:50:53 +0800] "GET /xingrg/all/function/internal_message.html?_=1640224252138&CODE_STATE=getMsg HTTP/1.1" 200 27
114.88.159.28 - - [23/Dec/2021:09:50:55 +0800] "GET /xingrg/kc/buy/cgsh_order_operate.html?command=get_materiel&rest_code=00141&code=00101001010&supplier_code=00100040&order_time=2021-12-23 HTTP/1.1" 200 409
114.85.125.222 - - [23/Dec/2021:09:50:56 +0800] "GET /xingrg/all/function/internal_message.html?_=1640224204270&CODE_STATE=getMsg HTTP/1.1" 200 27
222.70.176.97 - - [23/Dec/2021:09:50:58 +0800] "GET /xingrg/check_reg.html?_=1640224255338 HTTP/1.1" 200 22
222.70.176.97 - - [23/Dec/2021:09:50:58 +0800] "GET /xingrg/all/function/internal_message.html?_=1640224255388&CODE_STATE=getMsg HTTP/1.1" 200 27
116.227.210.113 - - [23/Dec/2021:09:50:59 +0800] "GET /xingrg/all/function/internal_message.html?_=1640224234917&CODE_STATE=getMsg HTTP/1.1" 200 27
116.238.248.233 - - [23/Dec/2021:09:51:02 +0800] "POST /xingrg/kc/buy/cgsh_order_operate.html HTTP/1.1" 200 37
120.253.135.82 - - [23/Dec/2021:09:51:05 +0800] "POST /xingrg/kc/pszx/mdps_list_operate.html HTTP/1.1" 200 203
114.88.159.28 - - [23/Dec/2021:09:51:06 +0800] "GET /xingrg/all/function/internal_message.html?_=1640224077179&CODE_STATE=getMsg HTTP/1.1" 200 27
114.88.159.28 - - [23/Dec/2021:09:51:07 +0800] "POST /xingrg/kc/buy/cgsh_order_operate.html HTTP/1.1" 200 37
116.238.248.233 - - [23/Dec/2021:09:51:07 +0800] "POST /xingrg/kc/buy/cgsh_order_operate.html HTTP/1.1" 200 29869
116.238.248.233 - - [23/Dec/2021:09:51:08 +0800] "GET /xingrg/all/function/internal_message.html?_=1640224268940&CODE_STATE=getMsg HTTP/1.1" 200 27
120.253.135.82 - - [23/Dec/2021:09:51:08 +0800] "GET /xingrg/kc/pszx/mdps_order_info.html?code=312021122200591 HTTP/1.1" 200 23937
120.253.135.82 - - [23/Dec/2021:09:51:09 +0800] "GET /xingrg/javascript/easyui/themes/default/validatebox.css HTTP/1.1" 404 1104
120.253.135.82 - - [23/Dec/2021:09:51:09 +0800] "POST /xingrg/kc/pszx/mdps_order_operate.html HTTP/1.1" 200 2279
114.88.159.28 - - [23/Dec/2021:09:51:12 +0800] "POST /xingrg/kc/buy/cgsh_order_operate.html HTTP/1.1" 200 12
114.88.159.28 - - [23/Dec/2021:09:51:13 +0800] "GET /xingrg/kc/buy/cgsh_order_info.html?code=212021122309563 HTTP/1.1" 200 60164
114.88.159.28 - - [23/Dec/2021:09:51:13 +0800] "GET /xingrg/javascript/easyui/themes/default/validatebox.css HTTP/1.1" 404 1104
120.253.135.82 - - [23/Dec/2021:09:51:14 +0800] "POST /xingrg/kc/pszx/mdps_list_operate.html HTTP/1.1" 200 5240
114.88.159.28 - - [23/Dec/2021:09:51:15 +0800] "POST /xingrg/kc/buy/cgsh_order_operate.html HTTP/1.1" 200 1778
124.77.245.186 - - [23/Dec/2021:09:51:16 +0800] "GET /xingrg/all/function/internal_message.html?_=1640224289948&CODE_STATE=getMsg HTTP/1.1" 200 27
114.88.159.28 - - [23/Dec/2021:09:51:17 +0800] "GET /xingrg/kc/print/load_data.html?order_code=212021122309563&kc_code=cgsh&condition= HTTP/1.1" 200 1225
120.253.135.82 - - [23/Dec/2021:09:51:18 +0800] "GET /xingrg/kc/pszx/mdqp_order_list.html?state=10 HTTP/1.1" 200 10217
120.253.135.82 - - [23/Dec/2021:09:51:18 +0800] "GET /xingrg/dwr/interface/AjaxReportQueryService.js HTTP/1.1" 200 13203
120.253.135.82 - - [23/Dec/2021:09:51:18 +0800] "GET /xingrg/dwr/interface/AjaxQqpsService.js HTTP/1.1" 200 16326
120.253.135.82 - - [23/Dec/2021:09:51:18 +0800] "GET /xingrg/dwr/engine.js HTTP/1.1" 200 43631
120.253.135.82 - - [23/Dec/2021:09:51:18 +0800] "POST /xingrg/kc/pszx/mdps_list_operate.html HTTP/1.1" 200 5240
114.88.159.28 - - [23/Dec/2021:09:51:22 +0800] "GET /xingrg/kc/buy/cgsh_order_add.html HTTP/1.1" 200 65255
114.88.159.28 - - [23/Dec/2021:09:51:22 +0800] "POST /xingrg/kc/buy/cgsh_order_operate.html HTTP/1.1" 200 8245
114.88.159.28 - - [23/Dec/2021:09:51:22 +0800] "GET /xingrg/javascript/easyui/themes/default/validatebox.css HTTP/1.1" 404 1104
180.169.147.146 - - [23/Dec/2021:09:51:24 +0800] "GET /xingrg/all/function/internal_message.html?_=1640224283935&CODE_STATE=getMsg HTTP/1.1" 200 27
116.238.208.177 - - [23/Dec/2021:09:51:25 +0800] "POST /xingrg/kc/buy/cgsh_list_operate.html HTTP/1.1" 200 6037
124.79.245.255 - - [23/Dec/2021:09:51:27 +0800] "GET /xingrg/all/function/internal_message.html?_=1640224413730&CODE_STATE=getMsg HTTP/1.1" 302 -
120.253.135.82 - - [23/Dec/2021:09:51:32 +0800] "GET /xingrg/all/function/internal_message.html?_=1640224073876&CODE_STATE=getMsg HTTP/1.1" 200 27
116.238.208.177 - - [23/Dec/2021:09:51:35 +0800] "POST /xingrg/kc/buy/cgsh_list_operate.html HTTP/1.1" 200 5916
172.20.0.100 - - [23/Dec/2021:09:51:42 +0800] "GET /xingrg/all/function/internal_message.html?_=1640224301539&CODE_STATE=getMsg HTTP/1.1" 200 27
116.232.52.211 - - [23/Dec/2021:09:51:42 +0800] "GET /xingrg/all/function/internal_message.html?_=1640224302437&CODE_STATE=getMsg HTTP/1.1" 200 27
180.175.103.30 - - [23/Dec/2021:09:51:44 +0800] "GET /xingrg/all/function/internal_message.html?_=1640224304308&CODE_STATE=getMsg HTTP/1.1" 200 27
116.238.208.177 - - [23/Dec/2021:09:51:46 +0800] "POST /xingrg/kc/buy/cgsh_list_operate.html HTTP/1.1" 200 6008
116.238.208.177 - - [23/Dec/2021:09:51:46 +0800] "GET /xingrg/all/function/internal_message.html?_=1640224315106&CODE_STATE=getMsg HTTP/1.1" 200 27
124.79.245.255 - - [23/Dec/2021:09:51:48 +0800] "GET /xingrg/all/function/internal_message.html?_=1640224434007&CODE_STATE=getMsg HTTP/1.1" 302 -
116.238.208.177 - - [23/Dec/2021:09:51:50 +0800] "GET /xingrg/kc/buy/cgsh_order_add.html HTTP/1.1" 200 65208
114.88.159.28 - - [23/Dec/2021:09:51:50 +0800] "GET /xingrg/kc/buy/cgsh_order_operate.html?command=get_materiel&rest_code=00141&code=00101007049&supplier_code=00100004&order_time=2021-12-23 HTTP/1.1" 200 409
116.238.208.177 - - [23/Dec/2021:09:51:51 +0800] "POST /xingrg/kc/buy/cgsh_order_operate.html HTTP/1.1" 200 8245
58.221.95.50 - - [23/Dec/2021:09:51:51 +0800] "GET /xingrg/check_reg.html?_=1640224311599 HTTP/1.1" 302 -
116.238.208.177 - - [23/Dec/2021:09:51:51 +0800] "GET /xingrg/javascript/easyui/themes/default/validatebox.css HTTP/1.1" 404 1104
116.228.172.94 - - [23/Dec/2021:09:51:53 +0800] "GET /xingrg/check_reg.html?_=1640224312110 HTTP/1.1" 200 22
116.228.172.94 - - [23/Dec/2021:09:51:53 +0800] "GET /xingrg/all/function/internal_message.html?_=1640224312119&CODE_STATE=getMsg HTTP/1.1" 200 27
116.238.208.177 - - [23/Dec/2021:09:51:55 +0800] "GET /xingrg/javascript/easyui/themes/default/tree.css HTTP/1.1" 404 1090
116.238.208.177 - - [23/Dec/2021:09:51:55 +0800] "POST /xingrg/all/common/load_tree.html?tree=supplier_tree_json&isDelete=1 HTTP/1.1" 200 61544
114.85.125.222 - - [23/Dec/2021:09:51:56 +0800] "GET /xingrg/all/function/internal_message.html?_=1640224264284&CODE_STATE=getMsg HTTP/1.1" 200 27
222.70.176.97 - - [23/Dec/2021:09:51:58 +0800] "GET /xingrg/all/function/internal_message.html?_=1640224315371&CODE_STATE=getMsg HTTP/1.1" 200 27
116.227.210.113 - - [23/Dec/2021:09:51:59 +0800] "GET /xingrg/all/function/internal_message.html?_=1640224294911&CODE_STATE=getMsg HTTP/1.1" 200 27
114.88.159.28 - - [23/Dec/2021:09:52:02 +0800] "GET /xingrg/kc/buy/cgsh_order_operate.html?command=get_materiel&rest_code=00141&code=00101007038&supplier_code=00100004&order_time=2021-12-23 HTTP/1.1" 200 442
114.88.159.28 - - [23/Dec/2021:09:52:06 +0800] "GET /xingrg/all/function/internal_message.html?_=1640224137179&CODE_STATE=getMsg HTTP/1.1" 200 27
116.238.248.233 - - [23/Dec/2021:09:52:08 +0800] "GET /xingrg/all/function/internal_message.html?_=1640224328931&CODE_STATE=getMsg HTTP/1.1" 200 27
116.238.248.233 - - [23/Dec/2021:09:52:08 +0800] "GET /xingrg/check_reg.html?_=1640224329302 HTTP/1.1" 200 22
114.88.159.28 - - [23/Dec/2021:09:52:11 +0800] "GET /xingrg/kc/buy/cgsh_order_operate.html?command=get_materiel&rest_code=00141&code=00101007125&supplier_code=00100004&order_time=2021-12-23 HTTP/1.1" 200 406
124.77.245.186 - - [23/Dec/2021:09:52:16 +0800] "GET /xingrg/all/function/internal_message.html?_=1640224349983&CODE_STATE=getMsg HTTP/1.1" 200 27
180.169.147.146 - - [23/Dec/2021:09:52:24 +0800] "GET /xingrg/all/function/internal_message.html?_=1640224343934&CODE_STATE=getMsg HTTP/1.1" 200 27
124.79.245.255 - - [23/Dec/2021:09:52:27 +0800] "GET /xingrg/all/function/internal_message.html?_=1640224473745&CODE_STATE=getMsg HTTP/1.1" 302 -
120.253.135.82 - - [23/Dec/2021:09:52:32 +0800] "GET /xingrg/all/function/internal_message.html?_=1640224133878&CODE_STATE=getMsg HTTP/1.1" 200 27
114.88.159.28 - - [23/Dec/2021:09:52:36 +0800] "GET /xingrg/kc/buy/cgsh_order_operate.html?command=get_materiel&rest_code=00141&code=00101007032&supplier_code=00100004&order_time=2021-12-23 HTTP/1.1" 200 413
172.20.0.100 - - [23/Dec/2021:09:52:42 +0800] "GET /xingrg/all/function/internal_message.html?_=1640224361532&CODE_STATE=getMsg HTTP/1.1" 200 27
116.232.52.211 - - [23/Dec/2021:09:52:42 +0800] "GET /xingrg/all/function/internal_message.html?_=1640224362439&CODE_STATE=getMsg HTTP/1.1" 200 27
180.175.103.30 - - [23/Dec/2021:09:52:44 +0800] "GET /xingrg/all/function/internal_message.html?_=1640224364283&CODE_STATE=getMsg HTTP/1.1" 200 27
114.88.159.28 - - [23/Dec/2021:09:52:45 +0800] "GET /xingrg/kc/buy/cgsh_order_operate.html?command=get_materiel&rest_code=00141&code=00101007077&supplier_code=00100004&order_time=2021-12-23 HTTP/1.1" 200 415
116.238.208.177 - - [23/Dec/2021:09:52:46 +0800] "GET /xingrg/all/function/internal_message.html?_=1640224375115&CODE_STATE=getMsg HTTP/1.1" 200 27
124.79.245.255 - - [23/Dec/2021:09:52:48 +0800] "GET /xingrg/all/function/internal_message.html?_=1640224494005&CODE_STATE=getMsg HTTP/1.1" 302 -
114.88.159.28 - - [23/Dec/2021:09:52:52 +0800] "GET /xingrg/kc/buy/cgsh_order_operate.html?command=get_materiel&rest_code=00141&code=00101007085&supplier_code=00100004&order_time=2021-12-23 HTTP/1.1" 200 413
116.228.172.94 - - [23/Dec/2021:09:52:53 +0800] "GET /xingrg/all/function/internal_message.html?_=1640224372109&CODE_STATE=getMsg HTTP/1.1" 200 27
114.85.125.222 - - [23/Dec/2021:09:52:56 +0800] "GET /xingrg/all/function/internal_message.html?_=1640224324308&CODE_STATE=getMsg HTTP/1.1" 200 27
222.70.176.97 - - [23/Dec/2021:09:52:58 +0800] "GET /xingrg/all/function/internal_message.html?_=1640224375357&CODE_STATE=getMsg HTTP/1.1" 200 27
116.227.210.113 - - [23/Dec/2021:09:52:59 +0800] "GET /xingrg/all/function/internal_message.html?_=1640224354892&CODE_STATE=getMsg HTTP/1.1" 200 27
114.88.159.28 - - [23/Dec/2021:09:53:03 +0800] "POST /xingrg/kc/buy/cgsh_order_operate.html HTTP/1.1" 200 37
114.88.159.28 - - [23/Dec/2021:09:53:06 +0800] "GET /xingrg/all/function/internal_message.html?_=1640224197129&CODE_STATE=getMsg HTTP/1.1" 200 27
116.238.248.233 - - [23/Dec/2021:09:53:08 +0800] "GET /xingrg/all/function/internal_message.html?_=1640224388985&CODE_STATE=getMsg HTTP/1.1" 200 27
114.88.159.28 - - [23/Dec/2021:09:53:08 +0800] "POST /xingrg/kc/buy/cgsh_order_operate.html HTTP/1.1" 200 12
114.88.159.28 - - [23/Dec/2021:09:53:10 +0800] "GET /xingrg/kc/buy/cgsh_order_info.html?code=212021122309564 HTTP/1.1" 200 60164
114.88.159.28 - - [23/Dec/2021:09:53:11 +0800] "GET /xingrg/javascript/easyui/themes/default/validatebox.css HTTP/1.1" 404 1104
114.88.159.28 - - [23/Dec/2021:09:53:11 +0800] "POST /xingrg/kc/buy/cgsh_order_operate.html HTTP/1.1" 200 3564
116.238.248.233 - - [23/Dec/2021:09:53:12 +0800] "POST /xingrg/kc/buy/cgsh_order_operate.html HTTP/1.1" 200 37
114.88.159.28 - - [23/Dec/2021:09:53:12 +0800] "GET /xingrg/kc/print/load_data.html?order_code=212021122309564&kc_code=cgsh&condition= HTTP/1.1" 200 1893
116.238.248.233 - - [23/Dec/2021:09:53:15 +0800] "POST /xingrg/kc/buy/cgsh_order_operate.html HTTP/1.1" 200 12
116.238.248.233 - - [23/Dec/2021:09:53:16 +0800] "GET /xingrg/kc/buy/cgsh_order_info.html?code=212021122309526 HTTP/1.1" 200 60053
124.77.245.186 - - [23/Dec/2021:09:53:16 +0800] "GET /xingrg/all/function/internal_message.html?_=1640224409990&CODE_STATE=getMsg HTTP/1.1" 200 27
114.88.159.28 - - [23/Dec/2021:09:53:16 +0800] "GET /xingrg/kc/buy/cgsh_order_add.html HTTP/1.1" 200 65255
116.238.248.233 - - [23/Dec/2021:09:53:16 +0800] "GET /xingrg/javascript/easyui/themes/default/validatebox.css HTTP/1.1" 404 1104
114.88.159.28 - - [23/Dec/2021:09:53:16 +0800] "POST /xingrg/kc/buy/cgsh_order_operate.html HTTP/1.1" 200 8245
114.88.159.28 - - [23/Dec/2021:09:53:16 +0800] "GET /xingrg/javascript/easyui/themes/default/validatebox.css HTTP/1.1" 404 1104
116.238.248.233 - - [23/Dec/2021:09:53:17 +0800] "POST /xingrg/kc/buy/cgsh_order_operate.html HTTP/1.1" 200 27813
116.238.248.233 - - [23/Dec/2021:09:53:18 +0800] "GET /xingrg/kc/print/load_data.html?order_code=212021122309526&kc_code=cgsh&condition= HTTP/1.1" 200 11069
180.169.147.146 - - [23/Dec/2021:09:53:24 +0800] "GET /xingrg/all/function/internal_message.html?_=1640224403935&CODE_STATE=getMsg HTTP/1.1" 200 27
116.238.248.233 - - [23/Dec/2021:09:53:27 +0800] "POST /xingrg/kc/buy/cgsh_list_operate.html HTTP/1.1" 200 1689
124.79.245.255 - - [23/Dec/2021:09:53:27 +0800] "GET /xingrg/all/function/internal_message.html?_=1640224533770&CODE_STATE=getMsg HTTP/1.1" 302 -
116.238.248.233 - - [23/Dec/2021:09:53:30 +0800] "POST /xingrg/kc/buy/cgsh_list_operate.html HTTP/1.1" 200 580
116.238.248.233 - - [23/Dec/2021:09:53:31 +0800] "GET /xingrg/kc/buy/cgsh_order_info.html?code=212021122309546 HTTP/1.1" 200 65141
116.238.248.233 - - [23/Dec/2021:09:53:31 +0800] "GET /xingrg/javascript/easyui/themes/default/validatebox.css HTTP/1.1" 404 1104
116.238.248.233 - - [23/Dec/2021:09:53:32 +0800] "POST /xingrg/kc/buy/cgsh_order_operate.html HTTP/1.1" 200 10962
120.253.135.82 - - [23/Dec/2021:09:53:32 +0800] "GET /xingrg/all/function/internal_message.html?_=1640224194105&CODE_STATE=getMsg HTTP/1.1" 200 27
114.88.159.28 - - [23/Dec/2021:09:53:34 +0800] "GET /xingrg/kc/buy/cgsh_order_operate.html?command=get_materiel&rest_code=00141&code=00101008112&supplier_code=00100007&order_time=2021-12-23 HTTP/1.1" 200 412
116.238.208.177 - - [23/Dec/2021:09:53:41 +0800] "GET /xingrg/check_reg.html?_=1640224429966 HTTP/1.1" 200 22
172.20.0.100 - - [23/Dec/2021:09:53:42 +0800] "GET /xingrg/all/function/internal_message.html?_=1640224421539&CODE_STATE=getMsg HTTP/1.1" 200 27
116.232.52.211 - - [23/Dec/2021:09:53:42 +0800] "GET /xingrg/all/function/internal_message.html?_=1640224422441&CODE_STATE=getMsg HTTP/1.1" 200 27
180.175.103.30 - - [23/Dec/2021:09:53:44 +0800] "GET /xingrg/all/function/internal_message.html?_=1640224424265&CODE_STATE=getMsg HTTP/1.1" 200 27
180.175.103.30 - - [23/Dec/2021:09:53:44 +0800] "GET /xingrg/check_reg.html?_=1640224424970 HTTP/1.1" 200 22
114.88.159.28 - - [23/Dec/2021:09:53:46 +0800] "GET /xingrg/kc/buy/cgsh_order_operate.html?command=get_materiel&rest_code=00141&code=00101008612&supplier_code=00100007&order_time=2021-12-23 HTTP/1.1" 200 406
116.238.208.177 - - [23/Dec/2021:09:53:46 +0800] "GET /xingrg/all/function/internal_message.html?_=1640224435380&CODE_STATE=getMsg HTTP/1.1" 200 27
124.79.245.255 - - [23/Dec/2021:09:53:48 +0800] "GET /xingrg/all/function/internal_message.html?_=1640224554004&CODE_STATE=getMsg HTTP/1.1" 302 -
116.227.210.113 - - [23/Dec/2021:09:53:49 +0800] "GET /xingrg/check_reg.html?_=1640224405521 HTTP/1.1" 200 22
114.88.159.28 - - [23/Dec/2021:09:53:52 +0800] "GET /xingrg/kc/buy/cgsh_order_operate.html?command=get_materiel&rest_code=00141&code=00101008096&supplier_code=00100007&order_time=2021-12-23 HTTP/1.1" 200 412
116.228.172.94 - - [23/Dec/2021:09:53:53 +0800] "GET /xingrg/all/function/internal_message.html?_=1640224432091&CODE_STATE=getMsg HTTP/1.1" 200 27
114.85.125.222 - - [23/Dec/2021:09:53:56 +0800] "GET /xingrg/all/function/internal_message.html?_=1640224384311&CODE_STATE=getMsg HTTP/1.1" 200 27
222.70.176.97 - - [23/Dec/2021:09:53:58 +0800] "GET /xingrg/all/function/internal_message.html?_=1640224435341&CODE_STATE=getMsg HTTP/1.1" 200 27
116.227.210.113 - - [23/Dec/2021:09:53:59 +0800] "GET /xingrg/all/function/internal_message.html?_=1640224414879&CODE_STATE=getMsg HTTP/1.1" 200 27
114.88.159.28 - - [23/Dec/2021:09:53:59 +0800] "GET /xingrg/kc/buy/cgsh_order_operate.html?command=get_materiel&rest_code=00141&code=00101008038&supplier_code=00100007&order_time=2021-12-23 HTTP/1.1" 200 412
114.88.159.28 - - [23/Dec/2021:09:54:06 +0800] "GET /xingrg/all/function/internal_message.html?_=1640224257105&CODE_STATE=getMsg HTTP/1.1" 200 27
114.88.159.28 - - [23/Dec/2021:09:54:06 +0800] "GET /xingrg/check_reg.html?_=1640224257227 HTTP/1.1" 200 22
114.88.159.28 - - [23/Dec/2021:09:54:08 +0800] "GET /xingrg/kc/buy/cgsh_order_operate.html?command=get_materiel&rest_code=00141&code=00101008199&supplier_code=00100007&order_time=2021-12-23 HTTP/1.1" 200 408
116.238.248.233 - - [23/Dec/2021:09:54:08 +0800] "GET /xingrg/all/function/internal_message.html?_=1640224449116&CODE_STATE=getMsg HTTP/1.1" 200 27
116.238.208.177 - - [23/Dec/2021:09:54:11 +0800] "POST /xingrg/kc/buy/cgsh_list_operate.html HTTP/1.1" 200 6008
124.77.245.186 - - [23/Dec/2021:09:54:16 +0800] "GET /xingrg/all/function/internal_message.html?_=1640224470050&CODE_STATE=getMsg HTTP/1.1" 200 27
180.169.147.146 - - [23/Dec/2021:09:54:24 +0800] "GET /xingrg/check_reg.html?_=1640224463936 HTTP/1.1" 200 22
180.169.147.146 - - [23/Dec/2021:09:54:24 +0800] "GET /xingrg/all/function/internal_message.html?_=1640224463937&CODE_STATE=getMsg HTTP/1.1" 200 27
124.77.245.186 - - [23/Dec/2021:09:54:26 +0800] "GET /xingrg/check_reg.html?_=1640224479742 HTTP/1.1" 200 22
124.79.245.255 - - [23/Dec/2021:09:54:27 +0800] "GET /xingrg/all/function/internal_message.html?_=1640224593770&CODE_STATE=getMsg HTTP/1.1" 302 -
124.79.245.255 - - [23/Dec/2021:09:54:27 +0800] "GET /xingrg/check_reg.html?_=1640224593769 HTTP/1.1" 302 -
120.253.135.82 - - [23/Dec/2021:09:54:32 +0800] "GET /xingrg/all/function/internal_message.html?_=1640224254109&CODE_STATE=getMsg HTTP/1.1" 200 27
172.20.0.100 - - [23/Dec/2021:09:54:42 +0800] "GET /xingrg/all/function/internal_message.html?_=1640224481529&CODE_STATE=getMsg HTTP/1.1" 200 27
116.232.52.211 - - [23/Dec/2021:09:54:42 +0800] "GET /xingrg/all/function/internal_message.html?_=1640224482443&CODE_STATE=getMsg HTTP/1.1" 200 27
180.175.103.30 - - [23/Dec/2021:09:54:44 +0800] "GET /xingrg/all/function/internal_message.html?_=1640224484245&CODE_STATE=getMsg HTTP/1.1" 200 27
116.238.208.177 - - [23/Dec/2021:09:54:46 +0800] "GET /xingrg/all/function/internal_message.html?_=1640224495393&CODE_STATE=getMsg HTTP/1.1" 200 27
116.238.248.233 - - [23/Dec/2021:09:54:47 +0800] "POST /xingrg/kc/buy/cgsh_order_operate.html HTTP/1.1" 200 37
124.79.245.255 - - [23/Dec/2021:09:54:48 +0800] "GET /xingrg/all/function/internal_message.html?_=1640224614003&CODE_STATE=getMsg HTTP/1.1" 302 -
116.238.248.233 - - [23/Dec/2021:09:54:50 +0800] "POST /xingrg/kc/buy/cgsh_order_operate.html HTTP/1.1" 200 12
116.238.248.233 - - [23/Dec/2021:09:54:51 +0800] "GET /xingrg/kc/buy/cgsh_order_info.html?code=212021122309546 HTTP/1.1" 200 60041
116.238.248.233 - - [23/Dec/2021:09:54:52 +0800] "GET /xingrg/javascript/easyui/themes/default/validatebox.css HTTP/1.1" 404 1104
116.238.248.233 - - [23/Dec/2021:09:54:52 +0800] "POST /xingrg/kc/buy/cgsh_order_operate.html HTTP/1.1" 200 8907
116.228.172.94 - - [23/Dec/2021:09:54:53 +0800] "GET /xingrg/all/function/internal_message.html?_=1640224492069&CODE_STATE=getMsg HTTP/1.1" 200 27
116.238.248.233 - - [23/Dec/2021:09:54:53 +0800] "GET /xingrg/kc/print/load_data.html?order_code=212021122309546&kc_code=cgsh&condition= HTTP/1.1" 200 3842
114.85.125.222 - - [23/Dec/2021:09:54:56 +0800] "GET /xingrg/all/function/internal_message.html?_=1640224444325&CODE_STATE=getMsg HTTP/1.1" 200 27
222.70.176.97 - - [23/Dec/2021:09:54:58 +0800] "GET /xingrg/all/function/internal_message.html?_=1640224495340&CODE_STATE=getMsg HTTP/1.1" 200 27
114.85.125.222 - - [23/Dec/2021:09:54:59 +0800] "GET /xingrg/check_reg.html?_=1640224443771 HTTP/1.1" 200 22
116.227.210.113 - - [23/Dec/2021:09:54:59 +0800] "GET /xingrg/all/function/internal_message.html?_=1640224474861&CODE_STATE=getMsg HTTP/1.1" 200 27
116.238.248.233 - - [23/Dec/2021:09:55:04 +0800] "POST /xingrg/kc/buy/cgsh_list_operate.html HTTP/1.1" 200 876
114.88.159.28 - - [23/Dec/2021:09:55:06 +0800] "GET /xingrg/all/function/internal_message.html?_=1640224317084&CODE_STATE=getMsg HTTP/1.1" 200 27
116.238.248.233 - - [23/Dec/2021:09:55:07 +0800] "POST /xingrg/all/user/operate.html HTTP/1.1" 200 36
116.238.248.233 - - [23/Dec/2021:09:55:08 +0800] "GET /xingrg/index.html?sysBaseUrl=http%3A%2F%2F180.169.147.146%3A18081%2Fxingrg%2F&costTime=35×tamp=1640220281534 HTTP/1.1" 200 17177
116.238.248.233 - - [23/Dec/2021:09:55:08 +0800] "GET /xingrg/javascript/jquery_easy_ui/themes/default/easyui.css HTTP/1.1" 304 -
116.238.248.233 - - [23/Dec/2021:09:55:08 +0800] "GET /xingrg/javascript/jquery_easy_ui/themes/icon.css HTTP/1.1" 304 -
116.238.248.233 - - [23/Dec/2021:09:55:08 +0800] "GET /xingrg/css/form.css HTTP/1.1" 304 -
116.238.248.233 - - [23/Dec/2021:09:55:08 +0800] "GET /xingrg/javascript/jquery-1.4.2.min.js HTTP/1.1" 304 -
116.238.248.233 - - [23/Dec/2021:09:55:08 +0800] "GET /xingrg/javascript/jquery_easy_ui/jquery.easyui.min.js HTTP/1.1" 304 -
116.238.248.233 - - [23/Dec/2021:09:55:08 +0800] "GET /xingrg/javascript/jquery_easy_ui/easyui-lang-zh_CN.js HTTP/1.1" 304 -
116.238.248.233 - - [23/Dec/2021:09:55:08 +0800] "GET /xingrg/javascript/jquery.form.js HTTP/1.1" 304 -
116.238.248.233 - - [23/Dec/2021:09:55:08 +0800] "GET /xingrg/javascript/jquery.utils.js HTTP/1.1" 304 -
116.238.248.233 - - [23/Dec/2021:09:55:08 +0800] "GET /xingrg/javascript/jquery.timers.js HTTP/1.1" 304 -
116.238.248.233 - - [23/Dec/2021:09:55:08 +0800] "GET /xingrg/images/blue/jxLogo.png HTTP/1.1" 304 -
116.238.248.233 - - [23/Dec/2021:09:55:08 +0800] "GET /xingrg/images/blue/navBackgound.jpg HTTP/1.1" 304 -
116.238.248.233 - - [23/Dec/2021:09:55:08 +0800] "GET /xingrg/javascript/jquery_easy_ui/themes/icons/settle_new.png HTTP/1.1" 304 -
116.238.248.233 - - [23/Dec/2021:09:55:08 +0800] "POST /xingrg/all/common/load_tree.html?tree=area_rest_tree_json&manage=1 HTTP/1.1" 200 476
116.238.248.233 - - [23/Dec/2021:09:55:08 +0800] "GET /xingrg/all/function/internal_message.html?_=1640224509163&CODE_STATE=count HTTP/1.1" 200 11
116.238.248.233 - - [23/Dec/2021:09:55:08 +0800] "GET /xingrg/check_reg.html?_=1640224509166 HTTP/1.1" 200 22
116.238.248.233 - - [23/Dec/2021:09:55:08 +0800] "GET /xingrg/images/blue/pingpu.png HTTP/1.1" 304 -
116.238.248.233 - - [23/Dec/2021:09:55:08 +0800] "GET /xingrg/javascript/jquery_easy_ui/themes/default/images/panel_tool_collapse.gif HTTP/1.1" 304 -
116.238.248.233 - - [23/Dec/2021:09:55:08 +0800] "GET /xingrg/javascript/jquery_easy_ui/themes/default/images/tabs_leftarrow.png HTTP/1.1" 304 -
116.238.248.233 - - [23/Dec/2021:09:55:08 +0800] "GET /xingrg/javascript/jquery_easy_ui/themes/default/images/tabs_rightarrow.png HTTP/1.1" 304 -
116.238.248.233 - - [23/Dec/2021:09:55:08 +0800] "POST /xingrg/load_menu.html HTTP/1.1" 200 5138
116.238.248.233 - - [23/Dec/2021:09:55:10 +0800] "GET /xingrg/kc/buy/cgsh_order_list.html HTTP/1.1" 200 49484
116.238.248.233 - - [23/Dec/2021:09:55:12 +0800] "POST /xingrg/kc/buy/cgsh_list_operate.html HTTP/1.1" 200 2085
124.77.245.186 - - [23/Dec/2021:09:55:16 +0800] "GET /xingrg/all/function/internal_message.html?_=1640224530065&CODE_STATE=getMsg HTTP/1.1" 200 27
180.169.147.146 - - [23/Dec/2021:09:55:24 +0800] "GET /xingrg/all/function/internal_message.html?_=1640224523932&CODE_STATE=getMsg HTTP/1.1" 200 27
124.79.245.255 - - [23/Dec/2021:09:55:27 +0800] "GET /xingrg/all/function/internal_message.html?_=1640224653768&CODE_STATE=getMsg HTTP/1.1" 302 -
120.253.135.82 - - [23/Dec/2021:09:55:32 +0800] "GET /xingrg/check_reg.html?_=1640224313706 HTTP/1.1" 200 22
120.253.135.82 - - [23/Dec/2021:09:55:32 +0800] "GET /xingrg/all/function/internal_message.html?_=1640224314123&CODE_STATE=getMsg HTTP/1.1" 200 27
116.238.208.177 - - [23/Dec/2021:09:55:33 +0800] "POST /xingrg/kc/buy/cgsh_list_operate.html HTTP/1.1" 200 5917
116.238.208.177 - - [23/Dec/2021:09:55:41 +0800] "POST /xingrg/kc/buy/cgsh_list_operate.html HTTP/1.1" 200 5833
172.20.0.100 - - [23/Dec/2021:09:55:42 +0800] "GET /xingrg/all/function/internal_message.html?_=1640224541527&CODE_STATE=getMsg HTTP/1.1" 200 27
172.20.0.100 - - [23/Dec/2021:09:55:42 +0800] "GET /xingrg/check_reg.html?_=1640224541529 HTTP/1.1" 200 22
116.232.52.211 - - [23/Dec/2021:09:55:42 +0800] "GET /xingrg/all/function/internal_message.html?_=1640224542445&CODE_STATE=getMsg HTTP/1.1" 200 27
116.232.52.211 - - [23/Dec/2021:09:55:42 +0800] "GET /xingrg/check_reg.html?_=1640224542446 HTTP/1.1" 200 22
180.175.103.30 - - [23/Dec/2021:09:55:44 +0800] "GET /xingrg/all/function/internal_message.html?_=1640224544227&CODE_STATE=getMsg HTTP/1.1" 200 27
116.238.208.177 - - [23/Dec/2021:09:55:47 +0800] "GET /xingrg/all/function/internal_message.html?_=1640224555405&CODE_STATE=getMsg HTTP/1.1" 200 27
124.79.245.255 - - [23/Dec/2021:09:55:48 +0800] "GET /xingrg/all/function/internal_message.html?_=1640224674002&CODE_STATE=getMsg HTTP/1.1" 302 -
124.79.245.255 - - [23/Dec/2021:09:55:48 +0800] "GET /xingrg/check_reg.html?_=1640224674003 HTTP/1.1" 302 -
116.238.208.177 - - [23/Dec/2021:09:55:50 +0800] "POST /xingrg/kc/buy/cgsh_list_operate.html HTTP/1.1" 200 6026
116.228.172.94 - - [23/Dec/2021:09:55:53 +0800] "GET /xingrg/all/function/internal_message.html?_=1640224552052&CODE_STATE=getMsg HTTP/1.1" 200 27
114.85.125.222 - - [23/Dec/2021:09:55:56 +0800] "GET /xingrg/all/function/internal_message.html?_=1640224504339&CODE_STATE=getMsg HTTP/1.1" 200 27
116.238.208.177 - - [23/Dec/2021:09:55:57 +0800] "POST /xingrg/kc/buy/cgsh_list_operate.html HTTP/1.1" 200 6055
222.70.176.97 - - [23/Dec/2021:09:55:58 +0800] "GET /xingrg/check_reg.html?_=1640224555342 HTTP/1.1" 200 22
222.70.176.97 - - [23/Dec/2021:09:55:58 +0800] "GET /xingrg/all/function/internal_message.html?_=1640224555343&CODE_STATE=getMsg HTTP/1.1" 200 27
116.227.210.113 - - [23/Dec/2021:09:55:59 +0800] "GET /xingrg/all/function/internal_message.html?_=1640224534853&CODE_STATE=getMsg HTTP/1.1" 200 27
114.88.159.28 - - [23/Dec/2021:09:56:06 +0800] "GET /xingrg/all/function/internal_message.html?_=1640224377051&CODE_STATE=getMsg HTTP/1.1" 200 27
116.238.248.233 - - [23/Dec/2021:09:56:07 +0800] "POST /xingrg/kc/buy/cgsh_list_operate.html HTTP/1.1" 200 421
116.238.248.233 - - [23/Dec/2021:09:56:08 +0800] "GET /xingrg/all/function/internal_message.html?_=1640224569221&CODE_STATE=getMsg HTTP/1.1" 200 27
116.238.208.177 - - [23/Dec/2021:09:56:09 +0800] "POST /xingrg/kc/buy/cgsh_list_operate.html HTTP/1.1" 200 5964
124.77.245.186 - - [23/Dec/2021:09:56:16 +0800] "GET /xingrg/all/function/internal_message.html?_=1640224590078&CODE_STATE=getMsg HTTP/1.1" 200 27
180.169.147.146 - - [23/Dec/2021:09:56:24 +0800] "GET /xingrg/all/function/internal_message.html?_=1640224583918&CODE_STATE=getMsg HTTP/1.1" 200 27
124.79.245.255 - - [23/Dec/2021:09:56:27 +0800] "GET /xingrg/all/function/internal_message.html?_=1640224713766&CODE_STATE=getMsg HTTP/1.1" 302 -
120.253.135.82 - - [23/Dec/2021:09:56:32 +0800] "GET /xingrg/all/function/internal_message.html?_=1640224374136&CODE_STATE=getMsg HTTP/1.1" 200 27
116.238.208.177 - - [23/Dec/2021:09:56:34 +0800] "POST /xingrg/kc/buy/cgsh_list_operate.html HTTP/1.1" 200 6063
172.20.0.100 - - [23/Dec/2021:09:56:42 +0800] "GET /xingrg/all/function/internal_message.html?_=1640224601531&CODE_STATE=getMsg HTTP/1.1" 200 27
116.232.52.211 - - [23/Dec/2021:09:56:42 +0800] "GET /xingrg/all/function/internal_message.html?_=1640224602448&CODE_STATE=getMsg HTTP/1.1" 200 27
180.175.103.30 - - [23/Dec/2021:09:56:44 +0800] "GET /xingrg/all/function/internal_message.html?_=1640224604205&CODE_STATE=getMsg HTTP/1.1" 200 27
116.238.208.177 - - [23/Dec/2021:09:56:45 +0800] "POST /xingrg/kc/buy/cgsh_list_operate.html HTTP/1.1" 200 6054
116.228.172.94 - - [23/Dec/2021:09:56:46 +0800] "GET /xingrg/kc/buy/cgsh_order_add.html HTTP/1.1" 200 64302
116.238.208.177 - - [23/Dec/2021:09:56:46 +0800] "GET /xingrg/all/function/internal_message.html?_=1640224615420&CODE_STATE=getMsg HTTP/1.1" 200 27
116.228.172.94 - - [23/Dec/2021:09:56:47 +0800] "POST /xingrg/kc/buy/cgsh_order_operate.html HTTP/1.1" 200 8245
116.228.172.94 - - [23/Dec/2021:09:56:47 +0800] "GET /xingrg/javascript/easyui/themes/default/validatebox.css HTTP/1.1" 404 1104
124.79.245.255 - - [23/Dec/2021:09:56:48 +0800] "GET /xingrg/all/function/internal_message.html?_=1640224734000&CODE_STATE=getMsg HTTP/1.1" 302 -
116.228.172.94 - - [23/Dec/2021:09:56:48 +0800] "GET /xingrg/javascript/easyui/themes/default/tree.css HTTP/1.1" 404 1090
116.228.172.94 - - [23/Dec/2021:09:56:48 +0800] "POST /xingrg/all/common/load_tree.html?tree=supplier_tree_json&isDelete=1 HTTP/1.1" 200 61544
116.238.208.177 - - [23/Dec/2021:09:56:50 +0800] "POST /xingrg/kc/buy/cgsh_list_operate.html HTTP/1.1" 200 5900
58.221.95.50 - - [23/Dec/2021:09:56:51 +0800] "GET /xingrg/check_reg.html?_=1640224611609 HTTP/1.1" 302 -
116.228.172.94 - - [23/Dec/2021:09:56:53 +0800] "GET /xingrg/all/function/internal_message.html?_=1640224612037&CODE_STATE=getMsg HTTP/1.1" 200 27
116.228.172.94 - - [23/Dec/2021:09:56:53 +0800] "GET /xingrg/check_reg.html?_=1640224612094 HTTP/1.1" 200 22
116.238.208.177 - - [23/Dec/2021:09:56:56 +0800] "POST /xingrg/kc/buy/cgsh_list_operate.html HTTP/1.1" 200 5909
114.85.125.222 - - [23/Dec/2021:09:56:56 +0800] "GET /xingrg/all/function/internal_message.html?_=1640224564352&CODE_STATE=getMsg HTTP/1.1" 200 27
222.70.176.97 - - [23/Dec/2021:09:56:58 +0800] "GET /xingrg/all/function/internal_message.html?_=1640224615342&CODE_STATE=getMsg HTTP/1.1" 200 27
116.227.210.113 - - [23/Dec/2021:09:56:59 +0800] "GET /xingrg/all/function/internal_message.html?_=1640224594836&CODE_STATE=getMsg HTTP/1.1" 200 27
116.238.208.177 - - [23/Dec/2021:09:57:02 +0800] "POST /xingrg/kc/buy/cgsh_list_operate.html HTTP/1.1" 200 5939
114.88.159.28 - - [23/Dec/2021:09:57:06 +0800] "GET /xingrg/all/function/internal_message.html?_=1640224437032&CODE_STATE=getMsg HTTP/1.1" 200 27
116.238.248.233 - - [23/Dec/2021:09:57:08 +0800] "GET /xingrg/all/function/internal_message.html?_=1640224629272&CODE_STATE=getMsg HTTP/1.1" 200 27
116.238.208.177 - - [23/Dec/2021:09:57:11 +0800] "POST /xingrg/kc/buy/cgsh_list_operate.html HTTP/1.1" 200 5917
124.77.245.186 - - [23/Dec/2021:09:57:16 +0800] "GET /xingrg/all/function/internal_message.html?_=1640224650113&CODE_STATE=getMsg HTTP/1.1" 200 27
116.238.208.177 - - [23/Dec/2021:09:57:21 +0800] "POST /xingrg/kc/buy/cgsh_list_operate.html HTTP/1.1" 200 5947
180.169.147.146 - - [23/Dec/2021:09:57:24 +0800] "GET /xingrg/all/function/internal_message.html?_=1640224643936&CODE_STATE=getMsg HTTP/1.1" 200 27
116.238.208.177 - - [23/Dec/2021:09:57:27 +0800] "POST /xingrg/kc/buy/cgsh_list_operate.html HTTP/1.1" 200 5934
124.79.245.255 - - [23/Dec/2021:09:57:27 +0800] "GET /xingrg/all/function/internal_message.html?_=1640224773765&CODE_STATE=getMsg HTTP/1.1" 302 -
116.228.172.94 - - [23/Dec/2021:09:57:32 +0800] "GET /xingrg/kc/buy/cgsh_order_operate.html?command=get_materiel&rest_code=00153&code=00102021008&supplier_code=00100359&order_time=2021-12-23 HTTP/1.1" 200 429
120.253.135.82 - - [23/Dec/2021:09:57:32 +0800] "GET /xingrg/all/function/internal_message.html?_=1640224434150&CODE_STATE=getMsg HTTP/1.1" 200 27
116.238.208.177 - - [23/Dec/2021:09:57:33 +0800] "POST /xingrg/kc/buy/cgsh_list_operate.html HTTP/1.1" 200 6074
116.238.208.177 - - [23/Dec/2021:09:57:39 +0800] "POST /xingrg/kc/buy/cgsh_list_operate.html HTTP/1.1" 200 6061
172.20.0.100 - - [23/Dec/2021:09:57:42 +0800] "GET /xingrg/all/function/internal_message.html?_=1640224661533&CODE_STATE=getMsg HTTP/1.1" 200 27
116.232.52.211 - - [23/Dec/2021:09:57:42 +0800] "GET /xingrg/all/function/internal_message.html?_=1640224662450&CODE_STATE=getMsg HTTP/1.1" 200 27
180.175.103.30 - - [23/Dec/2021:09:57:44 +0800] "GET /xingrg/all/function/internal_message.html?_=1640224664181&CODE_STATE=getMsg HTTP/1.1" 200 27
116.238.208.177 - - [23/Dec/2021:09:57:46 +0800] "POST /xingrg/kc/buy/cgsh_list_operate.html HTTP/1.1" 200 5999
116.238.208.177 - - [23/Dec/2021:09:57:47 +0800] "GET /xingrg/all/function/internal_message.html?_=1640224675431&CODE_STATE=getMsg HTTP/1.1" 200 27
124.79.245.255 - - [23/Dec/2021:09:57:48 +0800] "GET /xingrg/all/function/internal_message.html?_=1640224794014&CODE_STATE=getMsg HTTP/1.1" 302 -
116.238.208.177 - - [23/Dec/2021:09:57:52 +0800] "POST /xingrg/kc/buy/cgsh_list_operate.html HTTP/1.1" 200 6067
116.228.172.94 - - [23/Dec/2021:09:57:53 +0800] "GET /xingrg/all/function/internal_message.html?_=1640224672025&CODE_STATE=getMsg HTTP/1.1" 200 27
116.238.248.233 - - [23/Dec/2021:09:57:56 +0800] "GET /xingrg/kc/buy/cgsh_order_info.html?code=212021122309530 HTTP/1.1" 200 64874
114.85.125.222 - - [23/Dec/2021:09:57:56 +0800] "GET /xingrg/all/function/internal_message.html?_=1640224624375&CODE_STATE=getMsg HTTP/1.1" 200 27
116.238.248.233 - - [23/Dec/2021:09:57:56 +0800] "GET /xingrg/javascript/easyui/themes/default/validatebox.css HTTP/1.1" 404 1104
116.238.248.233 - - [23/Dec/2021:09:57:57 +0800] "POST /xingrg/kc/buy/cgsh_order_operate.html HTTP/1.1" 200 4457
222.70.176.97 - - [23/Dec/2021:09:57:58 +0800] "GET /xingrg/all/function/internal_message.html?_=1640224675347&CODE_STATE=getMsg HTTP/1.1" 200 27
116.238.208.177 - - [23/Dec/2021:09:57:58 +0800] "POST /xingrg/kc/buy/cgsh_list_operate.html HTTP/1.1" 200 5975
116.227.210.113 - - [23/Dec/2021:09:57:59 +0800] "GET /xingrg/all/function/internal_message.html?_=1640224654813&CODE_STATE=getMsg HTTP/1.1" 200 27
116.228.172.94 - - [23/Dec/2021:09:58:01 +0800] "GET /xingrg/kc/buy/cgsh_order_operate.html?command=get_materiel&rest_code=00153&code=00102021015&supplier_code=00100359&order_time=2021-12-23 HTTP/1.1" 200 430
116.238.208.177 - - [23/Dec/2021:09:58:04 +0800] "POST /xingrg/kc/buy/cgsh_list_operate.html HTTP/1.1" 200 5955
114.88.159.28 - - [23/Dec/2021:09:58:06 +0800] "GET /xingrg/all/function/internal_message.html?_=1640224497010&CODE_STATE=getMsg HTTP/1.1" 200 27
116.238.208.177 - - [23/Dec/2021:09:58:07 +0800] "POST /xingrg/kc/buy/cgsh_list_operate.html HTTP/1.1" 200 6070
116.238.248.233 - - [23/Dec/2021:09:58:08 +0800] "GET /xingrg/all/function/internal_message.html?_=1640224689324&CODE_STATE=getMsg HTTP/1.1" 200 27
116.238.208.177 - - [23/Dec/2021:09:58:14 +0800] "POST /xingrg/kc/buy/cgsh_list_operate.html HTTP/1.1" 200 5958
124.77.245.186 - - [23/Dec/2021:09:58:16 +0800] "GET /xingrg/all/function/internal_message.html?_=1640224710121&CODE_STATE=getMsg HTTP/1.1" 200 27
116.228.172.94 - - [23/Dec/2021:09:58:20 +0800] "POST /xingrg/kc/buy/cgsh_order_operate.html HTTP/1.1" 200 37
116.238.208.177 - - [23/Dec/2021:09:58:21 +0800] "POST /xingrg/kc/buy/cgsh_list_operate.html HTTP/1.1" 200 6050
180.169.147.146 - - [23/Dec/2021:09:58:24 +0800] "GET /xingrg/all/function/internal_message.html?_=1640224703930&CODE_STATE=getMsg HTTP/1.1" 200 27
116.228.172.94 - - [23/Dec/2021:09:58:24 +0800] "POST /xingrg/kc/buy/cgsh_order_operate.html HTTP/1.1" 200 12
116.228.172.94 - - [23/Dec/2021:09:58:25 +0800] "GET /xingrg/kc/buy/cgsh_order_info.html?code=212021122309565 HTTP/1.1" 200 59217
116.228.172.94 - - [23/Dec/2021:09:58:26 +0800] "GET /xingrg/javascript/easyui/themes/default/validatebox.css HTTP/1.1" 404 1104
116.228.172.94 - - [23/Dec/2021:09:58:26 +0800] "POST /xingrg/kc/buy/cgsh_order_operate.html HTTP/1.1" 200 1250
116.228.172.94 - - [23/Dec/2021:09:58:27 +0800] "GET /xingrg/kc/print/load_data.html?order_code=212021122309565&kc_code=cgsh&condition= HTTP/1.1" 200 987
124.79.245.255 - - [23/Dec/2021:09:58:27 +0800] "GET /xingrg/all/function/internal_message.html?_=1640224833763&CODE_STATE=getMsg HTTP/1.1" 302 -
116.238.208.177 - - [23/Dec/2021:09:58:29 +0800] "POST /xingrg/kc/buy/cgsh_list_operate.html HTTP/1.1" 200 6054
120.253.135.82 - - [23/Dec/2021:09:58:32 +0800] "GET /xingrg/all/function/internal_message.html?_=1640224494336&CODE_STATE=getMsg HTTP/1.1" 200 27
116.228.172.94 - - [23/Dec/2021:09:58:34 +0800] "GET /xingrg/kc/buy/cgsh_order_add.html HTTP/1.1" 200 64302
116.228.172.94 - - [23/Dec/2021:09:58:34 +0800] "POST /xingrg/kc/buy/cgsh_order_operate.html HTTP/1.1" 200 8245
116.228.172.94 - - [23/Dec/2021:09:58:34 +0800] "GET /xingrg/javascript/easyui/themes/default/validatebox.css HTTP/1.1" 404 1104
116.238.208.177 - - [23/Dec/2021:09:58:40 +0800] "POST /xingrg/kc/buy/cgsh_list_operate.html HTTP/1.1" 200 5961
116.238.208.177 - - [23/Dec/2021:09:58:41 +0800] "GET /xingrg/check_reg.html?_=1640224729976 HTTP/1.1" 200 22
172.20.0.100 - - [23/Dec/2021:09:58:42 +0800] "GET /xingrg/all/function/internal_message.html?_=1640224721535&CODE_STATE=getMsg HTTP/1.1" 200 27
116.232.52.211 - - [23/Dec/2021:09:58:42 +0800] "GET /xingrg/all/function/internal_message.html?_=1640224722452&CODE_STATE=getMsg HTTP/1.1" 200 27
180.175.103.30 - - [23/Dec/2021:09:58:44 +0800] "GET /xingrg/all/function/internal_message.html?_=1640224724157&CODE_STATE=getMsg HTTP/1.1" 200 27
180.175.103.30 - - [23/Dec/2021:09:58:44 +0800] "GET /xingrg/check_reg.html?_=1640224724950 HTTP/1.1" 200 22
116.238.248.233 - - [23/Dec/2021:09:58:47 +0800] "POST /xingrg/kc/buy/cgsh_order_operate.html HTTP/1.1" 200 37
116.238.208.177 - - [23/Dec/2021:09:58:47 +0800] "GET /xingrg/all/function/internal_message.html?_=1640224735447&CODE_STATE=getMsg HTTP/1.1" 200 27
124.79.245.255 - - [23/Dec/2021:09:58:48 +0800] "GET /xingrg/all/function/internal_message.html?_=1640224854012&CODE_STATE=getMsg HTTP/1.1" 302 -
116.227.210.113 - - [23/Dec/2021:09:58:49 +0800] "GET /xingrg/check_reg.html?_=1640224705519 HTTP/1.1" 200 22
116.238.248.233 - - [23/Dec/2021:09:58:50 +0800] "POST /xingrg/kc/buy/cgsh_order_operate.html HTTP/1.1" 200 12
116.228.172.94 - - [23/Dec/2021:09:58:51 +0800] "GET /xingrg/kc/buy/cgsh_order_operate.html?command=get_materiel&rest_code=00153&code=00101011005&supplier_code=00100049&order_time=2021-12-21 HTTP/1.1" 200 428
116.238.248.233 - - [23/Dec/2021:09:58:51 +0800] "GET /xingrg/kc/buy/cgsh_order_info.html?code=212021122309530 HTTP/1.1" 200 59774
116.238.248.233 - - [23/Dec/2021:09:58:52 +0800] "GET /xingrg/javascript/easyui/themes/default/validatebox.css HTTP/1.1" 404 1104
116.238.248.233 - - [23/Dec/2021:09:58:52 +0800] "POST /xingrg/kc/buy/cgsh_order_operate.html HTTP/1.1" 200 2408
116.238.208.177 - - [23/Dec/2021:09:58:53 +0800] "POST /xingrg/kc/buy/cgsh_list_operate.html HTTP/1.1" 200 5993
116.228.172.94 - - [23/Dec/2021:09:58:53 +0800] "GET /xingrg/all/function/internal_message.html?_=1640224732010&CODE_STATE=getMsg HTTP/1.1" 200 27
116.238.248.233 - - [23/Dec/2021:09:58:54 +0800] "GET /xingrg/kc/print/load_data.html?order_code=212021122309530&kc_code=cgsh&condition= HTTP/1.1" 200 1423
114.85.125.222 - - [23/Dec/2021:09:58:56 +0800] "GET /xingrg/all/function/internal_message.html?_=1640224684379&CODE_STATE=getMsg HTTP/1.1" 200 27
222.70.176.97 - - [23/Dec/2021:09:58:58 +0800] "GET /xingrg/all/function/internal_message.html?_=1640224735357&CODE_STATE=getMsg HTTP/1.1" 200 27
116.238.208.177 - - [23/Dec/2021:09:58:59 +0800] "POST /xingrg/kc/buy/cgsh_list_operate.html HTTP/1.1" 200 5904
116.227.210.113 - - [23/Dec/2021:09:58:59 +0800] "GET /xingrg/all/function/internal_message.html?_=1640224714800&CODE_STATE=getMsg HTTP/1.1" 200 27
116.238.248.233 - - [23/Dec/2021:09:59:02 +0800] "POST /xingrg/kc/buy/cgsh_list_operate.html HTTP/1.1" 200 559
116.238.248.233 - - [23/Dec/2021:09:59:02 +0800] "GET /xingrg/kc/buy/cgsh_order_info.html?code=212021122309528 HTTP/1.1" 200 64874
116.238.248.233 - - [23/Dec/2021:09:59:03 +0800] "GET /xingrg/javascript/easyui/themes/default/validatebox.css HTTP/1.1" 404 1104
116.238.248.233 - - [23/Dec/2021:09:59:03 +0800] "POST /xingrg/kc/buy/cgsh_order_operate.html HTTP/1.1" 200 21211
116.238.208.177 - - [23/Dec/2021:09:59:04 +0800] "POST /xingrg/kc/buy/cgsh_list_operate.html HTTP/1.1" 200 5960
114.88.159.28 - - [23/Dec/2021:09:59:06 +0800] "GET /xingrg/all/function/internal_message.html?_=1640224556989&CODE_STATE=getMsg HTTP/1.1" 200 27
114.88.159.28 - - [23/Dec/2021:09:59:06 +0800] "GET /xingrg/check_reg.html?_=1640224557240 HTTP/1.1" 200 22
116.228.172.94 - - [23/Dec/2021:09:59:06 +0800] "GET /xingrg/kc/buy/cgsh_order_operate.html?command=get_materiel&rest_code=00153&code=00101011010&supplier_code=00100049&order_time=2021-12-21 HTTP/1.1" 200 418
