114.85.125.222 - - [21/Dec/2021:10:25:57 +0800] "GET /xingrg/all/function/internal_message.html?_=1640053505947&CODE_STATE=getMsg HTTP/1.1" 200 27
124.77.245.186 - - [21/Dec/2021:10:25:57 +0800] "GET /xingrg/all/function/internal_message.html?_=1640053562645&CODE_STATE=getMsg HTTP/1.1" 200 27
116.227.210.113 - - [21/Dec/2021:10:25:58 +0800] "GET /xingrg/all/function/internal_message.html?_=1640053537892&CODE_STATE=getMsg HTTP/1.1" 200 27
180.157.251.97 - - [21/Dec/2021:10:25:59 +0800] "POST /xingrg/services/DataTransmitService HTTP/1.1" 200 524
222.69.132.164 - - [21/Dec/2021:10:25:59 +0800] "GET /xingrg/kc/base/wldb_order_info.html?code=422021122102158 HTTP/1.1" 200 26159
124.79.246.130 - - [21/Dec/2021:10:26:00 +0800] "GET /xingrg/all/function/internal_message.html?_=1640053685895&CODE_STATE=getMsg HTTP/1.1" 200 27
222.69.132.164 - - [21/Dec/2021:10:26:00 +0800] "GET /xingrg/javascript/easyui/themes/default/validatebox.css HTTP/1.1" 404 1104
222.69.132.164 - - [21/Dec/2021:10:26:00 +0800] "POST /xingrg/kc/base/wldb_order_operate.html HTTP/1.1" 200 5319
116.238.248.233 - - [21/Dec/2021:10:26:00 +0800] "GET /xingrg/all/function/internal_message.html?_=1640053560220&CODE_STATE=getMsg HTTP/1.1" 200 27
180.157.251.97 - - [21/Dec/2021:10:26:03 +0800] "POST /xingrg/services/DataTransmitService HTTP/1.1" 200 501
114.83.222.225 - - [21/Dec/2021:10:26:12 +0800] "POST /xingrg/kc/buy/cgsh_order_operate.html HTTP/1.1" 200 37
120.253.135.82 - - [21/Dec/2021:10:26:15 +0800] "GET /xingrg/all/function/internal_message.html?_=1640053355771&CODE_STATE=getMsg HTTP/1.1" 200 27
114.83.222.225 - - [21/Dec/2021:10:26:16 +0800] "POST /xingrg/kc/buy/cgsh_order_operate.html HTTP/1.1" 200 12
116.227.210.113 - - [21/Dec/2021:10:26:17 +0800] "POST /xingrg/services/DataTransmitService HTTP/1.1" 200 524
116.227.210.113 - - [21/Dec/2021:10:26:17 +0800] "POST /xingrg/services/DataTransmitService HTTP/1.1" 200 1979
116.227.210.113 - - [21/Dec/2021:10:26:18 +0800] "POST /xingrg/services/DataTransmitService HTTP/1.1" 200 110151
180.169.147.146 - - [21/Dec/2021:10:26:18 +0800] "GET /xingrg/all/function/internal_message.html?_=1640053580928&CODE_STATE=getMsg HTTP/1.1" 200 27
180.175.103.30 - - [21/Dec/2021:10:26:19 +0800] "GET /xingrg/check_reg.html?_=1640053579900 HTTP/1.1" 200 22
180.175.103.30 - - [21/Dec/2021:10:26:19 +0800] "GET /xingrg/all/function/internal_message.html?_=1640053579903&CODE_STATE=getMsg HTTP/1.1" 200 27
222.70.176.97 - - [21/Dec/2021:10:26:19 +0800] "GET /xingrg/all/function/internal_message.html?_=1640053577486&CODE_STATE=getMsg HTTP/1.1" 200 27
114.83.222.225 - - [21/Dec/2021:10:26:19 +0800] "GET /xingrg/kc/buy/cgsh_order_info.html?code=212021122108683 HTTP/1.1" 200 60159
180.169.147.146 - - [21/Dec/2021:10:26:20 +0800] "GET /xingrg/check_reg.html?_=1640053578615 HTTP/1.1" 200 22
180.169.147.146 - - [21/Dec/2021:10:26:20 +0800] "GET /xingrg/all/function/internal_message.html?_=1640053578617&CODE_STATE=getMsg HTTP/1.1" 200 27
114.83.222.225 - - [21/Dec/2021:10:26:20 +0800] "GET /xingrg/words/20211220175719_words.js HTTP/1.1" 304 -
114.83.222.225 - - [21/Dec/2021:10:26:20 +0800] "GET /xingrg/javascript/easyui/themes/default/validatebox.css HTTP/1.1" 404 1104
114.83.222.225 - - [21/Dec/2021:10:26:21 +0800] "POST /xingrg/kc/buy/cgsh_order_operate.html HTTP/1.1" 200 623
114.83.222.225 - - [21/Dec/2021:10:26:22 +0800] "GET /xingrg/kc/print/load_data.html?order_code=212021122108683&kc_code=cgsh&condition= HTTP/1.1" 200 720
124.77.245.186 - - [21/Dec/2021:10:26:22 +0800] "GET /xingrg/check_reg.html?_=1640053586885 HTTP/1.1" 200 22
114.88.159.28 - - [21/Dec/2021:10:26:24 +0800] "GET /xingrg/all/function/internal_message.html?_=1640053395482&CODE_STATE=getMsg HTTP/1.1" 200 27
114.83.222.225 - - [21/Dec/2021:10:26:31 +0800] "GET /xingrg/kc/buy/cgsh_order_add.html HTTP/1.1" 200 65246
114.83.222.225 - - [21/Dec/2021:10:26:31 +0800] "POST /xingrg/kc/buy/cgsh_order_operate.html HTTP/1.1" 200 8245
114.83.222.225 - - [21/Dec/2021:10:26:31 +0800] "GET /xingrg/javascript/easyui/themes/default/validatebox.css HTTP/1.1" 404 1104
124.79.246.130 - - [21/Dec/2021:10:26:33 +0800] "GET /xingrg/all/function/internal_message.html?_=1640053616191&CODE_STATE=getMsg HTTP/1.1" 302 -
124.79.246.130 - - [21/Dec/2021:10:26:33 +0800] "GET /xingrg/login.html HTTP/1.1" 200 7641
116.227.210.113 - - [21/Dec/2021:10:26:36 +0800] "POST /xingrg/services/DataTransmitService HTTP/1.1" 200 524
116.227.210.113 - - [21/Dec/2021:10:26:36 +0800] "POST /xingrg/services/DataTransmitService HTTP/1.1" 200 1979
116.227.210.113 - - [21/Dec/2021:10:26:37 +0800] "POST /xingrg/services/DataTransmitService HTTP/1.1" 200 524
116.227.210.113 - - [21/Dec/2021:10:26:37 +0800] "POST /xingrg/services/DataTransmitService HTTP/1.1" 200 1979
114.85.125.222 - - [21/Dec/2021:10:26:38 +0800] "GET /xingrg/all/function/internal_message.html?_=1640053547631&CODE_STATE=getMsg HTTP/1.1" 200 27
116.232.52.179 - - [21/Dec/2021:10:26:39 +0800] "GET /xingrg/all/function/internal_message.html?_=1640053600786&CODE_STATE=getMsg HTTP/1.1" 200 27
114.83.222.225 - - [21/Dec/2021:10:26:43 +0800] "GET /xingrg/all/function/internal_message.html?_=1640053602752&CODE_STATE=getMsg HTTP/1.1" 200 27
116.227.210.113 - - [21/Dec/2021:10:26:44 +0800] "POST /xingrg/services/DataTransmitService HTTP/1.1" 200 524
116.227.210.113 - - [21/Dec/2021:10:26:45 +0800] "POST /xingrg/services/DataTransmitService HTTP/1.1" 200 1979
222.69.132.164 - - [21/Dec/2021:10:26:45 +0800] "GET /xingrg/all/function/internal_message.html?_=1640053631672&CODE_STATE=getMsg HTTP/1.1" 200 27
101.80.229.199 - - [21/Dec/2021:10:26:48 +0800] "GET /xingrg/all/function/internal_message.html?_=1640053608714&CODE_STATE=getMsg HTTP/1.1" 200 27
180.175.103.30 - - [21/Dec/2021:10:26:52 +0800] "GET /xingrg/all/function/internal_message.html?_=1640053548835&CODE_STATE=getMsg HTTP/1.1" 200 27
114.85.125.222 - - [21/Dec/2021:10:26:57 +0800] "GET /xingrg/all/function/internal_message.html?_=1640053565961&CODE_STATE=getMsg HTTP/1.1" 200 27
124.77.245.186 - - [21/Dec/2021:10:26:57 +0800] "GET /xingrg/all/function/internal_message.html?_=1640053622654&CODE_STATE=getMsg HTTP/1.1" 200 27
116.227.210.113 - - [21/Dec/2021:10:26:58 +0800] "GET /xingrg/all/function/internal_message.html?_=1640053597889&CODE_STATE=getMsg HTTP/1.1" 200 27
124.79.246.130 - - [21/Dec/2021:10:27:00 +0800] "GET /xingrg/all/function/internal_message.html?_=1640053745893&CODE_STATE=getMsg HTTP/1.1" 200 27
116.238.248.233 - - [21/Dec/2021:10:27:00 +0800] "GET /xingrg/all/function/internal_message.html?_=1640053620269&CODE_STATE=getMsg HTTP/1.1" 200 27
101.80.229.199 - - [21/Dec/2021:10:27:02 +0800] "GET /xingrg/check_reg.html?_=1640053622528 HTTP/1.1" 200 22
116.227.210.113 - - [21/Dec/2021:10:27:05 +0800] "POST /xingrg/services/DataTransmitService HTTP/1.1" 200 524
116.227.210.113 - - [21/Dec/2021:10:27:08 +0800] "POST /xingrg/services/DataTransmitService HTTP/1.1" 200 501
120.253.135.82 - - [21/Dec/2021:10:27:15 +0800] "GET /xingrg/all/function/internal_message.html?_=1640053415774&CODE_STATE=getMsg HTTP/1.1" 200 27
180.169.147.146 - - [21/Dec/2021:10:27:17 +0800] "GET /xingrg/check_reg.html?_=1640053635907 HTTP/1.1" 200 22
180.169.147.146 - - [21/Dec/2021:10:27:18 +0800] "GET /xingrg/all/function/internal_message.html?_=1640053640915&CODE_STATE=getMsg HTTP/1.1" 200 27
180.175.103.30 - - [21/Dec/2021:10:27:19 +0800] "GET /xingrg/all/function/internal_message.html?_=1640053639896&CODE_STATE=getMsg HTTP/1.1" 200 27
222.70.176.97 - - [21/Dec/2021:10:27:19 +0800] "GET /xingrg/all/function/internal_message.html?_=1640053637484&CODE_STATE=getMsg HTTP/1.1" 200 27
180.169.147.146 - - [21/Dec/2021:10:27:20 +0800] "GET /xingrg/all/function/internal_message.html?_=1640053638615&CODE_STATE=getMsg HTTP/1.1" 200 27
180.157.251.97 - - [21/Dec/2021:10:27:22 +0800] "GET /favicon.ico HTTP/1.1" 404 -
114.88.159.28 - - [21/Dec/2021:10:27:24 +0800] "GET /xingrg/all/function/internal_message.html?_=1640053455466&CODE_STATE=getMsg HTTP/1.1" 200 27
124.79.246.130 - - [21/Dec/2021:10:27:33 +0800] "GET /xingrg/all/function/internal_message.html?_=1640053676207&CODE_STATE=getMsg HTTP/1.1" 302 -
124.79.246.130 - - [21/Dec/2021:10:27:33 +0800] "GET /xingrg/login.html HTTP/1.1" 200 7641
114.85.125.222 - - [21/Dec/2021:10:27:39 +0800] "GET /xingrg/all/function/internal_message.html?_=1640053607818&CODE_STATE=getMsg HTTP/1.1" 200 27
116.232.52.179 - - [21/Dec/2021:10:27:39 +0800] "GET /xingrg/all/function/internal_message.html?_=1640053660777&CODE_STATE=getMsg HTTP/1.1" 200 27
114.83.222.225 - - [21/Dec/2021:10:27:43 +0800] "GET /xingrg/all/function/internal_message.html?_=1640053662753&CODE_STATE=getMsg HTTP/1.1" 200 27
222.69.132.164 - - [21/Dec/2021:10:27:45 +0800] "GET /xingrg/check_reg.html?_=1640053691656 HTTP/1.1" 200 22
222.69.132.164 - - [21/Dec/2021:10:27:45 +0800] "GET /xingrg/all/function/internal_message.html?_=1640053691660&CODE_STATE=getMsg HTTP/1.1" 200 27
101.80.229.199 - - [21/Dec/2021:10:27:48 +0800] "GET /xingrg/all/function/internal_message.html?_=1640053668686&CODE_STATE=getMsg HTTP/1.1" 200 27
172.20.0.100 - - [21/Dec/2021:10:27:51 +0800] "GET /xingrg/check_reg.html?_=1640053670710 HTTP/1.1" 200 22
180.175.103.30 - - [21/Dec/2021:10:27:52 +0800] "GET /xingrg/all/function/internal_message.html?_=1640053608835&CODE_STATE=getMsg HTTP/1.1" 200 27
114.85.125.222 - - [21/Dec/2021:10:27:57 +0800] "GET /xingrg/all/function/internal_message.html?_=1640053625992&CODE_STATE=getMsg HTTP/1.1" 200 27
124.77.245.186 - - [21/Dec/2021:10:27:57 +0800] "GET /xingrg/all/function/internal_message.html?_=1640053682667&CODE_STATE=getMsg HTTP/1.1" 200 27
116.227.210.113 - - [21/Dec/2021:10:27:58 +0800] "GET /xingrg/all/function/internal_message.html?_=1640053657873&CODE_STATE=getMsg HTTP/1.1" 200 27
124.79.246.130 - - [21/Dec/2021:10:28:00 +0800] "GET /xingrg/all/function/internal_message.html?_=1640053805892&CODE_STATE=getMsg HTTP/1.1" 200 27
124.79.246.130 - - [21/Dec/2021:10:28:00 +0800] "GET /xingrg/check_reg.html?_=1640053805891 HTTP/1.1" 200 22
116.238.248.233 - - [21/Dec/2021:10:28:00 +0800] "GET /xingrg/all/function/internal_message.html?_=1640053680318&CODE_STATE=getMsg HTTP/1.1" 200 27
61.170.234.223 - - [21/Dec/2021:10:28:03 +0800] "GET /favicon.ico HTTP/1.1" 404 -
120.253.135.82 - - [21/Dec/2021:10:28:15 +0800] "GET /xingrg/check_reg.html?_=1640053475488 HTTP/1.1" 200 22
120.253.135.82 - - [21/Dec/2021:10:28:15 +0800] "GET /xingrg/all/function/internal_message.html?_=1640053475787&CODE_STATE=getMsg HTTP/1.1" 200 27
180.169.147.146 - - [21/Dec/2021:10:28:18 +0800] "GET /xingrg/all/function/internal_message.html?_=1640053700915&CODE_STATE=getMsg HTTP/1.1" 200 27
180.175.103.30 - - [21/Dec/2021:10:28:19 +0800] "GET /xingrg/all/function/internal_message.html?_=1640053699897&CODE_STATE=getMsg HTTP/1.1" 200 27
222.70.176.97 - - [21/Dec/2021:10:28:19 +0800] "GET /xingrg/all/function/internal_message.html?_=1640053697482&CODE_STATE=getMsg HTTP/1.1" 200 27
222.70.176.97 - - [21/Dec/2021:10:28:19 +0800] "GET /xingrg/check_reg.html?_=1640053697483 HTTP/1.1" 200 22
180.169.147.146 - - [21/Dec/2021:10:28:20 +0800] "GET /xingrg/all/function/internal_message.html?_=1640053698614&CODE_STATE=getMsg HTTP/1.1" 200 27
114.88.159.28 - - [21/Dec/2021:10:28:23 +0800] "GET /xingrg/check_reg.html?_=1640053513904 HTTP/1.1" 200 22
114.88.159.28 - - [21/Dec/2021:10:28:24 +0800] "GET /xingrg/all/function/internal_message.html?_=1640053515447&CODE_STATE=getMsg HTTP/1.1" 200 27
124.79.246.130 - - [21/Dec/2021:10:28:34 +0800] "GET /xingrg/all/function/internal_message.html?_=1640053736794&CODE_STATE=getMsg HTTP/1.1" 302 -
124.79.246.130 - - [21/Dec/2021:10:28:34 +0800] "GET /xingrg/login.html HTTP/1.1" 200 7641
114.85.125.222 - - [21/Dec/2021:10:28:39 +0800] "GET /xingrg/all/function/internal_message.html?_=1640053667830&CODE_STATE=getMsg HTTP/1.1" 200 27
116.232.52.179 - - [21/Dec/2021:10:28:39 +0800] "GET /xingrg/all/function/internal_message.html?_=1640053720793&CODE_STATE=getMsg HTTP/1.1" 200 27
114.85.125.222 - - [21/Dec/2021:10:28:43 +0800] "GET /xingrg/check_reg.html?_=1640053671888 HTTP/1.1" 200 22
114.83.222.225 - - [21/Dec/2021:10:28:43 +0800] "GET /xingrg/check_reg.html?_=1640053722747 HTTP/1.1" 200 22
114.83.222.225 - - [21/Dec/2021:10:28:43 +0800] "GET /xingrg/all/function/internal_message.html?_=1640053722751&CODE_STATE=getMsg HTTP/1.1" 200 27
222.69.132.164 - - [21/Dec/2021:10:28:45 +0800] "GET /xingrg/all/function/internal_message.html?_=1640053751658&CODE_STATE=getMsg HTTP/1.1" 200 27
116.238.208.177 - - [21/Dec/2021:10:28:46 +0800] "GET /xingrg/check_reg.html?_=1640053733484 HTTP/1.1" 200 22
101.80.229.199 - - [21/Dec/2021:10:28:48 +0800] "GET /xingrg/all/function/internal_message.html?_=1640053728671&CODE_STATE=getMsg HTTP/1.1" 200 27
180.175.103.30 - - [21/Dec/2021:10:28:52 +0800] "GET /xingrg/all/function/internal_message.html?_=1640053668836&CODE_STATE=getMsg HTTP/1.1" 200 27
114.85.125.222 - - [21/Dec/2021:10:28:57 +0800] "GET /xingrg/all/function/internal_message.html?_=1640053686006&CODE_STATE=getMsg HTTP/1.1" 200 27
124.77.245.186 - - [21/Dec/2021:10:28:58 +0800] "GET /xingrg/all/function/internal_message.html?_=1640053743265&CODE_STATE=getMsg HTTP/1.1" 200 27
61.170.234.223 - - [21/Dec/2021:10:28:58 +0800] "GET /xingrg/login.html HTTP/1.1" 200 7641
116.227.210.113 - - [21/Dec/2021:10:28:58 +0800] "GET /xingrg/all/function/internal_message.html?_=1640053717879&CODE_STATE=getMsg HTTP/1.1" 200 27
116.227.210.113 - - [21/Dec/2021:10:28:58 +0800] "GET /xingrg/check_reg.html?_=1640053717887 HTTP/1.1" 200 22
124.79.246.130 - - [21/Dec/2021:10:29:00 +0800] "GET /xingrg/all/function/internal_message.html?_=1640053865889&CODE_STATE=getMsg HTTP/1.1" 200 27
116.238.248.233 - - [21/Dec/2021:10:29:00 +0800] "GET /xingrg/all/function/internal_message.html?_=1640053740374&CODE_STATE=getMsg HTTP/1.1" 200 27
61.170.234.223 - - [21/Dec/2021:10:29:03 +0800] "GET /favicon.ico HTTP/1.1" 404 -
61.170.234.223 - - [21/Dec/2021:10:29:05 +0800] "POST /xingrg/login.do HTTP/1.1" 302 -
61.170.234.223 - - [21/Dec/2021:10:29:05 +0800] "GET /xingrg/index.html?sysBaseUrl=http%3A%2F%2F180.169.147.146%3A18081%2Fxingrg%2F&costTime=41×tamp=1640053745539 HTTP/1.1" 200 17173
61.170.234.223 - - [21/Dec/2021:10:29:06 +0800] "GET /favicon.ico HTTP/1.1" 404 -
61.170.234.223 - - [21/Dec/2021:10:29:06 +0800] "POST /xingrg/all/common/load_tree.html?tree=area_rest_tree_json&manage=1 HTTP/1.1" 200 342
61.170.234.223 - - [21/Dec/2021:10:29:06 +0800] "GET /xingrg/check_reg.html?_=1640053744726 HTTP/1.1" 200 22
61.170.234.223 - - [21/Dec/2021:10:29:06 +0800] "GET /xingrg/all/function/internal_message.html?_=1640053744725&CODE_STATE=count HTTP/1.1" 200 11
61.170.234.223 - - [21/Dec/2021:10:29:06 +0800] "POST /xingrg/load_menu.html HTTP/1.1" 200 5138
61.170.234.223 - - [21/Dec/2021:10:29:11 +0800] "GET /xingrg/kc/buy/buy_main.html HTTP/1.1" 200 12412
61.170.234.223 - - [21/Dec/2021:10:29:11 +0800] "GET /xingrg/css/new_ie.css HTTP/1.1" 404 1036
61.170.234.223 - - [21/Dec/2021:10:29:13 +0800] "GET /xingrg/kc/base/base_main.html HTTP/1.1" 200 12142
120.253.135.82 - - [21/Dec/2021:10:29:15 +0800] "GET /xingrg/all/function/internal_message.html?_=1640053535801&CODE_STATE=getMsg HTTP/1.1" 200 27
61.170.234.223 - - [21/Dec/2021:10:29:16 +0800] "GET /xingrg/kc/base/wldb_order_list.html HTTP/1.1" 200 19060
61.170.234.223 - - [21/Dec/2021:10:29:18 +0800] "POST /xingrg/kc/base/wldb_list_operate.html HTTP/1.1" 200 928
180.169.147.146 - - [21/Dec/2021:10:29:18 +0800] "GET /xingrg/all/function/internal_message.html?_=1640053760917&CODE_STATE=getMsg HTTP/1.1" 200 27
180.175.103.30 - - [21/Dec/2021:10:29:19 +0800] "GET /xingrg/all/function/internal_message.html?_=1640053759897&CODE_STATE=getMsg HTTP/1.1" 200 27
222.70.176.97 - - [21/Dec/2021:10:29:19 +0800] "GET /xingrg/all/function/internal_message.html?_=1640053757481&CODE_STATE=getMsg HTTP/1.1" 200 27
180.169.147.146 - - [21/Dec/2021:10:29:20 +0800] "GET /xingrg/all/function/internal_message.html?_=1640053758604&CODE_STATE=getMsg HTTP/1.1" 200 27
124.79.246.130 - - [21/Dec/2021:10:29:21 +0800] "GET /xingrg/check_reg.html?_=1640053784194 HTTP/1.1" 302 -
124.79.246.130 - - [21/Dec/2021:10:29:21 +0800] "GET /xingrg/login.html HTTP/1.1" 200 7641
114.88.159.28 - - [21/Dec/2021:10:29:24 +0800] "GET /xingrg/all/function/internal_message.html?_=1640053575427&CODE_STATE=getMsg HTTP/1.1" 200 27
61.170.234.223 - - [21/Dec/2021:10:29:25 +0800] "POST /xingrg/kc/base/wldb_list_operate.html HTTP/1.1" 200 6166
61.170.234.223 - - [21/Dec/2021:10:29:27 +0800] "GET /xingrg/javascript/easyui/themes/default/tree.css HTTP/1.1" 404 1090
61.170.234.223 - - [21/Dec/2021:10:29:27 +0800] "POST /xingrg/all/common/load_tree.html?tree=rest_base_tree_json HTTP/1.1" 200 77137
61.170.234.223 - - [21/Dec/2021:10:29:30 +0800] "GET /xingrg/javascript/easyui/themes/icons/rest.png HTTP/1.1" 200 695
61.170.234.223 - - [21/Dec/2021:10:29:30 +0800] "GET /xingrg/javascript/easyui/themes/icons/areas.png HTTP/1.1" 200 720
61.170.234.223 - - [21/Dec/2021:10:29:30 +0800] "GET /xingrg/javascript/easyui/themes/default/images/tree_checkbox_0.gif HTTP/1.1" 200 168
124.79.246.130 - - [21/Dec/2021:10:29:34 +0800] "GET /xingrg/all/function/internal_message.html?_=1640053796796&CODE_STATE=getMsg HTTP/1.1" 302 -
124.79.246.130 - - [21/Dec/2021:10:29:34 +0800] "GET /xingrg/login.html HTTP/1.1" 200 7641
114.85.125.222 - - [21/Dec/2021:10:29:37 +0800] "GET /xingrg/check_reg.html?_=1640053726685 HTTP/1.1" 200 22
124.77.245.186 - - [21/Dec/2021:10:29:38 +0800] "GET /xingrg/check_reg.html?_=1640053807891 HTTP/1.1" 302 -
61.170.234.223 - - [21/Dec/2021:10:29:38 +0800] "GET /xingrg/javascript/easyui/themes/default/images/tree_checkbox_1.gif HTTP/1.1" 200 174
61.170.234.223 - - [21/Dec/2021:10:29:38 +0800] "GET /xingrg/javascript/easyui/themes/default/images/tree_checkbox_2.gif HTTP/1.1" 200 181
114.85.125.222 - - [21/Dec/2021:10:29:39 +0800] "GET /xingrg/all/function/internal_message.html?_=1640053727844&CODE_STATE=getMsg HTTP/1.1" 200 27
116.232.52.179 - - [21/Dec/2021:10:29:39 +0800] "GET /xingrg/all/function/internal_message.html?_=1640053780805&CODE_STATE=getMsg HTTP/1.1" 200 27
61.170.234.223 - - [21/Dec/2021:10:29:41 +0800] "POST /xingrg/kc/base/wldb_list_operate.html HTTP/1.1" 200 6160
114.83.222.225 - - [21/Dec/2021:10:29:43 +0800] "GET /xingrg/all/function/internal_message.html?_=1640053782750&CODE_STATE=getMsg HTTP/1.1" 200 27
61.170.234.223 - - [21/Dec/2021:10:29:44 +0800] "POST /xingrg/kc/base/wldb_list_operate.html HTTP/1.1" 200 201
222.69.132.164 - - [21/Dec/2021:10:29:45 +0800] "GET /xingrg/all/function/internal_message.html?_=1640053811649&CODE_STATE=getMsg HTTP/1.1" 200 27
61.170.234.223 - - [21/Dec/2021:10:29:46 +0800] "POST /xingrg/kc/base/wldb_list_operate.html HTTP/1.1" 200 449
101.80.229.199 - - [21/Dec/2021:10:29:48 +0800] "GET /xingrg/all/function/internal_message.html?_=1640053788657&CODE_STATE=getMsg HTTP/1.1" 200 27
61.170.234.223 - - [21/Dec/2021:10:29:49 +0800] "POST /xingrg/kc/base/wldb_list_operate.html HTTP/1.1" 200 367
61.170.234.223 - - [21/Dec/2021:10:29:52 +0800] "POST /xingrg/kc/base/wldb_list_operate.html HTTP/1.1" 200 281
180.175.103.30 - - [21/Dec/2021:10:29:52 +0800] "GET /xingrg/all/function/internal_message.html?_=1640053728836&CODE_STATE=getMsg HTTP/1.1" 200 27
180.175.103.30 - - [21/Dec/2021:10:29:52 +0800] "GET /xingrg/check_reg.html?_=1640053728839 HTTP/1.1" 200 22
61.170.234.223 - - [21/Dec/2021:10:29:54 +0800] "POST /xingrg/kc/base/wldb_list_operate.html HTTP/1.1" 200 6301
61.170.234.223 - - [21/Dec/2021:10:29:56 +0800] "POST /xingrg/kc/base/wldb_list_operate.html HTTP/1.1" 200 281
114.85.125.222 - - [21/Dec/2021:10:29:57 +0800] "GET /xingrg/all/function/internal_message.html?_=1640053746017&CODE_STATE=getMsg HTTP/1.1" 200 27
61.170.234.223 - - [21/Dec/2021:10:29:58 +0800] "POST /xingrg/kc/base/wldb_list_operate.html HTTP/1.1" 200 511
124.77.245.186 - - [21/Dec/2021:10:29:58 +0800] "GET /xingrg/all/function/internal_message.html?_=1640053803271&CODE_STATE=getMsg HTTP/1.1" 200 27
116.227.210.113 - - [21/Dec/2021:10:29:58 +0800] "GET /xingrg/all/function/internal_message.html?_=1640053777890&CODE_STATE=getMsg HTTP/1.1" 200 27
124.79.246.130 - - [21/Dec/2021:10:30:00 +0800] "GET /xingrg/all/function/internal_message.html?_=1640053925887&CODE_STATE=getMsg HTTP/1.1" 200 27
116.238.248.233 - - [21/Dec/2021:10:30:00 +0800] "GET /xingrg/check_reg.html?_=1640053800421 HTTP/1.1" 200 22
116.238.248.233 - - [21/Dec/2021:10:30:00 +0800] "GET /xingrg/all/function/internal_message.html?_=1640053800425&CODE_STATE=getMsg HTTP/1.1" 200 27
61.170.234.223 - - [21/Dec/2021:10:30:02 +0800] "POST /xingrg/kc/base/wldb_list_operate.html HTTP/1.1" 200 203
61.170.234.223 - - [21/Dec/2021:10:30:04 +0800] "POST /xingrg/kc/base/wldb_list_operate.html HTTP/1.1" 200 653
61.170.234.223 - - [21/Dec/2021:10:30:05 +0800] "POST /xingrg/kc/base/wldb_list_operate.html HTTP/1.1" 200 277
61.170.234.223 - - [21/Dec/2021:10:30:06 +0800] "GET /xingrg/all/function/internal_message.html?_=1640053804734&CODE_STATE=getMsg HTTP/1.1" 200 27
120.253.135.82 - - [21/Dec/2021:10:30:15 +0800] "GET /xingrg/all/function/internal_message.html?_=1640053595813&CODE_STATE=getMsg HTTP/1.1" 200 27
180.169.147.146 - - [21/Dec/2021:10:30:18 +0800] "GET /xingrg/all/function/internal_message.html?_=1640053820919&CODE_STATE=getMsg HTTP/1.1" 200 27
180.169.147.146 - - [21/Dec/2021:10:30:18 +0800] "GET /xingrg/check_reg.html?_=1640053820921 HTTP/1.1" 200 22
180.175.103.30 - - [21/Dec/2021:10:30:19 +0800] "GET /xingrg/all/function/internal_message.html?_=1640053819897&CODE_STATE=getMsg HTTP/1.1" 200 27
222.70.176.97 - - [21/Dec/2021:10:30:19 +0800] "GET /xingrg/all/function/internal_message.html?_=1640053817479&CODE_STATE=getMsg HTTP/1.1" 200 27
180.169.147.146 - - [21/Dec/2021:10:30:20 +0800] "GET /xingrg/all/function/internal_message.html?_=1640053818604&CODE_STATE=getMsg HTTP/1.1" 200 27
114.88.159.28 - - [21/Dec/2021:10:30:24 +0800] "GET /xingrg/all/function/internal_message.html?_=1640053635408&CODE_STATE=getMsg HTTP/1.1" 200 27
120.253.135.82 - - [21/Dec/2021:10:30:25 +0800] "GET /xingrg/check_reg.html?_=1640053820005 HTTP/1.1" 302 -
124.79.246.130 - - [21/Dec/2021:10:30:35 +0800] "GET /xingrg/all/function/internal_message.html?_=1640053857498&CODE_STATE=getMsg HTTP/1.1" 302 -
124.79.246.130 - - [21/Dec/2021:10:30:35 +0800] "GET /xingrg/login.html HTTP/1.1" 200 7641
114.85.125.222 - - [21/Dec/2021:10:30:39 +0800] "GET /xingrg/all/function/internal_message.html?_=1640053787858&CODE_STATE=getMsg HTTP/1.1" 200 27
116.232.52.179 - - [21/Dec/2021:10:30:39 +0800] "GET /xingrg/all/function/internal_message.html?_=1640053840784&CODE_STATE=getMsg HTTP/1.1" 200 27
116.232.52.179 - - [21/Dec/2021:10:30:39 +0800] "GET /xingrg/check_reg.html?_=1640053840786 HTTP/1.1" 200 22
114.83.222.225 - - [21/Dec/2021:10:30:43 +0800] "GET /xingrg/all/function/internal_message.html?_=1640053842760&CODE_STATE=getMsg HTTP/1.1" 200 27
222.69.132.164 - - [21/Dec/2021:10:30:45 +0800] "GET /xingrg/all/function/internal_message.html?_=1640053871658&CODE_STATE=getMsg HTTP/1.1" 200 27
101.80.229.199 - - [21/Dec/2021:10:30:48 +0800] "GET /xingrg/all/function/internal_message.html?_=1640053848626&CODE_STATE=getMsg HTTP/1.1" 200 27
180.175.103.30 - - [21/Dec/2021:10:30:52 +0800] "GET /xingrg/all/function/internal_message.html?_=1640053788844&CODE_STATE=getMsg HTTP/1.1" 200 27
114.85.125.222 - - [21/Dec/2021:10:30:57 +0800] "GET /xingrg/all/function/internal_message.html?_=1640053806044&CODE_STATE=getMsg HTTP/1.1" 200 27
116.227.210.113 - - [21/Dec/2021:10:30:58 +0800] "GET /xingrg/all/function/internal_message.html?_=1640053837885&CODE_STATE=getMsg HTTP/1.1" 200 27
124.77.245.186 - - [21/Dec/2021:10:30:59 +0800] "GET /xingrg/all/function/internal_message.html?_=1640053863893&CODE_STATE=getMsg HTTP/1.1" 200 27
58.40.7.146 - - [21/Dec/2021:10:30:59 +0800] "GET /favicon.ico HTTP/1.1" 404 -
124.79.246.130 - - [21/Dec/2021:10:31:00 +0800] "GET /xingrg/all/function/internal_message.html?_=1640053985895&CODE_STATE=getMsg HTTP/1.1" 200 27
116.238.248.233 - - [21/Dec/2021:10:31:00 +0800] "GET /xingrg/all/function/internal_message.html?_=1640053860473&CODE_STATE=getMsg HTTP/1.1" 200 27
61.170.234.223 - - [21/Dec/2021:10:31:06 +0800] "GET /xingrg/all/function/internal_message.html?_=1640053864733&CODE_STATE=getMsg HTTP/1.1" 200 27
61.170.234.223 - - [21/Dec/2021:10:31:08 +0800] "GET /xingrg/kc/buy/buy_main.html HTTP/1.1" 200 12412
61.170.234.223 - - [21/Dec/2021:10:31:08 +0800] "GET /xingrg/css/new_ie.css HTTP/1.1" 404 1036
61.170.234.223 - - [21/Dec/2021:10:31:10 +0800] "GET /xingrg/images/yd/bt.gif HTTP/1.1" 404 1040
61.170.234.223 - - [21/Dec/2021:10:31:10 +0800] "GET /xingrg/kc/buy/cgsh_order_list.html HTTP/1.1" 200 49423
61.170.234.223 - - [21/Dec/2021:10:31:11 +0800] "POST /xingrg/kc/buy/cgsh_list_operate.html HTTP/1.1" 200 876
120.253.135.82 - - [21/Dec/2021:10:31:15 +0800] "GET /xingrg/all/function/internal_message.html?_=1640053655832&CODE_STATE=getMsg HTTP/1.1" 200 27
180.175.103.30 - - [21/Dec/2021:10:31:19 +0800] "GET /xingrg/all/function/internal_message.html?_=1640053879898&CODE_STATE=getMsg HTTP/1.1" 200 27
180.175.103.30 - - [21/Dec/2021:10:31:19 +0800] "GET /xingrg/check_reg.html?_=1640053879901 HTTP/1.1" 200 22
222.70.176.97 - - [21/Dec/2021:10:31:19 +0800] "GET /xingrg/all/function/internal_message.html?_=1640053877477&CODE_STATE=getMsg HTTP/1.1" 200 27
180.169.147.146 - - [21/Dec/2021:10:31:20 +0800] "GET /xingrg/all/function/internal_message.html?_=1640053878602&CODE_STATE=getMsg HTTP/1.1" 200 27
180.169.147.146 - - [21/Dec/2021:10:31:20 +0800] "GET /xingrg/check_reg.html?_=1640053878604 HTTP/1.1" 200 22
124.77.245.186 - - [21/Dec/2021:10:31:22 +0800] "GET /xingrg/check_reg.html?_=1640053886893 HTTP/1.1" 200 22
114.88.159.28 - - [21/Dec/2021:10:31:24 +0800] "GET /xingrg/all/function/internal_message.html?_=1640053695386&CODE_STATE=getMsg HTTP/1.1" 200 27
124.79.246.130 - - [21/Dec/2021:10:31:35 +0800] "GET /xingrg/all/function/internal_message.html?_=1640053917510&CODE_STATE=getMsg HTTP/1.1" 302 -
124.79.246.130 - - [21/Dec/2021:10:31:35 +0800] "GET /xingrg/login.html HTTP/1.1" 200 7641
114.85.125.222 - - [21/Dec/2021:10:31:39 +0800] "GET /xingrg/all/function/internal_message.html?_=1640053847871&CODE_STATE=getMsg HTTP/1.1" 200 27
116.232.52.179 - - [21/Dec/2021:10:31:39 +0800] "GET /xingrg/all/function/internal_message.html?_=1640053900798&CODE_STATE=getMsg HTTP/1.1" 200 27
61.170.234.223 - - [21/Dec/2021:10:31:39 +0800] "GET /xingrg/kc/buy/cgsh_order_add.html HTTP/1.1" 200 65199
61.170.234.223 - - [21/Dec/2021:10:31:39 +0800] "GET /xingrg/words/20211220175719_words.js HTTP/1.1" 304 -
61.170.234.223 - - [21/Dec/2021:10:31:40 +0800] "GET /xingrg/all/common/auto_word.html?type=employee&rest_code=00106 HTTP/1.1" 200 205
61.170.234.223 - - [21/Dec/2021:10:31:40 +0800] "GET /xingrg/javascript/easyui/themes/default/validatebox.css HTTP/1.1" 404 1104
61.170.234.223 - - [21/Dec/2021:10:31:40 +0800] "GET /xingrg/all/common/auto_word.html?type=employee&rest_code=00106 HTTP/1.1" 200 205
61.170.234.223 - - [21/Dec/2021:10:31:40 +0800] "POST /xingrg/kc/buy/cgsh_order_operate.html HTTP/1.1" 200 8245
61.170.234.223 - - [21/Dec/2021:10:31:42 +0800] "GET /xingrg/javascript/easyui/themes/default/tree.css HTTP/1.1" 404 1090
61.170.234.223 - - [21/Dec/2021:10:31:42 +0800] "POST /xingrg/all/common/load_tree.html?tree=supplier_tree_json&isDelete=1 HTTP/1.1" 200 61427
114.83.222.225 - - [21/Dec/2021:10:31:43 +0800] "GET /xingrg/all/function/internal_message.html?_=1640053902770&CODE_STATE=getMsg HTTP/1.1" 200 27
222.69.132.164 - - [21/Dec/2021:10:31:45 +0800] "GET /xingrg/all/function/internal_message.html?_=1640053931665&CODE_STATE=getMsg HTTP/1.1" 200 27
101.80.229.199 - - [21/Dec/2021:10:31:48 +0800] "GET /xingrg/all/function/internal_message.html?_=1640053908611&CODE_STATE=getMsg HTTP/1.1" 200 27
180.175.103.30 - - [21/Dec/2021:10:31:52 +0800] "GET /xingrg/all/function/internal_message.html?_=1640053848843&CODE_STATE=getMsg HTTP/1.1" 200 27
61.170.234.223 - - [21/Dec/2021:10:31:56 +0800] "GET /xingrg/javascript/auto/indicator.gif HTTP/1.1" 404 1066
114.85.125.222 - - [21/Dec/2021:10:31:57 +0800] "GET /xingrg/all/function/internal_message.html?_=1640053866045&CODE_STATE=getMsg HTTP/1.1" 200 27
116.227.210.113 - - [21/Dec/2021:10:31:58 +0800] "GET /xingrg/all/function/internal_message.html?_=1640053897883&CODE_STATE=getMsg HTTP/1.1" 200 27
124.77.245.186 - - [21/Dec/2021:10:31:59 +0800] "GET /xingrg/all/function/internal_message.html?_=1640053923908&CODE_STATE=getMsg HTTP/1.1" 200 27
124.79.246.130 - - [21/Dec/2021:10:32:00 +0800] "GET /xingrg/all/function/internal_message.html?_=1640054045893&CODE_STATE=getMsg HTTP/1.1" 200 27
116.238.248.233 - - [21/Dec/2021:10:32:00 +0800] "GET /xingrg/all/function/internal_message.html?_=1640053920529&CODE_STATE=getMsg HTTP/1.1" 200 27
61.170.234.223 - - [21/Dec/2021:10:32:01 +0800] "GET /xingrg/kc/buy/cgsh_order_operate.html?command=get_materiel&rest_code=00106&code=00101008234&supplier_code=00100007&order_time=2021-12-21 HTTP/1.1" 200 408
101.80.229.199 - - [21/Dec/2021:10:32:02 +0800] "GET /xingrg/check_reg.html?_=1640053922504 HTTP/1.1" 200 22
61.170.234.223 - - [21/Dec/2021:10:32:06 +0800] "GET /xingrg/all/function/internal_message.html?_=1640053924734&CODE_STATE=getMsg HTTP/1.1" 200 27
61.170.234.223 - - [21/Dec/2021:10:32:14 +0800] "GET /xingrg/kc/buy/cgsh_order_operate.html?command=get_materiel&rest_code=00106&code=00101008354&supplier_code=00100007&order_time=2021-12-21 HTTP/1.1" 200 412
120.253.135.82 - - [21/Dec/2021:10:32:15 +0800] "GET /xingrg/all/function/internal_message.html?_=1640053715887&CODE_STATE=getMsg HTTP/1.1" 200 27
180.169.147.146 - - [21/Dec/2021:10:32:17 +0800] "GET /xingrg/check_reg.html?_=1640053935913 HTTP/1.1" 200 22
180.175.103.30 - - [21/Dec/2021:10:32:19 +0800] "GET /xingrg/all/function/internal_message.html?_=1640053939901&CODE_STATE=getMsg HTTP/1.1" 200 27
222.70.176.97 - - [21/Dec/2021:10:32:19 +0800] "GET /xingrg/all/function/internal_message.html?_=1640053937492&CODE_STATE=getMsg HTTP/1.1" 200 27
180.169.147.146 - - [21/Dec/2021:10:32:20 +0800] "GET /xingrg/all/function/internal_message.html?_=1640053938602&CODE_STATE=getMsg HTTP/1.1" 200 27
61.170.234.223 - - [21/Dec/2021:10:32:24 +0800] "GET /xingrg/kc/buy/cgsh_order_operate.html?command=get_materiel&rest_code=00106&code=00101008110&supplier_code=00100007&order_time=2021-12-21 HTTP/1.1" 200 408
114.88.159.28 - - [21/Dec/2021:10:32:24 +0800] "GET /xingrg/all/function/internal_message.html?_=1640053755361&CODE_STATE=getMsg HTTP/1.1" 200 27
61.170.234.223 - - [21/Dec/2021:10:32:31 +0800] "GET /xingrg/kc/buy/cgsh_order_operate.html?command=get_materiel&rest_code=00106&code=00101008355&supplier_code=00100007&order_time=2021-12-21 HTTP/1.1" 200 408
124.79.246.130 - - [21/Dec/2021:10:32:35 +0800] "GET /xingrg/all/function/internal_message.html?_=1640053978172&CODE_STATE=getMsg HTTP/1.1" 302 -
124.79.246.130 - - [21/Dec/2021:10:32:35 +0800] "GET /xingrg/login.html HTTP/1.1" 200 7641
61.170.234.223 - - [21/Dec/2021:10:32:39 +0800] "GET /xingrg/kc/buy/cgsh_order_operate.html?command=get_materiel&rest_code=00106&code=00101008264&supplier_code=00100007&order_time=2021-12-21 HTTP/1.1" 200 412
116.232.52.179 - - [21/Dec/2021:10:32:39 +0800] "GET /xingrg/all/function/internal_message.html?_=1640053960799&CODE_STATE=getMsg HTTP/1.1" 200 27
114.85.125.222 - - [21/Dec/2021:10:32:39 +0800] "GET /xingrg/all/function/internal_message.html?_=1640053908076&CODE_STATE=getMsg HTTP/1.1" 200 27
114.83.222.225 - - [21/Dec/2021:10:32:43 +0800] "GET /xingrg/all/function/internal_message.html?_=1640053962756&CODE_STATE=getMsg HTTP/1.1" 200 27
222.69.132.164 - - [21/Dec/2021:10:32:45 +0800] "GET /xingrg/check_reg.html?_=1640053991662 HTTP/1.1" 200 22
222.69.132.164 - - [21/Dec/2021:10:32:45 +0800] "GET /xingrg/all/function/internal_message.html?_=1640053991665&CODE_STATE=getMsg HTTP/1.1" 200 27
101.80.229.199 - - [21/Dec/2021:10:32:48 +0800] "GET /xingrg/all/function/internal_message.html?_=1640053968583&CODE_STATE=getMsg HTTP/1.1" 200 27
61.170.234.223 - - [21/Dec/2021:10:32:49 +0800] "GET /xingrg/kc/buy/cgsh_order_operate.html?command=get_materiel&rest_code=00106&code=00101008362&supplier_code=00100007&order_time=2021-12-21 HTTP/1.1" 200 408
172.20.0.100 - - [21/Dec/2021:10:32:51 +0800] "GET /xingrg/check_reg.html?_=1640053970682 HTTP/1.1" 200 22
180.175.103.30 - - [21/Dec/2021:10:32:52 +0800] "GET /xingrg/all/function/internal_message.html?_=1640053908841&CODE_STATE=getMsg HTTP/1.1" 200 27
114.85.125.222 - - [21/Dec/2021:10:32:57 +0800] "GET /xingrg/all/function/internal_message.html?_=1640053926072&CODE_STATE=getMsg HTTP/1.1" 200 27
116.227.210.113 - - [21/Dec/2021:10:32:58 +0800] "GET /xingrg/all/function/internal_message.html?_=1640053957876&CODE_STATE=getMsg HTTP/1.1" 200 27
124.77.245.186 - - [21/Dec/2021:10:32:59 +0800] "GET /xingrg/all/function/internal_message.html?_=1640053983920&CODE_STATE=getMsg HTTP/1.1" 200 27
124.79.246.130 - - [21/Dec/2021:10:33:00 +0800] "GET /xingrg/check_reg.html?_=1640054105891 HTTP/1.1" 200 22
124.79.246.130 - - [21/Dec/2021:10:33:00 +0800] "GET /xingrg/all/function/internal_message.html?_=1640054105892&CODE_STATE=getMsg HTTP/1.1" 200 27
116.238.248.233 - - [21/Dec/2021:10:33:00 +0800] "GET /xingrg/all/function/internal_message.html?_=1640053980575&CODE_STATE=getMsg HTTP/1.1" 200 27
61.170.234.223 - - [21/Dec/2021:10:33:02 +0800] "GET /xingrg/kc/buy/cgsh_order_operate.html?command=get_materiel&rest_code=00106&code=00101008360&supplier_code=00100007&order_time=2021-12-21 HTTP/1.1" 200 413
61.170.234.223 - - [21/Dec/2021:10:33:06 +0800] "GET /xingrg/all/function/internal_message.html?_=1640053984746&CODE_STATE=getMsg HTTP/1.1" 200 27
61.170.234.223 - - [21/Dec/2021:10:33:10 +0800] "GET /xingrg/kc/buy/cgsh_order_operate.html?command=get_materiel&rest_code=00106&code=00101008357&supplier_code=00100007&order_time=2021-12-21 HTTP/1.1" 200 408
120.253.135.82 - - [21/Dec/2021:10:33:15 +0800] "GET /xingrg/check_reg.html?_=1640053775494 HTTP/1.1" 200 22
120.253.135.82 - - [21/Dec/2021:10:33:15 +0800] "GET /xingrg/all/function/internal_message.html?_=1640053775902&CODE_STATE=getMsg HTTP/1.1" 200 27
61.170.234.223 - - [21/Dec/2021:10:33:18 +0800] "GET /xingrg/kc/buy/cgsh_order_operate.html?command=get_materiel&rest_code=00106&code=00101008230&supplier_code=00100007&order_time=2021-12-21 HTTP/1.1" 200 408
180.175.103.30 - - [21/Dec/2021:10:33:19 +0800] "GET /xingrg/all/function/internal_message.html?_=1640053999902&CODE_STATE=getMsg HTTP/1.1" 200 27
222.70.176.97 - - [21/Dec/2021:10:33:19 +0800] "GET /xingrg/check_reg.html?_=1640053997490 HTTP/1.1" 200 22
222.70.176.97 - - [21/Dec/2021:10:33:19 +0800] "GET /xingrg/all/function/internal_message.html?_=1640053997491&CODE_STATE=getMsg HTTP/1.1" 200 27
180.169.147.146 - - [21/Dec/2021:10:33:20 +0800] "GET /xingrg/all/function/internal_message.html?_=1640053998643&CODE_STATE=getMsg HTTP/1.1" 200 27
114.88.159.28 - - [21/Dec/2021:10:33:23 +0800] "GET /xingrg/check_reg.html?_=1640053813909 HTTP/1.1" 200 22
114.88.159.28 - - [21/Dec/2021:10:33:24 +0800] "GET /xingrg/all/function/internal_message.html?_=1640053815336&CODE_STATE=getMsg HTTP/1.1" 200 27
61.170.234.223 - - [21/Dec/2021:10:33:28 +0800] "GET /xingrg/kc/buy/cgsh_order_operate.html?command=get_materiel&rest_code=00106&code=00101008286&supplier_code=00100007&order_time=2021-12-21 HTTP/1.1" 200 428
124.79.246.130 - - [21/Dec/2021:10:33:35 +0800] "GET /xingrg/all/function/internal_message.html?_=1640054038176&CODE_STATE=getMsg HTTP/1.1" 302 -
124.79.246.130 - - [21/Dec/2021:10:33:35 +0800] "GET /xingrg/login.html HTTP/1.1" 200 7641
61.170.234.223 - - [21/Dec/2021:10:33:36 +0800] "GET /xingrg/kc/buy/cgsh_order_operate.html?command=get_materiel&rest_code=00106&code=00101008036&supplier_code=00100007&order_time=2021-12-21 HTTP/1.1" 200 408
116.232.52.179 - - [21/Dec/2021:10:33:39 +0800] "GET /xingrg/all/function/internal_message.html?_=1640054020812&CODE_STATE=getMsg HTTP/1.1" 200 27
114.85.125.222 - - [21/Dec/2021:10:33:39 +0800] "GET /xingrg/all/function/internal_message.html?_=1640053968085&CODE_STATE=getMsg HTTP/1.1" 200 27
114.85.125.222 - - [21/Dec/2021:10:33:43 +0800] "GET /xingrg/check_reg.html?_=1640053971891 HTTP/1.1" 200 22
114.83.222.225 - - [21/Dec/2021:10:33:43 +0800] "GET /xingrg/all/function/internal_message.html?_=1640054022758&CODE_STATE=getMsg HTTP/1.1" 200 27
114.83.222.225 - - [21/Dec/2021:10:33:43 +0800] "GET /xingrg/check_reg.html?_=1640054022761 HTTP/1.1" 200 22
61.170.234.223 - - [21/Dec/2021:10:33:44 +0800] "GET /xingrg/kc/buy/cgsh_order_operate.html?command=get_materiel&rest_code=00106&code=00101008131&supplier_code=00100007&order_time=2021-12-21 HTTP/1.1" 200 428
222.69.132.164 - - [21/Dec/2021:10:33:45 +0800] "GET /xingrg/all/function/internal_message.html?_=1640054051661&CODE_STATE=getMsg HTTP/1.1" 200 27
116.238.208.177 - - [21/Dec/2021:10:33:46 +0800] "GET /xingrg/check_reg.html?_=1640054033493 HTTP/1.1" 200 22
101.80.229.199 - - [21/Dec/2021:10:33:48 +0800] "GET /xingrg/all/function/internal_message.html?_=1640054028569&CODE_STATE=getMsg HTTP/1.1" 200 27
61.170.234.223 - - [21/Dec/2021:10:33:51 +0800] "GET /xingrg/kc/buy/cgsh_order_operate.html?command=get_materiel&rest_code=00106&code=00101008318&supplier_code=00100007&order_time=2021-12-21 HTTP/1.1" 200 408
180.175.103.30 - - [21/Dec/2021:10:33:52 +0800] "GET /xingrg/all/function/internal_message.html?_=1640053968840&CODE_STATE=getMsg HTTP/1.1" 200 27
114.85.125.222 - - [21/Dec/2021:10:33:57 +0800] "GET /xingrg/all/function/internal_message.html?_=1640053986072&CODE_STATE=getMsg HTTP/1.1" 200 27
116.227.210.113 - - [21/Dec/2021:10:33:58 +0800] "GET /xingrg/all/function/internal_message.html?_=1640054017884&CODE_STATE=getMsg HTTP/1.1" 200 27
116.227.210.113 - - [21/Dec/2021:10:33:58 +0800] "GET /xingrg/check_reg.html?_=1640054017888 HTTP/1.1" 200 22
124.77.245.186 - - [21/Dec/2021:10:33:59 +0800] "GET /xingrg/all/function/internal_message.html?_=1640054044523&CODE_STATE=getMsg HTTP/1.1" 200 27
124.79.246.130 - - [21/Dec/2021:10:34:00 +0800] "GET /xingrg/all/function/internal_message.html?_=1640054165889&CODE_STATE=getMsg HTTP/1.1" 200 27
61.170.234.223 - - [21/Dec/2021:10:34:00 +0800] "GET /xingrg/kc/buy/cgsh_order_operate.html?command=get_materiel&rest_code=00106&code=00101008005&supplier_code=00100007&order_time=2021-12-21 HTTP/1.1" 200 412
116.238.248.233 - - [21/Dec/2021:10:34:00 +0800] "GET /xingrg/all/function/internal_message.html?_=1640054040623&CODE_STATE=getMsg HTTP/1.1" 200 27
61.170.234.223 - - [21/Dec/2021:10:34:06 +0800] "GET /xingrg/check_reg.html?_=1640054044737 HTTP/1.1" 200 22
61.170.234.223 - - [21/Dec/2021:10:34:06 +0800] "GET /xingrg/all/function/internal_message.html?_=1640054044739&CODE_STATE=getMsg HTTP/1.1" 200 27
61.170.234.223 - - [21/Dec/2021:10:34:07 +0800] "GET /xingrg/kc/buy/cgsh_order_operate.html?command=get_materiel&rest_code=00106&code=00101008109&supplier_code=00100007&order_time=2021-12-21 HTTP/1.1" 200 413
120.253.135.82 - - [21/Dec/2021:10:34:15 +0800] "GET /xingrg/all/function/internal_message.html?_=1640053835915&CODE_STATE=getMsg HTTP/1.1" 200 27
61.170.234.223 - - [21/Dec/2021:10:34:16 +0800] "GET /xingrg/kc/buy/cgsh_order_operate.html?command=get_materiel&rest_code=00106&code=00101008562&supplier_code=00100007&order_time=2021-12-21 HTTP/1.1" 200 395
180.175.103.30 - - [21/Dec/2021:10:34:19 +0800] "GET /xingrg/all/function/internal_message.html?_=1640054059902&CODE_STATE=getMsg HTTP/1.1" 200 27
222.70.176.97 - - [21/Dec/2021:10:34:19 +0800] "GET /xingrg/all/function/internal_message.html?_=1640054057491&CODE_STATE=getMsg HTTP/1.1" 200 27
180.169.147.146 - - [21/Dec/2021:10:34:20 +0800] "GET /xingrg/all/function/internal_message.html?_=1640054058641&CODE_STATE=getMsg HTTP/1.1" 200 27
124.79.246.130 - - [21/Dec/2021:10:34:22 +0800] "GET /xingrg/check_reg.html?_=1640054084781 HTTP/1.1" 302 -
124.79.246.130 - - [21/Dec/2021:10:34:22 +0800] "GET /xingrg/login.html HTTP/1.1" 200 7641
114.88.159.28 - - [21/Dec/2021:10:34:24 +0800] "GET /xingrg/all/function/internal_message.html?_=1640053875304&CODE_STATE=getMsg HTTP/1.1" 200 27
61.170.234.223 - - [21/Dec/2021:10:34:26 +0800] "GET /xingrg/kc/buy/cgsh_order_operate.html?command=get_materiel&rest_code=00106&code=00101012052&supplier_code=00100007&order_time=2021-12-21 HTTP/1.1" 200 412
61.170.234.223 - - [21/Dec/2021:10:34:31 +0800] "GET /xingrg/kc/buy/cgsh_order_operate.html?command=get_materiel&rest_code=00106&code=00101008312&supplier_code=00100007&order_time=2021-12-21 HTTP/1.1" 200 432
124.79.246.130 - - [21/Dec/2021:10:34:36 +0800] "GET /xingrg/all/function/internal_message.html?_=1640054098723&CODE_STATE=getMsg HTTP/1.1" 302 -
124.79.246.130 - - [21/Dec/2021:10:34:36 +0800] "GET /xingrg/login.html HTTP/1.1" 200 7641
114.85.125.222 - - [21/Dec/2021:10:34:38 +0800] "GET /xingrg/check_reg.html?_=1640054026863 HTTP/1.1" 200 22
124.77.245.186 - - [21/Dec/2021:10:34:38 +0800] "GET /xingrg/check_reg.html?_=1640054107912 HTTP/1.1" 302 -
116.232.52.179 - - [21/Dec/2021:10:34:39 +0800] "GET /xingrg/all/function/internal_message.html?_=1640054080810&CODE_STATE=getMsg HTTP/1.1" 200 27
114.85.125.222 - - [21/Dec/2021:10:34:39 +0800] "GET /xingrg/all/function/internal_message.html?_=1640054028099&CODE_STATE=getMsg HTTP/1.1" 200 27
61.170.234.223 - - [21/Dec/2021:10:34:39 +0800] "GET /xingrg/kc/buy/cgsh_order_operate.html?command=get_materiel&rest_code=00106&code=00101008010&supplier_code=00100007&order_time=2021-12-21 HTTP/1.1" 200 412
114.83.222.225 - - [21/Dec/2021:10:34:43 +0800] "GET /xingrg/all/function/internal_message.html?_=1640054082762&CODE_STATE=getMsg HTTP/1.1" 200 27
222.69.132.164 - - [21/Dec/2021:10:34:45 +0800] "GET /xingrg/all/function/internal_message.html?_=1640054111652&CODE_STATE=getMsg HTTP/1.1" 200 27
61.170.234.223 - - [21/Dec/2021:10:34:47 +0800] "GET /xingrg/kc/buy/cgsh_order_operate.html?command=get_materiel&rest_code=00106&code=00101008155&supplier_code=00100007&order_time=2021-12-21 HTTP/1.1" 200 428
101.80.229.199 - - [21/Dec/2021:10:34:48 +0800] "GET /xingrg/all/function/internal_message.html?_=1640054088555&CODE_STATE=getMsg HTTP/1.1" 200 27
61.170.234.223 - - [21/Dec/2021:10:34:51 +0800] "POST /xingrg/kc/buy/cgsh_order_operate.html HTTP/1.1" 200 2065
180.175.103.30 - - [21/Dec/2021:10:34:52 +0800] "GET /xingrg/check_reg.html?_=1640054028840 HTTP/1.1" 200 22
180.175.103.30 - - [21/Dec/2021:10:34:52 +0800] "GET /xingrg/all/function/internal_message.html?_=1640054028843&CODE_STATE=getMsg HTTP/1.1" 200 27
114.85.125.222 - - [21/Dec/2021:10:34:57 +0800] "GET /xingrg/all/function/internal_message.html?_=1640054046086&CODE_STATE=getMsg HTTP/1.1" 200 27
61.170.234.223 - - [21/Dec/2021:10:34:57 +0800] "POST /xingrg/kc/buy/cgsh_order_operate.html HTTP/1.1" 200 37
116.227.210.113 - - [21/Dec/2021:10:34:58 +0800] "GET /xingrg/all/function/internal_message.html?_=1640054077891&CODE_STATE=getMsg HTTP/1.1" 200 27
124.77.245.186 - - [21/Dec/2021:10:34:59 +0800] "GET /xingrg/all/function/internal_message.html?_=1640054104525&CODE_STATE=getMsg HTTP/1.1" 200 27
124.79.246.130 - - [21/Dec/2021:10:35:00 +0800] "GET /xingrg/all/function/internal_message.html?_=1640054225887&CODE_STATE=getMsg HTTP/1.1" 200 27
61.170.234.223 - - [21/Dec/2021:10:35:00 +0800] "POST /xingrg/kc/buy/cgsh_order_operate.html HTTP/1.1" 200 13269
116.238.248.233 - - [21/Dec/2021:10:35:00 +0800] "GET /xingrg/check_reg.html?_=1640054100678 HTTP/1.1" 200 22
116.238.248.233 - - [21/Dec/2021:10:35:00 +0800] "GET /xingrg/all/function/internal_message.html?_=1640054100681&CODE_STATE=getMsg HTTP/1.1" 200 27
61.170.234.223 - - [21/Dec/2021:10:35:06 +0800] "GET /xingrg/all/function/internal_message.html?_=1640054104745&CODE_STATE=getMsg HTTP/1.1" 200 27
120.253.135.82 - - [21/Dec/2021:10:35:15 +0800] "GET /xingrg/all/function/internal_message.html?_=1640053895929&CODE_STATE=getMsg HTTP/1.1" 200 27
180.175.103.30 - - [21/Dec/2021:10:35:19 +0800] "GET /xingrg/all/function/internal_message.html?_=1640054119904&CODE_STATE=getMsg HTTP/1.1" 200 27
222.70.176.97 - - [21/Dec/2021:10:35:19 +0800] "GET /xingrg/all/function/internal_message.html?_=1640054117490&CODE_STATE=getMsg HTTP/1.1" 200 27
180.169.147.146 - - [21/Dec/2021:10:35:20 +0800] "GET /xingrg/all/function/internal_message.html?_=1640054118640&CODE_STATE=getMsg HTTP/1.1" 200 27
222.69.132.164 - - [21/Dec/2021:10:35:22 +0800] "GET /xingrg/kc/base/wldb_order_add.html HTTP/1.1" 200 30280
222.69.132.164 - - [21/Dec/2021:10:35:22 +0800] "POST /xingrg/kc/base/wldb_order_operate.html HTTP/1.1" 200 6806
222.69.132.164 - - [21/Dec/2021:10:35:22 +0800] "GET /xingrg/javascript/easyui/themes/default/validatebox.css HTTP/1.1" 404 1104
114.88.159.28 - - [21/Dec/2021:10:35:24 +0800] "GET /xingrg/all/function/internal_message.html?_=1640053935278&CODE_STATE=getMsg HTTP/1.1" 200 27
120.253.135.82 - - [21/Dec/2021:10:35:25 +0800] "GET /xingrg/check_reg.html?_=1640054120029 HTTP/1.1" 302 -
222.69.132.164 - - [21/Dec/2021:10:35:25 +0800] "POST /xingrg/all/common/load_combo.html?type=base HTTP/1.1" 200 1403
222.69.132.164 - - [21/Dec/2021:10:35:28 +0800] "POST /xingrg/all/common/load_combo.html?type=base HTTP/1.1" 200 1403
180.171.135.235 - - [21/Dec/2021:10:35:34 +0800] "GET /favicon.ico HTTP/1.1" 404 -
124.79.246.130 - - [21/Dec/2021:10:35:36 +0800] "GET /xingrg/all/function/internal_message.html?_=1640054158733&CODE_STATE=getMsg HTTP/1.1" 302 -
124.79.246.130 - - [21/Dec/2021:10:35:36 +0800] "GET /xingrg/login.html HTTP/1.1" 200 7641
116.232.52.179 - - [21/Dec/2021:10:35:39 +0800] "GET /xingrg/all/function/internal_message.html?_=1640054140818&CODE_STATE=getMsg HTTP/1.1" 200 27
116.232.52.179 - - [21/Dec/2021:10:35:39 +0800] "GET /xingrg/check_reg.html?_=1640054140819 HTTP/1.1" 200 22
114.85.125.222 - - [21/Dec/2021:10:35:39 +0800] "GET /xingrg/all/function/internal_message.html?_=1640054088112&CODE_STATE=getMsg HTTP/1.1" 200 27
114.83.222.225 - - [21/Dec/2021:10:35:43 +0800] "GET /xingrg/all/function/internal_message.html?_=1640054142764&CODE_STATE=getMsg HTTP/1.1" 200 27
222.69.132.164 - - [21/Dec/2021:10:35:45 +0800] "GET /xingrg/all/function/internal_message.html?_=1640054171657&CODE_STATE=getMsg HTTP/1.1" 200 27
101.80.229.199 - - [21/Dec/2021:10:35:48 +0800] "GET /xingrg/all/function/internal_message.html?_=1640054148540&CODE_STATE=getMsg HTTP/1.1" 200 27
180.175.103.30 - - [21/Dec/2021:10:35:52 +0800] "GET /xingrg/all/function/internal_message.html?_=1640054088843&CODE_STATE=getMsg HTTP/1.1" 200 27
61.170.234.223 - - [21/Dec/2021:10:35:56 +0800] "GET /xingrg/kc/buy/cgsh_order_operate.html?command=get_materiel&rest_code=00106&code=00101008126&supplier_code=00100007&order_time=2021-12-21 HTTP/1.1" 200 412
114.85.125.222 - - [21/Dec/2021:10:35:57 +0800] "GET /xingrg/all/function/internal_message.html?_=1640054106113&CODE_STATE=getMsg HTTP/1.1" 200 27
116.227.210.113 - - [21/Dec/2021:10:35:58 +0800] "GET /xingrg/all/function/internal_message.html?_=1640054137873&CODE_STATE=getMsg HTTP/1.1" 200 27
124.79.246.130 - - [21/Dec/2021:10:36:00 +0800] "GET /xingrg/all/function/internal_message.html?_=1640054285885&CODE_STATE=getMsg HTTP/1.1" 200 27
124.77.245.186 - - [21/Dec/2021:10:36:00 +0800] "GET /xingrg/all/function/internal_message.html?_=1640054165119&CODE_STATE=getMsg HTTP/1.1" 200 27
116.238.248.233 - - [21/Dec/2021:10:36:00 +0800] "GET /xingrg/all/function/internal_message.html?_=1640054160713&CODE_STATE=getMsg HTTP/1.1" 200 27
61.170.234.223 - - [21/Dec/2021:10:36:06 +0800] "GET /xingrg/kc/buy/cgsh_order_operate.html?command=get_materiel&rest_code=00106&code=00101008261&supplier_code=00100007&order_time=2021-12-21 HTTP/1.1" 200 408
61.170.234.223 - - [21/Dec/2021:10:36:06 +0800] "GET /xingrg/all/function/internal_message.html?_=1640054164737&CODE_STATE=getMsg HTTP/1.1" 200 27
61.170.234.223 - - [21/Dec/2021:10:36:12 +0800] "GET /xingrg/kc/buy/cgsh_order_operate.html?command=get_materiel&rest_code=00106&code=00101008072&supplier_code=00100007&order_time=2021-12-21 HTTP/1.1" 200 408
120.253.135.82 - - [21/Dec/2021:10:36:15 +0800] "GET /xingrg/all/function/internal_message.html?_=1640053955947&CODE_STATE=getMsg HTTP/1.1" 200 27
180.175.103.30 - - [21/Dec/2021:10:36:19 +0800] "GET /xingrg/check_reg.html?_=1640054179903 HTTP/1.1" 200 22
180.175.103.30 - - [21/Dec/2021:10:36:19 +0800] "GET /xingrg/all/function/internal_message.html?_=1640054179906&CODE_STATE=getMsg HTTP/1.1" 200 27
222.70.176.97 - - [21/Dec/2021:10:36:19 +0800] "GET /xingrg/all/function/internal_message.html?_=1640054177487&CODE_STATE=getMsg HTTP/1.1" 200 27
180.169.147.146 - - [21/Dec/2021:10:36:20 +0800] "GET /xingrg/all/function/internal_message.html?_=1640054178640&CODE_STATE=getMsg HTTP/1.1" 200 27
180.169.147.146 - - [21/Dec/2021:10:36:20 +0800] "GET /xingrg/check_reg.html?_=1640054178639 HTTP/1.1" 200 22
61.170.234.223 - - [21/Dec/2021:10:36:20 +0800] "GET /xingrg/kc/buy/cgsh_order_operate.html?command=get_materiel&rest_code=00106&code=00101008087&supplier_code=00100007&order_time=2021-12-21 HTTP/1.1" 200 412
124.77.245.186 - - [21/Dec/2021:10:36:22 +0800] "GET /xingrg/check_reg.html?_=1640054186902 HTTP/1.1" 200 22
61.170.234.223 - - [21/Dec/2021:10:36:23 +0800] "POST /xingrg/kc/buy/cgsh_order_operate.html HTTP/1.1" 200 2065
114.88.159.28 - - [21/Dec/2021:10:36:24 +0800] "GET /xingrg/all/function/internal_message.html?_=1640053995253&CODE_STATE=getMsg HTTP/1.1" 200 27
61.170.234.223 - - [21/Dec/2021:10:36:28 +0800] "GET /xingrg/kc/buy/cgsh_order_operate.html?command=get_materiel&rest_code=00106&code=00101008024&supplier_code=00100007&order_time=2021-12-21 HTTP/1.1" 200 408
124.79.246.130 - - [21/Dec/2021:10:36:37 +0800] "GET /xingrg/all/function/internal_message.html?_=1640054219408&CODE_STATE=getMsg HTTP/1.1" 302 -
124.79.246.130 - - [21/Dec/2021:10:36:37 +0800] "GET /xingrg/login.html HTTP/1.1" 200 7641
