222.69.132.164 - - [21/Dec/2021:09:43:16 +0800] "GET /xingrg/javascript/easyui/themes/default/validatebox.css HTTP/1.1" 404 1104
114.85.125.222 - - [21/Dec/2021:09:43:17 +0800] "GET /xingrg/kc/buy/cgsh_order_operate.html?command=get_materiel&rest_code=00151&code=00101015035&supplier_code=00100007&order_time=2021-12-21 HTTP/1.1" 200 409
180.175.103.30 - - [21/Dec/2021:09:43:19 +0800] "GET /xingrg/all/function/internal_message.html?_=1640050999832&CODE_STATE=getMsg HTTP/1.1" 200 27
222.70.176.97 - - [21/Dec/2021:09:43:19 +0800] "GET /xingrg/all/function/internal_message.html?_=1640050997441&CODE_STATE=getMsg HTTP/1.1" 200 27
222.70.176.97 - - [21/Dec/2021:09:43:19 +0800] "GET /xingrg/check_reg.html?_=1640050997505 HTTP/1.1" 200 22
120.253.135.82 - - [21/Dec/2021:09:43:20 +0800] "GET /xingrg/all/function/internal_message.html?_=1640050780120&CODE_STATE=getMsg HTTP/1.1" 200 27
124.79.246.130 - - [21/Dec/2021:09:43:21 +0800] "GET /xingrg/all/function/internal_message.html?_=1640051023847&CODE_STATE=getMsg HTTP/1.1" 302 -
124.79.246.130 - - [21/Dec/2021:09:43:21 +0800] "GET /xingrg/login.html HTTP/1.1" 200 7641
114.88.159.28 - - [21/Dec/2021:09:43:23 +0800] "GET /xingrg/check_reg.html?_=1640050813861 HTTP/1.1" 200 22
114.88.159.28 - - [21/Dec/2021:09:43:25 +0800] "GET /xingrg/all/function/internal_message.html?_=1640050815707&CODE_STATE=getMsg HTTP/1.1" 200 27
114.85.125.222 - - [21/Dec/2021:09:43:29 +0800] "GET /xingrg/kc/buy/cgsh_order_operate.html?command=get_materiel&rest_code=00151&code=00101008271&supplier_code=00100007&order_time=2021-12-21 HTTP/1.1" 200 408
114.85.125.222 - - [21/Dec/2021:09:43:36 +0800] "GET /xingrg/all/function/internal_message.html?_=1640050965815&CODE_STATE=getMsg HTTP/1.1" 200 27
114.85.125.222 - - [21/Dec/2021:09:43:37 +0800] "GET /xingrg/kc/buy/cgsh_order_operate.html?command=get_materiel&rest_code=00151&code=00101012039&supplier_code=00100007&order_time=2021-12-21 HTTP/1.1" 200 408
116.232.52.179 - - [21/Dec/2021:09:43:39 +0800] "GET /xingrg/all/function/internal_message.html?_=1640051020659&CODE_STATE=getMsg HTTP/1.1" 200 27
120.253.135.82 - - [21/Dec/2021:09:43:41 +0800] "GET /xingrg/all/function/internal_message.html?_=1640050589974&CODE_STATE=getMsg HTTP/1.1" 200 27
114.85.125.222 - - [21/Dec/2021:09:43:42 +0800] "POST /xingrg/kc/buy/cgsh_order_operate.html HTTP/1.1" 200 37
114.85.125.222 - - [21/Dec/2021:09:43:42 +0800] "GET /xingrg/check_reg.html?_=1640050971840 HTTP/1.1" 200 22
114.83.222.225 - - [21/Dec/2021:09:43:43 +0800] "GET /xingrg/all/function/internal_message.html?_=1640051022577&CODE_STATE=getMsg HTTP/1.1" 200 27
114.83.222.225 - - [21/Dec/2021:09:43:43 +0800] "GET /xingrg/check_reg.html?_=1640051022582 HTTP/1.1" 200 22
114.88.159.28 - - [21/Dec/2021:09:43:44 +0800] "GET /xingrg/kc/buy/cgsh_order_operate.html?command=get_materiel&rest_code=00141&code=00101006111&supplier_code=00100012&order_time=2021-12-21 HTTP/1.1" 200 409
114.85.125.222 - - [21/Dec/2021:09:43:44 +0800] "POST /xingrg/kc/buy/cgsh_order_operate.html HTTP/1.1" 200 14059
222.69.132.164 - - [21/Dec/2021:09:43:45 +0800] "GET /xingrg/all/function/internal_message.html?_=1640051051703&CODE_STATE=getMsg HTTP/1.1" 200 27
222.69.132.164 - - [21/Dec/2021:09:43:47 +0800] "POST /xingrg/all/common/load_combo.html?type=base HTTP/1.1" 200 1403
124.77.245.186 - - [21/Dec/2021:09:43:47 +0800] "GET /xingrg/all/function/internal_message.html?_=1640051032599&CODE_STATE=getMsg HTTP/1.1" 200 27
101.80.229.199 - - [21/Dec/2021:09:43:49 +0800] "GET /xingrg/all/function/internal_message.html?_=1640051029513&CODE_STATE=getMsg HTTP/1.1" 200 27
222.69.132.164 - - [21/Dec/2021:09:43:50 +0800] "POST /xingrg/all/common/load_combo.html?type=base HTTP/1.1" 200 1403
180.175.103.30 - - [21/Dec/2021:09:43:52 +0800] "GET /xingrg/all/function/internal_message.html?_=1640050968781&CODE_STATE=getMsg HTTP/1.1" 200 27
114.85.125.222 - - [21/Dec/2021:09:43:52 +0800] "GET /xingrg/kc/buy/cgsh_order_operate.html?command=get_materiel&rest_code=00151&code=00101008146&supplier_code=00100007&order_time=2021-12-21 HTTP/1.1" 200 416
116.238.248.233 - - [21/Dec/2021:09:43:55 +0800] "POST /xingrg/kc/buy/cgsh_order_operate.html HTTP/1.1" 200 37
116.238.248.233 - - [21/Dec/2021:09:43:56 +0800] "GET /xingrg/all/function/internal_message.html?_=1640051035994&CODE_STATE=getMsg HTTP/1.1" 200 27
114.85.125.222 - - [21/Dec/2021:09:43:56 +0800] "GET /xingrg/all/function/internal_message.html?_=1640050985205&CODE_STATE=getMsg HTTP/1.1" 200 27
116.238.248.233 - - [21/Dec/2021:09:43:58 +0800] "POST /xingrg/kc/buy/cgsh_order_operate.html HTTP/1.1" 200 12
116.227.210.113 - - [21/Dec/2021:09:43:58 +0800] "GET /xingrg/all/function/internal_message.html?_=1640051017885&CODE_STATE=getMsg HTTP/1.1" 200 27
116.227.210.113 - - [21/Dec/2021:09:43:58 +0800] "GET /xingrg/check_reg.html?_=1640051017889 HTTP/1.1" 200 22
114.85.125.222 - - [21/Dec/2021:09:43:59 +0800] "GET /xingrg/kc/buy/cgsh_order_operate.html?command=get_materiel&rest_code=00151&code=00101008147&supplier_code=00100007&order_time=2021-12-21 HTTP/1.1" 200 416
116.238.248.233 - - [21/Dec/2021:09:43:59 +0800] "GET /xingrg/kc/buy/cgsh_order_info.html?code=212021122108652 HTTP/1.1" 200 59696
124.79.246.130 - - [21/Dec/2021:09:44:00 +0800] "GET /xingrg/all/function/internal_message.html?_=1640051165820&CODE_STATE=getMsg HTTP/1.1" 200 27
116.238.248.233 - - [21/Dec/2021:09:44:00 +0800] "GET /xingrg/javascript/easyui/themes/default/validatebox.css HTTP/1.1" 404 1104
116.238.248.233 - - [21/Dec/2021:09:44:00 +0800] "POST /xingrg/kc/buy/cgsh_order_operate.html HTTP/1.1" 200 7802
114.88.159.28 - - [21/Dec/2021:09:44:01 +0800] "GET /xingrg/kc/buy/cgsh_order_operate.html?command=get_materiel&rest_code=00141&code=00101007055&supplier_code=00100012&order_time=2021-12-21 HTTP/1.1" 200 409
116.238.248.233 - - [21/Dec/2021:09:44:02 +0800] "GET /xingrg/kc/print/load_data.html?order_code=212021122108652&kc_code=cgsh&condition= HTTP/1.1" 200 3475
114.88.159.28 - - [21/Dec/2021:09:44:10 +0800] "GET /xingrg/kc/buy/cgsh_order_operate.html?command=get_materiel&rest_code=00141&code=00101006055&supplier_code=00100012&order_time=2021-12-21 HTTP/1.1" 200 409
116.238.248.233 - - [21/Dec/2021:09:44:11 +0800] "POST /xingrg/all/user/operate.html HTTP/1.1" 200 36
116.238.248.233 - - [21/Dec/2021:09:44:11 +0800] "GET /xingrg/index.html?sysBaseUrl=http%3A%2F%2F180.169.147.146%3A18081%2Fxingrg%2F&costTime=43×tamp=1640050008167 HTTP/1.1" 200 17179
116.238.248.233 - - [21/Dec/2021:09:44:11 +0800] "GET /xingrg/javascript/jquery_easy_ui/themes/default/easyui.css HTTP/1.1" 304 -
116.238.248.233 - - [21/Dec/2021:09:44:11 +0800] "GET /xingrg/javascript/jquery_easy_ui/themes/icon.css HTTP/1.1" 304 -
116.238.248.233 - - [21/Dec/2021:09:44:11 +0800] "GET /xingrg/css/form.css HTTP/1.1" 304 -
116.238.248.233 - - [21/Dec/2021:09:44:11 +0800] "GET /xingrg/javascript/jquery-1.4.2.min.js HTTP/1.1" 304 -
116.238.248.233 - - [21/Dec/2021:09:44:11 +0800] "GET /xingrg/javascript/jquery_easy_ui/jquery.easyui.min.js HTTP/1.1" 304 -
116.238.248.233 - - [21/Dec/2021:09:44:11 +0800] "GET /xingrg/javascript/jquery_easy_ui/easyui-lang-zh_CN.js HTTP/1.1" 304 -
116.238.248.233 - - [21/Dec/2021:09:44:11 +0800] "GET /xingrg/javascript/jquery.form.js HTTP/1.1" 304 -
116.238.248.233 - - [21/Dec/2021:09:44:11 +0800] "GET /xingrg/javascript/jquery.utils.js HTTP/1.1" 304 -
116.238.248.233 - - [21/Dec/2021:09:44:11 +0800] "GET /xingrg/javascript/jquery.timers.js HTTP/1.1" 304 -
116.238.248.233 - - [21/Dec/2021:09:44:11 +0800] "GET /xingrg/images/blue/jxLogo.png HTTP/1.1" 304 -
116.238.248.233 - - [21/Dec/2021:09:44:11 +0800] "GET /xingrg/images/blue/navBackgound.jpg HTTP/1.1" 304 -
116.238.248.233 - - [21/Dec/2021:09:44:11 +0800] "GET /xingrg/javascript/jquery_easy_ui/themes/icons/settle_new.png HTTP/1.1" 304 -
116.238.248.233 - - [21/Dec/2021:09:44:11 +0800] "POST /xingrg/all/common/load_tree.html?tree=area_rest_tree_json&manage=1 HTTP/1.1" 200 476
116.238.248.233 - - [21/Dec/2021:09:44:11 +0800] "GET /xingrg/all/function/internal_message.html?_=1640051051304&CODE_STATE=count HTTP/1.1" 200 11
116.238.248.233 - - [21/Dec/2021:09:44:11 +0800] "GET /xingrg/check_reg.html?_=1640051051304 HTTP/1.1" 200 22
116.238.248.233 - - [21/Dec/2021:09:44:11 +0800] "GET /xingrg/javascript/jquery_easy_ui/themes/default/images/tabs_rightarrow.png HTTP/1.1" 304 -
116.238.248.233 - - [21/Dec/2021:09:44:11 +0800] "GET /xingrg/images/blue/pingpu.png HTTP/1.1" 304 -
116.238.248.233 - - [21/Dec/2021:09:44:11 +0800] "GET /xingrg/javascript/jquery_easy_ui/themes/default/images/panel_tool_collapse.gif HTTP/1.1" 304 -
116.238.248.233 - - [21/Dec/2021:09:44:11 +0800] "GET /xingrg/javascript/jquery_easy_ui/themes/default/images/tabs_leftarrow.png HTTP/1.1" 304 -
114.85.125.222 - - [21/Dec/2021:09:44:11 +0800] "GET /xingrg/kc/buy/cgsh_order_operate.html?command=get_materiel&rest_code=00151&code=00101008332&supplier_code=00100007&order_time=2021-12-21 HTTP/1.1" 200 412
116.238.248.233 - - [21/Dec/2021:09:44:11 +0800] "POST /xingrg/load_menu.html HTTP/1.1" 200 5138
116.238.248.233 - - [21/Dec/2021:09:44:13 +0800] "GET /xingrg/kc/buy/cgsh_order_list.html HTTP/1.1" 200 49429
116.238.248.233 - - [21/Dec/2021:09:44:15 +0800] "POST /xingrg/kc/buy/cgsh_list_operate.html HTTP/1.1" 200 1708
116.238.248.233 - - [21/Dec/2021:09:44:17 +0800] "GET /xingrg/kc/buy/cgsh_order_add.html HTTP/1.1" 200 65076
124.79.246.130 - - [21/Dec/2021:09:44:17 +0800] "GET /xingrg/check_reg.html?_=1640051078981 HTTP/1.1" 302 -
124.79.246.130 - - [21/Dec/2021:09:44:17 +0800] "GET /xingrg/login.html HTTP/1.1" 200 7641
116.238.248.233 - - [21/Dec/2021:09:44:17 +0800] "POST /xingrg/kc/buy/cgsh_order_operate.html HTTP/1.1" 200 8245
116.238.248.233 - - [21/Dec/2021:09:44:17 +0800] "GET /xingrg/javascript/easyui/themes/default/validatebox.css HTTP/1.1" 404 1104
116.238.248.233 - - [21/Dec/2021:09:44:18 +0800] "GET /xingrg/javascript/auto/indicator.gif HTTP/1.1" 404 1066
180.175.103.30 - - [21/Dec/2021:09:44:19 +0800] "GET /xingrg/all/function/internal_message.html?_=1640051059832&CODE_STATE=getMsg HTTP/1.1" 200 27
114.85.125.222 - - [21/Dec/2021:09:44:19 +0800] "GET /xingrg/kc/buy/cgsh_order_operate.html?command=get_materiel&rest_code=00151&code=00101008088&supplier_code=00100007&order_time=2021-12-21 HTTP/1.1" 200 408
222.70.176.97 - - [21/Dec/2021:09:44:19 +0800] "GET /xingrg/all/function/internal_message.html?_=1640051057454&CODE_STATE=getMsg HTTP/1.1" 200 27
120.253.135.82 - - [21/Dec/2021:09:44:20 +0800] "GET /xingrg/all/function/internal_message.html?_=1640050840147&CODE_STATE=getMsg HTTP/1.1" 200 27
222.69.132.164 - - [21/Dec/2021:09:44:21 +0800] "POST /xingrg/all/common/load_select.html HTTP/1.1" 200 25
124.79.246.130 - - [21/Dec/2021:09:44:21 +0800] "GET /xingrg/all/function/internal_message.html?_=1640051083861&CODE_STATE=getMsg HTTP/1.1" 302 -
124.79.246.130 - - [21/Dec/2021:09:44:21 +0800] "GET /xingrg/login.html HTTP/1.1" 200 7641
222.69.132.164 - - [21/Dec/2021:09:44:23 +0800] "GET /xingrg/kc/base/wldb_order_operate.html?command=get_materiel_price&rest_code=00154&base_code=0010724&code=00101040002&unit_code=00100619 HTTP/1.1" 200 37
114.88.159.28 - - [21/Dec/2021:09:44:24 +0800] "GET /xingrg/kc/buy/cgsh_order_operate.html?command=get_materiel&rest_code=00141&code=00101006130&supplier_code=00100012&order_time=2021-12-21 HTTP/1.1" 200 447
116.238.248.233 - - [21/Dec/2021:09:44:24 +0800] "GET /xingrg/kc/buy/cgsh_order_operate.html?command=get_materiel&rest_code=00150&code=00101011005&supplier_code=00100047&order_time=2021-12-21 HTTP/1.1" 200 427
114.88.159.28 - - [21/Dec/2021:09:44:25 +0800] "GET /xingrg/all/function/internal_message.html?_=1640050875681&CODE_STATE=getMsg HTTP/1.1" 200 27
114.85.125.222 - - [21/Dec/2021:09:44:25 +0800] "GET /xingrg/kc/buy/cgsh_order_operate.html?command=get_materiel&rest_code=00151&code=00101016025&supplier_code=00100007&order_time=2021-12-21 HTTP/1.1" 200 408
180.175.103.30 - - [21/Dec/2021:09:44:30 +0800] "GET /xingrg/kc/buy/cgsh_order_add.html HTTP/1.1" 200 65240
180.175.103.30 - - [21/Dec/2021:09:44:30 +0800] "POST /xingrg/kc/buy/cgsh_order_operate.html HTTP/1.1" 200 8245
180.175.103.30 - - [21/Dec/2021:09:44:30 +0800] "GET /xingrg/javascript/easyui/themes/default/validatebox.css HTTP/1.1" 404 1104
114.85.125.222 - - [21/Dec/2021:09:44:32 +0800] "POST /xingrg/kc/buy/cgsh_order_operate.html HTTP/1.1" 200 37
114.88.159.28 - - [21/Dec/2021:09:44:33 +0800] "GET /xingrg/kc/buy/cgsh_order_operate.html?command=get_materiel&rest_code=00141&code=00101006193&supplier_code=00100012&order_time=2021-12-21 HTTP/1.1" 200 409
114.85.125.222 - - [21/Dec/2021:09:44:33 +0800] "POST /xingrg/kc/buy/cgsh_order_operate.html HTTP/1.1" 200 17069
116.238.248.233 - - [21/Dec/2021:09:44:34 +0800] "GET /xingrg/kc/buy/cgsh_order_operate.html?command=get_materiel&rest_code=00150&code=00101011004&supplier_code=00100047&order_time=2021-12-21 HTTP/1.1" 200 412
114.85.125.222 - - [21/Dec/2021:09:44:36 +0800] "GET /xingrg/check_reg.html?_=1640051025799 HTTP/1.1" 200 22
114.85.125.222 - - [21/Dec/2021:09:44:37 +0800] "GET /xingrg/all/function/internal_message.html?_=1640051025887&CODE_STATE=getMsg HTTP/1.1" 200 27
124.77.245.186 - - [21/Dec/2021:09:44:38 +0800] "GET /xingrg/check_reg.html?_=1640051107743 HTTP/1.1" 302 -
116.232.52.179 - - [21/Dec/2021:09:44:39 +0800] "GET /xingrg/all/function/internal_message.html?_=1640051080681&CODE_STATE=getMsg HTTP/1.1" 200 27
114.85.125.222 - - [21/Dec/2021:09:44:40 +0800] "GET /xingrg/kc/buy/cgsh_order_operate.html?command=get_materiel&rest_code=00151&code=00101008353&supplier_code=00100007&order_time=2021-12-21 HTTP/1.1" 200 428
120.253.135.82 - - [21/Dec/2021:09:44:41 +0800] "GET /xingrg/all/function/internal_message.html?_=1640050649948&CODE_STATE=getMsg HTTP/1.1" 200 27
116.232.52.179 - - [21/Dec/2021:09:44:42 +0800] "POST /xingrg/services/DataTransmitService HTTP/1.1" 200 524
116.238.248.233 - - [21/Dec/2021:09:44:42 +0800] "POST /xingrg/kc/buy/cgsh_order_operate.html HTTP/1.1" 200 37
116.232.52.179 - - [21/Dec/2021:09:44:42 +0800] "POST /xingrg/services/DataTransmitService HTTP/1.1" 200 2495
116.232.52.179 - - [21/Dec/2021:09:44:43 +0800] "POST /xingrg/services/DataTransmitService HTTP/1.1" 200 151311
114.83.222.225 - - [21/Dec/2021:09:44:43 +0800] "GET /xingrg/all/function/internal_message.html?_=1640051082592&CODE_STATE=getMsg HTTP/1.1" 200 27
114.88.159.28 - - [21/Dec/2021:09:44:45 +0800] "GET /xingrg/kc/buy/cgsh_order_operate.html?command=get_materiel&rest_code=00141&code=00101006128&supplier_code=00100012&order_time=2021-12-21 HTTP/1.1" 200 427
116.238.248.233 - - [21/Dec/2021:09:44:45 +0800] "POST /xingrg/kc/buy/cgsh_order_operate.html HTTP/1.1" 200 12
222.69.132.164 - - [21/Dec/2021:09:44:45 +0800] "GET /xingrg/all/function/internal_message.html?_=1640051111677&CODE_STATE=getMsg HTTP/1.1" 200 27
116.238.248.233 - - [21/Dec/2021:09:44:46 +0800] "GET /xingrg/kc/buy/cgsh_order_info.html?code=212021122108664 HTTP/1.1" 200 59985
116.238.248.233 - - [21/Dec/2021:09:44:47 +0800] "GET /xingrg/javascript/easyui/themes/default/validatebox.css HTTP/1.1" 404 1104
116.238.248.233 - - [21/Dec/2021:09:44:47 +0800] "POST /xingrg/kc/buy/cgsh_order_operate.html HTTP/1.1" 200 1194
180.175.103.30 - - [21/Dec/2021:09:44:48 +0800] "GET /xingrg/kc/buy/cgsh_order_operate.html?command=get_materiel&rest_code=00105&code=00101009109&supplier_code=00100024&order_time=2021-12-21 HTTP/1.1" 200 399
124.77.245.186 - - [21/Dec/2021:09:44:48 +0800] "GET /xingrg/all/function/internal_message.html?_=1640051093145&CODE_STATE=getMsg HTTP/1.1" 200 27
114.85.125.222 - - [21/Dec/2021:09:44:48 +0800] "GET /xingrg/kc/buy/cgsh_order_operate.html?command=get_materiel&rest_code=00151&code=00101008362&supplier_code=00100007&order_time=2021-12-21 HTTP/1.1" 200 408
116.238.248.233 - - [21/Dec/2021:09:44:48 +0800] "GET /xingrg/kc/print/load_data.html?order_code=212021122108664&kc_code=cgsh&condition= HTTP/1.1" 200 977
101.80.229.199 - - [21/Dec/2021:09:44:49 +0800] "GET /xingrg/all/function/internal_message.html?_=1640051089497&CODE_STATE=getMsg HTTP/1.1" 200 27
222.69.132.164 - - [21/Dec/2021:09:44:50 +0800] "GET /xingrg/kc/base/wldb_order_operate.html?command=get_materiel&rest_code=00154&base_code=0010724&code=00101040013 HTTP/1.1" 200 435
180.175.103.30 - - [21/Dec/2021:09:44:52 +0800] "GET /xingrg/all/function/internal_message.html?_=1640051028781&CODE_STATE=getMsg HTTP/1.1" 200 27
180.175.103.30 - - [21/Dec/2021:09:44:52 +0800] "GET /xingrg/check_reg.html?_=1640051028784 HTTP/1.1" 200 22
116.238.248.233 - - [21/Dec/2021:09:44:52 +0800] "GET /xingrg/kc/buy/cgsh_order_add.html HTTP/1.1" 200 65076
116.238.248.233 - - [21/Dec/2021:09:44:53 +0800] "POST /xingrg/kc/buy/cgsh_order_operate.html HTTP/1.1" 200 8245
116.238.248.233 - - [21/Dec/2021:09:44:53 +0800] "GET /xingrg/javascript/easyui/themes/default/validatebox.css HTTP/1.1" 404 1104
222.69.132.164 - - [21/Dec/2021:09:44:55 +0800] "POST /xingrg/all/common/load_select.html HTTP/1.1" 200 12
114.85.125.222 - - [21/Dec/2021:09:44:55 +0800] "GET /xingrg/kc/buy/cgsh_order_operate.html?command=get_materiel&rest_code=00151&code=00101008017&supplier_code=00100007&order_time=2021-12-21 HTTP/1.1" 200 416
114.85.125.222 - - [21/Dec/2021:09:44:56 +0800] "GET /xingrg/all/function/internal_message.html?_=1640051045221&CODE_STATE=getMsg HTTP/1.1" 200 27
114.88.159.28 - - [21/Dec/2021:09:44:57 +0800] "POST /xingrg/kc/buy/cgsh_order_operate.html HTTP/1.1" 200 37
114.83.222.225 - - [21/Dec/2021:09:44:57 +0800] "GET /xingrg/kc/buy/cgsh_order_operate.html?command=get_materiel&rest_code=00149&code=00101008251&supplier_code=00100005&order_time=2021-12-20 HTTP/1.1" 200 408
116.227.210.113 - - [21/Dec/2021:09:44:58 +0800] "GET /xingrg/all/function/internal_message.html?_=1640051077879&CODE_STATE=getMsg HTTP/1.1" 200 27
124.79.246.130 - - [21/Dec/2021:09:45:00 +0800] "GET /xingrg/all/function/internal_message.html?_=1640051225819&CODE_STATE=getMsg HTTP/1.1" 200 27
114.88.159.28 - - [21/Dec/2021:09:45:00 +0800] "POST /xingrg/kc/buy/cgsh_order_operate.html HTTP/1.1" 200 12
116.238.248.233 - - [21/Dec/2021:09:45:02 +0800] "GET /xingrg/kc/buy/cgsh_order_operate.html?command=get_materiel&rest_code=00150&code=00101016025&supplier_code=00100096&order_time=2021-12-21 HTTP/1.1" 200 409
114.88.159.28 - - [21/Dec/2021:09:45:02 +0800] "GET /xingrg/kc/buy/cgsh_order_info.html?code=212021122108665 HTTP/1.1" 200 60108
114.88.159.28 - - [21/Dec/2021:09:45:02 +0800] "GET /xingrg/javascript/easyui/themes/default/validatebox.css HTTP/1.1" 404 1104
114.88.159.28 - - [21/Dec/2021:09:45:03 +0800] "POST /xingrg/kc/buy/cgsh_order_operate.html HTTP/1.1" 200 4177
114.85.125.222 - - [21/Dec/2021:09:45:03 +0800] "GET /xingrg/kc/buy/cgsh_order_operate.html?command=get_materiel&rest_code=00151&code=00101008137&supplier_code=00100007&order_time=2021-12-21 HTTP/1.1" 200 408
180.175.103.30 - - [21/Dec/2021:09:45:04 +0800] "GET /xingrg/kc/buy/cgsh_order_operate.html?command=get_materiel&rest_code=00105&code=00101009062&supplier_code=00100024&order_time=2021-12-21 HTTP/1.1" 200 412
114.85.125.222 - - [21/Dec/2021:09:45:10 +0800] "GET /xingrg/kc/buy/cgsh_order_operate.html?command=get_materiel&rest_code=00151&code=00101008096&supplier_code=00100007&order_time=2021-12-21 HTTP/1.1" 200 412
116.238.248.233 - - [21/Dec/2021:09:45:11 +0800] "GET /xingrg/all/function/internal_message.html?_=1640051111344&CODE_STATE=getMsg HTTP/1.1" 200 27
114.88.159.28 - - [21/Dec/2021:09:45:11 +0800] "GET /xingrg/kc/print/load_data.html?order_code=212021122108665&kc_code=cgsh&condition= HTTP/1.1" 200 2177
180.175.103.30 - - [21/Dec/2021:09:45:12 +0800] "GET /xingrg/kc/buy/cgsh_order_operate.html?command=get_materiel&rest_code=00105&code=00101009011&supplier_code=00100024&order_time=2021-12-21 HTTP/1.1" 200 416
222.69.132.164 - - [21/Dec/2021:09:45:14 +0800] "GET /xingrg/kc/base/wldb_order_operate.html?command=get_materiel_price&rest_code=00154&base_code=0010724&code=00101040013&unit_code=00100005 HTTP/1.1" 200 34
114.88.159.28 - - [21/Dec/2021:09:45:15 +0800] "GET /xingrg/kc/buy/cgsh_order_add.html HTTP/1.1" 200 65199
114.88.159.28 - - [21/Dec/2021:09:45:15 +0800] "GET /xingrg/javascript/easyui/themes/default/validatebox.css HTTP/1.1" 404 1104
114.88.159.28 - - [21/Dec/2021:09:45:15 +0800] "POST /xingrg/kc/buy/cgsh_order_operate.html HTTP/1.1" 200 8245
180.175.103.30 - - [21/Dec/2021:09:45:19 +0800] "GET /xingrg/all/function/internal_message.html?_=1640051119876&CODE_STATE=getMsg HTTP/1.1" 200 27
222.70.176.97 - - [21/Dec/2021:09:45:19 +0800] "GET /xingrg/all/function/internal_message.html?_=1640051117455&CODE_STATE=getMsg HTTP/1.1" 200 27
120.253.135.82 - - [21/Dec/2021:09:45:20 +0800] "GET /xingrg/all/function/internal_message.html?_=1640050900148&CODE_STATE=getMsg HTTP/1.1" 200 27
114.85.125.222 - - [21/Dec/2021:09:45:20 +0800] "POST /xingrg/kc/buy/cgsh_order_operate.html HTTP/1.1" 200 37
116.238.248.233 - - [21/Dec/2021:09:45:20 +0800] "GET /xingrg/kc/buy/cgsh_order_operate.html?command=get_materiel&rest_code=00150&code=00101012029&supplier_code=00100096&order_time=2021-12-21 HTTP/1.1" 200 23
124.79.246.130 - - [21/Dec/2021:09:45:22 +0800] "GET /xingrg/all/function/internal_message.html?_=1640051144412&CODE_STATE=getMsg HTTP/1.1" 302 -
124.79.246.130 - - [21/Dec/2021:09:45:22 +0800] "GET /xingrg/login.html HTTP/1.1" 200 7641
114.83.222.225 - - [21/Dec/2021:09:45:22 +0800] "POST /xingrg/kc/buy/cgsh_order_operate.html HTTP/1.1" 200 37
114.85.125.222 - - [21/Dec/2021:09:45:22 +0800] "POST /xingrg/kc/buy/cgsh_order_operate.html HTTP/1.1" 200 20061
114.88.159.28 - - [21/Dec/2021:09:45:25 +0800] "GET /xingrg/all/function/internal_message.html?_=1640050935669&CODE_STATE=getMsg HTTP/1.1" 200 27
120.253.135.82 - - [21/Dec/2021:09:45:25 +0800] "GET /xingrg/check_reg.html?_=1640051119809 HTTP/1.1" 302 -
116.238.248.233 - - [21/Dec/2021:09:45:25 +0800] "POST /xingrg/kc/buy/cgsh_order_operate.html HTTP/1.1" 200 37
116.238.248.233 - - [21/Dec/2021:09:45:26 +0800] "POST /xingrg/kc/buy/cgsh_order_operate.html HTTP/1.1" 200 2652
180.175.103.30 - - [21/Dec/2021:09:45:26 +0800] "GET /xingrg/kc/buy/cgsh_order_operate.html?command=get_materiel&rest_code=00105&code=00101009044&supplier_code=00100024&order_time=2021-12-21 HTTP/1.1" 200 412
114.85.125.222 - - [21/Dec/2021:09:45:29 +0800] "GET /xingrg/kc/buy/cgsh_order_operate.html?command=get_materiel&rest_code=00151&code=00101008131&supplier_code=00100007&order_time=2021-12-21 HTTP/1.1" 200 428
114.88.159.28 - - [21/Dec/2021:09:45:31 +0800] "GET /xingrg/kc/buy/cgsh_order_operate.html?command=get_materiel&rest_code=00141&code=00101011010&supplier_code=00100036&order_time=2021-12-21 HTTP/1.1" 200 418
116.238.248.233 - - [21/Dec/2021:09:45:31 +0800] "GET /xingrg/login.html HTTP/1.1" 200 7641
114.83.222.225 - - [21/Dec/2021:09:45:31 +0800] "POST /xingrg/kc/buy/cgsh_order_operate.html HTTP/1.1" 200 12
116.238.248.233 - - [21/Dec/2021:09:45:31 +0800] "GET /favicon.ico HTTP/1.1" 404 -
114.83.222.225 - - [21/Dec/2021:09:45:33 +0800] "GET /xingrg/kc/buy/cgsh_order_info.html?code=212021122108642 HTTP/1.1" 200 60155
114.83.222.225 - - [21/Dec/2021:09:45:33 +0800] "GET /xingrg/javascript/easyui/themes/default/validatebox.css HTTP/1.1" 404 1104
114.83.222.225 - - [21/Dec/2021:09:45:34 +0800] "POST /xingrg/kc/buy/cgsh_order_operate.html HTTP/1.1" 200 37254
114.83.222.225 - - [21/Dec/2021:09:45:35 +0800] "GET /xingrg/kc/print/load_data.html?order_code=212021122108642&kc_code=cgsh&condition= HTTP/1.1" 200 14593
114.85.125.222 - - [21/Dec/2021:09:45:36 +0800] "GET /xingrg/kc/buy/cgsh_order_operate.html?command=get_materiel&rest_code=00151&code=00101008312&supplier_code=00100007&order_time=2021-12-21 HTTP/1.1" 200 432
114.85.125.222 - - [21/Dec/2021:09:45:37 +0800] "GET /xingrg/all/function/internal_message.html?_=1640051085961&CODE_STATE=getMsg HTTP/1.1" 200 27
116.238.248.233 - - [21/Dec/2021:09:45:38 +0800] "POST /xingrg/login.do HTTP/1.1" 302 -
116.238.248.233 - - [21/Dec/2021:09:45:38 +0800] "GET /xingrg/index.html?sysBaseUrl=http%3A%2F%2F180.169.147.146%3A18081%2Fxingrg%2F&costTime=41×tamp=1640051138175 HTTP/1.1" 200 17177
116.238.248.233 - - [21/Dec/2021:09:45:38 +0800] "GET /favicon.ico HTTP/1.1" 404 -
116.238.248.233 - - [21/Dec/2021:09:45:38 +0800] "POST /xingrg/all/common/load_tree.html?tree=area_rest_tree_json&manage=1 HTTP/1.1" 200 476
116.238.248.233 - - [21/Dec/2021:09:45:38 +0800] "GET /xingrg/check_reg.html?_=1640051138264 HTTP/1.1" 200 22
116.238.248.233 - - [21/Dec/2021:09:45:38 +0800] "GET /xingrg/all/function/internal_message.html?_=1640051138263&CODE_STATE=count HTTP/1.1" 200 11
116.238.248.233 - - [21/Dec/2021:09:45:38 +0800] "POST /xingrg/load_menu.html HTTP/1.1" 200 5138
116.232.52.179 - - [21/Dec/2021:09:45:39 +0800] "GET /xingrg/all/function/internal_message.html?_=1640051140674&CODE_STATE=getMsg HTTP/1.1" 200 27
116.232.52.179 - - [21/Dec/2021:09:45:39 +0800] "GET /xingrg/check_reg.html?_=1640051140675 HTTP/1.1" 200 22
114.88.159.28 - - [21/Dec/2021:09:45:39 +0800] "GET /xingrg/kc/buy/cgsh_order_operate.html?command=get_materiel&rest_code=00141&code=00101010136&supplier_code=00100036&order_time=2021-12-21 HTTP/1.1" 200 427
120.253.135.82 - - [21/Dec/2021:09:45:41 +0800] "GET /xingrg/all/function/internal_message.html?_=1640050709931&CODE_STATE=getMsg HTTP/1.1" 200 27
114.85.125.222 - - [21/Dec/2021:09:45:42 +0800] "GET /xingrg/kc/buy/cgsh_order_operate.html?command=get_materiel&rest_code=00151&code=00101008375&supplier_code=00100007&order_time=2021-12-21 HTTP/1.1" 200 416
114.83.222.225 - - [21/Dec/2021:09:45:43 +0800] "GET /xingrg/all/function/internal_message.html?_=1640051142592&CODE_STATE=getMsg HTTP/1.1" 200 27
116.238.248.233 - - [21/Dec/2021:09:45:44 +0800] "POST /xingrg/all/user/operate.html HTTP/1.1" 200 36
116.238.248.233 - - [21/Dec/2021:09:45:44 +0800] "GET /xingrg/javascript/jquery_easy_ui/themes/default/easyui.css HTTP/1.1" 304 -
116.238.248.233 - - [21/Dec/2021:09:45:44 +0800] "GET /xingrg/index.html?sysBaseUrl=http%3A%2F%2F180.169.147.146%3A18081%2Fxingrg%2F&costTime=41×tamp=1640051138175 HTTP/1.1" 200 17179
116.238.248.233 - - [21/Dec/2021:09:45:44 +0800] "GET /xingrg/javascript/jquery_easy_ui/themes/icon.css HTTP/1.1" 304 -
116.238.248.233 - - [21/Dec/2021:09:45:44 +0800] "GET /xingrg/css/form.css HTTP/1.1" 304 -
116.238.248.233 - - [21/Dec/2021:09:45:44 +0800] "GET /xingrg/javascript/jquery-1.4.2.min.js HTTP/1.1" 304 -
116.238.248.233 - - [21/Dec/2021:09:45:44 +0800] "GET /xingrg/javascript/jquery_easy_ui/jquery.easyui.min.js HTTP/1.1" 304 -
116.238.248.233 - - [21/Dec/2021:09:45:44 +0800] "GET /xingrg/javascript/jquery_easy_ui/easyui-lang-zh_CN.js HTTP/1.1" 304 -
116.238.248.233 - - [21/Dec/2021:09:45:44 +0800] "GET /xingrg/javascript/jquery.form.js HTTP/1.1" 304 -
116.238.248.233 - - [21/Dec/2021:09:45:44 +0800] "GET /xingrg/javascript/jquery.utils.js HTTP/1.1" 304 -
116.238.248.233 - - [21/Dec/2021:09:45:44 +0800] "GET /xingrg/javascript/jquery.timers.js HTTP/1.1" 304 -
116.238.248.233 - - [21/Dec/2021:09:45:44 +0800] "GET /xingrg/images/blue/navBackgound.jpg HTTP/1.1" 304 -
116.238.248.233 - - [21/Dec/2021:09:45:44 +0800] "GET /xingrg/images/blue/jxLogo.png HTTP/1.1" 304 -
116.238.248.233 - - [21/Dec/2021:09:45:44 +0800] "GET /xingrg/javascript/jquery_easy_ui/themes/icons/settle_new.png HTTP/1.1" 304 -
116.238.248.233 - - [21/Dec/2021:09:45:44 +0800] "POST /xingrg/all/common/load_tree.html?tree=area_rest_tree_json&manage=1 HTTP/1.1" 200 476
116.238.248.233 - - [21/Dec/2021:09:45:44 +0800] "GET /xingrg/all/function/internal_message.html?_=1640051144586&CODE_STATE=count HTTP/1.1" 200 11
116.238.248.233 - - [21/Dec/2021:09:45:44 +0800] "GET /xingrg/check_reg.html?_=1640051144586 HTTP/1.1" 200 22
116.238.248.233 - - [21/Dec/2021:09:45:44 +0800] "GET /xingrg/javascript/jquery_easy_ui/themes/default/images/panel_tool_collapse.gif HTTP/1.1" 304 -
116.238.248.233 - - [21/Dec/2021:09:45:44 +0800] "GET /xingrg/javascript/jquery_easy_ui/themes/default/images/tabs_leftarrow.png HTTP/1.1" 304 -
116.238.248.233 - - [21/Dec/2021:09:45:44 +0800] "GET /xingrg/javascript/jquery_easy_ui/themes/default/images/tabs_rightarrow.png HTTP/1.1" 304 -
116.238.248.233 - - [21/Dec/2021:09:45:44 +0800] "GET /xingrg/images/blue/pingpu.png HTTP/1.1" 304 -
116.238.248.233 - - [21/Dec/2021:09:45:44 +0800] "POST /xingrg/load_menu.html HTTP/1.1" 200 5138
222.69.132.164 - - [21/Dec/2021:09:45:45 +0800] "GET /xingrg/all/function/internal_message.html?_=1640051171660&CODE_STATE=getMsg HTTP/1.1" 200 27
116.238.248.233 - - [21/Dec/2021:09:45:46 +0800] "GET /xingrg/kc/buy/cgsh_order_list.html HTTP/1.1" 200 49429
124.77.245.186 - - [21/Dec/2021:09:45:48 +0800] "GET /xingrg/all/function/internal_message.html?_=1640051153158&CODE_STATE=getMsg HTTP/1.1" 200 27
116.238.248.233 - - [21/Dec/2021:09:45:49 +0800] "POST /xingrg/kc/buy/cgsh_list_operate.html HTTP/1.1" 200 2053
101.80.229.199 - - [21/Dec/2021:09:45:49 +0800] "GET /xingrg/all/function/internal_message.html?_=1640051149483&CODE_STATE=getMsg HTTP/1.1" 200 27
114.85.125.222 - - [21/Dec/2021:09:45:50 +0800] "GET /xingrg/kc/buy/cgsh_order_operate.html?command=get_materiel&rest_code=00151&code=00101008033&supplier_code=00100007&order_time=2021-12-21 HTTP/1.1" 200 408
180.175.103.30 - - [21/Dec/2021:09:45:52 +0800] "GET /xingrg/all/function/internal_message.html?_=1640051088785&CODE_STATE=getMsg HTTP/1.1" 200 27
114.85.125.222 - - [21/Dec/2021:09:45:56 +0800] "GET /xingrg/all/function/internal_message.html?_=1640051105244&CODE_STATE=getMsg HTTP/1.1" 200 27
116.227.210.113 - - [21/Dec/2021:09:45:58 +0800] "GET /xingrg/all/function/internal_message.html?_=1640051137878&CODE_STATE=getMsg HTTP/1.1" 200 27
114.85.125.222 - - [21/Dec/2021:09:45:59 +0800] "GET /xingrg/kc/buy/cgsh_order_operate.html?command=get_materiel&rest_code=00151&code=00101008102&supplier_code=00100007&order_time=2021-12-21 HTTP/1.1" 200 413
124.79.246.130 - - [21/Dec/2021:09:46:00 +0800] "GET /xingrg/all/function/internal_message.html?_=1640051285829&CODE_STATE=getMsg HTTP/1.1" 200 27
114.88.159.28 - - [21/Dec/2021:09:46:00 +0800] "GET /xingrg/kc/buy/cgsh_order_operate.html?command=get_materiel&rest_code=00141&code=00101020286&supplier_code=00100036&order_time=2021-12-21 HTTP/1.1" 200 399
114.85.125.222 - - [21/Dec/2021:09:46:04 +0800] "POST /xingrg/kc/buy/cgsh_order_operate.html HTTP/1.1" 200 37
114.85.125.222 - - [21/Dec/2021:09:46:06 +0800] "POST /xingrg/kc/buy/cgsh_order_operate.html HTTP/1.1" 200 23060
114.85.125.222 - - [21/Dec/2021:09:46:13 +0800] "GET /xingrg/kc/buy/cgsh_order_operate.html?command=get_materiel&rest_code=00151&code=00101008213&supplier_code=00100007&order_time=2021-12-21 HTTP/1.1" 200 412
180.175.103.30 - - [21/Dec/2021:09:46:19 +0800] "GET /xingrg/check_reg.html?_=1640051179837 HTTP/1.1" 200 22
180.175.103.30 - - [21/Dec/2021:09:46:19 +0800] "GET /xingrg/all/function/internal_message.html?_=1640051179855&CODE_STATE=getMsg HTTP/1.1" 200 27
120.253.135.82 - - [21/Dec/2021:09:46:19 +0800] "GET /xingrg/check_reg.html?_=1640050959716 HTTP/1.1" 200 22
222.70.176.97 - - [21/Dec/2021:09:46:19 +0800] "GET /xingrg/all/function/internal_message.html?_=1640051177457&CODE_STATE=getMsg HTTP/1.1" 200 27
120.253.135.82 - - [21/Dec/2021:09:46:20 +0800] "GET /xingrg/all/function/internal_message.html?_=1640050960162&CODE_STATE=getMsg HTTP/1.1" 200 27
114.88.159.28 - - [21/Dec/2021:09:46:20 +0800] "GET /xingrg/kc/buy/cgsh_order_operate.html?command=get_materiel&rest_code=00141&code=00101016025&supplier_code=00100036&order_time=2021-12-21 HTTP/1.1" 200 408
124.77.245.186 - - [21/Dec/2021:09:46:20 +0800] "GET /xingrg/check_reg.html?_=1640051185730 HTTP/1.1" 200 22
124.79.246.130 - - [21/Dec/2021:09:46:22 +0800] "GET /xingrg/all/function/internal_message.html?_=1640051204418&CODE_STATE=getMsg HTTP/1.1" 302 -
124.79.246.130 - - [21/Dec/2021:09:46:22 +0800] "GET /xingrg/login.html HTTP/1.1" 200 7641
114.85.125.222 - - [21/Dec/2021:09:46:23 +0800] "GET /xingrg/kc/buy/cgsh_order_operate.html?command=get_materiel&rest_code=00151&code=00101008296&supplier_code=00100007&order_time=2021-12-21 HTTP/1.1" 200 416
114.88.159.28 - - [21/Dec/2021:09:46:25 +0800] "GET /xingrg/all/function/internal_message.html?_=1640050995650&CODE_STATE=getMsg HTTP/1.1" 200 27
114.88.159.28 - - [21/Dec/2021:09:46:30 +0800] "GET /xingrg/kc/buy/cgsh_order_operate.html?command=get_materiel&rest_code=00141&code=00101010348&supplier_code=00100036&order_time=2021-12-21 HTTP/1.1" 200 417
114.85.125.222 - - [21/Dec/2021:09:46:30 +0800] "GET /xingrg/kc/buy/cgsh_order_operate.html?command=get_materiel&rest_code=00151&code=00101008229&supplier_code=00100007&order_time=2021-12-21 HTTP/1.1" 200 420
114.85.125.222 - - [21/Dec/2021:09:46:37 +0800] "GET /xingrg/all/function/internal_message.html?_=1640051145965&CODE_STATE=getMsg HTTP/1.1" 200 27
114.85.125.222 - - [21/Dec/2021:09:46:37 +0800] "GET /xingrg/kc/buy/cgsh_order_operate.html?command=get_materiel&rest_code=00151&code=00101008306&supplier_code=00100007&order_time=2021-12-21 HTTP/1.1" 200 412
114.88.159.28 - - [21/Dec/2021:09:46:38 +0800] "GET /xingrg/kc/buy/cgsh_order_operate.html?command=get_materiel&rest_code=00141&code=00101010092&supplier_code=00100036&order_time=2021-12-21 HTTP/1.1" 200 450
116.232.52.179 - - [21/Dec/2021:09:46:39 +0800] "GET /xingrg/all/function/internal_message.html?_=1640051200677&CODE_STATE=getMsg HTTP/1.1" 200 27
120.253.135.82 - - [21/Dec/2021:09:46:41 +0800] "GET /xingrg/all/function/internal_message.html?_=1640050769905&CODE_STATE=getMsg HTTP/1.1" 200 27
114.83.222.225 - - [21/Dec/2021:09:46:43 +0800] "GET /xingrg/all/function/internal_message.html?_=1640051202596&CODE_STATE=getMsg HTTP/1.1" 200 27
180.175.103.30 - - [21/Dec/2021:09:46:43 +0800] "POST /xingrg/kc/buy/cgsh_order_operate.html HTTP/1.1" 200 37
116.238.248.233 - - [21/Dec/2021:09:46:44 +0800] "GET /xingrg/all/function/internal_message.html?_=1640051204630&CODE_STATE=getMsg HTTP/1.1" 200 27
222.69.132.164 - - [21/Dec/2021:09:46:45 +0800] "GET /xingrg/all/function/internal_message.html?_=1640051231648&CODE_STATE=getMsg HTTP/1.1" 200 27
180.175.103.30 - - [21/Dec/2021:09:46:45 +0800] "POST /xingrg/kc/buy/cgsh_order_operate.html HTTP/1.1" 200 4434
180.175.103.30 - - [21/Dec/2021:09:46:47 +0800] "GET /xingrg/kc/print/load_data.html?order_code=212021122108667&kc_code=cgsh&condition= HTTP/1.1" 200 1367
124.77.245.186 - - [21/Dec/2021:09:46:48 +0800] "GET /xingrg/all/function/internal_message.html?_=1640051213171&CODE_STATE=getMsg HTTP/1.1" 200 27
114.88.159.28 - - [21/Dec/2021:09:46:49 +0800] "GET /xingrg/kc/buy/cgsh_order_operate.html?command=get_materiel&rest_code=00141&code=00101012025&supplier_code=00100036&order_time=2021-12-21 HTTP/1.1" 200 412
101.80.229.199 - - [21/Dec/2021:09:46:49 +0800] "GET /xingrg/all/function/internal_message.html?_=1640051209469&CODE_STATE=getMsg HTTP/1.1" 200 27
116.238.248.233 - - [21/Dec/2021:09:46:49 +0800] "POST /xingrg/kc/buy/cgsh_list_operate.html HTTP/1.1" 200 198
116.238.248.233 - - [21/Dec/2021:09:46:49 +0800] "GET /xingrg/kc/buy/cgsh_order_info.html?code=212021122108666 HTTP/1.1" 200 65075
116.238.248.233 - - [21/Dec/2021:09:46:50 +0800] "GET /xingrg/all/common/auto_word.html?type=employee&rest_code=00150 HTTP/1.1" 200 159
116.238.248.233 - - [21/Dec/2021:09:46:50 +0800] "GET /xingrg/all/common/auto_word.html?type=employee&rest_code=00150 HTTP/1.1" 200 159
116.238.248.233 - - [21/Dec/2021:09:46:50 +0800] "GET /xingrg/javascript/easyui/themes/default/validatebox.css HTTP/1.1" 404 1104
116.238.248.233 - - [21/Dec/2021:09:46:50 +0800] "POST /xingrg/kc/buy/cgsh_order_operate.html HTTP/1.1" 200 2652
180.175.103.30 - - [21/Dec/2021:09:46:52 +0800] "GET /xingrg/all/function/internal_message.html?_=1640051148785&CODE_STATE=getMsg HTTP/1.1" 200 27
114.88.159.28 - - [21/Dec/2021:09:46:55 +0800] "GET /xingrg/kc/buy/cgsh_order_operate.html?command=get_materiel&rest_code=00141&code=00101012026&supplier_code=00100036&order_time=2021-12-21 HTTP/1.1" 200 408
114.85.125.222 - - [21/Dec/2021:09:46:56 +0800] "GET /xingrg/all/function/internal_message.html?_=1640051165247&CODE_STATE=getMsg HTTP/1.1" 200 27
114.85.125.222 - - [21/Dec/2021:09:46:57 +0800] "GET /xingrg/kc/buy/cgsh_order_operate.html?command=get_materiel&rest_code=00151&code=00101008031&supplier_code=00100007&order_time=2021-12-21 HTTP/1.1" 200 413
116.227.210.113 - - [21/Dec/2021:09:46:58 +0800] "GET /xingrg/all/function/internal_message.html?_=1640051197880&CODE_STATE=getMsg HTTP/1.1" 200 27
124.79.246.130 - - [21/Dec/2021:09:47:00 +0800] "GET /xingrg/all/function/internal_message.html?_=1640051345818&CODE_STATE=getMsg HTTP/1.1" 200 27
101.80.229.199 - - [21/Dec/2021:09:47:02 +0800] "GET /xingrg/check_reg.html?_=1640051222722 HTTP/1.1" 200 22
116.227.210.113 - - [21/Dec/2021:09:47:05 +0800] "POST /xingrg/services/DataTransmitService HTTP/1.1" 200 524
114.85.125.222 - - [21/Dec/2021:09:47:08 +0800] "POST /xingrg/kc/buy/cgsh_order_operate.html HTTP/1.1" 200 37
114.83.222.225 - - [21/Dec/2021:09:47:09 +0800] "GET /xingrg/kc/buy/cgsh_order_add.html HTTP/1.1" 200 65246
114.83.222.225 - - [21/Dec/2021:09:47:09 +0800] "POST /xingrg/kc/buy/cgsh_order_operate.html HTTP/1.1" 200 8245
114.83.222.225 - - [21/Dec/2021:09:47:09 +0800] "GET /xingrg/javascript/easyui/themes/default/validatebox.css HTTP/1.1" 404 1104
114.85.125.222 - - [21/Dec/2021:09:47:09 +0800] "POST /xingrg/kc/buy/cgsh_order_operate.html HTTP/1.1" 200 26076
114.88.159.28 - - [21/Dec/2021:09:47:16 +0800] "POST /xingrg/kc/buy/cgsh_order_operate.html HTTP/1.1" 200 37
180.169.147.146 - - [21/Dec/2021:09:47:17 +0800] "GET /xingrg/check_reg.html?_=1640051235907 HTTP/1.1" 200 22
180.175.103.30 - - [21/Dec/2021:09:47:19 +0800] "GET /xingrg/all/function/internal_message.html?_=1640051239848&CODE_STATE=getMsg HTTP/1.1" 200 27
222.70.176.97 - - [21/Dec/2021:09:47:19 +0800] "GET /xingrg/all/function/internal_message.html?_=1640051237455&CODE_STATE=getMsg HTTP/1.1" 200 27
120.253.135.82 - - [21/Dec/2021:09:47:20 +0800] "GET /xingrg/all/function/internal_message.html?_=1640051020175&CODE_STATE=getMsg HTTP/1.1" 200 27
114.88.159.28 - - [21/Dec/2021:09:47:21 +0800] "POST /xingrg/kc/buy/cgsh_order_operate.html HTTP/1.1" 200 12
114.88.159.28 - - [21/Dec/2021:09:47:21 +0800] "GET /xingrg/kc/buy/cgsh_order_info.html?code=212021122108668 HTTP/1.1" 200 60110
114.88.159.28 - - [21/Dec/2021:09:47:22 +0800] "GET /xingrg/javascript/easyui/themes/default/validatebox.css HTTP/1.1" 404 1104
124.79.246.130 - - [21/Dec/2021:09:47:22 +0800] "GET /xingrg/all/function/internal_message.html?_=1640051264979&CODE_STATE=getMsg HTTP/1.1" 302 -
124.79.246.130 - - [21/Dec/2021:09:47:22 +0800] "GET /xingrg/login.html HTTP/1.1" 200 7641
114.88.159.28 - - [21/Dec/2021:09:47:22 +0800] "POST /xingrg/kc/buy/cgsh_order_operate.html HTTP/1.1" 200 5362
114.88.159.28 - - [21/Dec/2021:09:47:23 +0800] "GET /xingrg/kc/print/load_data.html?order_code=212021122108668&kc_code=cgsh&condition= HTTP/1.1" 200 2606
114.88.159.28 - - [21/Dec/2021:09:47:24 +0800] "GET /xingrg/all/function/internal_message.html?_=1640051055636&CODE_STATE=getMsg HTTP/1.1" 200 27
114.85.125.222 - - [21/Dec/2021:09:47:25 +0800] "GET /xingrg/kc/buy/cgsh_order_operate.html?command=get_materiel&rest_code=00151&code=00101015038&supplier_code=00100007&order_time=2021-12-21 HTTP/1.1" 200 419
114.88.159.28 - - [21/Dec/2021:09:47:27 +0800] "GET /xingrg/kc/buy/cgsh_order_add.html HTTP/1.1" 200 65199
114.88.159.28 - - [21/Dec/2021:09:47:28 +0800] "POST /xingrg/kc/buy/cgsh_order_operate.html HTTP/1.1" 200 8245
114.88.159.28 - - [21/Dec/2021:09:47:28 +0800] "GET /xingrg/javascript/easyui/themes/default/validatebox.css HTTP/1.1" 404 1104
114.88.159.28 - - [21/Dec/2021:09:47:37 +0800] "GET /xingrg/kc/buy/cgsh_order_operate.html?command=get_materiel&rest_code=00141&code=00101007049&supplier_code=00100004&order_time=2021-12-21 HTTP/1.1" 200 409
114.85.125.222 - - [21/Dec/2021:09:47:37 +0800] "GET /xingrg/all/function/internal_message.html?_=1640051205978&CODE_STATE=getMsg HTTP/1.1" 200 27
114.85.125.222 - - [21/Dec/2021:09:47:37 +0800] "GET /xingrg/kc/buy/cgsh_order_operate.html?command=get_materiel&rest_code=00151&code=00101008148&supplier_code=00100007&order_time=2021-12-21 HTTP/1.1" 200 416
116.232.52.179 - - [21/Dec/2021:09:47:39 +0800] "GET /xingrg/all/function/internal_message.html?_=1640051260677&CODE_STATE=getMsg HTTP/1.1" 200 27
120.253.135.82 - - [21/Dec/2021:09:47:40 +0800] "GET /xingrg/check_reg.html?_=1640050829425 HTTP/1.1" 200 22
120.253.135.82 - - [21/Dec/2021:09:47:41 +0800] "GET /xingrg/all/function/internal_message.html?_=1640050829886&CODE_STATE=getMsg HTTP/1.1" 200 27
114.83.222.225 - - [21/Dec/2021:09:47:43 +0800] "GET /xingrg/all/function/internal_message.html?_=1640051262601&CODE_STATE=getMsg HTTP/1.1" 200 27
114.85.125.222 - - [21/Dec/2021:09:47:44 +0800] "GET /xingrg/kc/buy/cgsh_order_operate.html?command=get_materiel&rest_code=00151&code=00101008350&supplier_code=00100007&order_time=2021-12-21 HTTP/1.1" 200 408
116.238.248.233 - - [21/Dec/2021:09:47:44 +0800] "GET /xingrg/all/function/internal_message.html?_=1640051264698&CODE_STATE=getMsg HTTP/1.1" 200 27
114.88.159.28 - - [21/Dec/2021:09:47:45 +0800] "GET /xingrg/kc/buy/cgsh_order_operate.html?command=get_materiel&rest_code=00141&code=00101007038&supplier_code=00100004&order_time=2021-12-21 HTTP/1.1" 200 442
222.69.132.164 - - [21/Dec/2021:09:47:45 +0800] "GET /xingrg/all/function/internal_message.html?_=1640051291668&CODE_STATE=getMsg HTTP/1.1" 200 27
222.69.132.164 - - [21/Dec/2021:09:47:45 +0800] "GET /xingrg/check_reg.html?_=1640051291671 HTTP/1.1" 200 22
124.77.245.186 - - [21/Dec/2021:09:47:48 +0800] "GET /xingrg/all/function/internal_message.html?_=1640051273185&CODE_STATE=getMsg HTTP/1.1" 200 27
101.80.229.199 - - [21/Dec/2021:09:47:49 +0800] "GET /xingrg/all/function/internal_message.html?_=1640051269440&CODE_STATE=getMsg HTTP/1.1" 200 27
172.20.0.100 - - [21/Dec/2021:09:47:51 +0800] "GET /xingrg/check_reg.html?_=1640051270910 HTTP/1.1" 200 22
180.175.103.30 - - [21/Dec/2021:09:47:52 +0800] "GET /xingrg/all/function/internal_message.html?_=1640051208786&CODE_STATE=getMsg HTTP/1.1" 200 27
114.85.125.222 - - [21/Dec/2021:09:47:56 +0800] "GET /xingrg/all/function/internal_message.html?_=1640051225277&CODE_STATE=getMsg HTTP/1.1" 200 27
116.227.210.113 - - [21/Dec/2021:09:47:58 +0800] "GET /xingrg/all/function/internal_message.html?_=1640051257892&CODE_STATE=getMsg HTTP/1.1" 200 27
124.79.246.130 - - [21/Dec/2021:09:48:00 +0800] "GET /xingrg/all/function/internal_message.html?_=1640051405821&CODE_STATE=getMsg HTTP/1.1" 200 27
124.79.246.130 - - [21/Dec/2021:09:48:00 +0800] "GET /xingrg/check_reg.html?_=1640051405822 HTTP/1.1" 200 22
114.85.125.222 - - [21/Dec/2021:09:48:04 +0800] "POST /xingrg/kc/buy/cgsh_order_operate.html HTTP/1.1" 200 37
114.85.125.222 - - [21/Dec/2021:09:48:05 +0800] "POST /xingrg/kc/buy/cgsh_order_operate.html HTTP/1.1" 200 29029
114.85.125.222 - - [21/Dec/2021:09:48:13 +0800] "GET /xingrg/kc/buy/cgsh_order_operate.html?command=get_materiel&rest_code=00151&code=00101008351&supplier_code=00100007&order_time=2021-12-21 HTTP/1.1" 200 408
114.85.125.222 - - [21/Dec/2021:09:48:18 +0800] "POST /xingrg/kc/buy/cgsh_order_operate.html HTTP/1.1" 200 37
180.175.103.30 - - [21/Dec/2021:09:48:19 +0800] "GET /xingrg/all/function/internal_message.html?_=1640051299841&CODE_STATE=getMsg HTTP/1.1" 200 27
222.70.176.97 - - [21/Dec/2021:09:48:19 +0800] "GET /xingrg/all/function/internal_message.html?_=1640051297454&CODE_STATE=getMsg HTTP/1.1" 200 27
222.70.176.97 - - [21/Dec/2021:09:48:19 +0800] "GET /xingrg/check_reg.html?_=1640051297503 HTTP/1.1" 200 22
120.253.135.82 - - [21/Dec/2021:09:48:20 +0800] "GET /xingrg/all/function/internal_message.html?_=1640051080189&CODE_STATE=getMsg HTTP/1.1" 200 27
114.85.125.222 - - [21/Dec/2021:09:48:20 +0800] "POST /xingrg/kc/buy/cgsh_order_operate.html HTTP/1.1" 200 29616
124.79.246.130 - - [21/Dec/2021:09:48:22 +0800] "GET /xingrg/all/function/internal_message.html?_=1640051324992&CODE_STATE=getMsg HTTP/1.1" 302 -
124.79.246.130 - - [21/Dec/2021:09:48:22 +0800] "GET /xingrg/login.html HTTP/1.1" 200 7641
114.88.159.28 - - [21/Dec/2021:09:48:23 +0800] "GET /xingrg/check_reg.html?_=1640051113859 HTTP/1.1" 200 22
114.88.159.28 - - [21/Dec/2021:09:48:24 +0800] "GET /xingrg/all/function/internal_message.html?_=1640051115614&CODE_STATE=getMsg HTTP/1.1" 200 27
114.85.125.222 - - [21/Dec/2021:09:48:37 +0800] "GET /xingrg/all/function/internal_message.html?_=1640051265992&CODE_STATE=getMsg HTTP/1.1" 200 27
116.232.52.179 - - [21/Dec/2021:09:48:39 +0800] "GET /xingrg/all/function/internal_message.html?_=1640051320673&CODE_STATE=getMsg HTTP/1.1" 200 27
120.253.135.82 - - [21/Dec/2021:09:48:41 +0800] "GET /xingrg/all/function/internal_message.html?_=1640050889863&CODE_STATE=getMsg HTTP/1.1" 200 27
114.85.125.222 - - [21/Dec/2021:09:48:42 +0800] "GET /xingrg/check_reg.html?_=1640051271846 HTTP/1.1" 200 22
114.83.222.225 - - [21/Dec/2021:09:48:43 +0800] "GET /xingrg/check_reg.html?_=1640051322604 HTTP/1.1" 200 22
114.83.222.225 - - [21/Dec/2021:09:48:43 +0800] "GET /xingrg/all/function/internal_message.html?_=1640051322608&CODE_STATE=getMsg HTTP/1.1" 200 27
116.238.248.233 - - [21/Dec/2021:09:48:44 +0800] "GET /xingrg/all/function/internal_message.html?_=1640051324741&CODE_STATE=getMsg HTTP/1.1" 200 27
114.88.159.28 - - [21/Dec/2021:09:48:45 +0800] "GET /xingrg/kc/buy/cgsh_order_operate.html?command=get_materiel&rest_code=00141&code=00101010394&supplier_code=00100004&order_time=2021-12-21 HTTP/1.1" 200 416
222.69.132.164 - - [21/Dec/2021:09:48:45 +0800] "GET /xingrg/all/function/internal_message.html?_=1640051351671&CODE_STATE=getMsg HTTP/1.1" 200 27
222.69.132.164 - - [21/Dec/2021:09:48:47 +0800] "GET /xingrg/kc/base/wldb_order_operate.html?command=get_materiel&rest_code=00154&base_code=0010724&code=00101020136 HTTP/1.1" 200 428
124.77.245.186 - - [21/Dec/2021:09:48:49 +0800] "GET /xingrg/all/function/internal_message.html?_=1640051333792&CODE_STATE=getMsg HTTP/1.1" 200 27
101.80.229.199 - - [21/Dec/2021:09:48:49 +0800] "GET /xingrg/all/function/internal_message.html?_=1640051329426&CODE_STATE=getMsg HTTP/1.1" 200 27
180.175.103.30 - - [21/Dec/2021:09:48:52 +0800] "GET /xingrg/all/function/internal_message.html?_=1640051268786&CODE_STATE=getMsg HTTP/1.1" 200 27
222.69.132.164 - - [21/Dec/2021:09:48:55 +0800] "GET /xingrg/kc/base/wldb_order_operate.html?command=get_materiel&rest_code=00154&base_code=0010724&code=00101010544 HTTP/1.1" 200 433
114.85.125.222 - - [21/Dec/2021:09:48:56 +0800] "GET /xingrg/all/function/internal_message.html?_=1640051285289&CODE_STATE=getMsg HTTP/1.1" 200 27
116.227.210.113 - - [21/Dec/2021:09:48:58 +0800] "GET /xingrg/check_reg.html?_=1640051317882 HTTP/1.1" 200 22
116.227.210.113 - - [21/Dec/2021:09:48:58 +0800] "GET /xingrg/all/function/internal_message.html?_=1640051317886&CODE_STATE=getMsg HTTP/1.1" 200 27
124.79.246.130 - - [21/Dec/2021:09:49:00 +0800] "GET /xingrg/all/function/internal_message.html?_=1640051465815&CODE_STATE=getMsg HTTP/1.1" 200 27
222.69.132.164 - - [21/Dec/2021:09:49:06 +0800] "GET /xingrg/kc/report/report_main.html HTTP/1.1" 200 7340
114.88.159.28 - - [21/Dec/2021:09:49:08 +0800] "GET /xingrg/kc/buy/cgsh_order_operate.html?command=get_materiel&rest_code=00141&code=00101006306&supplier_code=00100004&order_time=2021-12-21 HTTP/1.1" 200 398
222.69.132.164 - - [21/Dec/2021:09:49:10 +0800] "GET /xingrg/kc/base/kc_stocks.html HTTP/1.1" 200 16443
222.69.132.164 - - [21/Dec/2021:09:49:10 +0800] "GET /xingrg/javascript/easyui/themes/default/tree.css HTTP/1.1" 404 1090
222.69.132.164 - - [21/Dec/2021:09:49:10 +0800] "POST /xingrg/all/common/load_tree.html?tree=materiel_sort_tree_json HTTP/1.1" 200 9388
222.69.132.164 - - [21/Dec/2021:09:49:16 +0800] "POST /xingrg/kc/base/stock_operate.html HTTP/1.1" 200 3751
124.79.246.130 - - [21/Dec/2021:09:49:17 +0800] "GET /xingrg/check_reg.html?_=1640051380212 HTTP/1.1" 302 -
124.79.246.130 - - [21/Dec/2021:09:49:17 +0800] "GET /xingrg/login.html HTTP/1.1" 200 7641
180.175.103.30 - - [21/Dec/2021:09:49:19 +0800] "GET /xingrg/all/function/internal_message.html?_=1640051359841&CODE_STATE=getMsg HTTP/1.1" 200 27
222.70.176.97 - - [21/Dec/2021:09:49:19 +0800] "GET /xingrg/all/function/internal_message.html?_=1640051357454&CODE_STATE=getMsg HTTP/1.1" 200 27
120.253.135.82 - - [21/Dec/2021:09:49:20 +0800] "GET /xingrg/all/function/internal_message.html?_=1640051140218&CODE_STATE=getMsg HTTP/1.1" 200 27
124.79.246.130 - - [21/Dec/2021:09:49:22 +0800] "GET /xingrg/all/function/internal_message.html?_=1640051385004&CODE_STATE=getMsg HTTP/1.1" 302 -
124.79.246.130 - - [21/Dec/2021:09:49:22 +0800] "GET /xingrg/login.html HTTP/1.1" 200 7641
222.69.132.164 - - [21/Dec/2021:09:49:22 +0800] "POST /xingrg/kc/base/stock_operate.html HTTP/1.1" 200 2850
114.85.125.222 - - [21/Dec/2021:09:49:24 +0800] "GET /xingrg/kc/buy/cgsh_order_add.html HTTP/1.1" 200 64809
114.88.159.28 - - [21/Dec/2021:09:49:24 +0800] "GET /xingrg/all/function/internal_message.html?_=1640051175598&CODE_STATE=getMsg HTTP/1.1" 200 27
114.85.125.222 - - [21/Dec/2021:09:49:25 +0800] "POST /xingrg/kc/buy/cgsh_order_operate.html HTTP/1.1" 200 8245
114.85.125.222 - - [21/Dec/2021:09:49:25 +0800] "GET /xingrg/javascript/easyui/themes/default/validatebox.css HTTP/1.1" 404 1104
114.88.159.28 - - [21/Dec/2021:09:49:34 +0800] "GET /xingrg/kc/buy/cgsh_order_operate.html?command=get_materiel&rest_code=00141&code=00101010285&supplier_code=00100004&order_time=2021-12-21 HTTP/1.1" 200 412
222.69.132.164 - - [21/Dec/2021:09:49:35 +0800] "GET /xingrg/system/info/materiel_import.html?isSelect=1&singleSelect=false HTTP/1.1" 200 5600
222.69.132.164 - - [21/Dec/2021:09:49:35 +0800] "POST /xingrg/all/common/load_tree.html?tree=materiel_sort_tree_json HTTP/1.1" 200 9388
222.69.132.164 - - [21/Dec/2021:09:49:35 +0800] "GET /favicon.ico HTTP/1.1" 404 -
114.85.125.222 - - [21/Dec/2021:09:49:36 +0800] "GET /xingrg/check_reg.html?_=1640051325807 HTTP/1.1" 200 22
