120.253.135.82 - - [21/Dec/2021:07:44:16 +0800] "GET /xingrg/kc/buy/cgsh_order_list.html HTTP/1.1" 200 49423
120.253.135.82 - - [21/Dec/2021:07:44:18 +0800] "POST /xingrg/kc/buy/cgsh_list_operate.html HTTP/1.1" 200 876
120.253.135.82 - - [21/Dec/2021:07:44:19 +0800] "GET /xingrg/kc/buy/cgsh_order_add.html HTTP/1.1" 200 64216
120.253.135.82 - - [21/Dec/2021:07:44:19 +0800] "POST /xingrg/kc/buy/cgsh_order_operate.html HTTP/1.1" 200 8245
120.253.135.82 - - [21/Dec/2021:07:44:19 +0800] "GET /xingrg/javascript/easyui/themes/default/validatebox.css HTTP/1.1" 404 1104
222.70.176.97 - - [21/Dec/2021:07:44:19 +0800] "GET /xingrg/all/function/internal_message.html?_=1640043857364&CODE_STATE=getMsg HTTP/1.1" 200 27
124.77.245.186 - - [21/Dec/2021:07:44:25 +0800] "GET /xingrg/all/function/internal_message.html?_=1640043869533&CODE_STATE=getMsg HTTP/1.1" 200 27
120.253.135.82 - - [21/Dec/2021:07:44:31 +0800] "GET /xingrg/kc/buy/cgsh_order_operate.html?command=get_materiel&rest_code=00101&code=00101019276&supplier_code=&order_time=2021-12-21 HTTP/1.1" 200 460
124.77.245.186 - - [21/Dec/2021:07:44:38 +0800] "GET /xingrg/check_reg.html?_=1640043907381 HTTP/1.1" 302 -
120.253.135.82 - - [21/Dec/2021:07:44:42 +0800] "GET /xingrg/kc/pszx/mdps_order_list.html?orderType=0 HTTP/1.1" 200 20925
120.253.135.82 - - [21/Dec/2021:07:44:43 +0800] "POST /xingrg/kc/pszx/mdps_list_operate.html HTTP/1.1" 200 5390
120.253.135.82 - - [21/Dec/2021:07:44:43 +0800] "POST /xingrg/kc/buy/cgsh_list_operate.html HTTP/1.1" 200 876
101.80.229.199 - - [21/Dec/2021:07:44:51 +0800] "GET /xingrg/all/function/internal_message.html?_=1640043891675&CODE_STATE=getMsg HTTP/1.1" 200 27
120.253.135.82 - - [21/Dec/2021:07:44:51 +0800] "POST /xingrg/kc/pszx/mdps_list_operate.html HTTP/1.1" 200 4668
120.253.135.82 - - [21/Dec/2021:07:44:52 +0800] "GET /xingrg/all/function/internal_message.html?_=1640043672981&CODE_STATE=getMsg HTTP/1.1" 200 27
120.253.135.82 - - [21/Dec/2021:07:44:53 +0800] "POST /xingrg/kc/pszx/mdps_list_operate.html HTTP/1.1" 200 660
114.85.125.222 - - [21/Dec/2021:07:44:54 +0800] "GET /xingrg/all/function/internal_message.html?_=1640043843277&CODE_STATE=getMsg HTTP/1.1" 200 27
120.253.135.82 - - [21/Dec/2021:07:44:54 +0800] "GET /xingrg/kc/pszx/mdps_order_info.html?code=312021122100540 HTTP/1.1" 200 23931
120.253.135.82 - - [21/Dec/2021:07:44:55 +0800] "GET /xingrg/javascript/easyui/themes/default/validatebox.css HTTP/1.1" 404 1104
120.253.135.82 - - [21/Dec/2021:07:44:55 +0800] "POST /xingrg/kc/pszx/mdps_order_operate.html HTTP/1.1" 200 8028
124.79.246.130 - - [21/Dec/2021:07:44:58 +0800] "GET /xingrg/all/function/internal_message.html?_=1640044024103&CODE_STATE=getMsg HTTP/1.1" 302 -
120.253.135.82 - - [21/Dec/2021:07:45:12 +0800] "POST /xingrg/kc/pszx/mdps_order_operate.html HTTP/1.1" 200 37
120.253.135.82 - - [21/Dec/2021:07:45:12 +0800] "GET /xingrg/kc/pszx/mdps_order_info.html?code=312021122100540 HTTP/1.1" 200 23931
120.253.135.82 - - [21/Dec/2021:07:45:14 +0800] "POST /xingrg/kc/pszx/mdps_order_operate.html HTTP/1.1" 200 8028
120.253.135.82 - - [21/Dec/2021:07:45:14 +0800] "GET /xingrg/javascript/easyui/themes/default/validatebox.css HTTP/1.1" 404 1104
120.253.135.82 - - [21/Dec/2021:07:45:18 +0800] "POST /xingrg/kc/pszx/mdps_list_operate.html HTTP/1.1" 200 303
222.70.176.97 - - [21/Dec/2021:07:45:19 +0800] "GET /xingrg/all/function/internal_message.html?_=1640043917361&CODE_STATE=getMsg HTTP/1.1" 200 27
120.253.135.82 - - [21/Dec/2021:07:45:19 +0800] "GET /xingrg/kc/pszx/mdps_order_info.html?code=312021122100541 HTTP/1.1" 200 23931
120.253.135.82 - - [21/Dec/2021:07:45:20 +0800] "GET /xingrg/javascript/easyui/themes/default/validatebox.css HTTP/1.1" 404 1104
120.253.135.82 - - [21/Dec/2021:07:45:20 +0800] "POST /xingrg/kc/pszx/mdps_order_operate.html HTTP/1.1" 200 2814
120.253.135.82 - - [21/Dec/2021:07:45:22 +0800] "POST /xingrg/kc/pszx/mdps_order_operate.html HTTP/1.1" 200 37
120.253.135.82 - - [21/Dec/2021:07:45:23 +0800] "GET /xingrg/kc/pszx/mdps_order_info.html?code=312021122100541 HTTP/1.1" 200 23931
120.253.135.82 - - [21/Dec/2021:07:45:23 +0800] "GET /xingrg/javascript/easyui/themes/default/validatebox.css HTTP/1.1" 404 1104
120.253.135.82 - - [21/Dec/2021:07:45:23 +0800] "POST /xingrg/kc/pszx/mdps_order_operate.html HTTP/1.1" 200 2829
120.253.135.82 - - [21/Dec/2021:07:45:24 +0800] "GET /xingrg/check_reg.html?_=1640043919316 HTTP/1.1" 302 -
124.77.245.186 - - [21/Dec/2021:07:45:25 +0800] "GET /xingrg/all/function/internal_message.html?_=1640043930050&CODE_STATE=getMsg HTTP/1.1" 200 27
120.253.135.82 - - [21/Dec/2021:07:45:35 +0800] "GET /xingrg/kc/pszx/mdps_order_operate.html?command=get_materiel&pszx_code=00101&rest_code=00147&base_code=0010246&code=00101029096 HTTP/1.1" 200 470
120.253.135.82 - - [21/Dec/2021:07:45:38 +0800] "POST /xingrg/all/common/load_select.html HTTP/1.1" 200 25
120.253.135.82 - - [21/Dec/2021:07:45:40 +0800] "GET /xingrg/kc/pszx/mdps_order_operate.html?command=get_materiel_price&pszx_code=00101&rest_code=00147&base_code=0010246&code=00101029096&unit_code=00100157&order_time=2021-12-22 HTTP/1.1" 200 35
120.253.135.82 - - [21/Dec/2021:07:45:46 +0800] "POST /xingrg/kc/pszx/mdps_order_operate.html HTTP/1.1" 200 37
120.253.135.82 - - [21/Dec/2021:07:45:46 +0800] "GET /xingrg/kc/pszx/mdps_order_info.html?code=312021122100541 HTTP/1.1" 200 23931
120.253.135.82 - - [21/Dec/2021:07:45:47 +0800] "GET /xingrg/javascript/easyui/themes/default/validatebox.css HTTP/1.1" 404 1104
120.253.135.82 - - [21/Dec/2021:07:45:47 +0800] "POST /xingrg/kc/pszx/mdps_order_operate.html HTTP/1.1" 200 2842
120.253.135.82 - - [21/Dec/2021:07:45:48 +0800] "POST /xingrg/kc/pszx/mdps_list_operate.html HTTP/1.1" 200 4668
120.253.135.82 - - [21/Dec/2021:07:45:51 +0800] "GET /xingrg/check_reg.html?_=1640043731093 HTTP/1.1" 200 22
101.80.229.199 - - [21/Dec/2021:07:45:51 +0800] "GET /xingrg/all/function/internal_message.html?_=1640043951660&CODE_STATE=getMsg HTTP/1.1" 200 27
120.253.135.82 - - [21/Dec/2021:07:45:51 +0800] "POST /xingrg/kc/pszx/mdps_list_operate.html HTTP/1.1" 200 311
120.253.135.82 - - [21/Dec/2021:07:45:52 +0800] "POST /xingrg/kc/pszx/mdps_list_operate.html HTTP/1.1" 200 213
120.253.135.82 - - [21/Dec/2021:07:45:52 +0800] "GET /xingrg/all/function/internal_message.html?_=1640043732993&CODE_STATE=getMsg HTTP/1.1" 200 27
120.253.135.82 - - [21/Dec/2021:07:45:53 +0800] "GET /xingrg/kc/pszx/mdps_order_info.html?code=312021122100542 HTTP/1.1" 200 23931
120.253.135.82 - - [21/Dec/2021:07:45:54 +0800] "GET /xingrg/javascript/easyui/themes/default/validatebox.css HTTP/1.1" 404 1104
120.253.135.82 - - [21/Dec/2021:07:45:54 +0800] "POST /xingrg/kc/pszx/mdps_order_operate.html HTTP/1.1" 200 2296
114.85.125.222 - - [21/Dec/2021:07:45:54 +0800] "GET /xingrg/all/function/internal_message.html?_=1640043903302&CODE_STATE=getMsg HTTP/1.1" 200 27
120.253.135.82 - - [21/Dec/2021:07:45:56 +0800] "POST /xingrg/kc/pszx/mdps_order_operate.html HTTP/1.1" 200 37
120.253.135.82 - - [21/Dec/2021:07:45:57 +0800] "GET /xingrg/kc/pszx/mdps_order_info.html?code=312021122100542 HTTP/1.1" 200 23931
120.253.135.82 - - [21/Dec/2021:07:45:58 +0800] "POST /xingrg/kc/pszx/mdps_order_operate.html HTTP/1.1" 200 2303
120.253.135.82 - - [21/Dec/2021:07:45:58 +0800] "GET /xingrg/javascript/easyui/themes/default/validatebox.css HTTP/1.1" 404 1104
124.79.246.130 - - [21/Dec/2021:07:45:58 +0800] "GET /xingrg/all/function/internal_message.html?_=1640044084127&CODE_STATE=getMsg HTTP/1.1" 302 -
120.253.135.82 - - [21/Dec/2021:07:46:05 +0800] "POST /xingrg/kc/pszx/mdps_order_operate.html HTTP/1.1" 200 37
120.253.135.82 - - [21/Dec/2021:07:46:06 +0800] "GET /xingrg/kc/pszx/mdps_order_info.html?code=312021122100542 HTTP/1.1" 200 23931
120.253.135.82 - - [21/Dec/2021:07:46:07 +0800] "GET /xingrg/javascript/easyui/themes/default/validatebox.css HTTP/1.1" 404 1104
120.253.135.82 - - [21/Dec/2021:07:46:07 +0800] "POST /xingrg/kc/pszx/mdps_order_operate.html HTTP/1.1" 200 2303
120.253.135.82 - - [21/Dec/2021:07:46:07 +0800] "POST /xingrg/kc/pszx/mdps_list_operate.html HTTP/1.1" 200 4668
120.253.135.82 - - [21/Dec/2021:07:46:09 +0800] "POST /xingrg/kc/pszx/mdps_list_operate.html HTTP/1.1" 200 582
120.253.135.82 - - [21/Dec/2021:07:46:10 +0800] "GET /xingrg/kc/pszx/mdps_order_info.html?code=312021122100543 HTTP/1.1" 200 23931
120.253.135.82 - - [21/Dec/2021:07:46:11 +0800] "POST /xingrg/kc/pszx/mdps_order_operate.html HTTP/1.1" 200 7119
120.253.135.82 - - [21/Dec/2021:07:46:11 +0800] "GET /xingrg/javascript/easyui/themes/default/validatebox.css HTTP/1.1" 404 1104
120.253.135.82 - - [21/Dec/2021:07:46:13 +0800] "POST /xingrg/kc/pszx/mdps_order_operate.html HTTP/1.1" 200 37
120.253.135.82 - - [21/Dec/2021:07:46:14 +0800] "GET /xingrg/kc/pszx/mdps_order_info.html?code=312021122100543 HTTP/1.1" 200 23931
120.253.135.82 - - [21/Dec/2021:07:46:15 +0800] "GET /xingrg/javascript/easyui/themes/default/validatebox.css HTTP/1.1" 404 1104
120.253.135.82 - - [21/Dec/2021:07:46:15 +0800] "POST /xingrg/kc/pszx/mdps_order_operate.html HTTP/1.1" 200 7200
222.70.176.97 - - [21/Dec/2021:07:46:19 +0800] "GET /xingrg/all/function/internal_message.html?_=1640043977359&CODE_STATE=getMsg HTTP/1.1" 200 27
124.77.245.186 - - [21/Dec/2021:07:46:21 +0800] "GET /xingrg/check_reg.html?_=1640043985599 HTTP/1.1" 200 22
124.77.245.186 - - [21/Dec/2021:07:46:25 +0800] "GET /xingrg/all/function/internal_message.html?_=1640043990059&CODE_STATE=getMsg HTTP/1.1" 200 27
120.253.135.82 - - [21/Dec/2021:07:46:33 +0800] "POST /xingrg/kc/pszx/mdps_list_operate.html HTTP/1.1" 200 4668
120.253.135.82 - - [21/Dec/2021:07:46:36 +0800] "POST /xingrg/kc/pszx/mdps_list_operate.html HTTP/1.1" 200 204
120.253.135.82 - - [21/Dec/2021:07:46:37 +0800] "GET /xingrg/kc/pszx/mdps_order_info.html?code=312021122100539 HTTP/1.1" 200 23931
120.253.135.82 - - [21/Dec/2021:07:46:37 +0800] "GET /xingrg/javascript/easyui/themes/default/validatebox.css HTTP/1.1" 404 1104
120.253.135.82 - - [21/Dec/2021:07:46:37 +0800] "POST /xingrg/kc/pszx/mdps_order_operate.html HTTP/1.1" 200 2286
114.88.159.28 - - [21/Dec/2021:07:46:42 +0800] "POST /xingrg/services/DataTransmitService HTTP/1.1" 200 524
120.253.135.82 - - [21/Dec/2021:07:46:45 +0800] "GET /xingrg/kc/pszx/mdps_order_operate.html?command=get_materiel&pszx_code=00101&rest_code=00147&base_code=0010250&code=00102002367 HTTP/1.1" 200 430
120.253.135.82 - - [21/Dec/2021:07:46:51 +0800] "POST /xingrg/kc/pszx/mdps_order_operate.html HTTP/1.1" 200 37
101.80.229.199 - - [21/Dec/2021:07:46:51 +0800] "GET /xingrg/all/function/internal_message.html?_=1640044011647&CODE_STATE=getMsg HTTP/1.1" 200 27
120.253.135.82 - - [21/Dec/2021:07:46:51 +0800] "GET /xingrg/kc/pszx/mdps_order_info.html?code=312021122100539 HTTP/1.1" 200 23931
120.253.135.82 - - [21/Dec/2021:07:46:52 +0800] "GET /xingrg/javascript/easyui/themes/default/validatebox.css HTTP/1.1" 404 1104
120.253.135.82 - - [21/Dec/2021:07:46:52 +0800] "POST /xingrg/kc/pszx/mdps_order_operate.html HTTP/1.1" 200 2767
120.253.135.82 - - [21/Dec/2021:07:46:53 +0800] "GET /xingrg/all/function/internal_message.html?_=1640043793319&CODE_STATE=getMsg HTTP/1.1" 200 27
120.253.135.82 - - [21/Dec/2021:07:46:54 +0800] "POST /xingrg/kc/pszx/mdps_list_operate.html HTTP/1.1" 200 4669
114.85.125.222 - - [21/Dec/2021:07:46:54 +0800] "GET /xingrg/all/function/internal_message.html?_=1640043963304&CODE_STATE=getMsg HTTP/1.1" 200 27
120.253.135.82 - - [21/Dec/2021:07:46:57 +0800] "POST /xingrg/kc/pszx/mdps_list_operate.html HTTP/1.1" 200 582
124.79.246.130 - - [21/Dec/2021:07:46:58 +0800] "GET /xingrg/check_reg.html?_=1640044144125 HTTP/1.1" 302 -
124.79.246.130 - - [21/Dec/2021:07:46:58 +0800] "GET /xingrg/all/function/internal_message.html?_=1640044144126&CODE_STATE=getMsg HTTP/1.1" 302 -
124.79.246.130 - - [21/Dec/2021:07:46:58 +0800] "GET /xingrg/login.html HTTP/1.1" 200 7641
124.79.246.130 - - [21/Dec/2021:07:46:58 +0800] "GET /xingrg/login.html HTTP/1.1" 200 7641
120.253.135.82 - - [21/Dec/2021:07:46:59 +0800] "GET /xingrg/kc/pszx/mdps_order_info.html?code=312021122100543 HTTP/1.1" 200 23931
120.253.135.82 - - [21/Dec/2021:07:47:00 +0800] "GET /xingrg/javascript/easyui/themes/default/validatebox.css HTTP/1.1" 404 1104
120.253.135.82 - - [21/Dec/2021:07:47:00 +0800] "POST /xingrg/kc/pszx/mdps_order_operate.html HTTP/1.1" 200 7200
101.80.229.199 - - [21/Dec/2021:07:47:03 +0800] "GET /xingrg/check_reg.html?_=1640044023305 HTTP/1.1" 200 22
116.227.210.113 - - [21/Dec/2021:07:47:04 +0800] "POST /xingrg/services/DataTransmitService HTTP/1.1" 200 524
120.253.135.82 - - [21/Dec/2021:07:47:10 +0800] "POST /xingrg/kc/pszx/mdps_order_operate.html HTTP/1.1" 200 37
120.253.135.82 - - [21/Dec/2021:07:47:11 +0800] "GET /xingrg/kc/pszx/mdps_order_info.html?code=312021122100543 HTTP/1.1" 200 23931
120.253.135.82 - - [21/Dec/2021:07:47:12 +0800] "GET /xingrg/javascript/easyui/themes/default/validatebox.css HTTP/1.1" 404 1104
120.253.135.82 - - [21/Dec/2021:07:47:12 +0800] "POST /xingrg/kc/pszx/mdps_order_operate.html HTTP/1.1" 200 6716
120.253.135.82 - - [21/Dec/2021:07:47:19 +0800] "POST /xingrg/kc/pszx/mdps_list_operate.html HTTP/1.1" 200 4669
222.70.176.97 - - [21/Dec/2021:07:47:19 +0800] "GET /xingrg/all/function/internal_message.html?_=1640044037357&CODE_STATE=getMsg HTTP/1.1" 200 27
120.253.135.82 - - [21/Dec/2021:07:47:21 +0800] "POST /xingrg/kc/pszx/mdps_list_operate.html HTTP/1.1" 200 582
120.253.135.82 - - [21/Dec/2021:07:47:22 +0800] "GET /xingrg/kc/pszx/mdps_order_info.html?code=312021122100543 HTTP/1.1" 200 23931
120.253.135.82 - - [21/Dec/2021:07:47:22 +0800] "POST /xingrg/kc/pszx/mdps_order_operate.html HTTP/1.1" 200 6716
120.253.135.82 - - [21/Dec/2021:07:47:22 +0800] "GET /xingrg/javascript/easyui/themes/default/validatebox.css HTTP/1.1" 404 1104
124.77.245.186 - - [21/Dec/2021:07:47:25 +0800] "GET /xingrg/all/function/internal_message.html?_=1640044050074&CODE_STATE=getMsg HTTP/1.1" 200 27
120.253.135.82 - - [21/Dec/2021:07:47:26 +0800] "POST /xingrg/kc/pszx/mdps_list_operate.html HTTP/1.1" 200 4669
120.253.135.82 - - [21/Dec/2021:07:47:28 +0800] "POST /xingrg/kc/pszx/mdps_list_operate.html HTTP/1.1" 200 582
120.253.135.82 - - [21/Dec/2021:07:47:31 +0800] "GET /xingrg/kc/pszx/mdps_order_info.html?code=312021122100543 HTTP/1.1" 200 23931
120.253.135.82 - - [21/Dec/2021:07:47:31 +0800] "GET /xingrg/javascript/easyui/themes/default/validatebox.css HTTP/1.1" 404 1104
120.253.135.82 - - [21/Dec/2021:07:47:31 +0800] "POST /xingrg/kc/pszx/mdps_order_operate.html HTTP/1.1" 200 6716
120.253.135.82 - - [21/Dec/2021:07:47:34 +0800] "POST /xingrg/kc/pszx/mdps_list_operate.html HTTP/1.1" 200 4669
120.253.135.82 - - [21/Dec/2021:07:47:36 +0800] "POST /xingrg/kc/pszx/mdps_list_operate.html HTTP/1.1" 200 273
120.253.135.82 - - [21/Dec/2021:07:47:37 +0800] "GET /xingrg/kc/pszx/mdps_order_info.html?code=312021122100544 HTTP/1.1" 200 23931
120.253.135.82 - - [21/Dec/2021:07:47:38 +0800] "GET /xingrg/javascript/easyui/themes/default/validatebox.css HTTP/1.1" 404 1104
120.253.135.82 - - [21/Dec/2021:07:47:38 +0800] "POST /xingrg/kc/pszx/mdps_order_operate.html HTTP/1.1" 200 2741
120.253.135.82 - - [21/Dec/2021:07:47:41 +0800] "POST /xingrg/kc/pszx/mdps_order_operate.html HTTP/1.1" 200 37
120.253.135.82 - - [21/Dec/2021:07:47:42 +0800] "GET /xingrg/kc/pszx/mdps_order_info.html?code=312021122100544 HTTP/1.1" 200 23931
120.253.135.82 - - [21/Dec/2021:07:47:43 +0800] "POST /xingrg/kc/pszx/mdps_order_operate.html HTTP/1.1" 200 2755
120.253.135.82 - - [21/Dec/2021:07:47:43 +0800] "GET /xingrg/javascript/easyui/themes/default/validatebox.css HTTP/1.1" 404 1104
101.80.229.199 - - [21/Dec/2021:07:47:51 +0800] "GET /xingrg/all/function/internal_message.html?_=1640044071619&CODE_STATE=getMsg HTTP/1.1" 200 27
172.20.0.100 - - [21/Dec/2021:07:47:52 +0800] "GET /xingrg/check_reg.html?_=1640044071479 HTTP/1.1" 200 22
120.253.135.82 - - [21/Dec/2021:07:47:53 +0800] "GET /xingrg/all/function/internal_message.html?_=1640043853334&CODE_STATE=getMsg HTTP/1.1" 200 27
114.85.125.222 - - [21/Dec/2021:07:47:54 +0800] "GET /xingrg/all/function/internal_message.html?_=1640044023331&CODE_STATE=getMsg HTTP/1.1" 200 27
124.79.246.130 - - [21/Dec/2021:07:47:58 +0800] "GET /xingrg/all/function/internal_message.html?_=1640044204124&CODE_STATE=getMsg HTTP/1.1" 302 -
120.253.135.82 - - [21/Dec/2021:07:48:14 +0800] "POST /xingrg/kc/pszx/mdps_list_operate.html HTTP/1.1" 200 4669
120.253.135.82 - - [21/Dec/2021:07:48:16 +0800] "POST /xingrg/kc/pszx/mdps_list_operate.html HTTP/1.1" 200 273
120.253.135.82 - - [21/Dec/2021:07:48:17 +0800] "POST /xingrg/kc/pszx/mdps_list_operate.html HTTP/1.1" 200 220
120.253.135.82 - - [21/Dec/2021:07:48:18 +0800] "POST /xingrg/kc/pszx/mdps_list_operate.html HTTP/1.1" 200 360
120.253.135.82 - - [21/Dec/2021:07:48:18 +0800] "GET /xingrg/kc/pszx/mdps_order_info.html?code=312021122100545 HTTP/1.1" 200 23931
120.253.135.82 - - [21/Dec/2021:07:48:19 +0800] "GET /xingrg/javascript/easyui/themes/default/validatebox.css HTTP/1.1" 404 1104
120.253.135.82 - - [21/Dec/2021:07:48:19 +0800] "POST /xingrg/kc/pszx/mdps_order_operate.html HTTP/1.1" 200 3242
222.70.176.97 - - [21/Dec/2021:07:48:19 +0800] "GET /xingrg/check_reg.html?_=1640044097355 HTTP/1.1" 200 22
222.70.176.97 - - [21/Dec/2021:07:48:19 +0800] "GET /xingrg/all/function/internal_message.html?_=1640044097354&CODE_STATE=getMsg HTTP/1.1" 200 27
120.253.135.82 - - [21/Dec/2021:07:48:22 +0800] "POST /xingrg/kc/pszx/mdps_order_operate.html HTTP/1.1" 200 37
120.253.135.82 - - [21/Dec/2021:07:48:24 +0800] "GET /xingrg/kc/pszx/mdps_order_info.html?code=312021122100545 HTTP/1.1" 200 23931
120.253.135.82 - - [21/Dec/2021:07:48:24 +0800] "POST /xingrg/kc/pszx/mdps_order_operate.html HTTP/1.1" 200 3263
120.253.135.82 - - [21/Dec/2021:07:48:24 +0800] "GET /xingrg/javascript/easyui/themes/default/validatebox.css HTTP/1.1" 404 1104
124.77.245.186 - - [21/Dec/2021:07:48:26 +0800] "GET /xingrg/all/function/internal_message.html?_=1640044110623&CODE_STATE=getMsg HTTP/1.1" 200 27
120.253.135.82 - - [21/Dec/2021:07:48:27 +0800] "POST /xingrg/all/common/load_combo.html?type=base HTTP/1.1" 200 1075
120.253.135.82 - - [21/Dec/2021:07:48:32 +0800] "POST /xingrg/kc/pszx/mdps_order_operate.html HTTP/1.1" 200 37
120.253.135.82 - - [21/Dec/2021:07:48:32 +0800] "GET /xingrg/kc/pszx/mdps_order_info.html?code=312021122100545 HTTP/1.1" 200 23931
120.253.135.82 - - [21/Dec/2021:07:48:33 +0800] "GET /xingrg/javascript/easyui/themes/default/validatebox.css HTTP/1.1" 404 1104
120.253.135.82 - - [21/Dec/2021:07:48:33 +0800] "POST /xingrg/kc/pszx/mdps_order_operate.html HTTP/1.1" 200 3265
114.85.125.222 - - [21/Dec/2021:07:48:42 +0800] "GET /xingrg/check_reg.html?_=1640044071709 HTTP/1.1" 200 22
120.253.135.82 - - [21/Dec/2021:07:48:42 +0800] "POST /xingrg/kc/pszx/mdps_list_operate.html HTTP/1.1" 200 4669
120.253.135.82 - - [21/Dec/2021:07:48:48 +0800] "GET /xingrg/kc/pszx/mdqp_order_list.html?state=10 HTTP/1.1" 200 10217
120.253.135.82 - - [21/Dec/2021:07:48:48 +0800] "GET /xingrg/dwr/interface/AjaxReportQueryService.js HTTP/1.1" 200 13203
120.253.135.82 - - [21/Dec/2021:07:48:48 +0800] "GET /xingrg/dwr/interface/AjaxQqpsService.js HTTP/1.1" 200 16326
120.253.135.82 - - [21/Dec/2021:07:48:48 +0800] "POST /xingrg/kc/pszx/mdps_list_operate.html HTTP/1.1" 200 4669
120.253.135.82 - - [21/Dec/2021:07:48:48 +0800] "GET /xingrg/dwr/engine.js HTTP/1.1" 200 43631
101.80.229.199 - - [21/Dec/2021:07:48:51 +0800] "GET /xingrg/all/function/internal_message.html?_=1640044131605&CODE_STATE=getMsg HTTP/1.1" 200 27
120.253.135.82 - - [21/Dec/2021:07:48:53 +0800] "GET /xingrg/all/function/internal_message.html?_=1640043913347&CODE_STATE=getMsg HTTP/1.1" 200 27
114.85.125.222 - - [21/Dec/2021:07:48:54 +0800] "GET /xingrg/all/function/internal_message.html?_=1640044083333&CODE_STATE=getMsg HTTP/1.1" 200 27
124.79.246.130 - - [21/Dec/2021:07:48:58 +0800] "GET /xingrg/all/function/internal_message.html?_=1640044264122&CODE_STATE=getMsg HTTP/1.1" 302 -
120.253.135.82 - - [21/Dec/2021:07:49:01 +0800] "GET /xingrg/kc/pszx/mdps_order_list.html?orderType=0 HTTP/1.1" 200 20925
120.253.135.82 - - [21/Dec/2021:07:49:02 +0800] "POST /xingrg/kc/pszx/mdps_list_operate.html HTTP/1.1" 200 5390
120.253.135.82 - - [21/Dec/2021:07:49:13 +0800] "GET /xingrg/kc/pszx/mdqp_order_list.html?state=10 HTTP/1.1" 200 10217
120.253.135.82 - - [21/Dec/2021:07:49:13 +0800] "GET /xingrg/dwr/interface/AjaxReportQueryService.js HTTP/1.1" 200 13203
120.253.135.82 - - [21/Dec/2021:07:49:13 +0800] "GET /xingrg/dwr/interface/AjaxQqpsService.js HTTP/1.1" 200 16326
120.253.135.82 - - [21/Dec/2021:07:49:13 +0800] "GET /xingrg/dwr/engine.js HTTP/1.1" 200 43631
120.253.135.82 - - [21/Dec/2021:07:49:18 +0800] "GET /xingrg/kc/pszx/mdps_order_list.html?orderType=0 HTTP/1.1" 200 20925
120.253.135.82 - - [21/Dec/2021:07:49:18 +0800] "POST /xingrg/kc/pszx/mdps_list_operate.html HTTP/1.1" 200 5390
222.70.176.97 - - [21/Dec/2021:07:49:19 +0800] "GET /xingrg/all/function/internal_message.html?_=1640044157370&CODE_STATE=getMsg HTTP/1.1" 200 27
124.77.245.186 - - [21/Dec/2021:07:49:26 +0800] "GET /xingrg/all/function/internal_message.html?_=1640044170631&CODE_STATE=getMsg HTTP/1.1" 200 27
120.253.135.82 - - [21/Dec/2021:07:49:36 +0800] "POST /xingrg/kc/pszx/mdps_list_operate.html HTTP/1.1" 200 4669
120.253.135.82 - - [21/Dec/2021:07:49:38 +0800] "POST /xingrg/kc/pszx/mdps_list_operate.html HTTP/1.1" 200 220
124.77.245.186 - - [21/Dec/2021:07:49:38 +0800] "GET /xingrg/check_reg.html?_=1640044207397 HTTP/1.1" 302 -
120.253.135.82 - - [21/Dec/2021:07:49:39 +0800] "POST /xingrg/kc/pszx/mdps_list_operate.html HTTP/1.1" 200 360
120.253.135.82 - - [21/Dec/2021:07:49:42 +0800] "POST /xingrg/kc/pszx/mdps_list_operate.html HTTP/1.1" 200 273
120.253.135.82 - - [21/Dec/2021:07:49:45 +0800] "GET /xingrg/kc/pszx/mdps_order_info.html?code=312021122100544 HTTP/1.1" 200 23931
120.253.135.82 - - [21/Dec/2021:07:49:45 +0800] "GET /xingrg/javascript/easyui/themes/default/validatebox.css HTTP/1.1" 404 1104
120.253.135.82 - - [21/Dec/2021:07:49:45 +0800] "POST /xingrg/kc/pszx/mdps_order_operate.html HTTP/1.1" 200 2755
101.80.229.199 - - [21/Dec/2021:07:49:51 +0800] "GET /xingrg/all/function/internal_message.html?_=1640044191590&CODE_STATE=getMsg HTTP/1.1" 200 27
120.253.135.82 - - [21/Dec/2021:07:49:53 +0800] "GET /xingrg/all/function/internal_message.html?_=1640043973360&CODE_STATE=getMsg HTTP/1.1" 200 27
120.253.135.82 - - [21/Dec/2021:07:49:53 +0800] "GET /xingrg/kc/pszx/mdps_order_info.html?code=312021122100544 HTTP/1.1" 200 23931
120.253.135.82 - - [21/Dec/2021:07:49:54 +0800] "GET /xingrg/javascript/easyui/themes/default/validatebox.css HTTP/1.1" 404 1104
120.253.135.82 - - [21/Dec/2021:07:49:54 +0800] "POST /xingrg/kc/pszx/mdps_order_operate.html HTTP/1.1" 200 2755
114.85.125.222 - - [21/Dec/2021:07:49:54 +0800] "GET /xingrg/all/function/internal_message.html?_=1640044143345&CODE_STATE=getMsg HTTP/1.1" 200 27
124.79.246.130 - - [21/Dec/2021:07:49:58 +0800] "GET /xingrg/all/function/internal_message.html?_=1640044324120&CODE_STATE=getMsg HTTP/1.1" 302 -
120.253.135.82 - - [21/Dec/2021:07:50:00 +0800] "POST /xingrg/kc/pszx/mdps_list_operate.html HTTP/1.1" 200 4669
120.253.135.82 - - [21/Dec/2021:07:50:02 +0800] "POST /xingrg/kc/pszx/mdps_list_operate.html HTTP/1.1" 200 273
120.253.135.82 - - [21/Dec/2021:07:50:05 +0800] "POST /xingrg/kc/pszx/mdps_list_operate.html HTTP/1.1" 200 582
120.253.135.82 - - [21/Dec/2021:07:50:07 +0800] "GET /xingrg/kc/pszx/mdps_order_info.html?code=312021122100543 HTTP/1.1" 200 23931
120.253.135.82 - - [21/Dec/2021:07:50:07 +0800] "GET /xingrg/javascript/easyui/themes/default/validatebox.css HTTP/1.1" 404 1104
120.253.135.82 - - [21/Dec/2021:07:50:07 +0800] "POST /xingrg/kc/pszx/mdps_order_operate.html HTTP/1.1" 200 6716
222.70.176.97 - - [21/Dec/2021:07:50:19 +0800] "GET /xingrg/all/function/internal_message.html?_=1640044217368&CODE_STATE=getMsg HTTP/1.1" 200 27
120.253.135.82 - - [21/Dec/2021:07:50:21 +0800] "POST /xingrg/kc/pszx/mdps_list_operate.html HTTP/1.1" 200 4669
120.253.135.82 - - [21/Dec/2021:07:50:24 +0800] "GET /xingrg/check_reg.html?_=1640044219321 HTTP/1.1" 302 -
124.77.245.186 - - [21/Dec/2021:07:50:26 +0800] "GET /xingrg/all/function/internal_message.html?_=1640044231133&CODE_STATE=getMsg HTTP/1.1" 200 27
120.253.135.82 - - [21/Dec/2021:07:50:51 +0800] "GET /xingrg/check_reg.html?_=1640044031096 HTTP/1.1" 200 22
101.80.229.199 - - [21/Dec/2021:07:50:51 +0800] "GET /xingrg/all/function/internal_message.html?_=1640044251575&CODE_STATE=getMsg HTTP/1.1" 200 27
120.253.135.82 - - [21/Dec/2021:07:50:53 +0800] "GET /xingrg/all/function/internal_message.html?_=1640044033373&CODE_STATE=getMsg HTTP/1.1" 200 27
114.85.125.222 - - [21/Dec/2021:07:50:54 +0800] "GET /xingrg/all/function/internal_message.html?_=1640044203372&CODE_STATE=getMsg HTTP/1.1" 200 27
124.79.246.130 - - [21/Dec/2021:07:50:58 +0800] "GET /xingrg/all/function/internal_message.html?_=1640044384118&CODE_STATE=getMsg HTTP/1.1" 302 -
120.253.135.82 - - [21/Dec/2021:07:51:04 +0800] "GET /xingrg/kc/pszx/mdqp_order_list.html?state=10 HTTP/1.1" 200 10217
120.253.135.82 - - [21/Dec/2021:07:51:04 +0800] "GET /xingrg/dwr/interface/AjaxQqpsService.js HTTP/1.1" 200 16326
120.253.135.82 - - [21/Dec/2021:07:51:04 +0800] "GET /xingrg/dwr/interface/AjaxReportQueryService.js HTTP/1.1" 200 13203
120.253.135.82 - - [21/Dec/2021:07:51:04 +0800] "GET /xingrg/dwr/engine.js HTTP/1.1" 200 43631
120.253.135.82 - - [21/Dec/2021:07:51:09 +0800] "GET /xingrg/kc/pszx/mdqp_order_list.html?state=10 HTTP/1.1" 200 10217
120.253.135.82 - - [21/Dec/2021:07:51:09 +0800] "GET /xingrg/dwr/interface/AjaxQqpsService.js HTTP/1.1" 200 16326
120.253.135.82 - - [21/Dec/2021:07:51:09 +0800] "GET /xingrg/dwr/engine.js HTTP/1.1" 200 43631
120.253.135.82 - - [21/Dec/2021:07:51:10 +0800] "GET /xingrg/dwr/interface/AjaxReportQueryService.js HTTP/1.1" 200 13203
222.70.176.97 - - [21/Dec/2021:07:51:19 +0800] "GET /xingrg/all/function/internal_message.html?_=1640044277365&CODE_STATE=getMsg HTTP/1.1" 200 27
124.77.245.186 - - [21/Dec/2021:07:51:21 +0800] "GET /xingrg/check_reg.html?_=1640044285603 HTTP/1.1" 200 22
124.77.245.186 - - [21/Dec/2021:07:51:26 +0800] "GET /xingrg/all/function/internal_message.html?_=1640044291142&CODE_STATE=getMsg HTTP/1.1" 200 27
120.253.135.82 - - [21/Dec/2021:07:51:27 +0800] "GET /xingrg/kc/report/report_main.html HTTP/1.1" 200 8599
120.253.135.82 - - [21/Dec/2021:07:51:27 +0800] "GET /xingrg/javascript/jquery_easy_ui/themes/icons/settle_new.png HTTP/1.1" 200 826
120.253.135.82 - - [21/Dec/2021:07:51:29 +0800] "GET /xingrg/kc/base/kc_stocks.html HTTP/1.1" 200 16437
120.253.135.82 - - [21/Dec/2021:07:51:29 +0800] "GET /xingrg/javascript/easyui/themes/sunny/easyui.css HTTP/1.1" 200 34304
120.253.135.82 - - [21/Dec/2021:07:51:29 +0800] "GET /xingrg/javascript/easyui/themes/icons/refresh_new.png HTTP/1.1" 200 685
120.253.135.82 - - [21/Dec/2021:07:51:29 +0800] "GET /xingrg/javascript/easyui/themes/icons/print_new.png HTTP/1.1" 200 3580
120.253.135.82 - - [21/Dec/2021:07:51:29 +0800] "GET /xingrg/javascript/easyui/themes/icons/filter_new.png HTTP/1.1" 200 795
120.253.135.82 - - [21/Dec/2021:07:51:29 +0800] "GET /xingrg/javascript/easyui/plugins/jquery.draggable.js HTTP/1.1" 200 6121
120.253.135.82 - - [21/Dec/2021:07:51:29 +0800] "GET /xingrg/javascript/easyui/plugins/jquery.droppable.js HTTP/1.1" 200 1167
120.253.135.82 - - [21/Dec/2021:07:51:29 +0800] "GET /xingrg/javascript/easyui/themes/default/tree.css HTTP/1.1" 404 1090
120.253.135.82 - - [21/Dec/2021:07:51:29 +0800] "GET /xingrg/javascript/easyui/plugins/jquery.tree.js HTTP/1.1" 200 20874
120.253.135.82 - - [21/Dec/2021:07:51:29 +0800] "POST /xingrg/all/common/load_tree.html?tree=materiel_sort_tree_json HTTP/1.1" 200 9388
120.253.135.82 - - [21/Dec/2021:07:51:29 +0800] "GET /xingrg/javascript/easyui/themes/sunny/images/tree_arrows.gif HTTP/1.1" 200 617
120.253.135.82 - - [21/Dec/2021:07:51:29 +0800] "GET /xingrg/javascript/easyui/themes/sunny/images/tree_folder_open.gif HTTP/1.1" 200 956
120.253.135.82 - - [21/Dec/2021:07:51:29 +0800] "GET /xingrg/javascript/easyui/themes/sunny/images/tree_folder.gif HTTP/1.1" 200 952
120.253.135.82 - - [21/Dec/2021:07:51:29 +0800] "GET /xingrg/javascript/easyui/themes/sunny/images/tree_file.gif HTTP/1.1" 200 118
120.253.135.82 - - [21/Dec/2021:07:51:30 +0800] "POST /xingrg/all/common/load_combo.html?type=base HTTP/1.1" 200 1075
120.253.135.82 - - [21/Dec/2021:07:51:37 +0800] "POST /xingrg/kc/base/stock_operate.html HTTP/1.1" 200 1991
120.253.135.82 - - [21/Dec/2021:07:51:37 +0800] "GET /xingrg/javascript/jquery_tools/fix_table.js HTTP/1.1" 200 6528
101.80.229.199 - - [21/Dec/2021:07:51:51 +0800] "GET /xingrg/all/function/internal_message.html?_=1640044311561&CODE_STATE=getMsg HTTP/1.1" 200 27
120.253.135.82 - - [21/Dec/2021:07:51:53 +0800] "GET /xingrg/all/function/internal_message.html?_=1640044093388&CODE_STATE=getMsg HTTP/1.1" 200 27
114.85.125.222 - - [21/Dec/2021:07:51:54 +0800] "GET /xingrg/all/function/internal_message.html?_=1640044263373&CODE_STATE=getMsg HTTP/1.1" 200 27
124.79.246.130 - - [21/Dec/2021:07:51:58 +0800] "GET /xingrg/all/function/internal_message.html?_=1640044444117&CODE_STATE=getMsg HTTP/1.1" 302 -
124.79.246.130 - - [21/Dec/2021:07:51:58 +0800] "GET /xingrg/check_reg.html?_=1640044444119 HTTP/1.1" 302 -
101.80.229.199 - - [21/Dec/2021:07:52:03 +0800] "GET /xingrg/check_reg.html?_=1640044323280 HTTP/1.1" 200 22
222.70.176.97 - - [21/Dec/2021:07:52:19 +0800] "GET /xingrg/all/function/internal_message.html?_=1640044337364&CODE_STATE=getMsg HTTP/1.1" 200 27
120.253.135.82 - - [21/Dec/2021:07:52:22 +0800] "POST /xingrg/kc/base/stock_operate.html HTTP/1.1" 200 1740
124.77.245.186 - - [21/Dec/2021:07:52:26 +0800] "GET /xingrg/all/function/internal_message.html?_=1640044351155&CODE_STATE=getMsg HTTP/1.1" 200 27
120.253.135.82 - - [21/Dec/2021:07:52:34 +0800] "POST /xingrg/kc/base/stock_operate.html HTTP/1.1" 200 1471
120.253.135.82 - - [21/Dec/2021:07:52:42 +0800] "POST /xingrg/kc/base/stock_operate.html HTTP/1.1" 200 1468
101.80.229.199 - - [21/Dec/2021:07:52:51 +0800] "GET /xingrg/all/function/internal_message.html?_=1640044371532&CODE_STATE=getMsg HTTP/1.1" 200 27
172.20.0.100 - - [21/Dec/2021:07:52:52 +0800] "GET /xingrg/check_reg.html?_=1640044371454 HTTP/1.1" 200 22
120.253.135.82 - - [21/Dec/2021:07:52:53 +0800] "GET /xingrg/all/function/internal_message.html?_=1640044153400&CODE_STATE=getMsg HTTP/1.1" 200 27
114.85.125.222 - - [21/Dec/2021:07:52:54 +0800] "GET /xingrg/all/function/internal_message.html?_=1640044323398&CODE_STATE=getMsg HTTP/1.1" 200 27
124.79.246.130 - - [21/Dec/2021:07:52:58 +0800] "GET /xingrg/all/function/internal_message.html?_=1640044504117&CODE_STATE=getMsg HTTP/1.1" 302 -
222.70.176.97 - - [21/Dec/2021:07:53:19 +0800] "GET /xingrg/check_reg.html?_=1640044397363 HTTP/1.1" 200 22
222.70.176.97 - - [21/Dec/2021:07:53:19 +0800] "GET /xingrg/all/function/internal_message.html?_=1640044397364&CODE_STATE=getMsg HTTP/1.1" 200 27
124.77.245.186 - - [21/Dec/2021:07:53:27 +0800] "GET /xingrg/all/function/internal_message.html?_=1640044411659&CODE_STATE=getMsg HTTP/1.1" 200 27
114.85.125.222 - - [21/Dec/2021:07:53:42 +0800] "GET /xingrg/check_reg.html?_=1640044371718 HTTP/1.1" 200 22
101.80.229.199 - - [21/Dec/2021:07:53:51 +0800] "GET /xingrg/all/function/internal_message.html?_=1640044431518&CODE_STATE=getMsg HTTP/1.1" 200 27
120.253.135.82 - - [21/Dec/2021:07:53:53 +0800] "GET /xingrg/all/function/internal_message.html?_=1640044213415&CODE_STATE=getMsg HTTP/1.1" 200 27
114.85.125.222 - - [21/Dec/2021:07:53:54 +0800] "GET /xingrg/all/function/internal_message.html?_=1640044383400&CODE_STATE=getMsg HTTP/1.1" 200 27
124.79.246.130 - - [21/Dec/2021:07:53:58 +0800] "GET /xingrg/all/function/internal_message.html?_=1640044564131&CODE_STATE=getMsg HTTP/1.1" 302 -
222.70.176.97 - - [21/Dec/2021:07:54:19 +0800] "GET /xingrg/all/function/internal_message.html?_=1640044457361&CODE_STATE=getMsg HTTP/1.1" 200 27
124.77.245.186 - - [21/Dec/2021:07:54:27 +0800] "GET /xingrg/all/function/internal_message.html?_=1640044471666&CODE_STATE=getMsg HTTP/1.1" 200 27
124.77.245.186 - - [21/Dec/2021:07:54:38 +0800] "GET /xingrg/check_reg.html?_=1640044507407 HTTP/1.1" 302 -
101.80.229.199 - - [21/Dec/2021:07:54:51 +0800] "GET /xingrg/all/function/internal_message.html?_=1640044491504&CODE_STATE=getMsg HTTP/1.1" 200 27
120.253.135.82 - - [21/Dec/2021:07:54:53 +0800] "GET /xingrg/all/function/internal_message.html?_=1640044273630&CODE_STATE=getMsg HTTP/1.1" 200 27
114.85.125.222 - - [21/Dec/2021:07:54:54 +0800] "GET /xingrg/all/function/internal_message.html?_=1640044443413&CODE_STATE=getMsg HTTP/1.1" 200 27
124.79.246.130 - - [21/Dec/2021:07:54:58 +0800] "GET /xingrg/all/function/internal_message.html?_=1640044624130&CODE_STATE=getMsg HTTP/1.1" 302 -
222.70.176.97 - - [21/Dec/2021:07:55:19 +0800] "GET /xingrg/all/function/internal_message.html?_=1640044517362&CODE_STATE=getMsg HTTP/1.1" 200 27
120.253.135.82 - - [21/Dec/2021:07:55:24 +0800] "GET /xingrg/check_reg.html?_=1640044519331 HTTP/1.1" 302 -
124.77.245.186 - - [21/Dec/2021:07:55:27 +0800] "GET /xingrg/all/function/internal_message.html?_=1640044532168&CODE_STATE=getMsg HTTP/1.1" 200 27
180.175.103.30 - - [21/Dec/2021:07:55:34 +0800] "POST /xingrg/services/DataTransmitService HTTP/1.1" 200 524
120.253.135.82 - - [21/Dec/2021:07:55:51 +0800] "GET /xingrg/check_reg.html?_=1640044331104 HTTP/1.1" 200 22
101.80.229.199 - - [21/Dec/2021:07:55:51 +0800] "GET /xingrg/all/function/internal_message.html?_=1640044551489&CODE_STATE=getMsg HTTP/1.1" 200 27
120.253.135.82 - - [21/Dec/2021:07:55:53 +0800] "GET /xingrg/all/function/internal_message.html?_=1640044333645&CODE_STATE=getMsg HTTP/1.1" 200 27
114.85.125.222 - - [21/Dec/2021:07:55:54 +0800] "GET /xingrg/all/function/internal_message.html?_=1640044503443&CODE_STATE=getMsg HTTP/1.1" 200 27
124.79.246.130 - - [21/Dec/2021:07:55:58 +0800] "GET /xingrg/all/function/internal_message.html?_=1640044684132&CODE_STATE=getMsg HTTP/1.1" 302 -
222.70.176.97 - - [21/Dec/2021:07:56:19 +0800] "GET /xingrg/all/function/internal_message.html?_=1640044577360&CODE_STATE=getMsg HTTP/1.1" 200 27
124.77.245.186 - - [21/Dec/2021:07:56:21 +0800] "GET /xingrg/check_reg.html?_=1640044585609 HTTP/1.1" 200 22
124.77.245.186 - - [21/Dec/2021:07:56:27 +0800] "GET /xingrg/all/function/internal_message.html?_=1640044592176&CODE_STATE=getMsg HTTP/1.1" 200 27
114.83.222.225 - - [21/Dec/2021:07:56:35 +0800] "POST /xingrg/services/DataTransmitService HTTP/1.1" 200 524
120.253.135.82 - - [21/Dec/2021:07:56:41 +0800] "GET /xingrg/javascript/easyui/themes/sunny/images/ui-bg_gloss-wave_60_fece2f_500x100.png HTTP/1.1" 200 3512
101.80.229.199 - - [21/Dec/2021:07:56:51 +0800] "GET /xingrg/all/function/internal_message.html?_=1640044611474&CODE_STATE=getMsg HTTP/1.1" 200 27
120.253.135.82 - - [21/Dec/2021:07:56:53 +0800] "GET /xingrg/all/function/internal_message.html?_=1640044393856&CODE_STATE=getMsg HTTP/1.1" 200 27
114.85.125.222 - - [21/Dec/2021:07:56:54 +0800] "GET /xingrg/all/function/internal_message.html?_=1640044563456&CODE_STATE=getMsg HTTP/1.1" 200 27
124.79.246.130 - - [21/Dec/2021:07:56:58 +0800] "GET /xingrg/check_reg.html?_=1640044744145 HTTP/1.1" 302 -
124.79.246.130 - - [21/Dec/2021:07:56:58 +0800] "GET /xingrg/all/function/internal_message.html?_=1640044744145&CODE_STATE=getMsg HTTP/1.1" 302 -
101.80.229.199 - - [21/Dec/2021:07:57:03 +0800] "GET /xingrg/check_reg.html?_=1640044623258 HTTP/1.1" 200 22
116.227.210.113 - - [21/Dec/2021:07:57:05 +0800] "POST /xingrg/services/DataTransmitService HTTP/1.1" 200 524
222.70.176.97 - - [21/Dec/2021:07:57:19 +0800] "GET /xingrg/all/function/internal_message.html?_=1640044637359&CODE_STATE=getMsg HTTP/1.1" 200 27
124.77.245.186 - - [21/Dec/2021:07:57:27 +0800] "GET /xingrg/all/function/internal_message.html?_=1640044652190&CODE_STATE=getMsg HTTP/1.1" 200 27
101.80.229.199 - - [21/Dec/2021:07:57:51 +0800] "GET /xingrg/all/function/internal_message.html?_=1640044671445&CODE_STATE=getMsg HTTP/1.1" 200 27
172.20.0.100 - - [21/Dec/2021:07:57:52 +0800] "GET /xingrg/check_reg.html?_=1640044671426 HTTP/1.1" 200 22
120.253.135.82 - - [21/Dec/2021:07:57:53 +0800] "GET /xingrg/all/function/internal_message.html?_=1640044453859&CODE_STATE=getMsg HTTP/1.1" 200 27
114.85.125.222 - - [21/Dec/2021:07:57:54 +0800] "GET /xingrg/all/function/internal_message.html?_=1640044623480&CODE_STATE=getMsg HTTP/1.1" 200 27
124.79.246.130 - - [21/Dec/2021:07:57:58 +0800] "GET /xingrg/all/function/internal_message.html?_=1640044804129&CODE_STATE=getMsg HTTP/1.1" 302 -
116.232.52.179 - - [21/Dec/2021:07:58:13 +0800] "POST /xingrg/services/DataTransmitService HTTP/1.1" 200 524
222.70.176.97 - - [21/Dec/2021:07:58:19 +0800] "GET /xingrg/all/function/internal_message.html?_=1640044697359&CODE_STATE=getMsg HTTP/1.1" 200 27
222.70.176.97 - - [21/Dec/2021:07:58:19 +0800] "GET /xingrg/check_reg.html?_=1640044697360 HTTP/1.1" 200 22
120.253.135.82 - - [21/Dec/2021:07:58:23 +0800] "POST /xingrg/kc/base/stock_operate.html HTTP/1.1" 200 1474
124.77.245.186 - - [21/Dec/2021:07:58:28 +0800] "GET /xingrg/all/function/internal_message.html?_=1640044712693&CODE_STATE=getMsg HTTP/1.1" 200 27
114.85.125.222 - - [21/Dec/2021:07:58:42 +0800] "GET /xingrg/check_reg.html?_=1640044671720 HTTP/1.1" 200 22
101.80.229.199 - - [21/Dec/2021:07:58:51 +0800] "GET /xingrg/all/function/internal_message.html?_=1640044731431&CODE_STATE=getMsg HTTP/1.1" 200 27
120.253.135.82 - - [21/Dec/2021:07:58:53 +0800] "GET /xingrg/all/function/internal_message.html?_=1640044513873&CODE_STATE=getMsg HTTP/1.1" 200 27
114.85.125.222 - - [21/Dec/2021:07:58:54 +0800] "GET /xingrg/all/function/internal_message.html?_=1640044683483&CODE_STATE=getMsg HTTP/1.1" 200 27
124.79.246.130 - - [21/Dec/2021:07:58:58 +0800] "GET /xingrg/all/function/internal_message.html?_=1640044864127&CODE_STATE=getMsg HTTP/1.1" 302 -
222.70.176.97 - - [21/Dec/2021:07:59:19 +0800] "GET /xingrg/all/function/internal_message.html?_=1640044757357&CODE_STATE=getMsg HTTP/1.1" 200 27
61.170.234.223 - - [21/Dec/2021:07:59:22 +0800] "POST /xingrg/services/DataTransmitService HTTP/1.1" 200 524
124.77.245.186 - - [21/Dec/2021:07:59:28 +0800] "GET /xingrg/all/function/internal_message.html?_=1640044772703&CODE_STATE=getMsg HTTP/1.1" 200 27
124.77.245.186 - - [21/Dec/2021:07:59:38 +0800] "GET /xingrg/check_reg.html?_=1640044807429 HTTP/1.1" 302 -
101.80.229.199 - - [21/Dec/2021:07:59:51 +0800] "GET /xingrg/all/function/internal_message.html?_=1640044791416&CODE_STATE=getMsg HTTP/1.1" 200 27
120.253.135.82 - - [21/Dec/2021:07:59:53 +0800] "GET /xingrg/all/function/internal_message.html?_=1640044573885&CODE_STATE=getMsg HTTP/1.1" 200 27
114.85.125.222 - - [21/Dec/2021:07:59:54 +0800] "GET /xingrg/all/function/internal_message.html?_=1640044743497&CODE_STATE=getMsg HTTP/1.1" 200 27
124.79.246.130 - - [21/Dec/2021:07:59:58 +0800] "GET /xingrg/all/function/internal_message.html?_=1640044924128&CODE_STATE=getMsg HTTP/1.1" 302 -
222.70.176.97 - - [21/Dec/2021:08:00:19 +0800] "GET /xingrg/all/function/internal_message.html?_=1640044817356&CODE_STATE=getMsg HTTP/1.1" 200 27
120.253.135.82 - - [21/Dec/2021:08:00:24 +0800] "GET /xingrg/check_reg.html?_=1640044819349 HTTP/1.1" 302 -
124.77.245.186 - - [21/Dec/2021:08:00:28 +0800] "GET /xingrg/all/function/internal_message.html?_=1640044833209&CODE_STATE=getMsg HTTP/1.1" 200 27
101.80.229.199 - - [21/Dec/2021:08:00:51 +0800] "GET /xingrg/all/function/internal_message.html?_=1640044851401&CODE_STATE=getMsg HTTP/1.1" 200 27
120.253.135.82 - - [21/Dec/2021:08:00:51 +0800] "GET /xingrg/check_reg.html?_=1640044631484 HTTP/1.1" 200 22
120.253.135.82 - - [21/Dec/2021:08:00:53 +0800] "GET /xingrg/all/function/internal_message.html?_=1640044633900&CODE_STATE=getMsg HTTP/1.1" 200 27
114.85.125.222 - - [21/Dec/2021:08:00:54 +0800] "GET /xingrg/all/function/internal_message.html?_=1640044803522&CODE_STATE=getMsg HTTP/1.1" 200 27
124.79.246.130 - - [21/Dec/2021:08:00:58 +0800] "GET /xingrg/all/function/internal_message.html?_=1640044984131&CODE_STATE=getMsg HTTP/1.1" 302 -
116.238.208.177 - - [21/Dec/2021:08:01:10 +0800] "GET /xingrg/check_reg.html?_=1640044876886 HTTP/1.1" 302 -
116.238.208.177 - - [21/Dec/2021:08:01:10 +0800] "GET /xingrg/login.html HTTP/1.1" 200 7641
222.70.176.97 - - [21/Dec/2021:08:01:19 +0800] "GET /xingrg/all/function/internal_message.html?_=1640044877369&CODE_STATE=getMsg HTTP/1.1" 200 27
124.77.245.186 - - [21/Dec/2021:08:01:21 +0800] "GET /xingrg/check_reg.html?_=1640044885614 HTTP/1.1" 200 22
124.77.245.186 - - [21/Dec/2021:08:01:28 +0800] "GET /xingrg/all/function/internal_message.html?_=1640044893212&CODE_STATE=getMsg HTTP/1.1" 200 27
101.80.229.199 - - [21/Dec/2021:08:01:51 +0800] "GET /xingrg/all/function/internal_message.html?_=1640044911387&CODE_STATE=getMsg HTTP/1.1" 200 27
120.253.135.82 - - [21/Dec/2021:08:01:53 +0800] "GET /xingrg/all/function/internal_message.html?_=1640044693913&CODE_STATE=getMsg HTTP/1.1" 200 27
114.85.125.222 - - [21/Dec/2021:08:01:54 +0800] "GET /xingrg/all/function/internal_message.html?_=1640044863523&CODE_STATE=getMsg HTTP/1.1" 200 27
124.79.246.130 - - [21/Dec/2021:08:01:58 +0800] "GET /xingrg/all/function/internal_message.html?_=1640045044132&CODE_STATE=getMsg HTTP/1.1" 302 -
124.79.246.130 - - [21/Dec/2021:08:01:58 +0800] "GET /xingrg/check_reg.html?_=1640045044133 HTTP/1.1" 302 -
101.80.229.199 - - [21/Dec/2021:08:02:03 +0800] "GET /xingrg/check_reg.html?_=1640044923232 HTTP/1.1" 200 22
58.35.215.188 - - [21/Dec/2021:08:02:10 +0800] "POST /xingrg/services/DataTransmitService HTTP/1.1" 200 524
222.70.176.97 - - [21/Dec/2021:08:02:19 +0800] "GET /xingrg/all/function/internal_message.html?_=1640044937367&CODE_STATE=getMsg HTTP/1.1" 200 27
124.77.245.186 - - [21/Dec/2021:08:02:28 +0800] "GET /xingrg/all/function/internal_message.html?_=1640044953226&CODE_STATE=getMsg HTTP/1.1" 200 27
101.80.229.199 - - [21/Dec/2021:08:02:51 +0800] "GET /xingrg/all/function/internal_message.html?_=1640044971358&CODE_STATE=getMsg HTTP/1.1" 200 27
172.20.0.100 - - [21/Dec/2021:08:02:52 +0800] "GET /xingrg/check_reg.html?_=1640044971399 HTTP/1.1" 200 22
120.253.135.82 - - [21/Dec/2021:08:02:53 +0800] "GET /xingrg/all/function/internal_message.html?_=1640044753927&CODE_STATE=getMsg HTTP/1.1" 200 27
114.85.125.222 - - [21/Dec/2021:08:02:54 +0800] "GET /xingrg/all/function/internal_message.html?_=1640044923551&CODE_STATE=getMsg HTTP/1.1" 200 27
124.79.246.130 - - [21/Dec/2021:08:02:58 +0800] "GET /xingrg/all/function/internal_message.html?_=1640045104159&CODE_STATE=getMsg HTTP/1.1" 302 -
222.70.176.97 - - [21/Dec/2021:08:03:19 +0800] "GET /xingrg/check_reg.html?_=1640044997365 HTTP/1.1" 200 22
222.70.176.97 - - [21/Dec/2021:08:03:19 +0800] "GET /xingrg/all/function/internal_message.html?_=1640044997365&CODE_STATE=getMsg HTTP/1.1" 200 27
120.253.135.82 - - [21/Dec/2021:08:03:23 +0800] "POST /xingrg/kc/base/stock_operate.html HTTP/1.1" 200 1480
124.77.245.186 - - [21/Dec/2021:08:03:29 +0800] "GET /xingrg/all/function/internal_message.html?_=1640045013799&CODE_STATE=getMsg HTTP/1.1" 200 27
114.85.125.222 - - [21/Dec/2021:08:03:42 +0800] "GET /xingrg/check_reg.html?_=1640044971730 HTTP/1.1" 200 22
120.253.135.82 - - [21/Dec/2021:08:03:44 +0800] "POST /xingrg/kc/base/stock_operate.html HTTP/1.1" 200 1481
101.80.229.199 - - [21/Dec/2021:08:03:51 +0800] "GET /xingrg/all/function/internal_message.html?_=1640045031343&CODE_STATE=getMsg HTTP/1.1" 200 27
120.253.135.82 - - [21/Dec/2021:08:03:53 +0800] "GET /xingrg/all/function/internal_message.html?_=1640044813941&CODE_STATE=getMsg HTTP/1.1" 200 27
114.85.125.222 - - [21/Dec/2021:08:03:54 +0800] "GET /xingrg/all/function/internal_message.html?_=1640044983567&CODE_STATE=getMsg HTTP/1.1" 200 27
124.79.246.130 - - [21/Dec/2021:08:03:58 +0800] "GET /xingrg/all/function/internal_message.html?_=1640045164144&CODE_STATE=getMsg HTTP/1.1" 302 -
222.70.176.97 - - [21/Dec/2021:08:04:19 +0800] "GET /xingrg/all/function/internal_message.html?_=1640045057364&CODE_STATE=getMsg HTTP/1.1" 200 27
124.77.245.186 - - [21/Dec/2021:08:04:29 +0800] "GET /xingrg/all/function/internal_message.html?_=1640045073799&CODE_STATE=getMsg HTTP/1.1" 200 27
120.253.135.82 - - [21/Dec/2021:08:04:37 +0800] "POST /xingrg/kc/base/stock_operate.html HTTP/1.1" 200 1491
124.77.245.186 - - [21/Dec/2021:08:04:38 +0800] "GET /xingrg/check_reg.html?_=1640045107448 HTTP/1.1" 302 -
101.80.229.199 - - [21/Dec/2021:08:04:51 +0800] "GET /xingrg/all/function/internal_message.html?_=1640045091329&CODE_STATE=getMsg HTTP/1.1" 200 27
120.253.135.82 - - [21/Dec/2021:08:04:53 +0800] "GET /xingrg/all/function/internal_message.html?_=1640044873954&CODE_STATE=getMsg HTTP/1.1" 200 27
114.85.125.222 - - [21/Dec/2021:08:04:54 +0800] "GET /xingrg/all/function/internal_message.html?_=1640045043580&CODE_STATE=getMsg HTTP/1.1" 200 27
120.253.135.82 - - [21/Dec/2021:08:04:58 +0800] "POST /xingrg/kc/base/stock_operate.html HTTP/1.1" 200 1484
124.79.246.130 - - [21/Dec/2021:08:04:58 +0800] "GET /xingrg/all/function/internal_message.html?_=1640045224163&CODE_STATE=getMsg HTTP/1.1" 302 -
222.70.176.97 - - [21/Dec/2021:08:05:19 +0800] "GET /xingrg/all/function/internal_message.html?_=1640045117363&CODE_STATE=getMsg HTTP/1.1" 200 27
120.253.135.82 - - [21/Dec/2021:08:05:24 +0800] "GET /xingrg/check_reg.html?_=1640045119379 HTTP/1.1" 302 -
124.77.245.186 - - [21/Dec/2021:08:05:29 +0800] "GET /xingrg/all/function/internal_message.html?_=1640045134317&CODE_STATE=getMsg HTTP/1.1" 200 27
101.80.229.199 - - [21/Dec/2021:08:05:51 +0800] "GET /xingrg/all/function/internal_message.html?_=1640045151313&CODE_STATE=getMsg HTTP/1.1" 200 27
120.253.135.82 - - [21/Dec/2021:08:05:51 +0800] "GET /xingrg/check_reg.html?_=1640044931518 HTTP/1.1" 200 22
120.253.135.82 - - [21/Dec/2021:08:05:53 +0800] "GET /xingrg/all/function/internal_message.html?_=1640044933967&CODE_STATE=getMsg HTTP/1.1" 200 27
114.85.125.222 - - [21/Dec/2021:08:05:54 +0800] "GET /xingrg/all/function/internal_message.html?_=1640045103607&CODE_STATE=getMsg HTTP/1.1" 200 27
124.79.246.130 - - [21/Dec/2021:08:05:58 +0800] "GET /xingrg/all/function/internal_message.html?_=1640045284147&CODE_STATE=getMsg HTTP/1.1" 302 -
116.238.208.177 - - [21/Dec/2021:08:06:10 +0800] "GET /xingrg/check_reg.html?_=1640045176890 HTTP/1.1" 302 -
222.70.176.97 - - [21/Dec/2021:08:06:19 +0800] "GET /xingrg/all/function/internal_message.html?_=1640045177362&CODE_STATE=getMsg HTTP/1.1" 200 27
124.77.245.186 - - [21/Dec/2021:08:06:21 +0800] "GET /xingrg/check_reg.html?_=1640045185624 HTTP/1.1" 200 22
124.77.245.186 - - [21/Dec/2021:08:06:29 +0800] "GET /xingrg/all/function/internal_message.html?_=1640045194325&CODE_STATE=getMsg HTTP/1.1" 200 27
101.80.229.199 - - [21/Dec/2021:08:06:51 +0800] "GET /xingrg/all/function/internal_message.html?_=1640045211298&CODE_STATE=getMsg HTTP/1.1" 200 27
120.253.135.82 - - [21/Dec/2021:08:06:53 +0800] "GET /xingrg/all/function/internal_message.html?_=1640044993981&CODE_STATE=getMsg HTTP/1.1" 200 27
114.85.125.222 - - [21/Dec/2021:08:06:54 +0800] "GET /xingrg/all/function/internal_message.html?_=1640045163607&CODE_STATE=getMsg HTTP/1.1" 200 27
124.79.246.130 - - [21/Dec/2021:08:06:58 +0800] "GET /xingrg/check_reg.html?_=1640045344158 HTTP/1.1" 302 -
124.79.246.130 - - [21/Dec/2021:08:06:58 +0800] "GET /xingrg/all/function/internal_message.html?_=1640045344157&CODE_STATE=getMsg HTTP/1.1" 302 -
101.80.229.199 - - [21/Dec/2021:08:07:03 +0800] "GET /xingrg/check_reg.html?_=1640045223207 HTTP/1.1" 200 22
116.227.210.113 - - [21/Dec/2021:08:07:05 +0800] "POST /xingrg/services/DataTransmitService HTTP/1.1" 200 524
222.70.176.97 - - [21/Dec/2021:08:07:19 +0800] "GET /xingrg/all/function/internal_message.html?_=1640045237360&CODE_STATE=getMsg HTTP/1.1" 200 27
124.77.245.186 - - [21/Dec/2021:08:07:29 +0800] "GET /xingrg/all/function/internal_message.html?_=1640045254339&CODE_STATE=getMsg HTTP/1.1" 200 27
101.80.229.199 - - [21/Dec/2021:08:07:51 +0800] "GET /xingrg/all/function/internal_message.html?_=1640045271271&CODE_STATE=getMsg HTTP/1.1" 200 27
172.20.0.100 - - [21/Dec/2021:08:07:52 +0800] "GET /xingrg/check_reg.html?_=1640045271378 HTTP/1.1" 200 22
120.253.135.82 - - [21/Dec/2021:08:07:54 +0800] "GET /xingrg/all/function/internal_message.html?_=1640045054185&CODE_STATE=getMsg HTTP/1.1" 200 27
114.85.125.222 - - [21/Dec/2021:08:07:54 +0800] "GET /xingrg/all/function/internal_message.html?_=1640045223633&CODE_STATE=getMsg HTTP/1.1" 200 27
124.79.246.130 - - [21/Dec/2021:08:07:58 +0800] "GET /xingrg/all/function/internal_message.html?_=1640045404155&CODE_STATE=getMsg HTTP/1.1" 302 -
222.70.176.97 - - [21/Dec/2021:08:08:19 +0800] "GET /xingrg/all/function/internal_message.html?_=1640045297359&CODE_STATE=getMsg HTTP/1.1" 200 27
222.70.176.97 - - [21/Dec/2021:08:08:19 +0800] "GET /xingrg/check_reg.html?_=1640045297359 HTTP/1.1" 200 22
124.77.245.186 - - [21/Dec/2021:08:08:30 +0800] "GET /xingrg/all/function/internal_message.html?_=1640045314847&CODE_STATE=getMsg HTTP/1.1" 200 27
114.85.125.222 - - [21/Dec/2021:08:08:42 +0800] "GET /xingrg/check_reg.html?_=1640045271731 HTTP/1.1" 200 22
101.80.229.199 - - [21/Dec/2021:08:08:51 +0800] "GET /xingrg/all/function/internal_message.html?_=1640045331256&CODE_STATE=getMsg HTTP/1.1" 200 27
120.253.135.82 - - [21/Dec/2021:08:08:54 +0800] "GET /xingrg/all/function/internal_message.html?_=1640045114196&CODE_STATE=getMsg HTTP/1.1" 200 27
114.85.125.222 - - [21/Dec/2021:08:08:54 +0800] "GET /xingrg/all/function/internal_message.html?_=1640045283634&CODE_STATE=getMsg HTTP/1.1" 200 27
124.79.246.130 - - [21/Dec/2021:08:08:58 +0800] "GET /xingrg/all/function/internal_message.html?_=1640045464157&CODE_STATE=getMsg HTTP/1.1" 302 -
222.70.176.97 - - [21/Dec/2021:08:09:19 +0800] "GET /xingrg/all/function/internal_message.html?_=1640045357357&CODE_STATE=getMsg HTTP/1.1" 200 27
124.77.245.186 - - [21/Dec/2021:08:09:30 +0800] "GET /xingrg/all/function/internal_message.html?_=1640045374849&CODE_STATE=getMsg HTTP/1.1" 200 27
