116.233.77.205 - - [19/Dec/2021:10:08:29 +0800] "GET /xingrg/kc/buy/cgsh_order_operate.html?command=get_materiel&rest_code=00109&code=00101008353&supplier_code=00100005&order_time=2021-12-19 HTTP/1.1" 200 408
180.169.147.146 - - [19/Dec/2021:10:08:29 +0800] "GET /xingrg/check_reg.html?_=1639879705835 HTTP/1.1" 200 22
180.169.147.146 - - [19/Dec/2021:10:08:29 +0800] "GET /xingrg/all/function/internal_message.html?_=1639879705838&CODE_STATE=getMsg HTTP/1.1" 200 27
114.83.222.225 - - [19/Dec/2021:10:08:32 +0800] "GET /xingrg/all/function/internal_message.html?_=1639879707096&CODE_STATE=getMsg HTTP/1.1" 200 27
180.175.103.30 - - [19/Dec/2021:10:08:32 +0800] "GET /xingrg/all/function/internal_message.html?_=1639879707765&CODE_STATE=getMsg HTTP/1.1" 200 27
101.89.239.245 - - [19/Dec/2021:10:08:32 +0800] "GET /xingrg/all/function/internal_message.html?_=1639879599056&CODE_STATE=getMsg HTTP/1.1" 302 -
116.238.248.233 - - [19/Dec/2021:10:08:33 +0800] "POST /xingrg/kc/buy/cgsh_order_operate.html HTTP/1.1" 200 37
114.85.125.222 - - [19/Dec/2021:10:08:33 +0800] "POST /xingrg/kc/base/wldb_order_operate.html HTTP/1.1" 200 37
101.89.239.245 - - [19/Dec/2021:10:08:34 +0800] "GET /xingrg/login.html HTTP/1.1" 200 7641
114.85.125.222 - - [19/Dec/2021:10:08:35 +0800] "POST /xingrg/kc/base/wldb_order_operate.html HTTP/1.1" 200 12
114.85.125.222 - - [19/Dec/2021:10:08:36 +0800] "POST /xingrg/kc/base/wldb_order_operate.html HTTP/1.1" 200 10683
116.233.77.205 - - [19/Dec/2021:10:08:38 +0800] "GET /xingrg/kc/buy/cgsh_order_operate.html?command=get_materiel&rest_code=00109&code=00101008095&supplier_code=00100005&order_time=2021-12-19 HTTP/1.1" 200 412
116.238.248.233 - - [19/Dec/2021:10:08:38 +0800] "POST /xingrg/kc/buy/cgsh_order_operate.html HTTP/1.1" 200 12
116.238.208.177 - - [19/Dec/2021:10:08:38 +0800] "GET /xingrg/all/function/internal_message.html?_=1639879721031&CODE_STATE=getMsg HTTP/1.1" 200 27
116.238.248.233 - - [19/Dec/2021:10:08:39 +0800] "GET /xingrg/kc/buy/cgsh_order_info.html?code=212021121907780 HTTP/1.1" 200 59718
116.233.77.205 - - [19/Dec/2021:10:08:39 +0800] "POST /xingrg/kc/buy/cgsh_order_operate.html HTTP/1.1" 200 2065
116.238.248.233 - - [19/Dec/2021:10:08:40 +0800] "GET /xingrg/javascript/easyui/themes/default/validatebox.css HTTP/1.1" 404 1104
116.238.248.233 - - [19/Dec/2021:10:08:40 +0800] "POST /xingrg/kc/buy/cgsh_order_operate.html HTTP/1.1" 200 1222
116.238.248.233 - - [19/Dec/2021:10:08:41 +0800] "GET /xingrg/kc/print/load_config.html?kc_code=cgsh HTTP/1.1" 200 1943
116.238.248.233 - - [19/Dec/2021:10:08:41 +0800] "GET /xingrg/kc/print/load_data.html?order_code=212021121907780&kc_code=cgsh&condition= HTTP/1.1" 200 1020
120.253.135.82 - - [19/Dec/2021:10:08:42 +0800] "GET /xingrg/all/function/internal_message.html?_=1639879498172&CODE_STATE=getMsg HTTP/1.1" 200 27
61.170.234.223 - - [19/Dec/2021:10:08:43 +0800] "GET /xingrg/check_reg.html?_=1639879719055 HTTP/1.1" 200 22
61.170.234.223 - - [19/Dec/2021:10:08:43 +0800] "GET /xingrg/all/function/internal_message.html?_=1639879719058&CODE_STATE=getMsg HTTP/1.1" 200 27
116.233.77.205 - - [19/Dec/2021:10:08:48 +0800] "GET /xingrg/kc/buy/cgsh_order_operate.html?command=get_materiel&rest_code=00109&code=00101013179&supplier_code=00100005&order_time=2021-12-19 HTTP/1.1" 200 412
180.157.251.97 - - [19/Dec/2021:10:08:49 +0800] "GET /xingrg/check_reg.html?_=1639879727006 HTTP/1.1" 200 22
180.157.251.97 - - [19/Dec/2021:10:08:49 +0800] "GET /xingrg/all/function/internal_message.html?_=1639879727009&CODE_STATE=getMsg HTTP/1.1" 200 27
180.169.147.146 - - [19/Dec/2021:10:08:53 +0800] "GET /xingrg/all/function/internal_message.html?_=1639879723214&CODE_STATE=getMsg HTTP/1.1" 200 27
172.20.0.100 - - [19/Dec/2021:10:08:53 +0800] "GET /xingrg/all/function/internal_message.html?_=1639879727894&CODE_STATE=getMsg HTTP/1.1" 200 27
116.233.77.205 - - [19/Dec/2021:10:08:55 +0800] "GET /xingrg/kc/buy/cgsh_order_operate.html?command=get_materiel&rest_code=00109&code=00101008123&supplier_code=00100005&order_time=2021-12-19 HTTP/1.1" 200 412
124.77.245.186 - - [19/Dec/2021:10:08:58 +0800] "POST /xingrg/kc/buy/cgsh_order_operate.html HTTP/1.1" 200 2065
124.77.245.186 - - [19/Dec/2021:10:09:02 +0800] "GET /xingrg/all/function/internal_message.html?_=1639879763943&CODE_STATE=getMsg HTTP/1.1" 200 27
58.37.224.87 - - [19/Dec/2021:10:09:02 +0800] "GET /xingrg/check_reg.html?_=1639879550600 HTTP/1.1" 200 22
58.37.224.87 - - [19/Dec/2021:10:09:02 +0800] "GET /xingrg/all/function/internal_message.html?_=1639879550601&CODE_STATE=getMsg HTTP/1.1" 200 27
116.233.77.205 - - [19/Dec/2021:10:09:03 +0800] "GET /xingrg/kc/buy/cgsh_order_operate.html?command=get_materiel&rest_code=00109&code=00101015046&supplier_code=00100005&order_time=2021-12-19 HTTP/1.1" 200 412
101.91.60.11 - - [19/Dec/2021:10:09:06 +0800] "GET /xingrg/all/function/internal_message.html?_=1639878579022&CODE_STATE=getMsg HTTP/1.1" 302 -
101.91.60.11 - - [19/Dec/2021:10:09:07 +0800] "GET /xingrg/login.html HTTP/1.1" 200 7641
116.238.248.233 - - [19/Dec/2021:10:09:08 +0800] "GET /xingrg/all/function/internal_message.html?_=1639879744302&CODE_STATE=getMsg HTTP/1.1" 200 27
116.233.77.205 - - [19/Dec/2021:10:09:12 +0800] "GET /xingrg/kc/buy/cgsh_order_operate.html?command=get_materiel&rest_code=00109&code=00101015038&supplier_code=00100005&order_time=2021-12-19 HTTP/1.1" 200 418
124.77.245.186 - - [19/Dec/2021:10:09:14 +0800] "GET /xingrg/kc/buy/cgsh_order_operate.html?command=get_materiel&rest_code=00146&code=00101015107&supplier_code=00100005&order_time=2021-12-19 HTTP/1.1" 200 398
114.85.125.222 - - [19/Dec/2021:10:09:17 +0800] "GET /xingrg/kc/base/wldb_order_info.html?code=422021121901942 HTTP/1.1" 200 26173
114.85.125.222 - - [19/Dec/2021:10:09:17 +0800] "GET /xingrg/javascript/easyui/themes/default/validatebox.css HTTP/1.1" 404 1104
114.85.125.222 - - [19/Dec/2021:10:09:17 +0800] "POST /xingrg/kc/base/wldb_order_operate.html HTTP/1.1" 200 8789
114.85.125.222 - - [19/Dec/2021:10:09:18 +0800] "GET /xingrg/all/function/internal_message.html?_=1639879704750&CODE_STATE=getMsg HTTP/1.1" 200 27
222.69.132.164 - - [19/Dec/2021:10:09:18 +0800] "GET /xingrg/all/function/internal_message.html?_=1639879778586&CODE_STATE=getMsg HTTP/1.1" 200 27
116.233.77.205 - - [19/Dec/2021:10:09:20 +0800] "GET /xingrg/kc/buy/cgsh_order_operate.html?command=get_materiel&rest_code=00109&code=00101008114&supplier_code=00100005&order_time=2021-12-19 HTTP/1.1" 200 412
116.238.208.177 - - [19/Dec/2021:10:09:20 +0800] "GET /xingrg/all/function/internal_message.html?_=1639879756461&CODE_STATE=getMsg HTTP/1.1" 200 27
116.227.210.113 - - [19/Dec/2021:10:09:21 +0800] "GET /xingrg/all/function/internal_message.html?_=1639879740597&CODE_STATE=getMsg HTTP/1.1" 200 27
114.85.125.222 - - [19/Dec/2021:10:09:22 +0800] "GET /xingrg/kc/base/wldb_order_add.html HTTP/1.1" 200 30288
114.85.125.222 - - [19/Dec/2021:10:09:22 +0800] "POST /xingrg/kc/base/wldb_order_operate.html HTTP/1.1" 200 6806
114.85.125.222 - - [19/Dec/2021:10:09:22 +0800] "GET /xingrg/javascript/easyui/themes/default/validatebox.css HTTP/1.1" 404 1104
116.233.77.205 - - [19/Dec/2021:10:09:23 +0800] "POST /xingrg/kc/buy/cgsh_order_operate.html HTTP/1.1" 200 2065
114.85.125.222 - - [19/Dec/2021:10:09:23 +0800] "POST /xingrg/all/common/load_combo.html?type=base HTTP/1.1" 200 2963
114.83.222.225 - - [19/Dec/2021:10:09:26 +0800] "GET /xingrg/check_reg.html?_=1639879761076 HTTP/1.1" 200 22
124.77.245.186 - - [19/Dec/2021:10:09:27 +0800] "GET /xingrg/all/function/internal_message.html?_=1639879785944&CODE_STATE=getMsg HTTP/1.1" 302 -
116.233.77.205 - - [19/Dec/2021:10:09:28 +0800] "GET /xingrg/all/function/internal_message.html?_=1639879763669&CODE_STATE=getMsg HTTP/1.1" 200 27
116.233.77.205 - - [19/Dec/2021:10:09:29 +0800] "GET /xingrg/kc/buy/cgsh_order_operate.html?command=get_materiel&rest_code=00109&code=00101008236&supplier_code=00100005&order_time=2021-12-19 HTTP/1.1" 200 416
180.169.147.146 - - [19/Dec/2021:10:09:29 +0800] "GET /xingrg/all/function/internal_message.html?_=1639879765839&CODE_STATE=getMsg HTTP/1.1" 200 27
114.83.222.225 - - [19/Dec/2021:10:09:32 +0800] "GET /xingrg/all/function/internal_message.html?_=1639879767078&CODE_STATE=getMsg HTTP/1.1" 200 27
180.175.103.30 - - [19/Dec/2021:10:09:32 +0800] "GET /xingrg/all/function/internal_message.html?_=1639879767741&CODE_STATE=getMsg HTTP/1.1" 200 27
180.169.147.146 - - [19/Dec/2021:10:09:37 +0800] "POST /xingrg/kc/buy/cgsh_order_operate.html HTTP/1.1" 200 37
114.85.125.222 - - [19/Dec/2021:10:09:38 +0800] "GET /xingrg/kc/base/wldb_order_operate.html?command=get_materiel&rest_code=00150&base_code=0010446&code=00102001111 HTTP/1.1" 200 439
116.238.208.177 - - [19/Dec/2021:10:09:38 +0800] "GET /xingrg/all/function/internal_message.html?_=1639879781044&CODE_STATE=getMsg HTTP/1.1" 200 27
180.169.147.146 - - [19/Dec/2021:10:09:39 +0800] "POST /xingrg/kc/buy/cgsh_order_operate.html HTTP/1.1" 200 5598
180.169.147.146 - - [19/Dec/2021:10:09:39 +0800] "GET /xingrg/kc/print/load_data.html?order_code=212021121907794&kc_code=cgsh&condition= HTTP/1.1" 200 1838
120.253.135.82 - - [19/Dec/2021:10:09:42 +0800] "GET /xingrg/all/function/internal_message.html?_=1639879558185&CODE_STATE=getMsg HTTP/1.1" 200 27
180.169.147.146 - - [19/Dec/2021:10:09:42 +0800] "GET /xingrg/kc/buy/cgsh_order_add.html HTTP/1.1" 200 65161
180.169.147.146 - - [19/Dec/2021:10:09:42 +0800] "POST /xingrg/kc/buy/cgsh_order_operate.html HTTP/1.1" 200 8245
180.169.147.146 - - [19/Dec/2021:10:09:42 +0800] "GET /xingrg/javascript/easyui/themes/default/validatebox.css HTTP/1.1" 404 1104
61.170.234.223 - - [19/Dec/2021:10:09:43 +0800] "GET /xingrg/all/function/internal_message.html?_=1639879779043&CODE_STATE=getMsg HTTP/1.1" 200 27
116.233.77.205 - - [19/Dec/2021:10:09:49 +0800] "GET /xingrg/kc/buy/cgsh_order_operate.html?command=get_materiel&rest_code=00109&code=00101008356&supplier_code=00100005&order_time=2021-12-19 HTTP/1.1" 200 408
180.157.251.97 - - [19/Dec/2021:10:09:49 +0800] "GET /xingrg/all/function/internal_message.html?_=1639879787005&CODE_STATE=getMsg HTTP/1.1" 200 27
180.169.147.146 - - [19/Dec/2021:10:09:53 +0800] "GET /xingrg/all/function/internal_message.html?_=1639879783195&CODE_STATE=getMsg HTTP/1.1" 200 27
172.20.0.100 - - [19/Dec/2021:10:09:53 +0800] "GET /xingrg/all/function/internal_message.html?_=1639879787880&CODE_STATE=getMsg HTTP/1.1" 200 27
114.85.125.222 - - [19/Dec/2021:10:09:54 +0800] "POST /xingrg/kc/base/wldb_order_operate.html HTTP/1.1" 200 37
114.85.125.222 - - [19/Dec/2021:10:09:56 +0800] "POST /xingrg/kc/base/wldb_order_operate.html HTTP/1.1" 200 12
114.85.125.222 - - [19/Dec/2021:10:09:56 +0800] "POST /xingrg/kc/base/wldb_order_operate.html HTTP/1.1" 200 2671
114.85.125.222 - - [19/Dec/2021:10:09:57 +0800] "GET /xingrg/kc/base/wldb_order_info.html?code=422021121901943 HTTP/1.1" 200 26167
180.169.147.146 - - [19/Dec/2021:10:09:57 +0800] "GET /xingrg/kc/buy/cgsh_order_operate.html?command=get_materiel&rest_code=00147&code=00101020019&supplier_code=00100242&order_time=2021-12-19 HTTP/1.1" 200 424
114.85.125.222 - - [19/Dec/2021:10:09:57 +0800] "GET /xingrg/javascript/easyui/themes/default/validatebox.css HTTP/1.1" 404 1104
114.85.125.222 - - [19/Dec/2021:10:09:57 +0800] "POST /xingrg/kc/base/wldb_order_operate.html HTTP/1.1" 200 955
116.233.77.205 - - [19/Dec/2021:10:09:59 +0800] "GET /xingrg/kc/buy/cgsh_order_operate.html?command=get_materiel&rest_code=00109&code=00101015004&supplier_code=00100005&order_time=2021-12-19 HTTP/1.1" 200 409
124.77.245.186 - - [19/Dec/2021:10:10:01 +0800] "GET /xingrg/check_reg.html?_=1639879823147 HTTP/1.1" 200 22
124.77.245.186 - - [19/Dec/2021:10:10:02 +0800] "GET /xingrg/all/function/internal_message.html?_=1639879823956&CODE_STATE=getMsg HTTP/1.1" 200 27
58.37.224.87 - - [19/Dec/2021:10:10:02 +0800] "GET /xingrg/all/function/internal_message.html?_=1639879610610&CODE_STATE=getMsg HTTP/1.1" 200 27
180.169.147.146 - - [19/Dec/2021:10:10:07 +0800] "GET /xingrg/kc/buy/cgsh_order_operate.html?command=get_materiel&rest_code=00147&code=00101016080&supplier_code=00100242&order_time=2021-12-19 HTTP/1.1" 200 408
116.238.248.233 - - [19/Dec/2021:10:10:08 +0800] "GET /xingrg/all/function/internal_message.html?_=1639879804365&CODE_STATE=getMsg HTTP/1.1" 200 27
114.85.125.222 - - [19/Dec/2021:10:10:11 +0800] "GET /xingrg/kc/base/wldb_order_add.html HTTP/1.1" 200 30288
114.85.125.222 - - [19/Dec/2021:10:10:12 +0800] "POST /xingrg/kc/base/wldb_order_operate.html HTTP/1.1" 200 6806
124.77.245.186 - - [19/Dec/2021:10:10:12 +0800] "GET /xingrg/kc/buy/cgsh_order_operate.html?command=get_materiel&rest_code=00146&code=00101015001&supplier_code=00100005&order_time=2021-12-19 HTTP/1.1" 200 413
114.85.125.222 - - [19/Dec/2021:10:10:12 +0800] "GET /xingrg/javascript/easyui/themes/default/validatebox.css HTTP/1.1" 404 1104
114.85.125.222 - - [19/Dec/2021:10:10:13 +0800] "POST /xingrg/all/common/load_combo.html?type=base HTTP/1.1" 200 2963
116.233.77.205 - - [19/Dec/2021:10:10:15 +0800] "GET /xingrg/kc/buy/cgsh_order_operate.html?command=get_materiel&rest_code=00109&code=00101008439&supplier_code=00100005&order_time=2021-12-19 HTTP/1.1" 200 398
114.85.125.222 - - [19/Dec/2021:10:10:18 +0800] "GET /xingrg/all/function/internal_message.html?_=1639879764764&CODE_STATE=getMsg HTTP/1.1" 200 27
180.169.147.146 - - [19/Dec/2021:10:10:18 +0800] "GET /xingrg/kc/buy/cgsh_order_operate.html?command=get_materiel&rest_code=00147&code=00101016025&supplier_code=00100242&order_time=2021-12-19 HTTP/1.1" 200 408
222.69.132.164 - - [19/Dec/2021:10:10:18 +0800] "GET /xingrg/all/function/internal_message.html?_=1639879838598&CODE_STATE=getMsg HTTP/1.1" 200 27
114.85.125.222 - - [19/Dec/2021:10:10:20 +0800] "GET /xingrg/kc/base/wldb_order_operate.html?command=get_materiel&rest_code=00150&base_code=0010445&code=00101019438 HTTP/1.1" 200 447
116.238.208.177 - - [19/Dec/2021:10:10:20 +0800] "GET /xingrg/all/function/internal_message.html?_=1639879816465&CODE_STATE=getMsg HTTP/1.1" 200 27
116.227.210.113 - - [19/Dec/2021:10:10:21 +0800] "GET /xingrg/check_reg.html?_=1639879800598 HTTP/1.1" 200 22
116.227.210.113 - - [19/Dec/2021:10:10:21 +0800] "GET /xingrg/all/function/internal_message.html?_=1639879800601&CODE_STATE=getMsg HTTP/1.1" 200 27
120.253.135.82 - - [19/Dec/2021:10:10:24 +0800] "GET /xingrg/check_reg.html?_=1639879599985 HTTP/1.1" 200 22
116.233.77.205 - - [19/Dec/2021:10:10:25 +0800] "GET /xingrg/kc/buy/cgsh_order_operate.html?command=get_materiel&rest_code=00109&code=00101008137&supplier_code=00100005&order_time=2021-12-19 HTTP/1.1" 200 408
124.77.245.186 - - [19/Dec/2021:10:10:27 +0800] "GET /xingrg/all/function/internal_message.html?_=1639879845948&CODE_STATE=getMsg HTTP/1.1" 302 -
116.233.77.205 - - [19/Dec/2021:10:10:28 +0800] "GET /xingrg/all/function/internal_message.html?_=1639879823667&CODE_STATE=getMsg HTTP/1.1" 200 27
180.169.147.146 - - [19/Dec/2021:10:10:28 +0800] "GET /xingrg/kc/buy/cgsh_order_operate.html?command=get_materiel&rest_code=00147&code=00101011005&supplier_code=00100242&order_time=2021-12-19 HTTP/1.1" 200 428
180.169.147.146 - - [19/Dec/2021:10:10:29 +0800] "GET /xingrg/all/function/internal_message.html?_=1639879825845&CODE_STATE=getMsg HTTP/1.1" 200 27
114.83.222.225 - - [19/Dec/2021:10:10:32 +0800] "GET /xingrg/all/function/internal_message.html?_=1639879827061&CODE_STATE=getMsg HTTP/1.1" 200 27
180.175.103.30 - - [19/Dec/2021:10:10:32 +0800] "GET /xingrg/all/function/internal_message.html?_=1639879827711&CODE_STATE=getMsg HTTP/1.1" 200 27
116.233.77.205 - - [19/Dec/2021:10:10:34 +0800] "GET /xingrg/kc/buy/cgsh_order_operate.html?command=get_materiel&rest_code=00109&code=00101008323&supplier_code=00100005&order_time=2021-12-19 HTTP/1.1" 200 408
180.169.147.146 - - [19/Dec/2021:10:10:35 +0800] "GET /xingrg/kc/buy/cgsh_order_operate.html?command=get_materiel&rest_code=00147&code=00101011003&supplier_code=00100242&order_time=2021-12-19 HTTP/1.1" 200 413
116.238.208.177 - - [19/Dec/2021:10:10:38 +0800] "GET /xingrg/check_reg.html?_=1639879840533 HTTP/1.1" 200 22
116.238.208.177 - - [19/Dec/2021:10:10:38 +0800] "GET /xingrg/all/function/internal_message.html?_=1639879841056&CODE_STATE=getMsg HTTP/1.1" 200 27
61.151.178.165 - - [19/Dec/2021:10:10:39 +0800] "GET /xingrg/all/function/internal_message.html?_=1639879479030&CODE_STATE=getMsg HTTP/1.1" 302 -
116.233.77.205 - - [19/Dec/2021:10:10:40 +0800] "POST /xingrg/kc/buy/cgsh_order_operate.html HTTP/1.1" 200 2065
61.151.178.165 - - [19/Dec/2021:10:10:40 +0800] "GET /xingrg/login.html HTTP/1.1" 200 7641
120.253.135.82 - - [19/Dec/2021:10:10:42 +0800] "GET /xingrg/all/function/internal_message.html?_=1639879618200&CODE_STATE=getMsg HTTP/1.1" 200 27
61.170.234.223 - - [19/Dec/2021:10:10:43 +0800] "GET /xingrg/all/function/internal_message.html?_=1639879839043&CODE_STATE=getMsg HTTP/1.1" 200 27
116.233.77.205 - - [19/Dec/2021:10:10:46 +0800] "GET /xingrg/kc/buy/cgsh_order_operate.html?command=get_materiel&rest_code=00109&code=00101008350&supplier_code=00100005&order_time=2021-12-19 HTTP/1.1" 200 408
114.85.125.222 - - [19/Dec/2021:10:10:48 +0800] "GET /xingrg/kc/base/wldb_order_operate.html?command=get_materiel&rest_code=00150&base_code=0010445&code=00101019358 HTTP/1.1" 200 460
180.157.251.97 - - [19/Dec/2021:10:10:49 +0800] "GET /xingrg/all/function/internal_message.html?_=1639879847010&CODE_STATE=getMsg HTTP/1.1" 200 27
180.169.147.146 - - [19/Dec/2021:10:10:53 +0800] "GET /xingrg/all/function/internal_message.html?_=1639879843177&CODE_STATE=getMsg HTTP/1.1" 200 27
172.20.0.100 - - [19/Dec/2021:10:10:53 +0800] "GET /xingrg/all/function/internal_message.html?_=1639879847882&CODE_STATE=getMsg HTTP/1.1" 200 27
116.233.77.205 - - [19/Dec/2021:10:10:59 +0800] "GET /xingrg/kc/buy/cgsh_order_operate.html?command=get_materiel&rest_code=00109&code=00101008148&supplier_code=00100005&order_time=2021-12-19 HTTP/1.1" 200 416
114.85.125.222 - - [19/Dec/2021:10:11:00 +0800] "GET /xingrg/kc/base/wldb_order_operate.html?command=get_materiel&rest_code=00150&base_code=0010445&code=00101019222 HTTP/1.1" 200 454
124.77.245.186 - - [19/Dec/2021:10:11:02 +0800] "GET /xingrg/all/function/internal_message.html?_=1639879883970&CODE_STATE=getMsg HTTP/1.1" 200 27
58.37.224.87 - - [19/Dec/2021:10:11:02 +0800] "GET /xingrg/all/function/internal_message.html?_=1639879670609&CODE_STATE=getMsg HTTP/1.1" 200 27
180.169.147.146 - - [19/Dec/2021:10:11:05 +0800] "GET /xingrg/kc/buy/cgsh_order_operate.html?command=get_materiel&rest_code=00147&code=00101013030&supplier_code=00100242&order_time=2021-12-19 HTTP/1.1" 200 408
124.77.245.186 - - [19/Dec/2021:10:11:06 +0800] "GET /xingrg/check_reg.html?_=1639879884848 HTTP/1.1" 302 -
116.233.77.205 - - [19/Dec/2021:10:11:07 +0800] "GET /xingrg/kc/buy/cgsh_order_operate.html?command=get_materiel&rest_code=00109&code=00101008357&supplier_code=00100005&order_time=2021-12-19 HTTP/1.1" 200 408
114.85.125.222 - - [19/Dec/2021:10:11:07 +0800] "GET /xingrg/kc/base/wldb_order_operate.html?command=get_materiel&rest_code=00150&base_code=0010445&code=00101019375 HTTP/1.1" 200 464
116.238.248.233 - - [19/Dec/2021:10:11:08 +0800] "GET /xingrg/all/function/internal_message.html?_=1639879864414&CODE_STATE=getMsg HTTP/1.1" 200 27
114.85.125.222 - - [19/Dec/2021:10:11:09 +0800] "GET /xingrg/check_reg.html?_=1639879816415 HTTP/1.1" 200 22
116.233.77.205 - - [19/Dec/2021:10:11:16 +0800] "GET /xingrg/kc/buy/cgsh_order_operate.html?command=get_materiel&rest_code=00109&code=00101008190&supplier_code=00100005&order_time=2021-12-19 HTTP/1.1" 200 412
114.85.125.222 - - [19/Dec/2021:10:11:18 +0800] "GET /xingrg/all/function/internal_message.html?_=1639879824777&CODE_STATE=getMsg HTTP/1.1" 200 27
222.69.132.164 - - [19/Dec/2021:10:11:18 +0800] "GET /xingrg/all/function/internal_message.html?_=1639879898594&CODE_STATE=getMsg HTTP/1.1" 200 27
114.85.125.222 - - [19/Dec/2021:10:11:19 +0800] "GET /xingrg/kc/base/wldb_order_operate.html?command=get_materiel&rest_code=00150&base_code=0010445&code=00101019295 HTTP/1.1" 200 462
116.238.208.177 - - [19/Dec/2021:10:11:20 +0800] "GET /xingrg/all/function/internal_message.html?_=1639879876453&CODE_STATE=getMsg HTTP/1.1" 200 27
116.227.210.113 - - [19/Dec/2021:10:11:21 +0800] "GET /xingrg/all/function/internal_message.html?_=1639879860588&CODE_STATE=getMsg HTTP/1.1" 200 27
124.77.245.186 - - [19/Dec/2021:10:11:27 +0800] "GET /xingrg/all/function/internal_message.html?_=1639879905969&CODE_STATE=getMsg HTTP/1.1" 302 -
116.233.77.205 - - [19/Dec/2021:10:11:28 +0800] "GET /xingrg/check_reg.html?_=1639879883668 HTTP/1.1" 200 22
116.233.77.205 - - [19/Dec/2021:10:11:28 +0800] "GET /xingrg/all/function/internal_message.html?_=1639879883668&CODE_STATE=getMsg HTTP/1.1" 200 27
124.77.245.186 - - [19/Dec/2021:10:11:29 +0800] "GET /xingrg/kc/buy/cgsh_order_operate.html?command=get_materiel&rest_code=00146&code=00101015022&supplier_code=00100005&order_time=2021-12-19 HTTP/1.1" 200 408
180.169.147.146 - - [19/Dec/2021:10:11:29 +0800] "GET /xingrg/all/function/internal_message.html?_=1639879885847&CODE_STATE=getMsg HTTP/1.1" 200 27
180.175.103.30 - - [19/Dec/2021:10:11:32 +0800] "GET /xingrg/all/function/internal_message.html?_=1639879887687&CODE_STATE=getMsg HTTP/1.1" 200 27
114.83.222.225 - - [19/Dec/2021:10:11:32 +0800] "GET /xingrg/all/function/internal_message.html?_=1639879887051&CODE_STATE=getMsg HTTP/1.1" 200 27
114.85.125.222 - - [19/Dec/2021:10:11:32 +0800] "POST /xingrg/kc/base/wldb_order_operate.html HTTP/1.1" 200 37
180.175.103.30 - - [19/Dec/2021:10:11:33 +0800] "GET /xingrg/check_reg.html?_=1639879888824 HTTP/1.1" 200 22
114.85.125.222 - - [19/Dec/2021:10:11:34 +0800] "POST /xingrg/kc/base/wldb_order_operate.html HTTP/1.1" 200 12
114.85.125.222 - - [19/Dec/2021:10:11:34 +0800] "POST /xingrg/kc/base/wldb_order_operate.html HTTP/1.1" 200 5178
114.85.125.222 - - [19/Dec/2021:10:11:35 +0800] "GET /xingrg/kc/base/wldb_order_info.html?code=422021121901944 HTTP/1.1" 200 26171
114.85.125.222 - - [19/Dec/2021:10:11:36 +0800] "GET /xingrg/javascript/easyui/themes/default/validatebox.css HTTP/1.1" 404 1104
114.85.125.222 - - [19/Dec/2021:10:11:36 +0800] "POST /xingrg/kc/base/wldb_order_operate.html HTTP/1.1" 200 3404
116.233.77.205 - - [19/Dec/2021:10:11:38 +0800] "GET /xingrg/kc/buy/cgsh_order_operate.html?command=get_materiel&rest_code=00109&code=00101008286&supplier_code=00100005&order_time=2021-12-19 HTTP/1.1" 200 408
116.238.208.177 - - [19/Dec/2021:10:11:38 +0800] "GET /xingrg/all/function/internal_message.html?_=1639879901069&CODE_STATE=getMsg HTTP/1.1" 200 27
116.233.77.205 - - [19/Dec/2021:10:11:41 +0800] "POST /xingrg/kc/buy/cgsh_order_operate.html HTTP/1.1" 200 2065
120.253.135.82 - - [19/Dec/2021:10:11:42 +0800] "GET /xingrg/all/function/internal_message.html?_=1639879678212&CODE_STATE=getMsg HTTP/1.1" 200 27
61.170.234.223 - - [19/Dec/2021:10:11:43 +0800] "GET /xingrg/all/function/internal_message.html?_=1639879899043&CODE_STATE=getMsg HTTP/1.1" 200 27
180.169.147.146 - - [19/Dec/2021:10:11:44 +0800] "GET /xingrg/kc/buy/cgsh_order_operate.html?command=get_materiel&rest_code=00147&code=00101012085&supplier_code=00100242&order_time=2021-12-19 HTTP/1.1" 200 396
116.233.77.205 - - [19/Dec/2021:10:11:47 +0800] "GET /xingrg/kc/buy/cgsh_order_operate.html?command=get_materiel&rest_code=00109&code=00101008353&supplier_code=00100005&order_time=2021-12-19 HTTP/1.1" 200 408
180.157.251.97 - - [19/Dec/2021:10:11:49 +0800] "GET /xingrg/all/function/internal_message.html?_=1639879907016&CODE_STATE=getMsg HTTP/1.1" 200 27
180.169.147.146 - - [19/Dec/2021:10:11:53 +0800] "GET /xingrg/all/function/internal_message.html?_=1639879903152&CODE_STATE=getMsg HTTP/1.1" 200 27
180.169.147.146 - - [19/Dec/2021:10:11:53 +0800] "GET /xingrg/check_reg.html?_=1639879903604 HTTP/1.1" 200 22
172.20.0.100 - - [19/Dec/2021:10:11:53 +0800] "GET /xingrg/all/function/internal_message.html?_=1639879907889&CODE_STATE=getMsg HTTP/1.1" 200 27
116.233.77.205 - - [19/Dec/2021:10:11:57 +0800] "GET /xingrg/kc/buy/cgsh_order_operate.html?command=get_materiel&rest_code=00109&code=00101008270&supplier_code=00100005&order_time=2021-12-19 HTTP/1.1" 200 412
180.169.147.146 - - [19/Dec/2021:10:12:02 +0800] "GET /xingrg/kc/buy/cgsh_order_operate.html?command=get_materiel&rest_code=00147&code=00101012051&supplier_code=00100242&order_time=2021-12-19 HTTP/1.1" 200 408
124.77.245.186 - - [19/Dec/2021:10:12:02 +0800] "GET /xingrg/all/function/internal_message.html?_=1639879943983&CODE_STATE=getMsg HTTP/1.1" 200 27
58.37.224.87 - - [19/Dec/2021:10:12:02 +0800] "GET /xingrg/all/function/internal_message.html?_=1639879730608&CODE_STATE=getMsg HTTP/1.1" 200 27
101.89.239.245 - - [19/Dec/2021:10:12:03 +0800] "GET /xingrg/all/function/internal_message.html?_=1639878759021&CODE_STATE=getMsg HTTP/1.1" 302 -
101.89.239.245 - - [19/Dec/2021:10:12:03 +0800] "GET /xingrg/login.html HTTP/1.1" 200 7641
116.238.248.233 - - [19/Dec/2021:10:12:07 +0800] "POST /xingrg/all/user/operate.html HTTP/1.1" 200 36
116.238.248.233 - - [19/Dec/2021:10:12:07 +0800] "GET /xingrg/javascript/jquery_easy_ui/themes/default/easyui.css HTTP/1.1" 304 -
116.238.248.233 - - [19/Dec/2021:10:12:07 +0800] "GET /xingrg/index.html?sysBaseUrl=http%3A%2F%2F180.169.147.146%3A18081%2Fxingrg%2F&costTime=40×tamp=1639879688126 HTTP/1.1" 200 17179
116.238.248.233 - - [19/Dec/2021:10:12:07 +0800] "GET /xingrg/javascript/jquery_easy_ui/themes/icon.css HTTP/1.1" 304 -
116.238.248.233 - - [19/Dec/2021:10:12:07 +0800] "GET /xingrg/css/form.css HTTP/1.1" 304 -
116.238.248.233 - - [19/Dec/2021:10:12:07 +0800] "GET /xingrg/javascript/jquery-1.4.2.min.js HTTP/1.1" 304 -
116.238.248.233 - - [19/Dec/2021:10:12:07 +0800] "GET /xingrg/javascript/jquery_easy_ui/jquery.easyui.min.js HTTP/1.1" 304 -
116.238.248.233 - - [19/Dec/2021:10:12:07 +0800] "GET /xingrg/javascript/jquery_easy_ui/easyui-lang-zh_CN.js HTTP/1.1" 304 -
116.238.248.233 - - [19/Dec/2021:10:12:07 +0800] "GET /xingrg/javascript/jquery.form.js HTTP/1.1" 304 -
116.238.248.233 - - [19/Dec/2021:10:12:07 +0800] "GET /xingrg/javascript/jquery.utils.js HTTP/1.1" 304 -
116.238.248.233 - - [19/Dec/2021:10:12:07 +0800] "GET /xingrg/javascript/jquery.timers.js HTTP/1.1" 304 -
116.238.248.233 - - [19/Dec/2021:10:12:07 +0800] "GET /xingrg/images/blue/jxLogo.png HTTP/1.1" 304 -
116.238.248.233 - - [19/Dec/2021:10:12:07 +0800] "GET /xingrg/javascript/jquery_easy_ui/themes/icons/settle_new.png HTTP/1.1" 304 -
116.238.248.233 - - [19/Dec/2021:10:12:07 +0800] "GET /xingrg/images/blue/navBackgound.jpg HTTP/1.1" 304 -
116.238.248.233 - - [19/Dec/2021:10:12:07 +0800] "POST /xingrg/all/common/load_tree.html?tree=area_rest_tree_json&manage=1 HTTP/1.1" 200 476
116.238.248.233 - - [19/Dec/2021:10:12:07 +0800] "GET /xingrg/all/function/internal_message.html?_=1639879923760&CODE_STATE=count HTTP/1.1" 200 11
116.238.248.233 - - [19/Dec/2021:10:12:07 +0800] "GET /xingrg/check_reg.html?_=1639879923761 HTTP/1.1" 200 22
116.238.248.233 - - [19/Dec/2021:10:12:07 +0800] "GET /xingrg/javascript/jquery_easy_ui/themes/default/images/tabs_leftarrow.png HTTP/1.1" 304 -
116.238.248.233 - - [19/Dec/2021:10:12:07 +0800] "GET /xingrg/javascript/jquery_easy_ui/themes/default/images/tabs_rightarrow.png HTTP/1.1" 304 -
116.238.248.233 - - [19/Dec/2021:10:12:07 +0800] "GET /xingrg/javascript/jquery_easy_ui/themes/default/images/panel_tool_collapse.gif HTTP/1.1" 304 -
116.238.248.233 - - [19/Dec/2021:10:12:07 +0800] "GET /xingrg/images/blue/pingpu.png HTTP/1.1" 304 -
116.238.248.233 - - [19/Dec/2021:10:12:07 +0800] "POST /xingrg/load_menu.html HTTP/1.1" 200 5138
180.169.147.146 - - [19/Dec/2021:10:12:09 +0800] "POST /xingrg/kc/buy/cgsh_order_operate.html HTTP/1.1" 200 37
116.238.248.233 - - [19/Dec/2021:10:12:10 +0800] "GET /xingrg/kc/base/yddb_order_list.html HTTP/1.1" 200 16672
116.238.248.233 - - [19/Dec/2021:10:12:10 +0800] "POST /xingrg/kc/base/yddb_list_operate.html HTTP/1.1" 200 636
180.169.147.146 - - [19/Dec/2021:10:12:11 +0800] "POST /xingrg/kc/buy/cgsh_order_operate.html HTTP/1.1" 200 6793
180.169.147.146 - - [19/Dec/2021:10:12:11 +0800] "GET /xingrg/kc/print/load_data.html?order_code=212021121907795&kc_code=cgsh&condition= HTTP/1.1" 200 2224
116.238.248.233 - - [19/Dec/2021:10:12:12 +0800] "GET /xingrg/kc/base/yddb_order_add.html HTTP/1.1" 200 29837
116.238.248.233 - - [19/Dec/2021:10:12:12 +0800] "GET /xingrg/dwr/util.js HTTP/1.1" 304 -
116.238.248.233 - - [19/Dec/2021:10:12:12 +0800] "GET /xingrg/javascript/checkform.js HTTP/1.1" 304 -
116.238.248.233 - - [19/Dec/2021:10:12:12 +0800] "GET /xingrg/dwr/interface/AjaxYddbService.js HTTP/1.1" 200 13201
116.238.248.233 - - [19/Dec/2021:10:12:12 +0800] "GET /xingrg/dwr/interface/AjaxComOrderService.js HTTP/1.1" 200 18264
116.238.248.233 - - [19/Dec/2021:10:12:12 +0800] "GET /xingrg/dwr/engine.js HTTP/1.1" 200 43631
116.238.248.233 - - [19/Dec/2021:10:12:12 +0800] "GET /xingrg/javascript/jquery_easy_ui/themes/icons/print.png HTTP/1.1" 304 -
116.238.248.233 - - [19/Dec/2021:10:12:12 +0800] "GET /xingrg/images/blue/kc_tab_mid.gif HTTP/1.1" 304 -
116.238.248.233 - - [19/Dec/2021:10:12:12 +0800] "GET /xingrg/images/blue/kc_tab_left.gif HTTP/1.1" 304 -
116.238.248.233 - - [19/Dec/2021:10:12:12 +0800] "GET /xingrg/images/blue/kc_tab_right.gif HTTP/1.1" 304 -
116.238.248.233 - - [19/Dec/2021:10:12:12 +0800] "GET /xingrg/javascript/jquery_easy_ui/themes/icons/back_new.png HTTP/1.1" 304 -
116.238.248.233 - - [19/Dec/2021:10:12:12 +0800] "GET /xingrg/javascript/jquery_easy_ui/themes/default/images/menu_downarrow.png HTTP/1.1" 304 -
116.238.248.233 - - [19/Dec/2021:10:12:12 +0800] "GET /xingrg/javascript/jquery_easy_ui/themes/icons/edit_add_new.png HTTP/1.1" 304 -
116.238.248.233 - - [19/Dec/2021:10:12:12 +0800] "GET /xingrg/javascript/jquery_easy_ui/themes/default/images/button_plain_hover.png HTTP/1.1" 304 -
180.169.147.146 - - [19/Dec/2021:10:12:14 +0800] "GET /xingrg/kc/buy/cgsh_order_add.html HTTP/1.1" 200 65161
180.169.147.146 - - [19/Dec/2021:10:12:14 +0800] "GET /xingrg/words/20211219091645_words.js HTTP/1.1" 304 -
180.175.103.30 - - [19/Dec/2021:10:12:14 +0800] "GET /xingrg/kc/buy/cgsh_order_add.html HTTP/1.1" 200 65240
180.169.147.146 - - [19/Dec/2021:10:12:14 +0800] "POST /xingrg/kc/buy/cgsh_order_operate.html HTTP/1.1" 200 8245
180.169.147.146 - - [19/Dec/2021:10:12:14 +0800] "GET /xingrg/javascript/easyui/themes/default/validatebox.css HTTP/1.1" 404 1104
180.175.103.30 - - [19/Dec/2021:10:12:15 +0800] "POST /xingrg/kc/buy/cgsh_order_operate.html HTTP/1.1" 200 8245
180.175.103.30 - - [19/Dec/2021:10:12:15 +0800] "GET /xingrg/javascript/easyui/themes/default/validatebox.css HTTP/1.1" 404 1104
116.238.248.233 - - [19/Dec/2021:10:12:15 +0800] "POST /xingrg/dwr/call/plaincall/AjaxYddbService.getRestBases.dwr HTTP/1.1" 200 1535
114.85.125.222 - - [19/Dec/2021:10:12:18 +0800] "GET /xingrg/all/function/internal_message.html?_=1639879884791&CODE_STATE=getMsg HTTP/1.1" 200 27
222.69.132.164 - - [19/Dec/2021:10:12:18 +0800] "GET /xingrg/all/function/internal_message.html?_=1639879958601&CODE_STATE=getMsg HTTP/1.1" 200 27
116.238.208.177 - - [19/Dec/2021:10:12:20 +0800] "GET /xingrg/all/function/internal_message.html?_=1639879936460&CODE_STATE=getMsg HTTP/1.1" 200 27
116.238.248.233 - - [19/Dec/2021:10:12:21 +0800] "POST /xingrg/dwr/call/plaincall/AjaxYddbService.saveOrder.dwr HTTP/1.1" 200 78
116.227.210.113 - - [19/Dec/2021:10:12:21 +0800] "GET /xingrg/all/function/internal_message.html?_=1639879920586&CODE_STATE=getMsg HTTP/1.1" 200 27
116.238.248.233 - - [19/Dec/2021:10:12:21 +0800] "GET /xingrg/images/yd/bt.gif HTTP/1.1" 404 1040
116.238.248.233 - - [19/Dec/2021:10:12:23 +0800] "POST /xingrg/dwr/call/plaincall/AjaxComOrderService.getMaterielSearchList.dwr HTTP/1.1" 200 14458
116.238.248.233 - - [19/Dec/2021:10:12:24 +0800] "POST /xingrg/dwr/call/plaincall/AjaxComOrderService.getMaterielSearchList.dwr HTTP/1.1" 200 1438
116.238.248.233 - - [19/Dec/2021:10:12:25 +0800] "POST /xingrg/dwr/call/plaincall/AjaxYddbService.getMaterielByMap.dwr HTTP/1.1" 200 3763
116.238.248.233 - - [19/Dec/2021:10:12:27 +0800] "POST /xingrg/dwr/call/plaincall/AjaxYddbService.saveMaterielItem.dwr HTTP/1.1" 200 78
124.77.245.186 - - [19/Dec/2021:10:12:27 +0800] "GET /xingrg/all/function/internal_message.html?_=1639879965976&CODE_STATE=getMsg HTTP/1.1" 302 -
116.233.77.205 - - [19/Dec/2021:10:12:28 +0800] "GET /xingrg/all/function/internal_message.html?_=1639879943670&CODE_STATE=getMsg HTTP/1.1" 200 27
180.169.147.146 - - [19/Dec/2021:10:12:29 +0800] "GET /xingrg/all/function/internal_message.html?_=1639879945849&CODE_STATE=getMsg HTTP/1.1" 200 27
116.238.248.233 - - [19/Dec/2021:10:12:30 +0800] "POST /xingrg/dwr/call/plaincall/AjaxYddbService.checkOrder.dwr HTTP/1.1" 200 78
114.83.222.225 - - [19/Dec/2021:10:12:32 +0800] "GET /xingrg/all/function/internal_message.html?_=1639879947038&CODE_STATE=getMsg HTTP/1.1" 200 27
180.175.103.30 - - [19/Dec/2021:10:12:32 +0800] "GET /xingrg/all/function/internal_message.html?_=1639879947826&CODE_STATE=getMsg HTTP/1.1" 200 27
116.238.248.233 - - [19/Dec/2021:10:12:37 +0800] "GET /xingrg/kc/base/yddb_order_info.html?code=482021121900100 HTTP/1.1" 200 29464
116.238.248.233 - - [19/Dec/2021:10:12:37 +0800] "GET /xingrg/dwr/interface/AjaxComOrderService.js HTTP/1.1" 200 18264
116.238.248.233 - - [19/Dec/2021:10:12:37 +0800] "GET /xingrg/dwr/interface/AjaxYddbService.js HTTP/1.1" 200 13201
116.238.248.233 - - [19/Dec/2021:10:12:37 +0800] "GET /xingrg/dwr/engine.js HTTP/1.1" 200 43631
116.238.248.233 - - [19/Dec/2021:10:12:37 +0800] "POST /xingrg/dwr/call/plaincall/AjaxYddbService.loadMaterielItems.dwr HTTP/1.1" 200 434
116.238.208.177 - - [19/Dec/2021:10:12:38 +0800] "GET /xingrg/all/function/internal_message.html?_=1639879961084&CODE_STATE=getMsg HTTP/1.1" 200 27
124.77.245.186 - - [19/Dec/2021:10:12:40 +0800] "GET /favicon.ico HTTP/1.1" 404 -
120.253.135.82 - - [19/Dec/2021:10:12:42 +0800] "GET /xingrg/all/function/internal_message.html?_=1639879738248&CODE_STATE=getMsg HTTP/1.1" 200 27
116.238.248.233 - - [19/Dec/2021:10:12:42 +0800] "POST /xingrg/all/user/operate.html HTTP/1.1" 200 36
116.238.248.233 - - [19/Dec/2021:10:12:42 +0800] "GET /xingrg/index.html?sysBaseUrl=http%3A%2F%2F180.169.147.146%3A18081%2Fxingrg%2F&costTime=40×tamp=1639879688126 HTTP/1.1" 200 17177
116.238.248.233 - - [19/Dec/2021:10:12:42 +0800] "GET /xingrg/javascript/jquery_easy_ui/themes/default/easyui.css HTTP/1.1" 304 -
116.238.248.233 - - [19/Dec/2021:10:12:42 +0800] "GET /xingrg/javascript/jquery_easy_ui/themes/icon.css HTTP/1.1" 304 -
116.238.248.233 - - [19/Dec/2021:10:12:42 +0800] "GET /xingrg/css/form.css HTTP/1.1" 304 -
116.238.248.233 - - [19/Dec/2021:10:12:42 +0800] "GET /xingrg/javascript/jquery-1.4.2.min.js HTTP/1.1" 304 -
116.238.248.233 - - [19/Dec/2021:10:12:42 +0800] "GET /xingrg/javascript/jquery_easy_ui/jquery.easyui.min.js HTTP/1.1" 304 -
116.238.248.233 - - [19/Dec/2021:10:12:42 +0800] "GET /xingrg/javascript/jquery_easy_ui/easyui-lang-zh_CN.js HTTP/1.1" 304 -
116.238.248.233 - - [19/Dec/2021:10:12:42 +0800] "GET /xingrg/javascript/jquery.form.js HTTP/1.1" 304 -
116.238.248.233 - - [19/Dec/2021:10:12:42 +0800] "GET /xingrg/javascript/jquery.utils.js HTTP/1.1" 304 -
116.238.248.233 - - [19/Dec/2021:10:12:42 +0800] "GET /xingrg/javascript/jquery.timers.js HTTP/1.1" 304 -
116.238.248.233 - - [19/Dec/2021:10:12:42 +0800] "GET /xingrg/images/blue/jxLogo.png HTTP/1.1" 304 -
116.238.248.233 - - [19/Dec/2021:10:12:43 +0800] "GET /xingrg/javascript/jquery_easy_ui/themes/icons/settle_new.png HTTP/1.1" 304 -
116.238.248.233 - - [19/Dec/2021:10:12:43 +0800] "GET /xingrg/images/blue/navBackgound.jpg HTTP/1.1" 304 -
116.238.248.233 - - [19/Dec/2021:10:12:43 +0800] "POST /xingrg/all/common/load_tree.html?tree=area_rest_tree_json&manage=1 HTTP/1.1" 200 476
116.238.248.233 - - [19/Dec/2021:10:12:43 +0800] "GET /xingrg/all/function/internal_message.html?_=1639879958946&CODE_STATE=count HTTP/1.1" 200 11
116.238.248.233 - - [19/Dec/2021:10:12:43 +0800] "GET /xingrg/check_reg.html?_=1639879958946 HTTP/1.1" 200 22
116.238.248.233 - - [19/Dec/2021:10:12:43 +0800] "GET /xingrg/javascript/jquery_easy_ui/themes/default/images/tabs_rightarrow.png HTTP/1.1" 304 -
116.238.248.233 - - [19/Dec/2021:10:12:43 +0800] "GET /xingrg/javascript/jquery_easy_ui/themes/default/images/panel_tool_collapse.gif HTTP/1.1" 304 -
116.238.248.233 - - [19/Dec/2021:10:12:43 +0800] "GET /xingrg/images/blue/pingpu.png HTTP/1.1" 304 -
116.238.248.233 - - [19/Dec/2021:10:12:43 +0800] "GET /xingrg/javascript/jquery_easy_ui/themes/default/images/tabs_leftarrow.png HTTP/1.1" 304 -
116.238.248.233 - - [19/Dec/2021:10:12:43 +0800] "POST /xingrg/load_menu.html HTTP/1.1" 200 5138
61.170.234.223 - - [19/Dec/2021:10:12:43 +0800] "GET /xingrg/all/function/internal_message.html?_=1639879959042&CODE_STATE=getMsg HTTP/1.1" 200 27
116.238.248.233 - - [19/Dec/2021:10:12:45 +0800] "GET /xingrg/kc/base/yddb_order_list.html HTTP/1.1" 200 16670
116.238.248.233 - - [19/Dec/2021:10:12:45 +0800] "POST /xingrg/kc/base/yddb_list_operate.html HTTP/1.1" 200 636
180.169.147.146 - - [19/Dec/2021:10:12:47 +0800] "GET /xingrg/kc/buy/cgsh_order_operate.html?command=get_materiel&rest_code=00147&code=00101008091&supplier_code=00100006&order_time=2021-12-19 HTTP/1.1" 200 413
116.238.248.233 - - [19/Dec/2021:10:12:48 +0800] "POST /xingrg/kc/base/yddb_list_operate.html HTTP/1.1" 200 1344
116.238.248.233 - - [19/Dec/2021:10:12:49 +0800] "POST /xingrg/kc/base/yddb_list_operate.html HTTP/1.1" 200 204
180.157.251.97 - - [19/Dec/2021:10:12:49 +0800] "GET /xingrg/all/function/internal_message.html?_=1639879967015&CODE_STATE=getMsg HTTP/1.1" 200 27
116.238.248.233 - - [19/Dec/2021:10:12:50 +0800] "GET /xingrg/kc/base/yddb_order_info.html?code=482021121900100 HTTP/1.1" 200 31029
116.238.248.233 - - [19/Dec/2021:10:12:50 +0800] "GET /xingrg/dwr/interface/AjaxComOrderService.js HTTP/1.1" 200 18264
116.238.248.233 - - [19/Dec/2021:10:12:50 +0800] "GET /xingrg/dwr/interface/AjaxYddbService.js HTTP/1.1" 200 13201
116.238.248.233 - - [19/Dec/2021:10:12:50 +0800] "GET /xingrg/dwr/engine.js HTTP/1.1" 200 43631
116.238.248.233 - - [19/Dec/2021:10:12:50 +0800] "POST /xingrg/dwr/call/plaincall/AjaxYddbService.loadMaterielItems.dwr HTTP/1.1" 200 434
116.233.77.205 - - [19/Dec/2021:10:12:50 +0800] "POST /xingrg/kc/buy/cgsh_order_operate.html HTTP/1.1" 200 37
180.169.147.146 - - [19/Dec/2021:10:12:53 +0800] "GET /xingrg/all/function/internal_message.html?_=1639879963141&CODE_STATE=getMsg HTTP/1.1" 200 27
172.20.0.100 - - [19/Dec/2021:10:12:53 +0800] "GET /xingrg/all/function/internal_message.html?_=1639879967895&CODE_STATE=getMsg HTTP/1.1" 200 27
172.20.0.100 - - [19/Dec/2021:10:12:53 +0800] "GET /xingrg/check_reg.html?_=1639879967899 HTTP/1.1" 200 22
116.233.77.205 - - [19/Dec/2021:10:12:54 +0800] "POST /xingrg/kc/buy/cgsh_order_operate.html HTTP/1.1" 200 42882
180.169.147.146 - - [19/Dec/2021:10:12:56 +0800] "GET /xingrg/kc/buy/cgsh_order_operate.html?command=get_materiel&rest_code=00147&code=00101008110&supplier_code=00100006&order_time=2021-12-19 HTTP/1.1" 200 408
116.238.248.233 - - [19/Dec/2021:10:12:59 +0800] "POST /xingrg/dwr/call/plaincall/AjaxYddbService.saveOrder.dwr HTTP/1.1" 200 78
124.77.245.186 - - [19/Dec/2021:10:13:02 +0800] "GET /xingrg/all/function/internal_message.html?_=1639880003997&CODE_STATE=getMsg HTTP/1.1" 200 27
58.37.224.87 - - [19/Dec/2021:10:13:02 +0800] "GET /xingrg/all/function/internal_message.html?_=1639879790607&CODE_STATE=getMsg HTTP/1.1" 200 27
116.233.77.205 - - [19/Dec/2021:10:13:04 +0800] "GET /xingrg/kc/buy/cgsh_order_operate.html?command=get_materiel&rest_code=00109&code=00102002107&supplier_code=00100005&order_time=2021-12-19 HTTP/1.1" 200 412
180.169.147.146 - - [19/Dec/2021:10:13:04 +0800] "GET /xingrg/kc/buy/cgsh_order_operate.html?command=get_materiel&rest_code=00147&code=00101008096&supplier_code=00100006&order_time=2021-12-19 HTTP/1.1" 200 412
116.238.248.233 - - [19/Dec/2021:10:13:04 +0800] "POST /xingrg/dwr/call/plaincall/AjaxYddbService.objCheckOrder.dwr HTTP/1.1" 200 78
116.238.248.233 - - [19/Dec/2021:10:13:04 +0800] "GET /xingrg/kc/base/yddb_order_info.html?code=482021121900100 HTTP/1.1" 200 31150
116.238.248.233 - - [19/Dec/2021:10:13:04 +0800] "GET /xingrg/dwr/interface/AjaxComOrderService.js HTTP/1.1" 200 18264
116.238.248.233 - - [19/Dec/2021:10:13:04 +0800] "GET /xingrg/dwr/interface/AjaxYddbService.js HTTP/1.1" 200 13201
116.238.248.233 - - [19/Dec/2021:10:13:04 +0800] "GET /xingrg/dwr/engine.js HTTP/1.1" 200 43631
116.238.248.233 - - [19/Dec/2021:10:13:05 +0800] "POST /xingrg/dwr/call/plaincall/AjaxYddbService.loadMaterielItems.dwr HTTP/1.1" 200 434
116.233.77.205 - - [19/Dec/2021:10:13:10 +0800] "GET /xingrg/kc/buy/cgsh_order_operate.html?command=get_materiel&rest_code=00109&code=00101008439&supplier_code=00100005&order_time=2021-12-19 HTTP/1.1" 200 398
180.169.147.146 - - [19/Dec/2021:10:13:10 +0800] "GET /xingrg/kc/buy/cgsh_order_operate.html?command=get_materiel&rest_code=00147&code=00101008038&supplier_code=00100006&order_time=2021-12-19 HTTP/1.1" 200 412
180.169.147.146 - - [19/Dec/2021:10:13:18 +0800] "GET /xingrg/kc/buy/cgsh_order_operate.html?command=get_materiel&rest_code=00147&code=00101008088&supplier_code=00100006&order_time=2021-12-19 HTTP/1.1" 200 408
114.85.125.222 - - [19/Dec/2021:10:13:18 +0800] "GET /xingrg/all/function/internal_message.html?_=1639879944805&CODE_STATE=getMsg HTTP/1.1" 200 27
222.69.132.164 - - [19/Dec/2021:10:13:18 +0800] "GET /xingrg/all/function/internal_message.html?_=1639880018593&CODE_STATE=getMsg HTTP/1.1" 200 27
222.69.132.164 - - [19/Dec/2021:10:13:18 +0800] "GET /xingrg/check_reg.html?_=1639880018597 HTTP/1.1" 200 22
116.238.208.177 - - [19/Dec/2021:10:13:20 +0800] "GET /xingrg/check_reg.html?_=1639879996468 HTTP/1.1" 200 22
116.238.208.177 - - [19/Dec/2021:10:13:20 +0800] "GET /xingrg/all/function/internal_message.html?_=1639879996472&CODE_STATE=getMsg HTTP/1.1" 200 27
116.227.210.113 - - [19/Dec/2021:10:13:21 +0800] "GET /xingrg/all/function/internal_message.html?_=1639879980586&CODE_STATE=getMsg HTTP/1.1" 200 27
180.175.103.30 - - [19/Dec/2021:10:13:27 +0800] "GET /xingrg/kc/buy/cgsh_order_operate.html?command=get_materiel&rest_code=00105&code=00101009109&supplier_code=00100024&order_time=2021-12-19 HTTP/1.1" 200 399
116.233.77.205 - - [19/Dec/2021:10:13:27 +0800] "POST /xingrg/kc/buy/cgsh_order_operate.html HTTP/1.1" 200 37
124.77.245.186 - - [19/Dec/2021:10:13:27 +0800] "GET /xingrg/all/function/internal_message.html?_=1639880025998&CODE_STATE=getMsg HTTP/1.1" 302 -
116.233.77.205 - - [19/Dec/2021:10:13:28 +0800] "GET /xingrg/all/function/internal_message.html?_=1639880004193&CODE_STATE=getMsg HTTP/1.1" 200 27
180.169.147.146 - - [19/Dec/2021:10:13:28 +0800] "GET /xingrg/kc/buy/cgsh_order_operate.html?command=get_materiel&rest_code=00147&code=00101008163&supplier_code=00100006&order_time=2021-12-19 HTTP/1.1" 200 409
116.233.77.205 - - [19/Dec/2021:10:13:29 +0800] "POST /xingrg/kc/buy/cgsh_order_operate.html HTTP/1.1" 200 42886
180.169.147.146 - - [19/Dec/2021:10:13:29 +0800] "GET /xingrg/check_reg.html?_=1639880005849 HTTP/1.1" 200 22
180.169.147.146 - - [19/Dec/2021:10:13:29 +0800] "GET /xingrg/all/function/internal_message.html?_=1639880005854&CODE_STATE=getMsg HTTP/1.1" 200 27
114.83.222.225 - - [19/Dec/2021:10:13:32 +0800] "GET /xingrg/all/function/internal_message.html?_=1639880007022&CODE_STATE=getMsg HTTP/1.1" 200 27
180.175.103.30 - - [19/Dec/2021:10:13:32 +0800] "GET /xingrg/all/function/internal_message.html?_=1639880007832&CODE_STATE=getMsg HTTP/1.1" 200 27
116.238.208.177 - - [19/Dec/2021:10:13:37 +0800] "GET /xingrg/javascript/jquery_easy_ui/themes/default/images/button_plain_hover.png HTTP/1.1" 200 252
116.238.208.177 - - [19/Dec/2021:10:13:37 +0800] "GET /xingrg/javascript/jquery_easy_ui/themes/default/images/button_plain_hover.png HTTP/1.1" 200 252
180.169.147.146 - - [19/Dec/2021:10:13:37 +0800] "GET /xingrg/kc/buy/cgsh_order_operate.html?command=get_materiel&rest_code=00147&code=00101008355&supplier_code=00100006&order_time=2021-12-19 HTTP/1.1" 200 408
116.238.208.177 - - [19/Dec/2021:10:13:38 +0800] "GET /xingrg/all/function/internal_message.html?_=1639880021099&CODE_STATE=getMsg HTTP/1.1" 200 27
116.238.208.177 - - [19/Dec/2021:10:13:40 +0800] "GET /xingrg/javascript/jquery_easy_ui/themes/default/images/tabs_close.gif HTTP/1.1" 200 829
116.238.208.177 - - [19/Dec/2021:10:13:40 +0800] "GET /xingrg/css/site.css HTTP/1.1" 200 7541
116.238.208.177 - - [19/Dec/2021:10:13:40 +0800] "GET /xingrg/javascript/jquery_tools/datebox.css HTTP/1.1" 200 2597
116.238.208.177 - - [19/Dec/2021:10:13:40 +0800] "GET /xingrg/javascript/easyui/themes/icon.css HTTP/1.1" 200 4483
116.238.208.177 - - [19/Dec/2021:10:13:40 +0800] "GET /xingrg/javascript/auto/jquery.autocomplete.css HTTP/1.1" 200 587
116.238.208.177 - - [19/Dec/2021:10:13:40 +0800] "GET /xingrg/javascript/jquery_tools/jquery.tools.min.js HTTP/1.1" 200 138801
116.238.208.177 - - [19/Dec/2021:10:13:40 +0800] "GET /xingrg/javascript/jquery_tools/fix.css HTTP/1.1" 200 1702
116.238.208.177 - - [19/Dec/2021:10:13:40 +0800] "GET /xingrg/css/base.css HTTP/1.1" 200 2811
116.238.208.177 - - [19/Dec/2021:10:13:40 +0800] "GET /xingrg/kc/buy/cgsh_order_list.html HTTP/1.1" 200 49423
116.238.208.177 - - [19/Dec/2021:10:13:40 +0800] "GET /xingrg/javascript/jquery_tools/table.css HTTP/1.1" 200 1032
116.238.208.177 - - [19/Dec/2021:10:13:40 +0800] "GET /xingrg/javascript/jquery_tools/jquery.tools.hotkey.js HTTP/1.1" 200 3242
116.238.208.177 - - [19/Dec/2021:10:13:40 +0800] "GET /xingrg/javascript/jquery_tools/jquery.tools.table.js HTTP/1.1" 200 6994
116.238.208.177 - - [19/Dec/2021:10:13:40 +0800] "GET /xingrg/javascript/jquery_tools/jquery.tools.extend.js HTTP/1.1" 200 15385
116.238.208.177 - - [19/Dec/2021:10:13:40 +0800] "GET /xingrg/javascript/easyui/easyloader.js HTTP/1.1" 200 5975
116.238.208.177 - - [19/Dec/2021:10:13:40 +0800] "GET /xingrg/javascript/print/LodopFuncs.js HTTP/1.1" 200 5121
116.238.208.177 - - [19/Dec/2021:10:13:40 +0800] "GET /xingrg/javascript/jquery_tools/list_manager.js HTTP/1.1" 200 3652
116.238.208.177 - - [19/Dec/2021:10:13:40 +0800] "GET /xingrg/javascript/jquery.cookie.js HTTP/1.1" 200 5513
116.238.208.177 - - [19/Dec/2021:10:13:40 +0800] "GET /xingrg/javascript/auto/jquery.autocomplete.js HTTP/1.1" 200 21624
116.238.208.177 - - [19/Dec/2021:10:13:40 +0800] "GET /xingrg/javascript/easyui/themes/default/easyui.css HTTP/1.1" 200 30432
120.253.135.82 - - [19/Dec/2021:10:13:42 +0800] "GET /xingrg/all/function/internal_message.html?_=1639879798256&CODE_STATE=getMsg HTTP/1.1" 200 27
116.238.248.233 - - [19/Dec/2021:10:13:43 +0800] "GET /xingrg/all/function/internal_message.html?_=1639880019000&CODE_STATE=getMsg HTTP/1.1" 200 27
61.170.234.223 - - [19/Dec/2021:10:13:43 +0800] "GET /xingrg/all/function/internal_message.html?_=1639880019041&CODE_STATE=getMsg HTTP/1.1" 200 27
61.170.234.223 - - [19/Dec/2021:10:13:43 +0800] "GET /xingrg/check_reg.html?_=1639880019044 HTTP/1.1" 200 22
116.238.208.177 - - [19/Dec/2021:10:13:44 +0800] "GET /xingrg/javascript/easyui/themes/icons/edit_add_new.png HTTP/1.1" 200 2997
116.238.208.177 - - [19/Dec/2021:10:13:44 +0800] "GET /xingrg/javascript/easyui/themes/icons/field_new.png HTTP/1.1" 200 1097
116.238.208.177 - - [19/Dec/2021:10:13:44 +0800] "GET /xingrg/javascript/easyui/themes/icons/check_new.png HTTP/1.1" 200 3224
116.238.208.177 - - [19/Dec/2021:10:13:44 +0800] "GET /xingrg/javascript/easyui/themes/icons/import_new.png HTTP/1.1" 200 1247
116.238.208.177 - - [19/Dec/2021:10:13:44 +0800] "GET /xingrg/javascript/easyui/themes/icons/cance_new.png HTTP/1.1" 200 3986
116.238.208.177 - - [19/Dec/2021:10:13:44 +0800] "GET /xingrg/javascript/easyui/plugins/jquery.parser.js HTTP/1.1" 200 1142
180.169.147.146 - - [19/Dec/2021:10:13:44 +0800] "GET /xingrg/kc/buy/cgsh_order_operate.html?command=get_materiel&rest_code=00147&code=00101008264&supplier_code=00100006&order_time=2021-12-19 HTTP/1.1" 200 412
116.238.208.177 - - [19/Dec/2021:10:13:44 +0800] "GET /xingrg/images/control/ajaxLoader.gif HTTP/1.1" 200 4659
116.238.208.177 - - [19/Dec/2021:10:13:45 +0800] "GET /xingrg/javascript/jquery_easy_ui/themes/icons/area.png HTTP/1.1" 200 262
116.238.208.177 - - [19/Dec/2021:10:13:45 +0800] "GET /xingrg/javascript/jquery_easy_ui/themes/icons/rest.png HTTP/1.1" 200 695
116.238.208.177 - - [19/Dec/2021:10:13:46 +0800] "POST /xingrg/kc/buy/cgsh_list_operate.html HTTP/1.1" 200 1696
180.157.251.97 - - [19/Dec/2021:10:13:49 +0800] "GET /xingrg/check_reg.html?_=1639880027007 HTTP/1.1" 200 22
180.157.251.97 - - [19/Dec/2021:10:13:49 +0800] "GET /xingrg/all/function/internal_message.html?_=1639880027008&CODE_STATE=getMsg HTTP/1.1" 200 27
116.238.208.177 - - [19/Dec/2021:10:13:52 +0800] "GET /xingrg/javascript/easyui/themes/default/images/button_plain_hover.png HTTP/1.1" 200 144
116.238.208.177 - - [19/Dec/2021:10:13:53 +0800] "GET /xingrg/javascript/pic_change.js HTTP/1.1" 200 4739
116.238.208.177 - - [19/Dec/2021:10:13:53 +0800] "GET /xingrg/javascript/convert.js HTTP/1.1" 200 1239
116.238.208.177 - - [19/Dec/2021:10:13:53 +0800] "GET /xingrg/javascript/jquery_tools/order_manager.js HTTP/1.1" 200 11183
116.238.208.177 - - [19/Dec/2021:10:13:53 +0800] "GET /xingrg/javascript/print/kc_print.js HTTP/1.1" 200 11415
116.238.208.177 - - [19/Dec/2021:10:13:53 +0800] "GET /xingrg/javascript/json2.js HTTP/1.1" 200 11259
116.238.208.177 - - [19/Dec/2021:10:13:53 +0800] "GET /xingrg/kc/buy/cgsh_order_add.html HTTP/1.1" 200 65152
180.169.147.146 - - [19/Dec/2021:10:13:53 +0800] "GET /xingrg/kc/buy/cgsh_order_operate.html?command=get_materiel&rest_code=00147&code=00101008024&supplier_code=00100006&order_time=2021-12-19 HTTP/1.1" 200 408
180.169.147.146 - - [19/Dec/2021:10:13:53 +0800] "GET /xingrg/all/function/internal_message.html?_=1639880023125&CODE_STATE=getMsg HTTP/1.1" 200 27
116.238.208.177 - - [19/Dec/2021:10:13:53 +0800] "GET /xingrg/words/20211219091645_words.js HTTP/1.1" 200 880443
