124.77.245.186 - - [19/Dec/2021:08:56:06 +0800] "GET /xingrg/check_reg.html?_=1639875384761 HTTP/1.1" 302 -
114.83.222.225 - - [19/Dec/2021:08:56:13 +0800] "POST /xingrg/kc/buy/cgsh_order_operate.html HTTP/1.1" 200 2065
116.233.77.205 - - [19/Dec/2021:08:56:17 +0800] "GET /xingrg/login.html HTTP/1.1" 200 7641
124.77.245.186 - - [19/Dec/2021:08:56:17 +0800] "GET /xingrg/check_reg.html?_=1639875399006 HTTP/1.1" 200 22
116.233.77.205 - - [19/Dec/2021:08:56:17 +0800] "GET /favicon.ico HTTP/1.1" 404 -
124.77.245.186 - - [19/Dec/2021:08:56:19 +0800] "GET /xingrg/all/function/internal_message.html?_=1639875400330&CODE_STATE=getMsg HTTP/1.1" 200 27
116.227.210.113 - - [19/Dec/2021:08:56:21 +0800] "GET /xingrg/all/function/internal_message.html?_=1639875360585&CODE_STATE=getMsg HTTP/1.1" 200 27
114.83.222.225 - - [19/Dec/2021:08:56:26 +0800] "GET /xingrg/all/function/internal_message.html?_=1639875380931&CODE_STATE=getMsg HTTP/1.1" 200 27
124.77.245.186 - - [19/Dec/2021:08:56:26 +0800] "GET /xingrg/all/function/internal_message.html?_=1639875404943&CODE_STATE=getMsg HTTP/1.1" 302 -
116.233.77.205 - - [19/Dec/2021:08:56:28 +0800] "POST /xingrg/login.do HTTP/1.1" 302 -
116.233.77.205 - - [19/Dec/2021:08:56:28 +0800] "GET /xingrg/index.html?sysBaseUrl=http%3A%2F%2F180.169.147.146%3A18081%2Fxingrg%2F&costTime=55×tamp=1639875388033 HTTP/1.1" 200 17173
116.233.77.205 - - [19/Dec/2021:08:56:28 +0800] "POST /xingrg/all/common/load_tree.html?tree=area_rest_tree_json&manage=1 HTTP/1.1" 200 342
116.233.77.205 - - [19/Dec/2021:08:56:28 +0800] "GET /xingrg/all/function/internal_message.html?_=1639875386419&CODE_STATE=count HTTP/1.1" 200 11
116.233.77.205 - - [19/Dec/2021:08:56:28 +0800] "GET /xingrg/check_reg.html?_=1639875386420 HTTP/1.1" 200 22
116.233.77.205 - - [19/Dec/2021:08:56:28 +0800] "POST /xingrg/load_menu.html HTTP/1.1" 200 5138
116.233.77.205 - - [19/Dec/2021:08:56:29 +0800] "GET /xingrg/kc/buy/buy_main.html HTTP/1.1" 200 12412
116.233.77.205 - - [19/Dec/2021:08:56:29 +0800] "GET /xingrg/css/new_ie.css HTTP/1.1" 404 1036
116.233.77.205 - - [19/Dec/2021:08:56:31 +0800] "GET /xingrg/kc/buy/cgsh_order_list.html HTTP/1.1" 200 49423
180.175.103.30 - - [19/Dec/2021:08:56:31 +0800] "POST /xingrg/login.do HTTP/1.1" 200 2421
180.175.103.30 - - [19/Dec/2021:08:56:31 +0800] "GET /xingrg/css/blue.css HTTP/1.1" 304 -
180.175.103.30 - - [19/Dec/2021:08:56:31 +0800] "GET /xingrg/images/blue/pic_notice.jpg HTTP/1.1" 304 -
180.175.103.30 - - [19/Dec/2021:08:56:31 +0800] "GET /xingrg/javascript/myfunction.js HTTP/1.1" 304 -
180.175.103.30 - - [19/Dec/2021:08:56:31 +0800] "GET /xingrg/images/blue/pic_top.gif HTTP/1.1" 304 -
180.175.103.30 - - [19/Dec/2021:08:56:31 +0800] "GET /xingrg/images/blue/error_buttom.gif HTTP/1.1" 304 -
180.175.103.30 - - [19/Dec/2021:08:56:31 +0800] "GET /xingrg/images/blue/error_top.gif HTTP/1.1" 304 -
180.175.103.30 - - [19/Dec/2021:08:56:31 +0800] "GET /xingrg/images/blue/error_mid.gif HTTP/1.1" 304 -
180.175.103.30 - - [19/Dec/2021:08:56:31 +0800] "GET /favicon.ico HTTP/1.1" 404 -
116.233.77.205 - - [19/Dec/2021:08:56:32 +0800] "POST /xingrg/kc/buy/cgsh_list_operate.html HTTP/1.1" 200 876
180.175.103.30 - - [19/Dec/2021:08:56:32 +0800] "GET /xingrg/login.html HTTP/1.1" 200 7641
180.175.103.30 - - [19/Dec/2021:08:56:32 +0800] "GET /favicon.ico HTTP/1.1" 404 -
180.175.103.30 - - [19/Dec/2021:08:56:32 +0800] "POST /xingrg/login.do HTTP/1.1" 302 -
180.175.103.30 - - [19/Dec/2021:08:56:32 +0800] "GET /xingrg/css/form.css HTTP/1.1" 304 -
180.175.103.30 - - [19/Dec/2021:08:56:32 +0800] "GET /xingrg/javascript/jquery_easy_ui/themes/default/easyui.css HTTP/1.1" 304 -
180.175.103.30 - - [19/Dec/2021:08:56:32 +0800] "GET /xingrg/javascript/jquery_easy_ui/themes/icon.css HTTP/1.1" 304 -
180.175.103.30 - - [19/Dec/2021:08:56:32 +0800] "GET /xingrg/javascript/jquery-1.4.2.min.js HTTP/1.1" 304 -
180.175.103.30 - - [19/Dec/2021:08:56:32 +0800] "GET /xingrg/javascript/jquery_easy_ui/jquery.easyui.min.js HTTP/1.1" 304 -
180.175.103.30 - - [19/Dec/2021:08:56:32 +0800] "GET /xingrg/index.html?sysBaseUrl=http%3A%2F%2F180.169.147.146%3A18081%2Fxingrg%2F&costTime=45×tamp=1639875392949 HTTP/1.1" 200 17173
180.175.103.30 - - [19/Dec/2021:08:56:32 +0800] "GET /xingrg/javascript/jquery_easy_ui/easyui-lang-zh_CN.js HTTP/1.1" 304 -
180.175.103.30 - - [19/Dec/2021:08:56:33 +0800] "GET /xingrg/javascript/jquery.utils.js HTTP/1.1" 304 -
180.175.103.30 - - [19/Dec/2021:08:56:33 +0800] "GET /xingrg/javascript/jquery.form.js HTTP/1.1" 304 -
180.175.103.30 - - [19/Dec/2021:08:56:33 +0800] "GET /xingrg/javascript/jquery.timers.js HTTP/1.1" 304 -
180.175.103.30 - - [19/Dec/2021:08:56:33 +0800] "GET /favicon.ico HTTP/1.1" 404 -
180.175.103.30 - - [19/Dec/2021:08:56:33 +0800] "GET /xingrg/images/blue/navBackgound.jpg HTTP/1.1" 304 -
180.175.103.30 - - [19/Dec/2021:08:56:33 +0800] "GET /xingrg/javascript/jquery_easy_ui/themes/icons/settle_new.png HTTP/1.1" 304 -
180.175.103.30 - - [19/Dec/2021:08:56:33 +0800] "POST /xingrg/all/common/load_tree.html?tree=area_rest_tree_json&manage=1 HTTP/1.1" 200 3472
180.175.103.30 - - [19/Dec/2021:08:56:33 +0800] "GET /xingrg/all/function/internal_message.html?_=1639875388711&CODE_STATE=count HTTP/1.1" 200 11
180.175.103.30 - - [19/Dec/2021:08:56:33 +0800] "GET /xingrg/check_reg.html?_=1639875388712 HTTP/1.1" 200 22
180.175.103.30 - - [19/Dec/2021:08:56:33 +0800] "GET /xingrg/javascript/jquery_easy_ui/themes/default/images/tabs_leftarrow.png HTTP/1.1" 304 -
180.175.103.30 - - [19/Dec/2021:08:56:33 +0800] "GET /xingrg/images/blue/pingpu.png HTTP/1.1" 304 -
180.175.103.30 - - [19/Dec/2021:08:56:33 +0800] "GET /xingrg/javascript/jquery_easy_ui/themes/default/images/tabs_rightarrow.png HTTP/1.1" 304 -
180.175.103.30 - - [19/Dec/2021:08:56:33 +0800] "GET /xingrg/javascript/jquery_easy_ui/themes/default/images/panel_tool_collapse.gif HTTP/1.1" 304 -
180.175.103.30 - - [19/Dec/2021:08:56:33 +0800] "GET /xingrg/javascript/jquery_easy_ui/themes/default/images/tree_arrows.gif HTTP/1.1" 304 -
180.175.103.30 - - [19/Dec/2021:08:56:33 +0800] "POST /xingrg/load_menu.html HTTP/1.1" 200 5138
180.175.103.30 - - [19/Dec/2021:08:56:33 +0800] "GET /xingrg/javascript/jquery_easy_ui/themes/default/images/tree_folder_open.gif HTTP/1.1" 304 -
180.175.103.30 - - [19/Dec/2021:08:56:33 +0800] "GET /xingrg/javascript/jquery_easy_ui/themes/icons/search_new.png HTTP/1.1" 304 -
180.175.103.30 - - [19/Dec/2021:08:56:33 +0800] "GET /xingrg/javascript/jquery_easy_ui/themes/default/images/tree_folder.gif HTTP/1.1" 304 -
180.175.103.30 - - [19/Dec/2021:08:56:33 +0800] "GET /xingrg/javascript/jquery_easy_ui/themes/icons/forms_new.png HTTP/1.1" 304 -
180.175.103.30 - - [19/Dec/2021:08:56:33 +0800] "GET /xingrg/javascript/jquery_easy_ui/themes/icons/storage_new.png HTTP/1.1" 304 -
180.175.103.30 - - [19/Dec/2021:08:56:33 +0800] "GET /xingrg/javascript/jquery_easy_ui/themes/default/images/tree_file.gif HTTP/1.1" 304 -
116.233.77.205 - - [19/Dec/2021:08:56:34 +0800] "GET /xingrg/javascript/jquery_tools/images/next.gif HTTP/1.1" 404 1086
116.233.77.205 - - [19/Dec/2021:08:56:34 +0800] "GET /xingrg/javascript/jquery_tools/images/prev.gif HTTP/1.1" 404 1086
180.175.103.30 - - [19/Dec/2021:08:56:36 +0800] "GET /xingrg/javascript/jquery_easy_ui/themes/default/images/tabs_close.gif HTTP/1.1" 304 -
180.175.103.30 - - [19/Dec/2021:08:56:36 +0800] "GET /xingrg/css/base.css HTTP/1.1" 304 -
180.175.103.30 - - [19/Dec/2021:08:56:36 +0800] "GET /xingrg/css/site.css HTTP/1.1" 304 -
180.175.103.30 - - [19/Dec/2021:08:56:36 +0800] "GET /xingrg/javascript/jquery_tools/datebox.css HTTP/1.1" 304 -
180.175.103.30 - - [19/Dec/2021:08:56:36 +0800] "GET /xingrg/javascript/easyui/themes/default/easyui.css HTTP/1.1" 304 -
180.175.103.30 - - [19/Dec/2021:08:56:36 +0800] "GET /xingrg/javascript/auto/jquery.autocomplete.css HTTP/1.1" 304 -
180.175.103.30 - - [19/Dec/2021:08:56:36 +0800] "GET /xingrg/javascript/easyui/themes/icon.css HTTP/1.1" 304 -
180.175.103.30 - - [19/Dec/2021:08:56:36 +0800] "GET /xingrg/javascript/jquery_tools/jquery.tools.extend.js HTTP/1.1" 304 -
180.175.103.30 - - [19/Dec/2021:08:56:36 +0800] "GET /xingrg/javascript/jquery_tools/jquery.tools.table.js HTTP/1.1" 304 -
180.175.103.30 - - [19/Dec/2021:08:56:36 +0800] "GET /xingrg/javascript/jquery_tools/jquery.tools.hotkey.js HTTP/1.1" 304 -
180.175.103.30 - - [19/Dec/2021:08:56:36 +0800] "GET /xingrg/javascript/auto/jquery.autocomplete.js HTTP/1.1" 304 -
180.175.103.30 - - [19/Dec/2021:08:56:36 +0800] "GET /xingrg/javascript/jquery_tools/list_manager.js HTTP/1.1" 304 -
180.175.103.30 - - [19/Dec/2021:08:56:36 +0800] "GET /xingrg/javascript/jquery_tools/jquery.tools.min.js HTTP/1.1" 304 -
180.175.103.30 - - [19/Dec/2021:08:56:36 +0800] "GET /xingrg/javascript/jquery_tools/fix.css HTTP/1.1" 304 -
180.175.103.30 - - [19/Dec/2021:08:56:36 +0800] "GET /xingrg/javascript/jquery_tools/table.css HTTP/1.1" 304 -
180.175.103.30 - - [19/Dec/2021:08:56:36 +0800] "GET /xingrg/javascript/easyui/easyloader.js HTTP/1.1" 304 -
180.175.103.30 - - [19/Dec/2021:08:56:36 +0800] "GET /xingrg/kc/buy/cgsh_order_list.html HTTP/1.1" 200 49423
180.175.103.30 - - [19/Dec/2021:08:56:36 +0800] "GET /xingrg/javascript/jquery.cookie.js HTTP/1.1" 304 -
180.175.103.30 - - [19/Dec/2021:08:56:36 +0800] "GET /xingrg/javascript/print/LodopFuncs.js HTTP/1.1" 304 -
180.175.103.30 - - [19/Dec/2021:08:56:36 +0800] "GET /xingrg/javascript/easyui/themes/icons/check_new.png HTTP/1.1" 304 -
180.175.103.30 - - [19/Dec/2021:08:56:36 +0800] "GET /xingrg/javascript/easyui/themes/icons/edit_add_new.png HTTP/1.1" 304 -
180.175.103.30 - - [19/Dec/2021:08:56:36 +0800] "GET /xingrg/javascript/easyui/themes/icons/cance_new.png HTTP/1.1" 304 -
180.175.103.30 - - [19/Dec/2021:08:56:36 +0800] "GET /xingrg/javascript/easyui/themes/icons/field_new.png HTTP/1.1" 304 -
180.175.103.30 - - [19/Dec/2021:08:56:36 +0800] "GET /xingrg/javascript/easyui/themes/icons/import_new.png HTTP/1.1" 304 -
180.175.103.30 - - [19/Dec/2021:08:56:36 +0800] "GET /xingrg/javascript/easyui/plugins/jquery.parser.js HTTP/1.1" 304 -
180.175.103.30 - - [19/Dec/2021:08:56:36 +0800] "GET /xingrg/images/control/ajaxLoader.gif HTTP/1.1" 304 -
180.175.103.30 - - [19/Dec/2021:08:56:37 +0800] "POST /xingrg/kc/buy/cgsh_list_operate.html HTTP/1.1" 200 876
180.175.103.30 - - [19/Dec/2021:08:56:37 +0800] "GET /xingrg/javascript/easyui/themes/default/images/button_plain_hover.png HTTP/1.1" 304 -
114.83.222.225 - - [19/Dec/2021:08:56:37 +0800] "GET /xingrg/kc/buy/cgsh_order_operate.html?command=get_materiel&rest_code=00149&code=00101008298&supplier_code=00100005&order_time=2021-12-19 HTTP/1.1" 200 412
180.175.103.30 - - [19/Dec/2021:08:56:38 +0800] "GET /xingrg/javascript/pic_change.js HTTP/1.1" 304 -
180.175.103.30 - - [19/Dec/2021:08:56:38 +0800] "GET /xingrg/javascript/convert.js HTTP/1.1" 304 -
180.175.103.30 - - [19/Dec/2021:08:56:38 +0800] "GET /xingrg/javascript/jquery_tools/order_manager.js HTTP/1.1" 304 -
180.175.103.30 - - [19/Dec/2021:08:56:38 +0800] "GET /xingrg/javascript/json2.js HTTP/1.1" 304 -
180.175.103.30 - - [19/Dec/2021:08:56:38 +0800] "GET /xingrg/javascript/print/kc_print.js HTTP/1.1" 304 -
180.175.103.30 - - [19/Dec/2021:08:56:38 +0800] "GET /xingrg/kc/buy/cgsh_order_add.html HTTP/1.1" 200 65240
180.175.103.30 - - [19/Dec/2021:08:56:38 +0800] "GET /xingrg/words/20211218103523_words.js HTTP/1.1" 200 880383
180.175.103.30 - - [19/Dec/2021:08:56:38 +0800] "GET /xingrg/javascript/easyui/themes/icons/copy_new.png HTTP/1.1" 304 -
180.175.103.30 - - [19/Dec/2021:08:56:38 +0800] "GET /xingrg/javascript/easyui/themes/icons/template_new.png HTTP/1.1" 304 -
180.175.103.30 - - [19/Dec/2021:08:56:38 +0800] "GET /xingrg/javascript/easyui/themes/default/images/menu_downarrow.png HTTP/1.1" 304 -
180.175.103.30 - - [19/Dec/2021:08:56:38 +0800] "GET /xingrg/javascript/easyui/themes/icons/print.png HTTP/1.1" 304 -
180.175.103.30 - - [19/Dec/2021:08:56:38 +0800] "GET /xingrg/javascript/easyui/themes/icons/ok.png HTTP/1.1" 304 -
180.175.103.30 - - [19/Dec/2021:08:56:38 +0800] "GET /xingrg/javascript/easyui/themes/icons/cancel.png HTTP/1.1" 304 -
180.175.103.30 - - [19/Dec/2021:08:56:38 +0800] "POST /xingrg/kc/buy/cgsh_order_operate.html HTTP/1.1" 200 8245
180.175.103.30 - - [19/Dec/2021:08:56:38 +0800] "GET /xingrg/all/common/auto_word.html?type=employee&rest_code=00105 HTTP/1.1" 200 193
180.175.103.30 - - [19/Dec/2021:08:56:38 +0800] "GET /xingrg/all/common/auto_word.html?type=employee&rest_code=00105 HTTP/1.1" 200 193
180.175.103.30 - - [19/Dec/2021:08:56:38 +0800] "GET /xingrg/javascript/easyui/themes/default/validatebox.css HTTP/1.1" 404 1104
180.175.103.30 - - [19/Dec/2021:08:56:38 +0800] "GET /xingrg/javascript/easyui/plugins/jquery.validatebox.js HTTP/1.1" 304 -
180.175.103.30 - - [19/Dec/2021:08:56:39 +0800] "GET /xingrg/javascript/easyui/themes/icons/edit_remove.png HTTP/1.1" 304 -
180.175.103.30 - - [19/Dec/2021:08:56:39 +0800] "GET /xingrg/javascript/easyui/plugins/jquery.numberbox.js HTTP/1.1" 304 -
180.175.103.30 - - [19/Dec/2021:08:56:42 +0800] "GET /xingrg/javascript/auto/indicator.gif HTTP/1.1" 404 1066
61.170.234.223 - - [19/Dec/2021:08:56:43 +0800] "GET /xingrg/all/function/internal_message.html?_=1639875398949&CODE_STATE=getMsg HTTP/1.1" 200 27
116.233.77.205 - - [19/Dec/2021:08:56:45 +0800] "POST /xingrg/kc/buy/cgsh_list_operate.html HTTP/1.1" 200 5410
116.238.248.233 - - [19/Dec/2021:08:56:45 +0800] "GET /xingrg/check_reg.html?_=1639875401453 HTTP/1.1" 200 22
116.238.248.233 - - [19/Dec/2021:08:56:45 +0800] "GET /xingrg/all/function/internal_message.html?_=1639875401451&CODE_STATE=getMsg HTTP/1.1" 200 27
116.233.77.205 - - [19/Dec/2021:08:56:51 +0800] "POST /xingrg/kc/buy/cgsh_list_operate.html HTTP/1.1" 200 9085
180.175.103.30 - - [19/Dec/2021:08:56:55 +0800] "GET /xingrg/kc/buy/cgsh_order_operate.html?command=get_materiel&rest_code=00105&code=00101016071&supplier_code=00100034&order_time=2021-12-19 HTTP/1.1" 200 416
114.83.222.225 - - [19/Dec/2021:08:57:01 +0800] "GET /xingrg/kc/buy/cgsh_order_operate.html?command=get_materiel&rest_code=00149&code=00101015074&supplier_code=00100005&order_time=2021-12-19 HTTP/1.1" 200 408
172.20.0.100 - - [19/Dec/2021:08:57:03 +0800] "GET /xingrg/all/function/internal_message.html?_=1639875417605&CODE_STATE=getMsg HTTP/1.1" 302 -
116.238.248.233 - - [19/Dec/2021:08:57:04 +0800] "POST /xingrg/all/user/operate.html HTTP/1.1" 200 36
116.238.248.233 - - [19/Dec/2021:08:57:04 +0800] "GET /xingrg/javascript/jquery_easy_ui/themes/default/easyui.css HTTP/1.1" 304 -
116.238.248.233 - - [19/Dec/2021:08:57:04 +0800] "GET /xingrg/index.html?sysBaseUrl=http%3A%2F%2F180.169.147.146%3A18081%2Fxingrg%2F&costTime=45×tamp=1639874801275 HTTP/1.1" 200 17177
116.238.248.233 - - [19/Dec/2021:08:57:04 +0800] "GET /xingrg/javascript/jquery_easy_ui/themes/icon.css HTTP/1.1" 304 -
116.238.248.233 - - [19/Dec/2021:08:57:04 +0800] "GET /xingrg/css/form.css HTTP/1.1" 304 -
116.238.248.233 - - [19/Dec/2021:08:57:04 +0800] "GET /xingrg/javascript/jquery-1.4.2.min.js HTTP/1.1" 304 -
116.238.248.233 - - [19/Dec/2021:08:57:04 +0800] "GET /xingrg/javascript/jquery_easy_ui/jquery.easyui.min.js HTTP/1.1" 304 -
116.238.248.233 - - [19/Dec/2021:08:57:04 +0800] "GET /xingrg/javascript/jquery_easy_ui/easyui-lang-zh_CN.js HTTP/1.1" 304 -
116.238.248.233 - - [19/Dec/2021:08:57:04 +0800] "GET /xingrg/javascript/jquery.form.js HTTP/1.1" 304 -
116.238.248.233 - - [19/Dec/2021:08:57:04 +0800] "GET /xingrg/javascript/jquery.utils.js HTTP/1.1" 304 -
116.238.248.233 - - [19/Dec/2021:08:57:04 +0800] "GET /xingrg/javascript/jquery.timers.js HTTP/1.1" 304 -
116.238.248.233 - - [19/Dec/2021:08:57:04 +0800] "GET /xingrg/images/blue/jxLogo.png HTTP/1.1" 304 -
116.238.248.233 - - [19/Dec/2021:08:57:04 +0800] "GET /xingrg/images/blue/navBackgound.jpg HTTP/1.1" 304 -
116.238.248.233 - - [19/Dec/2021:08:57:04 +0800] "GET /xingrg/javascript/jquery_easy_ui/themes/icons/settle_new.png HTTP/1.1" 304 -
116.238.248.233 - - [19/Dec/2021:08:57:04 +0800] "POST /xingrg/all/common/load_tree.html?tree=area_rest_tree_json&manage=1 HTTP/1.1" 200 476
116.238.248.233 - - [19/Dec/2021:08:57:04 +0800] "GET /xingrg/all/function/internal_message.html?_=1639875420781&CODE_STATE=count HTTP/1.1" 200 11
116.238.248.233 - - [19/Dec/2021:08:57:04 +0800] "GET /xingrg/javascript/jquery_easy_ui/themes/default/images/panel_tool_collapse.gif HTTP/1.1" 304 -
116.238.248.233 - - [19/Dec/2021:08:57:04 +0800] "GET /xingrg/check_reg.html?_=1639875420782 HTTP/1.1" 200 22
116.238.248.233 - - [19/Dec/2021:08:57:04 +0800] "GET /xingrg/javascript/jquery_easy_ui/themes/default/images/tabs_rightarrow.png HTTP/1.1" 304 -
116.238.248.233 - - [19/Dec/2021:08:57:04 +0800] "GET /xingrg/javascript/jquery_easy_ui/themes/default/images/tabs_leftarrow.png HTTP/1.1" 304 -
116.238.248.233 - - [19/Dec/2021:08:57:04 +0800] "GET /xingrg/images/blue/pingpu.png HTTP/1.1" 304 -
116.238.248.233 - - [19/Dec/2021:08:57:04 +0800] "POST /xingrg/load_menu.html HTTP/1.1" 200 5138
116.233.77.205 - - [19/Dec/2021:08:57:05 +0800] "POST /xingrg/kc/buy/cgsh_list_operate.html HTTP/1.1" 200 9076
116.238.248.233 - - [19/Dec/2021:08:57:06 +0800] "GET /xingrg/kc/buy/cgsh_order_list.html HTTP/1.1" 200 49427
116.238.248.233 - - [19/Dec/2021:08:57:07 +0800] "POST /xingrg/kc/buy/cgsh_list_operate.html HTTP/1.1" 200 876
116.238.248.233 - - [19/Dec/2021:08:57:08 +0800] "GET /xingrg/kc/buy/cgsh_order_add.html HTTP/1.1" 200 64797
116.238.248.233 - - [19/Dec/2021:08:57:08 +0800] "POST /xingrg/kc/buy/cgsh_order_operate.html HTTP/1.1" 200 8245
116.238.248.233 - - [19/Dec/2021:08:57:08 +0800] "GET /xingrg/all/common/auto_word.html?type=employee&rest_code=00151 HTTP/1.1" 200 293
116.238.248.233 - - [19/Dec/2021:08:57:08 +0800] "GET /xingrg/all/common/auto_word.html?type=employee&rest_code=00151 HTTP/1.1" 200 293
116.238.248.233 - - [19/Dec/2021:08:57:08 +0800] "GET /xingrg/javascript/easyui/themes/default/validatebox.css HTTP/1.1" 404 1104
180.175.103.30 - - [19/Dec/2021:08:57:10 +0800] "GET /xingrg/kc/buy/cgsh_order_operate.html?command=get_materiel&rest_code=00105&code=00101012030&supplier_code=00100034&order_time=2021-12-19 HTTP/1.1" 200 417
116.238.248.233 - - [19/Dec/2021:08:57:10 +0800] "GET /xingrg/javascript/auto/indicator.gif HTTP/1.1" 404 1066
114.83.222.225 - - [19/Dec/2021:08:57:15 +0800] "GET /xingrg/kc/buy/cgsh_order_operate.html?command=get_materiel&rest_code=00149&code=00101015022&supplier_code=00100005&order_time=2021-12-19 HTTP/1.1" 200 408
116.238.248.233 - - [19/Dec/2021:08:57:16 +0800] "GET /xingrg/kc/buy/cgsh_order_operate.html?command=get_materiel&rest_code=00151&code=00101010522&supplier_code=00100151&order_time=2021-12-19 HTTP/1.1" 200 410
116.238.248.233 - - [19/Dec/2021:08:57:17 +0800] "POST /xingrg/all/common/load_select.html HTTP/1.1" 200 25
124.77.245.186 - - [19/Dec/2021:08:57:19 +0800] "GET /xingrg/all/function/internal_message.html?_=1639875460343&CODE_STATE=getMsg HTTP/1.1" 200 27
180.175.103.30 - - [19/Dec/2021:08:57:20 +0800] "POST /xingrg/kc/buy/cgsh_order_operate.html HTTP/1.1" 200 37
116.227.210.113 - - [19/Dec/2021:08:57:21 +0800] "GET /xingrg/all/function/internal_message.html?_=1639875420579&CODE_STATE=getMsg HTTP/1.1" 200 27
180.175.103.30 - - [19/Dec/2021:08:57:22 +0800] "POST /xingrg/kc/buy/cgsh_order_operate.html HTTP/1.1" 200 3254
116.238.248.233 - - [19/Dec/2021:08:57:22 +0800] "GET /xingrg/kc/buy/cgsh_order_operate.html?command=get_materiel_price&rest_code=00151&code=00101010522&unit_code=00100189&supplier_code=00100151&order_time=2021-12-19 HTTP/1.1" 200 29
180.175.103.30 - - [19/Dec/2021:08:57:22 +0800] "GET /xingrg/kc/print/load_config.html?kc_code=cgsh HTTP/1.1" 200 1943
180.175.103.30 - - [19/Dec/2021:08:57:23 +0800] "GET /xingrg/kc/print/load_data.html?order_code=212021121907755&kc_code=cgsh&condition= HTTP/1.1" 200 939
114.83.222.225 - - [19/Dec/2021:08:57:26 +0800] "GET /xingrg/all/function/internal_message.html?_=1639875440946&CODE_STATE=getMsg HTTP/1.1" 200 27
180.175.103.30 - - [19/Dec/2021:08:57:26 +0800] "GET /xingrg/kc/buy/cgsh_order_add.html HTTP/1.1" 200 65240
124.77.245.186 - - [19/Dec/2021:08:57:27 +0800] "GET /xingrg/all/function/internal_message.html?_=1639875464965&CODE_STATE=getMsg HTTP/1.1" 302 -
180.175.103.30 - - [19/Dec/2021:08:57:27 +0800] "GET /xingrg/javascript/easyui/themes/default/validatebox.css HTTP/1.1" 404 1104
180.175.103.30 - - [19/Dec/2021:08:57:27 +0800] "POST /xingrg/kc/buy/cgsh_order_operate.html HTTP/1.1" 200 8245
116.233.77.205 - - [19/Dec/2021:08:57:28 +0800] "GET /xingrg/all/function/internal_message.html?_=1639875446426&CODE_STATE=getMsg HTTP/1.1" 200 27
116.233.77.205 - - [19/Dec/2021:08:57:30 +0800] "POST /xingrg/kc/buy/cgsh_list_operate.html HTTP/1.1" 200 9085
180.175.103.30 - - [19/Dec/2021:08:57:33 +0800] "GET /xingrg/all/function/internal_message.html?_=1639875448720&CODE_STATE=getMsg HTTP/1.1" 200 27
116.233.77.205 - - [19/Dec/2021:08:57:34 +0800] "POST /xingrg/kc/buy/cgsh_list_operate.html HTTP/1.1" 200 493
116.233.77.205 - - [19/Dec/2021:08:57:36 +0800] "GET /xingrg/kc/buy/cgsh_order_info.html?code=212021121807304 HTTP/1.1" 200 60141
116.233.77.205 - - [19/Dec/2021:08:57:36 +0800] "GET /xingrg/words/20211218103523_words.js HTTP/1.1" 200 880383
116.233.77.205 - - [19/Dec/2021:08:57:36 +0800] "GET /xingrg/javascript/easyui/themes/default/validatebox.css HTTP/1.1" 404 1104
116.233.77.205 - - [19/Dec/2021:08:57:37 +0800] "POST /xingrg/kc/buy/cgsh_order_operate.html HTTP/1.1" 200 2968
114.83.222.225 - - [19/Dec/2021:08:57:40 +0800] "GET /xingrg/kc/buy/cgsh_order_operate.html?command=get_materiel&rest_code=00149&code=00101015001&supplier_code=00100005&order_time=2021-12-19 HTTP/1.1" 200 412
61.170.234.223 - - [19/Dec/2021:08:57:43 +0800] "GET /xingrg/all/function/internal_message.html?_=1639875458948&CODE_STATE=getMsg HTTP/1.1" 200 27
116.238.248.233 - - [19/Dec/2021:08:57:44 +0800] "POST /xingrg/kc/buy/cgsh_order_operate.html HTTP/1.1" 200 37
114.83.222.225 - - [19/Dec/2021:08:57:45 +0800] "POST /xingrg/kc/buy/cgsh_order_operate.html HTTP/1.1" 200 2065
116.238.248.233 - - [19/Dec/2021:08:57:47 +0800] "POST /xingrg/kc/buy/cgsh_order_operate.html HTTP/1.1" 200 12
116.238.248.233 - - [19/Dec/2021:08:57:47 +0800] "GET /xingrg/kc/buy/cgsh_order_info.html?code=212021121907756 HTTP/1.1" 200 59696
116.238.248.233 - - [19/Dec/2021:08:57:48 +0800] "GET /xingrg/javascript/easyui/themes/default/validatebox.css HTTP/1.1" 404 1104
116.238.248.233 - - [19/Dec/2021:08:57:48 +0800] "POST /xingrg/kc/buy/cgsh_order_operate.html HTTP/1.1" 200 621
116.238.248.233 - - [19/Dec/2021:08:57:50 +0800] "GET /xingrg/kc/print/load_data.html?order_code=212021121907756&kc_code=cgsh&condition= HTTP/1.1" 200 698
180.175.103.30 - - [19/Dec/2021:08:57:51 +0800] "GET /xingrg/kc/buy/cgsh_order_list.html HTTP/1.1" 200 49423
180.175.103.30 - - [19/Dec/2021:08:57:53 +0800] "POST /xingrg/kc/buy/cgsh_list_operate.html HTTP/1.1" 200 1689
114.83.222.225 - - [19/Dec/2021:08:57:53 +0800] "GET /xingrg/kc/buy/cgsh_order_operate.html?command=get_materiel&rest_code=00149&code=00101015021&supplier_code=00100005&order_time=2021-12-19 HTTP/1.1" 200 408
180.175.103.30 - - [19/Dec/2021:08:57:53 +0800] "POST /xingrg/kc/buy/cgsh_list_operate.html HTTP/1.1" 200 1689
180.175.103.30 - - [19/Dec/2021:08:57:56 +0800] "POST /xingrg/kc/buy/cgsh_list_operate.html HTTP/1.1" 200 281
180.175.103.30 - - [19/Dec/2021:08:57:57 +0800] "GET /xingrg/kc/buy/cgsh_order_info.html?code=212021121907755 HTTP/1.1" 200 65251
180.175.103.30 - - [19/Dec/2021:08:57:57 +0800] "GET /xingrg/javascript/easyui/themes/default/validatebox.css HTTP/1.1" 404 1104
180.175.103.30 - - [19/Dec/2021:08:57:58 +0800] "POST /xingrg/kc/buy/cgsh_order_operate.html HTTP/1.1" 200 3254
180.175.103.30 - - [19/Dec/2021:08:58:02 +0800] "GET /xingrg/kc/buy/cgsh_order_add.html HTTP/1.1" 200 65240
180.175.103.30 - - [19/Dec/2021:08:58:02 +0800] "GET /xingrg/javascript/easyui/themes/default/validatebox.css HTTP/1.1" 404 1104
180.175.103.30 - - [19/Dec/2021:08:58:02 +0800] "POST /xingrg/kc/buy/cgsh_order_operate.html HTTP/1.1" 200 8245
172.20.0.100 - - [19/Dec/2021:08:58:03 +0800] "GET /xingrg/all/function/internal_message.html?_=1639875477591&CODE_STATE=getMsg HTTP/1.1" 302 -
116.238.248.233 - - [19/Dec/2021:08:58:04 +0800] "GET /xingrg/all/function/internal_message.html?_=1639875480829&CODE_STATE=getMsg HTTP/1.1" 200 27
114.83.222.225 - - [19/Dec/2021:08:58:10 +0800] "GET /xingrg/kc/buy/cgsh_order_operate.html?command=get_materiel&rest_code=00149&code=00101015037&supplier_code=00100005&order_time=2021-12-19 HTTP/1.1" 200 412
180.175.103.30 - - [19/Dec/2021:08:58:15 +0800] "GET /xingrg/kc/buy/cgsh_order_operate.html?command=get_materiel&rest_code=00105&code=00101008256&supplier_code=00100203&order_time=2021-12-19 HTTP/1.1" 200 413
124.77.245.186 - - [19/Dec/2021:08:58:19 +0800] "GET /xingrg/all/function/internal_message.html?_=1639875520356&CODE_STATE=getMsg HTTP/1.1" 200 27
116.227.210.113 - - [19/Dec/2021:08:58:21 +0800] "GET /xingrg/all/function/internal_message.html?_=1639875480597&CODE_STATE=getMsg HTTP/1.1" 200 27
114.83.222.225 - - [19/Dec/2021:08:58:23 +0800] "GET /xingrg/kc/buy/cgsh_order_operate.html?command=get_materiel&rest_code=00149&code=00101015014&supplier_code=00100005&order_time=2021-12-19 HTTP/1.1" 200 412
114.83.222.225 - - [19/Dec/2021:08:58:26 +0800] "GET /xingrg/all/function/internal_message.html?_=1639875500924&CODE_STATE=getMsg HTTP/1.1" 200 27
124.77.245.186 - - [19/Dec/2021:08:58:27 +0800] "GET /xingrg/all/function/internal_message.html?_=1639875524970&CODE_STATE=getMsg HTTP/1.1" 302 -
116.233.77.205 - - [19/Dec/2021:08:58:28 +0800] "GET /xingrg/all/function/internal_message.html?_=1639875506806&CODE_STATE=getMsg HTTP/1.1" 200 27
180.175.103.30 - - [19/Dec/2021:08:58:33 +0800] "GET /xingrg/all/function/internal_message.html?_=1639875508716&CODE_STATE=getMsg HTTP/1.1" 200 27
180.175.103.30 - - [19/Dec/2021:08:58:40 +0800] "GET /xingrg/kc/buy/cgsh_order_operate.html?command=get_materiel&rest_code=00105&code=00101008354&supplier_code=00100203&order_time=2021-12-19 HTTP/1.1" 200 412
61.170.234.223 - - [19/Dec/2021:08:58:43 +0800] "GET /xingrg/check_reg.html?_=1639875518948 HTTP/1.1" 200 22
61.170.234.223 - - [19/Dec/2021:08:58:43 +0800] "GET /xingrg/all/function/internal_message.html?_=1639875518950&CODE_STATE=getMsg HTTP/1.1" 200 27
180.175.103.30 - - [19/Dec/2021:08:58:53 +0800] "GET /xingrg/kc/buy/cgsh_order_operate.html?command=get_materiel&rest_code=00105&code=00101008211&supplier_code=00100203&order_time=2021-12-19 HTTP/1.1" 200 412
172.20.0.100 - - [19/Dec/2021:08:59:03 +0800] "GET /xingrg/all/function/internal_message.html?_=1639875537596&CODE_STATE=getMsg HTTP/1.1" 302 -
180.175.103.30 - - [19/Dec/2021:08:59:04 +0800] "GET /xingrg/kc/buy/cgsh_order_operate.html?command=get_materiel&rest_code=00105&code=00101008264&supplier_code=00100203&order_time=2021-12-19 HTTP/1.1" 200 412
116.238.248.233 - - [19/Dec/2021:08:59:05 +0800] "GET /xingrg/all/function/internal_message.html?_=1639875540887&CODE_STATE=getMsg HTTP/1.1" 200 27
124.77.245.186 - - [19/Dec/2021:08:59:19 +0800] "GET /xingrg/all/function/internal_message.html?_=1639875580384&CODE_STATE=getMsg HTTP/1.1" 200 27
116.227.210.113 - - [19/Dec/2021:08:59:21 +0800] "GET /xingrg/all/function/internal_message.html?_=1639875540591&CODE_STATE=getMsg HTTP/1.1" 200 27
114.83.222.225 - - [19/Dec/2021:08:59:25 +0800] "GET /xingrg/check_reg.html?_=1639875560809 HTTP/1.1" 200 22
114.83.222.225 - - [19/Dec/2021:08:59:26 +0800] "GET /xingrg/all/function/internal_message.html?_=1639875560897&CODE_STATE=getMsg HTTP/1.1" 200 27
124.77.245.186 - - [19/Dec/2021:08:59:27 +0800] "GET /xingrg/all/function/internal_message.html?_=1639875584992&CODE_STATE=getMsg HTTP/1.1" 302 -
116.233.77.205 - - [19/Dec/2021:08:59:28 +0800] "GET /xingrg/all/function/internal_message.html?_=1639875566809&CODE_STATE=getMsg HTTP/1.1" 200 27
180.175.103.30 - - [19/Dec/2021:08:59:33 +0800] "GET /xingrg/all/function/internal_message.html?_=1639875568750&CODE_STATE=getMsg HTTP/1.1" 200 27
61.151.179.84 - - [19/Dec/2021:08:59:43 +0800] "GET /xingrg/all/function/internal_message.html?_=1639875518950&CODE_STATE=getMsg HTTP/1.1" 302 -
61.170.234.223 - - [19/Dec/2021:08:59:43 +0800] "GET /xingrg/all/function/internal_message.html?_=1639875578957&CODE_STATE=getMsg HTTP/1.1" 200 27
61.151.179.84 - - [19/Dec/2021:08:59:44 +0800] "GET /xingrg/login.html HTTP/1.1" 200 7641
180.175.103.30 - - [19/Dec/2021:08:59:59 +0800] "GET /xingrg/kc/buy/cgsh_order_operate.html?command=get_materiel&rest_code=00105&code=00101008197&supplier_code=00100203&order_time=2021-12-19 HTTP/1.1" 200 416
172.20.0.100 - - [19/Dec/2021:09:00:03 +0800] "GET /xingrg/all/function/internal_message.html?_=1639875597597&CODE_STATE=getMsg HTTP/1.1" 302 -
172.20.0.100 - - [19/Dec/2021:09:00:03 +0800] "GET /xingrg/check_reg.html?_=1639875597598 HTTP/1.1" 302 -
116.238.248.233 - - [19/Dec/2021:09:00:05 +0800] "GET /xingrg/all/function/internal_message.html?_=1639875600936&CODE_STATE=getMsg HTTP/1.1" 200 27
180.175.103.30 - - [19/Dec/2021:09:00:08 +0800] "GET /xingrg/kc/buy/cgsh_order_operate.html?command=get_materiel&rest_code=00105&code=00101008131&supplier_code=00100203&order_time=2021-12-19 HTTP/1.1" 200 408
124.77.245.186 - - [19/Dec/2021:09:00:19 +0800] "GET /xingrg/all/function/internal_message.html?_=1639875640400&CODE_STATE=getMsg HTTP/1.1" 200 27
116.227.210.113 - - [19/Dec/2021:09:00:21 +0800] "GET /xingrg/check_reg.html?_=1639875600582 HTTP/1.1" 200 22
116.227.210.113 - - [19/Dec/2021:09:00:21 +0800] "GET /xingrg/all/function/internal_message.html?_=1639875600584&CODE_STATE=getMsg HTTP/1.1" 200 27
114.83.222.225 - - [19/Dec/2021:09:00:21 +0800] "POST /xingrg/kc/buy/cgsh_order_operate.html HTTP/1.1" 200 37
124.77.245.186 - - [19/Dec/2021:09:00:27 +0800] "GET /xingrg/all/function/internal_message.html?_=1639875644997&CODE_STATE=getMsg HTTP/1.1" 302 -
116.233.77.205 - - [19/Dec/2021:09:00:28 +0800] "GET /xingrg/all/function/internal_message.html?_=1639875626809&CODE_STATE=getMsg HTTP/1.1" 200 27
180.175.103.30 - - [19/Dec/2021:09:00:29 +0800] "GET /xingrg/javascript/jquery_easy_ui/themes/icons/rest.png HTTP/1.1" 304 -
180.175.103.30 - - [19/Dec/2021:09:00:29 +0800] "GET /xingrg/javascript/jquery_easy_ui/themes/icons/manage.png HTTP/1.1" 304 -
180.175.103.30 - - [19/Dec/2021:09:00:29 +0800] "GET /xingrg/javascript/jquery_easy_ui/themes/icons/area.png HTTP/1.1" 304 -
180.175.103.30 - - [19/Dec/2021:09:00:29 +0800] "GET /xingrg/javascript/jquery_easy_ui/themes/default/images/tabs_active.png HTTP/1.1" 304 -
180.175.103.30 - - [19/Dec/2021:09:00:33 +0800] "GET /xingrg/all/function/internal_message.html?_=1639875628722&CODE_STATE=getMsg HTTP/1.1" 200 27
114.83.222.225 - - [19/Dec/2021:09:00:33 +0800] "GET /xingrg/all/function/internal_message.html?_=1639875628489&CODE_STATE=getMsg HTTP/1.1" 200 27
114.83.222.225 - - [19/Dec/2021:09:00:36 +0800] "POST /xingrg/kc/buy/cgsh_order_operate.html HTTP/1.1" 200 12
114.83.222.225 - - [19/Dec/2021:09:00:38 +0800] "GET /xingrg/kc/buy/cgsh_order_info.html?code=212021121907757 HTTP/1.1" 200 60155
114.83.222.225 - - [19/Dec/2021:09:00:39 +0800] "GET /xingrg/javascript/easyui/themes/default/validatebox.css HTTP/1.1" 404 1104
114.83.222.225 - - [19/Dec/2021:09:00:40 +0800] "POST /xingrg/kc/buy/cgsh_order_operate.html HTTP/1.1" 200 51462
114.83.222.225 - - [19/Dec/2021:09:00:43 +0800] "GET /xingrg/kc/print/load_config.html?kc_code=cgsh HTTP/1.1" 200 1943
114.83.222.225 - - [19/Dec/2021:09:00:43 +0800] "GET /xingrg/kc/print/load_data.html?order_code=212021121907757&kc_code=cgsh&condition= HTTP/1.1" 200 19960
61.170.234.223 - - [19/Dec/2021:09:00:43 +0800] "GET /xingrg/all/function/internal_message.html?_=1639875638941&CODE_STATE=getMsg HTTP/1.1" 200 27
180.175.103.30 - - [19/Dec/2021:09:00:49 +0800] "GET /xingrg/kc/buy/cgsh_order_operate.html?command=get_materiel&rest_code=00105&code=00101008352&supplier_code=00100203&order_time=2021-12-19 HTTP/1.1" 200 412
180.175.103.30 - - [19/Dec/2021:09:01:02 +0800] "GET /xingrg/kc/buy/cgsh_order_operate.html?command=get_materiel&rest_code=00105&code=00101008005&supplier_code=00100203&order_time=2021-12-19 HTTP/1.1" 200 412
172.20.0.100 - - [19/Dec/2021:09:01:03 +0800] "GET /xingrg/all/function/internal_message.html?_=1639875657600&CODE_STATE=getMsg HTTP/1.1" 302 -
116.238.248.233 - - [19/Dec/2021:09:01:05 +0800] "GET /xingrg/all/function/internal_message.html?_=1639875660985&CODE_STATE=getMsg HTTP/1.1" 200 27
124.77.245.186 - - [19/Dec/2021:09:01:06 +0800] "GET /xingrg/check_reg.html?_=1639875684770 HTTP/1.1" 302 -
180.175.103.30 - - [19/Dec/2021:09:01:11 +0800] "GET /xingrg/kc/buy/cgsh_order_operate.html?command=get_materiel&rest_code=00105&code=00101008271&supplier_code=00100203&order_time=2021-12-19 HTTP/1.1" 200 408
124.77.245.186 - - [19/Dec/2021:09:01:17 +0800] "GET /xingrg/check_reg.html?_=1639875699023 HTTP/1.1" 200 22
124.77.245.186 - - [19/Dec/2021:09:01:19 +0800] "GET /xingrg/all/function/internal_message.html?_=1639875700413&CODE_STATE=getMsg HTTP/1.1" 200 27
180.175.103.30 - - [19/Dec/2021:09:01:20 +0800] "GET /xingrg/kc/buy/cgsh_order_operate.html?command=get_materiel&rest_code=00105&code=00101008353&supplier_code=00100203&order_time=2021-12-19 HTTP/1.1" 200 408
116.227.210.113 - - [19/Dec/2021:09:01:21 +0800] "GET /xingrg/all/function/internal_message.html?_=1639875660597&CODE_STATE=getMsg HTTP/1.1" 200 27
124.77.245.186 - - [19/Dec/2021:09:01:27 +0800] "GET /xingrg/all/function/internal_message.html?_=1639875705018&CODE_STATE=getMsg HTTP/1.1" 302 -
116.233.77.205 - - [19/Dec/2021:09:01:28 +0800] "GET /xingrg/all/function/internal_message.html?_=1639875686811&CODE_STATE=getMsg HTTP/1.1" 200 27
116.233.77.205 - - [19/Dec/2021:09:01:28 +0800] "GET /xingrg/check_reg.html?_=1639875683907 HTTP/1.1" 200 22
180.175.103.30 - - [19/Dec/2021:09:01:30 +0800] "GET /xingrg/kc/buy/cgsh_order_operate.html?command=get_materiel&rest_code=00105&code=00101008213&supplier_code=00100203&order_time=2021-12-19 HTTP/1.1" 200 412
180.175.103.30 - - [19/Dec/2021:09:01:33 +0800] "GET /xingrg/check_reg.html?_=1639875688717 HTTP/1.1" 200 22
180.175.103.30 - - [19/Dec/2021:09:01:33 +0800] "GET /xingrg/all/function/internal_message.html?_=1639875688719&CODE_STATE=getMsg HTTP/1.1" 200 27
114.83.222.225 - - [19/Dec/2021:09:01:33 +0800] "GET /xingrg/all/function/internal_message.html?_=1639875688464&CODE_STATE=getMsg HTTP/1.1" 200 27
180.175.103.30 - - [19/Dec/2021:09:01:42 +0800] "GET /xingrg/kc/buy/cgsh_order_operate.html?command=get_materiel&rest_code=00105&code=00101008298&supplier_code=00100203&order_time=2021-12-19 HTTP/1.1" 200 413
61.170.234.223 - - [19/Dec/2021:09:01:43 +0800] "GET /xingrg/all/function/internal_message.html?_=1639875698942&CODE_STATE=getMsg HTTP/1.1" 200 27
180.175.103.30 - - [19/Dec/2021:09:01:49 +0800] "GET /xingrg/kc/buy/cgsh_order_operate.html?command=get_materiel&rest_code=00105&code=00101008105&supplier_code=00100203&order_time=2021-12-19 HTTP/1.1" 200 412
180.175.103.30 - - [19/Dec/2021:09:01:52 +0800] "POST /xingrg/kc/buy/cgsh_order_operate.html HTTP/1.1" 200 2065
180.175.103.30 - - [19/Dec/2021:09:01:54 +0800] "POST /xingrg/kc/buy/cgsh_order_operate.html HTTP/1.1" 200 2065
124.77.245.186 - - [19/Dec/2021:09:02:01 +0800] "GET /xingrg/kc/buy/cgsh_order_add.html HTTP/1.1" 200 65158
124.77.245.186 - - [19/Dec/2021:09:02:02 +0800] "POST /xingrg/kc/buy/cgsh_order_operate.html HTTP/1.1" 200 8245
124.77.245.186 - - [19/Dec/2021:09:02:02 +0800] "GET /xingrg/javascript/easyui/themes/default/validatebox.css HTTP/1.1" 404 1104
172.20.0.100 - - [19/Dec/2021:09:02:03 +0800] "GET /xingrg/all/function/internal_message.html?_=1639875717602&CODE_STATE=getMsg HTTP/1.1" 302 -
116.238.248.233 - - [19/Dec/2021:09:02:05 +0800] "GET /xingrg/all/function/internal_message.html?_=1639875721038&CODE_STATE=getMsg HTTP/1.1" 200 27
116.238.248.233 - - [19/Dec/2021:09:02:05 +0800] "GET /xingrg/check_reg.html?_=1639875721035 HTTP/1.1" 200 22
124.77.245.186 - - [19/Dec/2021:09:02:07 +0800] "GET /xingrg/javascript/jquery_tools/images/next.gif HTTP/1.1" 404 1086
124.77.245.186 - - [19/Dec/2021:09:02:07 +0800] "GET /xingrg/javascript/jquery_tools/images/prev.gif HTTP/1.1" 404 1086
124.77.245.186 - - [19/Dec/2021:09:02:19 +0800] "GET /xingrg/all/function/internal_message.html?_=1639875760426&CODE_STATE=getMsg HTTP/1.1" 200 27
116.227.210.113 - - [19/Dec/2021:09:02:21 +0800] "GET /xingrg/all/function/internal_message.html?_=1639875720597&CODE_STATE=getMsg HTTP/1.1" 200 27
124.77.245.186 - - [19/Dec/2021:09:02:27 +0800] "GET /xingrg/all/function/internal_message.html?_=1639875765025&CODE_STATE=getMsg HTTP/1.1" 302 -
116.233.77.205 - - [19/Dec/2021:09:02:28 +0800] "GET /xingrg/all/function/internal_message.html?_=1639875743905&CODE_STATE=getMsg HTTP/1.1" 200 27
180.175.103.30 - - [19/Dec/2021:09:02:33 +0800] "GET /xingrg/all/function/internal_message.html?_=1639875748732&CODE_STATE=getMsg HTTP/1.1" 200 27
114.83.222.225 - - [19/Dec/2021:09:02:33 +0800] "GET /xingrg/all/function/internal_message.html?_=1639875748434&CODE_STATE=getMsg HTTP/1.1" 200 27
180.175.103.30 - - [19/Dec/2021:09:02:41 +0800] "GET /xingrg/kc/buy/cgsh_order_operate.html?command=get_materiel&rest_code=00105&code=00101008588&supplier_code=00100203&order_time=2021-12-19 HTTP/1.1" 200 391
114.83.222.225 - - [19/Dec/2021:09:02:43 +0800] "GET /xingrg/kc/buy/cgsh_order_add.html HTTP/1.1" 200 65246
114.83.222.225 - - [19/Dec/2021:09:02:43 +0800] "POST /xingrg/kc/buy/cgsh_order_operate.html HTTP/1.1" 200 8245
114.83.222.225 - - [19/Dec/2021:09:02:43 +0800] "GET /xingrg/javascript/easyui/themes/default/validatebox.css HTTP/1.1" 404 1104
61.170.234.223 - - [19/Dec/2021:09:02:43 +0800] "GET /xingrg/all/function/internal_message.html?_=1639875758942&CODE_STATE=getMsg HTTP/1.1" 200 27
61.151.178.177 - - [19/Dec/2021:09:02:44 +0800] "GET /xingrg/all/function/internal_message.html?_=1639875698942&CODE_STATE=getMsg HTTP/1.1" 302 -
61.151.178.177 - - [19/Dec/2021:09:02:44 +0800] "GET /xingrg/login.html HTTP/1.1" 200 7641
180.175.103.30 - - [19/Dec/2021:09:02:51 +0800] "GET /xingrg/kc/buy/cgsh_order_operate.html?command=get_materiel&rest_code=00105&code=00101015136&supplier_code=00100203&order_time=2021-12-19 HTTP/1.1" 200 399
172.20.0.100 - - [19/Dec/2021:09:03:03 +0800] "GET /xingrg/all/function/internal_message.html?_=1639875777603&CODE_STATE=getMsg HTTP/1.1" 302 -
116.238.248.233 - - [19/Dec/2021:09:03:05 +0800] "GET /xingrg/all/function/internal_message.html?_=1639875781088&CODE_STATE=getMsg HTTP/1.1" 200 27
180.175.103.30 - - [19/Dec/2021:09:03:06 +0800] "GET /xingrg/kc/buy/cgsh_order_operate.html?command=get_materiel&rest_code=00105&code=00101015038&supplier_code=00100203&order_time=2021-12-19 HTTP/1.1" 200 418
180.175.103.30 - - [19/Dec/2021:09:03:12 +0800] "GET /xingrg/kc/buy/cgsh_order_operate.html?command=get_materiel&rest_code=00105&code=00101008361&supplier_code=00100203&order_time=2021-12-19 HTTP/1.1" 200 408
124.77.245.186 - - [19/Dec/2021:09:03:19 +0800] "GET /xingrg/all/function/internal_message.html?_=1639875820440&CODE_STATE=getMsg HTTP/1.1" 200 27
116.227.210.113 - - [19/Dec/2021:09:03:21 +0800] "GET /xingrg/all/function/internal_message.html?_=1639875780595&CODE_STATE=getMsg HTTP/1.1" 200 27
180.175.103.30 - - [19/Dec/2021:09:03:22 +0800] "GET /xingrg/kc/buy/cgsh_order_operate.html?command=get_materiel&rest_code=00105&code=00101008405&supplier_code=00100203&order_time=2021-12-19 HTTP/1.1" 200 413
124.77.245.186 - - [19/Dec/2021:09:03:27 +0800] "GET /xingrg/all/function/internal_message.html?_=1639875825047&CODE_STATE=getMsg HTTP/1.1" 302 -
116.233.77.205 - - [19/Dec/2021:09:03:28 +0800] "GET /xingrg/all/function/internal_message.html?_=1639875803907&CODE_STATE=getMsg HTTP/1.1" 200 27
180.175.103.30 - - [19/Dec/2021:09:03:33 +0800] "GET /xingrg/all/function/internal_message.html?_=1639875808798&CODE_STATE=getMsg HTTP/1.1" 200 27
114.83.222.225 - - [19/Dec/2021:09:03:33 +0800] "GET /xingrg/all/function/internal_message.html?_=1639875808410&CODE_STATE=getMsg HTTP/1.1" 200 27
180.175.103.30 - - [19/Dec/2021:09:03:34 +0800] "GET /xingrg/kc/buy/cgsh_order_operate.html?command=get_materiel&rest_code=00105&code=00101008312&supplier_code=00100203&order_time=2021-12-19 HTTP/1.1" 200 412
61.170.234.223 - - [19/Dec/2021:09:03:43 +0800] "GET /xingrg/check_reg.html?_=1639875818986 HTTP/1.1" 200 22
61.170.234.223 - - [19/Dec/2021:09:03:43 +0800] "GET /xingrg/all/function/internal_message.html?_=1639875818984&CODE_STATE=getMsg HTTP/1.1" 200 27
172.20.0.100 - - [19/Dec/2021:09:04:03 +0800] "GET /xingrg/all/function/internal_message.html?_=1639875837605&CODE_STATE=getMsg HTTP/1.1" 302 -
116.238.248.233 - - [19/Dec/2021:09:04:05 +0800] "GET /xingrg/all/function/internal_message.html?_=1639875841138&CODE_STATE=getMsg HTTP/1.1" 200 27
116.227.210.113 - - [19/Dec/2021:09:04:07 +0800] "POST /xingrg/services/DataTransmitService HTTP/1.1" 200 524
180.175.103.30 - - [19/Dec/2021:09:04:12 +0800] "GET /xingrg/kc/buy/cgsh_order_operate.html?command=get_materiel&rest_code=00105&code=00101008355&supplier_code=00100203&order_time=2021-12-19 HTTP/1.1" 200 408
124.77.245.186 - - [19/Dec/2021:09:04:19 +0800] "GET /xingrg/all/function/internal_message.html?_=1639875880485&CODE_STATE=getMsg HTTP/1.1" 200 27
116.227.210.113 - - [19/Dec/2021:09:04:21 +0800] "GET /xingrg/all/function/internal_message.html?_=1639875840588&CODE_STATE=getMsg HTTP/1.1" 200 27
114.83.222.225 - - [19/Dec/2021:09:04:25 +0800] "GET /xingrg/check_reg.html?_=1639875860831 HTTP/1.1" 200 22
124.77.245.186 - - [19/Dec/2021:09:04:27 +0800] "GET /xingrg/all/function/internal_message.html?_=1639875885052&CODE_STATE=getMsg HTTP/1.1" 302 -
116.233.77.205 - - [19/Dec/2021:09:04:28 +0800] "GET /xingrg/all/function/internal_message.html?_=1639875863909&CODE_STATE=getMsg HTTP/1.1" 200 27
180.175.103.30 - - [19/Dec/2021:09:04:33 +0800] "GET /xingrg/all/function/internal_message.html?_=1639875868891&CODE_STATE=getMsg HTTP/1.1" 200 27
114.83.222.225 - - [19/Dec/2021:09:04:33 +0800] "GET /xingrg/all/function/internal_message.html?_=1639875868398&CODE_STATE=getMsg HTTP/1.1" 200 27
180.175.103.30 - - [19/Dec/2021:09:04:37 +0800] "GET /xingrg/kc/buy/cgsh_order_operate.html?command=get_materiel&rest_code=00105&code=00101008190&supplier_code=00100203&order_time=2021-12-19 HTTP/1.1" 200 412
61.170.234.223 - - [19/Dec/2021:09:04:43 +0800] "GET /xingrg/all/function/internal_message.html?_=1639875878970&CODE_STATE=getMsg HTTP/1.1" 200 27
180.175.103.30 - - [19/Dec/2021:09:04:46 +0800] "GET /xingrg/kc/buy/cgsh_order_operate.html?command=get_materiel&rest_code=00105&code=00101008230&supplier_code=00100203&order_time=2021-12-19 HTTP/1.1" 200 408
180.175.103.30 - - [19/Dec/2021:09:04:53 +0800] "GET /xingrg/kc/buy/cgsh_order_operate.html?command=get_materiel&rest_code=00105&code=00101008036&supplier_code=00100203&order_time=2021-12-19 HTTP/1.1" 200 408
180.175.103.30 - - [19/Dec/2021:09:05:00 +0800] "GET /xingrg/kc/buy/cgsh_order_operate.html?command=get_materiel&rest_code=00105&code=00101008286&supplier_code=00100203&order_time=2021-12-19 HTTP/1.1" 200 408
172.20.0.100 - - [19/Dec/2021:09:05:03 +0800] "GET /xingrg/check_reg.html?_=1639875897592 HTTP/1.1" 302 -
172.20.0.100 - - [19/Dec/2021:09:05:03 +0800] "GET /xingrg/all/function/internal_message.html?_=1639875897594&CODE_STATE=getMsg HTTP/1.1" 302 -
116.238.248.233 - - [19/Dec/2021:09:05:05 +0800] "GET /xingrg/all/function/internal_message.html?_=1639875901187&CODE_STATE=getMsg HTTP/1.1" 200 27
124.77.245.186 - - [19/Dec/2021:09:05:19 +0800] "GET /xingrg/all/function/internal_message.html?_=1639875940498&CODE_STATE=getMsg HTTP/1.1" 200 27
180.175.103.30 - - [19/Dec/2021:09:05:20 +0800] "GET /xingrg/kc/buy/cgsh_order_operate.html?command=get_materiel&rest_code=00105&code=00101008275&supplier_code=00100203&order_time=2021-12-19 HTTP/1.1" 200 417
116.227.210.113 - - [19/Dec/2021:09:05:21 +0800] "GET /xingrg/check_reg.html?_=1639875900584 HTTP/1.1" 200 22
116.227.210.113 - - [19/Dec/2021:09:05:21 +0800] "GET /xingrg/all/function/internal_message.html?_=1639875900585&CODE_STATE=getMsg HTTP/1.1" 200 27
124.77.245.186 - - [19/Dec/2021:09:05:27 +0800] "GET /xingrg/all/function/internal_message.html?_=1639875945073&CODE_STATE=getMsg HTTP/1.1" 302 -
180.175.103.30 - - [19/Dec/2021:09:05:28 +0800] "GET /xingrg/kc/buy/cgsh_order_operate.html?command=get_materiel&rest_code=00105&code=00101008027&supplier_code=00100203&order_time=2021-12-19 HTTP/1.1" 200 408
116.233.77.205 - - [19/Dec/2021:09:05:28 +0800] "GET /xingrg/all/function/internal_message.html?_=1639875923911&CODE_STATE=getMsg HTTP/1.1" 200 27
180.175.103.30 - - [19/Dec/2021:09:05:33 +0800] "GET /xingrg/all/function/internal_message.html?_=1639875928867&CODE_STATE=getMsg HTTP/1.1" 200 27
114.83.222.225 - - [19/Dec/2021:09:05:33 +0800] "GET /xingrg/all/function/internal_message.html?_=1639875928380&CODE_STATE=getMsg HTTP/1.1" 200 27
180.175.103.30 - - [19/Dec/2021:09:05:41 +0800] "GET /xingrg/kc/buy/cgsh_order_operate.html?command=get_materiel&rest_code=00105&code=00101008132&supplier_code=00100203&order_time=2021-12-19 HTTP/1.1" 200 408
180.169.147.146 - - [19/Dec/2021:09:05:42 +0800] "GET /xingrg/check_reg.html?_=1639875937441 HTTP/1.1" 200 22
61.170.234.223 - - [19/Dec/2021:09:05:43 +0800] "GET /xingrg/all/function/internal_message.html?_=1639875938973&CODE_STATE=getMsg HTTP/1.1" 200 27
180.175.103.30 - - [19/Dec/2021:09:05:49 +0800] "GET /xingrg/kc/buy/cgsh_order_operate.html?command=get_materiel&rest_code=00105&code=00101008055&supplier_code=00100203&order_time=2021-12-19 HTTP/1.1" 200 409
180.175.103.30 - - [19/Dec/2021:09:05:52 +0800] "POST /xingrg/kc/buy/cgsh_order_operate.html HTTP/1.1" 200 2065
222.70.176.97 - - [19/Dec/2021:09:05:53 +0800] "GET /xingrg/login.html HTTP/1.1" 200 7641
222.70.176.97 - - [19/Dec/2021:09:05:53 +0800] "GET /favicon.ico HTTP/1.1" 404 -
180.175.103.30 - - [19/Dec/2021:09:05:54 +0800] "POST /xingrg/kc/buy/cgsh_order_operate.html HTTP/1.1" 200 2065
222.70.176.97 - - [19/Dec/2021:09:05:58 +0800] "POST /xingrg/login.do HTTP/1.1" 302 -
222.70.176.97 - - [19/Dec/2021:09:05:58 +0800] "GET /xingrg/index.html?sysBaseUrl=http%3A%2F%2F180.169.147.146%3A18081%2Fxingrg%2F&costTime=42×tamp=1639875958786 HTTP/1.1" 200 17173
222.70.176.97 - - [19/Dec/2021:09:05:59 +0800] "POST /xingrg/all/common/load_tree.html?tree=area_rest_tree_json&manage=1 HTTP/1.1" 200 342
222.70.176.97 - - [19/Dec/2021:09:05:59 +0800] "GET /xingrg/all/function/internal_message.html?_=1639875953989&CODE_STATE=count HTTP/1.1" 200 11
222.70.176.97 - - [19/Dec/2021:09:05:59 +0800] "GET /xingrg/check_reg.html?_=1639875953990 HTTP/1.1" 200 22
222.70.176.97 - - [19/Dec/2021:09:05:59 +0800] "GET /favicon.ico HTTP/1.1" 404 -
222.70.176.97 - - [19/Dec/2021:09:05:59 +0800] "POST /xingrg/load_menu.html HTTP/1.1" 200 5138
222.70.176.97 - - [19/Dec/2021:09:06:02 +0800] "GET /xingrg/kc/buy/buy_main.html HTTP/1.1" 200 12412
222.70.176.97 - - [19/Dec/2021:09:06:02 +0800] "GET /xingrg/css/new_ie.css HTTP/1.1" 404 1036
222.70.176.97 - - [19/Dec/2021:09:06:02 +0800] "GET /xingrg/images/yd/bt.gif HTTP/1.1" 404 1040
120.253.135.82 - - [19/Dec/2021:09:06:03 +0800] "GET /favicon.ico HTTP/1.1" 404 -
172.20.0.100 - - [19/Dec/2021:09:06:03 +0800] "GET /xingrg/all/function/internal_message.html?_=1639875957594&CODE_STATE=getMsg HTTP/1.1" 302 -
222.70.176.97 - - [19/Dec/2021:09:06:03 +0800] "GET /xingrg/kc/buy/cgsh_order_list.html HTTP/1.1" 200 49423
222.70.176.97 - - [19/Dec/2021:09:06:04 +0800] "POST /xingrg/kc/buy/cgsh_list_operate.html HTTP/1.1" 200 876
180.175.103.30 - - [19/Dec/2021:09:06:04 +0800] "GET /xingrg/kc/buy/cgsh_order_operate.html?command=get_materiel&rest_code=00105&code=00101008244&supplier_code=00100203&order_time=2021-12-19 HTTP/1.1" 200 408
116.238.248.233 - - [19/Dec/2021:09:06:05 +0800] "GET /xingrg/all/function/internal_message.html?_=1639875961237&CODE_STATE=getMsg HTTP/1.1" 200 27
124.77.245.186 - - [19/Dec/2021:09:06:06 +0800] "GET /xingrg/check_reg.html?_=1639875984772 HTTP/1.1" 302 -
222.70.176.97 - - [19/Dec/2021:09:06:07 +0800] "GET /xingrg/kc/buy/cgsh_order_add.html HTTP/1.1" 200 65114
222.70.176.97 - - [19/Dec/2021:09:06:07 +0800] "GET /xingrg/javascript/easyui/themes/default/validatebox.css HTTP/1.1" 404 1104
222.70.176.97 - - [19/Dec/2021:09:06:07 +0800] "GET /xingrg/all/common/auto_word.html?type=employee&rest_code=00111 HTTP/1.1" 200 155
222.70.176.97 - - [19/Dec/2021:09:06:07 +0800] "GET /xingrg/all/common/auto_word.html?type=employee&rest_code=00111 HTTP/1.1" 200 155
222.70.176.97 - - [19/Dec/2021:09:06:07 +0800] "POST /xingrg/kc/buy/cgsh_order_operate.html HTTP/1.1" 200 8245
222.70.176.97 - - [19/Dec/2021:09:06:12 +0800] "GET /xingrg/javascript/auto/indicator.gif HTTP/1.1" 404 1066
222.70.176.97 - - [19/Dec/2021:09:06:14 +0800] "GET /xingrg/javascript/jquery_tools/images/prev.gif HTTP/1.1" 404 1086
222.70.176.97 - - [19/Dec/2021:09:06:14 +0800] "GET /xingrg/javascript/jquery_tools/images/next.gif HTTP/1.1" 404 1086
180.175.103.30 - - [19/Dec/2021:09:06:16 +0800] "GET /xingrg/kc/buy/cgsh_order_operate.html?command=get_materiel&rest_code=00105&code=00101008351&supplier_code=00100203&order_time=2021-12-19 HTTP/1.1" 200 408
124.77.245.186 - - [19/Dec/2021:09:06:17 +0800] "GET /xingrg/check_reg.html?_=1639875999034 HTTP/1.1" 200 22
124.77.245.186 - - [19/Dec/2021:09:06:19 +0800] "GET /xingrg/all/function/internal_message.html?_=1639876000513&CODE_STATE=getMsg HTTP/1.1" 200 27
222.70.176.97 - - [19/Dec/2021:09:06:21 +0800] "GET /xingrg/kc/buy/cgsh_order_operate.html?command=get_materiel&rest_code=00111&code=00101006136&supplier_code=00100012&order_time=2021-12-19 HTTP/1.1" 200 417
116.227.210.113 - - [19/Dec/2021:09:06:21 +0800] "GET /xingrg/all/function/internal_message.html?_=1639875960597&CODE_STATE=getMsg HTTP/1.1" 200 27
124.77.245.186 - - [19/Dec/2021:09:06:27 +0800] "GET /xingrg/all/function/internal_message.html?_=1639876005079&CODE_STATE=getMsg HTTP/1.1" 302 -
116.233.77.205 - - [19/Dec/2021:09:06:28 +0800] "GET /xingrg/all/function/internal_message.html?_=1639875983913&CODE_STATE=getMsg HTTP/1.1" 200 27
