116.238.248.233 - - [19/Dec/2021:09:35:17 +0800] "GET /xingrg/kc/buy/cgsh_order_operate.html?command=get_materiel&rest_code=00151&code=00101008096&supplier_code=00100007&order_time=2021-12-19 HTTP/1.1" 200 412
222.69.132.164 - - [19/Dec/2021:09:35:18 +0800] "GET /xingrg/all/function/internal_message.html?_=1639877738606&CODE_STATE=getMsg HTTP/1.1" 200 27
116.235.94.0 - - [19/Dec/2021:09:35:18 +0800] "GET /xingrg/all/function/internal_message.html?_=1639877735558&CODE_STATE=getMsg HTTP/1.1" 200 27
116.227.210.113 - - [19/Dec/2021:09:35:19 +0800] "GET /xingrg/kc/print/load_data.html?order_code=212021121907768&kc_code=cgsh HTTP/1.1" 200 4755
124.77.245.186 - - [19/Dec/2021:09:35:19 +0800] "GET /xingrg/all/function/internal_message.html?_=1639877741109&CODE_STATE=getMsg HTTP/1.1" 200 27
116.227.210.113 - - [19/Dec/2021:09:35:21 +0800] "GET /xingrg/all/function/internal_message.html?_=1639877700570&CODE_STATE=getMsg HTTP/1.1" 200 27
116.227.210.113 - - [19/Dec/2021:09:35:21 +0800] "GET /xingrg/check_reg.html?_=1639877700573 HTTP/1.1" 200 22
116.238.248.233 - - [19/Dec/2021:09:35:23 +0800] "GET /xingrg/kc/buy/cgsh_order_operate.html?command=get_materiel&rest_code=00151&code=00101008005&supplier_code=00100007&order_time=2021-12-19 HTTP/1.1" 200 412
124.77.245.186 - - [19/Dec/2021:09:35:27 +0800] "GET /xingrg/all/function/internal_message.html?_=1639877745482&CODE_STATE=getMsg HTTP/1.1" 302 -
222.69.132.164 - - [19/Dec/2021:09:35:28 +0800] "POST /xingrg/kc/buy/cgsh_order_operate.html HTTP/1.1" 200 2065
116.233.77.205 - - [19/Dec/2021:09:35:28 +0800] "GET /xingrg/all/function/internal_message.html?_=1639877723593&CODE_STATE=getMsg HTTP/1.1" 200 27
180.169.147.146 - - [19/Dec/2021:09:35:29 +0800] "GET /xingrg/all/function/internal_message.html?_=1639877725759&CODE_STATE=getMsg HTTP/1.1" 200 27
116.238.248.233 - - [19/Dec/2021:09:35:30 +0800] "GET /xingrg/kc/buy/cgsh_order_operate.html?command=get_materiel&rest_code=00151&code=00101008131&supplier_code=00100007&order_time=2021-12-19 HTTP/1.1" 200 408
116.235.94.0 - - [19/Dec/2021:09:35:30 +0800] "GET /xingrg/kc/buy/cgsh_order_operate.html?command=get_materiel&rest_code=00104&code=00101008351&supplier_code=00100005&order_time=2021-12-19 HTTP/1.1" 200 408
114.83.222.225 - - [19/Dec/2021:09:35:32 +0800] "GET /xingrg/all/function/internal_message.html?_=1639877727686&CODE_STATE=getMsg HTTP/1.1" 200 27
180.175.103.30 - - [19/Dec/2021:09:35:32 +0800] "GET /xingrg/all/function/internal_message.html?_=1639877728505&CODE_STATE=getMsg HTTP/1.1" 200 27
116.238.248.233 - - [19/Dec/2021:09:35:35 +0800] "GET /xingrg/kc/buy/cgsh_order_operate.html?command=get_materiel&rest_code=00151&code=00101008312&supplier_code=00100007&order_time=2021-12-19 HTTP/1.1" 200 412
116.238.248.233 - - [19/Dec/2021:09:35:37 +0800] "POST /xingrg/kc/buy/cgsh_order_operate.html HTTP/1.1" 200 2065
114.85.125.222 - - [19/Dec/2021:09:35:37 +0800] "GET /xingrg/kc/buy/cgsh_order_operate.html?command=get_materiel&rest_code=00150&code=00101012033&supplier_code=00100096&order_time=2021-12-19 HTTP/1.1" 200 426
116.238.208.177 - - [19/Dec/2021:09:35:38 +0800] "GET /xingrg/check_reg.html?_=1639877740492 HTTP/1.1" 200 22
116.238.208.177 - - [19/Dec/2021:09:35:38 +0800] "GET /xingrg/all/function/internal_message.html?_=1639877740549&CODE_STATE=getMsg HTTP/1.1" 200 27
116.238.248.233 - - [19/Dec/2021:09:35:42 +0800] "GET /xingrg/kc/buy/cgsh_order_operate.html?command=get_materiel&rest_code=00151&code=00101008125&supplier_code=00100007&order_time=2021-12-19 HTTP/1.1" 200 413
116.235.94.0 - - [19/Dec/2021:09:35:42 +0800] "GET /xingrg/kc/buy/cgsh_order_operate.html?command=get_materiel&rest_code=00104&code=00101008186&supplier_code=00100005&order_time=2021-12-19 HTTP/1.1" 200 408
114.85.125.222 - - [19/Dec/2021:09:35:43 +0800] "GET /xingrg/all/function/internal_message.html?_=1639877690481&CODE_STATE=getMsg HTTP/1.1" 200 27
61.170.234.223 - - [19/Dec/2021:09:35:43 +0800] "GET /xingrg/all/function/internal_message.html?_=1639877738995&CODE_STATE=getMsg HTTP/1.1" 200 27
114.85.125.222 - - [19/Dec/2021:09:35:45 +0800] "GET /xingrg/kc/buy/cgsh_order_operate.html?command=get_materiel&rest_code=00150&code=00101007081&supplier_code=00100096&order_time=2021-12-19 HTTP/1.1" 200 415
116.235.94.0 - - [19/Dec/2021:09:35:48 +0800] "POST /xingrg/kc/buy/cgsh_order_operate.html HTTP/1.1" 200 2065
101.89.239.120 - - [19/Dec/2021:09:35:52 +0800] "GET /xingrg/all/function/internal_message.html?_=1639876538976&CODE_STATE=getMsg HTTP/1.1" 302 -
116.238.248.233 - - [19/Dec/2021:09:35:52 +0800] "GET /xingrg/kc/buy/cgsh_order_operate.html?command=get_materiel&rest_code=00151&code=00101015046&supplier_code=00100007&order_time=2021-12-19 HTTP/1.1" 200 413
101.89.239.120 - - [19/Dec/2021:09:35:53 +0800] "GET /xingrg/login.html HTTP/1.1" 200 7641
172.20.0.100 - - [19/Dec/2021:09:35:53 +0800] "GET /xingrg/all/function/internal_message.html?_=1639877747894&CODE_STATE=getMsg HTTP/1.1" 200 27
116.238.248.233 - - [19/Dec/2021:09:35:57 +0800] "GET /xingrg/kc/buy/cgsh_order_operate.html?command=get_materiel&rest_code=00151&code=00101008210&supplier_code=00100007&order_time=2021-12-19 HTTP/1.1" 200 408
116.235.94.0 - - [19/Dec/2021:09:35:57 +0800] "GET /xingrg/kc/buy/cgsh_order_operate.html?command=get_materiel&rest_code=00104&code=00101008283&supplier_code=00100005&order_time=2021-12-19 HTTP/1.1" 200 408
124.77.245.186 - - [19/Dec/2021:09:36:06 +0800] "GET /xingrg/check_reg.html?_=1639877784805 HTTP/1.1" 302 -
116.238.248.233 - - [19/Dec/2021:09:36:06 +0800] "GET /xingrg/all/function/internal_message.html?_=1639877762683&CODE_STATE=getMsg HTTP/1.1" 200 27
180.169.147.146 - - [19/Dec/2021:09:36:09 +0800] "GET /xingrg/check_reg.html?_=1639877757674 HTTP/1.1" 302 -
180.169.147.146 - - [19/Dec/2021:09:36:09 +0800] "GET /xingrg/login.html HTTP/1.1" 200 7641
116.235.94.0 - - [19/Dec/2021:09:36:11 +0800] "GET /xingrg/kc/buy/cgsh_order_operate.html?command=get_materiel&rest_code=00104&code=00101008224&supplier_code=00100005&order_time=2021-12-19 HTTP/1.1" 200 416
116.238.248.233 - - [19/Dec/2021:09:36:16 +0800] "GET /xingrg/kc/buy/cgsh_order_operate.html?command=get_materiel&rest_code=00151&code=00101015038&supplier_code=00100007&order_time=2021-12-19 HTTP/1.1" 200 419
124.77.245.186 - - [19/Dec/2021:09:36:17 +0800] "GET /xingrg/check_reg.html?_=1639877799063 HTTP/1.1" 200 22
116.238.248.233 - - [19/Dec/2021:09:36:17 +0800] "POST /xingrg/kc/buy/cgsh_order_operate.html HTTP/1.1" 200 2065
222.69.132.164 - - [19/Dec/2021:09:36:18 +0800] "GET /xingrg/all/function/internal_message.html?_=1639877798578&CODE_STATE=getMsg HTTP/1.1" 200 27
116.235.94.0 - - [19/Dec/2021:09:36:18 +0800] "GET /xingrg/all/function/internal_message.html?_=1639877795572&CODE_STATE=getMsg HTTP/1.1" 200 27
124.77.245.186 - - [19/Dec/2021:09:36:19 +0800] "GET /xingrg/all/function/internal_message.html?_=1639877801123&CODE_STATE=getMsg HTTP/1.1" 200 27
116.227.210.113 - - [19/Dec/2021:09:36:21 +0800] "GET /xingrg/all/function/internal_message.html?_=1639877760595&CODE_STATE=getMsg HTTP/1.1" 200 27
116.235.94.0 - - [19/Dec/2021:09:36:22 +0800] "GET /xingrg/kc/buy/cgsh_order_operate.html?command=get_materiel&rest_code=00104&code=00101008003&supplier_code=00100005&order_time=2021-12-19 HTTP/1.1" 200 408
114.85.125.222 - - [19/Dec/2021:09:36:24 +0800] "POST /xingrg/kc/buy/cgsh_order_operate.html HTTP/1.1" 200 37
116.238.248.233 - - [19/Dec/2021:09:36:24 +0800] "GET /xingrg/kc/buy/cgsh_order_operate.html?command=get_materiel&rest_code=00151&code=00101008350&supplier_code=00100007&order_time=2021-12-19 HTTP/1.1" 200 408
124.77.245.186 - - [19/Dec/2021:09:36:27 +0800] "GET /xingrg/all/function/internal_message.html?_=1639877805487&CODE_STATE=getMsg HTTP/1.1" 302 -
116.233.77.205 - - [19/Dec/2021:09:36:28 +0800] "GET /xingrg/all/function/internal_message.html?_=1639877783595&CODE_STATE=getMsg HTTP/1.1" 200 27
116.233.77.205 - - [19/Dec/2021:09:36:28 +0800] "GET /xingrg/check_reg.html?_=1639877783596 HTTP/1.1" 200 22
180.169.147.146 - - [19/Dec/2021:09:36:29 +0800] "GET /xingrg/all/function/internal_message.html?_=1639877785763&CODE_STATE=getMsg HTTP/1.1" 200 27
116.238.248.233 - - [19/Dec/2021:09:36:32 +0800] "GET /xingrg/kc/buy/cgsh_order_operate.html?command=get_materiel&rest_code=00151&code=00101008069&supplier_code=00100007&order_time=2021-12-19 HTTP/1.1" 200 412
114.83.222.225 - - [19/Dec/2021:09:36:32 +0800] "GET /xingrg/all/function/internal_message.html?_=1639877787656&CODE_STATE=getMsg HTTP/1.1" 200 27
180.175.103.30 - - [19/Dec/2021:09:36:32 +0800] "GET /xingrg/all/function/internal_message.html?_=1639877788484&CODE_STATE=getMsg HTTP/1.1" 200 27
180.175.103.30 - - [19/Dec/2021:09:36:33 +0800] "GET /xingrg/check_reg.html?_=1639877788768 HTTP/1.1" 200 22
116.238.208.177 - - [19/Dec/2021:09:36:38 +0800] "GET /xingrg/all/function/internal_message.html?_=1639877800563&CODE_STATE=getMsg HTTP/1.1" 200 27
116.238.248.233 - - [19/Dec/2021:09:36:40 +0800] "GET /xingrg/kc/buy/cgsh_order_operate.html?command=get_materiel&rest_code=00151&code=00101008092&supplier_code=00100007&order_time=2021-12-19 HTTP/1.1" 200 412
116.235.94.0 - - [19/Dec/2021:09:36:41 +0800] "GET /xingrg/kc/buy/cgsh_order_operate.html?command=get_materiel&rest_code=00104&code=00101008251&supplier_code=00100005&order_time=2021-12-19 HTTP/1.1" 200 408
61.170.234.223 - - [19/Dec/2021:09:36:43 +0800] "GET /xingrg/all/function/internal_message.html?_=1639877798995&CODE_STATE=getMsg HTTP/1.1" 200 27
222.69.132.164 - - [19/Dec/2021:09:36:47 +0800] "GET /xingrg/kc/buy/cgsh_order_operate.html?command=get_materiel&rest_code=00154&code=00102005373&supplier_code=00100151&order_time=2021-12-18 HTTP/1.1" 200 408
116.238.208.177 - - [19/Dec/2021:09:36:48 +0800] "POST /xingrg/services/DataTransmitService HTTP/1.1" 200 524
116.238.208.177 - - [19/Dec/2021:09:36:50 +0800] "POST /xingrg/services/DataTransmitService HTTP/1.1" 200 501
116.238.208.177 - - [19/Dec/2021:09:36:50 +0800] "POST /xingrg/services/DataTransmitService HTTP/1.1" 200 501
116.238.208.177 - - [19/Dec/2021:09:36:50 +0800] "POST /xingrg/services/DataTransmitService HTTP/1.1" 200 501
116.238.208.177 - - [19/Dec/2021:09:36:51 +0800] "POST /xingrg/services/DataTransmitService HTTP/1.1" 200 501
116.238.208.177 - - [19/Dec/2021:09:36:51 +0800] "POST /xingrg/services/DataTransmitService HTTP/1.1" 200 501
116.235.94.0 - - [19/Dec/2021:09:36:51 +0800] "GET /xingrg/kc/buy/cgsh_order_operate.html?command=get_materiel&rest_code=00104&code=00101008223&supplier_code=00100005&order_time=2021-12-19 HTTP/1.1" 200 412
116.238.208.177 - - [19/Dec/2021:09:36:51 +0800] "POST /xingrg/services/DataTransmitService HTTP/1.1" 200 501
116.238.208.177 - - [19/Dec/2021:09:36:52 +0800] "POST /xingrg/services/DataTransmitService HTTP/1.1" 200 501
116.238.208.177 - - [19/Dec/2021:09:36:52 +0800] "POST /xingrg/services/DataTransmitService HTTP/1.1" 200 501
116.238.208.177 - - [19/Dec/2021:09:36:52 +0800] "POST /xingrg/services/DataTransmitService HTTP/1.1" 200 412
172.20.0.100 - - [19/Dec/2021:09:36:53 +0800] "GET /xingrg/all/function/internal_message.html?_=1639877807880&CODE_STATE=getMsg HTTP/1.1" 200 27
222.69.132.164 - - [19/Dec/2021:09:36:53 +0800] "POST /xingrg/all/common/load_select.html HTTP/1.1" 200 12
116.235.94.0 - - [19/Dec/2021:09:36:55 +0800] "POST /xingrg/kc/buy/cgsh_order_operate.html HTTP/1.1" 200 2065
116.238.248.233 - - [19/Dec/2021:09:36:57 +0800] "POST /xingrg/kc/buy/cgsh_order_operate.html HTTP/1.1" 200 37
222.69.132.164 - - [19/Dec/2021:09:36:58 +0800] "GET /xingrg/kc/buy/cgsh_order_operate.html?command=get_materiel_price&rest_code=00154&code=00102005373&unit_code=00100013&supplier_code=00100151&order_time=2021-12-18 HTTP/1.1" 200 27
116.238.248.233 - - [19/Dec/2021:09:36:59 +0800] "POST /xingrg/kc/buy/cgsh_order_operate.html HTTP/1.1" 200 21802
116.238.248.233 - - [19/Dec/2021:09:37:00 +0800] "GET /xingrg/kc/buy/cgsh_order_add.html HTTP/1.1" 200 64797
116.238.248.233 - - [19/Dec/2021:09:37:00 +0800] "GET /xingrg/words/20211219091645_words.js HTTP/1.1" 304 -
116.238.248.233 - - [19/Dec/2021:09:37:00 +0800] "POST /xingrg/kc/buy/cgsh_order_operate.html HTTP/1.1" 200 8245
116.238.248.233 - - [19/Dec/2021:09:37:00 +0800] "GET /xingrg/javascript/easyui/themes/default/validatebox.css HTTP/1.1" 404 1104
114.85.125.222 - - [19/Dec/2021:09:37:02 +0800] "POST /xingrg/kc/buy/cgsh_order_operate.html HTTP/1.1" 200 12
114.85.125.222 - - [19/Dec/2021:09:37:04 +0800] "GET /xingrg/kc/buy/cgsh_order_info.html?code=212021121907771 HTTP/1.1" 200 59991
114.85.125.222 - - [19/Dec/2021:09:37:04 +0800] "GET /xingrg/javascript/easyui/themes/default/validatebox.css HTTP/1.1" 404 1104
114.85.125.222 - - [19/Dec/2021:09:37:05 +0800] "GET /xingrg/all/function/internal_message.html?_=1639877772008&CODE_STATE=getMsg HTTP/1.1" 200 27
114.85.125.222 - - [19/Dec/2021:09:37:05 +0800] "POST /xingrg/kc/buy/cgsh_order_operate.html HTTP/1.1" 200 6539
116.238.248.233 - - [19/Dec/2021:09:37:06 +0800] "GET /xingrg/all/function/internal_message.html?_=1639877822736&CODE_STATE=getMsg HTTP/1.1" 200 27
116.238.248.233 - - [19/Dec/2021:09:37:06 +0800] "GET /xingrg/check_reg.html?_=1639877822742 HTTP/1.1" 200 22
114.85.125.222 - - [19/Dec/2021:09:37:08 +0800] "GET /xingrg/kc/print/load_config.html?kc_code=cgsh HTTP/1.1" 200 1943
114.85.125.222 - - [19/Dec/2021:09:37:09 +0800] "GET /xingrg/kc/print/load_data.html?order_code=212021121907771&kc_code=cgsh&condition= HTTP/1.1" 200 2970
116.235.94.0 - - [19/Dec/2021:09:37:09 +0800] "GET /xingrg/kc/buy/cgsh_order_operate.html?command=get_materiel&rest_code=00104&code=00101008069&supplier_code=00100005&order_time=2021-12-19 HTTP/1.1" 200 412
116.238.248.233 - - [19/Dec/2021:09:37:12 +0800] "GET /xingrg/kc/buy/cgsh_order_operate.html?command=get_materiel&rest_code=00151&code=00101009078&supplier_code=00100424&order_time=2021-12-19 HTTP/1.1" 200 394
116.235.94.0 - - [19/Dec/2021:09:37:15 +0800] "GET /xingrg/kc/buy/cgsh_order_operate.html?command=get_materiel&rest_code=00104&code=00101008036&supplier_code=00100005&order_time=2021-12-19 HTTP/1.1" 200 408
222.69.132.164 - - [19/Dec/2021:09:37:18 +0800] "GET /xingrg/all/function/internal_message.html?_=1639877858587&CODE_STATE=getMsg HTTP/1.1" 200 27
116.235.94.0 - - [19/Dec/2021:09:37:18 +0800] "GET /xingrg/check_reg.html?_=1639877855650 HTTP/1.1" 200 22
116.235.94.0 - - [19/Dec/2021:09:37:19 +0800] "GET /xingrg/all/function/internal_message.html?_=1639877855736&CODE_STATE=getMsg HTTP/1.1" 200 27
124.77.245.186 - - [19/Dec/2021:09:37:19 +0800] "GET /xingrg/all/function/internal_message.html?_=1639877861137&CODE_STATE=getMsg HTTP/1.1" 200 27
116.227.210.113 - - [19/Dec/2021:09:37:21 +0800] "GET /xingrg/all/function/internal_message.html?_=1639877820594&CODE_STATE=getMsg HTTP/1.1" 200 27
116.238.248.233 - - [19/Dec/2021:09:37:23 +0800] "GET /xingrg/kc/buy/cgsh_order_operate.html?command=get_materiel&rest_code=00151&code=00101009016&supplier_code=00100424&order_time=2021-12-19 HTTP/1.1" 200 412
116.235.94.0 - - [19/Dec/2021:09:37:26 +0800] "GET /xingrg/kc/buy/cgsh_order_operate.html?command=get_materiel&rest_code=00104&code=00101008286&supplier_code=00100005&order_time=2021-12-19 HTTP/1.1" 200 408
124.77.245.186 - - [19/Dec/2021:09:37:27 +0800] "GET /xingrg/all/function/internal_message.html?_=1639877865508&CODE_STATE=getMsg HTTP/1.1" 302 -
116.233.77.205 - - [19/Dec/2021:09:37:28 +0800] "GET /xingrg/all/function/internal_message.html?_=1639877843598&CODE_STATE=getMsg HTTP/1.1" 200 27
222.69.132.164 - - [19/Dec/2021:09:37:29 +0800] "GET /xingrg/kc/buy/cgsh_order_operate.html?command=get_materiel&rest_code=00154&code=00102016466&supplier_code=00100151&order_time=2021-12-18 HTTP/1.1" 200 411
180.169.147.146 - - [19/Dec/2021:09:37:29 +0800] "GET /xingrg/all/function/internal_message.html?_=1639877845763&CODE_STATE=getMsg HTTP/1.1" 200 27
116.238.248.233 - - [19/Dec/2021:09:37:30 +0800] "GET /xingrg/kc/buy/cgsh_order_operate.html?command=get_materiel&rest_code=00151&code=00101009053&supplier_code=00100424&order_time=2021-12-19 HTTP/1.1" 200 408
114.83.222.225 - - [19/Dec/2021:09:37:32 +0800] "GET /xingrg/all/function/internal_message.html?_=1639877847626&CODE_STATE=getMsg HTTP/1.1" 200 27
180.175.103.30 - - [19/Dec/2021:09:37:32 +0800] "GET /xingrg/all/function/internal_message.html?_=1639877848484&CODE_STATE=getMsg HTTP/1.1" 200 27
222.69.132.164 - - [19/Dec/2021:09:37:34 +0800] "POST /xingrg/all/common/load_select.html HTTP/1.1" 200 12
116.235.94.0 - - [19/Dec/2021:09:37:35 +0800] "GET /xingrg/kc/buy/cgsh_order_operate.html?command=get_materiel&rest_code=00104&code=00101008131&supplier_code=00100005&order_time=2021-12-19 HTTP/1.1" 200 408
180.175.103.30 - - [19/Dec/2021:09:37:37 +0800] "POST /xingrg/kc/buy/cgsh_order_operate.html HTTP/1.1" 200 37
114.85.125.222 - - [19/Dec/2021:09:37:37 +0800] "GET /xingrg/kc/buy/cgsh_order_add.html HTTP/1.1" 200 65088
114.85.125.222 - - [19/Dec/2021:09:37:38 +0800] "POST /xingrg/kc/buy/cgsh_order_operate.html HTTP/1.1" 200 8245
114.85.125.222 - - [19/Dec/2021:09:37:38 +0800] "GET /xingrg/javascript/easyui/themes/default/validatebox.css HTTP/1.1" 404 1104
116.238.248.233 - - [19/Dec/2021:09:37:38 +0800] "GET /xingrg/kc/buy/cgsh_order_operate.html?command=get_materiel&rest_code=00151&code=00101015017&supplier_code=00100424&order_time=2021-12-19 HTTP/1.1" 200 412
116.238.208.177 - - [19/Dec/2021:09:37:38 +0800] "GET /xingrg/all/function/internal_message.html?_=1639877860577&CODE_STATE=getMsg HTTP/1.1" 200 27
222.69.132.164 - - [19/Dec/2021:09:37:38 +0800] "GET /xingrg/kc/buy/cgsh_order_operate.html?command=get_materiel_price&rest_code=00154&code=00102016466&unit_code=00100004&supplier_code=00100151&order_time=2021-12-18 HTTP/1.1" 200 30
180.175.103.30 - - [19/Dec/2021:09:37:40 +0800] "POST /xingrg/kc/buy/cgsh_order_operate.html HTTP/1.1" 200 45261
116.238.248.233 - - [19/Dec/2021:09:37:42 +0800] "GET /xingrg/kc/buy/cgsh_order_operate.html?command=get_materiel&rest_code=00151&code=00101009062&supplier_code=00100424&order_time=2021-12-19 HTTP/1.1" 200 412
61.170.234.223 - - [19/Dec/2021:09:37:43 +0800] "GET /xingrg/all/function/internal_message.html?_=1639877858995&CODE_STATE=getMsg HTTP/1.1" 200 27
114.85.125.222 - - [19/Dec/2021:09:37:47 +0800] "GET /xingrg/kc/buy/cgsh_order_operate.html?command=get_materiel&rest_code=00150&code=00101011005&supplier_code=00100047&order_time=2021-12-19 HTTP/1.1" 200 428
116.238.248.233 - - [19/Dec/2021:09:37:50 +0800] "GET /xingrg/kc/buy/cgsh_order_operate.html?command=get_materiel&rest_code=00151&code=00101009039&supplier_code=00100424&order_time=2021-12-19 HTTP/1.1" 200 408
116.235.94.0 - - [19/Dec/2021:09:37:51 +0800] "GET /xingrg/kc/buy/cgsh_order_operate.html?command=get_materiel&rest_code=00104&code=00101008295&supplier_code=00100005&order_time=2021-12-19 HTTP/1.1" 200 412
172.20.0.100 - - [19/Dec/2021:09:37:53 +0800] "GET /xingrg/all/function/internal_message.html?_=1639877867882&CODE_STATE=getMsg HTTP/1.1" 200 27
172.20.0.100 - - [19/Dec/2021:09:37:53 +0800] "GET /xingrg/check_reg.html?_=1639877867887 HTTP/1.1" 200 22
116.235.94.0 - - [19/Dec/2021:09:37:54 +0800] "POST /xingrg/kc/buy/cgsh_order_operate.html HTTP/1.1" 200 2065
116.238.248.233 - - [19/Dec/2021:09:37:58 +0800] "GET /xingrg/kc/buy/cgsh_order_operate.html?command=get_materiel&rest_code=00151&code=00101009088&supplier_code=00100424&order_time=2021-12-19 HTTP/1.1" 200 391
114.85.125.222 - - [19/Dec/2021:09:38:01 +0800] "POST /xingrg/kc/buy/cgsh_order_operate.html HTTP/1.1" 200 37
116.235.94.0 - - [19/Dec/2021:09:38:04 +0800] "GET /xingrg/kc/buy/cgsh_order_operate.html?command=get_materiel&rest_code=00104&code=00101008098&supplier_code=00100005&order_time=2021-12-19 HTTP/1.1" 200 412
114.85.125.222 - - [19/Dec/2021:09:38:05 +0800] "GET /xingrg/all/function/internal_message.html?_=1639877832060&CODE_STATE=getMsg HTTP/1.1" 200 27
114.85.125.222 - - [19/Dec/2021:09:38:06 +0800] "POST /xingrg/kc/buy/cgsh_order_operate.html HTTP/1.1" 200 12
116.238.248.233 - - [19/Dec/2021:09:38:06 +0800] "GET /xingrg/all/function/internal_message.html?_=1639877882781&CODE_STATE=getMsg HTTP/1.1" 200 27
114.85.125.222 - - [19/Dec/2021:09:38:07 +0800] "GET /xingrg/kc/buy/cgsh_order_info.html?code=212021121907773 HTTP/1.1" 200 60001
116.238.248.233 - - [19/Dec/2021:09:38:07 +0800] "GET /xingrg/kc/buy/cgsh_order_operate.html?command=get_materiel&rest_code=00151&code=00101009011&supplier_code=00100424&order_time=2021-12-19 HTTP/1.1" 200 416
114.85.125.222 - - [19/Dec/2021:09:38:07 +0800] "GET /xingrg/javascript/easyui/themes/default/validatebox.css HTTP/1.1" 404 1104
114.85.125.222 - - [19/Dec/2021:09:38:08 +0800] "POST /xingrg/kc/buy/cgsh_order_operate.html HTTP/1.1" 200 606
114.85.125.222 - - [19/Dec/2021:09:38:10 +0800] "GET /xingrg/kc/print/load_data.html?order_code=212021121907773&kc_code=cgsh&condition= HTTP/1.1" 200 780
61.170.234.223 - - [19/Dec/2021:09:38:11 +0800] "POST /xingrg/services/DataTransmitService HTTP/1.1" 200 524
116.235.94.0 - - [19/Dec/2021:09:38:13 +0800] "GET /xingrg/javascript/easyui/themes/default/images/button_plain_hover.png HTTP/1.1" 304 -
116.235.94.0 - - [19/Dec/2021:09:38:13 +0800] "GET /xingrg/javascript/easyui/themes/default/images/button_plain_hover.png HTTP/1.1" 304 -
116.235.94.0 - - [19/Dec/2021:09:38:13 +0800] "GET /xingrg/javascript/easyui/themes/default/images/button_plain_hover.png HTTP/1.1" 304 -
116.238.248.233 - - [19/Dec/2021:09:38:15 +0800] "GET /xingrg/kc/buy/cgsh_order_operate.html?command=get_materiel&rest_code=00151&code=00101009049&supplier_code=00100424&order_time=2021-12-19 HTTP/1.1" 200 416
116.235.94.0 - - [19/Dec/2021:09:38:18 +0800] "POST /xingrg/kc/buy/cgsh_order_operate.html HTTP/1.1" 200 37
222.69.132.164 - - [19/Dec/2021:09:38:18 +0800] "GET /xingrg/check_reg.html?_=1639877918579 HTTP/1.1" 200 22
222.69.132.164 - - [19/Dec/2021:09:38:18 +0800] "GET /xingrg/all/function/internal_message.html?_=1639877918585&CODE_STATE=getMsg HTTP/1.1" 200 27
124.77.245.186 - - [19/Dec/2021:09:38:19 +0800] "GET /xingrg/all/function/internal_message.html?_=1639877921151&CODE_STATE=getMsg HTTP/1.1" 200 27
116.227.210.113 - - [19/Dec/2021:09:38:21 +0800] "GET /xingrg/all/function/internal_message.html?_=1639877880589&CODE_STATE=getMsg HTTP/1.1" 200 27
116.235.94.0 - - [19/Dec/2021:09:38:26 +0800] "POST /xingrg/kc/buy/cgsh_order_operate.html HTTP/1.1" 200 25704
124.77.245.186 - - [19/Dec/2021:09:38:27 +0800] "GET /xingrg/all/function/internal_message.html?_=1639877925514&CODE_STATE=getMsg HTTP/1.1" 302 -
116.233.77.205 - - [19/Dec/2021:09:38:28 +0800] "GET /xingrg/all/function/internal_message.html?_=1639877903600&CODE_STATE=getMsg HTTP/1.1" 200 27
180.169.147.146 - - [19/Dec/2021:09:38:29 +0800] "GET /xingrg/check_reg.html?_=1639877905770 HTTP/1.1" 200 22
180.169.147.146 - - [19/Dec/2021:09:38:29 +0800] "GET /xingrg/all/function/internal_message.html?_=1639877905830&CODE_STATE=getMsg HTTP/1.1" 200 27
114.83.222.225 - - [19/Dec/2021:09:38:32 +0800] "GET /xingrg/all/function/internal_message.html?_=1639877907612&CODE_STATE=getMsg HTTP/1.1" 200 27
180.175.103.30 - - [19/Dec/2021:09:38:33 +0800] "GET /xingrg/all/function/internal_message.html?_=1639877908617&CODE_STATE=getMsg HTTP/1.1" 200 27
116.238.248.233 - - [19/Dec/2021:09:38:37 +0800] "GET /xingrg/kc/buy/cgsh_order_operate.html?command=get_materiel&rest_code=00151&code=00101009112&supplier_code=00100424&order_time=2021-12-19 HTTP/1.1" 200 411
116.238.208.177 - - [19/Dec/2021:09:38:38 +0800] "GET /xingrg/all/function/internal_message.html?_=1639877920592&CODE_STATE=getMsg HTTP/1.1" 200 27
116.235.94.0 - - [19/Dec/2021:09:38:39 +0800] "GET /xingrg/kc/buy/cgsh_order_operate.html?command=get_materiel&rest_code=00104&code=00101008353&supplier_code=00100005&order_time=2021-12-19 HTTP/1.1" 200 408
116.227.210.113 - - [19/Dec/2021:09:38:39 +0800] "POST /xingrg/kc/buy/cgsh_list_operate.html HTTP/1.1" 200 2769
114.85.125.222 - - [19/Dec/2021:09:38:43 +0800] "GET /xingrg/check_reg.html?_=1639877870396 HTTP/1.1" 200 22
61.170.234.223 - - [19/Dec/2021:09:38:43 +0800] "GET /xingrg/check_reg.html?_=1639877918999 HTTP/1.1" 200 22
61.170.234.223 - - [19/Dec/2021:09:38:43 +0800] "GET /xingrg/all/function/internal_message.html?_=1639877918995&CODE_STATE=getMsg HTTP/1.1" 200 27
116.227.210.113 - - [19/Dec/2021:09:38:49 +0800] "POST /xingrg/kc/buy/cgsh_list_operate.html HTTP/1.1" 200 9698
116.227.210.113 - - [19/Dec/2021:09:38:51 +0800] "POST /xingrg/kc/buy/cgsh_list_operate.html HTTP/1.1" 200 282
116.227.210.113 - - [19/Dec/2021:09:38:53 +0800] "POST /xingrg/kc/buy/cgsh_list_operate.html HTTP/1.1" 200 354
172.20.0.100 - - [19/Dec/2021:09:38:53 +0800] "GET /xingrg/all/function/internal_message.html?_=1639877927891&CODE_STATE=getMsg HTTP/1.1" 200 27
116.227.210.113 - - [19/Dec/2021:09:38:54 +0800] "GET /xingrg/kc/buy/cgsh_order_info.html?code=212021121807477 HTTP/1.1" 200 60027
116.227.210.113 - - [19/Dec/2021:09:38:54 +0800] "GET /xingrg/words/20211219091645_words.js HTTP/1.1" 304 -
116.227.210.113 - - [19/Dec/2021:09:38:54 +0800] "GET /xingrg/javascript/easyui/themes/default/validatebox.css HTTP/1.1" 404 1104
116.227.210.113 - - [19/Dec/2021:09:38:54 +0800] "POST /xingrg/kc/buy/cgsh_order_operate.html HTTP/1.1" 200 1795
116.227.210.113 - - [19/Dec/2021:09:38:55 +0800] "GET /xingrg/kc/print/load_data.html?order_code=212021121807477&kc_code=cgsh HTTP/1.1" 200 1200
116.227.210.113 - - [19/Dec/2021:09:38:56 +0800] "POST /xingrg/kc/buy/cgsh_list_operate.html HTTP/1.1" 200 9698
116.235.94.0 - - [19/Dec/2021:09:38:59 +0800] "GET /xingrg/kc/buy/cgsh_order_operate.html?command=get_materiel&rest_code=00104&code=00101008242&supplier_code=00100005&order_time=2021-12-19 HTTP/1.1" 200 408
58.37.224.87 - - [19/Dec/2021:09:39:01 +0800] "GET /xingrg/kc/buy/buy_main.html HTTP/1.1" 302 -
58.37.224.87 - - [19/Dec/2021:09:39:01 +0800] "GET /xingrg/login.html HTTP/1.1" 200 7641
58.37.224.87 - - [19/Dec/2021:09:39:01 +0800] "GET /xingrg/login.html HTTP/1.1" 200 7641
58.37.224.87 - - [19/Dec/2021:09:39:01 +0800] "GET /favicon.ico HTTP/1.1" 404 -
58.37.224.87 - - [19/Dec/2021:09:39:02 +0800] "POST /xingrg/login.do HTTP/1.1" 302 -
58.37.224.87 - - [19/Dec/2021:09:39:02 +0800] "GET /xingrg/index.html?sysBaseUrl=http%3A%2F%2F180.169.147.146%3A18081%2Fxingrg%2F&costTime=40×tamp=1639877942355 HTTP/1.1" 200 17179
58.37.224.87 - - [19/Dec/2021:09:39:02 +0800] "GET /favicon.ico HTTP/1.1" 404 -
58.37.224.87 - - [19/Dec/2021:09:39:02 +0800] "POST /xingrg/all/common/load_tree.html?tree=area_rest_tree_json&manage=1 HTTP/1.1" 200 351
58.37.224.87 - - [19/Dec/2021:09:39:02 +0800] "GET /xingrg/check_reg.html?_=1639877750563 HTTP/1.1" 200 22
58.37.224.87 - - [19/Dec/2021:09:39:02 +0800] "GET /xingrg/all/function/internal_message.html?_=1639877750562&CODE_STATE=count HTTP/1.1" 200 11
58.37.224.87 - - [19/Dec/2021:09:39:02 +0800] "POST /xingrg/load_menu.html HTTP/1.1" 200 5138
114.85.125.222 - - [19/Dec/2021:09:39:02 +0800] "GET /xingrg/kc/buy/cgsh_order_add.html HTTP/1.1" 200 65088
114.85.125.222 - - [19/Dec/2021:09:39:03 +0800] "POST /xingrg/kc/buy/cgsh_order_operate.html HTTP/1.1" 200 8245
114.85.125.222 - - [19/Dec/2021:09:39:03 +0800] "GET /xingrg/javascript/easyui/themes/default/validatebox.css HTTP/1.1" 404 1104
58.37.224.87 - - [19/Dec/2021:09:39:03 +0800] "GET /xingrg/kc/buy/buy_main.html HTTP/1.1" 200 12412
58.37.224.87 - - [19/Dec/2021:09:39:03 +0800] "GET /xingrg/css/new_ie.css HTTP/1.1" 404 1036
58.37.224.87 - - [19/Dec/2021:09:39:04 +0800] "GET /xingrg/images/yd/bt.gif HTTP/1.1" 404 1040
58.37.224.87 - - [19/Dec/2021:09:39:04 +0800] "GET /xingrg/kc/buy/cgsh_order_list.html HTTP/1.1" 200 49429
114.85.125.222 - - [19/Dec/2021:09:39:05 +0800] "GET /xingrg/all/function/internal_message.html?_=1639877892167&CODE_STATE=getMsg HTTP/1.1" 200 27
58.37.224.87 - - [19/Dec/2021:09:39:05 +0800] "POST /xingrg/kc/buy/cgsh_list_operate.html HTTP/1.1" 200 876
116.227.210.113 - - [19/Dec/2021:09:39:05 +0800] "POST /xingrg/kc/buy/cgsh_list_operate.html HTTP/1.1" 200 9698
58.37.224.87 - - [19/Dec/2021:09:39:06 +0800] "GET /xingrg/kc/buy/cgsh_order_add.html HTTP/1.1" 200 65199
58.37.224.87 - - [19/Dec/2021:09:39:06 +0800] "GET /xingrg/words/20211219091645_words.js HTTP/1.1" 200 880443
116.238.248.233 - - [19/Dec/2021:09:39:06 +0800] "GET /xingrg/all/function/internal_message.html?_=1639877942812&CODE_STATE=getMsg HTTP/1.1" 200 27
58.37.224.87 - - [19/Dec/2021:09:39:07 +0800] "POST /xingrg/kc/buy/cgsh_order_operate.html HTTP/1.1" 200 8245
58.37.224.87 - - [19/Dec/2021:09:39:07 +0800] "GET /xingrg/all/common/auto_word.html?type=employee&rest_code=00141 HTTP/1.1" 200 201
58.37.224.87 - - [19/Dec/2021:09:39:07 +0800] "GET /xingrg/javascript/easyui/themes/default/validatebox.css HTTP/1.1" 404 1104
58.37.224.87 - - [19/Dec/2021:09:39:07 +0800] "GET /xingrg/all/common/auto_word.html?type=employee&rest_code=00141 HTTP/1.1" 200 201
116.227.210.113 - - [19/Dec/2021:09:39:09 +0800] "POST /xingrg/kc/buy/cgsh_list_operate.html HTTP/1.1" 200 503
58.37.224.87 - - [19/Dec/2021:09:39:09 +0800] "GET /xingrg/javascript/auto/indicator.gif HTTP/1.1" 404 1066
116.227.210.113 - - [19/Dec/2021:09:39:09 +0800] "GET /xingrg/kc/buy/cgsh_order_info.html?code=212021121807306 HTTP/1.1" 200 60029
116.227.210.113 - - [19/Dec/2021:09:39:10 +0800] "GET /xingrg/javascript/easyui/themes/default/validatebox.css HTTP/1.1" 404 1104
58.37.224.87 - - [19/Dec/2021:09:39:10 +0800] "GET /xingrg/javascript/jquery_tools/images/next.gif HTTP/1.1" 404 1086
58.37.224.87 - - [19/Dec/2021:09:39:10 +0800] "GET /xingrg/javascript/jquery_tools/images/prev.gif HTTP/1.1" 404 1086
116.227.210.113 - - [19/Dec/2021:09:39:10 +0800] "POST /xingrg/kc/buy/cgsh_order_operate.html HTTP/1.1" 200 2979
116.235.94.0 - - [19/Dec/2021:09:39:10 +0800] "GET /xingrg/kc/buy/cgsh_order_operate.html?command=get_materiel&rest_code=00104&code=00101020152&supplier_code=00100005&order_time=2021-12-19 HTTP/1.1" 200 416
116.227.210.113 - - [19/Dec/2021:09:39:11 +0800] "GET /xingrg/kc/print/load_data.html?order_code=212021121807306&kc_code=cgsh HTTP/1.1" 200 1690
116.227.210.113 - - [19/Dec/2021:09:39:11 +0800] "POST /xingrg/kc/buy/cgsh_list_operate.html HTTP/1.1" 200 9698
114.85.125.222 - - [19/Dec/2021:09:39:16 +0800] "GET /xingrg/kc/buy/cgsh_order_operate.html?command=get_materiel&rest_code=00150&code=00101009109&supplier_code=00100424&order_time=2021-12-19 HTTP/1.1" 200 399
58.37.224.87 - - [19/Dec/2021:09:39:17 +0800] "GET /xingrg/kc/buy/cgsh_order_operate.html?command=get_materiel&rest_code=00141&code=00101007048&supplier_code=00100004&order_time=2021-12-19 HTTP/1.1" 200 408
116.238.248.233 - - [19/Dec/2021:09:39:18 +0800] "GET /xingrg/kc/buy/cgsh_order_operate.html?command=get_materiel&rest_code=00151&code=00101009121&supplier_code=00100424&order_time=2021-12-19 HTTP/1.1" 200 411
222.69.132.164 - - [19/Dec/2021:09:39:18 +0800] "GET /xingrg/all/function/internal_message.html?_=1639877978582&CODE_STATE=getMsg HTTP/1.1" 200 27
116.235.94.0 - - [19/Dec/2021:09:39:19 +0800] "GET /xingrg/all/function/internal_message.html?_=1639877975753&CODE_STATE=getMsg HTTP/1.1" 200 27
124.77.245.186 - - [19/Dec/2021:09:39:19 +0800] "GET /xingrg/all/function/internal_message.html?_=1639877981356&CODE_STATE=getMsg HTTP/1.1" 200 27
116.227.210.113 - - [19/Dec/2021:09:39:21 +0800] "GET /xingrg/all/function/internal_message.html?_=1639877940587&CODE_STATE=getMsg HTTP/1.1" 200 27
116.227.210.113 - - [19/Dec/2021:09:39:21 +0800] "POST /xingrg/kc/buy/cgsh_list_operate.html HTTP/1.1" 200 9698
116.238.248.233 - - [19/Dec/2021:09:39:24 +0800] "POST /xingrg/kc/buy/cgsh_order_operate.html HTTP/1.1" 200 37
116.227.210.113 - - [19/Dec/2021:09:39:25 +0800] "POST /xingrg/kc/buy/cgsh_list_operate.html HTTP/1.1" 200 574
116.238.248.233 - - [19/Dec/2021:09:39:25 +0800] "POST /xingrg/kc/buy/cgsh_order_operate.html HTTP/1.1" 200 8069
116.227.210.113 - - [19/Dec/2021:09:39:25 +0800] "GET /xingrg/kc/buy/cgsh_order_info.html?code=212021121807302 HTTP/1.1" 200 60029
116.235.94.0 - - [19/Dec/2021:09:39:25 +0800] "GET /xingrg/kc/buy/cgsh_order_operate.html?command=get_materiel&rest_code=00104&code=00101015052&supplier_code=00100005&order_time=2021-12-19 HTTP/1.1" 200 413
114.83.222.225 - - [19/Dec/2021:09:39:26 +0800] "GET /xingrg/check_reg.html?_=1639877960953 HTTP/1.1" 200 22
116.227.210.113 - - [19/Dec/2021:09:39:26 +0800] "GET /xingrg/javascript/easyui/themes/default/validatebox.css HTTP/1.1" 404 1104
58.37.224.87 - - [19/Dec/2021:09:39:26 +0800] "GET /xingrg/kc/buy/cgsh_order_operate.html?command=get_materiel&rest_code=00141&code=00101007077&supplier_code=00100004&order_time=2021-12-19 HTTP/1.1" 200 415
116.227.210.113 - - [19/Dec/2021:09:39:26 +0800] "POST /xingrg/kc/buy/cgsh_order_operate.html HTTP/1.1" 200 18954
124.77.245.186 - - [19/Dec/2021:09:39:27 +0800] "GET /xingrg/all/function/internal_message.html?_=1639877985536&CODE_STATE=getMsg HTTP/1.1" 302 -
116.227.210.113 - - [19/Dec/2021:09:39:27 +0800] "GET /xingrg/kc/print/load_data.html?order_code=212021121807302&kc_code=cgsh HTTP/1.1" 200 7692
116.227.210.113 - - [19/Dec/2021:09:39:27 +0800] "POST /xingrg/kc/buy/cgsh_list_operate.html HTTP/1.1" 200 9698
116.233.77.205 - - [19/Dec/2021:09:39:28 +0800] "GET /xingrg/all/function/internal_message.html?_=1639877963601&CODE_STATE=getMsg HTTP/1.1" 200 27
116.235.94.0 - - [19/Dec/2021:09:39:28 +0800] "POST /xingrg/kc/buy/cgsh_order_operate.html HTTP/1.1" 200 2065
222.69.132.164 - - [19/Dec/2021:09:39:28 +0800] "GET /xingrg/kc/buy/cgsh_order_operate.html?command=get_materiel&rest_code=00154&code=00102006399&supplier_code=00100151&order_time=2021-12-18 HTTP/1.1" 200 396
180.169.147.146 - - [19/Dec/2021:09:39:29 +0800] "GET /xingrg/all/function/internal_message.html?_=1639877965814&CODE_STATE=getMsg HTTP/1.1" 200 27
114.83.222.225 - - [19/Dec/2021:09:39:32 +0800] "GET /xingrg/all/function/internal_message.html?_=1639877967595&CODE_STATE=getMsg HTTP/1.1" 200 27
180.175.103.30 - - [19/Dec/2021:09:39:32 +0800] "GET /xingrg/all/function/internal_message.html?_=1639877968432&CODE_STATE=getMsg HTTP/1.1" 200 27
58.37.224.87 - - [19/Dec/2021:09:39:34 +0800] "GET /xingrg/kc/buy/cgsh_order_operate.html?command=get_materiel&rest_code=00141&code=00101007085&supplier_code=00100004&order_time=2021-12-19 HTTP/1.1" 200 413
116.238.248.233 - - [19/Dec/2021:09:39:34 +0800] "POST /xingrg/all/user/operate.html HTTP/1.1" 200 36
116.238.248.233 - - [19/Dec/2021:09:39:35 +0800] "GET /xingrg/index.html?sysBaseUrl=http%3A%2F%2F180.169.147.146%3A18081%2Fxingrg%2F&costTime=45×tamp=1639874801275 HTTP/1.1" 200 17179
116.238.248.233 - - [19/Dec/2021:09:39:35 +0800] "GET /xingrg/javascript/jquery_easy_ui/themes/default/easyui.css HTTP/1.1" 304 -
116.238.248.233 - - [19/Dec/2021:09:39:35 +0800] "GET /xingrg/javascript/jquery_easy_ui/themes/icon.css HTTP/1.1" 304 -
116.238.248.233 - - [19/Dec/2021:09:39:35 +0800] "GET /xingrg/css/form.css HTTP/1.1" 304 -
116.238.248.233 - - [19/Dec/2021:09:39:35 +0800] "GET /xingrg/javascript/jquery-1.4.2.min.js HTTP/1.1" 304 -
116.238.248.233 - - [19/Dec/2021:09:39:35 +0800] "GET /xingrg/javascript/jquery_easy_ui/jquery.easyui.min.js HTTP/1.1" 304 -
116.238.248.233 - - [19/Dec/2021:09:39:35 +0800] "GET /xingrg/javascript/jquery_easy_ui/easyui-lang-zh_CN.js HTTP/1.1" 304 -
116.238.248.233 - - [19/Dec/2021:09:39:35 +0800] "GET /xingrg/javascript/jquery.form.js HTTP/1.1" 304 -
116.238.248.233 - - [19/Dec/2021:09:39:35 +0800] "GET /xingrg/javascript/jquery.utils.js HTTP/1.1" 304 -
116.238.248.233 - - [19/Dec/2021:09:39:35 +0800] "GET /xingrg/javascript/jquery.timers.js HTTP/1.1" 304 -
116.238.248.233 - - [19/Dec/2021:09:39:35 +0800] "GET /xingrg/images/blue/jxLogo.png HTTP/1.1" 304 -
116.238.248.233 - - [19/Dec/2021:09:39:35 +0800] "GET /xingrg/javascript/jquery_easy_ui/themes/icons/settle_new.png HTTP/1.1" 304 -
116.238.248.233 - - [19/Dec/2021:09:39:35 +0800] "GET /xingrg/images/blue/navBackgound.jpg HTTP/1.1" 304 -
116.238.248.233 - - [19/Dec/2021:09:39:35 +0800] "POST /xingrg/all/common/load_tree.html?tree=area_rest_tree_json&manage=1 HTTP/1.1" 200 476
116.238.248.233 - - [19/Dec/2021:09:39:35 +0800] "GET /xingrg/check_reg.html?_=1639877971337 HTTP/1.1" 200 22
116.238.248.233 - - [19/Dec/2021:09:39:35 +0800] "GET /xingrg/all/function/internal_message.html?_=1639877971337&CODE_STATE=count HTTP/1.1" 200 11
116.238.248.233 - - [19/Dec/2021:09:39:35 +0800] "GET /xingrg/javascript/jquery_easy_ui/themes/default/images/tabs_rightarrow.png HTTP/1.1" 304 -
116.238.248.233 - - [19/Dec/2021:09:39:35 +0800] "GET /xingrg/javascript/jquery_easy_ui/themes/default/images/tabs_leftarrow.png HTTP/1.1" 304 -
116.238.248.233 - - [19/Dec/2021:09:39:35 +0800] "GET /xingrg/images/blue/pingpu.png HTTP/1.1" 304 -
116.238.248.233 - - [19/Dec/2021:09:39:35 +0800] "GET /xingrg/javascript/jquery_easy_ui/themes/default/images/panel_tool_collapse.gif HTTP/1.1" 304 -
116.238.248.233 - - [19/Dec/2021:09:39:35 +0800] "POST /xingrg/load_menu.html HTTP/1.1" 200 5138
116.238.248.233 - - [19/Dec/2021:09:39:37 +0800] "GET /xingrg/kc/buy/cgsh_order_list.html HTTP/1.1" 200 49429
116.238.248.233 - - [19/Dec/2021:09:39:38 +0800] "POST /xingrg/kc/buy/cgsh_list_operate.html HTTP/1.1" 200 876
116.238.208.177 - - [19/Dec/2021:09:39:38 +0800] "GET /xingrg/all/function/internal_message.html?_=1639877980604&CODE_STATE=getMsg HTTP/1.1" 200 27
116.238.248.233 - - [19/Dec/2021:09:39:39 +0800] "GET /xingrg/kc/buy/cgsh_order_add.html HTTP/1.1" 200 65076
116.238.248.233 - - [19/Dec/2021:09:39:39 +0800] "GET /xingrg/words/20211219091645_words.js HTTP/1.1" 304 -
116.235.94.0 - - [19/Dec/2021:09:39:39 +0800] "GET /xingrg/kc/buy/cgsh_order_operate.html?command=get_materiel&rest_code=00104&code=00101008350&supplier_code=00100005&order_time=2021-12-19 HTTP/1.1" 200 408
116.238.248.233 - - [19/Dec/2021:09:39:39 +0800] "POST /xingrg/kc/buy/cgsh_order_operate.html HTTP/1.1" 200 8245
116.238.248.233 - - [19/Dec/2021:09:39:39 +0800] "GET /xingrg/javascript/easyui/themes/default/validatebox.css HTTP/1.1" 404 1104
116.227.210.113 - - [19/Dec/2021:09:39:40 +0800] "POST /xingrg/kc/buy/cgsh_list_operate.html HTTP/1.1" 200 9698
116.238.248.233 - - [19/Dec/2021:09:39:42 +0800] "GET /xingrg/javascript/auto/indicator.gif HTTP/1.1" 404 1066
58.37.224.87 - - [19/Dec/2021:09:39:43 +0800] "POST /xingrg/kc/buy/cgsh_order_operate.html HTTP/1.1" 200 37
116.227.210.113 - - [19/Dec/2021:09:39:43 +0800] "POST /xingrg/kc/buy/cgsh_list_operate.html HTTP/1.1" 200 486
61.170.234.223 - - [19/Dec/2021:09:39:43 +0800] "GET /xingrg/all/function/internal_message.html?_=1639877979000&CODE_STATE=getMsg HTTP/1.1" 200 27
116.227.210.113 - - [19/Dec/2021:09:39:44 +0800] "GET /xingrg/kc/buy/cgsh_order_info.html?code=212021121807305 HTTP/1.1" 200 60029
116.227.210.113 - - [19/Dec/2021:09:39:44 +0800] "GET /xingrg/javascript/easyui/themes/default/validatebox.css HTTP/1.1" 404 1104
114.85.125.222 - - [19/Dec/2021:09:39:44 +0800] "GET /xingrg/kc/buy/cgsh_order_operate.html?command=get_materiel&rest_code=00150&code=00101009062&supplier_code=00100424&order_time=2021-12-19 HTTP/1.1" 200 412
116.227.210.113 - - [19/Dec/2021:09:39:44 +0800] "POST /xingrg/kc/buy/cgsh_order_operate.html HTTP/1.1" 200 2952
116.227.210.113 - - [19/Dec/2021:09:39:45 +0800] "GET /xingrg/kc/print/load_data.html?order_code=212021121807305&kc_code=cgsh HTTP/1.1" 200 1676
58.37.224.87 - - [19/Dec/2021:09:39:47 +0800] "POST /xingrg/kc/buy/cgsh_order_operate.html HTTP/1.1" 200 12
116.227.210.113 - - [19/Dec/2021:09:39:48 +0800] "POST /xingrg/kc/buy/cgsh_list_operate.html HTTP/1.1" 200 9698
58.37.224.87 - - [19/Dec/2021:09:39:49 +0800] "GET /xingrg/kc/buy/cgsh_order_info.html?code=212021121907776 HTTP/1.1" 200 60108
58.37.224.87 - - [19/Dec/2021:09:39:49 +0800] "GET /xingrg/javascript/easyui/themes/default/validatebox.css HTTP/1.1" 404 1104
58.37.224.87 - - [19/Dec/2021:09:39:49 +0800] "POST /xingrg/kc/buy/cgsh_order_operate.html HTTP/1.1" 200 1790
58.37.224.87 - - [19/Dec/2021:09:39:50 +0800] "GET /xingrg/kc/print/load_config.html?kc_code=cgsh HTTP/1.1" 200 1943
58.37.224.87 - - [19/Dec/2021:09:39:51 +0800] "GET /xingrg/kc/print/load_data.html?order_code=212021121907776&kc_code=cgsh&condition= HTTP/1.1" 200 1221
180.175.103.30 - - [19/Dec/2021:09:39:53 +0800] "POST /xingrg/kc/buy/cgsh_order_operate.html HTTP/1.1" 200 37
172.20.0.100 - - [19/Dec/2021:09:39:53 +0800] "GET /xingrg/all/function/internal_message.html?_=1639877987880&CODE_STATE=getMsg HTTP/1.1" 200 27
58.37.224.87 - - [19/Dec/2021:09:39:54 +0800] "GET /xingrg/kc/buy/cgsh_order_add.html HTTP/1.1" 200 65199
58.37.224.87 - - [19/Dec/2021:09:39:55 +0800] "POST /xingrg/kc/buy/cgsh_order_operate.html HTTP/1.1" 200 8245
58.37.224.87 - - [19/Dec/2021:09:39:55 +0800] "GET /xingrg/javascript/easyui/themes/default/validatebox.css HTTP/1.1" 404 1104
180.175.103.30 - - [19/Dec/2021:09:39:55 +0800] "POST /xingrg/kc/buy/cgsh_order_operate.html HTTP/1.1" 200 45261
180.175.103.30 - - [19/Dec/2021:09:39:57 +0800] "GET /xingrg/kc/print/load_data.html?order_code=212021121907761&kc_code=cgsh&condition= HTTP/1.1" 200 16755
116.235.94.0 - - [19/Dec/2021:09:40:01 +0800] "GET /xingrg/kc/buy/cgsh_order_operate.html?command=get_materiel&rest_code=00104&code=00101008112&supplier_code=00100005&order_time=2021-12-19 HTTP/1.1" 200 412
58.37.224.87 - - [19/Dec/2021:09:40:02 +0800] "GET /xingrg/all/function/internal_message.html?_=1639877810587&CODE_STATE=getMsg HTTP/1.1" 200 27
114.85.125.222 - - [19/Dec/2021:09:40:05 +0800] "GET /xingrg/all/function/internal_message.html?_=1639877952173&CODE_STATE=getMsg HTTP/1.1" 200 27
58.37.224.87 - - [19/Dec/2021:09:40:06 +0800] "GET /xingrg/kc/buy/cgsh_order_operate.html?command=get_materiel&rest_code=00141&code=00101011005&supplier_code=00100036&order_time=2021-12-19 HTTP/1.1" 200 428
180.175.103.30 - - [19/Dec/2021:09:40:06 +0800] "GET /xingrg/kc/buy/cgsh_order_add.html HTTP/1.1" 200 65240
180.175.103.30 - - [19/Dec/2021:09:40:06 +0800] "GET /xingrg/words/20211219091645_words.js HTTP/1.1" 200 880443
180.175.103.30 - - [19/Dec/2021:09:40:07 +0800] "GET /xingrg/javascript/easyui/themes/default/validatebox.css HTTP/1.1" 404 1104
180.175.103.30 - - [19/Dec/2021:09:40:07 +0800] "POST /xingrg/kc/buy/cgsh_order_operate.html HTTP/1.1" 200 8245
116.235.94.0 - - [19/Dec/2021:09:40:17 +0800] "GET /xingrg/kc/buy/cgsh_order_operate.html?command=get_materiel&rest_code=00104&code=00101008096&supplier_code=00100005&order_time=2021-12-19 HTTP/1.1" 200 412
58.37.224.87 - - [19/Dec/2021:09:40:18 +0800] "GET /xingrg/kc/buy/cgsh_order_operate.html?command=get_materiel&rest_code=00141&code=00101016053&supplier_code=00100036&order_time=2021-12-19 HTTP/1.1" 200 408
222.69.132.164 - - [19/Dec/2021:09:40:18 +0800] "GET /xingrg/all/function/internal_message.html?_=1639878038598&CODE_STATE=getMsg HTTP/1.1" 200 27
116.235.94.0 - - [19/Dec/2021:09:40:19 +0800] "GET /xingrg/all/function/internal_message.html?_=1639878035766&CODE_STATE=getMsg HTTP/1.1" 200 27
114.85.125.222 - - [19/Dec/2021:09:40:19 +0800] "GET /xingrg/kc/buy/cgsh_order_operate.html?command=get_materiel&rest_code=00150&code=00101009010&supplier_code=00100424&order_time=2021-12-19 HTTP/1.1" 200 412
124.77.245.186 - - [19/Dec/2021:09:40:20 +0800] "GET /xingrg/all/function/internal_message.html?_=1639878041364&CODE_STATE=getMsg HTTP/1.1" 200 27
116.227.210.113 - - [19/Dec/2021:09:40:21 +0800] "GET /xingrg/check_reg.html?_=1639878000584 HTTP/1.1" 200 22
116.227.210.113 - - [19/Dec/2021:09:40:21 +0800] "GET /xingrg/all/function/internal_message.html?_=1639878000587&CODE_STATE=getMsg HTTP/1.1" 200 27
180.175.103.30 - - [19/Dec/2021:09:40:25 +0800] "GET /xingrg/kc/buy/cgsh_order_operate.html?command=get_materiel&rest_code=00105&code=00101001140&supplier_code=00100397&order_time=2021-12-19 HTTP/1.1" 200 417
124.77.245.186 - - [19/Dec/2021:09:40:27 +0800] "GET /xingrg/all/function/internal_message.html?_=1639878045541&CODE_STATE=getMsg HTTP/1.1" 302 -
58.37.224.87 - - [19/Dec/2021:09:40:27 +0800] "GET /xingrg/kc/buy/cgsh_order_operate.html?command=get_materiel&rest_code=00141&code=00101016025&supplier_code=00100036&order_time=2021-12-19 HTTP/1.1" 200 408
114.85.125.222 - - [19/Dec/2021:09:40:28 +0800] "GET /xingrg/kc/buy/cgsh_order_operate.html?command=get_materiel&rest_code=00150&code=00101009011&supplier_code=00100424&order_time=2021-12-19 HTTP/1.1" 200 416
116.233.77.205 - - [19/Dec/2021:09:40:28 +0800] "GET /xingrg/all/function/internal_message.html?_=1639878023603&CODE_STATE=getMsg HTTP/1.1" 200 27
116.238.248.233 - - [19/Dec/2021:09:40:29 +0800] "GET /xingrg/kc/buy/cgsh_order_operate.html?command=get_materiel&rest_code=00150&code=00101008091&supplier_code=00100007&order_time=2021-12-19 HTTP/1.1" 200 413
180.169.147.146 - - [19/Dec/2021:09:40:29 +0800] "GET /xingrg/all/function/internal_message.html?_=1639878025807&CODE_STATE=getMsg HTTP/1.1" 200 27
114.83.222.225 - - [19/Dec/2021:09:40:32 +0800] "GET /xingrg/all/function/internal_message.html?_=1639878027581&CODE_STATE=getMsg HTTP/1.1" 200 27
180.175.103.30 - - [19/Dec/2021:09:40:32 +0800] "GET /xingrg/all/function/internal_message.html?_=1639878028423&CODE_STATE=getMsg HTTP/1.1" 200 27
116.235.94.0 - - [19/Dec/2021:09:40:35 +0800] "GET /xingrg/kc/buy/cgsh_order_operate.html?command=get_materiel&rest_code=00104&code=00101008168&supplier_code=00100005&order_time=2021-12-19 HTTP/1.1" 200 412
116.238.248.233 - - [19/Dec/2021:09:40:35 +0800] "GET /xingrg/all/function/internal_message.html?_=1639878031387&CODE_STATE=getMsg HTTP/1.1" 200 27
58.37.224.87 - - [19/Dec/2021:09:40:35 +0800] "GET /xingrg/kc/buy/cgsh_order_operate.html?command=get_materiel&rest_code=00141&code=00101012044&supplier_code=00100036&order_time=2021-12-19 HTTP/1.1" 200 409
116.238.248.233 - - [19/Dec/2021:09:40:37 +0800] "GET /xingrg/kc/buy/cgsh_order_operate.html?command=get_materiel&rest_code=00150&code=00101008027&supplier_code=00100007&order_time=2021-12-19 HTTP/1.1" 200 408
114.85.125.222 - - [19/Dec/2021:09:40:37 +0800] "GET /xingrg/kc/buy/cgsh_order_operate.html?command=get_materiel&rest_code=00150&code=00101009039&supplier_code=00100424&order_time=2021-12-19 HTTP/1.1" 200 408
116.238.208.177 - - [19/Dec/2021:09:40:38 +0800] "GET /xingrg/check_reg.html?_=1639878040495 HTTP/1.1" 200 22
116.238.208.177 - - [19/Dec/2021:09:40:38 +0800] "GET /xingrg/all/function/internal_message.html?_=1639878040619&CODE_STATE=getMsg HTTP/1.1" 200 27
180.175.103.30 - - [19/Dec/2021:09:40:43 +0800] "GET /xingrg/kc/buy/cgsh_order_operate.html?command=get_materiel&rest_code=00105&code=00101002027&supplier_code=00100397&order_time=2021-12-19 HTTP/1.1" 200 434
116.238.248.233 - - [19/Dec/2021:09:40:43 +0800] "GET /xingrg/kc/buy/cgsh_order_operate.html?command=get_materiel&rest_code=00150&code=00101008037&supplier_code=00100007&order_time=2021-12-19 HTTP/1.1" 200 413
61.170.234.223 - - [19/Dec/2021:09:40:43 +0800] "GET /xingrg/all/function/internal_message.html?_=1639878038999&CODE_STATE=getMsg HTTP/1.1" 200 27
114.85.125.222 - - [19/Dec/2021:09:40:44 +0800] "GET /xingrg/kc/buy/cgsh_order_operate.html?command=get_materiel&rest_code=00150&code=00101009016&supplier_code=00100424&order_time=2021-12-19 HTTP/1.1" 200 412
58.37.224.87 - - [19/Dec/2021:09:40:48 +0800] "GET /xingrg/kc/buy/cgsh_order_operate.html?command=get_materiel&rest_code=00141&code=00101012026&supplier_code=00100036&order_time=2021-12-19 HTTP/1.1" 200 408
116.238.248.233 - - [19/Dec/2021:09:40:49 +0800] "GET /xingrg/kc/buy/cgsh_order_operate.html?command=get_materiel&rest_code=00150&code=00101008156&supplier_code=00100007&order_time=2021-12-19 HTTP/1.1" 200 414
172.20.0.100 - - [19/Dec/2021:09:40:53 +0800] "GET /xingrg/all/function/internal_message.html?_=1639878047885&CODE_STATE=getMsg HTTP/1.1" 200 27
116.238.248.233 - - [19/Dec/2021:09:40:54 +0800] "GET /xingrg/kc/buy/cgsh_order_operate.html?command=get_materiel&rest_code=00150&code=00101008331&supplier_code=00100007&order_time=2021-12-19 HTTP/1.1" 200 416
101.89.239.245 - - [19/Dec/2021:09:40:54 +0800] "GET /xingrg/all/function/internal_message.html?_=1639876958970&CODE_STATE=getMsg HTTP/1.1" 302 -
101.89.239.245 - - [19/Dec/2021:09:40:55 +0800] "GET /xingrg/login.html HTTP/1.1" 200 7641
180.175.103.30 - - [19/Dec/2021:09:40:56 +0800] "GET /xingrg/kc/buy/cgsh_order_operate.html?command=get_materiel&rest_code=00105&code=00101001125&supplier_code=00100397&order_time=2021-12-19 HTTP/1.1" 200 417
114.85.125.222 - - [19/Dec/2021:09:40:56 +0800] "GET /xingrg/kc/buy/cgsh_order_operate.html?command=get_materiel&rest_code=00150&code=00101009007&supplier_code=00100424&order_time=2021-12-19 HTTP/1.1" 200 408
137.184.15.119 - - [19/Dec/2021:09:40:58 +0800] "POST /json_rpc HTTP/1.0" 404 -
116.238.248.233 - - [19/Dec/2021:09:41:02 +0800] "GET /xingrg/kc/buy/cgsh_order_operate.html?command=get_materiel&rest_code=00150&code=00101008350&supplier_code=00100007&order_time=2021-12-19 HTTP/1.1" 200 408
58.37.224.87 - - [19/Dec/2021:09:41:02 +0800] "GET /xingrg/all/function/internal_message.html?_=1639877870568&CODE_STATE=getMsg HTTP/1.1" 200 27
58.37.224.87 - - [19/Dec/2021:09:41:03 +0800] "GET /xingrg/kc/buy/cgsh_order_operate.html?command=get_materiel&rest_code=00141&code=00101012038&supplier_code=00100036&order_time=2021-12-19 HTTP/1.1" 200 412
114.85.125.222 - - [19/Dec/2021:09:41:05 +0800] "GET /xingrg/all/function/internal_message.html?_=1639878012186&CODE_STATE=getMsg HTTP/1.1" 200 27
124.77.245.186 - - [19/Dec/2021:09:41:06 +0800] "GET /xingrg/check_reg.html?_=1639878084815 HTTP/1.1" 302 -
116.235.94.0 - - [19/Dec/2021:09:41:07 +0800] "GET /xingrg/kc/buy/cgsh_order_operate.html?command=get_materiel&rest_code=00104&code=00101008140&supplier_code=00100005&order_time=2021-12-19 HTTP/1.1" 200 416
180.169.147.146 - - [19/Dec/2021:09:41:07 +0800] "GET /xingrg/check_reg.html?_=1639878057653 HTTP/1.1" 302 -
116.235.94.0 - - [19/Dec/2021:09:41:10 +0800] "POST /xingrg/kc/buy/cgsh_order_operate.html HTTP/1.1" 200 2065
180.175.103.30 - - [19/Dec/2021:09:41:11 +0800] "GET /xingrg/kc/buy/cgsh_order_operate.html?command=get_materiel&rest_code=00105&code=00101003025&supplier_code=00100397&order_time=2021-12-19 HTTP/1.1" 200 409
