222.69.132.164 - - [19/Dec/2021:10:21:18 +0800] "GET /xingrg/all/function/internal_message.html?_=1639880498603&CODE_STATE=getMsg HTTP/1.1" 200 27
116.238.208.177 - - [19/Dec/2021:10:21:20 +0800] "GET /xingrg/all/function/internal_message.html?_=1639880476460&CODE_STATE=getMsg HTTP/1.1" 200 27
116.227.210.113 - - [19/Dec/2021:10:21:21 +0800] "GET /xingrg/all/function/internal_message.html?_=1639880460588&CODE_STATE=getMsg HTTP/1.1" 200 27
116.238.248.233 - - [19/Dec/2021:10:21:21 +0800] "GET /xingrg/kc/base/yddb_order_list.html HTTP/1.1" 200 16672
116.238.248.233 - - [19/Dec/2021:10:21:21 +0800] "POST /xingrg/kc/base/yddb_list_operate.html HTTP/1.1" 200 636
116.238.248.233 - - [19/Dec/2021:10:21:23 +0800] "GET /xingrg/kc/base/yddb_order_add.html HTTP/1.1" 200 29837
116.238.248.233 - - [19/Dec/2021:10:21:23 +0800] "GET /xingrg/dwr/interface/AjaxYddbService.js HTTP/1.1" 200 13201
116.238.248.233 - - [19/Dec/2021:10:21:23 +0800] "GET /xingrg/dwr/interface/AjaxComOrderService.js HTTP/1.1" 200 18264
116.238.248.233 - - [19/Dec/2021:10:21:23 +0800] "GET /xingrg/dwr/engine.js HTTP/1.1" 200 43631
114.85.125.222 - - [19/Dec/2021:10:21:24 +0800] "GET /xingrg/kc/base/wldb_order_operate.html?command=get_materiel&rest_code=00150&base_code=0010445&code=00101013052 HTTP/1.1" 200 441
114.85.125.222 - - [19/Dec/2021:10:21:27 +0800] "GET /xingrg/all/function/internal_message.html?_=1639880434304&CODE_STATE=getMsg HTTP/1.1" 200 27
124.77.245.186 - - [19/Dec/2021:10:21:27 +0800] "GET /xingrg/all/function/internal_message.html?_=1639880506105&CODE_STATE=getMsg HTTP/1.1" 302 -
116.233.77.205 - - [19/Dec/2021:10:21:28 +0800] "GET /xingrg/all/function/internal_message.html?_=1639880483694&CODE_STATE=getMsg HTTP/1.1" 200 27
116.233.77.205 - - [19/Dec/2021:10:21:28 +0800] "GET /xingrg/check_reg.html?_=1639880483696 HTTP/1.1" 200 22
116.238.248.233 - - [19/Dec/2021:10:21:28 +0800] "POST /xingrg/dwr/call/plaincall/AjaxYddbService.getRestBases.dwr HTTP/1.1" 200 1535
180.169.147.146 - - [19/Dec/2021:10:21:29 +0800] "GET /xingrg/all/function/internal_message.html?_=1639880485864&CODE_STATE=getMsg HTTP/1.1" 200 27
124.77.245.186 - - [19/Dec/2021:10:21:30 +0800] "GET /xingrg/kc/buy/cgsh_order_operate.html?command=get_materiel&rest_code=00146&code=00101008291&supplier_code=00100005&order_time=2021-12-19 HTTP/1.1" 200 408
114.83.222.225 - - [19/Dec/2021:10:21:31 +0800] "GET /xingrg/all/function/internal_message.html?_=1639880486852&CODE_STATE=getMsg HTTP/1.1" 200 27
180.175.103.30 - - [19/Dec/2021:10:21:32 +0800] "GET /xingrg/all/function/internal_message.html?_=1639880487640&CODE_STATE=getMsg HTTP/1.1" 200 27
180.175.103.30 - - [19/Dec/2021:10:21:33 +0800] "GET /xingrg/check_reg.html?_=1639880488841 HTTP/1.1" 200 22
116.238.248.233 - - [19/Dec/2021:10:21:34 +0800] "POST /xingrg/dwr/call/plaincall/AjaxYddbService.saveOrder.dwr HTTP/1.1" 200 78
116.238.248.233 - - [19/Dec/2021:10:21:34 +0800] "GET /xingrg/images/yd/bt.gif HTTP/1.1" 404 1040
116.238.248.233 - - [19/Dec/2021:10:21:37 +0800] "POST /xingrg/dwr/call/plaincall/AjaxComOrderService.getMaterielSearchList.dwr HTTP/1.1" 200 26772
180.169.147.146 - - [19/Dec/2021:10:21:37 +0800] "GET /xingrg/kc/buy/cgsh_order_operate.html?command=get_materiel&rest_code=00147&code=00101008118&supplier_code=00100006&order_time=2021-12-19 HTTP/1.1" 200 418
116.238.248.233 - - [19/Dec/2021:10:21:38 +0800] "POST /xingrg/dwr/call/plaincall/AjaxComOrderService.getMaterielSearchList.dwr HTTP/1.1" 200 1246
116.238.248.233 - - [19/Dec/2021:10:21:38 +0800] "POST /xingrg/dwr/call/plaincall/AjaxYddbService.getMaterielByMap.dwr HTTP/1.1" 200 3797
116.238.208.177 - - [19/Dec/2021:10:21:39 +0800] "GET /xingrg/all/function/internal_message.html?_=1639880501263&CODE_STATE=getMsg HTTP/1.1" 200 27
116.238.248.233 - - [19/Dec/2021:10:21:40 +0800] "POST /xingrg/dwr/call/plaincall/AjaxYddbService.getUnitPrice.dwr HTTP/1.1" 200 86
120.253.135.82 - - [19/Dec/2021:10:21:42 +0800] "GET /xingrg/all/function/internal_message.html?_=1639880278474&CODE_STATE=getMsg HTTP/1.1" 200 27
116.238.248.233 - - [19/Dec/2021:10:21:42 +0800] "POST /xingrg/dwr/call/plaincall/AjaxYddbService.saveMaterielItem.dwr HTTP/1.1" 200 78
180.169.147.146 - - [19/Dec/2021:10:21:43 +0800] "POST /xingrg/kc/buy/cgsh_order_operate.html HTTP/1.1" 200 75
61.170.234.223 - - [19/Dec/2021:10:21:43 +0800] "GET /xingrg/all/function/internal_message.html?_=1639880499044&CODE_STATE=getMsg HTTP/1.1" 200 27
116.238.248.233 - - [19/Dec/2021:10:21:45 +0800] "GET /xingrg/all/function/internal_message.html?_=1639880501329&CODE_STATE=getMsg HTTP/1.1" 200 27
116.238.248.233 - - [19/Dec/2021:10:21:47 +0800] "POST /xingrg/dwr/call/plaincall/AjaxComOrderService.getMaterielSearchList.dwr HTTP/1.1" 200 6126
180.169.147.146 - - [19/Dec/2021:10:21:47 +0800] "POST /xingrg/kc/buy/cgsh_order_operate.html HTTP/1.1" 200 75
116.238.248.233 - - [19/Dec/2021:10:21:47 +0800] "POST /xingrg/dwr/call/plaincall/AjaxComOrderService.getMaterielSearchList.dwr HTTP/1.1" 200 743
116.238.248.233 - - [19/Dec/2021:10:21:49 +0800] "POST /xingrg/dwr/call/plaincall/AjaxYddbService.getMaterielByMap.dwr HTTP/1.1" 200 3792
180.157.251.97 - - [19/Dec/2021:10:21:49 +0800] "GET /xingrg/all/function/internal_message.html?_=1639880507033&CODE_STATE=getMsg HTTP/1.1" 200 27
116.238.248.233 - - [19/Dec/2021:10:21:50 +0800] "POST /xingrg/dwr/call/plaincall/AjaxYddbService.getUnitPrice.dwr HTTP/1.1" 200 87
120.253.135.82 - - [19/Dec/2021:10:21:51 +0800] "GET /xingrg/javascript/auto/indicator.gif HTTP/1.1" 404 1066
116.238.248.233 - - [19/Dec/2021:10:21:51 +0800] "GET /xingrg/images/yd/bt2.gif HTTP/1.1" 404 1042
116.238.248.233 - - [19/Dec/2021:10:21:52 +0800] "POST /xingrg/dwr/call/plaincall/AjaxYddbService.saveMaterielItem.dwr HTTP/1.1" 200 79
180.169.147.146 - - [19/Dec/2021:10:21:53 +0800] "GET /xingrg/all/function/internal_message.html?_=1639880502955&CODE_STATE=getMsg HTTP/1.1" 200 27
180.169.147.146 - - [19/Dec/2021:10:21:53 +0800] "GET /xingrg/check_reg.html?_=1639880503616 HTTP/1.1" 200 22
120.253.135.82 - - [19/Dec/2021:10:21:53 +0800] "POST /xingrg/kc/pszx/mdps_list_operate.html HTTP/1.1" 200 4227
172.20.0.100 - - [19/Dec/2021:10:21:53 +0800] "GET /xingrg/all/function/internal_message.html?_=1639880507880&CODE_STATE=getMsg HTTP/1.1" 200 27
124.77.245.186 - - [19/Dec/2021:10:21:55 +0800] "POST /xingrg/kc/buy/cgsh_order_operate.html HTTP/1.1" 200 37
116.238.248.233 - - [19/Dec/2021:10:21:55 +0800] "POST /xingrg/dwr/call/plaincall/AjaxYddbService.checkOrder.dwr HTTP/1.1" 200 79
116.238.248.233 - - [19/Dec/2021:10:21:56 +0800] "GET /xingrg/kc/base/yddb_order_info.html?code=482021121900101 HTTP/1.1" 200 29464
116.238.248.233 - - [19/Dec/2021:10:21:56 +0800] "GET /xingrg/dwr/interface/AjaxComOrderService.js HTTP/1.1" 200 18264
116.238.248.233 - - [19/Dec/2021:10:21:56 +0800] "GET /xingrg/dwr/interface/AjaxYddbService.js HTTP/1.1" 200 13201
116.238.248.233 - - [19/Dec/2021:10:21:56 +0800] "GET /xingrg/dwr/engine.js HTTP/1.1" 200 43631
116.227.210.113 - - [19/Dec/2021:10:21:56 +0800] "GET /favicon.ico HTTP/1.1" 404 -
116.238.248.233 - - [19/Dec/2021:10:21:56 +0800] "POST /xingrg/dwr/call/plaincall/AjaxYddbService.loadMaterielItems.dwr HTTP/1.1" 200 831
120.253.135.82 - - [19/Dec/2021:10:21:57 +0800] "POST /xingrg/kc/pszx/mdps_list_operate.html HTTP/1.1" 200 311
124.77.245.186 - - [19/Dec/2021:10:21:57 +0800] "POST /xingrg/kc/buy/cgsh_order_operate.html HTTP/1.1" 200 55838
120.253.135.82 - - [19/Dec/2021:10:21:57 +0800] "GET /xingrg/kc/pszx/mdps_order_info.html?code=312021121600444 HTTP/1.1" 200 23925
120.253.135.82 - - [19/Dec/2021:10:21:58 +0800] "POST /xingrg/kc/pszx/mdps_order_operate.html HTTP/1.1" 200 2807
120.253.135.82 - - [19/Dec/2021:10:21:58 +0800] "GET /xingrg/all/common/auto_word.html?type=base&rest_code=00101 HTTP/1.1" 200 613
120.253.135.82 - - [19/Dec/2021:10:21:58 +0800] "GET /xingrg/javascript/easyui/themes/default/validatebox.css HTTP/1.1" 404 1104
58.37.224.87 - - [19/Dec/2021:10:22:02 +0800] "GET /xingrg/all/function/internal_message.html?_=1639880330600&CODE_STATE=getMsg HTTP/1.1" 200 27
124.77.245.186 - - [19/Dec/2021:10:22:02 +0800] "GET /xingrg/all/function/internal_message.html?_=1639880544166&CODE_STATE=getMsg HTTP/1.1" 200 27
120.253.135.82 - - [19/Dec/2021:10:22:02 +0800] "POST /xingrg/kc/pszx/mdps_list_operate.html HTTP/1.1" 200 622
120.253.135.82 - - [19/Dec/2021:10:22:03 +0800] "GET /xingrg/kc/pszx/mdps_order_info.html?code=312021121800473 HTTP/1.1" 200 23925
120.253.135.82 - - [19/Dec/2021:10:22:04 +0800] "GET /xingrg/javascript/easyui/themes/default/validatebox.css HTTP/1.1" 404 1104
120.253.135.82 - - [19/Dec/2021:10:22:04 +0800] "POST /xingrg/kc/pszx/mdps_order_operate.html HTTP/1.1" 200 7815
116.238.248.233 - - [19/Dec/2021:10:22:08 +0800] "GET /xingrg/kc/base/yddb_order_add.html HTTP/1.1" 200 29837
116.238.248.233 - - [19/Dec/2021:10:22:08 +0800] "GET /xingrg/dwr/interface/AjaxYddbService.js HTTP/1.1" 200 13201
116.238.248.233 - - [19/Dec/2021:10:22:08 +0800] "GET /xingrg/dwr/interface/AjaxComOrderService.js HTTP/1.1" 200 18264
116.238.248.233 - - [19/Dec/2021:10:22:08 +0800] "GET /xingrg/dwr/engine.js HTTP/1.1" 200 43631
120.253.135.82 - - [19/Dec/2021:10:22:09 +0800] "POST /xingrg/kc/pszx/mdps_list_operate.html HTTP/1.1" 200 4227
114.85.125.222 - - [19/Dec/2021:10:22:10 +0800] "POST /xingrg/kc/base/wldb_order_operate.html HTTP/1.1" 200 37
116.238.248.233 - - [19/Dec/2021:10:22:11 +0800] "POST /xingrg/dwr/call/plaincall/AjaxYddbService.getRestBases.dwr HTTP/1.1" 200 1535
180.169.147.146 - - [19/Dec/2021:10:22:11 +0800] "POST /xingrg/kc/buy/cgsh_order_operate.html HTTP/1.1" 200 37
114.85.125.222 - - [19/Dec/2021:10:22:12 +0800] "POST /xingrg/kc/base/wldb_order_operate.html HTTP/1.1" 200 12
114.85.125.222 - - [19/Dec/2021:10:22:12 +0800] "POST /xingrg/kc/base/wldb_order_operate.html HTTP/1.1" 200 3217
114.85.125.222 - - [19/Dec/2021:10:22:13 +0800] "GET /xingrg/kc/base/wldb_order_info.html?code=422021121901950 HTTP/1.1" 200 26171
114.85.125.222 - - [19/Dec/2021:10:22:14 +0800] "GET /xingrg/javascript/easyui/themes/default/validatebox.css HTTP/1.1" 404 1104
114.85.125.222 - - [19/Dec/2021:10:22:14 +0800] "POST /xingrg/kc/base/wldb_order_operate.html HTTP/1.1" 200 1491
116.238.248.233 - - [19/Dec/2021:10:22:16 +0800] "POST /xingrg/dwr/call/plaincall/AjaxYddbService.saveOrder.dwr HTTP/1.1" 200 78
114.85.125.222 - - [19/Dec/2021:10:22:16 +0800] "POST /xingrg/services/DataTransmitService HTTP/1.1" 200 524
222.69.132.164 - - [19/Dec/2021:10:22:18 +0800] "GET /xingrg/all/function/internal_message.html?_=1639880558595&CODE_STATE=getMsg HTTP/1.1" 200 27
114.85.125.222 - - [19/Dec/2021:10:22:19 +0800] "POST /xingrg/services/DataTransmitService HTTP/1.1" 200 501
116.238.208.177 - - [19/Dec/2021:10:22:20 +0800] "GET /xingrg/all/function/internal_message.html?_=1639880536462&CODE_STATE=getMsg HTTP/1.1" 200 27
116.227.210.113 - - [19/Dec/2021:10:22:21 +0800] "GET /xingrg/all/function/internal_message.html?_=1639880520585&CODE_STATE=getMsg HTTP/1.1" 200 27
114.85.125.222 - - [19/Dec/2021:10:22:27 +0800] "GET /xingrg/all/function/internal_message.html?_=1639880494318&CODE_STATE=getMsg HTTP/1.1" 200 27
124.77.245.186 - - [19/Dec/2021:10:22:27 +0800] "GET /xingrg/all/function/internal_message.html?_=1639880566111&CODE_STATE=getMsg HTTP/1.1" 302 -
116.233.77.205 - - [19/Dec/2021:10:22:28 +0800] "GET /xingrg/all/function/internal_message.html?_=1639880543689&CODE_STATE=getMsg HTTP/1.1" 200 27
180.169.147.146 - - [19/Dec/2021:10:22:29 +0800] "GET /xingrg/all/function/internal_message.html?_=1639880545883&CODE_STATE=getMsg HTTP/1.1" 200 27
116.238.248.233 - - [19/Dec/2021:10:22:31 +0800] "POST /xingrg/dwr/call/plaincall/AjaxComOrderService.getMaterielSearchList.dwr HTTP/1.1" 200 7417
180.175.103.30 - - [19/Dec/2021:10:22:31 +0800] "GET /xingrg/all/function/internal_message.html?_=1639880547424&CODE_STATE=getMsg HTTP/1.1" 200 27
114.83.222.225 - - [19/Dec/2021:10:22:31 +0800] "GET /xingrg/all/function/internal_message.html?_=1639880546829&CODE_STATE=getMsg HTTP/1.1" 200 27
116.238.248.233 - - [19/Dec/2021:10:22:32 +0800] "POST /xingrg/dwr/call/plaincall/AjaxComOrderService.getMaterielSearchList.dwr HTTP/1.1" 200 1042
114.85.125.222 - - [19/Dec/2021:10:22:33 +0800] "GET /xingrg/kc/base/wldb_order_add.html HTTP/1.1" 200 30288
116.238.248.233 - - [19/Dec/2021:10:22:34 +0800] "POST /xingrg/dwr/call/plaincall/AjaxYddbService.getMaterielByMap.dwr HTTP/1.1" 200 3774
114.85.125.222 - - [19/Dec/2021:10:22:34 +0800] "POST /xingrg/kc/base/wldb_order_operate.html HTTP/1.1" 200 6806
180.169.147.146 - - [19/Dec/2021:10:22:34 +0800] "POST /xingrg/kc/buy/cgsh_order_operate.html HTTP/1.1" 200 32832
114.85.125.222 - - [19/Dec/2021:10:22:34 +0800] "GET /xingrg/javascript/easyui/themes/default/validatebox.css HTTP/1.1" 404 1104
114.85.125.222 - - [19/Dec/2021:10:22:36 +0800] "POST /xingrg/all/common/load_combo.html?type=base HTTP/1.1" 200 2963
116.238.248.233 - - [19/Dec/2021:10:22:36 +0800] "POST /xingrg/dwr/call/plaincall/AjaxYddbService.getUnitPrice.dwr HTTP/1.1" 200 85
116.238.208.177 - - [19/Dec/2021:10:22:39 +0800] "GET /xingrg/all/function/internal_message.html?_=1639880561267&CODE_STATE=getMsg HTTP/1.1" 200 27
116.238.248.233 - - [19/Dec/2021:10:22:39 +0800] "POST /xingrg/dwr/call/plaincall/AjaxYddbService.saveMaterielItem.dwr HTTP/1.1" 200 78
116.238.248.233 - - [19/Dec/2021:10:22:41 +0800] "POST /xingrg/dwr/call/plaincall/AjaxComOrderService.getMaterielSearchList.dwr HTTP/1.1" 200 33696
116.238.248.233 - - [19/Dec/2021:10:22:42 +0800] "POST /xingrg/dwr/call/plaincall/AjaxComOrderService.getMaterielSearchList.dwr HTTP/1.1" 200 1386
120.253.135.82 - - [19/Dec/2021:10:22:42 +0800] "GET /xingrg/all/function/internal_message.html?_=1639880338521&CODE_STATE=getMsg HTTP/1.1" 200 27
61.170.234.223 - - [19/Dec/2021:10:22:43 +0800] "GET /xingrg/all/function/internal_message.html?_=1639880559043&CODE_STATE=getMsg HTTP/1.1" 200 27
114.85.125.222 - - [19/Dec/2021:10:22:44 +0800] "GET /xingrg/kc/base/wldb_order_operate.html?command=get_materiel&rest_code=00150&base_code=0010446&code=00102002362 HTTP/1.1" 200 434
116.238.248.233 - - [19/Dec/2021:10:22:45 +0800] "POST /xingrg/dwr/call/plaincall/AjaxYddbService.getMaterielByMap.dwr HTTP/1.1" 200 3757
116.238.248.233 - - [19/Dec/2021:10:22:45 +0800] "GET /xingrg/all/function/internal_message.html?_=1639880561370&CODE_STATE=getMsg HTTP/1.1" 200 27
180.169.147.146 - - [19/Dec/2021:10:22:46 +0800] "POST /xingrg/kc/buy/cgsh_order_operate.html HTTP/1.1" 200 37
180.169.147.146 - - [19/Dec/2021:10:22:48 +0800] "POST /xingrg/kc/buy/cgsh_order_operate.html HTTP/1.1" 200 32833
116.238.248.233 - - [19/Dec/2021:10:22:48 +0800] "POST /xingrg/dwr/call/plaincall/AjaxYddbService.saveMaterielItem.dwr HTTP/1.1" 200 79
180.169.147.146 - - [19/Dec/2021:10:22:49 +0800] "GET /xingrg/kc/print/load_data.html?order_code=212021121907796&kc_code=cgsh&condition= HTTP/1.1" 200 12108
180.157.251.97 - - [19/Dec/2021:10:22:49 +0800] "GET /xingrg/all/function/internal_message.html?_=1639880567032&CODE_STATE=getMsg HTTP/1.1" 200 27
180.169.147.146 - - [19/Dec/2021:10:22:53 +0800] "GET /xingrg/all/function/internal_message.html?_=1639880562944&CODE_STATE=getMsg HTTP/1.1" 200 27
114.85.125.222 - - [19/Dec/2021:10:22:53 +0800] "GET /xingrg/kc/base/wldb_order_operate.html?command=get_materiel&rest_code=00150&base_code=0010446&code=00102002238 HTTP/1.1" 200 434
116.238.248.233 - - [19/Dec/2021:10:22:53 +0800] "POST /xingrg/dwr/call/plaincall/AjaxComOrderService.getMaterielSearchList.dwr HTTP/1.1" 200 46417
172.20.0.100 - - [19/Dec/2021:10:22:53 +0800] "GET /xingrg/all/function/internal_message.html?_=1639880567885&CODE_STATE=getMsg HTTP/1.1" 200 27
172.20.0.100 - - [19/Dec/2021:10:22:53 +0800] "GET /xingrg/check_reg.html?_=1639880567890 HTTP/1.1" 200 22
116.238.248.233 - - [19/Dec/2021:10:22:54 +0800] "POST /xingrg/dwr/call/plaincall/AjaxComOrderService.getMaterielSearchList.dwr HTTP/1.1" 200 2988
116.238.248.233 - - [19/Dec/2021:10:22:59 +0800] "POST /xingrg/dwr/call/plaincall/AjaxYddbService.getMaterielByMap.dwr HTTP/1.1" 200 3773
114.83.222.225 - - [19/Dec/2021:10:23:00 +0800] "GET /xingrg/kc/buy/cgsh_order_operate.html?command=get_materiel&rest_code=00149&code=00101009109&supplier_code=00100201&order_time=2021-12-19 HTTP/1.1" 200 399
116.238.248.233 - - [19/Dec/2021:10:23:00 +0800] "POST /xingrg/dwr/call/plaincall/AjaxYddbService.getUnitPrice.dwr HTTP/1.1" 200 88
116.238.248.233 - - [19/Dec/2021:10:23:02 +0800] "POST /xingrg/dwr/call/plaincall/AjaxYddbService.saveMaterielItem.dwr HTTP/1.1" 200 79
58.37.224.87 - - [19/Dec/2021:10:23:02 +0800] "GET /xingrg/all/function/internal_message.html?_=1639880390600&CODE_STATE=getMsg HTTP/1.1" 200 27
124.77.245.186 - - [19/Dec/2021:10:23:02 +0800] "GET /xingrg/all/function/internal_message.html?_=1639880604256&CODE_STATE=getMsg HTTP/1.1" 200 27
180.169.147.146 - - [19/Dec/2021:10:23:03 +0800] "GET /xingrg/kc/buy/cgsh_order_add.html HTTP/1.1" 200 65161
180.169.147.146 - - [19/Dec/2021:10:23:03 +0800] "GET /xingrg/words/20211219091645_words.js HTTP/1.1" 304 -
180.169.147.146 - - [19/Dec/2021:10:23:03 +0800] "GET /xingrg/javascript/easyui/themes/default/validatebox.css HTTP/1.1" 404 1104
180.169.147.146 - - [19/Dec/2021:10:23:03 +0800] "POST /xingrg/kc/buy/cgsh_order_operate.html HTTP/1.1" 200 8245
116.238.248.233 - - [19/Dec/2021:10:23:05 +0800] "POST /xingrg/dwr/call/plaincall/AjaxComOrderService.getMaterielSearchList.dwr HTTP/1.1" 200 13028
116.238.248.233 - - [19/Dec/2021:10:23:06 +0800] "POST /xingrg/dwr/call/plaincall/AjaxComOrderService.getMaterielSearchList.dwr HTTP/1.1" 200 1150
116.238.248.233 - - [19/Dec/2021:10:23:07 +0800] "POST /xingrg/dwr/call/plaincall/AjaxYddbService.getMaterielByMap.dwr HTTP/1.1" 200 3781
116.238.248.233 - - [19/Dec/2021:10:23:10 +0800] "POST /xingrg/dwr/call/plaincall/AjaxYddbService.saveMaterielItem.dwr HTTP/1.1" 200 79
116.238.248.233 - - [19/Dec/2021:10:23:13 +0800] "POST /xingrg/dwr/call/plaincall/AjaxComOrderService.getMaterielSearchList.dwr HTTP/1.1" 200 5895
116.238.248.233 - - [19/Dec/2021:10:23:14 +0800] "POST /xingrg/dwr/call/plaincall/AjaxComOrderService.getMaterielSearchList.dwr HTTP/1.1" 200 303
180.169.147.146 - - [19/Dec/2021:10:23:14 +0800] "GET /xingrg/kc/buy/cgsh_order_operate.html?command=get_materiel&rest_code=00147&code=00101029017&supplier_code=00100017&order_time=2021-12-19 HTTP/1.1" 200 467
116.238.248.233 - - [19/Dec/2021:10:23:15 +0800] "POST /xingrg/dwr/call/plaincall/AjaxYddbService.getMaterielByMap.dwr HTTP/1.1" 200 3782
180.169.147.146 - - [19/Dec/2021:10:23:15 +0800] "POST /xingrg/all/common/load_select.html HTTP/1.1" 200 25
114.85.125.222 - - [19/Dec/2021:10:23:15 +0800] "GET /xingrg/system/sys_right.html HTTP/1.1" 200 7753
114.85.125.222 - - [19/Dec/2021:10:23:15 +0800] "GET /xingrg/dwr/util.js HTTP/1.1" 304 -
114.85.125.222 - - [19/Dec/2021:10:23:15 +0800] "GET /xingrg/javascript/myfunction.js HTTP/1.1" 304 -
114.85.125.222 - - [19/Dec/2021:10:23:15 +0800] "GET /xingrg/javascript/ToolTips.js HTTP/1.1" 304 -
114.85.125.222 - - [19/Dec/2021:10:23:15 +0800] "GET /xingrg/dwr/interface/AjaxSystemService.js HTTP/1.1" 200 13657
114.85.125.222 - - [19/Dec/2021:10:23:15 +0800] "GET /xingrg/dwr/engine.js HTTP/1.1" 200 43631
222.70.176.97 - - [19/Dec/2021:10:23:16 +0800] "GET /xingrg/login.html HTTP/1.1" 200 7641
116.238.248.233 - - [19/Dec/2021:10:23:17 +0800] "POST /xingrg/dwr/call/plaincall/AjaxYddbService.getUnitPrice.dwr HTTP/1.1" 200 86
114.83.222.225 - - [19/Dec/2021:10:23:17 +0800] "GET /xingrg/kc/buy/cgsh_order_operate.html?command=get_materiel&rest_code=00149&code=00101009062&supplier_code=00100201&order_time=2021-12-19 HTTP/1.1" 200 412
180.169.147.146 - - [19/Dec/2021:10:23:18 +0800] "GET /xingrg/kc/buy/cgsh_order_operate.html?command=get_materiel_price&rest_code=00147&code=00101029017&unit_code=00100179&supplier_code=00100017&order_time=2021-12-19 HTTP/1.1" 200 29
222.70.176.97 - - [19/Dec/2021:10:23:18 +0800] "GET /favicon.ico HTTP/1.1" 404 -
222.69.132.164 - - [19/Dec/2021:10:23:18 +0800] "GET /xingrg/all/function/internal_message.html?_=1639880618587&CODE_STATE=getMsg HTTP/1.1" 200 27
222.69.132.164 - - [19/Dec/2021:10:23:18 +0800] "GET /xingrg/check_reg.html?_=1639880618591 HTTP/1.1" 200 22
116.238.248.233 - - [19/Dec/2021:10:23:19 +0800] "POST /xingrg/dwr/call/plaincall/AjaxYddbService.saveMaterielItem.dwr HTTP/1.1" 200 79
116.238.208.177 - - [19/Dec/2021:10:23:20 +0800] "GET /xingrg/all/function/internal_message.html?_=1639880596469&CODE_STATE=getMsg HTTP/1.1" 200 27
116.238.208.177 - - [19/Dec/2021:10:23:20 +0800] "GET /xingrg/check_reg.html?_=1639880596473 HTTP/1.1" 200 22
116.227.210.113 - - [19/Dec/2021:10:23:21 +0800] "GET /xingrg/all/function/internal_message.html?_=1639880580578&CODE_STATE=getMsg HTTP/1.1" 200 27
114.85.125.222 - - [19/Dec/2021:10:23:22 +0800] "POST /xingrg/kc/base/wldb_order_operate.html HTTP/1.1" 200 37
116.238.248.233 - - [19/Dec/2021:10:23:23 +0800] "POST /xingrg/dwr/call/plaincall/AjaxComOrderService.getMaterielSearchList.dwr HTTP/1.1" 200 572
114.85.125.222 - - [19/Dec/2021:10:23:24 +0800] "POST /xingrg/kc/base/wldb_order_operate.html HTTP/1.1" 200 12
114.85.125.222 - - [19/Dec/2021:10:23:24 +0800] "POST /xingrg/kc/base/wldb_order_operate.html HTTP/1.1" 200 2655
222.70.176.97 - - [19/Dec/2021:10:23:25 +0800] "POST /xingrg/login.do HTTP/1.1" 302 -
114.85.125.222 - - [19/Dec/2021:10:23:25 +0800] "GET /xingrg/kc/base/wldb_order_info.html?code=422021121901951 HTTP/1.1" 200 26170
222.70.176.97 - - [19/Dec/2021:10:23:25 +0800] "GET /xingrg/index.html?sysBaseUrl=http%3A%2F%2F180.169.147.146%3A18081%2Fxingrg%2F&costTime=82×tamp=1639880605698 HTTP/1.1" 200 17419
116.238.248.233 - - [19/Dec/2021:10:23:25 +0800] "POST /xingrg/dwr/call/plaincall/AjaxYddbService.getMaterielByMap.dwr HTTP/1.1" 200 3717
222.70.176.97 - - [19/Dec/2021:10:23:26 +0800] "GET /favicon.ico HTTP/1.1" 404 -
222.70.176.97 - - [19/Dec/2021:10:23:26 +0800] "POST /xingrg/all/common/load_tree.html?tree=area_rest_tree_json&manage=1 HTTP/1.1" 200 470
222.70.176.97 - - [19/Dec/2021:10:23:26 +0800] "GET /xingrg/all/function/internal_message.html?_=1639880601795&CODE_STATE=count HTTP/1.1" 200 11
222.70.176.97 - - [19/Dec/2021:10:23:26 +0800] "GET /xingrg/check_reg.html?_=1639880601796 HTTP/1.1" 200 22
114.83.222.225 - - [19/Dec/2021:10:23:26 +0800] "GET /xingrg/kc/buy/cgsh_order_operate.html?command=get_materiel&rest_code=00149&code=00101009013&supplier_code=00100201&order_time=2021-12-19 HTTP/1.1" 200 421
222.70.176.97 - - [19/Dec/2021:10:23:26 +0800] "POST /xingrg/load_menu.html HTTP/1.1" 200 9959
114.85.125.222 - - [19/Dec/2021:10:23:26 +0800] "GET /xingrg/javascript/easyui/themes/default/validatebox.css HTTP/1.1" 404 1104
114.85.125.222 - - [19/Dec/2021:10:23:26 +0800] "POST /xingrg/kc/base/wldb_order_operate.html HTTP/1.1" 200 938
114.85.125.222 - - [19/Dec/2021:10:23:27 +0800] "GET /xingrg/all/function/internal_message.html?_=1639880554331&CODE_STATE=getMsg HTTP/1.1" 200 27
124.77.245.186 - - [19/Dec/2021:10:23:28 +0800] "GET /xingrg/all/function/internal_message.html?_=1639880626133&CODE_STATE=getMsg HTTP/1.1" 302 -
116.233.77.205 - - [19/Dec/2021:10:23:28 +0800] "GET /xingrg/all/function/internal_message.html?_=1639880603691&CODE_STATE=getMsg HTTP/1.1" 200 27
114.85.125.222 - - [19/Dec/2021:10:23:29 +0800] "GET /xingrg/kc/base/wldb_order_add.html HTTP/1.1" 200 30288
180.169.147.146 - - [19/Dec/2021:10:23:29 +0800] "GET /xingrg/check_reg.html?_=1639880605888 HTTP/1.1" 200 22
180.169.147.146 - - [19/Dec/2021:10:23:29 +0800] "GET /xingrg/all/function/internal_message.html?_=1639880605896&CODE_STATE=getMsg HTTP/1.1" 200 27
114.85.125.222 - - [19/Dec/2021:10:23:30 +0800] "POST /xingrg/kc/base/wldb_order_operate.html HTTP/1.1" 200 6806
114.85.125.222 - - [19/Dec/2021:10:23:30 +0800] "GET /xingrg/javascript/easyui/themes/default/validatebox.css HTTP/1.1" 404 1104
114.85.125.222 - - [19/Dec/2021:10:23:30 +0800] "POST /xingrg/all/common/load_combo.html?type=base HTTP/1.1" 200 2963
180.175.103.30 - - [19/Dec/2021:10:23:31 +0800] "GET /xingrg/all/function/internal_message.html?_=1639880607402&CODE_STATE=getMsg HTTP/1.1" 200 27
114.83.222.225 - - [19/Dec/2021:10:23:31 +0800] "GET /xingrg/all/function/internal_message.html?_=1639880606799&CODE_STATE=getMsg HTTP/1.1" 200 27
222.70.176.97 - - [19/Dec/2021:10:23:32 +0800] "GET /xingrg/kc/report/report_main.html HTTP/1.1" 200 7340
180.169.147.146 - - [19/Dec/2021:10:23:32 +0800] "GET /xingrg/kc/buy/cgsh_order_operate.html?command=get_materiel&rest_code=00147&code=00101029033&supplier_code=00100017&order_time=2021-12-19 HTTP/1.1" 200 454
180.169.147.146 - - [19/Dec/2021:10:23:33 +0800] "POST /xingrg/all/common/load_select.html HTTP/1.1" 200 25
180.169.147.146 - - [19/Dec/2021:10:23:36 +0800] "GET /xingrg/kc/buy/cgsh_order_operate.html?command=get_materiel_price&rest_code=00147&code=00101029033&unit_code=00100179&supplier_code=00100017&order_time=2021-12-19 HTTP/1.1" 200 30
222.70.176.97 - - [19/Dec/2021:10:23:37 +0800] "GET /xingrg/all/report/report_query.html?fileName=kc/buy/gys_amount.xml&rh=99999 HTTP/1.1" 200 52006
222.70.176.97 - - [19/Dec/2021:10:23:37 +0800] "GET /xingrg/dwr/interface/AjaxReportQueryService.js HTTP/1.1" 200 13203
222.70.176.97 - - [19/Dec/2021:10:23:37 +0800] "GET /xingrg/dwr/util.js HTTP/1.1" 304 -
222.70.176.97 - - [19/Dec/2021:10:23:38 +0800] "GET /xingrg/dwr/engine.js HTTP/1.1" 200 43631
222.70.176.97 - - [19/Dec/2021:10:23:38 +0800] "POST /xingrg/dwr/call/plaincall/AjaxReportQueryService.getFixDate.dwr HTTP/1.1" 200 111
222.70.176.97 - - [19/Dec/2021:10:23:38 +0800] "POST /xingrg/all/common/load_tree.html?tree=supplier_tree_json&manage=1 HTTP/1.1" 200 62635
116.238.208.177 - - [19/Dec/2021:10:23:39 +0800] "GET /xingrg/all/function/internal_message.html?_=1639880621305&CODE_STATE=getMsg HTTP/1.1" 200 27
222.70.176.97 - - [19/Dec/2021:10:23:39 +0800] "POST /xingrg/all/common/load_tree.html?tree=materiel_sort_tree_json HTTP/1.1" 200 9388
222.70.176.97 - - [19/Dec/2021:10:23:40 +0800] "POST /xingrg/dwr/call/plaincall/AjaxReportQueryService.getInitString.dwr HTTP/1.1" 200 996
180.169.147.146 - - [19/Dec/2021:10:23:41 +0800] "POST /xingrg/kc/buy/cgsh_order_operate.html HTTP/1.1" 200 37
120.253.135.82 - - [19/Dec/2021:10:23:42 +0800] "GET /xingrg/all/function/internal_message.html?_=1639880398532&CODE_STATE=getMsg HTTP/1.1" 200 27
180.169.147.146 - - [19/Dec/2021:10:23:43 +0800] "POST /xingrg/kc/buy/cgsh_order_operate.html HTTP/1.1" 200 3312
61.170.234.223 - - [19/Dec/2021:10:23:43 +0800] "GET /xingrg/check_reg.html?_=1639880619046 HTTP/1.1" 200 22
61.170.234.223 - - [19/Dec/2021:10:23:43 +0800] "GET /xingrg/all/function/internal_message.html?_=1639880619044&CODE_STATE=getMsg HTTP/1.1" 200 27
116.238.248.233 - - [19/Dec/2021:10:23:45 +0800] "GET /xingrg/all/function/internal_message.html?_=1639880621414&CODE_STATE=getMsg HTTP/1.1" 200 27
180.157.251.97 - - [19/Dec/2021:10:23:49 +0800] "GET /xingrg/all/function/internal_message.html?_=1639880627031&CODE_STATE=getMsg HTTP/1.1" 200 27
180.157.251.97 - - [19/Dec/2021:10:23:49 +0800] "GET /xingrg/check_reg.html?_=1639880627033 HTTP/1.1" 200 22
114.85.125.222 - - [19/Dec/2021:10:23:52 +0800] "GET /xingrg/kc/base/wldb_order_operate.html?command=get_materiel&rest_code=00150&base_code=0010449&code=00101025014 HTTP/1.1" 200 463
116.238.248.233 - - [19/Dec/2021:10:23:52 +0800] "POST /xingrg/dwr/call/plaincall/AjaxYddbService.saveMaterielItem.dwr HTTP/1.1" 200 79
180.169.147.146 - - [19/Dec/2021:10:23:53 +0800] "GET /xingrg/all/function/internal_message.html?_=1639880622926&CODE_STATE=getMsg HTTP/1.1" 200 27
172.20.0.100 - - [19/Dec/2021:10:23:53 +0800] "GET /xingrg/all/function/internal_message.html?_=1639880627893&CODE_STATE=getMsg HTTP/1.1" 200 27
116.238.248.233 - - [19/Dec/2021:10:24:02 +0800] "POST /xingrg/dwr/call/plaincall/AjaxYddbService.checkOrder.dwr HTTP/1.1" 200 79
58.37.224.87 - - [19/Dec/2021:10:24:02 +0800] "GET /xingrg/all/function/internal_message.html?_=1639880450640&CODE_STATE=getMsg HTTP/1.1" 200 27
58.37.224.87 - - [19/Dec/2021:10:24:02 +0800] "GET /xingrg/check_reg.html?_=1639880450641 HTTP/1.1" 200 22
124.77.245.186 - - [19/Dec/2021:10:24:02 +0800] "GET /xingrg/all/function/internal_message.html?_=1639880664271&CODE_STATE=getMsg HTTP/1.1" 200 27
116.238.248.233 - - [19/Dec/2021:10:24:03 +0800] "GET /xingrg/kc/base/yddb_order_info.html?code=482021121900102 HTTP/1.1" 200 29465
116.238.248.233 - - [19/Dec/2021:10:24:03 +0800] "GET /xingrg/dwr/interface/AjaxYddbService.js HTTP/1.1" 200 13201
116.238.248.233 - - [19/Dec/2021:10:24:03 +0800] "GET /xingrg/dwr/interface/AjaxComOrderService.js HTTP/1.1" 200 18264
116.238.248.233 - - [19/Dec/2021:10:24:03 +0800] "GET /xingrg/dwr/engine.js HTTP/1.1" 200 43631
116.238.248.233 - - [19/Dec/2021:10:24:03 +0800] "POST /xingrg/dwr/call/plaincall/AjaxYddbService.loadMaterielItems.dwr HTTP/1.1" 200 2213
114.85.125.222 - - [19/Dec/2021:10:24:08 +0800] "GET /xingrg/kc/base/wldb_order_operate.html?command=get_materiel&rest_code=00150&base_code=0010449&code=00101025025 HTTP/1.1" 200 468
116.227.210.113 - - [19/Dec/2021:10:24:08 +0800] "POST /xingrg/services/DataTransmitService HTTP/1.1" 200 524
116.238.248.233 - - [19/Dec/2021:10:24:14 +0800] "GET /xingrg/kc/base/yddb_order_add.html HTTP/1.1" 200 29837
116.238.248.233 - - [19/Dec/2021:10:24:14 +0800] "GET /xingrg/dwr/interface/AjaxComOrderService.js HTTP/1.1" 200 18264
116.238.248.233 - - [19/Dec/2021:10:24:14 +0800] "GET /xingrg/dwr/interface/AjaxYddbService.js HTTP/1.1" 200 13201
116.238.248.233 - - [19/Dec/2021:10:24:14 +0800] "GET /xingrg/dwr/engine.js HTTP/1.1" 200 43631
116.238.248.233 - - [19/Dec/2021:10:24:17 +0800] "POST /xingrg/dwr/call/plaincall/AjaxYddbService.getRestBases.dwr HTTP/1.1" 200 1535
222.69.132.164 - - [19/Dec/2021:10:24:18 +0800] "GET /xingrg/all/function/internal_message.html?_=1639880678608&CODE_STATE=getMsg HTTP/1.1" 200 27
116.238.208.177 - - [19/Dec/2021:10:24:20 +0800] "GET /xingrg/all/function/internal_message.html?_=1639880656467&CODE_STATE=getMsg HTTP/1.1" 200 27
116.227.210.113 - - [19/Dec/2021:10:24:21 +0800] "GET /xingrg/all/function/internal_message.html?_=1639880640595&CODE_STATE=getMsg HTTP/1.1" 200 27
116.238.248.233 - - [19/Dec/2021:10:24:23 +0800] "POST /xingrg/dwr/call/plaincall/AjaxYddbService.saveOrder.dwr HTTP/1.1" 200 78
180.169.147.146 - - [19/Dec/2021:10:24:24 +0800] "GET /xingrg/kc/print/load_data.html?order_code=212021121907798&kc_code=cgsh&condition= HTTP/1.1" 200 1024
222.70.176.97 - - [19/Dec/2021:10:24:25 +0800] "POST /xingrg/dwr/call/plaincall/AjaxReportQueryService.refreshCache.dwr HTTP/1.1" 200 78
114.83.222.225 - - [19/Dec/2021:10:24:26 +0800] "GET /xingrg/check_reg.html?_=1639880661146 HTTP/1.1" 200 22
222.70.176.97 - - [19/Dec/2021:10:24:26 +0800] "GET /xingrg/all/function/internal_message.html?_=1639880661798&CODE_STATE=getMsg HTTP/1.1" 200 27
222.70.176.97 - - [19/Dec/2021:10:24:26 +0800] "POST /xingrg/all/report/load_report_page.html HTTP/1.1" 200 8948
222.70.176.97 - - [19/Dec/2021:10:24:26 +0800] "GET /xingrg/servlets/image?cache=0.1421521515901536&image=px HTTP/1.1" 200 807
116.238.248.233 - - [19/Dec/2021:10:24:26 +0800] "POST /xingrg/dwr/call/plaincall/AjaxComOrderService.getMaterielSearchList.dwr HTTP/1.1" 200 13027
114.85.125.222 - - [19/Dec/2021:10:24:27 +0800] "GET /xingrg/all/function/internal_message.html?_=1639880614346&CODE_STATE=getMsg HTTP/1.1" 200 27
116.238.248.233 - - [19/Dec/2021:10:24:27 +0800] "POST /xingrg/dwr/call/plaincall/AjaxComOrderService.getMaterielSearchList.dwr HTTP/1.1" 200 1149
124.77.245.186 - - [19/Dec/2021:10:24:28 +0800] "GET /xingrg/all/function/internal_message.html?_=1639880686139&CODE_STATE=getMsg HTTP/1.1" 302 -
116.233.77.205 - - [19/Dec/2021:10:24:28 +0800] "GET /xingrg/all/function/internal_message.html?_=1639880663694&CODE_STATE=getMsg HTTP/1.1" 200 27
222.70.176.97 - - [19/Dec/2021:10:24:28 +0800] "GET /xingrg/all/report/report_query.html?isQuery=1&fileName=kc/buy/wlcg_cate_hz.xml&queryString=(CONVERT(char(10)%252Ca.order_time%252C%2520120)%253E%253D'2021-11-01')%2520and%2520(CONVERT(char(10)%252Ca.order_time%252C%2520120)%253C%253D'2021-11-30')%2520and%2520(a.supplier_code%2520in%2520('00100091'))%2520and%2520(a.supplier_code%253D'00100091')&queryText=%25E3%2580%2590%25E9%2587%2587%25E8%25B4%25AD%25E6%2597%25A5%25E6%259C%259F%253A2021-11-01%2520%25E8%2587%25B3%25202021-11-30%25E3%2580%2591%2520%25E5%25B9%25B6%25E4%25B8%2594%2520%2520%25E3%2580%2590%25E4%25BE%259B%25E5%25BA%2594%25E5%2595%2586%2520%253D%2520%25E5%258D%2597%25E5%25AE%2589%25E6%25B0%25B4%25E4%25BA%25A7%25EF%25BC%2588%25E9%2599%2588%25E7%258E%2589%25E7%25A7%2580%25EF%25BC%2589%25E3%2580%2591%2520%25E5%25B9%25B6%25E4%25B8%2594%2520%25E3%2580%2590%25E4%25BE%259B%25E5%25BA%2594%25E5%2595%2586%253D%25E5%258D%2597%25E5%25AE%2589%25E6%25B0%25B4%25E4%25BA%25A7%25EF%25BC%2588%25E9%2599%2588%25E7%258E%2589%25E7%25A7%2580%25EF%25BC%2589%25E3%2580%2591 HTTP/1.1" 200 54481
222.70.176.97 - - [19/Dec/2021:10:24:28 +0800] "GET /xingrg/dwr/interface/AjaxReportQueryService.js HTTP/1.1" 200 13203
222.70.176.97 - - [19/Dec/2021:10:24:28 +0800] "GET /xingrg/dwr/engine.js HTTP/1.1" 200 43631
116.238.248.233 - - [19/Dec/2021:10:24:29 +0800] "POST /xingrg/dwr/call/plaincall/AjaxYddbService.getMaterielByMap.dwr HTTP/1.1" 200 3780
222.70.176.97 - - [19/Dec/2021:10:24:30 +0800] "POST /xingrg/all/report/load_report_page.html HTTP/1.1" 200 8707
222.70.176.97 - - [19/Dec/2021:10:24:30 +0800] "GET /xingrg/servlets/image?cache=0.083269096080546&image=px HTTP/1.1" 200 807
180.175.103.30 - - [19/Dec/2021:10:24:31 +0800] "GET /xingrg/all/function/internal_message.html?_=1639880667374&CODE_STATE=getMsg HTTP/1.1" 200 27
116.238.248.233 - - [19/Dec/2021:10:24:31 +0800] "POST /xingrg/dwr/call/plaincall/AjaxYddbService.saveMaterielItem.dwr HTTP/1.1" 200 78
114.83.222.225 - - [19/Dec/2021:10:24:31 +0800] "GET /xingrg/all/function/internal_message.html?_=1639880666779&CODE_STATE=getMsg HTTP/1.1" 200 27
116.238.248.233 - - [19/Dec/2021:10:24:34 +0800] "POST /xingrg/dwr/call/plaincall/AjaxComOrderService.getMaterielSearchList.dwr HTTP/1.1" 200 13027
222.70.176.97 - - [19/Dec/2021:10:24:35 +0800] "POST /xingrg/all/report/load_report_page.html HTTP/1.1" 200 26543
222.70.176.97 - - [19/Dec/2021:10:24:35 +0800] "GET /xingrg/servlets/image?cache=0.4438510216204896&image=px HTTP/1.1" 200 807
116.238.248.233 - - [19/Dec/2021:10:24:35 +0800] "POST /xingrg/dwr/call/plaincall/AjaxComOrderService.getMaterielSearchList.dwr HTTP/1.1" 200 1149
116.238.208.177 - - [19/Dec/2021:10:24:39 +0800] "GET /xingrg/all/function/internal_message.html?_=1639880681309&CODE_STATE=getMsg HTTP/1.1" 200 27
120.253.135.82 - - [19/Dec/2021:10:24:42 +0800] "GET /xingrg/all/function/internal_message.html?_=1639880458566&CODE_STATE=getMsg HTTP/1.1" 200 27
116.238.248.233 - - [19/Dec/2021:10:24:42 +0800] "POST /xingrg/dwr/call/plaincall/AjaxComOrderService.getMaterielSearchList.dwr HTTP/1.1" 200 76
61.170.234.223 - - [19/Dec/2021:10:24:43 +0800] "GET /xingrg/all/function/internal_message.html?_=1639880679045&CODE_STATE=getMsg HTTP/1.1" 200 27
116.238.248.233 - - [19/Dec/2021:10:24:44 +0800] "POST /xingrg/dwr/call/plaincall/AjaxComOrderService.getMaterielSearchList.dwr HTTP/1.1" 200 8081
116.238.248.233 - - [19/Dec/2021:10:24:44 +0800] "POST /xingrg/dwr/call/plaincall/AjaxComOrderService.getMaterielSearchList.dwr HTTP/1.1" 200 699
114.83.222.225 - - [19/Dec/2021:10:24:45 +0800] "GET /xingrg/kc/buy/cgsh_order_operate.html?command=get_materiel&rest_code=00149&code=00101009045&supplier_code=00100201&order_time=2021-12-19 HTTP/1.1" 200 412
116.238.248.233 - - [19/Dec/2021:10:24:45 +0800] "GET /xingrg/check_reg.html?_=1639880681458 HTTP/1.1" 200 22
116.238.248.233 - - [19/Dec/2021:10:24:45 +0800] "GET /xingrg/all/function/internal_message.html?_=1639880681460&CODE_STATE=getMsg HTTP/1.1" 200 27
116.238.248.233 - - [19/Dec/2021:10:24:45 +0800] "POST /xingrg/dwr/call/plaincall/AjaxYddbService.getMaterielByMap.dwr HTTP/1.1" 200 3758
116.238.248.233 - - [19/Dec/2021:10:24:48 +0800] "POST /xingrg/dwr/call/plaincall/AjaxYddbService.saveMaterielItem.dwr HTTP/1.1" 200 79
180.157.251.97 - - [19/Dec/2021:10:24:49 +0800] "GET /xingrg/all/function/internal_message.html?_=1639880687032&CODE_STATE=getMsg HTTP/1.1" 200 27
116.238.248.233 - - [19/Dec/2021:10:24:51 +0800] "POST /xingrg/dwr/call/plaincall/AjaxComOrderService.getMaterielSearchList.dwr HTTP/1.1" 200 14899
116.238.248.233 - - [19/Dec/2021:10:24:52 +0800] "POST /xingrg/dwr/call/plaincall/AjaxComOrderService.getMaterielSearchList.dwr HTTP/1.1" 200 298
116.238.248.233 - - [19/Dec/2021:10:24:52 +0800] "POST /xingrg/dwr/call/plaincall/AjaxYddbService.getMaterielByMap.dwr HTTP/1.1" 200 3769
180.169.147.146 - - [19/Dec/2021:10:24:53 +0800] "GET /xingrg/all/function/internal_message.html?_=1639880682899&CODE_STATE=getMsg HTTP/1.1" 200 27
172.20.0.100 - - [19/Dec/2021:10:24:53 +0800] "GET /xingrg/all/function/internal_message.html?_=1639880687879&CODE_STATE=getMsg HTTP/1.1" 200 27
116.238.248.233 - - [19/Dec/2021:10:24:54 +0800] "POST /xingrg/dwr/call/plaincall/AjaxYddbService.getUnitPrice.dwr HTTP/1.1" 200 88
61.151.178.177 - - [19/Dec/2021:10:24:54 +0800] "GET /xingrg/all/function/internal_message.html?_=1639880139044&CODE_STATE=getMsg HTTP/1.1" 302 -
61.151.178.177 - - [19/Dec/2021:10:24:55 +0800] "GET /xingrg/login.html HTTP/1.1" 200 7641
114.83.222.225 - - [19/Dec/2021:10:24:56 +0800] "GET /xingrg/kc/buy/cgsh_order_operate.html?command=get_materiel&rest_code=00149&code=00101009012&supplier_code=00100201&order_time=2021-12-19 HTTP/1.1" 200 411
180.175.103.30 - - [19/Dec/2021:10:24:56 +0800] "POST /xingrg/kc/buy/cgsh_list_operate.html HTTP/1.1" 200 3490
116.238.248.233 - - [19/Dec/2021:10:24:57 +0800] "POST /xingrg/dwr/call/plaincall/AjaxYddbService.saveMaterielItem.dwr HTTP/1.1" 200 79
116.238.248.233 - - [19/Dec/2021:10:25:00 +0800] "POST /xingrg/dwr/call/plaincall/AjaxComOrderService.getMaterielSearchList.dwr HTTP/1.1" 200 31376
116.238.248.233 - - [19/Dec/2021:10:25:00 +0800] "POST /xingrg/dwr/call/plaincall/AjaxComOrderService.getMaterielSearchList.dwr HTTP/1.1" 200 3146
124.77.245.186 - - [19/Dec/2021:10:25:01 +0800] "GET /xingrg/check_reg.html?_=1639880723161 HTTP/1.1" 200 22
116.238.248.233 - - [19/Dec/2021:10:25:02 +0800] "POST /xingrg/dwr/call/plaincall/AjaxYddbService.getMaterielByMap.dwr HTTP/1.1" 200 3771
58.37.224.87 - - [19/Dec/2021:10:25:02 +0800] "GET /xingrg/all/function/internal_message.html?_=1639880510625&CODE_STATE=getMsg HTTP/1.1" 200 27
124.77.245.186 - - [19/Dec/2021:10:25:02 +0800] "GET /xingrg/all/function/internal_message.html?_=1639880724378&CODE_STATE=getMsg HTTP/1.1" 200 27
116.238.248.233 - - [19/Dec/2021:10:25:03 +0800] "POST /xingrg/dwr/call/plaincall/AjaxYddbService.getUnitPrice.dwr HTTP/1.1" 200 87
114.85.125.222 - - [19/Dec/2021:10:25:04 +0800] "POST /xingrg/kc/base/wldb_order_operate.html HTTP/1.1" 200 37
114.85.125.222 - - [19/Dec/2021:10:25:06 +0800] "POST /xingrg/kc/base/wldb_order_operate.html HTTP/1.1" 200 12
114.85.125.222 - - [19/Dec/2021:10:25:06 +0800] "POST /xingrg/kc/base/wldb_order_operate.html HTTP/1.1" 200 2713
116.238.248.233 - - [19/Dec/2021:10:25:06 +0800] "POST /xingrg/dwr/call/plaincall/AjaxYddbService.saveMaterielItem.dwr HTTP/1.1" 200 79
114.83.222.225 - - [19/Dec/2021:10:25:08 +0800] "GET /xingrg/kc/buy/cgsh_order_operate.html?command=get_materiel&rest_code=00149&code=00101009011&supplier_code=00100201&order_time=2021-12-19 HTTP/1.1" 200 416
116.238.248.233 - - [19/Dec/2021:10:25:08 +0800] "POST /xingrg/dwr/call/plaincall/AjaxComOrderService.getMaterielSearchList.dwr HTTP/1.1" 200 24877
116.238.248.233 - - [19/Dec/2021:10:25:09 +0800] "POST /xingrg/dwr/call/plaincall/AjaxComOrderService.getMaterielSearchList.dwr HTTP/1.1" 200 592
114.85.125.222 - - [19/Dec/2021:10:25:09 +0800] "GET /xingrg/kc/base/wldb_order_info.html?code=422021121901952 HTTP/1.1" 200 26171
116.238.248.233 - - [19/Dec/2021:10:25:10 +0800] "POST /xingrg/dwr/call/plaincall/AjaxYddbService.getMaterielByMap.dwr HTTP/1.1" 200 3792
114.85.125.222 - - [19/Dec/2021:10:25:10 +0800] "GET /xingrg/javascript/easyui/themes/default/validatebox.css HTTP/1.1" 404 1104
114.85.125.222 - - [19/Dec/2021:10:25:10 +0800] "POST /xingrg/kc/base/wldb_order_operate.html HTTP/1.1" 200 998
116.238.248.233 - - [19/Dec/2021:10:25:11 +0800] "POST /xingrg/dwr/call/plaincall/AjaxYddbService.getUnitPrice.dwr HTTP/1.1" 200 87
116.238.248.233 - - [19/Dec/2021:10:25:14 +0800] "POST /xingrg/dwr/call/plaincall/AjaxYddbService.saveMaterielItem.dwr HTTP/1.1" 200 79
116.238.248.233 - - [19/Dec/2021:10:25:17 +0800] "POST /xingrg/dwr/call/plaincall/AjaxComOrderService.getMaterielSearchList.dwr HTTP/1.1" 200 24751
114.83.222.225 - - [19/Dec/2021:10:25:17 +0800] "GET /xingrg/kc/buy/cgsh_order_operate.html?command=get_materiel&rest_code=00149&code=00101009031&supplier_code=00100201&order_time=2021-12-19 HTTP/1.1" 200 408
116.238.248.233 - - [19/Dec/2021:10:25:18 +0800] "POST /xingrg/dwr/call/plaincall/AjaxComOrderService.getMaterielSearchList.dwr HTTP/1.1" 200 2809
222.69.132.164 - - [19/Dec/2021:10:25:18 +0800] "GET /xingrg/all/function/internal_message.html?_=1639880738603&CODE_STATE=getMsg HTTP/1.1" 200 27
116.238.248.233 - - [19/Dec/2021:10:25:19 +0800] "POST /xingrg/dwr/call/plaincall/AjaxYddbService.getMaterielByMap.dwr HTTP/1.1" 200 3815
116.238.208.177 - - [19/Dec/2021:10:25:20 +0800] "GET /xingrg/all/function/internal_message.html?_=1639880716456&CODE_STATE=getMsg HTTP/1.1" 200 27
116.238.248.233 - - [19/Dec/2021:10:25:21 +0800] "POST /xingrg/dwr/call/plaincall/AjaxYddbService.getUnitPrice.dwr HTTP/1.1" 200 87
116.227.210.113 - - [19/Dec/2021:10:25:21 +0800] "GET /xingrg/all/function/internal_message.html?_=1639880700581&CODE_STATE=getMsg HTTP/1.1" 200 27
116.227.210.113 - - [19/Dec/2021:10:25:21 +0800] "GET /xingrg/check_reg.html?_=1639880700583 HTTP/1.1" 200 22
120.253.135.82 - - [19/Dec/2021:10:25:24 +0800] "GET /xingrg/check_reg.html?_=1639880499994 HTTP/1.1" 200 22
116.238.248.233 - - [19/Dec/2021:10:25:25 +0800] "POST /xingrg/dwr/call/plaincall/AjaxYddbService.getUnitPrice.dwr HTTP/1.1" 200 88
116.238.248.233 - - [19/Dec/2021:10:25:26 +0800] "POST /xingrg/dwr/call/plaincall/AjaxYddbService.saveMaterielItem.dwr HTTP/1.1" 200 79
222.70.176.97 - - [19/Dec/2021:10:25:26 +0800] "GET /xingrg/all/function/internal_message.html?_=1639880721806&CODE_STATE=getMsg HTTP/1.1" 200 27
114.85.125.222 - - [19/Dec/2021:10:25:27 +0800] "GET /xingrg/all/function/internal_message.html?_=1639880674359&CODE_STATE=getMsg HTTP/1.1" 200 27
124.77.245.186 - - [19/Dec/2021:10:25:28 +0800] "GET /xingrg/all/function/internal_message.html?_=1639880746161&CODE_STATE=getMsg HTTP/1.1" 302 -
116.233.77.205 - - [19/Dec/2021:10:25:28 +0800] "GET /xingrg/all/function/internal_message.html?_=1639880723695&CODE_STATE=getMsg HTTP/1.1" 200 27
114.83.222.225 - - [19/Dec/2021:10:25:31 +0800] "GET /xingrg/all/function/internal_message.html?_=1639880726754&CODE_STATE=getMsg HTTP/1.1" 200 27
180.175.103.30 - - [19/Dec/2021:10:25:32 +0800] "GET /xingrg/all/function/internal_message.html?_=1639880727672&CODE_STATE=getMsg HTTP/1.1" 200 27
116.238.208.177 - - [19/Dec/2021:10:25:38 +0800] "GET /xingrg/check_reg.html?_=1639880740600 HTTP/1.1" 200 22
116.238.208.177 - - [19/Dec/2021:10:25:39 +0800] "GET /xingrg/all/function/internal_message.html?_=1639880741323&CODE_STATE=getMsg HTTP/1.1" 200 27
180.157.251.97 - - [19/Dec/2021:10:25:42 +0800] "GET /favicon.ico HTTP/1.1" 404 -
120.253.135.82 - - [19/Dec/2021:10:25:42 +0800] "GET /xingrg/all/function/internal_message.html?_=1639880518574&CODE_STATE=getMsg HTTP/1.1" 200 27
61.170.234.223 - - [19/Dec/2021:10:25:43 +0800] "GET /xingrg/all/function/internal_message.html?_=1639880739044&CODE_STATE=getMsg HTTP/1.1" 200 27
116.238.248.233 - - [19/Dec/2021:10:25:45 +0800] "GET /xingrg/all/function/internal_message.html?_=1639880741517&CODE_STATE=getMsg HTTP/1.1" 200 27
180.157.251.97 - - [19/Dec/2021:10:25:49 +0800] "GET /xingrg/all/function/internal_message.html?_=1639880747032&CODE_STATE=getMsg HTTP/1.1" 200 27
124.77.245.186 - - [19/Dec/2021:10:25:51 +0800] "GET /xingrg/kc/print/load_config.html?kc_code=cgsh HTTP/1.1" 200 1943
124.77.245.186 - - [19/Dec/2021:10:25:51 +0800] "GET /xingrg/kc/print/load_data.html?order_code=212021121907770&kc_code=cgsh&condition= HTTP/1.1" 200 20783
180.169.147.146 - - [19/Dec/2021:10:25:52 +0800] "GET /xingrg/all/function/internal_message.html?_=1639880742883&CODE_STATE=getMsg HTTP/1.1" 200 27
172.20.0.100 - - [19/Dec/2021:10:25:53 +0800] "GET /xingrg/all/function/internal_message.html?_=1639880747883&CODE_STATE=getMsg HTTP/1.1" 200 27
116.238.248.233 - - [19/Dec/2021:10:25:59 +0800] "POST /xingrg/dwr/call/plaincall/AjaxComOrderService.getMaterielSearchList.dwr HTTP/1.1" 200 39253
116.238.248.233 - - [19/Dec/2021:10:26:00 +0800] "POST /xingrg/dwr/call/plaincall/AjaxComOrderService.getMaterielSearchList.dwr HTTP/1.1" 200 1384
116.238.248.233 - - [19/Dec/2021:10:26:01 +0800] "POST /xingrg/dwr/call/plaincall/AjaxComOrderService.getMaterielSearchList.dwr HTTP/1.1" 200 1571
124.77.245.186 - - [19/Dec/2021:10:26:02 +0800] "GET /xingrg/all/function/internal_message.html?_=1639880784393&CODE_STATE=getMsg HTTP/1.1" 200 27
116.238.248.233 - - [19/Dec/2021:10:26:03 +0800] "POST /xingrg/dwr/call/plaincall/AjaxYddbService.getMaterielByMap.dwr HTTP/1.1" 200 3705
116.238.248.233 - - [19/Dec/2021:10:26:05 +0800] "POST /xingrg/dwr/call/plaincall/AjaxYddbService.saveMaterielItem.dwr HTTP/1.1" 200 79
124.77.245.186 - - [19/Dec/2021:10:26:06 +0800] "GET /xingrg/check_reg.html?_=1639880784856 HTTP/1.1" 302 -
114.85.125.222 - - [19/Dec/2021:10:26:09 +0800] "GET /xingrg/check_reg.html?_=1639880716482 HTTP/1.1" 200 22
116.238.248.233 - - [19/Dec/2021:10:26:09 +0800] "POST /xingrg/dwr/call/plaincall/AjaxComOrderService.getMaterielSearchList.dwr HTTP/1.1" 200 224966
116.238.248.233 - - [19/Dec/2021:10:26:10 +0800] "POST /xingrg/dwr/call/plaincall/AjaxComOrderService.getMaterielSearchList.dwr HTTP/1.1" 200 325764
116.238.248.233 - - [19/Dec/2021:10:26:11 +0800] "POST /xingrg/dwr/call/plaincall/AjaxComOrderService.getMaterielSearchList.dwr HTTP/1.1" 200 1130
116.238.248.233 - - [19/Dec/2021:10:26:13 +0800] "POST /xingrg/dwr/call/plaincall/AjaxYddbService.getMaterielByMap.dwr HTTP/1.1" 200 3784
101.91.62.89 - - [19/Dec/2021:10:26:13 +0800] "GET /xingrg/all/function/internal_message.html?_=1639880199043&CODE_STATE=getMsg HTTP/1.1" 302 -
116.238.248.233 - - [19/Dec/2021:10:26:14 +0800] "POST /xingrg/dwr/call/plaincall/AjaxYddbService.getUnitPrice.dwr HTTP/1.1" 200 87
101.91.62.89 - - [19/Dec/2021:10:26:14 +0800] "GET /xingrg/login.html HTTP/1.1" 200 7641
222.69.132.164 - - [19/Dec/2021:10:26:18 +0800] "GET /xingrg/all/function/internal_message.html?_=1639880798595&CODE_STATE=getMsg HTTP/1.1" 200 27
116.238.248.233 - - [19/Dec/2021:10:26:19 +0800] "POST /xingrg/dwr/call/plaincall/AjaxYddbService.saveMaterielItem.dwr HTTP/1.1" 200 79
114.85.125.222 - - [19/Dec/2021:10:26:20 +0800] "GET /xingrg/kc/base/wldb_order_add.html HTTP/1.1" 200 30288
116.238.208.177 - - [19/Dec/2021:10:26:20 +0800] "GET /xingrg/all/function/internal_message.html?_=1639880776467&CODE_STATE=getMsg HTTP/1.1" 200 27
116.227.210.113 - - [19/Dec/2021:10:26:21 +0800] "GET /xingrg/all/function/internal_message.html?_=1639880760596&CODE_STATE=getMsg HTTP/1.1" 200 27
114.85.125.222 - - [19/Dec/2021:10:26:21 +0800] "POST /xingrg/kc/base/wldb_order_operate.html HTTP/1.1" 200 6806
114.85.125.222 - - [19/Dec/2021:10:26:21 +0800] "GET /xingrg/javascript/easyui/themes/default/validatebox.css HTTP/1.1" 404 1104
114.85.125.222 - - [19/Dec/2021:10:26:23 +0800] "POST /xingrg/all/common/load_combo.html?type=base HTTP/1.1" 200 2963
222.70.176.97 - - [19/Dec/2021:10:26:26 +0800] "GET /xingrg/all/function/internal_message.html?_=1639880781808&CODE_STATE=getMsg HTTP/1.1" 200 27
114.85.125.222 - - [19/Dec/2021:10:26:27 +0800] "GET /xingrg/all/function/internal_message.html?_=1639880734372&CODE_STATE=getMsg HTTP/1.1" 200 27
124.77.245.186 - - [19/Dec/2021:10:26:28 +0800] "GET /xingrg/all/function/internal_message.html?_=1639880806166&CODE_STATE=getMsg HTTP/1.1" 302 -
116.233.77.205 - - [19/Dec/2021:10:26:28 +0800] "GET /xingrg/all/function/internal_message.html?_=1639880783697&CODE_STATE=getMsg HTTP/1.1" 200 27
116.233.77.205 - - [19/Dec/2021:10:26:28 +0800] "GET /xingrg/check_reg.html?_=1639880783698 HTTP/1.1" 200 22
116.238.248.233 - - [19/Dec/2021:10:26:28 +0800] "POST /xingrg/dwr/call/plaincall/AjaxComOrderService.getMaterielSearchList.dwr HTTP/1.1" 200 459378
116.238.248.233 - - [19/Dec/2021:10:26:28 +0800] "POST /xingrg/dwr/call/plaincall/AjaxComOrderService.getMaterielSearchList.dwr HTTP/1.1" 200 963
116.238.248.233 - - [19/Dec/2021:10:26:31 +0800] "POST /xingrg/dwr/call/plaincall/AjaxYddbService.getMaterielByMap.dwr HTTP/1.1" 200 3752
180.175.103.30 - - [19/Dec/2021:10:26:31 +0800] "GET /xingrg/all/function/internal_message.html?_=1639880787325&CODE_STATE=getMsg HTTP/1.1" 200 27
114.83.222.225 - - [19/Dec/2021:10:26:31 +0800] "GET /xingrg/all/function/internal_message.html?_=1639880786736&CODE_STATE=getMsg HTTP/1.1" 200 27
116.238.248.233 - - [19/Dec/2021:10:26:33 +0800] "POST /xingrg/dwr/call/plaincall/AjaxYddbService.saveMaterielItem.dwr HTTP/1.1" 200 79
180.175.103.30 - - [19/Dec/2021:10:26:33 +0800] "GET /xingrg/check_reg.html?_=1639880788856 HTTP/1.1" 200 22
116.238.208.177 - - [19/Dec/2021:10:26:39 +0800] "GET /xingrg/all/function/internal_message.html?_=1639880801366&CODE_STATE=getMsg HTTP/1.1" 200 27
116.238.248.233 - - [19/Dec/2021:10:26:42 +0800] "POST /xingrg/dwr/call/plaincall/AjaxYddbService.checkOrder.dwr HTTP/1.1" 200 79
120.253.135.82 - - [19/Dec/2021:10:26:42 +0800] "GET /xingrg/all/function/internal_message.html?_=1639880578588&CODE_STATE=getMsg HTTP/1.1" 200 27
116.238.248.233 - - [19/Dec/2021:10:26:43 +0800] "GET /xingrg/kc/base/yddb_order_info.html?code=482021121900103 HTTP/1.1" 200 29466
116.238.248.233 - - [19/Dec/2021:10:26:43 +0800] "GET /xingrg/dwr/interface/AjaxComOrderService.js HTTP/1.1" 200 18264
