124.77.245.186 - - [18/Dec/2021:11:00:38 +0800] "GET /xingrg/all/function/internal_message.html?_=1639796456928&CODE_STATE=getMsg HTTP/1.1" 200 27
101.89.239.245 - - [18/Dec/2021:11:00:43 +0800] "GET /xingrg/all/function/internal_message.html?_=1639796324639&CODE_STATE=getMsg HTTP/1.1" 302 -
101.89.239.245 - - [18/Dec/2021:11:00:43 +0800] "GET /xingrg/login.html HTTP/1.1" 200 7641
114.86.228.169 - - [18/Dec/2021:11:00:44 +0800] "GET /xingrg/kc/buy/cgsh_order_operate.html?command=get_materiel&rest_code=00109&code=00101012029&supplier_code=00100035&order_time=2021-12-18 HTTP/1.1" 200 412
120.253.135.82 - - [18/Dec/2021:11:00:46 +0800] "GET /xingrg/all/function/internal_message.html?_=1639796221871&CODE_STATE=getMsg HTTP/1.1" 200 27
180.175.103.30 - - [18/Dec/2021:11:00:47 +0800] "GET /xingrg/all/function/internal_message.html?_=1639796380315&CODE_STATE=getMsg HTTP/1.1" 200 27
116.238.208.177 - - [18/Dec/2021:11:00:50 +0800] "GET /xingrg/all/function/internal_message.html?_=1639796452671&CODE_STATE=getMsg HTTP/1.1" 200 27
114.86.228.169 - - [18/Dec/2021:11:00:51 +0800] "GET /xingrg/kc/buy/cgsh_order_operate.html?command=get_materiel&rest_code=00109&code=00101010136&supplier_code=00100035&order_time=2021-12-18 HTTP/1.1" 200 409
61.170.234.223 - - [18/Dec/2021:11:00:51 +0800] "GET /xingrg/all/function/internal_message.html?_=1639796444586&CODE_STATE=getMsg HTTP/1.1" 200 27
101.85.120.86 - - [18/Dec/2021:11:00:52 +0800] "POST /xingrg/kc/buy/cgsh_order_operate.html HTTP/1.1" 200 37
124.77.245.186 - - [18/Dec/2021:11:00:52 +0800] "GET /xingrg/kc/buy/cgsh_order_operate.html?command=get_materiel&rest_code=00146&code=00101008236&supplier_code=00100005&order_time=2021-12-18 HTTP/1.1" 200 416
101.85.120.86 - - [18/Dec/2021:11:00:55 +0800] "POST /xingrg/kc/buy/cgsh_order_operate.html HTTP/1.1" 200 12
101.85.120.86 - - [18/Dec/2021:11:00:56 +0800] "GET /xingrg/kc/buy/cgsh_order_info.html?code=212021121807309 HTTP/1.1" 200 59231
101.85.120.86 - - [18/Dec/2021:11:00:57 +0800] "GET /xingrg/javascript/easyui/themes/default/validatebox.css HTTP/1.1" 404 1104
101.85.120.86 - - [18/Dec/2021:11:00:57 +0800] "POST /xingrg/kc/buy/cgsh_order_operate.html HTTP/1.1" 200 2975
101.85.120.86 - - [18/Dec/2021:11:00:59 +0800] "GET /xingrg/kc/print/load_config.html?kc_code=cgsh HTTP/1.1" 200 1943
101.85.120.86 - - [18/Dec/2021:11:00:59 +0800] "GET /xingrg/kc/print/load_data.html?order_code=212021121807309&kc_code=cgsh&condition= HTTP/1.1" 200 1614
124.77.245.186 - - [18/Dec/2021:11:01:00 +0800] "POST /xingrg/kc/buy/cgsh_order_operate.html HTTP/1.1" 200 2065
222.70.176.97 - - [18/Dec/2021:11:01:01 +0800] "GET /xingrg/all/function/internal_message.html?_=1639796456952&CODE_STATE=getMsg HTTP/1.1" 200 27
172.20.0.100 - - [18/Dec/2021:11:01:01 +0800] "GET /xingrg/all/function/internal_message.html?_=1639796457603&CODE_STATE=getMsg HTTP/1.1" 200 27
101.85.120.86 - - [18/Dec/2021:11:01:04 +0800] "GET /xingrg/kc/buy/cgsh_order_add.html HTTP/1.1" 200 64318
101.85.120.86 - - [18/Dec/2021:11:01:05 +0800] "POST /xingrg/kc/buy/cgsh_order_operate.html HTTP/1.1" 200 8245
101.85.120.86 - - [18/Dec/2021:11:01:05 +0800] "GET /xingrg/javascript/easyui/themes/default/validatebox.css HTTP/1.1" 404 1104
124.77.245.186 - - [18/Dec/2021:11:01:08 +0800] "GET /xingrg/check_reg.html?_=1639796483293 HTTP/1.1" 302 -
124.77.245.186 - - [18/Dec/2021:11:01:08 +0800] "GET /xingrg/kc/buy/cgsh_order_operate.html?command=get_materiel&rest_code=00146&code=00101013114&supplier_code=00100005&order_time=2021-12-18 HTTP/1.1" 200 409
124.77.245.186 - - [18/Dec/2021:11:01:11 +0800] "GET /xingrg/all/function/internal_message.html?_=1639796486954&CODE_STATE=getMsg HTTP/1.1" 302 -
114.84.148.232 - - [18/Dec/2021:11:01:12 +0800] "GET /xingrg/all/function/internal_message.html?_=1639796281483&CODE_STATE=getMsg HTTP/1.1" 200 27
58.40.7.146 - - [18/Dec/2021:11:01:13 +0800] "GET /xingrg/all/function/internal_message.html?_=1639796468983&CODE_STATE=getMsg HTTP/1.1" 200 27
180.169.147.146 - - [18/Dec/2021:11:01:13 +0800] "GET /xingrg/all/function/internal_message.html?_=1639796469572&CODE_STATE=getMsg HTTP/1.1" 200 27
180.169.147.146 - - [18/Dec/2021:11:01:13 +0800] "GET /xingrg/check_reg.html?_=1639796469573 HTTP/1.1" 200 22
114.86.228.169 - - [18/Dec/2021:11:01:13 +0800] "GET /xingrg/all/function/internal_message.html?_=1639796470234&CODE_STATE=getMsg HTTP/1.1" 200 27
116.238.208.177 - - [18/Dec/2021:11:01:17 +0800] "GET /xingrg/kc/buy/cgsh_order_operate.html?command=get_materiel&rest_code=00102&code=00101008251&supplier_code=00100008&order_time=2021-12-18 HTTP/1.1" 200 408
101.85.120.86 - - [18/Dec/2021:11:01:17 +0800] "GET /xingrg/kc/buy/cgsh_order_operate.html?command=get_materiel&rest_code=00142&code=00101008126&supplier_code=00100161&order_time=2021-12-18 HTTP/1.1" 200 412
116.238.208.177 - - [18/Dec/2021:11:01:19 +0800] "GET /xingrg/all/function/internal_message.html?_=1639796478609&CODE_STATE=getMsg HTTP/1.1" 200 27
124.77.245.186 - - [18/Dec/2021:11:01:23 +0800] "GET /xingrg/kc/buy/cgsh_order_operate.html?command=get_materiel&rest_code=00146&code=00101020131&supplier_code=00100005&order_time=2021-12-18 HTTP/1.1" 200 436
116.238.208.177 - - [18/Dec/2021:11:01:24 +0800] "GET /xingrg/kc/buy/cgsh_order_operate.html?command=get_materiel&rest_code=00102&code=00101008286&supplier_code=00100008&order_time=2021-12-18 HTTP/1.1" 200 408
116.227.210.113 - - [18/Dec/2021:11:01:28 +0800] "GET /xingrg/check_reg.html?_=1639796470822 HTTP/1.1" 200 22
116.227.210.113 - - [18/Dec/2021:11:01:29 +0800] "GET /xingrg/all/function/internal_message.html?_=1639796470932&CODE_STATE=getMsg HTTP/1.1" 200 27
114.85.125.222 - - [18/Dec/2021:11:01:31 +0800] "GET /xingrg/all/function/internal_message.html?_=1639796439497&CODE_STATE=getMsg HTTP/1.1" 200 27
61.170.234.223 - - [18/Dec/2021:11:01:32 +0800] "GET /xingrg/check_reg.html?_=1639796485041 HTTP/1.1" 200 22
101.85.120.86 - - [18/Dec/2021:11:01:32 +0800] "GET /xingrg/all/function/internal_message.html?_=1639796486865&CODE_STATE=getMsg HTTP/1.1" 200 27
114.83.222.225 - - [18/Dec/2021:11:01:32 +0800] "GET /xingrg/all/function/internal_message.html?_=1639796487966&CODE_STATE=getMsg HTTP/1.1" 200 27
61.170.234.223 - - [18/Dec/2021:11:01:35 +0800] "GET /xingrg/all/function/internal_message.html?_=1639796493876&CODE_STATE=getMsg HTTP/1.1" 200 27
61.170.234.223 - - [18/Dec/2021:11:01:35 +0800] "GET /xingrg/check_reg.html?_=1639796493880 HTTP/1.1" 200 22
180.175.103.30 - - [18/Dec/2021:11:01:36 +0800] "GET /xingrg/all/function/internal_message.html?_=1639796491945&CODE_STATE=getMsg HTTP/1.1" 200 27
124.77.245.186 - - [18/Dec/2021:11:01:37 +0800] "GET /xingrg/kc/buy/cgsh_order_operate.html?command=get_materiel&rest_code=00146&code=00101008350&supplier_code=00100005&order_time=2021-12-18 HTTP/1.1" 200 408
180.169.147.146 - - [18/Dec/2021:11:01:37 +0800] "GET /xingrg/all/function/internal_message.html?_=1639796494687&CODE_STATE=getMsg HTTP/1.1" 200 27
124.77.245.186 - - [18/Dec/2021:11:01:38 +0800] "GET /xingrg/check_reg.html?_=1639796516819 HTTP/1.1" 200 22
124.77.245.186 - - [18/Dec/2021:11:01:38 +0800] "GET /xingrg/all/function/internal_message.html?_=1639796516941&CODE_STATE=getMsg HTTP/1.1" 200 27
120.253.135.82 - - [18/Dec/2021:11:01:46 +0800] "GET /xingrg/all/function/internal_message.html?_=1639796281877&CODE_STATE=getMsg HTTP/1.1" 200 27
180.175.103.30 - - [18/Dec/2021:11:01:47 +0800] "GET /xingrg/all/function/internal_message.html?_=1639796440300&CODE_STATE=getMsg HTTP/1.1" 200 27
101.85.120.86 - - [18/Dec/2021:11:01:47 +0800] "GET /xingrg/kc/buy/cgsh_order_operate.html?command=get_materiel&rest_code=00142&code=00101008108&supplier_code=00100161&order_time=2021-12-18 HTTP/1.1" 200 412
116.238.208.177 - - [18/Dec/2021:11:01:50 +0800] "GET /xingrg/all/function/internal_message.html?_=1639796513068&CODE_STATE=getMsg HTTP/1.1" 200 27
116.238.208.177 - - [18/Dec/2021:11:01:51 +0800] "GET /xingrg/kc/buy/cgsh_order_operate.html?command=get_materiel&rest_code=00102&code=00101008296&supplier_code=00100008&order_time=2021-12-18 HTTP/1.1" 200 416
101.89.19.197 - - [18/Dec/2021:11:01:51 +0800] "GET /xingrg/kc/buy/cgsh_order_operate.html?command=get_materiel&rest_code=00106&code=00101008059&supplier_code=00100007&order_time=2021-12-18 HTTP/1.1" 302 -
61.170.234.223 - - [18/Dec/2021:11:01:51 +0800] "GET /xingrg/all/function/internal_message.html?_=1639796504562&CODE_STATE=getMsg HTTP/1.1" 200 27
101.89.19.197 - - [18/Dec/2021:11:01:52 +0800] "GET /xingrg/login.html HTTP/1.1" 200 7641
124.77.245.186 - - [18/Dec/2021:11:01:54 +0800] "GET /xingrg/kc/buy/cgsh_order_operate.html?command=get_materiel&rest_code=00146&code=00101008112&supplier_code=00100005&order_time=2021-12-18 HTTP/1.1" 200 412
116.238.208.177 - - [18/Dec/2021:11:01:56 +0800] "GET /xingrg/kc/buy/cgsh_order_operate.html?command=get_materiel&rest_code=00102&code=00101008098&supplier_code=00100008&order_time=2021-12-18 HTTP/1.1" 200 412
101.85.120.86 - - [18/Dec/2021:11:01:57 +0800] "GET /xingrg/kc/buy/cgsh_order_operate.html?command=get_materiel&rest_code=00142&code=00101008368&supplier_code=00100161&order_time=2021-12-18 HTTP/1.1" 200 408
116.238.208.177 - - [18/Dec/2021:11:01:58 +0800] "POST /xingrg/kc/buy/cgsh_order_operate.html HTTP/1.1" 200 2065
222.70.176.97 - - [18/Dec/2021:11:02:01 +0800] "GET /xingrg/all/function/internal_message.html?_=1639796516926&CODE_STATE=getMsg HTTP/1.1" 200 27
172.20.0.100 - - [18/Dec/2021:11:02:01 +0800] "GET /xingrg/all/function/internal_message.html?_=1639796517606&CODE_STATE=getMsg HTTP/1.1" 200 27
101.89.239.238 - - [18/Dec/2021:11:02:07 +0800] "GET /xingrg/check_reg.html?_=1639794985139 HTTP/1.1" 302 -
101.89.239.238 - - [18/Dec/2021:11:02:10 +0800] "GET /xingrg/login.html HTTP/1.1" 200 7641
124.77.245.186 - - [18/Dec/2021:11:02:11 +0800] "GET /xingrg/kc/buy/cgsh_order_operate.html?command=get_materiel&rest_code=00146&code=00101008354&supplier_code=00100005&order_time=2021-12-18 HTTP/1.1" 200 412
124.77.245.186 - - [18/Dec/2021:11:02:11 +0800] "GET /xingrg/all/function/internal_message.html?_=1639796546972&CODE_STATE=getMsg HTTP/1.1" 302 -
114.84.148.232 - - [18/Dec/2021:11:02:12 +0800] "GET /xingrg/check_reg.html?_=1639796341482 HTTP/1.1" 200 22
114.84.148.232 - - [18/Dec/2021:11:02:12 +0800] "GET /xingrg/all/function/internal_message.html?_=1639796341484&CODE_STATE=getMsg HTTP/1.1" 200 27
58.40.7.146 - - [18/Dec/2021:11:02:13 +0800] "GET /xingrg/all/function/internal_message.html?_=1639796528978&CODE_STATE=getMsg HTTP/1.1" 200 27
180.169.147.146 - - [18/Dec/2021:11:02:13 +0800] "GET /xingrg/all/function/internal_message.html?_=1639796529584&CODE_STATE=getMsg HTTP/1.1" 200 27
124.77.245.186 - - [18/Dec/2021:11:02:14 +0800] "POST /xingrg/kc/buy/cgsh_order_operate.html HTTP/1.1" 200 2065
114.86.228.169 - - [18/Dec/2021:11:02:14 +0800] "GET /xingrg/all/function/internal_message.html?_=1639796531079&CODE_STATE=getMsg HTTP/1.1" 200 27
101.85.120.86 - - [18/Dec/2021:11:02:18 +0800] "GET /xingrg/kc/buy/cgsh_order_operate.html?command=get_materiel&rest_code=00142&code=00101008005&supplier_code=00100161&order_time=2021-12-18 HTTP/1.1" 200 412
116.238.208.177 - - [18/Dec/2021:11:02:19 +0800] "GET /xingrg/all/function/internal_message.html?_=1639796538700&CODE_STATE=getMsg HTTP/1.1" 200 27
116.238.208.177 - - [18/Dec/2021:11:02:19 +0800] "GET /xingrg/check_reg.html?_=1639796538703 HTTP/1.1" 200 22
124.77.245.186 - - [18/Dec/2021:11:02:21 +0800] "GET /xingrg/kc/buy/cgsh_order_operate.html?command=get_materiel&rest_code=00146&code=00101008096&supplier_code=00100005&order_time=2021-12-18 HTTP/1.1" 200 412
116.238.208.177 - - [18/Dec/2021:11:02:23 +0800] "GET /xingrg/kc/buy/cgsh_order_operate.html?command=get_materiel&rest_code=00102&code=00101008213&supplier_code=00100008&order_time=2021-12-18 HTTP/1.1" 200 412
101.85.120.86 - - [18/Dec/2021:11:02:28 +0800] "GET /xingrg/kc/buy/cgsh_order_operate.html?command=get_materiel&rest_code=00142&code=00101008268&supplier_code=00100161&order_time=2021-12-18 HTTP/1.1" 200 408
116.227.210.113 - - [18/Dec/2021:11:02:29 +0800] "GET /xingrg/all/function/internal_message.html?_=1639796530904&CODE_STATE=getMsg HTTP/1.1" 200 27
116.238.208.177 - - [18/Dec/2021:11:02:29 +0800] "GET /xingrg/kc/buy/cgsh_order_operate.html?command=get_materiel&rest_code=00102&code=00101008297&supplier_code=00100008&order_time=2021-12-18 HTTP/1.1" 200 412
114.85.125.222 - - [18/Dec/2021:11:02:31 +0800] "GET /xingrg/all/function/internal_message.html?_=1639796499511&CODE_STATE=getMsg HTTP/1.1" 200 27
101.85.120.86 - - [18/Dec/2021:11:02:32 +0800] "GET /xingrg/all/function/internal_message.html?_=1639796546869&CODE_STATE=getMsg HTTP/1.1" 200 27
114.83.222.225 - - [18/Dec/2021:11:02:32 +0800] "GET /xingrg/all/function/internal_message.html?_=1639796547936&CODE_STATE=getMsg HTTP/1.1" 200 27
61.170.234.223 - - [18/Dec/2021:11:02:35 +0800] "GET /xingrg/all/function/internal_message.html?_=1639796553882&CODE_STATE=getMsg HTTP/1.1" 200 27
116.238.208.177 - - [18/Dec/2021:11:02:36 +0800] "GET /xingrg/kc/buy/cgsh_order_operate.html?command=get_materiel&rest_code=00102&code=00101008347&supplier_code=00100008&order_time=2021-12-18 HTTP/1.1" 200 408
180.175.103.30 - - [18/Dec/2021:11:02:36 +0800] "GET /xingrg/all/function/internal_message.html?_=1639796551915&CODE_STATE=getMsg HTTP/1.1" 200 27
180.169.147.146 - - [18/Dec/2021:11:02:37 +0800] "GET /xingrg/check_reg.html?_=1639796554686 HTTP/1.1" 200 22
180.169.147.146 - - [18/Dec/2021:11:02:37 +0800] "GET /xingrg/all/function/internal_message.html?_=1639796554692&CODE_STATE=getMsg HTTP/1.1" 200 27
124.77.245.186 - - [18/Dec/2021:11:02:38 +0800] "GET /xingrg/all/function/internal_message.html?_=1639796576956&CODE_STATE=getMsg HTTP/1.1" 200 27
101.85.120.86 - - [18/Dec/2021:11:02:42 +0800] "GET /xingrg/kc/buy/cgsh_order_operate.html?command=get_materiel&rest_code=00142&code=00101008370&supplier_code=00100161&order_time=2021-12-18 HTTP/1.1" 200 412
120.253.135.82 - - [18/Dec/2021:11:02:46 +0800] "GET /xingrg/all/function/internal_message.html?_=1639796342140&CODE_STATE=getMsg HTTP/1.1" 200 27
124.77.245.186 - - [18/Dec/2021:11:02:46 +0800] "GET /xingrg/kc/buy/cgsh_order_operate.html?command=get_materiel&rest_code=00146&code=00101008223&supplier_code=00100005&order_time=2021-12-18 HTTP/1.1" 200 412
180.175.103.30 - - [18/Dec/2021:11:02:47 +0800] "GET /xingrg/all/function/internal_message.html?_=1639796500286&CODE_STATE=getMsg HTTP/1.1" 200 27
180.175.103.30 - - [18/Dec/2021:11:02:47 +0800] "GET /xingrg/check_reg.html?_=1639796500290 HTTP/1.1" 200 22
116.238.208.177 - - [18/Dec/2021:11:02:50 +0800] "GET /xingrg/all/function/internal_message.html?_=1639796573074&CODE_STATE=getMsg HTTP/1.1" 200 27
61.170.234.223 - - [18/Dec/2021:11:02:51 +0800] "GET /xingrg/all/function/internal_message.html?_=1639796564533&CODE_STATE=getMsg HTTP/1.1" 200 27
101.85.120.86 - - [18/Dec/2021:11:02:51 +0800] "GET /xingrg/kc/buy/cgsh_order_operate.html?command=get_materiel&rest_code=00142&code=00101008361&supplier_code=00100161&order_time=2021-12-18 HTTP/1.1" 200 408
101.85.120.86 - - [18/Dec/2021:11:02:59 +0800] "GET /xingrg/kc/buy/cgsh_order_operate.html?command=get_materiel&rest_code=00142&code=00101008155&supplier_code=00100161&order_time=2021-12-18 HTTP/1.1" 200 408
116.238.208.177 - - [18/Dec/2021:11:03:00 +0800] "GET /xingrg/kc/buy/cgsh_order_operate.html?command=get_materiel&rest_code=00102&code=00101008375&supplier_code=00100008&order_time=2021-12-18 HTTP/1.1" 200 416
222.70.176.97 - - [18/Dec/2021:11:03:01 +0800] "GET /xingrg/all/function/internal_message.html?_=1639796576926&CODE_STATE=getMsg HTTP/1.1" 200 27
222.70.176.97 - - [18/Dec/2021:11:03:01 +0800] "GET /xingrg/kc/base/wldb_order_operate.html?command=get_materiel&rest_code=00111&base_code=0010283&code=00101013011 HTTP/1.1" 200 451
172.20.0.100 - - [18/Dec/2021:11:03:01 +0800] "GET /xingrg/all/function/internal_message.html?_=1639796577592&CODE_STATE=getMsg HTTP/1.1" 200 27
116.238.208.177 - - [18/Dec/2021:11:03:02 +0800] "POST /xingrg/kc/buy/cgsh_order_operate.html HTTP/1.1" 200 2065
114.86.228.169 - - [18/Dec/2021:11:03:04 +0800] "POST /xingrg/kc/buy/cgsh_order_operate.html HTTP/1.1" 200 37
61.151.178.197 - - [18/Dec/2021:11:03:06 +0800] "GET /xingrg/check_reg.html?_=1639795285199 HTTP/1.1" 302 -
114.86.228.169 - - [18/Dec/2021:11:03:06 +0800] "POST /xingrg/kc/buy/cgsh_order_operate.html HTTP/1.1" 200 7385
61.151.178.197 - - [18/Dec/2021:11:03:06 +0800] "GET /xingrg/login.html HTTP/1.1" 200 7641
222.70.176.97 - - [18/Dec/2021:11:03:06 +0800] "POST /xingrg/kc/base/wldb_order_operate.html HTTP/1.1" 200 37
116.238.208.177 - - [18/Dec/2021:11:03:06 +0800] "GET /xingrg/kc/buy/cgsh_order_operate.html?command=get_materiel&rest_code=00102&code=00101015038&supplier_code=00100008&order_time=2021-12-18 HTTP/1.1" 200 418
222.70.176.97 - - [18/Dec/2021:11:03:07 +0800] "POST /xingrg/kc/base/wldb_order_operate.html HTTP/1.1" 200 3190
114.86.228.169 - - [18/Dec/2021:11:03:07 +0800] "GET /xingrg/kc/report/report_main.html HTTP/1.1" 200 7340
114.86.228.169 - - [18/Dec/2021:11:03:07 +0800] "GET /xingrg/javascript/jquery_easy_ui/themes/icons/back_new.png HTTP/1.1" 200 3414
116.227.210.113 - - [18/Dec/2021:11:03:08 +0800] "POST /xingrg/services/DataTransmitService HTTP/1.1" 200 524
116.227.210.113 - - [18/Dec/2021:11:03:08 +0800] "POST /xingrg/services/DataTransmitService HTTP/1.1" 200 412
101.85.120.86 - - [18/Dec/2021:11:03:09 +0800] "GET /xingrg/kc/buy/cgsh_order_operate.html?command=get_materiel&rest_code=00142&code=00101008355&supplier_code=00100161&order_time=2021-12-18 HTTP/1.1" 200 408
222.70.176.97 - - [18/Dec/2021:11:03:09 +0800] "GET /xingrg/kc/base/wldb_order_info.html?code=422021121801871 HTTP/1.1" 200 30289
222.70.176.97 - - [18/Dec/2021:11:03:10 +0800] "GET /xingrg/javascript/easyui/themes/default/validatebox.css HTTP/1.1" 404 1104
114.86.228.169 - - [18/Dec/2021:11:03:10 +0800] "GET /xingrg/index.html?sysBaseUrl=http%3A%2F%2F180.169.147.146%3A18081%2Fxingrg%2F&costTime=53×tamp=1639795993748 HTTP/1.1" 200 17173
114.86.228.169 - - [18/Dec/2021:11:03:10 +0800] "GET /xingrg/images/blue/jxLogo.png HTTP/1.1" 200 6156
222.70.176.97 - - [18/Dec/2021:11:03:10 +0800] "POST /xingrg/kc/base/wldb_order_operate.html HTTP/1.1" 200 3190
114.86.228.169 - - [18/Dec/2021:11:03:10 +0800] "GET /xingrg/css/form.css HTTP/1.1" 200 893
114.86.228.169 - - [18/Dec/2021:11:03:10 +0800] "GET /xingrg/javascript/jquery_easy_ui/easyui-lang-zh_CN.js HTTP/1.1" 200 1900
114.86.228.169 - - [18/Dec/2021:11:03:10 +0800] "GET /xingrg/javascript/jquery_easy_ui/jquery.easyui.min.js HTTP/1.1" 200 213662
114.86.228.169 - - [18/Dec/2021:11:03:10 +0800] "GET /xingrg/javascript/jquery-1.4.2.min.js HTTP/1.1" 200 72205
114.86.228.169 - - [18/Dec/2021:11:03:10 +0800] "GET /xingrg/javascript/jquery.timers.js HTTP/1.1" 200 3532
114.86.228.169 - - [18/Dec/2021:11:03:10 +0800] "GET /xingrg/javascript/jquery_easy_ui/themes/icon.css HTTP/1.1" 200 3949
114.86.228.169 - - [18/Dec/2021:11:03:10 +0800] "GET /xingrg/javascript/jquery.utils.js HTTP/1.1" 200 11805
114.86.228.169 - - [18/Dec/2021:11:03:10 +0800] "GET /xingrg/javascript/jquery.form.js HTTP/1.1" 200 23110
114.86.228.169 - - [18/Dec/2021:11:03:10 +0800] "GET /xingrg/javascript/jquery_easy_ui/themes/default/easyui.css HTTP/1.1" 200 26500
114.86.228.169 - - [18/Dec/2021:11:03:11 +0800] "POST /xingrg/all/common/load_tree.html?tree=area_rest_tree_json&manage=1 HTTP/1.1" 200 342
114.86.228.169 - - [18/Dec/2021:11:03:11 +0800] "GET /xingrg/check_reg.html?_=1639796587991 HTTP/1.1" 200 22
114.86.228.169 - - [18/Dec/2021:11:03:11 +0800] "GET /xingrg/all/function/internal_message.html?_=1639796587991&CODE_STATE=count HTTP/1.1" 200 11
124.77.245.186 - - [18/Dec/2021:11:03:11 +0800] "GET /xingrg/all/function/internal_message.html?_=1639796606982&CODE_STATE=getMsg HTTP/1.1" 302 -
114.86.228.169 - - [18/Dec/2021:11:03:11 +0800] "GET /xingrg/images/blue/pingpu.png HTTP/1.1" 200 231
114.86.228.169 - - [18/Dec/2021:11:03:11 +0800] "GET /xingrg/javascript/jquery_easy_ui/themes/icons/settle_new.png HTTP/1.1" 200 826
114.86.228.169 - - [18/Dec/2021:11:03:11 +0800] "GET /xingrg/javascript/jquery_easy_ui/themes/default/images/tabs_leftarrow.png HTTP/1.1" 200 389
114.86.228.169 - - [18/Dec/2021:11:03:11 +0800] "GET /xingrg/javascript/jquery_easy_ui/themes/default/images/tabs_rightarrow.png HTTP/1.1" 200 395
114.86.228.169 - - [18/Dec/2021:11:03:11 +0800] "GET /xingrg/javascript/jquery_easy_ui/themes/default/images/panel_tool_collapse.gif HTTP/1.1" 200 246
114.86.228.169 - - [18/Dec/2021:11:03:11 +0800] "GET /xingrg/javascript/jquery_easy_ui/themes/default/images/tree_folder_open.gif HTTP/1.1" 200 956
114.86.228.169 - - [18/Dec/2021:11:03:11 +0800] "GET /xingrg/javascript/jquery_easy_ui/themes/default/images/tree_arrows.gif HTTP/1.1" 200 1043
114.86.228.169 - - [18/Dec/2021:11:03:11 +0800] "GET /xingrg/javascript/jquery_easy_ui/themes/icons/area.png HTTP/1.1" 200 262
114.86.228.169 - - [18/Dec/2021:11:03:11 +0800] "POST /xingrg/load_menu.html HTTP/1.1" 200 5138
114.86.228.169 - - [18/Dec/2021:11:03:11 +0800] "GET /xingrg/images/blue/navBackgound.jpg HTTP/1.1" 200 12378
114.86.228.169 - - [18/Dec/2021:11:03:11 +0800] "GET /xingrg/javascript/jquery_easy_ui/themes/icons/rest.png HTTP/1.1" 200 695
114.86.228.169 - - [18/Dec/2021:11:03:11 +0800] "GET /xingrg/javascript/jquery_easy_ui/themes/icons/storage_new.png HTTP/1.1" 200 853
114.86.228.169 - - [18/Dec/2021:11:03:11 +0800] "GET /xingrg/javascript/jquery_easy_ui/themes/default/images/tree_folder.gif HTTP/1.1" 200 952
114.86.228.169 - - [18/Dec/2021:11:03:11 +0800] "GET /xingrg/javascript/jquery_easy_ui/themes/icons/search_new.png HTTP/1.1" 200 586
114.86.228.169 - - [18/Dec/2021:11:03:11 +0800] "GET /xingrg/javascript/jquery_easy_ui/themes/icons/forms_new.png HTTP/1.1" 200 350
222.70.176.97 - - [18/Dec/2021:11:03:12 +0800] "GET /xingrg/kc/base/wldb_order_add.html HTTP/1.1" 200 30274
116.238.208.177 - - [18/Dec/2021:11:03:12 +0800] "POST /xingrg/kc/buy/cgsh_order_operate.html HTTP/1.1" 200 37
114.86.228.169 - - [18/Dec/2021:11:03:12 +0800] "GET /xingrg/javascript/jquery_easy_ui/themes/default/images/tree_file.gif HTTP/1.1" 200 118
222.70.176.97 - - [18/Dec/2021:11:03:12 +0800] "POST /xingrg/kc/base/wldb_order_operate.html HTTP/1.1" 200 6806
114.84.148.232 - - [18/Dec/2021:11:03:12 +0800] "GET /xingrg/all/function/internal_message.html?_=1639796401483&CODE_STATE=getMsg HTTP/1.1" 200 27
222.70.176.97 - - [18/Dec/2021:11:03:12 +0800] "GET /xingrg/javascript/easyui/themes/default/validatebox.css HTTP/1.1" 404 1104
58.40.7.146 - - [18/Dec/2021:11:03:13 +0800] "GET /xingrg/all/function/internal_message.html?_=1639796588985&CODE_STATE=getMsg HTTP/1.1" 200 27
116.238.208.177 - - [18/Dec/2021:11:03:13 +0800] "POST /xingrg/kc/buy/cgsh_order_operate.html HTTP/1.1" 200 16846
124.77.245.186 - - [18/Dec/2021:11:03:13 +0800] "GET /xingrg/kc/buy/cgsh_order_operate.html?command=get_materiel&rest_code=00146&code=00101008095&supplier_code=00100005&order_time=2021-12-18 HTTP/1.1" 200 412
180.169.147.146 - - [18/Dec/2021:11:03:13 +0800] "GET /xingrg/all/function/internal_message.html?_=1639796589577&CODE_STATE=getMsg HTTP/1.1" 200 27
116.238.208.177 - - [18/Dec/2021:11:03:13 +0800] "GET /xingrg/kc/buy/cgsh_order_add.html HTTP/1.1" 200 65158
116.238.208.177 - - [18/Dec/2021:11:03:14 +0800] "POST /xingrg/kc/buy/cgsh_order_operate.html HTTP/1.1" 200 8245
116.238.208.177 - - [18/Dec/2021:11:03:14 +0800] "GET /xingrg/javascript/easyui/themes/default/validatebox.css HTTP/1.1" 404 1104
114.86.228.169 - - [18/Dec/2021:11:03:14 +0800] "GET /xingrg/index.html?sysBaseUrl=http%3A%2F%2F180.169.147.146%3A18081%2Fxingrg%2F&costTime=53×tamp=1639795993748 HTTP/1.1" 200 17173
114.86.228.169 - - [18/Dec/2021:11:03:15 +0800] "GET /xingrg/check_reg.html?_=1639796591308 HTTP/1.1" 200 22
114.86.228.169 - - [18/Dec/2021:11:03:15 +0800] "GET /xingrg/all/function/internal_message.html?_=1639796591308&CODE_STATE=count HTTP/1.1" 200 11
114.86.228.169 - - [18/Dec/2021:11:03:15 +0800] "POST /xingrg/load_menu.html HTTP/1.1" 200 5138
114.86.228.169 - - [18/Dec/2021:11:03:15 +0800] "POST /xingrg/all/common/load_tree.html?tree=area_rest_tree_json&manage=1 HTTP/1.1" 200 342
114.86.228.169 - - [18/Dec/2021:11:03:15 +0800] "GET /xingrg/kc/report/report_main.html HTTP/1.1" 200 7340
114.86.228.169 - - [18/Dec/2021:11:03:15 +0800] "GET /xingrg/javascript/jquery_easy_ui/themes/default/images/tabs_close.gif HTTP/1.1" 200 829
114.86.228.169 - - [18/Dec/2021:11:03:16 +0800] "GET /xingrg/javascript/pic_change.js HTTP/1.1" 200 4739
114.86.228.169 - - [18/Dec/2021:11:03:16 +0800] "GET /xingrg/css/blue.css HTTP/1.1" 200 15949
114.86.228.169 - - [18/Dec/2021:11:03:16 +0800] "GET /xingrg/javascript/jquery_ui/themes/humanity/humanity.css HTTP/1.1" 200 27801
114.86.228.169 - - [18/Dec/2021:11:03:16 +0800] "GET /xingrg/javascript/json2.js HTTP/1.1" 200 11259
114.86.228.169 - - [18/Dec/2021:11:03:16 +0800] "GET /xingrg/javascript/myfunction.js HTTP/1.1" 200 24559
114.86.228.169 - - [18/Dec/2021:11:03:16 +0800] "GET /xingrg/javascript/jquery_easy_ui/themes/icons/back_new.png HTTP/1.1" 200 3414
124.77.245.186 - - [18/Dec/2021:11:03:16 +0800] "POST /xingrg/kc/buy/cgsh_order_operate.html HTTP/1.1" 200 2065
114.86.228.169 - - [18/Dec/2021:11:03:17 +0800] "GET /xingrg/kc/base/kc_stocks.html HTTP/1.1" 200 16437
114.86.228.169 - - [18/Dec/2021:11:03:17 +0800] "GET /xingrg/javascript/jquery_tools/datebox.css HTTP/1.1" 200 2597
114.86.228.169 - - [18/Dec/2021:11:03:17 +0800] "GET /xingrg/css/base.css HTTP/1.1" 200 2811
114.86.228.169 - - [18/Dec/2021:11:03:17 +0800] "GET /xingrg/css/site.css HTTP/1.1" 200 7541
114.86.228.169 - - [18/Dec/2021:11:03:17 +0800] "GET /xingrg/javascript/jquery_tools/list_manager.js HTTP/1.1" 200 3652
114.86.228.169 - - [18/Dec/2021:11:03:17 +0800] "GET /xingrg/javascript/jquery_tools/jquery.tools.hotkey.js HTTP/1.1" 200 3242
114.86.228.169 - - [18/Dec/2021:11:03:17 +0800] "GET /xingrg/javascript/jquery_tools/jquery.tools.min.js HTTP/1.1" 200 138801
114.86.228.169 - - [18/Dec/2021:11:03:17 +0800] "GET /xingrg/javascript/jquery_tools/fix.css HTTP/1.1" 200 1702
114.86.228.169 - - [18/Dec/2021:11:03:17 +0800] "GET /xingrg/javascript/auto/jquery.autocomplete.css HTTP/1.1" 200 587
114.86.228.169 - - [18/Dec/2021:11:03:17 +0800] "GET /xingrg/javascript/easyui/themes/icon.css HTTP/1.1" 200 4483
114.86.228.169 - - [18/Dec/2021:11:03:17 +0800] "GET /xingrg/javascript/easyui/easyloader.js HTTP/1.1" 200 5975
114.86.228.169 - - [18/Dec/2021:11:03:17 +0800] "GET /xingrg/javascript/jquery.cookie.js HTTP/1.1" 200 5513
114.86.228.169 - - [18/Dec/2021:11:03:17 +0800] "GET /xingrg/javascript/easyui/themes/sunny/easyui.css HTTP/1.1" 200 34304
114.86.228.169 - - [18/Dec/2021:11:03:17 +0800] "GET /xingrg/javascript/convert.js HTTP/1.1" 200 1239
114.86.228.169 - - [18/Dec/2021:11:03:17 +0800] "GET /xingrg/javascript/print/LodopFuncs.js HTTP/1.1" 200 5121
114.86.228.169 - - [18/Dec/2021:11:03:17 +0800] "GET /xingrg/javascript/jquery_tools/jquery.tools.extend.js HTTP/1.1" 200 15385
114.86.228.169 - - [18/Dec/2021:11:03:17 +0800] "GET /xingrg/javascript/auto/jquery.autocomplete.js HTTP/1.1" 200 21624
114.86.228.169 - - [18/Dec/2021:11:03:18 +0800] "GET /xingrg/javascript/easyui/themes/icons/refresh_new.png HTTP/1.1" 200 685
114.86.228.169 - - [18/Dec/2021:11:03:18 +0800] "GET /xingrg/javascript/easyui/themes/icons/import_new.png HTTP/1.1" 200 1247
114.86.228.169 - - [18/Dec/2021:11:03:18 +0800] "GET /xingrg/javascript/easyui/themes/icons/field_new.png HTTP/1.1" 200 1097
114.86.228.169 - - [18/Dec/2021:11:03:18 +0800] "GET /xingrg/javascript/easyui/themes/icons/filter_new.png HTTP/1.1" 200 795
114.86.228.169 - - [18/Dec/2021:11:03:18 +0800] "GET /xingrg/javascript/easyui/themes/icons/print_new.png HTTP/1.1" 200 3580
114.86.228.169 - - [18/Dec/2021:11:03:18 +0800] "GET /xingrg/javascript/easyui/plugins/jquery.parser.js HTTP/1.1" 200 1142
101.89.239.120 - - [18/Dec/2021:11:03:18 +0800] "GET /xingrg/all/function/internal_message.html?_=1639796084742&CODE_STATE=getMsg HTTP/1.1" 302 -
114.86.228.169 - - [18/Dec/2021:11:03:18 +0800] "GET /xingrg/images/control/ajaxLoader.gif HTTP/1.1" 200 4659
114.86.228.169 - - [18/Dec/2021:11:03:18 +0800] "GET /xingrg/all/common/auto_word.html?type=base&rest_code=00109 HTTP/1.1" 200 1857
114.86.228.169 - - [18/Dec/2021:11:03:18 +0800] "GET /xingrg/javascript/easyui/plugins/jquery.draggable.js HTTP/1.1" 200 6121
114.86.228.169 - - [18/Dec/2021:11:03:18 +0800] "GET /xingrg/javascript/easyui/plugins/jquery.droppable.js HTTP/1.1" 200 1167
114.86.228.169 - - [18/Dec/2021:11:03:18 +0800] "GET /xingrg/javascript/easyui/themes/default/tree.css HTTP/1.1" 404 1090
114.86.228.169 - - [18/Dec/2021:11:03:18 +0800] "GET /xingrg/javascript/easyui/plugins/jquery.tree.js HTTP/1.1" 200 20874
114.86.228.169 - - [18/Dec/2021:11:03:19 +0800] "POST /xingrg/all/common/load_tree.html?tree=materiel_sort_tree_json HTTP/1.1" 200 9388
114.86.228.169 - - [18/Dec/2021:11:03:19 +0800] "GET /xingrg/javascript/easyui/themes/sunny/images/tree_arrows.gif HTTP/1.1" 200 617
114.86.228.169 - - [18/Dec/2021:11:03:19 +0800] "GET /xingrg/javascript/easyui/themes/sunny/images/tree_folder_open.gif HTTP/1.1" 200 956
114.86.228.169 - - [18/Dec/2021:11:03:19 +0800] "GET /xingrg/javascript/easyui/themes/sunny/images/tree_folder.gif HTTP/1.1" 200 952
114.86.228.169 - - [18/Dec/2021:11:03:19 +0800] "GET /xingrg/javascript/easyui/themes/sunny/images/tree_file.gif HTTP/1.1" 200 118
101.89.239.120 - - [18/Dec/2021:11:03:19 +0800] "GET /xingrg/login.html HTTP/1.1" 200 7641
116.238.208.177 - - [18/Dec/2021:11:03:19 +0800] "GET /xingrg/all/function/internal_message.html?_=1639796598697&CODE_STATE=getMsg HTTP/1.1" 200 27
222.70.176.97 - - [18/Dec/2021:11:03:21 +0800] "GET /xingrg/kc/base/wldb_order_operate.html?command=get_materiel&rest_code=00111&base_code=0010283&code=00101019425 HTTP/1.1" 200 458
124.77.245.186 - - [18/Dec/2021:11:03:26 +0800] "GET /xingrg/kc/buy/cgsh_order_operate.html?command=get_materiel&rest_code=00146&code=00101008110&supplier_code=00100005&order_time=2021-12-18 HTTP/1.1" 200 408
116.227.210.113 - - [18/Dec/2021:11:03:28 +0800] "GET /xingrg/all/function/internal_message.html?_=1639796590884&CODE_STATE=getMsg HTTP/1.1" 200 27
114.86.228.169 - - [18/Dec/2021:11:03:30 +0800] "POST /xingrg/kc/base/stock_operate.html HTTP/1.1" 200 1670
114.86.228.169 - - [18/Dec/2021:11:03:30 +0800] "GET /xingrg/javascript/jquery_tools/fix_table.js HTTP/1.1" 200 6528
114.85.125.222 - - [18/Dec/2021:11:03:31 +0800] "GET /xingrg/all/function/internal_message.html?_=1639796559529&CODE_STATE=getMsg HTTP/1.1" 200 27
101.85.120.86 - - [18/Dec/2021:11:03:32 +0800] "GET /xingrg/all/function/internal_message.html?_=1639796606872&CODE_STATE=getMsg HTTP/1.1" 200 27
114.86.228.169 - - [18/Dec/2021:11:03:32 +0800] "GET /xingrg/kc/base/stock_detail.html?m=00101012040 HTTP/1.1" 200 7359
114.83.222.225 - - [18/Dec/2021:11:03:32 +0800] "GET /xingrg/all/function/internal_message.html?_=1639796607907&CODE_STATE=getMsg HTTP/1.1" 200 27
114.86.228.169 - - [18/Dec/2021:11:03:33 +0800] "GET /xingrg/javascript/jquery_easy_ui/themes/icons/search.png HTTP/1.1" 200 813
114.86.228.169 - - [18/Dec/2021:11:03:33 +0800] "GET /xingrg/javascript/jquery_easy_ui/themes/icons/print.png HTTP/1.1" 200 1057
114.86.228.169 - - [18/Dec/2021:11:03:33 +0800] "GET /xingrg/javascript/jquery_easy_ui/themes/default/images/calendar_nextmonth.gif HTTP/1.1" 200 64
114.86.228.169 - - [18/Dec/2021:11:03:33 +0800] "GET /xingrg/javascript/jquery_easy_ui/themes/default/images/menu.gif HTTP/1.1" 200 834
114.86.228.169 - - [18/Dec/2021:11:03:33 +0800] "GET /xingrg/javascript/jquery_easy_ui/themes/default/images/calendar_prevyear.gif HTTP/1.1" 200 76
114.86.228.169 - - [18/Dec/2021:11:03:33 +0800] "GET /xingrg/javascript/jquery_easy_ui/themes/default/images/button_span_bg.gif HTTP/1.1" 200 2061
114.86.228.169 - - [18/Dec/2021:11:03:33 +0800] "GET /xingrg/javascript/jquery_easy_ui/themes/default/images/menu_downarrow.png HTTP/1.1" 200 173
114.86.228.169 - - [18/Dec/2021:11:03:33 +0800] "GET /xingrg/javascript/jquery_easy_ui/themes/default/images/button_a_bg.gif HTTP/1.1" 200 1194
114.86.228.169 - - [18/Dec/2021:11:03:33 +0800] "GET /xingrg/javascript/jquery_easy_ui/themes/default/images/calendar_prevmonth.gif HTTP/1.1" 200 66
114.83.222.225 - - [18/Dec/2021:11:03:33 +0800] "GET /xingrg/check_reg.html?_=1639796608286 HTTP/1.1" 200 22
114.86.228.169 - - [18/Dec/2021:11:03:33 +0800] "GET /xingrg/javascript/jquery_easy_ui/themes/default/images/calendar_nextyear.gif HTTP/1.1" 200 75
61.170.234.223 - - [18/Dec/2021:11:03:35 +0800] "GET /xingrg/all/function/internal_message.html?_=1639796613881&CODE_STATE=getMsg HTTP/1.1" 200 27
180.175.103.30 - - [18/Dec/2021:11:03:36 +0800] "GET /xingrg/all/function/internal_message.html?_=1639796611888&CODE_STATE=getMsg HTTP/1.1" 200 27
114.86.228.169 - - [18/Dec/2021:11:03:37 +0800] "GET /xingrg/kc/base/stock_operate.html?_=1639796614076&command=get_report_file&start_day=20210901 HTTP/1.1" 200 53
180.169.147.146 - - [18/Dec/2021:11:03:37 +0800] "GET /xingrg/all/function/internal_message.html?_=1639796614690&CODE_STATE=getMsg HTTP/1.1" 200 27
114.86.228.169 - - [18/Dec/2021:11:03:38 +0800] "GET /xingrg/javascript/multi_select/jqueryMultiSelect.css HTTP/1.1" 200 951
114.86.228.169 - - [18/Dec/2021:11:03:38 +0800] "GET /xingrg/javascript/calendar/timePicker.css HTTP/1.1" 200 523
114.86.228.169 - - [18/Dec/2021:11:03:38 +0800] "GET /xingrg/javascript/bigrid/fix.css HTTP/1.1" 200 1702
114.86.228.169 - - [18/Dec/2021:11:03:38 +0800] "GET /xingrg/javascript/calendar/jquery.timePicker.min.js HTTP/1.1" 200 2997
114.86.228.169 - - [18/Dec/2021:11:03:38 +0800] "GET /xingrg/javascript/bigrid/fix.js HTTP/1.1" 200 6439
114.86.228.169 - - [18/Dec/2021:11:03:38 +0800] "GET /xingrg/javascript/jqueryMultiSelect.js HTTP/1.1" 200 11866
114.86.228.169 - - [18/Dec/2021:11:03:38 +0800] "GET /xingrg/dwr/interface/AjaxReportQueryService.js HTTP/1.1" 200 13203
114.86.228.169 - - [18/Dec/2021:11:03:38 +0800] "GET /xingrg/all/report/report_query.html?isQuery=1&onlyBody=1&rh=2000&fileName=kc/base/kc_stock_detail_new.xml&queryString=(1=1)&queryText=&tableQueryString=init_table$sp1$$sp$crk_table$sp1$order_day%20between%2020210901%20and%2020211231&varString=start_day:20210901,materiel_code:00101012040,cost_id:3292,end_date:20210831 HTTP/1.1" 200 48701
114.86.228.169 - - [18/Dec/2021:11:03:38 +0800] "GET /xingrg/dwr/engine.js HTTP/1.1" 200 43631
114.86.228.169 - - [18/Dec/2021:11:03:38 +0800] "GET /xingrg/dwr/util.js HTTP/1.1" 200 35990
114.86.228.169 - - [18/Dec/2021:11:03:38 +0800] "GET /xingrg/javascript/Calendar.js HTTP/1.1" 200 31561
114.86.228.169 - - [18/Dec/2021:11:03:38 +0800] "GET /xingrg/javascript/jquery_easy_ui/themes/icons/help.png HTTP/1.1" 200 1187
114.86.228.169 - - [18/Dec/2021:11:03:38 +0800] "GET /xingrg/images/blue/button/advance2over.gif HTTP/1.1" 200 1336
114.86.228.169 - - [18/Dec/2021:11:03:38 +0800] "GET /xingrg/images/blue/button/back2over.gif HTTP/1.1" 200 1335
114.86.228.169 - - [18/Dec/2021:11:03:38 +0800] "GET /xingrg/images/blue/button/backover.gif HTTP/1.1" 200 1348
114.86.228.169 - - [18/Dec/2021:11:03:38 +0800] "GET /xingrg/images/blue/button/advanceover.gif HTTP/1.1" 200 1347
114.86.228.169 - - [18/Dec/2021:11:03:38 +0800] "GET /xingrg/images/control/loading.gif HTTP/1.1" 200 13463
124.77.245.186 - - [18/Dec/2021:11:03:38 +0800] "GET /xingrg/all/function/internal_message.html?_=1639796636970&CODE_STATE=getMsg HTTP/1.1" 200 27
101.85.120.86 - - [18/Dec/2021:11:03:39 +0800] "GET /xingrg/kc/buy/cgsh_order_operate.html?command=get_materiel&rest_code=00142&code=00101008024&supplier_code=00100161&order_time=2021-12-18 HTTP/1.1" 200 408
114.86.228.169 - - [18/Dec/2021:11:03:39 +0800] "POST /xingrg/all/report/load_report_page.html HTTP/1.1" 200 64117
114.86.228.169 - - [18/Dec/2021:11:03:39 +0800] "GET /xingrg/servlets/image?cache=0.9223832475726056&image=px HTTP/1.1" 200 807
222.70.176.97 - - [18/Dec/2021:11:03:44 +0800] "GET /xingrg/kc/base/wldb_order_operate.html?command=get_materiel&rest_code=00111&base_code=0010283&code=00101013139 HTTP/1.1" 200 451
116.238.208.177 - - [18/Dec/2021:11:03:45 +0800] "POST /xingrg/kc/buy/cgsh_list_operate.html HTTP/1.1" 200 2050
120.253.135.82 - - [18/Dec/2021:11:03:46 +0800] "GET /xingrg/all/function/internal_message.html?_=1639796402153&CODE_STATE=getMsg HTTP/1.1" 200 27
180.175.103.30 - - [18/Dec/2021:11:03:47 +0800] "GET /xingrg/all/function/internal_message.html?_=1639796560259&CODE_STATE=getMsg HTTP/1.1" 200 27
222.70.176.97 - - [18/Dec/2021:11:03:50 +0800] "POST /xingrg/kc/base/wldb_order_operate.html HTTP/1.1" 200 37
222.70.176.97 - - [18/Dec/2021:11:03:50 +0800] "POST /xingrg/kc/base/wldb_order_operate.html HTTP/1.1" 200 2682
116.238.208.177 - - [18/Dec/2021:11:03:51 +0800] "GET /xingrg/all/function/internal_message.html?_=1639796633404&CODE_STATE=getMsg HTTP/1.1" 200 27
101.85.120.86 - - [18/Dec/2021:11:03:51 +0800] "GET /xingrg/kc/buy/cgsh_order_operate.html?command=get_materiel&rest_code=00142&code=00101008356&supplier_code=00100161&order_time=2021-12-18 HTTP/1.1" 200 408
61.170.234.223 - - [18/Dec/2021:11:03:51 +0800] "GET /xingrg/all/function/internal_message.html?_=1639796624507&CODE_STATE=getMsg HTTP/1.1" 200 27
222.70.176.97 - - [18/Dec/2021:11:03:52 +0800] "GET /xingrg/kc/base/wldb_order_info.html?code=422021121801872 HTTP/1.1" 200 30288
222.70.176.97 - - [18/Dec/2021:11:03:52 +0800] "GET /xingrg/javascript/easyui/themes/default/validatebox.css HTTP/1.1" 404 1104
222.70.176.97 - - [18/Dec/2021:11:03:53 +0800] "POST /xingrg/kc/base/wldb_order_operate.html HTTP/1.1" 200 2682
124.77.245.186 - - [18/Dec/2021:11:03:54 +0800] "GET /xingrg/kc/buy/cgsh_order_operate.html?command=get_materiel&rest_code=00146&code=00101008036&supplier_code=00100005&order_time=2021-12-18 HTTP/1.1" 200 408
222.70.176.97 - - [18/Dec/2021:11:03:55 +0800] "GET /xingrg/kc/base/wldb_order_add.html HTTP/1.1" 200 30274
222.70.176.97 - - [18/Dec/2021:11:03:55 +0800] "POST /xingrg/kc/base/wldb_order_operate.html HTTP/1.1" 200 6806
222.70.176.97 - - [18/Dec/2021:11:03:55 +0800] "GET /xingrg/javascript/easyui/themes/default/validatebox.css HTTP/1.1" 404 1104
114.86.228.169 - - [18/Dec/2021:11:03:56 +0800] "GET /xingrg/kc/base/base_main.html HTTP/1.1" 200 12142
114.86.228.169 - - [18/Dec/2021:11:03:56 +0800] "GET /xingrg/images/blue/button/ckpd.gif HTTP/1.1" 200 2051
114.86.228.169 - - [18/Dec/2021:11:03:56 +0800] "GET /xingrg/images/blue/button/wlsy.gif HTTP/1.1" 200 2536
114.86.228.169 - - [18/Dec/2021:11:03:56 +0800] "GET /xingrg/images/blue/button/yddb.gif HTTP/1.1" 200 2040
114.86.228.169 - - [18/Dec/2021:11:03:56 +0800] "GET /xingrg/images/blue/button/kc.gif HTTP/1.1" 200 2160
114.86.228.169 - - [18/Dec/2021:11:03:56 +0800] "GET /xingrg/images/blue/button/ckdb.gif HTTP/1.1" 200 1950
114.86.228.169 - - [18/Dec/2021:11:03:56 +0800] "GET /xingrg/images/blue/pic_form2.gif HTTP/1.1" 200 1853
114.86.228.169 - - [18/Dec/2021:11:03:56 +0800] "GET /xingrg/images/blue/button/down.jpg HTTP/1.1" 200 1560
114.86.228.169 - - [18/Dec/2021:11:03:56 +0800] "GET /xingrg/images/blue/bg_dotted.jpg HTTP/1.1" 200 319
114.86.228.169 - - [18/Dec/2021:11:03:56 +0800] "GET /xingrg/images/blue/button/top_right.jpg HTTP/1.1" 200 1708
114.86.228.169 - - [18/Dec/2021:11:03:56 +0800] "GET /xingrg/images/blue/button/left_ah.jpg HTTP/1.1" 200 1643
114.86.228.169 - - [18/Dec/2021:11:03:56 +0800] "GET /xingrg/images/blue/button/bottom_left.jpg HTTP/1.1" 200 1524
114.86.228.169 - - [18/Dec/2021:11:03:56 +0800] "GET /xingrg/images/blue/button/bottom_right.jpg HTTP/1.1" 200 1436
114.86.228.169 - - [18/Dec/2021:11:03:56 +0800] "GET /xingrg/images/blue/button/right_ah.jpg HTTP/1.1" 200 1744
114.86.228.169 - - [18/Dec/2021:11:03:56 +0800] "GET /xingrg/images/blue/button/top_left.jpg HTTP/1.1" 200 1632
114.86.228.169 - - [18/Dec/2021:11:03:58 +0800] "GET /xingrg/kc/buy/buy_main.html HTTP/1.1" 200 12412
114.86.228.169 - - [18/Dec/2021:11:03:58 +0800] "GET /xingrg/css/new_ie.css HTTP/1.1" 404 1036
114.86.228.169 - - [18/Dec/2021:11:03:58 +0800] "GET /xingrg/images/blue/button/cgshd.gif HTTP/1.1" 200 2618
114.86.228.169 - - [18/Dec/2021:11:03:58 +0800] "GET /xingrg/images/blue/button/ckthd.gif HTTP/1.1" 200 2045
114.86.228.169 - - [18/Dec/2021:11:03:58 +0800] "GET /xingrg/images/blue/button/cgfkd.gif HTTP/1.1" 200 2075
114.86.228.169 - - [18/Dec/2021:11:03:58 +0800] "GET /xingrg/images/blue/button/cgydd.gif HTTP/1.1" 200 2712
114.86.228.169 - - [18/Dec/2021:11:03:58 +0800] "GET /xingrg/images/blue/button/cgxqd.gif HTTP/1.1" 200 2619
114.86.228.169 - - [18/Dec/2021:11:03:58 +0800] "GET /xingrg/javascript/jquery_ui/jquery-ui.min.js HTTP/1.1" 200 186181
114.86.228.169 - - [18/Dec/2021:11:03:58 +0800] "GET /xingrg/javascript/ToolTips.js HTTP/1.1" 200 5615
114.86.228.169 - - [18/Dec/2021:11:03:59 +0800] "GET /xingrg/images/blue/button/down_ah.jpg HTTP/1.1" 200 1732
114.86.228.169 - - [18/Dec/2021:11:03:59 +0800] "GET /xingrg/javascript/jquery_ui/themes/humanity/images/ui-bg_inset-soft_100_f4f0ec_1x100.png HTTP/1.1" 200 141
114.86.228.169 - - [18/Dec/2021:11:03:59 +0800] "GET /xingrg/javascript/jquery_ui/themes/humanity/images/ui-bg_glass_70_ede4d4_1x400.png HTTP/1.1" 200 161
114.86.228.169 - - [18/Dec/2021:11:03:59 +0800] "GET /xingrg/javascript/jquery_ui/themes/humanity/images/ui-iconsnew.jpg HTTP/1.1" 200 337
114.86.228.169 - - [18/Dec/2021:11:03:59 +0800] "GET /xingrg/javascript/jquery_ui/themes/humanity/images/ui-icons_ffffff_256x240.png HTTP/1.1" 200 4369
114.86.228.169 - - [18/Dec/2021:11:03:59 +0800] "GET /xingrg/javascript/jquery_ui/themes/humanity/images/ui-icons_c47a23_256x240.png HTTP/1.1" 200 5355
222.70.176.97 - - [18/Dec/2021:11:04:01 +0800] "GET /xingrg/check_reg.html?_=1639796636988 HTTP/1.1" 200 22
222.70.176.97 - - [18/Dec/2021:11:04:01 +0800] "GET /xingrg/all/function/internal_message.html?_=1639796636990&CODE_STATE=getMsg HTTP/1.1" 200 27
114.86.228.169 - - [18/Dec/2021:11:04:01 +0800] "POST /xingrg/all/common/load_tree.html?tree=area_rest_tree_json&manage=1 HTTP/1.1" 200 342
114.86.228.169 - - [18/Dec/2021:11:04:01 +0800] "POST /xingrg/load_menu.html HTTP/1.1" 200 5138
114.86.228.169 - - [18/Dec/2021:11:04:01 +0800] "GET /xingrg/all/function/internal_message.html?_=1639796637869&CODE_STATE=count HTTP/1.1" 200 11
114.86.228.169 - - [18/Dec/2021:11:04:01 +0800] "GET /xingrg/check_reg.html?_=1639796637869 HTTP/1.1" 200 22
101.89.239.120 - - [18/Dec/2021:11:04:01 +0800] "GET /xingrg/all/function/internal_message.html?_=1639795782275&CODE_STATE=getMsg HTTP/1.1" 302 -
172.20.0.100 - - [18/Dec/2021:11:04:01 +0800] "GET /xingrg/all/function/internal_message.html?_=1639796637595&CODE_STATE=getMsg HTTP/1.1" 200 27
101.89.239.120 - - [18/Dec/2021:11:04:02 +0800] "GET /xingrg/login.html HTTP/1.1" 200 7641
114.86.228.169 - - [18/Dec/2021:11:04:03 +0800] "GET /xingrg/kc/buy/buy_main.html HTTP/1.1" 200 12412
114.86.228.169 - - [18/Dec/2021:11:04:03 +0800] "GET /xingrg/css/new_ie.css HTTP/1.1" 404 1036
114.86.228.169 - - [18/Dec/2021:11:04:04 +0800] "GET /xingrg/kc/buy/cgsh_order_list.html HTTP/1.1" 200 49423
222.70.176.97 - - [18/Dec/2021:11:04:04 +0800] "GET /xingrg/kc/base/wldb_order_operate.html?command=get_materiel&rest_code=00111&base_code=0010306&code=00102002453 HTTP/1.1" 200 435
116.238.208.177 - - [18/Dec/2021:11:04:05 +0800] "GET /xingrg/kc/mdqp/psth_order_list1.html HTTP/1.1" 200 17845
114.86.228.169 - - [18/Dec/2021:11:04:06 +0800] "POST /xingrg/kc/buy/cgsh_list_operate.html HTTP/1.1" 200 3088
116.238.208.177 - - [18/Dec/2021:11:04:06 +0800] "GET /xingrg/javascript/easyui/themes/icons/uncheck_new.png HTTP/1.1" 200 3197
116.238.208.177 - - [18/Dec/2021:11:04:06 +0800] "POST /xingrg/kc/mdqp/psth_list_operate.html HTTP/1.1" 200 749
116.238.208.177 - - [18/Dec/2021:11:04:06 +0800] "GET /xingrg/kc/buy/cgsh_order_operate.html?command=get_materiel&rest_code=00102&code=00101008323&supplier_code=00100008&order_time=2021-12-18 HTTP/1.1" 200 408
114.86.228.169 - - [18/Dec/2021:11:04:09 +0800] "POST /xingrg/kc/buy/cgsh_list_operate.html HTTP/1.1" 200 562
116.238.208.177 - - [18/Dec/2021:11:04:09 +0800] "POST /xingrg/kc/mdqp/psth_list_operate.html HTTP/1.1" 200 1542
124.77.245.186 - - [18/Dec/2021:11:04:11 +0800] "GET /xingrg/all/function/internal_message.html?_=1639796666999&CODE_STATE=getMsg HTTP/1.1" 302 -
114.84.148.232 - - [18/Dec/2021:11:04:12 +0800] "GET /xingrg/all/function/internal_message.html?_=1639796461474&CODE_STATE=getMsg HTTP/1.1" 200 27
114.86.228.169 - - [18/Dec/2021:11:04:12 +0800] "POST /xingrg/kc/buy/cgsh_list_operate.html HTTP/1.1" 200 568
58.40.7.146 - - [18/Dec/2021:11:04:13 +0800] "GET /xingrg/all/function/internal_message.html?_=1639796648987&CODE_STATE=getMsg HTTP/1.1" 200 27
114.86.228.169 - - [18/Dec/2021:11:04:13 +0800] "GET /xingrg/words/20211218103523_words.js HTTP/1.1" 304 -
114.86.228.169 - - [18/Dec/2021:11:04:13 +0800] "GET /xingrg/kc/buy/cgsh_order_info.html?code=212021121807310 HTTP/1.1" 200 65245
114.86.228.169 - - [18/Dec/2021:11:04:13 +0800] "GET /xingrg/all/common/auto_word.html?type=employee&rest_code=00109 HTTP/1.1" 200 255
114.86.228.169 - - [18/Dec/2021:11:04:13 +0800] "GET /xingrg/javascript/easyui/themes/default/validatebox.css HTTP/1.1" 404 1104
180.169.147.146 - - [18/Dec/2021:11:04:13 +0800] "GET /xingrg/all/function/internal_message.html?_=1639796649578&CODE_STATE=getMsg HTTP/1.1" 200 27
114.86.228.169 - - [18/Dec/2021:11:04:13 +0800] "GET /xingrg/all/common/auto_word.html?type=employee&rest_code=00109 HTTP/1.1" 200 255
222.70.176.97 - - [18/Dec/2021:11:04:14 +0800] "GET /xingrg/kc/base/wldb_order_operate.html?command=get_materiel&rest_code=00111&base_code=0010306&code=00102002238 HTTP/1.1" 200 434
114.86.228.169 - - [18/Dec/2021:11:04:14 +0800] "POST /xingrg/kc/buy/cgsh_order_operate.html HTTP/1.1" 200 7385
116.238.208.177 - - [18/Dec/2021:11:04:15 +0800] "GET /xingrg/kc/buy/cgsh_order_operate.html?command=get_materiel&rest_code=00102&code=00101008175&supplier_code=00100008&order_time=2021-12-18 HTTP/1.1" 200 412
116.238.208.177 - - [18/Dec/2021:11:04:17 +0800] "GET /xingrg/kc/base/wldb_order_list.html HTTP/1.1" 200 19060
61.170.234.223 - - [18/Dec/2021:11:04:17 +0800] "POST /xingrg/services/DataTransmitService HTTP/1.1" 200 501
61.170.234.223 - - [18/Dec/2021:11:04:18 +0800] "POST /xingrg/services/DataTransmitService HTTP/1.1" 200 501
116.238.208.177 - - [18/Dec/2021:11:04:18 +0800] "POST /xingrg/kc/base/wldb_list_operate.html HTTP/1.1" 200 928
116.238.208.177 - - [18/Dec/2021:11:04:19 +0800] "GET /xingrg/all/function/internal_message.html?_=1639796658680&CODE_STATE=getMsg HTTP/1.1" 200 27
116.238.208.177 - - [18/Dec/2021:11:04:20 +0800] "GET /xingrg/kc/base/wldb_order_add.html HTTP/1.1" 200 30270
61.170.234.223 - - [18/Dec/2021:11:04:20 +0800] "POST /xingrg/services/DataTransmitService HTTP/1.1" 200 501
116.238.208.177 - - [18/Dec/2021:11:04:20 +0800] "POST /xingrg/kc/base/wldb_order_operate.html HTTP/1.1" 200 6806
101.85.120.86 - - [18/Dec/2021:11:04:21 +0800] "GET /xingrg/kc/buy/cgsh_order_operate.html?command=get_materiel&rest_code=00142&code=00101008286&supplier_code=00100161&order_time=2021-12-18 HTTP/1.1" 200 408
116.238.208.177 - - [18/Dec/2021:11:04:22 +0800] "GET /xingrg/all/common/auto_word.html?type=base&rest_code=00102 HTTP/1.1" 200 1757
116.238.208.177 - - [18/Dec/2021:11:04:22 +0800] "GET /xingrg/all/common/auto_word.html?type=base&rest_code=00102 HTTP/1.1" 200 1757
61.170.234.223 - - [18/Dec/2021:11:04:22 +0800] "POST /xingrg/services/DataTransmitService HTTP/1.1" 200 501
116.238.208.177 - - [18/Dec/2021:11:04:22 +0800] "GET /xingrg/javascript/easyui/themes/default/validatebox.css HTTP/1.1" 404 1104
61.170.234.223 - - [18/Dec/2021:11:04:23 +0800] "POST /xingrg/services/DataTransmitService HTTP/1.1" 200 501
61.170.234.223 - - [18/Dec/2021:11:04:23 +0800] "POST /xingrg/services/DataTransmitService HTTP/1.1" 200 501
116.238.208.177 - - [18/Dec/2021:11:04:24 +0800] "POST /xingrg/all/common/load_combo.html?type=base HTTP/1.1" 200 3145
61.170.234.223 - - [18/Dec/2021:11:04:24 +0800] "POST /xingrg/services/DataTransmitService HTTP/1.1" 200 501
124.77.245.186 - - [18/Dec/2021:11:04:25 +0800] "POST /xingrg/kc/buy/cgsh_order_operate.html HTTP/1.1" 200 2065
61.170.234.223 - - [18/Dec/2021:11:04:25 +0800] "POST /xingrg/services/DataTransmitService HTTP/1.1" 200 501
61.170.234.223 - - [18/Dec/2021:11:04:25 +0800] "POST /xingrg/services/DataTransmitService HTTP/1.1" 200 501
61.170.234.223 - - [18/Dec/2021:11:04:26 +0800] "POST /xingrg/services/DataTransmitService HTTP/1.1" 200 412
116.238.208.177 - - [18/Dec/2021:11:04:27 +0800] "POST /xingrg/all/common/load_combo.html?type=base HTTP/1.1" 200 3145
116.227.210.113 - - [18/Dec/2021:11:04:28 +0800] "GET /xingrg/all/function/internal_message.html?_=1639796650871&CODE_STATE=getMsg HTTP/1.1" 200 27
114.86.228.169 - - [18/Dec/2021:11:04:29 +0800] "POST /xingrg/services/DataTransmitService HTTP/1.1" 200 524
101.91.60.11 - - [18/Dec/2021:11:04:30 +0800] "GET /xingrg/kc/buy/cgsh_order_operate.html?command=get_materiel&rest_code=00106&code=00101008277&supplier_code=00100007&order_time=2021-12-18 HTTP/1.1" 302 -
101.85.120.86 - - [18/Dec/2021:11:04:30 +0800] "GET /xingrg/kc/buy/cgsh_order_operate.html?command=get_materiel&rest_code=00142&code=00101008353&supplier_code=00100161&order_time=2021-12-18 HTTP/1.1" 200 408
114.85.125.222 - - [18/Dec/2021:11:04:31 +0800] "GET /xingrg/all/function/internal_message.html?_=1639796619538&CODE_STATE=getMsg HTTP/1.1" 200 27
101.91.60.11 - - [18/Dec/2021:11:04:31 +0800] "GET /xingrg/login.html HTTP/1.1" 200 7641
101.85.120.86 - - [18/Dec/2021:11:04:32 +0800] "GET /xingrg/check_reg.html?_=1639796666864 HTTP/1.1" 200 22
101.85.120.86 - - [18/Dec/2021:11:04:32 +0800] "GET /xingrg/all/function/internal_message.html?_=1639796666860&CODE_STATE=getMsg HTTP/1.1" 200 27
116.238.208.177 - - [18/Dec/2021:11:04:32 +0800] "GET /xingrg/kc/buy/cgsh_order_operate.html?command=get_materiel&rest_code=00102&code=00101008155&supplier_code=00100008&order_time=2021-12-18 HTTP/1.1" 200 408
