180.162.114.48 - - [18/Dec/2021:11:24:01 +0800] "GET /xingrg/javascript/easyui/themes/default/images/tree_arrows.gif HTTP/1.1" 304 -
114.86.228.169 - - [18/Dec/2021:11:24:01 +0800] "GET /xingrg/check_reg.html?_=1639797837922 HTTP/1.1" 200 22
180.162.114.48 - - [18/Dec/2021:11:24:01 +0800] "GET /xingrg/javascript/easyui/themes/default/images/tree_folder_open.gif HTTP/1.1" 304 -
180.162.114.48 - - [18/Dec/2021:11:24:01 +0800] "GET /xingrg/javascript/easyui/themes/default/images/tree_folder.gif HTTP/1.1" 304 -
180.162.114.48 - - [18/Dec/2021:11:24:01 +0800] "GET /xingrg/javascript/easyui/themes/default/images/tree_file.gif HTTP/1.1" 304 -
172.20.0.100 - - [18/Dec/2021:11:24:01 +0800] "GET /xingrg/all/function/internal_message.html?_=1639797837593&CODE_STATE=getMsg HTTP/1.1" 200 27
114.86.228.169 - - [18/Dec/2021:11:24:02 +0800] "GET /xingrg/kc/buy/cgsh_order_operate.html?command=get_materiel&rest_code=00109&code=00101008469&supplier_code=00100005&order_time=2021-12-18 HTTP/1.1" 200 399
116.238.208.177 - - [18/Dec/2021:11:24:03 +0800] "GET /xingrg/all/function/internal_message.html?_=1639797846010&CODE_STATE=getMsg HTTP/1.1" 200 27
114.86.228.169 - - [18/Dec/2021:11:24:05 +0800] "POST /xingrg/kc/buy/cgsh_order_operate.html HTTP/1.1" 200 2065
114.86.228.169 - - [18/Dec/2021:11:24:11 +0800] "GET /xingrg/kc/buy/cgsh_order_operate.html?command=get_materiel&rest_code=00109&code=00101008323&supplier_code=00100005&order_time=2021-12-18 HTTP/1.1" 200 408
124.77.245.186 - - [18/Dec/2021:11:24:12 +0800] "GET /xingrg/all/function/internal_message.html?_=1639797867271&CODE_STATE=getMsg HTTP/1.1" 302 -
180.175.103.30 - - [18/Dec/2021:11:24:12 +0800] "GET /xingrg/kc/base/wldb_order_operate.html?command=get_materiel&rest_code=00105&base_code=0010507&code=00101016019 HTTP/1.1" 200 451
180.162.114.48 - - [18/Dec/2021:11:24:12 +0800] "GET /xingrg/all/function/internal_message.html?_=1639797292737&CODE_STATE=getMsg HTTP/1.1" 200 27
58.40.7.146 - - [18/Dec/2021:11:24:13 +0800] "GET /xingrg/all/function/internal_message.html?_=1639797849005&CODE_STATE=getMsg HTTP/1.1" 200 27
180.169.147.146 - - [18/Dec/2021:11:24:13 +0800] "GET /xingrg/all/function/internal_message.html?_=1639797849589&CODE_STATE=getMsg HTTP/1.1" 200 27
114.86.228.169 - - [18/Dec/2021:11:24:18 +0800] "GET /xingrg/kc/buy/cgsh_order_operate.html?command=get_materiel&rest_code=00109&code=00101008350&supplier_code=00100005&order_time=2021-12-18 HTTP/1.1" 200 408
180.175.103.30 - - [18/Dec/2021:11:24:24 +0800] "GET /xingrg/kc/base/wldb_order_operate.html?command=get_materiel&rest_code=00105&base_code=0010507&code=00101019390 HTTP/1.1" 200 456
61.151.178.180 - - [18/Dec/2021:11:24:24 +0800] "GET /xingrg/all/function/internal_message.html?_=1639796444586&CODE_STATE=getMsg HTTP/1.1" 302 -
114.86.228.169 - - [18/Dec/2021:11:24:24 +0800] "GET /xingrg/kc/buy/cgsh_order_operate.html?command=get_materiel&rest_code=00109&code=00101008148&supplier_code=00100005&order_time=2021-12-18 HTTP/1.1" 200 416
61.151.178.180 - - [18/Dec/2021:11:24:25 +0800] "GET /xingrg/login.html HTTP/1.1" 200 7641
124.77.245.186 - - [18/Dec/2021:11:24:26 +0800] "GET /xingrg/kc/buy/cgsh_order_add.html HTTP/1.1" 200 65158
124.77.245.186 - - [18/Dec/2021:11:24:26 +0800] "POST /xingrg/kc/buy/cgsh_order_operate.html HTTP/1.1" 200 8245
124.77.245.186 - - [18/Dec/2021:11:24:27 +0800] "GET /xingrg/javascript/easyui/themes/default/validatebox.css HTTP/1.1" 404 1104
116.227.210.113 - - [18/Dec/2021:11:24:28 +0800] "GET /xingrg/all/function/internal_message.html?_=1639797850828&CODE_STATE=getMsg HTTP/1.1" 200 27
114.86.228.169 - - [18/Dec/2021:11:24:30 +0800] "GET /xingrg/kc/buy/cgsh_order_operate.html?command=get_materiel&rest_code=00109&code=00101008357&supplier_code=00100005&order_time=2021-12-18 HTTP/1.1" 200 408
114.85.125.222 - - [18/Dec/2021:11:24:31 +0800] "GET /xingrg/all/function/internal_message.html?_=1639797819810&CODE_STATE=getMsg HTTP/1.1" 200 27
101.85.120.86 - - [18/Dec/2021:11:24:32 +0800] "GET /xingrg/all/function/internal_message.html?_=1639797866874&CODE_STATE=getMsg HTTP/1.1" 200 27
101.85.120.86 - - [18/Dec/2021:11:24:32 +0800] "GET /xingrg/check_reg.html?_=1639797866876 HTTP/1.1" 200 22
114.83.222.225 - - [18/Dec/2021:11:24:32 +0800] "GET /xingrg/all/function/internal_message.html?_=1639797867473&CODE_STATE=getMsg HTTP/1.1" 200 27
180.175.103.30 - - [18/Dec/2021:11:24:36 +0800] "GET /xingrg/all/function/internal_message.html?_=1639797871378&CODE_STATE=getMsg HTTP/1.1" 200 27
114.86.228.169 - - [18/Dec/2021:11:24:37 +0800] "GET /xingrg/kc/buy/cgsh_order_operate.html?command=get_materiel&rest_code=00109&code=00101008350&supplier_code=00100005&order_time=2021-12-18 HTTP/1.1" 200 408
180.169.147.146 - - [18/Dec/2021:11:24:38 +0800] "GET /xingrg/all/function/internal_message.html?_=1639797874700&CODE_STATE=getMsg HTTP/1.1" 200 27
61.151.207.141 - - [18/Dec/2021:11:24:39 +0800] "GET /xingrg/all/function/internal_message.html?_=1639796984367&CODE_STATE=getMsg HTTP/1.1" 302 -
124.77.245.186 - - [18/Dec/2021:11:24:39 +0800] "GET /xingrg/all/function/internal_message.html?_=1639797897691&CODE_STATE=getMsg HTTP/1.1" 200 27
61.151.207.141 - - [18/Dec/2021:11:24:39 +0800] "GET /xingrg/login.html HTTP/1.1" 200 7641
114.86.228.169 - - [18/Dec/2021:11:24:41 +0800] "POST /xingrg/kc/buy/cgsh_order_operate.html HTTP/1.1" 200 2065
61.151.178.163 - - [18/Dec/2021:11:24:41 +0800] "GET /xingrg/all/function/internal_message.html?_=1639796564533&CODE_STATE=getMsg HTTP/1.1" 302 -
61.151.178.163 - - [18/Dec/2021:11:24:42 +0800] "GET /xingrg/login.html HTTP/1.1" 200 7641
114.83.222.225 - - [18/Dec/2021:11:24:44 +0800] "GET /favicon.ico HTTP/1.1" 404 -
180.175.103.30 - - [18/Dec/2021:11:24:44 +0800] "GET /xingrg/kc/base/wldb_order_operate.html?command=get_materiel&rest_code=00105&base_code=0010507&code=00101019542 HTTP/1.1" 200 447
114.86.228.169 - - [18/Dec/2021:11:24:44 +0800] "GET /xingrg/kc/buy/cgsh_order_operate.html?command=get_materiel&rest_code=00109&code=00101008036&supplier_code=00100005&order_time=2021-12-18 HTTP/1.1" 200 408
114.84.148.232 - - [18/Dec/2021:11:24:46 +0800] "POST /xingrg/services/DataTransmitService HTTP/1.1" 200 524
180.175.103.30 - - [18/Dec/2021:11:24:47 +0800] "GET /xingrg/all/function/internal_message.html?_=1639797819805&CODE_STATE=getMsg HTTP/1.1" 200 27
124.77.245.186 - - [18/Dec/2021:11:24:47 +0800] "GET /xingrg/kc/buy/cgsh_order_operate.html?command=get_materiel&rest_code=00146&code=00101028020&supplier_code=00100017&order_time=2021-12-18 HTTP/1.1" 200 451
114.86.228.169 - - [18/Dec/2021:11:24:49 +0800] "GET /xingrg/kc/buy/cgsh_order_operate.html?command=get_materiel&rest_code=00109&code=00101008067&supplier_code=00100005&order_time=2021-12-18 HTTP/1.1" 200 416
114.84.148.232 - - [18/Dec/2021:11:24:51 +0800] "POST /xingrg/services/DataTransmitService HTTP/1.1" 200 501
61.170.234.223 - - [18/Dec/2021:11:24:51 +0800] "GET /xingrg/all/function/internal_message.html?_=1639797884013&CODE_STATE=getMsg HTTP/1.1" 200 27
180.175.103.30 - - [18/Dec/2021:11:24:53 +0800] "POST /xingrg/kc/base/wldb_order_operate.html HTTP/1.1" 200 37
180.162.114.48 - - [18/Dec/2021:11:24:54 +0800] "GET /xingrg/javascript/auto/indicator.gif HTTP/1.1" 404 1066
180.175.103.30 - - [18/Dec/2021:11:24:54 +0800] "POST /xingrg/kc/base/wldb_order_operate.html HTTP/1.1" 200 7134
180.175.103.30 - - [18/Dec/2021:11:24:54 +0800] "GET /xingrg/kc/base/wldb_order_info.html?code=422021121801885 HTTP/1.1" 200 30289
180.175.103.30 - - [18/Dec/2021:11:24:55 +0800] "GET /xingrg/words/20211218103523_words.js HTTP/1.1" 304 -
180.175.103.30 - - [18/Dec/2021:11:24:55 +0800] "GET /xingrg/javascript/easyui/themes/default/validatebox.css HTTP/1.1" 404 1104
180.175.103.30 - - [18/Dec/2021:11:24:55 +0800] "POST /xingrg/kc/base/wldb_order_operate.html HTTP/1.1" 200 7134
114.86.228.169 - - [18/Dec/2021:11:24:57 +0800] "GET /xingrg/kc/buy/cgsh_order_operate.html?command=get_materiel&rest_code=00109&code=00101008286&supplier_code=00100005&order_time=2021-12-18 HTTP/1.1" 200 408
222.70.176.97 - - [18/Dec/2021:11:25:00 +0800] "GET /xingrg/all/function/internal_message.html?_=1639797896612&CODE_STATE=getMsg HTTP/1.1" 200 27
124.77.245.186 - - [18/Dec/2021:11:25:01 +0800] "POST /xingrg/kc/buy/cgsh_order_operate.html HTTP/1.1" 200 37
114.86.228.169 - - [18/Dec/2021:11:25:01 +0800] "GET /xingrg/all/function/internal_message.html?_=1639797897982&CODE_STATE=getMsg HTTP/1.1" 200 27
172.20.0.100 - - [18/Dec/2021:11:25:01 +0800] "GET /xingrg/all/function/internal_message.html?_=1639797897595&CODE_STATE=getMsg HTTP/1.1" 200 27
172.20.0.100 - - [18/Dec/2021:11:25:01 +0800] "GET /xingrg/check_reg.html?_=1639797897598 HTTP/1.1" 200 22
124.77.245.186 - - [18/Dec/2021:11:25:02 +0800] "POST /xingrg/kc/buy/cgsh_order_operate.html HTTP/1.1" 200 2690
180.162.114.48 - - [18/Dec/2021:11:25:03 +0800] "GET /xingrg/kc/buy/cgsh_order_operate.html?command=get_materiel&rest_code=00143&code=00101007081&supplier_code=00100207&order_time=2021-12-18 HTTP/1.1" 200 414
116.238.208.177 - - [18/Dec/2021:11:25:03 +0800] "GET /xingrg/all/function/internal_message.html?_=1639797906024&CODE_STATE=getMsg HTTP/1.1" 200 27
114.86.228.169 - - [18/Dec/2021:11:25:03 +0800] "GET /xingrg/kc/buy/cgsh_order_operate.html?command=get_materiel&rest_code=00109&code=00101020152&supplier_code=00100005&order_time=2021-12-18 HTTP/1.1" 200 416
124.77.245.186 - - [18/Dec/2021:11:25:05 +0800] "GET /xingrg/kc/print/load_data.html?order_code=212021121807315&kc_code=cgsh&condition= HTTP/1.1" 200 765
114.86.228.169 - - [18/Dec/2021:11:25:11 +0800] "GET /xingrg/kc/buy/cgsh_order_operate.html?command=get_materiel&rest_code=00109&code=00101008041&supplier_code=00100005&order_time=2021-12-18 HTTP/1.1" 200 408
124.77.245.186 - - [18/Dec/2021:11:25:12 +0800] "GET /xingrg/all/function/internal_message.html?_=1639797927281&CODE_STATE=getMsg HTTP/1.1" 302 -
180.162.114.48 - - [18/Dec/2021:11:25:12 +0800] "GET /xingrg/all/function/internal_message.html?_=1639797352740&CODE_STATE=getMsg HTTP/1.1" 200 27
114.86.228.169 - - [18/Dec/2021:11:25:12 +0800] "POST /xingrg/kc/buy/cgsh_order_operate.html HTTP/1.1" 200 2065
58.40.7.146 - - [18/Dec/2021:11:25:13 +0800] "GET /xingrg/all/function/internal_message.html?_=1639797909009&CODE_STATE=getMsg HTTP/1.1" 200 27
58.40.7.146 - - [18/Dec/2021:11:25:13 +0800] "GET /xingrg/check_reg.html?_=1639797909012 HTTP/1.1" 200 22
180.169.147.146 - - [18/Dec/2021:11:25:13 +0800] "GET /xingrg/all/function/internal_message.html?_=1639797909586&CODE_STATE=getMsg HTTP/1.1" 200 27
114.86.228.169 - - [18/Dec/2021:11:25:17 +0800] "GET /xingrg/kc/buy/cgsh_order_operate.html?command=get_materiel&rest_code=00109&code=00101015012&supplier_code=00100005&order_time=2021-12-18 HTTP/1.1" 200 412
180.175.103.30 - - [18/Dec/2021:11:25:18 +0800] "GET /xingrg/kc/base/wldb_order_add.html HTTP/1.1" 200 30274
180.175.103.30 - - [18/Dec/2021:11:25:18 +0800] "POST /xingrg/kc/base/wldb_order_operate.html HTTP/1.1" 200 6806
180.175.103.30 - - [18/Dec/2021:11:25:18 +0800] "GET /xingrg/javascript/easyui/themes/default/validatebox.css HTTP/1.1" 404 1104
116.227.210.113 - - [18/Dec/2021:11:25:28 +0800] "GET /xingrg/all/function/internal_message.html?_=1639797910839&CODE_STATE=getMsg HTTP/1.1" 200 27
61.151.178.163 - - [18/Dec/2021:11:25:30 +0800] "GET /xingrg/all/function/internal_message.html?_=1639796924390&CODE_STATE=getMsg HTTP/1.1" 302 -
124.77.245.186 - - [18/Dec/2021:11:25:30 +0800] "GET /xingrg/kc/buy/cgsh_order_add.html HTTP/1.1" 200 65158
61.151.178.163 - - [18/Dec/2021:11:25:31 +0800] "GET /xingrg/login.html HTTP/1.1" 200 7641
114.85.125.222 - - [18/Dec/2021:11:25:31 +0800] "GET /xingrg/check_reg.html?_=1639797879267 HTTP/1.1" 200 22
114.86.228.169 - - [18/Dec/2021:11:25:31 +0800] "POST /xingrg/kc/buy/cgsh_order_operate.html HTTP/1.1" 200 37
124.77.245.186 - - [18/Dec/2021:11:25:31 +0800] "POST /xingrg/kc/buy/cgsh_order_operate.html HTTP/1.1" 200 8245
124.77.245.186 - - [18/Dec/2021:11:25:31 +0800] "GET /xingrg/javascript/easyui/themes/default/validatebox.css HTTP/1.1" 404 1104
114.85.125.222 - - [18/Dec/2021:11:25:31 +0800] "GET /xingrg/all/function/internal_message.html?_=1639797879823&CODE_STATE=getMsg HTTP/1.1" 200 27
116.227.210.113 - - [18/Dec/2021:11:25:31 +0800] "GET /xingrg/kc/buy/cgsh_order_operate.html?command=get_materiel&rest_code=00155&code=00101011005&supplier_code=00100012&order_time=2021-12-18 HTTP/1.1" 200 427
101.85.120.86 - - [18/Dec/2021:11:25:32 +0800] "GET /xingrg/all/function/internal_message.html?_=1639797926875&CODE_STATE=getMsg HTTP/1.1" 200 27
114.83.222.225 - - [18/Dec/2021:11:25:32 +0800] "GET /xingrg/all/function/internal_message.html?_=1639797927455&CODE_STATE=getMsg HTTP/1.1" 200 27
114.86.228.169 - - [18/Dec/2021:11:25:32 +0800] "POST /xingrg/kc/buy/cgsh_order_operate.html HTTP/1.1" 200 58315
180.175.103.30 - - [18/Dec/2021:11:25:33 +0800] "GET /xingrg/check_reg.html?_=1639797929286 HTTP/1.1" 200 22
180.175.103.30 - - [18/Dec/2021:11:25:35 +0800] "GET /xingrg/all/function/internal_message.html?_=1639797931354&CODE_STATE=getMsg HTTP/1.1" 200 27
180.169.147.146 - - [18/Dec/2021:11:25:38 +0800] "GET /xingrg/all/function/internal_message.html?_=1639797934696&CODE_STATE=getMsg HTTP/1.1" 200 27
124.77.245.186 - - [18/Dec/2021:11:25:39 +0800] "GET /xingrg/all/function/internal_message.html?_=1639797957704&CODE_STATE=getMsg HTTP/1.1" 200 27
180.162.114.48 - - [18/Dec/2021:11:25:46 +0800] "GET /xingrg/javascript/jquery_easy_ui/themes/default/images/tabs_active.png HTTP/1.1" 304 -
180.175.103.30 - - [18/Dec/2021:11:25:46 +0800] "GET /xingrg/all/function/internal_message.html?_=1639797879791&CODE_STATE=getMsg HTTP/1.1" 200 27
101.89.239.245 - - [18/Dec/2021:11:25:47 +0800] "GET /xingrg/kc/buy/cgsh_order_operate.html?command=get_materiel&rest_code=00106&code=00101008072&supplier_code=00100007&order_time=2021-12-18 HTTP/1.1" 302 -
101.89.239.245 - - [18/Dec/2021:11:25:47 +0800] "GET /xingrg/login.html HTTP/1.1" 200 7641
180.175.103.30 - - [18/Dec/2021:11:25:47 +0800] "GET /xingrg/kc/base/wldb_order_operate.html?command=get_materiel&rest_code=00105&base_code=0010507&code=00101019258 HTTP/1.1" 200 469
124.77.245.186 - - [18/Dec/2021:11:25:50 +0800] "GET /xingrg/kc/buy/cgsh_order_operate.html?command=get_materiel&rest_code=00146&code=00101009050&supplier_code=00100023&order_time=2021-12-18 HTTP/1.1" 200 410
61.170.234.223 - - [18/Dec/2021:11:25:51 +0800] "GET /xingrg/all/function/internal_message.html?_=1639797943989&CODE_STATE=getMsg HTTP/1.1" 200 27
180.162.114.48 - - [18/Dec/2021:11:25:56 +0800] "GET /xingrg/kc/buy/cgsh_order_operate.html?command=get_materiel&rest_code=00143&code=00101007067&supplier_code=00100207&order_time=2021-12-18 HTTP/1.1" 200 411
180.175.103.30 - - [18/Dec/2021:11:25:58 +0800] "GET /xingrg/kc/base/wldb_order_operate.html?command=get_materiel&rest_code=00105&base_code=0010507&code=00101019391 HTTP/1.1" 200 471
222.70.176.97 - - [18/Dec/2021:11:26:00 +0800] "GET /xingrg/all/function/internal_message.html?_=1639797956581&CODE_STATE=getMsg HTTP/1.1" 200 27
61.151.179.84 - - [18/Dec/2021:11:26:01 +0800] "GET /xingrg/all/function/internal_message.html?_=1639797224294&CODE_STATE=getMsg HTTP/1.1" 302 -
114.86.228.169 - - [18/Dec/2021:11:26:01 +0800] "GET /xingrg/all/function/internal_message.html?_=1639797957920&CODE_STATE=getMsg HTTP/1.1" 200 27
172.20.0.100 - - [18/Dec/2021:11:26:01 +0800] "GET /xingrg/all/function/internal_message.html?_=1639797957599&CODE_STATE=getMsg HTTP/1.1" 200 27
61.151.179.84 - - [18/Dec/2021:11:26:02 +0800] "GET /xingrg/login.html HTTP/1.1" 200 7641
116.238.208.177 - - [18/Dec/2021:11:26:03 +0800] "GET /xingrg/all/function/internal_message.html?_=1639797966038&CODE_STATE=getMsg HTTP/1.1" 200 27
124.77.245.186 - - [18/Dec/2021:11:26:08 +0800] "GET /xingrg/check_reg.html?_=1639797983316 HTTP/1.1" 302 -
124.77.245.186 - - [18/Dec/2021:11:26:12 +0800] "GET /xingrg/all/function/internal_message.html?_=1639797987294&CODE_STATE=getMsg HTTP/1.1" 302 -
180.175.103.30 - - [18/Dec/2021:11:26:12 +0800] "GET /xingrg/kc/base/wldb_order_operate.html?command=get_materiel&rest_code=00105&base_code=0010507&code=00101019536 HTTP/1.1" 200 471
180.162.114.48 - - [18/Dec/2021:11:26:12 +0800] "GET /xingrg/all/function/internal_message.html?_=1639797412736&CODE_STATE=getMsg HTTP/1.1" 200 27
58.40.7.146 - - [18/Dec/2021:11:26:13 +0800] "GET /xingrg/all/function/internal_message.html?_=1639797969008&CODE_STATE=getMsg HTTP/1.1" 200 27
180.169.147.146 - - [18/Dec/2021:11:26:13 +0800] "GET /xingrg/check_reg.html?_=1639797969585 HTTP/1.1" 200 22
180.169.147.146 - - [18/Dec/2021:11:26:13 +0800] "GET /xingrg/all/function/internal_message.html?_=1639797969587&CODE_STATE=getMsg HTTP/1.1" 200 27
124.77.245.186 - - [18/Dec/2021:11:26:16 +0800] "GET /xingrg/kc/buy/cgsh_order_operate.html?command=get_materiel&rest_code=00146&code=00101009018&supplier_code=00100023&order_time=2021-12-18 HTTP/1.1" 200 410
180.175.103.30 - - [18/Dec/2021:11:26:25 +0800] "GET /xingrg/kc/base/wldb_order_operate.html?command=get_materiel&rest_code=00105&base_code=0010507&code=00101019071 HTTP/1.1" 200 455
116.227.210.113 - - [18/Dec/2021:11:26:26 +0800] "POST /xingrg/kc/buy/cgsh_order_operate.html HTTP/1.1" 200 37
124.77.245.186 - - [18/Dec/2021:11:26:28 +0800] "GET /xingrg/kc/buy/cgsh_order_operate.html?command=get_materiel&rest_code=00146&code=00101009031&supplier_code=00100023&order_time=2021-12-18 HTTP/1.1" 200 408
116.227.210.113 - - [18/Dec/2021:11:26:30 +0800] "POST /xingrg/kc/buy/cgsh_order_operate.html HTTP/1.1" 200 5023
114.85.125.222 - - [18/Dec/2021:11:26:31 +0800] "GET /xingrg/all/function/internal_message.html?_=1639797939836&CODE_STATE=getMsg HTTP/1.1" 200 27
61.170.234.223 - - [18/Dec/2021:11:26:32 +0800] "GET /xingrg/check_reg.html?_=1639797984979 HTTP/1.1" 200 22
114.83.222.225 - - [18/Dec/2021:11:26:32 +0800] "GET /xingrg/all/function/internal_message.html?_=1639797987426&CODE_STATE=getMsg HTTP/1.1" 200 27
101.85.120.86 - - [18/Dec/2021:11:26:32 +0800] "GET /xingrg/all/function/internal_message.html?_=1639797986904&CODE_STATE=getMsg HTTP/1.1" 200 27
180.175.103.30 - - [18/Dec/2021:11:26:35 +0800] "GET /xingrg/all/function/internal_message.html?_=1639797991323&CODE_STATE=getMsg HTTP/1.1" 200 27
180.169.147.146 - - [18/Dec/2021:11:26:38 +0800] "GET /xingrg/all/function/internal_message.html?_=1639797994690&CODE_STATE=getMsg HTTP/1.1" 200 27
124.77.245.186 - - [18/Dec/2021:11:26:39 +0800] "GET /xingrg/check_reg.html?_=1639798017132 HTTP/1.1" 200 22
124.77.245.186 - - [18/Dec/2021:11:26:39 +0800] "GET /xingrg/kc/buy/cgsh_order_operate.html?command=get_materiel&rest_code=00146&code=00101009039&supplier_code=00100023&order_time=2021-12-18 HTTP/1.1" 200 408
124.77.245.186 - - [18/Dec/2021:11:26:39 +0800] "GET /xingrg/all/function/internal_message.html?_=1639798017718&CODE_STATE=getMsg HTTP/1.1" 200 27
116.227.210.113 - - [18/Dec/2021:11:26:40 +0800] "GET /xingrg/kc/buy/cgsh_order_operate.html?command=get_materiel&rest_code=00155&code=00101031006&supplier_code=00100012&order_time=2021-12-18 HTTP/1.1" 200 417
180.175.103.30 - - [18/Dec/2021:11:26:46 +0800] "GET /xingrg/all/function/internal_message.html?_=1639797939763&CODE_STATE=getMsg HTTP/1.1" 200 27
180.175.103.30 - - [18/Dec/2021:11:26:48 +0800] "GET /xingrg/kc/base/wldb_order_operate.html?command=get_materiel&rest_code=00105&base_code=0010507&code=00101019405 HTTP/1.1" 200 468
61.170.234.223 - - [18/Dec/2021:11:26:51 +0800] "GET /xingrg/all/function/internal_message.html?_=1639798003994&CODE_STATE=getMsg HTTP/1.1" 200 27
222.70.176.97 - - [18/Dec/2021:11:27:00 +0800] "GET /xingrg/all/function/internal_message.html?_=1639798016567&CODE_STATE=getMsg HTTP/1.1" 200 27
114.86.228.169 - - [18/Dec/2021:11:27:01 +0800] "GET /xingrg/all/function/internal_message.html?_=1639798017922&CODE_STATE=getMsg HTTP/1.1" 200 27
172.20.0.100 - - [18/Dec/2021:11:27:01 +0800] "GET /xingrg/all/function/internal_message.html?_=1639798017600&CODE_STATE=getMsg HTTP/1.1" 200 27
116.238.208.177 - - [18/Dec/2021:11:27:03 +0800] "GET /xingrg/all/function/internal_message.html?_=1639798026052&CODE_STATE=getMsg HTTP/1.1" 200 27
124.77.245.186 - - [18/Dec/2021:11:27:04 +0800] "GET /xingrg/kc/buy/cgsh_order_operate.html?command=get_materiel&rest_code=00146&code=00101009124&supplier_code=00100023&order_time=2021-12-18 HTTP/1.1" 200 402
114.86.228.169 - - [18/Dec/2021:11:27:09 +0800] "POST /xingrg/services/DataTransmitService HTTP/1.1" 401 565
114.86.228.169 - - [18/Dec/2021:11:27:09 +0800] "POST /xingrg/services/DataTransmitService HTTP/1.1" 200 478
114.86.228.169 - - [18/Dec/2021:11:27:09 +0800] "POST /xingrg/services/DataTransmitService HTTP/1.1" 200 1319
114.86.228.169 - - [18/Dec/2021:11:27:09 +0800] "POST /xingrg/services/DataTransmitService HTTP/1.1" 200 478
114.86.228.169 - - [18/Dec/2021:11:27:09 +0800] "POST /xingrg/services/DataTransmitService HTTP/1.1" 200 1319
114.86.228.169 - - [18/Dec/2021:11:27:09 +0800] "POST /xingrg/services/DataTransmitService HTTP/1.1" 200 524
114.86.228.169 - - [18/Dec/2021:11:27:10 +0800] "POST /xingrg/services/DataTransmitService HTTP/1.1" 200 2491
114.86.228.169 - - [18/Dec/2021:11:27:10 +0800] "POST /xingrg/services/DataTransmitService HTTP/1.1" 200 151235
124.77.245.186 - - [18/Dec/2021:11:27:12 +0800] "GET /xingrg/all/function/internal_message.html?_=1639798047312&CODE_STATE=getMsg HTTP/1.1" 302 -
61.151.207.141 - - [18/Dec/2021:11:27:12 +0800] "GET /xingrg/all/function/internal_message.html?_=1639797044369&CODE_STATE=getMsg HTTP/1.1" 302 -
180.162.114.48 - - [18/Dec/2021:11:27:12 +0800] "GET /xingrg/all/function/internal_message.html?_=1639797472739&CODE_STATE=getMsg HTTP/1.1" 200 27
180.162.114.48 - - [18/Dec/2021:11:27:12 +0800] "GET /xingrg/check_reg.html?_=1639797472736 HTTP/1.1" 200 22
61.151.207.141 - - [18/Dec/2021:11:27:12 +0800] "GET /xingrg/login.html HTTP/1.1" 200 7641
58.40.7.146 - - [18/Dec/2021:11:27:13 +0800] "GET /xingrg/all/function/internal_message.html?_=1639798029014&CODE_STATE=getMsg HTTP/1.1" 200 27
180.169.147.146 - - [18/Dec/2021:11:27:13 +0800] "GET /xingrg/all/function/internal_message.html?_=1639798029602&CODE_STATE=getMsg HTTP/1.1" 200 27
101.91.60.11 - - [18/Dec/2021:11:27:19 +0800] "GET /xingrg/kc/buy/cgsh_order_operate.html?command=get_materiel&rest_code=00106&code=00101020126&supplier_code=00100007&order_time=2021-12-18 HTTP/1.1" 302 -
114.86.228.169 - - [18/Dec/2021:11:27:21 +0800] "POST /xingrg/kc/buy/cgsh_order_operate.html HTTP/1.1" 200 37
116.227.210.113 - - [18/Dec/2021:11:27:21 +0800] "GET /xingrg/kc/buy/cgsh_order_operate.html?command=get_materiel&rest_code=00155&code=00101031001&supplier_code=00100012&order_time=2021-12-18 HTTP/1.1" 200 23
101.91.60.11 - - [18/Dec/2021:11:27:22 +0800] "GET /xingrg/login.html HTTP/1.1" 200 7641
114.86.228.169 - - [18/Dec/2021:11:27:24 +0800] "POST /xingrg/kc/buy/cgsh_order_operate.html HTTP/1.1" 200 58315
180.175.103.30 - - [18/Dec/2021:11:27:27 +0800] "POST /xingrg/kc/base/wldb_order_operate.html HTTP/1.1" 200 37
180.175.103.30 - - [18/Dec/2021:11:27:27 +0800] "POST /xingrg/kc/base/wldb_order_operate.html HTTP/1.1" 200 5225
180.175.103.30 - - [18/Dec/2021:11:27:28 +0800] "GET /xingrg/kc/base/wldb_order_info.html?code=422021121801886 HTTP/1.1" 200 30289
116.227.210.113 - - [18/Dec/2021:11:27:28 +0800] "GET /xingrg/index.html?sysBaseUrl=http%3A%2F%2F180.169.147.146%3A18081%2Fxingrg%2F&costTime=1277×tamp=1606817596806 HTTP/1.1" 200 17179
180.175.103.30 - - [18/Dec/2021:11:27:28 +0800] "GET /xingrg/javascript/easyui/themes/default/validatebox.css HTTP/1.1" 404 1104
180.175.103.30 - - [18/Dec/2021:11:27:29 +0800] "POST /xingrg/kc/base/wldb_order_operate.html HTTP/1.1" 200 5225
116.227.210.113 - - [18/Dec/2021:11:27:29 +0800] "POST /xingrg/all/common/load_tree.html?tree=area_rest_tree_json&manage=1 HTTP/1.1" 200 351
116.227.210.113 - - [18/Dec/2021:11:27:29 +0800] "GET /xingrg/check_reg.html?_=1639798031243 HTTP/1.1" 200 22
116.227.210.113 - - [18/Dec/2021:11:27:29 +0800] "GET /xingrg/all/function/internal_message.html?_=1639798031242&CODE_STATE=count HTTP/1.1" 200 11
116.227.210.113 - - [18/Dec/2021:11:27:29 +0800] "GET /favicon.ico HTTP/1.1" 404 -
116.227.210.113 - - [18/Dec/2021:11:27:29 +0800] "POST /xingrg/load_menu.html HTTP/1.1" 200 5138
124.77.245.186 - - [18/Dec/2021:11:27:30 +0800] "GET /xingrg/kc/buy/cgsh_order_operate.html?command=get_materiel&rest_code=00146&code=00101009044&supplier_code=00100023&order_time=2021-12-18 HTTP/1.1" 200 412
114.85.125.222 - - [18/Dec/2021:11:27:31 +0800] "GET /xingrg/all/function/internal_message.html?_=1639797999850&CODE_STATE=getMsg HTTP/1.1" 200 27
114.83.222.225 - - [18/Dec/2021:11:27:32 +0800] "GET /xingrg/all/function/internal_message.html?_=1639798047396&CODE_STATE=getMsg HTTP/1.1" 200 27
101.85.120.86 - - [18/Dec/2021:11:27:32 +0800] "GET /xingrg/all/function/internal_message.html?_=1639798046902&CODE_STATE=getMsg HTTP/1.1" 200 27
180.175.103.30 - - [18/Dec/2021:11:27:35 +0800] "GET /xingrg/all/function/internal_message.html?_=1639798051301&CODE_STATE=getMsg HTTP/1.1" 200 27
114.86.228.169 - - [18/Dec/2021:11:27:35 +0800] "POST /xingrg/kc/buy/cgsh_order_operate.html HTTP/1.1" 200 37
180.169.147.146 - - [18/Dec/2021:11:27:38 +0800] "GET /xingrg/check_reg.html?_=1639798054692 HTTP/1.1" 200 22
180.169.147.146 - - [18/Dec/2021:11:27:38 +0800] "GET /xingrg/all/function/internal_message.html?_=1639798054700&CODE_STATE=getMsg HTTP/1.1" 200 27
124.77.245.186 - - [18/Dec/2021:11:27:39 +0800] "GET /xingrg/all/function/internal_message.html?_=1639798077763&CODE_STATE=getMsg HTTP/1.1" 200 27
180.162.114.48 - - [18/Dec/2021:11:27:45 +0800] "GET /xingrg/kc/buy/cgsh_order_operate.html?command=get_materiel&rest_code=00143&code=00101006157&supplier_code=00100207&order_time=2021-12-18 HTTP/1.1" 200 417
114.86.228.169 - - [18/Dec/2021:11:27:46 +0800] "POST /xingrg/kc/buy/cgsh_order_operate.html HTTP/1.1" 200 58315
180.175.103.30 - - [18/Dec/2021:11:27:46 +0800] "GET /xingrg/all/function/internal_message.html?_=1639797999743&CODE_STATE=getMsg HTTP/1.1" 200 27
180.175.103.30 - - [18/Dec/2021:11:27:47 +0800] "GET /xingrg/check_reg.html?_=1639798000323 HTTP/1.1" 200 22
114.86.228.169 - - [18/Dec/2021:11:27:48 +0800] "GET /xingrg/kc/print/load_config.html?kc_code=cgsh HTTP/1.1" 200 1943
114.86.228.169 - - [18/Dec/2021:11:27:48 +0800] "GET /xingrg/kc/print/load_data.html?order_code=212021121807316&kc_code=cgsh&condition= HTTP/1.1" 200 21760
101.85.120.86 - - [18/Dec/2021:11:27:48 +0800] "POST /xingrg/kc/base/yddb_list_operate.html HTTP/1.1" 200 4387
61.170.234.223 - - [18/Dec/2021:11:27:51 +0800] "GET /xingrg/all/function/internal_message.html?_=1639798063967&CODE_STATE=getMsg HTTP/1.1" 200 27
124.77.245.186 - - [18/Dec/2021:11:27:59 +0800] "GET /xingrg/kc/buy/cgsh_order_operate.html?command=get_materiel&rest_code=00146&code=00101008418&supplier_code=00100023&order_time=2021-12-18 HTTP/1.1" 200 398
222.70.176.97 - - [18/Dec/2021:11:28:00 +0800] "GET /xingrg/all/function/internal_message.html?_=1639798076551&CODE_STATE=getMsg HTTP/1.1" 200 27
114.86.228.169 - - [18/Dec/2021:11:28:01 +0800] "GET /xingrg/all/function/internal_message.html?_=1639798077924&CODE_STATE=getMsg HTTP/1.1" 200 27
172.20.0.100 - - [18/Dec/2021:11:28:01 +0800] "GET /xingrg/all/function/internal_message.html?_=1639798077603&CODE_STATE=getMsg HTTP/1.1" 200 27
116.238.208.177 - - [18/Dec/2021:11:28:03 +0800] "GET /xingrg/check_reg.html?_=1639798085881 HTTP/1.1" 200 22
116.238.208.177 - - [18/Dec/2021:11:28:03 +0800] "GET /xingrg/all/function/internal_message.html?_=1639798086064&CODE_STATE=getMsg HTTP/1.1" 200 27
61.151.207.141 - - [18/Dec/2021:11:28:04 +0800] "GET /xingrg/kc/buy/cgsh_order_operate.html?command=get_materiel&rest_code=00106&code=00101015046&supplier_code=00100007&order_time=2021-12-18 HTTP/1.1" 302 -
61.151.207.141 - - [18/Dec/2021:11:28:05 +0800] "GET /xingrg/login.html HTTP/1.1" 200 7641
124.77.245.186 - - [18/Dec/2021:11:28:12 +0800] "GET /xingrg/all/function/internal_message.html?_=1639798107321&CODE_STATE=getMsg HTTP/1.1" 302 -
180.162.114.48 - - [18/Dec/2021:11:28:12 +0800] "GET /xingrg/all/function/internal_message.html?_=1639797532738&CODE_STATE=getMsg HTTP/1.1" 200 27
58.40.7.146 - - [18/Dec/2021:11:28:13 +0800] "GET /xingrg/all/function/internal_message.html?_=1639798089018&CODE_STATE=getMsg HTTP/1.1" 200 27
180.169.147.146 - - [18/Dec/2021:11:28:13 +0800] "GET /xingrg/all/function/internal_message.html?_=1639798089601&CODE_STATE=getMsg HTTP/1.1" 200 27
124.77.245.186 - - [18/Dec/2021:11:28:18 +0800] "GET /xingrg/kc/buy/cgsh_order_operate.html?command=get_materiel&rest_code=00146&code=00101009007&supplier_code=00100023&order_time=2021-12-18 HTTP/1.1" 200 409
116.227.210.113 - - [18/Dec/2021:11:28:29 +0800] "GET /xingrg/all/function/internal_message.html?_=1639798091271&CODE_STATE=getMsg HTTP/1.1" 200 27
114.85.125.222 - - [18/Dec/2021:11:28:31 +0800] "GET /xingrg/all/function/internal_message.html?_=1639798059870&CODE_STATE=getMsg HTTP/1.1" 200 27
124.77.245.186 - - [18/Dec/2021:11:28:32 +0800] "GET /xingrg/kc/buy/cgsh_order_operate.html?command=get_materiel&rest_code=00146&code=00101009062&supplier_code=00100023&order_time=2021-12-18 HTTP/1.1" 200 412
114.83.222.225 - - [18/Dec/2021:11:28:32 +0800] "GET /xingrg/all/function/internal_message.html?_=1639798107397&CODE_STATE=getMsg HTTP/1.1" 200 27
101.85.120.86 - - [18/Dec/2021:11:28:32 +0800] "GET /xingrg/all/function/internal_message.html?_=1639798106900&CODE_STATE=getMsg HTTP/1.1" 200 27
114.83.222.225 - - [18/Dec/2021:11:28:33 +0800] "GET /xingrg/check_reg.html?_=1639798108389 HTTP/1.1" 200 22
180.175.103.30 - - [18/Dec/2021:11:28:35 +0800] "GET /xingrg/all/function/internal_message.html?_=1639798111280&CODE_STATE=getMsg HTTP/1.1" 200 27
180.169.147.146 - - [18/Dec/2021:11:28:38 +0800] "GET /xingrg/all/function/internal_message.html?_=1639798114697&CODE_STATE=getMsg HTTP/1.1" 200 27
124.77.245.186 - - [18/Dec/2021:11:28:39 +0800] "GET /xingrg/all/function/internal_message.html?_=1639798137777&CODE_STATE=getMsg HTTP/1.1" 200 27
101.91.62.89 - - [18/Dec/2021:11:28:41 +0800] "GET /xingrg/kc/buy/cgsh_order_operate.html?command=get_materiel&rest_code=00106&code=00101008403&supplier_code=00100007&order_time=2021-12-18 HTTP/1.1" 302 -
101.91.62.89 - - [18/Dec/2021:11:28:42 +0800] "GET /xingrg/login.html HTTP/1.1" 200 7641
61.151.178.197 - - [18/Dec/2021:11:28:45 +0800] "GET /xingrg/all/function/internal_message.html?_=1639796624507&CODE_STATE=getMsg HTTP/1.1" 302 -
61.151.178.197 - - [18/Dec/2021:11:28:46 +0800] "GET /xingrg/login.html HTTP/1.1" 200 7641
180.175.103.30 - - [18/Dec/2021:11:28:46 +0800] "GET /xingrg/all/function/internal_message.html?_=1639798059721&CODE_STATE=getMsg HTTP/1.1" 200 27
61.170.234.223 - - [18/Dec/2021:11:28:51 +0800] "GET /xingrg/all/function/internal_message.html?_=1639798123939&CODE_STATE=getMsg HTTP/1.1" 200 27
180.162.114.48 - - [18/Dec/2021:11:28:59 +0800] "GET /xingrg/kc/buy/cgsh_order_operate.html?command=get_materiel&rest_code=00143&code=00101002017&supplier_code=00100207&order_time=2021-12-18 HTTP/1.1" 200 411
222.70.176.97 - - [18/Dec/2021:11:29:00 +0800] "GET /xingrg/all/function/internal_message.html?_=1639798136521&CODE_STATE=getMsg HTTP/1.1" 200 27
222.70.176.97 - - [18/Dec/2021:11:29:01 +0800] "GET /xingrg/check_reg.html?_=1639798136930 HTTP/1.1" 200 22
114.86.228.169 - - [18/Dec/2021:11:29:01 +0800] "GET /xingrg/all/function/internal_message.html?_=1639798137927&CODE_STATE=getMsg HTTP/1.1" 200 27
114.86.228.169 - - [18/Dec/2021:11:29:01 +0800] "GET /xingrg/check_reg.html?_=1639798137928 HTTP/1.1" 200 22
172.20.0.100 - - [18/Dec/2021:11:29:01 +0800] "GET /xingrg/all/function/internal_message.html?_=1639798137607&CODE_STATE=getMsg HTTP/1.1" 200 27
116.238.208.177 - - [18/Dec/2021:11:29:03 +0800] "GET /xingrg/all/function/internal_message.html?_=1639798146078&CODE_STATE=getMsg HTTP/1.1" 200 27
124.77.245.186 - - [18/Dec/2021:11:29:05 +0800] "POST /xingrg/kc/buy/cgsh_order_operate.html HTTP/1.1" 200 37
124.77.245.186 - - [18/Dec/2021:11:29:07 +0800] "POST /xingrg/kc/buy/cgsh_order_operate.html HTTP/1.1" 200 7379
124.77.245.186 - - [18/Dec/2021:11:29:10 +0800] "GET /xingrg/kc/print/load_data.html?order_code=212021121807318&kc_code=cgsh&condition= HTTP/1.1" 200 2479
124.77.245.186 - - [18/Dec/2021:11:29:12 +0800] "GET /xingrg/all/function/internal_message.html?_=1639798167339&CODE_STATE=getMsg HTTP/1.1" 302 -
180.162.114.48 - - [18/Dec/2021:11:29:12 +0800] "GET /xingrg/all/function/internal_message.html?_=1639797592732&CODE_STATE=getMsg HTTP/1.1" 200 27
58.40.7.146 - - [18/Dec/2021:11:29:13 +0800] "GET /xingrg/all/function/internal_message.html?_=1639798149021&CODE_STATE=getMsg HTTP/1.1" 200 27
180.169.147.146 - - [18/Dec/2021:11:29:13 +0800] "GET /xingrg/all/function/internal_message.html?_=1639798149589&CODE_STATE=getMsg HTTP/1.1" 200 27
124.77.245.186 - - [18/Dec/2021:11:29:24 +0800] "GET /xingrg/kc/buy/cgsh_order_add.html HTTP/1.1" 200 65158
124.77.245.186 - - [18/Dec/2021:11:29:25 +0800] "GET /xingrg/javascript/easyui/themes/default/validatebox.css HTTP/1.1" 404 1104
124.77.245.186 - - [18/Dec/2021:11:29:25 +0800] "POST /xingrg/kc/buy/cgsh_order_operate.html HTTP/1.1" 200 8245
116.227.210.113 - - [18/Dec/2021:11:29:29 +0800] "GET /xingrg/all/function/internal_message.html?_=1639798151266&CODE_STATE=getMsg HTTP/1.1" 200 27
116.227.210.113 - - [18/Dec/2021:11:29:30 +0800] "GET /xingrg/index.html?sysBaseUrl=http%3A%2F%2F180.169.147.146%3A18081%2Fxingrg%2F&costTime=1277×tamp=1606817596806 HTTP/1.1" 200 17179
116.227.210.113 - - [18/Dec/2021:11:29:31 +0800] "POST /xingrg/all/common/load_tree.html?tree=area_rest_tree_json&manage=1 HTTP/1.1" 200 351
116.227.210.113 - - [18/Dec/2021:11:29:31 +0800] "GET /xingrg/all/function/internal_message.html?_=1639798153263&CODE_STATE=count HTTP/1.1" 200 11
116.227.210.113 - - [18/Dec/2021:11:29:31 +0800] "GET /xingrg/check_reg.html?_=1639798153264 HTTP/1.1" 200 22
116.227.210.113 - - [18/Dec/2021:11:29:31 +0800] "GET /favicon.ico HTTP/1.1" 404 -
116.227.210.113 - - [18/Dec/2021:11:29:31 +0800] "POST /xingrg/load_menu.html HTTP/1.1" 200 5138
114.85.125.222 - - [18/Dec/2021:11:29:31 +0800] "GET /xingrg/all/function/internal_message.html?_=1639798119878&CODE_STATE=getMsg HTTP/1.1" 200 27
114.83.222.225 - - [18/Dec/2021:11:29:32 +0800] "GET /xingrg/all/function/internal_message.html?_=1639798167375&CODE_STATE=getMsg HTTP/1.1" 200 27
101.85.120.86 - - [18/Dec/2021:11:29:32 +0800] "GET /xingrg/check_reg.html?_=1639798166906 HTTP/1.1" 200 22
101.85.120.86 - - [18/Dec/2021:11:29:32 +0800] "GET /xingrg/all/function/internal_message.html?_=1639798166902&CODE_STATE=getMsg HTTP/1.1" 200 27
180.175.103.30 - - [18/Dec/2021:11:29:35 +0800] "GET /xingrg/all/function/internal_message.html?_=1639798171249&CODE_STATE=getMsg HTTP/1.1" 200 27
180.169.147.146 - - [18/Dec/2021:11:29:38 +0800] "GET /xingrg/all/function/internal_message.html?_=1639798174696&CODE_STATE=getMsg HTTP/1.1" 200 27
124.77.245.186 - - [18/Dec/2021:11:29:39 +0800] "GET /xingrg/all/function/internal_message.html?_=1639798197790&CODE_STATE=getMsg HTTP/1.1" 200 27
124.77.245.186 - - [18/Dec/2021:11:29:39 +0800] "GET /xingrg/kc/buy/cgsh_order_operate.html?command=get_materiel&rest_code=00146&code=00101010161&supplier_code=00100041&order_time=2021-12-18 HTTP/1.1" 200 409
61.151.178.164 - - [18/Dec/2021:11:29:41 +0800] "GET /xingrg/kc/buy/cgsh_order_operate.html?command=get_materiel&rest_code=00106&code=00101008332&supplier_code=00100007&order_time=2021-12-18 HTTP/1.1" 302 -
61.151.178.164 - - [18/Dec/2021:11:29:42 +0800] "GET /xingrg/login.html HTTP/1.1" 200 7641
180.175.103.30 - - [18/Dec/2021:11:29:46 +0800] "GET /xingrg/all/function/internal_message.html?_=1639798119691&CODE_STATE=getMsg HTTP/1.1" 200 27
61.170.234.223 - - [18/Dec/2021:11:29:51 +0800] "GET /xingrg/all/function/internal_message.html?_=1639798183919&CODE_STATE=getMsg HTTP/1.1" 200 27
114.86.228.169 - - [18/Dec/2021:11:29:59 +0800] "POST /xingrg/kc/buy/cgsh_order_operate.html HTTP/1.1" 200 37
222.70.176.97 - - [18/Dec/2021:11:30:00 +0800] "GET /xingrg/all/function/internal_message.html?_=1639798196494&CODE_STATE=getMsg HTTP/1.1" 200 27
172.20.0.100 - - [18/Dec/2021:11:30:01 +0800] "GET /xingrg/check_reg.html?_=1639798197592 HTTP/1.1" 200 22
172.20.0.100 - - [18/Dec/2021:11:30:01 +0800] "GET /xingrg/all/function/internal_message.html?_=1639798197594&CODE_STATE=getMsg HTTP/1.1" 200 27
114.86.228.169 - - [18/Dec/2021:11:30:02 +0800] "GET /xingrg/all/function/internal_message.html?_=1639798199006&CODE_STATE=getMsg HTTP/1.1" 200 27
114.86.228.169 - - [18/Dec/2021:11:30:03 +0800] "POST /xingrg/kc/buy/cgsh_order_operate.html HTTP/1.1" 200 58318
116.238.208.177 - - [18/Dec/2021:11:30:03 +0800] "GET /xingrg/all/function/internal_message.html?_=1639798206091&CODE_STATE=getMsg HTTP/1.1" 200 27
124.77.245.186 - - [18/Dec/2021:11:30:12 +0800] "GET /xingrg/all/function/internal_message.html?_=1639798227348&CODE_STATE=getMsg HTTP/1.1" 302 -
180.162.114.48 - - [18/Dec/2021:11:30:12 +0800] "GET /xingrg/all/function/internal_message.html?_=1639797652733&CODE_STATE=getMsg HTTP/1.1" 200 27
58.40.7.146 - - [18/Dec/2021:11:30:13 +0800] "GET /xingrg/check_reg.html?_=1639798209008 HTTP/1.1" 200 22
58.40.7.146 - - [18/Dec/2021:11:30:13 +0800] "GET /xingrg/all/function/internal_message.html?_=1639798209010&CODE_STATE=getMsg HTTP/1.1" 200 27
180.169.147.146 - - [18/Dec/2021:11:30:13 +0800] "GET /xingrg/all/function/internal_message.html?_=1639798209578&CODE_STATE=getMsg HTTP/1.1" 200 27
114.84.148.232 - - [18/Dec/2021:11:30:24 +0800] "GET /xingrg/kc/buy/cgsh_order_add.html HTTP/1.1" 200 65199
114.84.148.232 - - [18/Dec/2021:11:30:24 +0800] "POST /xingrg/kc/buy/cgsh_order_operate.html HTTP/1.1" 200 8245
114.84.148.232 - - [18/Dec/2021:11:30:24 +0800] "GET /xingrg/javascript/easyui/themes/default/validatebox.css HTTP/1.1" 404 1104
124.77.245.186 - - [18/Dec/2021:11:30:30 +0800] "GET /xingrg/kc/buy/cgsh_order_operate.html?command=get_materiel&rest_code=00146&code=00101006161&supplier_code=00100041&order_time=2021-12-18 HTTP/1.1" 200 409
114.85.125.222 - - [18/Dec/2021:11:30:31 +0800] "GET /xingrg/check_reg.html?_=1639798179274 HTTP/1.1" 200 22
116.227.210.113 - - [18/Dec/2021:11:30:31 +0800] "GET /xingrg/all/function/internal_message.html?_=1639798213284&CODE_STATE=getMsg HTTP/1.1" 200 27
114.85.125.222 - - [18/Dec/2021:11:30:31 +0800] "GET /xingrg/all/function/internal_message.html?_=1639798179891&CODE_STATE=getMsg HTTP/1.1" 200 27
114.84.148.232 - - [18/Dec/2021:11:30:32 +0800] "GET /xingrg/javascript/jquery_tools/images/prev.gif HTTP/1.1" 404 1086
114.84.148.232 - - [18/Dec/2021:11:30:32 +0800] "GET /xingrg/javascript/jquery_tools/images/next.gif HTTP/1.1" 404 1086
114.83.222.225 - - [18/Dec/2021:11:30:32 +0800] "GET /xingrg/all/function/internal_message.html?_=1639798227360&CODE_STATE=getMsg HTTP/1.1" 200 27
101.85.120.86 - - [18/Dec/2021:11:30:32 +0800] "GET /xingrg/all/function/internal_message.html?_=1639798226907&CODE_STATE=getMsg HTTP/1.1" 200 27
180.175.103.30 - - [18/Dec/2021:11:30:33 +0800] "GET /xingrg/check_reg.html?_=1639798229281 HTTP/1.1" 200 22
180.175.103.30 - - [18/Dec/2021:11:30:35 +0800] "GET /xingrg/all/function/internal_message.html?_=1639798231231&CODE_STATE=getMsg HTTP/1.1" 200 27
180.169.147.146 - - [18/Dec/2021:11:30:38 +0800] "GET /xingrg/all/function/internal_message.html?_=1639798234693&CODE_STATE=getMsg HTTP/1.1" 200 27
124.77.245.186 - - [18/Dec/2021:11:30:39 +0800] "GET /xingrg/all/function/internal_message.html?_=1639798257803&CODE_STATE=getMsg HTTP/1.1" 200 27
114.84.148.232 - - [18/Dec/2021:11:30:40 +0800] "GET /xingrg/kc/buy/cgsh_order_operate.html?command=get_materiel&rest_code=00141&code=00101009050&supplier_code=00100022&order_time=2021-12-18 HTTP/1.1" 200 408
180.162.114.48 - - [18/Dec/2021:11:30:43 +0800] "GET /xingrg/kc/buy/cgsh_order_operate.html?command=get_materiel&rest_code=00143&code=00101009006&supplier_code=00100207&order_time=2021-12-18 HTTP/1.1" 200 409
124.77.245.186 - - [18/Dec/2021:11:30:43 +0800] "GET /xingrg/kc/buy/cgsh_order_operate.html?command=get_materiel&rest_code=00146&code=00101005037&supplier_code=00100041&order_time=2021-12-18 HTTP/1.1" 200 409
180.175.103.30 - - [18/Dec/2021:11:30:46 +0800] "GET /xingrg/all/function/internal_message.html?_=1639798179676&CODE_STATE=getMsg HTTP/1.1" 200 27
61.170.234.223 - - [18/Dec/2021:11:30:51 +0800] "GET /xingrg/all/function/internal_message.html?_=1639798243892&CODE_STATE=getMsg HTTP/1.1" 200 27
114.84.148.232 - - [18/Dec/2021:11:30:54 +0800] "GET /xingrg/kc/buy/cgsh_order_operate.html?command=get_materiel&rest_code=00141&code=00101009062&supplier_code=00100022&order_time=2021-12-18 HTTP/1.1" 200 412
222.70.176.97 - - [18/Dec/2021:11:31:00 +0800] "GET /xingrg/all/function/internal_message.html?_=1639798256464&CODE_STATE=getMsg HTTP/1.1" 200 27
114.86.228.169 - - [18/Dec/2021:11:31:01 +0800] "GET /xingrg/all/function/internal_message.html?_=1639798257931&CODE_STATE=getMsg HTTP/1.1" 200 27
172.20.0.100 - - [18/Dec/2021:11:31:01 +0800] "GET /xingrg/all/function/internal_message.html?_=1639798257595&CODE_STATE=getMsg HTTP/1.1" 200 27
116.238.208.177 - - [18/Dec/2021:11:31:03 +0800] "GET /xingrg/all/function/internal_message.html?_=1639798266107&CODE_STATE=getMsg HTTP/1.1" 200 27
114.84.148.232 - - [18/Dec/2021:11:31:04 +0800] "GET /xingrg/kc/buy/cgsh_order_operate.html?command=get_materiel&rest_code=00141&code=00101008418&supplier_code=00100022&order_time=2021-12-18 HTTP/1.1" 200 398
124.77.245.186 - - [18/Dec/2021:11:31:04 +0800] "GET /xingrg/kc/buy/cgsh_order_operate.html?command=get_materiel&rest_code=00146&code=00101018019&supplier_code=00100041&order_time=2021-12-18 HTTP/1.1" 200 421
124.77.245.186 - - [18/Dec/2021:11:31:08 +0800] "GET /xingrg/check_reg.html?_=1639798283324 HTTP/1.1" 302 -
124.77.245.186 - - [18/Dec/2021:11:31:12 +0800] "GET /xingrg/all/function/internal_message.html?_=1639798287362&CODE_STATE=getMsg HTTP/1.1" 302 -
180.162.114.48 - - [18/Dec/2021:11:31:12 +0800] "GET /xingrg/kc/buy/cgsh_order_operate.html?command=get_materiel&rest_code=00143&code=00101013175&supplier_code=00100207&order_time=2021-12-18 HTTP/1.1" 200 432
180.162.114.48 - - [18/Dec/2021:11:31:12 +0800] "GET /xingrg/all/function/internal_message.html?_=1639797712753&CODE_STATE=getMsg HTTP/1.1" 200 27
58.40.7.146 - - [18/Dec/2021:11:31:13 +0800] "GET /xingrg/all/function/internal_message.html?_=1639798269012&CODE_STATE=getMsg HTTP/1.1" 200 27
180.169.147.146 - - [18/Dec/2021:11:31:13 +0800] "GET /xingrg/all/function/internal_message.html?_=1639798269585&CODE_STATE=getMsg HTTP/1.1" 200 27
180.169.147.146 - - [18/Dec/2021:11:31:13 +0800] "GET /xingrg/check_reg.html?_=1639798269586 HTTP/1.1" 200 22
101.89.239.238 - - [18/Dec/2021:11:31:14 +0800] "GET /xingrg/all/function/internal_message.html?_=1639797344244&CODE_STATE=getMsg HTTP/1.1" 302 -
101.89.239.238 - - [18/Dec/2021:11:31:15 +0800] "GET /xingrg/login.html HTTP/1.1" 200 7641
124.77.245.186 - - [18/Dec/2021:11:31:16 +0800] "GET /xingrg/kc/buy/cgsh_order_operate.html?command=get_materiel&rest_code=00146&code=00101003025&supplier_code=00100041&order_time=2021-12-18 HTTP/1.1" 200 409
114.84.148.232 - - [18/Dec/2021:11:31:20 +0800] "GET /xingrg/kc/buy/cgsh_order_operate.html?command=get_materiel&rest_code=00141&code=00101009010&supplier_code=00100022&order_time=2021-12-18 HTTP/1.1" 200 412
116.227.210.113 - - [18/Dec/2021:11:31:26 +0800] "GET /xingrg/kc/buy/cgsh_order_list.html HTTP/1.1" 200 49429
124.77.245.186 - - [18/Dec/2021:11:31:29 +0800] "GET /xingrg/kc/buy/cgsh_order_operate.html?command=get_materiel&rest_code=00146&code=00101004020&supplier_code=00100041&order_time=2021-12-18 HTTP/1.1" 200 409
116.227.210.113 - - [18/Dec/2021:11:31:30 +0800] "POST /xingrg/kc/buy/cgsh_list_operate.html HTTP/1.1" 200 3132
116.227.210.113 - - [18/Dec/2021:11:31:31 +0800] "GET /xingrg/all/function/internal_message.html?_=1639798273274&CODE_STATE=getMsg HTTP/1.1" 200 27
114.85.125.222 - - [18/Dec/2021:11:31:31 +0800] "GET /xingrg/all/function/internal_message.html?_=1639798239904&CODE_STATE=getMsg HTTP/1.1" 200 27
61.170.234.223 - - [18/Dec/2021:11:31:32 +0800] "GET /xingrg/check_reg.html?_=1639798284952 HTTP/1.1" 200 22
114.83.222.225 - - [18/Dec/2021:11:31:32 +0800] "GET /xingrg/all/function/internal_message.html?_=1639798287330&CODE_STATE=getMsg HTTP/1.1" 200 27
101.85.120.86 - - [18/Dec/2021:11:31:32 +0800] "GET /xingrg/all/function/internal_message.html?_=1639798286910&CODE_STATE=getMsg HTTP/1.1" 200 27
180.175.103.30 - - [18/Dec/2021:11:31:35 +0800] "GET /xingrg/all/function/internal_message.html?_=1639798291208&CODE_STATE=getMsg HTTP/1.1" 200 27
116.227.210.113 - - [18/Dec/2021:11:31:36 +0800] "POST /xingrg/kc/buy/cgsh_list_operate.html HTTP/1.1" 200 3132
180.169.147.146 - - [18/Dec/2021:11:31:38 +0800] "GET /xingrg/all/function/internal_message.html?_=1639798294686&CODE_STATE=getMsg HTTP/1.1" 200 27
124.77.245.186 - - [18/Dec/2021:11:31:39 +0800] "GET /xingrg/check_reg.html?_=1639798317131 HTTP/1.1" 200 22
180.162.114.48 - - [18/Dec/2021:11:31:39 +0800] "GET /xingrg/kc/buy/cgsh_order_operate.html?command=get_materiel&rest_code=00143&code=00101019359&supplier_code=00100207&order_time=2021-12-18 HTTP/1.1" 200 447
124.77.245.186 - - [18/Dec/2021:11:31:39 +0800] "GET /xingrg/all/function/internal_message.html?_=1639798317817&CODE_STATE=getMsg HTTP/1.1" 200 27
116.227.210.113 - - [18/Dec/2021:11:31:41 +0800] "POST /xingrg/kc/buy/cgsh_list_operate.html HTTP/1.1" 200 574
116.227.210.113 - - [18/Dec/2021:11:31:41 +0800] "GET /xingrg/kc/buy/cgsh_order_info.html?code=212021121807302 HTTP/1.1" 200 65129
116.227.210.113 - - [18/Dec/2021:11:31:42 +0800] "GET /xingrg/words/20211218103523_words.js HTTP/1.1" 304 -
116.227.210.113 - - [18/Dec/2021:11:31:42 +0800] "GET /xingrg/javascript/easyui/themes/default/validatebox.css HTTP/1.1" 404 1104
116.227.210.113 - - [18/Dec/2021:11:31:42 +0800] "GET /xingrg/all/common/auto_word.html?type=employee&rest_code=00155 HTTP/1.1" 200 205
116.227.210.113 - - [18/Dec/2021:11:31:42 +0800] "GET /xingrg/all/common/auto_word.html?type=employee&rest_code=00155 HTTP/1.1" 200 205
114.84.148.232 - - [18/Dec/2021:11:31:43 +0800] "GET /xingrg/kc/buy/cgsh_order_operate.html?command=get_materiel&rest_code=00141&code=00101009118&supplier_code=00100022&order_time=2021-12-18 HTTP/1.1" 200 391
116.227.210.113 - - [18/Dec/2021:11:31:43 +0800] "POST /xingrg/kc/buy/cgsh_order_operate.html HTTP/1.1" 200 21010
180.175.103.30 - - [18/Dec/2021:11:31:46 +0800] "GET /xingrg/all/function/internal_message.html?_=1639798239661&CODE_STATE=getMsg HTTP/1.1" 200 27
61.170.234.223 - - [18/Dec/2021:11:31:51 +0800] "GET /xingrg/all/function/internal_message.html?_=1639798303869&CODE_STATE=getMsg HTTP/1.1" 200 27
116.227.210.113 - - [18/Dec/2021:11:31:52 +0800] "POST /xingrg/kc/buy/cgsh_list_operate.html HTTP/1.1" 200 486
124.77.245.186 - - [18/Dec/2021:11:31:53 +0800] "GET /xingrg/kc/buy/cgsh_order_operate.html?command=get_materiel&rest_code=00146&code=00101001075&supplier_code=00100041&order_time=2021-12-18 HTTP/1.1" 200 409
116.227.210.113 - - [18/Dec/2021:11:31:55 +0800] "POST /xingrg/kc/buy/cgsh_list_operate.html HTTP/1.1" 200 499
116.227.210.113 - - [18/Dec/2021:11:31:56 +0800] "GET /xingrg/kc/buy/cgsh_order_info.html?code=212021121807317 HTTP/1.1" 200 65129
116.227.210.113 - - [18/Dec/2021:11:31:56 +0800] "GET /xingrg/javascript/easyui/themes/default/validatebox.css HTTP/1.1" 404 1104
116.227.210.113 - - [18/Dec/2021:11:31:57 +0800] "POST /xingrg/kc/buy/cgsh_order_operate.html HTTP/1.1" 200 5023
116.227.210.113 - - [18/Dec/2021:11:31:59 +0800] "GET /xingrg/javascript/auto/indicator.gif HTTP/1.1" 404 1066
222.70.176.97 - - [18/Dec/2021:11:32:00 +0800] "GET /xingrg/all/function/internal_message.html?_=1639798316449&CODE_STATE=getMsg HTTP/1.1" 200 27
114.86.228.169 - - [18/Dec/2021:11:32:01 +0800] "GET /xingrg/all/function/internal_message.html?_=1639798317921&CODE_STATE=getMsg HTTP/1.1" 200 27
172.20.0.100 - - [18/Dec/2021:11:32:01 +0800] "GET /xingrg/all/function/internal_message.html?_=1639798317597&CODE_STATE=getMsg HTTP/1.1" 200 27
116.238.208.177 - - [18/Dec/2021:11:32:03 +0800] "GET /xingrg/all/function/internal_message.html?_=1639798326119&CODE_STATE=getMsg HTTP/1.1" 200 27
124.77.245.186 - - [18/Dec/2021:11:32:07 +0800] "GET /xingrg/kc/buy/cgsh_order_operate.html?command=get_materiel&rest_code=00146&code=00101002027&supplier_code=00100041&order_time=2021-12-18 HTTP/1.1" 200 434
180.162.114.48 - - [18/Dec/2021:11:32:11 +0800] "GET /xingrg/kc/buy/cgsh_order_operate.html?command=get_materiel&rest_code=00143&code=00101007061&supplier_code=00100207&order_time=2021-12-18 HTTP/1.1" 200 410
124.77.245.186 - - [18/Dec/2021:11:32:12 +0800] "GET /xingrg/all/function/internal_message.html?_=1639798347380&CODE_STATE=getMsg HTTP/1.1" 302 -
180.162.114.48 - - [18/Dec/2021:11:32:12 +0800] "GET /xingrg/check_reg.html?_=1639797772746 HTTP/1.1" 200 22
180.162.114.48 - - [18/Dec/2021:11:32:12 +0800] "GET /xingrg/all/function/internal_message.html?_=1639797772748&CODE_STATE=getMsg HTTP/1.1" 200 27
58.40.7.146 - - [18/Dec/2021:11:32:13 +0800] "GET /xingrg/all/function/internal_message.html?_=1639798329016&CODE_STATE=getMsg HTTP/1.1" 200 27
180.169.147.146 - - [18/Dec/2021:11:32:13 +0800] "GET /xingrg/all/function/internal_message.html?_=1639798329596&CODE_STATE=getMsg HTTP/1.1" 200 27
114.84.148.232 - - [18/Dec/2021:11:32:15 +0800] "POST /xingrg/kc/buy/cgsh_order_operate.html HTTP/1.1" 200 37
114.84.148.232 - - [18/Dec/2021:11:32:18 +0800] "POST /xingrg/kc/buy/cgsh_order_operate.html HTTP/1.1" 200 12
101.89.239.120 - - [18/Dec/2021:11:32:22 +0800] "GET /xingrg/all/function/internal_message.html?_=1639797584132&CODE_STATE=getMsg HTTP/1.1" 302 -
114.84.148.232 - - [18/Dec/2021:11:32:22 +0800] "GET /xingrg/kc/buy/cgsh_order_info.html?code=212021121807319 HTTP/1.1" 200 60106
114.84.148.232 - - [18/Dec/2021:11:32:22 +0800] "GET /xingrg/javascript/easyui/themes/default/validatebox.css HTTP/1.1" 404 1104
101.89.239.120 - - [18/Dec/2021:11:32:22 +0800] "GET /xingrg/login.html HTTP/1.1" 200 7641
