124.77.245.186 - - [18/Dec/2021:08:58:06 +0800] "GET /xingrg/all/function/internal_message.html?_=1639789104687&CODE_STATE=getMsg HTTP/1.1" 302 -
114.83.222.225 - - [18/Dec/2021:08:58:07 +0800] "POST /xingrg/kc/buy/cgsh_order_operate.html HTTP/1.1" 200 2065
222.70.176.97 - - [18/Dec/2021:08:58:09 +0800] "GET /xingrg/kc/buy/cgsh_order_operate.html?command=get_materiel&rest_code=00111&code=00101008633&supplier_code=00100005&order_time=2021-12-18 HTTP/1.1" 200 400
124.77.245.186 - - [18/Dec/2021:08:58:10 +0800] "GET /xingrg/all/function/internal_message.html?_=1639789105255&CODE_STATE=getMsg HTTP/1.1" 200 27
222.70.176.97 - - [18/Dec/2021:08:58:13 +0800] "POST /xingrg/kc/buy/cgsh_order_operate.html HTTP/1.1" 200 2065
114.83.222.225 - - [18/Dec/2021:08:58:16 +0800] "GET /xingrg/kc/buy/cgsh_order_operate.html?command=get_materiel&rest_code=00149&code=00101008026&supplier_code=00100005&order_time=2021-12-18 HTTP/1.1" 200 409
222.70.176.97 - - [18/Dec/2021:08:58:19 +0800] "GET /xingrg/kc/buy/cgsh_order_operate.html?command=get_materiel&rest_code=00111&code=00101008168&supplier_code=00100005&order_time=2021-12-18 HTTP/1.1" 200 412
222.70.176.97 - - [18/Dec/2021:08:58:31 +0800] "GET /xingrg/kc/buy/cgsh_order_operate.html?command=get_materiel&rest_code=00111&code=00101020152&supplier_code=00100005&order_time=2021-12-18 HTTP/1.1" 200 416
114.83.222.225 - - [18/Dec/2021:08:58:32 +0800] "GET /xingrg/all/function/internal_message.html?_=1639789107830&CODE_STATE=getMsg HTTP/1.1" 200 27
114.83.222.225 - - [18/Dec/2021:08:58:32 +0800] "GET /xingrg/check_reg.html?_=1639789107843 HTTP/1.1" 200 22
114.85.125.222 - - [18/Dec/2021:08:58:33 +0800] "GET /xingrg/all/function/internal_message.html?_=1639789061748&CODE_STATE=getMsg HTTP/1.1" 200 27
180.175.103.30 - - [18/Dec/2021:08:58:33 +0800] "GET /xingrg/all/function/internal_message.html?_=1639789109161&CODE_STATE=getMsg HTTP/1.1" 200 27
180.169.147.146 - - [18/Dec/2021:08:58:36 +0800] "GET /xingrg/all/function/internal_message.html?_=1639789121638&CODE_STATE=getMsg HTTP/1.1" 200 27
114.83.222.225 - - [18/Dec/2021:08:58:37 +0800] "GET /xingrg/kc/buy/cgsh_order_operate.html?command=get_materiel&rest_code=00149&code=00101008096&supplier_code=00100005&order_time=2021-12-18 HTTP/1.1" 200 412
120.253.135.82 - - [18/Dec/2021:08:58:40 +0800] "GET /xingrg/all/function/internal_message.html?_=1639788896257&CODE_STATE=getMsg HTTP/1.1" 200 27
222.70.176.97 - - [18/Dec/2021:08:58:53 +0800] "GET /xingrg/kc/buy/cgsh_order_operate.html?command=get_materiel&rest_code=00111&code=00101008223&supplier_code=00100005&order_time=2021-12-18 HTTP/1.1" 200 412
114.83.222.225 - - [18/Dec/2021:08:58:55 +0800] "GET /xingrg/kc/buy/cgsh_order_operate.html?command=get_materiel&rest_code=00149&code=00101008038&supplier_code=00100005&order_time=2021-12-18 HTTP/1.1" 200 412
180.169.147.146 - - [18/Dec/2021:08:58:55 +0800] "GET /xingrg/all/function/internal_message.html?_=1639789131433&CODE_STATE=getMsg HTTP/1.1" 200 27
180.169.147.146 - - [18/Dec/2021:08:58:57 +0800] "GET /xingrg/check_reg.html?_=1639789143142 HTTP/1.1" 200 22
180.169.147.146 - - [18/Dec/2021:08:58:57 +0800] "GET /xingrg/all/function/internal_message.html?_=1639789143140&CODE_STATE=getMsg HTTP/1.1" 200 27
222.70.176.97 - - [18/Dec/2021:08:59:00 +0800] "GET /xingrg/all/function/internal_message.html?_=1639789136804&CODE_STATE=getMsg HTTP/1.1" 200 27
222.70.176.97 - - [18/Dec/2021:08:59:00 +0800] "GET /xingrg/check_reg.html?_=1639789136808 HTTP/1.1" 200 22
172.20.0.100 - - [18/Dec/2021:08:59:01 +0800] "GET /xingrg/all/function/internal_message.html?_=1639789137600&CODE_STATE=getMsg HTTP/1.1" 200 27
114.83.222.225 - - [18/Dec/2021:08:59:06 +0800] "GET /xingrg/kc/buy/cgsh_order_operate.html?command=get_materiel&rest_code=00149&code=00101008358&supplier_code=00100005&order_time=2021-12-18 HTTP/1.1" 200 412
120.253.135.82 - - [18/Dec/2021:08:59:06 +0800] "GET /xingrg/check_reg.html?_=1639788922502 HTTP/1.1" 200 22
124.77.245.186 - - [18/Dec/2021:08:59:06 +0800] "GET /xingrg/all/function/internal_message.html?_=1639789164692&CODE_STATE=getMsg HTTP/1.1" 302 -
222.70.176.97 - - [18/Dec/2021:08:59:07 +0800] "POST /xingrg/kc/buy/cgsh_order_operate.html HTTP/1.1" 200 2065
124.77.245.186 - - [18/Dec/2021:08:59:10 +0800] "GET /xingrg/all/function/internal_message.html?_=1639789165266&CODE_STATE=getMsg HTTP/1.1" 200 27
124.77.245.186 - - [18/Dec/2021:08:59:26 +0800] "POST /xingrg/kc/buy/cgsh_list_operate.html HTTP/1.1" 200 5608
222.70.176.97 - - [18/Dec/2021:08:59:29 +0800] "GET /xingrg/kc/buy/cgsh_order_operate.html?command=get_materiel&rest_code=00111&code=00101008098&supplier_code=00100005&order_time=2021-12-18 HTTP/1.1" 200 414
114.83.222.225 - - [18/Dec/2021:08:59:32 +0800] "GET /xingrg/all/function/internal_message.html?_=1639789167832&CODE_STATE=getMsg HTTP/1.1" 200 27
114.85.125.222 - - [18/Dec/2021:08:59:33 +0800] "GET /xingrg/all/function/internal_message.html?_=1639789121755&CODE_STATE=getMsg HTTP/1.1" 200 27
180.175.103.30 - - [18/Dec/2021:08:59:33 +0800] "GET /xingrg/all/function/internal_message.html?_=1639789169162&CODE_STATE=getMsg HTTP/1.1" 200 27
114.83.222.225 - - [18/Dec/2021:08:59:34 +0800] "POST /xingrg/kc/buy/cgsh_order_operate.html HTTP/1.1" 200 2065
180.169.147.146 - - [18/Dec/2021:08:59:36 +0800] "GET /xingrg/check_reg.html?_=1639789181637 HTTP/1.1" 200 22
180.169.147.146 - - [18/Dec/2021:08:59:36 +0800] "GET /xingrg/all/function/internal_message.html?_=1639789181635&CODE_STATE=getMsg HTTP/1.1" 200 27
124.77.245.186 - - [18/Dec/2021:08:59:38 +0800] "POST /xingrg/kc/buy/cgsh_list_operate.html HTTP/1.1" 200 572
124.77.245.186 - - [18/Dec/2021:08:59:40 +0800] "GET /xingrg/kc/buy/cgsh_order_info.html?code=212021121305202 HTTP/1.1" 200 60067
124.77.245.186 - - [18/Dec/2021:08:59:40 +0800] "GET /xingrg/javascript/easyui/themes/default/validatebox.css HTTP/1.1" 404 1104
120.253.135.82 - - [18/Dec/2021:08:59:40 +0800] "GET /xingrg/all/function/internal_message.html?_=1639788956272&CODE_STATE=getMsg HTTP/1.1" 200 27
124.77.245.186 - - [18/Dec/2021:08:59:40 +0800] "POST /xingrg/kc/buy/cgsh_order_operate.html HTTP/1.1" 200 43753
114.83.222.225 - - [18/Dec/2021:08:59:42 +0800] "GET /xingrg/kc/buy/cgsh_order_operate.html?command=get_materiel&rest_code=00149&code=00101008163&supplier_code=00100005&order_time=2021-12-18 HTTP/1.1" 200 409
124.77.245.186 - - [18/Dec/2021:08:59:46 +0800] "GET /xingrg/kc/print/load_data.html?order_code=212021121305202&kc_code=cgsh HTTP/1.1" 200 17041
222.70.176.97 - - [18/Dec/2021:08:59:49 +0800] "POST /xingrg/kc/buy/cgsh_order_operate.html HTTP/1.1" 200 2065
114.83.222.225 - - [18/Dec/2021:08:59:51 +0800] "GET /xingrg/kc/buy/cgsh_order_operate.html?command=get_materiel&rest_code=00149&code=00101008190&supplier_code=00100005&order_time=2021-12-18 HTTP/1.1" 200 412
222.70.176.97 - - [18/Dec/2021:08:59:54 +0800] "GET /xingrg/kc/buy/cgsh_order_operate.html?command=get_materiel&rest_code=00111&code=00101008114&supplier_code=00100005&order_time=2021-12-18 HTTP/1.1" 200 412
180.169.147.146 - - [18/Dec/2021:08:59:55 +0800] "GET /xingrg/all/function/internal_message.html?_=1639789191426&CODE_STATE=getMsg HTTP/1.1" 200 27
180.169.147.146 - - [18/Dec/2021:08:59:57 +0800] "GET /xingrg/all/function/internal_message.html?_=1639789203140&CODE_STATE=getMsg HTTP/1.1" 200 27
222.70.176.97 - - [18/Dec/2021:09:00:00 +0800] "GET /xingrg/all/function/internal_message.html?_=1639789196807&CODE_STATE=getMsg HTTP/1.1" 200 27
172.20.0.100 - - [18/Dec/2021:09:00:01 +0800] "GET /xingrg/all/function/internal_message.html?_=1639789197602&CODE_STATE=getMsg HTTP/1.1" 200 27
172.20.0.100 - - [18/Dec/2021:09:00:01 +0800] "GET /xingrg/check_reg.html?_=1639789197604 HTTP/1.1" 200 22
222.70.176.97 - - [18/Dec/2021:09:00:03 +0800] "GET /xingrg/kc/buy/cgsh_order_operate.html?command=get_materiel&rest_code=00111&code=00101008095&supplier_code=00100005&order_time=2021-12-18 HTTP/1.1" 200 412
124.77.245.186 - - [18/Dec/2021:09:00:07 +0800] "GET /xingrg/all/function/internal_message.html?_=1639789225014&CODE_STATE=getMsg HTTP/1.1" 302 -
124.77.245.186 - - [18/Dec/2021:09:00:10 +0800] "GET /xingrg/all/function/internal_message.html?_=1639789225279&CODE_STATE=getMsg HTTP/1.1" 200 27
222.70.176.97 - - [18/Dec/2021:09:00:12 +0800] "GET /xingrg/kc/buy/cgsh_order_operate.html?command=get_materiel&rest_code=00111&code=00101008110&supplier_code=00100005&order_time=2021-12-18 HTTP/1.1" 200 408
114.83.222.225 - - [18/Dec/2021:09:00:26 +0800] "GET /xingrg/kc/buy/cgsh_order_operate.html?command=get_materiel&rest_code=00149&code=00101008466&supplier_code=00100005&order_time=2021-12-18 HTTP/1.1" 200 400
114.83.222.225 - - [18/Dec/2021:09:00:32 +0800] "GET /xingrg/all/function/internal_message.html?_=1639789227836&CODE_STATE=getMsg HTTP/1.1" 200 27
114.85.125.222 - - [18/Dec/2021:09:00:33 +0800] "GET /xingrg/check_reg.html?_=1639789181477 HTTP/1.1" 200 22
114.85.125.222 - - [18/Dec/2021:09:00:33 +0800] "GET /xingrg/all/function/internal_message.html?_=1639789181771&CODE_STATE=getMsg HTTP/1.1" 200 27
180.175.103.30 - - [18/Dec/2021:09:00:33 +0800] "GET /xingrg/all/function/internal_message.html?_=1639789229163&CODE_STATE=getMsg HTTP/1.1" 200 27
180.175.103.30 - - [18/Dec/2021:09:00:33 +0800] "GET /xingrg/check_reg.html?_=1639789229167 HTTP/1.1" 200 22
180.169.147.146 - - [18/Dec/2021:09:00:36 +0800] "GET /xingrg/all/function/internal_message.html?_=1639789241644&CODE_STATE=getMsg HTTP/1.1" 200 27
120.253.135.82 - - [18/Dec/2021:09:00:40 +0800] "GET /xingrg/all/function/internal_message.html?_=1639789016286&CODE_STATE=getMsg HTTP/1.1" 200 27
180.169.147.146 - - [18/Dec/2021:09:00:55 +0800] "GET /xingrg/all/function/internal_message.html?_=1639789251417&CODE_STATE=getMsg HTTP/1.1" 200 27
180.169.147.146 - - [18/Dec/2021:09:00:57 +0800] "GET /xingrg/all/function/internal_message.html?_=1639789263139&CODE_STATE=getMsg HTTP/1.1" 200 27
222.70.176.97 - - [18/Dec/2021:09:01:00 +0800] "GET /xingrg/all/function/internal_message.html?_=1639789256949&CODE_STATE=getMsg HTTP/1.1" 200 27
172.20.0.100 - - [18/Dec/2021:09:01:01 +0800] "GET /xingrg/all/function/internal_message.html?_=1639789257607&CODE_STATE=getMsg HTTP/1.1" 200 27
124.77.245.186 - - [18/Dec/2021:09:01:07 +0800] "GET /xingrg/all/function/internal_message.html?_=1639789285016&CODE_STATE=getMsg HTTP/1.1" 302 -
124.77.245.186 - - [18/Dec/2021:09:01:08 +0800] "GET /xingrg/check_reg.html?_=1639789283166 HTTP/1.1" 200 22
124.77.245.186 - - [18/Dec/2021:09:01:10 +0800] "GET /xingrg/all/function/internal_message.html?_=1639789285293&CODE_STATE=getMsg HTTP/1.1" 200 27
222.70.176.97 - - [18/Dec/2021:09:01:21 +0800] "GET /xingrg/kc/buy/cgsh_order_operate.html?command=get_materiel&rest_code=00111&code=00101016081&supplier_code=00100005&order_time=2021-12-18 HTTP/1.1" 200 447
114.83.222.225 - - [18/Dec/2021:09:01:32 +0800] "GET /xingrg/all/function/internal_message.html?_=1639789287846&CODE_STATE=getMsg HTTP/1.1" 200 27
114.85.125.222 - - [18/Dec/2021:09:01:33 +0800] "GET /xingrg/all/function/internal_message.html?_=1639789241783&CODE_STATE=getMsg HTTP/1.1" 200 27
180.175.103.30 - - [18/Dec/2021:09:01:33 +0800] "GET /xingrg/all/function/internal_message.html?_=1639789289166&CODE_STATE=getMsg HTTP/1.1" 200 27
180.169.147.146 - - [18/Dec/2021:09:01:36 +0800] "GET /xingrg/all/function/internal_message.html?_=1639789301646&CODE_STATE=getMsg HTTP/1.1" 200 27
120.253.135.82 - - [18/Dec/2021:09:01:40 +0800] "GET /xingrg/all/function/internal_message.html?_=1639789076535&CODE_STATE=getMsg HTTP/1.1" 200 27
114.83.222.225 - - [18/Dec/2021:09:01:54 +0800] "GET /xingrg/kc/buy/cgsh_order_operate.html?command=get_materiel&rest_code=00149&code=00101008314&supplier_code=00100005&order_time=2021-12-18 HTTP/1.1" 200 413
180.169.147.146 - - [18/Dec/2021:09:01:55 +0800] "GET /xingrg/check_reg.html?_=1639789311415 HTTP/1.1" 200 22
180.169.147.146 - - [18/Dec/2021:09:01:56 +0800] "GET /xingrg/all/function/internal_message.html?_=1639789311414&CODE_STATE=getMsg HTTP/1.1" 200 27
180.169.147.146 - - [18/Dec/2021:09:01:57 +0800] "GET /xingrg/all/function/internal_message.html?_=1639789323140&CODE_STATE=getMsg HTTP/1.1" 200 27
222.70.176.97 - - [18/Dec/2021:09:02:00 +0800] "GET /xingrg/all/function/internal_message.html?_=1639789316925&CODE_STATE=getMsg HTTP/1.1" 200 27
172.20.0.100 - - [18/Dec/2021:09:02:01 +0800] "GET /xingrg/all/function/internal_message.html?_=1639789317593&CODE_STATE=getMsg HTTP/1.1" 200 27
124.77.245.186 - - [18/Dec/2021:09:02:05 +0800] "GET /xingrg/check_reg.html?_=1639789342693 HTTP/1.1" 302 -
114.83.222.225 - - [18/Dec/2021:09:02:06 +0800] "GET /xingrg/kc/buy/cgsh_order_operate.html?command=get_materiel&rest_code=00149&code=00101008370&supplier_code=00100005&order_time=2021-12-18 HTTP/1.1" 200 412
124.77.245.186 - - [18/Dec/2021:09:02:07 +0800] "GET /xingrg/all/function/internal_message.html?_=1639789345030&CODE_STATE=getMsg HTTP/1.1" 302 -
124.77.245.186 - - [18/Dec/2021:09:02:10 +0800] "GET /xingrg/all/function/internal_message.html?_=1639789345306&CODE_STATE=getMsg HTTP/1.1" 200 27
222.70.176.97 - - [18/Dec/2021:09:02:11 +0800] "POST /xingrg/kc/buy/cgsh_order_operate.html HTTP/1.1" 200 37
114.83.222.225 - - [18/Dec/2021:09:02:11 +0800] "POST /xingrg/kc/buy/cgsh_order_operate.html HTTP/1.1" 200 2065
222.70.176.97 - - [18/Dec/2021:09:02:19 +0800] "POST /xingrg/kc/buy/cgsh_order_operate.html HTTP/1.1" 200 48757
222.70.176.97 - - [18/Dec/2021:09:02:20 +0800] "GET /xingrg/kc/print/load_config.html?kc_code=cgsh HTTP/1.1" 200 1943
222.70.176.97 - - [18/Dec/2021:09:02:21 +0800] "GET /xingrg/kc/print/load_data.html?order_code=212021121807257&kc_code=cgsh&condition= HTTP/1.1" 200 18107
114.83.222.225 - - [18/Dec/2021:09:02:32 +0800] "GET /xingrg/all/function/internal_message.html?_=1639789347842&CODE_STATE=getMsg HTTP/1.1" 200 27
114.85.125.222 - - [18/Dec/2021:09:02:33 +0800] "GET /xingrg/all/function/internal_message.html?_=1639789301796&CODE_STATE=getMsg HTTP/1.1" 200 27
180.175.103.30 - - [18/Dec/2021:09:02:33 +0800] "GET /xingrg/all/function/internal_message.html?_=1639789349167&CODE_STATE=getMsg HTTP/1.1" 200 27
180.169.147.146 - - [18/Dec/2021:09:02:36 +0800] "GET /xingrg/all/function/internal_message.html?_=1639789361644&CODE_STATE=getMsg HTTP/1.1" 200 27
114.83.222.225 - - [18/Dec/2021:09:02:38 +0800] "GET /xingrg/kc/buy/cgsh_order_operate.html?command=get_materiel&rest_code=00149&code=00101008148&supplier_code=00100005&order_time=2021-12-18 HTTP/1.1" 200 416
114.83.222.225 - - [18/Dec/2021:09:02:47 +0800] "GET /xingrg/kc/buy/cgsh_order_operate.html?command=get_materiel&rest_code=00149&code=00101008264&supplier_code=00100005&order_time=2021-12-18 HTTP/1.1" 200 412
180.169.147.146 - - [18/Dec/2021:09:02:55 +0800] "GET /xingrg/all/function/internal_message.html?_=1639789371424&CODE_STATE=getMsg HTTP/1.1" 200 27
114.83.222.225 - - [18/Dec/2021:09:02:55 +0800] "GET /xingrg/kc/buy/cgsh_order_operate.html?command=get_materiel&rest_code=00149&code=00101008024&supplier_code=00100005&order_time=2021-12-18 HTTP/1.1" 200 408
180.169.147.146 - - [18/Dec/2021:09:02:57 +0800] "GET /xingrg/all/function/internal_message.html?_=1639789383140&CODE_STATE=getMsg HTTP/1.1" 200 27
222.70.176.97 - - [18/Dec/2021:09:03:00 +0800] "GET /xingrg/all/function/internal_message.html?_=1639789376915&CODE_STATE=getMsg HTTP/1.1" 200 27
172.20.0.100 - - [18/Dec/2021:09:03:01 +0800] "GET /xingrg/all/function/internal_message.html?_=1639789377595&CODE_STATE=getMsg HTTP/1.1" 200 27
116.227.210.113 - - [18/Dec/2021:09:03:07 +0800] "POST /xingrg/services/DataTransmitService HTTP/1.1" 200 524
124.77.245.186 - - [18/Dec/2021:09:03:07 +0800] "GET /xingrg/all/function/internal_message.html?_=1639789405309&CODE_STATE=getMsg HTTP/1.1" 302 -
114.83.222.225 - - [18/Dec/2021:09:03:10 +0800] "GET /xingrg/kc/buy/cgsh_order_operate.html?command=get_materiel&rest_code=00149&code=00101008356&supplier_code=00100005&order_time=2021-12-18 HTTP/1.1" 200 408
124.77.245.186 - - [18/Dec/2021:09:03:10 +0800] "GET /xingrg/all/function/internal_message.html?_=1639789405343&CODE_STATE=getMsg HTTP/1.1" 200 27
114.83.222.225 - - [18/Dec/2021:09:03:12 +0800] "POST /xingrg/kc/buy/cgsh_order_operate.html HTTP/1.1" 200 2065
222.70.176.97 - - [18/Dec/2021:09:03:18 +0800] "GET /xingrg/kc/buy/cgsh_order_add.html HTTP/1.1" 200 65114
222.70.176.97 - - [18/Dec/2021:09:03:19 +0800] "POST /xingrg/kc/buy/cgsh_order_operate.html HTTP/1.1" 200 8245
222.70.176.97 - - [18/Dec/2021:09:03:19 +0800] "GET /xingrg/javascript/easyui/themes/default/validatebox.css HTTP/1.1" 404 1104
61.170.234.223 - - [18/Dec/2021:09:03:26 +0800] "POST /xingrg/services/DataTransmitService HTTP/1.1" 200 524
114.83.222.225 - - [18/Dec/2021:09:03:30 +0800] "GET /xingrg/kc/buy/cgsh_order_operate.html?command=get_materiel&rest_code=00149&code=00101008300&supplier_code=00100005&order_time=2021-12-18 HTTP/1.1" 200 412
114.83.222.225 - - [18/Dec/2021:09:03:32 +0800] "GET /xingrg/all/function/internal_message.html?_=1639789407846&CODE_STATE=getMsg HTTP/1.1" 200 27
114.83.222.225 - - [18/Dec/2021:09:03:32 +0800] "GET /xingrg/check_reg.html?_=1639789407848 HTTP/1.1" 200 22
114.85.125.222 - - [18/Dec/2021:09:03:33 +0800] "GET /xingrg/all/function/internal_message.html?_=1639789361847&CODE_STATE=getMsg HTTP/1.1" 200 27
180.175.103.30 - - [18/Dec/2021:09:03:33 +0800] "GET /xingrg/all/function/internal_message.html?_=1639789409167&CODE_STATE=getMsg HTTP/1.1" 200 27
180.169.147.146 - - [18/Dec/2021:09:03:36 +0800] "GET /xingrg/all/function/internal_message.html?_=1639789421644&CODE_STATE=getMsg HTTP/1.1" 200 27
222.70.176.97 - - [18/Dec/2021:09:03:39 +0800] "GET /xingrg/kc/buy/cgsh_order_operate.html?command=get_materiel&rest_code=00111&code=00101007085&supplier_code=00100004&order_time=2021-12-18 HTTP/1.1" 200 413
124.77.245.186 - - [18/Dec/2021:09:03:40 +0800] "POST /xingrg/services/DataTransmitService HTTP/1.1" 200 524
222.70.176.97 - - [18/Dec/2021:09:03:50 +0800] "GET /xingrg/kc/buy/cgsh_order_operate.html?command=get_materiel&rest_code=00111&code=00101007059&supplier_code=00100004&order_time=2021-12-18 HTTP/1.1" 200 409
114.83.222.225 - - [18/Dec/2021:09:03:53 +0800] "GET /xingrg/kc/buy/cgsh_order_operate.html?command=get_materiel&rest_code=00149&code=00101008205&supplier_code=00100005&order_time=2021-12-18 HTTP/1.1" 200 412
180.169.147.146 - - [18/Dec/2021:09:03:55 +0800] "GET /xingrg/all/function/internal_message.html?_=1639789431418&CODE_STATE=getMsg HTTP/1.1" 200 27
180.169.147.146 - - [18/Dec/2021:09:03:57 +0800] "GET /xingrg/check_reg.html?_=1639789443142 HTTP/1.1" 200 22
180.169.147.146 - - [18/Dec/2021:09:03:57 +0800] "GET /xingrg/all/function/internal_message.html?_=1639789443139&CODE_STATE=getMsg HTTP/1.1" 200 27
222.70.176.97 - - [18/Dec/2021:09:04:00 +0800] "GET /xingrg/check_reg.html?_=1639789436819 HTTP/1.1" 200 22
222.70.176.97 - - [18/Dec/2021:09:04:00 +0800] "GET /xingrg/all/function/internal_message.html?_=1639789436886&CODE_STATE=getMsg HTTP/1.1" 200 27
172.20.0.100 - - [18/Dec/2021:09:04:01 +0800] "GET /xingrg/all/function/internal_message.html?_=1639789437597&CODE_STATE=getMsg HTTP/1.1" 200 27
114.83.222.225 - - [18/Dec/2021:09:04:07 +0800] "GET /xingrg/kc/buy/cgsh_order_operate.html?command=get_materiel&rest_code=00149&code=00101008251&supplier_code=00100005&order_time=2021-12-18 HTTP/1.1" 200 408
124.77.245.186 - - [18/Dec/2021:09:04:07 +0800] "GET /xingrg/all/function/internal_message.html?_=1639789465322&CODE_STATE=getMsg HTTP/1.1" 302 -
124.77.245.186 - - [18/Dec/2021:09:04:10 +0800] "GET /xingrg/all/function/internal_message.html?_=1639789465365&CODE_STATE=getMsg HTTP/1.1" 200 27
222.70.176.97 - - [18/Dec/2021:09:04:11 +0800] "GET /xingrg/kc/buy/cgsh_order_operate.html?command=get_materiel&rest_code=00111&code=00101007105&supplier_code=00100004&order_time=2021-12-18 HTTP/1.1" 200 413
114.83.222.225 - - [18/Dec/2021:09:04:22 +0800] "GET /xingrg/kc/buy/cgsh_order_operate.html?command=get_materiel&rest_code=00149&code=00101008118&supplier_code=00100005&order_time=2021-12-18 HTTP/1.1" 200 418
222.70.176.97 - - [18/Dec/2021:09:04:28 +0800] "GET /xingrg/kc/buy/cgsh_order_operate.html?command=get_materiel&rest_code=00111&code=00101007184&supplier_code=00100004&order_time=2021-12-18 HTTP/1.1" 200 394
114.83.222.225 - - [18/Dec/2021:09:04:28 +0800] "POST /xingrg/kc/buy/cgsh_order_operate.html HTTP/1.1" 200 2065
114.83.222.225 - - [18/Dec/2021:09:04:32 +0800] "GET /xingrg/all/function/internal_message.html?_=1639789467849&CODE_STATE=getMsg HTTP/1.1" 200 27
114.85.125.222 - - [18/Dec/2021:09:04:33 +0800] "GET /xingrg/all/function/internal_message.html?_=1639789421855&CODE_STATE=getMsg HTTP/1.1" 200 27
114.83.222.225 - - [18/Dec/2021:09:04:33 +0800] "GET /xingrg/kc/buy/cgsh_order_operate.html?command=get_materiel&rest_code=00149&code=00101008272&supplier_code=00100005&order_time=2021-12-18 HTTP/1.1" 200 412
180.175.103.30 - - [18/Dec/2021:09:04:33 +0800] "GET /xingrg/all/function/internal_message.html?_=1639789469168&CODE_STATE=getMsg HTTP/1.1" 200 27
180.169.147.146 - - [18/Dec/2021:09:04:36 +0800] "GET /xingrg/all/function/internal_message.html?_=1639789481665&CODE_STATE=getMsg HTTP/1.1" 200 27
180.169.147.146 - - [18/Dec/2021:09:04:36 +0800] "GET /xingrg/check_reg.html?_=1639789481666 HTTP/1.1" 200 22
222.70.176.97 - - [18/Dec/2021:09:04:40 +0800] "GET /xingrg/kc/buy/cgsh_order_operate.html?command=get_materiel&rest_code=00111&code=00101007077&supplier_code=00100004&order_time=2021-12-18 HTTP/1.1" 200 415
114.83.222.225 - - [18/Dec/2021:09:04:44 +0800] "GET /xingrg/kc/buy/cgsh_order_operate.html?command=get_materiel&rest_code=00149&code=00101008360&supplier_code=00100005&order_time=2021-12-18 HTTP/1.1" 200 413
114.83.222.225 - - [18/Dec/2021:09:04:53 +0800] "GET /xingrg/kc/buy/cgsh_order_operate.html?command=get_materiel&rest_code=00149&code=00101008077&supplier_code=00100005&order_time=2021-12-18 HTTP/1.1" 200 416
180.169.147.146 - - [18/Dec/2021:09:04:55 +0800] "GET /xingrg/all/function/internal_message.html?_=1639789491415&CODE_STATE=getMsg HTTP/1.1" 200 27
180.169.147.146 - - [18/Dec/2021:09:04:57 +0800] "GET /xingrg/all/function/internal_message.html?_=1639789503141&CODE_STATE=getMsg HTTP/1.1" 200 27
222.70.176.97 - - [18/Dec/2021:09:05:00 +0800] "GET /xingrg/all/function/internal_message.html?_=1639789496862&CODE_STATE=getMsg HTTP/1.1" 200 27
172.20.0.100 - - [18/Dec/2021:09:05:01 +0800] "GET /xingrg/all/function/internal_message.html?_=1639789497598&CODE_STATE=getMsg HTTP/1.1" 200 27
172.20.0.100 - - [18/Dec/2021:09:05:01 +0800] "GET /xingrg/check_reg.html?_=1639789497600 HTTP/1.1" 200 22
114.83.222.225 - - [18/Dec/2021:09:05:02 +0800] "GET /xingrg/kc/buy/cgsh_order_operate.html?command=get_materiel&rest_code=00149&code=00101008223&supplier_code=00100005&order_time=2021-12-18 HTTP/1.1" 200 412
124.77.245.186 - - [18/Dec/2021:09:05:07 +0800] "GET /xingrg/all/function/internal_message.html?_=1639789525608&CODE_STATE=getMsg HTTP/1.1" 302 -
124.77.245.186 - - [18/Dec/2021:09:05:10 +0800] "GET /xingrg/all/function/internal_message.html?_=1639789525383&CODE_STATE=getMsg HTTP/1.1" 200 27
114.83.222.225 - - [18/Dec/2021:09:05:15 +0800] "GET /xingrg/kc/buy/cgsh_order_operate.html?command=get_materiel&rest_code=00149&code=00101008079&supplier_code=00100005&order_time=2021-12-18 HTTP/1.1" 200 416
124.77.245.186 - - [18/Dec/2021:09:05:19 +0800] "POST /xingrg/services/DataTransmitService HTTP/1.1" 200 524
124.77.245.186 - - [18/Dec/2021:09:05:20 +0800] "POST /xingrg/services/DataTransmitService HTTP/1.1" 200 2171
124.77.245.186 - - [18/Dec/2021:09:05:22 +0800] "POST /xingrg/services/DataTransmitService HTTP/1.1" 200 524
124.77.245.186 - - [18/Dec/2021:09:05:22 +0800] "POST /xingrg/services/DataTransmitService HTTP/1.1" 200 2171
114.83.222.225 - - [18/Dec/2021:09:05:22 +0800] "POST /xingrg/kc/buy/cgsh_order_operate.html HTTP/1.1" 200 2065
124.77.245.186 - - [18/Dec/2021:09:05:25 +0800] "POST /xingrg/services/DataTransmitService HTTP/1.1" 200 524
124.77.245.186 - - [18/Dec/2021:09:05:26 +0800] "POST /xingrg/services/DataTransmitService HTTP/1.1" 200 2171
124.77.245.186 - - [18/Dec/2021:09:05:27 +0800] "POST /xingrg/services/DataTransmitService HTTP/1.1" 200 524
124.77.245.186 - - [18/Dec/2021:09:05:27 +0800] "POST /xingrg/services/DataTransmitService HTTP/1.1" 200 2171
124.77.245.186 - - [18/Dec/2021:09:05:29 +0800] "POST /xingrg/services/DataTransmitService HTTP/1.1" 200 524
124.77.245.186 - - [18/Dec/2021:09:05:29 +0800] "POST /xingrg/services/DataTransmitService HTTP/1.1" 200 2171
114.83.222.225 - - [18/Dec/2021:09:05:32 +0800] "GET /xingrg/all/function/internal_message.html?_=1639789527851&CODE_STATE=getMsg HTTP/1.1" 200 27
114.85.125.222 - - [18/Dec/2021:09:05:33 +0800] "GET /xingrg/check_reg.html?_=1639789481526 HTTP/1.1" 200 22
114.85.125.222 - - [18/Dec/2021:09:05:33 +0800] "GET /xingrg/all/function/internal_message.html?_=1639789481868&CODE_STATE=getMsg HTTP/1.1" 200 27
114.83.222.225 - - [18/Dec/2021:09:05:33 +0800] "GET /xingrg/kc/buy/cgsh_order_operate.html?command=get_materiel&rest_code=00149&code=00101020052&supplier_code=00100005&order_time=2021-12-18 HTTP/1.1" 200 418
180.175.103.30 - - [18/Dec/2021:09:05:33 +0800] "GET /xingrg/check_reg.html?_=1639789529168 HTTP/1.1" 200 22
180.175.103.30 - - [18/Dec/2021:09:05:33 +0800] "GET /xingrg/all/function/internal_message.html?_=1639789529171&CODE_STATE=getMsg HTTP/1.1" 200 27
180.169.147.146 - - [18/Dec/2021:09:05:36 +0800] "GET /xingrg/all/function/internal_message.html?_=1639789541665&CODE_STATE=getMsg HTTP/1.1" 200 27
124.77.245.186 - - [18/Dec/2021:09:05:38 +0800] "POST /xingrg/services/DataTransmitService HTTP/1.1" 200 524
124.77.245.186 - - [18/Dec/2021:09:05:40 +0800] "POST /xingrg/services/DataTransmitService HTTP/1.1" 200 501
124.77.245.186 - - [18/Dec/2021:09:05:41 +0800] "POST /xingrg/services/DataTransmitService HTTP/1.1" 200 524
124.77.245.186 - - [18/Dec/2021:09:05:43 +0800] "POST /xingrg/services/DataTransmitService HTTP/1.1" 200 412
124.77.245.186 - - [18/Dec/2021:09:05:44 +0800] "POST /xingrg/services/DataTransmitService HTTP/1.1" 200 524
124.77.245.186 - - [18/Dec/2021:09:05:45 +0800] "POST /xingrg/services/DataTransmitService HTTP/1.1" 200 2171
124.77.245.186 - - [18/Dec/2021:09:05:46 +0800] "POST /xingrg/services/DataTransmitService HTTP/1.1" 200 524
124.77.245.186 - - [18/Dec/2021:09:05:46 +0800] "POST /xingrg/services/DataTransmitService HTTP/1.1" 200 2171
124.77.245.186 - - [18/Dec/2021:09:05:46 +0800] "POST /xingrg/services/DataTransmitService HTTP/1.1" 200 524
124.77.245.186 - - [18/Dec/2021:09:05:47 +0800] "POST /xingrg/services/DataTransmitService HTTP/1.1" 200 2171
124.77.245.186 - - [18/Dec/2021:09:05:49 +0800] "POST /xingrg/services/DataTransmitService HTTP/1.1" 200 524
124.77.245.186 - - [18/Dec/2021:09:05:50 +0800] "POST /xingrg/services/DataTransmitService HTTP/1.1" 200 2171
180.169.147.146 - - [18/Dec/2021:09:05:55 +0800] "GET /xingrg/all/function/internal_message.html?_=1639789551426&CODE_STATE=getMsg HTTP/1.1" 200 27
180.169.147.146 - - [18/Dec/2021:09:05:57 +0800] "GET /xingrg/all/function/internal_message.html?_=1639789563156&CODE_STATE=getMsg HTTP/1.1" 200 27
114.83.222.225 - - [18/Dec/2021:09:05:58 +0800] "GET /xingrg/kc/buy/cgsh_order_operate.html?command=get_materiel&rest_code=00149&code=00101008312&supplier_code=00100005&order_time=2021-12-18 HTTP/1.1" 200 412
222.70.176.97 - - [18/Dec/2021:09:06:00 +0800] "GET /xingrg/all/function/internal_message.html?_=1639789556835&CODE_STATE=getMsg HTTP/1.1" 200 27
172.20.0.100 - - [18/Dec/2021:09:06:01 +0800] "GET /xingrg/all/function/internal_message.html?_=1639789557602&CODE_STATE=getMsg HTTP/1.1" 200 27
124.77.245.186 - - [18/Dec/2021:09:06:07 +0800] "GET /xingrg/all/function/internal_message.html?_=1639789585614&CODE_STATE=getMsg HTTP/1.1" 302 -
124.77.245.186 - - [18/Dec/2021:09:06:08 +0800] "GET /xingrg/check_reg.html?_=1639789583161 HTTP/1.1" 200 22
124.77.245.186 - - [18/Dec/2021:09:06:10 +0800] "GET /xingrg/all/function/internal_message.html?_=1639789585396&CODE_STATE=getMsg HTTP/1.1" 200 27
124.77.245.186 - - [18/Dec/2021:09:06:11 +0800] "POST /xingrg/services/DataTransmitService HTTP/1.1" 200 524
124.77.245.186 - - [18/Dec/2021:09:06:12 +0800] "POST /xingrg/services/DataTransmitService HTTP/1.1" 200 501
124.77.245.186 - - [18/Dec/2021:09:06:13 +0800] "POST /xingrg/services/DataTransmitService HTTP/1.1" 200 524
124.77.245.186 - - [18/Dec/2021:09:06:15 +0800] "POST /xingrg/services/DataTransmitService HTTP/1.1" 200 412
124.77.245.186 - - [18/Dec/2021:09:06:17 +0800] "POST /xingrg/services/DataTransmitService HTTP/1.1" 200 524
114.83.222.225 - - [18/Dec/2021:09:06:18 +0800] "GET /xingrg/kc/buy/cgsh_order_operate.html?command=get_materiel&rest_code=00149&code=00101008357&supplier_code=00100005&order_time=2021-12-18 HTTP/1.1" 200 408
124.77.245.186 - - [18/Dec/2021:09:06:18 +0800] "POST /xingrg/services/DataTransmitService HTTP/1.1" 200 412
124.77.245.186 - - [18/Dec/2021:09:06:19 +0800] "POST /xingrg/services/DataTransmitService HTTP/1.1" 200 524
124.77.245.186 - - [18/Dec/2021:09:06:21 +0800] "POST /xingrg/services/DataTransmitService HTTP/1.1" 200 412
124.77.245.186 - - [18/Dec/2021:09:06:22 +0800] "POST /xingrg/services/DataTransmitService HTTP/1.1" 200 524
124.77.245.186 - - [18/Dec/2021:09:06:22 +0800] "POST /xingrg/services/DataTransmitService HTTP/1.1" 200 2171
124.77.245.186 - - [18/Dec/2021:09:06:23 +0800] "POST /xingrg/services/DataTransmitService HTTP/1.1" 200 524
124.77.245.186 - - [18/Dec/2021:09:06:23 +0800] "POST /xingrg/services/DataTransmitService HTTP/1.1" 200 2171
124.77.245.186 - - [18/Dec/2021:09:06:25 +0800] "POST /xingrg/services/DataTransmitService HTTP/1.1" 200 524
124.77.245.186 - - [18/Dec/2021:09:06:26 +0800] "POST /xingrg/services/DataTransmitService HTTP/1.1" 200 2171
124.77.245.186 - - [18/Dec/2021:09:06:26 +0800] "POST /xingrg/services/DataTransmitService HTTP/1.1" 200 524
124.77.245.186 - - [18/Dec/2021:09:06:27 +0800] "POST /xingrg/services/DataTransmitService HTTP/1.1" 200 2171
124.77.245.186 - - [18/Dec/2021:09:06:27 +0800] "POST /xingrg/services/DataTransmitService HTTP/1.1" 200 524
124.77.245.186 - - [18/Dec/2021:09:06:28 +0800] "POST /xingrg/services/DataTransmitService HTTP/1.1" 200 412
124.77.245.186 - - [18/Dec/2021:09:06:29 +0800] "POST /xingrg/services/DataTransmitService HTTP/1.1" 200 524
124.77.245.186 - - [18/Dec/2021:09:06:30 +0800] "POST /xingrg/services/DataTransmitService HTTP/1.1" 200 524
124.77.245.186 - - [18/Dec/2021:09:06:31 +0800] "POST /xingrg/services/DataTransmitService HTTP/1.1" 200 2171
124.77.245.186 - - [18/Dec/2021:09:06:31 +0800] "POST /xingrg/services/DataTransmitService HTTP/1.1" 200 412
114.83.222.225 - - [18/Dec/2021:09:06:32 +0800] "GET /xingrg/all/function/internal_message.html?_=1639789587926&CODE_STATE=getMsg HTTP/1.1" 200 27
114.85.125.222 - - [18/Dec/2021:09:06:33 +0800] "GET /xingrg/all/function/internal_message.html?_=1639789541882&CODE_STATE=getMsg HTTP/1.1" 200 27
180.175.103.30 - - [18/Dec/2021:09:06:33 +0800] "GET /xingrg/all/function/internal_message.html?_=1639789589170&CODE_STATE=getMsg HTTP/1.1" 200 27
180.169.147.146 - - [18/Dec/2021:09:06:36 +0800] "GET /xingrg/all/function/internal_message.html?_=1639789601669&CODE_STATE=getMsg HTTP/1.1" 200 27
124.77.245.186 - - [18/Dec/2021:09:06:42 +0800] "POST /xingrg/services/DataTransmitService HTTP/1.1" 200 524
114.83.222.225 - - [18/Dec/2021:09:06:49 +0800] "GET /xingrg/kc/buy/cgsh_order_operate.html?command=get_materiel&rest_code=00149&code=00101008069&supplier_code=00100005&order_time=2021-12-18 HTTP/1.1" 200 412
114.83.222.225 - - [18/Dec/2021:09:06:54 +0800] "POST /xingrg/kc/buy/cgsh_order_operate.html HTTP/1.1" 200 2065
180.169.147.146 - - [18/Dec/2021:09:06:55 +0800] "GET /xingrg/check_reg.html?_=1639789611421 HTTP/1.1" 200 22
180.169.147.146 - - [18/Dec/2021:09:06:55 +0800] "GET /xingrg/all/function/internal_message.html?_=1639789611423&CODE_STATE=getMsg HTTP/1.1" 200 27
180.169.147.146 - - [18/Dec/2021:09:06:57 +0800] "GET /xingrg/all/function/internal_message.html?_=1639789623153&CODE_STATE=getMsg HTTP/1.1" 200 27
114.83.222.225 - - [18/Dec/2021:09:07:00 +0800] "GET /xingrg/kc/buy/cgsh_order_operate.html?command=get_materiel&rest_code=00149&code=00101008286&supplier_code=00100005&order_time=2021-12-18 HTTP/1.1" 200 408
222.70.176.97 - - [18/Dec/2021:09:07:00 +0800] "GET /xingrg/all/function/internal_message.html?_=1639789616817&CODE_STATE=getMsg HTTP/1.1" 200 27
172.20.0.100 - - [18/Dec/2021:09:07:01 +0800] "GET /xingrg/all/function/internal_message.html?_=1639789617607&CODE_STATE=getMsg HTTP/1.1" 200 27
124.77.245.186 - - [18/Dec/2021:09:07:05 +0800] "GET /xingrg/check_reg.html?_=1639789643247 HTTP/1.1" 302 -
124.77.245.186 - - [18/Dec/2021:09:07:07 +0800] "GET /xingrg/all/function/internal_message.html?_=1639789645628&CODE_STATE=getMsg HTTP/1.1" 302 -
124.77.245.186 - - [18/Dec/2021:09:07:10 +0800] "GET /xingrg/all/function/internal_message.html?_=1639789645405&CODE_STATE=getMsg HTTP/1.1" 200 27
114.83.222.225 - - [18/Dec/2021:09:07:14 +0800] "GET /xingrg/kc/buy/cgsh_order_operate.html?command=get_materiel&rest_code=00149&code=00101008036&supplier_code=00100005&order_time=2021-12-18 HTTP/1.1" 200 408
114.83.222.225 - - [18/Dec/2021:09:07:31 +0800] "GET /xingrg/kc/buy/cgsh_order_operate.html?command=get_materiel&rest_code=00149&code=00101008131&supplier_code=00100005&order_time=2021-12-18 HTTP/1.1" 200 408
114.83.222.225 - - [18/Dec/2021:09:07:33 +0800] "GET /xingrg/all/function/internal_message.html?_=1639789647959&CODE_STATE=getMsg HTTP/1.1" 200 27
114.85.125.222 - - [18/Dec/2021:09:07:33 +0800] "GET /xingrg/all/function/internal_message.html?_=1639789601896&CODE_STATE=getMsg HTTP/1.1" 200 27
180.175.103.30 - - [18/Dec/2021:09:07:33 +0800] "GET /xingrg/all/function/internal_message.html?_=1639789649171&CODE_STATE=getMsg HTTP/1.1" 200 27
180.169.147.146 - - [18/Dec/2021:09:07:36 +0800] "GET /xingrg/all/function/internal_message.html?_=1639789661668&CODE_STATE=getMsg HTTP/1.1" 200 27
114.83.222.225 - - [18/Dec/2021:09:07:40 +0800] "GET /xingrg/kc/buy/cgsh_order_operate.html?command=get_materiel&rest_code=00149&code=00101008296&supplier_code=00100005&order_time=2021-12-18 HTTP/1.1" 200 416
114.83.222.225 - - [18/Dec/2021:09:07:45 +0800] "POST /xingrg/kc/buy/cgsh_order_operate.html HTTP/1.1" 200 2065
114.83.222.225 - - [18/Dec/2021:09:07:52 +0800] "POST /xingrg/kc/buy/cgsh_order_operate.html HTTP/1.1" 200 37
180.169.147.146 - - [18/Dec/2021:09:07:55 +0800] "GET /xingrg/all/function/internal_message.html?_=1639789671423&CODE_STATE=getMsg HTTP/1.1" 200 27
114.83.222.225 - - [18/Dec/2021:09:07:56 +0800] "POST /xingrg/kc/buy/cgsh_order_operate.html HTTP/1.1" 200 35217
180.169.147.146 - - [18/Dec/2021:09:07:57 +0800] "GET /xingrg/all/function/internal_message.html?_=1639789683169&CODE_STATE=getMsg HTTP/1.1" 200 27
222.70.176.97 - - [18/Dec/2021:09:08:00 +0800] "GET /xingrg/all/function/internal_message.html?_=1639789676824&CODE_STATE=getMsg HTTP/1.1" 200 27
172.20.0.100 - - [18/Dec/2021:09:08:01 +0800] "GET /xingrg/all/function/internal_message.html?_=1639789677594&CODE_STATE=getMsg HTTP/1.1" 200 27
124.77.245.186 - - [18/Dec/2021:09:08:04 +0800] "POST /xingrg/services/DataTransmitService HTTP/1.1" 200 501
124.77.245.186 - - [18/Dec/2021:09:08:05 +0800] "POST /xingrg/services/DataTransmitService HTTP/1.1" 200 501
124.77.245.186 - - [18/Dec/2021:09:08:07 +0800] "POST /xingrg/services/DataTransmitService HTTP/1.1" 200 501
124.77.245.186 - - [18/Dec/2021:09:08:08 +0800] "GET /xingrg/all/function/internal_message.html?_=1639789705910&CODE_STATE=getMsg HTTP/1.1" 302 -
124.77.245.186 - - [18/Dec/2021:09:08:09 +0800] "POST /xingrg/services/DataTransmitService HTTP/1.1" 200 501
124.77.245.186 - - [18/Dec/2021:09:08:10 +0800] "POST /xingrg/services/DataTransmitService HTTP/1.1" 200 501
124.77.245.186 - - [18/Dec/2021:09:08:10 +0800] "POST /xingrg/services/DataTransmitService HTTP/1.1" 200 501
124.77.245.186 - - [18/Dec/2021:09:08:10 +0800] "GET /xingrg/all/function/internal_message.html?_=1639789705419&CODE_STATE=getMsg HTTP/1.1" 200 27
124.77.245.186 - - [18/Dec/2021:09:08:10 +0800] "POST /xingrg/services/DataTransmitService HTTP/1.1" 200 501
124.77.245.186 - - [18/Dec/2021:09:08:11 +0800] "POST /xingrg/services/DataTransmitService HTTP/1.1" 200 501
124.77.245.186 - - [18/Dec/2021:09:08:11 +0800] "POST /xingrg/services/DataTransmitService HTTP/1.1" 200 501
124.77.245.186 - - [18/Dec/2021:09:08:13 +0800] "POST /xingrg/services/DataTransmitService HTTP/1.1" 200 412
116.238.208.177 - - [18/Dec/2021:09:08:22 +0800] "GET /favicon.ico HTTP/1.1" 404 -
116.238.208.177 - - [18/Dec/2021:09:08:22 +0800] "GET /favicon.ico HTTP/1.1" 404 -
116.238.208.177 - - [18/Dec/2021:09:08:23 +0800] "GET /favicon.ico HTTP/1.1" 404 -
116.238.208.177 - - [18/Dec/2021:09:08:23 +0800] "GET /favicon.ico HTTP/1.1" 404 -
116.238.208.177 - - [18/Dec/2021:09:08:24 +0800] "GET /favicon.ico HTTP/1.1" 404 -
116.238.208.177 - - [18/Dec/2021:09:08:25 +0800] "GET /favicon.ico HTTP/1.1" 404 -
116.238.208.177 - - [18/Dec/2021:09:08:25 +0800] "GET /favicon.ico HTTP/1.1" 404 -
222.70.176.97 - - [18/Dec/2021:09:08:26 +0800] "POST /xingrg/kc/buy/cgsh_order_operate.html HTTP/1.1" 200 37
116.238.208.177 - - [18/Dec/2021:09:08:26 +0800] "GET /xingrg/login.html HTTP/1.1" 200 7641
116.238.208.177 - - [18/Dec/2021:09:08:27 +0800] "GET /xingrg/images/blue/jxLogo.png HTTP/1.1" 200 6156
116.238.208.177 - - [18/Dec/2021:09:08:27 +0800] "GET /xingrg/images/blue/hj.png HTTP/1.1" 200 1014
116.238.208.177 - - [18/Dec/2021:09:08:27 +0800] "GET /xingrg/images/blue/login_bg.png HTTP/1.1" 200 22101
116.238.208.177 - - [18/Dec/2021:09:08:27 +0800] "GET /xingrg/images/blue/srbg.png HTTP/1.1" 200 138
116.238.208.177 - - [18/Dec/2021:09:08:28 +0800] "GET /favicon.ico HTTP/1.1" 404 -
222.70.176.97 - - [18/Dec/2021:09:08:28 +0800] "POST /xingrg/kc/buy/cgsh_order_operate.html HTTP/1.1" 200 4434
222.70.176.97 - - [18/Dec/2021:09:08:30 +0800] "GET /xingrg/kc/print/load_data.html?order_code=212021121807258&kc_code=cgsh&condition= HTTP/1.1" 200 1407
114.83.222.225 - - [18/Dec/2021:09:08:32 +0800] "GET /xingrg/check_reg.html?_=1639789707867 HTTP/1.1" 200 22
114.83.222.225 - - [18/Dec/2021:09:08:32 +0800] "GET /xingrg/all/function/internal_message.html?_=1639789707935&CODE_STATE=getMsg HTTP/1.1" 200 27
114.85.125.222 - - [18/Dec/2021:09:08:33 +0800] "GET /xingrg/all/function/internal_message.html?_=1639789661948&CODE_STATE=getMsg HTTP/1.1" 200 27
180.175.103.30 - - [18/Dec/2021:09:08:33 +0800] "GET /xingrg/all/function/internal_message.html?_=1639789709197&CODE_STATE=getMsg HTTP/1.1" 200 27
222.70.176.97 - - [18/Dec/2021:09:08:34 +0800] "GET /xingrg/kc/buy/cgsh_order_add.html HTTP/1.1" 200 65114
222.70.176.97 - - [18/Dec/2021:09:08:34 +0800] "POST /xingrg/kc/buy/cgsh_order_operate.html HTTP/1.1" 200 8245
222.70.176.97 - - [18/Dec/2021:09:08:34 +0800] "GET /xingrg/javascript/easyui/themes/default/validatebox.css HTTP/1.1" 404 1104
180.169.147.146 - - [18/Dec/2021:09:08:36 +0800] "GET /xingrg/all/function/internal_message.html?_=1639789721667&CODE_STATE=getMsg HTTP/1.1" 200 27
222.70.176.97 - - [18/Dec/2021:09:08:47 +0800] "GET /xingrg/kc/buy/cgsh_order_operate.html?command=get_materiel&rest_code=00111&code=00101006193&supplier_code=00100012&order_time=2021-12-18 HTTP/1.1" 200 409
180.169.147.146 - - [18/Dec/2021:09:08:55 +0800] "GET /xingrg/all/function/internal_message.html?_=1639789731414&CODE_STATE=getMsg HTTP/1.1" 200 27
180.169.147.146 - - [18/Dec/2021:09:08:57 +0800] "GET /xingrg/check_reg.html?_=1639789743168 HTTP/1.1" 200 22
180.169.147.146 - - [18/Dec/2021:09:08:57 +0800] "GET /xingrg/all/function/internal_message.html?_=1639789743169&CODE_STATE=getMsg HTTP/1.1" 200 27
222.70.176.97 - - [18/Dec/2021:09:09:00 +0800] "GET /xingrg/check_reg.html?_=1639789736834 HTTP/1.1" 200 22
222.70.176.97 - - [18/Dec/2021:09:09:00 +0800] "GET /xingrg/all/function/internal_message.html?_=1639789736838&CODE_STATE=getMsg HTTP/1.1" 200 27
172.20.0.100 - - [18/Dec/2021:09:09:01 +0800] "GET /xingrg/all/function/internal_message.html?_=1639789737598&CODE_STATE=getMsg HTTP/1.1" 200 27
222.70.176.97 - - [18/Dec/2021:09:09:02 +0800] "GET /xingrg/kc/buy/cgsh_order_operate.html?command=get_materiel&rest_code=00111&code=00101006133&supplier_code=00100012&order_time=2021-12-18 HTTP/1.1" 200 413
124.77.245.186 - - [18/Dec/2021:09:09:08 +0800] "GET /xingrg/all/function/internal_message.html?_=1639789765922&CODE_STATE=getMsg HTTP/1.1" 302 -
124.77.245.186 - - [18/Dec/2021:09:09:10 +0800] "GET /xingrg/all/function/internal_message.html?_=1639789765437&CODE_STATE=getMsg HTTP/1.1" 200 27
222.70.176.97 - - [18/Dec/2021:09:09:18 +0800] "GET /xingrg/kc/buy/cgsh_order_operate.html?command=get_materiel&rest_code=00111&code=00101006113&supplier_code=00100012&order_time=2021-12-18 HTTP/1.1" 200 413
114.83.222.225 - - [18/Dec/2021:09:09:32 +0800] "GET /xingrg/all/function/internal_message.html?_=1639789767926&CODE_STATE=getMsg HTTP/1.1" 200 27
114.85.125.222 - - [18/Dec/2021:09:09:33 +0800] "GET /xingrg/all/function/internal_message.html?_=1639789721954&CODE_STATE=getMsg HTTP/1.1" 200 27
180.175.103.30 - - [18/Dec/2021:09:09:33 +0800] "GET /xingrg/all/function/internal_message.html?_=1639789769196&CODE_STATE=getMsg HTTP/1.1" 200 27
180.169.147.146 - - [18/Dec/2021:09:09:36 +0800] "GET /xingrg/all/function/internal_message.html?_=1639789781664&CODE_STATE=getMsg HTTP/1.1" 200 27
180.169.147.146 - - [18/Dec/2021:09:09:36 +0800] "GET /xingrg/check_reg.html?_=1639789781668 HTTP/1.1" 200 22
222.70.176.97 - - [18/Dec/2021:09:09:44 +0800] "GET /xingrg/kc/buy/cgsh_order_operate.html?command=get_materiel&rest_code=00111&code=00101006175&supplier_code=00100012&order_time=2021-12-18 HTTP/1.1" 200 414
180.169.147.146 - - [18/Dec/2021:09:09:55 +0800] "GET /xingrg/all/function/internal_message.html?_=1639789791427&CODE_STATE=getMsg HTTP/1.1" 200 27
222.70.176.97 - - [18/Dec/2021:09:09:56 +0800] "GET /xingrg/kc/buy/cgsh_order_operate.html?command=get_materiel&rest_code=00111&code=00101006025&supplier_code=00100012&order_time=2021-12-18 HTTP/1.1" 200 417
180.169.147.146 - - [18/Dec/2021:09:09:57 +0800] "GET /xingrg/all/function/internal_message.html?_=1639789803155&CODE_STATE=getMsg HTTP/1.1" 200 27
222.70.176.97 - - [18/Dec/2021:09:10:00 +0800] "GET /xingrg/all/function/internal_message.html?_=1639789796834&CODE_STATE=getMsg HTTP/1.1" 200 27
172.20.0.100 - - [18/Dec/2021:09:10:01 +0800] "GET /xingrg/all/function/internal_message.html?_=1639789797601&CODE_STATE=getMsg HTTP/1.1" 200 27
172.20.0.100 - - [18/Dec/2021:09:10:01 +0800] "GET /xingrg/check_reg.html?_=1639789797603 HTTP/1.1" 200 22
124.77.245.186 - - [18/Dec/2021:09:10:08 +0800] "GET /xingrg/all/function/internal_message.html?_=1639789826200&CODE_STATE=getMsg HTTP/1.1" 302 -
124.77.245.186 - - [18/Dec/2021:09:10:10 +0800] "GET /xingrg/all/function/internal_message.html?_=1639789825447&CODE_STATE=getMsg HTTP/1.1" 200 27
222.70.176.97 - - [18/Dec/2021:09:10:12 +0800] "GET /xingrg/kc/buy/cgsh_order_operate.html?command=get_materiel&rest_code=00111&code=00101006129&supplier_code=00100012&order_time=2021-12-18 HTTP/1.1" 200 431
222.70.176.97 - - [18/Dec/2021:09:10:32 +0800] "GET /xingrg/kc/buy/cgsh_order_operate.html?command=get_materiel&rest_code=00111&code=00101006111&supplier_code=00100012&order_time=2021-12-18 HTTP/1.1" 200 409
114.83.222.225 - - [18/Dec/2021:09:10:32 +0800] "GET /xingrg/all/function/internal_message.html?_=1639789827918&CODE_STATE=getMsg HTTP/1.1" 200 27
114.85.125.222 - - [18/Dec/2021:09:10:33 +0800] "GET /xingrg/check_reg.html?_=1639789781574 HTTP/1.1" 200 22
114.85.125.222 - - [18/Dec/2021:09:10:33 +0800] "GET /xingrg/all/function/internal_message.html?_=1639789781967&CODE_STATE=getMsg HTTP/1.1" 200 27
180.175.103.30 - - [18/Dec/2021:09:10:33 +0800] "GET /xingrg/check_reg.html?_=1639789829198 HTTP/1.1" 200 22
180.175.103.30 - - [18/Dec/2021:09:10:33 +0800] "GET /xingrg/all/function/internal_message.html?_=1639789829201&CODE_STATE=getMsg HTTP/1.1" 200 27
180.169.147.146 - - [18/Dec/2021:09:10:36 +0800] "GET /xingrg/all/function/internal_message.html?_=1639789841676&CODE_STATE=getMsg HTTP/1.1" 200 27
222.70.176.97 - - [18/Dec/2021:09:10:41 +0800] "GET /xingrg/kc/buy/cgsh_order_operate.html?command=get_materiel&rest_code=00111&code=00101006057&supplier_code=00100012&order_time=2021-12-18 HTTP/1.1" 200 413
114.83.222.225 - - [18/Dec/2021:09:10:50 +0800] "GET /xingrg/kc/buy/cgsh_order_operate.html?command=get_materiel&rest_code=00149&code=00101008318&supplier_code=00100005&order_time=2021-12-18 HTTP/1.1" 200 408
222.70.176.97 - - [18/Dec/2021:09:10:55 +0800] "GET /xingrg/kc/buy/cgsh_order_operate.html?command=get_materiel&rest_code=00111&code=00101006192&supplier_code=00100012&order_time=2021-12-18 HTTP/1.1" 200 409
180.169.147.146 - - [18/Dec/2021:09:10:55 +0800] "GET /xingrg/all/function/internal_message.html?_=1639789851416&CODE_STATE=getMsg HTTP/1.1" 200 27
180.169.147.146 - - [18/Dec/2021:09:10:57 +0800] "GET /xingrg/all/function/internal_message.html?_=1639789863180&CODE_STATE=getMsg HTTP/1.1" 200 27
222.70.176.97 - - [18/Dec/2021:09:11:00 +0800] "GET /xingrg/all/function/internal_message.html?_=1639789856834&CODE_STATE=getMsg HTTP/1.1" 200 27
172.20.0.100 - - [18/Dec/2021:09:11:01 +0800] "GET /xingrg/all/function/internal_message.html?_=1639789857605&CODE_STATE=getMsg HTTP/1.1" 200 27
114.83.222.225 - - [18/Dec/2021:09:11:06 +0800] "GET /xingrg/kc/buy/cgsh_order_operate.html?command=get_materiel&rest_code=00149&code=00101008352&supplier_code=00100005&order_time=2021-12-18 HTTP/1.1" 200 412
124.77.245.186 - - [18/Dec/2021:09:11:08 +0800] "GET /xingrg/check_reg.html?_=1639789883171 HTTP/1.1" 200 22
124.77.245.186 - - [18/Dec/2021:09:11:08 +0800] "GET /xingrg/all/function/internal_message.html?_=1639789886213&CODE_STATE=getMsg HTTP/1.1" 302 -
124.77.245.186 - - [18/Dec/2021:09:11:10 +0800] "GET /xingrg/all/function/internal_message.html?_=1639789885460&CODE_STATE=getMsg HTTP/1.1" 200 27
222.70.176.97 - - [18/Dec/2021:09:11:12 +0800] "GET /xingrg/kc/buy/cgsh_order_operate.html?command=get_materiel&rest_code=00111&code=00101006144&supplier_code=00100012&order_time=2021-12-18 HTTP/1.1" 200 411
61.170.234.223 - - [18/Dec/2021:09:11:16 +0800] "GET /favicon.ico HTTP/1.1" 404 -
114.83.222.225 - - [18/Dec/2021:09:11:21 +0800] "GET /xingrg/kc/buy/cgsh_order_operate.html?command=get_materiel&rest_code=00149&code=00101008098&supplier_code=00100005&order_time=2021-12-18 HTTP/1.1" 200 412
222.70.176.97 - - [18/Dec/2021:09:11:25 +0800] "GET /xingrg/kc/buy/cgsh_order_operate.html?command=get_materiel&rest_code=00111&code=00101006194&supplier_code=00100012&order_time=2021-12-18 HTTP/1.1" 200 413
114.83.222.225 - - [18/Dec/2021:09:11:32 +0800] "GET /xingrg/all/function/internal_message.html?_=1639789887881&CODE_STATE=getMsg HTTP/1.1" 200 27
114.85.125.222 - - [18/Dec/2021:09:11:33 +0800] "GET /xingrg/all/function/internal_message.html?_=1639789841981&CODE_STATE=getMsg HTTP/1.1" 200 27
180.175.103.30 - - [18/Dec/2021:09:11:33 +0800] "GET /xingrg/all/function/internal_message.html?_=1639789889186&CODE_STATE=getMsg HTTP/1.1" 200 27
114.83.222.225 - - [18/Dec/2021:09:11:34 +0800] "GET /xingrg/kc/buy/cgsh_order_operate.html?command=get_materiel&rest_code=00149&code=00101008005&supplier_code=00100005&order_time=2021-12-18 HTTP/1.1" 200 412
180.169.147.146 - - [18/Dec/2021:09:11:36 +0800] "GET /xingrg/all/function/internal_message.html?_=1639789901671&CODE_STATE=getMsg HTTP/1.1" 200 27
114.83.222.225 - - [18/Dec/2021:09:11:37 +0800] "POST /xingrg/kc/buy/cgsh_order_operate.html HTTP/1.1" 200 2065
222.70.176.97 - - [18/Dec/2021:09:11:39 +0800] "GET /xingrg/kc/buy/cgsh_order_operate.html?command=get_materiel&rest_code=00111&code=00101006177&supplier_code=00100012&order_time=2021-12-18 HTTP/1.1" 200 409
58.35.215.188 - - [18/Dec/2021:09:11:44 +0800] "POST /xingrg/services/DataTransmitService HTTP/1.1" 200 524
114.83.222.225 - - [18/Dec/2021:09:11:49 +0800] "GET /xingrg/kc/buy/cgsh_order_operate.html?command=get_materiel&rest_code=00149&code=00101008307&supplier_code=00100005&order_time=2021-12-18 HTTP/1.1" 200 420
180.169.147.146 - - [18/Dec/2021:09:11:55 +0800] "GET /xingrg/all/function/internal_message.html?_=1639789911448&CODE_STATE=getMsg HTTP/1.1" 200 27
180.169.147.146 - - [18/Dec/2021:09:11:55 +0800] "GET /xingrg/check_reg.html?_=1639789911450 HTTP/1.1" 200 22
180.169.147.146 - - [18/Dec/2021:09:11:57 +0800] "GET /xingrg/all/function/internal_message.html?_=1639789923169&CODE_STATE=getMsg HTTP/1.1" 200 27
61.170.234.223 - - [18/Dec/2021:09:11:58 +0800] "GET /xingrg/login.html HTTP/1.1" 200 7641
114.83.222.225 - - [18/Dec/2021:09:12:00 +0800] "GET /xingrg/kc/buy/cgsh_order_operate.html?command=get_materiel&rest_code=00149&code=00101008353&supplier_code=00100005&order_time=2021-12-18 HTTP/1.1" 200 408
222.70.176.97 - - [18/Dec/2021:09:12:00 +0800] "GET /xingrg/all/function/internal_message.html?_=1639789916822&CODE_STATE=getMsg HTTP/1.1" 200 27
61.170.234.223 - - [18/Dec/2021:09:12:01 +0800] "GET /favicon.ico HTTP/1.1" 404 -
172.20.0.100 - - [18/Dec/2021:09:12:01 +0800] "GET /xingrg/all/function/internal_message.html?_=1639789917592&CODE_STATE=getMsg HTTP/1.1" 200 27
61.170.234.223 - - [18/Dec/2021:09:12:04 +0800] "POST /xingrg/login.do HTTP/1.1" 302 -
61.170.234.223 - - [18/Dec/2021:09:12:04 +0800] "GET /xingrg/index.html?sysBaseUrl=http%3A%2F%2F180.169.147.146%3A18081%2Fxingrg%2F&costTime=39×tamp=1639789924274 HTTP/1.1" 200 17173
61.170.234.223 - - [18/Dec/2021:09:12:04 +0800] "GET /favicon.ico HTTP/1.1" 404 -
61.170.234.223 - - [18/Dec/2021:09:12:05 +0800] "POST /xingrg/all/common/load_tree.html?tree=area_rest_tree_json&manage=1 HTTP/1.1" 200 342
61.170.234.223 - - [18/Dec/2021:09:12:05 +0800] "GET /xingrg/all/function/internal_message.html?_=1639789918090&CODE_STATE=count HTTP/1.1" 200 11
61.170.234.223 - - [18/Dec/2021:09:12:05 +0800] "GET /xingrg/check_reg.html?_=1639789918092 HTTP/1.1" 200 22
61.170.234.223 - - [18/Dec/2021:09:12:05 +0800] "POST /xingrg/load_menu.html HTTP/1.1" 200 5138
