61.151.207.205 - - [18/Dec/2021:10:48:15 +0800] "GET /xingrg/all/function/internal_message.html?_=1639795045170&CODE_STATE=getMsg HTTP/1.1" 302 -
61.151.207.205 - - [18/Dec/2021:10:48:16 +0800] "GET /xingrg/login.html HTTP/1.1" 200 7641
114.84.148.232 - - [18/Dec/2021:10:48:19 +0800] "GET /xingrg/kc/buy/cgsh_order_operate.html?command=get_materiel&rest_code=00141&code=00101008353&supplier_code=00100007&order_time=2021-12-18 HTTP/1.1" 200 408
116.238.208.177 - - [18/Dec/2021:10:48:19 +0800] "GET /xingrg/all/function/internal_message.html?_=1639795698609&CODE_STATE=getMsg HTTP/1.1" 200 27
114.83.222.225 - - [18/Dec/2021:10:48:21 +0800] "POST /xingrg/kc/base/wldb_order_operate.html HTTP/1.1" 200 37
114.83.222.225 - - [18/Dec/2021:10:48:21 +0800] "POST /xingrg/kc/base/wldb_order_operate.html HTTP/1.1" 200 2185
114.83.222.225 - - [18/Dec/2021:10:48:22 +0800] "GET /xingrg/kc/base/wldb_order_info.html?code=422021121801864 HTTP/1.1" 200 30295
114.83.222.225 - - [18/Dec/2021:10:48:22 +0800] "GET /xingrg/javascript/easyui/themes/default/validatebox.css HTTP/1.1" 404 1104
124.77.245.186 - - [18/Dec/2021:10:48:23 +0800] "GET /xingrg/all/function/internal_message.html?_=1639795721041&CODE_STATE=getMsg HTTP/1.1" 200 27
114.83.222.225 - - [18/Dec/2021:10:48:23 +0800] "POST /xingrg/kc/base/wldb_order_operate.html HTTP/1.1" 200 2185
61.170.234.223 - - [18/Dec/2021:10:48:24 +0800] "POST /xingrg/kc/base/wldb_order_operate.html HTTP/1.1" 200 37
61.170.234.223 - - [18/Dec/2021:10:48:25 +0800] "POST /xingrg/kc/base/wldb_order_operate.html HTTP/1.1" 200 7241
61.170.234.223 - - [18/Dec/2021:10:48:25 +0800] "GET /xingrg/kc/base/wldb_order_info.html?code=422021121801865 HTTP/1.1" 200 30289
61.170.234.223 - - [18/Dec/2021:10:48:25 +0800] "GET /xingrg/words/20211218103523_words.js HTTP/1.1" 304 -
61.170.234.223 - - [18/Dec/2021:10:48:26 +0800] "GET /xingrg/javascript/easyui/themes/default/validatebox.css HTTP/1.1" 404 1104
114.83.222.225 - - [18/Dec/2021:10:48:26 +0800] "GET /xingrg/kc/base/wldb_order_add.html HTTP/1.1" 200 30280
61.170.234.223 - - [18/Dec/2021:10:48:26 +0800] "POST /xingrg/kc/base/wldb_order_operate.html HTTP/1.1" 200 7241
114.83.222.225 - - [18/Dec/2021:10:48:26 +0800] "POST /xingrg/kc/base/wldb_order_operate.html HTTP/1.1" 200 6806
114.83.222.225 - - [18/Dec/2021:10:48:26 +0800] "GET /xingrg/javascript/easyui/themes/default/validatebox.css HTTP/1.1" 404 1104
61.170.234.223 - - [18/Dec/2021:10:48:29 +0800] "GET /xingrg/kc/base/base_main.html HTTP/1.1" 200 12142
114.84.148.232 - - [18/Dec/2021:10:48:30 +0800] "GET /xingrg/kc/buy/cgsh_order_operate.html?command=get_materiel&rest_code=00141&code=00101008307&supplier_code=00100007&order_time=2021-12-18 HTTP/1.1" 200 420
114.85.125.222 - - [18/Dec/2021:10:48:31 +0800] "GET /xingrg/all/function/internal_message.html?_=1639795659326&CODE_STATE=getMsg HTTP/1.1" 200 27
101.85.120.86 - - [18/Dec/2021:10:48:32 +0800] "GET /xingrg/all/function/internal_message.html?_=1639795706832&CODE_STATE=getMsg HTTP/1.1" 200 27
114.83.222.225 - - [18/Dec/2021:10:48:33 +0800] "GET /xingrg/all/function/internal_message.html?_=1639795708226&CODE_STATE=getMsg HTTP/1.1" 200 27
114.83.222.225 - - [18/Dec/2021:10:48:33 +0800] "GET /xingrg/check_reg.html?_=1639795708250 HTTP/1.1" 200 22
61.170.234.223 - - [18/Dec/2021:10:48:34 +0800] "GET /xingrg/kc/base/yddb_order_list.html HTTP/1.1" 200 16665
61.170.234.223 - - [18/Dec/2021:10:48:35 +0800] "POST /xingrg/kc/base/yddb_list_operate.html HTTP/1.1" 200 636
61.170.234.223 - - [18/Dec/2021:10:48:35 +0800] "GET /xingrg/all/function/internal_message.html?_=1639795713850&CODE_STATE=getMsg HTTP/1.1" 200 27
180.175.103.30 - - [18/Dec/2021:10:48:36 +0800] "GET /xingrg/all/function/internal_message.html?_=1639795712290&CODE_STATE=getMsg HTTP/1.1" 200 27
180.169.147.146 - - [18/Dec/2021:10:48:37 +0800] "GET /xingrg/all/function/internal_message.html?_=1639795714686&CODE_STATE=getMsg HTTP/1.1" 200 27
114.83.222.225 - - [18/Dec/2021:10:48:38 +0800] "GET /xingrg/kc/base/wldb_order_operate.html?command=get_materiel&rest_code=00149&base_code=0010394&code=00101016029 HTTP/1.1" 200 461
101.85.120.86 - - [18/Dec/2021:10:48:38 +0800] "GET /xingrg/javascript/jquery_easy_ui/themes/icons/area.png HTTP/1.1" 304 -
101.85.120.86 - - [18/Dec/2021:10:48:38 +0800] "GET /xingrg/javascript/jquery_easy_ui/themes/icons/rest.png HTTP/1.1" 304 -
114.84.148.232 - - [18/Dec/2021:10:48:38 +0800] "GET /xingrg/kc/buy/cgsh_order_operate.html?command=get_materiel&rest_code=00141&code=00101008041&supplier_code=00100007&order_time=2021-12-18 HTTP/1.1" 200 408
61.170.234.223 - - [18/Dec/2021:10:48:39 +0800] "POST /xingrg/kc/base/yddb_list_operate.html HTTP/1.1" 200 4292
116.227.210.113 - - [18/Dec/2021:10:48:41 +0800] "GET /xingrg/index.html?sysBaseUrl=http%3A%2F%2F180.169.147.146%3A18081%2Fxingrg%2F&costTime=1277×tamp=1606817596806 HTTP/1.1" 302 -
116.227.210.113 - - [18/Dec/2021:10:48:41 +0800] "GET /xingrg/login.html HTTP/1.1" 200 7641
116.227.210.113 - - [18/Dec/2021:10:48:42 +0800] "GET /favicon.ico HTTP/1.1" 404 -
61.170.234.223 - - [18/Dec/2021:10:48:43 +0800] "POST /xingrg/kc/base/yddb_list_operate.html HTTP/1.1" 200 209
61.170.234.223 - - [18/Dec/2021:10:48:44 +0800] "GET /xingrg/kc/base/yddb_order_info.html?code=482021121300068 HTTP/1.1" 200 31628
61.170.234.223 - - [18/Dec/2021:10:48:44 +0800] "GET /xingrg/dwr/util.js HTTP/1.1" 304 -
61.170.234.223 - - [18/Dec/2021:10:48:44 +0800] "GET /xingrg/dwr/interface/AjaxYddbService.js HTTP/1.1" 200 13201
61.170.234.223 - - [18/Dec/2021:10:48:44 +0800] "GET /xingrg/dwr/interface/AjaxComOrderService.js HTTP/1.1" 200 18264
61.170.234.223 - - [18/Dec/2021:10:48:44 +0800] "GET /xingrg/dwr/engine.js HTTP/1.1" 200 43631
61.170.234.223 - - [18/Dec/2021:10:48:44 +0800] "POST /xingrg/dwr/call/plaincall/AjaxYddbService.loadMaterielItems.dwr HTTP/1.1" 200 406
114.83.222.225 - - [18/Dec/2021:10:48:47 +0800] "GET /xingrg/kc/base/wldb_order_operate.html?command=get_materiel&rest_code=00149&base_code=0010394&code=00101019195 HTTP/1.1" 200 460
114.84.148.232 - - [18/Dec/2021:10:48:47 +0800] "GET /xingrg/kc/buy/cgsh_order_operate.html?command=get_materiel&rest_code=00141&code=00101009135&supplier_code=00100007&order_time=2021-12-18 HTTP/1.1" 200 396
116.238.208.177 - - [18/Dec/2021:10:48:49 +0800] "GET /xingrg/all/function/internal_message.html?_=1639795731494&CODE_STATE=getMsg HTTP/1.1" 200 27
124.77.245.186 - - [18/Dec/2021:10:48:49 +0800] "GET /xingrg/kc/buy/cgsh_order_operate.html?command=get_materiel&rest_code=00146&code=00101008351&supplier_code=00100005&order_time=2021-12-18 HTTP/1.1" 200 408
61.170.234.223 - - [18/Dec/2021:10:48:49 +0800] "GET /xingrg/all/function/internal_message.html?_=1639795722228&CODE_STATE=getMsg HTTP/1.1" 200 27
114.84.148.232 - - [18/Dec/2021:10:48:50 +0800] "POST /xingrg/kc/buy/cgsh_order_operate.html HTTP/1.1" 200 2065
114.83.222.225 - - [18/Dec/2021:10:48:51 +0800] "GET /xingrg/kc/base/wldb_order_operate.html?command=get_materiel&rest_code=00149&base_code=0010394&code=00101019306 HTTP/1.1" 200 463
116.227.210.113 - - [18/Dec/2021:10:48:52 +0800] "POST /xingrg/login.do HTTP/1.1" 302 -
116.227.210.113 - - [18/Dec/2021:10:48:52 +0800] "GET /xingrg/index.html?sysBaseUrl=http%3A%2F%2F180.169.147.146%3A18081%2Fxingrg%2F&costTime=39×tamp=1639795732081 HTTP/1.1" 200 17179
116.227.210.113 - - [18/Dec/2021:10:48:52 +0800] "GET /favicon.ico HTTP/1.1" 404 -
116.227.210.113 - - [18/Dec/2021:10:48:52 +0800] "POST /xingrg/all/common/load_tree.html?tree=area_rest_tree_json&manage=1 HTTP/1.1" 200 351
116.227.210.113 - - [18/Dec/2021:10:48:52 +0800] "GET /xingrg/all/function/internal_message.html?_=1639795714526&CODE_STATE=count HTTP/1.1" 200 11
116.227.210.113 - - [18/Dec/2021:10:48:52 +0800] "GET /xingrg/check_reg.html?_=1639795714528 HTTP/1.1" 200 22
116.227.210.113 - - [18/Dec/2021:10:48:52 +0800] "POST /xingrg/load_menu.html HTTP/1.1" 200 5138
116.227.210.113 - - [18/Dec/2021:10:48:55 +0800] "GET /xingrg/kc/buy/cgsh_order_list.html HTTP/1.1" 200 49429
114.83.222.225 - - [18/Dec/2021:10:48:56 +0800] "GET /xingrg/kc/base/wldb_order_operate.html?command=get_materiel&rest_code=00149&base_code=0010394&code=00101019133 HTTP/1.1" 200 466
116.227.210.113 - - [18/Dec/2021:10:48:57 +0800] "POST /xingrg/kc/buy/cgsh_list_operate.html HTTP/1.1" 200 876
114.84.148.232 - - [18/Dec/2021:10:48:59 +0800] "GET /xingrg/kc/buy/cgsh_order_operate.html?command=get_materiel&rest_code=00141&code=00101008323&supplier_code=00100007&order_time=2021-12-18 HTTP/1.1" 200 408
114.83.222.225 - - [18/Dec/2021:10:48:59 +0800] "GET /xingrg/kc/base/wldb_order_operate.html?command=get_materiel&rest_code=00149&base_code=0010394&code=00101019400 HTTP/1.1" 200 451
222.70.176.97 - - [18/Dec/2021:10:49:01 +0800] "GET /xingrg/check_reg.html?_=1639795736908 HTTP/1.1" 200 22
222.70.176.97 - - [18/Dec/2021:10:49:01 +0800] "GET /xingrg/all/function/internal_message.html?_=1639795736906&CODE_STATE=getMsg HTTP/1.1" 200 27
172.20.0.100 - - [18/Dec/2021:10:49:01 +0800] "GET /xingrg/all/function/internal_message.html?_=1639795737606&CODE_STATE=getMsg HTTP/1.1" 200 27
114.83.222.225 - - [18/Dec/2021:10:49:04 +0800] "GET /xingrg/kc/base/wldb_order_operate.html?command=get_materiel&rest_code=00149&base_code=0010394&code=00101016044 HTTP/1.1" 200 463
114.84.148.232 - - [18/Dec/2021:10:49:07 +0800] "GET /xingrg/kc/buy/cgsh_order_operate.html?command=get_materiel&rest_code=00141&code=00101008350&supplier_code=00100007&order_time=2021-12-18 HTTP/1.1" 200 408
124.77.245.186 - - [18/Dec/2021:10:49:07 +0800] "GET /xingrg/kc/buy/cgsh_order_operate.html?command=get_materiel&rest_code=00146&code=00101008096&supplier_code=00100005&order_time=2021-12-18 HTTP/1.1" 200 412
124.77.245.186 - - [18/Dec/2021:10:49:11 +0800] "GET /xingrg/all/function/internal_message.html?_=1639795766796&CODE_STATE=getMsg HTTP/1.1" 302 -
114.84.148.232 - - [18/Dec/2021:10:49:12 +0800] "GET /xingrg/all/function/internal_message.html?_=1639795561540&CODE_STATE=getMsg HTTP/1.1" 200 27
180.169.147.146 - - [18/Dec/2021:10:49:13 +0800] "GET /xingrg/all/function/internal_message.html?_=1639795749560&CODE_STATE=getMsg HTTP/1.1" 200 27
116.238.208.177 - - [18/Dec/2021:10:49:19 +0800] "GET /xingrg/all/function/internal_message.html?_=1639795758612&CODE_STATE=getMsg HTTP/1.1" 200 27
114.84.148.232 - - [18/Dec/2021:10:49:20 +0800] "GET /xingrg/kc/buy/cgsh_order_operate.html?command=get_materiel&rest_code=00141&code=00101008110&supplier_code=00100007&order_time=2021-12-18 HTTP/1.1" 200 408
124.77.245.186 - - [18/Dec/2021:10:49:20 +0800] "GET /xingrg/kc/buy/cgsh_order_operate.html?command=get_materiel&rest_code=00146&code=00101008088&supplier_code=00100005&order_time=2021-12-18 HTTP/1.1" 200 408
124.77.245.186 - - [18/Dec/2021:10:49:23 +0800] "GET /xingrg/all/function/internal_message.html?_=1639795781054&CODE_STATE=getMsg HTTP/1.1" 200 27
114.83.222.225 - - [18/Dec/2021:10:49:23 +0800] "GET /xingrg/kc/base/wldb_order_operate.html?command=get_materiel&rest_code=00149&base_code=0010394&code=00101019199 HTTP/1.1" 200 459
114.83.222.225 - - [18/Dec/2021:10:49:27 +0800] "GET /xingrg/kc/base/wldb_order_operate.html?command=get_materiel&rest_code=00149&base_code=0010394&code=00101019253 HTTP/1.1" 200 468
114.84.148.232 - - [18/Dec/2021:10:49:29 +0800] "GET /xingrg/kc/buy/cgsh_order_operate.html?command=get_materiel&rest_code=00141&code=00101008095&supplier_code=00100007&order_time=2021-12-18 HTTP/1.1" 200 412
124.77.245.186 - - [18/Dec/2021:10:49:29 +0800] "GET /xingrg/kc/buy/cgsh_order_operate.html?command=get_materiel&rest_code=00146&code=00101008290&supplier_code=00100005&order_time=2021-12-18 HTTP/1.1" 200 416
114.83.222.225 - - [18/Dec/2021:10:49:30 +0800] "GET /xingrg/kc/base/wldb_order_operate.html?command=get_materiel&rest_code=00149&base_code=0010394&code=00101016086 HTTP/1.1" 200 468
114.85.125.222 - - [18/Dec/2021:10:49:31 +0800] "GET /xingrg/all/function/internal_message.html?_=1639795719335&CODE_STATE=getMsg HTTP/1.1" 200 27
101.85.120.86 - - [18/Dec/2021:10:49:32 +0800] "GET /xingrg/all/function/internal_message.html?_=1639795766849&CODE_STATE=getMsg HTTP/1.1" 200 27
101.85.120.86 - - [18/Dec/2021:10:49:32 +0800] "GET /xingrg/check_reg.html?_=1639795766854 HTTP/1.1" 200 22
124.77.245.186 - - [18/Dec/2021:10:49:32 +0800] "POST /xingrg/kc/buy/cgsh_order_operate.html HTTP/1.1" 200 2065
116.227.210.113 - - [18/Dec/2021:10:49:32 +0800] "GET /xingrg/kc/buy/cgsh_order_add.html HTTP/1.1" 200 65120
116.227.210.113 - - [18/Dec/2021:10:49:33 +0800] "GET /xingrg/words/20211218103523_words.js HTTP/1.1" 200 880383
114.83.222.225 - - [18/Dec/2021:10:49:33 +0800] "GET /xingrg/all/function/internal_message.html?_=1639795768214&CODE_STATE=getMsg HTTP/1.1" 200 27
61.170.234.223 - - [18/Dec/2021:10:49:33 +0800] "POST /xingrg/kc/buy/cgsh_order_operate.html HTTP/1.1" 200 2065
116.227.210.113 - - [18/Dec/2021:10:49:33 +0800] "POST /xingrg/kc/buy/cgsh_order_operate.html HTTP/1.1" 200 8245
116.227.210.113 - - [18/Dec/2021:10:49:33 +0800] "GET /xingrg/all/common/auto_word.html?type=employee&rest_code=00155 HTTP/1.1" 200 205
116.227.210.113 - - [18/Dec/2021:10:49:33 +0800] "GET /xingrg/all/common/auto_word.html?type=employee&rest_code=00155 HTTP/1.1" 200 205
116.227.210.113 - - [18/Dec/2021:10:49:33 +0800] "GET /xingrg/javascript/easyui/themes/default/validatebox.css HTTP/1.1" 404 1104
114.83.222.225 - - [18/Dec/2021:10:49:34 +0800] "GET /xingrg/kc/base/wldb_order_operate.html?command=get_materiel&rest_code=00149&base_code=0010394&code=00101019185 HTTP/1.1" 200 453
61.170.234.223 - - [18/Dec/2021:10:49:35 +0800] "GET /xingrg/all/function/internal_message.html?_=1639795773857&CODE_STATE=getMsg HTTP/1.1" 200 27
114.84.148.232 - - [18/Dec/2021:10:49:36 +0800] "GET /xingrg/kc/buy/cgsh_order_operate.html?command=get_materiel&rest_code=00141&code=00101015060&supplier_code=00100007&order_time=2021-12-18 HTTP/1.1" 200 412
180.175.103.30 - - [18/Dec/2021:10:49:36 +0800] "GET /xingrg/all/function/internal_message.html?_=1639795772259&CODE_STATE=getMsg HTTP/1.1" 200 27
180.169.147.146 - - [18/Dec/2021:10:49:37 +0800] "GET /xingrg/all/function/internal_message.html?_=1639795774683&CODE_STATE=getMsg HTTP/1.1" 200 27
61.170.234.223 - - [18/Dec/2021:10:49:38 +0800] "GET /xingrg/kc/buy/cgsh_order_operate.html?command=get_materiel&rest_code=00106&code=00101008223&supplier_code=00100007&order_time=2021-12-18 HTTP/1.1" 200 412
114.84.148.232 - - [18/Dec/2021:10:49:39 +0800] "POST /xingrg/kc/buy/cgsh_order_operate.html HTTP/1.1" 200 2065
116.238.208.177 - - [18/Dec/2021:10:49:40 +0800] "GET /xingrg/check_reg.html?_=1639795782510 HTTP/1.1" 200 22
124.77.245.186 - - [18/Dec/2021:10:49:40 +0800] "GET /xingrg/kc/buy/cgsh_order_operate.html?command=get_materiel&rest_code=00146&code=00101008003&supplier_code=00100005&order_time=2021-12-18 HTTP/1.1" 200 408
116.227.210.113 - - [18/Dec/2021:10:49:41 +0800] "GET /xingrg/javascript/auto/indicator.gif HTTP/1.1" 404 1066
116.227.210.113 - - [18/Dec/2021:10:49:41 +0800] "GET /xingrg/javascript/jquery_tools/images/prev.gif HTTP/1.1" 404 1086
116.227.210.113 - - [18/Dec/2021:10:49:41 +0800] "GET /xingrg/javascript/jquery_tools/images/next.gif HTTP/1.1" 404 1086
114.84.148.232 - - [18/Dec/2021:10:49:44 +0800] "GET /xingrg/kc/buy/cgsh_order_operate.html?command=get_materiel&rest_code=00141&code=00101008223&supplier_code=00100007&order_time=2021-12-18 HTTP/1.1" 200 412
116.238.208.177 - - [18/Dec/2021:10:49:49 +0800] "GET /xingrg/all/function/internal_message.html?_=1639795791511&CODE_STATE=getMsg HTTP/1.1" 200 27
61.170.234.223 - - [18/Dec/2021:10:49:49 +0800] "GET /xingrg/all/function/internal_message.html?_=1639795782275&CODE_STATE=getMsg HTTP/1.1" 200 27
120.253.135.82 - - [18/Dec/2021:10:49:49 +0800] "GET /xingrg/check_reg.html?_=1639795565383 HTTP/1.1" 200 22
120.253.135.82 - - [18/Dec/2021:10:49:49 +0800] "GET /xingrg/all/function/internal_message.html?_=1639795560513&CODE_STATE=getMsg HTTP/1.1" 200 27
114.84.148.232 - - [18/Dec/2021:10:49:51 +0800] "GET /xingrg/kc/buy/cgsh_order_operate.html?command=get_materiel&rest_code=00141&code=00101008236&supplier_code=00100007&order_time=2021-12-18 HTTP/1.1" 200 416
61.170.234.223 - - [18/Dec/2021:10:49:52 +0800] "GET /xingrg/kc/base/base_main.html HTTP/1.1" 200 12142
116.227.210.113 - - [18/Dec/2021:10:49:52 +0800] "GET /xingrg/kc/buy/cgsh_order_operate.html?command=get_materiel&rest_code=00155&code=00101008072&supplier_code=00100005&order_time=2021-12-18 HTTP/1.1" 200 408
116.227.210.113 - - [18/Dec/2021:10:49:52 +0800] "GET /xingrg/all/function/internal_message.html?_=1639795774531&CODE_STATE=getMsg HTTP/1.1" 200 27
124.77.245.186 - - [18/Dec/2021:10:49:53 +0800] "GET /xingrg/kc/buy/cgsh_order_operate.html?command=get_materiel&rest_code=00146&code=00101008361&supplier_code=00100005&order_time=2021-12-18 HTTP/1.1" 200 408
61.170.234.223 - - [18/Dec/2021:10:49:54 +0800] "GET /xingrg/kc/base/wldb_order_list.html HTTP/1.1" 200 19060
61.170.234.223 - - [18/Dec/2021:10:49:54 +0800] "POST /xingrg/kc/base/wldb_list_operate.html HTTP/1.1" 200 2167
116.235.94.0 - - [18/Dec/2021:10:49:56 +0800] "GET /xingrg/login.html HTTP/1.1" 200 7641
116.235.94.0 - - [18/Dec/2021:10:49:57 +0800] "GET /favicon.ico HTTP/1.1" 404 -
116.227.210.113 - - [18/Dec/2021:10:49:58 +0800] "GET /xingrg/kc/buy/cgsh_order_operate.html?command=get_materiel&rest_code=00155&code=00101008210&supplier_code=00100005&order_time=2021-12-18 HTTP/1.1" 200 408
101.91.60.88 - - [18/Dec/2021:10:49:59 +0800] "GET /xingrg/kc/buy/cgsh_order_operate.html?command=get_materiel&rest_code=00106&code=00101008005&supplier_code=00100007&order_time=2021-12-18 HTTP/1.1" 302 -
114.84.148.232 - - [18/Dec/2021:10:49:59 +0800] "GET /xingrg/kc/buy/cgsh_order_operate.html?command=get_materiel&rest_code=00141&code=00101008114&supplier_code=00100007&order_time=2021-12-18 HTTP/1.1" 200 412
101.91.60.88 - - [18/Dec/2021:10:49:59 +0800] "GET /xingrg/login.html HTTP/1.1" 200 7641
222.70.176.97 - - [18/Dec/2021:10:50:00 +0800] "GET /xingrg/all/function/internal_message.html?_=1639795796906&CODE_STATE=getMsg HTTP/1.1" 200 27
172.20.0.100 - - [18/Dec/2021:10:50:01 +0800] "GET /xingrg/check_reg.html?_=1639795797592 HTTP/1.1" 200 22
172.20.0.100 - - [18/Dec/2021:10:50:01 +0800] "GET /xingrg/all/function/internal_message.html?_=1639795797594&CODE_STATE=getMsg HTTP/1.1" 200 27
116.227.210.113 - - [18/Dec/2021:10:50:03 +0800] "GET /xingrg/kc/buy/cgsh_order_operate.html?command=get_materiel&rest_code=00155&code=00101008290&supplier_code=00100005&order_time=2021-12-18 HTTP/1.1" 200 416
124.77.245.186 - - [18/Dec/2021:10:50:03 +0800] "GET /xingrg/kc/buy/cgsh_order_operate.html?command=get_materiel&rest_code=00146&code=00101008264&supplier_code=00100005&order_time=2021-12-18 HTTP/1.1" 200 412
120.253.135.82 - - [18/Dec/2021:10:50:05 +0800] "GET /xingrg/kc/pszx/mdqp_order_list.html?state=10 HTTP/1.1" 200 10657
120.253.135.82 - - [18/Dec/2021:10:50:05 +0800] "GET /xingrg/dwr/interface/AjaxQqpsService.js HTTP/1.1" 200 16326
120.253.135.82 - - [18/Dec/2021:10:50:05 +0800] "GET /xingrg/dwr/interface/AjaxReportQueryService.js HTTP/1.1" 200 13203
120.253.135.82 - - [18/Dec/2021:10:50:05 +0800] "GET /xingrg/dwr/engine.js HTTP/1.1" 200 43631
120.253.135.82 - - [18/Dec/2021:10:50:06 +0800] "GET /xingrg/kc/pszx/mdqp_order_list.html?state=10 HTTP/1.1" 200 10657
120.253.135.82 - - [18/Dec/2021:10:50:06 +0800] "GET /xingrg/dwr/interface/AjaxReportQueryService.js HTTP/1.1" 200 13203
120.253.135.82 - - [18/Dec/2021:10:50:06 +0800] "GET /xingrg/dwr/interface/AjaxQqpsService.js HTTP/1.1" 200 16326
120.253.135.82 - - [18/Dec/2021:10:50:06 +0800] "GET /xingrg/dwr/engine.js HTTP/1.1" 200 43631
114.83.222.225 - - [18/Dec/2021:10:50:07 +0800] "POST /xingrg/kc/base/wldb_order_operate.html HTTP/1.1" 200 37
61.170.234.223 - - [18/Dec/2021:10:50:08 +0800] "GET /xingrg/kc/buy/cgsh_order_operate.html?command=get_materiel&rest_code=00106&code=00101008236&supplier_code=00100007&order_time=2021-12-18 HTTP/1.1" 200 416
114.83.222.225 - - [18/Dec/2021:10:50:08 +0800] "POST /xingrg/kc/base/wldb_order_operate.html HTTP/1.1" 200 6754
116.227.210.113 - - [18/Dec/2021:10:50:08 +0800] "GET /xingrg/kc/buy/cgsh_order_operate.html?command=get_materiel&rest_code=00155&code=00101008141&supplier_code=00100005&order_time=2021-12-18 HTTP/1.1" 200 412
114.84.148.232 - - [18/Dec/2021:10:50:08 +0800] "GET /xingrg/kc/buy/cgsh_order_operate.html?command=get_materiel&rest_code=00141&code=00101008558&supplier_code=00100007&order_time=2021-12-18 HTTP/1.1" 200 395
114.83.222.225 - - [18/Dec/2021:10:50:09 +0800] "GET /xingrg/kc/base/wldb_order_info.html?code=422021121801866 HTTP/1.1" 200 30297
114.83.222.225 - - [18/Dec/2021:10:50:09 +0800] "GET /xingrg/words/20211218103523_words.js HTTP/1.1" 304 -
114.83.222.225 - - [18/Dec/2021:10:50:09 +0800] "GET /xingrg/javascript/easyui/themes/default/validatebox.css HTTP/1.1" 404 1104
114.83.222.225 - - [18/Dec/2021:10:50:10 +0800] "POST /xingrg/kc/base/wldb_order_operate.html HTTP/1.1" 200 6754
114.83.222.225 - - [18/Dec/2021:10:50:11 +0800] "GET /xingrg/kc/base/wldb_order_add.html HTTP/1.1" 200 30280
124.77.245.186 - - [18/Dec/2021:10:50:11 +0800] "GET /xingrg/all/function/internal_message.html?_=1639795826805&CODE_STATE=getMsg HTTP/1.1" 302 -
114.83.222.225 - - [18/Dec/2021:10:50:11 +0800] "POST /xingrg/kc/base/wldb_order_operate.html HTTP/1.1" 200 6806
114.83.222.225 - - [18/Dec/2021:10:50:12 +0800] "GET /xingrg/javascript/easyui/themes/default/validatebox.css HTTP/1.1" 404 1104
61.170.234.223 - - [18/Dec/2021:10:50:12 +0800] "POST /xingrg/kc/buy/cgsh_order_operate.html HTTP/1.1" 200 2065
114.84.148.232 - - [18/Dec/2021:10:50:12 +0800] "GET /xingrg/all/function/internal_message.html?_=1639795621471&CODE_STATE=getMsg HTTP/1.1" 200 27
180.169.147.146 - - [18/Dec/2021:10:50:13 +0800] "GET /xingrg/all/function/internal_message.html?_=1639795809573&CODE_STATE=getMsg HTTP/1.1" 200 27
116.227.210.113 - - [18/Dec/2021:10:50:16 +0800] "GET /xingrg/kc/buy/cgsh_order_operate.html?command=get_materiel&rest_code=00155&code=00101008148&supplier_code=00100005&order_time=2021-12-18 HTTP/1.1" 200 416
124.77.245.186 - - [18/Dec/2021:10:50:16 +0800] "GET /xingrg/kc/buy/cgsh_order_operate.html?command=get_materiel&rest_code=00146&code=00101008356&supplier_code=00100005&order_time=2021-12-18 HTTP/1.1" 200 408
114.84.148.232 - - [18/Dec/2021:10:50:17 +0800] "GET /xingrg/kc/buy/cgsh_order_operate.html?command=get_materiel&rest_code=00141&code=00102014106&supplier_code=00100007&order_time=2021-12-18 HTTP/1.1" 200 399
116.238.208.177 - - [18/Dec/2021:10:50:19 +0800] "GET /xingrg/all/function/internal_message.html?_=1639795818612&CODE_STATE=getMsg HTTP/1.1" 200 27
114.84.148.232 - - [18/Dec/2021:10:50:20 +0800] "POST /xingrg/kc/buy/cgsh_order_operate.html HTTP/1.1" 200 2065
114.83.222.225 - - [18/Dec/2021:10:50:20 +0800] "GET /xingrg/kc/base/wldb_order_operate.html?command=get_materiel&rest_code=00149&base_code=0010394&code=00101027001 HTTP/1.1" 200 469
116.227.210.113 - - [18/Dec/2021:10:50:21 +0800] "GET /xingrg/kc/buy/cgsh_order_operate.html?command=get_materiel&rest_code=00155&code=00101008298&supplier_code=00100005&order_time=2021-12-18 HTTP/1.1" 200 413
120.253.135.82 - - [18/Dec/2021:10:50:21 +0800] "GET /xingrg/kc/pszx/mdqp_order_list.html?state=10 HTTP/1.1" 200 10657
124.77.245.186 - - [18/Dec/2021:10:50:23 +0800] "GET /xingrg/all/function/internal_message.html?_=1639795841068&CODE_STATE=getMsg HTTP/1.1" 200 27
120.253.135.82 - - [18/Dec/2021:10:50:23 +0800] "GET /xingrg/kc/pszx/mdqp_order_list.html?state=10 HTTP/1.1" 200 10657
120.253.135.82 - - [18/Dec/2021:10:50:24 +0800] "GET /xingrg/dwr/interface/AjaxReportQueryService.js HTTP/1.1" 200 13203
120.253.135.82 - - [18/Dec/2021:10:50:24 +0800] "GET /xingrg/dwr/interface/AjaxQqpsService.js HTTP/1.1" 200 16326
120.253.135.82 - - [18/Dec/2021:10:50:24 +0800] "GET /xingrg/dwr/engine.js HTTP/1.1" 200 43631
120.253.135.82 - - [18/Dec/2021:10:50:24 +0800] "GET /xingrg/kc/pszx/mdqp_order_list.html?state=10 HTTP/1.1" 200 10657
120.253.135.82 - - [18/Dec/2021:10:50:24 +0800] "GET /xingrg/dwr/interface/AjaxQqpsService.js HTTP/1.1" 200 16326
120.253.135.82 - - [18/Dec/2021:10:50:24 +0800] "GET /xingrg/dwr/interface/AjaxReportQueryService.js HTTP/1.1" 200 13203
120.253.135.82 - - [18/Dec/2021:10:50:24 +0800] "GET /xingrg/kc/pszx/mdqp_order_list.html?state=10 HTTP/1.1" 200 10657
120.253.135.82 - - [18/Dec/2021:10:50:24 +0800] "GET /xingrg/dwr/engine.js HTTP/1.1" 200 43631
114.84.148.232 - - [18/Dec/2021:10:50:26 +0800] "GET /xingrg/kc/buy/cgsh_order_operate.html?command=get_materiel&rest_code=00141&code=00101009016&supplier_code=00100007&order_time=2021-12-18 HTTP/1.1" 200 412
124.77.245.186 - - [18/Dec/2021:10:50:26 +0800] "GET /xingrg/kc/buy/cgsh_order_operate.html?command=get_materiel&rest_code=00146&code=00101008212&supplier_code=00100005&order_time=2021-12-18 HTTP/1.1" 200 412
116.227.210.113 - - [18/Dec/2021:10:50:27 +0800] "GET /xingrg/kc/buy/cgsh_order_operate.html?command=get_materiel&rest_code=00155&code=00101008331&supplier_code=00100005&order_time=2021-12-18 HTTP/1.1" 200 416
124.77.245.186 - - [18/Dec/2021:10:50:29 +0800] "POST /xingrg/kc/buy/cgsh_order_operate.html HTTP/1.1" 200 2065
114.85.125.222 - - [18/Dec/2021:10:50:31 +0800] "GET /xingrg/check_reg.html?_=1639795779231 HTTP/1.1" 200 22
114.85.125.222 - - [18/Dec/2021:10:50:31 +0800] "GET /xingrg/all/function/internal_message.html?_=1639795779347&CODE_STATE=getMsg HTTP/1.1" 200 27
101.85.120.86 - - [18/Dec/2021:10:50:32 +0800] "GET /xingrg/all/function/internal_message.html?_=1639795826839&CODE_STATE=getMsg HTTP/1.1" 200 27
114.83.222.225 - - [18/Dec/2021:10:50:33 +0800] "GET /xingrg/all/function/internal_message.html?_=1639795828206&CODE_STATE=getMsg HTTP/1.1" 200 27
180.175.103.30 - - [18/Dec/2021:10:50:33 +0800] "GET /xingrg/check_reg.html?_=1639795829257 HTTP/1.1" 200 22
61.170.234.223 - - [18/Dec/2021:10:50:34 +0800] "GET /xingrg/kc/buy/cgsh_order_operate.html?command=get_materiel&rest_code=00106&code=00101008114&supplier_code=00100007&order_time=2021-12-18 HTTP/1.1" 200 412
61.170.234.223 - - [18/Dec/2021:10:50:35 +0800] "GET /xingrg/all/function/internal_message.html?_=1639795833851&CODE_STATE=getMsg HTTP/1.1" 200 27
114.83.222.225 - - [18/Dec/2021:10:50:36 +0800] "GET /xingrg/kc/base/wldb_order_operate.html?command=get_materiel&rest_code=00149&base_code=0010394&code=00101019058 HTTP/1.1" 200 454
180.175.103.30 - - [18/Dec/2021:10:50:36 +0800] "GET /xingrg/all/function/internal_message.html?_=1639795832233&CODE_STATE=getMsg HTTP/1.1" 200 27
180.169.147.146 - - [18/Dec/2021:10:50:37 +0800] "GET /xingrg/all/function/internal_message.html?_=1639795834703&CODE_STATE=getMsg HTTP/1.1" 200 27
116.227.210.113 - - [18/Dec/2021:10:50:38 +0800] "GET /xingrg/kc/buy/cgsh_order_operate.html?command=get_materiel&rest_code=00155&code=00101008198&supplier_code=00100005&order_time=2021-12-18 HTTP/1.1" 200 413
124.77.245.186 - - [18/Dec/2021:10:50:38 +0800] "GET /xingrg/kc/buy/cgsh_order_operate.html?command=get_materiel&rest_code=00146&code=00101008251&supplier_code=00100005&order_time=2021-12-18 HTTP/1.1" 200 408
114.84.148.232 - - [18/Dec/2021:10:50:38 +0800] "GET /xingrg/kc/buy/cgsh_order_operate.html?command=get_materiel&rest_code=00141&code=00101009054&supplier_code=00100007&order_time=2021-12-18 HTTP/1.1" 200 412
114.83.222.225 - - [18/Dec/2021:10:50:41 +0800] "GET /xingrg/kc/base/wldb_order_operate.html?command=get_materiel&rest_code=00149&base_code=0010394&code=00101019066 HTTP/1.1" 200 441
120.253.135.82 - - [18/Dec/2021:10:50:44 +0800] "GET /xingrg/all/function/internal_message.html?_=1639795620723&CODE_STATE=getMsg HTTP/1.1" 200 27
116.227.210.113 - - [18/Dec/2021:10:50:45 +0800] "GET /xingrg/kc/buy/cgsh_order_operate.html?command=get_materiel&rest_code=00155&code=00101008646&supplier_code=00100005&order_time=2021-12-18 HTTP/1.1" 200 399
61.151.178.165 - - [18/Dec/2021:10:50:46 +0800] "GET /xingrg/kc/buy/cgsh_order_operate.html?command=get_materiel&rest_code=00106&code=00101008323&supplier_code=00100007&order_time=2021-12-18 HTTP/1.1" 302 -
61.151.178.165 - - [18/Dec/2021:10:50:47 +0800] "GET /xingrg/login.html HTTP/1.1" 200 7641
114.84.148.232 - - [18/Dec/2021:10:50:48 +0800] "GET /xingrg/kc/buy/cgsh_order_operate.html?command=get_materiel&rest_code=00141&code=00101008150&supplier_code=00100007&order_time=2021-12-18 HTTP/1.1" 200 409
116.238.208.177 - - [18/Dec/2021:10:50:49 +0800] "GET /xingrg/all/function/internal_message.html?_=1639795851522&CODE_STATE=getMsg HTTP/1.1" 200 27
61.170.234.223 - - [18/Dec/2021:10:50:49 +0800] "GET /xingrg/all/function/internal_message.html?_=1639795842247&CODE_STATE=getMsg HTTP/1.1" 200 27
124.77.245.186 - - [18/Dec/2021:10:50:49 +0800] "GET /xingrg/kc/buy/cgsh_order_operate.html?command=get_materiel&rest_code=00146&code=00101008196&supplier_code=00100005&order_time=2021-12-18 HTTP/1.1" 200 416
114.83.222.225 - - [18/Dec/2021:10:50:50 +0800] "GET /xingrg/kc/base/wldb_order_operate.html?command=get_materiel&rest_code=00149&base_code=0010394&code=00101019390 HTTP/1.1" 200 455
116.227.210.113 - - [18/Dec/2021:10:50:52 +0800] "GET /xingrg/kc/buy/cgsh_order_operate.html?command=get_materiel&rest_code=00155&code=00101008096&supplier_code=00100005&order_time=2021-12-18 HTTP/1.1" 200 412
116.227.210.113 - - [18/Dec/2021:10:50:52 +0800] "GET /xingrg/all/function/internal_message.html?_=1639795834570&CODE_STATE=getMsg HTTP/1.1" 200 27
61.170.234.223 - - [18/Dec/2021:10:50:56 +0800] "GET /xingrg/kc/buy/cgsh_order_operate.html?command=get_materiel&rest_code=00106&code=00101008168&supplier_code=00100007&order_time=2021-12-18 HTTP/1.1" 200 412
114.84.148.232 - - [18/Dec/2021:10:50:57 +0800] "GET /xingrg/kc/buy/cgsh_order_operate.html?command=get_materiel&rest_code=00141&code=00101008277&supplier_code=00100007&order_time=2021-12-18 HTTP/1.1" 200 412
116.227.210.113 - - [18/Dec/2021:10:50:57 +0800] "GET /xingrg/kc/buy/cgsh_order_operate.html?command=get_materiel&rest_code=00155&code=00101008361&supplier_code=00100005&order_time=2021-12-18 HTTP/1.1" 200 408
61.170.234.223 - - [18/Dec/2021:10:50:58 +0800] "POST /xingrg/kc/buy/cgsh_order_operate.html HTTP/1.1" 200 2065
114.83.222.225 - - [18/Dec/2021:10:50:59 +0800] "GET /xingrg/kc/base/wldb_order_operate.html?command=get_materiel&rest_code=00149&base_code=0010394&code=00101019372 HTTP/1.1" 200 467
222.70.176.97 - - [18/Dec/2021:10:51:01 +0800] "GET /xingrg/all/function/internal_message.html?_=1639795856907&CODE_STATE=getMsg HTTP/1.1" 200 27
124.77.245.186 - - [18/Dec/2021:10:51:01 +0800] "GET /xingrg/kc/buy/cgsh_order_operate.html?command=get_materiel&rest_code=00146&code=00101008357&supplier_code=00100005&order_time=2021-12-18 HTTP/1.1" 200 408
172.20.0.100 - - [18/Dec/2021:10:51:01 +0800] "GET /xingrg/all/function/internal_message.html?_=1639795857595&CODE_STATE=getMsg HTTP/1.1" 200 27
116.227.210.113 - - [18/Dec/2021:10:51:02 +0800] "GET /xingrg/kc/buy/cgsh_order_operate.html?command=get_materiel&rest_code=00155&code=00101008264&supplier_code=00100005&order_time=2021-12-18 HTTP/1.1" 200 412
61.170.234.223 - - [18/Dec/2021:10:51:03 +0800] "GET /xingrg/kc/buy/cgsh_order_operate.html?command=get_materiel&rest_code=00106&code=00101008072&supplier_code=00100007&order_time=2021-12-18 HTTP/1.1" 200 408
114.83.222.225 - - [18/Dec/2021:10:51:06 +0800] "GET /xingrg/kc/base/wldb_order_operate.html?command=get_materiel&rest_code=00149&base_code=0010394&code=00101019079 HTTP/1.1" 200 465
124.77.245.186 - - [18/Dec/2021:10:51:08 +0800] "GET /xingrg/check_reg.html?_=1639795883277 HTTP/1.1" 302 -
116.227.210.113 - - [18/Dec/2021:10:51:09 +0800] "GET /xingrg/kc/buy/cgsh_order_operate.html?command=get_materiel&rest_code=00155&code=00101008584&supplier_code=00100005&order_time=2021-12-18 HTTP/1.1" 200 396
114.83.222.225 - - [18/Dec/2021:10:51:09 +0800] "GET /xingrg/kc/base/wldb_order_operate.html?command=get_materiel&rest_code=00149&base_code=0010394&code=00101019376 HTTP/1.1" 200 462
120.253.135.82 - - [18/Dec/2021:10:51:11 +0800] "GET /xingrg/kc/pszx/mdqp_order_list.html?state=10 HTTP/1.1" 200 10657
120.253.135.82 - - [18/Dec/2021:10:51:11 +0800] "GET /xingrg/dwr/interface/AjaxQqpsService.js HTTP/1.1" 200 16326
120.253.135.82 - - [18/Dec/2021:10:51:11 +0800] "GET /xingrg/dwr/interface/AjaxReportQueryService.js HTTP/1.1" 200 13203
120.253.135.82 - - [18/Dec/2021:10:51:11 +0800] "GET /xingrg/dwr/engine.js HTTP/1.1" 200 43631
124.77.245.186 - - [18/Dec/2021:10:51:11 +0800] "GET /xingrg/all/function/internal_message.html?_=1639795886819&CODE_STATE=getMsg HTTP/1.1" 302 -
114.84.148.232 - - [18/Dec/2021:10:51:12 +0800] "GET /xingrg/all/function/internal_message.html?_=1639795681464&CODE_STATE=getMsg HTTP/1.1" 200 27
180.169.147.146 - - [18/Dec/2021:10:51:13 +0800] "GET /xingrg/check_reg.html?_=1639795869573 HTTP/1.1" 200 22
180.169.147.146 - - [18/Dec/2021:10:51:13 +0800] "GET /xingrg/all/function/internal_message.html?_=1639795869577&CODE_STATE=getMsg HTTP/1.1" 200 27
120.253.135.82 - - [18/Dec/2021:10:51:16 +0800] "GET /xingrg/kc/pszx/mdqp_order_list.html?state=10 HTTP/1.1" 200 10657
120.253.135.82 - - [18/Dec/2021:10:51:16 +0800] "GET /xingrg/dwr/interface/AjaxReportQueryService.js HTTP/1.1" 200 13203
120.253.135.82 - - [18/Dec/2021:10:51:16 +0800] "GET /xingrg/dwr/interface/AjaxQqpsService.js HTTP/1.1" 200 16326
120.253.135.82 - - [18/Dec/2021:10:51:16 +0800] "GET /xingrg/dwr/engine.js HTTP/1.1" 200 43631
116.238.208.177 - - [18/Dec/2021:10:51:16 +0800] "GET /xingrg/javascript/jquery_tools/images/prev.gif HTTP/1.1" 404 1086
116.238.208.177 - - [18/Dec/2021:10:51:16 +0800] "GET /xingrg/javascript/jquery_tools/images/next.gif HTTP/1.1" 404 1086
114.83.222.225 - - [18/Dec/2021:10:51:16 +0800] "GET /xingrg/kc/base/wldb_order_operate.html?command=get_materiel&rest_code=00149&base_code=0010394&code=00101019187 HTTP/1.1" 200 465
124.77.245.186 - - [18/Dec/2021:10:51:17 +0800] "GET /xingrg/kc/buy/cgsh_order_operate.html?command=get_materiel&rest_code=00146&code=00101008286&supplier_code=00100005&order_time=2021-12-18 HTTP/1.1" 200 23
61.151.178.163 - - [18/Dec/2021:10:51:18 +0800] "GET /xingrg/kc/buy/cgsh_order_operate.html?command=get_materiel&rest_code=00106&code=00101008244&supplier_code=00100007&order_time=2021-12-18 HTTP/1.1" 302 -
61.151.178.163 - - [18/Dec/2021:10:51:18 +0800] "GET /xingrg/login.html HTTP/1.1" 200 7641
116.238.208.177 - - [18/Dec/2021:10:51:19 +0800] "GET /xingrg/all/function/internal_message.html?_=1639795878609&CODE_STATE=getMsg HTTP/1.1" 200 27
114.84.148.232 - - [18/Dec/2021:10:51:22 +0800] "POST /xingrg/kc/buy/cgsh_order_operate.html HTTP/1.1" 200 37
116.227.210.113 - - [18/Dec/2021:10:51:22 +0800] "GET /xingrg/kc/buy/cgsh_order_operate.html?command=get_materiel&rest_code=00155&code=00101008356&supplier_code=00100005&order_time=2021-12-18 HTTP/1.1" 200 23
114.83.222.225 - - [18/Dec/2021:10:51:24 +0800] "GET /xingrg/kc/base/wldb_order_operate.html?command=get_materiel&rest_code=00149&base_code=0010394&code=00101019127 HTTP/1.1" 200 464
124.77.245.186 - - [18/Dec/2021:10:51:26 +0800] "POST /xingrg/kc/buy/cgsh_order_operate.html HTTP/1.1" 200 37
114.84.148.232 - - [18/Dec/2021:10:51:27 +0800] "POST /xingrg/kc/buy/cgsh_order_operate.html HTTP/1.1" 200 12
116.227.210.113 - - [18/Dec/2021:10:51:28 +0800] "GET /xingrg/index.html?sysBaseUrl=http%3A%2F%2F180.169.147.146%3A18081%2Fxingrg%2F&costTime=1277×tamp=1606817596806 HTTP/1.1" 200 17179
114.84.148.232 - - [18/Dec/2021:10:51:28 +0800] "GET /xingrg/kc/buy/cgsh_order_info.html?code=212021121807298 HTTP/1.1" 200 60108
124.77.245.186 - - [18/Dec/2021:10:51:28 +0800] "POST /xingrg/kc/buy/cgsh_order_operate.html HTTP/1.1" 200 17448
116.227.210.113 - - [18/Dec/2021:10:51:28 +0800] "GET /favicon.ico HTTP/1.1" 404 -
114.84.148.232 - - [18/Dec/2021:10:51:28 +0800] "GET /xingrg/javascript/easyui/themes/default/validatebox.css HTTP/1.1" 404 1104
116.227.210.113 - - [18/Dec/2021:10:51:28 +0800] "POST /xingrg/all/common/load_tree.html?tree=area_rest_tree_json&manage=1 HTTP/1.1" 200 351
116.227.210.113 - - [18/Dec/2021:10:51:28 +0800] "GET /xingrg/all/function/internal_message.html?_=1639795870802&CODE_STATE=count HTTP/1.1" 200 11
116.227.210.113 - - [18/Dec/2021:10:51:28 +0800] "GET /xingrg/check_reg.html?_=1639795870803 HTTP/1.1" 200 22
116.227.210.113 - - [18/Dec/2021:10:51:28 +0800] "POST /xingrg/load_menu.html HTTP/1.1" 200 5138
114.84.148.232 - - [18/Dec/2021:10:51:29 +0800] "POST /xingrg/kc/buy/cgsh_order_operate.html HTTP/1.1" 200 44899
114.83.222.225 - - [18/Dec/2021:10:51:29 +0800] "GET /xingrg/kc/base/wldb_order_operate.html?command=get_materiel&rest_code=00149&base_code=0010394&code=00101019405 HTTP/1.1" 200 468
124.77.245.186 - - [18/Dec/2021:10:51:30 +0800] "GET /xingrg/all/function/internal_message.html?_=1639795908086&CODE_STATE=getMsg HTTP/1.1" 200 27
114.85.125.222 - - [18/Dec/2021:10:51:31 +0800] "GET /xingrg/all/function/internal_message.html?_=1639795839361&CODE_STATE=getMsg HTTP/1.1" 200 27
114.84.148.232 - - [18/Dec/2021:10:51:32 +0800] "GET /xingrg/kc/print/load_config.html?kc_code=cgsh HTTP/1.1" 200 1943
61.170.234.223 - - [18/Dec/2021:10:51:32 +0800] "GET /xingrg/check_reg.html?_=1639795885060 HTTP/1.1" 200 22
101.85.120.86 - - [18/Dec/2021:10:51:32 +0800] "GET /xingrg/all/function/internal_message.html?_=1639795886842&CODE_STATE=getMsg HTTP/1.1" 200 27
114.84.148.232 - - [18/Dec/2021:10:51:32 +0800] "GET /xingrg/kc/print/load_data.html?order_code=212021121807298&kc_code=cgsh&condition= HTTP/1.1" 200 17457
114.83.222.225 - - [18/Dec/2021:10:51:33 +0800] "GET /xingrg/all/function/internal_message.html?_=1639795888187&CODE_STATE=getMsg HTTP/1.1" 200 27
61.170.234.223 - - [18/Dec/2021:10:51:35 +0800] "GET /xingrg/all/function/internal_message.html?_=1639795893864&CODE_STATE=getMsg HTTP/1.1" 200 27
61.170.234.223 - - [18/Dec/2021:10:51:35 +0800] "GET /xingrg/check_reg.html?_=1639795893867 HTTP/1.1" 200 22
124.77.245.186 - - [18/Dec/2021:10:51:36 +0800] "GET /xingrg/login.html HTTP/1.1" 200 7641
180.175.103.30 - - [18/Dec/2021:10:51:36 +0800] "GET /xingrg/all/function/internal_message.html?_=1639795892211&CODE_STATE=getMsg HTTP/1.1" 200 27
124.77.245.186 - - [18/Dec/2021:10:51:36 +0800] "GET /favicon.ico HTTP/1.1" 404 -
116.227.210.113 - - [18/Dec/2021:10:51:37 +0800] "GET /xingrg/kc/buy/cgsh_order_list.html HTTP/1.1" 200 49429
180.169.147.146 - - [18/Dec/2021:10:51:37 +0800] "GET /xingrg/all/function/internal_message.html?_=1639795894677&CODE_STATE=getMsg HTTP/1.1" 200 27
124.77.245.186 - - [18/Dec/2021:10:51:38 +0800] "POST /xingrg/login.do HTTP/1.1" 302 -
124.77.245.186 - - [18/Dec/2021:10:51:38 +0800] "GET /xingrg/index.html?sysBaseUrl=http%3A%2F%2F180.169.147.146%3A18081%2Fxingrg%2F&costTime=40×tamp=1639795898582 HTTP/1.1" 200 17179
124.77.245.186 - - [18/Dec/2021:10:51:38 +0800] "GET /xingrg/javascript/jquery_easy_ui/themes/default/easyui.css HTTP/1.1" 304 -
124.77.245.186 - - [18/Dec/2021:10:51:38 +0800] "GET /xingrg/javascript/jquery_easy_ui/themes/icon.css HTTP/1.1" 304 -
124.77.245.186 - - [18/Dec/2021:10:51:38 +0800] "GET /xingrg/css/form.css HTTP/1.1" 304 -
124.77.245.186 - - [18/Dec/2021:10:51:38 +0800] "GET /xingrg/javascript/jquery-1.4.2.min.js HTTP/1.1" 304 -
124.77.245.186 - - [18/Dec/2021:10:51:38 +0800] "GET /xingrg/javascript/jquery_easy_ui/jquery.easyui.min.js HTTP/1.1" 304 -
124.77.245.186 - - [18/Dec/2021:10:51:38 +0800] "GET /xingrg/javascript/jquery.utils.js HTTP/1.1" 304 -
124.77.245.186 - - [18/Dec/2021:10:51:38 +0800] "GET /xingrg/javascript/jquery_easy_ui/easyui-lang-zh_CN.js HTTP/1.1" 304 -
124.77.245.186 - - [18/Dec/2021:10:51:38 +0800] "GET /xingrg/javascript/jquery.timers.js HTTP/1.1" 304 -
124.77.245.186 - - [18/Dec/2021:10:51:38 +0800] "GET /xingrg/javascript/jquery.form.js HTTP/1.1" 304 -
124.77.245.186 - - [18/Dec/2021:10:51:38 +0800] "GET /favicon.ico HTTP/1.1" 404 -
116.227.210.113 - - [18/Dec/2021:10:51:38 +0800] "POST /xingrg/kc/buy/cgsh_list_operate.html HTTP/1.1" 200 876
124.77.245.186 - - [18/Dec/2021:10:51:38 +0800] "POST /xingrg/all/common/load_tree.html?tree=area_rest_tree_json&manage=1 HTTP/1.1" 200 479
124.77.245.186 - - [18/Dec/2021:10:51:38 +0800] "GET /xingrg/all/function/internal_message.html?_=1639795916810&CODE_STATE=count HTTP/1.1" 200 11
124.77.245.186 - - [18/Dec/2021:10:51:38 +0800] "GET /xingrg/check_reg.html?_=1639795916811 HTTP/1.1" 200 22
124.77.245.186 - - [18/Dec/2021:10:51:39 +0800] "POST /xingrg/load_menu.html HTTP/1.1" 200 5138
120.253.135.82 - - [18/Dec/2021:10:51:40 +0800] "GET /xingrg/kc/pszx/mdqp_order_list.html?state=10 HTTP/1.1" 200 10657
120.253.135.82 - - [18/Dec/2021:10:51:40 +0800] "GET /xingrg/dwr/interface/AjaxQqpsService.js HTTP/1.1" 200 16326
120.253.135.82 - - [18/Dec/2021:10:51:40 +0800] "GET /xingrg/dwr/interface/AjaxReportQueryService.js HTTP/1.1" 200 13203
120.253.135.82 - - [18/Dec/2021:10:51:40 +0800] "GET /xingrg/dwr/engine.js HTTP/1.1" 200 43631
116.227.210.113 - - [18/Dec/2021:10:51:40 +0800] "GET /xingrg/kc/buy/cgsh_order_add.html HTTP/1.1" 200 65120
116.227.210.113 - - [18/Dec/2021:10:51:40 +0800] "GET /xingrg/words/20211218103523_words.js HTTP/1.1" 304 -
116.227.210.113 - - [18/Dec/2021:10:51:40 +0800] "POST /xingrg/kc/buy/cgsh_order_operate.html HTTP/1.1" 200 8245
116.227.210.113 - - [18/Dec/2021:10:51:40 +0800] "GET /xingrg/all/common/auto_word.html?type=employee&rest_code=00155 HTTP/1.1" 200 205
116.227.210.113 - - [18/Dec/2021:10:51:40 +0800] "GET /xingrg/all/common/auto_word.html?type=employee&rest_code=00155 HTTP/1.1" 200 205
116.227.210.113 - - [18/Dec/2021:10:51:40 +0800] "GET /xingrg/javascript/easyui/themes/default/validatebox.css HTTP/1.1" 404 1104
124.77.245.186 - - [18/Dec/2021:10:51:42 +0800] "GET /xingrg/css/base.css HTTP/1.1" 304 -
124.77.245.186 - - [18/Dec/2021:10:51:42 +0800] "GET /xingrg/css/site.css HTTP/1.1" 304 -
124.77.245.186 - - [18/Dec/2021:10:51:42 +0800] "GET /xingrg/javascript/jquery_tools/datebox.css HTTP/1.1" 304 -
124.77.245.186 - - [18/Dec/2021:10:51:42 +0800] "GET /xingrg/javascript/easyui/themes/default/easyui.css HTTP/1.1" 304 -
124.77.245.186 - - [18/Dec/2021:10:51:42 +0800] "GET /xingrg/javascript/easyui/themes/icon.css HTTP/1.1" 304 -
124.77.245.186 - - [18/Dec/2021:10:51:42 +0800] "GET /xingrg/javascript/auto/jquery.autocomplete.css HTTP/1.1" 304 -
124.77.245.186 - - [18/Dec/2021:10:51:42 +0800] "GET /xingrg/javascript/jquery_tools/fix.css HTTP/1.1" 304 -
124.77.245.186 - - [18/Dec/2021:10:51:42 +0800] "GET /xingrg/javascript/jquery_tools/table.css HTTP/1.1" 304 -
124.77.245.186 - - [18/Dec/2021:10:51:42 +0800] "GET /xingrg/javascript/jquery_tools/jquery.tools.min.js HTTP/1.1" 304 -
124.77.245.186 - - [18/Dec/2021:10:51:42 +0800] "GET /xingrg/javascript/jquery_tools/jquery.tools.extend.js HTTP/1.1" 304 -
124.77.245.186 - - [18/Dec/2021:10:51:42 +0800] "GET /xingrg/javascript/jquery_tools/jquery.tools.hotkey.js HTTP/1.1" 304 -
124.77.245.186 - - [18/Dec/2021:10:51:42 +0800] "GET /xingrg/javascript/jquery_tools/jquery.tools.table.js HTTP/1.1" 304 -
124.77.245.186 - - [18/Dec/2021:10:51:42 +0800] "GET /xingrg/javascript/auto/jquery.autocomplete.js HTTP/1.1" 304 -
124.77.245.186 - - [18/Dec/2021:10:51:42 +0800] "GET /xingrg/javascript/jquery.cookie.js HTTP/1.1" 304 -
124.77.245.186 - - [18/Dec/2021:10:51:42 +0800] "GET /xingrg/javascript/jquery_tools/list_manager.js HTTP/1.1" 304 -
124.77.245.186 - - [18/Dec/2021:10:51:42 +0800] "GET /xingrg/javascript/easyui/easyloader.js HTTP/1.1" 304 -
124.77.245.186 - - [18/Dec/2021:10:51:42 +0800] "GET /xingrg/javascript/print/LodopFuncs.js HTTP/1.1" 304 -
124.77.245.186 - - [18/Dec/2021:10:51:42 +0800] "GET /xingrg/kc/buy/cgsh_order_list.html HTTP/1.1" 200 49429
124.77.245.186 - - [18/Dec/2021:10:51:42 +0800] "GET /xingrg/javascript/easyui/plugins/jquery.parser.js HTTP/1.1" 304 -
116.227.210.113 - - [18/Dec/2021:10:51:43 +0800] "GET /xingrg/javascript/auto/indicator.gif HTTP/1.1" 404 1066
124.77.245.186 - - [18/Dec/2021:10:51:44 +0800] "POST /xingrg/kc/buy/cgsh_list_operate.html HTTP/1.1" 200 1688
120.253.135.82 - - [18/Dec/2021:10:51:44 +0800] "GET /xingrg/all/function/internal_message.html?_=1639795680742&CODE_STATE=getMsg HTTP/1.1" 200 27
116.227.210.113 - - [18/Dec/2021:10:51:45 +0800] "GET /xingrg/javascript/jquery_tools/images/prev.gif HTTP/1.1" 404 1086
116.227.210.113 - - [18/Dec/2021:10:51:45 +0800] "GET /xingrg/javascript/jquery_tools/images/next.gif HTTP/1.1" 404 1086
124.77.245.186 - - [18/Dec/2021:10:51:46 +0800] "POST /xingrg/kc/buy/cgsh_list_operate.html HTTP/1.1" 200 563
124.77.245.186 - - [18/Dec/2021:10:51:48 +0800] "GET /xingrg/javascript/pic_change.js HTTP/1.1" 304 -
124.77.245.186 - - [18/Dec/2021:10:51:48 +0800] "GET /xingrg/javascript/json2.js HTTP/1.1" 304 -
124.77.245.186 - - [18/Dec/2021:10:51:48 +0800] "GET /xingrg/javascript/convert.js HTTP/1.1" 304 -
124.77.245.186 - - [18/Dec/2021:10:51:48 +0800] "GET /xingrg/javascript/print/kc_print.js HTTP/1.1" 304 -
124.77.245.186 - - [18/Dec/2021:10:51:48 +0800] "GET /xingrg/javascript/jquery_tools/order_manager.js HTTP/1.1" 304 -
124.77.245.186 - - [18/Dec/2021:10:51:48 +0800] "GET /xingrg/kc/buy/cgsh_order_info.html?code=212021121807261 HTTP/1.1" 200 65167
124.77.245.186 - - [18/Dec/2021:10:51:48 +0800] "GET /xingrg/words/20211218103523_words.js HTTP/1.1" 200 880383
124.77.245.186 - - [18/Dec/2021:10:51:48 +0800] "GET /xingrg/all/common/auto_word.html?type=employee&rest_code=00146 HTTP/1.1" 200 101
124.77.245.186 - - [18/Dec/2021:10:51:49 +0800] "GET /xingrg/all/common/auto_word.html?type=employee&rest_code=00146 HTTP/1.1" 200 101
124.77.245.186 - - [18/Dec/2021:10:51:49 +0800] "GET /xingrg/javascript/easyui/themes/default/validatebox.css HTTP/1.1" 404 1104
124.77.245.186 - - [18/Dec/2021:10:51:49 +0800] "GET /xingrg/javascript/easyui/plugins/jquery.validatebox.js HTTP/1.1" 304 -
124.77.245.186 - - [18/Dec/2021:10:51:49 +0800] "GET /xingrg/javascript/easyui/plugins/jquery.numberbox.js HTTP/1.1" 304 -
61.170.234.223 - - [18/Dec/2021:10:51:49 +0800] "GET /xingrg/all/function/internal_message.html?_=1639795902218&CODE_STATE=getMsg HTTP/1.1" 200 27
124.77.245.186 - - [18/Dec/2021:10:51:49 +0800] "POST /xingrg/kc/buy/cgsh_order_operate.html HTTP/1.1" 200 17448
116.238.208.177 - - [18/Dec/2021:10:51:49 +0800] "GET /xingrg/all/function/internal_message.html?_=1639795912019&CODE_STATE=getMsg HTTP/1.1" 200 27
116.227.210.113 - - [18/Dec/2021:10:51:51 +0800] "GET /xingrg/kc/buy/cgsh_order_operate.html?command=get_materiel&rest_code=00155&code=00101008072&supplier_code=00100005&order_time=2021-12-18 HTTP/1.1" 200 408
114.83.222.225 - - [18/Dec/2021:10:51:51 +0800] "POST /xingrg/kc/base/wldb_order_operate.html HTTP/1.1" 200 37
114.83.222.225 - - [18/Dec/2021:10:51:52 +0800] "POST /xingrg/kc/base/wldb_order_operate.html HTTP/1.1" 200 9832
114.83.222.225 - - [18/Dec/2021:10:51:52 +0800] "GET /xingrg/kc/base/wldb_order_info.html?code=422021121801867 HTTP/1.1" 200 30294
114.83.222.225 - - [18/Dec/2021:10:51:52 +0800] "GET /xingrg/words/20211218103523_words.js HTTP/1.1" 304 -
114.83.222.225 - - [18/Dec/2021:10:51:52 +0800] "GET /xingrg/javascript/easyui/themes/default/validatebox.css HTTP/1.1" 404 1104
114.83.222.225 - - [18/Dec/2021:10:51:53 +0800] "POST /xingrg/kc/base/wldb_order_operate.html HTTP/1.1" 200 9832
61.170.234.223 - - [18/Dec/2021:10:51:57 +0800] "GET /xingrg/kc/buy/cgsh_order_operate.html?command=get_materiel&rest_code=00106&code=00101008059&supplier_code=00100007&order_time=2021-12-18 HTTP/1.1" 200 408
124.77.245.186 - - [18/Dec/2021:10:51:57 +0800] "GET /xingrg/javascript/auto/indicator.gif HTTP/1.1" 404 1066
116.227.210.113 - - [18/Dec/2021:10:51:58 +0800] "GET /xingrg/kc/buy/cgsh_order_operate.html?command=get_materiel&rest_code=00155&code=00101008210&supplier_code=00100005&order_time=2021-12-18 HTTP/1.1" 200 408
61.170.234.223 - - [18/Dec/2021:10:51:59 +0800] "POST /xingrg/kc/buy/cgsh_order_operate.html HTTP/1.1" 200 2065
222.70.176.97 - - [18/Dec/2021:10:52:00 +0800] "GET /xingrg/all/function/internal_message.html?_=1639795916893&CODE_STATE=getMsg HTTP/1.1" 200 27
172.20.0.100 - - [18/Dec/2021:10:52:01 +0800] "GET /xingrg/all/function/internal_message.html?_=1639795917596&CODE_STATE=getMsg HTTP/1.1" 200 27
124.77.245.186 - - [18/Dec/2021:10:52:03 +0800] "GET /xingrg/kc/buy/cgsh_order_operate.html?command=get_materiel&rest_code=00146&code=00101008286&supplier_code=00100005&order_time=2021-12-18 HTTP/1.1" 200 408
116.227.210.113 - - [18/Dec/2021:10:52:03 +0800] "GET /xingrg/kc/buy/cgsh_order_operate.html?command=get_materiel&rest_code=00155&code=00101008290&supplier_code=00100005&order_time=2021-12-18 HTTP/1.1" 200 416
61.170.234.223 - - [18/Dec/2021:10:52:07 +0800] "GET /xingrg/kc/buy/cgsh_order_operate.html?command=get_materiel&rest_code=00106&code=00101008108&supplier_code=00100007&order_time=2021-12-18 HTTP/1.1" 200 412
116.227.210.113 - - [18/Dec/2021:10:52:08 +0800] "GET /xingrg/kc/buy/cgsh_order_operate.html?command=get_materiel&rest_code=00155&code=00101008141&supplier_code=00100005&order_time=2021-12-18 HTTP/1.1" 200 412
116.238.208.177 - - [18/Dec/2021:10:52:09 +0800] "GET /xingrg/kc/buy/cgsh_order_operate.html?command=get_materiel&rest_code=00102&code=00101008219&supplier_code=00100008&order_time=2021-12-18 HTTP/1.1" 200 412
124.77.245.186 - - [18/Dec/2021:10:52:11 +0800] "GET /xingrg/all/function/internal_message.html?_=1639795946835&CODE_STATE=getMsg HTTP/1.1" 302 -
114.84.148.232 - - [18/Dec/2021:10:52:12 +0800] "GET /xingrg/check_reg.html?_=1639795741477 HTTP/1.1" 200 22
114.84.148.232 - - [18/Dec/2021:10:52:12 +0800] "GET /xingrg/all/function/internal_message.html?_=1639795741479&CODE_STATE=getMsg HTTP/1.1" 200 27
180.169.147.146 - - [18/Dec/2021:10:52:13 +0800] "GET /xingrg/all/function/internal_message.html?_=1639795929572&CODE_STATE=getMsg HTTP/1.1" 200 27
61.151.207.141 - - [18/Dec/2021:10:52:13 +0800] "GET /xingrg/kc/buy/cgsh_order_operate.html?command=get_materiel&rest_code=00106&code=00101008236&supplier_code=00100007&order_time=2021-12-18 HTTP/1.1" 302 -
61.151.207.141 - - [18/Dec/2021:10:52:14 +0800] "GET /xingrg/login.html HTTP/1.1" 200 7641
