180.175.103.30 - - [17/Dec/2021:11:11:21 +0800] "GET /xingrg/all/function/internal_message.html?_=1639710615110&CODE_STATE=getMsg HTTP/1.1" 200 27
222.70.176.97 - - [17/Dec/2021:11:11:23 +0800] "GET /xingrg/all/function/internal_message.html?_=1639710339596&CODE_STATE=getMsg HTTP/1.1" 302 -
116.235.94.0 - - [17/Dec/2021:11:11:25 +0800] "POST /xingrg/dwr/call/plaincall/AjaxQqpsService.getMaterielByCode.dwr HTTP/1.1" 200 2627
61.170.234.223 - - [17/Dec/2021:11:11:28 +0800] "GET /xingrg/kc/base/wldb_order_add.html HTTP/1.1" 200 30274
61.170.234.223 - - [17/Dec/2021:11:11:28 +0800] "GET /xingrg/all/common/auto_word.html?type=base&rest_code=00106 HTTP/1.1" 200 1799
61.170.234.223 - - [17/Dec/2021:11:11:28 +0800] "GET /xingrg/all/common/auto_word.html?type=base&rest_code=00106 HTTP/1.1" 200 1799
61.170.234.223 - - [17/Dec/2021:11:11:28 +0800] "GET /xingrg/javascript/easyui/themes/default/validatebox.css HTTP/1.1" 404 1104
61.170.234.223 - - [17/Dec/2021:11:11:28 +0800] "POST /xingrg/kc/base/wldb_order_operate.html HTTP/1.1" 200 6806
116.238.208.177 - - [17/Dec/2021:11:11:28 +0800] "GET /xingrg/all/function/internal_message.html?_=1639710690795&CODE_STATE=getMsg HTTP/1.1" 200 27
101.85.120.86 - - [17/Dec/2021:11:11:29 +0800] "GET /xingrg/all/function/internal_message.html?_=1639710685667&CODE_STATE=getMsg HTTP/1.1" 200 27
116.235.94.0 - - [17/Dec/2021:11:11:29 +0800] "POST /xingrg/dwr/call/plaincall/AjaxQqpsService.saveMaterielItem.dwr HTTP/1.1" 200 78
61.170.234.223 - - [17/Dec/2021:11:11:30 +0800] "POST /xingrg/all/common/load_combo.html?type=base HTTP/1.1" 200 3227
116.235.94.0 - - [17/Dec/2021:11:11:33 +0800] "POST /xingrg/dwr/call/plaincall/AjaxQqpsService.checkOrder.dwr HTTP/1.1" 200 78
116.235.94.0 - - [17/Dec/2021:11:11:33 +0800] "GET /xingrg/kc/mdqp/qqps_order_info.html?code=302021121700335 HTTP/1.1" 200 26708
116.235.94.0 - - [17/Dec/2021:11:11:33 +0800] "GET /xingrg/dwr/interface/AjaxQqpsService.js HTTP/1.1" 200 16326
116.235.94.0 - - [17/Dec/2021:11:11:33 +0800] "GET /xingrg/dwr/interface/AjaxComOrderService.js HTTP/1.1" 200 18264
116.235.94.0 - - [17/Dec/2021:11:11:33 +0800] "GET /xingrg/dwr/engine.js HTTP/1.1" 200 43631
116.235.94.0 - - [17/Dec/2021:11:11:34 +0800] "POST /xingrg/dwr/call/plaincall/AjaxQqpsService.loadMaterielItems.dwr HTTP/1.1" 200 346
116.238.248.233 - - [17/Dec/2021:11:11:34 +0800] "GET /xingrg/all/function/internal_message.html?_=1639710691010&CODE_STATE=getMsg HTTP/1.1" 200 27
61.170.234.223 - - [17/Dec/2021:11:11:34 +0800] "POST /xingrg/all/common/load_combo.html?type=base HTTP/1.1" 200 3227
61.151.207.141 - - [17/Dec/2021:11:11:34 +0800] "GET /xingrg/kc/print/load_data.html?order_code=212021121706839&kc_code=cgsh HTTP/1.1" 302 -
61.151.207.141 - - [17/Dec/2021:11:11:35 +0800] "GET /xingrg/login.html HTTP/1.1" 200 7641
114.85.125.222 - - [17/Dec/2021:11:11:41 +0800] "GET /xingrg/all/function/internal_message.html?_=1639710650569&CODE_STATE=getMsg HTTP/1.1" 200 27
114.88.158.169 - - [17/Dec/2021:11:11:44 +0800] "GET /xingrg/kc/mdqp/qp_main.html HTTP/1.1" 200 10633
114.88.158.169 - - [17/Dec/2021:11:11:45 +0800] "GET /xingrg/images/yd/bt.gif HTTP/1.1" 404 1040
114.88.158.169 - - [17/Dec/2021:11:11:45 +0800] "GET /xingrg/kc/mdqp/qqps_order_list.html HTTP/1.1" 200 9222
114.88.158.169 - - [17/Dec/2021:11:11:45 +0800] "GET /xingrg/dwr/interface/AjaxReportQueryService.js HTTP/1.1" 200 13203
114.88.158.169 - - [17/Dec/2021:11:11:45 +0800] "GET /xingrg/dwr/interface/AjaxQqpsService.js HTTP/1.1" 200 16326
114.88.158.169 - - [17/Dec/2021:11:11:45 +0800] "GET /xingrg/dwr/engine.js HTTP/1.1" 200 43631
114.88.158.169 - - [17/Dec/2021:11:11:45 +0800] "GET /xingrg/dwr/util.js HTTP/1.1" 304 -
114.88.158.169 - - [17/Dec/2021:11:11:46 +0800] "GET /xingrg/all/function/internal_message.html?_=1639710516726&CODE_STATE=getMsg HTTP/1.1" 200 27
61.170.234.223 - - [17/Dec/2021:11:11:46 +0800] "GET /xingrg/all/function/internal_message.html?_=1639710703828&CODE_STATE=getMsg HTTP/1.1" 200 27
116.235.94.0 - - [17/Dec/2021:11:11:47 +0800] "GET /xingrg/kc/base/wldb_order_list.html HTTP/1.1" 200 19066
114.88.158.169 - - [17/Dec/2021:11:11:47 +0800] "GET /xingrg/kc/mdqp/qqps_order_add.html HTTP/1.1" 200 28231
114.88.158.169 - - [17/Dec/2021:11:11:47 +0800] "GET /xingrg/dwr/interface/AjaxComOrderService.js HTTP/1.1" 200 18264
114.88.158.169 - - [17/Dec/2021:11:11:47 +0800] "GET /xingrg/dwr/engine.js HTTP/1.1" 200 43631
114.88.158.169 - - [17/Dec/2021:11:11:47 +0800] "GET /xingrg/dwr/interface/AjaxQqpsService.js HTTP/1.1" 200 16326
116.235.94.0 - - [17/Dec/2021:11:11:47 +0800] "POST /xingrg/kc/base/wldb_list_operate.html HTTP/1.1" 200 3791
120.253.135.82 - - [17/Dec/2021:11:11:50 +0800] "GET /xingrg/all/function/internal_message.html?_=1639710706950&CODE_STATE=getMsg HTTP/1.1" 200 27
180.175.103.30 - - [17/Dec/2021:11:11:50 +0800] "GET /xingrg/all/function/internal_message.html?_=1639710707315&CODE_STATE=getMsg HTTP/1.1" 200 27
114.83.216.59 - - [17/Dec/2021:11:11:51 +0800] "GET /xingrg/all/function/internal_message.html?_=1639710707748&CODE_STATE=getMsg HTTP/1.1" 200 27
116.235.94.0 - - [17/Dec/2021:11:11:51 +0800] "GET /xingrg/kc/base/wldb_order_add.html HTTP/1.1" 200 30280
116.235.94.0 - - [17/Dec/2021:11:11:52 +0800] "GET /xingrg/javascript/easyui/themes/default/validatebox.css HTTP/1.1" 404 1104
116.235.94.0 - - [17/Dec/2021:11:11:52 +0800] "POST /xingrg/kc/base/wldb_order_operate.html HTTP/1.1" 200 6806
101.85.120.86 - - [17/Dec/2021:11:11:53 +0800] "GET /xingrg/kc/buy/cgsh_order_operate.html?command=get_materiel&rest_code=00142&code=00101008005&supplier_code=00100161&order_time=2021-12-17 HTTP/1.1" 200 412
61.170.234.223 - - [17/Dec/2021:11:11:55 +0800] "GET /xingrg/javascript/auto/indicator.gif HTTP/1.1" 404 1066
61.170.234.223 - - [17/Dec/2021:11:12:01 +0800] "GET /xingrg/kc/base/wldb_order_operate.html?command=get_materiel&rest_code=00106&base_code=0010396&code=00101019390 HTTP/1.1" 200 456
116.235.94.0 - - [17/Dec/2021:11:12:02 +0800] "GET /xingrg/all/function/internal_message.html?_=1639710739539&CODE_STATE=getMsg HTTP/1.1" 200 27
114.88.158.169 - - [17/Dec/2021:11:12:03 +0800] "POST /xingrg/dwr/call/plaincall/AjaxQqpsService.saveOrder.dwr HTTP/1.1" 200 78
61.170.234.223 - - [17/Dec/2021:11:12:04 +0800] "GET /xingrg/all/function/internal_message.html?_=1639710718314&CODE_STATE=getMsg HTTP/1.1" 200 27
116.233.78.125 - - [17/Dec/2021:11:12:05 +0800] "GET /xingrg/all/function/internal_message.html?_=1639710724789&CODE_STATE=getMsg HTTP/1.1" 200 27
116.227.210.113 - - [17/Dec/2021:11:12:06 +0800] "POST /xingrg/services/DataTransmitService HTTP/1.1" 200 524
116.227.210.113 - - [17/Dec/2021:11:12:06 +0800] "POST /xingrg/services/DataTransmitService HTTP/1.1" 200 412
101.85.120.86 - - [17/Dec/2021:11:12:07 +0800] "GET /xingrg/kc/buy/cgsh_order_operate.html?command=get_materiel&rest_code=00142&code=00101008049&supplier_code=00100161&order_time=2021-12-17 HTTP/1.1" 200 408
124.77.245.186 - - [17/Dec/2021:11:12:07 +0800] "GET /xingrg/all/function/internal_message.html?_=1639710742256&CODE_STATE=getMsg HTTP/1.1" 200 27
61.170.234.223 - - [17/Dec/2021:11:12:08 +0800] "POST /xingrg/kc/base/wldb_order_operate.html HTTP/1.1" 200 37
61.170.234.223 - - [17/Dec/2021:11:12:08 +0800] "GET /xingrg/kc/buy/cgsh_order_add.html HTTP/1.1" 200 65199
61.170.234.223 - - [17/Dec/2021:11:12:09 +0800] "POST /xingrg/kc/base/wldb_order_operate.html HTTP/1.1" 200 2210
61.170.234.223 - - [17/Dec/2021:11:12:09 +0800] "GET /xingrg/javascript/easyui/themes/default/validatebox.css HTTP/1.1" 404 1104
61.170.234.223 - - [17/Dec/2021:11:12:09 +0800] "POST /xingrg/kc/buy/cgsh_order_operate.html HTTP/1.1" 200 8245
61.170.234.223 - - [17/Dec/2021:11:12:09 +0800] "GET /xingrg/kc/base/wldb_order_info.html?code=422021121701767 HTTP/1.1" 200 30287
222.70.176.97 - - [17/Dec/2021:11:12:09 +0800] "GET /xingrg/all/function/internal_message.html?_=1639710725212&CODE_STATE=getMsg HTTP/1.1" 200 27
61.170.234.223 - - [17/Dec/2021:11:12:09 +0800] "GET /xingrg/javascript/easyui/themes/default/validatebox.css HTTP/1.1" 404 1104
61.170.234.223 - - [17/Dec/2021:11:12:10 +0800] "POST /xingrg/kc/base/wldb_order_operate.html HTTP/1.1" 200 2210
124.77.245.186 - - [17/Dec/2021:11:12:12 +0800] "GET /xingrg/all/function/internal_message.html?_=1639710744422&CODE_STATE=getMsg HTTP/1.1" 302 -
61.170.234.223 - - [17/Dec/2021:11:12:13 +0800] "GET /xingrg/kc/base/wldb_order_add.html HTTP/1.1" 200 30274
61.170.234.223 - - [17/Dec/2021:11:12:14 +0800] "POST /xingrg/kc/base/wldb_order_operate.html HTTP/1.1" 200 6806
61.170.234.223 - - [17/Dec/2021:11:12:14 +0800] "GET /xingrg/javascript/easyui/themes/default/validatebox.css HTTP/1.1" 404 1104
61.170.234.223 - - [17/Dec/2021:11:12:15 +0800] "POST /xingrg/all/common/load_combo.html?type=base HTTP/1.1" 200 3227
116.227.210.113 - - [17/Dec/2021:11:12:16 +0800] "GET /xingrg/all/function/internal_message.html?_=1639710720553&CODE_STATE=getMsg HTTP/1.1" 200 27
114.88.158.169 - - [17/Dec/2021:11:12:16 +0800] "POST /xingrg/dwr/call/plaincall/AjaxQqpsService.getMaterielByCode.dwr HTTP/1.1" 200 2612
116.235.94.0 - - [17/Dec/2021:11:12:17 +0800] "GET /xingrg/all/function/internal_message.html?_=1639710859390&CODE_STATE=getMsg HTTP/1.1" 200 27
61.170.234.223 - - [17/Dec/2021:11:12:19 +0800] "POST /xingrg/all/common/load_combo.html?type=base HTTP/1.1" 200 3227
180.175.103.30 - - [17/Dec/2021:11:12:21 +0800] "GET /xingrg/check_reg.html?_=1639710675111 HTTP/1.1" 200 22
180.175.103.30 - - [17/Dec/2021:11:12:21 +0800] "GET /xingrg/all/function/internal_message.html?_=1639710675109&CODE_STATE=getMsg HTTP/1.1" 200 27
222.70.176.97 - - [17/Dec/2021:11:12:23 +0800] "GET /xingrg/all/function/internal_message.html?_=1639710399597&CODE_STATE=getMsg HTTP/1.1" 302 -
101.85.120.86 - - [17/Dec/2021:11:12:24 +0800] "GET /xingrg/kc/buy/cgsh_order_operate.html?command=get_materiel&rest_code=00142&code=00101008261&supplier_code=00100161&order_time=2021-12-17 HTTP/1.1" 200 408
101.85.120.86 - - [17/Dec/2021:11:12:29 +0800] "GET /xingrg/all/function/internal_message.html?_=1639710745675&CODE_STATE=getMsg HTTP/1.1" 200 27
116.238.208.177 - - [17/Dec/2021:11:12:29 +0800] "GET /xingrg/all/function/internal_message.html?_=1639710751464&CODE_STATE=getMsg HTTP/1.1" 200 27
116.238.248.233 - - [17/Dec/2021:11:12:34 +0800] "GET /xingrg/all/function/internal_message.html?_=1639710751059&CODE_STATE=getMsg HTTP/1.1" 200 27
61.151.178.163 - - [17/Dec/2021:11:12:35 +0800] "GET /xingrg/kc/buy/cgsh_order_operate.html?command=get_materiel&rest_code=00106&code=00101008271&supplier_code=00100007&order_time=2021-12-17 HTTP/1.1" 302 -
61.151.178.163 - - [17/Dec/2021:11:12:36 +0800] "GET /xingrg/login.html HTTP/1.1" 200 7641
61.170.234.223 - - [17/Dec/2021:11:12:37 +0800] "GET /xingrg/javascript/easyui/themes/default/tree.css HTTP/1.1" 404 1090
61.170.234.223 - - [17/Dec/2021:11:12:37 +0800] "POST /xingrg/all/common/load_tree.html?tree=supplier_tree_json&isDelete=1 HTTP/1.1" 200 61427
101.85.120.86 - - [17/Dec/2021:11:12:38 +0800] "GET /xingrg/kc/buy/cgsh_order_operate.html?command=get_materiel&rest_code=00142&code=00101008268&supplier_code=00100161&order_time=2021-12-17 HTTP/1.1" 200 408
114.85.125.222 - - [17/Dec/2021:11:12:41 +0800] "GET /xingrg/all/function/internal_message.html?_=1639710710583&CODE_STATE=getMsg HTTP/1.1" 200 27
114.88.158.169 - - [17/Dec/2021:11:12:46 +0800] "GET /xingrg/all/function/internal_message.html?_=1639710576716&CODE_STATE=getMsg HTTP/1.1" 200 27
61.170.234.223 - - [17/Dec/2021:11:12:46 +0800] "GET /xingrg/all/function/internal_message.html?_=1639710763834&CODE_STATE=getMsg HTTP/1.1" 200 27
61.170.234.223 - - [17/Dec/2021:11:12:49 +0800] "GET /xingrg/kc/buy/cgsh_order_operate.html?command=get_materiel&rest_code=00106&code=00101007067&supplier_code=00100016&order_time=2021-12-17 HTTP/1.1" 200 411
101.85.120.86 - - [17/Dec/2021:11:12:50 +0800] "GET /xingrg/kc/buy/cgsh_order_operate.html?command=get_materiel&rest_code=00142&code=00101008059&supplier_code=00100161&order_time=2021-12-17 HTTP/1.1" 200 408
120.253.135.82 - - [17/Dec/2021:11:12:50 +0800] "GET /xingrg/all/function/internal_message.html?_=1639710766963&CODE_STATE=getMsg HTTP/1.1" 200 27
180.175.103.30 - - [17/Dec/2021:11:12:50 +0800] "GET /xingrg/check_reg.html?_=1639710767306 HTTP/1.1" 200 22
180.175.103.30 - - [17/Dec/2021:11:12:50 +0800] "GET /xingrg/all/function/internal_message.html?_=1639710767309&CODE_STATE=getMsg HTTP/1.1" 200 27
114.83.216.59 - - [17/Dec/2021:11:12:51 +0800] "GET /xingrg/all/function/internal_message.html?_=1639710767764&CODE_STATE=getMsg HTTP/1.1" 200 27
114.83.216.59 - - [17/Dec/2021:11:12:51 +0800] "GET /xingrg/check_reg.html?_=1639710767766 HTTP/1.1" 200 22
116.235.94.0 - - [17/Dec/2021:11:12:53 +0800] "GET /xingrg/check_reg.html?_=1639710790874 HTTP/1.1" 200 22
101.85.120.86 - - [17/Dec/2021:11:12:59 +0800] "GET /xingrg/kc/buy/cgsh_order_operate.html?command=get_materiel&rest_code=00142&code=00101008370&supplier_code=00100161&order_time=2021-12-17 HTTP/1.1" 200 412
61.170.234.223 - - [17/Dec/2021:11:13:01 +0800] "GET /xingrg/kc/buy/cgsh_order_operate.html?command=get_materiel&rest_code=00106&code=00101006094&supplier_code=00100016&order_time=2021-12-17 HTTP/1.1" 200 410
116.235.94.0 - - [17/Dec/2021:11:13:02 +0800] "GET /xingrg/all/function/internal_message.html?_=1639710799543&CODE_STATE=getMsg HTTP/1.1" 200 27
120.253.135.82 - - [17/Dec/2021:11:13:03 +0800] "GET /xingrg/check_reg.html?_=1639710559798 HTTP/1.1" 200 22
61.170.234.223 - - [17/Dec/2021:11:13:04 +0800] "GET /xingrg/all/function/internal_message.html?_=1639710778303&CODE_STATE=getMsg HTTP/1.1" 200 27
124.77.245.186 - - [17/Dec/2021:11:13:05 +0800] "GET /xingrg/check_reg.html?_=1639710799814 HTTP/1.1" 200 22
114.88.158.169 - - [17/Dec/2021:11:13:05 +0800] "POST /xingrg/dwr/call/plaincall/AjaxQqpsService.getMaterielByCode.dwr HTTP/1.1" 200 2605
116.233.78.125 - - [17/Dec/2021:11:13:05 +0800] "GET /xingrg/all/function/internal_message.html?_=1639710784792&CODE_STATE=getMsg HTTP/1.1" 200 27
116.233.78.125 - - [17/Dec/2021:11:13:05 +0800] "GET /xingrg/check_reg.html?_=1639710784794 HTTP/1.1" 200 22
124.77.245.186 - - [17/Dec/2021:11:13:07 +0800] "GET /xingrg/all/function/internal_message.html?_=1639710802271&CODE_STATE=getMsg HTTP/1.1" 200 27
222.70.176.97 - - [17/Dec/2021:11:13:09 +0800] "GET /xingrg/all/function/internal_message.html?_=1639710785197&CODE_STATE=getMsg HTTP/1.1" 200 27
61.170.234.223 - - [17/Dec/2021:11:13:10 +0800] "GET /xingrg/kc/buy/cgsh_order_operate.html?command=get_materiel&rest_code=00106&code=00101006038&supplier_code=00100016&order_time=2021-12-17 HTTP/1.1" 200 423
124.77.245.186 - - [17/Dec/2021:11:13:12 +0800] "GET /xingrg/all/function/internal_message.html?_=1639710804435&CODE_STATE=getMsg HTTP/1.1" 302 -
101.85.120.86 - - [17/Dec/2021:11:13:14 +0800] "GET /xingrg/kc/buy/cgsh_order_operate.html?command=get_materiel&rest_code=00142&code=00101008199&supplier_code=00100161&order_time=2021-12-17 HTTP/1.1" 200 408
61.151.178.249 - - [17/Dec/2021:11:13:14 +0800] "GET /xingrg/all/function/internal_message.html?_=1639708604213&CODE_STATE=getMsg HTTP/1.1" 302 -
116.227.210.113 - - [17/Dec/2021:11:13:16 +0800] "GET /xingrg/all/function/internal_message.html?_=1639710780547&CODE_STATE=getMsg HTTP/1.1" 200 27
61.151.178.249 - - [17/Dec/2021:11:13:16 +0800] "GET /xingrg/login.html HTTP/1.1" 200 7641
116.235.94.0 - - [17/Dec/2021:11:13:17 +0800] "GET /xingrg/all/function/internal_message.html?_=1639710919384&CODE_STATE=getMsg HTTP/1.1" 200 27
116.235.94.0 - - [17/Dec/2021:11:13:20 +0800] "GET /xingrg/javascript/jquery_easy_ui/themes/default/images/tabs_active.png HTTP/1.1" 200 2894
180.175.103.30 - - [17/Dec/2021:11:13:21 +0800] "GET /xingrg/all/function/internal_message.html?_=1639710735110&CODE_STATE=getMsg HTTP/1.1" 200 27
222.70.176.97 - - [17/Dec/2021:11:13:23 +0800] "GET /xingrg/all/function/internal_message.html?_=1639710459596&CODE_STATE=getMsg HTTP/1.1" 302 -
222.70.176.97 - - [17/Dec/2021:11:13:23 +0800] "GET /xingrg/check_reg.html?_=1639710459598 HTTP/1.1" 302 -
61.170.234.223 - - [17/Dec/2021:11:13:26 +0800] "POST /xingrg/kc/buy/cgsh_order_operate.html HTTP/1.1" 200 37
101.85.120.86 - - [17/Dec/2021:11:13:27 +0800] "GET /xingrg/kc/buy/cgsh_order_operate.html?command=get_materiel&rest_code=00142&code=00101008361&supplier_code=00100161&order_time=2021-12-17 HTTP/1.1" 200 408
101.85.120.86 - - [17/Dec/2021:11:13:29 +0800] "GET /xingrg/all/function/internal_message.html?_=1639710805659&CODE_STATE=getMsg HTTP/1.1" 200 27
116.238.208.177 - - [17/Dec/2021:11:13:29 +0800] "GET /xingrg/all/function/internal_message.html?_=1639710811493&CODE_STATE=getMsg HTTP/1.1" 200 27
61.170.234.223 - - [17/Dec/2021:11:13:30 +0800] "POST /xingrg/kc/buy/cgsh_order_operate.html HTTP/1.1" 200 12
61.170.234.223 - - [17/Dec/2021:11:13:31 +0800] "GET /xingrg/kc/buy/cgsh_order_info.html?code=212021121706876 HTTP/1.1" 200 60110
61.170.234.223 - - [17/Dec/2021:11:13:32 +0800] "GET /xingrg/javascript/easyui/themes/default/validatebox.css HTTP/1.1" 404 1104
61.170.234.223 - - [17/Dec/2021:11:13:32 +0800] "POST /xingrg/kc/buy/cgsh_order_operate.html HTTP/1.1" 200 1797
116.238.248.233 - - [17/Dec/2021:11:13:34 +0800] "GET /xingrg/all/function/internal_message.html?_=1639710811111&CODE_STATE=getMsg HTTP/1.1" 200 27
222.70.176.97 - - [17/Dec/2021:11:13:35 +0800] "POST /xingrg/kc/buy/cgsh_list_operate.html HTTP/1.1" 200 5472
61.170.234.223 - - [17/Dec/2021:11:13:35 +0800] "GET /xingrg/kc/print/load_data.html?order_code=212021121706876&kc_code=cgsh&condition= HTTP/1.1" 200 1214
101.85.120.86 - - [17/Dec/2021:11:13:35 +0800] "GET /xingrg/kc/buy/cgsh_order_operate.html?command=get_materiel&rest_code=00142&code=00101008155&supplier_code=00100161&order_time=2021-12-17 HTTP/1.1" 200 408
114.85.125.222 - - [17/Dec/2021:11:13:40 +0800] "GET /xingrg/check_reg.html?_=1639710770013 HTTP/1.1" 200 22
114.85.125.222 - - [17/Dec/2021:11:13:41 +0800] "GET /xingrg/all/function/internal_message.html?_=1639710770596&CODE_STATE=getMsg HTTP/1.1" 200 27
61.170.234.223 - - [17/Dec/2021:11:13:41 +0800] "GET /xingrg/kc/print/load_data.html?order_code=212021121706876&kc_code=cgsh HTTP/1.1" 200 1214
101.85.120.86 - - [17/Dec/2021:11:13:45 +0800] "GET /xingrg/kc/buy/cgsh_order_operate.html?command=get_materiel&rest_code=00142&code=00101008097&supplier_code=00100161&order_time=2021-12-17 HTTP/1.1" 200 408
114.88.158.169 - - [17/Dec/2021:11:13:46 +0800] "GET /xingrg/all/function/internal_message.html?_=1639710636694&CODE_STATE=getMsg HTTP/1.1" 200 27
61.170.234.223 - - [17/Dec/2021:11:13:50 +0800] "GET /xingrg/login.html?r=1 HTTP/1.1" 200 7641
120.253.135.82 - - [17/Dec/2021:11:13:50 +0800] "GET /xingrg/check_reg.html?_=1639710826599 HTTP/1.1" 200 22
61.170.234.223 - - [17/Dec/2021:11:13:50 +0800] "GET /favicon.ico HTTP/1.1" 404 -
120.253.135.82 - - [17/Dec/2021:11:13:50 +0800] "GET /xingrg/all/function/internal_message.html?_=1639710826977&CODE_STATE=getMsg HTTP/1.1" 200 27
180.175.103.30 - - [17/Dec/2021:11:13:50 +0800] "GET /xingrg/all/function/internal_message.html?_=1639710827314&CODE_STATE=getMsg HTTP/1.1" 200 27
114.83.216.59 - - [17/Dec/2021:11:13:51 +0800] "GET /xingrg/all/function/internal_message.html?_=1639710827756&CODE_STATE=getMsg HTTP/1.1" 200 27
61.170.234.223 - - [17/Dec/2021:11:13:54 +0800] "GET /xingrg/check_reg.html?_=1639710828527 HTTP/1.1" 200 22
61.170.234.223 - - [17/Dec/2021:11:13:56 +0800] "POST /xingrg/login.do HTTP/1.1" 302 -
61.170.234.223 - - [17/Dec/2021:11:13:56 +0800] "GET /xingrg/index.html?sysBaseUrl=http%3A%2F%2F180.169.147.146%3A18081%2Fxingrg%2F&costTime=42×tamp=1639710836734 HTTP/1.1" 200 17173
61.170.234.223 - - [17/Dec/2021:11:13:56 +0800] "GET /favicon.ico HTTP/1.1" 404 -
61.170.234.223 - - [17/Dec/2021:11:13:56 +0800] "POST /xingrg/all/common/load_tree.html?tree=area_rest_tree_json&manage=1 HTTP/1.1" 200 342
61.170.234.223 - - [17/Dec/2021:11:13:56 +0800] "GET /xingrg/all/function/internal_message.html?_=1639710834649&CODE_STATE=count HTTP/1.1" 200 11
61.170.234.223 - - [17/Dec/2021:11:13:56 +0800] "GET /xingrg/check_reg.html?_=1639710834650 HTTP/1.1" 200 22
61.170.234.223 - - [17/Dec/2021:11:13:57 +0800] "POST /xingrg/load_menu.html HTTP/1.1" 200 5138
61.170.234.223 - - [17/Dec/2021:11:13:59 +0800] "GET /xingrg/kc/base/base_main.html HTTP/1.1" 200 12142
61.170.234.223 - - [17/Dec/2021:11:14:01 +0800] "GET /xingrg/kc/base/wldb_order_list.html HTTP/1.1" 200 19060
101.85.120.86 - - [17/Dec/2021:11:14:01 +0800] "GET /xingrg/kc/buy/cgsh_order_operate.html?command=get_materiel&rest_code=00142&code=00101008355&supplier_code=00100161&order_time=2021-12-17 HTTP/1.1" 200 408
61.170.234.223 - - [17/Dec/2021:11:14:01 +0800] "POST /xingrg/kc/base/wldb_list_operate.html HTTP/1.1" 200 2164
116.235.94.0 - - [17/Dec/2021:11:14:02 +0800] "GET /xingrg/all/function/internal_message.html?_=1639710859556&CODE_STATE=getMsg HTTP/1.1" 200 27
61.170.234.223 - - [17/Dec/2021:11:14:04 +0800] "GET /xingrg/all/function/internal_message.html?_=1639710838264&CODE_STATE=getMsg HTTP/1.1" 200 27
61.170.234.223 - - [17/Dec/2021:11:14:05 +0800] "GET /xingrg/kc/base/wldb_order_add.html HTTP/1.1" 200 30274
61.170.234.223 - - [17/Dec/2021:11:14:05 +0800] "POST /xingrg/kc/base/wldb_order_operate.html HTTP/1.1" 200 6806
61.170.234.223 - - [17/Dec/2021:11:14:05 +0800] "GET /xingrg/all/common/auto_word.html?type=base&rest_code=00106 HTTP/1.1" 200 1799
61.170.234.223 - - [17/Dec/2021:11:14:05 +0800] "GET /xingrg/all/common/auto_word.html?type=base&rest_code=00106 HTTP/1.1" 200 1799
61.170.234.223 - - [17/Dec/2021:11:14:05 +0800] "GET /xingrg/javascript/easyui/themes/default/validatebox.css HTTP/1.1" 404 1104
116.233.78.125 - - [17/Dec/2021:11:14:05 +0800] "GET /xingrg/all/function/internal_message.html?_=1639710844796&CODE_STATE=getMsg HTTP/1.1" 200 27
124.77.245.186 - - [17/Dec/2021:11:14:07 +0800] "GET /xingrg/all/function/internal_message.html?_=1639710862284&CODE_STATE=getMsg HTTP/1.1" 200 27
61.170.234.223 - - [17/Dec/2021:11:14:07 +0800] "POST /xingrg/all/common/load_combo.html?type=base HTTP/1.1" 200 3227
222.70.176.97 - - [17/Dec/2021:11:14:09 +0800] "GET /xingrg/all/function/internal_message.html?_=1639710845170&CODE_STATE=getMsg HTTP/1.1" 200 27
124.77.245.186 - - [17/Dec/2021:11:14:10 +0800] "GET /xingrg/check_reg.html?_=1639710862951 HTTP/1.1" 302 -
61.170.234.223 - - [17/Dec/2021:11:14:12 +0800] "POST /xingrg/all/common/load_combo.html?type=base HTTP/1.1" 200 3227
124.77.245.186 - - [17/Dec/2021:11:14:12 +0800] "GET /xingrg/all/function/internal_message.html?_=1639710864449&CODE_STATE=getMsg HTTP/1.1" 302 -
61.151.207.141 - - [17/Dec/2021:11:14:13 +0800] "GET /xingrg/all/function/internal_message.html?_=1639708304191&CODE_STATE=getMsg HTTP/1.1" 302 -
101.85.120.86 - - [17/Dec/2021:11:14:13 +0800] "GET /xingrg/kc/buy/cgsh_order_operate.html?command=get_materiel&rest_code=00142&code=00101008024&supplier_code=00100161&order_time=2021-12-17 HTTP/1.1" 200 408
61.151.207.141 - - [17/Dec/2021:11:14:14 +0800] "GET /xingrg/login.html HTTP/1.1" 200 7641
116.227.210.113 - - [17/Dec/2021:11:14:16 +0800] "GET /xingrg/all/function/internal_message.html?_=1639710840537&CODE_STATE=getMsg HTTP/1.1" 200 27
116.235.94.0 - - [17/Dec/2021:11:14:17 +0800] "GET /xingrg/all/function/internal_message.html?_=1639710979391&CODE_STATE=getMsg HTTP/1.1" 200 27
180.175.103.30 - - [17/Dec/2021:11:14:21 +0800] "GET /xingrg/all/function/internal_message.html?_=1639710795111&CODE_STATE=getMsg HTTP/1.1" 200 27
222.70.176.97 - - [17/Dec/2021:11:14:23 +0800] "GET /xingrg/all/function/internal_message.html?_=1639710519596&CODE_STATE=getMsg HTTP/1.1" 302 -
101.85.120.86 - - [17/Dec/2021:11:14:23 +0800] "GET /xingrg/kc/buy/cgsh_order_operate.html?command=get_materiel&rest_code=00142&code=00101008356&supplier_code=00100161&order_time=2021-12-17 HTTP/1.1" 200 408
116.238.208.177 - - [17/Dec/2021:11:14:26 +0800] "GET /xingrg/kc/base/wldb_order_operate.html?command=get_materiel&rest_code=00102&base_code=0010476&code=00101019184 HTTP/1.1" 200 444
101.85.120.86 - - [17/Dec/2021:11:14:29 +0800] "GET /xingrg/all/function/internal_message.html?_=1639710865702&CODE_STATE=getMsg HTTP/1.1" 200 27
116.238.208.177 - - [17/Dec/2021:11:14:29 +0800] "GET /xingrg/all/function/internal_message.html?_=1639710871537&CODE_STATE=getMsg HTTP/1.1" 200 27
101.85.120.86 - - [17/Dec/2021:11:14:33 +0800] "GET /xingrg/kc/buy/cgsh_order_operate.html?command=get_materiel&rest_code=00142&code=00101008286&supplier_code=00100161&order_time=2021-12-17 HTTP/1.1" 200 408
116.238.208.177 - - [17/Dec/2021:11:14:33 +0800] "GET /xingrg/kc/base/wldb_order_operate.html?command=get_materiel&rest_code=00102&base_code=0010476&code=00101019400 HTTP/1.1" 200 451
116.238.248.233 - - [17/Dec/2021:11:14:34 +0800] "GET /xingrg/all/function/internal_message.html?_=1639710871160&CODE_STATE=getMsg HTTP/1.1" 200 27
116.238.208.177 - - [17/Dec/2021:11:14:40 +0800] "GET /xingrg/kc/base/wldb_order_operate.html?command=get_materiel&rest_code=00102&base_code=0010476&code=00101019405 HTTP/1.1" 200 468
114.85.125.222 - - [17/Dec/2021:11:14:41 +0800] "GET /xingrg/all/function/internal_message.html?_=1639710830610&CODE_STATE=getMsg HTTP/1.1" 200 27
101.85.120.86 - - [17/Dec/2021:11:14:43 +0800] "GET /xingrg/kc/buy/cgsh_order_operate.html?command=get_materiel&rest_code=00142&code=00101008353&supplier_code=00100161&order_time=2021-12-17 HTTP/1.1" 200 408
116.238.208.177 - - [17/Dec/2021:11:14:45 +0800] "GET /xingrg/kc/base/wldb_order_operate.html?command=get_materiel&rest_code=00102&base_code=0010476&code=00101019391 HTTP/1.1" 200 471
114.88.158.169 - - [17/Dec/2021:11:14:46 +0800] "GET /xingrg/all/function/internal_message.html?_=1639710696661&CODE_STATE=getMsg HTTP/1.1" 200 27
114.88.158.169 - - [17/Dec/2021:11:14:47 +0800] "GET /xingrg/check_reg.html?_=1639710698271 HTTP/1.1" 200 22
61.170.234.223 - - [17/Dec/2021:11:14:47 +0800] "GET /xingrg/javascript/auto/indicator.gif HTTP/1.1" 404 1066
116.238.208.177 - - [17/Dec/2021:11:14:48 +0800] "GET /xingrg/check_reg.html?_=1639710891074 HTTP/1.1" 200 22
120.253.135.82 - - [17/Dec/2021:11:14:50 +0800] "GET /xingrg/all/function/internal_message.html?_=1639710886991&CODE_STATE=getMsg HTTP/1.1" 200 27
180.175.103.30 - - [17/Dec/2021:11:14:50 +0800] "GET /xingrg/all/function/internal_message.html?_=1639710887319&CODE_STATE=getMsg HTTP/1.1" 200 27
114.83.216.59 - - [17/Dec/2021:11:14:51 +0800] "GET /xingrg/all/function/internal_message.html?_=1639710887774&CODE_STATE=getMsg HTTP/1.1" 200 27
101.85.120.86 - - [17/Dec/2021:11:14:53 +0800] "GET /xingrg/kc/buy/cgsh_order_operate.html?command=get_materiel&rest_code=00142&code=00101008351&supplier_code=00100161&order_time=2021-12-17 HTTP/1.1" 200 408
61.170.234.223 - - [17/Dec/2021:11:14:53 +0800] "GET /xingrg/kc/base/wldb_order_operate.html?command=get_materiel&rest_code=00106&base_code=0010396&code=00101013052 HTTP/1.1" 200 441
61.170.234.223 - - [17/Dec/2021:11:14:56 +0800] "GET /xingrg/all/function/internal_message.html?_=1639710894660&CODE_STATE=getMsg HTTP/1.1" 200 27
61.170.234.223 - - [17/Dec/2021:11:14:59 +0800] "POST /xingrg/services/DataTransmitService HTTP/1.1" 200 524
116.238.208.177 - - [17/Dec/2021:11:14:59 +0800] "GET /xingrg/kc/base/wldb_order_operate.html?command=get_materiel&rest_code=00102&base_code=0010476&code=00101027001 HTTP/1.1" 200 471
61.170.234.223 - - [17/Dec/2021:11:15:00 +0800] "POST /xingrg/services/DataTransmitService HTTP/1.1" 200 412
61.170.234.223 - - [17/Dec/2021:11:15:01 +0800] "GET /xingrg/kc/report/report_main.html HTTP/1.1" 200 7340
101.85.120.86 - - [17/Dec/2021:11:15:01 +0800] "POST /xingrg/kc/buy/cgsh_order_operate.html HTTP/1.1" 200 37
101.85.120.86 - - [17/Dec/2021:11:15:02 +0800] "POST /xingrg/kc/buy/cgsh_order_operate.html HTTP/1.1" 200 12066
116.235.94.0 - - [17/Dec/2021:11:15:03 +0800] "GET /xingrg/all/function/internal_message.html?_=1639710920216&CODE_STATE=getMsg HTTP/1.1" 200 27
61.170.234.223 - - [17/Dec/2021:11:15:03 +0800] "GET /xingrg/all/report/report_query.html?fileName=kc/buy/gys_amount.xml&rh=99999 HTTP/1.1" 200 52006
61.170.234.223 - - [17/Dec/2021:11:15:03 +0800] "GET /xingrg/javascript/multi_select/jqueryMultiSelect.css HTTP/1.1" 304 -
61.170.234.223 - - [17/Dec/2021:11:15:03 +0800] "GET /xingrg/javascript/calendar/timePicker.css HTTP/1.1" 304 -
61.170.234.223 - - [17/Dec/2021:11:15:03 +0800] "GET /xingrg/javascript/bigrid/fix.css HTTP/1.1" 304 -
61.170.234.223 - - [17/Dec/2021:11:15:03 +0800] "GET /xingrg/dwr/interface/AjaxReportQueryService.js HTTP/1.1" 200 13203
61.170.234.223 - - [17/Dec/2021:11:15:03 +0800] "GET /xingrg/javascript/jqueryMultiSelect.js HTTP/1.1" 304 -
61.170.234.223 - - [17/Dec/2021:11:15:03 +0800] "GET /xingrg/dwr/engine.js HTTP/1.1" 200 43631
61.170.234.223 - - [17/Dec/2021:11:15:03 +0800] "GET /xingrg/dwr/util.js HTTP/1.1" 304 -
61.170.234.223 - - [17/Dec/2021:11:15:03 +0800] "GET /xingrg/javascript/calendar/jquery.timePicker.min.js HTTP/1.1" 304 -
61.170.234.223 - - [17/Dec/2021:11:15:03 +0800] "GET /xingrg/javascript/bigrid/fix.js HTTP/1.1" 304 -
61.170.234.223 - - [17/Dec/2021:11:15:03 +0800] "POST /xingrg/dwr/call/plaincall/AjaxReportQueryService.getFixDate.dwr HTTP/1.1" 200 111
61.170.234.223 - - [17/Dec/2021:11:15:04 +0800] "POST /xingrg/all/common/load_tree.html?tree=supplier_tree_json&manage=1 HTTP/1.1" 200 62635
61.170.234.223 - - [17/Dec/2021:11:15:05 +0800] "GET /xingrg/all/function/internal_message.html?_=1639710899106&CODE_STATE=getMsg HTTP/1.1" 200 27
61.170.234.223 - - [17/Dec/2021:11:15:05 +0800] "POST /xingrg/all/common/load_tree.html?tree=materiel_sort_tree_json HTTP/1.1" 200 9388
61.170.234.223 - - [17/Dec/2021:11:15:05 +0800] "POST /xingrg/dwr/call/plaincall/AjaxReportQueryService.getInitString.dwr HTTP/1.1" 200 996
61.170.234.223 - - [17/Dec/2021:11:15:05 +0800] "GET /xingrg/javascript/multi_select/dropdown.gif HTTP/1.1" 200 61
116.233.78.125 - - [17/Dec/2021:11:15:05 +0800] "GET /xingrg/all/function/internal_message.html?_=1639710904798&CODE_STATE=getMsg HTTP/1.1" 200 27
101.85.120.86 - - [17/Dec/2021:11:15:06 +0800] "POST /xingrg/kc/buy/cgsh_order_operate.html HTTP/1.1" 200 37
61.170.234.223 - - [17/Dec/2021:11:15:06 +0800] "POST /xingrg/dwr/call/plaincall/AjaxReportQueryService.getFixDate.dwr HTTP/1.1" 200 111
124.77.245.186 - - [17/Dec/2021:11:15:07 +0800] "GET /xingrg/all/function/internal_message.html?_=1639710922297&CODE_STATE=getMsg HTTP/1.1" 200 27
101.85.120.86 - - [17/Dec/2021:11:15:07 +0800] "POST /xingrg/kc/buy/cgsh_order_operate.html HTTP/1.1" 200 12066
116.238.208.177 - - [17/Dec/2021:11:15:08 +0800] "GET /xingrg/kc/base/wldb_order_operate.html?command=get_materiel&rest_code=00102&base_code=0010476&code=00101016076 HTTP/1.1" 200 477
222.70.176.97 - - [17/Dec/2021:11:15:09 +0800] "GET /xingrg/all/function/internal_message.html?_=1639710905152&CODE_STATE=getMsg HTTP/1.1" 200 27
101.85.120.86 - - [17/Dec/2021:11:15:11 +0800] "POST /xingrg/kc/buy/cgsh_list_operate.html HTTP/1.1" 200 1690
124.77.245.186 - - [17/Dec/2021:11:15:12 +0800] "GET /xingrg/all/function/internal_message.html?_=1639710924463&CODE_STATE=getMsg HTTP/1.1" 302 -
61.170.234.223 - - [17/Dec/2021:11:15:13 +0800] "GET /xingrg/kc/base/wldb_order_operate.html?command=get_materiel&rest_code=00106&base_code=0010396&code=00101019492 HTTP/1.1" 200 459
116.238.208.177 - - [17/Dec/2021:11:15:13 +0800] "GET /xingrg/kc/base/wldb_order_operate.html?command=get_materiel&rest_code=00102&base_code=0010476&code=00101019015 HTTP/1.1" 200 436
116.227.210.113 - - [17/Dec/2021:11:15:15 +0800] "GET /xingrg/check_reg.html?_=1639710900130 HTTP/1.1" 200 22
116.227.210.113 - - [17/Dec/2021:11:15:16 +0800] "GET /xingrg/all/function/internal_message.html?_=1639710900520&CODE_STATE=getMsg HTTP/1.1" 200 27
116.235.94.0 - - [17/Dec/2021:11:15:17 +0800] "GET /xingrg/all/function/internal_message.html?_=1639711039390&CODE_STATE=getMsg HTTP/1.1" 200 27
180.175.103.30 - - [17/Dec/2021:11:15:21 +0800] "GET /xingrg/all/function/internal_message.html?_=1639710855112&CODE_STATE=getMsg HTTP/1.1" 200 27
222.70.176.97 - - [17/Dec/2021:11:15:23 +0800] "GET /xingrg/all/function/internal_message.html?_=1639710579596&CODE_STATE=getMsg HTTP/1.1" 302 -
61.170.234.223 - - [17/Dec/2021:11:15:25 +0800] "GET /xingrg/kc/base/wldb_order_operate.html?command=get_materiel&rest_code=00106&base_code=0010396&code=00101019183 HTTP/1.1" 200 435
101.85.120.86 - - [17/Dec/2021:11:15:29 +0800] "GET /xingrg/check_reg.html?_=1639710925660 HTTP/1.1" 200 22
101.85.120.86 - - [17/Dec/2021:11:15:29 +0800] "GET /xingrg/all/function/internal_message.html?_=1639710925679&CODE_STATE=getMsg HTTP/1.1" 200 27
116.238.208.177 - - [17/Dec/2021:11:15:29 +0800] "GET /xingrg/all/function/internal_message.html?_=1639710931550&CODE_STATE=getMsg HTTP/1.1" 200 27
114.88.158.169 - - [17/Dec/2021:11:15:32 +0800] "POST /xingrg/services/DataTransmitService HTTP/1.1" 200 524
114.88.158.169 - - [17/Dec/2021:11:15:32 +0800] "POST /xingrg/services/DataTransmitService HTTP/1.1" 200 501
116.238.248.233 - - [17/Dec/2021:11:15:34 +0800] "GET /xingrg/all/function/internal_message.html?_=1639710931217&CODE_STATE=getMsg HTTP/1.1" 200 27
116.238.248.233 - - [17/Dec/2021:11:15:34 +0800] "GET /xingrg/check_reg.html?_=1639710931219 HTTP/1.1" 200 22
114.85.125.222 - - [17/Dec/2021:11:15:41 +0800] "GET /xingrg/all/function/internal_message.html?_=1639710890623&CODE_STATE=getMsg HTTP/1.1" 200 27
61.170.234.223 - - [17/Dec/2021:11:15:42 +0800] "GET /xingrg/kc/base/wldb_order_operate.html?command=get_materiel&rest_code=00106&base_code=0010396&code=00101016094 HTTP/1.1" 200 470
114.88.158.169 - - [17/Dec/2021:11:15:46 +0800] "GET /xingrg/all/function/internal_message.html?_=1639710756641&CODE_STATE=getMsg HTTP/1.1" 200 27
180.169.147.146 - - [17/Dec/2021:11:15:47 +0800] "GET /xingrg/check_reg.html?_=1639710952383 HTTP/1.1" 200 22
61.170.234.223 - - [17/Dec/2021:11:15:50 +0800] "POST /xingrg/dwr/call/plaincall/AjaxReportQueryService.refreshCache.dwr HTTP/1.1" 200 78
120.253.135.82 - - [17/Dec/2021:11:15:50 +0800] "GET /xingrg/all/function/internal_message.html?_=1639710947003&CODE_STATE=getMsg HTTP/1.1" 200 27
61.170.234.223 - - [17/Dec/2021:11:15:50 +0800] "POST /xingrg/all/report/load_report_page.html HTTP/1.1" 200 8924
61.170.234.223 - - [17/Dec/2021:11:15:50 +0800] "GET /xingrg/servlets/image?cache=0.3248802501403759&image=px HTTP/1.1" 200 807
180.175.103.30 - - [17/Dec/2021:11:15:50 +0800] "GET /xingrg/all/function/internal_message.html?_=1639710947312&CODE_STATE=getMsg HTTP/1.1" 200 27
114.83.216.59 - - [17/Dec/2021:11:15:51 +0800] "GET /xingrg/all/function/internal_message.html?_=1639710947773&CODE_STATE=getMsg HTTP/1.1" 200 27
61.170.234.223 - - [17/Dec/2021:11:15:51 +0800] "GET /xingrg/kc/base/wldb_order_operate.html?command=get_materiel&rest_code=00106&base_code=0010396&code=00101019391 HTTP/1.1" 200 471
61.170.234.223 - - [17/Dec/2021:11:15:55 +0800] "GET /xingrg/all/report/report_query.html?isQuery=1&fileName=kc/buy/wlcg_cate_hz.xml&queryString=(CONVERT(char(10)%252Ca.order_time%252C%2520120)%253E%253D'2021-11-01')%2520and%2520(CONVERT(char(10)%252Ca.order_time%252C%2520120)%253C%253D'2021-11-30')%2520and%2520(a.supplier_code%2520in%2520('00100016'))%2520and%2520(a.supplier_code%253D'00100016')&queryText=%25E3%2580%2590%25E9%2587%2587%25E8%25B4%25AD%25E6%2597%25A5%25E6%259C%259F%253A2021-11-01%2520%25E8%2587%25B3%25202021-11-30%25E3%2580%2591%2520%25E5%25B9%25B6%25E4%25B8%2594%2520%2520%25E3%2580%2590%25E4%25BE%259B%25E5%25BA%2594%25E5%2595%2586%2520%253D%2520%25E7%2589%259B%25E5%25A4%25B4%25EF%25BC%2588%25E6%259D%258E%25E8%25B4%25BB%25E5%258D%258E%25EF%25BC%2589%25E3%2580%2591%2520%25E5%25B9%25B6%25E4%25B8%2594%2520%25E3%2580%2590%25E4%25BE%259B%25E5%25BA%2594%25E5%2595%2586%253D%25E7%2589%259B%25E5%25A4%25B4%25EF%25BC%2588%25E6%259D%258E%25E8%25B4%25BB%25E5%258D%258E%25EF%25BC%2589%25E3%2580%2591 HTTP/1.1" 200 54465
61.170.234.223 - - [17/Dec/2021:11:15:56 +0800] "GET /xingrg/dwr/engine.js HTTP/1.1" 200 43631
61.170.234.223 - - [17/Dec/2021:11:15:56 +0800] "GET /xingrg/dwr/interface/AjaxReportQueryService.js HTTP/1.1" 200 13203
61.170.234.223 - - [17/Dec/2021:11:15:57 +0800] "GET /xingrg/all/function/internal_message.html?_=1639710954660&CODE_STATE=getMsg HTTP/1.1" 200 27
61.170.234.223 - - [17/Dec/2021:11:15:57 +0800] "POST /xingrg/all/report/load_report_page.html HTTP/1.1" 200 8723
61.170.234.223 - - [17/Dec/2021:11:15:57 +0800] "GET /xingrg/servlets/image?cache=0.23245144387758931&image=px HTTP/1.1" 200 807
61.170.234.223 - - [17/Dec/2021:11:15:59 +0800] "POST /xingrg/all/report/load_report_page.html HTTP/1.1" 200 26528
61.170.234.223 - - [17/Dec/2021:11:15:59 +0800] "GET /xingrg/servlets/image?cache=0.7872179526039589&image=px HTTP/1.1" 200 807
61.151.178.163 - - [17/Dec/2021:11:16:00 +0800] "GET /xingrg/kc/buy/cgsh_order_operate.html?command=get_materiel&rest_code=00106&code=00101008175&supplier_code=00100007&order_time=2021-12-17 HTTP/1.1" 302 -
61.151.178.163 - - [17/Dec/2021:11:16:01 +0800] "GET /xingrg/login.html HTTP/1.1" 200 7641
116.238.208.177 - - [17/Dec/2021:11:16:02 +0800] "POST /xingrg/kc/base/wldb_order_operate.html HTTP/1.1" 200 37
116.235.94.0 - - [17/Dec/2021:11:16:03 +0800] "GET /xingrg/all/function/internal_message.html?_=1639710980223&CODE_STATE=getMsg HTTP/1.1" 200 27
61.170.234.223 - - [17/Dec/2021:11:16:04 +0800] "GET /xingrg/kc/base/wldb_order_operate.html?command=get_materiel&rest_code=00106&base_code=0010396&code=00101019297 HTTP/1.1" 200 464
116.238.208.177 - - [17/Dec/2021:11:16:05 +0800] "POST /xingrg/kc/base/wldb_order_operate.html HTTP/1.1" 200 12
116.238.208.177 - - [17/Dec/2021:11:16:05 +0800] "POST /xingrg/kc/base/wldb_order_operate.html HTTP/1.1" 200 5222
61.170.234.223 - - [17/Dec/2021:11:16:05 +0800] "GET /xingrg/all/function/internal_message.html?_=1639710959091&CODE_STATE=getMsg HTTP/1.1" 200 27
116.233.78.125 - - [17/Dec/2021:11:16:05 +0800] "GET /xingrg/all/function/internal_message.html?_=1639710964800&CODE_STATE=getMsg HTTP/1.1" 200 27
124.77.245.186 - - [17/Dec/2021:11:16:08 +0800] "GET /xingrg/all/function/internal_message.html?_=1639710982587&CODE_STATE=getMsg HTTP/1.1" 200 27
222.70.176.97 - - [17/Dec/2021:11:16:09 +0800] "GET /xingrg/all/function/internal_message.html?_=1639710965123&CODE_STATE=getMsg HTTP/1.1" 200 27
61.170.234.223 - - [17/Dec/2021:11:16:10 +0800] "POST /xingrg/all/report/report_print.html HTTP/1.1" 200 6656
124.77.245.186 - - [17/Dec/2021:11:16:12 +0800] "GET /xingrg/all/function/internal_message.html?_=1639710984475&CODE_STATE=getMsg HTTP/1.1" 302 -
116.238.208.177 - - [17/Dec/2021:11:16:13 +0800] "GET /xingrg/kc/base/wldb_order_info.html?code=422021121701768 HTTP/1.1" 200 26147
222.70.176.97 - - [17/Dec/2021:11:16:13 +0800] "GET /xingrg/check_reg.html?_=1639710969227 HTTP/1.1" 200 22
116.233.78.125 - - [17/Dec/2021:11:16:14 +0800] "GET /xingrg/kc/buy/cgsh_order_operate.html?command=get_materiel&rest_code=00109&code=00101008110&supplier_code=00100005&order_time=2021-12-17 HTTP/1.1" 200 408
116.227.210.113 - - [17/Dec/2021:11:16:16 +0800] "GET /xingrg/all/function/internal_message.html?_=1639710960511&CODE_STATE=getMsg HTTP/1.1" 200 27
116.238.208.177 - - [17/Dec/2021:11:16:16 +0800] "POST /xingrg/kc/base/wldb_order_operate.html HTTP/1.1" 200 3448
116.238.208.177 - - [17/Dec/2021:11:16:17 +0800] "GET /xingrg/javascript/easyui/themes/default/validatebox.css HTTP/1.1" 404 1104
116.235.94.0 - - [17/Dec/2021:11:16:17 +0800] "GET /xingrg/all/function/internal_message.html?_=1639711099389&CODE_STATE=getMsg HTTP/1.1" 200 27
116.235.94.0 - - [17/Dec/2021:11:16:17 +0800] "GET /xingrg/check_reg.html?_=1639711099390 HTTP/1.1" 200 22
180.175.103.30 - - [17/Dec/2021:11:16:21 +0800] "GET /xingrg/all/function/internal_message.html?_=1639710915113&CODE_STATE=getMsg HTTP/1.1" 200 27
222.70.176.97 - - [17/Dec/2021:11:16:23 +0800] "GET /xingrg/all/function/internal_message.html?_=1639710639596&CODE_STATE=getMsg HTTP/1.1" 302 -
61.170.234.223 - - [17/Dec/2021:11:16:27 +0800] "GET /xingrg/kc/base/wldb_order_operate.html?command=get_materiel&rest_code=00106&base_code=0010396&code=00101019306 HTTP/1.1" 200 463
101.85.120.86 - - [17/Dec/2021:11:16:29 +0800] "GET /xingrg/all/function/internal_message.html?_=1639710985663&CODE_STATE=getMsg HTTP/1.1" 200 27
101.89.29.78 - - [17/Dec/2021:11:16:30 +0800] "GET /xingrg/kc/buy/cgsh_order_operate.html?command=get_materiel&rest_code=00106&code=00101008243&supplier_code=00100007&order_time=2021-12-17 HTTP/1.1" 302 -
101.89.29.78 - - [17/Dec/2021:11:16:34 +0800] "GET /xingrg/login.html HTTP/1.1" 200 7641
116.238.248.233 - - [17/Dec/2021:11:16:34 +0800] "GET /xingrg/all/function/internal_message.html?_=1639710991261&CODE_STATE=getMsg HTTP/1.1" 200 27
114.85.125.222 - - [17/Dec/2021:11:16:41 +0800] "GET /xingrg/all/function/internal_message.html?_=1639710950653&CODE_STATE=getMsg HTTP/1.1" 200 27
114.88.158.169 - - [17/Dec/2021:11:16:46 +0800] "GET /xingrg/all/function/internal_message.html?_=1639710816619&CODE_STATE=getMsg HTTP/1.1" 200 27
61.170.234.223 - - [17/Dec/2021:11:16:46 +0800] "GET /xingrg/kc/base/wldb_order_operate.html?command=get_materiel&rest_code=00106&base_code=0010396&code=00101019262 HTTP/1.1" 200 464
120.253.135.82 - - [17/Dec/2021:11:16:50 +0800] "GET /xingrg/all/function/internal_message.html?_=1639711007032&CODE_STATE=getMsg HTTP/1.1" 200 27
180.175.103.30 - - [17/Dec/2021:11:16:50 +0800] "GET /xingrg/all/function/internal_message.html?_=1639711007312&CODE_STATE=getMsg HTTP/1.1" 200 27
114.83.216.59 - - [17/Dec/2021:11:16:51 +0800] "GET /xingrg/all/function/internal_message.html?_=1639711007773&CODE_STATE=getMsg HTTP/1.1" 200 27
124.77.245.186 - - [17/Dec/2021:11:16:53 +0800] "GET /xingrg/login.html HTTP/1.1" 200 7641
124.77.245.186 - - [17/Dec/2021:11:16:53 +0800] "GET /favicon.ico HTTP/1.1" 404 -
124.77.245.186 - - [17/Dec/2021:11:16:56 +0800] "POST /xingrg/login.do HTTP/1.1" 302 -
124.77.245.186 - - [17/Dec/2021:11:16:56 +0800] "GET /xingrg/index.html?sysBaseUrl=http%3A%2F%2F180.169.147.146%3A18081%2Fxingrg%2F&costTime=41×tamp=1639711016705 HTTP/1.1" 200 17179
124.77.245.186 - - [17/Dec/2021:11:16:56 +0800] "GET /xingrg/javascript/jquery_easy_ui/themes/default/easyui.css HTTP/1.1" 304 -
124.77.245.186 - - [17/Dec/2021:11:16:56 +0800] "GET /xingrg/javascript/jquery_easy_ui/themes/icon.css HTTP/1.1" 304 -
124.77.245.186 - - [17/Dec/2021:11:16:56 +0800] "GET /xingrg/css/form.css HTTP/1.1" 304 -
124.77.245.186 - - [17/Dec/2021:11:16:56 +0800] "GET /xingrg/javascript/jquery-1.4.2.min.js HTTP/1.1" 304 -
124.77.245.186 - - [17/Dec/2021:11:16:56 +0800] "GET /xingrg/javascript/jquery.form.js HTTP/1.1" 304 -
124.77.245.186 - - [17/Dec/2021:11:16:56 +0800] "GET /xingrg/javascript/jquery_easy_ui/jquery.easyui.min.js HTTP/1.1" 304 -
124.77.245.186 - - [17/Dec/2021:11:16:56 +0800] "GET /xingrg/javascript/jquery.utils.js HTTP/1.1" 304 -
124.77.245.186 - - [17/Dec/2021:11:16:56 +0800] "GET /xingrg/javascript/jquery_easy_ui/easyui-lang-zh_CN.js HTTP/1.1" 304 -
124.77.245.186 - - [17/Dec/2021:11:16:56 +0800] "GET /xingrg/javascript/jquery.timers.js HTTP/1.1" 304 -
124.77.245.186 - - [17/Dec/2021:11:16:56 +0800] "POST /xingrg/all/common/load_tree.html?tree=area_rest_tree_json&manage=1 HTTP/1.1" 200 479
124.77.245.186 - - [17/Dec/2021:11:16:56 +0800] "GET /xingrg/check_reg.html?_=1639711029145 HTTP/1.1" 200 22
124.77.245.186 - - [17/Dec/2021:11:16:56 +0800] "GET /xingrg/all/function/internal_message.html?_=1639711029144&CODE_STATE=count HTTP/1.1" 200 11
124.77.245.186 - - [17/Dec/2021:11:16:56 +0800] "GET /favicon.ico HTTP/1.1" 404 -
124.77.245.186 - - [17/Dec/2021:11:16:56 +0800] "POST /xingrg/load_menu.html HTTP/1.1" 200 5138
61.170.234.223 - - [17/Dec/2021:11:16:57 +0800] "GET /xingrg/all/function/internal_message.html?_=1639711014653&CODE_STATE=getMsg HTTP/1.1" 200 27
61.170.234.223 - - [17/Dec/2021:11:16:59 +0800] "GET /xingrg/kc/base/wldb_order_operate.html?command=get_materiel&rest_code=00106&base_code=0010396&code=00101013221 HTTP/1.1" 200 434
124.77.245.186 - - [17/Dec/2021:11:17:01 +0800] "GET /xingrg/css/base.css HTTP/1.1" 304 -
124.77.245.186 - - [17/Dec/2021:11:17:01 +0800] "GET /xingrg/css/site.css HTTP/1.1" 304 -
124.77.245.186 - - [17/Dec/2021:11:17:01 +0800] "GET /xingrg/javascript/jquery_tools/datebox.css HTTP/1.1" 304 -
124.77.245.186 - - [17/Dec/2021:11:17:01 +0800] "GET /xingrg/javascript/easyui/themes/default/easyui.css HTTP/1.1" 304 -
124.77.245.186 - - [17/Dec/2021:11:17:01 +0800] "GET /xingrg/javascript/auto/jquery.autocomplete.css HTTP/1.1" 304 -
124.77.245.186 - - [17/Dec/2021:11:17:01 +0800] "GET /xingrg/javascript/easyui/themes/icon.css HTTP/1.1" 304 -
124.77.245.186 - - [17/Dec/2021:11:17:01 +0800] "GET /xingrg/javascript/jquery_tools/fix.css HTTP/1.1" 304 -
124.77.245.186 - - [17/Dec/2021:11:17:01 +0800] "GET /xingrg/javascript/jquery_tools/table.css HTTP/1.1" 304 -
124.77.245.186 - - [17/Dec/2021:11:17:01 +0800] "GET /xingrg/javascript/jquery_tools/jquery.tools.min.js HTTP/1.1" 304 -
124.77.245.186 - - [17/Dec/2021:11:17:01 +0800] "GET /xingrg/javascript/jquery_tools/jquery.tools.extend.js HTTP/1.1" 304 -
124.77.245.186 - - [17/Dec/2021:11:17:01 +0800] "GET /xingrg/javascript/jquery_tools/jquery.tools.hotkey.js HTTP/1.1" 304 -
124.77.245.186 - - [17/Dec/2021:11:17:01 +0800] "GET /xingrg/javascript/jquery_tools/jquery.tools.table.js HTTP/1.1" 304 -
124.77.245.186 - - [17/Dec/2021:11:17:01 +0800] "GET /xingrg/javascript/auto/jquery.autocomplete.js HTTP/1.1" 304 -
124.77.245.186 - - [17/Dec/2021:11:17:01 +0800] "GET /xingrg/javascript/easyui/easyloader.js HTTP/1.1" 304 -
124.77.245.186 - - [17/Dec/2021:11:17:01 +0800] "GET /xingrg/javascript/jquery_tools/list_manager.js HTTP/1.1" 304 -
124.77.245.186 - - [17/Dec/2021:11:17:01 +0800] "GET /xingrg/javascript/jquery.cookie.js HTTP/1.1" 304 -
124.77.245.186 - - [17/Dec/2021:11:17:01 +0800] "GET /xingrg/javascript/print/LodopFuncs.js HTTP/1.1" 304 -
124.77.245.186 - - [17/Dec/2021:11:17:01 +0800] "GET /xingrg/kc/buy/cgsh_order_list.html HTTP/1.1" 200 49429
116.238.208.177 - - [17/Dec/2021:11:17:01 +0800] "GET /xingrg/kc/base/wldb_order_add.html HTTP/1.1" 200 30270
124.77.245.186 - - [17/Dec/2021:11:17:01 +0800] "GET /xingrg/javascript/easyui/plugins/jquery.parser.js HTTP/1.1" 304 -
116.235.94.0 - - [17/Dec/2021:11:17:03 +0800] "GET /xingrg/all/function/internal_message.html?_=1639711040237&CODE_STATE=getMsg HTTP/1.1" 200 27
116.238.208.177 - - [17/Dec/2021:11:17:03 +0800] "GET /xingrg/all/function/internal_message.html?_=1639711025722&CODE_STATE=getMsg HTTP/1.1" 200 27
124.77.245.186 - - [17/Dec/2021:11:17:03 +0800] "POST /xingrg/kc/buy/cgsh_list_operate.html HTTP/1.1" 200 4217
116.238.208.177 - - [17/Dec/2021:11:17:04 +0800] "POST /xingrg/kc/base/wldb_order_operate.html HTTP/1.1" 200 6806
61.170.234.223 - - [17/Dec/2021:11:17:05 +0800] "GET /xingrg/all/function/internal_message.html?_=1639711019056&CODE_STATE=getMsg HTTP/1.1" 200 27
116.233.78.125 - - [17/Dec/2021:11:17:05 +0800] "GET /xingrg/all/function/internal_message.html?_=1639711024814&CODE_STATE=getMsg HTTP/1.1" 200 27
116.238.208.177 - - [17/Dec/2021:11:17:06 +0800] "GET /xingrg/javascript/easyui/themes/default/validatebox.css HTTP/1.1" 404 1104
116.238.208.177 - - [17/Dec/2021:11:17:06 +0800] "POST /xingrg/all/common/load_combo.html?type=base HTTP/1.1" 200 3145
124.77.245.186 - - [17/Dec/2021:11:17:08 +0800] "GET /xingrg/all/function/internal_message.html?_=1639711042590&CODE_STATE=getMsg HTTP/1.1" 302 -
124.77.245.186 - - [17/Dec/2021:11:17:09 +0800] "POST /xingrg/kc/buy/cgsh_list_operate.html HTTP/1.1" 200 559
222.70.176.97 - - [17/Dec/2021:11:17:09 +0800] "GET /xingrg/all/function/internal_message.html?_=1639711025108&CODE_STATE=getMsg HTTP/1.1" 200 27
116.238.208.177 - - [17/Dec/2021:11:17:10 +0800] "POST /xingrg/all/common/load_combo.html?type=base HTTP/1.1" 200 3145
124.77.245.186 - - [17/Dec/2021:11:17:12 +0800] "GET /xingrg/all/function/internal_message.html?_=1639711044490&CODE_STATE=getMsg HTTP/1.1" 200 27
124.77.245.186 - - [17/Dec/2021:11:17:13 +0800] "POST /xingrg/kc/buy/cgsh_list_operate.html HTTP/1.1" 200 569
61.170.234.223 - - [17/Dec/2021:11:17:13 +0800] "POST /xingrg/kc/base/wldb_order_operate.html HTTP/1.1" 200 37
61.170.234.223 - - [17/Dec/2021:11:17:13 +0800] "POST /xingrg/kc/base/wldb_order_operate.html HTTP/1.1" 200 6191
61.170.234.223 - - [17/Dec/2021:11:17:15 +0800] "GET /xingrg/kc/base/wldb_order_info.html?code=422021121701769 HTTP/1.1" 200 30289
61.170.234.223 - - [17/Dec/2021:11:17:15 +0800] "GET /xingrg/javascript/easyui/themes/default/validatebox.css HTTP/1.1" 404 1104
116.227.210.113 - - [17/Dec/2021:11:17:16 +0800] "GET /xingrg/all/function/internal_message.html?_=1639711020490&CODE_STATE=getMsg HTTP/1.1" 200 27
124.77.245.186 - - [17/Dec/2021:11:17:16 +0800] "POST /xingrg/kc/buy/cgsh_list_operate.html HTTP/1.1" 200 558
61.170.234.223 - - [17/Dec/2021:11:17:16 +0800] "POST /xingrg/kc/base/wldb_order_operate.html HTTP/1.1" 200 6191
116.235.94.0 - - [17/Dec/2021:11:17:17 +0800] "GET /xingrg/all/function/internal_message.html?_=1639711159389&CODE_STATE=getMsg HTTP/1.1" 200 27
114.83.216.59 - - [17/Dec/2021:11:17:19 +0800] "GET /xingrg/login.html?sysBaseUrl=http%3A%2F%2F180.169.147.146%3A18081%2Fxingrg%2F&costTime=31×tamp=1615347190560 HTTP/1.1" 200 7641
114.83.216.59 - - [17/Dec/2021:11:17:20 +0800] "GET /favicon.ico HTTP/1.1" 404 -
124.77.245.186 - - [17/Dec/2021:11:17:20 +0800] "POST /xingrg/kc/buy/cgsh_list_operate.html HTTP/1.1" 200 344
180.175.103.30 - - [17/Dec/2021:11:17:21 +0800] "GET /xingrg/check_reg.html?_=1639710975114 HTTP/1.1" 200 22
180.175.103.30 - - [17/Dec/2021:11:17:21 +0800] "GET /xingrg/all/function/internal_message.html?_=1639710975117&CODE_STATE=getMsg HTTP/1.1" 200 27
222.70.176.97 - - [17/Dec/2021:11:17:23 +0800] "GET /xingrg/all/function/internal_message.html?_=1639710699596&CODE_STATE=getMsg HTTP/1.1" 302 -
124.77.245.186 - - [17/Dec/2021:11:17:23 +0800] "POST /xingrg/kc/buy/cgsh_list_operate.html HTTP/1.1" 200 568
61.170.234.223 - - [17/Dec/2021:11:17:24 +0800] "GET /xingrg/kc/base/base_main.html HTTP/1.1" 200 12142
114.83.216.59 - - [17/Dec/2021:11:17:25 +0800] "POST /xingrg/login.do HTTP/1.1" 302 -
