120.253.135.82 - - [17/Dec/2021:06:07:49 +0800] "GET /xingrg/javascript/jquery_easy_ui/themes/default/images/calendar_nextmonth.gif HTTP/1.1" 200 64
120.253.135.82 - - [17/Dec/2021:06:07:49 +0800] "GET /xingrg/javascript/jquery_easy_ui/themes/default/images/calendar_prevmonth.gif HTTP/1.1" 200 66
120.253.135.82 - - [17/Dec/2021:06:07:49 +0800] "GET /xingrg/javascript/jquery_easy_ui/themes/default/images/calendar_nextyear.gif HTTP/1.1" 200 75
120.253.135.82 - - [17/Dec/2021:06:07:49 +0800] "GET /xingrg/javascript/jquery_easy_ui/themes/default/images/calendar_prevyear.gif HTTP/1.1" 200 76
120.253.135.82 - - [17/Dec/2021:06:07:49 +0800] "GET /xingrg/images/control/ajaxLoader.gif HTTP/1.1" 200 4659
120.253.135.82 - - [17/Dec/2021:06:07:49 +0800] "GET /xingrg/javascript/jquery_easy_ui/themes/default/images/datagrid_header_bg.gif HTTP/1.1" 200 97
120.253.135.82 - - [17/Dec/2021:06:07:49 +0800] "GET /xingrg/javascript/jquery_easy_ui/themes/default/images/pagination_loading.gif HTTP/1.1" 200 1737
120.253.135.82 - - [17/Dec/2021:06:07:50 +0800] "GET /xingrg/javascript/jquery_easy_ui/themes/default/images/tree_checkbox_0.gif HTTP/1.1" 200 168
120.253.135.82 - - [17/Dec/2021:06:07:50 +0800] "POST /xingrg/kc/pszx/jzcl_ps_operate.html HTTP/1.1" 200 5866
120.253.135.82 - - [17/Dec/2021:06:07:50 +0800] "POST /xingrg/kc/pszx/jzcl_ps_operate.html HTTP/1.1" 200 5866
120.253.135.82 - - [17/Dec/2021:06:07:50 +0800] "GET /xingrg/javascript/jquery_easy_ui/themes/icons/rest.png HTTP/1.1" 200 695
120.253.135.82 - - [17/Dec/2021:06:07:55 +0800] "POST /xingrg/kc/pszx/jzcl_ps_operate.html HTTP/1.1" 200 4
120.253.135.82 - - [17/Dec/2021:06:07:55 +0800] "GET /xingrg/javascript/step/images/navBtn.gif HTTP/1.1" 200 361
120.253.135.82 - - [17/Dec/2021:06:07:55 +0800] "GET /xingrg/javascript/step/images/navLastDoneBtn.gif HTTP/1.1" 200 552
120.253.135.82 - - [17/Dec/2021:06:07:55 +0800] "GET /xingrg/javascript/step/images/navDoneBtn.gif HTTP/1.1" 200 394
120.253.135.82 - - [17/Dec/2021:06:07:55 +0800] "GET /xingrg/javascript/step/images/navBtn.gif HTTP/1.1" 200 361
120.253.135.82 - - [17/Dec/2021:06:07:57 +0800] "GET /xingrg/kc/pszx/mdps_order_list.html HTTP/1.1" 200 20925
120.253.135.82 - - [17/Dec/2021:06:07:57 +0800] "GET /xingrg/javascript/auto/jquery.autocomplete.css HTTP/1.1" 200 587
120.253.135.82 - - [17/Dec/2021:06:07:57 +0800] "GET /xingrg/css/site.css HTTP/1.1" 200 7541
120.253.135.82 - - [17/Dec/2021:06:07:57 +0800] "GET /xingrg/javascript/easyui/themes/icon.css HTTP/1.1" 200 4483
120.253.135.82 - - [17/Dec/2021:06:07:57 +0800] "GET /xingrg/javascript/jquery_tools/datebox.css HTTP/1.1" 200 2597
120.253.135.82 - - [17/Dec/2021:06:07:57 +0800] "GET /xingrg/javascript/jquery_tools/fix.css HTTP/1.1" 200 1702
120.253.135.82 - - [17/Dec/2021:06:07:57 +0800] "GET /xingrg/javascript/jquery_tools/jquery.tools.min.js HTTP/1.1" 200 138801
120.253.135.82 - - [17/Dec/2021:06:07:57 +0800] "GET /xingrg/javascript/jquery_tools/table.css HTTP/1.1" 200 1032
120.253.135.82 - - [17/Dec/2021:06:07:57 +0800] "GET /xingrg/javascript/jquery.cookie.js HTTP/1.1" 200 5513
120.253.135.82 - - [17/Dec/2021:06:07:57 +0800] "GET /xingrg/javascript/jquery_tools/jquery.tools.table.js HTTP/1.1" 200 6994
120.253.135.82 - - [17/Dec/2021:06:07:57 +0800] "GET /xingrg/javascript/jquery_tools/list_manager.js HTTP/1.1" 200 3652
120.253.135.82 - - [17/Dec/2021:06:07:57 +0800] "GET /xingrg/javascript/easyui/easyloader.js HTTP/1.1" 200 5975
120.253.135.82 - - [17/Dec/2021:06:07:57 +0800] "GET /xingrg/javascript/easyui/themes/default/easyui.css HTTP/1.1" 200 30432
120.253.135.82 - - [17/Dec/2021:06:07:57 +0800] "GET /xingrg/javascript/jquery_tools/jquery.tools.extend.js HTTP/1.1" 200 15385
120.253.135.82 - - [17/Dec/2021:06:07:57 +0800] "GET /xingrg/javascript/jquery_tools/jquery.tools.hotkey.js HTTP/1.1" 200 3242
120.253.135.82 - - [17/Dec/2021:06:07:57 +0800] "GET /xingrg/css/base.css HTTP/1.1" 200 2811
120.253.135.82 - - [17/Dec/2021:06:07:57 +0800] "GET /xingrg/javascript/easyui/themes/icons/import_new.png HTTP/1.1" 200 1247
120.253.135.82 - - [17/Dec/2021:06:07:57 +0800] "GET /xingrg/javascript/easyui/themes/icons/cance_new.png HTTP/1.1" 200 3986
120.253.135.82 - - [17/Dec/2021:06:07:57 +0800] "GET /xingrg/javascript/easyui/themes/icons/check_new.png HTTP/1.1" 200 3224
120.253.135.82 - - [17/Dec/2021:06:07:57 +0800] "GET /xingrg/javascript/easyui/themes/icons/uncheck_new.png HTTP/1.1" 200 3197
120.253.135.82 - - [17/Dec/2021:06:07:57 +0800] "GET /xingrg/javascript/easyui/themes/icons/field_new.png HTTP/1.1" 200 1097
120.253.135.82 - - [17/Dec/2021:06:07:57 +0800] "GET /xingrg/javascript/easyui/themes/icons/edit_add_new.png HTTP/1.1" 200 2997
120.253.135.82 - - [17/Dec/2021:06:07:57 +0800] "GET /xingrg/javascript/easyui/plugins/jquery.parser.js HTTP/1.1" 200 1142
120.253.135.82 - - [17/Dec/2021:06:07:57 +0800] "POST /xingrg/kc/pszx/mdps_list_operate.html HTTP/1.1" 200 5432
222.70.176.97 - - [17/Dec/2021:06:07:57 +0800] "GET /xingrg/all/function/internal_message.html?_=1639692473260&CODE_STATE=getMsg HTTP/1.1" 200 27
222.70.176.97 - - [17/Dec/2021:06:07:57 +0800] "GET /xingrg/check_reg.html?_=1639692473263 HTTP/1.1" 200 22
120.253.135.82 - - [17/Dec/2021:06:07:58 +0800] "GET /xingrg/all/function/internal_message.html?_=1639692254949&CODE_STATE=getMsg HTTP/1.1" 200 27
120.253.135.82 - - [17/Dec/2021:06:08:00 +0800] "GET /xingrg/kc/pszx/mdqp_order_list.html?state=10 HTTP/1.1" 200 15507
120.253.135.82 - - [17/Dec/2021:06:08:00 +0800] "GET /xingrg/dwr/interface/AjaxReportQueryService.js HTTP/1.1" 200 13203
120.253.135.82 - - [17/Dec/2021:06:08:00 +0800] "GET /xingrg/dwr/interface/AjaxQqpsService.js HTTP/1.1" 200 16326
120.253.135.82 - - [17/Dec/2021:06:08:00 +0800] "GET /xingrg/dwr/engine.js HTTP/1.1" 200 43631
114.85.125.222 - - [17/Dec/2021:06:08:04 +0800] "GET /xingrg/all/function/internal_message.html?_=1639692434817&CODE_STATE=getMsg HTTP/1.1" 200 27
124.77.245.186 - - [17/Dec/2021:06:08:10 +0800] "GET /xingrg/all/function/internal_message.html?_=1639692504461&CODE_STATE=getMsg HTTP/1.1" 200 27
120.253.135.82 - - [17/Dec/2021:06:08:13 +0800] "GET /xingrg/kc/pszx/mdps_order_list.html?orderType=0 HTTP/1.1" 200 20925
120.253.135.82 - - [17/Dec/2021:06:08:13 +0800] "POST /xingrg/kc/pszx/mdps_list_operate.html HTTP/1.1" 200 5432
222.70.176.97 - - [17/Dec/2021:06:08:23 +0800] "GET /xingrg/all/function/internal_message.html?_=1639692159593&CODE_STATE=getMsg HTTP/1.1" 302 -
222.70.176.97 - - [17/Dec/2021:06:08:23 +0800] "GET /xingrg/check_reg.html?_=1639692159594 HTTP/1.1" 302 -
222.70.176.97 - - [17/Dec/2021:06:08:57 +0800] "GET /xingrg/all/function/internal_message.html?_=1639692533261&CODE_STATE=getMsg HTTP/1.1" 200 27
120.253.135.82 - - [17/Dec/2021:06:08:58 +0800] "GET /xingrg/all/function/internal_message.html?_=1639692314963&CODE_STATE=getMsg HTTP/1.1" 200 27
114.85.125.222 - - [17/Dec/2021:06:09:04 +0800] "GET /xingrg/all/function/internal_message.html?_=1639692494829&CODE_STATE=getMsg HTTP/1.1" 200 27
124.77.245.186 - - [17/Dec/2021:06:09:10 +0800] "GET /xingrg/all/function/internal_message.html?_=1639692564474&CODE_STATE=getMsg HTTP/1.1" 200 27
222.70.176.97 - - [17/Dec/2021:06:09:23 +0800] "GET /xingrg/all/function/internal_message.html?_=1639692219593&CODE_STATE=getMsg HTTP/1.1" 302 -
222.70.176.97 - - [17/Dec/2021:06:09:57 +0800] "GET /xingrg/all/function/internal_message.html?_=1639692593261&CODE_STATE=getMsg HTTP/1.1" 200 27
120.253.135.82 - - [17/Dec/2021:06:09:58 +0800] "GET /xingrg/all/function/internal_message.html?_=1639692374977&CODE_STATE=getMsg HTTP/1.1" 200 27
114.85.125.222 - - [17/Dec/2021:06:10:04 +0800] "GET /xingrg/all/function/internal_message.html?_=1639692554861&CODE_STATE=getMsg HTTP/1.1" 200 27
124.77.245.186 - - [17/Dec/2021:06:10:11 +0800] "GET /xingrg/all/function/internal_message.html?_=1639692624948&CODE_STATE=getMsg HTTP/1.1" 200 27
222.70.176.97 - - [17/Dec/2021:06:10:23 +0800] "GET /xingrg/all/function/internal_message.html?_=1639692279593&CODE_STATE=getMsg HTTP/1.1" 302 -
124.77.245.186 - - [17/Dec/2021:06:10:42 +0800] "GET /xingrg/check_reg.html?_=1639692656427 HTTP/1.1" 200 22
222.70.176.97 - - [17/Dec/2021:06:10:57 +0800] "GET /xingrg/all/function/internal_message.html?_=1639692653261&CODE_STATE=getMsg HTTP/1.1" 200 27
120.253.135.82 - - [17/Dec/2021:06:10:58 +0800] "GET /xingrg/all/function/internal_message.html?_=1639692434990&CODE_STATE=getMsg HTTP/1.1" 200 27
114.85.125.222 - - [17/Dec/2021:06:11:05 +0800] "GET /xingrg/all/function/internal_message.html?_=1639692614872&CODE_STATE=getMsg HTTP/1.1" 200 27
124.77.245.186 - - [17/Dec/2021:06:11:11 +0800] "GET /xingrg/all/function/internal_message.html?_=1639692684954&CODE_STATE=getMsg HTTP/1.1" 200 27
58.35.215.188 - - [17/Dec/2021:06:11:22 +0800] "POST /xingrg/services/DataTransmitService HTTP/1.1" 200 524
222.70.176.97 - - [17/Dec/2021:06:11:23 +0800] "GET /xingrg/all/function/internal_message.html?_=1639692339593&CODE_STATE=getMsg HTTP/1.1" 302 -
120.253.135.82 - - [17/Dec/2021:06:11:34 +0800] "GET /xingrg/javascript/jquery_easy_ui/themes/default/images/tabs_active.png HTTP/1.1" 200 2894
120.253.135.82 - - [17/Dec/2021:06:11:54 +0800] "GET /xingrg/check_reg.html?_=1639692491025 HTTP/1.1" 200 22
222.70.176.97 - - [17/Dec/2021:06:11:57 +0800] "GET /xingrg/all/function/internal_message.html?_=1639692713261&CODE_STATE=getMsg HTTP/1.1" 200 27
120.253.135.82 - - [17/Dec/2021:06:11:58 +0800] "GET /xingrg/all/function/internal_message.html?_=1639692495003&CODE_STATE=getMsg HTTP/1.1" 200 27
116.227.210.113 - - [17/Dec/2021:06:12:03 +0800] "POST /xingrg/services/DataTransmitService HTTP/1.1" 200 524
114.85.125.222 - - [17/Dec/2021:06:12:05 +0800] "GET /xingrg/all/function/internal_message.html?_=1639692674904&CODE_STATE=getMsg HTTP/1.1" 200 27
124.77.245.186 - - [17/Dec/2021:06:12:11 +0800] "GET /xingrg/all/function/internal_message.html?_=1639692744967&CODE_STATE=getMsg HTTP/1.1" 200 27
222.70.176.97 - - [17/Dec/2021:06:12:23 +0800] "GET /xingrg/all/function/internal_message.html?_=1639692399594&CODE_STATE=getMsg HTTP/1.1" 302 -
120.253.135.82 - - [17/Dec/2021:06:12:33 +0800] "GET /xingrg/javascript/auto/indicator.gif HTTP/1.1" 404 1066
120.253.135.82 - - [17/Dec/2021:06:12:41 +0800] "POST /xingrg/kc/pszx/mdps_list_operate.html HTTP/1.1" 200 4289
120.253.135.82 - - [17/Dec/2021:06:12:44 +0800] "POST /xingrg/kc/pszx/mdps_list_operate.html HTTP/1.1" 200 311
114.85.125.222 - - [17/Dec/2021:06:12:46 +0800] "GET /xingrg/check_reg.html?_=1639692715884 HTTP/1.1" 200 22
120.253.135.82 - - [17/Dec/2021:06:12:46 +0800] "POST /xingrg/kc/pszx/mdps_list_operate.html HTTP/1.1" 200 586
120.253.135.82 - - [17/Dec/2021:06:12:47 +0800] "POST /xingrg/kc/pszx/mdps_list_operate.html HTTP/1.1" 200 204
120.253.135.82 - - [17/Dec/2021:06:12:49 +0800] "POST /xingrg/kc/pszx/mdps_list_operate.html HTTP/1.1" 200 633
120.253.135.82 - - [17/Dec/2021:06:12:50 +0800] "POST /xingrg/kc/pszx/mdps_list_operate.html HTTP/1.1" 200 636
120.253.135.82 - - [17/Dec/2021:06:12:51 +0800] "POST /xingrg/kc/pszx/mdps_list_operate.html HTTP/1.1" 200 586
120.253.135.82 - - [17/Dec/2021:06:12:53 +0800] "POST /xingrg/kc/pszx/mdps_list_operate.html HTTP/1.1" 200 279
222.70.176.97 - - [17/Dec/2021:06:12:57 +0800] "GET /xingrg/all/function/internal_message.html?_=1639692773261&CODE_STATE=getMsg HTTP/1.1" 200 27
222.70.176.97 - - [17/Dec/2021:06:12:57 +0800] "GET /xingrg/check_reg.html?_=1639692773263 HTTP/1.1" 200 22
120.253.135.82 - - [17/Dec/2021:06:12:58 +0800] "GET /xingrg/all/function/internal_message.html?_=1639692555017&CODE_STATE=getMsg HTTP/1.1" 200 27
120.253.135.82 - - [17/Dec/2021:06:13:00 +0800] "GET /xingrg/kc/pszx/mdps_order_info.html?code=312021121600426 HTTP/1.1" 200 23931
120.253.135.82 - - [17/Dec/2021:06:13:00 +0800] "GET /xingrg/javascript/convert.js HTTP/1.1" 200 1239
120.253.135.82 - - [17/Dec/2021:06:13:00 +0800] "GET /xingrg/javascript/jquery_tools/order_manager.js HTTP/1.1" 200 11183
120.253.135.82 - - [17/Dec/2021:06:13:00 +0800] "GET /xingrg/javascript/json2.js HTTP/1.1" 200 11259
120.253.135.82 - - [17/Dec/2021:06:13:00 +0800] "GET /xingrg/words/20211216165714_words.js HTTP/1.1" 200 880021
120.253.135.82 - - [17/Dec/2021:06:13:00 +0800] "GET /xingrg/javascript/easyui/themes/icons/copy_new.png HTTP/1.1" 200 815
120.253.135.82 - - [17/Dec/2021:06:13:00 +0800] "GET /xingrg/javascript/easyui/themes/icons/ok.png HTTP/1.1" 200 883
120.253.135.82 - - [17/Dec/2021:06:13:00 +0800] "GET /xingrg/javascript/easyui/themes/icons/cancel.png HTTP/1.1" 200 1133
120.253.135.82 - - [17/Dec/2021:06:13:00 +0800] "GET /xingrg/javascript/easyui/themes/icons/print.png HTTP/1.1" 200 1057
120.253.135.82 - - [17/Dec/2021:06:13:00 +0800] "GET /xingrg/javascript/easyui/themes/default/images/menu_downarrow.png HTTP/1.1" 200 173
120.253.135.82 - - [17/Dec/2021:06:13:01 +0800] "GET /xingrg/all/common/auto_word.html?type=base&rest_code=00101 HTTP/1.1" 200 613
120.253.135.82 - - [17/Dec/2021:06:13:01 +0800] "GET /xingrg/javascript/easyui/themes/default/validatebox.css HTTP/1.1" 404 1104
120.253.135.82 - - [17/Dec/2021:06:13:01 +0800] "GET /xingrg/javascript/easyui/plugins/jquery.validatebox.js HTTP/1.1" 200 6103
120.253.135.82 - - [17/Dec/2021:06:13:01 +0800] "POST /xingrg/kc/pszx/mdps_order_operate.html HTTP/1.1" 200 5218
120.253.135.82 - - [17/Dec/2021:06:13:01 +0800] "GET /xingrg/javascript/easyui/plugins/jquery.numberbox.js HTTP/1.1" 200 5213
120.253.135.82 - - [17/Dec/2021:06:13:01 +0800] "GET /xingrg/javascript/easyui/themes/icons/edit_remove.png HTTP/1.1" 200 625
120.253.135.82 - - [17/Dec/2021:06:13:04 +0800] "GET /xingrg/javascript/easyui/themes/default/images/button_plain_hover.png HTTP/1.1" 200 144
114.85.125.222 - - [17/Dec/2021:06:13:05 +0800] "GET /xingrg/all/function/internal_message.html?_=1639692734915&CODE_STATE=getMsg HTTP/1.1" 200 27
124.77.245.186 - - [17/Dec/2021:06:13:11 +0800] "GET /xingrg/all/function/internal_message.html?_=1639692805458&CODE_STATE=getMsg HTTP/1.1" 200 27
222.70.176.97 - - [17/Dec/2021:06:13:23 +0800] "GET /xingrg/all/function/internal_message.html?_=1639692459594&CODE_STATE=getMsg HTTP/1.1" 302 -
222.70.176.97 - - [17/Dec/2021:06:13:23 +0800] "GET /xingrg/check_reg.html?_=1639692459595 HTTP/1.1" 302 -
222.70.176.97 - - [17/Dec/2021:06:13:57 +0800] "GET /xingrg/all/function/internal_message.html?_=1639692833262&CODE_STATE=getMsg HTTP/1.1" 200 27
120.253.135.82 - - [17/Dec/2021:06:13:58 +0800] "GET /xingrg/all/function/internal_message.html?_=1639692615052&CODE_STATE=getMsg HTTP/1.1" 200 27
114.85.125.222 - - [17/Dec/2021:06:14:05 +0800] "GET /xingrg/all/function/internal_message.html?_=1639692794929&CODE_STATE=getMsg HTTP/1.1" 200 27
124.77.245.186 - - [17/Dec/2021:06:14:11 +0800] "GET /xingrg/all/function/internal_message.html?_=1639692865462&CODE_STATE=getMsg HTTP/1.1" 200 27
222.70.176.97 - - [17/Dec/2021:06:14:23 +0800] "GET /xingrg/all/function/internal_message.html?_=1639692519593&CODE_STATE=getMsg HTTP/1.1" 302 -
61.170.234.223 - - [17/Dec/2021:06:14:56 +0800] "POST /xingrg/services/DataTransmitService HTTP/1.1" 200 524
222.70.176.97 - - [17/Dec/2021:06:14:57 +0800] "GET /xingrg/all/function/internal_message.html?_=1639692893261&CODE_STATE=getMsg HTTP/1.1" 200 27
120.253.135.82 - - [17/Dec/2021:06:14:58 +0800] "GET /xingrg/all/function/internal_message.html?_=1639692675059&CODE_STATE=getMsg HTTP/1.1" 200 27
114.85.125.222 - - [17/Dec/2021:06:15:05 +0800] "GET /xingrg/all/function/internal_message.html?_=1639692854962&CODE_STATE=getMsg HTTP/1.1" 200 27
124.77.245.186 - - [17/Dec/2021:06:15:12 +0800] "GET /xingrg/all/function/internal_message.html?_=1639692925944&CODE_STATE=getMsg HTTP/1.1" 200 27
120.253.135.82 - - [17/Dec/2021:06:15:13 +0800] "POST /xingrg/kc/pszx/mdps_list_operate.html HTTP/1.1" 200 4947
120.253.135.82 - - [17/Dec/2021:06:15:17 +0800] "POST /xingrg/kc/pszx/mdps_list_operate.html HTTP/1.1" 200 311
120.253.135.82 - - [17/Dec/2021:06:15:18 +0800] "POST /xingrg/kc/pszx/mdps_list_operate.html HTTP/1.1" 200 210
120.253.135.82 - - [17/Dec/2021:06:15:20 +0800] "POST /xingrg/kc/pszx/mdps_list_operate.html HTTP/1.1" 200 287
120.253.135.82 - - [17/Dec/2021:06:15:21 +0800] "POST /xingrg/kc/pszx/mdps_list_operate.html HTTP/1.1" 200 653
222.70.176.97 - - [17/Dec/2021:06:15:23 +0800] "GET /xingrg/all/function/internal_message.html?_=1639692579593&CODE_STATE=getMsg HTTP/1.1" 302 -
120.253.135.82 - - [17/Dec/2021:06:15:23 +0800] "POST /xingrg/kc/pszx/mdps_list_operate.html HTTP/1.1" 200 447
120.253.135.82 - - [17/Dec/2021:06:15:24 +0800] "POST /xingrg/kc/pszx/mdps_list_operate.html HTTP/1.1" 200 360
120.253.135.82 - - [17/Dec/2021:06:15:29 +0800] "POST /xingrg/kc/pszx/mdps_list_operate.html HTTP/1.1" 200 668
120.253.135.82 - - [17/Dec/2021:06:15:30 +0800] "POST /xingrg/kc/pszx/mdps_list_operate.html HTTP/1.1" 200 360
114.88.158.169 - - [17/Dec/2021:06:15:31 +0800] "POST /xingrg/services/DataTransmitService HTTP/1.1" 200 524
120.253.135.82 - - [17/Dec/2021:06:15:32 +0800] "POST /xingrg/kc/pszx/mdps_list_operate.html HTTP/1.1" 200 586
120.253.135.82 - - [17/Dec/2021:06:15:33 +0800] "POST /xingrg/kc/pszx/mdps_list_operate.html HTTP/1.1" 200 279
124.77.245.186 - - [17/Dec/2021:06:15:42 +0800] "GET /xingrg/check_reg.html?_=1639692956429 HTTP/1.1" 200 22
222.70.176.97 - - [17/Dec/2021:06:15:57 +0800] "GET /xingrg/all/function/internal_message.html?_=1639692953251&CODE_STATE=getMsg HTTP/1.1" 200 27
120.253.135.82 - - [17/Dec/2021:06:15:58 +0800] "GET /xingrg/all/function/internal_message.html?_=1639692735098&CODE_STATE=getMsg HTTP/1.1" 200 27
114.85.125.222 - - [17/Dec/2021:06:16:05 +0800] "GET /xingrg/all/function/internal_message.html?_=1639692914971&CODE_STATE=getMsg HTTP/1.1" 200 27
120.253.135.82 - - [17/Dec/2021:06:16:11 +0800] "POST /xingrg/kc/pszx/mdps_list_operate.html HTTP/1.1" 200 4945
124.77.245.186 - - [17/Dec/2021:06:16:12 +0800] "GET /xingrg/all/function/internal_message.html?_=1639692985957&CODE_STATE=getMsg HTTP/1.1" 200 27
120.253.135.82 - - [17/Dec/2021:06:16:22 +0800] "POST /xingrg/kc/pszx/mdps_list_operate.html HTTP/1.1" 200 4945
222.70.176.97 - - [17/Dec/2021:06:16:23 +0800] "GET /xingrg/all/function/internal_message.html?_=1639692639593&CODE_STATE=getMsg HTTP/1.1" 302 -
120.253.135.82 - - [17/Dec/2021:06:16:28 +0800] "POST /xingrg/kc/pszx/mdps_list_operate.html HTTP/1.1" 200 483
120.253.135.82 - - [17/Dec/2021:06:16:30 +0800] "POST /xingrg/kc/pszx/mdps_list_operate.html HTTP/1.1" 200 207
120.253.135.82 - - [17/Dec/2021:06:16:32 +0800] "POST /xingrg/kc/pszx/mdps_list_operate.html HTTP/1.1" 200 311
120.253.135.82 - - [17/Dec/2021:06:16:34 +0800] "POST /xingrg/kc/pszx/mdps_list_operate.html HTTP/1.1" 200 653
120.253.135.82 - - [17/Dec/2021:06:16:35 +0800] "POST /xingrg/kc/pszx/mdps_list_operate.html HTTP/1.1" 200 593
120.253.135.82 - - [17/Dec/2021:06:16:37 +0800] "POST /xingrg/kc/pszx/mdps_list_operate.html HTTP/1.1" 200 289
120.253.135.82 - - [17/Dec/2021:06:16:39 +0800] "POST /xingrg/kc/pszx/mdps_list_operate.html HTTP/1.1" 200 314
120.253.135.82 - - [17/Dec/2021:06:16:42 +0800] "POST /xingrg/kc/pszx/mdps_list_operate.html HTTP/1.1" 200 614
120.253.135.82 - - [17/Dec/2021:06:16:44 +0800] "POST /xingrg/kc/pszx/mdps_list_operate.html HTTP/1.1" 200 279
120.253.135.82 - - [17/Dec/2021:06:16:45 +0800] "POST /xingrg/kc/pszx/mdps_list_operate.html HTTP/1.1" 200 202
120.253.135.82 - - [17/Dec/2021:06:16:54 +0800] "GET /xingrg/check_reg.html?_=1639692791031 HTTP/1.1" 200 22
222.70.176.97 - - [17/Dec/2021:06:16:57 +0800] "GET /xingrg/all/function/internal_message.html?_=1639693013250&CODE_STATE=getMsg HTTP/1.1" 200 27
120.253.135.82 - - [17/Dec/2021:06:16:58 +0800] "GET /xingrg/all/function/internal_message.html?_=1639692795102&CODE_STATE=getMsg HTTP/1.1" 200 27
114.85.125.222 - - [17/Dec/2021:06:17:05 +0800] "GET /xingrg/all/function/internal_message.html?_=1639692975004&CODE_STATE=getMsg HTTP/1.1" 200 27
124.77.245.186 - - [17/Dec/2021:06:17:12 +0800] "GET /xingrg/all/function/internal_message.html?_=1639693045972&CODE_STATE=getMsg HTTP/1.1" 200 27
222.70.176.97 - - [17/Dec/2021:06:17:23 +0800] "GET /xingrg/all/function/internal_message.html?_=1639692699593&CODE_STATE=getMsg HTTP/1.1" 302 -
120.253.135.82 - - [17/Dec/2021:06:17:42 +0800] "GET /xingrg/kc/pszx/mdps_order_info.html?code=312021121700448 HTTP/1.1" 200 23925
120.253.135.82 - - [17/Dec/2021:06:17:42 +0800] "GET /xingrg/javascript/easyui/themes/default/validatebox.css HTTP/1.1" 404 1104
120.253.135.82 - - [17/Dec/2021:06:17:42 +0800] "POST /xingrg/kc/pszx/mdps_order_operate.html HTTP/1.1" 200 2276
114.85.125.222 - - [17/Dec/2021:06:17:46 +0800] "GET /xingrg/check_reg.html?_=1639693015888 HTTP/1.1" 200 22
120.253.135.82 - - [17/Dec/2021:06:17:53 +0800] "POST /xingrg/kc/pszx/mdps_order_operate.html HTTP/1.1" 200 37
120.253.135.82 - - [17/Dec/2021:06:17:54 +0800] "GET /xingrg/kc/pszx/mdps_order_info.html?code=312021121700448 HTTP/1.1" 200 23925
120.253.135.82 - - [17/Dec/2021:06:17:55 +0800] "GET /xingrg/javascript/easyui/themes/default/validatebox.css HTTP/1.1" 404 1104
120.253.135.82 - - [17/Dec/2021:06:17:55 +0800] "POST /xingrg/kc/pszx/mdps_order_operate.html HTTP/1.1" 200 2283
120.253.135.82 - - [17/Dec/2021:06:17:57 +0800] "POST /xingrg/kc/pszx/mdps_list_operate.html HTTP/1.1" 200 4945
222.70.176.97 - - [17/Dec/2021:06:17:57 +0800] "GET /xingrg/all/function/internal_message.html?_=1639693073250&CODE_STATE=getMsg HTTP/1.1" 200 27
120.253.135.82 - - [17/Dec/2021:06:17:58 +0800] "GET /xingrg/all/function/internal_message.html?_=1639692855116&CODE_STATE=getMsg HTTP/1.1" 200 27
222.70.176.97 - - [17/Dec/2021:06:17:58 +0800] "GET /xingrg/check_reg.html?_=1639693073253 HTTP/1.1" 200 22
114.85.125.222 - - [17/Dec/2021:06:18:05 +0800] "GET /xingrg/all/function/internal_message.html?_=1639693035014&CODE_STATE=getMsg HTTP/1.1" 200 27
124.77.245.186 - - [17/Dec/2021:06:18:12 +0800] "GET /xingrg/all/function/internal_message.html?_=1639693106473&CODE_STATE=getMsg HTTP/1.1" 200 27
222.70.176.97 - - [17/Dec/2021:06:18:23 +0800] "GET /xingrg/all/function/internal_message.html?_=1639692759593&CODE_STATE=getMsg HTTP/1.1" 302 -
222.70.176.97 - - [17/Dec/2021:06:18:23 +0800] "GET /xingrg/check_reg.html?_=1639692759595 HTTP/1.1" 302 -
120.253.135.82 - - [17/Dec/2021:06:18:34 +0800] "POST /xingrg/kc/pszx/mdps_list_operate.html HTTP/1.1" 200 3923
120.253.135.82 - - [17/Dec/2021:06:18:36 +0800] "POST /xingrg/kc/pszx/mdps_list_operate.html HTTP/1.1" 200 202
120.253.135.82 - - [17/Dec/2021:06:18:37 +0800] "POST /xingrg/kc/pszx/mdps_list_operate.html HTTP/1.1" 200 362
222.70.176.97 - - [17/Dec/2021:06:18:57 +0800] "GET /xingrg/all/function/internal_message.html?_=1639693133252&CODE_STATE=getMsg HTTP/1.1" 200 27
120.253.135.82 - - [17/Dec/2021:06:18:58 +0800] "GET /xingrg/all/function/internal_message.html?_=1639692915139&CODE_STATE=getMsg HTTP/1.1" 200 27
114.85.125.222 - - [17/Dec/2021:06:19:05 +0800] "GET /xingrg/all/function/internal_message.html?_=1639693095028&CODE_STATE=getMsg HTTP/1.1" 200 27
120.253.135.82 - - [17/Dec/2021:06:19:06 +0800] "GET /xingrg/kc/report/report_main.html HTTP/1.1" 200 8599
120.253.135.82 - - [17/Dec/2021:06:19:06 +0800] "GET /xingrg/javascript/jquery_ui/themes/humanity/humanity.css HTTP/1.1" 200 27801
120.253.135.82 - - [17/Dec/2021:06:19:10 +0800] "GET /xingrg/kc/base/kc_stocks.html HTTP/1.1" 200 16437
120.253.135.82 - - [17/Dec/2021:06:19:10 +0800] "GET /xingrg/javascript/easyui/themes/sunny/easyui.css HTTP/1.1" 200 34304
120.253.135.82 - - [17/Dec/2021:06:19:10 +0800] "GET /xingrg/javascript/easyui/themes/icons/print_new.png HTTP/1.1" 200 3580
120.253.135.82 - - [17/Dec/2021:06:19:10 +0800] "GET /xingrg/javascript/easyui/themes/icons/filter_new.png HTTP/1.1" 200 795
120.253.135.82 - - [17/Dec/2021:06:19:10 +0800] "GET /xingrg/javascript/easyui/themes/icons/refresh_new.png HTTP/1.1" 200 685
120.253.135.82 - - [17/Dec/2021:06:19:10 +0800] "GET /xingrg/javascript/easyui/plugins/jquery.draggable.js HTTP/1.1" 200 6121
120.253.135.82 - - [17/Dec/2021:06:19:10 +0800] "GET /xingrg/javascript/easyui/plugins/jquery.droppable.js HTTP/1.1" 200 1167
120.253.135.82 - - [17/Dec/2021:06:19:11 +0800] "GET /xingrg/javascript/easyui/themes/default/tree.css HTTP/1.1" 404 1090
120.253.135.82 - - [17/Dec/2021:06:19:11 +0800] "GET /xingrg/javascript/easyui/plugins/jquery.tree.js HTTP/1.1" 200 20874
120.253.135.82 - - [17/Dec/2021:06:19:11 +0800] "POST /xingrg/all/common/load_tree.html?tree=materiel_sort_tree_json HTTP/1.1" 200 9388
120.253.135.82 - - [17/Dec/2021:06:19:11 +0800] "GET /xingrg/javascript/easyui/themes/sunny/images/tree_arrows.gif HTTP/1.1" 200 617
120.253.135.82 - - [17/Dec/2021:06:19:11 +0800] "GET /xingrg/javascript/easyui/themes/sunny/images/tree_folder.gif HTTP/1.1" 200 952
120.253.135.82 - - [17/Dec/2021:06:19:11 +0800] "GET /xingrg/javascript/easyui/themes/sunny/images/tree_file.gif HTTP/1.1" 200 118
120.253.135.82 - - [17/Dec/2021:06:19:11 +0800] "GET /xingrg/javascript/easyui/themes/sunny/images/tree_folder_open.gif HTTP/1.1" 200 956
124.77.245.186 - - [17/Dec/2021:06:19:12 +0800] "GET /xingrg/all/function/internal_message.html?_=1639693166482&CODE_STATE=getMsg HTTP/1.1" 200 27
120.253.135.82 - - [17/Dec/2021:06:19:22 +0800] "GET /xingrg/javascript/easyui/themes/sunny/images/ui-bg_gloss-wave_70_ffdd57_500x100.png HTTP/1.1" 200 3830
222.70.176.97 - - [17/Dec/2021:06:19:23 +0800] "GET /xingrg/all/function/internal_message.html?_=1639692819593&CODE_STATE=getMsg HTTP/1.1" 302 -
120.253.135.82 - - [17/Dec/2021:06:19:29 +0800] "POST /xingrg/kc/base/stock_operate.html HTTP/1.1" 200 1457
120.253.135.82 - - [17/Dec/2021:06:19:29 +0800] "GET /xingrg/javascript/jquery_tools/fix_table.js HTTP/1.1" 200 6528
120.253.135.82 - - [17/Dec/2021:06:19:33 +0800] "GET /xingrg/kc/base/stock_detail.html?m=00101019525 HTTP/1.1" 200 6351
120.253.135.82 - - [17/Dec/2021:06:19:33 +0800] "GET /xingrg/javascript/jquery_easy_ui/themes/default/images/menu.gif HTTP/1.1" 200 834
120.253.135.82 - - [17/Dec/2021:06:19:45 +0800] "GET /xingrg/kc/base/stock_operate.html?_=1639692962334&command=get_report_file&start_day=20210601 HTTP/1.1" 200 53
120.253.135.82 - - [17/Dec/2021:06:19:45 +0800] "GET /xingrg/javascript/bigrid/fix.css HTTP/1.1" 200 1702
120.253.135.82 - - [17/Dec/2021:06:19:45 +0800] "GET /xingrg/javascript/multi_select/jqueryMultiSelect.css HTTP/1.1" 200 951
120.253.135.82 - - [17/Dec/2021:06:19:45 +0800] "GET /xingrg/all/report/report_query.html?isQuery=1&onlyBody=1&rh=2000&fileName=kc/base/kc_stock_detail_new.xml&queryString=(1=1)&queryText=&tableQueryString=init_table$sp1$$sp$crk_table$sp1$order_day%20between%2020210601%20and%2020211231&varString=start_day:20210601,materiel_code:00101019525,cost_id:3196,end_date:20210531 HTTP/1.1" 200 48701
120.253.135.82 - - [17/Dec/2021:06:19:45 +0800] "GET /xingrg/javascript/calendar/jquery.timePicker.min.js HTTP/1.1" 200 2997
120.253.135.82 - - [17/Dec/2021:06:19:45 +0800] "GET /xingrg/javascript/bigrid/fix.js HTTP/1.1" 200 6439
120.253.135.82 - - [17/Dec/2021:06:19:45 +0800] "GET /xingrg/javascript/calendar/timePicker.css HTTP/1.1" 200 523
120.253.135.82 - - [17/Dec/2021:06:19:45 +0800] "GET /xingrg/dwr/interface/AjaxReportQueryService.js HTTP/1.1" 200 13203
120.253.135.82 - - [17/Dec/2021:06:19:45 +0800] "GET /xingrg/javascript/jqueryMultiSelect.js HTTP/1.1" 200 11866
120.253.135.82 - - [17/Dec/2021:06:19:45 +0800] "GET /xingrg/dwr/engine.js HTTP/1.1" 200 43631
120.253.135.82 - - [17/Dec/2021:06:19:45 +0800] "GET /xingrg/images/blue/button/advanceover.gif HTTP/1.1" 200 1347
120.253.135.82 - - [17/Dec/2021:06:19:45 +0800] "GET /xingrg/images/blue/button/back2over.gif HTTP/1.1" 200 1335
120.253.135.82 - - [17/Dec/2021:06:19:45 +0800] "GET /xingrg/javascript/jquery_easy_ui/themes/icons/help.png HTTP/1.1" 200 1187
120.253.135.82 - - [17/Dec/2021:06:19:45 +0800] "GET /xingrg/images/blue/button/advance2over.gif HTTP/1.1" 200 1336
120.253.135.82 - - [17/Dec/2021:06:19:45 +0800] "GET /xingrg/images/blue/button/backover.gif HTTP/1.1" 200 1348
120.253.135.82 - - [17/Dec/2021:06:19:45 +0800] "GET /xingrg/images/control/loading.gif HTTP/1.1" 200 13463
120.253.135.82 - - [17/Dec/2021:06:19:46 +0800] "POST /xingrg/all/report/load_report_page.html HTTP/1.1" 200 39554
120.253.135.82 - - [17/Dec/2021:06:19:46 +0800] "GET /xingrg/servlets/image?cache=0.3560552795450772&image=px HTTP/1.1" 200 807
222.70.176.97 - - [17/Dec/2021:06:19:57 +0800] "GET /xingrg/all/function/internal_message.html?_=1639693193252&CODE_STATE=getMsg HTTP/1.1" 200 27
120.253.135.82 - - [17/Dec/2021:06:19:58 +0800] "GET /xingrg/all/function/internal_message.html?_=1639692975144&CODE_STATE=getMsg HTTP/1.1" 200 27
114.85.125.222 - - [17/Dec/2021:06:20:05 +0800] "GET /xingrg/all/function/internal_message.html?_=1639693155060&CODE_STATE=getMsg HTTP/1.1" 200 27
124.77.245.186 - - [17/Dec/2021:06:20:13 +0800] "GET /xingrg/all/function/internal_message.html?_=1639693226957&CODE_STATE=getMsg HTTP/1.1" 200 27
222.70.176.97 - - [17/Dec/2021:06:20:23 +0800] "GET /xingrg/all/function/internal_message.html?_=1639692879594&CODE_STATE=getMsg HTTP/1.1" 302 -
124.77.245.186 - - [17/Dec/2021:06:20:42 +0800] "GET /xingrg/check_reg.html?_=1639693256437 HTTP/1.1" 200 22
222.70.176.97 - - [17/Dec/2021:06:20:57 +0800] "GET /xingrg/all/function/internal_message.html?_=1639693253251&CODE_STATE=getMsg HTTP/1.1" 200 27
120.253.135.82 - - [17/Dec/2021:06:20:58 +0800] "GET /xingrg/all/function/internal_message.html?_=1639693035170&CODE_STATE=getMsg HTTP/1.1" 200 27
114.85.125.222 - - [17/Dec/2021:06:21:05 +0800] "GET /xingrg/all/function/internal_message.html?_=1639693215070&CODE_STATE=getMsg HTTP/1.1" 200 27
124.77.245.186 - - [17/Dec/2021:06:21:13 +0800] "GET /xingrg/all/function/internal_message.html?_=1639693286962&CODE_STATE=getMsg HTTP/1.1" 200 27
222.70.176.97 - - [17/Dec/2021:06:21:23 +0800] "GET /xingrg/all/function/internal_message.html?_=1639692939594&CODE_STATE=getMsg HTTP/1.1" 302 -
114.85.125.222 - - [17/Dec/2021:06:21:25 +0800] "POST /xingrg/services/DataTransmitService HTTP/1.1" 200 524
120.253.135.82 - - [17/Dec/2021:06:21:54 +0800] "GET /xingrg/check_reg.html?_=1639693091036 HTTP/1.1" 200 22
222.70.176.97 - - [17/Dec/2021:06:21:57 +0800] "GET /xingrg/all/function/internal_message.html?_=1639693313251&CODE_STATE=getMsg HTTP/1.1" 200 27
120.253.135.82 - - [17/Dec/2021:06:21:58 +0800] "GET /xingrg/all/function/internal_message.html?_=1639693095185&CODE_STATE=getMsg HTTP/1.1" 200 27
116.227.210.113 - - [17/Dec/2021:06:22:03 +0800] "POST /xingrg/services/DataTransmitService HTTP/1.1" 200 524
114.85.125.222 - - [17/Dec/2021:06:22:05 +0800] "GET /xingrg/all/function/internal_message.html?_=1639693275102&CODE_STATE=getMsg HTTP/1.1" 200 27
124.77.245.186 - - [17/Dec/2021:06:22:13 +0800] "GET /xingrg/all/function/internal_message.html?_=1639693346975&CODE_STATE=getMsg HTTP/1.1" 200 27
120.253.135.82 - - [17/Dec/2021:06:22:22 +0800] "GET /xingrg/kc/pszx/mdqp_order_list.html?state=10 HTTP/1.1" 200 15507
120.253.135.82 - - [17/Dec/2021:06:22:22 +0800] "GET /xingrg/dwr/interface/AjaxReportQueryService.js HTTP/1.1" 200 13203
120.253.135.82 - - [17/Dec/2021:06:22:22 +0800] "GET /xingrg/dwr/interface/AjaxQqpsService.js HTTP/1.1" 200 16326
120.253.135.82 - - [17/Dec/2021:06:22:22 +0800] "GET /xingrg/dwr/engine.js HTTP/1.1" 200 43631
222.70.176.97 - - [17/Dec/2021:06:22:23 +0800] "GET /xingrg/all/function/internal_message.html?_=1639692999594&CODE_STATE=getMsg HTTP/1.1" 302 -
120.253.135.82 - - [17/Dec/2021:06:22:36 +0800] "GET /xingrg/kc/pszx/jzcl_ps.html HTTP/1.1" 200 7683
120.253.135.82 - - [17/Dec/2021:06:22:36 +0800] "POST /xingrg/all/common/load_tree.html?tree=area_rest_tree_json HTTP/1.1" 200 3472
120.253.135.82 - - [17/Dec/2021:06:22:37 +0800] "POST /xingrg/kc/pszx/jzcl_ps_operate.html HTTP/1.1" 200 5489
120.253.135.82 - - [17/Dec/2021:06:22:37 +0800] "POST /xingrg/kc/pszx/jzcl_ps_operate.html HTTP/1.1" 200 5489
114.85.125.222 - - [17/Dec/2021:06:22:46 +0800] "GET /xingrg/check_reg.html?_=1639693315894 HTTP/1.1" 200 22
180.175.103.30 - - [17/Dec/2021:06:22:49 +0800] "POST /xingrg/services/DataTransmitService HTTP/1.1" 200 524
120.253.135.82 - - [17/Dec/2021:06:22:50 +0800] "POST /xingrg/kc/pszx/jzcl_ps_operate.html HTTP/1.1" 200 4
120.253.135.82 - - [17/Dec/2021:06:22:51 +0800] "GET /xingrg/kc/pszx/mdps_order_list.html HTTP/1.1" 200 20925
120.253.135.82 - - [17/Dec/2021:06:22:52 +0800] "POST /xingrg/kc/pszx/jzcl_ps_operate.html HTTP/1.1" 200 4207
120.253.135.82 - - [17/Dec/2021:06:22:52 +0800] "POST /xingrg/kc/pszx/mdps_list_operate.html HTTP/1.1" 200 5433
222.70.176.97 - - [17/Dec/2021:06:22:57 +0800] "GET /xingrg/all/function/internal_message.html?_=1639693373251&CODE_STATE=getMsg HTTP/1.1" 200 27
222.70.176.97 - - [17/Dec/2021:06:22:57 +0800] "GET /xingrg/check_reg.html?_=1639693373253 HTTP/1.1" 200 22
120.253.135.82 - - [17/Dec/2021:06:22:58 +0800] "GET /xingrg/all/function/internal_message.html?_=1639693155200&CODE_STATE=getMsg HTTP/1.1" 200 27
114.85.125.222 - - [17/Dec/2021:06:23:05 +0800] "GET /xingrg/all/function/internal_message.html?_=1639693335114&CODE_STATE=getMsg HTTP/1.1" 200 27
124.77.245.186 - - [17/Dec/2021:06:23:13 +0800] "GET /xingrg/all/function/internal_message.html?_=1639693407453&CODE_STATE=getMsg HTTP/1.1" 200 27
120.253.135.82 - - [17/Dec/2021:06:23:16 +0800] "POST /xingrg/kc/pszx/mdps_list_operate.html HTTP/1.1" 200 3180
120.253.135.82 - - [17/Dec/2021:06:23:18 +0800] "POST /xingrg/kc/pszx/mdps_list_operate.html HTTP/1.1" 200 279
120.253.135.82 - - [17/Dec/2021:06:23:23 +0800] "POST /xingrg/kc/pszx/mdps_list_operate.html HTTP/1.1" 200 311
222.70.176.97 - - [17/Dec/2021:06:23:23 +0800] "GET /xingrg/check_reg.html?_=1639693059594 HTTP/1.1" 302 -
222.70.176.97 - - [17/Dec/2021:06:23:23 +0800] "GET /xingrg/all/function/internal_message.html?_=1639693059594&CODE_STATE=getMsg HTTP/1.1" 302 -
120.253.135.82 - - [17/Dec/2021:06:23:25 +0800] "POST /xingrg/kc/pszx/mdps_list_operate.html HTTP/1.1" 200 424
120.253.135.82 - - [17/Dec/2021:06:23:26 +0800] "GET /xingrg/kc/pszx/mdps_order_info.html?code=312021121700449 HTTP/1.1" 200 23931
120.253.135.82 - - [17/Dec/2021:06:23:27 +0800] "GET /xingrg/javascript/easyui/themes/default/validatebox.css HTTP/1.1" 404 1104
120.253.135.82 - - [17/Dec/2021:06:23:27 +0800] "POST /xingrg/kc/pszx/mdps_order_operate.html HTTP/1.1" 200 3710
120.253.135.82 - - [17/Dec/2021:06:23:29 +0800] "GET /xingrg/css/images/panel_loading.gif HTTP/1.1" 200 1737
120.253.135.82 - - [17/Dec/2021:06:23:29 +0800] "POST /xingrg/all/common/load_combo.html?type=base HTTP/1.1" 200 1075
120.253.135.82 - - [17/Dec/2021:06:23:33 +0800] "POST /xingrg/kc/pszx/mdps_order_operate.html HTTP/1.1" 200 37
120.253.135.82 - - [17/Dec/2021:06:23:34 +0800] "GET /xingrg/kc/pszx/mdps_order_info.html?code=312021121700449 HTTP/1.1" 200 23931
120.253.135.82 - - [17/Dec/2021:06:23:34 +0800] "GET /xingrg/javascript/easyui/themes/default/validatebox.css HTTP/1.1" 404 1104
120.253.135.82 - - [17/Dec/2021:06:23:34 +0800] "POST /xingrg/kc/pszx/mdps_order_operate.html HTTP/1.1" 200 3741
120.253.135.82 - - [17/Dec/2021:06:23:57 +0800] "POST /xingrg/kc/pszx/mdps_list_operate.html HTTP/1.1" 200 665
222.70.176.97 - - [17/Dec/2021:06:23:57 +0800] "GET /xingrg/all/function/internal_message.html?_=1639693433253&CODE_STATE=getMsg HTTP/1.1" 200 27
120.253.135.82 - - [17/Dec/2021:06:23:58 +0800] "GET /xingrg/all/function/internal_message.html?_=1639693215214&CODE_STATE=getMsg HTTP/1.1" 200 27
120.253.135.82 - - [17/Dec/2021:06:23:58 +0800] "GET /xingrg/kc/pszx/mdps_order_info.html?code=312021121700450 HTTP/1.1" 200 23931
120.253.135.82 - - [17/Dec/2021:06:23:58 +0800] "GET /xingrg/javascript/easyui/themes/default/validatebox.css HTTP/1.1" 404 1104
120.253.135.82 - - [17/Dec/2021:06:23:58 +0800] "POST /xingrg/kc/pszx/mdps_order_operate.html HTTP/1.1" 200 16432
120.253.135.82 - - [17/Dec/2021:06:24:02 +0800] "POST /xingrg/kc/pszx/mdps_order_operate.html HTTP/1.1" 200 37
120.253.135.82 - - [17/Dec/2021:06:24:03 +0800] "GET /xingrg/kc/pszx/mdps_order_info.html?code=312021121700450 HTTP/1.1" 200 23931
120.253.135.82 - - [17/Dec/2021:06:24:03 +0800] "GET /xingrg/javascript/easyui/themes/default/validatebox.css HTTP/1.1" 404 1104
120.253.135.82 - - [17/Dec/2021:06:24:03 +0800] "POST /xingrg/kc/pszx/mdps_order_operate.html HTTP/1.1" 200 16659
114.85.125.222 - - [17/Dec/2021:06:24:05 +0800] "GET /xingrg/all/function/internal_message.html?_=1639693395127&CODE_STATE=getMsg HTTP/1.1" 200 27
124.77.245.186 - - [17/Dec/2021:06:24:13 +0800] "GET /xingrg/all/function/internal_message.html?_=1639693467455&CODE_STATE=getMsg HTTP/1.1" 200 27
120.253.135.82 - - [17/Dec/2021:06:24:14 +0800] "GET /xingrg/kc/pszx/mdps_order_operate.html?command=get_materiel&pszx_code=00101&rest_code=00149&base_code=0010246&code=00101013166 HTTP/1.1" 200 443
120.253.135.82 - - [17/Dec/2021:06:24:16 +0800] "POST /xingrg/all/common/load_select.html HTTP/1.1" 200 25
120.253.135.82 - - [17/Dec/2021:06:24:19 +0800] "GET /xingrg/kc/pszx/mdps_order_operate.html?command=get_materiel_price&pszx_code=00101&rest_code=00149&base_code=0010246&code=00101013166&unit_code=00100097&order_time=2021-12-18 HTTP/1.1" 200 33
222.70.176.97 - - [17/Dec/2021:06:24:23 +0800] "GET /xingrg/all/function/internal_message.html?_=1639693119594&CODE_STATE=getMsg HTTP/1.1" 302 -
61.170.234.223 - - [17/Dec/2021:06:24:56 +0800] "POST /xingrg/services/DataTransmitService HTTP/1.1" 200 524
222.70.176.97 - - [17/Dec/2021:06:24:57 +0800] "GET /xingrg/all/function/internal_message.html?_=1639693493252&CODE_STATE=getMsg HTTP/1.1" 200 27
120.253.135.82 - - [17/Dec/2021:06:24:58 +0800] "GET /xingrg/all/function/internal_message.html?_=1639693275227&CODE_STATE=getMsg HTTP/1.1" 200 27
114.85.125.222 - - [17/Dec/2021:06:25:05 +0800] "GET /xingrg/all/function/internal_message.html?_=1639693455160&CODE_STATE=getMsg HTTP/1.1" 200 27
124.77.245.186 - - [17/Dec/2021:06:25:14 +0800] "GET /xingrg/all/function/internal_message.html?_=1639693527928&CODE_STATE=getMsg HTTP/1.1" 200 27
120.253.135.82 - - [17/Dec/2021:06:25:17 +0800] "POST /xingrg/kc/pszx/mdps_order_operate.html HTTP/1.1" 200 37
120.253.135.82 - - [17/Dec/2021:06:25:18 +0800] "GET /xingrg/kc/pszx/mdps_order_info.html?code=312021121700450 HTTP/1.1" 200 23931
120.253.135.82 - - [17/Dec/2021:06:25:18 +0800] "GET /xingrg/javascript/easyui/themes/default/validatebox.css HTTP/1.1" 404 1104
120.253.135.82 - - [17/Dec/2021:06:25:19 +0800] "POST /xingrg/kc/pszx/mdps_order_operate.html HTTP/1.1" 200 16653
222.70.176.97 - - [17/Dec/2021:06:25:23 +0800] "GET /xingrg/all/function/internal_message.html?_=1639693179593&CODE_STATE=getMsg HTTP/1.1" 302 -
222.70.176.97 - - [17/Dec/2021:06:25:23 +0800] "GET /xingrg/login.html HTTP/1.1" 200 7641
114.88.158.169 - - [17/Dec/2021:06:25:31 +0800] "POST /xingrg/services/DataTransmitService HTTP/1.1" 200 524
124.77.245.186 - - [17/Dec/2021:06:25:42 +0800] "GET /xingrg/check_reg.html?_=1639693556437 HTTP/1.1" 200 22
222.70.176.97 - - [17/Dec/2021:06:25:57 +0800] "GET /xingrg/all/function/internal_message.html?_=1639693553252&CODE_STATE=getMsg HTTP/1.1" 200 27
120.253.135.82 - - [17/Dec/2021:06:25:58 +0800] "GET /xingrg/all/function/internal_message.html?_=1639693335240&CODE_STATE=getMsg HTTP/1.1" 200 27
114.85.125.222 - - [17/Dec/2021:06:26:05 +0800] "GET /xingrg/all/function/internal_message.html?_=1639693515170&CODE_STATE=getMsg HTTP/1.1" 200 27
124.77.245.186 - - [17/Dec/2021:06:26:14 +0800] "GET /xingrg/all/function/internal_message.html?_=1639693587934&CODE_STATE=getMsg HTTP/1.1" 200 27
222.70.176.97 - - [17/Dec/2021:06:26:23 +0800] "GET /xingrg/all/function/internal_message.html?_=1639693239593&CODE_STATE=getMsg HTTP/1.1" 302 -
120.253.135.82 - - [17/Dec/2021:06:26:54 +0800] "GET /xingrg/check_reg.html?_=1639693391041 HTTP/1.1" 200 22
222.70.176.97 - - [17/Dec/2021:06:26:57 +0800] "GET /xingrg/all/function/internal_message.html?_=1639693613258&CODE_STATE=getMsg HTTP/1.1" 200 27
120.253.135.82 - - [17/Dec/2021:06:26:58 +0800] "GET /xingrg/all/function/internal_message.html?_=1639693395255&CODE_STATE=getMsg HTTP/1.1" 200 27
114.85.125.222 - - [17/Dec/2021:06:27:05 +0800] "GET /xingrg/all/function/internal_message.html?_=1639693575203&CODE_STATE=getMsg HTTP/1.1" 200 27
124.77.245.186 - - [17/Dec/2021:06:27:14 +0800] "GET /xingrg/all/function/internal_message.html?_=1639693647948&CODE_STATE=getMsg HTTP/1.1" 200 27
222.70.176.97 - - [17/Dec/2021:06:27:23 +0800] "GET /xingrg/all/function/internal_message.html?_=1639693299593&CODE_STATE=getMsg HTTP/1.1" 302 -
114.85.125.222 - - [17/Dec/2021:06:27:46 +0800] "GET /xingrg/check_reg.html?_=1639693615899 HTTP/1.1" 200 22
222.70.176.97 - - [17/Dec/2021:06:27:57 +0800] "GET /xingrg/check_reg.html?_=1639693673258 HTTP/1.1" 200 22
222.70.176.97 - - [17/Dec/2021:06:27:57 +0800] "GET /xingrg/all/function/internal_message.html?_=1639693673260&CODE_STATE=getMsg HTTP/1.1" 200 27
120.253.135.82 - - [17/Dec/2021:06:27:58 +0800] "GET /xingrg/all/function/internal_message.html?_=1639693455297&CODE_STATE=getMsg HTTP/1.1" 200 27
114.85.125.222 - - [17/Dec/2021:06:28:05 +0800] "GET /xingrg/all/function/internal_message.html?_=1639693635213&CODE_STATE=getMsg HTTP/1.1" 200 27
124.77.245.186 - - [17/Dec/2021:06:28:14 +0800] "GET /xingrg/all/function/internal_message.html?_=1639693708431&CODE_STATE=getMsg HTTP/1.1" 200 27
222.70.176.97 - - [17/Dec/2021:06:28:23 +0800] "GET /xingrg/all/function/internal_message.html?_=1639693359593&CODE_STATE=getMsg HTTP/1.1" 302 -
222.70.176.97 - - [17/Dec/2021:06:28:23 +0800] "GET /xingrg/check_reg.html?_=1639693359594 HTTP/1.1" 302 -
222.70.176.97 - - [17/Dec/2021:06:28:57 +0800] "GET /xingrg/all/function/internal_message.html?_=1639693733259&CODE_STATE=getMsg HTTP/1.1" 200 27
120.253.135.82 - - [17/Dec/2021:06:28:58 +0800] "GET /xingrg/all/function/internal_message.html?_=1639693515313&CODE_STATE=getMsg HTTP/1.1" 200 27
114.85.125.222 - - [17/Dec/2021:06:29:05 +0800] "GET /xingrg/all/function/internal_message.html?_=1639693695226&CODE_STATE=getMsg HTTP/1.1" 200 27
124.77.245.186 - - [17/Dec/2021:06:29:14 +0800] "GET /xingrg/all/function/internal_message.html?_=1639693768443&CODE_STATE=getMsg HTTP/1.1" 200 27
222.70.176.97 - - [17/Dec/2021:06:29:23 +0800] "GET /xingrg/all/function/internal_message.html?_=1639693419593&CODE_STATE=getMsg HTTP/1.1" 302 -
222.70.176.97 - - [17/Dec/2021:06:29:57 +0800] "GET /xingrg/all/function/internal_message.html?_=1639693793258&CODE_STATE=getMsg HTTP/1.1" 200 27
120.253.135.82 - - [17/Dec/2021:06:29:58 +0800] "GET /xingrg/all/function/internal_message.html?_=1639693575440&CODE_STATE=getMsg HTTP/1.1" 200 27
114.85.125.222 - - [17/Dec/2021:06:30:05 +0800] "GET /xingrg/all/function/internal_message.html?_=1639693755257&CODE_STATE=getMsg HTTP/1.1" 200 27
124.77.245.186 - - [17/Dec/2021:06:30:15 +0800] "GET /xingrg/all/function/internal_message.html?_=1639693828922&CODE_STATE=getMsg HTTP/1.1" 200 27
116.235.94.0 - - [17/Dec/2021:06:30:15 +0800] "POST /xingrg/services/DataTransmitService HTTP/1.1" 200 524
116.235.94.0 - - [17/Dec/2021:06:30:15 +0800] "POST /xingrg/services/DataTransmitService HTTP/1.1" 200 501
222.70.176.97 - - [17/Dec/2021:06:30:23 +0800] "GET /xingrg/all/function/internal_message.html?_=1639693479594&CODE_STATE=getMsg HTTP/1.1" 302 -
124.77.245.186 - - [17/Dec/2021:06:30:42 +0800] "GET /xingrg/check_reg.html?_=1639693856450 HTTP/1.1" 200 22
222.70.176.97 - - [17/Dec/2021:06:30:57 +0800] "GET /xingrg/all/function/internal_message.html?_=1639693853257&CODE_STATE=getMsg HTTP/1.1" 200 27
120.253.135.82 - - [17/Dec/2021:06:30:58 +0800] "GET /xingrg/all/function/internal_message.html?_=1639693635449&CODE_STATE=getMsg HTTP/1.1" 200 27
114.85.125.222 - - [17/Dec/2021:06:31:05 +0800] "GET /xingrg/all/function/internal_message.html?_=1639693815269&CODE_STATE=getMsg HTTP/1.1" 200 27
120.253.135.82 - - [17/Dec/2021:06:31:06 +0800] "POST /xingrg/all/common/load_select.html HTTP/1.1" 200 25
120.253.135.82 - - [17/Dec/2021:06:31:08 +0800] "GET /xingrg/kc/pszx/mdps_order_operate.html?command=get_materiel_price&pszx_code=00101&rest_code=00149&base_code=0010246&code=00101019184&unit_code=00100037&order_time=2021-12-18 HTTP/1.1" 200 35
124.77.245.186 - - [17/Dec/2021:06:31:15 +0800] "GET /xingrg/all/function/internal_message.html?_=1639693888923&CODE_STATE=getMsg HTTP/1.1" 200 27
222.70.176.97 - - [17/Dec/2021:06:31:23 +0800] "GET /xingrg/all/function/internal_message.html?_=1639693539594&CODE_STATE=getMsg HTTP/1.1" 302 -
120.253.135.82 - - [17/Dec/2021:06:31:26 +0800] "POST /xingrg/kc/pszx/mdps_order_operate.html HTTP/1.1" 200 37
120.253.135.82 - - [17/Dec/2021:06:31:27 +0800] "GET /xingrg/kc/pszx/mdps_order_info.html?code=312021121700450 HTTP/1.1" 200 23931
120.253.135.82 - - [17/Dec/2021:06:31:27 +0800] "GET /xingrg/javascript/easyui/themes/default/validatebox.css HTTP/1.1" 404 1104
120.253.135.82 - - [17/Dec/2021:06:31:27 +0800] "POST /xingrg/kc/pszx/mdps_order_operate.html HTTP/1.1" 200 16652
120.253.135.82 - - [17/Dec/2021:06:31:45 +0800] "POST /xingrg/kc/pszx/mdps_order_operate.html HTTP/1.1" 200 37
120.253.135.82 - - [17/Dec/2021:06:31:46 +0800] "GET /xingrg/kc/pszx/mdps_order_info.html?code=312021121700450 HTTP/1.1" 200 23931
120.253.135.82 - - [17/Dec/2021:06:31:47 +0800] "GET /xingrg/javascript/easyui/themes/default/validatebox.css HTTP/1.1" 404 1104
120.253.135.82 - - [17/Dec/2021:06:31:47 +0800] "POST /xingrg/kc/pszx/mdps_order_operate.html HTTP/1.1" 200 16652
120.253.135.82 - - [17/Dec/2021:06:31:54 +0800] "GET /xingrg/check_reg.html?_=1639693691052 HTTP/1.1" 200 22
222.70.176.97 - - [17/Dec/2021:06:31:57 +0800] "GET /xingrg/all/function/internal_message.html?_=1639693913265&CODE_STATE=getMsg HTTP/1.1" 200 27
120.253.135.82 - - [17/Dec/2021:06:31:58 +0800] "GET /xingrg/all/function/internal_message.html?_=1639693695463&CODE_STATE=getMsg HTTP/1.1" 200 27
116.227.210.113 - - [17/Dec/2021:06:32:03 +0800] "POST /xingrg/services/DataTransmitService HTTP/1.1" 200 524
114.85.125.222 - - [17/Dec/2021:06:32:05 +0800] "GET /xingrg/all/function/internal_message.html?_=1639693875299&CODE_STATE=getMsg HTTP/1.1" 200 27
124.77.245.186 - - [17/Dec/2021:06:32:15 +0800] "GET /xingrg/all/function/internal_message.html?_=1639693948936&CODE_STATE=getMsg HTTP/1.1" 200 27
222.70.176.97 - - [17/Dec/2021:06:32:23 +0800] "GET /xingrg/all/function/internal_message.html?_=1639693599594&CODE_STATE=getMsg HTTP/1.1" 302 -
120.253.135.82 - - [17/Dec/2021:06:32:31 +0800] "POST /xingrg/kc/pszx/mdps_list_operate.html HTTP/1.1" 200 3179
120.253.135.82 - - [17/Dec/2021:06:32:33 +0800] "POST /xingrg/kc/pszx/mdps_list_operate.html HTTP/1.1" 200 203
114.85.125.222 - - [17/Dec/2021:06:32:35 +0800] "POST /xingrg/services/DataTransmitService HTTP/1.1" 200 524
120.253.135.82 - - [17/Dec/2021:06:32:35 +0800] "GET /xingrg/kc/pszx/mdps_order_info.html?code=312021121700451 HTTP/1.1" 200 23931
120.253.135.82 - - [17/Dec/2021:06:32:35 +0800] "GET /xingrg/javascript/easyui/themes/default/validatebox.css HTTP/1.1" 404 1104
120.253.135.82 - - [17/Dec/2021:06:32:35 +0800] "POST /xingrg/kc/pszx/mdps_order_operate.html HTTP/1.1" 200 2273
120.253.135.82 - - [17/Dec/2021:06:32:38 +0800] "POST /xingrg/all/common/load_combo.html?type=base HTTP/1.1" 200 1075
120.253.135.82 - - [17/Dec/2021:06:32:42 +0800] "POST /xingrg/kc/pszx/mdps_order_operate.html HTTP/1.1" 200 37
120.253.135.82 - - [17/Dec/2021:06:32:43 +0800] "GET /xingrg/kc/pszx/mdps_order_info.html?code=312021121700451 HTTP/1.1" 200 23931
120.253.135.82 - - [17/Dec/2021:06:32:44 +0800] "POST /xingrg/kc/pszx/mdps_order_operate.html HTTP/1.1" 200 2281
120.253.135.82 - - [17/Dec/2021:06:32:44 +0800] "GET /xingrg/javascript/easyui/themes/default/validatebox.css HTTP/1.1" 404 1104
114.85.125.222 - - [17/Dec/2021:06:32:46 +0800] "GET /xingrg/check_reg.html?_=1639693915905 HTTP/1.1" 200 22
120.253.135.82 - - [17/Dec/2021:06:32:46 +0800] "POST /xingrg/kc/pszx/mdps_list_operate.html HTTP/1.1" 200 3179
120.253.135.82 - - [17/Dec/2021:06:32:53 +0800] "POST /xingrg/kc/pszx/mdps_list_operate.html HTTP/1.1" 200 3179
120.253.135.82 - - [17/Dec/2021:06:32:53 +0800] "POST /xingrg/kc/pszx/mdps_list_operate.html HTTP/1.1" 200 3179
222.70.176.97 - - [17/Dec/2021:06:32:57 +0800] "GET /xingrg/check_reg.html?_=1639693973289 HTTP/1.1" 200 22
222.70.176.97 - - [17/Dec/2021:06:32:57 +0800] "GET /xingrg/all/function/internal_message.html?_=1639693973292&CODE_STATE=getMsg HTTP/1.1" 200 27
120.253.135.82 - - [17/Dec/2021:06:32:58 +0800] "GET /xingrg/all/function/internal_message.html?_=1639693755476&CODE_STATE=getMsg HTTP/1.1" 200 27
120.253.135.82 - - [17/Dec/2021:06:32:58 +0800] "GET /xingrg/kc/pszx/mdqp_order_list.html?state=10 HTTP/1.1" 200 14296
120.253.135.82 - - [17/Dec/2021:06:32:58 +0800] "GET /xingrg/dwr/interface/AjaxQqpsService.js HTTP/1.1" 200 16326
120.253.135.82 - - [17/Dec/2021:06:32:58 +0800] "GET /xingrg/dwr/interface/AjaxReportQueryService.js HTTP/1.1" 200 13203
120.253.135.82 - - [17/Dec/2021:06:32:58 +0800] "GET /xingrg/dwr/engine.js HTTP/1.1" 200 43631
120.253.135.82 - - [17/Dec/2021:06:33:02 +0800] "GET /xingrg/kc/pszx/mdqp_order_info.html?code=302021121600329 HTTP/1.1" 200 13350
120.253.135.82 - - [17/Dec/2021:06:33:02 +0800] "GET /xingrg/dwr/interface/AjaxComOrderService.js HTTP/1.1" 200 18264
120.253.135.82 - - [17/Dec/2021:06:33:02 +0800] "GET /xingrg/dwr/interface/AjaxQqpsService.js HTTP/1.1" 200 16326
120.253.135.82 - - [17/Dec/2021:06:33:02 +0800] "GET /xingrg/dwr/engine.js HTTP/1.1" 200 43631
120.253.135.82 - - [17/Dec/2021:06:33:02 +0800] "POST /xingrg/dwr/call/plaincall/AjaxQqpsService.loadMaterielItems.dwr HTTP/1.1" 200 1821
114.85.125.222 - - [17/Dec/2021:06:33:05 +0800] "GET /xingrg/all/function/internal_message.html?_=1639693935311&CODE_STATE=getMsg HTTP/1.1" 200 27
120.253.135.82 - - [17/Dec/2021:06:33:11 +0800] "GET /xingrg/images/yd/bt.gif HTTP/1.1" 404 1040
120.253.135.82 - - [17/Dec/2021:06:33:12 +0800] "GET /xingrg/kc/pszx/mdqp_order_list.html?isBack=1 HTTP/1.1" 302 -
120.253.135.82 - - [17/Dec/2021:06:33:12 +0800] "GET /xingrg/kc/pszx/mdqp_order_list.html?state=10 HTTP/1.1" 200 14296
