101.89.29.78 - - [17/Dec/2021:11:05:19 +0800] "GET /xingrg/all/function/internal_message.html?_=1639708999083&CODE_STATE=getMsg HTTP/1.1" 302 -
101.89.29.78 - - [17/Dec/2021:11:05:19 +0800] "GET /xingrg/login.html HTTP/1.1" 200 7641
180.175.103.30 - - [17/Dec/2021:11:05:21 +0800] "GET /xingrg/all/function/internal_message.html?_=1639710255119&CODE_STATE=getMsg HTTP/1.1" 200 27
222.70.176.97 - - [17/Dec/2021:11:05:23 +0800] "GET /xingrg/all/function/internal_message.html?_=1639709979596&CODE_STATE=getMsg HTTP/1.1" 302 -
116.238.208.177 - - [17/Dec/2021:11:05:28 +0800] "GET /xingrg/all/function/internal_message.html?_=1639710330713&CODE_STATE=getMsg HTTP/1.1" 200 27
114.88.158.169 - - [17/Dec/2021:11:05:32 +0800] "POST /xingrg/services/DataTransmitService HTTP/1.1" 200 524
114.88.158.169 - - [17/Dec/2021:11:05:32 +0800] "POST /xingrg/services/DataTransmitService HTTP/1.1" 200 501
61.151.178.163 - - [17/Dec/2021:11:05:33 +0800] "GET /xingrg/all/function/internal_message.html?_=1639708424137&CODE_STATE=getMsg HTTP/1.1" 302 -
116.238.248.233 - - [17/Dec/2021:11:05:34 +0800] "GET /xingrg/check_reg.html?_=1639710330725 HTTP/1.1" 200 22
116.238.248.233 - - [17/Dec/2021:11:05:34 +0800] "GET /xingrg/all/function/internal_message.html?_=1639710330722&CODE_STATE=getMsg HTTP/1.1" 200 27
61.151.178.163 - - [17/Dec/2021:11:05:34 +0800] "GET /xingrg/login.html HTTP/1.1" 200 7641
61.170.234.223 - - [17/Dec/2021:11:05:34 +0800] "GET /xingrg/kc/buy/cgsh_order_operate.html?command=get_materiel&rest_code=00106&code=00101009050&supplier_code=00100022&order_time=2021-12-17 HTTP/1.1" 200 410
114.85.125.222 - - [17/Dec/2021:11:05:40 +0800] "GET /xingrg/all/function/internal_message.html?_=1639710290473&CODE_STATE=getMsg HTTP/1.1" 200 27
114.88.158.169 - - [17/Dec/2021:11:05:46 +0800] "GET /xingrg/all/function/internal_message.html?_=1639710156882&CODE_STATE=getMsg HTTP/1.1" 200 27
180.169.147.146 - - [17/Dec/2021:11:05:47 +0800] "GET /xingrg/check_reg.html?_=1639710352425 HTTP/1.1" 200 22
120.253.135.82 - - [17/Dec/2021:11:05:50 +0800] "GET /xingrg/all/function/internal_message.html?_=1639710346836&CODE_STATE=getMsg HTTP/1.1" 200 27
180.175.103.30 - - [17/Dec/2021:11:05:50 +0800] "GET /xingrg/all/function/internal_message.html?_=1639710347307&CODE_STATE=getMsg HTTP/1.1" 200 27
114.83.216.59 - - [17/Dec/2021:11:05:51 +0800] "GET /xingrg/all/function/internal_message.html?_=1639710347720&CODE_STATE=getMsg HTTP/1.1" 200 27
61.170.234.223 - - [17/Dec/2021:11:05:56 +0800] "GET /xingrg/kc/buy/cgsh_order_operate.html?command=get_materiel&rest_code=00106&code=00101009011&supplier_code=00100022&order_time=2021-12-17 HTTP/1.1" 200 417
116.235.94.0 - - [17/Dec/2021:11:06:00 +0800] "GET /xingrg/all/function/internal_message.html?_=1639710377467&CODE_STATE=getMsg HTTP/1.1" 200 27
61.170.234.223 - - [17/Dec/2021:11:06:04 +0800] "GET /xingrg/all/function/internal_message.html?_=1639710358421&CODE_STATE=getMsg HTTP/1.1" 200 27
116.233.78.125 - - [17/Dec/2021:11:06:05 +0800] "GET /xingrg/all/function/internal_message.html?_=1639710364763&CODE_STATE=getMsg HTTP/1.1" 200 27
61.170.234.223 - - [17/Dec/2021:11:06:05 +0800] "GET /xingrg/kc/buy/cgsh_order_operate.html?command=get_materiel&rest_code=00106&code=00101013168&supplier_code=00100022&order_time=2021-12-17 HTTP/1.1" 200 415
124.77.245.186 - - [17/Dec/2021:11:06:07 +0800] "GET /xingrg/all/function/internal_message.html?_=1639710381890&CODE_STATE=getMsg HTTP/1.1" 200 27
222.70.176.97 - - [17/Dec/2021:11:06:10 +0800] "GET /xingrg/all/function/internal_message.html?_=1639710365339&CODE_STATE=getMsg HTTP/1.1" 200 27
124.77.245.186 - - [17/Dec/2021:11:06:12 +0800] "GET /xingrg/all/function/internal_message.html?_=1639710384340&CODE_STATE=getMsg HTTP/1.1" 302 -
61.151.178.249 - - [17/Dec/2021:11:06:13 +0800] "GET /xingrg/kc/buy/cgsh_order_operate.html?command=get_materiel&rest_code=00106&code=00101008529&supplier_code=00100007&order_time=2021-12-17 HTTP/1.1" 302 -
222.70.176.97 - - [17/Dec/2021:11:06:13 +0800] "GET /xingrg/check_reg.html?_=1639710369241 HTTP/1.1" 200 22
61.170.234.223 - - [17/Dec/2021:11:06:14 +0800] "GET /xingrg/kc/buy/cgsh_order_operate.html?command=get_materiel&rest_code=00106&code=00101009124&supplier_code=00100022&order_time=2021-12-17 HTTP/1.1" 200 404
61.151.178.249 - - [17/Dec/2021:11:06:15 +0800] "GET /xingrg/login.html HTTP/1.1" 200 7641
116.227.210.113 - - [17/Dec/2021:11:06:16 +0800] "GET /xingrg/all/function/internal_message.html?_=1639710360639&CODE_STATE=getMsg HTTP/1.1" 200 27
116.235.94.0 - - [17/Dec/2021:11:06:17 +0800] "GET /xingrg/check_reg.html?_=1639710499388 HTTP/1.1" 200 22
116.235.94.0 - - [17/Dec/2021:11:06:17 +0800] "GET /xingrg/all/function/internal_message.html?_=1639710499391&CODE_STATE=getMsg HTTP/1.1" 200 27
116.227.210.113 - - [17/Dec/2021:11:06:19 +0800] "GET /xingrg/kc/buy/cgsh_order_add.html HTTP/1.1" 200 65120
116.227.210.113 - - [17/Dec/2021:11:06:19 +0800] "GET /xingrg/javascript/easyui/themes/default/validatebox.css HTTP/1.1" 404 1104
116.227.210.113 - - [17/Dec/2021:11:06:19 +0800] "POST /xingrg/kc/buy/cgsh_order_operate.html HTTP/1.1" 200 8245
180.175.103.30 - - [17/Dec/2021:11:06:21 +0800] "GET /xingrg/all/function/internal_message.html?_=1639710315118&CODE_STATE=getMsg HTTP/1.1" 200 27
222.70.176.97 - - [17/Dec/2021:11:06:23 +0800] "GET /xingrg/all/function/internal_message.html?_=1639710039596&CODE_STATE=getMsg HTTP/1.1" 302 -
61.170.234.223 - - [17/Dec/2021:11:06:24 +0800] "GET /xingrg/kc/buy/cgsh_order_operate.html?command=get_materiel&rest_code=00106&code=00101009013&supplier_code=00100022&order_time=2021-12-17 HTTP/1.1" 200 422
116.238.208.177 - - [17/Dec/2021:11:06:28 +0800] "GET /xingrg/all/function/internal_message.html?_=1639710390726&CODE_STATE=getMsg HTTP/1.1" 200 27
116.227.210.113 - - [17/Dec/2021:11:06:29 +0800] "GET /xingrg/kc/buy/cgsh_order_operate.html?command=get_materiel&rest_code=00155&code=00101015012&supplier_code=00100037&order_time=2021-12-17 HTTP/1.1" 200 412
116.238.248.233 - - [17/Dec/2021:11:06:34 +0800] "GET /xingrg/all/function/internal_message.html?_=1639710390775&CODE_STATE=getMsg HTTP/1.1" 200 27
114.85.125.222 - - [17/Dec/2021:11:06:40 +0800] "GET /xingrg/all/function/internal_message.html?_=1639710350499&CODE_STATE=getMsg HTTP/1.1" 200 27
116.235.94.0 - - [17/Dec/2021:11:06:40 +0800] "GET /xingrg/kc/base/wldb_order_add.html HTTP/1.1" 200 30280
116.235.94.0 - - [17/Dec/2021:11:06:41 +0800] "POST /xingrg/kc/base/wldb_order_operate.html HTTP/1.1" 200 6806
116.235.94.0 - - [17/Dec/2021:11:06:41 +0800] "GET /xingrg/javascript/easyui/themes/default/validatebox.css HTTP/1.1" 404 1104
116.235.94.0 - - [17/Dec/2021:11:06:42 +0800] "POST /xingrg/all/common/load_combo.html?type=base HTTP/1.1" 200 3227
116.235.94.0 - - [17/Dec/2021:11:06:44 +0800] "POST /xingrg/all/common/load_combo.html?type=base HTTP/1.1" 200 3227
114.88.158.169 - - [17/Dec/2021:11:06:46 +0800] "GET /xingrg/all/function/internal_message.html?_=1639710216851&CODE_STATE=getMsg HTTP/1.1" 200 27
120.253.135.82 - - [17/Dec/2021:11:06:50 +0800] "GET /xingrg/all/function/internal_message.html?_=1639710406862&CODE_STATE=getMsg HTTP/1.1" 200 27
180.175.103.30 - - [17/Dec/2021:11:06:50 +0800] "GET /xingrg/all/function/internal_message.html?_=1639710407306&CODE_STATE=getMsg HTTP/1.1" 200 27
114.83.216.59 - - [17/Dec/2021:11:06:51 +0800] "GET /xingrg/all/function/internal_message.html?_=1639710407720&CODE_STATE=getMsg HTTP/1.1" 200 27
101.89.239.245 - - [17/Dec/2021:11:06:55 +0800] "GET /xingrg/kc/print/load_config.html?kc_code=cgsh HTTP/1.1" 302 -
116.235.94.0 - - [17/Dec/2021:11:06:55 +0800] "GET /xingrg/kc/base/wldb_order_operate.html?command=get_materiel&rest_code=00104&base_code=0010032&code=00101019405 HTTP/1.1" 200 468
101.89.239.245 - - [17/Dec/2021:11:06:55 +0800] "GET /xingrg/login.html HTTP/1.1" 200 7641
61.151.178.197 - - [17/Dec/2021:11:06:59 +0800] "GET /xingrg/kc/buy/cgsh_order_operate.html?command=get_materiel&rest_code=00106&code=00101008095&supplier_code=00100007&order_time=2021-12-17 HTTP/1.1" 302 -
61.151.178.197 - - [17/Dec/2021:11:07:00 +0800] "GET /xingrg/login.html HTTP/1.1" 200 7641
116.235.94.0 - - [17/Dec/2021:11:07:01 +0800] "GET /xingrg/all/function/internal_message.html?_=1639710438153&CODE_STATE=getMsg HTTP/1.1" 200 27
116.227.210.113 - - [17/Dec/2021:11:07:03 +0800] "GET /xingrg/kc/buy/cgsh_order_operate.html?command=get_materiel&rest_code=00155&code=00101009140&supplier_code=00100037&order_time=2021-12-17 HTTP/1.1" 200 399
61.170.234.223 - - [17/Dec/2021:11:07:04 +0800] "GET /xingrg/all/function/internal_message.html?_=1639710418410&CODE_STATE=getMsg HTTP/1.1" 200 27
101.89.19.197 - - [17/Dec/2021:11:07:04 +0800] "GET /xingrg/kc/buy/cgsh_order_operate.html?command=get_materiel&rest_code=00106&code=00101008562&supplier_code=00100007&order_time=2021-12-17 HTTP/1.1" 302 -
101.89.19.197 - - [17/Dec/2021:11:07:05 +0800] "GET /xingrg/login.html HTTP/1.1" 200 7641
116.233.78.125 - - [17/Dec/2021:11:07:05 +0800] "GET /xingrg/all/function/internal_message.html?_=1639710424776&CODE_STATE=getMsg HTTP/1.1" 200 27
124.77.245.186 - - [17/Dec/2021:11:07:07 +0800] "GET /xingrg/all/function/internal_message.html?_=1639710441892&CODE_STATE=getMsg HTTP/1.1" 200 27
222.70.176.97 - - [17/Dec/2021:11:07:09 +0800] "GET /xingrg/all/function/internal_message.html?_=1639710425310&CODE_STATE=getMsg HTTP/1.1" 200 27
116.235.94.0 - - [17/Dec/2021:11:07:11 +0800] "POST /xingrg/kc/base/wldb_order_operate.html HTTP/1.1" 200 37
124.77.245.186 - - [17/Dec/2021:11:07:12 +0800] "GET /xingrg/all/function/internal_message.html?_=1639710444354&CODE_STATE=getMsg HTTP/1.1" 302 -
116.235.94.0 - - [17/Dec/2021:11:07:12 +0800] "POST /xingrg/kc/base/wldb_order_operate.html HTTP/1.1" 200 2224
116.235.94.0 - - [17/Dec/2021:11:07:13 +0800] "GET /xingrg/kc/base/wldb_order_info.html?code=422021121701764 HTTP/1.1" 200 30296
116.235.94.0 - - [17/Dec/2021:11:07:13 +0800] "GET /xingrg/javascript/easyui/themes/default/validatebox.css HTTP/1.1" 404 1104
116.235.94.0 - - [17/Dec/2021:11:07:14 +0800] "POST /xingrg/kc/base/wldb_order_operate.html HTTP/1.1" 200 2224
116.227.210.113 - - [17/Dec/2021:11:07:16 +0800] "GET /xingrg/all/function/internal_message.html?_=1639710420616&CODE_STATE=getMsg HTTP/1.1" 200 27
116.235.94.0 - - [17/Dec/2021:11:07:17 +0800] "GET /xingrg/all/function/internal_message.html?_=1639710559378&CODE_STATE=getMsg HTTP/1.1" 200 27
116.235.94.0 - - [17/Dec/2021:11:07:17 +0800] "POST /xingrg/kc/base/wldb_list_operate.html HTTP/1.1" 200 3791
61.170.234.223 - - [17/Dec/2021:11:07:19 +0800] "POST /xingrg/kc/buy/cgsh_order_operate.html HTTP/1.1" 200 37
61.151.178.180 - - [17/Dec/2021:11:07:21 +0800] "GET /xingrg/kc/buy/cgsh_order_operate.html?command=get_materiel&rest_code=00106&code=00101008080&supplier_code=00100007&order_time=2021-12-17 HTTP/1.1" 302 -
180.175.103.30 - - [17/Dec/2021:11:07:21 +0800] "GET /xingrg/check_reg.html?_=1639710375115 HTTP/1.1" 200 22
180.175.103.30 - - [17/Dec/2021:11:07:21 +0800] "GET /xingrg/all/function/internal_message.html?_=1639710375116&CODE_STATE=getMsg HTTP/1.1" 200 27
61.151.178.180 - - [17/Dec/2021:11:07:22 +0800] "GET /xingrg/login.html HTTP/1.1" 200 7641
222.70.176.97 - - [17/Dec/2021:11:07:23 +0800] "GET /xingrg/all/function/internal_message.html?_=1639710099596&CODE_STATE=getMsg HTTP/1.1" 302 -
61.170.234.223 - - [17/Dec/2021:11:07:23 +0800] "POST /xingrg/kc/buy/cgsh_order_operate.html HTTP/1.1" 200 12
61.170.234.223 - - [17/Dec/2021:11:07:24 +0800] "GET /xingrg/kc/buy/cgsh_order_info.html?code=212021121706875 HTTP/1.1" 200 60108
61.170.234.223 - - [17/Dec/2021:11:07:25 +0800] "GET /xingrg/javascript/easyui/themes/default/validatebox.css HTTP/1.1" 404 1104
61.170.234.223 - - [17/Dec/2021:11:07:26 +0800] "POST /xingrg/kc/buy/cgsh_order_operate.html HTTP/1.1" 200 2992
116.238.208.177 - - [17/Dec/2021:11:07:28 +0800] "GET /xingrg/kc/base/wldb_order_operate.html?command=get_materiel&rest_code=00102&base_code=0010477&code=00102004018 HTTP/1.1" 200 444
116.238.208.177 - - [17/Dec/2021:11:07:28 +0800] "GET /xingrg/all/function/internal_message.html?_=1639710450739&CODE_STATE=getMsg HTTP/1.1" 200 27
116.238.248.233 - - [17/Dec/2021:11:07:34 +0800] "GET /xingrg/all/function/internal_message.html?_=1639710450825&CODE_STATE=getMsg HTTP/1.1" 200 27
116.238.208.177 - - [17/Dec/2021:11:07:38 +0800] "GET /xingrg/kc/base/wldb_order_operate.html?command=get_materiel&rest_code=00102&base_code=0010477&code=00102004030 HTTP/1.1" 200 442
116.235.94.0 - - [17/Dec/2021:11:07:38 +0800] "GET /xingrg/kc/mdqp/qqps_order_list.html HTTP/1.1" 200 9222
116.235.94.0 - - [17/Dec/2021:11:07:38 +0800] "GET /xingrg/dwr/interface/AjaxReportQueryService.js HTTP/1.1" 200 13203
116.235.94.0 - - [17/Dec/2021:11:07:38 +0800] "GET /xingrg/dwr/interface/AjaxQqpsService.js HTTP/1.1" 200 16326
116.235.94.0 - - [17/Dec/2021:11:07:38 +0800] "GET /xingrg/dwr/util.js HTTP/1.1" 304 -
116.235.94.0 - - [17/Dec/2021:11:07:38 +0800] "GET /xingrg/dwr/engine.js HTTP/1.1" 200 43631
114.85.125.222 - - [17/Dec/2021:11:07:40 +0800] "GET /xingrg/all/function/internal_message.html?_=1639710410499&CODE_STATE=getMsg HTTP/1.1" 200 27
116.235.94.0 - - [17/Dec/2021:11:07:41 +0800] "GET /xingrg/kc/mdqp/qqps_order_add.html HTTP/1.1" 200 28305
116.235.94.0 - - [17/Dec/2021:11:07:41 +0800] "GET /xingrg/dwr/interface/AjaxQqpsService.js HTTP/1.1" 200 16326
116.235.94.0 - - [17/Dec/2021:11:07:41 +0800] "GET /xingrg/dwr/interface/AjaxComOrderService.js HTTP/1.1" 200 18264
116.235.94.0 - - [17/Dec/2021:11:07:41 +0800] "GET /xingrg/dwr/engine.js HTTP/1.1" 200 43631
114.88.158.169 - - [17/Dec/2021:11:07:46 +0800] "GET /xingrg/all/function/internal_message.html?_=1639710276823&CODE_STATE=getMsg HTTP/1.1" 200 27
101.89.29.78 - - [17/Dec/2021:11:07:49 +0800] "GET /xingrg/kc/buy/cgsh_order_operate.html?command=get_materiel&rest_code=00106&code=00101008323&supplier_code=00100007&order_time=2021-12-17 HTTP/1.1" 302 -
120.253.135.82 - - [17/Dec/2021:11:07:50 +0800] "GET /xingrg/all/function/internal_message.html?_=1639710466880&CODE_STATE=getMsg HTTP/1.1" 200 27
101.89.29.78 - - [17/Dec/2021:11:07:50 +0800] "GET /xingrg/login.html HTTP/1.1" 200 7641
180.175.103.30 - - [17/Dec/2021:11:07:50 +0800] "GET /xingrg/check_reg.html?_=1639710467311 HTTP/1.1" 200 22
180.175.103.30 - - [17/Dec/2021:11:07:50 +0800] "GET /xingrg/all/function/internal_message.html?_=1639710467314&CODE_STATE=getMsg HTTP/1.1" 200 27
101.89.239.120 - - [17/Dec/2021:11:07:51 +0800] "GET /xingrg/all/function/internal_message.html?_=1639709178996&CODE_STATE=getMsg HTTP/1.1" 302 -
114.83.216.59 - - [17/Dec/2021:11:07:51 +0800] "GET /xingrg/check_reg.html?_=1639710467723 HTTP/1.1" 200 22
114.83.216.59 - - [17/Dec/2021:11:07:51 +0800] "GET /xingrg/all/function/internal_message.html?_=1639710467722&CODE_STATE=getMsg HTTP/1.1" 200 27
101.89.239.120 - - [17/Dec/2021:11:07:53 +0800] "GET /xingrg/login.html HTTP/1.1" 200 7641
116.238.208.177 - - [17/Dec/2021:11:07:53 +0800] "POST /xingrg/kc/base/wldb_order_operate.html HTTP/1.1" 200 37
116.235.94.0 - - [17/Dec/2021:11:07:53 +0800] "GET /xingrg/check_reg.html?_=1639710490863 HTTP/1.1" 200 22
116.238.208.177 - - [17/Dec/2021:11:07:56 +0800] "POST /xingrg/kc/base/wldb_order_operate.html HTTP/1.1" 200 12
116.238.208.177 - - [17/Dec/2021:11:07:56 +0800] "POST /xingrg/kc/base/wldb_order_operate.html HTTP/1.1" 200 2670
101.89.239.120 - - [17/Dec/2021:11:08:00 +0800] "GET /xingrg/all/function/internal_message.html?_=1639708364296&CODE_STATE=getMsg HTTP/1.1" 302 -
116.235.94.0 - - [17/Dec/2021:11:08:01 +0800] "GET /xingrg/all/function/internal_message.html?_=1639710498165&CODE_STATE=getMsg HTTP/1.1" 200 27
101.89.239.120 - - [17/Dec/2021:11:08:01 +0800] "GET /xingrg/login.html HTTP/1.1" 200 7641
116.238.208.177 - - [17/Dec/2021:11:08:03 +0800] "GET /xingrg/kc/base/wldb_order_info.html?code=422021121701765 HTTP/1.1" 200 26144
120.253.135.82 - - [17/Dec/2021:11:08:03 +0800] "GET /xingrg/check_reg.html?_=1639710259711 HTTP/1.1" 200 22
61.170.234.223 - - [17/Dec/2021:11:08:04 +0800] "GET /xingrg/all/function/internal_message.html?_=1639710478387&CODE_STATE=getMsg HTTP/1.1" 200 27
124.77.245.186 - - [17/Dec/2021:11:08:04 +0800] "GET /xingrg/check_reg.html?_=1639710499560 HTTP/1.1" 200 22
116.233.78.125 - - [17/Dec/2021:11:08:05 +0800] "GET /xingrg/all/function/internal_message.html?_=1639710484780&CODE_STATE=getMsg HTTP/1.1" 200 27
116.233.78.125 - - [17/Dec/2021:11:08:06 +0800] "GET /xingrg/check_reg.html?_=1639710484782 HTTP/1.1" 200 22
116.238.208.177 - - [17/Dec/2021:11:08:06 +0800] "POST /xingrg/kc/base/wldb_order_operate.html HTTP/1.1" 200 952
116.238.208.177 - - [17/Dec/2021:11:08:06 +0800] "GET /xingrg/javascript/easyui/themes/default/validatebox.css HTTP/1.1" 404 1104
124.77.245.186 - - [17/Dec/2021:11:08:07 +0800] "GET /xingrg/all/function/internal_message.html?_=1639710501907&CODE_STATE=getMsg HTTP/1.1" 200 27
222.70.176.97 - - [17/Dec/2021:11:08:09 +0800] "GET /xingrg/all/function/internal_message.html?_=1639710485286&CODE_STATE=getMsg HTTP/1.1" 200 27
124.77.245.186 - - [17/Dec/2021:11:08:12 +0800] "GET /xingrg/all/function/internal_message.html?_=1639710504367&CODE_STATE=getMsg HTTP/1.1" 302 -
116.238.208.177 - - [17/Dec/2021:11:08:12 +0800] "GET /xingrg/kc/base/wldb_order_add.html HTTP/1.1" 200 30270
116.238.208.177 - - [17/Dec/2021:11:08:15 +0800] "POST /xingrg/kc/base/wldb_order_operate.html HTTP/1.1" 200 6806
116.227.210.113 - - [17/Dec/2021:11:08:16 +0800] "GET /xingrg/all/function/internal_message.html?_=1639710480592&CODE_STATE=getMsg HTTP/1.1" 200 27
116.238.208.177 - - [17/Dec/2021:11:08:16 +0800] "GET /xingrg/javascript/easyui/themes/default/validatebox.css HTTP/1.1" 404 1104
116.235.94.0 - - [17/Dec/2021:11:08:17 +0800] "GET /xingrg/all/function/internal_message.html?_=1639710619398&CODE_STATE=getMsg HTTP/1.1" 200 27
116.238.208.177 - - [17/Dec/2021:11:08:17 +0800] "POST /xingrg/all/common/load_combo.html?type=base HTTP/1.1" 200 3145
116.238.208.177 - - [17/Dec/2021:11:08:19 +0800] "POST /xingrg/all/common/load_combo.html?type=base HTTP/1.1" 200 3145
180.175.103.30 - - [17/Dec/2021:11:08:21 +0800] "GET /xingrg/all/function/internal_message.html?_=1639710435114&CODE_STATE=getMsg HTTP/1.1" 200 27
222.70.176.97 - - [17/Dec/2021:11:08:23 +0800] "GET /xingrg/all/function/internal_message.html?_=1639710159596&CODE_STATE=getMsg HTTP/1.1" 302 -
222.70.176.97 - - [17/Dec/2021:11:08:23 +0800] "GET /xingrg/check_reg.html?_=1639710159598 HTTP/1.1" 302 -
116.227.210.113 - - [17/Dec/2021:11:08:26 +0800] "GET /xingrg/kc/buy/cgsh_order_operate.html?command=get_materiel&rest_code=00155&code=00101013199&supplier_code=00100037&order_time=2021-12-17 HTTP/1.1" 200 438
116.238.208.177 - - [17/Dec/2021:11:08:28 +0800] "GET /xingrg/all/function/internal_message.html?_=1639710510763&CODE_STATE=getMsg HTTP/1.1" 200 27
116.238.248.233 - - [17/Dec/2021:11:08:34 +0800] "GET /xingrg/all/function/internal_message.html?_=1639710510874&CODE_STATE=getMsg HTTP/1.1" 200 27
116.238.208.177 - - [17/Dec/2021:11:08:36 +0800] "GET /xingrg/kc/base/wldb_order_operate.html?command=get_materiel&rest_code=00102&base_code=0010477&code=00102002321 HTTP/1.1" 200 447
116.227.210.113 - - [17/Dec/2021:11:08:39 +0800] "GET /xingrg/kc/buy/cgsh_order_operate.html?command=get_materiel&rest_code=00155&code=00101019855&supplier_code=00100037&order_time=2021-12-17 HTTP/1.1" 200 395
101.91.60.11 - - [17/Dec/2021:11:08:40 +0800] "GET /xingrg/kc/buy/cgsh_order_operate.html?command=get_materiel&rest_code=00106&code=00101008301&supplier_code=00100007&order_time=2021-12-17 HTTP/1.1" 302 -
101.91.60.11 - - [17/Dec/2021:11:08:40 +0800] "GET /xingrg/login.html HTTP/1.1" 200 7641
114.85.125.222 - - [17/Dec/2021:11:08:40 +0800] "GET /xingrg/check_reg.html?_=1639710469981 HTTP/1.1" 200 22
114.85.125.222 - - [17/Dec/2021:11:08:40 +0800] "GET /xingrg/all/function/internal_message.html?_=1639710470513&CODE_STATE=getMsg HTTP/1.1" 200 27
114.88.158.169 - - [17/Dec/2021:11:08:46 +0800] "GET /xingrg/all/function/internal_message.html?_=1639710336800&CODE_STATE=getMsg HTTP/1.1" 200 27
116.238.208.177 - - [17/Dec/2021:11:08:49 +0800] "POST /xingrg/kc/base/wldb_order_operate.html HTTP/1.1" 200 37
120.253.135.82 - - [17/Dec/2021:11:08:50 +0800] "GET /xingrg/check_reg.html?_=1639710526590 HTTP/1.1" 200 22
120.253.135.82 - - [17/Dec/2021:11:08:50 +0800] "GET /xingrg/all/function/internal_message.html?_=1639710526895&CODE_STATE=getMsg HTTP/1.1" 200 27
180.175.103.30 - - [17/Dec/2021:11:08:50 +0800] "GET /xingrg/all/function/internal_message.html?_=1639710527312&CODE_STATE=getMsg HTTP/1.1" 200 27
114.83.216.59 - - [17/Dec/2021:11:08:51 +0800] "GET /xingrg/all/function/internal_message.html?_=1639710527740&CODE_STATE=getMsg HTTP/1.1" 200 27
116.238.208.177 - - [17/Dec/2021:11:08:51 +0800] "POST /xingrg/kc/base/wldb_order_operate.html HTTP/1.1" 200 12
116.238.208.177 - - [17/Dec/2021:11:08:51 +0800] "POST /xingrg/kc/base/wldb_order_operate.html HTTP/1.1" 200 2676
116.238.208.177 - - [17/Dec/2021:11:08:53 +0800] "GET /xingrg/kc/base/wldb_order_info.html?code=422021121701766 HTTP/1.1" 200 26145
61.170.234.223 - - [17/Dec/2021:11:08:54 +0800] "GET /xingrg/check_reg.html?_=1639710528514 HTTP/1.1" 200 22
116.238.208.177 - - [17/Dec/2021:11:08:55 +0800] "POST /xingrg/kc/base/wldb_order_operate.html HTTP/1.1" 200 958
116.238.208.177 - - [17/Dec/2021:11:08:56 +0800] "GET /xingrg/javascript/easyui/themes/default/validatebox.css HTTP/1.1" 404 1104
116.238.208.177 - - [17/Dec/2021:11:09:00 +0800] "GET /xingrg/kc/base/wldb_order_add.html HTTP/1.1" 200 30270
116.235.94.0 - - [17/Dec/2021:11:09:01 +0800] "GET /xingrg/all/function/internal_message.html?_=1639710558177&CODE_STATE=getMsg HTTP/1.1" 200 27
116.238.208.177 - - [17/Dec/2021:11:09:02 +0800] "POST /xingrg/kc/base/wldb_order_operate.html HTTP/1.1" 200 6806
116.238.208.177 - - [17/Dec/2021:11:09:03 +0800] "GET /xingrg/javascript/easyui/themes/default/validatebox.css HTTP/1.1" 404 1104
116.238.208.177 - - [17/Dec/2021:11:09:04 +0800] "POST /xingrg/all/common/load_combo.html?type=base HTTP/1.1" 200 3145
61.170.234.223 - - [17/Dec/2021:11:09:04 +0800] "GET /xingrg/all/function/internal_message.html?_=1639710538358&CODE_STATE=getMsg HTTP/1.1" 200 27
116.233.78.125 - - [17/Dec/2021:11:09:05 +0800] "GET /xingrg/all/function/internal_message.html?_=1639710544781&CODE_STATE=getMsg HTTP/1.1" 200 27
116.238.208.177 - - [17/Dec/2021:11:09:06 +0800] "POST /xingrg/all/common/load_combo.html?type=base HTTP/1.1" 200 3145
101.89.29.78 - - [17/Dec/2021:11:09:07 +0800] "GET /xingrg/kc/print/load_data.html?order_code=212021121706839&kc_code=cgsh&condition= HTTP/1.1" 302 -
101.89.29.78 - - [17/Dec/2021:11:09:07 +0800] "GET /xingrg/login.html HTTP/1.1" 200 7641
124.77.245.186 - - [17/Dec/2021:11:09:07 +0800] "GET /xingrg/all/function/internal_message.html?_=1639710561919&CODE_STATE=getMsg HTTP/1.1" 200 27
222.70.176.97 - - [17/Dec/2021:11:09:09 +0800] "GET /xingrg/all/function/internal_message.html?_=1639710545268&CODE_STATE=getMsg HTTP/1.1" 200 27
124.77.245.186 - - [17/Dec/2021:11:09:10 +0800] "GET /xingrg/check_reg.html?_=1639710562945 HTTP/1.1" 302 -
124.77.245.186 - - [17/Dec/2021:11:09:12 +0800] "GET /xingrg/all/function/internal_message.html?_=1639710564381&CODE_STATE=getMsg HTTP/1.1" 302 -
116.227.210.113 - - [17/Dec/2021:11:09:16 +0800] "GET /xingrg/all/function/internal_message.html?_=1639710540600&CODE_STATE=getMsg HTTP/1.1" 200 27
116.235.94.0 - - [17/Dec/2021:11:09:17 +0800] "GET /xingrg/all/function/internal_message.html?_=1639710679382&CODE_STATE=getMsg HTTP/1.1" 200 27
180.175.103.30 - - [17/Dec/2021:11:09:21 +0800] "GET /xingrg/all/function/internal_message.html?_=1639710495112&CODE_STATE=getMsg HTTP/1.1" 200 27
222.70.176.97 - - [17/Dec/2021:11:09:23 +0800] "GET /xingrg/all/function/internal_message.html?_=1639710219597&CODE_STATE=getMsg HTTP/1.1" 302 -
116.238.208.177 - - [17/Dec/2021:11:09:28 +0800] "GET /xingrg/all/function/internal_message.html?_=1639710570767&CODE_STATE=getMsg HTTP/1.1" 200 27
116.238.248.233 - - [17/Dec/2021:11:09:34 +0800] "GET /xingrg/all/function/internal_message.html?_=1639710570923&CODE_STATE=getMsg HTTP/1.1" 200 27
124.77.245.186 - - [17/Dec/2021:11:09:38 +0800] "POST /xingrg/services/DataTransmitService HTTP/1.1" 200 524
114.85.125.222 - - [17/Dec/2021:11:09:40 +0800] "GET /xingrg/all/function/internal_message.html?_=1639710530527&CODE_STATE=getMsg HTTP/1.1" 200 27
114.88.158.169 - - [17/Dec/2021:11:09:46 +0800] "GET /xingrg/all/function/internal_message.html?_=1639710396769&CODE_STATE=getMsg HTTP/1.1" 200 27
114.88.158.169 - - [17/Dec/2021:11:09:47 +0800] "GET /xingrg/check_reg.html?_=1639710398252 HTTP/1.1" 200 22
116.238.208.177 - - [17/Dec/2021:11:09:48 +0800] "GET /xingrg/check_reg.html?_=1639710590800 HTTP/1.1" 200 22
120.253.135.82 - - [17/Dec/2021:11:09:50 +0800] "GET /xingrg/all/function/internal_message.html?_=1639710586907&CODE_STATE=getMsg HTTP/1.1" 200 27
180.175.103.30 - - [17/Dec/2021:11:09:50 +0800] "GET /xingrg/all/function/internal_message.html?_=1639710587320&CODE_STATE=getMsg HTTP/1.1" 200 27
114.83.216.59 - - [17/Dec/2021:11:09:51 +0800] "GET /xingrg/all/function/internal_message.html?_=1639710587739&CODE_STATE=getMsg HTTP/1.1" 200 27
116.235.94.0 - - [17/Dec/2021:11:09:56 +0800] "POST /xingrg/dwr/call/plaincall/AjaxQqpsService.saveOrder.dwr HTTP/1.1" 200 78
116.235.94.0 - - [17/Dec/2021:11:09:58 +0800] "GET /xingrg/javascript/auto/indicator.gif HTTP/1.1" 404 1066
116.235.94.0 - - [17/Dec/2021:11:10:01 +0800] "GET /xingrg/all/function/internal_message.html?_=1639710618861&CODE_STATE=getMsg HTTP/1.1" 200 27
61.170.234.223 - - [17/Dec/2021:11:10:04 +0800] "GET /xingrg/all/function/internal_message.html?_=1639710598339&CODE_STATE=getMsg HTTP/1.1" 200 27
116.233.78.125 - - [17/Dec/2021:11:10:05 +0800] "GET /xingrg/all/function/internal_message.html?_=1639710604774&CODE_STATE=getMsg HTTP/1.1" 200 27
116.235.94.0 - - [17/Dec/2021:11:10:06 +0800] "POST /xingrg/dwr/call/plaincall/AjaxQqpsService.getMaterielByCode.dwr HTTP/1.1" 200 2627
124.77.245.186 - - [17/Dec/2021:11:10:07 +0800] "GET /xingrg/all/function/internal_message.html?_=1639710621933&CODE_STATE=getMsg HTTP/1.1" 200 27
222.70.176.97 - - [17/Dec/2021:11:10:09 +0800] "GET /xingrg/all/function/internal_message.html?_=1639710605252&CODE_STATE=getMsg HTTP/1.1" 200 27
124.77.245.186 - - [17/Dec/2021:11:10:12 +0800] "GET /xingrg/all/function/internal_message.html?_=1639710624395&CODE_STATE=getMsg HTTP/1.1" 302 -
116.227.210.113 - - [17/Dec/2021:11:10:15 +0800] "GET /xingrg/check_reg.html?_=1639710600139 HTTP/1.1" 200 22
116.227.210.113 - - [17/Dec/2021:11:10:16 +0800] "GET /xingrg/all/function/internal_message.html?_=1639710600582&CODE_STATE=getMsg HTTP/1.1" 200 27
116.235.94.0 - - [17/Dec/2021:11:10:17 +0800] "GET /xingrg/all/function/internal_message.html?_=1639710739392&CODE_STATE=getMsg HTTP/1.1" 200 27
180.175.103.30 - - [17/Dec/2021:11:10:21 +0800] "GET /xingrg/all/function/internal_message.html?_=1639710555111&CODE_STATE=getMsg HTTP/1.1" 200 27
222.70.176.97 - - [17/Dec/2021:11:10:23 +0800] "GET /xingrg/all/function/internal_message.html?_=1639710279597&CODE_STATE=getMsg HTTP/1.1" 302 -
101.85.120.86 - - [17/Dec/2021:11:10:24 +0800] "GET /favicon.ico HTTP/1.1" 404 -
101.85.120.86 - - [17/Dec/2021:11:10:24 +0800] "GET /xingrg/login.html HTTP/1.1" 200 7641
101.85.120.86 - - [17/Dec/2021:11:10:25 +0800] "GET /xingrg/images/blue/jxLogo.png HTTP/1.1" 304 -
101.85.120.86 - - [17/Dec/2021:11:10:25 +0800] "GET /xingrg/images/blue/login_bg.png HTTP/1.1" 304 -
101.85.120.86 - - [17/Dec/2021:11:10:25 +0800] "GET /xingrg/images/blue/srbg.png HTTP/1.1" 304 -
101.85.120.86 - - [17/Dec/2021:11:10:25 +0800] "GET /xingrg/images/blue/hj.png HTTP/1.1" 304 -
101.85.120.86 - - [17/Dec/2021:11:10:25 +0800] "GET /favicon.ico HTTP/1.1" 404 -
116.227.210.113 - - [17/Dec/2021:11:10:26 +0800] "GET /xingrg/kc/buy/cgsh_order_operate.html?command=get_materiel&rest_code=00155&code=00101009063&supplier_code=00100037&order_time=2021-12-17 HTTP/1.1" 200 410
101.85.120.86 - - [17/Dec/2021:11:10:28 +0800] "POST /xingrg/login.do HTTP/1.1" 302 -
101.85.120.86 - - [17/Dec/2021:11:10:28 +0800] "GET /xingrg/index.html?sysBaseUrl=http%3A%2F%2F180.169.147.146%3A18081%2Fxingrg%2F&costTime=40×tamp=1639710628176 HTTP/1.1" 200 17179
101.85.120.86 - - [17/Dec/2021:11:10:28 +0800] "GET /xingrg/javascript/jquery_easy_ui/themes/default/easyui.css HTTP/1.1" 304 -
101.85.120.86 - - [17/Dec/2021:11:10:28 +0800] "GET /xingrg/javascript/jquery_easy_ui/themes/icon.css HTTP/1.1" 304 -
101.85.120.86 - - [17/Dec/2021:11:10:28 +0800] "GET /xingrg/css/form.css HTTP/1.1" 304 -
101.85.120.86 - - [17/Dec/2021:11:10:28 +0800] "GET /xingrg/javascript/jquery-1.4.2.min.js HTTP/1.1" 304 -
101.85.120.86 - - [17/Dec/2021:11:10:28 +0800] "GET /xingrg/javascript/jquery_easy_ui/jquery.easyui.min.js HTTP/1.1" 304 -
101.85.120.86 - - [17/Dec/2021:11:10:28 +0800] "GET /xingrg/javascript/jquery_easy_ui/easyui-lang-zh_CN.js HTTP/1.1" 304 -
101.85.120.86 - - [17/Dec/2021:11:10:28 +0800] "GET /xingrg/javascript/jquery.form.js HTTP/1.1" 304 -
101.85.120.86 - - [17/Dec/2021:11:10:28 +0800] "GET /xingrg/javascript/jquery.utils.js HTTP/1.1" 304 -
101.85.120.86 - - [17/Dec/2021:11:10:28 +0800] "GET /xingrg/javascript/jquery.timers.js HTTP/1.1" 304 -
101.85.120.86 - - [17/Dec/2021:11:10:28 +0800] "GET /favicon.ico HTTP/1.1" 404 -
101.85.120.86 - - [17/Dec/2021:11:10:28 +0800] "GET /xingrg/images/blue/navBackgound.jpg HTTP/1.1" 304 -
101.85.120.86 - - [17/Dec/2021:11:10:28 +0800] "GET /xingrg/javascript/jquery_easy_ui/themes/icons/settle_new.png HTTP/1.1" 304 -
116.238.208.177 - - [17/Dec/2021:11:10:28 +0800] "GET /xingrg/all/function/internal_message.html?_=1639710630782&CODE_STATE=getMsg HTTP/1.1" 200 27
101.85.120.86 - - [17/Dec/2021:11:10:28 +0800] "POST /xingrg/all/common/load_tree.html?tree=area_rest_tree_json&manage=1 HTTP/1.1" 200 351
101.85.120.86 - - [17/Dec/2021:11:10:29 +0800] "GET /xingrg/all/function/internal_message.html?_=1639710625653&CODE_STATE=count HTTP/1.1" 200 11
101.85.120.86 - - [17/Dec/2021:11:10:29 +0800] "GET /xingrg/check_reg.html?_=1639710625654 HTTP/1.1" 200 22
101.85.120.86 - - [17/Dec/2021:11:10:29 +0800] "GET /xingrg/images/blue/pingpu.png HTTP/1.1" 304 -
101.85.120.86 - - [17/Dec/2021:11:10:29 +0800] "GET /xingrg/javascript/jquery_easy_ui/themes/default/images/tabs_leftarrow.png HTTP/1.1" 304 -
101.85.120.86 - - [17/Dec/2021:11:10:29 +0800] "GET /xingrg/javascript/jquery_easy_ui/themes/default/images/tabs_rightarrow.png HTTP/1.1" 304 -
101.85.120.86 - - [17/Dec/2021:11:10:29 +0800] "GET /xingrg/javascript/jquery_easy_ui/themes/default/images/panel_tool_collapse.gif HTTP/1.1" 304 -
101.85.120.86 - - [17/Dec/2021:11:10:29 +0800] "POST /xingrg/load_menu.html HTTP/1.1" 200 5138
101.85.120.86 - - [17/Dec/2021:11:10:29 +0800] "GET /xingrg/javascript/jquery_easy_ui/themes/default/images/tree_arrows.gif HTTP/1.1" 304 -
101.85.120.86 - - [17/Dec/2021:11:10:29 +0800] "GET /xingrg/javascript/jquery_easy_ui/themes/icons/search_new.png HTTP/1.1" 304 -
101.85.120.86 - - [17/Dec/2021:11:10:29 +0800] "GET /xingrg/javascript/jquery_easy_ui/themes/default/images/tree_folder_open.gif HTTP/1.1" 304 -
101.85.120.86 - - [17/Dec/2021:11:10:29 +0800] "GET /xingrg/javascript/jquery_easy_ui/themes/icons/storage_new.png HTTP/1.1" 304 -
101.85.120.86 - - [17/Dec/2021:11:10:29 +0800] "GET /xingrg/javascript/jquery_easy_ui/themes/icons/forms_new.png HTTP/1.1" 304 -
101.85.120.86 - - [17/Dec/2021:11:10:29 +0800] "GET /xingrg/javascript/jquery_easy_ui/themes/default/images/tree_folder.gif HTTP/1.1" 304 -
101.85.120.86 - - [17/Dec/2021:11:10:29 +0800] "GET /xingrg/javascript/jquery_easy_ui/themes/default/images/tree_file.gif HTTP/1.1" 304 -
116.238.248.233 - - [17/Dec/2021:11:10:34 +0800] "GET /xingrg/check_reg.html?_=1639710630972 HTTP/1.1" 200 22
116.238.248.233 - - [17/Dec/2021:11:10:34 +0800] "GET /xingrg/all/function/internal_message.html?_=1639710630976&CODE_STATE=getMsg HTTP/1.1" 200 27
101.85.120.86 - - [17/Dec/2021:11:10:34 +0800] "GET /xingrg/javascript/jquery_easy_ui/themes/icons/area.png HTTP/1.1" 304 -
101.85.120.86 - - [17/Dec/2021:11:10:34 +0800] "GET /xingrg/javascript/jquery_easy_ui/themes/icons/rest.png HTTP/1.1" 304 -
101.85.120.86 - - [17/Dec/2021:11:10:39 +0800] "GET /xingrg/kc/base/yddb_order_list.html HTTP/1.1" 200 16672
101.85.120.86 - - [17/Dec/2021:11:10:39 +0800] "GET /xingrg/javascript/jquery_easy_ui/themes/default/images/tabs_close.gif HTTP/1.1" 304 -
101.85.120.86 - - [17/Dec/2021:11:10:39 +0800] "GET /xingrg/css/base.css HTTP/1.1" 304 -
101.85.120.86 - - [17/Dec/2021:11:10:39 +0800] "GET /xingrg/css/site.css HTTP/1.1" 304 -
101.85.120.86 - - [17/Dec/2021:11:10:39 +0800] "GET /xingrg/javascript/jquery_tools/datebox.css HTTP/1.1" 304 -
101.85.120.86 - - [17/Dec/2021:11:10:39 +0800] "GET /xingrg/javascript/auto/jquery.autocomplete.css HTTP/1.1" 304 -
101.85.120.86 - - [17/Dec/2021:11:10:39 +0800] "GET /xingrg/javascript/easyui/themes/icon.css HTTP/1.1" 304 -
101.85.120.86 - - [17/Dec/2021:11:10:39 +0800] "GET /xingrg/javascript/jquery_tools/jquery.tools.min.js HTTP/1.1" 304 -
101.85.120.86 - - [17/Dec/2021:11:10:39 +0800] "GET /xingrg/javascript/jquery_tools/fix.css HTTP/1.1" 304 -
101.85.120.86 - - [17/Dec/2021:11:10:39 +0800] "GET /xingrg/javascript/jquery_tools/table.css HTTP/1.1" 304 -
101.85.120.86 - - [17/Dec/2021:11:10:39 +0800] "GET /xingrg/javascript/jquery_tools/jquery.tools.extend.js HTTP/1.1" 304 -
101.85.120.86 - - [17/Dec/2021:11:10:39 +0800] "GET /xingrg/javascript/jquery_tools/jquery.tools.hotkey.js HTTP/1.1" 304 -
101.85.120.86 - - [17/Dec/2021:11:10:39 +0800] "GET /xingrg/javascript/easyui/themes/default/easyui.css HTTP/1.1" 304 -
101.85.120.86 - - [17/Dec/2021:11:10:39 +0800] "GET /xingrg/javascript/jquery_tools/jquery.tools.table.js HTTP/1.1" 304 -
101.85.120.86 - - [17/Dec/2021:11:10:39 +0800] "GET /xingrg/javascript/jquery_tools/list_manager.js HTTP/1.1" 304 -
101.85.120.86 - - [17/Dec/2021:11:10:39 +0800] "GET /xingrg/javascript/auto/jquery.autocomplete.js HTTP/1.1" 304 -
101.85.120.86 - - [17/Dec/2021:11:10:39 +0800] "GET /xingrg/javascript/jquery.cookie.js HTTP/1.1" 304 -
101.85.120.86 - - [17/Dec/2021:11:10:39 +0800] "GET /xingrg/javascript/easyui/easyloader.js HTTP/1.1" 304 -
101.85.120.86 - - [17/Dec/2021:11:10:39 +0800] "GET /xingrg/javascript/print/LodopFuncs.js HTTP/1.1" 304 -
101.85.120.86 - - [17/Dec/2021:11:10:39 +0800] "GET /xingrg/javascript/easyui/themes/icons/edit_add_new.png HTTP/1.1" 304 -
101.85.120.86 - - [17/Dec/2021:11:10:39 +0800] "GET /xingrg/javascript/easyui/themes/icons/field_new.png HTTP/1.1" 304 -
101.85.120.86 - - [17/Dec/2021:11:10:39 +0800] "GET /xingrg/javascript/easyui/themes/icons/import_new.png HTTP/1.1" 304 -
101.85.120.86 - - [17/Dec/2021:11:10:39 +0800] "GET /xingrg/javascript/easyui/plugins/jquery.parser.js HTTP/1.1" 304 -
101.85.120.86 - - [17/Dec/2021:11:10:39 +0800] "GET /xingrg/images/control/ajaxLoader.gif HTTP/1.1" 304 -
101.85.120.86 - - [17/Dec/2021:11:10:40 +0800] "POST /xingrg/kc/base/yddb_list_operate.html HTTP/1.1" 200 636
114.85.125.222 - - [17/Dec/2021:11:10:40 +0800] "GET /xingrg/all/function/internal_message.html?_=1639710590541&CODE_STATE=getMsg HTTP/1.1" 200 27
61.170.234.223 - - [17/Dec/2021:11:10:42 +0800] "GET /xingrg/kc/print/load_data.html?order_code=212021121706875&kc_code=cgsh&condition= HTTP/1.1" 200 1652
101.85.120.86 - - [17/Dec/2021:11:10:42 +0800] "POST /xingrg/kc/base/yddb_list_operate.html HTTP/1.1" 200 4387
116.235.94.0 - - [17/Dec/2021:11:10:42 +0800] "POST /xingrg/dwr/call/plaincall/AjaxQqpsService.checkOrder.dwr HTTP/1.1" 200 78
101.85.120.86 - - [17/Dec/2021:11:10:43 +0800] "POST /xingrg/kc/base/yddb_list_operate.html HTTP/1.1" 200 4387
116.235.94.0 - - [17/Dec/2021:11:10:43 +0800] "GET /xingrg/kc/mdqp/qqps_order_info.html?code=302021121700335 HTTP/1.1" 200 26708
116.235.94.0 - - [17/Dec/2021:11:10:43 +0800] "GET /xingrg/dwr/interface/AjaxQqpsService.js HTTP/1.1" 200 16326
116.235.94.0 - - [17/Dec/2021:11:10:43 +0800] "GET /xingrg/dwr/interface/AjaxComOrderService.js HTTP/1.1" 200 18264
116.235.94.0 - - [17/Dec/2021:11:10:43 +0800] "GET /xingrg/dwr/engine.js HTTP/1.1" 200 43631
101.85.120.86 - - [17/Dec/2021:11:10:43 +0800] "GET /xingrg/javascript/easyui/themes/default/images/button_plain_hover.png HTTP/1.1" 304 -
61.170.234.223 - - [17/Dec/2021:11:10:43 +0800] "GET /xingrg/login.html?r=1 HTTP/1.1" 200 7641
61.170.234.223 - - [17/Dec/2021:11:10:44 +0800] "GET /favicon.ico HTTP/1.1" 404 -
116.235.94.0 - - [17/Dec/2021:11:10:44 +0800] "POST /xingrg/dwr/call/plaincall/AjaxQqpsService.loadMaterielItems.dwr HTTP/1.1" 200 76
61.170.234.223 - - [17/Dec/2021:11:10:45 +0800] "POST /xingrg/login.do HTTP/1.1" 302 -
61.170.234.223 - - [17/Dec/2021:11:10:45 +0800] "GET /xingrg/index.html?sysBaseUrl=http%3A%2F%2F180.169.147.146%3A18081%2Fxingrg%2F&costTime=40×tamp=1639710645936 HTTP/1.1" 200 17173
61.170.234.223 - - [17/Dec/2021:11:10:46 +0800] "GET /favicon.ico HTTP/1.1" 404 -
61.170.234.223 - - [17/Dec/2021:11:10:46 +0800] "POST /xingrg/all/common/load_tree.html?tree=area_rest_tree_json&manage=1 HTTP/1.1" 200 342
61.170.234.223 - - [17/Dec/2021:11:10:46 +0800] "GET /xingrg/all/function/internal_message.html?_=1639710643818&CODE_STATE=count HTTP/1.1" 200 11
61.170.234.223 - - [17/Dec/2021:11:10:46 +0800] "GET /xingrg/check_reg.html?_=1639710643819 HTTP/1.1" 200 22
61.170.234.223 - - [17/Dec/2021:11:10:46 +0800] "POST /xingrg/load_menu.html HTTP/1.1" 200 5138
114.88.158.169 - - [17/Dec/2021:11:10:46 +0800] "GET /xingrg/all/function/internal_message.html?_=1639710456737&CODE_STATE=getMsg HTTP/1.1" 200 27
101.85.120.86 - - [17/Dec/2021:11:10:47 +0800] "POST /xingrg/kc/base/yddb_list_operate.html HTTP/1.1" 200 211
101.85.120.86 - - [17/Dec/2021:11:10:47 +0800] "GET /xingrg/javascript/pic_change.js HTTP/1.1" 304 -
101.85.120.86 - - [17/Dec/2021:11:10:47 +0800] "GET /xingrg/kc/base/yddb_order_info.html?code=482021121200058 HTTP/1.1" 200 30050
101.85.120.86 - - [17/Dec/2021:11:10:47 +0800] "GET /xingrg/css/blue.css HTTP/1.1" 200 15949
101.85.120.86 - - [17/Dec/2021:11:10:47 +0800] "GET /xingrg/dwr/interface/AjaxComOrderService.js HTTP/1.1" 200 18264
101.85.120.86 - - [17/Dec/2021:11:10:47 +0800] "GET /xingrg/dwr/interface/AjaxYddbService.js HTTP/1.1" 200 13201
101.85.120.86 - - [17/Dec/2021:11:10:47 +0800] "GET /xingrg/javascript/AjaxInfoList.js HTTP/1.1" 200 3774
101.85.120.86 - - [17/Dec/2021:11:10:47 +0800] "GET /xingrg/dwr/util.js HTTP/1.1" 200 35990
101.85.120.86 - - [17/Dec/2021:11:10:47 +0800] "GET /xingrg/javascript/Calendar.js HTTP/1.1" 200 31561
101.85.120.86 - - [17/Dec/2021:11:10:47 +0800] "GET /xingrg/javascript/Grid.js HTTP/1.1" 200 58908
101.85.120.86 - - [17/Dec/2021:11:10:47 +0800] "GET /xingrg/javascript/myfunction.js HTTP/1.1" 200 24559
101.85.120.86 - - [17/Dec/2021:11:10:47 +0800] "GET /xingrg/javascript/checkform.js HTTP/1.1" 200 18351
101.85.120.86 - - [17/Dec/2021:11:10:47 +0800] "GET /xingrg/javascript/ToolTips.js HTTP/1.1" 200 5615
101.85.120.86 - - [17/Dec/2021:11:10:47 +0800] "GET /xingrg/dwr/engine.js HTTP/1.1" 200 43631
101.85.120.86 - - [17/Dec/2021:11:10:47 +0800] "GET /xingrg/javascript/jquery_easy_ui/themes/icons/print.png HTTP/1.1" 200 1057
101.85.120.86 - - [17/Dec/2021:11:10:47 +0800] "GET /xingrg/javascript/jquery_easy_ui/themes/icons/edit_add_new.png HTTP/1.1" 200 2997
101.85.120.86 - - [17/Dec/2021:11:10:47 +0800] "GET /xingrg/javascript/jquery_easy_ui/themes/default/images/menu_downarrow.png HTTP/1.1" 200 173
101.85.120.86 - - [17/Dec/2021:11:10:47 +0800] "GET /xingrg/javascript/jquery_easy_ui/themes/icons/back_new.png HTTP/1.1" 200 3414
180.169.147.146 - - [17/Dec/2021:11:10:47 +0800] "GET /xingrg/check_reg.html?_=1639710652406 HTTP/1.1" 200 22
101.85.120.86 - - [17/Dec/2021:11:10:47 +0800] "GET /xingrg/images/blue/wait.gif HTTP/1.1" 200 1100
101.85.120.86 - - [17/Dec/2021:11:10:47 +0800] "GET /xingrg/images/blue/kc_tab_mid.gif HTTP/1.1" 200 44
101.85.120.86 - - [17/Dec/2021:11:10:47 +0800] "GET /xingrg/images/blue/kc_tab_left.gif HTTP/1.1" 200 188
101.85.120.86 - - [17/Dec/2021:11:10:47 +0800] "GET /xingrg/images/blue/kc_tab_right.gif HTTP/1.1" 200 643
101.85.120.86 - - [17/Dec/2021:11:10:47 +0800] "POST /xingrg/dwr/call/plaincall/AjaxYddbService.loadMaterielItems.dwr HTTP/1.1" 200 405
61.170.234.223 - - [17/Dec/2021:11:10:48 +0800] "GET /xingrg/kc/print/load_data.html?order_code=212021121706875&kc_code=cgsh HTTP/1.1" 200 1652
101.91.60.88 - - [17/Dec/2021:11:10:49 +0800] "GET /xingrg/kc/buy/cgsh_order_operate.html?command=get_materiel&rest_code=00106&code=00101008109&supplier_code=00100007&order_time=2021-12-17 HTTP/1.1" 302 -
101.91.60.88 - - [17/Dec/2021:11:10:50 +0800] "GET /xingrg/login.html HTTP/1.1" 200 7641
120.253.135.82 - - [17/Dec/2021:11:10:50 +0800] "GET /xingrg/all/function/internal_message.html?_=1639710646920&CODE_STATE=getMsg HTTP/1.1" 200 27
101.85.120.86 - - [17/Dec/2021:11:10:50 +0800] "GET /xingrg/javascript/jquery_easy_ui/themes/default/images/tabs_active.png HTTP/1.1" 304 -
180.175.103.30 - - [17/Dec/2021:11:10:50 +0800] "GET /xingrg/all/function/internal_message.html?_=1639710647308&CODE_STATE=getMsg HTTP/1.1" 200 27
61.170.234.223 - - [17/Dec/2021:11:10:51 +0800] "GET /xingrg/kc/base/base_main.html HTTP/1.1" 200 12142
114.83.216.59 - - [17/Dec/2021:11:10:51 +0800] "GET /xingrg/all/function/internal_message.html?_=1639710647745&CODE_STATE=getMsg HTTP/1.1" 200 27
61.170.234.223 - - [17/Dec/2021:11:10:53 +0800] "GET /xingrg/kc/base/wldb_order_list.html HTTP/1.1" 200 19060
61.170.234.223 - - [17/Dec/2021:11:10:53 +0800] "POST /xingrg/kc/base/wldb_list_operate.html HTTP/1.1" 200 1773
101.85.120.86 - - [17/Dec/2021:11:10:53 +0800] "GET /xingrg/kc/buy/cgsh_order_list.html HTTP/1.1" 200 49429
101.85.120.86 - - [17/Dec/2021:11:10:54 +0800] "GET /xingrg/javascript/easyui/themes/icons/cance_new.png HTTP/1.1" 304 -
101.85.120.86 - - [17/Dec/2021:11:10:54 +0800] "GET /xingrg/javascript/easyui/themes/icons/check_new.png HTTP/1.1" 304 -
101.85.120.86 - - [17/Dec/2021:11:10:54 +0800] "POST /xingrg/kc/buy/cgsh_list_operate.html HTTP/1.1" 200 876
101.85.120.86 - - [17/Dec/2021:11:10:55 +0800] "GET /xingrg/javascript/jquery_tools/order_manager.js HTTP/1.1" 304 -
101.85.120.86 - - [17/Dec/2021:11:10:55 +0800] "GET /xingrg/javascript/json2.js HTTP/1.1" 304 -
101.85.120.86 - - [17/Dec/2021:11:10:55 +0800] "GET /xingrg/javascript/convert.js HTTP/1.1" 304 -
101.85.120.86 - - [17/Dec/2021:11:10:55 +0800] "GET /xingrg/javascript/print/kc_print.js HTTP/1.1" 304 -
101.85.120.86 - - [17/Dec/2021:11:10:55 +0800] "GET /xingrg/kc/buy/cgsh_order_add.html HTTP/1.1" 200 64318
101.85.120.86 - - [17/Dec/2021:11:10:55 +0800] "GET /xingrg/words/20211216165714_words.js HTTP/1.1" 200 880021
101.85.120.86 - - [17/Dec/2021:11:10:55 +0800] "GET /xingrg/javascript/easyui/themes/icons/copy_new.png HTTP/1.1" 304 -
101.85.120.86 - - [17/Dec/2021:11:10:55 +0800] "GET /xingrg/javascript/easyui/themes/icons/template_new.png HTTP/1.1" 304 -
101.85.120.86 - - [17/Dec/2021:11:10:55 +0800] "GET /xingrg/javascript/easyui/themes/icons/ok.png HTTP/1.1" 304 -
101.85.120.86 - - [17/Dec/2021:11:10:55 +0800] "GET /xingrg/javascript/easyui/themes/icons/print.png HTTP/1.1" 304 -
101.85.120.86 - - [17/Dec/2021:11:10:55 +0800] "GET /xingrg/javascript/easyui/themes/default/images/menu_downarrow.png HTTP/1.1" 304 -
101.85.120.86 - - [17/Dec/2021:11:10:55 +0800] "GET /xingrg/javascript/easyui/themes/icons/cancel.png HTTP/1.1" 304 -
116.235.94.0 - - [17/Dec/2021:11:10:56 +0800] "POST /xingrg/dwr/call/plaincall/AjaxQqpsService.uncheckOrder.dwr HTTP/1.1" 200 78
101.85.120.86 - - [17/Dec/2021:11:10:56 +0800] "POST /xingrg/kc/buy/cgsh_order_operate.html HTTP/1.1" 200 8245
101.85.120.86 - - [17/Dec/2021:11:10:56 +0800] "GET /xingrg/javascript/easyui/themes/default/validatebox.css HTTP/1.1" 404 1104
101.85.120.86 - - [17/Dec/2021:11:10:56 +0800] "GET /xingrg/javascript/easyui/plugins/jquery.validatebox.js HTTP/1.1" 304 -
101.85.120.86 - - [17/Dec/2021:11:10:56 +0800] "GET /xingrg/all/common/auto_word.html?type=employee&rest_code=00142 HTTP/1.1" 200 105
101.85.120.86 - - [17/Dec/2021:11:10:56 +0800] "GET /xingrg/all/common/auto_word.html?type=employee&rest_code=00142 HTTP/1.1" 200 105
101.85.120.86 - - [17/Dec/2021:11:10:56 +0800] "GET /xingrg/javascript/easyui/plugins/jquery.numberbox.js HTTP/1.1" 304 -
101.85.120.86 - - [17/Dec/2021:11:10:56 +0800] "GET /xingrg/javascript/easyui/themes/icons/edit_remove.png HTTP/1.1" 304 -
116.235.94.0 - - [17/Dec/2021:11:10:59 +0800] "GET /xingrg/css/blue.css HTTP/1.1" 304 -
116.235.94.0 - - [17/Dec/2021:11:10:59 +0800] "GET /xingrg/javascript/jquery_easy_ui/themes/icon.css HTTP/1.1" 304 -
116.235.94.0 - - [17/Dec/2021:11:10:59 +0800] "GET /xingrg/javascript/pic_change.js HTTP/1.1" 304 -
116.235.94.0 - - [17/Dec/2021:11:10:59 +0800] "GET /xingrg/javascript/jquery-1.4.2.min.js HTTP/1.1" 304 -
116.235.94.0 - - [17/Dec/2021:11:10:59 +0800] "GET /xingrg/javascript/auto/jquery.autocomplete.css HTTP/1.1" 304 -
116.235.94.0 - - [17/Dec/2021:11:10:59 +0800] "GET /xingrg/javascript/jquery_easy_ui/jquery.easyui.min.js HTTP/1.1" 304 -
116.235.94.0 - - [17/Dec/2021:11:10:59 +0800] "GET /xingrg/kc/mdqp/qqps_order_info.html?code=302021121700335 HTTP/1.1" 200 28467
116.235.94.0 - - [17/Dec/2021:11:10:59 +0800] "GET /xingrg/javascript/auto/jquery.autocomplete.js HTTP/1.1" 304 -
116.235.94.0 - - [17/Dec/2021:11:10:59 +0800] "GET /xingrg/javascript/jquery.utils.js HTTP/1.1" 304 -
116.235.94.0 - - [17/Dec/2021:11:10:59 +0800] "GET /xingrg/javascript/tools/jquery.qtip-1.0.0-rc3.min.js HTTP/1.1" 304 -
116.235.94.0 - - [17/Dec/2021:11:10:59 +0800] "GET /xingrg/javascript/jquery_easy_ui/easyui-lang-zh_CN.js HTTP/1.1" 304 -
116.235.94.0 - - [17/Dec/2021:11:10:59 +0800] "GET /xingrg/dwr/interface/AjaxComOrderService.js HTTP/1.1" 200 18264
116.235.94.0 - - [17/Dec/2021:11:10:59 +0800] "GET /xingrg/dwr/util.js HTTP/1.1" 304 -
116.235.94.0 - - [17/Dec/2021:11:10:59 +0800] "GET /xingrg/javascript/Calendar.js HTTP/1.1" 304 -
116.235.94.0 - - [17/Dec/2021:11:10:59 +0800] "GET /xingrg/javascript/myfunction.js HTTP/1.1" 304 -
116.235.94.0 - - [17/Dec/2021:11:10:59 +0800] "GET /xingrg/javascript/Grid.js HTTP/1.1" 304 -
116.235.94.0 - - [17/Dec/2021:11:10:59 +0800] "GET /xingrg/javascript/AjaxInfoList.js HTTP/1.1" 304 -
116.235.94.0 - - [17/Dec/2021:11:10:59 +0800] "GET /xingrg/javascript/ToolTips.js HTTP/1.1" 304 -
116.235.94.0 - - [17/Dec/2021:11:10:59 +0800] "GET /xingrg/javascript/jquery_easy_ui/themes/icon.css HTTP/1.1" 304 -
116.235.94.0 - - [17/Dec/2021:11:10:59 +0800] "GET /xingrg/javascript/print/kc_print.js HTTP/1.1" 304 -
116.235.94.0 - - [17/Dec/2021:11:10:59 +0800] "GET /xingrg/javascript/print/LodopFuncs.js HTTP/1.1" 304 -
116.235.94.0 - - [17/Dec/2021:11:10:59 +0800] "GET /xingrg/javascript/jquery_easy_ui/themes/default/easyui.css HTTP/1.1" 304 -
116.235.94.0 - - [17/Dec/2021:11:10:59 +0800] "GET /xingrg/dwr/interface/AjaxQqpsService.js HTTP/1.1" 200 16326
116.235.94.0 - - [17/Dec/2021:11:10:59 +0800] "GET /xingrg/dwr/engine.js HTTP/1.1" 200 43631
116.235.94.0 - - [17/Dec/2021:11:10:59 +0800] "GET /xingrg/words/20211216165714_words.js HTTP/1.1" 304 -
116.235.94.0 - - [17/Dec/2021:11:10:59 +0800] "GET /xingrg/images/blue/button/kc_tab_add.gif HTTP/1.1" 304 -
116.235.94.0 - - [17/Dec/2021:11:10:59 +0800] "GET /xingrg/images/blue/button/kc_tab_edit.gif HTTP/1.1" 304 -
116.235.94.0 - - [17/Dec/2021:11:10:59 +0800] "GET /xingrg/images/blue/button/kc_tab_save.gif HTTP/1.1" 304 -
116.235.94.0 - - [17/Dec/2021:11:10:59 +0800] "GET /xingrg/images/blue/button/kc_tab_del.gif HTTP/1.1" 304 -
116.235.94.0 - - [17/Dec/2021:11:10:59 +0800] "GET /xingrg/images/blue/wait.gif HTTP/1.1" 304 -
116.235.94.0 - - [17/Dec/2021:11:10:59 +0800] "POST /xingrg/dwr/call/plaincall/AjaxQqpsService.loadMaterielItems.dwr HTTP/1.1" 200 76
101.85.120.86 - - [17/Dec/2021:11:11:00 +0800] "GET /xingrg/javascript/auto/indicator.gif HTTP/1.1" 404 1066
116.235.94.0 - - [17/Dec/2021:11:11:01 +0800] "GET /xingrg/all/function/internal_message.html?_=1639710678877&CODE_STATE=getMsg HTTP/1.1" 200 27
61.170.234.223 - - [17/Dec/2021:11:11:04 +0800] "GET /xingrg/kc/base/base_main.html HTTP/1.1" 200 12142
61.170.234.223 - - [17/Dec/2021:11:11:04 +0800] "GET /xingrg/all/function/internal_message.html?_=1639710658323&CODE_STATE=getMsg HTTP/1.1" 200 27
61.170.234.223 - - [17/Dec/2021:11:11:05 +0800] "GET /xingrg/kc/base/wldb_order_list.html HTTP/1.1" 200 19060
116.233.78.125 - - [17/Dec/2021:11:11:05 +0800] "GET /xingrg/all/function/internal_message.html?_=1639710664787&CODE_STATE=getMsg HTTP/1.1" 200 27
61.170.234.223 - - [17/Dec/2021:11:11:06 +0800] "POST /xingrg/kc/base/wldb_list_operate.html HTTP/1.1" 200 1773
124.77.245.186 - - [17/Dec/2021:11:11:07 +0800] "GET /xingrg/all/function/internal_message.html?_=1639710682251&CODE_STATE=getMsg HTTP/1.1" 200 27
222.70.176.97 - - [17/Dec/2021:11:11:09 +0800] "GET /xingrg/all/function/internal_message.html?_=1639710665238&CODE_STATE=getMsg HTTP/1.1" 200 27
124.77.245.186 - - [17/Dec/2021:11:11:12 +0800] "GET /xingrg/all/function/internal_message.html?_=1639710684408&CODE_STATE=getMsg HTTP/1.1" 302 -
101.85.120.86 - - [17/Dec/2021:11:11:13 +0800] "GET /xingrg/kc/buy/cgsh_order_operate.html?command=get_materiel&rest_code=00142&code=00101008368&supplier_code=00100161&order_time=2021-12-17 HTTP/1.1" 200 408
222.70.176.97 - - [17/Dec/2021:11:11:13 +0800] "GET /xingrg/check_reg.html?_=1639710669236 HTTP/1.1" 200 22
116.227.210.113 - - [17/Dec/2021:11:11:16 +0800] "GET /xingrg/all/function/internal_message.html?_=1639710660568&CODE_STATE=getMsg HTTP/1.1" 200 27
116.235.94.0 - - [17/Dec/2021:11:11:17 +0800] "GET /xingrg/all/function/internal_message.html?_=1639710799386&CODE_STATE=getMsg HTTP/1.1" 200 27
116.235.94.0 - - [17/Dec/2021:11:11:17 +0800] "GET /xingrg/check_reg.html?_=1639710799387 HTTP/1.1" 200 22
116.235.94.0 - - [17/Dec/2021:11:11:19 +0800] "GET /xingrg/javascript/auto/indicator.gif HTTP/1.1" 404 1066
