116.238.208.177 - - [17/Dec/2021:09:14:04 +0800] "GET /xingrg/kc/buy/cgsh_order_operate.html?command=get_materiel&rest_code=00102&code=00101020153&supplier_code=00100096&order_time=2021-12-17 HTTP/1.1" 200 408
116.238.208.177 - - [17/Dec/2021:09:14:08 +0800] "GET /xingrg/all/function/internal_message.html?_=1639703650298&CODE_STATE=getMsg HTTP/1.1" 200 27
124.77.245.186 - - [17/Dec/2021:09:14:09 +0800] "GET /xingrg/login.html HTTP/1.1" 200 7641
124.77.245.186 - - [17/Dec/2021:09:14:09 +0800] "GET /xingrg/images/blue/jxLogo.png HTTP/1.1" 304 -
124.77.245.186 - - [17/Dec/2021:09:14:09 +0800] "GET /xingrg/images/blue/login_bg.png HTTP/1.1" 304 -
124.77.245.186 - - [17/Dec/2021:09:14:09 +0800] "GET /xingrg/images/blue/hj.png HTTP/1.1" 304 -
124.77.245.186 - - [17/Dec/2021:09:14:09 +0800] "GET /xingrg/images/blue/srbg.png HTTP/1.1" 304 -
124.77.245.186 - - [17/Dec/2021:09:14:09 +0800] "GET /favicon.ico HTTP/1.1" 404 -
114.85.125.222 - - [17/Dec/2021:09:14:09 +0800] "GET /xingrg/all/function/internal_message.html?_=1639703599137&CODE_STATE=getMsg HTTP/1.1" 200 27
124.77.245.186 - - [17/Dec/2021:09:14:10 +0800] "POST /xingrg/login.do HTTP/1.1" 302 -
124.77.245.186 - - [17/Dec/2021:09:14:10 +0800] "GET /xingrg/javascript/jquery_easy_ui/themes/default/easyui.css HTTP/1.1" 304 -
124.77.245.186 - - [17/Dec/2021:09:14:10 +0800] "GET /xingrg/javascript/jquery_easy_ui/themes/icon.css HTTP/1.1" 304 -
124.77.245.186 - - [17/Dec/2021:09:14:10 +0800] "GET /xingrg/css/form.css HTTP/1.1" 304 -
124.77.245.186 - - [17/Dec/2021:09:14:10 +0800] "GET /xingrg/javascript/jquery_easy_ui/easyui-lang-zh_CN.js HTTP/1.1" 304 -
124.77.245.186 - - [17/Dec/2021:09:14:10 +0800] "GET /xingrg/javascript/jquery.form.js HTTP/1.1" 304 -
124.77.245.186 - - [17/Dec/2021:09:14:10 +0800] "GET /xingrg/javascript/jquery-1.4.2.min.js HTTP/1.1" 304 -
124.77.245.186 - - [17/Dec/2021:09:14:10 +0800] "GET /xingrg/javascript/jquery_easy_ui/jquery.easyui.min.js HTTP/1.1" 304 -
124.77.245.186 - - [17/Dec/2021:09:14:10 +0800] "GET /xingrg/index.html?sysBaseUrl=http%3A%2F%2F180.169.147.146%3A18081%2Fxingrg%2F&costTime=44×tamp=1639703650588 HTTP/1.1" 200 17179
124.77.245.186 - - [17/Dec/2021:09:14:10 +0800] "GET /xingrg/javascript/jquery.utils.js HTTP/1.1" 304 -
124.77.245.186 - - [17/Dec/2021:09:14:10 +0800] "GET /xingrg/javascript/jquery.timers.js HTTP/1.1" 304 -
124.77.245.186 - - [17/Dec/2021:09:14:10 +0800] "GET /favicon.ico HTTP/1.1" 404 -
124.77.245.186 - - [17/Dec/2021:09:14:10 +0800] "GET /xingrg/images/blue/navBackgound.jpg HTTP/1.1" 304 -
124.77.245.186 - - [17/Dec/2021:09:14:10 +0800] "GET /xingrg/javascript/jquery_easy_ui/themes/icons/settle_new.png HTTP/1.1" 304 -
124.77.245.186 - - [17/Dec/2021:09:14:10 +0800] "GET /xingrg/images/blue/pingpu.png HTTP/1.1" 304 -
124.77.245.186 - - [17/Dec/2021:09:14:10 +0800] "POST /xingrg/all/common/load_tree.html?tree=area_rest_tree_json&manage=1 HTTP/1.1" 200 479
124.77.245.186 - - [17/Dec/2021:09:14:10 +0800] "GET /xingrg/javascript/jquery_easy_ui/themes/default/images/tabs_leftarrow.png HTTP/1.1" 304 -
124.77.245.186 - - [17/Dec/2021:09:14:10 +0800] "GET /xingrg/javascript/jquery_easy_ui/themes/default/images/tabs_rightarrow.png HTTP/1.1" 304 -
124.77.245.186 - - [17/Dec/2021:09:14:10 +0800] "GET /xingrg/javascript/jquery_easy_ui/themes/default/images/panel_tool_collapse.gif HTTP/1.1" 304 -
124.77.245.186 - - [17/Dec/2021:09:14:10 +0800] "GET /xingrg/all/function/internal_message.html?_=1639703662830&CODE_STATE=count HTTP/1.1" 200 11
124.77.245.186 - - [17/Dec/2021:09:14:10 +0800] "GET /xingrg/check_reg.html?_=1639703662832 HTTP/1.1" 200 22
124.77.245.186 - - [17/Dec/2021:09:14:10 +0800] "POST /xingrg/load_menu.html HTTP/1.1" 200 5138
124.77.245.186 - - [17/Dec/2021:09:14:10 +0800] "GET /xingrg/javascript/jquery_easy_ui/themes/default/images/tree_arrows.gif HTTP/1.1" 304 -
124.77.245.186 - - [17/Dec/2021:09:14:10 +0800] "GET /xingrg/javascript/jquery_easy_ui/themes/default/images/tree_folder_open.gif HTTP/1.1" 304 -
124.77.245.186 - - [17/Dec/2021:09:14:10 +0800] "GET /xingrg/javascript/jquery_easy_ui/themes/icons/search_new.png HTTP/1.1" 304 -
124.77.245.186 - - [17/Dec/2021:09:14:10 +0800] "GET /xingrg/javascript/jquery_easy_ui/themes/default/images/tree_folder.gif HTTP/1.1" 304 -
124.77.245.186 - - [17/Dec/2021:09:14:10 +0800] "GET /xingrg/javascript/jquery_easy_ui/themes/icons/storage_new.png HTTP/1.1" 304 -
124.77.245.186 - - [17/Dec/2021:09:14:10 +0800] "GET /xingrg/javascript/jquery_easy_ui/themes/icons/forms_new.png HTTP/1.1" 304 -
124.77.245.186 - - [17/Dec/2021:09:14:11 +0800] "GET /xingrg/javascript/jquery_easy_ui/themes/default/images/tree_file.gif HTTP/1.1" 304 -
222.70.176.97 - - [17/Dec/2021:09:14:11 +0800] "GET /xingrg/kc/buy/cgsh_order_operate.html?command=get_materiel&rest_code=00111&code=00101008236&supplier_code=00100005&order_time=2021-12-17 HTTP/1.1" 200 416
222.70.176.97 - - [17/Dec/2021:09:14:12 +0800] "GET /xingrg/all/function/internal_message.html?_=1639703647565&CODE_STATE=getMsg HTTP/1.1" 200 27
120.253.135.82 - - [17/Dec/2021:09:14:14 +0800] "GET /xingrg/all/function/internal_message.html?_=1639703430518&CODE_STATE=getMsg HTTP/1.1" 200 27
124.77.245.186 - - [17/Dec/2021:09:14:20 +0800] "GET /xingrg/javascript/jquery_easy_ui/themes/default/images/tabs_close.gif HTTP/1.1" 304 -
124.77.245.186 - - [17/Dec/2021:09:14:20 +0800] "GET /xingrg/css/base.css HTTP/1.1" 304 -
124.77.245.186 - - [17/Dec/2021:09:14:20 +0800] "GET /xingrg/css/site.css HTTP/1.1" 304 -
124.77.245.186 - - [17/Dec/2021:09:14:20 +0800] "GET /xingrg/javascript/jquery_tools/datebox.css HTTP/1.1" 304 -
124.77.245.186 - - [17/Dec/2021:09:14:20 +0800] "GET /xingrg/javascript/easyui/themes/default/easyui.css HTTP/1.1" 304 -
124.77.245.186 - - [17/Dec/2021:09:14:20 +0800] "GET /xingrg/javascript/easyui/themes/icon.css HTTP/1.1" 304 -
124.77.245.186 - - [17/Dec/2021:09:14:20 +0800] "GET /xingrg/javascript/auto/jquery.autocomplete.css HTTP/1.1" 304 -
124.77.245.186 - - [17/Dec/2021:09:14:20 +0800] "GET /xingrg/javascript/jquery_tools/fix.css HTTP/1.1" 304 -
124.77.245.186 - - [17/Dec/2021:09:14:20 +0800] "GET /xingrg/javascript/jquery_tools/table.css HTTP/1.1" 304 -
124.77.245.186 - - [17/Dec/2021:09:14:20 +0800] "GET /xingrg/javascript/jquery_tools/jquery.tools.min.js HTTP/1.1" 304 -
124.77.245.186 - - [17/Dec/2021:09:14:20 +0800] "GET /xingrg/javascript/jquery_tools/jquery.tools.table.js HTTP/1.1" 304 -
124.77.245.186 - - [17/Dec/2021:09:14:20 +0800] "GET /xingrg/javascript/jquery_tools/list_manager.js HTTP/1.1" 304 -
124.77.245.186 - - [17/Dec/2021:09:14:20 +0800] "GET /xingrg/javascript/auto/jquery.autocomplete.js HTTP/1.1" 304 -
124.77.245.186 - - [17/Dec/2021:09:14:20 +0800] "GET /xingrg/javascript/easyui/easyloader.js HTTP/1.1" 304 -
124.77.245.186 - - [17/Dec/2021:09:14:20 +0800] "GET /xingrg/javascript/jquery_tools/jquery.tools.extend.js HTTP/1.1" 304 -
124.77.245.186 - - [17/Dec/2021:09:14:20 +0800] "GET /xingrg/javascript/jquery_tools/jquery.tools.hotkey.js HTTP/1.1" 304 -
124.77.245.186 - - [17/Dec/2021:09:14:20 +0800] "GET /xingrg/javascript/jquery.cookie.js HTTP/1.1" 304 -
124.77.245.186 - - [17/Dec/2021:09:14:20 +0800] "GET /xingrg/javascript/print/LodopFuncs.js HTTP/1.1" 304 -
124.77.245.186 - - [17/Dec/2021:09:14:20 +0800] "GET /xingrg/kc/buy/cgsh_order_list.html HTTP/1.1" 200 49429
124.77.245.186 - - [17/Dec/2021:09:14:21 +0800] "GET /xingrg/javascript/easyui/themes/icons/edit_add_new.png HTTP/1.1" 304 -
124.77.245.186 - - [17/Dec/2021:09:14:21 +0800] "GET /xingrg/javascript/easyui/themes/icons/cance_new.png HTTP/1.1" 304 -
124.77.245.186 - - [17/Dec/2021:09:14:21 +0800] "GET /xingrg/javascript/easyui/themes/icons/check_new.png HTTP/1.1" 304 -
124.77.245.186 - - [17/Dec/2021:09:14:21 +0800] "GET /xingrg/javascript/easyui/themes/icons/field_new.png HTTP/1.1" 304 -
124.77.245.186 - - [17/Dec/2021:09:14:21 +0800] "GET /xingrg/javascript/easyui/plugins/jquery.parser.js HTTP/1.1" 304 -
124.77.245.186 - - [17/Dec/2021:09:14:21 +0800] "GET /xingrg/images/control/ajaxLoader.gif HTTP/1.1" 304 -
180.175.103.30 - - [17/Dec/2021:09:14:21 +0800] "GET /xingrg/all/function/internal_message.html?_=1639703594937&CODE_STATE=getMsg HTTP/1.1" 200 27
124.77.245.186 - - [17/Dec/2021:09:14:22 +0800] "POST /xingrg/kc/buy/cgsh_list_operate.html HTTP/1.1" 200 876
222.70.176.97 - - [17/Dec/2021:09:14:23 +0800] "GET /xingrg/all/function/internal_message.html?_=1639703319594&CODE_STATE=getMsg HTTP/1.1" 302 -
222.70.176.97 - - [17/Dec/2021:09:14:23 +0800] "GET /xingrg/kc/buy/cgsh_order_operate.html?command=get_materiel&rest_code=00111&code=00101020152&supplier_code=00100005&order_time=2021-12-17 HTTP/1.1" 200 416
116.238.208.177 - - [17/Dec/2021:09:14:26 +0800] "GET /xingrg/kc/buy/cgsh_order_operate.html?command=get_materiel&rest_code=00102&code=00101006112&supplier_code=00100096&order_time=2021-12-17 HTTP/1.1" 200 411
114.83.216.59 - - [17/Dec/2021:09:14:28 +0800] "GET /xingrg/kc/buy/cgsh_order_operate.html?command=get_materiel&rest_code=00149&code=00101004055&supplier_code=00100083&order_time=2021-12-17 HTTP/1.1" 200 417
116.238.248.233 - - [17/Dec/2021:09:14:31 +0800] "GET /xingrg/all/function/internal_message.html?_=1639703668521&CODE_STATE=getMsg HTTP/1.1" 200 27
116.238.208.177 - - [17/Dec/2021:09:14:40 +0800] "GET /xingrg/kc/buy/cgsh_order_operate.html?command=get_materiel&rest_code=00102&code=00101006111&supplier_code=00100096&order_time=2021-12-17 HTTP/1.1" 200 409
222.70.176.97 - - [17/Dec/2021:09:14:40 +0800] "POST /xingrg/kc/buy/cgsh_order_operate.html HTTP/1.1" 200 2065
124.77.245.186 - - [17/Dec/2021:09:14:44 +0800] "GET /xingrg/all/function/internal_message.html?_=1639703699077&CODE_STATE=getMsg HTTP/1.1" 302 -
124.77.245.186 - - [17/Dec/2021:09:14:44 +0800] "GET /xingrg/login.html HTTP/1.1" 200 7641
222.70.176.97 - - [17/Dec/2021:09:14:44 +0800] "GET /xingrg/kc/buy/cgsh_order_operate.html?command=get_materiel&rest_code=00111&code=00101013165&supplier_code=00100005&order_time=2021-12-17 HTTP/1.1" 200 409
114.83.216.59 - - [17/Dec/2021:09:14:51 +0800] "GET /xingrg/all/function/internal_message.html?_=1639703687354&CODE_STATE=getMsg HTTP/1.1" 200 27
116.238.208.177 - - [17/Dec/2021:09:14:51 +0800] "GET /xingrg/kc/buy/cgsh_order_operate.html?command=get_materiel&rest_code=00102&code=00101006144&supplier_code=00100096&order_time=2021-12-17 HTTP/1.1" 200 409
180.175.103.30 - - [17/Dec/2021:09:14:54 +0800] "GET /xingrg/kc/buy/cgsh_order_operate.html?command=get_materiel_price&rest_code=00105&code=00101008358&unit_code=00100001&supplier_code=00100203&order_time=2021-12-17 HTTP/1.1" 200 27
222.70.176.97 - - [17/Dec/2021:09:14:55 +0800] "GET /xingrg/kc/buy/cgsh_order_operate.html?command=get_materiel&rest_code=00111&code=00101008165&supplier_code=00100005&order_time=2021-12-17 HTTP/1.1" 200 416
61.170.234.223 - - [17/Dec/2021:09:14:57 +0800] "POST /xingrg/services/DataTransmitService HTTP/1.1" 200 524
180.175.103.30 - - [17/Dec/2021:09:14:58 +0800] "GET /xingrg/all/function/internal_message.html?_=1639703694395&CODE_STATE=getMsg HTTP/1.1" 200 27
116.238.208.177 - - [17/Dec/2021:09:15:06 +0800] "GET /xingrg/kc/buy/cgsh_order_operate.html?command=get_materiel&rest_code=00102&code=00101007082&supplier_code=00100096&order_time=2021-12-17 HTTP/1.1" 200 427
222.70.176.97 - - [17/Dec/2021:09:15:07 +0800] "GET /xingrg/kc/buy/cgsh_order_operate.html?command=get_materiel&rest_code=00111&code=00101008223&supplier_code=00100005&order_time=2021-12-17 HTTP/1.1" 200 412
116.238.208.177 - - [17/Dec/2021:09:15:08 +0800] "GET /xingrg/all/function/internal_message.html?_=1639703710312&CODE_STATE=getMsg HTTP/1.1" 200 27
114.85.125.222 - - [17/Dec/2021:09:15:09 +0800] "GET /xingrg/all/function/internal_message.html?_=1639703659151&CODE_STATE=getMsg HTTP/1.1" 200 27
124.77.245.186 - - [17/Dec/2021:09:15:10 +0800] "GET /xingrg/all/function/internal_message.html?_=1639703722833&CODE_STATE=getMsg HTTP/1.1" 200 27
222.70.176.97 - - [17/Dec/2021:09:15:12 +0800] "GET /xingrg/all/function/internal_message.html?_=1639703707543&CODE_STATE=getMsg HTTP/1.1" 200 27
120.253.135.82 - - [17/Dec/2021:09:15:14 +0800] "GET /xingrg/all/function/internal_message.html?_=1639703490555&CODE_STATE=getMsg HTTP/1.1" 200 27
114.83.216.59 - - [17/Dec/2021:09:15:18 +0800] "GET /xingrg/kc/buy/cgsh_order_operate.html?command=get_materiel&rest_code=00149&code=00101004050&supplier_code=00100083&order_time=2021-12-17 HTTP/1.1" 200 408
180.175.103.30 - - [17/Dec/2021:09:15:21 +0800] "GET /xingrg/all/function/internal_message.html?_=1639703654935&CODE_STATE=getMsg HTTP/1.1" 200 27
222.70.176.97 - - [17/Dec/2021:09:15:23 +0800] "GET /xingrg/all/function/internal_message.html?_=1639703379593&CODE_STATE=getMsg HTTP/1.1" 302 -
114.88.158.169 - - [17/Dec/2021:09:15:31 +0800] "POST /xingrg/services/DataTransmitService HTTP/1.1" 200 524
116.238.248.233 - - [17/Dec/2021:09:15:31 +0800] "GET /xingrg/all/function/internal_message.html?_=1639703728570&CODE_STATE=getMsg HTTP/1.1" 200 27
222.70.176.97 - - [17/Dec/2021:09:15:34 +0800] "POST /xingrg/kc/buy/cgsh_order_operate.html HTTP/1.1" 200 2065
124.77.245.186 - - [17/Dec/2021:09:15:44 +0800] "GET /xingrg/check_reg.html?_=1639703758835 HTTP/1.1" 302 -
124.77.245.186 - - [17/Dec/2021:09:15:44 +0800] "GET /xingrg/all/function/internal_message.html?_=1639703759090&CODE_STATE=getMsg HTTP/1.1" 302 -
116.238.208.177 - - [17/Dec/2021:09:15:47 +0800] "GET /xingrg/kc/buy/cgsh_order_operate.html?command=get_materiel&rest_code=00102&code=00101006133&supplier_code=00100096&order_time=2021-12-17 HTTP/1.1" 200 413
114.83.216.59 - - [17/Dec/2021:09:15:51 +0800] "GET /xingrg/all/function/internal_message.html?_=1639703747329&CODE_STATE=getMsg HTTP/1.1" 200 27
114.83.216.59 - - [17/Dec/2021:09:15:51 +0800] "POST /xingrg/kc/buy/cgsh_order_operate.html HTTP/1.1" 200 37
180.175.103.30 - - [17/Dec/2021:09:15:57 +0800] "GET /xingrg/all/function/internal_message.html?_=1639703754366&CODE_STATE=getMsg HTTP/1.1" 200 27
116.238.208.177 - - [17/Dec/2021:09:16:00 +0800] "GET /xingrg/kc/buy/cgsh_order_operate.html?command=get_materiel&rest_code=00102&code=00101006087&supplier_code=00100096&order_time=2021-12-17 HTTP/1.1" 200 409
114.83.216.59 - - [17/Dec/2021:09:16:07 +0800] "POST /xingrg/kc/buy/cgsh_order_operate.html HTTP/1.1" 200 12
116.238.208.177 - - [17/Dec/2021:09:16:08 +0800] "GET /xingrg/all/function/internal_message.html?_=1639703770357&CODE_STATE=getMsg HTTP/1.1" 200 27
222.70.176.97 - - [17/Dec/2021:09:16:08 +0800] "GET /xingrg/kc/buy/cgsh_order_operate.html?command=get_materiel&rest_code=00111&code=00101008114&supplier_code=00100005&order_time=2021-12-17 HTTP/1.1" 200 412
114.85.125.222 - - [17/Dec/2021:09:16:09 +0800] "GET /xingrg/all/function/internal_message.html?_=1639703719165&CODE_STATE=getMsg HTTP/1.1" 200 27
114.83.216.59 - - [17/Dec/2021:09:16:10 +0800] "GET /xingrg/kc/buy/cgsh_order_info.html?code=212021121706808 HTTP/1.1" 200 60153
114.83.216.59 - - [17/Dec/2021:09:16:10 +0800] "GET /xingrg/javascript/easyui/themes/default/validatebox.css HTTP/1.1" 404 1104
124.77.245.186 - - [17/Dec/2021:09:16:10 +0800] "GET /xingrg/all/function/internal_message.html?_=1639703782846&CODE_STATE=getMsg HTTP/1.1" 200 27
114.83.216.59 - - [17/Dec/2021:09:16:11 +0800] "POST /xingrg/kc/buy/cgsh_order_operate.html HTTP/1.1" 200 2401
222.70.176.97 - - [17/Dec/2021:09:16:12 +0800] "GET /xingrg/all/function/internal_message.html?_=1639703767527&CODE_STATE=getMsg HTTP/1.1" 200 27
222.70.176.97 - - [17/Dec/2021:09:16:13 +0800] "GET /xingrg/check_reg.html?_=1639703769124 HTTP/1.1" 200 22
116.238.208.177 - - [17/Dec/2021:09:16:13 +0800] "GET /xingrg/kc/buy/cgsh_order_operate.html?command=get_materiel&rest_code=00102&code=00101012030&supplier_code=00100096&order_time=2021-12-17 HTTP/1.1" 200 416
114.83.216.59 - - [17/Dec/2021:09:16:14 +0800] "GET /xingrg/kc/print/load_data.html?order_code=212021121706808&kc_code=cgsh&condition= HTTP/1.1" 200 1417
120.253.135.82 - - [17/Dec/2021:09:16:14 +0800] "GET /xingrg/all/function/internal_message.html?_=1639703550749&CODE_STATE=getMsg HTTP/1.1" 200 27
222.70.176.97 - - [17/Dec/2021:09:16:17 +0800] "GET /xingrg/kc/buy/cgsh_order_operate.html?command=get_materiel&rest_code=00111&code=00101008095&supplier_code=00100005&order_time=2021-12-17 HTTP/1.1" 200 412
114.83.216.59 - - [17/Dec/2021:09:16:18 +0800] "GET /xingrg/kc/buy/cgsh_order_add.html HTTP/1.1" 200 65246
114.83.216.59 - - [17/Dec/2021:09:16:18 +0800] "GET /xingrg/javascript/easyui/themes/default/validatebox.css HTTP/1.1" 404 1104
114.83.216.59 - - [17/Dec/2021:09:16:18 +0800] "POST /xingrg/kc/buy/cgsh_order_operate.html HTTP/1.1" 200 8245
114.85.125.222 - - [17/Dec/2021:09:16:20 +0800] "POST /xingrg/kc/buy/cgsh_order_operate.html HTTP/1.1" 200 37
180.175.103.30 - - [17/Dec/2021:09:16:21 +0800] "GET /xingrg/all/function/internal_message.html?_=1639703714949&CODE_STATE=getMsg HTTP/1.1" 200 27
114.85.125.222 - - [17/Dec/2021:09:16:22 +0800] "POST /xingrg/kc/buy/cgsh_order_operate.html HTTP/1.1" 200 34605
222.70.176.97 - - [17/Dec/2021:09:16:23 +0800] "GET /xingrg/all/function/internal_message.html?_=1639703439593&CODE_STATE=getMsg HTTP/1.1" 302 -
116.238.208.177 - - [17/Dec/2021:09:16:25 +0800] "GET /xingrg/kc/buy/cgsh_order_operate.html?command=get_materiel&rest_code=00102&code=00101006129&supplier_code=00100096&order_time=2021-12-17 HTTP/1.1" 200 431
222.70.176.97 - - [17/Dec/2021:09:16:28 +0800] "POST /xingrg/kc/buy/cgsh_order_operate.html HTTP/1.1" 200 2065
114.85.125.222 - - [17/Dec/2021:09:16:28 +0800] "GET /xingrg/javascript/jquery_easy_ui/themes/default/images/button_a_bg.gif HTTP/1.1" 304 -
114.85.125.222 - - [17/Dec/2021:09:16:28 +0800] "GET /xingrg/javascript/jquery_easy_ui/themes/default/images/button_span_bg.gif HTTP/1.1" 304 -
114.85.125.222 - - [17/Dec/2021:09:16:28 +0800] "GET /xingrg/javascript/jquery_easy_ui/themes/icons/ok.png HTTP/1.1" 304 -
114.85.125.222 - - [17/Dec/2021:09:16:28 +0800] "GET /xingrg/javascript/jquery_easy_ui/themes/default/images/panel_title.png HTTP/1.1" 304 -
114.85.125.222 - - [17/Dec/2021:09:16:28 +0800] "GET /xingrg/javascript/jquery_easy_ui/themes/default/images/panel_tools.gif HTTP/1.1" 304 -
114.85.125.222 - - [17/Dec/2021:09:16:30 +0800] "POST /xingrg/all/user/operate.html HTTP/1.1" 200 36
114.85.125.222 - - [17/Dec/2021:09:16:31 +0800] "GET /xingrg/javascript/jquery_easy_ui/themes/default/easyui.css HTTP/1.1" 304 -
114.85.125.222 - - [17/Dec/2021:09:16:31 +0800] "GET /xingrg/index.html?sysBaseUrl=http%3A%2F%2F180.169.147.146%3A18081%2Fxingrg%2F&costTime=40×tamp=1639616026495 HTTP/1.1" 200 17177
114.85.125.222 - - [17/Dec/2021:09:16:31 +0800] "GET /xingrg/javascript/jquery_easy_ui/themes/icon.css HTTP/1.1" 304 -
114.85.125.222 - - [17/Dec/2021:09:16:31 +0800] "GET /xingrg/css/form.css HTTP/1.1" 304 -
114.85.125.222 - - [17/Dec/2021:09:16:31 +0800] "GET /xingrg/javascript/jquery-1.4.2.min.js HTTP/1.1" 304 -
114.85.125.222 - - [17/Dec/2021:09:16:31 +0800] "GET /xingrg/javascript/jquery_easy_ui/jquery.easyui.min.js HTTP/1.1" 304 -
114.85.125.222 - - [17/Dec/2021:09:16:31 +0800] "GET /xingrg/javascript/jquery_easy_ui/easyui-lang-zh_CN.js HTTP/1.1" 304 -
114.85.125.222 - - [17/Dec/2021:09:16:31 +0800] "GET /xingrg/javascript/jquery.form.js HTTP/1.1" 304 -
114.85.125.222 - - [17/Dec/2021:09:16:31 +0800] "GET /xingrg/javascript/jquery.utils.js HTTP/1.1" 304 -
114.85.125.222 - - [17/Dec/2021:09:16:31 +0800] "GET /xingrg/javascript/jquery.timers.js HTTP/1.1" 304 -
114.85.125.222 - - [17/Dec/2021:09:16:31 +0800] "GET /xingrg/images/blue/navBackgound.jpg HTTP/1.1" 304 -
114.85.125.222 - - [17/Dec/2021:09:16:31 +0800] "GET /xingrg/javascript/jquery_easy_ui/themes/icons/settle_new.png HTTP/1.1" 304 -
114.85.125.222 - - [17/Dec/2021:09:16:31 +0800] "GET /xingrg/images/blue/jxLogo.png HTTP/1.1" 304 -
114.85.125.222 - - [17/Dec/2021:09:16:31 +0800] "POST /xingrg/all/common/load_tree.html?tree=area_rest_tree_json&manage=1 HTTP/1.1" 200 476
114.85.125.222 - - [17/Dec/2021:09:16:31 +0800] "GET /xingrg/images/blue/pingpu.png HTTP/1.1" 304 -
114.85.125.222 - - [17/Dec/2021:09:16:31 +0800] "GET /xingrg/javascript/jquery_easy_ui/themes/default/images/tabs_leftarrow.png HTTP/1.1" 304 -
114.85.125.222 - - [17/Dec/2021:09:16:31 +0800] "GET /xingrg/javascript/jquery_easy_ui/themes/default/images/tabs_rightarrow.png HTTP/1.1" 304 -
116.238.248.233 - - [17/Dec/2021:09:16:31 +0800] "GET /xingrg/all/function/internal_message.html?_=1639703788625&CODE_STATE=getMsg HTTP/1.1" 200 27
114.85.125.222 - - [17/Dec/2021:09:16:31 +0800] "GET /xingrg/javascript/jquery_easy_ui/themes/default/images/panel_tool_collapse.gif HTTP/1.1" 304 -
114.85.125.222 - - [17/Dec/2021:09:16:32 +0800] "GET /xingrg/all/function/internal_message.html?_=1639703741686&CODE_STATE=count HTTP/1.1" 200 11
114.85.125.222 - - [17/Dec/2021:09:16:32 +0800] "GET /xingrg/check_reg.html?_=1639703741687 HTTP/1.1" 200 22
114.85.125.222 - - [17/Dec/2021:09:16:32 +0800] "GET /xingrg/javascript/jquery_easy_ui/themes/default/images/tree_arrows.gif HTTP/1.1" 304 -
114.85.125.222 - - [17/Dec/2021:09:16:32 +0800] "POST /xingrg/load_menu.html HTTP/1.1" 200 5138
114.85.125.222 - - [17/Dec/2021:09:16:32 +0800] "GET /xingrg/javascript/jquery_easy_ui/themes/default/images/tree_folder_open.gif HTTP/1.1" 304 -
114.85.125.222 - - [17/Dec/2021:09:16:32 +0800] "GET /xingrg/javascript/jquery_easy_ui/themes/icons/search_new.png HTTP/1.1" 304 -
114.85.125.222 - - [17/Dec/2021:09:16:32 +0800] "GET /xingrg/javascript/jquery_easy_ui/themes/default/images/tree_folder.gif HTTP/1.1" 304 -
114.85.125.222 - - [17/Dec/2021:09:16:32 +0800] "GET /xingrg/javascript/jquery_easy_ui/themes/icons/storage_new.png HTTP/1.1" 304 -
114.85.125.222 - - [17/Dec/2021:09:16:32 +0800] "GET /xingrg/javascript/jquery_easy_ui/themes/icons/forms_new.png HTTP/1.1" 304 -
114.85.125.222 - - [17/Dec/2021:09:16:32 +0800] "GET /xingrg/javascript/jquery_easy_ui/themes/default/images/tree_file.gif HTTP/1.1" 304 -
116.238.208.177 - - [17/Dec/2021:09:16:38 +0800] "GET /xingrg/kc/buy/cgsh_order_operate.html?command=get_materiel&rest_code=00102&code=00101006019&supplier_code=00100096&order_time=2021-12-17 HTTP/1.1" 200 419
114.83.216.59 - - [17/Dec/2021:09:16:38 +0800] "GET /xingrg/kc/buy/cgsh_order_operate.html?command=get_materiel&rest_code=00149&code=00101012038&supplier_code=00100036&order_time=2021-12-17 HTTP/1.1" 200 412
124.77.245.186 - - [17/Dec/2021:09:16:45 +0800] "GET /xingrg/all/function/internal_message.html?_=1639703819536&CODE_STATE=getMsg HTTP/1.1" 302 -
114.83.216.59 - - [17/Dec/2021:09:16:51 +0800] "GET /xingrg/all/function/internal_message.html?_=1639703807340&CODE_STATE=getMsg HTTP/1.1" 200 27
180.175.103.30 - - [17/Dec/2021:09:16:57 +0800] "GET /xingrg/all/function/internal_message.html?_=1639703814334&CODE_STATE=getMsg HTTP/1.1" 200 27
222.70.176.97 - - [17/Dec/2021:09:16:59 +0800] "POST /xingrg/kc/buy/cgsh_order_operate.html HTTP/1.1" 200 37
116.238.208.177 - - [17/Dec/2021:09:17:02 +0800] "GET /xingrg/kc/buy/cgsh_order_operate.html?command=get_materiel&rest_code=00102&code=00101016038&supplier_code=00100096&order_time=2021-12-17 HTTP/1.1" 200 408
222.70.176.97 - - [17/Dec/2021:09:17:04 +0800] "POST /xingrg/kc/buy/cgsh_order_operate.html HTTP/1.1" 200 48841
116.238.208.177 - - [17/Dec/2021:09:17:08 +0800] "GET /xingrg/all/function/internal_message.html?_=1639703830479&CODE_STATE=getMsg HTTP/1.1" 200 27
124.77.245.186 - - [17/Dec/2021:09:17:10 +0800] "GET /xingrg/all/function/internal_message.html?_=1639703842860&CODE_STATE=getMsg HTTP/1.1" 200 27
222.70.176.97 - - [17/Dec/2021:09:17:12 +0800] "GET /xingrg/all/function/internal_message.html?_=1639703827500&CODE_STATE=getMsg HTTP/1.1" 200 27
116.238.208.177 - - [17/Dec/2021:09:17:13 +0800] "GET /xingrg/kc/buy/cgsh_order_operate.html?command=get_materiel&rest_code=00102&code=00101012025&supplier_code=00100096&order_time=2021-12-17 HTTP/1.1" 200 412
114.85.125.222 - - [17/Dec/2021:09:17:14 +0800] "GET /xingrg/javascript/jquery_easy_ui/themes/default/images/tabs_close.gif HTTP/1.1" 304 -
114.85.125.222 - - [17/Dec/2021:09:17:14 +0800] "GET /xingrg/kc/buy/cgsh_order_list.html HTTP/1.1" 200 49427
114.85.125.222 - - [17/Dec/2021:09:17:14 +0800] "GET /xingrg/images/control/ajaxLoader.gif HTTP/1.1" 304 -
120.253.135.82 - - [17/Dec/2021:09:17:14 +0800] "GET /xingrg/all/function/internal_message.html?_=1639703610760&CODE_STATE=getMsg HTTP/1.1" 200 27
222.70.176.97 - - [17/Dec/2021:09:17:15 +0800] "GET /xingrg/kc/print/load_config.html?kc_code=cgsh HTTP/1.1" 200 1943
222.70.176.97 - - [17/Dec/2021:09:17:15 +0800] "GET /xingrg/kc/print/load_data.html?order_code=212021121706809&kc_code=cgsh&condition= HTTP/1.1" 200 18193
114.85.125.222 - - [17/Dec/2021:09:17:16 +0800] "POST /xingrg/kc/buy/cgsh_list_operate.html HTTP/1.1" 200 2050
114.85.125.222 - - [17/Dec/2021:09:17:19 +0800] "POST /xingrg/kc/buy/cgsh_list_operate.html HTTP/1.1" 200 564
114.85.125.222 - - [17/Dec/2021:09:17:20 +0800] "GET /xingrg/kc/buy/cgsh_order_info.html?code=212021121706801 HTTP/1.1" 200 64806
114.85.125.222 - - [17/Dec/2021:09:17:20 +0800] "GET /xingrg/all/common/auto_word.html?type=employee&rest_code=00151 HTTP/1.1" 200 293
114.85.125.222 - - [17/Dec/2021:09:17:20 +0800] "GET /xingrg/all/common/auto_word.html?type=employee&rest_code=00151 HTTP/1.1" 200 293
114.85.125.222 - - [17/Dec/2021:09:17:20 +0800] "GET /xingrg/javascript/easyui/themes/default/validatebox.css HTTP/1.1" 404 1104
114.83.216.59 - - [17/Dec/2021:09:17:21 +0800] "GET /xingrg/kc/buy/cgsh_order_operate.html?command=get_materiel&rest_code=00149&code=00101012040&supplier_code=00100036&order_time=2021-12-17 HTTP/1.1" 200 413
114.85.125.222 - - [17/Dec/2021:09:17:21 +0800] "POST /xingrg/kc/buy/cgsh_order_operate.html HTTP/1.1" 200 6851
114.85.125.222 - - [17/Dec/2021:09:17:21 +0800] "GET /xingrg/javascript/easyui/themes/icons/edit_remove.png HTTP/1.1" 304 -
180.175.103.30 - - [17/Dec/2021:09:17:21 +0800] "GET /xingrg/check_reg.html?_=1639703774947 HTTP/1.1" 200 22
180.175.103.30 - - [17/Dec/2021:09:17:21 +0800] "GET /xingrg/all/function/internal_message.html?_=1639703774948&CODE_STATE=getMsg HTTP/1.1" 200 27
222.70.176.97 - - [17/Dec/2021:09:17:23 +0800] "GET /xingrg/all/function/internal_message.html?_=1639703499594&CODE_STATE=getMsg HTTP/1.1" 302 -
222.70.176.97 - - [17/Dec/2021:09:17:25 +0800] "GET /xingrg/kc/buy/cgsh_order_add.html HTTP/1.1" 200 65114
222.70.176.97 - - [17/Dec/2021:09:17:25 +0800] "GET /xingrg/javascript/easyui/themes/default/validatebox.css HTTP/1.1" 404 1104
222.70.176.97 - - [17/Dec/2021:09:17:25 +0800] "POST /xingrg/kc/buy/cgsh_order_operate.html HTTP/1.1" 200 8245
114.83.216.59 - - [17/Dec/2021:09:17:30 +0800] "GET /xingrg/kc/buy/cgsh_order_operate.html?command=get_materiel&rest_code=00149&code=00101010092&supplier_code=00100036&order_time=2021-12-17 HTTP/1.1" 200 450
114.85.125.222 - - [17/Dec/2021:09:17:32 +0800] "GET /xingrg/all/function/internal_message.html?_=1639703801688&CODE_STATE=getMsg HTTP/1.1" 200 27
116.238.248.233 - - [17/Dec/2021:09:17:32 +0800] "GET /xingrg/all/function/internal_message.html?_=1639703848668&CODE_STATE=getMsg HTTP/1.1" 200 27
114.83.216.59 - - [17/Dec/2021:09:17:38 +0800] "POST /xingrg/kc/buy/cgsh_order_operate.html HTTP/1.1" 200 37
222.70.176.97 - - [17/Dec/2021:09:17:38 +0800] "GET /xingrg/kc/buy/cgsh_order_operate.html?command=get_materiel&rest_code=00111&code=00101002022&supplier_code=00100199&order_time=2021-12-17 HTTP/1.1" 200 409
114.85.125.222 - - [17/Dec/2021:09:17:41 +0800] "POST /xingrg/kc/buy/cgsh_order_operate.html HTTP/1.1" 200 37
114.85.125.222 - - [17/Dec/2021:09:17:43 +0800] "POST /xingrg/kc/buy/cgsh_order_operate.html HTTP/1.1" 200 6255
114.83.216.59 - - [17/Dec/2021:09:17:44 +0800] "POST /xingrg/kc/buy/cgsh_order_operate.html HTTP/1.1" 200 12
124.77.245.186 - - [17/Dec/2021:09:17:45 +0800] "GET /xingrg/all/function/internal_message.html?_=1639703879538&CODE_STATE=getMsg HTTP/1.1" 302 -
114.85.125.222 - - [17/Dec/2021:09:17:45 +0800] "GET /xingrg/javascript/jquery_easy_ui/themes/icons/area.png HTTP/1.1" 304 -
114.85.125.222 - - [17/Dec/2021:09:17:45 +0800] "GET /xingrg/javascript/jquery_easy_ui/themes/icons/rest.png HTTP/1.1" 304 -
114.83.216.59 - - [17/Dec/2021:09:17:46 +0800] "GET /xingrg/kc/buy/cgsh_order_info.html?code=212021121706810 HTTP/1.1" 200 60157
114.83.216.59 - - [17/Dec/2021:09:17:46 +0800] "GET /xingrg/javascript/easyui/themes/default/validatebox.css HTTP/1.1" 404 1104
114.83.216.59 - - [17/Dec/2021:09:17:47 +0800] "POST /xingrg/kc/buy/cgsh_order_operate.html HTTP/1.1" 200 1803
114.85.125.222 - - [17/Dec/2021:09:17:47 +0800] "POST /xingrg/kc/buy/cgsh_list_operate.html HTTP/1.1" 200 558
114.85.125.222 - - [17/Dec/2021:09:17:47 +0800] "GET /xingrg/kc/buy/cgsh_order_info.html?code=212021121706799 HTTP/1.1" 200 64806
116.238.208.177 - - [17/Dec/2021:09:17:48 +0800] "GET /xingrg/kc/buy/cgsh_order_operate.html?command=get_materiel&rest_code=00102&code=00101007077&supplier_code=00100096&order_time=2021-12-17 HTTP/1.1" 200 415
114.85.125.222 - - [17/Dec/2021:09:17:48 +0800] "GET /xingrg/javascript/easyui/themes/default/validatebox.css HTTP/1.1" 404 1104
114.85.125.222 - - [17/Dec/2021:09:17:48 +0800] "POST /xingrg/kc/buy/cgsh_order_operate.html HTTP/1.1" 200 16417
222.70.176.97 - - [17/Dec/2021:09:17:50 +0800] "GET /xingrg/kc/buy/cgsh_order_operate.html?command=get_materiel&rest_code=00111&code=00101002027&supplier_code=00100199&order_time=2021-12-17 HTTP/1.1" 200 434
114.83.216.59 - - [17/Dec/2021:09:17:51 +0800] "GET /xingrg/check_reg.html?_=1639703867332 HTTP/1.1" 200 22
114.83.216.59 - - [17/Dec/2021:09:17:51 +0800] "GET /xingrg/all/function/internal_message.html?_=1639703867337&CODE_STATE=getMsg HTTP/1.1" 200 27
114.83.216.59 - - [17/Dec/2021:09:17:51 +0800] "GET /xingrg/kc/print/load_data.html?order_code=212021121706810&kc_code=cgsh&condition= HTTP/1.1" 200 1246
180.175.103.30 - - [17/Dec/2021:09:17:57 +0800] "GET /xingrg/all/function/internal_message.html?_=1639703874311&CODE_STATE=getMsg HTTP/1.1" 200 27
116.238.208.177 - - [17/Dec/2021:09:18:00 +0800] "GET /xingrg/kc/buy/cgsh_order_operate.html?command=get_materiel&rest_code=00102&code=00101007031&supplier_code=00100096&order_time=2021-12-17 HTTP/1.1" 200 415
114.83.216.59 - - [17/Dec/2021:09:18:02 +0800] "GET /xingrg/kc/buy/cgsh_order_add.html HTTP/1.1" 200 65246
114.83.216.59 - - [17/Dec/2021:09:18:02 +0800] "POST /xingrg/kc/buy/cgsh_order_operate.html HTTP/1.1" 200 8245
114.83.216.59 - - [17/Dec/2021:09:18:02 +0800] "GET /xingrg/javascript/easyui/themes/default/validatebox.css HTTP/1.1" 404 1104
116.238.208.177 - - [17/Dec/2021:09:18:08 +0800] "GET /xingrg/all/function/internal_message.html?_=1639703890493&CODE_STATE=getMsg HTTP/1.1" 200 27
114.83.216.59 - - [17/Dec/2021:09:18:10 +0800] "POST /xingrg/services/DataTransmitService HTTP/1.1" 200 524
114.83.216.59 - - [17/Dec/2021:09:18:10 +0800] "POST /xingrg/services/DataTransmitService HTTP/1.1" 200 1979
124.77.245.186 - - [17/Dec/2021:09:18:10 +0800] "GET /xingrg/all/function/internal_message.html?_=1639703902873&CODE_STATE=getMsg HTTP/1.1" 200 27
222.70.176.97 - - [17/Dec/2021:09:18:12 +0800] "GET /xingrg/all/function/internal_message.html?_=1639703887491&CODE_STATE=getMsg HTTP/1.1" 200 27
222.70.176.97 - - [17/Dec/2021:09:18:12 +0800] "GET /xingrg/kc/buy/cgsh_order_operate.html?command=get_materiel&rest_code=00111&code=00101002006&supplier_code=00100199&order_time=2021-12-17 HTTP/1.1" 200 414
114.83.216.59 - - [17/Dec/2021:09:18:14 +0800] "POST /xingrg/services/DataTransmitService HTTP/1.1" 200 524
120.253.135.82 - - [17/Dec/2021:09:18:14 +0800] "GET /xingrg/check_reg.html?_=1639703670478 HTTP/1.1" 200 22
114.83.216.59 - - [17/Dec/2021:09:18:14 +0800] "POST /xingrg/services/DataTransmitService HTTP/1.1" 200 1979
120.253.135.82 - - [17/Dec/2021:09:18:14 +0800] "GET /xingrg/all/function/internal_message.html?_=1639703670775&CODE_STATE=getMsg HTTP/1.1" 200 27
116.238.208.177 - - [17/Dec/2021:09:18:15 +0800] "GET /xingrg/kc/buy/cgsh_order_operate.html?command=get_materiel&rest_code=00102&code=00101007125&supplier_code=00100096&order_time=2021-12-17 HTTP/1.1" 200 408
114.83.216.59 - - [17/Dec/2021:09:18:21 +0800] "POST /xingrg/services/DataTransmitService HTTP/1.1" 200 524
180.175.103.30 - - [17/Dec/2021:09:18:21 +0800] "GET /xingrg/all/function/internal_message.html?_=1639703834946&CODE_STATE=getMsg HTTP/1.1" 200 27
222.70.176.97 - - [17/Dec/2021:09:18:23 +0800] "GET /xingrg/all/function/internal_message.html?_=1639703559594&CODE_STATE=getMsg HTTP/1.1" 302 -
222.70.176.97 - - [17/Dec/2021:09:18:23 +0800] "GET /xingrg/check_reg.html?_=1639703559595 HTTP/1.1" 302 -
222.70.176.97 - - [17/Dec/2021:09:18:27 +0800] "GET /xingrg/kc/buy/cgsh_order_operate.html?command=get_materiel&rest_code=00111&code=00101002007&supplier_code=00100199&order_time=2021-12-17 HTTP/1.1" 200 409
114.83.216.59 - - [17/Dec/2021:09:18:30 +0800] "GET /xingrg/kc/buy/cgsh_order_operate.html?command=get_materiel&rest_code=00149&code=00101006130&supplier_code=00100012&order_time=2021-12-17 HTTP/1.1" 200 427
114.85.125.222 - - [17/Dec/2021:09:18:32 +0800] "GET /xingrg/all/function/internal_message.html?_=1639703861709&CODE_STATE=getMsg HTTP/1.1" 200 27
116.238.248.233 - - [17/Dec/2021:09:18:32 +0800] "GET /xingrg/all/function/internal_message.html?_=1639703908705&CODE_STATE=getMsg HTTP/1.1" 200 27
116.238.248.233 - - [17/Dec/2021:09:18:32 +0800] "GET /xingrg/check_reg.html?_=1639703908703 HTTP/1.1" 200 22
114.85.125.222 - - [17/Dec/2021:09:18:34 +0800] "POST /xingrg/kc/buy/cgsh_order_operate.html HTTP/1.1" 200 37
222.70.176.97 - - [17/Dec/2021:09:18:40 +0800] "POST /xingrg/kc/buy/cgsh_order_operate.html HTTP/1.1" 200 37
114.83.216.59 - - [17/Dec/2021:09:18:40 +0800] "GET /xingrg/kc/buy/cgsh_order_operate.html?command=get_materiel&rest_code=00149&code=00101006109&supplier_code=00100012&order_time=2021-12-17 HTTP/1.1" 200 409
114.85.125.222 - - [17/Dec/2021:09:18:40 +0800] "POST /xingrg/kc/buy/cgsh_order_operate.html HTTP/1.1" 200 16419
116.238.208.177 - - [17/Dec/2021:09:18:40 +0800] "GET /xingrg/kc/buy/cgsh_order_operate.html?command=get_materiel&rest_code=00102&code=00101006056&supplier_code=00100096&order_time=2021-12-17 HTTP/1.1" 200 415
222.70.176.97 - - [17/Dec/2021:09:18:43 +0800] "POST /xingrg/kc/buy/cgsh_order_operate.html HTTP/1.1" 200 5030
222.70.176.97 - - [17/Dec/2021:09:18:44 +0800] "GET /xingrg/kc/print/load_data.html?order_code=212021121706811&kc_code=cgsh&condition= HTTP/1.1" 200 1574
124.77.245.186 - - [17/Dec/2021:09:18:45 +0800] "GET /xingrg/all/function/internal_message.html?_=1639703940013&CODE_STATE=getMsg HTTP/1.1" 302 -
114.83.216.59 - - [17/Dec/2021:09:18:49 +0800] "POST /xingrg/services/DataTransmitService HTTP/1.1" 200 501
114.83.216.59 - - [17/Dec/2021:09:18:49 +0800] "POST /xingrg/services/DataTransmitService HTTP/1.1" 200 501
114.83.216.59 - - [17/Dec/2021:09:18:50 +0800] "POST /xingrg/kc/buy/cgsh_order_operate.html HTTP/1.1" 200 37
114.83.216.59 - - [17/Dec/2021:09:18:51 +0800] "POST /xingrg/services/DataTransmitService HTTP/1.1" 200 501
114.83.216.59 - - [17/Dec/2021:09:18:51 +0800] "GET /xingrg/all/function/internal_message.html?_=1639703927335&CODE_STATE=getMsg HTTP/1.1" 200 27
222.70.176.97 - - [17/Dec/2021:09:18:51 +0800] "GET /xingrg/kc/buy/cgsh_order_add.html HTTP/1.1" 200 65114
222.70.176.97 - - [17/Dec/2021:09:18:52 +0800] "GET /xingrg/javascript/easyui/themes/default/validatebox.css HTTP/1.1" 404 1104
114.83.216.59 - - [17/Dec/2021:09:18:52 +0800] "POST /xingrg/services/DataTransmitService HTTP/1.1" 200 501
222.70.176.97 - - [17/Dec/2021:09:18:52 +0800] "POST /xingrg/kc/buy/cgsh_order_operate.html HTTP/1.1" 200 8245
114.83.216.59 - - [17/Dec/2021:09:18:52 +0800] "POST /xingrg/services/DataTransmitService HTTP/1.1" 200 501
114.83.216.59 - - [17/Dec/2021:09:18:53 +0800] "POST /xingrg/services/DataTransmitService HTTP/1.1" 200 501
114.83.216.59 - - [17/Dec/2021:09:18:53 +0800] "POST /xingrg/kc/buy/cgsh_order_operate.html HTTP/1.1" 200 12
114.83.216.59 - - [17/Dec/2021:09:18:54 +0800] "POST /xingrg/services/DataTransmitService HTTP/1.1" 200 501
114.83.216.59 - - [17/Dec/2021:09:18:54 +0800] "POST /xingrg/services/DataTransmitService HTTP/1.1" 200 501
114.83.216.59 - - [17/Dec/2021:09:18:54 +0800] "POST /xingrg/services/DataTransmitService HTTP/1.1" 200 501
114.83.216.59 - - [17/Dec/2021:09:18:56 +0800] "GET /xingrg/kc/buy/cgsh_order_info.html?code=212021121706812 HTTP/1.1" 200 60155
114.83.216.59 - - [17/Dec/2021:09:18:56 +0800] "GET /xingrg/javascript/easyui/themes/default/validatebox.css HTTP/1.1" 404 1104
114.83.216.59 - - [17/Dec/2021:09:18:56 +0800] "POST /xingrg/services/DataTransmitService HTTP/1.1" 200 412
114.83.216.59 - - [17/Dec/2021:09:18:57 +0800] "POST /xingrg/kc/buy/cgsh_order_operate.html HTTP/1.1" 200 1215
180.175.103.30 - - [17/Dec/2021:09:18:57 +0800] "GET /xingrg/check_reg.html?_=1639703934225 HTTP/1.1" 200 22
180.175.103.30 - - [17/Dec/2021:09:18:57 +0800] "GET /xingrg/all/function/internal_message.html?_=1639703934286&CODE_STATE=getMsg HTTP/1.1" 200 27
114.83.216.59 - - [17/Dec/2021:09:18:58 +0800] "GET /xingrg/kc/print/load_data.html?order_code=212021121706812&kc_code=cgsh&condition= HTTP/1.1" 200 1037
116.238.208.177 - - [17/Dec/2021:09:18:59 +0800] "GET /xingrg/kc/buy/cgsh_order_operate.html?command=get_materiel&rest_code=00102&code=00101006109&supplier_code=00100096&order_time=2021-12-17 HTTP/1.1" 200 411
114.83.216.59 - - [17/Dec/2021:09:19:02 +0800] "GET /xingrg/kc/buy/cgsh_order_add.html HTTP/1.1" 200 65246
114.83.216.59 - - [17/Dec/2021:09:19:02 +0800] "POST /xingrg/kc/buy/cgsh_order_operate.html HTTP/1.1" 200 8245
114.83.216.59 - - [17/Dec/2021:09:19:02 +0800] "GET /xingrg/javascript/easyui/themes/default/validatebox.css HTTP/1.1" 404 1104
116.238.208.177 - - [17/Dec/2021:09:19:03 +0800] "GET /xingrg/check_reg.html?_=1639703945747 HTTP/1.1" 200 22
222.70.176.97 - - [17/Dec/2021:09:19:07 +0800] "GET /xingrg/kc/buy/cgsh_order_operate.html?command=get_materiel&rest_code=00111&code=00101006193&supplier_code=00100012&order_time=2021-12-17 HTTP/1.1" 200 409
116.238.208.177 - - [17/Dec/2021:09:19:08 +0800] "GET /xingrg/all/function/internal_message.html?_=1639703950506&CODE_STATE=getMsg HTTP/1.1" 200 27
124.77.245.186 - - [17/Dec/2021:09:19:10 +0800] "GET /xingrg/check_reg.html?_=1639703962825 HTTP/1.1" 200 22
124.77.245.186 - - [17/Dec/2021:09:19:10 +0800] "GET /xingrg/all/function/internal_message.html?_=1639703962886&CODE_STATE=getMsg HTTP/1.1" 200 27
222.70.176.97 - - [17/Dec/2021:09:19:12 +0800] "GET /xingrg/all/function/internal_message.html?_=1639703947467&CODE_STATE=getMsg HTTP/1.1" 200 27
120.253.135.82 - - [17/Dec/2021:09:19:14 +0800] "GET /xingrg/all/function/internal_message.html?_=1639703730789&CODE_STATE=getMsg HTTP/1.1" 200 27
114.83.216.59 - - [17/Dec/2021:09:19:20 +0800] "POST /xingrg/services/DataTransmitService HTTP/1.1" 200 524
114.83.216.59 - - [17/Dec/2021:09:19:20 +0800] "POST /xingrg/services/DataTransmitService HTTP/1.1" 200 501
222.70.176.97 - - [17/Dec/2021:09:19:21 +0800] "GET /xingrg/kc/buy/cgsh_order_operate.html?command=get_materiel&rest_code=00111&code=00101006038&supplier_code=00100012&order_time=2021-12-17 HTTP/1.1" 200 421
180.175.103.30 - - [17/Dec/2021:09:19:21 +0800] "GET /xingrg/all/function/internal_message.html?_=1639703894945&CODE_STATE=getMsg HTTP/1.1" 200 27
222.70.176.97 - - [17/Dec/2021:09:19:23 +0800] "GET /xingrg/all/function/internal_message.html?_=1639703619593&CODE_STATE=getMsg HTTP/1.1" 302 -
114.83.216.59 - - [17/Dec/2021:09:19:24 +0800] "POST /xingrg/services/DataTransmitService HTTP/1.1" 200 524
116.238.208.177 - - [17/Dec/2021:09:19:28 +0800] "POST /xingrg/kc/buy/cgsh_order_operate.html HTTP/1.1" 200 37
114.85.125.222 - - [17/Dec/2021:09:19:29 +0800] "POST /xingrg/all/user/operate.html HTTP/1.1" 200 36
114.85.125.222 - - [17/Dec/2021:09:19:29 +0800] "GET /xingrg/javascript/jquery_easy_ui/themes/default/easyui.css HTTP/1.1" 304 -
114.85.125.222 - - [17/Dec/2021:09:19:29 +0800] "GET /xingrg/index.html?sysBaseUrl=http%3A%2F%2F180.169.147.146%3A18081%2Fxingrg%2F&costTime=40×tamp=1639616026495 HTTP/1.1" 200 17179
114.85.125.222 - - [17/Dec/2021:09:19:29 +0800] "GET /xingrg/javascript/jquery_easy_ui/themes/icon.css HTTP/1.1" 304 -
114.85.125.222 - - [17/Dec/2021:09:19:29 +0800] "GET /xingrg/css/form.css HTTP/1.1" 304 -
114.85.125.222 - - [17/Dec/2021:09:19:29 +0800] "GET /xingrg/javascript/jquery-1.4.2.min.js HTTP/1.1" 304 -
114.85.125.222 - - [17/Dec/2021:09:19:29 +0800] "GET /xingrg/javascript/jquery_easy_ui/jquery.easyui.min.js HTTP/1.1" 304 -
114.85.125.222 - - [17/Dec/2021:09:19:29 +0800] "GET /xingrg/javascript/jquery_easy_ui/easyui-lang-zh_CN.js HTTP/1.1" 304 -
114.85.125.222 - - [17/Dec/2021:09:19:29 +0800] "GET /xingrg/javascript/jquery.form.js HTTP/1.1" 304 -
114.85.125.222 - - [17/Dec/2021:09:19:29 +0800] "GET /xingrg/javascript/jquery.utils.js HTTP/1.1" 304 -
114.85.125.222 - - [17/Dec/2021:09:19:29 +0800] "GET /xingrg/javascript/jquery.timers.js HTTP/1.1" 304 -
114.85.125.222 - - [17/Dec/2021:09:19:29 +0800] "GET /xingrg/images/blue/navBackgound.jpg HTTP/1.1" 304 -
114.85.125.222 - - [17/Dec/2021:09:19:29 +0800] "GET /xingrg/images/blue/jxLogo.png HTTP/1.1" 304 -
114.85.125.222 - - [17/Dec/2021:09:19:29 +0800] "GET /xingrg/javascript/jquery_easy_ui/themes/icons/settle_new.png HTTP/1.1" 304 -
114.85.125.222 - - [17/Dec/2021:09:19:29 +0800] "POST /xingrg/all/common/load_tree.html?tree=area_rest_tree_json&manage=1 HTTP/1.1" 200 476
114.85.125.222 - - [17/Dec/2021:09:19:29 +0800] "GET /xingrg/images/blue/pingpu.png HTTP/1.1" 304 -
114.85.125.222 - - [17/Dec/2021:09:19:29 +0800] "GET /xingrg/javascript/jquery_easy_ui/themes/default/images/tabs_leftarrow.png HTTP/1.1" 304 -
114.85.125.222 - - [17/Dec/2021:09:19:29 +0800] "GET /xingrg/javascript/jquery_easy_ui/themes/default/images/tabs_rightarrow.png HTTP/1.1" 304 -
114.85.125.222 - - [17/Dec/2021:09:19:29 +0800] "GET /xingrg/javascript/jquery_easy_ui/themes/default/images/panel_tool_collapse.gif HTTP/1.1" 304 -
114.85.125.222 - - [17/Dec/2021:09:19:29 +0800] "GET /xingrg/all/function/internal_message.html?_=1639703919211&CODE_STATE=count HTTP/1.1" 200 11
114.85.125.222 - - [17/Dec/2021:09:19:29 +0800] "GET /xingrg/check_reg.html?_=1639703919212 HTTP/1.1" 200 22
114.85.125.222 - - [17/Dec/2021:09:19:29 +0800] "POST /xingrg/load_menu.html HTTP/1.1" 200 5138
222.70.176.97 - - [17/Dec/2021:09:19:31 +0800] "GET /xingrg/kc/buy/cgsh_order_operate.html?command=get_materiel&rest_code=00111&code=00101018011&supplier_code=00100012&order_time=2021-12-17 HTTP/1.1" 200 413
116.238.248.233 - - [17/Dec/2021:09:19:32 +0800] "GET /xingrg/all/function/internal_message.html?_=1639703968768&CODE_STATE=getMsg HTTP/1.1" 200 27
116.238.208.177 - - [17/Dec/2021:09:19:32 +0800] "POST /xingrg/kc/buy/cgsh_order_operate.html HTTP/1.1" 200 13396
222.70.176.97 - - [17/Dec/2021:09:19:39 +0800] "GET /xingrg/kc/buy/cgsh_order_operate.html?command=get_materiel&rest_code=00111&code=00101006111&supplier_code=00100012&order_time=2021-12-17 HTTP/1.1" 200 409
114.85.125.222 - - [17/Dec/2021:09:19:40 +0800] "GET /xingrg/kc/buy/cgsh_order_list.html HTTP/1.1" 200 49429
114.85.125.222 - - [17/Dec/2021:09:19:42 +0800] "POST /xingrg/kc/buy/cgsh_list_operate.html HTTP/1.1" 200 2051
114.85.125.222 - - [17/Dec/2021:09:19:43 +0800] "GET /xingrg/kc/buy/cgsh_order_add.html HTTP/1.1" 200 65088
114.85.125.222 - - [17/Dec/2021:09:19:44 +0800] "POST /xingrg/kc/buy/cgsh_order_operate.html HTTP/1.1" 200 8245
114.85.125.222 - - [17/Dec/2021:09:19:44 +0800] "GET /xingrg/javascript/easyui/themes/default/validatebox.css HTTP/1.1" 404 1104
124.77.245.186 - - [17/Dec/2021:09:19:45 +0800] "GET /xingrg/all/function/internal_message.html?_=1639704000019&CODE_STATE=getMsg HTTP/1.1" 302 -
114.85.125.222 - - [17/Dec/2021:09:19:45 +0800] "GET /xingrg/javascript/auto/indicator.gif HTTP/1.1" 404 1066
114.83.216.59 - - [17/Dec/2021:09:19:51 +0800] "GET /xingrg/all/function/internal_message.html?_=1639703987333&CODE_STATE=getMsg HTTP/1.1" 200 27
114.83.216.59 - - [17/Dec/2021:09:19:51 +0800] "POST /xingrg/services/DataTransmitService HTTP/1.1" 200 501
114.83.216.59 - - [17/Dec/2021:09:19:51 +0800] "POST /xingrg/services/DataTransmitService HTTP/1.1" 200 501
114.83.216.59 - - [17/Dec/2021:09:19:52 +0800] "POST /xingrg/services/DataTransmitService HTTP/1.1" 200 501
114.83.216.59 - - [17/Dec/2021:09:19:54 +0800] "POST /xingrg/services/DataTransmitService HTTP/1.1" 200 501
114.85.125.222 - - [17/Dec/2021:09:19:54 +0800] "GET /xingrg/kc/buy/cgsh_order_operate.html?command=get_materiel&rest_code=00150&code=00101011005&supplier_code=00100047&order_time=2021-12-17 HTTP/1.1" 200 428
114.83.216.59 - - [17/Dec/2021:09:19:54 +0800] "POST /xingrg/services/DataTransmitService HTTP/1.1" 200 501
114.83.216.59 - - [17/Dec/2021:09:19:54 +0800] "POST /xingrg/services/DataTransmitService HTTP/1.1" 200 501
114.83.216.59 - - [17/Dec/2021:09:19:55 +0800] "POST /xingrg/services/DataTransmitService HTTP/1.1" 200 501
114.83.216.59 - - [17/Dec/2021:09:19:56 +0800] "POST /xingrg/services/DataTransmitService HTTP/1.1" 200 501
114.83.216.59 - - [17/Dec/2021:09:19:56 +0800] "POST /xingrg/services/DataTransmitService HTTP/1.1" 200 501
114.83.216.59 - - [17/Dec/2021:09:19:56 +0800] "POST /xingrg/services/DataTransmitService HTTP/1.1" 200 412
180.175.103.30 - - [17/Dec/2021:09:19:57 +0800] "GET /xingrg/all/function/internal_message.html?_=1639703994267&CODE_STATE=getMsg HTTP/1.1" 200 27
116.238.248.233 - - [17/Dec/2021:09:19:59 +0800] "GET /xingrg/kc/buy/cgsh_order_list.html HTTP/1.1" 200 49427
222.70.176.97 - - [17/Dec/2021:09:19:59 +0800] "GET /xingrg/kc/buy/cgsh_order_operate.html?command=get_materiel&rest_code=00111&code=00101006129&supplier_code=00100012&order_time=2021-12-17 HTTP/1.1" 200 431
116.238.248.233 - - [17/Dec/2021:09:20:01 +0800] "POST /xingrg/kc/buy/cgsh_list_operate.html HTTP/1.1" 200 2050
116.238.248.233 - - [17/Dec/2021:09:20:04 +0800] "POST /xingrg/kc/buy/cgsh_list_operate.html HTTP/1.1" 200 564
114.85.125.222 - - [17/Dec/2021:09:20:04 +0800] "POST /xingrg/kc/buy/cgsh_order_operate.html HTTP/1.1" 200 37
116.238.248.233 - - [17/Dec/2021:09:20:05 +0800] "GET /xingrg/kc/buy/cgsh_order_info.html?code=212021121706801 HTTP/1.1" 200 64806
116.238.248.233 - - [17/Dec/2021:09:20:05 +0800] "GET /xingrg/javascript/easyui/themes/default/validatebox.css HTTP/1.1" 404 1104
116.238.248.233 - - [17/Dec/2021:09:20:06 +0800] "POST /xingrg/kc/buy/cgsh_order_operate.html HTTP/1.1" 200 6255
114.85.125.222 - - [17/Dec/2021:09:20:07 +0800] "POST /xingrg/kc/buy/cgsh_order_operate.html HTTP/1.1" 200 12
116.238.208.177 - - [17/Dec/2021:09:20:08 +0800] "GET /xingrg/all/function/internal_message.html?_=1639704010636&CODE_STATE=getMsg HTTP/1.1" 200 27
114.85.125.222 - - [17/Dec/2021:09:20:09 +0800] "GET /xingrg/kc/buy/cgsh_order_info.html?code=212021121706814 HTTP/1.1" 200 60001
114.85.125.222 - - [17/Dec/2021:09:20:09 +0800] "GET /xingrg/javascript/easyui/themes/default/validatebox.css HTTP/1.1" 404 1104
114.85.125.222 - - [17/Dec/2021:09:20:10 +0800] "POST /xingrg/kc/buy/cgsh_order_operate.html HTTP/1.1" 200 606
124.77.245.186 - - [17/Dec/2021:09:20:10 +0800] "GET /xingrg/all/function/internal_message.html?_=1639704022900&CODE_STATE=getMsg HTTP/1.1" 200 27
222.70.176.97 - - [17/Dec/2021:09:20:12 +0800] "GET /xingrg/all/function/internal_message.html?_=1639704007447&CODE_STATE=getMsg HTTP/1.1" 200 27
114.85.125.222 - - [17/Dec/2021:09:20:13 +0800] "GET /xingrg/kc/print/load_data.html?order_code=212021121706814&kc_code=cgsh&condition= HTTP/1.1" 200 783
120.253.135.82 - - [17/Dec/2021:09:20:14 +0800] "GET /xingrg/all/function/internal_message.html?_=1639703790802&CODE_STATE=getMsg HTTP/1.1" 200 27
222.70.176.97 - - [17/Dec/2021:09:20:15 +0800] "GET /xingrg/kc/buy/cgsh_order_operate.html?command=get_materiel&rest_code=00111&code=00101006065&supplier_code=00100012&order_time=2021-12-17 HTTP/1.1" 200 409
180.175.103.30 - - [17/Dec/2021:09:20:21 +0800] "GET /xingrg/all/function/internal_message.html?_=1639703954944&CODE_STATE=getMsg HTTP/1.1" 200 27
222.70.176.97 - - [17/Dec/2021:09:20:23 +0800] "GET /xingrg/all/function/internal_message.html?_=1639703679593&CODE_STATE=getMsg HTTP/1.1" 302 -
116.238.208.177 - - [17/Dec/2021:09:20:27 +0800] "POST /xingrg/kc/buy/cgsh_order_operate.html HTTP/1.1" 200 37
114.85.125.222 - - [17/Dec/2021:09:20:29 +0800] "GET /xingrg/all/function/internal_message.html?_=1639703979227&CODE_STATE=getMsg HTTP/1.1" 200 27
222.70.176.97 - - [17/Dec/2021:09:20:29 +0800] "POST /xingrg/kc/buy/cgsh_order_operate.html HTTP/1.1" 200 37
222.70.176.97 - - [17/Dec/2021:09:20:31 +0800] "POST /xingrg/kc/buy/cgsh_order_operate.html HTTP/1.1" 200 5636
116.238.248.233 - - [17/Dec/2021:09:20:32 +0800] "GET /xingrg/all/function/internal_message.html?_=1639704028781&CODE_STATE=getMsg HTTP/1.1" 200 27
222.70.176.97 - - [17/Dec/2021:09:20:32 +0800] "GET /xingrg/kc/print/load_data.html?order_code=212021121706815&kc_code=cgsh&condition= HTTP/1.1" 200 1904
114.85.125.222 - - [17/Dec/2021:09:20:35 +0800] "POST /xingrg/all/user/operate.html HTTP/1.1" 200 36
114.85.125.222 - - [17/Dec/2021:09:20:36 +0800] "GET /xingrg/javascript/jquery_easy_ui/themes/default/easyui.css HTTP/1.1" 304 -
114.85.125.222 - - [17/Dec/2021:09:20:36 +0800] "GET /xingrg/index.html?sysBaseUrl=http%3A%2F%2F180.169.147.146%3A18081%2Fxingrg%2F&costTime=40×tamp=1639616026495 HTTP/1.1" 200 17177
114.85.125.222 - - [17/Dec/2021:09:20:36 +0800] "GET /xingrg/javascript/jquery_easy_ui/themes/icon.css HTTP/1.1" 304 -
114.85.125.222 - - [17/Dec/2021:09:20:36 +0800] "GET /xingrg/css/form.css HTTP/1.1" 304 -
114.85.125.222 - - [17/Dec/2021:09:20:36 +0800] "GET /xingrg/javascript/jquery-1.4.2.min.js HTTP/1.1" 304 -
114.85.125.222 - - [17/Dec/2021:09:20:36 +0800] "GET /xingrg/javascript/jquery_easy_ui/jquery.easyui.min.js HTTP/1.1" 304 -
114.85.125.222 - - [17/Dec/2021:09:20:36 +0800] "GET /xingrg/javascript/jquery_easy_ui/easyui-lang-zh_CN.js HTTP/1.1" 304 -
114.85.125.222 - - [17/Dec/2021:09:20:36 +0800] "GET /xingrg/javascript/jquery.form.js HTTP/1.1" 304 -
