116.238.248.233 - - [17/Dec/2021:11:30:35 +0800] "GET /xingrg/all/function/internal_message.html?_=1639711831942&CODE_STATE=getMsg HTTP/1.1" 200 27
116.227.210.113 - - [17/Dec/2021:11:30:36 +0800] "GET /xingrg/kc/buy/cgsh_order_operate.html?command=get_materiel&rest_code=00155&code=00101028008&supplier_code=00100017&order_time=2021-12-17 HTTP/1.1" 200 449
180.175.103.30 - - [17/Dec/2021:11:30:37 +0800] "GET /xingrg/kc/base/wldb_order_operate.html?command=get_materiel&rest_code=00105&base_code=0010508&code=00102002603 HTTP/1.1" 200 416
114.85.125.222 - - [17/Dec/2021:11:30:41 +0800] "GET /xingrg/all/function/internal_message.html?_=1639711790874&CODE_STATE=getMsg HTTP/1.1" 200 27
114.88.158.169 - - [17/Dec/2021:11:30:45 +0800] "GET /xingrg/all/function/internal_message.html?_=1639711656302&CODE_STATE=getMsg HTTP/1.1" 200 27
180.169.147.146 - - [17/Dec/2021:11:30:47 +0800] "GET /xingrg/check_reg.html?_=1639711852344 HTTP/1.1" 200 22
180.175.103.30 - - [17/Dec/2021:11:30:47 +0800] "GET /xingrg/kc/base/wldb_order_operate.html?command=get_materiel&rest_code=00105&base_code=0010508&code=00102002441 HTTP/1.1" 200 447
120.253.135.82 - - [17/Dec/2021:11:30:50 +0800] "GET /xingrg/all/function/internal_message.html?_=1639711847258&CODE_STATE=getMsg HTTP/1.1" 200 27
180.175.103.30 - - [17/Dec/2021:11:30:50 +0800] "GET /xingrg/all/function/internal_message.html?_=1639711847360&CODE_STATE=getMsg HTTP/1.1" 200 27
116.227.210.113 - - [17/Dec/2021:11:30:52 +0800] "GET /xingrg/kc/buy/cgsh_order_operate.html?command=get_materiel&rest_code=00155&code=00101028016&supplier_code=00100017&order_time=2021-12-17 HTTP/1.1" 200 447
61.170.234.223 - - [17/Dec/2021:11:30:57 +0800] "GET /xingrg/all/function/internal_message.html?_=1639711854682&CODE_STATE=getMsg HTTP/1.1" 200 27
124.77.245.186 - - [17/Dec/2021:11:30:57 +0800] "GET /xingrg/all/function/internal_message.html?_=1639711869910&CODE_STATE=getMsg HTTP/1.1" 200 27
180.175.103.30 - - [17/Dec/2021:11:31:01 +0800] "GET /xingrg/kc/base/wldb_order_operate.html?command=get_materiel&rest_code=00105&base_code=0010508&code=00102002041 HTTP/1.1" 200 435
61.170.234.223 - - [17/Dec/2021:11:31:04 +0800] "GET /xingrg/all/function/internal_message.html?_=1639711858719&CODE_STATE=getMsg HTTP/1.1" 200 27
61.151.207.141 - - [17/Dec/2021:11:31:05 +0800] "GET /xingrg/kc/buy/cgsh_order_operate.html?command=get_materiel&rest_code=00106&code=00101008403&supplier_code=00100007&order_time=2021-12-17 HTTP/1.1" 302 -
61.151.207.141 - - [17/Dec/2021:11:31:05 +0800] "GET /xingrg/login.html HTTP/1.1" 200 7641
116.235.94.0 - - [17/Dec/2021:11:31:07 +0800] "GET /xingrg/all/function/internal_message.html?_=1639711884233&CODE_STATE=getMsg HTTP/1.1" 200 27
116.227.210.113 - - [17/Dec/2021:11:31:08 +0800] "GET /xingrg/kc/buy/cgsh_order_operate.html?command=get_materiel&rest_code=00155&code=00101029010&supplier_code=00100017&order_time=2021-12-17 HTTP/1.1" 200 439
116.238.208.177 - - [17/Dec/2021:11:31:09 +0800] "GET /xingrg/all/function/internal_message.html?_=1639711871113&CODE_STATE=getMsg HTTP/1.1" 200 27
61.170.234.223 - - [17/Dec/2021:11:31:09 +0800] "GET /xingrg/kc/mdqp/qp_main.html HTTP/1.1" 200 10633
61.170.234.223 - - [17/Dec/2021:11:31:09 +0800] "GET /xingrg/images/blue/button/pszx.gif HTTP/1.1" 200 2648
61.170.234.223 - - [17/Dec/2021:11:31:09 +0800] "GET /xingrg/images/blue/button/psshd.gif HTTP/1.1" 200 2692
61.170.234.223 - - [17/Dec/2021:11:31:09 +0800] "GET /xingrg/images/blue/button/qqpsd.gif HTTP/1.1" 200 2548
222.70.176.97 - - [17/Dec/2021:11:31:09 +0800] "GET /xingrg/all/function/internal_message.html?_=1639711864866&CODE_STATE=getMsg HTTP/1.1" 200 27
124.77.245.186 - - [17/Dec/2021:11:31:09 +0800] "GET /xingrg/all/function/internal_message.html?_=1639711884265&CODE_STATE=getMsg HTTP/1.1" 302 -
114.88.158.169 - - [17/Dec/2021:11:31:10 +0800] "GET /xingrg/kc/buy/cgsh_order_operate.html?command=get_materiel&rest_code=00141&code=00101008244&supplier_code=00100007&order_time=2021-12-17 HTTP/1.1" 200 408
180.175.103.30 - - [17/Dec/2021:11:31:10 +0800] "GET /xingrg/kc/base/wldb_order_operate.html?command=get_materiel&rest_code=00105&base_code=0010508&code=00102002410 HTTP/1.1" 200 440
61.170.234.223 - - [17/Dec/2021:11:31:13 +0800] "GET /xingrg/kc/mdqp/qqps_order_list.html HTTP/1.1" 200 9222
61.170.234.223 - - [17/Dec/2021:11:31:13 +0800] "GET /xingrg/dwr/interface/AjaxReportQueryService.js HTTP/1.1" 200 13203
61.170.234.223 - - [17/Dec/2021:11:31:13 +0800] "GET /xingrg/dwr/interface/AjaxQqpsService.js HTTP/1.1" 200 16326
61.170.234.223 - - [17/Dec/2021:11:31:13 +0800] "GET /xingrg/dwr/engine.js HTTP/1.1" 200 43631
61.170.234.223 - - [17/Dec/2021:11:31:13 +0800] "GET /xingrg/javascript/jquery_easy_ui/themes/icons/uncheck_new.png HTTP/1.1" 200 3197
61.170.234.223 - - [17/Dec/2021:11:31:13 +0800] "GET /xingrg/javascript/jquery_easy_ui/themes/icons/check_new.png HTTP/1.1" 200 3224
61.170.234.223 - - [17/Dec/2021:11:31:13 +0800] "GET /xingrg/javascript/jquery_easy_ui/themes/icons/cance_new.png HTTP/1.1" 200 3986
61.170.234.223 - - [17/Dec/2021:11:31:13 +0800] "GET /xingrg/javascript/jquery_easy_ui/themes/icons/edit_add_new.png HTTP/1.1" 200 2997
222.70.176.97 - - [17/Dec/2021:11:31:13 +0800] "GET /xingrg/check_reg.html?_=1639711869239 HTTP/1.1" 200 22
61.170.234.223 - - [17/Dec/2021:11:31:14 +0800] "GET /xingrg/kc/mdqp/qp_main.html HTTP/1.1" 200 10633
61.170.234.223 - - [17/Dec/2021:11:31:15 +0800] "GET /xingrg/kc/mdqp/pssh_order_list.html HTTP/1.1" 200 17737
116.227.210.113 - - [17/Dec/2021:11:31:15 +0800] "GET /xingrg/all/function/internal_message.html?_=1639711860286&CODE_STATE=getMsg HTTP/1.1" 200 27
61.170.234.223 - - [17/Dec/2021:11:31:16 +0800] "POST /xingrg/kc/mdqp/pssh_list_operate.html HTTP/1.1" 200 5098
116.235.94.0 - - [17/Dec/2021:11:31:17 +0800] "GET /xingrg/all/function/internal_message.html?_=1639711999393&CODE_STATE=getMsg HTTP/1.1" 200 27
116.235.94.0 - - [17/Dec/2021:11:31:17 +0800] "GET /xingrg/check_reg.html?_=1639711999394 HTTP/1.1" 200 22
180.175.103.30 - - [17/Dec/2021:11:31:18 +0800] "GET /xingrg/kc/base/wldb_order_operate.html?command=get_materiel&rest_code=00105&base_code=0010508&code=00102002025 HTTP/1.1" 200 452
61.170.234.223 - - [17/Dec/2021:11:31:18 +0800] "POST /xingrg/kc/mdqp/pssh_list_operate.html HTTP/1.1" 200 455
116.227.210.113 - - [17/Dec/2021:11:31:19 +0800] "GET /xingrg/kc/buy/cgsh_order_operate.html?command=get_materiel&rest_code=00155&code=00101029011&supplier_code=00100017&order_time=2021-12-17 HTTP/1.1" 200 459
180.175.103.30 - - [17/Dec/2021:11:31:20 +0800] "POST /xingrg/all/common/load_select.html HTTP/1.1" 200 25
61.170.234.223 - - [17/Dec/2021:11:31:21 +0800] "POST /xingrg/kc/mdqp/pssh_list_operate.html HTTP/1.1" 200 387
180.175.103.30 - - [17/Dec/2021:11:31:21 +0800] "GET /xingrg/all/function/internal_message.html?_=1639711815138&CODE_STATE=getMsg HTTP/1.1" 200 27
180.175.103.30 - - [17/Dec/2021:11:31:22 +0800] "GET /xingrg/kc/base/wldb_order_operate.html?command=get_materiel_price&rest_code=00105&base_code=0010508&code=00102002025&unit_code=00100351 HTTP/1.1" 200 33
61.170.234.223 - - [17/Dec/2021:11:31:23 +0800] "POST /xingrg/kc/mdqp/pssh_list_operate.html HTTP/1.1" 200 354
222.70.176.97 - - [17/Dec/2021:11:31:23 +0800] "GET /xingrg/all/function/internal_message.html?_=1639711539597&CODE_STATE=getMsg HTTP/1.1" 302 -
124.77.245.186 - - [17/Dec/2021:11:31:24 +0800] "POST /xingrg/kc/buy/cgsh_list_operate.html HTTP/1.1" 200 5655
61.170.234.223 - - [17/Dec/2021:11:31:25 +0800] "POST /xingrg/kc/mdqp/pssh_list_operate.html HTTP/1.1" 200 744
114.83.216.59 - - [17/Dec/2021:11:31:25 +0800] "GET /xingrg/all/function/internal_message.html?_=1639711881870&CODE_STATE=getMsg HTTP/1.1" 200 27
61.170.234.223 - - [17/Dec/2021:11:31:26 +0800] "POST /xingrg/kc/mdqp/pssh_list_operate.html HTTP/1.1" 200 454
116.227.210.113 - - [17/Dec/2021:11:31:27 +0800] "POST /xingrg/kc/buy/cgsh_order_operate.html HTTP/1.1" 200 37
61.170.234.223 - - [17/Dec/2021:11:31:28 +0800] "POST /xingrg/kc/mdqp/pssh_list_operate.html HTTP/1.1" 200 561
116.227.210.113 - - [17/Dec/2021:11:31:29 +0800] "POST /xingrg/kc/buy/cgsh_order_operate.html HTTP/1.1" 200 4555
101.85.120.86 - - [17/Dec/2021:11:31:29 +0800] "GET /xingrg/all/function/internal_message.html?_=1639711885688&CODE_STATE=getMsg HTTP/1.1" 200 27
61.170.234.223 - - [17/Dec/2021:11:31:29 +0800] "POST /xingrg/kc/mdqp/pssh_list_operate.html HTTP/1.1" 200 362
116.227.210.113 - - [17/Dec/2021:11:31:29 +0800] "GET /xingrg/kc/print/load_data.html?order_code=212021121706881&kc_code=cgsh&condition= HTTP/1.1" 200 1543
61.170.234.223 - - [17/Dec/2021:11:31:31 +0800] "POST /xingrg/kc/mdqp/pssh_list_operate.html HTTP/1.1" 200 264
114.83.216.59 - - [17/Dec/2021:11:31:31 +0800] "GET /xingrg/kc/base/wldb_order_list.html HTTP/1.1" 200 19066
114.83.216.59 - - [17/Dec/2021:11:31:32 +0800] "POST /xingrg/kc/base/wldb_list_operate.html HTTP/1.1" 200 4596
180.175.103.30 - - [17/Dec/2021:11:31:34 +0800] "GET /xingrg/kc/base/wldb_order_operate.html?command=get_materiel&rest_code=00105&base_code=0010508&code=00102002610 HTTP/1.1" 200 429
61.170.234.223 - - [17/Dec/2021:11:31:34 +0800] "POST /xingrg/kc/mdqp/pssh_list_operate.html HTTP/1.1" 200 5098
124.77.245.186 - - [17/Dec/2021:11:31:34 +0800] "POST /xingrg/kc/buy/cgsh_list_operate.html HTTP/1.1" 200 5513
116.238.248.233 - - [17/Dec/2021:11:31:35 +0800] "GET /xingrg/all/function/internal_message.html?_=1639711891992&CODE_STATE=getMsg HTTP/1.1" 200 27
61.170.234.223 - - [17/Dec/2021:11:31:36 +0800] "POST /xingrg/kc/mdqp/pssh_list_operate.html HTTP/1.1" 200 5573
114.83.216.59 - - [17/Dec/2021:11:31:36 +0800] "POST /xingrg/kc/base/wldb_list_operate.html HTTP/1.1" 200 643
114.83.216.59 - - [17/Dec/2021:11:31:36 +0800] "GET /xingrg/kc/base/wldb_order_info.html?code=422021121701775 HTTP/1.1" 200 30295
114.83.216.59 - - [17/Dec/2021:11:31:37 +0800] "GET /xingrg/javascript/easyui/themes/default/validatebox.css HTTP/1.1" 404 1104
61.170.234.223 - - [17/Dec/2021:11:31:37 +0800] "POST /xingrg/kc/mdqp/pssh_list_operate.html HTTP/1.1" 200 259
114.83.216.59 - - [17/Dec/2021:11:31:37 +0800] "POST /xingrg/kc/base/wldb_order_operate.html HTTP/1.1" 200 6711
61.170.234.223 - - [17/Dec/2021:11:31:39 +0800] "POST /xingrg/kc/mdqp/pssh_list_operate.html HTTP/1.1" 200 698
114.83.216.59 - - [17/Dec/2021:11:31:40 +0800] "GET /xingrg/javascript/auto/indicator.gif HTTP/1.1" 404 1066
61.170.234.223 - - [17/Dec/2021:11:31:41 +0800] "POST /xingrg/kc/mdqp/pssh_list_operate.html HTTP/1.1" 200 811
114.85.125.222 - - [17/Dec/2021:11:31:41 +0800] "GET /xingrg/all/function/internal_message.html?_=1639711850901&CODE_STATE=getMsg HTTP/1.1" 200 27
61.170.234.223 - - [17/Dec/2021:11:31:42 +0800] "POST /xingrg/kc/mdqp/pssh_list_operate.html HTTP/1.1" 200 490
180.175.103.30 - - [17/Dec/2021:11:31:42 +0800] "POST /xingrg/kc/base/wldb_order_operate.html HTTP/1.1" 200 37
180.175.103.30 - - [17/Dec/2021:11:31:43 +0800] "POST /xingrg/kc/base/wldb_order_operate.html HTTP/1.1" 200 4590
61.170.234.223 - - [17/Dec/2021:11:31:45 +0800] "POST /xingrg/kc/mdqp/pssh_list_operate.html HTTP/1.1" 200 5098
114.88.158.169 - - [17/Dec/2021:11:31:45 +0800] "GET /xingrg/all/function/internal_message.html?_=1639711716279&CODE_STATE=getMsg HTTP/1.1" 200 27
61.170.234.223 - - [17/Dec/2021:11:31:46 +0800] "POST /xingrg/kc/mdqp/pssh_list_operate.html HTTP/1.1" 200 822
180.175.103.30 - - [17/Dec/2021:11:31:47 +0800] "GET /xingrg/kc/base/wldb_order_info.html?code=422021121701781 HTTP/1.1" 200 30288
61.170.234.223 - - [17/Dec/2021:11:31:47 +0800] "GET /xingrg/kc/mdqp/pssh_order_info.html?code=312021121600413 HTTP/1.1" 200 17275
180.175.103.30 - - [17/Dec/2021:11:31:47 +0800] "GET /xingrg/javascript/easyui/themes/default/validatebox.css HTTP/1.1" 404 1104
61.170.234.223 - - [17/Dec/2021:11:31:47 +0800] "GET /xingrg/javascript/jquery_tools/jquery-1.4.2.min.js HTTP/1.1" 404 1094
180.175.103.30 - - [17/Dec/2021:11:31:47 +0800] "POST /xingrg/kc/base/wldb_order_operate.html HTTP/1.1" 200 4590
61.170.234.223 - - [17/Dec/2021:11:31:47 +0800] "GET /xingrg/javascript/easyui/themes/icons/back_new.png HTTP/1.1" 200 3414
61.170.234.223 - - [17/Dec/2021:11:31:48 +0800] "GET /xingrg/all/common/auto_word.html?type=base&rest_code=00106&rest_code=00106 HTTP/1.1" 200 1799
61.170.234.223 - - [17/Dec/2021:11:31:48 +0800] "GET /xingrg/javascript/easyui/themes/default/validatebox.css HTTP/1.1" 404 1104
61.170.234.223 - - [17/Dec/2021:11:31:48 +0800] "POST /xingrg/kc/mdqp/pssh_order_operate.html HTTP/1.1" 200 7026
116.238.208.177 - - [17/Dec/2021:11:31:49 +0800] "POST /xingrg/kc/buy/cgsh_order_operate.html HTTP/1.1" 200 37
61.170.234.223 - - [17/Dec/2021:11:31:50 +0800] "GET /xingrg/kc/print/load_config.html?kc_code=pssh HTTP/1.1" 200 2291
61.170.234.223 - - [17/Dec/2021:11:31:50 +0800] "GET /xingrg/kc/print/load_data.html?order_code=312021121600413&kc_code=pssh HTTP/1.1" 200 2920
120.253.135.82 - - [17/Dec/2021:11:31:50 +0800] "GET /xingrg/all/function/internal_message.html?_=1639711907280&CODE_STATE=getMsg HTTP/1.1" 200 27
180.175.103.30 - - [17/Dec/2021:11:31:50 +0800] "GET /xingrg/all/function/internal_message.html?_=1639711907394&CODE_STATE=getMsg HTTP/1.1" 200 27
116.238.208.177 - - [17/Dec/2021:11:31:55 +0800] "POST /xingrg/kc/buy/cgsh_order_operate.html HTTP/1.1" 200 12
61.170.234.223 - - [17/Dec/2021:11:31:57 +0800] "GET /xingrg/all/function/internal_message.html?_=1639711914707&CODE_STATE=getMsg HTTP/1.1" 200 27
124.77.245.186 - - [17/Dec/2021:11:31:57 +0800] "GET /xingrg/check_reg.html?_=1639711929662 HTTP/1.1" 200 22
124.77.245.186 - - [17/Dec/2021:11:31:57 +0800] "GET /xingrg/all/function/internal_message.html?_=1639711929920&CODE_STATE=getMsg HTTP/1.1" 200 27
180.175.103.30 - - [17/Dec/2021:11:31:57 +0800] "GET /xingrg/kc/base/wldb_order_add.html HTTP/1.1" 200 30274
180.175.103.30 - - [17/Dec/2021:11:31:58 +0800] "POST /xingrg/kc/base/wldb_order_operate.html HTTP/1.1" 200 6806
180.175.103.30 - - [17/Dec/2021:11:31:58 +0800] "GET /xingrg/javascript/easyui/themes/default/validatebox.css HTTP/1.1" 404 1104
180.175.103.30 - - [17/Dec/2021:11:31:58 +0800] "POST /xingrg/all/common/load_combo.html?type=base HTTP/1.1" 200 3321
116.238.208.177 - - [17/Dec/2021:11:32:00 +0800] "GET /xingrg/kc/buy/cgsh_order_info.html?code=212021121706882 HTTP/1.1" 200 60059
61.151.179.84 - - [17/Dec/2021:11:32:01 +0800] "GET /xingrg/kc/buy/cgsh_order_operate.html?command=get_materiel&rest_code=00106&code=00101008141&supplier_code=00100007&order_time=2021-12-17 HTTP/1.1" 302 -
61.151.179.84 - - [17/Dec/2021:11:32:01 +0800] "GET /xingrg/login.html HTTP/1.1" 200 7641
116.238.208.177 - - [17/Dec/2021:11:32:03 +0800] "GET /xingrg/javascript/easyui/themes/default/validatebox.css HTTP/1.1" 404 1104
116.238.208.177 - - [17/Dec/2021:11:32:03 +0800] "POST /xingrg/kc/buy/cgsh_order_operate.html HTTP/1.1" 200 7711
114.83.216.59 - - [17/Dec/2021:11:32:04 +0800] "POST /xingrg/kc/base/wldb_order_operate.html HTTP/1.1" 200 37
114.83.216.59 - - [17/Dec/2021:11:32:04 +0800] "POST /xingrg/kc/base/wldb_order_operate.html HTTP/1.1" 200 7227
114.83.216.59 - - [17/Dec/2021:11:32:04 +0800] "GET /xingrg/kc/base/wldb_order_info.html?code=422021121701775 HTTP/1.1" 200 30295
61.170.234.223 - - [17/Dec/2021:11:32:04 +0800] "GET /xingrg/all/function/internal_message.html?_=1639711918707&CODE_STATE=getMsg HTTP/1.1" 200 27
114.83.216.59 - - [17/Dec/2021:11:32:05 +0800] "GET /xingrg/javascript/easyui/themes/default/validatebox.css HTTP/1.1" 404 1104
114.83.216.59 - - [17/Dec/2021:11:32:06 +0800] "POST /xingrg/kc/base/wldb_order_operate.html HTTP/1.1" 200 7227
180.175.103.30 - - [17/Dec/2021:11:32:07 +0800] "GET /xingrg/kc/base/wldb_order_operate.html?command=get_materiel&rest_code=00105&base_code=0010508&code=00102001084 HTTP/1.1" 200 432
116.227.210.113 - - [17/Dec/2021:11:32:07 +0800] "POST /xingrg/services/DataTransmitService HTTP/1.1" 200 524
116.235.94.0 - - [17/Dec/2021:11:32:07 +0800] "GET /xingrg/all/function/internal_message.html?_=1639711944902&CODE_STATE=getMsg HTTP/1.1" 200 27
116.227.210.113 - - [17/Dec/2021:11:32:08 +0800] "POST /xingrg/services/DataTransmitService HTTP/1.1" 200 412
116.238.208.177 - - [17/Dec/2021:11:32:09 +0800] "GET /xingrg/all/function/internal_message.html?_=1639711931261&CODE_STATE=getMsg HTTP/1.1" 200 27
222.70.176.97 - - [17/Dec/2021:11:32:09 +0800] "GET /xingrg/all/function/internal_message.html?_=1639711924841&CODE_STATE=getMsg HTTP/1.1" 200 27
124.77.245.186 - - [17/Dec/2021:11:32:09 +0800] "GET /xingrg/all/function/internal_message.html?_=1639711944275&CODE_STATE=getMsg HTTP/1.1" 302 -
116.238.208.177 - - [17/Dec/2021:11:32:09 +0800] "GET /xingrg/kc/print/load_data.html?order_code=212021121706882&kc_code=cgsh&condition= HTTP/1.1" 200 3384
101.89.239.245 - - [17/Dec/2021:11:32:10 +0800] "GET /xingrg/all/function/internal_message.html?_=1639708939101&CODE_STATE=getMsg HTTP/1.1" 302 -
101.89.239.245 - - [17/Dec/2021:11:32:11 +0800] "GET /xingrg/login.html HTTP/1.1" 200 7641
180.175.103.30 - - [17/Dec/2021:11:32:12 +0800] "GET /xingrg/kc/base/wldb_order_operate.html?command=get_materiel&rest_code=00105&base_code=0010508&code=00102002448 HTTP/1.1" 200 426
180.175.103.30 - - [17/Dec/2021:11:32:15 +0800] "POST /xingrg/kc/base/wldb_order_operate.html HTTP/1.1" 200 37
116.227.210.113 - - [17/Dec/2021:11:32:15 +0800] "GET /xingrg/all/function/internal_message.html?_=1639711920278&CODE_STATE=getMsg HTTP/1.1" 200 27
180.175.103.30 - - [17/Dec/2021:11:32:15 +0800] "POST /xingrg/kc/base/wldb_order_operate.html HTTP/1.1" 200 2659
116.235.94.0 - - [17/Dec/2021:11:32:17 +0800] "GET /xingrg/all/function/internal_message.html?_=1639712059386&CODE_STATE=getMsg HTTP/1.1" 200 27
120.253.135.82 - - [17/Dec/2021:11:32:19 +0800] "GET /xingrg/login.html HTTP/1.1" 200 7641
120.253.135.82 - - [17/Dec/2021:11:32:20 +0800] "GET /xingrg/images/blue/jxLogo.png HTTP/1.1" 304 -
120.253.135.82 - - [17/Dec/2021:11:32:21 +0800] "GET /xingrg/images/blue/login_bg.png HTTP/1.1" 304 -
120.253.135.82 - - [17/Dec/2021:11:32:21 +0800] "GET /xingrg/images/blue/hj.png HTTP/1.1" 304 -
120.253.135.82 - - [17/Dec/2021:11:32:21 +0800] "GET /xingrg/images/blue/srbg.png HTTP/1.1" 304 -
120.253.135.82 - - [17/Dec/2021:11:32:21 +0800] "GET /favicon.ico HTTP/1.1" 404 -
180.175.103.30 - - [17/Dec/2021:11:32:21 +0800] "GET /xingrg/all/function/internal_message.html?_=1639711875138&CODE_STATE=getMsg HTTP/1.1" 200 27
180.175.103.30 - - [17/Dec/2021:11:32:21 +0800] "GET /xingrg/check_reg.html?_=1639711875141 HTTP/1.1" 200 22
222.70.176.97 - - [17/Dec/2021:11:32:23 +0800] "GET /xingrg/all/function/internal_message.html?_=1639711599596&CODE_STATE=getMsg HTTP/1.1" 302 -
180.175.103.30 - - [17/Dec/2021:11:32:24 +0800] "GET /xingrg/kc/base/wldb_order_info.html?code=422021121701782 HTTP/1.1" 200 30288
180.175.103.30 - - [17/Dec/2021:11:32:25 +0800] "GET /xingrg/javascript/easyui/themes/default/validatebox.css HTTP/1.1" 404 1104
180.175.103.30 - - [17/Dec/2021:11:32:25 +0800] "POST /xingrg/kc/base/wldb_order_operate.html HTTP/1.1" 200 2659
114.83.216.59 - - [17/Dec/2021:11:32:25 +0800] "GET /xingrg/all/function/internal_message.html?_=1639711941880&CODE_STATE=getMsg HTTP/1.1" 200 27
114.83.216.59 - - [17/Dec/2021:11:32:25 +0800] "GET /xingrg/check_reg.html?_=1639711941882 HTTP/1.1" 200 22
180.175.103.30 - - [17/Dec/2021:11:32:26 +0800] "GET /xingrg/kc/base/wldb_order_add.html HTTP/1.1" 200 30274
180.175.103.30 - - [17/Dec/2021:11:32:27 +0800] "GET /xingrg/javascript/easyui/themes/default/validatebox.css HTTP/1.1" 404 1104
180.175.103.30 - - [17/Dec/2021:11:32:27 +0800] "POST /xingrg/kc/base/wldb_order_operate.html HTTP/1.1" 200 6806
180.175.103.30 - - [17/Dec/2021:11:32:28 +0800] "POST /xingrg/all/common/load_combo.html?type=base HTTP/1.1" 200 3321
101.85.120.86 - - [17/Dec/2021:11:32:29 +0800] "GET /xingrg/all/function/internal_message.html?_=1639711945690&CODE_STATE=getMsg HTTP/1.1" 200 27
120.253.135.82 - - [17/Dec/2021:11:32:30 +0800] "GET /xingrg/kc/pszx/mdqp_order_list.html?state=10 HTTP/1.1" 200 11870
120.253.135.82 - - [17/Dec/2021:11:32:30 +0800] "GET /xingrg/dwr/interface/AjaxQqpsService.js HTTP/1.1" 200 16326
120.253.135.82 - - [17/Dec/2021:11:32:30 +0800] "GET /xingrg/dwr/engine.js HTTP/1.1" 200 43631
120.253.135.82 - - [17/Dec/2021:11:32:30 +0800] "GET /xingrg/dwr/interface/AjaxReportQueryService.js HTTP/1.1" 200 13203
120.253.135.82 - - [17/Dec/2021:11:32:34 +0800] "GET /xingrg/kc/pszx/mdqp_order_info.html?code=302021121700334 HTTP/1.1" 200 13350
120.253.135.82 - - [17/Dec/2021:11:32:34 +0800] "GET /xingrg/dwr/interface/AjaxComOrderService.js HTTP/1.1" 200 18264
120.253.135.82 - - [17/Dec/2021:11:32:34 +0800] "GET /xingrg/dwr/interface/AjaxQqpsService.js HTTP/1.1" 200 16326
120.253.135.82 - - [17/Dec/2021:11:32:34 +0800] "GET /xingrg/dwr/engine.js HTTP/1.1" 200 43631
120.253.135.82 - - [17/Dec/2021:11:32:35 +0800] "POST /xingrg/dwr/call/plaincall/AjaxQqpsService.loadMaterielItems.dwr HTTP/1.1" 200 1598
116.238.248.233 - - [17/Dec/2021:11:32:35 +0800] "GET /xingrg/all/function/internal_message.html?_=1639711952045&CODE_STATE=getMsg HTTP/1.1" 200 27
180.175.103.30 - - [17/Dec/2021:11:32:35 +0800] "GET /xingrg/kc/base/wldb_order_operate.html?command=get_materiel&rest_code=00105&base_code=0010508&code=00102002304 HTTP/1.1" 200 450
180.169.147.146 - - [17/Dec/2021:11:32:38 +0800] "GET /xingrg/check_reg.html?_=1639711951442 HTTP/1.1" 200 22
120.253.135.82 - - [17/Dec/2021:11:32:40 +0800] "GET /xingrg/kc/pszx/mdqp_order_list.html?isBack=1 HTTP/1.1" 302 -
120.253.135.82 - - [17/Dec/2021:11:32:40 +0800] "GET /xingrg/kc/pszx/mdqp_order_list.html?state=10 HTTP/1.1" 200 11870
120.253.135.82 - - [17/Dec/2021:11:32:41 +0800] "GET /xingrg/dwr/interface/AjaxReportQueryService.js HTTP/1.1" 200 13203
120.253.135.82 - - [17/Dec/2021:11:32:41 +0800] "GET /xingrg/dwr/interface/AjaxQqpsService.js HTTP/1.1" 200 16326
120.253.135.82 - - [17/Dec/2021:11:32:41 +0800] "GET /xingrg/dwr/engine.js HTTP/1.1" 200 43631
114.85.125.222 - - [17/Dec/2021:11:32:41 +0800] "GET /xingrg/all/function/internal_message.html?_=1639711910901&CODE_STATE=getMsg HTTP/1.1" 200 27
180.175.103.30 - - [17/Dec/2021:11:32:41 +0800] "GET /xingrg/kc/base/wldb_order_operate.html?command=get_materiel&rest_code=00105&base_code=0010508&code=00102002549 HTTP/1.1" 200 448
120.253.135.82 - - [17/Dec/2021:11:32:43 +0800] "GET /xingrg/kc/pszx/mdqp_order_info.html?code=302021121700335 HTTP/1.1" 200 13350
120.253.135.82 - - [17/Dec/2021:11:32:43 +0800] "GET /xingrg/dwr/interface/AjaxComOrderService.js HTTP/1.1" 200 18264
120.253.135.82 - - [17/Dec/2021:11:32:43 +0800] "GET /xingrg/dwr/interface/AjaxQqpsService.js HTTP/1.1" 200 16326
120.253.135.82 - - [17/Dec/2021:11:32:43 +0800] "GET /xingrg/dwr/engine.js HTTP/1.1" 200 43631
124.77.245.186 - - [17/Dec/2021:11:32:44 +0800] "POST /xingrg/kc/buy/cgsh_list_operate.html HTTP/1.1" 200 493
120.253.135.82 - - [17/Dec/2021:11:32:45 +0800] "POST /xingrg/dwr/call/plaincall/AjaxQqpsService.loadMaterielItems.dwr HTTP/1.1" 200 346
124.77.245.186 - - [17/Dec/2021:11:32:45 +0800] "GET /xingrg/kc/buy/cgsh_order_info.html?code=212021121204797 HTTP/1.1" 200 60067
114.88.158.169 - - [17/Dec/2021:11:32:45 +0800] "GET /xingrg/all/function/internal_message.html?_=1639711776249&CODE_STATE=getMsg HTTP/1.1" 200 27
124.77.245.186 - - [17/Dec/2021:11:32:45 +0800] "GET /xingrg/javascript/easyui/themes/default/validatebox.css HTTP/1.1" 404 1104
124.77.245.186 - - [17/Dec/2021:11:32:46 +0800] "POST /xingrg/kc/buy/cgsh_order_operate.html HTTP/1.1" 200 2962
116.227.210.113 - - [17/Dec/2021:11:32:46 +0800] "GET /xingrg/javascript/jquery_easy_ui/themes/default/images/panel_tool_expand.gif HTTP/1.1" 200 247
120.253.135.82 - - [17/Dec/2021:11:32:47 +0800] "GET /xingrg/kc/pszx/mdqp_order_list.html?isBack=1 HTTP/1.1" 302 -
120.253.135.82 - - [17/Dec/2021:11:32:47 +0800] "GET /xingrg/kc/pszx/mdqp_order_list.html?state=10 HTTP/1.1" 200 11870
120.253.135.82 - - [17/Dec/2021:11:32:47 +0800] "GET /xingrg/dwr/interface/AjaxReportQueryService.js HTTP/1.1" 200 13203
120.253.135.82 - - [17/Dec/2021:11:32:47 +0800] "GET /xingrg/dwr/interface/AjaxQqpsService.js HTTP/1.1" 200 16326
120.253.135.82 - - [17/Dec/2021:11:32:47 +0800] "GET /xingrg/dwr/engine.js HTTP/1.1" 200 43631
120.253.135.82 - - [17/Dec/2021:11:32:50 +0800] "GET /xingrg/kc/pszx/mdqp_order_info.html?code=302021121700336 HTTP/1.1" 200 13350
120.253.135.82 - - [17/Dec/2021:11:32:50 +0800] "GET /xingrg/dwr/interface/AjaxComOrderService.js HTTP/1.1" 200 18264
120.253.135.82 - - [17/Dec/2021:11:32:50 +0800] "GET /xingrg/dwr/interface/AjaxQqpsService.js HTTP/1.1" 200 16326
120.253.135.82 - - [17/Dec/2021:11:32:50 +0800] "GET /xingrg/dwr/engine.js HTTP/1.1" 200 43631
120.253.135.82 - - [17/Dec/2021:11:32:50 +0800] "GET /xingrg/all/function/internal_message.html?_=1639711967297&CODE_STATE=getMsg HTTP/1.1" 200 27
180.175.103.30 - - [17/Dec/2021:11:32:51 +0800] "GET /xingrg/check_reg.html?_=1639711967416 HTTP/1.1" 200 22
180.175.103.30 - - [17/Dec/2021:11:32:51 +0800] "GET /xingrg/all/function/internal_message.html?_=1639711967415&CODE_STATE=getMsg HTTP/1.1" 200 27
180.175.103.30 - - [17/Dec/2021:11:32:51 +0800] "POST /xingrg/kc/base/wldb_order_operate.html HTTP/1.1" 200 37
120.253.135.82 - - [17/Dec/2021:11:32:51 +0800] "POST /xingrg/dwr/call/plaincall/AjaxQqpsService.loadMaterielItems.dwr HTTP/1.1" 200 76
180.175.103.30 - - [17/Dec/2021:11:32:51 +0800] "POST /xingrg/kc/base/wldb_order_operate.html HTTP/1.1" 200 3166
120.253.135.82 - - [17/Dec/2021:11:32:54 +0800] "GET /xingrg/kc/pszx/mdqp_order_list.html?isBack=1 HTTP/1.1" 302 -
120.253.135.82 - - [17/Dec/2021:11:32:54 +0800] "GET /xingrg/kc/pszx/mdqp_order_list.html?state=10 HTTP/1.1" 200 11870
120.253.135.82 - - [17/Dec/2021:11:32:54 +0800] "GET /xingrg/dwr/interface/AjaxReportQueryService.js HTTP/1.1" 200 13203
120.253.135.82 - - [17/Dec/2021:11:32:54 +0800] "GET /xingrg/dwr/interface/AjaxQqpsService.js HTTP/1.1" 200 16326
120.253.135.82 - - [17/Dec/2021:11:32:54 +0800] "GET /xingrg/dwr/engine.js HTTP/1.1" 200 43631
120.253.135.82 - - [17/Dec/2021:11:32:56 +0800] "GET /xingrg/kc/pszx/mdqp_order_info.html?code=302021121700337 HTTP/1.1" 200 13350
120.253.135.82 - - [17/Dec/2021:11:32:56 +0800] "GET /xingrg/dwr/interface/AjaxComOrderService.js HTTP/1.1" 200 18264
120.253.135.82 - - [17/Dec/2021:11:32:56 +0800] "GET /xingrg/dwr/interface/AjaxQqpsService.js HTTP/1.1" 200 16326
120.253.135.82 - - [17/Dec/2021:11:32:56 +0800] "GET /xingrg/dwr/engine.js HTTP/1.1" 200 43631
61.170.234.223 - - [17/Dec/2021:11:32:57 +0800] "GET /xingrg/all/function/internal_message.html?_=1639711974707&CODE_STATE=getMsg HTTP/1.1" 200 27
120.253.135.82 - - [17/Dec/2021:11:32:57 +0800] "POST /xingrg/dwr/call/plaincall/AjaxQqpsService.loadMaterielItems.dwr HTTP/1.1" 200 463
124.77.245.186 - - [17/Dec/2021:11:32:57 +0800] "GET /xingrg/all/function/internal_message.html?_=1639711989933&CODE_STATE=getMsg HTTP/1.1" 200 27
180.175.103.30 - - [17/Dec/2021:11:32:59 +0800] "GET /xingrg/kc/base/wldb_order_info.html?code=422021121701783 HTTP/1.1" 200 30288
180.175.103.30 - - [17/Dec/2021:11:32:59 +0800] "GET /xingrg/javascript/easyui/themes/default/validatebox.css HTTP/1.1" 404 1104
180.175.103.30 - - [17/Dec/2021:11:32:59 +0800] "POST /xingrg/kc/base/wldb_order_operate.html HTTP/1.1" 200 3166
180.175.103.30 - - [17/Dec/2021:11:33:01 +0800] "GET /xingrg/kc/base/wldb_order_add.html HTTP/1.1" 200 30274
180.175.103.30 - - [17/Dec/2021:11:33:01 +0800] "POST /xingrg/kc/base/wldb_order_operate.html HTTP/1.1" 200 6806
180.175.103.30 - - [17/Dec/2021:11:33:01 +0800] "GET /xingrg/javascript/easyui/themes/default/validatebox.css HTTP/1.1" 404 1104
180.175.103.30 - - [17/Dec/2021:11:33:02 +0800] "POST /xingrg/all/common/load_combo.html?type=base HTTP/1.1" 200 3321
120.253.135.82 - - [17/Dec/2021:11:33:03 +0800] "GET /xingrg/check_reg.html?_=1639711759816 HTTP/1.1" 200 22
124.77.245.186 - - [17/Dec/2021:11:33:03 +0800] "GET /xingrg/kc/print/load_data.html?order_code=212021121204797&kc_code=cgsh HTTP/1.1" 200 1669
61.170.234.223 - - [17/Dec/2021:11:33:04 +0800] "GET /xingrg/all/function/internal_message.html?_=1639711978734&CODE_STATE=getMsg HTTP/1.1" 200 27
124.77.245.186 - - [17/Dec/2021:11:33:06 +0800] "GET /xingrg/check_reg.html?_=1639712000610 HTTP/1.1" 302 -
124.77.245.186 - - [17/Dec/2021:11:33:09 +0800] "GET /xingrg/all/function/internal_message.html?_=1639712004290&CODE_STATE=getMsg HTTP/1.1" 302 -
222.70.176.97 - - [17/Dec/2021:11:33:09 +0800] "GET /xingrg/all/function/internal_message.html?_=1639711984824&CODE_STATE=getMsg HTTP/1.1" 200 27
180.175.103.30 - - [17/Dec/2021:11:33:10 +0800] "GET /xingrg/kc/base/wldb_order_operate.html?command=get_materiel&rest_code=00105&base_code=0010508&code=00102002204 HTTP/1.1" 200 433
116.238.208.177 - - [17/Dec/2021:11:33:14 +0800] "GET /favicon.ico HTTP/1.1" 404 -
116.227.210.113 - - [17/Dec/2021:11:33:15 +0800] "GET /xingrg/all/function/internal_message.html?_=1639711980266&CODE_STATE=getMsg HTTP/1.1" 200 27
116.235.94.0 - - [17/Dec/2021:11:33:17 +0800] "GET /xingrg/all/function/internal_message.html?_=1639712119386&CODE_STATE=getMsg HTTP/1.1" 200 27
120.253.135.82 - - [17/Dec/2021:11:33:17 +0800] "GET /xingrg/kc/pszx/mdqp_order_list.html?state=10 HTTP/1.1" 200 11870
120.253.135.82 - - [17/Dec/2021:11:33:17 +0800] "GET /xingrg/dwr/interface/AjaxQqpsService.js HTTP/1.1" 200 16326
120.253.135.82 - - [17/Dec/2021:11:33:17 +0800] "GET /xingrg/dwr/interface/AjaxReportQueryService.js HTTP/1.1" 200 13203
120.253.135.82 - - [17/Dec/2021:11:33:17 +0800] "GET /xingrg/dwr/engine.js HTTP/1.1" 200 43631
180.175.103.30 - - [17/Dec/2021:11:33:18 +0800] "GET /xingrg/kc/base/wldb_order_operate.html?command=get_materiel&rest_code=00105&base_code=0010508&code=00102002022 HTTP/1.1" 200 459
180.175.103.30 - - [17/Dec/2021:11:33:21 +0800] "GET /xingrg/all/function/internal_message.html?_=1639711935141&CODE_STATE=getMsg HTTP/1.1" 200 27
120.253.135.82 - - [17/Dec/2021:11:33:23 +0800] "GET /xingrg/kc/buy/cgsh_order_list.html HTTP/1.1" 200 49423
222.70.176.97 - - [17/Dec/2021:11:33:23 +0800] "GET /xingrg/all/function/internal_message.html?_=1639711659596&CODE_STATE=getMsg HTTP/1.1" 302 -
222.70.176.97 - - [17/Dec/2021:11:33:23 +0800] "GET /xingrg/check_reg.html?_=1639711659598 HTTP/1.1" 302 -
120.253.135.82 - - [17/Dec/2021:11:33:24 +0800] "POST /xingrg/kc/buy/cgsh_list_operate.html HTTP/1.1" 200 876
114.83.216.59 - - [17/Dec/2021:11:33:25 +0800] "GET /xingrg/all/function/internal_message.html?_=1639712001890&CODE_STATE=getMsg HTTP/1.1" 200 27
120.253.135.82 - - [17/Dec/2021:11:33:26 +0800] "GET /xingrg/kc/buy/cgsh_order_add.html HTTP/1.1" 200 64216
180.175.103.30 - - [17/Dec/2021:11:33:26 +0800] "POST /xingrg/kc/base/wldb_order_operate.html HTTP/1.1" 200 37
120.253.135.82 - - [17/Dec/2021:11:33:26 +0800] "POST /xingrg/kc/buy/cgsh_order_operate.html HTTP/1.1" 200 8245
120.253.135.82 - - [17/Dec/2021:11:33:27 +0800] "GET /xingrg/javascript/easyui/themes/default/validatebox.css HTTP/1.1" 404 1104
180.175.103.30 - - [17/Dec/2021:11:33:27 +0800] "POST /xingrg/kc/base/wldb_order_operate.html HTTP/1.1" 200 3183
101.85.120.86 - - [17/Dec/2021:11:33:29 +0800] "GET /xingrg/all/function/internal_message.html?_=1639712005691&CODE_STATE=getMsg HTTP/1.1" 200 27
180.175.103.30 - - [17/Dec/2021:11:33:33 +0800] "GET /xingrg/kc/base/wldb_order_info.html?code=422021121701784 HTTP/1.1" 200 30288
180.175.103.30 - - [17/Dec/2021:11:33:33 +0800] "GET /xingrg/javascript/easyui/themes/default/validatebox.css HTTP/1.1" 404 1104
180.175.103.30 - - [17/Dec/2021:11:33:33 +0800] "POST /xingrg/kc/base/wldb_order_operate.html HTTP/1.1" 200 3183
116.238.248.233 - - [17/Dec/2021:11:33:35 +0800] "GET /xingrg/all/function/internal_message.html?_=1639712012094&CODE_STATE=getMsg HTTP/1.1" 200 27
114.85.125.222 - - [17/Dec/2021:11:33:40 +0800] "GET /xingrg/check_reg.html?_=1639711970092 HTTP/1.1" 200 22
114.85.125.222 - - [17/Dec/2021:11:33:41 +0800] "GET /xingrg/all/function/internal_message.html?_=1639711970915&CODE_STATE=getMsg HTTP/1.1" 200 27
180.175.103.30 - - [17/Dec/2021:11:33:42 +0800] "GET /xingrg/kc/base/wldb_order_add.html HTTP/1.1" 200 30274
180.175.103.30 - - [17/Dec/2021:11:33:42 +0800] "GET /xingrg/javascript/easyui/themes/default/validatebox.css HTTP/1.1" 404 1104
180.175.103.30 - - [17/Dec/2021:11:33:42 +0800] "POST /xingrg/kc/base/wldb_order_operate.html HTTP/1.1" 200 6806
180.175.103.30 - - [17/Dec/2021:11:33:43 +0800] "POST /xingrg/all/common/load_combo.html?type=base HTTP/1.1" 200 3321
114.88.158.169 - - [17/Dec/2021:11:33:45 +0800] "GET /xingrg/all/function/internal_message.html?_=1639711836230&CODE_STATE=getMsg HTTP/1.1" 200 27
120.253.135.82 - - [17/Dec/2021:11:33:46 +0800] "POST /xingrg/all/common/load_combo.html?type=employee HTTP/1.1" 200 1661
120.253.135.82 - - [17/Dec/2021:11:33:50 +0800] "GET /xingrg/check_reg.html?_=1639712026653 HTTP/1.1" 200 22
120.253.135.82 - - [17/Dec/2021:11:33:50 +0800] "GET /xingrg/all/function/internal_message.html?_=1639712027310&CODE_STATE=getMsg HTTP/1.1" 200 27
180.175.103.30 - - [17/Dec/2021:11:33:51 +0800] "GET /xingrg/all/function/internal_message.html?_=1639712027541&CODE_STATE=getMsg HTTP/1.1" 200 27
180.175.103.30 - - [17/Dec/2021:11:33:54 +0800] "GET /xingrg/kc/base/wldb_order_operate.html?command=get_materiel&rest_code=00105&base_code=0010508&code=00102028010 HTTP/1.1" 200 484
61.170.234.223 - - [17/Dec/2021:11:33:54 +0800] "GET /xingrg/check_reg.html?_=1639712028548 HTTP/1.1" 200 22
180.175.103.30 - - [17/Dec/2021:11:33:55 +0800] "POST /xingrg/all/common/load_select.html HTTP/1.1" 200 25
116.238.208.177 - - [17/Dec/2021:11:33:55 +0800] "GET /xingrg/login.html HTTP/1.1" 200 7641
180.175.103.30 - - [17/Dec/2021:11:33:56 +0800] "GET /xingrg/kc/base/wldb_order_operate.html?command=get_materiel_price&rest_code=00105&base_code=0010508&code=00102028010&unit_code=00100193 HTTP/1.1" 200 36
61.170.234.223 - - [17/Dec/2021:11:33:57 +0800] "GET /xingrg/all/function/internal_message.html?_=1639712034707&CODE_STATE=getMsg HTTP/1.1" 200 27
61.170.234.223 - - [17/Dec/2021:11:33:57 +0800] "GET /xingrg/check_reg.html?_=1639712034714 HTTP/1.1" 200 22
124.77.245.186 - - [17/Dec/2021:11:33:57 +0800] "GET /xingrg/all/function/internal_message.html?_=1639712049947&CODE_STATE=getMsg HTTP/1.1" 200 27
116.238.208.177 - - [17/Dec/2021:11:33:57 +0800] "GET /xingrg/images/blue/jxLogo.png HTTP/1.1" 304 -
116.238.208.177 - - [17/Dec/2021:11:33:59 +0800] "GET /xingrg/images/blue/login_bg.png HTTP/1.1" 304 -
116.238.208.177 - - [17/Dec/2021:11:33:59 +0800] "GET /xingrg/images/blue/hj.png HTTP/1.1" 304 -
116.238.208.177 - - [17/Dec/2021:11:33:59 +0800] "GET /xingrg/images/blue/srbg.png HTTP/1.1" 304 -
116.238.208.177 - - [17/Dec/2021:11:34:01 +0800] "GET /favicon.ico HTTP/1.1" 404 -
120.253.135.82 - - [17/Dec/2021:11:34:04 +0800] "GET /xingrg/kc/buy/cgsh_order_operate.html?command=get_materiel&rest_code=00101&code=00101020267&supplier_code=00100409&order_time=2021-12-17 HTTP/1.1" 200 442
61.170.234.223 - - [17/Dec/2021:11:34:04 +0800] "GET /xingrg/all/function/internal_message.html?_=1639712038651&CODE_STATE=getMsg HTTP/1.1" 200 27
180.175.103.30 - - [17/Dec/2021:11:34:05 +0800] "GET /xingrg/kc/base/wldb_order_operate.html?command=get_materiel&rest_code=00105&base_code=0010508&code=00102002238 HTTP/1.1" 200 434
120.253.135.82 - - [17/Dec/2021:11:34:07 +0800] "POST /xingrg/all/common/load_select.html HTTP/1.1" 200 25
116.238.208.177 - - [17/Dec/2021:11:34:09 +0800] "POST /xingrg/login.do HTTP/1.1" 302 -
116.238.208.177 - - [17/Dec/2021:11:34:09 +0800] "GET /xingrg/index.html?sysBaseUrl=http%3A%2F%2F180.169.147.146%3A18081%2Fxingrg%2F&costTime=41×tamp=1639712049065 HTTP/1.1" 200 17173
116.238.208.177 - - [17/Dec/2021:11:34:09 +0800] "GET /xingrg/javascript/jquery_easy_ui/themes/default/easyui.css HTTP/1.1" 304 -
116.238.208.177 - - [17/Dec/2021:11:34:09 +0800] "GET /xingrg/javascript/jquery_easy_ui/themes/icon.css HTTP/1.1" 304 -
116.238.208.177 - - [17/Dec/2021:11:34:09 +0800] "GET /xingrg/javascript/jquery-1.4.2.min.js HTTP/1.1" 304 -
116.238.208.177 - - [17/Dec/2021:11:34:09 +0800] "GET /xingrg/javascript/jquery_easy_ui/jquery.easyui.min.js HTTP/1.1" 304 -
116.238.208.177 - - [17/Dec/2021:11:34:09 +0800] "GET /xingrg/javascript/jquery.utils.js HTTP/1.1" 304 -
116.238.208.177 - - [17/Dec/2021:11:34:09 +0800] "GET /xingrg/javascript/jquery.form.js HTTP/1.1" 304 -
116.238.208.177 - - [17/Dec/2021:11:34:09 +0800] "GET /xingrg/javascript/jquery_easy_ui/easyui-lang-zh_CN.js HTTP/1.1" 304 -
116.238.208.177 - - [17/Dec/2021:11:34:09 +0800] "GET /xingrg/css/form.css HTTP/1.1" 304 -
116.238.208.177 - - [17/Dec/2021:11:34:09 +0800] "GET /xingrg/javascript/jquery.timers.js HTTP/1.1" 304 -
222.70.176.97 - - [17/Dec/2021:11:34:09 +0800] "GET /xingrg/all/function/internal_message.html?_=1639712044807&CODE_STATE=getMsg HTTP/1.1" 200 27
116.238.208.177 - - [17/Dec/2021:11:34:09 +0800] "GET /xingrg/images/blue/navBackgound.jpg HTTP/1.1" 304 -
124.77.245.186 - - [17/Dec/2021:11:34:09 +0800] "GET /xingrg/all/function/internal_message.html?_=1639712064537&CODE_STATE=getMsg HTTP/1.1" 302 -
116.238.208.177 - - [17/Dec/2021:11:34:09 +0800] "GET /xingrg/javascript/jquery_easy_ui/themes/icons/settle_new.png HTTP/1.1" 304 -
116.238.208.177 - - [17/Dec/2021:11:34:10 +0800] "POST /xingrg/all/common/load_tree.html?tree=area_rest_tree_json&manage=1 HTTP/1.1" 200 342
116.238.208.177 - - [17/Dec/2021:11:34:10 +0800] "GET /xingrg/images/blue/pingpu.png HTTP/1.1" 304 -
116.238.208.177 - - [17/Dec/2021:11:34:10 +0800] "GET /xingrg/javascript/jquery_easy_ui/themes/default/images/tabs_rightarrow.png HTTP/1.1" 304 -
116.238.208.177 - - [17/Dec/2021:11:34:10 +0800] "GET /xingrg/javascript/jquery_easy_ui/themes/default/images/panel_tool_collapse.gif HTTP/1.1" 304 -
116.238.208.177 - - [17/Dec/2021:11:34:10 +0800] "GET /xingrg/javascript/jquery_easy_ui/themes/default/images/tabs_leftarrow.png HTTP/1.1" 304 -
120.253.135.82 - - [17/Dec/2021:11:34:11 +0800] "GET /xingrg/kc/buy/cgsh_order_operate.html?command=get_materiel_price&rest_code=00101&code=00101020267&unit_code=00100562&supplier_code=00100409&order_time=2021-12-17 HTTP/1.1" 200 31
116.238.208.177 - - [17/Dec/2021:11:34:11 +0800] "GET /xingrg/all/function/internal_message.html?_=1639712053497&CODE_STATE=count HTTP/1.1" 200 11
116.238.208.177 - - [17/Dec/2021:11:34:11 +0800] "GET /xingrg/check_reg.html?_=1639712053505 HTTP/1.1" 200 22
116.238.208.177 - - [17/Dec/2021:11:34:11 +0800] "POST /xingrg/load_menu.html HTTP/1.1" 200 5138
116.238.208.177 - - [17/Dec/2021:11:34:11 +0800] "GET /favicon.ico HTTP/1.1" 404 -
116.238.208.177 - - [17/Dec/2021:11:34:11 +0800] "GET /xingrg/javascript/jquery_easy_ui/themes/default/images/tree_arrows.gif HTTP/1.1" 304 -
180.175.103.30 - - [17/Dec/2021:11:34:12 +0800] "GET /xingrg/kc/base/wldb_order_operate.html?command=get_materiel&rest_code=00105&base_code=0010508&code=00102002362 HTTP/1.1" 200 434
116.238.208.177 - - [17/Dec/2021:11:34:12 +0800] "GET /xingrg/javascript/jquery_easy_ui/themes/default/images/tree_folder_open.gif HTTP/1.1" 304 -
116.238.208.177 - - [17/Dec/2021:11:34:12 +0800] "GET /xingrg/javascript/jquery_easy_ui/themes/default/images/tree_folder.gif HTTP/1.1" 304 -
116.238.208.177 - - [17/Dec/2021:11:34:12 +0800] "GET /xingrg/javascript/jquery_easy_ui/themes/icons/search_new.png HTTP/1.1" 304 -
116.238.208.177 - - [17/Dec/2021:11:34:12 +0800] "GET /xingrg/javascript/jquery_easy_ui/themes/icons/storage_new.png HTTP/1.1" 304 -
116.238.208.177 - - [17/Dec/2021:11:34:12 +0800] "GET /xingrg/javascript/jquery_easy_ui/themes/icons/forms_new.png HTTP/1.1" 304 -
116.238.208.177 - - [17/Dec/2021:11:34:12 +0800] "GET /xingrg/javascript/jquery_easy_ui/themes/default/images/tree_file.gif HTTP/1.1" 304 -
180.175.103.30 - - [17/Dec/2021:11:34:15 +0800] "POST /xingrg/kc/base/wldb_order_operate.html HTTP/1.1" 200 37
116.227.210.113 - - [17/Dec/2021:11:34:15 +0800] "GET /xingrg/all/function/internal_message.html?_=1639712040246&CODE_STATE=getMsg HTTP/1.1" 200 27
180.175.103.30 - - [17/Dec/2021:11:34:16 +0800] "POST /xingrg/kc/base/wldb_order_operate.html HTTP/1.1" 200 3181
116.235.94.0 - - [17/Dec/2021:11:34:17 +0800] "GET /xingrg/all/function/internal_message.html?_=1639712179397&CODE_STATE=getMsg HTTP/1.1" 200 27
116.238.208.177 - - [17/Dec/2021:11:34:21 +0800] "GET /xingrg/kc/buy/cgsh_order_list.html HTTP/1.1" 200 49423
116.238.208.177 - - [17/Dec/2021:11:34:21 +0800] "GET /xingrg/javascript/jquery_easy_ui/themes/default/images/tabs_close.gif HTTP/1.1" 304 -
116.238.208.177 - - [17/Dec/2021:11:34:21 +0800] "GET /xingrg/css/base.css HTTP/1.1" 304 -
116.238.208.177 - - [17/Dec/2021:11:34:21 +0800] "GET /xingrg/css/site.css HTTP/1.1" 304 -
116.238.208.177 - - [17/Dec/2021:11:34:21 +0800] "GET /xingrg/javascript/jquery_tools/datebox.css HTTP/1.1" 304 -
116.238.208.177 - - [17/Dec/2021:11:34:21 +0800] "GET /xingrg/javascript/easyui/themes/default/easyui.css HTTP/1.1" 304 -
116.238.208.177 - - [17/Dec/2021:11:34:21 +0800] "GET /xingrg/javascript/auto/jquery.autocomplete.css HTTP/1.1" 304 -
116.238.208.177 - - [17/Dec/2021:11:34:21 +0800] "GET /xingrg/javascript/jquery_tools/table.css HTTP/1.1" 304 -
116.238.208.177 - - [17/Dec/2021:11:34:21 +0800] "GET /xingrg/javascript/jquery_tools/jquery.tools.table.js HTTP/1.1" 304 -
116.238.208.177 - - [17/Dec/2021:11:34:21 +0800] "GET /xingrg/javascript/easyui/themes/icon.css HTTP/1.1" 304 -
116.238.208.177 - - [17/Dec/2021:11:34:21 +0800] "GET /xingrg/javascript/jquery_tools/fix.css HTTP/1.1" 304 -
116.238.208.177 - - [17/Dec/2021:11:34:21 +0800] "GET /xingrg/javascript/jquery_tools/jquery.tools.extend.js HTTP/1.1" 304 -
116.238.208.177 - - [17/Dec/2021:11:34:21 +0800] "GET /xingrg/javascript/jquery_tools/jquery.tools.hotkey.js HTTP/1.1" 304 -
116.238.208.177 - - [17/Dec/2021:11:34:21 +0800] "GET /xingrg/javascript/jquery_tools/jquery.tools.min.js HTTP/1.1" 304 -
116.238.208.177 - - [17/Dec/2021:11:34:21 +0800] "GET /xingrg/javascript/easyui/easyloader.js HTTP/1.1" 304 -
116.238.208.177 - - [17/Dec/2021:11:34:21 +0800] "GET /xingrg/javascript/jquery_tools/list_manager.js HTTP/1.1" 304 -
116.238.208.177 - - [17/Dec/2021:11:34:21 +0800] "GET /xingrg/javascript/jquery.cookie.js HTTP/1.1" 304 -
116.238.208.177 - - [17/Dec/2021:11:34:21 +0800] "GET /xingrg/javascript/print/LodopFuncs.js HTTP/1.1" 304 -
116.238.208.177 - - [17/Dec/2021:11:34:21 +0800] "GET /xingrg/javascript/auto/jquery.autocomplete.js HTTP/1.1" 304 -
180.175.103.30 - - [17/Dec/2021:11:34:21 +0800] "GET /xingrg/all/function/internal_message.html?_=1639711995140&CODE_STATE=getMsg HTTP/1.1" 200 27
116.238.208.177 - - [17/Dec/2021:11:34:22 +0800] "GET /xingrg/javascript/easyui/themes/icons/edit_add_new.png HTTP/1.1" 304 -
116.238.208.177 - - [17/Dec/2021:11:34:22 +0800] "GET /xingrg/javascript/easyui/themes/icons/cance_new.png HTTP/1.1" 304 -
116.238.208.177 - - [17/Dec/2021:11:34:22 +0800] "GET /xingrg/javascript/easyui/themes/icons/check_new.png HTTP/1.1" 304 -
116.238.208.177 - - [17/Dec/2021:11:34:22 +0800] "GET /xingrg/javascript/easyui/themes/icons/field_new.png HTTP/1.1" 304 -
116.238.208.177 - - [17/Dec/2021:11:34:22 +0800] "GET /xingrg/javascript/easyui/themes/icons/import_new.png HTTP/1.1" 304 -
116.238.208.177 - - [17/Dec/2021:11:34:22 +0800] "GET /xingrg/javascript/easyui/plugins/jquery.parser.js HTTP/1.1" 304 -
116.238.208.177 - - [17/Dec/2021:11:34:22 +0800] "GET /xingrg/images/control/ajaxLoader.gif HTTP/1.1" 304 -
61.151.178.163 - - [17/Dec/2021:11:34:22 +0800] "GET /xingrg/all/common/auto_word.html?type=employee&rest_code=00106 HTTP/1.1" 302 -
116.238.208.177 - - [17/Dec/2021:11:34:22 +0800] "GET /xingrg/javascript/jquery_easy_ui/themes/icons/area.png HTTP/1.1" 304 -
116.238.208.177 - - [17/Dec/2021:11:34:22 +0800] "GET /xingrg/javascript/jquery_easy_ui/themes/icons/rest.png HTTP/1.1" 304 -
61.151.178.163 - - [17/Dec/2021:11:34:22 +0800] "GET /xingrg/login.html HTTP/1.1" 200 7641
180.175.103.30 - - [17/Dec/2021:11:34:23 +0800] "GET /xingrg/kc/base/wldb_order_info.html?code=422021121701785 HTTP/1.1" 200 30290
116.238.208.177 - - [17/Dec/2021:11:34:23 +0800] "POST /xingrg/kc/buy/cgsh_list_operate.html HTTP/1.1" 200 876
222.70.176.97 - - [17/Dec/2021:11:34:23 +0800] "GET /xingrg/all/function/internal_message.html?_=1639711719596&CODE_STATE=getMsg HTTP/1.1" 302 -
180.175.103.30 - - [17/Dec/2021:11:34:23 +0800] "GET /xingrg/javascript/easyui/themes/default/validatebox.css HTTP/1.1" 404 1104
180.175.103.30 - - [17/Dec/2021:11:34:23 +0800] "POST /xingrg/kc/base/wldb_order_operate.html HTTP/1.1" 200 3181
114.83.216.59 - - [17/Dec/2021:11:34:25 +0800] "GET /xingrg/all/function/internal_message.html?_=1639712061888&CODE_STATE=getMsg HTTP/1.1" 200 27
101.85.120.86 - - [17/Dec/2021:11:34:29 +0800] "GET /xingrg/all/function/internal_message.html?_=1639712065692&CODE_STATE=getMsg HTTP/1.1" 200 27
116.238.208.177 - - [17/Dec/2021:11:34:29 +0800] "POST /xingrg/kc/buy/cgsh_list_operate.html HTTP/1.1" 200 5708
116.238.208.177 - - [17/Dec/2021:11:34:34 +0800] "POST /xingrg/kc/buy/cgsh_list_operate.html HTTP/1.1" 200 584
116.238.208.177 - - [17/Dec/2021:11:34:35 +0800] "GET /xingrg/javascript/pic_change.js HTTP/1.1" 304 -
116.238.208.177 - - [17/Dec/2021:11:34:35 +0800] "GET /xingrg/javascript/convert.js HTTP/1.1" 304 -
116.238.208.177 - - [17/Dec/2021:11:34:35 +0800] "GET /xingrg/javascript/jquery_tools/order_manager.js HTTP/1.1" 304 -
116.238.208.177 - - [17/Dec/2021:11:34:35 +0800] "GET /xingrg/javascript/json2.js HTTP/1.1" 304 -
116.238.208.177 - - [17/Dec/2021:11:34:35 +0800] "GET /xingrg/javascript/print/kc_print.js HTTP/1.1" 304 -
116.238.208.177 - - [17/Dec/2021:11:34:35 +0800] "GET /xingrg/kc/buy/cgsh_order_info.html?code=212021121706882 HTTP/1.1" 200 60059
116.238.208.177 - - [17/Dec/2021:11:34:35 +0800] "GET /xingrg/words/20211216165714_words.js HTTP/1.1" 304 -
116.238.248.233 - - [17/Dec/2021:11:34:35 +0800] "GET /xingrg/all/function/internal_message.html?_=1639712072143&CODE_STATE=getMsg HTTP/1.1" 200 27
116.238.208.177 - - [17/Dec/2021:11:34:36 +0800] "GET /xingrg/javascript/easyui/themes/icons/copy_new.png HTTP/1.1" 304 -
116.238.208.177 - - [17/Dec/2021:11:34:36 +0800] "GET /xingrg/javascript/easyui/themes/icons/print.png HTTP/1.1" 304 -
116.238.208.177 - - [17/Dec/2021:11:34:36 +0800] "GET /xingrg/javascript/easyui/themes/default/images/menu_downarrow.png HTTP/1.1" 304 -
116.238.208.177 - - [17/Dec/2021:11:34:36 +0800] "GET /xingrg/javascript/easyui/themes/icons/cancel.png HTTP/1.1" 304 -
116.238.208.177 - - [17/Dec/2021:11:34:36 +0800] "GET /xingrg/javascript/easyui/themes/default/validatebox.css HTTP/1.1" 404 1104
116.238.208.177 - - [17/Dec/2021:11:34:36 +0800] "GET /xingrg/javascript/easyui/plugins/jquery.validatebox.js HTTP/1.1" 304 -
116.238.208.177 - - [17/Dec/2021:11:34:36 +0800] "GET /xingrg/javascript/easyui/plugins/jquery.numberbox.js HTTP/1.1" 304 -
116.238.208.177 - - [17/Dec/2021:11:34:37 +0800] "POST /xingrg/kc/buy/cgsh_order_operate.html HTTP/1.1" 200 7711
116.238.208.177 - - [17/Dec/2021:11:34:37 +0800] "GET /xingrg/javascript/easyui/themes/icons/edit_remove.png HTTP/1.1" 304 -
116.238.208.177 - - [17/Dec/2021:11:34:37 +0800] "GET /xingrg/javascript/easyui/themes/default/images/button_plain_hover.png HTTP/1.1" 304 -
116.238.208.177 - - [17/Dec/2021:11:34:37 +0800] "GET /xingrg/javascript/easyui/themes/default/images/button_plain_hover.png HTTP/1.1" 304 -
116.238.208.177 - - [17/Dec/2021:11:34:39 +0800] "GET /xingrg/kc/print/load_config.html?kc_code=cgsh HTTP/1.1" 200 1943
116.238.208.177 - - [17/Dec/2021:11:34:39 +0800] "GET /xingrg/kc/print/load_data.html?order_code=212021121706882&kc_code=cgsh&condition= HTTP/1.1" 200 3384
114.85.125.222 - - [17/Dec/2021:11:34:41 +0800] "GET /xingrg/all/function/internal_message.html?_=1639712030928&CODE_STATE=getMsg HTTP/1.1" 200 27
114.88.158.169 - - [17/Dec/2021:11:34:45 +0800] "GET /xingrg/all/function/internal_message.html?_=1639711896199&CODE_STATE=getMsg HTTP/1.1" 200 27
114.88.158.169 - - [17/Dec/2021:11:34:47 +0800] "GET /xingrg/check_reg.html?_=1639711898290 HTTP/1.1" 200 22
120.253.135.82 - - [17/Dec/2021:11:34:48 +0800] "GET /xingrg/kc/buy/cgsh_order_operate.html?command=get_materiel&rest_code=00101&code=00101020266&supplier_code=00100409&order_time=2021-12-17 HTTP/1.1" 200 423
116.238.208.177 - - [17/Dec/2021:11:34:50 +0800] "GET /xingrg/javascript/jquery_easy_ui/themes/default/images/tabs_active.png HTTP/1.1" 304 -
120.253.135.82 - - [17/Dec/2021:11:34:50 +0800] "GET /xingrg/all/function/internal_message.html?_=1639712087324&CODE_STATE=getMsg HTTP/1.1" 200 27
180.175.103.30 - - [17/Dec/2021:11:34:51 +0800] "GET /xingrg/all/function/internal_message.html?_=1639712087528&CODE_STATE=getMsg HTTP/1.1" 200 27
61.170.234.223 - - [17/Dec/2021:11:34:57 +0800] "GET /xingrg/all/function/internal_message.html?_=1639712094715&CODE_STATE=getMsg HTTP/1.1" 200 27
124.77.245.186 - - [17/Dec/2021:11:34:57 +0800] "GET /xingrg/all/function/internal_message.html?_=1639712109965&CODE_STATE=getMsg HTTP/1.1" 200 27
61.170.234.223 - - [17/Dec/2021:11:35:01 +0800] "POST /xingrg/services/DataTransmitService HTTP/1.1" 200 524
61.170.234.223 - - [17/Dec/2021:11:35:02 +0800] "POST /xingrg/services/DataTransmitService HTTP/1.1" 200 412
101.89.29.78 - - [17/Dec/2021:11:35:03 +0800] "GET /xingrg/kc/buy/cgsh_order_operate.html?command=get_materiel&rest_code=00106&code=00101008223&supplier_code=00100007&order_time=2021-12-17 HTTP/1.1" 302 -
101.89.29.78 - - [17/Dec/2021:11:35:04 +0800] "GET /xingrg/login.html HTTP/1.1" 200 7641
61.170.234.223 - - [17/Dec/2021:11:35:04 +0800] "GET /xingrg/all/function/internal_message.html?_=1639712098627&CODE_STATE=getMsg HTTP/1.1" 200 27
114.83.216.59 - - [17/Dec/2021:11:35:07 +0800] "POST /xingrg/kc/base/wldb_order_operate.html HTTP/1.1" 200 37
114.83.216.59 - - [17/Dec/2021:11:35:07 +0800] "POST /xingrg/kc/base/wldb_order_operate.html HTTP/1.1" 200 7227
114.83.216.59 - - [17/Dec/2021:11:35:07 +0800] "GET /xingrg/kc/base/wldb_order_info.html?code=422021121701775 HTTP/1.1" 200 30295
114.83.216.59 - - [17/Dec/2021:11:35:08 +0800] "GET /xingrg/javascript/easyui/themes/default/validatebox.css HTTP/1.1" 404 1104
