120.253.135.82 - - [17/Dec/2021:10:48:13 +0800] "POST /xingrg/kc/buy/cgsh_order_operate.html HTTP/1.1" 200 2664
116.227.210.113 - - [17/Dec/2021:10:48:16 +0800] "GET /xingrg/all/function/internal_message.html?_=1639709280790&CODE_STATE=getMsg HTTP/1.1" 200 27
116.235.94.0 - - [17/Dec/2021:10:48:17 +0800] "GET /xingrg/all/function/internal_message.html?_=1639709419371&CODE_STATE=getMsg HTTP/1.1" 200 27
116.235.94.0 - - [17/Dec/2021:10:48:20 +0800] "GET /xingrg/kc/base/wldb_order_operate.html?command=get_materiel&rest_code=00104&base_code=0010032&code=00101019391 HTTP/1.1" 200 471
180.175.103.30 - - [17/Dec/2021:10:48:21 +0800] "GET /xingrg/all/function/internal_message.html?_=1639709235092&CODE_STATE=getMsg HTTP/1.1" 200 27
120.253.135.82 - - [17/Dec/2021:10:48:23 +0800] "GET /xingrg/kc/print/load_data.html?order_code=212021121706855&kc_code=cgsh&condition= HTTP/1.1" 200 647
222.70.176.97 - - [17/Dec/2021:10:48:23 +0800] "GET /xingrg/all/function/internal_message.html?_=1639708959594&CODE_STATE=getMsg HTTP/1.1" 302 -
222.70.176.97 - - [17/Dec/2021:10:48:23 +0800] "GET /xingrg/check_reg.html?_=1639708959594 HTTP/1.1" 302 -
116.238.208.177 - - [17/Dec/2021:10:48:25 +0800] "GET /xingrg/all/function/internal_message.html?_=1639709307336&CODE_STATE=getMsg HTTP/1.1" 200 27
116.235.94.0 - - [17/Dec/2021:10:48:30 +0800] "GET /xingrg/kc/base/wldb_order_operate.html?command=get_materiel&rest_code=00104&base_code=0010032&code=00101016092 HTTP/1.1" 200 454
116.238.208.177 - - [17/Dec/2021:10:48:31 +0800] "POST /xingrg/kc/mdqp/pssh_list_operate.html HTTP/1.1" 200 5589
116.238.208.177 - - [17/Dec/2021:10:48:36 +0800] "POST /xingrg/kc/mdqp/pssh_list_operate.html HTTP/1.1" 200 5613
120.253.135.82 - - [17/Dec/2021:10:48:38 +0800] "POST /xingrg/kc/buy/cgsh_order_operate.html HTTP/1.1" 200 37
114.85.125.222 - - [17/Dec/2021:10:48:40 +0800] "GET /xingrg/check_reg.html?_=1639709269899 HTTP/1.1" 200 22
114.85.125.222 - - [17/Dec/2021:10:48:40 +0800] "GET /xingrg/all/function/internal_message.html?_=1639709270195&CODE_STATE=getMsg HTTP/1.1" 200 27
120.253.135.82 - - [17/Dec/2021:10:48:42 +0800] "GET /xingrg/index.html?sysBaseUrl=http%3A%2F%2F180.169.147.146%3A18081%2Fxingrg%2F&costTime=34×tamp=1585631483848 HTTP/1.1" 302 -
120.253.135.82 - - [17/Dec/2021:10:48:42 +0800] "GET /xingrg/login.html HTTP/1.1" 200 7641
120.253.135.82 - - [17/Dec/2021:10:48:43 +0800] "GET /xingrg/images/blue/jxLogo.png HTTP/1.1" 200 6156
116.238.208.177 - - [17/Dec/2021:10:48:43 +0800] "POST /xingrg/kc/mdqp/pssh_list_operate.html HTTP/1.1" 200 770
120.253.135.82 - - [17/Dec/2021:10:48:43 +0800] "GET /xingrg/images/blue/hj.png HTTP/1.1" 200 1014
120.253.135.82 - - [17/Dec/2021:10:48:43 +0800] "GET /xingrg/images/blue/login_bg.png HTTP/1.1" 200 22101
120.253.135.82 - - [17/Dec/2021:10:48:43 +0800] "GET /xingrg/images/blue/srbg.png HTTP/1.1" 200 138
120.253.135.82 - - [17/Dec/2021:10:48:44 +0800] "GET /favicon.ico HTTP/1.1" 404 -
116.238.208.177 - - [17/Dec/2021:10:48:44 +0800] "GET /xingrg/kc/mdqp/pssh_order_info.html?code=312021112500608 HTTP/1.1" 200 14386
116.238.208.177 - - [17/Dec/2021:10:48:44 +0800] "GET /xingrg/javascript/jquery_tools/jquery-1.4.2.min.js HTTP/1.1" 404 1094
116.238.208.177 - - [17/Dec/2021:10:48:46 +0800] "POST /xingrg/kc/mdqp/pssh_order_operate.html HTTP/1.1" 200 7842
116.238.208.177 - - [17/Dec/2021:10:48:46 +0800] "GET /xingrg/javascript/easyui/themes/default/validatebox.css HTTP/1.1" 404 1104
114.88.158.169 - - [17/Dec/2021:10:48:46 +0800] "GET /xingrg/all/function/internal_message.html?_=1639709137257&CODE_STATE=getMsg HTTP/1.1" 200 27
120.253.135.82 - - [17/Dec/2021:10:48:47 +0800] "POST /xingrg/login.do HTTP/1.1" 302 -
120.253.135.82 - - [17/Dec/2021:10:48:48 +0800] "GET /xingrg/javascript/jquery_easy_ui/themes/icon.css HTTP/1.1" 200 3949
120.253.135.82 - - [17/Dec/2021:10:48:48 +0800] "GET /xingrg/index.html?sysBaseUrl=http%3A%2F%2F180.169.147.146%3A18081%2Fxingrg%2F&costTime=40×tamp=1639709327986 HTTP/1.1" 200 17173
120.253.135.82 - - [17/Dec/2021:10:48:48 +0800] "GET /xingrg/css/form.css HTTP/1.1" 200 893
120.253.135.82 - - [17/Dec/2021:10:48:48 +0800] "GET /xingrg/javascript/jquery_easy_ui/themes/default/easyui.css HTTP/1.1" 200 26500
120.253.135.82 - - [17/Dec/2021:10:48:48 +0800] "GET /xingrg/javascript/jquery-1.4.2.min.js HTTP/1.1" 200 72205
120.253.135.82 - - [17/Dec/2021:10:48:48 +0800] "GET /xingrg/javascript/jquery_easy_ui/jquery.easyui.min.js HTTP/1.1" 200 213662
120.253.135.82 - - [17/Dec/2021:10:48:48 +0800] "GET /xingrg/javascript/jquery_easy_ui/easyui-lang-zh_CN.js HTTP/1.1" 200 1900
120.253.135.82 - - [17/Dec/2021:10:48:48 +0800] "GET /xingrg/javascript/jquery.timers.js HTTP/1.1" 200 3532
120.253.135.82 - - [17/Dec/2021:10:48:48 +0800] "GET /xingrg/javascript/jquery.form.js HTTP/1.1" 200 23110
120.253.135.82 - - [17/Dec/2021:10:48:48 +0800] "GET /favicon.ico HTTP/1.1" 404 -
120.253.135.82 - - [17/Dec/2021:10:48:48 +0800] "GET /xingrg/javascript/jquery.utils.js HTTP/1.1" 200 11805
120.253.135.82 - - [17/Dec/2021:10:48:48 +0800] "GET /xingrg/images/blue/navBackgound.jpg HTTP/1.1" 200 12378
120.253.135.82 - - [17/Dec/2021:10:48:48 +0800] "GET /xingrg/javascript/jquery_easy_ui/themes/icons/settle_new.png HTTP/1.1" 200 826
120.253.135.82 - - [17/Dec/2021:10:48:49 +0800] "POST /xingrg/all/common/load_tree.html?tree=area_rest_tree_json&manage=1 HTTP/1.1" 200 344
120.253.135.82 - - [17/Dec/2021:10:48:49 +0800] "GET /xingrg/images/blue/pingpu.png HTTP/1.1" 200 231
120.253.135.82 - - [17/Dec/2021:10:48:49 +0800] "GET /xingrg/javascript/jquery_easy_ui/themes/default/images/tabs_leftarrow.png HTTP/1.1" 200 389
120.253.135.82 - - [17/Dec/2021:10:48:49 +0800] "GET /xingrg/javascript/jquery_easy_ui/themes/default/images/tabs_rightarrow.png HTTP/1.1" 200 395
120.253.135.82 - - [17/Dec/2021:10:48:49 +0800] "GET /xingrg/javascript/jquery_easy_ui/themes/default/images/panel_tool_collapse.gif HTTP/1.1" 200 246
120.253.135.82 - - [17/Dec/2021:10:48:50 +0800] "GET /xingrg/all/function/internal_message.html?_=1639709326498&CODE_STATE=count HTTP/1.1" 200 11
120.253.135.82 - - [17/Dec/2021:10:48:50 +0800] "GET /xingrg/check_reg.html?_=1639709326533 HTTP/1.1" 200 22
120.253.135.82 - - [17/Dec/2021:10:48:50 +0800] "GET /xingrg/javascript/jquery_easy_ui/themes/default/images/tree_arrows.gif HTTP/1.1" 200 1043
120.253.135.82 - - [17/Dec/2021:10:48:50 +0800] "POST /xingrg/load_menu.html HTTP/1.1" 200 6743
120.253.135.82 - - [17/Dec/2021:10:48:50 +0800] "GET /xingrg/javascript/jquery_easy_ui/themes/default/images/tree_folder_open.gif HTTP/1.1" 200 956
120.253.135.82 - - [17/Dec/2021:10:48:50 +0800] "GET /xingrg/javascript/jquery_easy_ui/themes/icons/search_new.png HTTP/1.1" 200 586
120.253.135.82 - - [17/Dec/2021:10:48:50 +0800] "GET /xingrg/javascript/jquery_easy_ui/themes/icons/delivery_new.png HTTP/1.1" 200 700
120.253.135.82 - - [17/Dec/2021:10:48:50 +0800] "GET /xingrg/javascript/jquery_easy_ui/themes/icons/storage_new.png HTTP/1.1" 200 853
120.253.135.82 - - [17/Dec/2021:10:48:50 +0800] "GET /xingrg/javascript/jquery_easy_ui/themes/icons/forms_new.png HTTP/1.1" 200 350
120.253.135.82 - - [17/Dec/2021:10:48:50 +0800] "GET /xingrg/javascript/jquery_easy_ui/themes/default/images/tree_file.gif HTTP/1.1" 200 118
120.253.135.82 - - [17/Dec/2021:10:48:50 +0800] "GET /xingrg/javascript/jquery_easy_ui/themes/default/images/tree_folder.gif HTTP/1.1" 200 952
114.83.216.59 - - [17/Dec/2021:10:48:51 +0800] "GET /xingrg/all/function/internal_message.html?_=1639709327676&CODE_STATE=getMsg HTTP/1.1" 200 27
124.77.245.186 - - [17/Dec/2021:10:48:53 +0800] "POST /xingrg/kc/buy/cgsh_order_operate.html HTTP/1.1" 200 37
124.77.245.186 - - [17/Dec/2021:10:48:54 +0800] "POST /xingrg/kc/buy/cgsh_order_operate.html HTTP/1.1" 200 6806
120.253.135.82 - - [17/Dec/2021:10:48:56 +0800] "GET /xingrg/javascript/jquery_easy_ui/themes/default/images/tabs_close.gif HTTP/1.1" 200 829
120.253.135.82 - - [17/Dec/2021:10:48:56 +0800] "GET /xingrg/css/base.css HTTP/1.1" 200 2811
120.253.135.82 - - [17/Dec/2021:10:48:56 +0800] "GET /xingrg/css/site.css HTTP/1.1" 200 7541
120.253.135.82 - - [17/Dec/2021:10:48:56 +0800] "GET /xingrg/javascript/jquery_tools/datebox.css HTTP/1.1" 200 2597
120.253.135.82 - - [17/Dec/2021:10:48:56 +0800] "GET /xingrg/javascript/jquery_tools/jquery.tools.min.js HTTP/1.1" 200 138801
120.253.135.82 - - [17/Dec/2021:10:48:56 +0800] "GET /xingrg/javascript/auto/jquery.autocomplete.css HTTP/1.1" 200 587
120.253.135.82 - - [17/Dec/2021:10:48:56 +0800] "GET /xingrg/javascript/easyui/themes/icon.css HTTP/1.1" 200 4483
120.253.135.82 - - [17/Dec/2021:10:48:56 +0800] "GET /xingrg/javascript/jquery_tools/table.css HTTP/1.1" 200 1032
120.253.135.82 - - [17/Dec/2021:10:48:56 +0800] "GET /xingrg/javascript/jquery_tools/fix.css HTTP/1.1" 200 1702
120.253.135.82 - - [17/Dec/2021:10:48:56 +0800] "GET /xingrg/javascript/jquery_tools/jquery.tools.hotkey.js HTTP/1.1" 200 3242
120.253.135.82 - - [17/Dec/2021:10:48:56 +0800] "GET /xingrg/javascript/jquery_tools/jquery.tools.table.js HTTP/1.1" 200 6994
120.253.135.82 - - [17/Dec/2021:10:48:56 +0800] "GET /xingrg/javascript/jquery_tools/list_manager.js HTTP/1.1" 200 3652
120.253.135.82 - - [17/Dec/2021:10:48:56 +0800] "GET /xingrg/kc/buy/cgsh_order_list.html HTTP/1.1" 200 49423
120.253.135.82 - - [17/Dec/2021:10:48:56 +0800] "GET /xingrg/javascript/jquery_tools/jquery.tools.extend.js HTTP/1.1" 200 15385
120.253.135.82 - - [17/Dec/2021:10:48:56 +0800] "GET /xingrg/javascript/easyui/easyloader.js HTTP/1.1" 200 5975
120.253.135.82 - - [17/Dec/2021:10:48:56 +0800] "GET /xingrg/javascript/print/LodopFuncs.js HTTP/1.1" 200 5121
120.253.135.82 - - [17/Dec/2021:10:48:56 +0800] "GET /xingrg/javascript/jquery.cookie.js HTTP/1.1" 200 5513
120.253.135.82 - - [17/Dec/2021:10:48:56 +0800] "GET /xingrg/javascript/easyui/themes/default/easyui.css HTTP/1.1" 200 30432
120.253.135.82 - - [17/Dec/2021:10:48:56 +0800] "GET /xingrg/javascript/auto/jquery.autocomplete.js HTTP/1.1" 200 21624
120.253.135.82 - - [17/Dec/2021:10:48:56 +0800] "GET /xingrg/javascript/easyui/themes/icons/edit_add_new.png HTTP/1.1" 200 2997
120.253.135.82 - - [17/Dec/2021:10:48:56 +0800] "GET /xingrg/javascript/easyui/themes/icons/cance_new.png HTTP/1.1" 200 3986
120.253.135.82 - - [17/Dec/2021:10:48:56 +0800] "GET /xingrg/javascript/easyui/themes/icons/field_new.png HTTP/1.1" 200 1097
120.253.135.82 - - [17/Dec/2021:10:48:56 +0800] "GET /xingrg/javascript/easyui/themes/icons/check_new.png HTTP/1.1" 200 3224
120.253.135.82 - - [17/Dec/2021:10:48:56 +0800] "GET /xingrg/javascript/easyui/themes/icons/import_new.png HTTP/1.1" 200 1247
120.253.135.82 - - [17/Dec/2021:10:48:56 +0800] "GET /xingrg/javascript/easyui/plugins/jquery.parser.js HTTP/1.1" 200 1142
120.253.135.82 - - [17/Dec/2021:10:48:56 +0800] "GET /xingrg/images/control/ajaxLoader.gif HTTP/1.1" 200 4659
116.235.94.0 - - [17/Dec/2021:10:48:56 +0800] "GET /xingrg/all/function/internal_message.html?_=1639709353539&CODE_STATE=getMsg HTTP/1.1" 200 27
180.171.133.137 - - [17/Dec/2021:10:48:56 +0800] "POST /xingrg/services/DataTransmitService HTTP/1.1" 200 524
116.238.208.177 - - [17/Dec/2021:10:48:57 +0800] "POST /xingrg/kc/mdqp/pssh_list_operate.html HTTP/1.1" 200 5613
120.253.135.82 - - [17/Dec/2021:10:48:58 +0800] "POST /xingrg/kc/buy/cgsh_list_operate.html HTTP/1.1" 200 1673
120.253.135.82 - - [17/Dec/2021:10:48:58 +0800] "GET /xingrg/javascript/easyui/themes/default/images/button_plain_hover.png HTTP/1.1" 200 144
124.77.245.186 - - [17/Dec/2021:10:48:58 +0800] "GET /xingrg/kc/print/load_data.html?order_code=212021121706856&kc_code=cgsh&condition= HTTP/1.1" 200 2257
120.253.135.82 - - [17/Dec/2021:10:48:59 +0800] "GET /xingrg/javascript/pic_change.js HTTP/1.1" 200 4739
120.253.135.82 - - [17/Dec/2021:10:48:59 +0800] "GET /xingrg/javascript/convert.js HTTP/1.1" 200 1239
120.253.135.82 - - [17/Dec/2021:10:48:59 +0800] "GET /xingrg/kc/buy/cgsh_order_add.html HTTP/1.1" 200 64216
120.253.135.82 - - [17/Dec/2021:10:48:59 +0800] "GET /xingrg/javascript/print/kc_print.js HTTP/1.1" 200 11415
120.253.135.82 - - [17/Dec/2021:10:48:59 +0800] "GET /xingrg/javascript/jquery_tools/order_manager.js HTTP/1.1" 200 11183
120.253.135.82 - - [17/Dec/2021:10:48:59 +0800] "GET /xingrg/javascript/json2.js HTTP/1.1" 200 11259
120.253.135.82 - - [17/Dec/2021:10:48:59 +0800] "GET /xingrg/words/20211216165714_words.js HTTP/1.1" 200 880021
120.253.135.82 - - [17/Dec/2021:10:48:59 +0800] "GET /xingrg/javascript/easyui/themes/icons/copy_new.png HTTP/1.1" 200 815
120.253.135.82 - - [17/Dec/2021:10:48:59 +0800] "GET /xingrg/javascript/easyui/themes/icons/template_new.png HTTP/1.1" 200 3956
120.253.135.82 - - [17/Dec/2021:10:48:59 +0800] "GET /xingrg/javascript/easyui/themes/icons/ok.png HTTP/1.1" 200 883
120.253.135.82 - - [17/Dec/2021:10:48:59 +0800] "GET /xingrg/javascript/easyui/themes/default/images/menu_downarrow.png HTTP/1.1" 200 173
120.253.135.82 - - [17/Dec/2021:10:48:59 +0800] "GET /xingrg/javascript/easyui/themes/icons/print.png HTTP/1.1" 200 1057
120.253.135.82 - - [17/Dec/2021:10:48:59 +0800] "GET /xingrg/javascript/easyui/themes/icons/cancel.png HTTP/1.1" 200 1133
120.253.135.82 - - [17/Dec/2021:10:49:00 +0800] "POST /xingrg/kc/buy/cgsh_order_operate.html HTTP/1.1" 200 8245
120.253.135.82 - - [17/Dec/2021:10:49:00 +0800] "GET /xingrg/javascript/easyui/themes/icons/edit_remove.png HTTP/1.1" 200 625
120.253.135.82 - - [17/Dec/2021:10:49:00 +0800] "GET /xingrg/all/common/auto_word.html?type=employee&rest_code=00101 HTTP/1.1" 200 923
120.253.135.82 - - [17/Dec/2021:10:49:00 +0800] "GET /xingrg/all/common/auto_word.html?type=employee&rest_code=00101 HTTP/1.1" 200 923
120.253.135.82 - - [17/Dec/2021:10:49:00 +0800] "GET /xingrg/javascript/easyui/themes/default/validatebox.css HTTP/1.1" 404 1104
120.253.135.82 - - [17/Dec/2021:10:49:00 +0800] "GET /xingrg/javascript/easyui/plugins/jquery.validatebox.js HTTP/1.1" 200 6103
120.253.135.82 - - [17/Dec/2021:10:49:00 +0800] "GET /xingrg/javascript/easyui/plugins/jquery.numberbox.js HTTP/1.1" 200 5213
120.253.135.82 - - [17/Dec/2021:10:49:00 +0800] "GET /xingrg/javascript/auto/indicator.gif HTTP/1.1" 404 1066
116.238.208.177 - - [17/Dec/2021:10:49:01 +0800] "POST /xingrg/kc/mdqp/pssh_list_operate.html HTTP/1.1" 200 5589
124.77.245.186 - - [17/Dec/2021:10:49:05 +0800] "GET /xingrg/all/function/internal_message.html?_=1639709360385&CODE_STATE=getMsg HTTP/1.1" 200 27
116.238.208.177 - - [17/Dec/2021:10:49:06 +0800] "POST /xingrg/kc/mdqp/pssh_list_operate.html HTTP/1.1" 200 776
116.238.208.177 - - [17/Dec/2021:10:49:06 +0800] "GET /xingrg/kc/mdqp/pssh_order_info.html?code=312021111600401 HTTP/1.1" 200 14386
116.238.208.177 - - [17/Dec/2021:10:49:06 +0800] "GET /xingrg/javascript/jquery_tools/jquery-1.4.2.min.js HTTP/1.1" 404 1094
116.238.208.177 - - [17/Dec/2021:10:49:08 +0800] "POST /xingrg/kc/mdqp/pssh_order_operate.html HTTP/1.1" 200 6839
116.238.208.177 - - [17/Dec/2021:10:49:08 +0800] "GET /xingrg/javascript/easyui/themes/default/validatebox.css HTTP/1.1" 404 1104
116.238.248.233 - - [17/Dec/2021:10:49:08 +0800] "GET /xingrg/all/function/internal_message.html?_=1639709345517&CODE_STATE=getMsg HTTP/1.1" 200 27
116.235.94.0 - - [17/Dec/2021:10:49:09 +0800] "GET /xingrg/kc/base/wldb_order_operate.html?command=get_materiel&rest_code=00104&base_code=0010032&code=00101016083 HTTP/1.1" 200 450
120.253.135.82 - - [17/Dec/2021:10:49:10 +0800] "GET /xingrg/css/images/panel_loading.gif HTTP/1.1" 200 1737
120.253.135.82 - - [17/Dec/2021:10:49:10 +0800] "POST /xingrg/all/common/load_combo.html?type=employee HTTP/1.1" 200 1661
222.70.176.97 - - [17/Dec/2021:10:49:10 +0800] "GET /xingrg/all/function/internal_message.html?_=1639709345697&CODE_STATE=getMsg HTTP/1.1" 200 27
124.77.245.186 - - [17/Dec/2021:10:49:10 +0800] "GET /xingrg/check_reg.html?_=1639709362923 HTTP/1.1" 302 -
124.77.245.186 - - [17/Dec/2021:10:49:11 +0800] "GET /xingrg/all/function/internal_message.html?_=1639709364109&CODE_STATE=getMsg HTTP/1.1" 302 -
180.171.133.137 - - [17/Dec/2021:10:49:12 +0800] "POST /xingrg/services/DataTransmitService HTTP/1.1" 200 412
116.233.78.125 - - [17/Dec/2021:10:49:13 +0800] "GET /xingrg/all/function/internal_message.html?_=1639709351939&CODE_STATE=getMsg HTTP/1.1" 200 27
116.235.94.0 - - [17/Dec/2021:10:49:15 +0800] "POST /xingrg/kc/base/wldb_order_operate.html HTTP/1.1" 200 1710
116.227.210.113 - - [17/Dec/2021:10:49:16 +0800] "GET /xingrg/all/function/internal_message.html?_=1639709340770&CODE_STATE=getMsg HTTP/1.1" 200 27
116.235.94.0 - - [17/Dec/2021:10:49:17 +0800] "GET /xingrg/all/function/internal_message.html?_=1639709479361&CODE_STATE=getMsg HTTP/1.1" 200 27
120.253.135.82 - - [17/Dec/2021:10:49:18 +0800] "GET /xingrg/kc/buy/cgsh_order_operate.html?command=get_materiel&rest_code=00101&code=00102002258&supplier_code=00100077&order_time=2021-12-17 HTTP/1.1" 200 434
116.233.78.125 - - [17/Dec/2021:10:49:18 +0800] "POST /xingrg/services/DataTransmitService HTTP/1.1" 200 524
120.253.135.82 - - [17/Dec/2021:10:49:19 +0800] "POST /xingrg/all/common/load_select.html HTTP/1.1" 200 25
180.175.103.30 - - [17/Dec/2021:10:49:21 +0800] "GET /xingrg/all/function/internal_message.html?_=1639709295086&CODE_STATE=getMsg HTTP/1.1" 200 27
124.77.245.186 - - [17/Dec/2021:10:49:21 +0800] "GET /xingrg/kc/buy/cgsh_order_add.html HTTP/1.1" 200 65158
124.77.245.186 - - [17/Dec/2021:10:49:22 +0800] "POST /xingrg/kc/buy/cgsh_order_operate.html HTTP/1.1" 200 8245
124.77.245.186 - - [17/Dec/2021:10:49:22 +0800] "GET /xingrg/javascript/easyui/themes/default/validatebox.css HTTP/1.1" 404 1104
222.70.176.97 - - [17/Dec/2021:10:49:23 +0800] "GET /xingrg/all/function/internal_message.html?_=1639709019593&CODE_STATE=getMsg HTTP/1.1" 302 -
120.253.135.82 - - [17/Dec/2021:10:49:23 +0800] "GET /xingrg/kc/buy/cgsh_order_operate.html?command=get_materiel_price&rest_code=00101&code=00102002258&unit_code=00100231&supplier_code=00100077&order_time=2021-12-17 HTTP/1.1" 200 30
116.238.208.177 - - [17/Dec/2021:10:49:25 +0800] "POST /xingrg/kc/mdqp/pssh_list_operate.html HTTP/1.1" 200 5589
116.238.208.177 - - [17/Dec/2021:10:49:25 +0800] "GET /xingrg/all/function/internal_message.html?_=1639709367451&CODE_STATE=getMsg HTTP/1.1" 200 27
120.253.135.82 - - [17/Dec/2021:10:49:30 +0800] "POST /xingrg/kc/buy/cgsh_order_operate.html HTTP/1.1" 200 12
120.253.135.82 - - [17/Dec/2021:10:49:32 +0800] "GET /xingrg/kc/buy/cgsh_order_info.html?code=212021121706855 HTTP/1.1" 200 59115
101.89.239.238 - - [17/Dec/2021:10:49:33 +0800] "GET /xingrg/kc/buy/cgsh_order_operate.html?command=get_materiel&rest_code=00106&code=00101008242&supplier_code=00100007&order_time=2021-12-17 HTTP/1.1" 302 -
120.253.135.82 - - [17/Dec/2021:10:49:34 +0800] "GET /xingrg/javascript/easyui/themes/default/validatebox.css HTTP/1.1" 404 1104
101.89.239.238 - - [17/Dec/2021:10:49:34 +0800] "GET /xingrg/login.html HTTP/1.1" 200 7641
120.253.135.82 - - [17/Dec/2021:10:49:35 +0800] "POST /xingrg/kc/buy/cgsh_order_operate.html HTTP/1.1" 200 37
120.253.135.82 - - [17/Dec/2021:10:49:35 +0800] "POST /xingrg/kc/buy/cgsh_order_operate.html HTTP/1.1" 200 614
120.253.135.82 - - [17/Dec/2021:10:49:37 +0800] "POST /xingrg/kc/buy/cgsh_order_operate.html HTTP/1.1" 200 2674
120.253.135.82 - - [17/Dec/2021:10:49:39 +0800] "POST /xingrg/kc/buy/cgsh_list_operate.html HTTP/1.1" 200 1683
116.238.208.177 - - [17/Dec/2021:10:49:39 +0800] "POST /xingrg/kc/mdqp/pssh_list_operate.html HTTP/1.1" 200 5592
114.85.125.222 - - [17/Dec/2021:10:49:40 +0800] "GET /xingrg/all/function/internal_message.html?_=1639709330208&CODE_STATE=getMsg HTTP/1.1" 200 27
101.91.62.89 - - [17/Dec/2021:10:49:41 +0800] "GET /xingrg/kc/buy/cgsh_order_operate.html?command=get_materiel&rest_code=00106&code=00101008137&supplier_code=00100007&order_time=2021-12-17 HTTP/1.1" 302 -
120.253.135.82 - - [17/Dec/2021:10:49:41 +0800] "POST /xingrg/kc/buy/cgsh_list_operate.html HTTP/1.1" 200 203
124.77.245.186 - - [17/Dec/2021:10:49:41 +0800] "GET /xingrg/kc/buy/cgsh_order_operate.html?command=get_materiel&rest_code=00146&code=00101007061&supplier_code=00100002&order_time=2021-12-17 HTTP/1.1" 200 411
101.91.62.89 - - [17/Dec/2021:10:49:42 +0800] "GET /xingrg/login.html HTTP/1.1" 200 7641
120.253.135.82 - - [17/Dec/2021:10:49:43 +0800] "GET /xingrg/kc/buy/cgsh_order_info.html?code=212021121706857 HTTP/1.1" 200 64219
120.253.135.82 - - [17/Dec/2021:10:49:43 +0800] "GET /xingrg/javascript/easyui/themes/default/validatebox.css HTTP/1.1" 404 1104
120.253.135.82 - - [17/Dec/2021:10:49:44 +0800] "POST /xingrg/kc/buy/cgsh_order_operate.html HTTP/1.1" 200 2674
116.238.208.177 - - [17/Dec/2021:10:49:44 +0800] "POST /xingrg/kc/mdqp/pssh_list_operate.html HTTP/1.1" 200 459
114.88.158.169 - - [17/Dec/2021:10:49:46 +0800] "GET /xingrg/all/function/internal_message.html?_=1639709197235&CODE_STATE=getMsg HTTP/1.1" 200 27
114.88.158.169 - - [17/Dec/2021:10:49:47 +0800] "GET /xingrg/check_reg.html?_=1639709198228 HTTP/1.1" 200 22
116.238.208.177 - - [17/Dec/2021:10:49:47 +0800] "GET /xingrg/check_reg.html?_=1639709390014 HTTP/1.1" 200 22
116.238.208.177 - - [17/Dec/2021:10:49:49 +0800] "POST /xingrg/kc/mdqp/pssh_list_operate.html HTTP/1.1" 200 5600
120.253.135.82 - - [17/Dec/2021:10:49:50 +0800] "GET /xingrg/all/function/internal_message.html?_=1639709386541&CODE_STATE=getMsg HTTP/1.1" 200 27
120.253.135.82 - - [17/Dec/2021:10:49:50 +0800] "GET /xingrg/kc/print/load_data.html?order_code=212021121706857&kc_code=cgsh&condition= HTTP/1.1" 200 720
114.83.216.59 - - [17/Dec/2021:10:49:51 +0800] "GET /xingrg/all/function/internal_message.html?_=1639709387676&CODE_STATE=getMsg HTTP/1.1" 200 27
101.89.29.78 - - [17/Dec/2021:10:49:52 +0800] "GET /xingrg/kc/buy/cgsh_order_operate.html?command=get_materiel&rest_code=00106&code=00101008072&supplier_code=00100007&order_time=2021-12-17 HTTP/1.1" 302 -
101.89.29.78 - - [17/Dec/2021:10:49:53 +0800] "GET /xingrg/login.html HTTP/1.1" 200 7641
116.238.208.177 - - [17/Dec/2021:10:49:54 +0800] "POST /xingrg/kc/mdqp/pssh_list_operate.html HTTP/1.1" 200 783
116.238.208.177 - - [17/Dec/2021:10:49:55 +0800] "GET /xingrg/kc/mdqp/pssh_order_info.html?code=312021110600177 HTTP/1.1" 200 14386
116.238.208.177 - - [17/Dec/2021:10:49:55 +0800] "GET /xingrg/javascript/jquery_tools/jquery-1.4.2.min.js HTTP/1.1" 404 1094
116.235.94.0 - - [17/Dec/2021:10:49:56 +0800] "GET /xingrg/all/function/internal_message.html?_=1639709413552&CODE_STATE=getMsg HTTP/1.1" 200 27
116.238.208.177 - - [17/Dec/2021:10:49:57 +0800] "POST /xingrg/kc/mdqp/pssh_order_operate.html HTTP/1.1" 200 6882
116.238.208.177 - - [17/Dec/2021:10:49:57 +0800] "GET /xingrg/javascript/easyui/themes/default/validatebox.css HTTP/1.1" 404 1104
124.77.245.186 - - [17/Dec/2021:10:49:59 +0800] "GET /xingrg/kc/buy/cgsh_order_operate.html?command=get_materiel&rest_code=00146&code=00101007049&supplier_code=00100002&order_time=2021-12-17 HTTP/1.1" 200 409
116.235.94.0 - - [17/Dec/2021:10:50:02 +0800] "GET /xingrg/kc/base/wldb_order_operate.html?command=get_materiel&rest_code=00104&base_code=0010032&code=00101019183 HTTP/1.1" 200 434
116.238.208.177 - - [17/Dec/2021:10:50:05 +0800] "POST /xingrg/kc/mdqp/pssh_list_operate.html HTTP/1.1" 200 5600
124.77.245.186 - - [17/Dec/2021:10:50:05 +0800] "GET /xingrg/all/function/internal_message.html?_=1639709420398&CODE_STATE=getMsg HTTP/1.1" 200 27
101.89.239.120 - - [17/Dec/2021:10:50:06 +0800] "GET /xingrg/all/function/internal_message.html?_=1639707763535&CODE_STATE=getMsg HTTP/1.1" 302 -
116.238.208.177 - - [17/Dec/2021:10:50:06 +0800] "POST /xingrg/kc/mdqp/pssh_list_operate.html HTTP/1.1" 200 5622
101.89.239.120 - - [17/Dec/2021:10:50:08 +0800] "GET /xingrg/login.html HTTP/1.1" 200 7641
116.238.248.233 - - [17/Dec/2021:10:50:08 +0800] "GET /xingrg/all/function/internal_message.html?_=1639709405551&CODE_STATE=getMsg HTTP/1.1" 200 27
222.70.176.97 - - [17/Dec/2021:10:50:10 +0800] "GET /xingrg/all/function/internal_message.html?_=1639709405668&CODE_STATE=getMsg HTTP/1.1" 200 27
124.77.245.186 - - [17/Dec/2021:10:50:11 +0800] "GET /xingrg/all/function/internal_message.html?_=1639709424124&CODE_STATE=getMsg HTTP/1.1" 302 -
116.233.78.125 - - [17/Dec/2021:10:50:13 +0800] "GET /xingrg/all/function/internal_message.html?_=1639709411926&CODE_STATE=getMsg HTTP/1.1" 200 27
116.238.208.177 - - [17/Dec/2021:10:50:13 +0800] "POST /xingrg/kc/mdqp/pssh_list_operate.html HTTP/1.1" 200 771
116.238.208.177 - - [17/Dec/2021:10:50:13 +0800] "GET /xingrg/kc/mdqp/pssh_order_info.html?code=312021110100003 HTTP/1.1" 200 14386
116.238.208.177 - - [17/Dec/2021:10:50:13 +0800] "GET /xingrg/javascript/jquery_tools/jquery-1.4.2.min.js HTTP/1.1" 404 1094
116.238.208.177 - - [17/Dec/2021:10:50:15 +0800] "POST /xingrg/kc/mdqp/pssh_order_operate.html HTTP/1.1" 200 4216
116.238.208.177 - - [17/Dec/2021:10:50:15 +0800] "GET /xingrg/javascript/easyui/themes/default/validatebox.css HTTP/1.1" 404 1104
116.227.210.113 - - [17/Dec/2021:10:50:15 +0800] "GET /xingrg/check_reg.html?_=1639709400120 HTTP/1.1" 200 22
116.227.210.113 - - [17/Dec/2021:10:50:16 +0800] "GET /xingrg/all/function/internal_message.html?_=1639709400765&CODE_STATE=getMsg HTTP/1.1" 200 27
116.233.78.125 - - [17/Dec/2021:10:50:16 +0800] "POST /xingrg/services/DataTransmitService HTTP/1.1" 200 501
116.233.78.125 - - [17/Dec/2021:10:50:16 +0800] "POST /xingrg/services/DataTransmitService HTTP/1.1" 200 501
116.233.78.125 - - [17/Dec/2021:10:50:17 +0800] "POST /xingrg/services/DataTransmitService HTTP/1.1" 200 501
116.235.94.0 - - [17/Dec/2021:10:50:17 +0800] "GET /xingrg/all/function/internal_message.html?_=1639709539382&CODE_STATE=getMsg HTTP/1.1" 200 27
116.233.78.125 - - [17/Dec/2021:10:50:17 +0800] "POST /xingrg/services/DataTransmitService HTTP/1.1" 200 501
124.77.245.186 - - [17/Dec/2021:10:50:17 +0800] "GET /xingrg/kc/buy/cgsh_order_operate.html?command=get_materiel&rest_code=00146&code=00101007085&supplier_code=00100002&order_time=2021-12-17 HTTP/1.1" 200 413
116.233.78.125 - - [17/Dec/2021:10:50:17 +0800] "POST /xingrg/services/DataTransmitService HTTP/1.1" 200 501
116.233.78.125 - - [17/Dec/2021:10:50:18 +0800] "POST /xingrg/services/DataTransmitService HTTP/1.1" 200 501
116.235.94.0 - - [17/Dec/2021:10:50:19 +0800] "GET /xingrg/kc/base/wldb_order_operate.html?command=get_materiel&rest_code=00104&base_code=0010032&code=00101019175 HTTP/1.1" 200 438
116.233.78.125 - - [17/Dec/2021:10:50:19 +0800] "POST /xingrg/services/DataTransmitService HTTP/1.1" 200 412
180.175.103.30 - - [17/Dec/2021:10:50:21 +0800] "GET /xingrg/all/function/internal_message.html?_=1639709355087&CODE_STATE=getMsg HTTP/1.1" 200 27
222.70.176.97 - - [17/Dec/2021:10:50:23 +0800] "GET /xingrg/all/function/internal_message.html?_=1639709079593&CODE_STATE=getMsg HTTP/1.1" 302 -
61.151.178.165 - - [17/Dec/2021:10:50:24 +0800] "GET /xingrg/all/function/internal_message.html?_=1639708244224&CODE_STATE=getMsg HTTP/1.1" 302 -
116.238.208.177 - - [17/Dec/2021:10:50:25 +0800] "GET /xingrg/all/function/internal_message.html?_=1639709427463&CODE_STATE=getMsg HTTP/1.1" 200 27
61.151.178.165 - - [17/Dec/2021:10:50:26 +0800] "GET /xingrg/login.html HTTP/1.1" 200 7641
180.169.147.146 - - [17/Dec/2021:10:50:27 +0800] "GET /xingrg/check_reg.html?_=1639709419704 HTTP/1.1" 200 22
124.77.245.186 - - [17/Dec/2021:10:50:28 +0800] "GET /xingrg/kc/buy/cgsh_order_operate.html?command=get_materiel&rest_code=00146&code=00101007032&supplier_code=00100002&order_time=2021-12-17 HTTP/1.1" 200 413
116.238.208.177 - - [17/Dec/2021:10:50:28 +0800] "POST /xingrg/kc/mdqp/pssh_list_operate.html HTTP/1.1" 200 5622
116.235.94.0 - - [17/Dec/2021:10:50:29 +0800] "GET /xingrg/javascript/easyui/themes/default/images/button_plain_hover.png HTTP/1.1" 304 -
116.235.94.0 - - [17/Dec/2021:10:50:29 +0800] "GET /xingrg/javascript/easyui/themes/default/images/button_plain_hover.png HTTP/1.1" 304 -
116.235.94.0 - - [17/Dec/2021:10:50:30 +0800] "GET /xingrg/javascript/easyui/themes/default/images/button_plain_hover.png HTTP/1.1" 304 -
116.238.208.177 - - [17/Dec/2021:10:50:30 +0800] "POST /xingrg/kc/mdqp/pssh_list_operate.html HTTP/1.1" 200 5611
116.235.94.0 - - [17/Dec/2021:10:50:31 +0800] "GET /xingrg/kc/base/wldb_order_operate.html?command=get_materiel&rest_code=00104&base_code=0010032&code=00101016044 HTTP/1.1" 200 464
116.235.94.0 - - [17/Dec/2021:10:50:33 +0800] "GET /xingrg/javascript/easyui/themes/default/images/button_plain_hover.png HTTP/1.1" 304 -
116.235.94.0 - - [17/Dec/2021:10:50:33 +0800] "GET /xingrg/javascript/easyui/themes/default/images/button_plain_hover.png HTTP/1.1" 304 -
116.235.94.0 - - [17/Dec/2021:10:50:33 +0800] "GET /xingrg/javascript/easyui/themes/default/images/button_plain_hover.png HTTP/1.1" 304 -
116.238.208.177 - - [17/Dec/2021:10:50:33 +0800] "POST /xingrg/kc/mdqp/pssh_list_operate.html HTTP/1.1" 200 357
116.238.248.233 - - [17/Dec/2021:10:50:34 +0800] "GET /xingrg/kc/buy/cgsh_order_list.html HTTP/1.1" 200 49429
116.238.248.233 - - [17/Dec/2021:10:50:35 +0800] "POST /xingrg/kc/buy/cgsh_list_operate.html HTTP/1.1" 200 876
116.235.94.0 - - [17/Dec/2021:10:50:37 +0800] "POST /xingrg/kc/buy/cgsh_order_operate.html HTTP/1.1" 200 37
116.238.248.233 - - [17/Dec/2021:10:50:37 +0800] "GET /xingrg/kc/buy/cgsh_order_add.html HTTP/1.1" 200 65076
116.238.248.233 - - [17/Dec/2021:10:50:37 +0800] "POST /xingrg/kc/buy/cgsh_order_operate.html HTTP/1.1" 200 8245
116.238.248.233 - - [17/Dec/2021:10:50:37 +0800] "GET /xingrg/javascript/easyui/themes/default/validatebox.css HTTP/1.1" 404 1104
124.77.245.186 - - [17/Dec/2021:10:50:39 +0800] "POST /xingrg/kc/buy/cgsh_order_operate.html HTTP/1.1" 200 37
116.235.94.0 - - [17/Dec/2021:10:50:39 +0800] "POST /xingrg/kc/buy/cgsh_order_operate.html HTTP/1.1" 200 2656
116.235.94.0 - - [17/Dec/2021:10:50:39 +0800] "GET /xingrg/javascript/easyui/themes/default/images/button_plain_hover.png HTTP/1.1" 304 -
116.235.94.0 - - [17/Dec/2021:10:50:40 +0800] "GET /xingrg/javascript/easyui/themes/default/images/button_plain_hover.png HTTP/1.1" 304 -
114.85.125.222 - - [17/Dec/2021:10:50:40 +0800] "GET /xingrg/all/function/internal_message.html?_=1639709390222&CODE_STATE=getMsg HTTP/1.1" 200 27
116.238.208.177 - - [17/Dec/2021:10:50:40 +0800] "POST /xingrg/kc/mdqp/pssh_list_operate.html HTTP/1.1" 200 728
116.235.94.0 - - [17/Dec/2021:10:50:40 +0800] "GET /xingrg/javascript/easyui/themes/default/images/button_plain_hover.png HTTP/1.1" 304 -
116.235.94.0 - - [17/Dec/2021:10:50:40 +0800] "GET /xingrg/javascript/easyui/themes/default/images/button_plain_hover.png HTTP/1.1" 304 -
116.235.94.0 - - [17/Dec/2021:10:50:41 +0800] "GET /xingrg/javascript/easyui/themes/default/images/button_plain_hover.png HTTP/1.1" 304 -
124.77.245.186 - - [17/Dec/2021:10:50:41 +0800] "POST /xingrg/kc/buy/cgsh_order_operate.html HTTP/1.1" 200 4424
116.235.94.0 - - [17/Dec/2021:10:50:41 +0800] "GET /xingrg/kc/print/load_config.html?kc_code=cgsh HTTP/1.1" 200 1943
116.235.94.0 - - [17/Dec/2021:10:50:41 +0800] "GET /xingrg/kc/print/load_data.html?order_code=212021121706858&kc_code=cgsh&condition= HTTP/1.1" 200 719
116.238.208.177 - - [17/Dec/2021:10:50:41 +0800] "GET /xingrg/kc/mdqp/pssh_order_info.html?code=312021102600627 HTTP/1.1" 200 14386
116.238.208.177 - - [17/Dec/2021:10:50:41 +0800] "GET /xingrg/javascript/jquery_tools/jquery-1.4.2.min.js HTTP/1.1" 404 1094
116.238.208.177 - - [17/Dec/2021:10:50:42 +0800] "POST /xingrg/kc/mdqp/pssh_order_operate.html HTTP/1.1" 200 6251
116.238.208.177 - - [17/Dec/2021:10:50:43 +0800] "GET /xingrg/javascript/easyui/themes/default/validatebox.css HTTP/1.1" 404 1104
124.77.245.186 - - [17/Dec/2021:10:50:44 +0800] "GET /xingrg/kc/print/load_data.html?order_code=212021121706859&kc_code=cgsh&condition= HTTP/1.1" 200 1420
61.170.234.223 - - [17/Dec/2021:10:50:45 +0800] "GET /xingrg/login.html HTTP/1.1" 200 7641
61.170.234.223 - - [17/Dec/2021:10:50:46 +0800] "GET /favicon.ico HTTP/1.1" 404 -
114.88.158.169 - - [17/Dec/2021:10:50:46 +0800] "GET /xingrg/all/function/internal_message.html?_=1639709257240&CODE_STATE=getMsg HTTP/1.1" 200 27
180.169.147.146 - - [17/Dec/2021:10:50:47 +0800] "GET /xingrg/check_reg.html?_=1639709452460 HTTP/1.1" 200 22
61.170.234.223 - - [17/Dec/2021:10:50:48 +0800] "POST /xingrg/login.do HTTP/1.1" 302 -
61.170.234.223 - - [17/Dec/2021:10:50:48 +0800] "GET /xingrg/index.html?sysBaseUrl=http%3A%2F%2F180.169.147.146%3A18081%2Fxingrg%2F&costTime=41×tamp=1639709448217 HTTP/1.1" 200 17173
61.170.234.223 - - [17/Dec/2021:10:50:48 +0800] "POST /xingrg/all/common/load_tree.html?tree=area_rest_tree_json&manage=1 HTTP/1.1" 200 342
61.170.234.223 - - [17/Dec/2021:10:50:48 +0800] "GET /favicon.ico HTTP/1.1" 404 -
61.170.234.223 - - [17/Dec/2021:10:50:48 +0800] "GET /xingrg/all/function/internal_message.html?_=1639709442688&CODE_STATE=count HTTP/1.1" 200 11
61.170.234.223 - - [17/Dec/2021:10:50:48 +0800] "GET /xingrg/check_reg.html?_=1639709442693 HTTP/1.1" 200 22
61.170.234.223 - - [17/Dec/2021:10:50:48 +0800] "POST /xingrg/load_menu.html HTTP/1.1" 200 5138
120.253.135.82 - - [17/Dec/2021:10:50:50 +0800] "GET /xingrg/all/function/internal_message.html?_=1639709446555&CODE_STATE=getMsg HTTP/1.1" 200 27
116.235.94.0 - - [17/Dec/2021:10:50:50 +0800] "GET /xingrg/kc/base/wldb_order_operate.html?command=get_materiel&rest_code=00104&base_code=0010032&code=00101019074 HTTP/1.1" 200 456
114.83.216.59 - - [17/Dec/2021:10:50:51 +0800] "GET /xingrg/all/function/internal_message.html?_=1639709447682&CODE_STATE=getMsg HTTP/1.1" 200 27
120.253.135.82 - - [17/Dec/2021:10:50:54 +0800] "POST /xingrg/kc/buy/cgsh_order_operate.html HTTP/1.1" 200 37
116.235.94.0 - - [17/Dec/2021:10:50:57 +0800] "GET /xingrg/all/function/internal_message.html?_=1639709474123&CODE_STATE=getMsg HTTP/1.1" 200 27
120.253.135.82 - - [17/Dec/2021:10:51:03 +0800] "POST /xingrg/kc/buy/cgsh_order_operate.html HTTP/1.1" 200 12
124.77.245.186 - - [17/Dec/2021:10:51:04 +0800] "GET /xingrg/kc/buy/cgsh_order_add.html HTTP/1.1" 200 65158
116.238.248.233 - - [17/Dec/2021:10:51:04 +0800] "GET /xingrg/kc/buy/cgsh_order_operate.html?command=get_materiel&rest_code=00150&code=00102009949&supplier_code=00100212&order_time=2021-12-17 HTTP/1.1" 200 410
124.77.245.186 - - [17/Dec/2021:10:51:04 +0800] "POST /xingrg/kc/buy/cgsh_order_operate.html HTTP/1.1" 200 8245
124.77.245.186 - - [17/Dec/2021:10:51:05 +0800] "GET /xingrg/javascript/easyui/themes/default/validatebox.css HTTP/1.1" 404 1104
61.170.234.223 - - [17/Dec/2021:10:51:05 +0800] "GET /xingrg/kc/buy/buy_main.html HTTP/1.1" 200 12412
61.170.234.223 - - [17/Dec/2021:10:51:05 +0800] "GET /xingrg/css/new_ie.css HTTP/1.1" 404 1036
124.77.245.186 - - [17/Dec/2021:10:51:05 +0800] "GET /xingrg/all/function/internal_message.html?_=1639709480412&CODE_STATE=getMsg HTTP/1.1" 200 27
61.170.234.223 - - [17/Dec/2021:10:51:06 +0800] "GET /xingrg/images/yd/bt.gif HTTP/1.1" 404 1040
61.170.234.223 - - [17/Dec/2021:10:51:06 +0800] "GET /xingrg/kc/buy/cgsh_order_list.html HTTP/1.1" 200 49423
116.238.248.233 - - [17/Dec/2021:10:51:08 +0800] "GET /xingrg/all/function/internal_message.html?_=1639709465553&CODE_STATE=getMsg HTTP/1.1" 200 27
116.238.248.233 - - [17/Dec/2021:10:51:09 +0800] "GET /xingrg/check_reg.html?_=1639709465873 HTTP/1.1" 200 22
61.170.234.223 - - [17/Dec/2021:10:51:09 +0800] "POST /xingrg/kc/buy/cgsh_list_operate.html HTTP/1.1" 200 1687
222.70.176.97 - - [17/Dec/2021:10:51:10 +0800] "GET /xingrg/all/function/internal_message.html?_=1639709465641&CODE_STATE=getMsg HTTP/1.1" 200 27
61.170.234.223 - - [17/Dec/2021:10:51:11 +0800] "GET /xingrg/kc/buy/cgsh_order_add.html HTTP/1.1" 200 65199
124.77.245.186 - - [17/Dec/2021:10:51:11 +0800] "GET /xingrg/all/function/internal_message.html?_=1639709484136&CODE_STATE=getMsg HTTP/1.1" 302 -
61.170.234.223 - - [17/Dec/2021:10:51:12 +0800] "GET /xingrg/all/common/auto_word.html?type=employee&rest_code=00106 HTTP/1.1" 200 205
61.170.234.223 - - [17/Dec/2021:10:51:12 +0800] "GET /xingrg/all/common/auto_word.html?type=employee&rest_code=00106 HTTP/1.1" 200 205
61.170.234.223 - - [17/Dec/2021:10:51:12 +0800] "GET /xingrg/javascript/easyui/themes/default/validatebox.css HTTP/1.1" 404 1104
61.170.234.223 - - [17/Dec/2021:10:51:12 +0800] "POST /xingrg/kc/buy/cgsh_order_operate.html HTTP/1.1" 200 8245
116.233.78.125 - - [17/Dec/2021:10:51:13 +0800] "GET /xingrg/all/function/internal_message.html?_=1639709471919&CODE_STATE=getMsg HTTP/1.1" 200 27
116.235.94.0 - - [17/Dec/2021:10:51:13 +0800] "GET /xingrg/javascript/easyui/themes/default/images/button_plain_hover.png HTTP/1.1" 304 -
116.235.94.0 - - [17/Dec/2021:10:51:13 +0800] "GET /xingrg/javascript/easyui/themes/default/images/button_plain_hover.png HTTP/1.1" 304 -
222.70.176.97 - - [17/Dec/2021:10:51:13 +0800] "GET /xingrg/check_reg.html?_=1639709469218 HTTP/1.1" 200 22
116.235.94.0 - - [17/Dec/2021:10:51:13 +0800] "GET /xingrg/javascript/easyui/themes/default/images/button_plain_hover.png HTTP/1.1" 304 -
61.170.234.223 - - [17/Dec/2021:10:51:14 +0800] "GET /xingrg/javascript/easyui/themes/default/tree.css HTTP/1.1" 404 1090
61.170.234.223 - - [17/Dec/2021:10:51:14 +0800] "POST /xingrg/all/common/load_tree.html?tree=supplier_tree_json&isDelete=1 HTTP/1.1" 200 61427
116.227.210.113 - - [17/Dec/2021:10:51:16 +0800] "GET /xingrg/all/function/internal_message.html?_=1639709460759&CODE_STATE=getMsg HTTP/1.1" 200 27
116.235.94.0 - - [17/Dec/2021:10:51:16 +0800] "GET /xingrg/javascript/easyui/themes/default/images/button_plain_hover.png HTTP/1.1" 304 -
116.235.94.0 - - [17/Dec/2021:10:51:16 +0800] "GET /xingrg/javascript/easyui/themes/default/images/button_plain_hover.png HTTP/1.1" 304 -
116.235.94.0 - - [17/Dec/2021:10:51:16 +0800] "GET /xingrg/javascript/easyui/themes/default/images/button_plain_hover.png HTTP/1.1" 304 -
116.235.94.0 - - [17/Dec/2021:10:51:17 +0800] "GET /xingrg/all/function/internal_message.html?_=1639709599361&CODE_STATE=getMsg HTTP/1.1" 200 27
116.235.94.0 - - [17/Dec/2021:10:51:17 +0800] "GET /xingrg/check_reg.html?_=1639709599362 HTTP/1.1" 200 22
116.235.94.0 - - [17/Dec/2021:10:51:17 +0800] "GET /xingrg/javascript/easyui/themes/default/images/button_plain_hover.png HTTP/1.1" 304 -
116.235.94.0 - - [17/Dec/2021:10:51:17 +0800] "GET /xingrg/javascript/easyui/themes/default/images/button_plain_hover.png HTTP/1.1" 304 -
116.235.94.0 - - [17/Dec/2021:10:51:17 +0800] "GET /xingrg/javascript/easyui/themes/default/images/button_plain_hover.png HTTP/1.1" 304 -
116.235.94.0 - - [17/Dec/2021:10:51:17 +0800] "GET /xingrg/javascript/easyui/themes/default/images/button_plain_hover.png HTTP/1.1" 304 -
116.235.94.0 - - [17/Dec/2021:10:51:17 +0800] "GET /xingrg/javascript/easyui/themes/default/images/button_plain_hover.png HTTP/1.1" 304 -
116.235.94.0 - - [17/Dec/2021:10:51:18 +0800] "GET /xingrg/css/base.css HTTP/1.1" 304 -
116.235.94.0 - - [17/Dec/2021:10:51:18 +0800] "GET /xingrg/css/site.css HTTP/1.1" 304 -
116.235.94.0 - - [17/Dec/2021:10:51:18 +0800] "GET /xingrg/javascript/easyui/themes/icon.css HTTP/1.1" 304 -
116.235.94.0 - - [17/Dec/2021:10:51:18 +0800] "GET /xingrg/javascript/jquery_tools/table.css HTTP/1.1" 304 -
116.235.94.0 - - [17/Dec/2021:10:51:18 +0800] "GET /xingrg/javascript/auto/jquery.autocomplete.css HTTP/1.1" 304 -
116.235.94.0 - - [17/Dec/2021:10:51:18 +0800] "GET /xingrg/javascript/jquery_tools/jquery.tools.extend.js HTTP/1.1" 304 -
116.235.94.0 - - [17/Dec/2021:10:51:18 +0800] "GET /xingrg/javascript/jquery_tools/datebox.css HTTP/1.1" 304 -
116.235.94.0 - - [17/Dec/2021:10:51:18 +0800] "GET /xingrg/javascript/easyui/themes/default/easyui.css HTTP/1.1" 304 -
116.235.94.0 - - [17/Dec/2021:10:51:18 +0800] "GET /xingrg/javascript/pic_change.js HTTP/1.1" 304 -
116.235.94.0 - - [17/Dec/2021:10:51:18 +0800] "GET /xingrg/kc/buy/cgsh_order_add.html HTTP/1.1" 200 65193
116.235.94.0 - - [17/Dec/2021:10:51:18 +0800] "GET /xingrg/javascript/jquery_tools/fix.css HTTP/1.1" 304 -
116.235.94.0 - - [17/Dec/2021:10:51:18 +0800] "GET /xingrg/javascript/auto/jquery.autocomplete.js HTTP/1.1" 304 -
116.235.94.0 - - [17/Dec/2021:10:51:18 +0800] "GET /xingrg/javascript/jquery_tools/jquery.tools.min.js HTTP/1.1" 304 -
116.235.94.0 - - [17/Dec/2021:10:51:18 +0800] "GET /xingrg/javascript/convert.js HTTP/1.1" 304 -
116.235.94.0 - - [17/Dec/2021:10:51:18 +0800] "GET /xingrg/javascript/jquery_tools/jquery.tools.table.js HTTP/1.1" 304 -
116.235.94.0 - - [17/Dec/2021:10:51:18 +0800] "GET /xingrg/javascript/jquery.utils.js HTTP/1.1" 304 -
116.235.94.0 - - [17/Dec/2021:10:51:18 +0800] "GET /xingrg/javascript/jquery_tools/jquery.tools.hotkey.js HTTP/1.1" 304 -
116.235.94.0 - - [17/Dec/2021:10:51:18 +0800] "GET /xingrg/javascript/easyui/easyloader.js HTTP/1.1" 304 -
116.235.94.0 - - [17/Dec/2021:10:51:18 +0800] "GET /xingrg/javascript/jquery_tools/order_manager.js HTTP/1.1" 304 -
116.235.94.0 - - [17/Dec/2021:10:51:18 +0800] "GET /xingrg/javascript/json2.js HTTP/1.1" 304 -
116.235.94.0 - - [17/Dec/2021:10:51:18 +0800] "GET /xingrg/javascript/print/kc_print.js HTTP/1.1" 304 -
116.235.94.0 - - [17/Dec/2021:10:51:18 +0800] "GET /xingrg/javascript/print/LodopFuncs.js HTTP/1.1" 304 -
116.235.94.0 - - [17/Dec/2021:10:51:18 +0800] "GET /xingrg/javascript/jquery.cookie.js HTTP/1.1" 304 -
116.235.94.0 - - [17/Dec/2021:10:51:20 +0800] "GET /xingrg/words/20211216165714_words.js HTTP/1.1" 304 -
116.235.94.0 - - [17/Dec/2021:10:51:21 +0800] "GET /xingrg/javascript/easyui/themes/icons/copy_new.png HTTP/1.1" 304 -
116.235.94.0 - - [17/Dec/2021:10:51:21 +0800] "GET /xingrg/javascript/easyui/themes/icons/template_new.png HTTP/1.1" 304 -
116.235.94.0 - - [17/Dec/2021:10:51:21 +0800] "GET /xingrg/javascript/easyui/themes/icons/ok.png HTTP/1.1" 304 -
116.235.94.0 - - [17/Dec/2021:10:51:21 +0800] "GET /xingrg/javascript/easyui/themes/icons/print.png HTTP/1.1" 304 -
116.235.94.0 - - [17/Dec/2021:10:51:21 +0800] "GET /xingrg/javascript/easyui/themes/default/images/menu_downarrow.png HTTP/1.1" 304 -
116.235.94.0 - - [17/Dec/2021:10:51:21 +0800] "GET /xingrg/javascript/easyui/themes/icons/cancel.png HTTP/1.1" 304 -
116.235.94.0 - - [17/Dec/2021:10:51:21 +0800] "GET /xingrg/javascript/easyui/plugins/jquery.parser.js HTTP/1.1" 304 -
116.235.94.0 - - [17/Dec/2021:10:51:21 +0800] "POST /xingrg/kc/buy/cgsh_order_operate.html HTTP/1.1" 200 8245
116.235.94.0 - - [17/Dec/2021:10:51:21 +0800] "GET /xingrg/all/common/auto_word.html?type=employee&rest_code=00104 HTTP/1.1" 200 245
116.235.94.0 - - [17/Dec/2021:10:51:21 +0800] "GET /xingrg/all/common/auto_word.html?type=employee&rest_code=00104 HTTP/1.1" 200 245
116.235.94.0 - - [17/Dec/2021:10:51:21 +0800] "GET /xingrg/javascript/easyui/themes/default/validatebox.css HTTP/1.1" 404 1104
116.235.94.0 - - [17/Dec/2021:10:51:21 +0800] "GET /xingrg/javascript/easyui/plugins/jquery.validatebox.js HTTP/1.1" 304 -
116.235.94.0 - - [17/Dec/2021:10:51:21 +0800] "GET /xingrg/javascript/easyui/plugins/jquery.numberbox.js HTTP/1.1" 304 -
124.77.245.186 - - [17/Dec/2021:10:51:21 +0800] "GET /xingrg/kc/buy/cgsh_order_operate.html?command=get_materiel&rest_code=00146&code=00101012026&supplier_code=00100033&order_time=2021-12-17 HTTP/1.1" 200 408
180.175.103.30 - - [17/Dec/2021:10:51:21 +0800] "GET /xingrg/all/function/internal_message.html?_=1639709415088&CODE_STATE=getMsg HTTP/1.1" 200 27
116.235.94.0 - - [17/Dec/2021:10:51:22 +0800] "GET /xingrg/javascript/easyui/plugins/jquery.draggable.js HTTP/1.1" 304 -
116.235.94.0 - - [17/Dec/2021:10:51:22 +0800] "GET /xingrg/css/images/panel_loading.gif HTTP/1.1" 304 -
116.235.94.0 - - [17/Dec/2021:10:51:22 +0800] "GET /xingrg/javascript/easyui/plugins/jquery.droppable.js HTTP/1.1" 304 -
116.235.94.0 - - [17/Dec/2021:10:51:22 +0800] "GET /xingrg/javascript/easyui/themes/default/tree.css HTTP/1.1" 404 1090
116.235.94.0 - - [17/Dec/2021:10:51:22 +0800] "GET /xingrg/javascript/easyui/plugins/jquery.tree.js HTTP/1.1" 304 -
116.235.94.0 - - [17/Dec/2021:10:51:22 +0800] "POST /xingrg/all/common/load_tree.html?tree=supplier_tree_json&isDelete=1 HTTP/1.1" 200 61427
222.70.176.97 - - [17/Dec/2021:10:51:23 +0800] "GET /xingrg/all/function/internal_message.html?_=1639709139593&CODE_STATE=getMsg HTTP/1.1" 302 -
116.238.248.233 - - [17/Dec/2021:10:51:24 +0800] "GET /xingrg/kc/buy/cgsh_order_operate.html?command=get_materiel&rest_code=00150&code=00102016246&supplier_code=00100212&order_time=2021-12-17 HTTP/1.1" 200 412
116.235.94.0 - - [17/Dec/2021:10:51:24 +0800] "GET /xingrg/javascript/easyui/themes/default/images/tree_folder_open.gif HTTP/1.1" 304 -
116.235.94.0 - - [17/Dec/2021:10:51:24 +0800] "GET /xingrg/javascript/easyui/themes/default/images/tree_folder.gif HTTP/1.1" 304 -
116.235.94.0 - - [17/Dec/2021:10:51:24 +0800] "GET /xingrg/javascript/easyui/themes/default/images/tree_file.gif HTTP/1.1" 304 -
116.235.94.0 - - [17/Dec/2021:10:51:25 +0800] "POST /xingrg/kc/base/wldb_order_operate.html HTTP/1.1" 200 37
116.238.208.177 - - [17/Dec/2021:10:51:25 +0800] "GET /xingrg/all/function/internal_message.html?_=1639709487465&CODE_STATE=getMsg HTTP/1.1" 200 27
116.235.94.0 - - [17/Dec/2021:10:51:26 +0800] "GET /xingrg/kc/base/wldb_order_info.html?code=422021121601745 HTTP/1.1" 200 30295
116.235.94.0 - - [17/Dec/2021:10:51:26 +0800] "POST /xingrg/kc/base/wldb_order_operate.html HTTP/1.1" 200 7157
116.235.94.0 - - [17/Dec/2021:10:51:27 +0800] "GET /xingrg/javascript/easyui/themes/default/validatebox.css HTTP/1.1" 404 1104
116.235.94.0 - - [17/Dec/2021:10:51:27 +0800] "POST /xingrg/kc/base/wldb_order_operate.html HTTP/1.1" 200 7157
61.170.234.223 - - [17/Dec/2021:10:51:29 +0800] "GET /xingrg/javascript/auto/indicator.gif HTTP/1.1" 404 1066
116.238.208.177 - - [17/Dec/2021:10:51:31 +0800] "POST /xingrg/kc/mdqp/pssh_list_operate.html HTTP/1.1" 200 5611
61.170.234.223 - - [17/Dec/2021:10:51:32 +0800] "GET /xingrg/kc/buy/cgsh_order_operate.html?command=get_materiel&rest_code=00106&code=00101008146&supplier_code=00100009&order_time=2021-12-17 HTTP/1.1" 200 416
116.238.208.177 - - [17/Dec/2021:10:51:33 +0800] "POST /xingrg/kc/mdqp/pssh_list_operate.html HTTP/1.1" 200 5611
116.238.248.233 - - [17/Dec/2021:10:51:34 +0800] "POST /xingrg/kc/buy/cgsh_order_operate.html HTTP/1.1" 200 37
116.238.248.233 - - [17/Dec/2021:10:51:37 +0800] "POST /xingrg/kc/buy/cgsh_order_operate.html HTTP/1.1" 200 12
116.238.248.233 - - [17/Dec/2021:10:51:38 +0800] "GET /xingrg/kc/buy/cgsh_order_info.html?code=212021121706860 HTTP/1.1" 200 59977
116.238.248.233 - - [17/Dec/2021:10:51:38 +0800] "GET /xingrg/javascript/easyui/themes/default/validatebox.css HTTP/1.1" 404 1104
116.238.248.233 - - [17/Dec/2021:10:51:39 +0800] "POST /xingrg/kc/buy/cgsh_order_operate.html HTTP/1.1" 200 1200
116.238.248.233 - - [17/Dec/2021:10:51:40 +0800] "GET /xingrg/kc/print/load_data.html?order_code=212021121706860&kc_code=cgsh&condition= HTTP/1.1" 200 907
114.85.125.222 - - [17/Dec/2021:10:51:40 +0800] "GET /xingrg/all/function/internal_message.html?_=1639709450249&CODE_STATE=getMsg HTTP/1.1" 200 27
116.238.208.177 - - [17/Dec/2021:10:51:41 +0800] "GET /xingrg/kc/base/wldb_order_list.html HTTP/1.1" 200 19060
116.238.208.177 - - [17/Dec/2021:10:51:42 +0800] "POST /xingrg/kc/base/wldb_list_operate.html HTTP/1.1" 200 1765
120.253.135.82 - - [17/Dec/2021:10:51:43 +0800] "GET /xingrg/kc/buy/cgsh_order_info.html?code=212021121706857 HTTP/1.1" 200 59119
116.238.208.177 - - [17/Dec/2021:10:51:43 +0800] "GET /xingrg/kc/base/wldb_order_add.html HTTP/1.1" 200 30270
120.253.135.82 - - [17/Dec/2021:10:51:44 +0800] "GET /xingrg/javascript/easyui/themes/default/validatebox.css HTTP/1.1" 404 1104
120.253.135.82 - - [17/Dec/2021:10:51:45 +0800] "POST /xingrg/kc/buy/cgsh_order_operate.html HTTP/1.1" 200 624
116.238.208.177 - - [17/Dec/2021:10:51:45 +0800] "POST /xingrg/kc/base/wldb_order_operate.html HTTP/1.1" 200 6806
114.88.158.169 - - [17/Dec/2021:10:51:46 +0800] "GET /xingrg/all/function/internal_message.html?_=1639709317220&CODE_STATE=getMsg HTTP/1.1" 200 27
116.238.208.177 - - [17/Dec/2021:10:51:46 +0800] "GET /xingrg/javascript/easyui/themes/default/validatebox.css HTTP/1.1" 404 1104
116.238.208.177 - - [17/Dec/2021:10:51:47 +0800] "POST /xingrg/kc/base/wldb_list_operate.html HTTP/1.1" 200 377
61.170.234.223 - - [17/Dec/2021:10:51:48 +0800] "GET /xingrg/all/function/internal_message.html?_=1639709502703&CODE_STATE=getMsg HTTP/1.1" 200 27
61.170.234.223 - - [17/Dec/2021:10:51:48 +0800] "POST /xingrg/kc/buy/cgsh_order_operate.html HTTP/1.1" 200 37
120.253.135.82 - - [17/Dec/2021:10:51:49 +0800] "POST /xingrg/kc/buy/cgsh_list_operate.html HTTP/1.1" 200 876
120.253.135.82 - - [17/Dec/2021:10:51:50 +0800] "GET /xingrg/all/function/internal_message.html?_=1639709506580&CODE_STATE=getMsg HTTP/1.1" 200 27
114.83.216.59 - - [17/Dec/2021:10:51:51 +0800] "GET /xingrg/all/function/internal_message.html?_=1639709507681&CODE_STATE=getMsg HTTP/1.1" 200 27
61.170.234.223 - - [17/Dec/2021:10:51:53 +0800] "POST /xingrg/kc/buy/cgsh_order_operate.html HTTP/1.1" 200 12
120.253.135.82 - - [17/Dec/2021:10:51:53 +0800] "POST /xingrg/kc/buy/cgsh_list_operate.html HTTP/1.1" 200 876
120.253.135.82 - - [17/Dec/2021:10:51:53 +0800] "POST /xingrg/kc/buy/cgsh_list_operate.html HTTP/1.1" 200 876
61.170.234.223 - - [17/Dec/2021:10:51:55 +0800] "GET /xingrg/kc/buy/cgsh_order_info.html?code=212021121706861 HTTP/1.1" 200 60114
61.170.234.223 - - [17/Dec/2021:10:51:55 +0800] "GET /xingrg/javascript/easyui/themes/default/validatebox.css HTTP/1.1" 404 1104
61.170.234.223 - - [17/Dec/2021:10:51:56 +0800] "POST /xingrg/kc/buy/cgsh_order_operate.html HTTP/1.1" 200 612
116.238.208.177 - - [17/Dec/2021:10:51:56 +0800] "GET /xingrg/kc/base/wldb_order_info.html?code=422021121701756 HTTP/1.1" 200 30284
116.235.94.0 - - [17/Dec/2021:10:51:57 +0800] "GET /xingrg/all/function/internal_message.html?_=1639709534125&CODE_STATE=getMsg HTTP/1.1" 200 27
116.235.94.0 - - [17/Dec/2021:10:51:57 +0800] "GET /xingrg/kc/buy/cgsh_order_operate.html?command=get_materiel&rest_code=00104&code=00101011001&supplier_code=00100036&order_time=2021-12-17 HTTP/1.1" 200 423
61.170.234.223 - - [17/Dec/2021:10:51:57 +0800] "GET /xingrg/kc/print/load_config.html?kc_code=cgsh HTTP/1.1" 200 1943
120.253.135.82 - - [17/Dec/2021:10:51:57 +0800] "GET /xingrg/kc/pszx/mdqp_order_list.html?state=10 HTTP/1.1" 200 10657
