180.175.103.30 - - [17/Dec/2021:10:12:14 +0800] "GET /xingrg/kc/print/load_data.html?order_code=212021121706836&kc_code=cgsh&condition= HTTP/1.1" 200 2151
114.88.158.169 - - [17/Dec/2021:10:12:17 +0800] "GET /xingrg/kc/buy/cgsh_order_operate.html?command=get_materiel&rest_code=00141&code=00101001075&supplier_code=00100040&order_time=2021-12-17 HTTP/1.1" 200 409
180.175.103.30 - - [17/Dec/2021:10:12:20 +0800] "GET /xingrg/index.html?sysBaseUrl=http%3A%2F%2F180.169.147.146%3A18081%2Fxingrg%2F&costTime=36×tamp=1585222720700 HTTP/1.1" 200 17173
180.175.103.30 - - [17/Dec/2021:10:12:20 +0800] "POST /xingrg/all/common/load_tree.html?tree=area_rest_tree_json&manage=1 HTTP/1.1" 200 3472
180.175.103.30 - - [17/Dec/2021:10:12:20 +0800] "GET /xingrg/all/function/internal_message.html?_=1639707136995&CODE_STATE=count HTTP/1.1" 200 11
180.175.103.30 - - [17/Dec/2021:10:12:20 +0800] "GET /xingrg/check_reg.html?_=1639707136996 HTTP/1.1" 200 22
180.175.103.30 - - [17/Dec/2021:10:12:20 +0800] "GET /favicon.ico HTTP/1.1" 404 -
180.175.103.30 - - [17/Dec/2021:10:12:20 +0800] "POST /xingrg/load_menu.html HTTP/1.1" 200 5138
180.175.103.30 - - [17/Dec/2021:10:12:21 +0800] "GET /xingrg/check_reg.html?_=1639707075022 HTTP/1.1" 200 22
180.175.103.30 - - [17/Dec/2021:10:12:21 +0800] "GET /xingrg/all/function/internal_message.html?_=1639707075025&CODE_STATE=getMsg HTTP/1.1" 200 27
180.175.103.30 - - [17/Dec/2021:10:12:23 +0800] "GET /xingrg/kc/buy/cgsh_order_list.html HTTP/1.1" 200 49423
222.70.176.97 - - [17/Dec/2021:10:12:23 +0800] "GET /xingrg/all/function/internal_message.html?_=1639706799593&CODE_STATE=getMsg HTTP/1.1" 302 -
180.169.147.146 - - [17/Dec/2021:10:12:27 +0800] "GET /xingrg/all/function/internal_message.html?_=1639707139818&CODE_STATE=getMsg HTTP/1.1" 200 27
114.88.158.169 - - [17/Dec/2021:10:12:27 +0800] "POST /xingrg/kc/buy/cgsh_order_operate.html HTTP/1.1" 200 37
116.235.94.0 - - [17/Dec/2021:10:12:34 +0800] "GET /xingrg/kc/buy/cgsh_order_operate.html?command=get_materiel&rest_code=00104&code=00101008358&supplier_code=00100005&order_time=2021-12-17 HTTP/1.1" 200 412
114.88.158.169 - - [17/Dec/2021:10:12:36 +0800] "POST /xingrg/kc/buy/cgsh_order_operate.html HTTP/1.1" 200 12
114.85.125.222 - - [17/Dec/2021:10:12:37 +0800] "GET /xingrg/all/function/internal_message.html?_=1639707107038&CODE_STATE=getMsg HTTP/1.1" 200 27
114.88.158.169 - - [17/Dec/2021:10:12:38 +0800] "GET /xingrg/kc/buy/cgsh_order_info.html?code=212021121706837 HTTP/1.1" 200 60108
114.88.158.169 - - [17/Dec/2021:10:12:38 +0800] "GET /xingrg/javascript/easyui/themes/default/validatebox.css HTTP/1.1" 404 1104
114.88.158.169 - - [17/Dec/2021:10:12:39 +0800] "POST /xingrg/kc/buy/cgsh_order_operate.html HTTP/1.1" 200 1189
114.88.158.169 - - [17/Dec/2021:10:12:40 +0800] "GET /xingrg/kc/print/load_data.html?order_code=212021121706837&kc_code=cgsh&condition= HTTP/1.1" 200 997
180.169.147.146 - - [17/Dec/2021:10:12:40 +0800] "POST /xingrg/kc/buy/cgsh_list_operate.html HTTP/1.1" 200 4
180.175.103.30 - - [17/Dec/2021:10:12:41 +0800] "POST /xingrg/kc/buy/cgsh_list_operate.html HTTP/1.1" 200 4215
180.169.147.146 - - [17/Dec/2021:10:12:44 +0800] "POST /xingrg/kc/buy/cgsh_list_operate.html HTTP/1.1" 200 4596
180.175.103.30 - - [17/Dec/2021:10:12:46 +0800] "POST /xingrg/kc/buy/cgsh_list_operate.html HTTP/1.1" 200 198
180.175.103.30 - - [17/Dec/2021:10:12:46 +0800] "GET /xingrg/kc/buy/cgsh_order_info.html?code=212021121706825 HTTP/1.1" 200 65251
180.175.103.30 - - [17/Dec/2021:10:12:46 +0800] "GET /xingrg/words/20211216165714_words.js HTTP/1.1" 304 -
180.175.103.30 - - [17/Dec/2021:10:12:46 +0800] "GET /xingrg/all/common/auto_word.html?type=employee&rest_code=00105 HTTP/1.1" 200 193
180.175.103.30 - - [17/Dec/2021:10:12:46 +0800] "GET /xingrg/all/common/auto_word.html?type=employee&rest_code=00105 HTTP/1.1" 200 193
180.175.103.30 - - [17/Dec/2021:10:12:46 +0800] "GET /xingrg/javascript/easyui/themes/default/validatebox.css HTTP/1.1" 404 1104
116.238.248.233 - - [17/Dec/2021:10:12:47 +0800] "GET /xingrg/all/function/internal_message.html?_=1639707163773&CODE_STATE=getMsg HTTP/1.1" 200 27
180.175.103.30 - - [17/Dec/2021:10:12:47 +0800] "POST /xingrg/kc/buy/cgsh_order_operate.html HTTP/1.1" 200 2653
114.88.158.169 - - [17/Dec/2021:10:12:47 +0800] "GET /xingrg/all/function/internal_message.html?_=1639706978160&CODE_STATE=getMsg HTTP/1.1" 200 27
116.238.208.177 - - [17/Dec/2021:10:12:48 +0800] "GET /xingrg/all/function/internal_message.html?_=1639707170383&CODE_STATE=getMsg HTTP/1.1" 200 27
180.175.103.30 - - [17/Dec/2021:10:12:48 +0800] "GET /xingrg/javascript/auto/indicator.gif HTTP/1.1" 404 1066
114.83.216.59 - - [17/Dec/2021:10:12:51 +0800] "GET /xingrg/all/function/internal_message.html?_=1639707167537&CODE_STATE=getMsg HTTP/1.1" 200 27
114.83.216.59 - - [17/Dec/2021:10:12:51 +0800] "GET /xingrg/check_reg.html?_=1639707167538 HTTP/1.1" 200 22
116.235.94.0 - - [17/Dec/2021:10:12:51 +0800] "GET /xingrg/check_reg.html?_=1639707188715 HTTP/1.1" 200 22
116.235.94.0 - - [17/Dec/2021:10:12:51 +0800] "GET /xingrg/all/function/internal_message.html?_=1639707188774&CODE_STATE=getMsg HTTP/1.1" 200 27
116.235.94.0 - - [17/Dec/2021:10:12:52 +0800] "GET /xingrg/kc/buy/cgsh_order_operate.html?command=get_materiel&rest_code=00104&code=00101008163&supplier_code=00100005&order_time=2021-12-17 HTTP/1.1" 200 409
180.175.103.30 - - [17/Dec/2021:10:12:55 +0800] "POST /xingrg/kc/buy/cgsh_order_operate.html HTTP/1.1" 200 37
116.238.208.177 - - [17/Dec/2021:10:12:57 +0800] "POST /xingrg/all/common/load_combo.html?type=base HTTP/1.1" 200 3145
116.238.208.177 - - [17/Dec/2021:10:13:00 +0800] "POST /xingrg/all/common/load_combo.html?type=base HTTP/1.1" 200 3145
180.175.103.30 - - [17/Dec/2021:10:13:01 +0800] "POST /xingrg/kc/buy/cgsh_order_operate.html HTTP/1.1" 200 2656
120.253.135.82 - - [17/Dec/2021:10:13:02 +0800] "GET /xingrg/check_reg.html?_=1639706959494 HTTP/1.1" 200 22
180.175.103.30 - - [17/Dec/2021:10:13:03 +0800] "GET /xingrg/kc/print/load_config.html?kc_code=cgsh HTTP/1.1" 200 1943
180.175.103.30 - - [17/Dec/2021:10:13:03 +0800] "GET /xingrg/kc/print/load_data.html?order_code=212021121706825&kc_code=cgsh&condition= HTTP/1.1" 200 718
124.77.245.186 - - [17/Dec/2021:10:13:03 +0800] "GET /xingrg/check_reg.html?_=1639707198244 HTTP/1.1" 200 22
124.77.245.186 - - [17/Dec/2021:10:13:04 +0800] "GET /xingrg/all/function/internal_message.html?_=1639707198664&CODE_STATE=getMsg HTTP/1.1" 200 27
116.235.94.0 - - [17/Dec/2021:10:13:05 +0800] "GET /xingrg/kc/buy/cgsh_order_operate.html?command=get_materiel&rest_code=00104&code=00101008361&supplier_code=00100005&order_time=2021-12-17 HTTP/1.1" 200 408
114.88.158.169 - - [17/Dec/2021:10:13:08 +0800] "GET /xingrg/kc/buy/cgsh_order_add.html HTTP/1.1" 200 65199
114.88.158.169 - - [17/Dec/2021:10:13:08 +0800] "POST /xingrg/kc/buy/cgsh_order_operate.html HTTP/1.1" 200 8245
114.88.158.169 - - [17/Dec/2021:10:13:08 +0800] "GET /xingrg/javascript/easyui/themes/default/validatebox.css HTTP/1.1" 404 1104
116.238.208.177 - - [17/Dec/2021:10:13:09 +0800] "GET /xingrg/kc/base/wldb_order_operate.html?command=get_materiel&rest_code=00102&base_code=0010477&code=00102002448 HTTP/1.1" 200 426
222.70.176.97 - - [17/Dec/2021:10:13:10 +0800] "GET /xingrg/all/function/internal_message.html?_=1639707186349&CODE_STATE=getMsg HTTP/1.1" 200 27
124.77.245.186 - - [17/Dec/2021:10:13:11 +0800] "GET /xingrg/all/function/internal_message.html?_=1639707203620&CODE_STATE=getMsg HTTP/1.1" 302 -
114.88.158.169 - - [17/Dec/2021:10:13:19 +0800] "GET /xingrg/kc/buy/cgsh_order_operate.html?command=get_materiel&rest_code=00141&code=00101007077&supplier_code=00100004&order_time=2021-12-17 HTTP/1.1" 200 415
180.175.103.30 - - [17/Dec/2021:10:13:20 +0800] "GET /xingrg/all/function/internal_message.html?_=1639707197007&CODE_STATE=getMsg HTTP/1.1" 200 27
116.238.208.177 - - [17/Dec/2021:10:13:21 +0800] "GET /xingrg/kc/base/wldb_order_operate.html?command=get_materiel&rest_code=00102&base_code=0010477&code=00102001111 HTTP/1.1" 200 440
180.175.103.30 - - [17/Dec/2021:10:13:21 +0800] "GET /xingrg/all/function/internal_message.html?_=1639707135025&CODE_STATE=getMsg HTTP/1.1" 200 27
222.70.176.97 - - [17/Dec/2021:10:13:23 +0800] "GET /xingrg/all/function/internal_message.html?_=1639706859593&CODE_STATE=getMsg HTTP/1.1" 302 -
222.70.176.97 - - [17/Dec/2021:10:13:23 +0800] "GET /xingrg/check_reg.html?_=1639706859594 HTTP/1.1" 302 -
180.169.147.146 - - [17/Dec/2021:10:13:27 +0800] "GET /xingrg/all/function/internal_message.html?_=1639707199788&CODE_STATE=getMsg HTTP/1.1" 200 27
116.235.94.0 - - [17/Dec/2021:10:13:27 +0800] "GET /xingrg/kc/buy/cgsh_order_operate.html?command=get_materiel&rest_code=00104&code=00101008355&supplier_code=00100005&order_time=2021-12-17 HTTP/1.1" 200 408
116.238.208.177 - - [17/Dec/2021:10:13:29 +0800] "POST /xingrg/kc/base/wldb_order_operate.html HTTP/1.1" 200 37
116.238.208.177 - - [17/Dec/2021:10:13:31 +0800] "POST /xingrg/kc/base/wldb_order_operate.html HTTP/1.1" 200 12
116.238.208.177 - - [17/Dec/2021:10:13:31 +0800] "POST /xingrg/kc/base/wldb_order_operate.html HTTP/1.1" 200 2667
116.238.208.177 - - [17/Dec/2021:10:13:33 +0800] "GET /xingrg/kc/base/wldb_order_info.html?code=422021121701748 HTTP/1.1" 200 26146
116.238.208.177 - - [17/Dec/2021:10:13:34 +0800] "POST /xingrg/kc/base/wldb_order_operate.html HTTP/1.1" 200 950
116.238.208.177 - - [17/Dec/2021:10:13:35 +0800] "GET /xingrg/javascript/easyui/themes/default/validatebox.css HTTP/1.1" 404 1104
116.235.94.0 - - [17/Dec/2021:10:13:37 +0800] "GET /xingrg/kc/buy/cgsh_order_operate.html?command=get_materiel&rest_code=00104&code=00101008264&supplier_code=00100005&order_time=2021-12-17 HTTP/1.1" 200 412
114.85.125.222 - - [17/Dec/2021:10:13:37 +0800] "GET /xingrg/all/function/internal_message.html?_=1639707167062&CODE_STATE=getMsg HTTP/1.1" 200 27
180.175.103.30 - - [17/Dec/2021:10:13:45 +0800] "POST /xingrg/kc/buy/cgsh_order_operate.html HTTP/1.1" 200 37
116.238.248.233 - - [17/Dec/2021:10:13:47 +0800] "GET /xingrg/all/function/internal_message.html?_=1639707223822&CODE_STATE=getMsg HTTP/1.1" 200 27
114.88.158.169 - - [17/Dec/2021:10:13:47 +0800] "GET /xingrg/all/function/internal_message.html?_=1639707038144&CODE_STATE=getMsg HTTP/1.1" 200 27
116.238.208.177 - - [17/Dec/2021:10:13:48 +0800] "GET /xingrg/all/function/internal_message.html?_=1639707230396&CODE_STATE=getMsg HTTP/1.1" 200 27
116.235.94.0 - - [17/Dec/2021:10:13:50 +0800] "GET /xingrg/kc/buy/cgsh_order_operate.html?command=get_materiel&rest_code=00104&code=00101008321&supplier_code=00100005&order_time=2021-12-17 HTTP/1.1" 200 412
180.175.103.30 - - [17/Dec/2021:10:13:51 +0800] "POST /xingrg/kc/buy/cgsh_order_operate.html HTTP/1.1" 200 2656
114.83.216.59 - - [17/Dec/2021:10:13:51 +0800] "GET /xingrg/all/function/internal_message.html?_=1639707227542&CODE_STATE=getMsg HTTP/1.1" 200 27
116.235.94.0 - - [17/Dec/2021:10:13:51 +0800] "GET /xingrg/all/function/internal_message.html?_=1639707248788&CODE_STATE=getMsg HTTP/1.1" 200 27
180.175.103.30 - - [17/Dec/2021:10:13:52 +0800] "GET /xingrg/index.html?sysBaseUrl=http%3A%2F%2F180.169.147.146%3A18081%2Fxingrg%2F&costTime=36×tamp=1585222720700 HTTP/1.1" 200 17173
180.175.103.30 - - [17/Dec/2021:10:13:52 +0800] "POST /xingrg/all/common/load_tree.html?tree=area_rest_tree_json&manage=1 HTTP/1.1" 200 3472
180.175.103.30 - - [17/Dec/2021:10:13:52 +0800] "GET /xingrg/check_reg.html?_=1639707229213 HTTP/1.1" 200 22
180.175.103.30 - - [17/Dec/2021:10:13:52 +0800] "GET /xingrg/all/function/internal_message.html?_=1639707229213&CODE_STATE=count HTTP/1.1" 200 11
180.175.103.30 - - [17/Dec/2021:10:13:52 +0800] "GET /favicon.ico HTTP/1.1" 404 -
180.175.103.30 - - [17/Dec/2021:10:13:53 +0800] "POST /xingrg/load_menu.html HTTP/1.1" 200 5138
116.235.94.0 - - [17/Dec/2021:10:13:54 +0800] "POST /xingrg/kc/buy/cgsh_order_operate.html HTTP/1.1" 200 2065
180.175.103.30 - - [17/Dec/2021:10:13:56 +0800] "GET /xingrg/kc/buy/cgsh_order_list.html HTTP/1.1" 200 49423
180.175.103.30 - - [17/Dec/2021:10:13:58 +0800] "POST /xingrg/kc/buy/cgsh_list_operate.html HTTP/1.1" 200 4215
116.235.94.0 - - [17/Dec/2021:10:14:01 +0800] "GET /xingrg/kc/buy/cgsh_order_operate.html?command=get_materiel&rest_code=00104&code=00101008064&supplier_code=00100005&order_time=2021-12-17 HTTP/1.1" 200 412
180.175.103.30 - - [17/Dec/2021:10:14:02 +0800] "POST /xingrg/kc/buy/cgsh_list_operate.html HTTP/1.1" 200 198
180.175.103.30 - - [17/Dec/2021:10:14:02 +0800] "GET /xingrg/kc/buy/cgsh_order_info.html?code=212021121706825 HTTP/1.1" 200 65251
180.175.103.30 - - [17/Dec/2021:10:14:02 +0800] "GET /xingrg/all/common/auto_word.html?type=employee&rest_code=00105 HTTP/1.1" 200 193
180.175.103.30 - - [17/Dec/2021:10:14:02 +0800] "GET /xingrg/javascript/easyui/themes/default/validatebox.css HTTP/1.1" 404 1104
180.175.103.30 - - [17/Dec/2021:10:14:02 +0800] "GET /xingrg/all/common/auto_word.html?type=employee&rest_code=00105 HTTP/1.1" 200 193
180.175.103.30 - - [17/Dec/2021:10:14:03 +0800] "POST /xingrg/kc/buy/cgsh_order_operate.html HTTP/1.1" 200 2656
124.77.245.186 - - [17/Dec/2021:10:14:04 +0800] "GET /xingrg/all/function/internal_message.html?_=1639707258677&CODE_STATE=getMsg HTTP/1.1" 200 27
180.175.103.30 - - [17/Dec/2021:10:14:04 +0800] "GET /xingrg/kc/print/load_config.html?kc_code=cgsh HTTP/1.1" 200 1943
180.175.103.30 - - [17/Dec/2021:10:14:04 +0800] "GET /xingrg/kc/print/load_data.html?order_code=212021121706825&kc_code=cgsh&condition= HTTP/1.1" 200 712
124.77.245.186 - - [17/Dec/2021:10:14:10 +0800] "GET /xingrg/check_reg.html?_=1639707262889 HTTP/1.1" 302 -
222.70.176.97 - - [17/Dec/2021:10:14:10 +0800] "GET /xingrg/all/function/internal_message.html?_=1639707246333&CODE_STATE=getMsg HTTP/1.1" 200 27
124.77.245.186 - - [17/Dec/2021:10:14:11 +0800] "GET /xingrg/all/function/internal_message.html?_=1639707263634&CODE_STATE=getMsg HTTP/1.1" 302 -
116.235.94.0 - - [17/Dec/2021:10:14:12 +0800] "GET /xingrg/kc/buy/cgsh_order_operate.html?command=get_materiel&rest_code=00104&code=00101008360&supplier_code=00100005&order_time=2021-12-17 HTTP/1.1" 200 413
180.175.103.30 - - [17/Dec/2021:10:14:21 +0800] "GET /xingrg/all/function/internal_message.html?_=1639707195025&CODE_STATE=getMsg HTTP/1.1" 200 27
222.70.176.97 - - [17/Dec/2021:10:14:23 +0800] "GET /xingrg/all/function/internal_message.html?_=1639706919593&CODE_STATE=getMsg HTTP/1.1" 302 -
116.235.94.0 - - [17/Dec/2021:10:14:26 +0800] "GET /xingrg/kc/buy/cgsh_order_operate.html?command=get_materiel&rest_code=00104&code=00101008196&supplier_code=00100005&order_time=2021-12-17 HTTP/1.1" 200 416
180.169.147.146 - - [17/Dec/2021:10:14:27 +0800] "GET /xingrg/all/function/internal_message.html?_=1639707259771&CODE_STATE=getMsg HTTP/1.1" 200 27
114.85.125.222 - - [17/Dec/2021:10:14:37 +0800] "GET /xingrg/all/function/internal_message.html?_=1639707227065&CODE_STATE=getMsg HTTP/1.1" 200 27
116.235.94.0 - - [17/Dec/2021:10:14:38 +0800] "GET /xingrg/kc/buy/cgsh_order_operate.html?command=get_materiel&rest_code=00104&code=00101008197&supplier_code=00100005&order_time=2021-12-17 HTTP/1.1" 200 416
61.170.234.223 - - [17/Dec/2021:10:14:44 +0800] "GET /xingrg/login.html HTTP/1.1" 200 7641
61.170.234.223 - - [17/Dec/2021:10:14:46 +0800] "GET /xingrg/images/blue/login_bg.png HTTP/1.1" 304 -
61.170.234.223 - - [17/Dec/2021:10:14:46 +0800] "GET /xingrg/images/blue/hj.png HTTP/1.1" 304 -
61.170.234.223 - - [17/Dec/2021:10:14:46 +0800] "GET /xingrg/images/blue/srbg.png HTTP/1.1" 304 -
61.170.234.223 - - [17/Dec/2021:10:14:46 +0800] "GET /favicon.ico HTTP/1.1" 404 -
116.238.248.233 - - [17/Dec/2021:10:14:47 +0800] "GET /xingrg/check_reg.html?_=1639707283871 HTTP/1.1" 200 22
116.238.248.233 - - [17/Dec/2021:10:14:47 +0800] "GET /xingrg/all/function/internal_message.html?_=1639707283875&CODE_STATE=getMsg HTTP/1.1" 200 27
116.238.208.177 - - [17/Dec/2021:10:14:47 +0800] "GET /xingrg/check_reg.html?_=1639707289394 HTTP/1.1" 200 22
114.88.158.169 - - [17/Dec/2021:10:14:47 +0800] "GET /xingrg/all/function/internal_message.html?_=1639707098120&CODE_STATE=getMsg HTTP/1.1" 200 27
114.88.158.169 - - [17/Dec/2021:10:14:47 +0800] "GET /xingrg/check_reg.html?_=1639707098183 HTTP/1.1" 200 22
116.238.208.177 - - [17/Dec/2021:10:14:48 +0800] "GET /xingrg/all/function/internal_message.html?_=1639707290409&CODE_STATE=getMsg HTTP/1.1" 200 27
61.170.234.223 - - [17/Dec/2021:10:14:48 +0800] "POST /xingrg/login.do HTTP/1.1" 302 -
61.170.234.223 - - [17/Dec/2021:10:14:48 +0800] "GET /xingrg/index.html?sysBaseUrl=http%3A%2F%2F180.169.147.146%3A18081%2Fxingrg%2F&costTime=43×tamp=1639707288598 HTTP/1.1" 200 17173
61.170.234.223 - - [17/Dec/2021:10:14:48 +0800] "GET /favicon.ico HTTP/1.1" 404 -
61.170.234.223 - - [17/Dec/2021:10:14:49 +0800] "POST /xingrg/all/common/load_tree.html?tree=area_rest_tree_json&manage=1 HTTP/1.1" 200 342
61.170.234.223 - - [17/Dec/2021:10:14:49 +0800] "GET /xingrg/all/function/internal_message.html?_=1639707283350&CODE_STATE=count HTTP/1.1" 200 11
61.170.234.223 - - [17/Dec/2021:10:14:49 +0800] "GET /xingrg/check_reg.html?_=1639707283351 HTTP/1.1" 200 22
61.170.234.223 - - [17/Dec/2021:10:14:49 +0800] "POST /xingrg/load_menu.html HTTP/1.1" 200 5138
114.83.216.59 - - [17/Dec/2021:10:14:51 +0800] "GET /xingrg/all/function/internal_message.html?_=1639707287544&CODE_STATE=getMsg HTTP/1.1" 200 27
116.235.94.0 - - [17/Dec/2021:10:14:51 +0800] "GET /xingrg/all/function/internal_message.html?_=1639707308801&CODE_STATE=getMsg HTTP/1.1" 200 27
116.235.94.0 - - [17/Dec/2021:10:14:52 +0800] "GET /xingrg/kc/buy/cgsh_order_operate.html?command=get_materiel&rest_code=00104&code=00101008357&supplier_code=00100005&order_time=2021-12-17 HTTP/1.1" 200 408
180.175.103.30 - - [17/Dec/2021:10:14:52 +0800] "GET /xingrg/all/function/internal_message.html?_=1639707289217&CODE_STATE=getMsg HTTP/1.1" 200 27
116.235.94.0 - - [17/Dec/2021:10:14:57 +0800] "POST /xingrg/kc/buy/cgsh_order_operate.html HTTP/1.1" 200 2065
61.170.234.223 - - [17/Dec/2021:10:14:57 +0800] "POST /xingrg/services/DataTransmitService HTTP/1.1" 200 524
124.77.245.186 - - [17/Dec/2021:10:15:02 +0800] "GET /xingrg/kc/buy/cgsh_order_operate.html?command=get_materiel&rest_code=00146&code=00101008112&supplier_code=00100005&order_time=2021-12-17 HTTP/1.1" 200 412
116.235.94.0 - - [17/Dec/2021:10:15:03 +0800] "GET /xingrg/kc/buy/cgsh_order_operate.html?command=get_materiel&rest_code=00104&code=00101008069&supplier_code=00100005&order_time=2021-12-17 HTTP/1.1" 200 412
124.77.245.186 - - [17/Dec/2021:10:15:04 +0800] "GET /xingrg/all/function/internal_message.html?_=1639707318690&CODE_STATE=getMsg HTTP/1.1" 200 27
61.170.234.223 - - [17/Dec/2021:10:15:10 +0800] "GET /xingrg/javascript/jquery_easy_ui/themes/default/images/tabs_close.gif HTTP/1.1" 304 -
61.170.234.223 - - [17/Dec/2021:10:15:10 +0800] "GET /xingrg/kc/buy/buy_main.html HTTP/1.1" 200 12412
61.170.234.223 - - [17/Dec/2021:10:15:10 +0800] "GET /xingrg/css/new_ie.css HTTP/1.1" 404 1036
61.170.234.223 - - [17/Dec/2021:10:15:10 +0800] "GET /xingrg/javascript/jquery_ui/themes/humanity/humanity.css HTTP/1.1" 304 -
61.170.234.223 - - [17/Dec/2021:10:15:10 +0800] "GET /xingrg/javascript/jquery_ui/jquery-ui.min.js HTTP/1.1" 304 -
61.170.234.223 - - [17/Dec/2021:10:15:10 +0800] "GET /xingrg/images/blue/button/cgydd.gif HTTP/1.1" 304 -
61.170.234.223 - - [17/Dec/2021:10:15:10 +0800] "GET /xingrg/images/blue/button/cgxqd.gif HTTP/1.1" 304 -
61.170.234.223 - - [17/Dec/2021:10:15:10 +0800] "GET /xingrg/images/blue/button/cgshd.gif HTTP/1.1" 304 -
61.170.234.223 - - [17/Dec/2021:10:15:10 +0800] "GET /xingrg/images/blue/button/cgfkd.gif HTTP/1.1" 304 -
61.170.234.223 - - [17/Dec/2021:10:15:10 +0800] "GET /xingrg/images/blue/button/kc.gif HTTP/1.1" 304 -
61.170.234.223 - - [17/Dec/2021:10:15:10 +0800] "GET /xingrg/images/blue/button/ckthd.gif HTTP/1.1" 304 -
61.170.234.223 - - [17/Dec/2021:10:15:10 +0800] "GET /xingrg/images/blue/pic_form2.gif HTTP/1.1" 304 -
61.170.234.223 - - [17/Dec/2021:10:15:10 +0800] "GET /xingrg/javascript/jquery_ui/themes/humanity/images/ui-bg_inset-soft_100_f4f0ec_1x100.png HTTP/1.1" 304 -
61.170.234.223 - - [17/Dec/2021:10:15:10 +0800] "GET /xingrg/images/blue/bg_dotted.jpg HTTP/1.1" 304 -
61.170.234.223 - - [17/Dec/2021:10:15:10 +0800] "GET /xingrg/images/blue/button/right_ah.jpg HTTP/1.1" 304 -
61.170.234.223 - - [17/Dec/2021:10:15:10 +0800] "GET /xingrg/images/blue/button/down_ah.jpg HTTP/1.1" 304 -
222.70.176.97 - - [17/Dec/2021:10:15:10 +0800] "GET /xingrg/all/function/internal_message.html?_=1639707306317&CODE_STATE=getMsg HTTP/1.1" 200 27
61.170.234.223 - - [17/Dec/2021:10:15:10 +0800] "GET /xingrg/javascript/jquery_ui/themes/humanity/images/ui-iconsnew.jpg HTTP/1.1" 304 -
61.170.234.223 - - [17/Dec/2021:10:15:10 +0800] "GET /xingrg/javascript/jquery_ui/themes/humanity/images/ui-icons_ffffff_256x240.png HTTP/1.1" 304 -
61.170.234.223 - - [17/Dec/2021:10:15:10 +0800] "GET /xingrg/javascript/jquery_ui/themes/humanity/images/ui-icons_c47a23_256x240.png HTTP/1.1" 304 -
61.170.234.223 - - [17/Dec/2021:10:15:11 +0800] "GET /xingrg/javascript/jquery_ui/themes/humanity/images/ui-bg_glass_70_ede4d4_1x400.png HTTP/1.1" 304 -
124.77.245.186 - - [17/Dec/2021:10:15:11 +0800] "GET /xingrg/all/function/internal_message.html?_=1639707323648&CODE_STATE=getMsg HTTP/1.1" 302 -
61.170.234.223 - - [17/Dec/2021:10:15:15 +0800] "GET /xingrg/images/yd/bt.gif HTTP/1.1" 404 1040
61.170.234.223 - - [17/Dec/2021:10:15:15 +0800] "GET /xingrg/css/base.css HTTP/1.1" 304 -
61.170.234.223 - - [17/Dec/2021:10:15:15 +0800] "GET /xingrg/css/site.css HTTP/1.1" 304 -
61.170.234.223 - - [17/Dec/2021:10:15:15 +0800] "GET /xingrg/javascript/jquery_tools/datebox.css HTTP/1.1" 304 -
61.170.234.223 - - [17/Dec/2021:10:15:15 +0800] "GET /xingrg/javascript/easyui/themes/default/easyui.css HTTP/1.1" 304 -
61.170.234.223 - - [17/Dec/2021:10:15:15 +0800] "GET /xingrg/javascript/easyui/themes/icon.css HTTP/1.1" 304 -
61.170.234.223 - - [17/Dec/2021:10:15:15 +0800] "GET /xingrg/kc/buy/cgsh_order_list.html HTTP/1.1" 200 49423
61.170.234.223 - - [17/Dec/2021:10:15:15 +0800] "GET /xingrg/javascript/jquery_tools/fix.css HTTP/1.1" 304 -
61.170.234.223 - - [17/Dec/2021:10:15:15 +0800] "GET /xingrg/javascript/jquery_tools/jquery.tools.min.js HTTP/1.1" 304 -
61.170.234.223 - - [17/Dec/2021:10:15:15 +0800] "GET /xingrg/javascript/jquery_tools/table.css HTTP/1.1" 304 -
61.170.234.223 - - [17/Dec/2021:10:15:15 +0800] "GET /xingrg/javascript/jquery_tools/jquery.tools.extend.js HTTP/1.1" 304 -
61.170.234.223 - - [17/Dec/2021:10:15:15 +0800] "GET /xingrg/javascript/jquery_tools/jquery.tools.hotkey.js HTTP/1.1" 304 -
61.170.234.223 - - [17/Dec/2021:10:15:15 +0800] "GET /xingrg/javascript/jquery_tools/list_manager.js HTTP/1.1" 304 -
61.170.234.223 - - [17/Dec/2021:10:15:15 +0800] "GET /xingrg/javascript/jquery_tools/jquery.tools.table.js HTTP/1.1" 304 -
61.170.234.223 - - [17/Dec/2021:10:15:15 +0800] "GET /xingrg/javascript/easyui/easyloader.js HTTP/1.1" 304 -
61.170.234.223 - - [17/Dec/2021:10:15:15 +0800] "GET /xingrg/javascript/jquery.cookie.js HTTP/1.1" 304 -
116.235.94.0 - - [17/Dec/2021:10:15:15 +0800] "GET /xingrg/kc/buy/cgsh_order_operate.html?command=get_materiel&rest_code=00104&code=00101008036&supplier_code=00100005&order_time=2021-12-17 HTTP/1.1" 200 408
124.77.245.186 - - [17/Dec/2021:10:15:18 +0800] "POST /xingrg/kc/buy/cgsh_order_operate.html HTTP/1.1" 200 2065
61.170.234.223 - - [17/Dec/2021:10:15:18 +0800] "GET /xingrg/javascript/easyui/plugins/jquery.parser.js HTTP/1.1" 304 -
61.170.234.223 - - [17/Dec/2021:10:15:18 +0800] "GET /xingrg/images/control/ajaxLoader.gif HTTP/1.1" 304 -
61.170.234.223 - - [17/Dec/2021:10:15:18 +0800] "GET /xingrg/javascript/easyui/themes/icons/import_new.png HTTP/1.1" 304 -
61.170.234.223 - - [17/Dec/2021:10:15:18 +0800] "GET /xingrg/javascript/easyui/themes/icons/field_new.png HTTP/1.1" 304 -
61.170.234.223 - - [17/Dec/2021:10:15:18 +0800] "GET /xingrg/javascript/easyui/themes/icons/check_new.png HTTP/1.1" 304 -
61.170.234.223 - - [17/Dec/2021:10:15:18 +0800] "GET /xingrg/javascript/easyui/themes/icons/cance_new.png HTTP/1.1" 304 -
61.170.234.223 - - [17/Dec/2021:10:15:18 +0800] "GET /xingrg/javascript/easyui/themes/icons/edit_add_new.png HTTP/1.1" 304 -
61.170.234.223 - - [17/Dec/2021:10:15:20 +0800] "POST /xingrg/kc/buy/cgsh_list_operate.html HTTP/1.1" 200 1687
61.170.234.223 - - [17/Dec/2021:10:15:20 +0800] "GET /xingrg/javascript/easyui/themes/default/images/button_plain_hover.png HTTP/1.1" 304 -
61.170.234.223 - - [17/Dec/2021:10:15:21 +0800] "GET /xingrg/kc/buy/cgsh_order_add.html HTTP/1.1" 200 65199
61.170.234.223 - - [17/Dec/2021:10:15:21 +0800] "GET /xingrg/javascript/jquery_tools/order_manager.js HTTP/1.1" 304 -
61.170.234.223 - - [17/Dec/2021:10:15:21 +0800] "GET /xingrg/javascript/json2.js HTTP/1.1" 304 -
61.170.234.223 - - [17/Dec/2021:10:15:21 +0800] "GET /xingrg/javascript/convert.js HTTP/1.1" 304 -
61.170.234.223 - - [17/Dec/2021:10:15:21 +0800] "GET /xingrg/words/20211216165714_words.js HTTP/1.1" 304 -
180.175.103.30 - - [17/Dec/2021:10:15:21 +0800] "GET /xingrg/all/function/internal_message.html?_=1639707255025&CODE_STATE=getMsg HTTP/1.1" 200 27
61.170.234.223 - - [17/Dec/2021:10:15:21 +0800] "GET /xingrg/javascript/easyui/themes/icons/ok.png HTTP/1.1" 304 -
61.170.234.223 - - [17/Dec/2021:10:15:21 +0800] "GET /xingrg/javascript/easyui/themes/icons/template_new.png HTTP/1.1" 304 -
61.170.234.223 - - [17/Dec/2021:10:15:21 +0800] "GET /xingrg/javascript/easyui/themes/icons/copy_new.png HTTP/1.1" 304 -
61.170.234.223 - - [17/Dec/2021:10:15:21 +0800] "GET /xingrg/javascript/easyui/themes/icons/print.png HTTP/1.1" 304 -
61.170.234.223 - - [17/Dec/2021:10:15:21 +0800] "GET /xingrg/javascript/easyui/themes/default/images/menu_downarrow.png HTTP/1.1" 304 -
61.170.234.223 - - [17/Dec/2021:10:15:21 +0800] "GET /xingrg/javascript/easyui/themes/icons/cancel.png HTTP/1.1" 304 -
61.170.234.223 - - [17/Dec/2021:10:15:22 +0800] "GET /xingrg/all/common/auto_word.html?type=employee&rest_code=00106 HTTP/1.1" 200 205
61.170.234.223 - - [17/Dec/2021:10:15:22 +0800] "GET /xingrg/all/common/auto_word.html?type=employee&rest_code=00106 HTTP/1.1" 200 205
61.170.234.223 - - [17/Dec/2021:10:15:22 +0800] "GET /xingrg/javascript/easyui/themes/default/validatebox.css HTTP/1.1" 404 1104
61.170.234.223 - - [17/Dec/2021:10:15:22 +0800] "GET /xingrg/javascript/easyui/plugins/jquery.validatebox.js HTTP/1.1" 304 -
61.170.234.223 - - [17/Dec/2021:10:15:22 +0800] "GET /xingrg/javascript/easyui/plugins/jquery.numberbox.js HTTP/1.1" 304 -
61.170.234.223 - - [17/Dec/2021:10:15:22 +0800] "POST /xingrg/kc/buy/cgsh_order_operate.html HTTP/1.1" 200 8245
116.235.94.0 - - [17/Dec/2021:10:15:22 +0800] "GET /xingrg/kc/buy/cgsh_order_operate.html?command=get_materiel&rest_code=00104&code=00101008286&supplier_code=00100005&order_time=2021-12-17 HTTP/1.1" 200 408
61.170.234.223 - - [17/Dec/2021:10:15:22 +0800] "GET /xingrg/javascript/easyui/themes/icons/edit_remove.png HTTP/1.1" 304 -
61.170.234.223 - - [17/Dec/2021:10:15:22 +0800] "GET /xingrg/javascript/easyui/plugins/jquery.draggable.js HTTP/1.1" 304 -
61.170.234.223 - - [17/Dec/2021:10:15:22 +0800] "GET /xingrg/css/images/panel_loading.gif HTTP/1.1" 304 -
61.170.234.223 - - [17/Dec/2021:10:15:22 +0800] "GET /xingrg/javascript/easyui/plugins/jquery.droppable.js HTTP/1.1" 304 -
61.170.234.223 - - [17/Dec/2021:10:15:22 +0800] "GET /xingrg/javascript/easyui/themes/default/tree.css HTTP/1.1" 404 1090
61.170.234.223 - - [17/Dec/2021:10:15:22 +0800] "GET /xingrg/javascript/easyui/plugins/jquery.tree.js HTTP/1.1" 304 -
61.170.234.223 - - [17/Dec/2021:10:15:23 +0800] "POST /xingrg/all/common/load_tree.html?tree=supplier_tree_json&isDelete=1 HTTP/1.1" 200 61427
222.70.176.97 - - [17/Dec/2021:10:15:23 +0800] "GET /xingrg/all/function/internal_message.html?_=1639706979593&CODE_STATE=getMsg HTTP/1.1" 302 -
61.170.234.223 - - [17/Dec/2021:10:15:24 +0800] "GET /xingrg/javascript/easyui/themes/default/images/tree_arrows.gif HTTP/1.1" 304 -
61.170.234.223 - - [17/Dec/2021:10:15:24 +0800] "GET /xingrg/javascript/easyui/themes/default/images/tree_folder_open.gif HTTP/1.1" 304 -
61.170.234.223 - - [17/Dec/2021:10:15:24 +0800] "GET /xingrg/javascript/easyui/themes/default/images/tree_folder.gif HTTP/1.1" 304 -
61.170.234.223 - - [17/Dec/2021:10:15:24 +0800] "GET /xingrg/javascript/easyui/themes/default/images/tree_file.gif HTTP/1.1" 304 -
180.169.147.146 - - [17/Dec/2021:10:15:27 +0800] "GET /xingrg/all/function/internal_message.html?_=1639707319754&CODE_STATE=getMsg HTTP/1.1" 200 27
180.169.147.146 - - [17/Dec/2021:10:15:27 +0800] "GET /xingrg/check_reg.html?_=1639707319848 HTTP/1.1" 200 22
114.88.158.169 - - [17/Dec/2021:10:15:31 +0800] "POST /xingrg/services/DataTransmitService HTTP/1.1" 200 524
61.170.234.223 - - [17/Dec/2021:10:15:32 +0800] "GET /xingrg/javascript/auto/indicator.gif HTTP/1.1" 404 1066
116.235.94.0 - - [17/Dec/2021:10:15:35 +0800] "GET /xingrg/kc/buy/cgsh_order_operate.html?command=get_materiel&rest_code=00104&code=00101008131&supplier_code=00100005&order_time=2021-12-17 HTTP/1.1" 200 408
61.170.234.223 - - [17/Dec/2021:10:15:35 +0800] "GET /xingrg/kc/buy/cgsh_order_operate.html?command=get_materiel&rest_code=00106&code=00101008155&supplier_code=00100007&order_time=2021-12-17 HTTP/1.1" 200 408
114.85.125.222 - - [17/Dec/2021:10:15:36 +0800] "GET /xingrg/check_reg.html?_=1639707286076 HTTP/1.1" 200 22
114.85.125.222 - - [17/Dec/2021:10:15:37 +0800] "GET /xingrg/all/function/internal_message.html?_=1639707287079&CODE_STATE=getMsg HTTP/1.1" 200 27
61.170.234.223 - - [17/Dec/2021:10:15:46 +0800] "GET /xingrg/kc/buy/cgsh_order_operate.html?command=get_materiel&rest_code=00106&code=00101008110&supplier_code=00100007&order_time=2021-12-17 HTTP/1.1" 200 408
116.238.248.233 - - [17/Dec/2021:10:15:47 +0800] "GET /xingrg/all/function/internal_message.html?_=1639707343923&CODE_STATE=getMsg HTTP/1.1" 200 27
114.88.158.169 - - [17/Dec/2021:10:15:47 +0800] "GET /xingrg/all/function/internal_message.html?_=1639707158102&CODE_STATE=getMsg HTTP/1.1" 200 27
180.169.147.146 - - [17/Dec/2021:10:15:48 +0800] "GET /xingrg/check_reg.html?_=1639707352541 HTTP/1.1" 200 22
116.238.208.177 - - [17/Dec/2021:10:15:48 +0800] "GET /xingrg/all/function/internal_message.html?_=1639707350423&CODE_STATE=getMsg HTTP/1.1" 200 27
61.170.234.223 - - [17/Dec/2021:10:15:49 +0800] "GET /xingrg/all/function/internal_message.html?_=1639707343393&CODE_STATE=getMsg HTTP/1.1" 200 27
114.83.216.59 - - [17/Dec/2021:10:15:51 +0800] "GET /xingrg/all/function/internal_message.html?_=1639707347542&CODE_STATE=getMsg HTTP/1.1" 200 27
116.235.94.0 - - [17/Dec/2021:10:15:51 +0800] "GET /xingrg/all/function/internal_message.html?_=1639707368844&CODE_STATE=getMsg HTTP/1.1" 200 27
180.175.103.30 - - [17/Dec/2021:10:15:52 +0800] "GET /xingrg/all/function/internal_message.html?_=1639707349215&CODE_STATE=getMsg HTTP/1.1" 200 27
61.170.234.223 - - [17/Dec/2021:10:15:54 +0800] "GET /xingrg/kc/buy/cgsh_order_operate.html?command=get_materiel&rest_code=00106&code=00101008038&supplier_code=00100007&order_time=2021-12-17 HTTP/1.1" 200 412
61.170.234.223 - - [17/Dec/2021:10:16:01 +0800] "GET /xingrg/kc/buy/cgsh_order_operate.html?command=get_materiel&rest_code=00106&code=00101008141&supplier_code=00100007&order_time=2021-12-17 HTTP/1.1" 200 412
116.235.94.0 - - [17/Dec/2021:10:16:02 +0800] "GET /xingrg/kc/buy/cgsh_order_operate.html?command=get_materiel&rest_code=00104&code=00101008352&supplier_code=00100005&order_time=2021-12-17 HTTP/1.1" 200 412
124.77.245.186 - - [17/Dec/2021:10:16:04 +0800] "GET /xingrg/all/function/internal_message.html?_=1639707378704&CODE_STATE=getMsg HTTP/1.1" 200 27
116.235.94.0 - - [17/Dec/2021:10:16:06 +0800] "GET /xingrg/javascript/easyui/themes/default/images/button_plain_hover.png HTTP/1.1" 304 -
116.235.94.0 - - [17/Dec/2021:10:16:07 +0800] "GET /xingrg/javascript/easyui/themes/default/images/button_plain_hover.png HTTP/1.1" 304 -
222.70.176.97 - - [17/Dec/2021:10:16:10 +0800] "GET /xingrg/all/function/internal_message.html?_=1639707366300&CODE_STATE=getMsg HTTP/1.1" 200 27
116.235.94.0 - - [17/Dec/2021:10:16:11 +0800] "POST /xingrg/kc/buy/cgsh_order_operate.html HTTP/1.1" 200 37
124.77.245.186 - - [17/Dec/2021:10:16:11 +0800] "GET /xingrg/all/function/internal_message.html?_=1639707383661&CODE_STATE=getMsg HTTP/1.1" 302 -
61.170.234.223 - - [17/Dec/2021:10:16:12 +0800] "GET /xingrg/kc/buy/cgsh_order_operate.html?command=get_materiel&rest_code=00106&code=00101008264&supplier_code=00100007&order_time=2021-12-17 HTTP/1.1" 200 412
116.235.94.0 - - [17/Dec/2021:10:16:13 +0800] "POST /xingrg/kc/buy/cgsh_order_operate.html HTTP/1.1" 200 18640
222.70.176.97 - - [17/Dec/2021:10:16:13 +0800] "GET /xingrg/check_reg.html?_=1639707369187 HTTP/1.1" 200 22
180.175.103.30 - - [17/Dec/2021:10:16:21 +0800] "GET /xingrg/all/function/internal_message.html?_=1639707315024&CODE_STATE=getMsg HTTP/1.1" 200 27
222.70.176.97 - - [17/Dec/2021:10:16:23 +0800] "GET /xingrg/all/function/internal_message.html?_=1639707039593&CODE_STATE=getMsg HTTP/1.1" 302 -
116.235.94.0 - - [17/Dec/2021:10:16:25 +0800] "GET /xingrg/kc/buy/cgsh_order_operate.html?command=get_materiel&rest_code=00104&code=00101008213&supplier_code=00100005&order_time=2021-12-17 HTTP/1.1" 200 412
124.77.245.186 - - [17/Dec/2021:10:16:33 +0800] "POST /xingrg/kc/buy/cgsh_order_operate.html HTTP/1.1" 200 2065
114.85.125.222 - - [17/Dec/2021:10:16:37 +0800] "GET /xingrg/all/function/internal_message.html?_=1639707347093&CODE_STATE=getMsg HTTP/1.1" 200 27
116.235.94.0 - - [17/Dec/2021:10:16:42 +0800] "GET /xingrg/kc/buy/cgsh_order_operate.html?command=get_materiel&rest_code=00104&code=00101008119&supplier_code=00100005&order_time=2021-12-17 HTTP/1.1" 200 413
116.238.248.233 - - [17/Dec/2021:10:16:47 +0800] "GET /xingrg/all/function/internal_message.html?_=1639707403973&CODE_STATE=getMsg HTTP/1.1" 200 27
114.88.158.169 - - [17/Dec/2021:10:16:47 +0800] "GET /xingrg/all/function/internal_message.html?_=1639707218070&CODE_STATE=getMsg HTTP/1.1" 200 27
116.238.208.177 - - [17/Dec/2021:10:16:48 +0800] "GET /xingrg/all/function/internal_message.html?_=1639707410436&CODE_STATE=getMsg HTTP/1.1" 200 27
61.170.234.223 - - [17/Dec/2021:10:16:49 +0800] "GET /xingrg/all/function/internal_message.html?_=1639707403389&CODE_STATE=getMsg HTTP/1.1" 200 27
114.83.216.59 - - [17/Dec/2021:10:16:51 +0800] "GET /xingrg/all/function/internal_message.html?_=1639707407542&CODE_STATE=getMsg HTTP/1.1" 200 27
116.235.94.0 - - [17/Dec/2021:10:16:51 +0800] "GET /xingrg/all/function/internal_message.html?_=1639707428845&CODE_STATE=getMsg HTTP/1.1" 200 27
180.175.103.30 - - [17/Dec/2021:10:16:52 +0800] "GET /xingrg/all/function/internal_message.html?_=1639707409215&CODE_STATE=getMsg HTTP/1.1" 200 27
116.235.94.0 - - [17/Dec/2021:10:16:58 +0800] "GET /xingrg/kc/buy/cgsh_order_operate.html?command=get_materiel&rest_code=00104&code=00101008323&supplier_code=00100005&order_time=2021-12-17 HTTP/1.1" 200 408
124.77.245.186 - - [17/Dec/2021:10:17:04 +0800] "GET /xingrg/all/function/internal_message.html?_=1639707438795&CODE_STATE=getMsg HTTP/1.1" 200 27
61.170.234.223 - - [17/Dec/2021:10:17:08 +0800] "GET /xingrg/kc/buy/cgsh_order_operate.html?command=get_materiel&rest_code=00106&code=00101008562&supplier_code=00100007&order_time=2021-12-17 HTTP/1.1" 200 395
222.70.176.97 - - [17/Dec/2021:10:17:10 +0800] "GET /xingrg/all/function/internal_message.html?_=1639707426285&CODE_STATE=getMsg HTTP/1.1" 200 27
124.77.245.186 - - [17/Dec/2021:10:17:11 +0800] "GET /xingrg/all/function/internal_message.html?_=1639707443675&CODE_STATE=getMsg HTTP/1.1" 302 -
124.77.245.186 - - [17/Dec/2021:10:17:16 +0800] "GET /xingrg/kc/buy/cgsh_order_operate.html?command=get_materiel&rest_code=00146&code=00101008041&supplier_code=00100005&order_time=2021-12-17 HTTP/1.1" 200 408
116.235.94.0 - - [17/Dec/2021:10:17:19 +0800] "GET /xingrg/kc/buy/cgsh_order_operate.html?command=get_materiel&rest_code=00104&code=00101008175&supplier_code=00100005&order_time=2021-12-17 HTTP/1.1" 200 412
61.170.234.223 - - [17/Dec/2021:10:17:21 +0800] "GET /xingrg/kc/buy/cgsh_order_operate.html?command=get_materiel&rest_code=00106&code=00101008360&supplier_code=00100007&order_time=2021-12-17 HTTP/1.1" 200 413
116.235.94.0 - - [17/Dec/2021:10:17:21 +0800] "POST /xingrg/kc/buy/cgsh_order_operate.html HTTP/1.1" 200 2065
180.175.103.30 - - [17/Dec/2021:10:17:21 +0800] "GET /xingrg/check_reg.html?_=1639707375024 HTTP/1.1" 200 22
180.175.103.30 - - [17/Dec/2021:10:17:21 +0800] "GET /xingrg/all/function/internal_message.html?_=1639707375028&CODE_STATE=getMsg HTTP/1.1" 200 27
222.70.176.97 - - [17/Dec/2021:10:17:23 +0800] "GET /xingrg/all/function/internal_message.html?_=1639707099593&CODE_STATE=getMsg HTTP/1.1" 302 -
116.235.94.0 - - [17/Dec/2021:10:17:32 +0800] "GET /xingrg/kc/buy/cgsh_order_operate.html?command=get_materiel&rest_code=00104&code=00101008225&supplier_code=00100005&order_time=2021-12-17 HTTP/1.1" 200 416
114.85.125.222 - - [17/Dec/2021:10:17:37 +0800] "GET /xingrg/all/function/internal_message.html?_=1639707407105&CODE_STATE=getMsg HTTP/1.1" 200 27
61.170.234.223 - - [17/Dec/2021:10:17:41 +0800] "GET /xingrg/kc/buy/cgsh_order_operate.html?command=get_materiel&rest_code=00106&code=00101008439&supplier_code=00100007&order_time=2021-12-17 HTTP/1.1" 200 398
116.238.248.233 - - [17/Dec/2021:10:17:47 +0800] "GET /xingrg/all/function/internal_message.html?_=1639707464022&CODE_STATE=getMsg HTTP/1.1" 200 27
114.88.158.169 - - [17/Dec/2021:10:17:47 +0800] "GET /xingrg/all/function/internal_message.html?_=1639707278049&CODE_STATE=getMsg HTTP/1.1" 200 27
116.238.208.177 - - [17/Dec/2021:10:17:48 +0800] "GET /xingrg/all/function/internal_message.html?_=1639707470556&CODE_STATE=getMsg HTTP/1.1" 200 27
61.170.234.223 - - [17/Dec/2021:10:17:48 +0800] "GET /xingrg/kc/buy/cgsh_order_operate.html?command=get_materiel&rest_code=00106&code=00101008357&supplier_code=00100007&order_time=2021-12-17 HTTP/1.1" 200 408
61.170.234.223 - - [17/Dec/2021:10:17:49 +0800] "GET /xingrg/all/function/internal_message.html?_=1639707463360&CODE_STATE=getMsg HTTP/1.1" 200 27
116.235.94.0 - - [17/Dec/2021:10:17:50 +0800] "GET /xingrg/kc/buy/cgsh_order_operate.html?command=get_materiel&rest_code=00104&code=00101008210&supplier_code=00100005&order_time=2021-12-17 HTTP/1.1" 200 408
114.83.216.59 - - [17/Dec/2021:10:17:51 +0800] "GET /xingrg/all/function/internal_message.html?_=1639707467552&CODE_STATE=getMsg HTTP/1.1" 200 27
114.83.216.59 - - [17/Dec/2021:10:17:51 +0800] "GET /xingrg/check_reg.html?_=1639707467554 HTTP/1.1" 200 22
116.235.94.0 - - [17/Dec/2021:10:17:51 +0800] "GET /xingrg/check_reg.html?_=1639707488717 HTTP/1.1" 200 22
116.235.94.0 - - [17/Dec/2021:10:17:51 +0800] "GET /xingrg/all/function/internal_message.html?_=1639707488857&CODE_STATE=getMsg HTTP/1.1" 200 27
180.175.103.30 - - [17/Dec/2021:10:17:52 +0800] "GET /xingrg/all/function/internal_message.html?_=1639707469215&CODE_STATE=getMsg HTTP/1.1" 200 27
61.170.234.223 - - [17/Dec/2021:10:18:00 +0800] "GET /xingrg/kc/buy/cgsh_order_operate.html?command=get_materiel&rest_code=00106&code=00101008286&supplier_code=00100007&order_time=2021-12-17 HTTP/1.1" 200 408
120.253.135.82 - - [17/Dec/2021:10:18:02 +0800] "GET /xingrg/check_reg.html?_=1639707259501 HTTP/1.1" 200 22
124.77.245.186 - - [17/Dec/2021:10:18:03 +0800] "GET /xingrg/check_reg.html?_=1639707498383 HTTP/1.1" 200 22
124.77.245.186 - - [17/Dec/2021:10:18:04 +0800] "GET /xingrg/all/function/internal_message.html?_=1639707498809&CODE_STATE=getMsg HTTP/1.1" 200 27
116.235.94.0 - - [17/Dec/2021:10:18:04 +0800] "GET /xingrg/kc/buy/cgsh_order_operate.html?command=get_materiel&rest_code=00104&code=00101008219&supplier_code=00100005&order_time=2021-12-17 HTTP/1.1" 200 412
61.170.234.223 - - [17/Dec/2021:10:18:09 +0800] "GET /xingrg/kc/buy/cgsh_order_operate.html?command=get_materiel&rest_code=00106&code=00101008131&supplier_code=00100007&order_time=2021-12-17 HTTP/1.1" 200 408
222.70.176.97 - - [17/Dec/2021:10:18:10 +0800] "GET /xingrg/all/function/internal_message.html?_=1639707486257&CODE_STATE=getMsg HTTP/1.1" 200 27
124.77.245.186 - - [17/Dec/2021:10:18:11 +0800] "GET /xingrg/all/function/internal_message.html?_=1639707503688&CODE_STATE=getMsg HTTP/1.1" 302 -
180.175.103.30 - - [17/Dec/2021:10:18:21 +0800] "GET /xingrg/all/function/internal_message.html?_=1639707435012&CODE_STATE=getMsg HTTP/1.1" 200 27
116.235.94.0 - - [17/Dec/2021:10:18:21 +0800] "GET /xingrg/kc/buy/cgsh_order_operate.html?command=get_materiel&rest_code=00104&code=00101008112&supplier_code=00100005&order_time=2021-12-17 HTTP/1.1" 200 412
222.70.176.97 - - [17/Dec/2021:10:18:23 +0800] "GET /xingrg/all/function/internal_message.html?_=1639707159593&CODE_STATE=getMsg HTTP/1.1" 302 -
222.70.176.97 - - [17/Dec/2021:10:18:23 +0800] "GET /xingrg/check_reg.html?_=1639707159594 HTTP/1.1" 302 -
61.170.234.223 - - [17/Dec/2021:10:18:24 +0800] "GET /xingrg/kc/buy/cgsh_order_operate.html?command=get_materiel&rest_code=00106&code=00101008318&supplier_code=00100007&order_time=2021-12-17 HTTP/1.1" 200 408
114.83.216.59 - - [17/Dec/2021:10:18:30 +0800] "GET /xingrg/kc/mdqp/qqps_order_list.html HTTP/1.1" 200 9222
114.83.216.59 - - [17/Dec/2021:10:18:30 +0800] "GET /xingrg/dwr/util.js HTTP/1.1" 304 -
114.83.216.59 - - [17/Dec/2021:10:18:30 +0800] "GET /xingrg/dwr/interface/AjaxQqpsService.js HTTP/1.1" 200 16326
114.83.216.59 - - [17/Dec/2021:10:18:30 +0800] "GET /xingrg/dwr/interface/AjaxReportQueryService.js HTTP/1.1" 200 13203
114.83.216.59 - - [17/Dec/2021:10:18:30 +0800] "GET /xingrg/dwr/engine.js HTTP/1.1" 200 43631
114.83.216.59 - - [17/Dec/2021:10:18:32 +0800] "GET /xingrg/kc/mdqp/qqps_order_add.html HTTP/1.1" 200 28317
114.83.216.59 - - [17/Dec/2021:10:18:32 +0800] "GET /xingrg/dwr/interface/AjaxComOrderService.js HTTP/1.1" 200 18264
114.83.216.59 - - [17/Dec/2021:10:18:32 +0800] "GET /xingrg/dwr/interface/AjaxQqpsService.js HTTP/1.1" 200 16326
114.83.216.59 - - [17/Dec/2021:10:18:32 +0800] "GET /xingrg/dwr/engine.js HTTP/1.1" 200 43631
114.83.216.59 - - [17/Dec/2021:10:18:32 +0800] "GET /xingrg/words/20211216165714_words.js HTTP/1.1" 304 -
116.235.94.0 - - [17/Dec/2021:10:18:32 +0800] "GET /xingrg/kc/buy/cgsh_order_operate.html?command=get_materiel&rest_code=00104&code=00101008141&supplier_code=00100005&order_time=2021-12-17 HTTP/1.1" 200 412
114.83.216.59 - - [17/Dec/2021:10:18:33 +0800] "GET /favicon.ico HTTP/1.1" 404 -
114.85.125.222 - - [17/Dec/2021:10:18:37 +0800] "GET /xingrg/all/function/internal_message.html?_=1639707467135&CODE_STATE=getMsg HTTP/1.1" 200 27
114.83.216.59 - - [17/Dec/2021:10:18:38 +0800] "GET /xingrg/kc/mdqp/qqps_order_add.html HTTP/1.1" 200 28317
114.83.216.59 - - [17/Dec/2021:10:18:38 +0800] "GET /xingrg/dwr/interface/AjaxComOrderService.js HTTP/1.1" 200 18264
114.83.216.59 - - [17/Dec/2021:10:18:38 +0800] "GET /xingrg/dwr/interface/AjaxQqpsService.js HTTP/1.1" 200 16326
114.83.216.59 - - [17/Dec/2021:10:18:38 +0800] "GET /xingrg/dwr/engine.js HTTP/1.1" 200 43631
61.170.234.223 - - [17/Dec/2021:10:18:40 +0800] "GET /xingrg/kc/buy/cgsh_order_operate.html?command=get_materiel&rest_code=00106&code=00101008352&supplier_code=00100007&order_time=2021-12-17 HTTP/1.1" 200 412
180.169.147.146 - - [17/Dec/2021:10:18:41 +0800] "POST /xingrg/kc/buy/cgsh_list_operate.html HTTP/1.1" 200 4
116.235.94.0 - - [17/Dec/2021:10:18:43 +0800] "GET /xingrg/kc/buy/cgsh_order_operate.html?command=get_materiel&rest_code=00104&code=00101008251&supplier_code=00100005&order_time=2021-12-17 HTTP/1.1" 200 410
180.169.147.146 - - [17/Dec/2021:10:18:45 +0800] "POST /xingrg/kc/buy/cgsh_list_operate.html HTTP/1.1" 200 876
123.6.49.6 - - [17/Dec/2021:10:18:45 +0800] "-" 400 -
123.6.49.6 - - [17/Dec/2021:10:18:45 +0800] "îê}i‰¯&åÇX-X®Ïó^/…)³Yx0S†!ýóKDñ ã«-’S~ " 400 -
123.6.49.36 - - [17/Dec/2021:10:18:45 +0800] "îêÏ'KÛŽßYíšúDc»šþ5ûà’‡: ó5O÷u\° ÁÂ] " 400 -
114.83.216.59 - - [17/Dec/2021:10:18:45 +0800] "POST /xingrg/dwr/call/plaincall/AjaxQqpsService.saveOrder.dwr HTTP/1.1" 200 78
116.238.248.233 - - [17/Dec/2021:10:18:47 +0800] "GET /xingrg/all/function/internal_message.html?_=1639707524071&CODE_STATE=getMsg HTTP/1.1" 200 27
114.88.158.169 - - [17/Dec/2021:10:18:47 +0800] "GET /xingrg/all/function/internal_message.html?_=1639707338029&CODE_STATE=getMsg HTTP/1.1" 200 27
116.235.94.0 - - [17/Dec/2021:10:18:48 +0800] "POST /xingrg/kc/buy/cgsh_order_operate.html HTTP/1.1" 200 2065
116.238.208.177 - - [17/Dec/2021:10:18:48 +0800] "GET /xingrg/all/function/internal_message.html?_=1639707530573&CODE_STATE=getMsg HTTP/1.1" 200 27
114.83.216.59 - - [17/Dec/2021:10:18:48 +0800] "POST /xingrg/dwr/call/plaincall/AjaxQqpsService.getMaterielByCode.dwr HTTP/1.1" 200 2758
61.170.234.223 - - [17/Dec/2021:10:18:49 +0800] "GET /xingrg/all/function/internal_message.html?_=1639707523393&CODE_STATE=getMsg HTTP/1.1" 200 27
61.170.234.223 - - [17/Dec/2021:10:18:49 +0800] "GET /xingrg/kc/buy/cgsh_order_operate.html?command=get_materiel&rest_code=00106&code=00101008271&supplier_code=00100007&order_time=2021-12-17 HTTP/1.1" 200 408
114.83.216.59 - - [17/Dec/2021:10:18:49 +0800] "POST /xingrg/dwr/call/plaincall/AjaxQqpsService.saveMaterielItem.dwr HTTP/1.1" 200 78
114.83.216.59 - - [17/Dec/2021:10:18:51 +0800] "GET /xingrg/all/function/internal_message.html?_=1639707527557&CODE_STATE=getMsg HTTP/1.1" 200 27
116.235.94.0 - - [17/Dec/2021:10:18:51 +0800] "GET /xingrg/all/function/internal_message.html?_=1639707548872&CODE_STATE=getMsg HTTP/1.1" 200 27
114.83.216.59 - - [17/Dec/2021:10:18:52 +0800] "POST /xingrg/dwr/call/plaincall/AjaxQqpsService.getMaterielByCode.dwr HTTP/1.1" 200 2704
180.175.103.30 - - [17/Dec/2021:10:18:52 +0800] "GET /xingrg/check_reg.html?_=1639707529221 HTTP/1.1" 200 22
180.175.103.30 - - [17/Dec/2021:10:18:52 +0800] "GET /xingrg/all/function/internal_message.html?_=1639707529223&CODE_STATE=getMsg HTTP/1.1" 200 27
114.83.216.59 - - [17/Dec/2021:10:18:53 +0800] "POST /xingrg/dwr/call/plaincall/AjaxQqpsService.saveMaterielItem.dwr HTTP/1.1" 200 78
116.235.94.0 - - [17/Dec/2021:10:18:55 +0800] "GET /xingrg/kc/buy/cgsh_order_operate.html?command=get_materiel&rest_code=00104&code=00101008131&supplier_code=00100005&order_time=2021-12-17 HTTP/1.1" 200 408
180.175.103.30 - - [17/Dec/2021:10:18:56 +0800] "GET /xingrg/kc/buy/cgsh_order_add.html HTTP/1.1" 200 65240
180.175.103.30 - - [17/Dec/2021:10:18:57 +0800] "POST /xingrg/kc/buy/cgsh_order_operate.html HTTP/1.1" 200 8245
180.175.103.30 - - [17/Dec/2021:10:18:57 +0800] "GET /xingrg/javascript/easyui/themes/default/validatebox.css HTTP/1.1" 404 1104
180.175.103.30 - - [17/Dec/2021:10:18:59 +0800] "GET /xingrg/javascript/auto/indicator.gif HTTP/1.1" 404 1066
114.83.216.59 - - [17/Dec/2021:10:19:03 +0800] "POST /xingrg/dwr/call/plaincall/AjaxQqpsService.checkOrder.dwr HTTP/1.1" 200 78
124.77.245.186 - - [17/Dec/2021:10:19:04 +0800] "GET /xingrg/all/function/internal_message.html?_=1639707558823&CODE_STATE=getMsg HTTP/1.1" 200 27
114.83.216.59 - - [17/Dec/2021:10:19:04 +0800] "GET /xingrg/kc/mdqp/qqps_order_info.html?code=302021121700334 HTTP/1.1" 200 26720
114.83.216.59 - - [17/Dec/2021:10:19:04 +0800] "GET /xingrg/dwr/interface/AjaxComOrderService.js HTTP/1.1" 200 18264
114.83.216.59 - - [17/Dec/2021:10:19:04 +0800] "GET /xingrg/dwr/interface/AjaxQqpsService.js HTTP/1.1" 200 16326
114.83.216.59 - - [17/Dec/2021:10:19:04 +0800] "GET /xingrg/dwr/engine.js HTTP/1.1" 200 43631
114.83.216.59 - - [17/Dec/2021:10:19:05 +0800] "POST /xingrg/dwr/call/plaincall/AjaxQqpsService.loadMaterielItems.dwr HTTP/1.1" 200 649
116.235.94.0 - - [17/Dec/2021:10:19:05 +0800] "GET /xingrg/kc/buy/cgsh_order_operate.html?command=get_materiel&rest_code=00104&code=00101008295&supplier_code=00100005&order_time=2021-12-17 HTTP/1.1" 200 412
180.175.103.30 - - [17/Dec/2021:10:19:10 +0800] "GET /xingrg/kc/buy/cgsh_order_operate.html?command=get_materiel&rest_code=00105&code=00101008049&supplier_code=&order_time=2021-12-17 HTTP/1.1" 200 408
124.77.245.186 - - [17/Dec/2021:10:19:10 +0800] "GET /xingrg/check_reg.html?_=1639707562890 HTTP/1.1" 302 -
222.70.176.97 - - [17/Dec/2021:10:19:10 +0800] "GET /xingrg/all/function/internal_message.html?_=1639707546242&CODE_STATE=getMsg HTTP/1.1" 200 27
124.77.245.186 - - [17/Dec/2021:10:19:11 +0800] "GET /xingrg/all/function/internal_message.html?_=1639707563701&CODE_STATE=getMsg HTTP/1.1" 302 -
61.170.234.223 - - [17/Dec/2021:10:19:12 +0800] "GET /xingrg/kc/buy/cgsh_order_operate.html?command=get_materiel&rest_code=00106&code=00101008298&supplier_code=00100007&order_time=2021-12-17 HTTP/1.1" 200 412
116.235.94.0 - - [17/Dec/2021:10:19:17 +0800] "GET /xingrg/kc/buy/cgsh_order_operate.html?command=get_materiel&rest_code=00104&code=00101008213&supplier_code=00100005&order_time=2021-12-17 HTTP/1.1" 200 412
61.170.234.223 - - [17/Dec/2021:10:19:19 +0800] "GET /xingrg/kc/buy/cgsh_order_operate.html?command=get_materiel&rest_code=00106&code=00101008283&supplier_code=00100007&order_time=2021-12-17 HTTP/1.1" 200 408
180.175.103.30 - - [17/Dec/2021:10:19:21 +0800] "GET /xingrg/all/function/internal_message.html?_=1639707495038&CODE_STATE=getMsg HTTP/1.1" 200 27
114.83.216.59 - - [17/Dec/2021:10:19:21 +0800] "GET /xingrg/kc/buy/cgsh_order_list.html HTTP/1.1" 200 49429
114.83.216.59 - - [17/Dec/2021:10:19:22 +0800] "POST /xingrg/kc/buy/cgsh_list_operate.html HTTP/1.1" 200 876
222.70.176.97 - - [17/Dec/2021:10:19:23 +0800] "GET /xingrg/all/function/internal_message.html?_=1639707219594&CODE_STATE=getMsg HTTP/1.1" 302 -
114.83.216.59 - - [17/Dec/2021:10:19:23 +0800] "GET /xingrg/kc/buy/cgsh_order_add.html HTTP/1.1" 200 65246
180.175.103.30 - - [17/Dec/2021:10:19:23 +0800] "GET /xingrg/kc/buy/cgsh_order_operate.html?command=get_materiel&rest_code=00105&code=00101008112&supplier_code=&order_time=2021-12-17 HTTP/1.1" 200 412
114.83.216.59 - - [17/Dec/2021:10:19:24 +0800] "POST /xingrg/kc/buy/cgsh_order_operate.html HTTP/1.1" 200 8245
114.83.216.59 - - [17/Dec/2021:10:19:24 +0800] "GET /xingrg/javascript/easyui/themes/default/validatebox.css HTTP/1.1" 404 1104
