114.83.216.59 - - [17/Dec/2021:11:17:25 +0800] "GET /xingrg/index.html?sysBaseUrl=http%3A%2F%2F180.169.147.146%3A18081%2Fxingrg%2F&costTime=54×tamp=1639711045350 HTTP/1.1" 200 17179
114.83.216.59 - - [17/Dec/2021:11:17:25 +0800] "GET /favicon.ico HTTP/1.1" 404 -
114.83.216.59 - - [17/Dec/2021:11:17:25 +0800] "POST /xingrg/all/common/load_tree.html?tree=area_rest_tree_json&manage=1 HTTP/1.1" 200 351
61.170.234.223 - - [17/Dec/2021:11:17:25 +0800] "GET /xingrg/kc/base/wldb_order_list.html HTTP/1.1" 200 19060
114.83.216.59 - - [17/Dec/2021:11:17:25 +0800] "GET /xingrg/all/function/internal_message.html?_=1639711041817&CODE_STATE=count HTTP/1.1" 200 11
114.83.216.59 - - [17/Dec/2021:11:17:25 +0800] "GET /xingrg/check_reg.html?_=1639711041819 HTTP/1.1" 200 22
114.83.216.59 - - [17/Dec/2021:11:17:25 +0800] "POST /xingrg/load_menu.html HTTP/1.1" 200 5138
61.170.234.223 - - [17/Dec/2021:11:17:26 +0800] "POST /xingrg/kc/base/wldb_list_operate.html HTTP/1.1" 200 2558
124.77.245.186 - - [17/Dec/2021:11:17:27 +0800] "POST /xingrg/kc/buy/cgsh_list_operate.html HTTP/1.1" 200 277
61.170.234.223 - - [17/Dec/2021:11:17:28 +0800] "GET /xingrg/kc/buy/buy_main.html HTTP/1.1" 200 12412
61.170.234.223 - - [17/Dec/2021:11:17:28 +0800] "GET /xingrg/css/new_ie.css HTTP/1.1" 404 1036
114.83.216.59 - - [17/Dec/2021:11:17:28 +0800] "GET /xingrg/kc/base/wldb_order_list.html HTTP/1.1" 200 19066
61.170.234.223 - - [17/Dec/2021:11:17:28 +0800] "GET /xingrg/images/yd/bt.gif HTTP/1.1" 404 1040
114.83.216.59 - - [17/Dec/2021:11:17:29 +0800] "POST /xingrg/kc/base/wldb_list_operate.html HTTP/1.1" 200 2178
101.85.120.86 - - [17/Dec/2021:11:17:29 +0800] "GET /xingrg/all/function/internal_message.html?_=1639711045666&CODE_STATE=getMsg HTTP/1.1" 200 27
61.170.234.223 - - [17/Dec/2021:11:17:29 +0800] "GET /xingrg/kc/buy/cgsh_order_list.html HTTP/1.1" 200 49423
114.88.158.169 - - [17/Dec/2021:11:17:29 +0800] "POST /xingrg/dwr/call/plaincall/AjaxQqpsService.checkOrder.dwr HTTP/1.1" 200 78
124.77.245.186 - - [17/Dec/2021:11:17:30 +0800] "POST /xingrg/kc/buy/cgsh_list_operate.html HTTP/1.1" 200 420
114.88.158.169 - - [17/Dec/2021:11:17:30 +0800] "GET /xingrg/kc/mdqp/qqps_order_info.html?code=302021121700336 HTTP/1.1" 200 26634
114.88.158.169 - - [17/Dec/2021:11:17:30 +0800] "GET /xingrg/dwr/interface/AjaxComOrderService.js HTTP/1.1" 200 18264
114.88.158.169 - - [17/Dec/2021:11:17:30 +0800] "GET /xingrg/dwr/interface/AjaxQqpsService.js HTTP/1.1" 200 16326
114.88.158.169 - - [17/Dec/2021:11:17:30 +0800] "GET /xingrg/dwr/engine.js HTTP/1.1" 200 43631
61.170.234.223 - - [17/Dec/2021:11:17:31 +0800] "POST /xingrg/kc/buy/cgsh_list_operate.html HTTP/1.1" 200 1687
114.88.158.169 - - [17/Dec/2021:11:17:31 +0800] "POST /xingrg/dwr/call/plaincall/AjaxQqpsService.loadMaterielItems.dwr HTTP/1.1" 200 76
61.170.234.223 - - [17/Dec/2021:11:17:33 +0800] "POST /xingrg/kc/buy/cgsh_list_operate.html HTTP/1.1" 200 299
124.77.245.186 - - [17/Dec/2021:11:17:34 +0800] "POST /xingrg/kc/buy/cgsh_list_operate.html HTTP/1.1" 200 419
116.238.248.233 - - [17/Dec/2021:11:17:34 +0800] "GET /xingrg/all/function/internal_message.html?_=1639711051306&CODE_STATE=getMsg HTTP/1.1" 200 27
61.170.234.223 - - [17/Dec/2021:11:17:34 +0800] "GET /xingrg/kc/buy/cgsh_order_info.html?code=212021121706824 HTTP/1.1" 200 65200
61.170.234.223 - - [17/Dec/2021:11:17:34 +0800] "GET /xingrg/javascript/easyui/themes/default/validatebox.css HTTP/1.1" 404 1104
61.170.234.223 - - [17/Dec/2021:11:17:34 +0800] "GET /xingrg/all/common/auto_word.html?type=employee&rest_code=00106 HTTP/1.1" 200 205
61.170.234.223 - - [17/Dec/2021:11:17:34 +0800] "GET /xingrg/all/common/auto_word.html?type=employee&rest_code=00106 HTTP/1.1" 200 205
61.170.234.223 - - [17/Dec/2021:11:17:35 +0800] "POST /xingrg/kc/buy/cgsh_order_operate.html HTTP/1.1" 200 3315
114.85.125.222 - - [17/Dec/2021:11:17:41 +0800] "GET /xingrg/all/function/internal_message.html?_=1639711010667&CODE_STATE=getMsg HTTP/1.1" 200 27
180.169.147.146 - - [17/Dec/2021:11:17:41 +0800] "GET /xingrg/check_reg.html?_=1639711051509 HTTP/1.1" 200 22
114.88.158.169 - - [17/Dec/2021:11:17:46 +0800] "GET /xingrg/all/function/internal_message.html?_=1639710876605&CODE_STATE=getMsg HTTP/1.1" 200 27
116.238.208.177 - - [17/Dec/2021:11:17:47 +0800] "GET /xingrg/kc/base/wldb_order_operate.html?command=get_materiel&rest_code=00102&base_code=0010477&code=00102002574 HTTP/1.1" 200 447
61.170.234.223 - - [17/Dec/2021:11:17:48 +0800] "POST /xingrg/kc/buy/cgsh_order_operate.html HTTP/1.1" 200 37
120.253.135.82 - - [17/Dec/2021:11:17:50 +0800] "GET /xingrg/all/function/internal_message.html?_=1639711067046&CODE_STATE=getMsg HTTP/1.1" 200 27
180.175.103.30 - - [17/Dec/2021:11:17:50 +0800] "GET /xingrg/check_reg.html?_=1639711067345 HTTP/1.1" 200 22
180.175.103.30 - - [17/Dec/2021:11:17:50 +0800] "GET /xingrg/all/function/internal_message.html?_=1639711067347&CODE_STATE=getMsg HTTP/1.1" 200 27
61.170.234.223 - - [17/Dec/2021:11:17:51 +0800] "POST /xingrg/kc/buy/cgsh_order_operate.html HTTP/1.1" 200 12
61.170.234.223 - - [17/Dec/2021:11:17:52 +0800] "GET /xingrg/kc/buy/cgsh_order_info.html?code=212021121706824 HTTP/1.1" 200 60100
61.170.234.223 - - [17/Dec/2021:11:17:52 +0800] "GET /xingrg/javascript/easyui/themes/default/validatebox.css HTTP/1.1" 404 1104
61.170.234.223 - - [17/Dec/2021:11:17:53 +0800] "POST /xingrg/kc/buy/cgsh_order_operate.html HTTP/1.1" 200 1265
116.235.94.0 - - [17/Dec/2021:11:17:53 +0800] "GET /xingrg/check_reg.html?_=1639711090875 HTTP/1.1" 200 22
116.238.208.177 - - [17/Dec/2021:11:17:54 +0800] "GET /xingrg/kc/base/wldb_order_operate.html?command=get_materiel&rest_code=00102&base_code=0010477&code=00102002025 HTTP/1.1" 200 452
61.170.234.223 - - [17/Dec/2021:11:17:56 +0800] "GET /xingrg/kc/print/load_config.html?kc_code=cgsh HTTP/1.1" 200 1943
61.170.234.223 - - [17/Dec/2021:11:17:56 +0800] "GET /xingrg/kc/print/load_data.html?order_code=212021121706824&kc_code=cgsh&condition= HTTP/1.1" 200 1052
124.77.245.186 - - [17/Dec/2021:11:17:56 +0800] "GET /xingrg/all/function/internal_message.html?_=1639711089154&CODE_STATE=getMsg HTTP/1.1" 200 27
61.170.234.223 - - [17/Dec/2021:11:17:57 +0800] "GET /xingrg/all/function/internal_message.html?_=1639711074703&CODE_STATE=getMsg HTTP/1.1" 200 27
116.238.208.177 - - [17/Dec/2021:11:17:58 +0800] "POST /xingrg/all/common/load_select.html HTTP/1.1" 200 25
116.238.208.177 - - [17/Dec/2021:11:18:00 +0800] "GET /xingrg/kc/base/wldb_order_operate.html?command=get_materiel_price&rest_code=00102&base_code=0010477&code=00102002025&unit_code=00100351 HTTP/1.1" 200 33
124.77.245.186 - - [17/Dec/2021:11:18:02 +0800] "GET /xingrg/javascript/jquery_tools/images/prev.gif HTTP/1.1" 404 1086
124.77.245.186 - - [17/Dec/2021:11:18:02 +0800] "GET /xingrg/javascript/jquery_tools/images/next.gif HTTP/1.1" 404 1086
120.253.135.82 - - [17/Dec/2021:11:18:03 +0800] "GET /xingrg/check_reg.html?_=1639710859799 HTTP/1.1" 200 22
116.235.94.0 - - [17/Dec/2021:11:18:03 +0800] "GET /xingrg/all/function/internal_message.html?_=1639711100251&CODE_STATE=getMsg HTTP/1.1" 200 27
116.238.208.177 - - [17/Dec/2021:11:18:03 +0800] "GET /xingrg/all/function/internal_message.html?_=1639711085727&CODE_STATE=getMsg HTTP/1.1" 200 27
61.170.234.223 - - [17/Dec/2021:11:18:05 +0800] "GET /xingrg/all/function/internal_message.html?_=1639711079025&CODE_STATE=getMsg HTTP/1.1" 200 27
124.77.245.186 - - [17/Dec/2021:11:18:05 +0800] "GET /xingrg/check_reg.html?_=1639711100094 HTTP/1.1" 302 -
116.233.78.125 - - [17/Dec/2021:11:18:05 +0800] "GET /xingrg/all/function/internal_message.html?_=1639711084805&CODE_STATE=getMsg HTTP/1.1" 200 27
116.233.78.125 - - [17/Dec/2021:11:18:06 +0800] "GET /xingrg/check_reg.html?_=1639711084806 HTTP/1.1" 200 22
114.83.216.59 - - [17/Dec/2021:11:18:07 +0800] "GET /xingrg/kc/base/wldb_order_add.html HTTP/1.1" 200 30280
124.77.245.186 - - [17/Dec/2021:11:18:08 +0800] "GET /xingrg/all/function/internal_message.html?_=1639711102604&CODE_STATE=getMsg HTTP/1.1" 302 -
114.83.216.59 - - [17/Dec/2021:11:18:08 +0800] "POST /xingrg/kc/base/wldb_order_operate.html HTTP/1.1" 200 6806
114.83.216.59 - - [17/Dec/2021:11:18:08 +0800] "GET /xingrg/all/common/auto_word.html?type=base&rest_code=00149 HTTP/1.1" 200 1857
114.83.216.59 - - [17/Dec/2021:11:18:08 +0800] "GET /xingrg/all/common/auto_word.html?type=base&rest_code=00149 HTTP/1.1" 200 1857
114.83.216.59 - - [17/Dec/2021:11:18:08 +0800] "GET /xingrg/javascript/easyui/themes/default/validatebox.css HTTP/1.1" 404 1104
222.70.176.97 - - [17/Dec/2021:11:18:09 +0800] "GET /xingrg/all/function/internal_message.html?_=1639711085091&CODE_STATE=getMsg HTTP/1.1" 200 27
124.77.245.186 - - [17/Dec/2021:11:18:10 +0800] "POST /xingrg/kc/buy/cgsh_list_operate.html HTTP/1.1" 200 5515
114.83.216.59 - - [17/Dec/2021:11:18:10 +0800] "GET /xingrg/javascript/auto/indicator.gif HTTP/1.1" 404 1066
124.77.245.186 - - [17/Dec/2021:11:18:12 +0800] "GET /xingrg/all/function/internal_message.html?_=1639711104502&CODE_STATE=getMsg HTTP/1.1" 200 27
116.238.208.177 - - [17/Dec/2021:11:18:12 +0800] "POST /xingrg/kc/base/wldb_order_operate.html HTTP/1.1" 200 37
116.238.208.177 - - [17/Dec/2021:11:18:15 +0800] "POST /xingrg/kc/base/wldb_order_operate.html HTTP/1.1" 200 12
116.238.208.177 - - [17/Dec/2021:11:18:15 +0800] "POST /xingrg/kc/base/wldb_order_operate.html HTTP/1.1" 200 2686
116.227.210.113 - - [17/Dec/2021:11:18:16 +0800] "GET /xingrg/all/function/internal_message.html?_=1639711080478&CODE_STATE=getMsg HTTP/1.1" 200 27
116.235.94.0 - - [17/Dec/2021:11:18:17 +0800] "GET /xingrg/all/function/internal_message.html?_=1639711219387&CODE_STATE=getMsg HTTP/1.1" 200 27
116.238.208.177 - - [17/Dec/2021:11:18:21 +0800] "GET /xingrg/kc/base/wldb_order_info.html?code=422021121701770 HTTP/1.1" 200 26143
180.175.103.30 - - [17/Dec/2021:11:18:21 +0800] "GET /xingrg/all/function/internal_message.html?_=1639711035117&CODE_STATE=getMsg HTTP/1.1" 200 27
222.70.176.97 - - [17/Dec/2021:11:18:23 +0800] "GET /xingrg/all/function/internal_message.html?_=1639710759597&CODE_STATE=getMsg HTTP/1.1" 302 -
222.70.176.97 - - [17/Dec/2021:11:18:23 +0800] "GET /xingrg/check_reg.html?_=1639710759598 HTTP/1.1" 302 -
116.238.208.177 - - [17/Dec/2021:11:18:24 +0800] "POST /xingrg/kc/base/wldb_order_operate.html HTTP/1.1" 200 970
116.238.208.177 - - [17/Dec/2021:11:18:24 +0800] "GET /xingrg/javascript/easyui/themes/default/validatebox.css HTTP/1.1" 404 1104
114.83.216.59 - - [17/Dec/2021:11:18:25 +0800] "GET /xingrg/all/function/internal_message.html?_=1639711101830&CODE_STATE=getMsg HTTP/1.1" 200 27
61.151.207.158 - - [17/Dec/2021:11:18:29 +0800] "GET /xingrg/kc/buy/cgsh_order_operate.html?command=get_materiel&rest_code=00106&code=00101008295&supplier_code=00100007&order_time=2021-12-17 HTTP/1.1" 302 -
101.91.60.88 - - [17/Dec/2021:11:18:29 +0800] "GET /xingrg/check_reg.html?_=1639708483524 HTTP/1.1" 302 -
101.85.120.86 - - [17/Dec/2021:11:18:29 +0800] "GET /xingrg/all/function/internal_message.html?_=1639711105668&CODE_STATE=getMsg HTTP/1.1" 200 27
101.91.60.88 - - [17/Dec/2021:11:18:30 +0800] "GET /xingrg/login.html HTTP/1.1" 200 7641
61.151.207.158 - - [17/Dec/2021:11:18:30 +0800] "GET /xingrg/login.html HTTP/1.1" 200 7641
101.89.239.245 - - [17/Dec/2021:11:18:32 +0800] "GET /xingrg/kc/buy/cgsh_order_operate.html?command=get_materiel&rest_code=00106&code=00101008350&supplier_code=00100007&order_time=2021-12-17 HTTP/1.1" 302 -
114.83.216.59 - - [17/Dec/2021:11:18:34 +0800] "GET /xingrg/kc/base/wldb_order_operate.html?command=get_materiel&rest_code=00149&base_code=&code=00101010821 HTTP/1.1" 200 421
116.238.248.233 - - [17/Dec/2021:11:18:34 +0800] "GET /xingrg/all/function/internal_message.html?_=1639711111356&CODE_STATE=getMsg HTTP/1.1" 200 27
101.89.239.245 - - [17/Dec/2021:11:18:34 +0800] "GET /xingrg/login.html HTTP/1.1" 200 7641
114.85.125.222 - - [17/Dec/2021:11:18:40 +0800] "GET /xingrg/check_reg.html?_=1639711070030 HTTP/1.1" 200 22
114.85.125.222 - - [17/Dec/2021:11:18:41 +0800] "GET /xingrg/all/function/internal_message.html?_=1639711070680&CODE_STATE=getMsg HTTP/1.1" 200 27
114.88.158.169 - - [17/Dec/2021:11:18:46 +0800] "GET /xingrg/all/function/internal_message.html?_=1639710936574&CODE_STATE=getMsg HTTP/1.1" 200 27
114.83.216.59 - - [17/Dec/2021:11:18:46 +0800] "GET /xingrg/javascript/jquery_tools/images/prev.gif HTTP/1.1" 404 1086
114.83.216.59 - - [17/Dec/2021:11:18:46 +0800] "GET /xingrg/javascript/jquery_tools/images/next.gif HTTP/1.1" 404 1086
61.151.178.249 - - [17/Dec/2021:11:18:49 +0800] "GET /xingrg/kc/buy/cgsh_order_operate.html?command=get_materiel&rest_code=00106&code=00101008353&supplier_code=00100007&order_time=2021-12-17 HTTP/1.1" 302 -
120.253.135.82 - - [17/Dec/2021:11:18:50 +0800] "GET /xingrg/check_reg.html?_=1639711126611 HTTP/1.1" 200 22
61.151.178.249 - - [17/Dec/2021:11:18:50 +0800] "GET /xingrg/login.html HTTP/1.1" 200 7641
120.253.135.82 - - [17/Dec/2021:11:18:50 +0800] "GET /xingrg/all/function/internal_message.html?_=1639711127060&CODE_STATE=getMsg HTTP/1.1" 200 27
180.175.103.30 - - [17/Dec/2021:11:18:50 +0800] "GET /xingrg/all/function/internal_message.html?_=1639711127345&CODE_STATE=getMsg HTTP/1.1" 200 27
116.238.208.177 - - [17/Dec/2021:11:18:54 +0800] "GET /xingrg/kc/base/wldb_order_add.html HTTP/1.1" 200 30270
61.170.234.223 - - [17/Dec/2021:11:18:54 +0800] "GET /xingrg/check_reg.html?_=1639711128530 HTTP/1.1" 200 22
124.77.245.186 - - [17/Dec/2021:11:18:56 +0800] "GET /xingrg/all/function/internal_message.html?_=1639711149166&CODE_STATE=getMsg HTTP/1.1" 200 27
116.238.208.177 - - [17/Dec/2021:11:18:56 +0800] "POST /xingrg/kc/base/wldb_order_operate.html HTTP/1.1" 200 6806
61.170.234.223 - - [17/Dec/2021:11:18:57 +0800] "GET /xingrg/check_reg.html?_=1639711134672 HTTP/1.1" 200 22
61.170.234.223 - - [17/Dec/2021:11:18:57 +0800] "GET /xingrg/all/function/internal_message.html?_=1639711134675&CODE_STATE=getMsg HTTP/1.1" 200 27
116.238.208.177 - - [17/Dec/2021:11:18:57 +0800] "GET /xingrg/javascript/easyui/themes/default/validatebox.css HTTP/1.1" 404 1104
116.238.208.177 - - [17/Dec/2021:11:18:59 +0800] "POST /xingrg/all/common/load_combo.html?type=base HTTP/1.1" 200 3145
116.238.208.177 - - [17/Dec/2021:11:19:02 +0800] "POST /xingrg/all/common/load_combo.html?type=base HTTP/1.1" 200 3145
116.235.94.0 - - [17/Dec/2021:11:19:03 +0800] "GET /xingrg/all/function/internal_message.html?_=1639711160263&CODE_STATE=getMsg HTTP/1.1" 200 27
116.238.208.177 - - [17/Dec/2021:11:19:03 +0800] "GET /xingrg/all/function/internal_message.html?_=1639711145740&CODE_STATE=getMsg HTTP/1.1" 200 27
61.170.234.223 - - [17/Dec/2021:11:19:05 +0800] "GET /xingrg/all/function/internal_message.html?_=1639711139004&CODE_STATE=getMsg HTTP/1.1" 200 27
116.233.78.125 - - [17/Dec/2021:11:19:05 +0800] "GET /xingrg/all/function/internal_message.html?_=1639711144809&CODE_STATE=getMsg HTTP/1.1" 200 27
124.77.245.186 - - [17/Dec/2021:11:19:08 +0800] "GET /xingrg/all/function/internal_message.html?_=1639711162874&CODE_STATE=getMsg HTTP/1.1" 302 -
222.70.176.97 - - [17/Dec/2021:11:19:09 +0800] "GET /xingrg/all/function/internal_message.html?_=1639711145081&CODE_STATE=getMsg HTTP/1.1" 200 27
124.77.245.186 - - [17/Dec/2021:11:19:10 +0800] "GET /xingrg/check_reg.html?_=1639711162957 HTTP/1.1" 200 22
116.238.208.177 - - [17/Dec/2021:11:19:10 +0800] "GET /xingrg/kc/base/wldb_order_operate.html?command=get_materiel&rest_code=00102&base_code=0010476&code=00101019438 HTTP/1.1" 200 447
124.77.245.186 - - [17/Dec/2021:11:19:12 +0800] "GET /xingrg/all/function/internal_message.html?_=1639711164516&CODE_STATE=getMsg HTTP/1.1" 200 27
116.227.210.113 - - [17/Dec/2021:11:19:15 +0800] "GET /xingrg/all/function/internal_message.html?_=1639711140458&CODE_STATE=getMsg HTTP/1.1" 200 27
116.235.94.0 - - [17/Dec/2021:11:19:17 +0800] "GET /xingrg/all/function/internal_message.html?_=1639711279386&CODE_STATE=getMsg HTTP/1.1" 200 27
124.77.245.186 - - [17/Dec/2021:11:19:21 +0800] "POST /xingrg/kc/buy/cgsh_list_operate.html HTTP/1.1" 200 5664
180.175.103.30 - - [17/Dec/2021:11:19:21 +0800] "GET /xingrg/all/function/internal_message.html?_=1639711095117&CODE_STATE=getMsg HTTP/1.1" 200 27
114.83.216.59 - - [17/Dec/2021:11:19:22 +0800] "GET /xingrg/kc/base/wldb_order_operate.html?command=get_materiel&rest_code=00149&base_code=0010394&code=00101013208 HTTP/1.1" 200 431
222.70.176.97 - - [17/Dec/2021:11:19:23 +0800] "GET /xingrg/all/function/internal_message.html?_=1639710819597&CODE_STATE=getMsg HTTP/1.1" 302 -
116.238.208.177 - - [17/Dec/2021:11:19:23 +0800] "GET /xingrg/kc/base/wldb_order_operate.html?command=get_materiel&rest_code=00102&base_code=0010476&code=00101013011 HTTP/1.1" 200 451
114.83.216.59 - - [17/Dec/2021:11:19:25 +0800] "GET /xingrg/all/function/internal_message.html?_=1639711161827&CODE_STATE=getMsg HTTP/1.1" 200 27
101.85.120.86 - - [17/Dec/2021:11:19:29 +0800] "GET /xingrg/all/function/internal_message.html?_=1639711165660&CODE_STATE=getMsg HTTP/1.1" 200 27
124.77.245.186 - - [17/Dec/2021:11:19:30 +0800] "POST /xingrg/kc/buy/cgsh_list_operate.html HTTP/1.1" 200 2814
116.238.248.233 - - [17/Dec/2021:11:19:34 +0800] "GET /xingrg/all/function/internal_message.html?_=1639711171406&CODE_STATE=getMsg HTTP/1.1" 200 27
124.77.245.186 - - [17/Dec/2021:11:19:36 +0800] "POST /xingrg/kc/buy/cgsh_list_operate.html HTTP/1.1" 200 5664
116.238.208.177 - - [17/Dec/2021:11:19:38 +0800] "GET /xingrg/kc/base/wldb_order_operate.html?command=get_materiel&rest_code=00102&base_code=0010476&code=00101016059 HTTP/1.1" 200 430
124.77.245.186 - - [17/Dec/2021:11:19:39 +0800] "POST /xingrg/kc/buy/cgsh_list_operate.html HTTP/1.1" 200 562
114.85.125.222 - - [17/Dec/2021:11:19:41 +0800] "GET /xingrg/all/function/internal_message.html?_=1639711130694&CODE_STATE=getMsg HTTP/1.1" 200 27
124.77.245.186 - - [17/Dec/2021:11:19:41 +0800] "GET /xingrg/javascript/pic_change.js HTTP/1.1" 304 -
124.77.245.186 - - [17/Dec/2021:11:19:41 +0800] "GET /xingrg/kc/buy/cgsh_order_info.html?code=212021121104351 HTTP/1.1" 200 60067
124.77.245.186 - - [17/Dec/2021:11:19:41 +0800] "GET /xingrg/javascript/jquery_tools/order_manager.js HTTP/1.1" 304 -
124.77.245.186 - - [17/Dec/2021:11:19:41 +0800] "GET /xingrg/javascript/convert.js HTTP/1.1" 304 -
124.77.245.186 - - [17/Dec/2021:11:19:41 +0800] "GET /xingrg/javascript/json2.js HTTP/1.1" 304 -
124.77.245.186 - - [17/Dec/2021:11:19:41 +0800] "GET /xingrg/javascript/print/kc_print.js HTTP/1.1" 304 -
124.77.245.186 - - [17/Dec/2021:11:19:41 +0800] "GET /xingrg/words/20211216165714_words.js HTTP/1.1" 200 880021
124.77.245.186 - - [17/Dec/2021:11:19:41 +0800] "GET /xingrg/javascript/easyui/themes/default/validatebox.css HTTP/1.1" 404 1104
124.77.245.186 - - [17/Dec/2021:11:19:41 +0800] "GET /xingrg/javascript/easyui/plugins/jquery.validatebox.js HTTP/1.1" 304 -
124.77.245.186 - - [17/Dec/2021:11:19:41 +0800] "GET /xingrg/javascript/easyui/plugins/jquery.numberbox.js HTTP/1.1" 304 -
124.77.245.186 - - [17/Dec/2021:11:19:42 +0800] "POST /xingrg/kc/buy/cgsh_order_operate.html HTTP/1.1" 200 7106
114.88.158.169 - - [17/Dec/2021:11:19:45 +0800] "GET /xingrg/all/function/internal_message.html?_=1639710996554&CODE_STATE=getMsg HTTP/1.1" 200 27
114.88.158.169 - - [17/Dec/2021:11:19:47 +0800] "GET /xingrg/check_reg.html?_=1639710998272 HTTP/1.1" 200 22
124.77.245.186 - - [17/Dec/2021:11:19:49 +0800] "GET /xingrg/kc/print/load_config.html?kc_code=cgsh HTTP/1.1" 200 1943
124.77.245.186 - - [17/Dec/2021:11:19:49 +0800] "GET /xingrg/kc/print/load_data.html?order_code=212021121104351&kc_code=cgsh HTTP/1.1" 200 3247
120.253.135.82 - - [17/Dec/2021:11:19:50 +0800] "GET /xingrg/all/function/internal_message.html?_=1639711187073&CODE_STATE=getMsg HTTP/1.1" 200 27
180.175.103.30 - - [17/Dec/2021:11:19:50 +0800] "GET /xingrg/all/function/internal_message.html?_=1639711187341&CODE_STATE=getMsg HTTP/1.1" 200 27
116.238.208.177 - - [17/Dec/2021:11:19:52 +0800] "POST /xingrg/kc/base/wldb_order_operate.html HTTP/1.1" 200 37
116.238.208.177 - - [17/Dec/2021:11:19:52 +0800] "GET /xingrg/check_reg.html?_=1639711194758 HTTP/1.1" 200 22
116.238.208.177 - - [17/Dec/2021:11:19:54 +0800] "POST /xingrg/kc/base/wldb_order_operate.html HTTP/1.1" 200 12
116.238.208.177 - - [17/Dec/2021:11:19:54 +0800] "POST /xingrg/kc/base/wldb_order_operate.html HTTP/1.1" 200 3658
124.77.245.186 - - [17/Dec/2021:11:19:56 +0800] "GET /xingrg/all/function/internal_message.html?_=1639711209181&CODE_STATE=getMsg HTTP/1.1" 200 27
61.170.234.223 - - [17/Dec/2021:11:19:57 +0800] "GET /xingrg/all/function/internal_message.html?_=1639711194672&CODE_STATE=getMsg HTTP/1.1" 200 27
114.83.216.59 - - [17/Dec/2021:11:19:57 +0800] "GET /xingrg/kc/base/wldb_order_operate.html?command=get_materiel&rest_code=00149&base_code=0010394&code=00101019358 HTTP/1.1" 200 462
116.235.94.0 - - [17/Dec/2021:11:20:04 +0800] "GET /xingrg/all/function/internal_message.html?_=1639711221041&CODE_STATE=getMsg HTTP/1.1" 200 27
61.170.234.223 - - [17/Dec/2021:11:20:05 +0800] "GET /xingrg/all/function/internal_message.html?_=1639711198985&CODE_STATE=getMsg HTTP/1.1" 200 27
116.238.208.177 - - [17/Dec/2021:11:20:05 +0800] "GET /xingrg/kc/base/wldb_order_info.html?code=422021121701771 HTTP/1.1" 200 26146
116.233.78.125 - - [17/Dec/2021:11:20:05 +0800] "GET /xingrg/all/function/internal_message.html?_=1639711204803&CODE_STATE=getMsg HTTP/1.1" 200 27
116.238.208.177 - - [17/Dec/2021:11:20:07 +0800] "GET /xingrg/all/function/internal_message.html?_=1639711209804&CODE_STATE=getMsg HTTP/1.1" 200 27
124.77.245.186 - - [17/Dec/2021:11:20:08 +0800] "GET /xingrg/all/function/internal_message.html?_=1639711222881&CODE_STATE=getMsg HTTP/1.1" 302 -
116.238.208.177 - - [17/Dec/2021:11:20:08 +0800] "POST /xingrg/kc/base/wldb_order_operate.html HTTP/1.1" 200 1919
116.238.208.177 - - [17/Dec/2021:11:20:09 +0800] "GET /xingrg/javascript/easyui/themes/default/validatebox.css HTTP/1.1" 404 1104
114.83.216.59 - - [17/Dec/2021:11:20:10 +0800] "POST /xingrg/kc/base/wldb_order_operate.html HTTP/1.1" 200 37
114.83.216.59 - - [17/Dec/2021:11:20:10 +0800] "POST /xingrg/kc/base/wldb_order_operate.html HTTP/1.1" 200 2201
114.83.216.59 - - [17/Dec/2021:11:20:10 +0800] "GET /xingrg/kc/base/wldb_order_info.html?code=422021121701772 HTTP/1.1" 200 30291
222.70.176.97 - - [17/Dec/2021:11:20:10 +0800] "GET /xingrg/all/function/internal_message.html?_=1639711205064&CODE_STATE=getMsg HTTP/1.1" 200 27
114.83.216.59 - - [17/Dec/2021:11:20:11 +0800] "GET /xingrg/javascript/easyui/themes/default/validatebox.css HTTP/1.1" 404 1104
116.238.208.177 - - [17/Dec/2021:11:20:11 +0800] "GET /xingrg/kc/base/wldb_order_add.html HTTP/1.1" 200 30270
114.83.216.59 - - [17/Dec/2021:11:20:11 +0800] "POST /xingrg/kc/base/wldb_order_operate.html HTTP/1.1" 200 2201
124.77.245.186 - - [17/Dec/2021:11:20:12 +0800] "GET /xingrg/all/function/internal_message.html?_=1639711224530&CODE_STATE=getMsg HTTP/1.1" 200 27
116.238.208.177 - - [17/Dec/2021:11:20:14 +0800] "POST /xingrg/kc/base/wldb_order_operate.html HTTP/1.1" 200 6806
114.83.216.59 - - [17/Dec/2021:11:20:14 +0800] "GET /xingrg/kc/base/wldb_order_add.html HTTP/1.1" 200 30280
114.83.216.59 - - [17/Dec/2021:11:20:15 +0800] "POST /xingrg/kc/base/wldb_order_operate.html HTTP/1.1" 200 6806
114.83.216.59 - - [17/Dec/2021:11:20:15 +0800] "GET /xingrg/javascript/easyui/themes/default/validatebox.css HTTP/1.1" 404 1104
116.227.210.113 - - [17/Dec/2021:11:20:15 +0800] "GET /xingrg/check_reg.html?_=1639711200127 HTTP/1.1" 200 22
116.238.208.177 - - [17/Dec/2021:11:20:15 +0800] "GET /xingrg/javascript/easyui/themes/default/validatebox.css HTTP/1.1" 404 1104
116.227.210.113 - - [17/Dec/2021:11:20:15 +0800] "GET /xingrg/all/function/internal_message.html?_=1639711200456&CODE_STATE=getMsg HTTP/1.1" 200 27
116.238.208.177 - - [17/Dec/2021:11:20:16 +0800] "POST /xingrg/all/common/load_combo.html?type=base HTTP/1.1" 200 3145
116.235.94.0 - - [17/Dec/2021:11:20:17 +0800] "GET /xingrg/all/function/internal_message.html?_=1639711339384&CODE_STATE=getMsg HTTP/1.1" 200 27
116.238.208.177 - - [17/Dec/2021:11:20:19 +0800] "POST /xingrg/all/common/load_combo.html?type=base HTTP/1.1" 200 3145
114.83.216.59 - - [17/Dec/2021:11:20:21 +0800] "GET /xingrg/kc/base/wldb_order_operate.html?command=get_materiel&rest_code=00149&base_code=&code=00101013208 HTTP/1.1" 200 431
180.175.103.30 - - [17/Dec/2021:11:20:21 +0800] "GET /xingrg/all/function/internal_message.html?_=1639711155117&CODE_STATE=getMsg HTTP/1.1" 200 27
222.70.176.97 - - [17/Dec/2021:11:20:23 +0800] "GET /xingrg/all/function/internal_message.html?_=1639710879597&CODE_STATE=getMsg HTTP/1.1" 302 -
114.83.216.59 - - [17/Dec/2021:11:20:25 +0800] "GET /xingrg/all/function/internal_message.html?_=1639711221840&CODE_STATE=getMsg HTTP/1.1" 200 27
116.238.208.177 - - [17/Dec/2021:11:20:26 +0800] "GET /xingrg/kc/base/wldb_order_operate.html?command=get_materiel&rest_code=00102&base_code=0010476&code=00101019358 HTTP/1.1" 200 459
101.85.120.86 - - [17/Dec/2021:11:20:29 +0800] "GET /xingrg/check_reg.html?_=1639711225666 HTTP/1.1" 200 22
101.85.120.86 - - [17/Dec/2021:11:20:29 +0800] "GET /xingrg/all/function/internal_message.html?_=1639711225670&CODE_STATE=getMsg HTTP/1.1" 200 27
114.88.158.169 - - [17/Dec/2021:11:20:30 +0800] "GET /xingrg/kc/mdqp/qqps_order_add.html HTTP/1.1" 200 28231
114.88.158.169 - - [17/Dec/2021:11:20:30 +0800] "GET /xingrg/dwr/interface/AjaxComOrderService.js HTTP/1.1" 200 18264
114.88.158.169 - - [17/Dec/2021:11:20:30 +0800] "GET /xingrg/dwr/interface/AjaxQqpsService.js HTTP/1.1" 200 16326
114.88.158.169 - - [17/Dec/2021:11:20:30 +0800] "GET /xingrg/dwr/engine.js HTTP/1.1" 200 43631
116.238.248.233 - - [17/Dec/2021:11:20:34 +0800] "GET /xingrg/all/function/internal_message.html?_=1639711231455&CODE_STATE=getMsg HTTP/1.1" 200 27
116.238.248.233 - - [17/Dec/2021:11:20:34 +0800] "GET /xingrg/check_reg.html?_=1639711231459 HTTP/1.1" 200 22
114.83.216.59 - - [17/Dec/2021:11:20:36 +0800] "GET /xingrg/kc/base/wldb_order_operate.html?command=get_materiel&rest_code=00149&base_code=0010398&code=00101036002 HTTP/1.1" 200 440
114.85.125.222 - - [17/Dec/2021:11:20:41 +0800] "GET /xingrg/all/function/internal_message.html?_=1639711190707&CODE_STATE=getMsg HTTP/1.1" 200 27
114.83.216.59 - - [17/Dec/2021:11:20:42 +0800] "GET /xingrg/kc/base/wldb_order_operate.html?command=get_materiel&rest_code=00149&base_code=0010398&code=00101036003 HTTP/1.1" 200 440
114.88.158.169 - - [17/Dec/2021:11:20:42 +0800] "POST /xingrg/dwr/call/plaincall/AjaxQqpsService.saveOrder.dwr HTTP/1.1" 200 78
116.238.208.177 - - [17/Dec/2021:11:20:45 +0800] "POST /xingrg/kc/base/wldb_order_operate.html HTTP/1.1" 200 37
114.88.158.169 - - [17/Dec/2021:11:20:45 +0800] "GET /xingrg/all/function/internal_message.html?_=1639711056545&CODE_STATE=getMsg HTTP/1.1" 200 27
116.238.208.177 - - [17/Dec/2021:11:20:47 +0800] "POST /xingrg/kc/base/wldb_order_operate.html HTTP/1.1" 200 12
116.238.208.177 - - [17/Dec/2021:11:20:47 +0800] "POST /xingrg/kc/base/wldb_order_operate.html HTTP/1.1" 200 2201
180.169.147.146 - - [17/Dec/2021:11:20:47 +0800] "GET /xingrg/check_reg.html?_=1639711252391 HTTP/1.1" 200 22
116.238.208.177 - - [17/Dec/2021:11:20:48 +0800] "GET /xingrg/kc/base/wldb_order_info.html?code=422021121701773 HTTP/1.1" 200 26146
120.253.135.82 - - [17/Dec/2021:11:20:50 +0800] "GET /xingrg/all/function/internal_message.html?_=1639711247087&CODE_STATE=getMsg HTTP/1.1" 200 27
180.175.103.30 - - [17/Dec/2021:11:20:50 +0800] "GET /xingrg/all/function/internal_message.html?_=1639711247343&CODE_STATE=getMsg HTTP/1.1" 200 27
116.238.208.177 - - [17/Dec/2021:11:20:53 +0800] "POST /xingrg/kc/base/wldb_order_operate.html HTTP/1.1" 200 496
116.238.208.177 - - [17/Dec/2021:11:20:53 +0800] "GET /xingrg/javascript/easyui/themes/default/validatebox.css HTTP/1.1" 404 1104
116.238.208.177 - - [17/Dec/2021:11:20:55 +0800] "GET /xingrg/kc/base/wldb_order_add.html HTTP/1.1" 200 30270
124.77.245.186 - - [17/Dec/2021:11:20:56 +0800] "GET /xingrg/all/function/internal_message.html?_=1639711269193&CODE_STATE=getMsg HTTP/1.1" 200 27
61.170.234.223 - - [17/Dec/2021:11:20:57 +0800] "GET /xingrg/all/function/internal_message.html?_=1639711254673&CODE_STATE=getMsg HTTP/1.1" 200 27
114.83.216.59 - - [17/Dec/2021:11:21:00 +0800] "POST /xingrg/kc/base/wldb_order_operate.html HTTP/1.1" 200 37
116.238.208.177 - - [17/Dec/2021:11:21:00 +0800] "POST /xingrg/kc/base/wldb_order_operate.html HTTP/1.1" 200 6806
114.83.216.59 - - [17/Dec/2021:11:21:00 +0800] "POST /xingrg/kc/base/wldb_order_operate.html HTTP/1.1" 200 2675
116.238.208.177 - - [17/Dec/2021:11:21:01 +0800] "GET /xingrg/javascript/easyui/themes/default/validatebox.css HTTP/1.1" 404 1104
116.238.208.177 - - [17/Dec/2021:11:21:01 +0800] "POST /xingrg/all/common/load_combo.html?type=base HTTP/1.1" 200 3145
116.235.94.0 - - [17/Dec/2021:11:21:04 +0800] "GET /xingrg/all/function/internal_message.html?_=1639711281055&CODE_STATE=getMsg HTTP/1.1" 200 27
116.238.208.177 - - [17/Dec/2021:11:21:04 +0800] "POST /xingrg/all/common/load_combo.html?type=base HTTP/1.1" 200 3145
61.170.234.223 - - [17/Dec/2021:11:21:05 +0800] "GET /xingrg/all/function/internal_message.html?_=1639711258956&CODE_STATE=getMsg HTTP/1.1" 200 27
116.233.78.125 - - [17/Dec/2021:11:21:05 +0800] "GET /xingrg/all/function/internal_message.html?_=1639711264803&CODE_STATE=getMsg HTTP/1.1" 200 27
114.83.216.59 - - [17/Dec/2021:11:21:06 +0800] "GET /xingrg/kc/base/wldb_order_info.html?code=422021121701774 HTTP/1.1" 200 30294
114.83.216.59 - - [17/Dec/2021:11:21:07 +0800] "GET /xingrg/javascript/easyui/themes/default/validatebox.css HTTP/1.1" 404 1104
114.83.216.59 - - [17/Dec/2021:11:21:07 +0800] "POST /xingrg/kc/base/wldb_order_operate.html HTTP/1.1" 200 2675
116.238.208.177 - - [17/Dec/2021:11:21:08 +0800] "GET /xingrg/all/function/internal_message.html?_=1639711270483&CODE_STATE=getMsg HTTP/1.1" 200 27
124.77.245.186 - - [17/Dec/2021:11:21:08 +0800] "GET /xingrg/all/function/internal_message.html?_=1639711283170&CODE_STATE=getMsg HTTP/1.1" 302 -
222.70.176.97 - - [17/Dec/2021:11:21:09 +0800] "GET /xingrg/all/function/internal_message.html?_=1639711265047&CODE_STATE=getMsg HTTP/1.1" 200 27
114.83.216.59 - - [17/Dec/2021:11:21:10 +0800] "GET /xingrg/kc/base/wldb_order_add.html HTTP/1.1" 200 30280
116.238.208.177 - - [17/Dec/2021:11:21:10 +0800] "GET /xingrg/kc/base/wldb_order_operate.html?command=get_materiel&rest_code=00102&base_code=0010476&code=00102009574 HTTP/1.1" 200 449
114.83.216.59 - - [17/Dec/2021:11:21:10 +0800] "POST /xingrg/kc/base/wldb_order_operate.html HTTP/1.1" 200 6806
114.83.216.59 - - [17/Dec/2021:11:21:10 +0800] "GET /xingrg/javascript/easyui/themes/default/validatebox.css HTTP/1.1" 404 1104
124.77.245.186 - - [17/Dec/2021:11:21:12 +0800] "GET /xingrg/all/function/internal_message.html?_=1639711284543&CODE_STATE=getMsg HTTP/1.1" 200 27
222.70.176.97 - - [17/Dec/2021:11:21:13 +0800] "GET /xingrg/check_reg.html?_=1639711269230 HTTP/1.1" 200 22
116.227.210.113 - - [17/Dec/2021:11:21:15 +0800] "GET /xingrg/all/function/internal_message.html?_=1639711260430&CODE_STATE=getMsg HTTP/1.1" 200 27
114.88.158.169 - - [17/Dec/2021:11:21:16 +0800] "POST /xingrg/dwr/call/plaincall/AjaxQqpsService.getMaterielByCode.dwr HTTP/1.1" 200 2612
116.235.94.0 - - [17/Dec/2021:11:21:17 +0800] "GET /xingrg/all/function/internal_message.html?_=1639711399398&CODE_STATE=getMsg HTTP/1.1" 200 27
116.235.94.0 - - [17/Dec/2021:11:21:17 +0800] "GET /xingrg/check_reg.html?_=1639711399399 HTTP/1.1" 200 22
116.238.208.177 - - [17/Dec/2021:11:21:19 +0800] "GET /xingrg/kc/base/wldb_order_operate.html?command=get_materiel&rest_code=00102&base_code=0010476&code=00101019134 HTTP/1.1" 200 464
61.151.207.205 - - [17/Dec/2021:11:21:19 +0800] "GET /xingrg/kc/buy/cgsh_order_operate.html?command=get_materiel&rest_code=00106&code=00101008236&supplier_code=00100007&order_time=2021-12-17 HTTP/1.1" 302 -
61.151.207.205 - - [17/Dec/2021:11:21:20 +0800] "GET /xingrg/login.html HTTP/1.1" 200 7641
180.175.103.30 - - [17/Dec/2021:11:21:21 +0800] "GET /xingrg/all/function/internal_message.html?_=1639711215143&CODE_STATE=getMsg HTTP/1.1" 200 27
222.70.176.97 - - [17/Dec/2021:11:21:23 +0800] "GET /xingrg/all/function/internal_message.html?_=1639710939597&CODE_STATE=getMsg HTTP/1.1" 302 -
114.83.216.59 - - [17/Dec/2021:11:21:25 +0800] "GET /xingrg/all/function/internal_message.html?_=1639711281838&CODE_STATE=getMsg HTTP/1.1" 200 27
116.238.208.177 - - [17/Dec/2021:11:21:27 +0800] "GET /xingrg/kc/base/wldb_order_operate.html?command=get_materiel&rest_code=00102&base_code=0010476&code=00101019372 HTTP/1.1" 200 467
101.85.120.86 - - [17/Dec/2021:11:21:29 +0800] "GET /xingrg/all/function/internal_message.html?_=1639711285655&CODE_STATE=getMsg HTTP/1.1" 200 27
116.238.248.233 - - [17/Dec/2021:11:21:34 +0800] "GET /xingrg/all/function/internal_message.html?_=1639711291508&CODE_STATE=getMsg HTTP/1.1" 200 27
114.83.216.59 - - [17/Dec/2021:11:21:37 +0800] "GET /xingrg/kc/base/wldb_order_operate.html?command=get_materiel&rest_code=00149&base_code=0010394&code=00101019438 HTTP/1.1" 200 447
114.83.216.59 - - [17/Dec/2021:11:21:41 +0800] "GET /xingrg/kc/base/wldb_order_operate.html?command=get_materiel&rest_code=00149&base_code=0010394&code=00101019185 HTTP/1.1" 200 453
114.85.125.222 - - [17/Dec/2021:11:21:41 +0800] "GET /xingrg/all/function/internal_message.html?_=1639711250737&CODE_STATE=getMsg HTTP/1.1" 200 27
116.238.208.177 - - [17/Dec/2021:11:21:41 +0800] "GET /xingrg/kc/base/wldb_order_operate.html?command=get_materiel&rest_code=00102&base_code=0010476&code=00101019249 HTTP/1.1" 200 469
114.83.216.59 - - [17/Dec/2021:11:21:44 +0800] "GET /xingrg/kc/base/wldb_order_operate.html?command=get_materiel&rest_code=00149&base_code=0010394&code=00101019079 HTTP/1.1" 200 465
114.88.158.169 - - [17/Dec/2021:11:21:45 +0800] "GET /xingrg/all/function/internal_message.html?_=1639711116504&CODE_STATE=getMsg HTTP/1.1" 200 27
114.83.216.59 - - [17/Dec/2021:11:21:48 +0800] "GET /xingrg/kc/base/wldb_order_operate.html?command=get_materiel&rest_code=00149&base_code=0010394&code=00101019376 HTTP/1.1" 200 462
120.253.135.82 - - [17/Dec/2021:11:21:50 +0800] "GET /xingrg/all/function/internal_message.html?_=1639711307116&CODE_STATE=getMsg HTTP/1.1" 200 27
180.175.103.30 - - [17/Dec/2021:11:21:50 +0800] "GET /xingrg/all/function/internal_message.html?_=1639711307340&CODE_STATE=getMsg HTTP/1.1" 200 27
124.77.245.186 - - [17/Dec/2021:11:21:56 +0800] "GET /xingrg/check_reg.html?_=1639711329147 HTTP/1.1" 200 22
124.77.245.186 - - [17/Dec/2021:11:21:56 +0800] "GET /xingrg/all/function/internal_message.html?_=1639711329207&CODE_STATE=getMsg HTTP/1.1" 200 27
61.170.234.223 - - [17/Dec/2021:11:21:57 +0800] "GET /xingrg/all/function/internal_message.html?_=1639711314674&CODE_STATE=getMsg HTTP/1.1" 200 27
114.83.216.59 - - [17/Dec/2021:11:22:01 +0800] "GET /xingrg/kc/base/wldb_order_operate.html?command=get_materiel&rest_code=00149&base_code=0010394&code=00101019405 HTTP/1.1" 200 468
116.238.208.177 - - [17/Dec/2021:11:22:01 +0800] "GET /xingrg/kc/base/wldb_order_operate.html?command=get_materiel&rest_code=00102&base_code=0010476&code=00101019018 HTTP/1.1" 200 451
116.235.94.0 - - [17/Dec/2021:11:22:04 +0800] "GET /xingrg/all/function/internal_message.html?_=1639711341833&CODE_STATE=getMsg HTTP/1.1" 200 27
116.235.94.0 - - [17/Dec/2021:11:22:04 +0800] "POST /xingrg/kc/base/wldb_list_operate.html HTTP/1.1" 200 3791
114.83.216.59 - - [17/Dec/2021:11:22:04 +0800] "GET /xingrg/kc/base/wldb_order_operate.html?command=get_materiel&rest_code=00149&base_code=0010394&code=00101019536 HTTP/1.1" 200 471
61.170.234.223 - - [17/Dec/2021:11:22:05 +0800] "GET /xingrg/all/function/internal_message.html?_=1639711318943&CODE_STATE=getMsg HTTP/1.1" 200 27
116.233.78.125 - - [17/Dec/2021:11:22:05 +0800] "GET /xingrg/all/function/internal_message.html?_=1639711324806&CODE_STATE=getMsg HTTP/1.1" 200 27
116.227.210.113 - - [17/Dec/2021:11:22:07 +0800] "POST /xingrg/services/DataTransmitService HTTP/1.1" 200 524
116.227.210.113 - - [17/Dec/2021:11:22:07 +0800] "POST /xingrg/services/DataTransmitService HTTP/1.1" 200 412
116.238.208.177 - - [17/Dec/2021:11:22:07 +0800] "GET /xingrg/kc/base/wldb_order_operate.html?command=get_materiel&rest_code=00102&base_code=0010476&code=00101016044 HTTP/1.1" 200 464
114.83.216.59 - - [17/Dec/2021:11:22:08 +0800] "GET /xingrg/kc/base/wldb_order_operate.html?command=get_materiel&rest_code=00149&base_code=0010394&code=00101019184 HTTP/1.1" 200 444
116.238.208.177 - - [17/Dec/2021:11:22:08 +0800] "GET /xingrg/all/function/internal_message.html?_=1639711330495&CODE_STATE=getMsg HTTP/1.1" 200 27
124.77.245.186 - - [17/Dec/2021:11:22:08 +0800] "GET /xingrg/all/function/internal_message.html?_=1639711343172&CODE_STATE=getMsg HTTP/1.1" 302 -
222.70.176.97 - - [17/Dec/2021:11:22:09 +0800] "GET /xingrg/all/function/internal_message.html?_=1639711325018&CODE_STATE=getMsg HTTP/1.1" 200 27
114.83.216.59 - - [17/Dec/2021:11:22:11 +0800] "GET /xingrg/kc/base/wldb_order_operate.html?command=get_materiel&rest_code=00149&base_code=0010394&code=00101019222 HTTP/1.1" 200 454
124.77.245.186 - - [17/Dec/2021:11:22:12 +0800] "GET /xingrg/all/function/internal_message.html?_=1639711344564&CODE_STATE=getMsg HTTP/1.1" 200 27
114.83.216.59 - - [17/Dec/2021:11:22:14 +0800] "GET /xingrg/kc/base/wldb_order_operate.html?command=get_materiel&rest_code=00149&base_code=0010394&code=00101016086 HTTP/1.1" 200 468
116.227.210.113 - - [17/Dec/2021:11:22:15 +0800] "GET /xingrg/all/function/internal_message.html?_=1639711320412&CODE_STATE=getMsg HTTP/1.1" 200 27
116.238.208.177 - - [17/Dec/2021:11:22:16 +0800] "GET /xingrg/kc/base/wldb_order_operate.html?command=get_materiel&rest_code=00102&base_code=0010476&code=00101019027 HTTP/1.1" 200 475
116.235.94.0 - - [17/Dec/2021:11:22:17 +0800] "GET /xingrg/all/function/internal_message.html?_=1639711459385&CODE_STATE=getMsg HTTP/1.1" 200 27
114.83.216.59 - - [17/Dec/2021:11:22:20 +0800] "GET /xingrg/kc/base/wldb_order_operate.html?command=get_materiel&rest_code=00149&base_code=0010394&code=00101016120 HTTP/1.1" 200 443
180.175.103.30 - - [17/Dec/2021:11:22:21 +0800] "GET /xingrg/check_reg.html?_=1639711275142 HTTP/1.1" 200 22
180.175.103.30 - - [17/Dec/2021:11:22:21 +0800] "GET /xingrg/all/function/internal_message.html?_=1639711275145&CODE_STATE=getMsg HTTP/1.1" 200 27
116.235.94.0 - - [17/Dec/2021:11:22:22 +0800] "POST /xingrg/kc/base/wldb_list_operate.html HTTP/1.1" 200 4
222.70.176.97 - - [17/Dec/2021:11:22:23 +0800] "GET /xingrg/all/function/internal_message.html?_=1639710999596&CODE_STATE=getMsg HTTP/1.1" 302 -
116.235.94.0 - - [17/Dec/2021:11:22:23 +0800] "POST /xingrg/kc/base/wldb_list_operate.html HTTP/1.1" 200 928
114.83.216.59 - - [17/Dec/2021:11:22:25 +0800] "GET /xingrg/check_reg.html?_=1639711341842 HTTP/1.1" 200 22
114.83.216.59 - - [17/Dec/2021:11:22:25 +0800] "GET /xingrg/all/function/internal_message.html?_=1639711341846&CODE_STATE=getMsg HTTP/1.1" 200 27
116.238.208.177 - - [17/Dec/2021:11:22:27 +0800] "GET /xingrg/kc/base/wldb_order_operate.html?command=get_materiel&rest_code=00102&base_code=0010476&code=00101019185 HTTP/1.1" 200 453
101.85.120.86 - - [17/Dec/2021:11:22:29 +0800] "GET /xingrg/all/function/internal_message.html?_=1639711345657&CODE_STATE=getMsg HTTP/1.1" 200 27
61.170.234.223 - - [17/Dec/2021:11:22:30 +0800] "POST /xingrg/kc/buy/cgsh_list_operate.html HTTP/1.1" 200 876
61.170.234.223 - - [17/Dec/2021:11:22:30 +0800] "GET /xingrg/kc/buy/buy_main.html HTTP/1.1" 200 12412
61.170.234.223 - - [17/Dec/2021:11:22:30 +0800] "GET /xingrg/css/new_ie.css HTTP/1.1" 404 1036
61.170.234.223 - - [17/Dec/2021:11:22:31 +0800] "GET /xingrg/images/yd/bt.gif HTTP/1.1" 404 1040
61.170.234.223 - - [17/Dec/2021:11:22:31 +0800] "GET /xingrg/kc/buy/cgsh_order_list.html HTTP/1.1" 200 49423
61.170.234.223 - - [17/Dec/2021:11:22:32 +0800] "POST /xingrg/kc/buy/cgsh_list_operate.html HTTP/1.1" 200 876
116.238.208.177 - - [17/Dec/2021:11:22:34 +0800] "GET /xingrg/kc/base/wldb_order_operate.html?command=get_materiel&rest_code=00102&base_code=0010476&code=00101019306 HTTP/1.1" 200 462
116.238.248.233 - - [17/Dec/2021:11:22:34 +0800] "GET /xingrg/all/function/internal_message.html?_=1639711351557&CODE_STATE=getMsg HTTP/1.1" 200 27
61.170.234.223 - - [17/Dec/2021:11:22:35 +0800] "GET /xingrg/kc/buy/buy_main.html HTTP/1.1" 200 12412
61.170.234.223 - - [17/Dec/2021:11:22:35 +0800] "GET /xingrg/css/new_ie.css HTTP/1.1" 404 1036
61.170.234.223 - - [17/Dec/2021:11:22:35 +0800] "GET /xingrg/images/yd/bt.gif HTTP/1.1" 404 1040
61.170.234.223 - - [17/Dec/2021:11:22:37 +0800] "GET /xingrg/kc/buy/cgsh_order_list.html HTTP/1.1" 200 49423
61.170.234.223 - - [17/Dec/2021:11:22:37 +0800] "POST /xingrg/kc/buy/cgsh_list_operate.html HTTP/1.1" 200 876
180.169.147.146 - - [17/Dec/2021:11:22:38 +0800] "GET /xingrg/check_reg.html?_=1639711351494 HTTP/1.1" 200 22
114.83.216.59 - - [17/Dec/2021:11:22:40 +0800] "POST /xingrg/kc/base/wldb_order_operate.html HTTP/1.1" 200 37
114.83.216.59 - - [17/Dec/2021:11:22:41 +0800] "POST /xingrg/kc/base/wldb_order_operate.html HTTP/1.1" 200 6711
114.85.125.222 - - [17/Dec/2021:11:22:41 +0800] "GET /xingrg/all/function/internal_message.html?_=1639711310751&CODE_STATE=getMsg HTTP/1.1" 200 27
114.83.216.59 - - [17/Dec/2021:11:22:41 +0800] "GET /xingrg/kc/base/wldb_order_info.html?code=422021121701775 HTTP/1.1" 200 30295
114.83.216.59 - - [17/Dec/2021:11:22:42 +0800] "GET /xingrg/javascript/easyui/themes/default/validatebox.css HTTP/1.1" 404 1104
114.83.216.59 - - [17/Dec/2021:11:22:42 +0800] "POST /xingrg/kc/base/wldb_order_operate.html HTTP/1.1" 200 6711
114.83.216.59 - - [17/Dec/2021:11:22:44 +0800] "GET /xingrg/kc/base/wldb_order_add.html HTTP/1.1" 200 30280
114.83.216.59 - - [17/Dec/2021:11:22:44 +0800] "POST /xingrg/kc/base/wldb_order_operate.html HTTP/1.1" 200 6806
114.83.216.59 - - [17/Dec/2021:11:22:44 +0800] "GET /xingrg/javascript/easyui/themes/default/validatebox.css HTTP/1.1" 404 1104
114.88.158.169 - - [17/Dec/2021:11:22:45 +0800] "GET /xingrg/all/function/internal_message.html?_=1639711176484&CODE_STATE=getMsg HTTP/1.1" 200 27
120.253.135.82 - - [17/Dec/2021:11:22:50 +0800] "GET /xingrg/all/function/internal_message.html?_=1639711367132&CODE_STATE=getMsg HTTP/1.1" 200 27
180.175.103.30 - - [17/Dec/2021:11:22:50 +0800] "GET /xingrg/all/function/internal_message.html?_=1639711367344&CODE_STATE=getMsg HTTP/1.1" 200 27
180.175.103.30 - - [17/Dec/2021:11:22:50 +0800] "GET /xingrg/check_reg.html?_=1639711367347 HTTP/1.1" 200 22
116.233.78.125 - - [17/Dec/2021:11:22:51 +0800] "POST /xingrg/kc/buy/cgsh_order_operate.html HTTP/1.1" 200 37
116.235.94.0 - - [17/Dec/2021:11:22:53 +0800] "GET /xingrg/check_reg.html?_=1639711390881 HTTP/1.1" 200 22
114.83.216.59 - - [17/Dec/2021:11:22:55 +0800] "GET /xingrg/kc/base/wldb_order_operate.html?command=get_materiel&rest_code=00149&base_code=0010394&code=00101019108 HTTP/1.1" 200 463
124.77.245.186 - - [17/Dec/2021:11:22:56 +0800] "GET /xingrg/all/function/internal_message.html?_=1639711389224&CODE_STATE=getMsg HTTP/1.1" 200 27
61.170.234.223 - - [17/Dec/2021:11:22:57 +0800] "GET /xingrg/all/function/internal_message.html?_=1639711374691&CODE_STATE=getMsg HTTP/1.1" 200 27
116.238.208.177 - - [17/Dec/2021:11:22:59 +0800] "POST /xingrg/kc/base/wldb_order_operate.html HTTP/1.1" 200 37
114.83.216.59 - - [17/Dec/2021:11:22:59 +0800] "GET /xingrg/kc/base/wldb_order_operate.html?command=get_materiel&rest_code=00149&base_code=0010394&code=00101019142 HTTP/1.1" 200 449
116.238.208.177 - - [17/Dec/2021:11:23:01 +0800] "POST /xingrg/kc/base/wldb_order_operate.html HTTP/1.1" 200 12
116.238.208.177 - - [17/Dec/2021:11:23:01 +0800] "POST /xingrg/kc/base/wldb_order_operate.html HTTP/1.1" 200 7256
120.253.135.82 - - [17/Dec/2021:11:23:03 +0800] "GET /xingrg/check_reg.html?_=1639711159806 HTTP/1.1" 200 22
116.238.208.177 - - [17/Dec/2021:11:23:03 +0800] "GET /xingrg/kc/base/wldb_order_info.html?code=422021121701776 HTTP/1.1" 200 26147
114.83.216.59 - - [17/Dec/2021:11:23:04 +0800] "GET /xingrg/kc/base/wldb_order_operate.html?command=get_materiel&rest_code=00149&base_code=0010394&code=00101016049 HTTP/1.1" 200 447
116.235.94.0 - - [17/Dec/2021:11:23:04 +0800] "GET /xingrg/all/function/internal_message.html?_=1639711401847&CODE_STATE=getMsg HTTP/1.1" 200 27
61.170.234.223 - - [17/Dec/2021:11:23:05 +0800] "GET /xingrg/all/function/internal_message.html?_=1639711378912&CODE_STATE=getMsg HTTP/1.1" 200 27
124.77.245.186 - - [17/Dec/2021:11:23:05 +0800] "GET /xingrg/check_reg.html?_=1639711400102 HTTP/1.1" 302 -
116.238.208.177 - - [17/Dec/2021:11:23:07 +0800] "POST /xingrg/kc/base/wldb_order_operate.html HTTP/1.1" 200 5439
116.238.208.177 - - [17/Dec/2021:11:23:08 +0800] "GET /xingrg/javascript/easyui/themes/default/validatebox.css HTTP/1.1" 404 1104
116.238.208.177 - - [17/Dec/2021:11:23:08 +0800] "GET /xingrg/all/function/internal_message.html?_=1639711390505&CODE_STATE=getMsg HTTP/1.1" 200 27
124.77.245.186 - - [17/Dec/2021:11:23:08 +0800] "GET /xingrg/all/function/internal_message.html?_=1639711403186&CODE_STATE=getMsg HTTP/1.1" 302 -
114.83.216.59 - - [17/Dec/2021:11:23:08 +0800] "GET /xingrg/kc/base/wldb_order_operate.html?command=get_materiel&rest_code=00149&base_code=0010394&code=00101016050 HTTP/1.1" 200 463
222.70.176.97 - - [17/Dec/2021:11:23:09 +0800] "GET /xingrg/all/function/internal_message.html?_=1639711385003&CODE_STATE=getMsg HTTP/1.1" 200 27
124.77.245.186 - - [17/Dec/2021:11:23:12 +0800] "GET /xingrg/all/function/internal_message.html?_=1639711404571&CODE_STATE=getMsg HTTP/1.1" 200 27
116.227.210.113 - - [17/Dec/2021:11:23:15 +0800] "GET /xingrg/all/function/internal_message.html?_=1639711380385&CODE_STATE=getMsg HTTP/1.1" 200 27
116.235.94.0 - - [17/Dec/2021:11:23:17 +0800] "GET /xingrg/all/function/internal_message.html?_=1639711519387&CODE_STATE=getMsg HTTP/1.1" 200 27
116.238.208.177 - - [17/Dec/2021:11:23:19 +0800] "POST /xingrg/kc/base/wldb_list_operate.html HTTP/1.1" 200 928
180.175.103.30 - - [17/Dec/2021:11:23:21 +0800] "GET /xingrg/all/function/internal_message.html?_=1639711335145&CODE_STATE=getMsg HTTP/1.1" 200 27
222.70.176.97 - - [17/Dec/2021:11:23:23 +0800] "GET /xingrg/all/function/internal_message.html?_=1639711059597&CODE_STATE=getMsg HTTP/1.1" 302 -
222.70.176.97 - - [17/Dec/2021:11:23:23 +0800] "GET /xingrg/check_reg.html?_=1639711059598 HTTP/1.1" 302 -
114.83.216.59 - - [17/Dec/2021:11:23:25 +0800] "GET /xingrg/all/function/internal_message.html?_=1639711401935&CODE_STATE=getMsg HTTP/1.1" 200 27
114.83.216.59 - - [17/Dec/2021:11:23:26 +0800] "POST /xingrg/kc/base/wldb_order_operate.html HTTP/1.1" 200 37
114.83.216.59 - - [17/Dec/2021:11:23:26 +0800] "POST /xingrg/kc/base/wldb_order_operate.html HTTP/1.1" 200 4201
114.83.216.59 - - [17/Dec/2021:11:23:27 +0800] "GET /xingrg/kc/base/wldb_order_info.html?code=422021121701777 HTTP/1.1" 200 30295
114.83.216.59 - - [17/Dec/2021:11:23:27 +0800] "GET /xingrg/javascript/easyui/themes/default/validatebox.css HTTP/1.1" 404 1104
114.83.216.59 - - [17/Dec/2021:11:23:28 +0800] "POST /xingrg/kc/base/wldb_order_operate.html HTTP/1.1" 200 4201
101.85.120.86 - - [17/Dec/2021:11:23:29 +0800] "GET /xingrg/all/function/internal_message.html?_=1639711405660&CODE_STATE=getMsg HTTP/1.1" 200 27
114.83.216.59 - - [17/Dec/2021:11:23:29 +0800] "GET /xingrg/kc/base/wldb_order_add.html HTTP/1.1" 200 30280
114.83.216.59 - - [17/Dec/2021:11:23:30 +0800] "POST /xingrg/kc/base/wldb_order_operate.html HTTP/1.1" 200 6806
114.83.216.59 - - [17/Dec/2021:11:23:30 +0800] "GET /xingrg/javascript/easyui/themes/default/validatebox.css HTTP/1.1" 404 1104
116.238.248.233 - - [17/Dec/2021:11:23:35 +0800] "GET /xingrg/all/function/internal_message.html?_=1639711411607&CODE_STATE=getMsg HTTP/1.1" 200 27
114.83.216.59 - - [17/Dec/2021:11:23:37 +0800] "GET /xingrg/kc/base/wldb_order_operate.html?command=get_materiel&rest_code=00149&base_code=0010394&code=00101019283 HTTP/1.1" 200 451
114.85.125.222 - - [17/Dec/2021:11:23:40 +0800] "GET /xingrg/check_reg.html?_=1639711370048 HTTP/1.1" 200 22
124.77.245.186 - - [17/Dec/2021:11:23:40 +0800] "POST /xingrg/kc/buy/cgsh_list_operate.html HTTP/1.1" 200 5655
114.85.125.222 - - [17/Dec/2021:11:23:41 +0800] "GET /xingrg/all/function/internal_message.html?_=1639711370764&CODE_STATE=getMsg HTTP/1.1" 200 27
114.83.216.59 - - [17/Dec/2021:11:23:43 +0800] "GET /xingrg/kc/base/wldb_order_operate.html?command=get_materiel&rest_code=00149&base_code=0010394&code=00101019306 HTTP/1.1" 200 463
116.227.210.113 - - [17/Dec/2021:11:23:43 +0800] "GET /xingrg/kc/buy/cgsh_order_operate.html?command=get_materiel&rest_code=00155&code=00101009066&supplier_code=00100037&order_time=2021-12-17 HTTP/1.1" 200 435
114.88.158.169 - - [17/Dec/2021:11:23:45 +0800] "GET /xingrg/all/function/internal_message.html?_=1639711236465&CODE_STATE=getMsg HTTP/1.1" 200 27
120.253.135.82 - - [17/Dec/2021:11:23:50 +0800] "GET /xingrg/check_reg.html?_=1639711426626 HTTP/1.1" 200 22
120.253.135.82 - - [17/Dec/2021:11:23:50 +0800] "GET /xingrg/all/function/internal_message.html?_=1639711427143&CODE_STATE=getMsg HTTP/1.1" 200 27
124.77.245.186 - - [17/Dec/2021:11:23:50 +0800] "POST /xingrg/kc/buy/cgsh_list_operate.html HTTP/1.1" 200 5515
180.175.103.30 - - [17/Dec/2021:11:23:50 +0800] "GET /xingrg/all/function/internal_message.html?_=1639711427335&CODE_STATE=getMsg HTTP/1.1" 200 27
116.238.208.177 - - [17/Dec/2021:11:23:52 +0800] "GET /xingrg/kc/buy/cgsh_order_list.html HTTP/1.1" 200 49423
116.238.208.177 - - [17/Dec/2021:11:23:54 +0800] "POST /xingrg/kc/buy/cgsh_list_operate.html HTTP/1.1" 200 876
114.83.216.59 - - [17/Dec/2021:11:23:54 +0800] "POST /xingrg/kc/base/wldb_order_operate.html HTTP/1.1" 200 37
61.170.234.223 - - [17/Dec/2021:11:23:54 +0800] "GET /xingrg/check_reg.html?_=1639711428531 HTTP/1.1" 200 22
114.83.216.59 - - [17/Dec/2021:11:23:54 +0800] "POST /xingrg/kc/base/wldb_order_operate.html HTTP/1.1" 200 3218
124.77.245.186 - - [17/Dec/2021:11:23:54 +0800] "POST /xingrg/kc/buy/cgsh_list_operate.html HTTP/1.1" 200 586
