116.235.94.0 - - [17/Dec/2021:10:59:58 +0800] "GET /xingrg/all/function/internal_message.html?_=1639710015403&CODE_STATE=getMsg HTTP/1.1" 200 27
114.88.158.169 - - [17/Dec/2021:10:59:59 +0800] "GET /xingrg/kc/buy/cgsh_order_operate.html?command=get_materiel&rest_code=00141&code=00101008141&supplier_code=00100007&order_time=2021-12-17 HTTP/1.1" 200 412
61.170.234.223 - - [17/Dec/2021:11:00:03 +0800] "GET /xingrg/all/function/internal_message.html?_=1639709997631&CODE_STATE=getMsg HTTP/1.1" 200 27
116.233.78.125 - - [17/Dec/2021:11:00:04 +0800] "GET /xingrg/kc/buy/cgsh_order_operate.html?command=get_materiel&rest_code=00109&code=00101008196&supplier_code=00100005&order_time=2021-12-17 HTTP/1.1" 200 416
114.84.2.174 - - [17/Dec/2021:11:00:05 +0800] "POST /xingrg/services/DataTransmitService HTTP/1.1" 200 524
116.233.78.125 - - [17/Dec/2021:11:00:05 +0800] "GET /xingrg/all/function/internal_message.html?_=1639710004758&CODE_STATE=getMsg HTTP/1.1" 200 27
114.84.2.174 - - [17/Dec/2021:11:00:06 +0800] "POST /xingrg/services/DataTransmitService HTTP/1.1" 200 501
61.151.179.84 - - [17/Dec/2021:11:00:06 +0800] "GET /xingrg/all/function/internal_message.html?_=1639707283350&CODE_STATE=count HTTP/1.1" 302 -
124.77.245.186 - - [17/Dec/2021:11:00:06 +0800] "GET /xingrg/all/function/internal_message.html?_=1639710020767&CODE_STATE=getMsg HTTP/1.1" 200 27
61.151.179.84 - - [17/Dec/2021:11:00:08 +0800] "GET /xingrg/login.html HTTP/1.1" 200 7641
222.70.176.97 - - [17/Dec/2021:11:00:10 +0800] "GET /xingrg/all/function/internal_message.html?_=1639710005449&CODE_STATE=getMsg HTTP/1.1" 200 27
116.233.78.125 - - [17/Dec/2021:11:00:10 +0800] "GET /xingrg/kc/buy/cgsh_order_operate.html?command=get_materiel&rest_code=00109&code=00101008197&supplier_code=00100005&order_time=2021-12-17 HTTP/1.1" 200 416
124.77.245.186 - - [17/Dec/2021:11:00:12 +0800] "GET /xingrg/all/function/internal_message.html?_=1639710024259&CODE_STATE=getMsg HTTP/1.1" 302 -
114.88.158.169 - - [17/Dec/2021:11:00:13 +0800] "POST /xingrg/kc/buy/cgsh_order_operate.html HTTP/1.1" 200 2065
116.227.210.113 - - [17/Dec/2021:11:00:15 +0800] "GET /xingrg/check_reg.html?_=1639710000121 HTTP/1.1" 200 22
116.227.210.113 - - [17/Dec/2021:11:00:16 +0800] "GET /xingrg/all/function/internal_message.html?_=1639710000651&CODE_STATE=getMsg HTTP/1.1" 200 27
116.233.78.125 - - [17/Dec/2021:11:00:16 +0800] "GET /xingrg/kc/buy/cgsh_order_operate.html?command=get_materiel&rest_code=00109&code=00101008085&supplier_code=00100005&order_time=2021-12-17 HTTP/1.1" 200 412
116.235.94.0 - - [17/Dec/2021:11:00:17 +0800] "GET /xingrg/all/function/internal_message.html?_=1639710139376&CODE_STATE=getMsg HTTP/1.1" 200 27
114.88.158.169 - - [17/Dec/2021:11:00:18 +0800] "GET /xingrg/kc/buy/cgsh_order_operate.html?command=get_materiel&rest_code=00141&code=00101008337&supplier_code=00100007&order_time=2021-12-17 HTTP/1.1" 200 408
61.151.207.158 - - [17/Dec/2021:11:00:19 +0800] "GET /xingrg/all/function/internal_message.html?_=1639708544224&CODE_STATE=getMsg HTTP/1.1" 302 -
61.151.207.158 - - [17/Dec/2021:11:00:20 +0800] "GET /xingrg/login.html HTTP/1.1" 200 7641
116.235.94.0 - - [17/Dec/2021:11:00:20 +0800] "GET /xingrg/javascript/easyui/themes/default/images/button_plain_hover.png HTTP/1.1" 304 -
116.235.94.0 - - [17/Dec/2021:11:00:20 +0800] "GET /xingrg/javascript/easyui/themes/default/images/button_plain_hover.png HTTP/1.1" 304 -
116.235.94.0 - - [17/Dec/2021:11:00:20 +0800] "GET /xingrg/javascript/easyui/themes/default/images/button_plain_hover.png HTTP/1.1" 304 -
116.235.94.0 - - [17/Dec/2021:11:00:21 +0800] "GET /xingrg/kc/print/load_config.html?kc_code=cgsh HTTP/1.1" 200 1943
116.235.94.0 - - [17/Dec/2021:11:00:21 +0800] "GET /xingrg/kc/print/load_data.html?order_code=212021121706854&kc_code=cgsh&condition= HTTP/1.1" 200 1663
180.175.103.30 - - [17/Dec/2021:11:00:21 +0800] "GET /xingrg/all/function/internal_message.html?_=1639709955092&CODE_STATE=getMsg HTTP/1.1" 200 27
61.170.234.223 - - [17/Dec/2021:11:00:22 +0800] "GET /xingrg/kc/buy/cgsh_order_operate.html?command=get_materiel&rest_code=00106&code=00101007059&supplier_code=00100002&order_time=2021-12-17 HTTP/1.1" 200 409
222.70.176.97 - - [17/Dec/2021:11:00:23 +0800] "GET /xingrg/all/function/internal_message.html?_=1639709679594&CODE_STATE=getMsg HTTP/1.1" 302 -
116.233.78.125 - - [17/Dec/2021:11:00:24 +0800] "GET /xingrg/kc/buy/cgsh_order_operate.html?command=get_materiel&rest_code=00109&code=00101008529&supplier_code=00100005&order_time=2021-12-17 HTTP/1.1" 200 403
120.253.135.82 - - [17/Dec/2021:11:00:25 +0800] "POST /xingrg/kc/pszx/mdth_order_new_info.html HTTP/1.1" 200 37
120.253.135.82 - - [17/Dec/2021:11:00:26 +0800] "POST /xingrg/kc/pszx/mdth_order_new_info.html HTTP/1.1" 200 275
120.253.135.82 - - [17/Dec/2021:11:00:27 +0800] "POST /xingrg/kc/pszx/mdth_order_new_info.html HTTP/1.1" 200 12
61.151.178.180 - - [17/Dec/2021:11:00:27 +0800] "GET /xingrg/kc/buy/cgsh_order_operate.html?command=get_materiel&rest_code=00106&code=00101008351&supplier_code=00100007&order_time=2021-12-17 HTTP/1.1" 302 -
116.238.208.177 - - [17/Dec/2021:11:00:28 +0800] "GET /xingrg/all/function/internal_message.html?_=1639710030193&CODE_STATE=getMsg HTTP/1.1" 200 27
61.151.178.180 - - [17/Dec/2021:11:00:28 +0800] "GET /xingrg/login.html HTTP/1.1" 200 7641
120.253.135.82 - - [17/Dec/2021:11:00:29 +0800] "GET /xingrg/kc/pszx/mdth_order_info.html?code=322021121400013 HTTP/1.1" 200 20116
114.88.158.169 - - [17/Dec/2021:11:00:29 +0800] "GET /xingrg/kc/buy/cgsh_order_operate.html?command=get_materiel&rest_code=00141&code=00101008350&supplier_code=00100007&order_time=2021-12-17 HTTP/1.1" 200 408
116.233.78.125 - - [17/Dec/2021:11:00:29 +0800] "POST /xingrg/kc/buy/cgsh_order_operate.html HTTP/1.1" 200 2065
120.253.135.82 - - [17/Dec/2021:11:00:30 +0800] "POST /xingrg/kc/pszx/mdth_order_new_info.html HTTP/1.1" 200 275
120.253.135.82 - - [17/Dec/2021:11:00:30 +0800] "GET /xingrg/javascript/easyui/themes/default/validatebox.css HTTP/1.1" 404 1104
116.233.78.125 - - [17/Dec/2021:11:00:33 +0800] "GET /xingrg/kc/buy/cgsh_order_operate.html?command=get_materiel&rest_code=00109&code=00101008125&supplier_code=00100005&order_time=2021-12-17 HTTP/1.1" 200 413
61.151.178.249 - - [17/Dec/2021:11:00:33 +0800] "GET /xingrg/kc/buy/cgsh_order_operate.html?command=get_materiel&rest_code=00106&code=00101008286&supplier_code=00100007&order_time=2021-12-17 HTTP/1.1" 302 -
116.238.248.233 - - [17/Dec/2021:11:00:33 +0800] "GET /xingrg/check_reg.html?_=1639710030486 HTTP/1.1" 200 22
116.238.248.233 - - [17/Dec/2021:11:00:33 +0800] "GET /xingrg/all/function/internal_message.html?_=1639710030489&CODE_STATE=getMsg HTTP/1.1" 200 27
120.253.135.82 - - [17/Dec/2021:11:00:34 +0800] "GET /xingrg/kc/pszx/mdth_order_info.html?code=322021121400013 HTTP/1.1" 200 20116
61.151.178.249 - - [17/Dec/2021:11:00:34 +0800] "GET /xingrg/login.html HTTP/1.1" 200 7641
120.253.135.82 - - [17/Dec/2021:11:00:34 +0800] "POST /xingrg/kc/pszx/mdth_order_new_info.html HTTP/1.1" 200 275
120.253.135.82 - - [17/Dec/2021:11:00:34 +0800] "GET /xingrg/javascript/easyui/themes/default/validatebox.css HTTP/1.1" 404 1104
120.253.135.82 - - [17/Dec/2021:11:00:36 +0800] "POST /xingrg/kc/pszx/mdth_order_new_list.html HTTP/1.1" 200 4464
116.238.208.177 - - [17/Dec/2021:11:00:38 +0800] "GET /xingrg/kc/base/wldb_order_operate.html?command=get_materiel&rest_code=00102&base_code=0010477&code=00102002940 HTTP/1.1" 200 431
61.170.234.223 - - [17/Dec/2021:11:00:39 +0800] "POST /xingrg/kc/buy/cgsh_order_operate.html HTTP/1.1" 200 37
114.85.125.222 - - [17/Dec/2021:11:00:40 +0800] "GET /xingrg/all/function/internal_message.html?_=1639709990388&CODE_STATE=getMsg HTTP/1.1" 200 27
116.233.78.125 - - [17/Dec/2021:11:00:41 +0800] "GET /xingrg/kc/buy/cgsh_order_operate.html?command=get_materiel&rest_code=00109&code=00101008132&supplier_code=00100005&order_time=2021-12-17 HTTP/1.1" 200 408
61.170.234.223 - - [17/Dec/2021:11:00:42 +0800] "POST /xingrg/kc/buy/cgsh_order_operate.html HTTP/1.1" 200 12
114.88.158.169 - - [17/Dec/2021:11:00:43 +0800] "GET /xingrg/kc/buy/cgsh_order_operate.html?command=get_materiel&rest_code=00141&code=00101009062&supplier_code=00100007&order_time=2021-12-17 HTTP/1.1" 200 412
120.253.135.82 - - [17/Dec/2021:11:00:43 +0800] "GET /xingrg/kc/pszx/mdqp_order_list.html?state=10 HTTP/1.1" 200 10657
120.253.135.82 - - [17/Dec/2021:11:00:43 +0800] "GET /xingrg/dwr/interface/AjaxReportQueryService.js HTTP/1.1" 200 13203
120.253.135.82 - - [17/Dec/2021:11:00:43 +0800] "GET /xingrg/dwr/interface/AjaxQqpsService.js HTTP/1.1" 200 16326
120.253.135.82 - - [17/Dec/2021:11:00:43 +0800] "GET /xingrg/dwr/engine.js HTTP/1.1" 200 43631
222.70.176.97 - - [17/Dec/2021:11:00:45 +0800] "GET /xingrg/kc/buy/buy_main.html HTTP/1.1" 200 12412
222.70.176.97 - - [17/Dec/2021:11:00:45 +0800] "GET /xingrg/css/new_ie.css HTTP/1.1" 404 1036
61.170.234.223 - - [17/Dec/2021:11:00:45 +0800] "GET /xingrg/kc/buy/cgsh_order_info.html?code=212021121706872 HTTP/1.1" 200 60110
222.70.176.97 - - [17/Dec/2021:11:00:45 +0800] "GET /xingrg/images/yd/bt.gif HTTP/1.1" 404 1040
61.170.234.223 - - [17/Dec/2021:11:00:46 +0800] "GET /xingrg/javascript/easyui/themes/default/validatebox.css HTTP/1.1" 404 1104
114.88.158.169 - - [17/Dec/2021:11:00:46 +0800] "GET /xingrg/all/function/internal_message.html?_=1639709856990&CODE_STATE=getMsg HTTP/1.1" 200 27
61.170.234.223 - - [17/Dec/2021:11:00:46 +0800] "POST /xingrg/kc/buy/cgsh_order_operate.html HTTP/1.1" 200 2380
180.169.147.146 - - [17/Dec/2021:11:00:47 +0800] "GET /xingrg/check_reg.html?_=1639710052416 HTTP/1.1" 200 22
120.253.135.82 - - [17/Dec/2021:11:00:50 +0800] "GET /xingrg/all/function/internal_message.html?_=1639710046738&CODE_STATE=getMsg HTTP/1.1" 200 27
114.83.216.59 - - [17/Dec/2021:11:00:51 +0800] "GET /xingrg/all/function/internal_message.html?_=1639710047706&CODE_STATE=getMsg HTTP/1.1" 200 27
116.233.78.125 - - [17/Dec/2021:11:00:52 +0800] "GET /xingrg/kc/buy/cgsh_order_operate.html?command=get_materiel&rest_code=00109&code=00101008351&supplier_code=00100005&order_time=2021-12-17 HTTP/1.1" 200 408
120.253.135.82 - - [17/Dec/2021:11:00:53 +0800] "GET /xingrg/kc/pszx/mdqp_order_list.html?state=10 HTTP/1.1" 200 10657
120.253.135.82 - - [17/Dec/2021:11:00:53 +0800] "GET /xingrg/dwr/interface/AjaxReportQueryService.js HTTP/1.1" 200 13203
120.253.135.82 - - [17/Dec/2021:11:00:53 +0800] "GET /xingrg/dwr/interface/AjaxQqpsService.js HTTP/1.1" 200 16326
120.253.135.82 - - [17/Dec/2021:11:00:53 +0800] "GET /xingrg/dwr/engine.js HTTP/1.1" 200 43631
222.70.176.97 - - [17/Dec/2021:11:00:55 +0800] "GET /xingrg/kc/buy/cgsh_order_list.html HTTP/1.1" 200 49423
61.170.234.223 - - [17/Dec/2021:11:00:55 +0800] "GET /xingrg/kc/print/load_data.html?order_code=212021121706872&kc_code=cgsh&condition= HTTP/1.1" 200 1451
116.235.94.0 - - [17/Dec/2021:11:00:59 +0800] "GET /xingrg/all/function/internal_message.html?_=1639710076090&CODE_STATE=getMsg HTTP/1.1" 200 27
116.235.94.0 - - [17/Dec/2021:11:01:00 +0800] "GET /xingrg/javascript/easyui/themes/default/images/button_plain_hover.png HTTP/1.1" 304 -
116.235.94.0 - - [17/Dec/2021:11:01:00 +0800] "GET /xingrg/javascript/easyui/themes/default/images/button_plain_hover.png HTTP/1.1" 304 -
116.235.94.0 - - [17/Dec/2021:11:01:00 +0800] "GET /xingrg/javascript/easyui/themes/default/images/button_plain_hover.png HTTP/1.1" 304 -
116.235.94.0 - - [17/Dec/2021:11:01:01 +0800] "GET /xingrg/kc/print/load_config.html?kc_code=cgsh HTTP/1.1" 200 1943
116.235.94.0 - - [17/Dec/2021:11:01:01 +0800] "GET /xingrg/kc/print/load_data.html?order_code=212021121706854&kc_code=cgsh&condition= HTTP/1.1" 200 1663
222.70.176.97 - - [17/Dec/2021:11:01:01 +0800] "POST /xingrg/kc/buy/cgsh_list_operate.html HTTP/1.1" 200 3501
116.233.78.125 - - [17/Dec/2021:11:01:02 +0800] "GET /xingrg/kc/buy/cgsh_order_operate.html?command=get_materiel&rest_code=00109&code=00101008283&supplier_code=00100005&order_time=2021-12-17 HTTP/1.1" 200 408
61.170.234.223 - - [17/Dec/2021:11:01:03 +0800] "GET /xingrg/kc/print/load_data.html?order_code=212021121706872&kc_code=cgsh HTTP/1.1" 200 1451
61.170.234.223 - - [17/Dec/2021:11:01:04 +0800] "GET /xingrg/all/function/internal_message.html?_=1639710058484&CODE_STATE=getMsg HTTP/1.1" 200 27
116.233.78.125 - - [17/Dec/2021:11:01:05 +0800] "GET /xingrg/all/function/internal_message.html?_=1639710064765&CODE_STATE=getMsg HTTP/1.1" 200 27
124.77.245.186 - - [17/Dec/2021:11:01:06 +0800] "GET /xingrg/all/function/internal_message.html?_=1639710081061&CODE_STATE=getMsg HTTP/1.1" 200 27
222.70.176.97 - - [17/Dec/2021:11:01:07 +0800] "GET /xingrg/javascript/easyui/themes/default/tree.css HTTP/1.1" 404 1090
116.233.78.125 - - [17/Dec/2021:11:01:08 +0800] "GET /xingrg/kc/buy/cgsh_order_operate.html?command=get_materiel&rest_code=00109&code=00101008356&supplier_code=00100005&order_time=2021-12-17 HTTP/1.1" 200 408
116.233.78.125 - - [17/Dec/2021:11:01:10 +0800] "POST /xingrg/kc/buy/cgsh_order_operate.html HTTP/1.1" 200 2065
61.151.178.165 - - [17/Dec/2021:11:01:11 +0800] "GET /xingrg/check_reg.html?_=1639707583358 HTTP/1.1" 302 -
116.238.208.177 - - [17/Dec/2021:11:01:11 +0800] "GET /xingrg/kc/base/wldb_order_operate.html?command=get_materiel&rest_code=00102&base_code=0010477&code=00102012040 HTTP/1.1" 200 452
124.77.245.186 - - [17/Dec/2021:11:01:12 +0800] "GET /xingrg/all/function/internal_message.html?_=1639710084272&CODE_STATE=getMsg HTTP/1.1" 302 -
222.70.176.97 - - [17/Dec/2021:11:01:13 +0800] "GET /xingrg/all/function/internal_message.html?_=1639710065463&CODE_STATE=getMsg HTTP/1.1" 200 27
61.151.178.165 - - [17/Dec/2021:11:01:13 +0800] "GET /xingrg/login.html HTTP/1.1" 200 7641
116.238.208.177 - - [17/Dec/2021:11:01:15 +0800] "POST /xingrg/kc/base/wldb_order_operate.html HTTP/1.1" 200 1710
222.70.176.97 - - [17/Dec/2021:11:01:15 +0800] "GET /xingrg/check_reg.html?_=1639710069249 HTTP/1.1" 200 22
116.227.210.113 - - [17/Dec/2021:11:01:16 +0800] "GET /xingrg/all/function/internal_message.html?_=1639710060631&CODE_STATE=getMsg HTTP/1.1" 200 27
116.233.78.125 - - [17/Dec/2021:11:01:16 +0800] "GET /xingrg/kc/buy/cgsh_order_operate.html?command=get_materiel&rest_code=00109&code=00101008286&supplier_code=00100005&order_time=2021-12-17 HTTP/1.1" 200 408
222.70.176.97 - - [17/Dec/2021:11:01:16 +0800] "POST /xingrg/all/common/load_tree.html?tree=supplier_tree_json&manage=1 HTTP/1.1" 200 62635
116.235.94.0 - - [17/Dec/2021:11:01:17 +0800] "GET /xingrg/check_reg.html?_=1639710199374 HTTP/1.1" 200 22
116.235.94.0 - - [17/Dec/2021:11:01:17 +0800] "GET /xingrg/all/function/internal_message.html?_=1639710199375&CODE_STATE=getMsg HTTP/1.1" 200 27
180.175.103.30 - - [17/Dec/2021:11:01:21 +0800] "GET /xingrg/all/function/internal_message.html?_=1639710015091&CODE_STATE=getMsg HTTP/1.1" 200 27
61.170.234.223 - - [17/Dec/2021:11:01:23 +0800] "GET /xingrg/kc/buy/cgsh_order_add.html HTTP/1.1" 200 65199
222.70.176.97 - - [17/Dec/2021:11:01:23 +0800] "GET /xingrg/all/function/internal_message.html?_=1639709739593&CODE_STATE=getMsg HTTP/1.1" 302 -
61.170.234.223 - - [17/Dec/2021:11:01:23 +0800] "GET /xingrg/javascript/easyui/themes/default/validatebox.css HTTP/1.1" 404 1104
61.170.234.223 - - [17/Dec/2021:11:01:23 +0800] "POST /xingrg/kc/buy/cgsh_order_operate.html HTTP/1.1" 200 8245
116.233.78.125 - - [17/Dec/2021:11:01:23 +0800] "GET /xingrg/kc/buy/cgsh_order_operate.html?command=get_materiel&rest_code=00109&code=00101008098&supplier_code=00100005&order_time=2021-12-17 HTTP/1.1" 200 412
61.170.234.223 - - [17/Dec/2021:11:01:24 +0800] "GET /xingrg/javascript/easyui/themes/default/tree.css HTTP/1.1" 404 1090
61.170.234.223 - - [17/Dec/2021:11:01:24 +0800] "POST /xingrg/all/common/load_tree.html?tree=supplier_tree_json&isDelete=1 HTTP/1.1" 200 61427
116.233.78.125 - - [17/Dec/2021:11:01:27 +0800] "GET /favicon.ico HTTP/1.1" 404 -
116.238.208.177 - - [17/Dec/2021:11:01:28 +0800] "GET /xingrg/all/function/internal_message.html?_=1639710090206&CODE_STATE=getMsg HTTP/1.1" 200 27
116.233.78.125 - - [17/Dec/2021:11:01:30 +0800] "GET /xingrg/kc/buy/cgsh_order_operate.html?command=get_materiel&rest_code=00109&code=00101008353&supplier_code=00100005&order_time=2021-12-17 HTTP/1.1" 200 408
222.70.176.97 - - [17/Dec/2021:11:01:30 +0800] "POST /xingrg/kc/buy/cgsh_list_operate.html HTTP/1.1" 200 5744
116.235.94.0 - - [17/Dec/2021:11:01:32 +0800] "GET /xingrg/javascript/easyui/themes/default/images/button_plain_hover.png HTTP/1.1" 304 -
116.235.94.0 - - [17/Dec/2021:11:01:32 +0800] "GET /xingrg/javascript/easyui/themes/default/images/button_plain_hover.png HTTP/1.1" 304 -
116.235.94.0 - - [17/Dec/2021:11:01:32 +0800] "GET /xingrg/javascript/easyui/themes/default/images/button_plain_hover.png HTTP/1.1" 304 -
116.238.248.233 - - [17/Dec/2021:11:01:33 +0800] "GET /xingrg/all/function/internal_message.html?_=1639710090524&CODE_STATE=getMsg HTTP/1.1" 200 27
116.233.78.125 - - [17/Dec/2021:11:01:34 +0800] "GET /xingrg/kc/buy/cgsh_order_operate.html?command=get_materiel&rest_code=00109&code=00101008213&supplier_code=00100005&order_time=2021-12-17 HTTP/1.1" 200 412
116.235.94.0 - - [17/Dec/2021:11:01:36 +0800] "POST /xingrg/kc/buy/cgsh_list_operate.html HTTP/1.1" 200 570
116.235.94.0 - - [17/Dec/2021:11:01:37 +0800] "GET /xingrg/kc/buy/cgsh_order_info.html?code=212021121706838 HTTP/1.1" 200 65202
116.235.94.0 - - [17/Dec/2021:11:01:37 +0800] "GET /xingrg/javascript/jquery_tools/jquery.tools.extend.js HTTP/1.1" 304 -
116.235.94.0 - - [17/Dec/2021:11:01:37 +0800] "GET /xingrg/javascript/jquery_tools/datebox.css HTTP/1.1" 304 -
116.235.94.0 - - [17/Dec/2021:11:01:37 +0800] "GET /xingrg/css/base.css HTTP/1.1" 304 -
116.235.94.0 - - [17/Dec/2021:11:01:37 +0800] "GET /xingrg/css/site.css HTTP/1.1" 304 -
116.235.94.0 - - [17/Dec/2021:11:01:37 +0800] "GET /xingrg/javascript/easyui/themes/icon.css HTTP/1.1" 304 -
116.235.94.0 - - [17/Dec/2021:11:01:37 +0800] "GET /xingrg/javascript/easyui/themes/default/easyui.css HTTP/1.1" 304 -
116.235.94.0 - - [17/Dec/2021:11:01:37 +0800] "GET /xingrg/javascript/jquery_tools/jquery.tools.hotkey.js HTTP/1.1" 304 -
116.235.94.0 - - [17/Dec/2021:11:01:37 +0800] "GET /xingrg/javascript/jquery_tools/fix.css HTTP/1.1" 304 -
116.235.94.0 - - [17/Dec/2021:11:01:37 +0800] "GET /xingrg/javascript/auto/jquery.autocomplete.css HTTP/1.1" 304 -
116.235.94.0 - - [17/Dec/2021:11:01:37 +0800] "GET /xingrg/javascript/jquery_tools/jquery.tools.table.js HTTP/1.1" 304 -
116.235.94.0 - - [17/Dec/2021:11:01:37 +0800] "GET /xingrg/javascript/jquery_tools/table.css HTTP/1.1" 304 -
116.235.94.0 - - [17/Dec/2021:11:01:37 +0800] "GET /xingrg/javascript/auto/jquery.autocomplete.js HTTP/1.1" 304 -
116.235.94.0 - - [17/Dec/2021:11:01:37 +0800] "GET /xingrg/javascript/pic_change.js HTTP/1.1" 304 -
116.235.94.0 - - [17/Dec/2021:11:01:37 +0800] "GET /xingrg/javascript/convert.js HTTP/1.1" 304 -
116.235.94.0 - - [17/Dec/2021:11:01:37 +0800] "GET /xingrg/javascript/easyui/easyloader.js HTTP/1.1" 304 -
116.235.94.0 - - [17/Dec/2021:11:01:37 +0800] "GET /xingrg/javascript/jquery_tools/order_manager.js HTTP/1.1" 304 -
116.235.94.0 - - [17/Dec/2021:11:01:37 +0800] "GET /xingrg/javascript/jquery.cookie.js HTTP/1.1" 304 -
116.235.94.0 - - [17/Dec/2021:11:01:37 +0800] "GET /xingrg/javascript/jquery_tools/jquery.tools.min.js HTTP/1.1" 304 -
116.235.94.0 - - [17/Dec/2021:11:01:37 +0800] "GET /xingrg/javascript/print/kc_print.js HTTP/1.1" 304 -
116.235.94.0 - - [17/Dec/2021:11:01:37 +0800] "GET /xingrg/javascript/print/LodopFuncs.js HTTP/1.1" 304 -
116.235.94.0 - - [17/Dec/2021:11:01:37 +0800] "GET /xingrg/javascript/jquery.utils.js HTTP/1.1" 304 -
116.235.94.0 - - [17/Dec/2021:11:01:37 +0800] "GET /xingrg/javascript/json2.js HTTP/1.1" 304 -
116.235.94.0 - - [17/Dec/2021:11:01:38 +0800] "GET /xingrg/words/20211216165714_words.js HTTP/1.1" 304 -
116.235.94.0 - - [17/Dec/2021:11:01:38 +0800] "GET /xingrg/javascript/easyui/themes/icons/copy_new.png HTTP/1.1" 304 -
116.235.94.0 - - [17/Dec/2021:11:01:38 +0800] "GET /xingrg/javascript/easyui/themes/icons/template_new.png HTTP/1.1" 304 -
116.235.94.0 - - [17/Dec/2021:11:01:38 +0800] "GET /xingrg/javascript/easyui/themes/icons/ok.png HTTP/1.1" 304 -
116.235.94.0 - - [17/Dec/2021:11:01:38 +0800] "GET /xingrg/javascript/easyui/themes/icons/print.png HTTP/1.1" 304 -
116.235.94.0 - - [17/Dec/2021:11:01:38 +0800] "GET /xingrg/javascript/easyui/themes/default/images/menu_downarrow.png HTTP/1.1" 304 -
116.235.94.0 - - [17/Dec/2021:11:01:38 +0800] "GET /xingrg/javascript/easyui/themes/icons/cancel.png HTTP/1.1" 304 -
116.235.94.0 - - [17/Dec/2021:11:01:38 +0800] "GET /xingrg/javascript/easyui/plugins/jquery.parser.js HTTP/1.1" 304 -
116.235.94.0 - - [17/Dec/2021:11:01:38 +0800] "GET /xingrg/all/common/auto_word.html?type=employee&rest_code=00104 HTTP/1.1" 200 245
116.235.94.0 - - [17/Dec/2021:11:01:38 +0800] "GET /xingrg/all/common/auto_word.html?type=employee&rest_code=00104 HTTP/1.1" 200 245
116.235.94.0 - - [17/Dec/2021:11:01:38 +0800] "GET /xingrg/javascript/easyui/themes/default/validatebox.css HTTP/1.1" 404 1104
116.235.94.0 - - [17/Dec/2021:11:01:38 +0800] "GET /xingrg/javascript/easyui/plugins/jquery.validatebox.js HTTP/1.1" 304 -
116.235.94.0 - - [17/Dec/2021:11:01:38 +0800] "GET /xingrg/javascript/easyui/plugins/jquery.numberbox.js HTTP/1.1" 304 -
116.235.94.0 - - [17/Dec/2021:11:01:39 +0800] "POST /xingrg/kc/buy/cgsh_order_operate.html HTTP/1.1" 200 35755
116.233.78.125 - - [17/Dec/2021:11:01:39 +0800] "GET /xingrg/kc/buy/cgsh_order_operate.html?command=get_materiel&rest_code=00109&code=00101008242&supplier_code=00100005&order_time=2021-12-17 HTTP/1.1" 200 408
114.85.125.222 - - [17/Dec/2021:11:01:40 +0800] "GET /xingrg/all/function/internal_message.html?_=1639710050416&CODE_STATE=getMsg HTTP/1.1" 200 27
116.235.94.0 - - [17/Dec/2021:11:01:42 +0800] "GET /xingrg/kc/print/load_config.html?kc_code=cgsh HTTP/1.1" 200 1943
116.235.94.0 - - [17/Dec/2021:11:01:42 +0800] "GET /xingrg/kc/print/load_data.html?order_code=212021121706838&kc_code=cgsh&condition= HTTP/1.1" 200 13211
116.233.78.125 - - [17/Dec/2021:11:01:42 +0800] "POST /xingrg/kc/buy/cgsh_order_operate.html HTTP/1.1" 200 2065
61.170.234.223 - - [17/Dec/2021:11:01:43 +0800] "GET /xingrg/kc/buy/cgsh_order_operate.html?command=get_materiel&rest_code=00106&code=00101006161&supplier_code=00100032&order_time=2021-12-17 HTTP/1.1" 200 411
116.233.78.125 - - [17/Dec/2021:11:01:46 +0800] "GET /xingrg/kc/buy/cgsh_order_operate.html?command=get_materiel&rest_code=00109&code=00101008186&supplier_code=00100005&order_time=2021-12-17 HTTP/1.1" 200 408
114.88.158.169 - - [17/Dec/2021:11:01:46 +0800] "GET /xingrg/all/function/internal_message.html?_=1639709916958&CODE_STATE=getMsg HTTP/1.1" 200 27
116.238.208.177 - - [17/Dec/2021:11:01:46 +0800] "GET /xingrg/kc/base/wldb_order_operate.html?command=get_materiel&rest_code=00102&base_code=0010477&code=00102002433 HTTP/1.1" 200 457
222.70.176.97 - - [17/Dec/2021:11:01:47 +0800] "POST /xingrg/kc/buy/cgsh_list_operate.html HTTP/1.1" 200 5440
120.253.135.82 - - [17/Dec/2021:11:01:50 +0800] "GET /xingrg/all/function/internal_message.html?_=1639710106756&CODE_STATE=getMsg HTTP/1.1" 200 27
114.83.216.59 - - [17/Dec/2021:11:01:51 +0800] "GET /xingrg/all/function/internal_message.html?_=1639710107709&CODE_STATE=getMsg HTTP/1.1" 200 27
116.233.78.125 - - [17/Dec/2021:11:01:51 +0800] "GET /xingrg/kc/buy/cgsh_order_operate.html?command=get_materiel&rest_code=00109&code=00101008251&supplier_code=00100005&order_time=2021-12-17 HTTP/1.1" 200 408
61.170.234.223 - - [17/Dec/2021:11:01:56 +0800] "GET /xingrg/kc/buy/cgsh_order_operate.html?command=get_materiel&rest_code=00106&code=00101016025&supplier_code=00100032&order_time=2021-12-17 HTTP/1.1" 200 408
116.235.94.0 - - [17/Dec/2021:11:01:59 +0800] "GET /xingrg/all/function/internal_message.html?_=1639710136102&CODE_STATE=getMsg HTTP/1.1" 200 27
61.170.234.223 - - [17/Dec/2021:11:02:03 +0800] "GET /xingrg/kc/buy/cgsh_order_operate.html?command=get_materiel&rest_code=00106&code=00101020153&supplier_code=00100032&order_time=2021-12-17 HTTP/1.1" 200 410
61.170.234.223 - - [17/Dec/2021:11:02:04 +0800] "GET /xingrg/all/function/internal_message.html?_=1639710118453&CODE_STATE=getMsg HTTP/1.1" 200 27
116.227.210.113 - - [17/Dec/2021:11:02:05 +0800] "POST /xingrg/services/DataTransmitService HTTP/1.1" 200 524
116.227.210.113 - - [17/Dec/2021:11:02:05 +0800] "POST /xingrg/services/DataTransmitService HTTP/1.1" 200 501
116.233.78.125 - - [17/Dec/2021:11:02:05 +0800] "GET /xingrg/all/function/internal_message.html?_=1639710124755&CODE_STATE=getMsg HTTP/1.1" 200 27
116.227.210.113 - - [17/Dec/2021:11:02:06 +0800] "POST /xingrg/services/DataTransmitService HTTP/1.1" 200 501
116.227.210.113 - - [17/Dec/2021:11:02:06 +0800] "POST /xingrg/services/DataTransmitService HTTP/1.1" 200 501
116.227.210.113 - - [17/Dec/2021:11:02:06 +0800] "POST /xingrg/services/DataTransmitService HTTP/1.1" 200 501
116.227.210.113 - - [17/Dec/2021:11:02:06 +0800] "POST /xingrg/services/DataTransmitService HTTP/1.1" 200 501
116.227.210.113 - - [17/Dec/2021:11:02:06 +0800] "POST /xingrg/services/DataTransmitService HTTP/1.1" 200 501
116.227.210.113 - - [17/Dec/2021:11:02:06 +0800] "POST /xingrg/services/DataTransmitService HTTP/1.1" 200 412
124.77.245.186 - - [17/Dec/2021:11:02:06 +0800] "GET /xingrg/all/function/internal_message.html?_=1639710141077&CODE_STATE=getMsg HTTP/1.1" 200 27
61.151.178.164 - - [17/Dec/2021:11:02:07 +0800] "GET /xingrg/kc/buy/cgsh_order_info.html?code=212021121706839 HTTP/1.1" 302 -
61.151.178.164 - - [17/Dec/2021:11:02:08 +0800] "GET /xingrg/login.html HTTP/1.1" 200 7641
120.253.135.82 - - [17/Dec/2021:11:02:10 +0800] "GET /xingrg/kc/pszx/mdqp_order_list.html?state=10 HTTP/1.1" 200 10657
120.253.135.82 - - [17/Dec/2021:11:02:10 +0800] "GET /xingrg/dwr/interface/AjaxReportQueryService.js HTTP/1.1" 200 13203
120.253.135.82 - - [17/Dec/2021:11:02:10 +0800] "GET /xingrg/dwr/interface/AjaxQqpsService.js HTTP/1.1" 200 16326
222.70.176.97 - - [17/Dec/2021:11:02:10 +0800] "GET /xingrg/all/function/internal_message.html?_=1639710125440&CODE_STATE=getMsg HTTP/1.1" 200 27
120.253.135.82 - - [17/Dec/2021:11:02:10 +0800] "GET /xingrg/dwr/engine.js HTTP/1.1" 200 43631
124.77.245.186 - - [17/Dec/2021:11:02:12 +0800] "GET /xingrg/all/function/internal_message.html?_=1639710144287&CODE_STATE=getMsg HTTP/1.1" 302 -
61.170.234.223 - - [17/Dec/2021:11:02:12 +0800] "GET /xingrg/kc/buy/cgsh_order_operate.html?command=get_materiel&rest_code=00106&code=00101010248&supplier_code=00100032&order_time=2021-12-17 HTTP/1.1" 200 430
61.151.178.163 - - [17/Dec/2021:11:02:14 +0800] "GET /xingrg/kc/buy/cgsh_order_operate.html?command=get_materiel&rest_code=00106&code=00101008357&supplier_code=00100007&order_time=2021-12-17 HTTP/1.1" 302 -
61.151.207.205 - - [17/Dec/2021:11:02:14 +0800] "GET /xingrg/all/function/internal_message.html?_=1639707943559&CODE_STATE=getMsg HTTP/1.1" 302 -
61.151.178.163 - - [17/Dec/2021:11:02:15 +0800] "GET /xingrg/login.html HTTP/1.1" 200 7641
222.70.176.97 - - [17/Dec/2021:11:02:15 +0800] "POST /xingrg/kc/buy/cgsh_list_operate.html HTTP/1.1" 200 5442
61.151.207.205 - - [17/Dec/2021:11:02:15 +0800] "GET /xingrg/login.html HTTP/1.1" 200 7641
116.227.210.113 - - [17/Dec/2021:11:02:16 +0800] "GET /xingrg/all/function/internal_message.html?_=1639710120612&CODE_STATE=getMsg HTTP/1.1" 200 27
116.235.94.0 - - [17/Dec/2021:11:02:17 +0800] "GET /xingrg/all/function/internal_message.html?_=1639710259372&CODE_STATE=getMsg HTTP/1.1" 200 27
61.151.178.164 - - [17/Dec/2021:11:02:19 +0800] "GET /xingrg/all/function/internal_message.html?_=1639707463360&CODE_STATE=getMsg HTTP/1.1" 302 -
61.151.178.164 - - [17/Dec/2021:11:02:21 +0800] "GET /xingrg/login.html HTTP/1.1" 200 7641
180.175.103.30 - - [17/Dec/2021:11:02:21 +0800] "GET /xingrg/check_reg.html?_=1639710075091 HTTP/1.1" 200 22
180.175.103.30 - - [17/Dec/2021:11:02:21 +0800] "GET /xingrg/all/function/internal_message.html?_=1639710075093&CODE_STATE=getMsg HTTP/1.1" 200 27
222.70.176.97 - - [17/Dec/2021:11:02:23 +0800] "GET /xingrg/all/function/internal_message.html?_=1639709799581&CODE_STATE=getMsg HTTP/1.1" 302 -
61.170.234.223 - - [17/Dec/2021:11:02:24 +0800] "GET /xingrg/kc/buy/cgsh_order_operate.html?command=get_materiel&rest_code=00106&code=00101012024&supplier_code=00100032&order_time=2021-12-17 HTTP/1.1" 200 408
116.238.208.177 - - [17/Dec/2021:11:02:27 +0800] "POST /xingrg/kc/base/wldb_order_operate.html HTTP/1.1" 200 37
116.238.208.177 - - [17/Dec/2021:11:02:28 +0800] "GET /xingrg/all/function/internal_message.html?_=1639710150219&CODE_STATE=getMsg HTTP/1.1" 200 27
116.238.208.177 - - [17/Dec/2021:11:02:29 +0800] "POST /xingrg/kc/base/wldb_order_operate.html HTTP/1.1" 200 12
116.238.208.177 - - [17/Dec/2021:11:02:29 +0800] "POST /xingrg/kc/base/wldb_order_operate.html HTTP/1.1" 200 6605
61.170.234.223 - - [17/Dec/2021:11:02:32 +0800] "GET /xingrg/kc/buy/cgsh_order_operate.html?command=get_materiel&rest_code=00106&code=00101012040&supplier_code=00100032&order_time=2021-12-17 HTTP/1.1" 200 412
116.238.248.233 - - [17/Dec/2021:11:02:33 +0800] "GET /xingrg/all/function/internal_message.html?_=1639710150574&CODE_STATE=getMsg HTTP/1.1" 200 27
116.238.208.177 - - [17/Dec/2021:11:02:33 +0800] "GET /xingrg/kc/base/wldb_order_info.html?code=422021121701756 HTTP/1.1" 200 26146
116.238.208.177 - - [17/Dec/2021:11:02:37 +0800] "POST /xingrg/kc/base/wldb_order_operate.html HTTP/1.1" 200 4794
116.238.208.177 - - [17/Dec/2021:11:02:37 +0800] "GET /xingrg/javascript/easyui/themes/default/validatebox.css HTTP/1.1" 404 1104
222.70.176.97 - - [17/Dec/2021:11:02:37 +0800] "POST /xingrg/kc/buy/cgsh_list_operate.html HTTP/1.1" 200 571
116.233.78.125 - - [17/Dec/2021:11:02:38 +0800] "GET /xingrg/kc/buy/cgsh_order_operate.html?command=get_materiel&rest_code=00109&code=00101008251&supplier_code=00100005&order_time=2021-12-17 HTTP/1.1" 200 408
222.70.176.97 - - [17/Dec/2021:11:02:40 +0800] "GET /xingrg/kc/buy/cgsh_order_info.html?code=212021110501708 HTTP/1.1" 200 60023
222.70.176.97 - - [17/Dec/2021:11:02:40 +0800] "GET /xingrg/javascript/easyui/themes/default/validatebox.css HTTP/1.1" 404 1104
114.85.125.222 - - [17/Dec/2021:11:02:40 +0800] "GET /xingrg/all/function/internal_message.html?_=1639710110431&CODE_STATE=getMsg HTTP/1.1" 200 27
222.70.176.97 - - [17/Dec/2021:11:02:40 +0800] "POST /xingrg/kc/buy/cgsh_order_operate.html HTTP/1.1" 200 3565
61.170.234.223 - - [17/Dec/2021:11:02:42 +0800] "GET /xingrg/kc/buy/cgsh_order_operate.html?command=get_materiel&rest_code=00106&code=00101010161&supplier_code=00100032&order_time=2021-12-17 HTTP/1.1" 200 409
116.238.208.177 - - [17/Dec/2021:11:02:42 +0800] "GET /xingrg/kc/base/wldb_order_add.html HTTP/1.1" 200 30270
116.238.208.177 - - [17/Dec/2021:11:02:45 +0800] "POST /xingrg/kc/base/wldb_order_operate.html HTTP/1.1" 200 6806
114.88.158.169 - - [17/Dec/2021:11:02:46 +0800] "GET /xingrg/all/function/internal_message.html?_=1639709976933&CODE_STATE=getMsg HTTP/1.1" 200 27
116.238.208.177 - - [17/Dec/2021:11:02:46 +0800] "GET /xingrg/javascript/easyui/themes/default/validatebox.css HTTP/1.1" 404 1104
180.175.103.30 - - [17/Dec/2021:11:02:47 +0800] "GET /xingrg/index.html?sysBaseUrl=http%3A%2F%2F180.169.147.146%3A18081%2Fxingrg%2F&costTime=36×tamp=1585223203754 HTTP/1.1" 302 -
180.175.103.30 - - [17/Dec/2021:11:02:47 +0800] "GET /xingrg/login.html HTTP/1.1" 200 7641
180.175.103.30 - - [17/Dec/2021:11:02:47 +0800] "GET /favicon.ico HTTP/1.1" 404 -
180.175.103.30 - - [17/Dec/2021:11:02:48 +0800] "POST /xingrg/login.do HTTP/1.1" 200 2421
180.175.103.30 - - [17/Dec/2021:11:02:48 +0800] "GET /favicon.ico HTTP/1.1" 404 -
180.175.103.30 - - [17/Dec/2021:11:02:49 +0800] "GET /xingrg/login.html HTTP/1.1" 200 7641
180.175.103.30 - - [17/Dec/2021:11:02:49 +0800] "GET /favicon.ico HTTP/1.1" 404 -
61.151.178.164 - - [17/Dec/2021:11:02:50 +0800] "GET /xingrg/kc/buy/cgsh_order_operate.html?command=get_materiel&rest_code=00106&code=00101008307&supplier_code=00100007&order_time=2021-12-17 HTTP/1.1" 302 -
120.253.135.82 - - [17/Dec/2021:11:02:50 +0800] "GET /xingrg/all/function/internal_message.html?_=1639710166794&CODE_STATE=getMsg HTTP/1.1" 200 27
61.151.178.164 - - [17/Dec/2021:11:02:50 +0800] "GET /xingrg/login.html HTTP/1.1" 200 7641
180.175.103.30 - - [17/Dec/2021:11:02:50 +0800] "POST /xingrg/login.do HTTP/1.1" 302 -
180.175.103.30 - - [17/Dec/2021:11:02:50 +0800] "GET /xingrg/index.html?sysBaseUrl=http%3A%2F%2F180.169.147.146%3A18081%2Fxingrg%2F&costTime=46×tamp=1639710170733 HTTP/1.1" 200 17173
180.175.103.30 - - [17/Dec/2021:11:02:50 +0800] "GET /favicon.ico HTTP/1.1" 404 -
180.175.103.30 - - [17/Dec/2021:11:02:50 +0800] "POST /xingrg/all/common/load_tree.html?tree=area_rest_tree_json&manage=1 HTTP/1.1" 200 3472
180.175.103.30 - - [17/Dec/2021:11:02:50 +0800] "GET /xingrg/all/function/internal_message.html?_=1639710167303&CODE_STATE=count HTTP/1.1" 200 11
180.175.103.30 - - [17/Dec/2021:11:02:50 +0800] "GET /xingrg/check_reg.html?_=1639710167304 HTTP/1.1" 200 22
180.175.103.30 - - [17/Dec/2021:11:02:50 +0800] "POST /xingrg/load_menu.html HTTP/1.1" 200 5138
116.233.78.125 - - [17/Dec/2021:11:02:51 +0800] "GET /xingrg/kc/buy/cgsh_order_operate.html?command=get_materiel&rest_code=00109&code=00101008350&supplier_code=00100005&order_time=2021-12-17 HTTP/1.1" 200 408
114.83.216.59 - - [17/Dec/2021:11:02:51 +0800] "GET /xingrg/all/function/internal_message.html?_=1639710167708&CODE_STATE=getMsg HTTP/1.1" 200 27
114.83.216.59 - - [17/Dec/2021:11:02:51 +0800] "GET /xingrg/check_reg.html?_=1639710167713 HTTP/1.1" 200 22
61.170.234.223 - - [17/Dec/2021:11:02:51 +0800] "GET /xingrg/kc/buy/cgsh_order_operate.html?command=get_materiel&rest_code=00106&code=00101012069&supplier_code=00100032&order_time=2021-12-17 HTTP/1.1" 200 412
180.175.103.30 - - [17/Dec/2021:11:02:53 +0800] "GET /xingrg/kc/base/wldb_order_list.html HTTP/1.1" 200 19060
180.175.103.30 - - [17/Dec/2021:11:02:53 +0800] "POST /xingrg/kc/base/wldb_list_operate.html HTTP/1.1" 200 2953
116.235.94.0 - - [17/Dec/2021:11:02:53 +0800] "GET /xingrg/check_reg.html?_=1639710190864 HTTP/1.1" 200 22
180.175.103.30 - - [17/Dec/2021:11:02:55 +0800] "GET /xingrg/kc/base/wldb_order_add.html HTTP/1.1" 200 30274
180.175.103.30 - - [17/Dec/2021:11:02:55 +0800] "GET /xingrg/all/common/auto_word.html?type=base&rest_code=00105 HTTP/1.1" 200 1857
180.175.103.30 - - [17/Dec/2021:11:02:55 +0800] "GET /xingrg/all/common/auto_word.html?type=base&rest_code=00105 HTTP/1.1" 200 1857
180.175.103.30 - - [17/Dec/2021:11:02:55 +0800] "GET /xingrg/javascript/easyui/themes/default/validatebox.css HTTP/1.1" 404 1104
180.175.103.30 - - [17/Dec/2021:11:02:55 +0800] "POST /xingrg/kc/base/wldb_order_operate.html HTTP/1.1" 200 6806
180.175.103.30 - - [17/Dec/2021:11:02:56 +0800] "GET /xingrg/css/images/panel_loading.gif HTTP/1.1" 304 -
180.175.103.30 - - [17/Dec/2021:11:02:56 +0800] "POST /xingrg/all/common/load_combo.html?type=base HTTP/1.1" 200 3321
116.235.94.0 - - [17/Dec/2021:11:02:59 +0800] "GET /xingrg/all/function/internal_message.html?_=1639710196755&CODE_STATE=getMsg HTTP/1.1" 200 27
222.70.176.97 - - [17/Dec/2021:11:03:00 +0800] "POST /xingrg/kc/buy/cgsh_list_operate.html HTTP/1.1" 200 5442
180.175.103.30 - - [17/Dec/2021:11:03:02 +0800] "GET /xingrg/javascript/auto/indicator.gif HTTP/1.1" 404 1066
61.170.234.223 - - [17/Dec/2021:11:03:02 +0800] "GET /xingrg/kc/buy/cgsh_order_operate.html?command=get_materiel&rest_code=00106&code=00101001111&supplier_code=00100032&order_time=2021-12-17 HTTP/1.1" 200 409
120.253.135.82 - - [17/Dec/2021:11:03:03 +0800] "GET /xingrg/check_reg.html?_=1639709959710 HTTP/1.1" 200 22
61.170.234.223 - - [17/Dec/2021:11:03:04 +0800] "GET /xingrg/all/function/internal_message.html?_=1639710178426&CODE_STATE=getMsg HTTP/1.1" 200 27
124.77.245.186 - - [17/Dec/2021:11:03:04 +0800] "GET /xingrg/check_reg.html?_=1639710199311 HTTP/1.1" 200 22
116.233.78.125 - - [17/Dec/2021:11:03:05 +0800] "GET /xingrg/all/function/internal_message.html?_=1639710184765&CODE_STATE=getMsg HTTP/1.1" 200 27
116.233.78.125 - - [17/Dec/2021:11:03:06 +0800] "GET /xingrg/check_reg.html?_=1639710184767 HTTP/1.1" 200 22
116.238.208.177 - - [17/Dec/2021:11:03:06 +0800] "POST /xingrg/all/common/load_combo.html?type=base HTTP/1.1" 200 3145
124.77.245.186 - - [17/Dec/2021:11:03:07 +0800] "GET /xingrg/all/function/internal_message.html?_=1639710201324&CODE_STATE=getMsg HTTP/1.1" 200 27
116.238.208.177 - - [17/Dec/2021:11:03:09 +0800] "POST /xingrg/all/common/load_combo.html?type=base HTTP/1.1" 200 3145
61.170.234.223 - - [17/Dec/2021:11:03:10 +0800] "GET /xingrg/kc/buy/cgsh_order_operate.html?command=get_materiel&rest_code=00106&code=00101002027&supplier_code=00100032&order_time=2021-12-17 HTTP/1.1" 200 434
222.70.176.97 - - [17/Dec/2021:11:03:10 +0800] "GET /xingrg/all/function/internal_message.html?_=1639710185417&CODE_STATE=getMsg HTTP/1.1" 200 27
180.175.103.30 - - [17/Dec/2021:11:03:10 +0800] "GET /xingrg/kc/base/wldb_order_operate.html?command=get_materiel&rest_code=00105&base_code=0010508&code=00102001051 HTTP/1.1" 200 435
124.77.245.186 - - [17/Dec/2021:11:03:12 +0800] "GET /xingrg/all/function/internal_message.html?_=1639710204299&CODE_STATE=getMsg HTTP/1.1" 302 -
116.227.210.113 - - [17/Dec/2021:11:03:16 +0800] "GET /xingrg/all/function/internal_message.html?_=1639710180595&CODE_STATE=getMsg HTTP/1.1" 200 27
61.170.234.223 - - [17/Dec/2021:11:03:17 +0800] "GET /xingrg/kc/buy/cgsh_order_operate.html?command=get_materiel&rest_code=00106&code=00101012053&supplier_code=00100032&order_time=2021-12-17 HTTP/1.1" 200 412
116.235.94.0 - - [17/Dec/2021:11:03:17 +0800] "GET /xingrg/all/function/internal_message.html?_=1639710319372&CODE_STATE=getMsg HTTP/1.1" 200 27
114.88.158.169 - - [17/Dec/2021:11:03:20 +0800] "POST /xingrg/kc/buy/cgsh_order_operate.html HTTP/1.1" 200 37
180.175.103.30 - - [17/Dec/2021:11:03:21 +0800] "GET /xingrg/all/function/internal_message.html?_=1639710135094&CODE_STATE=getMsg HTTP/1.1" 200 27
222.70.176.97 - - [17/Dec/2021:11:03:23 +0800] "GET /xingrg/all/function/internal_message.html?_=1639709859597&CODE_STATE=getMsg HTTP/1.1" 302 -
222.70.176.97 - - [17/Dec/2021:11:03:23 +0800] "GET /xingrg/check_reg.html?_=1639709859597 HTTP/1.1" 302 -
114.88.158.169 - - [17/Dec/2021:11:03:25 +0800] "POST /xingrg/kc/buy/cgsh_order_operate.html HTTP/1.1" 200 12
61.170.234.223 - - [17/Dec/2021:11:03:26 +0800] "GET /xingrg/kc/buy/cgsh_order_operate.html?command=get_materiel&rest_code=00106&code=00101012026&supplier_code=00100032&order_time=2021-12-17 HTTP/1.1" 200 410
114.88.158.169 - - [17/Dec/2021:11:03:28 +0800] "GET /xingrg/kc/buy/cgsh_order_info.html?code=212021121706873 HTTP/1.1" 200 60108
114.88.158.169 - - [17/Dec/2021:11:03:28 +0800] "GET /xingrg/javascript/easyui/themes/default/validatebox.css HTTP/1.1" 404 1104
101.91.60.11 - - [17/Dec/2021:11:03:28 +0800] "GET /xingrg/kc/buy/cgsh_order_operate.html?command=get_materiel&rest_code=00106&code=00101008027&supplier_code=00100007&order_time=2021-12-17 HTTP/1.1" 302 -
116.238.208.177 - - [17/Dec/2021:11:03:28 +0800] "GET /xingrg/all/function/internal_message.html?_=1639710210686&CODE_STATE=getMsg HTTP/1.1" 200 27
101.91.60.11 - - [17/Dec/2021:11:03:28 +0800] "GET /xingrg/login.html HTTP/1.1" 200 7641
114.88.158.169 - - [17/Dec/2021:11:03:28 +0800] "POST /xingrg/kc/buy/cgsh_order_operate.html HTTP/1.1" 200 18904
114.88.158.169 - - [17/Dec/2021:11:03:31 +0800] "GET /xingrg/kc/print/load_data.html?order_code=212021121706873&kc_code=cgsh&condition= HTTP/1.1" 200 7646
116.233.78.125 - - [17/Dec/2021:11:03:31 +0800] "GET /xingrg/kc/buy/cgsh_order_operate.html?command=get_materiel&rest_code=00109&code=00101008356&supplier_code=00100005&order_time=2021-12-17 HTTP/1.1" 200 408
116.238.248.233 - - [17/Dec/2021:11:03:34 +0800] "GET /xingrg/all/function/internal_message.html?_=1639710210624&CODE_STATE=getMsg HTTP/1.1" 200 27
61.170.234.223 - - [17/Dec/2021:11:03:35 +0800] "GET /xingrg/kc/buy/cgsh_order_operate.html?command=get_materiel&rest_code=00106&code=00101016105&supplier_code=00100032&order_time=2021-12-17 HTTP/1.1" 200 411
116.233.78.125 - - [17/Dec/2021:11:03:38 +0800] "GET /xingrg/kc/buy/cgsh_order_operate.html?command=get_materiel&rest_code=00109&code=00101008286&supplier_code=00100005&order_time=2021-12-17 HTTP/1.1" 200 408
114.85.125.222 - - [17/Dec/2021:11:03:40 +0800] "GET /xingrg/check_reg.html?_=1639710169961 HTTP/1.1" 200 22
114.85.125.222 - - [17/Dec/2021:11:03:40 +0800] "GET /xingrg/all/function/internal_message.html?_=1639710170446&CODE_STATE=getMsg HTTP/1.1" 200 27
116.233.78.125 - - [17/Dec/2021:11:03:43 +0800] "POST /xingrg/kc/buy/cgsh_order_operate.html HTTP/1.1" 200 2065
114.88.158.169 - - [17/Dec/2021:11:03:46 +0800] "GET /xingrg/all/function/internal_message.html?_=1639710036927&CODE_STATE=getMsg HTTP/1.1" 200 27
61.170.234.223 - - [17/Dec/2021:11:03:46 +0800] "GET /xingrg/kc/buy/cgsh_order_operate.html?command=get_materiel&rest_code=00106&code=00101012025&supplier_code=00100032&order_time=2021-12-17 HTTP/1.1" 200 412
120.253.135.82 - - [17/Dec/2021:11:03:50 +0800] "GET /xingrg/check_reg.html?_=1639710226581 HTTP/1.1" 200 22
120.253.135.82 - - [17/Dec/2021:11:03:50 +0800] "GET /xingrg/all/function/internal_message.html?_=1639710226812&CODE_STATE=getMsg HTTP/1.1" 200 27
180.175.103.30 - - [17/Dec/2021:11:03:50 +0800] "GET /xingrg/all/function/internal_message.html?_=1639710227327&CODE_STATE=getMsg HTTP/1.1" 200 27
114.83.216.59 - - [17/Dec/2021:11:03:51 +0800] "GET /xingrg/all/function/internal_message.html?_=1639710227733&CODE_STATE=getMsg HTTP/1.1" 200 27
116.233.78.125 - - [17/Dec/2021:11:03:53 +0800] "GET /xingrg/kc/buy/cgsh_order_operate.html?command=get_materiel&rest_code=00109&code=00101008353&supplier_code=00100005&order_time=2021-12-17 HTTP/1.1" 200 408
61.170.234.223 - - [17/Dec/2021:11:03:54 +0800] "GET /xingrg/check_reg.html?_=1639710228525 HTTP/1.1" 200 22
61.170.234.223 - - [17/Dec/2021:11:03:57 +0800] "POST /xingrg/kc/buy/cgsh_order_operate.html HTTP/1.1" 200 37
116.235.94.0 - - [17/Dec/2021:11:03:59 +0800] "GET /xingrg/kc/base/wldb_order_operate.html?command=get_materiel&rest_code=00104&base_code=0010032&code=00101019493 HTTP/1.1" 200 474
116.235.94.0 - - [17/Dec/2021:11:03:59 +0800] "GET /xingrg/all/function/internal_message.html?_=1639710256768&CODE_STATE=getMsg HTTP/1.1" 200 27
116.233.78.125 - - [17/Dec/2021:11:04:01 +0800] "GET /xingrg/kc/buy/cgsh_order_operate.html?command=get_materiel&rest_code=00109&code=00101008095&supplier_code=00100005&order_time=2021-12-17 HTTP/1.1" 200 412
61.170.234.223 - - [17/Dec/2021:11:04:03 +0800] "POST /xingrg/kc/buy/cgsh_order_operate.html HTTP/1.1" 200 12
116.233.78.125 - - [17/Dec/2021:11:04:05 +0800] "GET /xingrg/all/function/internal_message.html?_=1639710244758&CODE_STATE=getMsg HTTP/1.1" 200 27
116.235.94.0 - - [17/Dec/2021:11:04:06 +0800] "POST /xingrg/kc/base/wldb_order_operate.html HTTP/1.1" 200 37
116.235.94.0 - - [17/Dec/2021:11:04:06 +0800] "POST /xingrg/kc/base/wldb_order_operate.html HTTP/1.1" 200 2720
124.77.245.186 - - [17/Dec/2021:11:04:07 +0800] "GET /xingrg/all/function/internal_message.html?_=1639710261587&CODE_STATE=getMsg HTTP/1.1" 200 27
116.235.94.0 - - [17/Dec/2021:11:04:07 +0800] "GET /xingrg/kc/base/wldb_order_info.html?code=422021121701763 HTTP/1.1" 200 30294
116.235.94.0 - - [17/Dec/2021:11:04:07 +0800] "GET /xingrg/javascript/easyui/themes/default/validatebox.css HTTP/1.1" 404 1104
116.235.94.0 - - [17/Dec/2021:11:04:07 +0800] "POST /xingrg/kc/base/wldb_order_operate.html HTTP/1.1" 200 2720
116.233.78.125 - - [17/Dec/2021:11:04:09 +0800] "GET /xingrg/kc/buy/cgsh_order_operate.html?command=get_materiel&rest_code=00109&code=00101008150&supplier_code=00100005&order_time=2021-12-17 HTTP/1.1" 200 409
222.70.176.97 - - [17/Dec/2021:11:04:10 +0800] "GET /xingrg/all/function/internal_message.html?_=1639710245393&CODE_STATE=getMsg HTTP/1.1" 200 27
124.77.245.186 - - [17/Dec/2021:11:04:10 +0800] "GET /xingrg/check_reg.html?_=1639710262944 HTTP/1.1" 302 -
61.170.234.223 - - [17/Dec/2021:11:04:11 +0800] "GET /xingrg/kc/buy/cgsh_order_info.html?code=212021121706874 HTTP/1.1" 200 60112
124.77.245.186 - - [17/Dec/2021:11:04:12 +0800] "GET /xingrg/all/function/internal_message.html?_=1639710264313&CODE_STATE=getMsg HTTP/1.1" 302 -
61.170.234.223 - - [17/Dec/2021:11:04:12 +0800] "GET /xingrg/javascript/easyui/themes/default/validatebox.css HTTP/1.1" 404 1104
222.70.176.97 - - [17/Dec/2021:11:04:12 +0800] "POST /xingrg/kc/buy/cgsh_list_operate.html HTTP/1.1" 200 588
61.170.234.223 - - [17/Dec/2021:11:04:13 +0800] "POST /xingrg/kc/buy/cgsh_order_operate.html HTTP/1.1" 200 8302
116.235.94.0 - - [17/Dec/2021:11:04:15 +0800] "GET /xingrg/javascript/jquery_easy_ui/themes/icons/rest.png HTTP/1.1" 200 695
116.235.94.0 - - [17/Dec/2021:11:04:15 +0800] "GET /xingrg/javascript/jquery_easy_ui/themes/icons/area.png HTTP/1.1" 200 262
116.227.210.113 - - [17/Dec/2021:11:04:16 +0800] "GET /xingrg/all/function/internal_message.html?_=1639710240578&CODE_STATE=getMsg HTTP/1.1" 200 27
116.233.78.125 - - [17/Dec/2021:11:04:16 +0800] "GET /xingrg/kc/buy/cgsh_order_operate.html?command=get_materiel&rest_code=00109&code=00101008095&supplier_code=00100005&order_time=2021-12-17 HTTP/1.1" 200 412
116.235.94.0 - - [17/Dec/2021:11:04:17 +0800] "GET /xingrg/all/function/internal_message.html?_=1639710379385&CODE_STATE=getMsg HTTP/1.1" 200 27
61.170.234.223 - - [17/Dec/2021:11:04:18 +0800] "GET /xingrg/kc/print/load_data.html?order_code=212021121706874&kc_code=cgsh&condition= HTTP/1.1" 200 3633
222.70.176.97 - - [17/Dec/2021:11:04:19 +0800] "GET /xingrg/kc/buy/cgsh_order_info.html?code=212021110803165 HTTP/1.1" 200 60023
222.70.176.97 - - [17/Dec/2021:11:04:20 +0800] "GET /xingrg/javascript/easyui/themes/default/validatebox.css HTTP/1.1" 404 1104
222.70.176.97 - - [17/Dec/2021:11:04:21 +0800] "POST /xingrg/kc/buy/cgsh_order_operate.html HTTP/1.1" 200 6569
180.175.103.30 - - [17/Dec/2021:11:04:21 +0800] "GET /xingrg/all/function/internal_message.html?_=1639710195094&CODE_STATE=getMsg HTTP/1.1" 200 27
222.70.176.97 - - [17/Dec/2021:11:04:23 +0800] "GET /xingrg/all/function/internal_message.html?_=1639709919598&CODE_STATE=getMsg HTTP/1.1" 302 -
61.170.234.223 - - [17/Dec/2021:11:04:24 +0800] "GET /xingrg/kc/print/load_data.html?order_code=212021121706874&kc_code=cgsh HTTP/1.1" 200 3633
116.238.208.177 - - [17/Dec/2021:11:04:28 +0800] "GET /xingrg/all/function/internal_message.html?_=1639710270700&CODE_STATE=getMsg HTTP/1.1" 200 27
116.238.248.233 - - [17/Dec/2021:11:04:34 +0800] "GET /xingrg/all/function/internal_message.html?_=1639710270673&CODE_STATE=getMsg HTTP/1.1" 200 27
114.85.125.222 - - [17/Dec/2021:11:04:40 +0800] "GET /xingrg/all/function/internal_message.html?_=1639710230458&CODE_STATE=getMsg HTTP/1.1" 200 27
114.88.158.169 - - [17/Dec/2021:11:04:46 +0800] "GET /xingrg/all/function/internal_message.html?_=1639710096906&CODE_STATE=getMsg HTTP/1.1" 200 27
114.88.158.169 - - [17/Dec/2021:11:04:47 +0800] "GET /xingrg/check_reg.html?_=1639710098248 HTTP/1.1" 200 22
222.70.176.97 - - [17/Dec/2021:11:04:48 +0800] "POST /xingrg/kc/buy/cgsh_list_operate.html HTTP/1.1" 200 5442
116.238.208.177 - - [17/Dec/2021:11:04:48 +0800] "GET /xingrg/check_reg.html?_=1639710290790 HTTP/1.1" 200 22
120.253.135.82 - - [17/Dec/2021:11:04:50 +0800] "GET /xingrg/all/function/internal_message.html?_=1639710286827&CODE_STATE=getMsg HTTP/1.1" 200 27
180.175.103.30 - - [17/Dec/2021:11:04:50 +0800] "GET /xingrg/all/function/internal_message.html?_=1639710287305&CODE_STATE=getMsg HTTP/1.1" 200 27
114.83.216.59 - - [17/Dec/2021:11:04:51 +0800] "GET /xingrg/all/function/internal_message.html?_=1639710287720&CODE_STATE=getMsg HTTP/1.1" 200 27
61.170.234.223 - - [17/Dec/2021:11:04:58 +0800] "GET /xingrg/kc/buy/cgsh_order_add.html HTTP/1.1" 200 65199
61.170.234.223 - - [17/Dec/2021:11:04:59 +0800] "POST /xingrg/services/DataTransmitService HTTP/1.1" 200 524
61.170.234.223 - - [17/Dec/2021:11:04:59 +0800] "POST /xingrg/services/DataTransmitService HTTP/1.1" 200 501
61.170.234.223 - - [17/Dec/2021:11:04:59 +0800] "GET /xingrg/javascript/easyui/themes/default/validatebox.css HTTP/1.1" 404 1104
61.170.234.223 - - [17/Dec/2021:11:04:59 +0800] "POST /xingrg/kc/buy/cgsh_order_operate.html HTTP/1.1" 200 8245
116.235.94.0 - - [17/Dec/2021:11:05:00 +0800] "GET /xingrg/all/function/internal_message.html?_=1639710317454&CODE_STATE=getMsg HTTP/1.1" 200 27
61.170.234.223 - - [17/Dec/2021:11:05:02 +0800] "GET /xingrg/javascript/easyui/themes/default/tree.css HTTP/1.1" 404 1090
61.170.234.223 - - [17/Dec/2021:11:05:02 +0800] "POST /xingrg/all/common/load_tree.html?tree=supplier_tree_json&isDelete=1 HTTP/1.1" 200 61427
61.170.234.223 - - [17/Dec/2021:11:05:04 +0800] "GET /xingrg/all/function/internal_message.html?_=1639710298440&CODE_STATE=getMsg HTTP/1.1" 200 27
116.233.78.125 - - [17/Dec/2021:11:05:05 +0800] "GET /xingrg/all/function/internal_message.html?_=1639710304772&CODE_STATE=getMsg HTTP/1.1" 200 27
124.77.245.186 - - [17/Dec/2021:11:05:07 +0800] "GET /xingrg/all/function/internal_message.html?_=1639710321600&CODE_STATE=getMsg HTTP/1.1" 200 27
222.70.176.97 - - [17/Dec/2021:11:05:10 +0800] "GET /xingrg/all/function/internal_message.html?_=1639710305367&CODE_STATE=getMsg HTTP/1.1" 200 27
101.89.239.120 - - [17/Dec/2021:11:05:11 +0800] "GET /xingrg/all/function/internal_message.html?_=1639708064278&CODE_STATE=getMsg HTTP/1.1" 302 -
124.77.245.186 - - [17/Dec/2021:11:05:12 +0800] "GET /xingrg/all/function/internal_message.html?_=1639710324327&CODE_STATE=getMsg HTTP/1.1" 302 -
101.89.239.120 - - [17/Dec/2021:11:05:12 +0800] "GET /xingrg/login.html HTTP/1.1" 200 7641
116.227.210.113 - - [17/Dec/2021:11:05:15 +0800] "GET /xingrg/check_reg.html?_=1639710300128 HTTP/1.1" 200 22
116.227.210.113 - - [17/Dec/2021:11:05:16 +0800] "GET /xingrg/all/function/internal_message.html?_=1639710300568&CODE_STATE=getMsg HTTP/1.1" 200 27
116.235.94.0 - - [17/Dec/2021:11:05:17 +0800] "GET /xingrg/all/function/internal_message.html?_=1639710439383&CODE_STATE=getMsg HTTP/1.1" 200 27
