114.86.228.158 - - [14/Dec/2021:11:14:35 +0800] "GET /xingrg/css/new_ie.css HTTP/1.1" 404 1036
124.77.240.52 - - [14/Dec/2021:11:14:35 +0800] "POST /xingrg/kc/buy/cgsh_list_operate.html HTTP/1.1" 200 5582
114.88.154.34 - - [14/Dec/2021:11:14:36 +0800] "GET /xingrg/all/function/internal_message.html?_=1639451490603&CODE_STATE=getMsg HTTP/1.1" 200 27
114.86.228.158 - - [14/Dec/2021:11:14:36 +0800] "GET /xingrg/kc/buy/cgsh_order_list.html HTTP/1.1" 200 49354
124.78.153.86 - - [14/Dec/2021:11:14:36 +0800] "GET /xingrg/all/function/internal_message.html?_=1639451673911&CODE_STATE=getMsg HTTP/1.1" 200 27
116.227.210.113 - - [14/Dec/2021:11:14:36 +0800] "GET /xingrg/all/function/internal_message.html?_=1639451669202&CODE_STATE=getMsg HTTP/1.1" 200 27
114.86.228.158 - - [14/Dec/2021:11:14:37 +0800] "GET /xingrg/all/function/internal_message.html?_=1639451676054&CODE_STATE=getMsg HTTP/1.1" 302 -
114.86.228.158 - - [14/Dec/2021:11:14:38 +0800] "POST /xingrg/kc/buy/cgsh_list_operate.html HTTP/1.1" 200 3804
120.253.135.82 - - [14/Dec/2021:11:14:39 +0800] "GET /xingrg/all/function/internal_message.html?_=1639451456778&CODE_STATE=getMsg HTTP/1.1" 200 27
124.77.240.52 - - [14/Dec/2021:11:14:40 +0800] "POST /xingrg/kc/buy/cgsh_list_operate.html HTTP/1.1" 200 273
114.86.228.158 - - [14/Dec/2021:11:14:40 +0800] "POST /xingrg/kc/buy/cgsh_list_operate.html HTTP/1.1" 200 562
114.83.216.59 - - [14/Dec/2021:11:14:41 +0800] "GET /xingrg/all/function/internal_message.html?_=1639451678545&CODE_STATE=getMsg HTTP/1.1" 200 27
101.85.120.86 - - [14/Dec/2021:11:14:41 +0800] "GET /xingrg/all/function/internal_message.html?_=1639451678731&CODE_STATE=getMsg HTTP/1.1" 200 27
114.86.228.158 - - [14/Dec/2021:11:14:41 +0800] "GET /xingrg/kc/buy/cgsh_order_info.html?code=212021121405605 HTTP/1.1" 200 65174
114.86.228.158 - - [14/Dec/2021:11:14:41 +0800] "GET /xingrg/words/20211213184439_words.js HTTP/1.1" 304 -
114.86.228.158 - - [14/Dec/2021:11:14:41 +0800] "GET /xingrg/all/common/auto_word.html?type=employee&rest_code=00109 HTTP/1.1" 200 255
114.86.228.158 - - [14/Dec/2021:11:14:41 +0800] "GET /xingrg/javascript/easyui/themes/default/validatebox.css HTTP/1.1" 404 1104
114.86.228.158 - - [14/Dec/2021:11:14:41 +0800] "GET /xingrg/all/common/auto_word.html?type=employee&rest_code=00109 HTTP/1.1" 200 255
124.77.240.52 - - [14/Dec/2021:11:14:42 +0800] "GET /xingrg/all/function/internal_message.html?_=1639451686465&CODE_STATE=getMsg HTTP/1.1" 302 -
114.86.228.158 - - [14/Dec/2021:11:14:42 +0800] "POST /xingrg/kc/buy/cgsh_order_operate.html HTTP/1.1" 200 6197
124.77.240.52 - - [14/Dec/2021:11:14:43 +0800] "POST /xingrg/kc/buy/cgsh_list_operate.html HTTP/1.1" 200 198
61.172.28.229 - - [14/Dec/2021:11:14:44 +0800] "GET /xingrg/all/function/internal_message.html?_=1639451619678&CODE_STATE=getMsg HTTP/1.1" 200 27
180.169.147.146 - - [14/Dec/2021:11:14:44 +0800] "GET /xingrg/all/function/internal_message.html?_=1639451682614&CODE_STATE=getMsg HTTP/1.1" 200 27
180.169.147.146 - - [14/Dec/2021:11:14:44 +0800] "GET /xingrg/check_reg.html?_=1639451682618 HTTP/1.1" 200 22
172.20.0.100 - - [14/Dec/2021:11:14:45 +0800] "GET /xingrg/all/function/internal_message.html?_=1639451685161&CODE_STATE=getMsg HTTP/1.1" 200 27
124.78.153.86 - - [14/Dec/2021:11:14:48 +0800] "GET /xingrg/all/function/internal_message.html?_=1639451688317&CODE_STATE=getMsg HTTP/1.1" 200 27
114.86.228.158 - - [14/Dec/2021:11:14:48 +0800] "GET /xingrg/kc/buy/cgsh_order_operate.html?command=get_materiel&rest_code=00109&code=00101008264&supplier_code=00100005&order_time=2021-12-14 HTTP/1.1" 200 412
124.77.240.52 - - [14/Dec/2021:11:14:48 +0800] "GET /xingrg/javascript/pic_change.js HTTP/1.1" 304 -
124.77.240.52 - - [14/Dec/2021:11:14:49 +0800] "GET /xingrg/javascript/jquery_tools/order_manager.js HTTP/1.1" 304 -
124.77.240.52 - - [14/Dec/2021:11:14:49 +0800] "GET /xingrg/javascript/convert.js HTTP/1.1" 304 -
124.77.240.52 - - [14/Dec/2021:11:14:49 +0800] "GET /xingrg/javascript/json2.js HTTP/1.1" 304 -
124.77.240.52 - - [14/Dec/2021:11:14:49 +0800] "GET /xingrg/javascript/print/kc_print.js HTTP/1.1" 304 -
124.77.240.52 - - [14/Dec/2021:11:14:49 +0800] "GET /xingrg/kc/buy/cgsh_order_info.html?code=212021120702603 HTTP/1.1" 200 59998
124.77.240.52 - - [14/Dec/2021:11:14:49 +0800] "GET /xingrg/words/20211213184439_words.js HTTP/1.1" 200 879290
124.77.240.52 - - [14/Dec/2021:11:14:49 +0800] "GET /xingrg/javascript/easyui/themes/icons/copy_new.png HTTP/1.1" 304 -
124.77.240.52 - - [14/Dec/2021:11:14:49 +0800] "GET /xingrg/javascript/easyui/themes/icons/print.png HTTP/1.1" 304 -
124.77.240.52 - - [14/Dec/2021:11:14:49 +0800] "GET /xingrg/javascript/easyui/themes/default/images/menu_downarrow.png HTTP/1.1" 304 -
124.77.240.52 - - [14/Dec/2021:11:14:49 +0800] "GET /xingrg/javascript/easyui/themes/icons/cancel.png HTTP/1.1" 304 -
124.77.240.52 - - [14/Dec/2021:11:14:49 +0800] "GET /xingrg/javascript/easyui/themes/default/validatebox.css HTTP/1.1" 404 1104
124.77.240.52 - - [14/Dec/2021:11:14:49 +0800] "GET /xingrg/javascript/easyui/plugins/jquery.validatebox.js HTTP/1.1" 304 -
124.77.240.52 - - [14/Dec/2021:11:14:49 +0800] "GET /xingrg/javascript/easyui/plugins/jquery.numberbox.js HTTP/1.1" 304 -
124.77.240.52 - - [14/Dec/2021:11:14:50 +0800] "GET /xingrg/all/function/internal_message.html?_=1639451693560&CODE_STATE=getMsg HTTP/1.1" 200 27
124.77.240.52 - - [14/Dec/2021:11:14:50 +0800] "POST /xingrg/kc/buy/cgsh_order_operate.html HTTP/1.1" 200 1197
124.77.240.52 - - [14/Dec/2021:11:14:50 +0800] "GET /xingrg/javascript/easyui/themes/icons/edit_remove.png HTTP/1.1" 304 -
124.77.240.52 - - [14/Dec/2021:11:14:53 +0800] "GET /xingrg/javascript/easyui/themes/default/images/button_plain_hover.png HTTP/1.1" 304 -
114.86.228.158 - - [14/Dec/2021:11:14:57 +0800] "GET /xingrg/kc/buy/cgsh_order_operate.html?command=get_materiel&rest_code=00109&code=00101008360&supplier_code=00100005&order_time=2021-12-14 HTTP/1.1" 200 413
124.77.240.52 - - [14/Dec/2021:11:14:58 +0800] "GET /xingrg/kc/print/load_config.html?kc_code=cgsh HTTP/1.1" 200 1943
124.77.240.52 - - [14/Dec/2021:11:14:58 +0800] "GET /xingrg/kc/print/load_data.html?order_code=212021120702603&kc_code=cgsh HTTP/1.1" 200 1001
120.253.135.82 - - [14/Dec/2021:11:15:00 +0800] "GET /xingrg/check_reg.html?_=1639451477644 HTTP/1.1" 200 22
61.172.28.229 - - [14/Dec/2021:11:15:01 +0800] "GET /xingrg/all/function/internal_message.html?_=1639451701651&CODE_STATE=getMsg HTTP/1.1" 200 27
180.169.147.146 - - [14/Dec/2021:11:15:02 +0800] "GET /xingrg/all/function/internal_message.html?_=1639451700722&CODE_STATE=getMsg HTTP/1.1" 200 27
114.86.228.158 - - [14/Dec/2021:11:15:06 +0800] "GET /xingrg/kc/buy/cgsh_order_operate.html?command=get_materiel&rest_code=00109&code=00101008270&supplier_code=00100005&order_time=2021-12-14 HTTP/1.1" 200 412
180.169.147.146 - - [14/Dec/2021:11:15:11 +0800] "GET /xingrg/all/function/internal_message.html?_=1639451710121&CODE_STATE=getMsg HTTP/1.1" 200 27
114.86.228.158 - - [14/Dec/2021:11:15:12 +0800] "GET /xingrg/kc/buy/cgsh_order_operate.html?command=get_materiel&rest_code=00109&code=00101008069&supplier_code=00100005&order_time=2021-12-14 HTTP/1.1" 200 412
114.86.228.158 - - [14/Dec/2021:11:15:16 +0800] "POST /xingrg/kc/buy/cgsh_order_operate.html HTTP/1.1" 200 2065
116.238.248.233 - - [14/Dec/2021:11:15:17 +0800] "GET /xingrg/check_reg.html?_=1639451715761 HTTP/1.1" 200 22
116.238.248.233 - - [14/Dec/2021:11:15:17 +0800] "GET /xingrg/all/function/internal_message.html?_=1639451715762&CODE_STATE=getMsg HTTP/1.1" 200 27
222.70.176.97 - - [14/Dec/2021:11:15:18 +0800] "GET /xingrg/all/function/internal_message.html?_=1639451379589&CODE_STATE=getMsg HTTP/1.1" 302 -
116.235.94.0 - - [14/Dec/2021:11:15:18 +0800] "GET /xingrg/all/function/internal_message.html?_=1639451841668&CODE_STATE=getMsg HTTP/1.1" 200 27
114.86.228.158 - - [14/Dec/2021:11:15:20 +0800] "GET /xingrg/kc/buy/cgsh_order_operate.html?command=get_materiel&rest_code=00109&code=00101008131&supplier_code=00100005&order_time=2021-12-14 HTTP/1.1" 200 408
116.238.208.177 - - [14/Dec/2021:11:15:28 +0800] "GET /xingrg/all/function/internal_message.html?_=1639451728547&CODE_STATE=getMsg HTTP/1.1" 200 27
114.86.228.158 - - [14/Dec/2021:11:15:29 +0800] "GET /xingrg/kc/buy/cgsh_order_operate.html?command=get_materiel&rest_code=00109&code=00101008644&supplier_code=00100005&order_time=2021-12-14 HTTP/1.1" 200 406
180.157.253.6 - - [14/Dec/2021:11:15:31 +0800] "GET /xingrg/check_reg.html?_=1639451730657 HTTP/1.1" 200 22
180.157.253.6 - - [14/Dec/2021:11:15:31 +0800] "GET /xingrg/all/function/internal_message.html?_=1639451730659&CODE_STATE=getMsg HTTP/1.1" 200 27
114.86.228.158 - - [14/Dec/2021:11:15:33 +0800] "GET /xingrg/all/function/internal_message.html?_=1639451732842&CODE_STATE=getMsg HTTP/1.1" 200 27
180.157.253.6 - - [14/Dec/2021:11:15:35 +0800] "GET /xingrg/all/function/internal_message.html?_=1639451733878&CODE_STATE=getMsg HTTP/1.1" 200 27
114.88.154.34 - - [14/Dec/2021:11:15:36 +0800] "GET /xingrg/all/function/internal_message.html?_=1639451550576&CODE_STATE=getMsg HTTP/1.1" 200 27
124.78.153.86 - - [14/Dec/2021:11:15:36 +0800] "GET /xingrg/all/function/internal_message.html?_=1639451733885&CODE_STATE=getMsg HTTP/1.1" 200 27
116.227.210.113 - - [14/Dec/2021:11:15:36 +0800] "GET /xingrg/check_reg.html?_=1639451729193 HTTP/1.1" 200 22
116.227.210.113 - - [14/Dec/2021:11:15:36 +0800] "GET /xingrg/all/function/internal_message.html?_=1639451729194&CODE_STATE=getMsg HTTP/1.1" 200 27
114.86.228.158 - - [14/Dec/2021:11:15:37 +0800] "GET /xingrg/all/function/internal_message.html?_=1639451736055&CODE_STATE=getMsg HTTP/1.1" 302 -
114.88.154.34 - - [14/Dec/2021:11:15:37 +0800] "GET /xingrg/check_reg.html?_=1639451551529 HTTP/1.1" 200 22
120.253.135.82 - - [14/Dec/2021:11:15:39 +0800] "GET /xingrg/all/function/internal_message.html?_=1639451516783&CODE_STATE=getMsg HTTP/1.1" 200 27
114.86.228.158 - - [14/Dec/2021:11:15:40 +0800] "GET /xingrg/kc/buy/cgsh_order_operate.html?command=get_materiel&rest_code=00109&code=00101008005&supplier_code=00100005&order_time=2021-12-14 HTTP/1.1" 200 412
114.83.216.59 - - [14/Dec/2021:11:15:41 +0800] "GET /xingrg/all/function/internal_message.html?_=1639451738516&CODE_STATE=getMsg HTTP/1.1" 200 27
114.83.216.59 - - [14/Dec/2021:11:15:41 +0800] "GET /xingrg/check_reg.html?_=1639451738794 HTTP/1.1" 200 22
101.85.120.86 - - [14/Dec/2021:11:15:41 +0800] "GET /xingrg/all/function/internal_message.html?_=1639451738736&CODE_STATE=getMsg HTTP/1.1" 200 27
124.77.240.52 - - [14/Dec/2021:11:15:41 +0800] "GET /xingrg/check_reg.html?_=1639451745799 HTTP/1.1" 302 -
124.77.240.52 - - [14/Dec/2021:11:15:42 +0800] "GET /xingrg/all/function/internal_message.html?_=1639451746479&CODE_STATE=getMsg HTTP/1.1" 302 -
61.172.28.229 - - [14/Dec/2021:11:15:44 +0800] "GET /xingrg/all/function/internal_message.html?_=1639451679677&CODE_STATE=getMsg HTTP/1.1" 200 27
101.85.120.86 - - [14/Dec/2021:11:15:44 +0800] "GET /xingrg/check_reg.html?_=1639451738732 HTTP/1.1" 200 22
180.169.147.146 - - [14/Dec/2021:11:15:44 +0800] "GET /xingrg/all/function/internal_message.html?_=1639451742617&CODE_STATE=getMsg HTTP/1.1" 200 27
172.20.0.100 - - [14/Dec/2021:11:15:45 +0800] "GET /xingrg/all/function/internal_message.html?_=1639451745163&CODE_STATE=getMsg HTTP/1.1" 200 27
114.86.228.158 - - [14/Dec/2021:11:15:46 +0800] "GET /xingrg/kc/buy/cgsh_order_operate.html?command=get_materiel&rest_code=00109&code=00101008312&supplier_code=00100005&order_time=2021-12-14 HTTP/1.1" 200 412
101.89.239.245 - - [14/Dec/2021:11:15:48 +0800] "GET /xingrg/all/function/internal_message.html?_=1639449568036&CODE_STATE=getMsg HTTP/1.1" 302 -
124.78.153.86 - - [14/Dec/2021:11:15:48 +0800] "GET /xingrg/all/function/internal_message.html?_=1639451748289&CODE_STATE=getMsg HTTP/1.1" 200 27
124.77.240.52 - - [14/Dec/2021:11:15:50 +0800] "GET /xingrg/all/function/internal_message.html?_=1639451753574&CODE_STATE=getMsg HTTP/1.1" 200 27
114.86.228.158 - - [14/Dec/2021:11:15:55 +0800] "GET /xingrg/kc/buy/cgsh_order_operate.html?command=get_materiel&rest_code=00109&code=00101008196&supplier_code=00100005&order_time=2021-12-14 HTTP/1.1" 200 416
114.86.228.158 - - [14/Dec/2021:11:15:56 +0800] "POST /xingrg/kc/buy/cgsh_order_operate.html HTTP/1.1" 200 2065
101.89.239.245 - - [14/Dec/2021:11:15:59 +0800] "GET /xingrg/login.html HTTP/1.1" 200 7641
114.86.228.158 - - [14/Dec/2021:11:16:01 +0800] "GET /xingrg/kc/buy/cgsh_order_operate.html?command=get_materiel&rest_code=00109&code=00101008197&supplier_code=00100005&order_time=2021-12-14 HTTP/1.1" 200 416
61.172.28.229 - - [14/Dec/2021:11:16:01 +0800] "GET /xingrg/all/function/internal_message.html?_=1639451761650&CODE_STATE=getMsg HTTP/1.1" 200 27
180.169.147.146 - - [14/Dec/2021:11:16:02 +0800] "GET /xingrg/all/function/internal_message.html?_=1639451760735&CODE_STATE=getMsg HTTP/1.1" 200 27
116.238.208.177 - - [14/Dec/2021:11:16:02 +0800] "GET /xingrg/check_reg.html?_=1639451762675 HTTP/1.1" 200 22
114.86.228.158 - - [14/Dec/2021:11:16:07 +0800] "GET /xingrg/kc/buy/cgsh_order_operate.html?command=get_materiel&rest_code=00109&code=00101008125&supplier_code=00100005&order_time=2021-12-14 HTTP/1.1" 200 413
180.169.147.146 - - [14/Dec/2021:11:16:11 +0800] "GET /xingrg/all/function/internal_message.html?_=1639451770128&CODE_STATE=getMsg HTTP/1.1" 200 27
114.88.154.34 - - [14/Dec/2021:11:16:12 +0800] "POST /xingrg/services/DataTransmitService HTTP/1.1" 200 524
114.88.154.34 - - [14/Dec/2021:11:16:12 +0800] "POST /xingrg/services/DataTransmitService HTTP/1.1" 200 412
114.86.228.158 - - [14/Dec/2021:11:16:13 +0800] "GET /xingrg/kc/buy/cgsh_order_operate.html?command=get_materiel&rest_code=00109&code=00101008027&supplier_code=00100005&order_time=2021-12-14 HTTP/1.1" 200 408
116.238.248.233 - - [14/Dec/2021:11:16:17 +0800] "GET /xingrg/all/function/internal_message.html?_=1639451775767&CODE_STATE=getMsg HTTP/1.1" 200 27
222.70.176.97 - - [14/Dec/2021:11:16:18 +0800] "GET /xingrg/all/function/internal_message.html?_=1639451439590&CODE_STATE=getMsg HTTP/1.1" 302 -
116.235.94.0 - - [14/Dec/2021:11:16:18 +0800] "GET /xingrg/all/function/internal_message.html?_=1639451901683&CODE_STATE=getMsg HTTP/1.1" 200 27
116.235.94.0 - - [14/Dec/2021:11:16:18 +0800] "GET /xingrg/check_reg.html?_=1639451901684 HTTP/1.1" 200 22
124.77.240.52 - - [14/Dec/2021:11:16:19 +0800] "GET /xingrg/javascript/jquery_easy_ui/themes/default/images/tabs_active.png HTTP/1.1" 304 -
114.86.228.158 - - [14/Dec/2021:11:16:19 +0800] "GET /xingrg/kc/buy/cgsh_order_operate.html?command=get_materiel&rest_code=00109&code=00101008308&supplier_code=00100005&order_time=2021-12-14 HTTP/1.1" 200 420
114.86.228.158 - - [14/Dec/2021:11:16:25 +0800] "GET /xingrg/kc/buy/cgsh_order_operate.html?command=get_materiel&rest_code=00109&code=00101008251&supplier_code=00100005&order_time=2021-12-14 HTTP/1.1" 200 408
116.227.210.113 - - [14/Dec/2021:11:16:26 +0800] "POST /xingrg/services/DataTransmitService HTTP/1.1" 200 524
116.227.210.113 - - [14/Dec/2021:11:16:26 +0800] "POST /xingrg/services/DataTransmitService HTTP/1.1" 200 501
116.227.210.113 - - [14/Dec/2021:11:16:26 +0800] "POST /xingrg/services/DataTransmitService HTTP/1.1" 200 501
116.227.210.113 - - [14/Dec/2021:11:16:26 +0800] "POST /xingrg/services/DataTransmitService HTTP/1.1" 200 501
116.227.210.113 - - [14/Dec/2021:11:16:26 +0800] "POST /xingrg/services/DataTransmitService HTTP/1.1" 200 501
116.227.210.113 - - [14/Dec/2021:11:16:26 +0800] "POST /xingrg/services/DataTransmitService HTTP/1.1" 200 501
116.227.210.113 - - [14/Dec/2021:11:16:27 +0800] "POST /xingrg/services/DataTransmitService HTTP/1.1" 200 412
114.86.228.158 - - [14/Dec/2021:11:16:27 +0800] "POST /xingrg/kc/buy/cgsh_order_operate.html HTTP/1.1" 200 2065
116.238.208.177 - - [14/Dec/2021:11:16:28 +0800] "GET /xingrg/all/function/internal_message.html?_=1639451788556&CODE_STATE=getMsg HTTP/1.1" 200 27
180.157.253.6 - - [14/Dec/2021:11:16:31 +0800] "GET /xingrg/all/function/internal_message.html?_=1639451790658&CODE_STATE=getMsg HTTP/1.1" 200 27
114.86.228.158 - - [14/Dec/2021:11:16:31 +0800] "GET /xingrg/kc/buy/cgsh_order_operate.html?command=get_materiel&rest_code=00109&code=00101008131&supplier_code=00100005&order_time=2021-12-14 HTTP/1.1" 200 408
114.86.228.158 - - [14/Dec/2021:11:16:33 +0800] "GET /xingrg/all/function/internal_message.html?_=1639451792843&CODE_STATE=getMsg HTTP/1.1" 200 27
180.157.253.6 - - [14/Dec/2021:11:16:35 +0800] "GET /xingrg/all/function/internal_message.html?_=1639451793893&CODE_STATE=getMsg HTTP/1.1" 200 27
180.157.253.6 - - [14/Dec/2021:11:16:35 +0800] "GET /xingrg/check_reg.html?_=1639451793896 HTTP/1.1" 200 22
114.86.228.158 - - [14/Dec/2021:11:16:36 +0800] "GET /xingrg/kc/buy/cgsh_order_operate.html?command=get_materiel&rest_code=00109&code=00101008296&supplier_code=00100005&order_time=2021-12-14 HTTP/1.1" 200 416
114.88.154.34 - - [14/Dec/2021:11:16:36 +0800] "GET /xingrg/all/function/internal_message.html?_=1639451610573&CODE_STATE=getMsg HTTP/1.1" 200 27
124.78.153.86 - - [14/Dec/2021:11:16:36 +0800] "GET /xingrg/all/function/internal_message.html?_=1639451793867&CODE_STATE=getMsg HTTP/1.1" 200 27
116.227.210.113 - - [14/Dec/2021:11:16:36 +0800] "GET /xingrg/all/function/internal_message.html?_=1639451789185&CODE_STATE=getMsg HTTP/1.1" 200 27
114.86.228.158 - - [14/Dec/2021:11:16:37 +0800] "GET /xingrg/all/function/internal_message.html?_=1639451796057&CODE_STATE=getMsg HTTP/1.1" 302 -
120.253.135.82 - - [14/Dec/2021:11:16:39 +0800] "GET /xingrg/all/function/internal_message.html?_=1639451576796&CODE_STATE=getMsg HTTP/1.1" 200 27
114.83.216.59 - - [14/Dec/2021:11:16:41 +0800] "GET /xingrg/all/function/internal_message.html?_=1639451798510&CODE_STATE=getMsg HTTP/1.1" 200 27
101.85.120.86 - - [14/Dec/2021:11:16:41 +0800] "GET /xingrg/all/function/internal_message.html?_=1639451798721&CODE_STATE=getMsg HTTP/1.1" 200 27
124.77.240.52 - - [14/Dec/2021:11:16:42 +0800] "GET /xingrg/all/function/internal_message.html?_=1639451806512&CODE_STATE=getMsg HTTP/1.1" 302 -
114.86.228.158 - - [14/Dec/2021:11:16:42 +0800] "GET /xingrg/kc/buy/cgsh_order_operate.html?command=get_materiel&rest_code=00109&code=00101008353&supplier_code=00100005&order_time=2021-12-14 HTTP/1.1" 200 408
61.172.28.229 - - [14/Dec/2021:11:16:44 +0800] "GET /xingrg/all/function/internal_message.html?_=1639451739676&CODE_STATE=getMsg HTTP/1.1" 200 27
61.172.28.229 - - [14/Dec/2021:11:16:44 +0800] "GET /xingrg/check_reg.html?_=1639451739677 HTTP/1.1" 200 22
180.169.147.146 - - [14/Dec/2021:11:16:44 +0800] "GET /xingrg/all/function/internal_message.html?_=1639451802617&CODE_STATE=getMsg HTTP/1.1" 200 27
61.151.207.141 - - [14/Dec/2021:11:16:45 +0800] "GET /xingrg/check_reg.html?_=1639450400244 HTTP/1.1" 302 -
172.20.0.100 - - [14/Dec/2021:11:16:45 +0800] "GET /xingrg/all/function/internal_message.html?_=1639451805165&CODE_STATE=getMsg HTTP/1.1" 200 27
61.151.207.141 - - [14/Dec/2021:11:16:46 +0800] "GET /xingrg/login.html HTTP/1.1" 200 7641
124.78.153.86 - - [14/Dec/2021:11:16:48 +0800] "GET /xingrg/all/function/internal_message.html?_=1639451808274&CODE_STATE=getMsg HTTP/1.1" 200 27
114.86.228.158 - - [14/Dec/2021:11:16:49 +0800] "GET /xingrg/kc/buy/cgsh_order_operate.html?command=get_materiel&rest_code=00109&code=00101008049&supplier_code=00100005&order_time=2021-12-14 HTTP/1.1" 200 408
124.77.240.52 - - [14/Dec/2021:11:16:50 +0800] "GET /xingrg/all/function/internal_message.html?_=1639451813588&CODE_STATE=getMsg HTTP/1.1" 200 27
114.86.228.158 - - [14/Dec/2021:11:16:54 +0800] "GET /xingrg/kc/buy/cgsh_order_operate.html?command=get_materiel&rest_code=00109&code=00101008242&supplier_code=00100005&order_time=2021-12-14 HTTP/1.1" 200 408
61.151.207.205 - - [14/Dec/2021:11:16:55 +0800] "GET /xingrg/kc/buy/cgsh_order_add.html HTTP/1.1" 302 -
114.86.228.158 - - [14/Dec/2021:11:16:56 +0800] "POST /xingrg/kc/buy/cgsh_order_operate.html HTTP/1.1" 200 2065
61.172.28.229 - - [14/Dec/2021:11:17:00 +0800] "GET /xingrg/kc/base/base_main.html HTTP/1.1" 200 12142
61.151.207.205 - - [14/Dec/2021:11:17:00 +0800] "GET /xingrg/login.html HTTP/1.1" 200 7641
61.172.28.229 - - [14/Dec/2021:11:17:01 +0800] "GET /xingrg/check_reg.html?_=1639451821650 HTTP/1.1" 200 22
61.172.28.229 - - [14/Dec/2021:11:17:01 +0800] "GET /xingrg/all/function/internal_message.html?_=1639451821653&CODE_STATE=getMsg HTTP/1.1" 200 27
61.172.28.229 - - [14/Dec/2021:11:17:01 +0800] "GET /xingrg/kc/base/wldb_order_list.html HTTP/1.1" 200 19060
61.172.28.229 - - [14/Dec/2021:11:17:01 +0800] "POST /xingrg/kc/base/wldb_list_operate.html HTTP/1.1" 200 2167
180.169.147.146 - - [14/Dec/2021:11:17:02 +0800] "GET /xingrg/all/function/internal_message.html?_=1639451820723&CODE_STATE=getMsg HTTP/1.1" 200 27
114.86.228.158 - - [14/Dec/2021:11:17:02 +0800] "GET /xingrg/kc/buy/cgsh_order_operate.html?command=get_materiel&rest_code=00109&code=00101008225&supplier_code=00100005&order_time=2021-12-14 HTTP/1.1" 200 416
114.86.228.158 - - [14/Dec/2021:11:17:09 +0800] "GET /xingrg/kc/buy/cgsh_order_operate.html?command=get_materiel&rest_code=00109&code=00101008323&supplier_code=00100005&order_time=2021-12-14 HTTP/1.1" 200 408
180.169.147.146 - - [14/Dec/2021:11:17:11 +0800] "GET /xingrg/all/function/internal_message.html?_=1639451830138&CODE_STATE=getMsg HTTP/1.1" 200 27
124.77.240.52 - - [14/Dec/2021:11:17:12 +0800] "POST /xingrg/kc/buy/cgsh_list_operate.html HTTP/1.1" 200 417
114.86.228.158 - - [14/Dec/2021:11:17:12 +0800] "GET /xingrg/kc/mdqp/qp_main.html HTTP/1.1" 302 -
114.86.228.158 - - [14/Dec/2021:11:17:12 +0800] "GET /xingrg/login.html HTTP/1.1" 200 7641
114.86.228.158 - - [14/Dec/2021:11:17:12 +0800] "GET /xingrg/javascript/jquery_easy_ui/themes/default/images/tabs_close.gif HTTP/1.1" 200 829
114.86.228.158 - - [14/Dec/2021:11:17:12 +0800] "GET /xingrg/login.html HTTP/1.1" 200 7641
114.86.228.158 - - [14/Dec/2021:11:17:12 +0800] "GET /favicon.ico HTTP/1.1" 404 -
124.77.240.52 - - [14/Dec/2021:11:17:14 +0800] "GET /xingrg/kc/buy/cgsh_order_info.html?code=212021120702608 HTTP/1.1" 200 59998
124.77.240.52 - - [14/Dec/2021:11:17:14 +0800] "GET /xingrg/javascript/easyui/themes/default/validatebox.css HTTP/1.1" 404 1104
124.77.240.52 - - [14/Dec/2021:11:17:15 +0800] "POST /xingrg/kc/buy/cgsh_order_operate.html HTTP/1.1" 200 2375
124.77.240.52 - - [14/Dec/2021:11:17:17 +0800] "GET /xingrg/kc/print/load_data.html?order_code=212021120702608&kc_code=cgsh HTTP/1.1" 200 1463
116.238.248.233 - - [14/Dec/2021:11:17:17 +0800] "GET /xingrg/all/function/internal_message.html?_=1639451835764&CODE_STATE=getMsg HTTP/1.1" 200 27
222.70.176.97 - - [14/Dec/2021:11:17:18 +0800] "GET /xingrg/all/function/internal_message.html?_=1639451499589&CODE_STATE=getMsg HTTP/1.1" 302 -
114.86.228.158 - - [14/Dec/2021:11:17:18 +0800] "GET /xingrg/kc/buy/cgsh_order_operate.html?command=get_materiel&rest_code=00109&code=00101008350&supplier_code=00100005&order_time=2021-12-14 HTTP/1.1" 200 408
116.235.94.0 - - [14/Dec/2021:11:17:18 +0800] "GET /xingrg/all/function/internal_message.html?_=1639451961682&CODE_STATE=getMsg HTTP/1.1" 200 27
61.172.28.229 - - [14/Dec/2021:11:17:19 +0800] "GET /xingrg/kc/base/wldb_order_add.html HTTP/1.1" 200 30274
61.172.28.229 - - [14/Dec/2021:11:17:19 +0800] "GET /xingrg/words/20211213184439_words.js HTTP/1.1" 304 -
61.172.28.229 - - [14/Dec/2021:11:17:19 +0800] "GET /xingrg/javascript/easyui/themes/icons/template_new.png HTTP/1.1" 304 -
61.172.28.229 - - [14/Dec/2021:11:17:19 +0800] "GET /xingrg/javascript/easyui/themes/icons/ok.png HTTP/1.1" 304 -
61.172.28.229 - - [14/Dec/2021:11:17:19 +0800] "POST /xingrg/kc/base/wldb_order_operate.html HTTP/1.1" 200 6806
61.172.28.229 - - [14/Dec/2021:11:17:19 +0800] "GET /xingrg/all/common/auto_word.html?type=base&rest_code=00105 HTTP/1.1" 200 1857
61.172.28.229 - - [14/Dec/2021:11:17:19 +0800] "GET /xingrg/all/common/auto_word.html?type=base&rest_code=00105 HTTP/1.1" 200 1857
61.172.28.229 - - [14/Dec/2021:11:17:19 +0800] "GET /xingrg/javascript/easyui/themes/default/validatebox.css HTTP/1.1" 404 1104
61.172.28.229 - - [14/Dec/2021:11:17:21 +0800] "POST /xingrg/all/common/load_combo.html?type=base HTTP/1.1" 200 3321
61.172.28.229 - - [14/Dec/2021:11:17:21 +0800] "GET /xingrg/css/images/panel_loading.gif HTTP/1.1" 304 -
114.86.228.158 - - [14/Dec/2021:11:17:25 +0800] "POST /xingrg/login.do HTTP/1.1" 302 -
114.86.228.158 - - [14/Dec/2021:11:17:26 +0800] "GET /xingrg/index.html?sysBaseUrl=http%3A%2F%2F180.169.147.146%3A18081%2Fxingrg%2F&costTime=53×tamp=1639451845982 HTTP/1.1" 200 17173
114.86.228.158 - - [14/Dec/2021:11:17:26 +0800] "GET /favicon.ico HTTP/1.1" 404 -
114.86.228.158 - - [14/Dec/2021:11:17:26 +0800] "POST /xingrg/all/common/load_tree.html?tree=area_rest_tree_json&manage=1 HTTP/1.1" 200 342
114.86.228.158 - - [14/Dec/2021:11:17:26 +0800] "GET /xingrg/all/function/internal_message.html?_=1639451844886&CODE_STATE=count HTTP/1.1" 200 11
114.86.228.158 - - [14/Dec/2021:11:17:26 +0800] "GET /xingrg/check_reg.html?_=1639451844887 HTTP/1.1" 200 22
114.86.228.158 - - [14/Dec/2021:11:17:26 +0800] "POST /xingrg/load_menu.html HTTP/1.1" 200 5138
61.172.28.229 - - [14/Dec/2021:11:17:26 +0800] "GET /xingrg/javascript/auto/indicator.gif HTTP/1.1" 404 1066
114.86.228.158 - - [14/Dec/2021:11:17:27 +0800] "GET /xingrg/kc/mdqp/qp_main.html HTTP/1.1" 200 10633
114.86.228.158 - - [14/Dec/2021:11:17:27 +0800] "GET /xingrg/javascript/jquery_easy_ui/themes/default/images/tabs_close.gif HTTP/1.1" 200 829
114.86.228.158 - - [14/Dec/2021:11:17:27 +0800] "GET /xingrg/javascript/pic_change.js HTTP/1.1" 200 4739
114.86.228.158 - - [14/Dec/2021:11:17:27 +0800] "GET /xingrg/javascript/ToolTips.js HTTP/1.1" 200 5615
114.86.228.158 - - [14/Dec/2021:11:17:27 +0800] "GET /xingrg/css/blue.css HTTP/1.1" 200 15949
114.86.228.158 - - [14/Dec/2021:11:17:27 +0800] "GET /xingrg/javascript/jquery_ui/jquery-ui.min.js HTTP/1.1" 200 186181
114.86.228.158 - - [14/Dec/2021:11:17:27 +0800] "GET /xingrg/images/blue/button/cgxqd.gif HTTP/1.1" 200 2619
114.86.228.158 - - [14/Dec/2021:11:17:27 +0800] "GET /xingrg/images/blue/button/qqpsd.gif HTTP/1.1" 200 2548
114.86.228.158 - - [14/Dec/2021:11:17:27 +0800] "GET /xingrg/images/blue/button/pszx.gif HTTP/1.1" 200 2648
114.86.228.158 - - [14/Dec/2021:11:17:27 +0800] "GET /xingrg/images/blue/button/psshd.gif HTTP/1.1" 200 2692
114.86.228.158 - - [14/Dec/2021:11:17:27 +0800] "GET /xingrg/images/blue/pic_form2.gif HTTP/1.1" 200 1853
114.86.228.158 - - [14/Dec/2021:11:17:27 +0800] "GET /xingrg/javascript/jquery_ui/themes/humanity/humanity.css HTTP/1.1" 200 27801
114.86.228.158 - - [14/Dec/2021:11:17:27 +0800] "GET /xingrg/javascript/myfunction.js HTTP/1.1" 200 24559
114.86.228.158 - - [14/Dec/2021:11:17:27 +0800] "GET /xingrg/images/blue/bg_dotted.jpg HTTP/1.1" 200 319
114.86.228.158 - - [14/Dec/2021:11:17:27 +0800] "GET /xingrg/images/blue/button/right_ah.jpg HTTP/1.1" 200 1744
114.86.228.158 - - [14/Dec/2021:11:17:27 +0800] "GET /xingrg/javascript/jquery_ui/themes/humanity/images/ui-bg_inset-soft_100_f4f0ec_1x100.png HTTP/1.1" 200 141
114.86.228.158 - - [14/Dec/2021:11:17:27 +0800] "GET /xingrg/images/blue/button/down_ah.jpg HTTP/1.1" 200 1732
114.86.228.158 - - [14/Dec/2021:11:17:27 +0800] "GET /xingrg/javascript/jquery_ui/themes/humanity/images/ui-iconsnew.jpg HTTP/1.1" 200 337
114.86.228.158 - - [14/Dec/2021:11:17:27 +0800] "GET /xingrg/javascript/jquery_ui/themes/humanity/images/ui-icons_c47a23_256x240.png HTTP/1.1" 200 5355
114.86.228.158 - - [14/Dec/2021:11:17:27 +0800] "GET /xingrg/javascript/jquery_ui/themes/humanity/images/ui-icons_ffffff_256x240.png HTTP/1.1" 200 4369
114.86.228.158 - - [14/Dec/2021:11:17:27 +0800] "GET /xingrg/javascript/jquery_ui/themes/humanity/images/ui-bg_glass_70_ede4d4_1x400.png HTTP/1.1" 200 161
116.238.208.177 - - [14/Dec/2021:11:17:28 +0800] "GET /xingrg/all/function/internal_message.html?_=1639451848569&CODE_STATE=getMsg HTTP/1.1" 200 27
114.86.228.158 - - [14/Dec/2021:11:17:30 +0800] "GET /xingrg/kc/base/base_main.html HTTP/1.1" 200 12142
114.86.228.158 - - [14/Dec/2021:11:17:30 +0800] "GET /xingrg/images/blue/button/wlsy.gif HTTP/1.1" 200 2536
114.86.228.158 - - [14/Dec/2021:11:17:30 +0800] "GET /xingrg/images/blue/button/kc.gif HTTP/1.1" 200 2160
114.86.228.158 - - [14/Dec/2021:11:17:30 +0800] "GET /xingrg/images/blue/button/ckpd.gif HTTP/1.1" 200 2051
114.86.228.158 - - [14/Dec/2021:11:17:30 +0800] "GET /xingrg/images/blue/button/ckdb.gif HTTP/1.1" 200 1950
114.86.228.158 - - [14/Dec/2021:11:17:30 +0800] "GET /xingrg/images/blue/button/yddb.gif HTTP/1.1" 200 2040
114.86.228.158 - - [14/Dec/2021:11:17:30 +0800] "GET /xingrg/images/blue/button/top_left.jpg HTTP/1.1" 200 1632
114.86.228.158 - - [14/Dec/2021:11:17:30 +0800] "GET /xingrg/images/blue/button/down.jpg HTTP/1.1" 200 1560
114.86.228.158 - - [14/Dec/2021:11:17:30 +0800] "GET /xingrg/images/blue/button/top_right.jpg HTTP/1.1" 200 1708
114.86.228.158 - - [14/Dec/2021:11:17:30 +0800] "GET /xingrg/images/blue/button/left_ah.jpg HTTP/1.1" 200 1643
114.86.228.158 - - [14/Dec/2021:11:17:30 +0800] "GET /xingrg/images/blue/button/bottom_right.jpg HTTP/1.1" 200 1436
114.86.228.158 - - [14/Dec/2021:11:17:30 +0800] "GET /xingrg/images/blue/button/bottom_left.jpg HTTP/1.1" 200 1524
61.172.28.229 - - [14/Dec/2021:11:17:30 +0800] "GET /xingrg/javascript/jquery_tools/images/next.gif HTTP/1.1" 404 1086
61.172.28.229 - - [14/Dec/2021:11:17:30 +0800] "GET /xingrg/javascript/jquery_tools/images/prev.gif HTTP/1.1" 404 1086
180.157.253.6 - - [14/Dec/2021:11:17:31 +0800] "GET /xingrg/all/function/internal_message.html?_=1639451850658&CODE_STATE=getMsg HTTP/1.1" 200 27
114.86.228.158 - - [14/Dec/2021:11:17:32 +0800] "GET /xingrg/kc/base/wldb_order_list.html HTTP/1.1" 200 19060
114.86.228.158 - - [14/Dec/2021:11:17:32 +0800] "GET /xingrg/css/base.css HTTP/1.1" 200 2811
114.86.228.158 - - [14/Dec/2021:11:17:32 +0800] "GET /xingrg/css/site.css HTTP/1.1" 200 7541
114.86.228.158 - - [14/Dec/2021:11:17:32 +0800] "GET /xingrg/javascript/jquery_tools/datebox.css HTTP/1.1" 200 2597
114.86.228.158 - - [14/Dec/2021:11:17:32 +0800] "GET /xingrg/javascript/auto/jquery.autocomplete.css HTTP/1.1" 200 587
114.86.228.158 - - [14/Dec/2021:11:17:32 +0800] "GET /xingrg/javascript/easyui/themes/icon.css HTTP/1.1" 200 4483
114.86.228.158 - - [14/Dec/2021:11:17:32 +0800] "GET /xingrg/javascript/jquery_tools/fix.css HTTP/1.1" 200 1702
114.86.228.158 - - [14/Dec/2021:11:17:32 +0800] "GET /xingrg/javascript/jquery_tools/table.css HTTP/1.1" 200 1032
114.86.228.158 - - [14/Dec/2021:11:17:32 +0800] "GET /xingrg/javascript/jquery_tools/jquery.tools.min.js HTTP/1.1" 200 138801
114.86.228.158 - - [14/Dec/2021:11:17:32 +0800] "GET /xingrg/javascript/jquery_tools/jquery.tools.hotkey.js HTTP/1.1" 200 3242
114.86.228.158 - - [14/Dec/2021:11:17:32 +0800] "GET /xingrg/javascript/jquery_tools/list_manager.js HTTP/1.1" 200 3652
114.86.228.158 - - [14/Dec/2021:11:17:32 +0800] "GET /xingrg/javascript/jquery_tools/jquery.tools.table.js HTTP/1.1" 200 6994
114.86.228.158 - - [14/Dec/2021:11:17:32 +0800] "GET /xingrg/javascript/easyui/themes/default/easyui.css HTTP/1.1" 200 30432
114.86.228.158 - - [14/Dec/2021:11:17:32 +0800] "GET /xingrg/javascript/jquery_tools/jquery.tools.extend.js HTTP/1.1" 200 15385
114.86.228.158 - - [14/Dec/2021:11:17:32 +0800] "GET /xingrg/javascript/easyui/easyloader.js HTTP/1.1" 200 5975
114.86.228.158 - - [14/Dec/2021:11:17:32 +0800] "GET /xingrg/javascript/auto/jquery.autocomplete.js HTTP/1.1" 200 21624
114.86.228.158 - - [14/Dec/2021:11:17:32 +0800] "GET /xingrg/javascript/jquery.cookie.js HTTP/1.1" 200 5513
114.86.228.158 - - [14/Dec/2021:11:17:32 +0800] "GET /xingrg/javascript/print/LodopFuncs.js HTTP/1.1" 200 5121
114.86.228.158 - - [14/Dec/2021:11:17:32 +0800] "GET /xingrg/javascript/easyui/themes/icons/edit_add_new.png HTTP/1.1" 200 2997
114.86.228.158 - - [14/Dec/2021:11:17:32 +0800] "GET /xingrg/javascript/easyui/themes/icons/check_new.png HTTP/1.1" 200 3224
114.86.228.158 - - [14/Dec/2021:11:17:32 +0800] "GET /xingrg/javascript/easyui/themes/icons/cance_new.png HTTP/1.1" 200 3986
114.86.228.158 - - [14/Dec/2021:11:17:32 +0800] "GET /xingrg/javascript/easyui/themes/icons/import_new.png HTTP/1.1" 200 1247
114.86.228.158 - - [14/Dec/2021:11:17:32 +0800] "GET /xingrg/javascript/easyui/themes/icons/field_new.png HTTP/1.1" 200 1097
114.86.228.158 - - [14/Dec/2021:11:17:32 +0800] "GET /xingrg/javascript/easyui/plugins/jquery.parser.js HTTP/1.1" 200 1142
114.86.228.158 - - [14/Dec/2021:11:17:32 +0800] "GET /xingrg/images/control/ajaxLoader.gif HTTP/1.1" 200 4659
61.151.178.165 - - [14/Dec/2021:11:17:32 +0800] "GET /xingrg/all/function/internal_message.html?_=1639450594345&CODE_STATE=getMsg HTTP/1.1" 302 -
114.86.228.158 - - [14/Dec/2021:11:17:33 +0800] "POST /xingrg/kc/base/wldb_list_operate.html HTTP/1.1" 200 928
114.86.228.158 - - [14/Dec/2021:11:17:33 +0800] "GET /xingrg/all/function/internal_message.html?_=1639451852846&CODE_STATE=getMsg HTTP/1.1" 302 -
114.86.228.158 - - [14/Dec/2021:11:17:33 +0800] "GET /xingrg/login.html HTTP/1.1" 200 7641
61.151.207.158 - - [14/Dec/2021:11:17:34 +0800] "GET /xingrg/all/function/internal_message.html?_=1639449807947&CODE_STATE=getMsg HTTP/1.1" 302 -
114.86.228.158 - - [14/Dec/2021:11:17:34 +0800] "GET /xingrg/javascript/easyui/themes/default/images/button_plain_hover.png HTTP/1.1" 200 144
180.157.253.6 - - [14/Dec/2021:11:17:35 +0800] "GET /xingrg/all/function/internal_message.html?_=1639451853881&CODE_STATE=getMsg HTTP/1.1" 200 27
114.86.228.158 - - [14/Dec/2021:11:17:35 +0800] "GET /xingrg/kc/base/wldb_order_add.html HTTP/1.1" 200 30270
114.86.228.158 - - [14/Dec/2021:11:17:35 +0800] "GET /xingrg/javascript/convert.js HTTP/1.1" 200 1239
114.86.228.158 - - [14/Dec/2021:11:17:35 +0800] "GET /xingrg/javascript/json2.js HTTP/1.1" 200 11259
114.86.228.158 - - [14/Dec/2021:11:17:35 +0800] "GET /xingrg/javascript/print/kc_print.js HTTP/1.1" 200 11415
114.86.228.158 - - [14/Dec/2021:11:17:35 +0800] "GET /xingrg/javascript/jquery_tools/order_manager.js HTTP/1.1" 200 11183
114.86.228.158 - - [14/Dec/2021:11:17:35 +0800] "GET /xingrg/words/20211213184439_words.js HTTP/1.1" 200 879290
114.86.228.158 - - [14/Dec/2021:11:17:35 +0800] "GET /xingrg/javascript/easyui/themes/icons/template_new.png HTTP/1.1" 200 3956
114.86.228.158 - - [14/Dec/2021:11:17:35 +0800] "GET /xingrg/javascript/easyui/themes/icons/print.png HTTP/1.1" 200 1057
114.86.228.158 - - [14/Dec/2021:11:17:35 +0800] "GET /xingrg/javascript/easyui/themes/icons/ok.png HTTP/1.1" 200 883
114.86.228.158 - - [14/Dec/2021:11:17:35 +0800] "GET /xingrg/javascript/easyui/themes/default/images/menu_downarrow.png HTTP/1.1" 200 173
114.86.228.158 - - [14/Dec/2021:11:17:35 +0800] "GET /xingrg/javascript/easyui/themes/icons/cancel.png HTTP/1.1" 200 1133
114.86.228.158 - - [14/Dec/2021:11:17:35 +0800] "POST /xingrg/kc/base/wldb_order_operate.html HTTP/1.1" 200 6806
114.86.228.158 - - [14/Dec/2021:11:17:35 +0800] "GET /xingrg/all/common/auto_word.html?type=base&rest_code=00109 HTTP/1.1" 200 1857
114.86.228.158 - - [14/Dec/2021:11:17:35 +0800] "GET /xingrg/all/common/auto_word.html?type=base&rest_code=00109 HTTP/1.1" 200 1857
114.86.228.158 - - [14/Dec/2021:11:17:35 +0800] "GET /xingrg/javascript/easyui/themes/default/validatebox.css HTTP/1.1" 404 1104
114.86.228.158 - - [14/Dec/2021:11:17:35 +0800] "GET /xingrg/javascript/easyui/plugins/jquery.validatebox.js HTTP/1.1" 200 6103
114.86.228.158 - - [14/Dec/2021:11:17:35 +0800] "GET /xingrg/javascript/easyui/plugins/jquery.numberbox.js HTTP/1.1" 200 5213
114.86.228.158 - - [14/Dec/2021:11:17:36 +0800] "GET /xingrg/javascript/easyui/themes/icons/edit_remove.png HTTP/1.1" 200 625
61.151.178.165 - - [14/Dec/2021:11:17:36 +0800] "GET /xingrg/login.html HTTP/1.1" 200 7641
124.78.153.86 - - [14/Dec/2021:11:17:36 +0800] "GET /xingrg/all/function/internal_message.html?_=1639451853843&CODE_STATE=getMsg HTTP/1.1" 200 27
116.227.210.113 - - [14/Dec/2021:11:17:36 +0800] "GET /xingrg/all/function/internal_message.html?_=1639451849195&CODE_STATE=getMsg HTTP/1.1" 200 27
120.253.135.82 - - [14/Dec/2021:11:17:39 +0800] "GET /xingrg/all/function/internal_message.html?_=1639451636895&CODE_STATE=getMsg HTTP/1.1" 200 27
114.86.228.158 - - [14/Dec/2021:11:17:40 +0800] "GET /xingrg/javascript/auto/indicator.gif HTTP/1.1" 404 1066
114.83.216.59 - - [14/Dec/2021:11:17:41 +0800] "GET /xingrg/all/function/internal_message.html?_=1639451858493&CODE_STATE=getMsg HTTP/1.1" 200 27
101.85.120.86 - - [14/Dec/2021:11:17:41 +0800] "GET /xingrg/all/function/internal_message.html?_=1639451858723&CODE_STATE=getMsg HTTP/1.1" 200 27
124.77.240.52 - - [14/Dec/2021:11:17:42 +0800] "GET /xingrg/all/function/internal_message.html?_=1639451866522&CODE_STATE=getMsg HTTP/1.1" 302 -
114.86.228.158 - - [14/Dec/2021:11:17:42 +0800] "GET /xingrg/kc/base/wldb_order_operate.html?command=get_materiel&rest_code=00109&base_code=&code=00101026027 HTTP/1.1" 200 471
101.89.29.78 - - [14/Dec/2021:11:17:43 +0800] "GET /xingrg/all/function/internal_message.html?_=1639449747959&CODE_STATE=getMsg HTTP/1.1" 302 -
61.172.28.229 - - [14/Dec/2021:11:17:44 +0800] "GET /xingrg/all/function/internal_message.html?_=1639451799698&CODE_STATE=getMsg HTTP/1.1" 200 27
180.169.147.146 - - [14/Dec/2021:11:17:44 +0800] "GET /xingrg/all/function/internal_message.html?_=1639451862617&CODE_STATE=getMsg HTTP/1.1" 200 27
172.20.0.100 - - [14/Dec/2021:11:17:45 +0800] "GET /xingrg/check_reg.html?_=1639451865152 HTTP/1.1" 200 22
172.20.0.100 - - [14/Dec/2021:11:17:45 +0800] "GET /xingrg/all/function/internal_message.html?_=1639451865155&CODE_STATE=getMsg HTTP/1.1" 200 27
114.86.228.158 - - [14/Dec/2021:11:17:46 +0800] "GET /xingrg/kc/buy/cgsh_order_operate.html?command=get_materiel&rest_code=00109&code=00101008290&supplier_code=00100005&order_time=2021-12-14 HTTP/1.1" 302 -
114.86.228.158 - - [14/Dec/2021:11:17:46 +0800] "GET /xingrg/login.html HTTP/1.1" 200 7641
61.151.207.158 - - [14/Dec/2021:11:17:46 +0800] "GET /xingrg/login.html HTTP/1.1" 200 7641
124.78.153.86 - - [14/Dec/2021:11:17:48 +0800] "GET /xingrg/all/function/internal_message.html?_=1639451868259&CODE_STATE=getMsg HTTP/1.1" 200 27
101.89.29.78 - - [14/Dec/2021:11:17:48 +0800] "GET /xingrg/login.html HTTP/1.1" 200 7641
124.78.153.86 - - [14/Dec/2021:11:17:49 +0800] "GET /xingrg/check_reg.html?_=1639451868887 HTTP/1.1" 200 22
124.77.240.52 - - [14/Dec/2021:11:17:50 +0800] "GET /xingrg/all/function/internal_message.html?_=1639451873600&CODE_STATE=getMsg HTTP/1.1" 200 27
114.86.228.158 - - [14/Dec/2021:11:17:52 +0800] "GET /xingrg/kc/buy/cgsh_order_operate.html?command=get_materiel&rest_code=00109&code=00101008290&supplier_code=00100005&order_time=2021-12-14 HTTP/1.1" 302 -
114.86.228.158 - - [14/Dec/2021:11:17:52 +0800] "GET /xingrg/login.html HTTP/1.1" 200 7641
61.172.28.229 - - [14/Dec/2021:11:18:01 +0800] "GET /xingrg/all/function/internal_message.html?_=1639451881678&CODE_STATE=getMsg HTTP/1.1" 200 27
180.169.147.146 - - [14/Dec/2021:11:18:02 +0800] "GET /xingrg/all/function/internal_message.html?_=1639451880735&CODE_STATE=getMsg HTTP/1.1" 200 27
114.86.228.158 - - [14/Dec/2021:11:18:02 +0800] "GET /xingrg/kc/buy/cgsh_order_operate.html?command=get_materiel&rest_code=00109&code=00101008290&supplier_code=00100005&order_time=2021-12-14 HTTP/1.1" 302 -
114.86.228.158 - - [14/Dec/2021:11:18:02 +0800] "GET /xingrg/login.html HTTP/1.1" 200 7641
114.86.228.158 - - [14/Dec/2021:11:18:10 +0800] "POST /xingrg/kc/buy/cgsh_order_operate.html HTTP/1.1" 302 -
114.86.228.158 - - [14/Dec/2021:11:18:10 +0800] "GET /xingrg/login.html HTTP/1.1" 200 7641
180.169.147.146 - - [14/Dec/2021:11:18:11 +0800] "GET /xingrg/all/function/internal_message.html?_=1639451890127&CODE_STATE=getMsg HTTP/1.1" 200 27
180.169.147.146 - - [14/Dec/2021:11:18:11 +0800] "POST /xingrg/dwr/call/plaincall/AjaxReportQueryService.refreshCache.dwr HTTP/1.1" 200 78
58.221.95.50 - - [14/Dec/2021:11:18:12 +0800] "GET /xingrg/check_reg.html?_=1639451891090 HTTP/1.1" 302 -
114.86.228.158 - - [14/Dec/2021:11:18:16 +0800] "GET /xingrg/login.html HTTP/1.1" 200 7641
180.169.147.146 - - [14/Dec/2021:11:18:16 +0800] "POST /xingrg/all/report/load_report_page.html HTTP/1.1" 200 378983
180.169.147.146 - - [14/Dec/2021:11:18:17 +0800] "GET /xingrg/servlets/image?cache=0.17962600691307495&image=px HTTP/1.1" 200 807
116.238.248.233 - - [14/Dec/2021:11:18:17 +0800] "GET /xingrg/all/function/internal_message.html?_=1639451895772&CODE_STATE=getMsg HTTP/1.1" 200 27
222.70.176.97 - - [14/Dec/2021:11:18:18 +0800] "GET /xingrg/all/function/internal_message.html?_=1639451559590&CODE_STATE=getMsg HTTP/1.1" 302 -
222.70.176.97 - - [14/Dec/2021:11:18:18 +0800] "GET /xingrg/check_reg.html?_=1639451559591 HTTP/1.1" 302 -
116.235.94.0 - - [14/Dec/2021:11:18:18 +0800] "GET /xingrg/all/function/internal_message.html?_=1639452021680&CODE_STATE=getMsg HTTP/1.1" 200 27
101.91.62.89 - - [14/Dec/2021:11:18:21 +0800] "GET /xingrg/all/function/internal_message.html?_=1639450474402&CODE_STATE=getMsg HTTP/1.1" 302 -
114.86.228.158 - - [14/Dec/2021:11:18:22 +0800] "POST /xingrg/login.do HTTP/1.1" 302 -
114.86.228.158 - - [14/Dec/2021:11:18:22 +0800] "GET /xingrg/index.html?sysBaseUrl=http%3A%2F%2F180.169.147.146%3A18081%2Fxingrg%2F&costTime=52×tamp=1639451902135 HTTP/1.1" 200 17173
114.86.228.158 - - [14/Dec/2021:11:18:22 +0800] "POST /xingrg/all/common/load_tree.html?tree=area_rest_tree_json&manage=1 HTTP/1.1" 200 342
114.86.228.158 - - [14/Dec/2021:11:18:22 +0800] "GET /xingrg/all/function/internal_message.html?_=1639451901222&CODE_STATE=count HTTP/1.1" 200 11
114.86.228.158 - - [14/Dec/2021:11:18:22 +0800] "GET /xingrg/check_reg.html?_=1639451901223 HTTP/1.1" 200 22
114.86.228.158 - - [14/Dec/2021:11:18:22 +0800] "POST /xingrg/load_menu.html HTTP/1.1" 200 5138
124.78.153.86 - - [14/Dec/2021:11:18:23 +0800] "GET /xingrg/check_reg.html?_=1639451900269 HTTP/1.1" 200 22
114.86.228.158 - - [14/Dec/2021:11:18:24 +0800] "GET /xingrg/kc/buy/buy_main.html HTTP/1.1" 200 12412
114.86.228.158 - - [14/Dec/2021:11:18:24 +0800] "GET /xingrg/css/new_ie.css HTTP/1.1" 404 1036
114.86.228.158 - - [14/Dec/2021:11:18:25 +0800] "GET /xingrg/kc/buy/cgsh_order_list.html HTTP/1.1" 200 49354
114.86.228.158 - - [14/Dec/2021:11:18:27 +0800] "POST /xingrg/kc/buy/cgsh_list_operate.html HTTP/1.1" 200 3804
101.91.62.89 - - [14/Dec/2021:11:18:27 +0800] "GET /xingrg/login.html HTTP/1.1" 200 7641
116.238.208.177 - - [14/Dec/2021:11:18:28 +0800] "GET /xingrg/all/function/internal_message.html?_=1639451908686&CODE_STATE=getMsg HTTP/1.1" 200 27
180.157.253.6 - - [14/Dec/2021:11:18:31 +0800] "GET /xingrg/all/function/internal_message.html?_=1639451910657&CODE_STATE=getMsg HTTP/1.1" 200 27
180.157.253.6 - - [14/Dec/2021:11:18:35 +0800] "GET /xingrg/all/function/internal_message.html?_=1639451913880&CODE_STATE=getMsg HTTP/1.1" 200 27
124.78.153.86 - - [14/Dec/2021:11:18:36 +0800] "GET /xingrg/all/function/internal_message.html?_=1639451913815&CODE_STATE=getMsg HTTP/1.1" 200 27
116.227.210.113 - - [14/Dec/2021:11:18:36 +0800] "GET /xingrg/all/function/internal_message.html?_=1639451909193&CODE_STATE=getMsg HTTP/1.1" 200 27
180.169.147.146 - - [14/Dec/2021:11:18:38 +0800] "POST /xingrg/all/report/report_print.html HTTP/1.1" 200 38957
120.253.135.82 - - [14/Dec/2021:11:18:39 +0800] "GET /xingrg/all/function/internal_message.html?_=1639451696902&CODE_STATE=getMsg HTTP/1.1" 200 27
114.83.216.59 - - [14/Dec/2021:11:18:41 +0800] "GET /xingrg/all/function/internal_message.html?_=1639451918485&CODE_STATE=getMsg HTTP/1.1" 200 27
101.85.120.86 - - [14/Dec/2021:11:18:41 +0800] "GET /xingrg/all/function/internal_message.html?_=1639451918725&CODE_STATE=getMsg HTTP/1.1" 200 27
124.77.240.52 - - [14/Dec/2021:11:18:42 +0800] "GET /xingrg/all/function/internal_message.html?_=1639451926557&CODE_STATE=getMsg HTTP/1.1" 302 -
61.172.28.229 - - [14/Dec/2021:11:18:44 +0800] "GET /xingrg/all/function/internal_message.html?_=1639451859691&CODE_STATE=getMsg HTTP/1.1" 200 27
180.169.147.146 - - [14/Dec/2021:11:18:44 +0800] "GET /xingrg/all/function/internal_message.html?_=1639451922615&CODE_STATE=getMsg HTTP/1.1" 200 27
172.20.0.100 - - [14/Dec/2021:11:18:45 +0800] "GET /xingrg/all/function/internal_message.html?_=1639451925156&CODE_STATE=getMsg HTTP/1.1" 200 27
124.78.153.86 - - [14/Dec/2021:11:18:48 +0800] "GET /xingrg/all/function/internal_message.html?_=1639451928231&CODE_STATE=getMsg HTTP/1.1" 200 27
124.77.240.52 - - [14/Dec/2021:11:18:49 +0800] "GET /xingrg/check_reg.html?_=1639451933556 HTTP/1.1" 200 22
124.77.240.52 - - [14/Dec/2021:11:18:50 +0800] "GET /xingrg/all/function/internal_message.html?_=1639451933614&CODE_STATE=getMsg HTTP/1.1" 200 27
114.86.228.158 - - [14/Dec/2021:11:18:57 +0800] "POST /xingrg/kc/buy/cgsh_list_operate.html HTTP/1.1" 200 562
114.86.228.158 - - [14/Dec/2021:11:18:57 +0800] "GET /xingrg/kc/buy/cgsh_order_info.html?code=212021121405605 HTTP/1.1" 200 65174
114.86.228.158 - - [14/Dec/2021:11:18:58 +0800] "GET /xingrg/all/common/auto_word.html?type=employee&rest_code=00109 HTTP/1.1" 200 255
114.86.228.158 - - [14/Dec/2021:11:18:58 +0800] "GET /xingrg/javascript/easyui/themes/default/validatebox.css HTTP/1.1" 404 1104
114.86.228.158 - - [14/Dec/2021:11:18:58 +0800] "GET /xingrg/all/common/auto_word.html?type=employee&rest_code=00109 HTTP/1.1" 200 255
114.86.228.158 - - [14/Dec/2021:11:18:58 +0800] "POST /xingrg/kc/buy/cgsh_order_operate.html HTTP/1.1" 200 6197
61.172.28.229 - - [14/Dec/2021:11:19:01 +0800] "GET /xingrg/all/function/internal_message.html?_=1639451941678&CODE_STATE=getMsg HTTP/1.1" 200 27
180.169.147.146 - - [14/Dec/2021:11:19:02 +0800] "GET /xingrg/check_reg.html?_=1639451940729 HTTP/1.1" 200 22
180.169.147.146 - - [14/Dec/2021:11:19:02 +0800] "GET /xingrg/all/function/internal_message.html?_=1639451940732&CODE_STATE=getMsg HTTP/1.1" 200 27
114.85.125.222 - - [14/Dec/2021:11:19:05 +0800] "GET /xingrg/check_reg.html?_=1639451899963 HTTP/1.1" 302 -
61.172.28.229 - - [14/Dec/2021:11:19:05 +0800] "GET /xingrg/kc/base/wldb_order_operate.html?command=get_materiel&rest_code=00105&base_code=0010507&code=00101019527 HTTP/1.1" 200 473
114.86.228.158 - - [14/Dec/2021:11:19:10 +0800] "GET /xingrg/kc/buy/cgsh_order_operate.html?command=get_materiel&rest_code=00109&code=00101008264&supplier_code=00100005&order_time=2021-12-14 HTTP/1.1" 200 412
180.169.147.146 - - [14/Dec/2021:11:19:11 +0800] "GET /xingrg/check_reg.html?_=1639451950143 HTTP/1.1" 200 22
180.169.147.146 - - [14/Dec/2021:11:19:11 +0800] "GET /xingrg/all/function/internal_message.html?_=1639451950142&CODE_STATE=getMsg HTTP/1.1" 200 27
116.238.248.233 - - [14/Dec/2021:11:19:17 +0800] "GET /xingrg/all/function/internal_message.html?_=1639451955771&CODE_STATE=getMsg HTTP/1.1" 200 27
222.70.176.97 - - [14/Dec/2021:11:19:18 +0800] "GET /xingrg/all/function/internal_message.html?_=1639451619589&CODE_STATE=getMsg HTTP/1.1" 302 -
116.235.94.0 - - [14/Dec/2021:11:19:18 +0800] "GET /xingrg/all/function/internal_message.html?_=1639452081680&CODE_STATE=getMsg HTTP/1.1" 200 27
61.172.28.229 - - [14/Dec/2021:11:19:20 +0800] "GET /xingrg/kc/base/wldb_order_operate.html?command=get_materiel&rest_code=00105&base_code=0010507&code=00101013190 HTTP/1.1" 200 432
114.86.228.158 - - [14/Dec/2021:11:19:22 +0800] "GET /xingrg/all/function/internal_message.html?_=1639451961228&CODE_STATE=getMsg HTTP/1.1" 200 27
124.77.240.52 - - [14/Dec/2021:11:19:22 +0800] "POST /xingrg/kc/buy/cgsh_list_operate.html HTTP/1.1" 200 5582
114.86.228.158 - - [14/Dec/2021:11:20:22 +0800] "POST /xingrg/kc/buy/cgsh_order_operate.html HTTP/1.1" 302 -
124.77.240.52 - - [14/Dec/2021:11:20:22 +0800] "GET /xingrg/all/function/internal_message.html?_=1639451986565&CODE_STATE=getMsg HTTP/1.1" 302 -
180.169.147.146 - - [14/Dec/2021:11:20:22 +0800] "GET /xingrg/index.html?sysBaseUrl=http%3A%2F%2F180.169.147.146%3A18081%2Fxingrg%2F&costTime=39×tamp=1592034574635 HTTP/1.1" 302 -
61.151.178.217 - - [14/Dec/2021:11:20:22 +0800] "GET /xingrg/all/function/internal_message.html?_=1639450834255&CODE_STATE=getMsg HTTP/1.1" 302 -
116.238.248.233 - - [14/Dec/2021:11:20:22 +0800] "GET /xingrg/check_reg.html?_=1639452015780 HTTP/1.1" 302 -
101.85.120.86 - - [14/Dec/2021:11:20:22 +0800] "GET /xingrg/all/function/internal_message.html?_=1639451978727&CODE_STATE=getMsg HTTP/1.1" 302 -
180.169.147.146 - - [14/Dec/2021:11:20:22 +0800] "GET /xingrg/index.html?sysBaseUrl=http%3A%2F%2F180.169.147.146%3A18081%2Fxingrg%2F&costTime=39×tamp=1592034574635 HTTP/1.1" 302 -
120.253.135.82 - - [14/Dec/2021:11:20:22 +0800] "GET /xingrg/all/function/internal_message.html?_=1639451757010&CODE_STATE=getMsg HTTP/1.1" 302 -
180.169.147.146 - - [14/Dec/2021:11:20:22 +0800] "GET /xingrg/check_reg.html?_=1639451982615 HTTP/1.1" 302 -
116.238.248.233 - - [14/Dec/2021:11:20:22 +0800] "GET /xingrg/all/function/internal_message.html?_=1639452015778&CODE_STATE=getMsg HTTP/1.1" 302 -
180.169.147.146 - - [14/Dec/2021:11:20:22 +0800] "GET /xingrg/all/function/internal_message.html?_=1639451982614&CODE_STATE=getMsg HTTP/1.1" 302 -
172.20.0.100 - - [14/Dec/2021:11:20:22 +0800] "GET /xingrg/all/function/internal_message.html?_=1639451985157&CODE_STATE=getMsg HTTP/1.1" 302 -
124.77.240.52 - - [14/Dec/2021:11:20:22 +0800] "GET /xingrg/all/function/internal_message.html?_=1639451993627&CODE_STATE=getMsg HTTP/1.1" 302 -
61.172.28.229 - - [14/Dec/2021:11:20:22 +0800] "GET /xingrg/all/function/internal_message.html?_=1639451919702&CODE_STATE=getMsg HTTP/1.1" 302 -
124.78.153.86 - - [14/Dec/2021:11:20:22 +0800] "GET /xingrg/all/function/internal_message.html?_=1639451988216&CODE_STATE=getMsg HTTP/1.1" 302 -
114.83.216.59 - - [14/Dec/2021:11:20:22 +0800] "GET /xingrg/all/function/internal_message.html?_=1639451978474&CODE_STATE=getMsg HTTP/1.1" 302 -
120.253.135.82 - - [14/Dec/2021:11:20:22 +0800] "GET /xingrg/check_reg.html?_=1639451777647 HTTP/1.1" 302 -
222.70.176.97 - - [14/Dec/2021:11:20:22 +0800] "GET /xingrg/all/function/internal_message.html?_=1639451679589&CODE_STATE=getMsg HTTP/1.1" 302 -
