61.172.28.229 - - [14/Dec/2021:11:06:01 +0800] "GET /xingrg/all/function/internal_message.html?_=1639451161646&CODE_STATE=getMsg HTTP/1.1" 200 27
120.253.135.82 - - [14/Dec/2021:11:06:01 +0800] "GET /xingrg/kc/pszx/mdps_order_operate.html?command=get_materiel&pszx_code=00101&rest_code=00149&base_code=0010250&code=00102002921 HTTP/1.1" 200 427
180.169.147.146 - - [14/Dec/2021:11:06:02 +0800] "GET /xingrg/all/function/internal_message.html?_=1639451160722&CODE_STATE=getMsg HTTP/1.1" 200 27
116.238.208.177 - - [14/Dec/2021:11:06:02 +0800] "GET /xingrg/check_reg.html?_=1639451162665 HTTP/1.1" 200 22
61.151.207.205 - - [14/Dec/2021:11:06:04 +0800] "GET /xingrg/all/function/internal_message.html?_=1639450054416&CODE_STATE=getMsg HTTP/1.1" 302 -
61.151.207.205 - - [14/Dec/2021:11:06:09 +0800] "GET /xingrg/login.html HTTP/1.1" 200 7641
101.85.120.86 - - [14/Dec/2021:11:06:09 +0800] "GET /xingrg/javascript/jquery_easy_ui/themes/default/images/button_plain_hover.png HTTP/1.1" 200 252
120.253.135.82 - - [14/Dec/2021:11:06:10 +0800] "POST /xingrg/kc/pszx/mdps_order_operate.html HTTP/1.1" 200 37
114.88.154.34 - - [14/Dec/2021:11:06:11 +0800] "POST /xingrg/services/DataTransmitService HTTP/1.1" 200 524
120.253.135.82 - - [14/Dec/2021:11:06:11 +0800] "GET /xingrg/kc/pszx/mdps_order_info.html?code=312021121400368 HTTP/1.1" 200 23931
180.169.147.146 - - [14/Dec/2021:11:06:11 +0800] "GET /xingrg/all/function/internal_message.html?_=1639451170129&CODE_STATE=getMsg HTTP/1.1" 200 27
114.88.154.34 - - [14/Dec/2021:11:06:11 +0800] "POST /xingrg/services/DataTransmitService HTTP/1.1" 200 412
120.253.135.82 - - [14/Dec/2021:11:06:12 +0800] "POST /xingrg/kc/pszx/mdps_order_operate.html HTTP/1.1" 200 2296
120.253.135.82 - - [14/Dec/2021:11:06:12 +0800] "GET /xingrg/javascript/easyui/themes/default/validatebox.css HTTP/1.1" 404 1104
120.253.135.82 - - [14/Dec/2021:11:06:14 +0800] "POST /xingrg/kc/pszx/mdps_list_operate.html HTTP/1.1" 200 1690
120.253.135.82 - - [14/Dec/2021:11:06:16 +0800] "POST /xingrg/kc/pszx/mdps_list_operate.html HTTP/1.1" 200 217
120.253.135.82 - - [14/Dec/2021:11:06:16 +0800] "GET /xingrg/kc/pszx/mdps_order_info.html?code=312021121400368 HTTP/1.1" 200 23931
120.253.135.82 - - [14/Dec/2021:11:06:17 +0800] "GET /xingrg/javascript/easyui/themes/default/validatebox.css HTTP/1.1" 404 1104
120.253.135.82 - - [14/Dec/2021:11:06:17 +0800] "POST /xingrg/kc/pszx/mdps_order_operate.html HTTP/1.1" 200 2296
116.238.248.233 - - [14/Dec/2021:11:06:17 +0800] "GET /xingrg/all/function/internal_message.html?_=1639451175710&CODE_STATE=getMsg HTTP/1.1" 200 27
222.70.176.97 - - [14/Dec/2021:11:06:18 +0800] "GET /xingrg/all/function/internal_message.html?_=1639450839589&CODE_STATE=getMsg HTTP/1.1" 302 -
116.235.94.0 - - [14/Dec/2021:11:06:18 +0800] "GET /xingrg/all/function/internal_message.html?_=1639451301677&CODE_STATE=getMsg HTTP/1.1" 200 27
116.235.94.0 - - [14/Dec/2021:11:06:18 +0800] "GET /xingrg/check_reg.html?_=1639451301677 HTTP/1.1" 200 22
120.253.135.82 - - [14/Dec/2021:11:06:18 +0800] "POST /xingrg/kc/pszx/mdps_list_operate.html HTTP/1.1" 200 1690
61.151.178.197 - - [14/Dec/2021:11:06:21 +0800] "GET /xingrg/kc/buy/cgsh_order_operate.html?command=get_materiel&rest_code=00106&code=00101016053&supplier_code=00100032&order_time=2021-12-14 HTTP/1.1" 302 -
116.227.210.113 - - [14/Dec/2021:11:06:25 +0800] "POST /xingrg/services/DataTransmitService HTTP/1.1" 200 524
116.227.210.113 - - [14/Dec/2021:11:06:26 +0800] "POST /xingrg/services/DataTransmitService HTTP/1.1" 200 412
61.172.28.229 - - [14/Dec/2021:11:06:29 +0800] "POST /xingrg/services/DataTransmitService HTTP/1.1" 200 524
61.151.178.197 - - [14/Dec/2021:11:06:29 +0800] "GET /xingrg/login.html HTTP/1.1" 200 7641
61.172.28.229 - - [14/Dec/2021:11:06:29 +0800] "POST /xingrg/services/DataTransmitService HTTP/1.1" 200 501
116.238.208.177 - - [14/Dec/2021:11:06:30 +0800] "GET /xingrg/all/function/internal_message.html?_=1639451187998&CODE_STATE=getMsg HTTP/1.1" 200 27
180.157.253.6 - - [14/Dec/2021:11:06:31 +0800] "GET /xingrg/all/function/internal_message.html?_=1639451190651&CODE_STATE=getMsg HTTP/1.1" 200 27
180.157.253.6 - - [14/Dec/2021:11:06:35 +0800] "GET /xingrg/all/function/internal_message.html?_=1639451193856&CODE_STATE=getMsg HTTP/1.1" 200 27
180.157.253.6 - - [14/Dec/2021:11:06:35 +0800] "GET /xingrg/check_reg.html?_=1639451193858 HTTP/1.1" 200 22
114.86.228.158 - - [14/Dec/2021:11:06:35 +0800] "GET /xingrg/all/function/internal_message.html?_=1639451194120&CODE_STATE=getMsg HTTP/1.1" 200 27
114.86.228.158 - - [14/Dec/2021:11:06:35 +0800] "GET /xingrg/check_reg.html?_=1639451194121 HTTP/1.1" 200 22
116.227.210.113 - - [14/Dec/2021:11:06:36 +0800] "GET /xingrg/all/function/internal_message.html?_=1639451189198&CODE_STATE=getMsg HTTP/1.1" 200 27
114.88.154.34 - - [14/Dec/2021:11:06:36 +0800] "GET /xingrg/all/function/internal_message.html?_=1639451010797&CODE_STATE=getMsg HTTP/1.1" 200 27
124.78.153.86 - - [14/Dec/2021:11:06:36 +0800] "GET /xingrg/all/function/internal_message.html?_=1639451194129&CODE_STATE=getMsg HTTP/1.1" 200 27
120.253.135.82 - - [14/Dec/2021:11:06:38 +0800] "GET /xingrg/all/function/internal_message.html?_=1639450976348&CODE_STATE=getMsg HTTP/1.1" 200 27
114.83.216.59 - - [14/Dec/2021:11:06:41 +0800] "GET /xingrg/all/function/internal_message.html?_=1639451198661&CODE_STATE=getMsg HTTP/1.1" 200 27
101.85.120.86 - - [14/Dec/2021:11:06:41 +0800] "GET /xingrg/all/function/internal_message.html?_=1639451198726&CODE_STATE=getMsg HTTP/1.1" 200 27
124.77.240.52 - - [14/Dec/2021:11:06:42 +0800] "GET /xingrg/all/function/internal_message.html?_=1639451206310&CODE_STATE=getMsg HTTP/1.1" 200 27
120.253.135.82 - - [14/Dec/2021:11:06:43 +0800] "GET /xingrg/kc/pszx/mdqp_order_list.html?state=10 HTTP/1.1" 200 10217
120.253.135.82 - - [14/Dec/2021:11:06:43 +0800] "GET /xingrg/dwr/interface/AjaxReportQueryService.js HTTP/1.1" 200 13203
120.253.135.82 - - [14/Dec/2021:11:06:43 +0800] "GET /xingrg/dwr/interface/AjaxQqpsService.js HTTP/1.1" 200 16326
120.253.135.82 - - [14/Dec/2021:11:06:43 +0800] "GET /xingrg/dwr/engine.js HTTP/1.1" 200 43631
61.151.207.141 - - [14/Dec/2021:11:06:43 +0800] "GET /xingrg/kc/print/load_data.html?order_code=212021121405611&kc_code=cgsh HTTP/1.1" 302 -
120.253.135.82 - - [14/Dec/2021:11:06:44 +0800] "GET /xingrg/javascript/jquery_easy_ui/themes/default/images/tabs_active.png HTTP/1.1" 304 -
120.253.135.82 - - [14/Dec/2021:11:06:44 +0800] "GET /xingrg/javascript/jquery_easy_ui/themes/default/images/tabs_active.png HTTP/1.1" 304 -
61.172.28.229 - - [14/Dec/2021:11:06:44 +0800] "GET /xingrg/all/function/internal_message.html?_=1639451139682&CODE_STATE=getMsg HTTP/1.1" 200 27
61.172.28.229 - - [14/Dec/2021:11:06:44 +0800] "GET /xingrg/check_reg.html?_=1639451139684 HTTP/1.1" 200 22
180.169.147.146 - - [14/Dec/2021:11:06:44 +0800] "GET /xingrg/all/function/internal_message.html?_=1639451202627&CODE_STATE=getMsg HTTP/1.1" 200 27
172.20.0.100 - - [14/Dec/2021:11:06:45 +0800] "GET /xingrg/all/function/internal_message.html?_=1639451205156&CODE_STATE=getMsg HTTP/1.1" 200 27
124.78.153.86 - - [14/Dec/2021:11:06:48 +0800] "GET /xingrg/all/function/internal_message.html?_=1639451208464&CODE_STATE=getMsg HTTP/1.1" 200 27
61.151.207.141 - - [14/Dec/2021:11:06:52 +0800] "GET /xingrg/login.html HTTP/1.1" 200 7641
61.151.178.177 - - [14/Dec/2021:11:06:56 +0800] "GET /xingrg/kc/print/load_data.html?order_code=212021121405610&kc_code=cgsh HTTP/1.1" 302 -
61.151.178.177 - - [14/Dec/2021:11:06:59 +0800] "GET /xingrg/login.html HTTP/1.1" 200 7641
61.172.28.229 - - [14/Dec/2021:11:07:01 +0800] "GET /xingrg/check_reg.html?_=1639451221645 HTTP/1.1" 200 22
61.172.28.229 - - [14/Dec/2021:11:07:01 +0800] "GET /xingrg/all/function/internal_message.html?_=1639451221648&CODE_STATE=getMsg HTTP/1.1" 200 27
180.169.147.146 - - [14/Dec/2021:11:07:02 +0800] "GET /xingrg/all/function/internal_message.html?_=1639451220738&CODE_STATE=getMsg HTTP/1.1" 200 27
61.151.178.165 - - [14/Dec/2021:11:07:03 +0800] "GET /xingrg/kc/buy/cgsh_order_operate.html?command=get_materiel&rest_code=00106&code=00101006221&supplier_code=00100015&order_time=2021-12-14 HTTP/1.1" 302 -
101.91.60.11 - - [14/Dec/2021:11:07:06 +0800] "GET /xingrg/all/function/internal_message.html?_=1639449328144&CODE_STATE=getMsg HTTP/1.1" 302 -
61.151.178.165 - - [14/Dec/2021:11:07:07 +0800] "GET /xingrg/login.html HTTP/1.1" 200 7641
61.151.207.205 - - [14/Dec/2021:11:07:09 +0800] "GET /xingrg/kc/buy/cgsh_order_info.html?code=212021121405612 HTTP/1.1" 302 -
180.169.147.146 - - [14/Dec/2021:11:07:11 +0800] "GET /xingrg/all/function/internal_message.html?_=1639451230130&CODE_STATE=getMsg HTTP/1.1" 200 27
101.91.60.11 - - [14/Dec/2021:11:07:13 +0800] "GET /xingrg/login.html HTTP/1.1" 200 7641
61.151.207.205 - - [14/Dec/2021:11:07:15 +0800] "GET /xingrg/login.html HTTP/1.1" 200 7641
116.238.248.233 - - [14/Dec/2021:11:07:17 +0800] "GET /xingrg/all/function/internal_message.html?_=1639451235709&CODE_STATE=getMsg HTTP/1.1" 200 27
222.70.176.97 - - [14/Dec/2021:11:07:18 +0800] "GET /xingrg/all/function/internal_message.html?_=1639450899589&CODE_STATE=getMsg HTTP/1.1" 302 -
116.235.94.0 - - [14/Dec/2021:11:07:18 +0800] "GET /xingrg/all/function/internal_message.html?_=1639451361676&CODE_STATE=getMsg HTTP/1.1" 200 27
116.238.208.177 - - [14/Dec/2021:11:07:27 +0800] "GET /xingrg/all/function/internal_message.html?_=1639451248011&CODE_STATE=getMsg HTTP/1.1" 200 27
101.91.62.89 - - [14/Dec/2021:11:07:29 +0800] "GET /xingrg/kc/buy/cgsh_order_operate.html?command=get_materiel&rest_code=00106&code=00101006112&supplier_code=00100015&order_time=2021-12-14 HTTP/1.1" 302 -
180.157.253.6 - - [14/Dec/2021:11:07:31 +0800] "GET /xingrg/all/function/internal_message.html?_=1639451250655&CODE_STATE=getMsg HTTP/1.1" 200 27
180.157.253.6 - - [14/Dec/2021:11:07:35 +0800] "GET /xingrg/all/function/internal_message.html?_=1639451253856&CODE_STATE=getMsg HTTP/1.1" 200 27
114.86.228.158 - - [14/Dec/2021:11:07:35 +0800] "GET /xingrg/all/function/internal_message.html?_=1639451254122&CODE_STATE=getMsg HTTP/1.1" 200 27
101.91.62.89 - - [14/Dec/2021:11:07:36 +0800] "GET /xingrg/login.html HTTP/1.1" 200 7641
116.227.210.113 - - [14/Dec/2021:11:07:36 +0800] "GET /xingrg/all/function/internal_message.html?_=1639451249190&CODE_STATE=getMsg HTTP/1.1" 200 27
114.88.154.34 - - [14/Dec/2021:11:07:36 +0800] "GET /xingrg/all/function/internal_message.html?_=1639451070772&CODE_STATE=getMsg HTTP/1.1" 200 27
124.78.153.86 - - [14/Dec/2021:11:07:36 +0800] "GET /xingrg/all/function/internal_message.html?_=1639451254103&CODE_STATE=getMsg HTTP/1.1" 200 27
120.253.135.82 - - [14/Dec/2021:11:07:39 +0800] "GET /xingrg/all/function/internal_message.html?_=1639451036446&CODE_STATE=getMsg HTTP/1.1" 200 27
114.83.216.59 - - [14/Dec/2021:11:07:41 +0800] "GET /xingrg/all/function/internal_message.html?_=1639451258645&CODE_STATE=getMsg HTTP/1.1" 200 27
101.85.120.86 - - [14/Dec/2021:11:07:41 +0800] "GET /xingrg/all/function/internal_message.html?_=1639451258728&CODE_STATE=getMsg HTTP/1.1" 200 27
124.77.240.52 - - [14/Dec/2021:11:07:42 +0800] "GET /xingrg/all/function/internal_message.html?_=1639451266324&CODE_STATE=getMsg HTTP/1.1" 200 27
61.172.28.229 - - [14/Dec/2021:11:07:44 +0800] "GET /xingrg/all/function/internal_message.html?_=1639451199683&CODE_STATE=getMsg HTTP/1.1" 200 27
180.169.147.146 - - [14/Dec/2021:11:07:44 +0800] "GET /xingrg/all/function/internal_message.html?_=1639451262626&CODE_STATE=getMsg HTTP/1.1" 200 27
172.20.0.100 - - [14/Dec/2021:11:07:45 +0800] "GET /xingrg/all/function/internal_message.html?_=1639451265160&CODE_STATE=getMsg HTTP/1.1" 200 27
172.20.0.100 - - [14/Dec/2021:11:07:45 +0800] "GET /xingrg/check_reg.html?_=1639451265163 HTTP/1.1" 200 22
124.78.153.86 - - [14/Dec/2021:11:07:48 +0800] "GET /xingrg/all/function/internal_message.html?_=1639451268434&CODE_STATE=getMsg HTTP/1.1" 200 27
124.78.153.86 - - [14/Dec/2021:11:07:48 +0800] "GET /xingrg/check_reg.html?_=1639451268858 HTTP/1.1" 200 22
101.89.19.197 - - [14/Dec/2021:11:07:51 +0800] "GET /xingrg/kc/buy/cgsh_order_operate.html?command=get_materiel&rest_code=00106&code=00101016025&supplier_code=00100032&order_time=2021-12-14 HTTP/1.1" 302 -
101.89.19.197 - - [14/Dec/2021:11:07:54 +0800] "GET /xingrg/login.html HTTP/1.1" 200 7641
61.172.28.229 - - [14/Dec/2021:11:08:01 +0800] "GET /xingrg/all/function/internal_message.html?_=1639451281648&CODE_STATE=getMsg HTTP/1.1" 200 27
180.169.147.146 - - [14/Dec/2021:11:08:02 +0800] "GET /xingrg/all/function/internal_message.html?_=1639451280739&CODE_STATE=getMsg HTTP/1.1" 200 27
180.169.147.146 - - [14/Dec/2021:11:08:11 +0800] "GET /xingrg/all/function/internal_message.html?_=1639451290121&CODE_STATE=getMsg HTTP/1.1" 200 27
101.91.60.11 - - [14/Dec/2021:11:08:12 +0800] "GET /xingrg/kc/buy/cgsh_order_operate.html?command=get_materiel&rest_code=00106&code=00101001111&supplier_code=00100032&order_time=2021-12-14 HTTP/1.1" 302 -
58.221.95.50 - - [14/Dec/2021:11:08:12 +0800] "GET /xingrg/check_reg.html?_=1639451291070 HTTP/1.1" 302 -
116.238.248.233 - - [14/Dec/2021:11:08:17 +0800] "GET /xingrg/all/function/internal_message.html?_=1639451295712&CODE_STATE=getMsg HTTP/1.1" 200 27
222.70.176.97 - - [14/Dec/2021:11:08:18 +0800] "GET /xingrg/all/function/internal_message.html?_=1639450959589&CODE_STATE=getMsg HTTP/1.1" 302 -
222.70.176.97 - - [14/Dec/2021:11:08:18 +0800] "GET /xingrg/check_reg.html?_=1639450959590 HTTP/1.1" 302 -
116.235.94.0 - - [14/Dec/2021:11:08:18 +0800] "GET /xingrg/all/function/internal_message.html?_=1639451421675&CODE_STATE=getMsg HTTP/1.1" 200 27
101.91.60.11 - - [14/Dec/2021:11:08:19 +0800] "GET /xingrg/login.html HTTP/1.1" 200 7641
124.78.153.86 - - [14/Dec/2021:11:08:23 +0800] "GET /xingrg/check_reg.html?_=1639451300261 HTTP/1.1" 200 22
116.238.208.177 - - [14/Dec/2021:11:08:27 +0800] "GET /xingrg/all/function/internal_message.html?_=1639451308156&CODE_STATE=getMsg HTTP/1.1" 200 27
180.157.253.6 - - [14/Dec/2021:11:08:31 +0800] "GET /xingrg/all/function/internal_message.html?_=1639451310654&CODE_STATE=getMsg HTTP/1.1" 200 27
61.151.178.180 - - [14/Dec/2021:11:08:31 +0800] "GET /xingrg/all/function/internal_message.html?_=1639450174519&CODE_STATE=getMsg HTTP/1.1" 302 -
180.157.253.6 - - [14/Dec/2021:11:08:35 +0800] "GET /xingrg/all/function/internal_message.html?_=1639451313855&CODE_STATE=getMsg HTTP/1.1" 200 27
114.86.228.158 - - [14/Dec/2021:11:08:35 +0800] "GET /xingrg/all/function/internal_message.html?_=1639451314124&CODE_STATE=getMsg HTTP/1.1" 200 27
116.227.210.113 - - [14/Dec/2021:11:08:36 +0800] "GET /xingrg/all/function/internal_message.html?_=1639451309186&CODE_STATE=getMsg HTTP/1.1" 200 27
114.88.154.34 - - [14/Dec/2021:11:08:36 +0800] "GET /xingrg/all/function/internal_message.html?_=1639451130743&CODE_STATE=getMsg HTTP/1.1" 200 27
124.78.153.86 - - [14/Dec/2021:11:08:36 +0800] "GET /xingrg/all/function/internal_message.html?_=1639451314079&CODE_STATE=getMsg HTTP/1.1" 200 27
101.91.60.88 - - [14/Dec/2021:11:08:37 +0800] "GET /xingrg/kc/buy/cgsh_order_operate.html?command=get_materiel&rest_code=00106&code=00101006174&supplier_code=00100015&order_time=2021-12-14 HTTP/1.1" 302 -
120.253.135.82 - - [14/Dec/2021:11:08:39 +0800] "GET /xingrg/all/function/internal_message.html?_=1639451096453&CODE_STATE=getMsg HTTP/1.1" 200 27
114.83.216.59 - - [14/Dec/2021:11:08:41 +0800] "GET /xingrg/all/function/internal_message.html?_=1639451318628&CODE_STATE=getMsg HTTP/1.1" 200 27
101.85.120.86 - - [14/Dec/2021:11:08:41 +0800] "GET /xingrg/all/function/internal_message.html?_=1639451318729&CODE_STATE=getMsg HTTP/1.1" 200 27
61.151.178.180 - - [14/Dec/2021:11:08:41 +0800] "GET /xingrg/login.html HTTP/1.1" 200 7641
124.77.240.52 - - [14/Dec/2021:11:08:42 +0800] "GET /xingrg/all/function/internal_message.html?_=1639451326372&CODE_STATE=getMsg HTTP/1.1" 200 27
101.91.60.88 - - [14/Dec/2021:11:08:43 +0800] "GET /xingrg/login.html HTTP/1.1" 200 7641
61.172.28.229 - - [14/Dec/2021:11:08:44 +0800] "GET /xingrg/all/function/internal_message.html?_=1639451259683&CODE_STATE=getMsg HTTP/1.1" 200 27
180.169.147.146 - - [14/Dec/2021:11:08:44 +0800] "GET /xingrg/all/function/internal_message.html?_=1639451322625&CODE_STATE=getMsg HTTP/1.1" 200 27
172.20.0.100 - - [14/Dec/2021:11:08:45 +0800] "GET /xingrg/all/function/internal_message.html?_=1639451325165&CODE_STATE=getMsg HTTP/1.1" 200 27
124.78.153.86 - - [14/Dec/2021:11:08:48 +0800] "GET /xingrg/all/function/internal_message.html?_=1639451328406&CODE_STATE=getMsg HTTP/1.1" 200 27
61.172.28.229 - - [14/Dec/2021:11:09:01 +0800] "GET /xingrg/all/function/internal_message.html?_=1639451341647&CODE_STATE=getMsg HTTP/1.1" 200 27
180.169.147.146 - - [14/Dec/2021:11:09:02 +0800] "GET /xingrg/check_reg.html?_=1639451340730 HTTP/1.1" 200 22
180.169.147.146 - - [14/Dec/2021:11:09:02 +0800] "GET /xingrg/all/function/internal_message.html?_=1639451340731&CODE_STATE=getMsg HTTP/1.1" 200 27
114.85.125.222 - - [14/Dec/2021:11:09:05 +0800] "GET /xingrg/check_reg.html?_=1639451299890 HTTP/1.1" 302 -
61.151.207.141 - - [14/Dec/2021:11:09:09 +0800] "GET /xingrg/system/info/materiel_import.html?isSelect=1&singleSelect=false HTTP/1.1" 302 -
180.169.147.146 - - [14/Dec/2021:11:09:11 +0800] "GET /xingrg/all/function/internal_message.html?_=1639451350126&CODE_STATE=getMsg HTTP/1.1" 200 27
180.169.147.146 - - [14/Dec/2021:11:09:11 +0800] "GET /xingrg/check_reg.html?_=1639451350128 HTTP/1.1" 200 22
61.151.178.164 - - [14/Dec/2021:11:09:12 +0800] "GET /xingrg/kc/buy/cgsh_order_operate.html?command=get_materiel&rest_code=00106&code=00101008175&supplier_code=00100007&order_time=2021-12-14 HTTP/1.1" 302 -
61.151.178.164 - - [14/Dec/2021:11:09:13 +0800] "GET /xingrg/login.html HTTP/1.1" 200 7641
61.151.207.141 - - [14/Dec/2021:11:09:13 +0800] "GET /xingrg/login.html HTTP/1.1" 200 7641
116.238.248.233 - - [14/Dec/2021:11:09:17 +0800] "GET /xingrg/all/function/internal_message.html?_=1639451355725&CODE_STATE=getMsg HTTP/1.1" 200 27
222.70.176.97 - - [14/Dec/2021:11:09:18 +0800] "GET /xingrg/all/function/internal_message.html?_=1639451019591&CODE_STATE=getMsg HTTP/1.1" 302 -
116.235.94.0 - - [14/Dec/2021:11:09:18 +0800] "GET /xingrg/all/function/internal_message.html?_=1639451481675&CODE_STATE=getMsg HTTP/1.1" 200 27
61.151.207.158 - - [14/Dec/2021:11:09:26 +0800] "GET /xingrg/kc/buy/cgsh_order_info.html?code=212021121405600 HTTP/1.1" 302 -
116.238.208.177 - - [14/Dec/2021:11:09:27 +0800] "GET /xingrg/all/function/internal_message.html?_=1639451368163&CODE_STATE=getMsg HTTP/1.1" 200 27
180.157.253.6 - - [14/Dec/2021:11:09:31 +0800] "GET /xingrg/all/function/internal_message.html?_=1639451370654&CODE_STATE=getMsg HTTP/1.1" 200 27
101.89.19.197 - - [14/Dec/2021:11:09:34 +0800] "GET /xingrg/check_reg.html?_=1639449500217 HTTP/1.1" 302 -
180.157.253.6 - - [14/Dec/2021:11:09:35 +0800] "GET /xingrg/all/function/internal_message.html?_=1639451373854&CODE_STATE=getMsg HTTP/1.1" 200 27
114.86.228.158 - - [14/Dec/2021:11:09:35 +0800] "GET /xingrg/all/function/internal_message.html?_=1639451374126&CODE_STATE=getMsg HTTP/1.1" 200 27
61.151.207.158 - - [14/Dec/2021:11:09:36 +0800] "GET /xingrg/login.html HTTP/1.1" 200 7641
114.88.154.34 - - [14/Dec/2021:11:09:36 +0800] "GET /xingrg/all/function/internal_message.html?_=1639451190718&CODE_STATE=getMsg HTTP/1.1" 200 27
116.227.210.113 - - [14/Dec/2021:11:09:36 +0800] "GET /xingrg/all/function/internal_message.html?_=1639451369194&CODE_STATE=getMsg HTTP/1.1" 200 27
124.78.153.86 - - [14/Dec/2021:11:09:36 +0800] "GET /xingrg/all/function/internal_message.html?_=1639451374047&CODE_STATE=getMsg HTTP/1.1" 200 27
120.253.135.82 - - [14/Dec/2021:11:09:39 +0800] "GET /xingrg/all/function/internal_message.html?_=1639451156543&CODE_STATE=getMsg HTTP/1.1" 200 27
114.83.216.59 - - [14/Dec/2021:11:09:41 +0800] "GET /xingrg/all/function/internal_message.html?_=1639451378612&CODE_STATE=getMsg HTTP/1.1" 200 27
101.89.19.197 - - [14/Dec/2021:11:09:41 +0800] "GET /xingrg/login.html HTTP/1.1" 200 7641
101.85.120.86 - - [14/Dec/2021:11:09:41 +0800] "GET /xingrg/all/function/internal_message.html?_=1639451378730&CODE_STATE=getMsg HTTP/1.1" 200 27
124.77.240.52 - - [14/Dec/2021:11:09:42 +0800] "GET /xingrg/all/function/internal_message.html?_=1639451386383&CODE_STATE=getMsg HTTP/1.1" 200 27
61.172.28.229 - - [14/Dec/2021:11:09:44 +0800] "GET /xingrg/all/function/internal_message.html?_=1639451319682&CODE_STATE=getMsg HTTP/1.1" 200 27
180.169.147.146 - - [14/Dec/2021:11:09:44 +0800] "GET /xingrg/check_reg.html?_=1639451382624 HTTP/1.1" 200 22
180.169.147.146 - - [14/Dec/2021:11:09:44 +0800] "GET /xingrg/all/function/internal_message.html?_=1639451382626&CODE_STATE=getMsg HTTP/1.1" 200 27
172.20.0.100 - - [14/Dec/2021:11:09:45 +0800] "GET /xingrg/all/function/internal_message.html?_=1639451385152&CODE_STATE=getMsg HTTP/1.1" 200 27
124.78.153.86 - - [14/Dec/2021:11:09:48 +0800] "GET /xingrg/all/function/internal_message.html?_=1639451388392&CODE_STATE=getMsg HTTP/1.1" 200 27
120.253.135.82 - - [14/Dec/2021:11:10:00 +0800] "GET /xingrg/check_reg.html?_=1639451177636 HTTP/1.1" 200 22
61.172.28.229 - - [14/Dec/2021:11:10:01 +0800] "GET /xingrg/all/function/internal_message.html?_=1639451401647&CODE_STATE=getMsg HTTP/1.1" 200 27
180.169.147.146 - - [14/Dec/2021:11:10:02 +0800] "GET /xingrg/all/function/internal_message.html?_=1639451400726&CODE_STATE=getMsg HTTP/1.1" 200 27
180.169.147.146 - - [14/Dec/2021:11:10:11 +0800] "GET /xingrg/all/function/internal_message.html?_=1639451410146&CODE_STATE=getMsg HTTP/1.1" 200 27
116.238.248.233 - - [14/Dec/2021:11:10:17 +0800] "GET /xingrg/check_reg.html?_=1639451415722 HTTP/1.1" 200 22
116.238.248.233 - - [14/Dec/2021:11:10:17 +0800] "GET /xingrg/all/function/internal_message.html?_=1639451415723&CODE_STATE=getMsg HTTP/1.1" 200 27
222.70.176.97 - - [14/Dec/2021:11:10:18 +0800] "GET /xingrg/all/function/internal_message.html?_=1639451079589&CODE_STATE=getMsg HTTP/1.1" 302 -
116.235.94.0 - - [14/Dec/2021:11:10:18 +0800] "GET /xingrg/all/function/internal_message.html?_=1639451541673&CODE_STATE=getMsg HTTP/1.1" 200 27
101.89.19.197 - - [14/Dec/2021:11:10:26 +0800] "GET /xingrg/kc/print/load_data.html?order_code=212021121405600&kc_code=cgsh HTTP/1.1" 302 -
116.238.208.177 - - [14/Dec/2021:11:10:28 +0800] "GET /xingrg/all/function/internal_message.html?_=1639451428290&CODE_STATE=getMsg HTTP/1.1" 200 27
101.89.19.197 - - [14/Dec/2021:11:10:28 +0800] "GET /xingrg/login.html HTTP/1.1" 200 7641
180.157.253.6 - - [14/Dec/2021:11:10:31 +0800] "GET /xingrg/check_reg.html?_=1639451430655 HTTP/1.1" 200 22
180.157.253.6 - - [14/Dec/2021:11:10:31 +0800] "GET /xingrg/all/function/internal_message.html?_=1639451430656&CODE_STATE=getMsg HTTP/1.1" 200 27
180.157.253.6 - - [14/Dec/2021:11:10:35 +0800] "GET /xingrg/all/function/internal_message.html?_=1639451433879&CODE_STATE=getMsg HTTP/1.1" 200 27
114.86.228.158 - - [14/Dec/2021:11:10:35 +0800] "GET /xingrg/all/function/internal_message.html?_=1639451434128&CODE_STATE=getMsg HTTP/1.1" 200 27
114.88.154.34 - - [14/Dec/2021:11:10:36 +0800] "GET /xingrg/all/function/internal_message.html?_=1639451250692&CODE_STATE=getMsg HTTP/1.1" 200 27
116.227.210.113 - - [14/Dec/2021:11:10:36 +0800] "GET /xingrg/all/function/internal_message.html?_=1639451429188&CODE_STATE=getMsg HTTP/1.1" 200 27
116.227.210.113 - - [14/Dec/2021:11:10:36 +0800] "GET /xingrg/check_reg.html?_=1639451429193 HTTP/1.1" 200 22
124.78.153.86 - - [14/Dec/2021:11:10:36 +0800] "GET /xingrg/all/function/internal_message.html?_=1639451434022&CODE_STATE=getMsg HTTP/1.1" 200 27
114.88.154.34 - - [14/Dec/2021:11:10:37 +0800] "GET /xingrg/check_reg.html?_=1639451251520 HTTP/1.1" 200 22
120.253.135.82 - - [14/Dec/2021:11:10:39 +0800] "GET /xingrg/all/function/internal_message.html?_=1639451216559&CODE_STATE=getMsg HTTP/1.1" 200 27
114.83.216.59 - - [14/Dec/2021:11:10:41 +0800] "GET /xingrg/all/function/internal_message.html?_=1639451438595&CODE_STATE=getMsg HTTP/1.1" 200 27
114.83.216.59 - - [14/Dec/2021:11:10:41 +0800] "GET /xingrg/check_reg.html?_=1639451438776 HTTP/1.1" 200 22
124.77.240.52 - - [14/Dec/2021:11:10:41 +0800] "GET /xingrg/check_reg.html?_=1639451445765 HTTP/1.1" 200 22
101.85.120.86 - - [14/Dec/2021:11:10:41 +0800] "GET /xingrg/all/function/internal_message.html?_=1639451438735&CODE_STATE=getMsg HTTP/1.1" 200 27
101.85.120.86 - - [14/Dec/2021:11:10:41 +0800] "GET /xingrg/check_reg.html?_=1639451438731 HTTP/1.1" 200 22
124.77.240.52 - - [14/Dec/2021:11:10:42 +0800] "GET /xingrg/all/function/internal_message.html?_=1639451446397&CODE_STATE=getMsg HTTP/1.1" 200 27
61.151.178.217 - - [14/Dec/2021:11:10:42 +0800] "GET /xingrg/kc/print/load_data.html?order_code=212021121405612&kc_code=cgsh&condition= HTTP/1.1" 302 -
61.172.28.229 - - [14/Dec/2021:11:10:44 +0800] "GET /xingrg/all/function/internal_message.html?_=1639451379681&CODE_STATE=getMsg HTTP/1.1" 200 27
180.169.147.146 - - [14/Dec/2021:11:10:44 +0800] "GET /xingrg/all/function/internal_message.html?_=1639451442625&CODE_STATE=getMsg HTTP/1.1" 200 27
172.20.0.100 - - [14/Dec/2021:11:10:45 +0800] "GET /xingrg/all/function/internal_message.html?_=1639451445154&CODE_STATE=getMsg HTTP/1.1" 200 27
124.78.153.86 - - [14/Dec/2021:11:10:48 +0800] "GET /xingrg/all/function/internal_message.html?_=1639451448376&CODE_STATE=getMsg HTTP/1.1" 200 27
61.151.178.217 - - [14/Dec/2021:11:10:50 +0800] "GET /xingrg/login.html HTTP/1.1" 200 7641
61.172.28.229 - - [14/Dec/2021:11:11:01 +0800] "GET /xingrg/all/function/internal_message.html?_=1639451461648&CODE_STATE=getMsg HTTP/1.1" 200 27
180.169.147.146 - - [14/Dec/2021:11:11:02 +0800] "GET /xingrg/all/function/internal_message.html?_=1639451460735&CODE_STATE=getMsg HTTP/1.1" 200 27
116.238.208.177 - - [14/Dec/2021:11:11:02 +0800] "GET /xingrg/check_reg.html?_=1639451462669 HTTP/1.1" 200 22
180.169.147.146 - - [14/Dec/2021:11:11:11 +0800] "GET /xingrg/all/function/internal_message.html?_=1639451470132&CODE_STATE=getMsg HTTP/1.1" 200 27
124.78.153.86 - - [14/Dec/2021:11:11:13 +0800] "POST /xingrg/services/DataTransmitService HTTP/1.1" 200 524
124.78.153.86 - - [14/Dec/2021:11:11:15 +0800] "POST /xingrg/services/DataTransmitService HTTP/1.1" 200 412
116.238.248.233 - - [14/Dec/2021:11:11:17 +0800] "GET /xingrg/all/function/internal_message.html?_=1639451475743&CODE_STATE=getMsg HTTP/1.1" 200 27
222.70.176.97 - - [14/Dec/2021:11:11:18 +0800] "GET /xingrg/all/function/internal_message.html?_=1639451139589&CODE_STATE=getMsg HTTP/1.1" 302 -
116.235.94.0 - - [14/Dec/2021:11:11:18 +0800] "GET /xingrg/all/function/internal_message.html?_=1639451601671&CODE_STATE=getMsg HTTP/1.1" 200 27
116.235.94.0 - - [14/Dec/2021:11:11:18 +0800] "GET /xingrg/check_reg.html?_=1639451601672 HTTP/1.1" 200 22
116.238.208.177 - - [14/Dec/2021:11:11:28 +0800] "GET /xingrg/all/function/internal_message.html?_=1639451488301&CODE_STATE=getMsg HTTP/1.1" 200 27
180.157.253.6 - - [14/Dec/2021:11:11:31 +0800] "GET /xingrg/all/function/internal_message.html?_=1639451490655&CODE_STATE=getMsg HTTP/1.1" 200 27
116.227.210.113 - - [14/Dec/2021:11:11:32 +0800] "POST /xingrg/services/DataTransmitService HTTP/1.1" 200 524
61.151.178.177 - - [14/Dec/2021:11:11:33 +0800] "GET /xingrg/all/function/internal_message.html?_=1639450114419&CODE_STATE=getMsg HTTP/1.1" 302 -
180.157.253.6 - - [14/Dec/2021:11:11:35 +0800] "GET /xingrg/all/function/internal_message.html?_=1639451493894&CODE_STATE=getMsg HTTP/1.1" 200 27
180.157.253.6 - - [14/Dec/2021:11:11:35 +0800] "GET /xingrg/check_reg.html?_=1639451493895 HTTP/1.1" 200 22
114.86.228.158 - - [14/Dec/2021:11:11:35 +0800] "GET /xingrg/check_reg.html?_=1639451494131 HTTP/1.1" 200 22
114.86.228.158 - - [14/Dec/2021:11:11:35 +0800] "GET /xingrg/all/function/internal_message.html?_=1639451494130&CODE_STATE=getMsg HTTP/1.1" 200 27
114.88.154.34 - - [14/Dec/2021:11:11:36 +0800] "GET /xingrg/all/function/internal_message.html?_=1639451310674&CODE_STATE=getMsg HTTP/1.1" 200 27
116.227.210.113 - - [14/Dec/2021:11:11:36 +0800] "GET /xingrg/all/function/internal_message.html?_=1639451489186&CODE_STATE=getMsg HTTP/1.1" 200 27
124.78.153.86 - - [14/Dec/2021:11:11:36 +0800] "GET /xingrg/all/function/internal_message.html?_=1639451493993&CODE_STATE=getMsg HTTP/1.1" 200 27
120.253.135.82 - - [14/Dec/2021:11:11:39 +0800] "GET /xingrg/all/function/internal_message.html?_=1639451276572&CODE_STATE=getMsg HTTP/1.1" 200 27
61.151.178.177 - - [14/Dec/2021:11:11:39 +0800] "GET /xingrg/login.html HTTP/1.1" 200 7641
114.83.216.59 - - [14/Dec/2021:11:11:41 +0800] "GET /xingrg/all/function/internal_message.html?_=1639451498586&CODE_STATE=getMsg HTTP/1.1" 200 27
101.85.120.86 - - [14/Dec/2021:11:11:41 +0800] "GET /xingrg/all/function/internal_message.html?_=1639451498719&CODE_STATE=getMsg HTTP/1.1" 200 27
61.151.178.177 - - [14/Dec/2021:11:11:41 +0800] "GET /xingrg/kc/buy/cgsh_order_operate.html?command=get_materiel&rest_code=00106&code=00101009011&supplier_code=00100022&order_time=2021-12-14 HTTP/1.1" 302 -
124.77.240.52 - - [14/Dec/2021:11:11:42 +0800] "GET /xingrg/all/function/internal_message.html?_=1639451506410&CODE_STATE=getMsg HTTP/1.1" 200 27
61.151.178.177 - - [14/Dec/2021:11:11:43 +0800] "GET /xingrg/login.html HTTP/1.1" 200 7641
61.172.28.229 - - [14/Dec/2021:11:11:44 +0800] "GET /xingrg/all/function/internal_message.html?_=1639451439680&CODE_STATE=getMsg HTTP/1.1" 200 27
61.172.28.229 - - [14/Dec/2021:11:11:44 +0800] "GET /xingrg/check_reg.html?_=1639451439683 HTTP/1.1" 200 22
180.169.147.146 - - [14/Dec/2021:11:11:44 +0800] "GET /xingrg/all/function/internal_message.html?_=1639451502624&CODE_STATE=getMsg HTTP/1.1" 200 27
172.20.0.100 - - [14/Dec/2021:11:11:45 +0800] "GET /xingrg/all/function/internal_message.html?_=1639451505155&CODE_STATE=getMsg HTTP/1.1" 200 27
101.89.239.238 - - [14/Dec/2021:11:11:46 +0800] "GET /xingrg/all/function/internal_message.html?_=1639450234497&CODE_STATE=getMsg HTTP/1.1" 302 -
124.78.153.86 - - [14/Dec/2021:11:11:48 +0800] "GET /xingrg/all/function/internal_message.html?_=1639451508357&CODE_STATE=getMsg HTTP/1.1" 200 27
101.89.239.238 - - [14/Dec/2021:11:11:55 +0800] "GET /xingrg/login.html HTTP/1.1" 200 7641
61.172.28.229 - - [14/Dec/2021:11:12:01 +0800] "GET /xingrg/check_reg.html?_=1639451521648 HTTP/1.1" 200 22
61.172.28.229 - - [14/Dec/2021:11:12:01 +0800] "GET /xingrg/all/function/internal_message.html?_=1639451521652&CODE_STATE=getMsg HTTP/1.1" 200 27
180.169.147.146 - - [14/Dec/2021:11:12:02 +0800] "GET /xingrg/all/function/internal_message.html?_=1639451520726&CODE_STATE=getMsg HTTP/1.1" 200 27
180.169.147.146 - - [14/Dec/2021:11:12:11 +0800] "GET /xingrg/all/function/internal_message.html?_=1639451530129&CODE_STATE=getMsg HTTP/1.1" 200 27
116.238.248.233 - - [14/Dec/2021:11:12:17 +0800] "GET /xingrg/all/function/internal_message.html?_=1639451535743&CODE_STATE=getMsg HTTP/1.1" 200 27
222.70.176.97 - - [14/Dec/2021:11:12:18 +0800] "GET /xingrg/all/function/internal_message.html?_=1639451199590&CODE_STATE=getMsg HTTP/1.1" 302 -
116.235.94.0 - - [14/Dec/2021:11:12:18 +0800] "GET /xingrg/all/function/internal_message.html?_=1639451661670&CODE_STATE=getMsg HTTP/1.1" 200 27
116.238.208.177 - - [14/Dec/2021:11:12:28 +0800] "GET /xingrg/all/function/internal_message.html?_=1639451548317&CODE_STATE=getMsg HTTP/1.1" 200 27
180.157.253.6 - - [14/Dec/2021:11:12:31 +0800] "GET /xingrg/all/function/internal_message.html?_=1639451550655&CODE_STATE=getMsg HTTP/1.1" 200 27
180.157.253.6 - - [14/Dec/2021:11:12:35 +0800] "GET /xingrg/all/function/internal_message.html?_=1639451553879&CODE_STATE=getMsg HTTP/1.1" 200 27
114.86.228.158 - - [14/Dec/2021:11:12:35 +0800] "GET /xingrg/all/function/internal_message.html?_=1639451554132&CODE_STATE=getMsg HTTP/1.1" 200 27
114.88.154.34 - - [14/Dec/2021:11:12:36 +0800] "GET /xingrg/all/function/internal_message.html?_=1639451370646&CODE_STATE=getMsg HTTP/1.1" 200 27
116.227.210.113 - - [14/Dec/2021:11:12:36 +0800] "GET /xingrg/all/function/internal_message.html?_=1639451549194&CODE_STATE=getMsg HTTP/1.1" 200 27
124.78.153.86 - - [14/Dec/2021:11:12:36 +0800] "GET /xingrg/all/function/internal_message.html?_=1639451553970&CODE_STATE=getMsg HTTP/1.1" 200 27
120.253.135.82 - - [14/Dec/2021:11:12:39 +0800] "GET /xingrg/all/function/internal_message.html?_=1639451336666&CODE_STATE=getMsg HTTP/1.1" 200 27
114.83.216.59 - - [14/Dec/2021:11:12:41 +0800] "GET /xingrg/all/function/internal_message.html?_=1639451558572&CODE_STATE=getMsg HTTP/1.1" 200 27
101.85.120.86 - - [14/Dec/2021:11:12:41 +0800] "GET /xingrg/all/function/internal_message.html?_=1639451558728&CODE_STATE=getMsg HTTP/1.1" 200 27
124.77.240.52 - - [14/Dec/2021:11:12:42 +0800] "GET /xingrg/all/function/internal_message.html?_=1639451566423&CODE_STATE=getMsg HTTP/1.1" 200 27
61.172.28.229 - - [14/Dec/2021:11:12:44 +0800] "GET /xingrg/all/function/internal_message.html?_=1639451499682&CODE_STATE=getMsg HTTP/1.1" 200 27
180.169.147.146 - - [14/Dec/2021:11:12:44 +0800] "GET /xingrg/all/function/internal_message.html?_=1639451562624&CODE_STATE=getMsg HTTP/1.1" 200 27
172.20.0.100 - - [14/Dec/2021:11:12:45 +0800] "GET /xingrg/all/function/internal_message.html?_=1639451565158&CODE_STATE=getMsg HTTP/1.1" 200 27
172.20.0.100 - - [14/Dec/2021:11:12:45 +0800] "GET /xingrg/check_reg.html?_=1639451565160 HTTP/1.1" 200 22
124.78.153.86 - - [14/Dec/2021:11:12:48 +0800] "GET /xingrg/all/function/internal_message.html?_=1639451568353&CODE_STATE=getMsg HTTP/1.1" 200 27
124.78.153.86 - - [14/Dec/2021:11:12:48 +0800] "GET /xingrg/check_reg.html?_=1639451568884 HTTP/1.1" 200 22
101.91.62.89 - - [14/Dec/2021:11:12:55 +0800] "GET /xingrg/kc/print/load_data.html?order_code=212021121405613&kc_code=cgsh HTTP/1.1" 302 -
101.91.62.89 - - [14/Dec/2021:11:13:00 +0800] "GET /xingrg/login.html HTTP/1.1" 200 7641
61.172.28.229 - - [14/Dec/2021:11:13:01 +0800] "GET /xingrg/all/function/internal_message.html?_=1639451581651&CODE_STATE=getMsg HTTP/1.1" 200 27
180.169.147.146 - - [14/Dec/2021:11:13:02 +0800] "GET /xingrg/all/function/internal_message.html?_=1639451580740&CODE_STATE=getMsg HTTP/1.1" 200 27
180.169.147.146 - - [14/Dec/2021:11:13:11 +0800] "GET /xingrg/all/function/internal_message.html?_=1639451590122&CODE_STATE=getMsg HTTP/1.1" 200 27
58.221.95.50 - - [14/Dec/2021:11:13:12 +0800] "GET /xingrg/check_reg.html?_=1639451591078 HTTP/1.1" 302 -
116.238.248.233 - - [14/Dec/2021:11:13:17 +0800] "GET /xingrg/all/function/internal_message.html?_=1639451595742&CODE_STATE=getMsg HTTP/1.1" 200 27
222.70.176.97 - - [14/Dec/2021:11:13:18 +0800] "GET /xingrg/all/function/internal_message.html?_=1639451259589&CODE_STATE=getMsg HTTP/1.1" 302 -
222.70.176.97 - - [14/Dec/2021:11:13:18 +0800] "GET /xingrg/check_reg.html?_=1639451259590 HTTP/1.1" 302 -
116.235.94.0 - - [14/Dec/2021:11:13:18 +0800] "GET /xingrg/all/function/internal_message.html?_=1639451721670&CODE_STATE=getMsg HTTP/1.1" 200 27
124.78.153.86 - - [14/Dec/2021:11:13:23 +0800] "GET /xingrg/check_reg.html?_=1639451600266 HTTP/1.1" 200 22
114.86.228.158 - - [14/Dec/2021:11:13:24 +0800] "GET /favicon.ico HTTP/1.1" 404 -
61.151.178.165 - - [14/Dec/2021:11:13:25 +0800] "GET /xingrg/kc/buy/cgsh_order_info.html?code=212021121405613 HTTP/1.1" 302 -
114.86.228.158 - - [14/Dec/2021:11:13:26 +0800] "GET /xingrg/login.html HTTP/1.1" 200 7641
114.86.228.158 - - [14/Dec/2021:11:13:26 +0800] "GET /xingrg/images/blue/jxLogo.png HTTP/1.1" 200 6156
114.86.228.158 - - [14/Dec/2021:11:13:26 +0800] "GET /xingrg/images/blue/login_bg.png HTTP/1.1" 200 22101
114.86.228.158 - - [14/Dec/2021:11:13:26 +0800] "GET /xingrg/images/blue/srbg.png HTTP/1.1" 200 138
114.86.228.158 - - [14/Dec/2021:11:13:26 +0800] "GET /xingrg/images/blue/hj.png HTTP/1.1" 200 1014
114.86.228.158 - - [14/Dec/2021:11:13:26 +0800] "GET /favicon.ico HTTP/1.1" 404 -
114.86.228.158 - - [14/Dec/2021:11:13:27 +0800] "GET /xingrg/login.html HTTP/1.1" 200 7641
114.86.228.158 - - [14/Dec/2021:11:13:27 +0800] "GET /favicon.ico HTTP/1.1" 404 -
116.238.208.177 - - [14/Dec/2021:11:13:28 +0800] "GET /xingrg/all/function/internal_message.html?_=1639451608432&CODE_STATE=getMsg HTTP/1.1" 200 27
61.151.178.165 - - [14/Dec/2021:11:13:30 +0800] "GET /xingrg/login.html HTTP/1.1" 200 7641
180.157.253.6 - - [14/Dec/2021:11:13:31 +0800] "GET /xingrg/all/function/internal_message.html?_=1639451610657&CODE_STATE=getMsg HTTP/1.1" 200 27
180.157.253.6 - - [14/Dec/2021:11:13:35 +0800] "GET /xingrg/all/function/internal_message.html?_=1639451613878&CODE_STATE=getMsg HTTP/1.1" 200 27
114.86.228.158 - - [14/Dec/2021:11:13:35 +0800] "GET /xingrg/all/function/internal_message.html?_=1639451614135&CODE_STATE=getMsg HTTP/1.1" 200 27
114.88.154.34 - - [14/Dec/2021:11:13:36 +0800] "GET /xingrg/all/function/internal_message.html?_=1639451430624&CODE_STATE=getMsg HTTP/1.1" 200 27
116.227.210.113 - - [14/Dec/2021:11:13:36 +0800] "GET /xingrg/all/function/internal_message.html?_=1639451609187&CODE_STATE=getMsg HTTP/1.1" 200 27
124.78.153.86 - - [14/Dec/2021:11:13:36 +0800] "GET /xingrg/all/function/internal_message.html?_=1639451613937&CODE_STATE=getMsg HTTP/1.1" 200 27
101.91.60.11 - - [14/Dec/2021:11:13:36 +0800] "GET /xingrg/all/function/internal_message.html?_=1639449628009&CODE_STATE=getMsg HTTP/1.1" 302 -
114.86.228.158 - - [14/Dec/2021:11:13:37 +0800] "POST /xingrg/login.do HTTP/1.1" 302 -
114.86.228.158 - - [14/Dec/2021:11:13:37 +0800] "GET /xingrg/javascript/jquery-1.4.2.min.js HTTP/1.1" 200 72205
114.86.228.158 - - [14/Dec/2021:11:13:37 +0800] "GET /xingrg/css/form.css HTTP/1.1" 200 893
114.86.228.158 - - [14/Dec/2021:11:13:37 +0800] "GET /xingrg/javascript/jquery_easy_ui/jquery.easyui.min.js HTTP/1.1" 200 213662
114.86.228.158 - - [14/Dec/2021:11:13:37 +0800] "GET /xingrg/javascript/jquery_easy_ui/themes/icon.css HTTP/1.1" 200 3949
114.86.228.158 - - [14/Dec/2021:11:13:37 +0800] "GET /xingrg/javascript/jquery_easy_ui/easyui-lang-zh_CN.js HTTP/1.1" 200 1900
114.86.228.158 - - [14/Dec/2021:11:13:37 +0800] "GET /xingrg/javascript/jquery.timers.js HTTP/1.1" 200 3532
114.86.228.158 - - [14/Dec/2021:11:13:37 +0800] "GET /xingrg/javascript/jquery.utils.js HTTP/1.1" 200 11805
114.86.228.158 - - [14/Dec/2021:11:13:37 +0800] "GET /xingrg/javascript/jquery.form.js HTTP/1.1" 200 23110
114.86.228.158 - - [14/Dec/2021:11:13:37 +0800] "GET /xingrg/javascript/jquery_easy_ui/themes/default/easyui.css HTTP/1.1" 200 26500
114.86.228.158 - - [14/Dec/2021:11:13:37 +0800] "GET /xingrg/index.html?sysBaseUrl=http%3A%2F%2F180.169.147.146%3A18081%2Fxingrg%2F&costTime=151×tamp=1639451617026 HTTP/1.1" 200 17173
114.86.228.158 - - [14/Dec/2021:11:13:37 +0800] "GET /favicon.ico HTTP/1.1" 404 -
114.86.228.158 - - [14/Dec/2021:11:13:37 +0800] "GET /xingrg/javascript/jquery_easy_ui/themes/icons/settle_new.png HTTP/1.1" 200 826
114.86.228.158 - - [14/Dec/2021:11:13:37 +0800] "GET /xingrg/images/blue/navBackgound.jpg HTTP/1.1" 200 12378
114.86.228.158 - - [14/Dec/2021:11:13:37 +0800] "POST /xingrg/all/common/load_tree.html?tree=area_rest_tree_json&manage=1 HTTP/1.1" 200 342
114.86.228.158 - - [14/Dec/2021:11:13:37 +0800] "GET /xingrg/images/blue/pingpu.png HTTP/1.1" 200 231
114.86.228.158 - - [14/Dec/2021:11:13:37 +0800] "GET /xingrg/check_reg.html?_=1639451616050 HTTP/1.1" 200 22
114.86.228.158 - - [14/Dec/2021:11:13:37 +0800] "GET /xingrg/all/function/internal_message.html?_=1639451616048&CODE_STATE=count HTTP/1.1" 200 11
114.86.228.158 - - [14/Dec/2021:11:13:37 +0800] "GET /xingrg/javascript/jquery_easy_ui/themes/default/images/tabs_leftarrow.png HTTP/1.1" 200 389
114.86.228.158 - - [14/Dec/2021:11:13:37 +0800] "GET /xingrg/javascript/jquery_easy_ui/themes/default/images/tabs_rightarrow.png HTTP/1.1" 200 395
114.86.228.158 - - [14/Dec/2021:11:13:37 +0800] "GET /xingrg/javascript/jquery_easy_ui/themes/default/images/panel_tool_collapse.gif HTTP/1.1" 200 246
114.86.228.158 - - [14/Dec/2021:11:13:37 +0800] "POST /xingrg/load_menu.html HTTP/1.1" 200 5138
114.86.228.158 - - [14/Dec/2021:11:13:37 +0800] "GET /xingrg/javascript/jquery_easy_ui/themes/default/images/tree_arrows.gif HTTP/1.1" 200 1043
114.86.228.158 - - [14/Dec/2021:11:13:37 +0800] "GET /xingrg/javascript/jquery_easy_ui/themes/default/images/tree_folder_open.gif HTTP/1.1" 200 956
114.86.228.158 - - [14/Dec/2021:11:13:37 +0800] "GET /xingrg/javascript/jquery_easy_ui/themes/icons/search_new.png HTTP/1.1" 200 586
114.86.228.158 - - [14/Dec/2021:11:13:37 +0800] "GET /xingrg/javascript/jquery_easy_ui/themes/default/images/tree_folder.gif HTTP/1.1" 200 952
114.86.228.158 - - [14/Dec/2021:11:13:37 +0800] "GET /xingrg/javascript/jquery_easy_ui/themes/icons/forms_new.png HTTP/1.1" 200 350
114.86.228.158 - - [14/Dec/2021:11:13:37 +0800] "GET /xingrg/javascript/jquery_easy_ui/themes/icons/storage_new.png HTTP/1.1" 200 853
114.86.228.158 - - [14/Dec/2021:11:13:37 +0800] "GET /xingrg/javascript/jquery_easy_ui/themes/default/images/tree_file.gif HTTP/1.1" 200 118
120.253.135.82 - - [14/Dec/2021:11:13:39 +0800] "GET /xingrg/all/function/internal_message.html?_=1639451396677&CODE_STATE=getMsg HTTP/1.1" 200 27
61.151.178.180 - - [14/Dec/2021:11:13:39 +0800] "GET /xingrg/all/function/internal_message.html?_=1639449448098&CODE_STATE=getMsg HTTP/1.1" 302 -
101.91.60.11 - - [14/Dec/2021:11:13:39 +0800] "GET /xingrg/login.html HTTP/1.1" 200 7641
61.151.178.180 - - [14/Dec/2021:11:13:40 +0800] "GET /xingrg/login.html HTTP/1.1" 200 7641
114.83.216.59 - - [14/Dec/2021:11:13:41 +0800] "GET /xingrg/all/function/internal_message.html?_=1639451618562&CODE_STATE=getMsg HTTP/1.1" 200 27
101.85.120.86 - - [14/Dec/2021:11:13:41 +0800] "GET /xingrg/all/function/internal_message.html?_=1639451618730&CODE_STATE=getMsg HTTP/1.1" 200 27
124.77.240.52 - - [14/Dec/2021:11:13:42 +0800] "GET /xingrg/all/function/internal_message.html?_=1639451626456&CODE_STATE=getMsg HTTP/1.1" 200 27
124.77.240.52 - - [14/Dec/2021:11:13:42 +0800] "GET /favicon.ico HTTP/1.1" 404 -
61.172.28.229 - - [14/Dec/2021:11:13:44 +0800] "GET /xingrg/all/function/internal_message.html?_=1639451559679&CODE_STATE=getMsg HTTP/1.1" 200 27
180.169.147.146 - - [14/Dec/2021:11:13:44 +0800] "GET /xingrg/all/function/internal_message.html?_=1639451622613&CODE_STATE=getMsg HTTP/1.1" 200 27
172.20.0.100 - - [14/Dec/2021:11:13:45 +0800] "GET /xingrg/all/function/internal_message.html?_=1639451625161&CODE_STATE=getMsg HTTP/1.1" 200 27
124.77.240.52 - - [14/Dec/2021:11:13:47 +0800] "GET /xingrg/login.html HTTP/1.1" 200 7641
124.77.240.52 - - [14/Dec/2021:11:13:48 +0800] "GET /favicon.ico HTTP/1.1" 404 -
124.78.153.86 - - [14/Dec/2021:11:13:48 +0800] "GET /xingrg/all/function/internal_message.html?_=1639451628332&CODE_STATE=getMsg HTTP/1.1" 200 27
124.77.240.52 - - [14/Dec/2021:11:13:49 +0800] "POST /xingrg/login.do HTTP/1.1" 302 -
124.77.240.52 - - [14/Dec/2021:11:13:49 +0800] "GET /xingrg/index.html?sysBaseUrl=http%3A%2F%2F180.169.147.146%3A18081%2Fxingrg%2F&costTime=41×tamp=1639451629712 HTTP/1.1" 200 17179
124.77.240.52 - - [14/Dec/2021:11:13:49 +0800] "GET /xingrg/javascript/jquery_easy_ui/themes/default/easyui.css HTTP/1.1" 304 -
124.77.240.52 - - [14/Dec/2021:11:13:49 +0800] "GET /xingrg/javascript/jquery_easy_ui/easyui-lang-zh_CN.js HTTP/1.1" 304 -
124.77.240.52 - - [14/Dec/2021:11:13:49 +0800] "GET /xingrg/javascript/jquery_easy_ui/themes/icon.css HTTP/1.1" 304 -
124.77.240.52 - - [14/Dec/2021:11:13:49 +0800] "GET /xingrg/css/form.css HTTP/1.1" 304 -
124.77.240.52 - - [14/Dec/2021:11:13:49 +0800] "GET /xingrg/javascript/jquery-1.4.2.min.js HTTP/1.1" 304 -
124.77.240.52 - - [14/Dec/2021:11:13:49 +0800] "GET /xingrg/javascript/jquery_easy_ui/jquery.easyui.min.js HTTP/1.1" 304 -
124.77.240.52 - - [14/Dec/2021:11:13:49 +0800] "GET /xingrg/javascript/jquery.form.js HTTP/1.1" 304 -
124.77.240.52 - - [14/Dec/2021:11:13:49 +0800] "GET /xingrg/javascript/jquery.utils.js HTTP/1.1" 304 -
124.77.240.52 - - [14/Dec/2021:11:13:49 +0800] "GET /xingrg/javascript/jquery.timers.js HTTP/1.1" 304 -
124.77.240.52 - - [14/Dec/2021:11:13:49 +0800] "GET /favicon.ico HTTP/1.1" 404 -
124.77.240.52 - - [14/Dec/2021:11:13:49 +0800] "POST /xingrg/all/common/load_tree.html?tree=area_rest_tree_json&manage=1 HTTP/1.1" 200 479
124.77.240.52 - - [14/Dec/2021:11:13:50 +0800] "GET /xingrg/all/function/internal_message.html?_=1639451633559&CODE_STATE=count HTTP/1.1" 200 11
124.77.240.52 - - [14/Dec/2021:11:13:50 +0800] "GET /xingrg/check_reg.html?_=1639451633560 HTTP/1.1" 200 22
124.77.240.52 - - [14/Dec/2021:11:13:50 +0800] "POST /xingrg/load_menu.html HTTP/1.1" 200 5138
124.77.240.52 - - [14/Dec/2021:11:13:52 +0800] "GET /xingrg/css/base.css HTTP/1.1" 304 -
124.77.240.52 - - [14/Dec/2021:11:13:52 +0800] "GET /xingrg/css/site.css HTTP/1.1" 304 -
124.77.240.52 - - [14/Dec/2021:11:13:52 +0800] "GET /xingrg/javascript/jquery_tools/datebox.css HTTP/1.1" 304 -
124.77.240.52 - - [14/Dec/2021:11:13:52 +0800] "GET /xingrg/javascript/easyui/themes/default/easyui.css HTTP/1.1" 304 -
124.77.240.52 - - [14/Dec/2021:11:13:52 +0800] "GET /xingrg/javascript/easyui/themes/icon.css HTTP/1.1" 304 -
124.77.240.52 - - [14/Dec/2021:11:13:52 +0800] "GET /xingrg/javascript/jquery_tools/fix.css HTTP/1.1" 304 -
124.77.240.52 - - [14/Dec/2021:11:13:52 +0800] "GET /xingrg/javascript/auto/jquery.autocomplete.css HTTP/1.1" 304 -
124.77.240.52 - - [14/Dec/2021:11:13:52 +0800] "GET /xingrg/javascript/jquery_tools/table.css HTTP/1.1" 304 -
124.77.240.52 - - [14/Dec/2021:11:13:52 +0800] "GET /xingrg/javascript/jquery_tools/jquery.tools.min.js HTTP/1.1" 304 -
124.77.240.52 - - [14/Dec/2021:11:13:52 +0800] "GET /xingrg/javascript/jquery_tools/jquery.tools.extend.js HTTP/1.1" 304 -
124.77.240.52 - - [14/Dec/2021:11:13:52 +0800] "GET /xingrg/javascript/jquery_tools/jquery.tools.hotkey.js HTTP/1.1" 304 -
124.77.240.52 - - [14/Dec/2021:11:13:52 +0800] "GET /xingrg/javascript/jquery_tools/jquery.tools.table.js HTTP/1.1" 304 -
124.77.240.52 - - [14/Dec/2021:11:13:52 +0800] "GET /xingrg/kc/buy/cgsh_order_list.html HTTP/1.1" 200 49360
124.77.240.52 - - [14/Dec/2021:11:13:52 +0800] "GET /xingrg/javascript/jquery_tools/list_manager.js HTTP/1.1" 304 -
124.77.240.52 - - [14/Dec/2021:11:13:52 +0800] "GET /xingrg/javascript/auto/jquery.autocomplete.js HTTP/1.1" 304 -
124.77.240.52 - - [14/Dec/2021:11:13:52 +0800] "GET /xingrg/javascript/easyui/easyloader.js HTTP/1.1" 304 -
124.77.240.52 - - [14/Dec/2021:11:13:52 +0800] "GET /xingrg/javascript/jquery.cookie.js HTTP/1.1" 304 -
124.77.240.52 - - [14/Dec/2021:11:13:52 +0800] "GET /xingrg/javascript/print/LodopFuncs.js HTTP/1.1" 304 -
124.77.240.52 - - [14/Dec/2021:11:13:53 +0800] "GET /xingrg/javascript/easyui/themes/icons/import_new.png HTTP/1.1" 304 -
124.77.240.52 - - [14/Dec/2021:11:13:53 +0800] "GET /xingrg/javascript/easyui/plugins/jquery.parser.js HTTP/1.1" 304 -
124.77.240.52 - - [14/Dec/2021:11:13:55 +0800] "POST /xingrg/kc/buy/cgsh_list_operate.html HTTP/1.1" 200 3130
61.172.28.229 - - [14/Dec/2021:11:14:01 +0800] "GET /xingrg/all/function/internal_message.html?_=1639451641651&CODE_STATE=getMsg HTTP/1.1" 200 27
180.169.147.146 - - [14/Dec/2021:11:14:02 +0800] "GET /xingrg/check_reg.html?_=1639451640731 HTTP/1.1" 200 22
180.169.147.146 - - [14/Dec/2021:11:14:02 +0800] "GET /xingrg/all/function/internal_message.html?_=1639451640732&CODE_STATE=getMsg HTTP/1.1" 200 27
114.85.125.222 - - [14/Dec/2021:11:14:05 +0800] "GET /xingrg/check_reg.html?_=1639451599935 HTTP/1.1" 302 -
114.86.228.158 - - [14/Dec/2021:11:14:07 +0800] "GET /xingrg/kc/buy/cgsh_order_operate.html?command=get_materiel&rest_code=00109&code=00101008264&supplier_code=00100005&order_time=2021-12-14 HTTP/1.1" 302 -
114.86.228.158 - - [14/Dec/2021:11:14:07 +0800] "GET /xingrg/login.html HTTP/1.1" 200 7641
124.77.240.52 - - [14/Dec/2021:11:14:11 +0800] "GET /xingrg/javascript/jquery_tools/images/prev.gif HTTP/1.1" 404 1086
124.77.240.52 - - [14/Dec/2021:11:14:11 +0800] "GET /xingrg/javascript/jquery_tools/images/next.gif HTTP/1.1" 404 1086
180.169.147.146 - - [14/Dec/2021:11:14:11 +0800] "GET /xingrg/all/function/internal_message.html?_=1639451650134&CODE_STATE=getMsg HTTP/1.1" 200 27
180.169.147.146 - - [14/Dec/2021:11:14:11 +0800] "GET /xingrg/check_reg.html?_=1639451650135 HTTP/1.1" 200 22
116.238.248.233 - - [14/Dec/2021:11:14:17 +0800] "GET /xingrg/all/function/internal_message.html?_=1639451655756&CODE_STATE=getMsg HTTP/1.1" 200 27
114.86.228.158 - - [14/Dec/2021:11:14:18 +0800] "GET /xingrg/login.html HTTP/1.1" 200 7641
222.70.176.97 - - [14/Dec/2021:11:14:18 +0800] "GET /xingrg/all/function/internal_message.html?_=1639451319589&CODE_STATE=getMsg HTTP/1.1" 302 -
116.235.94.0 - - [14/Dec/2021:11:14:18 +0800] "GET /xingrg/all/function/internal_message.html?_=1639451781668&CODE_STATE=getMsg HTTP/1.1" 200 27
124.77.240.52 - - [14/Dec/2021:11:14:21 +0800] "POST /xingrg/kc/buy/cgsh_list_operate.html HTTP/1.1" 200 5472
116.238.208.177 - - [14/Dec/2021:11:14:28 +0800] "GET /xingrg/all/function/internal_message.html?_=1639451668434&CODE_STATE=getMsg HTTP/1.1" 200 27
180.157.253.6 - - [14/Dec/2021:11:14:31 +0800] "GET /xingrg/all/function/internal_message.html?_=1639451670657&CODE_STATE=getMsg HTTP/1.1" 200 27
114.86.228.158 - - [14/Dec/2021:11:14:33 +0800] "POST /xingrg/login.do HTTP/1.1" 302 -
114.86.228.158 - - [14/Dec/2021:11:14:33 +0800] "GET /xingrg/index.html?sysBaseUrl=http%3A%2F%2F180.169.147.146%3A18081%2Fxingrg%2F&costTime=53×tamp=1639451673749 HTTP/1.1" 200 17173
114.86.228.158 - - [14/Dec/2021:11:14:33 +0800] "POST /xingrg/all/common/load_tree.html?tree=area_rest_tree_json&manage=1 HTTP/1.1" 200 342
114.86.228.158 - - [14/Dec/2021:11:14:33 +0800] "GET /xingrg/all/function/internal_message.html?_=1639451672838&CODE_STATE=count HTTP/1.1" 200 11
114.86.228.158 - - [14/Dec/2021:11:14:33 +0800] "GET /xingrg/check_reg.html?_=1639451672838 HTTP/1.1" 200 22
114.86.228.158 - - [14/Dec/2021:11:14:33 +0800] "POST /xingrg/load_menu.html HTTP/1.1" 200 5138
180.157.253.6 - - [14/Dec/2021:11:14:35 +0800] "GET /xingrg/all/function/internal_message.html?_=1639451673879&CODE_STATE=getMsg HTTP/1.1" 200 27
114.86.228.158 - - [14/Dec/2021:11:14:35 +0800] "GET /xingrg/kc/buy/buy_main.html HTTP/1.1" 200 12412
