116.238.248.233 - - [13/Dec/2021:09:30:30 +0800] "GET /xingrg/all/function/internal_message.html?_=1639359029411&CODE_STATE=getMsg HTTP/1.1" 200 27
222.70.176.97 - - [13/Dec/2021:09:30:31 +0800] "GET /xingrg/kc/buy/cgsh_order_operate.html?command=get_materiel&rest_code=00111&code=00101008355&supplier_code=00100005&order_time=2021-12-13 HTTP/1.1" 200 408
114.88.154.34 - - [13/Dec/2021:09:30:31 +0800] "POST /xingrg/kc/buy/cgsh_order_operate.html HTTP/1.1" 200 2065
116.238.208.177 - - [13/Dec/2021:09:30:37 +0800] "GET /xingrg/kc/buy/cgsh_order_add.html HTTP/1.1" 200 65020
114.88.154.34 - - [13/Dec/2021:09:30:37 +0800] "GET /xingrg/kc/buy/cgsh_order_operate.html?command=get_materiel&rest_code=00141&code=00101008298&supplier_code=00100007&order_time=2021-12-13 HTTP/1.1" 200 412
124.77.240.52 - - [13/Dec/2021:09:30:38 +0800] "GET /xingrg/all/function/internal_message.html?_=1639359038672&CODE_STATE=getMsg HTTP/1.1" 200 27
116.238.248.233 - - [13/Dec/2021:09:30:39 +0800] "GET /xingrg/kc/buy/cgsh_order_operate.html?command=get_materiel&rest_code=00151&code=00101008323&supplier_code=00100007&order_time=2021-12-13 HTTP/1.1" 200 408
116.238.208.177 - - [13/Dec/2021:09:30:39 +0800] "POST /xingrg/kc/buy/cgsh_order_operate.html HTTP/1.1" 200 8245
116.238.208.177 - - [13/Dec/2021:09:30:39 +0800] "GET /xingrg/javascript/easyui/themes/default/validatebox.css HTTP/1.1" 404 1104
222.70.176.97 - - [13/Dec/2021:09:30:42 +0800] "GET /xingrg/kc/buy/cgsh_order_operate.html?command=get_materiel&rest_code=00111&code=00101008024&supplier_code=00100005&order_time=2021-12-13 HTTP/1.1" 200 408
116.238.248.233 - - [13/Dec/2021:09:30:45 +0800] "GET /xingrg/kc/buy/cgsh_order_operate.html?command=get_materiel&rest_code=00151&code=00101008352&supplier_code=00100007&order_time=2021-12-13 HTTP/1.1" 200 412
114.88.154.34 - - [13/Dec/2021:09:30:51 +0800] "GET /xingrg/all/function/internal_message.html?_=1639358865746&CODE_STATE=getMsg HTTP/1.1" 200 27
116.238.208.177 - - [13/Dec/2021:09:30:52 +0800] "GET /xingrg/all/function/internal_message.html?_=1639359053231&CODE_STATE=getMsg HTTP/1.1" 200 27
114.88.154.34 - - [13/Dec/2021:09:30:53 +0800] "GET /xingrg/kc/buy/cgsh_order_operate.html?command=get_materiel&rest_code=00141&code=00101022052&supplier_code=00100007&order_time=2021-12-13 HTTP/1.1" 200 412
116.238.248.233 - - [13/Dec/2021:09:30:54 +0800] "GET /xingrg/kc/buy/cgsh_order_operate.html?command=get_materiel&rest_code=00151&code=00101008318&supplier_code=00100007&order_time=2021-12-13 HTTP/1.1" 200 408
116.238.208.177 - - [13/Dec/2021:09:30:56 +0800] "GET /xingrg/javascript/easyui/themes/default/tree.css HTTP/1.1" 404 1090
116.238.208.177 - - [13/Dec/2021:09:30:56 +0800] "POST /xingrg/all/common/load_tree.html?tree=supplier_tree_json&isDelete=1 HTTP/1.1" 200 61171
61.172.28.229 - - [13/Dec/2021:09:30:59 +0800] "GET /xingrg/all/function/internal_message.html?_=1639359059772&CODE_STATE=getMsg HTTP/1.1" 200 27
116.238.248.233 - - [13/Dec/2021:09:31:00 +0800] "GET /xingrg/kc/buy/cgsh_order_operate.html?command=get_materiel&rest_code=00151&code=00101008270&supplier_code=00100007&order_time=2021-12-13 HTTP/1.1" 200 412
114.83.219.237 - - [13/Dec/2021:09:31:01 +0800] "GET /xingrg/all/function/internal_message.html?_=1639359059883&CODE_STATE=getMsg HTTP/1.1" 200 27
114.88.154.34 - - [13/Dec/2021:09:31:02 +0800] "GET /xingrg/kc/buy/cgsh_order_operate.html?command=get_materiel&rest_code=00141&code=00101008083&supplier_code=00100007&order_time=2021-12-13 HTTP/1.1" 200 427
222.70.176.97 - - [13/Dec/2021:09:31:04 +0800] "GET /xingrg/kc/buy/cgsh_order_operate.html?command=get_materiel&rest_code=00111&code=00101008360&supplier_code=00100005&order_time=2021-12-13 HTTP/1.1" 200 413
116.238.248.233 - - [13/Dec/2021:09:31:06 +0800] "GET /xingrg/kc/buy/cgsh_order_operate.html?command=get_materiel&rest_code=00151&code=00101008095&supplier_code=00100007&order_time=2021-12-13 HTTP/1.1" 200 412
114.88.154.34 - - [13/Dec/2021:09:31:08 +0800] "POST /xingrg/all/common/load_select.html HTTP/1.1" 200 25
116.238.208.177 - - [13/Dec/2021:09:31:10 +0800] "GET /xingrg/kc/buy/cgsh_order_operate.html?command=get_materiel&rest_code=00102&code=00101008350&supplier_code=00100008&order_time=2021-12-13 HTTP/1.1" 200 408
222.70.176.97 - - [13/Dec/2021:09:31:11 +0800] "GET /xingrg/kc/buy/cgsh_order_operate.html?command=get_materiel&rest_code=00111&code=00101008362&supplier_code=00100005&order_time=2021-12-13 HTTP/1.1" 200 408
116.238.248.233 - - [13/Dec/2021:09:31:11 +0800] "GET /xingrg/kc/buy/cgsh_order_operate.html?command=get_materiel&rest_code=00151&code=00101008110&supplier_code=00100007&order_time=2021-12-13 HTTP/1.1" 200 408
114.88.154.34 - - [13/Dec/2021:09:31:12 +0800] "GET /xingrg/kc/buy/cgsh_order_operate.html?command=get_materiel_price&rest_code=00141&code=00101008083&unit_code=00100027&supplier_code=00100007&order_time=2021-12-13 HTTP/1.1" 200 29
222.70.176.97 - - [13/Dec/2021:09:31:16 +0800] "GET /xingrg/all/function/internal_message.html?_=1639358739589&CODE_STATE=getMsg HTTP/1.1" 302 -
114.88.154.34 - - [13/Dec/2021:09:31:17 +0800] "GET /xingrg/kc/buy/cgsh_order_operate.html?command=get_materiel_price&rest_code=00141&code=00101008083&unit_code=00100026&supplier_code=00100007&order_time=2021-12-13 HTTP/1.1" 200 29
116.238.248.233 - - [13/Dec/2021:09:31:17 +0800] "GET /xingrg/kc/buy/cgsh_order_operate.html?command=get_materiel&rest_code=00151&code=00101008264&supplier_code=00100007&order_time=2021-12-13 HTTP/1.1" 200 412
222.70.176.97 - - [13/Dec/2021:09:31:18 +0800] "GET /xingrg/all/function/internal_message.html?_=1639359077437&CODE_STATE=getMsg HTTP/1.1" 200 27
172.20.0.100 - - [13/Dec/2021:09:31:20 +0800] "GET /xingrg/all/function/internal_message.html?_=1639359080347&CODE_STATE=getMsg HTTP/1.1" 200 27
116.233.76.72 - - [13/Dec/2021:09:31:23 +0800] "GET /xingrg/all/function/internal_message.html?_=1639359082692&CODE_STATE=getMsg HTTP/1.1" 200 27
222.70.176.97 - - [13/Dec/2021:09:31:30 +0800] "POST /xingrg/kc/buy/cgsh_order_operate.html HTTP/1.1" 200 2065
116.238.248.233 - - [13/Dec/2021:09:31:30 +0800] "GET /xingrg/check_reg.html?_=1639359089425 HTTP/1.1" 200 22
116.238.248.233 - - [13/Dec/2021:09:31:30 +0800] "GET /xingrg/all/function/internal_message.html?_=1639359089427&CODE_STATE=getMsg HTTP/1.1" 200 27
116.238.208.177 - - [13/Dec/2021:09:31:33 +0800] "GET /xingrg/kc/buy/cgsh_order_operate.html?command=get_materiel&rest_code=00102&code=00101008049&supplier_code=00100008&order_time=2021-12-13 HTTP/1.1" 200 408
114.88.154.34 - - [13/Dec/2021:09:31:37 +0800] "GET /xingrg/kc/buy/cgsh_order_operate.html?command=get_materiel&rest_code=00141&code=00101008337&supplier_code=00100007&order_time=2021-12-13 HTTP/1.1" 200 408
124.77.240.52 - - [13/Dec/2021:09:31:38 +0800] "GET /xingrg/all/function/internal_message.html?_=1639359098687&CODE_STATE=getMsg HTTP/1.1" 200 27
114.88.154.34 - - [13/Dec/2021:09:31:48 +0800] "GET /xingrg/kc/buy/cgsh_order_operate.html?command=get_materiel&rest_code=00141&code=00101008300&supplier_code=00100007&order_time=2021-12-13 HTTP/1.1" 200 412
114.88.154.34 - - [13/Dec/2021:09:31:51 +0800] "GET /xingrg/all/function/internal_message.html?_=1639358925729&CODE_STATE=getMsg HTTP/1.1" 200 27
114.88.154.34 - - [13/Dec/2021:09:31:51 +0800] "POST /xingrg/kc/buy/cgsh_order_operate.html HTTP/1.1" 200 2065
116.238.208.177 - - [13/Dec/2021:09:31:52 +0800] "GET /xingrg/all/function/internal_message.html?_=1639359113244&CODE_STATE=getMsg HTTP/1.1" 200 27
116.238.208.177 - - [13/Dec/2021:09:31:57 +0800] "GET /xingrg/kc/buy/cgsh_order_operate.html?command=get_materiel&rest_code=00102&code=00101008358&supplier_code=00100008&order_time=2021-12-13 HTTP/1.1" 200 412
114.88.154.34 - - [13/Dec/2021:09:31:57 +0800] "GET /xingrg/kc/buy/cgsh_order_operate.html?command=get_materiel&rest_code=00141&code=00101008059&supplier_code=00100007&order_time=2021-12-13 HTTP/1.1" 200 408
222.70.176.97 - - [13/Dec/2021:09:31:57 +0800] "GET /xingrg/kc/buy/cgsh_order_operate.html?command=get_materiel&rest_code=00111&code=00101008318&supplier_code=00100005&order_time=2021-12-13 HTTP/1.1" 200 408
61.172.28.229 - - [13/Dec/2021:09:31:59 +0800] "GET /xingrg/all/function/internal_message.html?_=1639359119774&CODE_STATE=getMsg HTTP/1.1" 200 27
114.83.219.237 - - [13/Dec/2021:09:32:01 +0800] "GET /xingrg/all/function/internal_message.html?_=1639359119867&CODE_STATE=getMsg HTTP/1.1" 200 27
114.88.154.34 - - [13/Dec/2021:09:32:06 +0800] "GET /xingrg/kc/buy/cgsh_order_operate.html?command=get_materiel&rest_code=00141&code=00101008359&supplier_code=00100007&order_time=2021-12-13 HTTP/1.1" 200 410
222.70.176.97 - - [13/Dec/2021:09:32:10 +0800] "GET /xingrg/kc/buy/cgsh_order_operate.html?command=get_materiel&rest_code=00111&code=00101008005&supplier_code=00100005&order_time=2021-12-13 HTTP/1.1" 200 412
116.238.208.177 - - [13/Dec/2021:09:32:15 +0800] "GET /xingrg/kc/buy/cgsh_order_operate.html?command=get_materiel&rest_code=00102&code=00101008190&supplier_code=00100008&order_time=2021-12-13 HTTP/1.1" 200 412
222.70.176.97 - - [13/Dec/2021:09:32:16 +0800] "GET /xingrg/all/function/internal_message.html?_=1639358799589&CODE_STATE=getMsg HTTP/1.1" 302 -
116.238.248.233 - - [13/Dec/2021:09:32:16 +0800] "GET /xingrg/kc/buy/cgsh_order_operate.html?command=get_materiel&rest_code=00151&code=00101008344&supplier_code=00100007&order_time=2021-12-13 HTTP/1.1" 200 412
222.70.176.97 - - [13/Dec/2021:09:32:18 +0800] "GET /xingrg/all/function/internal_message.html?_=1639359137450&CODE_STATE=getMsg HTTP/1.1" 200 27
222.70.176.97 - - [13/Dec/2021:09:32:18 +0800] "GET /xingrg/check_reg.html?_=1639359137453 HTTP/1.1" 200 22
114.88.154.34 - - [13/Dec/2021:09:32:20 +0800] "GET /xingrg/kc/buy/cgsh_order_operate.html?command=get_materiel&rest_code=00141&code=00101008331&supplier_code=00100007&order_time=2021-12-13 HTTP/1.1" 200 416
172.20.0.100 - - [13/Dec/2021:09:32:20 +0800] "GET /xingrg/all/function/internal_message.html?_=1639359140349&CODE_STATE=getMsg HTTP/1.1" 200 27
116.233.76.72 - - [13/Dec/2021:09:32:23 +0800] "GET /xingrg/all/function/internal_message.html?_=1639359142697&CODE_STATE=getMsg HTTP/1.1" 200 27
116.238.208.177 - - [13/Dec/2021:09:32:24 +0800] "GET /xingrg/kc/buy/cgsh_order_operate.html?command=get_materiel&rest_code=00102&code=00101008126&supplier_code=00100008&order_time=2021-12-13 HTTP/1.1" 200 412
116.238.248.233 - - [13/Dec/2021:09:32:24 +0800] "GET /xingrg/kc/buy/cgsh_order_operate.html?command=get_materiel&rest_code=00151&code=00101008098&supplier_code=00100007&order_time=2021-12-13 HTTP/1.1" 200 412
116.238.248.233 - - [13/Dec/2021:09:32:30 +0800] "GET /xingrg/all/function/internal_message.html?_=1639359149426&CODE_STATE=getMsg HTTP/1.1" 200 27
116.238.248.233 - - [13/Dec/2021:09:32:30 +0800] "GET /xingrg/kc/buy/cgsh_order_operate.html?command=get_materiel&rest_code=00151&code=00101008440&supplier_code=00100007&order_time=2021-12-13 HTTP/1.1" 200 398
114.88.154.34 - - [13/Dec/2021:09:32:31 +0800] "GET /xingrg/kc/buy/cgsh_order_operate.html?command=get_materiel&rest_code=00141&code=00101008355&supplier_code=00100007&order_time=2021-12-13 HTTP/1.1" 200 408
222.70.176.97 - - [13/Dec/2021:09:32:32 +0800] "POST /xingrg/kc/buy/cgsh_order_operate.html HTTP/1.1" 200 2065
116.238.248.233 - - [13/Dec/2021:09:32:37 +0800] "GET /xingrg/kc/buy/cgsh_order_operate.html?command=get_materiel&rest_code=00151&code=00101008357&supplier_code=00100007&order_time=2021-12-13 HTTP/1.1" 200 408
124.77.240.52 - - [13/Dec/2021:09:32:38 +0800] "GET /xingrg/all/function/internal_message.html?_=1639359159020&CODE_STATE=getMsg HTTP/1.1" 200 27
116.238.208.177 - - [13/Dec/2021:09:32:40 +0800] "GET /xingrg/kc/buy/cgsh_order_operate.html?command=get_materiel&rest_code=00102&code=00101008321&supplier_code=00100008&order_time=2021-12-13 HTTP/1.1" 200 412
116.238.248.233 - - [13/Dec/2021:09:32:43 +0800] "GET /xingrg/kc/buy/cgsh_order_operate.html?command=get_materiel&rest_code=00151&code=00101008300&supplier_code=00100007&order_time=2021-12-13 HTTP/1.1" 200 412
116.238.248.233 - - [13/Dec/2021:09:32:48 +0800] "GET /xingrg/kc/buy/cgsh_order_operate.html?command=get_materiel&rest_code=00151&code=00101008286&supplier_code=00100007&order_time=2021-12-13 HTTP/1.1" 200 408
114.88.154.34 - - [13/Dec/2021:09:32:51 +0800] "GET /xingrg/all/function/internal_message.html?_=1639358985703&CODE_STATE=getMsg HTTP/1.1" 200 27
116.238.208.177 - - [13/Dec/2021:09:32:52 +0800] "GET /xingrg/all/function/internal_message.html?_=1639359173258&CODE_STATE=getMsg HTTP/1.1" 200 27
124.77.240.52 - - [13/Dec/2021:09:32:52 +0800] "GET /xingrg/check_reg.html?_=1639359173473 HTTP/1.1" 200 22
116.238.248.233 - - [13/Dec/2021:09:32:53 +0800] "GET /xingrg/kc/buy/cgsh_order_operate.html?command=get_materiel&rest_code=00151&code=00101008350&supplier_code=00100007&order_time=2021-12-13 HTTP/1.1" 200 408
116.238.208.177 - - [13/Dec/2021:09:32:54 +0800] "GET /xingrg/kc/buy/cgsh_order_operate.html?command=get_materiel&rest_code=00102&code=00101008272&supplier_code=00100008&order_time=2021-12-13 HTTP/1.1" 200 412
116.238.248.233 - - [13/Dec/2021:09:32:58 +0800] "GET /xingrg/kc/buy/cgsh_order_operate.html?command=get_materiel&rest_code=00151&code=00101008080&supplier_code=00100007&order_time=2021-12-13 HTTP/1.1" 200 416
222.70.176.97 - - [13/Dec/2021:09:32:59 +0800] "GET /xingrg/kc/buy/cgsh_order_operate.html?command=get_materiel&rest_code=00111&code=00101008036&supplier_code=00100005&order_time=2021-12-13 HTTP/1.1" 200 408
61.172.28.229 - - [13/Dec/2021:09:32:59 +0800] "GET /xingrg/all/function/internal_message.html?_=1639359179768&CODE_STATE=getMsg HTTP/1.1" 200 27
114.83.219.237 - - [13/Dec/2021:09:33:01 +0800] "GET /xingrg/all/function/internal_message.html?_=1639359179860&CODE_STATE=getMsg HTTP/1.1" 200 27
116.238.248.233 - - [13/Dec/2021:09:33:07 +0800] "GET /xingrg/kc/buy/cgsh_order_operate.html?command=get_materiel&rest_code=00151&code=00101012039&supplier_code=00100007&order_time=2021-12-13 HTTP/1.1" 200 408
222.70.176.97 - - [13/Dec/2021:09:33:16 +0800] "GET /xingrg/all/function/internal_message.html?_=1639358859589&CODE_STATE=getMsg HTTP/1.1" 302 -
222.70.176.97 - - [13/Dec/2021:09:33:16 +0800] "GET /xingrg/check_reg.html?_=1639358859591 HTTP/1.1" 302 -
116.238.248.233 - - [13/Dec/2021:09:33:16 +0800] "GET /xingrg/kc/buy/cgsh_order_operate.html?command=get_materiel&rest_code=00151&code=00101016025&supplier_code=00100007&order_time=2021-12-13 HTTP/1.1" 200 408
222.70.176.97 - - [13/Dec/2021:09:33:18 +0800] "GET /xingrg/all/function/internal_message.html?_=1639359197443&CODE_STATE=getMsg HTTP/1.1" 200 27
172.20.0.100 - - [13/Dec/2021:09:33:20 +0800] "GET /xingrg/all/function/internal_message.html?_=1639359200351&CODE_STATE=getMsg HTTP/1.1" 200 27
172.20.0.100 - - [13/Dec/2021:09:33:20 +0800] "GET /xingrg/check_reg.html?_=1639359200354 HTTP/1.1" 200 22
116.238.248.233 - - [13/Dec/2021:09:33:23 +0800] "GET /xingrg/kc/buy/cgsh_order_operate.html?command=get_materiel&rest_code=00151&code=00101008088&supplier_code=00100007&order_time=2021-12-13 HTTP/1.1" 200 408
116.233.76.72 - - [13/Dec/2021:09:33:23 +0800] "GET /xingrg/all/function/internal_message.html?_=1639359202685&CODE_STATE=getMsg HTTP/1.1" 200 27
116.238.208.177 - - [13/Dec/2021:09:33:24 +0800] "GET /xingrg/kc/buy/cgsh_order_operate.html?command=get_materiel&rest_code=00102&code=00101009030&supplier_code=00100008&order_time=2021-12-13 HTTP/1.1" 200 412
116.238.248.233 - - [13/Dec/2021:09:33:29 +0800] "GET /xingrg/kc/buy/cgsh_order_operate.html?command=get_materiel&rest_code=00151&code=00101008362&supplier_code=00100007&order_time=2021-12-13 HTTP/1.1" 200 408
116.238.248.233 - - [13/Dec/2021:09:33:30 +0800] "GET /xingrg/all/function/internal_message.html?_=1639359209531&CODE_STATE=getMsg HTTP/1.1" 200 27
116.238.248.233 - - [13/Dec/2021:09:33:31 +0800] "POST /xingrg/kc/buy/cgsh_order_operate.html HTTP/1.1" 200 2065
116.238.208.177 - - [13/Dec/2021:09:33:34 +0800] "GET /xingrg/kc/buy/cgsh_order_operate.html?command=get_materiel&rest_code=00102&code=00101008137&supplier_code=00100008&order_time=2021-12-13 HTTP/1.1" 200 408
222.70.176.97 - - [13/Dec/2021:09:33:35 +0800] "POST /xingrg/kc/buy/cgsh_order_operate.html HTTP/1.1" 200 2065
124.77.240.52 - - [13/Dec/2021:09:33:38 +0800] "GET /xingrg/all/function/internal_message.html?_=1639359219026&CODE_STATE=getMsg HTTP/1.1" 200 27
116.238.208.177 - - [13/Dec/2021:09:33:42 +0800] "POST /xingrg/kc/buy/cgsh_order_operate.html HTTP/1.1" 200 37
116.238.248.233 - - [13/Dec/2021:09:33:43 +0800] "GET /xingrg/kc/buy/cgsh_order_operate.html?command=get_materiel&rest_code=00151&code=00101008017&supplier_code=00100007&order_time=2021-12-13 HTTP/1.1" 200 416
116.238.208.177 - - [13/Dec/2021:09:33:44 +0800] "POST /xingrg/kc/buy/cgsh_order_operate.html HTTP/1.1" 200 9184
116.238.208.177 - - [13/Dec/2021:09:33:45 +0800] "GET /xingrg/check_reg.html?_=1639359225881 HTTP/1.1" 200 22
116.238.248.233 - - [13/Dec/2021:09:33:48 +0800] "GET /xingrg/kc/buy/cgsh_order_operate.html?command=get_materiel&rest_code=00151&code=00101008137&supplier_code=00100007&order_time=2021-12-13 HTTP/1.1" 200 408
114.88.154.34 - - [13/Dec/2021:09:33:51 +0800] "GET /xingrg/all/function/internal_message.html?_=1639359045677&CODE_STATE=getMsg HTTP/1.1" 200 27
114.85.125.222 - - [13/Dec/2021:09:33:52 +0800] "GET /xingrg/check_reg.html?_=1639359188032 HTTP/1.1" 302 -
116.238.208.177 - - [13/Dec/2021:09:33:52 +0800] "GET /xingrg/all/function/internal_message.html?_=1639359233271&CODE_STATE=getMsg HTTP/1.1" 200 27
116.238.248.233 - - [13/Dec/2021:09:33:54 +0800] "GET /xingrg/kc/buy/cgsh_order_operate.html?command=get_materiel&rest_code=00151&code=00101008096&supplier_code=00100007&order_time=2021-12-13 HTTP/1.1" 200 412
116.238.208.177 - - [13/Dec/2021:09:33:54 +0800] "POST /xingrg/kc/buy/cgsh_list_operate.html HTTP/1.1" 200 2384
222.70.176.97 - - [13/Dec/2021:09:33:58 +0800] "GET /xingrg/kc/buy/cgsh_order_operate.html?command=get_materiel&rest_code=00111&code=00101008098&supplier_code=00100005&order_time=2021-12-13 HTTP/1.1" 200 412
61.172.28.229 - - [13/Dec/2021:09:33:59 +0800] "GET /xingrg/all/function/internal_message.html?_=1639359239775&CODE_STATE=getMsg HTTP/1.1" 200 27
114.83.219.237 - - [13/Dec/2021:09:34:01 +0800] "GET /xingrg/all/function/internal_message.html?_=1639359239843&CODE_STATE=getMsg HTTP/1.1" 200 27
116.238.248.233 - - [13/Dec/2021:09:34:02 +0800] "GET /xingrg/kc/buy/cgsh_order_operate.html?command=get_materiel&rest_code=00151&code=00101008224&supplier_code=00100007&order_time=2021-12-13 HTTP/1.1" 200 416
116.238.208.177 - - [13/Dec/2021:09:34:05 +0800] "POST /xingrg/services/DataTransmitService HTTP/1.1" 200 524
116.238.208.177 - - [13/Dec/2021:09:34:06 +0800] "POST /xingrg/services/DataTransmitService HTTP/1.1" 200 501
222.70.176.97 - - [13/Dec/2021:09:34:09 +0800] "GET /xingrg/kc/buy/cgsh_order_operate.html?command=get_materiel&rest_code=00111&code=00101008323&supplier_code=00100005&order_time=2021-12-13 HTTP/1.1" 200 408
116.238.248.233 - - [13/Dec/2021:09:34:13 +0800] "GET /xingrg/kc/buy/cgsh_order_operate.html?command=get_materiel&rest_code=00151&code=00101008296&supplier_code=00100007&order_time=2021-12-13 HTTP/1.1" 200 416
116.238.248.233 - - [13/Dec/2021:09:34:15 +0800] "POST /xingrg/kc/buy/cgsh_order_operate.html HTTP/1.1" 200 2065
222.70.176.97 - - [13/Dec/2021:09:34:16 +0800] "GET /xingrg/all/function/internal_message.html?_=1639358919589&CODE_STATE=getMsg HTTP/1.1" 302 -
114.83.219.237 - - [13/Dec/2021:09:34:17 +0800] "GET /xingrg/check_reg.html?_=1639359255228 HTTP/1.1" 200 22
222.70.176.97 - - [13/Dec/2021:09:34:18 +0800] "GET /xingrg/all/function/internal_message.html?_=1639359257448&CODE_STATE=getMsg HTTP/1.1" 200 27
172.20.0.100 - - [13/Dec/2021:09:34:20 +0800] "GET /xingrg/all/function/internal_message.html?_=1639359260341&CODE_STATE=getMsg HTTP/1.1" 200 27
116.238.248.233 - - [13/Dec/2021:09:34:23 +0800] "GET /xingrg/kc/buy/cgsh_order_operate.html?command=get_materiel&rest_code=00151&code=00101008496&supplier_code=00100007&order_time=2021-12-13 HTTP/1.1" 200 392
116.233.76.72 - - [13/Dec/2021:09:34:23 +0800] "GET /xingrg/all/function/internal_message.html?_=1639359262688&CODE_STATE=getMsg HTTP/1.1" 200 27
222.70.176.97 - - [13/Dec/2021:09:34:24 +0800] "GET /xingrg/kc/buy/cgsh_order_operate.html?command=get_materiel&rest_code=00111&code=00101008350&supplier_code=00100005&order_time=2021-12-13 HTTP/1.1" 200 408
116.238.248.233 - - [13/Dec/2021:09:34:30 +0800] "GET /xingrg/all/function/internal_message.html?_=1639359269506&CODE_STATE=getMsg HTTP/1.1" 200 27
116.238.248.233 - - [13/Dec/2021:09:34:37 +0800] "POST /xingrg/kc/buy/cgsh_order_operate.html HTTP/1.1" 200 37
116.238.208.177 - - [13/Dec/2021:09:34:37 +0800] "POST /xingrg/kc/buy/cgsh_list_operate.html HTTP/1.1" 200 565
116.238.248.233 - - [13/Dec/2021:09:34:38 +0800] "POST /xingrg/kc/buy/cgsh_order_operate.html HTTP/1.1" 200 17655
124.77.240.52 - - [13/Dec/2021:09:34:38 +0800] "GET /xingrg/all/function/internal_message.html?_=1639359279039&CODE_STATE=getMsg HTTP/1.1" 200 27
116.238.208.177 - - [13/Dec/2021:09:34:40 +0800] "GET /xingrg/kc/buy/cgsh_order_info.html?code=212021121305210 HTTP/1.1" 200 65029
116.238.208.177 - - [13/Dec/2021:09:34:41 +0800] "GET /xingrg/javascript/easyui/themes/default/validatebox.css HTTP/1.1" 404 1104
116.238.208.177 - - [13/Dec/2021:09:34:42 +0800] "POST /xingrg/kc/buy/cgsh_order_operate.html HTTP/1.1" 200 9184
222.70.176.97 - - [13/Dec/2021:09:34:45 +0800] "POST /xingrg/kc/buy/cgsh_order_operate.html HTTP/1.1" 200 37
58.221.95.50 - - [13/Dec/2021:09:34:47 +0800] "GET /xingrg/check_reg.html?_=1639359288558 HTTP/1.1" 302 -
116.238.248.233 - - [13/Dec/2021:09:34:47 +0800] "POST /xingrg/all/user/operate.html HTTP/1.1" 200 36
116.238.248.233 - - [13/Dec/2021:09:34:48 +0800] "GET /xingrg/index.html?sysBaseUrl=http%3A%2F%2F180.169.147.146%3A18081%2Fxingrg%2F&costTime=39×tamp=1639357857888 HTTP/1.1" 200 17179
116.238.248.233 - - [13/Dec/2021:09:34:48 +0800] "GET /xingrg/javascript/jquery_easy_ui/themes/default/easyui.css HTTP/1.1" 304 -
116.238.248.233 - - [13/Dec/2021:09:34:48 +0800] "GET /xingrg/javascript/jquery_easy_ui/themes/icon.css HTTP/1.1" 304 -
116.238.248.233 - - [13/Dec/2021:09:34:48 +0800] "GET /xingrg/css/form.css HTTP/1.1" 304 -
116.238.248.233 - - [13/Dec/2021:09:34:48 +0800] "GET /xingrg/javascript/jquery-1.4.2.min.js HTTP/1.1" 304 -
116.238.248.233 - - [13/Dec/2021:09:34:48 +0800] "GET /xingrg/javascript/jquery_easy_ui/jquery.easyui.min.js HTTP/1.1" 304 -
116.238.248.233 - - [13/Dec/2021:09:34:48 +0800] "GET /xingrg/javascript/jquery_easy_ui/easyui-lang-zh_CN.js HTTP/1.1" 304 -
116.238.248.233 - - [13/Dec/2021:09:34:48 +0800] "GET /xingrg/javascript/jquery.form.js HTTP/1.1" 304 -
116.238.248.233 - - [13/Dec/2021:09:34:48 +0800] "GET /xingrg/javascript/jquery.utils.js HTTP/1.1" 304 -
116.238.248.233 - - [13/Dec/2021:09:34:48 +0800] "GET /xingrg/javascript/jquery.timers.js HTTP/1.1" 304 -
116.238.248.233 - - [13/Dec/2021:09:34:48 +0800] "GET /xingrg/images/blue/jxLogo.png HTTP/1.1" 304 -
116.238.248.233 - - [13/Dec/2021:09:34:48 +0800] "GET /xingrg/images/blue/navBackgound.jpg HTTP/1.1" 304 -
116.238.248.233 - - [13/Dec/2021:09:34:48 +0800] "GET /xingrg/javascript/jquery_easy_ui/themes/icons/settle_new.png HTTP/1.1" 304 -
116.238.248.233 - - [13/Dec/2021:09:34:48 +0800] "POST /xingrg/all/common/load_tree.html?tree=area_rest_tree_json&manage=1 HTTP/1.1" 200 476
116.238.248.233 - - [13/Dec/2021:09:34:48 +0800] "GET /xingrg/all/function/internal_message.html?_=1639359287363&CODE_STATE=count HTTP/1.1" 200 11
116.238.248.233 - - [13/Dec/2021:09:34:48 +0800] "GET /xingrg/check_reg.html?_=1639359287365 HTTP/1.1" 200 22
116.238.248.233 - - [13/Dec/2021:09:34:48 +0800] "GET /xingrg/javascript/jquery_easy_ui/themes/default/images/panel_tool_collapse.gif HTTP/1.1" 304 -
116.238.248.233 - - [13/Dec/2021:09:34:48 +0800] "GET /xingrg/images/blue/pingpu.png HTTP/1.1" 304 -
116.238.248.233 - - [13/Dec/2021:09:34:48 +0800] "GET /xingrg/javascript/jquery_easy_ui/themes/default/images/tabs_leftarrow.png HTTP/1.1" 304 -
116.238.248.233 - - [13/Dec/2021:09:34:48 +0800] "GET /xingrg/javascript/jquery_easy_ui/themes/default/images/tabs_rightarrow.png HTTP/1.1" 304 -
116.238.248.233 - - [13/Dec/2021:09:34:48 +0800] "POST /xingrg/load_menu.html HTTP/1.1" 200 5138
116.238.248.233 - - [13/Dec/2021:09:34:50 +0800] "GET /xingrg/kc/buy/cgsh_order_list.html HTTP/1.1" 200 49297
116.238.208.177 - - [13/Dec/2021:09:34:52 +0800] "GET /xingrg/all/function/internal_message.html?_=1639359293284&CODE_STATE=getMsg HTTP/1.1" 200 27
116.238.248.233 - - [13/Dec/2021:09:34:52 +0800] "POST /xingrg/kc/buy/cgsh_list_operate.html HTTP/1.1" 200 2048
116.238.248.233 - - [13/Dec/2021:09:34:55 +0800] "POST /xingrg/kc/buy/cgsh_list_operate.html HTTP/1.1" 200 570
116.238.248.233 - - [13/Dec/2021:09:34:55 +0800] "GET /xingrg/kc/buy/cgsh_order_info.html?code=212021121305204 HTTP/1.1" 200 64953
114.88.154.34 - - [13/Dec/2021:09:34:55 +0800] "POST /xingrg/kc/buy/cgsh_order_operate.html HTTP/1.1" 200 37
116.238.248.233 - - [13/Dec/2021:09:34:56 +0800] "GET /xingrg/javascript/easyui/themes/default/validatebox.css HTTP/1.1" 404 1104
116.238.248.233 - - [13/Dec/2021:09:34:56 +0800] "POST /xingrg/kc/buy/cgsh_order_operate.html HTTP/1.1" 200 19221
61.172.28.229 - - [13/Dec/2021:09:34:59 +0800] "GET /xingrg/check_reg.html?_=1639359299765 HTTP/1.1" 200 22
61.172.28.229 - - [13/Dec/2021:09:34:59 +0800] "GET /xingrg/all/function/internal_message.html?_=1639359299766&CODE_STATE=getMsg HTTP/1.1" 200 27
114.88.154.34 - - [13/Dec/2021:09:34:59 +0800] "POST /xingrg/kc/buy/cgsh_order_operate.html HTTP/1.1" 200 12
114.88.154.34 - - [13/Dec/2021:09:35:01 +0800] "GET /xingrg/kc/buy/cgsh_order_info.html?code=212021121305212 HTTP/1.1" 200 59976
114.88.154.34 - - [13/Dec/2021:09:35:01 +0800] "GET /xingrg/javascript/easyui/themes/default/validatebox.css HTTP/1.1" 404 1104
114.83.219.237 - - [13/Dec/2021:09:35:01 +0800] "GET /xingrg/all/function/internal_message.html?_=1639359299814&CODE_STATE=getMsg HTTP/1.1" 200 27
114.88.154.34 - - [13/Dec/2021:09:35:01 +0800] "POST /xingrg/kc/buy/cgsh_order_operate.html HTTP/1.1" 200 19519
114.88.154.34 - - [13/Dec/2021:09:35:03 +0800] "GET /xingrg/kc/print/load_data.html?order_code=212021121305212&kc_code=cgsh&condition= HTTP/1.1" 200 7896
116.238.208.177 - - [13/Dec/2021:09:35:03 +0800] "GET /xingrg/kc/buy/cgsh_order_operate.html?command=get_materiel&rest_code=00102&code=00101015060&supplier_code=00100008&order_time=2021-12-13 HTTP/1.1" 200 412
61.172.28.229 - - [13/Dec/2021:09:35:08 +0800] "GET /xingrg/kc/buy/cgsh_order_list.html HTTP/1.1" 200 49291
61.172.28.229 - - [13/Dec/2021:09:35:10 +0800] "POST /xingrg/kc/buy/cgsh_list_operate.html HTTP/1.1" 200 3130
116.227.210.113 - - [13/Dec/2021:09:35:11 +0800] "POST /xingrg/services/DataTransmitService HTTP/1.1" 200 524
61.172.28.229 - - [13/Dec/2021:09:35:12 +0800] "GET /xingrg/kc/buy/cgsh_order_add.html HTTP/1.1" 200 65108
61.172.28.229 - - [13/Dec/2021:09:35:12 +0800] "POST /xingrg/kc/buy/cgsh_order_operate.html HTTP/1.1" 200 8245
61.172.28.229 - - [13/Dec/2021:09:35:12 +0800] "GET /xingrg/javascript/easyui/themes/default/validatebox.css HTTP/1.1" 404 1104
222.70.176.97 - - [13/Dec/2021:09:35:16 +0800] "GET /xingrg/all/function/internal_message.html?_=1639358979589&CODE_STATE=getMsg HTTP/1.1" 302 -
116.238.208.177 - - [13/Dec/2021:09:35:17 +0800] "GET /xingrg/kc/buy/cgsh_order_operate.html?command=get_materiel&rest_code=00102&code=00101008277&supplier_code=00100008&order_time=2021-12-13 HTTP/1.1" 200 412
61.172.28.229 - - [13/Dec/2021:09:35:18 +0800] "GET /xingrg/javascript/auto/indicator.gif HTTP/1.1" 404 1066
172.20.0.100 - - [13/Dec/2021:09:35:20 +0800] "GET /xingrg/all/function/internal_message.html?_=1639359320346&CODE_STATE=getMsg HTTP/1.1" 200 27
124.77.240.52 - - [13/Dec/2021:09:35:21 +0800] "GET /xingrg/check_reg.html?_=1639359321934 HTTP/1.1" 302 -
116.233.76.72 - - [13/Dec/2021:09:35:23 +0800] "GET /xingrg/all/function/internal_message.html?_=1639359322700&CODE_STATE=getMsg HTTP/1.1" 200 27
116.233.76.72 - - [13/Dec/2021:09:35:23 +0800] "GET /xingrg/check_reg.html?_=1639359322701 HTTP/1.1" 200 22
116.238.208.177 - - [13/Dec/2021:09:35:31 +0800] "GET /xingrg/kc/buy/cgsh_order_operate.html?command=get_materiel&rest_code=00102&code=00101008375&supplier_code=00100008&order_time=2021-12-13 HTTP/1.1" 200 416
222.70.176.97 - - [13/Dec/2021:09:35:32 +0800] "GET /xingrg/all/function/internal_message.html?_=1639359317437&CODE_STATE=getMsg HTTP/1.1" 200 27
61.172.28.229 - - [13/Dec/2021:09:35:32 +0800] "GET /xingrg/kc/buy/cgsh_order_operate.html?command=get_materiel&rest_code=00105&code=00101006106&supplier_code=00100002&order_time=2021-12-13 HTTP/1.1" 200 421
116.238.248.233 - - [13/Dec/2021:09:35:36 +0800] "POST /xingrg/kc/buy/cgsh_order_operate.html HTTP/1.1" 200 37
116.238.248.233 - - [13/Dec/2021:09:35:37 +0800] "POST /xingrg/kc/buy/cgsh_order_operate.html HTTP/1.1" 200 18630
116.238.248.233 - - [13/Dec/2021:09:35:38 +0800] "GET /xingrg/kc/buy/cgsh_order_list.html HTTP/1.1" 200 49297
124.77.240.52 - - [13/Dec/2021:09:35:38 +0800] "GET /xingrg/all/function/internal_message.html?_=1639359339318&CODE_STATE=getMsg HTTP/1.1" 200 27
116.238.208.177 - - [13/Dec/2021:09:35:40 +0800] "POST /xingrg/kc/buy/cgsh_order_operate.html HTTP/1.1" 200 37
116.238.248.233 - - [13/Dec/2021:09:35:41 +0800] "POST /xingrg/kc/buy/cgsh_list_operate.html HTTP/1.1" 200 2048
116.238.208.177 - - [13/Dec/2021:09:35:43 +0800] "POST /xingrg/kc/buy/cgsh_order_operate.html HTTP/1.1" 200 11547
116.238.248.233 - - [13/Dec/2021:09:35:43 +0800] "POST /xingrg/kc/buy/cgsh_list_operate.html HTTP/1.1" 200 570
61.172.28.229 - - [13/Dec/2021:09:35:44 +0800] "GET /xingrg/kc/buy/cgsh_order_operate.html?command=get_materiel&rest_code=00105&code=00101006122&supplier_code=00100002&order_time=2021-12-13 HTTP/1.1" 200 408
116.238.248.233 - - [13/Dec/2021:09:35:44 +0800] "GET /xingrg/kc/buy/cgsh_order_info.html?code=212021121305204 HTTP/1.1" 200 64953
116.238.248.233 - - [13/Dec/2021:09:35:45 +0800] "GET /xingrg/javascript/easyui/themes/default/validatebox.css HTTP/1.1" 404 1104
116.238.248.233 - - [13/Dec/2021:09:35:45 +0800] "POST /xingrg/kc/buy/cgsh_order_operate.html HTTP/1.1" 200 18630
116.238.208.177 - - [13/Dec/2021:09:35:48 +0800] "POST /xingrg/kc/buy/cgsh_list_operate.html HTTP/1.1" 200 2384
116.238.248.233 - - [13/Dec/2021:09:35:50 +0800] "POST /xingrg/kc/buy/cgsh_order_operate.html HTTP/1.1" 200 37
114.88.154.34 - - [13/Dec/2021:09:35:51 +0800] "GET /xingrg/all/function/internal_message.html?_=1639359165695&CODE_STATE=getMsg HTTP/1.1" 200 27
116.238.208.177 - - [13/Dec/2021:09:35:52 +0800] "GET /xingrg/all/function/internal_message.html?_=1639359353298&CODE_STATE=getMsg HTTP/1.1" 200 27
61.172.28.229 - - [13/Dec/2021:09:35:53 +0800] "GET /xingrg/kc/buy/cgsh_order_operate.html?command=get_materiel&rest_code=00105&code=00101010247&supplier_code=00100002&order_time=2021-12-13 HTTP/1.1" 200 410
116.238.248.233 - - [13/Dec/2021:09:35:53 +0800] "POST /xingrg/kc/buy/cgsh_order_operate.html HTTP/1.1" 200 12
116.238.248.233 - - [13/Dec/2021:09:35:54 +0800] "GET /xingrg/kc/buy/cgsh_order_info.html?code=212021121305204 HTTP/1.1" 200 59853
116.238.248.233 - - [13/Dec/2021:09:35:55 +0800] "GET /xingrg/javascript/easyui/themes/default/validatebox.css HTTP/1.1" 404 1104
116.238.248.233 - - [13/Dec/2021:09:35:55 +0800] "POST /xingrg/kc/buy/cgsh_order_operate.html HTTP/1.1" 200 16574
116.238.248.233 - - [13/Dec/2021:09:35:56 +0800] "GET /xingrg/kc/print/load_data.html?order_code=212021121305204&kc_code=cgsh&condition= HTTP/1.1" 200 6790
61.172.28.229 - - [13/Dec/2021:09:35:59 +0800] "GET /xingrg/all/function/internal_message.html?_=1639359359776&CODE_STATE=getMsg HTTP/1.1" 200 27
114.83.219.237 - - [13/Dec/2021:09:36:01 +0800] "GET /xingrg/all/function/internal_message.html?_=1639359359810&CODE_STATE=getMsg HTTP/1.1" 200 27
116.238.248.233 - - [13/Dec/2021:09:36:04 +0800] "POST /xingrg/kc/buy/cgsh_list_operate.html HTTP/1.1" 200 1687
61.172.28.229 - - [13/Dec/2021:09:36:07 +0800] "GET /xingrg/kc/buy/cgsh_order_operate.html?command=get_materiel&rest_code=00105&code=00101006129&supplier_code=00100002&order_time=2021-12-13 HTTP/1.1" 200 431
116.238.248.233 - - [13/Dec/2021:09:36:08 +0800] "POST /xingrg/kc/buy/cgsh_list_operate.html HTTP/1.1" 200 197
116.238.248.233 - - [13/Dec/2021:09:36:09 +0800] "GET /xingrg/kc/buy/cgsh_order_info.html?code=212021121305200 HTTP/1.1" 200 64953
116.238.248.233 - - [13/Dec/2021:09:36:10 +0800] "GET /xingrg/javascript/easyui/themes/default/validatebox.css HTTP/1.1" 404 1104
116.238.248.233 - - [13/Dec/2021:09:36:10 +0800] "POST /xingrg/kc/buy/cgsh_order_operate.html HTTP/1.1" 200 2652
222.70.176.97 - - [13/Dec/2021:09:36:10 +0800] "POST /xingrg/kc/buy/cgsh_order_operate.html HTTP/1.1" 200 34611
116.238.208.177 - - [13/Dec/2021:09:36:11 +0800] "POST /xingrg/kc/buy/cgsh_list_operate.html HTTP/1.1" 200 563
116.238.208.177 - - [13/Dec/2021:09:36:13 +0800] "GET /xingrg/kc/buy/cgsh_order_info.html?code=212021121305206 HTTP/1.1" 200 65029
116.238.208.177 - - [13/Dec/2021:09:36:14 +0800] "GET /xingrg/javascript/easyui/themes/default/validatebox.css HTTP/1.1" 404 1104
116.238.208.177 - - [13/Dec/2021:09:36:14 +0800] "POST /xingrg/kc/buy/cgsh_order_operate.html HTTP/1.1" 200 13283
116.238.248.233 - - [13/Dec/2021:09:36:15 +0800] "POST /xingrg/kc/buy/cgsh_order_operate.html HTTP/1.1" 200 37
222.70.176.97 - - [13/Dec/2021:09:36:16 +0800] "GET /xingrg/all/function/internal_message.html?_=1639359039589&CODE_STATE=getMsg HTTP/1.1" 302 -
222.70.176.97 - - [13/Dec/2021:09:36:17 +0800] "POST /xingrg/kc/buy/cgsh_order_operate.html HTTP/1.1" 200 37
222.70.176.97 - - [13/Dec/2021:09:36:18 +0800] "GET /xingrg/all/function/internal_message.html?_=1639359377449&CODE_STATE=getMsg HTTP/1.1" 200 27
116.238.248.233 - - [13/Dec/2021:09:36:19 +0800] "POST /xingrg/kc/buy/cgsh_order_operate.html HTTP/1.1" 200 12
172.20.0.100 - - [13/Dec/2021:09:36:20 +0800] "GET /xingrg/all/function/internal_message.html?_=1639359380347&CODE_STATE=getMsg HTTP/1.1" 200 27
116.238.248.233 - - [13/Dec/2021:09:36:20 +0800] "GET /xingrg/kc/buy/cgsh_order_info.html?code=212021121305200 HTTP/1.1" 200 59853
116.238.248.233 - - [13/Dec/2021:09:36:21 +0800] "GET /xingrg/javascript/easyui/themes/default/validatebox.css HTTP/1.1" 404 1104
116.238.248.233 - - [13/Dec/2021:09:36:21 +0800] "POST /xingrg/kc/buy/cgsh_order_operate.html HTTP/1.1" 200 602
61.172.28.229 - - [13/Dec/2021:09:36:21 +0800] "GET /xingrg/kc/buy/cgsh_order_operate.html?command=get_materiel&rest_code=00105&code=00101006124&supplier_code=00100002&order_time=2021-12-13 HTTP/1.1" 200 409
116.238.248.233 - - [13/Dec/2021:09:36:22 +0800] "GET /xingrg/kc/print/load_data.html?order_code=212021121305200&kc_code=cgsh&condition= HTTP/1.1" 200 698
116.233.76.72 - - [13/Dec/2021:09:36:23 +0800] "GET /xingrg/all/function/internal_message.html?_=1639359382698&CODE_STATE=getMsg HTTP/1.1" 200 27
116.238.208.177 - - [13/Dec/2021:09:36:26 +0800] "POST /xingrg/kc/buy/cgsh_order_operate.html HTTP/1.1" 200 37
116.238.208.177 - - [13/Dec/2021:09:36:30 +0800] "POST /xingrg/kc/buy/cgsh_order_operate.html HTTP/1.1" 200 13285
116.238.248.233 - - [13/Dec/2021:09:36:30 +0800] "POST /xingrg/all/user/operate.html HTTP/1.1" 200 36
116.238.248.233 - - [13/Dec/2021:09:36:31 +0800] "GET /xingrg/index.html?sysBaseUrl=http%3A%2F%2F180.169.147.146%3A18081%2Fxingrg%2F&costTime=39×tamp=1639357857888 HTTP/1.1" 200 17177
116.238.248.233 - - [13/Dec/2021:09:36:31 +0800] "GET /xingrg/javascript/jquery_easy_ui/themes/default/easyui.css HTTP/1.1" 304 -
116.238.248.233 - - [13/Dec/2021:09:36:31 +0800] "GET /xingrg/javascript/jquery_easy_ui/themes/icon.css HTTP/1.1" 304 -
116.238.248.233 - - [13/Dec/2021:09:36:31 +0800] "GET /xingrg/css/form.css HTTP/1.1" 304 -
116.238.248.233 - - [13/Dec/2021:09:36:31 +0800] "GET /xingrg/javascript/jquery-1.4.2.min.js HTTP/1.1" 304 -
116.238.248.233 - - [13/Dec/2021:09:36:31 +0800] "GET /xingrg/javascript/jquery_easy_ui/jquery.easyui.min.js HTTP/1.1" 304 -
116.238.248.233 - - [13/Dec/2021:09:36:31 +0800] "GET /xingrg/javascript/jquery_easy_ui/easyui-lang-zh_CN.js HTTP/1.1" 304 -
116.238.248.233 - - [13/Dec/2021:09:36:31 +0800] "GET /xingrg/javascript/jquery.form.js HTTP/1.1" 304 -
116.238.248.233 - - [13/Dec/2021:09:36:31 +0800] "GET /xingrg/javascript/jquery.utils.js HTTP/1.1" 304 -
116.238.248.233 - - [13/Dec/2021:09:36:31 +0800] "GET /xingrg/javascript/jquery.timers.js HTTP/1.1" 304 -
116.238.248.233 - - [13/Dec/2021:09:36:31 +0800] "GET /xingrg/images/blue/jxLogo.png HTTP/1.1" 304 -
116.238.248.233 - - [13/Dec/2021:09:36:31 +0800] "GET /xingrg/javascript/jquery_easy_ui/themes/icons/settle_new.png HTTP/1.1" 304 -
116.238.248.233 - - [13/Dec/2021:09:36:31 +0800] "GET /xingrg/images/blue/navBackgound.jpg HTTP/1.1" 304 -
116.238.248.233 - - [13/Dec/2021:09:36:31 +0800] "POST /xingrg/all/common/load_tree.html?tree=area_rest_tree_json&manage=1 HTTP/1.1" 200 476
116.238.248.233 - - [13/Dec/2021:09:36:31 +0800] "GET /xingrg/all/function/internal_message.html?_=1639359390335&CODE_STATE=count HTTP/1.1" 200 11
116.238.248.233 - - [13/Dec/2021:09:36:31 +0800] "GET /xingrg/check_reg.html?_=1639359390337 HTTP/1.1" 200 22
116.238.248.233 - - [13/Dec/2021:09:36:31 +0800] "GET /xingrg/javascript/jquery_easy_ui/themes/default/images/tabs_leftarrow.png HTTP/1.1" 304 -
116.238.248.233 - - [13/Dec/2021:09:36:31 +0800] "GET /xingrg/javascript/jquery_easy_ui/themes/default/images/tabs_rightarrow.png HTTP/1.1" 304 -
116.238.248.233 - - [13/Dec/2021:09:36:31 +0800] "GET /xingrg/javascript/jquery_easy_ui/themes/default/images/panel_tool_collapse.gif HTTP/1.1" 304 -
116.238.248.233 - - [13/Dec/2021:09:36:31 +0800] "GET /xingrg/images/blue/pingpu.png HTTP/1.1" 304 -
116.238.248.233 - - [13/Dec/2021:09:36:31 +0800] "POST /xingrg/load_menu.html HTTP/1.1" 200 5138
116.238.248.233 - - [13/Dec/2021:09:36:33 +0800] "GET /xingrg/kc/buy/cgsh_order_list.html HTTP/1.1" 200 49295
61.172.28.229 - - [13/Dec/2021:09:36:33 +0800] "GET /xingrg/kc/buy/cgsh_order_operate.html?command=get_materiel&rest_code=00105&code=00101006177&supplier_code=00100002&order_time=2021-12-13 HTTP/1.1" 200 411
116.238.248.233 - - [13/Dec/2021:09:36:35 +0800] "POST /xingrg/kc/buy/cgsh_list_operate.html HTTP/1.1" 200 2050
116.238.208.177 - - [13/Dec/2021:09:36:36 +0800] "POST /xingrg/kc/buy/cgsh_list_operate.html HTTP/1.1" 200 2384
124.77.240.52 - - [13/Dec/2021:09:36:39 +0800] "GET /xingrg/all/function/internal_message.html?_=1639359399331&CODE_STATE=getMsg HTTP/1.1" 200 27
116.238.248.233 - - [13/Dec/2021:09:36:39 +0800] "POST /xingrg/kc/buy/cgsh_list_operate.html HTTP/1.1" 200 428
116.238.248.233 - - [13/Dec/2021:09:36:40 +0800] "GET /xingrg/kc/buy/cgsh_order_info.html?code=212021121305209 HTTP/1.1" 200 64674
124.78.153.86 - - [13/Dec/2021:09:36:40 +0800] "POST /xingrg/services/DataTransmitService HTTP/1.1" 200 524
116.238.248.233 - - [13/Dec/2021:09:36:40 +0800] "GET /xingrg/javascript/easyui/themes/default/validatebox.css HTTP/1.1" 404 1104
116.238.248.233 - - [13/Dec/2021:09:36:41 +0800] "POST /xingrg/kc/buy/cgsh_order_operate.html HTTP/1.1" 200 4468
116.238.208.177 - - [13/Dec/2021:09:36:42 +0800] "POST /xingrg/kc/buy/cgsh_list_operate.html HTTP/1.1" 200 563
116.238.208.177 - - [13/Dec/2021:09:36:45 +0800] "GET /xingrg/kc/buy/cgsh_order_info.html?code=212021121305206 HTTP/1.1" 200 65029
116.238.208.177 - - [13/Dec/2021:09:36:46 +0800] "GET /xingrg/javascript/easyui/themes/default/validatebox.css HTTP/1.1" 404 1104
116.238.208.177 - - [13/Dec/2021:09:36:46 +0800] "POST /xingrg/kc/buy/cgsh_order_operate.html HTTP/1.1" 200 13285
116.238.248.233 - - [13/Dec/2021:09:36:47 +0800] "POST /xingrg/kc/buy/cgsh_order_operate.html HTTP/1.1" 200 37
114.88.154.34 - - [13/Dec/2021:09:36:51 +0800] "GET /xingrg/all/function/internal_message.html?_=1639359225665&CODE_STATE=getMsg HTTP/1.1" 200 27
116.238.208.177 - - [13/Dec/2021:09:36:52 +0800] "POST /xingrg/kc/buy/cgsh_order_operate.html HTTP/1.1" 200 37
116.238.248.233 - - [13/Dec/2021:09:36:54 +0800] "POST /xingrg/kc/buy/cgsh_order_operate.html HTTP/1.1" 200 12
116.238.208.177 - - [13/Dec/2021:09:36:55 +0800] "POST /xingrg/kc/buy/cgsh_order_operate.html HTTP/1.1" 200 12
116.238.248.233 - - [13/Dec/2021:09:36:56 +0800] "GET /xingrg/kc/buy/cgsh_order_info.html?code=212021121305209 HTTP/1.1" 200 59574
116.238.248.233 - - [13/Dec/2021:09:36:56 +0800] "GET /xingrg/javascript/easyui/themes/default/validatebox.css HTTP/1.1" 404 1104
116.238.208.177 - - [13/Dec/2021:09:36:56 +0800] "GET /xingrg/kc/buy/cgsh_order_info.html?code=212021121305206 HTTP/1.1" 200 59927
116.238.248.233 - - [13/Dec/2021:09:36:57 +0800] "POST /xingrg/kc/buy/cgsh_order_operate.html HTTP/1.1" 200 2418
116.238.248.233 - - [13/Dec/2021:09:36:58 +0800] "GET /xingrg/kc/print/load_data.html?order_code=212021121305209&kc_code=cgsh&condition= HTTP/1.1" 200 1413
116.238.208.177 - - [13/Dec/2021:09:36:59 +0800] "GET /xingrg/all/function/internal_message.html?_=1639359419897&CODE_STATE=getMsg HTTP/1.1" 200 27
116.238.208.177 - - [13/Dec/2021:09:36:59 +0800] "GET /xingrg/javascript/easyui/themes/default/validatebox.css HTTP/1.1" 404 1104
61.172.28.229 - - [13/Dec/2021:09:36:59 +0800] "GET /xingrg/all/function/internal_message.html?_=1639359419830&CODE_STATE=getMsg HTTP/1.1" 200 27
116.238.208.177 - - [13/Dec/2021:09:36:59 +0800] "POST /xingrg/kc/buy/cgsh_order_operate.html HTTP/1.1" 200 11229
114.83.219.237 - - [13/Dec/2021:09:37:01 +0800] "GET /xingrg/all/function/internal_message.html?_=1639359419786&CODE_STATE=getMsg HTTP/1.1" 200 27
116.238.208.177 - - [13/Dec/2021:09:37:03 +0800] "POST /xingrg/kc/buy/cgsh_list_operate.html HTTP/1.1" 200 2031
116.238.208.177 - - [13/Dec/2021:09:37:05 +0800] "POST /xingrg/kc/buy/cgsh_list_operate.html HTTP/1.1" 200 565
116.238.208.177 - - [13/Dec/2021:09:37:05 +0800] "GET /xingrg/kc/buy/cgsh_order_info.html?code=212021121305208 HTTP/1.1" 200 65029
116.238.248.233 - - [13/Dec/2021:09:37:06 +0800] "POST /xingrg/kc/buy/cgsh_list_operate.html HTTP/1.1" 200 563
116.238.208.177 - - [13/Dec/2021:09:37:06 +0800] "GET /xingrg/javascript/easyui/themes/default/validatebox.css HTTP/1.1" 404 1104
116.238.208.177 - - [13/Dec/2021:09:37:06 +0800] "POST /xingrg/kc/buy/cgsh_order_operate.html HTTP/1.1" 200 8558
116.238.248.233 - - [13/Dec/2021:09:37:07 +0800] "GET /xingrg/kc/buy/cgsh_order_info.html?code=212021121305211 HTTP/1.1" 200 64674
116.238.248.233 - - [13/Dec/2021:09:37:07 +0800] "GET /xingrg/javascript/easyui/themes/default/validatebox.css HTTP/1.1" 404 1104
116.238.248.233 - - [13/Dec/2021:09:37:08 +0800] "POST /xingrg/kc/buy/cgsh_order_operate.html HTTP/1.1" 200 17655
61.172.28.229 - - [13/Dec/2021:09:37:08 +0800] "GET /xingrg/kc/buy/cgsh_order_operate.html?command=get_materiel&rest_code=00105&code=00101006055&supplier_code=00100002&order_time=2021-12-13 HTTP/1.1" 200 409
116.238.208.177 - - [13/Dec/2021:09:37:12 +0800] "POST /xingrg/kc/buy/cgsh_order_operate.html HTTP/1.1" 200 37
116.238.248.233 - - [13/Dec/2021:09:37:13 +0800] "GET /xingrg/javascript/auto/indicator.gif HTTP/1.1" 404 1066
116.238.208.177 - - [13/Dec/2021:09:37:15 +0800] "POST /xingrg/kc/buy/cgsh_order_operate.html HTTP/1.1" 200 12
222.70.176.97 - - [13/Dec/2021:09:37:16 +0800] "GET /xingrg/all/function/internal_message.html?_=1639359099589&CODE_STATE=getMsg HTTP/1.1" 302 -
116.238.208.177 - - [13/Dec/2021:09:37:17 +0800] "GET /xingrg/kc/buy/cgsh_order_info.html?code=212021121305208 HTTP/1.1" 200 59927
116.238.248.233 - - [13/Dec/2021:09:37:17 +0800] "GET /xingrg/kc/buy/cgsh_order_operate.html?command=get_materiel&rest_code=00151&code=00101008148&supplier_code=00100007&order_time=2021-12-13 HTTP/1.1" 200 416
222.70.176.97 - - [13/Dec/2021:09:37:18 +0800] "GET /xingrg/all/function/internal_message.html?_=1639359437445&CODE_STATE=getMsg HTTP/1.1" 200 27
116.238.208.177 - - [13/Dec/2021:09:37:19 +0800] "GET /xingrg/javascript/easyui/themes/default/validatebox.css HTTP/1.1" 404 1104
222.70.176.97 - - [13/Dec/2021:09:37:19 +0800] "GET /xingrg/check_reg.html?_=1639359437447 HTTP/1.1" 200 22
116.238.208.177 - - [13/Dec/2021:09:37:19 +0800] "POST /xingrg/kc/buy/cgsh_order_operate.html HTTP/1.1" 200 6483
172.20.0.100 - - [13/Dec/2021:09:37:20 +0800] "GET /xingrg/all/function/internal_message.html?_=1639359440350&CODE_STATE=getMsg HTTP/1.1" 200 27
116.238.208.177 - - [13/Dec/2021:09:37:23 +0800] "POST /xingrg/kc/buy/cgsh_list_operate.html HTTP/1.1" 200 1679
116.233.76.72 - - [13/Dec/2021:09:37:23 +0800] "GET /xingrg/all/function/internal_message.html?_=1639359442708&CODE_STATE=getMsg HTTP/1.1" 200 27
116.238.208.177 - - [13/Dec/2021:09:37:24 +0800] "POST /xingrg/kc/buy/cgsh_list_operate.html HTTP/1.1" 200 565
116.238.208.177 - - [13/Dec/2021:09:37:25 +0800] "GET /xingrg/kc/buy/cgsh_order_info.html?code=212021121305210 HTTP/1.1" 200 65029
116.238.208.177 - - [13/Dec/2021:09:37:26 +0800] "GET /xingrg/javascript/easyui/themes/default/validatebox.css HTTP/1.1" 404 1104
116.238.248.233 - - [13/Dec/2021:09:37:26 +0800] "GET /xingrg/kc/buy/cgsh_order_operate.html?command=get_materiel&rest_code=00151&code=00101008361&supplier_code=00100007&order_time=2021-12-13 HTTP/1.1" 200 408
116.238.208.177 - - [13/Dec/2021:09:37:26 +0800] "POST /xingrg/kc/buy/cgsh_order_operate.html HTTP/1.1" 200 11547
116.238.208.177 - - [13/Dec/2021:09:37:31 +0800] "POST /xingrg/kc/buy/cgsh_order_operate.html HTTP/1.1" 200 37
116.238.248.233 - - [13/Dec/2021:09:37:31 +0800] "GET /xingrg/all/function/internal_message.html?_=1639359450350&CODE_STATE=getMsg HTTP/1.1" 200 27
116.238.248.233 - - [13/Dec/2021:09:37:31 +0800] "GET /xingrg/kc/buy/cgsh_order_operate.html?command=get_materiel&rest_code=00151&code=00101008209&supplier_code=00100007&order_time=2021-12-13 HTTP/1.1" 200 408
222.70.176.97 - - [13/Dec/2021:09:37:31 +0800] "POST /xingrg/kc/buy/cgsh_order_operate.html HTTP/1.1" 200 34611
116.238.208.177 - - [13/Dec/2021:09:37:34 +0800] "POST /xingrg/kc/buy/cgsh_order_operate.html HTTP/1.1" 200 12
116.238.208.177 - - [13/Dec/2021:09:37:36 +0800] "GET /xingrg/kc/buy/cgsh_order_info.html?code=212021121305210 HTTP/1.1" 200 59927
116.238.208.177 - - [13/Dec/2021:09:37:39 +0800] "GET /xingrg/javascript/easyui/themes/default/validatebox.css HTTP/1.1" 404 1104
124.77.240.52 - - [13/Dec/2021:09:37:39 +0800] "GET /xingrg/all/function/internal_message.html?_=1639359459611&CODE_STATE=getMsg HTTP/1.1" 200 27
116.238.208.177 - - [13/Dec/2021:09:37:39 +0800] "POST /xingrg/kc/buy/cgsh_order_operate.html HTTP/1.1" 200 9492
61.172.28.229 - - [13/Dec/2021:09:37:40 +0800] "GET /xingrg/kc/buy/cgsh_order_operate.html?command=get_materiel&rest_code=00105&code=00101006087&supplier_code=00100002&order_time=2021-12-13 HTTP/1.1" 200 409
116.238.208.177 - - [13/Dec/2021:09:37:42 +0800] "POST /xingrg/kc/buy/cgsh_list_operate.html HTTP/1.1" 200 876
116.238.208.177 - - [13/Dec/2021:09:37:47 +0800] "POST /xingrg/kc/buy/cgsh_list_operate.html HTTP/1.1" 200 5750
116.238.248.233 - - [13/Dec/2021:09:37:48 +0800] "GET /xingrg/kc/buy/cgsh_order_operate.html?command=get_materiel&rest_code=00151&code=00101008221&supplier_code=00100007&order_time=2021-12-13 HTTP/1.1" 200 412
114.88.154.34 - - [13/Dec/2021:09:37:51 +0800] "GET /xingrg/all/function/internal_message.html?_=1639359285646&CODE_STATE=getMsg HTTP/1.1" 200 27
124.77.240.52 - - [13/Dec/2021:09:37:52 +0800] "GET /xingrg/check_reg.html?_=1639359473485 HTTP/1.1" 200 22
116.238.208.177 - - [13/Dec/2021:09:37:53 +0800] "GET /xingrg/kc/buy/cgsh_order_add.html HTTP/1.1" 200 65020
116.238.208.177 - - [13/Dec/2021:09:37:54 +0800] "POST /xingrg/kc/buy/cgsh_order_operate.html HTTP/1.1" 200 8245
116.238.208.177 - - [13/Dec/2021:09:37:54 +0800] "GET /xingrg/javascript/easyui/themes/default/validatebox.css HTTP/1.1" 404 1104
116.238.208.177 - - [13/Dec/2021:09:37:59 +0800] "GET /xingrg/all/function/internal_message.html?_=1639359479908&CODE_STATE=getMsg HTTP/1.1" 200 27
61.172.28.229 - - [13/Dec/2021:09:37:59 +0800] "GET /xingrg/all/function/internal_message.html?_=1639359479782&CODE_STATE=getMsg HTTP/1.1" 200 27
114.83.219.237 - - [13/Dec/2021:09:38:01 +0800] "GET /xingrg/all/function/internal_message.html?_=1639359479773&CODE_STATE=getMsg HTTP/1.1" 200 27
114.88.154.34 - - [13/Dec/2021:09:38:10 +0800] "POST /xingrg/services/DataTransmitService HTTP/1.1" 200 524
222.70.176.97 - - [13/Dec/2021:09:38:16 +0800] "GET /xingrg/all/function/internal_message.html?_=1639359159589&CODE_STATE=getMsg HTTP/1.1" 302 -
222.70.176.97 - - [13/Dec/2021:09:38:16 +0800] "GET /xingrg/check_reg.html?_=1639359159590 HTTP/1.1" 302 -
222.70.176.97 - - [13/Dec/2021:09:38:18 +0800] "GET /xingrg/all/function/internal_message.html?_=1639359497452&CODE_STATE=getMsg HTTP/1.1" 200 27
172.20.0.100 - - [13/Dec/2021:09:38:20 +0800] "GET /xingrg/all/function/internal_message.html?_=1639359500354&CODE_STATE=getMsg HTTP/1.1" 200 27
172.20.0.100 - - [13/Dec/2021:09:38:20 +0800] "GET /xingrg/check_reg.html?_=1639359500358 HTTP/1.1" 200 22
116.233.76.72 - - [13/Dec/2021:09:38:23 +0800] "GET /xingrg/all/function/internal_message.html?_=1639359502719&CODE_STATE=getMsg HTTP/1.1" 200 27
116.238.248.233 - - [13/Dec/2021:09:38:31 +0800] "GET /xingrg/all/function/internal_message.html?_=1639359510457&CODE_STATE=getMsg HTTP/1.1" 200 27
124.77.240.52 - - [13/Dec/2021:09:38:39 +0800] "GET /xingrg/all/function/internal_message.html?_=1639359519624&CODE_STATE=getMsg HTTP/1.1" 200 27
116.238.208.177 - - [13/Dec/2021:09:38:45 +0800] "GET /xingrg/check_reg.html?_=1639359525886 HTTP/1.1" 200 22
114.88.154.34 - - [13/Dec/2021:09:38:51 +0800] "GET /xingrg/all/function/internal_message.html?_=1639359345626&CODE_STATE=getMsg HTTP/1.1" 200 27
114.85.125.222 - - [13/Dec/2021:09:38:52 +0800] "GET /xingrg/check_reg.html?_=1639359488065 HTTP/1.1" 302 -
61.172.28.229 - - [13/Dec/2021:09:38:57 +0800] "GET /xingrg/kc/buy/cgsh_order_operate.html?command=get_materiel&rest_code=00105&code=00101006259&supplier_code=00100002&order_time=2021-12-13 HTTP/1.1" 200 397
