222.70.176.97 - - [13/Dec/2021:11:27:20 +0800] "GET /xingrg/all/report/report_query.html?isQuery=1&fileName=kc/buy/wlcg_cate_hz.xml&queryString=(CONVERT(char(10)%252Ca.order_time%252C%2520120)%253E%253D'2021-10-21')%2520and%2520(CONVERT(char(10)%252Ca.order_time%252C%2520120)%253C%253D'2021-11-30')%2520and%2520(a.supplier_code%2520in%2520('00100348'))%2520and%2520(a.supplier_code%253D'00100348')&queryText=%25E3%2580%2590%25E9%2587%2587%25E8%25B4%25AD%25E6%2597%25A5%25E6%259C%259F%253A2021-10-21%2520%25E8%2587%25B3%25202021-11-30%25E3%2580%2591%2520%25E5%25B9%25B6%25E4%25B8%2594%2520%2520%25E3%2580%2590%25E4%25BE%259B%25E5%25BA%2594%25E5%2595%2586%2520%253D%2520%25E7%25BA%25A2%25E8%2586%258F%25E5%25A4%25A7%25E9%2597%25B8%25E8%259F%25B9%25EF%25BC%2588%25E8%25A3%25B4%25E6%25A0%2591%25E7%25A4%25BC%25EF%25BC%2589%25E3%2580%2591%2520%25E5%25B9%25B6%25E4%25B8%2594%2520%25E3%2580%2590%25E4%25BE%259B%25E5%25BA%2594%25E5%2595%2586%253D%25E7%25BA%25A2%25E8%2586%258F%25E5%25A4%25A7%25E9%2597%25B8%25E8%259F%25B9%25EF%25BC%2588%25E8%25A3%25B4%25E6%25A0%2591%25E7%25A4%25BC%25EF%25BC%2589%25E3%2580%2591 HTTP/1.1" 200 54489
222.70.176.97 - - [13/Dec/2021:11:27:20 +0800] "GET /xingrg/dwr/interface/AjaxReportQueryService.js HTTP/1.1" 200 13203
222.70.176.97 - - [13/Dec/2021:11:27:20 +0800] "GET /xingrg/dwr/engine.js HTTP/1.1" 200 43631
180.169.147.146 - - [13/Dec/2021:11:27:21 +0800] "GET /xingrg/all/function/internal_message.html?_=1639366040337&CODE_STATE=getMsg HTTP/1.1" 200 27
222.70.176.97 - - [13/Dec/2021:11:27:21 +0800] "POST /xingrg/all/report/load_report_page.html HTTP/1.1" 200 8712
222.70.176.97 - - [13/Dec/2021:11:27:21 +0800] "GET /xingrg/servlets/image?cache=0.7498616950739725&image=px HTTP/1.1" 200 807
222.70.176.97 - - [13/Dec/2021:11:27:22 +0800] "POST /xingrg/kc/base/wldb_order_operate.html HTTP/1.1" 200 6806
222.70.176.97 - - [13/Dec/2021:11:27:22 +0800] "GET /xingrg/javascript/easyui/themes/default/validatebox.css HTTP/1.1" 404 1104
124.78.153.86 - - [13/Dec/2021:11:27:24 +0800] "GET /xingrg/all/function/internal_message.html?_=1639366042558&CODE_STATE=getMsg HTTP/1.1" 200 27
222.70.176.97 - - [13/Dec/2021:11:27:24 +0800] "POST /xingrg/all/report/load_report_page.html HTTP/1.1" 200 16448
222.70.176.97 - - [13/Dec/2021:11:27:24 +0800] "GET /xingrg/servlets/image?cache=0.8339324241376947&image=px HTTP/1.1" 200 807
222.70.176.97 - - [13/Dec/2021:11:27:27 +0800] "POST /xingrg/all/report/report_print.html HTTP/1.1" 302 -
222.70.176.97 - - [13/Dec/2021:11:27:27 +0800] "GET /xingrg/servlets/html?sysBaseUrl=http%3A%2F%2F180.169.147.146%3A18081%2Fxingrg%2F&costTime=735×tamp=1639366047158 HTTP/1.1" 200 17811
222.70.176.97 - - [13/Dec/2021:11:27:27 +0800] "GET /xingrg/servlets/image?image=px HTTP/1.1" 200 807
222.70.176.97 - - [13/Dec/2021:11:27:27 +0800] "GET /favicon.ico HTTP/1.1" 404 -
180.169.147.146 - - [13/Dec/2021:11:27:33 +0800] "GET /xingrg/all/function/internal_message.html?_=1639366055912&CODE_STATE=getMsg HTTP/1.1" 200 27
61.172.28.229 - - [13/Dec/2021:11:27:34 +0800] "GET /xingrg/all/function/internal_message.html?_=1639366055235&CODE_STATE=getMsg HTTP/1.1" 200 27
61.172.28.229 - - [13/Dec/2021:11:27:35 +0800] "GET /xingrg/all/function/internal_message.html?_=1639366055828&CODE_STATE=getMsg HTTP/1.1" 200 27
222.70.176.97 - - [13/Dec/2021:11:27:37 +0800] "POST /xingrg/all/common/load_combo.html?type=base HTTP/1.1" 200 3054
116.233.76.72 - - [13/Dec/2021:11:27:37 +0800] "GET /xingrg/all/function/internal_message.html?_=1639366057542&CODE_STATE=getMsg HTTP/1.1" 200 27
61.151.178.163 - - [13/Dec/2021:11:27:38 +0800] "GET /xingrg/all/function/internal_message.html?_=1639362383848&CODE_STATE=getMsg HTTP/1.1" 302 -
116.238.208.177 - - [13/Dec/2021:11:27:39 +0800] "GET /xingrg/all/function/internal_message.html?_=1639366060561&CODE_STATE=getMsg HTTP/1.1" 200 27
61.151.178.163 - - [13/Dec/2021:11:27:41 +0800] "GET /xingrg/login.html HTTP/1.1" 200 7641
172.20.0.100 - - [13/Dec/2021:11:27:45 +0800] "GET /xingrg/all/function/internal_message.html?_=1639366065444&CODE_STATE=getMsg HTTP/1.1" 200 27
101.85.120.86 - - [13/Dec/2021:11:27:46 +0800] "GET /xingrg/all/function/internal_message.html?_=1639366065762&CODE_STATE=getMsg HTTP/1.1" 200 27
120.253.135.82 - - [13/Dec/2021:11:27:46 +0800] "GET /xingrg/check_reg.html?_=1639365844668 HTTP/1.1" 200 22
222.70.176.97 - - [13/Dec/2021:11:27:47 +0800] "POST /xingrg/all/common/load_combo.html?type=base HTTP/1.1" 200 3054
124.77.240.52 - - [13/Dec/2021:11:27:49 +0800] "GET /xingrg/all/function/internal_message.html?_=1639366070589&CODE_STATE=getMsg HTTP/1.1" 200 27
180.169.147.146 - - [13/Dec/2021:11:27:52 +0800] "GET /xingrg/all/function/internal_message.html?_=1639366072587&CODE_STATE=getMsg HTTP/1.1" 200 27
124.77.240.52 - - [13/Dec/2021:11:27:53 +0800] "GET /xingrg/check_reg.html?_=1639366074627 HTTP/1.1" 200 22
222.70.176.97 - - [13/Dec/2021:11:27:56 +0800] "GET /xingrg/all/function/internal_message.html?_=1639366075760&CODE_STATE=getMsg HTTP/1.1" 200 27
222.70.176.97 - - [13/Dec/2021:11:27:57 +0800] "GET /xingrg/all/function/internal_message.html?_=1639366076907&CODE_STATE=getMsg HTTP/1.1" 200 27
180.162.110.111 - - [13/Dec/2021:11:27:59 +0800] "GET /xingrg/all/function/internal_message.html?_=1639365527959&CODE_STATE=getMsg HTTP/1.1" 200 27
116.238.248.233 - - [13/Dec/2021:11:27:59 +0800] "GET /xingrg/all/function/internal_message.html?_=1639366078240&CODE_STATE=getMsg HTTP/1.1" 200 27
114.83.219.237 - - [13/Dec/2021:11:28:00 +0800] "GET /xingrg/all/function/internal_message.html?_=1639366078019&CODE_STATE=getMsg HTTP/1.1" 200 27
180.169.147.146 - - [13/Dec/2021:11:28:02 +0800] "GET /xingrg/all/function/internal_message.html?_=1639366081240&CODE_STATE=getMsg HTTP/1.1" 200 27
61.151.178.249 - - [13/Dec/2021:11:28:03 +0800] "GET /xingrg/all/function/internal_message.html?_=1639362023990&CODE_STATE=getMsg HTTP/1.1" 302 -
124.77.240.52 - - [13/Dec/2021:11:28:05 +0800] "GET /xingrg/kc/buy/cgsh_order_operate.html?command=get_materiel&rest_code=00146&code=00101012008&supplier_code=00100033&order_time=2021-12-13 HTTP/1.1" 200 412
222.70.176.97 - - [13/Dec/2021:11:28:06 +0800] "GET /xingrg/kc/base/wldb_order_operate.html?command=get_materiel&rest_code=00111&base_code=0010306&code=00102002448 HTTP/1.1" 200 426
172.20.0.100 - - [13/Dec/2021:11:28:07 +0800] "GET /xingrg/all/function/internal_message.html?_=1639366087188&CODE_STATE=getMsg HTTP/1.1" 200 27
61.151.178.249 - - [13/Dec/2021:11:28:07 +0800] "GET /xingrg/login.html HTTP/1.1" 200 7641
116.227.210.113 - - [13/Dec/2021:11:28:13 +0800] "GET /xingrg/all/function/internal_message.html?_=1639366088941&CODE_STATE=getMsg HTTP/1.1" 200 27
61.172.28.229 - - [13/Dec/2021:11:28:15 +0800] "GET /xingrg/all/function/internal_message.html?_=1639366031327&CODE_STATE=getMsg HTTP/1.1" 200 27
222.70.176.97 - - [13/Dec/2021:11:28:15 +0800] "POST /xingrg/kc/base/wldb_order_operate.html HTTP/1.1" 200 37
222.70.176.97 - - [13/Dec/2021:11:28:16 +0800] "GET /xingrg/all/function/internal_message.html?_=1639365759589&CODE_STATE=getMsg HTTP/1.1" 302 -
222.70.176.97 - - [13/Dec/2021:11:28:16 +0800] "GET /xingrg/check_reg.html?_=1639365759591 HTTP/1.1" 302 -
124.77.240.52 - - [13/Dec/2021:11:28:16 +0800] "GET /xingrg/kc/buy/cgsh_order_operate.html?command=get_materiel&rest_code=00146&code=00101012033&supplier_code=00100033&order_time=2021-12-13 HTTP/1.1" 200 426
222.70.176.97 - - [13/Dec/2021:11:28:17 +0800] "POST /xingrg/kc/base/wldb_order_operate.html HTTP/1.1" 200 12
222.70.176.97 - - [13/Dec/2021:11:28:17 +0800] "POST /xingrg/kc/base/wldb_order_operate.html HTTP/1.1" 200 2190
172.20.0.100 - - [13/Dec/2021:11:28:19 +0800] "GET /xingrg/all/function/internal_message.html?_=1639366098777&CODE_STATE=getMsg HTTP/1.1" 200 27
222.70.176.97 - - [13/Dec/2021:11:28:19 +0800] "GET /xingrg/kc/base/wldb_order_info.html?code=422021121301365 HTTP/1.1" 200 26146
222.70.176.97 - - [13/Dec/2021:11:28:19 +0800] "GET /xingrg/javascript/easyui/themes/default/validatebox.css HTTP/1.1" 404 1104
222.70.176.97 - - [13/Dec/2021:11:28:19 +0800] "POST /xingrg/kc/base/wldb_order_operate.html HTTP/1.1" 200 484
180.169.147.146 - - [13/Dec/2021:11:28:21 +0800] "GET /xingrg/all/function/internal_message.html?_=1639366100321&CODE_STATE=getMsg HTTP/1.1" 200 27
124.78.153.86 - - [13/Dec/2021:11:28:24 +0800] "GET /xingrg/all/function/internal_message.html?_=1639366102532&CODE_STATE=getMsg HTTP/1.1" 200 27
222.70.176.97 - - [13/Dec/2021:11:28:27 +0800] "GET /xingrg/kc/base/wldb_order_add.html HTTP/1.1" 200 30270
222.70.176.97 - - [13/Dec/2021:11:28:27 +0800] "POST /xingrg/kc/base/wldb_order_operate.html HTTP/1.1" 200 6806
222.70.176.97 - - [13/Dec/2021:11:28:28 +0800] "GET /xingrg/javascript/easyui/themes/default/validatebox.css HTTP/1.1" 404 1104
222.70.176.97 - - [13/Dec/2021:11:28:29 +0800] "POST /xingrg/all/common/load_combo.html?type=base HTTP/1.1" 200 3054
222.70.176.97 - - [13/Dec/2021:11:28:32 +0800] "POST /xingrg/all/common/load_combo.html?type=base HTTP/1.1" 200 3054
124.77.240.52 - - [13/Dec/2021:11:28:33 +0800] "POST /xingrg/kc/buy/cgsh_order_operate.html HTTP/1.1" 200 37
180.169.147.146 - - [13/Dec/2021:11:28:33 +0800] "GET /xingrg/all/function/internal_message.html?_=1639366115898&CODE_STATE=getMsg HTTP/1.1" 200 27
61.172.28.229 - - [13/Dec/2021:11:28:34 +0800] "GET /xingrg/all/function/internal_message.html?_=1639366115235&CODE_STATE=getMsg HTTP/1.1" 200 27
124.77.240.52 - - [13/Dec/2021:11:28:35 +0800] "POST /xingrg/kc/buy/cgsh_order_operate.html HTTP/1.1" 200 6800
61.172.28.229 - - [13/Dec/2021:11:28:35 +0800] "GET /xingrg/all/function/internal_message.html?_=1639366115829&CODE_STATE=getMsg HTTP/1.1" 200 27
116.238.208.177 - - [13/Dec/2021:11:28:36 +0800] "GET /xingrg/check_reg.html?_=1639366117218 HTTP/1.1" 200 22
116.233.76.72 - - [13/Dec/2021:11:28:37 +0800] "GET /xingrg/all/function/internal_message.html?_=1639366117534&CODE_STATE=getMsg HTTP/1.1" 200 27
124.77.240.52 - - [13/Dec/2021:11:28:38 +0800] "GET /xingrg/kc/print/load_data.html?order_code=212021121305239&kc_code=cgsh&condition= HTTP/1.1" 200 2294
116.238.208.177 - - [13/Dec/2021:11:28:39 +0800] "GET /xingrg/all/function/internal_message.html?_=1639366120657&CODE_STATE=getMsg HTTP/1.1" 200 27
172.20.0.100 - - [13/Dec/2021:11:28:45 +0800] "GET /xingrg/all/function/internal_message.html?_=1639366125446&CODE_STATE=getMsg HTTP/1.1" 200 27
101.85.120.86 - - [13/Dec/2021:11:28:46 +0800] "GET /xingrg/all/function/internal_message.html?_=1639366125763&CODE_STATE=getMsg HTTP/1.1" 200 27
124.77.240.52 - - [13/Dec/2021:11:28:49 +0800] "GET /xingrg/all/function/internal_message.html?_=1639366130603&CODE_STATE=getMsg HTTP/1.1" 200 27
180.169.147.146 - - [13/Dec/2021:11:28:52 +0800] "GET /xingrg/check_reg.html?_=1639366132581 HTTP/1.1" 200 22
180.169.147.146 - - [13/Dec/2021:11:28:52 +0800] "GET /xingrg/all/function/internal_message.html?_=1639366132586&CODE_STATE=getMsg HTTP/1.1" 200 27
114.85.125.222 - - [13/Dec/2021:11:28:53 +0800] "GET /xingrg/check_reg.html?_=1639366088961 HTTP/1.1" 302 -
222.70.176.97 - - [13/Dec/2021:11:28:56 +0800] "GET /xingrg/all/function/internal_message.html?_=1639366135762&CODE_STATE=getMsg HTTP/1.1" 200 27
222.70.176.97 - - [13/Dec/2021:11:28:57 +0800] "GET /xingrg/all/function/internal_message.html?_=1639366136878&CODE_STATE=getMsg HTTP/1.1" 200 27
180.162.110.111 - - [13/Dec/2021:11:28:59 +0800] "GET /xingrg/all/function/internal_message.html?_=1639365587972&CODE_STATE=getMsg HTTP/1.1" 200 27
116.238.248.233 - - [13/Dec/2021:11:28:59 +0800] "GET /xingrg/all/function/internal_message.html?_=1639366138244&CODE_STATE=getMsg HTTP/1.1" 200 27
116.238.248.233 - - [13/Dec/2021:11:28:59 +0800] "GET /xingrg/check_reg.html?_=1639366138246 HTTP/1.1" 200 22
114.83.219.237 - - [13/Dec/2021:11:29:00 +0800] "GET /xingrg/all/function/internal_message.html?_=1639366138002&CODE_STATE=getMsg HTTP/1.1" 200 27
180.169.147.146 - - [13/Dec/2021:11:29:02 +0800] "GET /xingrg/all/function/internal_message.html?_=1639366141234&CODE_STATE=getMsg HTTP/1.1" 200 27
124.77.240.52 - - [13/Dec/2021:11:29:06 +0800] "GET /xingrg/kc/buy/cgsh_order_add.html HTTP/1.1" 200 65026
172.20.0.100 - - [13/Dec/2021:11:29:07 +0800] "GET /xingrg/all/function/internal_message.html?_=1639366147193&CODE_STATE=getMsg HTTP/1.1" 200 27
124.77.240.52 - - [13/Dec/2021:11:29:08 +0800] "POST /xingrg/kc/buy/cgsh_order_operate.html HTTP/1.1" 200 8245
124.77.240.52 - - [13/Dec/2021:11:29:08 +0800] "GET /xingrg/javascript/easyui/themes/default/validatebox.css HTTP/1.1" 404 1104
116.227.210.113 - - [13/Dec/2021:11:29:13 +0800] "GET /xingrg/all/function/internal_message.html?_=1639366148924&CODE_STATE=getMsg HTTP/1.1" 200 27
61.172.28.229 - - [13/Dec/2021:11:29:15 +0800] "GET /xingrg/all/function/internal_message.html?_=1639366091312&CODE_STATE=getMsg HTTP/1.1" 200 27
222.70.176.97 - - [13/Dec/2021:11:29:16 +0800] "GET /xingrg/all/function/internal_message.html?_=1639365819589&CODE_STATE=getMsg HTTP/1.1" 302 -
114.83.219.237 - - [13/Dec/2021:11:29:17 +0800] "GET /xingrg/check_reg.html?_=1639366155671 HTTP/1.1" 200 22
172.20.0.100 - - [13/Dec/2021:11:29:19 +0800] "GET /xingrg/all/function/internal_message.html?_=1639366158780&CODE_STATE=getMsg HTTP/1.1" 200 27
116.238.248.233 - - [13/Dec/2021:11:29:19 +0800] "POST /xingrg/all/user/operate.html HTTP/1.1" 200 36
116.238.248.233 - - [13/Dec/2021:11:29:19 +0800] "GET /xingrg/javascript/jquery_easy_ui/themes/default/easyui.css HTTP/1.1" 304 -
116.238.248.233 - - [13/Dec/2021:11:29:19 +0800] "GET /xingrg/index.html?sysBaseUrl=http%3A%2F%2F180.169.147.146%3A18081%2Fxingrg%2F&costTime=39×tamp=1639357857888 HTTP/1.1" 200 17179
116.238.248.233 - - [13/Dec/2021:11:29:19 +0800] "GET /xingrg/javascript/jquery_easy_ui/themes/icon.css HTTP/1.1" 304 -
116.238.248.233 - - [13/Dec/2021:11:29:19 +0800] "GET /xingrg/css/form.css HTTP/1.1" 304 -
116.238.248.233 - - [13/Dec/2021:11:29:19 +0800] "GET /xingrg/javascript/jquery-1.4.2.min.js HTTP/1.1" 304 -
116.238.248.233 - - [13/Dec/2021:11:29:19 +0800] "GET /xingrg/javascript/jquery_easy_ui/jquery.easyui.min.js HTTP/1.1" 304 -
116.238.248.233 - - [13/Dec/2021:11:29:19 +0800] "GET /xingrg/javascript/jquery_easy_ui/easyui-lang-zh_CN.js HTTP/1.1" 304 -
116.238.248.233 - - [13/Dec/2021:11:29:19 +0800] "GET /xingrg/javascript/jquery.form.js HTTP/1.1" 304 -
116.238.248.233 - - [13/Dec/2021:11:29:19 +0800] "GET /xingrg/javascript/jquery.utils.js HTTP/1.1" 304 -
116.238.248.233 - - [13/Dec/2021:11:29:19 +0800] "GET /xingrg/javascript/jquery.timers.js HTTP/1.1" 304 -
116.238.248.233 - - [13/Dec/2021:11:29:19 +0800] "GET /xingrg/images/blue/jxLogo.png HTTP/1.1" 304 -
116.238.248.233 - - [13/Dec/2021:11:29:19 +0800] "GET /xingrg/images/blue/navBackgound.jpg HTTP/1.1" 304 -
116.238.248.233 - - [13/Dec/2021:11:29:19 +0800] "GET /xingrg/javascript/jquery_easy_ui/themes/icons/settle_new.png HTTP/1.1" 304 -
116.238.248.233 - - [13/Dec/2021:11:29:19 +0800] "POST /xingrg/all/common/load_tree.html?tree=area_rest_tree_json&manage=1 HTTP/1.1" 200 476
116.238.248.233 - - [13/Dec/2021:11:29:19 +0800] "GET /xingrg/all/function/internal_message.html?_=1639366158868&CODE_STATE=count HTTP/1.1" 200 11
116.238.248.233 - - [13/Dec/2021:11:29:19 +0800] "GET /xingrg/check_reg.html?_=1639366158870 HTTP/1.1" 200 22
116.238.248.233 - - [13/Dec/2021:11:29:19 +0800] "GET /xingrg/javascript/jquery_easy_ui/themes/default/images/panel_tool_collapse.gif HTTP/1.1" 304 -
116.238.248.233 - - [13/Dec/2021:11:29:19 +0800] "GET /xingrg/javascript/jquery_easy_ui/themes/default/images/tabs_leftarrow.png HTTP/1.1" 304 -
116.238.248.233 - - [13/Dec/2021:11:29:19 +0800] "GET /xingrg/javascript/jquery_easy_ui/themes/default/images/tabs_rightarrow.png HTTP/1.1" 304 -
116.238.248.233 - - [13/Dec/2021:11:29:19 +0800] "GET /xingrg/images/blue/pingpu.png HTTP/1.1" 304 -
116.238.248.233 - - [13/Dec/2021:11:29:20 +0800] "POST /xingrg/load_menu.html HTTP/1.1" 200 5138
222.70.176.97 - - [13/Dec/2021:11:29:20 +0800] "GET /xingrg/kc/base/wldb_order_operate.html?command=get_materiel&rest_code=00111&base_code=0010306&code=00102002304 HTTP/1.1" 200 449
180.169.147.146 - - [13/Dec/2021:11:29:21 +0800] "GET /xingrg/all/function/internal_message.html?_=1639366160304&CODE_STATE=getMsg HTTP/1.1" 200 27
116.238.248.233 - - [13/Dec/2021:11:29:22 +0800] "GET /xingrg/kc/base/wldb_order_list.html HTTP/1.1" 200 19066
116.238.248.233 - - [13/Dec/2021:11:29:23 +0800] "POST /xingrg/kc/base/wldb_list_operate.html HTTP/1.1" 200 928
124.78.153.86 - - [13/Dec/2021:11:29:24 +0800] "GET /xingrg/all/function/internal_message.html?_=1639366162509&CODE_STATE=getMsg HTTP/1.1" 200 27
116.238.248.233 - - [13/Dec/2021:11:29:24 +0800] "GET /xingrg/kc/base/wldb_order_add.html HTTP/1.1" 200 30280
116.238.248.233 - - [13/Dec/2021:11:29:24 +0800] "GET /xingrg/words/20211213111008_words.js HTTP/1.1" 200 878600
124.78.153.86 - - [13/Dec/2021:11:29:24 +0800] "GET /xingrg/check_reg.html?_=1639366163057 HTTP/1.1" 200 22
116.238.248.233 - - [13/Dec/2021:11:29:25 +0800] "POST /xingrg/kc/base/wldb_order_operate.html HTTP/1.1" 200 6806
116.238.248.233 - - [13/Dec/2021:11:29:25 +0800] "GET /xingrg/all/common/auto_word.html?type=base&rest_code=00150 HTTP/1.1" 200 1649
116.238.248.233 - - [13/Dec/2021:11:29:25 +0800] "GET /xingrg/all/common/auto_word.html?type=base&rest_code=00150 HTTP/1.1" 200 1649
116.238.248.233 - - [13/Dec/2021:11:29:25 +0800] "GET /xingrg/javascript/easyui/themes/default/validatebox.css HTTP/1.1" 404 1104
116.238.248.233 - - [13/Dec/2021:11:29:27 +0800] "GET /xingrg/javascript/auto/indicator.gif HTTP/1.1" 404 1066
124.77.240.52 - - [13/Dec/2021:11:29:32 +0800] "GET /xingrg/kc/buy/cgsh_order_operate.html?command=get_materiel&rest_code=00146&code=00101006130&supplier_code=00100012&order_time=2021-12-13 HTTP/1.1" 200 427
180.169.147.146 - - [13/Dec/2021:11:29:33 +0800] "GET /xingrg/all/function/internal_message.html?_=1639366175882&CODE_STATE=getMsg HTTP/1.1" 200 27
61.172.28.229 - - [13/Dec/2021:11:29:34 +0800] "GET /xingrg/all/function/internal_message.html?_=1639366175236&CODE_STATE=getMsg HTTP/1.1" 200 27
61.172.28.229 - - [13/Dec/2021:11:29:35 +0800] "GET /xingrg/all/function/internal_message.html?_=1639366175829&CODE_STATE=getMsg HTTP/1.1" 200 27
116.238.248.233 - - [13/Dec/2021:11:29:37 +0800] "GET /xingrg/kc/base/wldb_order_operate.html?command=get_materiel&rest_code=00150&base_code=0010445&code=00101016086 HTTP/1.1" 200 468
116.233.76.72 - - [13/Dec/2021:11:29:37 +0800] "GET /xingrg/all/function/internal_message.html?_=1639366177534&CODE_STATE=getMsg HTTP/1.1" 200 27
222.70.176.97 - - [13/Dec/2021:11:29:39 +0800] "POST /xingrg/kc/base/wldb_order_operate.html HTTP/1.1" 200 37
116.238.208.177 - - [13/Dec/2021:11:29:39 +0800] "GET /xingrg/all/function/internal_message.html?_=1639366180665&CODE_STATE=getMsg HTTP/1.1" 200 27
222.70.176.97 - - [13/Dec/2021:11:29:41 +0800] "POST /xingrg/kc/base/wldb_order_operate.html HTTP/1.1" 200 12
222.70.176.97 - - [13/Dec/2021:11:29:41 +0800] "POST /xingrg/kc/base/wldb_order_operate.html HTTP/1.1" 200 2685
222.70.176.97 - - [13/Dec/2021:11:29:42 +0800] "GET /xingrg/kc/base/wldb_order_info.html?code=422021121301366 HTTP/1.1" 200 26146
222.70.176.97 - - [13/Dec/2021:11:29:42 +0800] "GET /xingrg/javascript/easyui/themes/default/validatebox.css HTTP/1.1" 404 1104
222.70.176.97 - - [13/Dec/2021:11:29:43 +0800] "POST /xingrg/kc/base/wldb_order_operate.html HTTP/1.1" 200 968
116.238.248.233 - - [13/Dec/2021:11:29:43 +0800] "GET /xingrg/kc/base/wldb_order_operate.html?command=get_materiel&rest_code=00150&base_code=0010445&code=00101019133 HTTP/1.1" 200 466
222.70.176.97 - - [13/Dec/2021:11:29:45 +0800] "GET /xingrg/kc/base/wldb_order_add.html HTTP/1.1" 200 30270
222.70.176.97 - - [13/Dec/2021:11:29:45 +0800] "POST /xingrg/kc/base/wldb_order_operate.html HTTP/1.1" 200 6806
172.20.0.100 - - [13/Dec/2021:11:29:45 +0800] "GET /xingrg/all/function/internal_message.html?_=1639366185454&CODE_STATE=getMsg HTTP/1.1" 200 27
222.70.176.97 - - [13/Dec/2021:11:29:45 +0800] "GET /xingrg/javascript/easyui/themes/default/validatebox.css HTTP/1.1" 404 1104
222.70.176.97 - - [13/Dec/2021:11:29:46 +0800] "POST /xingrg/all/common/load_combo.html?type=base HTTP/1.1" 200 3054
101.85.120.86 - - [13/Dec/2021:11:29:46 +0800] "GET /xingrg/all/function/internal_message.html?_=1639366185763&CODE_STATE=getMsg HTTP/1.1" 200 27
124.77.240.52 - - [13/Dec/2021:11:29:46 +0800] "GET /xingrg/kc/buy/cgsh_order_operate.html?command=get_materiel&rest_code=00146&code=00101006109&supplier_code=00100012&order_time=2021-12-13 HTTP/1.1" 200 409
116.238.248.233 - - [13/Dec/2021:11:29:48 +0800] "GET /xingrg/kc/base/wldb_order_operate.html?command=get_materiel&rest_code=00150&base_code=0010445&code=00101019127 HTTP/1.1" 200 464
124.77.240.52 - - [13/Dec/2021:11:29:49 +0800] "GET /xingrg/all/function/internal_message.html?_=1639366190617&CODE_STATE=getMsg HTTP/1.1" 200 27
222.70.176.97 - - [13/Dec/2021:11:29:49 +0800] "POST /xingrg/all/common/load_combo.html?type=base HTTP/1.1" 200 3054
180.169.147.146 - - [13/Dec/2021:11:29:52 +0800] "GET /xingrg/all/function/internal_message.html?_=1639366192578&CODE_STATE=getMsg HTTP/1.1" 200 27
116.238.248.233 - - [13/Dec/2021:11:29:53 +0800] "GET /xingrg/kc/base/wldb_order_operate.html?command=get_materiel&rest_code=00150&base_code=0010445&code=00101019400 HTTP/1.1" 200 451
222.70.176.97 - - [13/Dec/2021:11:29:56 +0800] "GET /xingrg/all/function/internal_message.html?_=1639366195762&CODE_STATE=getMsg HTTP/1.1" 200 27
124.77.240.52 - - [13/Dec/2021:11:29:57 +0800] "GET /xingrg/kc/buy/cgsh_order_operate.html?command=get_materiel&rest_code=00146&code=00101006111&supplier_code=00100012&order_time=2021-12-13 HTTP/1.1" 200 409
222.70.176.97 - - [13/Dec/2021:11:29:57 +0800] "GET /xingrg/all/function/internal_message.html?_=1639366196859&CODE_STATE=getMsg HTTP/1.1" 200 27
222.70.176.97 - - [13/Dec/2021:11:29:58 +0800] "GET /xingrg/check_reg.html?_=1639366198028 HTTP/1.1" 200 22
222.70.176.97 - - [13/Dec/2021:11:29:58 +0800] "GET /xingrg/kc/base/wldb_order_operate.html?command=get_materiel&rest_code=00111&base_code=0010283&code=00101019185 HTTP/1.1" 200 453
180.162.110.111 - - [13/Dec/2021:11:29:59 +0800] "GET /xingrg/all/function/internal_message.html?_=1639365647972&CODE_STATE=getMsg HTTP/1.1" 200 27
114.83.219.237 - - [13/Dec/2021:11:29:59 +0800] "GET /xingrg/all/function/internal_message.html?_=1639366197981&CODE_STATE=getMsg HTTP/1.1" 200 27
116.238.248.233 - - [13/Dec/2021:11:30:00 +0800] "GET /xingrg/kc/base/wldb_order_operate.html?command=get_materiel&rest_code=00150&base_code=0010445&code=00101019527 HTTP/1.1" 200 472
180.169.147.146 - - [13/Dec/2021:11:30:02 +0800] "GET /xingrg/check_reg.html?_=1639366201227 HTTP/1.1" 200 22
180.169.147.146 - - [13/Dec/2021:11:30:02 +0800] "GET /xingrg/all/function/internal_message.html?_=1639366201230&CODE_STATE=getMsg HTTP/1.1" 200 27
172.20.0.100 - - [13/Dec/2021:11:30:03 +0800] "GET /xingrg/javascript/auto/indicator.gif HTTP/1.1" 404 1066
172.20.0.100 - - [13/Dec/2021:11:30:06 +0800] "POST /xingrg/kc/buy/cgsh_list_operate.html HTTP/1.1" 200 876
124.77.240.52 - - [13/Dec/2021:11:30:07 +0800] "GET /xingrg/kc/buy/cgsh_order_operate.html?command=get_materiel&rest_code=00146&code=00101006184&supplier_code=00100012&order_time=2021-12-13 HTTP/1.1" 200 408
222.70.176.97 - - [13/Dec/2021:11:30:11 +0800] "GET /xingrg/kc/base/wldb_order_operate.html?command=get_materiel&rest_code=00111&base_code=0010283&code=00101019183 HTTP/1.1" 200 434
116.227.210.113 - - [13/Dec/2021:11:30:13 +0800] "GET /xingrg/check_reg.html?_=1639366208370 HTTP/1.1" 200 22
116.227.210.113 - - [13/Dec/2021:11:30:13 +0800] "GET /xingrg/all/function/internal_message.html?_=1639366208910&CODE_STATE=getMsg HTTP/1.1" 200 27
61.172.28.229 - - [13/Dec/2021:11:30:15 +0800] "GET /xingrg/all/function/internal_message.html?_=1639366151297&CODE_STATE=getMsg HTTP/1.1" 200 27
222.70.176.97 - - [13/Dec/2021:11:30:16 +0800] "GET /xingrg/all/function/internal_message.html?_=1639365879589&CODE_STATE=getMsg HTTP/1.1" 302 -
172.20.0.100 - - [13/Dec/2021:11:30:19 +0800] "GET /xingrg/all/function/internal_message.html?_=1639366218778&CODE_STATE=getMsg HTTP/1.1" 200 27
116.238.248.233 - - [13/Dec/2021:11:30:19 +0800] "GET /xingrg/all/function/internal_message.html?_=1639366218882&CODE_STATE=getMsg HTTP/1.1" 200 27
116.238.248.233 - - [13/Dec/2021:11:30:20 +0800] "GET /xingrg/kc/base/wldb_order_operate.html?command=get_materiel&rest_code=00150&base_code=0010445&code=00101019185 HTTP/1.1" 200 453
124.77.240.52 - - [13/Dec/2021:11:30:21 +0800] "GET /xingrg/kc/buy/cgsh_order_operate.html?command=get_materiel&rest_code=00146&code=00101006065&supplier_code=00100012&order_time=2021-12-13 HTTP/1.1" 200 429
180.169.147.146 - - [13/Dec/2021:11:30:21 +0800] "GET /xingrg/all/function/internal_message.html?_=1639366220287&CODE_STATE=getMsg HTTP/1.1" 200 27
124.77.240.52 - - [13/Dec/2021:11:30:21 +0800] "GET /xingrg/check_reg.html?_=1639366222165 HTTP/1.1" 302 -
172.20.0.100 - - [13/Dec/2021:11:30:21 +0800] "POST /xingrg/kc/buy/cgsh_list_operate.html HTTP/1.1" 200 4104
180.169.147.146 - - [13/Dec/2021:11:30:22 +0800] "GET /xingrg/check_reg.html?_=1639366224118 HTTP/1.1" 200 22
172.20.0.100 - - [13/Dec/2021:11:30:23 +0800] "POST /xingrg/kc/buy/cgsh_list_operate.html HTTP/1.1" 200 198
124.78.153.86 - - [13/Dec/2021:11:30:24 +0800] "GET /xingrg/all/function/internal_message.html?_=1639366222487&CODE_STATE=getMsg HTTP/1.1" 200 27
116.238.248.233 - - [13/Dec/2021:11:30:32 +0800] "GET /xingrg/kc/base/wldb_order_operate.html?command=get_materiel&rest_code=00150&base_code=0010445&code=00101019111 HTTP/1.1" 200 453
180.169.147.146 - - [13/Dec/2021:11:30:33 +0800] "GET /xingrg/all/function/internal_message.html?_=1639366235854&CODE_STATE=getMsg HTTP/1.1" 200 27
61.172.28.229 - - [13/Dec/2021:11:30:34 +0800] "GET /xingrg/all/function/internal_message.html?_=1639366235236&CODE_STATE=getMsg HTTP/1.1" 200 27
61.172.28.229 - - [13/Dec/2021:11:30:35 +0800] "GET /xingrg/all/function/internal_message.html?_=1639366235829&CODE_STATE=getMsg HTTP/1.1" 200 27
116.233.76.72 - - [13/Dec/2021:11:30:37 +0800] "GET /xingrg/all/function/internal_message.html?_=1639366237538&CODE_STATE=getMsg HTTP/1.1" 200 27
116.238.248.233 - - [13/Dec/2021:11:30:40 +0800] "GET /xingrg/kc/base/wldb_order_operate.html?command=get_materiel&rest_code=00150&base_code=0010445&code=00101013090 HTTP/1.1" 200 428
116.238.208.177 - - [13/Dec/2021:11:30:40 +0800] "GET /xingrg/all/function/internal_message.html?_=1639366241338&CODE_STATE=getMsg HTTP/1.1" 200 27
172.20.0.100 - - [13/Dec/2021:11:30:45 +0800] "GET /xingrg/all/function/internal_message.html?_=1639366245457&CODE_STATE=getMsg HTTP/1.1" 200 27
172.20.0.100 - - [13/Dec/2021:11:30:45 +0800] "POST /xingrg/kc/buy/cgsh_list_operate.html HTTP/1.1" 200 602
101.85.120.86 - - [13/Dec/2021:11:30:46 +0800] "GET /xingrg/all/function/internal_message.html?_=1639366245762&CODE_STATE=getMsg HTTP/1.1" 200 27
116.238.248.233 - - [13/Dec/2021:11:30:47 +0800] "GET /xingrg/kc/base/wldb_order_operate.html?command=get_materiel&rest_code=00150&base_code=0010445&code=00101010222 HTTP/1.1" 200 446
124.77.240.52 - - [13/Dec/2021:11:30:49 +0800] "GET /xingrg/all/function/internal_message.html?_=1639366250631&CODE_STATE=getMsg HTTP/1.1" 200 27
222.70.176.97 - - [13/Dec/2021:11:30:51 +0800] "POST /xingrg/kc/base/wldb_order_operate.html HTTP/1.1" 200 37
180.169.147.146 - - [13/Dec/2021:11:30:52 +0800] "GET /xingrg/all/function/internal_message.html?_=1639366252599&CODE_STATE=getMsg HTTP/1.1" 200 27
222.70.176.97 - - [13/Dec/2021:11:30:53 +0800] "POST /xingrg/kc/base/wldb_order_operate.html HTTP/1.1" 200 12
222.70.176.97 - - [13/Dec/2021:11:30:53 +0800] "POST /xingrg/kc/base/wldb_order_operate.html HTTP/1.1" 200 4195
116.238.248.233 - - [13/Dec/2021:11:30:54 +0800] "GET /xingrg/kc/base/wldb_order_operate.html?command=get_materiel&rest_code=00150&base_code=0010445&code=00101016076 HTTP/1.1" 200 477
172.20.0.100 - - [13/Dec/2021:11:30:54 +0800] "POST /xingrg/kc/buy/cgsh_list_operate.html HTTP/1.1" 200 206
222.70.176.97 - - [13/Dec/2021:11:30:54 +0800] "GET /xingrg/kc/base/wldb_order_info.html?code=422021121301367 HTTP/1.1" 200 26147
222.70.176.97 - - [13/Dec/2021:11:30:55 +0800] "GET /xingrg/javascript/easyui/themes/default/validatebox.css HTTP/1.1" 404 1104
222.70.176.97 - - [13/Dec/2021:11:30:55 +0800] "POST /xingrg/kc/base/wldb_order_operate.html HTTP/1.1" 200 2445
222.70.176.97 - - [13/Dec/2021:11:30:56 +0800] "GET /xingrg/all/function/internal_message.html?_=1639366255764&CODE_STATE=getMsg HTTP/1.1" 200 27
222.70.176.97 - - [13/Dec/2021:11:30:57 +0800] "GET /xingrg/all/function/internal_message.html?_=1639366256837&CODE_STATE=getMsg HTTP/1.1" 200 27
180.162.110.111 - - [13/Dec/2021:11:30:59 +0800] "GET /xingrg/all/function/internal_message.html?_=1639365707971&CODE_STATE=getMsg HTTP/1.1" 200 27
114.83.219.237 - - [13/Dec/2021:11:30:59 +0800] "GET /xingrg/all/function/internal_message.html?_=1639366257969&CODE_STATE=getMsg HTTP/1.1" 200 27
222.70.176.97 - - [13/Dec/2021:11:31:00 +0800] "GET /xingrg/kc/base/wldb_order_add.html HTTP/1.1" 200 30270
222.70.176.97 - - [13/Dec/2021:11:31:01 +0800] "POST /xingrg/kc/base/wldb_order_operate.html HTTP/1.1" 200 6806
222.70.176.97 - - [13/Dec/2021:11:31:01 +0800] "GET /xingrg/javascript/easyui/themes/default/validatebox.css HTTP/1.1" 404 1104
180.169.147.146 - - [13/Dec/2021:11:31:02 +0800] "GET /xingrg/all/function/internal_message.html?_=1639366261241&CODE_STATE=getMsg HTTP/1.1" 200 27
222.70.176.97 - - [13/Dec/2021:11:31:03 +0800] "POST /xingrg/all/common/load_combo.html?type=base HTTP/1.1" 200 3054
124.77.240.52 - - [13/Dec/2021:11:31:04 +0800] "GET /xingrg/kc/buy/cgsh_order_operate.html?command=get_materiel&rest_code=00146&code=00101006123&supplier_code=00100012&order_time=2021-12-13 HTTP/1.1" 200 409
222.70.176.97 - - [13/Dec/2021:11:31:07 +0800] "POST /xingrg/all/common/load_combo.html?type=base HTTP/1.1" 200 3054
116.227.210.113 - - [13/Dec/2021:11:31:13 +0800] "GET /xingrg/all/function/internal_message.html?_=1639366268883&CODE_STATE=getMsg HTTP/1.1" 200 27
61.172.28.229 - - [13/Dec/2021:11:31:15 +0800] "GET /xingrg/all/function/internal_message.html?_=1639366211278&CODE_STATE=getMsg HTTP/1.1" 200 27
61.172.28.229 - - [13/Dec/2021:11:31:15 +0800] "GET /xingrg/check_reg.html?_=1639366211547 HTTP/1.1" 200 22
222.70.176.97 - - [13/Dec/2021:11:31:16 +0800] "GET /xingrg/all/function/internal_message.html?_=1639365939590&CODE_STATE=getMsg HTTP/1.1" 302 -
172.20.0.100 - - [13/Dec/2021:11:31:19 +0800] "GET /xingrg/check_reg.html?_=1639366278781 HTTP/1.1" 200 22
172.20.0.100 - - [13/Dec/2021:11:31:19 +0800] "GET /xingrg/all/function/internal_message.html?_=1639366278782&CODE_STATE=getMsg HTTP/1.1" 200 27
116.238.248.233 - - [13/Dec/2021:11:31:19 +0800] "GET /xingrg/all/function/internal_message.html?_=1639366278880&CODE_STATE=getMsg HTTP/1.1" 200 27
180.169.147.146 - - [13/Dec/2021:11:31:21 +0800] "GET /xingrg/all/function/internal_message.html?_=1639366280271&CODE_STATE=getMsg HTTP/1.1" 200 27
180.169.147.146 - - [13/Dec/2021:11:31:21 +0800] "GET /xingrg/check_reg.html?_=1639366280522 HTTP/1.1" 200 22
124.78.153.86 - - [13/Dec/2021:11:31:24 +0800] "GET /xingrg/all/function/internal_message.html?_=1639366282469&CODE_STATE=getMsg HTTP/1.1" 200 27
124.77.240.52 - - [13/Dec/2021:11:31:25 +0800] "GET /xingrg/kc/buy/cgsh_order_operate.html?command=get_materiel&rest_code=00146&code=00101006174&supplier_code=00100012&order_time=2021-12-13 HTTP/1.1" 200 414
180.169.147.146 - - [13/Dec/2021:11:31:33 +0800] "GET /xingrg/all/function/internal_message.html?_=1639366295840&CODE_STATE=getMsg HTTP/1.1" 200 27
61.172.28.229 - - [13/Dec/2021:11:31:34 +0800] "GET /xingrg/check_reg.html?_=1639366295237 HTTP/1.1" 200 22
61.172.28.229 - - [13/Dec/2021:11:31:34 +0800] "GET /xingrg/all/function/internal_message.html?_=1639366295240&CODE_STATE=getMsg HTTP/1.1" 200 27
61.172.28.229 - - [13/Dec/2021:11:31:35 +0800] "GET /xingrg/check_reg.html?_=1639366295829 HTTP/1.1" 200 22
61.172.28.229 - - [13/Dec/2021:11:31:35 +0800] "GET /xingrg/all/function/internal_message.html?_=1639366295832&CODE_STATE=getMsg HTTP/1.1" 200 27
116.233.76.72 - - [13/Dec/2021:11:31:37 +0800] "GET /xingrg/all/function/internal_message.html?_=1639366297521&CODE_STATE=getMsg HTTP/1.1" 200 27
116.233.76.72 - - [13/Dec/2021:11:31:37 +0800] "GET /xingrg/check_reg.html?_=1639366297522 HTTP/1.1" 200 22
124.77.240.52 - - [13/Dec/2021:11:31:39 +0800] "GET /xingrg/kc/buy/cgsh_order_operate.html?command=get_materiel&rest_code=00146&code=00101006127&supplier_code=00100012&order_time=2021-12-13 HTTP/1.1" 200 423
116.238.208.177 - - [13/Dec/2021:11:31:40 +0800] "GET /xingrg/all/function/internal_message.html?_=1639366301348&CODE_STATE=getMsg HTTP/1.1" 200 27
172.20.0.100 - - [13/Dec/2021:11:31:45 +0800] "GET /xingrg/all/function/internal_message.html?_=1639366305451&CODE_STATE=getMsg HTTP/1.1" 200 27
172.20.0.100 - - [13/Dec/2021:11:31:45 +0800] "GET /xingrg/check_reg.html?_=1639366305452 HTTP/1.1" 200 22
101.85.120.86 - - [13/Dec/2021:11:31:46 +0800] "GET /xingrg/check_reg.html?_=1639366305763 HTTP/1.1" 200 22
101.85.120.86 - - [13/Dec/2021:11:31:46 +0800] "GET /xingrg/all/function/internal_message.html?_=1639366305765&CODE_STATE=getMsg HTTP/1.1" 200 27
124.77.240.52 - - [13/Dec/2021:11:31:49 +0800] "GET /xingrg/all/function/internal_message.html?_=1639366310644&CODE_STATE=getMsg HTTP/1.1" 200 27
180.169.147.146 - - [13/Dec/2021:11:31:52 +0800] "GET /xingrg/all/function/internal_message.html?_=1639366312597&CODE_STATE=getMsg HTTP/1.1" 200 27
124.77.240.52 - - [13/Dec/2021:11:31:54 +0800] "GET /xingrg/kc/buy/cgsh_order_operate.html?command=get_materiel&rest_code=00146&code=00101023022&supplier_code=00100012&order_time=2021-12-13 HTTP/1.1" 200 392
222.70.176.97 - - [13/Dec/2021:11:31:56 +0800] "GET /xingrg/kc/base/wldb_order_operate.html?command=get_materiel&rest_code=00111&base_code=0010283&code=00101019375 HTTP/1.1" 200 465
222.70.176.97 - - [13/Dec/2021:11:31:56 +0800] "GET /xingrg/check_reg.html?_=1639366315764 HTTP/1.1" 200 22
222.70.176.97 - - [13/Dec/2021:11:31:56 +0800] "GET /xingrg/all/function/internal_message.html?_=1639366315768&CODE_STATE=getMsg HTTP/1.1" 200 27
222.70.176.97 - - [13/Dec/2021:11:31:57 +0800] "GET /xingrg/all/function/internal_message.html?_=1639366316818&CODE_STATE=getMsg HTTP/1.1" 200 27
180.162.110.111 - - [13/Dec/2021:11:31:59 +0800] "GET /xingrg/check_reg.html?_=1639365767974 HTTP/1.1" 200 22
180.162.110.111 - - [13/Dec/2021:11:31:59 +0800] "GET /xingrg/all/function/internal_message.html?_=1639365767971&CODE_STATE=getMsg HTTP/1.1" 200 27
114.83.219.237 - - [13/Dec/2021:11:31:59 +0800] "GET /xingrg/all/function/internal_message.html?_=1639366317956&CODE_STATE=getMsg HTTP/1.1" 200 27
180.169.147.146 - - [13/Dec/2021:11:32:02 +0800] "GET /xingrg/all/function/internal_message.html?_=1639366321246&CODE_STATE=getMsg HTTP/1.1" 200 27
222.70.176.97 - - [13/Dec/2021:11:32:06 +0800] "GET /xingrg/kc/base/wldb_order_operate.html?command=get_materiel&rest_code=00111&base_code=0010283&code=00101019529 HTTP/1.1" 200 475
124.77.240.52 - - [13/Dec/2021:11:32:09 +0800] "POST /xingrg/kc/buy/cgsh_order_operate.html HTTP/1.1" 200 37
61.151.178.177 - - [13/Dec/2021:11:32:09 +0800] "GET /xingrg/all/function/internal_message.html?_=1639362263899&CODE_STATE=getMsg HTTP/1.1" 302 -
124.77.240.52 - - [13/Dec/2021:11:32:11 +0800] "POST /xingrg/kc/buy/cgsh_order_operate.html HTTP/1.1" 200 8009
124.77.240.52 - - [13/Dec/2021:11:32:13 +0800] "GET /xingrg/kc/print/load_data.html?order_code=212021121305240&kc_code=cgsh&condition= HTTP/1.1" 200 2824
116.227.210.113 - - [13/Dec/2021:11:32:13 +0800] "GET /xingrg/all/function/internal_message.html?_=1639366328867&CODE_STATE=getMsg HTTP/1.1" 200 27
61.151.178.177 - - [13/Dec/2021:11:32:14 +0800] "GET /xingrg/login.html HTTP/1.1" 200 7641
61.172.28.229 - - [13/Dec/2021:11:32:15 +0800] "GET /xingrg/all/function/internal_message.html?_=1639366271251&CODE_STATE=getMsg HTTP/1.1" 200 27
222.70.176.97 - - [13/Dec/2021:11:32:16 +0800] "GET /xingrg/all/function/internal_message.html?_=1639365999590&CODE_STATE=getMsg HTTP/1.1" 302 -
172.20.0.100 - - [13/Dec/2021:11:32:19 +0800] "GET /xingrg/all/function/internal_message.html?_=1639366338784&CODE_STATE=getMsg HTTP/1.1" 200 27
116.238.248.233 - - [13/Dec/2021:11:32:19 +0800] "GET /xingrg/all/function/internal_message.html?_=1639366338888&CODE_STATE=getMsg HTTP/1.1" 200 27
222.70.176.97 - - [13/Dec/2021:11:32:20 +0800] "GET /xingrg/kc/base/wldb_order_operate.html?command=get_materiel&rest_code=00111&base_code=0010283&code=00101013139 HTTP/1.1" 200 451
180.169.147.146 - - [13/Dec/2021:11:32:21 +0800] "GET /xingrg/all/function/internal_message.html?_=1639366340255&CODE_STATE=getMsg HTTP/1.1" 200 27
124.78.153.86 - - [13/Dec/2021:11:32:24 +0800] "GET /xingrg/all/function/internal_message.html?_=1639366342439&CODE_STATE=getMsg HTTP/1.1" 200 27
124.77.240.52 - - [13/Dec/2021:11:32:33 +0800] "GET /xingrg/kc/buy/cgsh_order_add.html HTTP/1.1" 200 65026
180.169.147.146 - - [13/Dec/2021:11:32:33 +0800] "GET /xingrg/all/function/internal_message.html?_=1639366355826&CODE_STATE=getMsg HTTP/1.1" 200 27
124.77.240.52 - - [13/Dec/2021:11:32:34 +0800] "POST /xingrg/kc/buy/cgsh_order_operate.html HTTP/1.1" 200 8245
124.77.240.52 - - [13/Dec/2021:11:32:34 +0800] "GET /xingrg/javascript/easyui/themes/default/validatebox.css HTTP/1.1" 404 1104
61.172.28.229 - - [13/Dec/2021:11:32:34 +0800] "GET /xingrg/all/function/internal_message.html?_=1639366355240&CODE_STATE=getMsg HTTP/1.1" 200 27
61.172.28.229 - - [13/Dec/2021:11:32:35 +0800] "GET /xingrg/all/function/internal_message.html?_=1639366355843&CODE_STATE=getMsg HTTP/1.1" 200 27
116.233.76.72 - - [13/Dec/2021:11:32:37 +0800] "GET /xingrg/all/function/internal_message.html?_=1639366357530&CODE_STATE=getMsg HTTP/1.1" 200 27
222.70.176.97 - - [13/Dec/2021:11:32:40 +0800] "GET /xingrg/kc/base/wldb_order_operate.html?command=get_materiel&rest_code=00111&base_code=0010283&code=00101019391 HTTP/1.1" 200 471
116.238.208.177 - - [13/Dec/2021:11:32:40 +0800] "GET /xingrg/all/function/internal_message.html?_=1639366361666&CODE_STATE=getMsg HTTP/1.1" 200 27
222.70.176.97 - - [13/Dec/2021:11:32:45 +0800] "POST /xingrg/kc/base/wldb_order_operate.html HTTP/1.1" 200 37
172.20.0.100 - - [13/Dec/2021:11:32:45 +0800] "GET /xingrg/all/function/internal_message.html?_=1639366365453&CODE_STATE=getMsg HTTP/1.1" 200 27
101.85.120.86 - - [13/Dec/2021:11:32:46 +0800] "GET /xingrg/all/function/internal_message.html?_=1639366365765&CODE_STATE=getMsg HTTP/1.1" 200 27
120.253.135.82 - - [13/Dec/2021:11:32:46 +0800] "GET /xingrg/check_reg.html?_=1639366144798 HTTP/1.1" 200 22
222.70.176.97 - - [13/Dec/2021:11:32:49 +0800] "POST /xingrg/kc/base/wldb_order_operate.html HTTP/1.1" 200 2086
124.77.240.52 - - [13/Dec/2021:11:32:49 +0800] "GET /xingrg/all/function/internal_message.html?_=1639366370658&CODE_STATE=getMsg HTTP/1.1" 200 27
116.238.248.233 - - [13/Dec/2021:11:32:50 +0800] "POST /xingrg/kc/base/wldb_order_operate.html HTTP/1.1" 200 37
222.70.176.97 - - [13/Dec/2021:11:32:50 +0800] "POST /xingrg/kc/base/wldb_order_operate.html HTTP/1.1" 200 12
116.238.248.233 - - [13/Dec/2021:11:32:50 +0800] "POST /xingrg/kc/base/wldb_order_operate.html HTTP/1.1" 200 6698
180.169.147.146 - - [13/Dec/2021:11:32:52 +0800] "GET /xingrg/all/function/internal_message.html?_=1639366372596&CODE_STATE=getMsg HTTP/1.1" 200 27
124.77.240.52 - - [13/Dec/2021:11:32:53 +0800] "GET /xingrg/kc/buy/cgsh_order_operate.html?command=get_materiel&rest_code=00146&code=00101004030&supplier_code=00100199&order_time=2021-12-13 HTTP/1.1" 200 408
116.238.248.233 - - [13/Dec/2021:11:32:53 +0800] "POST /xingrg/kc/base/wldb_order_operate.html HTTP/1.1" 200 12
124.77.240.52 - - [13/Dec/2021:11:32:53 +0800] "GET /xingrg/check_reg.html?_=1639366374620 HTTP/1.1" 200 22
222.70.176.97 - - [13/Dec/2021:11:32:53 +0800] "GET /xingrg/kc/base/wldb_order_info.html?code=422021121301368 HTTP/1.1" 200 26146
222.70.176.97 - - [13/Dec/2021:11:32:54 +0800] "GET /xingrg/javascript/easyui/themes/default/validatebox.css HTTP/1.1" 404 1104
222.70.176.97 - - [13/Dec/2021:11:32:54 +0800] "POST /xingrg/kc/base/wldb_order_operate.html HTTP/1.1" 200 2451
222.70.176.97 - - [13/Dec/2021:11:32:56 +0800] "GET /xingrg/all/function/internal_message.html?_=1639366375757&CODE_STATE=getMsg HTTP/1.1" 200 27
222.70.176.97 - - [13/Dec/2021:11:32:57 +0800] "GET /xingrg/all/function/internal_message.html?_=1639366376793&CODE_STATE=getMsg HTTP/1.1" 200 27
180.162.110.111 - - [13/Dec/2021:11:32:59 +0800] "GET /xingrg/all/function/internal_message.html?_=1639365827973&CODE_STATE=getMsg HTTP/1.1" 200 27
114.83.219.237 - - [13/Dec/2021:11:32:59 +0800] "GET /xingrg/all/function/internal_message.html?_=1639366377941&CODE_STATE=getMsg HTTP/1.1" 200 27
116.238.248.233 - - [13/Dec/2021:11:33:00 +0800] "GET /xingrg/kc/base/wldb_order_info.html?code=422021121301369 HTTP/1.1" 200 26159
116.238.248.233 - - [13/Dec/2021:11:33:01 +0800] "GET /xingrg/words/20211213111008_words.js HTTP/1.1" 304 -
116.238.248.233 - - [13/Dec/2021:11:33:01 +0800] "GET /xingrg/javascript/easyui/themes/default/validatebox.css HTTP/1.1" 404 1104
116.238.248.233 - - [13/Dec/2021:11:33:01 +0800] "POST /xingrg/kc/base/wldb_order_operate.html HTTP/1.1" 200 4891
180.169.147.146 - - [13/Dec/2021:11:33:02 +0800] "GET /xingrg/all/function/internal_message.html?_=1639366381233&CODE_STATE=getMsg HTTP/1.1" 200 27
222.70.176.97 - - [13/Dec/2021:11:33:02 +0800] "GET /xingrg/kc/base/wldb_order_add.html HTTP/1.1" 200 30270
222.70.176.97 - - [13/Dec/2021:11:33:03 +0800] "POST /xingrg/kc/base/wldb_order_operate.html HTTP/1.1" 200 6806
222.70.176.97 - - [13/Dec/2021:11:33:03 +0800] "GET /xingrg/javascript/easyui/themes/default/validatebox.css HTTP/1.1" 404 1104
116.238.248.233 - - [13/Dec/2021:11:33:04 +0800] "GET /xingrg/kc/base/wldb_order_add.html HTTP/1.1" 200 30280
116.238.248.233 - - [13/Dec/2021:11:33:04 +0800] "POST /xingrg/kc/base/wldb_order_operate.html HTTP/1.1" 200 6806
116.238.248.233 - - [13/Dec/2021:11:33:04 +0800] "GET /xingrg/javascript/easyui/themes/default/validatebox.css HTTP/1.1" 404 1104
222.70.176.97 - - [13/Dec/2021:11:33:05 +0800] "POST /xingrg/all/common/load_combo.html?type=base HTTP/1.1" 200 3054
124.77.240.52 - - [13/Dec/2021:11:33:09 +0800] "GET /xingrg/kc/buy/cgsh_order_operate.html?command=get_materiel&rest_code=00146&code=00101004071&supplier_code=00100199&order_time=2021-12-13 HTTP/1.1" 200 411
116.227.210.113 - - [13/Dec/2021:11:33:13 +0800] "GET /xingrg/all/function/internal_message.html?_=1639366388849&CODE_STATE=getMsg HTTP/1.1" 200 27
116.238.248.233 - - [13/Dec/2021:11:33:13 +0800] "GET /xingrg/kc/base/wldb_order_operate.html?command=get_materiel&rest_code=00150&base_code=0010445&code=00101019373 HTTP/1.1" 200 452
61.172.28.229 - - [13/Dec/2021:11:33:15 +0800] "GET /xingrg/all/function/internal_message.html?_=1639366331223&CODE_STATE=getMsg HTTP/1.1" 200 27
222.70.176.97 - - [13/Dec/2021:11:33:16 +0800] "GET /xingrg/all/function/internal_message.html?_=1639366059589&CODE_STATE=getMsg HTTP/1.1" 302 -
222.70.176.97 - - [13/Dec/2021:11:33:16 +0800] "GET /xingrg/check_reg.html?_=1639366059591 HTTP/1.1" 302 -
172.20.0.100 - - [13/Dec/2021:11:33:19 +0800] "GET /xingrg/all/function/internal_message.html?_=1639366398785&CODE_STATE=getMsg HTTP/1.1" 200 27
116.238.248.233 - - [13/Dec/2021:11:33:19 +0800] "GET /xingrg/all/function/internal_message.html?_=1639366398893&CODE_STATE=getMsg HTTP/1.1" 200 27
116.238.248.233 - - [13/Dec/2021:11:33:20 +0800] "GET /xingrg/kc/base/wldb_order_operate.html?command=get_materiel&rest_code=00150&base_code=0010445&code=00101019358 HTTP/1.1" 200 460
180.169.147.146 - - [13/Dec/2021:11:33:21 +0800] "GET /xingrg/all/function/internal_message.html?_=1639366400239&CODE_STATE=getMsg HTTP/1.1" 200 27
124.77.240.52 - - [13/Dec/2021:11:33:22 +0800] "GET /xingrg/kc/buy/cgsh_order_operate.html?command=get_materiel&rest_code=00146&code=00101001069&supplier_code=00100199&order_time=2021-12-13 HTTP/1.1" 200 410
124.78.153.86 - - [13/Dec/2021:11:33:24 +0800] "GET /xingrg/all/function/internal_message.html?_=1639366402441&CODE_STATE=getMsg HTTP/1.1" 200 27
222.70.176.97 - - [13/Dec/2021:11:33:28 +0800] "GET /xingrg/kc/buy/buy_main.html HTTP/1.1" 200 12412
222.70.176.97 - - [13/Dec/2021:11:33:28 +0800] "GET /xingrg/css/new_ie.css HTTP/1.1" 404 1036
222.70.176.97 - - [13/Dec/2021:11:33:28 +0800] "GET /xingrg/images/yd/bt.gif HTTP/1.1" 404 1040
222.70.176.97 - - [13/Dec/2021:11:33:30 +0800] "GET /xingrg/kc/buy/cgsh_order_list.html HTTP/1.1" 200 49291
222.70.176.97 - - [13/Dec/2021:11:33:31 +0800] "POST /xingrg/kc/buy/cgsh_list_operate.html HTTP/1.1" 200 3087
180.169.147.146 - - [13/Dec/2021:11:33:33 +0800] "GET /xingrg/all/function/internal_message.html?_=1639366415806&CODE_STATE=getMsg HTTP/1.1" 200 27
61.172.28.229 - - [13/Dec/2021:11:33:34 +0800] "GET /xingrg/all/function/internal_message.html?_=1639366415239&CODE_STATE=getMsg HTTP/1.1" 200 27
61.172.28.229 - - [13/Dec/2021:11:33:35 +0800] "GET /xingrg/all/function/internal_message.html?_=1639366415842&CODE_STATE=getMsg HTTP/1.1" 200 27
116.238.208.177 - - [13/Dec/2021:11:33:36 +0800] "GET /xingrg/check_reg.html?_=1639366417210 HTTP/1.1" 200 22
116.233.76.72 - - [13/Dec/2021:11:33:37 +0800] "GET /xingrg/all/function/internal_message.html?_=1639366417538&CODE_STATE=getMsg HTTP/1.1" 200 27
222.70.176.97 - - [13/Dec/2021:11:33:38 +0800] "GET /xingrg/kc/buy/cgsh_order_add.html HTTP/1.1" 200 64976
222.70.176.97 - - [13/Dec/2021:11:33:38 +0800] "GET /xingrg/javascript/easyui/themes/default/validatebox.css HTTP/1.1" 404 1104
222.70.176.97 - - [13/Dec/2021:11:33:38 +0800] "POST /xingrg/kc/buy/cgsh_order_operate.html HTTP/1.1" 200 8245
222.70.176.97 - - [13/Dec/2021:11:33:39 +0800] "GET /xingrg/javascript/easyui/themes/default/tree.css HTTP/1.1" 404 1090
222.70.176.97 - - [13/Dec/2021:11:33:39 +0800] "POST /xingrg/all/common/load_tree.html?tree=supplier_tree_json&isDelete=1 HTTP/1.1" 200 61171
116.238.208.177 - - [13/Dec/2021:11:33:40 +0800] "GET /xingrg/all/function/internal_message.html?_=1639366421672&CODE_STATE=getMsg HTTP/1.1" 200 27
172.20.0.100 - - [13/Dec/2021:11:33:45 +0800] "GET /xingrg/all/function/internal_message.html?_=1639366425455&CODE_STATE=getMsg HTTP/1.1" 200 27
101.85.120.86 - - [13/Dec/2021:11:33:46 +0800] "GET /xingrg/all/function/internal_message.html?_=1639366425765&CODE_STATE=getMsg HTTP/1.1" 200 27
124.77.240.52 - - [13/Dec/2021:11:33:48 +0800] "GET /xingrg/kc/buy/cgsh_order_operate.html?command=get_materiel&rest_code=00146&code=00101002027&supplier_code=00100199&order_time=2021-12-13 HTTP/1.1" 200 415
124.77.240.52 - - [13/Dec/2021:11:33:49 +0800] "GET /xingrg/all/function/internal_message.html?_=1639366430672&CODE_STATE=getMsg HTTP/1.1" 200 27
180.169.147.146 - - [13/Dec/2021:11:33:52 +0800] "GET /xingrg/check_reg.html?_=1639366432588 HTTP/1.1" 200 22
180.169.147.146 - - [13/Dec/2021:11:33:52 +0800] "GET /xingrg/all/function/internal_message.html?_=1639366432595&CODE_STATE=getMsg HTTP/1.1" 200 27
114.85.125.222 - - [13/Dec/2021:11:33:53 +0800] "GET /xingrg/check_reg.html?_=1639366389006 HTTP/1.1" 302 -
222.70.176.97 - - [13/Dec/2021:11:33:56 +0800] "GET /xingrg/all/function/internal_message.html?_=1639366435759&CODE_STATE=getMsg HTTP/1.1" 200 27
222.70.176.97 - - [13/Dec/2021:11:33:57 +0800] "GET /xingrg/all/function/internal_message.html?_=1639366436778&CODE_STATE=getMsg HTTP/1.1" 200 27
222.70.176.97 - - [13/Dec/2021:11:33:58 +0800] "GET /xingrg/kc/buy/cgsh_order_operate.html?command=get_materiel&rest_code=00111&code=00101009045&supplier_code=00100022&order_time=2021-12-13 HTTP/1.1" 200 412
180.162.110.111 - - [13/Dec/2021:11:33:59 +0800] "GET /xingrg/all/function/internal_message.html?_=1639365887973&CODE_STATE=getMsg HTTP/1.1" 200 27
114.83.219.237 - - [13/Dec/2021:11:33:59 +0800] "GET /xingrg/all/function/internal_message.html?_=1639366437925&CODE_STATE=getMsg HTTP/1.1" 200 27
116.238.248.233 - - [13/Dec/2021:11:34:00 +0800] "POST /xingrg/kc/base/wldb_order_operate.html HTTP/1.1" 200 37
180.169.147.146 - - [13/Dec/2021:11:34:02 +0800] "GET /xingrg/all/function/internal_message.html?_=1639366441222&CODE_STATE=getMsg HTTP/1.1" 200 27
116.238.248.233 - - [13/Dec/2021:11:34:02 +0800] "POST /xingrg/kc/base/wldb_order_operate.html HTTP/1.1" 200 12
124.77.240.52 - - [13/Dec/2021:11:34:02 +0800] "POST /xingrg/kc/buy/cgsh_order_operate.html HTTP/1.1" 200 37
116.238.248.233 - - [13/Dec/2021:11:34:02 +0800] "POST /xingrg/kc/base/wldb_order_operate.html HTTP/1.1" 200 2700
116.238.248.233 - - [13/Dec/2021:11:34:06 +0800] "GET /xingrg/kc/base/wldb_order_info.html?code=422021121301370 HTTP/1.1" 200 26158
116.238.248.233 - - [13/Dec/2021:11:34:07 +0800] "GET /xingrg/javascript/easyui/themes/default/validatebox.css HTTP/1.1" 404 1104
116.238.248.233 - - [13/Dec/2021:11:34:07 +0800] "POST /xingrg/kc/base/wldb_order_operate.html HTTP/1.1" 200 983
124.77.240.52 - - [13/Dec/2021:11:34:07 +0800] "POST /xingrg/kc/buy/cgsh_order_operate.html HTTP/1.1" 200 4436
116.238.248.233 - - [13/Dec/2021:11:34:09 +0800] "GET /xingrg/kc/base/wldb_order_add.html HTTP/1.1" 200 30280
116.238.248.233 - - [13/Dec/2021:11:34:10 +0800] "GET /xingrg/javascript/easyui/themes/default/validatebox.css HTTP/1.1" 404 1104
116.238.248.233 - - [13/Dec/2021:11:34:10 +0800] "POST /xingrg/kc/base/wldb_order_operate.html HTTP/1.1" 200 6806
124.77.240.52 - - [13/Dec/2021:11:34:11 +0800] "GET /xingrg/kc/print/load_data.html?order_code=212021121305241&kc_code=cgsh&condition= HTTP/1.1" 200 1350
116.227.210.113 - - [13/Dec/2021:11:34:13 +0800] "GET /xingrg/all/function/internal_message.html?_=1639366448827&CODE_STATE=getMsg HTTP/1.1" 200 27
61.172.28.229 - - [13/Dec/2021:11:34:15 +0800] "GET /xingrg/all/function/internal_message.html?_=1639366391202&CODE_STATE=getMsg HTTP/1.1" 200 27
222.70.176.97 - - [13/Dec/2021:11:34:16 +0800] "GET /xingrg/all/function/internal_message.html?_=1639366119589&CODE_STATE=getMsg HTTP/1.1" 302 -
114.83.219.237 - - [13/Dec/2021:11:34:17 +0800] "GET /xingrg/check_reg.html?_=1639366455688 HTTP/1.1" 200 22
