180.162.110.111 - - [13/Dec/2021:10:56:58 +0800] "POST /xingrg/all/common/load_tree.html?tree=area_rest_tree_json&manage=1 HTTP/1.1" 200 351
180.162.110.111 - - [13/Dec/2021:10:56:59 +0800] "GET /xingrg/all/function/internal_message.html?_=1639363667906&CODE_STATE=count HTTP/1.1" 200 11
180.162.110.111 - - [13/Dec/2021:10:56:59 +0800] "GET /xingrg/check_reg.html?_=1639363667907 HTTP/1.1" 200 22
180.162.110.111 - - [13/Dec/2021:10:56:59 +0800] "GET /xingrg/images/blue/pingpu.png HTTP/1.1" 304 -
116.238.248.233 - - [13/Dec/2021:10:56:59 +0800] "GET /xingrg/all/function/internal_message.html?_=1639364218090&CODE_STATE=getMsg HTTP/1.1" 200 27
180.162.110.111 - - [13/Dec/2021:10:56:59 +0800] "GET /xingrg/javascript/jquery_easy_ui/themes/default/images/tabs_leftarrow.png HTTP/1.1" 304 -
180.162.110.111 - - [13/Dec/2021:10:56:59 +0800] "GET /xingrg/javascript/jquery_easy_ui/themes/default/images/tabs_rightarrow.png HTTP/1.1" 304 -
180.162.110.111 - - [13/Dec/2021:10:56:59 +0800] "GET /xingrg/javascript/jquery_easy_ui/themes/default/images/panel_tool_collapse.gif HTTP/1.1" 304 -
180.162.110.111 - - [13/Dec/2021:10:56:59 +0800] "POST /xingrg/load_menu.html HTTP/1.1" 200 5138
180.162.110.111 - - [13/Dec/2021:10:56:59 +0800] "GET /xingrg/javascript/jquery_easy_ui/themes/default/images/tree_arrows.gif HTTP/1.1" 304 -
180.162.110.111 - - [13/Dec/2021:10:56:59 +0800] "GET /xingrg/javascript/jquery_easy_ui/themes/default/images/tree_folder_open.gif HTTP/1.1" 304 -
180.162.110.111 - - [13/Dec/2021:10:56:59 +0800] "GET /xingrg/javascript/jquery_easy_ui/themes/icons/search_new.png HTTP/1.1" 304 -
180.162.110.111 - - [13/Dec/2021:10:56:59 +0800] "GET /xingrg/javascript/jquery_easy_ui/themes/default/images/tree_folder.gif HTTP/1.1" 304 -
180.162.110.111 - - [13/Dec/2021:10:56:59 +0800] "GET /xingrg/javascript/jquery_easy_ui/themes/icons/storage_new.png HTTP/1.1" 304 -
180.162.110.111 - - [13/Dec/2021:10:56:59 +0800] "GET /xingrg/javascript/jquery_easy_ui/themes/icons/forms_new.png HTTP/1.1" 304 -
180.162.110.111 - - [13/Dec/2021:10:56:59 +0800] "GET /xingrg/javascript/jquery_easy_ui/themes/default/images/tree_file.gif HTTP/1.1" 304 -
114.83.219.237 - - [13/Dec/2021:10:57:00 +0800] "GET /xingrg/all/function/internal_message.html?_=1639364218593&CODE_STATE=getMsg HTTP/1.1" 200 27
172.20.0.100 - - [13/Dec/2021:10:57:00 +0800] "POST /xingrg/kc/buy/cgsh_list_operate.html HTTP/1.1" 200 1730
172.20.0.100 - - [13/Dec/2021:10:57:04 +0800] "POST /xingrg/kc/buy/cgsh_list_operate.html HTTP/1.1" 200 285
180.162.110.111 - - [13/Dec/2021:10:57:04 +0800] "GET /xingrg/kc/buy/buy_main.html HTTP/1.1" 200 12412
180.162.110.111 - - [13/Dec/2021:10:57:04 +0800] "GET /xingrg/javascript/jquery_easy_ui/themes/default/images/tabs_close.gif HTTP/1.1" 304 -
180.162.110.111 - - [13/Dec/2021:10:57:04 +0800] "GET /xingrg/css/new_ie.css HTTP/1.1" 404 1036
180.162.110.111 - - [13/Dec/2021:10:57:04 +0800] "GET /xingrg/css/blue.css HTTP/1.1" 304 -
180.162.110.111 - - [13/Dec/2021:10:57:04 +0800] "GET /xingrg/javascript/jquery_ui/themes/humanity/humanity.css HTTP/1.1" 304 -
180.162.110.111 - - [13/Dec/2021:10:57:04 +0800] "GET /xingrg/javascript/pic_change.js HTTP/1.1" 304 -
180.162.110.111 - - [13/Dec/2021:10:57:04 +0800] "GET /xingrg/javascript/ToolTips.js HTTP/1.1" 304 -
180.162.110.111 - - [13/Dec/2021:10:57:04 +0800] "GET /xingrg/javascript/myfunction.js HTTP/1.1" 304 -
180.162.110.111 - - [13/Dec/2021:10:57:04 +0800] "GET /xingrg/javascript/jquery_ui/jquery-ui.min.js HTTP/1.1" 304 -
180.162.110.111 - - [13/Dec/2021:10:57:04 +0800] "GET /xingrg/images/blue/button/cgxqd.gif HTTP/1.1" 304 -
180.162.110.111 - - [13/Dec/2021:10:57:04 +0800] "GET /xingrg/images/blue/button/cgydd.gif HTTP/1.1" 304 -
180.162.110.111 - - [13/Dec/2021:10:57:04 +0800] "GET /xingrg/images/blue/button/cgshd.gif HTTP/1.1" 304 -
180.162.110.111 - - [13/Dec/2021:10:57:04 +0800] "GET /xingrg/images/blue/button/cgfkd.gif HTTP/1.1" 304 -
180.162.110.111 - - [13/Dec/2021:10:57:04 +0800] "GET /xingrg/images/blue/button/kc.gif HTTP/1.1" 304 -
180.162.110.111 - - [13/Dec/2021:10:57:04 +0800] "GET /xingrg/images/blue/button/ckthd.gif HTTP/1.1" 304 -
180.162.110.111 - - [13/Dec/2021:10:57:04 +0800] "GET /xingrg/images/blue/pic_form2.gif HTTP/1.1" 304 -
180.162.110.111 - - [13/Dec/2021:10:57:05 +0800] "GET /xingrg/javascript/jquery_ui/themes/humanity/images/ui-bg_inset-soft_100_f4f0ec_1x100.png HTTP/1.1" 304 -
180.162.110.111 - - [13/Dec/2021:10:57:05 +0800] "GET /xingrg/images/blue/bg_dotted.jpg HTTP/1.1" 304 -
180.162.110.111 - - [13/Dec/2021:10:57:05 +0800] "GET /xingrg/images/blue/button/right_ah.jpg HTTP/1.1" 304 -
180.162.110.111 - - [13/Dec/2021:10:57:05 +0800] "GET /xingrg/images/blue/button/down_ah.jpg HTTP/1.1" 304 -
180.162.110.111 - - [13/Dec/2021:10:57:05 +0800] "GET /xingrg/javascript/jquery_ui/themes/humanity/images/ui-iconsnew.jpg HTTP/1.1" 304 -
180.162.110.111 - - [13/Dec/2021:10:57:05 +0800] "GET /xingrg/javascript/jquery_ui/themes/humanity/images/ui-icons_ffffff_256x240.png HTTP/1.1" 304 -
180.162.110.111 - - [13/Dec/2021:10:57:05 +0800] "GET /xingrg/javascript/jquery_ui/themes/humanity/images/ui-icons_c47a23_256x240.png HTTP/1.1" 304 -
180.162.110.111 - - [13/Dec/2021:10:57:05 +0800] "GET /xingrg/javascript/jquery_ui/themes/humanity/images/ui-bg_glass_70_ede4d4_1x400.png HTTP/1.1" 304 -
124.78.153.86 - - [13/Dec/2021:10:57:05 +0800] "GET /xingrg/check_reg.html?_=1639364224789 HTTP/1.1" 200 22
124.78.153.86 - - [13/Dec/2021:10:57:05 +0800] "GET /xingrg/all/function/internal_message.html?_=1639364224793&CODE_STATE=getMsg HTTP/1.1" 200 27
180.162.110.111 - - [13/Dec/2021:10:57:06 +0800] "GET /xingrg/images/yd/bt.gif HTTP/1.1" 404 1040
180.162.110.111 - - [13/Dec/2021:10:57:06 +0800] "GET /xingrg/kc/buy/cgsh_order_list.html HTTP/1.1" 200 49297
180.162.110.111 - - [13/Dec/2021:10:57:07 +0800] "GET /xingrg/css/base.css HTTP/1.1" 304 -
180.162.110.111 - - [13/Dec/2021:10:57:07 +0800] "GET /xingrg/css/site.css HTTP/1.1" 304 -
180.162.110.111 - - [13/Dec/2021:10:57:07 +0800] "GET /xingrg/javascript/jquery_tools/datebox.css HTTP/1.1" 304 -
180.162.110.111 - - [13/Dec/2021:10:57:07 +0800] "GET /xingrg/javascript/easyui/themes/default/easyui.css HTTP/1.1" 304 -
180.162.110.111 - - [13/Dec/2021:10:57:07 +0800] "GET /xingrg/javascript/easyui/themes/icon.css HTTP/1.1" 304 -
180.162.110.111 - - [13/Dec/2021:10:57:07 +0800] "GET /xingrg/javascript/auto/jquery.autocomplete.css HTTP/1.1" 304 -
180.162.110.111 - - [13/Dec/2021:10:57:07 +0800] "GET /xingrg/javascript/jquery_tools/fix.css HTTP/1.1" 304 -
180.162.110.111 - - [13/Dec/2021:10:57:07 +0800] "GET /xingrg/javascript/jquery_tools/table.css HTTP/1.1" 304 -
180.162.110.111 - - [13/Dec/2021:10:57:07 +0800] "GET /xingrg/javascript/jquery_tools/jquery.tools.min.js HTTP/1.1" 304 -
180.162.110.111 - - [13/Dec/2021:10:57:07 +0800] "GET /xingrg/javascript/jquery_tools/jquery.tools.extend.js HTTP/1.1" 304 -
180.162.110.111 - - [13/Dec/2021:10:57:07 +0800] "GET /xingrg/javascript/jquery_tools/jquery.tools.hotkey.js HTTP/1.1" 304 -
180.162.110.111 - - [13/Dec/2021:10:57:07 +0800] "GET /xingrg/javascript/jquery_tools/jquery.tools.table.js HTTP/1.1" 304 -
180.162.110.111 - - [13/Dec/2021:10:57:07 +0800] "GET /xingrg/javascript/jquery_tools/list_manager.js HTTP/1.1" 304 -
180.162.110.111 - - [13/Dec/2021:10:57:07 +0800] "GET /xingrg/javascript/auto/jquery.autocomplete.js HTTP/1.1" 304 -
116.238.208.177 - - [13/Dec/2021:10:57:07 +0800] "POST /xingrg/kc/base/wldb_order_operate.html HTTP/1.1" 200 37
180.162.110.111 - - [13/Dec/2021:10:57:07 +0800] "GET /xingrg/javascript/easyui/easyloader.js HTTP/1.1" 304 -
180.162.110.111 - - [13/Dec/2021:10:57:07 +0800] "GET /xingrg/javascript/jquery.cookie.js HTTP/1.1" 304 -
180.162.110.111 - - [13/Dec/2021:10:57:07 +0800] "GET /xingrg/javascript/print/LodopFuncs.js HTTP/1.1" 304 -
172.20.0.100 - - [13/Dec/2021:10:57:08 +0800] "GET /xingrg/all/function/internal_message.html?_=1639364228098&CODE_STATE=getMsg HTTP/1.1" 200 27
172.20.0.100 - - [13/Dec/2021:10:57:08 +0800] "GET /xingrg/check_reg.html?_=1639364228100 HTTP/1.1" 200 22
180.162.110.111 - - [13/Dec/2021:10:57:09 +0800] "GET /xingrg/javascript/easyui/themes/icons/import_new.png HTTP/1.1" 304 -
180.162.110.111 - - [13/Dec/2021:10:57:09 +0800] "GET /xingrg/javascript/easyui/themes/icons/field_new.png HTTP/1.1" 304 -
180.162.110.111 - - [13/Dec/2021:10:57:09 +0800] "GET /xingrg/javascript/easyui/themes/icons/check_new.png HTTP/1.1" 304 -
180.162.110.111 - - [13/Dec/2021:10:57:09 +0800] "GET /xingrg/javascript/easyui/themes/icons/cance_new.png HTTP/1.1" 304 -
180.162.110.111 - - [13/Dec/2021:10:57:09 +0800] "GET /xingrg/javascript/easyui/themes/icons/edit_add_new.png HTTP/1.1" 304 -
180.162.110.111 - - [13/Dec/2021:10:57:09 +0800] "GET /xingrg/javascript/easyui/plugins/jquery.parser.js HTTP/1.1" 304 -
180.162.110.111 - - [13/Dec/2021:10:57:09 +0800] "GET /xingrg/images/control/ajaxLoader.gif HTTP/1.1" 304 -
124.78.153.86 - - [13/Dec/2021:10:57:09 +0800] "GET /xingrg/kc/buy/cgsh_order_operate.html?command=get_materiel&rest_code=00106&code=00101001060&supplier_code=00100032&order_time=2021-12-13 HTTP/1.1" 200 421
180.162.110.111 - - [13/Dec/2021:10:57:10 +0800] "POST /xingrg/kc/buy/cgsh_list_operate.html HTTP/1.1" 200 876
116.238.208.177 - - [13/Dec/2021:10:57:10 +0800] "POST /xingrg/kc/base/wldb_order_operate.html HTTP/1.1" 200 12
116.238.208.177 - - [13/Dec/2021:10:57:10 +0800] "POST /xingrg/kc/base/wldb_order_operate.html HTTP/1.1" 200 3155
180.162.110.111 - - [13/Dec/2021:10:57:10 +0800] "GET /xingrg/javascript/easyui/themes/default/images/button_plain_hover.png HTTP/1.1" 304 -
116.238.208.177 - - [13/Dec/2021:10:57:11 +0800] "GET /xingrg/kc/base/wldb_order_info.html?code=422021121301351 HTTP/1.1" 200 26146
180.162.110.111 - - [13/Dec/2021:10:57:12 +0800] "GET /xingrg/kc/buy/cgsh_order_add.html HTTP/1.1" 200 64148
180.162.110.111 - - [13/Dec/2021:10:57:12 +0800] "GET /xingrg/javascript/jquery_tools/order_manager.js HTTP/1.1" 304 -
180.162.110.111 - - [13/Dec/2021:10:57:12 +0800] "GET /xingrg/javascript/convert.js HTTP/1.1" 304 -
180.162.110.111 - - [13/Dec/2021:10:57:12 +0800] "GET /xingrg/javascript/json2.js HTTP/1.1" 304 -
180.162.110.111 - - [13/Dec/2021:10:57:12 +0800] "GET /xingrg/javascript/print/kc_print.js HTTP/1.1" 304 -
180.162.110.111 - - [13/Dec/2021:10:57:12 +0800] "GET /xingrg/words/20211212135524_words.js HTTP/1.1" 200 878546
180.162.110.111 - - [13/Dec/2021:10:57:12 +0800] "GET /xingrg/javascript/easyui/themes/icons/ok.png HTTP/1.1" 304 -
180.162.110.111 - - [13/Dec/2021:10:57:12 +0800] "GET /xingrg/javascript/easyui/themes/icons/template_new.png HTTP/1.1" 304 -
180.162.110.111 - - [13/Dec/2021:10:57:12 +0800] "GET /xingrg/javascript/easyui/themes/icons/copy_new.png HTTP/1.1" 304 -
180.162.110.111 - - [13/Dec/2021:10:57:12 +0800] "GET /xingrg/javascript/easyui/themes/icons/print.png HTTP/1.1" 304 -
180.162.110.111 - - [13/Dec/2021:10:57:12 +0800] "GET /xingrg/javascript/easyui/themes/default/images/menu_downarrow.png HTTP/1.1" 304 -
180.162.110.111 - - [13/Dec/2021:10:57:12 +0800] "GET /xingrg/javascript/easyui/themes/icons/cancel.png HTTP/1.1" 304 -
180.162.110.111 - - [13/Dec/2021:10:57:12 +0800] "GET /xingrg/all/common/auto_word.html?type=employee&rest_code=00143 HTTP/1.1" 200 55
180.162.110.111 - - [13/Dec/2021:10:57:12 +0800] "GET /xingrg/all/common/auto_word.html?type=employee&rest_code=00143 HTTP/1.1" 200 55
180.162.110.111 - - [13/Dec/2021:10:57:12 +0800] "GET /xingrg/javascript/easyui/themes/default/validatebox.css HTTP/1.1" 404 1104
180.162.110.111 - - [13/Dec/2021:10:57:12 +0800] "GET /xingrg/javascript/easyui/plugins/jquery.validatebox.js HTTP/1.1" 304 -
180.162.110.111 - - [13/Dec/2021:10:57:12 +0800] "GET /xingrg/javascript/easyui/plugins/jquery.numberbox.js HTTP/1.1" 304 -
180.162.110.111 - - [13/Dec/2021:10:57:12 +0800] "POST /xingrg/kc/buy/cgsh_order_operate.html HTTP/1.1" 200 8245
180.162.110.111 - - [13/Dec/2021:10:57:13 +0800] "GET /xingrg/javascript/easyui/themes/icons/edit_remove.png HTTP/1.1" 304 -
116.238.208.177 - - [13/Dec/2021:10:57:13 +0800] "POST /xingrg/kc/base/wldb_order_operate.html HTTP/1.1" 200 1427
116.238.208.177 - - [13/Dec/2021:10:57:13 +0800] "GET /xingrg/javascript/easyui/themes/default/validatebox.css HTTP/1.1" 404 1104
180.162.110.111 - - [13/Dec/2021:10:57:13 +0800] "GET /xingrg/javascript/easyui/plugins/jquery.draggable.js HTTP/1.1" 304 -
180.162.110.111 - - [13/Dec/2021:10:57:14 +0800] "GET /xingrg/css/images/panel_loading.gif HTTP/1.1" 304 -
180.162.110.111 - - [13/Dec/2021:10:57:14 +0800] "GET /xingrg/javascript/easyui/plugins/jquery.droppable.js HTTP/1.1" 304 -
180.162.110.111 - - [13/Dec/2021:10:57:14 +0800] "GET /xingrg/javascript/easyui/themes/default/tree.css HTTP/1.1" 404 1090
180.162.110.111 - - [13/Dec/2021:10:57:14 +0800] "GET /xingrg/javascript/easyui/plugins/jquery.tree.js HTTP/1.1" 304 -
180.162.110.111 - - [13/Dec/2021:10:57:14 +0800] "POST /xingrg/all/common/load_tree.html?tree=supplier_tree_json&isDelete=1 HTTP/1.1" 200 61171
116.227.210.113 - - [13/Dec/2021:10:57:14 +0800] "GET /xingrg/all/function/internal_message.html?_=1639364229409&CODE_STATE=getMsg HTTP/1.1" 200 27
180.162.110.111 - - [13/Dec/2021:10:57:15 +0800] "GET /xingrg/javascript/easyui/themes/default/images/tree_arrows.gif HTTP/1.1" 304 -
180.162.110.111 - - [13/Dec/2021:10:57:15 +0800] "GET /xingrg/javascript/easyui/themes/default/images/tree_folder.gif HTTP/1.1" 304 -
180.162.110.111 - - [13/Dec/2021:10:57:15 +0800] "GET /xingrg/javascript/easyui/themes/default/images/tree_folder_open.gif HTTP/1.1" 304 -
180.162.110.111 - - [13/Dec/2021:10:57:15 +0800] "GET /xingrg/javascript/easyui/themes/default/images/tree_file.gif HTTP/1.1" 304 -
222.70.176.97 - - [13/Dec/2021:10:57:16 +0800] "GET /xingrg/all/function/internal_message.html?_=1639363899589&CODE_STATE=getMsg HTTP/1.1" 302 -
61.151.178.197 - - [13/Dec/2021:10:57:18 +0800] "GET /xingrg/kc/buy/cgsh_order_operate.html?command=get_materiel&rest_code=00106&code=00101008067&supplier_code=00100007&order_time=2021-12-13 HTTP/1.1" 302 -
172.20.0.100 - - [13/Dec/2021:10:57:19 +0800] "GET /xingrg/all/function/internal_message.html?_=1639364238786&CODE_STATE=getMsg HTTP/1.1" 200 27
124.78.153.86 - - [13/Dec/2021:10:57:22 +0800] "GET /xingrg/kc/buy/cgsh_order_operate.html?command=get_materiel&rest_code=00106&code=00101016071&supplier_code=00100032&order_time=2021-12-13 HTTP/1.1" 200 416
61.151.178.197 - - [13/Dec/2021:10:57:23 +0800] "GET /xingrg/login.html HTTP/1.1" 200 7641
180.169.147.146 - - [13/Dec/2021:10:57:24 +0800] "GET /xingrg/all/function/internal_message.html?_=1639364246807&CODE_STATE=getMsg HTTP/1.1" 200 27
124.78.153.86 - - [13/Dec/2021:10:57:24 +0800] "GET /xingrg/all/function/internal_message.html?_=1639364243326&CODE_STATE=getMsg HTTP/1.1" 200 27
124.78.153.86 - - [13/Dec/2021:10:57:30 +0800] "GET /xingrg/kc/buy/cgsh_order_operate.html?command=get_materiel&rest_code=00106&code=00101012069&supplier_code=00100032&order_time=2021-12-13 HTTP/1.1" 200 412
61.172.28.229 - - [13/Dec/2021:10:57:34 +0800] "GET /xingrg/all/function/internal_message.html?_=1639364255177&CODE_STATE=getMsg HTTP/1.1" 200 27
61.172.28.229 - - [13/Dec/2021:10:57:35 +0800] "GET /xingrg/all/function/internal_message.html?_=1639364255779&CODE_STATE=getMsg HTTP/1.1" 200 27
116.238.208.177 - - [13/Dec/2021:10:57:36 +0800] "GET /xingrg/all/function/internal_message.html?_=1639364256885&CODE_STATE=getMsg HTTP/1.1" 200 27
116.233.76.72 - - [13/Dec/2021:10:57:37 +0800] "GET /xingrg/all/function/internal_message.html?_=1639364257451&CODE_STATE=getMsg HTTP/1.1" 200 27
180.162.110.111 - - [13/Dec/2021:10:57:39 +0800] "GET /xingrg/javascript/auto/indicator.gif HTTP/1.1" 404 1066
124.78.153.86 - - [13/Dec/2021:10:57:41 +0800] "GET /xingrg/kc/buy/cgsh_order_operate.html?command=get_materiel&rest_code=00106&code=00101012025&supplier_code=00100032&order_time=2021-12-13 HTTP/1.1" 200 412
172.20.0.100 - - [13/Dec/2021:10:57:45 +0800] "GET /xingrg/all/function/internal_message.html?_=1639364265448&CODE_STATE=getMsg HTTP/1.1" 200 27
120.253.135.82 - - [13/Dec/2021:10:57:45 +0800] "GET /xingrg/check_reg.html?_=1639364043949 HTTP/1.1" 200 22
101.85.120.86 - - [13/Dec/2021:10:57:46 +0800] "GET /xingrg/all/function/internal_message.html?_=1639364265735&CODE_STATE=getMsg HTTP/1.1" 200 27
180.162.110.111 - - [13/Dec/2021:10:57:48 +0800] "GET /xingrg/kc/buy/cgsh_order_operate.html?command=get_materiel&rest_code=00143&code=00102002075&supplier_code=00100207&order_time=2021-12-13 HTTP/1.1" 200 417
124.77.240.52 - - [13/Dec/2021:10:57:48 +0800] "GET /xingrg/all/function/internal_message.html?_=1639364268963&CODE_STATE=getMsg HTTP/1.1" 200 27
124.78.153.86 - - [13/Dec/2021:10:57:48 +0800] "GET /xingrg/kc/buy/cgsh_order_operate.html?command=get_materiel&rest_code=00106&code=00101016053&supplier_code=00100032&order_time=2021-12-13 HTTP/1.1" 200 408
124.77.240.52 - - [13/Dec/2021:10:57:52 +0800] "GET /xingrg/check_reg.html?_=1639364273568 HTTP/1.1" 200 22
180.169.147.146 - - [13/Dec/2021:10:57:54 +0800] "GET /xingrg/all/function/internal_message.html?_=1639364273635&CODE_STATE=getMsg HTTP/1.1" 200 27
124.78.153.86 - - [13/Dec/2021:10:57:56 +0800] "GET /xingrg/kc/buy/cgsh_order_operate.html?command=get_materiel&rest_code=00106&code=00101016017&supplier_code=00100032&order_time=2021-12-13 HTTP/1.1" 200 408
222.70.176.97 - - [13/Dec/2021:10:57:58 +0800] "GET /xingrg/all/function/internal_message.html?_=1639364277309&CODE_STATE=getMsg HTTP/1.1" 200 27
180.162.110.111 - - [13/Dec/2021:10:57:59 +0800] "GET /xingrg/all/function/internal_message.html?_=1639363727920&CODE_STATE=getMsg HTTP/1.1" 200 27
116.238.248.233 - - [13/Dec/2021:10:57:59 +0800] "GET /xingrg/all/function/internal_message.html?_=1639364278094&CODE_STATE=getMsg HTTP/1.1" 200 27
114.83.219.237 - - [13/Dec/2021:10:58:00 +0800] "GET /xingrg/all/function/internal_message.html?_=1639364278577&CODE_STATE=getMsg HTTP/1.1" 200 27
124.78.153.86 - - [13/Dec/2021:10:58:05 +0800] "GET /xingrg/kc/buy/cgsh_order_operate.html?command=get_materiel&rest_code=00106&code=00101012003&supplier_code=00100032&order_time=2021-12-13 HTTP/1.1" 200 413
124.78.153.86 - - [13/Dec/2021:10:58:05 +0800] "GET /xingrg/all/function/internal_message.html?_=1639364284794&CODE_STATE=getMsg HTTP/1.1" 200 27
172.20.0.100 - - [13/Dec/2021:10:58:08 +0800] "GET /xingrg/all/function/internal_message.html?_=1639364288104&CODE_STATE=getMsg HTTP/1.1" 200 27
124.78.153.86 - - [13/Dec/2021:10:58:12 +0800] "GET /xingrg/kc/buy/cgsh_order_operate.html?command=get_materiel&rest_code=00106&code=00101012070&supplier_code=00100032&order_time=2021-12-13 HTTP/1.1" 200 398
116.227.210.113 - - [13/Dec/2021:10:58:14 +0800] "GET /xingrg/all/function/internal_message.html?_=1639364289389&CODE_STATE=getMsg HTTP/1.1" 200 27
222.70.176.97 - - [13/Dec/2021:10:58:16 +0800] "GET /xingrg/all/function/internal_message.html?_=1639363959589&CODE_STATE=getMsg HTTP/1.1" 302 -
222.70.176.97 - - [13/Dec/2021:10:58:16 +0800] "GET /xingrg/check_reg.html?_=1639363959591 HTTP/1.1" 302 -
172.20.0.100 - - [13/Dec/2021:10:58:19 +0800] "GET /xingrg/all/function/internal_message.html?_=1639364298781&CODE_STATE=getMsg HTTP/1.1" 200 27
114.83.219.237 - - [13/Dec/2021:10:58:19 +0800] "GET /xingrg/kc/buy/cgsh_order_operate.html?command=get_materiel&rest_code=00149&code=00101002022&supplier_code=00100039&order_time=2021-12-13 HTTP/1.1" 200 409
124.78.153.86 - - [13/Dec/2021:10:58:22 +0800] "GET /xingrg/kc/buy/cgsh_order_operate.html?command=get_materiel&rest_code=00106&code=00101016105&supplier_code=00100032&order_time=2021-12-13 HTTP/1.1" 200 409
180.169.147.146 - - [13/Dec/2021:10:58:24 +0800] "GET /xingrg/all/function/internal_message.html?_=1639364306834&CODE_STATE=getMsg HTTP/1.1" 200 27
124.78.153.86 - - [13/Dec/2021:10:58:24 +0800] "GET /xingrg/all/function/internal_message.html?_=1639364303163&CODE_STATE=getMsg HTTP/1.1" 200 27
114.83.219.237 - - [13/Dec/2021:10:58:30 +0800] "GET /xingrg/kc/buy/cgsh_order_operate.html?command=get_materiel&rest_code=00149&code=00102002476&supplier_code=00100039&order_time=2021-12-13 HTTP/1.1" 200 409
180.169.147.146 - - [13/Dec/2021:10:58:32 +0800] "POST /xingrg/kc/buy/cgsh_list_operate.html HTTP/1.1" 200 2132
116.238.208.177 - - [13/Dec/2021:10:58:34 +0800] "GET /xingrg/check_reg.html?_=1639364315503 HTTP/1.1" 200 22
61.172.28.229 - - [13/Dec/2021:10:58:34 +0800] "GET /xingrg/all/function/internal_message.html?_=1639364315177&CODE_STATE=getMsg HTTP/1.1" 200 27
61.172.28.229 - - [13/Dec/2021:10:58:35 +0800] "GET /xingrg/all/function/internal_message.html?_=1639364315779&CODE_STATE=getMsg HTTP/1.1" 200 27
116.238.208.177 - - [13/Dec/2021:10:58:36 +0800] "GET /xingrg/all/function/internal_message.html?_=1639364316892&CODE_STATE=getMsg HTTP/1.1" 200 27
61.172.28.229 - - [13/Dec/2021:10:58:37 +0800] "GET /xingrg/kc/base/wldb_order_add.html HTTP/1.1" 200 30274
61.172.28.229 - - [13/Dec/2021:10:58:37 +0800] "GET /xingrg/javascript/easyui/themes/default/validatebox.css HTTP/1.1" 404 1104
61.172.28.229 - - [13/Dec/2021:10:58:37 +0800] "POST /xingrg/kc/base/wldb_order_operate.html HTTP/1.1" 200 6806
114.83.219.237 - - [13/Dec/2021:10:58:37 +0800] "GET /xingrg/kc/buy/cgsh_order_operate.html?command=get_materiel&rest_code=00149&code=00101010161&supplier_code=00100039&order_time=2021-12-13 HTTP/1.1" 200 411
116.233.76.72 - - [13/Dec/2021:10:58:37 +0800] "GET /xingrg/all/function/internal_message.html?_=1639364317459&CODE_STATE=getMsg HTTP/1.1" 200 27
61.172.28.229 - - [13/Dec/2021:10:58:38 +0800] "POST /xingrg/all/common/load_combo.html?type=base HTTP/1.1" 200 3321
124.78.153.86 - - [13/Dec/2021:10:58:42 +0800] "POST /xingrg/kc/buy/cgsh_order_operate.html HTTP/1.1" 200 37
124.78.153.86 - - [13/Dec/2021:10:58:45 +0800] "POST /xingrg/kc/buy/cgsh_order_operate.html HTTP/1.1" 200 12
172.20.0.100 - - [13/Dec/2021:10:58:45 +0800] "GET /xingrg/all/function/internal_message.html?_=1639364325447&CODE_STATE=getMsg HTTP/1.1" 200 27
124.78.153.86 - - [13/Dec/2021:10:58:46 +0800] "GET /xingrg/kc/buy/cgsh_order_info.html?code=212021121305232 HTTP/1.1" 200 59980
101.85.120.86 - - [13/Dec/2021:10:58:46 +0800] "GET /xingrg/all/function/internal_message.html?_=1639364325735&CODE_STATE=getMsg HTTP/1.1" 200 27
61.172.28.229 - - [13/Dec/2021:10:58:46 +0800] "GET /xingrg/kc/base/wldb_order_operate.html?command=get_materiel&rest_code=00105&base_code=0010508&code=00102002082 HTTP/1.1" 200 439
124.78.153.86 - - [13/Dec/2021:10:58:47 +0800] "GET /xingrg/javascript/easyui/themes/default/validatebox.css HTTP/1.1" 404 1104
124.78.153.86 - - [13/Dec/2021:10:58:47 +0800] "POST /xingrg/kc/buy/cgsh_order_operate.html HTTP/1.1" 200 6515
124.77.240.52 - - [13/Dec/2021:10:58:48 +0800] "GET /xingrg/all/function/internal_message.html?_=1639364328964&CODE_STATE=getMsg HTTP/1.1" 200 27
124.78.153.86 - - [13/Dec/2021:10:58:48 +0800] "GET /xingrg/kc/print/load_data.html?order_code=212021121305232&kc_code=cgsh&condition= HTTP/1.1" 200 2966
114.85.125.222 - - [13/Dec/2021:10:58:52 +0800] "GET /xingrg/check_reg.html?_=1639364288706 HTTP/1.1" 302 -
61.151.207.158 - - [13/Dec/2021:10:58:53 +0800] "GET /xingrg/kc/buy/cgsh_order_operate.html?command=get_materiel&rest_code=00106&code=00101008024&supplier_code=00100007&order_time=2021-12-13 HTTP/1.1" 302 -
124.78.153.86 - - [13/Dec/2021:10:58:54 +0800] "GET /xingrg/kc/print/load_data.html?order_code=212021121305232&kc_code=cgsh HTTP/1.1" 200 2966
180.169.147.146 - - [13/Dec/2021:10:58:54 +0800] "GET /xingrg/all/function/internal_message.html?_=1639364333620&CODE_STATE=getMsg HTTP/1.1" 200 27
61.172.28.229 - - [13/Dec/2021:10:58:54 +0800] "GET /xingrg/kc/base/wldb_order_operate.html?command=get_materiel&rest_code=00105&base_code=0010508&code=00102002484 HTTP/1.1" 200 457
61.151.178.177 - - [13/Dec/2021:10:58:55 +0800] "GET /xingrg/kc/buy/cgsh_order_operate.html?command=get_materiel&rest_code=00106&code=00101008114&supplier_code=00100007&order_time=2021-12-13 HTTP/1.1" 302 -
61.151.178.177 - - [13/Dec/2021:10:58:56 +0800] "GET /xingrg/login.html HTTP/1.1" 200 7641
180.162.110.111 - - [13/Dec/2021:10:58:59 +0800] "GET /xingrg/all/function/internal_message.html?_=1639363787920&CODE_STATE=getMsg HTTP/1.1" 200 27
116.238.248.233 - - [13/Dec/2021:10:58:59 +0800] "GET /xingrg/all/function/internal_message.html?_=1639364338093&CODE_STATE=getMsg HTTP/1.1" 200 27
116.238.248.233 - - [13/Dec/2021:10:58:59 +0800] "GET /xingrg/check_reg.html?_=1639364338095 HTTP/1.1" 200 22
61.151.207.158 - - [13/Dec/2021:10:58:59 +0800] "GET /xingrg/login.html HTTP/1.1" 200 7641
222.70.176.97 - - [13/Dec/2021:10:58:59 +0800] "GET /xingrg/all/function/internal_message.html?_=1639364337292&CODE_STATE=getMsg HTTP/1.1" 200 27
114.83.219.237 - - [13/Dec/2021:10:59:00 +0800] "GET /xingrg/all/function/internal_message.html?_=1639364338564&CODE_STATE=getMsg HTTP/1.1" 200 27
61.172.28.229 - - [13/Dec/2021:10:59:03 +0800] "GET /xingrg/kc/base/wldb_order_operate.html?command=get_materiel&rest_code=00105&base_code=0010508&code=00102002041 HTTP/1.1" 200 435
124.78.153.86 - - [13/Dec/2021:10:59:05 +0800] "GET /xingrg/all/function/internal_message.html?_=1639364344779&CODE_STATE=getMsg HTTP/1.1" 200 27
172.20.0.100 - - [13/Dec/2021:10:59:08 +0800] "GET /xingrg/all/function/internal_message.html?_=1639364348099&CODE_STATE=getMsg HTTP/1.1" 200 27
114.83.219.237 - - [13/Dec/2021:10:59:10 +0800] "POST /xingrg/kc/buy/cgsh_order_operate.html HTTP/1.1" 200 37
114.83.219.237 - - [13/Dec/2021:10:59:14 +0800] "POST /xingrg/kc/buy/cgsh_order_operate.html HTTP/1.1" 200 12
116.227.210.113 - - [13/Dec/2021:10:59:14 +0800] "GET /xingrg/all/function/internal_message.html?_=1639364349373&CODE_STATE=getMsg HTTP/1.1" 200 27
114.83.219.237 - - [13/Dec/2021:10:59:15 +0800] "GET /xingrg/kc/buy/cgsh_order_info.html?code=212021121305233 HTTP/1.1" 200 60023
114.83.219.237 - - [13/Dec/2021:10:59:15 +0800] "GET /xingrg/words/20211212135524_words.js HTTP/1.1" 304 -
114.83.219.237 - - [13/Dec/2021:10:59:15 +0800] "GET /xingrg/javascript/easyui/themes/default/validatebox.css HTTP/1.1" 404 1104
222.70.176.97 - - [13/Dec/2021:10:59:16 +0800] "GET /xingrg/all/function/internal_message.html?_=1639364019589&CODE_STATE=getMsg HTTP/1.1" 302 -
114.83.219.237 - - [13/Dec/2021:10:59:16 +0800] "POST /xingrg/kc/buy/cgsh_order_operate.html HTTP/1.1" 200 1785
114.83.219.237 - - [13/Dec/2021:10:59:17 +0800] "GET /xingrg/check_reg.html?_=1639364355554 HTTP/1.1" 200 22
114.83.219.237 - - [13/Dec/2021:10:59:17 +0800] "GET /xingrg/kc/print/load_data.html?order_code=212021121305233&kc_code=cgsh&condition= HTTP/1.1" 200 1169
172.20.0.100 - - [13/Dec/2021:10:59:19 +0800] "GET /xingrg/all/function/internal_message.html?_=1639364358785&CODE_STATE=getMsg HTTP/1.1" 200 27
180.169.147.146 - - [13/Dec/2021:10:59:24 +0800] "GET /xingrg/all/function/internal_message.html?_=1639364366812&CODE_STATE=getMsg HTTP/1.1" 200 27
124.78.153.86 - - [13/Dec/2021:10:59:24 +0800] "GET /xingrg/check_reg.html?_=1639364363025 HTTP/1.1" 200 22
124.78.153.86 - - [13/Dec/2021:10:59:24 +0800] "GET /xingrg/all/function/internal_message.html?_=1639364363135&CODE_STATE=getMsg HTTP/1.1" 200 27
61.172.28.229 - - [13/Dec/2021:10:59:31 +0800] "GET /xingrg/kc/base/wldb_order_operate.html?command=get_materiel&rest_code=00105&base_code=0010508&code=00102002441 HTTP/1.1" 200 447
61.172.28.229 - - [13/Dec/2021:10:59:34 +0800] "GET /xingrg/all/function/internal_message.html?_=1639364375177&CODE_STATE=getMsg HTTP/1.1" 200 27
61.172.28.229 - - [13/Dec/2021:10:59:35 +0800] "GET /xingrg/all/function/internal_message.html?_=1639364375807&CODE_STATE=getMsg HTTP/1.1" 200 27
61.172.28.229 - - [13/Dec/2021:10:59:35 +0800] "POST /xingrg/kc/base/wldb_order_operate.html HTTP/1.1" 200 37
61.172.28.229 - - [13/Dec/2021:10:59:36 +0800] "POST /xingrg/kc/base/wldb_order_operate.html HTTP/1.1" 200 4140
116.238.208.177 - - [13/Dec/2021:10:59:36 +0800] "GET /xingrg/all/function/internal_message.html?_=1639364376904&CODE_STATE=getMsg HTTP/1.1" 200 27
61.172.28.229 - - [13/Dec/2021:10:59:36 +0800] "GET /xingrg/kc/base/wldb_order_info.html?code=422021121301352 HTTP/1.1" 200 30289
61.172.28.229 - - [13/Dec/2021:10:59:36 +0800] "GET /xingrg/javascript/easyui/themes/default/validatebox.css HTTP/1.1" 404 1104
61.172.28.229 - - [13/Dec/2021:10:59:36 +0800] "POST /xingrg/kc/base/wldb_order_operate.html HTTP/1.1" 200 4140
116.233.76.72 - - [13/Dec/2021:10:59:37 +0800] "GET /xingrg/all/function/internal_message.html?_=1639364377453&CODE_STATE=getMsg HTTP/1.1" 200 27
172.20.0.100 - - [13/Dec/2021:10:59:45 +0800] "GET /xingrg/all/function/internal_message.html?_=1639364385456&CODE_STATE=getMsg HTTP/1.1" 200 27
101.85.120.86 - - [13/Dec/2021:10:59:46 +0800] "GET /xingrg/all/function/internal_message.html?_=1639364385734&CODE_STATE=getMsg HTTP/1.1" 200 27
124.77.240.52 - - [13/Dec/2021:10:59:48 +0800] "GET /xingrg/all/function/internal_message.html?_=1639364388977&CODE_STATE=getMsg HTTP/1.1" 200 27
61.172.28.229 - - [13/Dec/2021:10:59:49 +0800] "GET /xingrg/kc/base/wldb_order_operate.html?command=get_materiel&rest_code=00105&base_code=0010508&code=00102002448 HTTP/1.1" 200 426
180.169.147.146 - - [13/Dec/2021:10:59:54 +0800] "GET /xingrg/all/function/internal_message.html?_=1639364393604&CODE_STATE=getMsg HTTP/1.1" 200 27
61.172.28.229 - - [13/Dec/2021:10:59:58 +0800] "GET /xingrg/kc/base/wldb_order_add.html HTTP/1.1" 200 30274
101.89.19.197 - - [13/Dec/2021:10:59:58 +0800] "GET /xingrg/all/function/internal_message.html?_=1639361124344&CODE_STATE=getMsg HTTP/1.1" 302 -
61.172.28.229 - - [13/Dec/2021:10:59:58 +0800] "GET /xingrg/javascript/easyui/themes/default/validatebox.css HTTP/1.1" 404 1104
61.172.28.229 - - [13/Dec/2021:10:59:58 +0800] "POST /xingrg/kc/base/wldb_order_operate.html HTTP/1.1" 200 6806
222.70.176.97 - - [13/Dec/2021:10:59:58 +0800] "GET /xingrg/all/function/internal_message.html?_=1639364397277&CODE_STATE=getMsg HTTP/1.1" 200 27
61.172.28.229 - - [13/Dec/2021:10:59:59 +0800] "POST /xingrg/all/common/load_combo.html?type=base HTTP/1.1" 200 3321
180.162.110.111 - - [13/Dec/2021:10:59:59 +0800] "GET /xingrg/all/function/internal_message.html?_=1639363847909&CODE_STATE=getMsg HTTP/1.1" 200 27
116.238.248.233 - - [13/Dec/2021:10:59:59 +0800] "GET /xingrg/all/function/internal_message.html?_=1639364398094&CODE_STATE=getMsg HTTP/1.1" 200 27
114.83.219.237 - - [13/Dec/2021:11:00:00 +0800] "GET /xingrg/all/function/internal_message.html?_=1639364398545&CODE_STATE=getMsg HTTP/1.1" 200 27
124.77.240.52 - - [13/Dec/2021:11:00:03 +0800] "GET /xingrg/kc/buy/cgsh_order_operate.html?command=get_materiel&rest_code=00146&code=00101008355&supplier_code=00100005&order_time=2021-12-13 HTTP/1.1" 200 408
222.70.176.97 - - [13/Dec/2021:11:00:04 +0800] "GET /xingrg/check_reg.html?_=1639364397985 HTTP/1.1" 200 22
124.78.153.86 - - [13/Dec/2021:11:00:05 +0800] "GET /xingrg/all/function/internal_message.html?_=1639364404780&CODE_STATE=getMsg HTTP/1.1" 200 27
101.89.19.197 - - [13/Dec/2021:11:00:08 +0800] "GET /xingrg/login.html HTTP/1.1" 200 7641
61.172.28.229 - - [13/Dec/2021:11:00:08 +0800] "GET /xingrg/kc/base/wldb_order_operate.html?command=get_materiel&rest_code=00105&base_code=0010508&code=00102002439 HTTP/1.1" 200 457
172.20.0.100 - - [13/Dec/2021:11:00:08 +0800] "GET /xingrg/all/function/internal_message.html?_=1639364408089&CODE_STATE=getMsg HTTP/1.1" 200 27
116.227.210.113 - - [13/Dec/2021:11:00:13 +0800] "GET /xingrg/check_reg.html?_=1639364408363 HTTP/1.1" 200 22
116.227.210.113 - - [13/Dec/2021:11:00:14 +0800] "GET /xingrg/all/function/internal_message.html?_=1639364409359&CODE_STATE=getMsg HTTP/1.1" 200 27
222.70.176.97 - - [13/Dec/2021:11:00:16 +0800] "GET /xingrg/all/function/internal_message.html?_=1639364079589&CODE_STATE=getMsg HTTP/1.1" 302 -
172.20.0.100 - - [13/Dec/2021:11:00:19 +0800] "GET /xingrg/all/function/internal_message.html?_=1639364418788&CODE_STATE=getMsg HTTP/1.1" 200 27
124.77.240.52 - - [13/Dec/2021:11:00:21 +0800] "GET /xingrg/check_reg.html?_=1639364422106 HTTP/1.1" 302 -
180.169.147.146 - - [13/Dec/2021:11:00:24 +0800] "GET /xingrg/all/function/internal_message.html?_=1639364426814&CODE_STATE=getMsg HTTP/1.1" 200 27
124.78.153.86 - - [13/Dec/2021:11:00:24 +0800] "GET /xingrg/all/function/internal_message.html?_=1639364423115&CODE_STATE=getMsg HTTP/1.1" 200 27
180.162.110.111 - - [13/Dec/2021:11:00:26 +0800] "GET /xingrg/kc/buy/cgsh_order_operate.html?command=get_materiel&rest_code=00143&code=00101006157&supplier_code=00100207&order_time=2021-12-13 HTTP/1.1" 200 414
61.172.28.229 - - [13/Dec/2021:11:00:30 +0800] "GET /xingrg/kc/base/wldb_order_operate.html?command=get_materiel&rest_code=00105&base_code=0010508&code=00102002258 HTTP/1.1" 200 433
61.172.28.229 - - [13/Dec/2021:11:00:34 +0800] "GET /xingrg/all/function/internal_message.html?_=1639364435178&CODE_STATE=getMsg HTTP/1.1" 200 27
61.172.28.229 - - [13/Dec/2021:11:00:35 +0800] "GET /xingrg/all/function/internal_message.html?_=1639364435789&CODE_STATE=getMsg HTTP/1.1" 200 27
116.238.208.177 - - [13/Dec/2021:11:00:36 +0800] "GET /xingrg/all/function/internal_message.html?_=1639364436918&CODE_STATE=getMsg HTTP/1.1" 200 27
116.233.76.72 - - [13/Dec/2021:11:00:37 +0800] "GET /xingrg/all/function/internal_message.html?_=1639364437465&CODE_STATE=getMsg HTTP/1.1" 200 27
172.20.0.100 - - [13/Dec/2021:11:00:45 +0800] "GET /xingrg/all/function/internal_message.html?_=1639364445441&CODE_STATE=getMsg HTTP/1.1" 200 27
101.85.120.86 - - [13/Dec/2021:11:00:46 +0800] "GET /xingrg/all/function/internal_message.html?_=1639364445746&CODE_STATE=getMsg HTTP/1.1" 200 27
124.77.240.52 - - [13/Dec/2021:11:00:48 +0800] "GET /xingrg/all/function/internal_message.html?_=1639364448991&CODE_STATE=getMsg HTTP/1.1" 200 27
124.77.240.52 - - [13/Dec/2021:11:00:51 +0800] "GET /xingrg/kc/buy/cgsh_order_operate.html?command=get_materiel&rest_code=00146&code=00101008033&supplier_code=00100005&order_time=2021-12-13 HTTP/1.1" 200 408
124.77.240.52 - - [13/Dec/2021:11:00:54 +0800] "POST /xingrg/kc/buy/cgsh_order_operate.html HTTP/1.1" 200 2065
124.78.153.86 - - [13/Dec/2021:11:00:54 +0800] "GET /xingrg/kc/buy/cgsh_order_add.html HTTP/1.1" 200 65067
124.78.153.86 - - [13/Dec/2021:11:00:55 +0800] "GET /xingrg/javascript/easyui/themes/default/validatebox.css HTTP/1.1" 404 1104
124.78.153.86 - - [13/Dec/2021:11:00:56 +0800] "POST /xingrg/kc/buy/cgsh_order_operate.html HTTP/1.1" 200 8245
124.78.153.86 - - [13/Dec/2021:11:00:56 +0800] "GET /xingrg/javascript/easyui/themes/default/tree.css HTTP/1.1" 404 1090
124.78.153.86 - - [13/Dec/2021:11:00:56 +0800] "POST /xingrg/all/common/load_tree.html?tree=supplier_tree_json&isDelete=1 HTTP/1.1" 200 61171
61.172.28.229 - - [13/Dec/2021:11:00:57 +0800] "GET /favicon.ico HTTP/1.1" 404 -
222.70.176.97 - - [13/Dec/2021:11:00:58 +0800] "GET /xingrg/all/function/internal_message.html?_=1639364457252&CODE_STATE=getMsg HTTP/1.1" 200 27
180.162.110.111 - - [13/Dec/2021:11:00:59 +0800] "GET /xingrg/all/function/internal_message.html?_=1639363907912&CODE_STATE=getMsg HTTP/1.1" 200 27
116.238.248.233 - - [13/Dec/2021:11:00:59 +0800] "GET /xingrg/all/function/internal_message.html?_=1639364458094&CODE_STATE=getMsg HTTP/1.1" 200 27
61.172.28.229 - - [13/Dec/2021:11:00:59 +0800] "GET /xingrg/index.html?sysBaseUrl=http%3A%2F%2F180.169.147.146%3A18081%2Fxingrg%2F&costTime=32×tamp=1585224308505 HTTP/1.1" 302 -
61.151.207.205 - - [13/Dec/2021:11:00:59 +0800] "GET /xingrg/kc/buy/cgsh_order_operate.html?command=get_materiel&rest_code=00106&code=00101008283&supplier_code=00100007&order_time=2021-12-13 HTTP/1.1" 302 -
61.172.28.229 - - [13/Dec/2021:11:00:59 +0800] "GET /xingrg/login.html HTTP/1.1" 200 7641
61.172.28.229 - - [13/Dec/2021:11:00:59 +0800] "GET /xingrg/images/blue/jxLogo.png HTTP/1.1" 304 -
61.172.28.229 - - [13/Dec/2021:11:01:00 +0800] "GET /xingrg/images/blue/login_bg.png HTTP/1.1" 304 -
61.172.28.229 - - [13/Dec/2021:11:01:00 +0800] "GET /xingrg/images/blue/hj.png HTTP/1.1" 304 -
61.172.28.229 - - [13/Dec/2021:11:01:00 +0800] "GET /xingrg/images/blue/srbg.png HTTP/1.1" 304 -
114.83.219.237 - - [13/Dec/2021:11:01:00 +0800] "GET /xingrg/all/function/internal_message.html?_=1639364458529&CODE_STATE=getMsg HTTP/1.1" 200 27
61.172.28.229 - - [13/Dec/2021:11:01:00 +0800] "GET /favicon.ico HTTP/1.1" 404 -
124.78.153.86 - - [13/Dec/2021:11:01:05 +0800] "GET /xingrg/all/function/internal_message.html?_=1639364464780&CODE_STATE=getMsg HTTP/1.1" 200 27
124.78.153.86 - - [13/Dec/2021:11:01:07 +0800] "GET /xingrg/kc/buy/cgsh_order_operate.html?command=get_materiel&rest_code=00106&code=00101009062&supplier_code=00100022&order_time=2021-12-13 HTTP/1.1" 200 412
172.20.0.100 - - [13/Dec/2021:11:01:08 +0800] "GET /xingrg/all/function/internal_message.html?_=1639364468094&CODE_STATE=getMsg HTTP/1.1" 200 27
61.151.207.205 - - [13/Dec/2021:11:01:12 +0800] "GET /xingrg/login.html HTTP/1.1" 200 7641
124.77.240.52 - - [13/Dec/2021:11:01:13 +0800] "GET /xingrg/kc/buy/cgsh_order_operate.html?command=get_materiel&rest_code=00146&code=00101008069&supplier_code=00100005&order_time=2021-12-13 HTTP/1.1" 200 412
116.227.210.113 - - [13/Dec/2021:11:01:14 +0800] "GET /xingrg/all/function/internal_message.html?_=1639364469337&CODE_STATE=getMsg HTTP/1.1" 200 27
61.172.28.229 - - [13/Dec/2021:11:01:14 +0800] "POST /xingrg/login.do HTTP/1.1" 302 -
61.172.28.229 - - [13/Dec/2021:11:01:14 +0800] "GET /xingrg/index.html?sysBaseUrl=http%3A%2F%2F180.169.147.146%3A18081%2Fxingrg%2F&costTime=65×tamp=1639364474606 HTTP/1.1" 200 17173
61.172.28.229 - - [13/Dec/2021:11:01:14 +0800] "GET /xingrg/javascript/jquery_easy_ui/themes/default/easyui.css HTTP/1.1" 304 -
61.172.28.229 - - [13/Dec/2021:11:01:14 +0800] "GET /xingrg/javascript/jquery_easy_ui/themes/icon.css HTTP/1.1" 304 -
61.172.28.229 - - [13/Dec/2021:11:01:14 +0800] "GET /xingrg/css/form.css HTTP/1.1" 304 -
61.172.28.229 - - [13/Dec/2021:11:01:14 +0800] "GET /xingrg/javascript/jquery-1.4.2.min.js HTTP/1.1" 304 -
61.172.28.229 - - [13/Dec/2021:11:01:14 +0800] "GET /xingrg/javascript/jquery_easy_ui/jquery.easyui.min.js HTTP/1.1" 304 -
61.172.28.229 - - [13/Dec/2021:11:01:14 +0800] "GET /xingrg/javascript/jquery_easy_ui/easyui-lang-zh_CN.js HTTP/1.1" 304 -
61.172.28.229 - - [13/Dec/2021:11:01:14 +0800] "GET /xingrg/javascript/jquery.form.js HTTP/1.1" 304 -
61.172.28.229 - - [13/Dec/2021:11:01:14 +0800] "GET /xingrg/javascript/jquery.utils.js HTTP/1.1" 304 -
61.172.28.229 - - [13/Dec/2021:11:01:14 +0800] "GET /xingrg/javascript/jquery.timers.js HTTP/1.1" 304 -
61.172.28.229 - - [13/Dec/2021:11:01:14 +0800] "GET /favicon.ico HTTP/1.1" 404 -
61.172.28.229 - - [13/Dec/2021:11:01:15 +0800] "GET /xingrg/images/blue/navBackgound.jpg HTTP/1.1" 304 -
61.172.28.229 - - [13/Dec/2021:11:01:15 +0800] "GET /xingrg/javascript/jquery_easy_ui/themes/icons/settle_new.png HTTP/1.1" 304 -
61.172.28.229 - - [13/Dec/2021:11:01:15 +0800] "POST /xingrg/all/common/load_tree.html?tree=area_rest_tree_json&manage=1 HTTP/1.1" 200 342
61.172.28.229 - - [13/Dec/2021:11:01:15 +0800] "GET /xingrg/check_reg.html?_=1639364411511 HTTP/1.1" 200 22
61.172.28.229 - - [13/Dec/2021:11:01:15 +0800] "GET /xingrg/all/function/internal_message.html?_=1639364411510&CODE_STATE=count HTTP/1.1" 200 11
61.172.28.229 - - [13/Dec/2021:11:01:15 +0800] "GET /xingrg/images/blue/pingpu.png HTTP/1.1" 304 -
61.172.28.229 - - [13/Dec/2021:11:01:15 +0800] "GET /xingrg/javascript/jquery_easy_ui/themes/default/images/tabs_leftarrow.png HTTP/1.1" 304 -
61.172.28.229 - - [13/Dec/2021:11:01:15 +0800] "GET /xingrg/javascript/jquery_easy_ui/themes/default/images/panel_tool_collapse.gif HTTP/1.1" 304 -
61.172.28.229 - - [13/Dec/2021:11:01:15 +0800] "GET /xingrg/javascript/jquery_easy_ui/themes/default/images/tabs_rightarrow.png HTTP/1.1" 304 -
61.172.28.229 - - [13/Dec/2021:11:01:15 +0800] "POST /xingrg/load_menu.html HTTP/1.1" 200 5138
61.172.28.229 - - [13/Dec/2021:11:01:15 +0800] "GET /xingrg/javascript/jquery_easy_ui/themes/default/images/tree_arrows.gif HTTP/1.1" 304 -
61.172.28.229 - - [13/Dec/2021:11:01:15 +0800] "GET /xingrg/javascript/jquery_easy_ui/themes/default/images/tree_folder_open.gif HTTP/1.1" 304 -
61.172.28.229 - - [13/Dec/2021:11:01:15 +0800] "GET /xingrg/javascript/jquery_easy_ui/themes/icons/search_new.png HTTP/1.1" 304 -
61.172.28.229 - - [13/Dec/2021:11:01:15 +0800] "GET /xingrg/javascript/jquery_easy_ui/themes/default/images/tree_folder.gif HTTP/1.1" 304 -
61.172.28.229 - - [13/Dec/2021:11:01:15 +0800] "GET /xingrg/javascript/jquery_easy_ui/themes/icons/storage_new.png HTTP/1.1" 304 -
61.172.28.229 - - [13/Dec/2021:11:01:15 +0800] "GET /xingrg/javascript/jquery_easy_ui/themes/icons/forms_new.png HTTP/1.1" 304 -
61.172.28.229 - - [13/Dec/2021:11:01:15 +0800] "GET /xingrg/javascript/jquery_easy_ui/themes/default/images/tree_file.gif HTTP/1.1" 304 -
222.70.176.97 - - [13/Dec/2021:11:01:16 +0800] "GET /xingrg/all/function/internal_message.html?_=1639364139589&CODE_STATE=getMsg HTTP/1.1" 302 -
61.172.28.229 - - [13/Dec/2021:11:01:18 +0800] "GET /xingrg/javascript/jquery_easy_ui/themes/default/images/tabs_close.gif HTTP/1.1" 304 -
61.172.28.229 - - [13/Dec/2021:11:01:18 +0800] "GET /xingrg/kc/buy/buy_main.html HTTP/1.1" 200 12412
61.172.28.229 - - [13/Dec/2021:11:01:18 +0800] "GET /xingrg/css/new_ie.css HTTP/1.1" 404 1036
61.172.28.229 - - [13/Dec/2021:11:01:18 +0800] "GET /xingrg/css/blue.css HTTP/1.1" 304 -
61.172.28.229 - - [13/Dec/2021:11:01:18 +0800] "GET /xingrg/javascript/jquery_ui/themes/humanity/humanity.css HTTP/1.1" 304 -
61.172.28.229 - - [13/Dec/2021:11:01:18 +0800] "GET /xingrg/javascript/pic_change.js HTTP/1.1" 304 -
61.172.28.229 - - [13/Dec/2021:11:01:18 +0800] "GET /xingrg/javascript/ToolTips.js HTTP/1.1" 304 -
61.172.28.229 - - [13/Dec/2021:11:01:18 +0800] "GET /xingrg/javascript/myfunction.js HTTP/1.1" 304 -
61.172.28.229 - - [13/Dec/2021:11:01:18 +0800] "GET /xingrg/javascript/jquery_ui/jquery-ui.min.js HTTP/1.1" 304 -
61.172.28.229 - - [13/Dec/2021:11:01:18 +0800] "GET /xingrg/images/blue/button/cgxqd.gif HTTP/1.1" 304 -
61.172.28.229 - - [13/Dec/2021:11:01:18 +0800] "GET /xingrg/images/blue/button/cgydd.gif HTTP/1.1" 304 -
61.172.28.229 - - [13/Dec/2021:11:01:18 +0800] "GET /xingrg/images/blue/button/cgshd.gif HTTP/1.1" 304 -
61.172.28.229 - - [13/Dec/2021:11:01:18 +0800] "GET /xingrg/images/blue/button/cgfkd.gif HTTP/1.1" 304 -
61.172.28.229 - - [13/Dec/2021:11:01:18 +0800] "GET /xingrg/images/blue/button/kc.gif HTTP/1.1" 304 -
61.172.28.229 - - [13/Dec/2021:11:01:18 +0800] "GET /xingrg/images/blue/button/ckthd.gif HTTP/1.1" 304 -
61.172.28.229 - - [13/Dec/2021:11:01:18 +0800] "GET /xingrg/images/blue/pic_form2.gif HTTP/1.1" 304 -
61.172.28.229 - - [13/Dec/2021:11:01:18 +0800] "GET /xingrg/javascript/jquery_ui/themes/humanity/images/ui-bg_inset-soft_100_f4f0ec_1x100.png HTTP/1.1" 304 -
61.172.28.229 - - [13/Dec/2021:11:01:18 +0800] "GET /xingrg/images/blue/bg_dotted.jpg HTTP/1.1" 304 -
61.172.28.229 - - [13/Dec/2021:11:01:18 +0800] "GET /xingrg/images/blue/button/right_ah.jpg HTTP/1.1" 304 -
61.172.28.229 - - [13/Dec/2021:11:01:18 +0800] "GET /xingrg/images/blue/button/down_ah.jpg HTTP/1.1" 304 -
61.172.28.229 - - [13/Dec/2021:11:01:18 +0800] "GET /xingrg/javascript/jquery_ui/themes/humanity/images/ui-iconsnew.jpg HTTP/1.1" 304 -
61.172.28.229 - - [13/Dec/2021:11:01:18 +0800] "GET /xingrg/javascript/jquery_ui/themes/humanity/images/ui-icons_ffffff_256x240.png HTTP/1.1" 304 -
61.172.28.229 - - [13/Dec/2021:11:01:18 +0800] "GET /xingrg/javascript/jquery_ui/themes/humanity/images/ui-icons_c47a23_256x240.png HTTP/1.1" 304 -
61.172.28.229 - - [13/Dec/2021:11:01:18 +0800] "GET /xingrg/javascript/jquery_ui/themes/humanity/images/ui-bg_glass_70_ede4d4_1x400.png HTTP/1.1" 304 -
172.20.0.100 - - [13/Dec/2021:11:01:19 +0800] "GET /xingrg/check_reg.html?_=1639364478775 HTTP/1.1" 200 22
172.20.0.100 - - [13/Dec/2021:11:01:19 +0800] "GET /xingrg/all/function/internal_message.html?_=1639364478777&CODE_STATE=getMsg HTTP/1.1" 200 27
61.172.28.229 - - [13/Dec/2021:11:01:19 +0800] "GET /xingrg/images/yd/bt.gif HTTP/1.1" 404 1040
61.172.28.229 - - [13/Dec/2021:11:01:21 +0800] "POST /xingrg/kc/base/wldb_order_operate.html HTTP/1.1" 200 37
61.172.28.229 - - [13/Dec/2021:11:01:21 +0800] "GET /xingrg/kc/buy/cgsh_order_list.html HTTP/1.1" 200 49291
61.172.28.229 - - [13/Dec/2021:11:01:21 +0800] "GET /xingrg/css/base.css HTTP/1.1" 304 -
61.172.28.229 - - [13/Dec/2021:11:01:22 +0800] "GET /xingrg/css/site.css HTTP/1.1" 304 -
61.172.28.229 - - [13/Dec/2021:11:01:22 +0800] "GET /xingrg/javascript/jquery_tools/datebox.css HTTP/1.1" 304 -
61.172.28.229 - - [13/Dec/2021:11:01:22 +0800] "GET /xingrg/javascript/easyui/themes/default/easyui.css HTTP/1.1" 304 -
61.172.28.229 - - [13/Dec/2021:11:01:22 +0800] "GET /xingrg/javascript/easyui/themes/icon.css HTTP/1.1" 304 -
61.172.28.229 - - [13/Dec/2021:11:01:22 +0800] "GET /xingrg/javascript/auto/jquery.autocomplete.css HTTP/1.1" 304 -
61.172.28.229 - - [13/Dec/2021:11:01:22 +0800] "GET /xingrg/javascript/jquery_tools/fix.css HTTP/1.1" 304 -
61.172.28.229 - - [13/Dec/2021:11:01:22 +0800] "GET /xingrg/javascript/jquery_tools/table.css HTTP/1.1" 304 -
61.172.28.229 - - [13/Dec/2021:11:01:22 +0800] "GET /xingrg/javascript/jquery_tools/jquery.tools.min.js HTTP/1.1" 304 -
61.172.28.229 - - [13/Dec/2021:11:01:22 +0800] "GET /xingrg/javascript/jquery_tools/jquery.tools.extend.js HTTP/1.1" 304 -
61.172.28.229 - - [13/Dec/2021:11:01:22 +0800] "GET /xingrg/javascript/jquery_tools/jquery.tools.hotkey.js HTTP/1.1" 304 -
61.172.28.229 - - [13/Dec/2021:11:01:22 +0800] "GET /xingrg/javascript/jquery_tools/jquery.tools.table.js HTTP/1.1" 304 -
61.172.28.229 - - [13/Dec/2021:11:01:22 +0800] "GET /xingrg/javascript/auto/jquery.autocomplete.js HTTP/1.1" 304 -
61.172.28.229 - - [13/Dec/2021:11:01:22 +0800] "GET /xingrg/javascript/jquery_tools/list_manager.js HTTP/1.1" 304 -
61.172.28.229 - - [13/Dec/2021:11:01:22 +0800] "GET /xingrg/javascript/easyui/easyloader.js HTTP/1.1" 304 -
61.172.28.229 - - [13/Dec/2021:11:01:22 +0800] "GET /xingrg/javascript/jquery.cookie.js HTTP/1.1" 304 -
61.172.28.229 - - [13/Dec/2021:11:01:22 +0800] "GET /xingrg/javascript/print/LodopFuncs.js HTTP/1.1" 304 -
61.172.28.229 - - [13/Dec/2021:11:01:22 +0800] "POST /xingrg/kc/base/wldb_order_operate.html HTTP/1.1" 200 3177
61.172.28.229 - - [13/Dec/2021:11:01:23 +0800] "GET /xingrg/javascript/easyui/themes/icons/cance_new.png HTTP/1.1" 304 -
61.172.28.229 - - [13/Dec/2021:11:01:23 +0800] "GET /xingrg/javascript/easyui/themes/icons/check_new.png HTTP/1.1" 304 -
61.172.28.229 - - [13/Dec/2021:11:01:23 +0800] "GET /xingrg/javascript/easyui/themes/icons/field_new.png HTTP/1.1" 304 -
61.172.28.229 - - [13/Dec/2021:11:01:23 +0800] "GET /xingrg/javascript/easyui/themes/icons/import_new.png HTTP/1.1" 304 -
61.172.28.229 - - [13/Dec/2021:11:01:23 +0800] "GET /xingrg/javascript/easyui/themes/icons/edit_add_new.png HTTP/1.1" 304 -
61.172.28.229 - - [13/Dec/2021:11:01:23 +0800] "GET /xingrg/javascript/easyui/plugins/jquery.parser.js HTTP/1.1" 304 -
61.172.28.229 - - [13/Dec/2021:11:01:23 +0800] "GET /xingrg/images/control/ajaxLoader.gif HTTP/1.1" 304 -
61.172.28.229 - - [13/Dec/2021:11:01:23 +0800] "GET /xingrg/kc/base/wldb_order_info.html?code=422021121301353 HTTP/1.1" 200 30288
61.172.28.229 - - [13/Dec/2021:11:01:23 +0800] "GET /xingrg/javascript/easyui/themes/default/validatebox.css HTTP/1.1" 404 1104
61.172.28.229 - - [13/Dec/2021:11:01:24 +0800] "POST /xingrg/kc/base/wldb_order_operate.html HTTP/1.1" 200 3177
180.169.147.146 - - [13/Dec/2021:11:01:24 +0800] "GET /xingrg/check_reg.html?_=1639364486799 HTTP/1.1" 200 22
180.169.147.146 - - [13/Dec/2021:11:01:24 +0800] "GET /xingrg/all/function/internal_message.html?_=1639364486801&CODE_STATE=getMsg HTTP/1.1" 200 27
61.172.28.229 - - [13/Dec/2021:11:01:25 +0800] "POST /xingrg/kc/buy/cgsh_list_operate.html HTTP/1.1" 200 3492
101.91.62.89 - - [13/Dec/2021:11:01:27 +0800] "GET /xingrg/all/function/internal_message.html?_=1639360704462&CODE_STATE=getMsg HTTP/1.1" 302 -
124.78.153.86 - - [13/Dec/2021:11:01:28 +0800] "POST /xingrg/kc/buy/cgsh_order_operate.html HTTP/1.1" 200 37
61.172.28.229 - - [13/Dec/2021:11:01:28 +0800] "GET /xingrg/javascript/easyui/themes/default/images/button_plain_hover.png HTTP/1.1" 304 -
61.172.28.229 - - [13/Dec/2021:11:01:29 +0800] "GET /xingrg/javascript/jquery_tools/order_manager.js HTTP/1.1" 304 -
61.172.28.229 - - [13/Dec/2021:11:01:29 +0800] "GET /xingrg/kc/buy/cgsh_order_add.html HTTP/1.1" 200 65108
61.172.28.229 - - [13/Dec/2021:11:01:29 +0800] "GET /xingrg/javascript/convert.js HTTP/1.1" 304 -
61.172.28.229 - - [13/Dec/2021:11:01:29 +0800] "GET /xingrg/javascript/json2.js HTTP/1.1" 304 -
61.172.28.229 - - [13/Dec/2021:11:01:29 +0800] "GET /xingrg/javascript/print/kc_print.js HTTP/1.1" 304 -
61.172.28.229 - - [13/Dec/2021:11:01:29 +0800] "GET /xingrg/words/20211212135524_words.js HTTP/1.1" 200 878546
61.172.28.229 - - [13/Dec/2021:11:01:29 +0800] "GET /xingrg/javascript/easyui/themes/icons/copy_new.png HTTP/1.1" 304 -
61.172.28.229 - - [13/Dec/2021:11:01:29 +0800] "GET /xingrg/javascript/easyui/themes/icons/template_new.png HTTP/1.1" 304 -
61.172.28.229 - - [13/Dec/2021:11:01:29 +0800] "GET /xingrg/javascript/easyui/themes/icons/ok.png HTTP/1.1" 304 -
61.172.28.229 - - [13/Dec/2021:11:01:29 +0800] "GET /xingrg/javascript/easyui/themes/icons/print.png HTTP/1.1" 304 -
61.172.28.229 - - [13/Dec/2021:11:01:29 +0800] "GET /xingrg/javascript/easyui/themes/default/images/menu_downarrow.png HTTP/1.1" 304 -
61.172.28.229 - - [13/Dec/2021:11:01:29 +0800] "GET /xingrg/javascript/easyui/themes/icons/cancel.png HTTP/1.1" 304 -
61.172.28.229 - - [13/Dec/2021:11:01:30 +0800] "POST /xingrg/kc/buy/cgsh_order_operate.html HTTP/1.1" 200 8245
61.172.28.229 - - [13/Dec/2021:11:01:30 +0800] "GET /xingrg/all/common/auto_word.html?type=employee&rest_code=00105 HTTP/1.1" 200 193
61.172.28.229 - - [13/Dec/2021:11:01:30 +0800] "GET /xingrg/javascript/easyui/themes/default/validatebox.css HTTP/1.1" 404 1104
61.172.28.229 - - [13/Dec/2021:11:01:30 +0800] "GET /xingrg/javascript/easyui/plugins/jquery.validatebox.js HTTP/1.1" 304 -
