114.83.219.237 - - [13/Dec/2021:08:50:27 +0800] "POST /xingrg/kc/buy/cgsh_list_operate.html HTTP/1.1" 200 205
114.83.219.237 - - [13/Dec/2021:08:50:27 +0800] "GET /xingrg/kc/buy/cgsh_order_info.html?code=212021121205002 HTTP/1.1" 200 65126
114.83.219.237 - - [13/Dec/2021:08:50:28 +0800] "GET /xingrg/words/20211212135524_words.js HTTP/1.1" 304 -
114.83.219.237 - - [13/Dec/2021:08:50:28 +0800] "GET /xingrg/all/common/auto_word.html?type=employee&rest_code=00149 HTTP/1.1" 200 197
114.83.219.237 - - [13/Dec/2021:08:50:28 +0800] "GET /xingrg/all/common/auto_word.html?type=employee&rest_code=00149 HTTP/1.1" 200 197
114.83.219.237 - - [13/Dec/2021:08:50:28 +0800] "GET /xingrg/javascript/easyui/themes/default/validatebox.css HTTP/1.1" 404 1104
114.83.219.237 - - [13/Dec/2021:08:50:28 +0800] "POST /xingrg/kc/buy/cgsh_order_operate.html HTTP/1.1" 200 2661
114.83.219.237 - - [13/Dec/2021:08:50:32 +0800] "GET /xingrg/javascript/auto/indicator.gif HTTP/1.1" 404 1066
114.83.219.237 - - [13/Dec/2021:08:50:32 +0800] "GET /xingrg/javascript/jquery_tools/images/prev.gif HTTP/1.1" 404 1086
114.83.219.237 - - [13/Dec/2021:08:50:32 +0800] "GET /xingrg/javascript/jquery_tools/images/next.gif HTTP/1.1" 404 1086
124.77.240.52 - - [13/Dec/2021:08:50:35 +0800] "GET /xingrg/all/function/internal_message.html?_=1639356635987&CODE_STATE=getMsg HTTP/1.1" 200 27
222.70.176.97 - - [13/Dec/2021:08:50:37 +0800] "GET /xingrg/all/function/internal_message.html?_=1639356637119&CODE_STATE=getMsg HTTP/1.1" 302 -
172.20.0.100 - - [13/Dec/2021:08:50:37 +0800] "GET /xingrg/check_reg.html?_=1639356635414 HTTP/1.1" 302 -
114.83.219.237 - - [13/Dec/2021:08:50:38 +0800] "POST /xingrg/kc/buy/cgsh_order_operate.html HTTP/1.1" 200 37
114.83.219.237 - - [13/Dec/2021:08:50:41 +0800] "POST /xingrg/kc/buy/cgsh_order_operate.html HTTP/1.1" 200 12
114.83.219.237 - - [13/Dec/2021:08:50:43 +0800] "GET /xingrg/kc/buy/cgsh_order_info.html?code=212021121205002 HTTP/1.1" 200 60017
114.83.219.237 - - [13/Dec/2021:08:50:43 +0800] "GET /xingrg/javascript/easyui/themes/default/validatebox.css HTTP/1.1" 404 1104
114.83.219.237 - - [13/Dec/2021:08:50:44 +0800] "POST /xingrg/kc/buy/cgsh_order_operate.html HTTP/1.1" 200 611
114.83.219.237 - - [13/Dec/2021:08:50:47 +0800] "GET /xingrg/kc/buy/cgsh_order_add.html HTTP/1.1" 200 65114
114.83.219.237 - - [13/Dec/2021:08:50:48 +0800] "POST /xingrg/kc/buy/cgsh_order_operate.html HTTP/1.1" 200 8245
114.83.219.237 - - [13/Dec/2021:08:50:48 +0800] "GET /xingrg/javascript/easyui/themes/default/validatebox.css HTTP/1.1" 404 1104
61.172.28.229 - - [13/Dec/2021:08:50:59 +0800] "GET /xingrg/all/function/internal_message.html?_=1639356659682&CODE_STATE=getMsg HTTP/1.1" 200 27
114.83.219.237 - - [13/Dec/2021:08:51:05 +0800] "GET /xingrg/kc/buy/cgsh_order_operate.html?command=get_materiel&rest_code=00149&code=00101008210&supplier_code=00100005&order_time=2021-12-13 HTTP/1.1" 200 408
116.233.76.72 - - [13/Dec/2021:08:51:10 +0800] "GET /xingrg/all/function/internal_message.html?_=1639356670143&CODE_STATE=getMsg HTTP/1.1" 200 27
222.70.176.97 - - [13/Dec/2021:08:51:16 +0800] "GET /xingrg/all/function/internal_message.html?_=1639356339589&CODE_STATE=getMsg HTTP/1.1" 302 -
120.253.135.82 - - [13/Dec/2021:08:51:16 +0800] "GET /xingrg/all/function/internal_message.html?_=1639356454293&CODE_STATE=getMsg HTTP/1.1" 200 27
114.83.219.237 - - [13/Dec/2021:08:51:16 +0800] "GET /xingrg/kc/buy/cgsh_order_operate.html?command=get_materiel&rest_code=00149&code=00101008027&supplier_code=00100005&order_time=2021-12-13 HTTP/1.1" 200 408
114.83.219.237 - - [13/Dec/2021:08:51:17 +0800] "GET /xingrg/all/function/internal_message.html?_=1639356675079&CODE_STATE=getMsg HTTP/1.1" 200 27
120.253.135.82 - - [13/Dec/2021:08:51:34 +0800] "GET /xingrg/kc/pszx/mdqp_order_list.html?state=10 HTTP/1.1" 200 10217
120.253.135.82 - - [13/Dec/2021:08:51:34 +0800] "GET /xingrg/dwr/interface/AjaxReportQueryService.js HTTP/1.1" 200 13203
120.253.135.82 - - [13/Dec/2021:08:51:34 +0800] "GET /xingrg/dwr/interface/AjaxQqpsService.js HTTP/1.1" 200 16326
120.253.135.82 - - [13/Dec/2021:08:51:34 +0800] "GET /xingrg/dwr/engine.js HTTP/1.1" 200 43631
120.253.135.82 - - [13/Dec/2021:08:51:35 +0800] "GET /xingrg/kc/pszx/mdqp_order_list.html?state=10 HTTP/1.1" 200 10217
120.253.135.82 - - [13/Dec/2021:08:51:35 +0800] "GET /xingrg/dwr/interface/AjaxReportQueryService.js HTTP/1.1" 200 13203
120.253.135.82 - - [13/Dec/2021:08:51:35 +0800] "GET /xingrg/dwr/interface/AjaxQqpsService.js HTTP/1.1" 200 16326
120.253.135.82 - - [13/Dec/2021:08:51:35 +0800] "GET /xingrg/dwr/engine.js HTTP/1.1" 200 43631
124.77.240.52 - - [13/Dec/2021:08:51:35 +0800] "GET /xingrg/all/function/internal_message.html?_=1639356695991&CODE_STATE=getMsg HTTP/1.1" 200 27
222.70.176.97 - - [13/Dec/2021:08:51:37 +0800] "GET /xingrg/all/function/internal_message.html?_=1639356697103&CODE_STATE=getMsg HTTP/1.1" 302 -
222.70.176.97 - - [13/Dec/2021:08:51:49 +0800] "GET /xingrg/check_reg.html?_=1639356709118 HTTP/1.1" 302 -
120.253.135.82 - - [13/Dec/2021:08:51:55 +0800] "GET /xingrg/kc/pszx/mdqp_order_list.html?state=10 HTTP/1.1" 200 10217
120.253.135.82 - - [13/Dec/2021:08:51:56 +0800] "GET /xingrg/dwr/interface/AjaxQqpsService.js HTTP/1.1" 200 16326
120.253.135.82 - - [13/Dec/2021:08:51:56 +0800] "GET /xingrg/dwr/interface/AjaxReportQueryService.js HTTP/1.1" 200 13203
120.253.135.82 - - [13/Dec/2021:08:51:56 +0800] "GET /xingrg/dwr/engine.js HTTP/1.1" 200 43631
116.238.208.177 - - [13/Dec/2021:08:51:58 +0800] "GET /xingrg/check_reg.html?_=1639356720051 HTTP/1.1" 302 -
61.172.28.229 - - [13/Dec/2021:08:51:59 +0800] "GET /xingrg/all/function/internal_message.html?_=1639356719673&CODE_STATE=getMsg HTTP/1.1" 200 27
114.83.219.237 - - [13/Dec/2021:08:52:04 +0800] "GET /xingrg/kc/buy/cgsh_order_operate.html?command=get_materiel&rest_code=00149&code=00101008257&supplier_code=00100005&order_time=2021-12-13 HTTP/1.1" 200 416
116.233.76.72 - - [13/Dec/2021:08:52:10 +0800] "GET /xingrg/all/function/internal_message.html?_=1639356730145&CODE_STATE=getMsg HTTP/1.1" 200 27
116.233.76.72 - - [13/Dec/2021:08:52:10 +0800] "GET /xingrg/check_reg.html?_=1639356730146 HTTP/1.1" 200 22
114.83.219.237 - - [13/Dec/2021:08:52:12 +0800] "GET /xingrg/kc/buy/cgsh_order_operate.html?command=get_materiel&rest_code=00149&code=00101008156&supplier_code=00100005&order_time=2021-12-13 HTTP/1.1" 200 414
222.70.176.97 - - [13/Dec/2021:08:52:16 +0800] "GET /xingrg/all/function/internal_message.html?_=1639356399589&CODE_STATE=getMsg HTTP/1.1" 302 -
120.253.135.82 - - [13/Dec/2021:08:52:16 +0800] "GET /xingrg/all/function/internal_message.html?_=1639356514295&CODE_STATE=getMsg HTTP/1.1" 200 27
114.83.219.237 - - [13/Dec/2021:08:52:17 +0800] "GET /xingrg/all/function/internal_message.html?_=1639356735081&CODE_STATE=getMsg HTTP/1.1" 200 27
114.83.219.237 - - [13/Dec/2021:08:52:26 +0800] "GET /xingrg/kc/buy/cgsh_order_operate.html?command=get_materiel&rest_code=00149&code=00101008349&supplier_code=00100005&order_time=2021-12-13 HTTP/1.1" 200 412
114.83.219.237 - - [13/Dec/2021:08:52:34 +0800] "GET /xingrg/kc/buy/cgsh_order_operate.html?command=get_materiel&rest_code=00149&code=00101008350&supplier_code=00100005&order_time=2021-12-13 HTTP/1.1" 200 408
124.77.240.52 - - [13/Dec/2021:08:52:35 +0800] "GET /xingrg/all/function/internal_message.html?_=1639356756157&CODE_STATE=getMsg HTTP/1.1" 200 27
222.70.176.97 - - [13/Dec/2021:08:52:37 +0800] "GET /xingrg/all/function/internal_message.html?_=1639356757074&CODE_STATE=getMsg HTTP/1.1" 302 -
124.77.240.52 - - [13/Dec/2021:08:52:52 +0800] "GET /xingrg/check_reg.html?_=1639356772966 HTTP/1.1" 200 22
61.172.28.229 - - [13/Dec/2021:08:52:59 +0800] "GET /xingrg/all/function/internal_message.html?_=1639356779699&CODE_STATE=getMsg HTTP/1.1" 200 27
116.233.76.72 - - [13/Dec/2021:08:53:10 +0800] "GET /xingrg/all/function/internal_message.html?_=1639356790157&CODE_STATE=getMsg HTTP/1.1" 200 27
114.83.219.237 - - [13/Dec/2021:08:53:13 +0800] "GET /xingrg/kc/buy/cgsh_order_operate.html?command=get_materiel&rest_code=00149&code=00101008038&supplier_code=00100005&order_time=2021-12-13 HTTP/1.1" 200 412
120.253.135.82 - - [13/Dec/2021:08:53:15 +0800] "GET /xingrg/check_reg.html?_=1639356573999 HTTP/1.1" 200 22
222.70.176.97 - - [13/Dec/2021:08:53:16 +0800] "GET /xingrg/all/function/internal_message.html?_=1639356459589&CODE_STATE=getMsg HTTP/1.1" 302 -
222.70.176.97 - - [13/Dec/2021:08:53:16 +0800] "GET /xingrg/check_reg.html?_=1639356459590 HTTP/1.1" 302 -
120.253.135.82 - - [13/Dec/2021:08:53:16 +0800] "GET /xingrg/all/function/internal_message.html?_=1639356574309&CODE_STATE=getMsg HTTP/1.1" 200 27
114.83.219.237 - - [13/Dec/2021:08:53:17 +0800] "GET /xingrg/all/function/internal_message.html?_=1639356795083&CODE_STATE=getMsg HTTP/1.1" 200 27
114.83.219.237 - - [13/Dec/2021:08:53:23 +0800] "GET /xingrg/kc/buy/cgsh_order_operate.html?command=get_materiel&rest_code=00149&code=00101008358&supplier_code=00100005&order_time=2021-12-13 HTTP/1.1" 200 412
124.77.240.52 - - [13/Dec/2021:08:53:35 +0800] "GET /xingrg/all/function/internal_message.html?_=1639356816158&CODE_STATE=getMsg HTTP/1.1" 200 27
222.70.176.97 - - [13/Dec/2021:08:53:37 +0800] "GET /xingrg/all/function/internal_message.html?_=1639356817058&CODE_STATE=getMsg HTTP/1.1" 302 -
61.172.28.229 - - [13/Dec/2021:08:53:41 +0800] "POST /xingrg/kc/buy/cgsh_order_operate.html HTTP/1.1" 200 37
61.172.28.229 - - [13/Dec/2021:08:53:43 +0800] "POST /xingrg/kc/buy/cgsh_order_operate.html HTTP/1.1" 200 33393
61.172.28.229 - - [13/Dec/2021:08:53:44 +0800] "GET /xingrg/kc/print/load_data.html?order_code=212021121305185&kc_code=cgsh&condition= HTTP/1.1" 200 12242
114.83.219.237 - - [13/Dec/2021:08:53:45 +0800] "GET /xingrg/kc/buy/cgsh_order_operate.html?command=get_materiel&rest_code=00149&code=00101008370&supplier_code=00100005&order_time=2021-12-13 HTTP/1.1" 200 412
114.85.125.222 - - [13/Dec/2021:08:53:51 +0800] "GET /xingrg/check_reg.html?_=1639356787708 HTTP/1.1" 302 -
61.172.28.229 - - [13/Dec/2021:08:53:59 +0800] "GET /xingrg/all/function/internal_message.html?_=1639356839704&CODE_STATE=getMsg HTTP/1.1" 200 27
114.83.219.237 - - [13/Dec/2021:08:54:06 +0800] "GET /xingrg/kc/buy/cgsh_order_operate.html?command=get_materiel&rest_code=00149&code=00101008372&supplier_code=00100005&order_time=2021-12-13 HTTP/1.1" 200 408
116.233.76.72 - - [13/Dec/2021:08:54:10 +0800] "GET /xingrg/all/function/internal_message.html?_=1639356850156&CODE_STATE=getMsg HTTP/1.1" 200 27
222.70.176.97 - - [13/Dec/2021:08:54:16 +0800] "GET /xingrg/all/function/internal_message.html?_=1639356519590&CODE_STATE=getMsg HTTP/1.1" 302 -
120.253.135.82 - - [13/Dec/2021:08:54:16 +0800] "GET /xingrg/all/function/internal_message.html?_=1639356634322&CODE_STATE=getMsg HTTP/1.1" 200 27
114.83.219.237 - - [13/Dec/2021:08:54:17 +0800] "GET /xingrg/all/function/internal_message.html?_=1639356855087&CODE_STATE=getMsg HTTP/1.1" 200 27
114.83.219.237 - - [13/Dec/2021:08:54:17 +0800] "GET /xingrg/check_reg.html?_=1639356855091 HTTP/1.1" 200 22
120.253.135.82 - - [13/Dec/2021:08:54:21 +0800] "GET /xingrg/kc/pszx/mdqp_order_list.html?state=10 HTTP/1.1" 200 10217
120.253.135.82 - - [13/Dec/2021:08:54:21 +0800] "GET /xingrg/dwr/interface/AjaxReportQueryService.js HTTP/1.1" 200 13203
120.253.135.82 - - [13/Dec/2021:08:54:21 +0800] "GET /xingrg/dwr/interface/AjaxQqpsService.js HTTP/1.1" 200 16326
120.253.135.82 - - [13/Dec/2021:08:54:21 +0800] "GET /xingrg/dwr/engine.js HTTP/1.1" 200 43631
114.83.219.237 - - [13/Dec/2021:08:54:26 +0800] "GET /xingrg/kc/buy/cgsh_order_operate.html?command=get_materiel&rest_code=00149&code=00101008356&supplier_code=00100005&order_time=2021-12-13 HTTP/1.1" 200 408
124.77.240.52 - - [13/Dec/2021:08:54:35 +0800] "GET /xingrg/all/function/internal_message.html?_=1639356876171&CODE_STATE=getMsg HTTP/1.1" 200 27
222.70.176.97 - - [13/Dec/2021:08:54:37 +0800] "GET /xingrg/all/function/internal_message.html?_=1639356877042&CODE_STATE=getMsg HTTP/1.1" 302 -
114.83.219.237 - - [13/Dec/2021:08:54:47 +0800] "GET /xingrg/kc/buy/cgsh_order_operate.html?command=get_materiel&rest_code=00149&code=00101008205&supplier_code=00100005&order_time=2021-12-13 HTTP/1.1" 200 412
116.238.208.177 - - [13/Dec/2021:08:54:48 +0800] "GET /favicon.ico HTTP/1.1" 404 -
116.238.208.177 - - [13/Dec/2021:08:54:48 +0800] "GET /favicon.ico HTTP/1.1" 404 -
116.238.208.177 - - [13/Dec/2021:08:54:49 +0800] "GET /favicon.ico HTTP/1.1" 404 -
114.83.219.237 - - [13/Dec/2021:08:54:55 +0800] "GET /xingrg/kc/buy/cgsh_order_operate.html?command=get_materiel&rest_code=00149&code=00101008251&supplier_code=00100005&order_time=2021-12-13 HTTP/1.1" 200 408
61.172.28.229 - - [13/Dec/2021:08:54:59 +0800] "GET /xingrg/check_reg.html?_=1639356899707 HTTP/1.1" 200 22
61.172.28.229 - - [13/Dec/2021:08:54:59 +0800] "GET /xingrg/all/function/internal_message.html?_=1639356899704&CODE_STATE=getMsg HTTP/1.1" 200 27
120.253.135.82 - - [13/Dec/2021:08:55:01 +0800] "GET /xingrg/check_reg.html?_=1639357033517 HTTP/1.1" 302 -
114.83.219.237 - - [13/Dec/2021:08:55:08 +0800] "GET /xingrg/kc/buy/cgsh_order_operate.html?command=get_materiel&rest_code=00149&code=00101008272&supplier_code=00100005&order_time=2021-12-13 HTTP/1.1" 200 412
116.233.76.72 - - [13/Dec/2021:08:55:10 +0800] "GET /xingrg/all/function/internal_message.html?_=1639356910163&CODE_STATE=getMsg HTTP/1.1" 200 27
116.227.210.113 - - [13/Dec/2021:08:55:11 +0800] "POST /xingrg/services/DataTransmitService HTTP/1.1" 200 524
222.70.176.97 - - [13/Dec/2021:08:55:16 +0800] "GET /xingrg/all/function/internal_message.html?_=1639356579589&CODE_STATE=getMsg HTTP/1.1" 302 -
120.253.135.82 - - [13/Dec/2021:08:55:16 +0800] "GET /xingrg/all/function/internal_message.html?_=1639356694350&CODE_STATE=getMsg HTTP/1.1" 200 27
114.83.219.237 - - [13/Dec/2021:08:55:17 +0800] "GET /xingrg/all/function/internal_message.html?_=1639356915088&CODE_STATE=getMsg HTTP/1.1" 200 27
114.83.219.237 - - [13/Dec/2021:08:55:18 +0800] "GET /xingrg/kc/buy/cgsh_order_operate.html?command=get_materiel&rest_code=00149&code=00101008059&supplier_code=00100005&order_time=2021-12-13 HTTP/1.1" 200 408
124.77.240.52 - - [13/Dec/2021:08:55:21 +0800] "GET /xingrg/check_reg.html?_=1639356921873 HTTP/1.1" 302 -
61.172.28.229 - - [13/Dec/2021:08:55:35 +0800] "GET /xingrg/kc/buy/cgsh_order_add.html HTTP/1.1" 200 65108
61.172.28.229 - - [13/Dec/2021:08:55:35 +0800] "GET /xingrg/javascript/easyui/themes/default/validatebox.css HTTP/1.1" 404 1104
61.172.28.229 - - [13/Dec/2021:08:55:35 +0800] "POST /xingrg/kc/buy/cgsh_order_operate.html HTTP/1.1" 200 8245
124.77.240.52 - - [13/Dec/2021:08:55:35 +0800] "GET /xingrg/all/function/internal_message.html?_=1639356936339&CODE_STATE=getMsg HTTP/1.1" 200 27
222.70.176.97 - - [13/Dec/2021:08:55:37 +0800] "GET /xingrg/all/function/internal_message.html?_=1639356937026&CODE_STATE=getMsg HTTP/1.1" 302 -
172.20.0.100 - - [13/Dec/2021:08:55:37 +0800] "GET /xingrg/check_reg.html?_=1639356935407 HTTP/1.1" 302 -
114.83.219.237 - - [13/Dec/2021:08:55:43 +0800] "GET /xingrg/kc/buy/cgsh_order_operate.html?command=get_materiel&rest_code=00149&code=00101008558&supplier_code=00100005&order_time=2021-12-13 HTTP/1.1" 200 395
61.172.28.229 - - [13/Dec/2021:08:55:59 +0800] "GET /xingrg/all/function/internal_message.html?_=1639356959718&CODE_STATE=getMsg HTTP/1.1" 200 27
61.172.28.229 - - [13/Dec/2021:08:56:10 +0800] "GET /xingrg/kc/buy/cgsh_order_operate.html?command=get_materiel&rest_code=00105&code=00101007061&supplier_code=00100002&order_time=2021-12-13 HTTP/1.1" 200 409
116.233.76.72 - - [13/Dec/2021:08:56:10 +0800] "GET /xingrg/all/function/internal_message.html?_=1639356970156&CODE_STATE=getMsg HTTP/1.1" 200 27
222.70.176.97 - - [13/Dec/2021:08:56:16 +0800] "GET /xingrg/all/function/internal_message.html?_=1639356639589&CODE_STATE=getMsg HTTP/1.1" 302 -
120.253.135.82 - - [13/Dec/2021:08:56:16 +0800] "GET /xingrg/all/function/internal_message.html?_=1639356754365&CODE_STATE=getMsg HTTP/1.1" 200 27
114.83.219.237 - - [13/Dec/2021:08:56:17 +0800] "GET /xingrg/all/function/internal_message.html?_=1639356975099&CODE_STATE=getMsg HTTP/1.1" 200 27
61.172.28.229 - - [13/Dec/2021:08:56:24 +0800] "GET /xingrg/kc/buy/cgsh_order_operate.html?command=get_materiel&rest_code=00105&code=00101007049&supplier_code=00100002&order_time=2021-12-13 HTTP/1.1" 200 409
61.172.28.229 - - [13/Dec/2021:08:56:30 +0800] "POST /xingrg/kc/buy/cgsh_order_operate.html HTTP/1.1" 200 37
61.172.28.229 - - [13/Dec/2021:08:56:34 +0800] "POST /xingrg/kc/buy/cgsh_order_operate.html HTTP/1.1" 200 3240
61.172.28.229 - - [13/Dec/2021:08:56:35 +0800] "GET /xingrg/kc/print/load_data.html?order_code=212021121305186&kc_code=cgsh&condition= HTTP/1.1" 200 962
124.77.240.52 - - [13/Dec/2021:08:56:35 +0800] "GET /xingrg/all/function/internal_message.html?_=1639356996339&CODE_STATE=getMsg HTTP/1.1" 200 27
222.70.176.97 - - [13/Dec/2021:08:56:37 +0800] "GET /xingrg/all/function/internal_message.html?_=1639356997010&CODE_STATE=getMsg HTTP/1.1" 302 -
124.78.153.86 - - [13/Dec/2021:08:56:40 +0800] "POST /xingrg/services/DataTransmitService HTTP/1.1" 200 524
222.70.176.97 - - [13/Dec/2021:08:56:49 +0800] "GET /xingrg/check_reg.html?_=1639357009119 HTTP/1.1" 302 -
61.172.28.229 - - [13/Dec/2021:08:56:59 +0800] "GET /xingrg/all/function/internal_message.html?_=1639357019709&CODE_STATE=getMsg HTTP/1.1" 200 27
61.172.28.229 - - [13/Dec/2021:08:57:09 +0800] "GET /xingrg/kc/buy/cgsh_order_add.html HTTP/1.1" 200 65108
61.172.28.229 - - [13/Dec/2021:08:57:09 +0800] "GET /xingrg/javascript/easyui/themes/default/validatebox.css HTTP/1.1" 404 1104
61.172.28.229 - - [13/Dec/2021:08:57:09 +0800] "POST /xingrg/kc/buy/cgsh_order_operate.html HTTP/1.1" 200 8245
116.233.76.72 - - [13/Dec/2021:08:57:10 +0800] "GET /xingrg/all/function/internal_message.html?_=1639357030154&CODE_STATE=getMsg HTTP/1.1" 200 27
116.233.76.72 - - [13/Dec/2021:08:57:10 +0800] "GET /xingrg/check_reg.html?_=1639357030155 HTTP/1.1" 200 22
124.77.240.52 - - [13/Dec/2021:08:57:11 +0800] "POST /xingrg/services/DataTransmitService HTTP/1.1" 200 524
124.77.240.52 - - [13/Dec/2021:08:57:12 +0800] "POST /xingrg/services/DataTransmitService HTTP/1.1" 200 2171
222.70.176.97 - - [13/Dec/2021:08:57:16 +0800] "GET /xingrg/all/function/internal_message.html?_=1639356699589&CODE_STATE=getMsg HTTP/1.1" 302 -
120.253.135.82 - - [13/Dec/2021:08:57:16 +0800] "GET /xingrg/all/function/internal_message.html?_=1639356814394&CODE_STATE=getMsg HTTP/1.1" 200 27
114.83.219.237 - - [13/Dec/2021:08:57:17 +0800] "GET /xingrg/all/function/internal_message.html?_=1639357035102&CODE_STATE=getMsg HTTP/1.1" 200 27
124.77.240.52 - - [13/Dec/2021:08:57:26 +0800] "POST /xingrg/services/DataTransmitService HTTP/1.1" 200 524
124.77.240.52 - - [13/Dec/2021:08:57:26 +0800] "POST /xingrg/services/DataTransmitService HTTP/1.1" 200 2171
61.172.28.229 - - [13/Dec/2021:08:57:26 +0800] "GET /xingrg/kc/buy/cgsh_order_operate.html?command=get_materiel&rest_code=00105&code=00101012026&supplier_code=00100034&order_time=2021-12-13 HTTP/1.1" 200 408
124.77.240.52 - - [13/Dec/2021:08:57:27 +0800] "POST /xingrg/services/DataTransmitService HTTP/1.1" 200 524
124.77.240.52 - - [13/Dec/2021:08:57:28 +0800] "POST /xingrg/services/DataTransmitService HTTP/1.1" 200 2171
124.77.240.52 - - [13/Dec/2021:08:57:31 +0800] "POST /xingrg/services/DataTransmitService HTTP/1.1" 200 524
124.77.240.52 - - [13/Dec/2021:08:57:32 +0800] "POST /xingrg/services/DataTransmitService HTTP/1.1" 200 2171
114.83.219.237 - - [13/Dec/2021:08:57:34 +0800] "GET /xingrg/kc/buy/cgsh_order_operate.html?command=get_materiel&rest_code=00149&code=00101008357&supplier_code=00100005&order_time=2021-12-13 HTTP/1.1" 200 408
124.77.240.52 - - [13/Dec/2021:08:57:36 +0800] "GET /xingrg/all/function/internal_message.html?_=1639357056549&CODE_STATE=getMsg HTTP/1.1" 200 27
222.70.176.97 - - [13/Dec/2021:08:57:37 +0800] "GET /xingrg/all/function/internal_message.html?_=1639357056982&CODE_STATE=getMsg HTTP/1.1" 302 -
114.83.219.237 - - [13/Dec/2021:08:57:39 +0800] "POST /xingrg/kc/buy/cgsh_order_operate.html HTTP/1.1" 200 2065
61.172.28.229 - - [13/Dec/2021:08:57:39 +0800] "GET /xingrg/kc/buy/cgsh_order_operate.html?command=get_materiel&rest_code=00105&code=00101012029&supplier_code=00100034&order_time=2021-12-13 HTTP/1.1" 200 412
114.83.219.237 - - [13/Dec/2021:08:57:45 +0800] "GET /xingrg/kc/buy/cgsh_order_operate.html?command=get_materiel&rest_code=00149&code=00101008286&supplier_code=00100005&order_time=2021-12-13 HTTP/1.1" 200 408
124.77.240.52 - - [13/Dec/2021:08:57:45 +0800] "POST /xingrg/services/DataTransmitService HTTP/1.1" 200 524
124.77.240.52 - - [13/Dec/2021:08:57:47 +0800] "POST /xingrg/services/DataTransmitService HTTP/1.1" 200 412
124.77.240.52 - - [13/Dec/2021:08:57:48 +0800] "POST /xingrg/services/DataTransmitService HTTP/1.1" 200 524
124.77.240.52 - - [13/Dec/2021:08:57:48 +0800] "POST /xingrg/services/DataTransmitService HTTP/1.1" 200 412
124.77.240.52 - - [13/Dec/2021:08:57:49 +0800] "POST /xingrg/services/DataTransmitService HTTP/1.1" 200 524
124.77.240.52 - - [13/Dec/2021:08:57:49 +0800] "POST /xingrg/services/DataTransmitService HTTP/1.1" 200 412
124.77.240.52 - - [13/Dec/2021:08:57:51 +0800] "POST /xingrg/services/DataTransmitService HTTP/1.1" 200 524
124.77.240.52 - - [13/Dec/2021:08:57:52 +0800] "POST /xingrg/services/DataTransmitService HTTP/1.1" 200 412
124.77.240.52 - - [13/Dec/2021:08:57:52 +0800] "GET /xingrg/check_reg.html?_=1639357072973 HTTP/1.1" 200 22
124.77.240.52 - - [13/Dec/2021:08:57:53 +0800] "POST /xingrg/services/DataTransmitService HTTP/1.1" 200 524
124.77.240.52 - - [13/Dec/2021:08:57:54 +0800] "POST /xingrg/services/DataTransmitService HTTP/1.1" 200 412
124.77.240.52 - - [13/Dec/2021:08:57:55 +0800] "POST /xingrg/services/DataTransmitService HTTP/1.1" 200 524
124.77.240.52 - - [13/Dec/2021:08:57:55 +0800] "POST /xingrg/services/DataTransmitService HTTP/1.1" 200 2171
114.83.219.237 - - [13/Dec/2021:08:57:55 +0800] "GET /xingrg/kc/buy/cgsh_order_operate.html?command=get_materiel&rest_code=00149&code=00101008131&supplier_code=00100005&order_time=2021-12-13 HTTP/1.1" 200 408
61.172.28.229 - - [13/Dec/2021:08:57:56 +0800] "GET /xingrg/kc/buy/cgsh_order_operate.html?command=get_materiel&rest_code=00105&code=00101016081&supplier_code=00100034&order_time=2021-12-13 HTTP/1.1" 200 447
124.77.240.52 - - [13/Dec/2021:08:57:56 +0800] "POST /xingrg/services/DataTransmitService HTTP/1.1" 200 524
124.77.240.52 - - [13/Dec/2021:08:57:57 +0800] "POST /xingrg/services/DataTransmitService HTTP/1.1" 200 2171
124.77.240.52 - - [13/Dec/2021:08:57:59 +0800] "POST /xingrg/services/DataTransmitService HTTP/1.1" 200 524
61.172.28.229 - - [13/Dec/2021:08:57:59 +0800] "GET /xingrg/all/function/internal_message.html?_=1639357079729&CODE_STATE=getMsg HTTP/1.1" 200 27
124.77.240.52 - - [13/Dec/2021:08:57:59 +0800] "POST /xingrg/services/DataTransmitService HTTP/1.1" 200 2171
124.77.240.52 - - [13/Dec/2021:08:58:00 +0800] "POST /xingrg/services/DataTransmitService HTTP/1.1" 200 524
124.77.240.52 - - [13/Dec/2021:08:58:01 +0800] "POST /xingrg/services/DataTransmitService HTTP/1.1" 200 2171
124.77.240.52 - - [13/Dec/2021:08:58:02 +0800] "POST /xingrg/services/DataTransmitService HTTP/1.1" 200 524
124.77.240.52 - - [13/Dec/2021:08:58:02 +0800] "POST /xingrg/services/DataTransmitService HTTP/1.1" 200 2171
114.83.219.237 - - [13/Dec/2021:08:58:03 +0800] "GET /xingrg/kc/buy/cgsh_order_operate.html?command=get_materiel&rest_code=00149&code=00101008098&supplier_code=00100005&order_time=2021-12-13 HTTP/1.1" 200 412
124.77.240.52 - - [13/Dec/2021:08:58:03 +0800] "POST /xingrg/services/DataTransmitService HTTP/1.1" 200 524
124.77.240.52 - - [13/Dec/2021:08:58:04 +0800] "POST /xingrg/services/DataTransmitService HTTP/1.1" 200 2171
124.77.240.52 - - [13/Dec/2021:08:58:05 +0800] "POST /xingrg/services/DataTransmitService HTTP/1.1" 200 524
124.77.240.52 - - [13/Dec/2021:08:58:06 +0800] "POST /xingrg/services/DataTransmitService HTTP/1.1" 200 2171
114.88.154.34 - - [13/Dec/2021:08:58:10 +0800] "POST /xingrg/services/DataTransmitService HTTP/1.1" 200 524
116.233.76.72 - - [13/Dec/2021:08:58:10 +0800] "GET /xingrg/all/function/internal_message.html?_=1639357090154&CODE_STATE=getMsg HTTP/1.1" 200 27
114.83.219.237 - - [13/Dec/2021:08:58:12 +0800] "GET /xingrg/kc/buy/cgsh_order_operate.html?command=get_materiel&rest_code=00149&code=00101008005&supplier_code=00100005&order_time=2021-12-13 HTTP/1.1" 200 412
120.253.135.82 - - [13/Dec/2021:08:58:15 +0800] "GET /xingrg/check_reg.html?_=1639356874002 HTTP/1.1" 200 22
222.70.176.97 - - [13/Dec/2021:08:58:16 +0800] "GET /xingrg/all/function/internal_message.html?_=1639356759590&CODE_STATE=getMsg HTTP/1.1" 302 -
222.70.176.97 - - [13/Dec/2021:08:58:16 +0800] "GET /xingrg/check_reg.html?_=1639356759591 HTTP/1.1" 302 -
120.253.135.82 - - [13/Dec/2021:08:58:16 +0800] "GET /xingrg/all/function/internal_message.html?_=1639356874422&CODE_STATE=getMsg HTTP/1.1" 200 27
61.172.28.229 - - [13/Dec/2021:08:58:17 +0800] "GET /xingrg/kc/buy/cgsh_order_operate.html?command=get_materiel&rest_code=00105&code=00101016030&supplier_code=00100034&order_time=2021-12-13 HTTP/1.1" 200 412
114.83.219.237 - - [13/Dec/2021:08:58:17 +0800] "GET /xingrg/all/function/internal_message.html?_=1639357095102&CODE_STATE=getMsg HTTP/1.1" 200 27
124.77.240.52 - - [13/Dec/2021:08:58:18 +0800] "POST /xingrg/services/DataTransmitService HTTP/1.1" 200 524
124.77.240.52 - - [13/Dec/2021:08:58:20 +0800] "POST /xingrg/services/DataTransmitService HTTP/1.1" 200 501
114.83.219.237 - - [13/Dec/2021:08:58:21 +0800] "GET /xingrg/kc/buy/cgsh_order_operate.html?command=get_materiel&rest_code=00149&code=00101008353&supplier_code=00100005&order_time=2021-12-13 HTTP/1.1" 200 408
124.77.240.52 - - [13/Dec/2021:08:58:21 +0800] "POST /xingrg/services/DataTransmitService HTTP/1.1" 200 524
124.77.240.52 - - [13/Dec/2021:08:58:22 +0800] "POST /xingrg/services/DataTransmitService HTTP/1.1" 200 412
124.77.240.52 - - [13/Dec/2021:08:58:23 +0800] "POST /xingrg/services/DataTransmitService HTTP/1.1" 200 524
124.77.240.52 - - [13/Dec/2021:08:58:23 +0800] "POST /xingrg/services/DataTransmitService HTTP/1.1" 200 412
61.172.28.229 - - [13/Dec/2021:08:58:23 +0800] "GET /xingrg/kc/buy/cgsh_order_operate.html?command=get_materiel&rest_code=00105&code=00101012030&supplier_code=00100034&order_time=2021-12-13 HTTP/1.1" 200 417
124.77.240.52 - - [13/Dec/2021:08:58:24 +0800] "POST /xingrg/services/DataTransmitService HTTP/1.1" 200 524
124.77.240.52 - - [13/Dec/2021:08:58:25 +0800] "POST /xingrg/services/DataTransmitService HTTP/1.1" 200 412
114.83.219.237 - - [13/Dec/2021:08:58:25 +0800] "POST /xingrg/kc/buy/cgsh_order_operate.html HTTP/1.1" 200 2065
124.77.240.52 - - [13/Dec/2021:08:58:25 +0800] "POST /xingrg/services/DataTransmitService HTTP/1.1" 200 524
124.77.240.52 - - [13/Dec/2021:08:58:26 +0800] "POST /xingrg/services/DataTransmitService HTTP/1.1" 200 412
124.77.240.52 - - [13/Dec/2021:08:58:27 +0800] "POST /xingrg/services/DataTransmitService HTTP/1.1" 200 524
124.77.240.52 - - [13/Dec/2021:08:58:27 +0800] "POST /xingrg/services/DataTransmitService HTTP/1.1" 200 2171
124.77.240.52 - - [13/Dec/2021:08:58:28 +0800] "POST /xingrg/services/DataTransmitService HTTP/1.1" 200 524
124.77.240.52 - - [13/Dec/2021:08:58:29 +0800] "POST /xingrg/services/DataTransmitService HTTP/1.1" 200 2171
124.77.240.52 - - [13/Dec/2021:08:58:30 +0800] "POST /xingrg/services/DataTransmitService HTTP/1.1" 200 524
124.77.240.52 - - [13/Dec/2021:08:58:30 +0800] "POST /xingrg/services/DataTransmitService HTTP/1.1" 200 2171
61.172.28.229 - - [13/Dec/2021:08:58:33 +0800] "GET /xingrg/kc/buy/cgsh_order_operate.html?command=get_materiel&rest_code=00105&code=00101016100&supplier_code=00100034&order_time=2021-12-13 HTTP/1.1" 200 412
124.77.240.52 - - [13/Dec/2021:08:58:36 +0800] "GET /xingrg/all/function/internal_message.html?_=1639357116553&CODE_STATE=getMsg HTTP/1.1" 200 27
222.70.176.97 - - [13/Dec/2021:08:58:37 +0800] "GET /xingrg/all/function/internal_message.html?_=1639357116967&CODE_STATE=getMsg HTTP/1.1" 302 -
114.83.219.237 - - [13/Dec/2021:08:58:38 +0800] "GET /xingrg/kc/buy/cgsh_order_operate.html?command=get_materiel&rest_code=00149&code=00101008213&supplier_code=00100005&order_time=2021-12-13 HTTP/1.1" 200 412
124.77.240.52 - - [13/Dec/2021:08:58:42 +0800] "POST /xingrg/services/DataTransmitService HTTP/1.1" 200 524
124.77.240.52 - - [13/Dec/2021:08:58:42 +0800] "POST /xingrg/services/DataTransmitService HTTP/1.1" 200 2171
124.77.240.52 - - [13/Dec/2021:08:58:43 +0800] "POST /xingrg/services/DataTransmitService HTTP/1.1" 200 524
124.77.240.52 - - [13/Dec/2021:08:58:44 +0800] "POST /xingrg/services/DataTransmitService HTTP/1.1" 200 2171
124.77.240.52 - - [13/Dec/2021:08:58:45 +0800] "POST /xingrg/services/DataTransmitService HTTP/1.1" 200 524
124.77.240.52 - - [13/Dec/2021:08:58:45 +0800] "POST /xingrg/services/DataTransmitService HTTP/1.1" 200 2171
124.77.240.52 - - [13/Dec/2021:08:58:46 +0800] "POST /xingrg/services/DataTransmitService HTTP/1.1" 200 524
124.77.240.52 - - [13/Dec/2021:08:58:47 +0800] "POST /xingrg/services/DataTransmitService HTTP/1.1" 200 2171
124.77.240.52 - - [13/Dec/2021:08:58:48 +0800] "POST /xingrg/services/DataTransmitService HTTP/1.1" 200 524
124.77.240.52 - - [13/Dec/2021:08:58:49 +0800] "POST /xingrg/services/DataTransmitService HTTP/1.1" 200 2171
124.77.240.52 - - [13/Dec/2021:08:58:50 +0800] "POST /xingrg/services/DataTransmitService HTTP/1.1" 200 524
124.77.240.52 - - [13/Dec/2021:08:58:51 +0800] "POST /xingrg/services/DataTransmitService HTTP/1.1" 200 2171
114.85.125.222 - - [13/Dec/2021:08:58:51 +0800] "GET /xingrg/check_reg.html?_=1639357087746 HTTP/1.1" 302 -
124.77.240.52 - - [13/Dec/2021:08:58:52 +0800] "POST /xingrg/services/DataTransmitService HTTP/1.1" 200 524
124.77.240.52 - - [13/Dec/2021:08:58:53 +0800] "POST /xingrg/services/DataTransmitService HTTP/1.1" 200 2171
124.77.240.52 - - [13/Dec/2021:08:58:53 +0800] "POST /xingrg/services/DataTransmitService HTTP/1.1" 200 524
124.77.240.52 - - [13/Dec/2021:08:58:54 +0800] "POST /xingrg/services/DataTransmitService HTTP/1.1" 200 2171
114.83.219.237 - - [13/Dec/2021:08:58:54 +0800] "GET /xingrg/kc/buy/cgsh_order_operate.html?command=get_materiel&rest_code=00149&code=00101008041&supplier_code=00100005&order_time=2021-12-13 HTTP/1.1" 200 408
124.77.240.52 - - [13/Dec/2021:08:58:56 +0800] "POST /xingrg/services/DataTransmitService HTTP/1.1" 200 524
124.77.240.52 - - [13/Dec/2021:08:58:58 +0800] "POST /xingrg/services/DataTransmitService HTTP/1.1" 200 501
61.172.28.229 - - [13/Dec/2021:08:58:59 +0800] "GET /xingrg/all/function/internal_message.html?_=1639357139711&CODE_STATE=getMsg HTTP/1.1" 200 27
114.83.219.237 - - [13/Dec/2021:08:59:03 +0800] "GET /xingrg/kc/buy/cgsh_order_operate.html?command=get_materiel&rest_code=00149&code=00101008275&supplier_code=00100005&order_time=2021-12-13 HTTP/1.1" 200 417
124.77.240.52 - - [13/Dec/2021:08:59:09 +0800] "POST /xingrg/services/DataTransmitService HTTP/1.1" 200 524
116.233.76.72 - - [13/Dec/2021:08:59:10 +0800] "GET /xingrg/all/function/internal_message.html?_=1639357150178&CODE_STATE=getMsg HTTP/1.1" 200 27
222.70.176.97 - - [13/Dec/2021:08:59:16 +0800] "GET /xingrg/all/function/internal_message.html?_=1639356819589&CODE_STATE=getMsg HTTP/1.1" 302 -
120.253.135.82 - - [13/Dec/2021:08:59:16 +0800] "GET /xingrg/all/function/internal_message.html?_=1639356934436&CODE_STATE=getMsg HTTP/1.1" 200 27
61.172.28.229 - - [13/Dec/2021:08:59:16 +0800] "POST /xingrg/kc/buy/cgsh_order_operate.html HTTP/1.1" 200 37
114.83.219.237 - - [13/Dec/2021:08:59:17 +0800] "GET /xingrg/check_reg.html?_=1639357155129 HTTP/1.1" 200 22
114.83.219.237 - - [13/Dec/2021:08:59:17 +0800] "GET /xingrg/all/function/internal_message.html?_=1639357155129&CODE_STATE=getMsg HTTP/1.1" 200 27
114.83.219.237 - - [13/Dec/2021:08:59:17 +0800] "GET /xingrg/kc/buy/cgsh_order_operate.html?command=get_materiel&rest_code=00149&code=00101015006&supplier_code=00100005&order_time=2021-12-13 HTTP/1.1" 200 413
61.172.28.229 - - [13/Dec/2021:08:59:20 +0800] "POST /xingrg/kc/buy/cgsh_order_operate.html HTTP/1.1" 200 5645
114.83.219.237 - - [13/Dec/2021:08:59:21 +0800] "POST /xingrg/kc/buy/cgsh_order_operate.html HTTP/1.1" 200 2065
61.172.28.229 - - [13/Dec/2021:08:59:22 +0800] "GET /xingrg/kc/print/load_data.html?order_code=212021121305187&kc_code=cgsh&condition= HTTP/1.1" 200 1869
61.172.28.229 - - [13/Dec/2021:08:59:29 +0800] "GET /xingrg/kc/buy/cgsh_order_add.html HTTP/1.1" 200 65108
61.172.28.229 - - [13/Dec/2021:08:59:29 +0800] "GET /xingrg/javascript/easyui/themes/default/validatebox.css HTTP/1.1" 404 1104
61.172.28.229 - - [13/Dec/2021:08:59:29 +0800] "POST /xingrg/kc/buy/cgsh_order_operate.html HTTP/1.1" 200 8245
114.83.219.237 - - [13/Dec/2021:08:59:31 +0800] "GET /xingrg/kc/buy/cgsh_order_operate.html?command=get_materiel&rest_code=00149&code=00101008242&supplier_code=00100005&order_time=2021-12-13 HTTP/1.1" 200 408
124.77.240.52 - - [13/Dec/2021:08:59:36 +0800] "GET /xingrg/all/function/internal_message.html?_=1639357176567&CODE_STATE=getMsg HTTP/1.1" 200 27
222.70.176.97 - - [13/Dec/2021:08:59:37 +0800] "GET /xingrg/all/function/internal_message.html?_=1639357176952&CODE_STATE=getMsg HTTP/1.1" 302 -
114.83.219.237 - - [13/Dec/2021:08:59:47 +0800] "GET /xingrg/kc/buy/cgsh_order_operate.html?command=get_materiel&rest_code=00149&code=00101008283&supplier_code=00100005&order_time=2021-12-13 HTTP/1.1" 200 408
61.172.28.229 - - [13/Dec/2021:08:59:59 +0800] "GET /xingrg/all/function/internal_message.html?_=1639357199741&CODE_STATE=getMsg HTTP/1.1" 200 27
61.172.28.229 - - [13/Dec/2021:08:59:59 +0800] "GET /xingrg/check_reg.html?_=1639357199745 HTTP/1.1" 200 22
120.253.135.82 - - [13/Dec/2021:09:00:02 +0800] "GET /xingrg/check_reg.html?_=1639357333683 HTTP/1.1" 302 -
116.233.76.72 - - [13/Dec/2021:09:00:10 +0800] "GET /xingrg/all/function/internal_message.html?_=1639357210169&CODE_STATE=getMsg HTTP/1.1" 200 27
114.83.219.237 - - [13/Dec/2021:09:00:12 +0800] "GET /xingrg/kc/buy/cgsh_order_operate.html?command=get_materiel&rest_code=00149&code=00101013179&supplier_code=00100005&order_time=2021-12-13 HTTP/1.1" 200 412
222.70.176.97 - - [13/Dec/2021:09:00:16 +0800] "GET /xingrg/all/function/internal_message.html?_=1639356879589&CODE_STATE=getMsg HTTP/1.1" 302 -
120.253.135.82 - - [13/Dec/2021:09:00:16 +0800] "GET /xingrg/all/function/internal_message.html?_=1639356994451&CODE_STATE=getMsg HTTP/1.1" 200 27
114.83.219.237 - - [13/Dec/2021:09:00:17 +0800] "GET /xingrg/all/function/internal_message.html?_=1639357215103&CODE_STATE=getMsg HTTP/1.1" 200 27
116.233.76.72 - - [13/Dec/2021:09:00:20 +0800] "GET /xingrg/index.html?sysBaseUrl=http%3A%2F%2F180.169.147.146%3A18081%2Fxingrg%2F&costTime=58×tamp=1639356130720 HTTP/1.1" 200 17173
116.233.76.72 - - [13/Dec/2021:09:00:20 +0800] "GET /xingrg/css/form.css HTTP/1.1" 200 893
116.233.76.72 - - [13/Dec/2021:09:00:20 +0800] "GET /xingrg/javascript/jquery_easy_ui/jquery.easyui.min.js HTTP/1.1" 200 213662
116.233.76.72 - - [13/Dec/2021:09:00:20 +0800] "GET /xingrg/javascript/jquery_easy_ui/themes/icon.css HTTP/1.1" 200 3949
116.233.76.72 - - [13/Dec/2021:09:00:20 +0800] "GET /xingrg/javascript/jquery-1.4.2.min.js HTTP/1.1" 200 72205
116.233.76.72 - - [13/Dec/2021:09:00:20 +0800] "GET /xingrg/javascript/jquery_easy_ui/easyui-lang-zh_CN.js HTTP/1.1" 200 1900
116.233.76.72 - - [13/Dec/2021:09:00:20 +0800] "GET /xingrg/javascript/jquery_easy_ui/themes/default/easyui.css HTTP/1.1" 200 26500
116.233.76.72 - - [13/Dec/2021:09:00:20 +0800] "GET /xingrg/javascript/jquery.timers.js HTTP/1.1" 200 3532
116.233.76.72 - - [13/Dec/2021:09:00:20 +0800] "GET /xingrg/images/blue/jxLogo.png HTTP/1.1" 200 6156
116.233.76.72 - - [13/Dec/2021:09:00:20 +0800] "GET /xingrg/javascript/jquery.utils.js HTTP/1.1" 200 11805
116.233.76.72 - - [13/Dec/2021:09:00:20 +0800] "GET /xingrg/javascript/jquery.form.js HTTP/1.1" 200 23110
116.233.76.72 - - [13/Dec/2021:09:00:20 +0800] "POST /xingrg/all/common/load_tree.html?tree=area_rest_tree_json&manage=1 HTTP/1.1" 200 342
116.233.76.72 - - [13/Dec/2021:09:00:20 +0800] "GET /xingrg/check_reg.html?_=1639357219608 HTTP/1.1" 200 22
116.233.76.72 - - [13/Dec/2021:09:00:20 +0800] "GET /xingrg/all/function/internal_message.html?_=1639357219607&CODE_STATE=count HTTP/1.1" 200 11
116.233.76.72 - - [13/Dec/2021:09:00:20 +0800] "GET /xingrg/javascript/jquery_easy_ui/themes/icons/settle_new.png HTTP/1.1" 200 826
116.233.76.72 - - [13/Dec/2021:09:00:20 +0800] "GET /xingrg/images/blue/pingpu.png HTTP/1.1" 200 231
116.233.76.72 - - [13/Dec/2021:09:00:20 +0800] "GET /xingrg/javascript/jquery_easy_ui/themes/default/images/tabs_leftarrow.png HTTP/1.1" 200 389
116.233.76.72 - - [13/Dec/2021:09:00:20 +0800] "GET /xingrg/javascript/jquery_easy_ui/themes/default/images/tabs_rightarrow.png HTTP/1.1" 200 395
116.233.76.72 - - [13/Dec/2021:09:00:20 +0800] "GET /xingrg/javascript/jquery_easy_ui/themes/default/images/panel_tool_collapse.gif HTTP/1.1" 200 246
116.233.76.72 - - [13/Dec/2021:09:00:20 +0800] "GET /xingrg/images/blue/navBackgound.jpg HTTP/1.1" 200 12378
116.233.76.72 - - [13/Dec/2021:09:00:20 +0800] "GET /xingrg/javascript/jquery_easy_ui/themes/default/images/tree_folder_open.gif HTTP/1.1" 200 956
116.233.76.72 - - [13/Dec/2021:09:00:20 +0800] "GET /xingrg/javascript/jquery_easy_ui/themes/default/images/tree_arrows.gif HTTP/1.1" 200 1043
116.233.76.72 - - [13/Dec/2021:09:00:20 +0800] "GET /xingrg/javascript/jquery_easy_ui/themes/icons/rest.png HTTP/1.1" 200 695
116.233.76.72 - - [13/Dec/2021:09:00:20 +0800] "GET /xingrg/javascript/jquery_easy_ui/themes/icons/area.png HTTP/1.1" 200 262
116.233.76.72 - - [13/Dec/2021:09:00:20 +0800] "POST /xingrg/load_menu.html HTTP/1.1" 200 5138
116.233.76.72 - - [13/Dec/2021:09:00:20 +0800] "GET /xingrg/javascript/jquery_easy_ui/themes/icons/search_new.png HTTP/1.1" 200 586
116.233.76.72 - - [13/Dec/2021:09:00:20 +0800] "GET /xingrg/javascript/jquery_easy_ui/themes/default/images/tree_folder.gif HTTP/1.1" 200 952
116.233.76.72 - - [13/Dec/2021:09:00:20 +0800] "GET /xingrg/javascript/jquery_easy_ui/themes/icons/storage_new.png HTTP/1.1" 200 853
116.233.76.72 - - [13/Dec/2021:09:00:20 +0800] "GET /xingrg/javascript/jquery_easy_ui/themes/icons/forms_new.png HTTP/1.1" 200 350
116.233.76.72 - - [13/Dec/2021:09:00:20 +0800] "GET /xingrg/javascript/jquery_easy_ui/themes/default/images/tree_file.gif HTTP/1.1" 200 118
114.83.219.237 - - [13/Dec/2021:09:00:20 +0800] "GET /xingrg/kc/buy/cgsh_order_operate.html?command=get_materiel&rest_code=00149&code=00101008403&supplier_code=00100005&order_time=2021-12-13 HTTP/1.1" 200 412
124.77.240.52 - - [13/Dec/2021:09:00:21 +0800] "GET /xingrg/check_reg.html?_=1639357221875 HTTP/1.1" 302 -
116.233.76.72 - - [13/Dec/2021:09:00:22 +0800] "GET /xingrg/index.html?sysBaseUrl=http%3A%2F%2F180.169.147.146%3A18081%2Fxingrg%2F&costTime=58×tamp=1639356130720 HTTP/1.1" 200 17173
116.233.76.72 - - [13/Dec/2021:09:00:23 +0800] "POST /xingrg/all/common/load_tree.html?tree=area_rest_tree_json&manage=1 HTTP/1.1" 200 342
116.233.76.72 - - [13/Dec/2021:09:00:23 +0800] "GET /xingrg/check_reg.html?_=1639357222611 HTTP/1.1" 200 22
116.233.76.72 - - [13/Dec/2021:09:00:23 +0800] "GET /xingrg/all/function/internal_message.html?_=1639357222611&CODE_STATE=count HTTP/1.1" 200 11
116.233.76.72 - - [13/Dec/2021:09:00:23 +0800] "POST /xingrg/load_menu.html HTTP/1.1" 200 5138
116.233.76.72 - - [13/Dec/2021:09:00:24 +0800] "GET /xingrg/kc/mdqp/qp_main.html HTTP/1.1" 200 10633
116.233.76.72 - - [13/Dec/2021:09:00:24 +0800] "GET /xingrg/javascript/jquery_easy_ui/themes/default/images/tabs_close.gif HTTP/1.1" 200 829
116.233.76.72 - - [13/Dec/2021:09:00:24 +0800] "GET /xingrg/javascript/pic_change.js HTTP/1.1" 200 4739
116.233.76.72 - - [13/Dec/2021:09:00:24 +0800] "GET /xingrg/css/blue.css HTTP/1.1" 200 15949
116.233.76.72 - - [13/Dec/2021:09:00:24 +0800] "GET /xingrg/javascript/jquery_ui/jquery-ui.min.js HTTP/1.1" 200 186181
116.233.76.72 - - [13/Dec/2021:09:00:24 +0800] "GET /xingrg/javascript/ToolTips.js HTTP/1.1" 200 5615
116.233.76.72 - - [13/Dec/2021:09:00:24 +0800] "GET /xingrg/javascript/jquery_ui/themes/humanity/humanity.css HTTP/1.1" 200 27801
116.233.76.72 - - [13/Dec/2021:09:00:24 +0800] "GET /xingrg/images/blue/pic_form2.gif HTTP/1.1" 200 1853
116.233.76.72 - - [13/Dec/2021:09:00:24 +0800] "GET /xingrg/images/blue/button/cgxqd.gif HTTP/1.1" 200 2619
116.233.76.72 - - [13/Dec/2021:09:00:24 +0800] "GET /xingrg/images/blue/button/psshd.gif HTTP/1.1" 200 2692
116.233.76.72 - - [13/Dec/2021:09:00:24 +0800] "GET /xingrg/images/blue/button/qqpsd.gif HTTP/1.1" 200 2548
116.233.76.72 - - [13/Dec/2021:09:00:24 +0800] "GET /xingrg/images/blue/button/pszx.gif HTTP/1.1" 200 2648
116.233.76.72 - - [13/Dec/2021:09:00:24 +0800] "GET /xingrg/javascript/myfunction.js HTTP/1.1" 200 24559
116.233.76.72 - - [13/Dec/2021:09:00:24 +0800] "GET /xingrg/javascript/jquery_ui/themes/humanity/images/ui-bg_inset-soft_100_f4f0ec_1x100.png HTTP/1.1" 200 141
116.233.76.72 - - [13/Dec/2021:09:00:24 +0800] "GET /xingrg/images/blue/bg_dotted.jpg HTTP/1.1" 200 319
116.233.76.72 - - [13/Dec/2021:09:00:24 +0800] "GET /xingrg/images/blue/button/right_ah.jpg HTTP/1.1" 200 1744
116.233.76.72 - - [13/Dec/2021:09:00:24 +0800] "GET /xingrg/images/blue/button/down_ah.jpg HTTP/1.1" 200 1732
116.233.76.72 - - [13/Dec/2021:09:00:24 +0800] "GET /xingrg/javascript/jquery_ui/themes/humanity/images/ui-iconsnew.jpg HTTP/1.1" 200 337
116.233.76.72 - - [13/Dec/2021:09:00:24 +0800] "GET /xingrg/javascript/jquery_ui/themes/humanity/images/ui-icons_ffffff_256x240.png HTTP/1.1" 200 4369
116.233.76.72 - - [13/Dec/2021:09:00:24 +0800] "GET /xingrg/javascript/jquery_ui/themes/humanity/images/ui-icons_c47a23_256x240.png HTTP/1.1" 200 5355
116.233.76.72 - - [13/Dec/2021:09:00:24 +0800] "GET /xingrg/javascript/jquery_ui/themes/humanity/images/ui-bg_glass_70_ede4d4_1x400.png HTTP/1.1" 200 161
116.233.76.72 - - [13/Dec/2021:09:00:24 +0800] "GET /xingrg/images/yd/bt.gif HTTP/1.1" 404 1040
116.233.76.72 - - [13/Dec/2021:09:00:25 +0800] "GET /xingrg/kc/mdqp/qqps_order_list.html HTTP/1.1" 200 9222
116.233.76.72 - - [13/Dec/2021:09:00:25 +0800] "GET /xingrg/dwr/interface/AjaxQqpsService.js HTTP/1.1" 200 16326
116.233.76.72 - - [13/Dec/2021:09:00:25 +0800] "GET /xingrg/dwr/interface/AjaxReportQueryService.js HTTP/1.1" 200 13203
116.233.76.72 - - [13/Dec/2021:09:00:25 +0800] "GET /xingrg/dwr/util.js HTTP/1.1" 200 35990
116.233.76.72 - - [13/Dec/2021:09:00:25 +0800] "GET /xingrg/javascript/Calendar.js HTTP/1.1" 200 31561
116.233.76.72 - - [13/Dec/2021:09:00:25 +0800] "GET /xingrg/dwr/engine.js HTTP/1.1" 200 43631
116.233.76.72 - - [13/Dec/2021:09:00:25 +0800] "GET /xingrg/javascript/jquery_easy_ui/themes/icons/edit_add_new.png HTTP/1.1" 200 2997
116.233.76.72 - - [13/Dec/2021:09:00:25 +0800] "GET /xingrg/javascript/jquery_easy_ui/themes/icons/check_new.png HTTP/1.1" 200 3224
116.233.76.72 - - [13/Dec/2021:09:00:25 +0800] "GET /xingrg/javascript/jquery_easy_ui/themes/icons/uncheck_new.png HTTP/1.1" 200 3197
116.233.76.72 - - [13/Dec/2021:09:00:25 +0800] "GET /xingrg/javascript/jquery_easy_ui/themes/icons/cance_new.png HTTP/1.1" 200 3986
116.233.76.72 - - [13/Dec/2021:09:00:28 +0800] "POST /xingrg/dwr/call/plaincall/AjaxReportQueryService.getFixDate.dwr HTTP/1.1" 200 111
116.233.76.72 - - [13/Dec/2021:09:00:29 +0800] "GET /xingrg/kc/mdqp/qqps_order_list.html?isQuery=1&timeSelect=1&orderTime=yesterday&startTime=2021-12-12&endTime=2021-12-12&state=all&query=%C8%B7++%B6%A8 HTTP/1.1" 200 9769
116.233.76.72 - - [13/Dec/2021:09:00:29 +0800] "GET /xingrg/dwr/interface/AjaxQqpsService.js HTTP/1.1" 200 16326
116.233.76.72 - - [13/Dec/2021:09:00:29 +0800] "GET /xingrg/dwr/interface/AjaxReportQueryService.js HTTP/1.1" 200 13203
116.233.76.72 - - [13/Dec/2021:09:00:29 +0800] "GET /xingrg/dwr/engine.js HTTP/1.1" 200 43631
114.83.219.237 - - [13/Dec/2021:09:00:30 +0800] "GET /xingrg/kc/buy/cgsh_order_operate.html?command=get_materiel&rest_code=00149&code=00101008330&supplier_code=00100005&order_time=2021-12-13 HTTP/1.1" 200 408
116.233.76.72 - - [13/Dec/2021:09:00:30 +0800] "GET /xingrg/kc/mdqp/qqps_order_info.html?code=302021121200246 HTTP/1.1" 200 26807
116.233.76.72 - - [13/Dec/2021:09:00:30 +0800] "GET /xingrg/javascript/auto/jquery.autocomplete.css HTTP/1.1" 200 587
116.233.76.72 - - [13/Dec/2021:09:00:30 +0800] "GET /xingrg/javascript/auto/jquery.autocomplete.js HTTP/1.1" 200 21624
116.233.76.72 - - [13/Dec/2021:09:00:30 +0800] "GET /xingrg/dwr/interface/AjaxComOrderService.js HTTP/1.1" 200 18264
116.233.76.72 - - [13/Dec/2021:09:00:30 +0800] "GET /xingrg/javascript/tools/jquery.qtip-1.0.0-rc3.min.js HTTP/1.1" 200 38404
116.233.76.72 - - [13/Dec/2021:09:00:30 +0800] "GET /xingrg/dwr/interface/AjaxQqpsService.js HTTP/1.1" 200 16326
116.233.76.72 - - [13/Dec/2021:09:00:30 +0800] "GET /xingrg/javascript/AjaxInfoList.js HTTP/1.1" 200 3774
116.233.76.72 - - [13/Dec/2021:09:00:30 +0800] "GET /xingrg/javascript/Grid.js HTTP/1.1" 200 58908
116.233.76.72 - - [13/Dec/2021:09:00:30 +0800] "GET /xingrg/javascript/print/LodopFuncs.js HTTP/1.1" 200 5121
116.233.76.72 - - [13/Dec/2021:09:00:30 +0800] "GET /xingrg/dwr/engine.js HTTP/1.1" 200 43631
116.233.76.72 - - [13/Dec/2021:09:00:30 +0800] "GET /xingrg/javascript/print/kc_print.js HTTP/1.1" 200 11415
116.233.76.72 - - [13/Dec/2021:09:00:30 +0800] "GET /xingrg/words/20211212135524_words.js HTTP/1.1" 200 878546
116.233.76.72 - - [13/Dec/2021:09:00:31 +0800] "GET /xingrg/javascript/jquery_easy_ui/themes/default/images/menu_downarrow.png HTTP/1.1" 200 173
116.233.76.72 - - [13/Dec/2021:09:00:31 +0800] "GET /xingrg/javascript/jquery_easy_ui/themes/icons/print.png HTTP/1.1" 200 1057
116.233.76.72 - - [13/Dec/2021:09:00:31 +0800] "GET /xingrg/javascript/jquery_easy_ui/themes/icons/back_new.png HTTP/1.1" 200 3414
116.233.76.72 - - [13/Dec/2021:09:00:31 +0800] "GET /xingrg/javascript/jquery_easy_ui/themes/icons/copy_new.png HTTP/1.1" 200 815
116.233.76.72 - - [13/Dec/2021:09:00:31 +0800] "GET /xingrg/javascript/jquery_easy_ui/themes/icons/template_new.png HTTP/1.1" 200 3956
116.233.76.72 - - [13/Dec/2021:09:00:31 +0800] "GET /xingrg/images/blue/wait.gif HTTP/1.1" 200 1100
116.233.76.72 - - [13/Dec/2021:09:00:31 +0800] "GET /xingrg/images/blue/kc_tab_left.gif HTTP/1.1" 200 188
116.233.76.72 - - [13/Dec/2021:09:00:31 +0800] "GET /xingrg/javascript/jquery_easy_ui/themes/default/images/combo_arrow_dot.gif HTTP/1.1" 200 79
116.233.76.72 - - [13/Dec/2021:09:00:31 +0800] "GET /xingrg/images/blue/kc_tab_mid.gif HTTP/1.1" 200 44
116.233.76.72 - - [13/Dec/2021:09:00:31 +0800] "GET /xingrg/images/blue/kc_tab_right.gif HTTP/1.1" 200 643
116.233.76.72 - - [13/Dec/2021:09:00:31 +0800] "POST /xingrg/dwr/call/plaincall/AjaxQqpsService.loadMaterielItems.dwr HTTP/1.1" 200 5339
114.83.219.237 - - [13/Dec/2021:09:00:33 +0800] "POST /xingrg/kc/buy/cgsh_order_operate.html HTTP/1.1" 200 2065
124.77.240.52 - - [13/Dec/2021:09:00:36 +0800] "GET /xingrg/all/function/internal_message.html?_=1639357236732&CODE_STATE=getMsg HTTP/1.1" 200 27
222.70.176.97 - - [13/Dec/2021:09:00:37 +0800] "GET /xingrg/all/function/internal_message.html?_=1639357236937&CODE_STATE=getMsg HTTP/1.1" 302 -
114.83.219.237 - - [13/Dec/2021:09:00:39 +0800] "GET /xingrg/kc/buy/cgsh_order_operate.html?command=get_materiel&rest_code=00149&code=00101015112&supplier_code=00100005&order_time=2021-12-13 HTTP/1.1" 200 403
116.233.76.72 - - [13/Dec/2021:09:00:52 +0800] "GET /xingrg/javascript/jquery_easy_ui/themes/default/images/button_plain_hover.png HTTP/1.1" 200 252
116.233.76.72 - - [13/Dec/2021:09:00:53 +0800] "GET /xingrg/kc/mdqp/qqps_order_list.html?isBack=1 HTTP/1.1" 302 -
116.233.76.72 - - [13/Dec/2021:09:00:53 +0800] "GET /xingrg/kc/mdqp/qqps_order_list.html?isQuery=1&timeSelect=1&orderTime=yesterday&startTime=2021-12-12&endTime=2021-12-12&state=all&query=%C8%B7++%B6%A8 HTTP/1.1" 200 9769
116.233.76.72 - - [13/Dec/2021:09:00:53 +0800] "GET /xingrg/dwr/interface/AjaxReportQueryService.js HTTP/1.1" 200 13203
116.233.76.72 - - [13/Dec/2021:09:00:53 +0800] "GET /xingrg/dwr/interface/AjaxQqpsService.js HTTP/1.1" 200 16326
116.233.76.72 - - [13/Dec/2021:09:00:53 +0800] "GET /xingrg/dwr/engine.js HTTP/1.1" 200 43631
116.233.76.72 - - [13/Dec/2021:09:00:54 +0800] "GET /xingrg/kc/mdqp/qqps_order_add.html HTTP/1.1" 200 28406
116.233.76.72 - - [13/Dec/2021:09:00:54 +0800] "GET /xingrg/dwr/interface/AjaxComOrderService.js HTTP/1.1" 200 18264
116.233.76.72 - - [13/Dec/2021:09:00:54 +0800] "GET /xingrg/dwr/interface/AjaxQqpsService.js HTTP/1.1" 200 16326
116.233.76.72 - - [13/Dec/2021:09:00:54 +0800] "GET /xingrg/dwr/engine.js HTTP/1.1" 200 43631
116.233.76.72 - - [13/Dec/2021:09:00:54 +0800] "GET /xingrg/javascript/jquery_easy_ui/themes/icons/ok.png HTTP/1.1" 200 883
116.233.76.72 - - [13/Dec/2021:09:00:54 +0800] "GET /xingrg/images/blue/button/kc_tab_add.gif HTTP/1.1" 200 375
116.233.76.72 - - [13/Dec/2021:09:00:54 +0800] "GET /xingrg/images/blue/button/kc_tab_save.gif HTTP/1.1" 200 777
116.233.76.72 - - [13/Dec/2021:09:00:54 +0800] "GET /xingrg/images/blue/button/kc_tab_edit.gif HTTP/1.1" 200 551
116.233.76.72 - - [13/Dec/2021:09:00:54 +0800] "GET /xingrg/images/blue/button/kc_tab_del.gif HTTP/1.1" 200 383
116.233.76.72 - - [13/Dec/2021:09:00:54 +0800] "GET /xingrg/images/blue/kc_tab2_left.gif HTTP/1.1" 200 625
116.233.76.72 - - [13/Dec/2021:09:00:54 +0800] "GET /xingrg/images/blue/kc_tab2_right.gif HTTP/1.1" 200 192
114.83.219.237 - - [13/Dec/2021:09:00:58 +0800] "POST /xingrg/kc/buy/cgsh_order_operate.html HTTP/1.1" 200 37
61.172.28.229 - - [13/Dec/2021:09:00:59 +0800] "GET /xingrg/all/function/internal_message.html?_=1639357259725&CODE_STATE=getMsg HTTP/1.1" 200 27
114.83.219.237 - - [13/Dec/2021:09:01:00 +0800] "POST /xingrg/kc/buy/cgsh_order_operate.html HTTP/1.1" 200 22744
222.70.176.97 - - [13/Dec/2021:09:01:16 +0800] "GET /xingrg/all/function/internal_message.html?_=1639356939589&CODE_STATE=getMsg HTTP/1.1" 302 -
