222.70.176.97 - - [13/Dec/2021:10:15:52 +0800] "POST /xingrg/dwr/call/plaincall/AjaxCheckService.setItemNumber.dwr HTTP/1.1" 200 78
222.70.176.97 - - [13/Dec/2021:10:15:53 +0800] "POST /xingrg/dwr/call/plaincall/AjaxCheckService.setItemNumber.dwr HTTP/1.1" 200 78
222.70.176.97 - - [13/Dec/2021:10:15:53 +0800] "POST /xingrg/dwr/call/plaincall/AjaxCheckService.setItemNumber.dwr HTTP/1.1" 200 78
222.70.176.97 - - [13/Dec/2021:10:15:53 +0800] "POST /xingrg/dwr/call/plaincall/AjaxCheckService.setItemNumber.dwr HTTP/1.1" 200 78
222.70.176.97 - - [13/Dec/2021:10:15:54 +0800] "POST /xingrg/dwr/call/plaincall/AjaxCheckService.setItemNumber.dwr HTTP/1.1" 200 78
180.169.147.146 - - [13/Dec/2021:10:15:55 +0800] "GET /xingrg/all/function/internal_message.html?_=1639361754347&CODE_STATE=getMsg HTTP/1.1" 200 27
222.70.176.97 - - [13/Dec/2021:10:15:55 +0800] "POST /xingrg/dwr/call/plaincall/AjaxCheckService.setItemNumber.dwr HTTP/1.1" 200 78
116.227.210.113 - - [13/Dec/2021:10:15:55 +0800] "GET /xingrg/kc/buy/cgsh_order_operate.html?command=get_materiel&rest_code=00155&code=00101008209&supplier_code=00100005&order_time=2021-12-13 HTTP/1.1" 200 408
222.70.176.97 - - [13/Dec/2021:10:15:56 +0800] "POST /xingrg/dwr/call/plaincall/AjaxCheckService.setItemNumber.dwr HTTP/1.1" 200 78
116.227.210.113 - - [13/Dec/2021:10:15:58 +0800] "POST /xingrg/kc/buy/cgsh_order_operate.html HTTP/1.1" 200 2065
222.70.176.97 - - [13/Dec/2021:10:15:58 +0800] "POST /xingrg/dwr/call/plaincall/AjaxCheckService.setItemNumber.dwr HTTP/1.1" 200 78
222.70.176.97 - - [13/Dec/2021:10:15:58 +0800] "GET /xingrg/all/function/internal_message.html?_=1639361757929&CODE_STATE=getMsg HTTP/1.1" 200 27
116.238.208.177 - - [13/Dec/2021:10:15:59 +0800] "GET /xingrg/kc/buy/cgsh_order_operate.html?command=get_materiel&rest_code=00102&code=00101009007&supplier_code=00100424&order_time=2021-12-13 HTTP/1.1" 200 408
222.70.176.97 - - [13/Dec/2021:10:16:00 +0800] "POST /xingrg/dwr/call/plaincall/AjaxCheckService.setItemNumber.dwr HTTP/1.1" 200 78
114.83.219.237 - - [13/Dec/2021:10:16:01 +0800] "GET /xingrg/all/function/internal_message.html?_=1639361759132&CODE_STATE=getMsg HTTP/1.1" 200 27
222.70.176.97 - - [13/Dec/2021:10:16:01 +0800] "POST /xingrg/dwr/call/plaincall/AjaxCheckService.setItemNumber.dwr HTTP/1.1" 200 78
222.70.176.97 - - [13/Dec/2021:10:16:01 +0800] "POST /xingrg/dwr/call/plaincall/AjaxCheckService.setItemNumber.dwr HTTP/1.1" 200 78
172.20.0.100 - - [13/Dec/2021:10:16:01 +0800] "GET /xingrg/all/function/internal_message.html?_=1639361761527&CODE_STATE=getMsg HTTP/1.1" 200 27
222.70.176.97 - - [13/Dec/2021:10:16:02 +0800] "POST /xingrg/dwr/call/plaincall/AjaxCheckService.setItemNumber.dwr HTTP/1.1" 200 78
222.70.176.97 - - [13/Dec/2021:10:16:02 +0800] "POST /xingrg/dwr/call/plaincall/AjaxCheckService.setItemNumber.dwr HTTP/1.1" 200 78
116.227.210.113 - - [13/Dec/2021:10:16:03 +0800] "GET /xingrg/kc/buy/cgsh_order_operate.html?command=get_materiel&rest_code=00155&code=00101008371&supplier_code=00100005&order_time=2021-12-13 HTTP/1.1" 200 412
222.70.176.97 - - [13/Dec/2021:10:16:03 +0800] "POST /xingrg/dwr/call/plaincall/AjaxCheckService.setItemNumber.dwr HTTP/1.1" 200 78
222.70.176.97 - - [13/Dec/2021:10:16:04 +0800] "POST /xingrg/dwr/call/plaincall/AjaxCheckService.setItemNumber.dwr HTTP/1.1" 200 78
124.78.153.86 - - [13/Dec/2021:10:16:05 +0800] "GET /xingrg/all/function/internal_message.html?_=1639361764657&CODE_STATE=getMsg HTTP/1.1" 200 27
222.70.176.97 - - [13/Dec/2021:10:16:05 +0800] "POST /xingrg/dwr/call/plaincall/AjaxCheckService.setItemNumber.dwr HTTP/1.1" 200 78
222.70.176.97 - - [13/Dec/2021:10:16:06 +0800] "POST /xingrg/dwr/call/plaincall/AjaxCheckService.setItemNumber.dwr HTTP/1.1" 200 78
222.70.176.97 - - [13/Dec/2021:10:16:07 +0800] "POST /xingrg/dwr/call/plaincall/AjaxCheckService.setItemNumber.dwr HTTP/1.1" 200 78
116.238.208.177 - - [13/Dec/2021:10:16:07 +0800] "GET /xingrg/all/function/internal_message.html?_=1639361767929&CODE_STATE=getMsg HTTP/1.1" 200 27
222.70.176.97 - - [13/Dec/2021:10:16:07 +0800] "POST /xingrg/dwr/call/plaincall/AjaxCheckService.setItemNumber.dwr HTTP/1.1" 200 78
222.70.176.97 - - [13/Dec/2021:10:16:08 +0800] "POST /xingrg/dwr/call/plaincall/AjaxCheckService.setItemNumber.dwr HTTP/1.1" 200 78
222.70.176.97 - - [13/Dec/2021:10:16:09 +0800] "POST /xingrg/dwr/call/plaincall/AjaxCheckService.setItemNumber.dwr HTTP/1.1" 200 78
222.70.176.97 - - [13/Dec/2021:10:16:09 +0800] "POST /xingrg/dwr/call/plaincall/AjaxCheckService.setItemNumber.dwr HTTP/1.1" 200 78
222.70.176.97 - - [13/Dec/2021:10:16:11 +0800] "POST /xingrg/dwr/call/plaincall/AjaxCheckService.setItemNumber.dwr HTTP/1.1" 200 78
222.70.176.97 - - [13/Dec/2021:10:16:11 +0800] "POST /xingrg/dwr/call/plaincall/AjaxCheckService.setItemNumber.dwr HTTP/1.1" 200 78
116.227.210.113 - - [13/Dec/2021:10:16:12 +0800] "GET /xingrg/kc/buy/cgsh_order_operate.html?command=get_materiel&rest_code=00155&code=00101008333&supplier_code=00100005&order_time=2021-12-13 HTTP/1.1" 200 412
222.70.176.97 - - [13/Dec/2021:10:16:12 +0800] "POST /xingrg/dwr/call/plaincall/AjaxCheckService.setItemNumber.dwr HTTP/1.1" 200 78
222.70.176.97 - - [13/Dec/2021:10:16:13 +0800] "POST /xingrg/dwr/call/plaincall/AjaxCheckService.setItemNumber.dwr HTTP/1.1" 200 78
222.70.176.97 - - [13/Dec/2021:10:16:13 +0800] "POST /xingrg/dwr/call/plaincall/AjaxCheckService.setItemNumber.dwr HTTP/1.1" 200 78
222.70.176.97 - - [13/Dec/2021:10:16:14 +0800] "POST /xingrg/dwr/call/plaincall/AjaxCheckService.setItemNumber.dwr HTTP/1.1" 200 78
116.227.210.113 - - [13/Dec/2021:10:16:14 +0800] "GET /xingrg/all/function/internal_message.html?_=1639361770111&CODE_STATE=getMsg HTTP/1.1" 200 27
222.70.176.97 - - [13/Dec/2021:10:16:15 +0800] "POST /xingrg/dwr/call/plaincall/AjaxCheckService.setItemNumber.dwr HTTP/1.1" 200 78
222.70.176.97 - - [13/Dec/2021:10:16:16 +0800] "POST /xingrg/dwr/call/plaincall/AjaxCheckService.setItemNumber.dwr HTTP/1.1" 200 78
222.70.176.97 - - [13/Dec/2021:10:16:16 +0800] "GET /xingrg/all/function/internal_message.html?_=1639361439589&CODE_STATE=getMsg HTTP/1.1" 302 -
222.70.176.97 - - [13/Dec/2021:10:16:16 +0800] "POST /xingrg/dwr/call/plaincall/AjaxCheckService.setItemNumber.dwr HTTP/1.1" 200 78
222.70.176.97 - - [13/Dec/2021:10:16:17 +0800] "POST /xingrg/dwr/call/plaincall/AjaxCheckService.setItemNumber.dwr HTTP/1.1" 200 78
222.70.176.97 - - [13/Dec/2021:10:16:17 +0800] "POST /xingrg/dwr/call/plaincall/AjaxCheckService.setItemNumber.dwr HTTP/1.1" 200 78
116.227.210.113 - - [13/Dec/2021:10:16:18 +0800] "POST /xingrg/kc/buy/cgsh_order_operate.html HTTP/1.1" 200 37
222.70.176.97 - - [13/Dec/2021:10:16:18 +0800] "POST /xingrg/dwr/call/plaincall/AjaxCheckService.setItemNumber.dwr HTTP/1.1" 200 78
172.20.0.100 - - [13/Dec/2021:10:16:19 +0800] "GET /xingrg/check_reg.html?_=1639361778773 HTTP/1.1" 200 22
172.20.0.100 - - [13/Dec/2021:10:16:19 +0800] "GET /xingrg/all/function/internal_message.html?_=1639361778774&CODE_STATE=getMsg HTTP/1.1" 200 27
222.70.176.97 - - [13/Dec/2021:10:16:19 +0800] "POST /xingrg/dwr/call/plaincall/AjaxCheckService.setItemNumber.dwr HTTP/1.1" 200 78
116.227.210.113 - - [13/Dec/2021:10:16:19 +0800] "POST /xingrg/kc/buy/cgsh_order_operate.html HTTP/1.1" 200 23367
222.70.176.97 - - [13/Dec/2021:10:16:19 +0800] "POST /xingrg/dwr/call/plaincall/AjaxCheckService.setItemNumber.dwr HTTP/1.1" 200 78
116.227.210.113 - - [13/Dec/2021:10:16:20 +0800] "GET /xingrg/kc/print/load_data.html?order_code=212021121305223&kc_code=cgsh&condition= HTTP/1.1" 200 8575
222.70.176.97 - - [13/Dec/2021:10:16:20 +0800] "POST /xingrg/dwr/call/plaincall/AjaxCheckService.setItemNumber.dwr HTTP/1.1" 200 78
172.20.0.100 - - [13/Dec/2021:10:16:20 +0800] "GET /xingrg/all/function/internal_message.html?_=1639361780343&CODE_STATE=getMsg HTTP/1.1" 200 27
222.70.176.97 - - [13/Dec/2021:10:16:22 +0800] "POST /xingrg/dwr/call/plaincall/AjaxCheckService.setItemNumber.dwr HTTP/1.1" 200 78
116.233.76.72 - - [13/Dec/2021:10:16:23 +0800] "GET /xingrg/all/function/internal_message.html?_=1639361782801&CODE_STATE=getMsg HTTP/1.1" 200 27
222.70.176.97 - - [13/Dec/2021:10:16:23 +0800] "POST /xingrg/dwr/call/plaincall/AjaxCheckService.setItemNumber.dwr HTTP/1.1" 200 78
116.227.210.113 - - [13/Dec/2021:10:16:24 +0800] "GET /xingrg/kc/print/load_data.html?order_code=212021121305223&kc_code=cgsh HTTP/1.1" 200 8575
222.70.176.97 - - [13/Dec/2021:10:16:25 +0800] "POST /xingrg/dwr/call/plaincall/AjaxCheckService.setItemNumber.dwr HTTP/1.1" 200 78
124.78.153.86 - - [13/Dec/2021:10:16:25 +0800] "GET /xingrg/all/function/internal_message.html?_=1639361784068&CODE_STATE=getMsg HTTP/1.1" 200 27
116.238.208.177 - - [13/Dec/2021:10:16:30 +0800] "GET /xingrg/kc/buy/cgsh_order_operate.html?command=get_materiel&rest_code=00102&code=00101009109&supplier_code=00100424&order_time=2021-12-13 HTTP/1.1" 200 401
222.70.176.97 - - [13/Dec/2021:10:16:31 +0800] "POST /xingrg/dwr/call/plaincall/AjaxCheckService.setItemNumber.dwr HTTP/1.1" 200 78
222.70.176.97 - - [13/Dec/2021:10:16:32 +0800] "POST /xingrg/dwr/call/plaincall/AjaxCheckService.setItemNumber.dwr HTTP/1.1" 200 78
222.70.176.97 - - [13/Dec/2021:10:16:33 +0800] "POST /xingrg/dwr/call/plaincall/AjaxCheckService.setItemNumber.dwr HTTP/1.1" 200 78
222.70.176.97 - - [13/Dec/2021:10:16:33 +0800] "POST /xingrg/dwr/call/plaincall/AjaxCheckService.setItemNumber.dwr HTTP/1.1" 200 78
222.70.176.97 - - [13/Dec/2021:10:16:34 +0800] "POST /xingrg/dwr/call/plaincall/AjaxCheckService.setItemNumber.dwr HTTP/1.1" 200 78
222.70.176.97 - - [13/Dec/2021:10:16:34 +0800] "POST /xingrg/dwr/call/plaincall/AjaxCheckService.setItemNumber.dwr HTTP/1.1" 200 78
222.70.176.97 - - [13/Dec/2021:10:16:35 +0800] "POST /xingrg/dwr/call/plaincall/AjaxCheckService.setItemNumber.dwr HTTP/1.1" 200 78
116.238.248.233 - - [13/Dec/2021:10:16:35 +0800] "GET /xingrg/all/function/internal_message.html?_=1639361794678&CODE_STATE=getMsg HTTP/1.1" 200 27
116.238.248.233 - - [13/Dec/2021:10:16:35 +0800] "GET /xingrg/check_reg.html?_=1639361794680 HTTP/1.1" 200 22
222.70.176.97 - - [13/Dec/2021:10:16:35 +0800] "POST /xingrg/dwr/call/plaincall/AjaxCheckService.setItemNumber.dwr HTTP/1.1" 200 78
222.70.176.97 - - [13/Dec/2021:10:16:36 +0800] "POST /xingrg/dwr/call/plaincall/AjaxCheckService.setItemNumber.dwr HTTP/1.1" 200 78
222.70.176.97 - - [13/Dec/2021:10:16:36 +0800] "POST /xingrg/dwr/call/plaincall/AjaxCheckService.setItemNumber.dwr HTTP/1.1" 200 78
61.172.28.229 - - [13/Dec/2021:10:16:38 +0800] "GET /xingrg/all/function/internal_message.html?_=1639361798995&CODE_STATE=getMsg HTTP/1.1" 200 27
124.78.153.86 - - [13/Dec/2021:10:16:40 +0800] "POST /xingrg/services/DataTransmitService HTTP/1.1" 200 524
124.77.240.52 - - [13/Dec/2021:10:16:43 +0800] "GET /xingrg/all/function/internal_message.html?_=1639361804118&CODE_STATE=getMsg HTTP/1.1" 200 27
222.70.176.97 - - [13/Dec/2021:10:16:43 +0800] "POST /xingrg/dwr/call/plaincall/AjaxCheckService.setItemNumber.dwr HTTP/1.1" 200 78
222.70.176.97 - - [13/Dec/2021:10:16:45 +0800] "POST /xingrg/dwr/call/plaincall/AjaxCheckService.setItemNumber.dwr HTTP/1.1" 200 78
101.85.120.86 - - [13/Dec/2021:10:16:46 +0800] "GET /xingrg/check_reg.html?_=1639361805684 HTTP/1.1" 200 22
101.85.120.86 - - [13/Dec/2021:10:16:46 +0800] "GET /xingrg/all/function/internal_message.html?_=1639361805687&CODE_STATE=getMsg HTTP/1.1" 200 27
222.70.176.97 - - [13/Dec/2021:10:16:47 +0800] "POST /xingrg/dwr/call/plaincall/AjaxCheckService.setItemNumber.dwr HTTP/1.1" 200 78
222.70.176.97 - - [13/Dec/2021:10:16:49 +0800] "POST /xingrg/dwr/call/plaincall/AjaxCheckService.setItemNumber.dwr HTTP/1.1" 200 78
114.88.154.34 - - [13/Dec/2021:10:16:50 +0800] "GET /xingrg/all/function/internal_message.html?_=1639361624743&CODE_STATE=getMsg HTTP/1.1" 200 27
222.70.176.97 - - [13/Dec/2021:10:16:50 +0800] "POST /xingrg/dwr/call/plaincall/AjaxCheckService.setItemNumber.dwr HTTP/1.1" 200 78
222.70.176.97 - - [13/Dec/2021:10:16:52 +0800] "POST /xingrg/dwr/call/plaincall/AjaxCheckService.setItemNumber.dwr HTTP/1.1" 200 78
180.169.147.146 - - [13/Dec/2021:10:16:55 +0800] "GET /xingrg/check_reg.html?_=1639361814330 HTTP/1.1" 200 22
180.169.147.146 - - [13/Dec/2021:10:16:55 +0800] "GET /xingrg/all/function/internal_message.html?_=1639361814332&CODE_STATE=getMsg HTTP/1.1" 200 27
222.70.176.97 - - [13/Dec/2021:10:16:55 +0800] "POST /xingrg/dwr/call/plaincall/AjaxCheckService.setItemNumber.dwr HTTP/1.1" 200 78
222.70.176.97 - - [13/Dec/2021:10:16:56 +0800] "POST /xingrg/dwr/call/plaincall/AjaxCheckService.setItemNumber.dwr HTTP/1.1" 200 78
222.70.176.97 - - [13/Dec/2021:10:16:58 +0800] "GET /xingrg/all/function/internal_message.html?_=1639361817926&CODE_STATE=getMsg HTTP/1.1" 200 27
124.77.240.52 - - [13/Dec/2021:10:16:58 +0800] "POST /xingrg/services/DataTransmitService HTTP/1.1" 200 524
114.83.219.237 - - [13/Dec/2021:10:17:01 +0800] "GET /xingrg/all/function/internal_message.html?_=1639361819123&CODE_STATE=getMsg HTTP/1.1" 200 27
222.70.176.97 - - [13/Dec/2021:10:17:01 +0800] "POST /xingrg/dwr/call/plaincall/AjaxCheckService.setItemNumber.dwr HTTP/1.1" 200 78
172.20.0.100 - - [13/Dec/2021:10:17:01 +0800] "GET /xingrg/all/function/internal_message.html?_=1639361821521&CODE_STATE=getMsg HTTP/1.1" 200 27
222.70.176.97 - - [13/Dec/2021:10:17:02 +0800] "POST /xingrg/dwr/call/plaincall/AjaxCheckService.setItemNumber.dwr HTTP/1.1" 200 78
222.70.176.97 - - [13/Dec/2021:10:17:04 +0800] "POST /xingrg/dwr/call/plaincall/AjaxCheckService.setItemNumber.dwr HTTP/1.1" 200 78
222.70.176.97 - - [13/Dec/2021:10:17:04 +0800] "POST /xingrg/dwr/call/plaincall/AjaxCheckService.setItemNumber.dwr HTTP/1.1" 200 78
124.78.153.86 - - [13/Dec/2021:10:17:05 +0800] "GET /xingrg/check_reg.html?_=1639361824656 HTTP/1.1" 200 22
124.78.153.86 - - [13/Dec/2021:10:17:05 +0800] "GET /xingrg/all/function/internal_message.html?_=1639361824659&CODE_STATE=getMsg HTTP/1.1" 200 27
222.70.176.97 - - [13/Dec/2021:10:17:06 +0800] "POST /xingrg/dwr/call/plaincall/AjaxCheckService.setItemNumber.dwr HTTP/1.1" 200 78
116.238.208.177 - - [13/Dec/2021:10:17:07 +0800] "GET /xingrg/all/function/internal_message.html?_=1639361827941&CODE_STATE=getMsg HTTP/1.1" 200 27
222.70.176.97 - - [13/Dec/2021:10:17:07 +0800] "POST /xingrg/dwr/call/plaincall/AjaxCheckService.setItemNumber.dwr HTTP/1.1" 200 78
222.70.176.97 - - [13/Dec/2021:10:17:08 +0800] "POST /xingrg/dwr/call/plaincall/AjaxCheckService.setItemNumber.dwr HTTP/1.1" 200 78
222.70.176.97 - - [13/Dec/2021:10:17:08 +0800] "POST /xingrg/dwr/call/plaincall/AjaxCheckService.setItemNumber.dwr HTTP/1.1" 200 78
222.70.176.97 - - [13/Dec/2021:10:17:09 +0800] "POST /xingrg/dwr/call/plaincall/AjaxCheckService.setItemNumber.dwr HTTP/1.1" 200 78
222.70.176.97 - - [13/Dec/2021:10:17:10 +0800] "POST /xingrg/dwr/call/plaincall/AjaxCheckService.setItemNumber.dwr HTTP/1.1" 200 78
222.70.176.97 - - [13/Dec/2021:10:17:11 +0800] "POST /xingrg/dwr/call/plaincall/AjaxCheckService.setItemNumber.dwr HTTP/1.1" 200 78
222.70.176.97 - - [13/Dec/2021:10:17:12 +0800] "POST /xingrg/dwr/call/plaincall/AjaxCheckService.setItemNumber.dwr HTTP/1.1" 200 78
222.70.176.97 - - [13/Dec/2021:10:17:13 +0800] "POST /xingrg/dwr/call/plaincall/AjaxCheckService.setItemNumber.dwr HTTP/1.1" 200 78
222.70.176.97 - - [13/Dec/2021:10:17:13 +0800] "POST /xingrg/dwr/call/plaincall/AjaxCheckService.setItemNumber.dwr HTTP/1.1" 200 78
222.70.176.97 - - [13/Dec/2021:10:17:14 +0800] "POST /xingrg/dwr/call/plaincall/AjaxCheckService.setItemNumber.dwr HTTP/1.1" 200 78
116.227.210.113 - - [13/Dec/2021:10:17:14 +0800] "GET /xingrg/all/function/internal_message.html?_=1639361830092&CODE_STATE=getMsg HTTP/1.1" 200 27
222.70.176.97 - - [13/Dec/2021:10:17:15 +0800] "POST /xingrg/dwr/call/plaincall/AjaxCheckService.setItemNumber.dwr HTTP/1.1" 200 78
222.70.176.97 - - [13/Dec/2021:10:17:16 +0800] "GET /xingrg/all/function/internal_message.html?_=1639361499589&CODE_STATE=getMsg HTTP/1.1" 302 -
222.70.176.97 - - [13/Dec/2021:10:17:16 +0800] "POST /xingrg/dwr/call/plaincall/AjaxCheckService.setItemNumber.dwr HTTP/1.1" 200 78
222.70.176.97 - - [13/Dec/2021:10:17:17 +0800] "POST /xingrg/dwr/call/plaincall/AjaxCheckService.setItemNumber.dwr HTTP/1.1" 200 78
172.20.0.100 - - [13/Dec/2021:10:17:19 +0800] "GET /xingrg/all/function/internal_message.html?_=1639361838775&CODE_STATE=getMsg HTTP/1.1" 200 27
222.70.176.97 - - [13/Dec/2021:10:17:20 +0800] "POST /xingrg/dwr/call/plaincall/AjaxCheckService.setItemNumber.dwr HTTP/1.1" 200 78
172.20.0.100 - - [13/Dec/2021:10:17:20 +0800] "GET /xingrg/all/function/internal_message.html?_=1639361840344&CODE_STATE=getMsg HTTP/1.1" 200 27
222.70.176.97 - - [13/Dec/2021:10:17:21 +0800] "POST /xingrg/dwr/call/plaincall/AjaxCheckService.setItemNumber.dwr HTTP/1.1" 200 78
222.70.176.97 - - [13/Dec/2021:10:17:21 +0800] "POST /xingrg/dwr/call/plaincall/AjaxCheckService.setItemNumber.dwr HTTP/1.1" 200 78
222.70.176.97 - - [13/Dec/2021:10:17:22 +0800] "POST /xingrg/dwr/call/plaincall/AjaxCheckService.setItemNumber.dwr HTTP/1.1" 200 78
222.70.176.97 - - [13/Dec/2021:10:17:22 +0800] "POST /xingrg/dwr/call/plaincall/AjaxCheckService.setItemNumber.dwr HTTP/1.1" 200 78
222.70.176.97 - - [13/Dec/2021:10:17:22 +0800] "POST /xingrg/dwr/call/plaincall/AjaxCheckService.setItemNumber.dwr HTTP/1.1" 200 78
222.70.176.97 - - [13/Dec/2021:10:17:23 +0800] "POST /xingrg/dwr/call/plaincall/AjaxCheckService.setItemNumber.dwr HTTP/1.1" 200 78
116.233.76.72 - - [13/Dec/2021:10:17:23 +0800] "GET /xingrg/all/function/internal_message.html?_=1639361842783&CODE_STATE=getMsg HTTP/1.1" 200 27
222.70.176.97 - - [13/Dec/2021:10:17:23 +0800] "POST /xingrg/dwr/call/plaincall/AjaxCheckService.setItemNumber.dwr HTTP/1.1" 200 78
222.70.176.97 - - [13/Dec/2021:10:17:25 +0800] "POST /xingrg/dwr/call/plaincall/AjaxCheckService.setItemNumber.dwr HTTP/1.1" 200 78
124.78.153.86 - - [13/Dec/2021:10:17:25 +0800] "GET /xingrg/all/function/internal_message.html?_=1639361844044&CODE_STATE=getMsg HTTP/1.1" 200 27
222.70.176.97 - - [13/Dec/2021:10:17:27 +0800] "POST /xingrg/dwr/call/plaincall/AjaxCheckService.setItemNumber.dwr HTTP/1.1" 200 78
222.70.176.97 - - [13/Dec/2021:10:17:29 +0800] "POST /xingrg/dwr/call/plaincall/AjaxCheckService.setItemNumber.dwr HTTP/1.1" 200 78
222.70.176.97 - - [13/Dec/2021:10:17:30 +0800] "POST /xingrg/dwr/call/plaincall/AjaxCheckService.setItemNumber.dwr HTTP/1.1" 200 78
222.70.176.97 - - [13/Dec/2021:10:17:31 +0800] "POST /xingrg/dwr/call/plaincall/AjaxCheckService.setItemNumber.dwr HTTP/1.1" 200 78
222.70.176.97 - - [13/Dec/2021:10:17:31 +0800] "POST /xingrg/dwr/call/plaincall/AjaxCheckService.setItemNumber.dwr HTTP/1.1" 200 78
222.70.176.97 - - [13/Dec/2021:10:17:32 +0800] "POST /xingrg/dwr/call/plaincall/AjaxCheckService.setItemNumber.dwr HTTP/1.1" 200 78
222.70.176.97 - - [13/Dec/2021:10:17:33 +0800] "POST /xingrg/dwr/call/plaincall/AjaxCheckService.setItemNumber.dwr HTTP/1.1" 200 78
116.238.208.177 - - [13/Dec/2021:10:17:34 +0800] "GET /xingrg/kc/buy/cgsh_order_operate.html?command=get_materiel&rest_code=00102&code=00101009066&supplier_code=00100424&order_time=2021-12-13 HTTP/1.1" 200 416
116.238.248.233 - - [13/Dec/2021:10:17:35 +0800] "GET /xingrg/all/function/internal_message.html?_=1639361854687&CODE_STATE=getMsg HTTP/1.1" 200 27
222.70.176.97 - - [13/Dec/2021:10:17:35 +0800] "POST /xingrg/dwr/call/plaincall/AjaxCheckService.setItemNumber.dwr HTTP/1.1" 200 78
222.70.176.97 - - [13/Dec/2021:10:17:37 +0800] "POST /xingrg/dwr/call/plaincall/AjaxCheckService.setItemNumber.dwr HTTP/1.1" 200 78
61.172.28.229 - - [13/Dec/2021:10:17:38 +0800] "GET /xingrg/all/function/internal_message.html?_=1639361859001&CODE_STATE=getMsg HTTP/1.1" 200 27
222.70.176.97 - - [13/Dec/2021:10:17:39 +0800] "POST /xingrg/dwr/call/plaincall/AjaxCheckService.setItemNumber.dwr HTTP/1.1" 200 78
222.70.176.97 - - [13/Dec/2021:10:17:41 +0800] "POST /xingrg/dwr/call/plaincall/AjaxCheckService.setItemNumber.dwr HTTP/1.1" 200 78
222.70.176.97 - - [13/Dec/2021:10:17:42 +0800] "POST /xingrg/dwr/call/plaincall/AjaxCheckService.setItemNumber.dwr HTTP/1.1" 200 78
222.70.176.97 - - [13/Dec/2021:10:17:43 +0800] "POST /xingrg/dwr/call/plaincall/AjaxCheckService.setItemNumber.dwr HTTP/1.1" 200 78
124.77.240.52 - - [13/Dec/2021:10:17:43 +0800] "GET /xingrg/all/function/internal_message.html?_=1639361864397&CODE_STATE=getMsg HTTP/1.1" 200 27
222.70.176.97 - - [13/Dec/2021:10:17:44 +0800] "POST /xingrg/dwr/call/plaincall/AjaxCheckService.setItemNumber.dwr HTTP/1.1" 200 78
120.253.135.82 - - [13/Dec/2021:10:17:45 +0800] "GET /xingrg/check_reg.html?_=1639361643547 HTTP/1.1" 200 22
116.238.208.177 - - [13/Dec/2021:10:17:45 +0800] "GET /xingrg/kc/buy/cgsh_order_operate.html?command=get_materiel&rest_code=00102&code=00101009016&supplier_code=00100424&order_time=2021-12-13 HTTP/1.1" 200 412
222.70.176.97 - - [13/Dec/2021:10:17:45 +0800] "POST /xingrg/dwr/call/plaincall/AjaxCheckService.setItemNumber.dwr HTTP/1.1" 200 78
101.85.120.86 - - [13/Dec/2021:10:17:46 +0800] "GET /xingrg/all/function/internal_message.html?_=1639361865687&CODE_STATE=getMsg HTTP/1.1" 200 27
222.70.176.97 - - [13/Dec/2021:10:17:47 +0800] "POST /xingrg/dwr/call/plaincall/AjaxCheckService.setItemNumber.dwr HTTP/1.1" 200 78
222.70.176.97 - - [13/Dec/2021:10:17:48 +0800] "POST /xingrg/dwr/call/plaincall/AjaxCheckService.setItemNumber.dwr HTTP/1.1" 200 78
222.70.176.97 - - [13/Dec/2021:10:17:48 +0800] "POST /xingrg/dwr/call/plaincall/AjaxCheckService.setItemNumber.dwr HTTP/1.1" 200 78
222.70.176.97 - - [13/Dec/2021:10:17:48 +0800] "POST /xingrg/dwr/call/plaincall/AjaxCheckService.setItemNumber.dwr HTTP/1.1" 200 78
222.70.176.97 - - [13/Dec/2021:10:17:49 +0800] "POST /xingrg/dwr/call/plaincall/AjaxCheckService.setItemNumber.dwr HTTP/1.1" 200 78
114.88.154.34 - - [13/Dec/2021:10:17:50 +0800] "GET /xingrg/all/function/internal_message.html?_=1639361684716&CODE_STATE=getMsg HTTP/1.1" 200 27
222.70.176.97 - - [13/Dec/2021:10:17:50 +0800] "POST /xingrg/dwr/call/plaincall/AjaxCheckService.setItemNumber.dwr HTTP/1.1" 200 78
222.70.176.97 - - [13/Dec/2021:10:17:51 +0800] "POST /xingrg/dwr/call/plaincall/AjaxCheckService.setItemNumber.dwr HTTP/1.1" 200 78
124.77.240.52 - - [13/Dec/2021:10:17:52 +0800] "GET /xingrg/check_reg.html?_=1639361873523 HTTP/1.1" 200 22
222.70.176.97 - - [13/Dec/2021:10:17:53 +0800] "POST /xingrg/dwr/call/plaincall/AjaxCheckService.setItemNumber.dwr HTTP/1.1" 200 78
222.70.176.97 - - [13/Dec/2021:10:17:54 +0800] "POST /xingrg/dwr/call/plaincall/AjaxCheckService.setItemNumber.dwr HTTP/1.1" 200 78
116.238.208.177 - - [13/Dec/2021:10:17:54 +0800] "GET /xingrg/kc/buy/cgsh_order_operate.html?command=get_materiel&rest_code=00102&code=00101009013&supplier_code=00100424&order_time=2021-12-13 HTTP/1.1" 200 420
222.70.176.97 - - [13/Dec/2021:10:17:54 +0800] "POST /xingrg/dwr/call/plaincall/AjaxCheckService.setItemNumber.dwr HTTP/1.1" 200 78
180.169.147.146 - - [13/Dec/2021:10:17:55 +0800] "GET /xingrg/all/function/internal_message.html?_=1639361874304&CODE_STATE=getMsg HTTP/1.1" 200 27
222.70.176.97 - - [13/Dec/2021:10:17:55 +0800] "POST /xingrg/dwr/call/plaincall/AjaxCheckService.setItemNumber.dwr HTTP/1.1" 200 78
222.70.176.97 - - [13/Dec/2021:10:17:56 +0800] "POST /xingrg/dwr/call/plaincall/AjaxCheckService.setItemNumber.dwr HTTP/1.1" 200 78
222.70.176.97 - - [13/Dec/2021:10:17:57 +0800] "POST /xingrg/dwr/call/plaincall/AjaxCheckService.setItemNumber.dwr HTTP/1.1" 200 78
222.70.176.97 - - [13/Dec/2021:10:17:58 +0800] "GET /xingrg/all/function/internal_message.html?_=1639361877923&CODE_STATE=getMsg HTTP/1.1" 200 27
222.70.176.97 - - [13/Dec/2021:10:17:58 +0800] "POST /xingrg/dwr/call/plaincall/AjaxCheckService.setItemNumber.dwr HTTP/1.1" 200 78
222.70.176.97 - - [13/Dec/2021:10:17:59 +0800] "POST /xingrg/dwr/call/plaincall/AjaxCheckService.setItemNumber.dwr HTTP/1.1" 200 78
114.83.219.237 - - [13/Dec/2021:10:18:01 +0800] "GET /xingrg/all/function/internal_message.html?_=1639361879110&CODE_STATE=getMsg HTTP/1.1" 200 27
172.20.0.100 - - [13/Dec/2021:10:18:01 +0800] "GET /xingrg/all/function/internal_message.html?_=1639361881530&CODE_STATE=getMsg HTTP/1.1" 200 27
124.78.153.86 - - [13/Dec/2021:10:18:05 +0800] "GET /xingrg/all/function/internal_message.html?_=1639361884644&CODE_STATE=getMsg HTTP/1.1" 200 27
116.238.208.177 - - [13/Dec/2021:10:18:07 +0800] "GET /xingrg/all/function/internal_message.html?_=1639361888154&CODE_STATE=getMsg HTTP/1.1" 200 27
222.70.176.97 - - [13/Dec/2021:10:18:07 +0800] "POST /xingrg/dwr/call/plaincall/AjaxCheckService.checkOrder.dwr HTTP/1.1" 200 80
222.70.176.97 - - [13/Dec/2021:10:18:09 +0800] "GET /xingrg/kc/base/check_order_info.html?code=452021121200058 HTTP/1.1" 200 22856
222.70.176.97 - - [13/Dec/2021:10:18:09 +0800] "GET /xingrg/dwr/interface/AjaxComOrderService.js HTTP/1.1" 200 18264
222.70.176.97 - - [13/Dec/2021:10:18:09 +0800] "GET /xingrg/dwr/interface/AjaxCheckService.js HTTP/1.1" 200 14003
222.70.176.97 - - [13/Dec/2021:10:18:09 +0800] "GET /xingrg/dwr/engine.js HTTP/1.1" 200 43631
222.70.176.97 - - [13/Dec/2021:10:18:10 +0800] "POST /xingrg/dwr/call/plaincall/AjaxCheckService.loadOrderItems.dwr HTTP/1.1" 200 63433
114.88.154.34 - - [13/Dec/2021:10:18:11 +0800] "POST /xingrg/services/DataTransmitService HTTP/1.1" 200 524
114.88.154.34 - - [13/Dec/2021:10:18:12 +0800] "GET /xingrg/kc/buy/cgsh_order_operate.html?command=get_materiel&rest_code=00141&code=00101008224&supplier_code=00100007&order_time=2021-12-13 HTTP/1.1" 200 416
116.227.210.113 - - [13/Dec/2021:10:18:14 +0800] "GET /xingrg/all/function/internal_message.html?_=1639361890078&CODE_STATE=getMsg HTTP/1.1" 200 27
222.70.176.97 - - [13/Dec/2021:10:18:16 +0800] "GET /xingrg/all/function/internal_message.html?_=1639361559589&CODE_STATE=getMsg HTTP/1.1" 302 -
222.70.176.97 - - [13/Dec/2021:10:18:16 +0800] "GET /xingrg/check_reg.html?_=1639361559590 HTTP/1.1" 302 -
172.20.0.100 - - [13/Dec/2021:10:18:19 +0800] "GET /xingrg/all/function/internal_message.html?_=1639361898777&CODE_STATE=getMsg HTTP/1.1" 200 27
172.20.0.100 - - [13/Dec/2021:10:18:20 +0800] "GET /xingrg/all/function/internal_message.html?_=1639361900345&CODE_STATE=getMsg HTTP/1.1" 200 27
172.20.0.100 - - [13/Dec/2021:10:18:20 +0800] "GET /xingrg/check_reg.html?_=1639361900347 HTTP/1.1" 200 22
114.88.154.34 - - [13/Dec/2021:10:18:22 +0800] "GET /xingrg/kc/buy/cgsh_order_operate.html?command=get_materiel&rest_code=00141&code=00101008370&supplier_code=00100007&order_time=2021-12-13 HTTP/1.1" 200 412
116.233.76.72 - - [13/Dec/2021:10:18:23 +0800] "GET /xingrg/all/function/internal_message.html?_=1639361902803&CODE_STATE=getMsg HTTP/1.1" 200 27
124.78.153.86 - - [13/Dec/2021:10:18:25 +0800] "GET /xingrg/all/function/internal_message.html?_=1639361904016&CODE_STATE=getMsg HTTP/1.1" 200 27
114.88.154.34 - - [13/Dec/2021:10:18:33 +0800] "GET /xingrg/kc/buy/cgsh_order_operate.html?command=get_materiel&rest_code=00141&code=00101008361&supplier_code=00100007&order_time=2021-12-13 HTTP/1.1" 200 408
116.238.248.233 - - [13/Dec/2021:10:18:35 +0800] "GET /xingrg/all/function/internal_message.html?_=1639361914693&CODE_STATE=getMsg HTTP/1.1" 200 27
61.172.28.229 - - [13/Dec/2021:10:18:35 +0800] "GET /xingrg/kc/mdqp/pssh_order_list.html HTTP/1.1" 200 17781
61.172.28.229 - - [13/Dec/2021:10:18:36 +0800] "POST /xingrg/kc/mdqp/pssh_list_operate.html HTTP/1.1" 200 5225
61.172.28.229 - - [13/Dec/2021:10:18:37 +0800] "POST /xingrg/kc/mdqp/pssh_list_operate.html HTTP/1.1" 200 771
61.172.28.229 - - [13/Dec/2021:10:18:38 +0800] "GET /xingrg/check_reg.html?_=1639361919006 HTTP/1.1" 200 22
61.172.28.229 - - [13/Dec/2021:10:18:38 +0800] "GET /xingrg/all/function/internal_message.html?_=1639361919007&CODE_STATE=getMsg HTTP/1.1" 200 27
61.172.28.229 - - [13/Dec/2021:10:18:38 +0800] "GET /xingrg/kc/mdqp/pssh_order_info.html?code=312021121100280 HTTP/1.1" 200 17297
61.172.28.229 - - [13/Dec/2021:10:18:38 +0800] "GET /xingrg/javascript/jquery_tools/jquery-1.4.2.min.js HTTP/1.1" 404 1094
61.172.28.229 - - [13/Dec/2021:10:18:39 +0800] "GET /xingrg/javascript/easyui/themes/icons/back_new.png HTTP/1.1" 304 -
61.172.28.229 - - [13/Dec/2021:10:18:39 +0800] "POST /xingrg/kc/mdqp/pssh_order_operate.html HTTP/1.1" 200 5793
61.172.28.229 - - [13/Dec/2021:10:18:39 +0800] "GET /xingrg/all/common/auto_word.html?type=base&rest_code=00105&rest_code=00105 HTTP/1.1" 200 1857
61.172.28.229 - - [13/Dec/2021:10:18:39 +0800] "GET /xingrg/javascript/easyui/themes/default/validatebox.css HTTP/1.1" 404 1104
114.88.154.34 - - [13/Dec/2021:10:18:40 +0800] "GET /xingrg/kc/buy/cgsh_order_operate.html?command=get_materiel&rest_code=00141&code=00101008242&supplier_code=00100007&order_time=2021-12-13 HTTP/1.1" 200 408
124.77.240.52 - - [13/Dec/2021:10:18:43 +0800] "GET /xingrg/all/function/internal_message.html?_=1639361924411&CODE_STATE=getMsg HTTP/1.1" 200 27
116.238.208.177 - - [13/Dec/2021:10:18:45 +0800] "GET /xingrg/check_reg.html?_=1639361926604 HTTP/1.1" 200 22
101.85.120.86 - - [13/Dec/2021:10:18:46 +0800] "GET /xingrg/all/function/internal_message.html?_=1639361925686&CODE_STATE=getMsg HTTP/1.1" 200 27
114.88.154.34 - - [13/Dec/2021:10:18:50 +0800] "GET /xingrg/all/function/internal_message.html?_=1639361744714&CODE_STATE=getMsg HTTP/1.1" 200 27
114.85.125.222 - - [13/Dec/2021:10:18:52 +0800] "GET /xingrg/check_reg.html?_=1639361888372 HTTP/1.1" 302 -
116.238.208.177 - - [13/Dec/2021:10:18:55 +0800] "GET /xingrg/kc/buy/cgsh_order_operate.html?command=get_materiel&rest_code=00102&code=00101009112&supplier_code=00100424&order_time=2021-12-13 HTTP/1.1" 200 411
180.169.147.146 - - [13/Dec/2021:10:18:55 +0800] "GET /xingrg/all/function/internal_message.html?_=1639361934288&CODE_STATE=getMsg HTTP/1.1" 200 27
222.70.176.97 - - [13/Dec/2021:10:18:58 +0800] "GET /xingrg/all/function/internal_message.html?_=1639361937931&CODE_STATE=getMsg HTTP/1.1" 200 27
114.88.154.34 - - [13/Dec/2021:10:18:59 +0800] "GET /xingrg/kc/buy/cgsh_order_operate.html?command=get_materiel&rest_code=00141&code=00101008251&supplier_code=00100007&order_time=2021-12-13 HTTP/1.1" 200 408
114.83.219.237 - - [13/Dec/2021:10:19:01 +0800] "GET /xingrg/all/function/internal_message.html?_=1639361939098&CODE_STATE=getMsg HTTP/1.1" 200 27
172.20.0.100 - - [13/Dec/2021:10:19:01 +0800] "GET /xingrg/check_reg.html?_=1639361941522 HTTP/1.1" 200 22
172.20.0.100 - - [13/Dec/2021:10:19:01 +0800] "GET /xingrg/all/function/internal_message.html?_=1639361941525&CODE_STATE=getMsg HTTP/1.1" 200 27
61.172.28.229 - - [13/Dec/2021:10:19:04 +0800] "GET /xingrg/kc/mdqp/pssh_order_info.html?code=312021121100280 HTTP/1.1" 200 17297
61.172.28.229 - - [13/Dec/2021:10:19:04 +0800] "GET /xingrg/javascript/jquery_tools/jquery-1.4.2.min.js HTTP/1.1" 404 1094
61.172.28.229 - - [13/Dec/2021:10:19:04 +0800] "POST /xingrg/kc/mdqp/pssh_order_operate.html HTTP/1.1" 200 5793
61.172.28.229 - - [13/Dec/2021:10:19:04 +0800] "GET /xingrg/javascript/easyui/themes/default/validatebox.css HTTP/1.1" 404 1104
124.78.153.86 - - [13/Dec/2021:10:19:05 +0800] "GET /xingrg/all/function/internal_message.html?_=1639361944645&CODE_STATE=getMsg HTTP/1.1" 200 27
180.157.253.6 - - [13/Dec/2021:10:19:06 +0800] "POST /xingrg/services/DataTransmitService HTTP/1.1" 200 524
180.157.253.6 - - [13/Dec/2021:10:19:06 +0800] "POST /xingrg/services/DataTransmitService HTTP/1.1" 200 2087
116.238.208.177 - - [13/Dec/2021:10:19:07 +0800] "GET /xingrg/all/function/internal_message.html?_=1639361948156&CODE_STATE=getMsg HTTP/1.1" 200 27
180.157.253.6 - - [13/Dec/2021:10:19:07 +0800] "POST /xingrg/services/DataTransmitService HTTP/1.1" 200 159303
222.70.176.97 - - [13/Dec/2021:10:19:12 +0800] "GET /xingrg/kc/base/check_order_list.html?isBack=1 HTTP/1.1" 200 16179
222.70.176.97 - - [13/Dec/2021:10:19:13 +0800] "POST /xingrg/kc/base/check_list_operate.html HTTP/1.1" 200 1881
116.227.210.113 - - [13/Dec/2021:10:19:14 +0800] "GET /xingrg/all/function/internal_message.html?_=1639361950051&CODE_STATE=getMsg HTTP/1.1" 200 27
222.70.176.97 - - [13/Dec/2021:10:19:16 +0800] "GET /xingrg/all/function/internal_message.html?_=1639361619589&CODE_STATE=getMsg HTTP/1.1" 302 -
222.70.176.97 - - [13/Dec/2021:10:19:16 +0800] "GET /xingrg/kc/base/check_order_info.html?code=452021121200065 HTTP/1.1" 200 26362
222.70.176.97 - - [13/Dec/2021:10:19:16 +0800] "GET /xingrg/dwr/interface/AjaxComOrderService.js HTTP/1.1" 200 18264
222.70.176.97 - - [13/Dec/2021:10:19:16 +0800] "GET /xingrg/dwr/interface/AjaxCheckService.js HTTP/1.1" 200 14003
222.70.176.97 - - [13/Dec/2021:10:19:17 +0800] "GET /xingrg/dwr/engine.js HTTP/1.1" 200 43631
114.83.219.237 - - [13/Dec/2021:10:19:17 +0800] "GET /xingrg/check_reg.html?_=1639361955401 HTTP/1.1" 200 22
222.70.176.97 - - [13/Dec/2021:10:19:18 +0800] "POST /xingrg/dwr/call/plaincall/AjaxCheckService.loadOrderItems.dwr HTTP/1.1" 200 65526
172.20.0.100 - - [13/Dec/2021:10:19:19 +0800] "GET /xingrg/all/function/internal_message.html?_=1639361958780&CODE_STATE=getMsg HTTP/1.1" 200 27
172.20.0.100 - - [13/Dec/2021:10:19:20 +0800] "GET /xingrg/all/function/internal_message.html?_=1639361960348&CODE_STATE=getMsg HTTP/1.1" 200 27
116.233.76.72 - - [13/Dec/2021:10:19:23 +0800] "GET /xingrg/all/function/internal_message.html?_=1639361962788&CODE_STATE=getMsg HTTP/1.1" 200 27
114.88.154.34 - - [13/Dec/2021:10:19:24 +0800] "GET /xingrg/kc/buy/cgsh_order_operate.html?command=get_materiel&rest_code=00141&code=00101008295&supplier_code=00100007&order_time=2021-12-13 HTTP/1.1" 200 412
124.78.153.86 - - [13/Dec/2021:10:19:24 +0800] "GET /xingrg/check_reg.html?_=1639361962940 HTTP/1.1" 200 22
124.78.153.86 - - [13/Dec/2021:10:19:25 +0800] "GET /xingrg/all/function/internal_message.html?_=1639361963984&CODE_STATE=getMsg HTTP/1.1" 200 27
116.238.248.233 - - [13/Dec/2021:10:19:35 +0800] "GET /xingrg/all/function/internal_message.html?_=1639361974694&CODE_STATE=getMsg HTTP/1.1" 200 27
61.172.28.229 - - [13/Dec/2021:10:19:38 +0800] "GET /xingrg/all/function/internal_message.html?_=1639361979000&CODE_STATE=getMsg HTTP/1.1" 200 27
116.238.208.177 - - [13/Dec/2021:10:19:40 +0800] "GET /xingrg/kc/buy/cgsh_order_operate.html?command=get_materiel&rest_code=00102&code=00101009044&supplier_code=00100424&order_time=2021-12-13 HTTP/1.1" 200 412
124.77.240.52 - - [13/Dec/2021:10:19:43 +0800] "GET /xingrg/all/function/internal_message.html?_=1639361984424&CODE_STATE=getMsg HTTP/1.1" 200 27
101.85.120.86 - - [13/Dec/2021:10:19:46 +0800] "GET /xingrg/all/function/internal_message.html?_=1639361985686&CODE_STATE=getMsg HTTP/1.1" 200 27
58.221.95.50 - - [13/Dec/2021:10:19:47 +0800] "GET /xingrg/check_reg.html?_=1639361988632 HTTP/1.1" 302 -
114.88.154.34 - - [13/Dec/2021:10:19:50 +0800] "GET /xingrg/all/function/internal_message.html?_=1639361804666&CODE_STATE=getMsg HTTP/1.1" 200 27
114.88.154.34 - - [13/Dec/2021:10:19:50 +0800] "GET /xingrg/check_reg.html?_=1639361805319 HTTP/1.1" 200 22
116.238.208.177 - - [13/Dec/2021:10:19:54 +0800] "POST /xingrg/kc/buy/cgsh_order_operate.html HTTP/1.1" 200 37
180.169.147.146 - - [13/Dec/2021:10:19:55 +0800] "GET /xingrg/all/function/internal_message.html?_=1639361994273&CODE_STATE=getMsg HTTP/1.1" 200 27
116.238.208.177 - - [13/Dec/2021:10:19:58 +0800] "POST /xingrg/kc/buy/cgsh_order_operate.html HTTP/1.1" 200 12
222.70.176.97 - - [13/Dec/2021:10:19:58 +0800] "GET /xingrg/all/function/internal_message.html?_=1639361997935&CODE_STATE=getMsg HTTP/1.1" 200 27
222.70.176.97 - - [13/Dec/2021:10:19:58 +0800] "GET /xingrg/check_reg.html?_=1639361997952 HTTP/1.1" 200 22
114.83.219.237 - - [13/Dec/2021:10:20:01 +0800] "GET /xingrg/all/function/internal_message.html?_=1639361999088&CODE_STATE=getMsg HTTP/1.1" 200 27
172.20.0.100 - - [13/Dec/2021:10:20:01 +0800] "GET /xingrg/all/function/internal_message.html?_=1639362001513&CODE_STATE=getMsg HTTP/1.1" 200 27
114.85.125.222 - - [13/Dec/2021:10:20:02 +0800] "POST /xingrg/services/DataTransmitService HTTP/1.1" 200 524
222.70.176.97 - - [13/Dec/2021:10:20:03 +0800] "GET /xingrg/kc/base/check_order_list.html?isBack=1 HTTP/1.1" 200 16179
222.70.176.97 - - [13/Dec/2021:10:20:03 +0800] "POST /xingrg/kc/base/check_list_operate.html HTTP/1.1" 200 1881
222.70.176.97 - - [13/Dec/2021:10:20:05 +0800] "GET /xingrg/kc/base/check_order_info.html?code=452021121200064 HTTP/1.1" 200 26362
222.70.176.97 - - [13/Dec/2021:10:20:05 +0800] "GET /xingrg/dwr/interface/AjaxCheckService.js HTTP/1.1" 200 14003
124.78.153.86 - - [13/Dec/2021:10:20:05 +0800] "GET /xingrg/all/function/internal_message.html?_=1639362004646&CODE_STATE=getMsg HTTP/1.1" 200 27
222.70.176.97 - - [13/Dec/2021:10:20:05 +0800] "GET /xingrg/dwr/interface/AjaxComOrderService.js HTTP/1.1" 200 18264
222.70.176.97 - - [13/Dec/2021:10:20:06 +0800] "GET /xingrg/dwr/engine.js HTTP/1.1" 200 43631
222.70.176.97 - - [13/Dec/2021:10:20:06 +0800] "POST /xingrg/dwr/call/plaincall/AjaxCheckService.loadOrderItems.dwr HTTP/1.1" 200 44162
114.88.154.34 - - [13/Dec/2021:10:20:13 +0800] "POST /xingrg/kc/buy/cgsh_order_operate.html HTTP/1.1" 200 2065
116.227.210.113 - - [13/Dec/2021:10:20:13 +0800] "GET /xingrg/check_reg.html?_=1639362008358 HTTP/1.1" 200 22
116.227.210.113 - - [13/Dec/2021:10:20:14 +0800] "GET /xingrg/all/function/internal_message.html?_=1639362010037&CODE_STATE=getMsg HTTP/1.1" 200 27
222.70.176.97 - - [13/Dec/2021:10:20:15 +0800] "POST /xingrg/dwr/call/plaincall/AjaxCheckService.setItemNumber.dwr HTTP/1.1" 200 76
222.70.176.97 - - [13/Dec/2021:10:20:16 +0800] "POST /xingrg/dwr/call/plaincall/AjaxCheckService.setItemNumber.dwr HTTP/1.1" 200 76
222.70.176.97 - - [13/Dec/2021:10:20:16 +0800] "GET /xingrg/all/function/internal_message.html?_=1639361679589&CODE_STATE=getMsg HTTP/1.1" 302 -
172.20.0.100 - - [13/Dec/2021:10:20:19 +0800] "GET /xingrg/all/function/internal_message.html?_=1639362018781&CODE_STATE=getMsg HTTP/1.1" 200 27
222.70.176.97 - - [13/Dec/2021:10:20:19 +0800] "POST /xingrg/dwr/call/plaincall/AjaxCheckService.setItemNumber.dwr HTTP/1.1" 200 76
114.88.154.34 - - [13/Dec/2021:10:20:19 +0800] "GET /xingrg/kc/buy/cgsh_order_operate.html?command=get_materiel&rest_code=00141&code=00101008283&supplier_code=00100007&order_time=2021-12-13 HTTP/1.1" 200 408
172.20.0.100 - - [13/Dec/2021:10:20:20 +0800] "GET /xingrg/all/function/internal_message.html?_=1639362020350&CODE_STATE=getMsg HTTP/1.1" 200 27
124.77.240.52 - - [13/Dec/2021:10:20:21 +0800] "GET /xingrg/check_reg.html?_=1639362022011 HTTP/1.1" 302 -
116.233.76.72 - - [13/Dec/2021:10:20:23 +0800] "GET /xingrg/all/function/internal_message.html?_=1639362022813&CODE_STATE=getMsg HTTP/1.1" 200 27
116.233.76.72 - - [13/Dec/2021:10:20:23 +0800] "GET /xingrg/check_reg.html?_=1639362022813 HTTP/1.1" 200 22
124.78.153.86 - - [13/Dec/2021:10:20:25 +0800] "GET /xingrg/all/function/internal_message.html?_=1639362023990&CODE_STATE=getMsg HTTP/1.1" 200 27
114.88.154.34 - - [13/Dec/2021:10:20:28 +0800] "GET /xingrg/kc/buy/cgsh_order_operate.html?command=get_materiel&rest_code=00141&code=00101013021&supplier_code=00100007&order_time=2021-12-13 HTTP/1.1" 200 413
222.70.176.97 - - [13/Dec/2021:10:20:28 +0800] "POST /xingrg/dwr/call/plaincall/AjaxCheckService.setItemRemark.dwr HTTP/1.1" 200 76
222.70.176.97 - - [13/Dec/2021:10:20:29 +0800] "POST /xingrg/dwr/call/plaincall/AjaxCheckService.setItemNumber.dwr HTTP/1.1" 200 76
222.70.176.97 - - [13/Dec/2021:10:20:30 +0800] "POST /xingrg/dwr/call/plaincall/AjaxCheckService.setItemNumber.dwr HTTP/1.1" 200 76
222.70.176.97 - - [13/Dec/2021:10:20:31 +0800] "POST /xingrg/dwr/call/plaincall/AjaxCheckService.setItemNumber.dwr HTTP/1.1" 200 76
222.70.176.97 - - [13/Dec/2021:10:20:34 +0800] "POST /xingrg/dwr/call/plaincall/AjaxCheckService.setItemNumber.dwr HTTP/1.1" 200 76
116.238.248.233 - - [13/Dec/2021:10:20:35 +0800] "GET /xingrg/all/function/internal_message.html?_=1639362034713&CODE_STATE=getMsg HTTP/1.1" 200 27
222.70.176.97 - - [13/Dec/2021:10:20:36 +0800] "POST /xingrg/dwr/call/plaincall/AjaxCheckService.setItemRemark.dwr HTTP/1.1" 200 76
222.70.176.97 - - [13/Dec/2021:10:20:37 +0800] "POST /xingrg/dwr/call/plaincall/AjaxCheckService.setItemNumber.dwr HTTP/1.1" 200 77
222.70.176.97 - - [13/Dec/2021:10:20:37 +0800] "POST /xingrg/dwr/call/plaincall/AjaxCheckService.setItemNumber.dwr HTTP/1.1" 200 77
61.172.28.229 - - [13/Dec/2021:10:20:38 +0800] "GET /xingrg/all/function/internal_message.html?_=1639362039006&CODE_STATE=getMsg HTTP/1.1" 200 27
222.70.176.97 - - [13/Dec/2021:10:20:39 +0800] "POST /xingrg/dwr/call/plaincall/AjaxCheckService.setItemNumber.dwr HTTP/1.1" 200 77
222.70.176.97 - - [13/Dec/2021:10:20:39 +0800] "POST /xingrg/dwr/call/plaincall/AjaxCheckService.setItemNumber.dwr HTTP/1.1" 200 77
114.88.154.34 - - [13/Dec/2021:10:20:39 +0800] "GET /xingrg/kc/buy/cgsh_order_operate.html?command=get_materiel&rest_code=00141&code=00101008225&supplier_code=00100007&order_time=2021-12-13 HTTP/1.1" 200 416
222.70.176.97 - - [13/Dec/2021:10:20:40 +0800] "POST /xingrg/dwr/call/plaincall/AjaxCheckService.setItemNumber.dwr HTTP/1.1" 200 77
222.70.176.97 - - [13/Dec/2021:10:20:41 +0800] "POST /xingrg/dwr/call/plaincall/AjaxCheckService.setItemNumber.dwr HTTP/1.1" 200 77
222.70.176.97 - - [13/Dec/2021:10:20:42 +0800] "POST /xingrg/dwr/call/plaincall/AjaxCheckService.setItemNumber.dwr HTTP/1.1" 200 77
222.70.176.97 - - [13/Dec/2021:10:20:42 +0800] "POST /xingrg/dwr/call/plaincall/AjaxCheckService.setItemNumber.dwr HTTP/1.1" 200 77
222.70.176.97 - - [13/Dec/2021:10:20:43 +0800] "POST /xingrg/dwr/call/plaincall/AjaxCheckService.setItemNumber.dwr HTTP/1.1" 200 77
222.70.176.97 - - [13/Dec/2021:10:20:43 +0800] "POST /xingrg/dwr/call/plaincall/AjaxCheckService.setItemNumber.dwr HTTP/1.1" 200 77
124.77.240.52 - - [13/Dec/2021:10:20:44 +0800] "GET /xingrg/all/function/internal_message.html?_=1639362044710&CODE_STATE=getMsg HTTP/1.1" 200 27
222.70.176.97 - - [13/Dec/2021:10:20:44 +0800] "POST /xingrg/dwr/call/plaincall/AjaxCheckService.setItemNumber.dwr HTTP/1.1" 200 77
222.70.176.97 - - [13/Dec/2021:10:20:45 +0800] "POST /xingrg/dwr/call/plaincall/AjaxCheckService.setItemNumber.dwr HTTP/1.1" 200 77
116.238.208.177 - - [13/Dec/2021:10:20:46 +0800] "GET /xingrg/all/function/internal_message.html?_=1639362046828&CODE_STATE=getMsg HTTP/1.1" 200 27
116.238.208.177 - - [13/Dec/2021:10:20:46 +0800] "GET /xingrg/kc/buy/cgsh_order_info.html?code=212021121305224 HTTP/1.1" 200 59927
101.85.120.86 - - [13/Dec/2021:10:20:46 +0800] "GET /xingrg/all/function/internal_message.html?_=1639362045686&CODE_STATE=getMsg HTTP/1.1" 200 27
116.238.208.177 - - [13/Dec/2021:10:20:49 +0800] "GET /xingrg/javascript/easyui/themes/default/validatebox.css HTTP/1.1" 404 1104
222.70.176.97 - - [13/Dec/2021:10:20:49 +0800] "POST /xingrg/dwr/call/plaincall/AjaxCheckService.setItemNumber.dwr HTTP/1.1" 200 77
116.238.208.177 - - [13/Dec/2021:10:20:49 +0800] "POST /xingrg/kc/buy/cgsh_order_operate.html HTTP/1.1" 200 6543
114.88.154.34 - - [13/Dec/2021:10:20:50 +0800] "GET /xingrg/all/function/internal_message.html?_=1639361864652&CODE_STATE=getMsg HTTP/1.1" 200 27
222.70.176.97 - - [13/Dec/2021:10:20:51 +0800] "POST /xingrg/dwr/call/plaincall/AjaxCheckService.setItemRemark.dwr HTTP/1.1" 200 77
180.169.147.146 - - [13/Dec/2021:10:20:55 +0800] "GET /xingrg/all/function/internal_message.html?_=1639362054247&CODE_STATE=getMsg HTTP/1.1" 200 27
222.70.176.97 - - [13/Dec/2021:10:20:55 +0800] "POST /xingrg/dwr/call/plaincall/AjaxCheckService.setItemNumber.dwr HTTP/1.1" 200 77
222.70.176.97 - - [13/Dec/2021:10:20:56 +0800] "POST /xingrg/dwr/call/plaincall/AjaxCheckService.setItemNumber.dwr HTTP/1.1" 200 77
114.88.154.34 - - [13/Dec/2021:10:20:57 +0800] "POST /xingrg/kc/buy/cgsh_order_operate.html HTTP/1.1" 200 2065
180.169.147.146 - - [13/Dec/2021:10:20:58 +0800] "POST /xingrg/kc/buy/cgsh_list_operate.html HTTP/1.1" 200 4
222.70.176.97 - - [13/Dec/2021:10:20:58 +0800] "GET /xingrg/all/function/internal_message.html?_=1639362057943&CODE_STATE=getMsg HTTP/1.1" 200 27
222.70.176.97 - - [13/Dec/2021:10:21:00 +0800] "POST /xingrg/dwr/call/plaincall/AjaxCheckService.setItemRemark.dwr HTTP/1.1" 200 77
114.83.219.237 - - [13/Dec/2021:10:21:01 +0800] "GET /xingrg/all/function/internal_message.html?_=1639362059073&CODE_STATE=getMsg HTTP/1.1" 200 27
116.238.208.177 - - [13/Dec/2021:10:21:01 +0800] "GET /xingrg/kc/print/load_data.html?order_code=212021121305224&kc_code=cgsh&condition= HTTP/1.1" 200 2952
172.20.0.100 - - [13/Dec/2021:10:21:01 +0800] "GET /xingrg/all/function/internal_message.html?_=1639362061525&CODE_STATE=getMsg HTTP/1.1" 200 27
222.70.176.97 - - [13/Dec/2021:10:21:04 +0800] "POST /xingrg/dwr/call/plaincall/AjaxCheckService.setItemNumber.dwr HTTP/1.1" 200 77
222.70.176.97 - - [13/Dec/2021:10:21:04 +0800] "POST /xingrg/dwr/call/plaincall/AjaxCheckService.setItemNumber.dwr HTTP/1.1" 200 77
124.78.153.86 - - [13/Dec/2021:10:21:05 +0800] "GET /xingrg/all/function/internal_message.html?_=1639362064647&CODE_STATE=getMsg HTTP/1.1" 200 27
222.70.176.97 - - [13/Dec/2021:10:21:05 +0800] "POST /xingrg/dwr/call/plaincall/AjaxCheckService.setItemNumber.dwr HTTP/1.1" 200 77
222.70.176.97 - - [13/Dec/2021:10:21:09 +0800] "POST /xingrg/dwr/call/plaincall/AjaxCheckService.setItemNumber.dwr HTTP/1.1" 200 77
180.169.147.146 - - [13/Dec/2021:10:21:10 +0800] "POST /xingrg/kc/buy/cgsh_list_operate.html HTTP/1.1" 200 5225
222.70.176.97 - - [13/Dec/2021:10:21:13 +0800] "POST /xingrg/dwr/call/plaincall/AjaxCheckService.setItemRemark.dwr HTTP/1.1" 200 77
116.227.210.113 - - [13/Dec/2021:10:21:14 +0800] "GET /xingrg/all/function/internal_message.html?_=1639362070008&CODE_STATE=getMsg HTTP/1.1" 200 27
222.70.176.97 - - [13/Dec/2021:10:21:16 +0800] "GET /xingrg/all/function/internal_message.html?_=1639361739589&CODE_STATE=getMsg HTTP/1.1" 302 -
222.70.176.97 - - [13/Dec/2021:10:21:17 +0800] "POST /xingrg/dwr/call/plaincall/AjaxCheckService.setItemNumber.dwr HTTP/1.1" 200 77
172.20.0.100 - - [13/Dec/2021:10:21:19 +0800] "GET /xingrg/check_reg.html?_=1639362078784 HTTP/1.1" 200 22
172.20.0.100 - - [13/Dec/2021:10:21:19 +0800] "GET /xingrg/all/function/internal_message.html?_=1639362078785&CODE_STATE=getMsg HTTP/1.1" 200 27
172.20.0.100 - - [13/Dec/2021:10:21:20 +0800] "GET /xingrg/all/function/internal_message.html?_=1639362080352&CODE_STATE=getMsg HTTP/1.1" 200 27
222.70.176.97 - - [13/Dec/2021:10:21:21 +0800] "POST /xingrg/dwr/call/plaincall/AjaxCheckService.setItemRemark.dwr HTTP/1.1" 200 77
116.233.76.72 - - [13/Dec/2021:10:21:23 +0800] "GET /xingrg/all/function/internal_message.html?_=1639362082811&CODE_STATE=getMsg HTTP/1.1" 200 27
124.78.153.86 - - [13/Dec/2021:10:21:25 +0800] "GET /xingrg/all/function/internal_message.html?_=1639362083968&CODE_STATE=getMsg HTTP/1.1" 200 27
222.70.176.97 - - [13/Dec/2021:10:21:26 +0800] "POST /xingrg/dwr/call/plaincall/AjaxCheckService.setItemNumber.dwr HTTP/1.1" 200 77
222.70.176.97 - - [13/Dec/2021:10:21:29 +0800] "POST /xingrg/dwr/call/plaincall/AjaxCheckService.setItemRemark.dwr HTTP/1.1" 200 77
222.70.176.97 - - [13/Dec/2021:10:21:30 +0800] "POST /xingrg/dwr/call/plaincall/AjaxCheckService.setItemNumber.dwr HTTP/1.1" 200 77
222.70.176.97 - - [13/Dec/2021:10:21:34 +0800] "POST /xingrg/dwr/call/plaincall/AjaxCheckService.setItemNumber.dwr HTTP/1.1" 200 77
116.238.248.233 - - [13/Dec/2021:10:21:35 +0800] "GET /xingrg/check_reg.html?_=1639362094711 HTTP/1.1" 200 22
116.238.248.233 - - [13/Dec/2021:10:21:35 +0800] "GET /xingrg/all/function/internal_message.html?_=1639362094714&CODE_STATE=getMsg HTTP/1.1" 200 27
222.70.176.97 - - [13/Dec/2021:10:21:36 +0800] "POST /xingrg/dwr/call/plaincall/AjaxCheckService.setItemRemark.dwr HTTP/1.1" 200 77
222.70.176.97 - - [13/Dec/2021:10:21:38 +0800] "POST /xingrg/dwr/call/plaincall/AjaxCheckService.setItemNumber.dwr HTTP/1.1" 200 77
222.70.176.97 - - [13/Dec/2021:10:21:38 +0800] "POST /xingrg/dwr/call/plaincall/AjaxCheckService.setItemNumber.dwr HTTP/1.1" 200 77
61.172.28.229 - - [13/Dec/2021:10:21:38 +0800] "GET /xingrg/all/function/internal_message.html?_=1639362099010&CODE_STATE=getMsg HTTP/1.1" 200 27
222.70.176.97 - - [13/Dec/2021:10:21:39 +0800] "POST /xingrg/dwr/call/plaincall/AjaxCheckService.setItemNumber.dwr HTTP/1.1" 200 77
222.70.176.97 - - [13/Dec/2021:10:21:39 +0800] "POST /xingrg/dwr/call/plaincall/AjaxCheckService.setItemNumber.dwr HTTP/1.1" 200 77
180.169.147.146 - - [13/Dec/2021:10:21:39 +0800] "POST /xingrg/kc/buy/cgsh_list_operate.html HTTP/1.1" 200 4
222.70.176.97 - - [13/Dec/2021:10:21:40 +0800] "POST /xingrg/dwr/call/plaincall/AjaxCheckService.setItemNumber.dwr HTTP/1.1" 200 77
180.169.147.146 - - [13/Dec/2021:10:21:42 +0800] "POST /xingrg/kc/buy/cgsh_list_operate.html HTTP/1.1" 200 5159
222.70.176.97 - - [13/Dec/2021:10:21:43 +0800] "POST /xingrg/dwr/call/plaincall/AjaxCheckService.setItemNumber.dwr HTTP/1.1" 200 77
124.77.240.52 - - [13/Dec/2021:10:21:44 +0800] "GET /xingrg/all/function/internal_message.html?_=1639362104717&CODE_STATE=getMsg HTTP/1.1" 200 27
222.70.176.97 - - [13/Dec/2021:10:21:46 +0800] "POST /xingrg/dwr/call/plaincall/AjaxCheckService.setItemRemark.dwr HTTP/1.1" 200 77
101.85.120.86 - - [13/Dec/2021:10:21:46 +0800] "GET /xingrg/check_reg.html?_=1639362105681 HTTP/1.1" 200 22
101.85.120.86 - - [13/Dec/2021:10:21:46 +0800] "GET /xingrg/all/function/internal_message.html?_=1639362105684&CODE_STATE=getMsg HTTP/1.1" 200 27
116.238.208.177 - - [13/Dec/2021:10:21:46 +0800] "GET /xingrg/all/function/internal_message.html?_=1639362107604&CODE_STATE=getMsg HTTP/1.1" 200 27
222.70.176.97 - - [13/Dec/2021:10:21:47 +0800] "POST /xingrg/dwr/call/plaincall/AjaxCheckService.setItemNumber.dwr HTTP/1.1" 200 77
114.88.154.34 - - [13/Dec/2021:10:21:48 +0800] "GET /xingrg/kc/buy/cgsh_order_operate.html?command=get_materiel&rest_code=00141&code=00101008114&supplier_code=00100007&order_time=2021-12-13 HTTP/1.1" 200 412
114.88.154.34 - - [13/Dec/2021:10:21:50 +0800] "GET /xingrg/all/function/internal_message.html?_=1639361924657&CODE_STATE=getMsg HTTP/1.1" 200 27
222.70.176.97 - - [13/Dec/2021:10:21:51 +0800] "POST /xingrg/dwr/call/plaincall/AjaxCheckService.setItemNumber.dwr HTTP/1.1" 200 77
222.70.176.97 - - [13/Dec/2021:10:21:54 +0800] "POST /xingrg/dwr/call/plaincall/AjaxCheckService.setItemRemark.dwr HTTP/1.1" 200 77
