61.172.28.229 - - [13/Dec/2021:11:20:43 +0800] "GET /xingrg/kc/base/wldb_order_info.html?code=422021121301360 HTTP/1.1" 200 30289
61.172.28.229 - - [13/Dec/2021:11:20:44 +0800] "GET /xingrg/words/20211213111008_words.js HTTP/1.1" 304 -
61.172.28.229 - - [13/Dec/2021:11:20:44 +0800] "GET /xingrg/javascript/easyui/themes/default/validatebox.css HTTP/1.1" 404 1104
61.172.28.229 - - [13/Dec/2021:11:20:44 +0800] "POST /xingrg/kc/base/wldb_order_operate.html HTTP/1.1" 200 6168
172.20.0.100 - - [13/Dec/2021:11:20:45 +0800] "GET /xingrg/all/function/internal_message.html?_=1639365645451&CODE_STATE=getMsg HTTP/1.1" 200 27
101.85.120.86 - - [13/Dec/2021:11:20:46 +0800] "GET /xingrg/all/function/internal_message.html?_=1639365645757&CODE_STATE=getMsg HTTP/1.1" 200 27
124.77.240.52 - - [13/Dec/2021:11:20:49 +0800] "GET /xingrg/all/function/internal_message.html?_=1639365650463&CODE_STATE=getMsg HTTP/1.1" 200 27
124.77.240.52 - - [13/Dec/2021:11:20:50 +0800] "POST /xingrg/kc/buy/cgsh_order_operate.html HTTP/1.1" 200 37
180.169.147.146 - - [13/Dec/2021:11:20:52 +0800] "GET /xingrg/all/function/internal_message.html?_=1639365652582&CODE_STATE=getMsg HTTP/1.1" 200 27
124.77.240.52 - - [13/Dec/2021:11:20:54 +0800] "POST /xingrg/kc/buy/cgsh_order_operate.html HTTP/1.1" 200 12
124.77.240.52 - - [13/Dec/2021:11:20:55 +0800] "GET /xingrg/kc/buy/cgsh_order_info.html?code=212021121104672 HTTP/1.1" 200 59941
124.77.240.52 - - [13/Dec/2021:11:20:56 +0800] "GET /xingrg/javascript/easyui/themes/default/validatebox.css HTTP/1.1" 404 1104
124.77.240.52 - - [13/Dec/2021:11:20:57 +0800] "POST /xingrg/kc/buy/cgsh_order_operate.html HTTP/1.1" 200 624
222.70.176.97 - - [13/Dec/2021:11:20:57 +0800] "GET /xingrg/all/function/internal_message.html?_=1639365656958&CODE_STATE=getMsg HTTP/1.1" 200 27
180.162.110.111 - - [13/Dec/2021:11:20:59 +0800] "GET /xingrg/all/function/internal_message.html?_=1639365107941&CODE_STATE=getMsg HTTP/1.1" 200 27
116.238.248.233 - - [13/Dec/2021:11:20:59 +0800] "GET /xingrg/all/function/internal_message.html?_=1639365658210&CODE_STATE=getMsg HTTP/1.1" 200 27
114.83.219.237 - - [13/Dec/2021:11:21:00 +0800] "GET /xingrg/all/function/internal_message.html?_=1639365658108&CODE_STATE=getMsg HTTP/1.1" 200 27
180.169.147.146 - - [13/Dec/2021:11:21:02 +0800] "GET /xingrg/all/function/internal_message.html?_=1639365661163&CODE_STATE=getMsg HTTP/1.1" 200 27
120.253.135.82 - - [13/Dec/2021:11:21:03 +0800] "GET /xingrg/kc/pszx/mdqp_order_list.html?state=10 HTTP/1.1" 200 10217
120.253.135.82 - - [13/Dec/2021:11:21:03 +0800] "GET /xingrg/dwr/interface/AjaxReportQueryService.js HTTP/1.1" 200 13203
120.253.135.82 - - [13/Dec/2021:11:21:03 +0800] "GET /xingrg/dwr/interface/AjaxQqpsService.js HTTP/1.1" 200 16326
120.253.135.82 - - [13/Dec/2021:11:21:03 +0800] "GET /xingrg/dwr/engine.js HTTP/1.1" 200 43631
61.172.28.229 - - [13/Dec/2021:11:21:04 +0800] "GET /xingrg/kc/base/wldb_order_add.html HTTP/1.1" 200 30274
61.172.28.229 - - [13/Dec/2021:11:21:05 +0800] "POST /xingrg/kc/base/wldb_order_operate.html HTTP/1.1" 200 6806
61.172.28.229 - - [13/Dec/2021:11:21:05 +0800] "GET /xingrg/javascript/easyui/themes/default/validatebox.css HTTP/1.1" 404 1104
61.172.28.229 - - [13/Dec/2021:11:21:06 +0800] "POST /xingrg/all/common/load_combo.html?type=base HTTP/1.1" 200 3321
172.20.0.100 - - [13/Dec/2021:11:21:07 +0800] "GET /xingrg/all/function/internal_message.html?_=1639365667184&CODE_STATE=getMsg HTTP/1.1" 200 27
172.20.0.100 - - [13/Dec/2021:11:21:07 +0800] "GET /xingrg/check_reg.html?_=1639365667185 HTTP/1.1" 200 22
116.227.210.113 - - [13/Dec/2021:11:21:14 +0800] "GET /xingrg/all/function/internal_message.html?_=1639365669060&CODE_STATE=getMsg HTTP/1.1" 200 27
61.172.28.229 - - [13/Dec/2021:11:21:15 +0800] "GET /xingrg/all/function/internal_message.html?_=1639365611483&CODE_STATE=getMsg HTTP/1.1" 200 27
61.172.28.229 - - [13/Dec/2021:11:21:15 +0800] "GET /xingrg/check_reg.html?_=1639365611537 HTTP/1.1" 200 22
222.70.176.97 - - [13/Dec/2021:11:21:16 +0800] "GET /xingrg/all/function/internal_message.html?_=1639365339589&CODE_STATE=getMsg HTTP/1.1" 302 -
172.20.0.100 - - [13/Dec/2021:11:21:19 +0800] "GET /xingrg/all/function/internal_message.html?_=1639365678775&CODE_STATE=getMsg HTTP/1.1" 200 27
172.20.0.100 - - [13/Dec/2021:11:21:19 +0800] "GET /xingrg/check_reg.html?_=1639365678777 HTTP/1.1" 200 22
180.169.147.146 - - [13/Dec/2021:11:21:21 +0800] "GET /xingrg/all/function/internal_message.html?_=1639365680433&CODE_STATE=getMsg HTTP/1.1" 200 27
180.169.147.146 - - [13/Dec/2021:11:21:21 +0800] "GET /xingrg/check_reg.html?_=1639365680559 HTTP/1.1" 200 22
124.78.153.86 - - [13/Dec/2021:11:21:24 +0800] "GET /xingrg/all/function/internal_message.html?_=1639365682702&CODE_STATE=getMsg HTTP/1.1" 200 27
180.169.147.146 - - [13/Dec/2021:11:21:33 +0800] "GET /xingrg/all/function/internal_message.html?_=1639365696031&CODE_STATE=getMsg HTTP/1.1" 200 27
222.70.176.97 - - [13/Dec/2021:11:21:34 +0800] "GET /xingrg/kc/base/wldb_order_operate.html?command=get_materiel&rest_code=00111&base_code=0010306&code=00102002254 HTTP/1.1" 200 436
61.172.28.229 - - [13/Dec/2021:11:21:34 +0800] "GET /xingrg/all/function/internal_message.html?_=1639365695201&CODE_STATE=getMsg HTTP/1.1" 200 27
61.172.28.229 - - [13/Dec/2021:11:21:34 +0800] "GET /xingrg/check_reg.html?_=1639365695204 HTTP/1.1" 200 22
61.172.28.229 - - [13/Dec/2021:11:21:35 +0800] "GET /xingrg/check_reg.html?_=1639365695822 HTTP/1.1" 200 22
61.172.28.229 - - [13/Dec/2021:11:21:35 +0800] "GET /xingrg/all/function/internal_message.html?_=1639365695825&CODE_STATE=getMsg HTTP/1.1" 200 27
116.233.76.72 - - [13/Dec/2021:11:21:37 +0800] "GET /xingrg/check_reg.html?_=1639365697513 HTTP/1.1" 200 22
116.233.76.72 - - [13/Dec/2021:11:21:37 +0800] "GET /xingrg/all/function/internal_message.html?_=1639365697515&CODE_STATE=getMsg HTTP/1.1" 200 27
116.238.208.177 - - [13/Dec/2021:11:21:38 +0800] "GET /xingrg/all/function/internal_message.html?_=1639365699310&CODE_STATE=getMsg HTTP/1.1" 200 27
61.172.28.229 - - [13/Dec/2021:11:21:40 +0800] "GET /xingrg/kc/base/wldb_order_operate.html?command=get_materiel&rest_code=00105&base_code=0010507&code=00101013052 HTTP/1.1" 200 441
172.20.0.100 - - [13/Dec/2021:11:21:45 +0800] "GET /xingrg/all/function/internal_message.html?_=1639365705454&CODE_STATE=getMsg HTTP/1.1" 200 27
172.20.0.100 - - [13/Dec/2021:11:21:45 +0800] "GET /xingrg/check_reg.html?_=1639365705456 HTTP/1.1" 200 22
101.85.120.86 - - [13/Dec/2021:11:21:46 +0800] "GET /xingrg/check_reg.html?_=1639365705759 HTTP/1.1" 200 22
101.85.120.86 - - [13/Dec/2021:11:21:46 +0800] "GET /xingrg/all/function/internal_message.html?_=1639365705757&CODE_STATE=getMsg HTTP/1.1" 200 27
124.77.240.52 - - [13/Dec/2021:11:21:49 +0800] "GET /xingrg/all/function/internal_message.html?_=1639365710477&CODE_STATE=getMsg HTTP/1.1" 200 27
180.169.147.146 - - [13/Dec/2021:11:21:52 +0800] "GET /xingrg/all/function/internal_message.html?_=1639365712589&CODE_STATE=getMsg HTTP/1.1" 200 27
222.70.176.97 - - [13/Dec/2021:11:21:57 +0800] "GET /xingrg/all/function/internal_message.html?_=1639365716939&CODE_STATE=getMsg HTTP/1.1" 200 27
180.162.110.111 - - [13/Dec/2021:11:21:59 +0800] "GET /xingrg/all/function/internal_message.html?_=1639365167948&CODE_STATE=getMsg HTTP/1.1" 200 27
180.162.110.111 - - [13/Dec/2021:11:21:59 +0800] "GET /xingrg/check_reg.html?_=1639365167946 HTTP/1.1" 200 22
116.238.248.233 - - [13/Dec/2021:11:21:59 +0800] "GET /xingrg/all/function/internal_message.html?_=1639365718218&CODE_STATE=getMsg HTTP/1.1" 200 27
114.83.219.237 - - [13/Dec/2021:11:22:00 +0800] "GET /xingrg/all/function/internal_message.html?_=1639365718092&CODE_STATE=getMsg HTTP/1.1" 200 27
180.169.147.146 - - [13/Dec/2021:11:22:02 +0800] "GET /xingrg/all/function/internal_message.html?_=1639365721160&CODE_STATE=getMsg HTTP/1.1" 200 27
222.70.176.97 - - [13/Dec/2021:11:22:05 +0800] "GET /xingrg/kc/base/wldb_order_operate.html?command=get_materiel&rest_code=00111&base_code=0010306&code=00102002439 HTTP/1.1" 200 458
172.20.0.100 - - [13/Dec/2021:11:22:07 +0800] "GET /xingrg/all/function/internal_message.html?_=1639365727181&CODE_STATE=getMsg HTTP/1.1" 200 27
116.227.210.113 - - [13/Dec/2021:11:22:14 +0800] "GET /xingrg/all/function/internal_message.html?_=1639365729039&CODE_STATE=getMsg HTTP/1.1" 200 27
61.172.28.229 - - [13/Dec/2021:11:22:15 +0800] "GET /xingrg/all/function/internal_message.html?_=1639365671457&CODE_STATE=getMsg HTTP/1.1" 200 27
222.70.176.97 - - [13/Dec/2021:11:22:16 +0800] "GET /xingrg/all/function/internal_message.html?_=1639365399589&CODE_STATE=getMsg HTTP/1.1" 302 -
172.20.0.100 - - [13/Dec/2021:11:22:19 +0800] "GET /xingrg/all/function/internal_message.html?_=1639365738778&CODE_STATE=getMsg HTTP/1.1" 200 27
180.169.147.146 - - [13/Dec/2021:11:22:21 +0800] "GET /xingrg/all/function/internal_message.html?_=1639365740417&CODE_STATE=getMsg HTTP/1.1" 200 27
124.78.153.86 - - [13/Dec/2021:11:22:24 +0800] "GET /xingrg/all/function/internal_message.html?_=1639365742684&CODE_STATE=getMsg HTTP/1.1" 200 27
61.172.28.229 - - [13/Dec/2021:11:22:26 +0800] "GET /xingrg/kc/base/wldb_order_operate.html?command=get_materiel&rest_code=00105&base_code=0010507&code=00101012017 HTTP/1.1" 200 446
180.169.147.146 - - [13/Dec/2021:11:22:33 +0800] "GET /xingrg/all/function/internal_message.html?_=1639365756023&CODE_STATE=getMsg HTTP/1.1" 200 27
61.172.28.229 - - [13/Dec/2021:11:22:34 +0800] "GET /xingrg/all/function/internal_message.html?_=1639365755204&CODE_STATE=getMsg HTTP/1.1" 200 27
61.172.28.229 - - [13/Dec/2021:11:22:35 +0800] "GET /xingrg/all/function/internal_message.html?_=1639365755825&CODE_STATE=getMsg HTTP/1.1" 200 27
222.70.176.97 - - [13/Dec/2021:11:22:35 +0800] "GET /xingrg/kc/base/wldb_order_operate.html?command=get_materiel&rest_code=00111&base_code=0010306&code=00102002118 HTTP/1.1" 200 452
61.151.178.165 - - [13/Dec/2021:11:22:36 +0800] "GET /xingrg/all/function/internal_message.html?_=1639362083968&CODE_STATE=getMsg HTTP/1.1" 302 -
116.233.76.72 - - [13/Dec/2021:11:22:37 +0800] "GET /xingrg/all/function/internal_message.html?_=1639365757513&CODE_STATE=getMsg HTTP/1.1" 200 27
116.238.208.177 - - [13/Dec/2021:11:22:38 +0800] "GET /xingrg/all/function/internal_message.html?_=1639365759669&CODE_STATE=getMsg HTTP/1.1" 200 27
61.151.178.165 - - [13/Dec/2021:11:22:41 +0800] "GET /xingrg/login.html HTTP/1.1" 200 7641
172.20.0.100 - - [13/Dec/2021:11:22:45 +0800] "GET /xingrg/all/function/internal_message.html?_=1639365765441&CODE_STATE=getMsg HTTP/1.1" 200 27
120.253.135.82 - - [13/Dec/2021:11:22:46 +0800] "GET /xingrg/check_reg.html?_=1639365544646 HTTP/1.1" 200 22
101.85.120.86 - - [13/Dec/2021:11:22:46 +0800] "GET /xingrg/all/function/internal_message.html?_=1639365765759&CODE_STATE=getMsg HTTP/1.1" 200 27
222.70.176.97 - - [13/Dec/2021:11:22:49 +0800] "POST /xingrg/kc/base/wldb_order_operate.html HTTP/1.1" 200 37
124.77.240.52 - - [13/Dec/2021:11:22:49 +0800] "GET /xingrg/all/function/internal_message.html?_=1639365770491&CODE_STATE=getMsg HTTP/1.1" 200 27
222.70.176.97 - - [13/Dec/2021:11:22:52 +0800] "POST /xingrg/kc/base/wldb_order_operate.html HTTP/1.1" 200 4171
180.169.147.146 - - [13/Dec/2021:11:22:52 +0800] "GET /xingrg/all/function/internal_message.html?_=1639365772587&CODE_STATE=getMsg HTTP/1.1" 200 27
124.77.240.52 - - [13/Dec/2021:11:22:53 +0800] "GET /xingrg/check_reg.html?_=1639365774386 HTTP/1.1" 200 22
222.70.176.97 - - [13/Dec/2021:11:22:54 +0800] "POST /xingrg/kc/base/wldb_order_operate.html HTTP/1.1" 200 12
180.162.110.111 - - [13/Dec/2021:11:22:59 +0800] "GET /xingrg/all/function/internal_message.html?_=1639365227947&CODE_STATE=getMsg HTTP/1.1" 200 27
116.238.248.233 - - [13/Dec/2021:11:22:59 +0800] "GET /xingrg/all/function/internal_message.html?_=1639365778216&CODE_STATE=getMsg HTTP/1.1" 200 27
114.83.219.237 - - [13/Dec/2021:11:23:00 +0800] "GET /xingrg/all/function/internal_message.html?_=1639365778076&CODE_STATE=getMsg HTTP/1.1" 200 27
180.169.147.146 - - [13/Dec/2021:11:23:02 +0800] "GET /xingrg/all/function/internal_message.html?_=1639365781162&CODE_STATE=getMsg HTTP/1.1" 200 27
222.70.176.97 - - [13/Dec/2021:11:23:02 +0800] "GET /xingrg/kc/base/wldb_order_info.html?code=422021121301361 HTTP/1.1" 200 26149
222.70.176.97 - - [13/Dec/2021:11:23:03 +0800] "GET /xingrg/javascript/easyui/themes/default/validatebox.css HTTP/1.1" 404 1104
222.70.176.97 - - [13/Dec/2021:11:23:03 +0800] "POST /xingrg/kc/base/wldb_order_operate.html HTTP/1.1" 200 2421
172.20.0.100 - - [13/Dec/2021:11:23:07 +0800] "GET /xingrg/all/function/internal_message.html?_=1639365787187&CODE_STATE=getMsg HTTP/1.1" 200 27
61.172.28.229 - - [13/Dec/2021:11:23:08 +0800] "GET /xingrg/kc/base/wldb_order_operate.html?command=get_materiel&rest_code=00105&base_code=0010507&code=00101012077 HTTP/1.1" 200 422
222.70.176.97 - - [13/Dec/2021:11:23:10 +0800] "GET /xingrg/kc/base/wldb_order_add.html HTTP/1.1" 200 30270
222.70.176.97 - - [13/Dec/2021:11:23:11 +0800] "POST /xingrg/kc/base/wldb_order_operate.html HTTP/1.1" 200 6806
222.70.176.97 - - [13/Dec/2021:11:23:11 +0800] "GET /xingrg/javascript/easyui/themes/default/validatebox.css HTTP/1.1" 404 1104
222.70.176.97 - - [13/Dec/2021:11:23:12 +0800] "POST /xingrg/all/common/load_combo.html?type=base HTTP/1.1" 200 3054
116.227.210.113 - - [13/Dec/2021:11:23:14 +0800] "GET /xingrg/all/function/internal_message.html?_=1639365789019&CODE_STATE=getMsg HTTP/1.1" 200 27
61.172.28.229 - - [13/Dec/2021:11:23:15 +0800] "GET /xingrg/all/function/internal_message.html?_=1639365731437&CODE_STATE=getMsg HTTP/1.1" 200 27
222.70.176.97 - - [13/Dec/2021:11:23:15 +0800] "POST /xingrg/all/common/load_combo.html?type=base HTTP/1.1" 200 3054
222.70.176.97 - - [13/Dec/2021:11:23:16 +0800] "GET /xingrg/all/function/internal_message.html?_=1639365459589&CODE_STATE=getMsg HTTP/1.1" 302 -
222.70.176.97 - - [13/Dec/2021:11:23:16 +0800] "GET /xingrg/check_reg.html?_=1639365459591 HTTP/1.1" 302 -
61.172.28.229 - - [13/Dec/2021:11:23:18 +0800] "POST /xingrg/kc/base/wldb_order_operate.html HTTP/1.1" 200 37
61.172.28.229 - - [13/Dec/2021:11:23:18 +0800] "POST /xingrg/kc/base/wldb_order_operate.html HTTP/1.1" 200 3134
172.20.0.100 - - [13/Dec/2021:11:23:19 +0800] "GET /xingrg/all/function/internal_message.html?_=1639365798783&CODE_STATE=getMsg HTTP/1.1" 200 27
61.172.28.229 - - [13/Dec/2021:11:23:19 +0800] "GET /xingrg/kc/base/wldb_order_info.html?code=422021121301362 HTTP/1.1" 200 30291
61.172.28.229 - - [13/Dec/2021:11:23:19 +0800] "GET /xingrg/words/20211213111008_words.js HTTP/1.1" 304 -
61.172.28.229 - - [13/Dec/2021:11:23:19 +0800] "GET /xingrg/javascript/easyui/themes/default/validatebox.css HTTP/1.1" 404 1104
61.172.28.229 - - [13/Dec/2021:11:23:19 +0800] "POST /xingrg/kc/base/wldb_order_operate.html HTTP/1.1" 200 3134
180.169.147.146 - - [13/Dec/2021:11:23:21 +0800] "GET /xingrg/all/function/internal_message.html?_=1639365800401&CODE_STATE=getMsg HTTP/1.1" 200 27
124.78.153.86 - - [13/Dec/2021:11:23:24 +0800] "GET /xingrg/all/function/internal_message.html?_=1639365802660&CODE_STATE=getMsg HTTP/1.1" 200 27
124.77.240.52 - - [13/Dec/2021:11:23:30 +0800] "GET /xingrg/kc/buy/cgsh_order_add.html HTTP/1.1" 200 65026
124.77.240.52 - - [13/Dec/2021:11:23:30 +0800] "POST /xingrg/kc/buy/cgsh_order_operate.html HTTP/1.1" 200 8245
124.77.240.52 - - [13/Dec/2021:11:23:30 +0800] "GET /xingrg/javascript/easyui/themes/default/validatebox.css HTTP/1.1" 404 1104
180.169.147.146 - - [13/Dec/2021:11:23:33 +0800] "GET /xingrg/all/function/internal_message.html?_=1639365815999&CODE_STATE=getMsg HTTP/1.1" 200 27
61.172.28.229 - - [13/Dec/2021:11:23:34 +0800] "GET /xingrg/all/function/internal_message.html?_=1639365815204&CODE_STATE=getMsg HTTP/1.1" 200 27
61.172.28.229 - - [13/Dec/2021:11:23:35 +0800] "GET /xingrg/all/function/internal_message.html?_=1639365815824&CODE_STATE=getMsg HTTP/1.1" 200 27
116.238.208.177 - - [13/Dec/2021:11:23:36 +0800] "GET /xingrg/check_reg.html?_=1639365816857 HTTP/1.1" 200 22
116.233.76.72 - - [13/Dec/2021:11:23:37 +0800] "GET /xingrg/all/function/internal_message.html?_=1639365817497&CODE_STATE=getMsg HTTP/1.1" 200 27
222.70.176.97 - - [13/Dec/2021:11:23:38 +0800] "GET /xingrg/kc/base/wldb_order_operate.html?command=get_materiel&rest_code=00111&base_code=0010306&code=00102002006 HTTP/1.1" 200 467
116.238.208.177 - - [13/Dec/2021:11:23:39 +0800] "GET /xingrg/all/function/internal_message.html?_=1639365820008&CODE_STATE=getMsg HTTP/1.1" 200 27
124.77.240.52 - - [13/Dec/2021:11:23:42 +0800] "GET /xingrg/kc/buy/cgsh_order_operate.html?command=get_materiel&rest_code=00146&code=00101010161&supplier_code=00100041&order_time=2021-12-13 HTTP/1.1" 200 409
172.20.0.100 - - [13/Dec/2021:11:23:45 +0800] "GET /xingrg/all/function/internal_message.html?_=1639365825443&CODE_STATE=getMsg HTTP/1.1" 200 27
101.85.120.86 - - [13/Dec/2021:11:23:46 +0800] "GET /xingrg/all/function/internal_message.html?_=1639365825759&CODE_STATE=getMsg HTTP/1.1" 200 27
124.77.240.52 - - [13/Dec/2021:11:23:49 +0800] "GET /xingrg/all/function/internal_message.html?_=1639365830504&CODE_STATE=getMsg HTTP/1.1" 200 27
180.169.147.146 - - [13/Dec/2021:11:23:52 +0800] "GET /xingrg/check_reg.html?_=1639365832579 HTTP/1.1" 200 22
180.169.147.146 - - [13/Dec/2021:11:23:52 +0800] "GET /xingrg/all/function/internal_message.html?_=1639365832587&CODE_STATE=getMsg HTTP/1.1" 200 27
114.85.125.222 - - [13/Dec/2021:11:23:53 +0800] "GET /xingrg/check_reg.html?_=1639365788907 HTTP/1.1" 302 -
222.70.176.97 - - [13/Dec/2021:11:23:57 +0800] "GET /xingrg/all/function/internal_message.html?_=1639365836957&CODE_STATE=getMsg HTTP/1.1" 200 27
180.162.110.111 - - [13/Dec/2021:11:23:59 +0800] "GET /xingrg/all/function/internal_message.html?_=1639365287947&CODE_STATE=getMsg HTTP/1.1" 200 27
116.238.248.233 - - [13/Dec/2021:11:23:59 +0800] "GET /xingrg/all/function/internal_message.html?_=1639365838224&CODE_STATE=getMsg HTTP/1.1" 200 27
116.238.248.233 - - [13/Dec/2021:11:23:59 +0800] "GET /xingrg/check_reg.html?_=1639365838225 HTTP/1.1" 200 22
222.70.176.97 - - [13/Dec/2021:11:23:59 +0800] "GET /xingrg/kc/base/wldb_order_operate.html?command=get_materiel&rest_code=00111&base_code=0010306&code=00102002238 HTTP/1.1" 200 434
114.83.219.237 - - [13/Dec/2021:11:24:00 +0800] "GET /xingrg/all/function/internal_message.html?_=1639365838084&CODE_STATE=getMsg HTTP/1.1" 200 27
180.169.147.146 - - [13/Dec/2021:11:24:02 +0800] "GET /xingrg/all/function/internal_message.html?_=1639365841157&CODE_STATE=getMsg HTTP/1.1" 200 27
172.20.0.100 - - [13/Dec/2021:11:24:07 +0800] "GET /xingrg/all/function/internal_message.html?_=1639365847180&CODE_STATE=getMsg HTTP/1.1" 200 27
116.227.210.113 - - [13/Dec/2021:11:24:14 +0800] "GET /xingrg/all/function/internal_message.html?_=1639365848992&CODE_STATE=getMsg HTTP/1.1" 200 27
61.172.28.229 - - [13/Dec/2021:11:24:15 +0800] "GET /xingrg/all/function/internal_message.html?_=1639365791413&CODE_STATE=getMsg HTTP/1.1" 200 27
222.70.176.97 - - [13/Dec/2021:11:24:15 +0800] "GET /xingrg/kc/base/wldb_order_operate.html?command=get_materiel&rest_code=00111&base_code=0010306&code=00102002362 HTTP/1.1" 200 434
124.77.240.52 - - [13/Dec/2021:11:24:16 +0800] "GET /xingrg/kc/buy/cgsh_order_operate.html?command=get_materiel&rest_code=00146&code=00101001032&supplier_code=00100041&order_time=2021-12-13 HTTP/1.1" 200 413
222.70.176.97 - - [13/Dec/2021:11:24:16 +0800] "GET /xingrg/all/function/internal_message.html?_=1639365519589&CODE_STATE=getMsg HTTP/1.1" 302 -
114.83.219.237 - - [13/Dec/2021:11:24:17 +0800] "GET /xingrg/check_reg.html?_=1639365855653 HTTP/1.1" 200 22
172.20.0.100 - - [13/Dec/2021:11:24:19 +0800] "GET /xingrg/all/function/internal_message.html?_=1639365858784&CODE_STATE=getMsg HTTP/1.1" 200 27
180.169.147.146 - - [13/Dec/2021:11:24:21 +0800] "GET /xingrg/all/function/internal_message.html?_=1639365860385&CODE_STATE=getMsg HTTP/1.1" 200 27
222.70.176.97 - - [13/Dec/2021:11:24:22 +0800] "POST /xingrg/kc/base/wldb_order_operate.html HTTP/1.1" 200 37
222.70.176.97 - - [13/Dec/2021:11:24:22 +0800] "POST /xingrg/kc/base/wldb_order_operate.html HTTP/1.1" 200 3154
124.78.153.86 - - [13/Dec/2021:11:24:24 +0800] "GET /xingrg/all/function/internal_message.html?_=1639365862643&CODE_STATE=getMsg HTTP/1.1" 200 27
222.70.176.97 - - [13/Dec/2021:11:24:24 +0800] "POST /xingrg/kc/base/wldb_order_operate.html HTTP/1.1" 200 12
124.78.153.86 - - [13/Dec/2021:11:24:24 +0800] "GET /xingrg/check_reg.html?_=1639365863066 HTTP/1.1" 200 22
222.70.176.97 - - [13/Dec/2021:11:24:26 +0800] "GET /xingrg/kc/base/wldb_order_info.html?code=422021121301363 HTTP/1.1" 200 26146
222.70.176.97 - - [13/Dec/2021:11:24:27 +0800] "GET /xingrg/javascript/easyui/themes/default/validatebox.css HTTP/1.1" 404 1104
222.70.176.97 - - [13/Dec/2021:11:24:27 +0800] "POST /xingrg/kc/base/wldb_order_operate.html HTTP/1.1" 200 1426
124.77.240.52 - - [13/Dec/2021:11:24:29 +0800] "GET /xingrg/kc/buy/cgsh_order_operate.html?command=get_materiel&rest_code=00146&code=00101018019&supplier_code=00100041&order_time=2021-12-13 HTTP/1.1" 200 421
222.70.176.97 - - [13/Dec/2021:11:24:29 +0800] "GET /xingrg/kc/base/wldb_order_add.html HTTP/1.1" 200 30270
222.70.176.97 - - [13/Dec/2021:11:24:30 +0800] "POST /xingrg/kc/base/wldb_order_operate.html HTTP/1.1" 200 6806
222.70.176.97 - - [13/Dec/2021:11:24:30 +0800] "GET /xingrg/javascript/easyui/themes/default/validatebox.css HTTP/1.1" 404 1104
222.70.176.97 - - [13/Dec/2021:11:24:31 +0800] "POST /xingrg/all/common/load_combo.html?type=base HTTP/1.1" 200 3054
180.169.147.146 - - [13/Dec/2021:11:24:33 +0800] "GET /xingrg/all/function/internal_message.html?_=1639365875985&CODE_STATE=getMsg HTTP/1.1" 200 27
61.172.28.229 - - [13/Dec/2021:11:24:34 +0800] "GET /xingrg/all/function/internal_message.html?_=1639365875204&CODE_STATE=getMsg HTTP/1.1" 200 27
222.70.176.97 - - [13/Dec/2021:11:24:35 +0800] "POST /xingrg/all/common/load_combo.html?type=base HTTP/1.1" 200 3054
61.172.28.229 - - [13/Dec/2021:11:24:35 +0800] "GET /xingrg/all/function/internal_message.html?_=1639365875823&CODE_STATE=getMsg HTTP/1.1" 200 27
116.233.76.72 - - [13/Dec/2021:11:24:37 +0800] "GET /xingrg/all/function/internal_message.html?_=1639365877501&CODE_STATE=getMsg HTTP/1.1" 200 27
114.88.154.34 - - [13/Dec/2021:11:24:38 +0800] "POST /xingrg/services/DataTransmitService HTTP/1.1" 200 524
114.88.154.34 - - [13/Dec/2021:11:24:38 +0800] "POST /xingrg/services/DataTransmitService HTTP/1.1" 200 412
116.238.208.177 - - [13/Dec/2021:11:24:39 +0800] "GET /xingrg/all/function/internal_message.html?_=1639365880020&CODE_STATE=getMsg HTTP/1.1" 200 27
124.77.240.52 - - [13/Dec/2021:11:24:44 +0800] "GET /xingrg/kc/buy/cgsh_order_operate.html?command=get_materiel&rest_code=00146&code=00101005037&supplier_code=00100041&order_time=2021-12-13 HTTP/1.1" 200 409
172.20.0.100 - - [13/Dec/2021:11:24:45 +0800] "GET /xingrg/all/function/internal_message.html?_=1639365885451&CODE_STATE=getMsg HTTP/1.1" 200 27
101.85.120.86 - - [13/Dec/2021:11:24:46 +0800] "GET /xingrg/all/function/internal_message.html?_=1639365885760&CODE_STATE=getMsg HTTP/1.1" 200 27
124.77.240.52 - - [13/Dec/2021:11:24:49 +0800] "GET /xingrg/all/function/internal_message.html?_=1639365890518&CODE_STATE=getMsg HTTP/1.1" 200 27
180.169.147.146 - - [13/Dec/2021:11:24:52 +0800] "GET /xingrg/all/function/internal_message.html?_=1639365892588&CODE_STATE=getMsg HTTP/1.1" 200 27
222.70.176.97 - - [13/Dec/2021:11:24:53 +0800] "GET /xingrg/kc/base/wldb_order_operate.html?command=get_materiel&rest_code=00111&base_code=0010283&code=00101019514 HTTP/1.1" 200 467
124.77.240.52 - - [13/Dec/2021:11:24:57 +0800] "GET /xingrg/kc/buy/cgsh_order_operate.html?command=get_materiel&rest_code=00146&code=00101001075&supplier_code=00100041&order_time=2021-12-13 HTTP/1.1" 200 409
222.70.176.97 - - [13/Dec/2021:11:24:57 +0800] "GET /xingrg/all/function/internal_message.html?_=1639365896944&CODE_STATE=getMsg HTTP/1.1" 200 27
222.70.176.97 - - [13/Dec/2021:11:24:58 +0800] "GET /xingrg/check_reg.html?_=1639365898008 HTTP/1.1" 200 22
180.162.110.111 - - [13/Dec/2021:11:24:59 +0800] "GET /xingrg/all/function/internal_message.html?_=1639365347948&CODE_STATE=getMsg HTTP/1.1" 200 27
116.238.248.233 - - [13/Dec/2021:11:24:59 +0800] "GET /xingrg/all/function/internal_message.html?_=1639365898229&CODE_STATE=getMsg HTTP/1.1" 200 27
114.83.219.237 - - [13/Dec/2021:11:25:00 +0800] "GET /xingrg/all/function/internal_message.html?_=1639365898070&CODE_STATE=getMsg HTTP/1.1" 200 27
180.169.147.146 - - [13/Dec/2021:11:25:02 +0800] "GET /xingrg/check_reg.html?_=1639365901148 HTTP/1.1" 200 22
180.169.147.146 - - [13/Dec/2021:11:25:02 +0800] "GET /xingrg/all/function/internal_message.html?_=1639365901152&CODE_STATE=getMsg HTTP/1.1" 200 27
172.20.0.100 - - [13/Dec/2021:11:25:07 +0800] "GET /xingrg/all/function/internal_message.html?_=1639365907194&CODE_STATE=getMsg HTTP/1.1" 200 27
124.77.240.52 - - [13/Dec/2021:11:25:08 +0800] "POST /xingrg/kc/buy/cgsh_order_operate.html HTTP/1.1" 200 37
124.77.240.52 - - [13/Dec/2021:11:25:09 +0800] "POST /xingrg/kc/buy/cgsh_order_operate.html HTTP/1.1" 200 5613
124.77.240.52 - - [13/Dec/2021:11:25:12 +0800] "GET /xingrg/kc/print/load_data.html?order_code=212021121305238&kc_code=cgsh&condition= HTTP/1.1" 200 1822
116.227.210.113 - - [13/Dec/2021:11:25:13 +0800] "POST /xingrg/services/DataTransmitService HTTP/1.1" 200 524
116.227.210.113 - - [13/Dec/2021:11:25:13 +0800] "GET /xingrg/check_reg.html?_=1639365908364 HTTP/1.1" 200 22
116.227.210.113 - - [13/Dec/2021:11:25:13 +0800] "POST /xingrg/services/DataTransmitService HTTP/1.1" 200 412
116.227.210.113 - - [13/Dec/2021:11:25:14 +0800] "GET /xingrg/all/function/internal_message.html?_=1639365908992&CODE_STATE=getMsg HTTP/1.1" 200 27
61.172.28.229 - - [13/Dec/2021:11:25:15 +0800] "GET /xingrg/all/function/internal_message.html?_=1639365851385&CODE_STATE=getMsg HTTP/1.1" 200 27
222.70.176.97 - - [13/Dec/2021:11:25:16 +0800] "GET /xingrg/all/function/internal_message.html?_=1639365579589&CODE_STATE=getMsg HTTP/1.1" 302 -
116.238.208.177 - - [13/Dec/2021:11:25:18 +0800] "GET /xingrg/kc/buy/cgsh_order_list.html HTTP/1.1" 200 49291
172.20.0.100 - - [13/Dec/2021:11:25:19 +0800] "GET /xingrg/all/function/internal_message.html?_=1639365918787&CODE_STATE=getMsg HTTP/1.1" 200 27
116.238.208.177 - - [13/Dec/2021:11:25:20 +0800] "POST /xingrg/kc/buy/cgsh_list_operate.html HTTP/1.1" 200 876
116.238.208.177 - - [13/Dec/2021:11:25:21 +0800] "GET /xingrg/kc/buy/cgsh_order_add.html HTTP/1.1" 200 65020
124.77.240.52 - - [13/Dec/2021:11:25:21 +0800] "GET /xingrg/check_reg.html?_=1639365922160 HTTP/1.1" 302 -
180.169.147.146 - - [13/Dec/2021:11:25:21 +0800] "GET /xingrg/all/function/internal_message.html?_=1639365920369&CODE_STATE=getMsg HTTP/1.1" 200 27
116.238.208.177 - - [13/Dec/2021:11:25:21 +0800] "GET /xingrg/javascript/easyui/themes/icons/copy_new.png HTTP/1.1" 304 -
116.238.208.177 - - [13/Dec/2021:11:25:21 +0800] "POST /xingrg/kc/buy/cgsh_order_operate.html HTTP/1.1" 200 8245
180.169.147.146 - - [13/Dec/2021:11:25:21 +0800] "GET /xingrg/check_reg.html?_=1639365924111 HTTP/1.1" 200 22
116.238.208.177 - - [13/Dec/2021:11:25:22 +0800] "GET /xingrg/all/common/auto_word.html?type=employee&rest_code=00102 HTTP/1.1" 200 189
116.238.208.177 - - [13/Dec/2021:11:25:22 +0800] "GET /xingrg/all/common/auto_word.html?type=employee&rest_code=00102 HTTP/1.1" 200 189
116.238.208.177 - - [13/Dec/2021:11:25:22 +0800] "GET /xingrg/javascript/easyui/themes/default/validatebox.css HTTP/1.1" 404 1104
116.238.208.177 - - [13/Dec/2021:11:25:23 +0800] "GET /xingrg/javascript/easyui/plugins/jquery.draggable.js HTTP/1.1" 304 -
116.238.208.177 - - [13/Dec/2021:11:25:23 +0800] "GET /xingrg/javascript/easyui/plugins/jquery.droppable.js HTTP/1.1" 304 -
116.238.208.177 - - [13/Dec/2021:11:25:23 +0800] "GET /xingrg/javascript/easyui/plugins/jquery.tree.js HTTP/1.1" 304 -
116.238.208.177 - - [13/Dec/2021:11:25:23 +0800] "GET /xingrg/javascript/easyui/themes/default/tree.css HTTP/1.1" 404 1090
116.238.208.177 - - [13/Dec/2021:11:25:23 +0800] "POST /xingrg/all/common/load_tree.html?tree=supplier_tree_json&isDelete=1 HTTP/1.1" 200 61171
124.78.153.86 - - [13/Dec/2021:11:25:24 +0800] "GET /xingrg/all/function/internal_message.html?_=1639365922611&CODE_STATE=getMsg HTTP/1.1" 200 27
116.238.208.177 - - [13/Dec/2021:11:25:26 +0800] "GET /xingrg/javascript/easyui/themes/default/images/tree_arrows.gif HTTP/1.1" 304 -
116.238.208.177 - - [13/Dec/2021:11:25:26 +0800] "GET /xingrg/javascript/easyui/themes/default/images/tree_folder_open.gif HTTP/1.1" 304 -
116.238.208.177 - - [13/Dec/2021:11:25:26 +0800] "GET /xingrg/javascript/easyui/themes/default/images/tree_folder.gif HTTP/1.1" 304 -
116.238.208.177 - - [13/Dec/2021:11:25:26 +0800] "GET /xingrg/javascript/easyui/themes/default/images/tree_file.gif HTTP/1.1" 304 -
222.70.176.97 - - [13/Dec/2021:11:25:26 +0800] "GET /xingrg/kc/base/wldb_order_operate.html?command=get_materiel&rest_code=00111&base_code=0010283&code=00101016083 HTTP/1.1" 200 450
124.77.240.52 - - [13/Dec/2021:11:25:26 +0800] "GET /xingrg/kc/buy/cgsh_order_add.html HTTP/1.1" 200 65026
124.77.240.52 - - [13/Dec/2021:11:25:28 +0800] "POST /xingrg/kc/buy/cgsh_order_operate.html HTTP/1.1" 200 8245
124.77.240.52 - - [13/Dec/2021:11:25:28 +0800] "GET /xingrg/javascript/easyui/themes/default/validatebox.css HTTP/1.1" 404 1104
180.169.147.146 - - [13/Dec/2021:11:25:33 +0800] "GET /xingrg/all/function/internal_message.html?_=1639365935956&CODE_STATE=getMsg HTTP/1.1" 200 27
61.172.28.229 - - [13/Dec/2021:11:25:34 +0800] "GET /xingrg/all/function/internal_message.html?_=1639365935205&CODE_STATE=getMsg HTTP/1.1" 200 27
61.172.28.229 - - [13/Dec/2021:11:25:35 +0800] "GET /xingrg/all/function/internal_message.html?_=1639365935825&CODE_STATE=getMsg HTTP/1.1" 200 27
101.89.19.197 - - [13/Dec/2021:11:25:36 +0800] "GET /xingrg/all/function/internal_message.html?_=1639361904016&CODE_STATE=getMsg HTTP/1.1" 302 -
116.233.76.72 - - [13/Dec/2021:11:25:37 +0800] "GET /xingrg/all/function/internal_message.html?_=1639365937505&CODE_STATE=getMsg HTTP/1.1" 200 27
116.238.208.177 - - [13/Dec/2021:11:25:39 +0800] "GET /xingrg/all/function/internal_message.html?_=1639365940064&CODE_STATE=getMsg HTTP/1.1" 200 27
222.70.176.97 - - [13/Dec/2021:11:25:39 +0800] "GET /favicon.ico HTTP/1.1" 404 -
222.70.176.97 - - [13/Dec/2021:11:25:43 +0800] "GET /xingrg/login.html HTTP/1.1" 200 7641
222.70.176.97 - - [13/Dec/2021:11:25:45 +0800] "GET /favicon.ico HTTP/1.1" 404 -
172.20.0.100 - - [13/Dec/2021:11:25:45 +0800] "GET /xingrg/all/function/internal_message.html?_=1639365945453&CODE_STATE=getMsg HTTP/1.1" 200 27
101.85.120.86 - - [13/Dec/2021:11:25:46 +0800] "GET /xingrg/all/function/internal_message.html?_=1639365945760&CODE_STATE=getMsg HTTP/1.1" 200 27
101.89.19.197 - - [13/Dec/2021:11:25:48 +0800] "GET /xingrg/login.html HTTP/1.1" 200 7641
124.77.240.52 - - [13/Dec/2021:11:25:49 +0800] "GET /xingrg/all/function/internal_message.html?_=1639365950531&CODE_STATE=getMsg HTTP/1.1" 200 27
222.70.176.97 - - [13/Dec/2021:11:25:52 +0800] "POST /xingrg/login.do HTTP/1.1" 302 -
222.70.176.97 - - [13/Dec/2021:11:25:52 +0800] "GET /xingrg/index.html?sysBaseUrl=http%3A%2F%2F180.169.147.146%3A18081%2Fxingrg%2F&costTime=45×tamp=1639365952673 HTTP/1.1" 200 17419
180.169.147.146 - - [13/Dec/2021:11:25:52 +0800] "GET /xingrg/all/function/internal_message.html?_=1639365952581&CODE_STATE=getMsg HTTP/1.1" 200 27
222.70.176.97 - - [13/Dec/2021:11:25:53 +0800] "GET /favicon.ico HTTP/1.1" 404 -
222.70.176.97 - - [13/Dec/2021:11:25:53 +0800] "POST /xingrg/all/common/load_tree.html?tree=area_rest_tree_json&manage=1 HTTP/1.1" 200 470
222.70.176.97 - - [13/Dec/2021:11:25:53 +0800] "GET /xingrg/all/function/internal_message.html?_=1639365952338&CODE_STATE=count HTTP/1.1" 200 11
222.70.176.97 - - [13/Dec/2021:11:25:53 +0800] "GET /xingrg/check_reg.html?_=1639365952339 HTTP/1.1" 200 22
222.70.176.97 - - [13/Dec/2021:11:25:53 +0800] "POST /xingrg/load_menu.html HTTP/1.1" 200 9959
222.70.176.97 - - [13/Dec/2021:11:25:57 +0800] "GET /xingrg/kc/base/wldb_order_operate.html?command=get_materiel&rest_code=00111&base_code=0010283&code=00101019339 HTTP/1.1" 200 454
222.70.176.97 - - [13/Dec/2021:11:25:58 +0800] "GET /xingrg/all/function/internal_message.html?_=1639365956920&CODE_STATE=getMsg HTTP/1.1" 200 27
180.162.110.111 - - [13/Dec/2021:11:25:59 +0800] "GET /xingrg/all/function/internal_message.html?_=1639365407948&CODE_STATE=getMsg HTTP/1.1" 200 27
116.238.248.233 - - [13/Dec/2021:11:25:59 +0800] "GET /xingrg/all/function/internal_message.html?_=1639365958231&CODE_STATE=getMsg HTTP/1.1" 200 27
114.83.219.237 - - [13/Dec/2021:11:26:00 +0800] "GET /xingrg/all/function/internal_message.html?_=1639365958040&CODE_STATE=getMsg HTTP/1.1" 200 27
222.70.176.97 - - [13/Dec/2021:11:26:00 +0800] "GET /xingrg/kc/report/report_main.html HTTP/1.1" 200 7340
180.169.147.146 - - [13/Dec/2021:11:26:02 +0800] "GET /xingrg/all/function/internal_message.html?_=1639365961174&CODE_STATE=getMsg HTTP/1.1" 200 27
222.70.176.97 - - [13/Dec/2021:11:26:02 +0800] "GET /xingrg/all/report/report_query.html?fileName=kc/buy/gys_amount.xml&rh=99999 HTTP/1.1" 200 52006
222.70.176.97 - - [13/Dec/2021:11:26:02 +0800] "GET /xingrg/dwr/interface/AjaxReportQueryService.js HTTP/1.1" 200 13203
222.70.176.97 - - [13/Dec/2021:11:26:02 +0800] "GET /xingrg/dwr/engine.js HTTP/1.1" 200 43631
222.70.176.97 - - [13/Dec/2021:11:26:02 +0800] "GET /xingrg/dwr/util.js HTTP/1.1" 200 35990
222.70.176.97 - - [13/Dec/2021:11:26:03 +0800] "POST /xingrg/dwr/call/plaincall/AjaxReportQueryService.getFixDate.dwr HTTP/1.1" 200 111
222.70.176.97 - - [13/Dec/2021:11:26:03 +0800] "POST /xingrg/all/common/load_tree.html?tree=supplier_tree_json&manage=1 HTTP/1.1" 200 62379
222.70.176.97 - - [13/Dec/2021:11:26:04 +0800] "POST /xingrg/all/common/load_tree.html?tree=materiel_sort_tree_json HTTP/1.1" 200 9388
222.70.176.97 - - [13/Dec/2021:11:26:04 +0800] "POST /xingrg/dwr/call/plaincall/AjaxReportQueryService.getInitString.dwr HTTP/1.1" 200 996
172.20.0.100 - - [13/Dec/2021:11:26:07 +0800] "GET /xingrg/check_reg.html?_=1639365967183 HTTP/1.1" 200 22
172.20.0.100 - - [13/Dec/2021:11:26:07 +0800] "GET /xingrg/all/function/internal_message.html?_=1639365967184&CODE_STATE=getMsg HTTP/1.1" 200 27
124.77.240.52 - - [13/Dec/2021:11:26:07 +0800] "GET /xingrg/kc/buy/cgsh_order_operate.html?command=get_materiel&rest_code=00146&code=00101012025&supplier_code=00100033&order_time=2021-12-13 HTTP/1.1" 200 412
116.227.210.113 - - [13/Dec/2021:11:26:13 +0800] "GET /xingrg/all/function/internal_message.html?_=1639365968980&CODE_STATE=getMsg HTTP/1.1" 200 27
61.172.28.229 - - [13/Dec/2021:11:26:15 +0800] "GET /xingrg/all/function/internal_message.html?_=1639365911370&CODE_STATE=getMsg HTTP/1.1" 200 27
61.172.28.229 - - [13/Dec/2021:11:26:15 +0800] "GET /xingrg/check_reg.html?_=1639365911544 HTTP/1.1" 200 22
222.70.176.97 - - [13/Dec/2021:11:26:16 +0800] "GET /xingrg/all/function/internal_message.html?_=1639365639590&CODE_STATE=getMsg HTTP/1.1" 302 -
222.70.176.97 - - [13/Dec/2021:11:26:17 +0800] "GET /xingrg/kc/base/wldb_order_operate.html?command=get_materiel&rest_code=00111&base_code=0010283&code=00101016001 HTTP/1.1" 200 458
172.20.0.100 - - [13/Dec/2021:11:26:19 +0800] "GET /xingrg/check_reg.html?_=1639365978773 HTTP/1.1" 200 22
172.20.0.100 - - [13/Dec/2021:11:26:19 +0800] "GET /xingrg/all/function/internal_message.html?_=1639365978775&CODE_STATE=getMsg HTTP/1.1" 200 27
180.169.147.146 - - [13/Dec/2021:11:26:21 +0800] "GET /xingrg/all/function/internal_message.html?_=1639365980353&CODE_STATE=getMsg HTTP/1.1" 200 27
180.169.147.146 - - [13/Dec/2021:11:26:21 +0800] "GET /xingrg/check_reg.html?_=1639365980542 HTTP/1.1" 200 22
124.78.153.86 - - [13/Dec/2021:11:26:24 +0800] "GET /xingrg/all/function/internal_message.html?_=1639365982585&CODE_STATE=getMsg HTTP/1.1" 200 27
222.70.176.97 - - [13/Dec/2021:11:26:26 +0800] "POST /xingrg/dwr/call/plaincall/AjaxReportQueryService.refreshCache.dwr HTTP/1.1" 200 78
222.70.176.97 - - [13/Dec/2021:11:26:28 +0800] "POST /xingrg/all/report/load_report_page.html HTTP/1.1" 200 8960
222.70.176.97 - - [13/Dec/2021:11:26:28 +0800] "GET /xingrg/servlets/image?cache=0.3731225640876408&image=px HTTP/1.1" 200 807
222.70.176.97 - - [13/Dec/2021:11:26:29 +0800] "GET /xingrg/all/report/report_query.html?isQuery=1&fileName=kc/buy/wlcg_cate_hz.xml&queryString=(CONVERT(char(10)%252Ca.order_time%252C%2520120)%253E%253D'2021-10-21')%2520and%2520(CONVERT(char(10)%252Ca.order_time%252C%2520120)%253C%253D'2021-11-30')%2520and%2520(a.supplier_code%2520in%2520('00100348'))%2520and%2520(a.supplier_code%253D'00100348')&queryText=%25E3%2580%2590%25E9%2587%2587%25E8%25B4%25AD%25E6%2597%25A5%25E6%259C%259F%253A2021-10-21%2520%25E8%2587%25B3%25202021-11-30%25E3%2580%2591%2520%25E5%25B9%25B6%25E4%25B8%2594%2520%2520%25E3%2580%2590%25E4%25BE%259B%25E5%25BA%2594%25E5%2595%2586%2520%253D%2520%25E7%25BA%25A2%25E8%2586%258F%25E5%25A4%25A7%25E9%2597%25B8%25E8%259F%25B9%25EF%25BC%2588%25E8%25A3%25B4%25E6%25A0%2591%25E7%25A4%25BC%25EF%25BC%2589%25E3%2580%2591%2520%25E5%25B9%25B6%25E4%25B8%2594%2520%25E3%2580%2590%25E4%25BE%259B%25E5%25BA%2594%25E5%2595%2586%253D%25E7%25BA%25A2%25E8%2586%258F%25E5%25A4%25A7%25E9%2597%25B8%25E8%259F%25B9%25EF%25BC%2588%25E8%25A3%25B4%25E6%25A0%2591%25E7%25A4%25BC%25EF%25BC%2589%25E3%2580%2591 HTTP/1.1" 200 54489
222.70.176.97 - - [13/Dec/2021:11:26:29 +0800] "GET /xingrg/dwr/interface/AjaxReportQueryService.js HTTP/1.1" 200 13203
222.70.176.97 - - [13/Dec/2021:11:26:29 +0800] "GET /xingrg/dwr/engine.js HTTP/1.1" 200 43631
222.70.176.97 - - [13/Dec/2021:11:26:31 +0800] "POST /xingrg/all/report/load_report_page.html HTTP/1.1" 200 8715
222.70.176.97 - - [13/Dec/2021:11:26:31 +0800] "GET /xingrg/servlets/image?cache=0.5587926907667603&image=px HTTP/1.1" 200 807
180.169.147.146 - - [13/Dec/2021:11:26:33 +0800] "GET /xingrg/all/function/internal_message.html?_=1639365995942&CODE_STATE=getMsg HTTP/1.1" 200 27
222.70.176.97 - - [13/Dec/2021:11:26:34 +0800] "POST /xingrg/all/report/load_report_page.html HTTP/1.1" 200 23242
222.70.176.97 - - [13/Dec/2021:11:26:34 +0800] "GET /xingrg/servlets/image?cache=0.29589651523196314&image=px HTTP/1.1" 200 807
61.172.28.229 - - [13/Dec/2021:11:26:34 +0800] "GET /xingrg/check_reg.html?_=1639365995233 HTTP/1.1" 200 22
61.172.28.229 - - [13/Dec/2021:11:26:34 +0800] "GET /xingrg/all/function/internal_message.html?_=1639365995235&CODE_STATE=getMsg HTTP/1.1" 200 27
61.172.28.229 - - [13/Dec/2021:11:26:35 +0800] "GET /xingrg/check_reg.html?_=1639365995826 HTTP/1.1" 200 22
61.172.28.229 - - [13/Dec/2021:11:26:35 +0800] "GET /xingrg/all/function/internal_message.html?_=1639365995829&CODE_STATE=getMsg HTTP/1.1" 200 27
124.77.240.52 - - [13/Dec/2021:11:26:37 +0800] "GET /xingrg/kc/buy/cgsh_order_operate.html?command=get_materiel&rest_code=00146&code=00101016080&supplier_code=00100033&order_time=2021-12-13 HTTP/1.1" 200 408
222.70.176.97 - - [13/Dec/2021:11:26:37 +0800] "POST /xingrg/all/report/report_print.html HTTP/1.1" 302 -
222.70.176.97 - - [13/Dec/2021:11:26:37 +0800] "GET /xingrg/servlets/html?sysBaseUrl=http%3A%2F%2F180.169.147.146%3A18081%2Fxingrg%2F&costTime=703×tamp=1639365997312 HTTP/1.1" 200 24155
222.70.176.97 - - [13/Dec/2021:11:26:37 +0800] "GET /xingrg/servlets/image?image=px HTTP/1.1" 200 807
222.70.176.97 - - [13/Dec/2021:11:26:37 +0800] "GET /favicon.ico HTTP/1.1" 404 -
116.233.76.72 - - [13/Dec/2021:11:26:37 +0800] "GET /xingrg/all/function/internal_message.html?_=1639365997516&CODE_STATE=getMsg HTTP/1.1" 200 27
116.233.76.72 - - [13/Dec/2021:11:26:37 +0800] "GET /xingrg/check_reg.html?_=1639365997519 HTTP/1.1" 200 22
116.238.208.177 - - [13/Dec/2021:11:26:39 +0800] "GET /xingrg/all/function/internal_message.html?_=1639366000550&CODE_STATE=getMsg HTTP/1.1" 200 27
124.78.153.86 - - [13/Dec/2021:11:26:44 +0800] "POST /xingrg/services/DataTransmitService HTTP/1.1" 200 524
124.78.153.86 - - [13/Dec/2021:11:26:44 +0800] "POST /xingrg/services/DataTransmitService HTTP/1.1" 200 501
172.20.0.100 - - [13/Dec/2021:11:26:45 +0800] "GET /xingrg/all/function/internal_message.html?_=1639366005456&CODE_STATE=getMsg HTTP/1.1" 200 27
172.20.0.100 - - [13/Dec/2021:11:26:45 +0800] "GET /xingrg/check_reg.html?_=1639366005458 HTTP/1.1" 200 22
101.85.120.86 - - [13/Dec/2021:11:26:46 +0800] "GET /xingrg/check_reg.html?_=1639366005760 HTTP/1.1" 200 22
101.85.120.86 - - [13/Dec/2021:11:26:46 +0800] "GET /xingrg/all/function/internal_message.html?_=1639366005763&CODE_STATE=getMsg HTTP/1.1" 200 27
222.70.176.97 - - [13/Dec/2021:11:26:47 +0800] "POST /xingrg/kc/base/wldb_order_operate.html HTTP/1.1" 200 37
124.77.240.52 - - [13/Dec/2021:11:26:47 +0800] "GET /xingrg/kc/buy/cgsh_order_operate.html?command=get_materiel&rest_code=00146&code=00101011001&supplier_code=00100033&order_time=2021-12-13 HTTP/1.1" 200 423
124.77.240.52 - - [13/Dec/2021:11:26:49 +0800] "GET /xingrg/all/function/internal_message.html?_=1639366010588&CODE_STATE=getMsg HTTP/1.1" 200 27
222.70.176.97 - - [13/Dec/2021:11:26:51 +0800] "POST /xingrg/kc/base/wldb_order_operate.html HTTP/1.1" 200 12
222.70.176.97 - - [13/Dec/2021:11:26:51 +0800] "POST /xingrg/kc/base/wldb_order_operate.html HTTP/1.1" 200 5162
180.169.147.146 - - [13/Dec/2021:11:26:52 +0800] "GET /xingrg/all/function/internal_message.html?_=1639366012591&CODE_STATE=getMsg HTTP/1.1" 200 27
222.70.176.97 - - [13/Dec/2021:11:26:53 +0800] "GET /xingrg/all/function/internal_message.html?_=1639366012347&CODE_STATE=getMsg HTTP/1.1" 200 27
222.70.176.97 - - [13/Dec/2021:11:26:56 +0800] "POST /xingrg/all/user/operate.html HTTP/1.1" 200 36
222.70.176.97 - - [13/Dec/2021:11:26:56 +0800] "GET /xingrg/index.html?sysBaseUrl=http%3A%2F%2F180.169.147.146%3A18081%2Fxingrg%2F&costTime=45×tamp=1639365952673 HTTP/1.1" 200 17413
222.70.176.97 - - [13/Dec/2021:11:26:56 +0800] "GET /xingrg/javascript/jquery_easy_ui/themes/default/easyui.css HTTP/1.1" 304 -
222.70.176.97 - - [13/Dec/2021:11:26:56 +0800] "GET /xingrg/javascript/jquery_easy_ui/themes/icon.css HTTP/1.1" 304 -
222.70.176.97 - - [13/Dec/2021:11:26:56 +0800] "GET /xingrg/css/form.css HTTP/1.1" 304 -
222.70.176.97 - - [13/Dec/2021:11:26:56 +0800] "GET /xingrg/javascript/jquery.form.js HTTP/1.1" 304 -
222.70.176.97 - - [13/Dec/2021:11:26:56 +0800] "GET /xingrg/javascript/jquery-1.4.2.min.js HTTP/1.1" 304 -
222.70.176.97 - - [13/Dec/2021:11:26:56 +0800] "GET /xingrg/javascript/jquery_easy_ui/jquery.easyui.min.js HTTP/1.1" 304 -
222.70.176.97 - - [13/Dec/2021:11:26:56 +0800] "GET /xingrg/javascript/jquery_easy_ui/easyui-lang-zh_CN.js HTTP/1.1" 304 -
222.70.176.97 - - [13/Dec/2021:11:26:56 +0800] "GET /xingrg/javascript/jquery.utils.js HTTP/1.1" 304 -
222.70.176.97 - - [13/Dec/2021:11:26:56 +0800] "GET /xingrg/javascript/jquery.timers.js HTTP/1.1" 304 -
222.70.176.97 - - [13/Dec/2021:11:26:56 +0800] "GET /xingrg/images/blue/jxLogo.png HTTP/1.1" 304 -
222.70.176.97 - - [13/Dec/2021:11:26:56 +0800] "GET /xingrg/javascript/jquery_easy_ui/themes/icons/settle_new.png HTTP/1.1" 304 -
222.70.176.97 - - [13/Dec/2021:11:26:56 +0800] "GET /xingrg/images/blue/navBackgound.jpg HTTP/1.1" 304 -
222.70.176.97 - - [13/Dec/2021:11:26:56 +0800] "POST /xingrg/all/common/load_tree.html?tree=area_rest_tree_json&manage=1 HTTP/1.1" 200 470
222.70.176.97 - - [13/Dec/2021:11:26:56 +0800] "GET /xingrg/all/function/internal_message.html?_=1639366015747&CODE_STATE=count HTTP/1.1" 200 11
222.70.176.97 - - [13/Dec/2021:11:26:56 +0800] "GET /xingrg/check_reg.html?_=1639366015749 HTTP/1.1" 200 22
222.70.176.97 - - [13/Dec/2021:11:26:56 +0800] "GET /xingrg/javascript/jquery_easy_ui/themes/default/images/panel_tool_expand.gif HTTP/1.1" 304 -
222.70.176.97 - - [13/Dec/2021:11:26:56 +0800] "GET /xingrg/javascript/jquery_easy_ui/themes/default/images/panel_tool_collapse.gif HTTP/1.1" 304 -
222.70.176.97 - - [13/Dec/2021:11:26:56 +0800] "GET /xingrg/javascript/jquery_easy_ui/themes/default/images/tabs_rightarrow.png HTTP/1.1" 304 -
222.70.176.97 - - [13/Dec/2021:11:26:56 +0800] "GET /xingrg/javascript/jquery_easy_ui/themes/default/images/tabs_leftarrow.png HTTP/1.1" 304 -
222.70.176.97 - - [13/Dec/2021:11:26:56 +0800] "GET /xingrg/images/blue/pingpu.png HTTP/1.1" 304 -
222.70.176.97 - - [13/Dec/2021:11:26:56 +0800] "POST /xingrg/load_menu.html HTTP/1.1" 200 9959
222.70.176.97 - - [13/Dec/2021:11:26:57 +0800] "GET /xingrg/javascript/jquery_easy_ui/themes/icons/systemset_new.png HTTP/1.1" 304 -
222.70.176.97 - - [13/Dec/2021:11:26:57 +0800] "GET /xingrg/javascript/jquery_easy_ui/themes/icons/setting_new.png HTTP/1.1" 304 -
222.70.176.97 - - [13/Dec/2021:11:26:57 +0800] "GET /xingrg/javascript/jquery_easy_ui/themes/default/images/tree_file.gif HTTP/1.1" 304 -
222.70.176.97 - - [13/Dec/2021:11:26:57 +0800] "GET /xingrg/javascript/jquery_easy_ui/themes/icons/search_new.png HTTP/1.1" 304 -
222.70.176.97 - - [13/Dec/2021:11:26:57 +0800] "GET /xingrg/javascript/jquery_easy_ui/themes/icons/storage_new.png HTTP/1.1" 304 -
222.70.176.97 - - [13/Dec/2021:11:26:57 +0800] "GET /xingrg/javascript/jquery_easy_ui/themes/icons/forms_new.png HTTP/1.1" 304 -
222.70.176.97 - - [13/Dec/2021:11:26:57 +0800] "GET /xingrg/javascript/jquery_easy_ui/themes/default/images/tree_folder.gif HTTP/1.1" 304 -
222.70.176.97 - - [13/Dec/2021:11:26:57 +0800] "GET /xingrg/javascript/jquery_easy_ui/themes/icons/checkout_new.png HTTP/1.1" 304 -
222.70.176.97 - - [13/Dec/2021:11:26:57 +0800] "GET /xingrg/javascript/jquery_easy_ui/themes/default/images/tree_arrows.gif HTTP/1.1" 304 -
222.70.176.97 - - [13/Dec/2021:11:26:57 +0800] "GET /xingrg/javascript/jquery_easy_ui/themes/default/images/tree_folder_open.gif HTTP/1.1" 304 -
222.70.176.97 - - [13/Dec/2021:11:26:58 +0800] "GET /xingrg/kc/report/report_main.html HTTP/1.1" 200 7340
180.162.110.111 - - [13/Dec/2021:11:26:59 +0800] "GET /xingrg/check_reg.html?_=1639365467972 HTTP/1.1" 200 22
180.162.110.111 - - [13/Dec/2021:11:26:59 +0800] "GET /xingrg/all/function/internal_message.html?_=1639365467976&CODE_STATE=getMsg HTTP/1.1" 200 27
116.238.248.233 - - [13/Dec/2021:11:26:59 +0800] "GET /xingrg/all/function/internal_message.html?_=1639366018230&CODE_STATE=getMsg HTTP/1.1" 200 27
222.70.176.97 - - [13/Dec/2021:11:26:59 +0800] "GET /xingrg/all/report/report_query.html?fileName=kc/buy/gys_amount.xml&rh=99999 HTTP/1.1" 200 52006
222.70.176.97 - - [13/Dec/2021:11:26:59 +0800] "GET /xingrg/dwr/interface/AjaxReportQueryService.js HTTP/1.1" 200 13203
222.70.176.97 - - [13/Dec/2021:11:26:59 +0800] "GET /xingrg/dwr/engine.js HTTP/1.1" 200 43631
222.70.176.97 - - [13/Dec/2021:11:26:59 +0800] "POST /xingrg/dwr/call/plaincall/AjaxReportQueryService.getFixDate.dwr HTTP/1.1" 200 111
222.70.176.97 - - [13/Dec/2021:11:27:00 +0800] "POST /xingrg/all/common/load_tree.html?tree=supplier_tree_json&manage=1 HTTP/1.1" 200 62379
114.83.219.237 - - [13/Dec/2021:11:27:00 +0800] "GET /xingrg/all/function/internal_message.html?_=1639366018023&CODE_STATE=getMsg HTTP/1.1" 200 27
222.70.176.97 - - [13/Dec/2021:11:27:01 +0800] "POST /xingrg/all/common/load_tree.html?tree=materiel_sort_tree_json HTTP/1.1" 200 9388
222.70.176.97 - - [13/Dec/2021:11:27:01 +0800] "POST /xingrg/dwr/call/plaincall/AjaxReportQueryService.getInitString.dwr HTTP/1.1" 200 975
222.70.176.97 - - [13/Dec/2021:11:27:01 +0800] "GET /xingrg/all/function/internal_message.html?_=1639366016896&CODE_STATE=getMsg HTTP/1.1" 200 27
180.169.147.146 - - [13/Dec/2021:11:27:02 +0800] "GET /xingrg/all/function/internal_message.html?_=1639366021166&CODE_STATE=getMsg HTTP/1.1" 200 27
124.77.240.52 - - [13/Dec/2021:11:27:04 +0800] "GET /xingrg/kc/buy/cgsh_order_operate.html?command=get_materiel&rest_code=00146&code=00101007109&supplier_code=00100033&order_time=2021-12-13 HTTP/1.1" 200 408
172.20.0.100 - - [13/Dec/2021:11:27:07 +0800] "GET /xingrg/all/function/internal_message.html?_=1639366027178&CODE_STATE=getMsg HTTP/1.1" 200 27
222.70.176.97 - - [13/Dec/2021:11:27:08 +0800] "GET /xingrg/kc/base/wldb_order_info.html?code=422021121301364 HTTP/1.1" 200 26147
222.70.176.97 - - [13/Dec/2021:11:27:09 +0800] "GET /xingrg/javascript/easyui/themes/default/validatebox.css HTTP/1.1" 404 1104
222.70.176.97 - - [13/Dec/2021:11:27:09 +0800] "POST /xingrg/kc/base/wldb_order_operate.html HTTP/1.1" 200 3390
116.227.210.113 - - [13/Dec/2021:11:27:13 +0800] "GET /xingrg/all/function/internal_message.html?_=1639366028967&CODE_STATE=getMsg HTTP/1.1" 200 27
61.172.28.229 - - [13/Dec/2021:11:27:15 +0800] "GET /xingrg/all/function/internal_message.html?_=1639365971342&CODE_STATE=getMsg HTTP/1.1" 200 27
222.70.176.97 - - [13/Dec/2021:11:27:16 +0800] "GET /xingrg/all/function/internal_message.html?_=1639365699589&CODE_STATE=getMsg HTTP/1.1" 302 -
124.77.240.52 - - [13/Dec/2021:11:27:16 +0800] "GET /xingrg/kc/buy/cgsh_order_operate.html?command=get_materiel&rest_code=00146&code=00101012026&supplier_code=00100033&order_time=2021-12-13 HTTP/1.1" 200 408
222.70.176.97 - - [13/Dec/2021:11:27:18 +0800] "POST /xingrg/dwr/call/plaincall/AjaxReportQueryService.refreshCache.dwr HTTP/1.1" 200 78
222.70.176.97 - - [13/Dec/2021:11:27:18 +0800] "GET /xingrg/kc/base/wldb_order_add.html HTTP/1.1" 200 30270
222.70.176.97 - - [13/Dec/2021:11:27:19 +0800] "POST /xingrg/all/report/load_report_page.html HTTP/1.1" 200 8956
222.70.176.97 - - [13/Dec/2021:11:27:19 +0800] "GET /xingrg/servlets/image?cache=0.7079191369792226&image=px HTTP/1.1" 200 807
172.20.0.100 - - [13/Dec/2021:11:27:19 +0800] "GET /xingrg/all/function/internal_message.html?_=1639366038774&CODE_STATE=getMsg HTTP/1.1" 200 27
