61.172.28.229 - - [13/Dec/2021:11:07:15 +0800] "GET /xingrg/all/function/internal_message.html?_=1639364771519&CODE_STATE=getMsg HTTP/1.1" 200 27
61.151.178.249 - - [13/Dec/2021:11:07:15 +0800] "GET /xingrg/login.html HTTP/1.1" 200 7641
222.70.176.97 - - [13/Dec/2021:11:07:16 +0800] "GET /xingrg/all/function/internal_message.html?_=1639364499589&CODE_STATE=getMsg HTTP/1.1" 302 -
172.20.0.100 - - [13/Dec/2021:11:07:19 +0800] "GET /xingrg/all/function/internal_message.html?_=1639364838776&CODE_STATE=getMsg HTTP/1.1" 200 27
61.151.207.141 - - [13/Dec/2021:11:07:22 +0800] "GET /xingrg/login.html HTTP/1.1" 200 7641
180.169.147.146 - - [13/Dec/2021:11:07:24 +0800] "GET /xingrg/all/function/internal_message.html?_=1639364846812&CODE_STATE=getMsg HTTP/1.1" 200 27
124.78.153.86 - - [13/Dec/2021:11:07:24 +0800] "GET /xingrg/all/function/internal_message.html?_=1639364842997&CODE_STATE=getMsg HTTP/1.1" 200 27
61.172.28.229 - - [13/Dec/2021:11:07:34 +0800] "GET /xingrg/all/function/internal_message.html?_=1639364855183&CODE_STATE=getMsg HTTP/1.1" 200 27
61.172.28.229 - - [13/Dec/2021:11:07:35 +0800] "GET /xingrg/all/function/internal_message.html?_=1639364855791&CODE_STATE=getMsg HTTP/1.1" 200 27
116.238.208.177 - - [13/Dec/2021:11:07:36 +0800] "GET /xingrg/all/function/internal_message.html?_=1639364857607&CODE_STATE=getMsg HTTP/1.1" 200 27
61.151.178.217 - - [13/Dec/2021:11:07:37 +0800] "GET /xingrg/all/function/internal_message.html?_=1639360824445&CODE_STATE=getMsg HTTP/1.1" 302 -
116.233.76.72 - - [13/Dec/2021:11:07:37 +0800] "GET /xingrg/all/function/internal_message.html?_=1639364857475&CODE_STATE=getMsg HTTP/1.1" 200 27
180.162.110.111 - - [13/Dec/2021:11:07:38 +0800] "GET /xingrg/kc/buy/cgsh_order_operate.html?command=get_materiel&rest_code=00143&code=00101009010&supplier_code=00100207&order_time=2021-12-13 HTTP/1.1" 200 412
172.20.0.100 - - [13/Dec/2021:11:07:45 +0800] "GET /xingrg/all/function/internal_message.html?_=1639364865453&CODE_STATE=getMsg HTTP/1.1" 200 27
61.151.178.217 - - [13/Dec/2021:11:07:45 +0800] "GET /xingrg/login.html HTTP/1.1" 200 7641
120.253.135.82 - - [13/Dec/2021:11:07:46 +0800] "GET /xingrg/check_reg.html?_=1639364644383 HTTP/1.1" 200 22
101.85.120.86 - - [13/Dec/2021:11:07:46 +0800] "GET /xingrg/all/function/internal_message.html?_=1639364865737&CODE_STATE=getMsg HTTP/1.1" 200 27
124.77.240.52 - - [13/Dec/2021:11:07:48 +0800] "GET /xingrg/all/function/internal_message.html?_=1639364869366&CODE_STATE=getMsg HTTP/1.1" 200 27
222.70.176.97 - - [13/Dec/2021:11:07:52 +0800] "GET /xingrg/kc/base/wldb_order_operate.html?command=get_materiel&rest_code=00111&base_code=0010283&code=00101019275 HTTP/1.1" 200 483
124.77.240.52 - - [13/Dec/2021:11:07:53 +0800] "GET /xingrg/check_reg.html?_=1639364873947 HTTP/1.1" 200 22
222.70.176.97 - - [13/Dec/2021:11:07:57 +0800] "GET /xingrg/all/function/internal_message.html?_=1639364877156&CODE_STATE=getMsg HTTP/1.1" 200 27
180.162.110.111 - - [13/Dec/2021:11:07:59 +0800] "GET /xingrg/all/function/internal_message.html?_=1639364327920&CODE_STATE=getMsg HTTP/1.1" 200 27
116.238.248.233 - - [13/Dec/2021:11:07:59 +0800] "GET /xingrg/all/function/internal_message.html?_=1639364878147&CODE_STATE=getMsg HTTP/1.1" 200 27
114.83.219.237 - - [13/Dec/2021:11:08:00 +0800] "GET /xingrg/all/function/internal_message.html?_=1639364878379&CODE_STATE=getMsg HTTP/1.1" 200 27
180.169.147.146 - - [13/Dec/2021:11:08:02 +0800] "GET /xingrg/all/function/internal_message.html?_=1639364881159&CODE_STATE=getMsg HTTP/1.1" 200 27
124.78.153.86 - - [13/Dec/2021:11:08:05 +0800] "GET /xingrg/all/function/internal_message.html?_=1639364884818&CODE_STATE=getMsg HTTP/1.1" 200 27
172.20.0.100 - - [13/Dec/2021:11:08:07 +0800] "GET /xingrg/all/function/internal_message.html?_=1639364887185&CODE_STATE=getMsg HTTP/1.1" 200 27
222.70.176.97 - - [13/Dec/2021:11:08:09 +0800] "GET /xingrg/kc/base/wldb_order_operate.html?command=get_materiel&rest_code=00111&base_code=0010283&code=00101019306 HTTP/1.1" 200 463
116.227.210.113 - - [13/Dec/2021:11:08:14 +0800] "GET /xingrg/all/function/internal_message.html?_=1639364889205&CODE_STATE=getMsg HTTP/1.1" 200 27
61.172.28.229 - - [13/Dec/2021:11:08:15 +0800] "GET /xingrg/all/function/internal_message.html?_=1639364831519&CODE_STATE=getMsg HTTP/1.1" 200 27
222.70.176.97 - - [13/Dec/2021:11:08:16 +0800] "GET /xingrg/all/function/internal_message.html?_=1639364559589&CODE_STATE=getMsg HTTP/1.1" 302 -
222.70.176.97 - - [13/Dec/2021:11:08:16 +0800] "GET /xingrg/check_reg.html?_=1639364559590 HTTP/1.1" 302 -
61.151.178.249 - - [13/Dec/2021:11:08:17 +0800] "GET /xingrg/all/function/internal_message.html?_=1639361064363&CODE_STATE=getMsg HTTP/1.1" 302 -
172.20.0.100 - - [13/Dec/2021:11:08:19 +0800] "GET /xingrg/all/function/internal_message.html?_=1639364898779&CODE_STATE=getMsg HTTP/1.1" 200 27
222.70.176.97 - - [13/Dec/2021:11:08:21 +0800] "GET /xingrg/kc/base/wldb_order_operate.html?command=get_materiel&rest_code=00111&base_code=0010283&code=00101019505 HTTP/1.1" 200 478
58.35.215.188 - - [13/Dec/2021:11:08:23 +0800] "POST /xingrg/services/DataTransmitService HTTP/1.1" 200 524
58.35.215.188 - - [13/Dec/2021:11:08:24 +0800] "POST /xingrg/services/DataTransmitService HTTP/1.1" 200 1971
180.169.147.146 - - [13/Dec/2021:11:08:24 +0800] "GET /xingrg/all/function/internal_message.html?_=1639364906814&CODE_STATE=getMsg HTTP/1.1" 200 27
124.78.153.86 - - [13/Dec/2021:11:08:24 +0800] "GET /xingrg/all/function/internal_message.html?_=1639364902980&CODE_STATE=getMsg HTTP/1.1" 200 27
120.253.135.82 - - [13/Dec/2021:11:08:28 +0800] "GET /xingrg/kc/pszx/mdqp_order_list.html?state=10 HTTP/1.1" 200 10217
120.253.135.82 - - [13/Dec/2021:11:08:28 +0800] "GET /xingrg/dwr/interface/AjaxReportQueryService.js HTTP/1.1" 200 13203
120.253.135.82 - - [13/Dec/2021:11:08:28 +0800] "GET /xingrg/dwr/interface/AjaxQqpsService.js HTTP/1.1" 200 16326
120.253.135.82 - - [13/Dec/2021:11:08:28 +0800] "GET /xingrg/dwr/engine.js HTTP/1.1" 200 43631
222.70.176.97 - - [13/Dec/2021:11:08:30 +0800] "GET /xingrg/kc/base/wldb_order_operate.html?command=get_materiel&rest_code=00111&base_code=0010283&code=00101019369 HTTP/1.1" 200 464
61.151.178.249 - - [13/Dec/2021:11:08:30 +0800] "GET /xingrg/login.html HTTP/1.1" 200 7641
61.172.28.229 - - [13/Dec/2021:11:08:34 +0800] "GET /xingrg/all/function/internal_message.html?_=1639364915182&CODE_STATE=getMsg HTTP/1.1" 200 27
180.169.147.146 - - [13/Dec/2021:11:08:34 +0800] "GET /xingrg/system/info/materiel_manager.html HTTP/1.1" 200 19497
180.169.147.146 - - [13/Dec/2021:11:08:34 +0800] "GET /xingrg/css/xtree.css HTTP/1.1" 200 880
180.169.147.146 - - [13/Dec/2021:11:08:34 +0800] "GET /xingrg/javascript/jquery_ui/themes/base/base.css HTTP/1.1" 200 28568
180.169.147.146 - - [13/Dec/2021:11:08:34 +0800] "GET /xingrg/dwr/interface/AjaxBaseInfoService.js HTTP/1.1" 200 21363
180.169.147.146 - - [13/Dec/2021:11:08:34 +0800] "GET /xingrg/dwr/interface/AjaxComOrderService.js HTTP/1.1" 200 18264
180.169.147.146 - - [13/Dec/2021:11:08:34 +0800] "GET /xingrg/javascript/Grid.js HTTP/1.1" 200 58908
180.169.147.146 - - [13/Dec/2021:11:08:34 +0800] "GET /xingrg/dwr/engine.js HTTP/1.1" 200 43631
180.169.147.146 - - [13/Dec/2021:11:08:34 +0800] "GET /xingrg/dwr/util.js HTTP/1.1" 200 35990
180.169.147.146 - - [13/Dec/2021:11:08:34 +0800] "GET /xingrg/javascript/xtree.js HTTP/1.1" 200 26582
180.169.147.146 - - [13/Dec/2021:11:08:35 +0800] "GET /xingrg/javascript/ToolTips.js HTTP/1.1" 200 5615
180.169.147.146 - - [13/Dec/2021:11:08:35 +0800] "GET /xingrg/images/xtree/openfoldericon.png HTTP/1.1" 200 232
180.169.147.146 - - [13/Dec/2021:11:08:35 +0800] "GET /xingrg/javascript/jquery_easy_ui/themes/icons/print_new.png HTTP/1.1" 200 3580
180.169.147.146 - - [13/Dec/2021:11:08:35 +0800] "GET /xingrg/javascript/jquery_easy_ui/themes/icons/import_new.png HTTP/1.1" 200 1247
180.169.147.146 - - [13/Dec/2021:11:08:35 +0800] "GET /xingrg/images/blue/wait.gif HTTP/1.1" 200 1100
180.169.147.146 - - [13/Dec/2021:11:08:35 +0800] "POST /xingrg/dwr/call/plaincall/AjaxBaseInfoService.getSubMaterielSorts.dwr HTTP/1.1" 200 219
180.169.147.146 - - [13/Dec/2021:11:08:35 +0800] "GET /xingrg/images/xtree/foldericon.png HTTP/1.1" 200 229
180.169.147.146 - - [13/Dec/2021:11:08:35 +0800] "GET /xingrg/images/xtree/Tplus.png HTTP/1.1" 200 222
180.169.147.146 - - [13/Dec/2021:11:08:35 +0800] "GET /xingrg/images/xtree/Lplus.png HTTP/1.1" 200 224
116.238.208.177 - - [13/Dec/2021:11:08:35 +0800] "GET /xingrg/check_reg.html?_=1639364916257 HTTP/1.1" 200 22
61.172.28.229 - - [13/Dec/2021:11:08:35 +0800] "GET /xingrg/all/function/internal_message.html?_=1639364915791&CODE_STATE=getMsg HTTP/1.1" 200 27
101.91.60.11 - - [13/Dec/2021:11:08:35 +0800] "GET /xingrg/all/function/internal_message.html?_=1639361424215&CODE_STATE=getMsg HTTP/1.1" 302 -
180.169.147.146 - - [13/Dec/2021:11:08:35 +0800] "POST /xingrg/dwr/call/plaincall/AjaxBaseInfoService.getMateriels.dwr HTTP/1.1" 200 2929
180.169.147.146 - - [13/Dec/2021:11:08:36 +0800] "POST /xingrg/dwr/call/plaincall/AjaxBaseInfoService.getSubMaterielSorts.dwr HTTP/1.1" 200 3953
180.169.147.146 - - [13/Dec/2021:11:08:36 +0800] "GET /xingrg/images/xtree/I.png HTTP/1.1" 200 148
180.169.147.146 - - [13/Dec/2021:11:08:36 +0800] "GET /xingrg/images/xtree/file.png HTTP/1.1" 200 251
180.169.147.146 - - [13/Dec/2021:11:08:36 +0800] "GET /xingrg/images/xtree/T.png HTTP/1.1" 200 152
180.169.147.146 - - [13/Dec/2021:11:08:36 +0800] "GET /xingrg/images/xtree/L.png HTTP/1.1" 200 153
180.169.147.146 - - [13/Dec/2021:11:08:36 +0800] "GET /xingrg/images/xtree/Tminus.png HTTP/1.1" 200 207
180.169.147.146 - - [13/Dec/2021:11:08:36 +0800] "POST /xingrg/dwr/call/plaincall/AjaxBaseInfoService.getMateriels.dwr HTTP/1.1" 200 2928
116.238.208.177 - - [13/Dec/2021:11:08:36 +0800] "GET /xingrg/all/function/internal_message.html?_=1639364917619&CODE_STATE=getMsg HTTP/1.1" 200 27
120.253.135.82 - - [13/Dec/2021:11:08:37 +0800] "GET /xingrg/kc/pszx/mdth_order_list.html HTTP/1.1" 200 18349
120.253.135.82 - - [13/Dec/2021:11:08:37 +0800] "POST /xingrg/kc/pszx/mdth_order_new_list.html HTTP/1.1" 200 4656
116.233.76.72 - - [13/Dec/2021:11:08:37 +0800] "GET /xingrg/all/function/internal_message.html?_=1639364917475&CODE_STATE=getMsg HTTP/1.1" 200 27
222.70.176.97 - - [13/Dec/2021:11:08:40 +0800] "GET /xingrg/kc/base/wldb_order_operate.html?command=get_materiel&rest_code=00111&base_code=0010283&code=00101019015 HTTP/1.1" 200 436
120.253.135.82 - - [13/Dec/2021:11:08:40 +0800] "GET /xingrg/kc/report/report_main.html HTTP/1.1" 200 8599
180.169.147.146 - - [13/Dec/2021:11:08:41 +0800] "POST /xingrg/dwr/call/plaincall/AjaxBaseInfoService.searchMateriels.dwr HTTP/1.1" 200 2751
120.253.135.82 - - [13/Dec/2021:11:08:43 +0800] "GET /xingrg/kc/base/kc_stocks.html HTTP/1.1" 200 16437
120.253.135.82 - - [13/Dec/2021:11:08:43 +0800] "GET /xingrg/javascript/easyui/themes/default/tree.css HTTP/1.1" 404 1090
120.253.135.82 - - [13/Dec/2021:11:08:43 +0800] "POST /xingrg/all/common/load_tree.html?tree=materiel_sort_tree_json HTTP/1.1" 200 9388
180.169.147.146 - - [13/Dec/2021:11:08:44 +0800] "POST /xingrg/dwr/call/plaincall/AjaxBaseInfoService.searchMateriels.dwr HTTP/1.1" 200 2850
120.253.135.82 - - [13/Dec/2021:11:08:44 +0800] "POST /xingrg/all/common/load_combo.html?type=base HTTP/1.1" 200 1075
180.169.147.146 - - [13/Dec/2021:11:08:45 +0800] "GET /xingrg/index.html?sysBaseUrl=http%3A%2F%2F180.169.147.146%3A18081%2Fxingrg%2F&costTime=46×tamp=1638346643259 HTTP/1.1" 302 -
180.169.147.146 - - [13/Dec/2021:11:08:45 +0800] "GET /xingrg/login.html HTTP/1.1" 200 7641
180.169.147.146 - - [13/Dec/2021:11:08:45 +0800] "GET /xingrg/images/blue/jxLogo.png HTTP/1.1" 200 6156
180.169.147.146 - - [13/Dec/2021:11:08:45 +0800] "GET /xingrg/images/blue/login_bg.png HTTP/1.1" 200 22101
180.169.147.146 - - [13/Dec/2021:11:08:45 +0800] "GET /xingrg/images/blue/hj.png HTTP/1.1" 200 1014
180.169.147.146 - - [13/Dec/2021:11:08:45 +0800] "GET /xingrg/images/blue/srbg.png HTTP/1.1" 200 138
180.169.147.146 - - [13/Dec/2021:11:08:45 +0800] "GET /favicon.ico HTTP/1.1" 404 -
172.20.0.100 - - [13/Dec/2021:11:08:45 +0800] "GET /xingrg/all/function/internal_message.html?_=1639364925442&CODE_STATE=getMsg HTTP/1.1" 200 27
222.70.176.97 - - [13/Dec/2021:11:08:46 +0800] "GET /xingrg/kc/base/wldb_order_operate.html?command=get_materiel&rest_code=00111&base_code=0010283&code=00101019438 HTTP/1.1" 200 445
101.85.120.86 - - [13/Dec/2021:11:08:46 +0800] "GET /xingrg/all/function/internal_message.html?_=1639364925736&CODE_STATE=getMsg HTTP/1.1" 200 27
101.91.60.11 - - [13/Dec/2021:11:08:47 +0800] "GET /xingrg/login.html HTTP/1.1" 200 7641
124.77.240.52 - - [13/Dec/2021:11:08:48 +0800] "GET /xingrg/all/function/internal_message.html?_=1639364929381&CODE_STATE=getMsg HTTP/1.1" 200 27
180.169.147.146 - - [13/Dec/2021:11:08:51 +0800] "POST /xingrg/dwr/call/plaincall/AjaxBaseInfoService.searchMateriels.dwr HTTP/1.1" 200 152
120.253.135.82 - - [13/Dec/2021:11:08:52 +0800] "POST /xingrg/kc/base/stock_operate.html HTTP/1.1" 200 1482
180.169.147.146 - - [13/Dec/2021:11:08:52 +0800] "POST /xingrg/login.do HTTP/1.1" 302 -
180.169.147.146 - - [13/Dec/2021:11:08:52 +0800] "GET /xingrg/index.html?sysBaseUrl=http%3A%2F%2F180.169.147.146%3A18081%2Fxingrg%2F&costTime=98×tamp=1639364932536 HTTP/1.1" 200 17503
180.169.147.146 - - [13/Dec/2021:11:08:52 +0800] "GET /xingrg/javascript/jquery_easy_ui/themes/default/easyui.css HTTP/1.1" 200 26500
180.169.147.146 - - [13/Dec/2021:11:08:52 +0800] "GET /xingrg/javascript/jquery_easy_ui/themes/icon.css HTTP/1.1" 200 3949
180.169.147.146 - - [13/Dec/2021:11:08:52 +0800] "GET /xingrg/css/form.css HTTP/1.1" 200 893
180.169.147.146 - - [13/Dec/2021:11:08:52 +0800] "GET /xingrg/javascript/jquery-1.4.2.min.js HTTP/1.1" 200 72205
180.169.147.146 - - [13/Dec/2021:11:08:52 +0800] "GET /xingrg/javascript/jquery_easy_ui/jquery.easyui.min.js HTTP/1.1" 200 213662
180.169.147.146 - - [13/Dec/2021:11:08:52 +0800] "GET /xingrg/javascript/jquery_easy_ui/easyui-lang-zh_CN.js HTTP/1.1" 200 1900
180.169.147.146 - - [13/Dec/2021:11:08:52 +0800] "GET /xingrg/javascript/jquery.form.js HTTP/1.1" 200 23110
180.169.147.146 - - [13/Dec/2021:11:08:52 +0800] "GET /xingrg/javascript/jquery.timers.js HTTP/1.1" 200 3532
180.169.147.146 - - [13/Dec/2021:11:08:52 +0800] "GET /xingrg/javascript/jquery.utils.js HTTP/1.1" 200 11805
180.169.147.146 - - [13/Dec/2021:11:08:52 +0800] "GET /favicon.ico HTTP/1.1" 404 -
180.169.147.146 - - [13/Dec/2021:11:08:52 +0800] "GET /xingrg/javascript/jquery_easy_ui/themes/icons/settle_new.png HTTP/1.1" 200 826
180.169.147.146 - - [13/Dec/2021:11:08:52 +0800] "GET /xingrg/images/blue/navBackgound.jpg HTTP/1.1" 200 12378
180.169.147.146 - - [13/Dec/2021:11:08:52 +0800] "POST /xingrg/all/common/load_tree.html?tree=area_rest_tree_json&manage=1 HTTP/1.1" 200 710
180.169.147.146 - - [13/Dec/2021:11:08:52 +0800] "GET /xingrg/check_reg.html?_=1639364932573 HTTP/1.1" 200 22
180.169.147.146 - - [13/Dec/2021:11:08:52 +0800] "GET /xingrg/images/blue/pingpu.png HTTP/1.1" 200 231
180.169.147.146 - - [13/Dec/2021:11:08:52 +0800] "GET /xingrg/all/function/internal_message.html?_=1639364932572&CODE_STATE=count HTTP/1.1" 200 11
180.169.147.146 - - [13/Dec/2021:11:08:52 +0800] "GET /xingrg/javascript/jquery_easy_ui/themes/default/images/tabs_leftarrow.png HTTP/1.1" 200 389
180.169.147.146 - - [13/Dec/2021:11:08:52 +0800] "GET /xingrg/javascript/jquery_easy_ui/themes/default/images/tabs_rightarrow.png HTTP/1.1" 200 395
180.169.147.146 - - [13/Dec/2021:11:08:52 +0800] "GET /xingrg/javascript/jquery_easy_ui/themes/default/images/panel_tool_expand.gif HTTP/1.1" 200 247
180.169.147.146 - - [13/Dec/2021:11:08:52 +0800] "GET /xingrg/javascript/jquery_easy_ui/themes/default/images/panel_tool_collapse.gif HTTP/1.1" 200 246
180.169.147.146 - - [13/Dec/2021:11:08:53 +0800] "POST /xingrg/load_menu.html HTTP/1.1" 200 11564
180.169.147.146 - - [13/Dec/2021:11:08:53 +0800] "GET /xingrg/javascript/jquery_easy_ui/themes/default/images/tree_arrows.gif HTTP/1.1" 200 1043
180.169.147.146 - - [13/Dec/2021:11:08:53 +0800] "GET /xingrg/javascript/jquery_easy_ui/themes/default/images/tree_folder_open.gif HTTP/1.1" 200 956
180.169.147.146 - - [13/Dec/2021:11:08:53 +0800] "GET /xingrg/javascript/jquery_easy_ui/themes/icons/search_new.png HTTP/1.1" 200 586
180.169.147.146 - - [13/Dec/2021:11:08:53 +0800] "GET /xingrg/javascript/jquery_easy_ui/themes/icons/delivery_new.png HTTP/1.1" 200 700
180.169.147.146 - - [13/Dec/2021:11:08:53 +0800] "GET /xingrg/javascript/jquery_easy_ui/themes/icons/checkout_new.png HTTP/1.1" 200 744
180.169.147.146 - - [13/Dec/2021:11:08:53 +0800] "GET /xingrg/javascript/jquery_easy_ui/themes/icons/storage_new.png HTTP/1.1" 200 853
180.169.147.146 - - [13/Dec/2021:11:08:53 +0800] "GET /xingrg/javascript/jquery_easy_ui/themes/icons/forms_new.png HTTP/1.1" 200 350
180.169.147.146 - - [13/Dec/2021:11:08:53 +0800] "GET /xingrg/javascript/jquery_easy_ui/themes/icons/systemset_new.png HTTP/1.1" 200 606
180.169.147.146 - - [13/Dec/2021:11:08:53 +0800] "GET /xingrg/javascript/jquery_easy_ui/themes/icons/setting_new.png HTTP/1.1" 200 450
180.169.147.146 - - [13/Dec/2021:11:08:53 +0800] "GET /xingrg/javascript/jquery_easy_ui/themes/default/images/tree_file.gif HTTP/1.1" 200 118
180.169.147.146 - - [13/Dec/2021:11:08:53 +0800] "GET /xingrg/javascript/jquery_easy_ui/themes/default/images/tree_folder.gif HTTP/1.1" 200 952
180.169.147.146 - - [13/Dec/2021:11:08:57 +0800] "GET /xingrg/javascript/jquery_easy_ui/themes/default/images/tabs_close.gif HTTP/1.1" 200 829
180.169.147.146 - - [13/Dec/2021:11:08:57 +0800] "GET /xingrg/kc/report/report_main.html HTTP/1.1" 200 8599
180.169.147.146 - - [13/Dec/2021:11:08:57 +0800] "GET /xingrg/css/blue.css HTTP/1.1" 200 15949
180.169.147.146 - - [13/Dec/2021:11:08:57 +0800] "GET /xingrg/javascript/jquery_ui/themes/humanity/humanity.css HTTP/1.1" 200 27801
180.169.147.146 - - [13/Dec/2021:11:08:57 +0800] "GET /xingrg/javascript/pic_change.js HTTP/1.1" 200 4739
180.169.147.146 - - [13/Dec/2021:11:08:57 +0800] "GET /xingrg/javascript/json2.js HTTP/1.1" 200 11259
180.169.147.146 - - [13/Dec/2021:11:08:57 +0800] "GET /xingrg/javascript/myfunction.js HTTP/1.1" 200 24559
180.169.147.146 - - [13/Dec/2021:11:08:57 +0800] "GET /xingrg/javascript/jquery_easy_ui/themes/icons/back_new.png HTTP/1.1" 200 3414
222.70.176.97 - - [13/Dec/2021:11:08:57 +0800] "GET /xingrg/all/function/internal_message.html?_=1639364937136&CODE_STATE=getMsg HTTP/1.1" 200 27
222.70.176.97 - - [13/Dec/2021:11:08:58 +0800] "GET /xingrg/kc/base/wldb_order_operate.html?command=get_materiel&rest_code=00111&base_code=0010283&code=00101019249 HTTP/1.1" 200 470
180.169.147.146 - - [13/Dec/2021:11:08:58 +0800] "GET /xingrg/all/report/report_query.html?fileName=kc/buy/gys_amount_base_rest.xml HTTP/1.1" 200 51664
180.169.147.146 - - [13/Dec/2021:11:08:58 +0800] "GET /xingrg/javascript/multi_select/jqueryMultiSelect.css HTTP/1.1" 200 951
180.169.147.146 - - [13/Dec/2021:11:08:58 +0800] "GET /xingrg/javascript/calendar/timePicker.css HTTP/1.1" 200 523
180.169.147.146 - - [13/Dec/2021:11:08:58 +0800] "GET /xingrg/javascript/bigrid/fix.css HTTP/1.1" 200 1702
180.169.147.146 - - [13/Dec/2021:11:08:58 +0800] "GET /xingrg/dwr/interface/AjaxReportQueryService.js HTTP/1.1" 200 13203
180.169.147.146 - - [13/Dec/2021:11:08:58 +0800] "GET /xingrg/dwr/engine.js HTTP/1.1" 200 43631
180.169.147.146 - - [13/Dec/2021:11:08:58 +0800] "GET /xingrg/dwr/util.js HTTP/1.1" 200 35990
180.169.147.146 - - [13/Dec/2021:11:08:58 +0800] "GET /xingrg/javascript/jqueryMultiSelect.js HTTP/1.1" 200 11866
180.169.147.146 - - [13/Dec/2021:11:08:58 +0800] "GET /xingrg/javascript/calendar/jquery.timePicker.min.js HTTP/1.1" 200 2997
180.169.147.146 - - [13/Dec/2021:11:08:58 +0800] "GET /xingrg/javascript/Calendar.js HTTP/1.1" 200 31561
180.169.147.146 - - [13/Dec/2021:11:08:58 +0800] "GET /xingrg/javascript/bigrid/fix.js HTTP/1.1" 200 6439
180.169.147.146 - - [13/Dec/2021:11:08:58 +0800] "GET /xingrg/images/control/loading.gif HTTP/1.1" 200 13463
180.169.147.146 - - [13/Dec/2021:11:08:58 +0800] "GET /xingrg/images/blue/button/advanceover.gif HTTP/1.1" 200 1347
180.169.147.146 - - [13/Dec/2021:11:08:58 +0800] "GET /xingrg/images/blue/button/back2over.gif HTTP/1.1" 200 1335
180.169.147.146 - - [13/Dec/2021:11:08:58 +0800] "GET /xingrg/images/blue/button/advance2over.gif HTTP/1.1" 200 1336
180.169.147.146 - - [13/Dec/2021:11:08:58 +0800] "GET /xingrg/images/blue/button/backover.gif HTTP/1.1" 200 1348
180.169.147.146 - - [13/Dec/2021:11:08:58 +0800] "GET /xingrg/javascript/jquery_easy_ui/themes/icons/help.png HTTP/1.1" 200 1187
180.169.147.146 - - [13/Dec/2021:11:08:58 +0800] "GET /xingrg/javascript/jquery_easy_ui/themes/default/images/menu_downarrow.png HTTP/1.1" 200 173
180.169.147.146 - - [13/Dec/2021:11:08:58 +0800] "GET /xingrg/javascript/jquery_easy_ui/themes/default/images/menu.gif HTTP/1.1" 200 834
180.169.147.146 - - [13/Dec/2021:11:08:58 +0800] "GET /xingrg/javascript/jquery_easy_ui/themes/default/images/button_a_bg.gif HTTP/1.1" 200 1194
180.169.147.146 - - [13/Dec/2021:11:08:58 +0800] "GET /xingrg/javascript/jquery_easy_ui/themes/icons/print.png HTTP/1.1" 200 1057
180.169.147.146 - - [13/Dec/2021:11:08:58 +0800] "GET /xingrg/javascript/jquery_easy_ui/themes/icons/pencil.png HTTP/1.1" 200 713
180.169.147.146 - - [13/Dec/2021:11:08:58 +0800] "GET /xingrg/javascript/jquery_easy_ui/themes/default/images/menu_rightarrow.png HTTP/1.1" 200 3617
180.169.147.146 - - [13/Dec/2021:11:08:58 +0800] "POST /xingrg/dwr/call/plaincall/AjaxReportQueryService.getFixDate.dwr HTTP/1.1" 200 111
180.169.147.146 - - [13/Dec/2021:11:08:58 +0800] "GET /xingrg/javascript/jquery_easy_ui/themes/default/images/combo_arrow_dot.gif HTTP/1.1" 200 79
180.169.147.146 - - [13/Dec/2021:11:08:58 +0800] "POST /xingrg/all/common/load_tree.html?tree=area_rest_tree_json&manage=1 HTTP/1.1" 200 710
180.169.147.146 - - [13/Dec/2021:11:08:58 +0800] "GET /xingrg/javascript/jquery_easy_ui/themes/default/images/tree_checkbox_0.gif HTTP/1.1" 200 168
180.169.147.146 - - [13/Dec/2021:11:08:58 +0800] "GET /xingrg/javascript/jquery_easy_ui/themes/icons/rest.png HTTP/1.1" 200 695
180.169.147.146 - - [13/Dec/2021:11:08:59 +0800] "POST /xingrg/all/common/load_tree.html?tree=supplier_tree_json&manage=1 HTTP/1.1" 200 62379
180.162.110.111 - - [13/Dec/2021:11:08:59 +0800] "GET /xingrg/all/function/internal_message.html?_=1639364387908&CODE_STATE=getMsg HTTP/1.1" 200 27
116.238.248.233 - - [13/Dec/2021:11:08:59 +0800] "GET /xingrg/check_reg.html?_=1639364938153 HTTP/1.1" 200 22
116.238.248.233 - - [13/Dec/2021:11:08:59 +0800] "GET /xingrg/all/function/internal_message.html?_=1639364938156&CODE_STATE=getMsg HTTP/1.1" 200 27
114.83.219.237 - - [13/Dec/2021:11:09:00 +0800] "GET /xingrg/all/function/internal_message.html?_=1639364938349&CODE_STATE=getMsg HTTP/1.1" 200 27
180.169.147.146 - - [13/Dec/2021:11:09:00 +0800] "GET /xingrg/javascript/jquery_easy_ui/themes/icons/area.png HTTP/1.1" 200 262
180.169.147.146 - - [13/Dec/2021:11:09:00 +0800] "GET /xingrg/javascript/jquery_easy_ui/themes/icons/manage.png HTTP/1.1" 200 696
180.169.147.146 - - [13/Dec/2021:11:09:01 +0800] "POST /xingrg/dwr/call/plaincall/AjaxReportQueryService.getFixDate.dwr HTTP/1.1" 200 111
114.85.125.222 - - [13/Dec/2021:11:09:02 +0800] "GET /xingrg/check_reg.html?_=1639364888785 HTTP/1.1" 302 -
180.169.147.146 - - [13/Dec/2021:11:09:02 +0800] "GET /xingrg/all/function/internal_message.html?_=1639364941157&CODE_STATE=getMsg HTTP/1.1" 200 27
124.78.153.86 - - [13/Dec/2021:11:09:05 +0800] "GET /xingrg/all/function/internal_message.html?_=1639364944818&CODE_STATE=getMsg HTTP/1.1" 200 27
172.20.0.100 - - [13/Dec/2021:11:09:07 +0800] "GET /xingrg/all/function/internal_message.html?_=1639364947186&CODE_STATE=getMsg HTTP/1.1" 200 27
180.169.147.146 - - [13/Dec/2021:11:09:08 +0800] "GET /xingrg/javascript/jquery_easy_ui/themes/default/images/button_plain_hover.png HTTP/1.1" 200 252
222.70.176.97 - - [13/Dec/2021:11:09:09 +0800] "GET /xingrg/kc/base/wldb_order_operate.html?command=get_materiel&rest_code=00111&base_code=0010283&code=00101019372 HTTP/1.1" 200 467
116.227.210.113 - - [13/Dec/2021:11:09:14 +0800] "GET /xingrg/all/function/internal_message.html?_=1639364949196&CODE_STATE=getMsg HTTP/1.1" 200 27
180.169.147.146 - - [13/Dec/2021:11:09:15 +0800] "GET /xingrg/javascript/jquery_easy_ui/themes/default/images/tree_checkbox_1.gif HTTP/1.1" 200 174
180.169.147.146 - - [13/Dec/2021:11:09:15 +0800] "GET /xingrg/javascript/jquery_easy_ui/themes/default/images/tree_checkbox_2.gif HTTP/1.1" 200 181
61.172.28.229 - - [13/Dec/2021:11:09:15 +0800] "GET /xingrg/all/function/internal_message.html?_=1639364891534&CODE_STATE=getMsg HTTP/1.1" 200 27
180.169.147.146 - - [13/Dec/2021:11:09:15 +0800] "POST /xingrg/dwr/call/plaincall/AjaxReportQueryService.refreshCache.dwr HTTP/1.1" 200 78
222.70.176.97 - - [13/Dec/2021:11:09:16 +0800] "GET /xingrg/all/function/internal_message.html?_=1639364619589&CODE_STATE=getMsg HTTP/1.1" 302 -
180.169.147.146 - - [13/Dec/2021:11:09:16 +0800] "POST /xingrg/all/report/load_report_page.html HTTP/1.1" 200 50353
180.169.147.146 - - [13/Dec/2021:11:09:16 +0800] "GET /xingrg/servlets/image?cache=0.4225318058545191&image=px HTTP/1.1" 200 807
114.83.219.237 - - [13/Dec/2021:11:09:17 +0800] "GET /xingrg/check_reg.html?_=1639364955585 HTTP/1.1" 200 22
172.20.0.100 - - [13/Dec/2021:11:09:19 +0800] "GET /xingrg/all/function/internal_message.html?_=1639364958783&CODE_STATE=getMsg HTTP/1.1" 200 27
120.253.135.82 - - [13/Dec/2021:11:09:19 +0800] "POST /xingrg/kc/base/stock_operate.html HTTP/1.1" 200 1493
222.70.176.97 - - [13/Dec/2021:11:09:23 +0800] "GET /xingrg/kc/base/wldb_order_operate.html?command=get_materiel&rest_code=00111&base_code=0010283&code=00101016120 HTTP/1.1" 200 442
180.169.147.146 - - [13/Dec/2021:11:09:24 +0800] "GET /xingrg/all/function/internal_message.html?_=1639364966799&CODE_STATE=getMsg HTTP/1.1" 200 27
124.78.153.86 - - [13/Dec/2021:11:09:24 +0800] "GET /xingrg/all/function/internal_message.html?_=1639364962961&CODE_STATE=getMsg HTTP/1.1" 200 27
124.78.153.86 - - [13/Dec/2021:11:09:24 +0800] "GET /xingrg/check_reg.html?_=1639364963041 HTTP/1.1" 200 22
222.70.176.97 - - [13/Dec/2021:11:09:31 +0800] "POST /xingrg/kc/base/wldb_order_operate.html HTTP/1.1" 200 37
61.172.28.229 - - [13/Dec/2021:11:09:34 +0800] "GET /xingrg/all/function/internal_message.html?_=1639364975183&CODE_STATE=getMsg HTTP/1.1" 200 27
61.172.28.229 - - [13/Dec/2021:11:09:35 +0800] "GET /xingrg/all/function/internal_message.html?_=1639364975792&CODE_STATE=getMsg HTTP/1.1" 200 27
116.238.208.177 - - [13/Dec/2021:11:09:36 +0800] "GET /xingrg/all/function/internal_message.html?_=1639364977634&CODE_STATE=getMsg HTTP/1.1" 200 27
222.70.176.97 - - [13/Dec/2021:11:09:38 +0800] "POST /xingrg/kc/base/wldb_order_operate.html HTTP/1.1" 200 12
222.70.176.97 - - [13/Dec/2021:11:09:38 +0800] "POST /xingrg/kc/base/wldb_order_operate.html HTTP/1.1" 200 8710
120.253.135.82 - - [13/Dec/2021:11:09:38 +0800] "GET /xingrg/kc/pszx/mdqp_order_list.html?state=10 HTTP/1.1" 200 10217
120.253.135.82 - - [13/Dec/2021:11:09:38 +0800] "GET /xingrg/dwr/interface/AjaxQqpsService.js HTTP/1.1" 200 16326
120.253.135.82 - - [13/Dec/2021:11:09:38 +0800] "GET /xingrg/dwr/engine.js HTTP/1.1" 200 43631
120.253.135.82 - - [13/Dec/2021:11:09:38 +0800] "GET /xingrg/dwr/interface/AjaxReportQueryService.js HTTP/1.1" 200 13203
116.233.76.72 - - [13/Dec/2021:11:09:42 +0800] "GET /xingrg/all/function/internal_message.html?_=1639364977475&CODE_STATE=getMsg HTTP/1.1" 200 27
172.20.0.100 - - [13/Dec/2021:11:09:45 +0800] "GET /xingrg/all/function/internal_message.html?_=1639364985446&CODE_STATE=getMsg HTTP/1.1" 200 27
120.253.135.82 - - [13/Dec/2021:11:09:46 +0800] "GET /xingrg/kc/pszx/mdth_order_list.html HTTP/1.1" 200 18349
180.169.147.146 - - [13/Dec/2021:11:09:46 +0800] "POST /xingrg/dwr/call/plaincall/AjaxBaseInfoService.getMateriels.dwr HTTP/1.1" 200 2910
120.253.135.82 - - [13/Dec/2021:11:09:46 +0800] "POST /xingrg/kc/pszx/mdth_order_new_list.html HTTP/1.1" 200 4656
101.85.120.86 - - [13/Dec/2021:11:09:46 +0800] "GET /xingrg/all/function/internal_message.html?_=1639364985736&CODE_STATE=getMsg HTTP/1.1" 200 27
180.169.147.146 - - [13/Dec/2021:11:09:46 +0800] "GET /xingrg/system/info/materiel_info.html?code=00101009&isAdd=1 HTTP/1.1" 200 35968
180.169.147.146 - - [13/Dec/2021:11:09:47 +0800] "GET /xingrg/dwr/interface/AjaxGetFirstChart.js HTTP/1.1" 200 631
180.169.147.146 - - [13/Dec/2021:11:09:47 +0800] "GET /xingrg/dwr/engine.js HTTP/1.1" 200 43631
180.169.147.146 - - [13/Dec/2021:11:09:47 +0800] "GET /xingrg/javascript/checkform.js HTTP/1.1" 200 18351
180.169.147.146 - - [13/Dec/2021:11:09:47 +0800] "GET /favicon.ico HTTP/1.1" 404 -
180.169.147.146 - - [13/Dec/2021:11:09:47 +0800] "POST /xingrg/all/common/load_tree.html?tree=area_rest_tree_json HTTP/1.1" 200 3472
180.169.147.146 - - [13/Dec/2021:11:09:47 +0800] "POST /xingrg/dwr/call/plaincall/AjaxBaseInfoService.getMaterielInfo.dwr HTTP/1.1" 200 210
180.169.147.146 - - [13/Dec/2021:11:09:47 +0800] "POST /xingrg/all/common/load_tree.html?tree=area_rest_tree_json&defaultRests=undefined HTTP/1.1" 200 3472
124.77.240.52 - - [13/Dec/2021:11:09:48 +0800] "GET /xingrg/all/function/internal_message.html?_=1639364989393&CODE_STATE=getMsg HTTP/1.1" 200 27
120.253.135.82 - - [13/Dec/2021:11:09:52 +0800] "GET /xingrg/kc/pszx/mdqp_order_list.html?state=10 HTTP/1.1" 200 10217
120.253.135.82 - - [13/Dec/2021:11:09:52 +0800] "GET /xingrg/dwr/interface/AjaxReportQueryService.js HTTP/1.1" 200 13203
120.253.135.82 - - [13/Dec/2021:11:09:52 +0800] "GET /xingrg/dwr/interface/AjaxQqpsService.js HTTP/1.1" 200 16326
120.253.135.82 - - [13/Dec/2021:11:09:52 +0800] "GET /xingrg/dwr/engine.js HTTP/1.1" 200 43631
180.169.147.146 - - [13/Dec/2021:11:09:52 +0800] "GET /xingrg/all/function/internal_message.html?_=1639364992600&CODE_STATE=getMsg HTTP/1.1" 200 27
180.169.147.146 - - [13/Dec/2021:11:09:56 +0800] "GET /xingrg/system/info/materiel_info.html?code=00101009&isAdd=1 HTTP/1.1" 200 35968
180.169.147.146 - - [13/Dec/2021:11:09:56 +0800] "GET /xingrg/dwr/engine.js HTTP/1.1" 200 43631
180.169.147.146 - - [13/Dec/2021:11:09:57 +0800] "GET /favicon.ico HTTP/1.1" 404 -
180.169.147.146 - - [13/Dec/2021:11:09:57 +0800] "POST /xingrg/all/common/load_tree.html?tree=area_rest_tree_json HTTP/1.1" 200 3472
180.169.147.146 - - [13/Dec/2021:11:09:57 +0800] "POST /xingrg/dwr/call/plaincall/AjaxBaseInfoService.getMaterielInfo.dwr HTTP/1.1" 200 210
180.169.147.146 - - [13/Dec/2021:11:09:57 +0800] "POST /xingrg/all/common/load_tree.html?tree=area_rest_tree_json&defaultRests=undefined HTTP/1.1" 200 3472
180.169.147.146 - - [13/Dec/2021:11:09:58 +0800] "POST /xingrg/dwr/call/plaincall/AjaxGetFirstChart.getFirstChart.dwr HTTP/1.1" 200 79
180.162.110.111 - - [13/Dec/2021:11:09:59 +0800] "GET /xingrg/all/function/internal_message.html?_=1639364447918&CODE_STATE=getMsg HTTP/1.1" 200 27
116.238.248.233 - - [13/Dec/2021:11:09:59 +0800] "GET /xingrg/all/function/internal_message.html?_=1639364998155&CODE_STATE=getMsg HTTP/1.1" 200 27
114.83.219.237 - - [13/Dec/2021:11:10:00 +0800] "GET /xingrg/all/function/internal_message.html?_=1639364998334&CODE_STATE=getMsg HTTP/1.1" 200 27
180.169.147.146 - - [13/Dec/2021:11:10:02 +0800] "GET /xingrg/check_reg.html?_=1639365001150 HTTP/1.1" 200 22
180.169.147.146 - - [13/Dec/2021:11:10:02 +0800] "GET /xingrg/all/function/internal_message.html?_=1639365001152&CODE_STATE=getMsg HTTP/1.1" 200 27
180.169.147.146 - - [13/Dec/2021:11:10:03 +0800] "POST /xingrg/dwr/call/plaincall/AjaxBaseInfoService.changeUnitGroup.dwr HTTP/1.1" 200 243
124.78.153.86 - - [13/Dec/2021:11:10:05 +0800] "GET /xingrg/all/function/internal_message.html?_=1639365004819&CODE_STATE=getMsg HTTP/1.1" 200 27
172.20.0.100 - - [13/Dec/2021:11:10:07 +0800] "GET /xingrg/all/function/internal_message.html?_=1639365007179&CODE_STATE=getMsg HTTP/1.1" 200 27
180.169.147.146 - - [13/Dec/2021:11:10:08 +0800] "POST /xingrg/dwr/call/plaincall/AjaxBaseInfoService.saveMateriel.dwr HTTP/1.1" 200 109
180.169.147.146 - - [13/Dec/2021:11:10:08 +0800] "POST /xingrg/dwr/call/plaincall/AjaxBaseInfoService.getMateriels.dwr HTTP/1.1" 200 2911
116.227.210.113 - - [13/Dec/2021:11:10:13 +0800] "GET /xingrg/check_reg.html?_=1639365008375 HTTP/1.1" 200 22
120.253.135.82 - - [13/Dec/2021:11:10:13 +0800] "GET /xingrg/kc/pszx/mdqp_order_list.html?state=10 HTTP/1.1" 200 10217
120.253.135.82 - - [13/Dec/2021:11:10:13 +0800] "GET /xingrg/dwr/interface/AjaxReportQueryService.js HTTP/1.1" 200 13203
120.253.135.82 - - [13/Dec/2021:11:10:13 +0800] "GET /xingrg/dwr/interface/AjaxQqpsService.js HTTP/1.1" 200 16326
120.253.135.82 - - [13/Dec/2021:11:10:13 +0800] "GET /xingrg/dwr/engine.js HTTP/1.1" 200 43631
116.227.210.113 - - [13/Dec/2021:11:10:14 +0800] "GET /xingrg/all/function/internal_message.html?_=1639365009179&CODE_STATE=getMsg HTTP/1.1" 200 27
61.172.28.229 - - [13/Dec/2021:11:10:15 +0800] "GET /xingrg/all/function/internal_message.html?_=1639364951527&CODE_STATE=getMsg HTTP/1.1" 200 27
222.70.176.97 - - [13/Dec/2021:11:10:16 +0800] "GET /xingrg/all/function/internal_message.html?_=1639364679589&CODE_STATE=getMsg HTTP/1.1" 302 -
61.151.207.205 - - [13/Dec/2021:11:10:16 +0800] "GET /xingrg/kc/print/load_data.html?order_code=212021121305216&kc_code=cgsh&condition= HTTP/1.1" 302 -
180.162.110.111 - - [13/Dec/2021:11:10:19 +0800] "GET /xingrg/kc/buy/cgsh_order_operate.html?command=get_materiel&rest_code=00143&code=00101005032&supplier_code=00100207&order_time=2021-12-13 HTTP/1.1" 200 409
172.20.0.100 - - [13/Dec/2021:11:10:19 +0800] "GET /xingrg/all/function/internal_message.html?_=1639365018787&CODE_STATE=getMsg HTTP/1.1" 200 27
124.77.240.52 - - [13/Dec/2021:11:10:21 +0800] "GET /xingrg/check_reg.html?_=1639365022147 HTTP/1.1" 302 -
61.151.207.205 - - [13/Dec/2021:11:10:24 +0800] "GET /xingrg/login.html HTTP/1.1" 200 7641
124.78.153.86 - - [13/Dec/2021:11:10:24 +0800] "GET /xingrg/all/function/internal_message.html?_=1639365022939&CODE_STATE=getMsg HTTP/1.1" 200 27
180.169.147.146 - - [13/Dec/2021:11:10:24 +0800] "GET /xingrg/all/function/internal_message.html?_=1639365026801&CODE_STATE=getMsg HTTP/1.1" 200 27
61.151.178.163 - - [13/Dec/2021:11:10:27 +0800] "GET /xingrg/kc/buy/cgsh_order_operate.html?command=get_materiel&rest_code=00106&code=00101015046&supplier_code=00100007&order_time=2021-12-13 HTTP/1.1" 302 -
61.172.28.229 - - [13/Dec/2021:11:10:34 +0800] "GET /xingrg/all/function/internal_message.html?_=1639365035184&CODE_STATE=getMsg HTTP/1.1" 200 27
61.172.28.229 - - [13/Dec/2021:11:10:35 +0800] "GET /xingrg/all/function/internal_message.html?_=1639365035791&CODE_STATE=getMsg HTTP/1.1" 200 27
180.169.147.146 - - [13/Dec/2021:11:10:36 +0800] "GET /xingrg/javascript/jquery_easy_ui/themes/default/images/button_plain_hover.png HTTP/1.1" 200 252
61.151.178.163 - - [13/Dec/2021:11:10:36 +0800] "GET /xingrg/login.html HTTP/1.1" 200 7641
180.162.110.111 - - [13/Dec/2021:11:10:36 +0800] "GET /xingrg/kc/buy/cgsh_order_operate.html?command=get_materiel&rest_code=00143&code=00101001053&supplier_code=00100207&order_time=2021-12-13 HTTP/1.1" 200 409
116.238.208.177 - - [13/Dec/2021:11:10:36 +0800] "GET /xingrg/all/function/internal_message.html?_=1639365037654&CODE_STATE=getMsg HTTP/1.1" 200 27
116.233.76.72 - - [13/Dec/2021:11:10:37 +0800] "GET /xingrg/all/function/internal_message.html?_=1639365037490&CODE_STATE=getMsg HTTP/1.1" 200 27
61.151.207.141 - - [13/Dec/2021:11:10:43 +0800] "GET /xingrg/check_reg.html?_=1639361062973 HTTP/1.1" 302 -
172.20.0.100 - - [13/Dec/2021:11:10:45 +0800] "GET /xingrg/all/function/internal_message.html?_=1639365045449&CODE_STATE=getMsg HTTP/1.1" 200 27
101.85.120.86 - - [13/Dec/2021:11:10:46 +0800] "GET /xingrg/all/function/internal_message.html?_=1639365045737&CODE_STATE=getMsg HTTP/1.1" 200 27
124.77.240.52 - - [13/Dec/2021:11:10:48 +0800] "GET /xingrg/all/function/internal_message.html?_=1639365049407&CODE_STATE=getMsg HTTP/1.1" 200 27
61.151.207.141 - - [13/Dec/2021:11:10:51 +0800] "GET /xingrg/login.html HTTP/1.1" 200 7641
180.169.147.146 - - [13/Dec/2021:11:10:52 +0800] "GET /xingrg/all/function/internal_message.html?_=1639365052586&CODE_STATE=getMsg HTTP/1.1" 200 27
180.162.110.111 - - [13/Dec/2021:11:10:59 +0800] "GET /xingrg/all/function/internal_message.html?_=1639364507920&CODE_STATE=getMsg HTTP/1.1" 200 27
116.238.248.233 - - [13/Dec/2021:11:10:59 +0800] "GET /xingrg/all/function/internal_message.html?_=1639365058164&CODE_STATE=getMsg HTTP/1.1" 200 27
114.83.219.237 - - [13/Dec/2021:11:11:00 +0800] "GET /xingrg/all/function/internal_message.html?_=1639365058321&CODE_STATE=getMsg HTTP/1.1" 200 27
180.169.147.146 - - [13/Dec/2021:11:11:02 +0800] "GET /xingrg/all/function/internal_message.html?_=1639365061155&CODE_STATE=getMsg HTTP/1.1" 200 27
124.78.153.86 - - [13/Dec/2021:11:11:05 +0800] "GET /xingrg/all/function/internal_message.html?_=1639365064818&CODE_STATE=getMsg HTTP/1.1" 200 27
172.20.0.100 - - [13/Dec/2021:11:11:07 +0800] "GET /xingrg/check_reg.html?_=1639365067193 HTTP/1.1" 200 22
172.20.0.100 - - [13/Dec/2021:11:11:07 +0800] "GET /xingrg/all/function/internal_message.html?_=1639365067195&CODE_STATE=getMsg HTTP/1.1" 200 27
180.162.110.111 - - [13/Dec/2021:11:11:08 +0800] "GET /xingrg/kc/buy/cgsh_order_operate.html?command=get_materiel&rest_code=00143&code=00101010161&supplier_code=00100207&order_time=2021-12-13 HTTP/1.1" 200 411
116.227.210.113 - - [13/Dec/2021:11:11:14 +0800] "GET /xingrg/all/function/internal_message.html?_=1639365069162&CODE_STATE=getMsg HTTP/1.1" 200 27
61.172.28.229 - - [13/Dec/2021:11:11:15 +0800] "GET /xingrg/all/function/internal_message.html?_=1639365011530&CODE_STATE=getMsg HTTP/1.1" 200 27
61.172.28.229 - - [13/Dec/2021:11:11:15 +0800] "GET /xingrg/check_reg.html?_=1639365011533 HTTP/1.1" 200 22
222.70.176.97 - - [13/Dec/2021:11:11:16 +0800] "GET /xingrg/all/function/internal_message.html?_=1639364739589&CODE_STATE=getMsg HTTP/1.1" 302 -
172.20.0.100 - - [13/Dec/2021:11:11:19 +0800] "GET /xingrg/all/function/internal_message.html?_=1639365078776&CODE_STATE=getMsg HTTP/1.1" 200 27
172.20.0.100 - - [13/Dec/2021:11:11:19 +0800] "GET /xingrg/check_reg.html?_=1639365078774 HTTP/1.1" 200 22
124.78.153.86 - - [13/Dec/2021:11:11:24 +0800] "GET /xingrg/all/function/internal_message.html?_=1639365082919&CODE_STATE=getMsg HTTP/1.1" 200 27
180.169.147.146 - - [13/Dec/2021:11:11:24 +0800] "GET /xingrg/all/function/internal_message.html?_=1639365086802&CODE_STATE=getMsg HTTP/1.1" 200 27
180.169.147.146 - - [13/Dec/2021:11:11:24 +0800] "GET /xingrg/check_reg.html?_=1639365086804 HTTP/1.1" 200 22
61.172.28.229 - - [13/Dec/2021:11:11:34 +0800] "GET /xingrg/check_reg.html?_=1639365095211 HTTP/1.1" 200 22
61.172.28.229 - - [13/Dec/2021:11:11:34 +0800] "GET /xingrg/all/function/internal_message.html?_=1639365095213&CODE_STATE=getMsg HTTP/1.1" 200 27
61.172.28.229 - - [13/Dec/2021:11:11:35 +0800] "GET /xingrg/all/function/internal_message.html?_=1639365095791&CODE_STATE=getMsg HTTP/1.1" 200 27
61.172.28.229 - - [13/Dec/2021:11:11:35 +0800] "GET /xingrg/check_reg.html?_=1639365095794 HTTP/1.1" 200 22
116.238.208.177 - - [13/Dec/2021:11:11:37 +0800] "GET /xingrg/all/function/internal_message.html?_=1639365098074&CODE_STATE=getMsg HTTP/1.1" 200 27
116.233.76.72 - - [13/Dec/2021:11:11:37 +0800] "GET /xingrg/all/function/internal_message.html?_=1639365097473&CODE_STATE=getMsg HTTP/1.1" 200 27
116.233.76.72 - - [13/Dec/2021:11:11:37 +0800] "GET /xingrg/check_reg.html?_=1639365097477 HTTP/1.1" 200 22
172.20.0.100 - - [13/Dec/2021:11:11:45 +0800] "GET /xingrg/all/function/internal_message.html?_=1639365105452&CODE_STATE=getMsg HTTP/1.1" 200 27
172.20.0.100 - - [13/Dec/2021:11:11:45 +0800] "GET /xingrg/check_reg.html?_=1639365105453 HTTP/1.1" 200 22
101.85.120.86 - - [13/Dec/2021:11:11:46 +0800] "GET /xingrg/check_reg.html?_=1639365105738 HTTP/1.1" 200 22
101.85.120.86 - - [13/Dec/2021:11:11:46 +0800] "GET /xingrg/all/function/internal_message.html?_=1639365105741&CODE_STATE=getMsg HTTP/1.1" 200 27
124.77.240.52 - - [13/Dec/2021:11:11:48 +0800] "GET /xingrg/all/function/internal_message.html?_=1639365109421&CODE_STATE=getMsg HTTP/1.1" 200 27
180.169.147.146 - - [13/Dec/2021:11:11:52 +0800] "GET /xingrg/all/function/internal_message.html?_=1639365112599&CODE_STATE=getMsg HTTP/1.1" 200 27
124.77.240.52 - - [13/Dec/2021:11:11:57 +0800] "POST /xingrg/kc/buy/cgsh_order_operate.html HTTP/1.1" 200 37
222.70.176.97 - - [13/Dec/2021:11:11:58 +0800] "GET /xingrg/all/function/internal_message.html?_=1639365117164&CODE_STATE=getMsg HTTP/1.1" 200 27
124.77.240.52 - - [13/Dec/2021:11:11:58 +0800] "POST /xingrg/kc/buy/cgsh_order_operate.html HTTP/1.1" 200 45809
180.162.110.111 - - [13/Dec/2021:11:11:59 +0800] "GET /xingrg/check_reg.html?_=1639364567950 HTTP/1.1" 200 22
180.162.110.111 - - [13/Dec/2021:11:11:59 +0800] "GET /xingrg/all/function/internal_message.html?_=1639364567952&CODE_STATE=getMsg HTTP/1.1" 200 27
116.238.248.233 - - [13/Dec/2021:11:11:59 +0800] "GET /xingrg/all/function/internal_message.html?_=1639365118167&CODE_STATE=getMsg HTTP/1.1" 200 27
114.83.219.237 - - [13/Dec/2021:11:12:00 +0800] "GET /xingrg/all/function/internal_message.html?_=1639365118295&CODE_STATE=getMsg HTTP/1.1" 200 27
180.169.147.146 - - [13/Dec/2021:11:12:02 +0800] "GET /xingrg/all/function/internal_message.html?_=1639365121146&CODE_STATE=getMsg HTTP/1.1" 200 27
124.77.240.52 - - [13/Dec/2021:11:12:03 +0800] "GET /xingrg/kc/print/load_data.html?order_code=212021121305202&kc_code=cgsh&condition= HTTP/1.1" 200 17012
124.78.153.86 - - [13/Dec/2021:11:12:05 +0800] "GET /xingrg/check_reg.html?_=1639365124847 HTTP/1.1" 200 22
124.78.153.86 - - [13/Dec/2021:11:12:05 +0800] "GET /xingrg/all/function/internal_message.html?_=1639365124849&CODE_STATE=getMsg HTTP/1.1" 200 27
222.70.176.97 - - [13/Dec/2021:11:12:06 +0800] "GET /xingrg/kc/base/wldb_order_add.html HTTP/1.1" 200 30270
222.70.176.97 - - [13/Dec/2021:11:12:07 +0800] "GET /xingrg/words/20211213111008_words.js HTTP/1.1" 200 878600
172.20.0.100 - - [13/Dec/2021:11:12:07 +0800] "GET /xingrg/all/function/internal_message.html?_=1639365127185&CODE_STATE=getMsg HTTP/1.1" 200 27
101.91.60.11 - - [13/Dec/2021:11:12:08 +0800] "GET /xingrg/all/function/internal_message.html?_=1639361724095&CODE_STATE=getMsg HTTP/1.1" 302 -
101.91.60.11 - - [13/Dec/2021:11:12:12 +0800] "GET /xingrg/login.html HTTP/1.1" 200 7641
116.227.210.113 - - [13/Dec/2021:11:12:14 +0800] "GET /xingrg/all/function/internal_message.html?_=1639365129159&CODE_STATE=getMsg HTTP/1.1" 200 27
222.70.176.97 - - [13/Dec/2021:11:12:15 +0800] "POST /xingrg/kc/base/wldb_order_operate.html HTTP/1.1" 200 6806
222.70.176.97 - - [13/Dec/2021:11:12:15 +0800] "GET /xingrg/javascript/easyui/themes/default/validatebox.css HTTP/1.1" 404 1104
61.172.28.229 - - [13/Dec/2021:11:12:15 +0800] "GET /xingrg/all/function/internal_message.html?_=1639365071519&CODE_STATE=getMsg HTTP/1.1" 200 27
222.70.176.97 - - [13/Dec/2021:11:12:16 +0800] "GET /xingrg/all/function/internal_message.html?_=1639364799589&CODE_STATE=getMsg HTTP/1.1" 302 -
222.70.176.97 - - [13/Dec/2021:11:12:17 +0800] "GET /xingrg/kc/base/base_main.html HTTP/1.1" 200 12142
222.70.176.97 - - [13/Dec/2021:11:12:18 +0800] "GET /xingrg/kc/base/wldb_order_list.html HTTP/1.1" 200 19060
172.20.0.100 - - [13/Dec/2021:11:12:19 +0800] "GET /xingrg/all/function/internal_message.html?_=1639365138778&CODE_STATE=getMsg HTTP/1.1" 200 27
222.70.176.97 - - [13/Dec/2021:11:12:19 +0800] "POST /xingrg/kc/base/wldb_list_operate.html HTTP/1.1" 200 928
124.78.153.86 - - [13/Dec/2021:11:12:24 +0800] "GET /xingrg/all/function/internal_message.html?_=1639365142889&CODE_STATE=getMsg HTTP/1.1" 200 27
180.169.147.146 - - [13/Dec/2021:11:12:24 +0800] "GET /xingrg/all/function/internal_message.html?_=1639365146806&CODE_STATE=getMsg HTTP/1.1" 200 27
222.70.176.97 - - [13/Dec/2021:11:12:27 +0800] "POST /xingrg/kc/base/wldb_list_operate.html HTTP/1.1" 200 2980
222.70.176.97 - - [13/Dec/2021:11:12:31 +0800] "POST /xingrg/kc/base/wldb_list_operate.html HTTP/1.1" 200 622
61.172.28.229 - - [13/Dec/2021:11:12:34 +0800] "GET /xingrg/all/function/internal_message.html?_=1639365155213&CODE_STATE=getMsg HTTP/1.1" 200 27
61.172.28.229 - - [13/Dec/2021:11:12:35 +0800] "GET /xingrg/all/function/internal_message.html?_=1639365155794&CODE_STATE=getMsg HTTP/1.1" 200 27
116.238.208.177 - - [13/Dec/2021:11:12:37 +0800] "GET /xingrg/all/function/internal_message.html?_=1639365158080&CODE_STATE=getMsg HTTP/1.1" 200 27
116.233.76.72 - - [13/Dec/2021:11:12:37 +0800] "GET /xingrg/all/function/internal_message.html?_=1639365157475&CODE_STATE=getMsg HTTP/1.1" 200 27
222.70.176.97 - - [13/Dec/2021:11:12:38 +0800] "GET /xingrg/kc/base/wldb_order_add.html HTTP/1.1" 200 30270
222.70.176.97 - - [13/Dec/2021:11:12:38 +0800] "POST /xingrg/kc/base/wldb_order_operate.html HTTP/1.1" 200 6806
222.70.176.97 - - [13/Dec/2021:11:12:38 +0800] "GET /xingrg/javascript/easyui/themes/default/validatebox.css HTTP/1.1" 404 1104
222.70.176.97 - - [13/Dec/2021:11:12:39 +0800] "POST /xingrg/all/common/load_combo.html?type=base HTTP/1.1" 200 3054
222.70.176.97 - - [13/Dec/2021:11:12:42 +0800] "POST /xingrg/all/common/load_combo.html?type=base HTTP/1.1" 200 3054
172.20.0.100 - - [13/Dec/2021:11:12:45 +0800] "GET /xingrg/all/function/internal_message.html?_=1639365165456&CODE_STATE=getMsg HTTP/1.1" 200 27
120.253.135.82 - - [13/Dec/2021:11:12:46 +0800] "GET /xingrg/check_reg.html?_=1639364944386 HTTP/1.1" 200 22
101.85.120.86 - - [13/Dec/2021:11:12:46 +0800] "GET /xingrg/all/function/internal_message.html?_=1639365165741&CODE_STATE=getMsg HTTP/1.1" 200 27
124.77.240.52 - - [13/Dec/2021:11:12:48 +0800] "GET /xingrg/all/function/internal_message.html?_=1639365169765&CODE_STATE=getMsg HTTP/1.1" 200 27
180.169.147.146 - - [13/Dec/2021:11:12:52 +0800] "GET /xingrg/all/function/internal_message.html?_=1639365172587&CODE_STATE=getMsg HTTP/1.1" 200 27
124.77.240.52 - - [13/Dec/2021:11:12:53 +0800] "GET /xingrg/check_reg.html?_=1639365173948 HTTP/1.1" 200 22
222.70.176.97 - - [13/Dec/2021:11:12:53 +0800] "GET /xingrg/kc/base/wldb_order_operate.html?command=get_materiel&rest_code=00111&base_code=0010306&code=00102002235 HTTP/1.1" 200 428
222.70.176.97 - - [13/Dec/2021:11:12:57 +0800] "GET /xingrg/all/function/internal_message.html?_=1639365177226&CODE_STATE=getMsg HTTP/1.1" 200 27
180.162.110.111 - - [13/Dec/2021:11:12:59 +0800] "GET /xingrg/all/function/internal_message.html?_=1639364627950&CODE_STATE=getMsg HTTP/1.1" 200 27
116.238.248.233 - - [13/Dec/2021:11:12:59 +0800] "GET /xingrg/all/function/internal_message.html?_=1639365178170&CODE_STATE=getMsg HTTP/1.1" 200 27
222.70.176.97 - - [13/Dec/2021:11:12:59 +0800] "GET /xingrg/kc/base/wldb_order_operate.html?command=get_materiel&rest_code=00111&base_code=0010306&code=00102002236 HTTP/1.1" 200 437
114.83.219.237 - - [13/Dec/2021:11:13:00 +0800] "GET /xingrg/all/function/internal_message.html?_=1639365178282&CODE_STATE=getMsg HTTP/1.1" 200 27
180.169.147.146 - - [13/Dec/2021:11:13:02 +0800] "GET /xingrg/all/function/internal_message.html?_=1639365181159&CODE_STATE=getMsg HTTP/1.1" 200 27
124.78.153.86 - - [13/Dec/2021:11:13:05 +0800] "GET /xingrg/all/function/internal_message.html?_=1639365184834&CODE_STATE=getMsg HTTP/1.1" 200 27
172.20.0.100 - - [13/Dec/2021:11:13:07 +0800] "GET /xingrg/all/function/internal_message.html?_=1639365187177&CODE_STATE=getMsg HTTP/1.1" 200 27
116.227.210.113 - - [13/Dec/2021:11:13:14 +0800] "GET /xingrg/all/function/internal_message.html?_=1639365189150&CODE_STATE=getMsg HTTP/1.1" 200 27
61.172.28.229 - - [13/Dec/2021:11:13:15 +0800] "GET /xingrg/all/function/internal_message.html?_=1639365131520&CODE_STATE=getMsg HTTP/1.1" 200 27
222.70.176.97 - - [13/Dec/2021:11:13:16 +0800] "GET /xingrg/all/function/internal_message.html?_=1639364859589&CODE_STATE=getMsg HTTP/1.1" 302 -
222.70.176.97 - - [13/Dec/2021:11:13:16 +0800] "GET /xingrg/check_reg.html?_=1639364859590 HTTP/1.1" 302 -
172.20.0.100 - - [13/Dec/2021:11:13:19 +0800] "GET /xingrg/all/function/internal_message.html?_=1639365198781&CODE_STATE=getMsg HTTP/1.1" 200 27
222.70.176.97 - - [13/Dec/2021:11:13:24 +0800] "GET /xingrg/kc/base/wldb_order_operate.html?command=get_materiel&rest_code=00111&base_code=0010306&code=00102002234 HTTP/1.1" 200 433
124.78.153.86 - - [13/Dec/2021:11:13:24 +0800] "GET /xingrg/all/function/internal_message.html?_=1639365202867&CODE_STATE=getMsg HTTP/1.1" 200 27
180.169.147.146 - - [13/Dec/2021:11:13:24 +0800] "GET /xingrg/all/function/internal_message.html?_=1639365206808&CODE_STATE=getMsg HTTP/1.1" 200 27
61.172.28.229 - - [13/Dec/2021:11:13:34 +0800] "GET /xingrg/all/function/internal_message.html?_=1639365215214&CODE_STATE=getMsg HTTP/1.1" 200 27
61.172.28.229 - - [13/Dec/2021:11:13:35 +0800] "GET /xingrg/all/function/internal_message.html?_=1639365215794&CODE_STATE=getMsg HTTP/1.1" 200 27
116.238.208.177 - - [13/Dec/2021:11:13:35 +0800] "GET /xingrg/check_reg.html?_=1639365216569 HTTP/1.1" 200 22
116.238.208.177 - - [13/Dec/2021:11:13:37 +0800] "GET /xingrg/all/function/internal_message.html?_=1639365218093&CODE_STATE=getMsg HTTP/1.1" 200 27
116.233.76.72 - - [13/Dec/2021:11:13:37 +0800] "GET /xingrg/all/function/internal_message.html?_=1639365217474&CODE_STATE=getMsg HTTP/1.1" 200 27
61.151.207.141 - - [13/Dec/2021:11:13:39 +0800] "GET /xingrg/all/function/internal_message.html?_=1639361844044&CODE_STATE=getMsg HTTP/1.1" 302 -
61.151.207.141 - - [13/Dec/2021:11:13:44 +0800] "GET /xingrg/login.html HTTP/1.1" 200 7641
172.20.0.100 - - [13/Dec/2021:11:13:45 +0800] "GET /xingrg/all/function/internal_message.html?_=1639365225442&CODE_STATE=getMsg HTTP/1.1" 200 27
101.85.120.86 - - [13/Dec/2021:11:13:46 +0800] "GET /xingrg/all/function/internal_message.html?_=1639365225742&CODE_STATE=getMsg HTTP/1.1" 200 27
124.77.240.52 - - [13/Dec/2021:11:13:48 +0800] "GET /xingrg/all/function/internal_message.html?_=1639365229776&CODE_STATE=getMsg HTTP/1.1" 200 27
