172.20.0.100 - - [13/Dec/2021:09:49:01 +0800] "GET /xingrg/all/function/internal_message.html?_=1639360141509&CODE_STATE=count HTTP/1.1" 200 11
172.20.0.100 - - [13/Dec/2021:09:49:01 +0800] "GET /xingrg/javascript/jquery_easy_ui/themes/default/images/tabs_rightarrow.png HTTP/1.1" 304 -
172.20.0.100 - - [13/Dec/2021:09:49:01 +0800] "GET /xingrg/javascript/jquery_easy_ui/themes/default/images/panel_tool_expand.gif HTTP/1.1" 304 -
172.20.0.100 - - [13/Dec/2021:09:49:01 +0800] "GET /xingrg/javascript/jquery_easy_ui/themes/default/images/panel_tool_collapse.gif HTTP/1.1" 304 -
172.20.0.100 - - [13/Dec/2021:09:49:01 +0800] "GET /xingrg/images/blue/pingpu.png HTTP/1.1" 304 -
172.20.0.100 - - [13/Dec/2021:09:49:01 +0800] "GET /xingrg/javascript/jquery_easy_ui/themes/default/images/tabs_leftarrow.png HTTP/1.1" 304 -
172.20.0.100 - - [13/Dec/2021:09:49:01 +0800] "POST /xingrg/load_menu.html HTTP/1.1" 200 9924
172.20.0.100 - - [13/Dec/2021:09:49:03 +0800] "GET /xingrg/kc/base/base_main.html HTTP/1.1" 200 12132
172.20.0.100 - - [13/Dec/2021:09:49:03 +0800] "GET /xingrg/javascript/jquery_easy_ui/themes/default/images/tabs_close.gif HTTP/1.1" 200 829
172.20.0.100 - - [13/Dec/2021:09:49:03 +0800] "GET /xingrg/javascript/pic_change.js HTTP/1.1" 200 4739
172.20.0.100 - - [13/Dec/2021:09:49:03 +0800] "GET /xingrg/css/blue.css HTTP/1.1" 200 15949
172.20.0.100 - - [13/Dec/2021:09:49:03 +0800] "GET /xingrg/javascript/myfunction.js HTTP/1.1" 200 24559
172.20.0.100 - - [13/Dec/2021:09:49:03 +0800] "GET /xingrg/images/blue/button/wlsy.gif HTTP/1.1" 200 2536
172.20.0.100 - - [13/Dec/2021:09:49:03 +0800] "GET /xingrg/images/blue/button/ckpd.gif HTTP/1.1" 200 2051
172.20.0.100 - - [13/Dec/2021:09:49:03 +0800] "GET /xingrg/images/blue/button/kc.gif HTTP/1.1" 200 2160
172.20.0.100 - - [13/Dec/2021:09:49:03 +0800] "GET /xingrg/images/blue/button/ckdb.gif HTTP/1.1" 200 1950
172.20.0.100 - - [13/Dec/2021:09:49:03 +0800] "GET /xingrg/images/blue/button/yddb.gif HTTP/1.1" 200 2040
172.20.0.100 - - [13/Dec/2021:09:49:03 +0800] "GET /xingrg/images/blue/pic_form2.gif HTTP/1.1" 200 1853
172.20.0.100 - - [13/Dec/2021:09:49:03 +0800] "GET /xingrg/images/blue/button/bottom_right.jpg HTTP/1.1" 200 1436
172.20.0.100 - - [13/Dec/2021:09:49:03 +0800] "GET /xingrg/images/blue/button/down.jpg HTTP/1.1" 200 1560
172.20.0.100 - - [13/Dec/2021:09:49:03 +0800] "GET /xingrg/images/blue/button/top_right.jpg HTTP/1.1" 200 1708
172.20.0.100 - - [13/Dec/2021:09:49:03 +0800] "GET /xingrg/images/blue/button/right_ah.jpg HTTP/1.1" 200 1744
172.20.0.100 - - [13/Dec/2021:09:49:03 +0800] "GET /xingrg/images/blue/button/left_ah.jpg HTTP/1.1" 200 1643
172.20.0.100 - - [13/Dec/2021:09:49:03 +0800] "GET /xingrg/images/blue/bg_dotted.jpg HTTP/1.1" 200 319
172.20.0.100 - - [13/Dec/2021:09:49:03 +0800] "GET /xingrg/images/blue/button/top_left.jpg HTTP/1.1" 200 1632
172.20.0.100 - - [13/Dec/2021:09:49:03 +0800] "GET /xingrg/images/blue/button/bottom_left.jpg HTTP/1.1" 200 1524
172.20.0.100 - - [13/Dec/2021:09:49:03 +0800] "GET /xingrg/kc/base/check_order_list.html HTTP/1.1" 200 16419
172.20.0.100 - - [13/Dec/2021:09:49:04 +0800] "GET /xingrg/css/base.css HTTP/1.1" 200 2811
172.20.0.100 - - [13/Dec/2021:09:49:04 +0800] "GET /xingrg/css/site.css HTTP/1.1" 200 7541
172.20.0.100 - - [13/Dec/2021:09:49:04 +0800] "GET /xingrg/javascript/jquery_tools/datebox.css HTTP/1.1" 200 2597
172.20.0.100 - - [13/Dec/2021:09:49:04 +0800] "GET /xingrg/javascript/easyui/themes/icon.css HTTP/1.1" 200 4483
172.20.0.100 - - [13/Dec/2021:09:49:04 +0800] "GET /xingrg/javascript/easyui/themes/default/easyui.css HTTP/1.1" 200 30432
172.20.0.100 - - [13/Dec/2021:09:49:04 +0800] "GET /xingrg/javascript/auto/jquery.autocomplete.css HTTP/1.1" 200 587
172.20.0.100 - - [13/Dec/2021:09:49:04 +0800] "GET /xingrg/javascript/jquery_tools/fix.css HTTP/1.1" 200 1702
172.20.0.100 - - [13/Dec/2021:09:49:04 +0800] "GET /xingrg/javascript/jquery_tools/table.css HTTP/1.1" 200 1032
172.20.0.100 - - [13/Dec/2021:09:49:04 +0800] "GET /xingrg/javascript/jquery_tools/jquery.tools.min.js HTTP/1.1" 200 138801
172.20.0.100 - - [13/Dec/2021:09:49:04 +0800] "GET /xingrg/javascript/jquery_tools/jquery.tools.table.js HTTP/1.1" 200 6994
172.20.0.100 - - [13/Dec/2021:09:49:04 +0800] "GET /xingrg/javascript/jquery_tools/jquery.tools.extend.js HTTP/1.1" 200 15385
172.20.0.100 - - [13/Dec/2021:09:49:04 +0800] "GET /xingrg/javascript/easyui/easyloader.js HTTP/1.1" 200 5975
172.20.0.100 - - [13/Dec/2021:09:49:04 +0800] "GET /xingrg/javascript/jquery_tools/list_manager.js HTTP/1.1" 200 3652
172.20.0.100 - - [13/Dec/2021:09:49:04 +0800] "GET /xingrg/javascript/auto/jquery.autocomplete.js HTTP/1.1" 200 21624
172.20.0.100 - - [13/Dec/2021:09:49:04 +0800] "GET /xingrg/javascript/jquery_tools/jquery.tools.hotkey.js HTTP/1.1" 200 3242
172.20.0.100 - - [13/Dec/2021:09:49:04 +0800] "GET /xingrg/javascript/jquery.cookie.js HTTP/1.1" 200 5513
172.20.0.100 - - [13/Dec/2021:09:49:04 +0800] "GET /xingrg/javascript/easyui/themes/icons/cance_new.png HTTP/1.1" 200 3986
172.20.0.100 - - [13/Dec/2021:09:49:04 +0800] "GET /xingrg/javascript/easyui/themes/icons/uncheck_new.png HTTP/1.1" 200 3197
172.20.0.100 - - [13/Dec/2021:09:49:04 +0800] "GET /xingrg/javascript/easyui/themes/icons/field_new.png HTTP/1.1" 200 1097
172.20.0.100 - - [13/Dec/2021:09:49:04 +0800] "GET /xingrg/javascript/easyui/themes/icons/edit_add_new.png HTTP/1.1" 200 2997
172.20.0.100 - - [13/Dec/2021:09:49:04 +0800] "GET /xingrg/javascript/easyui/themes/icons/check_new.png HTTP/1.1" 200 3224
172.20.0.100 - - [13/Dec/2021:09:49:04 +0800] "GET /xingrg/javascript/easyui/plugins/jquery.parser.js HTTP/1.1" 200 1142
172.20.0.100 - - [13/Dec/2021:09:49:04 +0800] "POST /xingrg/kc/base/check_list_operate.html HTTP/1.1" 200 3501
172.20.0.100 - - [13/Dec/2021:09:49:05 +0800] "GET /xingrg/kc/buy/cgsh_order_info.html?code=212021111606593 HTTP/1.1" 200 60189
172.20.0.100 - - [13/Dec/2021:09:49:05 +0800] "GET /xingrg/javascript/pic_change.js HTTP/1.1" 200 4739
172.20.0.100 - - [13/Dec/2021:09:49:05 +0800] "GET /xingrg/javascript/jquery_tools/order_manager.js HTTP/1.1" 200 11183
172.20.0.100 - - [13/Dec/2021:09:49:05 +0800] "GET /xingrg/javascript/convert.js HTTP/1.1" 200 1239
172.20.0.100 - - [13/Dec/2021:09:49:05 +0800] "GET /xingrg/javascript/json2.js HTTP/1.1" 200 11259
172.20.0.100 - - [13/Dec/2021:09:49:05 +0800] "GET /xingrg/javascript/print/kc_print.js HTTP/1.1" 200 11415
172.20.0.100 - - [13/Dec/2021:09:49:05 +0800] "GET /xingrg/words/20211212135524_words.js HTTP/1.1" 200 878546
172.20.0.100 - - [13/Dec/2021:09:49:06 +0800] "GET /xingrg/javascript/easyui/themes/icons/copy_new.png HTTP/1.1" 200 815
172.20.0.100 - - [13/Dec/2021:09:49:06 +0800] "GET /xingrg/javascript/easyui/themes/icons/print.png HTTP/1.1" 200 1057
172.20.0.100 - - [13/Dec/2021:09:49:06 +0800] "GET /xingrg/javascript/easyui/themes/default/images/menu_downarrow.png HTTP/1.1" 200 173
172.20.0.100 - - [13/Dec/2021:09:49:06 +0800] "GET /xingrg/javascript/easyui/themes/icons/cancel.png HTTP/1.1" 200 1133
172.20.0.100 - - [13/Dec/2021:09:49:06 +0800] "GET /xingrg/javascript/easyui/themes/default/validatebox.css HTTP/1.1" 404 1104
172.20.0.100 - - [13/Dec/2021:09:49:06 +0800] "GET /xingrg/javascript/easyui/plugins/jquery.validatebox.js HTTP/1.1" 200 6103
172.20.0.100 - - [13/Dec/2021:09:49:06 +0800] "GET /xingrg/kc/base/check_order_info.html?code=452021121200057 HTTP/1.1" 200 26332
172.20.0.100 - - [13/Dec/2021:09:49:06 +0800] "GET /xingrg/css/table.css HTTP/1.1" 200 3684
172.20.0.100 - - [13/Dec/2021:09:49:06 +0800] "GET /xingrg/javascript/easyui/plugins/jquery.numberbox.js HTTP/1.1" 200 5213
172.20.0.100 - - [13/Dec/2021:09:49:06 +0800] "GET /xingrg/dwr/interface/AjaxComOrderService.js HTTP/1.1" 200 18264
172.20.0.100 - - [13/Dec/2021:09:49:06 +0800] "GET /xingrg/dwr/interface/AjaxCheckService.js HTTP/1.1" 200 14003
172.20.0.100 - - [13/Dec/2021:09:49:06 +0800] "GET /xingrg/javascript/AjaxInfoList.js HTTP/1.1" 200 3774
172.20.0.100 - - [13/Dec/2021:09:49:06 +0800] "GET /xingrg/dwr/util.js HTTP/1.1" 200 35990
172.20.0.100 - - [13/Dec/2021:09:49:06 +0800] "GET /xingrg/dwr/engine.js HTTP/1.1" 200 43631
172.20.0.100 - - [13/Dec/2021:09:49:06 +0800] "GET /xingrg/javascript/Calendar.js HTTP/1.1" 200 31561
172.20.0.100 - - [13/Dec/2021:09:49:06 +0800] "GET /xingrg/javascript/convert.js HTTP/1.1" 200 1239
172.20.0.100 - - [13/Dec/2021:09:49:06 +0800] "GET /xingrg/javascript/print/LodopFuncs.js HTTP/1.1" 200 5121
172.20.0.100 - - [13/Dec/2021:09:49:06 +0800] "GET /xingrg/javascript/print/kc_print.js HTTP/1.1" 200 11415
172.20.0.100 - - [13/Dec/2021:09:49:06 +0800] "GET /xingrg/javascript/jquery_easy_ui/themes/icons/cance_new.png HTTP/1.1" 200 3986
172.20.0.100 - - [13/Dec/2021:09:49:06 +0800] "GET /xingrg/javascript/jquery_easy_ui/themes/icons/check_new.png HTTP/1.1" 200 3224
172.20.0.100 - - [13/Dec/2021:09:49:06 +0800] "GET /xingrg/javascript/jquery_easy_ui/themes/icons/print.png HTTP/1.1" 200 1057
172.20.0.100 - - [13/Dec/2021:09:49:06 +0800] "GET /xingrg/javascript/jquery_easy_ui/themes/default/images/menu_downarrow.png HTTP/1.1" 200 173
172.20.0.100 - - [13/Dec/2021:09:49:06 +0800] "GET /xingrg/javascript/jquery_easy_ui/themes/icons/back_new.png HTTP/1.1" 200 3414
172.20.0.100 - - [13/Dec/2021:09:49:06 +0800] "POST /xingrg/kc/buy/cgsh_order_operate.html HTTP/1.1" 200 4829
172.20.0.100 - - [13/Dec/2021:09:49:06 +0800] "GET /xingrg/javascript/easyui/themes/icons/edit_remove.png HTTP/1.1" 200 625
172.20.0.100 - - [13/Dec/2021:09:49:06 +0800] "POST /xingrg/dwr/call/plaincall/AjaxCheckService.loadOrderItems.dwr HTTP/1.1" 200 114738
124.78.153.86 - - [13/Dec/2021:09:49:07 +0800] "GET /xingrg/login.html HTTP/1.1" 200 7641
172.20.0.100 - - [13/Dec/2021:09:49:07 +0800] "GET /xingrg/javascript/jquery_easy_ui/themes/icons/no.png HTTP/1.1" 200 922
172.20.0.100 - - [13/Dec/2021:09:49:09 +0800] "GET /xingrg/javascript/jquery_easy_ui/themes/default/images/tabs_active.png HTTP/1.1" 200 2894
124.78.153.86 - - [13/Dec/2021:09:49:10 +0800] "GET /favicon.ico HTTP/1.1" 404 -
172.20.0.100 - - [13/Dec/2021:09:49:11 +0800] "POST /xingrg/kc/buy/cgsh_list_operate.html HTTP/1.1" 200 558
222.70.176.97 - - [13/Dec/2021:09:49:16 +0800] "GET /xingrg/all/function/internal_message.html?_=1639359819589&CODE_STATE=getMsg HTTP/1.1" 302 -
114.83.219.237 - - [13/Dec/2021:09:49:17 +0800] "GET /xingrg/check_reg.html?_=1639360155298 HTTP/1.1" 200 22
116.238.208.177 - - [13/Dec/2021:09:49:18 +0800] "POST /xingrg/kc/buy/cgsh_list_operate.html HTTP/1.1" 200 5737
172.20.0.100 - - [13/Dec/2021:09:49:19 +0800] "GET /xingrg/all/function/internal_message.html?_=1639360158778&CODE_STATE=getMsg HTTP/1.1" 200 27
172.20.0.100 - - [13/Dec/2021:09:49:20 +0800] "POST /xingrg/kc/buy/cgsh_list_operate.html HTTP/1.1" 200 206
172.20.0.100 - - [13/Dec/2021:09:49:20 +0800] "GET /xingrg/all/function/internal_message.html?_=1639360160347&CODE_STATE=getMsg HTTP/1.1" 200 27
124.78.153.86 - - [13/Dec/2021:09:49:23 +0800] "POST /xingrg/login.do HTTP/1.1" 302 -
124.78.153.86 - - [13/Dec/2021:09:49:23 +0800] "GET /xingrg/index.html?sysBaseUrl=http%3A%2F%2F180.169.147.146%3A18081%2Fxingrg%2F&costTime=41×tamp=1639360163182 HTTP/1.1" 200 17173
116.233.76.72 - - [13/Dec/2021:09:49:23 +0800] "GET /xingrg/all/function/internal_message.html?_=1639360162731&CODE_STATE=getMsg HTTP/1.1" 200 27
124.78.153.86 - - [13/Dec/2021:09:49:23 +0800] "POST /xingrg/all/common/load_tree.html?tree=area_rest_tree_json&manage=1 HTTP/1.1" 200 342
124.78.153.86 - - [13/Dec/2021:09:49:24 +0800] "GET /xingrg/check_reg.html?_=1639360162910 HTTP/1.1" 200 22
124.78.153.86 - - [13/Dec/2021:09:49:24 +0800] "GET /xingrg/all/function/internal_message.html?_=1639360162909&CODE_STATE=count HTTP/1.1" 200 11
124.78.153.86 - - [13/Dec/2021:09:49:24 +0800] "GET /favicon.ico HTTP/1.1" 404 -
124.78.153.86 - - [13/Dec/2021:09:49:24 +0800] "POST /xingrg/load_menu.html HTTP/1.1" 200 5138
116.238.248.233 - - [13/Dec/2021:09:49:31 +0800] "GET /xingrg/all/function/internal_message.html?_=1639360170364&CODE_STATE=getMsg HTTP/1.1" 200 27
61.172.28.229 - - [13/Dec/2021:09:49:38 +0800] "GET /xingrg/all/function/internal_message.html?_=1639360178956&CODE_STATE=getMsg HTTP/1.1" 200 27
124.78.153.86 - - [13/Dec/2021:09:49:39 +0800] "GET /xingrg/kc/buy/buy_main.html HTTP/1.1" 200 12412
124.78.153.86 - - [13/Dec/2021:09:49:39 +0800] "GET /xingrg/css/new_ie.css HTTP/1.1" 404 1036
124.78.153.86 - - [13/Dec/2021:09:49:39 +0800] "GET /xingrg/images/yd/bt.gif HTTP/1.1" 404 1040
124.77.240.52 - - [13/Dec/2021:09:49:40 +0800] "GET /xingrg/all/function/internal_message.html?_=1639360180897&CODE_STATE=getMsg HTTP/1.1" 200 27
124.78.153.86 - - [13/Dec/2021:09:49:40 +0800] "GET /xingrg/kc/buy/cgsh_order_list.html HTTP/1.1" 200 49291
124.78.153.86 - - [13/Dec/2021:09:49:42 +0800] "POST /xingrg/kc/buy/cgsh_list_operate.html HTTP/1.1" 200 876
58.221.95.50 - - [13/Dec/2021:09:49:47 +0800] "GET /xingrg/check_reg.html?_=1639360188590 HTTP/1.1" 302 -
114.88.154.34 - - [13/Dec/2021:09:49:50 +0800] "GET /xingrg/all/function/internal_message.html?_=1639360005364&CODE_STATE=getMsg HTTP/1.1" 200 27
114.88.154.34 - - [13/Dec/2021:09:49:50 +0800] "GET /xingrg/check_reg.html?_=1639360005379 HTTP/1.1" 200 22
124.78.153.86 - - [13/Dec/2021:09:49:50 +0800] "GET /xingrg/kc/buy/cgsh_order_add.html HTTP/1.1" 200 65067
124.78.153.86 - - [13/Dec/2021:09:49:51 +0800] "GET /xingrg/words/20211212135524_words.js HTTP/1.1" 304 -
124.78.153.86 - - [13/Dec/2021:09:49:51 +0800] "GET /xingrg/all/common/auto_word.html?type=employee&rest_code=00106 HTTP/1.1" 200 205
124.78.153.86 - - [13/Dec/2021:09:49:51 +0800] "GET /xingrg/all/common/auto_word.html?type=employee&rest_code=00106 HTTP/1.1" 200 205
124.78.153.86 - - [13/Dec/2021:09:49:51 +0800] "GET /xingrg/javascript/easyui/themes/default/validatebox.css HTTP/1.1" 404 1104
124.78.153.86 - - [13/Dec/2021:09:49:51 +0800] "POST /xingrg/kc/buy/cgsh_order_operate.html HTTP/1.1" 200 8245
124.78.153.86 - - [13/Dec/2021:09:49:55 +0800] "GET /xingrg/javascript/easyui/themes/default/tree.css HTTP/1.1" 404 1090
124.78.153.86 - - [13/Dec/2021:09:49:55 +0800] "POST /xingrg/all/common/load_tree.html?tree=supplier_tree_json&isDelete=1 HTTP/1.1" 200 61171
222.70.176.97 - - [13/Dec/2021:09:49:58 +0800] "GET /xingrg/check_reg.html?_=1639360197895 HTTP/1.1" 200 22
222.70.176.97 - - [13/Dec/2021:09:49:59 +0800] "GET /xingrg/all/function/internal_message.html?_=1639360197897&CODE_STATE=getMsg HTTP/1.1" 200 27
116.238.208.177 - - [13/Dec/2021:09:50:00 +0800] "GET /xingrg/all/function/internal_message.html?_=1639360200882&CODE_STATE=getMsg HTTP/1.1" 200 27
114.83.219.237 - - [13/Dec/2021:09:50:01 +0800] "GET /xingrg/all/function/internal_message.html?_=1639360199605&CODE_STATE=getMsg HTTP/1.1" 200 27
172.20.0.100 - - [13/Dec/2021:09:50:01 +0800] "GET /xingrg/all/function/internal_message.html?_=1639360201529&CODE_STATE=getMsg HTTP/1.1" 200 27
222.70.176.97 - - [13/Dec/2021:09:50:16 +0800] "GET /xingrg/all/function/internal_message.html?_=1639359879589&CODE_STATE=getMsg HTTP/1.1" 302 -
172.20.0.100 - - [13/Dec/2021:09:50:19 +0800] "GET /xingrg/all/function/internal_message.html?_=1639360218783&CODE_STATE=getMsg HTTP/1.1" 200 27
172.20.0.100 - - [13/Dec/2021:09:50:20 +0800] "GET /xingrg/all/function/internal_message.html?_=1639360220350&CODE_STATE=getMsg HTTP/1.1" 200 27
124.77.240.52 - - [13/Dec/2021:09:50:21 +0800] "GET /xingrg/check_reg.html?_=1639360221961 HTTP/1.1" 302 -
116.233.76.72 - - [13/Dec/2021:09:50:23 +0800] "GET /xingrg/all/function/internal_message.html?_=1639360222731&CODE_STATE=getMsg HTTP/1.1" 200 27
116.233.76.72 - - [13/Dec/2021:09:50:23 +0800] "GET /xingrg/check_reg.html?_=1639360222734 HTTP/1.1" 200 22
124.78.153.86 - - [13/Dec/2021:09:50:24 +0800] "GET /xingrg/all/function/internal_message.html?_=1639360222931&CODE_STATE=getMsg HTTP/1.1" 200 27
116.238.248.233 - - [13/Dec/2021:09:50:31 +0800] "GET /xingrg/all/function/internal_message.html?_=1639360230354&CODE_STATE=getMsg HTTP/1.1" 200 27
61.172.28.229 - - [13/Dec/2021:09:50:38 +0800] "GET /xingrg/all/function/internal_message.html?_=1639360238956&CODE_STATE=getMsg HTTP/1.1" 200 27
124.77.240.52 - - [13/Dec/2021:09:50:40 +0800] "GET /xingrg/all/function/internal_message.html?_=1639360241166&CODE_STATE=getMsg HTTP/1.1" 200 27
114.88.154.34 - - [13/Dec/2021:09:50:50 +0800] "GET /xingrg/all/function/internal_message.html?_=1639360065335&CODE_STATE=getMsg HTTP/1.1" 200 27
222.70.176.97 - - [13/Dec/2021:09:50:58 +0800] "GET /xingrg/all/function/internal_message.html?_=1639360257896&CODE_STATE=getMsg HTTP/1.1" 200 27
116.238.208.177 - - [13/Dec/2021:09:51:00 +0800] "GET /xingrg/all/function/internal_message.html?_=1639360260896&CODE_STATE=getMsg HTTP/1.1" 200 27
114.83.219.237 - - [13/Dec/2021:09:51:01 +0800] "GET /xingrg/all/function/internal_message.html?_=1639360259593&CODE_STATE=getMsg HTTP/1.1" 200 27
172.20.0.100 - - [13/Dec/2021:09:51:01 +0800] "GET /xingrg/all/function/internal_message.html?_=1639360261526&CODE_STATE=getMsg HTTP/1.1" 200 27
222.70.176.97 - - [13/Dec/2021:09:51:16 +0800] "GET /xingrg/all/function/internal_message.html?_=1639359939589&CODE_STATE=getMsg HTTP/1.1" 302 -
172.20.0.100 - - [13/Dec/2021:09:51:19 +0800] "GET /xingrg/all/function/internal_message.html?_=1639360278784&CODE_STATE=getMsg HTTP/1.1" 200 27
172.20.0.100 - - [13/Dec/2021:09:51:19 +0800] "GET /xingrg/check_reg.html?_=1639360278785 HTTP/1.1" 200 22
172.20.0.100 - - [13/Dec/2021:09:51:20 +0800] "GET /xingrg/all/function/internal_message.html?_=1639360280352&CODE_STATE=getMsg HTTP/1.1" 200 27
116.233.76.72 - - [13/Dec/2021:09:51:23 +0800] "GET /xingrg/all/function/internal_message.html?_=1639360282732&CODE_STATE=getMsg HTTP/1.1" 200 27
124.78.153.86 - - [13/Dec/2021:09:51:24 +0800] "GET /xingrg/all/function/internal_message.html?_=1639360282912&CODE_STATE=getMsg HTTP/1.1" 200 27
116.238.248.233 - - [13/Dec/2021:09:51:31 +0800] "GET /xingrg/all/function/internal_message.html?_=1639360290337&CODE_STATE=getMsg HTTP/1.1" 200 27
116.238.248.233 - - [13/Dec/2021:09:51:31 +0800] "GET /xingrg/check_reg.html?_=1639360290412 HTTP/1.1" 200 22
61.172.28.229 - - [13/Dec/2021:09:51:38 +0800] "GET /xingrg/all/function/internal_message.html?_=1639360298957&CODE_STATE=getMsg HTTP/1.1" 200 27
124.78.153.86 - - [13/Dec/2021:09:51:39 +0800] "GET /xingrg/javascript/auto/indicator.gif HTTP/1.1" 404 1066
124.77.240.52 - - [13/Dec/2021:09:51:40 +0800] "GET /xingrg/all/function/internal_message.html?_=1639360301174&CODE_STATE=getMsg HTTP/1.1" 200 27
124.78.153.86 - - [13/Dec/2021:09:51:44 +0800] "GET /xingrg/kc/buy/cgsh_order_operate.html?command=get_materiel&rest_code=00106&code=00101008234&supplier_code=00100007&order_time=2021-12-13 HTTP/1.1" 200 408
114.88.154.34 - - [13/Dec/2021:09:51:50 +0800] "GET /xingrg/all/function/internal_message.html?_=1639360125306&CODE_STATE=getMsg HTTP/1.1" 200 27
124.78.153.86 - - [13/Dec/2021:09:51:55 +0800] "GET /xingrg/kc/buy/cgsh_order_operate.html?command=get_materiel&rest_code=00106&code=00101008110&supplier_code=00100007&order_time=2021-12-13 HTTP/1.1" 200 408
222.70.176.97 - - [13/Dec/2021:09:51:58 +0800] "GET /xingrg/all/function/internal_message.html?_=1639360317895&CODE_STATE=getMsg HTTP/1.1" 200 27
116.238.208.177 - - [13/Dec/2021:09:52:00 +0800] "GET /xingrg/all/function/internal_message.html?_=1639360321580&CODE_STATE=getMsg HTTP/1.1" 200 27
124.78.153.86 - - [13/Dec/2021:09:52:01 +0800] "GET /xingrg/kc/buy/cgsh_order_operate.html?command=get_materiel&rest_code=00106&code=00101008190&supplier_code=00100007&order_time=2021-12-13 HTTP/1.1" 200 412
114.83.219.237 - - [13/Dec/2021:09:52:01 +0800] "GET /xingrg/all/function/internal_message.html?_=1639360319583&CODE_STATE=getMsg HTTP/1.1" 200 27
172.20.0.100 - - [13/Dec/2021:09:52:01 +0800] "GET /xingrg/all/function/internal_message.html?_=1639360321522&CODE_STATE=getMsg HTTP/1.1" 200 27
124.78.153.86 - - [13/Dec/2021:09:52:03 +0800] "GET /xingrg/login.html?r=1 HTTP/1.1" 200 7641
124.78.153.86 - - [13/Dec/2021:09:52:03 +0800] "GET /favicon.ico HTTP/1.1" 404 -
124.78.153.86 - - [13/Dec/2021:09:52:05 +0800] "POST /xingrg/login.do HTTP/1.1" 302 -
124.78.153.86 - - [13/Dec/2021:09:52:05 +0800] "GET /xingrg/index.html?sysBaseUrl=http%3A%2F%2F180.169.147.146%3A18081%2Fxingrg%2F&costTime=40×tamp=1639360325264 HTTP/1.1" 200 17173
124.78.153.86 - - [13/Dec/2021:09:52:05 +0800] "GET /favicon.ico HTTP/1.1" 404 -
124.78.153.86 - - [13/Dec/2021:09:52:05 +0800] "POST /xingrg/all/common/load_tree.html?tree=area_rest_tree_json&manage=1 HTTP/1.1" 200 342
124.78.153.86 - - [13/Dec/2021:09:52:05 +0800] "GET /xingrg/check_reg.html?_=1639360324558 HTTP/1.1" 200 22
124.78.153.86 - - [13/Dec/2021:09:52:05 +0800] "GET /xingrg/all/function/internal_message.html?_=1639360324557&CODE_STATE=count HTTP/1.1" 200 11
124.78.153.86 - - [13/Dec/2021:09:52:05 +0800] "POST /xingrg/load_menu.html HTTP/1.1" 200 5138
124.78.153.86 - - [13/Dec/2021:09:52:10 +0800] "GET /xingrg/kc/base/yddb_order_list.html HTTP/1.1" 200 16665
124.78.153.86 - - [13/Dec/2021:09:52:10 +0800] "POST /xingrg/kc/base/yddb_list_operate.html HTTP/1.1" 200 636
124.78.153.86 - - [13/Dec/2021:09:52:15 +0800] "POST /xingrg/kc/base/yddb_list_operate.html HTTP/1.1" 200 4307
222.70.176.97 - - [13/Dec/2021:09:52:16 +0800] "GET /xingrg/all/function/internal_message.html?_=1639359999589&CODE_STATE=getMsg HTTP/1.1" 302 -
172.20.0.100 - - [13/Dec/2021:09:52:19 +0800] "GET /xingrg/all/function/internal_message.html?_=1639360338786&CODE_STATE=getMsg HTTP/1.1" 200 27
172.20.0.100 - - [13/Dec/2021:09:52:20 +0800] "GET /xingrg/all/function/internal_message.html?_=1639360340354&CODE_STATE=getMsg HTTP/1.1" 200 27
116.233.76.72 - - [13/Dec/2021:09:52:23 +0800] "GET /xingrg/all/function/internal_message.html?_=1639360342732&CODE_STATE=getMsg HTTP/1.1" 200 27
124.78.153.86 - - [13/Dec/2021:09:52:24 +0800] "POST /xingrg/kc/base/yddb_list_operate.html HTTP/1.1" 200 209
124.78.153.86 - - [13/Dec/2021:09:52:24 +0800] "GET /xingrg/all/function/internal_message.html?_=1639360342919&CODE_STATE=getMsg HTTP/1.1" 200 27
124.78.153.86 - - [13/Dec/2021:09:52:24 +0800] "GET /xingrg/kc/base/yddb_order_info.html?code=482021111400077 HTTP/1.1" 200 31641
124.78.153.86 - - [13/Dec/2021:09:52:24 +0800] "GET /xingrg/dwr/interface/AjaxYddbService.js HTTP/1.1" 200 13201
124.78.153.86 - - [13/Dec/2021:09:52:24 +0800] "GET /xingrg/dwr/interface/AjaxComOrderService.js HTTP/1.1" 200 18264
124.78.153.86 - - [13/Dec/2021:09:52:24 +0800] "GET /xingrg/dwr/engine.js HTTP/1.1" 200 43631
124.78.153.86 - - [13/Dec/2021:09:52:24 +0800] "GET /xingrg/dwr/util.js HTTP/1.1" 200 35990
124.78.153.86 - - [13/Dec/2021:09:52:24 +0800] "POST /xingrg/dwr/call/plaincall/AjaxYddbService.loadMaterielItems.dwr HTTP/1.1" 200 409
124.78.153.86 - - [13/Dec/2021:09:52:26 +0800] "GET /xingrg/kc/buy/cgsh_order_operate.html?command=get_materiel&rest_code=00106&code=00101008355&supplier_code=00100007&order_time=2021-12-13 HTTP/1.1" 200 408
116.238.248.233 - - [13/Dec/2021:09:52:31 +0800] "GET /xingrg/all/function/internal_message.html?_=1639360350319&CODE_STATE=getMsg HTTP/1.1" 200 27
124.78.153.86 - - [13/Dec/2021:09:52:32 +0800] "GET /xingrg/kc/buy/cgsh_order_operate.html?command=get_materiel&rest_code=00106&code=00101008264&supplier_code=00100007&order_time=2021-12-13 HTTP/1.1" 200 412
61.172.28.229 - - [13/Dec/2021:09:52:38 +0800] "GET /xingrg/all/function/internal_message.html?_=1639360358958&CODE_STATE=getMsg HTTP/1.1" 200 27
124.77.240.52 - - [13/Dec/2021:09:52:40 +0800] "GET /xingrg/all/function/internal_message.html?_=1639360361461&CODE_STATE=getMsg HTTP/1.1" 200 27
124.78.153.86 - - [13/Dec/2021:09:52:41 +0800] "GET /xingrg/kc/buy/cgsh_order_operate.html?command=get_materiel&rest_code=00106&code=00101008024&supplier_code=00100007&order_time=2021-12-13 HTTP/1.1" 200 408
124.78.153.86 - - [13/Dec/2021:09:52:49 +0800] "GET /xingrg/kc/buy/cgsh_order_operate.html?command=get_materiel&rest_code=00106&code=00101008356&supplier_code=00100007&order_time=2021-12-13 HTTP/1.1" 200 408
114.88.154.34 - - [13/Dec/2021:09:52:50 +0800] "GET /xingrg/all/function/internal_message.html?_=1639360185277&CODE_STATE=getMsg HTTP/1.1" 200 27
124.77.240.52 - - [13/Dec/2021:09:52:52 +0800] "GET /xingrg/check_reg.html?_=1639360373495 HTTP/1.1" 200 22
124.78.153.86 - - [13/Dec/2021:09:52:55 +0800] "GET /xingrg/kc/buy/cgsh_order_operate.html?command=get_materiel&rest_code=00106&code=00101008137&supplier_code=00100007&order_time=2021-12-13 HTTP/1.1" 200 408
222.70.176.97 - - [13/Dec/2021:09:52:58 +0800] "GET /xingrg/all/function/internal_message.html?_=1639360377898&CODE_STATE=getMsg HTTP/1.1" 200 27
116.238.208.177 - - [13/Dec/2021:09:53:01 +0800] "GET /xingrg/all/function/internal_message.html?_=1639360381597&CODE_STATE=getMsg HTTP/1.1" 200 27
114.83.219.237 - - [13/Dec/2021:09:53:01 +0800] "GET /xingrg/all/function/internal_message.html?_=1639360379570&CODE_STATE=getMsg HTTP/1.1" 200 27
172.20.0.100 - - [13/Dec/2021:09:53:01 +0800] "GET /xingrg/all/function/internal_message.html?_=1639360381531&CODE_STATE=getMsg HTTP/1.1" 200 27
124.78.153.86 - - [13/Dec/2021:09:53:02 +0800] "GET /xingrg/kc/buy/cgsh_order_operate.html?command=get_materiel&rest_code=00106&code=00101008230&supplier_code=00100007&order_time=2021-12-13 HTTP/1.1" 200 408
120.253.135.82 - - [13/Dec/2021:09:53:03 +0800] "GET /xingrg/kc/pszx/mdqp_order_list.html?state=10 HTTP/1.1" 200 11441
120.253.135.82 - - [13/Dec/2021:09:53:03 +0800] "GET /xingrg/dwr/interface/AjaxReportQueryService.js HTTP/1.1" 200 13203
120.253.135.82 - - [13/Dec/2021:09:53:03 +0800] "GET /xingrg/dwr/interface/AjaxQqpsService.js HTTP/1.1" 200 16326
120.253.135.82 - - [13/Dec/2021:09:53:03 +0800] "GET /xingrg/dwr/engine.js HTTP/1.1" 200 43631
124.78.153.86 - - [13/Dec/2021:09:53:05 +0800] "GET /xingrg/all/function/internal_message.html?_=1639360384572&CODE_STATE=getMsg HTTP/1.1" 200 27
120.253.135.82 - - [13/Dec/2021:09:53:07 +0800] "GET /xingrg/kc/pszx/mdqp_order_info.html?code=302021121300257 HTTP/1.1" 200 13338
120.253.135.82 - - [13/Dec/2021:09:53:07 +0800] "GET /xingrg/javascript/tools/jquery.qtip-1.0.0-rc3.min.js HTTP/1.1" 304 -
120.253.135.82 - - [13/Dec/2021:09:53:07 +0800] "GET /xingrg/dwr/interface/AjaxComOrderService.js HTTP/1.1" 200 18264
120.253.135.82 - - [13/Dec/2021:09:53:07 +0800] "GET /xingrg/javascript/AjaxInfoList.js HTTP/1.1" 304 -
120.253.135.82 - - [13/Dec/2021:09:53:07 +0800] "GET /xingrg/dwr/interface/AjaxQqpsService.js HTTP/1.1" 200 16326
120.253.135.82 - - [13/Dec/2021:09:53:07 +0800] "GET /xingrg/javascript/checkform.js HTTP/1.1" 304 -
120.253.135.82 - - [13/Dec/2021:09:53:07 +0800] "GET /xingrg/javascript/Grid.js HTTP/1.1" 304 -
120.253.135.82 - - [13/Dec/2021:09:53:07 +0800] "GET /xingrg/javascript/print/kc_print.js HTTP/1.1" 304 -
120.253.135.82 - - [13/Dec/2021:09:53:07 +0800] "GET /xingrg/javascript/ToolTips.js HTTP/1.1" 304 -
120.253.135.82 - - [13/Dec/2021:09:53:07 +0800] "GET /xingrg/dwr/engine.js HTTP/1.1" 200 43631
120.253.135.82 - - [13/Dec/2021:09:53:07 +0800] "GET /xingrg/javascript/jquery_easy_ui/themes/icons/print.png HTTP/1.1" 304 -
120.253.135.82 - - [13/Dec/2021:09:53:07 +0800] "GET /xingrg/javascript/jquery_easy_ui/themes/default/images/menu_downarrow.png HTTP/1.1" 304 -
120.253.135.82 - - [13/Dec/2021:09:53:07 +0800] "GET /xingrg/images/blue/button/kc_tab_edit.gif HTTP/1.1" 304 -
120.253.135.82 - - [13/Dec/2021:09:53:07 +0800] "GET /xingrg/images/blue/button/kc_tab_save.gif HTTP/1.1" 304 -
120.253.135.82 - - [13/Dec/2021:09:53:07 +0800] "GET /xingrg/images/blue/kc_tab_left.gif HTTP/1.1" 304 -
120.253.135.82 - - [13/Dec/2021:09:53:07 +0800] "GET /xingrg/images/blue/wait.gif HTTP/1.1" 304 -
120.253.135.82 - - [13/Dec/2021:09:53:07 +0800] "GET /xingrg/images/blue/kc_tab2_left.gif HTTP/1.1" 304 -
120.253.135.82 - - [13/Dec/2021:09:53:07 +0800] "GET /xingrg/images/blue/kc_tab_mid.gif HTTP/1.1" 304 -
120.253.135.82 - - [13/Dec/2021:09:53:07 +0800] "GET /xingrg/images/blue/kc_tab2_right.gif HTTP/1.1" 304 -
120.253.135.82 - - [13/Dec/2021:09:53:07 +0800] "GET /xingrg/images/blue/kc_tab_right.gif HTTP/1.1" 304 -
120.253.135.82 - - [13/Dec/2021:09:53:07 +0800] "POST /xingrg/dwr/call/plaincall/AjaxQqpsService.loadMaterielItems.dwr HTTP/1.1" 200 2370
124.78.153.86 - - [13/Dec/2021:09:53:09 +0800] "GET /xingrg/kc/buy/cgsh_order_operate.html?command=get_materiel&rest_code=00106&code=00101008286&supplier_code=00100007&order_time=2021-12-13 HTTP/1.1" 200 408
120.253.135.82 - - [13/Dec/2021:09:53:12 +0800] "GET /xingrg/images/yd/bt.gif HTTP/1.1" 404 1040
120.253.135.82 - - [13/Dec/2021:09:53:12 +0800] "GET /xingrg/images/yd/bt2.gif HTTP/1.1" 404 1042
120.253.135.82 - - [13/Dec/2021:09:53:14 +0800] "GET /xingrg/javascript/jquery_easy_ui/themes/default/images/button_plain_hover.png HTTP/1.1" 304 -
120.253.135.82 - - [13/Dec/2021:09:53:16 +0800] "GET /xingrg/kc/pszx/mdqp_order_list.html?isBack=1 HTTP/1.1" 302 -
120.253.135.82 - - [13/Dec/2021:09:53:16 +0800] "GET /xingrg/kc/pszx/mdqp_order_list.html?state=10 HTTP/1.1" 200 11441
120.253.135.82 - - [13/Dec/2021:09:53:16 +0800] "GET /xingrg/dwr/interface/AjaxQqpsService.js HTTP/1.1" 200 16326
120.253.135.82 - - [13/Dec/2021:09:53:16 +0800] "GET /xingrg/dwr/interface/AjaxReportQueryService.js HTTP/1.1" 200 13203
222.70.176.97 - - [13/Dec/2021:09:53:16 +0800] "GET /xingrg/all/function/internal_message.html?_=1639360059590&CODE_STATE=getMsg HTTP/1.1" 302 -
222.70.176.97 - - [13/Dec/2021:09:53:16 +0800] "GET /xingrg/check_reg.html?_=1639360059591 HTTP/1.1" 302 -
120.253.135.82 - - [13/Dec/2021:09:53:16 +0800] "GET /xingrg/dwr/engine.js HTTP/1.1" 200 43631
124.78.153.86 - - [13/Dec/2021:09:53:17 +0800] "GET /xingrg/kc/buy/cgsh_order_operate.html?command=get_materiel&rest_code=00106&code=00101008036&supplier_code=00100007&order_time=2021-12-13 HTTP/1.1" 200 408
120.253.135.82 - - [13/Dec/2021:09:53:18 +0800] "GET /xingrg/kc/pszx/mdqp_order_info.html?code=302021121300256 HTTP/1.1" 200 13338
120.253.135.82 - - [13/Dec/2021:09:53:18 +0800] "GET /xingrg/dwr/interface/AjaxQqpsService.js HTTP/1.1" 200 16326
120.253.135.82 - - [13/Dec/2021:09:53:18 +0800] "GET /xingrg/dwr/interface/AjaxComOrderService.js HTTP/1.1" 200 18264
120.253.135.82 - - [13/Dec/2021:09:53:18 +0800] "GET /xingrg/dwr/engine.js HTTP/1.1" 200 43631
120.253.135.82 - - [13/Dec/2021:09:53:18 +0800] "POST /xingrg/dwr/call/plaincall/AjaxQqpsService.loadMaterielItems.dwr HTTP/1.1" 200 682
172.20.0.100 - - [13/Dec/2021:09:53:19 +0800] "GET /xingrg/all/function/internal_message.html?_=1639360398788&CODE_STATE=getMsg HTTP/1.1" 200 27
172.20.0.100 - - [13/Dec/2021:09:53:20 +0800] "GET /xingrg/check_reg.html?_=1639360400341 HTTP/1.1" 200 22
172.20.0.100 - - [13/Dec/2021:09:53:20 +0800] "GET /xingrg/all/function/internal_message.html?_=1639360400344&CODE_STATE=getMsg HTTP/1.1" 200 27
116.233.76.72 - - [13/Dec/2021:09:53:23 +0800] "GET /xingrg/all/function/internal_message.html?_=1639360402732&CODE_STATE=getMsg HTTP/1.1" 200 27
124.78.153.86 - - [13/Dec/2021:09:53:23 +0800] "GET /xingrg/kc/buy/cgsh_order_operate.html?command=get_materiel&rest_code=00106&code=00101008131&supplier_code=00100007&order_time=2021-12-13 HTTP/1.1" 200 408
124.78.153.86 - - [13/Dec/2021:09:53:24 +0800] "GET /xingrg/all/function/internal_message.html?_=1639360402913&CODE_STATE=getMsg HTTP/1.1" 200 27
120.253.135.82 - - [13/Dec/2021:09:53:25 +0800] "GET /xingrg/kc/pszx/mdqp_order_list.html?isBack=1 HTTP/1.1" 302 -
120.253.135.82 - - [13/Dec/2021:09:53:25 +0800] "GET /xingrg/kc/pszx/mdqp_order_list.html?state=10 HTTP/1.1" 200 11441
120.253.135.82 - - [13/Dec/2021:09:53:25 +0800] "GET /xingrg/dwr/interface/AjaxReportQueryService.js HTTP/1.1" 200 13203
120.253.135.82 - - [13/Dec/2021:09:53:25 +0800] "GET /xingrg/dwr/interface/AjaxQqpsService.js HTTP/1.1" 200 16326
120.253.135.82 - - [13/Dec/2021:09:53:25 +0800] "GET /xingrg/dwr/engine.js HTTP/1.1" 200 43631
120.253.135.82 - - [13/Dec/2021:09:53:28 +0800] "GET /xingrg/kc/pszx/mdqp_order_info.html?code=302021121300255 HTTP/1.1" 200 13338
120.253.135.82 - - [13/Dec/2021:09:53:28 +0800] "GET /xingrg/dwr/interface/AjaxQqpsService.js HTTP/1.1" 200 16326
120.253.135.82 - - [13/Dec/2021:09:53:28 +0800] "GET /xingrg/dwr/interface/AjaxComOrderService.js HTTP/1.1" 200 18264
120.253.135.82 - - [13/Dec/2021:09:53:28 +0800] "GET /xingrg/dwr/engine.js HTTP/1.1" 200 43631
120.253.135.82 - - [13/Dec/2021:09:53:28 +0800] "POST /xingrg/dwr/call/plaincall/AjaxQqpsService.loadMaterielItems.dwr HTTP/1.1" 200 8721
124.78.153.86 - - [13/Dec/2021:09:53:31 +0800] "GET /xingrg/kc/buy/cgsh_order_operate.html?command=get_materiel&rest_code=00106&code=00101008005&supplier_code=00100007&order_time=2021-12-13 HTTP/1.1" 200 412
116.238.248.233 - - [13/Dec/2021:09:53:31 +0800] "GET /xingrg/all/function/internal_message.html?_=1639360410301&CODE_STATE=getMsg HTTP/1.1" 200 27
61.172.28.229 - - [13/Dec/2021:09:53:38 +0800] "GET /xingrg/check_reg.html?_=1639360418958 HTTP/1.1" 200 22
120.253.135.82 - - [13/Dec/2021:09:53:38 +0800] "GET /xingrg/images/yd/bt.gif HTTP/1.1" 404 1040
61.172.28.229 - - [13/Dec/2021:09:53:38 +0800] "GET /xingrg/all/function/internal_message.html?_=1639360418961&CODE_STATE=getMsg HTTP/1.1" 200 27
120.253.135.82 - - [13/Dec/2021:09:53:38 +0800] "GET /xingrg/images/yd/bt2.gif HTTP/1.1" 404 1042
124.78.153.86 - - [13/Dec/2021:09:53:39 +0800] "GET /xingrg/kc/buy/cgsh_order_operate.html?command=get_materiel&rest_code=00106&code=00101008353&supplier_code=00100007&order_time=2021-12-13 HTTP/1.1" 200 408
124.77.240.52 - - [13/Dec/2021:09:53:40 +0800] "GET /xingrg/all/function/internal_message.html?_=1639360421466&CODE_STATE=getMsg HTTP/1.1" 200 27
116.238.208.177 - - [13/Dec/2021:09:53:45 +0800] "GET /xingrg/check_reg.html?_=1639360426572 HTTP/1.1" 200 22
124.78.153.86 - - [13/Dec/2021:09:53:47 +0800] "GET /xingrg/kc/buy/cgsh_order_operate.html?command=get_materiel&rest_code=00106&code=00101008109&supplier_code=00100007&order_time=2021-12-13 HTTP/1.1" 200 413
114.88.154.34 - - [13/Dec/2021:09:53:50 +0800] "GET /xingrg/all/function/internal_message.html?_=1639360245255&CODE_STATE=getMsg HTTP/1.1" 200 27
114.85.125.222 - - [13/Dec/2021:09:53:52 +0800] "GET /xingrg/check_reg.html?_=1639360388183 HTTP/1.1" 302 -
124.78.153.86 - - [13/Dec/2021:09:53:55 +0800] "GET /xingrg/kc/buy/cgsh_order_operate.html?command=get_materiel&rest_code=00106&code=00101008283&supplier_code=00100007&order_time=2021-12-13 HTTP/1.1" 200 408
222.70.176.97 - - [13/Dec/2021:09:53:58 +0800] "GET /xingrg/all/function/internal_message.html?_=1639360437885&CODE_STATE=getMsg HTTP/1.1" 200 27
116.238.208.177 - - [13/Dec/2021:09:54:01 +0800] "GET /xingrg/all/function/internal_message.html?_=1639360442262&CODE_STATE=getMsg HTTP/1.1" 200 27
114.83.219.237 - - [13/Dec/2021:09:54:01 +0800] "GET /xingrg/all/function/internal_message.html?_=1639360439543&CODE_STATE=getMsg HTTP/1.1" 200 27
172.20.0.100 - - [13/Dec/2021:09:54:01 +0800] "GET /xingrg/check_reg.html?_=1639360441519 HTTP/1.1" 200 22
172.20.0.100 - - [13/Dec/2021:09:54:01 +0800] "GET /xingrg/all/function/internal_message.html?_=1639360441521&CODE_STATE=getMsg HTTP/1.1" 200 27
124.78.153.86 - - [13/Dec/2021:09:54:03 +0800] "GET /xingrg/kc/buy/cgsh_order_operate.html?command=get_materiel&rest_code=00106&code=00101008096&supplier_code=00100007&order_time=2021-12-13 HTTP/1.1" 200 412
124.78.153.86 - - [13/Dec/2021:09:54:05 +0800] "GET /xingrg/all/function/internal_message.html?_=1639360444570&CODE_STATE=getMsg HTTP/1.1" 200 27
124.78.153.86 - - [13/Dec/2021:09:54:11 +0800] "POST /xingrg/kc/buy/cgsh_order_operate.html HTTP/1.1" 200 37
222.70.176.97 - - [13/Dec/2021:09:54:16 +0800] "GET /xingrg/all/function/internal_message.html?_=1639360119589&CODE_STATE=getMsg HTTP/1.1" 302 -
114.83.219.237 - - [13/Dec/2021:09:54:17 +0800] "GET /xingrg/check_reg.html?_=1639360455301 HTTP/1.1" 200 22
172.20.0.100 - - [13/Dec/2021:09:54:19 +0800] "GET /xingrg/all/function/internal_message.html?_=1639360458773&CODE_STATE=getMsg HTTP/1.1" 200 27
172.20.0.100 - - [13/Dec/2021:09:54:20 +0800] "GET /xingrg/all/function/internal_message.html?_=1639360460346&CODE_STATE=getMsg HTTP/1.1" 200 27
116.233.76.72 - - [13/Dec/2021:09:54:23 +0800] "GET /xingrg/all/function/internal_message.html?_=1639360462730&CODE_STATE=getMsg HTTP/1.1" 200 27
124.78.153.86 - - [13/Dec/2021:09:54:24 +0800] "POST /xingrg/kc/buy/cgsh_order_operate.html HTTP/1.1" 200 12079
124.78.153.86 - - [13/Dec/2021:09:54:24 +0800] "GET /xingrg/check_reg.html?_=1639360462925 HTTP/1.1" 200 22
124.78.153.86 - - [13/Dec/2021:09:54:24 +0800] "GET /xingrg/all/function/internal_message.html?_=1639360462926&CODE_STATE=getMsg HTTP/1.1" 200 27
124.78.153.86 - - [13/Dec/2021:09:54:30 +0800] "GET /xingrg/kc/buy/cgsh_order_operate.html?command=get_materiel&rest_code=00106&code=00101008087&supplier_code=00100007&order_time=2021-12-13 HTTP/1.1" 200 412
116.238.248.233 - - [13/Dec/2021:09:54:31 +0800] "GET /xingrg/all/function/internal_message.html?_=1639360470284&CODE_STATE=getMsg HTTP/1.1" 200 27
61.172.28.229 - - [13/Dec/2021:09:54:38 +0800] "GET /xingrg/all/function/internal_message.html?_=1639360478946&CODE_STATE=getMsg HTTP/1.1" 200 27
124.78.153.86 - - [13/Dec/2021:09:54:39 +0800] "GET /xingrg/kc/buy/cgsh_order_operate.html?command=get_materiel&rest_code=00106&code=00101008361&supplier_code=00100007&order_time=2021-12-13 HTTP/1.1" 200 408
124.77.240.52 - - [13/Dec/2021:09:54:40 +0800] "GET /xingrg/all/function/internal_message.html?_=1639360481480&CODE_STATE=getMsg HTTP/1.1" 200 27
124.78.153.86 - - [13/Dec/2021:09:54:46 +0800] "GET /xingrg/kc/buy/cgsh_order_operate.html?command=get_materiel&rest_code=00106&code=00101008067&supplier_code=00100007&order_time=2021-12-13 HTTP/1.1" 200 416
58.221.95.50 - - [13/Dec/2021:09:54:47 +0800] "GET /xingrg/check_reg.html?_=1639360488596 HTTP/1.1" 302 -
114.88.154.34 - - [13/Dec/2021:09:54:50 +0800] "GET /xingrg/all/function/internal_message.html?_=1639360305264&CODE_STATE=getMsg HTTP/1.1" 200 27
114.88.154.34 - - [13/Dec/2021:09:54:50 +0800] "GET /xingrg/check_reg.html?_=1639360305384 HTTP/1.1" 200 22
124.78.153.86 - - [13/Dec/2021:09:54:53 +0800] "GET /xingrg/kc/buy/cgsh_order_operate.html?command=get_materiel&rest_code=00106&code=00101008155&supplier_code=00100007&order_time=2021-12-13 HTTP/1.1" 200 408
124.78.153.86 - - [13/Dec/2021:09:54:55 +0800] "POST /xingrg/kc/buy/cgsh_order_operate.html HTTP/1.1" 200 2065
222.70.176.97 - - [13/Dec/2021:09:54:58 +0800] "GET /xingrg/all/function/internal_message.html?_=1639360497882&CODE_STATE=getMsg HTTP/1.1" 200 27
222.70.176.97 - - [13/Dec/2021:09:54:58 +0800] "GET /xingrg/check_reg.html?_=1639360497885 HTTP/1.1" 200 22
124.78.153.86 - - [13/Dec/2021:09:55:00 +0800] "GET /xingrg/kc/buy/cgsh_order_operate.html?command=get_materiel&rest_code=00106&code=00101008199&supplier_code=00100007&order_time=2021-12-13 HTTP/1.1" 200 408
114.83.219.237 - - [13/Dec/2021:09:55:01 +0800] "GET /xingrg/all/function/internal_message.html?_=1639360499515&CODE_STATE=getMsg HTTP/1.1" 200 27
116.238.208.177 - - [13/Dec/2021:09:55:01 +0800] "GET /xingrg/all/function/internal_message.html?_=1639360502277&CODE_STATE=getMsg HTTP/1.1" 200 27
172.20.0.100 - - [13/Dec/2021:09:55:01 +0800] "GET /xingrg/all/function/internal_message.html?_=1639360501535&CODE_STATE=getMsg HTTP/1.1" 200 27
114.84.2.174 - - [13/Dec/2021:09:55:03 +0800] "POST /xingrg/services/DataTransmitService HTTP/1.1" 200 524
124.78.153.86 - - [13/Dec/2021:09:55:05 +0800] "GET /xingrg/all/function/internal_message.html?_=1639360504571&CODE_STATE=getMsg HTTP/1.1" 200 27
116.227.210.113 - - [13/Dec/2021:09:55:11 +0800] "POST /xingrg/services/DataTransmitService HTTP/1.1" 200 524
124.78.153.86 - - [13/Dec/2021:09:55:15 +0800] "GET /xingrg/kc/buy/cgsh_order_operate.html?command=get_materiel&rest_code=00106&code=00101008321&supplier_code=00100007&order_time=2021-12-13 HTTP/1.1" 200 412
222.70.176.97 - - [13/Dec/2021:09:55:16 +0800] "GET /xingrg/all/function/internal_message.html?_=1639360179589&CODE_STATE=getMsg HTTP/1.1" 302 -
172.20.0.100 - - [13/Dec/2021:09:55:19 +0800] "GET /xingrg/all/function/internal_message.html?_=1639360518775&CODE_STATE=getMsg HTTP/1.1" 200 27
114.84.2.174 - - [13/Dec/2021:09:55:20 +0800] "POST /xingrg/services/DataTransmitService HTTP/1.1" 200 501
114.84.2.174 - - [13/Dec/2021:09:55:20 +0800] "POST /xingrg/services/DataTransmitService HTTP/1.1" 200 501
172.20.0.100 - - [13/Dec/2021:09:55:20 +0800] "GET /xingrg/all/function/internal_message.html?_=1639360520348&CODE_STATE=getMsg HTTP/1.1" 200 27
124.77.240.52 - - [13/Dec/2021:09:55:21 +0800] "GET /xingrg/check_reg.html?_=1639360521967 HTTP/1.1" 302 -
114.84.2.174 - - [13/Dec/2021:09:55:21 +0800] "POST /xingrg/services/DataTransmitService HTTP/1.1" 200 501
124.78.153.86 - - [13/Dec/2021:09:55:22 +0800] "GET /xingrg/kc/buy/cgsh_order_operate.html?command=get_materiel&rest_code=00106&code=00101008213&supplier_code=00100007&order_time=2021-12-13 HTTP/1.1" 200 412
114.84.2.174 - - [13/Dec/2021:09:55:23 +0800] "POST /xingrg/services/DataTransmitService HTTP/1.1" 200 501
116.233.76.72 - - [13/Dec/2021:09:55:23 +0800] "GET /xingrg/all/function/internal_message.html?_=1639360522744&CODE_STATE=getMsg HTTP/1.1" 200 27
116.233.76.72 - - [13/Dec/2021:09:55:23 +0800] "GET /xingrg/check_reg.html?_=1639360522746 HTTP/1.1" 200 22
114.84.2.174 - - [13/Dec/2021:09:55:23 +0800] "POST /xingrg/services/DataTransmitService HTTP/1.1" 200 501
114.84.2.174 - - [13/Dec/2021:09:55:23 +0800] "POST /xingrg/services/DataTransmitService HTTP/1.1" 200 501
124.78.153.86 - - [13/Dec/2021:09:55:24 +0800] "GET /xingrg/all/function/internal_message.html?_=1639360522916&CODE_STATE=getMsg HTTP/1.1" 200 27
114.84.2.174 - - [13/Dec/2021:09:55:24 +0800] "POST /xingrg/services/DataTransmitService HTTP/1.1" 200 501
114.84.2.174 - - [13/Dec/2021:09:55:24 +0800] "POST /xingrg/services/DataTransmitService HTTP/1.1" 200 501
114.84.2.174 - - [13/Dec/2021:09:55:25 +0800] "POST /xingrg/services/DataTransmitService HTTP/1.1" 200 501
114.84.2.174 - - [13/Dec/2021:09:55:25 +0800] "POST /xingrg/services/DataTransmitService HTTP/1.1" 200 412
116.238.248.233 - - [13/Dec/2021:09:55:31 +0800] "GET /xingrg/all/function/internal_message.html?_=1639360530268&CODE_STATE=getMsg HTTP/1.1" 200 27
124.78.153.86 - - [13/Dec/2021:09:55:32 +0800] "GET /xingrg/kc/buy/cgsh_order_operate.html?command=get_materiel&rest_code=00106&code=00101008350&supplier_code=00100007&order_time=2021-12-13 HTTP/1.1" 200 408
61.172.28.229 - - [13/Dec/2021:09:55:38 +0800] "GET /xingrg/all/function/internal_message.html?_=1639360538947&CODE_STATE=getMsg HTTP/1.1" 200 27
124.78.153.86 - - [13/Dec/2021:09:55:38 +0800] "POST /xingrg/kc/buy/cgsh_order_operate.html HTTP/1.1" 200 2065
124.77.240.52 - - [13/Dec/2021:09:55:41 +0800] "GET /xingrg/all/function/internal_message.html?_=1639360541750&CODE_STATE=getMsg HTTP/1.1" 200 27
114.88.154.34 - - [13/Dec/2021:09:55:50 +0800] "GET /xingrg/all/function/internal_message.html?_=1639360365232&CODE_STATE=getMsg HTTP/1.1" 200 27
124.78.153.86 - - [13/Dec/2021:09:55:53 +0800] "GET /xingrg/kc/buy/cgsh_order_operate.html?command=get_materiel&rest_code=00106&code=00101008041&supplier_code=00100007&order_time=2021-12-13 HTTP/1.1" 200 408
222.70.176.97 - - [13/Dec/2021:09:55:58 +0800] "GET /xingrg/all/function/internal_message.html?_=1639360557884&CODE_STATE=getMsg HTTP/1.1" 200 27
114.83.219.237 - - [13/Dec/2021:09:56:01 +0800] "GET /xingrg/all/function/internal_message.html?_=1639360559510&CODE_STATE=getMsg HTTP/1.1" 200 27
172.20.0.100 - - [13/Dec/2021:09:56:01 +0800] "GET /xingrg/all/function/internal_message.html?_=1639360561535&CODE_STATE=getMsg HTTP/1.1" 200 27
116.238.208.177 - - [13/Dec/2021:09:56:02 +0800] "GET /xingrg/all/function/internal_message.html?_=1639360562958&CODE_STATE=getMsg HTTP/1.1" 200 27
124.78.153.86 - - [13/Dec/2021:09:56:05 +0800] "POST /xingrg/kc/buy/cgsh_order_operate.html HTTP/1.1" 200 37
124.78.153.86 - - [13/Dec/2021:09:56:05 +0800] "GET /xingrg/all/function/internal_message.html?_=1639360564566&CODE_STATE=getMsg HTTP/1.1" 200 27
124.78.153.86 - - [13/Dec/2021:09:56:07 +0800] "POST /xingrg/kc/buy/cgsh_order_operate.html HTTP/1.1" 200 18602
222.70.176.97 - - [13/Dec/2021:09:56:16 +0800] "GET /xingrg/all/function/internal_message.html?_=1639360239589&CODE_STATE=getMsg HTTP/1.1" 302 -
172.20.0.100 - - [13/Dec/2021:09:56:19 +0800] "GET /xingrg/all/function/internal_message.html?_=1639360578776&CODE_STATE=getMsg HTTP/1.1" 200 27
172.20.0.100 - - [13/Dec/2021:09:56:19 +0800] "GET /xingrg/check_reg.html?_=1639360578778 HTTP/1.1" 200 22
172.20.0.100 - - [13/Dec/2021:09:56:20 +0800] "GET /xingrg/all/function/internal_message.html?_=1639360580350&CODE_STATE=getMsg HTTP/1.1" 200 27
116.233.76.72 - - [13/Dec/2021:09:56:23 +0800] "GET /xingrg/all/function/internal_message.html?_=1639360582745&CODE_STATE=getMsg HTTP/1.1" 200 27
124.78.153.86 - - [13/Dec/2021:09:56:24 +0800] "GET /xingrg/all/function/internal_message.html?_=1639360582926&CODE_STATE=getMsg HTTP/1.1" 200 27
116.238.248.233 - - [13/Dec/2021:09:56:31 +0800] "GET /xingrg/all/function/internal_message.html?_=1639360590251&CODE_STATE=getMsg HTTP/1.1" 200 27
116.238.248.233 - - [13/Dec/2021:09:56:31 +0800] "GET /xingrg/check_reg.html?_=1639360590424 HTTP/1.1" 200 22
61.172.28.229 - - [13/Dec/2021:09:56:38 +0800] "GET /xingrg/all/function/internal_message.html?_=1639360598948&CODE_STATE=getMsg HTTP/1.1" 200 27
124.78.153.86 - - [13/Dec/2021:09:56:40 +0800] "POST /xingrg/services/DataTransmitService HTTP/1.1" 200 524
124.77.240.52 - - [13/Dec/2021:09:56:41 +0800] "GET /xingrg/all/function/internal_message.html?_=1639360601757&CODE_STATE=getMsg HTTP/1.1" 200 27
101.85.120.86 - - [13/Dec/2021:09:56:41 +0800] "GET /favicon.ico HTTP/1.1" 404 -
101.85.120.86 - - [13/Dec/2021:09:56:42 +0800] "GET /xingrg/login.html HTTP/1.1" 200 7641
101.85.120.86 - - [13/Dec/2021:09:56:43 +0800] "GET /favicon.ico HTTP/1.1" 404 -
101.85.120.86 - - [13/Dec/2021:09:56:46 +0800] "POST /xingrg/login.do HTTP/1.1" 302 -
101.85.120.86 - - [13/Dec/2021:09:56:46 +0800] "GET /xingrg/index.html?sysBaseUrl=http%3A%2F%2F180.169.147.146%3A18081%2Fxingrg%2F&costTime=42×tamp=1639360606056 HTTP/1.1" 200 17179
101.85.120.86 - - [13/Dec/2021:09:56:46 +0800] "GET /favicon.ico HTTP/1.1" 404 -
101.85.120.86 - - [13/Dec/2021:09:56:46 +0800] "POST /xingrg/all/common/load_tree.html?tree=area_rest_tree_json&manage=1 HTTP/1.1" 200 351
101.85.120.86 - - [13/Dec/2021:09:56:46 +0800] "GET /xingrg/all/function/internal_message.html?_=1639360605650&CODE_STATE=count HTTP/1.1" 200 11
101.85.120.86 - - [13/Dec/2021:09:56:46 +0800] "GET /xingrg/check_reg.html?_=1639360605651 HTTP/1.1" 200 22
101.85.120.86 - - [13/Dec/2021:09:56:46 +0800] "POST /xingrg/load_menu.html HTTP/1.1" 200 5138
114.88.154.34 - - [13/Dec/2021:09:56:50 +0800] "GET /xingrg/all/function/internal_message.html?_=1639360425201&CODE_STATE=getMsg HTTP/1.1" 200 27
222.70.176.97 - - [13/Dec/2021:09:56:58 +0800] "GET /xingrg/all/function/internal_message.html?_=1639360617884&CODE_STATE=getMsg HTTP/1.1" 200 27
114.83.219.237 - - [13/Dec/2021:09:57:01 +0800] "GET /xingrg/all/function/internal_message.html?_=1639360619481&CODE_STATE=getMsg HTTP/1.1" 200 27
172.20.0.100 - - [13/Dec/2021:09:57:01 +0800] "GET /xingrg/all/function/internal_message.html?_=1639360621533&CODE_STATE=getMsg HTTP/1.1" 200 27
116.238.208.177 - - [13/Dec/2021:09:57:02 +0800] "GET /xingrg/all/function/internal_message.html?_=1639360622959&CODE_STATE=getMsg HTTP/1.1" 200 27
124.78.153.86 - - [13/Dec/2021:09:57:05 +0800] "GET /xingrg/check_reg.html?_=1639360624566 HTTP/1.1" 200 22
124.78.153.86 - - [13/Dec/2021:09:57:05 +0800] "GET /xingrg/all/function/internal_message.html?_=1639360624569&CODE_STATE=getMsg HTTP/1.1" 200 27
120.253.135.82 - - [13/Dec/2021:09:57:06 +0800] "GET /xingrg/kc/pszx/mdps_order_list.html?orderType=0 HTTP/1.1" 200 20925
120.253.135.82 - - [13/Dec/2021:09:57:06 +0800] "POST /xingrg/kc/pszx/mdps_list_operate.html HTTP/1.1" 200 5410
120.253.135.82 - - [13/Dec/2021:09:57:08 +0800] "GET /xingrg/javascript/easyui/themes/default/images/button_plain_hover.png HTTP/1.1" 304 -
120.253.135.82 - - [13/Dec/2021:09:57:08 +0800] "GET /xingrg/kc/pszx/mdps_order_add.html HTTP/1.1" 200 28947
120.253.135.82 - - [13/Dec/2021:09:57:08 +0800] "GET /xingrg/javascript/jquery_tools/order_manager.js HTTP/1.1" 304 -
120.253.135.82 - - [13/Dec/2021:09:57:08 +0800] "GET /xingrg/words/20211212135524_words.js HTTP/1.1" 304 -
120.253.135.82 - - [13/Dec/2021:09:57:09 +0800] "GET /xingrg/javascript/easyui/themes/icons/copy_new.png HTTP/1.1" 304 -
120.253.135.82 - - [13/Dec/2021:09:57:09 +0800] "GET /xingrg/javascript/easyui/themes/icons/ok.png HTTP/1.1" 304 -
120.253.135.82 - - [13/Dec/2021:09:57:09 +0800] "GET /xingrg/javascript/easyui/themes/default/images/menu_downarrow.png HTTP/1.1" 304 -
120.253.135.82 - - [13/Dec/2021:09:57:09 +0800] "GET /xingrg/javascript/easyui/themes/icons/cancel.png HTTP/1.1" 304 -
120.253.135.82 - - [13/Dec/2021:09:57:09 +0800] "GET /xingrg/javascript/easyui/themes/icons/print.png HTTP/1.1" 304 -
120.253.135.82 - - [13/Dec/2021:09:57:09 +0800] "POST /xingrg/kc/pszx/mdps_order_operate.html HTTP/1.1" 200 7126
120.253.135.82 - - [13/Dec/2021:09:57:09 +0800] "GET /xingrg/javascript/easyui/themes/icons/edit_remove.png HTTP/1.1" 304 -
120.253.135.82 - - [13/Dec/2021:09:57:09 +0800] "GET /xingrg/javascript/easyui/themes/default/validatebox.css HTTP/1.1" 404 1104
120.253.135.82 - - [13/Dec/2021:09:57:09 +0800] "GET /xingrg/javascript/easyui/plugins/jquery.validatebox.js HTTP/1.1" 304 -
120.253.135.82 - - [13/Dec/2021:09:57:09 +0800] "GET /xingrg/javascript/easyui/plugins/jquery.numberbox.js HTTP/1.1" 304 -
120.253.135.82 - - [13/Dec/2021:09:57:10 +0800] "GET /xingrg/javascript/auto/indicator.gif HTTP/1.1" 404 1066
124.78.153.86 - - [13/Dec/2021:09:57:14 +0800] "GET /xingrg/kc/buy/cgsh_order_operate.html?command=get_materiel&rest_code=00106&code=00101008069&supplier_code=00100007&order_time=2021-12-13 HTTP/1.1" 200 412
222.70.176.97 - - [13/Dec/2021:09:57:16 +0800] "GET /xingrg/all/function/internal_message.html?_=1639360299590&CODE_STATE=getMsg HTTP/1.1" 302 -
