180.169.147.146 - - [13/Dec/2021:11:13:52 +0800] "GET /xingrg/check_reg.html?_=1639365232591 HTTP/1.1" 200 22
180.169.147.146 - - [13/Dec/2021:11:13:52 +0800] "GET /xingrg/all/function/internal_message.html?_=1639365232607&CODE_STATE=getMsg HTTP/1.1" 200 27
114.85.125.222 - - [13/Dec/2021:11:13:53 +0800] "GET /xingrg/check_reg.html?_=1639365188827 HTTP/1.1" 302 -
222.70.176.97 - - [13/Dec/2021:11:13:57 +0800] "GET /xingrg/all/function/internal_message.html?_=1639365237124&CODE_STATE=getMsg HTTP/1.1" 200 27
180.162.110.111 - - [13/Dec/2021:11:13:59 +0800] "GET /xingrg/all/function/internal_message.html?_=1639364687938&CODE_STATE=getMsg HTTP/1.1" 200 27
116.238.248.233 - - [13/Dec/2021:11:13:59 +0800] "GET /xingrg/check_reg.html?_=1639365238170 HTTP/1.1" 200 22
116.238.248.233 - - [13/Dec/2021:11:13:59 +0800] "GET /xingrg/all/function/internal_message.html?_=1639365238169&CODE_STATE=getMsg HTTP/1.1" 200 27
114.83.219.237 - - [13/Dec/2021:11:14:00 +0800] "GET /xingrg/all/function/internal_message.html?_=1639365238251&CODE_STATE=getMsg HTTP/1.1" 200 27
180.169.147.146 - - [13/Dec/2021:11:14:02 +0800] "GET /xingrg/all/function/internal_message.html?_=1639365241161&CODE_STATE=getMsg HTTP/1.1" 200 27
124.78.153.86 - - [13/Dec/2021:11:14:05 +0800] "GET /xingrg/all/function/internal_message.html?_=1639365244835&CODE_STATE=getMsg HTTP/1.1" 200 27
172.20.0.100 - - [13/Dec/2021:11:14:07 +0800] "GET /xingrg/all/function/internal_message.html?_=1639365247183&CODE_STATE=getMsg HTTP/1.1" 200 27
116.227.210.113 - - [13/Dec/2021:11:14:14 +0800] "GET /xingrg/all/function/internal_message.html?_=1639365249131&CODE_STATE=getMsg HTTP/1.1" 200 27
61.172.28.229 - - [13/Dec/2021:11:14:15 +0800] "GET /xingrg/all/function/internal_message.html?_=1639365191526&CODE_STATE=getMsg HTTP/1.1" 200 27
222.70.176.97 - - [13/Dec/2021:11:14:16 +0800] "GET /xingrg/all/function/internal_message.html?_=1639364919589&CODE_STATE=getMsg HTTP/1.1" 302 -
114.83.219.237 - - [13/Dec/2021:11:14:17 +0800] "GET /xingrg/check_reg.html?_=1639365255600 HTTP/1.1" 200 22
172.20.0.100 - - [13/Dec/2021:11:14:19 +0800] "GET /xingrg/all/function/internal_message.html?_=1639365258782&CODE_STATE=getMsg HTTP/1.1" 200 27
124.78.153.86 - - [13/Dec/2021:11:14:24 +0800] "GET /xingrg/all/function/internal_message.html?_=1639365262850&CODE_STATE=getMsg HTTP/1.1" 200 27
180.169.147.146 - - [13/Dec/2021:11:14:24 +0800] "GET /xingrg/all/function/internal_message.html?_=1639365266808&CODE_STATE=getMsg HTTP/1.1" 200 27
124.78.153.86 - - [13/Dec/2021:11:14:24 +0800] "GET /xingrg/check_reg.html?_=1639365263039 HTTP/1.1" 200 22
61.172.28.229 - - [13/Dec/2021:11:14:34 +0800] "GET /xingrg/all/function/internal_message.html?_=1639365275214&CODE_STATE=getMsg HTTP/1.1" 200 27
61.172.28.229 - - [13/Dec/2021:11:14:35 +0800] "GET /xingrg/all/function/internal_message.html?_=1639365275795&CODE_STATE=getMsg HTTP/1.1" 200 27
116.238.208.177 - - [13/Dec/2021:11:14:37 +0800] "GET /xingrg/all/function/internal_message.html?_=1639365278107&CODE_STATE=getMsg HTTP/1.1" 200 27
114.88.154.34 - - [13/Dec/2021:11:14:37 +0800] "POST /xingrg/services/DataTransmitService HTTP/1.1" 200 524
116.233.76.72 - - [13/Dec/2021:11:14:37 +0800] "GET /xingrg/all/function/internal_message.html?_=1639365277471&CODE_STATE=getMsg HTTP/1.1" 200 27
114.88.154.34 - - [13/Dec/2021:11:14:38 +0800] "POST /xingrg/services/DataTransmitService HTTP/1.1" 200 412
172.20.0.100 - - [13/Dec/2021:11:14:45 +0800] "GET /xingrg/all/function/internal_message.html?_=1639365285444&CODE_STATE=getMsg HTTP/1.1" 200 27
101.85.120.86 - - [13/Dec/2021:11:14:46 +0800] "GET /xingrg/all/function/internal_message.html?_=1639365285743&CODE_STATE=getMsg HTTP/1.1" 200 27
124.77.240.52 - - [13/Dec/2021:11:14:49 +0800] "GET /xingrg/all/function/internal_message.html?_=1639365289789&CODE_STATE=getMsg HTTP/1.1" 200 27
114.83.219.237 - - [13/Dec/2021:11:14:49 +0800] "GET /xingrg/kc/base/wldb_order_list.html HTTP/1.1" 200 19066
114.83.219.237 - - [13/Dec/2021:11:14:49 +0800] "POST /xingrg/kc/base/wldb_list_operate.html HTTP/1.1" 200 1779
114.83.219.237 - - [13/Dec/2021:11:14:50 +0800] "GET /xingrg/kc/base/wldb_order_add.html HTTP/1.1" 200 30280
114.83.219.237 - - [13/Dec/2021:11:14:50 +0800] "GET /xingrg/words/20211213111008_words.js HTTP/1.1" 200 878600
114.83.219.237 - - [13/Dec/2021:11:14:51 +0800] "POST /xingrg/kc/base/wldb_order_operate.html HTTP/1.1" 200 6806
114.83.219.237 - - [13/Dec/2021:11:14:51 +0800] "GET /xingrg/javascript/easyui/themes/default/validatebox.css HTTP/1.1" 404 1104
180.169.147.146 - - [13/Dec/2021:11:14:52 +0800] "GET /xingrg/all/function/internal_message.html?_=1639365292588&CODE_STATE=getMsg HTTP/1.1" 200 27
180.162.110.111 - - [13/Dec/2021:11:14:55 +0800] "POST /xingrg/kc/buy/cgsh_order_operate.html HTTP/1.1" 200 37
114.83.219.237 - - [13/Dec/2021:11:14:55 +0800] "GET /xingrg/javascript/auto/indicator.gif HTTP/1.1" 404 1066
61.172.28.229 - - [13/Dec/2021:11:14:56 +0800] "GET /xingrg/javascript/auto/indicator.gif HTTP/1.1" 404 1066
180.162.110.111 - - [13/Dec/2021:11:14:56 +0800] "POST /xingrg/kc/buy/cgsh_order_operate.html HTTP/1.1" 200 12164
222.70.176.97 - - [13/Dec/2021:11:14:57 +0800] "GET /xingrg/all/function/internal_message.html?_=1639365297099&CODE_STATE=getMsg HTTP/1.1" 200 27
114.83.219.237 - - [13/Dec/2021:11:14:58 +0800] "GET /xingrg/javascript/jquery_tools/images/next.gif HTTP/1.1" 404 1086
114.83.219.237 - - [13/Dec/2021:11:14:58 +0800] "GET /xingrg/javascript/jquery_tools/images/prev.gif HTTP/1.1" 404 1086
222.70.176.97 - - [13/Dec/2021:11:14:58 +0800] "GET /xingrg/check_reg.html?_=1639365298021 HTTP/1.1" 200 22
180.162.110.111 - - [13/Dec/2021:11:14:59 +0800] "GET /xingrg/all/function/internal_message.html?_=1639364747942&CODE_STATE=getMsg HTTP/1.1" 200 27
116.238.248.233 - - [13/Dec/2021:11:14:59 +0800] "GET /xingrg/all/function/internal_message.html?_=1639365298179&CODE_STATE=getMsg HTTP/1.1" 200 27
114.83.219.237 - - [13/Dec/2021:11:15:00 +0800] "GET /xingrg/all/function/internal_message.html?_=1639365298235&CODE_STATE=getMsg HTTP/1.1" 200 27
114.83.219.237 - - [13/Dec/2021:11:15:01 +0800] "GET /xingrg/kc/base/wldb_order_operate.html?command=get_materiel&rest_code=00149&base_code=0010394&code=00101019400 HTTP/1.1" 200 451
180.169.147.146 - - [13/Dec/2021:11:15:02 +0800] "GET /xingrg/check_reg.html?_=1639365301150 HTTP/1.1" 200 22
180.169.147.146 - - [13/Dec/2021:11:15:02 +0800] "GET /xingrg/all/function/internal_message.html?_=1639365301152&CODE_STATE=getMsg HTTP/1.1" 200 27
61.172.28.229 - - [13/Dec/2021:11:15:02 +0800] "GET /xingrg/kc/base/wldb_order_operate.html?command=get_materiel&rest_code=00105&base_code=0010507&code=00101016076 HTTP/1.1" 200 477
114.83.219.237 - - [13/Dec/2021:11:15:04 +0800] "GET /xingrg/kc/base/wldb_order_operate.html?command=get_materiel&rest_code=00149&base_code=0010394&code=00101019184 HTTP/1.1" 200 444
124.78.153.86 - - [13/Dec/2021:11:15:05 +0800] "GET /xingrg/all/function/internal_message.html?_=1639365304834&CODE_STATE=getMsg HTTP/1.1" 200 27
172.20.0.100 - - [13/Dec/2021:11:15:07 +0800] "GET /xingrg/all/function/internal_message.html?_=1639365307176&CODE_STATE=getMsg HTTP/1.1" 200 27
114.83.219.237 - - [13/Dec/2021:11:15:07 +0800] "GET /xingrg/kc/base/wldb_order_operate.html?command=get_materiel&rest_code=00149&base_code=0010394&code=00101019185 HTTP/1.1" 200 453
114.83.219.237 - - [13/Dec/2021:11:15:10 +0800] "GET /xingrg/kc/base/wldb_order_operate.html?command=get_materiel&rest_code=00149&base_code=0010394&code=00101019391 HTTP/1.1" 200 471
116.227.210.113 - - [13/Dec/2021:11:15:12 +0800] "POST /xingrg/services/DataTransmitService HTTP/1.1" 200 524
116.227.210.113 - - [13/Dec/2021:11:15:13 +0800] "POST /xingrg/services/DataTransmitService HTTP/1.1" 200 412
116.227.210.113 - - [13/Dec/2021:11:15:13 +0800] "GET /xingrg/check_reg.html?_=1639365308363 HTTP/1.1" 200 22
114.83.219.237 - - [13/Dec/2021:11:15:14 +0800] "GET /xingrg/kc/base/wldb_order_operate.html?command=get_materiel&rest_code=00149&base_code=0010394&code=00101019376 HTTP/1.1" 200 461
116.227.210.113 - - [13/Dec/2021:11:15:14 +0800] "GET /xingrg/all/function/internal_message.html?_=1639365309128&CODE_STATE=getMsg HTTP/1.1" 200 27
61.172.28.229 - - [13/Dec/2021:11:15:15 +0800] "GET /xingrg/all/function/internal_message.html?_=1639365251551&CODE_STATE=getMsg HTTP/1.1" 200 27
222.70.176.97 - - [13/Dec/2021:11:15:16 +0800] "GET /xingrg/all/function/internal_message.html?_=1639364979589&CODE_STATE=getMsg HTTP/1.1" 302 -
61.172.28.229 - - [13/Dec/2021:11:15:17 +0800] "GET /xingrg/kc/base/wldb_order_operate.html?command=get_materiel&rest_code=00105&base_code=0010507&code=00101016019 HTTP/1.1" 200 450
114.83.219.237 - - [13/Dec/2021:11:15:18 +0800] "GET /xingrg/kc/base/wldb_order_operate.html?command=get_materiel&rest_code=00149&base_code=0010394&code=00101016086 HTTP/1.1" 200 467
172.20.0.100 - - [13/Dec/2021:11:15:19 +0800] "GET /xingrg/all/function/internal_message.html?_=1639365318777&CODE_STATE=getMsg HTTP/1.1" 200 27
124.77.240.52 - - [13/Dec/2021:11:15:21 +0800] "GET /xingrg/check_reg.html?_=1639365322148 HTTP/1.1" 302 -
180.169.147.146 - - [13/Dec/2021:11:15:21 +0800] "POST /xingrg/all/user/operate.html HTTP/1.1" 200 36
180.169.147.146 - - [13/Dec/2021:11:15:21 +0800] "GET /xingrg/index.html?sysBaseUrl=http%3A%2F%2F180.169.147.146%3A18081%2Fxingrg%2F&costTime=46×tamp=1639362679065 HTTP/1.1" 200 17509
180.169.147.146 - - [13/Dec/2021:11:15:21 +0800] "GET /xingrg/javascript/jquery_easy_ui/themes/default/easyui.css HTTP/1.1" 304 -
180.169.147.146 - - [13/Dec/2021:11:15:21 +0800] "GET /xingrg/javascript/jquery_easy_ui/themes/icon.css HTTP/1.1" 304 -
180.169.147.146 - - [13/Dec/2021:11:15:21 +0800] "GET /xingrg/css/form.css HTTP/1.1" 304 -
180.169.147.146 - - [13/Dec/2021:11:15:21 +0800] "GET /xingrg/javascript/jquery-1.4.2.min.js HTTP/1.1" 304 -
180.169.147.146 - - [13/Dec/2021:11:15:21 +0800] "GET /xingrg/javascript/jquery_easy_ui/jquery.easyui.min.js HTTP/1.1" 304 -
180.169.147.146 - - [13/Dec/2021:11:15:21 +0800] "GET /xingrg/javascript/jquery_easy_ui/easyui-lang-zh_CN.js HTTP/1.1" 304 -
180.169.147.146 - - [13/Dec/2021:11:15:21 +0800] "GET /xingrg/javascript/jquery.form.js HTTP/1.1" 304 -
180.169.147.146 - - [13/Dec/2021:11:15:21 +0800] "GET /xingrg/javascript/jquery.utils.js HTTP/1.1" 304 -
180.169.147.146 - - [13/Dec/2021:11:15:21 +0800] "GET /xingrg/javascript/jquery.timers.js HTTP/1.1" 304 -
180.169.147.146 - - [13/Dec/2021:11:15:21 +0800] "GET /xingrg/images/blue/jxLogo.png HTTP/1.1" 304 -
180.169.147.146 - - [13/Dec/2021:11:15:21 +0800] "GET /xingrg/images/blue/navBackgound.jpg HTTP/1.1" 304 -
180.169.147.146 - - [13/Dec/2021:11:15:21 +0800] "GET /xingrg/javascript/jquery_easy_ui/themes/icons/settle_new.png HTTP/1.1" 304 -
180.169.147.146 - - [13/Dec/2021:11:15:21 +0800] "POST /xingrg/all/common/load_tree.html?tree=area_rest_tree_json&manage=1 HTTP/1.1" 200 3472
180.169.147.146 - - [13/Dec/2021:11:15:21 +0800] "GET /xingrg/all/function/internal_message.html?_=1639365324106&CODE_STATE=count HTTP/1.1" 200 11
180.169.147.146 - - [13/Dec/2021:11:15:21 +0800] "GET /xingrg/check_reg.html?_=1639365324106 HTTP/1.1" 200 22
180.169.147.146 - - [13/Dec/2021:11:15:21 +0800] "GET /xingrg/javascript/jquery_easy_ui/themes/default/images/tabs_rightarrow.png HTTP/1.1" 304 -
180.169.147.146 - - [13/Dec/2021:11:15:21 +0800] "GET /xingrg/javascript/jquery_easy_ui/themes/default/images/panel_tool_expand.gif HTTP/1.1" 304 -
180.169.147.146 - - [13/Dec/2021:11:15:21 +0800] "GET /xingrg/images/blue/pingpu.png HTTP/1.1" 304 -
180.169.147.146 - - [13/Dec/2021:11:15:21 +0800] "GET /xingrg/javascript/jquery_easy_ui/themes/default/images/panel_tool_collapse.gif HTTP/1.1" 304 -
180.169.147.146 - - [13/Dec/2021:11:15:21 +0800] "GET /xingrg/javascript/jquery_easy_ui/themes/default/images/tabs_leftarrow.png HTTP/1.1" 304 -
180.169.147.146 - - [13/Dec/2021:11:15:22 +0800] "POST /xingrg/load_menu.html HTTP/1.1" 200 9959
180.169.147.146 - - [13/Dec/2021:11:15:24 +0800] "GET /xingrg/kc/buy/cgsh_order_list.html HTTP/1.1" 200 49553
124.78.153.86 - - [13/Dec/2021:11:15:24 +0800] "GET /xingrg/all/function/internal_message.html?_=1639365322830&CODE_STATE=getMsg HTTP/1.1" 200 27
180.169.147.146 - - [13/Dec/2021:11:15:26 +0800] "POST /xingrg/kc/buy/cgsh_list_operate.html HTTP/1.1" 200 1690
114.83.219.237 - - [13/Dec/2021:11:15:28 +0800] "POST /xingrg/kc/base/wldb_order_operate.html HTTP/1.1" 200 37
114.83.219.237 - - [13/Dec/2021:11:15:28 +0800] "POST /xingrg/kc/base/wldb_order_operate.html HTTP/1.1" 200 4729
114.83.219.237 - - [13/Dec/2021:11:15:28 +0800] "GET /xingrg/kc/base/wldb_order_info.html?code=422021121301356 HTTP/1.1" 200 30294
114.83.219.237 - - [13/Dec/2021:11:15:29 +0800] "GET /xingrg/words/20211213111008_words.js HTTP/1.1" 304 -
114.83.219.237 - - [13/Dec/2021:11:15:29 +0800] "GET /xingrg/javascript/easyui/themes/default/validatebox.css HTTP/1.1" 404 1104
114.83.219.237 - - [13/Dec/2021:11:15:29 +0800] "POST /xingrg/kc/base/wldb_order_operate.html HTTP/1.1" 200 4729
61.172.28.229 - - [13/Dec/2021:11:15:33 +0800] "GET /xingrg/kc/base/wldb_order_operate.html?command=get_materiel&rest_code=00105&base_code=0010507&code=00101019222 HTTP/1.1" 200 454
180.169.147.146 - - [13/Dec/2021:11:15:34 +0800] "GET /xingrg/javascript/jquery_tools/images/next.gif HTTP/1.1" 404 1086
180.169.147.146 - - [13/Dec/2021:11:15:34 +0800] "GET /xingrg/javascript/jquery_tools/images/prev.gif HTTP/1.1" 404 1086
61.172.28.229 - - [13/Dec/2021:11:15:34 +0800] "GET /xingrg/all/function/internal_message.html?_=1639365335214&CODE_STATE=getMsg HTTP/1.1" 200 27
61.172.28.229 - - [13/Dec/2021:11:15:35 +0800] "GET /xingrg/all/function/internal_message.html?_=1639365335796&CODE_STATE=getMsg HTTP/1.1" 200 27
116.238.208.177 - - [13/Dec/2021:11:15:37 +0800] "GET /xingrg/all/function/internal_message.html?_=1639365338120&CODE_STATE=getMsg HTTP/1.1" 200 27
116.233.76.72 - - [13/Dec/2021:11:15:37 +0800] "GET /xingrg/all/function/internal_message.html?_=1639365337472&CODE_STATE=getMsg HTTP/1.1" 200 27
180.169.147.146 - - [13/Dec/2021:11:15:40 +0800] "GET /xingrg/javascript/auto/indicator.gif HTTP/1.1" 404 1066
222.70.176.97 - - [13/Dec/2021:11:15:43 +0800] "GET /xingrg/kc/base/wldb_order_operate.html?command=get_materiel&rest_code=00111&base_code=0010306&code=00102009416 HTTP/1.1" 200 433
172.20.0.100 - - [13/Dec/2021:11:15:45 +0800] "GET /xingrg/all/function/internal_message.html?_=1639365345445&CODE_STATE=getMsg HTTP/1.1" 200 27
101.85.120.86 - - [13/Dec/2021:11:15:46 +0800] "GET /xingrg/all/function/internal_message.html?_=1639365345742&CODE_STATE=getMsg HTTP/1.1" 200 27
180.169.147.146 - - [13/Dec/2021:11:15:47 +0800] "POST /xingrg/kc/buy/cgsh_list_operate.html HTTP/1.1" 200 2119
124.77.240.52 - - [13/Dec/2021:11:15:49 +0800] "GET /xingrg/all/function/internal_message.html?_=1639365350095&CODE_STATE=getMsg HTTP/1.1" 200 27
180.169.147.146 - - [13/Dec/2021:11:15:49 +0800] "POST /xingrg/kc/buy/cgsh_list_operate.html HTTP/1.1" 200 212
114.83.219.237 - - [13/Dec/2021:11:15:51 +0800] "POST /xingrg/kc/base/wldb_order_operate.html HTTP/1.1" 200 12
180.169.147.146 - - [13/Dec/2021:11:15:52 +0800] "GET /xingrg/all/function/internal_message.html?_=1639365352590&CODE_STATE=getMsg HTTP/1.1" 200 27
114.83.219.237 - - [13/Dec/2021:11:15:54 +0800] "POST /xingrg/kc/base/wldb_list_operate.html HTTP/1.1" 200 1779
61.172.28.229 - - [13/Dec/2021:11:15:54 +0800] "GET /xingrg/kc/base/wldb_order_operate.html?command=get_materiel&rest_code=00105&base_code=0010507&code=00101019400 HTTP/1.1" 200 450
180.169.147.146 - - [13/Dec/2021:11:15:56 +0800] "POST /xingrg/kc/buy/cgsh_list_operate.html HTTP/1.1" 200 4
222.70.176.97 - - [13/Dec/2021:11:15:57 +0800] "GET /xingrg/all/function/internal_message.html?_=1639365357075&CODE_STATE=getMsg HTTP/1.1" 200 27
180.162.110.111 - - [13/Dec/2021:11:15:59 +0800] "GET /xingrg/all/function/internal_message.html?_=1639364807945&CODE_STATE=getMsg HTTP/1.1" 200 27
116.238.248.233 - - [13/Dec/2021:11:15:59 +0800] "GET /xingrg/all/function/internal_message.html?_=1639365358177&CODE_STATE=getMsg HTTP/1.1" 200 27
114.83.219.237 - - [13/Dec/2021:11:16:00 +0800] "GET /xingrg/all/function/internal_message.html?_=1639365358219&CODE_STATE=getMsg HTTP/1.1" 200 27
180.169.147.146 - - [13/Dec/2021:11:16:02 +0800] "GET /xingrg/all/function/internal_message.html?_=1639365361164&CODE_STATE=getMsg HTTP/1.1" 200 27
124.78.153.86 - - [13/Dec/2021:11:16:05 +0800] "GET /xingrg/all/function/internal_message.html?_=1639365364835&CODE_STATE=getMsg HTTP/1.1" 200 27
172.20.0.100 - - [13/Dec/2021:11:16:07 +0800] "GET /xingrg/all/function/internal_message.html?_=1639365367197&CODE_STATE=getMsg HTTP/1.1" 200 27
172.20.0.100 - - [13/Dec/2021:11:16:07 +0800] "GET /xingrg/check_reg.html?_=1639365367199 HTTP/1.1" 200 22
61.172.28.229 - - [13/Dec/2021:11:16:12 +0800] "GET /xingrg/kc/base/wldb_order_operate.html?command=get_materiel&rest_code=00105&base_code=0010507&code=00101019311 HTTP/1.1" 200 473
61.151.178.217 - - [13/Dec/2021:11:16:13 +0800] "GET /xingrg/check_reg.html?_=1639361362942 HTTP/1.1" 302 -
116.227.210.113 - - [13/Dec/2021:11:16:14 +0800] "GET /xingrg/all/function/internal_message.html?_=1639365369114&CODE_STATE=getMsg HTTP/1.1" 200 27
61.172.28.229 - - [13/Dec/2021:11:16:15 +0800] "GET /xingrg/check_reg.html?_=1639365311529 HTTP/1.1" 200 22
61.172.28.229 - - [13/Dec/2021:11:16:15 +0800] "GET /xingrg/all/function/internal_message.html?_=1639365311530&CODE_STATE=getMsg HTTP/1.1" 200 27
222.70.176.97 - - [13/Dec/2021:11:16:16 +0800] "GET /xingrg/all/function/internal_message.html?_=1639365039589&CODE_STATE=getMsg HTTP/1.1" 302 -
172.20.0.100 - - [13/Dec/2021:11:16:19 +0800] "GET /xingrg/check_reg.html?_=1639365378782 HTTP/1.1" 200 22
172.20.0.100 - - [13/Dec/2021:11:16:19 +0800] "GET /xingrg/all/function/internal_message.html?_=1639365378782&CODE_STATE=getMsg HTTP/1.1" 200 27
61.151.178.217 - - [13/Dec/2021:11:16:19 +0800] "GET /xingrg/login.html HTTP/1.1" 200 7641
61.172.28.229 - - [13/Dec/2021:11:16:23 +0800] "GET /xingrg/kc/base/wldb_order_operate.html?command=get_materiel&rest_code=00105&base_code=0010507&code=00101019306 HTTP/1.1" 200 463
124.78.153.86 - - [13/Dec/2021:11:16:24 +0800] "GET /xingrg/all/function/internal_message.html?_=1639365382806&CODE_STATE=getMsg HTTP/1.1" 200 27
180.169.147.146 - - [13/Dec/2021:11:16:24 +0800] "GET /xingrg/check_reg.html?_=1639365380579 HTTP/1.1" 200 22
180.169.147.146 - - [13/Dec/2021:11:16:24 +0800] "GET /xingrg/all/function/internal_message.html?_=1639365380529&CODE_STATE=getMsg HTTP/1.1" 200 27
222.70.176.97 - - [13/Dec/2021:11:16:25 +0800] "GET /xingrg/kc/base/wldb_order_operate.html?command=get_materiel&rest_code=00111&base_code=0010283&code=00101019133 HTTP/1.1" 200 466
222.70.176.97 - - [13/Dec/2021:11:16:31 +0800] "GET /xingrg/kc/base/wldb_order_operate.html?command=get_materiel&rest_code=00111&base_code=0010283&code=00101019315 HTTP/1.1" 200 460
124.77.240.52 - - [13/Dec/2021:11:16:34 +0800] "GET /xingrg/kc/buy/cgsh_order_add.html HTTP/1.1" 200 65026
61.172.28.229 - - [13/Dec/2021:11:16:34 +0800] "GET /xingrg/check_reg.html?_=1639365395213 HTTP/1.1" 200 22
61.172.28.229 - - [13/Dec/2021:11:16:34 +0800] "GET /xingrg/all/function/internal_message.html?_=1639365395217&CODE_STATE=getMsg HTTP/1.1" 200 27
61.172.28.229 - - [13/Dec/2021:11:16:35 +0800] "GET /xingrg/check_reg.html?_=1639365395795 HTTP/1.1" 200 22
61.172.28.229 - - [13/Dec/2021:11:16:35 +0800] "GET /xingrg/all/function/internal_message.html?_=1639365395798&CODE_STATE=getMsg HTTP/1.1" 200 27
124.77.240.52 - - [13/Dec/2021:11:16:35 +0800] "GET /xingrg/words/20211213111008_words.js HTTP/1.1" 200 878600
124.77.240.52 - - [13/Dec/2021:11:16:36 +0800] "POST /xingrg/kc/buy/cgsh_order_operate.html HTTP/1.1" 200 8245
124.77.240.52 - - [13/Dec/2021:11:16:36 +0800] "GET /xingrg/javascript/easyui/themes/default/validatebox.css HTTP/1.1" 404 1104
61.172.28.229 - - [13/Dec/2021:11:16:37 +0800] "GET /xingrg/kc/base/wldb_order_operate.html?command=get_materiel&rest_code=00105&base_code=0010507&code=00101019438 HTTP/1.1" 200 447
116.238.208.177 - - [13/Dec/2021:11:16:37 +0800] "GET /xingrg/all/function/internal_message.html?_=1639365398462&CODE_STATE=getMsg HTTP/1.1" 200 27
116.233.76.72 - - [13/Dec/2021:11:16:37 +0800] "GET /xingrg/all/function/internal_message.html?_=1639365397497&CODE_STATE=getMsg HTTP/1.1" 200 27
116.233.76.72 - - [13/Dec/2021:11:16:37 +0800] "GET /xingrg/check_reg.html?_=1639365397500 HTTP/1.1" 200 22
124.78.153.86 - - [13/Dec/2021:11:16:43 +0800] "POST /xingrg/services/DataTransmitService HTTP/1.1" 200 524
124.78.153.86 - - [13/Dec/2021:11:16:44 +0800] "POST /xingrg/services/DataTransmitService HTTP/1.1" 200 412
61.172.28.229 - - [13/Dec/2021:11:16:44 +0800] "POST /xingrg/kc/base/wldb_order_operate.html HTTP/1.1" 200 37
61.172.28.229 - - [13/Dec/2021:11:16:45 +0800] "POST /xingrg/kc/base/wldb_order_operate.html HTTP/1.1" 200 5197
172.20.0.100 - - [13/Dec/2021:11:16:45 +0800] "GET /xingrg/all/function/internal_message.html?_=1639365405451&CODE_STATE=getMsg HTTP/1.1" 200 27
172.20.0.100 - - [13/Dec/2021:11:16:45 +0800] "GET /xingrg/check_reg.html?_=1639365405453 HTTP/1.1" 200 22
101.85.120.86 - - [13/Dec/2021:11:16:46 +0800] "GET /xingrg/check_reg.html?_=1639365405767 HTTP/1.1" 200 22
101.85.120.86 - - [13/Dec/2021:11:16:46 +0800] "GET /xingrg/all/function/internal_message.html?_=1639365405769&CODE_STATE=getMsg HTTP/1.1" 200 27
222.70.176.97 - - [13/Dec/2021:11:16:47 +0800] "GET /xingrg/kc/base/wldb_order_operate.html?command=get_materiel&rest_code=00111&base_code=0010283&code=00101019265 HTTP/1.1" 200 478
124.77.240.52 - - [13/Dec/2021:11:16:49 +0800] "GET /xingrg/all/function/internal_message.html?_=1639365410098&CODE_STATE=getMsg HTTP/1.1" 200 27
116.227.210.113 - - [13/Dec/2021:11:16:49 +0800] "GET /xingrg/kc/buy/cgsh_order_list.html HTTP/1.1" 200 49297
116.227.210.113 - - [13/Dec/2021:11:16:51 +0800] "POST /xingrg/kc/buy/cgsh_list_operate.html HTTP/1.1" 200 3136
61.172.28.229 - - [13/Dec/2021:11:16:52 +0800] "GET /xingrg/kc/base/wldb_order_info.html?code=422021121301357 HTTP/1.1" 200 30289
61.172.28.229 - - [13/Dec/2021:11:16:52 +0800] "GET /xingrg/words/20211213111008_words.js HTTP/1.1" 200 878600
180.169.147.146 - - [13/Dec/2021:11:16:52 +0800] "GET /xingrg/all/function/internal_message.html?_=1639365412591&CODE_STATE=getMsg HTTP/1.1" 200 27
61.172.28.229 - - [13/Dec/2021:11:16:53 +0800] "GET /xingrg/javascript/easyui/themes/default/validatebox.css HTTP/1.1" 404 1104
61.172.28.229 - - [13/Dec/2021:11:16:53 +0800] "POST /xingrg/kc/base/wldb_order_operate.html HTTP/1.1" 200 5197
222.70.176.97 - - [13/Dec/2021:11:16:57 +0800] "GET /xingrg/all/function/internal_message.html?_=1639365417053&CODE_STATE=getMsg HTTP/1.1" 200 27
180.162.110.111 - - [13/Dec/2021:11:16:59 +0800] "GET /xingrg/check_reg.html?_=1639364867937 HTTP/1.1" 200 22
180.162.110.111 - - [13/Dec/2021:11:16:59 +0800] "GET /xingrg/all/function/internal_message.html?_=1639364867934&CODE_STATE=getMsg HTTP/1.1" 200 27
116.238.248.233 - - [13/Dec/2021:11:16:59 +0800] "GET /xingrg/all/function/internal_message.html?_=1639365418176&CODE_STATE=getMsg HTTP/1.1" 200 27
114.83.219.237 - - [13/Dec/2021:11:17:00 +0800] "GET /xingrg/all/function/internal_message.html?_=1639365418206&CODE_STATE=getMsg HTTP/1.1" 200 27
222.70.176.97 - - [13/Dec/2021:11:17:01 +0800] "GET /xingrg/kc/base/wldb_order_operate.html?command=get_materiel&rest_code=00111&base_code=0010283&code=00101019430 HTTP/1.1" 200 463
180.169.147.146 - - [13/Dec/2021:11:17:02 +0800] "GET /xingrg/all/function/internal_message.html?_=1639365421158&CODE_STATE=getMsg HTTP/1.1" 200 27
124.77.240.52 - - [13/Dec/2021:11:17:02 +0800] "GET /xingrg/kc/buy/cgsh_order_operate.html?command=get_materiel&rest_code=00146&code=00101009050&supplier_code=00100023&order_time=2021-12-13 HTTP/1.1" 200 410
116.227.210.113 - - [13/Dec/2021:11:17:05 +0800] "GET /xingrg/kc/buy/cgsh_order_add.html HTTP/1.1" 200 64988
116.227.210.113 - - [13/Dec/2021:11:17:05 +0800] "GET /xingrg/words/20211213111008_words.js HTTP/1.1" 200 878600
124.78.153.86 - - [13/Dec/2021:11:17:05 +0800] "GET /xingrg/all/function/internal_message.html?_=1639365424836&CODE_STATE=getMsg HTTP/1.1" 200 27
124.78.153.86 - - [13/Dec/2021:11:17:05 +0800] "GET /xingrg/check_reg.html?_=1639365424839 HTTP/1.1" 200 22
116.227.210.113 - - [13/Dec/2021:11:17:06 +0800] "POST /xingrg/kc/buy/cgsh_order_operate.html HTTP/1.1" 200 8245
116.227.210.113 - - [13/Dec/2021:11:17:06 +0800] "GET /xingrg/javascript/easyui/themes/default/validatebox.css HTTP/1.1" 404 1104
172.20.0.100 - - [13/Dec/2021:11:17:07 +0800] "GET /xingrg/all/function/internal_message.html?_=1639365427183&CODE_STATE=getMsg HTTP/1.1" 200 27
116.227.210.113 - - [13/Dec/2021:11:17:07 +0800] "POST /xingrg/kc/buy/cgsh_list_operate.html HTTP/1.1" 200 876
116.227.210.113 - - [13/Dec/2021:11:17:10 +0800] "POST /xingrg/kc/buy/cgsh_list_operate.html HTTP/1.1" 200 876
116.227.210.113 - - [13/Dec/2021:11:17:14 +0800] "GET /xingrg/all/function/internal_message.html?_=1639365429095&CODE_STATE=getMsg HTTP/1.1" 200 27
116.227.210.113 - - [13/Dec/2021:11:17:15 +0800] "POST /xingrg/kc/buy/cgsh_list_operate.html HTTP/1.1" 200 876
222.70.176.97 - - [13/Dec/2021:11:17:16 +0800] "POST /xingrg/kc/base/wldb_order_operate.html HTTP/1.1" 200 37
222.70.176.97 - - [13/Dec/2021:11:17:16 +0800] "GET /xingrg/all/function/internal_message.html?_=1639365099589&CODE_STATE=getMsg HTTP/1.1" 302 -
61.172.28.229 - - [13/Dec/2021:11:17:16 +0800] "GET /xingrg/kc/base/wldb_order_add.html HTTP/1.1" 200 30274
61.172.28.229 - - [13/Dec/2021:11:17:17 +0800] "POST /xingrg/kc/base/wldb_order_operate.html HTTP/1.1" 200 6806
61.172.28.229 - - [13/Dec/2021:11:17:17 +0800] "GET /xingrg/javascript/easyui/themes/default/validatebox.css HTTP/1.1" 404 1104
222.70.176.97 - - [13/Dec/2021:11:17:18 +0800] "POST /xingrg/kc/base/wldb_order_operate.html HTTP/1.1" 200 12
222.70.176.97 - - [13/Dec/2021:11:17:18 +0800] "POST /xingrg/kc/base/wldb_order_operate.html HTTP/1.1" 200 3236
172.20.0.100 - - [13/Dec/2021:11:17:19 +0800] "GET /xingrg/all/function/internal_message.html?_=1639365438784&CODE_STATE=getMsg HTTP/1.1" 200 27
222.70.176.97 - - [13/Dec/2021:11:17:19 +0800] "GET /xingrg/kc/base/wldb_order_info.html?code=422021121301358 HTTP/1.1" 200 26148
222.70.176.97 - - [13/Dec/2021:11:17:19 +0800] "GET /xingrg/javascript/easyui/themes/default/validatebox.css HTTP/1.1" 404 1104
222.70.176.97 - - [13/Dec/2021:11:17:19 +0800] "POST /xingrg/kc/base/wldb_order_operate.html HTTP/1.1" 200 1509
180.169.147.146 - - [13/Dec/2021:11:17:21 +0800] "GET /xingrg/all/function/internal_message.html?_=1639365440499&CODE_STATE=getMsg HTTP/1.1" 200 27
222.70.176.97 - - [13/Dec/2021:11:17:23 +0800] "GET /xingrg/kc/base/wldb_order_add.html HTTP/1.1" 200 30270
222.70.176.97 - - [13/Dec/2021:11:17:23 +0800] "POST /xingrg/kc/base/wldb_order_operate.html HTTP/1.1" 200 6806
222.70.176.97 - - [13/Dec/2021:11:17:23 +0800] "GET /xingrg/javascript/easyui/themes/default/validatebox.css HTTP/1.1" 404 1104
124.78.153.86 - - [13/Dec/2021:11:17:24 +0800] "GET /xingrg/all/function/internal_message.html?_=1639365442812&CODE_STATE=getMsg HTTP/1.1" 200 27
116.227.210.113 - - [13/Dec/2021:11:17:28 +0800] "POST /xingrg/kc/buy/cgsh_list_operate.html HTTP/1.1" 200 1730
116.227.210.113 - - [13/Dec/2021:11:17:31 +0800] "POST /xingrg/kc/buy/cgsh_list_operate.html HTTP/1.1" 200 449
116.227.210.113 - - [13/Dec/2021:11:17:32 +0800] "GET /xingrg/kc/buy/cgsh_order_info.html?code=212021120100383 HTTP/1.1" 200 59907
116.227.210.113 - - [13/Dec/2021:11:17:32 +0800] "GET /xingrg/javascript/easyui/themes/default/validatebox.css HTTP/1.1" 404 1104
116.227.210.113 - - [13/Dec/2021:11:17:33 +0800] "POST /xingrg/kc/buy/cgsh_order_operate.html HTTP/1.1" 200 2405
180.169.147.146 - - [13/Dec/2021:11:17:34 +0800] "GET /xingrg/all/function/internal_message.html?_=1639365456150&CODE_STATE=getMsg HTTP/1.1" 200 27
61.172.28.229 - - [13/Dec/2021:11:17:34 +0800] "GET /xingrg/all/function/internal_message.html?_=1639365455202&CODE_STATE=getMsg HTTP/1.1" 200 27
61.172.28.229 - - [13/Dec/2021:11:17:35 +0800] "GET /xingrg/all/function/internal_message.html?_=1639365455823&CODE_STATE=getMsg HTTP/1.1" 200 27
116.238.208.177 - - [13/Dec/2021:11:17:37 +0800] "GET /xingrg/all/function/internal_message.html?_=1639365458476&CODE_STATE=getMsg HTTP/1.1" 200 27
116.233.76.72 - - [13/Dec/2021:11:17:37 +0800] "GET /xingrg/all/function/internal_message.html?_=1639365457499&CODE_STATE=getMsg HTTP/1.1" 200 27
180.169.147.146 - - [13/Dec/2021:11:17:38 +0800] "POST /xingrg/kc/buy/cgsh_list_operate.html HTTP/1.1" 200 1722
61.172.28.229 - - [13/Dec/2021:11:17:41 +0800] "GET /xingrg/javascript/jquery_tools/images/next.gif HTTP/1.1" 404 1086
61.172.28.229 - - [13/Dec/2021:11:17:41 +0800] "GET /xingrg/javascript/jquery_tools/images/prev.gif HTTP/1.1" 404 1086
172.20.0.100 - - [13/Dec/2021:11:17:45 +0800] "GET /xingrg/all/function/internal_message.html?_=1639365465454&CODE_STATE=getMsg HTTP/1.1" 200 27
120.253.135.82 - - [13/Dec/2021:11:17:46 +0800] "GET /xingrg/check_reg.html?_=1639365244396 HTTP/1.1" 200 22
101.85.120.86 - - [13/Dec/2021:11:17:46 +0800] "GET /xingrg/all/function/internal_message.html?_=1639365465769&CODE_STATE=getMsg HTTP/1.1" 200 27
124.77.240.52 - - [13/Dec/2021:11:17:49 +0800] "GET /xingrg/all/function/internal_message.html?_=1639365470414&CODE_STATE=getMsg HTTP/1.1" 200 27
180.169.147.146 - - [13/Dec/2021:11:17:52 +0800] "GET /xingrg/all/function/internal_message.html?_=1639365472584&CODE_STATE=getMsg HTTP/1.1" 200 27
124.77.240.52 - - [13/Dec/2021:11:17:53 +0800] "GET /xingrg/check_reg.html?_=1639365473950 HTTP/1.1" 200 22
222.70.176.97 - - [13/Dec/2021:11:17:57 +0800] "GET /xingrg/all/function/internal_message.html?_=1639365477032&CODE_STATE=getMsg HTTP/1.1" 200 27
180.162.110.111 - - [13/Dec/2021:11:17:59 +0800] "GET /xingrg/all/function/internal_message.html?_=1639364927937&CODE_STATE=getMsg HTTP/1.1" 200 27
116.238.248.233 - - [13/Dec/2021:11:17:59 +0800] "GET /xingrg/all/function/internal_message.html?_=1639365478187&CODE_STATE=getMsg HTTP/1.1" 200 27
114.83.219.237 - - [13/Dec/2021:11:18:00 +0800] "GET /xingrg/all/function/internal_message.html?_=1639365478186&CODE_STATE=getMsg HTTP/1.1" 200 27
222.70.176.97 - - [13/Dec/2021:11:18:00 +0800] "POST /xingrg/all/common/load_combo.html?type=base HTTP/1.1" 200 3054
180.169.147.146 - - [13/Dec/2021:11:18:02 +0800] "GET /xingrg/all/function/internal_message.html?_=1639365481145&CODE_STATE=getMsg HTTP/1.1" 200 27
124.78.153.86 - - [13/Dec/2021:11:18:05 +0800] "GET /xingrg/all/function/internal_message.html?_=1639365484838&CODE_STATE=getMsg HTTP/1.1" 200 27
172.20.0.100 - - [13/Dec/2021:11:18:07 +0800] "GET /xingrg/all/function/internal_message.html?_=1639365487175&CODE_STATE=getMsg HTTP/1.1" 200 27
116.227.210.113 - - [13/Dec/2021:11:18:14 +0800] "GET /xingrg/all/function/internal_message.html?_=1639365489092&CODE_STATE=getMsg HTTP/1.1" 200 27
61.172.28.229 - - [13/Dec/2021:11:18:15 +0800] "GET /xingrg/all/function/internal_message.html?_=1639365431558&CODE_STATE=getMsg HTTP/1.1" 200 27
222.70.176.97 - - [13/Dec/2021:11:18:16 +0800] "GET /xingrg/all/function/internal_message.html?_=1639365159589&CODE_STATE=getMsg HTTP/1.1" 302 -
222.70.176.97 - - [13/Dec/2021:11:18:16 +0800] "GET /xingrg/check_reg.html?_=1639365159591 HTTP/1.1" 302 -
172.20.0.100 - - [13/Dec/2021:11:18:19 +0800] "GET /xingrg/all/function/internal_message.html?_=1639365498785&CODE_STATE=getMsg HTTP/1.1" 200 27
58.35.215.188 - - [13/Dec/2021:11:18:19 +0800] "GET /favicon.ico HTTP/1.1" 404 -
180.169.147.146 - - [13/Dec/2021:11:18:21 +0800] "GET /xingrg/all/function/internal_message.html?_=1639365500483&CODE_STATE=getMsg HTTP/1.1" 200 27
124.78.153.86 - - [13/Dec/2021:11:18:24 +0800] "GET /xingrg/all/function/internal_message.html?_=1639365502779&CODE_STATE=getMsg HTTP/1.1" 200 27
180.169.147.146 - - [13/Dec/2021:11:18:33 +0800] "GET /xingrg/all/function/internal_message.html?_=1639365516119&CODE_STATE=getMsg HTTP/1.1" 200 27
61.172.28.229 - - [13/Dec/2021:11:18:34 +0800] "GET /xingrg/all/function/internal_message.html?_=1639365515201&CODE_STATE=getMsg HTTP/1.1" 200 27
180.162.110.111 - - [13/Dec/2021:11:18:35 +0800] "POST /xingrg/kc/buy/cgsh_order_operate.html HTTP/1.1" 200 37
61.172.28.229 - - [13/Dec/2021:11:18:35 +0800] "GET /xingrg/all/function/internal_message.html?_=1639365515822&CODE_STATE=getMsg HTTP/1.1" 200 27
116.238.208.177 - - [13/Dec/2021:11:18:36 +0800] "GET /xingrg/check_reg.html?_=1639365516862 HTTP/1.1" 200 22
180.162.110.111 - - [13/Dec/2021:11:18:37 +0800] "POST /xingrg/kc/buy/cgsh_order_operate.html HTTP/1.1" 200 12164
116.238.208.177 - - [13/Dec/2021:11:18:37 +0800] "GET /xingrg/all/function/internal_message.html?_=1639365518489&CODE_STATE=getMsg HTTP/1.1" 200 27
116.233.76.72 - - [13/Dec/2021:11:18:37 +0800] "GET /xingrg/all/function/internal_message.html?_=1639365517497&CODE_STATE=getMsg HTTP/1.1" 200 27
58.40.7.146 - - [13/Dec/2021:11:18:43 +0800] "GET /favicon.ico HTTP/1.1" 404 -
124.77.240.52 - - [13/Dec/2021:11:18:44 +0800] "GET /xingrg/kc/buy/cgsh_order_operate.html?command=get_materiel&rest_code=00146&code=00101009016&supplier_code=00100023&order_time=2021-12-13 HTTP/1.1" 200 412
172.20.0.100 - - [13/Dec/2021:11:18:45 +0800] "GET /xingrg/all/function/internal_message.html?_=1639365525444&CODE_STATE=getMsg HTTP/1.1" 200 27
101.85.120.86 - - [13/Dec/2021:11:18:46 +0800] "GET /xingrg/all/function/internal_message.html?_=1639365525756&CODE_STATE=getMsg HTTP/1.1" 200 27
124.77.240.52 - - [13/Dec/2021:11:18:49 +0800] "GET /xingrg/all/function/internal_message.html?_=1639365530444&CODE_STATE=getMsg HTTP/1.1" 200 27
61.172.28.229 - - [13/Dec/2021:11:18:49 +0800] "GET /xingrg/kc/base/wldb_order_operate.html?command=get_materiel&rest_code=00105&base_code=0010507&code=00101016020 HTTP/1.1" 200 446
180.169.147.146 - - [13/Dec/2021:11:18:52 +0800] "GET /xingrg/all/function/internal_message.html?_=1639365532579&CODE_STATE=getMsg HTTP/1.1" 200 27
180.169.147.146 - - [13/Dec/2021:11:18:52 +0800] "GET /xingrg/check_reg.html?_=1639365532583 HTTP/1.1" 200 22
114.85.125.222 - - [13/Dec/2021:11:18:53 +0800] "GET /xingrg/check_reg.html?_=1639365488859 HTTP/1.1" 302 -
114.83.219.237 - - [13/Dec/2021:11:18:55 +0800] "POST /xingrg/services/DataTransmitService HTTP/1.1" 200 524
114.83.219.237 - - [13/Dec/2021:11:18:56 +0800] "POST /xingrg/services/DataTransmitService HTTP/1.1" 200 501
222.70.176.97 - - [13/Dec/2021:11:18:57 +0800] "GET /xingrg/all/function/internal_message.html?_=1639365537003&CODE_STATE=getMsg HTTP/1.1" 200 27
124.77.240.52 - - [13/Dec/2021:11:18:58 +0800] "GET /xingrg/kc/buy/cgsh_order_operate.html?command=get_materiel&rest_code=00146&code=00101009013&supplier_code=00100023&order_time=2021-12-13 HTTP/1.1" 200 422
180.162.110.111 - - [13/Dec/2021:11:18:59 +0800] "GET /xingrg/all/function/internal_message.html?_=1639364987942&CODE_STATE=getMsg HTTP/1.1" 200 27
116.238.248.233 - - [13/Dec/2021:11:18:59 +0800] "GET /xingrg/check_reg.html?_=1639365538186 HTTP/1.1" 200 22
116.238.248.233 - - [13/Dec/2021:11:18:59 +0800] "GET /xingrg/all/function/internal_message.html?_=1639365538187&CODE_STATE=getMsg HTTP/1.1" 200 27
114.83.219.237 - - [13/Dec/2021:11:19:00 +0800] "GET /xingrg/all/function/internal_message.html?_=1639365538160&CODE_STATE=getMsg HTTP/1.1" 200 27
180.169.147.146 - - [13/Dec/2021:11:19:02 +0800] "GET /xingrg/all/function/internal_message.html?_=1639365541161&CODE_STATE=getMsg HTTP/1.1" 200 27
124.78.153.86 - - [13/Dec/2021:11:19:05 +0800] "GET /xingrg/all/function/internal_message.html?_=1639365544839&CODE_STATE=getMsg HTTP/1.1" 200 27
172.20.0.100 - - [13/Dec/2021:11:19:07 +0800] "GET /xingrg/all/function/internal_message.html?_=1639365547191&CODE_STATE=getMsg HTTP/1.1" 200 27
61.172.28.229 - - [13/Dec/2021:11:19:11 +0800] "GET /xingrg/kc/base/wldb_order_operate.html?command=get_materiel&rest_code=00105&base_code=0010507&code=00101019175 HTTP/1.1" 200 439
180.169.147.146 - - [13/Dec/2021:11:19:13 +0800] "POST /xingrg/dwr/call/plaincall/AjaxReportQueryService.refreshCache.dwr HTTP/1.1" 200 78
116.227.210.113 - - [13/Dec/2021:11:19:14 +0800] "GET /xingrg/all/function/internal_message.html?_=1639365549085&CODE_STATE=getMsg HTTP/1.1" 200 27
180.169.147.146 - - [13/Dec/2021:11:19:14 +0800] "POST /xingrg/all/report/load_report_page.html HTTP/1.1" 200 50437
180.169.147.146 - - [13/Dec/2021:11:19:14 +0800] "GET /xingrg/servlets/image?cache=0.05770918068383102&image=px HTTP/1.1" 200 807
124.77.240.52 - - [13/Dec/2021:11:19:15 +0800] "GET /xingrg/kc/buy/cgsh_order_operate.html?command=get_materiel&rest_code=00146&code=00101009007&supplier_code=00100023&order_time=2021-12-13 HTTP/1.1" 200 409
61.172.28.229 - - [13/Dec/2021:11:19:15 +0800] "GET /xingrg/all/function/internal_message.html?_=1639365491527&CODE_STATE=getMsg HTTP/1.1" 200 27
222.70.176.97 - - [13/Dec/2021:11:19:16 +0800] "GET /xingrg/all/function/internal_message.html?_=1639365219589&CODE_STATE=getMsg HTTP/1.1" 302 -
114.83.219.237 - - [13/Dec/2021:11:19:17 +0800] "GET /xingrg/check_reg.html?_=1639365555621 HTTP/1.1" 200 22
180.169.147.146 - - [13/Dec/2021:11:19:18 +0800] "GET /xingrg/all/report/report_query.html?isQuery=1&fileName=kc/buy/wlcg_cate_hz_rest.xml&queryString=(CONVERT(char(10)%2Ca.order_time%2C%20120)%3E%3D'2021-11-01')%20and%20(CONVERT(char(10)%2Ca.order_time%2C%20120)%3C%3D'2021-12-31')%20and%20(a.supplier_code%20in%20('00100220'))%20and%20(a.supplier_code%3D'00100220')%20and%20(a.data_area%3D'00155')&queryText=%E3%80%90%E9%87%87%E8%B4%AD%E6%97%A5%E6%9C%9F%3A2021-11-01%20%E8%87%B3%202021-12-31%E3%80%91%20%E5%B9%B6%E4%B8%94%20%20%E3%80%90%E4%BE%9B%E5%BA%94%E5%95%86%20%3D%20%E4%B8%8A%E6%B5%B7%E7%BB%9F%E9%91%AB%E9%85%92%E5%BA%97%E7%94%A8%E5%93%81%E6%9C%89%E9%99%90%E5%85%AC%E5%8F%B8%E3%80%91%20%E5%B9%B6%E4%B8%94%20%E3%80%90%E4%BE%9B%E5%BA%94%E5%95%86%3D%E4%B8%8A%E6%B5%B7%E7%BB%9F%E9%91%AB%E9%85%92%E5%BA%97%E7%94%A8%E5%93%81%E6%9C%89%E9%99%90%E5%85%AC%E5%8F%B8%E3%80%91%E5%B9%B6%E4%B8%94%E3%80%90%E9%97%A8%E5%BA%97%E5%90%8D%E7%A7%B0%20%3D%20%E6%A6%95%E6%B8%AF%E5%90%8D%E8%BD%A9%E8%BF%9C%E6%B4%8B%E5%BA%97%E3%80%91&rand=0.9098803112639344 HTTP/1.1" 200 54421
180.169.147.146 - - [13/Dec/2021:11:19:18 +0800] "GET /xingrg/all/report/report_query.html?isQuery=1&fileName=kc/buy/wlcg_cate_hz_rest.xml&queryString=(CONVERT(char(10)%2Ca.order_time%2C%20120)%3E%3D'2021-11-01')%20and%20(CONVERT(char(10)%2Ca.order_time%2C%20120)%3C%3D'2021-12-31')%20and%20(a.supplier_code%20in%20('00100220'))%20and%20(a.supplier_code%3D'00100220')%20and%20(a.data_area%3D'00155')&queryText=%E3%80%90%E9%87%87%E8%B4%AD%E6%97%A5%E6%9C%9F%3A2021-11-01%20%E8%87%B3%202021-12-31%E3%80%91%20%E5%B9%B6%E4%B8%94%20%20%E3%80%90%E4%BE%9B%E5%BA%94%E5%95%86%20%3D%20%E4%B8%8A%E6%B5%B7%E7%BB%9F%E9%91%AB%E9%85%92%E5%BA%97%E7%94%A8%E5%93%81%E6%9C%89%E9%99%90%E5%85%AC%E5%8F%B8%E3%80%91%20%E5%B9%B6%E4%B8%94%20%E3%80%90%E4%BE%9B%E5%BA%94%E5%95%86%3D%E4%B8%8A%E6%B5%B7%E7%BB%9F%E9%91%AB%E9%85%92%E5%BA%97%E7%94%A8%E5%93%81%E6%9C%89%E9%99%90%E5%85%AC%E5%8F%B8%E3%80%91%E5%B9%B6%E4%B8%94%E3%80%90%E9%97%A8%E5%BA%97%E5%90%8D%E7%A7%B0%20%3D%20%E6%A6%95%E6%B8%AF%E5%90%8D%E8%BD%A9%E8%BF%9C%E6%B4%8B%E5%BA%97%E3%80%91&rand=0.9098803112639344 HTTP/1.1" 200 54421
180.169.147.146 - - [13/Dec/2021:11:19:18 +0800] "GET /xingrg/dwr/interface/AjaxReportQueryService.js HTTP/1.1" 200 13203
180.169.147.146 - - [13/Dec/2021:11:19:18 +0800] "GET /xingrg/dwr/engine.js HTTP/1.1" 200 43631
172.20.0.100 - - [13/Dec/2021:11:19:19 +0800] "GET /xingrg/all/function/internal_message.html?_=1639365558789&CODE_STATE=getMsg HTTP/1.1" 200 27
180.169.147.146 - - [13/Dec/2021:11:19:19 +0800] "POST /xingrg/all/report/load_report_page.html HTTP/1.1" 200 8712
180.169.147.146 - - [13/Dec/2021:11:19:19 +0800] "GET /xingrg/servlets/image?cache=0.4488065437255082&image=px HTTP/1.1" 200 807
180.169.147.146 - - [13/Dec/2021:11:19:21 +0800] "GET /xingrg/all/function/internal_message.html?_=1639365560467&CODE_STATE=getMsg HTTP/1.1" 200 27
180.169.147.146 - - [13/Dec/2021:11:19:21 +0800] "POST /xingrg/all/report/load_report_page.html HTTP/1.1" 200 23110
180.169.147.146 - - [13/Dec/2021:11:19:21 +0800] "GET /xingrg/servlets/image?cache=0.29827387751378076&image=px HTTP/1.1" 200 807
124.78.153.86 - - [13/Dec/2021:11:19:24 +0800] "GET /xingrg/all/function/internal_message.html?_=1639365562760&CODE_STATE=getMsg HTTP/1.1" 200 27
124.78.153.86 - - [13/Dec/2021:11:19:24 +0800] "GET /xingrg/check_reg.html?_=1639365563058 HTTP/1.1" 200 22
222.70.176.97 - - [13/Dec/2021:11:19:25 +0800] "POST /xingrg/all/common/load_combo.html?type=base HTTP/1.1" 200 3054
124.77.240.52 - - [13/Dec/2021:11:19:29 +0800] "GET /xingrg/kc/buy/cgsh_order_operate.html?command=get_materiel&rest_code=00146&code=00101009062&supplier_code=00100023&order_time=2021-12-13 HTTP/1.1" 200 414
180.169.147.146 - - [13/Dec/2021:11:19:33 +0800] "GET /xingrg/all/function/internal_message.html?_=1639365576089&CODE_STATE=getMsg HTTP/1.1" 200 27
61.172.28.229 - - [13/Dec/2021:11:19:34 +0800] "GET /xingrg/all/function/internal_message.html?_=1639365575202&CODE_STATE=getMsg HTTP/1.1" 200 27
116.238.208.177 - - [13/Dec/2021:11:19:35 +0800] "GET /xingrg/kc/base/wldb_order_list.html HTTP/1.1" 200 19060
61.172.28.229 - - [13/Dec/2021:11:19:35 +0800] "GET /xingrg/all/function/internal_message.html?_=1639365575823&CODE_STATE=getMsg HTTP/1.1" 200 27
116.238.208.177 - - [13/Dec/2021:11:19:35 +0800] "POST /xingrg/kc/base/wldb_list_operate.html HTTP/1.1" 200 928
116.238.208.177 - - [13/Dec/2021:11:19:37 +0800] "GET /xingrg/kc/base/wldb_order_add.html HTTP/1.1" 200 30270
116.238.208.177 - - [13/Dec/2021:11:19:37 +0800] "GET /xingrg/words/20211213111008_words.js HTTP/1.1" 200 878600
116.238.208.177 - - [13/Dec/2021:11:19:37 +0800] "GET /xingrg/all/function/internal_message.html?_=1639365578502&CODE_STATE=getMsg HTTP/1.1" 200 27
116.233.76.72 - - [13/Dec/2021:11:19:37 +0800] "GET /xingrg/all/function/internal_message.html?_=1639365577495&CODE_STATE=getMsg HTTP/1.1" 200 27
116.238.208.177 - - [13/Dec/2021:11:19:38 +0800] "POST /xingrg/kc/base/wldb_order_operate.html HTTP/1.1" 200 6806
116.238.208.177 - - [13/Dec/2021:11:19:40 +0800] "GET /xingrg/javascript/easyui/themes/default/validatebox.css HTTP/1.1" 404 1104
61.172.28.229 - - [13/Dec/2021:11:19:41 +0800] "GET /xingrg/kc/base/wldb_order_operate.html?command=get_materiel&rest_code=00105&base_code=0010507&code=00101019133 HTTP/1.1" 200 466
116.238.208.177 - - [13/Dec/2021:11:19:41 +0800] "POST /xingrg/all/common/load_combo.html?type=base HTTP/1.1" 200 3145
116.238.208.177 - - [13/Dec/2021:11:19:44 +0800] "POST /xingrg/all/common/load_combo.html?type=base HTTP/1.1" 200 3145
172.20.0.100 - - [13/Dec/2021:11:19:45 +0800] "GET /xingrg/all/function/internal_message.html?_=1639365585446&CODE_STATE=getMsg HTTP/1.1" 200 27
101.85.120.86 - - [13/Dec/2021:11:19:46 +0800] "GET /xingrg/all/function/internal_message.html?_=1639365585756&CODE_STATE=getMsg HTTP/1.1" 200 27
124.77.240.52 - - [13/Dec/2021:11:19:49 +0800] "GET /xingrg/all/function/internal_message.html?_=1639365590450&CODE_STATE=getMsg HTTP/1.1" 200 27
116.238.208.177 - - [13/Dec/2021:11:19:51 +0800] "GET /xingrg/kc/base/wldb_order_operate.html?command=get_materiel&rest_code=00102&base_code=0010476&code=00101013011 HTTP/1.1" 200 451
222.70.176.97 - - [13/Dec/2021:11:19:52 +0800] "GET /xingrg/kc/base/wldb_order_operate.html?command=get_materiel&rest_code=00111&base_code=0010306&code=00102002586 HTTP/1.1" 200 438
61.172.28.229 - - [13/Dec/2021:11:19:52 +0800] "GET /xingrg/kc/base/wldb_order_operate.html?command=get_materiel&rest_code=00105&base_code=0010507&code=00101019391 HTTP/1.1" 200 471
180.169.147.146 - - [13/Dec/2021:11:19:52 +0800] "GET /xingrg/all/function/internal_message.html?_=1639365592601&CODE_STATE=getMsg HTTP/1.1" 200 27
180.162.110.111 - - [13/Dec/2021:11:19:59 +0800] "GET /xingrg/all/function/internal_message.html?_=1639365047941&CODE_STATE=getMsg HTTP/1.1" 200 27
116.238.248.233 - - [13/Dec/2021:11:19:59 +0800] "GET /xingrg/all/function/internal_message.html?_=1639365598211&CODE_STATE=getMsg HTTP/1.1" 200 27
114.83.219.237 - - [13/Dec/2021:11:20:00 +0800] "GET /xingrg/all/function/internal_message.html?_=1639365598133&CODE_STATE=getMsg HTTP/1.1" 200 27
222.70.176.97 - - [13/Dec/2021:11:20:01 +0800] "GET /xingrg/all/function/internal_message.html?_=1639365596976&CODE_STATE=getMsg HTTP/1.1" 200 27
180.169.147.146 - - [13/Dec/2021:11:20:02 +0800] "GET /xingrg/check_reg.html?_=1639365601148 HTTP/1.1" 200 22
180.169.147.146 - - [13/Dec/2021:11:20:02 +0800] "GET /xingrg/all/function/internal_message.html?_=1639365601149&CODE_STATE=getMsg HTTP/1.1" 200 27
124.77.240.52 - - [13/Dec/2021:11:20:03 +0800] "POST /xingrg/kc/buy/cgsh_order_operate.html HTTP/1.1" 200 37
124.77.240.52 - - [13/Dec/2021:11:20:05 +0800] "POST /xingrg/kc/buy/cgsh_order_operate.html HTTP/1.1" 200 5020
61.172.28.229 - - [13/Dec/2021:11:20:05 +0800] "GET /xingrg/kc/base/wldb_order_operate.html?command=get_materiel&rest_code=00105&base_code=0010507&code=00101011005 HTTP/1.1" 200 430
124.78.153.86 - - [13/Dec/2021:11:20:05 +0800] "GET /xingrg/all/function/internal_message.html?_=1639365604866&CODE_STATE=getMsg HTTP/1.1" 200 27
116.238.208.177 - - [13/Dec/2021:11:20:06 +0800] "POST /xingrg/kc/base/wldb_order_operate.html HTTP/1.1" 200 37
172.20.0.100 - - [13/Dec/2021:11:20:07 +0800] "GET /xingrg/all/function/internal_message.html?_=1639365607181&CODE_STATE=getMsg HTTP/1.1" 200 27
124.77.240.52 - - [13/Dec/2021:11:20:08 +0800] "GET /xingrg/kc/print/load_data.html?order_code=212021121305237&kc_code=cgsh&condition= HTTP/1.1" 200 1589
116.238.208.177 - - [13/Dec/2021:11:20:08 +0800] "POST /xingrg/kc/base/wldb_order_operate.html HTTP/1.1" 200 12
116.238.208.177 - - [13/Dec/2021:11:20:08 +0800] "POST /xingrg/kc/base/wldb_order_operate.html HTTP/1.1" 200 2193
116.238.208.177 - - [13/Dec/2021:11:20:10 +0800] "GET /xingrg/kc/base/wldb_order_info.html?code=422021121301359 HTTP/1.1" 200 26148
222.70.176.97 - - [13/Dec/2021:11:20:10 +0800] "GET /xingrg/check_reg.html?_=1639365597999 HTTP/1.1" 200 22
116.238.208.177 - - [13/Dec/2021:11:20:11 +0800] "POST /xingrg/kc/base/wldb_order_operate.html HTTP/1.1" 200 487
116.238.208.177 - - [13/Dec/2021:11:20:11 +0800] "GET /xingrg/javascript/easyui/themes/default/validatebox.css HTTP/1.1" 404 1104
116.227.210.113 - - [13/Dec/2021:11:20:13 +0800] "GET /xingrg/check_reg.html?_=1639365608362 HTTP/1.1" 200 22
116.227.210.113 - - [13/Dec/2021:11:20:14 +0800] "GET /xingrg/all/function/internal_message.html?_=1639365609079&CODE_STATE=getMsg HTTP/1.1" 200 27
61.172.28.229 - - [13/Dec/2021:11:20:15 +0800] "GET /xingrg/all/function/internal_message.html?_=1639365551497&CODE_STATE=getMsg HTTP/1.1" 200 27
222.70.176.97 - - [13/Dec/2021:11:20:16 +0800] "GET /xingrg/all/function/internal_message.html?_=1639365279589&CODE_STATE=getMsg HTTP/1.1" 302 -
172.20.0.100 - - [13/Dec/2021:11:20:19 +0800] "GET /xingrg/all/function/internal_message.html?_=1639365618774&CODE_STATE=getMsg HTTP/1.1" 200 27
124.77.240.52 - - [13/Dec/2021:11:20:20 +0800] "GET /xingrg/kc/buy/cgsh_order_list.html HTTP/1.1" 200 49297
124.77.240.52 - - [13/Dec/2021:11:20:21 +0800] "GET /xingrg/check_reg.html?_=1639365622158 HTTP/1.1" 302 -
180.169.147.146 - - [13/Dec/2021:11:20:21 +0800] "GET /xingrg/all/function/internal_message.html?_=1639365620450&CODE_STATE=getMsg HTTP/1.1" 200 27
222.70.176.97 - - [13/Dec/2021:11:20:21 +0800] "GET /xingrg/kc/base/wldb_order_operate.html?command=get_materiel&rest_code=00111&base_code=0010306&code=00102002025 HTTP/1.1" 200 455
180.169.147.146 - - [13/Dec/2021:11:20:21 +0800] "GET /xingrg/check_reg.html?_=1639365624122 HTTP/1.1" 200 22
61.172.28.229 - - [13/Dec/2021:11:20:22 +0800] "GET /xingrg/kc/base/wldb_order_operate.html?command=get_materiel&rest_code=00105&base_code=0010507&code=00101019461 HTTP/1.1" 200 473
124.77.240.52 - - [13/Dec/2021:11:20:22 +0800] "POST /xingrg/kc/buy/cgsh_list_operate.html HTTP/1.1" 200 2422
124.78.153.86 - - [13/Dec/2021:11:20:24 +0800] "GET /xingrg/all/function/internal_message.html?_=1639365622730&CODE_STATE=getMsg HTTP/1.1" 200 27
124.77.240.52 - - [13/Dec/2021:11:20:27 +0800] "POST /xingrg/kc/buy/cgsh_list_operate.html HTTP/1.1" 200 212
124.77.240.52 - - [13/Dec/2021:11:20:28 +0800] "GET /xingrg/kc/buy/cgsh_order_info.html?code=212021121104672 HTTP/1.1" 200 65041
124.77.240.52 - - [13/Dec/2021:11:20:28 +0800] "GET /xingrg/javascript/easyui/themes/default/validatebox.css HTTP/1.1" 404 1104
124.77.240.52 - - [13/Dec/2021:11:20:29 +0800] "POST /xingrg/kc/buy/cgsh_order_operate.html HTTP/1.1" 200 2674
222.70.176.97 - - [13/Dec/2021:11:20:31 +0800] "POST /xingrg/all/common/load_select.html HTTP/1.1" 200 25
180.169.147.146 - - [13/Dec/2021:11:20:33 +0800] "GET /xingrg/all/function/internal_message.html?_=1639365636061&CODE_STATE=getMsg HTTP/1.1" 200 27
61.172.28.229 - - [13/Dec/2021:11:20:34 +0800] "GET /xingrg/all/function/internal_message.html?_=1639365635202&CODE_STATE=getMsg HTTP/1.1" 200 27
61.172.28.229 - - [13/Dec/2021:11:20:35 +0800] "GET /xingrg/kc/base/wldb_order_operate.html?command=get_materiel&rest_code=00105&base_code=0010507&code=00101019249 HTTP/1.1" 200 470
61.172.28.229 - - [13/Dec/2021:11:20:35 +0800] "GET /xingrg/all/function/internal_message.html?_=1639365635823&CODE_STATE=getMsg HTTP/1.1" 200 27
222.70.176.97 - - [13/Dec/2021:11:20:35 +0800] "GET /xingrg/kc/base/wldb_order_operate.html?command=get_materiel_price&rest_code=00111&base_code=0010306&code=00102002025&unit_code=00100351 HTTP/1.1" 200 35
116.233.76.72 - - [13/Dec/2021:11:20:37 +0800] "GET /xingrg/all/function/internal_message.html?_=1639365637508&CODE_STATE=getMsg HTTP/1.1" 200 27
116.238.208.177 - - [13/Dec/2021:11:20:38 +0800] "GET /xingrg/all/function/internal_message.html?_=1639365639302&CODE_STATE=getMsg HTTP/1.1" 200 27
61.172.28.229 - - [13/Dec/2021:11:20:42 +0800] "POST /xingrg/kc/base/wldb_order_operate.html HTTP/1.1" 200 37
61.172.28.229 - - [13/Dec/2021:11:20:42 +0800] "POST /xingrg/kc/base/wldb_order_operate.html HTTP/1.1" 200 6168
