58.37.151.13 - - [13/Dec/2021:10:45:41 +0800] "POST /xingrg/supplier/cgsh_list_operate.html HTTP/1.1" 200 522
58.37.151.13 - - [13/Dec/2021:10:45:43 +0800] "POST /xingrg/supplier/cgsh_list_operate.html HTTP/1.1" 200 426
101.85.120.86 - - [13/Dec/2021:10:45:46 +0800] "GET /xingrg/all/function/internal_message.html?_=1639363545706&CODE_STATE=getMsg HTTP/1.1" 200 27
124.77.240.52 - - [13/Dec/2021:10:45:46 +0800] "GET /xingrg/all/function/internal_message.html?_=1639363547578&CODE_STATE=getMsg HTTP/1.1" 200 27
180.169.147.146 - - [13/Dec/2021:10:45:54 +0800] "GET /xingrg/all/function/internal_message.html?_=1639363553851&CODE_STATE=getMsg HTTP/1.1" 200 27
222.70.176.97 - - [13/Dec/2021:10:45:58 +0800] "GET /xingrg/all/function/internal_message.html?_=1639363557478&CODE_STATE=getMsg HTTP/1.1" 200 27
116.238.248.233 - - [13/Dec/2021:10:45:59 +0800] "GET /xingrg/all/function/internal_message.html?_=1639363558018&CODE_STATE=getMsg HTTP/1.1" 200 27
114.83.219.237 - - [13/Dec/2021:10:46:00 +0800] "GET /xingrg/all/function/internal_message.html?_=1639363558729&CODE_STATE=getMsg HTTP/1.1" 200 27
124.78.153.86 - - [13/Dec/2021:10:46:05 +0800] "GET /xingrg/all/function/internal_message.html?_=1639363564740&CODE_STATE=getMsg HTTP/1.1" 200 27
61.151.207.205 - - [13/Dec/2021:10:46:05 +0800] "GET /xingrg/all/function/internal_message.html?_=1639360582926&CODE_STATE=getMsg HTTP/1.1" 302 -
172.20.0.100 - - [13/Dec/2021:10:46:08 +0800] "GET /xingrg/all/function/internal_message.html?_=1639363568094&CODE_STATE=getMsg HTTP/1.1" 200 27
116.227.210.113 - - [13/Dec/2021:10:46:14 +0800] "GET /xingrg/all/function/internal_message.html?_=1639363569585&CODE_STATE=getMsg HTTP/1.1" 200 27
222.70.176.97 - - [13/Dec/2021:10:46:16 +0800] "GET /xingrg/all/function/internal_message.html?_=1639363239589&CODE_STATE=getMsg HTTP/1.1" 302 -
172.20.0.100 - - [13/Dec/2021:10:46:19 +0800] "GET /xingrg/all/function/internal_message.html?_=1639363578786&CODE_STATE=getMsg HTTP/1.1" 200 27
172.20.0.100 - - [13/Dec/2021:10:46:19 +0800] "GET /xingrg/check_reg.html?_=1639363578788 HTTP/1.1" 200 22
61.151.207.205 - - [13/Dec/2021:10:46:19 +0800] "GET /xingrg/login.html HTTP/1.1" 200 7641
172.20.0.100 - - [13/Dec/2021:10:46:20 +0800] "GET /xingrg/all/function/internal_message.html?_=1639363580352&CODE_STATE=getMsg HTTP/1.1" 200 27
180.169.147.146 - - [13/Dec/2021:10:46:24 +0800] "GET /xingrg/all/function/internal_message.html?_=1639363586811&CODE_STATE=getMsg HTTP/1.1" 200 27
180.169.147.146 - - [13/Dec/2021:10:46:24 +0800] "GET /xingrg/check_reg.html?_=1639363586813 HTTP/1.1" 200 22
124.78.153.86 - - [13/Dec/2021:10:46:25 +0800] "GET /xingrg/all/function/internal_message.html?_=1639363583366&CODE_STATE=getMsg HTTP/1.1" 200 27
116.233.76.72 - - [13/Dec/2021:10:46:26 +0800] "GET /xingrg/all/function/internal_message.html?_=1639363586042&CODE_STATE=getMsg HTTP/1.1" 200 27
124.78.153.86 - - [13/Dec/2021:10:46:27 +0800] "GET /xingrg/kc/buy/cgsh_order_add.html HTTP/1.1" 200 65067
124.78.153.86 - - [13/Dec/2021:10:46:29 +0800] "GET /xingrg/javascript/easyui/themes/default/validatebox.css HTTP/1.1" 404 1104
124.78.153.86 - - [13/Dec/2021:10:46:29 +0800] "POST /xingrg/kc/buy/cgsh_order_operate.html HTTP/1.1" 200 8245
124.78.153.86 - - [13/Dec/2021:10:46:30 +0800] "GET /xingrg/javascript/easyui/themes/default/tree.css HTTP/1.1" 404 1090
124.78.153.86 - - [13/Dec/2021:10:46:30 +0800] "POST /xingrg/all/common/load_tree.html?tree=supplier_tree_json&isDelete=1 HTTP/1.1" 200 61171
61.172.28.229 - - [13/Dec/2021:10:46:34 +0800] "GET /xingrg/check_reg.html?_=1639363595154 HTTP/1.1" 200 22
61.172.28.229 - - [13/Dec/2021:10:46:34 +0800] "GET /xingrg/all/function/internal_message.html?_=1639363595158&CODE_STATE=getMsg HTTP/1.1" 200 27
61.172.28.229 - - [13/Dec/2021:10:46:35 +0800] "GET /xingrg/all/function/internal_message.html?_=1639363595773&CODE_STATE=getMsg HTTP/1.1" 200 27
61.172.28.229 - - [13/Dec/2021:10:46:35 +0800] "GET /xingrg/check_reg.html?_=1639363595776 HTTP/1.1" 200 22
124.78.153.86 - - [13/Dec/2021:10:46:40 +0800] "POST /xingrg/services/DataTransmitService HTTP/1.1" 200 524
124.78.153.86 - - [13/Dec/2021:10:46:42 +0800] "POST /xingrg/services/DataTransmitService HTTP/1.1" 200 412
101.85.120.86 - - [13/Dec/2021:10:46:46 +0800] "GET /xingrg/all/function/internal_message.html?_=1639363605706&CODE_STATE=getMsg HTTP/1.1" 200 27
101.85.120.86 - - [13/Dec/2021:10:46:46 +0800] "GET /xingrg/check_reg.html?_=1639363605708 HTTP/1.1" 200 22
124.78.153.86 - - [13/Dec/2021:10:46:46 +0800] "GET /xingrg/javascript/easyui/themes/default/validatebox.css HTTP/1.1" 404 1104
124.77.240.52 - - [13/Dec/2021:10:46:46 +0800] "GET /xingrg/all/function/internal_message.html?_=1639363607584&CODE_STATE=getMsg HTTP/1.1" 200 27
124.78.153.86 - - [13/Dec/2021:10:46:47 +0800] "POST /xingrg/kc/buy/cgsh_order_operate.html HTTP/1.1" 200 8245
222.70.176.97 - - [13/Dec/2021:10:46:47 +0800] "GET /xingrg/kc/base/base_main.html HTTP/1.1" 200 12142
222.70.176.97 - - [13/Dec/2021:10:46:49 +0800] "POST /xingrg/kc/buy/cgsh_list_operate.html HTTP/1.1" 200 5348
222.70.176.97 - - [13/Dec/2021:10:46:49 +0800] "GET /xingrg/kc/base/wldb_order_list.html HTTP/1.1" 200 19060
222.70.176.97 - - [13/Dec/2021:10:46:49 +0800] "POST /xingrg/kc/base/wldb_list_operate.html HTTP/1.1" 200 2143
180.169.147.146 - - [13/Dec/2021:10:46:54 +0800] "GET /xingrg/all/function/internal_message.html?_=1639363613840&CODE_STATE=getMsg HTTP/1.1" 200 27
124.78.153.86 - - [13/Dec/2021:10:46:55 +0800] "GET /xingrg/javascript/easyui/themes/default/tree.css HTTP/1.1" 404 1090
180.169.147.146 - - [13/Dec/2021:10:46:55 +0800] "GET /xingrg/check_reg.html?_=1639363614357 HTTP/1.1" 200 22
124.78.153.86 - - [13/Dec/2021:10:46:55 +0800] "POST /xingrg/all/common/load_tree.html?tree=supplier_tree_json&isDelete=1 HTTP/1.1" 200 61171
222.70.176.97 - - [13/Dec/2021:10:46:58 +0800] "GET /xingrg/all/function/internal_message.html?_=1639363617464&CODE_STATE=getMsg HTTP/1.1" 200 27
116.238.248.233 - - [13/Dec/2021:10:46:59 +0800] "GET /xingrg/all/function/internal_message.html?_=1639363618040&CODE_STATE=getMsg HTTP/1.1" 200 27
114.83.219.237 - - [13/Dec/2021:10:47:00 +0800] "GET /xingrg/all/function/internal_message.html?_=1639363618713&CODE_STATE=getMsg HTTP/1.1" 200 27
61.151.178.165 - - [13/Dec/2021:10:47:05 +0800] "GET /xingrg/kc/buy/cgsh_order_operate.html?command=get_materiel&rest_code=00106&code=00101008125&supplier_code=00100007&order_time=2021-12-13 HTTP/1.1" 302 -
124.78.153.86 - - [13/Dec/2021:10:47:05 +0800] "GET /xingrg/all/function/internal_message.html?_=1639363624727&CODE_STATE=getMsg HTTP/1.1" 200 27
124.78.153.86 - - [13/Dec/2021:10:47:05 +0800] "GET /xingrg/check_reg.html?_=1639363624729 HTTP/1.1" 200 22
120.253.135.82 - - [13/Dec/2021:10:47:06 +0800] "GET /xingrg/kc/pszx/mdqp_order_list.html?state=10 HTTP/1.1" 200 10217
120.253.135.82 - - [13/Dec/2021:10:47:06 +0800] "GET /xingrg/dwr/interface/AjaxReportQueryService.js HTTP/1.1" 200 13203
120.253.135.82 - - [13/Dec/2021:10:47:06 +0800] "GET /xingrg/dwr/interface/AjaxQqpsService.js HTTP/1.1" 200 16326
120.253.135.82 - - [13/Dec/2021:10:47:06 +0800] "GET /xingrg/dwr/engine.js HTTP/1.1" 200 43631
172.20.0.100 - - [13/Dec/2021:10:47:08 +0800] "GET /xingrg/all/function/internal_message.html?_=1639363628095&CODE_STATE=getMsg HTTP/1.1" 200 27
172.20.0.100 - - [13/Dec/2021:10:47:08 +0800] "GET /xingrg/check_reg.html?_=1639363628097 HTTP/1.1" 200 22
61.151.178.165 - - [13/Dec/2021:10:47:09 +0800] "GET /xingrg/login.html HTTP/1.1" 200 7641
120.253.135.82 - - [13/Dec/2021:10:47:10 +0800] "GET /xingrg/kc/pszx/mdqp_order_list.html?state=10 HTTP/1.1" 200 10217
120.253.135.82 - - [13/Dec/2021:10:47:10 +0800] "GET /xingrg/dwr/interface/AjaxReportQueryService.js HTTP/1.1" 200 13203
120.253.135.82 - - [13/Dec/2021:10:47:10 +0800] "GET /xingrg/dwr/interface/AjaxQqpsService.js HTTP/1.1" 200 16326
120.253.135.82 - - [13/Dec/2021:10:47:10 +0800] "GET /xingrg/dwr/engine.js HTTP/1.1" 200 43631
116.227.210.113 - - [13/Dec/2021:10:47:14 +0800] "GET /xingrg/all/function/internal_message.html?_=1639363629574&CODE_STATE=getMsg HTTP/1.1" 200 27
222.70.176.97 - - [13/Dec/2021:10:47:16 +0800] "GET /xingrg/all/function/internal_message.html?_=1639363299590&CODE_STATE=getMsg HTTP/1.1" 302 -
120.253.135.82 - - [13/Dec/2021:10:47:17 +0800] "GET /xingrg/kc/pszx/mdqp_order_list.html?state=10 HTTP/1.1" 200 10217
120.253.135.82 - - [13/Dec/2021:10:47:17 +0800] "GET /xingrg/dwr/interface/AjaxQqpsService.js HTTP/1.1" 200 16326
120.253.135.82 - - [13/Dec/2021:10:47:17 +0800] "GET /xingrg/dwr/interface/AjaxReportQueryService.js HTTP/1.1" 200 13203
120.253.135.82 - - [13/Dec/2021:10:47:17 +0800] "GET /xingrg/dwr/engine.js HTTP/1.1" 200 43631
172.20.0.100 - - [13/Dec/2021:10:47:19 +0800] "GET /xingrg/all/function/internal_message.html?_=1639363638773&CODE_STATE=getMsg HTTP/1.1" 200 27
172.20.0.100 - - [13/Dec/2021:10:47:20 +0800] "GET /xingrg/all/function/internal_message.html?_=1639363640339&CODE_STATE=getMsg HTTP/1.1" 200 27
124.78.153.86 - - [13/Dec/2021:10:47:22 +0800] "GET /xingrg/kc/buy/cgsh_order_operate.html?command=get_materiel&rest_code=00106&code=00101008146&supplier_code=00100009&order_time=2021-12-13 HTTP/1.1" 200 416
180.169.147.146 - - [13/Dec/2021:10:47:24 +0800] "GET /xingrg/all/function/internal_message.html?_=1639363646814&CODE_STATE=getMsg HTTP/1.1" 200 27
124.78.153.86 - - [13/Dec/2021:10:47:25 +0800] "GET /xingrg/all/function/internal_message.html?_=1639363643355&CODE_STATE=getMsg HTTP/1.1" 200 27
116.233.76.72 - - [13/Dec/2021:10:47:26 +0800] "GET /xingrg/all/function/internal_message.html?_=1639363646046&CODE_STATE=getMsg HTTP/1.1" 200 27
61.172.28.229 - - [13/Dec/2021:10:47:34 +0800] "GET /xingrg/all/function/internal_message.html?_=1639363655158&CODE_STATE=getMsg HTTP/1.1" 200 27
61.172.28.229 - - [13/Dec/2021:10:47:35 +0800] "GET /xingrg/all/function/internal_message.html?_=1639363655771&CODE_STATE=getMsg HTTP/1.1" 200 27
124.78.153.86 - - [13/Dec/2021:10:47:36 +0800] "POST /xingrg/kc/buy/cgsh_order_operate.html HTTP/1.1" 200 78
124.78.153.86 - - [13/Dec/2021:10:47:44 +0800] "POST /xingrg/kc/buy/cgsh_list_operate.html HTTP/1.1" 200 876
101.89.239.245 - - [13/Dec/2021:10:47:45 +0800] "GET /xingrg/kc/buy/cgsh_order_operate.html?command=get_materiel&rest_code=00106&code=00101008230&supplier_code=00100007&order_time=2021-12-13 HTTP/1.1" 302 -
120.253.135.82 - - [13/Dec/2021:10:47:45 +0800] "GET /xingrg/check_reg.html?_=1639363443941 HTTP/1.1" 200 22
101.85.120.86 - - [13/Dec/2021:10:47:46 +0800] "GET /xingrg/all/function/internal_message.html?_=1639363665708&CODE_STATE=getMsg HTTP/1.1" 200 27
124.77.240.52 - - [13/Dec/2021:10:47:47 +0800] "GET /xingrg/all/function/internal_message.html?_=1639363667847&CODE_STATE=getMsg HTTP/1.1" 200 27
124.78.153.86 - - [13/Dec/2021:10:47:48 +0800] "POST /xingrg/kc/buy/cgsh_order_operate.html HTTP/1.1" 200 78
124.77.240.52 - - [13/Dec/2021:10:47:52 +0800] "GET /xingrg/check_reg.html?_=1639363673556 HTTP/1.1" 200 22
101.89.239.245 - - [13/Dec/2021:10:47:53 +0800] "GET /xingrg/login.html HTTP/1.1" 200 7641
180.169.147.146 - - [13/Dec/2021:10:47:54 +0800] "GET /xingrg/all/function/internal_message.html?_=1639363673810&CODE_STATE=getMsg HTTP/1.1" 200 27
124.78.153.86 - - [13/Dec/2021:10:47:57 +0800] "POST /xingrg/kc/buy/cgsh_list_operate.html HTTP/1.1" 200 876
222.70.176.97 - - [13/Dec/2021:10:47:58 +0800] "POST /xingrg/kc/base/wldb_list_operate.html HTTP/1.1" 200 4
116.238.248.233 - - [13/Dec/2021:10:47:59 +0800] "GET /xingrg/all/function/internal_message.html?_=1639363678038&CODE_STATE=getMsg HTTP/1.1" 200 27
222.70.176.97 - - [13/Dec/2021:10:47:59 +0800] "POST /xingrg/kc/base/wldb_list_operate.html HTTP/1.1" 200 928
222.70.176.97 - - [13/Dec/2021:10:48:00 +0800] "GET /xingrg/kc/base/wldb_order_add.html HTTP/1.1" 200 30270
114.83.219.237 - - [13/Dec/2021:10:48:00 +0800] "GET /xingrg/all/function/internal_message.html?_=1639363678697&CODE_STATE=getMsg HTTP/1.1" 200 27
222.70.176.97 - - [13/Dec/2021:10:48:00 +0800] "POST /xingrg/kc/base/wldb_order_operate.html HTTP/1.1" 200 6806
222.70.176.97 - - [13/Dec/2021:10:48:00 +0800] "GET /xingrg/javascript/easyui/themes/default/validatebox.css HTTP/1.1" 404 1104
222.70.176.97 - - [13/Dec/2021:10:48:02 +0800] "POST /xingrg/all/common/load_combo.html?type=base HTTP/1.1" 200 3054
124.78.153.86 - - [13/Dec/2021:10:48:03 +0800] "POST /xingrg/kc/buy/cgsh_list_operate.html HTTP/1.1" 200 5969
124.78.153.86 - - [13/Dec/2021:10:48:05 +0800] "GET /xingrg/all/function/internal_message.html?_=1639363684755&CODE_STATE=getMsg HTTP/1.1" 200 27
222.70.176.97 - - [13/Dec/2021:10:48:06 +0800] "POST /xingrg/all/common/load_combo.html?type=base HTTP/1.1" 200 3054
124.78.153.86 - - [13/Dec/2021:10:48:08 +0800] "POST /xingrg/kc/buy/cgsh_list_operate.html HTTP/1.1" 200 559
172.20.0.100 - - [13/Dec/2021:10:48:08 +0800] "GET /xingrg/all/function/internal_message.html?_=1639363688092&CODE_STATE=getMsg HTTP/1.1" 200 27
222.70.176.97 - - [13/Dec/2021:10:48:13 +0800] "GET /xingrg/kc/base/wldb_order_operate.html?command=get_materiel&rest_code=00111&base_code=0010306&code=00102002204 HTTP/1.1" 200 434
116.227.210.113 - - [13/Dec/2021:10:48:14 +0800] "GET /xingrg/all/function/internal_message.html?_=1639363689563&CODE_STATE=getMsg HTTP/1.1" 200 27
124.78.153.86 - - [13/Dec/2021:10:48:15 +0800] "POST /xingrg/kc/buy/cgsh_list_operate.html HTTP/1.1" 200 5969
222.70.176.97 - - [13/Dec/2021:10:48:16 +0800] "GET /xingrg/all/function/internal_message.html?_=1639363359589&CODE_STATE=getMsg HTTP/1.1" 302 -
222.70.176.97 - - [13/Dec/2021:10:48:16 +0800] "GET /xingrg/check_reg.html?_=1639363359591 HTTP/1.1" 302 -
124.78.153.86 - - [13/Dec/2021:10:48:17 +0800] "POST /xingrg/kc/buy/cgsh_list_operate.html HTTP/1.1" 200 559
172.20.0.100 - - [13/Dec/2021:10:48:19 +0800] "GET /xingrg/all/function/internal_message.html?_=1639363698777&CODE_STATE=getMsg HTTP/1.1" 200 27
172.20.0.100 - - [13/Dec/2021:10:48:20 +0800] "GET /xingrg/all/function/internal_message.html?_=1639363700342&CODE_STATE=getMsg HTTP/1.1" 200 27
172.20.0.100 - - [13/Dec/2021:10:48:20 +0800] "GET /xingrg/check_reg.html?_=1639363700344 HTTP/1.1" 200 22
222.70.176.97 - - [13/Dec/2021:10:48:23 +0800] "POST /xingrg/kc/base/wldb_order_operate.html HTTP/1.1" 200 37
180.169.147.146 - - [13/Dec/2021:10:48:24 +0800] "GET /xingrg/all/function/internal_message.html?_=1639363706801&CODE_STATE=getMsg HTTP/1.1" 200 27
124.78.153.86 - - [13/Dec/2021:10:48:25 +0800] "GET /xingrg/all/function/internal_message.html?_=1639363703333&CODE_STATE=getMsg HTTP/1.1" 200 27
222.70.176.97 - - [13/Dec/2021:10:48:25 +0800] "POST /xingrg/kc/base/wldb_order_operate.html HTTP/1.1" 200 12
222.70.176.97 - - [13/Dec/2021:10:48:25 +0800] "POST /xingrg/kc/base/wldb_order_operate.html HTTP/1.1" 200 2198
116.233.76.72 - - [13/Dec/2021:10:48:26 +0800] "GET /xingrg/all/function/internal_message.html?_=1639363706047&CODE_STATE=getMsg HTTP/1.1" 200 27
222.70.176.97 - - [13/Dec/2021:10:48:26 +0800] "GET /xingrg/kc/base/wldb_order_info.html?code=422021121301346 HTTP/1.1" 200 26146
116.238.208.177 - - [13/Dec/2021:10:48:26 +0800] "GET /xingrg/login.html HTTP/1.1" 200 7641
222.70.176.97 - - [13/Dec/2021:10:48:26 +0800] "GET /xingrg/javascript/easyui/themes/default/validatebox.css HTTP/1.1" 404 1104
222.70.176.97 - - [13/Dec/2021:10:48:27 +0800] "POST /xingrg/kc/base/wldb_order_operate.html HTTP/1.1" 200 491
116.238.208.177 - - [13/Dec/2021:10:48:27 +0800] "GET /xingrg/images/blue/jxLogo.png HTTP/1.1" 304 -
116.238.208.177 - - [13/Dec/2021:10:48:27 +0800] "GET /xingrg/images/blue/login_bg.png HTTP/1.1" 304 -
116.238.208.177 - - [13/Dec/2021:10:48:27 +0800] "GET /xingrg/images/blue/hj.png HTTP/1.1" 304 -
116.238.208.177 - - [13/Dec/2021:10:48:27 +0800] "GET /xingrg/images/blue/srbg.png HTTP/1.1" 304 -
116.238.208.177 - - [13/Dec/2021:10:48:28 +0800] "GET /favicon.ico HTTP/1.1" 404 -
124.78.153.86 - - [13/Dec/2021:10:48:29 +0800] "POST /xingrg/kc/buy/cgsh_list_operate.html HTTP/1.1" 200 5969
222.70.176.97 - - [13/Dec/2021:10:48:31 +0800] "GET /xingrg/kc/base/wldb_order_add.html HTTP/1.1" 200 30270
222.70.176.97 - - [13/Dec/2021:10:48:31 +0800] "POST /xingrg/kc/base/wldb_order_operate.html HTTP/1.1" 200 6806
222.70.176.97 - - [13/Dec/2021:10:48:31 +0800] "GET /xingrg/javascript/easyui/themes/default/validatebox.css HTTP/1.1" 404 1104
116.238.208.177 - - [13/Dec/2021:10:48:33 +0800] "POST /xingrg/login.do HTTP/1.1" 302 -
116.238.208.177 - - [13/Dec/2021:10:48:33 +0800] "GET /xingrg/index.html?sysBaseUrl=http%3A%2F%2F180.169.147.146%3A18081%2Fxingrg%2F&costTime=41×tamp=1639363713563 HTTP/1.1" 200 17173
116.238.208.177 - - [13/Dec/2021:10:48:33 +0800] "GET /xingrg/javascript/jquery_easy_ui/themes/default/easyui.css HTTP/1.1" 304 -
116.238.208.177 - - [13/Dec/2021:10:48:33 +0800] "GET /xingrg/css/form.css HTTP/1.1" 304 -
116.238.208.177 - - [13/Dec/2021:10:48:33 +0800] "GET /xingrg/javascript/jquery_easy_ui/themes/icon.css HTTP/1.1" 304 -
116.238.208.177 - - [13/Dec/2021:10:48:33 +0800] "GET /xingrg/javascript/jquery_easy_ui/easyui-lang-zh_CN.js HTTP/1.1" 304 -
116.238.208.177 - - [13/Dec/2021:10:48:33 +0800] "GET /xingrg/javascript/jquery-1.4.2.min.js HTTP/1.1" 304 -
116.238.208.177 - - [13/Dec/2021:10:48:33 +0800] "GET /xingrg/javascript/jquery_easy_ui/jquery.easyui.min.js HTTP/1.1" 304 -
116.238.208.177 - - [13/Dec/2021:10:48:33 +0800] "GET /xingrg/javascript/jquery.utils.js HTTP/1.1" 304 -
116.238.208.177 - - [13/Dec/2021:10:48:33 +0800] "GET /xingrg/javascript/jquery.form.js HTTP/1.1" 304 -
116.238.208.177 - - [13/Dec/2021:10:48:33 +0800] "GET /xingrg/javascript/jquery.timers.js HTTP/1.1" 304 -
116.238.208.177 - - [13/Dec/2021:10:48:34 +0800] "GET /favicon.ico HTTP/1.1" 404 -
116.238.208.177 - - [13/Dec/2021:10:48:34 +0800] "GET /xingrg/images/blue/navBackgound.jpg HTTP/1.1" 304 -
116.238.208.177 - - [13/Dec/2021:10:48:34 +0800] "GET /xingrg/javascript/jquery_easy_ui/themes/icons/settle_new.png HTTP/1.1" 304 -
222.70.176.97 - - [13/Dec/2021:10:48:34 +0800] "POST /xingrg/all/common/load_combo.html?type=base HTTP/1.1" 200 3054
116.238.208.177 - - [13/Dec/2021:10:48:34 +0800] "GET /xingrg/images/blue/pingpu.png HTTP/1.1" 304 -
116.238.208.177 - - [13/Dec/2021:10:48:34 +0800] "GET /xingrg/javascript/jquery_easy_ui/themes/default/images/tabs_leftarrow.png HTTP/1.1" 304 -
116.238.208.177 - - [13/Dec/2021:10:48:34 +0800] "POST /xingrg/all/common/load_tree.html?tree=area_rest_tree_json&manage=1 HTTP/1.1" 200 342
116.238.208.177 - - [13/Dec/2021:10:48:34 +0800] "GET /xingrg/javascript/jquery_easy_ui/themes/default/images/tabs_rightarrow.png HTTP/1.1" 304 -
116.238.208.177 - - [13/Dec/2021:10:48:34 +0800] "GET /xingrg/javascript/jquery_easy_ui/themes/default/images/panel_tool_collapse.gif HTTP/1.1" 304 -
116.238.208.177 - - [13/Dec/2021:10:48:34 +0800] "GET /xingrg/check_reg.html?_=1639363715496 HTTP/1.1" 200 22
116.238.208.177 - - [13/Dec/2021:10:48:34 +0800] "GET /xingrg/all/function/internal_message.html?_=1639363715495&CODE_STATE=count HTTP/1.1" 200 11
116.238.208.177 - - [13/Dec/2021:10:48:34 +0800] "POST /xingrg/load_menu.html HTTP/1.1" 200 5138
61.172.28.229 - - [13/Dec/2021:10:48:34 +0800] "GET /xingrg/all/function/internal_message.html?_=1639363715157&CODE_STATE=getMsg HTTP/1.1" 200 27
116.238.208.177 - - [13/Dec/2021:10:48:34 +0800] "GET /xingrg/javascript/jquery_easy_ui/themes/default/images/tree_arrows.gif HTTP/1.1" 304 -
116.238.208.177 - - [13/Dec/2021:10:48:35 +0800] "GET /xingrg/javascript/jquery_easy_ui/themes/icons/search_new.png HTTP/1.1" 304 -
116.238.208.177 - - [13/Dec/2021:10:48:35 +0800] "GET /xingrg/javascript/jquery_easy_ui/themes/default/images/tree_folder_open.gif HTTP/1.1" 304 -
116.238.208.177 - - [13/Dec/2021:10:48:35 +0800] "GET /xingrg/javascript/jquery_easy_ui/themes/default/images/tree_folder.gif HTTP/1.1" 304 -
116.238.208.177 - - [13/Dec/2021:10:48:35 +0800] "GET /xingrg/javascript/jquery_easy_ui/themes/icons/storage_new.png HTTP/1.1" 304 -
116.238.208.177 - - [13/Dec/2021:10:48:35 +0800] "GET /xingrg/javascript/jquery_easy_ui/themes/icons/forms_new.png HTTP/1.1" 304 -
116.238.208.177 - - [13/Dec/2021:10:48:35 +0800] "GET /xingrg/javascript/jquery_easy_ui/themes/default/images/tree_file.gif HTTP/1.1" 304 -
61.172.28.229 - - [13/Dec/2021:10:48:35 +0800] "GET /xingrg/all/function/internal_message.html?_=1639363715760&CODE_STATE=getMsg HTTP/1.1" 200 27
120.253.135.82 - - [13/Dec/2021:10:48:37 +0800] "GET /xingrg/kc/pszx/mdqp_order_list.html?state=10 HTTP/1.1" 200 10217
120.253.135.82 - - [13/Dec/2021:10:48:37 +0800] "GET /xingrg/dwr/engine.js HTTP/1.1" 200 43631
120.253.135.82 - - [13/Dec/2021:10:48:37 +0800] "GET /xingrg/dwr/interface/AjaxReportQueryService.js HTTP/1.1" 200 13203
120.253.135.82 - - [13/Dec/2021:10:48:37 +0800] "GET /xingrg/dwr/interface/AjaxQqpsService.js HTTP/1.1" 200 16326
222.70.176.97 - - [13/Dec/2021:10:48:38 +0800] "POST /xingrg/all/common/load_combo.html?type=base HTTP/1.1" 200 3054
116.238.208.177 - - [13/Dec/2021:10:48:41 +0800] "GET /xingrg/javascript/jquery_easy_ui/themes/default/images/tabs_close.gif HTTP/1.1" 304 -
116.238.208.177 - - [13/Dec/2021:10:48:41 +0800] "GET /xingrg/kc/base/wldb_order_list.html HTTP/1.1" 200 19060
116.238.208.177 - - [13/Dec/2021:10:48:41 +0800] "GET /xingrg/css/base.css HTTP/1.1" 304 -
116.238.208.177 - - [13/Dec/2021:10:48:41 +0800] "GET /xingrg/css/site.css HTTP/1.1" 304 -
116.238.208.177 - - [13/Dec/2021:10:48:41 +0800] "GET /xingrg/javascript/auto/jquery.autocomplete.js HTTP/1.1" 304 -
116.238.208.177 - - [13/Dec/2021:10:48:41 +0800] "GET /xingrg/javascript/jquery_tools/datebox.css HTTP/1.1" 304 -
116.238.208.177 - - [13/Dec/2021:10:48:41 +0800] "GET /xingrg/javascript/easyui/themes/default/easyui.css HTTP/1.1" 304 -
116.238.208.177 - - [13/Dec/2021:10:48:41 +0800] "GET /xingrg/javascript/easyui/themes/icon.css HTTP/1.1" 304 -
116.238.208.177 - - [13/Dec/2021:10:48:41 +0800] "GET /xingrg/javascript/jquery_tools/jquery.tools.hotkey.js HTTP/1.1" 304 -
116.238.208.177 - - [13/Dec/2021:10:48:41 +0800] "GET /xingrg/javascript/auto/jquery.autocomplete.css HTTP/1.1" 304 -
116.238.208.177 - - [13/Dec/2021:10:48:41 +0800] "GET /xingrg/javascript/jquery_tools/fix.css HTTP/1.1" 304 -
116.238.208.177 - - [13/Dec/2021:10:48:41 +0800] "GET /xingrg/javascript/jquery_tools/table.css HTTP/1.1" 304 -
116.238.208.177 - - [13/Dec/2021:10:48:41 +0800] "GET /xingrg/javascript/jquery_tools/jquery.tools.min.js HTTP/1.1" 304 -
116.238.208.177 - - [13/Dec/2021:10:48:41 +0800] "GET /xingrg/javascript/jquery_tools/jquery.tools.extend.js HTTP/1.1" 304 -
116.238.208.177 - - [13/Dec/2021:10:48:41 +0800] "GET /xingrg/javascript/jquery_tools/list_manager.js HTTP/1.1" 304 -
116.238.208.177 - - [13/Dec/2021:10:48:41 +0800] "GET /xingrg/javascript/print/LodopFuncs.js HTTP/1.1" 304 -
116.238.208.177 - - [13/Dec/2021:10:48:41 +0800] "GET /xingrg/javascript/easyui/easyloader.js HTTP/1.1" 304 -
116.238.208.177 - - [13/Dec/2021:10:48:41 +0800] "GET /xingrg/javascript/jquery_tools/jquery.tools.table.js HTTP/1.1" 304 -
116.238.208.177 - - [13/Dec/2021:10:48:41 +0800] "GET /xingrg/javascript/jquery.cookie.js HTTP/1.1" 304 -
116.238.208.177 - - [13/Dec/2021:10:48:42 +0800] "GET /xingrg/javascript/easyui/themes/icons/edit_add_new.png HTTP/1.1" 304 -
116.238.208.177 - - [13/Dec/2021:10:48:42 +0800] "GET /xingrg/javascript/easyui/themes/icons/cance_new.png HTTP/1.1" 304 -
116.238.208.177 - - [13/Dec/2021:10:48:42 +0800] "GET /xingrg/javascript/easyui/themes/icons/field_new.png HTTP/1.1" 304 -
116.238.208.177 - - [13/Dec/2021:10:48:42 +0800] "GET /xingrg/javascript/easyui/themes/icons/check_new.png HTTP/1.1" 304 -
116.238.208.177 - - [13/Dec/2021:10:48:42 +0800] "GET /xingrg/javascript/easyui/themes/icons/import_new.png HTTP/1.1" 304 -
116.238.208.177 - - [13/Dec/2021:10:48:42 +0800] "GET /xingrg/javascript/jquery_easy_ui/themes/icons/area.png HTTP/1.1" 304 -
116.238.208.177 - - [13/Dec/2021:10:48:42 +0800] "GET /xingrg/javascript/jquery_easy_ui/themes/icons/rest.png HTTP/1.1" 304 -
116.238.208.177 - - [13/Dec/2021:10:48:42 +0800] "GET /xingrg/javascript/easyui/plugins/jquery.parser.js HTTP/1.1" 304 -
116.238.208.177 - - [13/Dec/2021:10:48:42 +0800] "GET /xingrg/images/control/ajaxLoader.gif HTTP/1.1" 304 -
116.238.208.177 - - [13/Dec/2021:10:48:42 +0800] "POST /xingrg/kc/base/wldb_list_operate.html HTTP/1.1" 200 928
101.85.120.86 - - [13/Dec/2021:10:48:46 +0800] "GET /xingrg/all/function/internal_message.html?_=1639363725711&CODE_STATE=getMsg HTTP/1.1" 200 27
124.77.240.52 - - [13/Dec/2021:10:48:47 +0800] "GET /xingrg/all/function/internal_message.html?_=1639363727860&CODE_STATE=getMsg HTTP/1.1" 200 27
116.238.208.177 - - [13/Dec/2021:10:48:51 +0800] "GET /xingrg/javascript/easyui/themes/default/images/button_plain_hover.png HTTP/1.1" 304 -
116.238.208.177 - - [13/Dec/2021:10:48:52 +0800] "GET /xingrg/kc/base/wldb_order_add.html HTTP/1.1" 200 30270
116.238.208.177 - - [13/Dec/2021:10:48:52 +0800] "GET /xingrg/javascript/jquery_tools/order_manager.js HTTP/1.1" 304 -
116.238.208.177 - - [13/Dec/2021:10:48:52 +0800] "GET /xingrg/javascript/pic_change.js HTTP/1.1" 304 -
116.238.208.177 - - [13/Dec/2021:10:48:52 +0800] "GET /xingrg/javascript/print/kc_print.js HTTP/1.1" 304 -
116.238.208.177 - - [13/Dec/2021:10:48:52 +0800] "GET /xingrg/javascript/json2.js HTTP/1.1" 304 -
116.238.208.177 - - [13/Dec/2021:10:48:52 +0800] "GET /xingrg/javascript/convert.js HTTP/1.1" 304 -
116.238.208.177 - - [13/Dec/2021:10:48:52 +0800] "GET /xingrg/words/20211212135524_words.js HTTP/1.1" 304 -
114.85.125.222 - - [13/Dec/2021:10:48:52 +0800] "GET /xingrg/check_reg.html?_=1639363688625 HTTP/1.1" 302 -
116.238.208.177 - - [13/Dec/2021:10:48:53 +0800] "GET /xingrg/javascript/easyui/themes/icons/print.png HTTP/1.1" 304 -
116.238.208.177 - - [13/Dec/2021:10:48:53 +0800] "GET /xingrg/javascript/easyui/themes/icons/template_new.png HTTP/1.1" 304 -
116.238.208.177 - - [13/Dec/2021:10:48:53 +0800] "GET /xingrg/javascript/easyui/themes/icons/cancel.png HTTP/1.1" 304 -
116.238.208.177 - - [13/Dec/2021:10:48:53 +0800] "GET /xingrg/javascript/easyui/themes/icons/ok.png HTTP/1.1" 304 -
116.238.208.177 - - [13/Dec/2021:10:48:53 +0800] "GET /xingrg/javascript/easyui/themes/default/images/menu_downarrow.png HTTP/1.1" 304 -
116.238.208.177 - - [13/Dec/2021:10:48:53 +0800] "POST /xingrg/kc/base/wldb_order_operate.html HTTP/1.1" 200 6806
116.238.208.177 - - [13/Dec/2021:10:48:53 +0800] "GET /xingrg/javascript/easyui/themes/icons/edit_remove.png HTTP/1.1" 304 -
116.238.208.177 - - [13/Dec/2021:10:48:53 +0800] "GET /xingrg/all/common/auto_word.html?type=base&rest_code=00102 HTTP/1.1" 200 1757
116.238.208.177 - - [13/Dec/2021:10:48:53 +0800] "GET /xingrg/all/common/auto_word.html?type=base&rest_code=00102 HTTP/1.1" 200 1757
116.238.208.177 - - [13/Dec/2021:10:48:54 +0800] "GET /xingrg/javascript/easyui/themes/default/validatebox.css HTTP/1.1" 404 1104
116.238.208.177 - - [13/Dec/2021:10:48:54 +0800] "GET /xingrg/javascript/easyui/plugins/jquery.validatebox.js HTTP/1.1" 304 -
116.238.208.177 - - [13/Dec/2021:10:48:54 +0800] "GET /xingrg/javascript/easyui/plugins/jquery.numberbox.js HTTP/1.1" 304 -
116.238.208.177 - - [13/Dec/2021:10:48:54 +0800] "GET /xingrg/css/images/panel_loading.gif HTTP/1.1" 304 -
116.238.208.177 - - [13/Dec/2021:10:48:54 +0800] "POST /xingrg/all/common/load_combo.html?type=base HTTP/1.1" 200 3145
180.169.147.146 - - [13/Dec/2021:10:48:54 +0800] "GET /xingrg/all/function/internal_message.html?_=1639363733793&CODE_STATE=getMsg HTTP/1.1" 200 27
116.238.208.177 - - [13/Dec/2021:10:48:57 +0800] "POST /xingrg/all/common/load_combo.html?type=base HTTP/1.1" 200 3145
222.70.176.97 - - [13/Dec/2021:10:48:58 +0800] "GET /xingrg/kc/base/wldb_order_operate.html?command=get_materiel&rest_code=00111&base_code=0010283&code=00101019184 HTTP/1.1" 200 444
222.70.176.97 - - [13/Dec/2021:10:48:58 +0800] "GET /xingrg/all/function/internal_message.html?_=1639363737514&CODE_STATE=getMsg HTTP/1.1" 200 27
116.238.248.233 - - [13/Dec/2021:10:48:59 +0800] "GET /xingrg/all/function/internal_message.html?_=1639363738047&CODE_STATE=getMsg HTTP/1.1" 200 27
116.238.248.233 - - [13/Dec/2021:10:48:59 +0800] "GET /xingrg/check_reg.html?_=1639363738047 HTTP/1.1" 200 22
116.238.208.177 - - [13/Dec/2021:10:49:00 +0800] "GET /xingrg/javascript/jquery_easy_ui/themes/default/images/tabs_active.png HTTP/1.1" 304 -
114.83.219.237 - - [13/Dec/2021:10:49:00 +0800] "GET /xingrg/all/function/internal_message.html?_=1639363738694&CODE_STATE=getMsg HTTP/1.1" 200 27
116.238.208.177 - - [13/Dec/2021:10:49:03 +0800] "POST /xingrg/kc/base/wldb_list_operate.html HTTP/1.1" 200 928
124.78.153.86 - - [13/Dec/2021:10:49:05 +0800] "GET /xingrg/all/function/internal_message.html?_=1639363744756&CODE_STATE=getMsg HTTP/1.1" 200 27
124.78.153.86 - - [13/Dec/2021:10:49:06 +0800] "POST /xingrg/kc/buy/cgsh_list_operate.html HTTP/1.1" 200 559
172.20.0.100 - - [13/Dec/2021:10:49:08 +0800] "GET /xingrg/all/function/internal_message.html?_=1639363748087&CODE_STATE=getMsg HTTP/1.1" 200 27
222.70.176.97 - - [13/Dec/2021:10:49:09 +0800] "GET /xingrg/kc/base/wldb_order_operate.html?command=get_materiel&rest_code=00111&base_code=0010283&code=00101016040 HTTP/1.1" 200 459
116.227.210.113 - - [13/Dec/2021:10:49:14 +0800] "GET /xingrg/all/function/internal_message.html?_=1639363749545&CODE_STATE=getMsg HTTP/1.1" 200 27
116.238.208.177 - - [13/Dec/2021:10:49:15 +0800] "POST /xingrg/kc/base/wldb_list_operate.html HTTP/1.1" 200 6075
124.78.153.86 - - [13/Dec/2021:10:49:15 +0800] "GET /xingrg/kc/buy/cgsh_order_add.html HTTP/1.1" 200 65067
222.70.176.97 - - [13/Dec/2021:10:49:16 +0800] "GET /xingrg/all/function/internal_message.html?_=1639363419589&CODE_STATE=getMsg HTTP/1.1" 302 -
124.78.153.86 - - [13/Dec/2021:10:49:16 +0800] "POST /xingrg/kc/buy/cgsh_order_operate.html HTTP/1.1" 200 8245
124.78.153.86 - - [13/Dec/2021:10:49:16 +0800] "GET /xingrg/javascript/easyui/themes/default/validatebox.css HTTP/1.1" 404 1104
222.70.176.97 - - [13/Dec/2021:10:49:17 +0800] "GET /xingrg/kc/base/wldb_order_operate.html?command=get_materiel&rest_code=00111&base_code=0010283&code=00101019222 HTTP/1.1" 200 452
114.83.219.237 - - [13/Dec/2021:10:49:17 +0800] "GET /xingrg/check_reg.html?_=1639363755512 HTTP/1.1" 200 22
124.78.153.86 - - [13/Dec/2021:10:49:17 +0800] "GET /xingrg/javascript/easyui/themes/default/tree.css HTTP/1.1" 404 1090
124.78.153.86 - - [13/Dec/2021:10:49:17 +0800] "POST /xingrg/all/common/load_tree.html?tree=supplier_tree_json&isDelete=1 HTTP/1.1" 200 61171
172.20.0.100 - - [13/Dec/2021:10:49:19 +0800] "GET /xingrg/all/function/internal_message.html?_=1639363758779&CODE_STATE=getMsg HTTP/1.1" 200 27
116.238.208.177 - - [13/Dec/2021:10:49:20 +0800] "GET /xingrg/kc/base/wldb_order_add.html HTTP/1.1" 200 30270
172.20.0.100 - - [13/Dec/2021:10:49:20 +0800] "GET /xingrg/all/function/internal_message.html?_=1639363760344&CODE_STATE=getMsg HTTP/1.1" 200 27
116.238.208.177 - - [13/Dec/2021:10:49:20 +0800] "POST /xingrg/kc/base/wldb_order_operate.html HTTP/1.1" 200 6806
116.238.208.177 - - [13/Dec/2021:10:49:21 +0800] "GET /xingrg/javascript/easyui/themes/default/validatebox.css HTTP/1.1" 404 1104
116.238.208.177 - - [13/Dec/2021:10:49:21 +0800] "POST /xingrg/all/common/load_combo.html?type=base HTTP/1.1" 200 3145
222.70.176.97 - - [13/Dec/2021:10:49:24 +0800] "GET /xingrg/kc/base/wldb_order_operate.html?command=get_materiel&rest_code=00111&base_code=0010283&code=00101019359 HTTP/1.1" 200 446
116.238.208.177 - - [13/Dec/2021:10:49:24 +0800] "POST /xingrg/all/common/load_combo.html?type=base HTTP/1.1" 200 3145
180.169.147.146 - - [13/Dec/2021:10:49:24 +0800] "GET /xingrg/all/function/internal_message.html?_=1639363766803&CODE_STATE=getMsg HTTP/1.1" 200 27
124.78.153.86 - - [13/Dec/2021:10:49:24 +0800] "GET /xingrg/check_reg.html?_=1639363763119 HTTP/1.1" 200 22
124.78.153.86 - - [13/Dec/2021:10:49:24 +0800] "GET /xingrg/all/function/internal_message.html?_=1639363763317&CODE_STATE=getMsg HTTP/1.1" 200 27
116.233.76.72 - - [13/Dec/2021:10:49:26 +0800] "GET /xingrg/all/function/internal_message.html?_=1639363766051&CODE_STATE=getMsg HTTP/1.1" 200 27
116.233.76.72 - - [13/Dec/2021:10:49:26 +0800] "GET /xingrg/check_reg.html?_=1639363766052 HTTP/1.1" 200 22
61.151.178.197 - - [13/Dec/2021:10:49:28 +0800] "GET /xingrg/kc/print/load_data.html?order_code=212021121305216&kc_code=cgsh HTTP/1.1" 302 -
116.238.208.177 - - [13/Dec/2021:10:49:34 +0800] "GET /xingrg/javascript/auto/indicator.gif HTTP/1.1" 404 1066
116.238.208.177 - - [13/Dec/2021:10:49:34 +0800] "GET /xingrg/all/function/internal_message.html?_=1639363775506&CODE_STATE=getMsg HTTP/1.1" 200 27
61.172.28.229 - - [13/Dec/2021:10:49:34 +0800] "GET /xingrg/all/function/internal_message.html?_=1639363775157&CODE_STATE=getMsg HTTP/1.1" 200 27
116.238.208.177 - - [13/Dec/2021:10:49:35 +0800] "GET /xingrg/kc/base/wldb_order_operate.html?command=get_materiel&rest_code=00102&base_code=0010476&code=00101019359 HTTP/1.1" 200 447
61.172.28.229 - - [13/Dec/2021:10:49:35 +0800] "GET /xingrg/all/function/internal_message.html?_=1639363775767&CODE_STATE=getMsg HTTP/1.1" 200 27
61.151.178.197 - - [13/Dec/2021:10:49:37 +0800] "GET /xingrg/login.html HTTP/1.1" 200 7641
124.78.153.86 - - [13/Dec/2021:10:49:38 +0800] "POST /xingrg/kc/buy/cgsh_order_operate.html HTTP/1.1" 200 37
124.78.153.86 - - [13/Dec/2021:10:49:42 +0800] "POST /xingrg/kc/buy/cgsh_order_operate.html HTTP/1.1" 200 12
116.238.208.177 - - [13/Dec/2021:10:49:43 +0800] "GET /xingrg/kc/base/wldb_order_operate.html?command=get_materiel&rest_code=00102&base_code=0010476&code=00101019405 HTTP/1.1" 200 468
124.78.153.86 - - [13/Dec/2021:10:49:43 +0800] "GET /xingrg/kc/buy/cgsh_order_info.html?code=212021121305229 HTTP/1.1" 200 59982
124.78.153.86 - - [13/Dec/2021:10:49:45 +0800] "GET /xingrg/javascript/easyui/themes/default/validatebox.css HTTP/1.1" 404 1104
124.78.153.86 - - [13/Dec/2021:10:49:45 +0800] "POST /xingrg/kc/buy/cgsh_order_operate.html HTTP/1.1" 200 610
101.85.120.86 - - [13/Dec/2021:10:49:46 +0800] "GET /xingrg/all/function/internal_message.html?_=1639363785720&CODE_STATE=getMsg HTTP/1.1" 200 27
124.77.240.52 - - [13/Dec/2021:10:49:47 +0800] "GET /xingrg/all/function/internal_message.html?_=1639363787874&CODE_STATE=getMsg HTTP/1.1" 200 27
222.70.176.97 - - [13/Dec/2021:10:49:47 +0800] "GET /xingrg/kc/base/wldb_order_operate.html?command=get_materiel&rest_code=00111&base_code=0010283&code=00101019127 HTTP/1.1" 200 466
116.238.208.177 - - [13/Dec/2021:10:49:49 +0800] "GET /xingrg/kc/base/wldb_order_operate.html?command=get_materiel&rest_code=00102&base_code=0010476&code=00101019185 HTTP/1.1" 200 453
124.78.153.86 - - [13/Dec/2021:10:49:53 +0800] "GET /xingrg/kc/print/load_data.html?order_code=212021121305229&kc_code=cgsh&condition= HTTP/1.1" 200 775
180.169.147.146 - - [13/Dec/2021:10:49:54 +0800] "GET /xingrg/all/function/internal_message.html?_=1639363793778&CODE_STATE=getMsg HTTP/1.1" 200 27
116.238.208.177 - - [13/Dec/2021:10:49:55 +0800] "GET /xingrg/kc/base/wldb_order_operate.html?command=get_materiel&rest_code=00102&base_code=0010476&code=00101019127 HTTP/1.1" 200 465
222.70.176.97 - - [13/Dec/2021:10:49:58 +0800] "GET /xingrg/all/function/internal_message.html?_=1639363797499&CODE_STATE=getMsg HTTP/1.1" 200 27
116.238.248.233 - - [13/Dec/2021:10:49:59 +0800] "GET /xingrg/all/function/internal_message.html?_=1639363798045&CODE_STATE=getMsg HTTP/1.1" 200 27
222.70.176.97 - - [13/Dec/2021:10:49:59 +0800] "GET /xingrg/check_reg.html?_=1639363797966 HTTP/1.1" 200 22
114.83.219.237 - - [13/Dec/2021:10:50:00 +0800] "GET /xingrg/all/function/internal_message.html?_=1639363798679&CODE_STATE=getMsg HTTP/1.1" 200 27
124.78.153.86 - - [13/Dec/2021:10:50:01 +0800] "GET /xingrg/kc/print/load_data.html?order_code=212021121305229&kc_code=cgsh HTTP/1.1" 200 775
116.238.208.177 - - [13/Dec/2021:10:50:01 +0800] "GET /xingrg/kc/base/wldb_order_operate.html?command=get_materiel&rest_code=00102&base_code=0010476&code=00101016076 HTTP/1.1" 200 476
61.172.28.229 - - [13/Dec/2021:10:50:04 +0800] "GET /xingrg/kc/base/wldb_order_list.html HTTP/1.1" 200 19060
61.172.28.229 - - [13/Dec/2021:10:50:05 +0800] "POST /xingrg/kc/base/wldb_list_operate.html HTTP/1.1" 200 928
124.78.153.86 - - [13/Dec/2021:10:50:05 +0800] "GET /xingrg/all/function/internal_message.html?_=1639363804757&CODE_STATE=getMsg HTTP/1.1" 200 27
61.172.28.229 - - [13/Dec/2021:10:50:06 +0800] "GET /xingrg/kc/base/wldb_order_add.html HTTP/1.1" 200 30274
61.172.28.229 - - [13/Dec/2021:10:50:06 +0800] "POST /xingrg/kc/base/wldb_order_operate.html HTTP/1.1" 200 6806
61.172.28.229 - - [13/Dec/2021:10:50:06 +0800] "GET /xingrg/javascript/easyui/themes/default/validatebox.css HTTP/1.1" 404 1104
61.172.28.229 - - [13/Dec/2021:10:50:07 +0800] "POST /xingrg/all/common/load_combo.html?type=base HTTP/1.1" 200 3321
172.20.0.100 - - [13/Dec/2021:10:50:08 +0800] "GET /xingrg/all/function/internal_message.html?_=1639363808102&CODE_STATE=getMsg HTTP/1.1" 200 27
61.172.28.229 - - [13/Dec/2021:10:50:12 +0800] "GET /xingrg/kc/base/wldb_order_operate.html?command=get_materiel&rest_code=00105&base_code=0010508&code=00102002150 HTTP/1.1" 200 433
116.227.210.113 - - [13/Dec/2021:10:50:13 +0800] "GET /xingrg/check_reg.html?_=1639363808365 HTTP/1.1" 200 22
116.227.210.113 - - [13/Dec/2021:10:50:14 +0800] "GET /xingrg/all/function/internal_message.html?_=1639363809530&CODE_STATE=getMsg HTTP/1.1" 200 27
222.70.176.97 - - [13/Dec/2021:10:50:16 +0800] "GET /xingrg/all/function/internal_message.html?_=1639363479589&CODE_STATE=getMsg HTTP/1.1" 302 -
172.20.0.100 - - [13/Dec/2021:10:50:19 +0800] "GET /xingrg/all/function/internal_message.html?_=1639363818783&CODE_STATE=getMsg HTTP/1.1" 200 27
116.238.208.177 - - [13/Dec/2021:10:50:19 +0800] "POST /xingrg/kc/base/wldb_order_operate.html HTTP/1.1" 200 37
172.20.0.100 - - [13/Dec/2021:10:50:20 +0800] "GET /xingrg/all/function/internal_message.html?_=1639363820347&CODE_STATE=getMsg HTTP/1.1" 200 27
124.77.240.52 - - [13/Dec/2021:10:50:21 +0800] "GET /xingrg/check_reg.html?_=1639363822078 HTTP/1.1" 302 -
61.172.28.229 - - [13/Dec/2021:10:50:22 +0800] "GET /xingrg/kc/base/wldb_order_operate.html?command=get_materiel&rest_code=00105&base_code=0010508&code=00102002347 HTTP/1.1" 200 443
116.238.208.177 - - [13/Dec/2021:10:50:22 +0800] "POST /xingrg/kc/base/wldb_order_operate.html HTTP/1.1" 200 12
116.238.208.177 - - [13/Dec/2021:10:50:22 +0800] "POST /xingrg/kc/base/wldb_order_operate.html HTTP/1.1" 200 4232
116.238.208.177 - - [13/Dec/2021:10:50:23 +0800] "GET /xingrg/kc/base/wldb_order_info.html?code=422021121301347 HTTP/1.1" 200 26147
180.169.147.146 - - [13/Dec/2021:10:50:24 +0800] "GET /xingrg/all/function/internal_message.html?_=1639363826805&CODE_STATE=getMsg HTTP/1.1" 200 27
124.78.153.86 - - [13/Dec/2021:10:50:24 +0800] "GET /xingrg/all/function/internal_message.html?_=1639363823288&CODE_STATE=getMsg HTTP/1.1" 200 27
116.238.208.177 - - [13/Dec/2021:10:50:25 +0800] "POST /xingrg/kc/base/wldb_order_operate.html HTTP/1.1" 200 2483
116.238.208.177 - - [13/Dec/2021:10:50:25 +0800] "GET /xingrg/javascript/easyui/themes/default/validatebox.css HTTP/1.1" 404 1104
116.233.76.72 - - [13/Dec/2021:10:50:26 +0800] "GET /xingrg/all/function/internal_message.html?_=1639363826052&CODE_STATE=getMsg HTTP/1.1" 200 27
116.238.208.177 - - [13/Dec/2021:10:50:29 +0800] "POST /xingrg/kc/base/wldb_list_operate.html HTTP/1.1" 200 6075
116.238.208.177 - - [13/Dec/2021:10:50:32 +0800] "GET /xingrg/kc/base/wldb_order_add.html HTTP/1.1" 200 30270
116.238.208.177 - - [13/Dec/2021:10:50:32 +0800] "POST /xingrg/kc/base/wldb_order_operate.html HTTP/1.1" 200 6806
116.238.208.177 - - [13/Dec/2021:10:50:33 +0800] "GET /xingrg/javascript/easyui/themes/default/validatebox.css HTTP/1.1" 404 1104
116.238.208.177 - - [13/Dec/2021:10:50:34 +0800] "POST /xingrg/all/common/load_combo.html?type=base HTTP/1.1" 200 3145
116.238.208.177 - - [13/Dec/2021:10:50:34 +0800] "GET /xingrg/all/function/internal_message.html?_=1639363835519&CODE_STATE=getMsg HTTP/1.1" 200 27
61.172.28.229 - - [13/Dec/2021:10:50:34 +0800] "GET /xingrg/all/function/internal_message.html?_=1639363835158&CODE_STATE=getMsg HTTP/1.1" 200 27
61.172.28.229 - - [13/Dec/2021:10:50:35 +0800] "GET /xingrg/all/function/internal_message.html?_=1639363835809&CODE_STATE=getMsg HTTP/1.1" 200 27
116.238.208.177 - - [13/Dec/2021:10:50:36 +0800] "POST /xingrg/all/common/load_combo.html?type=base HTTP/1.1" 200 3145
124.78.153.86 - - [13/Dec/2021:10:50:39 +0800] "GET /xingrg/kc/buy/cgsh_order_add.html HTTP/1.1" 200 65067
124.78.153.86 - - [13/Dec/2021:10:50:40 +0800] "GET /xingrg/javascript/easyui/themes/default/validatebox.css HTTP/1.1" 404 1104
124.78.153.86 - - [13/Dec/2021:10:50:40 +0800] "POST /xingrg/kc/buy/cgsh_order_operate.html HTTP/1.1" 200 8245
124.78.153.86 - - [13/Dec/2021:10:50:41 +0800] "GET /xingrg/javascript/easyui/themes/default/tree.css HTTP/1.1" 404 1090
124.78.153.86 - - [13/Dec/2021:10:50:41 +0800] "POST /xingrg/all/common/load_tree.html?tree=supplier_tree_json&isDelete=1 HTTP/1.1" 200 61171
116.238.208.177 - - [13/Dec/2021:10:50:44 +0800] "GET /xingrg/kc/base/wldb_order_operate.html?command=get_materiel&rest_code=00102&base_code=0010476&code=00101019391 HTTP/1.1" 200 471
101.85.120.86 - - [13/Dec/2021:10:50:46 +0800] "GET /xingrg/all/function/internal_message.html?_=1639363845705&CODE_STATE=getMsg HTTP/1.1" 200 27
124.77.240.52 - - [13/Dec/2021:10:50:47 +0800] "GET /xingrg/all/function/internal_message.html?_=1639363848150&CODE_STATE=getMsg HTTP/1.1" 200 27
116.238.208.177 - - [13/Dec/2021:10:50:54 +0800] "GET /xingrg/kc/base/wldb_order_operate.html?command=get_materiel&rest_code=00102&base_code=0010476&code=00101019134 HTTP/1.1" 200 464
180.169.147.146 - - [13/Dec/2021:10:50:54 +0800] "GET /xingrg/all/function/internal_message.html?_=1639363853761&CODE_STATE=getMsg HTTP/1.1" 200 27
222.70.176.97 - - [13/Dec/2021:10:50:58 +0800] "GET /xingrg/all/function/internal_message.html?_=1639363857470&CODE_STATE=getMsg HTTP/1.1" 200 27
116.238.248.233 - - [13/Dec/2021:10:50:59 +0800] "GET /xingrg/all/function/internal_message.html?_=1639363858060&CODE_STATE=getMsg HTTP/1.1" 200 27
124.78.153.86 - - [13/Dec/2021:10:50:59 +0800] "GET /xingrg/kc/buy/cgsh_order_operate.html?command=get_materiel&rest_code=00106&code=00101006112&supplier_code=00100015&order_time=2021-12-13 HTTP/1.1" 200 409
116.238.208.177 - - [13/Dec/2021:10:51:00 +0800] "GET /xingrg/kc/base/wldb_order_operate.html?command=get_materiel&rest_code=00102&base_code=0010476&code=00101019222 HTTP/1.1" 200 453
114.83.219.237 - - [13/Dec/2021:10:51:00 +0800] "GET /xingrg/all/function/internal_message.html?_=1639363858670&CODE_STATE=getMsg HTTP/1.1" 200 27
124.78.153.86 - - [13/Dec/2021:10:51:05 +0800] "GET /xingrg/all/function/internal_message.html?_=1639363864757&CODE_STATE=getMsg HTTP/1.1" 200 27
124.78.153.86 - - [13/Dec/2021:10:51:08 +0800] "GET /xingrg/kc/buy/cgsh_order_operate.html?command=get_materiel&rest_code=00106&code=00101006111&supplier_code=00100015&order_time=2021-12-13 HTTP/1.1" 200 409
172.20.0.100 - - [13/Dec/2021:10:51:08 +0800] "GET /xingrg/all/function/internal_message.html?_=1639363868093&CODE_STATE=getMsg HTTP/1.1" 200 27
116.227.210.113 - - [13/Dec/2021:10:51:14 +0800] "GET /xingrg/all/function/internal_message.html?_=1639363869506&CODE_STATE=getMsg HTTP/1.1" 200 27
222.70.176.97 - - [13/Dec/2021:10:51:16 +0800] "GET /xingrg/all/function/internal_message.html?_=1639363539589&CODE_STATE=getMsg HTTP/1.1" 302 -
116.238.208.177 - - [13/Dec/2021:10:51:16 +0800] "POST /xingrg/kc/base/wldb_order_operate.html HTTP/1.1" 200 37
124.78.153.86 - - [13/Dec/2021:10:51:17 +0800] "GET /xingrg/kc/buy/cgsh_order_operate.html?command=get_materiel&rest_code=00106&code=00101006129&supplier_code=00100015&order_time=2021-12-13 HTTP/1.1" 200 433
116.238.208.177 - - [13/Dec/2021:10:51:18 +0800] "POST /xingrg/kc/base/wldb_order_operate.html HTTP/1.1" 200 12
116.238.208.177 - - [13/Dec/2021:10:51:18 +0800] "POST /xingrg/kc/base/wldb_order_operate.html HTTP/1.1" 200 3734
172.20.0.100 - - [13/Dec/2021:10:51:19 +0800] "GET /xingrg/all/function/internal_message.html?_=1639363878786&CODE_STATE=getMsg HTTP/1.1" 200 27
172.20.0.100 - - [13/Dec/2021:10:51:19 +0800] "GET /xingrg/check_reg.html?_=1639363878788 HTTP/1.1" 200 22
172.20.0.100 - - [13/Dec/2021:10:51:20 +0800] "GET /xingrg/all/function/internal_message.html?_=1639363880348&CODE_STATE=getMsg HTTP/1.1" 200 27
116.238.208.177 - - [13/Dec/2021:10:51:21 +0800] "GET /xingrg/kc/base/wldb_order_info.html?code=422021121301348 HTTP/1.1" 200 26146
116.238.208.177 - - [13/Dec/2021:10:51:22 +0800] "POST /xingrg/kc/base/wldb_order_operate.html HTTP/1.1" 200 1996
116.238.208.177 - - [13/Dec/2021:10:51:22 +0800] "GET /xingrg/javascript/easyui/themes/default/validatebox.css HTTP/1.1" 404 1104
180.169.147.146 - - [13/Dec/2021:10:51:24 +0800] "GET /xingrg/check_reg.html?_=1639363886808 HTTP/1.1" 200 22
180.169.147.146 - - [13/Dec/2021:10:51:24 +0800] "GET /xingrg/all/function/internal_message.html?_=1639363886806&CODE_STATE=getMsg HTTP/1.1" 200 27
124.78.153.86 - - [13/Dec/2021:10:51:25 +0800] "GET /xingrg/all/function/internal_message.html?_=1639363883344&CODE_STATE=getMsg HTTP/1.1" 200 27
116.238.208.177 - - [13/Dec/2021:10:51:25 +0800] "GET /xingrg/kc/base/wldb_order_add.html HTTP/1.1" 200 30270
116.233.76.72 - - [13/Dec/2021:10:51:26 +0800] "GET /xingrg/all/function/internal_message.html?_=1639363886055&CODE_STATE=getMsg HTTP/1.1" 200 27
116.238.208.177 - - [13/Dec/2021:10:51:26 +0800] "POST /xingrg/kc/base/wldb_order_operate.html HTTP/1.1" 200 6806
116.238.208.177 - - [13/Dec/2021:10:51:28 +0800] "GET /xingrg/javascript/easyui/themes/default/validatebox.css HTTP/1.1" 404 1104
116.238.208.177 - - [13/Dec/2021:10:51:28 +0800] "POST /xingrg/all/common/load_combo.html?type=base HTTP/1.1" 200 3145
124.78.153.86 - - [13/Dec/2021:10:51:28 +0800] "GET /xingrg/kc/buy/cgsh_order_operate.html?command=get_materiel&rest_code=00106&code=00101006124&supplier_code=00100015&order_time=2021-12-13 HTTP/1.1" 200 411
116.238.208.177 - - [13/Dec/2021:10:51:34 +0800] "POST /xingrg/all/common/load_combo.html?type=base HTTP/1.1" 200 3145
116.238.208.177 - - [13/Dec/2021:10:51:34 +0800] "GET /xingrg/all/function/internal_message.html?_=1639363895532&CODE_STATE=getMsg HTTP/1.1" 200 27
116.233.76.72 - - [13/Dec/2021:10:51:34 +0800] "GET /xingrg/index.html?sysBaseUrl=http%3A%2F%2F180.169.147.146%3A18081%2Fxingrg%2F&costTime=58×tamp=1639356130720 HTTP/1.1" 200 17173
61.172.28.229 - - [13/Dec/2021:10:51:34 +0800] "GET /xingrg/check_reg.html?_=1639363895157 HTTP/1.1" 200 22
61.172.28.229 - - [13/Dec/2021:10:51:34 +0800] "GET /xingrg/all/function/internal_message.html?_=1639363895160&CODE_STATE=getMsg HTTP/1.1" 200 27
116.233.76.72 - - [13/Dec/2021:10:51:35 +0800] "POST /xingrg/all/common/load_tree.html?tree=area_rest_tree_json&manage=1 HTTP/1.1" 200 342
116.233.76.72 - - [13/Dec/2021:10:51:35 +0800] "GET /xingrg/all/function/internal_message.html?_=1639363894570&CODE_STATE=count HTTP/1.1" 200 11
116.233.76.72 - - [13/Dec/2021:10:51:35 +0800] "GET /xingrg/check_reg.html?_=1639363894570 HTTP/1.1" 200 22
116.233.76.72 - - [13/Dec/2021:10:51:35 +0800] "POST /xingrg/load_menu.html HTTP/1.1" 200 5138
61.172.28.229 - - [13/Dec/2021:10:51:35 +0800] "GET /xingrg/all/function/internal_message.html?_=1639363895771&CODE_STATE=getMsg HTTP/1.1" 200 27
61.172.28.229 - - [13/Dec/2021:10:51:35 +0800] "GET /xingrg/check_reg.html?_=1639363895774 HTTP/1.1" 200 22
116.233.76.72 - - [13/Dec/2021:10:51:37 +0800] "GET /xingrg/index.html?sysBaseUrl=http%3A%2F%2F180.169.147.146%3A18081%2Fxingrg%2F&costTime=58×tamp=1639356130720 HTTP/1.1" 200 17173
116.233.76.72 - - [13/Dec/2021:10:51:37 +0800] "POST /xingrg/all/common/load_tree.html?tree=area_rest_tree_json&manage=1 HTTP/1.1" 200 342
116.233.76.72 - - [13/Dec/2021:10:51:37 +0800] "GET /xingrg/check_reg.html?_=1639363897430 HTTP/1.1" 200 22
116.233.76.72 - - [13/Dec/2021:10:51:37 +0800] "GET /xingrg/all/function/internal_message.html?_=1639363897430&CODE_STATE=count HTTP/1.1" 200 11
116.233.76.72 - - [13/Dec/2021:10:51:37 +0800] "POST /xingrg/load_menu.html HTTP/1.1" 200 5138
116.233.76.72 - - [13/Dec/2021:10:51:38 +0800] "GET /xingrg/kc/base/base_main.html HTTP/1.1" 200 12142
116.233.76.72 - - [13/Dec/2021:10:51:38 +0800] "GET /xingrg/images/blue/button/wlsy.gif HTTP/1.1" 200 2536
116.233.76.72 - - [13/Dec/2021:10:51:38 +0800] "GET /xingrg/images/blue/button/ckpd.gif HTTP/1.1" 200 2051
116.233.76.72 - - [13/Dec/2021:10:51:38 +0800] "GET /xingrg/images/blue/button/ckdb.gif HTTP/1.1" 200 1950
116.233.76.72 - - [13/Dec/2021:10:51:38 +0800] "GET /xingrg/images/blue/button/yddb.gif HTTP/1.1" 200 2040
116.233.76.72 - - [13/Dec/2021:10:51:38 +0800] "GET /xingrg/images/blue/button/top_right.jpg HTTP/1.1" 200 1708
116.233.76.72 - - [13/Dec/2021:10:51:38 +0800] "GET /xingrg/images/blue/button/top_left.jpg HTTP/1.1" 200 1632
116.233.76.72 - - [13/Dec/2021:10:51:38 +0800] "GET /xingrg/images/blue/button/down.jpg HTTP/1.1" 200 1560
116.233.76.72 - - [13/Dec/2021:10:51:38 +0800] "GET /xingrg/images/blue/button/left_ah.jpg HTTP/1.1" 200 1643
116.233.76.72 - - [13/Dec/2021:10:51:38 +0800] "GET /xingrg/images/blue/button/bottom_left.jpg HTTP/1.1" 200 1524
116.233.76.72 - - [13/Dec/2021:10:51:38 +0800] "GET /xingrg/images/blue/button/bottom_right.jpg HTTP/1.1" 200 1436
116.233.76.72 - - [13/Dec/2021:10:51:40 +0800] "GET /xingrg/kc/report/report_main.html HTTP/1.1" 200 7340
116.233.76.72 - - [13/Dec/2021:10:51:40 +0800] "GET /xingrg/javascript/json2.js HTTP/1.1" 200 11259
124.78.153.86 - - [13/Dec/2021:10:51:42 +0800] "GET /xingrg/kc/buy/cgsh_order_operate.html?command=get_materiel&rest_code=00106&code=00101006184&supplier_code=00100015&order_time=2021-12-13 HTTP/1.1" 200 410
116.238.208.177 - - [13/Dec/2021:10:51:45 +0800] "GET /xingrg/kc/base/wldb_order_operate.html?command=get_materiel&rest_code=00102&base_code=0010477&code=00102002204 HTTP/1.1" 200 434
101.85.120.86 - - [13/Dec/2021:10:51:46 +0800] "GET /xingrg/all/function/internal_message.html?_=1639363905709&CODE_STATE=getMsg HTTP/1.1" 200 27
